2026-07-14 00:42:37.019 8 INFO neutron.db.ovn_revision_numbers_db [None req-239c6717-afa4-4777-bf36-782eb07afceb 758e23017afe478ebb294a02c0e12e73 553197cb5e0643dfbb2a186850337837 - - default default] Successfully bumped revision number for resource c02d450e-104e-4297-8c75-b885beeaa810 (type: router_ports) to 1 [pid: 8|app: 0|req: 1095/2087] 10.0.0.145 () {34 vars in 782 bytes} [Tue Jul 14 00:42:34 2026] PUT /v2.0/routers/e4e52370-3161-48b2-9e2d-3e9eb0f8b962/add_router_interface => generated 310 bytes in 2316 msecs (HTTP/1.1 200) 4 headers in 157 bytes (1 switches on core 0) [pid: 7|app: 0|req: 993/2088] 10.0.0.145 () {32 vars in 739 bytes} [Tue Jul 14 00:42:36 2026] DELETE /v2.0/security-groups/549de218-c7ed-4a4d-bbab-ff520fb5f6bd => generated 0 bytes in 414 msecs (HTTP/1.1 204) 2 headers in 112 bytes (1 switches on core 0)
2026-07-14 00:42:37.532 7 INFO neutron.db.ovn_revision_numbers_db [None req-3f1a3369-17a3-4d55-a85c-a380b33e3668 - - - - - -] Successfully bumped revision number for resource c02d450e-104e-4297-8c75-b885beeaa810 (type: ports) to 2
2026-07-14 00:42:37.581 8 WARNING neutron.scheduler.dhcp_agent_scheduler [None req-2528be9a-43c0-44eb-8507-b43c1535b67e 758e23017afe478ebb294a02c0e12e73 553197cb5e0643dfbb2a186850337837 - - default default] No more DHCP agents
2026-07-14 00:42:37.583 8 WARNING neutron.api.rpc.agentnotifiers.dhcp_rpc_agent_api [None req-2528be9a-43c0-44eb-8507-b43c1535b67e 758e23017afe478ebb294a02c0e12e73 553197cb5e0643dfbb2a186850337837 - - default default] Unable to schedule network 23a12844-f306-4fa3-87e1-c330a84e8235: no agents available; will retry on subsequent port and subnet creation events. [pid: 7|app: 0|req: 994/2089] 10.0.0.145 () {32 vars in 673 bytes} [Tue Jul 14 00:42:37 2026] GET /v2.0/qos/policies?tags=red => generated 1101 bytes in 254 msecs (HTTP/1.1 200) 4 headers in 158 bytes (1 switches on core 0) [pid: 7|app: 0|req: 995/2090] 10.0.0.145 () {32 vars in 687 bytes} [Tue Jul 14 00:42:37 2026] GET /v2.0/qos/policies?tags=red%2Cblue => generated 747 bytes in 104 msecs (HTTP/1.1 200) 4 headers in 157 bytes (1 switches on core 0) [pid: 7|app: 0|req: 996/2091] 10.0.0.145 () {32 vars in 683 bytes} [Tue Jul 14 00:42:37 2026] GET /v2.0/qos/policies?tags-any=blue => generated 747 bytes in 105 msecs (HTTP/1.1 200) 4 headers in 157 bytes (1 switches on core 0)
2026-07-14 00:42:37.813 8 INFO neutron.db.ovn_revision_numbers_db [None req-2528be9a-43c0-44eb-8507-b43c1535b67e 758e23017afe478ebb294a02c0e12e73 553197cb5e0643dfbb2a186850337837 - - default default] Successfully bumped revision number for resource b9ae50fc-e32a-4ca4-be10-d0aa345f0706 (type: ports) to 1 [pid: 7|app: 0|req: 997/2092] 10.0.0.145 () {32 vars in 695 bytes} [Tue Jul 14 00:42:37 2026] GET /v2.0/qos/policies?tags-any=red%2Cblue => generated 1101 bytes in 64 msecs (HTTP/1.1 200) 4 headers in 158 bytes (1 switches on core 0) [pid: 7|app: 0|req: 998/2093] 10.0.0.145 () {32 vars in 681 bytes} [Tue Jul 14 00:42:37 2026] GET /v2.0/qos/policies?not-tags=red => generated 719 bytes in 55 msecs (HTTP/1.1 200) 4 headers in 157 bytes (1 switches on core 0) [pid: 7|app: 0|req: 999/2094] 10.0.0.145 () {32 vars in 695 bytes} [Tue Jul 14 00:42:37 2026] GET /v2.0/qos/policies?not-tags=red%2Cblue => generated 1073 bytes in 59 msecs (HTTP/1.1 200) 4 headers in 158 bytes (1 switches on core 0) [pid: 7|app: 0|req: 1000/2095] 10.0.0.145 () {32 vars in 691 bytes} [Tue Jul 14 00:42:38 2026] GET /v2.0/qos/policies?not-tags-any=blue => generated 1073 bytes in 59 msecs (HTTP/1.1 200) 4 headers in 158 bytes (1 switches on core 0) [pid: 7|app: 0|req: 1001/2096] 10.0.0.145 () {32 vars in 703 bytes} [Tue Jul 14 00:42:38 2026] GET /v2.0/qos/policies?not-tags-any=red%2Cblue => generated 719 bytes in 41 msecs (HTTP/1.1 200) 4 headers in 157 bytes (1 switches on core 0) [pid: 7|app: 0|req: 1002/2097] 10.0.0.145 () {32 vars in 733 bytes} [Tue Jul 14 00:42:38 2026] DELETE /v2.0/qos/policies/f45dfefa-698f-4332-a634-d34e23a862bb => generated 0 bytes in 78 msecs (HTTP/1.1 204) 2 headers in 112 bytes (1 switches on core 0) [pid: 7|app: 0|req: 1003/2098] 10.0.0.145 () {32 vars in 733 bytes} [Tue Jul 14 00:42:38 2026] DELETE /v2.0/qos/policies/a0bbba01-feb8-4327-99b3-d25f76a00086 => generated 0 bytes in 53 msecs (HTTP/1.1 204) 2 headers in 112 bytes (1 switches on core 0) [pid: 7|app: 0|req: 1004/2099] 10.0.0.145 () {32 vars in 733 bytes} [Tue Jul 14 00:42:38 2026] DELETE /v2.0/qos/policies/86c673d5-ab87-4f86-a84a-adb8f3887b00 => generated 0 bytes in 63 msecs (HTTP/1.1 204) 2 headers in 112 bytes (1 switches on core 0) [pid: 7|app: 0|req: 1005/2100] 10.0.0.145 () {32 vars in 733 bytes} [Tue Jul 14 00:42:38 2026] DELETE /v2.0/qos/policies/e674b17f-5c30-4108-a50b-086d707a7ce7 => generated 0 bytes in 50 msecs (HTTP/1.1 204) 2 headers in 112 bytes (1 switches on core 0) [pid: 7|app: 0|req: 1006/2101] 10.0.0.145 () {32 vars in 733 bytes} [Tue Jul 14 00:42:38 2026] DELETE /v2.0/qos/policies/b8b12bf3-3657-47b2-b999-f151b8fed487 => generated 0 bytes in 54 msecs (HTTP/1.1 204) 2 headers in 112 bytes (1 switches on core 0)
2026-07-14 00:42:38.721 8 WARNING neutron.scheduler.dhcp_agent_scheduler [None req-2528be9a-43c0-44eb-8507-b43c1535b67e 758e23017afe478ebb294a02c0e12e73 553197cb5e0643dfbb2a186850337837 - - default default] No more DHCP agents
2026-07-14 00:42:38.727 8 WARNING neutron.api.rpc.agentnotifiers.dhcp_rpc_agent_api [None req-2528be9a-43c0-44eb-8507-b43c1535b67e 758e23017afe478ebb294a02c0e12e73 553197cb5e0643dfbb2a186850337837 - - default default] Unable to schedule network 23a12844-f306-4fa3-87e1-c330a84e8235: no agents available; will retry on subsequent port and subnet creation events.
2026-07-14 00:42:39.034 8 INFO neutron.db.ovn_revision_numbers_db [None req-2528be9a-43c0-44eb-8507-b43c1535b67e 758e23017afe478ebb294a02c0e12e73 553197cb5e0643dfbb2a186850337837 - - default default] Successfully bumped revision number for resource b9ae50fc-e32a-4ca4-be10-d0aa345f0706 (type: router_ports) to 1 [pid: 8|app: 0|req: 1096/2102] 10.0.0.145 () {34 vars in 782 bytes} [Tue Jul 14 00:42:37 2026] PUT /v2.0/routers/e4e52370-3161-48b2-9e2d-3e9eb0f8b962/add_router_interface => generated 310 bytes in 2013 msecs (HTTP/1.1 200) 4 headers in 157 bytes (1 switches on core 0)
2026-07-14 00:42:39.229 7 INFO neutron.db.ovn_revision_numbers_db [None req-b83b5a66-b0e2-4378-b0cd-14f229867608 758e23017afe478ebb294a02c0e12e73 553197cb5e0643dfbb2a186850337837 - - default default] Successfully bumped revision number for resource 217810da-0944-4c62-bd47-80a2bd19db62 (type: security_groups) to 1
2026-07-14 00:42:39.244 7 INFO neutron.db.ovn_revision_numbers_db [None req-b83b5a66-b0e2-4378-b0cd-14f229867608 758e23017afe478ebb294a02c0e12e73 553197cb5e0643dfbb2a186850337837 - - default default] Successfully bumped revision number for resource 6815d6af-350e-4d0c-ba4e-fbf4e0119657 (type: security_group_rules) to 0
2026-07-14 00:42:39.256 7 INFO neutron.db.ovn_revision_numbers_db [None req-b83b5a66-b0e2-4378-b0cd-14f229867608 758e23017afe478ebb294a02c0e12e73 553197cb5e0643dfbb2a186850337837 - - default default] Successfully bumped revision number for resource 97205833-e279-43cf-adfe-be1e04d24146 (type: security_group_rules) to 0 [pid: 7|app: 0|req: 1007/2103] 10.0.0.145 () {34 vars in 683 bytes} [Tue Jul 14 00:42:39 2026] POST /v2.0/security-groups => generated 1628 bytes in 203 msecs (HTTP/1.1 201) 4 headers in 163 bytes (1 switches on core 0)
2026-07-14 00:42:39.404 7 INFO neutron.db.ovn_revision_numbers_db [None req-15cef9ef-32dd-49b7-81e4-794511a9a716 758e23017afe478ebb294a02c0e12e73 553197cb5e0643dfbb2a186850337837 - - default default] Successfully bumped revision number for resource ce297ee7-5a93-4508-af06-1b726ce32c06 (type: security_group_rules) to 0 [pid: 7|app: 0|req: 1008/2104] 10.0.0.145 () {34 vars in 694 bytes} [Tue Jul 14 00:42:39 2026] POST /v2.0/security-group-rules => generated 597 bytes in 131 msecs (HTTP/1.1 201) 4 headers in 162 bytes (1 switches on core 0)
2026-07-14 00:42:39.439 8 WARNING neutron.db.securitygroups_db [None req-799b55cd-127b-47c3-989b-667620239cbb f1cd95796fba4bc1a8159fc7bfcfa847 39d4ad338ccb47198d5b00974e1083f7 - - default default] project_id key not found in filters, using tenant_id instead. This support has been deprecated and will be removed in a future release.
2026-07-14 00:42:39.581 7 INFO neutron.db.ovn_revision_numbers_db [None req-e1102889-5645-492b-bf1c-a622aa9f8ace 758e23017afe478ebb294a02c0e12e73 553197cb5e0643dfbb2a186850337837 - - default default] Successfully bumped revision number for resource 07567a42-0ced-4ada-b206-35b9e4a50b0f (type: security_group_rules) to 0
2026-07-14 00:42:39.586 8 INFO neutron.db.ovn_revision_numbers_db [None req-799b55cd-127b-47c3-989b-667620239cbb f1cd95796fba4bc1a8159fc7bfcfa847 39d4ad338ccb47198d5b00974e1083f7 - - default default] Successfully bumped revision number for resource c6b5e7b3-f375-4ce0-88ba-aa4e30b685c6 (type: security_groups) to 1
2026-07-14 00:42:39.598 8 INFO neutron.db.ovn_revision_numbers_db [None req-799b55cd-127b-47c3-989b-667620239cbb f1cd95796fba4bc1a8159fc7bfcfa847 39d4ad338ccb47198d5b00974e1083f7 - - default default] Successfully bumped revision number for resource 992c3de7-8ead-4cf6-8db0-6848e70303b0 (type: security_group_rules) to 0
2026-07-14 00:42:39.612 8 INFO neutron.db.ovn_revision_numbers_db [None req-799b55cd-127b-47c3-989b-667620239cbb f1cd95796fba4bc1a8159fc7bfcfa847 39d4ad338ccb47198d5b00974e1083f7 - - default default] Successfully bumped revision number for resource b31fa800-878f-46a4-8337-fef1045dfc57 (type: security_group_rules) to 0 [pid: 7|app: 0|req: 1009/2105] 10.0.0.145 () {34 vars in 694 bytes} [Tue Jul 14 00:42:39 2026] POST /v2.0/security-group-rules => generated 597 bytes in 181 msecs (HTTP/1.1 201) 4 headers in 162 bytes (1 switches on core 0)
2026-07-14 00:42:39.626 8 INFO neutron.db.ovn_revision_numbers_db [None req-799b55cd-127b-47c3-989b-667620239cbb f1cd95796fba4bc1a8159fc7bfcfa847 39d4ad338ccb47198d5b00974e1083f7 - - default default] Successfully bumped revision number for resource e4171951-5c85-4eaa-bab3-5a62e851c825 (type: security_group_rules) to 0
2026-07-14 00:42:39.640 8 INFO neutron.db.ovn_revision_numbers_db [None req-799b55cd-127b-47c3-989b-667620239cbb f1cd95796fba4bc1a8159fc7bfcfa847 39d4ad338ccb47198d5b00974e1083f7 - - default default] Successfully bumped revision number for resource fdc274f0-9744-4b61-97b3-ec4998230e5f (type: security_group_rules) to 0 [pid: 8|app: 0|req: 1097/2106] 10.0.0.145 () {32 vars in 773 bytes} [Tue Jul 14 00:42:39 2026] GET /v2.0/security-groups?tenant_id=edd5e3d3b7294daaa77d3b85d704d71a&name=default => generated 2925 bytes in 426 msecs (HTTP/1.1 200) 4 headers in 158 bytes (1 switches on core 0)
2026-07-14 00:42:39.758 7 INFO neutron.db.ovn_revision_numbers_db [None req-7231a467-a9fb-49a0-a3e6-8df8cb550082 758e23017afe478ebb294a02c0e12e73 553197cb5e0643dfbb2a186850337837 - - default default] Successfully bumped revision number for resource 7171e82a-a68d-4fe5-a742-9b8ccb7725cd (type: security_group_rules) to 0 [pid: 7|app: 0|req: 1010/2107] 10.0.0.145 () {34 vars in 694 bytes} [Tue Jul 14 00:42:39 2026] POST /v2.0/security-group-rules => generated 599 bytes in 165 msecs (HTTP/1.1 201) 4 headers in 162 bytes (1 switches on core 0) [pid: 8|app: 0|req: 1098/2108] 10.0.0.145 () {32 vars in 739 bytes} [Tue Jul 14 00:42:39 2026] DELETE /v2.0/security-groups/c6b5e7b3-f375-4ce0-88ba-aa4e30b685c6 => generated 0 bytes in 209 msecs (HTTP/1.1 204) 2 headers in 112 bytes (1 switches on core 0)
2026-07-14 00:42:39.942 7 INFO neutron.db.ovn_revision_numbers_db [None req-433433eb-56b7-4e2b-9e24-ac86062f3870 758e23017afe478ebb294a02c0e12e73 553197cb5e0643dfbb2a186850337837 - - default default] Successfully bumped revision number for resource 225f16ec-68fd-48f2-8c6c-2aa63d5f0562 (type: security_group_rules) to 0 [pid: 7|app: 0|req: 1011/2109] 10.0.0.145 () {34 vars in 694 bytes} [Tue Jul 14 00:42:39 2026] POST /v2.0/security-group-rules => generated 601 bytes in 179 msecs (HTTP/1.1 201) 4 headers in 162 bytes (1 switches on core 0)
2026-07-14 00:42:40.059 7 WARNING neutron.db.securitygroups_db [None req-8b9c8ede-a79a-4c1f-b9c4-47f747077df3 f1cd95796fba4bc1a8159fc7bfcfa847 39d4ad338ccb47198d5b00974e1083f7 - - default default] project_id key not found in filters, using tenant_id instead. This support has been deprecated and will be removed in a future release.
2026-07-14 00:42:40.112 8 INFO neutron.db.ovn_revision_numbers_db [None req-ad03d692-61bc-4940-bce5-6681c6d7d436 758e23017afe478ebb294a02c0e12e73 553197cb5e0643dfbb2a186850337837 - - default default] Successfully bumped revision number for resource 854738e0-1019-422b-929d-3c3012a20ea6 (type: security_group_rules) to 0 [pid: 8|app: 0|req: 1099/2110] 10.0.0.145 () {34 vars in 694 bytes} [Tue Jul 14 00:42:39 2026] POST /v2.0/security-group-rules => generated 601 bytes in 164 msecs (HTTP/1.1 201) 4 headers in 162 bytes (1 switches on core 0)
2026-07-14 00:42:40.199 7 INFO neutron.db.ovn_revision_numbers_db [None req-8b9c8ede-a79a-4c1f-b9c4-47f747077df3 f1cd95796fba4bc1a8159fc7bfcfa847 39d4ad338ccb47198d5b00974e1083f7 - - default default] Successfully bumped revision number for resource 16f14dbd-56af-4eb3-9fe6-82cc88570eff (type: security_groups) to 1
2026-07-14 00:42:40.214 7 INFO neutron.db.ovn_revision_numbers_db [None req-8b9c8ede-a79a-4c1f-b9c4-47f747077df3 f1cd95796fba4bc1a8159fc7bfcfa847 39d4ad338ccb47198d5b00974e1083f7 - - default default] Successfully bumped revision number for resource 1d031a18-df40-4d7c-9f2b-a15bd7e5b85b (type: security_group_rules) to 0
2026-07-14 00:42:40.229 7 INFO neutron.db.ovn_revision_numbers_db [None req-8b9c8ede-a79a-4c1f-b9c4-47f747077df3 f1cd95796fba4bc1a8159fc7bfcfa847 39d4ad338ccb47198d5b00974e1083f7 - - default default] Successfully bumped revision number for resource 3f826632-f6f9-462e-b3e4-7e0498b3492d (type: security_group_rules) to 0
2026-07-14 00:42:40.245 7 INFO neutron.db.ovn_revision_numbers_db [None req-8b9c8ede-a79a-4c1f-b9c4-47f747077df3 f1cd95796fba4bc1a8159fc7bfcfa847 39d4ad338ccb47198d5b00974e1083f7 - - default default] Successfully bumped revision number for resource 51313228-e905-48fd-a800-ee6ef3d75a90 (type: security_group_rules) to 0
2026-07-14 00:42:40.259 7 INFO neutron.db.ovn_revision_numbers_db [None req-8b9c8ede-a79a-4c1f-b9c4-47f747077df3 f1cd95796fba4bc1a8159fc7bfcfa847 39d4ad338ccb47198d5b00974e1083f7 - - default default] Successfully bumped revision number for resource d87fed47-6b42-45ee-b545-ed411f764574 (type: security_group_rules) to 0
2026-07-14 00:42:40.299 8 INFO neutron.db.ovn_revision_numbers_db [None req-7088339b-0611-4bfe-8921-9eb93b1b948b 758e23017afe478ebb294a02c0e12e73 553197cb5e0643dfbb2a186850337837 - - default default] Successfully bumped revision number for resource 6c840169-1640-4042-8cbd-1f4c79006043 (type: security_group_rules) to 0 [pid: 7|app: 0|req: 1012/2111] 10.0.0.145 () {32 vars in 773 bytes} [Tue Jul 14 00:42:40 2026] GET /v2.0/security-groups?tenant_id=96351b0814e944dbbef8ccb0a313279c&name=default => generated 2925 bytes in 261 msecs (HTTP/1.1 200) 4 headers in 158 bytes (1 switches on core 0) [pid: 8|app: 0|req: 1100/2112] 10.0.0.145 () {34 vars in 694 bytes} [Tue Jul 14 00:42:40 2026] POST /v2.0/security-group-rules => generated 597 bytes in 187 msecs (HTTP/1.1 201) 4 headers in 162 bytes (1 switches on core 0) [pid: 8|app: 0|req: 1101/2113] 10.0.0.145 () {32 vars in 739 bytes} [Tue Jul 14 00:42:40 2026] DELETE /v2.0/security-groups/16f14dbd-56af-4eb3-9fe6-82cc88570eff => generated 0 bytes in 195 msecs (HTTP/1.1 204) 2 headers in 112 bytes (1 switches on core 0)
2026-07-14 00:42:40.693 7 INFO neutron.db.ovn_revision_numbers_db [None req-592a6cd6-8ad9-4893-8fda-2adebcff42c6 99b45ffd95684244a6274c787f56364f de67b46fa3c64369bde387804f20ccb9 - - default default] Successfully bumped revision number for resource 80502158-a5be-4c52-ab5f-7f4b912dd3c0 (type: security_groups) to 1
2026-07-14 00:42:40.709 7 INFO neutron.db.ovn_revision_numbers_db [None req-592a6cd6-8ad9-4893-8fda-2adebcff42c6 99b45ffd95684244a6274c787f56364f de67b46fa3c64369bde387804f20ccb9 - - default default] Successfully bumped revision number for resource 1ea55a7f-416d-49e8-a0ee-d031ef537c63 (type: security_group_rules) to 0
2026-07-14 00:42:40.710 8 INFO neutron.db.ovn_revision_numbers_db [None req-30b06766-abde-4f2d-8a6c-23250f916c3d 758e23017afe478ebb294a02c0e12e73 553197cb5e0643dfbb2a186850337837 - - default default] Successfully bumped revision number for resource 3d47d4e3-a3c9-4e7d-a3cd-f7bebf03d195 (type: security_group_rules) to 0
2026-07-14 00:42:40.724 7 INFO neutron.db.ovn_revision_numbers_db [None req-592a6cd6-8ad9-4893-8fda-2adebcff42c6 99b45ffd95684244a6274c787f56364f de67b46fa3c64369bde387804f20ccb9 - - default default] Successfully bumped revision number for resource 20973b79-8622-4feb-805e-bc275f97babc (type: security_group_rules) to 0
2026-07-14 00:42:40.738 7 INFO neutron.db.ovn_revision_numbers_db [None req-592a6cd6-8ad9-4893-8fda-2adebcff42c6 99b45ffd95684244a6274c787f56364f de67b46fa3c64369bde387804f20ccb9 - - default default] Successfully bumped revision number for resource f4e2a2ff-8732-4af8-8ad9-dc5a5cf33ad7 (type: security_group_rules) to 0 [pid: 8|app: 0|req: 1102/2114] 10.0.0.145 () {34 vars in 694 bytes} [Tue Jul 14 00:42:40 2026] POST /v2.0/security-group-rules => generated 597 bytes in 221 msecs (HTTP/1.1 201) 4 headers in 162 bytes (1 switches on core 0)
2026-07-14 00:42:40.751 7 INFO neutron.db.ovn_revision_numbers_db [None req-592a6cd6-8ad9-4893-8fda-2adebcff42c6 99b45ffd95684244a6274c787f56364f de67b46fa3c64369bde387804f20ccb9 - - default default] Successfully bumped revision number for resource ff25ae7c-8a6d-446b-a6d1-47ece2757bd4 (type: security_group_rules) to 0
2026-07-14 00:42:40.756 8 WARNING neutron.db.securitygroups_db [None req-6b915da3-5221-4d37-9d77-d52b440cf2b0 f1cd95796fba4bc1a8159fc7bfcfa847 39d4ad338ccb47198d5b00974e1083f7 - - default default] project_id key not found in filters, using tenant_id instead. This support has been deprecated and will be removed in a future release.
2026-07-14 00:42:40.838 7 INFO neutron.db.segments_db [None req-592a6cd6-8ad9-4893-8fda-2adebcff42c6 99b45ffd95684244a6274c787f56364f de67b46fa3c64369bde387804f20ccb9 - - default default] Added segment f1bcf59a-5136-405d-8b19-6a13a5b43791 of type geneve for network 75bb6eb0-47d4-472a-9815-35d4b64c205a
2026-07-14 00:42:40.870 8 INFO neutron.db.ovn_revision_numbers_db [None req-6b915da3-5221-4d37-9d77-d52b440cf2b0 f1cd95796fba4bc1a8159fc7bfcfa847 39d4ad338ccb47198d5b00974e1083f7 - - default default] Successfully bumped revision number for resource 48873509-d7c0-455b-ad5d-45e7f2d48e11 (type: security_groups) to 1
2026-07-14 00:42:40.880 8 INFO neutron.db.ovn_revision_numbers_db [None req-6b915da3-5221-4d37-9d77-d52b440cf2b0 f1cd95796fba4bc1a8159fc7bfcfa847 39d4ad338ccb47198d5b00974e1083f7 - - default default] Successfully bumped revision number for resource 244df12a-1191-41fd-8165-95abeaab9707 (type: security_group_rules) to 0
2026-07-14 00:42:40.889 8 INFO neutron.db.ovn_revision_numbers_db [None req-6b915da3-5221-4d37-9d77-d52b440cf2b0 f1cd95796fba4bc1a8159fc7bfcfa847 39d4ad338ccb47198d5b00974e1083f7 - - default default] Successfully bumped revision number for resource 7998fea4-d8ad-4b91-a4da-1185441656d4 (type: security_group_rules) to 0
2026-07-14 00:42:40.900 8 INFO neutron.db.ovn_revision_numbers_db [None req-6b915da3-5221-4d37-9d77-d52b440cf2b0 f1cd95796fba4bc1a8159fc7bfcfa847 39d4ad338ccb47198d5b00974e1083f7 - - default default] Successfully bumped revision number for resource 90ff10cc-fae9-42e9-ad19-7a4f5ee6e604 (type: security_group_rules) to 0
2026-07-14 00:42:40.910 8 INFO neutron.db.ovn_revision_numbers_db [None req-6b915da3-5221-4d37-9d77-d52b440cf2b0 f1cd95796fba4bc1a8159fc7bfcfa847 39d4ad338ccb47198d5b00974e1083f7 - - default default] Successfully bumped revision number for resource e90d4407-cb86-4a18-9b84-86cd25d92d3b (type: security_group_rules) to 0 [pid: 8|app: 0|req: 1103/2115] 10.0.0.145 () {32 vars in 773 bytes} [Tue Jul 14 00:42:40 2026] GET /v2.0/security-groups?tenant_id=f1af95416d4c415495a7365a659def33&name=default => generated 2925 bytes in 214 msecs (HTTP/1.1 200) 4 headers in 158 bytes (1 switches on core 0)
2026-07-14 00:42:40.967 7 INFO neutron.db.ovn_revision_numbers_db [None req-592a6cd6-8ad9-4893-8fda-2adebcff42c6 99b45ffd95684244a6274c787f56364f de67b46fa3c64369bde387804f20ccb9 - - default default] Successfully bumped revision number for resource 75bb6eb0-47d4-472a-9815-35d4b64c205a (type: networks) to 1
2026-07-14 00:42:41.122 8 INFO neutron.db.ovn_revision_numbers_db [None req-5719b436-8e98-4e00-938a-7286012700e0 758e23017afe478ebb294a02c0e12e73 553197cb5e0643dfbb2a186850337837 - - default default] Successfully bumped revision number for resource cbadaade-8aa1-4204-aea5-01c2aff3eec9 (type: security_group_rules) to 0
2026-07-14 00:42:41.151 7 WARNING neutron.scheduler.dhcp_agent_scheduler [None req-592a6cd6-8ad9-4893-8fda-2adebcff42c6 99b45ffd95684244a6274c787f56364f de67b46fa3c64369bde387804f20ccb9 - - default default] No more DHCP agents
2026-07-14 00:42:41.153 7 WARNING neutron.api.rpc.agentnotifiers.dhcp_rpc_agent_api [None req-592a6cd6-8ad9-4893-8fda-2adebcff42c6 99b45ffd95684244a6274c787f56364f de67b46fa3c64369bde387804f20ccb9 - - default default] Unable to schedule network 75bb6eb0-47d4-472a-9815-35d4b64c205a: no agents available; will retry on subsequent port and subnet creation events. [pid: 8|app: 0|req: 1104/2116] 10.0.0.145 () {34 vars in 694 bytes} [Tue Jul 14 00:42:40 2026] POST /v2.0/security-group-rules => generated 597 bytes in 194 msecs (HTTP/1.1 201) 4 headers in 162 bytes (1 switches on core 0)
2026-07-14 00:42:41.229 7 INFO neutron.db.ovn_revision_numbers_db [None req-592a6cd6-8ad9-4893-8fda-2adebcff42c6 99b45ffd95684244a6274c787f56364f de67b46fa3c64369bde387804f20ccb9 - - default default] Successfully bumped revision number for resource 2f9738aa-c123-437f-82a4-4ec2dd8f8045 (type: ports) to 1 [pid: 7|app: 0|req: 1013/2117] 10.0.0.145 () {34 vars in 670 bytes} [Tue Jul 14 00:42:40 2026] POST /v2.0/networks => generated 670 bytes in 941 msecs (HTTP/1.1 201) 4 headers in 162 bytes (1 switches on core 0) [pid: 8|app: 0|req: 1105/2120] 10.0.0.145 () {32 vars in 739 bytes} [Tue Jul 14 00:42:41 2026] DELETE /v2.0/security-groups/48873509-d7c0-455b-ad5d-45e7f2d48e11 => generated 0 bytes in 202 msecs (HTTP/1.1 204) 2 headers in 112 bytes (1 switches on core 0)
2026-07-14 00:42:41.414 7 INFO neutron.db.ovn_revision_numbers_db [None req-5212b3a4-0432-4361-a432-73d8ee067841 758e23017afe478ebb294a02c0e12e73 553197cb5e0643dfbb2a186850337837 - - default default] Successfully bumped revision number for resource 3014137f-5f69-409c-aa35-972a79990c27 (type: security_group_rules) to 0
2026-07-14 00:42:41.428 8 WARNING neutron.plugins.ml2.drivers.ovn.mech_driver.ovsdb.ovn_client [None req-79507ea6-c801-43dd-bb73-421df295b6f5 - - - - - -] No hosting information found for port 78d4ed1c-72c3-475a-8948-2b4cfaf08872: RuntimeError: No hosting information found for port 78d4ed1c-72c3-475a-8948-2b4cfaf08872 [pid: 7|app: 0|req: 1016/2121] 10.0.0.145 () {34 vars in 694 bytes} [Tue Jul 14 00:42:41 2026] POST /v2.0/security-group-rules => generated 599 bytes in 189 msecs (HTTP/1.1 201) 4 headers in 162 bytes (1 switches on core 0)
2026-07-14 00:42:41.523 8 INFO neutron.common.ovn.utils [None req-79507ea6-c801-43dd-bb73-421df295b6f5 - - - - - -] HA Chassis Group neutron-bd0d3366-f166-4d5b-9ced-5dcee7d1ce53 synchronized; highest priority chassis 5fb6c8e5-e442-4f33-8626-5b3786750d4e
2026-07-14 00:42:41.602 7 INFO neutron.db.ovn_revision_numbers_db [None req-53d0f5b2-267d-4dd8-aac6-5d543e8282ad 758e23017afe478ebb294a02c0e12e73 553197cb5e0643dfbb2a186850337837 - - default default] Successfully bumped revision number for resource fcee5a37-d61e-4d34-a275-10abd6ee6676 (type: security_group_rules) to 0 [pid: 7|app: 0|req: 1017/2122] 10.0.0.145 () {34 vars in 694 bytes} [Tue Jul 14 00:42:41 2026] POST /v2.0/security-group-rules => generated 601 bytes in 183 msecs (HTTP/1.1 201) 4 headers in 162 bytes (1 switches on core 0)
2026-07-14 00:42:41.799 7 INFO neutron.db.ovn_revision_numbers_db [None req-e037cbc2-f0d7-44f4-a706-09a8c3d79de6 758e23017afe478ebb294a02c0e12e73 553197cb5e0643dfbb2a186850337837 - - default default] Successfully bumped revision number for resource 55fc41bd-5fdd-4beb-9bcd-dfec72ea03aa (type: security_group_rules) to 0
2026-07-14 00:42:41.801 8 INFO neutron.db.ovn_revision_numbers_db [None req-79507ea6-c801-43dd-bb73-421df295b6f5 - - - - - -] Successfully bumped revision number for resource 78d4ed1c-72c3-475a-8948-2b4cfaf08872 (type: router_ports) to 2 [pid: 7|app: 0|req: 1018/2123] 10.0.0.145 () {34 vars in 694 bytes} [Tue Jul 14 00:42:41 2026] POST /v2.0/security-group-rules => generated 597 bytes in 193 msecs (HTTP/1.1 201) 4 headers in 162 bytes (1 switches on core 0)
2026-07-14 00:42:41.954 8 INFO neutron.common.ovn.utils [None req-79507ea6-c801-43dd-bb73-421df295b6f5 - - - - - -] HA Chassis Group neutron-653852d2-bf20-4f7b-8c9b-c628d719cb57 synchronized; highest priority chassis 5fb6c8e5-e442-4f33-8626-5b3786750d4e
2026-07-14 00:42:42.062 8 INFO neutron.common.ovn.utils [None req-79507ea6-c801-43dd-bb73-421df295b6f5 - - - - - -] HA Chassis Group neutron-23a12844-f306-4fa3-87e1-c330a84e8235 synchronized; highest priority chassis 5fb6c8e5-e442-4f33-8626-5b3786750d4e
2026-07-14 00:42:42.062 7 WARNING neutron.db.securitygroups_db [req-0cde21ed-2cf2-43c2-9975-820e8f51c4c0 req-622b017b-b030-4641-ac14-5a2fa9950f7d 758e23017afe478ebb294a02c0e12e73 553197cb5e0643dfbb2a186850337837 - - default default] project_id key not found in filters, using tenant_id instead. This support has been deprecated and will be removed in a future release. [pid: 7|app: 0|req: 1019/2124] 10.0.0.143 () {34 vars in 1095 bytes} [Tue Jul 14 00:42:42 2026] GET /v2.0/security-groups?name=tempest-lb_member_SG-1358894882&fields=id&tenant_id=553197cb5e0643dfbb2a186850337837 => generated 69 bytes in 37 msecs (HTTP/1.1 200) 4 headers in 156 bytes (1 switches on core 0)
2026-07-14 00:42:42.100 8 INFO neutron.plugins.ml2.drivers.ovn.mech_driver.mech_driver [None req-79507ea6-c801-43dd-bb73-421df295b6f5 - - - - - -] OVN reports status down for port: 2f9738aa-c123-437f-82a4-4ec2dd8f8045
2026-07-14 00:42:42.130 8 WARNING neutron.scheduler.dhcp_agent_scheduler [None req-bdc589bf-03f5-4e1a-8f3e-a9fde7c8fdf8 99b45ffd95684244a6274c787f56364f de67b46fa3c64369bde387804f20ccb9 - - default default] No more DHCP agents
2026-07-14 00:42:42.132 8 WARNING neutron.api.rpc.agentnotifiers.dhcp_rpc_agent_api [None req-bdc589bf-03f5-4e1a-8f3e-a9fde7c8fdf8 99b45ffd95684244a6274c787f56364f de67b46fa3c64369bde387804f20ccb9 - - default default] Unable to schedule network 7225c6d6-a29f-4b6b-aed9-0ae0301300c3: no agents available; will retry on subsequent port and subnet creation events. [pid: 7|app: 0|req: 1020/2125] 10.0.0.143 () {34 vars in 981 bytes} [Tue Jul 14 00:42:42 2026] GET /v2.0/networks?id=653852d2-bf20-4f7b-8c9b-c628d719cb57 => generated 742 bytes in 44 msecs (HTTP/1.1 200) 4 headers in 157 bytes (1 switches on core 0) [pid: 7|app: 0|req: 1021/2126] 10.0.0.143 () {34 vars in 964 bytes} [Tue Jul 14 00:42:42 2026] GET /v2.0/quotas/553197cb5e0643dfbb2a186850337837 => generated 312 bytes in 13 msecs (HTTP/1.1 200) 4 headers in 157 bytes (1 switches on core 0)
2026-07-14 00:42:42.293 8 INFO neutron.db.ovn_revision_numbers_db [None req-bdc589bf-03f5-4e1a-8f3e-a9fde7c8fdf8 99b45ffd95684244a6274c787f56364f de67b46fa3c64369bde387804f20ccb9 - - default default] Successfully bumped revision number for resource 0311b30d-c36e-46d9-93af-c50662f4517f (type: ports) to 1 [pid: 7|app: 0|req: 1022/2127] 10.0.0.143 () {34 vars in 1001 bytes} [Tue Jul 14 00:42:42 2026] GET /v2.0/ports?tenant_id=553197cb5e0643dfbb2a186850337837&fields=id => generated 287 bytes in 188 msecs (HTTP/1.1 200) 4 headers in 157 bytes (1 switches on core 0) [pid: 7|app: 0|req: 1023/2128] 10.0.0.143 () {34 vars in 1007 bytes} [Tue Jul 14 00:42:42 2026] GET /v2.0/networks/653852d2-bf20-4f7b-8c9b-c628d719cb57?fields=segments => generated 14 bytes in 60 msecs (HTTP/1.1 200) 4 headers in 156 bytes (1 switches on core 0)
2026-07-14 00:42:42.499 7 WARNING neutron.plugins.ml2.drivers.ovn.mech_driver.ovsdb.ovn_client [None req-1dfeba31-dc99-437e-b09e-f760b834c5ed - - - - - -] No hosting information found for port c02d450e-104e-4297-8c75-b885beeaa810: RuntimeError: No hosting information found for port c02d450e-104e-4297-8c75-b885beeaa810 [pid: 7|app: 0|req: 1024/2129] 10.0.0.143 () {34 vars in 1107 bytes} [Tue Jul 14 00:42:42 2026] GET /v2.0/networks/653852d2-bf20-4f7b-8c9b-c628d719cb57?fields=provider%3Aphysical_network&fields=provider%3Anetwork_type => generated 79 bytes in 90 msecs (HTTP/1.1 200) 4 headers in 156 bytes (1 switches on core 0)
2026-07-14 00:42:42.596 7 INFO neutron.db.ovn_revision_numbers_db [None req-1dfeba31-dc99-437e-b09e-f760b834c5ed - - - - - -] Successfully bumped revision number for resource c02d450e-104e-4297-8c75-b885beeaa810 (type: router_ports) to 2
2026-07-14 00:42:42.658 7 INFO neutron.plugins.ml2.drivers.ovn.mech_driver.mech_driver [None req-1dfeba31-dc99-437e-b09e-f760b834c5ed - - - - - -] OVN reports status down for port: b9ae50fc-e32a-4ca4-be10-d0aa345f0706 [pid: 7|app: 0|req: 1025/2130] 10.0.0.143 () {34 vars in 1069 bytes} [Tue Jul 14 00:42:42 2026] GET /v2.0/ports?fields=security_groups&fields=device_id&device_id=b1a1c6c8-0b61-4187-add5-1b58dd67c68b => generated 12 bytes in 41 msecs (HTTP/1.1 200) 4 headers in 156 bytes (1 switches on core 0)
2026-07-14 00:42:42.748 7 WARNING neutron.plugins.ml2.drivers.ovn.mech_driver.ovsdb.ovn_client [None req-1dfeba31-dc99-437e-b09e-f760b834c5ed - - - - - -] Logical_Switch_Port b9ae50fc-e32a-4ca4-be10-d0aa345f0706 host information not removed, the port state is up
2026-07-14 00:42:42.748 7 INFO neutron.plugins.ml2.drivers.ovn.mech_driver.mech_driver [None req-1dfeba31-dc99-437e-b09e-f760b834c5ed - - - - - -] OVN reports status up for port: b9ae50fc-e32a-4ca4-be10-d0aa345f0706
2026-07-14 00:42:42.763 7 INFO neutron.plugins.ml2.plugin [None req-1dfeba31-dc99-437e-b09e-f760b834c5ed - - - - - -] Attempt 1 to provision port b9ae50fc-e32a-4ca4-be10-d0aa345f0706
2026-07-14 00:42:42.852 7 INFO neutron.plugins.ml2.drivers.ovn.mech_driver.ovsdb.ovsdb_monitor [None req-f290f8f2-076a-4585-89fc-c2c434ca9c2e - - - - - -] Router 4eb9d2d9-8684-4677-9446-ce9a3a5899a0 is bound to host instance
2026-07-14 00:42:42.899 8 INFO neutron.db.ovn_revision_numbers_db [None req-bdc589bf-03f5-4e1a-8f3e-a9fde7c8fdf8 99b45ffd95684244a6274c787f56364f de67b46fa3c64369bde387804f20ccb9 - - default default] Successfully bumped revision number for resource 0311b30d-c36e-46d9-93af-c50662f4517f (type: router_ports) to 1
2026-07-14 00:42:42.973 8 INFO neutron.db.ovn_revision_numbers_db [None req-bdc589bf-03f5-4e1a-8f3e-a9fde7c8fdf8 99b45ffd95684244a6274c787f56364f de67b46fa3c64369bde387804f20ccb9 - - default default] Successfully bumped revision number for resource 4eb9d2d9-8684-4677-9446-ce9a3a5899a0 (type: routers) to 2 [pid: 8|app: 0|req: 1106/2131] 10.0.0.145 () {34 vars in 668 bytes} [Tue Jul 14 00:42:41 2026] POST /v2.0/routers => generated 976 bytes in 1628 msecs (HTTP/1.1 201) 4 headers in 162 bytes (1 switches on core 0) [pid: 7|app: 0|req: 1026/2132] 10.0.0.145 () {32 vars in 775 bytes} [Tue Jul 14 00:42:42 2026] GET /v2.0/subnets?project_id=de67b46fa3c64369bde387804f20ccb9&cidr=10.100.0.0%2F28 => generated 14 bytes in 293 msecs (HTTP/1.1 200) 4 headers in 156 bytes (1 switches on core 0) [pid: 8|app: 0|req: 1107/2133] 10.0.0.145 () {32 vars in 693 bytes} [Tue Jul 14 00:42:43 2026] GET /v2.0/networks?router%3Aexternal=True => generated 791 bytes in 63 msecs (HTTP/1.1 200) 4 headers in 157 bytes (1 switches on core 0) [pid: 7|app: 0|req: 1027/2134] 10.0.0.145 () {32 vars in 783 bytes} [Tue Jul 14 00:42:43 2026] GET /v2.0/subnets?network_id=7225c6d6-a29f-4b6b-aed9-0ae0301300c3&cidr=10.100.0.0%2F28 => generated 14 bytes in 58 msecs (HTTP/1.1 200) 4 headers in 156 bytes (1 switches on core 0)
2026-07-14 00:42:43.610 8 WARNING neutron.scheduler.dhcp_agent_scheduler [None req-d4bf7e57-f009-4119-a002-1d98ea930ba2 99b45ffd95684244a6274c787f56364f de67b46fa3c64369bde387804f20ccb9 - - default default] No more DHCP agents
2026-07-14 00:42:43.611 8 WARNING neutron.api.rpc.agentnotifiers.dhcp_rpc_agent_api [None req-d4bf7e57-f009-4119-a002-1d98ea930ba2 99b45ffd95684244a6274c787f56364f de67b46fa3c64369bde387804f20ccb9 - - default default] Unable to schedule network 75bb6eb0-47d4-472a-9815-35d4b64c205a: no agents available; will retry on subsequent port and subnet creation events.
2026-07-14 00:42:43.702 7 INFO neutron.db.ovn_revision_numbers_db [None req-1dfeba31-dc99-437e-b09e-f760b834c5ed - - - - - -] Successfully bumped revision number for resource b9ae50fc-e32a-4ca4-be10-d0aa345f0706 (type: ports) to 2
2026-07-14 00:42:44.124 8 INFO neutron.db.ovn_revision_numbers_db [None req-d4bf7e57-f009-4119-a002-1d98ea930ba2 99b45ffd95684244a6274c787f56364f de67b46fa3c64369bde387804f20ccb9 - - default default] Successfully bumped revision number for resource 2f9738aa-c123-437f-82a4-4ec2dd8f8045 (type: ports) to 2
2026-07-14 00:42:44.163 8 INFO neutron.db.ovn_revision_numbers_db [None req-d4bf7e57-f009-4119-a002-1d98ea930ba2 99b45ffd95684244a6274c787f56364f de67b46fa3c64369bde387804f20ccb9 - - default default] Successfully bumped revision number for resource 11f645ec-c469-4662-a371-6d1acd375a21 (type: subnets) to 0 [pid: 8|app: 0|req: 1108/2135] 10.0.0.145 () {34 vars in 668 bytes} [Tue Jul 14 00:42:43 2026] POST /v2.0/subnets => generated 656 bytes in 755 msecs (HTTP/1.1 201) 4 headers in 162 bytes (1 switches on core 0)
2026-07-14 00:42:44.473 7 INFO neutron.db.ovn_revision_numbers_db [None req-ad5786e7-7afb-49e6-a451-dd554681332b - - - - - -] Successfully bumped revision number for resource 0311b30d-c36e-46d9-93af-c50662f4517f (type: ports) to 4
2026-07-14 00:42:45.323 7 WARNING neutron.scheduler.dhcp_agent_scheduler [None req-a7e8c692-a538-46b8-aecc-ef1fb9043f94 99b45ffd95684244a6274c787f56364f de67b46fa3c64369bde387804f20ccb9 - - default default] No more DHCP agents
2026-07-14 00:42:45.325 7 WARNING neutron.api.rpc.agentnotifiers.dhcp_rpc_agent_api [None req-a7e8c692-a538-46b8-aecc-ef1fb9043f94 99b45ffd95684244a6274c787f56364f de67b46fa3c64369bde387804f20ccb9 - - default default] Unable to schedule network 75bb6eb0-47d4-472a-9815-35d4b64c205a: no agents available; will retry on subsequent port and subnet creation events.
2026-07-14 00:42:45.328 7 INFO neutron.db.ovn_revision_numbers_db [None req-ad5786e7-7afb-49e6-a451-dd554681332b - - - - - -] Successfully bumped revision number for resource 0311b30d-c36e-46d9-93af-c50662f4517f (type: ports) to 5
2026-07-14 00:42:45.542 8 INFO neutron.plugins.ml2.drivers.ovn.mech_driver.mech_driver [None req-79507ea6-c801-43dd-bb73-421df295b6f5 - - - - - -] OVN reports status down for port: 26310243-1155-4de6-80ac-c86713726ecd
2026-07-14 00:42:45.546 7 INFO neutron.db.ovn_revision_numbers_db [None req-a7e8c692-a538-46b8-aecc-ef1fb9043f94 99b45ffd95684244a6274c787f56364f de67b46fa3c64369bde387804f20ccb9 - - default default] Successfully bumped revision number for resource 26310243-1155-4de6-80ac-c86713726ecd (type: ports) to 1
2026-07-14 00:42:46.151 8 INFO neutron.db.ovn_revision_numbers_db [None req-3981007d-66d7-4670-a29f-5efe9010745a a29c6a3590b64e81898bd1e032d62f03 0e2cd003f30940349f7c0d097cc7e3e0 - - default default] Successfully bumped revision number for resource 1c0ca7bc-82b3-4197-b791-82e12d094e44 (type: security_groups) to 1
2026-07-14 00:42:46.162 8 INFO neutron.db.ovn_revision_numbers_db [None req-3981007d-66d7-4670-a29f-5efe9010745a a29c6a3590b64e81898bd1e032d62f03 0e2cd003f30940349f7c0d097cc7e3e0 - - default default] Successfully bumped revision number for resource 01117c2b-d92c-45a1-9e9e-c74c524e8ccc (type: security_group_rules) to 0
2026-07-14 00:42:46.176 8 INFO neutron.db.ovn_revision_numbers_db [None req-3981007d-66d7-4670-a29f-5efe9010745a a29c6a3590b64e81898bd1e032d62f03 0e2cd003f30940349f7c0d097cc7e3e0 - - default default] Successfully bumped revision number for resource 2427f2fc-719f-4d48-85df-da7862d21078 (type: security_group_rules) to 0
2026-07-14 00:42:46.191 8 INFO neutron.db.ovn_revision_numbers_db [None req-3981007d-66d7-4670-a29f-5efe9010745a a29c6a3590b64e81898bd1e032d62f03 0e2cd003f30940349f7c0d097cc7e3e0 - - default default] Successfully bumped revision number for resource 930509a5-ab23-4f4e-99b2-03f394fe6e32 (type: security_group_rules) to 0
2026-07-14 00:42:46.203 8 INFO neutron.db.ovn_revision_numbers_db [None req-3981007d-66d7-4670-a29f-5efe9010745a a29c6a3590b64e81898bd1e032d62f03 0e2cd003f30940349f7c0d097cc7e3e0 - - default default] Successfully bumped revision number for resource bd504c3e-2192-4a0b-b08a-2b26d709c3ef (type: security_group_rules) to 0
2026-07-14 00:42:46.293 8 INFO neutron.db.segments_db [None req-3981007d-66d7-4670-a29f-5efe9010745a a29c6a3590b64e81898bd1e032d62f03 0e2cd003f30940349f7c0d097cc7e3e0 - - default default] Added segment ce18c97a-47a3-449b-8053-a0a302646609 of type geneve for network 36a4e1e8-0baf-4e76-b735-474bf4e72c1f
2026-07-14 00:42:46.320 8 INFO neutron.plugins.ml2.drivers.ovn.mech_driver.mech_driver [None req-79507ea6-c801-43dd-bb73-421df295b6f5 - - - - - -] OVN reports status up for port: 26310243-1155-4de6-80ac-c86713726ecd
2026-07-14 00:42:46.351 8 INFO neutron.plugins.ml2.plugin [None req-79507ea6-c801-43dd-bb73-421df295b6f5 - - - - - -] Attempt 1 to provision port 26310243-1155-4de6-80ac-c86713726ecd
2026-07-14 00:42:46.366 7 WARNING neutron.scheduler.dhcp_agent_scheduler [None req-a7e8c692-a538-46b8-aecc-ef1fb9043f94 99b45ffd95684244a6274c787f56364f de67b46fa3c64369bde387804f20ccb9 - - default default] No more DHCP agents
2026-07-14 00:42:46.367 7 WARNING neutron.api.rpc.agentnotifiers.dhcp_rpc_agent_api [None req-a7e8c692-a538-46b8-aecc-ef1fb9043f94 99b45ffd95684244a6274c787f56364f de67b46fa3c64369bde387804f20ccb9 - - default default] Unable to schedule network 75bb6eb0-47d4-472a-9815-35d4b64c205a: no agents available; will retry on subsequent port and subnet creation events.
2026-07-14 00:42:46.480 8 INFO neutron.db.ovn_revision_numbers_db [None req-3981007d-66d7-4670-a29f-5efe9010745a a29c6a3590b64e81898bd1e032d62f03 0e2cd003f30940349f7c0d097cc7e3e0 - - default default] Successfully bumped revision number for resource 36a4e1e8-0baf-4e76-b735-474bf4e72c1f (type: networks) to 1
2026-07-14 00:42:46.653 7 INFO neutron.db.ovn_revision_numbers_db [None req-a7e8c692-a538-46b8-aecc-ef1fb9043f94 99b45ffd95684244a6274c787f56364f de67b46fa3c64369bde387804f20ccb9 - - default default] Successfully bumped revision number for resource 26310243-1155-4de6-80ac-c86713726ecd (type: router_ports) to 1 [pid: 7|app: 0|req: 1028/2136] 10.0.0.145 () {34 vars in 782 bytes} [Tue Jul 14 00:42:44 2026] PUT /v2.0/routers/4eb9d2d9-8684-4677-9446-ce9a3a5899a0/add_router_interface => generated 310 bytes in 2466 msecs (HTTP/1.1 200) 4 headers in 157 bytes (1 switches on core 0) [pid: 7|app: 0|req: 1029/2137] 10.0.0.145 () {32 vars in 648 bytes} [Tue Jul 14 00:42:46 2026] GET /v2.0/networks => generated 6298 bytes in 60 msecs (HTTP/1.1 200) 4 headers in 158 bytes (1 switches on core 0) [pid: 7|app: 0|req: 1030/2138] 10.0.0.145 () {32 vars in 646 bytes} [Tue Jul 14 00:42:46 2026] GET /v2.0/subnets => generated 6175 bytes in 46 msecs (HTTP/1.1 200) 4 headers in 158 bytes (1 switches on core 0)
2026-07-14 00:42:46.846 8 WARNING neutron.scheduler.dhcp_agent_scheduler [None req-3981007d-66d7-4670-a29f-5efe9010745a a29c6a3590b64e81898bd1e032d62f03 0e2cd003f30940349f7c0d097cc7e3e0 - - default default] No more DHCP agents
2026-07-14 00:42:46.849 8 WARNING neutron.api.rpc.agentnotifiers.dhcp_rpc_agent_api [None req-3981007d-66d7-4670-a29f-5efe9010745a a29c6a3590b64e81898bd1e032d62f03 0e2cd003f30940349f7c0d097cc7e3e0 - - default default] Unable to schedule network 36a4e1e8-0baf-4e76-b735-474bf4e72c1f: no agents available; will retry on subsequent port and subnet creation events. [pid: 7|app: 0|req: 1031/2139] 10.0.0.145 () {32 vars in 646 bytes} [Tue Jul 14 00:42:46 2026] GET /v2.0/routers => generated 1971 bytes in 76 msecs (HTTP/1.1 200) 4 headers in 158 bytes (1 switches on core 0)
2026-07-14 00:42:46.992 8 INFO neutron.db.ovn_revision_numbers_db [None req-3981007d-66d7-4670-a29f-5efe9010745a a29c6a3590b64e81898bd1e032d62f03 0e2cd003f30940349f7c0d097cc7e3e0 - - default default] Successfully bumped revision number for resource 54d68dd4-a8d3-4d48-ae32-d6f1c29af1f3 (type: ports) to 1
2026-07-14 00:42:47.045 7 INFO neutron.db.ovn_revision_numbers_db [None req-1e6f29fe-9564-4c40-8ba4-f13945ed1977 99b45ffd95684244a6274c787f56364f de67b46fa3c64369bde387804f20ccb9 - - default default] Successfully bumped revision number for resource 4585e4a7-c148-4cde-a4b7-520a38060bd5 (type: security_groups) to 1 [pid: 8|app: 0|req: 1109/2140] 10.0.0.145 () {34 vars in 669 bytes} [Tue Jul 14 00:42:45 2026] POST /v2.0/networks => generated 670 bytes in 1227 msecs (HTTP/1.1 201) 4 headers in 162 bytes (1 switches on core 0)
2026-07-14 00:42:47.056 7 INFO neutron.db.ovn_revision_numbers_db [None req-1e6f29fe-9564-4c40-8ba4-f13945ed1977 99b45ffd95684244a6274c787f56364f de67b46fa3c64369bde387804f20ccb9 - - default default] Successfully bumped revision number for resource 0239b8e3-fffe-4d2a-bbae-e9227ed3af08 (type: security_group_rules) to 0
2026-07-14 00:42:47.066 7 INFO neutron.db.ovn_revision_numbers_db [None req-1e6f29fe-9564-4c40-8ba4-f13945ed1977 99b45ffd95684244a6274c787f56364f de67b46fa3c64369bde387804f20ccb9 - - default default] Successfully bumped revision number for resource acbe715f-7e4e-46b6-b3b1-f36b77a04c09 (type: security_group_rules) to 0 [pid: 7|app: 0|req: 1032/2141] 10.0.0.145 () {34 vars in 684 bytes} [Tue Jul 14 00:42:46 2026] POST /v2.0/security-groups => generated 1673 bytes in 199 msecs (HTTP/1.1 201) 4 headers in 163 bytes (1 switches on core 0) [pid: 8|app: 0|req: 1110/2142] 199.204.45.115 () {34 vars in 985 bytes} [Tue Jul 14 00:42:47 2026] GET /v2.0/networks?id=653852d2-bf20-4f7b-8c9b-c628d719cb57 => generated 742 bytes in 164 msecs (HTTP/1.1 200) 4 headers in 157 bytes (1 switches on core 0)
2026-07-14 00:42:47.235 8 INFO neutron.db.ovn_revision_numbers_db [None req-79507ea6-c801-43dd-bb73-421df295b6f5 - - - - - -] Successfully bumped revision number for resource 26310243-1155-4de6-80ac-c86713726ecd (type: ports) to 2
2026-07-14 00:42:47.315 7 WARNING neutron.scheduler.dhcp_agent_scheduler [None req-a458861e-a73f-4600-ba63-44ff3cc4ace3 a29c6a3590b64e81898bd1e032d62f03 0e2cd003f30940349f7c0d097cc7e3e0 - - default default] No more DHCP agents
2026-07-14 00:42:47.317 7 WARNING neutron.api.rpc.agentnotifiers.dhcp_rpc_agent_api [None req-a458861e-a73f-4600-ba63-44ff3cc4ace3 a29c6a3590b64e81898bd1e032d62f03 0e2cd003f30940349f7c0d097cc7e3e0 - - default default] Unable to schedule network 36a4e1e8-0baf-4e76-b735-474bf4e72c1f: no agents available; will retry on subsequent port and subnet creation events.
2026-07-14 00:42:47.403 8 INFO neutron.db.ovn_revision_numbers_db [None req-d20074f4-644b-41e8-b0d4-57e6d0f73018 99b45ffd95684244a6274c787f56364f de67b46fa3c64369bde387804f20ccb9 - - default default] Successfully bumped revision number for resource 85246825-4b4d-4314-897f-0a910e25dd5c (type: security_group_rules) to 0
2026-07-14 00:42:47.422 7 INFO neutron.db.ovn_revision_numbers_db [None req-a458861e-a73f-4600-ba63-44ff3cc4ace3 a29c6a3590b64e81898bd1e032d62f03 0e2cd003f30940349f7c0d097cc7e3e0 - - default default] Successfully bumped revision number for resource 7ac099d2-35e2-43b7-88ff-8a7e9ea79705 (type: ports) to 1 [pid: 8|app: 0|req: 1111/2143] 10.0.0.145 () {34 vars in 694 bytes} [Tue Jul 14 00:42:47 2026] POST /v2.0/security-group-rules => generated 597 bytes in 221 msecs (HTTP/1.1 201) 4 headers in 162 bytes (1 switches on core 0)
2026-07-14 00:42:47.442 8 WARNING neutron.db.securitygroups_db [req-0cde21ed-2cf2-43c2-9975-820e8f51c4c0 req-441e0e41-8034-4ddb-8e09-a8f0e22d9843 758e23017afe478ebb294a02c0e12e73 553197cb5e0643dfbb2a186850337837 - - default default] project_id key not found in filters, using tenant_id instead. This support has been deprecated and will be removed in a future release. [pid: 7|app: 0|req: 1033/2144] 10.0.0.145 () {34 vars in 663 bytes} [Tue Jul 14 00:42:47 2026] POST /v2.0/ports => generated 743 bytes in 341 msecs (HTTP/1.1 201) 4 headers in 162 bytes (1 switches on core 0) /var/lib/openstack/lib/python3.12/site-packages/pycadf/identifier.py:70: UserWarning: Invalid uuid: neutron. To ensure interoperability, identifiers should be a valid uuid. warnings.warn(('Invalid uuid: %s. To ensure interoperability, ' [pid: 8|app: 0|req: 1112/2145] 199.204.45.115 () {34 vars in 1049 bytes} [Tue Jul 14 00:42:47 2026] GET /v2.0/security-groups?fields=id&fields=name&tenant_id=553197cb5e0643dfbb2a186850337837 => generated 179 bytes in 31 msecs (HTTP/1.1 200) 4 headers in 157 bytes (1 switches on core 0)
2026-07-14 00:42:47.577 7 INFO neutron.db.ovn_revision_numbers_db [None req-8431ba3d-5979-444d-91e6-bbd0c51d7223 99b45ffd95684244a6274c787f56364f de67b46fa3c64369bde387804f20ccb9 - - default default] Successfully bumped revision number for resource 418fabf8-135c-4e8b-9ec5-ce909a7fc7e0 (type: security_group_rules) to 0 [pid: 7|app: 0|req: 1034/2146] 10.0.0.145 () {34 vars in 694 bytes} [Tue Jul 14 00:42:47 2026] POST /v2.0/security-group-rules => generated 596 bytes in 161 msecs (HTTP/1.1 201) 4 headers in 162 bytes (1 switches on core 0) [pid: 8|app: 0|req: 1113/2147] 10.0.0.145 () {34 vars in 665 bytes} [Tue Jul 14 00:42:47 2026] POST /v2.0/trunks => generated 409 bytes in 258 msecs (HTTP/1.1 201) 4 headers in 162 bytes (1 switches on core 0)
2026-07-14 00:42:47.855 8 INFO neutron.db.ovn_revision_numbers_db [None req-da9d5a4f-ab66-4617-a573-66e8b77630a5 99b45ffd95684244a6274c787f56364f de67b46fa3c64369bde387804f20ccb9 - - default default] Successfully bumped revision number for resource fbc0c254-a7ed-40d4-bf85-76c5afe6550e (type: security_group_rules) to 0 [pid: 8|app: 0|req: 1114/2148] 10.0.0.145 () {34 vars in 694 bytes} [Tue Jul 14 00:42:47 2026] POST /v2.0/security-group-rules => generated 602 bytes in 162 msecs (HTTP/1.1 201) 4 headers in 162 bytes (1 switches on core 0)
2026-07-14 00:42:47.973 8 INFO neutron.db.segments_db [None req-ff5fbae3-f67e-4a08-bac7-a74144c54c8a a29c6a3590b64e81898bd1e032d62f03 0e2cd003f30940349f7c0d097cc7e3e0 - - default default] Added segment 6b2737fd-3fa2-4713-beca-bb5c1fe21eb8 of type geneve for network 690c52e2-a916-4d82-b699-70a5c50cf97f
2026-07-14 00:42:47.975 7 WARNING neutron.scheduler.dhcp_agent_scheduler [req-0cde21ed-2cf2-43c2-9975-820e8f51c4c0 req-f82d4685-1d8d-4acd-8810-b7ca77daa1ea 758e23017afe478ebb294a02c0e12e73 553197cb5e0643dfbb2a186850337837 - - default default] No more DHCP agents
2026-07-14 00:42:47.977 7 WARNING neutron.api.rpc.agentnotifiers.dhcp_rpc_agent_api [req-0cde21ed-2cf2-43c2-9975-820e8f51c4c0 req-f82d4685-1d8d-4acd-8810-b7ca77daa1ea 758e23017afe478ebb294a02c0e12e73 553197cb5e0643dfbb2a186850337837 - - default default] Unable to schedule network 653852d2-bf20-4f7b-8c9b-c628d719cb57: no agents available; will retry on subsequent port and subnet creation events.
2026-07-14 00:42:48.070 8 INFO neutron.db.ovn_revision_numbers_db [None req-ff5fbae3-f67e-4a08-bac7-a74144c54c8a a29c6a3590b64e81898bd1e032d62f03 0e2cd003f30940349f7c0d097cc7e3e0 - - default default] Successfully bumped revision number for resource 690c52e2-a916-4d82-b699-70a5c50cf97f (type: networks) to 1
2026-07-14 00:42:48.153 7 INFO neutron.db.ovn_revision_numbers_db [req-0cde21ed-2cf2-43c2-9975-820e8f51c4c0 req-f82d4685-1d8d-4acd-8810-b7ca77daa1ea 758e23017afe478ebb294a02c0e12e73 553197cb5e0643dfbb2a186850337837 - - default default] Successfully bumped revision number for resource d43533ad-9690-4ad7-bd81-e69e04ecb399 (type: ports) to 1 [pid: 7|app: 0|req: 1035/2149] 199.204.45.115 () {38 vars in 954 bytes} [Tue Jul 14 00:42:47 2026] POST /v2.0/ports => generated 1179 bytes in 573 msecs (HTTP/1.1 201) 4 headers in 163 bytes (1 switches on core 0) /var/lib/openstack/lib/python3.12/site-packages/pycadf/identifier.py:70: UserWarning: Invalid uuid: neutron. To ensure interoperability, identifiers should be a valid uuid. warnings.warn(('Invalid uuid: %s. To ensure interoperability, ' [pid: 7|app: 0|req: 1036/2150] 10.0.0.143 () {34 vars in 1069 bytes} [Tue Jul 14 00:42:48 2026] GET /v2.0/ports?fields=security_groups&fields=device_id&device_id=b1a1c6c8-0b61-4187-add5-1b58dd67c68b => generated 123 bytes in 28 msecs (HTTP/1.1 200) 4 headers in 157 bytes (1 switches on core 0)
2026-07-14 00:42:48.275 8 WARNING neutron.scheduler.dhcp_agent_scheduler [None req-ff5fbae3-f67e-4a08-bac7-a74144c54c8a a29c6a3590b64e81898bd1e032d62f03 0e2cd003f30940349f7c0d097cc7e3e0 - - default default] No more DHCP agents
2026-07-14 00:42:48.276 8 WARNING neutron.api.rpc.agentnotifiers.dhcp_rpc_agent_api [None req-ff5fbae3-f67e-4a08-bac7-a74144c54c8a a29c6a3590b64e81898bd1e032d62f03 0e2cd003f30940349f7c0d097cc7e3e0 - - default default] Unable to schedule network 690c52e2-a916-4d82-b699-70a5c50cf97f: no agents available; will retry on subsequent port and subnet creation events.
2026-07-14 00:42:48.353 8 INFO neutron.db.ovn_revision_numbers_db [None req-ff5fbae3-f67e-4a08-bac7-a74144c54c8a a29c6a3590b64e81898bd1e032d62f03 0e2cd003f30940349f7c0d097cc7e3e0 - - default default] Successfully bumped revision number for resource 57ca0aba-d410-43c1-b9bb-b8f75f0ceb17 (type: ports) to 1
