2026-07-14 00:39:39.425 8 INFO neutron.common.ovn.utils [None req-44e8db63-3a3b-42b1-afaf-8278fe1cfbc1 - - - - - -] HA Chassis Group neutron-a7b8d4f9-42e6-4a46-8b5e-8696eb275b0f synchronized; highest priority chassis 5fb6c8e5-e442-4f33-8626-5b3786750d4e [pid: 8|app: 0|req: 413/848] 10.0.0.145 () {34 vars in 782 bytes} [Tue Jul 14 00:39:37 2026] PUT /v2.0/routers/be6fc80a-5e8a-4c64-82fb-615b258475f1/add_router_interface => generated 310 bytes in 1963 msecs (HTTP/1.1 200) 4 headers in 157 bytes (1 switches on core 0)
2026-07-14 00:39:39.550 8 INFO neutron_taas.services.taas.taas_plugin [None req-5ef66cd3-8333-48fa-834d-ee0ff9136377 f1cd95796fba4bc1a8159fc7bfcfa847 39d4ad338ccb47198d5b00974e1083f7 - - default default] TaaS: Handle Delete Port: eaa31247-1ef9-402d-b5fa-d91b59715b7e
2026-07-14 00:39:39.556 8 INFO neutron_taas.services.taas.tap_mirror_plugin [None req-5ef66cd3-8333-48fa-834d-ee0ff9136377 f1cd95796fba4bc1a8159fc7bfcfa847 39d4ad338ccb47198d5b00974e1083f7 - - default default] Tap Mirror: Handle Delete Port: eaa31247-1ef9-402d-b5fa-d91b59715b7e
2026-07-14 00:39:39.585 7 INFO neutron.services.segments.plugin [-] Segment 995f8b56-f27d-4048-8a1f-eba3d47c33be resource provider aggregate not found
2026-07-14 00:39:39.597 7 INFO neutron.services.segments.plugin [-] Segment 995f8b56-f27d-4048-8a1f-eba3d47c33be resource provider aggregate not found
2026-07-14 00:39:39.615 7 INFO neutron.services.segments.plugin [-] Client error retrieving segment 995f8b56-f27d-4048-8a1f-eba3d47c33be resource provider; error: Placement Client Error (4xx): {"errors": [{"status": 404, "title": "Not Found", "detail": "The resource could not be found.\n\n No resource provider with uuid 995f8b56-f27d-4048-8a1f-eba3d47c33be found for delete ", "request_id": "req-93f8c658-0fcb-4c9d-956b-be58548d50de"}]}
2026-07-14 00:39:39.616 7 INFO neutron.services.segments.plugin [-] Client error retrieving segment 995f8b56-f27d-4048-8a1f-eba3d47c33be resource provider; error: Placement Client Error (4xx): {"errors": [{"status": 404, "title": "Not Found", "detail": "The resource could not be found.\n\n No resource provider with uuid 995f8b56-f27d-4048-8a1f-eba3d47c33be found for delete ", "request_id": "req-da773c7a-1b7b-4642-ab65-7d9c70aaa18f"}]}
2026-07-14 00:39:39.760 7 INFO neutron.db.ovn_revision_numbers_db [None req-75cc70ad-4940-4762-8e7f-2789ad0133ea - - - - - -] Successfully bumped revision number for resource 5252cd64-941d-4732-8ff6-350545114320 (type: ports) to 2
2026-07-14 00:39:39.760 8 INFO neutron.services.segments.plugin [-] Segment 6a02e301-dcbe-4767-bdfb-503dd826d579 resource provider aggregate not found
2026-07-14 00:39:39.763 8 INFO neutron.services.segments.plugin [-] Segment 6a02e301-dcbe-4767-bdfb-503dd826d579 resource provider aggregate not found [pid: 7|app: 0|req: 436/849] 10.0.0.145 () {32 vars in 725 bytes} [Tue Jul 14 00:39:38 2026] DELETE /v2.0/networks/501de6fc-3eed-4668-aa88-7d24eabe9fa0 => generated 0 bytes in 1032 msecs (HTTP/1.1 204) 3 headers in 131 bytes (1 switches on core 0)
2026-07-14 00:39:39.789 8 INFO neutron.services.segments.plugin [-] Client error retrieving segment 6a02e301-dcbe-4767-bdfb-503dd826d579 resource provider; error: Placement Client Error (4xx): {"errors": [{"status": 404, "title": "Not Found", "detail": "The resource could not be found.\n\n No resource provider with uuid 6a02e301-dcbe-4767-bdfb-503dd826d579 found for delete ", "request_id": "req-ffbccfa7-0b97-455b-b13f-9a9f7838d08b"}]}
2026-07-14 00:39:39.790 8 INFO neutron.services.segments.plugin [-] Client error retrieving segment 6a02e301-dcbe-4767-bdfb-503dd826d579 resource provider; error: Placement Client Error (4xx): {"errors": [{"status": 404, "title": "Not Found", "detail": "The resource could not be found.\n\n No resource provider with uuid 6a02e301-dcbe-4767-bdfb-503dd826d579 found for delete ", "request_id": "req-ca0870fb-2be8-4dea-8877-8704e3b342f0"}]} [pid: 8|app: 0|req: 414/850] 10.0.0.145 () {32 vars in 725 bytes} [Tue Jul 14 00:39:39 2026] DELETE /v2.0/networks/8adc82fd-a5e2-4db0-8985-fb839659cc63 => generated 0 bytes in 402 msecs (HTTP/1.1 204) 3 headers in 131 bytes (1 switches on core 0)
2026-07-14 00:39:39.955 8 INFO neutron_taas.services.taas.taas_plugin [None req-59a90475-9d28-45bb-a38a-d092eac98ccf 29c1e3fae16d4086a7f32212da87dcaf aaa99af2b59748be84eb4ac3d3b13c10 - - default default] TaaS: Handle Delete Port: c51105d1-b44f-426c-99ff-d4699856e1a2
2026-07-14 00:39:39.958 8 INFO neutron_taas.services.taas.tap_mirror_plugin [None req-59a90475-9d28-45bb-a38a-d092eac98ccf 29c1e3fae16d4086a7f32212da87dcaf aaa99af2b59748be84eb4ac3d3b13c10 - - default default] Tap Mirror: Handle Delete Port: c51105d1-b44f-426c-99ff-d4699856e1a2 [pid: 7|app: 0|req: 437/851] 10.0.0.145 () {32 vars in 739 bytes} [Tue Jul 14 00:39:39 2026] DELETE /v2.0/security-groups/9ff76d15-b565-40b0-9eab-34212b8f73fd => generated 0 bytes in 259 msecs (HTTP/1.1 204) 2 headers in 112 bytes (1 switches on core 0) [pid: 8|app: 0|req: 415/852] 10.0.0.145 () {32 vars in 725 bytes} [Tue Jul 14 00:39:39 2026] DELETE /v2.0/networks/6505663d-bec2-4b63-8af2-745e0db3ec9d => generated 0 bytes in 324 msecs (HTTP/1.1 204) 3 headers in 131 bytes (1 switches on core 0)
2026-07-14 00:39:40.165 8 WARNING neutron.db.securitygroups_db [None req-3f2d2d3c-d2db-4ae9-97c0-22eaa1cfe52f f1cd95796fba4bc1a8159fc7bfcfa847 39d4ad338ccb47198d5b00974e1083f7 - - default default] project_id key not found in filters, using tenant_id instead. This support has been deprecated and will be removed in a future release. [pid: 8|app: 0|req: 416/853] 10.0.0.145 () {32 vars in 773 bytes} [Tue Jul 14 00:39:40 2026] GET /v2.0/security-groups?tenant_id=90873aff75274a43b03b94ecfb6cde55&name=default => generated 2921 bytes in 35 msecs (HTTP/1.1 200) 4 headers in 158 bytes (1 switches on core 0)
2026-07-14 00:39:40.208 8 INFO neutron.api.v2.resource [None req-6ff36f84-4add-43fa-abcb-baa942d8cf87 953ef7e578554181a4ef4dd2c88f8456 08abece0137845b3a29aba8db6a50199 - - default default] show failed (client error): The resource could not be found. [pid: 8|app: 0|req: 417/854] 10.0.0.145 () {32 vars in 736 bytes} [Tue Jul 14 00:39:40 2026] GET /v2.0/security-groups/9ff76d15-b565-40b0-9eab-34212b8f73fd => generated 146 bytes in 12 msecs (HTTP/1.1 404) 4 headers in 164 bytes (1 switches on core 0)
2026-07-14 00:39:40.212 7 INFO neutron.db.ovn_revision_numbers_db [None req-85ba6b2b-df43-4df2-83dd-96a5f8ae43e0 dfda9305c24241c586838a623c5b68e2 d749f09667c74b3a9c2abb7b3724053e - - default default] Successfully bumped revision number for resource 2a633a6c-35b1-4829-9af6-8bd04ded99d2 (type: security_groups) to 1
2026-07-14 00:39:40.221 7 INFO neutron.db.ovn_revision_numbers_db [None req-85ba6b2b-df43-4df2-83dd-96a5f8ae43e0 dfda9305c24241c586838a623c5b68e2 d749f09667c74b3a9c2abb7b3724053e - - default default] Successfully bumped revision number for resource 62812d6d-5de4-4122-9cac-5d47bd4fe470 (type: security_group_rules) to 0
2026-07-14 00:39:40.230 7 INFO neutron.db.ovn_revision_numbers_db [None req-85ba6b2b-df43-4df2-83dd-96a5f8ae43e0 dfda9305c24241c586838a623c5b68e2 d749f09667c74b3a9c2abb7b3724053e - - default default] Successfully bumped revision number for resource ee315506-3fa0-420e-b473-918c3b5cbc9f (type: security_group_rules) to 0 [pid: 8|app: 0|req: 418/855] 10.0.0.145 () {32 vars in 648 bytes} [Tue Jul 14 00:39:40 2026] GET /v2.0/networks => generated 689 bytes in 44 msecs (HTTP/1.1 200) 4 headers in 157 bytes (1 switches on core 0) [pid: 7|app: 0|req: 438/856] 10.0.0.145 () {34 vars in 684 bytes} [Tue Jul 14 00:39:40 2026] POST /v2.0/security-groups => generated 1660 bytes in 231 msecs (HTTP/1.1 201) 4 headers in 163 bytes (1 switches on core 0) [pid: 8|app: 0|req: 419/857] 10.0.0.145 () {32 vars in 739 bytes} [Tue Jul 14 00:39:40 2026] DELETE /v2.0/security-groups/b64be1e4-04a0-4415-b181-314909a3d24a => generated 0 bytes in 155 msecs (HTTP/1.1 204) 2 headers in 112 bytes (1 switches on core 0)
2026-07-14 00:39:40.437 7 INFO neutron_taas.services.taas.taas_plugin [None req-59344fc9-c070-4f26-987f-f4e61b861838 953ef7e578554181a4ef4dd2c88f8456 08abece0137845b3a29aba8db6a50199 - - default default] TaaS: Handle Delete Port: b80d545d-be3c-4622-ba60-d9af1fcb0f47
2026-07-14 00:39:40.440 7 INFO neutron_taas.services.taas.tap_mirror_plugin [None req-59344fc9-c070-4f26-987f-f4e61b861838 953ef7e578554181a4ef4dd2c88f8456 08abece0137845b3a29aba8db6a50199 - - default default] Tap Mirror: Handle Delete Port: b80d545d-be3c-4622-ba60-d9af1fcb0f47
2026-07-14 00:39:40.508 8 INFO neutron.db.segments_db [None req-b56d012d-9e85-4b0d-a665-78c19e9906e7 29c1e3fae16d4086a7f32212da87dcaf aaa99af2b59748be84eb4ac3d3b13c10 - - default default] Added segment c81a85ac-6e33-4959-8c11-8c9c9ddc6ceb of type geneve for network e420cc15-639a-4262-a9d2-cd9c71886d40 [pid: 7|app: 0|req: 439/858] 10.0.0.145 () {32 vars in 731 bytes} [Tue Jul 14 00:39:40 2026] DELETE /v2.0/floatingips/591055bc-1e3a-493e-8e0d-823980ec3d82 => generated 0 bytes in 350 msecs (HTTP/1.1 204) 2 headers in 112 bytes (1 switches on core 0)
2026-07-14 00:39:40.639 8 INFO neutron.db.ovn_revision_numbers_db [None req-b56d012d-9e85-4b0d-a665-78c19e9906e7 29c1e3fae16d4086a7f32212da87dcaf aaa99af2b59748be84eb4ac3d3b13c10 - - default default] Successfully bumped revision number for resource e420cc15-639a-4262-a9d2-cd9c71886d40 (type: networks) to 1
2026-07-14 00:39:40.789 7 INFO neutron.db.ovn_revision_numbers_db [None req-555cc7dd-fdae-4bbb-8609-e63df696eec3 dfda9305c24241c586838a623c5b68e2 d749f09667c74b3a9c2abb7b3724053e - - default default] Successfully bumped revision number for resource 2a3c81f6-3442-4b9b-8223-c3fbe2ca71a7 (type: security_group_rules) to 0 [pid: 7|app: 0|req: 440/859] 10.0.0.145 () {34 vars in 694 bytes} [Tue Jul 14 00:39:40 2026] POST /v2.0/security-group-rules => generated 597 bytes in 206 msecs (HTTP/1.1 201) 4 headers in 162 bytes (1 switches on core 0)
2026-07-14 00:39:40.851 8 WARNING neutron.scheduler.dhcp_agent_scheduler [None req-b56d012d-9e85-4b0d-a665-78c19e9906e7 29c1e3fae16d4086a7f32212da87dcaf aaa99af2b59748be84eb4ac3d3b13c10 - - default default] No more DHCP agents
2026-07-14 00:39:40.852 8 WARNING neutron.api.rpc.agentnotifiers.dhcp_rpc_agent_api [None req-b56d012d-9e85-4b0d-a665-78c19e9906e7 29c1e3fae16d4086a7f32212da87dcaf aaa99af2b59748be84eb4ac3d3b13c10 - - default default] Unable to schedule network e420cc15-639a-4262-a9d2-cd9c71886d40: no agents available; will retry on subsequent port and subnet creation events.
2026-07-14 00:39:40.903 8 INFO neutron.plugins.ml2.drivers.ovn.mech_driver.mech_driver [None req-44e8db63-3a3b-42b1-afaf-8278fe1cfbc1 - - - - - -] OVN reports status down for port: f815b090-3244-4873-b25f-bc642f92fc84
2026-07-14 00:39:40.962 8 INFO neutron.db.ovn_revision_numbers_db [None req-b56d012d-9e85-4b0d-a665-78c19e9906e7 29c1e3fae16d4086a7f32212da87dcaf aaa99af2b59748be84eb4ac3d3b13c10 - - default default] Successfully bumped revision number for resource f815b090-3244-4873-b25f-bc642f92fc84 (type: ports) to 1 [pid: 8|app: 0|req: 420/860] 10.0.0.145 () {34 vars in 669 bytes} [Tue Jul 14 00:39:40 2026] POST /v2.0/networks => generated 687 bytes in 591 msecs (HTTP/1.1 201) 4 headers in 162 bytes (1 switches on core 0)
2026-07-14 00:39:41.136 8 INFO neutron.db.ovn_revision_numbers_db [None req-ffd4b021-8615-4b3b-b5fd-13eab68d157d dfda9305c24241c586838a623c5b68e2 d749f09667c74b3a9c2abb7b3724053e - - default default] Successfully bumped revision number for resource 9e82fb70-eba3-4290-90a6-c4d7bacfce65 (type: security_group_rules) to 0 [pid: 8|app: 0|req: 421/861] 10.0.0.145 () {34 vars in 694 bytes} [Tue Jul 14 00:39:41 2026] POST /v2.0/security-group-rules => generated 602 bytes in 169 msecs (HTTP/1.1 201) 4 headers in 162 bytes (1 switches on core 0)
2026-07-14 00:39:41.260 8 INFO neutron.db.segments_db [None req-de01c356-ce70-4147-a3ea-d4031c2f34dd 29c1e3fae16d4086a7f32212da87dcaf aaa99af2b59748be84eb4ac3d3b13c10 - - default default] Added segment 360be8d2-991d-40cc-9194-0e30f8acbb2f of type geneve for network 0f724a66-fba9-47ba-ace2-5ac97d907df6
2026-07-14 00:39:41.404 8 INFO neutron.db.ovn_revision_numbers_db [None req-de01c356-ce70-4147-a3ea-d4031c2f34dd 29c1e3fae16d4086a7f32212da87dcaf aaa99af2b59748be84eb4ac3d3b13c10 - - default default] Successfully bumped revision number for resource 0f724a66-fba9-47ba-ace2-5ac97d907df6 (type: networks) to 1
2026-07-14 00:39:41.530 7 INFO neutron_taas.services.taas.taas_plugin [None req-9feac211-df72-46ee-b535-a54897edfe1f f1cd95796fba4bc1a8159fc7bfcfa847 39d4ad338ccb47198d5b00974e1083f7 - - default default] TaaS: Handle Delete Port: b19cf695-eb6f-4680-95f6-9c1d879d1fbf
2026-07-14 00:39:41.533 7 INFO neutron_taas.services.taas.tap_mirror_plugin [None req-9feac211-df72-46ee-b535-a54897edfe1f f1cd95796fba4bc1a8159fc7bfcfa847 39d4ad338ccb47198d5b00974e1083f7 - - default default] Tap Mirror: Handle Delete Port: b19cf695-eb6f-4680-95f6-9c1d879d1fbf
2026-07-14 00:39:41.575 8 WARNING neutron.scheduler.dhcp_agent_scheduler [None req-de01c356-ce70-4147-a3ea-d4031c2f34dd 29c1e3fae16d4086a7f32212da87dcaf aaa99af2b59748be84eb4ac3d3b13c10 - - default default] No more DHCP agents
2026-07-14 00:39:41.577 8 WARNING neutron.api.rpc.agentnotifiers.dhcp_rpc_agent_api [None req-de01c356-ce70-4147-a3ea-d4031c2f34dd 29c1e3fae16d4086a7f32212da87dcaf aaa99af2b59748be84eb4ac3d3b13c10 - - default default] Unable to schedule network 0f724a66-fba9-47ba-ace2-5ac97d907df6: no agents available; will retry on subsequent port and subnet creation events.
2026-07-14 00:39:41.664 8 INFO neutron.db.ovn_revision_numbers_db [None req-de01c356-ce70-4147-a3ea-d4031c2f34dd 29c1e3fae16d4086a7f32212da87dcaf aaa99af2b59748be84eb4ac3d3b13c10 - - default default] Successfully bumped revision number for resource e025b1b0-90cb-446b-bde9-25606bbb3e8d (type: ports) to 1 [pid: 8|app: 0|req: 422/862] 10.0.0.145 () {34 vars in 669 bytes} [Tue Jul 14 00:39:41 2026] POST /v2.0/networks => generated 688 bytes in 521 msecs (HTTP/1.1 201) 4 headers in 162 bytes (1 switches on core 0)
2026-07-14 00:39:41.818 8 INFO neutron.services.segments.plugin [-] Segment e9ea3631-4f77-4023-b606-5dac471b788e resource provider aggregate not found
2026-07-14 00:39:41.823 8 INFO neutron.services.segments.plugin [-] Segment e9ea3631-4f77-4023-b606-5dac471b788e resource provider aggregate not found
2026-07-14 00:39:41.841 8 INFO neutron.services.segments.plugin [-] Client error retrieving segment e9ea3631-4f77-4023-b606-5dac471b788e resource provider; error: Placement Client Error (4xx): {"errors": [{"status": 404, "title": "Not Found", "detail": "The resource could not be found.\n\n No resource provider with uuid e9ea3631-4f77-4023-b606-5dac471b788e found for delete ", "request_id": "req-b9f4d57b-ce32-4bee-912d-fc3f2b28f1c9"}]}
2026-07-14 00:39:41.843 8 INFO neutron.services.segments.plugin [-] Client error retrieving segment e9ea3631-4f77-4023-b606-5dac471b788e resource provider; error: Placement Client Error (4xx): {"errors": [{"status": 404, "title": "Not Found", "detail": "The resource could not be found.\n\n No resource provider with uuid e9ea3631-4f77-4023-b606-5dac471b788e found for delete ", "request_id": "req-2927d6e4-c659-49cf-a7f8-0b003d3bf6fc"}]}
2026-07-14 00:39:42.005 8 WARNING neutron.scheduler.dhcp_agent_scheduler [None req-b6fc5a39-ea21-485d-a10d-985a0953c436 dfda9305c24241c586838a623c5b68e2 d749f09667c74b3a9c2abb7b3724053e - - default default] No more DHCP agents
2026-07-14 00:39:42.007 8 WARNING neutron.api.rpc.agentnotifiers.dhcp_rpc_agent_api [None req-b6fc5a39-ea21-485d-a10d-985a0953c436 dfda9305c24241c586838a623c5b68e2 d749f09667c74b3a9c2abb7b3724053e - - default default] Unable to schedule network 7225c6d6-a29f-4b6b-aed9-0ae0301300c3: no agents available; will retry on subsequent port and subnet creation events. [pid: 7|app: 0|req: 441/865] 10.0.0.145 () {34 vars in 788 bytes} [Tue Jul 14 00:39:40 2026] PUT /v2.0/routers/325c82b7-eedf-4d7d-8dda-80534f7ea275/remove_router_interface => generated 310 bytes in 1292 msecs (HTTP/1.1 200) 4 headers in 157 bytes (1 switches on core 0) /var/lib/openstack/lib/python3.12/site-packages/pycadf/identifier.py:70: UserWarning: Invalid uuid: neutron. To ensure interoperability, identifiers should be a valid uuid. warnings.warn(('Invalid uuid: %s. To ensure interoperability, ' [pid: 8|app: 0|req: 425/866] 10.0.0.145 () {34 vars in 675 bytes} [Tue Jul 14 00:39:41 2026] POST /v2.0/floatingips => generated 552 bytes in 651 msecs (HTTP/1.1 201) 4 headers in 162 bytes (1 switches on core 0)
2026-07-14 00:39:42.569 7 WARNING neutron.scheduler.dhcp_agent_scheduler [None req-bcefee0b-139a-4623-a87b-2a66f8e5f5e0 29c1e3fae16d4086a7f32212da87dcaf aaa99af2b59748be84eb4ac3d3b13c10 - - default default] No more DHCP agents
2026-07-14 00:39:42.570 7 WARNING neutron.api.rpc.agentnotifiers.dhcp_rpc_agent_api [None req-bcefee0b-139a-4623-a87b-2a66f8e5f5e0 29c1e3fae16d4086a7f32212da87dcaf aaa99af2b59748be84eb4ac3d3b13c10 - - default default] Unable to schedule network e420cc15-639a-4262-a9d2-cd9c71886d40: no agents available; will retry on subsequent port and subnet creation events.
2026-07-14 00:39:42.653 8 INFO neutron.plugins.ml2.drivers.ovn.mech_driver.mech_driver [None req-44e8db63-3a3b-42b1-afaf-8278fe1cfbc1 - - - - - -] OVN reports status down for port: 08653376-266b-4745-a79c-353be41d18bb
2026-07-14 00:39:42.672 7 INFO neutron.db.ovn_revision_numbers_db [None req-bcefee0b-139a-4623-a87b-2a66f8e5f5e0 29c1e3fae16d4086a7f32212da87dcaf aaa99af2b59748be84eb4ac3d3b13c10 - - default default] Successfully bumped revision number for resource 08653376-266b-4745-a79c-353be41d18bb (type: ports) to 1
2026-07-14 00:39:42.714 8 INFO neutron_taas.services.taas.taas_plugin [None req-e3f4b179-870c-43c8-9b16-787c4c3ec239 f1cd95796fba4bc1a8159fc7bfcfa847 39d4ad338ccb47198d5b00974e1083f7 - - default default] TaaS: Handle Delete Port: b8784218-9e6d-4291-8f11-4d91f28d1b9e
2026-07-14 00:39:42.723 8 INFO neutron_taas.services.taas.tap_mirror_plugin [None req-e3f4b179-870c-43c8-9b16-787c4c3ec239 f1cd95796fba4bc1a8159fc7bfcfa847 39d4ad338ccb47198d5b00974e1083f7 - - default default] Tap Mirror: Handle Delete Port: b8784218-9e6d-4291-8f11-4d91f28d1b9e
2026-07-14 00:39:42.730 7 WARNING neutron.scheduler.dhcp_agent_scheduler [None req-bcefee0b-139a-4623-a87b-2a66f8e5f5e0 29c1e3fae16d4086a7f32212da87dcaf aaa99af2b59748be84eb4ac3d3b13c10 - - default default] No more DHCP agents
2026-07-14 00:39:42.732 7 WARNING neutron.api.rpc.agentnotifiers.dhcp_rpc_agent_api [None req-bcefee0b-139a-4623-a87b-2a66f8e5f5e0 29c1e3fae16d4086a7f32212da87dcaf aaa99af2b59748be84eb4ac3d3b13c10 - - default default] Unable to schedule network 0f724a66-fba9-47ba-ace2-5ac97d907df6: no agents available; will retry on subsequent port and subnet creation events.
2026-07-14 00:39:42.831 7 INFO neutron.db.ovn_revision_numbers_db [None req-bcefee0b-139a-4623-a87b-2a66f8e5f5e0 29c1e3fae16d4086a7f32212da87dcaf aaa99af2b59748be84eb4ac3d3b13c10 - - default default] Successfully bumped revision number for resource b6e27b81-ae77-4deb-a86b-c5c097fec1a9 (type: ports) to 1 [pid: 7|app: 0|req: 442/867] 10.0.0.145 () {34 vars in 664 bytes} [Tue Jul 14 00:39:42 2026] POST /v2.0/ports => generated 1506 bytes in 749 msecs (HTTP/1.1 201) 4 headers in 163 bytes (1 switches on core 0)
2026-07-14 00:39:42.887 8 INFO neutron.plugins.ml2.drivers.ovn.mech_driver.mech_driver [None req-44e8db63-3a3b-42b1-afaf-8278fe1cfbc1 - - - - - -] OVN reports status down for port: b6e27b81-ae77-4deb-a86b-c5c097fec1a9 /var/lib/openstack/lib/python3.12/site-packages/pycadf/identifier.py:70: UserWarning: Invalid uuid: neutron. To ensure interoperability, identifiers should be a valid uuid. warnings.warn(('Invalid uuid: %s. To ensure interoperability, '
2026-07-14 00:39:43.268 7 INFO neutron.db.ovn_revision_numbers_db [None req-cdfd5029-5059-4c7c-b7b5-7e5af2553db2 f1cd95796fba4bc1a8159fc7bfcfa847 39d4ad338ccb47198d5b00974e1083f7 - - default default] Successfully bumped revision number for resource 61457965-53e6-42fb-b590-009f5dd6b4dd (type: security_groups) to 1
2026-07-14 00:39:43.279 7 INFO neutron.db.ovn_revision_numbers_db [None req-cdfd5029-5059-4c7c-b7b5-7e5af2553db2 f1cd95796fba4bc1a8159fc7bfcfa847 39d4ad338ccb47198d5b00974e1083f7 - - default default] Successfully bumped revision number for resource 488995ab-75ec-48e7-9023-297bba6d51a5 (type: security_group_rules) to 0
2026-07-14 00:39:43.290 7 INFO neutron.db.ovn_revision_numbers_db [None req-cdfd5029-5059-4c7c-b7b5-7e5af2553db2 f1cd95796fba4bc1a8159fc7bfcfa847 39d4ad338ccb47198d5b00974e1083f7 - - default default] Successfully bumped revision number for resource 566cbd31-d3c6-4bcc-8dd9-9cbbc983d68e (type: security_group_rules) to 0
2026-07-14 00:39:43.308 7 INFO neutron.db.ovn_revision_numbers_db [None req-cdfd5029-5059-4c7c-b7b5-7e5af2553db2 f1cd95796fba4bc1a8159fc7bfcfa847 39d4ad338ccb47198d5b00974e1083f7 - - default default] Successfully bumped revision number for resource c0dae5ab-f0af-48f3-b614-08420b885844 (type: security_group_rules) to 0
2026-07-14 00:39:43.325 7 INFO neutron.db.ovn_revision_numbers_db [None req-cdfd5029-5059-4c7c-b7b5-7e5af2553db2 f1cd95796fba4bc1a8159fc7bfcfa847 39d4ad338ccb47198d5b00974e1083f7 - - default default] Successfully bumped revision number for resource d29cc493-aa2d-46b1-8e4f-07cb3e11643b (type: security_group_rules) to 0 [pid: 8|app: 0|req: 426/868] 10.0.0.145 () {32 vars in 723 bytes} [Tue Jul 14 00:39:42 2026] DELETE /v2.0/routers/325c82b7-eedf-4d7d-8dda-80534f7ea275 => generated 0 bytes in 1031 msecs (HTTP/1.1 204) 2 headers in 112 bytes (1 switches on core 0)
2026-07-14 00:39:43.441 7 INFO neutron.db.segments_db [None req-cdfd5029-5059-4c7c-b7b5-7e5af2553db2 f1cd95796fba4bc1a8159fc7bfcfa847 39d4ad338ccb47198d5b00974e1083f7 - - default default] Added segment 8f86d590-dd6b-4cc9-b51f-9a4f8c3776e5 of type geneve for network 204cfb07-e07c-4397-b89b-750a9192aea1 [pid: 8|app: 0|req: 427/869] 10.0.0.145 () {32 vars in 642 bytes} [Tue Jul 14 00:39:43 2026] GET /v2.0/ports => generated 3018 bytes in 123 msecs (HTTP/1.1 200) 4 headers in 158 bytes (1 switches on core 0)
2026-07-14 00:39:43.560 7 INFO neutron.db.ovn_revision_numbers_db [None req-cdfd5029-5059-4c7c-b7b5-7e5af2553db2 f1cd95796fba4bc1a8159fc7bfcfa847 39d4ad338ccb47198d5b00974e1083f7 - - default default] Successfully bumped revision number for resource 204cfb07-e07c-4397-b89b-750a9192aea1 (type: networks) to 1 [pid: 8|app: 0|req: 428/870] 10.0.0.145 () {32 vars in 723 bytes} [Tue Jul 14 00:39:43 2026] DELETE /v2.0/subnets/cd1ca44d-da35-454b-8675-54249f5c035b => generated 0 bytes in 150 msecs (HTTP/1.1 204) 3 headers in 131 bytes (1 switches on core 0)
2026-07-14 00:39:43.787 7 WARNING neutron.scheduler.dhcp_agent_scheduler [None req-cdfd5029-5059-4c7c-b7b5-7e5af2553db2 f1cd95796fba4bc1a8159fc7bfcfa847 39d4ad338ccb47198d5b00974e1083f7 - - default default] No more DHCP agents
2026-07-14 00:39:43.789 7 WARNING neutron.api.rpc.agentnotifiers.dhcp_rpc_agent_api [None req-cdfd5029-5059-4c7c-b7b5-7e5af2553db2 f1cd95796fba4bc1a8159fc7bfcfa847 39d4ad338ccb47198d5b00974e1083f7 - - default default] Unable to schedule network 204cfb07-e07c-4397-b89b-750a9192aea1: no agents available; will retry on subsequent port and subnet creation events.
2026-07-14 00:39:43.807 8 INFO neutron_taas.services.taas.taas_plugin [None req-2ae25c90-ef4a-4380-bfcf-81403b782489 29c1e3fae16d4086a7f32212da87dcaf aaa99af2b59748be84eb4ac3d3b13c10 - - default default] TaaS: Handle Delete Port: 08653376-266b-4745-a79c-353be41d18bb
2026-07-14 00:39:43.812 8 INFO neutron_taas.services.taas.tap_mirror_plugin [None req-2ae25c90-ef4a-4380-bfcf-81403b782489 29c1e3fae16d4086a7f32212da87dcaf aaa99af2b59748be84eb4ac3d3b13c10 - - default default] Tap Mirror: Handle Delete Port: 08653376-266b-4745-a79c-353be41d18bb
2026-07-14 00:39:43.885 8 INFO neutron.plugins.ml2.drivers.ovn.mech_driver.mech_driver [None req-44e8db63-3a3b-42b1-afaf-8278fe1cfbc1 - - - - - -] OVN reports status down for port: db200095-2a65-4f43-b903-87e7bad11f3d
2026-07-14 00:39:43.889 7 INFO neutron.db.ovn_revision_numbers_db [None req-cdfd5029-5059-4c7c-b7b5-7e5af2553db2 f1cd95796fba4bc1a8159fc7bfcfa847 39d4ad338ccb47198d5b00974e1083f7 - - default default] Successfully bumped revision number for resource db200095-2a65-4f43-b903-87e7bad11f3d (type: ports) to 1 [pid: 7|app: 0|req: 443/871] 10.0.0.145 () {34 vars in 670 bytes} [Tue Jul 14 00:39:42 2026] POST /v2.0/networks => generated 785 bytes in 1057 msecs (HTTP/1.1 201) 4 headers in 162 bytes (1 switches on core 0) [pid: 8|app: 0|req: 429/872] 10.0.0.145 () {32 vars in 719 bytes} [Tue Jul 14 00:39:43 2026] DELETE /v2.0/ports/08653376-266b-4745-a79c-353be41d18bb => generated 0 bytes in 396 msecs (HTTP/1.1 204) 3 headers in 131 bytes (1 switches on core 0)
2026-07-14 00:39:44.071 7 INFO neutron_taas.services.taas.taas_plugin [None req-cc65eb30-2009-4a31-8a2d-fc8a52383bab f1cd95796fba4bc1a8159fc7bfcfa847 39d4ad338ccb47198d5b00974e1083f7 - - default default] TaaS: Handle Delete Port: 1640d13e-1376-465e-9888-4db3f9620676
2026-07-14 00:39:44.074 7 INFO neutron_taas.services.taas.tap_mirror_plugin [None req-cc65eb30-2009-4a31-8a2d-fc8a52383bab f1cd95796fba4bc1a8159fc7bfcfa847 39d4ad338ccb47198d5b00974e1083f7 - - default default] Tap Mirror: Handle Delete Port: 1640d13e-1376-465e-9888-4db3f9620676
2026-07-14 00:39:44.187 8 WARNING neutron.scheduler.dhcp_agent_scheduler [None req-333722e4-5d66-4f74-b5bf-df3df766675c f1cd95796fba4bc1a8159fc7bfcfa847 39d4ad338ccb47198d5b00974e1083f7 - - default default] No more DHCP agents
2026-07-14 00:39:44.188 8 WARNING neutron.api.rpc.agentnotifiers.dhcp_rpc_agent_api [None req-333722e4-5d66-4f74-b5bf-df3df766675c f1cd95796fba4bc1a8159fc7bfcfa847 39d4ad338ccb47198d5b00974e1083f7 - - default default] Unable to schedule network 204cfb07-e07c-4397-b89b-750a9192aea1: no agents available; will retry on subsequent port and subnet creation events.
2026-07-14 00:39:44.251 7 INFO neutron.services.segments.plugin [-] Segment 07a96598-18de-4544-8e2f-de2d191f7175 resource provider aggregate not found
2026-07-14 00:39:44.258 7 INFO neutron.services.segments.plugin [-] Segment 07a96598-18de-4544-8e2f-de2d191f7175 resource provider aggregate not found
2026-07-14 00:39:44.276 7 INFO neutron.services.segments.plugin [-] Client error retrieving segment 07a96598-18de-4544-8e2f-de2d191f7175 resource provider; error: Placement Client Error (4xx): {"errors": [{"status": 404, "title": "Not Found", "detail": "The resource could not be found.\n\n No resource provider with uuid 07a96598-18de-4544-8e2f-de2d191f7175 found for delete ", "request_id": "req-905d8ff5-ad4b-4046-bf06-5f5c2375b613"}]}
2026-07-14 00:39:44.278 7 INFO neutron.services.segments.plugin [-] Client error retrieving segment 07a96598-18de-4544-8e2f-de2d191f7175 resource provider; error: Placement Client Error (4xx): {"errors": [{"status": 404, "title": "Not Found", "detail": "The resource could not be found.\n\n No resource provider with uuid 07a96598-18de-4544-8e2f-de2d191f7175 found for delete ", "request_id": "req-944430be-d4ae-4c8d-ae23-e1c516a80c88"}]} [pid: 7|app: 0|req: 444/873] 10.0.0.145 () {32 vars in 725 bytes} [Tue Jul 14 00:39:43 2026] DELETE /v2.0/networks/2087b68f-bd8b-4f34-a00c-4cd4bc0a82c6 => generated 0 bytes in 391 msecs (HTTP/1.1 204) 3 headers in 131 bytes (1 switches on core 0)
2026-07-14 00:39:44.469 7 INFO neutron_taas.services.taas.taas_plugin [None req-c5f0fce1-7a6a-41e8-b855-cc762d017be3 29c1e3fae16d4086a7f32212da87dcaf aaa99af2b59748be84eb4ac3d3b13c10 - - default default] TaaS: Handle Delete Port: b6e27b81-ae77-4deb-a86b-c5c097fec1a9
2026-07-14 00:39:44.473 7 INFO neutron_taas.services.taas.tap_mirror_plugin [None req-c5f0fce1-7a6a-41e8-b855-cc762d017be3 29c1e3fae16d4086a7f32212da87dcaf aaa99af2b59748be84eb4ac3d3b13c10 - - default default] Tap Mirror: Handle Delete Port: b6e27b81-ae77-4deb-a86b-c5c097fec1a9 [pid: 7|app: 0|req: 445/874] 10.0.0.145 () {32 vars in 719 bytes} [Tue Jul 14 00:39:44 2026] DELETE /v2.0/ports/b6e27b81-ae77-4deb-a86b-c5c097fec1a9 => generated 0 bytes in 301 msecs (HTTP/1.1 204) 3 headers in 131 bytes (1 switches on core 0)
2026-07-14 00:39:44.618 7 WARNING neutron.db.securitygroups_db [None req-3d49a7a6-a16b-4469-a956-72c4be1c5cdd f1cd95796fba4bc1a8159fc7bfcfa847 39d4ad338ccb47198d5b00974e1083f7 - - default default] project_id key not found in filters, using tenant_id instead. This support has been deprecated and will be removed in a future release. [pid: 7|app: 0|req: 446/875] 10.0.0.145 () {32 vars in 773 bytes} [Tue Jul 14 00:39:44 2026] GET /v2.0/security-groups?tenant_id=08abece0137845b3a29aba8db6a50199&name=default => generated 2921 bytes in 41 msecs (HTTP/1.1 200) 4 headers in 158 bytes (1 switches on core 0)
2026-07-14 00:39:44.670 7 WARNING neutron.plugins.ml2.drivers.ovn.mech_driver.ovsdb.ovn_client [None req-a5055794-f173-445f-8946-a765b090113d - - - - - -] No hosting information found for port 5252cd64-941d-4732-8ff6-350545114320: RuntimeError: No hosting information found for port 5252cd64-941d-4732-8ff6-350545114320
2026-07-14 00:39:44.732 8 INFO neutron.db.ovn_revision_numbers_db [None req-333722e4-5d66-4f74-b5bf-df3df766675c f1cd95796fba4bc1a8159fc7bfcfa847 39d4ad338ccb47198d5b00974e1083f7 - - default default] Successfully bumped revision number for resource db200095-2a65-4f43-b903-87e7bad11f3d (type: ports) to 2 [pid: 7|app: 0|req: 447/876] 10.0.0.145 () {32 vars in 642 bytes} [Tue Jul 14 00:39:44 2026] GET /v2.0/ports => generated 1523 bytes in 108 msecs (HTTP/1.1 200) 4 headers in 158 bytes (1 switches on core 0)
2026-07-14 00:39:44.775 8 INFO neutron.db.ovn_revision_numbers_db [None req-333722e4-5d66-4f74-b5bf-df3df766675c f1cd95796fba4bc1a8159fc7bfcfa847 39d4ad338ccb47198d5b00974e1083f7 - - default default] Successfully bumped revision number for resource 05ba914f-03bb-4743-a647-128c73017ab2 (type: subnets) to 0 [pid: 8|app: 0|req: 430/877] 10.0.0.145 () {34 vars in 668 bytes} [Tue Jul 14 00:39:44 2026] POST /v2.0/subnets => generated 691 bytes in 745 msecs (HTTP/1.1 201) 4 headers in 162 bytes (1 switches on core 0)
2026-07-14 00:39:44.893 7 INFO neutron.db.ovn_revision_numbers_db [None req-a5055794-f173-445f-8946-a765b090113d - - - - - -] Successfully bumped revision number for resource 5252cd64-941d-4732-8ff6-350545114320 (type: router_ports) to 2
2026-07-14 00:39:44.910 8 INFO neutron.db.segments_db [None req-f55e247a-5fc1-4dcb-93dc-5e993b25e3c6 29c1e3fae16d4086a7f32212da87dcaf aaa99af2b59748be84eb4ac3d3b13c10 - - default default] Added segment 1bc62acf-9308-45c5-81c1-f9bbb0355efa of type geneve for network d28b69b4-8dec-4b14-a43e-5244d7fba72d
2026-07-14 00:39:44.967 7 INFO neutron.plugins.ml2.drivers.ovn.mech_driver.mech_driver [None req-a5055794-f173-445f-8946-a765b090113d - - - - - -] OVN reports status down for port: e025b1b0-90cb-446b-bde9-25606bbb3e8d
2026-07-14 00:39:45.074 8 INFO neutron.db.ovn_revision_numbers_db [None req-f55e247a-5fc1-4dcb-93dc-5e993b25e3c6 29c1e3fae16d4086a7f32212da87dcaf aaa99af2b59748be84eb4ac3d3b13c10 - - default default] Successfully bumped revision number for resource d28b69b4-8dec-4b14-a43e-5244d7fba72d (type: networks) to 1 [pid: 7|app: 0|req: 448/878] 10.0.0.145 () {32 vars in 739 bytes} [Tue Jul 14 00:39:44 2026] DELETE /v2.0/security-groups/332e9194-1b0a-4977-9e94-eccab3d4bcc9 => generated 0 bytes in 312 msecs (HTTP/1.1 204) 2 headers in 112 bytes (1 switches on core 0)
2026-07-14 00:39:45.241 8 WARNING neutron.scheduler.dhcp_agent_scheduler [None req-f55e247a-5fc1-4dcb-93dc-5e993b25e3c6 29c1e3fae16d4086a7f32212da87dcaf aaa99af2b59748be84eb4ac3d3b13c10 - - default default] No more DHCP agents
2026-07-14 00:39:45.242 8 WARNING neutron.api.rpc.agentnotifiers.dhcp_rpc_agent_api [None req-f55e247a-5fc1-4dcb-93dc-5e993b25e3c6 29c1e3fae16d4086a7f32212da87dcaf aaa99af2b59748be84eb4ac3d3b13c10 - - default default] Unable to schedule network d28b69b4-8dec-4b14-a43e-5244d7fba72d: no agents available; will retry on subsequent port and subnet creation events.
2026-07-14 00:39:45.301 7 INFO neutron.plugins.ml2.drivers.ovn.mech_driver.mech_driver [None req-a5055794-f173-445f-8946-a765b090113d - - - - - -] OVN reports status down for port: f90c6a0b-1bff-489c-a781-8c623ee95787
2026-07-14 00:39:45.331 8 INFO neutron.db.ovn_revision_numbers_db [None req-f55e247a-5fc1-4dcb-93dc-5e993b25e3c6 29c1e3fae16d4086a7f32212da87dcaf aaa99af2b59748be84eb4ac3d3b13c10 - - default default] Successfully bumped revision number for resource f90c6a0b-1bff-489c-a781-8c623ee95787 (type: ports) to 1 [pid: 8|app: 0|req: 431/879] 10.0.0.145 () {34 vars in 669 bytes} [Tue Jul 14 00:39:44 2026] POST /v2.0/networks => generated 687 bytes in 556 msecs (HTTP/1.1 201) 4 headers in 162 bytes (1 switches on core 0)
2026-07-14 00:39:45.451 8 INFO neutron.db.segments_db [None req-710786b8-3d3a-4db1-9ee3-ca991cc77839 29c1e3fae16d4086a7f32212da87dcaf aaa99af2b59748be84eb4ac3d3b13c10 - - default default] Added segment de08cd47-ddf0-473e-9452-f07903d01312 of type geneve for network 76cb4a16-f458-4a32-bc77-8b00cce098b1
2026-07-14 00:39:45.578 8 INFO neutron.db.ovn_revision_numbers_db [None req-710786b8-3d3a-4db1-9ee3-ca991cc77839 29c1e3fae16d4086a7f32212da87dcaf aaa99af2b59748be84eb4ac3d3b13c10 - - default default] Successfully bumped revision number for resource 76cb4a16-f458-4a32-bc77-8b00cce098b1 (type: networks) to 1
2026-07-14 00:39:45.605 7 WARNING neutron.scheduler.dhcp_agent_scheduler [None req-22f534a5-7a05-4637-9a6a-1aeac69e962a f1cd95796fba4bc1a8159fc7bfcfa847 39d4ad338ccb47198d5b00974e1083f7 - - default default] No more DHCP agents
2026-07-14 00:39:45.606 7 WARNING neutron.api.rpc.agentnotifiers.dhcp_rpc_agent_api [None req-22f534a5-7a05-4637-9a6a-1aeac69e962a f1cd95796fba4bc1a8159fc7bfcfa847 39d4ad338ccb47198d5b00974e1083f7 - - default default] Unable to schedule network 7225c6d6-a29f-4b6b-aed9-0ae0301300c3: no agents available; will retry on subsequent port and subnet creation events.
2026-07-14 00:39:45.754 8 INFO neutron.plugins.ml2.drivers.ovn.mech_driver.mech_driver [None req-44e8db63-3a3b-42b1-afaf-8278fe1cfbc1 - - - - - -] OVN reports status down for port: d8dcc02c-f9b7-4d7e-b7c3-a5e5d160804f
2026-07-14 00:39:45.806 8 WARNING neutron.scheduler.dhcp_agent_scheduler [None req-710786b8-3d3a-4db1-9ee3-ca991cc77839 29c1e3fae16d4086a7f32212da87dcaf aaa99af2b59748be84eb4ac3d3b13c10 - - default default] No more DHCP agents
2026-07-14 00:39:45.811 7 INFO neutron.db.ovn_revision_numbers_db [None req-22f534a5-7a05-4637-9a6a-1aeac69e962a f1cd95796fba4bc1a8159fc7bfcfa847 39d4ad338ccb47198d5b00974e1083f7 - - default default] Successfully bumped revision number for resource d8dcc02c-f9b7-4d7e-b7c3-a5e5d160804f (type: ports) to 1
2026-07-14 00:39:45.812 8 WARNING neutron.api.rpc.agentnotifiers.dhcp_rpc_agent_api [None req-710786b8-3d3a-4db1-9ee3-ca991cc77839 29c1e3fae16d4086a7f32212da87dcaf aaa99af2b59748be84eb4ac3d3b13c10 - - default default] Unable to schedule network 76cb4a16-f458-4a32-bc77-8b00cce098b1: no agents available; will retry on subsequent port and subnet creation events.
2026-07-14 00:39:45.877 8 INFO neutron.plugins.ml2.drivers.ovn.mech_driver.mech_driver [None req-44e8db63-3a3b-42b1-afaf-8278fe1cfbc1 - - - - - -] OVN reports status down for port: b5bffc89-68fe-45b9-8bb8-d87bbfd51781
2026-07-14 00:39:45.943 8 INFO neutron.db.ovn_revision_numbers_db [None req-710786b8-3d3a-4db1-9ee3-ca991cc77839 29c1e3fae16d4086a7f32212da87dcaf aaa99af2b59748be84eb4ac3d3b13c10 - - default default] Successfully bumped revision number for resource b5bffc89-68fe-45b9-8bb8-d87bbfd51781 (type: ports) to 1 [pid: 8|app: 0|req: 432/880] 10.0.0.145 () {34 vars in 669 bytes} [Tue Jul 14 00:39:45 2026] POST /v2.0/networks => generated 687 bytes in 636 msecs (HTTP/1.1 201) 4 headers in 162 bytes (1 switches on core 0)
2026-07-14 00:39:46.301 8 WARNING neutron.scheduler.dhcp_agent_scheduler [None req-b81ffe75-cee9-4d3e-ad67-98cbe1eb172b 29c1e3fae16d4086a7f32212da87dcaf aaa99af2b59748be84eb4ac3d3b13c10 - - default default] No more DHCP agents
2026-07-14 00:39:46.303 8 WARNING neutron.api.rpc.agentnotifiers.dhcp_rpc_agent_api [None req-b81ffe75-cee9-4d3e-ad67-98cbe1eb172b 29c1e3fae16d4086a7f32212da87dcaf aaa99af2b59748be84eb4ac3d3b13c10 - - default default] Unable to schedule network d28b69b4-8dec-4b14-a43e-5244d7fba72d: no agents available; will retry on subsequent port and subnet creation events.
2026-07-14 00:39:46.417 8 INFO neutron.plugins.ml2.drivers.ovn.mech_driver.ovsdb.ovsdb_monitor [None req-67b2201c-e0af-4191-9238-1abc965dff90 - - - - - -] Router 440e7564-b425-4aa6-b625-05e76a55d813 is bound to host instance
2026-07-14 00:39:46.442 7 INFO neutron.db.ovn_revision_numbers_db [None req-22f534a5-7a05-4637-9a6a-1aeac69e962a f1cd95796fba4bc1a8159fc7bfcfa847 39d4ad338ccb47198d5b00974e1083f7 - - default default] Successfully bumped revision number for resource d8dcc02c-f9b7-4d7e-b7c3-a5e5d160804f (type: router_ports) to 1
2026-07-14 00:39:46.477 8 INFO neutron.plugins.ml2.drivers.ovn.mech_driver.mech_driver [None req-44e8db63-3a3b-42b1-afaf-8278fe1cfbc1 - - - - - -] OVN reports status up for port: d8dcc02c-f9b7-4d7e-b7c3-a5e5d160804f
2026-07-14 00:39:46.515 8 INFO neutron.plugins.ml2.plugin [None req-44e8db63-3a3b-42b1-afaf-8278fe1cfbc1 - - - - - -] Attempt 1 to provision port d8dcc02c-f9b7-4d7e-b7c3-a5e5d160804f
2026-07-14 00:39:46.530 7 INFO neutron.db.ovn_revision_numbers_db [None req-22f534a5-7a05-4637-9a6a-1aeac69e962a f1cd95796fba4bc1a8159fc7bfcfa847 39d4ad338ccb47198d5b00974e1083f7 - - default default] Successfully bumped revision number for resource 440e7564-b425-4aa6-b625-05e76a55d813 (type: routers) to 2 [pid: 7|app: 0|req: 449/881] 10.0.0.145 () {34 vars in 668 bytes} [Tue Jul 14 00:39:45 2026] POST /v2.0/routers => generated 990 bytes in 1468 msecs (HTTP/1.1 201) 4 headers in 162 bytes (1 switches on core 0)
2026-07-14 00:39:47.011 7 WARNING neutron.scheduler.dhcp_agent_scheduler [None req-168ee853-9d12-460b-9431-7555c71b12d3 f1cd95796fba4bc1a8159fc7bfcfa847 39d4ad338ccb47198d5b00974e1083f7 - - default default] No more DHCP agents
2026-07-14 00:39:47.012 7 WARNING neutron.api.rpc.agentnotifiers.dhcp_rpc_agent_api [None req-168ee853-9d12-460b-9431-7555c71b12d3 f1cd95796fba4bc1a8159fc7bfcfa847 39d4ad338ccb47198d5b00974e1083f7 - - default default] Unable to schedule network 204cfb07-e07c-4397-b89b-750a9192aea1: no agents available; will retry on subsequent port and subnet creation events.
2026-07-14 00:39:47.153 7 INFO neutron.db.ovn_revision_numbers_db [None req-168ee853-9d12-460b-9431-7555c71b12d3 f1cd95796fba4bc1a8159fc7bfcfa847 39d4ad338ccb47198d5b00974e1083f7 - - default default] Successfully bumped revision number for resource a5b9eb6a-df52-4ddd-ad65-bf66f42cbf7e (type: ports) to 1
2026-07-14 00:39:47.343 8 INFO neutron.db.ovn_revision_numbers_db [None req-b81ffe75-cee9-4d3e-ad67-98cbe1eb172b 29c1e3fae16d4086a7f32212da87dcaf aaa99af2b59748be84eb4ac3d3b13c10 - - default default] Successfully bumped revision number for resource f90c6a0b-1bff-489c-a781-8c623ee95787 (type: ports) to 2
2026-07-14 00:39:47.412 8 INFO neutron.db.ovn_revision_numbers_db [None req-b81ffe75-cee9-4d3e-ad67-98cbe1eb172b 29c1e3fae16d4086a7f32212da87dcaf aaa99af2b59748be84eb4ac3d3b13c10 - - default default] Successfully bumped revision number for resource 7a2d45bd-71cb-424b-8026-16364448ffc6 (type: subnets) to 0
2026-07-14 00:39:47.762 7 WARNING neutron.scheduler.dhcp_agent_scheduler [None req-168ee853-9d12-460b-9431-7555c71b12d3 f1cd95796fba4bc1a8159fc7bfcfa847 39d4ad338ccb47198d5b00974e1083f7 - - default default] No more DHCP agents
2026-07-14 00:39:47.763 7 WARNING neutron.api.rpc.agentnotifiers.dhcp_rpc_agent_api [None req-168ee853-9d12-460b-9431-7555c71b12d3 f1cd95796fba4bc1a8159fc7bfcfa847 39d4ad338ccb47198d5b00974e1083f7 - - default default] Unable to schedule network 204cfb07-e07c-4397-b89b-750a9192aea1: no agents available; will retry on subsequent port and subnet creation events.
2026-07-14 00:39:47.911 8 WARNING neutron.scheduler.dhcp_agent_scheduler [None req-b81ffe75-cee9-4d3e-ad67-98cbe1eb172b 29c1e3fae16d4086a7f32212da87dcaf aaa99af2b59748be84eb4ac3d3b13c10 - - default default] No more DHCP agents
2026-07-14 00:39:47.914 8 WARNING neutron.api.rpc.agentnotifiers.dhcp_rpc_agent_api [None req-b81ffe75-cee9-4d3e-ad67-98cbe1eb172b 29c1e3fae16d4086a7f32212da87dcaf aaa99af2b59748be84eb4ac3d3b13c10 - - default default] Unable to schedule network 76cb4a16-f458-4a32-bc77-8b00cce098b1: no agents available; will retry on subsequent port and subnet creation events.
2026-07-14 00:39:48.147 7 INFO neutron.db.ovn_revision_numbers_db [None req-168ee853-9d12-460b-9431-7555c71b12d3 f1cd95796fba4bc1a8159fc7bfcfa847 39d4ad338ccb47198d5b00974e1083f7 - - default default] Successfully bumped revision number for resource a5b9eb6a-df52-4ddd-ad65-bf66f42cbf7e (type: router_ports) to 1 [pid: 7|app: 0|req: 450/882] 10.0.0.145 () {34 vars in 782 bytes} [Tue Jul 14 00:39:46 2026] PUT /v2.0/routers/440e7564-b425-4aa6-b625-05e76a55d813/add_router_interface => generated 310 bytes in 1605 msecs (HTTP/1.1 200) 4 headers in 157 bytes (1 switches on core 0)
2026-07-14 00:39:48.164 7 WARNING neutron.db.securitygroups_db [req-8233498b-880a-41af-8bc1-eebe621cd1cc req-c252df88-fd9f-4173-b410-e531dce32cf8 dfda9305c24241c586838a623c5b68e2 d749f09667c74b3a9c2abb7b3724053e - - default default] project_id key not found in filters, using tenant_id instead. This support has been deprecated and will be removed in a future release.
2026-07-14 00:39:48.167 7 INFO neutron.common.ovn.utils [None req-a5055794-f173-445f-8946-a765b090113d - - - - - -] HA Chassis Group neutron-204cfb07-e07c-4397-b89b-750a9192aea1 synchronized; highest priority chassis 5fb6c8e5-e442-4f33-8626-5b3786750d4e [pid: 7|app: 0|req: 451/883] 10.0.0.143 () {34 vars in 1097 bytes} [Tue Jul 14 00:39:48 2026] GET /v2.0/security-groups?name=tempest-securitygroup--664106257&fields=id&tenant_id=d749f09667c74b3a9c2abb7b3724053e => generated 69 bytes in 53 msecs (HTTP/1.1 200) 4 headers in 156 bytes (1 switches on core 0) [pid: 7|app: 0|req: 452/884] 10.0.0.143 () {34 vars in 981 bytes} [Tue Jul 14 00:39:48 2026] GET /v2.0/networks?id=a7b8d4f9-42e6-4a46-8b5e-8696eb275b0f => generated 718 bytes in 48 msecs (HTTP/1.1 200) 4 headers in 157 bytes (1 switches on core 0) [pid: 7|app: 0|req: 453/885] 10.0.0.143 () {34 vars in 964 bytes} [Tue Jul 14 00:39:48 2026] GET /v2.0/quotas/d749f09667c74b3a9c2abb7b3724053e => generated 312 bytes in 13 msecs (HTTP/1.1 200) 4 headers in 157 bytes (1 switches on core 0) [pid: 7|app: 0|req: 454/886] 10.0.0.143 () {34 vars in 1001 bytes} [Tue Jul 14 00:39:48 2026] GET /v2.0/ports?tenant_id=d749f09667c74b3a9c2abb7b3724053e&fields=id => generated 103 bytes in 74 msecs (HTTP/1.1 200) 4 headers in 157 bytes (1 switches on core 0) [pid: 7|app: 0|req: 455/887] 10.0.0.143 () {34 vars in 1007 bytes} [Tue Jul 14 00:39:48 2026] GET /v2.0/networks/a7b8d4f9-42e6-4a46-8b5e-8696eb275b0f?fields=segments => generated 14 bytes in 56 msecs (HTTP/1.1 200) 4 headers in 156 bytes (1 switches on core 0) [pid: 7|app: 0|req: 456/888] 10.0.0.143 () {34 vars in 1107 bytes} [Tue Jul 14 00:39:48 2026] GET /v2.0/networks/a7b8d4f9-42e6-4a46-8b5e-8696eb275b0f?fields=provider%3Aphysical_network&fields=provider%3Anetwork_type => generated 79 bytes in 45 msecs (HTTP/1.1 200) 4 headers in 156 bytes (1 switches on core 0)
2026-07-14 00:39:48.682 8 INFO neutron.db.ovn_revision_numbers_db [None req-29e35df3-ee29-45a3-bb70-91b77010fddc - - - - - -] Successfully bumped revision number for resource d8dcc02c-f9b7-4d7e-b7c3-a5e5d160804f (type: ports) to 4 [pid: 7|app: 0|req: 457/889] 10.0.0.143 () {34 vars in 1069 bytes} [Tue Jul 14 00:39:48 2026] GET /v2.0/ports?fields=security_groups&fields=device_id&device_id=7e9bafd9-25c3-4277-b91f-4e7cdae20a4c => generated 12 bytes in 33 msecs (HTTP/1.1 200) 4 headers in 156 bytes (1 switches on core 0)
2026-07-14 00:39:48.951 8 INFO neutron.db.ovn_revision_numbers_db [None req-b81ffe75-cee9-4d3e-ad67-98cbe1eb172b 29c1e3fae16d4086a7f32212da87dcaf aaa99af2b59748be84eb4ac3d3b13c10 - - default default] Successfully bumped revision number for resource b5bffc89-68fe-45b9-8bb8-d87bbfd51781 (type: ports) to 2
2026-07-14 00:39:49.018 7 INFO neutron.db.ovn_revision_numbers_db [None req-64c27a56-80c2-4142-bf0a-4bbbe904fe20 b6339f783865493d8c5e1207e99a5ac8 891b5c7f933b4a4482acf2267a81b31f - - default default] Successfully bumped revision number for resource 2ae746ed-c1bb-4b3f-bb52-072571517c97 (type: security_groups) to 1
2026-07-14 00:39:49.036 7 INFO neutron.db.ovn_revision_numbers_db [None req-64c27a56-80c2-4142-bf0a-4bbbe904fe20 b6339f783865493d8c5e1207e99a5ac8 891b5c7f933b4a4482acf2267a81b31f - - default default] Successfully bumped revision number for resource 2276bc8d-ea5f-449a-84ab-563e5c327320 (type: security_group_rules) to 0
2026-07-14 00:39:49.041 8 INFO neutron.db.ovn_revision_numbers_db [None req-b81ffe75-cee9-4d3e-ad67-98cbe1eb172b 29c1e3fae16d4086a7f32212da87dcaf aaa99af2b59748be84eb4ac3d3b13c10 - - default default] Successfully bumped revision number for resource a2fb3d04-3a50-496f-ad64-0a9d01670a75 (type: subnets) to 0
2026-07-14 00:39:49.049 7 INFO neutron.db.ovn_revision_numbers_db [None req-64c27a56-80c2-4142-bf0a-4bbbe904fe20 b6339f783865493d8c5e1207e99a5ac8 891b5c7f933b4a4482acf2267a81b31f - - default default] Successfully bumped revision number for resource f1c0d8e5-6405-4488-95e2-033a3a786f42 (type: security_group_rules) to 0 [pid: 8|app: 0|req: 433/890] 10.0.0.145 () {34 vars in 668 bytes} [Tue Jul 14 00:39:46 2026] POST /v2.0/subnets => generated 1272 bytes in 3037 msecs (HTTP/1.1 201) 4 headers in 163 bytes (1 switches on core 0) [pid: 7|app: 0|req: 458/891] 10.0.0.145 () {34 vars in 684 bytes} [Tue Jul 14 00:39:48 2026] POST /v2.0/security-groups => generated 1661 bytes in 210 msecs (HTTP/1.1 201) 4 headers in 163 bytes (1 switches on core 0) [pid: 8|app: 0|req: 434/892] 10.0.0.145 () {32 vars in 646 bytes} [Tue Jul 14 00:39:49 2026] GET /v2.0/subnets => generated 1908 bytes in 96 msecs (HTTP/1.1 200) 4 headers in 158 bytes (1 switches on core 0)
2026-07-14 00:39:49.174 8 INFO neutron.plugins.ml2.drivers.ovn.mech_driver.mech_driver [None req-44e8db63-3a3b-42b1-afaf-8278fe1cfbc1 - - - - - -] OVN reports status down for port: a5b9eb6a-df52-4ddd-ad65-bf66f42cbf7e
2026-07-14 00:39:49.210 7 INFO neutron.db.ovn_revision_numbers_db [None req-128c39d0-3ba7-4ee9-8ad3-c4d32fe1b418 b6339f783865493d8c5e1207e99a5ac8 891b5c7f933b4a4482acf2267a81b31f - - default default] Successfully bumped revision number for resource bc1bf5b9-ff3a-472d-96e3-6de4d5c09007 (type: security_group_rules) to 0 [pid: 7|app: 0|req: 459/893] 10.0.0.145 () {34 vars in 694 bytes} [Tue Jul 14 00:39:49 2026] POST /v2.0/security-group-rules => generated 597 bytes in 163 msecs (HTTP/1.1 201) 4 headers in 162 bytes (1 switches on core 0)
2026-07-14 00:39:49.367 7 INFO neutron.db.ovn_revision_numbers_db [None req-eb2c9729-d780-4c21-a233-4ba820cebe92 b6339f783865493d8c5e1207e99a5ac8 891b5c7f933b4a4482acf2267a81b31f - - default default] Successfully bumped revision number for resource 86762c23-4c0c-414c-9d95-3e606702781b (type: security_group_rules) to 0
2026-07-14 00:39:49.386 8 WARNING neutron.plugins.ml2.drivers.ovn.mech_driver.ovsdb.ovn_client [None req-44e8db63-3a3b-42b1-afaf-8278fe1cfbc1 - - - - - -] Logical_Switch_Port a5b9eb6a-df52-4ddd-ad65-bf66f42cbf7e host information not removed, the port state is up
2026-07-14 00:39:49.387 8 INFO neutron.plugins.ml2.drivers.ovn.mech_driver.mech_driver [None req-44e8db63-3a3b-42b1-afaf-8278fe1cfbc1 - - - - - -] OVN reports status up for port: a5b9eb6a-df52-4ddd-ad65-bf66f42cbf7e [pid: 7|app: 0|req: 460/894] 10.0.0.145 () {34 vars in 694 bytes} [Tue Jul 14 00:39:49 2026] POST /v2.0/security-group-rules => generated 602 bytes in 142 msecs (HTTP/1.1 201) 4 headers in 162 bytes (1 switches on core 0)
2026-07-14 00:39:49.422 8 INFO neutron.plugins.ml2.plugin [None req-44e8db63-3a3b-42b1-afaf-8278fe1cfbc1 - - - - - -] Attempt 1 to provision port a5b9eb6a-df52-4ddd-ad65-bf66f42cbf7e
2026-07-14 00:39:49.524 8 INFO neutron.db.ovn_revision_numbers_db [None req-29e35df3-ee29-45a3-bb70-91b77010fddc - - - - - -] Successfully bumped revision number for resource d8dcc02c-f9b7-4d7e-b7c3-a5e5d160804f (type: ports) to 5
2026-07-14 00:39:49.664 7 WARNING neutron.scheduler.dhcp_agent_scheduler [None req-813b59b0-f124-4f36-8246-f8fd714460d2 b6339f783865493d8c5e1207e99a5ac8 891b5c7f933b4a4482acf2267a81b31f - - default default] No more DHCP agents
2026-07-14 00:39:49.665 7 WARNING neutron.api.rpc.agentnotifiers.dhcp_rpc_agent_api [None req-813b59b0-f124-4f36-8246-f8fd714460d2 b6339f783865493d8c5e1207e99a5ac8 891b5c7f933b4a4482acf2267a81b31f - - default default] Unable to schedule network 7225c6d6-a29f-4b6b-aed9-0ae0301300c3: no agents available; will retry on subsequent port and subnet creation events. [pid: 8|app: 0|req: 435/895] 10.0.0.145 () {32 vars in 723 bytes} [Tue Jul 14 00:39:49 2026] DELETE /v2.0/subnets/7a2d45bd-71cb-424b-8026-16364448ffc6 => generated 0 bytes in 548 msecs (HTTP/1.1 204) 3 headers in 131 bytes (1 switches on core 0)
2026-07-14 00:39:49.931 8 WARNING neutron.db.securitygroups_db [None req-6b013db2-4800-4132-bba8-54d8f9f83a9a f1cd95796fba4bc1a8159fc7bfcfa847 39d4ad338ccb47198d5b00974e1083f7 - - default default] project_id key not found in filters, using tenant_id instead. This support has been deprecated and will be removed in a future release. [pid: 7|app: 0|req: 461/896] 10.0.0.145 () {34 vars in 675 bytes} [Tue Jul 14 00:39:49 2026] POST /v2.0/floatingips => generated 552 bytes in 623 msecs (HTTP/1.1 201) 4 headers in 162 bytes (1 switches on core 0)
2026-07-14 00:39:50.170 8 INFO neutron.db.ovn_revision_numbers_db [None req-44e8db63-3a3b-42b1-afaf-8278fe1cfbc1 - - - - - -] Successfully bumped revision number for resource a5b9eb6a-df52-4ddd-ad65-bf66f42cbf7e (type: ports) to 2
