2026-07-14 00:41:11.043 7 INFO neutron.db.securitygroups_db [None req-98dcc151-bbd1-49bc-ac6b-964ea6814559 3e92e57ca9824684928c050e636dd200 7eccf995a099440fa4618eca6141e20c - - default default] Project 7eccf995a099440fa4618eca6141e20c added a security group rule with legacy IPv6 ICMP protocol name icmp, ipv6-icmp should be used instead. It was automatically converted. [pid: 8|app: 0|req: 803/1492] 199.204.45.115 () {34 vars in 1111 bytes} [Tue Jul 14 00:41:11 2026] GET /v2.0/networks/9192c01d-4f60-446e-aa6c-4adf559e9566?fields=provider%3Aphysical_network&fields=provider%3Anetwork_type => generated 79 bytes in 31 msecs (HTTP/1.1 200) 4 headers in 156 bytes (1 switches on core 0) [pid: 8|app: 0|req: 804/1493] 10.0.0.145 () {32 vars in 735 bytes} [Tue Jul 14 00:41:11 2026] GET /v2.0/ports?device_id=bb1104d6-b3c9-4f5a-8fb1-b4d7ca78ad5f => generated 12 bytes in 15 msecs (HTTP/1.1 200) 4 headers in 156 bytes (1 switches on core 0)
2026-07-14 00:41:11.116 8 INFO neutron.api.v2.resource [None req-0836c961-7d0b-4b6c-8c63-055401f84d4b 9a49ae5d9f5247fba69444be58ec6b36 f997fb7842f543358154b287c875d24d - - default default] delete failed (client error): The resource could not be found. [pid: 8|app: 0|req: 807/1496] 10.0.0.145 () {32 vars in 723 bytes} [Tue Jul 14 00:41:11 2026] DELETE /v2.0/routers/bb1104d6-b3c9-4f5a-8fb1-b4d7ca78ad5f => generated 135 bytes in 23 msecs (HTTP/1.1 404) 4 headers in 164 bytes (1 switches on core 0)
2026-07-14 00:41:11.133 8 INFO neutron.pecan_wsgi.hooks.translation [None req-8b6d4843-14f0-43a4-9e10-808373195b7f 9a49ae5d9f5247fba69444be58ec6b36 f997fb7842f543358154b287c875d24d - - default default] DELETE failed (client error): The resource could not be found. [pid: 8|app: 0|req: 808/1497] 10.0.0.145 () {32 vars in 723 bytes} [Tue Jul 14 00:41:11 2026] DELETE /v2.0/subnets/905042dc-99f5-4b13-9cb6-fd83164d3271 => generated 136 bytes in 15 msecs (HTTP/1.1 404) 4 headers in 164 bytes (1 switches on core 0)
2026-07-14 00:41:11.168 7 INFO neutron.db.ovn_revision_numbers_db [None req-98dcc151-bbd1-49bc-ac6b-964ea6814559 3e92e57ca9824684928c050e636dd200 7eccf995a099440fa4618eca6141e20c - - default default] Successfully bumped revision number for resource 59f10a55-e684-4950-a4f6-6061ccada7a1 (type: security_group_rules) to 0 [pid: 8|app: 0|req: 809/1498] 10.0.0.143 () {34 vars in 1069 bytes} [Tue Jul 14 00:41:11 2026] GET /v2.0/ports?fields=security_groups&fields=device_id&device_id=2a346ae5-8083-4b33-a7df-7450ed5504ba => generated 123 bytes in 58 msecs (HTTP/1.1 200) 4 headers in 157 bytes (1 switches on core 0) [pid: 7|app: 0|req: 690/1499] 10.0.0.145 () {34 vars in 694 bytes} [Tue Jul 14 00:41:11 2026] POST /v2.0/security-group-rules => generated 606 bytes in 192 msecs (HTTP/1.1 201) 4 headers in 162 bytes (1 switches on core 0) [pid: 8|app: 0|req: 810/1500] 10.0.0.145 () {32 vars in 735 bytes} [Tue Jul 14 00:41:11 2026] GET /v2.0/ports?device_id=355e0086-c565-448d-9a1f-93948472a53a => generated 12 bytes in 19 msecs (HTTP/1.1 200) 4 headers in 156 bytes (1 switches on core 0) [pid: 7|app: 0|req: 691/1501] 10.0.0.143 () {34 vars in 1039 bytes} [Tue Jul 14 00:41:11 2026] GET /v2.0/security-groups?id=ce729c89-e532-4fb8-b802-fd8988af4290&fields=id&fields=name => generated 88 bytes in 29 msecs (HTTP/1.1 200) 4 headers in 156 bytes (1 switches on core 0)
2026-07-14 00:41:11.237 8 INFO neutron.api.v2.resource [None req-13a9398f-c650-45ca-935a-6d77b2e8b858 9a49ae5d9f5247fba69444be58ec6b36 f997fb7842f543358154b287c875d24d - - default default] delete failed (client error): The resource could not be found. [pid: 8|app: 0|req: 811/1502] 10.0.0.145 () {32 vars in 723 bytes} [Tue Jul 14 00:41:11 2026] DELETE /v2.0/routers/355e0086-c565-448d-9a1f-93948472a53a => generated 135 bytes in 19 msecs (HTTP/1.1 404) 4 headers in 164 bytes (1 switches on core 0)
2026-07-14 00:41:11.257 7 INFO neutron.pecan_wsgi.hooks.translation [None req-08bb5300-fa46-4828-a622-0c6abd6773ec 9a49ae5d9f5247fba69444be58ec6b36 f997fb7842f543358154b287c875d24d - - default default] DELETE failed (client error): The resource could not be found. [pid: 7|app: 0|req: 692/1503] 10.0.0.145 () {32 vars in 723 bytes} [Tue Jul 14 00:41:11 2026] DELETE /v2.0/subnets/01d60a0a-ba63-4feb-b2af-477b06e84492 => generated 136 bytes in 19 msecs (HTTP/1.1 404) 4 headers in 164 bytes (1 switches on core 0) [pid: 8|app: 0|req: 812/1504] 10.0.0.145 () {32 vars in 735 bytes} [Tue Jul 14 00:41:11 2026] GET /v2.0/ports?device_id=00bfcc39-1097-4436-a926-8af02865a67d => generated 12 bytes in 19 msecs (HTTP/1.1 200) 4 headers in 156 bytes (1 switches on core 0)
2026-07-14 00:41:11.307 7 INFO neutron.api.v2.resource [None req-cf763d1c-b16f-42dc-b3e1-7ac925f942c4 9a49ae5d9f5247fba69444be58ec6b36 f997fb7842f543358154b287c875d24d - - default default] delete failed (client error): The resource could not be found. [pid: 7|app: 0|req: 693/1505] 10.0.0.145 () {32 vars in 723 bytes} [Tue Jul 14 00:41:11 2026] DELETE /v2.0/routers/00bfcc39-1097-4436-a926-8af02865a67d => generated 135 bytes in 22 msecs (HTTP/1.1 404) 4 headers in 164 bytes (1 switches on core 0)
2026-07-14 00:41:11.329 8 INFO neutron.pecan_wsgi.hooks.translation [None req-beae1bfa-1100-43b5-a0d7-ba9b72394848 9a49ae5d9f5247fba69444be58ec6b36 f997fb7842f543358154b287c875d24d - - default default] DELETE failed (client error): The resource could not be found. [pid: 8|app: 0|req: 813/1506] 10.0.0.145 () {32 vars in 723 bytes} [Tue Jul 14 00:41:11 2026] DELETE /v2.0/subnets/c100c1f4-37f0-4c08-bf9c-567b5ab8c323 => generated 136 bytes in 20 msecs (HTTP/1.1 404) 4 headers in 164 bytes (1 switches on core 0)
2026-07-14 00:41:11.353 7 INFO neutron.pecan_wsgi.hooks.translation [None req-bf7401ec-0f4c-47ac-85f0-b49aa85a6254 9a49ae5d9f5247fba69444be58ec6b36 f997fb7842f543358154b287c875d24d - - default default] DELETE failed (client error): The resource could not be found. [pid: 7|app: 0|req: 694/1507] 10.0.0.145 () {32 vars in 723 bytes} [Tue Jul 14 00:41:11 2026] DELETE /v2.0/subnets/b96123d9-d37f-418e-b5be-4808e3402319 => generated 136 bytes in 19 msecs (HTTP/1.1 404) 4 headers in 164 bytes (1 switches on core 0)
2026-07-14 00:41:11.752 8 INFO neutron.db.ovn_revision_numbers_db [None req-d3b6c747-efb1-4869-820d-66aa4ab7a045 3e92e57ca9824684928c050e636dd200 7eccf995a099440fa4618eca6141e20c - - default default] Successfully bumped revision number for resource fcf920ed-acb3-4a2f-9893-661316724bd8 (type: security_groups) to 1
2026-07-14 00:41:11.771 8 INFO neutron.db.ovn_revision_numbers_db [None req-d3b6c747-efb1-4869-820d-66aa4ab7a045 3e92e57ca9824684928c050e636dd200 7eccf995a099440fa4618eca6141e20c - - default default] Successfully bumped revision number for resource 90419b98-fd4f-4f33-a223-bc6fefea1402 (type: security_group_rules) to 0
2026-07-14 00:41:11.785 8 INFO neutron.db.ovn_revision_numbers_db [None req-d3b6c747-efb1-4869-820d-66aa4ab7a045 3e92e57ca9824684928c050e636dd200 7eccf995a099440fa4618eca6141e20c - - default default] Successfully bumped revision number for resource 98b92ea8-e940-417f-bd2b-9ddf4a63d325 (type: security_group_rules) to 0 [pid: 8|app: 0|req: 814/1508] 10.0.0.145 () {34 vars in 684 bytes} [Tue Jul 14 00:41:11 2026] POST /v2.0/security-groups => generated 1661 bytes in 217 msecs (HTTP/1.1 201) 4 headers in 163 bytes (1 switches on core 0)
2026-07-14 00:41:11.932 8 INFO neutron.db.ovn_revision_numbers_db [None req-fd614dee-58cb-4d2d-9a6e-5d9e97d09b03 3e92e57ca9824684928c050e636dd200 7eccf995a099440fa4618eca6141e20c - - default default] Successfully bumped revision number for resource c1917a58-d468-4804-813d-8ec7f1bc285f (type: security_group_rules) to 0 [pid: 8|app: 0|req: 815/1509] 10.0.0.145 () {34 vars in 694 bytes} [Tue Jul 14 00:41:11 2026] POST /v2.0/security-group-rules => generated 597 bytes in 134 msecs (HTTP/1.1 201) 4 headers in 162 bytes (1 switches on core 0)
2026-07-14 00:41:11.977 7 WARNING neutron.db.securitygroups_db [None req-44f265dc-3179-4905-9428-ab49afec1d39 f1cd95796fba4bc1a8159fc7bfcfa847 39d4ad338ccb47198d5b00974e1083f7 - - default default] project_id key not found in filters, using tenant_id instead. This support has been deprecated and will be removed in a future release. [pid: 7|app: 0|req: 695/1510] 10.0.0.145 () {32 vars in 773 bytes} [Tue Jul 14 00:41:11 2026] GET /v2.0/security-groups?tenant_id=f997fb7842f543358154b287c875d24d&name=default => generated 2925 bytes in 207 msecs (HTTP/1.1 200) 4 headers in 158 bytes (1 switches on core 0)
2026-07-14 00:41:12.077 8 INFO neutron.db.ovn_revision_numbers_db [None req-cbf0803f-6b80-4164-b0d3-93b3c4a217e2 3e92e57ca9824684928c050e636dd200 7eccf995a099440fa4618eca6141e20c - - default default] Successfully bumped revision number for resource a9aeaa0b-16a2-48a3-8403-b903aa21419e (type: security_group_rules) to 0 [pid: 8|app: 0|req: 816/1511] 10.0.0.145 () {34 vars in 694 bytes} [Tue Jul 14 00:41:11 2026] POST /v2.0/security-group-rules => generated 602 bytes in 139 msecs (HTTP/1.1 201) 4 headers in 162 bytes (1 switches on core 0) [pid: 7|app: 0|req: 696/1512] 10.0.0.145 () {32 vars in 739 bytes} [Tue Jul 14 00:41:12 2026] DELETE /v2.0/security-groups/98e4db90-8ab2-4606-b4ed-fbbcce7ea962 => generated 0 bytes in 182 msecs (HTTP/1.1 204) 2 headers in 112 bytes (1 switches on core 0) [pid: 7|app: 0|req: 697/1513] 10.0.0.143 () {34 vars in 1069 bytes} [Tue Jul 14 00:41:12 2026] GET /v2.0/ports?fields=security_groups&fields=device_id&device_id=2a346ae5-8083-4b33-a7df-7450ed5504ba => generated 123 bytes in 38 msecs (HTTP/1.1 200) 4 headers in 157 bytes (1 switches on core 0) [pid: 7|app: 0|req: 698/1514] 10.0.0.143 () {34 vars in 1039 bytes} [Tue Jul 14 00:41:12 2026] GET /v2.0/security-groups?id=ce729c89-e532-4fb8-b802-fd8988af4290&fields=id&fields=name => generated 88 bytes in 57 msecs (HTTP/1.1 200) 4 headers in 156 bytes (1 switches on core 0)
2026-07-14 00:41:12.855 8 WARNING neutron.scheduler.dhcp_agent_scheduler [None req-82868f24-6dad-4b5a-856e-3aaec5ad34c3 3e92e57ca9824684928c050e636dd200 7eccf995a099440fa4618eca6141e20c - - default default] No more DHCP agents
2026-07-14 00:41:12.856 8 WARNING neutron.api.rpc.agentnotifiers.dhcp_rpc_agent_api [None req-82868f24-6dad-4b5a-856e-3aaec5ad34c3 3e92e57ca9824684928c050e636dd200 7eccf995a099440fa4618eca6141e20c - - default default] Unable to schedule network 7225c6d6-a29f-4b6b-aed9-0ae0301300c3: no agents available; will retry on subsequent port and subnet creation events. [pid: 8|app: 0|req: 817/1515] 10.0.0.145 () {34 vars in 675 bytes} [Tue Jul 14 00:41:12 2026] POST /v2.0/floatingips => generated 552 bytes in 1072 msecs (HTTP/1.1 201) 4 headers in 162 bytes (1 switches on core 0)
2026-07-14 00:41:13.276 7 WARNING neutron.db.securitygroups_db [req-3848e5f9-6871-45f2-b9b3-ee28359ee3fd req-38f90993-ca36-4581-aa09-592db91b28e9 3e92e57ca9824684928c050e636dd200 7eccf995a099440fa4618eca6141e20c - - default default] project_id key not found in filters, using tenant_id instead. This support has been deprecated and will be removed in a future release. [pid: 7|app: 0|req: 699/1516] 10.0.0.143 () {34 vars in 1099 bytes} [Tue Jul 14 00:41:13 2026] GET /v2.0/security-groups?name=tempest-secgroup-smoke-1878121831&fields=id&tenant_id=7eccf995a099440fa4618eca6141e20c => generated 69 bytes in 33 msecs (HTTP/1.1 200) 4 headers in 156 bytes (1 switches on core 0)
2026-07-14 00:41:13.319 8 WARNING neutron.db.securitygroups_db [req-3848e5f9-6871-45f2-b9b3-ee28359ee3fd req-fb72700a-fc3c-449e-bcff-4007b14f5c2b 3e92e57ca9824684928c050e636dd200 7eccf995a099440fa4618eca6141e20c - - default default] project_id key not found in filters, using tenant_id instead. This support has been deprecated and will be removed in a future release. [pid: 8|app: 0|req: 818/1517] 10.0.0.143 () {34 vars in 1099 bytes} [Tue Jul 14 00:41:13 2026] GET /v2.0/security-groups?name=tempest-securitygroup--2008226046&fields=id&tenant_id=7eccf995a099440fa4618eca6141e20c => generated 69 bytes in 68 msecs (HTTP/1.1 200) 4 headers in 156 bytes (1 switches on core 0) [pid: 7|app: 0|req: 700/1518] 10.0.0.143 () {34 vars in 981 bytes} [Tue Jul 14 00:41:13 2026] GET /v2.0/networks?id=e44fd500-c874-4740-ba61-cf0dc0c5d1b9 => generated 711 bytes in 50 msecs (HTTP/1.1 200) 4 headers in 157 bytes (1 switches on core 0) [pid: 8|app: 0|req: 819/1519] 10.0.0.143 () {34 vars in 964 bytes} [Tue Jul 14 00:41:13 2026] GET /v2.0/quotas/7eccf995a099440fa4618eca6141e20c => generated 312 bytes in 15 msecs (HTTP/1.1 200) 4 headers in 157 bytes (1 switches on core 0) [pid: 7|app: 0|req: 701/1520] 10.0.0.143 () {34 vars in 1001 bytes} [Tue Jul 14 00:41:13 2026] GET /v2.0/ports?tenant_id=7eccf995a099440fa4618eca6141e20c&fields=id => generated 103 bytes in 69 msecs (HTTP/1.1 200) 4 headers in 157 bytes (1 switches on core 0) [pid: 8|app: 0|req: 820/1521] 10.0.0.143 () {34 vars in 1069 bytes} [Tue Jul 14 00:41:13 2026] GET /v2.0/ports?fields=security_groups&fields=device_id&device_id=2a346ae5-8083-4b33-a7df-7450ed5504ba => generated 123 bytes in 44 msecs (HTTP/1.1 200) 4 headers in 157 bytes (1 switches on core 0) [pid: 7|app: 0|req: 702/1522] 10.0.0.143 () {34 vars in 1039 bytes} [Tue Jul 14 00:41:13 2026] GET /v2.0/security-groups?id=ce729c89-e532-4fb8-b802-fd8988af4290&fields=id&fields=name => generated 88 bytes in 33 msecs (HTTP/1.1 200) 4 headers in 156 bytes (1 switches on core 0) [pid: 8|app: 0|req: 821/1523] 10.0.0.143 () {34 vars in 1007 bytes} [Tue Jul 14 00:41:13 2026] GET /v2.0/networks/e44fd500-c874-4740-ba61-cf0dc0c5d1b9?fields=segments => generated 14 bytes in 42 msecs (HTTP/1.1 200) 4 headers in 156 bytes (1 switches on core 0) [pid: 7|app: 0|req: 703/1524] 10.0.0.143 () {34 vars in 1107 bytes} [Tue Jul 14 00:41:13 2026] GET /v2.0/networks/e44fd500-c874-4740-ba61-cf0dc0c5d1b9?fields=provider%3Aphysical_network&fields=provider%3Anetwork_type => generated 79 bytes in 53 msecs (HTTP/1.1 200) 4 headers in 156 bytes (1 switches on core 0) [pid: 8|app: 0|req: 822/1525] 10.0.0.143 () {34 vars in 1069 bytes} [Tue Jul 14 00:41:13 2026] GET /v2.0/ports?fields=security_groups&fields=device_id&device_id=527bd40e-0ca7-41ab-aaff-1903ea58e93b => generated 12 bytes in 19 msecs (HTTP/1.1 200) 4 headers in 156 bytes (1 switches on core 0)
2026-07-14 00:41:14.412 7 INFO neutron.db.ovn_revision_numbers_db [None req-c3324a19-687a-4527-bab7-ac186bed450d db09077889a3494e9597ab01091990c1 7450716321b8453590539be55d7bdc09 - - default default] Successfully bumped revision number for resource f401a2f5-ace5-460f-9605-d038dc9c64d6 (type: security_groups) to 1
2026-07-14 00:41:14.423 7 INFO neutron.db.ovn_revision_numbers_db [None req-c3324a19-687a-4527-bab7-ac186bed450d db09077889a3494e9597ab01091990c1 7450716321b8453590539be55d7bdc09 - - default default] Successfully bumped revision number for resource 53f68591-e0fb-48f8-a766-b23db368dfaf (type: security_group_rules) to 0
2026-07-14 00:41:14.437 7 INFO neutron.db.ovn_revision_numbers_db [None req-c3324a19-687a-4527-bab7-ac186bed450d db09077889a3494e9597ab01091990c1 7450716321b8453590539be55d7bdc09 - - default default] Successfully bumped revision number for resource 7aae6eef-bd3b-4ac1-abd2-b32456ed9f0d (type: security_group_rules) to 0
2026-07-14 00:41:14.449 7 INFO neutron.db.ovn_revision_numbers_db [None req-c3324a19-687a-4527-bab7-ac186bed450d db09077889a3494e9597ab01091990c1 7450716321b8453590539be55d7bdc09 - - default default] Successfully bumped revision number for resource b1678687-22ee-4b37-aa0e-7102b84877eb (type: security_group_rules) to 0
2026-07-14 00:41:14.461 7 INFO neutron.db.ovn_revision_numbers_db [None req-c3324a19-687a-4527-bab7-ac186bed450d db09077889a3494e9597ab01091990c1 7450716321b8453590539be55d7bdc09 - - default default] Successfully bumped revision number for resource ffbafc51-f517-4ca5-bccf-ee55cc2bb5f4 (type: security_group_rules) to 0
2026-07-14 00:41:14.540 7 INFO neutron.db.segments_db [None req-c3324a19-687a-4527-bab7-ac186bed450d db09077889a3494e9597ab01091990c1 7450716321b8453590539be55d7bdc09 - - default default] Added segment 7d02de77-1e50-48bf-ab12-960c53bce89a of type geneve for network 762cc86e-ae11-4cde-bc96-bb863fb3432e
2026-07-14 00:41:14.658 7 INFO neutron.db.ovn_revision_numbers_db [None req-c3324a19-687a-4527-bab7-ac186bed450d db09077889a3494e9597ab01091990c1 7450716321b8453590539be55d7bdc09 - - default default] Successfully bumped revision number for resource 762cc86e-ae11-4cde-bc96-bb863fb3432e (type: networks) to 1 [pid: 8|app: 0|req: 823/1526] 10.0.0.143 () {34 vars in 1069 bytes} [Tue Jul 14 00:41:14 2026] GET /v2.0/ports?fields=security_groups&fields=device_id&device_id=2a346ae5-8083-4b33-a7df-7450ed5504ba => generated 123 bytes in 40 msecs (HTTP/1.1 200) 4 headers in 157 bytes (1 switches on core 0)
2026-07-14 00:41:14.863 7 WARNING neutron.scheduler.dhcp_agent_scheduler [None req-c3324a19-687a-4527-bab7-ac186bed450d db09077889a3494e9597ab01091990c1 7450716321b8453590539be55d7bdc09 - - default default] No more DHCP agents
2026-07-14 00:41:14.865 7 WARNING neutron.api.rpc.agentnotifiers.dhcp_rpc_agent_api [None req-c3324a19-687a-4527-bab7-ac186bed450d db09077889a3494e9597ab01091990c1 7450716321b8453590539be55d7bdc09 - - default default] Unable to schedule network 762cc86e-ae11-4cde-bc96-bb863fb3432e: no agents available; will retry on subsequent port and subnet creation events.
2026-07-14 00:41:14.958 8 INFO neutron.db.ovn_revision_numbers_db [None req-31f6b188-3a1a-4c7b-9e55-f07fe3d60eb6 04a737e51f7a4bc5b6e554f3cc7757c8 6b0df6724ec547c7b0a5344c96409fcd - - default default] Successfully bumped revision number for resource 9ad66f93-94cd-4c32-bba5-603d8e11fc3f (type: security_groups) to 1
2026-07-14 00:41:14.981 8 INFO neutron.db.ovn_revision_numbers_db [None req-31f6b188-3a1a-4c7b-9e55-f07fe3d60eb6 04a737e51f7a4bc5b6e554f3cc7757c8 6b0df6724ec547c7b0a5344c96409fcd - - default default] Successfully bumped revision number for resource 1220b328-84ad-48bb-a0f4-166d984e0940 (type: security_group_rules) to 0
2026-07-14 00:41:14.994 7 INFO neutron.db.ovn_revision_numbers_db [None req-c3324a19-687a-4527-bab7-ac186bed450d db09077889a3494e9597ab01091990c1 7450716321b8453590539be55d7bdc09 - - default default] Successfully bumped revision number for resource 49d5f79f-e353-480f-b154-85b88bf8c7d7 (type: ports) to 1
2026-07-14 00:41:15.001 8 INFO neutron.db.ovn_revision_numbers_db [None req-31f6b188-3a1a-4c7b-9e55-f07fe3d60eb6 04a737e51f7a4bc5b6e554f3cc7757c8 6b0df6724ec547c7b0a5344c96409fcd - - default default] Successfully bumped revision number for resource 391ebc31-da84-4eae-9f08-3475762dbe8d (type: security_group_rules) to 0 [pid: 7|app: 0|req: 704/1527] 10.0.0.145 () {34 vars in 669 bytes} [Tue Jul 14 00:41:14 2026] POST /v2.0/networks => generated 668 bytes in 937 msecs (HTTP/1.1 201) 4 headers in 162 bytes (1 switches on core 0)
2026-07-14 00:41:15.024 8 INFO neutron.db.ovn_revision_numbers_db [None req-31f6b188-3a1a-4c7b-9e55-f07fe3d60eb6 04a737e51f7a4bc5b6e554f3cc7757c8 6b0df6724ec547c7b0a5344c96409fcd - - default default] Successfully bumped revision number for resource 6fd52991-82ff-45e9-ad86-9ad0f603a672 (type: security_group_rules) to 0
2026-07-14 00:41:15.046 8 INFO neutron.db.ovn_revision_numbers_db [None req-31f6b188-3a1a-4c7b-9e55-f07fe3d60eb6 04a737e51f7a4bc5b6e554f3cc7757c8 6b0df6724ec547c7b0a5344c96409fcd - - default default] Successfully bumped revision number for resource e958b242-7f51-4750-a9a3-5a036af55beb (type: security_group_rules) to 0 [pid: 7|app: 0|req: 705/1528] 10.0.0.143 () {34 vars in 1039 bytes} [Tue Jul 14 00:41:15 2026] GET /v2.0/security-groups?id=ce729c89-e532-4fb8-b802-fd8988af4290&fields=id&fields=name => generated 88 bytes in 28 msecs (HTTP/1.1 200) 4 headers in 156 bytes (1 switches on core 0) [pid: 7|app: 0|req: 706/1529] 10.0.0.143 () {34 vars in 1069 bytes} [Tue Jul 14 00:41:15 2026] GET /v2.0/ports?fields=security_groups&fields=device_id&device_id=527bd40e-0ca7-41ab-aaff-1903ea58e93b => generated 12 bytes in 19 msecs (HTTP/1.1 200) 4 headers in 156 bytes (1 switches on core 0)
2026-07-14 00:41:15.116 8 INFO neutron.db.segments_db [None req-31f6b188-3a1a-4c7b-9e55-f07fe3d60eb6 04a737e51f7a4bc5b6e554f3cc7757c8 6b0df6724ec547c7b0a5344c96409fcd - - default default] Added segment 218ffffd-17b2-49ac-9466-1999cdc4f521 of type geneve for network baea2e7a-d84a-4fb1-89c7-4bcfb5d11a1d
2026-07-14 00:41:15.167 7 INFO neutron.db.segments_db [None req-81f9e937-36a9-4360-8f96-3f418a51e1c6 db09077889a3494e9597ab01091990c1 7450716321b8453590539be55d7bdc09 - - default default] Added segment 4d6ad8eb-e511-425a-8bad-88047428c178 of type geneve for network 80ce8c46-9b52-40a2-abdd-955c4d9e0482
2026-07-14 00:41:15.213 8 INFO neutron.db.ovn_revision_numbers_db [None req-31f6b188-3a1a-4c7b-9e55-f07fe3d60eb6 04a737e51f7a4bc5b6e554f3cc7757c8 6b0df6724ec547c7b0a5344c96409fcd - - default default] Successfully bumped revision number for resource baea2e7a-d84a-4fb1-89c7-4bcfb5d11a1d (type: networks) to 1
2026-07-14 00:41:15.291 7 INFO neutron.db.ovn_revision_numbers_db [None req-81f9e937-36a9-4360-8f96-3f418a51e1c6 db09077889a3494e9597ab01091990c1 7450716321b8453590539be55d7bdc09 - - default default] Successfully bumped revision number for resource 80ce8c46-9b52-40a2-abdd-955c4d9e0482 (type: networks) to 1
2026-07-14 00:41:15.367 8 WARNING neutron.scheduler.dhcp_agent_scheduler [None req-31f6b188-3a1a-4c7b-9e55-f07fe3d60eb6 04a737e51f7a4bc5b6e554f3cc7757c8 6b0df6724ec547c7b0a5344c96409fcd - - default default] No more DHCP agents
2026-07-14 00:41:15.369 8 WARNING neutron.api.rpc.agentnotifiers.dhcp_rpc_agent_api [None req-31f6b188-3a1a-4c7b-9e55-f07fe3d60eb6 04a737e51f7a4bc5b6e554f3cc7757c8 6b0df6724ec547c7b0a5344c96409fcd - - default default] Unable to schedule network baea2e7a-d84a-4fb1-89c7-4bcfb5d11a1d: no agents available; will retry on subsequent port and subnet creation events.
2026-07-14 00:41:15.415 8 INFO neutron.plugins.ml2.drivers.ovn.mech_driver.mech_driver [None req-45b3ee6b-7563-4ba6-95e4-7a6afdf2ab36 - - - - - -] OVN reports status down for port: 3dd23beb-b500-4362-96e1-635d6f321ed0
2026-07-14 00:41:15.467 8 INFO neutron.db.ovn_revision_numbers_db [None req-31f6b188-3a1a-4c7b-9e55-f07fe3d60eb6 04a737e51f7a4bc5b6e554f3cc7757c8 6b0df6724ec547c7b0a5344c96409fcd - - default default] Successfully bumped revision number for resource 3dd23beb-b500-4362-96e1-635d6f321ed0 (type: ports) to 1
2026-07-14 00:41:15.482 7 WARNING neutron.scheduler.dhcp_agent_scheduler [None req-81f9e937-36a9-4360-8f96-3f418a51e1c6 db09077889a3494e9597ab01091990c1 7450716321b8453590539be55d7bdc09 - - default default] No more DHCP agents
2026-07-14 00:41:15.484 7 WARNING neutron.api.rpc.agentnotifiers.dhcp_rpc_agent_api [None req-81f9e937-36a9-4360-8f96-3f418a51e1c6 db09077889a3494e9597ab01091990c1 7450716321b8453590539be55d7bdc09 - - default default] Unable to schedule network 80ce8c46-9b52-40a2-abdd-955c4d9e0482: no agents available; will retry on subsequent port and subnet creation events. [pid: 8|app: 0|req: 824/1530] 10.0.0.145 () {34 vars in 669 bytes} [Tue Jul 14 00:41:14 2026] POST /v2.0/networks => generated 669 bytes in 836 msecs (HTTP/1.1 201) 4 headers in 162 bytes (1 switches on core 0)
2026-07-14 00:41:15.566 7 INFO neutron.db.ovn_revision_numbers_db [None req-81f9e937-36a9-4360-8f96-3f418a51e1c6 db09077889a3494e9597ab01091990c1 7450716321b8453590539be55d7bdc09 - - default default] Successfully bumped revision number for resource 92580929-6c82-4a74-92bf-b0024c19b304 (type: ports) to 1 [pid: 7|app: 0|req: 707/1531] 10.0.0.145 () {34 vars in 669 bytes} [Tue Jul 14 00:41:15 2026] POST /v2.0/networks => generated 668 bytes in 517 msecs (HTTP/1.1 201) 4 headers in 162 bytes (1 switches on core 0)
2026-07-14 00:41:15.596 8 INFO neutron.plugins.ml2.drivers.ovn.mech_driver.mech_driver [None req-45b3ee6b-7563-4ba6-95e4-7a6afdf2ab36 - - - - - -] OVN reports status down for port: 92580929-6c82-4a74-92bf-b0024c19b304 [pid: 8|app: 0|req: 825/1532] 199.204.45.115 () {34 vars in 993 bytes} [Tue Jul 14 00:41:15 2026] GET /v2.0/ports?device_id=2a346ae5-8083-4b33-a7df-7450ed5504ba => generated 969 bytes in 77 msecs (HTTP/1.1 200) 4 headers in 157 bytes (1 switches on core 0)
2026-07-14 00:41:15.812 7 WARNING neutron.scheduler.dhcp_agent_scheduler [None req-789f3c25-880e-4966-850c-a17646ad219a 04a737e51f7a4bc5b6e554f3cc7757c8 6b0df6724ec547c7b0a5344c96409fcd - - default default] No more DHCP agents
2026-07-14 00:41:15.815 7 WARNING neutron.api.rpc.agentnotifiers.dhcp_rpc_agent_api [None req-789f3c25-880e-4966-850c-a17646ad219a 04a737e51f7a4bc5b6e554f3cc7757c8 6b0df6724ec547c7b0a5344c96409fcd - - default default] Unable to schedule network baea2e7a-d84a-4fb1-89c7-4bcfb5d11a1d: no agents available; will retry on subsequent port and subnet creation events.
2026-07-14 00:41:15.857 8 WARNING neutron.scheduler.dhcp_agent_scheduler [None req-38461670-7859-4ef2-baee-79d2a301e81e db09077889a3494e9597ab01091990c1 7450716321b8453590539be55d7bdc09 - - default default] No more DHCP agents
2026-07-14 00:41:15.859 8 WARNING neutron.api.rpc.agentnotifiers.dhcp_rpc_agent_api [None req-38461670-7859-4ef2-baee-79d2a301e81e db09077889a3494e9597ab01091990c1 7450716321b8453590539be55d7bdc09 - - default default] Unable to schedule network 762cc86e-ae11-4cde-bc96-bb863fb3432e: no agents available; will retry on subsequent port and subnet creation events.
2026-07-14 00:41:16.298 7 INFO neutron.db.ovn_revision_numbers_db [None req-789f3c25-880e-4966-850c-a17646ad219a 04a737e51f7a4bc5b6e554f3cc7757c8 6b0df6724ec547c7b0a5344c96409fcd - - default default] Successfully bumped revision number for resource 3dd23beb-b500-4362-96e1-635d6f321ed0 (type: ports) to 2
2026-07-14 00:41:16.313 8 INFO neutron.db.ovn_revision_numbers_db [None req-38461670-7859-4ef2-baee-79d2a301e81e db09077889a3494e9597ab01091990c1 7450716321b8453590539be55d7bdc09 - - default default] Successfully bumped revision number for resource 49d5f79f-e353-480f-b154-85b88bf8c7d7 (type: ports) to 2
2026-07-14 00:41:16.340 7 INFO neutron.db.ovn_revision_numbers_db [None req-789f3c25-880e-4966-850c-a17646ad219a 04a737e51f7a4bc5b6e554f3cc7757c8 6b0df6724ec547c7b0a5344c96409fcd - - default default] Successfully bumped revision number for resource 6417dbd3-9250-49d8-9949-223fd81e8d0e (type: subnets) to 0
2026-07-14 00:41:16.343 8 INFO neutron.db.ovn_revision_numbers_db [None req-38461670-7859-4ef2-baee-79d2a301e81e db09077889a3494e9597ab01091990c1 7450716321b8453590539be55d7bdc09 - - default default] Successfully bumped revision number for resource f04ad523-b4b2-4c71-88e9-0d115d8b66dd (type: subnets) to 0 [pid: 7|app: 0|req: 708/1533] 10.0.0.145 () {34 vars in 668 bytes} [Tue Jul 14 00:41:15 2026] POST /v2.0/subnets => generated 626 bytes in 770 msecs (HTTP/1.1 201) 4 headers in 162 bytes (1 switches on core 0) [pid: 8|app: 0|req: 826/1534] 10.0.0.145 () {34 vars in 668 bytes} [Tue Jul 14 00:41:15 2026] POST /v2.0/subnets => generated 626 bytes in 739 msecs (HTTP/1.1 201) 4 headers in 162 bytes (1 switches on core 0) [pid: 8|app: 0|req: 827/1535] 10.0.0.143 () {34 vars in 1069 bytes} [Tue Jul 14 00:41:16 2026] GET /v2.0/ports?fields=security_groups&fields=device_id&device_id=2a346ae5-8083-4b33-a7df-7450ed5504ba => generated 123 bytes in 84 msecs (HTTP/1.1 200) 4 headers in 157 bytes (1 switches on core 0) [pid: 8|app: 0|req: 828/1536] 10.0.0.143 () {34 vars in 1069 bytes} [Tue Jul 14 00:41:16 2026] GET /v2.0/ports?fields=security_groups&fields=device_id&device_id=527bd40e-0ca7-41ab-aaff-1903ea58e93b => generated 12 bytes in 32 msecs (HTTP/1.1 200) 4 headers in 156 bytes (1 switches on core 0)
2026-07-14 00:41:16.543 7 INFO neutron_taas.services.taas.taas_plugin [req-385ceaad-18d1-463f-8dc8-094870024ee4 req-4eeda3e1-704c-405c-8235-4f26b5df56e6 42d426ef60ca452498c0be5447bef912 e117af512add4860a393660f07237a7c - - default default] TaaS: Handle Delete Port: 44b61e2f-54af-418e-b14c-d4342dafeb24
2026-07-14 00:41:16.545 7 INFO neutron_taas.services.taas.tap_mirror_plugin [req-385ceaad-18d1-463f-8dc8-094870024ee4 req-4eeda3e1-704c-405c-8235-4f26b5df56e6 42d426ef60ca452498c0be5447bef912 e117af512add4860a393660f07237a7c - - default default] Tap Mirror: Handle Delete Port: 44b61e2f-54af-418e-b14c-d4342dafeb24
2026-07-14 00:41:16.579 8 INFO neutron.db.segments_db [None req-a23a55ee-d774-4ea9-aab8-0d21fe205545 04a737e51f7a4bc5b6e554f3cc7757c8 6b0df6724ec547c7b0a5344c96409fcd - - default default] Added segment 506cb9a3-70ec-42a5-b8e6-9db233594d3e of type geneve for network 64328991-63dc-4821-a257-331cc698a5fb
2026-07-14 00:41:16.745 8 INFO neutron.db.ovn_revision_numbers_db [None req-a23a55ee-d774-4ea9-aab8-0d21fe205545 04a737e51f7a4bc5b6e554f3cc7757c8 6b0df6724ec547c7b0a5344c96409fcd - - default default] Successfully bumped revision number for resource 64328991-63dc-4821-a257-331cc698a5fb (type: networks) to 1
2026-07-14 00:41:16.760 7 WARNING neutron.plugins.ml2.drivers.ovn.mech_driver.ovsdb.ovn_client [None req-f649ec95-ce61-479b-8ec8-dba8328c6160 - - - - - -] No hosting information found for port e45932c3-11e1-4bce-918e-718c4d722c98: RuntimeError: No hosting information found for port e45932c3-11e1-4bce-918e-718c4d722c98 [pid: 7|app: 0|req: 709/1537] 199.204.45.115 () {36 vars in 996 bytes} [Tue Jul 14 00:41:16 2026] DELETE /v2.0/ports/44b61e2f-54af-418e-b14c-d4342dafeb24 => generated 0 bytes in 442 msecs (HTTP/1.1 204) 3 headers in 131 bytes (1 switches on core 0)
2026-07-14 00:41:16.839 7 WARNING neutron.notifiers.nova [-] Nova event matching ['req-6710b99a-2d83-452e-95f5-79115d1b83f3']: {'server_uuid': '2a346ae5-8083-4b33-a7df-7450ed5504ba', 'name': 'network-vif-deleted', 'tag': '44b61e2f-54af-418e-b14c-d4342dafeb24', 'status': 'failed', 'code': 422} returned with failed status
2026-07-14 00:41:16.850 7 INFO neutron.common.ovn.utils [None req-f649ec95-ce61-479b-8ec8-dba8328c6160 - - - - - -] HA Chassis Group neutron-6e15d1f1-8136-482a-bf28-086fecdc7b70 synchronized; highest priority chassis 5fb6c8e5-e442-4f33-8626-5b3786750d4e
2026-07-14 00:41:16.929 8 WARNING neutron.scheduler.dhcp_agent_scheduler [None req-a23a55ee-d774-4ea9-aab8-0d21fe205545 04a737e51f7a4bc5b6e554f3cc7757c8 6b0df6724ec547c7b0a5344c96409fcd - - default default] No more DHCP agents
2026-07-14 00:41:16.931 8 WARNING neutron.api.rpc.agentnotifiers.dhcp_rpc_agent_api [None req-a23a55ee-d774-4ea9-aab8-0d21fe205545 04a737e51f7a4bc5b6e554f3cc7757c8 6b0df6724ec547c7b0a5344c96409fcd - - default default] Unable to schedule network 64328991-63dc-4821-a257-331cc698a5fb: no agents available; will retry on subsequent port and subnet creation events.
2026-07-14 00:41:16.988 8 INFO neutron.plugins.ml2.drivers.ovn.mech_driver.mech_driver [None req-45b3ee6b-7563-4ba6-95e4-7a6afdf2ab36 - - - - - -] OVN reports status down for port: c214232b-1810-476c-9523-7b503080afb9
2026-07-14 00:41:17.015 7 INFO neutron.db.ovn_revision_numbers_db [None req-f649ec95-ce61-479b-8ec8-dba8328c6160 - - - - - -] Successfully bumped revision number for resource e45932c3-11e1-4bce-918e-718c4d722c98 (type: router_ports) to 2
2026-07-14 00:41:17.016 7 INFO neutron.plugins.ml2.drivers.ovn.mech_driver.mech_driver [None req-f649ec95-ce61-479b-8ec8-dba8328c6160 - - - - - -] OVN reports status up for port: dd4c05ea-f23b-4f60-8eda-5f3532b4be15
2026-07-14 00:41:17.052 8 INFO neutron.db.ovn_revision_numbers_db [None req-a23a55ee-d774-4ea9-aab8-0d21fe205545 04a737e51f7a4bc5b6e554f3cc7757c8 6b0df6724ec547c7b0a5344c96409fcd - - default default] Successfully bumped revision number for resource c214232b-1810-476c-9523-7b503080afb9 (type: ports) to 1 [pid: 8|app: 0|req: 829/1538] 10.0.0.145 () {34 vars in 669 bytes} [Tue Jul 14 00:41:16 2026] POST /v2.0/networks => generated 669 bytes in 613 msecs (HTTP/1.1 201) 4 headers in 162 bytes (1 switches on core 0)
2026-07-14 00:41:17.110 7 INFO neutron.plugins.ml2.drivers.ovn.mech_driver.mech_driver [None req-f649ec95-ce61-479b-8ec8-dba8328c6160 - - - - - -] OVN reports status down for port: 49d5f79f-e353-480f-b154-85b88bf8c7d7
2026-07-14 00:41:17.134 7 WARNING neutron.scheduler.dhcp_agent_scheduler [None req-e956bf67-0ae1-4672-8186-2800146fcc0a db09077889a3494e9597ab01091990c1 7450716321b8453590539be55d7bdc09 - - default default] No more DHCP agents
2026-07-14 00:41:17.144 7 WARNING neutron.api.rpc.agentnotifiers.dhcp_rpc_agent_api [None req-e956bf67-0ae1-4672-8186-2800146fcc0a db09077889a3494e9597ab01091990c1 7450716321b8453590539be55d7bdc09 - - default default] Unable to schedule network 80ce8c46-9b52-40a2-abdd-955c4d9e0482: no agents available; will retry on subsequent port and subnet creation events. [pid: 8|app: 0|req: 830/1539] 10.0.0.143 () {34 vars in 1039 bytes} [Tue Jul 14 00:41:17 2026] GET /v2.0/security-groups?id=ce729c89-e532-4fb8-b802-fd8988af4290&fields=id&fields=name => generated 88 bytes in 53 msecs (HTTP/1.1 200) 4 headers in 156 bytes (1 switches on core 0)
2026-07-14 00:41:17.308 8 WARNING neutron.scheduler.dhcp_agent_scheduler [None req-6e49a5b7-0305-4df3-87c4-8e7b850ae500 04a737e51f7a4bc5b6e554f3cc7757c8 6b0df6724ec547c7b0a5344c96409fcd - - default default] No more DHCP agents
2026-07-14 00:41:17.311 8 WARNING neutron.api.rpc.agentnotifiers.dhcp_rpc_agent_api [None req-6e49a5b7-0305-4df3-87c4-8e7b850ae500 04a737e51f7a4bc5b6e554f3cc7757c8 6b0df6724ec547c7b0a5344c96409fcd - - default default] Unable to schedule network 64328991-63dc-4821-a257-331cc698a5fb: no agents available; will retry on subsequent port and subnet creation events.
2026-07-14 00:41:17.623 7 INFO neutron.db.ovn_revision_numbers_db [None req-e956bf67-0ae1-4672-8186-2800146fcc0a db09077889a3494e9597ab01091990c1 7450716321b8453590539be55d7bdc09 - - default default] Successfully bumped revision number for resource 92580929-6c82-4a74-92bf-b0024c19b304 (type: ports) to 2
2026-07-14 00:41:17.651 7 INFO neutron.db.ovn_revision_numbers_db [None req-e956bf67-0ae1-4672-8186-2800146fcc0a db09077889a3494e9597ab01091990c1 7450716321b8453590539be55d7bdc09 - - default default] Successfully bumped revision number for resource c0df2aaa-fc30-4163-bf93-7ea37e09e591 (type: subnets) to 0 [pid: 7|app: 0|req: 710/1540] 10.0.0.145 () {34 vars in 668 bytes} [Tue Jul 14 00:41:16 2026] POST /v2.0/subnets => generated 626 bytes in 867 msecs (HTTP/1.1 201) 4 headers in 162 bytes (1 switches on core 0) [pid: 7|app: 0|req: 711/1541] 10.0.0.143 () {34 vars in 1069 bytes} [Tue Jul 14 00:41:17 2026] GET /v2.0/ports?fields=security_groups&fields=device_id&device_id=527bd40e-0ca7-41ab-aaff-1903ea58e93b => generated 12 bytes in 23 msecs (HTTP/1.1 200) 4 headers in 156 bytes (1 switches on core 0)
2026-07-14 00:41:17.827 8 INFO neutron.db.ovn_revision_numbers_db [None req-6e49a5b7-0305-4df3-87c4-8e7b850ae500 04a737e51f7a4bc5b6e554f3cc7757c8 6b0df6724ec547c7b0a5344c96409fcd - - default default] Successfully bumped revision number for resource c214232b-1810-476c-9523-7b503080afb9 (type: ports) to 2
2026-07-14 00:41:17.846 7 INFO neutron.db.ovn_revision_numbers_db [None req-763664e2-4ff7-44d3-a326-c761974b4f97 db09077889a3494e9597ab01091990c1 7450716321b8453590539be55d7bdc09 - - default default] Successfully bumped revision number for resource 148fa74e-c844-4d16-b2f8-95e0dd04bf50 (type: routers) to 1
2026-07-14 00:41:17.867 8 INFO neutron.db.ovn_revision_numbers_db [None req-6e49a5b7-0305-4df3-87c4-8e7b850ae500 04a737e51f7a4bc5b6e554f3cc7757c8 6b0df6724ec547c7b0a5344c96409fcd - - default default] Successfully bumped revision number for resource e45e8481-c59f-4c04-a7e8-aa80c2acedc8 (type: subnets) to 0 [pid: 7|app: 0|req: 712/1542] 10.0.0.145 () {34 vars in 668 bytes} [Tue Jul 14 00:41:17 2026] POST /v2.0/routers => generated 624 bytes in 175 msecs (HTTP/1.1 201) 4 headers in 162 bytes (1 switches on core 0) [pid: 8|app: 0|req: 831/1543] 10.0.0.145 () {34 vars in 668 bytes} [Tue Jul 14 00:41:17 2026] POST /v2.0/subnets => generated 629 bytes in 736 msecs (HTTP/1.1 201) 4 headers in 162 bytes (1 switches on core 0)
2026-07-14 00:41:17.978 8 INFO neutron.db.segments_db [None req-126e2425-2d49-4365-9679-bcffd75c4aea 04a737e51f7a4bc5b6e554f3cc7757c8 6b0df6724ec547c7b0a5344c96409fcd - - default default] Added segment 100f99ba-2304-4239-90b0-110c3f5dbaab of type geneve for network 4fc2a4a1-39c0-4abd-a24d-e82f4f2a184a
2026-07-14 00:41:18.102 8 INFO neutron.db.ovn_revision_numbers_db [None req-126e2425-2d49-4365-9679-bcffd75c4aea 04a737e51f7a4bc5b6e554f3cc7757c8 6b0df6724ec547c7b0a5344c96409fcd - - default default] Successfully bumped revision number for resource 4fc2a4a1-39c0-4abd-a24d-e82f4f2a184a (type: networks) to 1
2026-07-14 00:41:18.271 7 WARNING neutron.scheduler.dhcp_agent_scheduler [None req-d12fc9ea-2772-4687-929d-6cb9efb47f2a db09077889a3494e9597ab01091990c1 7450716321b8453590539be55d7bdc09 - - default default] No more DHCP agents
2026-07-14 00:41:18.272 7 WARNING neutron.api.rpc.agentnotifiers.dhcp_rpc_agent_api [None req-d12fc9ea-2772-4687-929d-6cb9efb47f2a db09077889a3494e9597ab01091990c1 7450716321b8453590539be55d7bdc09 - - default default] Unable to schedule network 762cc86e-ae11-4cde-bc96-bb863fb3432e: no agents available; will retry on subsequent port and subnet creation events.
2026-07-14 00:41:18.307 8 WARNING neutron.scheduler.dhcp_agent_scheduler [None req-126e2425-2d49-4365-9679-bcffd75c4aea 04a737e51f7a4bc5b6e554f3cc7757c8 6b0df6724ec547c7b0a5344c96409fcd - - default default] No more DHCP agents
2026-07-14 00:41:18.308 8 WARNING neutron.api.rpc.agentnotifiers.dhcp_rpc_agent_api [None req-126e2425-2d49-4365-9679-bcffd75c4aea 04a737e51f7a4bc5b6e554f3cc7757c8 6b0df6724ec547c7b0a5344c96409fcd - - default default] Unable to schedule network 4fc2a4a1-39c0-4abd-a24d-e82f4f2a184a: no agents available; will retry on subsequent port and subnet creation events.
2026-07-14 00:41:18.358 8 INFO neutron.plugins.ml2.drivers.ovn.mech_driver.mech_driver [None req-45b3ee6b-7563-4ba6-95e4-7a6afdf2ab36 - - - - - -] OVN reports status down for port: 4e5d8b32-34ca-43e4-84b3-1075d8b23671
2026-07-14 00:41:18.451 7 INFO neutron.db.ovn_revision_numbers_db [None req-d12fc9ea-2772-4687-929d-6cb9efb47f2a db09077889a3494e9597ab01091990c1 7450716321b8453590539be55d7bdc09 - - default default] Successfully bumped revision number for resource ff8163bf-abf0-49f2-b669-817e00dc0881 (type: ports) to 1
2026-07-14 00:41:18.455 8 INFO neutron.db.ovn_revision_numbers_db [None req-126e2425-2d49-4365-9679-bcffd75c4aea 04a737e51f7a4bc5b6e554f3cc7757c8 6b0df6724ec547c7b0a5344c96409fcd - - default default] Successfully bumped revision number for resource 4e5d8b32-34ca-43e4-84b3-1075d8b23671 (type: ports) to 1
2026-07-14 00:41:18.502 8 INFO neutron.plugins.ml2.drivers.ovn.mech_driver.mech_driver [None req-45b3ee6b-7563-4ba6-95e4-7a6afdf2ab36 - - - - - -] OVN reports status down for port: ff8163bf-abf0-49f2-b669-817e00dc0881 [pid: 8|app: 0|req: 832/1544] 10.0.0.145 () {34 vars in 669 bytes} [Tue Jul 14 00:41:17 2026] POST /v2.0/networks => generated 670 bytes in 617 msecs (HTTP/1.1 201) 4 headers in 162 bytes (1 switches on core 0) [pid: 8|app: 0|req: 833/1545] 199.204.45.115 () {34 vars in 985 bytes} [Tue Jul 14 00:41:18 2026] GET /v2.0/networks?id=e44fd500-c874-4740-ba61-cf0dc0c5d1b9 => generated 711 bytes in 64 msecs (HTTP/1.1 200) 4 headers in 157 bytes (1 switches on core 0) [pid: 8|app: 0|req: 834/1546] 10.0.0.143 () {34 vars in 1069 bytes} [Tue Jul 14 00:41:18 2026] GET /v2.0/ports?fields=security_groups&fields=device_id&device_id=2a346ae5-8083-4b33-a7df-7450ed5504ba => generated 12 bytes in 26 msecs (HTTP/1.1 200) 4 headers in 156 bytes (1 switches on core 0)
2026-07-14 00:41:18.788 8 WARNING neutron.scheduler.dhcp_agent_scheduler [None req-2625f5c2-fbe7-4f7d-8d03-6f9f08afa3b1 04a737e51f7a4bc5b6e554f3cc7757c8 6b0df6724ec547c7b0a5344c96409fcd - - default default] No more DHCP agents
2026-07-14 00:41:18.789 8 WARNING neutron.api.rpc.agentnotifiers.dhcp_rpc_agent_api [None req-2625f5c2-fbe7-4f7d-8d03-6f9f08afa3b1 04a737e51f7a4bc5b6e554f3cc7757c8 6b0df6724ec547c7b0a5344c96409fcd - - default default] Unable to schedule network 4fc2a4a1-39c0-4abd-a24d-e82f4f2a184a: no agents available; will retry on subsequent port and subnet creation events.
2026-07-14 00:41:19.294 8 INFO neutron.db.ovn_revision_numbers_db [None req-2625f5c2-fbe7-4f7d-8d03-6f9f08afa3b1 04a737e51f7a4bc5b6e554f3cc7757c8 6b0df6724ec547c7b0a5344c96409fcd - - default default] Successfully bumped revision number for resource 4e5d8b32-34ca-43e4-84b3-1075d8b23671 (type: ports) to 2
2026-07-14 00:41:19.328 8 INFO neutron.db.ovn_revision_numbers_db [None req-2625f5c2-fbe7-4f7d-8d03-6f9f08afa3b1 04a737e51f7a4bc5b6e554f3cc7757c8 6b0df6724ec547c7b0a5344c96409fcd - - default default] Successfully bumped revision number for resource 3803eb4e-3b9c-4543-b1dc-82864142d701 (type: subnets) to 0 [pid: 8|app: 0|req: 835/1547] 10.0.0.145 () {34 vars in 668 bytes} [Tue Jul 14 00:41:18 2026] POST /v2.0/subnets => generated 629 bytes in 753 msecs (HTTP/1.1 201) 4 headers in 162 bytes (1 switches on core 0)
2026-07-14 00:41:19.356 8 WARNING neutron.db.securitygroups_db [req-3848e5f9-6871-45f2-b9b3-ee28359ee3fd req-1afcba3e-d585-44df-8118-c9f247d88738 3e92e57ca9824684928c050e636dd200 7eccf995a099440fa4618eca6141e20c - - default default] project_id key not found in filters, using tenant_id instead. This support has been deprecated and will be removed in a future release. [pid: 8|app: 0|req: 836/1548] 199.204.45.115 () {34 vars in 1049 bytes} [Tue Jul 14 00:41:19 2026] GET /v2.0/security-groups?fields=id&fields=name&tenant_id=7eccf995a099440fa4618eca6141e20c => generated 274 bytes in 33 msecs (HTTP/1.1 200) 4 headers in 157 bytes (1 switches on core 0) [pid: 8|app: 0|req: 837/1549] 10.0.0.143 () {34 vars in 1069 bytes} [Tue Jul 14 00:41:19 2026] GET /v2.0/ports?fields=security_groups&fields=device_id&device_id=527bd40e-0ca7-41ab-aaff-1903ea58e93b => generated 12 bytes in 16 msecs (HTTP/1.1 200) 4 headers in 156 bytes (1 switches on core 0) [pid: 8|app: 0|req: 838/1550] 10.0.0.248 () {34 vars in 989 bytes} [Tue Jul 14 00:41:19 2026] GET /v2.0/ports?device_id=2a346ae5-8083-4b33-a7df-7450ed5504ba => generated 12 bytes in 21 msecs (HTTP/1.1 200) 4 headers in 156 bytes (1 switches on core 0)
2026-07-14 00:41:19.520 8 INFO neutron.db.segments_db [None req-a5424d63-f2ca-4610-8606-af2dd2055087 04a737e51f7a4bc5b6e554f3cc7757c8 6b0df6724ec547c7b0a5344c96409fcd - - default default] Added segment 3092b678-9545-4fde-9aaf-9876ce930565 of type geneve for network 01208aae-322e-484b-a008-7a00878d9176
2026-07-14 00:41:19.559 8 INFO neutron.plugins.ml2.drivers.ovn.mech_driver.mech_driver [None req-45b3ee6b-7563-4ba6-95e4-7a6afdf2ab36 - - - - - -] OVN reports status up for port: ff8163bf-abf0-49f2-b669-817e00dc0881
2026-07-14 00:41:19.582 8 INFO neutron.plugins.ml2.plugin [None req-45b3ee6b-7563-4ba6-95e4-7a6afdf2ab36 - - - - - -] Attempt 1 to provision port ff8163bf-abf0-49f2-b669-817e00dc0881
2026-07-14 00:41:19.595 7 WARNING neutron.scheduler.dhcp_agent_scheduler [None req-d12fc9ea-2772-4687-929d-6cb9efb47f2a db09077889a3494e9597ab01091990c1 7450716321b8453590539be55d7bdc09 - - default default] No more DHCP agents
2026-07-14 00:41:19.596 7 WARNING neutron.api.rpc.agentnotifiers.dhcp_rpc_agent_api [None req-d12fc9ea-2772-4687-929d-6cb9efb47f2a db09077889a3494e9597ab01091990c1 7450716321b8453590539be55d7bdc09 - - default default] Unable to schedule network 762cc86e-ae11-4cde-bc96-bb863fb3432e: no agents available; will retry on subsequent port and subnet creation events.
2026-07-14 00:41:19.698 8 INFO neutron.db.ovn_revision_numbers_db [None req-a5424d63-f2ca-4610-8606-af2dd2055087 04a737e51f7a4bc5b6e554f3cc7757c8 6b0df6724ec547c7b0a5344c96409fcd - - default default] Successfully bumped revision number for resource 01208aae-322e-484b-a008-7a00878d9176 (type: networks) to 1
2026-07-14 00:41:19.804 7 INFO neutron.db.ovn_revision_numbers_db [None req-d12fc9ea-2772-4687-929d-6cb9efb47f2a db09077889a3494e9597ab01091990c1 7450716321b8453590539be55d7bdc09 - - default default] Successfully bumped revision number for resource ff8163bf-abf0-49f2-b669-817e00dc0881 (type: router_ports) to 1 [pid: 7|app: 0|req: 713/1551] 10.0.0.145 () {34 vars in 782 bytes} [Tue Jul 14 00:41:17 2026] PUT /v2.0/routers/148fa74e-c844-4d16-b2f8-95e0dd04bf50/add_router_interface => generated 310 bytes in 1937 msecs (HTTP/1.1 200) 4 headers in 157 bytes (1 switches on core 0)
2026-07-14 00:41:20.093 7 WARNING neutron.scheduler.dhcp_agent_scheduler [req-3848e5f9-6871-45f2-b9b3-ee28359ee3fd req-d6e23f29-ec91-4ec1-9805-79d1a06d42a0 3e92e57ca9824684928c050e636dd200 7eccf995a099440fa4618eca6141e20c - - default default] No more DHCP agents
2026-07-14 00:41:20.095 7 WARNING neutron.api.rpc.agentnotifiers.dhcp_rpc_agent_api [req-3848e5f9-6871-45f2-b9b3-ee28359ee3fd req-d6e23f29-ec91-4ec1-9805-79d1a06d42a0 3e92e57ca9824684928c050e636dd200 7eccf995a099440fa4618eca6141e20c - - default default] Unable to schedule network e44fd500-c874-4740-ba61-cf0dc0c5d1b9: no agents available; will retry on subsequent port and subnet creation events.
2026-07-14 00:41:20.112 8 WARNING neutron.scheduler.dhcp_agent_scheduler [None req-a5424d63-f2ca-4610-8606-af2dd2055087 04a737e51f7a4bc5b6e554f3cc7757c8 6b0df6724ec547c7b0a5344c96409fcd - - default default] No more DHCP agents
2026-07-14 00:41:20.115 8 WARNING neutron.api.rpc.agentnotifiers.dhcp_rpc_agent_api [None req-a5424d63-f2ca-4610-8606-af2dd2055087 04a737e51f7a4bc5b6e554f3cc7757c8 6b0df6724ec547c7b0a5344c96409fcd - - default default] Unable to schedule network 01208aae-322e-484b-a008-7a00878d9176: no agents available; will retry on subsequent port and subnet creation events.
2026-07-14 00:41:20.266 7 INFO neutron.db.ovn_revision_numbers_db [req-3848e5f9-6871-45f2-b9b3-ee28359ee3fd req-d6e23f29-ec91-4ec1-9805-79d1a06d42a0 3e92e57ca9824684928c050e636dd200 7eccf995a099440fa4618eca6141e20c - - default default] Successfully bumped revision number for resource 774c6f17-3aa9-41a5-9d0a-2aab5f71f677 (type: ports) to 1 [pid: 7|app: 0|req: 714/1552] 199.204.45.115 () {38 vars in 954 bytes} [Tue Jul 14 00:41:19 2026] POST /v2.0/ports => generated 997 bytes in 494 msecs (HTTP/1.1 201) 4 headers in 162 bytes (1 switches on core 0) /var/lib/openstack/lib/python3.12/site-packages/pycadf/identifier.py:70: UserWarning: Invalid uuid: neutron. To ensure interoperability, identifiers should be a valid uuid. warnings.warn(('Invalid uuid: %s. To ensure interoperability, ' [pid: 7|app: 0|req: 715/1553] 10.0.0.143 () {34 vars in 1069 bytes} [Tue Jul 14 00:41:20 2026] GET /v2.0/ports?fields=security_groups&fields=device_id&device_id=2a346ae5-8083-4b33-a7df-7450ed5504ba => generated 12 bytes in 18 msecs (HTTP/1.1 200) 4 headers in 156 bytes (1 switches on core 0)
2026-07-14 00:41:20.356 8 INFO neutron.db.ovn_revision_numbers_db [None req-a5424d63-f2ca-4610-8606-af2dd2055087 04a737e51f7a4bc5b6e554f3cc7757c8 6b0df6724ec547c7b0a5344c96409fcd - - default default] Successfully bumped revision number for resource 0d79c60b-19a4-4a15-80db-e23f783b7ba1 (type: ports) to 1 [pid: 7|app: 0|req: 716/1554] 10.0.0.145 () {32 vars in 716 bytes} [Tue Jul 14 00:41:20 2026] GET /v2.0/ports/ff8163bf-abf0-49f2-b669-817e00dc0881 => generated 943 bytes in 75 msecs (HTTP/1.1 200) 4 headers in 157 bytes (1 switches on core 0) [pid: 8|app: 0|req: 839/1555] 10.0.0.145 () {34 vars in 669 bytes} [Tue Jul 14 00:41:19 2026] POST /v2.0/networks => generated 670 bytes in 984 msecs (HTTP/1.1 201) 4 headers in 162 bytes (1 switches on core 0)
2026-07-14 00:41:20.455 8 INFO neutron.db.ovn_revision_numbers_db [None req-45b3ee6b-7563-4ba6-95e4-7a6afdf2ab36 - - - - - -] Successfully bumped revision number for resource ff8163bf-abf0-49f2-b669-817e00dc0881 (type: ports) to 2
2026-07-14 00:41:20.821 7 INFO neutron.db.ovn_revision_numbers_db [req-3848e5f9-6871-45f2-b9b3-ee28359ee3fd req-64d3ad01-35a2-4bfc-8dcd-16fc143d6c01 95b1c6bde56844c2b4daf3834e471089 5ecc993afb7e48c8b4d402916edf6984 - - a2f7248b881c42d7afae257b0b79ca4f a2f7248b881c42d7afae257b0b79ca4f] Successfully bumped revision number for resource 774c6f17-3aa9-41a5-9d0a-2aab5f71f677 (type: ports) to 2
2026-07-14 00:41:20.952 8 WARNING neutron.scheduler.dhcp_agent_scheduler [None req-f49bb588-a173-428c-8ae8-72976de085cf db09077889a3494e9597ab01091990c1 7450716321b8453590539be55d7bdc09 - - default default] No more DHCP agents
2026-07-14 00:41:20.953 8 WARNING neutron.api.rpc.agentnotifiers.dhcp_rpc_agent_api [None req-f49bb588-a173-428c-8ae8-72976de085cf db09077889a3494e9597ab01091990c1 7450716321b8453590539be55d7bdc09 - - default default] Unable to schedule network 80ce8c46-9b52-40a2-abdd-955c4d9e0482: no agents available; will retry on subsequent port and subnet creation events.
2026-07-14 00:41:21.037 7 INFO neutron.db.ovn_revision_numbers_db [req-3848e5f9-6871-45f2-b9b3-ee28359ee3fd req-64d3ad01-35a2-4bfc-8dcd-16fc143d6c01 95b1c6bde56844c2b4daf3834e471089 5ecc993afb7e48c8b4d402916edf6984 - - a2f7248b881c42d7afae257b0b79ca4f a2f7248b881c42d7afae257b0b79ca4f] Successfully bumped revision number for resource 774c6f17-3aa9-41a5-9d0a-2aab5f71f677 (type: ports) to 4 [pid: 7|app: 0|req: 717/1556] 199.204.45.115 () {38 vars in 1027 bytes} [Tue Jul 14 00:41:20 2026] PUT /v2.0/ports/774c6f17-3aa9-41a5-9d0a-2aab5f71f677 => generated 1269 bytes in 661 msecs (HTTP/1.1 200) 4 headers in 158 bytes (1 switches on core 0) /var/lib/openstack/lib/python3.12/site-packages/pycadf/identifier.py:70: UserWarning: Invalid uuid: neutron. To ensure interoperability, identifiers should be a valid uuid. warnings.warn(('Invalid uuid: %s. To ensure interoperability, '
2026-07-14 00:41:21.135 8 INFO neutron.db.ovn_revision_numbers_db [None req-f49bb588-a173-428c-8ae8-72976de085cf db09077889a3494e9597ab01091990c1 7450716321b8453590539be55d7bdc09 - - default default] Successfully bumped revision number for resource e78b0d97-cc32-42cf-af3a-87591ece81a9 (type: ports) to 1
2026-07-14 00:41:21.270 7 WARNING neutron.scheduler.dhcp_agent_scheduler [None req-95c95ae3-ae87-42ab-b199-91abda7b1f23 04a737e51f7a4bc5b6e554f3cc7757c8 6b0df6724ec547c7b0a5344c96409fcd - - default default] No more DHCP agents
