2026-07-14 00:41:30.325 7 INFO neutron.services.segments.plugin [-] Client error retrieving segment 4d6ad8eb-e511-425a-8bad-88047428c178 resource provider; error: Placement Client Error (4xx): {"errors": [{"status": 404, "title": "Not Found", "detail": "The resource could not be found.\n\n No resource provider with uuid 4d6ad8eb-e511-425a-8bad-88047428c178 found for delete ", "request_id": "req-c15b3b2d-7ab7-46d4-9b29-1d9b9290b4a3"}]}
2026-07-14 00:41:30.344 7 INFO neutron.services.segments.plugin [-] Client error retrieving segment 4d6ad8eb-e511-425a-8bad-88047428c178 resource provider; error: Placement Client Error (4xx): {"errors": [{"status": 404, "title": "Not Found", "detail": "The resource could not be found.\n\n No resource provider with uuid 4d6ad8eb-e511-425a-8bad-88047428c178 found for delete ", "request_id": "req-b09fba89-0313-490e-b42d-cbf0cc68dd4d"}]}
2026-07-14 00:41:30.347 7 INFO neutron_taas.services.taas.taas_plugin [None req-91eaed94-e421-4396-85b0-419823f1ed14 db09077889a3494e9597ab01091990c1 7450716321b8453590539be55d7bdc09 - - default default] TaaS: Handle Delete Port: 49d5f79f-e353-480f-b154-85b88bf8c7d7
2026-07-14 00:41:30.352 7 INFO neutron_taas.services.taas.tap_mirror_plugin [None req-91eaed94-e421-4396-85b0-419823f1ed14 db09077889a3494e9597ab01091990c1 7450716321b8453590539be55d7bdc09 - - default default] Tap Mirror: Handle Delete Port: 49d5f79f-e353-480f-b154-85b88bf8c7d7 [pid: 8|app: 0|req: 876/1640] 10.0.0.145 () {32 vars in 739 bytes} [Tue Jul 14 00:41:30 2026] DELETE /v2.0/security-groups/f879c1c2-641d-4d18-ac50-63db55807b53 => generated 0 bytes in 196 msecs (HTTP/1.1 204) 2 headers in 112 bytes (1 switches on core 0) [pid: 8|app: 0|req: 877/1641] 10.0.0.248 () {34 vars in 989 bytes} [Tue Jul 14 00:41:30 2026] GET /v2.0/ports?device_id=527bd40e-0ca7-41ab-aaff-1903ea58e93b => generated 12 bytes in 13 msecs (HTTP/1.1 200) 4 headers in 156 bytes (1 switches on core 0) [pid: 8|app: 0|req: 878/1642] 10.0.0.143 () {34 vars in 1069 bytes} [Tue Jul 14 00:41:30 2026] GET /v2.0/ports?fields=security_groups&fields=device_id&device_id=527bd40e-0ca7-41ab-aaff-1903ea58e93b => generated 12 bytes in 23 msecs (HTTP/1.1 200) 4 headers in 156 bytes (1 switches on core 0) [pid: 7|app: 0|req: 765/1643] 10.0.0.145 () {32 vars in 725 bytes} [Tue Jul 14 00:41:30 2026] DELETE /v2.0/networks/762cc86e-ae11-4cde-bc96-bb863fb3432e => generated 0 bytes in 392 msecs (HTTP/1.1 204) 3 headers in 131 bytes (1 switches on core 0) [pid: 7|app: 0|req: 766/1644] 10.0.0.143 () {34 vars in 989 bytes} [Tue Jul 14 00:41:30 2026] GET /v2.0/ports?device_id=527bd40e-0ca7-41ab-aaff-1903ea58e93b => generated 12 bytes in 19 msecs (HTTP/1.1 200) 4 headers in 156 bytes (1 switches on core 0)
2026-07-14 00:41:30.709 8 INFO neutron.db.segments_db [None req-6bcd5f7b-f6f0-4a06-b839-5821836d6824 db09077889a3494e9597ab01091990c1 7450716321b8453590539be55d7bdc09 - - default default] Added segment 395b5b26-423b-4c8a-a2da-952516426eba of type geneve for network bc0f3769-d34b-4b09-9a17-6075beb0342b
2026-07-14 00:41:30.840 8 INFO neutron.db.ovn_revision_numbers_db [None req-6bcd5f7b-f6f0-4a06-b839-5821836d6824 db09077889a3494e9597ab01091990c1 7450716321b8453590539be55d7bdc09 - - default default] Successfully bumped revision number for resource bc0f3769-d34b-4b09-9a17-6075beb0342b (type: networks) to 1
2026-07-14 00:41:31.067 8 WARNING neutron.scheduler.dhcp_agent_scheduler [None req-6bcd5f7b-f6f0-4a06-b839-5821836d6824 db09077889a3494e9597ab01091990c1 7450716321b8453590539be55d7bdc09 - - default default] No more DHCP agents
2026-07-14 00:41:31.069 8 WARNING neutron.api.rpc.agentnotifiers.dhcp_rpc_agent_api [None req-6bcd5f7b-f6f0-4a06-b839-5821836d6824 db09077889a3494e9597ab01091990c1 7450716321b8453590539be55d7bdc09 - - default default] Unable to schedule network bc0f3769-d34b-4b09-9a17-6075beb0342b: no agents available; will retry on subsequent port and subnet creation events. [pid: 7|app: 0|req: 767/1645] 10.0.0.145 () {32 vars in 739 bytes} [Tue Jul 14 00:41:30 2026] DELETE /v2.0/security-groups/fcf920ed-acb3-4a2f-9893-661316724bd8 => generated 0 bytes in 194 msecs (HTTP/1.1 204) 2 headers in 112 bytes (1 switches on core 0)
2026-07-14 00:41:31.093 7 INFO neutron.api.v2.resource [None req-40a81f5e-06c8-4ef0-bb8e-3d704b6cbc77 3e92e57ca9824684928c050e636dd200 7eccf995a099440fa4618eca6141e20c - - default default] show failed (client error): The resource could not be found. [pid: 7|app: 0|req: 768/1646] 10.0.0.145 () {32 vars in 736 bytes} [Tue Jul 14 00:41:31 2026] GET /v2.0/security-groups/fcf920ed-acb3-4a2f-9893-661316724bd8 => generated 146 bytes in 13 msecs (HTTP/1.1 404) 4 headers in 164 bytes (1 switches on core 0)
2026-07-14 00:41:31.162 8 INFO neutron.db.ovn_revision_numbers_db [None req-6bcd5f7b-f6f0-4a06-b839-5821836d6824 db09077889a3494e9597ab01091990c1 7450716321b8453590539be55d7bdc09 - - default default] Successfully bumped revision number for resource 55269e65-e57b-4502-a22a-38991eaa6ef8 (type: ports) to 1 [pid: 8|app: 0|req: 879/1647] 10.0.0.145 () {34 vars in 669 bytes} [Tue Jul 14 00:41:30 2026] POST /v2.0/networks => generated 667 bytes in 591 msecs (HTTP/1.1 201) 4 headers in 162 bytes (1 switches on core 0)
2026-07-14 00:41:31.251 7 INFO neutron_taas.services.taas.taas_plugin [None req-37fd1ae6-08fb-4a49-966a-0f799a4a8f40 3e92e57ca9824684928c050e636dd200 7eccf995a099440fa4618eca6141e20c - - default default] TaaS: Handle Delete Port: 9fd16b80-d574-4330-bb98-9ab82bee9fee
2026-07-14 00:41:31.254 7 INFO neutron_taas.services.taas.tap_mirror_plugin [None req-37fd1ae6-08fb-4a49-966a-0f799a4a8f40 3e92e57ca9824684928c050e636dd200 7eccf995a099440fa4618eca6141e20c - - default default] Tap Mirror: Handle Delete Port: 9fd16b80-d574-4330-bb98-9ab82bee9fee
2026-07-14 00:41:31.351 8 WARNING neutron.scheduler.dhcp_agent_scheduler [None req-79c5a59b-0e9b-47b0-883f-a32c9ccf2e4f db09077889a3494e9597ab01091990c1 7450716321b8453590539be55d7bdc09 - - default default] No more DHCP agents
2026-07-14 00:41:31.352 8 WARNING neutron.api.rpc.agentnotifiers.dhcp_rpc_agent_api [None req-79c5a59b-0e9b-47b0-883f-a32c9ccf2e4f db09077889a3494e9597ab01091990c1 7450716321b8453590539be55d7bdc09 - - default default] Unable to schedule network bc0f3769-d34b-4b09-9a17-6075beb0342b: no agents available; will retry on subsequent port and subnet creation events. [pid: 7|app: 0|req: 769/1648] 10.0.0.145 () {32 vars in 731 bytes} [Tue Jul 14 00:41:31 2026] DELETE /v2.0/floatingips/604e01f6-86e7-491c-9413-9146f2948799 => generated 0 bytes in 336 msecs (HTTP/1.1 204) 2 headers in 112 bytes (1 switches on core 0)
2026-07-14 00:41:31.646 8 WARNING neutron.plugins.ml2.drivers.ovn.mech_driver.ovsdb.ovn_client [None req-5954f1d6-b98a-43ca-ab65-90083f57b085 - - - - - -] No port found with ID e78b0d97-cc32-42cf-af3a-87591ece81a9: RuntimeError: No port found with ID e78b0d97-cc32-42cf-af3a-87591ece81a9 [pid: 7|app: 0|req: 770/1649] 10.0.0.145 () {32 vars in 739 bytes} [Tue Jul 14 00:41:31 2026] DELETE /v2.0/security-groups/14407ecc-cef0-4fe5-98ca-8429bf55eb29 => generated 0 bytes in 223 msecs (HTTP/1.1 204) 2 headers in 112 bytes (1 switches on core 0)
2026-07-14 00:41:31.672 8 INFO neutron.plugins.ml2.drivers.ovn.mech_driver.mech_driver [None req-5954f1d6-b98a-43ca-ab65-90083f57b085 - - - - - -] OVN reports status down for port: 27051941-170a-4980-9c87-ac5c48f6e227
2026-07-14 00:41:31.723 8 INFO neutron.plugins.ml2.drivers.ovn.mech_driver.mech_driver [None req-5954f1d6-b98a-43ca-ab65-90083f57b085 - - - - - -] OVN reports status down for port: 55269e65-e57b-4502-a22a-38991eaa6ef8
2026-07-14 00:41:31.951 8 INFO neutron.db.ovn_revision_numbers_db [None req-79c5a59b-0e9b-47b0-883f-a32c9ccf2e4f db09077889a3494e9597ab01091990c1 7450716321b8453590539be55d7bdc09 - - default default] Successfully bumped revision number for resource 55269e65-e57b-4502-a22a-38991eaa6ef8 (type: ports) to 2
2026-07-14 00:41:31.995 8 INFO neutron.db.ovn_revision_numbers_db [None req-79c5a59b-0e9b-47b0-883f-a32c9ccf2e4f db09077889a3494e9597ab01091990c1 7450716321b8453590539be55d7bdc09 - - default default] Successfully bumped revision number for resource da959fa7-84c7-4a39-b6d8-1223c7789b75 (type: subnets) to 0 [pid: 8|app: 0|req: 880/1650] 10.0.0.145 () {34 vars in 668 bytes} [Tue Jul 14 00:41:31 2026] POST /v2.0/subnets => generated 626 bytes in 821 msecs (HTTP/1.1 201) 4 headers in 162 bytes (1 switches on core 0)
2026-07-14 00:41:32.022 7 INFO neutron_taas.services.taas.taas_plugin [None req-8a4e3d76-7c11-43dd-aa82-4ebe1b2b2c06 f1cd95796fba4bc1a8159fc7bfcfa847 39d4ad338ccb47198d5b00974e1083f7 - - default default] TaaS: Handle Delete Port: a56d3bfb-75fe-4237-addd-d31f07eb800a
2026-07-14 00:41:32.026 7 INFO neutron_taas.services.taas.tap_mirror_plugin [None req-8a4e3d76-7c11-43dd-aa82-4ebe1b2b2c06 f1cd95796fba4bc1a8159fc7bfcfa847 39d4ad338ccb47198d5b00974e1083f7 - - default default] Tap Mirror: Handle Delete Port: a56d3bfb-75fe-4237-addd-d31f07eb800a
2026-07-14 00:41:32.142 8 INFO neutron.db.ovn_revision_numbers_db [None req-534fefcc-8375-48fd-a6e6-0fa0bdaec967 db09077889a3494e9597ab01091990c1 7450716321b8453590539be55d7bdc09 - - default default] Successfully bumped revision number for resource 020ce224-d7dd-492f-889a-40d6cb037b36 (type: routers) to 1 [pid: 8|app: 0|req: 881/1651] 10.0.0.145 () {34 vars in 668 bytes} [Tue Jul 14 00:41:32 2026] POST /v2.0/routers => generated 623 bytes in 142 msecs (HTTP/1.1 201) 4 headers in 162 bytes (1 switches on core 0)
2026-07-14 00:41:32.356 7 INFO neutron.services.segments.plugin [-] Segment 7d02de77-1e50-48bf-ab12-960c53bce89a resource provider aggregate not found
2026-07-14 00:41:32.375 7 INFO neutron.services.segments.plugin [-] Segment 7d02de77-1e50-48bf-ab12-960c53bce89a resource provider aggregate not found
2026-07-14 00:41:32.384 7 INFO neutron.services.segments.plugin [-] Client error retrieving segment 7d02de77-1e50-48bf-ab12-960c53bce89a resource provider; error: Placement Client Error (4xx): {"errors": [{"status": 404, "title": "Not Found", "detail": "The resource could not be found.\n\n No resource provider with uuid 7d02de77-1e50-48bf-ab12-960c53bce89a found for delete ", "request_id": "req-dd3b5ed6-5f65-4103-bf18-125f9d20c5cf"}]}
2026-07-14 00:41:32.397 7 INFO neutron.services.segments.plugin [-] Client error retrieving segment 7d02de77-1e50-48bf-ab12-960c53bce89a resource provider; error: Placement Client Error (4xx): {"errors": [{"status": 404, "title": "Not Found", "detail": "The resource could not be found.\n\n No resource provider with uuid 7d02de77-1e50-48bf-ab12-960c53bce89a found for delete ", "request_id": "req-9758fc01-da23-48cc-b698-879c77ed6c28"}]}
2026-07-14 00:41:32.444 8 WARNING neutron.scheduler.dhcp_agent_scheduler [None req-d454fd85-ece4-4242-8b3e-b30dfe09ceee db09077889a3494e9597ab01091990c1 7450716321b8453590539be55d7bdc09 - - default default] No more DHCP agents
2026-07-14 00:41:32.445 8 WARNING neutron.api.rpc.agentnotifiers.dhcp_rpc_agent_api [None req-d454fd85-ece4-4242-8b3e-b30dfe09ceee db09077889a3494e9597ab01091990c1 7450716321b8453590539be55d7bdc09 - - default default] Unable to schedule network bc0f3769-d34b-4b09-9a17-6075beb0342b: no agents available; will retry on subsequent port and subnet creation events.
2026-07-14 00:41:32.556 8 INFO neutron.plugins.ml2.drivers.ovn.mech_driver.mech_driver [None req-5954f1d6-b98a-43ca-ab65-90083f57b085 - - - - - -] OVN reports status down for port: c5660508-88dd-47fc-a954-5df925aa45e8
2026-07-14 00:41:32.625 8 INFO neutron.db.ovn_revision_numbers_db [None req-d454fd85-ece4-4242-8b3e-b30dfe09ceee db09077889a3494e9597ab01091990c1 7450716321b8453590539be55d7bdc09 - - default default] Successfully bumped revision number for resource c5660508-88dd-47fc-a954-5df925aa45e8 (type: ports) to 1 [pid: 8|app: 0|req: 882/1652] 10.0.0.145 () {34 vars in 664 bytes} [Tue Jul 14 00:41:32 2026] POST /v2.0/ports => generated 948 bytes in 494 msecs (HTTP/1.1 201) 4 headers in 162 bytes (1 switches on core 0) /var/lib/openstack/lib/python3.12/site-packages/pycadf/identifier.py:70: UserWarning: Invalid uuid: neutron. To ensure interoperability, identifiers should be a valid uuid. warnings.warn(('Invalid uuid: %s. To ensure interoperability, ' [pid: 7|app: 0|req: 771/1653] 10.0.0.145 () {34 vars in 788 bytes} [Tue Jul 14 00:41:31 2026] PUT /v2.0/routers/0651585d-8e77-4da4-ba5e-658dba74b6a8/remove_router_interface => generated 310 bytes in 1002 msecs (HTTP/1.1 200) 4 headers in 157 bytes (1 switches on core 0) /var/lib/openstack/lib/python3.12/site-packages/pycadf/identifier.py:70: UserWarning: Invalid uuid: neutron. To ensure interoperability, identifiers should be a valid uuid. warnings.warn(('Invalid uuid: %s. To ensure interoperability, '
2026-07-14 00:41:33.108 7 INFO neutron_taas.services.taas.taas_plugin [None req-0f7a7207-8edd-4a01-91e2-6f30e1abda1f f1cd95796fba4bc1a8159fc7bfcfa847 39d4ad338ccb47198d5b00974e1083f7 - - default default] TaaS: Handle Delete Port: 2eb26588-c385-4b1b-909f-94a0895b3168
2026-07-14 00:41:33.111 7 INFO neutron_taas.services.taas.tap_mirror_plugin [None req-0f7a7207-8edd-4a01-91e2-6f30e1abda1f f1cd95796fba4bc1a8159fc7bfcfa847 39d4ad338ccb47198d5b00974e1083f7 - - default default] Tap Mirror: Handle Delete Port: 2eb26588-c385-4b1b-909f-94a0895b3168
2026-07-14 00:41:33.272 8 INFO neutron.plugins.ml2.drivers.ovn.mech_driver.mech_driver [None req-5954f1d6-b98a-43ca-ab65-90083f57b085 - - - - - -] OVN reports status up for port: c5660508-88dd-47fc-a954-5df925aa45e8
2026-07-14 00:41:33.309 8 INFO neutron.plugins.ml2.plugin [None req-5954f1d6-b98a-43ca-ab65-90083f57b085 - - - - - -] Attempt 1 to provision port c5660508-88dd-47fc-a954-5df925aa45e8
2026-07-14 00:41:33.321 8 INFO neutron.db.ovn_revision_numbers_db [None req-3d8a0d7d-11f8-4dbc-b59e-ca0855a2b05e db09077889a3494e9597ab01091990c1 7450716321b8453590539be55d7bdc09 - - default default] Successfully bumped revision number for resource c5660508-88dd-47fc-a954-5df925aa45e8 (type: ports) to 2 [pid: 7|app: 0|req: 772/1654] 10.0.0.145 () {32 vars in 723 bytes} [Tue Jul 14 00:41:32 2026] DELETE /v2.0/routers/0651585d-8e77-4da4-ba5e-658dba74b6a8 => generated 0 bytes in 910 msecs (HTTP/1.1 204) 2 headers in 112 bytes (1 switches on core 0) [pid: 7|app: 0|req: 773/1655] 10.0.0.145 () {32 vars in 723 bytes} [Tue Jul 14 00:41:33 2026] DELETE /v2.0/subnets/72612ede-0987-4f9a-850b-6a238f44040d => generated 0 bytes in 219 msecs (HTTP/1.1 204) 3 headers in 131 bytes (1 switches on core 0)
2026-07-14 00:41:34.002 7 INFO neutron_taas.services.taas.taas_plugin [None req-7da21b6d-fb5a-463b-b8c9-ce89f03a3a85 f1cd95796fba4bc1a8159fc7bfcfa847 39d4ad338ccb47198d5b00974e1083f7 - - default default] TaaS: Handle Delete Port: c6916318-0401-4ea7-a5f3-4b4d22b9aa35
2026-07-14 00:41:34.004 7 INFO neutron_taas.services.taas.tap_mirror_plugin [None req-7da21b6d-fb5a-463b-b8c9-ce89f03a3a85 f1cd95796fba4bc1a8159fc7bfcfa847 39d4ad338ccb47198d5b00974e1083f7 - - default default] Tap Mirror: Handle Delete Port: c6916318-0401-4ea7-a5f3-4b4d22b9aa35
2026-07-14 00:41:34.061 8 INFO neutron.db.ovn_revision_numbers_db [None req-5954f1d6-b98a-43ca-ab65-90083f57b085 - - - - - -] Successfully bumped revision number for resource c5660508-88dd-47fc-a954-5df925aa45e8 (type: ports) to 3 [pid: 7|app: 0|req: 774/1656] 10.0.0.145 () {32 vars in 725 bytes} [Tue Jul 14 00:41:33 2026] DELETE /v2.0/networks/e44fd500-c874-4740-ba61-cf0dc0c5d1b9 => generated 0 bytes in 383 msecs (HTTP/1.1 204) 3 headers in 131 bytes (1 switches on core 0)
2026-07-14 00:41:34.401 7 INFO neutron.services.segments.plugin [-] Segment 00ae5d70-bbe2-478f-9e63-29d999fcab83 resource provider aggregate not found
2026-07-14 00:41:34.420 7 INFO neutron.services.segments.plugin [-] Client error retrieving segment 00ae5d70-bbe2-478f-9e63-29d999fcab83 resource provider; error: Placement Client Error (4xx): {"errors": [{"status": 404, "title": "Not Found", "detail": "The resource could not be found.\n\n No resource provider with uuid 00ae5d70-bbe2-478f-9e63-29d999fcab83 found for delete ", "request_id": "req-507a8a62-bab9-46bc-b318-136607dd8aa2"}]}
2026-07-14 00:41:34.427 7 INFO neutron.services.segments.plugin [-] Segment 00ae5d70-bbe2-478f-9e63-29d999fcab83 resource provider aggregate not found
2026-07-14 00:41:34.446 7 INFO neutron.services.segments.plugin [-] Client error retrieving segment 00ae5d70-bbe2-478f-9e63-29d999fcab83 resource provider; error: Placement Client Error (4xx): {"errors": [{"status": 404, "title": "Not Found", "detail": "The resource could not be found.\n\n No resource provider with uuid 00ae5d70-bbe2-478f-9e63-29d999fcab83 found for delete ", "request_id": "req-4563039e-2005-4bab-bbda-dd08a14533ff"}]}
2026-07-14 00:41:34.460 8 WARNING neutron.scheduler.dhcp_agent_scheduler [None req-3d8a0d7d-11f8-4dbc-b59e-ca0855a2b05e db09077889a3494e9597ab01091990c1 7450716321b8453590539be55d7bdc09 - - default default] No more DHCP agents
2026-07-14 00:41:34.461 8 WARNING neutron.api.rpc.agentnotifiers.dhcp_rpc_agent_api [None req-3d8a0d7d-11f8-4dbc-b59e-ca0855a2b05e db09077889a3494e9597ab01091990c1 7450716321b8453590539be55d7bdc09 - - default default] Unable to schedule network bc0f3769-d34b-4b09-9a17-6075beb0342b: no agents available; will retry on subsequent port and subnet creation events.
2026-07-14 00:41:34.692 8 INFO neutron.db.ovn_revision_numbers_db [None req-3d8a0d7d-11f8-4dbc-b59e-ca0855a2b05e db09077889a3494e9597ab01091990c1 7450716321b8453590539be55d7bdc09 - - default default] Successfully bumped revision number for resource c5660508-88dd-47fc-a954-5df925aa45e8 (type: router_ports) to 3 [pid: 8|app: 0|req: 883/1657] 10.0.0.145 () {34 vars in 782 bytes} [Tue Jul 14 00:41:32 2026] PUT /v2.0/routers/020ce224-d7dd-492f-889a-40d6cb037b36/add_router_interface => generated 310 bytes in 2034 msecs (HTTP/1.1 200) 4 headers in 157 bytes (1 switches on core 0) /var/lib/openstack/lib/python3.12/site-packages/pycadf/identifier.py:70: UserWarning: Invalid uuid: neutron. To ensure interoperability, identifiers should be a valid uuid. warnings.warn(('Invalid uuid: %s. To ensure interoperability, '
2026-07-14 00:41:34.796 7 WARNING neutron.scheduler.dhcp_agent_scheduler [None req-65dfdd44-cc8d-4c3f-a16c-ad65cf8d24f2 8628e20c2a70403893abf09ed68ab03a 3b706787031744d4b49a6148ecc11a16 - - default default] No more DHCP agents
2026-07-14 00:41:34.798 7 WARNING neutron.api.rpc.agentnotifiers.dhcp_rpc_agent_api [None req-65dfdd44-cc8d-4c3f-a16c-ad65cf8d24f2 8628e20c2a70403893abf09ed68ab03a 3b706787031744d4b49a6148ecc11a16 - - default default] Unable to schedule network 7225c6d6-a29f-4b6b-aed9-0ae0301300c3: no agents available; will retry on subsequent port and subnet creation events.
2026-07-14 00:41:35.000 8 INFO neutron_taas.services.taas.taas_plugin [None req-f6e8ac48-afdd-42d6-9b85-40675b9917ab f1cd95796fba4bc1a8159fc7bfcfa847 39d4ad338ccb47198d5b00974e1083f7 - - default default] TaaS: Handle Delete Port: e45932c3-11e1-4bce-918e-718c4d722c98
2026-07-14 00:41:35.003 8 INFO neutron_taas.services.taas.tap_mirror_plugin [None req-f6e8ac48-afdd-42d6-9b85-40675b9917ab f1cd95796fba4bc1a8159fc7bfcfa847 39d4ad338ccb47198d5b00974e1083f7 - - default default] Tap Mirror: Handle Delete Port: e45932c3-11e1-4bce-918e-718c4d722c98 [pid: 7|app: 0|req: 775/1658] 10.0.0.145 () {34 vars in 675 bytes} [Tue Jul 14 00:41:34 2026] POST /v2.0/floatingips => generated 552 bytes in 835 msecs (HTTP/1.1 201) 4 headers in 162 bytes (1 switches on core 0) [pid: 7|app: 0|req: 776/1659] 10.0.0.145 () {32 vars in 716 bytes} [Tue Jul 14 00:41:35 2026] GET /v2.0/ports/c5660508-88dd-47fc-a954-5df925aa45e8 => generated 1010 bytes in 75 msecs (HTTP/1.1 200) 4 headers in 158 bytes (1 switches on core 0)
2026-07-14 00:41:35.318 7 WARNING neutron.db.securitygroups_db [None req-977fb801-f961-45cc-a048-91d1010ede21 f1cd95796fba4bc1a8159fc7bfcfa847 39d4ad338ccb47198d5b00974e1083f7 - - default default] project_id key not found in filters, using tenant_id instead. This support has been deprecated and will be removed in a future release.
2026-07-14 00:41:35.432 7 INFO neutron.db.ovn_revision_numbers_db [None req-977fb801-f961-45cc-a048-91d1010ede21 f1cd95796fba4bc1a8159fc7bfcfa847 39d4ad338ccb47198d5b00974e1083f7 - - default default] Successfully bumped revision number for resource 34a0cce4-b53b-4ea8-b011-559ef923086a (type: security_groups) to 1
2026-07-14 00:41:35.444 7 INFO neutron.db.ovn_revision_numbers_db [None req-977fb801-f961-45cc-a048-91d1010ede21 f1cd95796fba4bc1a8159fc7bfcfa847 39d4ad338ccb47198d5b00974e1083f7 - - default default] Successfully bumped revision number for resource 4c1ded7f-9b4b-43c1-8953-5ba49a379d4f (type: security_group_rules) to 0
2026-07-14 00:41:35.455 7 INFO neutron.db.ovn_revision_numbers_db [None req-977fb801-f961-45cc-a048-91d1010ede21 f1cd95796fba4bc1a8159fc7bfcfa847 39d4ad338ccb47198d5b00974e1083f7 - - default default] Successfully bumped revision number for resource 6c07dc1f-59a5-451f-abc4-bb899374896a (type: security_group_rules) to 0
2026-07-14 00:41:35.468 7 INFO neutron.db.ovn_revision_numbers_db [None req-977fb801-f961-45cc-a048-91d1010ede21 f1cd95796fba4bc1a8159fc7bfcfa847 39d4ad338ccb47198d5b00974e1083f7 - - default default] Successfully bumped revision number for resource a9fe6a7c-dcb7-4bd0-a017-a14097fa6ff8 (type: security_group_rules) to 0
2026-07-14 00:41:35.480 7 INFO neutron.db.ovn_revision_numbers_db [None req-977fb801-f961-45cc-a048-91d1010ede21 f1cd95796fba4bc1a8159fc7bfcfa847 39d4ad338ccb47198d5b00974e1083f7 - - default default] Successfully bumped revision number for resource f0b97ded-4ef9-48d1-8008-5dfe30dd69f2 (type: security_group_rules) to 0 [pid: 7|app: 0|req: 777/1660] 10.0.0.145 () {32 vars in 773 bytes} [Tue Jul 14 00:41:35 2026] GET /v2.0/security-groups?tenant_id=86316637f4d0424899d31b9e1ada9214&name=default => generated 2925 bytes in 358 msecs (HTTP/1.1 200) 4 headers in 158 bytes (1 switches on core 0)
2026-07-14 00:41:35.536 7 WARNING tagging [None req-9a0dc22b-336c-4a09-acf3-966b8afb1393 8628e20c2a70403893abf09ed68ab03a 3b706787031744d4b49a6148ecc11a16 - - default default] project_id key not found in request, using tenant_id instead. This support has been deprecated and will be removed in a future release. [pid: 7|app: 0|req: 778/1661] 10.0.0.145 () {34 vars in 758 bytes} [Tue Jul 14 00:41:35 2026] PUT /v2.0/floatingips/305eb0bf-2b14-4641-a950-d9c292b5181d/tags => generated 25 bytes in 87 msecs (HTTP/1.1 200) 4 headers in 156 bytes (1 switches on core 0) [pid: 8|app: 0|req: 884/1662] 10.0.0.145 () {34 vars in 788 bytes} [Tue Jul 14 00:41:34 2026] PUT /v2.0/routers/9745e8cf-b78f-4679-ab80-96153384eda7/remove_router_interface => generated 310 bytes in 912 msecs (HTTP/1.1 200) 4 headers in 157 bytes (1 switches on core 0) /var/lib/openstack/lib/python3.12/site-packages/pycadf/identifier.py:70: UserWarning: Invalid uuid: neutron. To ensure interoperability, identifiers should be a valid uuid. warnings.warn(('Invalid uuid: %s. To ensure interoperability, ' [pid: 8|app: 0|req: 885/1663] 10.0.0.145 () {32 vars in 739 bytes} [Tue Jul 14 00:41:35 2026] DELETE /v2.0/security-groups/34a0cce4-b53b-4ea8-b011-559ef923086a => generated 0 bytes in 218 msecs (HTTP/1.1 204) 2 headers in 112 bytes (1 switches on core 0)
2026-07-14 00:41:35.873 8 WARNING tagging [None req-1778d18b-8995-4c66-8529-4311ee0e3b79 8628e20c2a70403893abf09ed68ab03a 3b706787031744d4b49a6148ecc11a16 - - default default] project_id key not found in request, using tenant_id instead. This support has been deprecated and will be removed in a future release. [pid: 8|app: 0|req: 886/1664] 10.0.0.145 () {32 vars in 738 bytes} [Tue Jul 14 00:41:35 2026] GET /v2.0/floatingips/305eb0bf-2b14-4641-a950-d9c292b5181d/tags => generated 25 bytes in 79 msecs (HTTP/1.1 200) 4 headers in 156 bytes (1 switches on core 0)
2026-07-14 00:41:35.973 7 INFO neutron_taas.services.taas.taas_plugin [None req-7a6979cd-976c-40a8-bbb0-e9099f339c27 db09077889a3494e9597ab01091990c1 7450716321b8453590539be55d7bdc09 - - default default] TaaS: Handle Delete Port: c5660508-88dd-47fc-a954-5df925aa45e8
2026-07-14 00:41:35.978 7 INFO neutron_taas.services.taas.tap_mirror_plugin [None req-7a6979cd-976c-40a8-bbb0-e9099f339c27 db09077889a3494e9597ab01091990c1 7450716321b8453590539be55d7bdc09 - - default default] Tap Mirror: Handle Delete Port: c5660508-88dd-47fc-a954-5df925aa45e8
2026-07-14 00:41:36.211 8 INFO neutron_taas.services.taas.taas_plugin [None req-5e130d21-bbd6-441d-b6f7-eccb051f4c2b f1cd95796fba4bc1a8159fc7bfcfa847 39d4ad338ccb47198d5b00974e1083f7 - - default default] TaaS: Handle Delete Port: faf83d9e-486a-4c01-9629-1b7810e4127b
2026-07-14 00:41:36.213 8 INFO neutron_taas.services.taas.tap_mirror_plugin [None req-5e130d21-bbd6-441d-b6f7-eccb051f4c2b f1cd95796fba4bc1a8159fc7bfcfa847 39d4ad338ccb47198d5b00974e1083f7 - - default default] Tap Mirror: Handle Delete Port: faf83d9e-486a-4c01-9629-1b7810e4127b [pid: 7|app: 0|req: 779/1665] 10.0.0.145 () {34 vars in 788 bytes} [Tue Jul 14 00:41:35 2026] PUT /v2.0/routers/020ce224-d7dd-492f-889a-40d6cb037b36/remove_router_interface => generated 310 bytes in 723 msecs (HTTP/1.1 200) 4 headers in 157 bytes (1 switches on core 0) /var/lib/openstack/lib/python3.12/site-packages/pycadf/identifier.py:70: UserWarning: Invalid uuid: neutron. To ensure interoperability, identifiers should be a valid uuid. warnings.warn(('Invalid uuid: %s. To ensure interoperability, '
2026-07-14 00:41:36.354 7 WARNING tagging [None req-ddd1a0a3-4c24-4fd1-93ad-085589d4a9e0 8628e20c2a70403893abf09ed68ab03a 3b706787031744d4b49a6148ecc11a16 - - default default] project_id key not found in request, using tenant_id instead. This support has been deprecated and will be removed in a future release. [pid: 7|app: 0|req: 780/1666] 10.0.0.145 () {34 vars in 769 bytes} [Tue Jul 14 00:41:36 2026] PUT /v2.0/floatingips/305eb0bf-2b14-4641-a950-d9c292b5181d/tags/green => generated 4 bytes in 91 msecs (HTTP/1.1 201) 4 headers in 160 bytes (1 switches on core 0)
2026-07-14 00:41:36.425 7 WARNING neutron.db.securitygroups_db [None req-4be444cf-d3ed-4f88-ae11-f0b3499b75ff f1cd95796fba4bc1a8159fc7bfcfa847 39d4ad338ccb47198d5b00974e1083f7 - - default default] project_id key not found in filters, using tenant_id instead. This support has been deprecated and will be removed in a future release.
2026-07-14 00:41:36.550 7 INFO neutron.db.ovn_revision_numbers_db [None req-4be444cf-d3ed-4f88-ae11-f0b3499b75ff f1cd95796fba4bc1a8159fc7bfcfa847 39d4ad338ccb47198d5b00974e1083f7 - - default default] Successfully bumped revision number for resource e2d5a4ab-4c5e-492b-bb4b-18ac08ee3e0c (type: security_groups) to 1
2026-07-14 00:41:36.563 7 INFO neutron.db.ovn_revision_numbers_db [None req-4be444cf-d3ed-4f88-ae11-f0b3499b75ff f1cd95796fba4bc1a8159fc7bfcfa847 39d4ad338ccb47198d5b00974e1083f7 - - default default] Successfully bumped revision number for resource 7e11c474-9734-4370-814f-b787211511ff (type: security_group_rules) to 0
2026-07-14 00:41:36.578 7 INFO neutron.db.ovn_revision_numbers_db [None req-4be444cf-d3ed-4f88-ae11-f0b3499b75ff f1cd95796fba4bc1a8159fc7bfcfa847 39d4ad338ccb47198d5b00974e1083f7 - - default default] Successfully bumped revision number for resource b9dd45e1-3392-428e-a086-28283858a4c2 (type: security_group_rules) to 0
2026-07-14 00:41:36.594 7 INFO neutron.db.ovn_revision_numbers_db [None req-4be444cf-d3ed-4f88-ae11-f0b3499b75ff f1cd95796fba4bc1a8159fc7bfcfa847 39d4ad338ccb47198d5b00974e1083f7 - - default default] Successfully bumped revision number for resource bae4e677-38bf-4688-8a1d-2ebd98ca3780 (type: security_group_rules) to 0
2026-07-14 00:41:36.612 7 INFO neutron.db.ovn_revision_numbers_db [None req-4be444cf-d3ed-4f88-ae11-f0b3499b75ff f1cd95796fba4bc1a8159fc7bfcfa847 39d4ad338ccb47198d5b00974e1083f7 - - default default] Successfully bumped revision number for resource d38e74d4-4b71-4ab1-a486-53f0d15faf0f (type: security_group_rules) to 0 [pid: 8|app: 0|req: 887/1667] 10.0.0.145 () {32 vars in 723 bytes} [Tue Jul 14 00:41:35 2026] DELETE /v2.0/routers/9745e8cf-b78f-4679-ab80-96153384eda7 => generated 0 bytes in 734 msecs (HTTP/1.1 204) 2 headers in 112 bytes (1 switches on core 0) [pid: 7|app: 0|req: 781/1668] 10.0.0.145 () {32 vars in 773 bytes} [Tue Jul 14 00:41:36 2026] GET /v2.0/security-groups?tenant_id=d124d3903f784187bd51f8f926dc4e36&name=default => generated 2925 bytes in 232 msecs (HTTP/1.1 200) 4 headers in 158 bytes (1 switches on core 0)
2026-07-14 00:41:36.673 7 WARNING tagging [None req-117f54ee-6589-4f1d-ba12-ab31f7d5b230 8628e20c2a70403893abf09ed68ab03a 3b706787031744d4b49a6148ecc11a16 - - default default] project_id key not found in request, using tenant_id instead. This support has been deprecated and will be removed in a future release. [pid: 7|app: 0|req: 782/1669] 10.0.0.145 () {32 vars in 738 bytes} [Tue Jul 14 00:41:36 2026] GET /v2.0/floatingips/305eb0bf-2b14-4641-a950-d9c292b5181d/tags => generated 34 bytes in 43 msecs (HTTP/1.1 200) 4 headers in 156 bytes (1 switches on core 0)
2026-07-14 00:41:36.725 8 INFO neutron.api.v2.resource [None req-31e9c517-a36d-442d-aa78-c13e0c3fb000 db09077889a3494e9597ab01091990c1 7450716321b8453590539be55d7bdc09 - - default default] remove_router_interface failed (client error): The resource could not be found. [pid: 8|app: 0|req: 888/1670] 10.0.0.145 () {34 vars in 788 bytes} [Tue Jul 14 00:41:36 2026] PUT /v2.0/routers/020ce224-d7dd-492f-889a-40d6cb037b36/remove_router_interface => generated 197 bytes in 83 msecs (HTTP/1.1 404) 4 headers in 164 bytes (1 switches on core 0) [pid: 7|app: 0|req: 783/1671] 10.0.0.145 () {32 vars in 723 bytes} [Tue Jul 14 00:41:36 2026] DELETE /v2.0/subnets/4f065d7e-e2bc-4e3e-95c2-6f425a81e049 => generated 0 bytes in 204 msecs (HTTP/1.1 204) 3 headers in 131 bytes (1 switches on core 0)
2026-07-14 00:41:36.923 7 WARNING tagging [None req-02ea708e-e1eb-4f7c-ad5b-06c80651d1a6 8628e20c2a70403893abf09ed68ab03a 3b706787031744d4b49a6148ecc11a16 - - default default] project_id key not found in request, using tenant_id instead. This support has been deprecated and will be removed in a future release. [pid: 8|app: 0|req: 889/1672] 10.0.0.145 () {32 vars in 739 bytes} [Tue Jul 14 00:41:36 2026] DELETE /v2.0/security-groups/e2d5a4ab-4c5e-492b-bb4b-18ac08ee3e0c => generated 0 bytes in 219 msecs (HTTP/1.1 204) 2 headers in 112 bytes (1 switches on core 0) [pid: 8|app: 0|req: 890/1673] 10.0.0.145 () {32 vars in 735 bytes} [Tue Jul 14 00:41:36 2026] GET /v2.0/ports?device_id=020ce224-d7dd-492f-889a-40d6cb037b36 => generated 12 bytes in 19 msecs (HTTP/1.1 200) 4 headers in 156 bytes (1 switches on core 0) [pid: 7|app: 0|req: 784/1674] 10.0.0.145 () {34 vars in 765 bytes} [Tue Jul 14 00:41:36 2026] PUT /v2.0/floatingips/305eb0bf-2b14-4641-a950-d9c292b5181d/tags/red => generated 4 bytes in 66 msecs (HTTP/1.1 201) 4 headers in 160 bytes (1 switches on core 0)
2026-07-14 00:41:36.992 7 WARNING tagging [None req-57f4b37b-1af7-4df7-ab20-551894196aab 8628e20c2a70403893abf09ed68ab03a 3b706787031744d4b49a6148ecc11a16 - - default default] project_id key not found in request, using tenant_id instead. This support has been deprecated and will be removed in a future release. [pid: 7|app: 0|req: 785/1675] 10.0.0.145 () {32 vars in 738 bytes} [Tue Jul 14 00:41:36 2026] GET /v2.0/floatingips/305eb0bf-2b14-4641-a950-d9c292b5181d/tags => generated 34 bytes in 39 msecs (HTTP/1.1 200) 4 headers in 156 bytes (1 switches on core 0)
2026-07-14 00:41:37.099 8 INFO neutron_taas.services.taas.taas_plugin [None req-d75e15ad-9936-4793-8d99-7f856b806fa1 f1cd95796fba4bc1a8159fc7bfcfa847 39d4ad338ccb47198d5b00974e1083f7 - - default default] TaaS: Handle Delete Port: 3967ff4e-7678-4c4e-a065-7990ca1cd8b7
2026-07-14 00:41:37.101 8 INFO neutron_taas.services.taas.tap_mirror_plugin [None req-d75e15ad-9936-4793-8d99-7f856b806fa1 f1cd95796fba4bc1a8159fc7bfcfa847 39d4ad338ccb47198d5b00974e1083f7 - - default default] Tap Mirror: Handle Delete Port: 3967ff4e-7678-4c4e-a065-7990ca1cd8b7 [pid: 7|app: 0|req: 786/1676] 10.0.0.145 () {32 vars in 723 bytes} [Tue Jul 14 00:41:37 2026] DELETE /v2.0/routers/020ce224-d7dd-492f-889a-40d6cb037b36 => generated 0 bytes in 188 msecs (HTTP/1.1 204) 2 headers in 112 bytes (1 switches on core 0)
2026-07-14 00:41:37.233 7 WARNING tagging [None req-2155bdb7-6f4e-4685-bf25-9636f2a9ae74 8628e20c2a70403893abf09ed68ab03a 3b706787031744d4b49a6148ecc11a16 - - default default] project_id key not found in request, using tenant_id instead. This support has been deprecated and will be removed in a future release. [pid: 7|app: 0|req: 787/1677] 10.0.0.145 () {34 vars in 787 bytes} [Tue Jul 14 00:41:37 2026] PUT /v2.0/floatingips/305eb0bf-2b14-4641-a950-d9c292b5181d/tags/black.or.white => generated 4 bytes in 109 msecs (HTTP/1.1 201) 4 headers in 160 bytes (1 switches on core 0)
2026-07-14 00:41:37.319 8 INFO neutron.services.segments.plugin [-] Segment 447d2f7e-c200-48a8-9289-1635828cabbe resource provider aggregate not found
2026-07-14 00:41:37.330 8 INFO neutron.services.segments.plugin [-] Segment 447d2f7e-c200-48a8-9289-1635828cabbe resource provider aggregate not found
2026-07-14 00:41:37.345 8 INFO neutron.services.segments.plugin [-] Client error retrieving segment 447d2f7e-c200-48a8-9289-1635828cabbe resource provider; error: Placement Client Error (4xx): {"errors": [{"status": 404, "title": "Not Found", "detail": "The resource could not be found.\n\n No resource provider with uuid 447d2f7e-c200-48a8-9289-1635828cabbe found for delete ", "request_id": "req-0d422025-18a6-4824-944b-5036edfd2add"}]}
2026-07-14 00:41:37.346 8 INFO neutron.services.segments.plugin [-] Client error retrieving segment 447d2f7e-c200-48a8-9289-1635828cabbe resource provider; error: Placement Client Error (4xx): {"errors": [{"status": 404, "title": "Not Found", "detail": "The resource could not be found.\n\n No resource provider with uuid 447d2f7e-c200-48a8-9289-1635828cabbe found for delete ", "request_id": "req-cb82a2ea-5244-4d0c-9350-3c5900bc5fe5"}]} [pid: 8|app: 0|req: 891/1678] 10.0.0.145 () {32 vars in 725 bytes} [Tue Jul 14 00:41:36 2026] DELETE /v2.0/networks/6e15d1f1-8136-482a-bf28-086fecdc7b70 => generated 0 bytes in 430 msecs (HTTP/1.1 204) 3 headers in 131 bytes (1 switches on core 0)
2026-07-14 00:41:37.422 8 WARNING tagging [None req-628e6c49-4785-4736-b3fe-e416e0a95fcf 8628e20c2a70403893abf09ed68ab03a 3b706787031744d4b49a6148ecc11a16 - - default default] project_id key not found in request, using tenant_id instead. This support has been deprecated and will be removed in a future release. [pid: 8|app: 0|req: 892/1679] 10.0.0.145 () {32 vars in 738 bytes} [Tue Jul 14 00:41:37 2026] GET /v2.0/floatingips/305eb0bf-2b14-4641-a950-d9c292b5181d/tags => generated 52 bytes in 40 msecs (HTTP/1.1 200) 4 headers in 156 bytes (1 switches on core 0)
2026-07-14 00:41:37.464 8 WARNING tagging [None req-83e11be5-54dc-4f2b-9082-34c575a19c8c 8628e20c2a70403893abf09ed68ab03a 3b706787031744d4b49a6148ecc11a16 - - default default] project_id key not found in request, using tenant_id instead. This support has been deprecated and will be removed in a future release. [pid: 8|app: 0|req: 893/1680] 10.0.0.145 () {34 vars in 758 bytes} [Tue Jul 14 00:41:37 2026] PUT /v2.0/floatingips/305eb0bf-2b14-4641-a950-d9c292b5181d/tags => generated 37 bytes in 65 msecs (HTTP/1.1 200) 4 headers in 156 bytes (1 switches on core 0) [pid: 7|app: 0|req: 788/1681] 10.0.0.145 () {32 vars in 723 bytes} [Tue Jul 14 00:41:37 2026] DELETE /v2.0/subnets/da959fa7-84c7-4a39-b6d8-1223c7789b75 => generated 0 bytes in 197 msecs (HTTP/1.1 204) 3 headers in 131 bytes (1 switches on core 0)
2026-07-14 00:41:37.542 8 WARNING tagging [None req-6fd214b9-1035-4381-9150-ff89935d3023 8628e20c2a70403893abf09ed68ab03a 3b706787031744d4b49a6148ecc11a16 - - default default] project_id key not found in request, using tenant_id instead. This support has been deprecated and will be removed in a future release. [pid: 8|app: 0|req: 894/1682] 10.0.0.145 () {32 vars in 738 bytes} [Tue Jul 14 00:41:37 2026] GET /v2.0/floatingips/305eb0bf-2b14-4641-a950-d9c292b5181d/tags => generated 37 bytes in 49 msecs (HTTP/1.1 200) 4 headers in 156 bytes (1 switches on core 0)
2026-07-14 00:41:37.588 8 WARNING tagging [None req-f21e363b-3d10-42da-8ec9-cba683ace134 8628e20c2a70403893abf09ed68ab03a 3b706787031744d4b49a6148ecc11a16 - - default default] project_id key not found in request, using tenant_id instead. This support has been deprecated and will be removed in a future release. [pid: 8|app: 0|req: 895/1683] 10.0.0.145 () {32 vars in 746 bytes} [Tue Jul 14 00:41:37 2026] GET /v2.0/floatingips/305eb0bf-2b14-4641-a950-d9c292b5181d/tags/red => generated 0 bytes in 44 msecs (HTTP/1.1 204) 2 headers in 112 bytes (1 switches on core 0)
2026-07-14 00:41:37.640 8 WARNING tagging [None req-4fb89c7e-72d6-447e-8c47-efc511980f6d 8628e20c2a70403893abf09ed68ab03a 3b706787031744d4b49a6148ecc11a16 - - default default] project_id key not found in request, using tenant_id instead. This support has been deprecated and will be removed in a future release.
2026-07-14 00:41:37.651 7 INFO neutron_taas.services.taas.taas_plugin [None req-ee7c2e9f-dac8-49a8-aeb5-bce1acdb6e81 db09077889a3494e9597ab01091990c1 7450716321b8453590539be55d7bdc09 - - default default] TaaS: Handle Delete Port: 55269e65-e57b-4502-a22a-38991eaa6ef8
2026-07-14 00:41:37.655 7 INFO neutron_taas.services.taas.tap_mirror_plugin [None req-ee7c2e9f-dac8-49a8-aeb5-bce1acdb6e81 db09077889a3494e9597ab01091990c1 7450716321b8453590539be55d7bdc09 - - default default] Tap Mirror: Handle Delete Port: 55269e65-e57b-4502-a22a-38991eaa6ef8
2026-07-14 00:41:37.658 8 INFO neutron.api.v2.resource [None req-4fb89c7e-72d6-447e-8c47-efc511980f6d 8628e20c2a70403893abf09ed68ab03a 3b706787031744d4b49a6148ecc11a16 - - default default] show failed (client error): The resource could not be found. [pid: 8|app: 0|req: 896/1684] 10.0.0.145 () {32 vars in 750 bytes} [Tue Jul 14 00:41:37 2026] GET /v2.0/floatingips/305eb0bf-2b14-4641-a950-d9c292b5181d/tags/green => generated 99 bytes in 47 msecs (HTTP/1.1 404) 4 headers in 163 bytes (1 switches on core 0)
2026-07-14 00:41:37.690 8 WARNING tagging [None req-cbd143f6-ec32-4a26-aca7-40a3c5466cd6 8628e20c2a70403893abf09ed68ab03a 3b706787031744d4b49a6148ecc11a16 - - default default] project_id key not found in request, using tenant_id instead. This support has been deprecated and will be removed in a future release. [pid: 8|app: 0|req: 897/1685] 10.0.0.145 () {32 vars in 749 bytes} [Tue Jul 14 00:41:37 2026] DELETE /v2.0/floatingips/305eb0bf-2b14-4641-a950-d9c292b5181d/tags/red => generated 0 bytes in 64 msecs (HTTP/1.1 204) 2 headers in 112 bytes (1 switches on core 0)
2026-07-14 00:41:37.736 8 WARNING neutron.db.securitygroups_db [None req-5eed963e-0f5a-47f1-9fe0-11c4dae1da8f f1cd95796fba4bc1a8159fc7bfcfa847 39d4ad338ccb47198d5b00974e1083f7 - - default default] project_id key not found in filters, using tenant_id instead. This support has been deprecated and will be removed in a future release. [pid: 8|app: 0|req: 898/1686] 10.0.0.145 () {32 vars in 773 bytes} [Tue Jul 14 00:41:37 2026] GET /v2.0/security-groups?tenant_id=7eccf995a099440fa4618eca6141e20c&name=default => generated 2925 bytes in 62 msecs (HTTP/1.1 200) 4 headers in 158 bytes (1 switches on core 0)
2026-07-14 00:41:37.815 8 WARNING tagging [None req-baa53040-d297-4fb6-85de-e1dace96785a 8628e20c2a70403893abf09ed68ab03a 3b706787031744d4b49a6148ecc11a16 - - default default] project_id key not found in request, using tenant_id instead. This support has been deprecated and will be removed in a future release. [pid: 8|app: 0|req: 899/1687] 10.0.0.145 () {32 vars in 738 bytes} [Tue Jul 14 00:41:37 2026] GET /v2.0/floatingips/305eb0bf-2b14-4641-a950-d9c292b5181d/tags => generated 30 bytes in 42 msecs (HTTP/1.1 200) 4 headers in 156 bytes (1 switches on core 0)
2026-07-14 00:41:37.850 7 INFO neutron.services.segments.plugin [-] Segment 395b5b26-423b-4c8a-a2da-952516426eba resource provider aggregate not found
2026-07-14 00:41:37.855 7 INFO neutron.services.segments.plugin [-] Segment 395b5b26-423b-4c8a-a2da-952516426eba resource provider aggregate not found
2026-07-14 00:41:37.877 7 INFO neutron.services.segments.plugin [-] Client error retrieving segment 395b5b26-423b-4c8a-a2da-952516426eba resource provider; error: Placement Client Error (4xx): {"errors": [{"status": 404, "title": "Not Found", "detail": "The resource could not be found.\n\n No resource provider with uuid 395b5b26-423b-4c8a-a2da-952516426eba found for delete ", "request_id": "req-4b5deccc-eff8-43ca-b195-e228e447ecf1"}]}
2026-07-14 00:41:37.879 7 INFO neutron.services.segments.plugin [-] Client error retrieving segment 395b5b26-423b-4c8a-a2da-952516426eba resource provider; error: Placement Client Error (4xx): {"errors": [{"status": 404, "title": "Not Found", "detail": "The resource could not be found.\n\n No resource provider with uuid 395b5b26-423b-4c8a-a2da-952516426eba found for delete ", "request_id": "req-9bd85ee8-52da-4b76-9c55-6fc86d9e2baa"}]} [pid: 7|app: 0|req: 789/1688] 10.0.0.145 () {32 vars in 725 bytes} [Tue Jul 14 00:41:37 2026] DELETE /v2.0/networks/bc0f3769-d34b-4b09-9a17-6075beb0342b => generated 0 bytes in 398 msecs (HTTP/1.1 204) 3 headers in 131 bytes (1 switches on core 0)
2026-07-14 00:41:37.933 7 WARNING tagging [None req-23929893-fc57-4be0-a7ea-eea419e106b9 8628e20c2a70403893abf09ed68ab03a 3b706787031744d4b49a6148ecc11a16 - - default default] project_id key not found in request, using tenant_id instead. This support has been deprecated and will be removed in a future release.
2026-07-14 00:41:37.958 7 INFO neutron.api.v2.resource [None req-23929893-fc57-4be0-a7ea-eea419e106b9 8628e20c2a70403893abf09ed68ab03a 3b706787031744d4b49a6148ecc11a16 - - default default] delete failed (client error): The resource could not be found. [pid: 7|app: 0|req: 790/1689] 10.0.0.145 () {32 vars in 753 bytes} [Tue Jul 14 00:41:37 2026] DELETE /v2.0/floatingips/305eb0bf-2b14-4641-a950-d9c292b5181d/tags/green => generated 99 bytes in 50 msecs (HTTP/1.1 404) 4 headers in 163 bytes (1 switches on core 0)
2026-07-14 00:41:38.067 7 INFO neutron.db.segments_db [None req-19c09fa7-1b22-4b8a-850f-e50a00646853 db09077889a3494e9597ab01091990c1 7450716321b8453590539be55d7bdc09 - - default default] Added segment e24f9a58-df95-4e8a-863d-57791e0533d4 of type geneve for network 357ecec3-fd1f-4033-a9b6-13bc33a846d2 [pid: 8|app: 0|req: 900/1690] 10.0.0.145 () {32 vars in 739 bytes} [Tue Jul 14 00:41:37 2026] DELETE /v2.0/security-groups/b6a5a733-370c-4d4a-a8f5-8e4b30763e29 => generated 0 bytes in 236 msecs (HTTP/1.1 204) 2 headers in 112 bytes (1 switches on core 0)
2026-07-14 00:41:38.100 8 WARNING tagging [None req-4946d45f-3cf9-495c-8a29-933737f9bf94 8628e20c2a70403893abf09ed68ab03a 3b706787031744d4b49a6148ecc11a16 - - default default] project_id key not found in request, using tenant_id instead. This support has been deprecated and will be removed in a future release. [pid: 8|app: 0|req: 901/1691] 10.0.0.145 () {32 vars in 741 bytes} [Tue Jul 14 00:41:38 2026] DELETE /v2.0/floatingips/305eb0bf-2b14-4641-a950-d9c292b5181d/tags => generated 0 bytes in 63 msecs (HTTP/1.1 204) 2 headers in 112 bytes (1 switches on core 0)
2026-07-14 00:41:38.186 8 WARNING tagging [None req-b83ea8ec-fd35-492c-9e6b-f55cb7ad1501 8628e20c2a70403893abf09ed68ab03a 3b706787031744d4b49a6148ecc11a16 - - default default] project_id key not found in request, using tenant_id instead. This support has been deprecated and will be removed in a future release.
2026-07-14 00:41:38.192 7 INFO neutron.db.ovn_revision_numbers_db [None req-19c09fa7-1b22-4b8a-850f-e50a00646853 db09077889a3494e9597ab01091990c1 7450716321b8453590539be55d7bdc09 - - default default] Successfully bumped revision number for resource 357ecec3-fd1f-4033-a9b6-13bc33a846d2 (type: networks) to 1 [pid: 8|app: 0|req: 902/1692] 10.0.0.145 () {32 vars in 738 bytes} [Tue Jul 14 00:41:38 2026] GET /v2.0/floatingips/305eb0bf-2b14-4641-a950-d9c292b5181d/tags => generated 12 bytes in 63 msecs (HTTP/1.1 200) 4 headers in 156 bytes (1 switches on core 0)
2026-07-14 00:41:38.208 8 WARNING neutron.db.securitygroups_db [None req-0fbc4071-407a-4a4c-bd7f-0db5e296ae56 f1cd95796fba4bc1a8159fc7bfcfa847 39d4ad338ccb47198d5b00974e1083f7 - - default default] project_id key not found in filters, using tenant_id instead. This support has been deprecated and will be removed in a future release. [pid: 8|app: 0|req: 903/1693] 10.0.0.145 () {32 vars in 773 bytes} [Tue Jul 14 00:41:38 2026] GET /v2.0/security-groups?tenant_id=669915e730d54d7fb0cae0ddd44d2c98&name=default => generated 2925 bytes in 33 msecs (HTTP/1.1 200) 4 headers in 158 bytes (1 switches on core 0)
2026-07-14 00:41:38.369 8 INFO neutron_taas.services.taas.taas_plugin [None req-be2aab25-d19b-490a-af8f-798b6a47362c 8628e20c2a70403893abf09ed68ab03a 3b706787031744d4b49a6148ecc11a16 - - default default] TaaS: Handle Delete Port: fda821f3-d718-4c96-9e1f-4281ddf0f75c
2026-07-14 00:41:38.371 8 INFO neutron_taas.services.taas.tap_mirror_plugin [None req-be2aab25-d19b-490a-af8f-798b6a47362c 8628e20c2a70403893abf09ed68ab03a 3b706787031744d4b49a6148ecc11a16 - - default default] Tap Mirror: Handle Delete Port: fda821f3-d718-4c96-9e1f-4281ddf0f75c
2026-07-14 00:41:38.381 7 WARNING neutron.scheduler.dhcp_agent_scheduler [None req-19c09fa7-1b22-4b8a-850f-e50a00646853 db09077889a3494e9597ab01091990c1 7450716321b8453590539be55d7bdc09 - - default default] No more DHCP agents
2026-07-14 00:41:38.384 7 WARNING neutron.api.rpc.agentnotifiers.dhcp_rpc_agent_api [None req-19c09fa7-1b22-4b8a-850f-e50a00646853 db09077889a3494e9597ab01091990c1 7450716321b8453590539be55d7bdc09 - - default default] Unable to schedule network 357ecec3-fd1f-4033-a9b6-13bc33a846d2: no agents available; will retry on subsequent port and subnet creation events.
2026-07-14 00:41:38.465 7 INFO neutron.db.ovn_revision_numbers_db [None req-19c09fa7-1b22-4b8a-850f-e50a00646853 db09077889a3494e9597ab01091990c1 7450716321b8453590539be55d7bdc09 - - default default] Successfully bumped revision number for resource 61c27411-15a0-44ce-9828-834ca9357a52 (type: ports) to 1 [pid: 7|app: 0|req: 791/1694] 10.0.0.145 () {34 vars in 669 bytes} [Tue Jul 14 00:41:37 2026] POST /v2.0/networks => generated 668 bytes in 528 msecs (HTTP/1.1 201) 4 headers in 162 bytes (1 switches on core 0) [pid: 8|app: 0|req: 904/1695] 10.0.0.145 () {32 vars in 731 bytes} [Tue Jul 14 00:41:38 2026] DELETE /v2.0/floatingips/305eb0bf-2b14-4641-a950-d9c292b5181d => generated 0 bytes in 346 msecs (HTTP/1.1 204) 2 headers in 112 bytes (1 switches on core 0) [pid: 7|app: 0|req: 792/1696] 10.0.0.145 () {32 vars in 739 bytes} [Tue Jul 14 00:41:38 2026] DELETE /v2.0/security-groups/50d608c2-1f64-4f57-b7cd-7810873e364b => generated 0 bytes in 155 msecs (HTTP/1.1 204) 2 headers in 112 bytes (1 switches on core 0)
2026-07-14 00:41:38.755 8 WARNING neutron.scheduler.dhcp_agent_scheduler [None req-d18b5912-f0fe-4088-aa5d-613f0d83a5fb db09077889a3494e9597ab01091990c1 7450716321b8453590539be55d7bdc09 - - default default] No more DHCP agents
2026-07-14 00:41:38.757 8 WARNING neutron.api.rpc.agentnotifiers.dhcp_rpc_agent_api [None req-d18b5912-f0fe-4088-aa5d-613f0d83a5fb db09077889a3494e9597ab01091990c1 7450716321b8453590539be55d7bdc09 - - default default] Unable to schedule network 357ecec3-fd1f-4033-a9b6-13bc33a846d2: no agents available; will retry on subsequent port and subnet creation events.
2026-07-14 00:41:39.223 8 INFO neutron.db.ovn_revision_numbers_db [None req-d18b5912-f0fe-4088-aa5d-613f0d83a5fb db09077889a3494e9597ab01091990c1 7450716321b8453590539be55d7bdc09 - - default default] Successfully bumped revision number for resource 61c27411-15a0-44ce-9828-834ca9357a52 (type: ports) to 2
2026-07-14 00:41:39.251 8 INFO neutron.db.ovn_revision_numbers_db [None req-d18b5912-f0fe-4088-aa5d-613f0d83a5fb db09077889a3494e9597ab01091990c1 7450716321b8453590539be55d7bdc09 - - default default] Successfully bumped revision number for resource d99c3a15-3156-41f9-9608-d918d821813d (type: subnets) to 0 [pid: 8|app: 0|req: 905/1697] 10.0.0.145 () {34 vars in 668 bytes} [Tue Jul 14 00:41:38 2026] POST /v2.0/subnets => generated 626 bytes in 687 msecs (HTTP/1.1 201) 4 headers in 162 bytes (1 switches on core 0)
2026-07-14 00:41:39.359 7 WARNING neutron.db.securitygroups_db [None req-7a44d2e7-5117-4aae-8e71-071becf2346e f1cd95796fba4bc1a8159fc7bfcfa847 39d4ad338ccb47198d5b00974e1083f7 - - default default] project_id key not found in filters, using tenant_id instead. This support has been deprecated and will be removed in a future release.
2026-07-14 00:41:39.498 7 INFO neutron.db.ovn_revision_numbers_db [None req-7a44d2e7-5117-4aae-8e71-071becf2346e f1cd95796fba4bc1a8159fc7bfcfa847 39d4ad338ccb47198d5b00974e1083f7 - - default default] Successfully bumped revision number for resource 19e39eff-4157-4c23-a2d5-edae3060efce (type: security_groups) to 1
2026-07-14 00:41:39.512 7 INFO neutron.db.ovn_revision_numbers_db [None req-7a44d2e7-5117-4aae-8e71-071becf2346e f1cd95796fba4bc1a8159fc7bfcfa847 39d4ad338ccb47198d5b00974e1083f7 - - default default] Successfully bumped revision number for resource 1978fe6e-e35f-439c-a222-01279f91501c (type: security_group_rules) to 0
2026-07-14 00:41:39.525 7 INFO neutron.db.ovn_revision_numbers_db [None req-7a44d2e7-5117-4aae-8e71-071becf2346e f1cd95796fba4bc1a8159fc7bfcfa847 39d4ad338ccb47198d5b00974e1083f7 - - default default] Successfully bumped revision number for resource 1a4d06ed-e12f-4d46-afb6-599345879c5d (type: security_group_rules) to 0
2026-07-14 00:41:39.538 7 INFO neutron.db.ovn_revision_numbers_db [None req-7a44d2e7-5117-4aae-8e71-071becf2346e f1cd95796fba4bc1a8159fc7bfcfa847 39d4ad338ccb47198d5b00974e1083f7 - - default default] Successfully bumped revision number for resource 6d68d8cd-83df-43e4-a0f6-e52ef5b97035 (type: security_group_rules) to 0
