2026-07-14 00:39:28.770 8 INFO neutron_taas.services.taas.tap_mirror_plugin [None req-ebbd39af-bda7-4d06-a677-249c8ca68612 f1cd95796fba4bc1a8159fc7bfcfa847 39d4ad338ccb47198d5b00974e1083f7 - - default default] Tap Mirror: Handle Delete Port: 005382b7-4653-4925-bbeb-1a9778c5715f
2026-07-14 00:39:28.855 7 INFO neutron.db.segments_db [None req-c86ea5c5-324b-49a8-a660-e5c99b9d8696 c161be97b0e241f4a63ffec1be218607 c8359fe3d9694e529294b53c0471ebdf - - default default] Added segment 3cd0b969-3f45-4629-a6f9-77e0a60f2b33 of type geneve for network b3082a86-4de2-41f4-8c8b-984c39b54fb0
2026-07-14 00:39:28.986 7 INFO neutron.db.ovn_revision_numbers_db [None req-c86ea5c5-324b-49a8-a660-e5c99b9d8696 c161be97b0e241f4a63ffec1be218607 c8359fe3d9694e529294b53c0471ebdf - - default default] Successfully bumped revision number for resource b3082a86-4de2-41f4-8c8b-984c39b54fb0 (type: networks) to 1
2026-07-14 00:39:29.205 7 WARNING neutron.scheduler.dhcp_agent_scheduler [None req-c86ea5c5-324b-49a8-a660-e5c99b9d8696 c161be97b0e241f4a63ffec1be218607 c8359fe3d9694e529294b53c0471ebdf - - default default] No more DHCP agents
2026-07-14 00:39:29.206 7 WARNING neutron.api.rpc.agentnotifiers.dhcp_rpc_agent_api [None req-c86ea5c5-324b-49a8-a660-e5c99b9d8696 c161be97b0e241f4a63ffec1be218607 c8359fe3d9694e529294b53c0471ebdf - - default default] Unable to schedule network b3082a86-4de2-41f4-8c8b-984c39b54fb0: no agents available; will retry on subsequent port and subnet creation events.
2026-07-14 00:39:29.293 7 INFO neutron.db.ovn_revision_numbers_db [None req-c86ea5c5-324b-49a8-a660-e5c99b9d8696 c161be97b0e241f4a63ffec1be218607 c8359fe3d9694e529294b53c0471ebdf - - default default] Successfully bumped revision number for resource a7a2ae03-45be-44d4-b398-3879317df97e (type: ports) to 1 [pid: 7|app: 0|req: 405/796] 10.0.0.145 () {34 vars in 669 bytes} [Tue Jul 14 00:39:28 2026] POST /v2.0/networks => generated 691 bytes in 559 msecs (HTTP/1.1 201) 4 headers in 162 bytes (1 switches on core 0) [pid: 8|app: 0|req: 392/797] 10.0.0.145 () {34 vars in 788 bytes} [Tue Jul 14 00:39:28 2026] PUT /v2.0/routers/df2b9109-9036-442b-8341-608bc29ac584/remove_router_interface => generated 310 bytes in 983 msecs (HTTP/1.1 200) 4 headers in 157 bytes (1 switches on core 0) /var/lib/openstack/lib/python3.12/site-packages/pycadf/identifier.py:70: UserWarning: Invalid uuid: neutron. To ensure interoperability, identifiers should be a valid uuid. warnings.warn(('Invalid uuid: %s. To ensure interoperability, ' [pid: 7|app: 0|req: 406/798] 10.0.0.143 () {34 vars in 1069 bytes} [Tue Jul 14 00:39:29 2026] GET /v2.0/ports?fields=security_groups&fields=device_id&device_id=dd286736-d3fb-43a5-899b-328e05950a75 => generated 123 bytes in 48 msecs (HTTP/1.1 200) 4 headers in 157 bytes (1 switches on core 0)
2026-07-14 00:39:29.429 7 WARNING neutron.plugins.ml2.drivers.ovn.mech_driver.ovsdb.ovn_client [None req-75cc70ad-4940-4762-8e7f-2789ad0133ea - - - - - -] No port found with ID 005382b7-4653-4925-bbeb-1a9778c5715f: RuntimeError: No port found with ID 005382b7-4653-4925-bbeb-1a9778c5715f
2026-07-14 00:39:29.430 7 INFO neutron.plugins.ml2.drivers.ovn.mech_driver.mech_driver [None req-75cc70ad-4940-4762-8e7f-2789ad0133ea - - - - - -] OVN reports status down for port: fddfed78-a2cb-433e-9a75-f54f53585235 [pid: 8|app: 0|req: 393/799] 10.0.0.143 () {34 vars in 1069 bytes} [Tue Jul 14 00:39:29 2026] GET /v2.0/ports?fields=security_groups&fields=device_id&device_id=64932e08-6a45-4fdd-8d84-80cbcbd583eb => generated 123 bytes in 86 msecs (HTTP/1.1 200) 4 headers in 157 bytes (1 switches on core 0)
2026-07-14 00:39:29.463 7 INFO neutron.db.segments_db [None req-19c8bf4a-8f4a-4437-885b-e8d5ca6703cc c161be97b0e241f4a63ffec1be218607 c8359fe3d9694e529294b53c0471ebdf - - default default] Added segment fc6a1d62-74c1-4b59-958c-73a8f47d6829 of type geneve for network 7368f208-c9ea-4781-b4ef-80d31039d27e
2026-07-14 00:39:29.549 7 INFO neutron.plugins.ml2.drivers.ovn.mech_driver.mech_driver [None req-75cc70ad-4940-4762-8e7f-2789ad0133ea - - - - - -] OVN reports status down for port: bc6fc045-007d-4e48-ba84-fdbeafc81e56
2026-07-14 00:39:29.639 7 INFO neutron.db.ovn_revision_numbers_db [None req-19c8bf4a-8f4a-4437-885b-e8d5ca6703cc c161be97b0e241f4a63ffec1be218607 c8359fe3d9694e529294b53c0471ebdf - - default default] Successfully bumped revision number for resource 7368f208-c9ea-4781-b4ef-80d31039d27e (type: networks) to 1
2026-07-14 00:39:29.665 7 INFO neutron.plugins.ml2.drivers.ovn.mech_driver.mech_driver [None req-75cc70ad-4940-4762-8e7f-2789ad0133ea - - - - - -] OVN reports status down for port: d505fbb2-9291-409a-96ae-2ee60a9b0144
2026-07-14 00:39:29.785 8 INFO neutron_taas.services.taas.taas_plugin [None req-1530b45f-9574-40d2-90ce-88dbde1ea5ad f1cd95796fba4bc1a8159fc7bfcfa847 39d4ad338ccb47198d5b00974e1083f7 - - default default] TaaS: Handle Delete Port: 5adccb07-9642-4031-9fb3-5b5240a7daf5
2026-07-14 00:39:29.789 8 INFO neutron_taas.services.taas.tap_mirror_plugin [None req-1530b45f-9574-40d2-90ce-88dbde1ea5ad f1cd95796fba4bc1a8159fc7bfcfa847 39d4ad338ccb47198d5b00974e1083f7 - - default default] Tap Mirror: Handle Delete Port: 5adccb07-9642-4031-9fb3-5b5240a7daf5
2026-07-14 00:39:29.806 7 INFO neutron.plugins.ml2.drivers.ovn.mech_driver.mech_driver [None req-75cc70ad-4940-4762-8e7f-2789ad0133ea - - - - - -] OVN reports status down for port: 2b298069-81a9-4fc3-bf90-b914d4f709b3
2026-07-14 00:39:29.823 7 INFO neutron.plugins.ml2.drivers.ovn.mech_driver.mech_driver [None req-75cc70ad-4940-4762-8e7f-2789ad0133ea - - - - - -] OVN reports status down for port: a7a2ae03-45be-44d4-b398-3879317df97e
2026-07-14 00:39:29.929 7 WARNING neutron.scheduler.dhcp_agent_scheduler [None req-19c8bf4a-8f4a-4437-885b-e8d5ca6703cc c161be97b0e241f4a63ffec1be218607 c8359fe3d9694e529294b53c0471ebdf - - default default] No more DHCP agents
2026-07-14 00:39:29.932 7 WARNING neutron.api.rpc.agentnotifiers.dhcp_rpc_agent_api [None req-19c8bf4a-8f4a-4437-885b-e8d5ca6703cc c161be97b0e241f4a63ffec1be218607 c8359fe3d9694e529294b53c0471ebdf - - default default] Unable to schedule network 7368f208-c9ea-4781-b4ef-80d31039d27e: no agents available; will retry on subsequent port and subnet creation events.
2026-07-14 00:39:29.997 7 INFO neutron.plugins.ml2.drivers.ovn.mech_driver.mech_driver [None req-75cc70ad-4940-4762-8e7f-2789ad0133ea - - - - - -] OVN reports status down for port: 41c46ba4-26e7-4e32-b2aa-9c1b76fa1008
2026-07-14 00:39:30.067 7 INFO neutron.db.ovn_revision_numbers_db [None req-19c8bf4a-8f4a-4437-885b-e8d5ca6703cc c161be97b0e241f4a63ffec1be218607 c8359fe3d9694e529294b53c0471ebdf - - default default] Successfully bumped revision number for resource 41c46ba4-26e7-4e32-b2aa-9c1b76fa1008 (type: ports) to 1 [pid: 7|app: 0|req: 407/800] 10.0.0.145 () {34 vars in 669 bytes} [Tue Jul 14 00:39:29 2026] POST /v2.0/networks => generated 691 bytes in 744 msecs (HTTP/1.1 201) 4 headers in 162 bytes (1 switches on core 0) [pid: 7|app: 0|req: 408/801] 10.0.0.143 () {34 vars in 1039 bytes} [Tue Jul 14 00:39:30 2026] GET /v2.0/security-groups?id=4c8b2ded-2fcd-4c2f-8401-36979a80ee8a&fields=id&fields=name => generated 114 bytes in 32 msecs (HTTP/1.1 200) 4 headers in 157 bytes (1 switches on core 0) [pid: 7|app: 0|req: 409/802] 10.0.0.143 () {34 vars in 1039 bytes} [Tue Jul 14 00:39:30 2026] GET /v2.0/security-groups?id=9ff76d15-b565-40b0-9eab-34212b8f73fd&fields=id&fields=name => generated 113 bytes in 38 msecs (HTTP/1.1 200) 4 headers in 157 bytes (1 switches on core 0) [pid: 8|app: 0|req: 394/803] 10.0.0.145 () {32 vars in 723 bytes} [Tue Jul 14 00:39:29 2026] DELETE /v2.0/routers/df2b9109-9036-442b-8341-608bc29ac584 => generated 0 bytes in 788 msecs (HTTP/1.1 204) 2 headers in 112 bytes (1 switches on core 0)
2026-07-14 00:39:30.235 7 INFO neutron.notifiers.nova [-] Nova event matching ['req-7e304659-2fc4-4444-b9bc-d7389bcd470c'] response: {'server_uuid': '64932e08-6a45-4fdd-8d84-80cbcbd583eb', 'name': 'network-vif-unplugged', 'status': 'completed', 'tag': 'fddfed78-a2cb-433e-9a75-f54f53585235', 'code': 200} [pid: 7|app: 0|req: 410/804] 199.204.45.115 () {34 vars in 993 bytes} [Tue Jul 14 00:39:30 2026] GET /v2.0/ports?device_id=dd286736-d3fb-43a5-899b-328e05950a75 => generated 969 bytes in 61 msecs (HTTP/1.1 200) 4 headers in 157 bytes (1 switches on core 0) [pid: 8|app: 0|req: 395/805] 10.0.0.145 () {32 vars in 723 bytes} [Tue Jul 14 00:39:30 2026] DELETE /v2.0/subnets/74317ec0-6915-4c40-8d43-3f55fa66d778 => generated 0 bytes in 168 msecs (HTTP/1.1 204) 3 headers in 131 bytes (1 switches on core 0)
2026-07-14 00:39:30.405 7 INFO neutron_taas.services.taas.taas_plugin [req-c4f4e77d-d97b-4799-870b-107567335961 req-d7b6430f-dbba-4df6-bf1c-f9f1801c97e3 81ce232a4e7f4c57bb2b52791820b6cd 90873aff75274a43b03b94ecfb6cde55 - - default default] TaaS: Handle Delete Port: 12e2c8fd-cc5b-4726-b854-41b0a8021ad3
2026-07-14 00:39:30.409 7 INFO neutron_taas.services.taas.tap_mirror_plugin [req-c4f4e77d-d97b-4799-870b-107567335961 req-d7b6430f-dbba-4df6-bf1c-f9f1801c97e3 81ce232a4e7f4c57bb2b52791820b6cd 90873aff75274a43b03b94ecfb6cde55 - - default default] Tap Mirror: Handle Delete Port: 12e2c8fd-cc5b-4726-b854-41b0a8021ad3
2026-07-14 00:39:30.523 8 INFO neutron_taas.services.taas.taas_plugin [None req-03c3a3ce-7144-4265-b873-d71ccb7edfd3 f1cd95796fba4bc1a8159fc7bfcfa847 39d4ad338ccb47198d5b00974e1083f7 - - default default] TaaS: Handle Delete Port: 823fca89-13f0-4e29-920c-afe65babd11f
2026-07-14 00:39:30.526 8 INFO neutron_taas.services.taas.tap_mirror_plugin [None req-03c3a3ce-7144-4265-b873-d71ccb7edfd3 f1cd95796fba4bc1a8159fc7bfcfa847 39d4ad338ccb47198d5b00974e1083f7 - - default default] Tap Mirror: Handle Delete Port: 823fca89-13f0-4e29-920c-afe65babd11f [pid: 7|app: 0|req: 411/806] 199.204.45.115 () {36 vars in 996 bytes} [Tue Jul 14 00:39:30 2026] DELETE /v2.0/ports/12e2c8fd-cc5b-4726-b854-41b0a8021ad3 => generated 0 bytes in 317 msecs (HTTP/1.1 204) 3 headers in 131 bytes (1 switches on core 0)
2026-07-14 00:39:30.751 8 INFO neutron.services.segments.plugin [-] Segment 1da9f3aa-d2b6-4567-b64c-ce6b71dabf60 resource provider aggregate not found
2026-07-14 00:39:30.758 8 INFO neutron.services.segments.plugin [-] Segment 1da9f3aa-d2b6-4567-b64c-ce6b71dabf60 resource provider aggregate not found
2026-07-14 00:39:30.780 8 INFO neutron.services.segments.plugin [-] Client error retrieving segment 1da9f3aa-d2b6-4567-b64c-ce6b71dabf60 resource provider; error: Placement Client Error (4xx): {"errors": [{"status": 404, "title": "Not Found", "detail": "The resource could not be found.\n\n No resource provider with uuid 1da9f3aa-d2b6-4567-b64c-ce6b71dabf60 found for delete ", "request_id": "req-1161d7fc-f2c1-408f-a61c-a14e8103ec31"}]}
2026-07-14 00:39:30.781 8 INFO neutron.services.segments.plugin [-] Client error retrieving segment 1da9f3aa-d2b6-4567-b64c-ce6b71dabf60 resource provider; error: Placement Client Error (4xx): {"errors": [{"status": 404, "title": "Not Found", "detail": "The resource could not be found.\n\n No resource provider with uuid 1da9f3aa-d2b6-4567-b64c-ce6b71dabf60 found for delete ", "request_id": "req-de8ce132-0200-4bea-b632-e29f5c586704"}]} [pid: 8|app: 0|req: 396/807] 10.0.0.145 () {32 vars in 725 bytes} [Tue Jul 14 00:39:30 2026] DELETE /v2.0/networks/8cf8bd22-92a1-4fd6-a77e-fbcd088aeb26 => generated 0 bytes in 403 msecs (HTTP/1.1 204) 3 headers in 131 bytes (1 switches on core 0)
2026-07-14 00:39:30.919 7 WARNING neutron.scheduler.dhcp_agent_scheduler [None req-0fb88dfa-fec4-42b5-96bb-f8b9ea0653a2 c161be97b0e241f4a63ffec1be218607 c8359fe3d9694e529294b53c0471ebdf - - default default] No more DHCP agents
2026-07-14 00:39:30.920 7 WARNING neutron.api.rpc.agentnotifiers.dhcp_rpc_agent_api [None req-0fb88dfa-fec4-42b5-96bb-f8b9ea0653a2 c161be97b0e241f4a63ffec1be218607 c8359fe3d9694e529294b53c0471ebdf - - default default] Unable to schedule network b3082a86-4de2-41f4-8c8b-984c39b54fb0: no agents available; will retry on subsequent port and subnet creation events.
2026-07-14 00:39:30.940 8 WARNING neutron.db.securitygroups_db [None req-4c79e19b-cb3d-4695-8272-5b4fd03ffb09 f1cd95796fba4bc1a8159fc7bfcfa847 39d4ad338ccb47198d5b00974e1083f7 - - default default] project_id key not found in filters, using tenant_id instead. This support has been deprecated and will be removed in a future release.
2026-07-14 00:39:30.963 7 INFO neutron.db.ovn_revision_numbers_db [None req-0fb88dfa-fec4-42b5-96bb-f8b9ea0653a2 c161be97b0e241f4a63ffec1be218607 c8359fe3d9694e529294b53c0471ebdf - - default default] Successfully bumped revision number for resource 94951c96-11b1-408b-b2cd-47d83ebf2faf (type: subnets) to 0 [pid: 8|app: 0|req: 397/808] 10.0.0.145 () {32 vars in 773 bytes} [Tue Jul 14 00:39:30 2026] GET /v2.0/security-groups?tenant_id=64f06311ace04de0a7b9b1e8cb72bc1b&name=default => generated 2925 bytes in 35 msecs (HTTP/1.1 200) 4 headers in 158 bytes (1 switches on core 0)
2026-07-14 00:39:30.991 7 WARNING neutron.scheduler.dhcp_agent_scheduler [None req-0fb88dfa-fec4-42b5-96bb-f8b9ea0653a2 c161be97b0e241f4a63ffec1be218607 c8359fe3d9694e529294b53c0471ebdf - - default default] No more DHCP agents
2026-07-14 00:39:30.992 7 WARNING neutron.api.rpc.agentnotifiers.dhcp_rpc_agent_api [None req-0fb88dfa-fec4-42b5-96bb-f8b9ea0653a2 c161be97b0e241f4a63ffec1be218607 c8359fe3d9694e529294b53c0471ebdf - - default default] Unable to schedule network 7368f208-c9ea-4781-b4ef-80d31039d27e: no agents available; will retry on subsequent port and subnet creation events.
2026-07-14 00:39:31.028 7 INFO neutron.db.ovn_revision_numbers_db [None req-0fb88dfa-fec4-42b5-96bb-f8b9ea0653a2 c161be97b0e241f4a63ffec1be218607 c8359fe3d9694e529294b53c0471ebdf - - default default] Successfully bumped revision number for resource e3eb6594-4d86-4619-9a99-2e7b55a45663 (type: subnets) to 0 [pid: 7|app: 0|req: 412/809] 10.0.0.145 () {34 vars in 668 bytes} [Tue Jul 14 00:39:30 2026] POST /v2.0/subnets => generated 1324 bytes in 463 msecs (HTTP/1.1 201) 4 headers in 163 bytes (1 switches on core 0) [pid: 7|app: 0|req: 413/810] 10.0.0.145 () {32 vars in 646 bytes} [Tue Jul 14 00:39:31 2026] GET /v2.0/subnets => generated 1960 bytes in 49 msecs (HTTP/1.1 200) 4 headers in 158 bytes (1 switches on core 0) [pid: 8|app: 0|req: 398/811] 10.0.0.145 () {32 vars in 739 bytes} [Tue Jul 14 00:39:30 2026] DELETE /v2.0/security-groups/1c5e7644-85f2-45f9-a52d-65f8b32feb95 => generated 0 bytes in 166 msecs (HTTP/1.1 204) 2 headers in 112 bytes (1 switches on core 0) [pid: 8|app: 0|req: 399/812] 10.0.0.143 () {34 vars in 1069 bytes} [Tue Jul 14 00:39:31 2026] GET /v2.0/ports?fields=security_groups&fields=device_id&device_id=dd286736-d3fb-43a5-899b-328e05950a75 => generated 12 bytes in 23 msecs (HTTP/1.1 200) 4 headers in 156 bytes (1 switches on core 0) [pid: 7|app: 0|req: 414/813] 10.0.0.145 () {32 vars in 723 bytes} [Tue Jul 14 00:39:31 2026] DELETE /v2.0/subnets/94951c96-11b1-408b-b2cd-47d83ebf2faf => generated 0 bytes in 145 msecs (HTTP/1.1 204) 3 headers in 131 bytes (1 switches on core 0) [pid: 7|app: 0|req: 415/814] 10.0.0.143 () {34 vars in 1069 bytes} [Tue Jul 14 00:39:31 2026] GET /v2.0/ports?fields=security_groups&fields=device_id&device_id=64932e08-6a45-4fdd-8d84-80cbcbd583eb => generated 123 bytes in 36 msecs (HTTP/1.1 200) 4 headers in 157 bytes (1 switches on core 0) [pid: 7|app: 0|req: 416/815] 10.0.0.143 () {34 vars in 1039 bytes} [Tue Jul 14 00:39:31 2026] GET /v2.0/security-groups?id=9ff76d15-b565-40b0-9eab-34212b8f73fd&fields=id&fields=name => generated 113 bytes in 35 msecs (HTTP/1.1 200) 4 headers in 157 bytes (1 switches on core 0) [pid: 8|app: 0|req: 400/816] 10.0.0.145 () {32 vars in 723 bytes} [Tue Jul 14 00:39:31 2026] DELETE /v2.0/subnets/e3eb6594-4d86-4619-9a99-2e7b55a45663 => generated 0 bytes in 140 msecs (HTTP/1.1 204) 3 headers in 131 bytes (1 switches on core 0) [pid: 7|app: 0|req: 417/817] 10.0.0.145 () {32 vars in 646 bytes} [Tue Jul 14 00:39:31 2026] GET /v2.0/subnets => generated 649 bytes in 32 msecs (HTTP/1.1 200) 4 headers in 157 bytes (1 switches on core 0)
2026-07-14 00:39:31.560 8 INFO neutron_taas.services.taas.taas_plugin [None req-1662a6fa-85c8-4d5c-93d6-9f1ee7dae10a c161be97b0e241f4a63ffec1be218607 c8359fe3d9694e529294b53c0471ebdf - - default default] TaaS: Handle Delete Port: 41c46ba4-26e7-4e32-b2aa-9c1b76fa1008
2026-07-14 00:39:31.563 8 INFO neutron_taas.services.taas.tap_mirror_plugin [None req-1662a6fa-85c8-4d5c-93d6-9f1ee7dae10a c161be97b0e241f4a63ffec1be218607 c8359fe3d9694e529294b53c0471ebdf - - default default] Tap Mirror: Handle Delete Port: 41c46ba4-26e7-4e32-b2aa-9c1b76fa1008 [pid: 8|app: 0|req: 401/818] 10.0.0.145 () {32 vars in 725 bytes} [Tue Jul 14 00:39:31 2026] DELETE /v2.0/networks/7368f208-c9ea-4781-b4ef-80d31039d27e => generated 0 bytes in 375 msecs (HTTP/1.1 204) 3 headers in 131 bytes (1 switches on core 0)
2026-07-14 00:39:31.940 7 INFO neutron_taas.services.taas.taas_plugin [None req-d4dc95eb-0055-4adf-a8d6-7dbfa2193c3d c161be97b0e241f4a63ffec1be218607 c8359fe3d9694e529294b53c0471ebdf - - default default] TaaS: Handle Delete Port: a7a2ae03-45be-44d4-b398-3879317df97e
2026-07-14 00:39:31.943 7 INFO neutron_taas.services.taas.tap_mirror_plugin [None req-d4dc95eb-0055-4adf-a8d6-7dbfa2193c3d c161be97b0e241f4a63ffec1be218607 c8359fe3d9694e529294b53c0471ebdf - - default default] Tap Mirror: Handle Delete Port: a7a2ae03-45be-44d4-b398-3879317df97e [pid: 7|app: 0|req: 418/819] 10.0.0.145 () {32 vars in 725 bytes} [Tue Jul 14 00:39:31 2026] DELETE /v2.0/networks/b3082a86-4de2-41f4-8c8b-984c39b54fb0 => generated 0 bytes in 447 msecs (HTTP/1.1 204) 3 headers in 131 bytes (1 switches on core 0)
2026-07-14 00:39:32.284 7 WARNING neutron.notifiers.nova [-] Nova event matching ['req-9237601b-cc41-4d0f-9e3b-9902b68f563f']: {'server_uuid': 'dd286736-d3fb-43a5-899b-328e05950a75', 'name': 'network-vif-deleted', 'tag': '12e2c8fd-cc5b-4726-b854-41b0a8021ad3', 'status': 'failed', 'code': 422} returned with failed status [pid: 7|app: 0|req: 419/820] 10.0.0.143 () {34 vars in 1069 bytes} [Tue Jul 14 00:39:32 2026] GET /v2.0/ports?fields=security_groups&fields=device_id&device_id=dd286736-d3fb-43a5-899b-328e05950a75 => generated 12 bytes in 26 msecs (HTTP/1.1 200) 4 headers in 156 bytes (1 switches on core 0)
2026-07-14 00:39:32.411 8 INFO neutron_taas.services.taas.taas_plugin [None req-3fe2c534-cedf-4c81-8450-838782ffd4b8 c161be97b0e241f4a63ffec1be218607 c8359fe3d9694e529294b53c0471ebdf - - default default] TaaS: Handle Delete Port: d505fbb2-9291-409a-96ae-2ee60a9b0144
2026-07-14 00:39:32.414 8 INFO neutron_taas.services.taas.tap_mirror_plugin [None req-3fe2c534-cedf-4c81-8450-838782ffd4b8 c161be97b0e241f4a63ffec1be218607 c8359fe3d9694e529294b53c0471ebdf - - default default] Tap Mirror: Handle Delete Port: d505fbb2-9291-409a-96ae-2ee60a9b0144 [pid: 7|app: 0|req: 420/821] 10.0.0.143 () {34 vars in 1069 bytes} [Tue Jul 14 00:39:32 2026] GET /v2.0/ports?fields=security_groups&fields=device_id&device_id=64932e08-6a45-4fdd-8d84-80cbcbd583eb => generated 123 bytes in 85 msecs (HTTP/1.1 200) 4 headers in 157 bytes (1 switches on core 0) [pid: 7|app: 0|req: 421/822] 10.0.0.143 () {34 vars in 1039 bytes} [Tue Jul 14 00:39:32 2026] GET /v2.0/security-groups?id=9ff76d15-b565-40b0-9eab-34212b8f73fd&fields=id&fields=name => generated 113 bytes in 65 msecs (HTTP/1.1 200) 4 headers in 157 bytes (1 switches on core 0) [pid: 7|app: 0|req: 422/823] 199.204.45.115 () {34 vars in 993 bytes} [Tue Jul 14 00:39:32 2026] GET /v2.0/ports?device_id=64932e08-6a45-4fdd-8d84-80cbcbd583eb => generated 969 bytes in 76 msecs (HTTP/1.1 200) 4 headers in 157 bytes (1 switches on core 0) [pid: 8|app: 0|req: 402/824] 10.0.0.145 () {32 vars in 725 bytes} [Tue Jul 14 00:39:32 2026] DELETE /v2.0/networks/f5c2d39a-83ab-45ac-a236-7d5b3309d800 => generated 0 bytes in 391 msecs (HTTP/1.1 204) 3 headers in 131 bytes (1 switches on core 0)
2026-07-14 00:39:32.853 8 INFO neutron_taas.services.taas.taas_plugin [req-42fe393e-73cc-4869-9d10-b244b9af3102 req-04833adf-a62f-4900-8644-b2a508c28932 953ef7e578554181a4ef4dd2c88f8456 08abece0137845b3a29aba8db6a50199 - - default default] TaaS: Handle Delete Port: fddfed78-a2cb-433e-9a75-f54f53585235
2026-07-14 00:39:32.856 7 INFO neutron.services.segments.plugin [-] Segment 3cd0b969-3f45-4629-a6f9-77e0a60f2b33 resource provider aggregate not found
2026-07-14 00:39:32.860 8 INFO neutron_taas.services.taas.tap_mirror_plugin [req-42fe393e-73cc-4869-9d10-b244b9af3102 req-04833adf-a62f-4900-8644-b2a508c28932 953ef7e578554181a4ef4dd2c88f8456 08abece0137845b3a29aba8db6a50199 - - default default] Tap Mirror: Handle Delete Port: fddfed78-a2cb-433e-9a75-f54f53585235
2026-07-14 00:39:32.862 8 INFO neutron.services.segments.plugin [-] Segment fc6a1d62-74c1-4b59-958c-73a8f47d6829 resource provider aggregate not found
2026-07-14 00:39:32.864 7 INFO neutron.services.segments.plugin [-] Segment 3cd0b969-3f45-4629-a6f9-77e0a60f2b33 resource provider aggregate not found
2026-07-14 00:39:32.867 8 INFO neutron.services.segments.plugin [-] Segment fc6a1d62-74c1-4b59-958c-73a8f47d6829 resource provider aggregate not found
2026-07-14 00:39:32.875 7 INFO neutron_taas.services.taas.taas_plugin [None req-52307943-0329-400a-ae9f-21fab4d8ece9 c161be97b0e241f4a63ffec1be218607 c8359fe3d9694e529294b53c0471ebdf - - default default] TaaS: Handle Delete Port: bc6fc045-007d-4e48-ba84-fdbeafc81e56
2026-07-14 00:39:32.877 8 INFO neutron.services.segments.plugin [-] Client error retrieving segment fc6a1d62-74c1-4b59-958c-73a8f47d6829 resource provider; error: Placement Client Error (4xx): {"errors": [{"status": 404, "title": "Not Found", "detail": "The resource could not be found.\n\n No resource provider with uuid fc6a1d62-74c1-4b59-958c-73a8f47d6829 found for delete ", "request_id": "req-85cf1a78-826a-44d1-82c1-3af6053c6981"}]}
2026-07-14 00:39:32.877 7 INFO neutron.services.segments.plugin [-] Client error retrieving segment 3cd0b969-3f45-4629-a6f9-77e0a60f2b33 resource provider; error: Placement Client Error (4xx): {"errors": [{"status": 404, "title": "Not Found", "detail": "The resource could not be found.\n\n No resource provider with uuid 3cd0b969-3f45-4629-a6f9-77e0a60f2b33 found for delete ", "request_id": "req-79e11784-cb85-40da-ac8b-e870c10d7c23"}]}
2026-07-14 00:39:32.880 7 INFO neutron_taas.services.taas.tap_mirror_plugin [None req-52307943-0329-400a-ae9f-21fab4d8ece9 c161be97b0e241f4a63ffec1be218607 c8359fe3d9694e529294b53c0471ebdf - - default default] Tap Mirror: Handle Delete Port: bc6fc045-007d-4e48-ba84-fdbeafc81e56
2026-07-14 00:39:32.884 8 INFO neutron.services.segments.plugin [-] Client error retrieving segment fc6a1d62-74c1-4b59-958c-73a8f47d6829 resource provider; error: Placement Client Error (4xx): {"errors": [{"status": 404, "title": "Not Found", "detail": "The resource could not be found.\n\n No resource provider with uuid fc6a1d62-74c1-4b59-958c-73a8f47d6829 found for delete ", "request_id": "req-abf1ef7c-4d05-4716-b832-a145b9d5e9ae"}]}
2026-07-14 00:39:32.888 7 INFO neutron.services.segments.plugin [-] Client error retrieving segment 3cd0b969-3f45-4629-a6f9-77e0a60f2b33 resource provider; error: Placement Client Error (4xx): {"errors": [{"status": 404, "title": "Not Found", "detail": "The resource could not be found.\n\n No resource provider with uuid 3cd0b969-3f45-4629-a6f9-77e0a60f2b33 found for delete ", "request_id": "req-10b910d5-cade-425a-a995-467e172f578e"}]}
2026-07-14 00:39:32.910 8 INFO neutron.services.segments.plugin [-] Segment 9ebc84a3-7ef3-4c6e-9211-bf5f540bf317 resource provider aggregate not found
2026-07-14 00:39:32.917 8 INFO neutron.services.segments.plugin [-] Segment 9ebc84a3-7ef3-4c6e-9211-bf5f540bf317 resource provider aggregate not found
2026-07-14 00:39:32.935 8 INFO neutron.services.segments.plugin [-] Client error retrieving segment 9ebc84a3-7ef3-4c6e-9211-bf5f540bf317 resource provider; error: Placement Client Error (4xx): {"errors": [{"status": 404, "title": "Not Found", "detail": "The resource could not be found.\n\n No resource provider with uuid 9ebc84a3-7ef3-4c6e-9211-bf5f540bf317 found for delete ", "request_id": "req-3176f699-7c12-431c-b226-cdc8ebf93720"}]}
2026-07-14 00:39:32.938 8 INFO neutron.services.segments.plugin [-] Client error retrieving segment 9ebc84a3-7ef3-4c6e-9211-bf5f540bf317 resource provider; error: Placement Client Error (4xx): {"errors": [{"status": 404, "title": "Not Found", "detail": "The resource could not be found.\n\n No resource provider with uuid 9ebc84a3-7ef3-4c6e-9211-bf5f540bf317 found for delete ", "request_id": "req-ce783bab-9cb7-4eac-890b-2a18e9d7e473"}]} [pid: 8|app: 0|req: 403/825] 199.204.45.115 () {36 vars in 996 bytes} [Tue Jul 14 00:39:32 2026] DELETE /v2.0/ports/fddfed78-a2cb-433e-9a75-f54f53585235 => generated 0 bytes in 418 msecs (HTTP/1.1 204) 3 headers in 131 bytes (1 switches on core 0) [pid: 7|app: 0|req: 423/826] 10.0.0.145 () {32 vars in 725 bytes} [Tue Jul 14 00:39:32 2026] DELETE /v2.0/networks/cc3c11c2-ee36-448e-98c7-6eab51a60a1f => generated 0 bytes in 451 msecs (HTTP/1.1 204) 3 headers in 131 bytes (1 switches on core 0)
2026-07-14 00:39:33.382 8 INFO neutron.db.ovn_revision_numbers_db [None req-a70a5042-2aef-4c03-92e6-4d283732eab0 f1cd95796fba4bc1a8159fc7bfcfa847 39d4ad338ccb47198d5b00974e1083f7 - - default default] Successfully bumped revision number for resource 85812254-410b-4278-b2ef-52cfb33bd1a2 (type: security_groups) to 1
2026-07-14 00:39:33.399 8 INFO neutron.db.ovn_revision_numbers_db [None req-a70a5042-2aef-4c03-92e6-4d283732eab0 f1cd95796fba4bc1a8159fc7bfcfa847 39d4ad338ccb47198d5b00974e1083f7 - - default default] Successfully bumped revision number for resource 4084a34e-54a7-4f2c-94e0-dfeab85c69b6 (type: security_group_rules) to 0
2026-07-14 00:39:33.415 8 INFO neutron.db.ovn_revision_numbers_db [None req-a70a5042-2aef-4c03-92e6-4d283732eab0 f1cd95796fba4bc1a8159fc7bfcfa847 39d4ad338ccb47198d5b00974e1083f7 - - default default] Successfully bumped revision number for resource 4bd434a1-91cd-43af-b5aa-5bd2838bb038 (type: security_group_rules) to 0
2026-07-14 00:39:33.458 8 INFO neutron.db.ovn_revision_numbers_db [None req-a70a5042-2aef-4c03-92e6-4d283732eab0 f1cd95796fba4bc1a8159fc7bfcfa847 39d4ad338ccb47198d5b00974e1083f7 - - default default] Successfully bumped revision number for resource d0bfc486-55e2-4f76-9823-ce789b272b4d (type: security_group_rules) to 0
2026-07-14 00:39:33.492 8 INFO neutron.db.ovn_revision_numbers_db [None req-a70a5042-2aef-4c03-92e6-4d283732eab0 f1cd95796fba4bc1a8159fc7bfcfa847 39d4ad338ccb47198d5b00974e1083f7 - - default default] Successfully bumped revision number for resource e1af9081-b008-4745-a256-9be81f09caf3 (type: security_group_rules) to 0 [pid: 7|app: 0|req: 424/827] 10.0.0.248 () {34 vars in 989 bytes} [Tue Jul 14 00:39:33 2026] GET /v2.0/ports?device_id=dd286736-d3fb-43a5-899b-328e05950a75 => generated 12 bytes in 272 msecs (HTTP/1.1 200) 4 headers in 156 bytes (1 switches on core 0) [pid: 7|app: 0|req: 425/828] 10.0.0.143 () {34 vars in 1069 bytes} [Tue Jul 14 00:39:33 2026] GET /v2.0/ports?fields=security_groups&fields=device_id&device_id=dd286736-d3fb-43a5-899b-328e05950a75 => generated 12 bytes in 20 msecs (HTTP/1.1 200) 4 headers in 156 bytes (1 switches on core 0)
2026-07-14 00:39:33.584 8 INFO neutron.db.segments_db [None req-a70a5042-2aef-4c03-92e6-4d283732eab0 f1cd95796fba4bc1a8159fc7bfcfa847 39d4ad338ccb47198d5b00974e1083f7 - - default default] Added segment f7fc9cda-ef67-4703-af03-1be29eab1e51 of type geneve for network a7b8d4f9-42e6-4a46-8b5e-8696eb275b0f
2026-07-14 00:39:33.638 8 WARNING neutron.notifiers.nova [-] Nova event matching ['req-721cb63a-6b82-4cb9-a685-1b4a8f1f6ab5']: {'server_uuid': '64932e08-6a45-4fdd-8d84-80cbcbd583eb', 'name': 'network-vif-deleted', 'tag': 'fddfed78-a2cb-433e-9a75-f54f53585235', 'status': 'failed', 'code': 422} returned with failed status
2026-07-14 00:39:33.713 7 WARNING neutron.db.securitygroups_db [None req-89ec292b-c878-42f3-8557-46d6beac0b77 f1cd95796fba4bc1a8159fc7bfcfa847 39d4ad338ccb47198d5b00974e1083f7 - - default default] project_id key not found in filters, using tenant_id instead. This support has been deprecated and will be removed in a future release. [pid: 7|app: 0|req: 426/829] 10.0.0.145 () {32 vars in 773 bytes} [Tue Jul 14 00:39:33 2026] GET /v2.0/security-groups?tenant_id=c8359fe3d9694e529294b53c0471ebdf&name=default => generated 2925 bytes in 82 msecs (HTTP/1.1 200) 4 headers in 158 bytes (1 switches on core 0)
2026-07-14 00:39:33.771 8 INFO neutron.db.ovn_revision_numbers_db [None req-a70a5042-2aef-4c03-92e6-4d283732eab0 f1cd95796fba4bc1a8159fc7bfcfa847 39d4ad338ccb47198d5b00974e1083f7 - - default default] Successfully bumped revision number for resource a7b8d4f9-42e6-4a46-8b5e-8696eb275b0f (type: networks) to 1 [pid: 7|app: 0|req: 427/830] 10.0.0.143 () {34 vars in 1069 bytes} [Tue Jul 14 00:39:33 2026] GET /v2.0/ports?fields=security_groups&fields=device_id&device_id=64932e08-6a45-4fdd-8d84-80cbcbd583eb => generated 12 bytes in 27 msecs (HTTP/1.1 200) 4 headers in 156 bytes (1 switches on core 0) [pid: 7|app: 0|req: 428/831] 10.0.0.143 () {34 vars in 989 bytes} [Tue Jul 14 00:39:33 2026] GET /v2.0/ports?device_id=dd286736-d3fb-43a5-899b-328e05950a75 => generated 12 bytes in 21 msecs (HTTP/1.1 200) 4 headers in 156 bytes (1 switches on core 0)
2026-07-14 00:39:33.977 8 WARNING neutron.scheduler.dhcp_agent_scheduler [None req-a70a5042-2aef-4c03-92e6-4d283732eab0 f1cd95796fba4bc1a8159fc7bfcfa847 39d4ad338ccb47198d5b00974e1083f7 - - default default] No more DHCP agents
2026-07-14 00:39:33.978 8 WARNING neutron.api.rpc.agentnotifiers.dhcp_rpc_agent_api [None req-a70a5042-2aef-4c03-92e6-4d283732eab0 f1cd95796fba4bc1a8159fc7bfcfa847 39d4ad338ccb47198d5b00974e1083f7 - - default default] Unable to schedule network a7b8d4f9-42e6-4a46-8b5e-8696eb275b0f: no agents available; will retry on subsequent port and subnet creation events. [pid: 7|app: 0|req: 429/832] 10.0.0.145 () {32 vars in 739 bytes} [Tue Jul 14 00:39:33 2026] DELETE /v2.0/security-groups/34156964-17b5-4b6a-8d05-784470b3ccc0 => generated 0 bytes in 214 msecs (HTTP/1.1 204) 2 headers in 112 bytes (1 switches on core 0)
2026-07-14 00:39:34.044 7 INFO neutron.plugins.ml2.drivers.ovn.mech_driver.mech_driver [None req-75cc70ad-4940-4762-8e7f-2789ad0133ea - - - - - -] OVN reports status down for port: aee3c89a-9d6e-45d8-9fe7-749dc8df5496
2026-07-14 00:39:34.069 8 INFO neutron.db.ovn_revision_numbers_db [None req-a70a5042-2aef-4c03-92e6-4d283732eab0 f1cd95796fba4bc1a8159fc7bfcfa847 39d4ad338ccb47198d5b00974e1083f7 - - default default] Successfully bumped revision number for resource aee3c89a-9d6e-45d8-9fe7-749dc8df5496 (type: ports) to 1 [pid: 8|app: 0|req: 404/833] 10.0.0.145 () {34 vars in 670 bytes} [Tue Jul 14 00:39:33 2026] POST /v2.0/networks => generated 789 bytes in 996 msecs (HTTP/1.1 201) 4 headers in 162 bytes (1 switches on core 0)
2026-07-14 00:39:34.274 7 WARNING neutron.scheduler.dhcp_agent_scheduler [None req-eccbc4ba-9c27-40d1-8cf0-34377280237a f1cd95796fba4bc1a8159fc7bfcfa847 39d4ad338ccb47198d5b00974e1083f7 - - default default] No more DHCP agents
2026-07-14 00:39:34.277 7 WARNING neutron.api.rpc.agentnotifiers.dhcp_rpc_agent_api [None req-eccbc4ba-9c27-40d1-8cf0-34377280237a f1cd95796fba4bc1a8159fc7bfcfa847 39d4ad338ccb47198d5b00974e1083f7 - - default default] Unable to schedule network a7b8d4f9-42e6-4a46-8b5e-8696eb275b0f: no agents available; will retry on subsequent port and subnet creation events. [pid: 8|app: 0|req: 405/834] 10.0.0.145 () {32 vars in 739 bytes} [Tue Jul 14 00:39:34 2026] DELETE /v2.0/security-groups/4c8b2ded-2fcd-4c2f-8401-36979a80ee8a => generated 0 bytes in 196 msecs (HTTP/1.1 204) 2 headers in 112 bytes (1 switches on core 0)
2026-07-14 00:39:34.747 8 INFO neutron.api.v2.resource [None req-8c488203-22a6-4ce2-a8c5-4586d166f846 81ce232a4e7f4c57bb2b52791820b6cd 90873aff75274a43b03b94ecfb6cde55 - - default default] show failed (client error): The resource could not be found. [pid: 8|app: 0|req: 406/835] 10.0.0.145 () {32 vars in 736 bytes} [Tue Jul 14 00:39:34 2026] GET /v2.0/security-groups/4c8b2ded-2fcd-4c2f-8401-36979a80ee8a => generated 146 bytes in 10 msecs (HTTP/1.1 404) 4 headers in 164 bytes (1 switches on core 0)
2026-07-14 00:39:34.750 7 INFO neutron.db.ovn_revision_numbers_db [None req-eccbc4ba-9c27-40d1-8cf0-34377280237a f1cd95796fba4bc1a8159fc7bfcfa847 39d4ad338ccb47198d5b00974e1083f7 - - default default] Successfully bumped revision number for resource aee3c89a-9d6e-45d8-9fe7-749dc8df5496 (type: ports) to 2
2026-07-14 00:39:34.792 7 INFO neutron.db.ovn_revision_numbers_db [None req-eccbc4ba-9c27-40d1-8cf0-34377280237a f1cd95796fba4bc1a8159fc7bfcfa847 39d4ad338ccb47198d5b00974e1083f7 - - default default] Successfully bumped revision number for resource 439bf475-50d3-4f8d-9bff-b308c6a6cdd6 (type: subnets) to 0 [pid: 7|app: 0|req: 430/836] 10.0.0.145 () {34 vars in 668 bytes} [Tue Jul 14 00:39:34 2026] POST /v2.0/subnets => generated 695 bytes in 720 msecs (HTTP/1.1 201) 4 headers in 162 bytes (1 switches on core 0)
2026-07-14 00:39:34.902 7 INFO neutron.services.segments.plugin [-] Segment 1c4ba662-57b9-4898-a5ea-d8761061af5e resource provider aggregate not found
2026-07-14 00:39:34.917 7 INFO neutron.services.segments.plugin [-] Segment 1c4ba662-57b9-4898-a5ea-d8761061af5e resource provider aggregate not found
2026-07-14 00:39:34.923 7 INFO neutron.services.segments.plugin [-] Client error retrieving segment 1c4ba662-57b9-4898-a5ea-d8761061af5e resource provider; error: Placement Client Error (4xx): {"errors": [{"status": 404, "title": "Not Found", "detail": "The resource could not be found.\n\n No resource provider with uuid 1c4ba662-57b9-4898-a5ea-d8761061af5e found for delete ", "request_id": "req-955e94de-1555-4942-92dd-1c68665beb84"}]}
2026-07-14 00:39:34.937 7 INFO neutron.services.segments.plugin [-] Client error retrieving segment 1c4ba662-57b9-4898-a5ea-d8761061af5e resource provider; error: Placement Client Error (4xx): {"errors": [{"status": 404, "title": "Not Found", "detail": "The resource could not be found.\n\n No resource provider with uuid 1c4ba662-57b9-4898-a5ea-d8761061af5e found for delete ", "request_id": "req-61a05c5f-830d-4947-b9ab-c7a2485d9139"}]}
2026-07-14 00:39:34.939 8 INFO neutron_taas.services.taas.taas_plugin [None req-9b1f948e-01f6-46ca-9351-aea2ee3d838a 81ce232a4e7f4c57bb2b52791820b6cd 90873aff75274a43b03b94ecfb6cde55 - - default default] TaaS: Handle Delete Port: 433a920d-cdbf-495c-a25a-6daae093b699
2026-07-14 00:39:34.941 8 INFO neutron_taas.services.taas.tap_mirror_plugin [None req-9b1f948e-01f6-46ca-9351-aea2ee3d838a 81ce232a4e7f4c57bb2b52791820b6cd 90873aff75274a43b03b94ecfb6cde55 - - default default] Tap Mirror: Handle Delete Port: 433a920d-cdbf-495c-a25a-6daae093b699 [pid: 8|app: 0|req: 407/837] 10.0.0.145 () {32 vars in 731 bytes} [Tue Jul 14 00:39:34 2026] DELETE /v2.0/floatingips/d2b01685-adce-4f77-a539-12350c6e2fce => generated 0 bytes in 327 msecs (HTTP/1.1 204) 2 headers in 112 bytes (1 switches on core 0) [pid: 8|app: 0|req: 408/838] 10.0.0.143 () {34 vars in 1069 bytes} [Tue Jul 14 00:39:35 2026] GET /v2.0/ports?fields=security_groups&fields=device_id&device_id=64932e08-6a45-4fdd-8d84-80cbcbd583eb => generated 12 bytes in 17 msecs (HTTP/1.1 200) 4 headers in 156 bytes (1 switches on core 0)
2026-07-14 00:39:35.210 7 WARNING neutron.scheduler.dhcp_agent_scheduler [None req-a7b44f97-0f1e-4b1b-929a-23c0de8ec2fe f1cd95796fba4bc1a8159fc7bfcfa847 39d4ad338ccb47198d5b00974e1083f7 - - default default] No more DHCP agents
2026-07-14 00:39:35.212 7 WARNING neutron.api.rpc.agentnotifiers.dhcp_rpc_agent_api [None req-a7b44f97-0f1e-4b1b-929a-23c0de8ec2fe f1cd95796fba4bc1a8159fc7bfcfa847 39d4ad338ccb47198d5b00974e1083f7 - - default default] Unable to schedule network 7225c6d6-a29f-4b6b-aed9-0ae0301300c3: no agents available; will retry on subsequent port and subnet creation events.
2026-07-14 00:39:35.341 8 INFO neutron.plugins.ml2.drivers.ovn.mech_driver.mech_driver [None req-44e8db63-3a3b-42b1-afaf-8278fe1cfbc1 - - - - - -] OVN reports status down for port: 561f9b3b-600d-4189-9cef-68ff3c60421d
2026-07-14 00:39:35.354 7 INFO neutron.db.ovn_revision_numbers_db [None req-a7b44f97-0f1e-4b1b-929a-23c0de8ec2fe f1cd95796fba4bc1a8159fc7bfcfa847 39d4ad338ccb47198d5b00974e1083f7 - - default default] Successfully bumped revision number for resource 561f9b3b-600d-4189-9cef-68ff3c60421d (type: ports) to 1
2026-07-14 00:39:35.396 8 INFO neutron_taas.services.taas.taas_plugin [None req-1341dfe4-9279-4798-837a-ac6e725d411a f1cd95796fba4bc1a8159fc7bfcfa847 39d4ad338ccb47198d5b00974e1083f7 - - default default] TaaS: Handle Delete Port: de37f3fd-80ea-4f9d-91fe-be8728c6f256
2026-07-14 00:39:35.401 8 INFO neutron_taas.services.taas.tap_mirror_plugin [None req-1341dfe4-9279-4798-837a-ac6e725d411a f1cd95796fba4bc1a8159fc7bfcfa847 39d4ad338ccb47198d5b00974e1083f7 - - default default] Tap Mirror: Handle Delete Port: de37f3fd-80ea-4f9d-91fe-be8728c6f256
2026-07-14 00:39:36.059 7 INFO neutron.plugins.ml2.drivers.ovn.mech_driver.ovsdb.ovsdb_monitor [None req-1a6baad2-c7aa-4970-be43-ce061898c99a - - - - - -] Router be6fc80a-5e8a-4c64-82fb-615b258475f1 is bound to host instance
2026-07-14 00:39:36.064 8 INFO neutron.plugins.ml2.drivers.ovn.mech_driver.mech_driver [None req-44e8db63-3a3b-42b1-afaf-8278fe1cfbc1 - - - - - -] OVN reports status up for port: 561f9b3b-600d-4189-9cef-68ff3c60421d
2026-07-14 00:39:36.081 8 INFO neutron.plugins.ml2.plugin [None req-44e8db63-3a3b-42b1-afaf-8278fe1cfbc1 - - - - - -] Attempt 1 to provision port 561f9b3b-600d-4189-9cef-68ff3c60421d
2026-07-14 00:39:36.130 7 INFO neutron.db.ovn_revision_numbers_db [None req-a7b44f97-0f1e-4b1b-929a-23c0de8ec2fe f1cd95796fba4bc1a8159fc7bfcfa847 39d4ad338ccb47198d5b00974e1083f7 - - default default] Successfully bumped revision number for resource 561f9b3b-600d-4189-9cef-68ff3c60421d (type: router_ports) to 1 [pid: 8|app: 0|req: 409/839] 10.0.0.145 () {34 vars in 788 bytes} [Tue Jul 14 00:39:35 2026] PUT /v2.0/routers/d6c8b71e-6eac-473b-a332-6bda53d89ac2/remove_router_interface => generated 310 bytes in 1034 msecs (HTTP/1.1 200) 4 headers in 157 bytes (1 switches on core 0) /var/lib/openstack/lib/python3.12/site-packages/pycadf/identifier.py:70: UserWarning: Invalid uuid: neutron. To ensure interoperability, identifiers should be a valid uuid. warnings.warn(('Invalid uuid: %s. To ensure interoperability, ' [pid: 8|app: 0|req: 410/840] 10.0.0.248 () {34 vars in 989 bytes} [Tue Jul 14 00:39:36 2026] GET /v2.0/ports?device_id=64932e08-6a45-4fdd-8d84-80cbcbd583eb => generated 12 bytes in 34 msecs (HTTP/1.1 200) 4 headers in 156 bytes (1 switches on core 0)
2026-07-14 00:39:36.319 7 INFO neutron.db.ovn_revision_numbers_db [None req-a7b44f97-0f1e-4b1b-929a-23c0de8ec2fe f1cd95796fba4bc1a8159fc7bfcfa847 39d4ad338ccb47198d5b00974e1083f7 - - default default] Successfully bumped revision number for resource be6fc80a-5e8a-4c64-82fb-615b258475f1 (type: routers) to 2 [pid: 7|app: 0|req: 431/841] 10.0.0.145 () {34 vars in 668 bytes} [Tue Jul 14 00:39:34 2026] POST /v2.0/routers => generated 994 bytes in 1533 msecs (HTTP/1.1 201) 4 headers in 162 bytes (1 switches on core 0)
2026-07-14 00:39:36.473 8 INFO neutron.db.ovn_revision_numbers_db [None req-b900656b-d79a-473c-b984-3adc0c3f2a11 29c1e3fae16d4086a7f32212da87dcaf aaa99af2b59748be84eb4ac3d3b13c10 - - default default] Successfully bumped revision number for resource 46b91ccd-2eeb-4872-bb0e-274035278312 (type: security_groups) to 1
2026-07-14 00:39:36.488 8 INFO neutron.db.ovn_revision_numbers_db [None req-b900656b-d79a-473c-b984-3adc0c3f2a11 29c1e3fae16d4086a7f32212da87dcaf aaa99af2b59748be84eb4ac3d3b13c10 - - default default] Successfully bumped revision number for resource 4fe30a9b-88ad-4c8e-b5b3-917517bd1005 (type: security_group_rules) to 0
2026-07-14 00:39:36.504 8 INFO neutron.db.ovn_revision_numbers_db [None req-b900656b-d79a-473c-b984-3adc0c3f2a11 29c1e3fae16d4086a7f32212da87dcaf aaa99af2b59748be84eb4ac3d3b13c10 - - default default] Successfully bumped revision number for resource 5b6b4395-a545-4e26-ac1b-f5e23a4933b1 (type: security_group_rules) to 0
2026-07-14 00:39:36.519 8 INFO neutron.db.ovn_revision_numbers_db [None req-b900656b-d79a-473c-b984-3adc0c3f2a11 29c1e3fae16d4086a7f32212da87dcaf aaa99af2b59748be84eb4ac3d3b13c10 - - default default] Successfully bumped revision number for resource 8f205caf-cd05-49a7-a5f5-be8bc05bbcd2 (type: security_group_rules) to 0
2026-07-14 00:39:36.531 8 INFO neutron.db.ovn_revision_numbers_db [None req-b900656b-d79a-473c-b984-3adc0c3f2a11 29c1e3fae16d4086a7f32212da87dcaf aaa99af2b59748be84eb4ac3d3b13c10 - - default default] Successfully bumped revision number for resource cbe3fe53-4d58-400e-a579-df56fb8b2953 (type: security_group_rules) to 0
2026-07-14 00:39:36.628 8 INFO neutron.db.segments_db [None req-b900656b-d79a-473c-b984-3adc0c3f2a11 29c1e3fae16d4086a7f32212da87dcaf aaa99af2b59748be84eb4ac3d3b13c10 - - default default] Added segment 995f8b56-f27d-4048-8a1f-eba3d47c33be of type geneve for network 501de6fc-3eed-4668-aa88-7d24eabe9fa0
2026-07-14 00:39:36.724 8 INFO neutron.db.segments_db [None req-b900656b-d79a-473c-b984-3adc0c3f2a11 29c1e3fae16d4086a7f32212da87dcaf aaa99af2b59748be84eb4ac3d3b13c10 - - default default] Added segment e9ea3631-4f77-4023-b606-5dac471b788e of type geneve for network 6505663d-bec2-4b63-8af2-745e0db3ec9d
2026-07-14 00:39:36.860 8 INFO neutron.db.ovn_revision_numbers_db [None req-b900656b-d79a-473c-b984-3adc0c3f2a11 29c1e3fae16d4086a7f32212da87dcaf aaa99af2b59748be84eb4ac3d3b13c10 - - default default] Successfully bumped revision number for resource 501de6fc-3eed-4668-aa88-7d24eabe9fa0 (type: networks) to 1
2026-07-14 00:39:37.044 8 WARNING neutron.scheduler.dhcp_agent_scheduler [None req-b900656b-d79a-473c-b984-3adc0c3f2a11 29c1e3fae16d4086a7f32212da87dcaf aaa99af2b59748be84eb4ac3d3b13c10 - - default default] No more DHCP agents
2026-07-14 00:39:37.046 8 WARNING neutron.api.rpc.agentnotifiers.dhcp_rpc_agent_api [None req-b900656b-d79a-473c-b984-3adc0c3f2a11 29c1e3fae16d4086a7f32212da87dcaf aaa99af2b59748be84eb4ac3d3b13c10 - - default default] Unable to schedule network 501de6fc-3eed-4668-aa88-7d24eabe9fa0: no agents available; will retry on subsequent port and subnet creation events.
2026-07-14 00:39:37.075 7 INFO neutron_taas.services.taas.taas_plugin [None req-2f28479a-99ae-49f1-a487-0f3fff84286b f1cd95796fba4bc1a8159fc7bfcfa847 39d4ad338ccb47198d5b00974e1083f7 - - default default] TaaS: Handle Delete Port: 85797177-6e43-41ac-b25e-cd250b11f7c1
2026-07-14 00:39:37.100 7 INFO neutron_taas.services.taas.tap_mirror_plugin [None req-2f28479a-99ae-49f1-a487-0f3fff84286b f1cd95796fba4bc1a8159fc7bfcfa847 39d4ad338ccb47198d5b00974e1083f7 - - default default] Tap Mirror: Handle Delete Port: 85797177-6e43-41ac-b25e-cd250b11f7c1
2026-07-14 00:39:37.127 8 INFO neutron.db.ovn_revision_numbers_db [None req-b900656b-d79a-473c-b984-3adc0c3f2a11 29c1e3fae16d4086a7f32212da87dcaf aaa99af2b59748be84eb4ac3d3b13c10 - - default default] Successfully bumped revision number for resource 8d83aeb7-af00-423b-a963-200782fe711f (type: ports) to 1
2026-07-14 00:39:37.196 8 INFO neutron.db.ovn_revision_numbers_db [None req-b900656b-d79a-473c-b984-3adc0c3f2a11 29c1e3fae16d4086a7f32212da87dcaf aaa99af2b59748be84eb4ac3d3b13c10 - - default default] Successfully bumped revision number for resource 6505663d-bec2-4b63-8af2-745e0db3ec9d (type: networks) to 1
2026-07-14 00:39:37.351 8 WARNING neutron.scheduler.dhcp_agent_scheduler [None req-b900656b-d79a-473c-b984-3adc0c3f2a11 29c1e3fae16d4086a7f32212da87dcaf aaa99af2b59748be84eb4ac3d3b13c10 - - default default] No more DHCP agents
2026-07-14 00:39:37.353 8 WARNING neutron.api.rpc.agentnotifiers.dhcp_rpc_agent_api [None req-b900656b-d79a-473c-b984-3adc0c3f2a11 29c1e3fae16d4086a7f32212da87dcaf aaa99af2b59748be84eb4ac3d3b13c10 - - default default] Unable to schedule network 6505663d-bec2-4b63-8af2-745e0db3ec9d: no agents available; will retry on subsequent port and subnet creation events.
2026-07-14 00:39:37.426 8 INFO neutron.db.ovn_revision_numbers_db [None req-b900656b-d79a-473c-b984-3adc0c3f2a11 29c1e3fae16d4086a7f32212da87dcaf aaa99af2b59748be84eb4ac3d3b13c10 - - default default] Successfully bumped revision number for resource c51105d1-b44f-426c-99ff-d4699856e1a2 (type: ports) to 1
2026-07-14 00:39:37.430 7 INFO neutron.plugins.ml2.drivers.ovn.mech_driver.mech_driver [None req-75cc70ad-4940-4762-8e7f-2789ad0133ea - - - - - -] OVN reports status down for port: c51105d1-b44f-426c-99ff-d4699856e1a2 [pid: 8|app: 0|req: 411/842] 10.0.0.145 () {34 vars in 669 bytes} [Tue Jul 14 00:39:36 2026] POST /v2.0/networks => generated 1321 bytes in 1283 msecs (HTTP/1.1 201) 4 headers in 163 bytes (1 switches on core 0) [pid: 8|app: 0|req: 412/843] 10.0.0.143 () {34 vars in 1069 bytes} [Tue Jul 14 00:39:37 2026] GET /v2.0/ports?fields=security_groups&fields=device_id&device_id=64932e08-6a45-4fdd-8d84-80cbcbd583eb => generated 12 bytes in 19 msecs (HTTP/1.1 200) 4 headers in 156 bytes (1 switches on core 0)
2026-07-14 00:39:37.951 8 WARNING neutron.scheduler.dhcp_agent_scheduler [None req-d9b2a07f-e410-4ae8-8244-ec5568bc0ea0 f1cd95796fba4bc1a8159fc7bfcfa847 39d4ad338ccb47198d5b00974e1083f7 - - default default] No more DHCP agents
2026-07-14 00:39:37.953 8 WARNING neutron.api.rpc.agentnotifiers.dhcp_rpc_agent_api [None req-d9b2a07f-e410-4ae8-8244-ec5568bc0ea0 f1cd95796fba4bc1a8159fc7bfcfa847 39d4ad338ccb47198d5b00974e1083f7 - - default default] Unable to schedule network a7b8d4f9-42e6-4a46-8b5e-8696eb275b0f: no agents available; will retry on subsequent port and subnet creation events.
2026-07-14 00:39:37.967 7 INFO neutron.db.ovn_revision_numbers_db [None req-06c4b415-c839-4649-98d1-acc1b0d19bf5 - - - - - -] Successfully bumped revision number for resource 561f9b3b-600d-4189-9cef-68ff3c60421d (type: ports) to 4 [pid: 7|app: 0|req: 432/844] 10.0.0.145 () {32 vars in 723 bytes} [Tue Jul 14 00:39:36 2026] DELETE /v2.0/routers/d6c8b71e-6eac-473b-a332-6bda53d89ac2 => generated 0 bytes in 1666 msecs (HTTP/1.1 204) 2 headers in 112 bytes (1 switches on core 0)
2026-07-14 00:39:38.137 7 INFO neutron.plugins.ml2.drivers.ovn.mech_driver.mech_driver [None req-75cc70ad-4940-4762-8e7f-2789ad0133ea - - - - - -] OVN reports status down for port: 5252cd64-941d-4732-8ff6-350545114320
2026-07-14 00:39:38.169 8 INFO neutron.db.ovn_revision_numbers_db [None req-d9b2a07f-e410-4ae8-8244-ec5568bc0ea0 f1cd95796fba4bc1a8159fc7bfcfa847 39d4ad338ccb47198d5b00974e1083f7 - - default default] Successfully bumped revision number for resource 5252cd64-941d-4732-8ff6-350545114320 (type: ports) to 1 [pid: 7|app: 0|req: 433/845] 10.0.0.145 () {32 vars in 648 bytes} [Tue Jul 14 00:39:38 2026] GET /v2.0/networks => generated 1970 bytes in 198 msecs (HTTP/1.1 200) 4 headers in 158 bytes (1 switches on core 0) [pid: 7|app: 0|req: 434/846] 10.0.0.143 () {34 vars in 989 bytes} [Tue Jul 14 00:39:38 2026] GET /v2.0/ports?device_id=64932e08-6a45-4fdd-8d84-80cbcbd583eb => generated 12 bytes in 51 msecs (HTTP/1.1 200) 4 headers in 156 bytes (1 switches on core 0) [pid: 7|app: 0|req: 435/847] 10.0.0.145 () {32 vars in 723 bytes} [Tue Jul 14 00:39:38 2026] DELETE /v2.0/subnets/accf009f-d990-4584-8f71-21dff8e682ea => generated 0 bytes in 460 msecs (HTTP/1.1 204) 3 headers in 131 bytes (1 switches on core 0)
2026-07-14 00:39:38.777 8 INFO neutron.plugins.ml2.drivers.ovn.mech_driver.mech_driver [None req-44e8db63-3a3b-42b1-afaf-8278fe1cfbc1 - - - - - -] OVN reports status down for port: 8d83aeb7-af00-423b-a963-200782fe711f
2026-07-14 00:39:38.840 7 INFO neutron.db.ovn_revision_numbers_db [None req-06c4b415-c839-4649-98d1-acc1b0d19bf5 - - - - - -] Successfully bumped revision number for resource 561f9b3b-600d-4189-9cef-68ff3c60421d (type: ports) to 5
2026-07-14 00:39:38.851 7 INFO neutron.plugins.ml2.drivers.ovn.mech_driver.mech_driver [None req-75cc70ad-4940-4762-8e7f-2789ad0133ea - - - - - -] OVN reports status up for port: 5252cd64-941d-4732-8ff6-350545114320
2026-07-14 00:39:38.889 7 INFO neutron.plugins.ml2.plugin [None req-75cc70ad-4940-4762-8e7f-2789ad0133ea - - - - - -] Attempt 1 to provision port 5252cd64-941d-4732-8ff6-350545114320
2026-07-14 00:39:38.956 8 WARNING neutron.scheduler.dhcp_agent_scheduler [None req-d9b2a07f-e410-4ae8-8244-ec5568bc0ea0 f1cd95796fba4bc1a8159fc7bfcfa847 39d4ad338ccb47198d5b00974e1083f7 - - default default] No more DHCP agents
2026-07-14 00:39:38.958 8 WARNING neutron.api.rpc.agentnotifiers.dhcp_rpc_agent_api [None req-d9b2a07f-e410-4ae8-8244-ec5568bc0ea0 f1cd95796fba4bc1a8159fc7bfcfa847 39d4ad338ccb47198d5b00974e1083f7 - - default default] Unable to schedule network a7b8d4f9-42e6-4a46-8b5e-8696eb275b0f: no agents available; will retry on subsequent port and subnet creation events.
2026-07-14 00:39:39.133 7 INFO neutron_taas.services.taas.taas_plugin [None req-16aeeb53-6aef-4fb8-9e48-2297a941c1b8 29c1e3fae16d4086a7f32212da87dcaf aaa99af2b59748be84eb4ac3d3b13c10 - - default default] TaaS: Handle Delete Port: 8d83aeb7-af00-423b-a963-200782fe711f
2026-07-14 00:39:39.137 7 INFO neutron_taas.services.taas.tap_mirror_plugin [None req-16aeeb53-6aef-4fb8-9e48-2297a941c1b8 29c1e3fae16d4086a7f32212da87dcaf aaa99af2b59748be84eb4ac3d3b13c10 - - default default] Tap Mirror: Handle Delete Port: 8d83aeb7-af00-423b-a963-200782fe711f
2026-07-14 00:39:39.422 8 INFO neutron.db.ovn_revision_numbers_db [None req-d9b2a07f-e410-4ae8-8244-ec5568bc0ea0 f1cd95796fba4bc1a8159fc7bfcfa847 39d4ad338ccb47198d5b00974e1083f7 - - default default] Successfully bumped revision number for resource 5252cd64-941d-4732-8ff6-350545114320 (type: router_ports) to 1
