2026-07-14 00:40:09.451 7 INFO neutron_taas.services.taas.tap_mirror_plugin [None req-06e9cb64-6aa2-4f08-bc6e-553ed3a85bc0 f1cd95796fba4bc1a8159fc7bfcfa847 39d4ad338ccb47198d5b00974e1083f7 - - default default] Tap Mirror: Handle Delete Port: d8dcc02c-f9b7-4d7e-b7c3-a5e5d160804f [pid: 8|app: 0|req: 517/1057] 10.0.0.145 () {32 vars in 723 bytes} [Tue Jul 14 00:40:09 2026] DELETE /v2.0/subnets/6e793637-1192-4d89-9905-b895a5f800c1 => generated 0 bytes in 174 msecs (HTTP/1.1 204) 3 headers in 131 bytes (1 switches on core 0) [pid: 8|app: 0|req: 518/1058] 10.0.0.145 () {32 vars in 739 bytes} [Tue Jul 14 00:40:09 2026] DELETE /v2.0/security-groups/2a633a6c-35b1-4829-9af6-8bd04ded99d2 => generated 0 bytes in 165 msecs (HTTP/1.1 204) 2 headers in 112 bytes (1 switches on core 0)
2026-07-14 00:40:09.780 8 INFO neutron_taas.services.taas.taas_plugin [None req-34fac3da-0a8b-412b-a45e-91c4017433c9 f01a53acc158498c89f16ea20dcbf88e d82c7f54f9f243edaee1587037bfcc9a - - default default] TaaS: Handle Delete Port: fb350b7e-cccb-4cce-bdbf-bc2d8baf6d65
2026-07-14 00:40:09.783 8 INFO neutron_taas.services.taas.tap_mirror_plugin [None req-34fac3da-0a8b-412b-a45e-91c4017433c9 f01a53acc158498c89f16ea20dcbf88e d82c7f54f9f243edaee1587037bfcc9a - - default default] Tap Mirror: Handle Delete Port: fb350b7e-cccb-4cce-bdbf-bc2d8baf6d65 [pid: 7|app: 0|req: 541/1059] 10.0.0.145 () {32 vars in 723 bytes} [Tue Jul 14 00:40:09 2026] DELETE /v2.0/routers/440e7564-b425-4aa6-b625-05e76a55d813 => generated 0 bytes in 820 msecs (HTTP/1.1 204) 2 headers in 112 bytes (1 switches on core 0)
2026-07-14 00:40:09.906 7 INFO neutron.api.v2.resource [None req-0f6e15c6-ed28-470f-b8a3-fc1d3fadeea7 dfda9305c24241c586838a623c5b68e2 d749f09667c74b3a9c2abb7b3724053e - - default default] show failed (client error): The resource could not be found. [pid: 7|app: 0|req: 542/1060] 10.0.0.145 () {32 vars in 736 bytes} [Tue Jul 14 00:40:09 2026] GET /v2.0/security-groups/2a633a6c-35b1-4829-9af6-8bd04ded99d2 => generated 146 bytes in 21 msecs (HTTP/1.1 404) 4 headers in 164 bytes (1 switches on core 0)
2026-07-14 00:40:10.000 8 INFO neutron.services.segments.plugin [-] Segment 3804ad8e-cb3b-44ab-ad66-50e23d463607 resource provider aggregate not found
2026-07-14 00:40:10.004 8 INFO neutron.services.segments.plugin [-] Segment 3804ad8e-cb3b-44ab-ad66-50e23d463607 resource provider aggregate not found
2026-07-14 00:40:10.018 8 INFO neutron.services.segments.plugin [-] Client error retrieving segment 3804ad8e-cb3b-44ab-ad66-50e23d463607 resource provider; error: Placement Client Error (4xx): {"errors": [{"status": 404, "title": "Not Found", "detail": "The resource could not be found.\n\n No resource provider with uuid 3804ad8e-cb3b-44ab-ad66-50e23d463607 found for delete ", "request_id": "req-6492b434-2bc4-48db-9273-f737e45bf948"}]}
2026-07-14 00:40:10.023 8 INFO neutron.services.segments.plugin [-] Client error retrieving segment 3804ad8e-cb3b-44ab-ad66-50e23d463607 resource provider; error: Placement Client Error (4xx): {"errors": [{"status": 404, "title": "Not Found", "detail": "The resource could not be found.\n\n No resource provider with uuid 3804ad8e-cb3b-44ab-ad66-50e23d463607 found for delete ", "request_id": "req-bbd65d35-c451-4625-bef1-a63c6de5c5ac"}]} [pid: 8|app: 0|req: 519/1061] 10.0.0.145 () {32 vars in 725 bytes} [Tue Jul 14 00:40:09 2026] DELETE /v2.0/networks/ff3e25ce-2758-44b8-9b24-7b5d64624e88 => generated 0 bytes in 429 msecs (HTTP/1.1 204) 3 headers in 131 bytes (1 switches on core 0) [pid: 7|app: 0|req: 543/1062] 10.0.0.145 () {32 vars in 723 bytes} [Tue Jul 14 00:40:09 2026] DELETE /v2.0/subnets/05ba914f-03bb-4743-a647-128c73017ab2 => generated 0 bytes in 251 msecs (HTTP/1.1 204) 3 headers in 131 bytes (1 switches on core 0)
2026-07-14 00:40:10.227 8 INFO neutron_taas.services.taas.taas_plugin [None req-e6a1bd94-b0e5-4331-943a-880ebd198e81 dfda9305c24241c586838a623c5b68e2 d749f09667c74b3a9c2abb7b3724053e - - default default] TaaS: Handle Delete Port: b53e1674-00d7-4f9d-8e3f-ccc8e0283b2d
2026-07-14 00:40:10.230 8 INFO neutron_taas.services.taas.tap_mirror_plugin [None req-e6a1bd94-b0e5-4331-943a-880ebd198e81 dfda9305c24241c586838a623c5b68e2 d749f09667c74b3a9c2abb7b3724053e - - default default] Tap Mirror: Handle Delete Port: b53e1674-00d7-4f9d-8e3f-ccc8e0283b2d
2026-07-14 00:40:10.378 7 WARNING neutron.scheduler.dhcp_agent_scheduler [None req-648471be-ad83-4bd1-a3ea-c71e993be57a f01a53acc158498c89f16ea20dcbf88e d82c7f54f9f243edaee1587037bfcc9a - - default default] No more DHCP agents
2026-07-14 00:40:10.380 7 WARNING neutron.api.rpc.agentnotifiers.dhcp_rpc_agent_api [None req-648471be-ad83-4bd1-a3ea-c71e993be57a f01a53acc158498c89f16ea20dcbf88e d82c7f54f9f243edaee1587037bfcc9a - - default default] Unable to schedule network 7b016c70-2baa-48a9-9039-67911164fcf5: no agents available; will retry on subsequent port and subnet creation events. [pid: 8|app: 0|req: 520/1063] 10.0.0.145 () {32 vars in 731 bytes} [Tue Jul 14 00:40:10 2026] DELETE /v2.0/floatingips/76ba57d3-1475-4744-bdfd-94a54cc8a5c7 => generated 0 bytes in 316 msecs (HTTP/1.1 204) 2 headers in 112 bytes (1 switches on core 0)
2026-07-14 00:40:10.515 7 INFO neutron.plugins.ml2.drivers.ovn.mech_driver.mech_driver [None req-a5055794-f173-445f-8946-a765b090113d - - - - - -] OVN reports status down for port: 529a1a1d-31ff-4ca8-9eb3-cc34ed273ca2
2026-07-14 00:40:10.585 7 INFO neutron.db.ovn_revision_numbers_db [None req-648471be-ad83-4bd1-a3ea-c71e993be57a f01a53acc158498c89f16ea20dcbf88e d82c7f54f9f243edaee1587037bfcc9a - - default default] Successfully bumped revision number for resource 529a1a1d-31ff-4ca8-9eb3-cc34ed273ca2 (type: ports) to 1 [pid: 7|app: 0|req: 544/1064] 10.0.0.145 () {34 vars in 664 bytes} [Tue Jul 14 00:40:10 2026] POST /v2.0/ports => generated 773 bytes in 468 msecs (HTTP/1.1 201) 4 headers in 162 bytes (1 switches on core 0)
2026-07-14 00:40:10.630 8 INFO neutron_taas.services.taas.taas_plugin [None req-d0860a11-9307-4fe2-82b5-ebf2df507def f1cd95796fba4bc1a8159fc7bfcfa847 39d4ad338ccb47198d5b00974e1083f7 - - default default] TaaS: Handle Delete Port: db200095-2a65-4f43-b903-87e7bad11f3d /var/lib/openstack/lib/python3.12/site-packages/pycadf/identifier.py:70: UserWarning: Invalid uuid: neutron. To ensure interoperability, identifiers should be a valid uuid. warnings.warn(('Invalid uuid: %s. To ensure interoperability, '
2026-07-14 00:40:10.635 8 INFO neutron_taas.services.taas.tap_mirror_plugin [None req-d0860a11-9307-4fe2-82b5-ebf2df507def f1cd95796fba4bc1a8159fc7bfcfa847 39d4ad338ccb47198d5b00974e1083f7 - - default default] Tap Mirror: Handle Delete Port: db200095-2a65-4f43-b903-87e7bad11f3d [pid: 8|app: 0|req: 521/1065] 10.0.0.145 () {32 vars in 725 bytes} [Tue Jul 14 00:40:10 2026] DELETE /v2.0/networks/204cfb07-e07c-4397-b89b-750a9192aea1 => generated 0 bytes in 484 msecs (HTTP/1.1 204) 3 headers in 131 bytes (1 switches on core 0)
2026-07-14 00:40:10.943 7 INFO neutron_taas.services.taas.taas_plugin [None req-be06f83c-672c-4500-a3c2-4d5aa341ea38 f1cd95796fba4bc1a8159fc7bfcfa847 39d4ad338ccb47198d5b00974e1083f7 - - default default] TaaS: Handle Delete Port: 5252cd64-941d-4732-8ff6-350545114320
2026-07-14 00:40:10.946 7 INFO neutron_taas.services.taas.tap_mirror_plugin [None req-be06f83c-672c-4500-a3c2-4d5aa341ea38 f1cd95796fba4bc1a8159fc7bfcfa847 39d4ad338ccb47198d5b00974e1083f7 - - default default] Tap Mirror: Handle Delete Port: 5252cd64-941d-4732-8ff6-350545114320
2026-07-14 00:40:11.091 7 INFO neutron.plugins.ml2.drivers.ovn.mech_driver.mech_driver [None req-a5055794-f173-445f-8946-a765b090113d - - - - - -] OVN reports status down for port: 529a1a1d-31ff-4ca8-9eb3-cc34ed273ca2
2026-07-14 00:40:11.123 8 INFO neutron.db.ovn_revision_numbers_db [None req-50e691da-7a97-40ea-9198-ef5bdd231c04 f01a53acc158498c89f16ea20dcbf88e d82c7f54f9f243edaee1587037bfcc9a - - default default] Successfully bumped revision number for resource 529a1a1d-31ff-4ca8-9eb3-cc34ed273ca2 (type: ports) to 2 [pid: 8|app: 0|req: 522/1066] 10.0.0.145 () {34 vars in 736 bytes} [Tue Jul 14 00:40:10 2026] PUT /v2.0/ports/529a1a1d-31ff-4ca8-9eb3-cc34ed273ca2 => generated 752 bytes in 308 msecs (HTTP/1.1 200) 4 headers in 157 bytes (1 switches on core 0) /var/lib/openstack/lib/python3.12/site-packages/pycadf/identifier.py:70: UserWarning: Invalid uuid: neutron. To ensure interoperability, identifiers should be a valid uuid. warnings.warn(('Invalid uuid: %s. To ensure interoperability, '
2026-07-14 00:40:11.186 8 WARNING neutron.db.securitygroups_db [None req-cb2e16fa-fe6b-4764-a86d-605e6fd2bec2 f1cd95796fba4bc1a8159fc7bfcfa847 39d4ad338ccb47198d5b00974e1083f7 - - default default] project_id key not found in filters, using tenant_id instead. This support has been deprecated and will be removed in a future release. [pid: 8|app: 0|req: 525/1069] 10.0.0.145 () {32 vars in 773 bytes} [Tue Jul 14 00:40:11 2026] GET /v2.0/security-groups?tenant_id=891b5c7f933b4a4482acf2267a81b31f&name=default => generated 2925 bytes in 26 msecs (HTTP/1.1 200) 4 headers in 158 bytes (1 switches on core 0)
2026-07-14 00:40:11.300 8 INFO neutron_taas.services.taas.taas_plugin [None req-45d9819d-ddc2-41cd-85d5-b4277b432cf4 f01a53acc158498c89f16ea20dcbf88e d82c7f54f9f243edaee1587037bfcc9a - - default default] TaaS: Handle Delete Port: 529a1a1d-31ff-4ca8-9eb3-cc34ed273ca2
2026-07-14 00:40:11.306 8 INFO neutron_taas.services.taas.tap_mirror_plugin [None req-45d9819d-ddc2-41cd-85d5-b4277b432cf4 f01a53acc158498c89f16ea20dcbf88e d82c7f54f9f243edaee1587037bfcc9a - - default default] Tap Mirror: Handle Delete Port: 529a1a1d-31ff-4ca8-9eb3-cc34ed273ca2 [pid: 8|app: 0|req: 526/1070] 10.0.0.145 () {32 vars in 719 bytes} [Tue Jul 14 00:40:11 2026] DELETE /v2.0/ports/529a1a1d-31ff-4ca8-9eb3-cc34ed273ca2 => generated 0 bytes in 204 msecs (HTTP/1.1 204) 3 headers in 131 bytes (1 switches on core 0) [pid: 7|app: 0|req: 545/1071] 10.0.0.145 () {34 vars in 788 bytes} [Tue Jul 14 00:40:10 2026] PUT /v2.0/routers/be6fc80a-5e8a-4c64-82fb-615b258475f1/remove_router_interface => generated 310 bytes in 940 msecs (HTTP/1.1 200) 4 headers in 157 bytes (1 switches on core 0) /var/lib/openstack/lib/python3.12/site-packages/pycadf/identifier.py:70: UserWarning: Invalid uuid: neutron. To ensure interoperability, identifiers should be a valid uuid. warnings.warn(('Invalid uuid: %s. To ensure interoperability, ' [pid: 7|app: 0|req: 546/1072] 10.0.0.145 () {32 vars in 642 bytes} [Tue Jul 14 00:40:11 2026] GET /v2.0/ports => generated 1534 bytes in 47 msecs (HTTP/1.1 200) 4 headers in 158 bytes (1 switches on core 0) [pid: 8|app: 0|req: 527/1073] 10.0.0.145 () {32 vars in 739 bytes} [Tue Jul 14 00:40:11 2026] DELETE /v2.0/security-groups/61457965-53e6-42fb-b590-009f5dd6b4dd => generated 0 bytes in 251 msecs (HTTP/1.1 204) 2 headers in 112 bytes (1 switches on core 0)
2026-07-14 00:40:11.690 8 INFO neutron.pecan_wsgi.hooks.translation [None req-d4b366c2-4e67-416d-ae0b-453409b36cf7 f01a53acc158498c89f16ea20dcbf88e d82c7f54f9f243edaee1587037bfcc9a - - default default] GET failed (client error): The resource could not be found. [pid: 8|app: 0|req: 528/1074] 10.0.0.145 () {32 vars in 716 bytes} [Tue Jul 14 00:40:11 2026] GET /v2.0/ports/529a1a1d-31ff-4ca8-9eb3-cc34ed273ca2 => generated 132 bytes in 29 msecs (HTTP/1.1 404) 4 headers in 164 bytes (1 switches on core 0) [pid: 8|app: 0|req: 529/1075] 10.0.0.145 () {32 vars in 642 bytes} [Tue Jul 14 00:40:11 2026] GET /v2.0/ports => generated 1534 bytes in 46 msecs (HTTP/1.1 200) 4 headers in 158 bytes (1 switches on core 0) [pid: 8|app: 0|req: 530/1076] 10.0.0.145 () {32 vars in 716 bytes} [Tue Jul 14 00:40:11 2026] GET /v2.0/ports/6e6081b8-01fc-4844-a575-b04b6e61832d => generated 775 bytes in 40 msecs (HTTP/1.1 200) 4 headers in 157 bytes (1 switches on core 0)
2026-07-14 00:40:11.813 8 INFO neutron.pecan_wsgi.hooks.translation [None req-9ff94ce2-afbd-4cf4-99c3-d2c56e21174e f01a53acc158498c89f16ea20dcbf88e d82c7f54f9f243edaee1587037bfcc9a - - default default] DELETE failed (client error): The resource could not be found. [pid: 8|app: 0|req: 531/1077] 10.0.0.145 () {32 vars in 719 bytes} [Tue Jul 14 00:40:11 2026] DELETE /v2.0/ports/fb745ee4-5030-41b8-8af0-62b77fada5c4 => generated 132 bytes in 21 msecs (HTTP/1.1 404) 4 headers in 164 bytes (1 switches on core 0)
2026-07-14 00:40:11.833 8 INFO neutron.pecan_wsgi.hooks.translation [None req-806ccbaf-404a-4a29-8edf-c9a202a666b7 f01a53acc158498c89f16ea20dcbf88e d82c7f54f9f243edaee1587037bfcc9a - - default default] DELETE failed (client error): The resource could not be found. [pid: 8|app: 0|req: 532/1078] 10.0.0.145 () {32 vars in 723 bytes} [Tue Jul 14 00:40:11 2026] DELETE /v2.0/subnets/6e793637-1192-4d89-9905-b895a5f800c1 => generated 136 bytes in 15 msecs (HTTP/1.1 404) 4 headers in 164 bytes (1 switches on core 0)
2026-07-14 00:40:11.971 7 INFO neutron_taas.services.taas.taas_plugin [None req-dae4d969-6918-41ac-9f12-e188cdbfde72 f1cd95796fba4bc1a8159fc7bfcfa847 39d4ad338ccb47198d5b00974e1083f7 - - default default] TaaS: Handle Delete Port: 561f9b3b-600d-4189-9cef-68ff3c60421d
2026-07-14 00:40:11.975 7 INFO neutron_taas.services.taas.tap_mirror_plugin [None req-dae4d969-6918-41ac-9f12-e188cdbfde72 f1cd95796fba4bc1a8159fc7bfcfa847 39d4ad338ccb47198d5b00974e1083f7 - - default default] Tap Mirror: Handle Delete Port: 561f9b3b-600d-4189-9cef-68ff3c60421d
2026-07-14 00:40:12.038 8 INFO neutron.services.segments.plugin [-] Segment 8f86d590-dd6b-4cc9-b51f-9a4f8c3776e5 resource provider aggregate not found
2026-07-14 00:40:12.047 8 INFO neutron.services.segments.plugin [-] Segment 8f86d590-dd6b-4cc9-b51f-9a4f8c3776e5 resource provider aggregate not found
2026-07-14 00:40:12.052 8 WARNING neutron.db.securitygroups_db [None req-b562015e-3f78-4e4c-aae1-f60812c4b085 f1cd95796fba4bc1a8159fc7bfcfa847 39d4ad338ccb47198d5b00974e1083f7 - - default default] project_id key not found in filters, using tenant_id instead. This support has been deprecated and will be removed in a future release.
2026-07-14 00:40:12.056 8 INFO neutron.services.segments.plugin [-] Client error retrieving segment 8f86d590-dd6b-4cc9-b51f-9a4f8c3776e5 resource provider; error: Placement Client Error (4xx): {"errors": [{"status": 404, "title": "Not Found", "detail": "The resource could not be found.\n\n No resource provider with uuid 8f86d590-dd6b-4cc9-b51f-9a4f8c3776e5 found for delete ", "request_id": "req-6759c5ff-b62f-4b1a-935a-6489147ed295"}]}
2026-07-14 00:40:12.064 8 INFO neutron.services.segments.plugin [-] Client error retrieving segment 8f86d590-dd6b-4cc9-b51f-9a4f8c3776e5 resource provider; error: Placement Client Error (4xx): {"errors": [{"status": 404, "title": "Not Found", "detail": "The resource could not be found.\n\n No resource provider with uuid 8f86d590-dd6b-4cc9-b51f-9a4f8c3776e5 found for delete ", "request_id": "req-273f01a6-bf15-4523-a7ed-81ad9b89c54c"}]}
2026-07-14 00:40:12.174 8 INFO neutron.db.ovn_revision_numbers_db [None req-b562015e-3f78-4e4c-aae1-f60812c4b085 f1cd95796fba4bc1a8159fc7bfcfa847 39d4ad338ccb47198d5b00974e1083f7 - - default default] Successfully bumped revision number for resource 73bc93ab-8b3a-4240-bcb0-3596be06ae1b (type: security_groups) to 1
2026-07-14 00:40:12.190 8 INFO neutron.db.ovn_revision_numbers_db [None req-b562015e-3f78-4e4c-aae1-f60812c4b085 f1cd95796fba4bc1a8159fc7bfcfa847 39d4ad338ccb47198d5b00974e1083f7 - - default default] Successfully bumped revision number for resource 1c90443c-5938-432f-9873-2572a5e4bd7a (type: security_group_rules) to 0
2026-07-14 00:40:12.207 8 INFO neutron.db.ovn_revision_numbers_db [None req-b562015e-3f78-4e4c-aae1-f60812c4b085 f1cd95796fba4bc1a8159fc7bfcfa847 39d4ad338ccb47198d5b00974e1083f7 - - default default] Successfully bumped revision number for resource 53bafd63-3e5c-4925-a78a-a6f2af3bad51 (type: security_group_rules) to 0
2026-07-14 00:40:12.226 8 INFO neutron.db.ovn_revision_numbers_db [None req-b562015e-3f78-4e4c-aae1-f60812c4b085 f1cd95796fba4bc1a8159fc7bfcfa847 39d4ad338ccb47198d5b00974e1083f7 - - default default] Successfully bumped revision number for resource 690f5579-d3da-4452-b09e-04618a10e2db (type: security_group_rules) to 0
2026-07-14 00:40:12.239 8 INFO neutron.db.ovn_revision_numbers_db [None req-b562015e-3f78-4e4c-aae1-f60812c4b085 f1cd95796fba4bc1a8159fc7bfcfa847 39d4ad338ccb47198d5b00974e1083f7 - - default default] Successfully bumped revision number for resource 87a65ec3-78f2-4bdb-a373-6c57a7891c72 (type: security_group_rules) to 0 [pid: 8|app: 0|req: 533/1079] 10.0.0.145 () {32 vars in 773 bytes} [Tue Jul 14 00:40:11 2026] GET /v2.0/security-groups?tenant_id=df9f26d2e6134ee1b49c5ad5facd63a4&name=default => generated 2925 bytes in 448 msecs (HTTP/1.1 200) 4 headers in 158 bytes (1 switches on core 0)
2026-07-14 00:40:12.300 8 INFO neutron.pecan_wsgi.hooks.translation [None req-25b76fcd-b692-4190-9be4-954eb4988a82 f01a53acc158498c89f16ea20dcbf88e d82c7f54f9f243edaee1587037bfcc9a - - default default] DELETE failed (client error): The resource could not be found. [pid: 8|app: 0|req: 534/1080] 10.0.0.145 () {32 vars in 723 bytes} [Tue Jul 14 00:40:12 2026] DELETE /v2.0/subnets/05efab0e-8244-4d5b-a756-be4939eeeccb => generated 136 bytes in 18 msecs (HTTP/1.1 404) 4 headers in 164 bytes (1 switches on core 0) [pid: 7|app: 0|req: 547/1081] 10.0.0.145 () {32 vars in 723 bytes} [Tue Jul 14 00:40:11 2026] DELETE /v2.0/routers/be6fc80a-5e8a-4c64-82fb-615b258475f1 => generated 0 bytes in 775 msecs (HTTP/1.1 204) 2 headers in 112 bytes (1 switches on core 0) [pid: 8|app: 0|req: 535/1082] 10.0.0.145 () {32 vars in 739 bytes} [Tue Jul 14 00:40:12 2026] DELETE /v2.0/security-groups/73bc93ab-8b3a-4240-bcb0-3596be06ae1b => generated 0 bytes in 185 msecs (HTTP/1.1 204) 2 headers in 112 bytes (1 switches on core 0)
2026-07-14 00:40:12.524 7 INFO neutron_taas.services.taas.taas_plugin [None req-ae601c27-6a76-4ace-92ac-92adbe3d1f7c f01a53acc158498c89f16ea20dcbf88e d82c7f54f9f243edaee1587037bfcc9a - - default default] TaaS: Handle Delete Port: 6e6081b8-01fc-4844-a575-b04b6e61832d
2026-07-14 00:40:12.528 7 INFO neutron_taas.services.taas.tap_mirror_plugin [None req-ae601c27-6a76-4ace-92ac-92adbe3d1f7c f01a53acc158498c89f16ea20dcbf88e d82c7f54f9f243edaee1587037bfcc9a - - default default] Tap Mirror: Handle Delete Port: 6e6081b8-01fc-4844-a575-b04b6e61832d [pid: 7|app: 0|req: 548/1083] 10.0.0.145 () {32 vars in 719 bytes} [Tue Jul 14 00:40:12 2026] DELETE /v2.0/ports/6e6081b8-01fc-4844-a575-b04b6e61832d => generated 0 bytes in 247 msecs (HTTP/1.1 204) 3 headers in 131 bytes (1 switches on core 0)
2026-07-14 00:40:12.644 7 WARNING neutron.db.securitygroups_db [None req-21aeb9bd-b66b-4dea-916f-1dedec0a46b2 f1cd95796fba4bc1a8159fc7bfcfa847 39d4ad338ccb47198d5b00974e1083f7 - - default default] project_id key not found in filters, using tenant_id instead. This support has been deprecated and will be removed in a future release. [pid: 8|app: 0|req: 536/1084] 10.0.0.145 () {32 vars in 723 bytes} [Tue Jul 14 00:40:12 2026] DELETE /v2.0/subnets/439bf475-50d3-4f8d-9bff-b308c6a6cdd6 => generated 0 bytes in 182 msecs (HTTP/1.1 204) 3 headers in 131 bytes (1 switches on core 0)
2026-07-14 00:40:12.774 7 INFO neutron.db.ovn_revision_numbers_db [None req-21aeb9bd-b66b-4dea-916f-1dedec0a46b2 f1cd95796fba4bc1a8159fc7bfcfa847 39d4ad338ccb47198d5b00974e1083f7 - - default default] Successfully bumped revision number for resource 453fc9d0-a863-4931-978b-053f1775bfea (type: security_groups) to 1
2026-07-14 00:40:12.790 7 INFO neutron.db.ovn_revision_numbers_db [None req-21aeb9bd-b66b-4dea-916f-1dedec0a46b2 f1cd95796fba4bc1a8159fc7bfcfa847 39d4ad338ccb47198d5b00974e1083f7 - - default default] Successfully bumped revision number for resource 4f38544c-9e0c-449f-ab92-c35e009af2fb (type: security_group_rules) to 0
2026-07-14 00:40:12.804 7 INFO neutron.db.ovn_revision_numbers_db [None req-21aeb9bd-b66b-4dea-916f-1dedec0a46b2 f1cd95796fba4bc1a8159fc7bfcfa847 39d4ad338ccb47198d5b00974e1083f7 - - default default] Successfully bumped revision number for resource 819b26c5-a956-4647-9245-2de9f94ba3e3 (type: security_group_rules) to 0
2026-07-14 00:40:12.821 7 INFO neutron.db.ovn_revision_numbers_db [None req-21aeb9bd-b66b-4dea-916f-1dedec0a46b2 f1cd95796fba4bc1a8159fc7bfcfa847 39d4ad338ccb47198d5b00974e1083f7 - - default default] Successfully bumped revision number for resource c4ecc37d-3c94-4df5-adfb-53d93ea9c0bc (type: security_group_rules) to 0
2026-07-14 00:40:12.825 8 INFO neutron_taas.services.taas.taas_plugin [None req-765487ec-3561-43c6-b095-354a2f858de8 f01a53acc158498c89f16ea20dcbf88e d82c7f54f9f243edaee1587037bfcc9a - - default default] TaaS: Handle Delete Port: 9a431f6e-3293-424b-bd1a-bd4127d1237c
2026-07-14 00:40:12.828 8 INFO neutron_taas.services.taas.tap_mirror_plugin [None req-765487ec-3561-43c6-b095-354a2f858de8 f01a53acc158498c89f16ea20dcbf88e d82c7f54f9f243edaee1587037bfcc9a - - default default] Tap Mirror: Handle Delete Port: 9a431f6e-3293-424b-bd1a-bd4127d1237c
2026-07-14 00:40:12.835 7 INFO neutron.db.ovn_revision_numbers_db [None req-21aeb9bd-b66b-4dea-916f-1dedec0a46b2 f1cd95796fba4bc1a8159fc7bfcfa847 39d4ad338ccb47198d5b00974e1083f7 - - default default] Successfully bumped revision number for resource f7adaf20-c7ca-4bff-8e45-9e26cec41260 (type: security_group_rules) to 0 [pid: 7|app: 0|req: 549/1085] 10.0.0.145 () {32 vars in 773 bytes} [Tue Jul 14 00:40:12 2026] GET /v2.0/security-groups?tenant_id=5abf0cea38df45d89b20d62f4c0a690f&name=default => generated 2925 bytes in 238 msecs (HTTP/1.1 200) 4 headers in 158 bytes (1 switches on core 0)
2026-07-14 00:40:13.033 7 INFO neutron_taas.services.taas.taas_plugin [None req-13817a81-442f-4f7d-8f87-7c581a926fd5 f1cd95796fba4bc1a8159fc7bfcfa847 39d4ad338ccb47198d5b00974e1083f7 - - default default] TaaS: Handle Delete Port: aee3c89a-9d6e-45d8-9fe7-749dc8df5496
2026-07-14 00:40:13.060 7 INFO neutron_taas.services.taas.tap_mirror_plugin [None req-13817a81-442f-4f7d-8f87-7c581a926fd5 f1cd95796fba4bc1a8159fc7bfcfa847 39d4ad338ccb47198d5b00974e1083f7 - - default default] Tap Mirror: Handle Delete Port: aee3c89a-9d6e-45d8-9fe7-749dc8df5496 [pid: 8|app: 0|req: 537/1086] 10.0.0.145 () {32 vars in 725 bytes} [Tue Jul 14 00:40:12 2026] DELETE /v2.0/networks/7b016c70-2baa-48a9-9039-67911164fcf5 => generated 0 bytes in 398 msecs (HTTP/1.1 204) 3 headers in 131 bytes (1 switches on core 0)
2026-07-14 00:40:13.248 7 INFO neutron.services.segments.plugin [-] Segment f7fc9cda-ef67-4703-af03-1be29eab1e51 resource provider aggregate not found
2026-07-14 00:40:13.256 7 INFO neutron.services.segments.plugin [-] Segment f7fc9cda-ef67-4703-af03-1be29eab1e51 resource provider aggregate not found
2026-07-14 00:40:13.283 7 INFO neutron.services.segments.plugin [-] Client error retrieving segment f7fc9cda-ef67-4703-af03-1be29eab1e51 resource provider; error: Placement Client Error (4xx): {"errors": [{"status": 404, "title": "Not Found", "detail": "The resource could not be found.\n\n No resource provider with uuid f7fc9cda-ef67-4703-af03-1be29eab1e51 found for delete ", "request_id": "req-947ae0eb-2269-496f-a92f-ad2a66f0acbe"}]}
2026-07-14 00:40:13.285 7 INFO neutron.services.segments.plugin [-] Client error retrieving segment f7fc9cda-ef67-4703-af03-1be29eab1e51 resource provider; error: Placement Client Error (4xx): {"errors": [{"status": 404, "title": "Not Found", "detail": "The resource could not be found.\n\n No resource provider with uuid f7fc9cda-ef67-4703-af03-1be29eab1e51 found for delete ", "request_id": "req-52c551a0-fa65-43c4-8a2e-ef8441f9d38c"}]} [pid: 8|app: 0|req: 538/1087] 10.0.0.145 () {32 vars in 739 bytes} [Tue Jul 14 00:40:13 2026] DELETE /v2.0/security-groups/453fc9d0-a863-4931-978b-053f1775bfea => generated 0 bytes in 233 msecs (HTTP/1.1 204) 2 headers in 112 bytes (1 switches on core 0) [pid: 7|app: 0|req: 550/1088] 10.0.0.145 () {32 vars in 725 bytes} [Tue Jul 14 00:40:12 2026] DELETE /v2.0/networks/a7b8d4f9-42e6-4a46-8b5e-8696eb275b0f => generated 0 bytes in 437 msecs (HTTP/1.1 204) 3 headers in 131 bytes (1 switches on core 0)
2026-07-14 00:40:13.470 8 WARNING neutron.db.securitygroups_db [None req-17af14b4-4e65-4682-8475-b2ccf8a55b47 f1cd95796fba4bc1a8159fc7bfcfa847 39d4ad338ccb47198d5b00974e1083f7 - - default default] project_id key not found in filters, using tenant_id instead. This support has been deprecated and will be removed in a future release. [pid: 8|app: 0|req: 539/1089] 10.0.0.145 () {32 vars in 773 bytes} [Tue Jul 14 00:40:13 2026] GET /v2.0/security-groups?tenant_id=d749f09667c74b3a9c2abb7b3724053e&name=default => generated 2925 bytes in 22 msecs (HTTP/1.1 200) 4 headers in 158 bytes (1 switches on core 0) [pid: 7|app: 0|req: 551/1090] 10.0.0.145 () {32 vars in 739 bytes} [Tue Jul 14 00:40:13 2026] DELETE /v2.0/security-groups/85812254-410b-4278-b2ef-52cfb33bd1a2 => generated 0 bytes in 242 msecs (HTTP/1.1 204) 2 headers in 112 bytes (1 switches on core 0)
2026-07-14 00:40:13.837 8 WARNING neutron.db.securitygroups_db [None req-9f64519a-5dda-44c6-8ff4-1ffad7b26c0a f1cd95796fba4bc1a8159fc7bfcfa847 39d4ad338ccb47198d5b00974e1083f7 - - default default] project_id key not found in filters, using tenant_id instead. This support has been deprecated and will be removed in a future release. [pid: 8|app: 0|req: 540/1091] 10.0.0.145 () {32 vars in 773 bytes} [Tue Jul 14 00:40:13 2026] GET /v2.0/security-groups?tenant_id=d82c7f54f9f243edaee1587037bfcc9a&name=default => generated 2925 bytes in 199 msecs (HTTP/1.1 200) 4 headers in 158 bytes (1 switches on core 0) [pid: 7|app: 0|req: 552/1092] 10.0.0.145 () {32 vars in 739 bytes} [Tue Jul 14 00:40:13 2026] DELETE /v2.0/security-groups/9cb99cf1-af50-4f3a-ac69-3156f8da1a59 => generated 0 bytes in 215 msecs (HTTP/1.1 204) 2 headers in 112 bytes (1 switches on core 0)
2026-07-14 00:40:14.093 8 INFO neutron.services.segments.plugin [-] Segment 2c96878b-cf86-4086-aa5a-585c5f50ae7a resource provider aggregate not found
2026-07-14 00:40:14.096 8 INFO neutron.services.segments.plugin [-] Segment 2c96878b-cf86-4086-aa5a-585c5f50ae7a resource provider aggregate not found
2026-07-14 00:40:14.113 8 INFO neutron.services.segments.plugin [-] Client error retrieving segment 2c96878b-cf86-4086-aa5a-585c5f50ae7a resource provider; error: Placement Client Error (4xx): {"errors": [{"status": 404, "title": "Not Found", "detail": "The resource could not be found.\n\n No resource provider with uuid 2c96878b-cf86-4086-aa5a-585c5f50ae7a found for delete ", "request_id": "req-d0c87f7c-6695-49f4-9092-4869d4ab3e37"}]}
2026-07-14 00:40:14.116 8 INFO neutron.services.segments.plugin [-] Client error retrieving segment 2c96878b-cf86-4086-aa5a-585c5f50ae7a resource provider; error: Placement Client Error (4xx): {"errors": [{"status": 404, "title": "Not Found", "detail": "The resource could not be found.\n\n No resource provider with uuid 2c96878b-cf86-4086-aa5a-585c5f50ae7a found for delete ", "request_id": "req-c1d9de90-7cfe-4910-a599-c287d430c951"}]}
2026-07-14 00:40:16.001 7 WARNING keystonemiddleware.audit [None req-2ad635bf-08a5-4b17-8d43-6d50ad1530ce f1cd95796fba4bc1a8159fc7bfcfa847 39d4ad338ccb47198d5b00974e1083f7 - - default default] Skipping service tempest-service-1998839048 as it have no endpoints.
2026-07-14 00:40:16.004 7 WARNING neutron.db.securitygroups_db [None req-4e04ddcc-013d-48c7-8b79-0da90e4046b1 f1cd95796fba4bc1a8159fc7bfcfa847 39d4ad338ccb47198d5b00974e1083f7 - - default default] project_id key not found in filters, using tenant_id instead. This support has been deprecated and will be removed in a future release.
2026-07-14 00:40:16.112 8 INFO neutron.db.ovn_revision_numbers_db [None req-66cb787f-3248-4b56-9da8-99b977a0f37c f1cd95796fba4bc1a8159fc7bfcfa847 39d4ad338ccb47198d5b00974e1083f7 - - default default] Successfully bumped revision number for resource 99f3f73b-adcb-4b0d-91d0-32b67f76cc84 (type: security_groups) to 1
2026-07-14 00:40:16.160 8 INFO neutron.db.ovn_revision_numbers_db [None req-66cb787f-3248-4b56-9da8-99b977a0f37c f1cd95796fba4bc1a8159fc7bfcfa847 39d4ad338ccb47198d5b00974e1083f7 - - default default] Successfully bumped revision number for resource 28088d9a-f39e-4e03-9a4e-496c66a0d142 (type: security_group_rules) to 0
2026-07-14 00:40:16.188 7 INFO neutron.db.ovn_revision_numbers_db [None req-4e04ddcc-013d-48c7-8b79-0da90e4046b1 f1cd95796fba4bc1a8159fc7bfcfa847 39d4ad338ccb47198d5b00974e1083f7 - - default default] Successfully bumped revision number for resource f207773d-ef5f-4308-be6d-400cac31e117 (type: security_groups) to 1
2026-07-14 00:40:16.194 8 INFO neutron.db.ovn_revision_numbers_db [None req-66cb787f-3248-4b56-9da8-99b977a0f37c f1cd95796fba4bc1a8159fc7bfcfa847 39d4ad338ccb47198d5b00974e1083f7 - - default default] Successfully bumped revision number for resource 8b36e51c-ed4e-405a-aaf8-203a6afcdd92 (type: security_group_rules) to 0
2026-07-14 00:40:16.223 7 INFO neutron.db.ovn_revision_numbers_db [None req-4e04ddcc-013d-48c7-8b79-0da90e4046b1 f1cd95796fba4bc1a8159fc7bfcfa847 39d4ad338ccb47198d5b00974e1083f7 - - default default] Successfully bumped revision number for resource 84ded3b9-a13b-4d66-8007-4b18a200d7f5 (type: security_group_rules) to 0
2026-07-14 00:40:16.223 8 INFO neutron.db.ovn_revision_numbers_db [None req-66cb787f-3248-4b56-9da8-99b977a0f37c f1cd95796fba4bc1a8159fc7bfcfa847 39d4ad338ccb47198d5b00974e1083f7 - - default default] Successfully bumped revision number for resource ad93d88e-938d-48af-9991-f0ee6b687c65 (type: security_group_rules) to 0
2026-07-14 00:40:16.243 8 INFO neutron.db.ovn_revision_numbers_db [None req-66cb787f-3248-4b56-9da8-99b977a0f37c f1cd95796fba4bc1a8159fc7bfcfa847 39d4ad338ccb47198d5b00974e1083f7 - - default default] Successfully bumped revision number for resource c119fc8c-c68a-4917-af34-8f612e57975a (type: security_group_rules) to 0
2026-07-14 00:40:16.246 7 INFO neutron.db.ovn_revision_numbers_db [None req-4e04ddcc-013d-48c7-8b79-0da90e4046b1 f1cd95796fba4bc1a8159fc7bfcfa847 39d4ad338ccb47198d5b00974e1083f7 - - default default] Successfully bumped revision number for resource bd66043a-360e-46a0-af39-51ae17d59aa9 (type: security_group_rules) to 0
2026-07-14 00:40:16.261 7 INFO neutron.db.ovn_revision_numbers_db [None req-4e04ddcc-013d-48c7-8b79-0da90e4046b1 f1cd95796fba4bc1a8159fc7bfcfa847 39d4ad338ccb47198d5b00974e1083f7 - - default default] Successfully bumped revision number for resource cdfc3c9f-a87e-4003-ba8b-500f348faa05 (type: security_group_rules) to 0
2026-07-14 00:40:16.274 7 INFO neutron.db.ovn_revision_numbers_db [None req-4e04ddcc-013d-48c7-8b79-0da90e4046b1 f1cd95796fba4bc1a8159fc7bfcfa847 39d4ad338ccb47198d5b00974e1083f7 - - default default] Successfully bumped revision number for resource eb0d8f0f-ffc4-4d9e-972b-5f8b04dc7bf1 (type: security_group_rules) to 0 [pid: 7|app: 0|req: 553/1093] 10.0.0.145 () {32 vars in 773 bytes} [Tue Jul 14 00:40:15 2026] GET /v2.0/security-groups?tenant_id=28ba1c83f6c94c1a8bd86b7f894446a4&name=default => generated 2925 bytes in 388 msecs (HTTP/1.1 200) 4 headers in 158 bytes (1 switches on core 0) [pid: 7|app: 0|req: 554/1094] 10.0.0.145 () {32 vars in 622 bytes} [Tue Jul 14 00:40:16 2026] GET / => generated 151 bytes in 2 msecs (HTTP/1.1 200) 3 headers in 91 bytes (1 switches on core 0)
2026-07-14 00:40:16.322 7 WARNING keystonemiddleware.audit [None req-4e04ddcc-013d-48c7-8b79-0da90e4046b1 f1cd95796fba4bc1a8159fc7bfcfa847 39d4ad338ccb47198d5b00974e1083f7 - - default default] Skipping service tempest-service-1998839048 as it have no endpoints.
2026-07-14 00:40:16.324 8 INFO neutron.db.segments_db [None req-66cb787f-3248-4b56-9da8-99b977a0f37c f1cd95796fba4bc1a8159fc7bfcfa847 39d4ad338ccb47198d5b00974e1083f7 - - default default] Added segment 1e85b811-45c9-4c7f-a068-a3a99992085e of type geneve for network d968e6e9-174c-4d79-9d78-c14f5e815fa2
2026-07-14 00:40:16.479 8 INFO neutron.db.ovn_revision_numbers_db [None req-66cb787f-3248-4b56-9da8-99b977a0f37c f1cd95796fba4bc1a8159fc7bfcfa847 39d4ad338ccb47198d5b00974e1083f7 - - default default] Successfully bumped revision number for resource d968e6e9-174c-4d79-9d78-c14f5e815fa2 (type: networks) to 1 [pid: 7|app: 0|req: 555/1095] 10.0.0.145 () {32 vars in 739 bytes} [Tue Jul 14 00:40:16 2026] DELETE /v2.0/security-groups/f207773d-ef5f-4308-be6d-400cac31e117 => generated 0 bytes in 185 msecs (HTTP/1.1 204) 2 headers in 112 bytes (1 switches on core 0)
2026-07-14 00:40:16.660 8 WARNING neutron.scheduler.dhcp_agent_scheduler [None req-66cb787f-3248-4b56-9da8-99b977a0f37c f1cd95796fba4bc1a8159fc7bfcfa847 39d4ad338ccb47198d5b00974e1083f7 - - default default] No more DHCP agents
2026-07-14 00:40:16.661 8 WARNING neutron.api.rpc.agentnotifiers.dhcp_rpc_agent_api [None req-66cb787f-3248-4b56-9da8-99b977a0f37c f1cd95796fba4bc1a8159fc7bfcfa847 39d4ad338ccb47198d5b00974e1083f7 - - default default] Unable to schedule network d968e6e9-174c-4d79-9d78-c14f5e815fa2: no agents available; will retry on subsequent port and subnet creation events. [pid: 7|app: 0|req: 556/1096] 10.0.0.145 () {32 vars in 632 bytes} [Tue Jul 14 00:40:16 2026] GET /v2.0/ => generated 632 bytes in 181 msecs (HTTP/1.1 200) 4 headers in 157 bytes (1 switches on core 0)
2026-07-14 00:40:16.737 8 INFO neutron.plugins.ml2.drivers.ovn.mech_driver.mech_driver [None req-ca926439-a1ff-48a7-9494-73dd8af0b0ac - - - - - -] OVN reports status down for port: 60ad5280-dd99-48ee-b707-e089bcd9349f
2026-07-14 00:40:16.815 8 INFO neutron.db.ovn_revision_numbers_db [None req-66cb787f-3248-4b56-9da8-99b977a0f37c f1cd95796fba4bc1a8159fc7bfcfa847 39d4ad338ccb47198d5b00974e1083f7 - - default default] Successfully bumped revision number for resource 60ad5280-dd99-48ee-b707-e089bcd9349f (type: ports) to 1 [pid: 8|app: 0|req: 541/1097] 10.0.0.145 () {34 vars in 670 bytes} [Tue Jul 14 00:40:15 2026] POST /v2.0/networks => generated 785 bytes in 1286 msecs (HTTP/1.1 201) 4 headers in 162 bytes (1 switches on core 0)
2026-07-14 00:40:17.029 7 WARNING neutron.scheduler.dhcp_agent_scheduler [None req-f8cfe5d0-d4ed-4acf-8243-11cbe658833a f1cd95796fba4bc1a8159fc7bfcfa847 39d4ad338ccb47198d5b00974e1083f7 - - default default] No more DHCP agents
2026-07-14 00:40:17.031 7 WARNING neutron.api.rpc.agentnotifiers.dhcp_rpc_agent_api [None req-f8cfe5d0-d4ed-4acf-8243-11cbe658833a f1cd95796fba4bc1a8159fc7bfcfa847 39d4ad338ccb47198d5b00974e1083f7 - - default default] Unable to schedule network d968e6e9-174c-4d79-9d78-c14f5e815fa2: no agents available; will retry on subsequent port and subnet creation events.
2026-07-14 00:40:17.108 8 WARNING neutron.db.securitygroups_db [None req-74d7320d-0eea-4666-a275-f7b99da681d1 f1cd95796fba4bc1a8159fc7bfcfa847 39d4ad338ccb47198d5b00974e1083f7 - - default default] project_id key not found in filters, using tenant_id instead. This support has been deprecated and will be removed in a future release.
2026-07-14 00:40:17.252 8 INFO neutron.db.ovn_revision_numbers_db [None req-74d7320d-0eea-4666-a275-f7b99da681d1 f1cd95796fba4bc1a8159fc7bfcfa847 39d4ad338ccb47198d5b00974e1083f7 - - default default] Successfully bumped revision number for resource 387e52a5-08f6-4e40-a427-c89974e34b7e (type: security_groups) to 1
2026-07-14 00:40:17.264 8 INFO neutron.db.ovn_revision_numbers_db [None req-74d7320d-0eea-4666-a275-f7b99da681d1 f1cd95796fba4bc1a8159fc7bfcfa847 39d4ad338ccb47198d5b00974e1083f7 - - default default] Successfully bumped revision number for resource 1d59bca9-b3f0-4995-9102-faa008662edc (type: security_group_rules) to 0
2026-07-14 00:40:17.278 8 INFO neutron.db.ovn_revision_numbers_db [None req-74d7320d-0eea-4666-a275-f7b99da681d1 f1cd95796fba4bc1a8159fc7bfcfa847 39d4ad338ccb47198d5b00974e1083f7 - - default default] Successfully bumped revision number for resource 386489ba-ebd3-4a59-96b5-32239d198473 (type: security_group_rules) to 0
2026-07-14 00:40:17.291 8 INFO neutron.db.ovn_revision_numbers_db [None req-74d7320d-0eea-4666-a275-f7b99da681d1 f1cd95796fba4bc1a8159fc7bfcfa847 39d4ad338ccb47198d5b00974e1083f7 - - default default] Successfully bumped revision number for resource 5fb51365-a83d-4177-9dbf-472492054d78 (type: security_group_rules) to 0
2026-07-14 00:40:17.304 8 INFO neutron.db.ovn_revision_numbers_db [None req-74d7320d-0eea-4666-a275-f7b99da681d1 f1cd95796fba4bc1a8159fc7bfcfa847 39d4ad338ccb47198d5b00974e1083f7 - - default default] Successfully bumped revision number for resource 7c65ea4f-a167-4a4b-813d-dcd64f3ecbf4 (type: security_group_rules) to 0 [pid: 8|app: 0|req: 542/1098] 10.0.0.145 () {32 vars in 773 bytes} [Tue Jul 14 00:40:16 2026] GET /v2.0/security-groups?tenant_id=a2b9031f85614311b9a52a1cf603ac63&name=default => generated 2925 bytes in 420 msecs (HTTP/1.1 200) 4 headers in 158 bytes (1 switches on core 0)
2026-07-14 00:40:17.380 8 WARNING neutron.db.securitygroups_db [None req-bf6fc8fe-2038-4534-8c9f-2c4bf40f0415 f1cd95796fba4bc1a8159fc7bfcfa847 39d4ad338ccb47198d5b00974e1083f7 - - default default] project_id key not found in filters, using tenant_id instead. This support has been deprecated and will be removed in a future release.
2026-07-14 00:40:17.496 8 INFO neutron.db.ovn_revision_numbers_db [None req-bf6fc8fe-2038-4534-8c9f-2c4bf40f0415 f1cd95796fba4bc1a8159fc7bfcfa847 39d4ad338ccb47198d5b00974e1083f7 - - default default] Successfully bumped revision number for resource a162bb18-fbd6-491d-94a0-4706fe31975e (type: security_groups) to 1
2026-07-14 00:40:17.516 8 INFO neutron.db.ovn_revision_numbers_db [None req-bf6fc8fe-2038-4534-8c9f-2c4bf40f0415 f1cd95796fba4bc1a8159fc7bfcfa847 39d4ad338ccb47198d5b00974e1083f7 - - default default] Successfully bumped revision number for resource 51f10e83-9427-4d50-921b-7c1c4fe5bfcb (type: security_group_rules) to 0
2026-07-14 00:40:17.531 8 INFO neutron.db.ovn_revision_numbers_db [None req-bf6fc8fe-2038-4534-8c9f-2c4bf40f0415 f1cd95796fba4bc1a8159fc7bfcfa847 39d4ad338ccb47198d5b00974e1083f7 - - default default] Successfully bumped revision number for resource 820b86b6-0571-46e9-a35f-5e8918bc642b (type: security_group_rules) to 0
2026-07-14 00:40:17.541 7 INFO neutron.db.ovn_revision_numbers_db [None req-f8cfe5d0-d4ed-4acf-8243-11cbe658833a f1cd95796fba4bc1a8159fc7bfcfa847 39d4ad338ccb47198d5b00974e1083f7 - - default default] Successfully bumped revision number for resource 60ad5280-dd99-48ee-b707-e089bcd9349f (type: ports) to 2
2026-07-14 00:40:17.542 8 INFO neutron.db.ovn_revision_numbers_db [None req-bf6fc8fe-2038-4534-8c9f-2c4bf40f0415 f1cd95796fba4bc1a8159fc7bfcfa847 39d4ad338ccb47198d5b00974e1083f7 - - default default] Successfully bumped revision number for resource aea6d38e-730d-4ec5-92f6-d01dc739dabb (type: security_group_rules) to 0
2026-07-14 00:40:17.555 8 INFO neutron.db.ovn_revision_numbers_db [None req-bf6fc8fe-2038-4534-8c9f-2c4bf40f0415 f1cd95796fba4bc1a8159fc7bfcfa847 39d4ad338ccb47198d5b00974e1083f7 - - default default] Successfully bumped revision number for resource b3630434-a88a-4206-8e00-0541971f7a4f (type: security_group_rules) to 0
2026-07-14 00:40:17.576 7 INFO neutron.db.ovn_revision_numbers_db [None req-f8cfe5d0-d4ed-4acf-8243-11cbe658833a f1cd95796fba4bc1a8159fc7bfcfa847 39d4ad338ccb47198d5b00974e1083f7 - - default default] Successfully bumped revision number for resource 6e4da5f8-0758-4d4a-8d94-a7343647d7b1 (type: subnets) to 0 [pid: 7|app: 0|req: 557/1099] 10.0.0.145 () {34 vars in 668 bytes} [Tue Jul 14 00:40:16 2026] POST /v2.0/subnets => generated 691 bytes in 728 msecs (HTTP/1.1 201) 4 headers in 162 bytes (1 switches on core 0) [pid: 8|app: 0|req: 543/1100] 10.0.0.145 () {32 vars in 773 bytes} [Tue Jul 14 00:40:17 2026] GET /v2.0/security-groups?tenant_id=33d76d3c0a47435eb0c7a98104b005fe&name=default => generated 2925 bytes in 251 msecs (HTTP/1.1 200) 4 headers in 158 bytes (1 switches on core 0) [pid: 7|app: 0|req: 558/1101] 10.0.0.145 () {32 vars in 739 bytes} [Tue Jul 14 00:40:17 2026] DELETE /v2.0/security-groups/387e52a5-08f6-4e40-a427-c89974e34b7e => generated 0 bytes in 176 msecs (HTTP/1.1 204) 2 headers in 112 bytes (1 switches on core 0) [pid: 7|app: 0|req: 559/1102] 10.0.0.145 () {32 vars in 739 bytes} [Tue Jul 14 00:40:17 2026] DELETE /v2.0/security-groups/a162bb18-fbd6-491d-94a0-4706fe31975e => generated 0 bytes in 180 msecs (HTTP/1.1 204) 2 headers in 112 bytes (1 switches on core 0)
2026-07-14 00:40:17.953 7 WARNING neutron.db.securitygroups_db [None req-c1316937-0258-4b18-9978-8c31b1453458 f1cd95796fba4bc1a8159fc7bfcfa847 39d4ad338ccb47198d5b00974e1083f7 - - default default] project_id key not found in filters, using tenant_id instead. This support has been deprecated and will be removed in a future release.
2026-07-14 00:40:18.072 8 WARNING neutron.scheduler.dhcp_agent_scheduler [None req-2c47f949-068a-41a1-8461-739fcfb4f04d f1cd95796fba4bc1a8159fc7bfcfa847 39d4ad338ccb47198d5b00974e1083f7 - - default default] No more DHCP agents
2026-07-14 00:40:18.075 8 WARNING neutron.api.rpc.agentnotifiers.dhcp_rpc_agent_api [None req-2c47f949-068a-41a1-8461-739fcfb4f04d f1cd95796fba4bc1a8159fc7bfcfa847 39d4ad338ccb47198d5b00974e1083f7 - - default default] Unable to schedule network 7225c6d6-a29f-4b6b-aed9-0ae0301300c3: no agents available; will retry on subsequent port and subnet creation events.
2026-07-14 00:40:18.089 7 INFO neutron.db.ovn_revision_numbers_db [None req-c1316937-0258-4b18-9978-8c31b1453458 f1cd95796fba4bc1a8159fc7bfcfa847 39d4ad338ccb47198d5b00974e1083f7 - - default default] Successfully bumped revision number for resource e6d7024b-4e95-4552-be94-b95b18ba190e (type: security_groups) to 1
2026-07-14 00:40:18.100 7 INFO neutron.db.ovn_revision_numbers_db [None req-c1316937-0258-4b18-9978-8c31b1453458 f1cd95796fba4bc1a8159fc7bfcfa847 39d4ad338ccb47198d5b00974e1083f7 - - default default] Successfully bumped revision number for resource 2f5c1dbe-f309-41a5-90be-541c2d6c97ba (type: security_group_rules) to 0
2026-07-14 00:40:18.113 7 INFO neutron.db.ovn_revision_numbers_db [None req-c1316937-0258-4b18-9978-8c31b1453458 f1cd95796fba4bc1a8159fc7bfcfa847 39d4ad338ccb47198d5b00974e1083f7 - - default default] Successfully bumped revision number for resource 397e0d86-5354-4244-ba4c-77ce72090b1a (type: security_group_rules) to 0
2026-07-14 00:40:18.142 7 INFO neutron.db.ovn_revision_numbers_db [None req-c1316937-0258-4b18-9978-8c31b1453458 f1cd95796fba4bc1a8159fc7bfcfa847 39d4ad338ccb47198d5b00974e1083f7 - - default default] Successfully bumped revision number for resource 9f59dbe9-3ef4-4aec-939c-bbd64ece86ed (type: security_group_rules) to 0
2026-07-14 00:40:18.176 7 INFO neutron.db.ovn_revision_numbers_db [None req-c1316937-0258-4b18-9978-8c31b1453458 f1cd95796fba4bc1a8159fc7bfcfa847 39d4ad338ccb47198d5b00974e1083f7 - - default default] Successfully bumped revision number for resource bf6add5b-c08f-4a24-be39-e27d12a743cc (type: security_group_rules) to 0
2026-07-14 00:40:18.219 8 INFO neutron.plugins.ml2.drivers.ovn.mech_driver.mech_driver [None req-ca926439-a1ff-48a7-9494-73dd8af0b0ac - - - - - -] OVN reports status down for port: 0459e12d-62f7-4955-8576-a04fe72a6958 [pid: 7|app: 0|req: 560/1103] 10.0.0.145 () {32 vars in 773 bytes} [Tue Jul 14 00:40:17 2026] GET /v2.0/security-groups?tenant_id=8f3d6d4a5685489796bf137f377a35f9&name=default => generated 2925 bytes in 303 msecs (HTTP/1.1 200) 4 headers in 158 bytes (1 switches on core 0)
2026-07-14 00:40:18.297 8 INFO neutron.db.ovn_revision_numbers_db [None req-2c47f949-068a-41a1-8461-739fcfb4f04d f1cd95796fba4bc1a8159fc7bfcfa847 39d4ad338ccb47198d5b00974e1083f7 - - default default] Successfully bumped revision number for resource 0459e12d-62f7-4955-8576-a04fe72a6958 (type: ports) to 1 [pid: 7|app: 0|req: 561/1104] 10.0.0.145 () {32 vars in 739 bytes} [Tue Jul 14 00:40:18 2026] DELETE /v2.0/security-groups/e6d7024b-4e95-4552-be94-b95b18ba190e => generated 0 bytes in 197 msecs (HTTP/1.1 204) 2 headers in 112 bytes (1 switches on core 0)
2026-07-14 00:40:18.975 8 INFO neutron.plugins.ml2.drivers.ovn.mech_driver.mech_driver [None req-ca926439-a1ff-48a7-9494-73dd8af0b0ac - - - - - -] OVN reports status up for port: 0459e12d-62f7-4955-8576-a04fe72a6958
2026-07-14 00:40:18.980 8 INFO neutron.plugins.ml2.drivers.ovn.mech_driver.ovsdb.ovsdb_monitor [None req-29e35df3-ee29-45a3-bb70-91b77010fddc - - - - - -] Router d4579f17-86fb-4594-9cce-1cc6e7ab092e is bound to host instance
2026-07-14 00:40:19.017 8 INFO neutron.plugins.ml2.plugin [None req-ca926439-a1ff-48a7-9494-73dd8af0b0ac - - - - - -] Attempt 1 to provision port 0459e12d-62f7-4955-8576-a04fe72a6958
2026-07-14 00:40:19.072 8 INFO neutron.db.ovn_revision_numbers_db [None req-2c47f949-068a-41a1-8461-739fcfb4f04d f1cd95796fba4bc1a8159fc7bfcfa847 39d4ad338ccb47198d5b00974e1083f7 - - default default] Successfully bumped revision number for resource 0459e12d-62f7-4955-8576-a04fe72a6958 (type: router_ports) to 1
2026-07-14 00:40:19.269 8 INFO neutron.db.ovn_revision_numbers_db [None req-2c47f949-068a-41a1-8461-739fcfb4f04d f1cd95796fba4bc1a8159fc7bfcfa847 39d4ad338ccb47198d5b00974e1083f7 - - default default] Successfully bumped revision number for resource d4579f17-86fb-4594-9cce-1cc6e7ab092e (type: routers) to 2 [pid: 8|app: 0|req: 544/1105] 10.0.0.145 () {34 vars in 668 bytes} [Tue Jul 14 00:40:17 2026] POST /v2.0/routers => generated 990 bytes in 1703 msecs (HTTP/1.1 201) 4 headers in 162 bytes (1 switches on core 0)
2026-07-14 00:40:19.782 7 WARNING neutron.scheduler.dhcp_agent_scheduler [None req-40bda47e-5a1a-402b-84b8-ee91a15662bc f1cd95796fba4bc1a8159fc7bfcfa847 39d4ad338ccb47198d5b00974e1083f7 - - default default] No more DHCP agents
2026-07-14 00:40:19.784 7 WARNING neutron.api.rpc.agentnotifiers.dhcp_rpc_agent_api [None req-40bda47e-5a1a-402b-84b8-ee91a15662bc f1cd95796fba4bc1a8159fc7bfcfa847 39d4ad338ccb47198d5b00974e1083f7 - - default default] Unable to schedule network d968e6e9-174c-4d79-9d78-c14f5e815fa2: no agents available; will retry on subsequent port and subnet creation events.
2026-07-14 00:40:19.946 7 INFO neutron.db.ovn_revision_numbers_db [None req-40bda47e-5a1a-402b-84b8-ee91a15662bc f1cd95796fba4bc1a8159fc7bfcfa847 39d4ad338ccb47198d5b00974e1083f7 - - default default] Successfully bumped revision number for resource 513763dd-7653-4a9c-aed4-a055a71db3f4 (type: ports) to 1
2026-07-14 00:40:20.107 8 INFO neutron.db.ovn_revision_numbers_db [None req-37225c12-8bf7-4b3e-8292-e6beb251f5a3 - - - - - -] Successfully bumped revision number for resource 0459e12d-62f7-4955-8576-a04fe72a6958 (type: ports) to 4
2026-07-14 00:40:20.508 8 INFO neutron.db.ovn_revision_numbers_db [None req-37225c12-8bf7-4b3e-8292-e6beb251f5a3 - - - - - -] Successfully bumped revision number for resource 0459e12d-62f7-4955-8576-a04fe72a6958 (type: ports) to 5
2026-07-14 00:40:20.557 7 WARNING neutron.scheduler.dhcp_agent_scheduler [None req-40bda47e-5a1a-402b-84b8-ee91a15662bc f1cd95796fba4bc1a8159fc7bfcfa847 39d4ad338ccb47198d5b00974e1083f7 - - default default] No more DHCP agents
2026-07-14 00:40:20.559 7 WARNING neutron.api.rpc.agentnotifiers.dhcp_rpc_agent_api [None req-40bda47e-5a1a-402b-84b8-ee91a15662bc f1cd95796fba4bc1a8159fc7bfcfa847 39d4ad338ccb47198d5b00974e1083f7 - - default default] Unable to schedule network d968e6e9-174c-4d79-9d78-c14f5e815fa2: no agents available; will retry on subsequent port and subnet creation events.
2026-07-14 00:40:21.016 7 INFO neutron.db.ovn_revision_numbers_db [None req-40bda47e-5a1a-402b-84b8-ee91a15662bc f1cd95796fba4bc1a8159fc7bfcfa847 39d4ad338ccb47198d5b00974e1083f7 - - default default] Successfully bumped revision number for resource 513763dd-7653-4a9c-aed4-a055a71db3f4 (type: router_ports) to 1 [pid: 7|app: 0|req: 562/1106] 10.0.0.145 () {34 vars in 782 bytes} [Tue Jul 14 00:40:19 2026] PUT /v2.0/routers/d4579f17-86fb-4594-9cce-1cc6e7ab092e/add_router_interface => generated 310 bytes in 1719 msecs (HTTP/1.1 200) 4 headers in 157 bytes (1 switches on core 0)
2026-07-14 00:40:21.165 8 WARNING neutron.db.securitygroups_db [None req-84cd5678-6c92-43b1-b2d7-7e6fd592820b f1cd95796fba4bc1a8159fc7bfcfa847 39d4ad338ccb47198d5b00974e1083f7 - - default default] project_id key not found in filters, using tenant_id instead. This support has been deprecated and will be removed in a future release.
2026-07-14 00:40:21.311 8 INFO neutron.db.ovn_revision_numbers_db [None req-84cd5678-6c92-43b1-b2d7-7e6fd592820b f1cd95796fba4bc1a8159fc7bfcfa847 39d4ad338ccb47198d5b00974e1083f7 - - default default] Successfully bumped revision number for resource 54c6eacd-1b9e-463d-bd31-c1963caa531e (type: security_groups) to 1
2026-07-14 00:40:21.320 8 INFO neutron.db.ovn_revision_numbers_db [None req-84cd5678-6c92-43b1-b2d7-7e6fd592820b f1cd95796fba4bc1a8159fc7bfcfa847 39d4ad338ccb47198d5b00974e1083f7 - - default default] Successfully bumped revision number for resource 10d51cd9-2808-4ca3-b8b8-0a420f2409a1 (type: security_group_rules) to 0
2026-07-14 00:40:21.332 8 INFO neutron.db.ovn_revision_numbers_db [None req-84cd5678-6c92-43b1-b2d7-7e6fd592820b f1cd95796fba4bc1a8159fc7bfcfa847 39d4ad338ccb47198d5b00974e1083f7 - - default default] Successfully bumped revision number for resource 3b8dcf48-a417-47f6-87fe-f1960d7bb265 (type: security_group_rules) to 0
2026-07-14 00:40:21.344 8 INFO neutron.db.ovn_revision_numbers_db [None req-84cd5678-6c92-43b1-b2d7-7e6fd592820b f1cd95796fba4bc1a8159fc7bfcfa847 39d4ad338ccb47198d5b00974e1083f7 - - default default] Successfully bumped revision number for resource 9849c2f0-b150-4596-90d6-899783e09031 (type: security_group_rules) to 0
