2026-07-14 00:42:25.071 8 INFO neutron.services.segments.plugin [-] Client error retrieving segment a339cc95-332a-47b1-9193-abf70455e8cf resource provider; error: Placement Client Error (4xx): {"errors": [{"status": 404, "title": "Not Found", "detail": "The resource could not be found.\n\n No resource provider with uuid a339cc95-332a-47b1-9193-abf70455e8cf found for delete ", "request_id": "req-c50e440c-db5e-4db0-9dd3-f26e2498b08f"}]} [pid: 8|app: 0|req: 1077/2037] 10.0.0.145 () {32 vars in 725 bytes} [Tue Jul 14 00:42:24 2026] DELETE /v2.0/networks/bed01d91-e019-4acc-95ea-ca6ab3ca63fd => generated 0 bytes in 403 msecs (HTTP/1.1 204) 3 headers in 131 bytes (1 switches on core 0)
2026-07-14 00:42:25.211 7 INFO neutron_taas.services.taas.taas_plugin [None req-5806c9b2-8dfe-4b9c-a8aa-629c3fcc2bdb 506524b7b96747ca9f09074863e0cf95 0cfab1da083b40778250c91090ac1b40 - - default default] TaaS: Handle Delete Port: d8118e02-b100-4c7e-b44b-bc833addc2ec
2026-07-14 00:42:25.213 7 INFO neutron_taas.services.taas.tap_mirror_plugin [None req-5806c9b2-8dfe-4b9c-a8aa-629c3fcc2bdb 506524b7b96747ca9f09074863e0cf95 0cfab1da083b40778250c91090ac1b40 - - default default] Tap Mirror: Handle Delete Port: d8118e02-b100-4c7e-b44b-bc833addc2ec
2026-07-14 00:42:25.402 7 INFO neutron.services.segments.plugin [-] Segment f2898073-2d74-4a9e-97d1-680d2879188f resource provider aggregate not found
2026-07-14 00:42:25.407 7 INFO neutron.services.segments.plugin [-] Segment f2898073-2d74-4a9e-97d1-680d2879188f resource provider aggregate not found
2026-07-14 00:42:25.420 7 INFO neutron.services.segments.plugin [-] Client error retrieving segment f2898073-2d74-4a9e-97d1-680d2879188f resource provider; error: Placement Client Error (4xx): {"errors": [{"status": 404, "title": "Not Found", "detail": "The resource could not be found.\n\n No resource provider with uuid f2898073-2d74-4a9e-97d1-680d2879188f found for delete ", "request_id": "req-da46fea1-019e-4165-bbb3-963d558b3834"}]}
2026-07-14 00:42:25.426 7 INFO neutron.services.segments.plugin [-] Client error retrieving segment f2898073-2d74-4a9e-97d1-680d2879188f resource provider; error: Placement Client Error (4xx): {"errors": [{"status": 404, "title": "Not Found", "detail": "The resource could not be found.\n\n No resource provider with uuid f2898073-2d74-4a9e-97d1-680d2879188f found for delete ", "request_id": "req-2800ca3a-51ca-4add-8916-0a32830b87b6"}]} [pid: 7|app: 0|req: 961/2038] 10.0.0.145 () {32 vars in 725 bytes} [Tue Jul 14 00:42:25 2026] DELETE /v2.0/networks/efacb752-43a1-40ad-bf81-af7052181e2c => generated 0 bytes in 367 msecs (HTTP/1.1 204) 3 headers in 131 bytes (1 switches on core 0)
2026-07-14 00:42:25.595 8 INFO neutron_taas.services.taas.taas_plugin [None req-b0e77ed1-91b8-4519-b3d8-52601a8c260d 506524b7b96747ca9f09074863e0cf95 0cfab1da083b40778250c91090ac1b40 - - default default] TaaS: Handle Delete Port: 0fbadf03-3590-4b3f-aeef-3c2279001700
2026-07-14 00:42:25.597 8 INFO neutron_taas.services.taas.tap_mirror_plugin [None req-b0e77ed1-91b8-4519-b3d8-52601a8c260d 506524b7b96747ca9f09074863e0cf95 0cfab1da083b40778250c91090ac1b40 - - default default] Tap Mirror: Handle Delete Port: 0fbadf03-3590-4b3f-aeef-3c2279001700 [pid: 8|app: 0|req: 1078/2039] 10.0.0.145 () {32 vars in 725 bytes} [Tue Jul 14 00:42:25 2026] DELETE /v2.0/networks/65c3f6c2-c6e5-4fc0-baee-5619f9cbaa7f => generated 0 bytes in 375 msecs (HTTP/1.1 204) 3 headers in 131 bytes (1 switches on core 0)
2026-07-14 00:42:25.940 7 INFO neutron.db.ovn_revision_numbers_db [None req-db8fc888-93f2-43a5-8902-421648d332dc 758e23017afe478ebb294a02c0e12e73 553197cb5e0643dfbb2a186850337837 - - default default] Successfully bumped revision number for resource fe3c2483-d3e3-4147-813c-9c2448df1b1a (type: security_groups) to 1
2026-07-14 00:42:25.952 7 INFO neutron.db.ovn_revision_numbers_db [None req-db8fc888-93f2-43a5-8902-421648d332dc 758e23017afe478ebb294a02c0e12e73 553197cb5e0643dfbb2a186850337837 - - default default] Successfully bumped revision number for resource 33641887-08bc-41e8-92e9-10ff6377b12f (type: security_group_rules) to 0
2026-07-14 00:42:25.967 7 INFO neutron.db.ovn_revision_numbers_db [None req-db8fc888-93f2-43a5-8902-421648d332dc 758e23017afe478ebb294a02c0e12e73 553197cb5e0643dfbb2a186850337837 - - default default] Successfully bumped revision number for resource 7e54a6eb-6e07-40d7-b248-9edec2f67138 (type: security_group_rules) to 0
2026-07-14 00:42:25.980 7 INFO neutron.db.ovn_revision_numbers_db [None req-db8fc888-93f2-43a5-8902-421648d332dc 758e23017afe478ebb294a02c0e12e73 553197cb5e0643dfbb2a186850337837 - - default default] Successfully bumped revision number for resource c2f0ddb5-16b7-4db1-9dbd-5395a63de80f (type: security_group_rules) to 0
2026-07-14 00:42:25.980 8 INFO neutron_taas.services.taas.taas_plugin [None req-56f273bc-3b12-48b5-8426-2f4071dbb919 506524b7b96747ca9f09074863e0cf95 0cfab1da083b40778250c91090ac1b40 - - default default] TaaS: Handle Delete Port: d8cd5089-9d66-4026-a8e1-be57cc8618de
2026-07-14 00:42:25.984 8 INFO neutron_taas.services.taas.tap_mirror_plugin [None req-56f273bc-3b12-48b5-8426-2f4071dbb919 506524b7b96747ca9f09074863e0cf95 0cfab1da083b40778250c91090ac1b40 - - default default] Tap Mirror: Handle Delete Port: d8cd5089-9d66-4026-a8e1-be57cc8618de
2026-07-14 00:42:25.995 7 INFO neutron.db.ovn_revision_numbers_db [None req-db8fc888-93f2-43a5-8902-421648d332dc 758e23017afe478ebb294a02c0e12e73 553197cb5e0643dfbb2a186850337837 - - default default] Successfully bumped revision number for resource dd18acd9-c0ae-49ef-8283-3b8d7f3d97d8 (type: security_group_rules) to 0
2026-07-14 00:42:26.073 7 INFO neutron.db.segments_db [None req-db8fc888-93f2-43a5-8902-421648d332dc 758e23017afe478ebb294a02c0e12e73 553197cb5e0643dfbb2a186850337837 - - default default] Added segment aceae1d1-13e3-40b6-9b53-9b01061938d6 of type geneve for network bd0d3366-f166-4d5b-9ced-5dcee7d1ce53
2026-07-14 00:42:26.192 7 INFO neutron.db.ovn_revision_numbers_db [None req-db8fc888-93f2-43a5-8902-421648d332dc 758e23017afe478ebb294a02c0e12e73 553197cb5e0643dfbb2a186850337837 - - default default] Successfully bumped revision number for resource bd0d3366-f166-4d5b-9ced-5dcee7d1ce53 (type: networks) to 1 [pid: 8|app: 0|req: 1079/2040] 10.0.0.145 () {32 vars in 725 bytes} [Tue Jul 14 00:42:25 2026] DELETE /v2.0/networks/e3b191a7-a6fe-4812-9e25-6290ac8e4f03 => generated 0 bytes in 376 msecs (HTTP/1.1 204) 3 headers in 131 bytes (1 switches on core 0) [pid: 8|app: 0|req: 1080/2041] 10.0.0.143 () {34 vars in 1069 bytes} [Tue Jul 14 00:42:26 2026] GET /v2.0/ports?fields=security_groups&fields=device_id&device_id=0cf02bd5-8f44-4883-bbce-cb4dbb3974de => generated 123 bytes in 67 msecs (HTTP/1.1 200) 4 headers in 157 bytes (1 switches on core 0)
2026-07-14 00:42:26.393 7 WARNING neutron.scheduler.dhcp_agent_scheduler [None req-db8fc888-93f2-43a5-8902-421648d332dc 758e23017afe478ebb294a02c0e12e73 553197cb5e0643dfbb2a186850337837 - - default default] No more DHCP agents
2026-07-14 00:42:26.394 7 WARNING neutron.api.rpc.agentnotifiers.dhcp_rpc_agent_api [None req-db8fc888-93f2-43a5-8902-421648d332dc 758e23017afe478ebb294a02c0e12e73 553197cb5e0643dfbb2a186850337837 - - default default] Unable to schedule network bd0d3366-f166-4d5b-9ced-5dcee7d1ce53: no agents available; will retry on subsequent port and subnet creation events.
2026-07-14 00:42:26.411 8 INFO neutron_taas.services.taas.taas_plugin [None req-31fd92d4-27ca-4b7e-90cc-49a012f8a76d 506524b7b96747ca9f09074863e0cf95 0cfab1da083b40778250c91090ac1b40 - - default default] TaaS: Handle Delete Port: 7f99bbd3-2499-4e82-a77d-62e02ce3fc8c
2026-07-14 00:42:26.414 8 INFO neutron_taas.services.taas.tap_mirror_plugin [None req-31fd92d4-27ca-4b7e-90cc-49a012f8a76d 506524b7b96747ca9f09074863e0cf95 0cfab1da083b40778250c91090ac1b40 - - default default] Tap Mirror: Handle Delete Port: 7f99bbd3-2499-4e82-a77d-62e02ce3fc8c
2026-07-14 00:42:26.450 7 INFO neutron.plugins.ml2.drivers.ovn.mech_driver.mech_driver [None req-3f1a3369-17a3-4d55-a85c-a380b33e3668 - - - - - -] OVN reports status down for port: 314b3b32-df48-47d2-a429-1c0cadf0dcde
2026-07-14 00:42:26.512 7 INFO neutron.db.ovn_revision_numbers_db [None req-db8fc888-93f2-43a5-8902-421648d332dc 758e23017afe478ebb294a02c0e12e73 553197cb5e0643dfbb2a186850337837 - - default default] Successfully bumped revision number for resource 314b3b32-df48-47d2-a429-1c0cadf0dcde (type: ports) to 1 [pid: 7|app: 0|req: 962/2044] 10.0.0.145 () {34 vars in 669 bytes} [Tue Jul 14 00:42:25 2026] POST /v2.0/networks => generated 678 bytes in 988 msecs (HTTP/1.1 201) 4 headers in 162 bytes (1 switches on core 0) [pid: 7|app: 0|req: 963/2045] 10.0.0.143 () {34 vars in 1039 bytes} [Tue Jul 14 00:42:26 2026] GET /v2.0/security-groups?id=549de218-c7ed-4a4d-bbab-ff520fb5f6bd&fields=id&fields=name => generated 88 bytes in 27 msecs (HTTP/1.1 200) 4 headers in 156 bytes (1 switches on core 0) [pid: 8|app: 0|req: 1083/2046] 10.0.0.145 () {32 vars in 725 bytes} [Tue Jul 14 00:42:26 2026] DELETE /v2.0/networks/34362571-2b24-4bae-907f-52e3c6766f67 => generated 0 bytes in 371 msecs (HTTP/1.1 204) 3 headers in 131 bytes (1 switches on core 0)
2026-07-14 00:42:26.789 7 WARNING neutron.scheduler.dhcp_agent_scheduler [None req-a8926e3b-72d4-40db-aa7d-7561056bf3e9 758e23017afe478ebb294a02c0e12e73 553197cb5e0643dfbb2a186850337837 - - default default] No more DHCP agents
2026-07-14 00:42:26.791 7 WARNING neutron.api.rpc.agentnotifiers.dhcp_rpc_agent_api [None req-a8926e3b-72d4-40db-aa7d-7561056bf3e9 758e23017afe478ebb294a02c0e12e73 553197cb5e0643dfbb2a186850337837 - - default default] Unable to schedule network bd0d3366-f166-4d5b-9ced-5dcee7d1ce53: no agents available; will retry on subsequent port and subnet creation events.
2026-07-14 00:42:27.072 8 INFO neutron.services.segments.plugin [-] Segment d91ebafe-0fdf-492d-8302-9b946fd0ac97 resource provider aggregate not found
2026-07-14 00:42:27.089 8 INFO neutron.services.segments.plugin [-] Client error retrieving segment d91ebafe-0fdf-492d-8302-9b946fd0ac97 resource provider; error: Placement Client Error (4xx): {"errors": [{"status": 404, "title": "Not Found", "detail": "The resource could not be found.\n\n No resource provider with uuid d91ebafe-0fdf-492d-8302-9b946fd0ac97 found for delete ", "request_id": "req-a7ff4701-e8e6-449e-8479-aa73514dddd8"}]}
2026-07-14 00:42:27.095 8 INFO neutron.services.segments.plugin [-] Segment d91ebafe-0fdf-492d-8302-9b946fd0ac97 resource provider aggregate not found
2026-07-14 00:42:27.107 8 INFO neutron.services.segments.plugin [-] Client error retrieving segment d91ebafe-0fdf-492d-8302-9b946fd0ac97 resource provider; error: Placement Client Error (4xx): {"errors": [{"status": 404, "title": "Not Found", "detail": "The resource could not be found.\n\n No resource provider with uuid d91ebafe-0fdf-492d-8302-9b946fd0ac97 found for delete ", "request_id": "req-52a3954b-9ef0-4cba-83af-7db66491a43f"}]}
2026-07-14 00:42:27.111 8 INFO neutron.services.segments.plugin [-] Segment 9d7b0546-eb8c-4556-9da8-9ceded410db3 resource provider aggregate not found
2026-07-14 00:42:27.128 8 INFO neutron.services.segments.plugin [-] Segment 9d7b0546-eb8c-4556-9da8-9ceded410db3 resource provider aggregate not found
2026-07-14 00:42:27.130 8 INFO neutron.services.segments.plugin [-] Client error retrieving segment 9d7b0546-eb8c-4556-9da8-9ceded410db3 resource provider; error: Placement Client Error (4xx): {"errors": [{"status": 404, "title": "Not Found", "detail": "The resource could not be found.\n\n No resource provider with uuid 9d7b0546-eb8c-4556-9da8-9ceded410db3 found for delete ", "request_id": "req-0f706292-9693-4e3d-9680-3f784c942abf"}]}
2026-07-14 00:42:27.149 8 INFO neutron.services.segments.plugin [-] Client error retrieving segment 9d7b0546-eb8c-4556-9da8-9ceded410db3 resource provider; error: Placement Client Error (4xx): {"errors": [{"status": 404, "title": "Not Found", "detail": "The resource could not be found.\n\n No resource provider with uuid 9d7b0546-eb8c-4556-9da8-9ceded410db3 found for delete ", "request_id": "req-701ab598-8215-462a-8a65-1bac4afbe5d5"}]}
2026-07-14 00:42:27.155 8 INFO neutron.services.segments.plugin [-] Segment fc95dad3-5c68-41f4-8f36-fd6c41c5aec5 resource provider aggregate not found
2026-07-14 00:42:27.169 8 INFO neutron.services.segments.plugin [-] Segment fc95dad3-5c68-41f4-8f36-fd6c41c5aec5 resource provider aggregate not found
2026-07-14 00:42:27.175 8 INFO neutron.services.segments.plugin [-] Client error retrieving segment fc95dad3-5c68-41f4-8f36-fd6c41c5aec5 resource provider; error: Placement Client Error (4xx): {"errors": [{"status": 404, "title": "Not Found", "detail": "The resource could not be found.\n\n No resource provider with uuid fc95dad3-5c68-41f4-8f36-fd6c41c5aec5 found for delete ", "request_id": "req-4781fd38-7dfe-4219-9ff0-1ab65143053c"}]}
2026-07-14 00:42:27.191 8 INFO neutron.services.segments.plugin [-] Client error retrieving segment fc95dad3-5c68-41f4-8f36-fd6c41c5aec5 resource provider; error: Placement Client Error (4xx): {"errors": [{"status": 404, "title": "Not Found", "detail": "The resource could not be found.\n\n No resource provider with uuid fc95dad3-5c68-41f4-8f36-fd6c41c5aec5 found for delete ", "request_id": "req-2f9934ff-134f-49ce-8846-98b3f369465e"}]}
2026-07-14 00:42:27.251 7 INFO neutron.db.ovn_revision_numbers_db [None req-a8926e3b-72d4-40db-aa7d-7561056bf3e9 758e23017afe478ebb294a02c0e12e73 553197cb5e0643dfbb2a186850337837 - - default default] Successfully bumped revision number for resource 314b3b32-df48-47d2-a429-1c0cadf0dcde (type: ports) to 2
2026-07-14 00:42:27.285 7 INFO neutron.db.ovn_revision_numbers_db [None req-a8926e3b-72d4-40db-aa7d-7561056bf3e9 758e23017afe478ebb294a02c0e12e73 553197cb5e0643dfbb2a186850337837 - - default default] Successfully bumped revision number for resource 0a623058-73a7-44fe-be7d-961810ef2b93 (type: subnets) to 0 [pid: 7|app: 0|req: 964/2047] 10.0.0.145 () {34 vars in 668 bytes} [Tue Jul 14 00:42:26 2026] POST /v2.0/subnets => generated 657 bytes in 688 msecs (HTTP/1.1 201) 4 headers in 162 bytes (1 switches on core 0) [pid: 8|app: 0|req: 1084/2048] 10.0.0.145 () {32 vars in 721 bytes} [Tue Jul 14 00:42:27 2026] GET /v2.0/subnetpools?name=shared-default-subnetpool-v6 => generated 19 bytes in 227 msecs (HTTP/1.1 200) 4 headers in 156 bytes (1 switches on core 0)
2026-07-14 00:42:27.596 7 WARNING neutron.db.securitygroups_db [None req-a4227ae9-2381-4601-a147-b4aa5f5166be f1cd95796fba4bc1a8159fc7bfcfa847 39d4ad338ccb47198d5b00974e1083f7 - - default default] project_id key not found in filters, using tenant_id instead. This support has been deprecated and will be removed in a future release. [pid: 7|app: 0|req: 965/2049] 10.0.0.145 () {32 vars in 773 bytes} [Tue Jul 14 00:42:27 2026] GET /v2.0/security-groups?tenant_id=0cfab1da083b40778250c91090ac1b40&name=default => generated 2925 bytes in 141 msecs (HTTP/1.1 200) 4 headers in 158 bytes (1 switches on core 0)
2026-07-14 00:42:27.783 8 WARNING neutron.scheduler.dhcp_agent_scheduler [None req-e0276f1d-93e7-4b3e-8544-f0faff174aed 758e23017afe478ebb294a02c0e12e73 553197cb5e0643dfbb2a186850337837 - - default default] No more DHCP agents
2026-07-14 00:42:27.787 8 WARNING neutron.api.rpc.agentnotifiers.dhcp_rpc_agent_api [None req-e0276f1d-93e7-4b3e-8544-f0faff174aed 758e23017afe478ebb294a02c0e12e73 553197cb5e0643dfbb2a186850337837 - - default default] Unable to schedule network bd0d3366-f166-4d5b-9ced-5dcee7d1ce53: no agents available; will retry on subsequent port and subnet creation events. [pid: 7|app: 0|req: 966/2050] 10.0.0.145 () {32 vars in 739 bytes} [Tue Jul 14 00:42:27 2026] DELETE /v2.0/security-groups/ced354c4-43b7-40be-9d5a-2e76e33674bd => generated 0 bytes in 200 msecs (HTTP/1.1 204) 2 headers in 112 bytes (1 switches on core 0)
2026-07-14 00:42:27.838 8 INFO neutron.db.ovn_revision_numbers_db [None req-e0276f1d-93e7-4b3e-8544-f0faff174aed 758e23017afe478ebb294a02c0e12e73 553197cb5e0643dfbb2a186850337837 - - default default] Successfully bumped revision number for resource adefd23c-51fb-4441-a66e-0e136964bca7 (type: subnets) to 0 [pid: 8|app: 0|req: 1085/2051] 10.0.0.145 () {34 vars in 668 bytes} [Tue Jul 14 00:42:27 2026] POST /v2.0/subnets => generated 732 bytes in 318 msecs (HTTP/1.1 201) 4 headers in 162 bytes (1 switches on core 0) [pid: 7|app: 0|req: 967/2052] 10.0.0.143 () {34 vars in 1069 bytes} [Tue Jul 14 00:42:27 2026] GET /v2.0/ports?fields=security_groups&fields=device_id&device_id=0cf02bd5-8f44-4883-bbce-cb4dbb3974de => generated 123 bytes in 76 msecs (HTTP/1.1 200) 4 headers in 157 bytes (1 switches on core 0)
2026-07-14 00:42:27.961 8 INFO neutron.db.segments_db [None req-530d2e98-39b4-4472-b6fb-d527fee40c48 758e23017afe478ebb294a02c0e12e73 553197cb5e0643dfbb2a186850337837 - - default default] Added segment d2814b53-37ee-4b4c-bd4c-91fce81eaf22 of type geneve for network 653852d2-bf20-4f7b-8c9b-c628d719cb57 [pid: 7|app: 0|req: 968/2053] 10.0.0.143 () {34 vars in 1039 bytes} [Tue Jul 14 00:42:27 2026] GET /v2.0/security-groups?id=549de218-c7ed-4a4d-bbab-ff520fb5f6bd&fields=id&fields=name => generated 88 bytes in 45 msecs (HTTP/1.1 200) 4 headers in 156 bytes (1 switches on core 0)
2026-07-14 00:42:27.969 7 WARNING neutron.db.securitygroups_db [None req-a96b79fc-b296-45bf-9ae9-85c52efd4120 f1cd95796fba4bc1a8159fc7bfcfa847 39d4ad338ccb47198d5b00974e1083f7 - - default default] project_id key not found in filters, using tenant_id instead. This support has been deprecated and will be removed in a future release.
2026-07-14 00:42:28.119 7 INFO neutron.db.ovn_revision_numbers_db [None req-a96b79fc-b296-45bf-9ae9-85c52efd4120 f1cd95796fba4bc1a8159fc7bfcfa847 39d4ad338ccb47198d5b00974e1083f7 - - default default] Successfully bumped revision number for resource 1faaa0df-3e4d-42be-9372-2260ed4b9cee (type: security_groups) to 1
2026-07-14 00:42:28.133 7 INFO neutron.db.ovn_revision_numbers_db [None req-a96b79fc-b296-45bf-9ae9-85c52efd4120 f1cd95796fba4bc1a8159fc7bfcfa847 39d4ad338ccb47198d5b00974e1083f7 - - default default] Successfully bumped revision number for resource 13f22d73-2910-4dc9-bf2b-6bb21606aa73 (type: security_group_rules) to 0
2026-07-14 00:42:28.142 8 INFO neutron.db.ovn_revision_numbers_db [None req-530d2e98-39b4-4472-b6fb-d527fee40c48 758e23017afe478ebb294a02c0e12e73 553197cb5e0643dfbb2a186850337837 - - default default] Successfully bumped revision number for resource 653852d2-bf20-4f7b-8c9b-c628d719cb57 (type: networks) to 1
2026-07-14 00:42:28.144 7 INFO neutron.db.ovn_revision_numbers_db [None req-a96b79fc-b296-45bf-9ae9-85c52efd4120 f1cd95796fba4bc1a8159fc7bfcfa847 39d4ad338ccb47198d5b00974e1083f7 - - default default] Successfully bumped revision number for resource 65cc4bac-8937-46d4-9fac-032d2248bdd7 (type: security_group_rules) to 0
2026-07-14 00:42:28.160 7 INFO neutron.db.ovn_revision_numbers_db [None req-a96b79fc-b296-45bf-9ae9-85c52efd4120 f1cd95796fba4bc1a8159fc7bfcfa847 39d4ad338ccb47198d5b00974e1083f7 - - default default] Successfully bumped revision number for resource a9c07c49-f6a7-481e-9acf-3848a29d7aa0 (type: security_group_rules) to 0
2026-07-14 00:42:28.180 7 INFO neutron.db.ovn_revision_numbers_db [None req-a96b79fc-b296-45bf-9ae9-85c52efd4120 f1cd95796fba4bc1a8159fc7bfcfa847 39d4ad338ccb47198d5b00974e1083f7 - - default default] Successfully bumped revision number for resource c6ae9ad5-cafd-4124-adac-1a4df41a42ca (type: security_group_rules) to 0 [pid: 7|app: 0|req: 969/2054] 10.0.0.145 () {32 vars in 773 bytes} [Tue Jul 14 00:42:27 2026] GET /v2.0/security-groups?tenant_id=e4be6863726d4198a4eb803bd181d494&name=default => generated 2925 bytes in 257 msecs (HTTP/1.1 200) 4 headers in 158 bytes (1 switches on core 0) [pid: 7|app: 0|req: 970/2055] 199.204.45.115 () {34 vars in 993 bytes} [Tue Jul 14 00:42:28 2026] GET /v2.0/ports?device_id=0cf02bd5-8f44-4883-bbce-cb4dbb3974de => generated 973 bytes in 30 msecs (HTTP/1.1 200) 4 headers in 157 bytes (1 switches on core 0)
2026-07-14 00:42:28.325 8 WARNING neutron.scheduler.dhcp_agent_scheduler [None req-530d2e98-39b4-4472-b6fb-d527fee40c48 758e23017afe478ebb294a02c0e12e73 553197cb5e0643dfbb2a186850337837 - - default default] No more DHCP agents
2026-07-14 00:42:28.326 8 WARNING neutron.api.rpc.agentnotifiers.dhcp_rpc_agent_api [None req-530d2e98-39b4-4472-b6fb-d527fee40c48 758e23017afe478ebb294a02c0e12e73 553197cb5e0643dfbb2a186850337837 - - default default] Unable to schedule network 653852d2-bf20-4f7b-8c9b-c628d719cb57: no agents available; will retry on subsequent port and subnet creation events.
2026-07-14 00:42:28.400 8 INFO neutron.plugins.ml2.drivers.ovn.mech_driver.mech_driver [None req-4bd8d65c-add2-4b92-ad22-07cf3928d9ac - - - - - -] OVN reports status down for port: 5d10905f-dcb4-4663-b583-c47964fd73c9 [pid: 7|app: 0|req: 971/2056] 10.0.0.145 () {32 vars in 739 bytes} [Tue Jul 14 00:42:28 2026] DELETE /v2.0/security-groups/1faaa0df-3e4d-42be-9372-2260ed4b9cee => generated 0 bytes in 183 msecs (HTTP/1.1 204) 2 headers in 112 bytes (1 switches on core 0)
2026-07-14 00:42:28.469 8 INFO neutron.db.ovn_revision_numbers_db [None req-530d2e98-39b4-4472-b6fb-d527fee40c48 758e23017afe478ebb294a02c0e12e73 553197cb5e0643dfbb2a186850337837 - - default default] Successfully bumped revision number for resource 5d10905f-dcb4-4663-b583-c47964fd73c9 (type: ports) to 1 [pid: 8|app: 0|req: 1086/2057] 10.0.0.145 () {34 vars in 669 bytes} [Tue Jul 14 00:42:27 2026] POST /v2.0/networks => generated 675 bytes in 658 msecs (HTTP/1.1 201) 4 headers in 162 bytes (1 switches on core 0)
2026-07-14 00:42:28.579 7 INFO neutron_taas.services.taas.taas_plugin [req-56cbcf59-c8e6-46a0-8351-127031d0453c req-a3337b8d-dd13-495a-97f8-c3561f58c47b aab51bfe678e4be5bb17967f6ea11b64 d010794f6a9d471f93d585505c066039 - - default default] TaaS: Handle Delete Port: 4d06a543-f5d7-42d1-b247-bf63fbb839c5
2026-07-14 00:42:28.582 7 INFO neutron_taas.services.taas.tap_mirror_plugin [req-56cbcf59-c8e6-46a0-8351-127031d0453c req-a3337b8d-dd13-495a-97f8-c3561f58c47b aab51bfe678e4be5bb17967f6ea11b64 d010794f6a9d471f93d585505c066039 - - default default] Tap Mirror: Handle Delete Port: 4d06a543-f5d7-42d1-b247-bf63fbb839c5
2026-07-14 00:42:28.751 8 WARNING neutron.scheduler.dhcp_agent_scheduler [None req-5f0c0c4c-c121-40a5-a1ba-88017dccf6db 758e23017afe478ebb294a02c0e12e73 553197cb5e0643dfbb2a186850337837 - - default default] No more DHCP agents
2026-07-14 00:42:28.752 8 WARNING neutron.api.rpc.agentnotifiers.dhcp_rpc_agent_api [None req-5f0c0c4c-c121-40a5-a1ba-88017dccf6db 758e23017afe478ebb294a02c0e12e73 553197cb5e0643dfbb2a186850337837 - - default default] Unable to schedule network 653852d2-bf20-4f7b-8c9b-c628d719cb57: no agents available; will retry on subsequent port and subnet creation events. [pid: 7|app: 0|req: 972/2058] 199.204.45.115 () {36 vars in 996 bytes} [Tue Jul 14 00:42:28 2026] DELETE /v2.0/ports/4d06a543-f5d7-42d1-b247-bf63fbb839c5 => generated 0 bytes in 319 msecs (HTTP/1.1 204) 3 headers in 131 bytes (1 switches on core 0)
2026-07-14 00:42:28.762 7 WARNING neutron.db.securitygroups_db [None req-92b9611d-ef9e-41f6-a5cb-79a100b556c0 f1cd95796fba4bc1a8159fc7bfcfa847 39d4ad338ccb47198d5b00974e1083f7 - - default default] project_id key not found in filters, using tenant_id instead. This support has been deprecated and will be removed in a future release.
2026-07-14 00:42:28.788 7 WARNING neutron.notifiers.nova [-] Nova event matching ['req-e82fd9ea-6e40-4ee7-b63e-0b8c1e534ba3']: {'server_uuid': '0cf02bd5-8f44-4883-bbce-cb4dbb3974de', 'name': 'network-vif-deleted', 'tag': '4d06a543-f5d7-42d1-b247-bf63fbb839c5', 'status': 'failed', 'code': 422} returned with failed status
2026-07-14 00:42:28.897 7 INFO neutron.db.ovn_revision_numbers_db [None req-92b9611d-ef9e-41f6-a5cb-79a100b556c0 f1cd95796fba4bc1a8159fc7bfcfa847 39d4ad338ccb47198d5b00974e1083f7 - - default default] Successfully bumped revision number for resource b5d45a71-f2ef-4c58-88c7-c92548f40b6e (type: security_groups) to 1
2026-07-14 00:42:28.909 7 INFO neutron.db.ovn_revision_numbers_db [None req-92b9611d-ef9e-41f6-a5cb-79a100b556c0 f1cd95796fba4bc1a8159fc7bfcfa847 39d4ad338ccb47198d5b00974e1083f7 - - default default] Successfully bumped revision number for resource 55041172-ea93-481e-a2c1-e28fb93cdb4a (type: security_group_rules) to 0
2026-07-14 00:42:28.923 7 INFO neutron.db.ovn_revision_numbers_db [None req-92b9611d-ef9e-41f6-a5cb-79a100b556c0 f1cd95796fba4bc1a8159fc7bfcfa847 39d4ad338ccb47198d5b00974e1083f7 - - default default] Successfully bumped revision number for resource 55510a6d-8885-47d5-b2f6-7eb67a847ad7 (type: security_group_rules) to 0
2026-07-14 00:42:28.937 7 INFO neutron.db.ovn_revision_numbers_db [None req-92b9611d-ef9e-41f6-a5cb-79a100b556c0 f1cd95796fba4bc1a8159fc7bfcfa847 39d4ad338ccb47198d5b00974e1083f7 - - default default] Successfully bumped revision number for resource 9259f352-811f-41a9-ab01-6153d9924de7 (type: security_group_rules) to 0
2026-07-14 00:42:28.949 7 INFO neutron.db.ovn_revision_numbers_db [None req-92b9611d-ef9e-41f6-a5cb-79a100b556c0 f1cd95796fba4bc1a8159fc7bfcfa847 39d4ad338ccb47198d5b00974e1083f7 - - default default] Successfully bumped revision number for resource cc6ded15-9cea-4e8f-ad7f-d6e25f46b220 (type: security_group_rules) to 0 [pid: 7|app: 0|req: 973/2059] 10.0.0.145 () {32 vars in 773 bytes} [Tue Jul 14 00:42:28 2026] GET /v2.0/security-groups?tenant_id=bc3520aaa6ba436fabea2b9f2edf266e&name=default => generated 2925 bytes in 233 msecs (HTTP/1.1 200) 4 headers in 158 bytes (1 switches on core 0) [pid: 7|app: 0|req: 974/2060] 10.0.0.145 () {32 vars in 739 bytes} [Tue Jul 14 00:42:28 2026] DELETE /v2.0/security-groups/b5d45a71-f2ef-4c58-88c7-c92548f40b6e => generated 0 bytes in 172 msecs (HTTP/1.1 204) 2 headers in 112 bytes (1 switches on core 0) [pid: 7|app: 0|req: 975/2061] 10.0.0.143 () {34 vars in 1069 bytes} [Tue Jul 14 00:42:29 2026] GET /v2.0/ports?fields=security_groups&fields=device_id&device_id=0cf02bd5-8f44-4883-bbce-cb4dbb3974de => generated 12 bytes in 20 msecs (HTTP/1.1 200) 4 headers in 156 bytes (1 switches on core 0)
2026-07-14 00:42:29.257 8 INFO neutron.db.ovn_revision_numbers_db [None req-5f0c0c4c-c121-40a5-a1ba-88017dccf6db 758e23017afe478ebb294a02c0e12e73 553197cb5e0643dfbb2a186850337837 - - default default] Successfully bumped revision number for resource 5d10905f-dcb4-4663-b583-c47964fd73c9 (type: ports) to 2
2026-07-14 00:42:29.290 8 INFO neutron.db.ovn_revision_numbers_db [None req-5f0c0c4c-c121-40a5-a1ba-88017dccf6db 758e23017afe478ebb294a02c0e12e73 553197cb5e0643dfbb2a186850337837 - - default default] Successfully bumped revision number for resource 200000c2-bc72-43f4-9612-28ed9529d811 (type: subnets) to 0 [pid: 8|app: 0|req: 1087/2062] 10.0.0.145 () {34 vars in 668 bytes} [Tue Jul 14 00:42:28 2026] POST /v2.0/subnets => generated 656 bytes in 778 msecs (HTTP/1.1 201) 4 headers in 162 bytes (1 switches on core 0)
2026-07-14 00:42:29.523 7 WARNING neutron.scheduler.dhcp_agent_scheduler [None req-069d33b0-0077-4dda-923e-434fc7af04f2 758e23017afe478ebb294a02c0e12e73 553197cb5e0643dfbb2a186850337837 - - default default] No more DHCP agents
2026-07-14 00:42:29.524 7 WARNING neutron.api.rpc.agentnotifiers.dhcp_rpc_agent_api [None req-069d33b0-0077-4dda-923e-434fc7af04f2 758e23017afe478ebb294a02c0e12e73 553197cb5e0643dfbb2a186850337837 - - default default] Unable to schedule network 653852d2-bf20-4f7b-8c9b-c628d719cb57: no agents available; will retry on subsequent port and subnet creation events.
2026-07-14 00:42:29.548 7 INFO neutron.db.ovn_revision_numbers_db [None req-069d33b0-0077-4dda-923e-434fc7af04f2 758e23017afe478ebb294a02c0e12e73 553197cb5e0643dfbb2a186850337837 - - default default] Successfully bumped revision number for resource f4105774-3af2-4811-a0c7-90abc3268682 (type: subnets) to 0 [pid: 7|app: 0|req: 976/2063] 10.0.0.145 () {34 vars in 668 bytes} [Tue Jul 14 00:42:29 2026] POST /v2.0/subnets => generated 725 bytes in 258 msecs (HTTP/1.1 201) 4 headers in 162 bytes (1 switches on core 0)
2026-07-14 00:42:29.664 8 INFO neutron.db.segments_db [None req-1f7aa6ae-d38b-4c4f-8beb-10647b2f3668 758e23017afe478ebb294a02c0e12e73 553197cb5e0643dfbb2a186850337837 - - default default] Added segment 73094b7b-2b60-4809-8546-03f8c238b700 of type geneve for network 23a12844-f306-4fa3-87e1-c330a84e8235
2026-07-14 00:42:29.807 8 INFO neutron.db.ovn_revision_numbers_db [None req-1f7aa6ae-d38b-4c4f-8beb-10647b2f3668 758e23017afe478ebb294a02c0e12e73 553197cb5e0643dfbb2a186850337837 - - default default] Successfully bumped revision number for resource 23a12844-f306-4fa3-87e1-c330a84e8235 (type: networks) to 1
2026-07-14 00:42:29.941 8 WARNING neutron.scheduler.dhcp_agent_scheduler [None req-1f7aa6ae-d38b-4c4f-8beb-10647b2f3668 758e23017afe478ebb294a02c0e12e73 553197cb5e0643dfbb2a186850337837 - - default default] No more DHCP agents
2026-07-14 00:42:29.942 8 WARNING neutron.api.rpc.agentnotifiers.dhcp_rpc_agent_api [None req-1f7aa6ae-d38b-4c4f-8beb-10647b2f3668 758e23017afe478ebb294a02c0e12e73 553197cb5e0643dfbb2a186850337837 - - default default] Unable to schedule network 23a12844-f306-4fa3-87e1-c330a84e8235: no agents available; will retry on subsequent port and subnet creation events.
2026-07-14 00:42:30.004 8 INFO neutron.plugins.ml2.drivers.ovn.mech_driver.mech_driver [None req-4bd8d65c-add2-4b92-ad22-07cf3928d9ac - - - - - -] OVN reports status down for port: aace2d2c-b362-460a-8038-3a095e75980d
2026-07-14 00:42:30.064 8 INFO neutron.db.ovn_revision_numbers_db [None req-1f7aa6ae-d38b-4c4f-8beb-10647b2f3668 758e23017afe478ebb294a02c0e12e73 553197cb5e0643dfbb2a186850337837 - - default default] Successfully bumped revision number for resource aace2d2c-b362-460a-8038-3a095e75980d (type: ports) to 1 [pid: 8|app: 0|req: 1088/2064] 10.0.0.145 () {34 vars in 669 bytes} [Tue Jul 14 00:42:29 2026] POST /v2.0/networks => generated 676 bytes in 538 msecs (HTTP/1.1 201) 4 headers in 162 bytes (1 switches on core 0) [pid: 8|app: 0|req: 1089/2065] 10.0.0.143 () {34 vars in 1069 bytes} [Tue Jul 14 00:42:30 2026] GET /v2.0/ports?fields=security_groups&fields=device_id&device_id=0cf02bd5-8f44-4883-bbce-cb4dbb3974de => generated 12 bytes in 27 msecs (HTTP/1.1 200) 4 headers in 156 bytes (1 switches on core 0)
2026-07-14 00:42:30.286 7 WARNING neutron.scheduler.dhcp_agent_scheduler [None req-8777cb92-d6ac-46ae-9b91-9b09cae0c235 758e23017afe478ebb294a02c0e12e73 553197cb5e0643dfbb2a186850337837 - - default default] No more DHCP agents
2026-07-14 00:42:30.287 7 WARNING neutron.api.rpc.agentnotifiers.dhcp_rpc_agent_api [None req-8777cb92-d6ac-46ae-9b91-9b09cae0c235 758e23017afe478ebb294a02c0e12e73 553197cb5e0643dfbb2a186850337837 - - default default] Unable to schedule network 23a12844-f306-4fa3-87e1-c330a84e8235: no agents available; will retry on subsequent port and subnet creation events.
2026-07-14 00:42:30.746 7 INFO neutron.db.ovn_revision_numbers_db [None req-8777cb92-d6ac-46ae-9b91-9b09cae0c235 758e23017afe478ebb294a02c0e12e73 553197cb5e0643dfbb2a186850337837 - - default default] Successfully bumped revision number for resource aace2d2c-b362-460a-8038-3a095e75980d (type: ports) to 2
2026-07-14 00:42:30.788 7 INFO neutron.db.ovn_revision_numbers_db [None req-8777cb92-d6ac-46ae-9b91-9b09cae0c235 758e23017afe478ebb294a02c0e12e73 553197cb5e0643dfbb2a186850337837 - - default default] Successfully bumped revision number for resource b1747598-75ed-4ca6-9eaa-10528db83d07 (type: subnets) to 0 [pid: 7|app: 0|req: 977/2066] 10.0.0.145 () {34 vars in 668 bytes} [Tue Jul 14 00:42:30 2026] POST /v2.0/subnets => generated 656 bytes in 693 msecs (HTTP/1.1 201) 4 headers in 162 bytes (1 switches on core 0) [pid: 7|app: 0|req: 978/2067] 10.0.0.248 () {34 vars in 989 bytes} [Tue Jul 14 00:42:30 2026] GET /v2.0/ports?device_id=0cf02bd5-8f44-4883-bbce-cb4dbb3974de => generated 12 bytes in 23 msecs (HTTP/1.1 200) 4 headers in 156 bytes (1 switches on core 0)
2026-07-14 00:42:31.020 8 WARNING neutron.scheduler.dhcp_agent_scheduler [None req-0f2fc5d0-fc16-43ca-bb2b-7d54d103686c 758e23017afe478ebb294a02c0e12e73 553197cb5e0643dfbb2a186850337837 - - default default] No more DHCP agents
2026-07-14 00:42:31.022 8 WARNING neutron.api.rpc.agentnotifiers.dhcp_rpc_agent_api [None req-0f2fc5d0-fc16-43ca-bb2b-7d54d103686c 758e23017afe478ebb294a02c0e12e73 553197cb5e0643dfbb2a186850337837 - - default default] Unable to schedule network 23a12844-f306-4fa3-87e1-c330a84e8235: no agents available; will retry on subsequent port and subnet creation events.
2026-07-14 00:42:31.050 8 INFO neutron.db.ovn_revision_numbers_db [None req-0f2fc5d0-fc16-43ca-bb2b-7d54d103686c 758e23017afe478ebb294a02c0e12e73 553197cb5e0643dfbb2a186850337837 - - default default] Successfully bumped revision number for resource 8cb89d47-6707-42b8-9460-249bae9451be (type: subnets) to 0 [pid: 8|app: 0|req: 1090/2068] 10.0.0.145 () {34 vars in 668 bytes} [Tue Jul 14 00:42:30 2026] POST /v2.0/subnets => generated 729 bytes in 252 msecs (HTTP/1.1 201) 4 headers in 162 bytes (1 switches on core 0) [pid: 8|app: 0|req: 1091/2069] 10.0.0.143 () {34 vars in 1069 bytes} [Tue Jul 14 00:42:31 2026] GET /v2.0/ports?fields=security_groups&fields=device_id&device_id=0cf02bd5-8f44-4883-bbce-cb4dbb3974de => generated 12 bytes in 23 msecs (HTTP/1.1 200) 4 headers in 156 bytes (1 switches on core 0)
2026-07-14 00:42:31.458 7 WARNING neutron.scheduler.dhcp_agent_scheduler [None req-85ee383b-786a-48fa-83e3-75bafac9ab49 758e23017afe478ebb294a02c0e12e73 553197cb5e0643dfbb2a186850337837 - - default default] No more DHCP agents
2026-07-14 00:42:31.459 7 WARNING neutron.api.rpc.agentnotifiers.dhcp_rpc_agent_api [None req-85ee383b-786a-48fa-83e3-75bafac9ab49 758e23017afe478ebb294a02c0e12e73 553197cb5e0643dfbb2a186850337837 - - default default] Unable to schedule network 7225c6d6-a29f-4b6b-aed9-0ae0301300c3: no agents available; will retry on subsequent port and subnet creation events. [pid: 8|app: 0|req: 1092/2070] 10.0.0.143 () {34 vars in 989 bytes} [Tue Jul 14 00:42:31 2026] GET /v2.0/ports?device_id=0cf02bd5-8f44-4883-bbce-cb4dbb3974de => generated 12 bytes in 22 msecs (HTTP/1.1 200) 4 headers in 156 bytes (1 switches on core 0)
2026-07-14 00:42:31.587 8 INFO neutron.plugins.ml2.drivers.ovn.mech_driver.mech_driver [None req-4bd8d65c-add2-4b92-ad22-07cf3928d9ac - - - - - -] OVN reports status down for port: d35a545d-2dd8-448e-9eb8-44291a27e1b6
2026-07-14 00:42:31.620 7 INFO neutron.db.ovn_revision_numbers_db [None req-85ee383b-786a-48fa-83e3-75bafac9ab49 758e23017afe478ebb294a02c0e12e73 553197cb5e0643dfbb2a186850337837 - - default default] Successfully bumped revision number for resource d35a545d-2dd8-448e-9eb8-44291a27e1b6 (type: ports) to 1
2026-07-14 00:42:32.201 8 INFO neutron.plugins.ml2.drivers.ovn.mech_driver.mech_driver [None req-4bd8d65c-add2-4b92-ad22-07cf3928d9ac - - - - - -] OVN reports status up for port: d35a545d-2dd8-448e-9eb8-44291a27e1b6
2026-07-14 00:42:32.220 7 INFO neutron.plugins.ml2.drivers.ovn.mech_driver.ovsdb.ovsdb_monitor [None req-6683845e-8dd9-4b44-a184-b751c19d20e8 - - - - - -] Router e4e52370-3161-48b2-9e2d-3e9eb0f8b962 is bound to host instance
2026-07-14 00:42:32.221 8 INFO neutron.plugins.ml2.plugin [None req-4bd8d65c-add2-4b92-ad22-07cf3928d9ac - - - - - -] Attempt 1 to provision port d35a545d-2dd8-448e-9eb8-44291a27e1b6
2026-07-14 00:42:32.225 7 INFO neutron.db.ovn_revision_numbers_db [None req-85ee383b-786a-48fa-83e3-75bafac9ab49 758e23017afe478ebb294a02c0e12e73 553197cb5e0643dfbb2a186850337837 - - default default] Successfully bumped revision number for resource d35a545d-2dd8-448e-9eb8-44291a27e1b6 (type: router_ports) to 1
2026-07-14 00:42:32.366 7 INFO neutron.db.ovn_revision_numbers_db [None req-85ee383b-786a-48fa-83e3-75bafac9ab49 758e23017afe478ebb294a02c0e12e73 553197cb5e0643dfbb2a186850337837 - - default default] Successfully bumped revision number for resource e4e52370-3161-48b2-9e2d-3e9eb0f8b962 (type: routers) to 2 [pid: 7|app: 0|req: 979/2071] 10.0.0.145 () {34 vars in 668 bytes} [Tue Jul 14 00:42:31 2026] POST /v2.0/routers => generated 966 bytes in 1333 msecs (HTTP/1.1 201) 4 headers in 162 bytes (1 switches on core 0)
2026-07-14 00:42:32.919 8 WARNING neutron.scheduler.dhcp_agent_scheduler [None req-e12dc0f8-dc50-4b65-9e83-ff4c9ed2a197 758e23017afe478ebb294a02c0e12e73 553197cb5e0643dfbb2a186850337837 - - default default] No more DHCP agents
2026-07-14 00:42:32.921 8 WARNING neutron.api.rpc.agentnotifiers.dhcp_rpc_agent_api [None req-e12dc0f8-dc50-4b65-9e83-ff4c9ed2a197 758e23017afe478ebb294a02c0e12e73 553197cb5e0643dfbb2a186850337837 - - default default] Unable to schedule network bd0d3366-f166-4d5b-9ced-5dcee7d1ce53: no agents available; will retry on subsequent port and subnet creation events.
2026-07-14 00:42:33.107 8 INFO neutron.db.ovn_revision_numbers_db [None req-e12dc0f8-dc50-4b65-9e83-ff4c9ed2a197 758e23017afe478ebb294a02c0e12e73 553197cb5e0643dfbb2a186850337837 - - default default] Successfully bumped revision number for resource 78d4ed1c-72c3-475a-8948-2b4cfaf08872 (type: ports) to 1
2026-07-14 00:42:33.919 7 INFO neutron.db.ovn_revision_numbers_db [None req-f290f8f2-076a-4585-89fc-c2c434ca9c2e - - - - - -] Successfully bumped revision number for resource d35a545d-2dd8-448e-9eb8-44291a27e1b6 (type: ports) to 4
2026-07-14 00:42:34.000 7 INFO neutron_taas.services.taas.taas_plugin [None req-08de1724-9894-4d27-9a22-1026b8712ead f1cd95796fba4bc1a8159fc7bfcfa847 39d4ad338ccb47198d5b00974e1083f7 - - default default] TaaS: Handle Delete Port: 5dd88770-6716-4097-abc1-199fe974f8dc
2026-07-14 00:42:34.005 7 INFO neutron_taas.services.taas.tap_mirror_plugin [None req-08de1724-9894-4d27-9a22-1026b8712ead f1cd95796fba4bc1a8159fc7bfcfa847 39d4ad338ccb47198d5b00974e1083f7 - - default default] Tap Mirror: Handle Delete Port: 5dd88770-6716-4097-abc1-199fe974f8dc
2026-07-14 00:42:34.042 8 WARNING neutron.scheduler.dhcp_agent_scheduler [None req-e12dc0f8-dc50-4b65-9e83-ff4c9ed2a197 758e23017afe478ebb294a02c0e12e73 553197cb5e0643dfbb2a186850337837 - - default default] No more DHCP agents
2026-07-14 00:42:34.043 8 WARNING neutron.api.rpc.agentnotifiers.dhcp_rpc_agent_api [None req-e12dc0f8-dc50-4b65-9e83-ff4c9ed2a197 758e23017afe478ebb294a02c0e12e73 553197cb5e0643dfbb2a186850337837 - - default default] Unable to schedule network bd0d3366-f166-4d5b-9ced-5dcee7d1ce53: no agents available; will retry on subsequent port and subnet creation events.
2026-07-14 00:42:34.430 8 INFO neutron.db.ovn_revision_numbers_db [None req-e12dc0f8-dc50-4b65-9e83-ff4c9ed2a197 758e23017afe478ebb294a02c0e12e73 553197cb5e0643dfbb2a186850337837 - - default default] Successfully bumped revision number for resource 78d4ed1c-72c3-475a-8948-2b4cfaf08872 (type: router_ports) to 1 [pid: 8|app: 0|req: 1093/2072] 10.0.0.145 () {34 vars in 782 bytes} [Tue Jul 14 00:42:32 2026] PUT /v2.0/routers/e4e52370-3161-48b2-9e2d-3e9eb0f8b962/add_router_interface => generated 310 bytes in 2027 msecs (HTTP/1.1 200) 4 headers in 157 bytes (1 switches on core 0)
2026-07-14 00:42:34.559 8 INFO neutron.plugins.ml2.drivers.ovn.mech_driver.mech_driver [None req-4bd8d65c-add2-4b92-ad22-07cf3928d9ac - - - - - -] OVN reports status down for port: 78d4ed1c-72c3-475a-8948-2b4cfaf08872
2026-07-14 00:42:34.585 7 INFO neutron.db.ovn_revision_numbers_db [None req-f290f8f2-076a-4585-89fc-c2c434ca9c2e - - - - - -] Successfully bumped revision number for resource d35a545d-2dd8-448e-9eb8-44291a27e1b6 (type: ports) to 5
2026-07-14 00:42:34.641 8 WARNING neutron.plugins.ml2.drivers.ovn.mech_driver.ovsdb.ovn_client [None req-4bd8d65c-add2-4b92-ad22-07cf3928d9ac - - - - - -] Logical_Switch_Port 78d4ed1c-72c3-475a-8948-2b4cfaf08872 host information not removed, the port state is up
2026-07-14 00:42:34.641 8 INFO neutron.plugins.ml2.drivers.ovn.mech_driver.mech_driver [None req-4bd8d65c-add2-4b92-ad22-07cf3928d9ac - - - - - -] OVN reports status up for port: 78d4ed1c-72c3-475a-8948-2b4cfaf08872
2026-07-14 00:42:34.686 8 INFO neutron.plugins.ml2.plugin [None req-4bd8d65c-add2-4b92-ad22-07cf3928d9ac - - - - - -] Attempt 1 to provision port 78d4ed1c-72c3-475a-8948-2b4cfaf08872 [pid: 8|app: 0|req: 1094/2073] 10.0.0.145 () {34 vars in 677 bytes} [Tue Jul 14 00:42:34 2026] POST /v2.0/qos/policies => generated 359 bytes in 271 msecs (HTTP/1.1 201) 4 headers in 162 bytes (1 switches on core 0) [pid: 7|app: 0|req: 980/2074] 10.0.0.145 () {34 vars in 788 bytes} [Tue Jul 14 00:42:32 2026] PUT /v2.0/routers/c338f3be-659b-4174-bb8f-c5edf8604790/remove_router_interface => generated 310 bytes in 2088 msecs (HTTP/1.1 200) 4 headers in 157 bytes (1 switches on core 0) /var/lib/openstack/lib/python3.12/site-packages/pycadf/identifier.py:70: UserWarning: Invalid uuid: neutron. To ensure interoperability, identifiers should be a valid uuid. warnings.warn(('Invalid uuid: %s. To ensure interoperability, ' [pid: 7|app: 0|req: 981/2075] 10.0.0.145 () {34 vars in 677 bytes} [Tue Jul 14 00:42:34 2026] POST /v2.0/qos/policies => generated 359 bytes in 78 msecs (HTTP/1.1 201) 4 headers in 162 bytes (1 switches on core 0)
2026-07-14 00:42:35.447 7 INFO neutron_taas.services.taas.taas_plugin [None req-008b0bac-4cd0-4923-bf86-c061835f7dc8 f1cd95796fba4bc1a8159fc7bfcfa847 39d4ad338ccb47198d5b00974e1083f7 - - default default] TaaS: Handle Delete Port: 3695be8f-a6cd-42f9-a8b0-8a9070a36761
2026-07-14 00:42:35.453 7 INFO neutron_taas.services.taas.tap_mirror_plugin [None req-008b0bac-4cd0-4923-bf86-c061835f7dc8 f1cd95796fba4bc1a8159fc7bfcfa847 39d4ad338ccb47198d5b00974e1083f7 - - default default] Tap Mirror: Handle Delete Port: 3695be8f-a6cd-42f9-a8b0-8a9070a36761
2026-07-14 00:42:35.516 8 INFO neutron.db.ovn_revision_numbers_db [None req-4bd8d65c-add2-4b92-ad22-07cf3928d9ac - - - - - -] Successfully bumped revision number for resource 78d4ed1c-72c3-475a-8948-2b4cfaf08872 (type: ports) to 2
2026-07-14 00:42:35.754 8 WARNING neutron.scheduler.dhcp_agent_scheduler [None req-239c6717-afa4-4777-bf36-782eb07afceb 758e23017afe478ebb294a02c0e12e73 553197cb5e0643dfbb2a186850337837 - - default default] No more DHCP agents
2026-07-14 00:42:35.757 8 WARNING neutron.api.rpc.agentnotifiers.dhcp_rpc_agent_api [None req-239c6717-afa4-4777-bf36-782eb07afceb 758e23017afe478ebb294a02c0e12e73 553197cb5e0643dfbb2a186850337837 - - default default] Unable to schedule network 653852d2-bf20-4f7b-8c9b-c628d719cb57: no agents available; will retry on subsequent port and subnet creation events. [pid: 7|app: 0|req: 982/2076] 10.0.0.145 () {32 vars in 723 bytes} [Tue Jul 14 00:42:35 2026] DELETE /v2.0/routers/c338f3be-659b-4174-bb8f-c5edf8604790 => generated 0 bytes in 782 msecs (HTTP/1.1 204) 2 headers in 112 bytes (1 switches on core 0) [pid: 7|app: 0|req: 983/2077] 10.0.0.145 () {34 vars in 677 bytes} [Tue Jul 14 00:42:35 2026] POST /v2.0/qos/policies => generated 359 bytes in 36 msecs (HTTP/1.1 201) 4 headers in 162 bytes (1 switches on core 0)
2026-07-14 00:42:35.943 7 INFO neutron.plugins.ml2.drivers.ovn.mech_driver.mech_driver [None req-3f1a3369-17a3-4d55-a85c-a380b33e3668 - - - - - -] OVN reports status down for port: c02d450e-104e-4297-8c75-b885beeaa810
2026-07-14 00:42:35.954 8 INFO neutron.db.ovn_revision_numbers_db [None req-239c6717-afa4-4777-bf36-782eb07afceb 758e23017afe478ebb294a02c0e12e73 553197cb5e0643dfbb2a186850337837 - - default default] Successfully bumped revision number for resource c02d450e-104e-4297-8c75-b885beeaa810 (type: ports) to 1 [pid: 7|app: 0|req: 984/2078] 10.0.0.145 () {32 vars in 723 bytes} [Tue Jul 14 00:42:35 2026] DELETE /v2.0/subnets/6ec91189-f416-4ebe-b095-ea4544f3dad6 => generated 0 bytes in 231 msecs (HTTP/1.1 204) 3 headers in 131 bytes (1 switches on core 0) [pid: 7|app: 0|req: 985/2079] 10.0.0.145 () {34 vars in 677 bytes} [Tue Jul 14 00:42:36 2026] POST /v2.0/qos/policies => generated 359 bytes in 48 msecs (HTTP/1.1 201) 4 headers in 162 bytes (1 switches on core 0)
2026-07-14 00:42:36.258 7 INFO neutron_taas.services.taas.taas_plugin [None req-039be858-16f9-4e7b-afc9-a1baf0cb7d73 f1cd95796fba4bc1a8159fc7bfcfa847 39d4ad338ccb47198d5b00974e1083f7 - - default default] TaaS: Handle Delete Port: bfe5b687-5d26-475e-bc08-d74a53785fb1
2026-07-14 00:42:36.261 7 INFO neutron_taas.services.taas.tap_mirror_plugin [None req-039be858-16f9-4e7b-afc9-a1baf0cb7d73 f1cd95796fba4bc1a8159fc7bfcfa847 39d4ad338ccb47198d5b00974e1083f7 - - default default] Tap Mirror: Handle Delete Port: bfe5b687-5d26-475e-bc08-d74a53785fb1
2026-07-14 00:42:36.440 7 INFO neutron.services.segments.plugin [-] Segment fc4d7781-043e-4af4-9317-580ffc5c6816 resource provider aggregate not found
2026-07-14 00:42:36.443 7 INFO neutron.services.segments.plugin [-] Segment fc4d7781-043e-4af4-9317-580ffc5c6816 resource provider aggregate not found
2026-07-14 00:42:36.460 7 INFO neutron.services.segments.plugin [-] Client error retrieving segment fc4d7781-043e-4af4-9317-580ffc5c6816 resource provider; error: Placement Client Error (4xx): {"errors": [{"status": 404, "title": "Not Found", "detail": "The resource could not be found.\n\n No resource provider with uuid fc4d7781-043e-4af4-9317-580ffc5c6816 found for delete ", "request_id": "req-10866421-221e-4af2-9476-0a6134e56eb4"}]}
2026-07-14 00:42:36.464 7 INFO neutron.services.segments.plugin [-] Client error retrieving segment fc4d7781-043e-4af4-9317-580ffc5c6816 resource provider; error: Placement Client Error (4xx): {"errors": [{"status": 404, "title": "Not Found", "detail": "The resource could not be found.\n\n No resource provider with uuid fc4d7781-043e-4af4-9317-580ffc5c6816 found for delete ", "request_id": "req-3765782b-329d-4876-b088-7c392f556036"}]} [pid: 7|app: 0|req: 986/2080] 10.0.0.145 () {32 vars in 725 bytes} [Tue Jul 14 00:42:36 2026] DELETE /v2.0/networks/d9412a64-d0fa-4510-a280-31792b68fada => generated 0 bytes in 350 msecs (HTTP/1.1 204) 3 headers in 131 bytes (1 switches on core 0) [pid: 7|app: 0|req: 987/2081] 10.0.0.145 () {34 vars in 677 bytes} [Tue Jul 14 00:42:36 2026] POST /v2.0/qos/policies => generated 359 bytes in 38 msecs (HTTP/1.1 201) 4 headers in 162 bytes (1 switches on core 0)
2026-07-14 00:42:36.573 7 WARNING tagging [None req-fcc7698a-8cea-432c-a7ab-43b7cc134012 30ce336c64204a29b0548cc7c0cdbf14 f1af95416d4c415495a7365a659def33 - - default default] project_id key not found in request, using tenant_id instead. This support has been deprecated and will be removed in a future release. [pid: 7|app: 0|req: 988/2082] 10.0.0.145 () {34 vars in 752 bytes} [Tue Jul 14 00:42:36 2026] PUT /v2.0/policies/f45dfefa-698f-4332-a634-d34e23a862bb/tags => generated 17 bytes in 44 msecs (HTTP/1.1 200) 4 headers in 156 bytes (1 switches on core 0)
2026-07-14 00:42:36.624 7 WARNING tagging [None req-8e390d6d-9992-4ec0-9684-bb96fa3a269e 30ce336c64204a29b0548cc7c0cdbf14 f1af95416d4c415495a7365a659def33 - - default default] project_id key not found in request, using tenant_id instead. This support has been deprecated and will be removed in a future release. [pid: 7|app: 0|req: 989/2083] 10.0.0.145 () {34 vars in 752 bytes} [Tue Jul 14 00:42:36 2026] PUT /v2.0/policies/a0bbba01-feb8-4327-99b3-d25f76a00086/tags => generated 25 bytes in 52 msecs (HTTP/1.1 200) 4 headers in 156 bytes (1 switches on core 0)
2026-07-14 00:42:36.679 7 INFO neutron.plugins.ml2.drivers.ovn.mech_driver.mech_driver [None req-3f1a3369-17a3-4d55-a85c-a380b33e3668 - - - - - -] OVN reports status up for port: c02d450e-104e-4297-8c75-b885beeaa810
2026-07-14 00:42:36.699 7 INFO neutron.plugins.ml2.plugin [None req-3f1a3369-17a3-4d55-a85c-a380b33e3668 - - - - - -] Attempt 1 to provision port c02d450e-104e-4297-8c75-b885beeaa810
2026-07-14 00:42:36.701 7 WARNING tagging [None req-16032d12-4f5c-47da-8ac6-b59605448e6b 30ce336c64204a29b0548cc7c0cdbf14 f1af95416d4c415495a7365a659def33 - - default default] project_id key not found in request, using tenant_id instead. This support has been deprecated and will be removed in a future release. [pid: 7|app: 0|req: 990/2084] 10.0.0.145 () {34 vars in 752 bytes} [Tue Jul 14 00:42:36 2026] PUT /v2.0/policies/86c673d5-ab87-4f86-a84a-adb8f3887b00/tags => generated 34 bytes in 87 msecs (HTTP/1.1 200) 4 headers in 156 bytes (1 switches on core 0)
2026-07-14 00:42:36.749 8 WARNING neutron.scheduler.dhcp_agent_scheduler [None req-239c6717-afa4-4777-bf36-782eb07afceb 758e23017afe478ebb294a02c0e12e73 553197cb5e0643dfbb2a186850337837 - - default default] No more DHCP agents
2026-07-14 00:42:36.750 8 WARNING neutron.api.rpc.agentnotifiers.dhcp_rpc_agent_api [None req-239c6717-afa4-4777-bf36-782eb07afceb 758e23017afe478ebb294a02c0e12e73 553197cb5e0643dfbb2a186850337837 - - default default] Unable to schedule network 653852d2-bf20-4f7b-8c9b-c628d719cb57: no agents available; will retry on subsequent port and subnet creation events.
2026-07-14 00:42:36.757 7 WARNING neutron.db.securitygroups_db [None req-c3226c2d-c501-4fec-819b-f58ad7da66be f1cd95796fba4bc1a8159fc7bfcfa847 39d4ad338ccb47198d5b00974e1083f7 - - default default] project_id key not found in filters, using tenant_id instead. This support has been deprecated and will be removed in a future release. [pid: 7|app: 0|req: 991/2085] 10.0.0.145 () {32 vars in 773 bytes} [Tue Jul 14 00:42:36 2026] GET /v2.0/security-groups?tenant_id=d010794f6a9d471f93d585505c066039&name=default => generated 2925 bytes in 75 msecs (HTTP/1.1 200) 4 headers in 158 bytes (1 switches on core 0)
2026-07-14 00:42:36.880 7 WARNING tagging [None req-8e14e7c4-8042-485d-a12f-05c6877ebd69 30ce336c64204a29b0548cc7c0cdbf14 f1af95416d4c415495a7365a659def33 - - default default] project_id key not found in request, using tenant_id instead. This support has been deprecated and will be removed in a future release. [pid: 7|app: 0|req: 992/2086] 10.0.0.145 () {34 vars in 752 bytes} [Tue Jul 14 00:42:36 2026] PUT /v2.0/policies/e674b17f-5c30-4108-a50b-086d707a7ce7/tags => generated 19 bytes in 103 msecs (HTTP/1.1 200) 4 headers in 156 bytes (1 switches on core 0)
