2026-07-14 00:43:16.570 8 INFO neutron.db.ovn_revision_numbers_db [None req-ccea558d-b8e8-4405-bcc0-26d2cdd84abf f1cd95796fba4bc1a8159fc7bfcfa847 39d4ad338ccb47198d5b00974e1083f7 - - default default] Successfully bumped revision number for resource 66e26e90-9071-412d-8a5d-8c7357a55257 (type: security_group_rules) to 0
2026-07-14 00:43:16.590 8 INFO neutron.db.ovn_revision_numbers_db [None req-ccea558d-b8e8-4405-bcc0-26d2cdd84abf f1cd95796fba4bc1a8159fc7bfcfa847 39d4ad338ccb47198d5b00974e1083f7 - - default default] Successfully bumped revision number for resource 9591e0c5-6856-4649-8b16-8f40dbfcea65 (type: security_group_rules) to 0
2026-07-14 00:43:16.611 8 INFO neutron.db.ovn_revision_numbers_db [None req-ccea558d-b8e8-4405-bcc0-26d2cdd84abf f1cd95796fba4bc1a8159fc7bfcfa847 39d4ad338ccb47198d5b00974e1083f7 - - default default] Successfully bumped revision number for resource ecdd7985-2e36-4dc2-9869-034c22ddb1b0 (type: security_group_rules) to 0
2026-07-14 00:43:16.616 7 INFO neutron.db.ovn_revision_numbers_db [None req-6a92315f-e131-4a2b-afc0-d3ebfa58ee00 94d6cdca5c624097b0e075bc335b1582 d1fa38a9ecab45e68bf2ba1874866074 - - default default] Successfully bumped revision number for resource fb219723-d35f-4d4a-a8f9-c5749f213e75 (type: networks) to 1 [pid: 8|app: 0|req: 1241/2403] 10.0.0.145 () {32 vars in 773 bytes} [Tue Jul 14 00:43:16 2026] GET /v2.0/security-groups?tenant_id=de2556e3490c46269c8a78bf3853a1c2&name=default => generated 2929 bytes in 259 msecs (HTTP/1.1 200) 4 headers in 158 bytes (1 switches on core 0)
2026-07-14 00:43:16.800 7 WARNING neutron.scheduler.dhcp_agent_scheduler [None req-6a92315f-e131-4a2b-afc0-d3ebfa58ee00 94d6cdca5c624097b0e075bc335b1582 d1fa38a9ecab45e68bf2ba1874866074 - - default default] No more DHCP agents
2026-07-14 00:43:16.801 7 WARNING neutron.api.rpc.agentnotifiers.dhcp_rpc_agent_api [None req-6a92315f-e131-4a2b-afc0-d3ebfa58ee00 94d6cdca5c624097b0e075bc335b1582 d1fa38a9ecab45e68bf2ba1874866074 - - default default] Unable to schedule network fb219723-d35f-4d4a-a8f9-c5749f213e75: no agents available; will retry on subsequent port and subnet creation events.
2026-07-14 00:43:16.871 7 INFO neutron.plugins.ml2.drivers.ovn.mech_driver.mech_driver [None req-4798a721-61ad-4271-8773-0b54b3901352 - - - - - -] OVN reports status down for port: b5011d20-e1fa-4f56-9667-afbc633d6a2a [pid: 8|app: 0|req: 1242/2404] 10.0.0.145 () {32 vars in 739 bytes} [Tue Jul 14 00:43:16 2026] DELETE /v2.0/security-groups/784ab413-5555-42b3-b918-252e55a912f3 => generated 0 bytes in 219 msecs (HTTP/1.1 204) 2 headers in 112 bytes (1 switches on core 0)
2026-07-14 00:43:16.927 7 INFO neutron.db.ovn_revision_numbers_db [None req-6a92315f-e131-4a2b-afc0-d3ebfa58ee00 94d6cdca5c624097b0e075bc335b1582 d1fa38a9ecab45e68bf2ba1874866074 - - default default] Successfully bumped revision number for resource b5011d20-e1fa-4f56-9667-afbc633d6a2a (type: ports) to 1 [pid: 7|app: 0|req: 1163/2405] 10.0.0.145 () {34 vars in 669 bytes} [Tue Jul 14 00:43:16 2026] POST /v2.0/networks => generated 766 bytes in 893 msecs (HTTP/1.1 201) 4 headers in 162 bytes (1 switches on core 0)
2026-07-14 00:43:17.042 7 WARNING neutron.db.securitygroups_db [None req-b927850c-976a-4367-abfd-281f5da64c9b f1cd95796fba4bc1a8159fc7bfcfa847 39d4ad338ccb47198d5b00974e1083f7 - - default default] project_id key not found in filters, using tenant_id instead. This support has been deprecated and will be removed in a future release.
2026-07-14 00:43:17.114 8 WARNING neutron.scheduler.dhcp_agent_scheduler [None req-c148ac8d-e33b-4e2e-af3f-06fe5d85062b 94d6cdca5c624097b0e075bc335b1582 d1fa38a9ecab45e68bf2ba1874866074 - - default default] No more DHCP agents
2026-07-14 00:43:17.115 8 WARNING neutron.api.rpc.agentnotifiers.dhcp_rpc_agent_api [None req-c148ac8d-e33b-4e2e-af3f-06fe5d85062b 94d6cdca5c624097b0e075bc335b1582 d1fa38a9ecab45e68bf2ba1874866074 - - default default] Unable to schedule network fb219723-d35f-4d4a-a8f9-c5749f213e75: no agents available; will retry on subsequent port and subnet creation events.
2026-07-14 00:43:17.151 7 INFO neutron.db.ovn_revision_numbers_db [None req-b927850c-976a-4367-abfd-281f5da64c9b f1cd95796fba4bc1a8159fc7bfcfa847 39d4ad338ccb47198d5b00974e1083f7 - - default default] Successfully bumped revision number for resource d35bf7e7-a555-4f80-9793-188646216bd6 (type: security_groups) to 1
2026-07-14 00:43:17.165 7 INFO neutron.db.ovn_revision_numbers_db [None req-b927850c-976a-4367-abfd-281f5da64c9b f1cd95796fba4bc1a8159fc7bfcfa847 39d4ad338ccb47198d5b00974e1083f7 - - default default] Successfully bumped revision number for resource 442e6fc1-a0c1-48de-b4fe-70d7e4ecedb6 (type: security_group_rules) to 0
2026-07-14 00:43:17.176 7 INFO neutron.db.ovn_revision_numbers_db [None req-b927850c-976a-4367-abfd-281f5da64c9b f1cd95796fba4bc1a8159fc7bfcfa847 39d4ad338ccb47198d5b00974e1083f7 - - default default] Successfully bumped revision number for resource 4e56c2f9-7a8a-4031-bd6f-ea17567db694 (type: security_group_rules) to 0
2026-07-14 00:43:17.186 7 INFO neutron.db.ovn_revision_numbers_db [None req-b927850c-976a-4367-abfd-281f5da64c9b f1cd95796fba4bc1a8159fc7bfcfa847 39d4ad338ccb47198d5b00974e1083f7 - - default default] Successfully bumped revision number for resource 553164ac-685c-46a0-ba7c-74dadf832d42 (type: security_group_rules) to 0
2026-07-14 00:43:17.196 7 INFO neutron.db.ovn_revision_numbers_db [None req-b927850c-976a-4367-abfd-281f5da64c9b f1cd95796fba4bc1a8159fc7bfcfa847 39d4ad338ccb47198d5b00974e1083f7 - - default default] Successfully bumped revision number for resource ba180ae7-0c3d-4472-aa9c-4fd35bf6f790 (type: security_group_rules) to 0 [pid: 7|app: 0|req: 1164/2406] 10.0.0.145 () {32 vars in 773 bytes} [Tue Jul 14 00:43:17 2026] GET /v2.0/security-groups?tenant_id=cfd0c77dfbb34fcd89ab453b071776e8&name=default => generated 2929 bytes in 196 msecs (HTTP/1.1 200) 4 headers in 158 bytes (1 switches on core 0) [pid: 7|app: 0|req: 1165/2407] 10.0.0.145 () {32 vars in 739 bytes} [Tue Jul 14 00:43:17 2026] DELETE /v2.0/security-groups/d35bf7e7-a555-4f80-9793-188646216bd6 => generated 0 bytes in 166 msecs (HTTP/1.1 204) 2 headers in 112 bytes (1 switches on core 0)
2026-07-14 00:43:17.505 7 WARNING neutron.db.securitygroups_db [None req-a1fdc9dc-856f-478c-8550-58453c692514 f1cd95796fba4bc1a8159fc7bfcfa847 39d4ad338ccb47198d5b00974e1083f7 - - default default] project_id key not found in filters, using tenant_id instead. This support has been deprecated and will be removed in a future release.
2026-07-14 00:43:17.591 8 INFO neutron.db.ovn_revision_numbers_db [None req-c148ac8d-e33b-4e2e-af3f-06fe5d85062b 94d6cdca5c624097b0e075bc335b1582 d1fa38a9ecab45e68bf2ba1874866074 - - default default] Successfully bumped revision number for resource b5011d20-e1fa-4f56-9667-afbc633d6a2a (type: ports) to 2
2026-07-14 00:43:17.629 8 INFO neutron.db.ovn_revision_numbers_db [None req-c148ac8d-e33b-4e2e-af3f-06fe5d85062b 94d6cdca5c624097b0e075bc335b1582 d1fa38a9ecab45e68bf2ba1874866074 - - default default] Successfully bumped revision number for resource e33935f7-d6f9-4bb5-b896-c31f84f314bf (type: subnets) to 0 [pid: 8|app: 0|req: 1243/2408] 10.0.0.145 () {34 vars in 668 bytes} [Tue Jul 14 00:43:16 2026] POST /v2.0/subnets => generated 644 bytes in 687 msecs (HTTP/1.1 201) 4 headers in 162 bytes (1 switches on core 0)
2026-07-14 00:43:17.652 7 INFO neutron.db.ovn_revision_numbers_db [None req-a1fdc9dc-856f-478c-8550-58453c692514 f1cd95796fba4bc1a8159fc7bfcfa847 39d4ad338ccb47198d5b00974e1083f7 - - default default] Successfully bumped revision number for resource 29389884-5490-4f09-b8f8-d2a57952387b (type: security_groups) to 1
2026-07-14 00:43:17.659 8 WARNING neutron.api.v2.base [None req-509d60a5-3da9-44c6-bb13-1b7d21fed654 94d6cdca5c624097b0e075bc335b1582 d1fa38a9ecab45e68bf2ba1874866074 - - default default] An exception happened while processing the request body. The exception message is [Invalid input for target_tenant. Reason: 'None' is not a valid string.].: webob.exc.HTTPBadRequest: Invalid input for target_tenant. Reason: 'None' is not a valid string.
2026-07-14 00:43:17.660 8 INFO neutron.api.v2.resource [None req-509d60a5-3da9-44c6-bb13-1b7d21fed654 94d6cdca5c624097b0e075bc335b1582 d1fa38a9ecab45e68bf2ba1874866074 - - default default] create failed (client error): Invalid input for target_tenant. Reason: 'None' is not a valid string. [pid: 8|app: 0|req: 1244/2409] 10.0.0.145 () {34 vars in 680 bytes} [Tue Jul 14 00:43:17 2026] POST /v2.0/rbac-policies => generated 143 bytes in 7 msecs (HTTP/1.1 400) 4 headers in 166 bytes (1 switches on core 0)
2026-07-14 00:43:17.663 7 INFO neutron.db.ovn_revision_numbers_db [None req-a1fdc9dc-856f-478c-8550-58453c692514 f1cd95796fba4bc1a8159fc7bfcfa847 39d4ad338ccb47198d5b00974e1083f7 - - default default] Successfully bumped revision number for resource 1472ed36-b8f7-4371-a580-68b6ea24bc21 (type: security_group_rules) to 0
2026-07-14 00:43:17.674 7 INFO neutron.db.ovn_revision_numbers_db [None req-a1fdc9dc-856f-478c-8550-58453c692514 f1cd95796fba4bc1a8159fc7bfcfa847 39d4ad338ccb47198d5b00974e1083f7 - - default default] Successfully bumped revision number for resource 170ae763-d09a-4ead-8d8e-e74d536bea70 (type: security_group_rules) to 0
2026-07-14 00:43:17.685 7 INFO neutron.db.ovn_revision_numbers_db [None req-a1fdc9dc-856f-478c-8550-58453c692514 f1cd95796fba4bc1a8159fc7bfcfa847 39d4ad338ccb47198d5b00974e1083f7 - - default default] Successfully bumped revision number for resource 86be6650-0a72-426e-bca2-3071a7fc0828 (type: security_group_rules) to 0
2026-07-14 00:43:17.706 7 INFO neutron.db.ovn_revision_numbers_db [None req-a1fdc9dc-856f-478c-8550-58453c692514 f1cd95796fba4bc1a8159fc7bfcfa847 39d4ad338ccb47198d5b00974e1083f7 - - default default] Successfully bumped revision number for resource a0b7afa6-cd26-471e-b4e3-2ebd41616d5b (type: security_group_rules) to 0 [pid: 7|app: 0|req: 1166/2410] 10.0.0.145 () {32 vars in 773 bytes} [Tue Jul 14 00:43:17 2026] GET /v2.0/security-groups?tenant_id=b8394437420d420f9fab4e1466bd4859&name=default => generated 2929 bytes in 243 msecs (HTTP/1.1 200) 4 headers in 158 bytes (1 switches on core 0)
2026-07-14 00:43:17.827 8 INFO neutron_taas.services.taas.taas_plugin [None req-e0938903-ffb9-4ab1-9b96-62acb37f6520 94d6cdca5c624097b0e075bc335b1582 d1fa38a9ecab45e68bf2ba1874866074 - - default default] TaaS: Handle Delete Port: b5011d20-e1fa-4f56-9667-afbc633d6a2a
2026-07-14 00:43:17.830 8 INFO neutron_taas.services.taas.tap_mirror_plugin [None req-e0938903-ffb9-4ab1-9b96-62acb37f6520 94d6cdca5c624097b0e075bc335b1582 d1fa38a9ecab45e68bf2ba1874866074 - - default default] Tap Mirror: Handle Delete Port: b5011d20-e1fa-4f56-9667-afbc633d6a2a [pid: 7|app: 0|req: 1167/2411] 10.0.0.145 () {32 vars in 739 bytes} [Tue Jul 14 00:43:17 2026] DELETE /v2.0/security-groups/29389884-5490-4f09-b8f8-d2a57952387b => generated 0 bytes in 191 msecs (HTTP/1.1 204) 2 headers in 112 bytes (1 switches on core 0)
2026-07-14 00:43:18.153 8 INFO neutron.services.segments.plugin [-] Segment 037a6d05-b72a-4e06-b401-714d24353baf resource provider aggregate not found
2026-07-14 00:43:18.160 8 INFO neutron.services.segments.plugin [-] Segment 037a6d05-b72a-4e06-b401-714d24353baf resource provider aggregate not found
2026-07-14 00:43:18.177 8 INFO neutron.services.segments.plugin [-] Client error retrieving segment 037a6d05-b72a-4e06-b401-714d24353baf resource provider; error: Placement Client Error (4xx): {"errors": [{"status": 404, "title": "Not Found", "detail": "The resource could not be found.\n\n No resource provider with uuid 037a6d05-b72a-4e06-b401-714d24353baf found for delete ", "request_id": "req-92aa4b73-707a-4ef7-a92a-978be35505cf"}]}
2026-07-14 00:43:18.188 8 INFO neutron.services.segments.plugin [-] Client error retrieving segment 037a6d05-b72a-4e06-b401-714d24353baf resource provider; error: Placement Client Error (4xx): {"errors": [{"status": 404, "title": "Not Found", "detail": "The resource could not be found.\n\n No resource provider with uuid 037a6d05-b72a-4e06-b401-714d24353baf found for delete ", "request_id": "req-a63dd1c2-5242-498d-885f-6feea9c28b62"}]} [pid: 8|app: 0|req: 1245/2412] 10.0.0.145 () {32 vars in 725 bytes} [Tue Jul 14 00:43:17 2026] DELETE /v2.0/networks/fb219723-d35f-4d4a-a8f9-c5749f213e75 => generated 0 bytes in 549 msecs (HTTP/1.1 204) 3 headers in 131 bytes (1 switches on core 0)
2026-07-14 00:43:18.304 7 INFO neutron.db.segments_db [None req-1af52594-0589-45b5-b905-ab37ed0af049 94d6cdca5c624097b0e075bc335b1582 d1fa38a9ecab45e68bf2ba1874866074 - - default default] Added segment efb15db3-eb06-4611-b358-8a66684f3841 of type geneve for network 1ed13769-ae33-40d4-b9e1-7f97a5bd2fb3
2026-07-14 00:43:18.409 7 INFO neutron.db.ovn_revision_numbers_db [None req-1af52594-0589-45b5-b905-ab37ed0af049 94d6cdca5c624097b0e075bc335b1582 d1fa38a9ecab45e68bf2ba1874866074 - - default default] Successfully bumped revision number for resource 1ed13769-ae33-40d4-b9e1-7f97a5bd2fb3 (type: networks) to 1
2026-07-14 00:43:18.573 7 WARNING neutron.scheduler.dhcp_agent_scheduler [None req-1af52594-0589-45b5-b905-ab37ed0af049 94d6cdca5c624097b0e075bc335b1582 d1fa38a9ecab45e68bf2ba1874866074 - - default default] No more DHCP agents
2026-07-14 00:43:18.574 7 WARNING neutron.api.rpc.agentnotifiers.dhcp_rpc_agent_api [None req-1af52594-0589-45b5-b905-ab37ed0af049 94d6cdca5c624097b0e075bc335b1582 d1fa38a9ecab45e68bf2ba1874866074 - - default default] Unable to schedule network 1ed13769-ae33-40d4-b9e1-7f97a5bd2fb3: no agents available; will retry on subsequent port and subnet creation events.
2026-07-14 00:43:18.636 8 INFO neutron.plugins.ml2.drivers.ovn.mech_driver.mech_driver [None req-bc49424e-d496-4de9-87f1-537868c98074 - - - - - -] OVN reports status down for port: 9c711885-160c-4ebe-80f9-f17d339f4a18
2026-07-14 00:43:18.659 7 INFO neutron.db.ovn_revision_numbers_db [None req-1af52594-0589-45b5-b905-ab37ed0af049 94d6cdca5c624097b0e075bc335b1582 d1fa38a9ecab45e68bf2ba1874866074 - - default default] Successfully bumped revision number for resource 9c711885-160c-4ebe-80f9-f17d339f4a18 (type: ports) to 1 [pid: 7|app: 0|req: 1168/2413] 10.0.0.145 () {34 vars in 669 bytes} [Tue Jul 14 00:43:18 2026] POST /v2.0/networks => generated 767 bytes in 472 msecs (HTTP/1.1 201) 4 headers in 162 bytes (1 switches on core 0)
2026-07-14 00:43:18.693 8 INFO neutron.db.ovn_revision_numbers_db [None req-a45075e2-da7e-409e-aa6c-933603a13488 8fbe9bc9173549dfb5b1037aa3246589 e091ddaa30b04e7690aa3e3519d93a86 - - default default] Successfully bumped revision number for resource 7393b661-1aec-4c00-965b-c742cffe60a5 (type: security_groups) to 1
2026-07-14 00:43:18.712 8 INFO neutron.db.ovn_revision_numbers_db [None req-a45075e2-da7e-409e-aa6c-933603a13488 8fbe9bc9173549dfb5b1037aa3246589 e091ddaa30b04e7690aa3e3519d93a86 - - default default] Successfully bumped revision number for resource 3f7c3a68-7f4b-4881-8b2c-5b770eb0d801 (type: security_group_rules) to 0
2026-07-14 00:43:18.734 8 INFO neutron.db.ovn_revision_numbers_db [None req-a45075e2-da7e-409e-aa6c-933603a13488 8fbe9bc9173549dfb5b1037aa3246589 e091ddaa30b04e7690aa3e3519d93a86 - - default default] Successfully bumped revision number for resource 5bca9cca-59cf-4e0d-b01f-0344079eb1fe (type: security_group_rules) to 0
2026-07-14 00:43:18.760 8 INFO neutron.db.ovn_revision_numbers_db [None req-a45075e2-da7e-409e-aa6c-933603a13488 8fbe9bc9173549dfb5b1037aa3246589 e091ddaa30b04e7690aa3e3519d93a86 - - default default] Successfully bumped revision number for resource 882c1627-2fb4-4f94-a103-c4843dbd592d (type: security_group_rules) to 0
2026-07-14 00:43:18.777 8 INFO neutron.db.ovn_revision_numbers_db [None req-a45075e2-da7e-409e-aa6c-933603a13488 8fbe9bc9173549dfb5b1037aa3246589 e091ddaa30b04e7690aa3e3519d93a86 - - default default] Successfully bumped revision number for resource ded96985-e849-4770-b677-33a55542d9d2 (type: security_group_rules) to 0
2026-07-14 00:43:18.841 7 WARNING neutron.scheduler.dhcp_agent_scheduler [None req-7aa27798-119d-442d-9797-810e3d819b0d 94d6cdca5c624097b0e075bc335b1582 d1fa38a9ecab45e68bf2ba1874866074 - - default default] No more DHCP agents
2026-07-14 00:43:18.842 7 WARNING neutron.api.rpc.agentnotifiers.dhcp_rpc_agent_api [None req-7aa27798-119d-442d-9797-810e3d819b0d 94d6cdca5c624097b0e075bc335b1582 d1fa38a9ecab45e68bf2ba1874866074 - - default default] Unable to schedule network 1ed13769-ae33-40d4-b9e1-7f97a5bd2fb3: no agents available; will retry on subsequent port and subnet creation events.
2026-07-14 00:43:18.853 8 INFO neutron.db.segments_db [None req-a45075e2-da7e-409e-aa6c-933603a13488 8fbe9bc9173549dfb5b1037aa3246589 e091ddaa30b04e7690aa3e3519d93a86 - - default default] Added segment 6ab2dbed-8797-45bd-84b8-7c1fc7f0fc7a of type geneve for network 37e9a65b-8bab-4e7f-8603-cda96ed5050b
2026-07-14 00:43:18.985 8 INFO neutron.db.ovn_revision_numbers_db [None req-a45075e2-da7e-409e-aa6c-933603a13488 8fbe9bc9173549dfb5b1037aa3246589 e091ddaa30b04e7690aa3e3519d93a86 - - default default] Successfully bumped revision number for resource 37e9a65b-8bab-4e7f-8603-cda96ed5050b (type: networks) to 1
2026-07-14 00:43:19.198 8 WARNING neutron.scheduler.dhcp_agent_scheduler [None req-a45075e2-da7e-409e-aa6c-933603a13488 8fbe9bc9173549dfb5b1037aa3246589 e091ddaa30b04e7690aa3e3519d93a86 - - default default] No more DHCP agents
2026-07-14 00:43:19.200 8 WARNING neutron.api.rpc.agentnotifiers.dhcp_rpc_agent_api [None req-a45075e2-da7e-409e-aa6c-933603a13488 8fbe9bc9173549dfb5b1037aa3246589 e091ddaa30b04e7690aa3e3519d93a86 - - default default] Unable to schedule network 37e9a65b-8bab-4e7f-8603-cda96ed5050b: no agents available; will retry on subsequent port and subnet creation events.
2026-07-14 00:43:19.259 8 INFO neutron.plugins.ml2.drivers.ovn.mech_driver.mech_driver [None req-bc49424e-d496-4de9-87f1-537868c98074 - - - - - -] OVN reports status down for port: 4c94be0c-f270-475b-86e3-70d6946d62a0
2026-07-14 00:43:19.329 7 INFO neutron.db.ovn_revision_numbers_db [None req-7aa27798-119d-442d-9797-810e3d819b0d 94d6cdca5c624097b0e075bc335b1582 d1fa38a9ecab45e68bf2ba1874866074 - - default default] Successfully bumped revision number for resource 9c711885-160c-4ebe-80f9-f17d339f4a18 (type: ports) to 2
2026-07-14 00:43:19.340 8 INFO neutron.db.ovn_revision_numbers_db [None req-a45075e2-da7e-409e-aa6c-933603a13488 8fbe9bc9173549dfb5b1037aa3246589 e091ddaa30b04e7690aa3e3519d93a86 - - default default] Successfully bumped revision number for resource 4c94be0c-f270-475b-86e3-70d6946d62a0 (type: ports) to 1
2026-07-14 00:43:19.362 7 INFO neutron.db.ovn_revision_numbers_db [None req-7aa27798-119d-442d-9797-810e3d819b0d 94d6cdca5c624097b0e075bc335b1582 d1fa38a9ecab45e68bf2ba1874866074 - - default default] Successfully bumped revision number for resource b785c1d9-421d-4206-8d97-f25aff5addab (type: subnets) to 0 [pid: 8|app: 0|req: 1246/2414] 10.0.0.145 () {34 vars in 669 bytes} [Tue Jul 14 00:43:18 2026] POST /v2.0/networks => generated 670 bytes in 1050 msecs (HTTP/1.1 201) 4 headers in 162 bytes (1 switches on core 0) [pid: 7|app: 0|req: 1169/2415] 10.0.0.145 () {34 vars in 668 bytes} [Tue Jul 14 00:43:18 2026] POST /v2.0/subnets => generated 647 bytes in 682 msecs (HTTP/1.1 201) 4 headers in 162 bytes (1 switches on core 0)
2026-07-14 00:43:19.389 7 WARNING neutron.api.v2.base [None req-e098ee10-0d93-4e53-abf5-fb916aa3a4e6 94d6cdca5c624097b0e075bc335b1582 d1fa38a9ecab45e68bf2ba1874866074 - - default default] An exception happened while processing the request body. The exception message is [Invalid input for target_tenant. Reason: '1234123412341234123412341234123412341234123412341234123412341234123412341234123412341234123412341234123412341234123412341234123412341234123412341234123412341234123412341234123412341234123412341234123412341234123412341234123412341234123412341234123412341234123412341234123412341234123412341234123412341234123412341234123412341234123412341234123412341234123412341234123412341234123412341234123412341234' exceeds maximum length of 255.].: webob.exc.HTTPBadRequest: Invalid input for target_tenant. Reason: '1234123412341234123412341234123412341234123412341234123412341234123412341234123412341234123412341234123412341234123412341234123412341234123412341234123412341234123412341234123412341234123412341234123412341234123412341234123412341234123412341234123412341234123412341234123412341234123412341234123412341234123412341234123412341234123412341234123412341234123412341234123412341234123412341234123412341234' exceeds maximum length of 255.
2026-07-14 00:43:19.390 7 INFO neutron.api.v2.resource [None req-e098ee10-0d93-4e53-abf5-fb916aa3a4e6 94d6cdca5c624097b0e075bc335b1582 d1fa38a9ecab45e68bf2ba1874866074 - - default default] create failed (client error): Invalid input for target_tenant. Reason: '1234123412341234123412341234123412341234123412341234123412341234123412341234123412341234123412341234123412341234123412341234123412341234123412341234123412341234123412341234123412341234123412341234123412341234123412341234123412341234123412341234123412341234123412341234123412341234123412341234123412341234123412341234123412341234123412341234123412341234123412341234123412341234123412341234123412341234' exceeds maximum length of 255. [pid: 7|app: 0|req: 1170/2416] 10.0.0.145 () {34 vars in 680 bytes} [Tue Jul 14 00:43:19 2026] POST /v2.0/rbac-policies => generated 547 bytes in 8 msecs (HTTP/1.1 400) 4 headers in 166 bytes (1 switches on core 0)
2026-07-14 00:43:19.543 7 INFO neutron_taas.services.taas.taas_plugin [None req-90d32f57-528e-4c56-8502-577c7d9d2abb 94d6cdca5c624097b0e075bc335b1582 d1fa38a9ecab45e68bf2ba1874866074 - - default default] TaaS: Handle Delete Port: 9c711885-160c-4ebe-80f9-f17d339f4a18
2026-07-14 00:43:19.546 7 INFO neutron_taas.services.taas.tap_mirror_plugin [None req-90d32f57-528e-4c56-8502-577c7d9d2abb 94d6cdca5c624097b0e075bc335b1582 d1fa38a9ecab45e68bf2ba1874866074 - - default default] Tap Mirror: Handle Delete Port: 9c711885-160c-4ebe-80f9-f17d339f4a18
2026-07-14 00:43:19.620 8 WARNING neutron.scheduler.dhcp_agent_scheduler [None req-aa1d857a-36a5-4be2-9602-3e925645744c 8fbe9bc9173549dfb5b1037aa3246589 e091ddaa30b04e7690aa3e3519d93a86 - - default default] No more DHCP agents
2026-07-14 00:43:19.622 8 WARNING neutron.api.rpc.agentnotifiers.dhcp_rpc_agent_api [None req-aa1d857a-36a5-4be2-9602-3e925645744c 8fbe9bc9173549dfb5b1037aa3246589 e091ddaa30b04e7690aa3e3519d93a86 - - default default] Unable to schedule network 37e9a65b-8bab-4e7f-8603-cda96ed5050b: no agents available; will retry on subsequent port and subnet creation events.
2026-07-14 00:43:19.684 7 INFO neutron.plugins.ml2.drivers.ovn.mech_driver.mech_driver [None req-4798a721-61ad-4271-8773-0b54b3901352 - - - - - -] OVN reports status down for port: 66d11a7b-ee57-44d8-9e62-c29ef4bebf60
2026-07-14 00:43:19.730 8 INFO neutron.db.ovn_revision_numbers_db [None req-aa1d857a-36a5-4be2-9602-3e925645744c 8fbe9bc9173549dfb5b1037aa3246589 e091ddaa30b04e7690aa3e3519d93a86 - - default default] Successfully bumped revision number for resource 66d11a7b-ee57-44d8-9e62-c29ef4bebf60 (type: ports) to 1 [pid: 8|app: 0|req: 1247/2417] 10.0.0.145 () {34 vars in 663 bytes} [Tue Jul 14 00:43:19 2026] POST /v2.0/ports => generated 743 bytes in 385 msecs (HTTP/1.1 201) 4 headers in 162 bytes (1 switches on core 0) /var/lib/openstack/lib/python3.12/site-packages/pycadf/identifier.py:70: UserWarning: Invalid uuid: neutron. To ensure interoperability, identifiers should be a valid uuid. warnings.warn(('Invalid uuid: %s. To ensure interoperability, ' [pid: 8|app: 0|req: 1248/2418] 10.0.0.145 () {34 vars in 665 bytes} [Tue Jul 14 00:43:19 2026] POST /v2.0/trunks => generated 409 bytes in 200 msecs (HTTP/1.1 201) 4 headers in 162 bytes (1 switches on core 0)
2026-07-14 00:43:19.983 7 INFO neutron.services.segments.plugin [-] Segment efb15db3-eb06-4611-b358-8a66684f3841 resource provider aggregate not found
2026-07-14 00:43:19.989 8 WARNING tagging [None req-f909bc1c-514c-4cca-b9db-0ff86b6f6fb7 8fbe9bc9173549dfb5b1037aa3246589 e091ddaa30b04e7690aa3e3519d93a86 - - default default] project_id key not found in request, using tenant_id instead. This support has been deprecated and will be removed in a future release.
2026-07-14 00:43:19.989 7 INFO neutron.services.segments.plugin [-] Segment efb15db3-eb06-4611-b358-8a66684f3841 resource provider aggregate not found
2026-07-14 00:43:20.008 7 INFO neutron.services.segments.plugin [-] Client error retrieving segment efb15db3-eb06-4611-b358-8a66684f3841 resource provider; error: Placement Client Error (4xx): {"errors": [{"status": 404, "title": "Not Found", "detail": "The resource could not be found.\n\n No resource provider with uuid efb15db3-eb06-4611-b358-8a66684f3841 found for delete ", "request_id": "req-37cdb16e-d457-4d83-a3ce-5f2391a1019e"}]}
2026-07-14 00:43:20.013 7 INFO neutron.services.segments.plugin [-] Client error retrieving segment efb15db3-eb06-4611-b358-8a66684f3841 resource provider; error: Placement Client Error (4xx): {"errors": [{"status": 404, "title": "Not Found", "detail": "The resource could not be found.\n\n No resource provider with uuid efb15db3-eb06-4611-b358-8a66684f3841 found for delete ", "request_id": "req-27332831-da07-4be9-87c6-5defe323422c"}]} [pid: 8|app: 0|req: 1249/2419] 10.0.0.145 () {34 vars in 748 bytes} [Tue Jul 14 00:43:19 2026] PUT /v2.0/trunks/44400bd3-b1e7-402a-b212-135c5b172dff/tags => generated 25 bytes in 55 msecs (HTTP/1.1 200) 4 headers in 156 bytes (1 switches on core 0) [pid: 7|app: 0|req: 1171/2420] 10.0.0.145 () {32 vars in 725 bytes} [Tue Jul 14 00:43:19 2026] DELETE /v2.0/networks/1ed13769-ae33-40d4-b9e1-7f97a5bd2fb3 => generated 0 bytes in 638 msecs (HTTP/1.1 204) 3 headers in 131 bytes (1 switches on core 0)
2026-07-14 00:43:20.049 8 WARNING tagging [None req-742a7170-26f2-4772-97c3-6ced2393b072 8fbe9bc9173549dfb5b1037aa3246589 e091ddaa30b04e7690aa3e3519d93a86 - - default default] project_id key not found in request, using tenant_id instead. This support has been deprecated and will be removed in a future release. [pid: 8|app: 0|req: 1250/2421] 10.0.0.145 () {32 vars in 728 bytes} [Tue Jul 14 00:43:20 2026] GET /v2.0/trunks/44400bd3-b1e7-402a-b212-135c5b172dff/tags => generated 25 bytes in 23 msecs (HTTP/1.1 200) 4 headers in 156 bytes (1 switches on core 0)
2026-07-14 00:43:20.075 8 WARNING tagging [None req-0e03fa1a-8def-47c8-8bca-9da3bbb6c15c 8fbe9bc9173549dfb5b1037aa3246589 e091ddaa30b04e7690aa3e3519d93a86 - - default default] project_id key not found in request, using tenant_id instead. This support has been deprecated and will be removed in a future release. [pid: 8|app: 0|req: 1251/2422] 10.0.0.145 () {34 vars in 759 bytes} [Tue Jul 14 00:43:20 2026] PUT /v2.0/trunks/44400bd3-b1e7-402a-b212-135c5b172dff/tags/green => generated 4 bytes in 42 msecs (HTTP/1.1 201) 4 headers in 160 bytes (1 switches on core 0)
2026-07-14 00:43:20.120 8 WARNING tagging [None req-b17c724b-874a-4b7d-b1d6-f8d802bbd01c 8fbe9bc9173549dfb5b1037aa3246589 e091ddaa30b04e7690aa3e3519d93a86 - - default default] project_id key not found in request, using tenant_id instead. This support has been deprecated and will be removed in a future release. [pid: 8|app: 0|req: 1252/2423] 10.0.0.145 () {32 vars in 728 bytes} [Tue Jul 14 00:43:20 2026] GET /v2.0/trunks/44400bd3-b1e7-402a-b212-135c5b172dff/tags => generated 34 bytes in 19 msecs (HTTP/1.1 200) 4 headers in 156 bytes (1 switches on core 0)
2026-07-14 00:43:20.131 7 INFO neutron.db.segments_db [None req-f12da061-5651-4a8c-8a30-432ec0a42a4a 94d6cdca5c624097b0e075bc335b1582 d1fa38a9ecab45e68bf2ba1874866074 - - default default] Added segment dcf3ad83-a358-40ac-8137-57778b2ba86e of type geneve for network b459a4a1-2052-4c3a-b32d-0218c722899f
2026-07-14 00:43:20.142 8 WARNING tagging [None req-2c95d616-b2c2-4b6e-b0b4-e6d01bf4dd1b 8fbe9bc9173549dfb5b1037aa3246589 e091ddaa30b04e7690aa3e3519d93a86 - - default default] project_id key not found in request, using tenant_id instead. This support has been deprecated and will be removed in a future release. [pid: 8|app: 0|req: 1253/2424] 10.0.0.145 () {34 vars in 755 bytes} [Tue Jul 14 00:43:20 2026] PUT /v2.0/trunks/44400bd3-b1e7-402a-b212-135c5b172dff/tags/red => generated 4 bytes in 29 msecs (HTTP/1.1 201) 4 headers in 160 bytes (1 switches on core 0)
2026-07-14 00:43:20.176 8 WARNING tagging [None req-67eebb7a-95f7-4cb4-96c6-c72d5d14ec33 8fbe9bc9173549dfb5b1037aa3246589 e091ddaa30b04e7690aa3e3519d93a86 - - default default] project_id key not found in request, using tenant_id instead. This support has been deprecated and will be removed in a future release. [pid: 8|app: 0|req: 1254/2425] 10.0.0.145 () {32 vars in 728 bytes} [Tue Jul 14 00:43:20 2026] GET /v2.0/trunks/44400bd3-b1e7-402a-b212-135c5b172dff/tags => generated 34 bytes in 19 msecs (HTTP/1.1 200) 4 headers in 156 bytes (1 switches on core 0)
2026-07-14 00:43:20.198 8 WARNING tagging [None req-a52d58a7-1b25-4da7-a355-cba8f4025bde 8fbe9bc9173549dfb5b1037aa3246589 e091ddaa30b04e7690aa3e3519d93a86 - - default default] project_id key not found in request, using tenant_id instead. This support has been deprecated and will be removed in a future release. [pid: 8|app: 0|req: 1255/2426] 10.0.0.145 () {34 vars in 777 bytes} [Tue Jul 14 00:43:20 2026] PUT /v2.0/trunks/44400bd3-b1e7-402a-b212-135c5b172dff/tags/black.or.white => generated 4 bytes in 40 msecs (HTTP/1.1 201) 4 headers in 160 bytes (1 switches on core 0)
2026-07-14 00:43:20.245 7 INFO neutron.db.ovn_revision_numbers_db [None req-f12da061-5651-4a8c-8a30-432ec0a42a4a 94d6cdca5c624097b0e075bc335b1582 d1fa38a9ecab45e68bf2ba1874866074 - - default default] Successfully bumped revision number for resource b459a4a1-2052-4c3a-b32d-0218c722899f (type: networks) to 1
2026-07-14 00:43:20.246 8 WARNING tagging [None req-94b05494-98b1-4e72-8ae1-399123340383 8fbe9bc9173549dfb5b1037aa3246589 e091ddaa30b04e7690aa3e3519d93a86 - - default default] project_id key not found in request, using tenant_id instead. This support has been deprecated and will be removed in a future release. [pid: 8|app: 0|req: 1256/2427] 10.0.0.145 () {32 vars in 728 bytes} [Tue Jul 14 00:43:20 2026] GET /v2.0/trunks/44400bd3-b1e7-402a-b212-135c5b172dff/tags => generated 52 bytes in 21 msecs (HTTP/1.1 200) 4 headers in 156 bytes (1 switches on core 0)
2026-07-14 00:43:20.274 8 WARNING tagging [None req-5f3e189b-397f-49dc-a807-b2fc56d69e99 8fbe9bc9173549dfb5b1037aa3246589 e091ddaa30b04e7690aa3e3519d93a86 - - default default] project_id key not found in request, using tenant_id instead. This support has been deprecated and will be removed in a future release. [pid: 8|app: 0|req: 1257/2428] 10.0.0.145 () {34 vars in 748 bytes} [Tue Jul 14 00:43:20 2026] PUT /v2.0/trunks/44400bd3-b1e7-402a-b212-135c5b172dff/tags => generated 37 bytes in 41 msecs (HTTP/1.1 200) 4 headers in 156 bytes (1 switches on core 0)
2026-07-14 00:43:20.316 8 WARNING tagging [None req-79799755-4f72-4730-a0fb-7e385be104cb 8fbe9bc9173549dfb5b1037aa3246589 e091ddaa30b04e7690aa3e3519d93a86 - - default default] project_id key not found in request, using tenant_id instead. This support has been deprecated and will be removed in a future release. [pid: 8|app: 0|req: 1258/2429] 10.0.0.145 () {32 vars in 728 bytes} [Tue Jul 14 00:43:20 2026] GET /v2.0/trunks/44400bd3-b1e7-402a-b212-135c5b172dff/tags => generated 37 bytes in 16 msecs (HTTP/1.1 200) 4 headers in 156 bytes (1 switches on core 0)
2026-07-14 00:43:20.337 8 WARNING tagging [None req-8ae92c62-8e78-43ff-84c8-0620116b2599 8fbe9bc9173549dfb5b1037aa3246589 e091ddaa30b04e7690aa3e3519d93a86 - - default default] project_id key not found in request, using tenant_id instead. This support has been deprecated and will be removed in a future release. [pid: 8|app: 0|req: 1259/2430] 10.0.0.145 () {32 vars in 736 bytes} [Tue Jul 14 00:43:20 2026] GET /v2.0/trunks/44400bd3-b1e7-402a-b212-135c5b172dff/tags/red => generated 0 bytes in 20 msecs (HTTP/1.1 204) 2 headers in 112 bytes (1 switches on core 0)
2026-07-14 00:43:20.362 8 WARNING tagging [None req-418cc8a0-1df9-4595-9520-1a5266b7de16 8fbe9bc9173549dfb5b1037aa3246589 e091ddaa30b04e7690aa3e3519d93a86 - - default default] project_id key not found in request, using tenant_id instead. This support has been deprecated and will be removed in a future release.
2026-07-14 00:43:20.371 8 INFO neutron.api.v2.resource [None req-418cc8a0-1df9-4595-9520-1a5266b7de16 8fbe9bc9173549dfb5b1037aa3246589 e091ddaa30b04e7690aa3e3519d93a86 - - default default] show failed (client error): The resource could not be found. [pid: 8|app: 0|req: 1260/2431] 10.0.0.145 () {32 vars in 740 bytes} [Tue Jul 14 00:43:20 2026] GET /v2.0/trunks/44400bd3-b1e7-402a-b212-135c5b172dff/tags/green => generated 99 bytes in 22 msecs (HTTP/1.1 404) 4 headers in 163 bytes (1 switches on core 0)
2026-07-14 00:43:20.391 8 WARNING tagging [None req-f772a51d-d719-4c78-a404-83108548955a 8fbe9bc9173549dfb5b1037aa3246589 e091ddaa30b04e7690aa3e3519d93a86 - - default default] project_id key not found in request, using tenant_id instead. This support has been deprecated and will be removed in a future release. [pid: 8|app: 0|req: 1261/2432] 10.0.0.145 () {32 vars in 739 bytes} [Tue Jul 14 00:43:20 2026] DELETE /v2.0/trunks/44400bd3-b1e7-402a-b212-135c5b172dff/tags/red => generated 0 bytes in 37 msecs (HTTP/1.1 204) 2 headers in 112 bytes (1 switches on core 0)
2026-07-14 00:43:20.419 7 WARNING neutron.scheduler.dhcp_agent_scheduler [None req-f12da061-5651-4a8c-8a30-432ec0a42a4a 94d6cdca5c624097b0e075bc335b1582 d1fa38a9ecab45e68bf2ba1874866074 - - default default] No more DHCP agents
2026-07-14 00:43:20.420 7 WARNING neutron.api.rpc.agentnotifiers.dhcp_rpc_agent_api [None req-f12da061-5651-4a8c-8a30-432ec0a42a4a 94d6cdca5c624097b0e075bc335b1582 d1fa38a9ecab45e68bf2ba1874866074 - - default default] Unable to schedule network b459a4a1-2052-4c3a-b32d-0218c722899f: no agents available; will retry on subsequent port and subnet creation events.
2026-07-14 00:43:20.431 8 WARNING tagging [None req-cd0464cd-6369-4234-ad1b-a8941c4b4935 8fbe9bc9173549dfb5b1037aa3246589 e091ddaa30b04e7690aa3e3519d93a86 - - default default] project_id key not found in request, using tenant_id instead. This support has been deprecated and will be removed in a future release. [pid: 8|app: 0|req: 1262/2433] 10.0.0.145 () {32 vars in 728 bytes} [Tue Jul 14 00:43:20 2026] GET /v2.0/trunks/44400bd3-b1e7-402a-b212-135c5b172dff/tags => generated 30 bytes in 21 msecs (HTTP/1.1 200) 4 headers in 156 bytes (1 switches on core 0)
2026-07-14 00:43:20.480 8 WARNING tagging [None req-693b2ec4-660a-42f5-966e-5920661b6eaf 8fbe9bc9173549dfb5b1037aa3246589 e091ddaa30b04e7690aa3e3519d93a86 - - default default] project_id key not found in request, using tenant_id instead. This support has been deprecated and will be removed in a future release.
2026-07-14 00:43:20.483 8 INFO neutron.plugins.ml2.drivers.ovn.mech_driver.mech_driver [None req-bc49424e-d496-4de9-87f1-537868c98074 - - - - - -] OVN reports status down for port: 2380b038-f08a-4584-9dc7-fecdb3c8a188
2026-07-14 00:43:20.516 7 INFO neutron.db.ovn_revision_numbers_db [None req-f12da061-5651-4a8c-8a30-432ec0a42a4a 94d6cdca5c624097b0e075bc335b1582 d1fa38a9ecab45e68bf2ba1874866074 - - default default] Successfully bumped revision number for resource 2380b038-f08a-4584-9dc7-fecdb3c8a188 (type: ports) to 1
2026-07-14 00:43:20.516 8 INFO neutron.api.v2.resource [None req-693b2ec4-660a-42f5-966e-5920661b6eaf 8fbe9bc9173549dfb5b1037aa3246589 e091ddaa30b04e7690aa3e3519d93a86 - - default default] delete failed (client error): The resource could not be found. [pid: 8|app: 0|req: 1263/2434] 10.0.0.145 () {32 vars in 743 bytes} [Tue Jul 14 00:43:20 2026] DELETE /v2.0/trunks/44400bd3-b1e7-402a-b212-135c5b172dff/tags/green => generated 99 bytes in 75 msecs (HTTP/1.1 404) 4 headers in 163 bytes (1 switches on core 0) [pid: 7|app: 0|req: 1172/2435] 10.0.0.145 () {34 vars in 669 bytes} [Tue Jul 14 00:43:20 2026] POST /v2.0/networks => generated 768 bytes in 498 msecs (HTTP/1.1 201) 4 headers in 162 bytes (1 switches on core 0)
2026-07-14 00:43:20.548 8 WARNING tagging [None req-7051ff25-807b-43bf-b9ca-82a851adeeb2 8fbe9bc9173549dfb5b1037aa3246589 e091ddaa30b04e7690aa3e3519d93a86 - - default default] project_id key not found in request, using tenant_id instead. This support has been deprecated and will be removed in a future release. [pid: 8|app: 0|req: 1264/2436] 10.0.0.145 () {32 vars in 731 bytes} [Tue Jul 14 00:43:20 2026] DELETE /v2.0/trunks/44400bd3-b1e7-402a-b212-135c5b172dff/tags => generated 0 bytes in 66 msecs (HTTP/1.1 204) 2 headers in 112 bytes (1 switches on core 0)
2026-07-14 00:43:20.613 8 WARNING tagging [None req-c687252a-0cae-4079-b9fb-1d48b2a3c6c4 8fbe9bc9173549dfb5b1037aa3246589 e091ddaa30b04e7690aa3e3519d93a86 - - default default] project_id key not found in request, using tenant_id instead. This support has been deprecated and will be removed in a future release. [pid: 8|app: 0|req: 1265/2437] 10.0.0.145 () {32 vars in 728 bytes} [Tue Jul 14 00:43:20 2026] GET /v2.0/trunks/44400bd3-b1e7-402a-b212-135c5b172dff/tags => generated 12 bytes in 27 msecs (HTTP/1.1 200) 4 headers in 156 bytes (1 switches on core 0) [pid: 8|app: 0|req: 1266/2438] 10.0.0.145 () {32 vars in 718 bytes} [Tue Jul 14 00:43:20 2026] GET /v2.0/trunks/44400bd3-b1e7-402a-b212-135c5b172dff => generated 409 bytes in 15 msecs (HTTP/1.1 200) 4 headers in 157 bytes (1 switches on core 0)
2026-07-14 00:43:20.688 7 WARNING neutron.scheduler.dhcp_agent_scheduler [None req-c34775b4-c5f8-41e2-9f87-ec6ed59ea8ae 94d6cdca5c624097b0e075bc335b1582 d1fa38a9ecab45e68bf2ba1874866074 - - default default] No more DHCP agents
2026-07-14 00:43:20.689 7 WARNING neutron.api.rpc.agentnotifiers.dhcp_rpc_agent_api [None req-c34775b4-c5f8-41e2-9f87-ec6ed59ea8ae 94d6cdca5c624097b0e075bc335b1582 d1fa38a9ecab45e68bf2ba1874866074 - - default default] Unable to schedule network b459a4a1-2052-4c3a-b32d-0218c722899f: no agents available; will retry on subsequent port and subnet creation events. [pid: 8|app: 0|req: 1267/2439] 10.0.0.145 () {32 vars in 716 bytes} [Tue Jul 14 00:43:20 2026] GET /v2.0/ports/66d11a7b-ee57-44d8-9e62-c29ef4bebf60 => generated 826 bytes in 53 msecs (HTTP/1.1 200) 4 headers in 157 bytes (1 switches on core 0) [pid: 8|app: 0|req: 1268/2440] 10.0.0.145 () {32 vars in 721 bytes} [Tue Jul 14 00:43:20 2026] DELETE /v2.0/trunks/44400bd3-b1e7-402a-b212-135c5b172dff => generated 0 bytes in 80 msecs (HTTP/1.1 204) 2 headers in 112 bytes (1 switches on core 0)
2026-07-14 00:43:20.914 8 INFO neutron_taas.services.taas.taas_plugin [None req-0a1ef2d4-a2e3-43be-8001-5cd5ffb06e15 8fbe9bc9173549dfb5b1037aa3246589 e091ddaa30b04e7690aa3e3519d93a86 - - default default] TaaS: Handle Delete Port: 66d11a7b-ee57-44d8-9e62-c29ef4bebf60
2026-07-14 00:43:20.918 8 INFO neutron_taas.services.taas.tap_mirror_plugin [None req-0a1ef2d4-a2e3-43be-8001-5cd5ffb06e15 8fbe9bc9173549dfb5b1037aa3246589 e091ddaa30b04e7690aa3e3519d93a86 - - default default] Tap Mirror: Handle Delete Port: 66d11a7b-ee57-44d8-9e62-c29ef4bebf60 [pid: 8|app: 0|req: 1269/2441] 10.0.0.145 () {32 vars in 719 bytes} [Tue Jul 14 00:43:20 2026] DELETE /v2.0/ports/66d11a7b-ee57-44d8-9e62-c29ef4bebf60 => generated 0 bytes in 254 msecs (HTTP/1.1 204) 3 headers in 131 bytes (1 switches on core 0)
2026-07-14 00:43:21.176 7 INFO neutron.db.ovn_revision_numbers_db [None req-c34775b4-c5f8-41e2-9f87-ec6ed59ea8ae 94d6cdca5c624097b0e075bc335b1582 d1fa38a9ecab45e68bf2ba1874866074 - - default default] Successfully bumped revision number for resource 2380b038-f08a-4584-9dc7-fecdb3c8a188 (type: ports) to 2
2026-07-14 00:43:21.182 8 INFO neutron_taas.services.taas.taas_plugin [None req-3420cfea-8d82-4fc1-b41a-5f4d2e93fb49 8fbe9bc9173549dfb5b1037aa3246589 e091ddaa30b04e7690aa3e3519d93a86 - - default default] TaaS: Handle Delete Port: 4c94be0c-f270-475b-86e3-70d6946d62a0
2026-07-14 00:43:21.186 8 INFO neutron_taas.services.taas.tap_mirror_plugin [None req-3420cfea-8d82-4fc1-b41a-5f4d2e93fb49 8fbe9bc9173549dfb5b1037aa3246589 e091ddaa30b04e7690aa3e3519d93a86 - - default default] Tap Mirror: Handle Delete Port: 4c94be0c-f270-475b-86e3-70d6946d62a0
2026-07-14 00:43:21.211 7 INFO neutron.db.ovn_revision_numbers_db [None req-c34775b4-c5f8-41e2-9f87-ec6ed59ea8ae 94d6cdca5c624097b0e075bc335b1582 d1fa38a9ecab45e68bf2ba1874866074 - - default default] Successfully bumped revision number for resource d4196e2c-2be9-4138-803e-bdc66393e83b (type: subnets) to 0 [pid: 7|app: 0|req: 1173/2442] 10.0.0.145 () {34 vars in 668 bytes} [Tue Jul 14 00:43:20 2026] POST /v2.0/subnets => generated 647 bytes in 684 msecs (HTTP/1.1 201) 4 headers in 162 bytes (1 switches on core 0)
2026-07-14 00:43:21.382 8 INFO neutron.services.segments.plugin [-] Segment 6ab2dbed-8797-45bd-84b8-7c1fc7f0fc7a resource provider aggregate not found
2026-07-14 00:43:21.388 8 INFO neutron.services.segments.plugin [-] Segment 6ab2dbed-8797-45bd-84b8-7c1fc7f0fc7a resource provider aggregate not found
2026-07-14 00:43:21.404 8 INFO neutron.services.segments.plugin [-] Client error retrieving segment 6ab2dbed-8797-45bd-84b8-7c1fc7f0fc7a resource provider; error: Placement Client Error (4xx): {"errors": [{"status": 404, "title": "Not Found", "detail": "The resource could not be found.\n\n No resource provider with uuid 6ab2dbed-8797-45bd-84b8-7c1fc7f0fc7a found for delete ", "request_id": "req-26b3ec12-7f5e-49e1-ad5e-ca28ff860876"}]} [pid: 7|app: 0|req: 1174/2443] 10.0.0.145 () {34 vars in 680 bytes} [Tue Jul 14 00:43:21 2026] POST /v2.0/rbac-policies => generated 324 bytes in 169 msecs (HTTP/1.1 201) 4 headers in 162 bytes (1 switches on core 0)
2026-07-14 00:43:21.410 8 INFO neutron.services.segments.plugin [-] Client error retrieving segment 6ab2dbed-8797-45bd-84b8-7c1fc7f0fc7a resource provider; error: Placement Client Error (4xx): {"errors": [{"status": 404, "title": "Not Found", "detail": "The resource could not be found.\n\n No resource provider with uuid 6ab2dbed-8797-45bd-84b8-7c1fc7f0fc7a found for delete ", "request_id": "req-d885dcc8-b0d8-4b9f-ac64-7e14b9c5ff88"}]} [pid: 8|app: 0|req: 1270/2444] 10.0.0.145 () {32 vars in 725 bytes} [Tue Jul 14 00:43:21 2026] DELETE /v2.0/networks/37e9a65b-8bab-4e7f-8603-cda96ed5050b => generated 0 bytes in 377 msecs (HTTP/1.1 204) 3 headers in 131 bytes (1 switches on core 0) [pid: 7|app: 0|req: 1175/2445] 10.0.0.145 () {32 vars in 722 bytes} [Tue Jul 14 00:43:21 2026] GET /v2.0/networks/b459a4a1-2052-4c3a-b32d-0218c722899f => generated 693 bytes in 255 msecs (HTTP/1.1 200) 4 headers in 157 bytes (1 switches on core 0)
2026-07-14 00:43:22.233 8 WARNING neutron.db.securitygroups_db [None req-49ee5713-6ac1-430f-8b0b-f5bd94137db3 f1cd95796fba4bc1a8159fc7bfcfa847 39d4ad338ccb47198d5b00974e1083f7 - - default default] project_id key not found in filters, using tenant_id instead. This support has been deprecated and will be removed in a future release. [pid: 8|app: 0|req: 1271/2446] 10.0.0.145 () {32 vars in 773 bytes} [Tue Jul 14 00:43:22 2026] GET /v2.0/security-groups?tenant_id=e091ddaa30b04e7690aa3e3519d93a86&name=default => generated 2929 bytes in 129 msecs (HTTP/1.1 200) 4 headers in 158 bytes (1 switches on core 0)
2026-07-14 00:43:22.465 8 INFO neutron.pecan_wsgi.hooks.translation [None req-ea182bd6-2515-48a2-8e34-620407484afa 35fb19c3bfd34dd389972a4f5ddee425 fedc015f16ac4cfabe41517ccdd3b116 - - default default] GET failed (client error): The resource could not be found. [pid: 8|app: 0|req: 1272/2447] 10.0.0.145 () {32 vars in 722 bytes} [Tue Jul 14 00:43:22 2026] GET /v2.0/networks/b459a4a1-2052-4c3a-b32d-0218c722899f => generated 138 bytes in 53 msecs (HTTP/1.1 404) 4 headers in 164 bytes (1 switches on core 0) [pid: 7|app: 0|req: 1176/2448] 10.0.0.145 () {32 vars in 739 bytes} [Tue Jul 14 00:43:22 2026] DELETE /v2.0/security-groups/7393b661-1aec-4c00-965b-c742cffe60a5 => generated 0 bytes in 228 msecs (HTTP/1.1 204) 2 headers in 112 bytes (1 switches on core 0)
2026-07-14 00:43:22.604 7 WARNING neutron.db.securitygroups_db [None req-6b0c7f1e-9d45-40db-bb30-763c5bb8c687 f1cd95796fba4bc1a8159fc7bfcfa847 39d4ad338ccb47198d5b00974e1083f7 - - default default] project_id key not found in filters, using tenant_id instead. This support has been deprecated and will be removed in a future release.
2026-07-14 00:43:22.629 8 INFO neutron_taas.services.taas.taas_plugin [None req-5f44a607-5e0c-4ac7-9d83-a3159c3e19ad 94d6cdca5c624097b0e075bc335b1582 d1fa38a9ecab45e68bf2ba1874866074 - - default default] TaaS: Handle Delete Port: 2380b038-f08a-4584-9dc7-fecdb3c8a188
2026-07-14 00:43:22.632 8 INFO neutron_taas.services.taas.tap_mirror_plugin [None req-5f44a607-5e0c-4ac7-9d83-a3159c3e19ad 94d6cdca5c624097b0e075bc335b1582 d1fa38a9ecab45e68bf2ba1874866074 - - default default] Tap Mirror: Handle Delete Port: 2380b038-f08a-4584-9dc7-fecdb3c8a188
2026-07-14 00:43:22.793 7 INFO neutron.db.ovn_revision_numbers_db [None req-6b0c7f1e-9d45-40db-bb30-763c5bb8c687 f1cd95796fba4bc1a8159fc7bfcfa847 39d4ad338ccb47198d5b00974e1083f7 - - default default] Successfully bumped revision number for resource 889833e5-c206-4e3e-9988-f9a0d3d04abc (type: security_groups) to 1
2026-07-14 00:43:22.807 7 INFO neutron.db.ovn_revision_numbers_db [None req-6b0c7f1e-9d45-40db-bb30-763c5bb8c687 f1cd95796fba4bc1a8159fc7bfcfa847 39d4ad338ccb47198d5b00974e1083f7 - - default default] Successfully bumped revision number for resource 6a34cd5c-e13b-45c6-a5d6-0f19583ae7d5 (type: security_group_rules) to 0
2026-07-14 00:43:22.842 7 INFO neutron.db.ovn_revision_numbers_db [None req-6b0c7f1e-9d45-40db-bb30-763c5bb8c687 f1cd95796fba4bc1a8159fc7bfcfa847 39d4ad338ccb47198d5b00974e1083f7 - - default default] Successfully bumped revision number for resource 7ad4cf7a-e71b-470d-9fa0-ab96c1024a48 (type: security_group_rules) to 0
2026-07-14 00:43:22.858 7 INFO neutron.db.ovn_revision_numbers_db [None req-6b0c7f1e-9d45-40db-bb30-763c5bb8c687 f1cd95796fba4bc1a8159fc7bfcfa847 39d4ad338ccb47198d5b00974e1083f7 - - default default] Successfully bumped revision number for resource 851078bd-a2dc-4779-a3b7-58b03576e38e (type: security_group_rules) to 0
2026-07-14 00:43:22.875 7 INFO neutron.db.ovn_revision_numbers_db [None req-6b0c7f1e-9d45-40db-bb30-763c5bb8c687 f1cd95796fba4bc1a8159fc7bfcfa847 39d4ad338ccb47198d5b00974e1083f7 - - default default] Successfully bumped revision number for resource aaff1070-dd3a-4120-a0ea-21964d93efb5 (type: security_group_rules) to 0 [pid: 7|app: 0|req: 1177/2449] 10.0.0.145 () {32 vars in 773 bytes} [Tue Jul 14 00:43:22 2026] GET /v2.0/security-groups?tenant_id=66027bf975004859becde38108c2882a&name=default => generated 2929 bytes in 323 msecs (HTTP/1.1 200) 4 headers in 158 bytes (1 switches on core 0) [pid: 8|app: 0|req: 1273/2450] 10.0.0.145 () {32 vars in 725 bytes} [Tue Jul 14 00:43:22 2026] DELETE /v2.0/networks/b459a4a1-2052-4c3a-b32d-0218c722899f => generated 0 bytes in 556 msecs (HTTP/1.1 204) 3 headers in 131 bytes (1 switches on core 0)
2026-07-14 00:43:23.045 8 INFO neutron.pecan_wsgi.hooks.translation [None req-0510d2ac-20b0-438d-a23b-902896c0425c 94d6cdca5c624097b0e075bc335b1582 d1fa38a9ecab45e68bf2ba1874866074 - - default default] DELETE failed (client error): The resource could not be found. [pid: 8|app: 0|req: 1274/2451] 10.0.0.145 () {32 vars in 723 bytes} [Tue Jul 14 00:43:23 2026] DELETE /v2.0/subnets/e33935f7-d6f9-4bb5-b896-c31f84f314bf => generated 136 bytes in 14 msecs (HTTP/1.1 404) 4 headers in 164 bytes (1 switches on core 0)
2026-07-14 00:43:23.072 8 INFO neutron.pecan_wsgi.hooks.translation [None req-4adcaea8-c1b2-4fe0-9026-67619fba68cd 94d6cdca5c624097b0e075bc335b1582 d1fa38a9ecab45e68bf2ba1874866074 - - default default] DELETE failed (client error): The resource could not be found. [pid: 8|app: 0|req: 1275/2452] 10.0.0.145 () {32 vars in 723 bytes} [Tue Jul 14 00:43:23 2026] DELETE /v2.0/subnets/b785c1d9-421d-4206-8d97-f25aff5addab => generated 136 bytes in 22 msecs (HTTP/1.1 404) 4 headers in 164 bytes (1 switches on core 0)
2026-07-14 00:43:23.094 8 INFO neutron.pecan_wsgi.hooks.translation [None req-88bedea4-231b-468e-913b-197fc4a1565c 94d6cdca5c624097b0e075bc335b1582 d1fa38a9ecab45e68bf2ba1874866074 - - default default] DELETE failed (client error): The resource could not be found. [pid: 8|app: 0|req: 1276/2453] 10.0.0.145 () {32 vars in 723 bytes} [Tue Jul 14 00:43:23 2026] DELETE /v2.0/subnets/d4196e2c-2be9-4138-803e-bdc66393e83b => generated 136 bytes in 16 msecs (HTTP/1.1 404) 4 headers in 164 bytes (1 switches on core 0) [pid: 7|app: 0|req: 1178/2454] 10.0.0.145 () {32 vars in 739 bytes} [Tue Jul 14 00:43:22 2026] DELETE /v2.0/security-groups/889833e5-c206-4e3e-9988-f9a0d3d04abc => generated 0 bytes in 209 msecs (HTTP/1.1 204) 2 headers in 112 bytes (1 switches on core 0)
2026-07-14 00:43:23.428 8 INFO neutron.services.segments.plugin [-] Segment dcf3ad83-a358-40ac-8137-57778b2ba86e resource provider aggregate not found
2026-07-14 00:43:23.433 8 INFO neutron.services.segments.plugin [-] Segment dcf3ad83-a358-40ac-8137-57778b2ba86e resource provider aggregate not found
2026-07-14 00:43:23.448 8 INFO neutron.services.segments.plugin [-] Client error retrieving segment dcf3ad83-a358-40ac-8137-57778b2ba86e resource provider; error: Placement Client Error (4xx): {"errors": [{"status": 404, "title": "Not Found", "detail": "The resource could not be found.\n\n No resource provider with uuid dcf3ad83-a358-40ac-8137-57778b2ba86e found for delete ", "request_id": "req-d857995e-072e-4134-b1fb-91ac68351982"}]}
2026-07-14 00:43:23.449 8 INFO neutron.services.segments.plugin [-] Client error retrieving segment dcf3ad83-a358-40ac-8137-57778b2ba86e resource provider; error: Placement Client Error (4xx): {"errors": [{"status": 404, "title": "Not Found", "detail": "The resource could not be found.\n\n No resource provider with uuid dcf3ad83-a358-40ac-8137-57778b2ba86e found for delete ", "request_id": "req-23e2cefb-8c05-43e2-bb95-d2f815ad8a8d"}]}
