2026-07-14 00:41:39.551 7 INFO neutron.db.ovn_revision_numbers_db [None req-7a44d2e7-5117-4aae-8e71-071becf2346e f1cd95796fba4bc1a8159fc7bfcfa847 39d4ad338ccb47198d5b00974e1083f7 - - default default] Successfully bumped revision number for resource aabf707e-be96-404a-a521-3e4b4d9af744 (type: security_group_rules) to 0 [pid: 7|app: 0|req: 793/1698] 10.0.0.145 () {32 vars in 773 bytes} [Tue Jul 14 00:41:39 2026] GET /v2.0/security-groups?tenant_id=58abec5df3354f039a9cd39e7f69a783&name=default => generated 2925 bytes in 363 msecs (HTTP/1.1 200) 4 headers in 158 bytes (1 switches on core 0) [pid: 7|app: 0|req: 794/1699] 10.0.0.145 () {32 vars in 739 bytes} [Tue Jul 14 00:41:39 2026] DELETE /v2.0/security-groups/19e39eff-4157-4c23-a2d5-edae3060efce => generated 0 bytes in 226 msecs (HTTP/1.1 204) 2 headers in 112 bytes (1 switches on core 0)
2026-07-14 00:41:39.826 8 INFO neutron.db.ovn_revision_numbers_db [None req-7f568035-d4f1-4af4-bd0a-18f24d0533f8 db09077889a3494e9597ab01091990c1 7450716321b8453590539be55d7bdc09 - - default default] Successfully bumped revision number for resource 8b0a8e26-82a7-4554-946d-def03d580e81 (type: routers) to 1
2026-07-14 00:41:39.827 8 WARNING neutron.plugins.ml2.drivers.ovn.mech_driver.ovsdb.ovn_client [None req-4da52cf3-a5f2-4c25-afe2-3d325e24c82c - - - - - -] No port found with ID c5660508-88dd-47fc-a954-5df925aa45e8: RuntimeError: No port found with ID c5660508-88dd-47fc-a954-5df925aa45e8
2026-07-14 00:41:39.850 8 INFO neutron.plugins.ml2.drivers.ovn.mech_driver.mech_driver [None req-4da52cf3-a5f2-4c25-afe2-3d325e24c82c - - - - - -] OVN reports status down for port: 61c27411-15a0-44ce-9828-834ca9357a52 [pid: 8|app: 0|req: 906/1700] 10.0.0.145 () {34 vars in 668 bytes} [Tue Jul 14 00:41:39 2026] POST /v2.0/routers => generated 624 bytes in 588 msecs (HTTP/1.1 201) 4 headers in 162 bytes (1 switches on core 0)
2026-07-14 00:41:39.931 8 WARNING neutron.db.securitygroups_db [None req-9a1d1628-52b0-4e01-940c-af7d75d4b957 f1cd95796fba4bc1a8159fc7bfcfa847 39d4ad338ccb47198d5b00974e1083f7 - - default default] project_id key not found in filters, using tenant_id instead. This support has been deprecated and will be removed in a future release.
2026-07-14 00:41:40.080 8 INFO neutron.db.ovn_revision_numbers_db [None req-9a1d1628-52b0-4e01-940c-af7d75d4b957 f1cd95796fba4bc1a8159fc7bfcfa847 39d4ad338ccb47198d5b00974e1083f7 - - default default] Successfully bumped revision number for resource e843c6c0-b8db-4a19-bfb1-ba263f6b9f1c (type: security_groups) to 1
2026-07-14 00:41:40.094 8 INFO neutron.db.ovn_revision_numbers_db [None req-9a1d1628-52b0-4e01-940c-af7d75d4b957 f1cd95796fba4bc1a8159fc7bfcfa847 39d4ad338ccb47198d5b00974e1083f7 - - default default] Successfully bumped revision number for resource 0596a196-ced1-47c0-b79a-045b0055e727 (type: security_group_rules) to 0
2026-07-14 00:41:40.106 8 INFO neutron.db.ovn_revision_numbers_db [None req-9a1d1628-52b0-4e01-940c-af7d75d4b957 f1cd95796fba4bc1a8159fc7bfcfa847 39d4ad338ccb47198d5b00974e1083f7 - - default default] Successfully bumped revision number for resource 6283ac3d-055b-4f56-8282-843995749858 (type: security_group_rules) to 0
2026-07-14 00:41:40.120 8 INFO neutron.db.ovn_revision_numbers_db [None req-9a1d1628-52b0-4e01-940c-af7d75d4b957 f1cd95796fba4bc1a8159fc7bfcfa847 39d4ad338ccb47198d5b00974e1083f7 - - default default] Successfully bumped revision number for resource 693e773d-0f69-4d40-b345-283f782edbbf (type: security_group_rules) to 0
2026-07-14 00:41:40.136 8 INFO neutron.db.ovn_revision_numbers_db [None req-9a1d1628-52b0-4e01-940c-af7d75d4b957 f1cd95796fba4bc1a8159fc7bfcfa847 39d4ad338ccb47198d5b00974e1083f7 - - default default] Successfully bumped revision number for resource af682f36-8fad-45d6-bd7a-2fcf8c778338 (type: security_group_rules) to 0 [pid: 8|app: 0|req: 907/1701] 10.0.0.145 () {32 vars in 773 bytes} [Tue Jul 14 00:41:39 2026] GET /v2.0/security-groups?tenant_id=3b706787031744d4b49a6148ecc11a16&name=default => generated 2925 bytes in 266 msecs (HTTP/1.1 200) 4 headers in 158 bytes (1 switches on core 0)
2026-07-14 00:41:40.275 7 WARNING neutron.scheduler.dhcp_agent_scheduler [None req-4daccba2-5ebe-4fd7-a606-eed4b19dacf9 db09077889a3494e9597ab01091990c1 7450716321b8453590539be55d7bdc09 - - default default] No more DHCP agents
2026-07-14 00:41:40.276 7 WARNING neutron.api.rpc.agentnotifiers.dhcp_rpc_agent_api [None req-4daccba2-5ebe-4fd7-a606-eed4b19dacf9 db09077889a3494e9597ab01091990c1 7450716321b8453590539be55d7bdc09 - - default default] Unable to schedule network 357ecec3-fd1f-4033-a9b6-13bc33a846d2: no agents available; will retry on subsequent port and subnet creation events. [pid: 8|app: 0|req: 908/1702] 10.0.0.145 () {32 vars in 739 bytes} [Tue Jul 14 00:41:40 2026] DELETE /v2.0/security-groups/e843c6c0-b8db-4a19-bfb1-ba263f6b9f1c => generated 0 bytes in 200 msecs (HTTP/1.1 204) 2 headers in 112 bytes (1 switches on core 0)
2026-07-14 00:41:40.429 7 INFO neutron.plugins.ml2.drivers.ovn.mech_driver.mech_driver [None req-f649ec95-ce61-479b-8ec8-dba8328c6160 - - - - - -] OVN reports status down for port: 8e648c8a-8fb5-4baa-9dbd-24e2a20984c4
2026-07-14 00:41:40.484 7 INFO neutron.db.ovn_revision_numbers_db [None req-4daccba2-5ebe-4fd7-a606-eed4b19dacf9 db09077889a3494e9597ab01091990c1 7450716321b8453590539be55d7bdc09 - - default default] Successfully bumped revision number for resource 8e648c8a-8fb5-4baa-9dbd-24e2a20984c4 (type: ports) to 1
2026-07-14 00:41:41.097 7 INFO neutron.plugins.ml2.drivers.ovn.mech_driver.mech_driver [None req-f649ec95-ce61-479b-8ec8-dba8328c6160 - - - - - -] OVN reports status up for port: 8e648c8a-8fb5-4baa-9dbd-24e2a20984c4
2026-07-14 00:41:41.120 7 INFO neutron.plugins.ml2.plugin [None req-f649ec95-ce61-479b-8ec8-dba8328c6160 - - - - - -] Attempt 1 to provision port 8e648c8a-8fb5-4baa-9dbd-24e2a20984c4
2026-07-14 00:41:41.201 8 WARNING neutron.db.securitygroups_db [None req-aa836737-85e9-491c-9bff-088321a0f2e6 f1cd95796fba4bc1a8159fc7bfcfa847 39d4ad338ccb47198d5b00974e1083f7 - - default default] project_id key not found in filters, using tenant_id instead. This support has been deprecated and will be removed in a future release.
2026-07-14 00:41:41.236 7 WARNING neutron.scheduler.dhcp_agent_scheduler [None req-4daccba2-5ebe-4fd7-a606-eed4b19dacf9 db09077889a3494e9597ab01091990c1 7450716321b8453590539be55d7bdc09 - - default default] No more DHCP agents
2026-07-14 00:41:41.239 7 WARNING neutron.api.rpc.agentnotifiers.dhcp_rpc_agent_api [None req-4daccba2-5ebe-4fd7-a606-eed4b19dacf9 db09077889a3494e9597ab01091990c1 7450716321b8453590539be55d7bdc09 - - default default] Unable to schedule network 357ecec3-fd1f-4033-a9b6-13bc33a846d2: no agents available; will retry on subsequent port and subnet creation events.
2026-07-14 00:41:41.367 8 INFO neutron.db.ovn_revision_numbers_db [None req-aa836737-85e9-491c-9bff-088321a0f2e6 f1cd95796fba4bc1a8159fc7bfcfa847 39d4ad338ccb47198d5b00974e1083f7 - - default default] Successfully bumped revision number for resource f459a081-3f97-4098-9446-4bc23b83eb72 (type: security_groups) to 1
2026-07-14 00:41:41.384 8 INFO neutron.db.ovn_revision_numbers_db [None req-aa836737-85e9-491c-9bff-088321a0f2e6 f1cd95796fba4bc1a8159fc7bfcfa847 39d4ad338ccb47198d5b00974e1083f7 - - default default] Successfully bumped revision number for resource 3fe30a0f-44b4-4db4-ada3-a78449129571 (type: security_group_rules) to 0
2026-07-14 00:41:41.396 8 INFO neutron.db.ovn_revision_numbers_db [None req-aa836737-85e9-491c-9bff-088321a0f2e6 f1cd95796fba4bc1a8159fc7bfcfa847 39d4ad338ccb47198d5b00974e1083f7 - - default default] Successfully bumped revision number for resource adc48b7b-dbdd-4586-8f48-35958690cdd3 (type: security_group_rules) to 0
2026-07-14 00:41:41.408 8 INFO neutron.db.ovn_revision_numbers_db [None req-aa836737-85e9-491c-9bff-088321a0f2e6 f1cd95796fba4bc1a8159fc7bfcfa847 39d4ad338ccb47198d5b00974e1083f7 - - default default] Successfully bumped revision number for resource b560dd05-9cf7-4cd7-a2b4-b321b6344d86 (type: security_group_rules) to 0
2026-07-14 00:41:41.421 8 INFO neutron.db.ovn_revision_numbers_db [None req-aa836737-85e9-491c-9bff-088321a0f2e6 f1cd95796fba4bc1a8159fc7bfcfa847 39d4ad338ccb47198d5b00974e1083f7 - - default default] Successfully bumped revision number for resource d2a766da-b3ab-42ee-b591-c1890acb84b7 (type: security_group_rules) to 0 [pid: 8|app: 0|req: 911/1705] 10.0.0.145 () {32 vars in 773 bytes} [Tue Jul 14 00:41:41 2026] GET /v2.0/security-groups?tenant_id=27fe8161ae314738bcd282954fbacaf0&name=default => generated 2925 bytes in 363 msecs (HTTP/1.1 200) 4 headers in 158 bytes (1 switches on core 0) [pid: 8|app: 0|req: 912/1706] 10.0.0.145 () {32 vars in 739 bytes} [Tue Jul 14 00:41:41 2026] DELETE /v2.0/security-groups/f459a081-3f97-4098-9446-4bc23b83eb72 => generated 0 bytes in 185 msecs (HTTP/1.1 204) 2 headers in 112 bytes (1 switches on core 0)
2026-07-14 00:41:41.735 7 INFO neutron.db.ovn_revision_numbers_db [None req-4daccba2-5ebe-4fd7-a606-eed4b19dacf9 db09077889a3494e9597ab01091990c1 7450716321b8453590539be55d7bdc09 - - default default] Successfully bumped revision number for resource 8e648c8a-8fb5-4baa-9dbd-24e2a20984c4 (type: router_ports) to 1 [pid: 7|app: 0|req: 795/1707] 10.0.0.145 () {34 vars in 782 bytes} [Tue Jul 14 00:41:39 2026] PUT /v2.0/routers/8b0a8e26-82a7-4554-946d-def03d580e81/add_router_interface => generated 310 bytes in 1877 msecs (HTTP/1.1 200) 4 headers in 157 bytes (1 switches on core 0) [pid: 8|app: 0|req: 913/1708] 10.0.0.145 () {32 vars in 716 bytes} [Tue Jul 14 00:41:41 2026] GET /v2.0/ports/8e648c8a-8fb5-4baa-9dbd-24e2a20984c4 => generated 943 bytes in 50 msecs (HTTP/1.1 200) 4 headers in 157 bytes (1 switches on core 0)
2026-07-14 00:41:41.927 7 INFO neutron.db.ovn_revision_numbers_db [None req-f649ec95-ce61-479b-8ec8-dba8328c6160 - - - - - -] Successfully bumped revision number for resource 8e648c8a-8fb5-4baa-9dbd-24e2a20984c4 (type: ports) to 2 [pid: 7|app: 0|req: 796/1709] 10.0.0.145 () {32 vars in 716 bytes} [Tue Jul 14 00:41:41 2026] GET /v2.0/ports/8e648c8a-8fb5-4baa-9dbd-24e2a20984c4 => generated 943 bytes in 152 msecs (HTTP/1.1 200) 4 headers in 157 bytes (1 switches on core 0)
2026-07-14 00:41:41.998 7 WARNING neutron.db.securitygroups_db [None req-5d5d2563-08af-4570-b17e-11471d0a6127 f1cd95796fba4bc1a8159fc7bfcfa847 39d4ad338ccb47198d5b00974e1083f7 - - default default] project_id key not found in filters, using tenant_id instead. This support has been deprecated and will be removed in a future release.
2026-07-14 00:41:42.172 7 INFO neutron.db.ovn_revision_numbers_db [None req-5d5d2563-08af-4570-b17e-11471d0a6127 f1cd95796fba4bc1a8159fc7bfcfa847 39d4ad338ccb47198d5b00974e1083f7 - - default default] Successfully bumped revision number for resource e7f10036-60c6-470c-8ce5-884a2a69c9ab (type: security_groups) to 1
2026-07-14 00:41:42.183 7 INFO neutron.db.ovn_revision_numbers_db [None req-5d5d2563-08af-4570-b17e-11471d0a6127 f1cd95796fba4bc1a8159fc7bfcfa847 39d4ad338ccb47198d5b00974e1083f7 - - default default] Successfully bumped revision number for resource 00004b9f-c3b2-43b5-89f3-004b495ae054 (type: security_group_rules) to 0
2026-07-14 00:41:42.196 7 INFO neutron.db.ovn_revision_numbers_db [None req-5d5d2563-08af-4570-b17e-11471d0a6127 f1cd95796fba4bc1a8159fc7bfcfa847 39d4ad338ccb47198d5b00974e1083f7 - - default default] Successfully bumped revision number for resource a1e214e4-546b-42d6-94cf-382af522bce4 (type: security_group_rules) to 0
2026-07-14 00:41:42.212 7 INFO neutron.db.ovn_revision_numbers_db [None req-5d5d2563-08af-4570-b17e-11471d0a6127 f1cd95796fba4bc1a8159fc7bfcfa847 39d4ad338ccb47198d5b00974e1083f7 - - default default] Successfully bumped revision number for resource bcb9787f-59c5-4e0a-be3e-12be7d2c2400 (type: security_group_rules) to 0
2026-07-14 00:41:42.227 7 INFO neutron.db.ovn_revision_numbers_db [None req-5d5d2563-08af-4570-b17e-11471d0a6127 f1cd95796fba4bc1a8159fc7bfcfa847 39d4ad338ccb47198d5b00974e1083f7 - - default default] Successfully bumped revision number for resource eacc541e-29dc-4c26-87a5-536cc448c4bc (type: security_group_rules) to 0 [pid: 7|app: 0|req: 797/1710] 10.0.0.145 () {32 vars in 773 bytes} [Tue Jul 14 00:41:41 2026] GET /v2.0/security-groups?tenant_id=b47193b707a24df8b958d0011cec8362&name=default => generated 2925 bytes in 273 msecs (HTTP/1.1 200) 4 headers in 158 bytes (1 switches on core 0)
2026-07-14 00:41:42.267 8 INFO neutron_taas.services.taas.taas_plugin [None req-93667228-65ea-48e9-8ec7-b95fa828aaeb db09077889a3494e9597ab01091990c1 7450716321b8453590539be55d7bdc09 - - default default] TaaS: Handle Delete Port: 8e648c8a-8fb5-4baa-9dbd-24e2a20984c4
2026-07-14 00:41:42.271 8 INFO neutron_taas.services.taas.tap_mirror_plugin [None req-93667228-65ea-48e9-8ec7-b95fa828aaeb db09077889a3494e9597ab01091990c1 7450716321b8453590539be55d7bdc09 - - default default] Tap Mirror: Handle Delete Port: 8e648c8a-8fb5-4baa-9dbd-24e2a20984c4 [pid: 7|app: 0|req: 798/1711] 10.0.0.145 () {32 vars in 739 bytes} [Tue Jul 14 00:41:42 2026] DELETE /v2.0/security-groups/e7f10036-60c6-470c-8ce5-884a2a69c9ab => generated 0 bytes in 170 msecs (HTTP/1.1 204) 2 headers in 112 bytes (1 switches on core 0) [pid: 8|app: 0|req: 914/1712] 10.0.0.145 () {34 vars in 788 bytes} [Tue Jul 14 00:41:41 2026] PUT /v2.0/routers/8b0a8e26-82a7-4554-946d-def03d580e81/remove_router_interface => generated 310 bytes in 679 msecs (HTTP/1.1 200) 4 headers in 157 bytes (1 switches on core 0) [pid: 7|app: 0|req: 799/1713] 10.0.0.145 () {32 vars in 735 bytes} [Tue Jul 14 00:41:42 2026] GET /v2.0/ports?device_id=8b0a8e26-82a7-4554-946d-def03d580e81 => generated 12 bytes in 28 msecs (HTTP/1.1 200) 4 headers in 156 bytes (1 switches on core 0) /var/lib/openstack/lib/python3.12/site-packages/pycadf/identifier.py:70: UserWarning: Invalid uuid: neutron. To ensure interoperability, identifiers should be a valid uuid. warnings.warn(('Invalid uuid: %s. To ensure interoperability, ' [pid: 8|app: 0|req: 915/1714] 10.0.0.145 () {32 vars in 723 bytes} [Tue Jul 14 00:41:42 2026] DELETE /v2.0/routers/8b0a8e26-82a7-4554-946d-def03d580e81 => generated 0 bytes in 193 msecs (HTTP/1.1 204) 2 headers in 112 bytes (1 switches on core 0) [pid: 7|app: 0|req: 800/1715] 10.0.0.145 () {32 vars in 723 bytes} [Tue Jul 14 00:41:42 2026] DELETE /v2.0/subnets/d99c3a15-3156-41f9-9608-d918d821813d => generated 0 bytes in 176 msecs (HTTP/1.1 204) 3 headers in 131 bytes (1 switches on core 0)
2026-07-14 00:41:43.176 8 INFO neutron_taas.services.taas.taas_plugin [None req-5ea2376f-6df9-4890-a77b-4e9ebca16f2e db09077889a3494e9597ab01091990c1 7450716321b8453590539be55d7bdc09 - - default default] TaaS: Handle Delete Port: 61c27411-15a0-44ce-9828-834ca9357a52
2026-07-14 00:41:43.179 8 INFO neutron_taas.services.taas.tap_mirror_plugin [None req-5ea2376f-6df9-4890-a77b-4e9ebca16f2e db09077889a3494e9597ab01091990c1 7450716321b8453590539be55d7bdc09 - - default default] Tap Mirror: Handle Delete Port: 61c27411-15a0-44ce-9828-834ca9357a52
2026-07-14 00:41:43.351 8 INFO neutron.services.segments.plugin [-] Segment e24f9a58-df95-4e8a-863d-57791e0533d4 resource provider aggregate not found
2026-07-14 00:41:43.356 8 INFO neutron.services.segments.plugin [-] Segment e24f9a58-df95-4e8a-863d-57791e0533d4 resource provider aggregate not found
2026-07-14 00:41:43.371 8 INFO neutron.services.segments.plugin [-] Client error retrieving segment e24f9a58-df95-4e8a-863d-57791e0533d4 resource provider; error: Placement Client Error (4xx): {"errors": [{"status": 404, "title": "Not Found", "detail": "The resource could not be found.\n\n No resource provider with uuid e24f9a58-df95-4e8a-863d-57791e0533d4 found for delete ", "request_id": "req-af5d8574-2a71-435b-8668-668faf682b6c"}]}
2026-07-14 00:41:43.376 8 INFO neutron.services.segments.plugin [-] Client error retrieving segment e24f9a58-df95-4e8a-863d-57791e0533d4 resource provider; error: Placement Client Error (4xx): {"errors": [{"status": 404, "title": "Not Found", "detail": "The resource could not be found.\n\n No resource provider with uuid e24f9a58-df95-4e8a-863d-57791e0533d4 found for delete ", "request_id": "req-1cd01e44-15c0-49db-a956-8b78e5d3060b"}]} [pid: 8|app: 0|req: 916/1716] 10.0.0.145 () {32 vars in 725 bytes} [Tue Jul 14 00:41:43 2026] DELETE /v2.0/networks/357ecec3-fd1f-4033-a9b6-13bc33a846d2 => generated 0 bytes in 333 msecs (HTTP/1.1 204) 3 headers in 131 bytes (1 switches on core 0)
2026-07-14 00:41:43.824 7 WARNING neutron.scheduler.dhcp_agent_scheduler [None req-08743ef8-5425-465d-b439-83c999376569 db09077889a3494e9597ab01091990c1 7450716321b8453590539be55d7bdc09 - - default default] No more DHCP agents
2026-07-14 00:41:43.825 7 WARNING neutron.api.rpc.agentnotifiers.dhcp_rpc_agent_api [None req-08743ef8-5425-465d-b439-83c999376569 db09077889a3494e9597ab01091990c1 7450716321b8453590539be55d7bdc09 - - default default] Unable to schedule network 7225c6d6-a29f-4b6b-aed9-0ae0301300c3: no agents available; will retry on subsequent port and subnet creation events.
2026-07-14 00:41:43.944 8 INFO neutron.plugins.ml2.drivers.ovn.mech_driver.mech_driver [None req-4da52cf3-a5f2-4c25-afe2-3d325e24c82c - - - - - -] OVN reports status down for port: a2d671da-3163-40a8-87c6-3dc1278f1312
2026-07-14 00:41:43.998 7 INFO neutron.db.ovn_revision_numbers_db [None req-08743ef8-5425-465d-b439-83c999376569 db09077889a3494e9597ab01091990c1 7450716321b8453590539be55d7bdc09 - - default default] Successfully bumped revision number for resource a2d671da-3163-40a8-87c6-3dc1278f1312 (type: ports) to 1
2026-07-14 00:41:44.329 8 WARNING neutron.scheduler.dhcp_agent_scheduler [None req-e05ff4d9-b85e-4bb2-a7bd-800aa9762f5c f4b2d822b44e4525a9ac966cd91bc818 ae40862522274d9280f0d46d916ea53c - - default default] No more DHCP agents
2026-07-14 00:41:44.330 8 WARNING neutron.api.rpc.agentnotifiers.dhcp_rpc_agent_api [None req-e05ff4d9-b85e-4bb2-a7bd-800aa9762f5c f4b2d822b44e4525a9ac966cd91bc818 ae40862522274d9280f0d46d916ea53c - - default default] Unable to schedule network 7225c6d6-a29f-4b6b-aed9-0ae0301300c3: no agents available; will retry on subsequent port and subnet creation events.
2026-07-14 00:41:44.513 7 INFO neutron.db.ovn_revision_numbers_db [None req-08743ef8-5425-465d-b439-83c999376569 db09077889a3494e9597ab01091990c1 7450716321b8453590539be55d7bdc09 - - default default] Successfully bumped revision number for resource a2d671da-3163-40a8-87c6-3dc1278f1312 (type: router_ports) to 1
2026-07-14 00:41:44.521 8 INFO neutron.plugins.ml2.drivers.ovn.mech_driver.mech_driver [None req-4da52cf3-a5f2-4c25-afe2-3d325e24c82c - - - - - -] OVN reports status up for port: a2d671da-3163-40a8-87c6-3dc1278f1312
2026-07-14 00:41:44.547 8 INFO neutron.plugins.ml2.plugin [None req-4da52cf3-a5f2-4c25-afe2-3d325e24c82c - - - - - -] Attempt 1 to provision port a2d671da-3163-40a8-87c6-3dc1278f1312
2026-07-14 00:41:44.584 7 INFO neutron.db.ovn_revision_numbers_db [None req-08743ef8-5425-465d-b439-83c999376569 db09077889a3494e9597ab01091990c1 7450716321b8453590539be55d7bdc09 - - default default] Successfully bumped revision number for resource 9bd3f270-6701-49ae-9494-3e4ff3eb228d (type: routers) to 2 [pid: 7|app: 0|req: 801/1717] 10.0.0.145 () {34 vars in 668 bytes} [Tue Jul 14 00:41:43 2026] POST /v2.0/routers => generated 969 bytes in 1209 msecs (HTTP/1.1 201) 4 headers in 162 bytes (1 switches on core 0) [pid: 8|app: 0|req: 917/1718] 10.0.0.145 () {34 vars in 675 bytes} [Tue Jul 14 00:41:43 2026] POST /v2.0/floatingips => generated 552 bytes in 833 msecs (HTTP/1.1 201) 4 headers in 162 bytes (1 switches on core 0)
2026-07-14 00:41:44.848 7 INFO neutron.db.ovn_revision_numbers_db [None req-83c49f83-f146-4557-af0b-6ebf1cd0015c b0a6949ed0364808bc7377708178c9a4 71bb5e6b8bb3490180c238b04716b534 - - default default] Successfully bumped revision number for resource 8203e829-7007-4b86-9579-1db2c04d77a9 (type: routers) to 1 [pid: 7|app: 0|req: 802/1719] 10.0.0.145 () {34 vars in 667 bytes} [Tue Jul 14 00:41:44 2026] POST /v2.0/routers => generated 591 bytes in 258 msecs (HTTP/1.1 201) 4 headers in 162 bytes (1 switches on core 0)
2026-07-14 00:41:44.910 8 INFO neutron.db.ovn_revision_numbers_db [None req-a1f013c6-4f74-451c-aba6-b60e8787a0e5 58b0e3c746094eb2b4b84e933b93037e 3bc096850c9845d295e4a55897625828 - - default default] Successfully bumped revision number for resource d6632a76-d518-4328-a7b6-325bbd959024 (type: security_groups) to 1
2026-07-14 00:41:44.921 8 INFO neutron.db.ovn_revision_numbers_db [None req-a1f013c6-4f74-451c-aba6-b60e8787a0e5 58b0e3c746094eb2b4b84e933b93037e 3bc096850c9845d295e4a55897625828 - - default default] Successfully bumped revision number for resource 7da64f1c-cf05-4307-89c5-0b986a44cabd (type: security_group_rules) to 0 [pid: 7|app: 0|req: 803/1720] 10.0.0.145 () {32 vars in 720 bytes} [Tue Jul 14 00:41:44 2026] GET /v2.0/routers/9bd3f270-6701-49ae-9494-3e4ff3eb228d => generated 975 bytes in 66 msecs (HTTP/1.1 200) 4 headers in 157 bytes (1 switches on core 0)
2026-07-14 00:41:44.933 8 INFO neutron.db.ovn_revision_numbers_db [None req-a1f013c6-4f74-451c-aba6-b60e8787a0e5 58b0e3c746094eb2b4b84e933b93037e 3bc096850c9845d295e4a55897625828 - - default default] Successfully bumped revision number for resource dc16ec65-6453-4c4c-9af8-d4b00788687c (type: security_group_rules) to 0
2026-07-14 00:41:44.943 8 INFO neutron.db.ovn_revision_numbers_db [None req-a1f013c6-4f74-451c-aba6-b60e8787a0e5 58b0e3c746094eb2b4b84e933b93037e 3bc096850c9845d295e4a55897625828 - - default default] Successfully bumped revision number for resource dd9bd889-5d4f-4d63-8de1-2b1d5163aa4f (type: security_group_rules) to 0
2026-07-14 00:41:44.955 8 INFO neutron.db.ovn_revision_numbers_db [None req-a1f013c6-4f74-451c-aba6-b60e8787a0e5 58b0e3c746094eb2b4b84e933b93037e 3bc096850c9845d295e4a55897625828 - - default default] Successfully bumped revision number for resource f87a7294-b6e0-41a7-b9c9-2bcd98e7133e (type: security_group_rules) to 0
2026-07-14 00:41:45.033 8 INFO neutron.db.segments_db [None req-a1f013c6-4f74-451c-aba6-b60e8787a0e5 58b0e3c746094eb2b4b84e933b93037e 3bc096850c9845d295e4a55897625828 - - default default] Added segment e65326ce-c199-4ef9-8378-3186f234c48d of type geneve for network 43bee39e-049f-4efe-8a7c-992d7a36a150
2026-07-14 00:41:45.098 7 WARNING neutron.scheduler.dhcp_agent_scheduler [None req-c7ee8aad-61d6-4d0a-860a-900a9575388d f4b2d822b44e4525a9ac966cd91bc818 ae40862522274d9280f0d46d916ea53c - - default default] No more DHCP agents
2026-07-14 00:41:45.099 7 WARNING neutron.api.rpc.agentnotifiers.dhcp_rpc_agent_api [None req-c7ee8aad-61d6-4d0a-860a-900a9575388d f4b2d822b44e4525a9ac966cd91bc818 ae40862522274d9280f0d46d916ea53c - - default default] Unable to schedule network 7225c6d6-a29f-4b6b-aed9-0ae0301300c3: no agents available; will retry on subsequent port and subnet creation events.
2026-07-14 00:41:45.150 8 INFO neutron.db.ovn_revision_numbers_db [None req-a1f013c6-4f74-451c-aba6-b60e8787a0e5 58b0e3c746094eb2b4b84e933b93037e 3bc096850c9845d295e4a55897625828 - - default default] Successfully bumped revision number for resource 43bee39e-049f-4efe-8a7c-992d7a36a150 (type: networks) to 1
2026-07-14 00:41:45.302 8 WARNING neutron.scheduler.dhcp_agent_scheduler [None req-a1f013c6-4f74-451c-aba6-b60e8787a0e5 58b0e3c746094eb2b4b84e933b93037e 3bc096850c9845d295e4a55897625828 - - default default] No more DHCP agents
2026-07-14 00:41:45.303 8 WARNING neutron.api.rpc.agentnotifiers.dhcp_rpc_agent_api [None req-a1f013c6-4f74-451c-aba6-b60e8787a0e5 58b0e3c746094eb2b4b84e933b93037e 3bc096850c9845d295e4a55897625828 - - default default] Unable to schedule network 43bee39e-049f-4efe-8a7c-992d7a36a150: no agents available; will retry on subsequent port and subnet creation events. [pid: 7|app: 0|req: 804/1721] 10.0.0.145 () {34 vars in 675 bytes} [Tue Jul 14 00:41:44 2026] POST /v2.0/floatingips => generated 552 bytes in 448 msecs (HTTP/1.1 201) 4 headers in 162 bytes (1 switches on core 0)
2026-07-14 00:41:45.387 8 INFO neutron.db.ovn_revision_numbers_db [None req-a1f013c6-4f74-451c-aba6-b60e8787a0e5 58b0e3c746094eb2b4b84e933b93037e 3bc096850c9845d295e4a55897625828 - - default default] Successfully bumped revision number for resource 74e09cb7-640a-4334-885e-6363c10687a4 (type: ports) to 1 [pid: 8|app: 0|req: 918/1722] 10.0.0.145 () {34 vars in 669 bytes} [Tue Jul 14 00:41:44 2026] POST /v2.0/networks => generated 686 bytes in 694 msecs (HTTP/1.1 201) 4 headers in 162 bytes (1 switches on core 0)
2026-07-14 00:41:45.409 7 WARNING tagging [None req-d9cff339-99c0-422b-b223-30e5d98b6c11 b0a6949ed0364808bc7377708178c9a4 71bb5e6b8bb3490180c238b04716b534 - - default default] project_id key not found in request, using tenant_id instead. This support has been deprecated and will be removed in a future release. [pid: 7|app: 0|req: 805/1723] 10.0.0.145 () {34 vars in 750 bytes} [Tue Jul 14 00:41:45 2026] PUT /v2.0/routers/8203e829-7007-4b86-9579-1db2c04d77a9/tags => generated 25 bytes in 67 msecs (HTTP/1.1 200) 4 headers in 156 bytes (1 switches on core 0) [pid: 8|app: 0|req: 919/1724] 10.0.0.145 () {32 vars in 646 bytes} [Tue Jul 14 00:41:45 2026] GET /v2.0/routers => generated 978 bytes in 53 msecs (HTTP/1.1 200) 4 headers in 157 bytes (1 switches on core 0)
2026-07-14 00:41:45.671 8 WARNING neutron.scheduler.dhcp_agent_scheduler [None req-80778647-b4e5-4e64-847f-e09768623dd0 58b0e3c746094eb2b4b84e933b93037e 3bc096850c9845d295e4a55897625828 - - default default] No more DHCP agents
2026-07-14 00:41:45.672 8 WARNING neutron.api.rpc.agentnotifiers.dhcp_rpc_agent_api [None req-80778647-b4e5-4e64-847f-e09768623dd0 58b0e3c746094eb2b4b84e933b93037e 3bc096850c9845d295e4a55897625828 - - default default] Unable to schedule network 43bee39e-049f-4efe-8a7c-992d7a36a150: no agents available; will retry on subsequent port and subnet creation events.
2026-07-14 00:41:45.677 7 WARNING neutron.scheduler.dhcp_agent_scheduler [None req-e7620a91-231c-4e44-a6e1-daa1302d17f2 f4b2d822b44e4525a9ac966cd91bc818 ae40862522274d9280f0d46d916ea53c - - default default] No more DHCP agents
2026-07-14 00:41:45.678 7 WARNING neutron.api.rpc.agentnotifiers.dhcp_rpc_agent_api [None req-e7620a91-231c-4e44-a6e1-daa1302d17f2 f4b2d822b44e4525a9ac966cd91bc818 ae40862522274d9280f0d46d916ea53c - - default default] Unable to schedule network 7225c6d6-a29f-4b6b-aed9-0ae0301300c3: no agents available; will retry on subsequent port and subnet creation events.
2026-07-14 00:41:45.780 8 INFO neutron.db.ovn_revision_numbers_db [None req-80778647-b4e5-4e64-847f-e09768623dd0 58b0e3c746094eb2b4b84e933b93037e 3bc096850c9845d295e4a55897625828 - - default default] Successfully bumped revision number for resource 65a18cdf-3c60-437d-aaf0-7ecd3b7dec66 (type: ports) to 1 [pid: 8|app: 0|req: 920/1725] 10.0.0.145 () {34 vars in 664 bytes} [Tue Jul 14 00:41:45 2026] POST /v2.0/ports => generated 779 bytes in 339 msecs (HTTP/1.1 201) 4 headers in 162 bytes (1 switches on core 0) /var/lib/openstack/lib/python3.12/site-packages/pycadf/identifier.py:70: UserWarning: Invalid uuid: neutron. To ensure interoperability, identifiers should be a valid uuid. warnings.warn(('Invalid uuid: %s. To ensure interoperability, '
2026-07-14 00:41:45.830 8 WARNING tagging [None req-8f3e049d-ab76-492e-9ef4-96d67ad1e667 b0a6949ed0364808bc7377708178c9a4 71bb5e6b8bb3490180c238b04716b534 - - default default] project_id key not found in request, using tenant_id instead. This support has been deprecated and will be removed in a future release. [pid: 8|app: 0|req: 921/1726] 10.0.0.145 () {32 vars in 730 bytes} [Tue Jul 14 00:41:45 2026] GET /v2.0/routers/8203e829-7007-4b86-9579-1db2c04d77a9/tags => generated 25 bytes in 65 msecs (HTTP/1.1 200) 4 headers in 156 bytes (1 switches on core 0) [pid: 7|app: 0|req: 806/1727] 10.0.0.145 () {34 vars in 675 bytes} [Tue Jul 14 00:41:45 2026] POST /v2.0/floatingips => generated 552 bytes in 560 msecs (HTTP/1.1 201) 4 headers in 162 bytes (1 switches on core 0)
2026-07-14 00:41:46.101 7 INFO neutron.db.segments_db [None req-e30299e3-c310-43fd-8b16-368285fc8c90 58b0e3c746094eb2b4b84e933b93037e 3bc096850c9845d295e4a55897625828 - - default default] Added segment b10a840e-27ee-469e-850a-2fc446ad9b01 of type geneve for network e3f57b0e-ad7f-4b1b-9007-5e246fcf8046
2026-07-14 00:41:46.157 8 INFO neutron.db.ovn_revision_numbers_db [None req-9783eef2-63f0-48ab-93ad-6604f958c18e db09077889a3494e9597ab01091990c1 7450716321b8453590539be55d7bdc09 - - default default] Successfully bumped revision number for resource 9bd3f270-6701-49ae-9494-3e4ff3eb228d (type: routers) to 3 [pid: 8|app: 0|req: 922/1728] 10.0.0.145 () {34 vars in 740 bytes} [Tue Jul 14 00:41:45 2026] PUT /v2.0/routers/9bd3f270-6701-49ae-9494-3e4ff3eb228d => generated 982 bytes in 296 msecs (HTTP/1.1 200) 4 headers in 157 bytes (1 switches on core 0)
2026-07-14 00:41:46.193 8 WARNING tagging [None req-b3af316b-32e7-4be6-a72c-3ad52b34202c b0a6949ed0364808bc7377708178c9a4 71bb5e6b8bb3490180c238b04716b534 - - default default] project_id key not found in request, using tenant_id instead. This support has been deprecated and will be removed in a future release.
2026-07-14 00:41:46.221 7 INFO neutron.db.ovn_revision_numbers_db [None req-e30299e3-c310-43fd-8b16-368285fc8c90 58b0e3c746094eb2b4b84e933b93037e 3bc096850c9845d295e4a55897625828 - - default default] Successfully bumped revision number for resource e3f57b0e-ad7f-4b1b-9007-5e246fcf8046 (type: networks) to 1 [pid: 8|app: 0|req: 923/1729] 10.0.0.145 () {34 vars in 761 bytes} [Tue Jul 14 00:41:46 2026] PUT /v2.0/routers/8203e829-7007-4b86-9579-1db2c04d77a9/tags/green => generated 4 bytes in 113 msecs (HTTP/1.1 201) 4 headers in 160 bytes (1 switches on core 0)
2026-07-14 00:41:46.395 7 WARNING neutron.scheduler.dhcp_agent_scheduler [None req-e30299e3-c310-43fd-8b16-368285fc8c90 58b0e3c746094eb2b4b84e933b93037e 3bc096850c9845d295e4a55897625828 - - default default] No more DHCP agents
2026-07-14 00:41:46.396 7 WARNING neutron.api.rpc.agentnotifiers.dhcp_rpc_agent_api [None req-e30299e3-c310-43fd-8b16-368285fc8c90 58b0e3c746094eb2b4b84e933b93037e 3bc096850c9845d295e4a55897625828 - - default default] Unable to schedule network e3f57b0e-ad7f-4b1b-9007-5e246fcf8046: no agents available; will retry on subsequent port and subnet creation events.
2026-07-14 00:41:46.470 7 INFO neutron.db.ovn_revision_numbers_db [None req-e30299e3-c310-43fd-8b16-368285fc8c90 58b0e3c746094eb2b4b84e933b93037e 3bc096850c9845d295e4a55897625828 - - default default] Successfully bumped revision number for resource c476d2dd-9846-4679-abed-342e5f0787bb (type: ports) to 1 [pid: 7|app: 0|req: 807/1730] 10.0.0.145 () {34 vars in 669 bytes} [Tue Jul 14 00:41:46 2026] POST /v2.0/networks => generated 673 bytes in 491 msecs (HTTP/1.1 201) 4 headers in 162 bytes (1 switches on core 0)
2026-07-14 00:41:46.547 8 WARNING neutron.scheduler.dhcp_agent_scheduler [None req-53d254a6-a3d3-4777-91ee-32a5bf1f617c f4b2d822b44e4525a9ac966cd91bc818 ae40862522274d9280f0d46d916ea53c - - default default] No more DHCP agents
2026-07-14 00:41:46.549 8 WARNING neutron.api.rpc.agentnotifiers.dhcp_rpc_agent_api [None req-53d254a6-a3d3-4777-91ee-32a5bf1f617c f4b2d822b44e4525a9ac966cd91bc818 ae40862522274d9280f0d46d916ea53c - - default default] Unable to schedule network 7225c6d6-a29f-4b6b-aed9-0ae0301300c3: no agents available; will retry on subsequent port and subnet creation events. [pid: 7|app: 0|req: 808/1731] 10.0.0.145 () {32 vars in 720 bytes} [Tue Jul 14 00:41:46 2026] GET /v2.0/routers/9bd3f270-6701-49ae-9494-3e4ff3eb228d => generated 982 bytes in 49 msecs (HTTP/1.1 200) 4 headers in 157 bytes (1 switches on core 0)
2026-07-14 00:41:46.576 7 WARNING tagging [None req-d965de24-3ebd-4c0e-a993-37c394795eee b0a6949ed0364808bc7377708178c9a4 71bb5e6b8bb3490180c238b04716b534 - - default default] project_id key not found in request, using tenant_id instead. This support has been deprecated and will be removed in a future release. [pid: 7|app: 0|req: 809/1732] 10.0.0.145 () {32 vars in 730 bytes} [Tue Jul 14 00:41:46 2026] GET /v2.0/routers/8203e829-7007-4b86-9579-1db2c04d77a9/tags => generated 34 bytes in 49 msecs (HTTP/1.1 200) 4 headers in 156 bytes (1 switches on core 0)
2026-07-14 00:41:46.735 7 WARNING neutron.scheduler.dhcp_agent_scheduler [None req-b8cd3205-80bf-4103-9958-9159f95d805d 58b0e3c746094eb2b4b84e933b93037e 3bc096850c9845d295e4a55897625828 - - default default] No more DHCP agents
2026-07-14 00:41:46.736 7 WARNING neutron.api.rpc.agentnotifiers.dhcp_rpc_agent_api [None req-b8cd3205-80bf-4103-9958-9159f95d805d 58b0e3c746094eb2b4b84e933b93037e 3bc096850c9845d295e4a55897625828 - - default default] Unable to schedule network e3f57b0e-ad7f-4b1b-9007-5e246fcf8046: no agents available; will retry on subsequent port and subnet creation events.
2026-07-14 00:41:46.783 7 INFO neutron.db.ovn_revision_numbers_db [None req-b8cd3205-80bf-4103-9958-9159f95d805d 58b0e3c746094eb2b4b84e933b93037e 3bc096850c9845d295e4a55897625828 - - default default] Successfully bumped revision number for resource 8925b103-740a-4ed3-9bcd-4ff2c1bd2ad6 (type: subnets) to 0 [pid: 7|app: 0|req: 810/1733] 10.0.0.145 () {34 vars in 668 bytes} [Tue Jul 14 00:41:46 2026] POST /v2.0/subnets => generated 646 bytes in 204 msecs (HTTP/1.1 201) 4 headers in 162 bytes (1 switches on core 0) [pid: 7|app: 0|req: 811/1734] 10.0.0.145 () {32 vars in 735 bytes} [Tue Jul 14 00:41:46 2026] GET /v2.0/ports?device_id=9bd3f270-6701-49ae-9494-3e4ff3eb228d => generated 12 bytes in 20 msecs (HTTP/1.1 200) 4 headers in 156 bytes (1 switches on core 0) [pid: 8|app: 0|req: 924/1735] 10.0.0.145 () {34 vars in 675 bytes} [Tue Jul 14 00:41:46 2026] POST /v2.0/floatingips => generated 552 bytes in 581 msecs (HTTP/1.1 201) 4 headers in 162 bytes (1 switches on core 0)
2026-07-14 00:41:46.861 7 WARNING tagging [None req-a1ea4133-e3d8-4e81-a65a-bb31a13f8e6d b0a6949ed0364808bc7377708178c9a4 71bb5e6b8bb3490180c238b04716b534 - - default default] project_id key not found in request, using tenant_id instead. This support has been deprecated and will be removed in a future release. [pid: 7|app: 0|req: 812/1736] 10.0.0.145 () {34 vars in 757 bytes} [Tue Jul 14 00:41:46 2026] PUT /v2.0/routers/8203e829-7007-4b86-9579-1db2c04d77a9/tags/red => generated 4 bytes in 118 msecs (HTTP/1.1 201) 4 headers in 160 bytes (1 switches on core 0)
2026-07-14 00:41:47.117 7 WARNING neutron.plugins.ml2.drivers.ovn.mech_driver.ovsdb.ovn_client [None req-3f1a3369-17a3-4d55-a85c-a380b33e3668 - - - - - -] No port found with ID 8e648c8a-8fb5-4baa-9dbd-24e2a20984c4: RuntimeError: No port found with ID 8e648c8a-8fb5-4baa-9dbd-24e2a20984c4
2026-07-14 00:41:47.142 8 WARNING neutron.scheduler.dhcp_agent_scheduler [None req-cd66c968-6379-4951-a83a-fe4848726f72 58b0e3c746094eb2b4b84e933b93037e 3bc096850c9845d295e4a55897625828 - - default default] No more DHCP agents
2026-07-14 00:41:47.143 8 WARNING neutron.api.rpc.agentnotifiers.dhcp_rpc_agent_api [None req-cd66c968-6379-4951-a83a-fe4848726f72 58b0e3c746094eb2b4b84e933b93037e 3bc096850c9845d295e4a55897625828 - - default default] Unable to schedule network e3f57b0e-ad7f-4b1b-9007-5e246fcf8046: no agents available; will retry on subsequent port and subnet creation events.
2026-07-14 00:41:47.319 8 INFO neutron.db.ovn_revision_numbers_db [None req-cd66c968-6379-4951-a83a-fe4848726f72 58b0e3c746094eb2b4b84e933b93037e 3bc096850c9845d295e4a55897625828 - - default default] Successfully bumped revision number for resource 0facf11e-7170-417b-9500-bad1761fb893 (type: ports) to 1 [pid: 8|app: 0|req: 925/1737] 10.0.0.145 () {34 vars in 664 bytes} [Tue Jul 14 00:41:46 2026] POST /v2.0/ports => generated 965 bytes in 493 msecs (HTTP/1.1 201) 4 headers in 162 bytes (1 switches on core 0) /var/lib/openstack/lib/python3.12/site-packages/pycadf/identifier.py:70: UserWarning: Invalid uuid: neutron. To ensure interoperability, identifiers should be a valid uuid. warnings.warn(('Invalid uuid: %s. To ensure interoperability, '
2026-07-14 00:41:47.578 8 WARNING neutron.scheduler.dhcp_agent_scheduler [None req-a3fff99e-35f6-4d23-962d-1021d79d9b1a f4b2d822b44e4525a9ac966cd91bc818 ae40862522274d9280f0d46d916ea53c - - default default] No more DHCP agents
2026-07-14 00:41:47.579 8 WARNING neutron.api.rpc.agentnotifiers.dhcp_rpc_agent_api [None req-a3fff99e-35f6-4d23-962d-1021d79d9b1a f4b2d822b44e4525a9ac966cd91bc818 ae40862522274d9280f0d46d916ea53c - - default default] Unable to schedule network 7225c6d6-a29f-4b6b-aed9-0ae0301300c3: no agents available; will retry on subsequent port and subnet creation events.
2026-07-14 00:41:47.654 7 INFO neutron.plugins.ml2.drivers.ovn.mech_driver.mech_driver [None req-3f1a3369-17a3-4d55-a85c-a380b33e3668 - - - - - -] OVN reports status down for port: 65a18cdf-3c60-437d-aaf0-7ecd3b7dec66 [pid: 8|app: 0|req: 926/1738] 10.0.0.145 () {34 vars in 675 bytes} [Tue Jul 14 00:41:47 2026] POST /v2.0/floatingips => generated 552 bytes in 528 msecs (HTTP/1.1 201) 4 headers in 162 bytes (1 switches on core 0)
2026-07-14 00:41:47.893 7 INFO neutron_taas.services.taas.taas_plugin [None req-a56d9cdf-f5ee-4a05-b7cb-2dfa7bcd7697 db09077889a3494e9597ab01091990c1 7450716321b8453590539be55d7bdc09 - - default default] TaaS: Handle Delete Port: a2d671da-3163-40a8-87c6-3dc1278f1312
2026-07-14 00:41:47.897 7 INFO neutron_taas.services.taas.tap_mirror_plugin [None req-a56d9cdf-f5ee-4a05-b7cb-2dfa7bcd7697 db09077889a3494e9597ab01091990c1 7450716321b8453590539be55d7bdc09 - - default default] Tap Mirror: Handle Delete Port: a2d671da-3163-40a8-87c6-3dc1278f1312
2026-07-14 00:41:47.909 8 WARNING tagging [None req-0efd7246-fe79-404e-a145-14f614a6ff7c b0a6949ed0364808bc7377708178c9a4 71bb5e6b8bb3490180c238b04716b534 - - default default] project_id key not found in request, using tenant_id instead. This support has been deprecated and will be removed in a future release. [pid: 8|app: 0|req: 927/1739] 10.0.0.145 () {32 vars in 730 bytes} [Tue Jul 14 00:41:47 2026] GET /v2.0/routers/8203e829-7007-4b86-9579-1db2c04d77a9/tags => generated 34 bytes in 57 msecs (HTTP/1.1 200) 4 headers in 156 bytes (1 switches on core 0)
2026-07-14 00:41:48.061 8 INFO neutron_taas.services.taas.taas_plugin [None req-940f1f78-aecb-466d-8032-07f5b8386fce 58b0e3c746094eb2b4b84e933b93037e 3bc096850c9845d295e4a55897625828 - - default default] TaaS: Handle Delete Port: 0facf11e-7170-417b-9500-bad1761fb893
2026-07-14 00:41:48.064 8 INFO neutron_taas.services.taas.tap_mirror_plugin [None req-940f1f78-aecb-466d-8032-07f5b8386fce 58b0e3c746094eb2b4b84e933b93037e 3bc096850c9845d295e4a55897625828 - - default default] Tap Mirror: Handle Delete Port: 0facf11e-7170-417b-9500-bad1761fb893 [pid: 8|app: 0|req: 928/1740] 10.0.0.145 () {32 vars in 719 bytes} [Tue Jul 14 00:41:47 2026] DELETE /v2.0/ports/0facf11e-7170-417b-9500-bad1761fb893 => generated 0 bytes in 309 msecs (HTTP/1.1 204) 3 headers in 131 bytes (1 switches on core 0)
2026-07-14 00:41:48.269 8 WARNING tagging [None req-30d080df-3c77-4484-9873-1c6bf9cdcf09 f4b2d822b44e4525a9ac966cd91bc818 ae40862522274d9280f0d46d916ea53c - - default default] project_id key not found in request, using tenant_id instead. This support has been deprecated and will be removed in a future release. [pid: 8|app: 0|req: 929/1741] 10.0.0.145 () {34 vars in 758 bytes} [Tue Jul 14 00:41:48 2026] PUT /v2.0/floatingips/48107410-9760-40fa-b32f-8e7fc7423f55/tags => generated 17 bytes in 55 msecs (HTTP/1.1 200) 4 headers in 156 bytes (1 switches on core 0) [pid: 7|app: 0|req: 813/1742] 10.0.0.145 () {32 vars in 723 bytes} [Tue Jul 14 00:41:46 2026] DELETE /v2.0/routers/9bd3f270-6701-49ae-9494-3e4ff3eb228d => generated 0 bytes in 1380 msecs (HTTP/1.1 204) 2 headers in 112 bytes (1 switches on core 0)
2026-07-14 00:41:48.342 7 INFO neutron.pecan_wsgi.hooks.translation [None req-87a6b57f-5fd7-43a6-80c7-86b6fefaa100 58b0e3c746094eb2b4b84e933b93037e 3bc096850c9845d295e4a55897625828 - - default default] DELETE failed (client error): The resource could not be found.
2026-07-14 00:41:48.343 8 WARNING tagging [None req-068bf02a-8f6f-47db-b4bf-e13165a15004 b0a6949ed0364808bc7377708178c9a4 71bb5e6b8bb3490180c238b04716b534 - - default default] project_id key not found in request, using tenant_id instead. This support has been deprecated and will be removed in a future release. [pid: 7|app: 0|req: 814/1743] 10.0.0.145 () {32 vars in 719 bytes} [Tue Jul 14 00:41:48 2026] DELETE /v2.0/ports/0facf11e-7170-417b-9500-bad1761fb893 => generated 132 bytes in 22 msecs (HTTP/1.1 404) 4 headers in 164 bytes (1 switches on core 0)
2026-07-14 00:41:48.369 7 WARNING tagging [None req-29037e5b-b958-4553-934e-06754adff53c f4b2d822b44e4525a9ac966cd91bc818 ae40862522274d9280f0d46d916ea53c - - default default] project_id key not found in request, using tenant_id instead. This support has been deprecated and will be removed in a future release. [pid: 7|app: 0|req: 815/1744] 10.0.0.145 () {34 vars in 758 bytes} [Tue Jul 14 00:41:48 2026] PUT /v2.0/floatingips/2f51bb64-7556-483e-a376-8dc1045d7967/tags => generated 25 bytes in 51 msecs (HTTP/1.1 200) 4 headers in 156 bytes (1 switches on core 0) [pid: 8|app: 0|req: 930/1745] 10.0.0.145 () {34 vars in 779 bytes} [Tue Jul 14 00:41:48 2026] PUT /v2.0/routers/8203e829-7007-4b86-9579-1db2c04d77a9/tags/black.or.white => generated 4 bytes in 110 msecs (HTTP/1.1 201) 4 headers in 160 bytes (1 switches on core 0) [pid: 7|app: 0|req: 816/1746] 10.0.0.145 () {32 vars in 735 bytes} [Tue Jul 14 00:41:48 2026] GET /v2.0/ports?device_id=9bd3f270-6701-49ae-9494-3e4ff3eb228d => generated 12 bytes in 21 msecs (HTTP/1.1 200) 4 headers in 156 bytes (1 switches on core 0)
2026-07-14 00:41:48.444 8 INFO neutron.pecan_wsgi.hooks.translation [None req-d1a1b731-0d16-494e-84e9-e89f7e9c700c 58b0e3c746094eb2b4b84e933b93037e 3bc096850c9845d295e4a55897625828 - - default default] GET failed (client error): The resource could not be found.
2026-07-14 00:41:48.444 7 WARNING tagging [None req-9cd6f134-57c6-4dbb-a4b6-51b885e4acd2 f4b2d822b44e4525a9ac966cd91bc818 ae40862522274d9280f0d46d916ea53c - - default default] project_id key not found in request, using tenant_id instead. This support has been deprecated and will be removed in a future release. [pid: 8|app: 0|req: 931/1747] 10.0.0.145 () {32 vars in 716 bytes} [Tue Jul 14 00:41:48 2026] GET /v2.0/ports/0facf11e-7170-417b-9500-bad1761fb893 => generated 132 bytes in 31 msecs (HTTP/1.1 404) 4 headers in 164 bytes (1 switches on core 0)
2026-07-14 00:41:48.478 8 WARNING tagging [None req-bf409d7a-766f-4643-a6ba-7d9ceee1b9b6 b0a6949ed0364808bc7377708178c9a4 71bb5e6b8bb3490180c238b04716b534 - - default default] project_id key not found in request, using tenant_id instead. This support has been deprecated and will be removed in a future release. [pid: 7|app: 0|req: 817/1748] 10.0.0.145 () {34 vars in 758 bytes} [Tue Jul 14 00:41:48 2026] PUT /v2.0/floatingips/f8e28787-bef9-4556-96c6-65359978fefc/tags => generated 34 bytes in 62 msecs (HTTP/1.1 200) 4 headers in 156 bytes (1 switches on core 0)
2026-07-14 00:41:48.495 7 INFO neutron.api.v2.resource [None req-786cbedb-3b69-4d85-9e63-7662b8f38cea db09077889a3494e9597ab01091990c1 7450716321b8453590539be55d7bdc09 - - default default] delete failed (client error): The resource could not be found. [pid: 7|app: 0|req: 818/1749] 10.0.0.145 () {32 vars in 723 bytes} [Tue Jul 14 00:41:48 2026] DELETE /v2.0/routers/9bd3f270-6701-49ae-9494-3e4ff3eb228d => generated 135 bytes in 15 msecs (HTTP/1.1 404) 4 headers in 164 bytes (1 switches on core 0) [pid: 8|app: 0|req: 932/1750] 10.0.0.145 () {32 vars in 730 bytes} [Tue Jul 14 00:41:48 2026] GET /v2.0/routers/8203e829-7007-4b86-9579-1db2c04d77a9/tags => generated 52 bytes in 61 msecs (HTTP/1.1 200) 4 headers in 156 bytes (1 switches on core 0)
2026-07-14 00:41:48.531 8 WARNING tagging [None req-edac7465-36c1-41f7-9aa1-c0876cb68ef0 f4b2d822b44e4525a9ac966cd91bc818 ae40862522274d9280f0d46d916ea53c - - default default] project_id key not found in request, using tenant_id instead. This support has been deprecated and will be removed in a future release. [pid: 8|app: 0|req: 933/1751] 10.0.0.145 () {34 vars in 758 bytes} [Tue Jul 14 00:41:48 2026] PUT /v2.0/floatingips/97b4925e-7481-41b8-9784-9bb1e8bfa75b/tags => generated 19 bytes in 50 msecs (HTTP/1.1 200) 4 headers in 156 bytes (1 switches on core 0) [pid: 8|app: 0|req: 934/1752] 10.0.0.145 () {32 vars in 735 bytes} [Tue Jul 14 00:41:48 2026] GET /v2.0/ports?device_id=8b0a8e26-82a7-4554-946d-def03d580e81 => generated 12 bytes in 16 msecs (HTTP/1.1 200) 4 headers in 156 bytes (1 switches on core 0)
2026-07-14 00:41:48.599 8 WARNING tagging [None req-6030a52f-be1e-4e20-a1a1-296940fe75a7 b0a6949ed0364808bc7377708178c9a4 71bb5e6b8bb3490180c238b04716b534 - - default default] project_id key not found in request, using tenant_id instead. This support has been deprecated and will be removed in a future release. [pid: 7|app: 0|req: 819/1753] 10.0.0.145 () {32 vars in 723 bytes} [Tue Jul 14 00:41:48 2026] DELETE /v2.0/subnets/8925b103-740a-4ed3-9bcd-4ff2c1bd2ad6 => generated 0 bytes in 141 msecs (HTTP/1.1 204) 3 headers in 131 bytes (1 switches on core 0) [pid: 8|app: 0|req: 935/1754] 10.0.0.145 () {34 vars in 750 bytes} [Tue Jul 14 00:41:48 2026] PUT /v2.0/routers/8203e829-7007-4b86-9579-1db2c04d77a9/tags => generated 37 bytes in 66 msecs (HTTP/1.1 200) 4 headers in 156 bytes (1 switches on core 0)
2026-07-14 00:41:48.658 8 INFO neutron.api.v2.resource [None req-10462fd0-dab5-4068-8136-85a4aa90a2cc db09077889a3494e9597ab01091990c1 7450716321b8453590539be55d7bdc09 - - default default] delete failed (client error): The resource could not be found. [pid: 8|app: 0|req: 936/1755] 10.0.0.145 () {32 vars in 723 bytes} [Tue Jul 14 00:41:48 2026] DELETE /v2.0/routers/8b0a8e26-82a7-4554-946d-def03d580e81 => generated 135 bytes in 18 msecs (HTTP/1.1 404) 4 headers in 164 bytes (1 switches on core 0) [pid: 7|app: 0|req: 820/1756] 10.0.0.145 () {32 vars in 671 bytes} [Tue Jul 14 00:41:48 2026] GET /v2.0/floatingips?tags=red => generated 1671 bytes in 50 msecs (HTTP/1.1 200) 4 headers in 158 bytes (1 switches on core 0)
2026-07-14 00:41:48.728 7 WARNING tagging [None req-47f513a5-541c-402f-853a-b2518175df43 b0a6949ed0364808bc7377708178c9a4 71bb5e6b8bb3490180c238b04716b534 - - default default] project_id key not found in request, using tenant_id instead. This support has been deprecated and will be removed in a future release. [pid: 7|app: 0|req: 821/1757] 10.0.0.145 () {32 vars in 730 bytes} [Tue Jul 14 00:41:48 2026] GET /v2.0/routers/8203e829-7007-4b86-9579-1db2c04d77a9/tags => generated 37 bytes in 78 msecs (HTTP/1.1 200) 4 headers in 156 bytes (1 switches on core 0)
2026-07-14 00:41:48.781 7 INFO neutron.pecan_wsgi.hooks.translation [None req-72c351de-0d45-47b0-baa9-a1a8c9fd2f3d db09077889a3494e9597ab01091990c1 7450716321b8453590539be55d7bdc09 - - default default] DELETE failed (client error): The resource could not be found. [pid: 7|app: 0|req: 822/1758] 10.0.0.145 () {32 vars in 723 bytes} [Tue Jul 14 00:41:48 2026] DELETE /v2.0/subnets/d99c3a15-3156-41f9-9608-d918d821813d => generated 136 bytes in 18 msecs (HTTP/1.1 404) 4 headers in 164 bytes (1 switches on core 0)
2026-07-14 00:41:48.786 8 INFO neutron_taas.services.taas.taas_plugin [None req-5b1314d5-7642-4b9f-a3b8-93043a1496b9 58b0e3c746094eb2b4b84e933b93037e 3bc096850c9845d295e4a55897625828 - - default default] TaaS: Handle Delete Port: c476d2dd-9846-4679-abed-342e5f0787bb
2026-07-14 00:41:48.788 8 INFO neutron_taas.services.taas.tap_mirror_plugin [None req-5b1314d5-7642-4b9f-a3b8-93043a1496b9 58b0e3c746094eb2b4b84e933b93037e 3bc096850c9845d295e4a55897625828 - - default default] Tap Mirror: Handle Delete Port: c476d2dd-9846-4679-abed-342e5f0787bb [pid: 7|app: 0|req: 823/1759] 10.0.0.145 () {32 vars in 685 bytes} [Tue Jul 14 00:41:48 2026] GET /v2.0/floatingips?tags=red%2Cblue => generated 1128 bytes in 57 msecs (HTTP/1.1 200) 4 headers in 158 bytes (1 switches on core 0)
2026-07-14 00:41:48.890 7 WARNING tagging [None req-37cab4cb-c935-40aa-b8fb-b55ecd69cbd9 b0a6949ed0364808bc7377708178c9a4 71bb5e6b8bb3490180c238b04716b534 - - default default] project_id key not found in request, using tenant_id instead. This support has been deprecated and will be removed in a future release. [pid: 7|app: 0|req: 824/1760] 10.0.0.145 () {32 vars in 738 bytes} [Tue Jul 14 00:41:48 2026] GET /v2.0/routers/8203e829-7007-4b86-9579-1db2c04d77a9/tags/red => generated 0 bytes in 87 msecs (HTTP/1.1 204) 2 headers in 112 bytes (1 switches on core 0) [pid: 7|app: 0|req: 825/1761] 10.0.0.145 () {32 vars in 735 bytes} [Tue Jul 14 00:41:48 2026] GET /v2.0/ports?device_id=020ce224-d7dd-492f-889a-40d6cb037b36 => generated 12 bytes in 22 msecs (HTTP/1.1 200) 4 headers in 156 bytes (1 switches on core 0)
2026-07-14 00:41:48.999 8 INFO neutron.services.segments.plugin [-] Segment b10a840e-27ee-469e-850a-2fc446ad9b01 resource provider aggregate not found [pid: 7|app: 0|req: 826/1762] 10.0.0.145 () {32 vars in 681 bytes} [Tue Jul 14 00:41:48 2026] GET /v2.0/floatingips?tags-any=blue => generated 1128 bytes in 51 msecs (HTTP/1.1 200) 4 headers in 158 bytes (1 switches on core 0)
2026-07-14 00:41:49.005 8 INFO neutron.services.segments.plugin [-] Segment b10a840e-27ee-469e-850a-2fc446ad9b01 resource provider aggregate not found
2026-07-14 00:41:49.023 8 INFO neutron.services.segments.plugin [-] Client error retrieving segment b10a840e-27ee-469e-850a-2fc446ad9b01 resource provider; error: Placement Client Error (4xx): {"errors": [{"status": 404, "title": "Not Found", "detail": "The resource could not be found.\n\n No resource provider with uuid b10a840e-27ee-469e-850a-2fc446ad9b01 found for delete ", "request_id": "req-7f87e9c0-36ae-43fd-8d6d-af61fce9cc38"}]}
