2026-07-14 00:40:49.160 7 INFO neutron.db.ovn_revision_numbers_db [None req-3239ff4a-1742-4047-9248-a896a0388be5 f1cd95796fba4bc1a8159fc7bfcfa847 39d4ad338ccb47198d5b00974e1083f7 - - default default] Successfully bumped revision number for resource 23da87ad-cc45-45ab-b696-6ea57dbbe013 (type: security_group_rules) to 0
2026-07-14 00:40:49.172 7 INFO neutron.db.ovn_revision_numbers_db [None req-3239ff4a-1742-4047-9248-a896a0388be5 f1cd95796fba4bc1a8159fc7bfcfa847 39d4ad338ccb47198d5b00974e1083f7 - - default default] Successfully bumped revision number for resource 43d16697-9ec7-446b-b7eb-6c815e17e9ca (type: security_group_rules) to 0
2026-07-14 00:40:49.184 7 INFO neutron.db.ovn_revision_numbers_db [None req-3239ff4a-1742-4047-9248-a896a0388be5 f1cd95796fba4bc1a8159fc7bfcfa847 39d4ad338ccb47198d5b00974e1083f7 - - default default] Successfully bumped revision number for resource bc7d3e9c-c10e-47af-a409-599a9cd2f323 (type: security_group_rules) to 0
2026-07-14 00:40:49.193 7 INFO neutron.db.ovn_revision_numbers_db [None req-3239ff4a-1742-4047-9248-a896a0388be5 f1cd95796fba4bc1a8159fc7bfcfa847 39d4ad338ccb47198d5b00974e1083f7 - - default default] Successfully bumped revision number for resource ee5ab9ee-2fa9-4ffb-b540-621ebfd7aec1 (type: security_group_rules) to 0
2026-07-14 00:40:49.275 7 INFO neutron.db.segments_db [None req-3239ff4a-1742-4047-9248-a896a0388be5 f1cd95796fba4bc1a8159fc7bfcfa847 39d4ad338ccb47198d5b00974e1083f7 - - default default] Added segment 441fb7d8-a038-4eec-879a-92747173d2a2 of type geneve for network 9192c01d-4f60-446e-aa6c-4adf559e9566 [pid: 8|app: 0|req: 739/1387] 10.0.0.145 () {32 vars in 739 bytes} [Tue Jul 14 00:40:49 2026] DELETE /v2.0/security-groups/126828b5-481b-452c-a45f-27e1865f198a => generated 0 bytes in 213 msecs (HTTP/1.1 204) 2 headers in 112 bytes (1 switches on core 0) [pid: 8|app: 0|req: 740/1388] 10.0.0.145 () {32 vars in 735 bytes} [Tue Jul 14 00:40:49 2026] GET /v2.0/ports?device_id=00bfcc39-1097-4436-a926-8af02865a67d => generated 12 bytes in 19 msecs (HTTP/1.1 200) 4 headers in 156 bytes (1 switches on core 0)
2026-07-14 00:40:49.419 7 INFO neutron.db.ovn_revision_numbers_db [None req-3239ff4a-1742-4047-9248-a896a0388be5 f1cd95796fba4bc1a8159fc7bfcfa847 39d4ad338ccb47198d5b00974e1083f7 - - default default] Successfully bumped revision number for resource 9192c01d-4f60-446e-aa6c-4adf559e9566 (type: networks) to 1 [pid: 8|app: 0|req: 741/1389] 10.0.0.145 () {32 vars in 723 bytes} [Tue Jul 14 00:40:49 2026] DELETE /v2.0/routers/00bfcc39-1097-4436-a926-8af02865a67d => generated 0 bytes in 185 msecs (HTTP/1.1 204) 2 headers in 112 bytes (1 switches on core 0)
2026-07-14 00:40:49.576 7 WARNING neutron.scheduler.dhcp_agent_scheduler [None req-3239ff4a-1742-4047-9248-a896a0388be5 f1cd95796fba4bc1a8159fc7bfcfa847 39d4ad338ccb47198d5b00974e1083f7 - - default default] No more DHCP agents
2026-07-14 00:40:49.578 7 WARNING neutron.api.rpc.agentnotifiers.dhcp_rpc_agent_api [None req-3239ff4a-1742-4047-9248-a896a0388be5 f1cd95796fba4bc1a8159fc7bfcfa847 39d4ad338ccb47198d5b00974e1083f7 - - default default] Unable to schedule network 9192c01d-4f60-446e-aa6c-4adf559e9566: no agents available; will retry on subsequent port and subnet creation events.
2026-07-14 00:40:49.667 7 INFO neutron.db.ovn_revision_numbers_db [None req-3239ff4a-1742-4047-9248-a896a0388be5 f1cd95796fba4bc1a8159fc7bfcfa847 39d4ad338ccb47198d5b00974e1083f7 - - default default] Successfully bumped revision number for resource 213103b9-965c-4b5c-9770-416c744141ba (type: ports) to 1 [pid: 7|app: 0|req: 649/1390] 10.0.0.145 () {34 vars in 670 bytes} [Tue Jul 14 00:40:48 2026] POST /v2.0/networks => generated 786 bytes in 818 msecs (HTTP/1.1 201) 4 headers in 162 bytes (1 switches on core 0) [pid: 8|app: 0|req: 742/1391] 10.0.0.145 () {32 vars in 723 bytes} [Tue Jul 14 00:40:49 2026] DELETE /v2.0/subnets/c100c1f4-37f0-4c08-bf9c-567b5ab8c323 => generated 0 bytes in 179 msecs (HTTP/1.1 204) 3 headers in 131 bytes (1 switches on core 0)
2026-07-14 00:40:49.858 7 WARNING neutron.scheduler.dhcp_agent_scheduler [None req-4351811a-389a-4865-a5cf-6fb1fc0af249 f1cd95796fba4bc1a8159fc7bfcfa847 39d4ad338ccb47198d5b00974e1083f7 - - default default] No more DHCP agents
2026-07-14 00:40:49.860 7 WARNING neutron.api.rpc.agentnotifiers.dhcp_rpc_agent_api [None req-4351811a-389a-4865-a5cf-6fb1fc0af249 f1cd95796fba4bc1a8159fc7bfcfa847 39d4ad338ccb47198d5b00974e1083f7 - - default default] Unable to schedule network 9192c01d-4f60-446e-aa6c-4adf559e9566: no agents available; will retry on subsequent port and subnet creation events. [pid: 8|app: 0|req: 743/1392] 10.0.0.145 () {32 vars in 723 bytes} [Tue Jul 14 00:40:49 2026] DELETE /v2.0/subnets/b96123d9-d37f-418e-b5be-4808e3402319 => generated 0 bytes in 154 msecs (HTTP/1.1 204) 3 headers in 131 bytes (1 switches on core 0)
2026-07-14 00:40:50.004 8 INFO neutron_taas.services.taas.taas_plugin [None req-f1b805f3-525f-4ebc-bfb6-cfb9fe34d4fa 9a49ae5d9f5247fba69444be58ec6b36 f997fb7842f543358154b287c875d24d - - default default] TaaS: Handle Delete Port: 193f0b7b-ae66-4d82-9839-ec27a3671206
2026-07-14 00:40:50.008 8 INFO neutron_taas.services.taas.tap_mirror_plugin [None req-f1b805f3-525f-4ebc-bfb6-cfb9fe34d4fa 9a49ae5d9f5247fba69444be58ec6b36 f997fb7842f543358154b287c875d24d - - default default] Tap Mirror: Handle Delete Port: 193f0b7b-ae66-4d82-9839-ec27a3671206
2026-07-14 00:40:50.211 8 INFO neutron.services.segments.plugin [-] Segment 8ef52c1f-d1ad-49de-917f-d65bf2b9e0d2 resource provider aggregate not found
2026-07-14 00:40:50.219 8 INFO neutron.services.segments.plugin [-] Segment 8ef52c1f-d1ad-49de-917f-d65bf2b9e0d2 resource provider aggregate not found
2026-07-14 00:40:50.227 8 INFO neutron.services.segments.plugin [-] Client error retrieving segment 8ef52c1f-d1ad-49de-917f-d65bf2b9e0d2 resource provider; error: Placement Client Error (4xx): {"errors": [{"status": 404, "title": "Not Found", "detail": "The resource could not be found.\n\n No resource provider with uuid 8ef52c1f-d1ad-49de-917f-d65bf2b9e0d2 found for delete ", "request_id": "req-658ec5a1-8e31-4aae-834e-b8099d8c942d"}]}
2026-07-14 00:40:50.236 8 INFO neutron.services.segments.plugin [-] Client error retrieving segment 8ef52c1f-d1ad-49de-917f-d65bf2b9e0d2 resource provider; error: Placement Client Error (4xx): {"errors": [{"status": 404, "title": "Not Found", "detail": "The resource could not be found.\n\n No resource provider with uuid 8ef52c1f-d1ad-49de-917f-d65bf2b9e0d2 found for delete ", "request_id": "req-e8a25910-8a24-4968-87d3-aaa4112b70fb"}]} [pid: 8|app: 0|req: 744/1393] 10.0.0.145 () {32 vars in 725 bytes} [Tue Jul 14 00:40:49 2026] DELETE /v2.0/networks/05dddf69-3745-4a67-accf-8cac8d5bd861 => generated 0 bytes in 378 msecs (HTTP/1.1 204) 3 headers in 131 bytes (1 switches on core 0)
2026-07-14 00:40:50.327 7 INFO neutron.db.ovn_revision_numbers_db [None req-4351811a-389a-4865-a5cf-6fb1fc0af249 f1cd95796fba4bc1a8159fc7bfcfa847 39d4ad338ccb47198d5b00974e1083f7 - - default default] Successfully bumped revision number for resource 213103b9-965c-4b5c-9770-416c744141ba (type: ports) to 2
2026-07-14 00:40:50.355 7 INFO neutron.db.ovn_revision_numbers_db [None req-4351811a-389a-4865-a5cf-6fb1fc0af249 f1cd95796fba4bc1a8159fc7bfcfa847 39d4ad338ccb47198d5b00974e1083f7 - - default default] Successfully bumped revision number for resource a97fb4ca-9652-4125-9c5c-34dfddb34ab5 (type: subnets) to 0 [pid: 7|app: 0|req: 650/1394] 10.0.0.145 () {34 vars in 668 bytes} [Tue Jul 14 00:40:49 2026] POST /v2.0/subnets => generated 692 bytes in 673 msecs (HTTP/1.1 201) 4 headers in 162 bytes (1 switches on core 0)
2026-07-14 00:40:50.429 8 WARNING neutron.db.securitygroups_db [None req-ea7335d1-b5c0-4116-b042-43d261e6bb64 f1cd95796fba4bc1a8159fc7bfcfa847 39d4ad338ccb47198d5b00974e1083f7 - - default default] project_id key not found in filters, using tenant_id instead. This support has been deprecated and will be removed in a future release.
2026-07-14 00:40:50.494 7 WARNING neutron.plugins.ml2.drivers.ovn.mech_driver.ovsdb.ovn_client [None req-bd31028a-41f5-43f2-ac2c-070474b7a693 - - - - - -] No port found with ID 17dd1b0b-9cd7-4919-bab1-75a3c76cba94: RuntimeError: No port found with ID 17dd1b0b-9cd7-4919-bab1-75a3c76cba94
2026-07-14 00:40:50.497 7 INFO neutron_taas.services.taas.taas_plugin [None req-8138747d-964f-4700-a7c3-d7639cd429f0 9a49ae5d9f5247fba69444be58ec6b36 f997fb7842f543358154b287c875d24d - - default default] TaaS: Handle Delete Port: 727c75a7-837d-436f-b584-6d81394be0d6
2026-07-14 00:40:50.503 7 INFO neutron_taas.services.taas.tap_mirror_plugin [None req-8138747d-964f-4700-a7c3-d7639cd429f0 9a49ae5d9f5247fba69444be58ec6b36 f997fb7842f543358154b287c875d24d - - default default] Tap Mirror: Handle Delete Port: 727c75a7-837d-436f-b584-6d81394be0d6
2026-07-14 00:40:50.530 7 INFO neutron.plugins.ml2.drivers.ovn.mech_driver.mech_driver [None req-bd31028a-41f5-43f2-ac2c-070474b7a693 - - - - - -] OVN reports status down for port: 213103b9-965c-4b5c-9770-416c744141ba
2026-07-14 00:40:50.580 8 INFO neutron.db.ovn_revision_numbers_db [None req-ea7335d1-b5c0-4116-b042-43d261e6bb64 f1cd95796fba4bc1a8159fc7bfcfa847 39d4ad338ccb47198d5b00974e1083f7 - - default default] Successfully bumped revision number for resource d34feeee-ca85-4390-b304-374f7536833c (type: security_groups) to 1
2026-07-14 00:40:50.601 8 INFO neutron.db.ovn_revision_numbers_db [None req-ea7335d1-b5c0-4116-b042-43d261e6bb64 f1cd95796fba4bc1a8159fc7bfcfa847 39d4ad338ccb47198d5b00974e1083f7 - - default default] Successfully bumped revision number for resource 0dfd7f76-3304-4966-8530-9ae8cb958a01 (type: security_group_rules) to 0
2026-07-14 00:40:50.618 8 INFO neutron.db.ovn_revision_numbers_db [None req-ea7335d1-b5c0-4116-b042-43d261e6bb64 f1cd95796fba4bc1a8159fc7bfcfa847 39d4ad338ccb47198d5b00974e1083f7 - - default default] Successfully bumped revision number for resource 1ed51bbb-957b-41e6-9af0-c8467ce9e787 (type: security_group_rules) to 0
2026-07-14 00:40:50.633 8 INFO neutron.db.ovn_revision_numbers_db [None req-ea7335d1-b5c0-4116-b042-43d261e6bb64 f1cd95796fba4bc1a8159fc7bfcfa847 39d4ad338ccb47198d5b00974e1083f7 - - default default] Successfully bumped revision number for resource 266f85ed-3160-4856-beec-762a43601282 (type: security_group_rules) to 0
2026-07-14 00:40:50.645 8 INFO neutron.db.ovn_revision_numbers_db [None req-ea7335d1-b5c0-4116-b042-43d261e6bb64 f1cd95796fba4bc1a8159fc7bfcfa847 39d4ad338ccb47198d5b00974e1083f7 - - default default] Successfully bumped revision number for resource 9075f4d6-13aa-49f1-bdcc-6d0564378b7c (type: security_group_rules) to 0 [pid: 8|app: 0|req: 745/1395] 10.0.0.145 () {32 vars in 773 bytes} [Tue Jul 14 00:40:50 2026] GET /v2.0/security-groups?tenant_id=23abd2940a5444bbb11740644da0ea0f&name=default => generated 2925 bytes in 412 msecs (HTTP/1.1 200) 4 headers in 158 bytes (1 switches on core 0)
2026-07-14 00:40:51.147 8 WARNING neutron.scheduler.dhcp_agent_scheduler [None req-9331efea-7390-475d-9cb3-fda396d1fc3d f1cd95796fba4bc1a8159fc7bfcfa847 39d4ad338ccb47198d5b00974e1083f7 - - default default] No more DHCP agents
2026-07-14 00:40:51.149 8 WARNING neutron.api.rpc.agentnotifiers.dhcp_rpc_agent_api [None req-9331efea-7390-475d-9cb3-fda396d1fc3d f1cd95796fba4bc1a8159fc7bfcfa847 39d4ad338ccb47198d5b00974e1083f7 - - default default] Unable to schedule network 7225c6d6-a29f-4b6b-aed9-0ae0301300c3: no agents available; will retry on subsequent port and subnet creation events.
2026-07-14 00:40:51.240 7 INFO neutron.services.segments.plugin [-] Segment 442bd4b6-3b1d-4c79-bf14-352ccb2e9b10 resource provider aggregate not found
2026-07-14 00:40:51.244 7 INFO neutron.services.segments.plugin [-] Segment 442bd4b6-3b1d-4c79-bf14-352ccb2e9b10 resource provider aggregate not found
2026-07-14 00:40:51.275 7 INFO neutron.services.segments.plugin [-] Client error retrieving segment 442bd4b6-3b1d-4c79-bf14-352ccb2e9b10 resource provider; error: Placement Client Error (4xx): {"errors": [{"status": 404, "title": "Not Found", "detail": "The resource could not be found.\n\n No resource provider with uuid 442bd4b6-3b1d-4c79-bf14-352ccb2e9b10 found for delete ", "request_id": "req-872346c3-205d-4ef1-ac8a-b55b3b852c9b"}]}
2026-07-14 00:40:51.277 7 INFO neutron.services.segments.plugin [-] Client error retrieving segment 442bd4b6-3b1d-4c79-bf14-352ccb2e9b10 resource provider; error: Placement Client Error (4xx): {"errors": [{"status": 404, "title": "Not Found", "detail": "The resource could not be found.\n\n No resource provider with uuid 442bd4b6-3b1d-4c79-bf14-352ccb2e9b10 found for delete ", "request_id": "req-779403db-e51e-403b-8dd1-15a700f9cdb6"}]} [pid: 7|app: 0|req: 651/1396] 10.0.0.145 () {32 vars in 725 bytes} [Tue Jul 14 00:40:50 2026] DELETE /v2.0/networks/b749fbf1-ec08-4ce8-8ddc-5440107a24ca => generated 0 bytes in 921 msecs (HTTP/1.1 204) 3 headers in 131 bytes (1 switches on core 0)
2026-07-14 00:40:51.361 8 INFO neutron.db.ovn_revision_numbers_db [None req-9331efea-7390-475d-9cb3-fda396d1fc3d f1cd95796fba4bc1a8159fc7bfcfa847 39d4ad338ccb47198d5b00974e1083f7 - - default default] Successfully bumped revision number for resource 2f4c6db5-bcec-47a0-ada0-b9cf285ccb0f (type: ports) to 1 [pid: 7|app: 0|req: 652/1397] 10.0.0.145 () {32 vars in 739 bytes} [Tue Jul 14 00:40:51 2026] DELETE /v2.0/security-groups/d34feeee-ca85-4390-b304-374f7536833c => generated 0 bytes in 207 msecs (HTTP/1.1 204) 2 headers in 112 bytes (1 switches on core 0)
2026-07-14 00:40:51.605 7 INFO neutron.db.segments_db [None req-c743a72e-1e34-4971-be17-263ea5b020e0 9a49ae5d9f5247fba69444be58ec6b36 f997fb7842f543358154b287c875d24d - - default default] Added segment 57e95721-193e-44bf-a255-fa66b5829400 of type geneve for network a576b640-eaca-428f-8f58-58ebef108b65
2026-07-14 00:40:51.762 7 INFO neutron.db.ovn_revision_numbers_db [None req-c743a72e-1e34-4971-be17-263ea5b020e0 9a49ae5d9f5247fba69444be58ec6b36 f997fb7842f543358154b287c875d24d - - default default] Successfully bumped revision number for resource a576b640-eaca-428f-8f58-58ebef108b65 (type: networks) to 1
2026-07-14 00:40:51.988 7 WARNING neutron.scheduler.dhcp_agent_scheduler [None req-c743a72e-1e34-4971-be17-263ea5b020e0 9a49ae5d9f5247fba69444be58ec6b36 f997fb7842f543358154b287c875d24d - - default default] No more DHCP agents
2026-07-14 00:40:51.992 7 WARNING neutron.api.rpc.agentnotifiers.dhcp_rpc_agent_api [None req-c743a72e-1e34-4971-be17-263ea5b020e0 9a49ae5d9f5247fba69444be58ec6b36 f997fb7842f543358154b287c875d24d - - default default] Unable to schedule network a576b640-eaca-428f-8f58-58ebef108b65: no agents available; will retry on subsequent port and subnet creation events.
2026-07-14 00:40:52.146 7 INFO neutron.db.ovn_revision_numbers_db [None req-c743a72e-1e34-4971-be17-263ea5b020e0 9a49ae5d9f5247fba69444be58ec6b36 f997fb7842f543358154b287c875d24d - - default default] Successfully bumped revision number for resource d4753ceb-5aaf-4317-bbee-912246cf9891 (type: ports) to 1
2026-07-14 00:40:52.157 8 INFO neutron.plugins.ml2.drivers.ovn.mech_driver.ovsdb.ovsdb_monitor [None req-37225c12-8bf7-4b3e-8292-e6beb251f5a3 - - - - - -] Router bedebfea-0d17-407f-a09e-b5642f3fa4eb is bound to host instance [pid: 7|app: 0|req: 653/1398] 10.0.0.145 () {34 vars in 669 bytes} [Tue Jul 14 00:40:51 2026] POST /v2.0/networks => generated 672 bytes in 690 msecs (HTTP/1.1 201) 4 headers in 162 bytes (1 switches on core 0)
2026-07-14 00:40:52.241 8 INFO neutron.db.ovn_revision_numbers_db [None req-9331efea-7390-475d-9cb3-fda396d1fc3d f1cd95796fba4bc1a8159fc7bfcfa847 39d4ad338ccb47198d5b00974e1083f7 - - default default] Successfully bumped revision number for resource 2f4c6db5-bcec-47a0-ada0-b9cf285ccb0f (type: router_ports) to 1
2026-07-14 00:40:52.370 8 INFO neutron.db.ovn_revision_numbers_db [None req-9331efea-7390-475d-9cb3-fda396d1fc3d f1cd95796fba4bc1a8159fc7bfcfa847 39d4ad338ccb47198d5b00974e1083f7 - - default default] Successfully bumped revision number for resource bedebfea-0d17-407f-a09e-b5642f3fa4eb (type: routers) to 2
2026-07-14 00:40:52.377 7 WARNING neutron.scheduler.dhcp_agent_scheduler [None req-b4ec42c7-c413-4442-8d45-da787302c278 9a49ae5d9f5247fba69444be58ec6b36 f997fb7842f543358154b287c875d24d - - default default] No more DHCP agents
2026-07-14 00:40:52.378 7 WARNING neutron.api.rpc.agentnotifiers.dhcp_rpc_agent_api [None req-b4ec42c7-c413-4442-8d45-da787302c278 9a49ae5d9f5247fba69444be58ec6b36 f997fb7842f543358154b287c875d24d - - default default] Unable to schedule network a576b640-eaca-428f-8f58-58ebef108b65: no agents available; will retry on subsequent port and subnet creation events. [pid: 8|app: 0|req: 746/1399] 10.0.0.145 () {34 vars in 668 bytes} [Tue Jul 14 00:40:50 2026] POST /v2.0/routers => generated 991 bytes in 1720 msecs (HTTP/1.1 201) 4 headers in 162 bytes (1 switches on core 0)
2026-07-14 00:40:52.409 7 INFO neutron.db.ovn_revision_numbers_db [None req-b4ec42c7-c413-4442-8d45-da787302c278 9a49ae5d9f5247fba69444be58ec6b36 f997fb7842f543358154b287c875d24d - - default default] Successfully bumped revision number for resource 01d60a0a-ba63-4feb-b2af-477b06e84492 (type: subnets) to 0 [pid: 7|app: 0|req: 654/1400] 10.0.0.145 () {34 vars in 668 bytes} [Tue Jul 14 00:40:52 2026] POST /v2.0/subnets => generated 646 bytes in 235 msecs (HTTP/1.1 201) 4 headers in 162 bytes (1 switches on core 0)
2026-07-14 00:40:52.565 7 INFO neutron.db.ovn_revision_numbers_db [None req-2ddce5fc-b3dd-4895-86a9-abeac589b6e0 9a49ae5d9f5247fba69444be58ec6b36 f997fb7842f543358154b287c875d24d - - default default] Successfully bumped revision number for resource 355e0086-c565-448d-9a1f-93948472a53a (type: routers) to 1 [pid: 7|app: 0|req: 655/1401] 10.0.0.145 () {34 vars in 668 bytes} [Tue Jul 14 00:40:52 2026] POST /v2.0/routers => generated 627 bytes in 175 msecs (HTTP/1.1 201) 4 headers in 162 bytes (1 switches on core 0)
2026-07-14 00:40:52.869 7 WARNING neutron.scheduler.dhcp_agent_scheduler [None req-d3b26743-af97-4e89-ba07-0d934d331295 9a49ae5d9f5247fba69444be58ec6b36 f997fb7842f543358154b287c875d24d - - default default] No more DHCP agents
2026-07-14 00:40:52.870 7 WARNING neutron.api.rpc.agentnotifiers.dhcp_rpc_agent_api [None req-d3b26743-af97-4e89-ba07-0d934d331295 9a49ae5d9f5247fba69444be58ec6b36 f997fb7842f543358154b287c875d24d - - default default] Unable to schedule network a576b640-eaca-428f-8f58-58ebef108b65: no agents available; will retry on subsequent port and subnet creation events.
2026-07-14 00:40:53.005 7 INFO neutron.db.ovn_revision_numbers_db [None req-d3b26743-af97-4e89-ba07-0d934d331295 9a49ae5d9f5247fba69444be58ec6b36 f997fb7842f543358154b287c875d24d - - default default] Successfully bumped revision number for resource 472aedbc-34c2-4a68-ac7c-9fb1c9ad0f73 (type: ports) to 1 [pid: 7|app: 0|req: 656/1402] 10.0.0.145 () {34 vars in 664 bytes} [Tue Jul 14 00:40:52 2026] POST /v2.0/ports => generated 962 bytes in 438 msecs (HTTP/1.1 201) 4 headers in 162 bytes (1 switches on core 0)
2026-07-14 00:40:53.284 8 WARNING neutron.plugins.ml2.drivers.ovn.mech_driver.ovsdb.ovn_client [None req-d5e3fdea-6f65-4516-ac06-229b3741ee42 - - - - - -] No port found with ID 5ddce6aa-29f2-4bab-9d05-0d51e543fd51: RuntimeError: No port found with ID 5ddce6aa-29f2-4bab-9d05-0d51e543fd51 /var/lib/openstack/lib/python3.12/site-packages/pycadf/identifier.py:70: UserWarning: Invalid uuid: neutron. To ensure interoperability, identifiers should be a valid uuid. warnings.warn(('Invalid uuid: %s. To ensure interoperability, '
2026-07-14 00:40:53.365 7 WARNING neutron.db.securitygroups_db [None req-a89ecdf2-aace-47ee-8aaf-c0f601c505ec f1cd95796fba4bc1a8159fc7bfcfa847 39d4ad338ccb47198d5b00974e1083f7 - - default default] project_id key not found in filters, using tenant_id instead. This support has been deprecated and will be removed in a future release.
2026-07-14 00:40:53.372 8 INFO neutron.plugins.ml2.drivers.ovn.mech_driver.mech_driver [None req-d5e3fdea-6f65-4516-ac06-229b3741ee42 - - - - - -] OVN reports status down for port: 2f4c6db5-bcec-47a0-ada0-b9cf285ccb0f
2026-07-14 00:40:53.455 8 WARNING neutron.scheduler.dhcp_agent_scheduler [None req-d9ed3a05-f2a5-4126-b708-09cf94ee0788 f1cd95796fba4bc1a8159fc7bfcfa847 39d4ad338ccb47198d5b00974e1083f7 - - default default] No more DHCP agents
2026-07-14 00:40:53.460 8 WARNING neutron.api.rpc.agentnotifiers.dhcp_rpc_agent_api [None req-d9ed3a05-f2a5-4126-b708-09cf94ee0788 f1cd95796fba4bc1a8159fc7bfcfa847 39d4ad338ccb47198d5b00974e1083f7 - - default default] Unable to schedule network 9192c01d-4f60-446e-aa6c-4adf559e9566: no agents available; will retry on subsequent port and subnet creation events.
2026-07-14 00:40:53.527 7 INFO neutron.db.ovn_revision_numbers_db [None req-a89ecdf2-aace-47ee-8aaf-c0f601c505ec f1cd95796fba4bc1a8159fc7bfcfa847 39d4ad338ccb47198d5b00974e1083f7 - - default default] Successfully bumped revision number for resource ab52294a-2f8b-4ecd-9353-fd62926827cc (type: security_groups) to 1
2026-07-14 00:40:53.543 7 INFO neutron.db.ovn_revision_numbers_db [None req-a89ecdf2-aace-47ee-8aaf-c0f601c505ec f1cd95796fba4bc1a8159fc7bfcfa847 39d4ad338ccb47198d5b00974e1083f7 - - default default] Successfully bumped revision number for resource 215cd858-59be-415b-8c6e-a6be302c8cf4 (type: security_group_rules) to 0
2026-07-14 00:40:53.559 7 INFO neutron.db.ovn_revision_numbers_db [None req-a89ecdf2-aace-47ee-8aaf-c0f601c505ec f1cd95796fba4bc1a8159fc7bfcfa847 39d4ad338ccb47198d5b00974e1083f7 - - default default] Successfully bumped revision number for resource 42803991-91ca-4416-9b1e-9c8af03a3d99 (type: security_group_rules) to 0
2026-07-14 00:40:53.573 7 INFO neutron.db.ovn_revision_numbers_db [None req-a89ecdf2-aace-47ee-8aaf-c0f601c505ec f1cd95796fba4bc1a8159fc7bfcfa847 39d4ad338ccb47198d5b00974e1083f7 - - default default] Successfully bumped revision number for resource 8ad5f8f1-6197-4a69-9ff5-5756395f36b7 (type: security_group_rules) to 0
2026-07-14 00:40:53.586 7 INFO neutron.db.ovn_revision_numbers_db [None req-a89ecdf2-aace-47ee-8aaf-c0f601c505ec f1cd95796fba4bc1a8159fc7bfcfa847 39d4ad338ccb47198d5b00974e1083f7 - - default default] Successfully bumped revision number for resource ffbec441-7d2c-4fa5-9bb3-404ba58974d1 (type: security_group_rules) to 0
2026-07-14 00:40:53.603 8 WARNING neutron.plugins.ml2.drivers.ovn.mech_driver.ovsdb.ovn_client [None req-d5e3fdea-6f65-4516-ac06-229b3741ee42 - - - - - -] Logical_Switch_Port 2f4c6db5-bcec-47a0-ada0-b9cf285ccb0f host information not removed, the port state is up
2026-07-14 00:40:53.603 8 INFO neutron.plugins.ml2.drivers.ovn.mech_driver.mech_driver [None req-d5e3fdea-6f65-4516-ac06-229b3741ee42 - - - - - -] OVN reports status down for port: d4753ceb-5aaf-4317-bbee-912246cf9891 [pid: 7|app: 0|req: 657/1403] 10.0.0.145 () {32 vars in 773 bytes} [Tue Jul 14 00:40:53 2026] GET /v2.0/security-groups?tenant_id=96f562ba2e514586ac830e6ccc2b4724&name=default => generated 2925 bytes in 578 msecs (HTTP/1.1 200) 4 headers in 158 bytes (1 switches on core 0)
2026-07-14 00:40:53.795 7 INFO neutron.plugins.ml2.drivers.ovn.mech_driver.mech_driver [None req-bd31028a-41f5-43f2-ac2c-070474b7a693 - - - - - -] OVN reports status down for port: de5f8634-fc84-4a2b-bc97-70c1cbc2e52f
2026-07-14 00:40:53.846 8 INFO neutron.plugins.ml2.drivers.ovn.mech_driver.mech_driver [None req-d5e3fdea-6f65-4516-ac06-229b3741ee42 - - - - - -] OVN reports status up for port: 2f4c6db5-bcec-47a0-ada0-b9cf285ccb0f
2026-07-14 00:40:53.867 8 INFO neutron.db.ovn_revision_numbers_db [None req-d9ed3a05-f2a5-4126-b708-09cf94ee0788 f1cd95796fba4bc1a8159fc7bfcfa847 39d4ad338ccb47198d5b00974e1083f7 - - default default] Successfully bumped revision number for resource de5f8634-fc84-4a2b-bc97-70c1cbc2e52f (type: ports) to 1
2026-07-14 00:40:53.888 8 INFO neutron.plugins.ml2.plugin [None req-d5e3fdea-6f65-4516-ac06-229b3741ee42 - - - - - -] Attempt 1 to provision port 2f4c6db5-bcec-47a0-ada0-b9cf285ccb0f
2026-07-14 00:40:54.204 7 INFO neutron.db.ovn_revision_numbers_db [None req-c5b88ae5-46ef-428d-889f-734a55e1a6c1 9a49ae5d9f5247fba69444be58ec6b36 f997fb7842f543358154b287c875d24d - - default default] Successfully bumped revision number for resource 472aedbc-34c2-4a68-ac7c-9fb1c9ad0f73 (type: ports) to 2
2026-07-14 00:40:54.737 8 INFO neutron.db.ovn_revision_numbers_db [None req-03b0efb2-8ad0-4a62-a6ee-bd44d822a0ac - - - - - -] Successfully bumped revision number for resource 2f4c6db5-bcec-47a0-ada0-b9cf285ccb0f (type: ports) to 4
2026-07-14 00:40:54.882 7 WARNING neutron.scheduler.dhcp_agent_scheduler [None req-c5b88ae5-46ef-428d-889f-734a55e1a6c1 9a49ae5d9f5247fba69444be58ec6b36 f997fb7842f543358154b287c875d24d - - default default] No more DHCP agents
2026-07-14 00:40:54.884 7 WARNING neutron.api.rpc.agentnotifiers.dhcp_rpc_agent_api [None req-c5b88ae5-46ef-428d-889f-734a55e1a6c1 9a49ae5d9f5247fba69444be58ec6b36 f997fb7842f543358154b287c875d24d - - default default] Unable to schedule network a576b640-eaca-428f-8f58-58ebef108b65: no agents available; will retry on subsequent port and subnet creation events.
2026-07-14 00:40:55.067 7 INFO neutron.db.ovn_revision_numbers_db [None req-c5b88ae5-46ef-428d-889f-734a55e1a6c1 9a49ae5d9f5247fba69444be58ec6b36 f997fb7842f543358154b287c875d24d - - default default] Successfully bumped revision number for resource 472aedbc-34c2-4a68-ac7c-9fb1c9ad0f73 (type: router_ports) to 2 [pid: 7|app: 0|req: 658/1404] 10.0.0.145 () {34 vars in 782 bytes} [Tue Jul 14 00:40:53 2026] PUT /v2.0/routers/355e0086-c565-448d-9a1f-93948472a53a/add_router_interface => generated 310 bytes in 1441 msecs (HTTP/1.1 200) 4 headers in 157 bytes (1 switches on core 0) /var/lib/openstack/lib/python3.12/site-packages/pycadf/identifier.py:70: UserWarning: Invalid uuid: neutron. To ensure interoperability, identifiers should be a valid uuid. warnings.warn(('Invalid uuid: %s. To ensure interoperability, '
2026-07-14 00:40:55.212 8 INFO neutron.db.ovn_revision_numbers_db [None req-d5e3fdea-6f65-4516-ac06-229b3741ee42 - - - - - -] Successfully bumped revision number for resource 2f4c6db5-bcec-47a0-ada0-b9cf285ccb0f (type: ports) to 5
2026-07-14 00:40:55.277 7 INFO neutron.db.ovn_revision_numbers_db [None req-9da5878d-8b65-4dde-98c8-18dcb475d0ed f1cd95796fba4bc1a8159fc7bfcfa847 39d4ad338ccb47198d5b00974e1083f7 - - default default] Successfully bumped revision number for resource b6a5a733-370c-4d4a-a8f5-8e4b30763e29 (type: security_groups) to 1
2026-07-14 00:40:55.293 7 INFO neutron.db.ovn_revision_numbers_db [None req-9da5878d-8b65-4dde-98c8-18dcb475d0ed f1cd95796fba4bc1a8159fc7bfcfa847 39d4ad338ccb47198d5b00974e1083f7 - - default default] Successfully bumped revision number for resource 131648a3-3f28-4602-81f1-b964ff9403ac (type: security_group_rules) to 0
2026-07-14 00:40:55.314 7 INFO neutron.db.ovn_revision_numbers_db [None req-9da5878d-8b65-4dde-98c8-18dcb475d0ed f1cd95796fba4bc1a8159fc7bfcfa847 39d4ad338ccb47198d5b00974e1083f7 - - default default] Successfully bumped revision number for resource 297b8451-c8d4-437b-84d3-9b1760b8fc26 (type: security_group_rules) to 0
2026-07-14 00:40:55.336 7 INFO neutron.db.ovn_revision_numbers_db [None req-9da5878d-8b65-4dde-98c8-18dcb475d0ed f1cd95796fba4bc1a8159fc7bfcfa847 39d4ad338ccb47198d5b00974e1083f7 - - default default] Successfully bumped revision number for resource 586fd175-9a52-42d1-9262-a29096a2f9e2 (type: security_group_rules) to 0
2026-07-14 00:40:55.352 7 INFO neutron.db.ovn_revision_numbers_db [None req-9da5878d-8b65-4dde-98c8-18dcb475d0ed f1cd95796fba4bc1a8159fc7bfcfa847 39d4ad338ccb47198d5b00974e1083f7 - - default default] Successfully bumped revision number for resource 800d066e-7acc-4caa-9274-35bd29976f94 (type: security_group_rules) to 0
2026-07-14 00:40:55.427 7 INFO neutron.db.segments_db [None req-9da5878d-8b65-4dde-98c8-18dcb475d0ed f1cd95796fba4bc1a8159fc7bfcfa847 39d4ad338ccb47198d5b00974e1083f7 - - default default] Added segment 00ae5d70-bbe2-478f-9e63-29d999fcab83 of type geneve for network e44fd500-c874-4740-ba61-cf0dc0c5d1b9
2026-07-14 00:40:55.435 8 INFO neutron.plugins.ml2.drivers.ovn.mech_driver.mech_driver [None req-318f09e7-4d24-41b3-842a-8519f7f0180b - - - - - -] OVN reports status down for port: 472aedbc-34c2-4a68-ac7c-9fb1c9ad0f73
2026-07-14 00:40:55.541 7 INFO neutron.db.ovn_revision_numbers_db [None req-9da5878d-8b65-4dde-98c8-18dcb475d0ed f1cd95796fba4bc1a8159fc7bfcfa847 39d4ad338ccb47198d5b00974e1083f7 - - default default] Successfully bumped revision number for resource e44fd500-c874-4740-ba61-cf0dc0c5d1b9 (type: networks) to 1
2026-07-14 00:40:55.553 8 WARNING neutron.plugins.ml2.drivers.ovn.mech_driver.ovsdb.ovn_client [None req-318f09e7-4d24-41b3-842a-8519f7f0180b - - - - - -] Logical_Switch_Port 472aedbc-34c2-4a68-ac7c-9fb1c9ad0f73 host information not removed, the port state is up
2026-07-14 00:40:55.553 8 INFO neutron.plugins.ml2.drivers.ovn.mech_driver.mech_driver [None req-318f09e7-4d24-41b3-842a-8519f7f0180b - - - - - -] OVN reports status up for port: 472aedbc-34c2-4a68-ac7c-9fb1c9ad0f73
2026-07-14 00:40:55.594 8 INFO neutron.plugins.ml2.plugin [None req-318f09e7-4d24-41b3-842a-8519f7f0180b - - - - - -] Attempt 1 to provision port 472aedbc-34c2-4a68-ac7c-9fb1c9ad0f73
2026-07-14 00:40:55.715 7 INFO neutron.plugins.ml2.drivers.ovn.mech_driver.mech_driver [None req-bd31028a-41f5-43f2-ac2c-070474b7a693 - - - - - -] OVN reports status up for port: de5f8634-fc84-4a2b-bc97-70c1cbc2e52f
2026-07-14 00:40:55.740 7 INFO neutron.plugins.ml2.plugin [None req-bd31028a-41f5-43f2-ac2c-070474b7a693 - - - - - -] Attempt 1 to provision port de5f8634-fc84-4a2b-bc97-70c1cbc2e52f
2026-07-14 00:40:55.743 7 WARNING neutron.scheduler.dhcp_agent_scheduler [None req-9da5878d-8b65-4dde-98c8-18dcb475d0ed f1cd95796fba4bc1a8159fc7bfcfa847 39d4ad338ccb47198d5b00974e1083f7 - - default default] No more DHCP agents
2026-07-14 00:40:55.746 7 WARNING neutron.api.rpc.agentnotifiers.dhcp_rpc_agent_api [None req-9da5878d-8b65-4dde-98c8-18dcb475d0ed f1cd95796fba4bc1a8159fc7bfcfa847 39d4ad338ccb47198d5b00974e1083f7 - - default default] Unable to schedule network e44fd500-c874-4740-ba61-cf0dc0c5d1b9: no agents available; will retry on subsequent port and subnet creation events.
2026-07-14 00:40:55.764 8 INFO neutron.plugins.ml2.plugin [None req-d9ed3a05-f2a5-4126-b708-09cf94ee0788 f1cd95796fba4bc1a8159fc7bfcfa847 39d4ad338ccb47198d5b00974e1083f7 - - default default] Attempt 1 to provision port de5f8634-fc84-4a2b-bc97-70c1cbc2e52f
2026-07-14 00:40:55.920 7 INFO neutron.db.ovn_revision_numbers_db [None req-9da5878d-8b65-4dde-98c8-18dcb475d0ed f1cd95796fba4bc1a8159fc7bfcfa847 39d4ad338ccb47198d5b00974e1083f7 - - default default] Successfully bumped revision number for resource c6916318-0401-4ea7-a5f3-4b4d22b9aa35 (type: ports) to 1
2026-07-14 00:40:55.921 8 WARNING neutron.scheduler.dhcp_agent_scheduler [None req-d9ed3a05-f2a5-4126-b708-09cf94ee0788 f1cd95796fba4bc1a8159fc7bfcfa847 39d4ad338ccb47198d5b00974e1083f7 - - default default] No more DHCP agents
2026-07-14 00:40:55.926 8 WARNING neutron.api.rpc.agentnotifiers.dhcp_rpc_agent_api [None req-d9ed3a05-f2a5-4126-b708-09cf94ee0788 f1cd95796fba4bc1a8159fc7bfcfa847 39d4ad338ccb47198d5b00974e1083f7 - - default default] Unable to schedule network 9192c01d-4f60-446e-aa6c-4adf559e9566: no agents available; will retry on subsequent port and subnet creation events. [pid: 7|app: 0|req: 659/1405] 10.0.0.145 () {34 vars in 670 bytes} [Tue Jul 14 00:40:55 2026] POST /v2.0/networks => generated 782 bytes in 913 msecs (HTTP/1.1 201) 4 headers in 162 bytes (1 switches on core 0)
2026-07-14 00:40:56.375 8 INFO neutron.db.ovn_revision_numbers_db [None req-318f09e7-4d24-41b3-842a-8519f7f0180b - - - - - -] Successfully bumped revision number for resource 472aedbc-34c2-4a68-ac7c-9fb1c9ad0f73 (type: ports) to 3 [pid: 7|app: 0|req: 660/1406] 10.0.0.145 () {32 vars in 739 bytes} [Tue Jul 14 00:40:55 2026] DELETE /v2.0/security-groups/ab52294a-2f8b-4ecd-9353-fd62926827cc => generated 0 bytes in 399 msecs (HTTP/1.1 204) 2 headers in 112 bytes (1 switches on core 0)
2026-07-14 00:40:56.413 7 INFO neutron.db.ovn_revision_numbers_db [None req-bd31028a-41f5-43f2-ac2c-070474b7a693 - - - - - -] Successfully bumped revision number for resource de5f8634-fc84-4a2b-bc97-70c1cbc2e52f (type: ports) to 2 [pid: 7|app: 0|req: 661/1407] 10.0.0.145 () {32 vars in 716 bytes} [Tue Jul 14 00:40:56 2026] GET /v2.0/ports/472aedbc-34c2-4a68-ac7c-9fb1c9ad0f73 => generated 1024 bytes in 64 msecs (HTTP/1.1 200) 4 headers in 158 bytes (1 switches on core 0)
2026-07-14 00:40:56.668 8 INFO neutron.db.ovn_revision_numbers_db [None req-d9ed3a05-f2a5-4126-b708-09cf94ee0788 f1cd95796fba4bc1a8159fc7bfcfa847 39d4ad338ccb47198d5b00974e1083f7 - - default default] Successfully bumped revision number for resource de5f8634-fc84-4a2b-bc97-70c1cbc2e52f (type: router_ports) to 1 [pid: 8|app: 0|req: 747/1408] 10.0.0.145 () {34 vars in 782 bytes} [Tue Jul 14 00:40:52 2026] PUT /v2.0/routers/bedebfea-0d17-407f-a09e-b5642f3fa4eb/add_router_interface => generated 310 bytes in 4258 msecs (HTTP/1.1 200) 4 headers in 157 bytes (1 switches on core 0) /var/lib/openstack/lib/python3.12/site-packages/pycadf/identifier.py:70: UserWarning: Invalid uuid: neutron. To ensure interoperability, identifiers should be a valid uuid. warnings.warn(('Invalid uuid: %s. To ensure interoperability, '
2026-07-14 00:40:56.766 7 WARNING neutron.scheduler.dhcp_agent_scheduler [None req-b1f2b9bb-33ca-4559-ade5-3b5104e7a834 f1cd95796fba4bc1a8159fc7bfcfa847 39d4ad338ccb47198d5b00974e1083f7 - - default default] No more DHCP agents
2026-07-14 00:40:56.768 7 WARNING neutron.api.rpc.agentnotifiers.dhcp_rpc_agent_api [None req-b1f2b9bb-33ca-4559-ade5-3b5104e7a834 f1cd95796fba4bc1a8159fc7bfcfa847 39d4ad338ccb47198d5b00974e1083f7 - - default default] Unable to schedule network e44fd500-c874-4740-ba61-cf0dc0c5d1b9: no agents available; will retry on subsequent port and subnet creation events.
2026-07-14 00:40:56.997 8 INFO neutron_taas.services.taas.taas_plugin [None req-1dbabcc6-7425-42f1-921c-dd807266fd7c 9a49ae5d9f5247fba69444be58ec6b36 f997fb7842f543358154b287c875d24d - - default default] TaaS: Handle Delete Port: 472aedbc-34c2-4a68-ac7c-9fb1c9ad0f73
2026-07-14 00:40:57.001 8 INFO neutron_taas.services.taas.tap_mirror_plugin [None req-1dbabcc6-7425-42f1-921c-dd807266fd7c 9a49ae5d9f5247fba69444be58ec6b36 f997fb7842f543358154b287c875d24d - - default default] Tap Mirror: Handle Delete Port: 472aedbc-34c2-4a68-ac7c-9fb1c9ad0f73
2026-07-14 00:40:57.260 7 INFO neutron.db.ovn_revision_numbers_db [None req-b1f2b9bb-33ca-4559-ade5-3b5104e7a834 f1cd95796fba4bc1a8159fc7bfcfa847 39d4ad338ccb47198d5b00974e1083f7 - - default default] Successfully bumped revision number for resource c6916318-0401-4ea7-a5f3-4b4d22b9aa35 (type: ports) to 2
2026-07-14 00:40:57.292 7 INFO neutron.db.ovn_revision_numbers_db [None req-b1f2b9bb-33ca-4559-ade5-3b5104e7a834 f1cd95796fba4bc1a8159fc7bfcfa847 39d4ad338ccb47198d5b00974e1083f7 - - default default] Successfully bumped revision number for resource 72612ede-0987-4f9a-850b-6a238f44040d (type: subnets) to 0 [pid: 8|app: 0|req: 750/1411] 10.0.0.145 () {34 vars in 788 bytes} [Tue Jul 14 00:40:56 2026] PUT /v2.0/routers/355e0086-c565-448d-9a1f-93948472a53a/remove_router_interface => generated 310 bytes in 627 msecs (HTTP/1.1 200) 4 headers in 157 bytes (1 switches on core 0) /var/lib/openstack/lib/python3.12/site-packages/pycadf/identifier.py:70: UserWarning: Invalid uuid: neutron. To ensure interoperability, identifiers should be a valid uuid. warnings.warn(('Invalid uuid: %s. To ensure interoperability, ' [pid: 7|app: 0|req: 662/1412] 10.0.0.145 () {34 vars in 668 bytes} [Tue Jul 14 00:40:56 2026] POST /v2.0/subnets => generated 688 bytes in 864 msecs (HTTP/1.1 201) 4 headers in 162 bytes (1 switches on core 0)
2026-07-14 00:40:57.378 8 INFO neutron.api.v2.resource [None req-f19d3794-71df-4bb9-a1a0-e4ad86d20028 9a49ae5d9f5247fba69444be58ec6b36 f997fb7842f543358154b287c875d24d - - default default] remove_router_interface failed (client error): The resource could not be found. [pid: 8|app: 0|req: 751/1413] 10.0.0.145 () {34 vars in 788 bytes} [Tue Jul 14 00:40:57 2026] PUT /v2.0/routers/355e0086-c565-448d-9a1f-93948472a53a/remove_router_interface => generated 197 bytes in 69 msecs (HTTP/1.1 404) 4 headers in 164 bytes (1 switches on core 0) [pid: 8|app: 0|req: 752/1414] 10.0.0.145 () {32 vars in 735 bytes} [Tue Jul 14 00:40:57 2026] GET /v2.0/ports?device_id=355e0086-c565-448d-9a1f-93948472a53a => generated 12 bytes in 26 msecs (HTTP/1.1 200) 4 headers in 156 bytes (1 switches on core 0) [pid: 8|app: 0|req: 753/1415] 10.0.0.145 () {32 vars in 723 bytes} [Tue Jul 14 00:40:57 2026] DELETE /v2.0/routers/355e0086-c565-448d-9a1f-93948472a53a => generated 0 bytes in 204 msecs (HTTP/1.1 204) 2 headers in 112 bytes (1 switches on core 0)
2026-07-14 00:40:57.758 7 WARNING neutron.scheduler.dhcp_agent_scheduler [None req-c5e237cc-498e-49e7-abdf-9f38f9cedf79 f1cd95796fba4bc1a8159fc7bfcfa847 39d4ad338ccb47198d5b00974e1083f7 - - default default] No more DHCP agents
2026-07-14 00:40:57.761 7 WARNING neutron.api.rpc.agentnotifiers.dhcp_rpc_agent_api [None req-c5e237cc-498e-49e7-abdf-9f38f9cedf79 f1cd95796fba4bc1a8159fc7bfcfa847 39d4ad338ccb47198d5b00974e1083f7 - - default default] Unable to schedule network 7225c6d6-a29f-4b6b-aed9-0ae0301300c3: no agents available; will retry on subsequent port and subnet creation events. [pid: 8|app: 0|req: 754/1416] 10.0.0.145 () {32 vars in 723 bytes} [Tue Jul 14 00:40:57 2026] DELETE /v2.0/subnets/01d60a0a-ba63-4feb-b2af-477b06e84492 => generated 0 bytes in 141 msecs (HTTP/1.1 204) 3 headers in 131 bytes (1 switches on core 0) [pid: 8|app: 0|req: 755/1417] 10.0.0.143 () {34 vars in 981 bytes} [Tue Jul 14 00:40:57 2026] GET /v2.0/networks?id=9192c01d-4f60-446e-aa6c-4adf559e9566 => generated 715 bytes in 43 msecs (HTTP/1.1 200) 4 headers in 157 bytes (1 switches on core 0)
2026-07-14 00:40:57.926 8 INFO neutron_taas.services.taas.taas_plugin [None req-531ee609-49e7-4d12-a76b-b1bf90a9ef6e 9a49ae5d9f5247fba69444be58ec6b36 f997fb7842f543358154b287c875d24d - - default default] TaaS: Handle Delete Port: d4753ceb-5aaf-4317-bbee-912246cf9891
2026-07-14 00:40:57.929 8 INFO neutron_taas.services.taas.tap_mirror_plugin [None req-531ee609-49e7-4d12-a76b-b1bf90a9ef6e 9a49ae5d9f5247fba69444be58ec6b36 f997fb7842f543358154b287c875d24d - - default default] Tap Mirror: Handle Delete Port: d4753ceb-5aaf-4317-bbee-912246cf9891
2026-07-14 00:40:57.932 7 INFO neutron.db.ovn_revision_numbers_db [None req-c5e237cc-498e-49e7-abdf-9f38f9cedf79 f1cd95796fba4bc1a8159fc7bfcfa847 39d4ad338ccb47198d5b00974e1083f7 - - default default] Successfully bumped revision number for resource 2eb26588-c385-4b1b-909f-94a0895b3168 (type: ports) to 1
2026-07-14 00:40:58.115 8 INFO neutron.services.segments.plugin [-] Segment 57e95721-193e-44bf-a255-fa66b5829400 resource provider aggregate not found
2026-07-14 00:40:58.119 8 INFO neutron.services.segments.plugin [-] Segment 57e95721-193e-44bf-a255-fa66b5829400 resource provider aggregate not found
2026-07-14 00:40:58.141 8 INFO neutron.services.segments.plugin [-] Client error retrieving segment 57e95721-193e-44bf-a255-fa66b5829400 resource provider; error: Placement Client Error (4xx): {"errors": [{"status": 404, "title": "Not Found", "detail": "The resource could not be found.\n\n No resource provider with uuid 57e95721-193e-44bf-a255-fa66b5829400 found for delete ", "request_id": "req-7cf415e5-67b5-4669-a6ef-42e4065c0228"}]}
2026-07-14 00:40:58.141 8 INFO neutron.services.segments.plugin [-] Client error retrieving segment 57e95721-193e-44bf-a255-fa66b5829400 resource provider; error: Placement Client Error (4xx): {"errors": [{"status": 404, "title": "Not Found", "detail": "The resource could not be found.\n\n No resource provider with uuid 57e95721-193e-44bf-a255-fa66b5829400 found for delete ", "request_id": "req-7a056cb6-18c3-43ba-98d6-551076ca74ec"}]} [pid: 8|app: 0|req: 756/1418] 10.0.0.145 () {32 vars in 725 bytes} [Tue Jul 14 00:40:57 2026] DELETE /v2.0/networks/a576b640-eaca-428f-8f58-58ebef108b65 => generated 0 bytes in 369 msecs (HTTP/1.1 204) 3 headers in 131 bytes (1 switches on core 0) [pid: 8|app: 0|req: 757/1419] 10.0.0.143 () {34 vars in 964 bytes} [Tue Jul 14 00:40:58 2026] GET /v2.0/quotas/e117af512add4860a393660f07237a7c => generated 312 bytes in 9 msecs (HTTP/1.1 200) 4 headers in 157 bytes (1 switches on core 0)
2026-07-14 00:40:58.286 8 INFO neutron.db.segments_db [None req-00b51349-eee9-49ed-a86e-f4eac41015a2 9a49ae5d9f5247fba69444be58ec6b36 f997fb7842f543358154b287c875d24d - - default default] Added segment 796701f2-9259-4186-9712-4c2494f3fdf0 of type geneve for network 5b7ed069-9c51-409f-8f62-2389d85d095d
2026-07-14 00:40:58.416 8 INFO neutron.db.ovn_revision_numbers_db [None req-00b51349-eee9-49ed-a86e-f4eac41015a2 9a49ae5d9f5247fba69444be58ec6b36 f997fb7842f543358154b287c875d24d - - default default] Successfully bumped revision number for resource 5b7ed069-9c51-409f-8f62-2389d85d095d (type: networks) to 1
2026-07-14 00:40:58.521 7 INFO neutron.plugins.ml2.drivers.ovn.mech_driver.ovsdb.ovsdb_monitor [None req-06c4b415-c839-4649-98d1-acc1b0d19bf5 - - - - - -] Router 0651585d-8e77-4da4-ba5e-658dba74b6a8 is bound to host instance
2026-07-14 00:40:58.642 7 INFO neutron.db.ovn_revision_numbers_db [None req-c5e237cc-498e-49e7-abdf-9f38f9cedf79 f1cd95796fba4bc1a8159fc7bfcfa847 39d4ad338ccb47198d5b00974e1083f7 - - default default] Successfully bumped revision number for resource 2eb26588-c385-4b1b-909f-94a0895b3168 (type: router_ports) to 1
2026-07-14 00:40:58.642 8 WARNING neutron.scheduler.dhcp_agent_scheduler [None req-00b51349-eee9-49ed-a86e-f4eac41015a2 9a49ae5d9f5247fba69444be58ec6b36 f997fb7842f543358154b287c875d24d - - default default] No more DHCP agents
2026-07-14 00:40:58.644 8 WARNING neutron.api.rpc.agentnotifiers.dhcp_rpc_agent_api [None req-00b51349-eee9-49ed-a86e-f4eac41015a2 9a49ae5d9f5247fba69444be58ec6b36 f997fb7842f543358154b287c875d24d - - default default] Unable to schedule network 5b7ed069-9c51-409f-8f62-2389d85d095d: no agents available; will retry on subsequent port and subnet creation events.
2026-07-14 00:40:58.768 8 INFO neutron.db.ovn_revision_numbers_db [None req-00b51349-eee9-49ed-a86e-f4eac41015a2 9a49ae5d9f5247fba69444be58ec6b36 f997fb7842f543358154b287c875d24d - - default default] Successfully bumped revision number for resource 0cdce7cc-f86e-42bf-b0ed-bec37420e97f (type: ports) to 1 [pid: 8|app: 0|req: 758/1420] 10.0.0.145 () {34 vars in 669 bytes} [Tue Jul 14 00:40:58 2026] POST /v2.0/networks => generated 672 bytes in 605 msecs (HTTP/1.1 201) 4 headers in 162 bytes (1 switches on core 0)
2026-07-14 00:40:58.791 7 INFO neutron.db.ovn_revision_numbers_db [None req-c5e237cc-498e-49e7-abdf-9f38f9cedf79 f1cd95796fba4bc1a8159fc7bfcfa847 39d4ad338ccb47198d5b00974e1083f7 - - default default] Successfully bumped revision number for resource 0651585d-8e77-4da4-ba5e-658dba74b6a8 (type: routers) to 2 [pid: 7|app: 0|req: 663/1421] 10.0.0.145 () {34 vars in 668 bytes} [Tue Jul 14 00:40:57 2026] POST /v2.0/routers => generated 987 bytes in 1505 msecs (HTTP/1.1 201) 4 headers in 162 bytes (1 switches on core 0) [pid: 8|app: 0|req: 759/1422] 10.0.0.143 () {34 vars in 1001 bytes} [Tue Jul 14 00:40:58 2026] GET /v2.0/ports?tenant_id=e117af512add4860a393660f07237a7c&fields=id => generated 103 bytes in 74 msecs (HTTP/1.1 200) 4 headers in 157 bytes (1 switches on core 0)
2026-07-14 00:40:59.038 8 WARNING neutron.db.securitygroups_db [None req-84651d53-d2d4-4429-a18f-5b8465226c56 f1cd95796fba4bc1a8159fc7bfcfa847 39d4ad338ccb47198d5b00974e1083f7 - - default default] project_id key not found in filters, using tenant_id instead. This support has been deprecated and will be removed in a future release.
2026-07-14 00:40:59.122 7 WARNING neutron.scheduler.dhcp_agent_scheduler [None req-245d39ca-3784-4807-9d08-dc874c9873a4 9a49ae5d9f5247fba69444be58ec6b36 f997fb7842f543358154b287c875d24d - - default default] No more DHCP agents
2026-07-14 00:40:59.125 7 WARNING neutron.api.rpc.agentnotifiers.dhcp_rpc_agent_api [None req-245d39ca-3784-4807-9d08-dc874c9873a4 9a49ae5d9f5247fba69444be58ec6b36 f997fb7842f543358154b287c875d24d - - default default] Unable to schedule network 5b7ed069-9c51-409f-8f62-2389d85d095d: no agents available; will retry on subsequent port and subnet creation events.
2026-07-14 00:40:59.167 8 INFO neutron.db.ovn_revision_numbers_db [None req-84651d53-d2d4-4429-a18f-5b8465226c56 f1cd95796fba4bc1a8159fc7bfcfa847 39d4ad338ccb47198d5b00974e1083f7 - - default default] Successfully bumped revision number for resource 16e5f913-0037-45e9-b27c-6cfc255ec75a (type: security_groups) to 1
2026-07-14 00:40:59.182 8 INFO neutron.db.ovn_revision_numbers_db [None req-84651d53-d2d4-4429-a18f-5b8465226c56 f1cd95796fba4bc1a8159fc7bfcfa847 39d4ad338ccb47198d5b00974e1083f7 - - default default] Successfully bumped revision number for resource 37cf2059-3a86-4229-85e7-2d882764f0b1 (type: security_group_rules) to 0
2026-07-14 00:40:59.195 8 INFO neutron.db.ovn_revision_numbers_db [None req-84651d53-d2d4-4429-a18f-5b8465226c56 f1cd95796fba4bc1a8159fc7bfcfa847 39d4ad338ccb47198d5b00974e1083f7 - - default default] Successfully bumped revision number for resource 536e9b0e-e36f-46e5-a2f1-1498ea6bba88 (type: security_group_rules) to 0
2026-07-14 00:40:59.212 8 INFO neutron.db.ovn_revision_numbers_db [None req-84651d53-d2d4-4429-a18f-5b8465226c56 f1cd95796fba4bc1a8159fc7bfcfa847 39d4ad338ccb47198d5b00974e1083f7 - - default default] Successfully bumped revision number for resource 878cef64-2c34-4498-a8ec-6571bd235585 (type: security_group_rules) to 0
2026-07-14 00:40:59.222 7 INFO neutron.db.ovn_revision_numbers_db [None req-245d39ca-3784-4807-9d08-dc874c9873a4 9a49ae5d9f5247fba69444be58ec6b36 f997fb7842f543358154b287c875d24d - - default default] Successfully bumped revision number for resource 905042dc-99f5-4b13-9cb6-fd83164d3271 (type: subnets) to 0
2026-07-14 00:40:59.228 8 INFO neutron.db.ovn_revision_numbers_db [None req-84651d53-d2d4-4429-a18f-5b8465226c56 f1cd95796fba4bc1a8159fc7bfcfa847 39d4ad338ccb47198d5b00974e1083f7 - - default default] Successfully bumped revision number for resource a07bc0ac-90cd-40fd-ba00-84b01aa22278 (type: security_group_rules) to 0 [pid: 7|app: 0|req: 664/1423] 10.0.0.145 () {34 vars in 668 bytes} [Tue Jul 14 00:40:58 2026] POST /v2.0/subnets => generated 646 bytes in 438 msecs (HTTP/1.1 201) 4 headers in 162 bytes (1 switches on core 0) [pid: 8|app: 0|req: 760/1424] 10.0.0.145 () {32 vars in 773 bytes} [Tue Jul 14 00:40:58 2026] GET /v2.0/security-groups?tenant_id=34d11c635b0a42baaaa698564ef0e6c9&name=default => generated 2925 bytes in 404 msecs (HTTP/1.1 200) 4 headers in 158 bytes (1 switches on core 0) [pid: 8|app: 0|req: 761/1425] 10.0.0.143 () {34 vars in 1007 bytes} [Tue Jul 14 00:40:59 2026] GET /v2.0/networks/9192c01d-4f60-446e-aa6c-4adf559e9566?fields=segments => generated 14 bytes in 43 msecs (HTTP/1.1 200) 4 headers in 156 bytes (1 switches on core 0)
2026-07-14 00:40:59.430 8 INFO neutron.db.ovn_revision_numbers_db [None req-35bd168c-ba53-4822-87bb-f9667cf7e4aa 9a49ae5d9f5247fba69444be58ec6b36 f997fb7842f543358154b287c875d24d - - default default] Successfully bumped revision number for resource bb1104d6-b3c9-4f5a-8fb1-b4d7ca78ad5f (type: routers) to 1 [pid: 8|app: 0|req: 762/1426] 10.0.0.145 () {34 vars in 668 bytes} [Tue Jul 14 00:40:59 2026] POST /v2.0/routers => generated 627 bytes in 131 msecs (HTTP/1.1 201) 4 headers in 162 bytes (1 switches on core 0) [pid: 8|app: 0|req: 763/1427] 10.0.0.145 () {32 vars in 739 bytes} [Tue Jul 14 00:40:59 2026] DELETE /v2.0/security-groups/16e5f913-0037-45e9-b27c-6cfc255ec75a => generated 0 bytes in 193 msecs (HTTP/1.1 204) 2 headers in 112 bytes (1 switches on core 0) [pid: 8|app: 0|req: 764/1428] 10.0.0.143 () {34 vars in 1107 bytes} [Tue Jul 14 00:40:59 2026] GET /v2.0/networks/9192c01d-4f60-446e-aa6c-4adf559e9566?fields=provider%3Aphysical_network&fields=provider%3Anetwork_type => generated 79 bytes in 48 msecs (HTTP/1.1 200) 4 headers in 156 bytes (1 switches on core 0)
2026-07-14 00:41:00.095 8 WARNING neutron.scheduler.dhcp_agent_scheduler [None req-8735cf10-9d51-4e77-ade6-80bc26d9bee6 9a49ae5d9f5247fba69444be58ec6b36 f997fb7842f543358154b287c875d24d - - default default] No more DHCP agents
2026-07-14 00:41:00.097 8 WARNING neutron.api.rpc.agentnotifiers.dhcp_rpc_agent_api [None req-8735cf10-9d51-4e77-ade6-80bc26d9bee6 9a49ae5d9f5247fba69444be58ec6b36 f997fb7842f543358154b287c875d24d - - default default] Unable to schedule network 5b7ed069-9c51-409f-8f62-2389d85d095d: no agents available; will retry on subsequent port and subnet creation events.
2026-07-14 00:41:00.111 7 INFO neutron.db.ovn_revision_numbers_db [None req-e672056e-bafa-4ac5-a604-ed6d1a5c28d7 - - - - - -] Successfully bumped revision number for resource 2eb26588-c385-4b1b-909f-94a0895b3168 (type: ports) to 4
2026-07-14 00:41:00.152 7 WARNING neutron.scheduler.dhcp_agent_scheduler [None req-33e50b75-e4e9-4f7b-a710-fa1263fd4402 f1cd95796fba4bc1a8159fc7bfcfa847 39d4ad338ccb47198d5b00974e1083f7 - - default default] No more DHCP agents
2026-07-14 00:41:00.154 7 WARNING neutron.api.rpc.agentnotifiers.dhcp_rpc_agent_api [None req-33e50b75-e4e9-4f7b-a710-fa1263fd4402 f1cd95796fba4bc1a8159fc7bfcfa847 39d4ad338ccb47198d5b00974e1083f7 - - default default] Unable to schedule network e44fd500-c874-4740-ba61-cf0dc0c5d1b9: no agents available; will retry on subsequent port and subnet creation events.
2026-07-14 00:41:00.227 8 INFO neutron.db.ovn_revision_numbers_db [None req-8735cf10-9d51-4e77-ade6-80bc26d9bee6 9a49ae5d9f5247fba69444be58ec6b36 f997fb7842f543358154b287c875d24d - - default default] Successfully bumped revision number for resource 04b0b708-f596-4fa0-957f-2440889dc3a3 (type: ports) to 1
