2026-07-14 00:41:49.031 8 INFO neutron.services.segments.plugin [-] Client error retrieving segment b10a840e-27ee-469e-850a-2fc446ad9b01 resource provider; error: Placement Client Error (4xx): {"errors": [{"status": 404, "title": "Not Found", "detail": "The resource could not be found.\n\n No resource provider with uuid b10a840e-27ee-469e-850a-2fc446ad9b01 found for delete ", "request_id": "req-27735789-24f6-40c4-9773-d058b5d3206c"}]}
2026-07-14 00:41:49.040 7 WARNING tagging [None req-3e6588cc-4303-41df-b803-53561bb782f3 b0a6949ed0364808bc7377708178c9a4 71bb5e6b8bb3490180c238b04716b534 - - default default] project_id key not found in request, using tenant_id instead. This support has been deprecated and will be removed in a future release. [pid: 8|app: 0|req: 937/1763] 10.0.0.145 () {32 vars in 725 bytes} [Tue Jul 14 00:41:48 2026] DELETE /v2.0/networks/e3f57b0e-ad7f-4b1b-9007-5e246fcf8046 => generated 0 bytes in 407 msecs (HTTP/1.1 204) 3 headers in 131 bytes (1 switches on core 0)
2026-07-14 00:41:49.068 7 INFO neutron.api.v2.resource [None req-3e6588cc-4303-41df-b803-53561bb782f3 b0a6949ed0364808bc7377708178c9a4 71bb5e6b8bb3490180c238b04716b534 - - default default] show failed (client error): The resource could not be found. [pid: 7|app: 0|req: 827/1764] 10.0.0.145 () {32 vars in 742 bytes} [Tue Jul 14 00:41:49 2026] GET /v2.0/routers/8203e829-7007-4b86-9579-1db2c04d77a9/tags/green => generated 99 bytes in 64 msecs (HTTP/1.1 404) 4 headers in 163 bytes (1 switches on core 0)
2026-07-14 00:41:49.085 8 INFO neutron.api.v2.resource [None req-44bb878e-94db-4868-be98-5ef9da97b446 db09077889a3494e9597ab01091990c1 7450716321b8453590539be55d7bdc09 - - default default] delete failed (client error): The resource could not be found. [pid: 8|app: 0|req: 938/1765] 10.0.0.145 () {32 vars in 723 bytes} [Tue Jul 14 00:41:49 2026] DELETE /v2.0/routers/020ce224-d7dd-492f-889a-40d6cb037b36 => generated 135 bytes in 20 msecs (HTTP/1.1 404) 4 headers in 164 bytes (1 switches on core 0) [pid: 7|app: 0|req: 828/1766] 10.0.0.145 () {32 vars in 693 bytes} [Tue Jul 14 00:41:49 2026] GET /v2.0/floatingips?tags-any=red%2Cblue => generated 1671 bytes in 25 msecs (HTTP/1.1 200) 4 headers in 158 bytes (1 switches on core 0)
2026-07-14 00:41:49.124 8 WARNING tagging [None req-17784e5a-2336-41fb-a9a0-4352c5455e05 b0a6949ed0364808bc7377708178c9a4 71bb5e6b8bb3490180c238b04716b534 - - default default] project_id key not found in request, using tenant_id instead. This support has been deprecated and will be removed in a future release. [pid: 8|app: 0|req: 939/1767] 10.0.0.145 () {32 vars in 741 bytes} [Tue Jul 14 00:41:49 2026] DELETE /v2.0/routers/8203e829-7007-4b86-9579-1db2c04d77a9/tags/red => generated 0 bytes in 80 msecs (HTTP/1.1 204) 2 headers in 112 bytes (1 switches on core 0)
2026-07-14 00:41:49.175 7 INFO neutron.db.segments_db [None req-75e4bb6b-2204-4466-8a1b-545eb20a9599 58b0e3c746094eb2b4b84e933b93037e 3bc096850c9845d295e4a55897625828 - - default default] Added segment a239d243-3212-459b-8722-a89f0fac17ea of type geneve for network 8452ebab-ee27-49d7-ba81-2b428dbc3a7e
2026-07-14 00:41:49.185 8 INFO neutron.pecan_wsgi.hooks.translation [None req-ecf0da62-4f08-437b-83cf-3ce2213d5574 db09077889a3494e9597ab01091990c1 7450716321b8453590539be55d7bdc09 - - default default] DELETE failed (client error): The resource could not be found. [pid: 8|app: 0|req: 940/1768] 10.0.0.145 () {32 vars in 723 bytes} [Tue Jul 14 00:41:49 2026] DELETE /v2.0/subnets/da959fa7-84c7-4a39-b6d8-1223c7789b75 => generated 136 bytes in 20 msecs (HTTP/1.1 404) 4 headers in 164 bytes (1 switches on core 0) [pid: 8|app: 0|req: 941/1769] 10.0.0.145 () {32 vars in 679 bytes} [Tue Jul 14 00:41:49 2026] GET /v2.0/floatingips?not-tags=red => generated 1100 bytes in 48 msecs (HTTP/1.1 200) 4 headers in 158 bytes (1 switches on core 0)
2026-07-14 00:41:49.275 8 WARNING tagging [None req-625f6bf4-24ca-4a4d-a97c-6dde7d5642ce b0a6949ed0364808bc7377708178c9a4 71bb5e6b8bb3490180c238b04716b534 - - default default] project_id key not found in request, using tenant_id instead. This support has been deprecated and will be removed in a future release.
2026-07-14 00:41:49.292 7 INFO neutron.db.ovn_revision_numbers_db [None req-75e4bb6b-2204-4466-8a1b-545eb20a9599 58b0e3c746094eb2b4b84e933b93037e 3bc096850c9845d295e4a55897625828 - - default default] Successfully bumped revision number for resource 8452ebab-ee27-49d7-ba81-2b428dbc3a7e (type: networks) to 1 [pid: 8|app: 0|req: 942/1770] 10.0.0.145 () {32 vars in 730 bytes} [Tue Jul 14 00:41:49 2026] GET /v2.0/routers/8203e829-7007-4b86-9579-1db2c04d77a9/tags => generated 30 bytes in 64 msecs (HTTP/1.1 200) 4 headers in 156 bytes (1 switches on core 0) [pid: 8|app: 0|req: 943/1771] 10.0.0.145 () {32 vars in 735 bytes} [Tue Jul 14 00:41:49 2026] GET /v2.0/ports?device_id=148fa74e-c844-4d16-b2f8-95e0dd04bf50 => generated 12 bytes in 15 msecs (HTTP/1.1 200) 4 headers in 156 bytes (1 switches on core 0) [pid: 8|app: 0|req: 944/1772] 10.0.0.145 () {32 vars in 693 bytes} [Tue Jul 14 00:41:49 2026] GET /v2.0/floatingips?not-tags=red%2Cblue => generated 1643 bytes in 50 msecs (HTTP/1.1 200) 4 headers in 158 bytes (1 switches on core 0)
2026-07-14 00:41:49.399 8 WARNING tagging [None req-79311ac7-6562-4540-b651-d5554019a291 b0a6949ed0364808bc7377708178c9a4 71bb5e6b8bb3490180c238b04716b534 - - default default] project_id key not found in request, using tenant_id instead. This support has been deprecated and will be removed in a future release.
2026-07-14 00:41:49.430 8 INFO neutron.api.v2.resource [None req-79311ac7-6562-4540-b651-d5554019a291 b0a6949ed0364808bc7377708178c9a4 71bb5e6b8bb3490180c238b04716b534 - - default default] delete failed (client error): The resource could not be found. [pid: 8|app: 0|req: 945/1773] 10.0.0.145 () {32 vars in 745 bytes} [Tue Jul 14 00:41:49 2026] DELETE /v2.0/routers/8203e829-7007-4b86-9579-1db2c04d77a9/tags/green => generated 99 bytes in 65 msecs (HTTP/1.1 404) 4 headers in 163 bytes (1 switches on core 0)
2026-07-14 00:41:49.448 8 INFO neutron.api.v2.resource [None req-49b2fdc0-7d10-4a4c-8722-b47a8e4fcea6 db09077889a3494e9597ab01091990c1 7450716321b8453590539be55d7bdc09 - - default default] delete failed (client error): The resource could not be found. [pid: 8|app: 0|req: 946/1774] 10.0.0.145 () {32 vars in 723 bytes} [Tue Jul 14 00:41:49 2026] DELETE /v2.0/routers/148fa74e-c844-4d16-b2f8-95e0dd04bf50 => generated 135 bytes in 16 msecs (HTTP/1.1 404) 4 headers in 164 bytes (1 switches on core 0)
2026-07-14 00:41:49.475 7 WARNING neutron.scheduler.dhcp_agent_scheduler [None req-75e4bb6b-2204-4466-8a1b-545eb20a9599 58b0e3c746094eb2b4b84e933b93037e 3bc096850c9845d295e4a55897625828 - - default default] No more DHCP agents
2026-07-14 00:41:49.477 7 WARNING neutron.api.rpc.agentnotifiers.dhcp_rpc_agent_api [None req-75e4bb6b-2204-4466-8a1b-545eb20a9599 58b0e3c746094eb2b4b84e933b93037e 3bc096850c9845d295e4a55897625828 - - default default] Unable to schedule network 8452ebab-ee27-49d7-ba81-2b428dbc3a7e: no agents available; will retry on subsequent port and subnet creation events. [pid: 8|app: 0|req: 947/1775] 10.0.0.145 () {32 vars in 689 bytes} [Tue Jul 14 00:41:49 2026] GET /v2.0/floatingips?not-tags-any=blue => generated 1643 bytes in 42 msecs (HTTP/1.1 200) 4 headers in 158 bytes (1 switches on core 0)
2026-07-14 00:41:49.537 8 WARNING tagging [None req-90ab8dc4-8ec1-4d6c-a55d-3b03cd1e8108 b0a6949ed0364808bc7377708178c9a4 71bb5e6b8bb3490180c238b04716b534 - - default default] project_id key not found in request, using tenant_id instead. This support has been deprecated and will be removed in a future release.
2026-07-14 00:41:49.539 7 INFO neutron.plugins.ml2.drivers.ovn.mech_driver.mech_driver [None req-3f1a3369-17a3-4d55-a85c-a380b33e3668 - - - - - -] OVN reports status down for port: 5abb534c-553d-4ed7-80bd-06dd9e7a93af [pid: 8|app: 0|req: 948/1776] 10.0.0.145 () {32 vars in 733 bytes} [Tue Jul 14 00:41:49 2026] DELETE /v2.0/routers/8203e829-7007-4b86-9579-1db2c04d77a9/tags => generated 0 bytes in 82 msecs (HTTP/1.1 204) 2 headers in 112 bytes (1 switches on core 0)
2026-07-14 00:41:49.585 8 INFO neutron.pecan_wsgi.hooks.translation [None req-52bdf4f7-4bca-4bdb-9f2b-d8f4d895a939 db09077889a3494e9597ab01091990c1 7450716321b8453590539be55d7bdc09 - - default default] DELETE failed (client error): The resource could not be found.
2026-07-14 00:41:49.586 7 INFO neutron.db.ovn_revision_numbers_db [None req-75e4bb6b-2204-4466-8a1b-545eb20a9599 58b0e3c746094eb2b4b84e933b93037e 3bc096850c9845d295e4a55897625828 - - default default] Successfully bumped revision number for resource 5abb534c-553d-4ed7-80bd-06dd9e7a93af (type: ports) to 1 [pid: 8|app: 0|req: 949/1777] 10.0.0.145 () {32 vars in 723 bytes} [Tue Jul 14 00:41:49 2026] DELETE /v2.0/subnets/c0df2aaa-fc30-4163-bf93-7ea37e09e591 => generated 136 bytes in 12 msecs (HTTP/1.1 404) 4 headers in 164 bytes (1 switches on core 0) [pid: 8|app: 0|req: 950/1778] 10.0.0.145 () {32 vars in 701 bytes} [Tue Jul 14 00:41:49 2026] GET /v2.0/floatingips?not-tags-any=red%2Cblue => generated 1100 bytes in 23 msecs (HTTP/1.1 200) 4 headers in 158 bytes (1 switches on core 0) [pid: 7|app: 0|req: 829/1779] 10.0.0.145 () {34 vars in 669 bytes} [Tue Jul 14 00:41:49 2026] POST /v2.0/networks => generated 674 bytes in 541 msecs (HTTP/1.1 201) 4 headers in 162 bytes (1 switches on core 0)
2026-07-14 00:41:49.652 8 WARNING tagging [None req-e633541f-fb1a-41cd-a987-7707526902fb b0a6949ed0364808bc7377708178c9a4 71bb5e6b8bb3490180c238b04716b534 - - default default] project_id key not found in request, using tenant_id instead. This support has been deprecated and will be removed in a future release.
2026-07-14 00:41:49.656 7 INFO neutron.pecan_wsgi.hooks.translation [None req-9b5a3a61-7eb6-45c1-98b0-e879e8cff0d1 db09077889a3494e9597ab01091990c1 7450716321b8453590539be55d7bdc09 - - default default] DELETE failed (client error): The resource could not be found. [pid: 7|app: 0|req: 830/1780] 10.0.0.145 () {32 vars in 723 bytes} [Tue Jul 14 00:41:49 2026] DELETE /v2.0/subnets/f04ad523-b4b2-4c71-88e9-0d115d8b66dd => generated 136 bytes in 22 msecs (HTTP/1.1 404) 4 headers in 164 bytes (1 switches on core 0) [pid: 8|app: 0|req: 951/1781] 10.0.0.145 () {32 vars in 730 bytes} [Tue Jul 14 00:41:49 2026] GET /v2.0/routers/8203e829-7007-4b86-9579-1db2c04d77a9/tags => generated 12 bytes in 73 msecs (HTTP/1.1 200) 4 headers in 156 bytes (1 switches on core 0)
2026-07-14 00:41:49.695 8 WARNING neutron.plugins.ml2.drivers.ovn.mech_driver.ovsdb.ovn_client [None req-4da52cf3-a5f2-4c25-afe2-3d325e24c82c - - - - - -] No port found with ID a2d671da-3163-40a8-87c6-3dc1278f1312: RuntimeError: No port found with ID a2d671da-3163-40a8-87c6-3dc1278f1312
2026-07-14 00:41:49.696 8 INFO neutron.plugins.ml2.drivers.ovn.mech_driver.mech_driver [None req-4da52cf3-a5f2-4c25-afe2-3d325e24c82c - - - - - -] OVN reports status down for port: 74e09cb7-640a-4334-885e-6363c10687a4
2026-07-14 00:41:49.833 7 INFO neutron_taas.services.taas.taas_plugin [None req-40b1677e-d780-4a5b-9082-dc7075a3f272 f4b2d822b44e4525a9ac966cd91bc818 ae40862522274d9280f0d46d916ea53c - - default default] TaaS: Handle Delete Port: 741fd562-b8de-4be7-8245-fd85de7fe260
2026-07-14 00:41:49.836 7 INFO neutron_taas.services.taas.tap_mirror_plugin [None req-40b1677e-d780-4a5b-9082-dc7075a3f272 f4b2d822b44e4525a9ac966cd91bc818 ae40862522274d9280f0d46d916ea53c - - default default] Tap Mirror: Handle Delete Port: 741fd562-b8de-4be7-8245-fd85de7fe260
2026-07-14 00:41:49.838 8 INFO neutron.plugins.ml2.drivers.ovn.mech_driver.mech_driver [None req-4da52cf3-a5f2-4c25-afe2-3d325e24c82c - - - - - -] OVN reports status down for port: c476d2dd-9846-4679-abed-342e5f0787bb
2026-07-14 00:41:49.857 8 INFO neutron.plugins.ml2.drivers.ovn.mech_driver.mech_driver [None req-4da52cf3-a5f2-4c25-afe2-3d325e24c82c - - - - - -] OVN reports status down for port: 0facf11e-7170-417b-9500-bad1761fb893
2026-07-14 00:41:49.945 8 WARNING neutron.scheduler.dhcp_agent_scheduler [None req-0f6bb101-0ed3-4419-9ec8-87cc1f0f5a8c 58b0e3c746094eb2b4b84e933b93037e 3bc096850c9845d295e4a55897625828 - - default default] No more DHCP agents
2026-07-14 00:41:49.947 8 WARNING neutron.api.rpc.agentnotifiers.dhcp_rpc_agent_api [None req-0f6bb101-0ed3-4419-9ec8-87cc1f0f5a8c 58b0e3c746094eb2b4b84e933b93037e 3bc096850c9845d295e4a55897625828 - - default default] Unable to schedule network 8452ebab-ee27-49d7-ba81-2b428dbc3a7e: no agents available; will retry on subsequent port and subnet creation events.
2026-07-14 00:41:49.996 8 INFO neutron.db.ovn_revision_numbers_db [None req-0f6bb101-0ed3-4419-9ec8-87cc1f0f5a8c 58b0e3c746094eb2b4b84e933b93037e 3bc096850c9845d295e4a55897625828 - - default default] Successfully bumped revision number for resource 73d1c00a-18fd-4d99-88cd-0945b62fdee4 (type: subnets) to 0 [pid: 8|app: 0|req: 952/1782] 10.0.0.145 () {34 vars in 668 bytes} [Tue Jul 14 00:41:49 2026] POST /v2.0/subnets => generated 646 bytes in 326 msecs (HTTP/1.1 201) 4 headers in 162 bytes (1 switches on core 0) [pid: 7|app: 0|req: 831/1783] 10.0.0.145 () {32 vars in 731 bytes} [Tue Jul 14 00:41:49 2026] DELETE /v2.0/floatingips/48107410-9760-40fa-b32f-8e7fc7423f55 => generated 0 bytes in 388 msecs (HTTP/1.1 204) 2 headers in 112 bytes (1 switches on core 0) [pid: 8|app: 0|req: 953/1784] 10.0.0.145 () {32 vars in 720 bytes} [Tue Jul 14 00:41:50 2026] GET /v2.0/routers/8203e829-7007-4b86-9579-1db2c04d77a9 => generated 597 bytes in 47 msecs (HTTP/1.1 200) 4 headers in 157 bytes (1 switches on core 0)
2026-07-14 00:41:50.180 8 INFO neutron_taas.services.taas.taas_plugin [None req-0421a8a1-3c37-4943-9a28-db310e0bf231 f4b2d822b44e4525a9ac966cd91bc818 ae40862522274d9280f0d46d916ea53c - - default default] TaaS: Handle Delete Port: 57aaec76-01fb-436d-8606-3b096b294509
2026-07-14 00:41:50.183 8 INFO neutron_taas.services.taas.tap_mirror_plugin [None req-0421a8a1-3c37-4943-9a28-db310e0bf231 f4b2d822b44e4525a9ac966cd91bc818 ae40862522274d9280f0d46d916ea53c - - default default] Tap Mirror: Handle Delete Port: 57aaec76-01fb-436d-8606-3b096b294509
2026-07-14 00:41:50.351 7 WARNING neutron.scheduler.dhcp_agent_scheduler [None req-a793addf-ea93-4db2-8a41-c5e080c0abb0 58b0e3c746094eb2b4b84e933b93037e 3bc096850c9845d295e4a55897625828 - - default default] No more DHCP agents
2026-07-14 00:41:50.352 7 WARNING neutron.api.rpc.agentnotifiers.dhcp_rpc_agent_api [None req-a793addf-ea93-4db2-8a41-c5e080c0abb0 58b0e3c746094eb2b4b84e933b93037e 3bc096850c9845d295e4a55897625828 - - default default] Unable to schedule network 8452ebab-ee27-49d7-ba81-2b428dbc3a7e: no agents available; will retry on subsequent port and subnet creation events. [pid: 8|app: 0|req: 954/1785] 10.0.0.145 () {32 vars in 731 bytes} [Tue Jul 14 00:41:50 2026] DELETE /v2.0/floatingips/2f51bb64-7556-483e-a376-8dc1045d7967 => generated 0 bytes in 292 msecs (HTTP/1.1 204) 2 headers in 112 bytes (1 switches on core 0)
2026-07-14 00:41:50.454 7 INFO neutron.plugins.ml2.drivers.ovn.mech_driver.mech_driver [None req-3f1a3369-17a3-4d55-a85c-a380b33e3668 - - - - - -] OVN reports status down for port: 2d2f331a-b937-4c26-b32b-8a8efa7c1859
2026-07-14 00:41:50.510 7 INFO neutron.db.ovn_revision_numbers_db [None req-a793addf-ea93-4db2-8a41-c5e080c0abb0 58b0e3c746094eb2b4b84e933b93037e 3bc096850c9845d295e4a55897625828 - - default default] Successfully bumped revision number for resource 2d2f331a-b937-4c26-b32b-8a8efa7c1859 (type: ports) to 1 [pid: 7|app: 0|req: 832/1786] 10.0.0.145 () {34 vars in 664 bytes} [Tue Jul 14 00:41:50 2026] POST /v2.0/ports => generated 928 bytes in 505 msecs (HTTP/1.1 201) 4 headers in 162 bytes (1 switches on core 0)
2026-07-14 00:41:50.660 7 WARNING neutron.db.securitygroups_db [None req-3c867d4a-cf49-44c3-98a5-de3e0f0279ca f1cd95796fba4bc1a8159fc7bfcfa847 39d4ad338ccb47198d5b00974e1083f7 - - default default] project_id key not found in filters, using tenant_id instead. This support has been deprecated and will be removed in a future release.
2026-07-14 00:41:50.686 8 INFO neutron.db.ovn_revision_numbers_db [None req-009edb20-47ed-4345-bcf2-2d71e9619dac b0a6949ed0364808bc7377708178c9a4 71bb5e6b8bb3490180c238b04716b534 - - default default] Successfully bumped revision number for resource 8203e829-7007-4b86-9579-1db2c04d77a9 (type: routers) to 7 [pid: 8|app: 0|req: 955/1787] 10.0.0.145 () {34 vars in 741 bytes} [Tue Jul 14 00:41:50 2026] PUT /v2.0/routers/8203e829-7007-4b86-9579-1db2c04d77a9 => generated 597 bytes in 341 msecs (HTTP/1.1 200) 4 headers in 157 bytes (1 switches on core 0) [pid: 7|app: 0|req: 833/1788] 10.0.0.145 () {32 vars in 773 bytes} [Tue Jul 14 00:41:50 2026] GET /v2.0/security-groups?tenant_id=7450716321b8453590539be55d7bdc09&name=default => generated 2925 bytes in 142 msecs (HTTP/1.1 200) 4 headers in 158 bytes (1 switches on core 0)
2026-07-14 00:41:50.837 8 INFO neutron_taas.services.taas.taas_plugin [None req-af6b496a-d8da-4278-829d-a2893beb4f1e f4b2d822b44e4525a9ac966cd91bc818 ae40862522274d9280f0d46d916ea53c - - default default] TaaS: Handle Delete Port: 36c10b32-256a-4a2f-9804-94e6e75fcb02
2026-07-14 00:41:50.841 8 INFO neutron_taas.services.taas.tap_mirror_plugin [None req-af6b496a-d8da-4278-829d-a2893beb4f1e f4b2d822b44e4525a9ac966cd91bc818 ae40862522274d9280f0d46d916ea53c - - default default] Tap Mirror: Handle Delete Port: 36c10b32-256a-4a2f-9804-94e6e75fcb02
2026-07-14 00:41:50.860 7 INFO neutron_taas.services.taas.taas_plugin [None req-a78b19ad-20d5-4dd1-8671-810340a21fea 58b0e3c746094eb2b4b84e933b93037e 3bc096850c9845d295e4a55897625828 - - default default] TaaS: Handle Delete Port: 2d2f331a-b937-4c26-b32b-8a8efa7c1859
2026-07-14 00:41:50.863 7 INFO neutron_taas.services.taas.tap_mirror_plugin [None req-a78b19ad-20d5-4dd1-8671-810340a21fea 58b0e3c746094eb2b4b84e933b93037e 3bc096850c9845d295e4a55897625828 - - default default] Tap Mirror: Handle Delete Port: 2d2f331a-b937-4c26-b32b-8a8efa7c1859 [pid: 7|app: 0|req: 834/1789] 10.0.0.145 () {32 vars in 719 bytes} [Tue Jul 14 00:41:50 2026] DELETE /v2.0/ports/2d2f331a-b937-4c26-b32b-8a8efa7c1859 => generated 0 bytes in 316 msecs (HTTP/1.1 204) 3 headers in 131 bytes (1 switches on core 0) [pid: 7|app: 0|req: 835/1790] 10.0.0.145 () {32 vars in 735 bytes} [Tue Jul 14 00:41:51 2026] GET /v2.0/ports?device_id=8203e829-7007-4b86-9579-1db2c04d77a9 => generated 12 bytes in 20 msecs (HTTP/1.1 200) 4 headers in 156 bytes (1 switches on core 0) [pid: 8|app: 0|req: 956/1791] 10.0.0.145 () {32 vars in 731 bytes} [Tue Jul 14 00:41:50 2026] DELETE /v2.0/floatingips/f8e28787-bef9-4556-96c6-65359978fefc => generated 0 bytes in 345 msecs (HTTP/1.1 204) 2 headers in 112 bytes (1 switches on core 0)
2026-07-14 00:41:51.052 8 INFO neutron.pecan_wsgi.hooks.translation [None req-bc1b5ca3-7e7d-4828-932e-1d0e2234a76d 58b0e3c746094eb2b4b84e933b93037e 3bc096850c9845d295e4a55897625828 - - default default] GET failed (client error): The resource could not be found. [pid: 8|app: 0|req: 957/1792] 10.0.0.145 () {32 vars in 716 bytes} [Tue Jul 14 00:41:51 2026] GET /v2.0/ports/2d2f331a-b937-4c26-b32b-8a8efa7c1859 => generated 132 bytes in 14 msecs (HTTP/1.1 404) 4 headers in 164 bytes (1 switches on core 0) [pid: 7|app: 0|req: 836/1793] 10.0.0.145 () {32 vars in 739 bytes} [Tue Jul 14 00:41:51 2026] DELETE /v2.0/security-groups/f401a2f5-ace5-460f-9605-d038dc9c64d6 => generated 0 bytes in 191 msecs (HTTP/1.1 204) 2 headers in 112 bytes (1 switches on core 0) [pid: 8|app: 0|req: 958/1794] 10.0.0.145 () {32 vars in 723 bytes} [Tue Jul 14 00:41:51 2026] DELETE /v2.0/routers/8203e829-7007-4b86-9579-1db2c04d77a9 => generated 0 bytes in 202 msecs (HTTP/1.1 204) 2 headers in 112 bytes (1 switches on core 0)
2026-07-14 00:41:51.377 7 INFO neutron_taas.services.taas.taas_plugin [None req-dcadf257-2e6d-4fbf-8e7f-59f9ce97d025 f4b2d822b44e4525a9ac966cd91bc818 ae40862522274d9280f0d46d916ea53c - - default default] TaaS: Handle Delete Port: 85db0f4d-d991-4664-93fd-8eb39bc93ca9
2026-07-14 00:41:51.381 7 INFO neutron_taas.services.taas.tap_mirror_plugin [None req-dcadf257-2e6d-4fbf-8e7f-59f9ce97d025 f4b2d822b44e4525a9ac966cd91bc818 ae40862522274d9280f0d46d916ea53c - - default default] Tap Mirror: Handle Delete Port: 85db0f4d-d991-4664-93fd-8eb39bc93ca9 [pid: 8|app: 0|req: 959/1795] 10.0.0.145 () {32 vars in 723 bytes} [Tue Jul 14 00:41:51 2026] DELETE /v2.0/subnets/73d1c00a-18fd-4d99-88cd-0945b62fdee4 => generated 0 bytes in 172 msecs (HTTP/1.1 204) 3 headers in 131 bytes (1 switches on core 0) [pid: 7|app: 0|req: 837/1796] 10.0.0.145 () {32 vars in 731 bytes} [Tue Jul 14 00:41:51 2026] DELETE /v2.0/floatingips/97b4925e-7481-41b8-9784-9bb1e8bfa75b => generated 0 bytes in 295 msecs (HTTP/1.1 204) 2 headers in 112 bytes (1 switches on core 0)
2026-07-14 00:41:51.566 8 INFO neutron_taas.services.taas.taas_plugin [None req-54f505ee-2270-46e9-891a-2c19b6e443c7 58b0e3c746094eb2b4b84e933b93037e 3bc096850c9845d295e4a55897625828 - - default default] TaaS: Handle Delete Port: 5abb534c-553d-4ed7-80bd-06dd9e7a93af
2026-07-14 00:41:51.570 8 INFO neutron_taas.services.taas.tap_mirror_plugin [None req-54f505ee-2270-46e9-891a-2c19b6e443c7 58b0e3c746094eb2b4b84e933b93037e 3bc096850c9845d295e4a55897625828 - - default default] Tap Mirror: Handle Delete Port: 5abb534c-553d-4ed7-80bd-06dd9e7a93af
2026-07-14 00:41:51.712 7 INFO neutron_taas.services.taas.taas_plugin [None req-faf892ae-0d0e-425e-90bb-8def61c0dcc2 f4b2d822b44e4525a9ac966cd91bc818 ae40862522274d9280f0d46d916ea53c - - default default] TaaS: Handle Delete Port: d96954f3-e63a-4a39-95c5-48e688602636
2026-07-14 00:41:51.718 7 INFO neutron_taas.services.taas.tap_mirror_plugin [None req-faf892ae-0d0e-425e-90bb-8def61c0dcc2 f4b2d822b44e4525a9ac966cd91bc818 ae40862522274d9280f0d46d916ea53c - - default default] Tap Mirror: Handle Delete Port: d96954f3-e63a-4a39-95c5-48e688602636
2026-07-14 00:41:51.774 8 INFO neutron.services.segments.plugin [-] Segment a239d243-3212-459b-8722-a89f0fac17ea resource provider aggregate not found
2026-07-14 00:41:51.783 8 INFO neutron.services.segments.plugin [-] Segment a239d243-3212-459b-8722-a89f0fac17ea resource provider aggregate not found
2026-07-14 00:41:51.796 8 INFO neutron.services.segments.plugin [-] Client error retrieving segment a239d243-3212-459b-8722-a89f0fac17ea resource provider; error: Placement Client Error (4xx): {"errors": [{"status": 404, "title": "Not Found", "detail": "The resource could not be found.\n\n No resource provider with uuid a239d243-3212-459b-8722-a89f0fac17ea found for delete ", "request_id": "req-b15b7f89-3894-4e4c-bfdf-9fa1d6af4169"}]}
2026-07-14 00:41:51.813 8 INFO neutron.services.segments.plugin [-] Client error retrieving segment a239d243-3212-459b-8722-a89f0fac17ea resource provider; error: Placement Client Error (4xx): {"errors": [{"status": 404, "title": "Not Found", "detail": "The resource could not be found.\n\n No resource provider with uuid a239d243-3212-459b-8722-a89f0fac17ea found for delete ", "request_id": "req-835192ba-751b-40c7-9fa1-16f824da19e8"}]} [pid: 8|app: 0|req: 960/1797] 10.0.0.145 () {32 vars in 725 bytes} [Tue Jul 14 00:41:51 2026] DELETE /v2.0/networks/8452ebab-ee27-49d7-ba81-2b428dbc3a7e => generated 0 bytes in 402 msecs (HTTP/1.1 204) 3 headers in 131 bytes (1 switches on core 0) [pid: 7|app: 0|req: 838/1798] 10.0.0.145 () {32 vars in 731 bytes} [Tue Jul 14 00:41:51 2026] DELETE /v2.0/floatingips/ac654839-3eed-4ecc-b492-2c628a8d875f => generated 0 bytes in 416 msecs (HTTP/1.1 204) 2 headers in 112 bytes (1 switches on core 0)
2026-07-14 00:41:52.086 8 WARNING neutron.scheduler.dhcp_agent_scheduler [None req-1a9bdaaa-6918-407e-9597-fbe986fab1a9 58b0e3c746094eb2b4b84e933b93037e 3bc096850c9845d295e4a55897625828 - - default default] No more DHCP agents
2026-07-14 00:41:52.088 8 WARNING neutron.api.rpc.agentnotifiers.dhcp_rpc_agent_api [None req-1a9bdaaa-6918-407e-9597-fbe986fab1a9 58b0e3c746094eb2b4b84e933b93037e 3bc096850c9845d295e4a55897625828 - - default default] Unable to schedule network 43bee39e-049f-4efe-8a7c-992d7a36a150: no agents available; will retry on subsequent port and subnet creation events.
2026-07-14 00:41:52.148 7 WARNING neutron.db.securitygroups_db [None req-5208f86f-c0b4-408c-9493-ae9b1d5817a4 f1cd95796fba4bc1a8159fc7bfcfa847 39d4ad338ccb47198d5b00974e1083f7 - - default default] project_id key not found in filters, using tenant_id instead. This support has been deprecated and will be removed in a future release.
2026-07-14 00:41:52.149 8 INFO neutron.plugins.ml2.drivers.ovn.mech_driver.mech_driver [None req-4da52cf3-a5f2-4c25-afe2-3d325e24c82c - - - - - -] OVN reports status down for port: 0f0c9344-c1e4-4813-a4c0-d2ac0d569b9a
2026-07-14 00:41:52.201 8 INFO neutron.db.ovn_revision_numbers_db [None req-1a9bdaaa-6918-407e-9597-fbe986fab1a9 58b0e3c746094eb2b4b84e933b93037e 3bc096850c9845d295e4a55897625828 - - default default] Successfully bumped revision number for resource 0f0c9344-c1e4-4813-a4c0-d2ac0d569b9a (type: ports) to 1 [pid: 8|app: 0|req: 961/1799] 10.0.0.145 () {34 vars in 664 bytes} [Tue Jul 14 00:41:51 2026] POST /v2.0/ports => generated 779 bytes in 403 msecs (HTTP/1.1 201) 4 headers in 162 bytes (1 switches on core 0) /var/lib/openstack/lib/python3.12/site-packages/pycadf/identifier.py:70: UserWarning: Invalid uuid: neutron. To ensure interoperability, identifiers should be a valid uuid. warnings.warn(('Invalid uuid: %s. To ensure interoperability, '
2026-07-14 00:41:52.279 7 INFO neutron.db.ovn_revision_numbers_db [None req-5208f86f-c0b4-408c-9493-ae9b1d5817a4 f1cd95796fba4bc1a8159fc7bfcfa847 39d4ad338ccb47198d5b00974e1083f7 - - default default] Successfully bumped revision number for resource 8bafa5bc-ec65-42e1-9554-6719d478a51a (type: security_groups) to 1
2026-07-14 00:41:52.289 7 INFO neutron.db.ovn_revision_numbers_db [None req-5208f86f-c0b4-408c-9493-ae9b1d5817a4 f1cd95796fba4bc1a8159fc7bfcfa847 39d4ad338ccb47198d5b00974e1083f7 - - default default] Successfully bumped revision number for resource 3fa7fd0c-75bb-476d-bae1-2c7a73a84618 (type: security_group_rules) to 0
2026-07-14 00:41:52.305 7 INFO neutron.db.ovn_revision_numbers_db [None req-5208f86f-c0b4-408c-9493-ae9b1d5817a4 f1cd95796fba4bc1a8159fc7bfcfa847 39d4ad338ccb47198d5b00974e1083f7 - - default default] Successfully bumped revision number for resource 7f75ac4f-df45-45a8-af07-54d2206c1884 (type: security_group_rules) to 0
2026-07-14 00:41:52.324 7 INFO neutron.db.ovn_revision_numbers_db [None req-5208f86f-c0b4-408c-9493-ae9b1d5817a4 f1cd95796fba4bc1a8159fc7bfcfa847 39d4ad338ccb47198d5b00974e1083f7 - - default default] Successfully bumped revision number for resource c0eb2e76-0086-43be-a365-943c587da0a3 (type: security_group_rules) to 0
2026-07-14 00:41:52.339 7 INFO neutron.db.ovn_revision_numbers_db [None req-5208f86f-c0b4-408c-9493-ae9b1d5817a4 f1cd95796fba4bc1a8159fc7bfcfa847 39d4ad338ccb47198d5b00974e1083f7 - - default default] Successfully bumped revision number for resource fb7161eb-5250-42b7-993a-e5d7d82d6df5 (type: security_group_rules) to 0 [pid: 7|app: 0|req: 839/1800] 10.0.0.145 () {32 vars in 773 bytes} [Tue Jul 14 00:41:51 2026] GET /v2.0/security-groups?tenant_id=71bb5e6b8bb3490180c238b04716b534&name=default => generated 2925 bytes in 438 msecs (HTTP/1.1 200) 4 headers in 158 bytes (1 switches on core 0)
2026-07-14 00:41:52.554 8 INFO neutron.plugins.ml2.drivers.ovn.mech_driver.mech_driver [None req-4da52cf3-a5f2-4c25-afe2-3d325e24c82c - - - - - -] OVN reports status down for port: 0f0c9344-c1e4-4813-a4c0-d2ac0d569b9a [pid: 7|app: 0|req: 840/1801] 10.0.0.145 () {32 vars in 739 bytes} [Tue Jul 14 00:41:52 2026] DELETE /v2.0/security-groups/8bafa5bc-ec65-42e1-9554-6719d478a51a => generated 0 bytes in 232 msecs (HTTP/1.1 204) 2 headers in 112 bytes (1 switches on core 0)
2026-07-14 00:41:52.653 8 INFO neutron.db.ovn_revision_numbers_db [None req-89c700f1-d624-49b2-9f47-092e37692928 58b0e3c746094eb2b4b84e933b93037e 3bc096850c9845d295e4a55897625828 - - default default] Successfully bumped revision number for resource 0f0c9344-c1e4-4813-a4c0-d2ac0d569b9a (type: ports) to 2 [pid: 8|app: 0|req: 962/1802] 10.0.0.145 () {34 vars in 736 bytes} [Tue Jul 14 00:41:52 2026] PUT /v2.0/ports/0f0c9344-c1e4-4813-a4c0-d2ac0d569b9a => generated 752 bytes in 448 msecs (HTTP/1.1 200) 4 headers in 157 bytes (1 switches on core 0)
2026-07-14 00:41:52.888 7 INFO neutron_taas.services.taas.taas_plugin [None req-05130391-2e75-426b-8f23-106cb0b2738b 58b0e3c746094eb2b4b84e933b93037e 3bc096850c9845d295e4a55897625828 - - default default] TaaS: Handle Delete Port: 0f0c9344-c1e4-4813-a4c0-d2ac0d569b9a
2026-07-14 00:41:52.892 7 INFO neutron_taas.services.taas.tap_mirror_plugin [None req-05130391-2e75-426b-8f23-106cb0b2738b 58b0e3c746094eb2b4b84e933b93037e 3bc096850c9845d295e4a55897625828 - - default default] Tap Mirror: Handle Delete Port: 0f0c9344-c1e4-4813-a4c0-d2ac0d569b9a /var/lib/openstack/lib/python3.12/site-packages/pycadf/identifier.py:70: UserWarning: Invalid uuid: neutron. To ensure interoperability, identifiers should be a valid uuid. warnings.warn(('Invalid uuid: %s. To ensure interoperability, '
2026-07-14 00:41:52.991 8 WARNING neutron.db.securitygroups_db [None req-b6a165cb-2250-4158-bb09-e2b82539190c f1cd95796fba4bc1a8159fc7bfcfa847 39d4ad338ccb47198d5b00974e1083f7 - - default default] project_id key not found in filters, using tenant_id instead. This support has been deprecated and will be removed in a future release. [pid: 7|app: 0|req: 841/1803] 10.0.0.145 () {32 vars in 719 bytes} [Tue Jul 14 00:41:52 2026] DELETE /v2.0/ports/0f0c9344-c1e4-4813-a4c0-d2ac0d569b9a => generated 0 bytes in 292 msecs (HTTP/1.1 204) 3 headers in 131 bytes (1 switches on core 0)
2026-07-14 00:41:53.004 7 WARNING neutron.db.securitygroups_db [None req-520c2d0e-8edd-4c8f-865f-2aa0badddc6e f1cd95796fba4bc1a8159fc7bfcfa847 39d4ad338ccb47198d5b00974e1083f7 - - default default] project_id key not found in filters, using tenant_id instead. This support has been deprecated and will be removed in a future release.
2026-07-14 00:41:53.130 7 INFO neutron.db.ovn_revision_numbers_db [None req-520c2d0e-8edd-4c8f-865f-2aa0badddc6e f1cd95796fba4bc1a8159fc7bfcfa847 39d4ad338ccb47198d5b00974e1083f7 - - default default] Successfully bumped revision number for resource 01d92adc-c5b5-4d4d-b608-4400de31428a (type: security_groups) to 1
2026-07-14 00:41:53.169 7 INFO neutron.db.ovn_revision_numbers_db [None req-520c2d0e-8edd-4c8f-865f-2aa0badddc6e f1cd95796fba4bc1a8159fc7bfcfa847 39d4ad338ccb47198d5b00974e1083f7 - - default default] Successfully bumped revision number for resource 59227426-1c92-41e5-88aa-e3d6820c1101 (type: security_group_rules) to 0
2026-07-14 00:41:53.183 7 INFO neutron.db.ovn_revision_numbers_db [None req-520c2d0e-8edd-4c8f-865f-2aa0badddc6e f1cd95796fba4bc1a8159fc7bfcfa847 39d4ad338ccb47198d5b00974e1083f7 - - default default] Successfully bumped revision number for resource aefc3eab-631a-4031-847e-6d2e1b8ee2ca (type: security_group_rules) to 0
2026-07-14 00:41:53.186 8 INFO neutron.db.ovn_revision_numbers_db [None req-b6a165cb-2250-4158-bb09-e2b82539190c f1cd95796fba4bc1a8159fc7bfcfa847 39d4ad338ccb47198d5b00974e1083f7 - - default default] Successfully bumped revision number for resource 66a3d3d7-7791-4aa7-acfe-c3beb6b5a648 (type: security_groups) to 1
2026-07-14 00:41:53.197 8 INFO neutron.db.ovn_revision_numbers_db [None req-b6a165cb-2250-4158-bb09-e2b82539190c f1cd95796fba4bc1a8159fc7bfcfa847 39d4ad338ccb47198d5b00974e1083f7 - - default default] Successfully bumped revision number for resource 1ae79e3c-e754-4019-bd53-376e251ec9f8 (type: security_group_rules) to 0
2026-07-14 00:41:53.200 7 INFO neutron.db.ovn_revision_numbers_db [None req-520c2d0e-8edd-4c8f-865f-2aa0badddc6e f1cd95796fba4bc1a8159fc7bfcfa847 39d4ad338ccb47198d5b00974e1083f7 - - default default] Successfully bumped revision number for resource e4267547-b910-4935-94a3-02541dc5e451 (type: security_group_rules) to 0
2026-07-14 00:41:53.209 8 INFO neutron.db.ovn_revision_numbers_db [None req-b6a165cb-2250-4158-bb09-e2b82539190c f1cd95796fba4bc1a8159fc7bfcfa847 39d4ad338ccb47198d5b00974e1083f7 - - default default] Successfully bumped revision number for resource 36651b12-151e-442a-b582-915e6bfcbb6c (type: security_group_rules) to 0
2026-07-14 00:41:53.220 7 INFO neutron.db.ovn_revision_numbers_db [None req-520c2d0e-8edd-4c8f-865f-2aa0badddc6e f1cd95796fba4bc1a8159fc7bfcfa847 39d4ad338ccb47198d5b00974e1083f7 - - default default] Successfully bumped revision number for resource fe5142b1-796e-41e2-96f6-a2eb7dbb18f8 (type: security_group_rules) to 0
2026-07-14 00:41:53.230 8 INFO neutron.db.ovn_revision_numbers_db [None req-b6a165cb-2250-4158-bb09-e2b82539190c f1cd95796fba4bc1a8159fc7bfcfa847 39d4ad338ccb47198d5b00974e1083f7 - - default default] Successfully bumped revision number for resource 44e95a4f-ab36-451c-884e-91701a2deee1 (type: security_group_rules) to 0
2026-07-14 00:41:53.241 8 INFO neutron.db.ovn_revision_numbers_db [None req-b6a165cb-2250-4158-bb09-e2b82539190c f1cd95796fba4bc1a8159fc7bfcfa847 39d4ad338ccb47198d5b00974e1083f7 - - default default] Successfully bumped revision number for resource 75df7895-59f1-4b9e-b6bb-429d5755a217 (type: security_group_rules) to 0 [pid: 7|app: 0|req: 842/1804] 10.0.0.145 () {32 vars in 773 bytes} [Tue Jul 14 00:41:52 2026] GET /v2.0/security-groups?tenant_id=8ef47786e1604a899732ed7f832e35db&name=default => generated 2925 bytes in 266 msecs (HTTP/1.1 200) 4 headers in 158 bytes (1 switches on core 0) [pid: 8|app: 0|req: 963/1805] 10.0.0.145 () {32 vars in 773 bytes} [Tue Jul 14 00:41:52 2026] GET /v2.0/security-groups?tenant_id=7a4777b7dd7b42cd85b7365714931423&name=default => generated 2925 bytes in 565 msecs (HTTP/1.1 200) 4 headers in 158 bytes (1 switches on core 0) [pid: 7|app: 0|req: 843/1806] 10.0.0.145 () {32 vars in 642 bytes} [Tue Jul 14 00:41:53 2026] GET /v2.0/ports => generated 1538 bytes in 40 msecs (HTTP/1.1 200) 4 headers in 158 bytes (1 switches on core 0) [pid: 8|app: 0|req: 964/1807] 10.0.0.145 () {32 vars in 739 bytes} [Tue Jul 14 00:41:53 2026] DELETE /v2.0/security-groups/01d92adc-c5b5-4d4d-b608-4400de31428a => generated 0 bytes in 173 msecs (HTTP/1.1 204) 2 headers in 112 bytes (1 switches on core 0)
2026-07-14 00:41:53.468 8 INFO neutron.pecan_wsgi.hooks.translation [None req-b0667899-bbaf-45b5-b236-53f3e12d9c6b 58b0e3c746094eb2b4b84e933b93037e 3bc096850c9845d295e4a55897625828 - - default default] GET failed (client error): The resource could not be found. [pid: 8|app: 0|req: 965/1808] 10.0.0.145 () {32 vars in 716 bytes} [Tue Jul 14 00:41:53 2026] GET /v2.0/ports/0f0c9344-c1e4-4813-a4c0-d2ac0d569b9a => generated 132 bytes in 20 msecs (HTTP/1.1 404) 4 headers in 164 bytes (1 switches on core 0) [pid: 7|app: 0|req: 844/1809] 10.0.0.145 () {32 vars in 739 bytes} [Tue Jul 14 00:41:53 2026] DELETE /v2.0/security-groups/66a3d3d7-7791-4aa7-acfe-c3beb6b5a648 => generated 0 bytes in 241 msecs (HTTP/1.1 204) 2 headers in 112 bytes (1 switches on core 0) [pid: 7|app: 0|req: 845/1810] 10.0.0.145 () {32 vars in 642 bytes} [Tue Jul 14 00:41:53 2026] GET /v2.0/ports => generated 1538 bytes in 33 msecs (HTTP/1.1 200) 4 headers in 158 bytes (1 switches on core 0) [pid: 7|app: 0|req: 846/1811] 10.0.0.145 () {32 vars in 716 bytes} [Tue Jul 14 00:41:53 2026] GET /v2.0/ports/65a18cdf-3c60-437d-aaf0-7ecd3b7dec66 => generated 779 bytes in 57 msecs (HTTP/1.1 200) 4 headers in 157 bytes (1 switches on core 0)
2026-07-14 00:41:53.676 7 INFO neutron.pecan_wsgi.hooks.translation [None req-e0d7ac84-65f1-47e5-b3d5-32f9b884d463 58b0e3c746094eb2b4b84e933b93037e 3bc096850c9845d295e4a55897625828 - - default default] DELETE failed (client error): The resource could not be found. [pid: 7|app: 0|req: 847/1812] 10.0.0.145 () {32 vars in 719 bytes} [Tue Jul 14 00:41:53 2026] DELETE /v2.0/ports/2d2f331a-b937-4c26-b32b-8a8efa7c1859 => generated 132 bytes in 25 msecs (HTTP/1.1 404) 4 headers in 164 bytes (1 switches on core 0)
2026-07-14 00:41:53.684 7 WARNING neutron.db.securitygroups_db [None req-a78c472f-a62b-4e1b-97dd-bd8ab9a8f492 f1cd95796fba4bc1a8159fc7bfcfa847 39d4ad338ccb47198d5b00974e1083f7 - - default default] project_id key not found in filters, using tenant_id instead. This support has been deprecated and will be removed in a future release. [pid: 8|app: 0|req: 966/1813] 10.0.0.145 () {34 vars in 676 bytes} [Tue Jul 14 00:41:53 2026] POST /v2.0/subnetpools => generated 549 bytes in 256 msecs (HTTP/1.1 201) 4 headers in 162 bytes (1 switches on core 0)
2026-07-14 00:41:53.749 8 INFO neutron.pecan_wsgi.hooks.translation [None req-1027ada8-8344-45c7-8405-ce51ccb410b4 58b0e3c746094eb2b4b84e933b93037e 3bc096850c9845d295e4a55897625828 - - default default] DELETE failed (client error): The resource could not be found. [pid: 8|app: 0|req: 967/1814] 10.0.0.145 () {32 vars in 723 bytes} [Tue Jul 14 00:41:53 2026] DELETE /v2.0/subnets/73d1c00a-18fd-4d99-88cd-0945b62fdee4 => generated 136 bytes in 27 msecs (HTTP/1.1 404) 4 headers in 164 bytes (1 switches on core 0) [pid: 8|app: 0|req: 968/1815] 10.0.0.145 () {32 vars in 728 bytes} [Tue Jul 14 00:41:53 2026] GET /v2.0/subnetpools/3e70fcdc-9314-4a29-ae6b-df6991dc5b61 => generated 549 bytes in 26 msecs (HTTP/1.1 200) 4 headers in 157 bytes (1 switches on core 0)
2026-07-14 00:41:53.800 8 INFO neutron.pecan_wsgi.hooks.translation [None req-406dee10-1020-4673-98e8-0692c6c16026 58b0e3c746094eb2b4b84e933b93037e 3bc096850c9845d295e4a55897625828 - - default default] DELETE failed (client error): The resource could not be found. [pid: 8|app: 0|req: 969/1816] 10.0.0.145 () {32 vars in 723 bytes} [Tue Jul 14 00:41:53 2026] DELETE /v2.0/subnets/8925b103-740a-4ed3-9bcd-4ff2c1bd2ad6 => generated 136 bytes in 24 msecs (HTTP/1.1 404) 4 headers in 164 bytes (1 switches on core 0)
2026-07-14 00:41:53.870 7 INFO neutron.db.ovn_revision_numbers_db [None req-a78c472f-a62b-4e1b-97dd-bd8ab9a8f492 f1cd95796fba4bc1a8159fc7bfcfa847 39d4ad338ccb47198d5b00974e1083f7 - - default default] Successfully bumped revision number for resource f66b650b-d68b-411b-ac1d-02c9c79a16ef (type: security_groups) to 1
2026-07-14 00:41:53.881 7 INFO neutron.db.ovn_revision_numbers_db [None req-a78c472f-a62b-4e1b-97dd-bd8ab9a8f492 f1cd95796fba4bc1a8159fc7bfcfa847 39d4ad338ccb47198d5b00974e1083f7 - - default default] Successfully bumped revision number for resource 069c26e4-0ac4-4c8b-b925-2ecd068b1010 (type: security_group_rules) to 0 [pid: 8|app: 0|req: 970/1817] 10.0.0.145 () {34 vars in 748 bytes} [Tue Jul 14 00:41:53 2026] PUT /v2.0/subnetpools/3e70fcdc-9314-4a29-ae6b-df6991dc5b61 => generated 499 bytes in 86 msecs (HTTP/1.1 200) 4 headers in 157 bytes (1 switches on core 0)
2026-07-14 00:41:53.892 7 INFO neutron.db.ovn_revision_numbers_db [None req-a78c472f-a62b-4e1b-97dd-bd8ab9a8f492 f1cd95796fba4bc1a8159fc7bfcfa847 39d4ad338ccb47198d5b00974e1083f7 - - default default] Successfully bumped revision number for resource 62ad06df-ff9c-4360-9e0e-48ab5ac5f95d (type: security_group_rules) to 0
2026-07-14 00:41:53.912 7 INFO neutron.db.ovn_revision_numbers_db [None req-a78c472f-a62b-4e1b-97dd-bd8ab9a8f492 f1cd95796fba4bc1a8159fc7bfcfa847 39d4ad338ccb47198d5b00974e1083f7 - - default default] Successfully bumped revision number for resource f2841954-ed60-4381-861b-511e1c7d2919 (type: security_group_rules) to 0
2026-07-14 00:41:53.926 7 INFO neutron.db.ovn_revision_numbers_db [None req-a78c472f-a62b-4e1b-97dd-bd8ab9a8f492 f1cd95796fba4bc1a8159fc7bfcfa847 39d4ad338ccb47198d5b00974e1083f7 - - default default] Successfully bumped revision number for resource fa27f321-a622-4d2b-8957-edc4b17f86a8 (type: security_group_rules) to 0 [pid: 7|app: 0|req: 848/1818] 10.0.0.145 () {32 vars in 773 bytes} [Tue Jul 14 00:41:53 2026] GET /v2.0/security-groups?tenant_id=ae40862522274d9280f0d46d916ea53c&name=default => generated 2925 bytes in 284 msecs (HTTP/1.1 200) 4 headers in 158 bytes (1 switches on core 0) [pid: 7|app: 0|req: 849/1819] 10.0.0.145 () {32 vars in 731 bytes} [Tue Jul 14 00:41:53 2026] DELETE /v2.0/subnetpools/3e70fcdc-9314-4a29-ae6b-df6991dc5b61 => generated 0 bytes in 60 msecs (HTTP/1.1 204) 2 headers in 112 bytes (1 switches on core 0)
2026-07-14 00:41:54.034 8 INFO neutron_taas.services.taas.taas_plugin [None req-a145f186-da8c-4808-a148-1345ae6e3c71 58b0e3c746094eb2b4b84e933b93037e 3bc096850c9845d295e4a55897625828 - - default default] TaaS: Handle Delete Port: 65a18cdf-3c60-437d-aaf0-7ecd3b7dec66
2026-07-14 00:41:54.042 8 INFO neutron_taas.services.taas.tap_mirror_plugin [None req-a145f186-da8c-4808-a148-1345ae6e3c71 58b0e3c746094eb2b4b84e933b93037e 3bc096850c9845d295e4a55897625828 - - default default] Tap Mirror: Handle Delete Port: 65a18cdf-3c60-437d-aaf0-7ecd3b7dec66 [pid: 8|app: 0|req: 971/1820] 10.0.0.145 () {32 vars in 719 bytes} [Tue Jul 14 00:41:53 2026] DELETE /v2.0/ports/65a18cdf-3c60-437d-aaf0-7ecd3b7dec66 => generated 0 bytes in 290 msecs (HTTP/1.1 204) 3 headers in 131 bytes (1 switches on core 0)
2026-07-14 00:41:54.201 8 INFO neutron.api.v2.resource [None req-c2fed733-56b5-4a80-ac7e-b1bffaea87a5 0dfaedb2cc764feea13b24c123fcc0fe 12593c8c8a744c75a6153cb1a1d94c3a - - default default] show failed (client error): The resource could not be found. [pid: 8|app: 0|req: 972/1821] 10.0.0.145 () {32 vars in 728 bytes} [Tue Jul 14 00:41:54 2026] GET /v2.0/subnetpools/3e70fcdc-9314-4a29-ae6b-df6991dc5b61 => generated 145 bytes in 22 msecs (HTTP/1.1 404) 4 headers in 164 bytes (1 switches on core 0) [pid: 7|app: 0|req: 850/1822] 10.0.0.145 () {32 vars in 739 bytes} [Tue Jul 14 00:41:54 2026] DELETE /v2.0/security-groups/f66b650b-d68b-411b-ac1d-02c9c79a16ef => generated 0 bytes in 189 msecs (HTTP/1.1 204) 2 headers in 112 bytes (1 switches on core 0)
2026-07-14 00:41:54.224 7 INFO neutron.api.v2.resource [None req-a18298ce-2095-4a06-a93c-26f7027e2eeb 0dfaedb2cc764feea13b24c123fcc0fe 12593c8c8a744c75a6153cb1a1d94c3a - - default default] delete failed (client error): The resource could not be found. [pid: 7|app: 0|req: 851/1823] 10.0.0.145 () {32 vars in 731 bytes} [Tue Jul 14 00:41:54 2026] DELETE /v2.0/subnetpools/3e70fcdc-9314-4a29-ae6b-df6991dc5b61 => generated 145 bytes in 12 msecs (HTTP/1.1 404) 4 headers in 164 bytes (1 switches on core 0)
2026-07-14 00:41:54.321 8 INFO neutron_taas.services.taas.taas_plugin [None req-f62d15d1-8ef7-41a1-a0d9-ad74afb05485 58b0e3c746094eb2b4b84e933b93037e 3bc096850c9845d295e4a55897625828 - - default default] TaaS: Handle Delete Port: 74e09cb7-640a-4334-885e-6363c10687a4
2026-07-14 00:41:54.324 8 INFO neutron_taas.services.taas.tap_mirror_plugin [None req-f62d15d1-8ef7-41a1-a0d9-ad74afb05485 58b0e3c746094eb2b4b84e933b93037e 3bc096850c9845d295e4a55897625828 - - default default] Tap Mirror: Handle Delete Port: 74e09cb7-640a-4334-885e-6363c10687a4
2026-07-14 00:41:54.367 7 WARNING neutron.db.securitygroups_db [None req-23c29a2b-1089-4a3c-91f9-6a6c0cae413d f1cd95796fba4bc1a8159fc7bfcfa847 39d4ad338ccb47198d5b00974e1083f7 - - default default] project_id key not found in filters, using tenant_id instead. This support has been deprecated and will be removed in a future release.
2026-07-14 00:41:54.534 7 INFO neutron.db.ovn_revision_numbers_db [None req-23c29a2b-1089-4a3c-91f9-6a6c0cae413d f1cd95796fba4bc1a8159fc7bfcfa847 39d4ad338ccb47198d5b00974e1083f7 - - default default] Successfully bumped revision number for resource dbcf72d1-aca6-44ad-8406-fc469f5bb25b (type: security_groups) to 1
2026-07-14 00:41:54.543 8 INFO neutron.services.segments.plugin [-] Segment e65326ce-c199-4ef9-8378-3186f234c48d resource provider aggregate not found
2026-07-14 00:41:54.548 8 INFO neutron.services.segments.plugin [-] Segment e65326ce-c199-4ef9-8378-3186f234c48d resource provider aggregate not found
2026-07-14 00:41:54.548 7 INFO neutron.db.ovn_revision_numbers_db [None req-23c29a2b-1089-4a3c-91f9-6a6c0cae413d f1cd95796fba4bc1a8159fc7bfcfa847 39d4ad338ccb47198d5b00974e1083f7 - - default default] Successfully bumped revision number for resource 08421484-6bba-4d67-a8cc-8625255ddafe (type: security_group_rules) to 0
2026-07-14 00:41:54.562 7 INFO neutron.db.ovn_revision_numbers_db [None req-23c29a2b-1089-4a3c-91f9-6a6c0cae413d f1cd95796fba4bc1a8159fc7bfcfa847 39d4ad338ccb47198d5b00974e1083f7 - - default default] Successfully bumped revision number for resource 97a7d170-349d-4071-abbd-af408103a53e (type: security_group_rules) to 0
2026-07-14 00:41:54.565 8 INFO neutron.services.segments.plugin [-] Client error retrieving segment e65326ce-c199-4ef9-8378-3186f234c48d resource provider; error: Placement Client Error (4xx): {"errors": [{"status": 404, "title": "Not Found", "detail": "The resource could not be found.\n\n No resource provider with uuid e65326ce-c199-4ef9-8378-3186f234c48d found for delete ", "request_id": "req-2638c574-ba3c-4bfc-92d2-f93a58f31c38"}]}
2026-07-14 00:41:54.567 8 INFO neutron.services.segments.plugin [-] Client error retrieving segment e65326ce-c199-4ef9-8378-3186f234c48d resource provider; error: Placement Client Error (4xx): {"errors": [{"status": 404, "title": "Not Found", "detail": "The resource could not be found.\n\n No resource provider with uuid e65326ce-c199-4ef9-8378-3186f234c48d found for delete ", "request_id": "req-fce17f09-be45-4159-9b2d-99abcbb35ce1"}]}
2026-07-14 00:41:54.578 7 INFO neutron.db.ovn_revision_numbers_db [None req-23c29a2b-1089-4a3c-91f9-6a6c0cae413d f1cd95796fba4bc1a8159fc7bfcfa847 39d4ad338ccb47198d5b00974e1083f7 - - default default] Successfully bumped revision number for resource ba183cbf-6d3b-4188-ba46-a17d7323b922 (type: security_group_rules) to 0
2026-07-14 00:41:54.596 7 INFO neutron.db.ovn_revision_numbers_db [None req-23c29a2b-1089-4a3c-91f9-6a6c0cae413d f1cd95796fba4bc1a8159fc7bfcfa847 39d4ad338ccb47198d5b00974e1083f7 - - default default] Successfully bumped revision number for resource c0f9b064-e034-4624-abc3-b70e1533efa6 (type: security_group_rules) to 0 [pid: 8|app: 0|req: 973/1824] 10.0.0.145 () {32 vars in 725 bytes} [Tue Jul 14 00:41:54 2026] DELETE /v2.0/networks/43bee39e-049f-4efe-8a7c-992d7a36a150 => generated 0 bytes in 411 msecs (HTTP/1.1 204) 3 headers in 131 bytes (1 switches on core 0) [pid: 7|app: 0|req: 852/1825] 10.0.0.145 () {32 vars in 773 bytes} [Tue Jul 14 00:41:54 2026] GET /v2.0/security-groups?tenant_id=8962349a953f41388e684d0fc60ab889&name=default => generated 2925 bytes in 271 msecs (HTTP/1.1 200) 4 headers in 158 bytes (1 switches on core 0) [pid: 8|app: 0|req: 974/1826] 10.0.0.145 () {32 vars in 739 bytes} [Tue Jul 14 00:41:54 2026] DELETE /v2.0/security-groups/dbcf72d1-aca6-44ad-8406-fc469f5bb25b => generated 0 bytes in 218 msecs (HTTP/1.1 204) 2 headers in 112 bytes (1 switches on core 0)
2026-07-14 00:41:54.959 7 WARNING neutron.db.securitygroups_db [None req-a9f0e8ff-c15e-439d-a9b2-d9330bfdaef2 f1cd95796fba4bc1a8159fc7bfcfa847 39d4ad338ccb47198d5b00974e1083f7 - - default default] project_id key not found in filters, using tenant_id instead. This support has been deprecated and will be removed in a future release.
2026-07-14 00:41:55.110 7 INFO neutron.db.ovn_revision_numbers_db [None req-a9f0e8ff-c15e-439d-a9b2-d9330bfdaef2 f1cd95796fba4bc1a8159fc7bfcfa847 39d4ad338ccb47198d5b00974e1083f7 - - default default] Successfully bumped revision number for resource 3550b353-18f1-4c7f-ae68-14aa23651f37 (type: security_groups) to 1
2026-07-14 00:41:55.122 7 INFO neutron.db.ovn_revision_numbers_db [None req-a9f0e8ff-c15e-439d-a9b2-d9330bfdaef2 f1cd95796fba4bc1a8159fc7bfcfa847 39d4ad338ccb47198d5b00974e1083f7 - - default default] Successfully bumped revision number for resource 4d49f8d2-a622-4709-8f62-679cdf69a2ef (type: security_group_rules) to 0
2026-07-14 00:41:55.132 7 INFO neutron.db.ovn_revision_numbers_db [None req-a9f0e8ff-c15e-439d-a9b2-d9330bfdaef2 f1cd95796fba4bc1a8159fc7bfcfa847 39d4ad338ccb47198d5b00974e1083f7 - - default default] Successfully bumped revision number for resource 52151b1d-c9b3-4801-99b2-f74df8d7ccd0 (type: security_group_rules) to 0
2026-07-14 00:41:55.144 7 INFO neutron.db.ovn_revision_numbers_db [None req-a9f0e8ff-c15e-439d-a9b2-d9330bfdaef2 f1cd95796fba4bc1a8159fc7bfcfa847 39d4ad338ccb47198d5b00974e1083f7 - - default default] Successfully bumped revision number for resource 6ff1cea7-1a94-4c70-8fb1-e1f3e257af3e (type: security_group_rules) to 0
2026-07-14 00:41:55.153 7 INFO neutron.db.ovn_revision_numbers_db [None req-a9f0e8ff-c15e-439d-a9b2-d9330bfdaef2 f1cd95796fba4bc1a8159fc7bfcfa847 39d4ad338ccb47198d5b00974e1083f7 - - default default] Successfully bumped revision number for resource 93b1d7bc-0189-4a97-8bc9-55dbfdbadbf2 (type: security_group_rules) to 0 [pid: 7|app: 0|req: 853/1827] 10.0.0.145 () {32 vars in 773 bytes} [Tue Jul 14 00:41:54 2026] GET /v2.0/security-groups?tenant_id=12593c8c8a744c75a6153cb1a1d94c3a&name=default => generated 2925 bytes in 401 msecs (HTTP/1.1 200) 4 headers in 158 bytes (1 switches on core 0)
2026-07-14 00:41:55.282 8 WARNING neutron.db.securitygroups_db [None req-088c5b8d-71ab-49ae-a137-cf5bbe600efc f1cd95796fba4bc1a8159fc7bfcfa847 39d4ad338ccb47198d5b00974e1083f7 - - default default] project_id key not found in filters, using tenant_id instead. This support has been deprecated and will be removed in a future release. [pid: 8|app: 0|req: 975/1828] 10.0.0.145 () {32 vars in 773 bytes} [Tue Jul 14 00:41:55 2026] GET /v2.0/security-groups?tenant_id=3bc096850c9845d295e4a55897625828&name=default => generated 2925 bytes in 143 msecs (HTTP/1.1 200) 4 headers in 158 bytes (1 switches on core 0) [pid: 7|app: 0|req: 854/1829] 10.0.0.145 () {32 vars in 739 bytes} [Tue Jul 14 00:41:55 2026] DELETE /v2.0/security-groups/3550b353-18f1-4c7f-ae68-14aa23651f37 => generated 0 bytes in 182 msecs (HTTP/1.1 204) 2 headers in 112 bytes (1 switches on core 0) [pid: 8|app: 0|req: 976/1830] 10.0.0.145 () {32 vars in 739 bytes} [Tue Jul 14 00:41:55 2026] DELETE /v2.0/security-groups/d6632a76-d518-4328-a7b6-325bbd959024 => generated 0 bytes in 181 msecs (HTTP/1.1 204) 2 headers in 112 bytes (1 switches on core 0)
