2026-07-14 00:42:06.500 8 INFO neutron.db.segments_db [None req-0cea3ecd-57be-42f2-86c0-0d447e4a6aa8 5c075fad9c2a41aeb5141e898359ad1a 2687956a245b49629e2473da59019436 - - default default] Added segment 19196af5-4cec-4c70-934f-1dbe7a0f0f99 of type geneve for network fb0e3c8d-7e71-43ad-8fa5-9af03afedff8
2026-07-14 00:42:06.501 7 INFO neutron.db.ovn_revision_numbers_db [None req-d3cc7e13-21d5-44d5-b55d-6af9661667db 50b2f8c043194bd28ec921fcbf2f62bb 0ff090801f564f27be4e1642849101d0 - - default default] Successfully bumped revision number for resource f9f8308f-bdca-4ab6-8a43-fd6eb2caba06 (type: security_group_rules) to 0
2026-07-14 00:42:06.602 7 INFO neutron.db.ovn_revision_numbers_db [None req-d3cc7e13-21d5-44d5-b55d-6af9661667db 50b2f8c043194bd28ec921fcbf2f62bb 0ff090801f564f27be4e1642849101d0 - - default default] Successfully bumped revision number for resource 7c8f9078-601e-4625-b55e-456124b3e653 (type: security_groups) to 1
2026-07-14 00:42:06.616 7 INFO neutron.db.ovn_revision_numbers_db [None req-d3cc7e13-21d5-44d5-b55d-6af9661667db 50b2f8c043194bd28ec921fcbf2f62bb 0ff090801f564f27be4e1642849101d0 - - default default] Successfully bumped revision number for resource 76f8f741-d42b-4232-9f86-e2d7fec14fa6 (type: security_group_rules) to 0
2026-07-14 00:42:06.625 8 INFO neutron.db.ovn_revision_numbers_db [None req-0cea3ecd-57be-42f2-86c0-0d447e4a6aa8 5c075fad9c2a41aeb5141e898359ad1a 2687956a245b49629e2473da59019436 - - default default] Successfully bumped revision number for resource fb0e3c8d-7e71-43ad-8fa5-9af03afedff8 (type: networks) to 1
2026-07-14 00:42:06.629 7 INFO neutron.db.ovn_revision_numbers_db [None req-d3cc7e13-21d5-44d5-b55d-6af9661667db 50b2f8c043194bd28ec921fcbf2f62bb 0ff090801f564f27be4e1642849101d0 - - default default] Successfully bumped revision number for resource dbe3ef22-5c32-4019-b182-62a13b0b6b36 (type: security_group_rules) to 0 [pid: 7|app: 0|req: 895/1905] 10.0.0.145 () {34 vars in 683 bytes} [Tue Jul 14 00:42:06 2026] POST /v2.0/security-groups => generated 1601 bytes in 525 msecs (HTTP/1.1 201) 4 headers in 163 bytes (1 switches on core 0)
2026-07-14 00:42:06.707 7 WARNING tagging [None req-8fd598d6-bbf2-496e-9353-6eacbb50f0ba 50b2f8c043194bd28ec921fcbf2f62bb 0ff090801f564f27be4e1642849101d0 - - default default] project_id key not found in request, using tenant_id instead. This support has been deprecated and will be removed in a future release. [pid: 7|app: 0|req: 896/1906] 10.0.0.145 () {34 vars in 766 bytes} [Tue Jul 14 00:42:06 2026] PUT /v2.0/security-groups/7c8f9078-601e-4625-b55e-456124b3e653/tags => generated 25 bytes in 69 msecs (HTTP/1.1 200) 4 headers in 156 bytes (1 switches on core 0)
2026-07-14 00:42:06.795 7 WARNING tagging [None req-58403d24-a505-4678-8dc8-64107a62d9c6 50b2f8c043194bd28ec921fcbf2f62bb 0ff090801f564f27be4e1642849101d0 - - default default] project_id key not found in request, using tenant_id instead. This support has been deprecated and will be removed in a future release. [pid: 7|app: 0|req: 897/1907] 10.0.0.145 () {32 vars in 746 bytes} [Tue Jul 14 00:42:06 2026] GET /v2.0/security-groups/7c8f9078-601e-4625-b55e-456124b3e653/tags => generated 25 bytes in 53 msecs (HTTP/1.1 200) 4 headers in 156 bytes (1 switches on core 0)
2026-07-14 00:42:06.819 8 WARNING neutron.scheduler.dhcp_agent_scheduler [None req-0cea3ecd-57be-42f2-86c0-0d447e4a6aa8 5c075fad9c2a41aeb5141e898359ad1a 2687956a245b49629e2473da59019436 - - default default] No more DHCP agents
2026-07-14 00:42:06.821 8 WARNING neutron.api.rpc.agentnotifiers.dhcp_rpc_agent_api [None req-0cea3ecd-57be-42f2-86c0-0d447e4a6aa8 5c075fad9c2a41aeb5141e898359ad1a 2687956a245b49629e2473da59019436 - - default default] Unable to schedule network fb0e3c8d-7e71-43ad-8fa5-9af03afedff8: no agents available; will retry on subsequent port and subnet creation events.
2026-07-14 00:42:06.865 8 INFO neutron.plugins.ml2.drivers.ovn.mech_driver.mech_driver [None req-4da52cf3-a5f2-4c25-afe2-3d325e24c82c - - - - - -] OVN reports status down for port: e177c984-d5e1-408d-aabd-45bbeddb0b60
2026-07-14 00:42:06.866 7 WARNING tagging [None req-547ae554-6574-4024-af14-d2290ecaff32 50b2f8c043194bd28ec921fcbf2f62bb 0ff090801f564f27be4e1642849101d0 - - default default] project_id key not found in request, using tenant_id instead. This support has been deprecated and will be removed in a future release. [pid: 7|app: 0|req: 898/1908] 10.0.0.145 () {34 vars in 777 bytes} [Tue Jul 14 00:42:06 2026] PUT /v2.0/security-groups/7c8f9078-601e-4625-b55e-456124b3e653/tags/green => generated 4 bytes in 89 msecs (HTTP/1.1 201) 4 headers in 160 bytes (1 switches on core 0)
2026-07-14 00:42:06.916 8 INFO neutron.db.ovn_revision_numbers_db [None req-0cea3ecd-57be-42f2-86c0-0d447e4a6aa8 5c075fad9c2a41aeb5141e898359ad1a 2687956a245b49629e2473da59019436 - - default default] Successfully bumped revision number for resource e177c984-d5e1-408d-aabd-45bbeddb0b60 (type: ports) to 1
2026-07-14 00:42:06.939 7 WARNING tagging [None req-6e05fc71-24ba-44f1-baa5-94d7add520f0 50b2f8c043194bd28ec921fcbf2f62bb 0ff090801f564f27be4e1642849101d0 - - default default] project_id key not found in request, using tenant_id instead. This support has been deprecated and will be removed in a future release. [pid: 7|app: 0|req: 899/1909] 10.0.0.145 () {32 vars in 746 bytes} [Tue Jul 14 00:42:06 2026] GET /v2.0/security-groups/7c8f9078-601e-4625-b55e-456124b3e653/tags => generated 34 bytes in 35 msecs (HTTP/1.1 200) 4 headers in 156 bytes (1 switches on core 0) [pid: 8|app: 0|req: 1011/1910] 10.0.0.145 () {34 vars in 669 bytes} [Tue Jul 14 00:42:06 2026] POST /v2.0/networks => generated 669 bytes in 544 msecs (HTTP/1.1 201) 4 headers in 162 bytes (1 switches on core 0)
2026-07-14 00:42:06.986 8 WARNING tagging [None req-f84bb351-9a01-4e5c-89f2-b84ed94a4f56 50b2f8c043194bd28ec921fcbf2f62bb 0ff090801f564f27be4e1642849101d0 - - default default] project_id key not found in request, using tenant_id instead. This support has been deprecated and will be removed in a future release. [pid: 7|app: 0|req: 900/1911] 10.0.0.145 () {34 vars in 752 bytes} [Tue Jul 14 00:42:06 2026] PUT /v2.0/networks/d9b62ac9-4d65-435d-b532-e1d24e14ba08/tags => generated 17 bytes in 51 msecs (HTTP/1.1 200) 4 headers in 156 bytes (1 switches on core 0) [pid: 8|app: 0|req: 1012/1912] 10.0.0.145 () {34 vars in 773 bytes} [Tue Jul 14 00:42:06 2026] PUT /v2.0/security-groups/7c8f9078-601e-4625-b55e-456124b3e653/tags/red => generated 4 bytes in 61 msecs (HTTP/1.1 201) 4 headers in 160 bytes (1 switches on core 0)
2026-07-14 00:42:07.044 8 WARNING tagging [None req-61119e7f-d981-463c-a78d-5d600f1e804a 50b2f8c043194bd28ec921fcbf2f62bb 0ff090801f564f27be4e1642849101d0 - - default default] project_id key not found in request, using tenant_id instead. This support has been deprecated and will be removed in a future release. [pid: 8|app: 0|req: 1013/1913] 10.0.0.145 () {32 vars in 746 bytes} [Tue Jul 14 00:42:07 2026] GET /v2.0/security-groups/7c8f9078-601e-4625-b55e-456124b3e653/tags => generated 34 bytes in 31 msecs (HTTP/1.1 200) 4 headers in 156 bytes (1 switches on core 0) [pid: 7|app: 0|req: 901/1914] 10.0.0.145 () {34 vars in 752 bytes} [Tue Jul 14 00:42:07 2026] PUT /v2.0/networks/a87ae646-5966-40ce-b799-ff1e9d4b7394/tags => generated 25 bytes in 53 msecs (HTTP/1.1 200) 4 headers in 156 bytes (1 switches on core 0)
2026-07-14 00:42:07.080 8 WARNING tagging [None req-fee820e6-83a4-4f54-949b-75a1468bd2e8 50b2f8c043194bd28ec921fcbf2f62bb 0ff090801f564f27be4e1642849101d0 - - default default] project_id key not found in request, using tenant_id instead. This support has been deprecated and will be removed in a future release. [pid: 8|app: 0|req: 1014/1915] 10.0.0.145 () {34 vars in 795 bytes} [Tue Jul 14 00:42:07 2026] PUT /v2.0/security-groups/7c8f9078-601e-4625-b55e-456124b3e653/tags/black.or.white => generated 4 bytes in 53 msecs (HTTP/1.1 201) 4 headers in 160 bytes (1 switches on core 0) [pid: 7|app: 0|req: 902/1916] 10.0.0.145 () {34 vars in 752 bytes} [Tue Jul 14 00:42:07 2026] PUT /v2.0/networks/9dd5def0-859d-4a63-8b41-e00cf552408c/tags => generated 34 bytes in 62 msecs (HTTP/1.1 200) 4 headers in 156 bytes (1 switches on core 0)
2026-07-14 00:42:07.137 8 WARNING tagging [None req-a2c50014-f199-4796-8e9b-dfd877e77bc7 50b2f8c043194bd28ec921fcbf2f62bb 0ff090801f564f27be4e1642849101d0 - - default default] project_id key not found in request, using tenant_id instead. This support has been deprecated and will be removed in a future release. [pid: 8|app: 0|req: 1015/1917] 10.0.0.145 () {32 vars in 746 bytes} [Tue Jul 14 00:42:07 2026] GET /v2.0/security-groups/7c8f9078-601e-4625-b55e-456124b3e653/tags => generated 52 bytes in 31 msecs (HTTP/1.1 200) 4 headers in 156 bytes (1 switches on core 0)
2026-07-14 00:42:07.177 8 WARNING tagging [None req-0840f844-214b-44f1-a4f6-0c202729a462 50b2f8c043194bd28ec921fcbf2f62bb 0ff090801f564f27be4e1642849101d0 - - default default] project_id key not found in request, using tenant_id instead. This support has been deprecated and will be removed in a future release. [pid: 7|app: 0|req: 903/1918] 10.0.0.145 () {34 vars in 752 bytes} [Tue Jul 14 00:42:07 2026] PUT /v2.0/networks/64194ed7-9fb4-4f56-9c08-37dcb055a7bd/tags => generated 19 bytes in 48 msecs (HTTP/1.1 200) 4 headers in 156 bytes (1 switches on core 0) [pid: 8|app: 0|req: 1016/1919] 10.0.0.145 () {34 vars in 766 bytes} [Tue Jul 14 00:42:07 2026] PUT /v2.0/security-groups/7c8f9078-601e-4625-b55e-456124b3e653/tags => generated 37 bytes in 50 msecs (HTTP/1.1 200) 4 headers in 156 bytes (1 switches on core 0)
2026-07-14 00:42:07.226 8 WARNING tagging [None req-6afa4094-1daf-4370-9a25-a58ecf8aca77 50b2f8c043194bd28ec921fcbf2f62bb 0ff090801f564f27be4e1642849101d0 - - default default] project_id key not found in request, using tenant_id instead. This support has been deprecated and will be removed in a future release. [pid: 8|app: 0|req: 1017/1920] 10.0.0.145 () {32 vars in 746 bytes} [Tue Jul 14 00:42:07 2026] GET /v2.0/security-groups/7c8f9078-601e-4625-b55e-456124b3e653/tags => generated 37 bytes in 30 msecs (HTTP/1.1 200) 4 headers in 156 bytes (1 switches on core 0) [pid: 7|app: 0|req: 904/1921] 10.0.0.145 () {32 vars in 665 bytes} [Tue Jul 14 00:42:07 2026] GET /v2.0/networks?tags=red => generated 1988 bytes in 47 msecs (HTTP/1.1 200) 4 headers in 158 bytes (1 switches on core 0)
2026-07-14 00:42:07.261 8 WARNING tagging [None req-c46d81b9-a8c0-4b22-b57e-6248efef4ba5 50b2f8c043194bd28ec921fcbf2f62bb 0ff090801f564f27be4e1642849101d0 - - default default] project_id key not found in request, using tenant_id instead. This support has been deprecated and will be removed in a future release. [pid: 8|app: 0|req: 1018/1922] 10.0.0.145 () {32 vars in 754 bytes} [Tue Jul 14 00:42:07 2026] GET /v2.0/security-groups/7c8f9078-601e-4625-b55e-456124b3e653/tags/red => generated 0 bytes in 29 msecs (HTTP/1.1 204) 2 headers in 112 bytes (1 switches on core 0) [pid: 7|app: 0|req: 905/1923] 10.0.0.145 () {32 vars in 679 bytes} [Tue Jul 14 00:42:07 2026] GET /v2.0/networks?tags=red%2Cblue => generated 1337 bytes in 42 msecs (HTTP/1.1 200) 4 headers in 158 bytes (1 switches on core 0)
2026-07-14 00:42:07.294 8 WARNING tagging [None req-9e0fdfa1-1a00-410e-813c-a2b32d7fe64d 50b2f8c043194bd28ec921fcbf2f62bb 0ff090801f564f27be4e1642849101d0 - - default default] project_id key not found in request, using tenant_id instead. This support has been deprecated and will be removed in a future release.
2026-07-14 00:42:07.303 8 INFO neutron.api.v2.resource [None req-9e0fdfa1-1a00-410e-813c-a2b32d7fe64d 50b2f8c043194bd28ec921fcbf2f62bb 0ff090801f564f27be4e1642849101d0 - - default default] show failed (client error): The resource could not be found. [pid: 8|app: 0|req: 1019/1924] 10.0.0.145 () {32 vars in 758 bytes} [Tue Jul 14 00:42:07 2026] GET /v2.0/security-groups/7c8f9078-601e-4625-b55e-456124b3e653/tags/green => generated 99 bytes in 29 msecs (HTTP/1.1 404) 4 headers in 163 bytes (1 switches on core 0) [pid: 8|app: 0|req: 1020/1925] 10.0.0.145 () {32 vars in 675 bytes} [Tue Jul 14 00:42:07 2026] GET /v2.0/networks?tags-any=blue => generated 1337 bytes in 45 msecs (HTTP/1.1 200) 4 headers in 158 bytes (1 switches on core 0)
2026-07-14 00:42:07.367 8 WARNING tagging [None req-1ace2182-4d78-4e5a-8cef-1004cc7dc90d 50b2f8c043194bd28ec921fcbf2f62bb 0ff090801f564f27be4e1642849101d0 - - default default] project_id key not found in request, using tenant_id instead. This support has been deprecated and will be removed in a future release. [pid: 8|app: 0|req: 1021/1926] 10.0.0.145 () {32 vars in 757 bytes} [Tue Jul 14 00:42:07 2026] DELETE /v2.0/security-groups/7c8f9078-601e-4625-b55e-456124b3e653/tags/red => generated 0 bytes in 39 msecs (HTTP/1.1 204) 2 headers in 112 bytes (1 switches on core 0) [pid: 8|app: 0|req: 1022/1927] 10.0.0.145 () {32 vars in 687 bytes} [Tue Jul 14 00:42:07 2026] GET /v2.0/networks?tags-any=red%2Cblue => generated 1988 bytes in 34 msecs (HTTP/1.1 200) 4 headers in 158 bytes (1 switches on core 0)
2026-07-14 00:42:07.440 8 WARNING tagging [None req-4f7ca3a7-8931-42ed-9f22-066ca069cbaf 50b2f8c043194bd28ec921fcbf2f62bb 0ff090801f564f27be4e1642849101d0 - - default default] project_id key not found in request, using tenant_id instead. This support has been deprecated and will be removed in a future release. [pid: 8|app: 0|req: 1023/1928] 10.0.0.145 () {32 vars in 746 bytes} [Tue Jul 14 00:42:07 2026] GET /v2.0/security-groups/7c8f9078-601e-4625-b55e-456124b3e653/tags => generated 30 bytes in 29 msecs (HTTP/1.1 200) 4 headers in 156 bytes (1 switches on core 0) [pid: 8|app: 0|req: 1024/1929] 10.0.0.145 () {32 vars in 673 bytes} [Tue Jul 14 00:42:07 2026] GET /v2.0/networks?not-tags=red => generated 1987 bytes in 58 msecs (HTTP/1.1 200) 4 headers in 158 bytes (1 switches on core 0)
2026-07-14 00:42:07.542 8 WARNING tagging [None req-d540c2b4-bcb1-4d8f-86c6-56e2f69103aa 50b2f8c043194bd28ec921fcbf2f62bb 0ff090801f564f27be4e1642849101d0 - - default default] project_id key not found in request, using tenant_id instead. This support has been deprecated and will be removed in a future release.
2026-07-14 00:42:07.554 7 INFO neutron.db.ovn_revision_numbers_db [None req-fd7e7eac-61ec-42ea-a8e3-58e6410d6cfb f1cd95796fba4bc1a8159fc7bfcfa847 39d4ad338ccb47198d5b00974e1083f7 - - default default] Successfully bumped revision number for resource 549de218-c7ed-4a4d-bbab-ff520fb5f6bd (type: security_groups) to 1
2026-07-14 00:42:07.562 8 INFO neutron.api.v2.resource [None req-d540c2b4-bcb1-4d8f-86c6-56e2f69103aa 50b2f8c043194bd28ec921fcbf2f62bb 0ff090801f564f27be4e1642849101d0 - - default default] delete failed (client error): The resource could not be found. [pid: 8|app: 0|req: 1025/1930] 10.0.0.145 () {32 vars in 761 bytes} [Tue Jul 14 00:42:07 2026] DELETE /v2.0/security-groups/7c8f9078-601e-4625-b55e-456124b3e653/tags/green => generated 99 bytes in 50 msecs (HTTP/1.1 404) 4 headers in 163 bytes (1 switches on core 0)
2026-07-14 00:42:07.571 7 INFO neutron.db.ovn_revision_numbers_db [None req-fd7e7eac-61ec-42ea-a8e3-58e6410d6cfb f1cd95796fba4bc1a8159fc7bfcfa847 39d4ad338ccb47198d5b00974e1083f7 - - default default] Successfully bumped revision number for resource 072d286e-64d1-4d71-9606-db4e535fc255 (type: security_group_rules) to 0
2026-07-14 00:42:07.584 7 INFO neutron.db.ovn_revision_numbers_db [None req-fd7e7eac-61ec-42ea-a8e3-58e6410d6cfb f1cd95796fba4bc1a8159fc7bfcfa847 39d4ad338ccb47198d5b00974e1083f7 - - default default] Successfully bumped revision number for resource 5c1bedaf-9720-4077-a1f0-f09b56d5ff29 (type: security_group_rules) to 0
2026-07-14 00:42:07.603 7 INFO neutron.db.ovn_revision_numbers_db [None req-fd7e7eac-61ec-42ea-a8e3-58e6410d6cfb f1cd95796fba4bc1a8159fc7bfcfa847 39d4ad338ccb47198d5b00974e1083f7 - - default default] Successfully bumped revision number for resource 68fba2c4-1499-4d9a-9f78-5ab5473d0e2d (type: security_group_rules) to 0
2026-07-14 00:42:07.616 7 INFO neutron.db.ovn_revision_numbers_db [None req-fd7e7eac-61ec-42ea-a8e3-58e6410d6cfb f1cd95796fba4bc1a8159fc7bfcfa847 39d4ad338ccb47198d5b00974e1083f7 - - default default] Successfully bumped revision number for resource d629c815-cd77-4785-81e2-742732797e8d (type: security_group_rules) to 0 [pid: 8|app: 0|req: 1026/1931] 10.0.0.145 () {32 vars in 687 bytes} [Tue Jul 14 00:42:07 2026] GET /v2.0/networks?not-tags=red%2Cblue => generated 2638 bytes in 69 msecs (HTTP/1.1 200) 4 headers in 158 bytes (1 switches on core 0)
2026-07-14 00:42:07.657 8 WARNING tagging [None req-dd9b1fe7-6ec9-4081-8650-ba45b96f0f1f 50b2f8c043194bd28ec921fcbf2f62bb 0ff090801f564f27be4e1642849101d0 - - default default] project_id key not found in request, using tenant_id instead. This support has been deprecated and will be removed in a future release. [pid: 8|app: 0|req: 1027/1932] 10.0.0.145 () {32 vars in 749 bytes} [Tue Jul 14 00:42:07 2026] DELETE /v2.0/security-groups/7c8f9078-601e-4625-b55e-456124b3e653/tags => generated 0 bytes in 57 msecs (HTTP/1.1 204) 2 headers in 112 bytes (1 switches on core 0)
2026-07-14 00:42:07.700 7 INFO neutron.db.segments_db [None req-fd7e7eac-61ec-42ea-a8e3-58e6410d6cfb f1cd95796fba4bc1a8159fc7bfcfa847 39d4ad338ccb47198d5b00974e1083f7 - - default default] Added segment fc4d7781-043e-4af4-9317-580ffc5c6816 of type geneve for network d9412a64-d0fa-4510-a280-31792b68fada [pid: 8|app: 0|req: 1028/1933] 10.0.0.145 () {32 vars in 683 bytes} [Tue Jul 14 00:42:07 2026] GET /v2.0/networks?not-tags-any=blue => generated 2638 bytes in 72 msecs (HTTP/1.1 200) 4 headers in 158 bytes (1 switches on core 0)
2026-07-14 00:42:07.793 8 WARNING tagging [None req-9b94f43c-7173-4de7-9f80-7f3ebd0b8a99 50b2f8c043194bd28ec921fcbf2f62bb 0ff090801f564f27be4e1642849101d0 - - default default] project_id key not found in request, using tenant_id instead. This support has been deprecated and will be removed in a future release. [pid: 8|app: 0|req: 1029/1934] 10.0.0.145 () {32 vars in 746 bytes} [Tue Jul 14 00:42:07 2026] GET /v2.0/security-groups/7c8f9078-601e-4625-b55e-456124b3e653/tags => generated 12 bytes in 46 msecs (HTTP/1.1 200) 4 headers in 156 bytes (1 switches on core 0)
2026-07-14 00:42:07.825 7 INFO neutron.db.ovn_revision_numbers_db [None req-fd7e7eac-61ec-42ea-a8e3-58e6410d6cfb f1cd95796fba4bc1a8159fc7bfcfa847 39d4ad338ccb47198d5b00974e1083f7 - - default default] Successfully bumped revision number for resource d9412a64-d0fa-4510-a280-31792b68fada (type: networks) to 1 [pid: 8|app: 0|req: 1030/1935] 10.0.0.145 () {32 vars in 695 bytes} [Tue Jul 14 00:42:07 2026] GET /v2.0/networks?not-tags-any=red%2Cblue => generated 1987 bytes in 42 msecs (HTTP/1.1 200) 4 headers in 158 bytes (1 switches on core 0) [pid: 8|app: 0|req: 1031/1936] 10.0.0.145 () {32 vars in 739 bytes} [Tue Jul 14 00:42:07 2026] DELETE /v2.0/security-groups/7c8f9078-601e-4625-b55e-456124b3e653 => generated 0 bytes in 112 msecs (HTTP/1.1 204) 2 headers in 112 bytes (1 switches on core 0)
2026-07-14 00:42:07.992 7 WARNING neutron.scheduler.dhcp_agent_scheduler [None req-fd7e7eac-61ec-42ea-a8e3-58e6410d6cfb f1cd95796fba4bc1a8159fc7bfcfa847 39d4ad338ccb47198d5b00974e1083f7 - - default default] No more DHCP agents
2026-07-14 00:42:07.994 7 WARNING neutron.api.rpc.agentnotifiers.dhcp_rpc_agent_api [None req-fd7e7eac-61ec-42ea-a8e3-58e6410d6cfb f1cd95796fba4bc1a8159fc7bfcfa847 39d4ad338ccb47198d5b00974e1083f7 - - default default] Unable to schedule network d9412a64-d0fa-4510-a280-31792b68fada: no agents available; will retry on subsequent port and subnet creation events.
2026-07-14 00:42:08.036 8 INFO neutron.plugins.ml2.drivers.ovn.mech_driver.mech_driver [None req-4da52cf3-a5f2-4c25-afe2-3d325e24c82c - - - - - -] OVN reports status down for port: bfe5b687-5d26-475e-bc08-d74a53785fb1
2026-07-14 00:42:08.066 7 INFO neutron.db.ovn_revision_numbers_db [None req-fd7e7eac-61ec-42ea-a8e3-58e6410d6cfb f1cd95796fba4bc1a8159fc7bfcfa847 39d4ad338ccb47198d5b00974e1083f7 - - default default] Successfully bumped revision number for resource bfe5b687-5d26-475e-bc08-d74a53785fb1 (type: ports) to 1 [pid: 7|app: 0|req: 906/1937] 10.0.0.145 () {34 vars in 670 bytes} [Tue Jul 14 00:42:07 2026] POST /v2.0/networks => generated 782 bytes in 803 msecs (HTTP/1.1 201) 4 headers in 162 bytes (1 switches on core 0)
2026-07-14 00:42:08.127 8 INFO neutron_taas.services.taas.taas_plugin [None req-37a67498-77e4-4392-8e4f-a6e21ae8f4f3 5c075fad9c2a41aeb5141e898359ad1a 2687956a245b49629e2473da59019436 - - default default] TaaS: Handle Delete Port: 397f0330-48da-4d96-8328-b6882b8e7763
2026-07-14 00:42:08.131 8 INFO neutron_taas.services.taas.tap_mirror_plugin [None req-37a67498-77e4-4392-8e4f-a6e21ae8f4f3 5c075fad9c2a41aeb5141e898359ad1a 2687956a245b49629e2473da59019436 - - default default] Tap Mirror: Handle Delete Port: 397f0330-48da-4d96-8328-b6882b8e7763
2026-07-14 00:42:08.263 7 WARNING neutron.scheduler.dhcp_agent_scheduler [None req-dac4644a-7783-4d5f-ac56-c1d61d9d77b2 f1cd95796fba4bc1a8159fc7bfcfa847 39d4ad338ccb47198d5b00974e1083f7 - - default default] No more DHCP agents
2026-07-14 00:42:08.265 7 WARNING neutron.api.rpc.agentnotifiers.dhcp_rpc_agent_api [None req-dac4644a-7783-4d5f-ac56-c1d61d9d77b2 f1cd95796fba4bc1a8159fc7bfcfa847 39d4ad338ccb47198d5b00974e1083f7 - - default default] Unable to schedule network d9412a64-d0fa-4510-a280-31792b68fada: no agents available; will retry on subsequent port and subnet creation events.
2026-07-14 00:42:08.333 8 INFO neutron.services.segments.plugin [-] Segment c4ea201e-40f7-4425-a181-f82e4aec30d9 resource provider aggregate not found
2026-07-14 00:42:08.338 8 INFO neutron.services.segments.plugin [-] Segment c4ea201e-40f7-4425-a181-f82e4aec30d9 resource provider aggregate not found
2026-07-14 00:42:08.358 8 INFO neutron.services.segments.plugin [-] Client error retrieving segment c4ea201e-40f7-4425-a181-f82e4aec30d9 resource provider; error: Placement Client Error (4xx): {"errors": [{"status": 404, "title": "Not Found", "detail": "The resource could not be found.\n\n No resource provider with uuid c4ea201e-40f7-4425-a181-f82e4aec30d9 found for delete ", "request_id": "req-30945dd2-67f9-4cb2-8abf-4f4932439519"}]}
2026-07-14 00:42:08.359 8 INFO neutron.services.segments.plugin [-] Client error retrieving segment c4ea201e-40f7-4425-a181-f82e4aec30d9 resource provider; error: Placement Client Error (4xx): {"errors": [{"status": 404, "title": "Not Found", "detail": "The resource could not be found.\n\n No resource provider with uuid c4ea201e-40f7-4425-a181-f82e4aec30d9 found for delete ", "request_id": "req-5a1f2114-71ca-4ee1-b7ef-317ff7047158"}]} [pid: 8|app: 0|req: 1032/1938] 10.0.0.145 () {32 vars in 725 bytes} [Tue Jul 14 00:42:07 2026] DELETE /v2.0/networks/d9b62ac9-4d65-435d-b532-e1d24e14ba08 => generated 0 bytes in 426 msecs (HTTP/1.1 204) 3 headers in 131 bytes (1 switches on core 0)
2026-07-14 00:42:08.508 8 INFO neutron_taas.services.taas.taas_plugin [None req-6f4c5018-818f-4317-abe8-6b1a260719e9 5c075fad9c2a41aeb5141e898359ad1a 2687956a245b49629e2473da59019436 - - default default] TaaS: Handle Delete Port: 95fa918d-eeac-44b0-8460-79ad7000c983
2026-07-14 00:42:08.511 8 INFO neutron_taas.services.taas.tap_mirror_plugin [None req-6f4c5018-818f-4317-abe8-6b1a260719e9 5c075fad9c2a41aeb5141e898359ad1a 2687956a245b49629e2473da59019436 - - default default] Tap Mirror: Handle Delete Port: 95fa918d-eeac-44b0-8460-79ad7000c983 [pid: 8|app: 0|req: 1033/1939] 10.0.0.145 () {32 vars in 725 bytes} [Tue Jul 14 00:42:08 2026] DELETE /v2.0/networks/a87ae646-5966-40ce-b799-ff1e9d4b7394 => generated 0 bytes in 366 msecs (HTTP/1.1 204) 3 headers in 131 bytes (1 switches on core 0)
2026-07-14 00:42:08.781 7 INFO neutron.db.ovn_revision_numbers_db [None req-dac4644a-7783-4d5f-ac56-c1d61d9d77b2 f1cd95796fba4bc1a8159fc7bfcfa847 39d4ad338ccb47198d5b00974e1083f7 - - default default] Successfully bumped revision number for resource bfe5b687-5d26-475e-bc08-d74a53785fb1 (type: ports) to 2
2026-07-14 00:42:08.831 7 INFO neutron.db.ovn_revision_numbers_db [None req-dac4644a-7783-4d5f-ac56-c1d61d9d77b2 f1cd95796fba4bc1a8159fc7bfcfa847 39d4ad338ccb47198d5b00974e1083f7 - - default default] Successfully bumped revision number for resource 6ec91189-f416-4ebe-b095-ea4544f3dad6 (type: subnets) to 0 [pid: 7|app: 0|req: 907/1940] 10.0.0.145 () {34 vars in 668 bytes} [Tue Jul 14 00:42:08 2026] POST /v2.0/subnets => generated 688 bytes in 756 msecs (HTTP/1.1 201) 4 headers in 162 bytes (1 switches on core 0)
2026-07-14 00:42:08.877 8 WARNING neutron.db.securitygroups_db [None req-0a1de3d3-c193-4932-b08b-9f266251978e f1cd95796fba4bc1a8159fc7bfcfa847 39d4ad338ccb47198d5b00974e1083f7 - - default default] project_id key not found in filters, using tenant_id instead. This support has been deprecated and will be removed in a future release.
2026-07-14 00:42:08.940 7 INFO neutron_taas.services.taas.taas_plugin [None req-27647bba-a7c4-4664-8bed-e88230900183 5c075fad9c2a41aeb5141e898359ad1a 2687956a245b49629e2473da59019436 - - default default] TaaS: Handle Delete Port: bcb39b7e-4318-46d4-814b-00ff8c60149e
2026-07-14 00:42:08.943 7 INFO neutron_taas.services.taas.tap_mirror_plugin [None req-27647bba-a7c4-4664-8bed-e88230900183 5c075fad9c2a41aeb5141e898359ad1a 2687956a245b49629e2473da59019436 - - default default] Tap Mirror: Handle Delete Port: bcb39b7e-4318-46d4-814b-00ff8c60149e
2026-07-14 00:42:09.001 8 INFO neutron.db.ovn_revision_numbers_db [None req-0a1de3d3-c193-4932-b08b-9f266251978e f1cd95796fba4bc1a8159fc7bfcfa847 39d4ad338ccb47198d5b00974e1083f7 - - default default] Successfully bumped revision number for resource 93f116ef-643f-4bfe-8b80-df3396f02487 (type: security_groups) to 1
2026-07-14 00:42:09.021 8 INFO neutron.db.ovn_revision_numbers_db [None req-0a1de3d3-c193-4932-b08b-9f266251978e f1cd95796fba4bc1a8159fc7bfcfa847 39d4ad338ccb47198d5b00974e1083f7 - - default default] Successfully bumped revision number for resource 5a620483-ce1d-4f37-93be-06866266444d (type: security_group_rules) to 0
2026-07-14 00:42:09.033 8 INFO neutron.db.ovn_revision_numbers_db [None req-0a1de3d3-c193-4932-b08b-9f266251978e f1cd95796fba4bc1a8159fc7bfcfa847 39d4ad338ccb47198d5b00974e1083f7 - - default default] Successfully bumped revision number for resource 8108e308-cbfc-4131-ae97-df650c9413aa (type: security_group_rules) to 0
2026-07-14 00:42:09.052 8 INFO neutron.db.ovn_revision_numbers_db [None req-0a1de3d3-c193-4932-b08b-9f266251978e f1cd95796fba4bc1a8159fc7bfcfa847 39d4ad338ccb47198d5b00974e1083f7 - - default default] Successfully bumped revision number for resource dd1eaaf6-3c52-44a9-b3c7-d596abd8f6da (type: security_group_rules) to 0
2026-07-14 00:42:09.066 8 INFO neutron.db.ovn_revision_numbers_db [None req-0a1de3d3-c193-4932-b08b-9f266251978e f1cd95796fba4bc1a8159fc7bfcfa847 39d4ad338ccb47198d5b00974e1083f7 - - default default] Successfully bumped revision number for resource f9ad1d64-c6bd-460f-b5d9-b15c806c8c2b (type: security_group_rules) to 0 [pid: 8|app: 0|req: 1034/1941] 10.0.0.145 () {32 vars in 773 bytes} [Tue Jul 14 00:42:08 2026] GET /v2.0/security-groups?tenant_id=ec4b499bcba34273a903aae41a584104&name=default => generated 2925 bytes in 340 msecs (HTTP/1.1 200) 4 headers in 158 bytes (1 switches on core 0)
2026-07-14 00:42:09.126 7 INFO neutron.services.segments.plugin [-] Segment 86456bb6-512f-48f1-b495-1f6e18e7a9da resource provider aggregate not found
2026-07-14 00:42:09.131 7 INFO neutron.services.segments.plugin [-] Segment 86456bb6-512f-48f1-b495-1f6e18e7a9da resource provider aggregate not found
2026-07-14 00:42:09.148 7 INFO neutron.services.segments.plugin [-] Client error retrieving segment 86456bb6-512f-48f1-b495-1f6e18e7a9da resource provider; error: Placement Client Error (4xx): {"errors": [{"status": 404, "title": "Not Found", "detail": "The resource could not be found.\n\n No resource provider with uuid 86456bb6-512f-48f1-b495-1f6e18e7a9da found for delete ", "request_id": "req-3116e0c1-d289-4b99-99f3-c1e88d928478"}]}
2026-07-14 00:42:09.152 7 INFO neutron.services.segments.plugin [-] Client error retrieving segment 86456bb6-512f-48f1-b495-1f6e18e7a9da resource provider; error: Placement Client Error (4xx): {"errors": [{"status": 404, "title": "Not Found", "detail": "The resource could not be found.\n\n No resource provider with uuid 86456bb6-512f-48f1-b495-1f6e18e7a9da found for delete ", "request_id": "req-b2e280d7-4c69-4c3b-b2df-1807ba5aea9b"}]} [pid: 7|app: 0|req: 908/1942] 10.0.0.145 () {32 vars in 725 bytes} [Tue Jul 14 00:42:08 2026] DELETE /v2.0/networks/9dd5def0-859d-4a63-8b41-e00cf552408c => generated 0 bytes in 324 msecs (HTTP/1.1 204) 3 headers in 131 bytes (1 switches on core 0) [pid: 7|app: 0|req: 909/1943] 10.0.0.145 () {32 vars in 739 bytes} [Tue Jul 14 00:42:09 2026] DELETE /v2.0/security-groups/93f116ef-643f-4bfe-8b80-df3396f02487 => generated 0 bytes in 159 msecs (HTTP/1.1 204) 2 headers in 112 bytes (1 switches on core 0)
2026-07-14 00:42:09.451 7 INFO neutron_taas.services.taas.taas_plugin [None req-58be7c66-609c-41eb-a5a7-a0f5ae72cdbf 5c075fad9c2a41aeb5141e898359ad1a 2687956a245b49629e2473da59019436 - - default default] TaaS: Handle Delete Port: 8b1a421a-0e67-4869-b972-b757828d6f37
2026-07-14 00:42:09.454 7 INFO neutron_taas.services.taas.tap_mirror_plugin [None req-58be7c66-609c-41eb-a5a7-a0f5ae72cdbf 5c075fad9c2a41aeb5141e898359ad1a 2687956a245b49629e2473da59019436 - - default default] Tap Mirror: Handle Delete Port: 8b1a421a-0e67-4869-b972-b757828d6f37
2026-07-14 00:42:09.494 8 WARNING neutron.scheduler.dhcp_agent_scheduler [None req-345dfdf3-3cf1-42aa-a99a-3dbe768e84e4 f1cd95796fba4bc1a8159fc7bfcfa847 39d4ad338ccb47198d5b00974e1083f7 - - default default] No more DHCP agents
2026-07-14 00:42:09.495 8 WARNING neutron.api.rpc.agentnotifiers.dhcp_rpc_agent_api [None req-345dfdf3-3cf1-42aa-a99a-3dbe768e84e4 f1cd95796fba4bc1a8159fc7bfcfa847 39d4ad338ccb47198d5b00974e1083f7 - - default default] Unable to schedule network 7225c6d6-a29f-4b6b-aed9-0ae0301300c3: no agents available; will retry on subsequent port and subnet creation events.
2026-07-14 00:42:09.605 8 INFO neutron.plugins.ml2.drivers.ovn.mech_driver.mech_driver [None req-4da52cf3-a5f2-4c25-afe2-3d325e24c82c - - - - - -] OVN reports status down for port: 3695be8f-a6cd-42f9-a8b0-8a9070a36761
2026-07-14 00:42:09.661 8 INFO neutron.db.ovn_revision_numbers_db [None req-345dfdf3-3cf1-42aa-a99a-3dbe768e84e4 f1cd95796fba4bc1a8159fc7bfcfa847 39d4ad338ccb47198d5b00974e1083f7 - - default default] Successfully bumped revision number for resource 3695be8f-a6cd-42f9-a8b0-8a9070a36761 (type: ports) to 1 [pid: 7|app: 0|req: 910/1944] 10.0.0.145 () {32 vars in 725 bytes} [Tue Jul 14 00:42:09 2026] DELETE /v2.0/networks/64194ed7-9fb4-4f56-9c08-37dcb055a7bd => generated 0 bytes in 354 msecs (HTTP/1.1 204) 3 headers in 131 bytes (1 switches on core 0)
2026-07-14 00:42:09.690 7 WARNING neutron.db.securitygroups_db [None req-fe9f190d-d979-4618-888e-4ce9f7e5f7b3 f1cd95796fba4bc1a8159fc7bfcfa847 39d4ad338ccb47198d5b00974e1083f7 - - default default] project_id key not found in filters, using tenant_id instead. This support has been deprecated and will be removed in a future release. [pid: 7|app: 0|req: 911/1945] 10.0.0.145 () {32 vars in 773 bytes} [Tue Jul 14 00:42:09 2026] GET /v2.0/security-groups?tenant_id=0ff090801f564f27be4e1642849101d0&name=default => generated 2925 bytes in 30 msecs (HTTP/1.1 200) 4 headers in 158 bytes (1 switches on core 0)
2026-07-14 00:42:09.859 7 INFO neutron_taas.services.taas.taas_plugin [None req-5226dd54-869e-4518-8112-205217d1944c 5c075fad9c2a41aeb5141e898359ad1a 2687956a245b49629e2473da59019436 - - default default] TaaS: Handle Delete Port: e177c984-d5e1-408d-aabd-45bbeddb0b60
2026-07-14 00:42:09.862 7 INFO neutron_taas.services.taas.tap_mirror_plugin [None req-5226dd54-869e-4518-8112-205217d1944c 5c075fad9c2a41aeb5141e898359ad1a 2687956a245b49629e2473da59019436 - - default default] Tap Mirror: Handle Delete Port: e177c984-d5e1-408d-aabd-45bbeddb0b60 [pid: 7|app: 0|req: 912/1946] 10.0.0.145 () {32 vars in 725 bytes} [Tue Jul 14 00:42:09 2026] DELETE /v2.0/networks/fb0e3c8d-7e71-43ad-8fa5-9af03afedff8 => generated 0 bytes in 352 msecs (HTTP/1.1 204) 3 headers in 131 bytes (1 switches on core 0) [pid: 7|app: 0|req: 913/1947] 10.0.0.145 () {32 vars in 739 bytes} [Tue Jul 14 00:42:10 2026] DELETE /v2.0/security-groups/5b6e75d1-af1f-4154-a95d-5b154718afce => generated 0 bytes in 143 msecs (HTTP/1.1 204) 2 headers in 112 bytes (1 switches on core 0)
2026-07-14 00:42:10.253 7 INFO neutron.plugins.ml2.drivers.ovn.mech_driver.ovsdb.ovsdb_monitor [None req-e672056e-bafa-4ac5-a604-ed6d1a5c28d7 - - - - - -] Router c338f3be-659b-4174-bb8f-c5edf8604790 is bound to host instance
2026-07-14 00:42:10.277 8 INFO neutron.plugins.ml2.drivers.ovn.mech_driver.mech_driver [None req-4da52cf3-a5f2-4c25-afe2-3d325e24c82c - - - - - -] OVN reports status up for port: 3695be8f-a6cd-42f9-a8b0-8a9070a36761
2026-07-14 00:42:10.307 8 INFO neutron.plugins.ml2.plugin [None req-4da52cf3-a5f2-4c25-afe2-3d325e24c82c - - - - - -] Attempt 1 to provision port 3695be8f-a6cd-42f9-a8b0-8a9070a36761
2026-07-14 00:42:10.322 8 INFO neutron.db.ovn_revision_numbers_db [None req-345dfdf3-3cf1-42aa-a99a-3dbe768e84e4 f1cd95796fba4bc1a8159fc7bfcfa847 39d4ad338ccb47198d5b00974e1083f7 - - default default] Successfully bumped revision number for resource 3695be8f-a6cd-42f9-a8b0-8a9070a36761 (type: router_ports) to 1
2026-07-14 00:42:10.407 8 INFO neutron.services.segments.plugin [-] Segment e1590f5c-48f5-4fe4-af3a-c9ee09b53bb9 resource provider aggregate not found
2026-07-14 00:42:10.419 8 INFO neutron.services.segments.plugin [-] Segment e1590f5c-48f5-4fe4-af3a-c9ee09b53bb9 resource provider aggregate not found
2026-07-14 00:42:10.433 8 INFO neutron.services.segments.plugin [-] Client error retrieving segment e1590f5c-48f5-4fe4-af3a-c9ee09b53bb9 resource provider; error: Placement Client Error (4xx): {"errors": [{"status": 404, "title": "Not Found", "detail": "The resource could not be found.\n\n No resource provider with uuid e1590f5c-48f5-4fe4-af3a-c9ee09b53bb9 found for delete ", "request_id": "req-bd7de76c-f7c4-4a62-a676-14ad78f0cfca"}]}
2026-07-14 00:42:10.441 8 INFO neutron.services.segments.plugin [-] Client error retrieving segment e1590f5c-48f5-4fe4-af3a-c9ee09b53bb9 resource provider; error: Placement Client Error (4xx): {"errors": [{"status": 404, "title": "Not Found", "detail": "The resource could not be found.\n\n No resource provider with uuid e1590f5c-48f5-4fe4-af3a-c9ee09b53bb9 found for delete ", "request_id": "req-51015b9f-61f0-438e-b060-0925bff39c13"}]}
2026-07-14 00:42:10.491 8 INFO neutron.db.ovn_revision_numbers_db [None req-345dfdf3-3cf1-42aa-a99a-3dbe768e84e4 f1cd95796fba4bc1a8159fc7bfcfa847 39d4ad338ccb47198d5b00974e1083f7 - - default default] Successfully bumped revision number for resource c338f3be-659b-4174-bb8f-c5edf8604790 (type: routers) to 2 [pid: 8|app: 0|req: 1035/1948] 10.0.0.145 () {34 vars in 668 bytes} [Tue Jul 14 00:42:09 2026] POST /v2.0/routers => generated 987 bytes in 1407 msecs (HTTP/1.1 201) 4 headers in 162 bytes (1 switches on core 0)
2026-07-14 00:42:11.031 8 WARNING neutron.db.securitygroups_db [None req-8449563f-a1c3-4a13-9dd8-1506ee952a5c f1cd95796fba4bc1a8159fc7bfcfa847 39d4ad338ccb47198d5b00974e1083f7 - - default default] project_id key not found in filters, using tenant_id instead. This support has been deprecated and will be removed in a future release. [pid: 8|app: 0|req: 1036/1949] 10.0.0.145 () {32 vars in 773 bytes} [Tue Jul 14 00:42:10 2026] GET /v2.0/security-groups?tenant_id=2687956a245b49629e2473da59019436&name=default => generated 2925 bytes in 142 msecs (HTTP/1.1 200) 4 headers in 158 bytes (1 switches on core 0)
2026-07-14 00:42:11.181 7 INFO neutron.services.segments.plugin [-] Segment a408b6ff-b15a-496a-8176-321c4cd4d8a5 resource provider aggregate not found
2026-07-14 00:42:11.188 7 INFO neutron.services.segments.plugin [-] Segment a408b6ff-b15a-496a-8176-321c4cd4d8a5 resource provider aggregate not found
2026-07-14 00:42:11.221 7 INFO neutron.services.segments.plugin [-] Client error retrieving segment a408b6ff-b15a-496a-8176-321c4cd4d8a5 resource provider; error: Placement Client Error (4xx): {"errors": [{"status": 404, "title": "Not Found", "detail": "The resource could not be found.\n\n No resource provider with uuid a408b6ff-b15a-496a-8176-321c4cd4d8a5 found for delete ", "request_id": "req-6c752ff1-629b-4041-800c-7717854acd79"}]}
2026-07-14 00:42:11.225 7 INFO neutron.services.segments.plugin [-] Client error retrieving segment a408b6ff-b15a-496a-8176-321c4cd4d8a5 resource provider; error: Placement Client Error (4xx): {"errors": [{"status": 404, "title": "Not Found", "detail": "The resource could not be found.\n\n No resource provider with uuid a408b6ff-b15a-496a-8176-321c4cd4d8a5 found for delete ", "request_id": "req-257c63bd-1ee7-4b7a-ac57-352af31731d6"}]} [pid: 8|app: 0|req: 1037/1950] 10.0.0.145 () {32 vars in 739 bytes} [Tue Jul 14 00:42:11 2026] DELETE /v2.0/security-groups/e64be8a5-b8ef-4e82-bbf8-1c02342395ef => generated 0 bytes in 180 msecs (HTTP/1.1 204) 2 headers in 112 bytes (1 switches on core 0)
2026-07-14 00:42:11.251 7 INFO neutron.services.segments.plugin [-] Segment 19196af5-4cec-4c70-934f-1dbe7a0f0f99 resource provider aggregate not found
2026-07-14 00:42:11.260 7 INFO neutron.services.segments.plugin [-] Segment 19196af5-4cec-4c70-934f-1dbe7a0f0f99 resource provider aggregate not found
2026-07-14 00:42:11.274 7 INFO neutron.services.segments.plugin [-] Client error retrieving segment 19196af5-4cec-4c70-934f-1dbe7a0f0f99 resource provider; error: Placement Client Error (4xx): {"errors": [{"status": 404, "title": "Not Found", "detail": "The resource could not be found.\n\n No resource provider with uuid 19196af5-4cec-4c70-934f-1dbe7a0f0f99 found for delete ", "request_id": "req-a7b353ff-dc76-4c91-97a5-96e015a1cb56"}]}
2026-07-14 00:42:11.279 7 INFO neutron.services.segments.plugin [-] Client error retrieving segment 19196af5-4cec-4c70-934f-1dbe7a0f0f99 resource provider; error: Placement Client Error (4xx): {"errors": [{"status": 404, "title": "Not Found", "detail": "The resource could not be found.\n\n No resource provider with uuid 19196af5-4cec-4c70-934f-1dbe7a0f0f99 found for delete ", "request_id": "req-7e141851-a118-468e-9a1b-382db53b79ce"}]}
2026-07-14 00:42:11.334 8 WARNING neutron.db.securitygroups_db [None req-3ba0fa0a-082a-4f95-8230-08e54b75667c f1cd95796fba4bc1a8159fc7bfcfa847 39d4ad338ccb47198d5b00974e1083f7 - - default default] project_id key not found in filters, using tenant_id instead. This support has been deprecated and will be removed in a future release.
2026-07-14 00:42:11.480 8 INFO neutron.db.ovn_revision_numbers_db [None req-3ba0fa0a-082a-4f95-8230-08e54b75667c f1cd95796fba4bc1a8159fc7bfcfa847 39d4ad338ccb47198d5b00974e1083f7 - - default default] Successfully bumped revision number for resource 025379b9-8348-4aa7-9204-387a6cae6e26 (type: security_groups) to 1
2026-07-14 00:42:11.493 8 INFO neutron.db.ovn_revision_numbers_db [None req-3ba0fa0a-082a-4f95-8230-08e54b75667c f1cd95796fba4bc1a8159fc7bfcfa847 39d4ad338ccb47198d5b00974e1083f7 - - default default] Successfully bumped revision number for resource 44732d6d-2886-4ec9-a6c7-f75729fdf733 (type: security_group_rules) to 0
2026-07-14 00:42:11.514 8 INFO neutron.db.ovn_revision_numbers_db [None req-3ba0fa0a-082a-4f95-8230-08e54b75667c f1cd95796fba4bc1a8159fc7bfcfa847 39d4ad338ccb47198d5b00974e1083f7 - - default default] Successfully bumped revision number for resource 6268de81-4a68-4949-96dc-7c5d073c4db5 (type: security_group_rules) to 0
2026-07-14 00:42:11.526 8 INFO neutron.db.ovn_revision_numbers_db [None req-3ba0fa0a-082a-4f95-8230-08e54b75667c f1cd95796fba4bc1a8159fc7bfcfa847 39d4ad338ccb47198d5b00974e1083f7 - - default default] Successfully bumped revision number for resource 8ce0e925-504a-4247-998e-19d5663616bf (type: security_group_rules) to 0
2026-07-14 00:42:11.537 8 INFO neutron.db.ovn_revision_numbers_db [None req-3ba0fa0a-082a-4f95-8230-08e54b75667c f1cd95796fba4bc1a8159fc7bfcfa847 39d4ad338ccb47198d5b00974e1083f7 - - default default] Successfully bumped revision number for resource 9f5e55dc-c222-45ec-9567-27d9ab7cae77 (type: security_group_rules) to 0
2026-07-14 00:42:11.566 7 WARNING neutron.scheduler.dhcp_agent_scheduler [None req-bda5e24b-bbac-478e-bdb6-99739bd26c41 f1cd95796fba4bc1a8159fc7bfcfa847 39d4ad338ccb47198d5b00974e1083f7 - - default default] No more DHCP agents
2026-07-14 00:42:11.568 7 WARNING neutron.api.rpc.agentnotifiers.dhcp_rpc_agent_api [None req-bda5e24b-bbac-478e-bdb6-99739bd26c41 f1cd95796fba4bc1a8159fc7bfcfa847 39d4ad338ccb47198d5b00974e1083f7 - - default default] Unable to schedule network d9412a64-d0fa-4510-a280-31792b68fada: no agents available; will retry on subsequent port and subnet creation events. [pid: 8|app: 0|req: 1040/1953] 10.0.0.145 () {32 vars in 773 bytes} [Tue Jul 14 00:42:11 2026] GET /v2.0/security-groups?tenant_id=da2805c26e48454aa5130185c5f93c52&name=default => generated 2925 bytes in 248 msecs (HTTP/1.1 200) 4 headers in 158 bytes (1 switches on core 0)
2026-07-14 00:42:11.696 7 INFO neutron.db.ovn_revision_numbers_db [None req-6683845e-8dd9-4b44-a184-b751c19d20e8 - - - - - -] Successfully bumped revision number for resource 3695be8f-a6cd-42f9-a8b0-8a9070a36761 (type: ports) to 4 [pid: 8|app: 0|req: 1041/1954] 10.0.0.145 () {32 vars in 739 bytes} [Tue Jul 14 00:42:11 2026] DELETE /v2.0/security-groups/025379b9-8348-4aa7-9204-387a6cae6e26 => generated 0 bytes in 208 msecs (HTTP/1.1 204) 2 headers in 112 bytes (1 switches on core 0)
2026-07-14 00:42:11.841 7 INFO neutron.db.ovn_revision_numbers_db [None req-bda5e24b-bbac-478e-bdb6-99739bd26c41 f1cd95796fba4bc1a8159fc7bfcfa847 39d4ad338ccb47198d5b00974e1083f7 - - default default] Successfully bumped revision number for resource 5dd88770-6716-4097-abc1-199fe974f8dc (type: ports) to 1
2026-07-14 00:42:11.871 8 WARNING neutron.db.securitygroups_db [None req-0cc51fb4-a1c4-431f-8a0a-6d78d9c33ed7 f1cd95796fba4bc1a8159fc7bfcfa847 39d4ad338ccb47198d5b00974e1083f7 - - default default] project_id key not found in filters, using tenant_id instead. This support has been deprecated and will be removed in a future release.
2026-07-14 00:42:11.989 8 INFO neutron.db.ovn_revision_numbers_db [None req-0cc51fb4-a1c4-431f-8a0a-6d78d9c33ed7 f1cd95796fba4bc1a8159fc7bfcfa847 39d4ad338ccb47198d5b00974e1083f7 - - default default] Successfully bumped revision number for resource 04ce58df-7ad3-4359-bd61-fe013450f628 (type: security_groups) to 1
2026-07-14 00:42:12.001 8 INFO neutron.db.ovn_revision_numbers_db [None req-0cc51fb4-a1c4-431f-8a0a-6d78d9c33ed7 f1cd95796fba4bc1a8159fc7bfcfa847 39d4ad338ccb47198d5b00974e1083f7 - - default default] Successfully bumped revision number for resource 28ea1833-695f-4348-83bc-5c08b1b783ee (type: security_group_rules) to 0
2026-07-14 00:42:12.013 8 INFO neutron.db.ovn_revision_numbers_db [None req-0cc51fb4-a1c4-431f-8a0a-6d78d9c33ed7 f1cd95796fba4bc1a8159fc7bfcfa847 39d4ad338ccb47198d5b00974e1083f7 - - default default] Successfully bumped revision number for resource 3d094ce1-fa62-4c04-a65a-d099ae8e58d8 (type: security_group_rules) to 0
2026-07-14 00:42:12.029 8 INFO neutron.db.ovn_revision_numbers_db [None req-0cc51fb4-a1c4-431f-8a0a-6d78d9c33ed7 f1cd95796fba4bc1a8159fc7bfcfa847 39d4ad338ccb47198d5b00974e1083f7 - - default default] Successfully bumped revision number for resource c310c4a1-cdb5-4314-89ce-5b575a76b42a (type: security_group_rules) to 0
2026-07-14 00:42:12.045 8 INFO neutron.db.ovn_revision_numbers_db [None req-0cc51fb4-a1c4-431f-8a0a-6d78d9c33ed7 f1cd95796fba4bc1a8159fc7bfcfa847 39d4ad338ccb47198d5b00974e1083f7 - - default default] Successfully bumped revision number for resource e9979368-5dae-4f20-9f7d-2a11c121fabb (type: security_group_rules) to 0 [pid: 8|app: 0|req: 1042/1955] 10.0.0.145 () {32 vars in 773 bytes} [Tue Jul 14 00:42:11 2026] GET /v2.0/security-groups?tenant_id=837852b080f544aa999034b7f65c77f6&name=default => generated 2925 bytes in 217 msecs (HTTP/1.1 200) 4 headers in 158 bytes (1 switches on core 0) [pid: 8|app: 0|req: 1043/1956] 10.0.0.145 () {32 vars in 739 bytes} [Tue Jul 14 00:42:12 2026] DELETE /v2.0/security-groups/04ce58df-7ad3-4359-bd61-fe013450f628 => generated 0 bytes in 153 msecs (HTTP/1.1 204) 2 headers in 112 bytes (1 switches on core 0)
2026-07-14 00:42:12.305 7 INFO neutron.db.ovn_revision_numbers_db [None req-6683845e-8dd9-4b44-a184-b751c19d20e8 - - - - - -] Successfully bumped revision number for resource 3695be8f-a6cd-42f9-a8b0-8a9070a36761 (type: ports) to 5
2026-07-14 00:42:12.881 7 WARNING neutron.scheduler.dhcp_agent_scheduler [None req-bda5e24b-bbac-478e-bdb6-99739bd26c41 f1cd95796fba4bc1a8159fc7bfcfa847 39d4ad338ccb47198d5b00974e1083f7 - - default default] No more DHCP agents
2026-07-14 00:42:12.882 7 WARNING neutron.api.rpc.agentnotifiers.dhcp_rpc_agent_api [None req-bda5e24b-bbac-478e-bdb6-99739bd26c41 f1cd95796fba4bc1a8159fc7bfcfa847 39d4ad338ccb47198d5b00974e1083f7 - - default default] Unable to schedule network d9412a64-d0fa-4510-a280-31792b68fada: no agents available; will retry on subsequent port and subnet creation events.
2026-07-14 00:42:12.946 8 INFO neutron.plugins.ml2.drivers.ovn.mech_driver.mech_driver [None req-4da52cf3-a5f2-4c25-afe2-3d325e24c82c - - - - - -] OVN reports status down for port: 5dd88770-6716-4097-abc1-199fe974f8dc
2026-07-14 00:42:12.999 8 WARNING neutron.plugins.ml2.drivers.ovn.mech_driver.ovsdb.ovn_client [None req-4da52cf3-a5f2-4c25-afe2-3d325e24c82c - - - - - -] Logical_Switch_Port 5dd88770-6716-4097-abc1-199fe974f8dc host information not removed, the port state is up
2026-07-14 00:42:12.999 8 INFO neutron.plugins.ml2.drivers.ovn.mech_driver.mech_driver [None req-4da52cf3-a5f2-4c25-afe2-3d325e24c82c - - - - - -] OVN reports status up for port: 5dd88770-6716-4097-abc1-199fe974f8dc
2026-07-14 00:42:13.010 8 INFO neutron.plugins.ml2.plugin [None req-4da52cf3-a5f2-4c25-afe2-3d325e24c82c - - - - - -] Attempt 1 to provision port 5dd88770-6716-4097-abc1-199fe974f8dc
2026-07-14 00:42:13.319 7 INFO neutron.db.ovn_revision_numbers_db [None req-bda5e24b-bbac-478e-bdb6-99739bd26c41 f1cd95796fba4bc1a8159fc7bfcfa847 39d4ad338ccb47198d5b00974e1083f7 - - default default] Successfully bumped revision number for resource 5dd88770-6716-4097-abc1-199fe974f8dc (type: router_ports) to 1 [pid: 7|app: 0|req: 914/1957] 10.0.0.145 () {34 vars in 782 bytes} [Tue Jul 14 00:42:10 2026] PUT /v2.0/routers/c338f3be-659b-4174-bb8f-c5edf8604790/add_router_interface => generated 310 bytes in 2811 msecs (HTTP/1.1 200) 4 headers in 157 bytes (1 switches on core 0)
2026-07-14 00:42:13.340 7 INFO neutron.common.ovn.utils [None req-3f1a3369-17a3-4d55-a85c-a380b33e3668 - - - - - -] HA Chassis Group neutron-d9412a64-d0fa-4510-a280-31792b68fada synchronized; highest priority chassis 5fb6c8e5-e442-4f33-8626-5b3786750d4e
