2026-07-14 00:43:07.876 8 INFO neutron.api.v2.resource [None req-f1b124e6-1679-47ae-afd6-4216e758d9d2 758e23017afe478ebb294a02c0e12e73 553197cb5e0643dfbb2a186850337837 - - default default] remove_router_interface failed (client error): The resource could not be found. [pid: 8|app: 0|req: 1208/2336] 10.0.0.145 () {34 vars in 788 bytes} [Tue Jul 14 00:43:07 2026] PUT /v2.0/routers/e4e52370-3161-48b2-9e2d-3e9eb0f8b962/remove_router_interface => generated 198 bytes in 143 msecs (HTTP/1.1 404) 4 headers in 164 bytes (1 switches on core 0) [pid: 8|app: 0|req: 1209/2337] 10.0.0.145 () {32 vars in 739 bytes} [Tue Jul 14 00:43:07 2026] DELETE /v2.0/security-groups/2bf68aa2-a836-41e9-ae06-dd6396f11ba0 => generated 0 bytes in 172 msecs (HTTP/1.1 204) 2 headers in 112 bytes (1 switches on core 0) [pid: 7|app: 0|req: 1129/2338] 10.0.0.145 () {34 vars in 788 bytes} [Tue Jul 14 00:43:06 2026] PUT /v2.0/routers/4eb9d2d9-8684-4677-9446-ce9a3a5899a0/remove_router_interface => generated 310 bytes in 1408 msecs (HTTP/1.1 200) 4 headers in 157 bytes (1 switches on core 0) /var/lib/openstack/lib/python3.12/site-packages/pycadf/identifier.py:70: UserWarning: Invalid uuid: neutron. To ensure interoperability, identifiers should be a valid uuid. warnings.warn(('Invalid uuid: %s. To ensure interoperability, '
2026-07-14 00:43:08.181 7 WARNING neutron.db.securitygroups_db [None req-5015e190-3784-42ab-8cad-f6c68f3f7856 f1cd95796fba4bc1a8159fc7bfcfa847 39d4ad338ccb47198d5b00974e1083f7 - - default default] project_id key not found in filters, using tenant_id instead. This support has been deprecated and will be removed in a future release. [pid: 7|app: 0|req: 1130/2339] 10.0.0.145 () {32 vars in 773 bytes} [Tue Jul 14 00:43:08 2026] GET /v2.0/security-groups?tenant_id=24cc824318d44e619333f80339f8dd88&name=default => generated 2925 bytes in 32 msecs (HTTP/1.1 200) 4 headers in 158 bytes (1 switches on core 0) [pid: 7|app: 0|req: 1131/2340] 10.0.0.145 () {32 vars in 723 bytes} [Tue Jul 14 00:43:08 2026] DELETE /v2.0/subnets/11f645ec-c469-4662-a371-6d1acd375a21 => generated 0 bytes in 136 msecs (HTTP/1.1 204) 3 headers in 131 bytes (1 switches on core 0)
2026-07-14 00:43:08.362 8 INFO neutron_taas.services.taas.taas_plugin [None req-e3df16a1-b3c2-42c8-8a5c-c2fbc2718605 758e23017afe478ebb294a02c0e12e73 553197cb5e0643dfbb2a186850337837 - - default default] TaaS: Handle Delete Port: 78d4ed1c-72c3-475a-8948-2b4cfaf08872
2026-07-14 00:43:08.366 8 INFO neutron_taas.services.taas.tap_mirror_plugin [None req-e3df16a1-b3c2-42c8-8a5c-c2fbc2718605 758e23017afe478ebb294a02c0e12e73 553197cb5e0643dfbb2a186850337837 - - default default] Tap Mirror: Handle Delete Port: 78d4ed1c-72c3-475a-8948-2b4cfaf08872 [pid: 7|app: 0|req: 1132/2341] 10.0.0.145 () {32 vars in 739 bytes} [Tue Jul 14 00:43:08 2026] DELETE /v2.0/security-groups/4113e8d6-77e9-4a3f-822a-31ecd1952467 => generated 0 bytes in 154 msecs (HTTP/1.1 204) 2 headers in 112 bytes (1 switches on core 0) [pid: 8|app: 0|req: 1210/2342] 10.0.0.145 () {34 vars in 788 bytes} [Tue Jul 14 00:43:08 2026] PUT /v2.0/routers/e4e52370-3161-48b2-9e2d-3e9eb0f8b962/remove_router_interface => generated 310 bytes in 801 msecs (HTTP/1.1 200) 4 headers in 157 bytes (1 switches on core 0) /var/lib/openstack/lib/python3.12/site-packages/pycadf/identifier.py:70: UserWarning: Invalid uuid: neutron. To ensure interoperability, identifiers should be a valid uuid. warnings.warn(('Invalid uuid: %s. To ensure interoperability, '
2026-07-14 00:43:08.918 7 INFO neutron_taas.services.taas.taas_plugin [None req-a4c1b6cd-dc73-498e-a950-467a224199e8 99b45ffd95684244a6274c787f56364f de67b46fa3c64369bde387804f20ccb9 - - default default] TaaS: Handle Delete Port: 0311b30d-c36e-46d9-93af-c50662f4517f
2026-07-14 00:43:08.923 7 INFO neutron_taas.services.taas.tap_mirror_plugin [None req-a4c1b6cd-dc73-498e-a950-467a224199e8 99b45ffd95684244a6274c787f56364f de67b46fa3c64369bde387804f20ccb9 - - default default] Tap Mirror: Handle Delete Port: 0311b30d-c36e-46d9-93af-c50662f4517f
2026-07-14 00:43:08.972 8 INFO neutron.api.v2.resource [None req-c0376ce7-7394-4e5d-b8c2-f12bc50613e3 758e23017afe478ebb294a02c0e12e73 553197cb5e0643dfbb2a186850337837 - - default default] remove_router_interface failed (client error): The resource could not be found. [pid: 8|app: 0|req: 1211/2343] 10.0.0.145 () {34 vars in 788 bytes} [Tue Jul 14 00:43:08 2026] PUT /v2.0/routers/e4e52370-3161-48b2-9e2d-3e9eb0f8b962/remove_router_interface => generated 198 bytes in 119 msecs (HTTP/1.1 404) 4 headers in 164 bytes (1 switches on core 0)
2026-07-14 00:43:09.293 8 INFO neutron_taas.services.taas.taas_plugin [None req-e76ea6e2-7210-429e-9488-7b00f719ef50 758e23017afe478ebb294a02c0e12e73 553197cb5e0643dfbb2a186850337837 - - default default] TaaS: Handle Delete Port: d35a545d-2dd8-448e-9eb8-44291a27e1b6
2026-07-14 00:43:09.298 8 INFO neutron_taas.services.taas.tap_mirror_plugin [None req-e76ea6e2-7210-429e-9488-7b00f719ef50 758e23017afe478ebb294a02c0e12e73 553197cb5e0643dfbb2a186850337837 - - default default] Tap Mirror: Handle Delete Port: d35a545d-2dd8-448e-9eb8-44291a27e1b6 [pid: 7|app: 0|req: 1133/2344] 10.0.0.145 () {32 vars in 723 bytes} [Tue Jul 14 00:43:08 2026] DELETE /v2.0/routers/4eb9d2d9-8684-4677-9446-ce9a3a5899a0 => generated 0 bytes in 806 msecs (HTTP/1.1 204) 2 headers in 112 bytes (1 switches on core 0)
2026-07-14 00:43:09.442 7 INFO neutron_taas.services.taas.taas_plugin [None req-9092190c-ae85-41f0-87f1-7848859e4dc6 99b45ffd95684244a6274c787f56364f de67b46fa3c64369bde387804f20ccb9 - - default default] TaaS: Handle Delete Port: 2f9738aa-c123-437f-82a4-4ec2dd8f8045
2026-07-14 00:43:09.445 7 INFO neutron_taas.services.taas.tap_mirror_plugin [None req-9092190c-ae85-41f0-87f1-7848859e4dc6 99b45ffd95684244a6274c787f56364f de67b46fa3c64369bde387804f20ccb9 - - default default] Tap Mirror: Handle Delete Port: 2f9738aa-c123-437f-82a4-4ec2dd8f8045
2026-07-14 00:43:09.619 7 INFO neutron.services.segments.plugin [-] Segment f1bcf59a-5136-405d-8b19-6a13a5b43791 resource provider aggregate not found
2026-07-14 00:43:09.625 7 INFO neutron.services.segments.plugin [-] Segment f1bcf59a-5136-405d-8b19-6a13a5b43791 resource provider aggregate not found
2026-07-14 00:43:09.640 7 INFO neutron.services.segments.plugin [-] Client error retrieving segment f1bcf59a-5136-405d-8b19-6a13a5b43791 resource provider; error: Placement Client Error (4xx): {"errors": [{"status": 404, "title": "Not Found", "detail": "The resource could not be found.\n\n No resource provider with uuid f1bcf59a-5136-405d-8b19-6a13a5b43791 found for delete ", "request_id": "req-fe64a278-85f3-4169-8cac-65f0a2cb8c21"}]}
2026-07-14 00:43:09.644 7 INFO neutron.services.segments.plugin [-] Client error retrieving segment f1bcf59a-5136-405d-8b19-6a13a5b43791 resource provider; error: Placement Client Error (4xx): {"errors": [{"status": 404, "title": "Not Found", "detail": "The resource could not be found.\n\n No resource provider with uuid f1bcf59a-5136-405d-8b19-6a13a5b43791 found for delete ", "request_id": "req-e51c8d2a-81b3-49ba-8025-d28e3c0392df"}]} [pid: 7|app: 0|req: 1134/2345] 10.0.0.145 () {32 vars in 725 bytes} [Tue Jul 14 00:43:09 2026] DELETE /v2.0/networks/75bb6eb0-47d4-472a-9815-35d4b64c205a => generated 0 bytes in 367 msecs (HTTP/1.1 204) 3 headers in 131 bytes (1 switches on core 0) [pid: 8|app: 0|req: 1212/2346] 10.0.0.145 () {32 vars in 723 bytes} [Tue Jul 14 00:43:08 2026] DELETE /v2.0/routers/e4e52370-3161-48b2-9e2d-3e9eb0f8b962 => generated 0 bytes in 720 msecs (HTTP/1.1 204) 2 headers in 112 bytes (1 switches on core 0)
2026-07-14 00:43:09.720 7 INFO neutron.api.v2.resource [None req-5f223389-df8d-4c0b-9f09-c8ed3a18c8b9 758e23017afe478ebb294a02c0e12e73 553197cb5e0643dfbb2a186850337837 - - default default] show failed (client error): The resource could not be found. [pid: 7|app: 0|req: 1135/2347] 10.0.0.145 () {32 vars in 720 bytes} [Tue Jul 14 00:43:09 2026] GET /v2.0/routers/e4e52370-3161-48b2-9e2d-3e9eb0f8b962 => generated 135 bytes in 21 msecs (HTTP/1.1 404) 4 headers in 164 bytes (1 switches on core 0) [pid: 8|app: 0|req: 1213/2348] 10.0.0.145 () {32 vars in 723 bytes} [Tue Jul 14 00:43:09 2026] DELETE /v2.0/subnets/8cb89d47-6707-42b8-9460-249bae9451be => generated 0 bytes in 157 msecs (HTTP/1.1 204) 3 headers in 131 bytes (1 switches on core 0)
2026-07-14 00:43:09.908 7 INFO neutron.pecan_wsgi.hooks.translation [None req-3be47f9f-5da0-4007-bd7d-edca179ab992 758e23017afe478ebb294a02c0e12e73 553197cb5e0643dfbb2a186850337837 - - default default] GET failed (client error): The resource could not be found. [pid: 7|app: 0|req: 1136/2349] 10.0.0.145 () {32 vars in 720 bytes} [Tue Jul 14 00:43:09 2026] GET /v2.0/subnets/8cb89d47-6707-42b8-9460-249bae9451be => generated 136 bytes in 19 msecs (HTTP/1.1 404) 4 headers in 164 bytes (1 switches on core 0) [pid: 8|app: 0|req: 1214/2350] 10.0.0.145 () {32 vars in 723 bytes} [Tue Jul 14 00:43:09 2026] DELETE /v2.0/subnets/b1747598-75ed-4ca6-9eaa-10528db83d07 => generated 0 bytes in 196 msecs (HTTP/1.1 204) 3 headers in 131 bytes (1 switches on core 0)
2026-07-14 00:43:10.129 7 INFO neutron.pecan_wsgi.hooks.translation [None req-1d591213-0af0-411e-b29a-75a601074b1b 758e23017afe478ebb294a02c0e12e73 553197cb5e0643dfbb2a186850337837 - - default default] GET failed (client error): The resource could not be found. [pid: 7|app: 0|req: 1137/2351] 10.0.0.145 () {32 vars in 720 bytes} [Tue Jul 14 00:43:10 2026] GET /v2.0/subnets/b1747598-75ed-4ca6-9eaa-10528db83d07 => generated 136 bytes in 15 msecs (HTTP/1.1 404) 4 headers in 164 bytes (1 switches on core 0)
2026-07-14 00:43:10.261 8 INFO neutron_taas.services.taas.taas_plugin [None req-33e6053b-00a0-48c5-bdcc-d73976bb8884 758e23017afe478ebb294a02c0e12e73 553197cb5e0643dfbb2a186850337837 - - default default] TaaS: Handle Delete Port: aace2d2c-b362-460a-8038-3a095e75980d
2026-07-14 00:43:10.264 8 INFO neutron_taas.services.taas.tap_mirror_plugin [None req-33e6053b-00a0-48c5-bdcc-d73976bb8884 758e23017afe478ebb294a02c0e12e73 553197cb5e0643dfbb2a186850337837 - - default default] Tap Mirror: Handle Delete Port: aace2d2c-b362-460a-8038-3a095e75980d
2026-07-14 00:43:10.445 8 INFO neutron.services.segments.plugin [-] Segment 73094b7b-2b60-4809-8546-03f8c238b700 resource provider aggregate not found
2026-07-14 00:43:10.449 8 INFO neutron.services.segments.plugin [-] Segment 73094b7b-2b60-4809-8546-03f8c238b700 resource provider aggregate not found
2026-07-14 00:43:10.467 8 INFO neutron.services.segments.plugin [-] Client error retrieving segment 73094b7b-2b60-4809-8546-03f8c238b700 resource provider; error: Placement Client Error (4xx): {"errors": [{"status": 404, "title": "Not Found", "detail": "The resource could not be found.\n\n No resource provider with uuid 73094b7b-2b60-4809-8546-03f8c238b700 found for delete ", "request_id": "req-5f79274c-810b-4474-8a80-12e30f2ff94c"}]}
2026-07-14 00:43:10.469 8 INFO neutron.services.segments.plugin [-] Client error retrieving segment 73094b7b-2b60-4809-8546-03f8c238b700 resource provider; error: Placement Client Error (4xx): {"errors": [{"status": 404, "title": "Not Found", "detail": "The resource could not be found.\n\n No resource provider with uuid 73094b7b-2b60-4809-8546-03f8c238b700 found for delete ", "request_id": "req-4543589a-00ed-4470-98e0-0d0a989212ca"}]} [pid: 8|app: 0|req: 1215/2352] 10.0.0.145 () {32 vars in 725 bytes} [Tue Jul 14 00:43:10 2026] DELETE /v2.0/networks/23a12844-f306-4fa3-87e1-c330a84e8235 => generated 0 bytes in 347 msecs (HTTP/1.1 204) 3 headers in 131 bytes (1 switches on core 0)
2026-07-14 00:43:10.506 8 INFO neutron.pecan_wsgi.hooks.translation [None req-10fabe8c-eadd-4e7f-a2ef-bed0762d305a 758e23017afe478ebb294a02c0e12e73 553197cb5e0643dfbb2a186850337837 - - default default] GET failed (client error): The resource could not be found. [pid: 8|app: 0|req: 1216/2353] 10.0.0.145 () {32 vars in 722 bytes} [Tue Jul 14 00:43:10 2026] GET /v2.0/networks/23a12844-f306-4fa3-87e1-c330a84e8235 => generated 138 bytes in 16 msecs (HTTP/1.1 404) 4 headers in 164 bytes (1 switches on core 0)
2026-07-14 00:43:10.524 7 WARNING neutron.db.securitygroups_db [None req-c2d529a5-e528-41d3-8097-72e92a4efe9a f1cd95796fba4bc1a8159fc7bfcfa847 39d4ad338ccb47198d5b00974e1083f7 - - default default] project_id key not found in filters, using tenant_id instead. This support has been deprecated and will be removed in a future release. [pid: 7|app: 0|req: 1138/2354] 10.0.0.145 () {32 vars in 773 bytes} [Tue Jul 14 00:43:10 2026] GET /v2.0/security-groups?tenant_id=de67b46fa3c64369bde387804f20ccb9&name=default => generated 2925 bytes in 183 msecs (HTTP/1.1 200) 4 headers in 158 bytes (1 switches on core 0) [pid: 8|app: 0|req: 1217/2355] 10.0.0.145 () {32 vars in 723 bytes} [Tue Jul 14 00:43:10 2026] DELETE /v2.0/subnets/f4105774-3af2-4811-a0c7-90abc3268682 => generated 0 bytes in 137 msecs (HTTP/1.1 204) 3 headers in 131 bytes (1 switches on core 0)
2026-07-14 00:43:10.668 8 INFO neutron.pecan_wsgi.hooks.translation [None req-1a02ceea-4a0e-446d-9989-415012c89934 758e23017afe478ebb294a02c0e12e73 553197cb5e0643dfbb2a186850337837 - - default default] GET failed (client error): The resource could not be found. [pid: 8|app: 0|req: 1218/2356] 10.0.0.145 () {32 vars in 720 bytes} [Tue Jul 14 00:43:10 2026] GET /v2.0/subnets/f4105774-3af2-4811-a0c7-90abc3268682 => generated 136 bytes in 17 msecs (HTTP/1.1 404) 4 headers in 164 bytes (1 switches on core 0) [pid: 7|app: 0|req: 1139/2357] 10.0.0.145 () {32 vars in 739 bytes} [Tue Jul 14 00:43:10 2026] DELETE /v2.0/security-groups/80502158-a5be-4c52-ab5f-7f4b912dd3c0 => generated 0 bytes in 178 msecs (HTTP/1.1 204) 2 headers in 112 bytes (1 switches on core 0)
2026-07-14 00:43:10.838 7 WARNING neutron.db.securitygroups_db [None req-a6098ef2-622f-42e8-9720-48f476826d71 f1cd95796fba4bc1a8159fc7bfcfa847 39d4ad338ccb47198d5b00974e1083f7 - - default default] project_id key not found in filters, using tenant_id instead. This support has been deprecated and will be removed in a future release. [pid: 8|app: 0|req: 1219/2358] 10.0.0.145 () {32 vars in 723 bytes} [Tue Jul 14 00:43:10 2026] DELETE /v2.0/subnets/200000c2-bc72-43f4-9612-28ed9529d811 => generated 0 bytes in 205 msecs (HTTP/1.1 204) 3 headers in 131 bytes (1 switches on core 0)
2026-07-14 00:43:10.894 8 INFO neutron.pecan_wsgi.hooks.translation [None req-f693ce3a-a0fb-44ae-8f82-7faa07065318 758e23017afe478ebb294a02c0e12e73 553197cb5e0643dfbb2a186850337837 - - default default] GET failed (client error): The resource could not be found. [pid: 8|app: 0|req: 1220/2359] 10.0.0.145 () {32 vars in 720 bytes} [Tue Jul 14 00:43:10 2026] GET /v2.0/subnets/200000c2-bc72-43f4-9612-28ed9529d811 => generated 136 bytes in 13 msecs (HTTP/1.1 404) 4 headers in 164 bytes (1 switches on core 0)
2026-07-14 00:43:10.961 7 INFO neutron.db.ovn_revision_numbers_db [None req-a6098ef2-622f-42e8-9720-48f476826d71 f1cd95796fba4bc1a8159fc7bfcfa847 39d4ad338ccb47198d5b00974e1083f7 - - default default] Successfully bumped revision number for resource 3edbcd56-6b20-4396-8493-0f20340155e4 (type: security_groups) to 1
2026-07-14 00:43:10.973 7 INFO neutron.db.ovn_revision_numbers_db [None req-a6098ef2-622f-42e8-9720-48f476826d71 f1cd95796fba4bc1a8159fc7bfcfa847 39d4ad338ccb47198d5b00974e1083f7 - - default default] Successfully bumped revision number for resource 40b2d572-b23e-4660-baf1-ab7f6d45ac26 (type: security_group_rules) to 0
2026-07-14 00:43:10.987 7 INFO neutron.db.ovn_revision_numbers_db [None req-a6098ef2-622f-42e8-9720-48f476826d71 f1cd95796fba4bc1a8159fc7bfcfa847 39d4ad338ccb47198d5b00974e1083f7 - - default default] Successfully bumped revision number for resource 686f7505-f861-44e7-9ca8-09a1ccd01d51 (type: security_group_rules) to 0
2026-07-14 00:43:10.998 7 INFO neutron.db.ovn_revision_numbers_db [None req-a6098ef2-622f-42e8-9720-48f476826d71 f1cd95796fba4bc1a8159fc7bfcfa847 39d4ad338ccb47198d5b00974e1083f7 - - default default] Successfully bumped revision number for resource 8d86a070-d79e-418b-b546-8b9bda6e7382 (type: security_group_rules) to 0
2026-07-14 00:43:11.009 7 INFO neutron.db.ovn_revision_numbers_db [None req-a6098ef2-622f-42e8-9720-48f476826d71 f1cd95796fba4bc1a8159fc7bfcfa847 39d4ad338ccb47198d5b00974e1083f7 - - default default] Successfully bumped revision number for resource afa6b52c-6c8c-4aa0-b592-9bca771e1ba0 (type: security_group_rules) to 0
2026-07-14 00:43:11.021 8 INFO neutron_taas.services.taas.taas_plugin [None req-5bd7958a-c88a-4b2b-9f95-ed3fb94dfb1b 758e23017afe478ebb294a02c0e12e73 553197cb5e0643dfbb2a186850337837 - - default default] TaaS: Handle Delete Port: 5d10905f-dcb4-4663-b583-c47964fd73c9
2026-07-14 00:43:11.024 8 INFO neutron_taas.services.taas.tap_mirror_plugin [None req-5bd7958a-c88a-4b2b-9f95-ed3fb94dfb1b 758e23017afe478ebb294a02c0e12e73 553197cb5e0643dfbb2a186850337837 - - default default] Tap Mirror: Handle Delete Port: 5d10905f-dcb4-4663-b583-c47964fd73c9 [pid: 7|app: 0|req: 1140/2360] 10.0.0.145 () {32 vars in 773 bytes} [Tue Jul 14 00:43:10 2026] GET /v2.0/security-groups?tenant_id=ace5e2e08700444e801e7b98ffc80832&name=default => generated 2925 bytes in 208 msecs (HTTP/1.1 200) 4 headers in 158 bytes (1 switches on core 0) [pid: 7|app: 0|req: 1141/2361] 10.0.0.145 () {32 vars in 739 bytes} [Tue Jul 14 00:43:11 2026] DELETE /v2.0/security-groups/3edbcd56-6b20-4396-8493-0f20340155e4 => generated 0 bytes in 171 msecs (HTTP/1.1 204) 2 headers in 112 bytes (1 switches on core 0) [pid: 8|app: 0|req: 1221/2364] 10.0.0.145 () {32 vars in 725 bytes} [Tue Jul 14 00:43:10 2026] DELETE /v2.0/networks/653852d2-bf20-4f7b-8c9b-c628d719cb57 => generated 0 bytes in 328 msecs (HTTP/1.1 204) 3 headers in 131 bytes (1 switches on core 0)
2026-07-14 00:43:11.249 7 INFO neutron.pecan_wsgi.hooks.translation [None req-7e5ed9ac-0135-40c2-8c07-ba7ad59232a2 758e23017afe478ebb294a02c0e12e73 553197cb5e0643dfbb2a186850337837 - - default default] GET failed (client error): The resource could not be found. [pid: 7|app: 0|req: 1144/2365] 10.0.0.145 () {32 vars in 722 bytes} [Tue Jul 14 00:43:11 2026] GET /v2.0/networks/653852d2-bf20-4f7b-8c9b-c628d719cb57 => generated 138 bytes in 17 msecs (HTTP/1.1 404) 4 headers in 164 bytes (1 switches on core 0) [pid: 8|app: 0|req: 1222/2366] 10.0.0.145 () {32 vars in 723 bytes} [Tue Jul 14 00:43:11 2026] DELETE /v2.0/subnets/adefd23c-51fb-4441-a66e-0e136964bca7 => generated 0 bytes in 147 msecs (HTTP/1.1 204) 3 headers in 131 bytes (1 switches on core 0)
2026-07-14 00:43:11.419 7 INFO neutron.pecan_wsgi.hooks.translation [None req-1de96859-fc82-4d4c-8608-150fde0f096b 758e23017afe478ebb294a02c0e12e73 553197cb5e0643dfbb2a186850337837 - - default default] GET failed (client error): The resource could not be found. [pid: 7|app: 0|req: 1145/2367] 10.0.0.145 () {32 vars in 720 bytes} [Tue Jul 14 00:43:11 2026] GET /v2.0/subnets/adefd23c-51fb-4441-a66e-0e136964bca7 => generated 136 bytes in 16 msecs (HTTP/1.1 404) 4 headers in 164 bytes (1 switches on core 0) [pid: 8|app: 0|req: 1223/2368] 10.0.0.145 () {32 vars in 723 bytes} [Tue Jul 14 00:43:11 2026] DELETE /v2.0/subnets/0a623058-73a7-44fe-be7d-961810ef2b93 => generated 0 bytes in 180 msecs (HTTP/1.1 204) 3 headers in 131 bytes (1 switches on core 0)
2026-07-14 00:43:11.624 7 INFO neutron.pecan_wsgi.hooks.translation [None req-f55dec10-7a45-4a7f-b4d1-f37440d8dabb 758e23017afe478ebb294a02c0e12e73 553197cb5e0643dfbb2a186850337837 - - default default] GET failed (client error): The resource could not be found. [pid: 7|app: 0|req: 1146/2369] 10.0.0.145 () {32 vars in 720 bytes} [Tue Jul 14 00:43:11 2026] GET /v2.0/subnets/0a623058-73a7-44fe-be7d-961810ef2b93 => generated 136 bytes in 16 msecs (HTTP/1.1 404) 4 headers in 164 bytes (1 switches on core 0)
2026-07-14 00:43:11.766 8 INFO neutron_taas.services.taas.taas_plugin [None req-c4abeee3-8ffe-4b92-b0cb-e6fe9432f5a0 758e23017afe478ebb294a02c0e12e73 553197cb5e0643dfbb2a186850337837 - - default default] TaaS: Handle Delete Port: 314b3b32-df48-47d2-a429-1c0cadf0dcde
2026-07-14 00:43:11.769 8 INFO neutron_taas.services.taas.tap_mirror_plugin [None req-c4abeee3-8ffe-4b92-b0cb-e6fe9432f5a0 758e23017afe478ebb294a02c0e12e73 553197cb5e0643dfbb2a186850337837 - - default default] Tap Mirror: Handle Delete Port: 314b3b32-df48-47d2-a429-1c0cadf0dcde [pid: 7|app: 0|req: 1147/2370] 10.0.0.145 () {34 vars in 677 bytes} [Tue Jul 14 00:43:11 2026] POST /v2.0/qos/policies => generated 359 bytes in 153 msecs (HTTP/1.1 201) 4 headers in 162 bytes (1 switches on core 0) [pid: 8|app: 0|req: 1224/2371] 10.0.0.145 () {32 vars in 725 bytes} [Tue Jul 14 00:43:11 2026] DELETE /v2.0/networks/bd0d3366-f166-4d5b-9ced-5dcee7d1ce53 => generated 0 bytes in 359 msecs (HTTP/1.1 204) 3 headers in 131 bytes (1 switches on core 0)
2026-07-14 00:43:12.007 8 INFO neutron.pecan_wsgi.hooks.translation [None req-10e9a54b-0d90-404f-bdb2-66de334e26cd 758e23017afe478ebb294a02c0e12e73 553197cb5e0643dfbb2a186850337837 - - default default] GET failed (client error): The resource could not be found. [pid: 8|app: 0|req: 1225/2372] 10.0.0.145 () {32 vars in 722 bytes} [Tue Jul 14 00:43:11 2026] GET /v2.0/networks/bd0d3366-f166-4d5b-9ced-5dcee7d1ce53 => generated 138 bytes in 16 msecs (HTTP/1.1 404) 4 headers in 164 bytes (1 switches on core 0)
2026-07-14 00:43:12.013 7 WARNING tagging [None req-d6e43be3-cbee-40cd-8cb2-d5780d73132b ac3b388d992444c1808006637f950e23 1ac3d0a1abce4306b66fea0ffc8307a1 - - default default] project_id key not found in request, using tenant_id instead. This support has been deprecated and will be removed in a future release. [pid: 7|app: 0|req: 1148/2373] 10.0.0.145 () {34 vars in 752 bytes} [Tue Jul 14 00:43:11 2026] PUT /v2.0/policies/0560c7dd-82c5-4f3e-9e18-27191e6242f9/tags => generated 25 bytes in 61 msecs (HTTP/1.1 200) 4 headers in 156 bytes (1 switches on core 0)
2026-07-14 00:43:12.068 8 WARNING tagging [None req-e00aef08-e97b-48b3-b0c2-326bffd13c7f ac3b388d992444c1808006637f950e23 1ac3d0a1abce4306b66fea0ffc8307a1 - - default default] project_id key not found in request, using tenant_id instead. This support has been deprecated and will be removed in a future release. [pid: 8|app: 0|req: 1226/2374] 10.0.0.145 () {32 vars in 732 bytes} [Tue Jul 14 00:43:12 2026] GET /v2.0/policies/0560c7dd-82c5-4f3e-9e18-27191e6242f9/tags => generated 25 bytes in 39 msecs (HTTP/1.1 200) 4 headers in 156 bytes (1 switches on core 0)
2026-07-14 00:43:12.111 7 WARNING tagging [None req-0cb91126-f2bf-4049-aec0-3ce73db190e2 ac3b388d992444c1808006637f950e23 1ac3d0a1abce4306b66fea0ffc8307a1 - - default default] project_id key not found in request, using tenant_id instead. This support has been deprecated and will be removed in a future release. [pid: 7|app: 0|req: 1149/2375] 10.0.0.145 () {34 vars in 763 bytes} [Tue Jul 14 00:43:12 2026] PUT /v2.0/policies/0560c7dd-82c5-4f3e-9e18-27191e6242f9/tags/green => generated 4 bytes in 56 msecs (HTTP/1.1 201) 4 headers in 160 bytes (1 switches on core 0)
2026-07-14 00:43:12.176 8 WARNING tagging [None req-bbd9646f-9097-46f3-a4a8-df04dd8c5607 ac3b388d992444c1808006637f950e23 1ac3d0a1abce4306b66fea0ffc8307a1 - - default default] project_id key not found in request, using tenant_id instead. This support has been deprecated and will be removed in a future release. [pid: 8|app: 0|req: 1227/2376] 10.0.0.145 () {32 vars in 732 bytes} [Tue Jul 14 00:43:12 2026] GET /v2.0/policies/0560c7dd-82c5-4f3e-9e18-27191e6242f9/tags => generated 34 bytes in 41 msecs (HTTP/1.1 200) 4 headers in 156 bytes (1 switches on core 0)
2026-07-14 00:43:12.213 7 WARNING tagging [None req-f1c86541-01e2-4794-b3cb-c54038234d9b ac3b388d992444c1808006637f950e23 1ac3d0a1abce4306b66fea0ffc8307a1 - - default default] project_id key not found in request, using tenant_id instead. This support has been deprecated and will be removed in a future release. [pid: 7|app: 0|req: 1150/2377] 10.0.0.145 () {34 vars in 759 bytes} [Tue Jul 14 00:43:12 2026] PUT /v2.0/policies/0560c7dd-82c5-4f3e-9e18-27191e6242f9/tags/red => generated 4 bytes in 42 msecs (HTTP/1.1 201) 4 headers in 160 bytes (1 switches on core 0)
2026-07-14 00:43:12.261 8 WARNING tagging [None req-e1090637-8f35-4572-98ce-89ee59a45d8a ac3b388d992444c1808006637f950e23 1ac3d0a1abce4306b66fea0ffc8307a1 - - default default] project_id key not found in request, using tenant_id instead. This support has been deprecated and will be removed in a future release. [pid: 8|app: 0|req: 1228/2378] 10.0.0.145 () {32 vars in 732 bytes} [Tue Jul 14 00:43:12 2026] GET /v2.0/policies/0560c7dd-82c5-4f3e-9e18-27191e6242f9/tags => generated 34 bytes in 32 msecs (HTTP/1.1 200) 4 headers in 156 bytes (1 switches on core 0)
2026-07-14 00:43:12.303 7 WARNING tagging [None req-377c4eb0-476d-4d18-9ba9-05a65116f677 ac3b388d992444c1808006637f950e23 1ac3d0a1abce4306b66fea0ffc8307a1 - - default default] project_id key not found in request, using tenant_id instead. This support has been deprecated and will be removed in a future release. [pid: 7|app: 0|req: 1151/2379] 10.0.0.145 () {34 vars in 781 bytes} [Tue Jul 14 00:43:12 2026] PUT /v2.0/policies/0560c7dd-82c5-4f3e-9e18-27191e6242f9/tags/black.or.white => generated 4 bytes in 54 msecs (HTTP/1.1 201) 4 headers in 160 bytes (1 switches on core 0)
2026-07-14 00:43:12.372 8 WARNING tagging [None req-fc71e4cc-d5a5-42e7-85c6-cdcb508808e8 ac3b388d992444c1808006637f950e23 1ac3d0a1abce4306b66fea0ffc8307a1 - - default default] project_id key not found in request, using tenant_id instead. This support has been deprecated and will be removed in a future release. [pid: 8|app: 0|req: 1229/2380] 10.0.0.145 () {32 vars in 732 bytes} [Tue Jul 14 00:43:12 2026] GET /v2.0/policies/0560c7dd-82c5-4f3e-9e18-27191e6242f9/tags => generated 52 bytes in 46 msecs (HTTP/1.1 200) 4 headers in 156 bytes (1 switches on core 0)
2026-07-14 00:43:12.416 7 WARNING tagging [None req-05f39269-b6f2-4d7a-850f-0d450c4a1fbd ac3b388d992444c1808006637f950e23 1ac3d0a1abce4306b66fea0ffc8307a1 - - default default] project_id key not found in request, using tenant_id instead. This support has been deprecated and will be removed in a future release. [pid: 7|app: 0|req: 1152/2381] 10.0.0.145 () {34 vars in 752 bytes} [Tue Jul 14 00:43:12 2026] PUT /v2.0/policies/0560c7dd-82c5-4f3e-9e18-27191e6242f9/tags => generated 37 bytes in 58 msecs (HTTP/1.1 200) 4 headers in 156 bytes (1 switches on core 0)
2026-07-14 00:43:12.491 8 INFO neutron.services.segments.plugin [-] Segment d2814b53-37ee-4b4c-bd4c-91fce81eaf22 resource provider aggregate not found
2026-07-14 00:43:12.497 8 INFO neutron.services.segments.plugin [-] Segment d2814b53-37ee-4b4c-bd4c-91fce81eaf22 resource provider aggregate not found
2026-07-14 00:43:12.510 8 INFO neutron.services.segments.plugin [-] Client error retrieving segment d2814b53-37ee-4b4c-bd4c-91fce81eaf22 resource provider; error: Placement Client Error (4xx): {"errors": [{"status": 404, "title": "Not Found", "detail": "The resource could not be found.\n\n No resource provider with uuid d2814b53-37ee-4b4c-bd4c-91fce81eaf22 found for delete ", "request_id": "req-b159f0ff-f468-4973-a83a-bf3fab9da326"}]}
2026-07-14 00:43:12.516 8 WARNING tagging [None req-e0c01d41-04bb-4e8a-87be-a84e392710dc ac3b388d992444c1808006637f950e23 1ac3d0a1abce4306b66fea0ffc8307a1 - - default default] project_id key not found in request, using tenant_id instead. This support has been deprecated and will be removed in a future release.
2026-07-14 00:43:12.519 8 INFO neutron.services.segments.plugin [-] Client error retrieving segment d2814b53-37ee-4b4c-bd4c-91fce81eaf22 resource provider; error: Placement Client Error (4xx): {"errors": [{"status": 404, "title": "Not Found", "detail": "The resource could not be found.\n\n No resource provider with uuid d2814b53-37ee-4b4c-bd4c-91fce81eaf22 found for delete ", "request_id": "req-f063a2fe-c584-4435-b483-a2a26ea73c66"}]}
2026-07-14 00:43:12.526 8 INFO neutron.services.segments.plugin [-] Segment aceae1d1-13e3-40b6-9b53-9b01061938d6 resource provider aggregate not found
2026-07-14 00:43:12.539 8 INFO neutron.services.segments.plugin [-] Segment aceae1d1-13e3-40b6-9b53-9b01061938d6 resource provider aggregate not found [pid: 8|app: 0|req: 1230/2382] 10.0.0.145 () {32 vars in 732 bytes} [Tue Jul 14 00:43:12 2026] GET /v2.0/policies/0560c7dd-82c5-4f3e-9e18-27191e6242f9/tags => generated 37 bytes in 92 msecs (HTTP/1.1 200) 4 headers in 156 bytes (1 switches on core 0)
2026-07-14 00:43:12.546 8 INFO neutron.services.segments.plugin [-] Client error retrieving segment aceae1d1-13e3-40b6-9b53-9b01061938d6 resource provider; error: Placement Client Error (4xx): {"errors": [{"status": 404, "title": "Not Found", "detail": "The resource could not be found.\n\n No resource provider with uuid aceae1d1-13e3-40b6-9b53-9b01061938d6 found for delete ", "request_id": "req-98355f91-6ebe-4cf5-bfbe-69961e997300"}]}
2026-07-14 00:43:12.555 8 INFO neutron.services.segments.plugin [-] Client error retrieving segment aceae1d1-13e3-40b6-9b53-9b01061938d6 resource provider; error: Placement Client Error (4xx): {"errors": [{"status": 404, "title": "Not Found", "detail": "The resource could not be found.\n\n No resource provider with uuid aceae1d1-13e3-40b6-9b53-9b01061938d6 found for delete ", "request_id": "req-e9db6ef0-99fe-45a4-bd20-dddf831da1d3"}]}
2026-07-14 00:43:12.616 7 WARNING tagging [None req-b86e0f65-eb02-4f0e-932c-2fc1d08f0821 ac3b388d992444c1808006637f950e23 1ac3d0a1abce4306b66fea0ffc8307a1 - - default default] project_id key not found in request, using tenant_id instead. This support has been deprecated and will be removed in a future release. [pid: 7|app: 0|req: 1153/2383] 10.0.0.145 () {32 vars in 740 bytes} [Tue Jul 14 00:43:12 2026] GET /v2.0/policies/0560c7dd-82c5-4f3e-9e18-27191e6242f9/tags/red => generated 0 bytes in 63 msecs (HTTP/1.1 204) 2 headers in 112 bytes (1 switches on core 0)
2026-07-14 00:43:12.653 8 WARNING tagging [None req-fed44c24-a5a9-419e-960c-3b08bff092e9 ac3b388d992444c1808006637f950e23 1ac3d0a1abce4306b66fea0ffc8307a1 - - default default] project_id key not found in request, using tenant_id instead. This support has been deprecated and will be removed in a future release.
2026-07-14 00:43:12.659 8 INFO neutron.api.v2.resource [None req-fed44c24-a5a9-419e-960c-3b08bff092e9 ac3b388d992444c1808006637f950e23 1ac3d0a1abce4306b66fea0ffc8307a1 - - default default] show failed (client error): The resource could not be found. [pid: 8|app: 0|req: 1231/2384] 10.0.0.145 () {32 vars in 744 bytes} [Tue Jul 14 00:43:12 2026] GET /v2.0/policies/0560c7dd-82c5-4f3e-9e18-27191e6242f9/tags/green => generated 99 bytes in 33 msecs (HTTP/1.1 404) 4 headers in 163 bytes (1 switches on core 0)
2026-07-14 00:43:12.709 7 WARNING tagging [None req-a3f22678-e7ea-470f-99ca-e16967387418 ac3b388d992444c1808006637f950e23 1ac3d0a1abce4306b66fea0ffc8307a1 - - default default] project_id key not found in request, using tenant_id instead. This support has been deprecated and will be removed in a future release. [pid: 7|app: 0|req: 1154/2385] 10.0.0.145 () {32 vars in 743 bytes} [Tue Jul 14 00:43:12 2026] DELETE /v2.0/policies/0560c7dd-82c5-4f3e-9e18-27191e6242f9/tags/red => generated 0 bytes in 73 msecs (HTTP/1.1 204) 2 headers in 112 bytes (1 switches on core 0)
2026-07-14 00:43:12.771 8 WARNING tagging [None req-f34c50fa-1709-4da1-b776-be2d5e6c1490 ac3b388d992444c1808006637f950e23 1ac3d0a1abce4306b66fea0ffc8307a1 - - default default] project_id key not found in request, using tenant_id instead. This support has been deprecated and will be removed in a future release. [pid: 8|app: 0|req: 1232/2386] 10.0.0.145 () {32 vars in 732 bytes} [Tue Jul 14 00:43:12 2026] GET /v2.0/policies/0560c7dd-82c5-4f3e-9e18-27191e6242f9/tags => generated 30 bytes in 45 msecs (HTTP/1.1 200) 4 headers in 156 bytes (1 switches on core 0)
2026-07-14 00:43:12.838 7 WARNING tagging [None req-6cc75869-1377-4ddb-9231-6a9858f1aff3 ac3b388d992444c1808006637f950e23 1ac3d0a1abce4306b66fea0ffc8307a1 - - default default] project_id key not found in request, using tenant_id instead. This support has been deprecated and will be removed in a future release.
2026-07-14 00:43:12.850 7 INFO neutron.api.v2.resource [None req-6cc75869-1377-4ddb-9231-6a9858f1aff3 ac3b388d992444c1808006637f950e23 1ac3d0a1abce4306b66fea0ffc8307a1 - - default default] delete failed (client error): The resource could not be found. [pid: 7|app: 0|req: 1155/2387] 10.0.0.145 () {32 vars in 747 bytes} [Tue Jul 14 00:43:12 2026] DELETE /v2.0/policies/0560c7dd-82c5-4f3e-9e18-27191e6242f9/tags/green => generated 99 bytes in 58 msecs (HTTP/1.1 404) 4 headers in 163 bytes (1 switches on core 0)
2026-07-14 00:43:12.909 8 WARNING tagging [None req-407428b5-dc70-46cc-99f6-278407a2a2ca ac3b388d992444c1808006637f950e23 1ac3d0a1abce4306b66fea0ffc8307a1 - - default default] project_id key not found in request, using tenant_id instead. This support has been deprecated and will be removed in a future release. [pid: 8|app: 0|req: 1233/2388] 10.0.0.145 () {32 vars in 735 bytes} [Tue Jul 14 00:43:12 2026] DELETE /v2.0/policies/0560c7dd-82c5-4f3e-9e18-27191e6242f9/tags => generated 0 bytes in 72 msecs (HTTP/1.1 204) 2 headers in 112 bytes (1 switches on core 0)
2026-07-14 00:43:12.960 7 WARNING tagging [None req-341b5c74-4039-43e7-b872-e0c7e6f32b80 ac3b388d992444c1808006637f950e23 1ac3d0a1abce4306b66fea0ffc8307a1 - - default default] project_id key not found in request, using tenant_id instead. This support has been deprecated and will be removed in a future release. [pid: 7|app: 0|req: 1156/2389] 10.0.0.145 () {32 vars in 732 bytes} [Tue Jul 14 00:43:12 2026] GET /v2.0/policies/0560c7dd-82c5-4f3e-9e18-27191e6242f9/tags => generated 12 bytes in 32 msecs (HTTP/1.1 200) 4 headers in 156 bytes (1 switches on core 0) [pid: 8|app: 0|req: 1234/2390] 10.0.0.145 () {32 vars in 733 bytes} [Tue Jul 14 00:43:12 2026] DELETE /v2.0/qos/policies/0560c7dd-82c5-4f3e-9e18-27191e6242f9 => generated 0 bytes in 74 msecs (HTTP/1.1 204) 2 headers in 112 bytes (1 switches on core 0)
2026-07-14 00:43:14.047 7 WARNING neutron.db.securitygroups_db [None req-e4de2c1c-cfda-420a-b4d9-9a52b87fb4b0 f1cd95796fba4bc1a8159fc7bfcfa847 39d4ad338ccb47198d5b00974e1083f7 - - default default] project_id key not found in filters, using tenant_id instead. This support has been deprecated and will be removed in a future release.
2026-07-14 00:43:14.183 7 INFO neutron.db.ovn_revision_numbers_db [None req-e4de2c1c-cfda-420a-b4d9-9a52b87fb4b0 f1cd95796fba4bc1a8159fc7bfcfa847 39d4ad338ccb47198d5b00974e1083f7 - - default default] Successfully bumped revision number for resource 8ee4e28f-c7b8-4fe6-b490-556ea1019aa5 (type: security_groups) to 1
2026-07-14 00:43:14.199 7 INFO neutron.db.ovn_revision_numbers_db [None req-e4de2c1c-cfda-420a-b4d9-9a52b87fb4b0 f1cd95796fba4bc1a8159fc7bfcfa847 39d4ad338ccb47198d5b00974e1083f7 - - default default] Successfully bumped revision number for resource 1d280199-2b59-4a23-81ea-2f0962e2eb25 (type: security_group_rules) to 0
2026-07-14 00:43:14.214 7 INFO neutron.db.ovn_revision_numbers_db [None req-e4de2c1c-cfda-420a-b4d9-9a52b87fb4b0 f1cd95796fba4bc1a8159fc7bfcfa847 39d4ad338ccb47198d5b00974e1083f7 - - default default] Successfully bumped revision number for resource 4fb8daca-aad8-4820-be22-39b8bbc5573d (type: security_group_rules) to 0
2026-07-14 00:43:14.225 7 INFO neutron.db.ovn_revision_numbers_db [None req-e4de2c1c-cfda-420a-b4d9-9a52b87fb4b0 f1cd95796fba4bc1a8159fc7bfcfa847 39d4ad338ccb47198d5b00974e1083f7 - - default default] Successfully bumped revision number for resource e291f450-fa7f-43c4-86d1-5782452dba4c (type: security_group_rules) to 0
2026-07-14 00:43:14.239 7 INFO neutron.db.ovn_revision_numbers_db [None req-e4de2c1c-cfda-420a-b4d9-9a52b87fb4b0 f1cd95796fba4bc1a8159fc7bfcfa847 39d4ad338ccb47198d5b00974e1083f7 - - default default] Successfully bumped revision number for resource e40d0f70-4d2e-47ef-9f67-77970b862c7c (type: security_group_rules) to 0 [pid: 7|app: 0|req: 1157/2391] 10.0.0.145 () {32 vars in 773 bytes} [Tue Jul 14 00:43:13 2026] GET /v2.0/security-groups?tenant_id=1ac3d0a1abce4306b66fea0ffc8307a1&name=default => generated 2929 bytes in 456 msecs (HTTP/1.1 200) 4 headers in 158 bytes (1 switches on core 0)
2026-07-14 00:43:14.289 8 WARNING neutron.db.securitygroups_db [None req-dff01336-956d-4a1e-bd35-8c29fe141f0a f1cd95796fba4bc1a8159fc7bfcfa847 39d4ad338ccb47198d5b00974e1083f7 - - default default] project_id key not found in filters, using tenant_id instead. This support has been deprecated and will be removed in a future release.
2026-07-14 00:43:14.412 8 INFO neutron.db.ovn_revision_numbers_db [None req-dff01336-956d-4a1e-bd35-8c29fe141f0a f1cd95796fba4bc1a8159fc7bfcfa847 39d4ad338ccb47198d5b00974e1083f7 - - default default] Successfully bumped revision number for resource 0e10baa8-b039-4a29-b3fd-445cb5076f2a (type: security_groups) to 1
2026-07-14 00:43:14.428 8 INFO neutron.db.ovn_revision_numbers_db [None req-dff01336-956d-4a1e-bd35-8c29fe141f0a f1cd95796fba4bc1a8159fc7bfcfa847 39d4ad338ccb47198d5b00974e1083f7 - - default default] Successfully bumped revision number for resource 8771df3c-aa52-4bb4-941d-0a10c9ff271d (type: security_group_rules) to 0
2026-07-14 00:43:14.447 8 INFO neutron.db.ovn_revision_numbers_db [None req-dff01336-956d-4a1e-bd35-8c29fe141f0a f1cd95796fba4bc1a8159fc7bfcfa847 39d4ad338ccb47198d5b00974e1083f7 - - default default] Successfully bumped revision number for resource 998c811d-339f-4baf-aa5e-28cc8fca2e3d (type: security_group_rules) to 0
2026-07-14 00:43:14.460 8 INFO neutron.db.ovn_revision_numbers_db [None req-dff01336-956d-4a1e-bd35-8c29fe141f0a f1cd95796fba4bc1a8159fc7bfcfa847 39d4ad338ccb47198d5b00974e1083f7 - - default default] Successfully bumped revision number for resource 9aaabe84-e7a6-4a7c-aaf2-f8a76685a692 (type: security_group_rules) to 0 [pid: 7|app: 0|req: 1158/2392] 10.0.0.145 () {32 vars in 739 bytes} [Tue Jul 14 00:43:14 2026] DELETE /v2.0/security-groups/8ee4e28f-c7b8-4fe6-b490-556ea1019aa5 => generated 0 bytes in 181 msecs (HTTP/1.1 204) 2 headers in 112 bytes (1 switches on core 0)
2026-07-14 00:43:14.474 8 INFO neutron.db.ovn_revision_numbers_db [None req-dff01336-956d-4a1e-bd35-8c29fe141f0a f1cd95796fba4bc1a8159fc7bfcfa847 39d4ad338ccb47198d5b00974e1083f7 - - default default] Successfully bumped revision number for resource c3ca061b-5782-4b02-a7c2-dd9af94d74e5 (type: security_group_rules) to 0 [pid: 8|app: 0|req: 1235/2393] 10.0.0.145 () {32 vars in 773 bytes} [Tue Jul 14 00:43:14 2026] GET /v2.0/security-groups?tenant_id=51354aaa73164bce9548289cf9c1d5ad&name=default => generated 2929 bytes in 325 msecs (HTTP/1.1 200) 4 headers in 158 bytes (1 switches on core 0)
2026-07-14 00:43:14.558 8 WARNING neutron.db.securitygroups_db [None req-9a734bc4-6813-43b4-b91b-f3a0c39980bf f1cd95796fba4bc1a8159fc7bfcfa847 39d4ad338ccb47198d5b00974e1083f7 - - default default] project_id key not found in filters, using tenant_id instead. This support has been deprecated and will be removed in a future release.
2026-07-14 00:43:14.679 8 INFO neutron.db.ovn_revision_numbers_db [None req-9a734bc4-6813-43b4-b91b-f3a0c39980bf f1cd95796fba4bc1a8159fc7bfcfa847 39d4ad338ccb47198d5b00974e1083f7 - - default default] Successfully bumped revision number for resource 83819d77-350e-4620-9522-27f35e2ae1ed (type: security_groups) to 1
2026-07-14 00:43:14.696 8 INFO neutron.db.ovn_revision_numbers_db [None req-9a734bc4-6813-43b4-b91b-f3a0c39980bf f1cd95796fba4bc1a8159fc7bfcfa847 39d4ad338ccb47198d5b00974e1083f7 - - default default] Successfully bumped revision number for resource 54c81dd1-62c9-44c9-a800-ca1f1bca786d (type: security_group_rules) to 0
2026-07-14 00:43:14.712 8 INFO neutron.db.ovn_revision_numbers_db [None req-9a734bc4-6813-43b4-b91b-f3a0c39980bf f1cd95796fba4bc1a8159fc7bfcfa847 39d4ad338ccb47198d5b00974e1083f7 - - default default] Successfully bumped revision number for resource 71ea724b-473f-41a5-83cf-fd9c7b6a88ee (type: security_group_rules) to 0
2026-07-14 00:43:14.733 8 INFO neutron.db.ovn_revision_numbers_db [None req-9a734bc4-6813-43b4-b91b-f3a0c39980bf f1cd95796fba4bc1a8159fc7bfcfa847 39d4ad338ccb47198d5b00974e1083f7 - - default default] Successfully bumped revision number for resource b4806d13-cc0e-4721-a1fc-ac94cc0d0fff (type: security_group_rules) to 0 [pid: 7|app: 0|req: 1159/2394] 10.0.0.145 () {32 vars in 739 bytes} [Tue Jul 14 00:43:14 2026] DELETE /v2.0/security-groups/0e10baa8-b039-4a29-b3fd-445cb5076f2a => generated 0 bytes in 218 msecs (HTTP/1.1 204) 2 headers in 112 bytes (1 switches on core 0)
2026-07-14 00:43:14.750 8 INFO neutron.db.ovn_revision_numbers_db [None req-9a734bc4-6813-43b4-b91b-f3a0c39980bf f1cd95796fba4bc1a8159fc7bfcfa847 39d4ad338ccb47198d5b00974e1083f7 - - default default] Successfully bumped revision number for resource f1901da9-b357-4766-9a24-a35fcc9293b3 (type: security_group_rules) to 0 [pid: 8|app: 0|req: 1236/2395] 10.0.0.145 () {32 vars in 773 bytes} [Tue Jul 14 00:43:14 2026] GET /v2.0/security-groups?tenant_id=ecc9fc06035c4bd38e93f0c3f5f90c60&name=default => generated 2929 bytes in 240 msecs (HTTP/1.1 200) 4 headers in 158 bytes (1 switches on core 0)
2026-07-14 00:43:14.858 8 WARNING neutron.db.securitygroups_db [None req-455a0c18-0524-470e-b3a4-9c850391c480 f1cd95796fba4bc1a8159fc7bfcfa847 39d4ad338ccb47198d5b00974e1083f7 - - default default] project_id key not found in filters, using tenant_id instead. This support has been deprecated and will be removed in a future release.
2026-07-14 00:43:14.988 8 INFO neutron.db.ovn_revision_numbers_db [None req-455a0c18-0524-470e-b3a4-9c850391c480 f1cd95796fba4bc1a8159fc7bfcfa847 39d4ad338ccb47198d5b00974e1083f7 - - default default] Successfully bumped revision number for resource 954345d9-8721-46c8-b102-b6399c37c053 (type: security_groups) to 1
2026-07-14 00:43:14.999 8 INFO neutron.db.ovn_revision_numbers_db [None req-455a0c18-0524-470e-b3a4-9c850391c480 f1cd95796fba4bc1a8159fc7bfcfa847 39d4ad338ccb47198d5b00974e1083f7 - - default default] Successfully bumped revision number for resource 1666c3da-f2e3-4b34-a50e-81e2abe42145 (type: security_group_rules) to 0 [pid: 7|app: 0|req: 1160/2396] 10.0.0.145 () {32 vars in 739 bytes} [Tue Jul 14 00:43:14 2026] DELETE /v2.0/security-groups/83819d77-350e-4620-9522-27f35e2ae1ed => generated 0 bytes in 207 msecs (HTTP/1.1 204) 2 headers in 112 bytes (1 switches on core 0)
2026-07-14 00:43:15.010 8 INFO neutron.db.ovn_revision_numbers_db [None req-455a0c18-0524-470e-b3a4-9c850391c480 f1cd95796fba4bc1a8159fc7bfcfa847 39d4ad338ccb47198d5b00974e1083f7 - - default default] Successfully bumped revision number for resource 5cab2e15-8ec8-408a-a233-7874b7c41179 (type: security_group_rules) to 0
2026-07-14 00:43:15.024 8 INFO neutron.db.ovn_revision_numbers_db [None req-455a0c18-0524-470e-b3a4-9c850391c480 f1cd95796fba4bc1a8159fc7bfcfa847 39d4ad338ccb47198d5b00974e1083f7 - - default default] Successfully bumped revision number for resource ea7543f9-ed3b-449d-a472-80abf45fc511 (type: security_group_rules) to 0
2026-07-14 00:43:15.036 8 INFO neutron.db.ovn_revision_numbers_db [None req-455a0c18-0524-470e-b3a4-9c850391c480 f1cd95796fba4bc1a8159fc7bfcfa847 39d4ad338ccb47198d5b00974e1083f7 - - default default] Successfully bumped revision number for resource f63594a6-0334-44a1-ae2f-df008e3802cd (type: security_group_rules) to 0 [pid: 8|app: 0|req: 1237/2397] 10.0.0.145 () {32 vars in 773 bytes} [Tue Jul 14 00:43:14 2026] GET /v2.0/security-groups?tenant_id=8443587a55fd4a40be541e9297d98b6e&name=default => generated 2929 bytes in 219 msecs (HTTP/1.1 200) 4 headers in 158 bytes (1 switches on core 0) [pid: 7|app: 0|req: 1161/2398] 10.0.0.145 () {32 vars in 739 bytes} [Tue Jul 14 00:43:15 2026] DELETE /v2.0/security-groups/954345d9-8721-46c8-b102-b6399c37c053 => generated 0 bytes in 178 msecs (HTTP/1.1 204) 2 headers in 112 bytes (1 switches on core 0)
2026-07-14 00:43:15.413 8 WARNING neutron.db.securitygroups_db [None req-3c8f71c0-b448-41f8-a39c-ad47ac4fd958 f1cd95796fba4bc1a8159fc7bfcfa847 39d4ad338ccb47198d5b00974e1083f7 - - default default] project_id key not found in filters, using tenant_id instead. This support has been deprecated and will be removed in a future release. [pid: 8|app: 0|req: 1238/2399] 10.0.0.145 () {32 vars in 773 bytes} [Tue Jul 14 00:43:15 2026] GET /v2.0/security-groups?tenant_id=553197cb5e0643dfbb2a186850337837&name=default => generated 2925 bytes in 47 msecs (HTTP/1.1 200) 4 headers in 158 bytes (1 switches on core 0) [pid: 7|app: 0|req: 1162/2400] 10.0.0.145 () {32 vars in 739 bytes} [Tue Jul 14 00:43:15 2026] DELETE /v2.0/security-groups/fe3c2483-d3e3-4147-813c-9c2448df1b1a => generated 0 bytes in 186 msecs (HTTP/1.1 204) 2 headers in 112 bytes (1 switches on core 0)
2026-07-14 00:43:15.773 8 WARNING neutron.db.securitygroups_db [None req-793556ab-ceb4-4ea9-8a7d-abd7246f2428 f1cd95796fba4bc1a8159fc7bfcfa847 39d4ad338ccb47198d5b00974e1083f7 - - default default] project_id key not found in filters, using tenant_id instead. This support has been deprecated and will be removed in a future release.
2026-07-14 00:43:15.983 8 INFO neutron.db.ovn_revision_numbers_db [None req-793556ab-ceb4-4ea9-8a7d-abd7246f2428 f1cd95796fba4bc1a8159fc7bfcfa847 39d4ad338ccb47198d5b00974e1083f7 - - default default] Successfully bumped revision number for resource 9411846a-155f-46df-bded-26e25106082a (type: security_groups) to 1
2026-07-14 00:43:16.003 8 INFO neutron.db.ovn_revision_numbers_db [None req-793556ab-ceb4-4ea9-8a7d-abd7246f2428 f1cd95796fba4bc1a8159fc7bfcfa847 39d4ad338ccb47198d5b00974e1083f7 - - default default] Successfully bumped revision number for resource 66a3c505-9687-4ef3-b925-9d496d7ba97b (type: security_group_rules) to 0
2026-07-14 00:43:16.018 8 INFO neutron.db.ovn_revision_numbers_db [None req-793556ab-ceb4-4ea9-8a7d-abd7246f2428 f1cd95796fba4bc1a8159fc7bfcfa847 39d4ad338ccb47198d5b00974e1083f7 - - default default] Successfully bumped revision number for resource 7cd63419-73a0-4b6c-bd39-f23ee31cfef1 (type: security_group_rules) to 0
2026-07-14 00:43:16.034 8 INFO neutron.db.ovn_revision_numbers_db [None req-793556ab-ceb4-4ea9-8a7d-abd7246f2428 f1cd95796fba4bc1a8159fc7bfcfa847 39d4ad338ccb47198d5b00974e1083f7 - - default default] Successfully bumped revision number for resource ae74706f-7cea-4d46-aaf5-12a2cdf32958 (type: security_group_rules) to 0
2026-07-14 00:43:16.049 8 INFO neutron.db.ovn_revision_numbers_db [None req-793556ab-ceb4-4ea9-8a7d-abd7246f2428 f1cd95796fba4bc1a8159fc7bfcfa847 39d4ad338ccb47198d5b00974e1083f7 - - default default] Successfully bumped revision number for resource d80b4bc6-e84c-403e-98fe-64aab4f6b297 (type: security_group_rules) to 0 [pid: 8|app: 0|req: 1239/2401] 10.0.0.145 () {32 vars in 773 bytes} [Tue Jul 14 00:43:15 2026] GET /v2.0/security-groups?tenant_id=440ac92c77c74e9681c02af879aba611&name=default => generated 2929 bytes in 323 msecs (HTTP/1.1 200) 4 headers in 158 bytes (1 switches on core 0) [pid: 8|app: 0|req: 1240/2402] 10.0.0.145 () {32 vars in 739 bytes} [Tue Jul 14 00:43:16 2026] DELETE /v2.0/security-groups/9411846a-155f-46df-bded-26e25106082a => generated 0 bytes in 204 msecs (HTTP/1.1 204) 2 headers in 112 bytes (1 switches on core 0)
2026-07-14 00:43:16.355 7 INFO neutron.db.ovn_revision_numbers_db [None req-6a92315f-e131-4a2b-afc0-d3ebfa58ee00 94d6cdca5c624097b0e075bc335b1582 d1fa38a9ecab45e68bf2ba1874866074 - - default default] Successfully bumped revision number for resource d18724af-ac1a-4221-94a8-2205766c6264 (type: security_groups) to 1
2026-07-14 00:43:16.367 7 INFO neutron.db.ovn_revision_numbers_db [None req-6a92315f-e131-4a2b-afc0-d3ebfa58ee00 94d6cdca5c624097b0e075bc335b1582 d1fa38a9ecab45e68bf2ba1874866074 - - default default] Successfully bumped revision number for resource 1c7d7291-4277-4f88-a097-426e2a57be68 (type: security_group_rules) to 0
2026-07-14 00:43:16.382 7 INFO neutron.db.ovn_revision_numbers_db [None req-6a92315f-e131-4a2b-afc0-d3ebfa58ee00 94d6cdca5c624097b0e075bc335b1582 d1fa38a9ecab45e68bf2ba1874866074 - - default default] Successfully bumped revision number for resource 3042b36c-4921-4dc8-be46-116879e7ee5c (type: security_group_rules) to 0
2026-07-14 00:43:16.394 7 INFO neutron.db.ovn_revision_numbers_db [None req-6a92315f-e131-4a2b-afc0-d3ebfa58ee00 94d6cdca5c624097b0e075bc335b1582 d1fa38a9ecab45e68bf2ba1874866074 - - default default] Successfully bumped revision number for resource 89ca4450-96d9-4fab-8fb7-5b89b97056d5 (type: security_group_rules) to 0
2026-07-14 00:43:16.399 8 WARNING neutron.db.securitygroups_db [None req-ccea558d-b8e8-4405-bcc0-26d2cdd84abf f1cd95796fba4bc1a8159fc7bfcfa847 39d4ad338ccb47198d5b00974e1083f7 - - default default] project_id key not found in filters, using tenant_id instead. This support has been deprecated and will be removed in a future release.
2026-07-14 00:43:16.404 7 INFO neutron.db.ovn_revision_numbers_db [None req-6a92315f-e131-4a2b-afc0-d3ebfa58ee00 94d6cdca5c624097b0e075bc335b1582 d1fa38a9ecab45e68bf2ba1874866074 - - default default] Successfully bumped revision number for resource 8d62b09e-325a-4e85-ab5d-2110dce442bf (type: security_group_rules) to 0
2026-07-14 00:43:16.484 7 INFO neutron.db.segments_db [None req-6a92315f-e131-4a2b-afc0-d3ebfa58ee00 94d6cdca5c624097b0e075bc335b1582 d1fa38a9ecab45e68bf2ba1874866074 - - default default] Added segment 037a6d05-b72a-4e06-b401-714d24353baf of type geneve for network fb219723-d35f-4d4a-a8f9-c5749f213e75
2026-07-14 00:43:16.535 8 INFO neutron.db.ovn_revision_numbers_db [None req-ccea558d-b8e8-4405-bcc0-26d2cdd84abf f1cd95796fba4bc1a8159fc7bfcfa847 39d4ad338ccb47198d5b00974e1083f7 - - default default] Successfully bumped revision number for resource 784ab413-5555-42b3-b918-252e55a912f3 (type: security_groups) to 1
2026-07-14 00:43:16.551 8 INFO neutron.db.ovn_revision_numbers_db [None req-ccea558d-b8e8-4405-bcc0-26d2cdd84abf f1cd95796fba4bc1a8159fc7bfcfa847 39d4ad338ccb47198d5b00974e1083f7 - - default default] Successfully bumped revision number for resource 397d182a-e7f0-4f0a-b9d1-09623eff741c (type: security_group_rules) to 0
