2026-07-14 00:35:31.681 8 INFO placement.requestlog [req-fd9d40d5-2861-4a33-870d-f178abc880ef req-57c53d24-ee62-4bb1-9b33-52f630adf75e 5d497529f8504d5cb06a717468aa6d0b 5ecc993afb7e48c8b4d402916edf6984 - - a2f7248b881c42d7afae257b0b79ca4f a2f7248b881c42d7afae257b0b79ca4f] 199.204.45.115 "GET /resource_providers?in_tree=d5689999-7e76-4930-8377-03417dfb6718" status: 200 len: 797 microversion: 1.14 [pid: 8|app: 0|req: 291/581] 199.204.45.115 () {34 vars in 892 bytes} [Tue Jul 14 00:35:31 2026] GET /resource_providers?in_tree=d5689999-7e76-4930-8377-03417dfb6718 => generated 797 bytes in 19 msecs (HTTP/1.1 200) 6 headers in 225 bytes (1 switches on core 0)
2026-07-14 00:35:31.706 7 INFO placement.requestlog [req-fd9d40d5-2861-4a33-870d-f178abc880ef req-ce2439ed-5adf-49eb-8a64-b15b88c3c6e7 5d497529f8504d5cb06a717468aa6d0b 5ecc993afb7e48c8b4d402916edf6984 - - a2f7248b881c42d7afae257b0b79ca4f a2f7248b881c42d7afae257b0b79ca4f] 199.204.45.115 "GET /resource_providers/d5689999-7e76-4930-8377-03417dfb6718/inventories" status: 200 len: 400 microversion: 1.0 [pid: 7|app: 0|req: 291/582] 199.204.45.115 () {32 vars in 857 bytes} [Tue Jul 14 00:35:31 2026] GET /resource_providers/d5689999-7e76-4930-8377-03417dfb6718/inventories => generated 400 bytes in 19 msecs (HTTP/1.1 200) 6 headers in 224 bytes (1 switches on core 0)
2026-07-14 00:35:31.730 8 INFO placement.requestlog [req-fd9d40d5-2861-4a33-870d-f178abc880ef req-d2e85c4b-f464-4c9e-90e5-d6da85bc64e8 5d497529f8504d5cb06a717468aa6d0b 5ecc993afb7e48c8b4d402916edf6984 - - a2f7248b881c42d7afae257b0b79ca4f a2f7248b881c42d7afae257b0b79ca4f] 199.204.45.115 "GET /resource_providers/d5689999-7e76-4930-8377-03417dfb6718/aggregates" status: 200 len: 53 microversion: 1.19 [pid: 8|app: 0|req: 292/583] 199.204.45.115 () {34 vars in 899 bytes} [Tue Jul 14 00:35:31 2026] GET /resource_providers/d5689999-7e76-4930-8377-03417dfb6718/aggregates => generated 53 bytes in 16 msecs (HTTP/1.1 200) 8 headers in 295 bytes (1 switches on core 0)
2026-07-14 00:35:31.764 7 INFO placement.requestlog [req-fd9d40d5-2861-4a33-870d-f178abc880ef req-8b3f2cb4-09bf-4942-8bbe-7e0c1634639a 5d497529f8504d5cb06a717468aa6d0b 5ecc993afb7e48c8b4d402916edf6984 - - a2f7248b881c42d7afae257b0b79ca4f a2f7248b881c42d7afae257b0b79ca4f] 199.204.45.115 "GET /resource_providers/d5689999-7e76-4930-8377-03417dfb6718/traits" status: 200 len: 2316 microversion: 1.6 [pid: 7|app: 0|req: 292/584] 199.204.45.115 () {34 vars in 890 bytes} [Tue Jul 14 00:35:31 2026] GET /resource_providers/d5689999-7e76-4930-8377-03417dfb6718/traits => generated 2316 bytes in 25 msecs (HTTP/1.1 200) 6 headers in 225 bytes (1 switches on core 0)
2026-07-14 00:35:31.793 8 INFO placement.requestlog [req-fd9d40d5-2861-4a33-870d-f178abc880ef req-3020f5db-f272-4b9b-9a0d-e52231d037f2 5d497529f8504d5cb06a717468aa6d0b 5ecc993afb7e48c8b4d402916edf6984 - - a2f7248b881c42d7afae257b0b79ca4f a2f7248b881c42d7afae257b0b79ca4f] 199.204.45.115 "GET /resource_providers/d5689999-7e76-4930-8377-03417dfb6718/allocations" status: 200 len: 54 microversion: 1.0 [pid: 8|app: 0|req: 293/585] 199.204.45.115 () {32 vars in 857 bytes} [Tue Jul 14 00:35:31 2026] GET /resource_providers/d5689999-7e76-4930-8377-03417dfb6718/allocations => generated 54 bytes in 21 msecs (HTTP/1.1 200) 6 headers in 223 bytes (1 switches on core 0)
2026-07-14 00:35:36.536 7 INFO placement.requestlog [None req-02e5539d-45e8-46a3-992a-ca092e748d78 - - - - - -] 10.0.0.131 "GET /" status: 200 len: 136 microversion: 1.0
2026-07-14 00:35:36.536 8 INFO placement.requestlog [None req-f1764284-e248-4632-9bed-71c55770ff1c - - - - - -] 10.0.0.131 "GET /" status: 200 len: 136 microversion: 1.0
2026-07-14 00:35:46.536 7 INFO placement.requestlog [None req-c3b78b1a-7d02-474d-921a-54d4c484f6a6 - - - - - -] 10.0.0.131 "GET /" status: 200 len: 136 microversion: 1.0
2026-07-14 00:35:46.536 8 INFO placement.requestlog [None req-d199a0c7-8528-4429-af9a-b8a09d04d082 - - - - - -] 10.0.0.131 "GET /" status: 200 len: 136 microversion: 1.0
2026-07-14 00:35:56.536 7 INFO placement.requestlog [None req-7e2b50cc-6729-49a7-8fa4-6580771986b7 - - - - - -] 10.0.0.131 "GET /" status: 200 len: 136 microversion: 1.0
2026-07-14 00:35:56.537 8 INFO placement.requestlog [None req-59e6dc46-5780-4778-ad26-829f854b1c53 - - - - - -] 10.0.0.131 "GET /" status: 200 len: 136 microversion: 1.0
2026-07-14 00:36:06.535 8 INFO placement.requestlog [None req-4041da73-8ab7-423a-a532-c87c6949af1b - - - - - -] 10.0.0.131 "GET /" status: 200 len: 136 microversion: 1.0
2026-07-14 00:36:06.536 7 INFO placement.requestlog [None req-ed67703f-3b16-4ff0-bfbe-a98eaa3ad802 - - - - - -] 10.0.0.131 "GET /" status: 200 len: 136 microversion: 1.0
2026-07-14 00:36:16.536 8 INFO placement.requestlog [None req-16569028-cb3b-499c-85fc-868980f3598a - - - - - -] 10.0.0.131 "GET /" status: 200 len: 136 microversion: 1.0
2026-07-14 00:36:16.536 7 INFO placement.requestlog [None req-ff4278c4-88bc-44ef-bfd4-a44db6984a10 - - - - - -] 10.0.0.131 "GET /" status: 200 len: 136 microversion: 1.0
2026-07-14 00:36:26.536 7 INFO placement.requestlog [None req-dc19590d-fc73-46a7-b06b-09e5fda5842e - - - - - -] 10.0.0.131 "GET /" status: 200 len: 136 microversion: 1.0
2026-07-14 00:36:26.536 8 INFO placement.requestlog [None req-35192cdd-677d-4070-a60b-2c01c17be689 - - - - - -] 10.0.0.131 "GET /" status: 200 len: 136 microversion: 1.0
2026-07-14 00:36:32.549 7 INFO placement.requestlog [req-3dfe870d-441c-4429-a162-984a91cc49fe req-4bbf98d7-e2d1-4daa-90a4-e24d76e946b8 5d497529f8504d5cb06a717468aa6d0b 5ecc993afb7e48c8b4d402916edf6984 - - a2f7248b881c42d7afae257b0b79ca4f a2f7248b881c42d7afae257b0b79ca4f] 199.204.45.115 "GET /resource_providers/d5689999-7e76-4930-8377-03417dfb6718/allocations" status: 200 len: 54 microversion: 1.0 [pid: 7|app: 0|req: 299/598] 199.204.45.115 () {32 vars in 857 bytes} [Tue Jul 14 00:36:32 2026] GET /resource_providers/d5689999-7e76-4930-8377-03417dfb6718/allocations => generated 54 bytes in 17 msecs (HTTP/1.1 200) 6 headers in 223 bytes (1 switches on core 0)
2026-07-14 00:36:32.574 8 INFO placement.requestlog [req-3dfe870d-441c-4429-a162-984a91cc49fe req-f67e7ecb-f437-4eee-997b-219bd9989ff9 5d497529f8504d5cb06a717468aa6d0b 5ecc993afb7e48c8b4d402916edf6984 - - a2f7248b881c42d7afae257b0b79ca4f a2f7248b881c42d7afae257b0b79ca4f] 199.204.45.115 "GET /resource_providers/d5689999-7e76-4930-8377-03417dfb6718/allocations" status: 200 len: 54 microversion: 1.0 [pid: 8|app: 0|req: 300/599] 199.204.45.115 () {32 vars in 857 bytes} [Tue Jul 14 00:36:32 2026] GET /resource_providers/d5689999-7e76-4930-8377-03417dfb6718/allocations => generated 54 bytes in 15 msecs (HTTP/1.1 200) 6 headers in 223 bytes (1 switches on core 0)
2026-07-14 00:36:36.536 7 INFO placement.requestlog [None req-a03c7887-d115-4ea3-adbc-5ac19cd6449e - - - - - -] 10.0.0.131 "GET /" status: 200 len: 136 microversion: 1.0
2026-07-14 00:36:36.536 8 INFO placement.requestlog [None req-cec93ea8-4026-44f1-bd47-7278470baac7 - - - - - -] 10.0.0.131 "GET /" status: 200 len: 136 microversion: 1.0
2026-07-14 00:36:46.536 8 INFO placement.requestlog [None req-79e8fb42-8477-4759-b939-d38fe0477b81 - - - - - -] 10.0.0.131 "GET /" status: 200 len: 136 microversion: 1.0
2026-07-14 00:36:46.536 7 INFO placement.requestlog [None req-f713b530-bfe3-4520-963d-50aa08262d2e - - - - - -] 10.0.0.131 "GET /" status: 200 len: 136 microversion: 1.0
2026-07-14 00:36:56.536 8 INFO placement.requestlog [None req-d013500c-d91b-4459-b593-16926727e360 - - - - - -] 10.0.0.131 "GET /" status: 200 len: 136 microversion: 1.0
2026-07-14 00:36:56.536 7 INFO placement.requestlog [None req-a90a8f14-33f3-4fef-a5a0-5031247a2dde - - - - - -] 10.0.0.131 "GET /" status: 200 len: 136 microversion: 1.0
2026-07-14 00:37:06.537 8 INFO placement.requestlog [None req-232ce7fb-0f0c-46dd-88e4-f9c77238ea3e - - - - - -] 10.0.0.131 "GET /" status: 200 len: 136 microversion: 1.0
2026-07-14 00:37:06.537 7 INFO placement.requestlog [None req-4e6dbdde-cc0c-4b5d-9ff3-35f0855ed15f - - - - - -] 10.0.0.131 "GET /" status: 200 len: 136 microversion: 1.0
2026-07-14 00:37:16.536 8 INFO placement.requestlog [None req-9f974f1b-9a1a-4280-aa33-beb154874943 - - - - - -] 10.0.0.131 "GET /" status: 200 len: 136 microversion: 1.0
2026-07-14 00:37:16.536 7 INFO placement.requestlog [None req-c641ba5b-16db-4ed8-b394-7b73a736f8b9 - - - - - -] 10.0.0.131 "GET /" status: 200 len: 136 microversion: 1.0
2026-07-14 00:37:26.536 7 INFO placement.requestlog [None req-94a749ae-70fb-4b31-bcbd-0fc826f10465 - - - - - -] 10.0.0.131 "GET /" status: 200 len: 136 microversion: 1.0
2026-07-14 00:37:26.536 8 INFO placement.requestlog [None req-03e91109-4546-4dec-8e27-bc415ae263d1 - - - - - -] 10.0.0.131 "GET /" status: 200 len: 136 microversion: 1.0
2026-07-14 00:37:33.051 7 INFO placement.requestlog [req-d9d51852-22b5-412c-9203-49d61c8dec40 req-f3117aeb-4291-4f2e-ae84-135d3a448da3 5d497529f8504d5cb06a717468aa6d0b 5ecc993afb7e48c8b4d402916edf6984 - - a2f7248b881c42d7afae257b0b79ca4f a2f7248b881c42d7afae257b0b79ca4f] 199.204.45.115 "GET /resource_providers/d5689999-7e76-4930-8377-03417dfb6718/allocations" status: 200 len: 54 microversion: 1.0 [pid: 7|app: 0|req: 306/612] 199.204.45.115 () {32 vars in 857 bytes} [Tue Jul 14 00:37:33 2026] GET /resource_providers/d5689999-7e76-4930-8377-03417dfb6718/allocations => generated 54 bytes in 15 msecs (HTTP/1.1 200) 6 headers in 223 bytes (1 switches on core 0)
2026-07-14 00:37:33.078 8 INFO placement.requestlog [req-d9d51852-22b5-412c-9203-49d61c8dec40 req-4eb1a84b-a11f-43e6-806f-6033972352f3 5d497529f8504d5cb06a717468aa6d0b 5ecc993afb7e48c8b4d402916edf6984 - - a2f7248b881c42d7afae257b0b79ca4f a2f7248b881c42d7afae257b0b79ca4f] 199.204.45.115 "GET /resource_providers/d5689999-7e76-4930-8377-03417dfb6718/allocations" status: 200 len: 54 microversion: 1.0 [pid: 8|app: 0|req: 307/613] 199.204.45.115 () {32 vars in 857 bytes} [Tue Jul 14 00:37:33 2026] GET /resource_providers/d5689999-7e76-4930-8377-03417dfb6718/allocations => generated 54 bytes in 18 msecs (HTTP/1.1 200) 6 headers in 223 bytes (1 switches on core 0)
2026-07-14 00:37:36.537 7 INFO placement.requestlog [None req-497de24b-0712-4eb4-bd7c-f4d5c8cbf982 - - - - - -] 10.0.0.131 "GET /" status: 200 len: 136 microversion: 1.0
2026-07-14 00:37:36.537 8 INFO placement.requestlog [None req-138666f4-7cca-47e8-98b5-f721230af977 - - - - - -] 10.0.0.131 "GET /" status: 200 len: 136 microversion: 1.0
2026-07-14 00:37:46.535 7 INFO placement.requestlog [None req-4dd0bd6d-4084-45cf-96f9-90c9bf272dfc - - - - - -] 10.0.0.131 "GET /" status: 200 len: 136 microversion: 1.0
2026-07-14 00:37:46.535 8 INFO placement.requestlog [None req-0e8e4e48-58fb-4c9b-93b9-4e352d35c1a9 - - - - - -] 10.0.0.131 "GET /" status: 200 len: 136 microversion: 1.0
2026-07-14 00:37:56.536 7 INFO placement.requestlog [None req-ffa4d102-4034-4924-adab-0c9322177a5a - - - - - -] 10.0.0.131 "GET /" status: 200 len: 136 microversion: 1.0
2026-07-14 00:37:56.537 8 INFO placement.requestlog [None req-6c0fd5c7-75d0-42bd-8d37-e9fbe47a5b1a - - - - - -] 10.0.0.131 "GET /" status: 200 len: 136 microversion: 1.0
2026-07-14 00:38:06.535 8 INFO placement.requestlog [None req-7ffaf3d5-f89f-4091-a07a-96da4e73e59f - - - - - -] 10.0.0.131 "GET /" status: 200 len: 136 microversion: 1.0
2026-07-14 00:38:06.536 7 INFO placement.requestlog [None req-27b12355-b293-4096-af4d-465f2bbc3449 - - - - - -] 10.0.0.131 "GET /" status: 200 len: 136 microversion: 1.0
2026-07-14 00:38:16.536 7 INFO placement.requestlog [None req-a4ab8a2f-80df-44ad-be60-567fdb4324bf - - - - - -] 10.0.0.131 "GET /" status: 200 len: 136 microversion: 1.0
2026-07-14 00:38:16.537 8 INFO placement.requestlog [None req-3b320df9-f47d-477d-8115-824146100f42 - - - - - -] 10.0.0.131 "GET /" status: 200 len: 136 microversion: 1.0
2026-07-14 00:38:26.536 7 INFO placement.requestlog [None req-a76fcd64-76dc-4084-80b4-a9d69e455897 - - - - - -] 10.0.0.131 "GET /" status: 200 len: 136 microversion: 1.0
2026-07-14 00:38:26.537 8 INFO placement.requestlog [None req-4d23a1d6-de00-4ede-9e48-7e78591b27aa - - - - - -] 10.0.0.131 "GET /" status: 200 len: 136 microversion: 1.0
2026-07-14 00:38:33.555 7 INFO placement.requestlog [req-34166de2-66d0-4c45-b637-52d8b675df86 req-df4daf36-2150-4784-9b07-3cead750ed91 5d497529f8504d5cb06a717468aa6d0b 5ecc993afb7e48c8b4d402916edf6984 - - a2f7248b881c42d7afae257b0b79ca4f a2f7248b881c42d7afae257b0b79ca4f] 199.204.45.115 "GET /resource_providers/d5689999-7e76-4930-8377-03417dfb6718/allocations" status: 200 len: 54 microversion: 1.0 [pid: 7|app: 0|req: 313/626] 199.204.45.115 () {32 vars in 857 bytes} [Tue Jul 14 00:38:33 2026] GET /resource_providers/d5689999-7e76-4930-8377-03417dfb6718/allocations => generated 54 bytes in 18 msecs (HTTP/1.1 200) 6 headers in 223 bytes (1 switches on core 0)
2026-07-14 00:38:33.577 8 INFO placement.requestlog [req-34166de2-66d0-4c45-b637-52d8b675df86 req-15d3806b-7336-4264-99a6-a71b8e3571ca 5d497529f8504d5cb06a717468aa6d0b 5ecc993afb7e48c8b4d402916edf6984 - - a2f7248b881c42d7afae257b0b79ca4f a2f7248b881c42d7afae257b0b79ca4f] 199.204.45.115 "GET /resource_providers/d5689999-7e76-4930-8377-03417dfb6718/allocations" status: 200 len: 54 microversion: 1.0 [pid: 8|app: 0|req: 314/627] 199.204.45.115 () {32 vars in 857 bytes} [Tue Jul 14 00:38:33 2026] GET /resource_providers/d5689999-7e76-4930-8377-03417dfb6718/allocations => generated 54 bytes in 16 msecs (HTTP/1.1 200) 6 headers in 223 bytes (1 switches on core 0)
2026-07-14 00:38:36.536 7 INFO placement.requestlog [None req-945bcfd2-6376-4111-8594-bb1240b19815 - - - - - -] 10.0.0.131 "GET /" status: 200 len: 136 microversion: 1.0
2026-07-14 00:38:36.536 8 INFO placement.requestlog [None req-1f25d0dc-d415-4002-b97e-1d85466b2ab2 - - - - - -] 10.0.0.131 "GET /" status: 200 len: 136 microversion: 1.0
2026-07-14 00:38:46.536 7 INFO placement.requestlog [None req-c15455f6-123d-4327-baf9-e7ff9418e8ea - - - - - -] 10.0.0.131 "GET /" status: 200 len: 136 microversion: 1.0
2026-07-14 00:38:46.537 8 INFO placement.requestlog [None req-e65ba506-fa72-45a0-aa9f-a7fa1ccd4484 - - - - - -] 10.0.0.131 "GET /" status: 200 len: 136 microversion: 1.0
2026-07-14 00:38:56.537 7 INFO placement.requestlog [None req-02f60a8b-7c04-4548-85ed-77cc79dd4acb - - - - - -] 10.0.0.131 "GET /" status: 200 len: 136 microversion: 1.0
2026-07-14 00:38:56.537 8 INFO placement.requestlog [None req-f14671ba-616f-4be9-9fea-6dbb93f4e96f - - - - - -] 10.0.0.131 "GET /" status: 200 len: 136 microversion: 1.0
2026-07-14 00:39:06.535 7 INFO placement.requestlog [None req-f490ced3-a883-4ff2-aa67-8de6fcf91dda - - - - - -] 10.0.0.131 "GET /" status: 200 len: 136 microversion: 1.0
2026-07-14 00:39:06.536 8 INFO placement.requestlog [None req-1eafb23f-1dca-4a66-8a7c-1b48696c41bc - - - - - -] 10.0.0.131 "GET /" status: 200 len: 136 microversion: 1.0
2026-07-14 00:39:14.463 7 INFO placement.requestlog [req-c4f4e77d-d97b-4799-870b-107567335961 req-6a16301e-4156-42aa-952a-60aea4ac3823 5d497529f8504d5cb06a717468aa6d0b 5ecc993afb7e48c8b4d402916edf6984 - - a2f7248b881c42d7afae257b0b79ca4f a2f7248b881c42d7afae257b0b79ca4f] 10.0.0.71 "GET /allocation_candidates?limit=1000&resources=DISK_GB%3A1%2CMEMORY_MB%3A512%2CVCPU%3A1&root_required=%21COMPUTE_STATUS_DISABLED" status: 200 len: 2781 microversion: 1.36 [pid: 7|app: 0|req: 318/636] 10.0.0.71 () {34 vars in 1011 bytes} [Tue Jul 14 00:39:14 2026] GET /allocation_candidates?limit=1000&resources=DISK_GB%3A1%2CMEMORY_MB%3A512%2CVCPU%3A1&root_required=%21COMPUTE_STATUS_DISABLED => generated 2781 bytes in 170 msecs (HTTP/1.1 200) 8 headers in 297 bytes (1 switches on core 0)
2026-07-14 00:39:14.499 8 INFO placement.requestlog [req-c4f4e77d-d97b-4799-870b-107567335961 req-7e8a0ba9-ae9c-4d3b-a5ad-25f0f91be9fd 5d497529f8504d5cb06a717468aa6d0b 5ecc993afb7e48c8b4d402916edf6984 - - a2f7248b881c42d7afae257b0b79ca4f a2f7248b881c42d7afae257b0b79ca4f] 10.0.0.71 "GET /allocations/dd286736-d3fb-43a5-899b-328e05950a75" status: 200 len: 19 microversion: 1.28 [pid: 8|app: 0|req: 319/637] 10.0.0.71 () {34 vars in 860 bytes} [Tue Jul 14 00:39:14 2026] GET /allocations/dd286736-d3fb-43a5-899b-328e05950a75 => generated 19 bytes in 9 msecs (HTTP/1.1 200) 8 headers in 295 bytes (1 switches on core 0)
2026-07-14 00:39:14.602 7 INFO placement.requestlog [req-c4f4e77d-d97b-4799-870b-107567335961 req-ab677762-2a03-4a02-a1cd-9216eed63d20 5d497529f8504d5cb06a717468aa6d0b 5ecc993afb7e48c8b4d402916edf6984 - - a2f7248b881c42d7afae257b0b79ca4f a2f7248b881c42d7afae257b0b79ca4f] 10.0.0.71 "PUT /allocations/dd286736-d3fb-43a5-899b-328e05950a75" status: 204 len: 0 microversion: 1.36 [pid: 7|app: 0|req: 319/638] 10.0.0.71 () {38 vars in 913 bytes} [Tue Jul 14 00:39:14 2026] PUT /allocations/dd286736-d3fb-43a5-899b-328e05950a75 => generated 0 bytes in 93 msecs (HTTP/1.1 204) 5 headers in 199 bytes (1 switches on core 0)
2026-07-14 00:39:15.635 8 INFO placement.requestlog [req-42fe393e-73cc-4869-9d10-b244b9af3102 req-fd3cee0f-a93f-4e31-a2ec-a78a1443a32e 5d497529f8504d5cb06a717468aa6d0b 5ecc993afb7e48c8b4d402916edf6984 - - a2f7248b881c42d7afae257b0b79ca4f a2f7248b881c42d7afae257b0b79ca4f] 10.0.0.71 "GET /allocation_candidates?limit=1000&resources=DISK_GB%3A1%2CMEMORY_MB%3A512%2CVCPU%3A1&root_required=%21COMPUTE_STATUS_DISABLED" status: 200 len: 2783 microversion: 1.36 [pid: 8|app: 0|req: 320/639] 10.0.0.71 () {34 vars in 1011 bytes} [Tue Jul 14 00:39:15 2026] GET /allocation_candidates?limit=1000&resources=DISK_GB%3A1%2CMEMORY_MB%3A512%2CVCPU%3A1&root_required=%21COMPUTE_STATUS_DISABLED => generated 2783 bytes in 72 msecs (HTTP/1.1 200) 8 headers in 297 bytes (1 switches on core 0)
2026-07-14 00:39:15.680 7 INFO placement.requestlog [req-42fe393e-73cc-4869-9d10-b244b9af3102 req-cf05c024-56da-41ba-8a92-978e46e1d00f 5d497529f8504d5cb06a717468aa6d0b 5ecc993afb7e48c8b4d402916edf6984 - - a2f7248b881c42d7afae257b0b79ca4f a2f7248b881c42d7afae257b0b79ca4f] 10.0.0.71 "GET /allocations/64932e08-6a45-4fdd-8d84-80cbcbd583eb" status: 200 len: 19 microversion: 1.28 [pid: 7|app: 0|req: 320/640] 10.0.0.71 () {34 vars in 860 bytes} [Tue Jul 14 00:39:15 2026] GET /allocations/64932e08-6a45-4fdd-8d84-80cbcbd583eb => generated 19 bytes in 15 msecs (HTTP/1.1 200) 8 headers in 295 bytes (1 switches on core 0)
2026-07-14 00:39:15.804 8 INFO placement.requestlog [req-42fe393e-73cc-4869-9d10-b244b9af3102 req-5534c92c-1357-4f77-8140-3956d63e9c49 5d497529f8504d5cb06a717468aa6d0b 5ecc993afb7e48c8b4d402916edf6984 - - a2f7248b881c42d7afae257b0b79ca4f a2f7248b881c42d7afae257b0b79ca4f] 10.0.0.71 "PUT /allocations/64932e08-6a45-4fdd-8d84-80cbcbd583eb" status: 204 len: 0 microversion: 1.36 [pid: 8|app: 0|req: 321/641] 10.0.0.71 () {38 vars in 913 bytes} [Tue Jul 14 00:39:15 2026] PUT /allocations/64932e08-6a45-4fdd-8d84-80cbcbd583eb => generated 0 bytes in 117 msecs (HTTP/1.1 204) 5 headers in 199 bytes (1 switches on core 0)
2026-07-14 00:39:16.123 8 INFO placement.requestlog [None req-7bd4bc5b-7bd7-4c54-89a3-58cdbd2ab9cb 95b1c6bde56844c2b4daf3834e471089 5ecc993afb7e48c8b4d402916edf6984 - - a2f7248b881c42d7afae257b0b79ca4f a2f7248b881c42d7afae257b0b79ca4f] 10.0.0.57 "GET /resource_providers/bcd2feb8-9bdc-474a-b32f-f4475e6202b6/aggregates" status: 404 len: 235 microversion: 1.1 [pid: 8|app: 0|req: 322/642] 10.0.0.57 () {32 vars in 815 bytes} [Tue Jul 14 00:39:15 2026] GET /resource_providers/bcd2feb8-9bdc-474a-b32f-f4475e6202b6/aggregates => generated 235 bytes in 173 msecs (HTTP/1.1 404) 5 headers in 202 bytes (1 switches on core 0)
2026-07-14 00:39:16.141 7 INFO placement.requestlog [None req-bfe64623-887d-484a-bdd8-c15ca5b2e15f 95b1c6bde56844c2b4daf3834e471089 5ecc993afb7e48c8b4d402916edf6984 - - a2f7248b881c42d7afae257b0b79ca4f a2f7248b881c42d7afae257b0b79ca4f] 10.0.0.57 "GET /resource_providers/bcd2feb8-9bdc-474a-b32f-f4475e6202b6/aggregates" status: 404 len: 235 microversion: 1.1 [pid: 7|app: 0|req: 321/643] 10.0.0.57 () {32 vars in 815 bytes} [Tue Jul 14 00:39:15 2026] GET /resource_providers/bcd2feb8-9bdc-474a-b32f-f4475e6202b6/aggregates => generated 235 bytes in 203 msecs (HTTP/1.1 404) 5 headers in 202 bytes (1 switches on core 0)
2026-07-14 00:39:16.143 8 INFO placement.requestlog [None req-fae42343-3f3e-42b7-bc10-dff8a4c01bca 95b1c6bde56844c2b4daf3834e471089 5ecc993afb7e48c8b4d402916edf6984 - - a2f7248b881c42d7afae257b0b79ca4f a2f7248b881c42d7afae257b0b79ca4f] 10.0.0.57 "DELETE /resource_providers/bcd2feb8-9bdc-474a-b32f-f4475e6202b6" status: 404 len: 246 microversion: 1.1 [pid: 8|app: 0|req: 323/644] 10.0.0.57 () {34 vars in 815 bytes} [Tue Jul 14 00:39:16 2026] DELETE /resource_providers/bcd2feb8-9bdc-474a-b32f-f4475e6202b6 => generated 246 bytes in 10 msecs (HTTP/1.1 404) 6 headers in 231 bytes (1 switches on core 0)
2026-07-14 00:39:16.158 7 INFO placement.requestlog [None req-bec276e6-4d45-41ff-8dc3-4b6e612e0f26 95b1c6bde56844c2b4daf3834e471089 5ecc993afb7e48c8b4d402916edf6984 - - a2f7248b881c42d7afae257b0b79ca4f a2f7248b881c42d7afae257b0b79ca4f] 10.0.0.57 "DELETE /resource_providers/bcd2feb8-9bdc-474a-b32f-f4475e6202b6" status: 404 len: 246 microversion: 1.1 [pid: 7|app: 0|req: 322/645] 10.0.0.57 () {34 vars in 815 bytes} [Tue Jul 14 00:39:16 2026] DELETE /resource_providers/bcd2feb8-9bdc-474a-b32f-f4475e6202b6 => generated 246 bytes in 9 msecs (HTTP/1.1 404) 6 headers in 231 bytes (1 switches on core 0)
2026-07-14 00:39:16.269 8 INFO placement.requestlog [req-c4f4e77d-d97b-4799-870b-107567335961 req-18e15047-21d8-4351-95cc-f254c312de1a 5d497529f8504d5cb06a717468aa6d0b 5ecc993afb7e48c8b4d402916edf6984 - - a2f7248b881c42d7afae257b0b79ca4f a2f7248b881c42d7afae257b0b79ca4f] 199.204.45.115 "GET /allocations/dd286736-d3fb-43a5-899b-328e05950a75" status: 200 len: 257 microversion: 1.28 [pid: 8|app: 0|req: 324/646] 199.204.45.115 () {34 vars in 863 bytes} [Tue Jul 14 00:39:16 2026] GET /allocations/dd286736-d3fb-43a5-899b-328e05950a75 => generated 257 bytes in 17 msecs (HTTP/1.1 200) 8 headers in 296 bytes (1 switches on core 0)
2026-07-14 00:39:16.536 7 INFO placement.requestlog [None req-72990498-ed16-4903-b6e5-ab56e6e94904 - - - - - -] 10.0.0.131 "GET /" status: 200 len: 136 microversion: 1.0
2026-07-14 00:39:16.538 8 INFO placement.requestlog [None req-6b25441c-aad8-4b86-a558-ec2d15273748 - - - - - -] 10.0.0.131 "GET /" status: 200 len: 136 microversion: 1.0
2026-07-14 00:39:17.205 7 INFO placement.requestlog [req-42fe393e-73cc-4869-9d10-b244b9af3102 req-22974443-9d9a-4516-9323-cbf732d8d4eb 5d497529f8504d5cb06a717468aa6d0b 5ecc993afb7e48c8b4d402916edf6984 - - a2f7248b881c42d7afae257b0b79ca4f a2f7248b881c42d7afae257b0b79ca4f] 199.204.45.115 "GET /allocations/64932e08-6a45-4fdd-8d84-80cbcbd583eb" status: 200 len: 257 microversion: 1.28 [pid: 7|app: 0|req: 324/649] 199.204.45.115 () {34 vars in 863 bytes} [Tue Jul 14 00:39:17 2026] GET /allocations/64932e08-6a45-4fdd-8d84-80cbcbd583eb => generated 257 bytes in 15 msecs (HTTP/1.1 200) 8 headers in 296 bytes (1 switches on core 0)
2026-07-14 00:39:17.312 8 INFO placement.requestlog [req-c4f4e77d-d97b-4799-870b-107567335961 req-50944440-b8e2-4c61-9261-90dbd2065ada 5d497529f8504d5cb06a717468aa6d0b 5ecc993afb7e48c8b4d402916edf6984 - - a2f7248b881c42d7afae257b0b79ca4f a2f7248b881c42d7afae257b0b79ca4f] 199.204.45.115 "GET /resource_providers/d5689999-7e76-4930-8377-03417dfb6718/allocations" status: 200 len: 252 microversion: 1.0 [pid: 8|app: 0|req: 326/650] 199.204.45.115 () {32 vars in 857 bytes} [Tue Jul 14 00:39:17 2026] GET /resource_providers/d5689999-7e76-4930-8377-03417dfb6718/allocations => generated 252 bytes in 25 msecs (HTTP/1.1 200) 6 headers in 224 bytes (1 switches on core 0)
2026-07-14 00:39:17.335 7 INFO placement.requestlog [req-c4f4e77d-d97b-4799-870b-107567335961 req-45bbf7b1-27f7-4140-ad7c-35ea81fe33f3 5d497529f8504d5cb06a717468aa6d0b 5ecc993afb7e48c8b4d402916edf6984 - - a2f7248b881c42d7afae257b0b79ca4f a2f7248b881c42d7afae257b0b79ca4f] 199.204.45.115 "GET /allocations/64932e08-6a45-4fdd-8d84-80cbcbd583eb" status: 200 len: 257 microversion: 1.28 [pid: 7|app: 0|req: 325/651] 199.204.45.115 () {34 vars in 863 bytes} [Tue Jul 14 00:39:17 2026] GET /allocations/64932e08-6a45-4fdd-8d84-80cbcbd583eb => generated 257 bytes in 17 msecs (HTTP/1.1 200) 8 headers in 296 bytes (1 switches on core 0)
2026-07-14 00:39:17.357 8 INFO placement.requestlog [req-c4f4e77d-d97b-4799-870b-107567335961 req-6b4991d5-1108-40cf-9a73-6ec1fb7c0d08 5d497529f8504d5cb06a717468aa6d0b 5ecc993afb7e48c8b4d402916edf6984 - - a2f7248b881c42d7afae257b0b79ca4f a2f7248b881c42d7afae257b0b79ca4f] 199.204.45.115 "GET /allocations/dd286736-d3fb-43a5-899b-328e05950a75" status: 200 len: 257 microversion: 1.28 [pid: 8|app: 0|req: 327/652] 199.204.45.115 () {34 vars in 863 bytes} [Tue Jul 14 00:39:17 2026] GET /allocations/dd286736-d3fb-43a5-899b-328e05950a75 => generated 257 bytes in 15 msecs (HTTP/1.1 200) 8 headers in 296 bytes (1 switches on core 0)
2026-07-14 00:39:19.444 7 INFO placement.requestlog [req-42fe393e-73cc-4869-9d10-b244b9af3102 req-acbdca12-3cd2-4449-b315-7dd0d34cd23e 5d497529f8504d5cb06a717468aa6d0b 5ecc993afb7e48c8b4d402916edf6984 - - a2f7248b881c42d7afae257b0b79ca4f a2f7248b881c42d7afae257b0b79ca4f] 199.204.45.115 "GET /resource_providers/d5689999-7e76-4930-8377-03417dfb6718/allocations" status: 200 len: 252 microversion: 1.0 [pid: 7|app: 0|req: 326/653] 199.204.45.115 () {32 vars in 857 bytes} [Tue Jul 14 00:39:19 2026] GET /resource_providers/d5689999-7e76-4930-8377-03417dfb6718/allocations => generated 252 bytes in 17 msecs (HTTP/1.1 200) 6 headers in 224 bytes (1 switches on core 0)
2026-07-14 00:39:19.463 8 INFO placement.requestlog [req-42fe393e-73cc-4869-9d10-b244b9af3102 req-7326ff95-f589-47cf-9e5d-443175df2621 5d497529f8504d5cb06a717468aa6d0b 5ecc993afb7e48c8b4d402916edf6984 - - a2f7248b881c42d7afae257b0b79ca4f a2f7248b881c42d7afae257b0b79ca4f] 199.204.45.115 "GET /allocations/64932e08-6a45-4fdd-8d84-80cbcbd583eb" status: 200 len: 257 microversion: 1.28 [pid: 8|app: 0|req: 328/654] 199.204.45.115 () {34 vars in 863 bytes} [Tue Jul 14 00:39:19 2026] GET /allocations/64932e08-6a45-4fdd-8d84-80cbcbd583eb => generated 257 bytes in 10 msecs (HTTP/1.1 200) 8 headers in 296 bytes (1 switches on core 0)
2026-07-14 00:39:19.483 7 INFO placement.requestlog [req-42fe393e-73cc-4869-9d10-b244b9af3102 req-1f514360-3e68-4c35-9ae1-c70718c8b901 5d497529f8504d5cb06a717468aa6d0b 5ecc993afb7e48c8b4d402916edf6984 - - a2f7248b881c42d7afae257b0b79ca4f a2f7248b881c42d7afae257b0b79ca4f] 199.204.45.115 "GET /allocations/dd286736-d3fb-43a5-899b-328e05950a75" status: 200 len: 257 microversion: 1.28 [pid: 7|app: 0|req: 327/655] 199.204.45.115 () {34 vars in 863 bytes} [Tue Jul 14 00:39:19 2026] GET /allocations/dd286736-d3fb-43a5-899b-328e05950a75 => generated 257 bytes in 15 msecs (HTTP/1.1 200) 8 headers in 296 bytes (1 switches on core 0)
2026-07-14 00:39:24.897 8 INFO placement.requestlog [None req-df0ac567-9855-4245-a036-ccf9a2567c2b 95b1c6bde56844c2b4daf3834e471089 5ecc993afb7e48c8b4d402916edf6984 - - a2f7248b881c42d7afae257b0b79ca4f a2f7248b881c42d7afae257b0b79ca4f] 10.0.0.57 "GET /resource_providers/fcd3006e-4c7b-4db7-afac-736c4f705a60/aggregates" status: 404 len: 235 microversion: 1.1 [pid: 8|app: 0|req: 329/656] 10.0.0.57 () {32 vars in 815 bytes} [Tue Jul 14 00:39:24 2026] GET /resource_providers/fcd3006e-4c7b-4db7-afac-736c4f705a60/aggregates => generated 235 bytes in 7 msecs (HTTP/1.1 404) 5 headers in 202 bytes (1 switches on core 0)
2026-07-14 00:39:24.900 7 INFO placement.requestlog [None req-477c9718-8ff0-4863-bc50-47f21d924615 95b1c6bde56844c2b4daf3834e471089 5ecc993afb7e48c8b4d402916edf6984 - - a2f7248b881c42d7afae257b0b79ca4f a2f7248b881c42d7afae257b0b79ca4f] 10.0.0.57 "GET /resource_providers/fcd3006e-4c7b-4db7-afac-736c4f705a60/aggregates" status: 404 len: 235 microversion: 1.1 [pid: 7|app: 0|req: 328/657] 10.0.0.57 () {32 vars in 815 bytes} [Tue Jul 14 00:39:24 2026] GET /resource_providers/fcd3006e-4c7b-4db7-afac-736c4f705a60/aggregates => generated 235 bytes in 9 msecs (HTTP/1.1 404) 5 headers in 202 bytes (1 switches on core 0)
2026-07-14 00:39:24.920 8 INFO placement.requestlog [None req-c8784a20-a3cd-48e8-bc6e-e87ef63a5a46 95b1c6bde56844c2b4daf3834e471089 5ecc993afb7e48c8b4d402916edf6984 - - a2f7248b881c42d7afae257b0b79ca4f a2f7248b881c42d7afae257b0b79ca4f] 10.0.0.57 "DELETE /resource_providers/fcd3006e-4c7b-4db7-afac-736c4f705a60" status: 404 len: 246 microversion: 1.1 [pid: 8|app: 0|req: 330/658] 10.0.0.57 () {34 vars in 815 bytes} [Tue Jul 14 00:39:24 2026] DELETE /resource_providers/fcd3006e-4c7b-4db7-afac-736c4f705a60 => generated 246 bytes in 10 msecs (HTTP/1.1 404) 6 headers in 231 bytes (1 switches on core 0)
2026-07-14 00:39:24.922 7 INFO placement.requestlog [None req-d29b4784-5ee1-443c-9b5a-2d16e26e547f 95b1c6bde56844c2b4daf3834e471089 5ecc993afb7e48c8b4d402916edf6984 - - a2f7248b881c42d7afae257b0b79ca4f a2f7248b881c42d7afae257b0b79ca4f] 10.0.0.57 "DELETE /resource_providers/fcd3006e-4c7b-4db7-afac-736c4f705a60" status: 404 len: 246 microversion: 1.1 [pid: 7|app: 0|req: 329/659] 10.0.0.57 () {34 vars in 815 bytes} [Tue Jul 14 00:39:24 2026] DELETE /resource_providers/fcd3006e-4c7b-4db7-afac-736c4f705a60 => generated 246 bytes in 9 msecs (HTTP/1.1 404) 6 headers in 231 bytes (1 switches on core 0)
2026-07-14 00:39:26.536 8 INFO placement.requestlog [None req-8cf2c79c-df93-4cf2-bb57-cfdff763b337 - - - - - -] 10.0.0.131 "GET /" status: 200 len: 136 microversion: 1.0
2026-07-14 00:39:26.537 7 INFO placement.requestlog [None req-a220bbcd-b87f-4485-bc43-ec54f6741765 - - - - - -] 10.0.0.131 "GET /" status: 200 len: 136 microversion: 1.0
2026-07-14 00:39:26.949 8 INFO placement.requestlog [None req-ad8bae1e-fc23-4b6a-bdef-1a32e2926ad9 95b1c6bde56844c2b4daf3834e471089 5ecc993afb7e48c8b4d402916edf6984 - - a2f7248b881c42d7afae257b0b79ca4f a2f7248b881c42d7afae257b0b79ca4f] 10.0.0.57 "GET /resource_providers/760b0d3f-2e59-4dc9-ad9a-7cdce2b083fb/aggregates" status: 404 len: 235 microversion: 1.1
2026-07-14 00:39:26.949 7 INFO placement.requestlog [None req-85f8efe5-35d0-4ad1-9581-daf4e0809b9a 95b1c6bde56844c2b4daf3834e471089 5ecc993afb7e48c8b4d402916edf6984 - - a2f7248b881c42d7afae257b0b79ca4f a2f7248b881c42d7afae257b0b79ca4f] 10.0.0.57 "GET /resource_providers/760b0d3f-2e59-4dc9-ad9a-7cdce2b083fb/aggregates" status: 404 len: 235 microversion: 1.1 [pid: 8|app: 0|req: 332/662] 10.0.0.57 () {32 vars in 815 bytes} [Tue Jul 14 00:39:26 2026] GET /resource_providers/760b0d3f-2e59-4dc9-ad9a-7cdce2b083fb/aggregates => generated 235 bytes in 12 msecs (HTTP/1.1 404) 5 headers in 202 bytes (1 switches on core 0) [pid: 7|app: 0|req: 331/663] 10.0.0.57 () {32 vars in 815 bytes} [Tue Jul 14 00:39:26 2026] GET /resource_providers/760b0d3f-2e59-4dc9-ad9a-7cdce2b083fb/aggregates => generated 235 bytes in 13 msecs (HTTP/1.1 404) 5 headers in 202 bytes (1 switches on core 0)
2026-07-14 00:39:26.969 8 INFO placement.requestlog [None req-462c4005-f922-4c8f-81d8-3b2816b5b9f1 95b1c6bde56844c2b4daf3834e471089 5ecc993afb7e48c8b4d402916edf6984 - - a2f7248b881c42d7afae257b0b79ca4f a2f7248b881c42d7afae257b0b79ca4f] 10.0.0.57 "DELETE /resource_providers/760b0d3f-2e59-4dc9-ad9a-7cdce2b083fb" status: 404 len: 246 microversion: 1.1 [pid: 8|app: 0|req: 333/664] 10.0.0.57 () {34 vars in 815 bytes} [Tue Jul 14 00:39:26 2026] DELETE /resource_providers/760b0d3f-2e59-4dc9-ad9a-7cdce2b083fb => generated 246 bytes in 8 msecs (HTTP/1.1 404) 6 headers in 231 bytes (1 switches on core 0)
2026-07-14 00:39:26.972 7 INFO placement.requestlog [None req-31a5d528-c7f5-4588-b78b-79280b005cfe 95b1c6bde56844c2b4daf3834e471089 5ecc993afb7e48c8b4d402916edf6984 - - a2f7248b881c42d7afae257b0b79ca4f a2f7248b881c42d7afae257b0b79ca4f] 10.0.0.57 "DELETE /resource_providers/760b0d3f-2e59-4dc9-ad9a-7cdce2b083fb" status: 404 len: 246 microversion: 1.1 [pid: 7|app: 0|req: 332/665] 10.0.0.57 () {34 vars in 815 bytes} [Tue Jul 14 00:39:26 2026] DELETE /resource_providers/760b0d3f-2e59-4dc9-ad9a-7cdce2b083fb => generated 246 bytes in 10 msecs (HTTP/1.1 404) 6 headers in 231 bytes (1 switches on core 0)
2026-07-14 00:39:28.768 8 INFO placement.requestlog [req-c4f4e77d-d97b-4799-870b-107567335961 req-e5c18e61-7fcf-4fee-a576-913bfbd99075 5d497529f8504d5cb06a717468aa6d0b 5ecc993afb7e48c8b4d402916edf6984 - - a2f7248b881c42d7afae257b0b79ca4f a2f7248b881c42d7afae257b0b79ca4f] 199.204.45.115 "GET /resource_providers/d5689999-7e76-4930-8377-03417dfb6718/allocations" status: 200 len: 252 microversion: 1.0 [pid: 8|app: 0|req: 334/666] 199.204.45.115 () {32 vars in 857 bytes} [Tue Jul 14 00:39:28 2026] GET /resource_providers/d5689999-7e76-4930-8377-03417dfb6718/allocations => generated 252 bytes in 16 msecs (HTTP/1.1 200) 6 headers in 224 bytes (1 switches on core 0)
2026-07-14 00:39:28.789 7 INFO placement.requestlog [req-c4f4e77d-d97b-4799-870b-107567335961 req-27e64973-44f9-4760-b38a-87ed9d649563 5d497529f8504d5cb06a717468aa6d0b 5ecc993afb7e48c8b4d402916edf6984 - - a2f7248b881c42d7afae257b0b79ca4f a2f7248b881c42d7afae257b0b79ca4f] 199.204.45.115 "GET /allocations/64932e08-6a45-4fdd-8d84-80cbcbd583eb" status: 200 len: 257 microversion: 1.28 [pid: 7|app: 0|req: 333/667] 199.204.45.115 () {34 vars in 863 bytes} [Tue Jul 14 00:39:28 2026] GET /allocations/64932e08-6a45-4fdd-8d84-80cbcbd583eb => generated 257 bytes in 12 msecs (HTTP/1.1 200) 8 headers in 296 bytes (1 switches on core 0)
2026-07-14 00:39:28.806 8 INFO placement.requestlog [req-c4f4e77d-d97b-4799-870b-107567335961 req-e4bc3e80-a2e7-4385-88e5-4783f4964cbb 5d497529f8504d5cb06a717468aa6d0b 5ecc993afb7e48c8b4d402916edf6984 - - a2f7248b881c42d7afae257b0b79ca4f a2f7248b881c42d7afae257b0b79ca4f] 199.204.45.115 "GET /allocations/dd286736-d3fb-43a5-899b-328e05950a75" status: 200 len: 257 microversion: 1.28 [pid: 8|app: 0|req: 335/668] 199.204.45.115 () {34 vars in 863 bytes} [Tue Jul 14 00:39:28 2026] GET /allocations/dd286736-d3fb-43a5-899b-328e05950a75 => generated 257 bytes in 12 msecs (HTTP/1.1 200) 8 headers in 296 bytes (1 switches on core 0)
2026-07-14 00:39:30.747 8 INFO placement.requestlog [None req-e066b90c-18c5-4c87-a15b-f681f559ee28 95b1c6bde56844c2b4daf3834e471089 5ecc993afb7e48c8b4d402916edf6984 - - a2f7248b881c42d7afae257b0b79ca4f a2f7248b881c42d7afae257b0b79ca4f] 10.0.0.57 "GET /resource_providers/1da9f3aa-d2b6-4567-b64c-ce6b71dabf60/aggregates" status: 404 len: 235 microversion: 1.1 [pid: 8|app: 0|req: 336/669] 10.0.0.57 () {32 vars in 815 bytes} [Tue Jul 14 00:39:30 2026] GET /resource_providers/1da9f3aa-d2b6-4567-b64c-ce6b71dabf60/aggregates => generated 235 bytes in 11 msecs (HTTP/1.1 404) 5 headers in 202 bytes (1 switches on core 0)
2026-07-14 00:39:30.749 7 INFO placement.requestlog [None req-195a903e-7263-4317-ab35-b3f187d411c4 95b1c6bde56844c2b4daf3834e471089 5ecc993afb7e48c8b4d402916edf6984 - - a2f7248b881c42d7afae257b0b79ca4f a2f7248b881c42d7afae257b0b79ca4f] 10.0.0.57 "GET /resource_providers/1da9f3aa-d2b6-4567-b64c-ce6b71dabf60/aggregates" status: 404 len: 235 microversion: 1.1 [pid: 7|app: 0|req: 334/670] 10.0.0.57 () {32 vars in 815 bytes} [Tue Jul 14 00:39:30 2026] GET /resource_providers/1da9f3aa-d2b6-4567-b64c-ce6b71dabf60/aggregates => generated 235 bytes in 14 msecs (HTTP/1.1 404) 5 headers in 202 bytes (1 switches on core 0)
2026-07-14 00:39:30.776 8 INFO placement.requestlog [None req-1161d7fc-f2c1-408f-a61c-a14e8103ec31 95b1c6bde56844c2b4daf3834e471089 5ecc993afb7e48c8b4d402916edf6984 - - a2f7248b881c42d7afae257b0b79ca4f a2f7248b881c42d7afae257b0b79ca4f] 10.0.0.57 "DELETE /resource_providers/1da9f3aa-d2b6-4567-b64c-ce6b71dabf60" status: 404 len: 246 microversion: 1.1 [pid: 8|app: 0|req: 337/671] 10.0.0.57 () {34 vars in 815 bytes} [Tue Jul 14 00:39:30 2026] DELETE /resource_providers/1da9f3aa-d2b6-4567-b64c-ce6b71dabf60 => generated 246 bytes in 14 msecs (HTTP/1.1 404) 6 headers in 231 bytes (1 switches on core 0)
2026-07-14 00:39:30.777 7 INFO placement.requestlog [None req-de8ce132-0200-4bea-b632-e29f5c586704 95b1c6bde56844c2b4daf3834e471089 5ecc993afb7e48c8b4d402916edf6984 - - a2f7248b881c42d7afae257b0b79ca4f a2f7248b881c42d7afae257b0b79ca4f] 10.0.0.57 "DELETE /resource_providers/1da9f3aa-d2b6-4567-b64c-ce6b71dabf60" status: 404 len: 246 microversion: 1.1 [pid: 7|app: 0|req: 335/672] 10.0.0.57 () {34 vars in 815 bytes} [Tue Jul 14 00:39:30 2026] DELETE /resource_providers/1da9f3aa-d2b6-4567-b64c-ce6b71dabf60 => generated 246 bytes in 15 msecs (HTTP/1.1 404) 6 headers in 231 bytes (1 switches on core 0)
2026-07-14 00:39:31.485 8 INFO placement.requestlog [req-42fe393e-73cc-4869-9d10-b244b9af3102 req-977c8b73-0f9a-4d62-a148-65cdb395cab2 5d497529f8504d5cb06a717468aa6d0b 5ecc993afb7e48c8b4d402916edf6984 - - a2f7248b881c42d7afae257b0b79ca4f a2f7248b881c42d7afae257b0b79ca4f] 199.204.45.115 "GET /resource_providers/d5689999-7e76-4930-8377-03417dfb6718/allocations" status: 200 len: 252 microversion: 1.0 [pid: 8|app: 0|req: 338/673] 199.204.45.115 () {32 vars in 857 bytes} [Tue Jul 14 00:39:31 2026] GET /resource_providers/d5689999-7e76-4930-8377-03417dfb6718/allocations => generated 252 bytes in 16 msecs (HTTP/1.1 200) 6 headers in 224 bytes (1 switches on core 0)
2026-07-14 00:39:31.507 7 INFO placement.requestlog [req-42fe393e-73cc-4869-9d10-b244b9af3102 req-94354b6c-8ff5-4805-8f32-54049fd52e47 5d497529f8504d5cb06a717468aa6d0b 5ecc993afb7e48c8b4d402916edf6984 - - a2f7248b881c42d7afae257b0b79ca4f a2f7248b881c42d7afae257b0b79ca4f] 199.204.45.115 "GET /allocations/64932e08-6a45-4fdd-8d84-80cbcbd583eb" status: 200 len: 257 microversion: 1.28 [pid: 7|app: 0|req: 336/674] 199.204.45.115 () {34 vars in 863 bytes} [Tue Jul 14 00:39:31 2026] GET /allocations/64932e08-6a45-4fdd-8d84-80cbcbd583eb => generated 257 bytes in 14 msecs (HTTP/1.1 200) 8 headers in 296 bytes (1 switches on core 0)
2026-07-14 00:39:31.530 8 INFO placement.requestlog [req-42fe393e-73cc-4869-9d10-b244b9af3102 req-da3b7c4e-71d6-4c2e-ba11-73b19e285207 5d497529f8504d5cb06a717468aa6d0b 5ecc993afb7e48c8b4d402916edf6984 - - a2f7248b881c42d7afae257b0b79ca4f a2f7248b881c42d7afae257b0b79ca4f] 199.204.45.115 "GET /allocations/dd286736-d3fb-43a5-899b-328e05950a75" status: 200 len: 257 microversion: 1.28 [pid: 8|app: 0|req: 339/675] 199.204.45.115 () {34 vars in 863 bytes} [Tue Jul 14 00:39:31 2026] GET /allocations/dd286736-d3fb-43a5-899b-328e05950a75 => generated 257 bytes in 14 msecs (HTTP/1.1 200) 8 headers in 296 bytes (1 switches on core 0)
2026-07-14 00:39:32.651 7 INFO placement.requestlog [req-c4f4e77d-d97b-4799-870b-107567335961 req-a98a8b27-77de-4a2a-b23e-f0f66b957c84 5d497529f8504d5cb06a717468aa6d0b 5ecc993afb7e48c8b4d402916edf6984 - - a2f7248b881c42d7afae257b0b79ca4f a2f7248b881c42d7afae257b0b79ca4f] 199.204.45.115 "DELETE /allocations/dd286736-d3fb-43a5-899b-328e05950a75" status: 204 len: 0 microversion: 1.0 [pid: 7|app: 0|req: 337/676] 199.204.45.115 () {34 vars in 841 bytes} [Tue Jul 14 00:39:32 2026] DELETE /allocations/dd286736-d3fb-43a5-899b-328e05950a75 => generated 0 bytes in 50 msecs (HTTP/1.1 204) 5 headers in 198 bytes (1 switches on core 0)
2026-07-14 00:39:32.852 8 INFO placement.requestlog [None req-6483085a-87a0-4226-bd85-82031b280210 95b1c6bde56844c2b4daf3834e471089 5ecc993afb7e48c8b4d402916edf6984 - - a2f7248b881c42d7afae257b0b79ca4f a2f7248b881c42d7afae257b0b79ca4f] 10.0.0.57 "GET /resource_providers/3cd0b969-3f45-4629-a6f9-77e0a60f2b33/aggregates" status: 404 len: 235 microversion: 1.1 [pid: 8|app: 0|req: 340/677] 10.0.0.57 () {32 vars in 815 bytes} [Tue Jul 14 00:39:32 2026] GET /resource_providers/3cd0b969-3f45-4629-a6f9-77e0a60f2b33/aggregates => generated 235 bytes in 242 msecs (HTTP/1.1 404) 5 headers in 202 bytes (1 switches on core 0)
2026-07-14 00:39:32.857 7 INFO placement.requestlog [None req-3c82c212-316c-4027-a24c-32f4b83c0e0c 95b1c6bde56844c2b4daf3834e471089 5ecc993afb7e48c8b4d402916edf6984 - - a2f7248b881c42d7afae257b0b79ca4f a2f7248b881c42d7afae257b0b79ca4f] 10.0.0.57 "GET /resource_providers/3cd0b969-3f45-4629-a6f9-77e0a60f2b33/aggregates" status: 404 len: 235 microversion: 1.1 [pid: 7|app: 0|req: 338/678] 10.0.0.57 () {32 vars in 815 bytes} [Tue Jul 14 00:39:32 2026] GET /resource_providers/3cd0b969-3f45-4629-a6f9-77e0a60f2b33/aggregates => generated 235 bytes in 205 msecs (HTTP/1.1 404) 5 headers in 202 bytes (1 switches on core 0)
2026-07-14 00:39:32.860 8 INFO placement.requestlog [None req-89601f00-1ced-4f9a-88d8-2804ccb0b6cb 95b1c6bde56844c2b4daf3834e471089 5ecc993afb7e48c8b4d402916edf6984 - - a2f7248b881c42d7afae257b0b79ca4f a2f7248b881c42d7afae257b0b79ca4f] 10.0.0.57 "GET /resource_providers/fc6a1d62-74c1-4b59-958c-73a8f47d6829/aggregates" status: 404 len: 235 microversion: 1.1 [pid: 8|app: 0|req: 341/679] 10.0.0.57 () {32 vars in 815 bytes} [Tue Jul 14 00:39:32 2026] GET /resource_providers/fc6a1d62-74c1-4b59-958c-73a8f47d6829/aggregates => generated 235 bytes in 8 msecs (HTTP/1.1 404) 5 headers in 202 bytes (1 switches on core 0)
2026-07-14 00:39:32.866 7 INFO placement.requestlog [None req-5b6f9ccc-f846-4129-8018-9bdf173601da 95b1c6bde56844c2b4daf3834e471089 5ecc993afb7e48c8b4d402916edf6984 - - a2f7248b881c42d7afae257b0b79ca4f a2f7248b881c42d7afae257b0b79ca4f] 10.0.0.57 "GET /resource_providers/fc6a1d62-74c1-4b59-958c-73a8f47d6829/aggregates" status: 404 len: 235 microversion: 1.1 [pid: 7|app: 0|req: 339/680] 10.0.0.57 () {32 vars in 815 bytes} [Tue Jul 14 00:39:32 2026] GET /resource_providers/fc6a1d62-74c1-4b59-958c-73a8f47d6829/aggregates => generated 235 bytes in 9 msecs (HTTP/1.1 404) 5 headers in 202 bytes (1 switches on core 0)
2026-07-14 00:39:32.874 7 INFO placement.requestlog [None req-79e11784-cb85-40da-ac8b-e870c10d7c23 95b1c6bde56844c2b4daf3834e471089 5ecc993afb7e48c8b4d402916edf6984 - - a2f7248b881c42d7afae257b0b79ca4f a2f7248b881c42d7afae257b0b79ca4f] 10.0.0.57 "DELETE /resource_providers/3cd0b969-3f45-4629-a6f9-77e0a60f2b33" status: 404 len: 246 microversion: 1.1 [pid: 7|app: 0|req: 340/681] 10.0.0.57 () {34 vars in 815 bytes} [Tue Jul 14 00:39:32 2026] DELETE /resource_providers/3cd0b969-3f45-4629-a6f9-77e0a60f2b33 => generated 246 bytes in 7 msecs (HTTP/1.1 404) 6 headers in 231 bytes (1 switches on core 0)
2026-07-14 00:39:32.876 8 INFO placement.requestlog [None req-85cf1a78-826a-44d1-82c1-3af6053c6981 95b1c6bde56844c2b4daf3834e471089 5ecc993afb7e48c8b4d402916edf6984 - - a2f7248b881c42d7afae257b0b79ca4f a2f7248b881c42d7afae257b0b79ca4f] 10.0.0.57 "DELETE /resource_providers/fc6a1d62-74c1-4b59-958c-73a8f47d6829" status: 404 len: 246 microversion: 1.1 [pid: 8|app: 0|req: 342/682] 10.0.0.57 () {34 vars in 815 bytes} [Tue Jul 14 00:39:32 2026] DELETE /resource_providers/fc6a1d62-74c1-4b59-958c-73a8f47d6829 => generated 246 bytes in 11 msecs (HTTP/1.1 404) 6 headers in 231 bytes (1 switches on core 0)
2026-07-14 00:39:32.881 7 INFO placement.requestlog [None req-abf1ef7c-4d05-4716-b832-a145b9d5e9ae 95b1c6bde56844c2b4daf3834e471089 5ecc993afb7e48c8b4d402916edf6984 - - a2f7248b881c42d7afae257b0b79ca4f a2f7248b881c42d7afae257b0b79ca4f] 10.0.0.57 "DELETE /resource_providers/fc6a1d62-74c1-4b59-958c-73a8f47d6829" status: 404 len: 246 microversion: 1.1 [pid: 7|app: 0|req: 341/683] 10.0.0.57 () {34 vars in 815 bytes} [Tue Jul 14 00:39:32 2026] DELETE /resource_providers/fc6a1d62-74c1-4b59-958c-73a8f47d6829 => generated 246 bytes in 7 msecs (HTTP/1.1 404) 6 headers in 231 bytes (1 switches on core 0)
2026-07-14 00:39:32.884 8 INFO placement.requestlog [None req-10b910d5-cade-425a-a995-467e172f578e 95b1c6bde56844c2b4daf3834e471089 5ecc993afb7e48c8b4d402916edf6984 - - a2f7248b881c42d7afae257b0b79ca4f a2f7248b881c42d7afae257b0b79ca4f] 10.0.0.57 "DELETE /resource_providers/3cd0b969-3f45-4629-a6f9-77e0a60f2b33" status: 404 len: 246 microversion: 1.1 [pid: 8|app: 0|req: 343/684] 10.0.0.57 () {34 vars in 815 bytes} [Tue Jul 14 00:39:32 2026] DELETE /resource_providers/3cd0b969-3f45-4629-a6f9-77e0a60f2b33 => generated 246 bytes in 7 msecs (HTTP/1.1 404) 6 headers in 231 bytes (1 switches on core 0)
2026-07-14 00:39:32.896 7 INFO placement.requestlog [None req-5ed2f155-01fc-4d5a-840f-af15f7a9191e 95b1c6bde56844c2b4daf3834e471089 5ecc993afb7e48c8b4d402916edf6984 - - a2f7248b881c42d7afae257b0b79ca4f a2f7248b881c42d7afae257b0b79ca4f] 10.0.0.57 "GET /resource_providers/9ebc84a3-7ef3-4c6e-9211-bf5f540bf317/aggregates" status: 404 len: 235 microversion: 1.1 [pid: 7|app: 0|req: 342/685] 10.0.0.57 () {32 vars in 815 bytes} [Tue Jul 14 00:39:32 2026] GET /resource_providers/9ebc84a3-7ef3-4c6e-9211-bf5f540bf317/aggregates => generated 235 bytes in 10 msecs (HTTP/1.1 404) 5 headers in 202 bytes (1 switches on core 0)
2026-07-14 00:39:32.901 8 INFO placement.requestlog [None req-7cdbf388-45a0-4804-ac6b-0c68a1c005a5 95b1c6bde56844c2b4daf3834e471089 5ecc993afb7e48c8b4d402916edf6984 - - a2f7248b881c42d7afae257b0b79ca4f a2f7248b881c42d7afae257b0b79ca4f] 10.0.0.57 "GET /resource_providers/9ebc84a3-7ef3-4c6e-9211-bf5f540bf317/aggregates" status: 404 len: 235 microversion: 1.1 [pid: 8|app: 0|req: 344/686] 10.0.0.57 () {32 vars in 815 bytes} [Tue Jul 14 00:39:32 2026] GET /resource_providers/9ebc84a3-7ef3-4c6e-9211-bf5f540bf317/aggregates => generated 235 bytes in 12 msecs (HTTP/1.1 404) 5 headers in 202 bytes (1 switches on core 0)
2026-07-14 00:39:32.933 7 INFO placement.requestlog [None req-3176f699-7c12-431c-b226-cdc8ebf93720 95b1c6bde56844c2b4daf3834e471089 5ecc993afb7e48c8b4d402916edf6984 - - a2f7248b881c42d7afae257b0b79ca4f a2f7248b881c42d7afae257b0b79ca4f] 10.0.0.57 "DELETE /resource_providers/9ebc84a3-7ef3-4c6e-9211-bf5f540bf317" status: 404 len: 246 microversion: 1.1 [pid: 7|app: 0|req: 343/687] 10.0.0.57 () {34 vars in 815 bytes} [Tue Jul 14 00:39:32 2026] DELETE /resource_providers/9ebc84a3-7ef3-4c6e-9211-bf5f540bf317 => generated 246 bytes in 10 msecs (HTTP/1.1 404) 6 headers in 231 bytes (1 switches on core 0)
2026-07-14 00:39:32.937 8 INFO placement.requestlog [None req-ce783bab-9cb7-4eac-890b-2a18e9d7e473 95b1c6bde56844c2b4daf3834e471089 5ecc993afb7e48c8b4d402916edf6984 - - a2f7248b881c42d7afae257b0b79ca4f a2f7248b881c42d7afae257b0b79ca4f] 10.0.0.57 "DELETE /resource_providers/9ebc84a3-7ef3-4c6e-9211-bf5f540bf317" status: 404 len: 246 microversion: 1.1 [pid: 8|app: 0|req: 345/688] 10.0.0.57 () {34 vars in 815 bytes} [Tue Jul 14 00:39:32 2026] DELETE /resource_providers/9ebc84a3-7ef3-4c6e-9211-bf5f540bf317 => generated 246 bytes in 11 msecs (HTTP/1.1 404) 6 headers in 231 bytes (1 switches on core 0)
2026-07-14 00:39:34.262 7 INFO placement.requestlog [None req-53584020-cdd2-4ad1-a5a6-12f613d5a098 - - - - - -] 10.0.0.143 "GET /" status: 200 len: 136 microversion: 1.0 [pid: 7|app: 0|req: 344/689] 10.0.0.143 () {28 vars in 437 bytes} [Tue Jul 14 00:39:34 2026] GET / => generated 136 bytes in 1 msecs (HTTP/1.1 200) 6 headers in 224 bytes (1 switches on core 0)
2026-07-14 00:39:34.328 8 INFO placement.requestlog [req-cc1abc6c-4b51-4c3e-a397-846b5efb5859 req-0e09a3d5-3b1c-4860-8e34-b8b97f8bd3cc 5d497529f8504d5cb06a717468aa6d0b 5ecc993afb7e48c8b4d402916edf6984 - - a2f7248b881c42d7afae257b0b79ca4f a2f7248b881c42d7afae257b0b79ca4f] 10.0.0.143 "DELETE /allocations/dd286736-d3fb-43a5-899b-328e05950a75" status: 404 len: 228 microversion: 1.0 [pid: 8|app: 0|req: 346/690] 10.0.0.143 () {34 vars in 830 bytes} [Tue Jul 14 00:39:34 2026] DELETE /allocations/dd286736-d3fb-43a5-899b-328e05950a75 => generated 228 bytes in 55 msecs (HTTP/1.1 404) 6 headers in 231 bytes (1 switches on core 0)
2026-07-14 00:39:34.896 7 INFO placement.requestlog [None req-1078fa2d-f17c-4446-bbb3-2ece066f2383 95b1c6bde56844c2b4daf3834e471089 5ecc993afb7e48c8b4d402916edf6984 - - a2f7248b881c42d7afae257b0b79ca4f a2f7248b881c42d7afae257b0b79ca4f] 10.0.0.57 "GET /resource_providers/1c4ba662-57b9-4898-a5ea-d8761061af5e/aggregates" status: 404 len: 235 microversion: 1.1 [pid: 7|app: 0|req: 345/691] 10.0.0.57 () {32 vars in 815 bytes} [Tue Jul 14 00:39:34 2026] GET /resource_providers/1c4ba662-57b9-4898-a5ea-d8761061af5e/aggregates => generated 235 bytes in 10 msecs (HTTP/1.1 404) 5 headers in 202 bytes (1 switches on core 0)
2026-07-14 00:39:34.914 8 INFO placement.requestlog [None req-902bee0c-6da0-4c7d-acdc-9973b3e00bac 95b1c6bde56844c2b4daf3834e471089 5ecc993afb7e48c8b4d402916edf6984 - - a2f7248b881c42d7afae257b0b79ca4f a2f7248b881c42d7afae257b0b79ca4f] 10.0.0.57 "GET /resource_providers/1c4ba662-57b9-4898-a5ea-d8761061af5e/aggregates" status: 404 len: 235 microversion: 1.1 [pid: 8|app: 0|req: 347/692] 10.0.0.57 () {32 vars in 815 bytes} [Tue Jul 14 00:39:34 2026] GET /resource_providers/1c4ba662-57b9-4898-a5ea-d8761061af5e/aggregates => generated 235 bytes in 9 msecs (HTTP/1.1 404) 5 headers in 202 bytes (1 switches on core 0)
2026-07-14 00:39:34.919 7 INFO placement.requestlog [None req-955e94de-1555-4942-92dd-1c68665beb84 95b1c6bde56844c2b4daf3834e471089 5ecc993afb7e48c8b4d402916edf6984 - - a2f7248b881c42d7afae257b0b79ca4f a2f7248b881c42d7afae257b0b79ca4f] 10.0.0.57 "DELETE /resource_providers/1c4ba662-57b9-4898-a5ea-d8761061af5e" status: 404 len: 246 microversion: 1.1 [pid: 7|app: 0|req: 346/693] 10.0.0.57 () {34 vars in 815 bytes} [Tue Jul 14 00:39:34 2026] DELETE /resource_providers/1c4ba662-57b9-4898-a5ea-d8761061af5e => generated 246 bytes in 11 msecs (HTTP/1.1 404) 6 headers in 231 bytes (1 switches on core 0)
2026-07-14 00:39:34.932 8 INFO placement.requestlog [None req-61a05c5f-830d-4947-b9ab-c7a2485d9139 95b1c6bde56844c2b4daf3834e471089 5ecc993afb7e48c8b4d402916edf6984 - - a2f7248b881c42d7afae257b0b79ca4f a2f7248b881c42d7afae257b0b79ca4f] 10.0.0.57 "DELETE /resource_providers/1c4ba662-57b9-4898-a5ea-d8761061af5e" status: 404 len: 246 microversion: 1.1 [pid: 8|app: 0|req: 348/694] 10.0.0.57 () {34 vars in 815 bytes} [Tue Jul 14 00:39:34 2026] DELETE /resource_providers/1c4ba662-57b9-4898-a5ea-d8761061af5e => generated 246 bytes in 8 msecs (HTTP/1.1 404) 6 headers in 231 bytes (1 switches on core 0)
