2026-07-16 15:35:34.620 7 INFO neutron.db.ovn_revision_numbers_db [None req-c0e6e84d-fd48-4d4c-a718-918a3432e3e1 - - - - - -] Successfully bumped revision number for resource b0b5b2c3-9210-4327-9e7d-584a9eff4e43 (type: subnets) to 0 [pid: 7|app: 0|req: 962/1882] 10.0.0.234 () {34 vars in 669 bytes} [Thu Jul 16 15:35:33 2026] POST /v2.0/subnets => generated 626 bytes in 1115 msecs (HTTP/1.1 201) 4 headers in 162 bytes (1 switches on core 0)
2026-07-16 15:35:34.645 8 INFO neutron.db.ovn_revision_numbers_db [None req-5d238bf3-ad11-4bc1-832b-a5d97e3be6b2 8f6ebcc9cbb949a8acdeef397762b373 16838fa699404dedb89613124e2a3321 - - default default] Successfully bumped revision number for resource 5fc140fd-f572-4cce-98de-122737e2935c (type: ports) to 1 [pid: 8|app: 0|req: 921/1883] 10.0.0.234 () {34 vars in 664 bytes} [Thu Jul 16 15:35:33 2026] POST /v2.0/ports => generated 743 bytes in 737 msecs (HTTP/1.1 201) 4 headers in 162 bytes (1 switches on core 0)
2026-07-16 15:35:34.738 7 INFO neutron.db.segments_db [None req-b07c532e-16d9-4fa8-a5fd-35543f1af90d 99059808f4894445ba1efdc0904b1626 7309bd72316f4029a9e2e7db27e021f3 - - default default] Added segment 5ada6183-d46c-4e30-ada5-51ce5e6858ec of type geneve for network bd5ae71a-7d90-4eef-8679-5ab16489b5b5 /var/lib/openstack/lib/python3.12/site-packages/pycadf/identifier.py:70: UserWarning: Invalid uuid: neutron. To ensure interoperability, identifiers should be a valid uuid. warnings.warn(('Invalid uuid: %s. To ensure interoperability, '
2026-07-16 15:35:34.877 7 INFO neutron.db.ovn_revision_numbers_db [None req-b07c532e-16d9-4fa8-a5fd-35543f1af90d 99059808f4894445ba1efdc0904b1626 7309bd72316f4029a9e2e7db27e021f3 - - default default] Successfully bumped revision number for resource bd5ae71a-7d90-4eef-8679-5ab16489b5b5 (type: networks) to 1
2026-07-16 15:35:34.963 8 INFO neutron.db.ovn_revision_numbers_db [None req-0d9a0036-0a84-44a2-a701-be4e638dd9e3 589a3a0cbcba419398945199e4d94486 9ccd90d23d80408da420291e8925ff4e - - default default] Successfully bumped revision number for resource 407989b8-7406-4f78-8caa-11569f012bea (type: security_groups) to 1
2026-07-16 15:35:34.985 8 INFO neutron.db.ovn_revision_numbers_db [None req-0d9a0036-0a84-44a2-a701-be4e638dd9e3 589a3a0cbcba419398945199e4d94486 9ccd90d23d80408da420291e8925ff4e - - default default] Successfully bumped revision number for resource 1d020edf-32d5-46db-a441-2357160aad9c (type: security_group_rules) to 0
2026-07-16 15:35:34.999 8 INFO neutron.db.ovn_revision_numbers_db [None req-0d9a0036-0a84-44a2-a701-be4e638dd9e3 589a3a0cbcba419398945199e4d94486 9ccd90d23d80408da420291e8925ff4e - - default default] Successfully bumped revision number for resource 50ee5e55-cb6c-4ae0-843c-90727a5bc323 (type: security_group_rules) to 0
2026-07-16 15:35:35.020 8 INFO neutron.db.ovn_revision_numbers_db [None req-0d9a0036-0a84-44a2-a701-be4e638dd9e3 589a3a0cbcba419398945199e4d94486 9ccd90d23d80408da420291e8925ff4e - - default default] Successfully bumped revision number for resource bd6d24c7-e597-4da3-bac3-9b7fecd2439f (type: security_group_rules) to 0
2026-07-16 15:35:35.038 8 INFO neutron.db.ovn_revision_numbers_db [None req-0d9a0036-0a84-44a2-a701-be4e638dd9e3 589a3a0cbcba419398945199e4d94486 9ccd90d23d80408da420291e8925ff4e - - default default] Successfully bumped revision number for resource d6763bf8-d017-45ca-a890-994297e24569 (type: security_group_rules) to 0
2026-07-16 15:35:35.082 7 WARNING neutron.scheduler.dhcp_agent_scheduler [None req-b07c532e-16d9-4fa8-a5fd-35543f1af90d 99059808f4894445ba1efdc0904b1626 7309bd72316f4029a9e2e7db27e021f3 - - default default] No more DHCP agents
2026-07-16 15:35:35.083 7 WARNING neutron.api.rpc.agentnotifiers.dhcp_rpc_agent_api [None req-b07c532e-16d9-4fa8-a5fd-35543f1af90d 99059808f4894445ba1efdc0904b1626 7309bd72316f4029a9e2e7db27e021f3 - - default default] Unable to schedule network bd5ae71a-7d90-4eef-8679-5ab16489b5b5: no agents available; will retry on subsequent port and subnet creation events. [pid: 8|app: 0|req: 922/1884] 10.0.0.234 () {32 vars in 774 bytes} [Thu Jul 16 15:35:34 2026] GET /v2.0/security-groups?tenant_id=645ab9b7ca2845b98cb0e505a059422e&name=default => generated 2925 bytes in 366 msecs (HTTP/1.1 200) 4 headers in 158 bytes (1 switches on core 0)
2026-07-16 15:35:35.173 8 INFO neutron.plugins.ml2.drivers.ovn.mech_driver.mech_driver [None req-59ee1da0-05c0-4556-8939-e0976ddc563d - - - - - -] OVN reports status down for port: 64c540dc-c29c-40e5-9938-3ffe18faf898
2026-07-16 15:35:35.193 7 INFO neutron.db.ovn_revision_numbers_db [None req-b07c532e-16d9-4fa8-a5fd-35543f1af90d 99059808f4894445ba1efdc0904b1626 7309bd72316f4029a9e2e7db27e021f3 - - default default] Successfully bumped revision number for resource 64c540dc-c29c-40e5-9938-3ffe18faf898 (type: ports) to 1 [pid: 7|app: 0|req: 963/1885] 10.0.0.234 () {34 vars in 670 bytes} [Thu Jul 16 15:35:34 2026] POST /v2.0/networks => generated 667 bytes in 592 msecs (HTTP/1.1 201) 4 headers in 162 bytes (1 switches on core 0)
2026-07-16 15:35:35.327 7 INFO neutron.db.segments_db [None req-c477b619-7c8e-43d5-9b15-2ebbfbf406fe 8f6ebcc9cbb949a8acdeef397762b373 16838fa699404dedb89613124e2a3321 - - default default] Added segment b5f3dae3-12a6-4204-9d6c-c1489bfa35a1 of type geneve for network 9ddba827-f651-475f-b96d-beb477769f16
2026-07-16 15:35:35.397 8 INFO neutron.db.ovn_revision_numbers_db [None req-945fa902-9c80-4604-b085-c589de8e2225 5f1a9872f39040429f24a7ae1c0d7db9 ec339e60688a4cc0b26c000f10cc3d22 - - default default] Successfully bumped revision number for resource b0b5b2c3-9210-4327-9e7d-584a9eff4e43 (type: subnets) to 1 [pid: 8|app: 0|req: 923/1886] 10.0.0.234 () {34 vars in 741 bytes} [Thu Jul 16 15:35:35 2026] PUT /v2.0/subnets/b0b5b2c3-9210-4327-9e7d-584a9eff4e43 => generated 636 bytes in 312 msecs (HTTP/1.1 200) 4 headers in 157 bytes (1 switches on core 0)
2026-07-16 15:35:35.455 7 INFO neutron.db.ovn_revision_numbers_db [None req-c477b619-7c8e-43d5-9b15-2ebbfbf406fe 8f6ebcc9cbb949a8acdeef397762b373 16838fa699404dedb89613124e2a3321 - - default default] Successfully bumped revision number for resource 9ddba827-f651-475f-b96d-beb477769f16 (type: networks) to 1
2026-07-16 15:35:35.675 7 WARNING neutron.scheduler.dhcp_agent_scheduler [None req-c477b619-7c8e-43d5-9b15-2ebbfbf406fe 8f6ebcc9cbb949a8acdeef397762b373 16838fa699404dedb89613124e2a3321 - - default default] No more DHCP agents
2026-07-16 15:35:35.677 7 WARNING neutron.api.rpc.agentnotifiers.dhcp_rpc_agent_api [None req-c477b619-7c8e-43d5-9b15-2ebbfbf406fe 8f6ebcc9cbb949a8acdeef397762b373 16838fa699404dedb89613124e2a3321 - - default default] Unable to schedule network 9ddba827-f651-475f-b96d-beb477769f16: no agents available; will retry on subsequent port and subnet creation events. [pid: 8|app: 0|req: 924/1887] 10.0.0.234 () {32 vars in 740 bytes} [Thu Jul 16 15:35:35 2026] DELETE /v2.0/security-groups/407989b8-7406-4f78-8caa-11569f012bea => generated 0 bytes in 278 msecs (HTTP/1.1 204) 2 headers in 112 bytes (1 switches on core 0)
2026-07-16 15:35:35.748 8 INFO neutron.plugins.ml2.drivers.ovn.mech_driver.mech_driver [None req-59ee1da0-05c0-4556-8939-e0976ddc563d - - - - - -] OVN reports status down for port: c10b2503-cef9-4c9a-9b5c-a799dd0dc199
2026-07-16 15:35:35.761 7 INFO neutron.db.ovn_revision_numbers_db [None req-c477b619-7c8e-43d5-9b15-2ebbfbf406fe 8f6ebcc9cbb949a8acdeef397762b373 16838fa699404dedb89613124e2a3321 - - default default] Successfully bumped revision number for resource c10b2503-cef9-4c9a-9b5c-a799dd0dc199 (type: ports) to 1 [pid: 7|app: 0|req: 964/1888] 10.0.0.234 () {34 vars in 670 bytes} [Thu Jul 16 15:35:35 2026] POST /v2.0/networks => generated 650 bytes in 553 msecs (HTTP/1.1 201) 4 headers in 162 bytes (1 switches on core 0)
2026-07-16 15:35:35.882 8 INFO neutron.db.ovn_revision_numbers_db [None req-28e7b357-e97e-422e-beec-a30a3562fa59 99059808f4894445ba1efdc0904b1626 7309bd72316f4029a9e2e7db27e021f3 - - default default] Successfully bumped revision number for resource bd5ae71a-7d90-4eef-8679-5ab16489b5b5 (type: networks) to 2 [pid: 8|app: 0|req: 925/1889] 10.0.0.234 () {34 vars in 743 bytes} [Thu Jul 16 15:35:35 2026] PUT /v2.0/networks/bd5ae71a-7d90-4eef-8679-5ab16489b5b5 => generated 636 bytes in 210 msecs (HTTP/1.1 200) 4 headers in 157 bytes (1 switches on core 0)
2026-07-16 15:35:35.926 7 INFO neutron_taas.services.taas.taas_plugin [None req-ea0876c7-ea30-4a24-a1f9-7dcddd32d8d8 5f1a9872f39040429f24a7ae1c0d7db9 ec339e60688a4cc0b26c000f10cc3d22 - - default default] TaaS: Handle Delete Port: 1e401aad-5b5a-4c2b-8da0-41367bab5ec5
2026-07-16 15:35:35.930 7 INFO neutron_taas.services.taas.tap_mirror_plugin [None req-ea0876c7-ea30-4a24-a1f9-7dcddd32d8d8 5f1a9872f39040429f24a7ae1c0d7db9 ec339e60688a4cc0b26c000f10cc3d22 - - default default] Tap Mirror: Handle Delete Port: 1e401aad-5b5a-4c2b-8da0-41367bab5ec5
2026-07-16 15:35:36.040 8 INFO neutron.db.ovn_revision_numbers_db [None req-1953873a-752c-4c72-a9c6-003a028eba07 589a3a0cbcba419398945199e4d94486 9ccd90d23d80408da420291e8925ff4e - - default default] Successfully bumped revision number for resource 3fbc0cf3-233d-494b-948d-5134bd5e19f3 (type: security_groups) to 1
2026-07-16 15:35:36.052 8 INFO neutron.db.ovn_revision_numbers_db [None req-1953873a-752c-4c72-a9c6-003a028eba07 589a3a0cbcba419398945199e4d94486 9ccd90d23d80408da420291e8925ff4e - - default default] Successfully bumped revision number for resource 583f98b7-a23e-4931-94f5-c1eade5024b3 (type: security_group_rules) to 0
2026-07-16 15:35:36.066 8 INFO neutron.db.ovn_revision_numbers_db [None req-1953873a-752c-4c72-a9c6-003a028eba07 589a3a0cbcba419398945199e4d94486 9ccd90d23d80408da420291e8925ff4e - - default default] Successfully bumped revision number for resource 711a8ebf-c94f-4dfd-b355-e4c5ce13570b (type: security_group_rules) to 0
2026-07-16 15:35:36.080 8 INFO neutron.db.ovn_revision_numbers_db [None req-1953873a-752c-4c72-a9c6-003a028eba07 589a3a0cbcba419398945199e4d94486 9ccd90d23d80408da420291e8925ff4e - - default default] Successfully bumped revision number for resource dd087ef9-2b58-4d25-bf95-43451d8a4cfa (type: security_group_rules) to 0
2026-07-16 15:35:36.111 8 INFO neutron.db.ovn_revision_numbers_db [None req-1953873a-752c-4c72-a9c6-003a028eba07 589a3a0cbcba419398945199e4d94486 9ccd90d23d80408da420291e8925ff4e - - default default] Successfully bumped revision number for resource e06681ea-6b8c-47be-81dc-a1b29b74f87c (type: security_group_rules) to 0 [pid: 8|app: 0|req: 926/1890] 10.0.0.234 () {32 vars in 774 bytes} [Thu Jul 16 15:35:35 2026] GET /v2.0/security-groups?tenant_id=356e4e16cf7b415b8139a077c6d3373c&name=default => generated 2925 bytes in 275 msecs (HTTP/1.1 200) 4 headers in 158 bytes (1 switches on core 0)
2026-07-16 15:35:36.291 7 INFO neutron.services.segments.plugin [-] Segment 8a6b4bf7-e355-429e-8cb8-aa0b797bbe43 resource provider aggregate not found
2026-07-16 15:35:36.293 7 INFO neutron.services.segments.plugin [-] Segment 8a6b4bf7-e355-429e-8cb8-aa0b797bbe43 resource provider aggregate not found
2026-07-16 15:35:36.311 7 INFO neutron.services.segments.plugin [-] Segment 8a6b4bf7-e355-429e-8cb8-aa0b797bbe43 resource provider not found; error: Placement Client Error (4xx): {"errors": [{"status": 404, "title": "Not Found", "detail": "The resource could not be found.\n\n No resource provider with uuid 8a6b4bf7-e355-429e-8cb8-aa0b797bbe43 found for delete ", "request_id": "req-cbcb3827-34ff-4150-bb9b-d3a9bb9c7eb1"}]}
2026-07-16 15:35:36.319 7 INFO neutron.services.segments.plugin [-] Segment 8a6b4bf7-e355-429e-8cb8-aa0b797bbe43 resource provider not found; error: Placement Client Error (4xx): {"errors": [{"status": 404, "title": "Not Found", "detail": "The resource could not be found.\n\n No resource provider with uuid 8a6b4bf7-e355-429e-8cb8-aa0b797bbe43 found for delete ", "request_id": "req-311247c8-b56b-4109-8ac7-4d18d66489d3"}]} [pid: 7|app: 0|req: 965/1891] 10.0.0.234 () {32 vars in 726 bytes} [Thu Jul 16 15:35:35 2026] DELETE /v2.0/networks/bc041fa1-b554-4225-b9ac-7c8b2bcee8b0 => generated 0 bytes in 569 msecs (HTTP/1.1 204) 3 headers in 131 bytes (1 switches on core 0)
2026-07-16 15:35:36.418 8 WARNING neutron.scheduler.dhcp_agent_scheduler [None req-f87864e5-cd0d-4cec-a911-96a9707af001 8f6ebcc9cbb949a8acdeef397762b373 16838fa699404dedb89613124e2a3321 - - default default] No more DHCP agents
2026-07-16 15:35:36.419 8 WARNING neutron.api.rpc.agentnotifiers.dhcp_rpc_agent_api [None req-f87864e5-cd0d-4cec-a911-96a9707af001 8f6ebcc9cbb949a8acdeef397762b373 16838fa699404dedb89613124e2a3321 - - default default] Unable to schedule network 9ddba827-f651-475f-b96d-beb477769f16: no agents available; will retry on subsequent port and subnet creation events.
2026-07-16 15:35:36.502 7 INFO neutron.plugins.ml2.drivers.ovn.mech_driver.mech_driver [None req-4d543d0c-4f0d-4b33-984d-180874c4c2aa - - - - - -] OVN reports status down for port: 3136665e-7000-4e8d-b334-26356bdf1757
2026-07-16 15:35:36.530 8 INFO neutron.db.ovn_revision_numbers_db [None req-f87864e5-cd0d-4cec-a911-96a9707af001 8f6ebcc9cbb949a8acdeef397762b373 16838fa699404dedb89613124e2a3321 - - default default] Successfully bumped revision number for resource 3136665e-7000-4e8d-b334-26356bdf1757 (type: ports) to 1
2026-07-16 15:35:36.608 7 WARNING neutron.scheduler.dhcp_agent_scheduler [None req-990c28ee-bd6c-4893-b692-0507010e8083 99059808f4894445ba1efdc0904b1626 7309bd72316f4029a9e2e7db27e021f3 - - default default] No more DHCP agents
2026-07-16 15:35:36.611 7 WARNING neutron.api.rpc.agentnotifiers.dhcp_rpc_agent_api [None req-990c28ee-bd6c-4893-b692-0507010e8083 99059808f4894445ba1efdc0904b1626 7309bd72316f4029a9e2e7db27e021f3 - - default default] Unable to schedule network bd5ae71a-7d90-4eef-8679-5ab16489b5b5: no agents available; will retry on subsequent port and subnet creation events. [pid: 8|app: 0|req: 927/1892] 10.0.0.234 () {34 vars in 664 bytes} [Thu Jul 16 15:35:36 2026] POST /v2.0/ports => generated 743 bytes in 446 msecs (HTTP/1.1 201) 4 headers in 162 bytes (1 switches on core 0) /var/lib/openstack/lib/python3.12/site-packages/pycadf/identifier.py:70: UserWarning: Invalid uuid: neutron. To ensure interoperability, identifiers should be a valid uuid. warnings.warn(('Invalid uuid: %s. To ensure interoperability, '
2026-07-16 15:35:36.658 7 INFO neutron.db.ovn_revision_numbers_db [None req-990c28ee-bd6c-4893-b692-0507010e8083 99059808f4894445ba1efdc0904b1626 7309bd72316f4029a9e2e7db27e021f3 - - default default] Successfully bumped revision number for resource 2c9fd05d-1256-4687-b7a5-ff1e65f02db5 (type: subnets) to 0 [pid: 7|app: 0|req: 966/1893] 10.0.0.234 () {34 vars in 669 bytes} [Thu Jul 16 15:35:36 2026] POST /v2.0/subnets => generated 646 bytes in 326 msecs (HTTP/1.1 201) 4 headers in 162 bytes (1 switches on core 0)
2026-07-16 15:35:36.691 7 INFO neutron.pecan_wsgi.hooks.translation [None req-804b87a5-ce46-421b-bc34-9884a0a00c14 5f1a9872f39040429f24a7ae1c0d7db9 ec339e60688a4cc0b26c000f10cc3d22 - - default default] DELETE failed (client error): The resource could not be found. [pid: 7|app: 0|req: 967/1894] 10.0.0.234 () {32 vars in 726 bytes} [Thu Jul 16 15:35:36 2026] DELETE /v2.0/networks/bc041fa1-b554-4225-b9ac-7c8b2bcee8b0 => generated 138 bytes in 13 msecs (HTTP/1.1 404) 4 headers in 164 bytes (1 switches on core 0)
2026-07-16 15:35:36.792 7 INFO neutron.db.segments_db [None req-40115b92-da53-4c65-8779-fb209bb68391 8f6ebcc9cbb949a8acdeef397762b373 16838fa699404dedb89613124e2a3321 - - default default] Added segment 43a2fd23-f9c1-4372-9560-b3579fe1819c of type geneve for network 6b1fbd66-caab-4717-af58-25670bb01655 [pid: 8|app: 0|req: 928/1895] 10.0.0.234 () {32 vars in 740 bytes} [Thu Jul 16 15:35:36 2026] DELETE /v2.0/security-groups/3fbc0cf3-233d-494b-948d-5134bd5e19f3 => generated 0 bytes in 287 msecs (HTTP/1.1 204) 2 headers in 112 bytes (1 switches on core 0)
2026-07-16 15:35:36.915 7 INFO neutron.db.ovn_revision_numbers_db [None req-40115b92-da53-4c65-8779-fb209bb68391 8f6ebcc9cbb949a8acdeef397762b373 16838fa699404dedb89613124e2a3321 - - default default] Successfully bumped revision number for resource 6b1fbd66-caab-4717-af58-25670bb01655 (type: networks) to 1
2026-07-16 15:35:37.110 7 WARNING neutron.scheduler.dhcp_agent_scheduler [None req-40115b92-da53-4c65-8779-fb209bb68391 8f6ebcc9cbb949a8acdeef397762b373 16838fa699404dedb89613124e2a3321 - - default default] No more DHCP agents
2026-07-16 15:35:37.111 7 WARNING neutron.api.rpc.agentnotifiers.dhcp_rpc_agent_api [None req-40115b92-da53-4c65-8779-fb209bb68391 8f6ebcc9cbb949a8acdeef397762b373 16838fa699404dedb89613124e2a3321 - - default default] Unable to schedule network 6b1fbd66-caab-4717-af58-25670bb01655: no agents available; will retry on subsequent port and subnet creation events.
2026-07-16 15:35:37.165 7 INFO neutron.plugins.ml2.drivers.ovn.mech_driver.mech_driver [None req-4d543d0c-4f0d-4b33-984d-180874c4c2aa - - - - - -] OVN reports status down for port: 66918d62-f41b-4277-b568-a0345ad129cd
2026-07-16 15:35:37.240 7 INFO neutron.db.ovn_revision_numbers_db [None req-40115b92-da53-4c65-8779-fb209bb68391 8f6ebcc9cbb949a8acdeef397762b373 16838fa699404dedb89613124e2a3321 - - default default] Successfully bumped revision number for resource 66918d62-f41b-4277-b568-a0345ad129cd (type: ports) to 1 [pid: 7|app: 0|req: 968/1896] 10.0.0.234 () {34 vars in 670 bytes} [Thu Jul 16 15:35:36 2026] POST /v2.0/networks => generated 651 bytes in 594 msecs (HTTP/1.1 201) 4 headers in 162 bytes (1 switches on core 0) [pid: 7|app: 0|req: 969/1897] 10.0.0.234 () {32 vars in 694 bytes} [Thu Jul 16 15:35:37 2026] GET /v2.0/networks?router%3Aexternal=True => generated 689 bytes in 47 msecs (HTTP/1.1 200) 4 headers in 157 bytes (1 switches on core 0)
2026-07-16 15:35:37.592 7 WARNING neutron.scheduler.dhcp_agent_scheduler [None req-15b36216-8718-4482-8472-195269c2780f 8f6ebcc9cbb949a8acdeef397762b373 16838fa699404dedb89613124e2a3321 - - default default] No more DHCP agents
2026-07-16 15:35:37.594 7 WARNING neutron.api.rpc.agentnotifiers.dhcp_rpc_agent_api [None req-15b36216-8718-4482-8472-195269c2780f 8f6ebcc9cbb949a8acdeef397762b373 16838fa699404dedb89613124e2a3321 - - default default] Unable to schedule network 6b1fbd66-caab-4717-af58-25670bb01655: no agents available; will retry on subsequent port and subnet creation events.
2026-07-16 15:35:37.647 8 INFO neutron.db.ovn_revision_numbers_db [None req-80b1e255-bfe5-495a-8803-fc1f267d1b77 - - - - - -] Successfully bumped revision number for resource 64c540dc-c29c-40e5-9938-3ffe18faf898 (type: ports) to 2
2026-07-16 15:35:37.659 8 INFO neutron.plugins.ml2.drivers.ovn.mech_driver.mech_driver [None req-59ee1da0-05c0-4556-8939-e0976ddc563d - - - - - -] OVN reports status down for port: 45024661-4131-466a-a51c-0a0e1a19d4b8
2026-07-16 15:35:37.709 7 INFO neutron.db.ovn_revision_numbers_db [None req-15b36216-8718-4482-8472-195269c2780f 8f6ebcc9cbb949a8acdeef397762b373 16838fa699404dedb89613124e2a3321 - - default default] Successfully bumped revision number for resource 45024661-4131-466a-a51c-0a0e1a19d4b8 (type: ports) to 1
2026-07-16 15:35:37.744 8 INFO neutron.db.ovn_revision_numbers_db [None req-80b1e255-bfe5-495a-8803-fc1f267d1b77 - - - - - -] Successfully bumped revision number for resource 2c9fd05d-1256-4687-b7a5-ff1e65f02db5 (type: subnets) to 1 [pid: 8|app: 0|req: 929/1898] 10.0.0.234 () {34 vars in 741 bytes} [Thu Jul 16 15:35:36 2026] PUT /v2.0/subnets/2c9fd05d-1256-4687-b7a5-ff1e65f02db5 => generated 656 bytes in 853 msecs (HTTP/1.1 200) 4 headers in 157 bytes (1 switches on core 0) [pid: 7|app: 0|req: 970/1899] 10.0.0.234 () {34 vars in 664 bytes} [Thu Jul 16 15:35:37 2026] POST /v2.0/ports => generated 743 bytes in 444 msecs (HTTP/1.1 201) 4 headers in 162 bytes (1 switches on core 0) /var/lib/openstack/lib/python3.12/site-packages/pycadf/identifier.py:70: UserWarning: Invalid uuid: neutron. To ensure interoperability, identifiers should be a valid uuid. warnings.warn(('Invalid uuid: %s. To ensure interoperability, ' [pid: 8|app: 0|req: 930/1900] 10.0.0.234 () {32 vars in 742 bytes} [Thu Jul 16 15:35:37 2026] GET /v2.0/subnets?network_id=5b87638d-44e6-40a8-b34e-97e73b77d4b6 => generated 649 bytes in 51 msecs (HTTP/1.1 200) 4 headers in 157 bytes (1 switches on core 0) [pid: 8|app: 0|req: 931/1901] 10.0.0.234 () {34 vars in 747 bytes} [Thu Jul 16 15:35:37 2026] PUT /v2.0/ports/abbe58c8-8186-4759-94af-ad211c00821a/tags => generated 17 bytes in 58 msecs (HTTP/1.1 200) 4 headers in 156 bytes (1 switches on core 0) /var/lib/openstack/lib/python3.12/site-packages/pycadf/identifier.py:70: UserWarning: Invalid uuid: neutron. To ensure interoperability, identifiers should be a valid uuid. warnings.warn(('Invalid uuid: %s. To ensure interoperability, ' [pid: 8|app: 0|req: 932/1902] 10.0.0.234 () {32 vars in 653 bytes} [Thu Jul 16 15:35:37 2026] GET /v2.0/extensions => generated 20541 bytes in 5 msecs (HTTP/1.1 200) 4 headers in 159 bytes (1 switches on core 0)
2026-07-16 15:35:37.915 7 INFO neutron_taas.services.taas.taas_plugin [None req-d9554f6b-8793-44c9-948a-c7ebbf9d914e 99059808f4894445ba1efdc0904b1626 7309bd72316f4029a9e2e7db27e021f3 - - default default] TaaS: Handle Delete Port: 64c540dc-c29c-40e5-9938-3ffe18faf898
2026-07-16 15:35:37.919 7 INFO neutron_taas.services.taas.tap_mirror_plugin [None req-d9554f6b-8793-44c9-948a-c7ebbf9d914e 99059808f4894445ba1efdc0904b1626 7309bd72316f4029a9e2e7db27e021f3 - - default default] Tap Mirror: Handle Delete Port: 64c540dc-c29c-40e5-9938-3ffe18faf898 [pid: 8|app: 0|req: 933/1903] 10.0.0.234 () {34 vars in 747 bytes} [Thu Jul 16 15:35:37 2026] PUT /v2.0/ports/7ae1bab8-5fcd-492c-a0d2-3cf1471c9106/tags => generated 25 bytes in 91 msecs (HTTP/1.1 200) 4 headers in 156 bytes (1 switches on core 0) /var/lib/openstack/lib/python3.12/site-packages/pycadf/identifier.py:70: UserWarning: Invalid uuid: neutron. To ensure interoperability, identifiers should be a valid uuid. warnings.warn(('Invalid uuid: %s. To ensure interoperability, ' [pid: 8|app: 0|req: 934/1904] 10.0.0.234 () {32 vars in 649 bytes} [Thu Jul 16 15:35:37 2026] GET /v2.0/networks => generated 1385 bytes in 57 msecs (HTTP/1.1 200) 4 headers in 158 bytes (1 switches on core 0) [pid: 8|app: 0|req: 935/1905] 10.0.0.234 () {34 vars in 747 bytes} [Thu Jul 16 15:35:38 2026] PUT /v2.0/ports/5fc140fd-f572-4cce-98de-122737e2935c/tags => generated 34 bytes in 169 msecs (HTTP/1.1 200) 4 headers in 156 bytes (1 switches on core 0) /var/lib/openstack/lib/python3.12/site-packages/pycadf/identifier.py:70: UserWarning: Invalid uuid: neutron. To ensure interoperability, identifiers should be a valid uuid. warnings.warn(('Invalid uuid: %s. To ensure interoperability, ' [pid: 8|app: 0|req: 936/1906] 10.0.0.234 () {32 vars in 647 bytes} [Thu Jul 16 15:35:38 2026] GET /v2.0/subnets => generated 1280 bytes in 36 msecs (HTTP/1.1 200) 4 headers in 158 bytes (1 switches on core 0) [pid: 8|app: 0|req: 937/1907] 10.0.0.234 () {34 vars in 747 bytes} [Thu Jul 16 15:35:38 2026] PUT /v2.0/ports/3136665e-7000-4e8d-b334-26356bdf1757/tags => generated 19 bytes in 69 msecs (HTTP/1.1 200) 4 headers in 156 bytes (1 switches on core 0) /var/lib/openstack/lib/python3.12/site-packages/pycadf/identifier.py:70: UserWarning: Invalid uuid: neutron. To ensure interoperability, identifiers should be a valid uuid. warnings.warn(('Invalid uuid: %s. To ensure interoperability, '
2026-07-16 15:35:38.330 7 INFO neutron.services.segments.plugin [-] Segment 5ada6183-d46c-4e30-ada5-51ce5e6858ec resource provider aggregate not found
2026-07-16 15:35:38.341 7 INFO neutron.services.segments.plugin [-] Segment 5ada6183-d46c-4e30-ada5-51ce5e6858ec resource provider aggregate not found [pid: 8|app: 0|req: 938/1908] 10.0.0.234 () {32 vars in 723 bytes} [Thu Jul 16 15:35:38 2026] GET /v2.0/networks/fb862365-c106-4a91-ab2c-f75f86a6f0a9 => generated 707 bytes in 53 msecs (HTTP/1.1 200) 4 headers in 157 bytes (1 switches on core 0)
2026-07-16 15:35:38.350 7 INFO neutron.services.segments.plugin [-] Segment 5ada6183-d46c-4e30-ada5-51ce5e6858ec resource provider not found; error: Placement Client Error (4xx): {"errors": [{"status": 404, "title": "Not Found", "detail": "The resource could not be found.\n\n No resource provider with uuid 5ada6183-d46c-4e30-ada5-51ce5e6858ec found for delete ", "request_id": "req-9d801579-54bc-44e3-b459-1f6a17480680"}]}
2026-07-16 15:35:38.357 7 INFO neutron.services.segments.plugin [-] Segment 5ada6183-d46c-4e30-ada5-51ce5e6858ec resource provider not found; error: Placement Client Error (4xx): {"errors": [{"status": 404, "title": "Not Found", "detail": "The resource could not be found.\n\n No resource provider with uuid 5ada6183-d46c-4e30-ada5-51ce5e6858ec found for delete ", "request_id": "req-ada6bd93-cd5d-4aa2-bab8-6f090be12eb7"}]} [pid: 7|app: 0|req: 971/1909] 10.0.0.234 () {32 vars in 726 bytes} [Thu Jul 16 15:35:37 2026] DELETE /v2.0/networks/bd5ae71a-7d90-4eef-8679-5ab16489b5b5 => generated 0 bytes in 582 msecs (HTTP/1.1 204) 3 headers in 131 bytes (1 switches on core 0) [pid: 7|app: 0|req: 972/1910] 10.0.0.234 () {32 vars in 721 bytes} [Thu Jul 16 15:35:38 2026] GET /v2.0/subnets/64449276-9338-4fdc-a1cd-39d35b9b3564 => generated 641 bytes in 23 msecs (HTTP/1.1 200) 4 headers in 157 bytes (1 switches on core 0)
2026-07-16 15:35:38.400 7 INFO neutron.pecan_wsgi.hooks.translation [None req-b49ee099-242f-46d9-a5c5-8645f27d344c 99059808f4894445ba1efdc0904b1626 7309bd72316f4029a9e2e7db27e021f3 - - default default] DELETE failed (client error): The resource could not be found. [pid: 7|app: 0|req: 973/1911] 10.0.0.234 () {32 vars in 726 bytes} [Thu Jul 16 15:35:38 2026] DELETE /v2.0/networks/bd5ae71a-7d90-4eef-8679-5ab16489b5b5 => generated 138 bytes in 16 msecs (HTTP/1.1 404) 4 headers in 164 bytes (1 switches on core 0)
2026-07-16 15:35:38.413 7 INFO neutron.pecan_wsgi.hooks.translation [None req-dbf5f37e-2530-45c3-8794-a20bc9d149ca 5f1a9872f39040429f24a7ae1c0d7db9 ec339e60688a4cc0b26c000f10cc3d22 - - default default] DELETE failed (client error): The resource could not be found. [pid: 7|app: 0|req: 974/1912] 10.0.0.234 () {32 vars in 724 bytes} [Thu Jul 16 15:35:38 2026] DELETE /v2.0/subnets/b0b5b2c3-9210-4327-9e7d-584a9eff4e43 => generated 136 bytes in 13 msecs (HTTP/1.1 404) 4 headers in 164 bytes (1 switches on core 0) [pid: 7|app: 0|req: 975/1913] 10.0.0.234 () {32 vars in 694 bytes} [Thu Jul 16 15:35:38 2026] GET /v2.0/networks?router%3Aexternal=True => generated 689 bytes in 40 msecs (HTTP/1.1 200) 4 headers in 157 bytes (1 switches on core 0) [pid: 8|app: 0|req: 939/1914] 10.0.0.234 () {32 vars in 660 bytes} [Thu Jul 16 15:35:38 2026] GET /v2.0/ports?tags=red => generated 2253 bytes in 110 msecs (HTTP/1.1 200) 4 headers in 158 bytes (1 switches on core 0)
2026-07-16 15:35:38.465 7 INFO neutron.pecan_wsgi.hooks.translation [None req-80eead39-f801-4dee-ade0-e1f582d5bde7 5f1a9872f39040429f24a7ae1c0d7db9 ec339e60688a4cc0b26c000f10cc3d22 - - default default] DELETE failed (client error): The resource could not be found. [pid: 7|app: 0|req: 976/1915] 10.0.0.234 () {32 vars in 726 bytes} [Thu Jul 16 15:35:38 2026] DELETE /v2.0/networks/bc041fa1-b554-4225-b9ac-7c8b2bcee8b0 => generated 138 bytes in 10 msecs (HTTP/1.1 404) 4 headers in 164 bytes (1 switches on core 0) [pid: 8|app: 0|req: 940/1916] 10.0.0.234 () {32 vars in 742 bytes} [Thu Jul 16 15:35:38 2026] GET /v2.0/subnets?network_id=5b87638d-44e6-40a8-b34e-97e73b77d4b6 => generated 649 bytes in 26 msecs (HTTP/1.1 200) 4 headers in 157 bytes (1 switches on core 0) [pid: 7|app: 0|req: 977/1917] 10.0.0.234 () {32 vars in 674 bytes} [Thu Jul 16 15:35:38 2026] GET /v2.0/ports?tags=red%2Cblue => generated 1513 bytes in 165 msecs (HTTP/1.1 200) 4 headers in 158 bytes (1 switches on core 0) [pid: 7|app: 0|req: 978/1918] 10.0.0.234 () {32 vars in 653 bytes} [Thu Jul 16 15:35:38 2026] GET /v2.0/extensions => generated 20541 bytes in 5 msecs (HTTP/1.1 200) 4 headers in 159 bytes (1 switches on core 0) [pid: 7|app: 0|req: 979/1919] 10.0.0.234 () {32 vars in 670 bytes} [Thu Jul 16 15:35:38 2026] GET /v2.0/ports?tags-any=blue => generated 1513 bytes in 73 msecs (HTTP/1.1 200) 4 headers in 158 bytes (1 switches on core 0) [pid: 8|app: 0|req: 941/1920] 10.0.0.234 () {32 vars in 724 bytes} [Thu Jul 16 15:35:38 2026] DELETE /v2.0/subnets/64449276-9338-4fdc-a1cd-39d35b9b3564 => generated 0 bytes in 230 msecs (HTTP/1.1 204) 3 headers in 131 bytes (1 switches on core 0) [pid: 7|app: 0|req: 980/1921] 10.0.0.234 () {32 vars in 649 bytes} [Thu Jul 16 15:35:38 2026] GET /v2.0/networks => generated 1389 bytes in 53 msecs (HTTP/1.1 200) 4 headers in 158 bytes (1 switches on core 0) [pid: 8|app: 0|req: 942/1922] 10.0.0.234 () {32 vars in 682 bytes} [Thu Jul 16 15:35:38 2026] GET /v2.0/ports?tags-any=red%2Cblue => generated 2253 bytes in 78 msecs (HTTP/1.1 200) 4 headers in 158 bytes (1 switches on core 0) [pid: 8|app: 0|req: 943/1923] 10.0.0.234 () {32 vars in 647 bytes} [Thu Jul 16 15:35:38 2026] GET /v2.0/subnets => generated 1312 bytes in 26 msecs (HTTP/1.1 200) 4 headers in 158 bytes (1 switches on core 0)
2026-07-16 15:35:38.888 7 INFO neutron_taas.services.taas.taas_plugin [None req-e7e153a7-659e-4283-9584-4904988e308e 5f1a9872f39040429f24a7ae1c0d7db9 ec339e60688a4cc0b26c000f10cc3d22 - - default default] TaaS: Handle Delete Port: 8d7d199d-3abe-4bf9-a31a-15a588afeb82
2026-07-16 15:35:38.893 7 INFO neutron_taas.services.taas.tap_mirror_plugin [None req-e7e153a7-659e-4283-9584-4904988e308e 5f1a9872f39040429f24a7ae1c0d7db9 ec339e60688a4cc0b26c000f10cc3d22 - - default default] Tap Mirror: Handle Delete Port: 8d7d199d-3abe-4bf9-a31a-15a588afeb82 [pid: 8|app: 0|req: 944/1924] 10.0.0.234 () {32 vars in 668 bytes} [Thu Jul 16 15:35:38 2026] GET /v2.0/ports?not-tags=red => generated 5268 bytes in 193 msecs (HTTP/1.1 200) 4 headers in 158 bytes (1 switches on core 0) [pid: 7|app: 0|req: 981/1925] 10.0.0.234 () {32 vars in 726 bytes} [Thu Jul 16 15:35:38 2026] DELETE /v2.0/networks/fb862365-c106-4a91-ab2c-f75f86a6f0a9 => generated 0 bytes in 467 msecs (HTTP/1.1 204) 3 headers in 131 bytes (1 switches on core 0) [pid: 7|app: 0|req: 982/1926] 10.0.0.234 () {32 vars in 682 bytes} [Thu Jul 16 15:35:39 2026] GET /v2.0/ports?not-tags=red%2Cblue => generated 6008 bytes in 151 msecs (HTTP/1.1 200) 4 headers in 158 bytes (1 switches on core 0) [pid: 7|app: 0|req: 983/1927] 10.0.0.234 () {32 vars in 678 bytes} [Thu Jul 16 15:35:39 2026] GET /v2.0/ports?not-tags-any=blue => generated 6008 bytes in 89 msecs (HTTP/1.1 200) 4 headers in 158 bytes (1 switches on core 0) [pid: 7|app: 0|req: 984/1928] 10.0.0.234 () {32 vars in 690 bytes} [Thu Jul 16 15:35:39 2026] GET /v2.0/ports?not-tags-any=red%2Cblue => generated 5268 bytes in 77 msecs (HTTP/1.1 200) 4 headers in 158 bytes (1 switches on core 0) [pid: 8|app: 0|req: 945/1929] 10.0.0.234 () {32 vars in 723 bytes} [Thu Jul 16 15:35:39 2026] GET /v2.0/networks/19e63480-fe10-41db-875d-68456537e2d6 => generated 711 bytes in 650 msecs (HTTP/1.1 200) 4 headers in 157 bytes (1 switches on core 0)
2026-07-16 15:35:39.807 8 INFO neutron_taas.services.taas.taas_plugin [None req-ad278220-5cae-461f-98a7-a67174ceb60f 8f6ebcc9cbb949a8acdeef397762b373 16838fa699404dedb89613124e2a3321 - - default default] TaaS: Handle Delete Port: abbe58c8-8186-4759-94af-ad211c00821a
2026-07-16 15:35:39.811 8 INFO neutron_taas.services.taas.tap_mirror_plugin [None req-ad278220-5cae-461f-98a7-a67174ceb60f 8f6ebcc9cbb949a8acdeef397762b373 16838fa699404dedb89613124e2a3321 - - default default] Tap Mirror: Handle Delete Port: abbe58c8-8186-4759-94af-ad211c00821a [pid: 7|app: 0|req: 985/1930] 10.0.0.203 () {28 vars in 619 bytes} [Thu Jul 16 15:35:39 2026] GET /v2.0/network-ip-availabilities => generated 2915 bytes in 253 msecs (HTTP/1.1 200) 4 headers in 158 bytes (1 switches on core 0) [pid: 7|app: 0|req: 986/1931] 10.0.0.234 () {32 vars in 721 bytes} [Thu Jul 16 15:35:39 2026] GET /v2.0/subnets/cdda7868-62f3-4257-8a34-4d8a37677b2b => generated 673 bytes in 25 msecs (HTTP/1.1 200) 4 headers in 157 bytes (1 switches on core 0) [pid: 7|app: 0|req: 987/1932] 10.0.0.234 () {32 vars in 774 bytes} [Thu Jul 16 15:35:39 2026] GET /v2.0/security-groups?tenant_id=ec339e60688a4cc0b26c000f10cc3d22&name=default => generated 2925 bytes in 86 msecs (HTTP/1.1 200) 4 headers in 158 bytes (1 switches on core 0) [pid: 7|app: 0|req: 988/1933] 10.0.0.203 () {28 vars in 583 bytes} [Thu Jul 16 15:35:39 2026] GET /v2.0/routers => generated 15 bytes in 23 msecs (HTTP/1.1 200) 4 headers in 156 bytes (1 switches on core 0)
2026-07-16 15:35:39.967 7 INFO neutron.pecan_wsgi.hooks.translation [None req-5ad4b05c-5352-4821-9020-2f6b67e4c81e 99059808f4894445ba1efdc0904b1626 7309bd72316f4029a9e2e7db27e021f3 - - default default] DELETE failed (client error): The resource could not be found. [pid: 7|app: 0|req: 989/1934] 10.0.0.234 () {32 vars in 724 bytes} [Thu Jul 16 15:35:39 2026] DELETE /v2.0/subnets/2c9fd05d-1256-4687-b7a5-ff1e65f02db5 => generated 136 bytes in 16 msecs (HTTP/1.1 404) 4 headers in 164 bytes (1 switches on core 0) [pid: 8|app: 0|req: 946/1935] 10.0.0.234 () {32 vars in 720 bytes} [Thu Jul 16 15:35:39 2026] DELETE /v2.0/ports/abbe58c8-8186-4759-94af-ad211c00821a => generated 0 bytes in 313 msecs (HTTP/1.1 204) 3 headers in 131 bytes (1 switches on core 0) [pid: 8|app: 0|req: 947/1936] 10.0.0.203 () {28 vars in 624 bytes} [Thu Jul 16 15:35:39 2026] GET /v2.0/agents?binary=ovn-controller => generated 416 bytes in 20 msecs (HTTP/1.1 200) 4 headers in 157 bytes (1 switches on core 0)
2026-07-16 15:35:40.024 8 INFO neutron.pecan_wsgi.hooks.translation [None req-155afbd6-5c91-471a-af1e-6c6c1948d206 99059808f4894445ba1efdc0904b1626 7309bd72316f4029a9e2e7db27e021f3 - - default default] DELETE failed (client error): The resource could not be found. [pid: 8|app: 0|req: 948/1937] 10.0.0.234 () {32 vars in 726 bytes} [Thu Jul 16 15:35:40 2026] DELETE /v2.0/networks/bd5ae71a-7d90-4eef-8679-5ab16489b5b5 => generated 138 bytes in 25 msecs (HTTP/1.1 404) 4 headers in 164 bytes (1 switches on core 0)
2026-07-16 15:35:40.177 8 INFO neutron_taas.services.taas.taas_plugin [None req-f16a48bb-6123-40ed-bfa7-e3d23300e19e 8f6ebcc9cbb949a8acdeef397762b373 16838fa699404dedb89613124e2a3321 - - default default] TaaS: Handle Delete Port: 7ae1bab8-5fcd-492c-a0d2-3cf1471c9106
2026-07-16 15:35:40.180 8 INFO neutron_taas.services.taas.tap_mirror_plugin [None req-f16a48bb-6123-40ed-bfa7-e3d23300e19e 8f6ebcc9cbb949a8acdeef397762b373 16838fa699404dedb89613124e2a3321 - - default default] Tap Mirror: Handle Delete Port: 7ae1bab8-5fcd-492c-a0d2-3cf1471c9106 [pid: 7|app: 0|req: 990/1938] 10.0.0.234 () {32 vars in 740 bytes} [Thu Jul 16 15:35:39 2026] DELETE /v2.0/security-groups/9b17b8eb-0ec5-43a3-95c1-6d84baf70fa8 => generated 0 bytes in 301 msecs (HTTP/1.1 204) 2 headers in 112 bytes (1 switches on core 0) [pid: 7|app: 0|req: 991/1939] 10.0.0.203 () {28 vars in 599 bytes} [Thu Jul 16 15:35:40 2026] GET /v2.0/security-groups => generated 23209 bytes in 35 msecs (HTTP/1.1 200) 4 headers in 159 bytes (1 switches on core 0) [pid: 8|app: 0|req: 949/1940] 10.0.0.234 () {32 vars in 720 bytes} [Thu Jul 16 15:35:40 2026] DELETE /v2.0/ports/7ae1bab8-5fcd-492c-a0d2-3cf1471c9106 => generated 0 bytes in 328 msecs (HTTP/1.1 204) 3 headers in 131 bytes (1 switches on core 0)
2026-07-16 15:35:40.375 7 INFO neutron.services.segments.plugin [-] Segment b717207e-a02a-47ff-b62f-2e8dafb734c5 resource provider aggregate not found
2026-07-16 15:35:40.380 7 INFO neutron.services.segments.plugin [-] Segment b717207e-a02a-47ff-b62f-2e8dafb734c5 resource provider aggregate not found
2026-07-16 15:35:40.396 7 INFO neutron.services.segments.plugin [-] Segment b717207e-a02a-47ff-b62f-2e8dafb734c5 resource provider not found; error: Placement Client Error (4xx): {"errors": [{"status": 404, "title": "Not Found", "detail": "The resource could not be found.\n\n No resource provider with uuid b717207e-a02a-47ff-b62f-2e8dafb734c5 found for delete ", "request_id": "req-bb6047ad-6f51-497e-b6ae-37f8d220e33f"}]}
2026-07-16 15:35:40.401 7 INFO neutron.services.segments.plugin [-] Segment b717207e-a02a-47ff-b62f-2e8dafb734c5 resource provider not found; error: Placement Client Error (4xx): {"errors": [{"status": 404, "title": "Not Found", "detail": "The resource could not be found.\n\n No resource provider with uuid b717207e-a02a-47ff-b62f-2e8dafb734c5 found for delete ", "request_id": "req-bcade937-5bee-4e6f-993b-8c5313695839"}]} [pid: 7|app: 0|req: 992/1941] 10.0.0.234 () {32 vars in 724 bytes} [Thu Jul 16 15:35:40 2026] DELETE /v2.0/subnets/cdda7868-62f3-4257-8a34-4d8a37677b2b => generated 0 bytes in 169 msecs (HTTP/1.1 204) 3 headers in 131 bytes (1 switches on core 0) [pid: 7|app: 0|req: 993/1942] 10.0.0.203 () {28 vars in 583 bytes} [Thu Jul 16 15:35:40 2026] GET /v2.0/subnets => generated 1308 bytes in 38 msecs (HTTP/1.1 200) 4 headers in 158 bytes (1 switches on core 0)
2026-07-16 15:35:40.656 7 INFO neutron_taas.services.taas.taas_plugin [None req-3d1604b2-0977-47a6-92f8-baa574033b58 8f6ebcc9cbb949a8acdeef397762b373 16838fa699404dedb89613124e2a3321 - - default default] TaaS: Handle Delete Port: 5fc140fd-f572-4cce-98de-122737e2935c
2026-07-16 15:35:40.663 7 INFO neutron_taas.services.taas.tap_mirror_plugin [None req-3d1604b2-0977-47a6-92f8-baa574033b58 8f6ebcc9cbb949a8acdeef397762b373 16838fa699404dedb89613124e2a3321 - - default default] Tap Mirror: Handle Delete Port: 5fc140fd-f572-4cce-98de-122737e2935c
2026-07-16 15:35:40.682 8 INFO neutron.db.ovn_revision_numbers_db [None req-1399f5c0-90f8-47c5-835a-f57c510e2726 c6fd8c71910b4ee6bf674d2e5239c4a9 528a17020ad748e99a7453df33bafb37 - - default default] Successfully bumped revision number for resource 943ff0a1-b956-4318-b543-6fcbe31ed5ea (type: security_groups) to 1
2026-07-16 15:35:40.698 8 INFO neutron.db.ovn_revision_numbers_db [None req-1399f5c0-90f8-47c5-835a-f57c510e2726 c6fd8c71910b4ee6bf674d2e5239c4a9 528a17020ad748e99a7453df33bafb37 - - default default] Successfully bumped revision number for resource 21c4cc19-670a-4ef3-ac14-72b923fcefb0 (type: security_group_rules) to 0
2026-07-16 15:35:40.714 8 INFO neutron.db.ovn_revision_numbers_db [None req-1399f5c0-90f8-47c5-835a-f57c510e2726 c6fd8c71910b4ee6bf674d2e5239c4a9 528a17020ad748e99a7453df33bafb37 - - default default] Successfully bumped revision number for resource 5bcb5e6b-5f8c-425c-af09-230de64bdef7 (type: security_group_rules) to 0
2026-07-16 15:35:40.729 8 INFO neutron.db.ovn_revision_numbers_db [None req-1399f5c0-90f8-47c5-835a-f57c510e2726 c6fd8c71910b4ee6bf674d2e5239c4a9 528a17020ad748e99a7453df33bafb37 - - default default] Successfully bumped revision number for resource 5d84c287-6218-48ba-a7da-55dd9440bcd9 (type: security_group_rules) to 0
2026-07-16 15:35:40.741 8 INFO neutron.db.ovn_revision_numbers_db [None req-1399f5c0-90f8-47c5-835a-f57c510e2726 c6fd8c71910b4ee6bf674d2e5239c4a9 528a17020ad748e99a7453df33bafb37 - - default default] Successfully bumped revision number for resource ba5bb602-a9cb-4f7f-ac21-808156205981 (type: security_group_rules) to 0 [pid: 7|app: 0|req: 994/1943] 10.0.0.234 () {32 vars in 720 bytes} [Thu Jul 16 15:35:40 2026] DELETE /v2.0/ports/5fc140fd-f572-4cce-98de-122737e2935c => generated 0 bytes in 252 msecs (HTTP/1.1 204) 3 headers in 131 bytes (1 switches on core 0)
2026-07-16 15:35:40.846 8 INFO neutron.db.segments_db [None req-1399f5c0-90f8-47c5-835a-f57c510e2726 c6fd8c71910b4ee6bf674d2e5239c4a9 528a17020ad748e99a7453df33bafb37 - - default default] Added segment 2abb22a6-776d-49d0-b683-e9bab75a49c1 of type geneve for network 879e6d86-264e-4bf6-a5d1-03848c427647
2026-07-16 15:35:40.893 7 INFO neutron_taas.services.taas.taas_plugin [None req-de4ebb0a-588d-4246-9b74-46f82559e8e9 99059808f4894445ba1efdc0904b1626 7309bd72316f4029a9e2e7db27e021f3 - - default default] TaaS: Handle Delete Port: 95ba9fdd-ccdf-4406-8a4c-36b792f6d098
2026-07-16 15:35:40.896 7 INFO neutron_taas.services.taas.tap_mirror_plugin [None req-de4ebb0a-588d-4246-9b74-46f82559e8e9 99059808f4894445ba1efdc0904b1626 7309bd72316f4029a9e2e7db27e021f3 - - default default] Tap Mirror: Handle Delete Port: 95ba9fdd-ccdf-4406-8a4c-36b792f6d098
2026-07-16 15:35:40.958 8 INFO neutron.db.ovn_revision_numbers_db [None req-1399f5c0-90f8-47c5-835a-f57c510e2726 c6fd8c71910b4ee6bf674d2e5239c4a9 528a17020ad748e99a7453df33bafb37 - - default default] Successfully bumped revision number for resource 879e6d86-264e-4bf6-a5d1-03848c427647 (type: networks) to 1
2026-07-16 15:35:41.193 8 WARNING neutron.scheduler.dhcp_agent_scheduler [None req-1399f5c0-90f8-47c5-835a-f57c510e2726 c6fd8c71910b4ee6bf674d2e5239c4a9 528a17020ad748e99a7453df33bafb37 - - default default] No more DHCP agents
2026-07-16 15:35:41.195 8 WARNING neutron.api.rpc.agentnotifiers.dhcp_rpc_agent_api [None req-1399f5c0-90f8-47c5-835a-f57c510e2726 c6fd8c71910b4ee6bf674d2e5239c4a9 528a17020ad748e99a7453df33bafb37 - - default default] Unable to schedule network 879e6d86-264e-4bf6-a5d1-03848c427647: no agents available; will retry on subsequent port and subnet creation events. [pid: 7|app: 0|req: 995/1944] 10.0.0.234 () {32 vars in 726 bytes} [Thu Jul 16 15:35:40 2026] DELETE /v2.0/networks/19e63480-fe10-41db-875d-68456537e2d6 => generated 0 bytes in 428 msecs (HTTP/1.1 204) 3 headers in 131 bytes (1 switches on core 0) [pid: 7|app: 0|req: 996/1945] 10.0.0.203 () {28 vars in 591 bytes} [Thu Jul 16 15:35:41 2026] GET /v2.0/subnetpools => generated 19 bytes in 7 msecs (HTTP/1.1 200) 4 headers in 156 bytes (1 switches on core 0)
2026-07-16 15:35:41.239 7 INFO neutron.plugins.ml2.drivers.ovn.mech_driver.mech_driver [None req-4d543d0c-4f0d-4b33-984d-180874c4c2aa - - - - - -] OVN reports status down for port: 4b2811c5-179a-4e2b-86b8-7997a2b8c1b1
2026-07-16 15:35:41.291 8 INFO neutron.db.ovn_revision_numbers_db [None req-1399f5c0-90f8-47c5-835a-f57c510e2726 c6fd8c71910b4ee6bf674d2e5239c4a9 528a17020ad748e99a7453df33bafb37 - - default default] Successfully bumped revision number for resource 4b2811c5-179a-4e2b-86b8-7997a2b8c1b1 (type: ports) to 1 [pid: 8|app: 0|req: 950/1946] 10.0.0.234 () {34 vars in 671 bytes} [Thu Jul 16 15:35:40 2026] POST /v2.0/networks => generated 652 bytes in 975 msecs (HTTP/1.1 201) 4 headers in 162 bytes (1 switches on core 0) [pid: 8|app: 0|req: 951/1947] 10.0.0.203 () {28 vars in 591 bytes} [Thu Jul 16 15:35:41 2026] GET /v2.0/floatingips => generated 19 bytes in 15 msecs (HTTP/1.1 200) 4 headers in 156 bytes (1 switches on core 0)
2026-07-16 15:35:41.399 7 INFO neutron_taas.services.taas.taas_plugin [None req-5a32d025-8128-49b1-b807-a7a90139bfad 8f6ebcc9cbb949a8acdeef397762b373 16838fa699404dedb89613124e2a3321 - - default default] TaaS: Handle Delete Port: 3136665e-7000-4e8d-b334-26356bdf1757
2026-07-16 15:35:41.402 7 INFO neutron_taas.services.taas.tap_mirror_plugin [None req-5a32d025-8128-49b1-b807-a7a90139bfad 8f6ebcc9cbb949a8acdeef397762b373 16838fa699404dedb89613124e2a3321 - - default default] Tap Mirror: Handle Delete Port: 3136665e-7000-4e8d-b334-26356bdf1757 [pid: 7|app: 0|req: 997/1948] 10.0.0.234 () {32 vars in 720 bytes} [Thu Jul 16 15:35:41 2026] DELETE /v2.0/ports/3136665e-7000-4e8d-b334-26356bdf1757 => generated 0 bytes in 319 msecs (HTTP/1.1 204) 3 headers in 131 bytes (1 switches on core 0) [pid: 7|app: 0|req: 998/1949] 10.0.0.203 () {28 vars in 579 bytes} [Thu Jul 16 15:35:41 2026] GET /v2.0/ports => generated 11286 bytes in 96 msecs (HTTP/1.1 200) 4 headers in 159 bytes (1 switches on core 0)
2026-07-16 15:35:41.778 7 INFO neutron_taas.services.taas.taas_plugin [None req-200e3fe6-9991-4dde-983c-f73b512461f8 8f6ebcc9cbb949a8acdeef397762b373 16838fa699404dedb89613124e2a3321 - - default default] TaaS: Handle Delete Port: 45024661-4131-466a-a51c-0a0e1a19d4b8
2026-07-16 15:35:41.781 7 INFO neutron_taas.services.taas.tap_mirror_plugin [None req-200e3fe6-9991-4dde-983c-f73b512461f8 8f6ebcc9cbb949a8acdeef397762b373 16838fa699404dedb89613124e2a3321 - - default default] Tap Mirror: Handle Delete Port: 45024661-4131-466a-a51c-0a0e1a19d4b8
2026-07-16 15:35:41.860 8 WARNING neutron.scheduler.dhcp_agent_scheduler [None req-1e96b8ec-25c2-48e9-b0f3-4e8cd79e2401 c6fd8c71910b4ee6bf674d2e5239c4a9 528a17020ad748e99a7453df33bafb37 - - default default] No more DHCP agents
2026-07-16 15:35:41.862 8 WARNING neutron.api.rpc.agentnotifiers.dhcp_rpc_agent_api [None req-1e96b8ec-25c2-48e9-b0f3-4e8cd79e2401 c6fd8c71910b4ee6bf674d2e5239c4a9 528a17020ad748e99a7453df33bafb37 - - default default] Unable to schedule network 5b87638d-44e6-40a8-b34e-97e73b77d4b6: no agents available; will retry on subsequent port and subnet creation events. [pid: 7|app: 0|req: 999/1950] 10.0.0.234 () {32 vars in 720 bytes} [Thu Jul 16 15:35:41 2026] DELETE /v2.0/ports/45024661-4131-466a-a51c-0a0e1a19d4b8 => generated 0 bytes in 275 msecs (HTTP/1.1 204) 3 headers in 131 bytes (1 switches on core 0) [pid: 7|app: 0|req: 1000/1951] 10.0.0.203 () {28 vars in 585 bytes} [Thu Jul 16 15:35:41 2026] GET /v2.0/networks => generated 6756 bytes in 74 msecs (HTTP/1.1 200) 4 headers in 158 bytes (1 switches on core 0)
2026-07-16 15:35:41.997 8 INFO neutron.plugins.ml2.drivers.ovn.mech_driver.mech_driver [None req-59ee1da0-05c0-4556-8939-e0976ddc563d - - - - - -] OVN reports status down for port: e5bf8d8b-aabf-4e16-8dab-2916e74b2110
2026-07-16 15:35:42.077 8 INFO neutron.db.ovn_revision_numbers_db [None req-1e96b8ec-25c2-48e9-b0f3-4e8cd79e2401 c6fd8c71910b4ee6bf674d2e5239c4a9 528a17020ad748e99a7453df33bafb37 - - default default] Successfully bumped revision number for resource e5bf8d8b-aabf-4e16-8dab-2916e74b2110 (type: ports) to 1 [pid: 7|app: 0|req: 1001/1952] 10.0.0.234 () {32 vars in 774 bytes} [Thu Jul 16 15:35:41 2026] GET /v2.0/security-groups?tenant_id=7309bd72316f4029a9e2e7db27e021f3&name=default => generated 2925 bytes in 263 msecs (HTTP/1.1 200) 4 headers in 158 bytes (1 switches on core 0)
2026-07-16 15:35:42.369 7 INFO neutron_taas.services.taas.taas_plugin [None req-c55fa8b3-0aaf-4c17-9147-5456126283c9 8f6ebcc9cbb949a8acdeef397762b373 16838fa699404dedb89613124e2a3321 - - default default] TaaS: Handle Delete Port: 944a8869-bf80-4155-aa24-d49cd1147968
2026-07-16 15:35:42.371 7 INFO neutron_taas.services.taas.tap_mirror_plugin [None req-c55fa8b3-0aaf-4c17-9147-5456126283c9 8f6ebcc9cbb949a8acdeef397762b373 16838fa699404dedb89613124e2a3321 - - default default] Tap Mirror: Handle Delete Port: 944a8869-bf80-4155-aa24-d49cd1147968
2026-07-16 15:35:42.425 7 INFO neutron.services.segments.plugin [-] Segment 8f4cbaeb-e65c-4e8a-ae10-a7e8fcc9ee84 resource provider aggregate not found
2026-07-16 15:35:42.450 7 INFO neutron.services.segments.plugin [-] Segment 8f4cbaeb-e65c-4e8a-ae10-a7e8fcc9ee84 resource provider not found; error: Placement Client Error (4xx): {"errors": [{"status": 404, "title": "Not Found", "detail": "The resource could not be found.\n\n No resource provider with uuid 8f4cbaeb-e65c-4e8a-ae10-a7e8fcc9ee84 found for delete ", "request_id": "req-0bb727a2-6823-47b6-82b1-f1d3266bf74f"}]}
2026-07-16 15:35:42.451 7 INFO neutron.services.segments.plugin [-] Segment 8f4cbaeb-e65c-4e8a-ae10-a7e8fcc9ee84 resource provider aggregate not found
2026-07-16 15:35:42.480 7 INFO neutron.services.segments.plugin [-] Segment 8f4cbaeb-e65c-4e8a-ae10-a7e8fcc9ee84 resource provider not found; error: Placement Client Error (4xx): {"errors": [{"status": 404, "title": "Not Found", "detail": "The resource could not be found.\n\n No resource provider with uuid 8f4cbaeb-e65c-4e8a-ae10-a7e8fcc9ee84 found for delete ", "request_id": "req-bc7d404a-30d3-4050-91fc-c0f8783fbb67"}]} [pid: 7|app: 0|req: 1002/1953] 10.0.0.234 () {32 vars in 726 bytes} [Thu Jul 16 15:35:42 2026] DELETE /v2.0/networks/daa4219b-d615-46a9-b841-d7f00d36e1f9 => generated 0 bytes in 376 msecs (HTTP/1.1 204) 3 headers in 131 bytes (1 switches on core 0) [pid: 7|app: 0|req: 1003/1954] 10.0.0.203 () {28 vars in 583 bytes} [Thu Jul 16 15:35:42 2026] GET /v2.0/subnets => generated 1308 bytes in 36 msecs (HTTP/1.1 200) 4 headers in 158 bytes (1 switches on core 0)
2026-07-16 15:35:42.810 8 INFO neutron.plugins.ml2.drivers.ovn.mech_driver.ovsdb.commands [None req-294f228e-0de1-48a1-adcf-c41851b64653 - - - - - -] Schedule LRP lrp-e5bf8d8b-aabf-4e16-8dab-2916e74b2110 on gateway a28aa165-d9c1-46da-9f3a-a6e2c3d1d963 with priority 1
2026-07-16 15:35:42.828 8 INFO neutron.plugins.ml2.drivers.ovn.mech_driver.mech_driver [None req-59ee1da0-05c0-4556-8939-e0976ddc563d - - - - - -] OVN reports status up for port: e5bf8d8b-aabf-4e16-8dab-2916e74b2110
2026-07-16 15:35:42.854 7 INFO neutron.plugins.ml2.drivers.ovn.mech_driver.ovsdb.ovsdb_monitor [None req-7b7edea7-38fe-4aff-999e-928c8ae95377 - - - - - -] Router 51511eb2-90ee-48d9-a38d-e55151c63e0f is bound to host instance
2026-07-16 15:35:42.862 8 INFO neutron.plugins.ml2.plugin [None req-59ee1da0-05c0-4556-8939-e0976ddc563d - - - - - -] Attempt 1 to provision port e5bf8d8b-aabf-4e16-8dab-2916e74b2110
2026-07-16 15:35:42.920 8 INFO neutron.db.ovn_revision_numbers_db [None req-1e96b8ec-25c2-48e9-b0f3-4e8cd79e2401 c6fd8c71910b4ee6bf674d2e5239c4a9 528a17020ad748e99a7453df33bafb37 - - default default] Successfully bumped revision number for resource e5bf8d8b-aabf-4e16-8dab-2916e74b2110 (type: router_ports) to 1 [pid: 7|app: 0|req: 1004/1955] 10.0.0.234 () {32 vars in 740 bytes} [Thu Jul 16 15:35:42 2026] DELETE /v2.0/security-groups/2f757f74-c132-4cc4-afd7-53352f6ead83 => generated 0 bytes in 291 msecs (HTTP/1.1 204) 2 headers in 112 bytes (1 switches on core 0)
