2026-07-16 15:37:04.234 7 INFO neutron.db.segments_db [None req-f0e7dcbe-a66c-4df8-9497-9527c937e6ea e2b1d94e5f5c403395dd5bcce082a698 de7f456ee67241ab949179f3ef804394 - - default default] Added segment 318fe80c-16ff-4a35-89a7-89d22778e59f of type geneve for network 13bd4942-be56-4a3b-aef3-874a5f075074
2026-07-16 15:37:04.341 8 INFO neutron.notifiers.nova [-] Nova event matching ['req-8a7e3d8f-3423-4028-bc30-16cc25e86fcf'] response: {'server_uuid': '17660a24-1204-4ddc-b2c2-ad21852ae64a', 'name': 'network-vif-unplugged', 'status': 'completed', 'tag': '680f9409-d1ec-4d7d-9ffb-39a677069782', 'code': 200}
2026-07-16 15:37:04.407 7 INFO neutron.db.ovn_revision_numbers_db [None req-f0e7dcbe-a66c-4df8-9497-9527c937e6ea e2b1d94e5f5c403395dd5bcce082a698 de7f456ee67241ab949179f3ef804394 - - default default] Successfully bumped revision number for resource 13bd4942-be56-4a3b-aef3-874a5f075074 (type: networks) to 1
2026-07-16 15:37:04.508 8 INFO neutron_taas.services.taas.taas_plugin [None req-4864e158-f264-4ab7-87a6-8ee7b2a2864d b9451f0628a94bd3ad34e70cfe6b8cd2 8d32d265099c4782950a065de19b285e - - default default] TaaS: Handle Delete Port: d855ec2f-86b1-4053-aa23-95f34520b8a9
2026-07-16 15:37:04.515 8 INFO neutron_taas.services.taas.tap_mirror_plugin [None req-4864e158-f264-4ab7-87a6-8ee7b2a2864d b9451f0628a94bd3ad34e70cfe6b8cd2 8d32d265099c4782950a065de19b285e - - default default] Tap Mirror: Handle Delete Port: d855ec2f-86b1-4053-aa23-95f34520b8a9
2026-07-16 15:37:04.609 7 WARNING neutron.scheduler.dhcp_agent_scheduler [None req-f0e7dcbe-a66c-4df8-9497-9527c937e6ea e2b1d94e5f5c403395dd5bcce082a698 de7f456ee67241ab949179f3ef804394 - - default default] No more DHCP agents
2026-07-16 15:37:04.611 7 WARNING neutron.api.rpc.agentnotifiers.dhcp_rpc_agent_api [None req-f0e7dcbe-a66c-4df8-9497-9527c937e6ea e2b1d94e5f5c403395dd5bcce082a698 de7f456ee67241ab949179f3ef804394 - - default default] Unable to schedule network 13bd4942-be56-4a3b-aef3-874a5f075074: no agents available; will retry on subsequent port and subnet creation events.
2026-07-16 15:37:04.639 8 INFO neutron.db.ovn_revision_numbers_db [None req-475c9ec5-90f9-4a82-bfdc-05f265e2815e - - - - - -] Successfully bumped revision number for resource 680f9409-d1ec-4d7d-9ffb-39a677069782 (type: ports) to 6
2026-07-16 15:37:04.692 7 INFO neutron.db.ovn_revision_numbers_db [None req-f0e7dcbe-a66c-4df8-9497-9527c937e6ea e2b1d94e5f5c403395dd5bcce082a698 de7f456ee67241ab949179f3ef804394 - - default default] Successfully bumped revision number for resource 7af22d04-feb3-4d89-8a71-86b4f92d97e5 (type: ports) to 1 [pid: 7|app: 0|req: 1340/2570] 10.0.0.234 () {34 vars in 670 bytes} [Thu Jul 16 15:37:03 2026] POST /v2.0/networks => generated 659 bytes in 1173 msecs (HTTP/1.1 201) 4 headers in 162 bytes (1 switches on core 0)
2026-07-16 15:37:04.793 8 INFO neutron.plugins.ml2.drivers.ovn.mech_driver.mech_driver [None req-d4f7064f-bad0-4fca-b958-63dde5694365 - - - - - -] OVN reports status down for port: 7af22d04-feb3-4d89-8a71-86b4f92d97e5 [pid: 8|app: 0|req: 1231/2571] 10.0.0.234 () {32 vars in 720 bytes} [Thu Jul 16 15:37:04 2026] DELETE /v2.0/ports/d855ec2f-86b1-4053-aa23-95f34520b8a9 => generated 0 bytes in 675 msecs (HTTP/1.1 204) 3 headers in 131 bytes (1 switches on core 0) /var/lib/openstack/lib/python3.12/site-packages/pycadf/identifier.py:70: UserWarning: Invalid uuid: neutron. To ensure interoperability, identifiers should be a valid uuid. warnings.warn(('Invalid uuid: %s. To ensure interoperability, ' [pid: 7|app: 0|req: 1341/2572] 10.0.0.238 () {34 vars in 990 bytes} [Thu Jul 16 15:37:04 2026] GET /v2.0/ports?device_id=17660a24-1204-4ddc-b2c2-ad21852ae64a => generated 973 bytes in 100 msecs (HTTP/1.1 200) 4 headers in 157 bytes (1 switches on core 0)
2026-07-16 15:37:04.948 7 INFO neutron_taas.services.taas.taas_plugin [None req-3b2414b6-2336-4314-95ed-22ad7dc6ced9 b9451f0628a94bd3ad34e70cfe6b8cd2 8d32d265099c4782950a065de19b285e - - default default] TaaS: Handle Delete Port: 260d1bb9-1295-43b9-baed-c6e7938fa0d6
2026-07-16 15:37:04.950 7 INFO neutron_taas.services.taas.tap_mirror_plugin [None req-3b2414b6-2336-4314-95ed-22ad7dc6ced9 b9451f0628a94bd3ad34e70cfe6b8cd2 8d32d265099c4782950a065de19b285e - - default default] Tap Mirror: Handle Delete Port: 260d1bb9-1295-43b9-baed-c6e7938fa0d6
2026-07-16 15:37:05.055 8 WARNING neutron.scheduler.dhcp_agent_scheduler [None req-6d296eca-6828-4ea0-ac33-409d696f0873 e2b1d94e5f5c403395dd5bcce082a698 de7f456ee67241ab949179f3ef804394 - - default default] No more DHCP agents
2026-07-16 15:37:05.067 8 WARNING neutron.api.rpc.agentnotifiers.dhcp_rpc_agent_api [None req-6d296eca-6828-4ea0-ac33-409d696f0873 e2b1d94e5f5c403395dd5bcce082a698 de7f456ee67241ab949179f3ef804394 - - default default] Unable to schedule network 13bd4942-be56-4a3b-aef3-874a5f075074: no agents available; will retry on subsequent port and subnet creation events.
2026-07-16 15:37:05.151 7 INFO neutron.services.segments.plugin [-] Segment 95669828-be8a-40b3-b4a4-02c0df9ec08a resource provider aggregate not found
2026-07-16 15:37:05.158 7 INFO neutron.services.segments.plugin [-] Segment 95669828-be8a-40b3-b4a4-02c0df9ec08a resource provider aggregate not found
2026-07-16 15:37:05.175 7 INFO neutron.services.segments.plugin [-] Segment 95669828-be8a-40b3-b4a4-02c0df9ec08a resource provider not found; error: Placement Client Error (4xx): {"errors": [{"status": 404, "title": "Not Found", "detail": "The resource could not be found.\n\n No resource provider with uuid 95669828-be8a-40b3-b4a4-02c0df9ec08a found for delete ", "request_id": "req-16b0a4ad-2d17-47e5-a618-70ccffa775c9"}]}
2026-07-16 15:37:05.177 7 INFO neutron.services.segments.plugin [-] Segment 95669828-be8a-40b3-b4a4-02c0df9ec08a resource provider not found; error: Placement Client Error (4xx): {"errors": [{"status": 404, "title": "Not Found", "detail": "The resource could not be found.\n\n No resource provider with uuid 95669828-be8a-40b3-b4a4-02c0df9ec08a found for delete ", "request_id": "req-a9fd677c-b117-4d0c-9bcb-e7c4a0414557"}]} [pid: 7|app: 0|req: 1342/2573] 10.0.0.234 () {32 vars in 726 bytes} [Thu Jul 16 15:37:04 2026] DELETE /v2.0/networks/b222406a-d345-456d-8e06-772ff91b8b7d => generated 0 bytes in 407 msecs (HTTP/1.1 204) 3 headers in 131 bytes (1 switches on core 0) [pid: 7|app: 0|req: 1343/2574] 10.0.0.238 () {34 vars in 1040 bytes} [Thu Jul 16 15:37:05 2026] GET /v2.0/security-groups?id=8fff82c9-2a50-4114-9123-2809eb2bab08&fields=id&fields=name => generated 113 bytes in 39 msecs (HTTP/1.1 200) 4 headers in 157 bytes (1 switches on core 0)
2026-07-16 15:37:05.388 7 INFO neutron_taas.services.taas.taas_plugin [None req-96942fe0-d14e-4bbf-b24c-aee13b1be492 b9451f0628a94bd3ad34e70cfe6b8cd2 8d32d265099c4782950a065de19b285e - - default default] TaaS: Handle Delete Port: 389bde92-7919-403c-8183-986695e0fb47
2026-07-16 15:37:05.391 7 INFO neutron_taas.services.taas.tap_mirror_plugin [None req-96942fe0-d14e-4bbf-b24c-aee13b1be492 b9451f0628a94bd3ad34e70cfe6b8cd2 8d32d265099c4782950a065de19b285e - - default default] Tap Mirror: Handle Delete Port: 389bde92-7919-403c-8183-986695e0fb47
2026-07-16 15:37:05.646 8 INFO neutron.db.ovn_revision_numbers_db [None req-3139cf59-28fa-4e40-bc64-c21ac31aad82 - - - - - -] Successfully bumped revision number for resource 7af22d04-feb3-4d89-8a71-86b4f92d97e5 (type: ports) to 2
2026-07-16 15:37:05.718 8 INFO neutron.db.ovn_revision_numbers_db [None req-3139cf59-28fa-4e40-bc64-c21ac31aad82 - - - - - -] Successfully bumped revision number for resource 20509bb3-2d84-4cf1-95b8-3f45d0dbc6e5 (type: subnets) to 0 [pid: 8|app: 0|req: 1232/2575] 10.0.0.234 () {34 vars in 669 bytes} [Thu Jul 16 15:37:04 2026] POST /v2.0/subnets => generated 658 bytes in 928 msecs (HTTP/1.1 201) 4 headers in 162 bytes (1 switches on core 0) [pid: 7|app: 0|req: 1344/2576] 10.0.0.234 () {32 vars in 726 bytes} [Thu Jul 16 15:37:05 2026] DELETE /v2.0/networks/342f0a94-8e86-49bf-afce-188be0392a00 => generated 0 bytes in 473 msecs (HTTP/1.1 204) 3 headers in 131 bytes (1 switches on core 0) [pid: 8|app: 0|req: 1233/2577] 199.204.45.70 () {34 vars in 993 bytes} [Thu Jul 16 15:37:05 2026] GET /v2.0/ports?device_id=17660a24-1204-4ddc-b2c2-ad21852ae64a => generated 973 bytes in 34 msecs (HTTP/1.1 200) 4 headers in 157 bytes (1 switches on core 0)
2026-07-16 15:37:05.904 8 INFO neutron_taas.services.taas.taas_plugin [None req-6a6f6b5e-88a4-4199-b60b-c2e2d8c82c2f b9451f0628a94bd3ad34e70cfe6b8cd2 8d32d265099c4782950a065de19b285e - - default default] TaaS: Handle Delete Port: e459ca37-f81c-4497-8688-d39f05a1b16c
2026-07-16 15:37:05.907 8 INFO neutron_taas.services.taas.tap_mirror_plugin [None req-6a6f6b5e-88a4-4199-b60b-c2e2d8c82c2f b9451f0628a94bd3ad34e70cfe6b8cd2 8d32d265099c4782950a065de19b285e - - default default] Tap Mirror: Handle Delete Port: e459ca37-f81c-4497-8688-d39f05a1b16c [pid: 7|app: 0|req: 1345/2578] 10.0.0.234 () {32 vars in 722 bytes} [Thu Jul 16 15:37:05 2026] GET /v2.0/subnetpools?name=shared-default-subnetpool-v6 => generated 19 bytes in 237 msecs (HTTP/1.1 200) 4 headers in 156 bytes (1 switches on core 0)
2026-07-16 15:37:06.122 8 INFO neutron.services.segments.plugin [-] Segment 91e29da7-3026-4ae3-9de6-1b87b201ca96 resource provider aggregate not found
2026-07-16 15:37:06.141 8 INFO neutron.services.segments.plugin [-] Segment 91e29da7-3026-4ae3-9de6-1b87b201ca96 resource provider aggregate not found
2026-07-16 15:37:06.146 8 INFO neutron.services.segments.plugin [-] Segment 91e29da7-3026-4ae3-9de6-1b87b201ca96 resource provider not found; error: Placement Client Error (4xx): {"errors": [{"status": 404, "title": "Not Found", "detail": "The resource could not be found.\n\n No resource provider with uuid 91e29da7-3026-4ae3-9de6-1b87b201ca96 found for delete ", "request_id": "req-986fbebd-90bd-46a0-979a-8d9bd5e15485"}]}
2026-07-16 15:37:06.161 8 INFO neutron.services.segments.plugin [-] Segment 91e29da7-3026-4ae3-9de6-1b87b201ca96 resource provider not found; error: Placement Client Error (4xx): {"errors": [{"status": 404, "title": "Not Found", "detail": "The resource could not be found.\n\n No resource provider with uuid 91e29da7-3026-4ae3-9de6-1b87b201ca96 found for delete ", "request_id": "req-4f5fc6f7-709e-4a49-90fa-3de27f9e1975"}]}
2026-07-16 15:37:06.178 7 INFO neutron_taas.services.taas.taas_plugin [req-d4ec8adc-7009-460e-b3e3-efa5928f621d req-5f510608-c327-43e9-827c-b30464af95eb c6fd8c71910b4ee6bf674d2e5239c4a9 528a17020ad748e99a7453df33bafb37 - - default default] TaaS: Handle Delete Port: 680f9409-d1ec-4d7d-9ffb-39a677069782
2026-07-16 15:37:06.188 7 INFO neutron_taas.services.taas.tap_mirror_plugin [req-d4ec8adc-7009-460e-b3e3-efa5928f621d req-5f510608-c327-43e9-827c-b30464af95eb c6fd8c71910b4ee6bf674d2e5239c4a9 528a17020ad748e99a7453df33bafb37 - - default default] Tap Mirror: Handle Delete Port: 680f9409-d1ec-4d7d-9ffb-39a677069782 [pid: 8|app: 0|req: 1234/2579] 10.0.0.234 () {32 vars in 726 bytes} [Thu Jul 16 15:37:05 2026] DELETE /v2.0/networks/effb3b1a-1a36-45f1-aa60-0e3bbd186017 => generated 0 bytes in 439 msecs (HTTP/1.1 204) 3 headers in 131 bytes (1 switches on core 0) [pid: 7|app: 0|req: 1346/2580] 199.204.45.70 () {36 vars in 996 bytes} [Thu Jul 16 15:37:05 2026] DELETE /v2.0/ports/680f9409-d1ec-4d7d-9ffb-39a677069782 => generated 0 bytes in 350 msecs (HTTP/1.1 204) 3 headers in 131 bytes (1 switches on core 0)
2026-07-16 15:37:06.386 7 INFO neutron.notifiers.nova [-] Nova event matching ['req-509a5ce1-139d-4179-99c8-43416d8618f7'] response: {'server_uuid': '17660a24-1204-4ddc-b2c2-ad21852ae64a', 'name': 'network-vif-deleted', 'tag': '680f9409-d1ec-4d7d-9ffb-39a677069782', 'status': 'completed', 'code': 200}
2026-07-16 15:37:06.412 8 INFO neutron.notifiers.nova [-] Nova event matching ['req-29eca36f-198f-44a7-8b2f-796bc14f9b88'] response: {'server_uuid': '17660a24-1204-4ddc-b2c2-ad21852ae64a', 'name': 'network-vif-unplugged', 'status': 'completed', 'tag': '680f9409-d1ec-4d7d-9ffb-39a677069782', 'code': 200}
2026-07-16 15:37:06.478 8 WARNING neutron.scheduler.dhcp_agent_scheduler [None req-0c5548b3-e338-40ce-9f7f-0d38ca290e39 e2b1d94e5f5c403395dd5bcce082a698 de7f456ee67241ab949179f3ef804394 - - default default] No more DHCP agents
2026-07-16 15:37:06.480 8 WARNING neutron.api.rpc.agentnotifiers.dhcp_rpc_agent_api [None req-0c5548b3-e338-40ce-9f7f-0d38ca290e39 e2b1d94e5f5c403395dd5bcce082a698 de7f456ee67241ab949179f3ef804394 - - default default] Unable to schedule network 13bd4942-be56-4a3b-aef3-874a5f075074: no agents available; will retry on subsequent port and subnet creation events.
2026-07-16 15:37:06.497 7 INFO neutron_taas.services.taas.taas_plugin [None req-011c4adb-8876-4ae1-8a88-6e36e04b9890 b9451f0628a94bd3ad34e70cfe6b8cd2 8d32d265099c4782950a065de19b285e - - default default] TaaS: Handle Delete Port: 762ea8e1-2796-4818-9662-ceaa4bc2d81b
2026-07-16 15:37:06.501 7 INFO neutron_taas.services.taas.tap_mirror_plugin [None req-011c4adb-8876-4ae1-8a88-6e36e04b9890 b9451f0628a94bd3ad34e70cfe6b8cd2 8d32d265099c4782950a065de19b285e - - default default] Tap Mirror: Handle Delete Port: 762ea8e1-2796-4818-9662-ceaa4bc2d81b
2026-07-16 15:37:06.520 8 INFO neutron.db.ovn_revision_numbers_db [None req-0c5548b3-e338-40ce-9f7f-0d38ca290e39 e2b1d94e5f5c403395dd5bcce082a698 de7f456ee67241ab949179f3ef804394 - - default default] Successfully bumped revision number for resource 407c4d0b-c006-4f89-bc98-47ea8be96f11 (type: subnets) to 0 [pid: 8|app: 0|req: 1235/2581] 10.0.0.234 () {34 vars in 669 bytes} [Thu Jul 16 15:37:06 2026] POST /v2.0/subnets => generated 731 bytes in 323 msecs (HTTP/1.1 201) 4 headers in 162 bytes (1 switches on core 0) [pid: 7|app: 0|req: 1347/2582] 10.0.0.234 () {32 vars in 726 bytes} [Thu Jul 16 15:37:06 2026] DELETE /v2.0/networks/e00e58f1-92df-4172-86d8-d3ba16741229 => generated 0 bytes in 442 msecs (HTTP/1.1 204) 3 headers in 131 bytes (1 switches on core 0)
2026-07-16 15:37:06.789 8 INFO neutron.db.ovn_revision_numbers_db [None req-f8b7fabd-fd83-4657-a75e-ce480e80ff2a 4ba66d0c86d84519a2f6237c617cf34b 145150dba4754a0fbf5d6b9b7e2088a0 - - default default] Successfully bumped revision number for resource c9308ed7-13fa-4dca-b7c2-ee5a1f8d8a3d (type: security_groups) to 1
2026-07-16 15:37:06.808 8 INFO neutron.db.ovn_revision_numbers_db [None req-f8b7fabd-fd83-4657-a75e-ce480e80ff2a 4ba66d0c86d84519a2f6237c617cf34b 145150dba4754a0fbf5d6b9b7e2088a0 - - default default] Successfully bumped revision number for resource 64acc210-61ca-484d-a254-f3248e1aa882 (type: security_group_rules) to 0 [pid: 7|app: 0|req: 1348/2583] 10.0.0.238 () {34 vars in 990 bytes} [Thu Jul 16 15:37:06 2026] GET /v2.0/ports?device_id=17660a24-1204-4ddc-b2c2-ad21852ae64a => generated 12 bytes in 22 msecs (HTTP/1.1 200) 4 headers in 156 bytes (1 switches on core 0)
2026-07-16 15:37:06.831 8 INFO neutron.db.ovn_revision_numbers_db [None req-f8b7fabd-fd83-4657-a75e-ce480e80ff2a 4ba66d0c86d84519a2f6237c617cf34b 145150dba4754a0fbf5d6b9b7e2088a0 - - default default] Successfully bumped revision number for resource 6c61b3c4-3d3f-4a5a-a734-5b51aba28ebf (type: security_group_rules) to 0
2026-07-16 15:37:06.846 8 INFO neutron.db.ovn_revision_numbers_db [None req-f8b7fabd-fd83-4657-a75e-ce480e80ff2a 4ba66d0c86d84519a2f6237c617cf34b 145150dba4754a0fbf5d6b9b7e2088a0 - - default default] Successfully bumped revision number for resource d9005464-9dfa-40cd-9592-802d662dee9f (type: security_group_rules) to 0
2026-07-16 15:37:06.865 8 INFO neutron.db.ovn_revision_numbers_db [None req-f8b7fabd-fd83-4657-a75e-ce480e80ff2a 4ba66d0c86d84519a2f6237c617cf34b 145150dba4754a0fbf5d6b9b7e2088a0 - - default default] Successfully bumped revision number for resource ede70c32-d96e-4438-8576-390787a552f6 (type: security_group_rules) to 0
2026-07-16 15:37:06.898 7 INFO neutron.db.segments_db [None req-4291f092-190b-446a-b4da-79970faed26e e2b1d94e5f5c403395dd5bcce082a698 de7f456ee67241ab949179f3ef804394 - - default default] Added segment 565b5b01-005d-4879-a956-6c7f7f0e8188 of type geneve for network 82b5685e-1611-431a-998f-723258942ad2
2026-07-16 15:37:07.022 8 INFO neutron.db.ovn_revision_numbers_db [None req-f8b7fabd-fd83-4657-a75e-ce480e80ff2a 4ba66d0c86d84519a2f6237c617cf34b 145150dba4754a0fbf5d6b9b7e2088a0 - - default default] Successfully bumped revision number for resource d0c231b9-1fe5-4f0f-a06c-50e2ed1a74ca (type: security_groups) to 1
2026-07-16 15:37:07.026 7 INFO neutron.db.ovn_revision_numbers_db [None req-4291f092-190b-446a-b4da-79970faed26e e2b1d94e5f5c403395dd5bcce082a698 de7f456ee67241ab949179f3ef804394 - - default default] Successfully bumped revision number for resource 82b5685e-1611-431a-998f-723258942ad2 (type: networks) to 1
2026-07-16 15:37:07.040 8 INFO neutron.db.ovn_revision_numbers_db [None req-f8b7fabd-fd83-4657-a75e-ce480e80ff2a 4ba66d0c86d84519a2f6237c617cf34b 145150dba4754a0fbf5d6b9b7e2088a0 - - default default] Successfully bumped revision number for resource 90b60a35-7743-43b7-9f78-a8e8d7a25e97 (type: security_group_rules) to 0
2026-07-16 15:37:07.058 8 INFO neutron.db.ovn_revision_numbers_db [None req-f8b7fabd-fd83-4657-a75e-ce480e80ff2a 4ba66d0c86d84519a2f6237c617cf34b 145150dba4754a0fbf5d6b9b7e2088a0 - - default default] Successfully bumped revision number for resource da294a01-9858-4586-9acb-9eedd411682e (type: security_group_rules) to 0 [pid: 8|app: 0|req: 1236/2584] 10.0.0.234 () {34 vars in 684 bytes} [Thu Jul 16 15:37:06 2026] POST /v2.0/security-groups => generated 1601 bytes in 566 msecs (HTTP/1.1 201) 4 headers in 163 bytes (1 switches on core 0)
2026-07-16 15:37:07.206 7 INFO neutron.services.segments.plugin [-] Segment 19e0fe31-0077-4f65-a34b-ca3ce139a35d resource provider aggregate not found
2026-07-16 15:37:07.210 7 INFO neutron.services.segments.plugin [-] Segment 19e0fe31-0077-4f65-a34b-ca3ce139a35d resource provider aggregate not found
2026-07-16 15:37:07.222 8 INFO neutron_taas.services.taas.taas_plugin [None req-50aab094-54c8-4ee0-af73-8b64e3d8587a b9451f0628a94bd3ad34e70cfe6b8cd2 8d32d265099c4782950a065de19b285e - - default default] TaaS: Handle Delete Port: 48ab6684-8aea-4f98-b39e-d32758deddac
2026-07-16 15:37:07.224 8 INFO neutron_taas.services.taas.tap_mirror_plugin [None req-50aab094-54c8-4ee0-af73-8b64e3d8587a b9451f0628a94bd3ad34e70cfe6b8cd2 8d32d265099c4782950a065de19b285e - - default default] Tap Mirror: Handle Delete Port: 48ab6684-8aea-4f98-b39e-d32758deddac
2026-07-16 15:37:07.234 7 INFO neutron.services.segments.plugin [-] Segment 19e0fe31-0077-4f65-a34b-ca3ce139a35d resource provider not found; error: Placement Client Error (4xx): {"errors": [{"status": 404, "title": "Not Found", "detail": "The resource could not be found.\n\n No resource provider with uuid 19e0fe31-0077-4f65-a34b-ca3ce139a35d found for delete ", "request_id": "req-3cfa4d6e-d725-48ad-8c33-0fdf6cbf331c"}]}
2026-07-16 15:37:07.242 7 INFO neutron.services.segments.plugin [-] Segment 19e0fe31-0077-4f65-a34b-ca3ce139a35d resource provider not found; error: Placement Client Error (4xx): {"errors": [{"status": 404, "title": "Not Found", "detail": "The resource could not be found.\n\n No resource provider with uuid 19e0fe31-0077-4f65-a34b-ca3ce139a35d found for delete ", "request_id": "req-5366fb5d-7075-4889-855b-e4c9f1b25c0a"}]}
2026-07-16 15:37:07.252 7 INFO neutron.services.segments.plugin [-] Segment ea101983-c2d1-44c8-a9cc-8a3158a943a9 resource provider aggregate not found
2026-07-16 15:37:07.260 7 INFO neutron.services.segments.plugin [-] Segment ea101983-c2d1-44c8-a9cc-8a3158a943a9 resource provider aggregate not found
2026-07-16 15:37:07.294 7 INFO neutron.services.segments.plugin [-] Segment ea101983-c2d1-44c8-a9cc-8a3158a943a9 resource provider not found; error: Placement Client Error (4xx): {"errors": [{"status": 404, "title": "Not Found", "detail": "The resource could not be found.\n\n No resource provider with uuid ea101983-c2d1-44c8-a9cc-8a3158a943a9 found for delete ", "request_id": "req-be4c8203-7830-4b1d-bb87-169f0230a80d"}]}
2026-07-16 15:37:07.296 7 INFO neutron.services.segments.plugin [-] Segment ea101983-c2d1-44c8-a9cc-8a3158a943a9 resource provider not found; error: Placement Client Error (4xx): {"errors": [{"status": 404, "title": "Not Found", "detail": "The resource could not be found.\n\n No resource provider with uuid ea101983-c2d1-44c8-a9cc-8a3158a943a9 found for delete ", "request_id": "req-97381048-e37c-4e1b-95f5-3a25a85087fa"}]}
2026-07-16 15:37:07.373 7 WARNING neutron.scheduler.dhcp_agent_scheduler [None req-4291f092-190b-446a-b4da-79970faed26e e2b1d94e5f5c403395dd5bcce082a698 de7f456ee67241ab949179f3ef804394 - - default default] No more DHCP agents
2026-07-16 15:37:07.374 7 WARNING neutron.api.rpc.agentnotifiers.dhcp_rpc_agent_api [None req-4291f092-190b-446a-b4da-79970faed26e e2b1d94e5f5c403395dd5bcce082a698 de7f456ee67241ab949179f3ef804394 - - default default] Unable to schedule network 82b5685e-1611-431a-998f-723258942ad2: no agents available; will retry on subsequent port and subnet creation events.
2026-07-16 15:37:07.442 7 INFO neutron.plugins.ml2.drivers.ovn.mech_driver.mech_driver [None req-6fca352e-ee79-4332-831f-376624bcd02a - - - - - -] OVN reports status down for port: dbc4d745-b28d-4044-a412-1776ce3099ac
2026-07-16 15:37:07.543 7 INFO neutron.db.ovn_revision_numbers_db [None req-4291f092-190b-446a-b4da-79970faed26e e2b1d94e5f5c403395dd5bcce082a698 de7f456ee67241ab949179f3ef804394 - - default default] Successfully bumped revision number for resource dbc4d745-b28d-4044-a412-1776ce3099ac (type: ports) to 1 [pid: 8|app: 0|req: 1237/2585] 10.0.0.234 () {32 vars in 726 bytes} [Thu Jul 16 15:37:07 2026] DELETE /v2.0/networks/731a13c1-6320-4dda-9683-37ad3bd04d36 => generated 0 bytes in 464 msecs (HTTP/1.1 204) 3 headers in 131 bytes (1 switches on core 0) [pid: 7|app: 0|req: 1349/2586] 10.0.0.234 () {34 vars in 670 bytes} [Thu Jul 16 15:37:06 2026] POST /v2.0/networks => generated 657 bytes in 799 msecs (HTTP/1.1 201) 4 headers in 162 bytes (1 switches on core 0)
2026-07-16 15:37:07.701 8 INFO neutron.db.ovn_revision_numbers_db [None req-6ae7cbe7-c84f-4b48-8102-f718ab57e5cf 4ba66d0c86d84519a2f6237c617cf34b 145150dba4754a0fbf5d6b9b7e2088a0 - - default default] Successfully bumped revision number for resource 70fa249d-24e3-4214-afcc-1113407d6b68 (type: security_groups) to 1
2026-07-16 15:37:07.715 8 INFO neutron.db.ovn_revision_numbers_db [None req-6ae7cbe7-c84f-4b48-8102-f718ab57e5cf 4ba66d0c86d84519a2f6237c617cf34b 145150dba4754a0fbf5d6b9b7e2088a0 - - default default] Successfully bumped revision number for resource 18535feb-e831-4c54-8417-6dc96ab79849 (type: security_group_rules) to 0
2026-07-16 15:37:07.727 8 INFO neutron.db.ovn_revision_numbers_db [None req-6ae7cbe7-c84f-4b48-8102-f718ab57e5cf 4ba66d0c86d84519a2f6237c617cf34b 145150dba4754a0fbf5d6b9b7e2088a0 - - default default] Successfully bumped revision number for resource e671cd58-4151-4ef6-b19d-945a807090c6 (type: security_group_rules) to 0 [pid: 8|app: 0|req: 1238/2587] 10.0.0.234 () {34 vars in 684 bytes} [Thu Jul 16 15:37:07 2026] POST /v2.0/security-groups => generated 1601 bytes in 193 msecs (HTTP/1.1 201) 4 headers in 163 bytes (1 switches on core 0)
2026-07-16 15:37:07.828 7 WARNING neutron.scheduler.dhcp_agent_scheduler [None req-1e8af585-e86b-4c7c-ae14-7fb42b4c22b2 e2b1d94e5f5c403395dd5bcce082a698 de7f456ee67241ab949179f3ef804394 - - default default] No more DHCP agents
2026-07-16 15:37:07.829 7 WARNING neutron.api.rpc.agentnotifiers.dhcp_rpc_agent_api [None req-1e8af585-e86b-4c7c-ae14-7fb42b4c22b2 e2b1d94e5f5c403395dd5bcce082a698 de7f456ee67241ab949179f3ef804394 - - default default] Unable to schedule network 82b5685e-1611-431a-998f-723258942ad2: no agents available; will retry on subsequent port and subnet creation events.
2026-07-16 15:37:07.899 8 INFO neutron.db.ovn_revision_numbers_db [None req-401ef1d2-8cce-43bf-8a99-560ef8ca9676 4ba66d0c86d84519a2f6237c617cf34b 145150dba4754a0fbf5d6b9b7e2088a0 - - default default] Successfully bumped revision number for resource 84b62ee1-4529-4453-8b94-329ddcbd0935 (type: security_groups) to 1
2026-07-16 15:37:07.914 8 INFO neutron.db.ovn_revision_numbers_db [None req-401ef1d2-8cce-43bf-8a99-560ef8ca9676 4ba66d0c86d84519a2f6237c617cf34b 145150dba4754a0fbf5d6b9b7e2088a0 - - default default] Successfully bumped revision number for resource 8201c2e8-b11f-43ca-b03f-c87b1b7ba5ba (type: security_group_rules) to 0
2026-07-16 15:37:07.930 8 INFO neutron.db.ovn_revision_numbers_db [None req-401ef1d2-8cce-43bf-8a99-560ef8ca9676 4ba66d0c86d84519a2f6237c617cf34b 145150dba4754a0fbf5d6b9b7e2088a0 - - default default] Successfully bumped revision number for resource dc649300-724b-422d-b546-ab62c0e632fd (type: security_group_rules) to 0 [pid: 8|app: 0|req: 1239/2588] 10.0.0.234 () {34 vars in 684 bytes} [Thu Jul 16 15:37:07 2026] POST /v2.0/security-groups => generated 1603 bytes in 210 msecs (HTTP/1.1 201) 4 headers in 163 bytes (1 switches on core 0) [pid: 8|app: 0|req: 1240/2589] 10.0.0.238 () {34 vars in 990 bytes} [Thu Jul 16 15:37:07 2026] GET /v2.0/ports?device_id=17660a24-1204-4ddc-b2c2-ad21852ae64a => generated 12 bytes in 22 msecs (HTTP/1.1 200) 4 headers in 156 bytes (1 switches on core 0)
2026-07-16 15:37:08.138 8 INFO neutron.db.ovn_revision_numbers_db [None req-35f60774-23eb-4546-8084-d073b4912b9a 4ba66d0c86d84519a2f6237c617cf34b 145150dba4754a0fbf5d6b9b7e2088a0 - - default default] Successfully bumped revision number for resource bc09cec9-2001-4fe5-973b-4725ff915bcc (type: security_groups) to 1
2026-07-16 15:37:08.155 8 INFO neutron.db.ovn_revision_numbers_db [None req-35f60774-23eb-4546-8084-d073b4912b9a 4ba66d0c86d84519a2f6237c617cf34b 145150dba4754a0fbf5d6b9b7e2088a0 - - default default] Successfully bumped revision number for resource 320f771f-bca6-496c-b961-1e2986dca2a2 (type: security_group_rules) to 0
2026-07-16 15:37:08.166 8 INFO neutron.services.segments.plugin [-] Segment 161913e2-08a4-4eae-89f4-7bad43ec2c64 resource provider aggregate not found
2026-07-16 15:37:08.176 8 INFO neutron.services.segments.plugin [-] Segment 161913e2-08a4-4eae-89f4-7bad43ec2c64 resource provider aggregate not found
2026-07-16 15:37:08.180 8 INFO neutron.db.ovn_revision_numbers_db [None req-35f60774-23eb-4546-8084-d073b4912b9a 4ba66d0c86d84519a2f6237c617cf34b 145150dba4754a0fbf5d6b9b7e2088a0 - - default default] Successfully bumped revision number for resource ea2f3ac4-a78c-4dd4-a2ca-d833818eff9b (type: security_group_rules) to 0
2026-07-16 15:37:08.183 8 INFO neutron.services.segments.plugin [-] Segment 161913e2-08a4-4eae-89f4-7bad43ec2c64 resource provider not found; error: Placement Client Error (4xx): {"errors": [{"status": 404, "title": "Not Found", "detail": "The resource could not be found.\n\n No resource provider with uuid 161913e2-08a4-4eae-89f4-7bad43ec2c64 found for delete ", "request_id": "req-b439d3d0-4030-4bd1-8089-846bb6731fba"}]}
2026-07-16 15:37:08.191 8 INFO neutron.services.segments.plugin [-] Segment 161913e2-08a4-4eae-89f4-7bad43ec2c64 resource provider not found; error: Placement Client Error (4xx): {"errors": [{"status": 404, "title": "Not Found", "detail": "The resource could not be found.\n\n No resource provider with uuid 161913e2-08a4-4eae-89f4-7bad43ec2c64 found for delete ", "request_id": "req-863837b1-b1e0-4dc2-b406-065a320b6d80"}]} [pid: 8|app: 0|req: 1241/2590] 10.0.0.234 () {34 vars in 684 bytes} [Thu Jul 16 15:37:08 2026] POST /v2.0/security-groups => generated 1603 bytes in 210 msecs (HTTP/1.1 201) 4 headers in 163 bytes (1 switches on core 0)
2026-07-16 15:37:08.389 8 INFO neutron.db.ovn_revision_numbers_db [None req-94ad0c58-bae5-4c89-ba3d-50c94a693683 4ba66d0c86d84519a2f6237c617cf34b 145150dba4754a0fbf5d6b9b7e2088a0 - - default default] Successfully bumped revision number for resource dfcd8242-496e-405c-8dd3-b78c718f67aa (type: security_groups) to 1
2026-07-16 15:37:08.393 7 INFO neutron.db.ovn_revision_numbers_db [None req-34069a11-c235-48ac-8682-c5bd6736fcda - - - - - -] Successfully bumped revision number for resource dbc4d745-b28d-4044-a412-1776ce3099ac (type: ports) to 2
2026-07-16 15:37:08.403 8 INFO neutron.db.ovn_revision_numbers_db [None req-94ad0c58-bae5-4c89-ba3d-50c94a693683 4ba66d0c86d84519a2f6237c617cf34b 145150dba4754a0fbf5d6b9b7e2088a0 - - default default] Successfully bumped revision number for resource 6d9c4d58-3a21-42a6-b7ac-a59a3a5d95a6 (type: security_group_rules) to 0
2026-07-16 15:37:08.415 8 INFO neutron.db.ovn_revision_numbers_db [None req-94ad0c58-bae5-4c89-ba3d-50c94a693683 4ba66d0c86d84519a2f6237c617cf34b 145150dba4754a0fbf5d6b9b7e2088a0 - - default default] Successfully bumped revision number for resource bd4e981c-f752-42d8-acd2-29799288c91d (type: security_group_rules) to 0
2026-07-16 15:37:08.431 7 INFO neutron.db.ovn_revision_numbers_db [None req-34069a11-c235-48ac-8682-c5bd6736fcda - - - - - -] Successfully bumped revision number for resource 9c22a164-d1d8-4232-af0e-ab401ee803f8 (type: subnets) to 0 [pid: 8|app: 0|req: 1242/2591] 10.0.0.234 () {34 vars in 684 bytes} [Thu Jul 16 15:37:08 2026] POST /v2.0/security-groups => generated 1603 bytes in 222 msecs (HTTP/1.1 201) 4 headers in 163 bytes (1 switches on core 0) [pid: 7|app: 0|req: 1350/2592] 10.0.0.234 () {34 vars in 669 bytes} [Thu Jul 16 15:37:07 2026] POST /v2.0/subnets => generated 655 bytes in 838 msecs (HTTP/1.1 201) 4 headers in 162 bytes (1 switches on core 0) [pid: 7|app: 0|req: 1351/2593] 10.0.0.234 () {34 vars in 767 bytes} [Thu Jul 16 15:37:08 2026] PUT /v2.0/security-groups/d0c231b9-1fe5-4f0f-a06c-50e2ed1a74ca/tags => generated 17 bytes in 56 msecs (HTTP/1.1 200) 4 headers in 156 bytes (1 switches on core 0) [pid: 8|app: 0|req: 1243/2594] 10.0.0.234 () {32 vars in 774 bytes} [Thu Jul 16 15:37:08 2026] GET /v2.0/security-groups?tenant_id=8d32d265099c4782950a065de19b285e&name=default => generated 2925 bytes in 170 msecs (HTTP/1.1 200) 4 headers in 158 bytes (1 switches on core 0) [pid: 8|app: 0|req: 1244/2595] 10.0.0.234 () {34 vars in 767 bytes} [Thu Jul 16 15:37:08 2026] PUT /v2.0/security-groups/70fa249d-24e3-4214-afcc-1113407d6b68/tags => generated 25 bytes in 59 msecs (HTTP/1.1 200) 4 headers in 156 bytes (1 switches on core 0)
2026-07-16 15:37:08.725 7 WARNING neutron.scheduler.dhcp_agent_scheduler [None req-4060ef5b-c4c0-4bb4-a8b3-fe7037e1b40e e2b1d94e5f5c403395dd5bcce082a698 de7f456ee67241ab949179f3ef804394 - - default default] No more DHCP agents
2026-07-16 15:37:08.726 7 WARNING neutron.api.rpc.agentnotifiers.dhcp_rpc_agent_api [None req-4060ef5b-c4c0-4bb4-a8b3-fe7037e1b40e e2b1d94e5f5c403395dd5bcce082a698 de7f456ee67241ab949179f3ef804394 - - default default] Unable to schedule network 82b5685e-1611-431a-998f-723258942ad2: no agents available; will retry on subsequent port and subnet creation events.
2026-07-16 15:37:08.753 7 INFO neutron.db.ovn_revision_numbers_db [None req-4060ef5b-c4c0-4bb4-a8b3-fe7037e1b40e e2b1d94e5f5c403395dd5bcce082a698 de7f456ee67241ab949179f3ef804394 - - default default] Successfully bumped revision number for resource 089fa108-e25e-47e1-b334-83e48bc022d3 (type: subnets) to 0 [pid: 7|app: 0|req: 1352/2596] 10.0.0.234 () {34 vars in 669 bytes} [Thu Jul 16 15:37:08 2026] POST /v2.0/subnets => generated 725 bytes in 264 msecs (HTTP/1.1 201) 4 headers in 162 bytes (1 switches on core 0) [pid: 7|app: 0|req: 1353/2597] 10.0.0.234 () {34 vars in 767 bytes} [Thu Jul 16 15:37:08 2026] PUT /v2.0/security-groups/84b62ee1-4529-4453-8b94-329ddcbd0935/tags => generated 34 bytes in 60 msecs (HTTP/1.1 200) 4 headers in 156 bytes (1 switches on core 0) [pid: 8|app: 0|req: 1245/2598] 10.0.0.234 () {32 vars in 740 bytes} [Thu Jul 16 15:37:08 2026] DELETE /v2.0/security-groups/11e1c696-77e4-43b7-bd8e-e2e5440b700d => generated 0 bytes in 226 msecs (HTTP/1.1 204) 2 headers in 112 bytes (1 switches on core 0)
2026-07-16 15:37:08.950 7 INFO neutron.db.segments_db [None req-109862b7-32e1-49f2-9a25-d60672edba8e e2b1d94e5f5c403395dd5bcce082a698 de7f456ee67241ab949179f3ef804394 - - default default] Added segment b0290416-63f5-4dcb-b472-1f55624ffb35 of type geneve for network ba61cf6c-d4e0-4dd2-9a38-11f2a46f392b [pid: 8|app: 0|req: 1246/2599] 10.0.0.234 () {34 vars in 767 bytes} [Thu Jul 16 15:37:08 2026] PUT /v2.0/security-groups/bc09cec9-2001-4fe5-973b-4725ff915bcc/tags => generated 19 bytes in 53 msecs (HTTP/1.1 200) 4 headers in 156 bytes (1 switches on core 0) [pid: 8|app: 0|req: 1247/2600] 10.0.0.234 () {32 vars in 680 bytes} [Thu Jul 16 15:37:08 2026] GET /v2.0/security-groups?tags=red => generated 4806 bytes in 48 msecs (HTTP/1.1 200) 4 headers in 158 bytes (1 switches on core 0)
2026-07-16 15:37:09.077 7 INFO neutron.db.ovn_revision_numbers_db [None req-109862b7-32e1-49f2-9a25-d60672edba8e e2b1d94e5f5c403395dd5bcce082a698 de7f456ee67241ab949179f3ef804394 - - default default] Successfully bumped revision number for resource ba61cf6c-d4e0-4dd2-9a38-11f2a46f392b (type: networks) to 1
2026-07-16 15:37:09.184 8 INFO neutron.db.ovn_revision_numbers_db [None req-b00ed228-c692-4948-97d5-89ec47f6ef0d 589a3a0cbcba419398945199e4d94486 9ccd90d23d80408da420291e8925ff4e - - default default] Successfully bumped revision number for resource 09a81ce7-24ee-4231-b7fb-36af797963f0 (type: security_groups) to 1
2026-07-16 15:37:09.197 8 INFO neutron.db.ovn_revision_numbers_db [None req-b00ed228-c692-4948-97d5-89ec47f6ef0d 589a3a0cbcba419398945199e4d94486 9ccd90d23d80408da420291e8925ff4e - - default default] Successfully bumped revision number for resource 406304f3-9713-49bf-80c7-b17784bdeb5c (type: security_group_rules) to 0
2026-07-16 15:37:09.209 8 INFO neutron.db.ovn_revision_numbers_db [None req-b00ed228-c692-4948-97d5-89ec47f6ef0d 589a3a0cbcba419398945199e4d94486 9ccd90d23d80408da420291e8925ff4e - - default default] Successfully bumped revision number for resource 4d085e1a-9874-44bb-8742-b0dbc385520b (type: security_group_rules) to 0
2026-07-16 15:37:09.220 8 INFO neutron.db.ovn_revision_numbers_db [None req-b00ed228-c692-4948-97d5-89ec47f6ef0d 589a3a0cbcba419398945199e4d94486 9ccd90d23d80408da420291e8925ff4e - - default default] Successfully bumped revision number for resource dd2e2e22-3d7b-43fa-899b-337b65d71d09 (type: security_group_rules) to 0
2026-07-16 15:37:09.231 8 INFO neutron.db.ovn_revision_numbers_db [None req-b00ed228-c692-4948-97d5-89ec47f6ef0d 589a3a0cbcba419398945199e4d94486 9ccd90d23d80408da420291e8925ff4e - - default default] Successfully bumped revision number for resource f167e0d7-a109-4bef-8832-5d3892aa3320 (type: security_group_rules) to 0 [pid: 8|app: 0|req: 1248/2601] 10.0.0.234 () {32 vars in 774 bytes} [Thu Jul 16 15:37:09 2026] GET /v2.0/security-groups?tenant_id=6b473b17ce6a402a8a4e764970635332&name=default => generated 2929 bytes in 253 msecs (HTTP/1.1 200) 4 headers in 158 bytes (1 switches on core 0)
2026-07-16 15:37:09.295 7 WARNING neutron.scheduler.dhcp_agent_scheduler [None req-109862b7-32e1-49f2-9a25-d60672edba8e e2b1d94e5f5c403395dd5bcce082a698 de7f456ee67241ab949179f3ef804394 - - default default] No more DHCP agents
2026-07-16 15:37:09.297 7 WARNING neutron.api.rpc.agentnotifiers.dhcp_rpc_agent_api [None req-109862b7-32e1-49f2-9a25-d60672edba8e e2b1d94e5f5c403395dd5bcce082a698 de7f456ee67241ab949179f3ef804394 - - default default] Unable to schedule network ba61cf6c-d4e0-4dd2-9a38-11f2a46f392b: no agents available; will retry on subsequent port and subnet creation events. [pid: 8|app: 0|req: 1249/2602] 10.0.0.234 () {32 vars in 694 bytes} [Thu Jul 16 15:37:09 2026] GET /v2.0/security-groups?tags=red%2Cblue => generated 3220 bytes in 42 msecs (HTTP/1.1 200) 4 headers in 158 bytes (1 switches on core 0) [pid: 8|app: 0|req: 1250/2603] 10.0.0.238 () {34 vars in 990 bytes} [Thu Jul 16 15:37:09 2026] GET /v2.0/ports?device_id=17660a24-1204-4ddc-b2c2-ad21852ae64a => generated 12 bytes in 17 msecs (HTTP/1.1 200) 4 headers in 156 bytes (1 switches on core 0)
2026-07-16 15:37:09.358 7 INFO neutron.plugins.ml2.drivers.ovn.mech_driver.mech_driver [None req-6fca352e-ee79-4332-831f-376624bcd02a - - - - - -] OVN reports status down for port: 1e1dd44b-9f2b-4541-aaa9-d8dff1d20f48
2026-07-16 15:37:09.420 7 INFO neutron.db.ovn_revision_numbers_db [None req-109862b7-32e1-49f2-9a25-d60672edba8e e2b1d94e5f5c403395dd5bcce082a698 de7f456ee67241ab949179f3ef804394 - - default default] Successfully bumped revision number for resource 1e1dd44b-9f2b-4541-aaa9-d8dff1d20f48 (type: ports) to 1 [pid: 7|app: 0|req: 1354/2604] 10.0.0.234 () {34 vars in 670 bytes} [Thu Jul 16 15:37:08 2026] POST /v2.0/networks => generated 656 bytes in 647 msecs (HTTP/1.1 201) 4 headers in 162 bytes (1 switches on core 0) [pid: 7|app: 0|req: 1355/2605] 10.0.0.234 () {32 vars in 690 bytes} [Thu Jul 16 15:37:09 2026] GET /v2.0/security-groups?tags-any=blue => generated 3220 bytes in 60 msecs (HTTP/1.1 200) 4 headers in 158 bytes (1 switches on core 0) [pid: 8|app: 0|req: 1251/2606] 10.0.0.234 () {32 vars in 740 bytes} [Thu Jul 16 15:37:09 2026] DELETE /v2.0/security-groups/09a81ce7-24ee-4231-b7fb-36af797963f0 => generated 0 bytes in 238 msecs (HTTP/1.1 204) 2 headers in 112 bytes (1 switches on core 0) [pid: 8|app: 0|req: 1252/2607] 10.0.0.234 () {32 vars in 702 bytes} [Thu Jul 16 15:37:09 2026] GET /v2.0/security-groups?tags-any=red%2Cblue => generated 4806 bytes in 41 msecs (HTTP/1.1 200) 4 headers in 158 bytes (1 switches on core 0) [pid: 8|app: 0|req: 1253/2608] 10.0.0.234 () {32 vars in 688 bytes} [Thu Jul 16 15:37:09 2026] GET /v2.0/security-groups?not-tags=red => generated 6098 bytes in 49 msecs (HTTP/1.1 200) 4 headers in 158 bytes (1 switches on core 0) [pid: 8|app: 0|req: 1254/2609] 10.0.0.234 () {32 vars in 702 bytes} [Thu Jul 16 15:37:09 2026] GET /v2.0/security-groups?not-tags=red%2Cblue => generated 7684 bytes in 41 msecs (HTTP/1.1 200) 4 headers in 158 bytes (1 switches on core 0)
2026-07-16 15:37:09.752 7 WARNING neutron.scheduler.dhcp_agent_scheduler [None req-58afdd14-3daf-4450-9e48-dcc1ff331ede e2b1d94e5f5c403395dd5bcce082a698 de7f456ee67241ab949179f3ef804394 - - default default] No more DHCP agents
2026-07-16 15:37:09.753 7 WARNING neutron.api.rpc.agentnotifiers.dhcp_rpc_agent_api [None req-58afdd14-3daf-4450-9e48-dcc1ff331ede e2b1d94e5f5c403395dd5bcce082a698 de7f456ee67241ab949179f3ef804394 - - default default] Unable to schedule network ba61cf6c-d4e0-4dd2-9a38-11f2a46f392b: no agents available; will retry on subsequent port and subnet creation events.
2026-07-16 15:37:09.879 8 INFO neutron.db.ovn_revision_numbers_db [None req-f11e3a92-a285-428d-b761-23651b2eca8f 589a3a0cbcba419398945199e4d94486 9ccd90d23d80408da420291e8925ff4e - - default default] Successfully bumped revision number for resource bf984df6-0430-4e86-bc44-318a02ec68f1 (type: security_groups) to 1
2026-07-16 15:37:09.891 8 INFO neutron.db.ovn_revision_numbers_db [None req-f11e3a92-a285-428d-b761-23651b2eca8f 589a3a0cbcba419398945199e4d94486 9ccd90d23d80408da420291e8925ff4e - - default default] Successfully bumped revision number for resource 0df4cb90-821f-4b01-bb6f-51fd192beb22 (type: security_group_rules) to 0
2026-07-16 15:37:09.904 8 INFO neutron.db.ovn_revision_numbers_db [None req-f11e3a92-a285-428d-b761-23651b2eca8f 589a3a0cbcba419398945199e4d94486 9ccd90d23d80408da420291e8925ff4e - - default default] Successfully bumped revision number for resource 159b7302-2dd2-4a5f-b8f9-a59210406d43 (type: security_group_rules) to 0
2026-07-16 15:37:09.916 8 INFO neutron.db.ovn_revision_numbers_db [None req-f11e3a92-a285-428d-b761-23651b2eca8f 589a3a0cbcba419398945199e4d94486 9ccd90d23d80408da420291e8925ff4e - - default default] Successfully bumped revision number for resource 7804e473-8738-46b0-bcee-44b95c846ab6 (type: security_group_rules) to 0
2026-07-16 15:37:09.926 8 INFO neutron.db.ovn_revision_numbers_db [None req-f11e3a92-a285-428d-b761-23651b2eca8f 589a3a0cbcba419398945199e4d94486 9ccd90d23d80408da420291e8925ff4e - - default default] Successfully bumped revision number for resource b2a4c368-2fbd-4e75-bf94-de09a7506a67 (type: security_group_rules) to 0 [pid: 8|app: 0|req: 1255/2610] 10.0.0.234 () {32 vars in 774 bytes} [Thu Jul 16 15:37:09 2026] GET /v2.0/security-groups?tenant_id=f94413382afd43e2a33006e40340f203&name=default => generated 2929 bytes in 253 msecs (HTTP/1.1 200) 4 headers in 158 bytes (1 switches on core 0) [pid: 8|app: 0|req: 1256/2611] 10.0.0.234 () {32 vars in 698 bytes} [Thu Jul 16 15:37:09 2026] GET /v2.0/security-groups?not-tags-any=blue => generated 7684 bytes in 54 msecs (HTTP/1.1 200) 4 headers in 158 bytes (1 switches on core 0)
2026-07-16 15:37:10.263 7 INFO neutron.db.ovn_revision_numbers_db [None req-89a961ee-ff14-4ff4-97e8-55e02b6b2129 - - - - - -] Successfully bumped revision number for resource 1e1dd44b-9f2b-4541-aaa9-d8dff1d20f48 (type: ports) to 2 [pid: 8|app: 0|req: 1257/2612] 10.0.0.234 () {32 vars in 740 bytes} [Thu Jul 16 15:37:10 2026] DELETE /v2.0/security-groups/bf984df6-0430-4e86-bc44-318a02ec68f1 => generated 0 bytes in 283 msecs (HTTP/1.1 204) 2 headers in 112 bytes (1 switches on core 0)
2026-07-16 15:37:10.310 7 INFO neutron.db.ovn_revision_numbers_db [None req-89a961ee-ff14-4ff4-97e8-55e02b6b2129 - - - - - -] Successfully bumped revision number for resource 4580272f-ac27-456f-989f-1bd540393009 (type: subnets) to 0 [pid: 7|app: 0|req: 1356/2613] 10.0.0.234 () {34 vars in 669 bytes} [Thu Jul 16 15:37:09 2026] POST /v2.0/subnets => generated 655 bytes in 783 msecs (HTTP/1.1 201) 4 headers in 162 bytes (1 switches on core 0) [pid: 8|app: 0|req: 1258/2614] 10.0.0.234 () {32 vars in 710 bytes} [Thu Jul 16 15:37:10 2026] GET /v2.0/security-groups?not-tags-any=red%2Cblue => generated 6098 bytes in 37 msecs (HTTP/1.1 200) 4 headers in 158 bytes (1 switches on core 0)
2026-07-16 15:37:10.520 7 WARNING neutron.scheduler.dhcp_agent_scheduler [None req-7d2f3f7b-1be7-48fa-ada2-4c1925eb4236 e2b1d94e5f5c403395dd5bcce082a698 de7f456ee67241ab949179f3ef804394 - - default default] No more DHCP agents
2026-07-16 15:37:10.521 7 WARNING neutron.api.rpc.agentnotifiers.dhcp_rpc_agent_api [None req-7d2f3f7b-1be7-48fa-ada2-4c1925eb4236 e2b1d94e5f5c403395dd5bcce082a698 de7f456ee67241ab949179f3ef804394 - - default default] Unable to schedule network ba61cf6c-d4e0-4dd2-9a38-11f2a46f392b: no agents available; will retry on subsequent port and subnet creation events.
2026-07-16 15:37:10.553 7 INFO neutron.db.ovn_revision_numbers_db [None req-7d2f3f7b-1be7-48fa-ada2-4c1925eb4236 e2b1d94e5f5c403395dd5bcce082a698 de7f456ee67241ab949179f3ef804394 - - default default] Successfully bumped revision number for resource d08d520a-580b-4391-98b5-cb202b5a4ce7 (type: subnets) to 0 [pid: 7|app: 0|req: 1357/2615] 10.0.0.234 () {34 vars in 669 bytes} [Thu Jul 16 15:37:10 2026] POST /v2.0/subnets => generated 730 bytes in 247 msecs (HTTP/1.1 201) 4 headers in 162 bytes (1 switches on core 0) [pid: 7|app: 0|req: 1358/2616] 10.0.0.234 () {32 vars in 740 bytes} [Thu Jul 16 15:37:10 2026] DELETE /v2.0/security-groups/8fff82c9-2a50-4114-9123-2809eb2bab08 => generated 0 bytes in 182 msecs (HTTP/1.1 204) 2 headers in 112 bytes (1 switches on core 0) [pid: 8|app: 0|req: 1259/2617] 10.0.0.234 () {32 vars in 740 bytes} [Thu Jul 16 15:37:10 2026] DELETE /v2.0/security-groups/d0c231b9-1fe5-4f0f-a06c-50e2ed1a74ca => generated 0 bytes in 779 msecs (HTTP/1.1 204) 2 headers in 112 bytes (1 switches on core 0)
2026-07-16 15:37:11.206 7 WARNING neutron.scheduler.dhcp_agent_scheduler [None req-feb7466a-e93b-4cb2-a11f-e8aa8dadf4e2 e2b1d94e5f5c403395dd5bcce082a698 de7f456ee67241ab949179f3ef804394 - - default default] No more DHCP agents
2026-07-16 15:37:11.207 7 WARNING neutron.api.rpc.agentnotifiers.dhcp_rpc_agent_api [None req-feb7466a-e93b-4cb2-a11f-e8aa8dadf4e2 e2b1d94e5f5c403395dd5bcce082a698 de7f456ee67241ab949179f3ef804394 - - default default] Unable to schedule network 5b87638d-44e6-40a8-b34e-97e73b77d4b6: no agents available; will retry on subsequent port and subnet creation events.
2026-07-16 15:37:11.349 7 INFO neutron.plugins.ml2.drivers.ovn.mech_driver.mech_driver [None req-6fca352e-ee79-4332-831f-376624bcd02a - - - - - -] OVN reports status down for port: 973b95c0-8902-42a2-87d4-bf46d2708fa9
2026-07-16 15:37:11.420 7 INFO neutron.db.ovn_revision_numbers_db [None req-feb7466a-e93b-4cb2-a11f-e8aa8dadf4e2 e2b1d94e5f5c403395dd5bcce082a698 de7f456ee67241ab949179f3ef804394 - - default default] Successfully bumped revision number for resource 973b95c0-8902-42a2-87d4-bf46d2708fa9 (type: ports) to 1
2026-07-16 15:37:11.496 8 INFO neutron_taas.services.taas.taas_plugin [None req-6667e459-f821-4dff-ab82-d3a7d3794b5f c6fd8c71910b4ee6bf674d2e5239c4a9 528a17020ad748e99a7453df33bafb37 - - default default] TaaS: Handle Delete Port: 5431ff8a-21a1-4eea-946d-e8052a8c2eb9
2026-07-16 15:37:11.499 8 INFO neutron_taas.services.taas.tap_mirror_plugin [None req-6667e459-f821-4dff-ab82-d3a7d3794b5f c6fd8c71910b4ee6bf674d2e5239c4a9 528a17020ad748e99a7453df33bafb37 - - default default] Tap Mirror: Handle Delete Port: 5431ff8a-21a1-4eea-946d-e8052a8c2eb9 [pid: 8|app: 0|req: 1260/2618] 10.0.0.234 () {34 vars in 789 bytes} [Thu Jul 16 15:37:11 2026] PUT /v2.0/routers/51511eb2-90ee-48d9-a38d-e55151c63e0f/remove_router_interface => generated 309 bytes in 958 msecs (HTTP/1.1 200) 4 headers in 157 bytes (1 switches on core 0) /var/lib/openstack/lib/python3.12/site-packages/pycadf/identifier.py:70: UserWarning: Invalid uuid: neutron. To ensure interoperability, identifiers should be a valid uuid. warnings.warn(('Invalid uuid: %s. To ensure interoperability, '
2026-07-16 15:37:12.125 7 INFO neutron.plugins.ml2.drivers.ovn.mech_driver.ovsdb.commands [None req-62e67b6b-5189-41c5-a27d-d8291e61b2c6 - - - - - -] Schedule LRP lrp-973b95c0-8902-42a2-87d4-bf46d2708fa9 on gateway a28aa165-d9c1-46da-9f3a-a6e2c3d1d963 with priority 1
2026-07-16 15:37:12.179 7 INFO neutron.plugins.ml2.drivers.ovn.mech_driver.ovsdb.ovsdb_monitor [None req-64d804ee-e5c2-4453-8f66-1bfe8ae63059 - - - - - -] Router 20f7a81f-aa85-46f5-8f1c-8a9cc0413da1 is bound to host instance
2026-07-16 15:37:12.186 7 INFO neutron.plugins.ml2.drivers.ovn.mech_driver.mech_driver [None req-6fca352e-ee79-4332-831f-376624bcd02a - - - - - -] OVN reports status up for port: 973b95c0-8902-42a2-87d4-bf46d2708fa9
2026-07-16 15:37:12.226 7 INFO neutron.plugins.ml2.plugin [None req-6fca352e-ee79-4332-831f-376624bcd02a - - - - - -] Attempt 1 to provision port 973b95c0-8902-42a2-87d4-bf46d2708fa9 [pid: 8|app: 0|req: 1261/2619] 10.0.0.234 () {32 vars in 740 bytes} [Thu Jul 16 15:37:12 2026] DELETE /v2.0/security-groups/70fa249d-24e3-4214-afcc-1113407d6b68 => generated 0 bytes in 207 msecs (HTTP/1.1 204) 2 headers in 112 bytes (1 switches on core 0)
2026-07-16 15:37:12.292 7 INFO neutron.db.ovn_revision_numbers_db [None req-feb7466a-e93b-4cb2-a11f-e8aa8dadf4e2 e2b1d94e5f5c403395dd5bcce082a698 de7f456ee67241ab949179f3ef804394 - - default default] Successfully bumped revision number for resource 973b95c0-8902-42a2-87d4-bf46d2708fa9 (type: router_ports) to 1 [pid: 8|app: 0|req: 1262/2620] 10.0.0.234 () {32 vars in 724 bytes} [Thu Jul 16 15:37:12 2026] DELETE /v2.0/subnets/214ac2b1-d05e-4258-a80d-c1a99f536f2c => generated 0 bytes in 198 msecs (HTTP/1.1 204) 3 headers in 131 bytes (1 switches on core 0)
2026-07-16 15:37:12.494 7 INFO neutron.db.ovn_revision_numbers_db [None req-feb7466a-e93b-4cb2-a11f-e8aa8dadf4e2 e2b1d94e5f5c403395dd5bcce082a698 de7f456ee67241ab949179f3ef804394 - - default default] Successfully bumped revision number for resource 20f7a81f-aa85-46f5-8f1c-8a9cc0413da1 (type: routers) to 2 [pid: 7|app: 0|req: 1359/2621] 10.0.0.234 () {34 vars in 669 bytes} [Thu Jul 16 15:37:10 2026] POST /v2.0/routers => generated 945 bytes in 1762 msecs (HTTP/1.1 201) 4 headers in 162 bytes (1 switches on core 0) [pid: 8|app: 0|req: 1263/2622] 10.0.0.234 () {32 vars in 740 bytes} [Thu Jul 16 15:37:12 2026] DELETE /v2.0/security-groups/84b62ee1-4529-4453-8b94-329ddcbd0935 => generated 0 bytes in 175 msecs (HTTP/1.1 204) 2 headers in 112 bytes (1 switches on core 0)
2026-07-16 15:37:13.110 7 INFO neutron_taas.services.taas.taas_plugin [None req-653c46df-ab91-442d-a62f-e3dcfdb88fe1 c6fd8c71910b4ee6bf674d2e5239c4a9 528a17020ad748e99a7453df33bafb37 - - default default] TaaS: Handle Delete Port: e5bf8d8b-aabf-4e16-8dab-2916e74b2110
2026-07-16 15:37:13.117 7 INFO neutron_taas.services.taas.tap_mirror_plugin [None req-653c46df-ab91-442d-a62f-e3dcfdb88fe1 c6fd8c71910b4ee6bf674d2e5239c4a9 528a17020ad748e99a7453df33bafb37 - - default default] Tap Mirror: Handle Delete Port: e5bf8d8b-aabf-4e16-8dab-2916e74b2110
2026-07-16 15:37:13.233 8 WARNING neutron.scheduler.dhcp_agent_scheduler [None req-64741b93-5236-4455-8b22-bddeafcfc714 e2b1d94e5f5c403395dd5bcce082a698 de7f456ee67241ab949179f3ef804394 - - default default] No more DHCP agents
2026-07-16 15:37:13.235 8 WARNING neutron.api.rpc.agentnotifiers.dhcp_rpc_agent_api [None req-64741b93-5236-4455-8b22-bddeafcfc714 e2b1d94e5f5c403395dd5bcce082a698 de7f456ee67241ab949179f3ef804394 - - default default] Unable to schedule network 13bd4942-be56-4a3b-aef3-874a5f075074: no agents available; will retry on subsequent port and subnet creation events.
2026-07-16 15:37:13.361 8 INFO neutron.plugins.ml2.drivers.ovn.mech_driver.mech_driver [None req-d4f7064f-bad0-4fca-b958-63dde5694365 - - - - - -] OVN reports status down for port: ae8ab508-2da7-4428-9128-1dda5c2e2d63
2026-07-16 15:37:13.424 8 INFO neutron.db.ovn_revision_numbers_db [None req-64741b93-5236-4455-8b22-bddeafcfc714 e2b1d94e5f5c403395dd5bcce082a698 de7f456ee67241ab949179f3ef804394 - - default default] Successfully bumped revision number for resource ae8ab508-2da7-4428-9128-1dda5c2e2d63 (type: ports) to 1 [pid: 7|app: 0|req: 1360/2623] 10.0.0.234 () {32 vars in 724 bytes} [Thu Jul 16 15:37:12 2026] DELETE /v2.0/routers/51511eb2-90ee-48d9-a38d-e55151c63e0f => generated 0 bytes in 1310 msecs (HTTP/1.1 204) 2 headers in 112 bytes (1 switches on core 0)
