2026-07-16 15:34:52.415 7 INFO neutron.services.segments.plugin [-] Segment 070c5474-b47f-43ad-889c-739c8be996ab resource provider aggregate not found
2026-07-16 15:34:52.418 7 INFO neutron.services.segments.plugin [-] Segment 070c5474-b47f-43ad-889c-739c8be996ab resource provider aggregate not found
2026-07-16 15:34:52.445 7 INFO neutron.services.segments.plugin [-] Segment 070c5474-b47f-43ad-889c-739c8be996ab resource provider not found; error: Placement Client Error (4xx): {"errors": [{"status": 404, "title": "Not Found", "detail": "The resource could not be found.\n\n No resource provider with uuid 070c5474-b47f-43ad-889c-739c8be996ab found for delete ", "request_id": "req-47965057-55e6-4b5e-8e70-90d64e609053"}]}
2026-07-16 15:34:52.446 7 INFO neutron.services.segments.plugin [-] Segment 070c5474-b47f-43ad-889c-739c8be996ab resource provider not found; error: Placement Client Error (4xx): {"errors": [{"status": 404, "title": "Not Found", "detail": "The resource could not be found.\n\n No resource provider with uuid 070c5474-b47f-43ad-889c-739c8be996ab found for delete ", "request_id": "req-f3d6838b-3f5c-4ae4-9baf-863e56eac747"}]} [pid: 7|app: 0|req: 838/1654] 10.0.0.234 () {32 vars in 726 bytes} [Thu Jul 16 15:34:52 2026] DELETE /v2.0/networks/c27c096b-c8a3-4ed0-9ae3-1b584f8cab68 => generated 0 bytes in 487 msecs (HTTP/1.1 204) 3 headers in 131 bytes (1 switches on core 0)
2026-07-16 15:34:52.667 7 INFO neutron.db.segments_db [None req-b558ee87-da36-41f1-bb04-686529afdbb1 b643f4d7eb334254b34f98f5f8234fd1 c1415e1bf89a4560844a493ba5d222d3 - - default default] Added segment 84dfe69a-aa88-46fe-922a-f852b55fa102 of type geneve for network b689e74e-70c7-4b55-af3f-3d31cdadf94e
2026-07-16 15:34:52.798 7 INFO neutron.db.ovn_revision_numbers_db [None req-b558ee87-da36-41f1-bb04-686529afdbb1 b643f4d7eb334254b34f98f5f8234fd1 c1415e1bf89a4560844a493ba5d222d3 - - default default] Successfully bumped revision number for resource b689e74e-70c7-4b55-af3f-3d31cdadf94e (type: networks) to 1
2026-07-16 15:34:52.888 8 INFO neutron.db.ovn_revision_numbers_db [None req-f88ca124-ab2e-49f7-be78-d199932394fd e3045deb6bab432f9c7d6205b4f45af0 9a2dc239f55644afb9e0ed463ed5c311 - - default default] Successfully bumped revision number for resource 08b392f0-4e16-4f51-8169-2573def75fde (type: floatingips) to 1
2026-07-16 15:34:53.017 7 WARNING neutron.scheduler.dhcp_agent_scheduler [None req-b558ee87-da36-41f1-bb04-686529afdbb1 b643f4d7eb334254b34f98f5f8234fd1 c1415e1bf89a4560844a493ba5d222d3 - - default default] No more DHCP agents
2026-07-16 15:34:53.019 7 WARNING neutron.api.rpc.agentnotifiers.dhcp_rpc_agent_api [None req-b558ee87-da36-41f1-bb04-686529afdbb1 b643f4d7eb334254b34f98f5f8234fd1 c1415e1bf89a4560844a493ba5d222d3 - - default default] Unable to schedule network b689e74e-70c7-4b55-af3f-3d31cdadf94e: no agents available; will retry on subsequent port and subnet creation events.
2026-07-16 15:34:53.026 8 INFO neutron.db.ovn_revision_numbers_db [None req-f88ca124-ab2e-49f7-be78-d199932394fd e3045deb6bab432f9c7d6205b4f45af0 9a2dc239f55644afb9e0ed463ed5c311 - - default default] Successfully bumped revision number for resource 08b392f0-4e16-4f51-8169-2573def75fde (type: floatingips) to 2
2026-07-16 15:34:53.027 8 INFO neutron.db.l3_db [None req-f88ca124-ab2e-49f7-be78-d199932394fd e3045deb6bab432f9c7d6205b4f45af0 9a2dc239f55644afb9e0ed463ed5c311 - - default default] Floating IP 08b392f0-4e16-4f51-8169-2573def75fde associated. External IP: 10.96.250.210, port: f815d48f-b3a9-4069-9c23-042a463fe2e2. [pid: 8|app: 0|req: 817/1655] 10.0.0.234 () {34 vars in 749 bytes} [Thu Jul 16 15:34:52 2026] PUT /v2.0/floatingips/08b392f0-4e16-4f51-8169-2573def75fde => generated 855 bytes in 854 msecs (HTTP/1.1 200) 4 headers in 157 bytes (1 switches on core 0)
2026-07-16 15:34:53.102 8 INFO neutron.notifiers.nova [-] Nova event matching ['req-611410bb-a88a-4985-abd2-0bdaecc86310'] response: {'name': 'network-changed', 'server_uuid': 'cc27a8a4-f78c-4059-af48-78c4446bc33f', 'tag': 'f815d48f-b3a9-4069-9c23-042a463fe2e2', 'status': 'completed', 'code': 200}
2026-07-16 15:34:53.134 7 INFO neutron.db.ovn_revision_numbers_db [None req-b558ee87-da36-41f1-bb04-686529afdbb1 b643f4d7eb334254b34f98f5f8234fd1 c1415e1bf89a4560844a493ba5d222d3 - - default default] Successfully bumped revision number for resource 3d22fa79-1651-4254-8494-2d2151197b43 (type: ports) to 1 [pid: 7|app: 0|req: 839/1656] 10.0.0.234 () {34 vars in 670 bytes} [Thu Jul 16 15:34:52 2026] POST /v2.0/networks => generated 648 bytes in 633 msecs (HTTP/1.1 201) 4 headers in 162 bytes (1 switches on core 0)
2026-07-16 15:34:53.375 8 WARNING neutron.scheduler.dhcp_agent_scheduler [None req-347c51f1-262e-4518-8689-cb5386ab746b b643f4d7eb334254b34f98f5f8234fd1 c1415e1bf89a4560844a493ba5d222d3 - - default default] No more DHCP agents
2026-07-16 15:34:53.376 8 WARNING neutron.api.rpc.agentnotifiers.dhcp_rpc_agent_api [None req-347c51f1-262e-4518-8689-cb5386ab746b b643f4d7eb334254b34f98f5f8234fd1 c1415e1bf89a4560844a493ba5d222d3 - - default default] Unable to schedule network b689e74e-70c7-4b55-af3f-3d31cdadf94e: no agents available; will retry on subsequent port and subnet creation events. /var/lib/openstack/lib/python3.12/site-packages/pycadf/identifier.py:70: UserWarning: Invalid uuid: neutron. To ensure interoperability, identifiers should be a valid uuid. warnings.warn(('Invalid uuid: %s. To ensure interoperability, ' [pid: 7|app: 0|req: 840/1657] 199.204.45.70 () {34 vars in 1079 bytes} [Thu Jul 16 15:34:53 2026] GET /v2.0/ports?tenant_id=9a2dc239f55644afb9e0ed463ed5c311&device_id=cc27a8a4-f78c-4059-af48-78c4446bc33f => generated 1248 bytes in 41 msecs (HTTP/1.1 200) 4 headers in 158 bytes (1 switches on core 0) [pid: 7|app: 0|req: 841/1658] 199.204.45.70 () {34 vars in 985 bytes} [Thu Jul 16 15:34:53 2026] GET /v2.0/networks?id=2fc45fa4-4ff3-44c4-a3b0-81ce4d8f4428 => generated 809 bytes in 46 msecs (HTTP/1.1 200) 4 headers in 157 bytes (1 switches on core 0) [pid: 7|app: 0|req: 842/1659] 199.204.45.70 () {34 vars in 1057 bytes} [Thu Jul 16 15:34:53 2026] GET /v2.0/floatingips?fixed_ip_address=10.100.0.3&port_id=f815d48f-b3a9-4069-9c23-042a463fe2e2 => generated 860 bytes in 40 msecs (HTTP/1.1 200) 4 headers in 157 bytes (1 switches on core 0) [pid: 7|app: 0|req: 843/1660] 199.204.45.70 () {34 vars in 983 bytes} [Thu Jul 16 15:34:53 2026] GET /v2.0/subnets?id=96576866-211d-4584-a246-e741c9c394be => generated 690 bytes in 30 msecs (HTTP/1.1 200) 4 headers in 157 bytes (1 switches on core 0) [pid: 7|app: 0|req: 844/1661] 199.204.45.70 () {34 vars in 1051 bytes} [Thu Jul 16 15:34:53 2026] GET /v2.0/ports?network_id=2fc45fa4-4ff3-44c4-a3b0-81ce4d8f4428&device_owner=network%3Adhcp => generated 12 bytes in 38 msecs (HTTP/1.1 200) 4 headers in 156 bytes (1 switches on core 0)
2026-07-16 15:34:53.877 8 INFO neutron.db.ovn_revision_numbers_db [None req-c6ee8601-aaf1-4b80-a54a-0897ee25f3c2 - - - - - -] Successfully bumped revision number for resource 3d22fa79-1651-4254-8494-2d2151197b43 (type: ports) to 2 [pid: 7|app: 0|req: 845/1662] 199.204.45.70 () {34 vars in 1011 bytes} [Thu Jul 16 15:34:53 2026] GET /v2.0/networks/2fc45fa4-4ff3-44c4-a3b0-81ce4d8f4428?fields=segments => generated 14 bytes in 54 msecs (HTTP/1.1 200) 4 headers in 156 bytes (1 switches on core 0)
2026-07-16 15:34:53.910 8 INFO neutron.db.ovn_revision_numbers_db [None req-c6ee8601-aaf1-4b80-a54a-0897ee25f3c2 - - - - - -] Successfully bumped revision number for resource 9ba3ebf6-87f0-47f7-b640-ce0b71095697 (type: subnets) to 0 [pid: 8|app: 0|req: 818/1663] 10.0.0.234 () {34 vars in 669 bytes} [Thu Jul 16 15:34:53 2026] POST /v2.0/subnets => generated 626 bytes in 765 msecs (HTTP/1.1 201) 4 headers in 162 bytes (1 switches on core 0) [pid: 7|app: 0|req: 846/1664] 199.204.45.70 () {34 vars in 1111 bytes} [Thu Jul 16 15:34:53 2026] GET /v2.0/networks/2fc45fa4-4ff3-44c4-a3b0-81ce4d8f4428?fields=provider%3Aphysical_network&fields=provider%3Anetwork_type => generated 79 bytes in 54 msecs (HTTP/1.1 200) 4 headers in 156 bytes (1 switches on core 0)
2026-07-16 15:34:54.054 8 INFO neutron.db.ovn_revision_numbers_db [None req-c6e76d51-a111-4f06-b6e4-1d0f792cbfd8 b643f4d7eb334254b34f98f5f8234fd1 c1415e1bf89a4560844a493ba5d222d3 - - default default] Successfully bumped revision number for resource 13f0caad-cfd0-407c-a2e4-e9220d6c042b (type: routers) to 1 [pid: 8|app: 0|req: 819/1665] 10.0.0.234 () {34 vars in 669 bytes} [Thu Jul 16 15:34:53 2026] POST /v2.0/routers => generated 601 bytes in 148 msecs (HTTP/1.1 201) 4 headers in 162 bytes (1 switches on core 0)
2026-07-16 15:34:54.500 7 WARNING neutron.scheduler.dhcp_agent_scheduler [None req-f1e09b45-e32a-418c-be00-7f864e1587bb b643f4d7eb334254b34f98f5f8234fd1 c1415e1bf89a4560844a493ba5d222d3 - - default default] No more DHCP agents
2026-07-16 15:34:54.501 7 WARNING neutron.api.rpc.agentnotifiers.dhcp_rpc_agent_api [None req-f1e09b45-e32a-418c-be00-7f864e1587bb b643f4d7eb334254b34f98f5f8234fd1 c1415e1bf89a4560844a493ba5d222d3 - - default default] Unable to schedule network b689e74e-70c7-4b55-af3f-3d31cdadf94e: no agents available; will retry on subsequent port and subnet creation events.
2026-07-16 15:34:54.547 8 INFO neutron.db.ovn_revision_numbers_db [None req-25164882-ce56-44fc-ac43-b7e170590adb 84d168268ef3428d85a8473b4f45d572 4849e525b52f43d8b9978f3b9badd67b - - default default] Successfully bumped revision number for resource 31b2cf10-e71d-4978-b1ea-bd7cbd843b0f (type: security_groups) to 1
2026-07-16 15:34:54.564 8 INFO neutron.db.ovn_revision_numbers_db [None req-25164882-ce56-44fc-ac43-b7e170590adb 84d168268ef3428d85a8473b4f45d572 4849e525b52f43d8b9978f3b9badd67b - - default default] Successfully bumped revision number for resource 51e0639a-f9ad-4d2c-8258-a23f6fa40074 (type: security_group_rules) to 0
2026-07-16 15:34:54.578 8 INFO neutron.db.ovn_revision_numbers_db [None req-25164882-ce56-44fc-ac43-b7e170590adb 84d168268ef3428d85a8473b4f45d572 4849e525b52f43d8b9978f3b9badd67b - - default default] Successfully bumped revision number for resource 78af3b3b-11b0-40a4-aff0-da716d673c6f (type: security_group_rules) to 0
2026-07-16 15:34:54.595 8 INFO neutron.db.ovn_revision_numbers_db [None req-25164882-ce56-44fc-ac43-b7e170590adb 84d168268ef3428d85a8473b4f45d572 4849e525b52f43d8b9978f3b9badd67b - - default default] Successfully bumped revision number for resource 8c4c31e9-3885-4a0a-93bd-8b1ee861399d (type: security_group_rules) to 0
2026-07-16 15:34:54.609 8 INFO neutron.db.ovn_revision_numbers_db [None req-25164882-ce56-44fc-ac43-b7e170590adb 84d168268ef3428d85a8473b4f45d572 4849e525b52f43d8b9978f3b9badd67b - - default default] Successfully bumped revision number for resource cd7d2c46-0cce-4217-8ef2-8c7d5bda8064 (type: security_group_rules) to 0
2026-07-16 15:34:54.622 7 INFO neutron.plugins.ml2.drivers.ovn.mech_driver.mech_driver [None req-7a94ab7e-a5e2-485b-804c-191133519794 - - - - - -] OVN reports status down for port: ccaaf836-71fb-4c15-8fb8-73e4695db25b
2026-07-16 15:34:54.716 7 INFO neutron.db.ovn_revision_numbers_db [None req-f1e09b45-e32a-418c-be00-7f864e1587bb b643f4d7eb334254b34f98f5f8234fd1 c1415e1bf89a4560844a493ba5d222d3 - - default default] Successfully bumped revision number for resource ccaaf836-71fb-4c15-8fb8-73e4695db25b (type: ports) to 1
2026-07-16 15:34:54.724 8 INFO neutron.db.segments_db [None req-25164882-ce56-44fc-ac43-b7e170590adb 84d168268ef3428d85a8473b4f45d572 4849e525b52f43d8b9978f3b9badd67b - - default default] Added segment 2498a463-8046-4d15-8cfe-a6fcf96cb4ca of type geneve for network f2091251-de19-4b38-b405-99f61e3c0975
2026-07-16 15:34:54.811 8 WARNING neutron.plugins.ml2.drivers.ovn.mech_driver.ovsdb.ovn_client [None req-15c4b5c0-ff44-499f-ac5a-7960b78845e7 - - - - - -] No port found with ID 5e4e7f39-8fdc-4bef-b74f-ddefc698c11e: RuntimeError: No port found with ID 5e4e7f39-8fdc-4bef-b74f-ddefc698c11e
2026-07-16 15:34:54.829 8 INFO neutron.plugins.ml2.drivers.ovn.mech_driver.mech_driver [None req-15c4b5c0-ff44-499f-ac5a-7960b78845e7 - - - - - -] OVN reports status down for port: 3d22fa79-1651-4254-8494-2d2151197b43
2026-07-16 15:34:54.850 8 INFO neutron.db.segments_db [None req-25164882-ce56-44fc-ac43-b7e170590adb 84d168268ef3428d85a8473b4f45d572 4849e525b52f43d8b9978f3b9badd67b - - default default] Added segment 6dfe289d-e71c-458b-9533-8400f1ac6588 of type geneve for network 518ec20e-3608-4888-b0ec-0e368c077083
2026-07-16 15:34:55.006 8 INFO neutron.db.ovn_revision_numbers_db [None req-25164882-ce56-44fc-ac43-b7e170590adb 84d168268ef3428d85a8473b4f45d572 4849e525b52f43d8b9978f3b9badd67b - - default default] Successfully bumped revision number for resource f2091251-de19-4b38-b405-99f61e3c0975 (type: networks) to 1
2026-07-16 15:34:55.210 8 WARNING neutron.scheduler.dhcp_agent_scheduler [None req-25164882-ce56-44fc-ac43-b7e170590adb 84d168268ef3428d85a8473b4f45d572 4849e525b52f43d8b9978f3b9badd67b - - default default] No more DHCP agents
2026-07-16 15:34:55.218 8 WARNING neutron.api.rpc.agentnotifiers.dhcp_rpc_agent_api [None req-25164882-ce56-44fc-ac43-b7e170590adb 84d168268ef3428d85a8473b4f45d572 4849e525b52f43d8b9978f3b9badd67b - - default default] Unable to schedule network f2091251-de19-4b38-b405-99f61e3c0975: no agents available; will retry on subsequent port and subnet creation events.
2026-07-16 15:34:55.283 8 INFO neutron.plugins.ml2.drivers.ovn.mech_driver.mech_driver [None req-15c4b5c0-ff44-499f-ac5a-7960b78845e7 - - - - - -] OVN reports status down for port: 6413d14c-4c34-4a9e-ba39-914f8670b9cf
2026-07-16 15:34:55.369 8 INFO neutron.db.ovn_revision_numbers_db [None req-25164882-ce56-44fc-ac43-b7e170590adb 84d168268ef3428d85a8473b4f45d572 4849e525b52f43d8b9978f3b9badd67b - - default default] Successfully bumped revision number for resource 6413d14c-4c34-4a9e-ba39-914f8670b9cf (type: ports) to 1
2026-07-16 15:34:55.477 8 INFO neutron.db.ovn_revision_numbers_db [None req-25164882-ce56-44fc-ac43-b7e170590adb 84d168268ef3428d85a8473b4f45d572 4849e525b52f43d8b9978f3b9badd67b - - default default] Successfully bumped revision number for resource 518ec20e-3608-4888-b0ec-0e368c077083 (type: networks) to 1
2026-07-16 15:34:55.665 8 WARNING neutron.scheduler.dhcp_agent_scheduler [None req-25164882-ce56-44fc-ac43-b7e170590adb 84d168268ef3428d85a8473b4f45d572 4849e525b52f43d8b9978f3b9badd67b - - default default] No more DHCP agents
2026-07-16 15:34:55.667 8 WARNING neutron.api.rpc.agentnotifiers.dhcp_rpc_agent_api [None req-25164882-ce56-44fc-ac43-b7e170590adb 84d168268ef3428d85a8473b4f45d572 4849e525b52f43d8b9978f3b9badd67b - - default default] Unable to schedule network 518ec20e-3608-4888-b0ec-0e368c077083: no agents available; will retry on subsequent port and subnet creation events.
2026-07-16 15:34:55.748 8 INFO neutron.db.ovn_revision_numbers_db [None req-25164882-ce56-44fc-ac43-b7e170590adb 84d168268ef3428d85a8473b4f45d572 4849e525b52f43d8b9978f3b9badd67b - - default default] Successfully bumped revision number for resource 7b60b011-8e13-4d40-b137-11ff350e67b5 (type: ports) to 1
2026-07-16 15:34:55.774 7 INFO neutron.plugins.ml2.drivers.ovn.mech_driver.mech_driver [None req-7a94ab7e-a5e2-485b-804c-191133519794 - - - - - -] OVN reports status down for port: 7b60b011-8e13-4d40-b137-11ff350e67b5 [pid: 8|app: 0|req: 820/1666] 10.0.0.234 () {34 vars in 670 bytes} [Thu Jul 16 15:34:54 2026] POST /v2.0/networks => generated 1283 bytes in 1571 msecs (HTTP/1.1 201) 4 headers in 163 bytes (1 switches on core 0)
2026-07-16 15:34:56.066 7 INFO neutron.plugins.ml2.drivers.ovn.mech_driver.mech_driver [None req-7a94ab7e-a5e2-485b-804c-191133519794 - - - - - -] OVN reports status up for port: ccaaf836-71fb-4c15-8fb8-73e4695db25b
2026-07-16 15:34:56.099 7 INFO neutron.plugins.ml2.plugin [None req-7a94ab7e-a5e2-485b-804c-191133519794 - - - - - -] Attempt 1 to provision port ccaaf836-71fb-4c15-8fb8-73e4695db25b
2026-07-16 15:34:56.129 8 INFO neutron.db.ovn_revision_numbers_db [None req-26da3ee6-8e99-4a50-b38f-b71f2f65bf0e 589a3a0cbcba419398945199e4d94486 9ccd90d23d80408da420291e8925ff4e - - default default] Successfully bumped revision number for resource 9b5688cc-cb7d-4d68-a45b-7df60845047f (type: security_groups) to 1
2026-07-16 15:34:56.145 8 INFO neutron.db.ovn_revision_numbers_db [None req-26da3ee6-8e99-4a50-b38f-b71f2f65bf0e 589a3a0cbcba419398945199e4d94486 9ccd90d23d80408da420291e8925ff4e - - default default] Successfully bumped revision number for resource b3102134-1ecf-4c8e-b37e-6ba39b528fab (type: security_group_rules) to 0
2026-07-16 15:34:56.171 8 INFO neutron.db.ovn_revision_numbers_db [None req-26da3ee6-8e99-4a50-b38f-b71f2f65bf0e 589a3a0cbcba419398945199e4d94486 9ccd90d23d80408da420291e8925ff4e - - default default] Successfully bumped revision number for resource d2785256-0115-4c25-9ed1-f1cc4ef6503f (type: security_group_rules) to 0
2026-07-16 15:34:56.217 8 INFO neutron.db.ovn_revision_numbers_db [None req-26da3ee6-8e99-4a50-b38f-b71f2f65bf0e 589a3a0cbcba419398945199e4d94486 9ccd90d23d80408da420291e8925ff4e - - default default] Successfully bumped revision number for resource f33d2152-762f-4145-ad5e-902c46c3c07b (type: security_group_rules) to 0
2026-07-16 15:34:56.229 8 INFO neutron.db.ovn_revision_numbers_db [None req-26da3ee6-8e99-4a50-b38f-b71f2f65bf0e 589a3a0cbcba419398945199e4d94486 9ccd90d23d80408da420291e8925ff4e - - default default] Successfully bumped revision number for resource fde2bf5f-e0f9-4d34-a33b-bf819d9fbda2 (type: security_group_rules) to 0 [pid: 8|app: 0|req: 821/1667] 10.0.0.234 () {32 vars in 774 bytes} [Thu Jul 16 15:34:55 2026] GET /v2.0/security-groups?tenant_id=7ce0c6e577044e3182f413ebad074391&name=default => generated 2925 bytes in 511 msecs (HTTP/1.1 200) 4 headers in 158 bytes (1 switches on core 0)
2026-07-16 15:34:56.314 7 WARNING neutron.scheduler.dhcp_agent_scheduler [None req-f1e09b45-e32a-418c-be00-7f864e1587bb b643f4d7eb334254b34f98f5f8234fd1 c1415e1bf89a4560844a493ba5d222d3 - - default default] No more DHCP agents
2026-07-16 15:34:56.317 7 WARNING neutron.api.rpc.agentnotifiers.dhcp_rpc_agent_api [None req-f1e09b45-e32a-418c-be00-7f864e1587bb b643f4d7eb334254b34f98f5f8234fd1 c1415e1bf89a4560844a493ba5d222d3 - - default default] Unable to schedule network b689e74e-70c7-4b55-af3f-3d31cdadf94e: no agents available; will retry on subsequent port and subnet creation events.
2026-07-16 15:34:56.779 7 INFO neutron.db.ovn_revision_numbers_db [None req-f1e09b45-e32a-418c-be00-7f864e1587bb b643f4d7eb334254b34f98f5f8234fd1 c1415e1bf89a4560844a493ba5d222d3 - - default default] Successfully bumped revision number for resource ccaaf836-71fb-4c15-8fb8-73e4695db25b (type: router_ports) to 1 [pid: 7|app: 0|req: 847/1668] 10.0.0.234 () {34 vars in 783 bytes} [Thu Jul 16 15:34:54 2026] PUT /v2.0/routers/13f0caad-cfd0-407c-a2e4-e9220d6c042b/add_router_interface => generated 309 bytes in 2701 msecs (HTTP/1.1 200) 4 headers in 157 bytes (1 switches on core 0) [pid: 8|app: 0|req: 822/1669] 10.0.0.234 () {32 vars in 649 bytes} [Thu Jul 16 15:34:56 2026] GET /v2.0/networks => generated 1970 bytes in 641 msecs (HTTP/1.1 200) 4 headers in 158 bytes (1 switches on core 0) [pid: 8|app: 0|req: 823/1670] 10.0.0.234 () {32 vars in 717 bytes} [Thu Jul 16 15:34:56 2026] GET /v2.0/ports/ccaaf836-71fb-4c15-8fb8-73e4695db25b => generated 943 bytes in 32 msecs (HTTP/1.1 200) 4 headers in 157 bytes (1 switches on core 0)
2026-07-16 15:34:57.010 7 INFO neutron.db.ovn_revision_numbers_db [None req-7a94ab7e-a5e2-485b-804c-191133519794 - - - - - -] Successfully bumped revision number for resource ccaaf836-71fb-4c15-8fb8-73e4695db25b (type: ports) to 2
2026-07-16 15:34:57.180 8 INFO neutron_taas.services.taas.taas_plugin [None req-162bcb7b-72f0-49ee-ba61-5ef5d7e26000 84d168268ef3428d85a8473b4f45d572 4849e525b52f43d8b9978f3b9badd67b - - default default] TaaS: Handle Delete Port: 6413d14c-4c34-4a9e-ba39-914f8670b9cf
2026-07-16 15:34:57.186 8 INFO neutron_taas.services.taas.tap_mirror_plugin [None req-162bcb7b-72f0-49ee-ba61-5ef5d7e26000 84d168268ef3428d85a8473b4f45d572 4849e525b52f43d8b9978f3b9badd67b - - default default] Tap Mirror: Handle Delete Port: 6413d14c-4c34-4a9e-ba39-914f8670b9cf [pid: 7|app: 0|req: 848/1671] 10.0.0.234 () {32 vars in 740 bytes} [Thu Jul 16 15:34:56 2026] DELETE /v2.0/security-groups/9b5688cc-cb7d-4d68-a45b-7df60845047f => generated 0 bytes in 469 msecs (HTTP/1.1 204) 2 headers in 112 bytes (1 switches on core 0) [pid: 7|app: 0|req: 849/1672] 10.0.0.234 () {32 vars in 717 bytes} [Thu Jul 16 15:34:57 2026] GET /v2.0/ports/ccaaf836-71fb-4c15-8fb8-73e4695db25b => generated 943 bytes in 79 msecs (HTTP/1.1 200) 4 headers in 157 bytes (1 switches on core 0)
2026-07-16 15:34:57.410 8 INFO neutron.services.segments.plugin [-] Segment 2498a463-8046-4d15-8cfe-a6fcf96cb4ca resource provider aggregate not found
2026-07-16 15:34:57.416 8 INFO neutron.services.segments.plugin [-] Segment 2498a463-8046-4d15-8cfe-a6fcf96cb4ca resource provider aggregate not found
2026-07-16 15:34:57.426 8 INFO neutron.services.segments.plugin [-] Segment 2498a463-8046-4d15-8cfe-a6fcf96cb4ca resource provider not found; error: Placement Client Error (4xx): {"errors": [{"status": 404, "title": "Not Found", "detail": "The resource could not be found.\n\n No resource provider with uuid 2498a463-8046-4d15-8cfe-a6fcf96cb4ca found for delete ", "request_id": "req-528ea3ca-6247-406f-8050-2115286c214e"}]}
2026-07-16 15:34:57.435 8 INFO neutron.services.segments.plugin [-] Segment 2498a463-8046-4d15-8cfe-a6fcf96cb4ca resource provider not found; error: Placement Client Error (4xx): {"errors": [{"status": 404, "title": "Not Found", "detail": "The resource could not be found.\n\n No resource provider with uuid 2498a463-8046-4d15-8cfe-a6fcf96cb4ca found for delete ", "request_id": "req-d6265608-0c02-4bb0-a29e-63591b20c6fb"}]} [pid: 8|app: 0|req: 824/1673] 10.0.0.234 () {32 vars in 726 bytes} [Thu Jul 16 15:34:56 2026] DELETE /v2.0/networks/f2091251-de19-4b38-b405-99f61e3c0975 => generated 0 bytes in 514 msecs (HTTP/1.1 204) 3 headers in 131 bytes (1 switches on core 0)
2026-07-16 15:34:57.618 8 INFO neutron.db.ovn_revision_numbers_db [None req-2c49fc5a-036c-4b2f-98f6-093b042880bd 589a3a0cbcba419398945199e4d94486 9ccd90d23d80408da420291e8925ff4e - - default default] Successfully bumped revision number for resource 86d43e49-0b14-41c1-a114-f832cc1f94c6 (type: security_groups) to 1
2026-07-16 15:34:57.632 8 INFO neutron.db.ovn_revision_numbers_db [None req-2c49fc5a-036c-4b2f-98f6-093b042880bd 589a3a0cbcba419398945199e4d94486 9ccd90d23d80408da420291e8925ff4e - - default default] Successfully bumped revision number for resource 4154716a-a20c-467f-99c7-5269c0c8de19 (type: security_group_rules) to 0
2026-07-16 15:34:57.648 8 INFO neutron.db.ovn_revision_numbers_db [None req-2c49fc5a-036c-4b2f-98f6-093b042880bd 589a3a0cbcba419398945199e4d94486 9ccd90d23d80408da420291e8925ff4e - - default default] Successfully bumped revision number for resource 9789c4c1-4c34-4b86-9a07-59de82a075b0 (type: security_group_rules) to 0
2026-07-16 15:34:57.662 8 INFO neutron.db.ovn_revision_numbers_db [None req-2c49fc5a-036c-4b2f-98f6-093b042880bd 589a3a0cbcba419398945199e4d94486 9ccd90d23d80408da420291e8925ff4e - - default default] Successfully bumped revision number for resource beb76f52-d103-45e2-8c28-3d4e350bae50 (type: security_group_rules) to 0
2026-07-16 15:34:57.670 7 INFO neutron_taas.services.taas.taas_plugin [None req-9578b871-9262-4dcd-a069-c1c7bb408e5a b643f4d7eb334254b34f98f5f8234fd1 c1415e1bf89a4560844a493ba5d222d3 - - default default] TaaS: Handle Delete Port: ccaaf836-71fb-4c15-8fb8-73e4695db25b
2026-07-16 15:34:57.674 7 INFO neutron_taas.services.taas.tap_mirror_plugin [None req-9578b871-9262-4dcd-a069-c1c7bb408e5a b643f4d7eb334254b34f98f5f8234fd1 c1415e1bf89a4560844a493ba5d222d3 - - default default] Tap Mirror: Handle Delete Port: ccaaf836-71fb-4c15-8fb8-73e4695db25b
2026-07-16 15:34:57.677 8 INFO neutron.db.ovn_revision_numbers_db [None req-2c49fc5a-036c-4b2f-98f6-093b042880bd 589a3a0cbcba419398945199e4d94486 9ccd90d23d80408da420291e8925ff4e - - default default] Successfully bumped revision number for resource e99589c9-2b53-4c6c-ad7c-882fb480f269 (type: security_group_rules) to 0 [pid: 8|app: 0|req: 825/1674] 10.0.0.234 () {32 vars in 774 bytes} [Thu Jul 16 15:34:57 2026] GET /v2.0/security-groups?tenant_id=6bac801e4ea14c11b244f3416e41b3a0&name=default => generated 2925 bytes in 247 msecs (HTTP/1.1 200) 4 headers in 158 bytes (1 switches on core 0)
2026-07-16 15:34:57.854 8 INFO neutron_taas.services.taas.taas_plugin [None req-01de8cea-c1a8-4402-a96d-ce831261c824 84d168268ef3428d85a8473b4f45d572 4849e525b52f43d8b9978f3b9badd67b - - default default] TaaS: Handle Delete Port: 7b60b011-8e13-4d40-b137-11ff350e67b5
2026-07-16 15:34:57.863 8 INFO neutron_taas.services.taas.tap_mirror_plugin [None req-01de8cea-c1a8-4402-a96d-ce831261c824 84d168268ef3428d85a8473b4f45d572 4849e525b52f43d8b9978f3b9badd67b - - default default] Tap Mirror: Handle Delete Port: 7b60b011-8e13-4d40-b137-11ff350e67b5 [pid: 7|app: 0|req: 850/1675] 10.0.0.234 () {34 vars in 789 bytes} [Thu Jul 16 15:34:57 2026] PUT /v2.0/routers/13f0caad-cfd0-407c-a2e4-e9220d6c042b/remove_router_interface => generated 309 bytes in 694 msecs (HTTP/1.1 200) 4 headers in 157 bytes (1 switches on core 0) /var/lib/openstack/lib/python3.12/site-packages/pycadf/identifier.py:70: UserWarning: Invalid uuid: neutron. To ensure interoperability, identifiers should be a valid uuid. warnings.warn(('Invalid uuid: %s. To ensure interoperability, ' [pid: 8|app: 0|req: 826/1676] 10.0.0.234 () {32 vars in 726 bytes} [Thu Jul 16 15:34:57 2026] DELETE /v2.0/networks/518ec20e-3608-4888-b0ec-0e368c077083 => generated 0 bytes in 492 msecs (HTTP/1.1 204) 3 headers in 131 bytes (1 switches on core 0) [pid: 8|app: 0|req: 827/1677] 10.0.0.234 () {32 vars in 736 bytes} [Thu Jul 16 15:34:58 2026] GET /v2.0/ports?device_id=13f0caad-cfd0-407c-a2e4-e9220d6c042b => generated 12 bytes in 16 msecs (HTTP/1.1 200) 4 headers in 156 bytes (1 switches on core 0) [pid: 8|app: 0|req: 828/1678] 10.0.0.234 () {32 vars in 649 bytes} [Thu Jul 16 15:34:58 2026] GET /v2.0/networks => generated 689 bytes in 58 msecs (HTTP/1.1 200) 4 headers in 157 bytes (1 switches on core 0) [pid: 7|app: 0|req: 851/1679] 10.0.0.234 () {32 vars in 740 bytes} [Thu Jul 16 15:34:58 2026] DELETE /v2.0/security-groups/86d43e49-0b14-41c1-a114-f832cc1f94c6 => generated 0 bytes in 356 msecs (HTTP/1.1 204) 2 headers in 112 bytes (1 switches on core 0) [pid: 8|app: 0|req: 829/1680] 10.0.0.234 () {32 vars in 724 bytes} [Thu Jul 16 15:34:58 2026] DELETE /v2.0/routers/13f0caad-cfd0-407c-a2e4-e9220d6c042b => generated 0 bytes in 216 msecs (HTTP/1.1 204) 2 headers in 112 bytes (1 switches on core 0)
2026-07-16 15:34:58.514 7 INFO neutron.db.segments_db [None req-66dae209-ccb9-4347-9ae9-5751c9a5aefe 84d168268ef3428d85a8473b4f45d572 4849e525b52f43d8b9978f3b9badd67b - - default default] Added segment b31832f9-91fd-4dad-808a-d693e90fab50 of type geneve for network e0c165f0-7a45-4b2f-a4cf-99314cb71f2e
2026-07-16 15:34:58.640 7 INFO neutron.db.ovn_revision_numbers_db [None req-66dae209-ccb9-4347-9ae9-5751c9a5aefe 84d168268ef3428d85a8473b4f45d572 4849e525b52f43d8b9978f3b9badd67b - - default default] Successfully bumped revision number for resource e0c165f0-7a45-4b2f-a4cf-99314cb71f2e (type: networks) to 1 [pid: 8|app: 0|req: 830/1681] 10.0.0.234 () {32 vars in 724 bytes} [Thu Jul 16 15:34:58 2026] DELETE /v2.0/subnets/9ba3ebf6-87f0-47f7-b640-ce0b71095697 => generated 0 bytes in 218 msecs (HTTP/1.1 204) 3 headers in 131 bytes (1 switches on core 0)
2026-07-16 15:34:58.805 7 WARNING neutron.scheduler.dhcp_agent_scheduler [None req-66dae209-ccb9-4347-9ae9-5751c9a5aefe 84d168268ef3428d85a8473b4f45d572 4849e525b52f43d8b9978f3b9badd67b - - default default] No more DHCP agents
2026-07-16 15:34:58.807 7 WARNING neutron.api.rpc.agentnotifiers.dhcp_rpc_agent_api [None req-66dae209-ccb9-4347-9ae9-5751c9a5aefe 84d168268ef3428d85a8473b4f45d572 4849e525b52f43d8b9978f3b9badd67b - - default default] Unable to schedule network e0c165f0-7a45-4b2f-a4cf-99314cb71f2e: no agents available; will retry on subsequent port and subnet creation events.
2026-07-16 15:34:58.884 8 INFO neutron.plugins.ml2.drivers.ovn.mech_driver.mech_driver [None req-15c4b5c0-ff44-499f-ac5a-7960b78845e7 - - - - - -] OVN reports status down for port: c765c78a-ed56-4db8-a71e-5d585aeb0ae0
2026-07-16 15:34:58.900 7 INFO neutron.db.ovn_revision_numbers_db [None req-66dae209-ccb9-4347-9ae9-5751c9a5aefe 84d168268ef3428d85a8473b4f45d572 4849e525b52f43d8b9978f3b9badd67b - - default default] Successfully bumped revision number for resource c765c78a-ed56-4db8-a71e-5d585aeb0ae0 (type: ports) to 1 [pid: 7|app: 0|req: 852/1682] 10.0.0.234 () {34 vars in 670 bytes} [Thu Jul 16 15:34:58 2026] POST /v2.0/networks => generated 673 bytes in 547 msecs (HTTP/1.1 201) 4 headers in 162 bytes (1 switches on core 0)
2026-07-16 15:34:58.947 8 INFO neutron_taas.services.taas.taas_plugin [None req-a989e140-1aab-40b6-94cb-30ab2854cefd b643f4d7eb334254b34f98f5f8234fd1 c1415e1bf89a4560844a493ba5d222d3 - - default default] TaaS: Handle Delete Port: 3d22fa79-1651-4254-8494-2d2151197b43
2026-07-16 15:34:58.953 8 INFO neutron_taas.services.taas.tap_mirror_plugin [None req-a989e140-1aab-40b6-94cb-30ab2854cefd b643f4d7eb334254b34f98f5f8234fd1 c1415e1bf89a4560844a493ba5d222d3 - - default default] Tap Mirror: Handle Delete Port: 3d22fa79-1651-4254-8494-2d2151197b43
2026-07-16 15:34:59.051 7 INFO neutron.db.segments_db [None req-9f5dcbdd-9554-45d4-a766-7198f2d1a011 84d168268ef3428d85a8473b4f45d572 4849e525b52f43d8b9978f3b9badd67b - - default default] Added segment 1d0ef5b2-543b-4171-9983-82245a7bc92d of type geneve for network 6203274c-576c-4d48-95c2-32f60c524108
2026-07-16 15:34:59.228 7 INFO neutron.db.ovn_revision_numbers_db [None req-9f5dcbdd-9554-45d4-a766-7198f2d1a011 84d168268ef3428d85a8473b4f45d572 4849e525b52f43d8b9978f3b9badd67b - - default default] Successfully bumped revision number for resource 6203274c-576c-4d48-95c2-32f60c524108 (type: networks) to 1 [pid: 8|app: 0|req: 831/1683] 10.0.0.234 () {32 vars in 726 bytes} [Thu Jul 16 15:34:58 2026] DELETE /v2.0/networks/b689e74e-70c7-4b55-af3f-3d31cdadf94e => generated 0 bytes in 536 msecs (HTTP/1.1 204) 3 headers in 131 bytes (1 switches on core 0)
2026-07-16 15:34:59.438 7 WARNING neutron.scheduler.dhcp_agent_scheduler [None req-9f5dcbdd-9554-45d4-a766-7198f2d1a011 84d168268ef3428d85a8473b4f45d572 4849e525b52f43d8b9978f3b9badd67b - - default default] No more DHCP agents
2026-07-16 15:34:59.440 7 WARNING neutron.api.rpc.agentnotifiers.dhcp_rpc_agent_api [None req-9f5dcbdd-9554-45d4-a766-7198f2d1a011 84d168268ef3428d85a8473b4f45d572 4849e525b52f43d8b9978f3b9badd67b - - default default] Unable to schedule network 6203274c-576c-4d48-95c2-32f60c524108: no agents available; will retry on subsequent port and subnet creation events.
2026-07-16 15:34:59.461 8 INFO neutron.services.segments.plugin [-] Segment 6dfe289d-e71c-458b-9533-8400f1ac6588 resource provider aggregate not found
2026-07-16 15:34:59.481 8 INFO neutron.services.segments.plugin [-] Segment 6dfe289d-e71c-458b-9533-8400f1ac6588 resource provider aggregate not found
2026-07-16 15:34:59.502 8 INFO neutron.services.segments.plugin [-] Segment 6dfe289d-e71c-458b-9533-8400f1ac6588 resource provider not found; error: Placement Client Error (4xx): {"errors": [{"status": 404, "title": "Not Found", "detail": "The resource could not be found.\n\n No resource provider with uuid 6dfe289d-e71c-458b-9533-8400f1ac6588 found for delete ", "request_id": "req-eed707c1-a152-48d0-b89a-f7d90fe21226"}]}
2026-07-16 15:34:59.513 8 INFO neutron.services.segments.plugin [-] Segment 6dfe289d-e71c-458b-9533-8400f1ac6588 resource provider not found; error: Placement Client Error (4xx): {"errors": [{"status": 404, "title": "Not Found", "detail": "The resource could not be found.\n\n No resource provider with uuid 6dfe289d-e71c-458b-9533-8400f1ac6588 found for delete ", "request_id": "req-4d884238-8192-48b8-a5ab-fa8ccd395782"}]}
2026-07-16 15:34:59.527 8 INFO neutron.services.segments.plugin [-] Segment 84dfe69a-aa88-46fe-922a-f852b55fa102 resource provider aggregate not found
2026-07-16 15:34:59.537 8 INFO neutron.services.segments.plugin [-] Segment 84dfe69a-aa88-46fe-922a-f852b55fa102 resource provider aggregate not found
2026-07-16 15:34:59.538 7 INFO neutron.db.ovn_revision_numbers_db [None req-9f5dcbdd-9554-45d4-a766-7198f2d1a011 84d168268ef3428d85a8473b4f45d572 4849e525b52f43d8b9978f3b9badd67b - - default default] Successfully bumped revision number for resource 3e289caa-6d50-4527-95d2-423ee1554ed3 (type: ports) to 1
2026-07-16 15:34:59.557 8 INFO neutron.services.segments.plugin [-] Segment 84dfe69a-aa88-46fe-922a-f852b55fa102 resource provider not found; error: Placement Client Error (4xx): {"errors": [{"status": 404, "title": "Not Found", "detail": "The resource could not be found.\n\n No resource provider with uuid 84dfe69a-aa88-46fe-922a-f852b55fa102 found for delete ", "request_id": "req-c889b122-ccf8-4872-82e7-32f456fa32c1"}]}
2026-07-16 15:34:59.559 8 INFO neutron.services.segments.plugin [-] Segment 84dfe69a-aa88-46fe-922a-f852b55fa102 resource provider not found; error: Placement Client Error (4xx): {"errors": [{"status": 404, "title": "Not Found", "detail": "The resource could not be found.\n\n No resource provider with uuid 84dfe69a-aa88-46fe-922a-f852b55fa102 found for delete ", "request_id": "req-17656b0b-ada9-4c4d-93ec-892f4754d1e9"}]} [pid: 7|app: 0|req: 853/1684] 10.0.0.234 () {34 vars in 670 bytes} [Thu Jul 16 15:34:58 2026] POST /v2.0/networks => generated 673 bytes in 661 msecs (HTTP/1.1 201) 4 headers in 162 bytes (1 switches on core 0)
2026-07-16 15:34:59.887 8 WARNING neutron.scheduler.dhcp_agent_scheduler [None req-618bfaa3-0701-496f-8888-1b103f555133 b643f4d7eb334254b34f98f5f8234fd1 c1415e1bf89a4560844a493ba5d222d3 - - default default] No more DHCP agents
2026-07-16 15:34:59.889 8 WARNING neutron.api.rpc.agentnotifiers.dhcp_rpc_agent_api [None req-618bfaa3-0701-496f-8888-1b103f555133 b643f4d7eb334254b34f98f5f8234fd1 c1415e1bf89a4560844a493ba5d222d3 - - default default] Unable to schedule network 5b87638d-44e6-40a8-b34e-97e73b77d4b6: no agents available; will retry on subsequent port and subnet creation events.
2026-07-16 15:35:00.041 8 INFO neutron.db.ovn_revision_numbers_db [None req-618bfaa3-0701-496f-8888-1b103f555133 b643f4d7eb334254b34f98f5f8234fd1 c1415e1bf89a4560844a493ba5d222d3 - - default default] Successfully bumped revision number for resource 078f054a-bb25-4c59-bfe4-bb60b474d59f (type: ports) to 1
2026-07-16 15:35:00.159 7 WARNING neutron.scheduler.dhcp_agent_scheduler [None req-811f55d0-83ce-4f20-beaa-06c6f5a85c4b 84d168268ef3428d85a8473b4f45d572 4849e525b52f43d8b9978f3b9badd67b - - default default] No more DHCP agents
2026-07-16 15:35:00.166 7 WARNING neutron.api.rpc.agentnotifiers.dhcp_rpc_agent_api [None req-811f55d0-83ce-4f20-beaa-06c6f5a85c4b 84d168268ef3428d85a8473b4f45d572 4849e525b52f43d8b9978f3b9badd67b - - default default] Unable to schedule network e0c165f0-7a45-4b2f-a4cf-99314cb71f2e: no agents available; will retry on subsequent port and subnet creation events.
2026-07-16 15:35:00.284 7 INFO neutron.db.ovn_revision_numbers_db [None req-811f55d0-83ce-4f20-beaa-06c6f5a85c4b 84d168268ef3428d85a8473b4f45d572 4849e525b52f43d8b9978f3b9badd67b - - default default] Successfully bumped revision number for resource 1aeef1ca-9168-4691-a462-43bc89d40af5 (type: ports) to 1
2026-07-16 15:35:00.326 7 WARNING neutron.scheduler.dhcp_agent_scheduler [None req-811f55d0-83ce-4f20-beaa-06c6f5a85c4b 84d168268ef3428d85a8473b4f45d572 4849e525b52f43d8b9978f3b9badd67b - - default default] No more DHCP agents
2026-07-16 15:35:00.327 7 WARNING neutron.api.rpc.agentnotifiers.dhcp_rpc_agent_api [None req-811f55d0-83ce-4f20-beaa-06c6f5a85c4b 84d168268ef3428d85a8473b4f45d572 4849e525b52f43d8b9978f3b9badd67b - - default default] Unable to schedule network 6203274c-576c-4d48-95c2-32f60c524108: no agents available; will retry on subsequent port and subnet creation events.
2026-07-16 15:35:00.445 7 INFO neutron.db.ovn_revision_numbers_db [None req-811f55d0-83ce-4f20-beaa-06c6f5a85c4b 84d168268ef3428d85a8473b4f45d572 4849e525b52f43d8b9978f3b9badd67b - - default default] Successfully bumped revision number for resource dd689f1b-a163-4fb1-9491-a0687da67c1f (type: ports) to 1 [pid: 7|app: 0|req: 854/1685] 10.0.0.234 () {34 vars in 665 bytes} [Thu Jul 16 15:34:59 2026] POST /v2.0/ports => generated 1506 bytes in 932 msecs (HTTP/1.1 201) 4 headers in 163 bytes (1 switches on core 0) /var/lib/openstack/lib/python3.12/site-packages/pycadf/identifier.py:70: UserWarning: Invalid uuid: neutron. To ensure interoperability, identifiers should be a valid uuid. warnings.warn(('Invalid uuid: %s. To ensure interoperability, ' [pid: 7|app: 0|req: 855/1686] 10.0.0.238 () {34 vars in 990 bytes} [Thu Jul 16 15:35:00 2026] GET /v2.0/ports?device_id=cc27a8a4-f78c-4059-af48-78c4446bc33f => generated 1010 bytes in 82 msecs (HTTP/1.1 200) 4 headers in 158 bytes (1 switches on core 0) [pid: 7|app: 0|req: 856/1687] 10.0.0.234 () {32 vars in 643 bytes} [Thu Jul 16 15:35:00 2026] GET /v2.0/ports => generated 3018 bytes in 47 msecs (HTTP/1.1 200) 4 headers in 158 bytes (1 switches on core 0) [pid: 7|app: 0|req: 857/1688] 10.0.0.238 () {34 vars in 1120 bytes} [Thu Jul 16 15:35:00 2026] GET /v2.0/security-groups?id=98d28dc6-29f9-4435-a83f-61215f9be0dd&id=0d0cfa78-af9e-43d7-a325-4419c7a64d65&fields=id&fields=name => generated 206 bytes in 31 msecs (HTTP/1.1 200) 4 headers in 157 bytes (1 switches on core 0)
2026-07-16 15:35:00.812 8 INFO neutron.plugins.ml2.drivers.ovn.mech_driver.ovsdb.commands [None req-294f228e-0de1-48a1-adcf-c41851b64653 - - - - - -] Schedule LRP lrp-078f054a-bb25-4c59-bfe4-bb60b474d59f on gateway a28aa165-d9c1-46da-9f3a-a6e2c3d1d963 with priority 1
2026-07-16 15:35:00.873 7 INFO neutron_taas.services.taas.taas_plugin [None req-5f732f55-3e8b-4b99-9dff-11583620252b 84d168268ef3428d85a8473b4f45d572 4849e525b52f43d8b9978f3b9badd67b - - default default] TaaS: Handle Delete Port: 1aeef1ca-9168-4691-a462-43bc89d40af5
2026-07-16 15:35:00.881 7 INFO neutron_taas.services.taas.tap_mirror_plugin [None req-5f732f55-3e8b-4b99-9dff-11583620252b 84d168268ef3428d85a8473b4f45d572 4849e525b52f43d8b9978f3b9badd67b - - default default] Tap Mirror: Handle Delete Port: 1aeef1ca-9168-4691-a462-43bc89d40af5
2026-07-16 15:35:00.922 8 INFO neutron.db.ovn_revision_numbers_db [None req-618bfaa3-0701-496f-8888-1b103f555133 b643f4d7eb334254b34f98f5f8234fd1 c1415e1bf89a4560844a493ba5d222d3 - - default default] Successfully bumped revision number for resource 078f054a-bb25-4c59-bfe4-bb60b474d59f (type: router_ports) to 1
2026-07-16 15:35:01.036 8 INFO neutron.db.ovn_revision_numbers_db [None req-618bfaa3-0701-496f-8888-1b103f555133 b643f4d7eb334254b34f98f5f8234fd1 c1415e1bf89a4560844a493ba5d222d3 - - default default] Successfully bumped revision number for resource 93a3ef42-3647-48a5-8066-9cc82b4737f8 (type: routers) to 2 [pid: 7|app: 0|req: 858/1689] 10.0.0.234 () {32 vars in 720 bytes} [Thu Jul 16 15:35:00 2026] DELETE /v2.0/ports/1aeef1ca-9168-4691-a462-43bc89d40af5 => generated 0 bytes in 320 msecs (HTTP/1.1 204) 3 headers in 131 bytes (1 switches on core 0) [pid: 8|app: 0|req: 832/1690] 10.0.0.234 () {34 vars in 669 bytes} [Thu Jul 16 15:34:59 2026] POST /v2.0/routers => generated 948 bytes in 1781 msecs (HTTP/1.1 201) 4 headers in 162 bytes (1 switches on core 0)
2026-07-16 15:35:01.239 8 INFO neutron_taas.services.taas.taas_plugin [None req-f39eee98-bf17-4d07-bf66-f0bdf958fe37 84d168268ef3428d85a8473b4f45d572 4849e525b52f43d8b9978f3b9badd67b - - default default] TaaS: Handle Delete Port: dd689f1b-a163-4fb1-9491-a0687da67c1f
2026-07-16 15:35:01.244 8 INFO neutron_taas.services.taas.tap_mirror_plugin [None req-f39eee98-bf17-4d07-bf66-f0bdf958fe37 84d168268ef3428d85a8473b4f45d572 4849e525b52f43d8b9978f3b9badd67b - - default default] Tap Mirror: Handle Delete Port: dd689f1b-a163-4fb1-9491-a0687da67c1f [pid: 8|app: 0|req: 833/1691] 10.0.0.234 () {32 vars in 720 bytes} [Thu Jul 16 15:35:01 2026] DELETE /v2.0/ports/dd689f1b-a163-4fb1-9491-a0687da67c1f => generated 0 bytes in 326 msecs (HTTP/1.1 204) 3 headers in 131 bytes (1 switches on core 0) [pid: 7|app: 0|req: 859/1692] 10.0.0.234 () {32 vars in 736 bytes} [Thu Jul 16 15:35:01 2026] GET /v2.0/ports?device_id=cc27a8a4-f78c-4059-af48-78c4446bc33f => generated 1248 bytes in 371 msecs (HTTP/1.1 200) 4 headers in 158 bytes (1 switches on core 0) [pid: 8|app: 0|req: 834/1693] 10.0.0.234 () {32 vars in 721 bytes} [Thu Jul 16 15:35:01 2026] GET /v2.0/routers/93a3ef42-3647-48a5-8066-9cc82b4737f8 => generated 954 bytes in 70 msecs (HTTP/1.1 200) 4 headers in 157 bytes (1 switches on core 0) [pid: 7|app: 0|req: 860/1694] 10.0.0.234 () {32 vars in 643 bytes} [Thu Jul 16 15:35:01 2026] GET /v2.0/ports => generated 1523 bytes in 59 msecs (HTTP/1.1 200) 4 headers in 158 bytes (1 switches on core 0) [pid: 8|app: 0|req: 835/1695] 10.0.0.234 () {32 vars in 858 bytes} [Thu Jul 16 15:35:01 2026] GET /v2.0/floatingips?floating_network_id=5b87638d-44e6-40a8-b34e-97e73b77d4b6&port_id=f815d48f-b3a9-4069-9c23-042a463fe2e2 => generated 860 bytes in 99 msecs (HTTP/1.1 200) 4 headers in 157 bytes (1 switches on core 0) [pid: 7|app: 0|req: 861/1696] 10.0.0.234 () {32 vars in 647 bytes} [Thu Jul 16 15:35:01 2026] GET /v2.0/routers => generated 957 bytes in 131 msecs (HTTP/1.1 200) 4 headers in 157 bytes (1 switches on core 0)
2026-07-16 15:35:01.632 7 WARNING neutron.plugins.ml2.drivers.ovn.mech_driver.ovsdb.ovn_client [None req-f94a5d4a-1eb5-44f4-a4ea-df251e2fdc77 - - - - - -] No port found with ID ccaaf836-71fb-4c15-8fb8-73e4695db25b: RuntimeError: No port found with ID ccaaf836-71fb-4c15-8fb8-73e4695db25b
2026-07-16 15:35:01.650 8 INFO neutron.db.segments_db [None req-56c6b335-6256-4724-9b45-9652e6f28f46 84d168268ef3428d85a8473b4f45d572 4849e525b52f43d8b9978f3b9badd67b - - default default] Added segment 77510475-a485-49bc-bc4f-f522b5345239 of type geneve for network 5b8d79be-bfc8-4efc-ab40-3b308e481549
2026-07-16 15:35:01.659 7 INFO neutron.plugins.ml2.drivers.ovn.mech_driver.mech_driver [None req-f94a5d4a-1eb5-44f4-a4ea-df251e2fdc77 - - - - - -] OVN reports status down for port: 3e289caa-6d50-4527-95d2-423ee1554ed3
2026-07-16 15:35:01.778 8 INFO neutron.db.ovn_revision_numbers_db [None req-56c6b335-6256-4724-9b45-9652e6f28f46 84d168268ef3428d85a8473b4f45d572 4849e525b52f43d8b9978f3b9badd67b - - default default] Successfully bumped revision number for resource 5b8d79be-bfc8-4efc-ab40-3b308e481549 (type: networks) to 1
2026-07-16 15:35:01.836 7 INFO neutron.plugins.ml2.drivers.ovn.mech_driver.mech_driver [None req-f94a5d4a-1eb5-44f4-a4ea-df251e2fdc77 - - - - - -] OVN reports status down for port: 078f054a-bb25-4c59-bfe4-bb60b474d59f
2026-07-16 15:35:01.962 7 WARNING neutron.plugins.ml2.drivers.ovn.mech_driver.ovsdb.ovn_client [None req-f94a5d4a-1eb5-44f4-a4ea-df251e2fdc77 - - - - - -] Logical_Switch_Port %s host information not removed, the port state is up
2026-07-16 15:35:01.962 7 INFO neutron.plugins.ml2.drivers.ovn.mech_driver.mech_driver [None req-f94a5d4a-1eb5-44f4-a4ea-df251e2fdc77 - - - - - -] OVN reports status down for port: 1aeef1ca-9168-4691-a462-43bc89d40af5
2026-07-16 15:35:01.966 8 WARNING neutron.scheduler.dhcp_agent_scheduler [None req-56c6b335-6256-4724-9b45-9652e6f28f46 84d168268ef3428d85a8473b4f45d572 4849e525b52f43d8b9978f3b9badd67b - - default default] No more DHCP agents
2026-07-16 15:35:01.968 8 WARNING neutron.api.rpc.agentnotifiers.dhcp_rpc_agent_api [None req-56c6b335-6256-4724-9b45-9652e6f28f46 84d168268ef3428d85a8473b4f45d572 4849e525b52f43d8b9978f3b9badd67b - - default default] Unable to schedule network 5b8d79be-bfc8-4efc-ab40-3b308e481549: no agents available; will retry on subsequent port and subnet creation events.
2026-07-16 15:35:01.982 7 INFO neutron.plugins.ml2.drivers.ovn.mech_driver.mech_driver [None req-f94a5d4a-1eb5-44f4-a4ea-df251e2fdc77 - - - - - -] OVN reports status down for port: dd689f1b-a163-4fb1-9491-a0687da67c1f
2026-07-16 15:35:02.005 7 INFO neutron.plugins.ml2.drivers.ovn.mech_driver.mech_driver [None req-f94a5d4a-1eb5-44f4-a4ea-df251e2fdc77 - - - - - -] OVN reports status up for port: 078f054a-bb25-4c59-bfe4-bb60b474d59f
2026-07-16 15:35:02.071 7 INFO neutron.plugins.ml2.plugin [None req-f94a5d4a-1eb5-44f4-a4ea-df251e2fdc77 - - - - - -] Attempt 1 to provision port 078f054a-bb25-4c59-bfe4-bb60b474d59f
2026-07-16 15:35:02.081 8 INFO neutron.db.ovn_revision_numbers_db [None req-56c6b335-6256-4724-9b45-9652e6f28f46 84d168268ef3428d85a8473b4f45d572 4849e525b52f43d8b9978f3b9badd67b - - default default] Successfully bumped revision number for resource 388d30bb-ea69-4f09-b439-047e84da7076 (type: ports) to 1 [pid: 8|app: 0|req: 836/1697] 10.0.0.234 () {34 vars in 670 bytes} [Thu Jul 16 15:35:01 2026] POST /v2.0/networks => generated 672 bytes in 553 msecs (HTTP/1.1 201) 4 headers in 162 bytes (1 switches on core 0) [pid: 8|app: 0|req: 837/1698] 10.0.0.7 () {34 vars in 988 bytes} [Thu Jul 16 15:35:02 2026] GET /v2.0/ports?device_id=cc27a8a4-f78c-4059-af48-78c4446bc33f => generated 1248 bytes in 63 msecs (HTTP/1.1 200) 4 headers in 158 bytes (1 switches on core 0)
2026-07-16 15:35:02.279 8 INFO neutron.db.segments_db [None req-8ba801ef-ad9f-4ca1-99d8-7760c2ce63c9 84d168268ef3428d85a8473b4f45d572 4849e525b52f43d8b9978f3b9badd67b - - default default] Added segment 33307517-60da-4d22-8786-2dd14f94022a of type geneve for network bac29e31-c2be-4990-94eb-56162cf5df9c
2026-07-16 15:35:02.408 8 INFO neutron.db.ovn_revision_numbers_db [None req-8ba801ef-ad9f-4ca1-99d8-7760c2ce63c9 84d168268ef3428d85a8473b4f45d572 4849e525b52f43d8b9978f3b9badd67b - - default default] Successfully bumped revision number for resource bac29e31-c2be-4990-94eb-56162cf5df9c (type: networks) to 1
2026-07-16 15:35:02.481 7 INFO neutron.db.ovn_revision_numbers_db [None req-0f493d9c-e198-4ec0-954d-bd68f842d4b2 b643f4d7eb334254b34f98f5f8234fd1 c1415e1bf89a4560844a493ba5d222d3 - - default default] Successfully bumped revision number for resource 93a3ef42-3647-48a5-8066-9cc82b4737f8 (type: routers) to 3 [pid: 7|app: 0|req: 862/1701] 10.0.0.234 () {34 vars in 741 bytes} [Thu Jul 16 15:35:01 2026] PUT /v2.0/routers/93a3ef42-3647-48a5-8066-9cc82b4737f8 => generated 961 bytes in 884 msecs (HTTP/1.1 200) 4 headers in 157 bytes (1 switches on core 0) [pid: 7|app: 0|req: 863/1702] 10.0.0.7 () {34 vars in 1118 bytes} [Thu Jul 16 15:35:02 2026] GET /v2.0/security-groups?id=98d28dc6-29f9-4435-a83f-61215f9be0dd&id=0d0cfa78-af9e-43d7-a325-4419c7a64d65&fields=id&fields=name => generated 206 bytes in 35 msecs (HTTP/1.1 200) 4 headers in 157 bytes (1 switches on core 0)
2026-07-16 15:35:02.604 8 WARNING neutron.scheduler.dhcp_agent_scheduler [None req-8ba801ef-ad9f-4ca1-99d8-7760c2ce63c9 84d168268ef3428d85a8473b4f45d572 4849e525b52f43d8b9978f3b9badd67b - - default default] No more DHCP agents
2026-07-16 15:35:02.613 8 WARNING neutron.api.rpc.agentnotifiers.dhcp_rpc_agent_api [None req-8ba801ef-ad9f-4ca1-99d8-7760c2ce63c9 84d168268ef3428d85a8473b4f45d572 4849e525b52f43d8b9978f3b9badd67b - - default default] Unable to schedule network bac29e31-c2be-4990-94eb-56162cf5df9c: no agents available; will retry on subsequent port and subnet creation events. [pid: 7|app: 0|req: 864/1703] 10.0.0.234 () {32 vars in 721 bytes} [Thu Jul 16 15:35:02 2026] GET /v2.0/routers/93a3ef42-3647-48a5-8066-9cc82b4737f8 => generated 961 bytes in 90 msecs (HTTP/1.1 200) 4 headers in 157 bytes (1 switches on core 0)
2026-07-16 15:35:02.662 8 INFO neutron.plugins.ml2.drivers.ovn.mech_driver.mech_driver [None req-15c4b5c0-ff44-499f-ac5a-7960b78845e7 - - - - - -] OVN reports status down for port: 919c7df3-9e1d-4dd0-98b3-5388e737615a [pid: 7|app: 0|req: 865/1704] 10.0.0.234 () {32 vars in 736 bytes} [Thu Jul 16 15:35:02 2026] GET /v2.0/ports?device_id=93a3ef42-3647-48a5-8066-9cc82b4737f8 => generated 12 bytes in 58 msecs (HTTP/1.1 200) 4 headers in 156 bytes (1 switches on core 0)
2026-07-16 15:35:02.738 8 INFO neutron.db.ovn_revision_numbers_db [None req-8ba801ef-ad9f-4ca1-99d8-7760c2ce63c9 84d168268ef3428d85a8473b4f45d572 4849e525b52f43d8b9978f3b9badd67b - - default default] Successfully bumped revision number for resource 919c7df3-9e1d-4dd0-98b3-5388e737615a (type: ports) to 1 [pid: 8|app: 0|req: 840/1705] 10.0.0.234 () {34 vars in 670 bytes} [Thu Jul 16 15:35:02 2026] POST /v2.0/networks => generated 673 bytes in 582 msecs (HTTP/1.1 201) 4 headers in 162 bytes (1 switches on core 0)
2026-07-16 15:35:03.054 7 INFO neutron_taas.services.taas.taas_plugin [None req-a80b9dbc-bc0c-4c4d-82e5-1133b377247b b643f4d7eb334254b34f98f5f8234fd1 c1415e1bf89a4560844a493ba5d222d3 - - default default] TaaS: Handle Delete Port: 078f054a-bb25-4c59-bfe4-bb60b474d59f
2026-07-16 15:35:03.058 7 INFO neutron_taas.services.taas.tap_mirror_plugin [None req-a80b9dbc-bc0c-4c4d-82e5-1133b377247b b643f4d7eb334254b34f98f5f8234fd1 c1415e1bf89a4560844a493ba5d222d3 - - default default] Tap Mirror: Handle Delete Port: 078f054a-bb25-4c59-bfe4-bb60b474d59f [pid: 7|app: 0|req: 866/1706] 10.0.0.234 () {32 vars in 724 bytes} [Thu Jul 16 15:35:02 2026] DELETE /v2.0/routers/93a3ef42-3647-48a5-8066-9cc82b4737f8 => generated 0 bytes in 840 msecs (HTTP/1.1 204) 2 headers in 112 bytes (1 switches on core 0) [pid: 7|app: 0|req: 867/1707] 10.0.0.234 () {32 vars in 736 bytes} [Thu Jul 16 15:35:03 2026] GET /v2.0/ports?device_id=93a3ef42-3647-48a5-8066-9cc82b4737f8 => generated 12 bytes in 25 msecs (HTTP/1.1 200) 4 headers in 156 bytes (1 switches on core 0)
