2026-07-16 15:33:34.760 8 INFO neutron.db.ovn_revision_numbers_db [None req-9188e7dd-f476-45c8-9f4b-07364d43ef2d bdd673c256f341c2b3319510fc62631e f3210dce9a964283b2823f62b08e54fb - - default default] Successfully bumped revision number for resource 17acb5d2-09a4-473d-a307-c77320ae46d7 (type: security_groups) to 1
2026-07-16 15:33:34.782 8 INFO neutron.db.ovn_revision_numbers_db [None req-9188e7dd-f476-45c8-9f4b-07364d43ef2d bdd673c256f341c2b3319510fc62631e f3210dce9a964283b2823f62b08e54fb - - default default] Successfully bumped revision number for resource 263ad8b3-b7ae-44ea-a7b4-ff22144aae46 (type: security_group_rules) to 0
2026-07-16 15:33:34.798 8 INFO neutron.db.ovn_revision_numbers_db [None req-9188e7dd-f476-45c8-9f4b-07364d43ef2d bdd673c256f341c2b3319510fc62631e f3210dce9a964283b2823f62b08e54fb - - default default] Successfully bumped revision number for resource 51b9769b-9003-4600-ac98-b8d44d78d47c (type: security_group_rules) to 0
2026-07-16 15:33:34.813 8 INFO neutron.db.ovn_revision_numbers_db [None req-9188e7dd-f476-45c8-9f4b-07364d43ef2d bdd673c256f341c2b3319510fc62631e f3210dce9a964283b2823f62b08e54fb - - default default] Successfully bumped revision number for resource 82e426e7-4112-48ee-b03e-6b4637b61d58 (type: security_group_rules) to 0
2026-07-16 15:33:34.832 8 INFO neutron.db.ovn_revision_numbers_db [None req-9188e7dd-f476-45c8-9f4b-07364d43ef2d bdd673c256f341c2b3319510fc62631e f3210dce9a964283b2823f62b08e54fb - - default default] Successfully bumped revision number for resource d20fa729-3836-4e47-80cc-b62dc758580f (type: security_group_rules) to 0
2026-07-16 15:33:34.903 7 INFO neutron_taas.services.taas.taas_plugin [None req-8e9164c8-cd09-4e90-8db6-cb686dda0975 589a3a0cbcba419398945199e4d94486 9ccd90d23d80408da420291e8925ff4e - - default default] TaaS: Handle Delete Port: 89bae1d2-13b0-4ddb-84f1-af03e54baddb
2026-07-16 15:33:34.907 7 INFO neutron_taas.services.taas.tap_mirror_plugin [None req-8e9164c8-cd09-4e90-8db6-cb686dda0975 589a3a0cbcba419398945199e4d94486 9ccd90d23d80408da420291e8925ff4e - - default default] Tap Mirror: Handle Delete Port: 89bae1d2-13b0-4ddb-84f1-af03e54baddb
2026-07-16 15:33:34.920 8 INFO neutron.db.segments_db [None req-9188e7dd-f476-45c8-9f4b-07364d43ef2d bdd673c256f341c2b3319510fc62631e f3210dce9a964283b2823f62b08e54fb - - default default] Added segment 674508c5-a634-4a92-a5ce-6eb519220b65 of type geneve for network bbe24250-176f-4c3f-a9f1-34e81c657081
2026-07-16 15:33:35.074 8 INFO neutron.db.ovn_revision_numbers_db [None req-9188e7dd-f476-45c8-9f4b-07364d43ef2d bdd673c256f341c2b3319510fc62631e f3210dce9a964283b2823f62b08e54fb - - default default] Successfully bumped revision number for resource bbe24250-176f-4c3f-a9f1-34e81c657081 (type: networks) to 1
2026-07-16 15:33:35.374 8 WARNING neutron.scheduler.dhcp_agent_scheduler [None req-9188e7dd-f476-45c8-9f4b-07364d43ef2d bdd673c256f341c2b3319510fc62631e f3210dce9a964283b2823f62b08e54fb - - default default] No more DHCP agents
2026-07-16 15:33:35.376 8 WARNING neutron.api.rpc.agentnotifiers.dhcp_rpc_agent_api [None req-9188e7dd-f476-45c8-9f4b-07364d43ef2d bdd673c256f341c2b3319510fc62631e f3210dce9a964283b2823f62b08e54fb - - default default] Unable to schedule network bbe24250-176f-4c3f-a9f1-34e81c657081: no agents available; will retry on subsequent port and subnet creation events.
2026-07-16 15:33:35.425 8 INFO neutron.plugins.ml2.drivers.ovn.mech_driver.mech_driver [None req-6080165f-c848-4020-a3e0-a8ee45d54232 - - - - - -] OVN reports status down for port: eb1c012d-8c35-4036-aad1-53c608ff2315
2026-07-16 15:33:35.498 8 INFO neutron.db.ovn_revision_numbers_db [None req-9188e7dd-f476-45c8-9f4b-07364d43ef2d bdd673c256f341c2b3319510fc62631e f3210dce9a964283b2823f62b08e54fb - - default default] Successfully bumped revision number for resource eb1c012d-8c35-4036-aad1-53c608ff2315 (type: ports) to 1 [pid: 8|app: 0|req: 525/1087] 10.0.0.234 () {34 vars in 670 bytes} [Thu Jul 16 15:33:34 2026] POST /v2.0/networks => generated 668 bytes in 1205 msecs (HTTP/1.1 201) 4 headers in 162 bytes (1 switches on core 0) [pid: 8|app: 0|req: 526/1088] 10.0.0.238 () {34 vars in 990 bytes} [Thu Jul 16 15:33:35 2026] GET /v2.0/ports?device_id=f73b810e-3f6f-4a39-a34e-9fb0c40c481e => generated 12 bytes in 30 msecs (HTTP/1.1 200) 4 headers in 156 bytes (1 switches on core 0) [pid: 7|app: 0|req: 563/1089] 10.0.0.234 () {34 vars in 789 bytes} [Thu Jul 16 15:33:34 2026] PUT /v2.0/routers/b351fdb7-7c84-4de2-b04a-83466d9bf1f4/remove_router_interface => generated 309 bytes in 1153 msecs (HTTP/1.1 200) 4 headers in 157 bytes (1 switches on core 0) /var/lib/openstack/lib/python3.12/site-packages/pycadf/identifier.py:70: UserWarning: Invalid uuid: neutron. To ensure interoperability, identifiers should be a valid uuid. warnings.warn(('Invalid uuid: %s. To ensure interoperability, '
2026-07-16 15:33:35.919 8 WARNING neutron.scheduler.dhcp_agent_scheduler [None req-585e57b9-85c9-4a72-b0da-00cd73b7cbdb bdd673c256f341c2b3319510fc62631e f3210dce9a964283b2823f62b08e54fb - - default default] No more DHCP agents
2026-07-16 15:33:35.920 8 WARNING neutron.api.rpc.agentnotifiers.dhcp_rpc_agent_api [None req-585e57b9-85c9-4a72-b0da-00cd73b7cbdb bdd673c256f341c2b3319510fc62631e f3210dce9a964283b2823f62b08e54fb - - default default] Unable to schedule network bbe24250-176f-4c3f-a9f1-34e81c657081: no agents available; will retry on subsequent port and subnet creation events.
2026-07-16 15:33:35.985 7 INFO neutron.plugins.ml2.drivers.ovn.mech_driver.mech_driver [None req-6220ee4c-5db1-49ba-a954-bfe7436b4d98 - - - - - -] OVN reports status down for port: 60fa8604-3937-4b9a-802b-a252bedad748
2026-07-16 15:33:36.026 8 INFO neutron.db.ovn_revision_numbers_db [None req-585e57b9-85c9-4a72-b0da-00cd73b7cbdb bdd673c256f341c2b3319510fc62631e f3210dce9a964283b2823f62b08e54fb - - default default] Successfully bumped revision number for resource 60fa8604-3937-4b9a-802b-a252bedad748 (type: ports) to 1 [pid: 8|app: 0|req: 527/1090] 10.0.0.234 () {34 vars in 665 bytes} [Thu Jul 16 15:33:35 2026] POST /v2.0/ports => generated 779 bytes in 545 msecs (HTTP/1.1 201) 4 headers in 162 bytes (1 switches on core 0)
2026-07-16 15:33:36.149 7 INFO neutron_taas.services.taas.taas_plugin [None req-34bca53a-b420-4e02-92c0-fb525b6b8bb6 589a3a0cbcba419398945199e4d94486 9ccd90d23d80408da420291e8925ff4e - - default default] TaaS: Handle Delete Port: e886488e-9690-4104-9b6a-8606e395348a
2026-07-16 15:33:36.165 7 INFO neutron_taas.services.taas.tap_mirror_plugin [None req-34bca53a-b420-4e02-92c0-fb525b6b8bb6 589a3a0cbcba419398945199e4d94486 9ccd90d23d80408da420291e8925ff4e - - default default] Tap Mirror: Handle Delete Port: e886488e-9690-4104-9b6a-8606e395348a /var/lib/openstack/lib/python3.12/site-packages/pycadf/identifier.py:70: UserWarning: Invalid uuid: neutron. To ensure interoperability, identifiers should be a valid uuid. warnings.warn(('Invalid uuid: %s. To ensure interoperability, '
2026-07-16 15:33:36.511 8 INFO neutron.db.ovn_revision_numbers_db [None req-b180bbba-7844-490f-8098-8f05b9cec57f 589a3a0cbcba419398945199e4d94486 9ccd90d23d80408da420291e8925ff4e - - default default] Successfully bumped revision number for resource 9c1f4dd5-2977-4beb-8786-e919060e4fe4 (type: security_groups) to 1
2026-07-16 15:33:36.534 8 INFO neutron.db.ovn_revision_numbers_db [None req-b180bbba-7844-490f-8098-8f05b9cec57f 589a3a0cbcba419398945199e4d94486 9ccd90d23d80408da420291e8925ff4e - - default default] Successfully bumped revision number for resource 762c8447-e951-48f6-b65e-c9582e94ad72 (type: security_group_rules) to 0
2026-07-16 15:33:36.557 8 INFO neutron.db.ovn_revision_numbers_db [None req-b180bbba-7844-490f-8098-8f05b9cec57f 589a3a0cbcba419398945199e4d94486 9ccd90d23d80408da420291e8925ff4e - - default default] Successfully bumped revision number for resource 76b61a77-ecce-4a24-b47f-8528dc9dbdb7 (type: security_group_rules) to 0
2026-07-16 15:33:36.579 8 INFO neutron.db.ovn_revision_numbers_db [None req-b180bbba-7844-490f-8098-8f05b9cec57f 589a3a0cbcba419398945199e4d94486 9ccd90d23d80408da420291e8925ff4e - - default default] Successfully bumped revision number for resource 7c647277-6318-43f4-9e87-d1998caa0fdb (type: security_group_rules) to 0
2026-07-16 15:33:36.598 8 INFO neutron.db.ovn_revision_numbers_db [None req-b180bbba-7844-490f-8098-8f05b9cec57f 589a3a0cbcba419398945199e4d94486 9ccd90d23d80408da420291e8925ff4e - - default default] Successfully bumped revision number for resource a45c7e40-0aa1-4163-b299-c101959c7acc (type: security_group_rules) to 0 [pid: 8|app: 0|req: 528/1091] 10.0.0.234 () {32 vars in 774 bytes} [Thu Jul 16 15:33:36 2026] GET /v2.0/security-groups?tenant_id=35858dc95a1e48a29e65605d764f87d2&name=default => generated 2925 bytes in 528 msecs (HTTP/1.1 200) 4 headers in 158 bytes (1 switches on core 0)
2026-07-16 15:33:36.755 8 INFO neutron.db.segments_db [None req-0e5c0ab0-70ac-4319-a331-b055d9143149 bdd673c256f341c2b3319510fc62631e f3210dce9a964283b2823f62b08e54fb - - default default] Added segment 68efe32d-b5e0-4e0e-8f4e-6439f1b854c4 of type geneve for network f4edc39b-6133-4d36-80cf-651f335c4801 [pid: 7|app: 0|req: 564/1092] 10.0.0.234 () {32 vars in 724 bytes} [Thu Jul 16 15:33:35 2026] DELETE /v2.0/routers/b351fdb7-7c84-4de2-b04a-83466d9bf1f4 => generated 0 bytes in 1065 msecs (HTTP/1.1 204) 2 headers in 112 bytes (1 switches on core 0)
2026-07-16 15:33:36.892 8 INFO neutron.db.ovn_revision_numbers_db [None req-0e5c0ab0-70ac-4319-a331-b055d9143149 bdd673c256f341c2b3319510fc62631e f3210dce9a964283b2823f62b08e54fb - - default default] Successfully bumped revision number for resource f4edc39b-6133-4d36-80cf-651f335c4801 (type: networks) to 1
2026-07-16 15:33:37.108 8 WARNING neutron.scheduler.dhcp_agent_scheduler [None req-0e5c0ab0-70ac-4319-a331-b055d9143149 bdd673c256f341c2b3319510fc62631e f3210dce9a964283b2823f62b08e54fb - - default default] No more DHCP agents [pid: 7|app: 0|req: 565/1093] 10.0.0.234 () {32 vars in 740 bytes} [Thu Jul 16 15:33:36 2026] DELETE /v2.0/security-groups/9c1f4dd5-2977-4beb-8786-e919060e4fe4 => generated 0 bytes in 340 msecs (HTTP/1.1 204) 2 headers in 112 bytes (1 switches on core 0)
2026-07-16 15:33:37.109 8 WARNING neutron.api.rpc.agentnotifiers.dhcp_rpc_agent_api [None req-0e5c0ab0-70ac-4319-a331-b055d9143149 bdd673c256f341c2b3319510fc62631e f3210dce9a964283b2823f62b08e54fb - - default default] Unable to schedule network f4edc39b-6133-4d36-80cf-651f335c4801: no agents available; will retry on subsequent port and subnet creation events. [pid: 7|app: 0|req: 566/1094] 10.0.0.238 () {34 vars in 990 bytes} [Thu Jul 16 15:33:37 2026] GET /v2.0/ports?device_id=f73b810e-3f6f-4a39-a34e-9fb0c40c481e => generated 12 bytes in 25 msecs (HTTP/1.1 200) 4 headers in 156 bytes (1 switches on core 0)
2026-07-16 15:33:37.203 7 INFO neutron.plugins.ml2.drivers.ovn.mech_driver.mech_driver [None req-6220ee4c-5db1-49ba-a954-bfe7436b4d98 - - - - - -] OVN reports status down for port: 88045d26-4656-421d-ac71-0d7eb2a4684a
2026-07-16 15:33:37.234 8 INFO neutron.db.ovn_revision_numbers_db [None req-0e5c0ab0-70ac-4319-a331-b055d9143149 bdd673c256f341c2b3319510fc62631e f3210dce9a964283b2823f62b08e54fb - - default default] Successfully bumped revision number for resource 88045d26-4656-421d-ac71-0d7eb2a4684a (type: ports) to 1 [pid: 7|app: 0|req: 567/1095] 199.204.45.70 () {34 vars in 985 bytes} [Thu Jul 16 15:33:37 2026] GET /v2.0/networks?id=f69b3c21-953e-4c8a-b340-e2b37047f6b3 => generated 713 bytes in 108 msecs (HTTP/1.1 200) 4 headers in 157 bytes (1 switches on core 0) [pid: 8|app: 0|req: 529/1096] 10.0.0.234 () {34 vars in 670 bytes} [Thu Jul 16 15:33:36 2026] POST /v2.0/networks => generated 655 bytes in 656 msecs (HTTP/1.1 201) 4 headers in 162 bytes (1 switches on core 0) [pid: 8|app: 0|req: 530/1097] 199.204.45.70 () {34 vars in 1049 bytes} [Thu Jul 16 15:33:37 2026] GET /v2.0/security-groups?fields=id&fields=name&tenant_id=f13787ec170842488d98404904ac8564 => generated 180 bytes in 34 msecs (HTTP/1.1 200) 4 headers in 157 bytes (1 switches on core 0) [pid: 7|app: 0|req: 568/1098] 10.0.0.234 () {32 vars in 724 bytes} [Thu Jul 16 15:33:37 2026] DELETE /v2.0/subnets/4debef87-9c5f-4d05-b70e-1e8d7d72d93e => generated 0 bytes in 329 msecs (HTTP/1.1 204) 3 headers in 131 bytes (1 switches on core 0)
2026-07-16 15:33:37.591 8 WARNING neutron.scheduler.dhcp_agent_scheduler [None req-b45eb37b-0547-46bd-abd0-6627b52128e4 bdd673c256f341c2b3319510fc62631e f3210dce9a964283b2823f62b08e54fb - - default default] No more DHCP agents
2026-07-16 15:33:37.592 8 WARNING neutron.api.rpc.agentnotifiers.dhcp_rpc_agent_api [None req-b45eb37b-0547-46bd-abd0-6627b52128e4 bdd673c256f341c2b3319510fc62631e f3210dce9a964283b2823f62b08e54fb - - default default] Unable to schedule network f4edc39b-6133-4d36-80cf-651f335c4801: no agents available; will retry on subsequent port and subnet creation events.
2026-07-16 15:33:37.663 8 INFO neutron.db.ovn_revision_numbers_db [None req-b45eb37b-0547-46bd-abd0-6627b52128e4 bdd673c256f341c2b3319510fc62631e f3210dce9a964283b2823f62b08e54fb - - default default] Successfully bumped revision number for resource c7e8fe12-2938-4fec-a6ea-38c55be48b06 (type: subnets) to 0 [pid: 8|app: 0|req: 531/1099] 10.0.0.234 () {34 vars in 669 bytes} [Thu Jul 16 15:33:37 2026] POST /v2.0/subnets => generated 646 bytes in 368 msecs (HTTP/1.1 201) 4 headers in 162 bytes (1 switches on core 0)
2026-07-16 15:33:37.843 8 INFO neutron_taas.services.taas.taas_plugin [None req-7981269c-2d56-48d8-a2c2-928d5a55c68d 589a3a0cbcba419398945199e4d94486 9ccd90d23d80408da420291e8925ff4e - - default default] TaaS: Handle Delete Port: 1da9f9ab-07ef-4ff0-9717-11b888a4954d
2026-07-16 15:33:37.845 8 INFO neutron_taas.services.taas.tap_mirror_plugin [None req-7981269c-2d56-48d8-a2c2-928d5a55c68d 589a3a0cbcba419398945199e4d94486 9ccd90d23d80408da420291e8925ff4e - - default default] Tap Mirror: Handle Delete Port: 1da9f9ab-07ef-4ff0-9717-11b888a4954d
2026-07-16 15:33:37.980 7 WARNING neutron.scheduler.dhcp_agent_scheduler [req-695c939d-25e8-4dd1-b431-4c4f37f1be8d req-0a19da20-6d32-46fe-a312-5e029bd95bae 96dd12487b014639a9911b74baa85770 f13787ec170842488d98404904ac8564 - - default default] No more DHCP agents
2026-07-16 15:33:37.982 7 WARNING neutron.api.rpc.agentnotifiers.dhcp_rpc_agent_api [req-695c939d-25e8-4dd1-b431-4c4f37f1be8d req-0a19da20-6d32-46fe-a312-5e029bd95bae 96dd12487b014639a9911b74baa85770 f13787ec170842488d98404904ac8564 - - default default] Unable to schedule network f69b3c21-953e-4c8a-b340-e2b37047f6b3: no agents available; will retry on subsequent port and subnet creation events.
2026-07-16 15:33:38.111 8 INFO neutron.plugins.ml2.drivers.ovn.mech_driver.mech_driver [None req-6080165f-c848-4020-a3e0-a8ee45d54232 - - - - - -] OVN reports status down for port: 6a9bc8e7-d646-438f-b7df-9791a2ba4714
2026-07-16 15:33:38.170 7 INFO neutron.db.ovn_revision_numbers_db [req-695c939d-25e8-4dd1-b431-4c4f37f1be8d req-0a19da20-6d32-46fe-a312-5e029bd95bae 96dd12487b014639a9911b74baa85770 f13787ec170842488d98404904ac8564 - - default default] Successfully bumped revision number for resource 6a9bc8e7-d646-438f-b7df-9791a2ba4714 (type: ports) to 1 [pid: 7|app: 0|req: 569/1100] 199.204.45.70 () {38 vars in 954 bytes} [Thu Jul 16 15:33:37 2026] POST /v2.0/ports => generated 954 bytes in 676 msecs (HTTP/1.1 201) 4 headers in 162 bytes (1 switches on core 0) /var/lib/openstack/lib/python3.12/site-packages/pycadf/identifier.py:70: UserWarning: Invalid uuid: neutron. To ensure interoperability, identifiers should be a valid uuid. warnings.warn(('Invalid uuid: %s. To ensure interoperability, '
2026-07-16 15:33:38.262 8 INFO neutron.services.segments.plugin [-] Segment 70648c81-d63b-4e11-9f47-f971e98f7974 resource provider aggregate not found
2026-07-16 15:33:38.271 8 INFO neutron.services.segments.plugin [-] Segment 70648c81-d63b-4e11-9f47-f971e98f7974 resource provider aggregate not found
2026-07-16 15:33:38.297 8 INFO neutron.services.segments.plugin [-] Segment 70648c81-d63b-4e11-9f47-f971e98f7974 resource provider not found; error: Placement Client Error (4xx): {"errors": [{"status": 404, "title": "Not Found", "detail": "The resource could not be found.\n\n No resource provider with uuid 70648c81-d63b-4e11-9f47-f971e98f7974 found for delete ", "request_id": "req-d97422fa-46d3-4d77-ae04-34b6a0cdac2e"}]}
2026-07-16 15:33:38.303 8 INFO neutron.services.segments.plugin [-] Segment 70648c81-d63b-4e11-9f47-f971e98f7974 resource provider not found; error: Placement Client Error (4xx): {"errors": [{"status": 404, "title": "Not Found", "detail": "The resource could not be found.\n\n No resource provider with uuid 70648c81-d63b-4e11-9f47-f971e98f7974 found for delete ", "request_id": "req-7de8eb47-3c67-460a-bfef-7bf4601783e0"}]} [pid: 8|app: 0|req: 532/1101] 10.0.0.234 () {32 vars in 726 bytes} [Thu Jul 16 15:33:37 2026] DELETE /v2.0/networks/d964fc72-1204-4ab8-b7fc-d8eb77ca26a9 => generated 0 bytes in 630 msecs (HTTP/1.1 204) 3 headers in 131 bytes (1 switches on core 0) [pid: 8|app: 0|req: 533/1102] 10.0.0.238 () {34 vars in 990 bytes} [Thu Jul 16 15:33:38 2026] GET /v2.0/ports?device_id=f73b810e-3f6f-4a39-a34e-9fb0c40c481e => generated 957 bytes in 84 msecs (HTTP/1.1 200) 4 headers in 157 bytes (1 switches on core 0)
2026-07-16 15:33:38.531 7 WARNING neutron.scheduler.dhcp_agent_scheduler [None req-3aee4549-aa14-4b5e-8583-6a1ee36134c7 bdd673c256f341c2b3319510fc62631e f3210dce9a964283b2823f62b08e54fb - - default default] No more DHCP agents
2026-07-16 15:33:38.533 7 WARNING neutron.api.rpc.agentnotifiers.dhcp_rpc_agent_api [None req-3aee4549-aa14-4b5e-8583-6a1ee36134c7 bdd673c256f341c2b3319510fc62631e f3210dce9a964283b2823f62b08e54fb - - default default] Unable to schedule network f4edc39b-6133-4d36-80cf-651f335c4801: no agents available; will retry on subsequent port and subnet creation events.
2026-07-16 15:33:38.639 8 INFO neutron.plugins.ml2.drivers.ovn.mech_driver.mech_driver [None req-6080165f-c848-4020-a3e0-a8ee45d54232 - - - - - -] OVN reports status down for port: 826fdb62-ec23-49c1-8d19-e5f0a1925c57
2026-07-16 15:33:38.657 7 INFO neutron.db.ovn_revision_numbers_db [None req-3aee4549-aa14-4b5e-8583-6a1ee36134c7 bdd673c256f341c2b3319510fc62631e f3210dce9a964283b2823f62b08e54fb - - default default] Successfully bumped revision number for resource 826fdb62-ec23-49c1-8d19-e5f0a1925c57 (type: ports) to 1 [pid: 7|app: 0|req: 570/1103] 10.0.0.234 () {34 vars in 665 bytes} [Thu Jul 16 15:33:38 2026] POST /v2.0/ports => generated 966 bytes in 476 msecs (HTTP/1.1 201) 4 headers in 162 bytes (1 switches on core 0) /var/lib/openstack/lib/python3.12/site-packages/pycadf/identifier.py:70: UserWarning: Invalid uuid: neutron. To ensure interoperability, identifiers should be a valid uuid. warnings.warn(('Invalid uuid: %s. To ensure interoperability, ' [pid: 7|app: 0|req: 571/1104] 10.0.0.238 () {34 vars in 1040 bytes} [Thu Jul 16 15:33:38 2026] GET /v2.0/security-groups?id=a8cab6d9-8fea-4afe-b16c-19acf14c6a0e&fields=id&fields=name => generated 113 bytes in 38 msecs (HTTP/1.1 200) 4 headers in 157 bytes (1 switches on core 0) [pid: 7|app: 0|req: 572/1105] 10.0.0.234 () {32 vars in 774 bytes} [Thu Jul 16 15:33:38 2026] GET /v2.0/security-groups?tenant_id=ff432dd2990e453cafd5221cd643dec9&name=default => generated 2921 bytes in 44 msecs (HTTP/1.1 200) 4 headers in 158 bytes (1 switches on core 0)
2026-07-16 15:33:38.867 8 INFO neutron.db.ovn_revision_numbers_db [req-695c939d-25e8-4dd1-b431-4c4f37f1be8d req-29eed94d-0e68-4944-bcda-5531ea7fe555 c0b0126e66f64531a25a292223627de0 2368c3a23d434f6a9d7decb6194e6927 - - 55ccbb5040f54b988ef75842f4bac467 55ccbb5040f54b988ef75842f4bac467] Successfully bumped revision number for resource 6a9bc8e7-d646-438f-b7df-9791a2ba4714 (type: ports) to 2
2026-07-16 15:33:38.957 7 INFO neutron_taas.services.taas.taas_plugin [None req-ebd082ca-fdaa-4d11-81ee-88c6b894ab66 bdd673c256f341c2b3319510fc62631e f3210dce9a964283b2823f62b08e54fb - - default default] TaaS: Handle Delete Port: 826fdb62-ec23-49c1-8d19-e5f0a1925c57
2026-07-16 15:33:38.963 7 INFO neutron_taas.services.taas.tap_mirror_plugin [None req-ebd082ca-fdaa-4d11-81ee-88c6b894ab66 bdd673c256f341c2b3319510fc62631e f3210dce9a964283b2823f62b08e54fb - - default default] Tap Mirror: Handle Delete Port: 826fdb62-ec23-49c1-8d19-e5f0a1925c57 [pid: 7|app: 0|req: 573/1106] 10.0.0.234 () {32 vars in 720 bytes} [Thu Jul 16 15:33:38 2026] DELETE /v2.0/ports/826fdb62-ec23-49c1-8d19-e5f0a1925c57 => generated 0 bytes in 301 msecs (HTTP/1.1 204) 3 headers in 131 bytes (1 switches on core 0)
2026-07-16 15:33:39.142 8 INFO neutron.db.ovn_revision_numbers_db [req-695c939d-25e8-4dd1-b431-4c4f37f1be8d req-29eed94d-0e68-4944-bcda-5531ea7fe555 c0b0126e66f64531a25a292223627de0 2368c3a23d434f6a9d7decb6194e6927 - - 55ccbb5040f54b988ef75842f4bac467 55ccbb5040f54b988ef75842f4bac467] Successfully bumped revision number for resource 6a9bc8e7-d646-438f-b7df-9791a2ba4714 (type: ports) to 4 [pid: 8|app: 0|req: 534/1107] 199.204.45.70 () {38 vars in 1027 bytes} [Thu Jul 16 15:33:38 2026] PUT /v2.0/ports/6a9bc8e7-d646-438f-b7df-9791a2ba4714 => generated 1204 bytes in 756 msecs (HTTP/1.1 200) 4 headers in 158 bytes (1 switches on core 0)
2026-07-16 15:33:39.215 8 INFO neutron.notifiers.nova [-] Nova event matching ['req-bba5eab5-de18-4be8-8d03-14d510211ab7'] response: {'name': 'network-changed', 'server_uuid': 'f73b810e-3f6f-4a39-a34e-9fb0c40c481e', 'tag': '6a9bc8e7-d646-438f-b7df-9791a2ba4714', 'status': 'completed', 'code': 200} /var/lib/openstack/lib/python3.12/site-packages/pycadf/identifier.py:70: UserWarning: Invalid uuid: neutron. To ensure interoperability, identifiers should be a valid uuid. warnings.warn(('Invalid uuid: %s. To ensure interoperability, ' [pid: 7|app: 0|req: 574/1108] 10.0.0.234 () {32 vars in 740 bytes} [Thu Jul 16 15:33:39 2026] DELETE /v2.0/security-groups/3d86e883-dc20-4078-afff-a5018822c834 => generated 0 bytes in 298 msecs (HTTP/1.1 204) 2 headers in 112 bytes (1 switches on core 0)
2026-07-16 15:33:39.424 7 INFO neutron.pecan_wsgi.hooks.translation [None req-f799884e-bc28-4f45-9dc7-2d4e406aebba bdd673c256f341c2b3319510fc62631e f3210dce9a964283b2823f62b08e54fb - - default default] DELETE failed (client error): The resource could not be found. [pid: 7|app: 0|req: 575/1109] 10.0.0.234 () {32 vars in 720 bytes} [Thu Jul 16 15:33:39 2026] DELETE /v2.0/ports/826fdb62-ec23-49c1-8d19-e5f0a1925c57 => generated 132 bytes in 18 msecs (HTTP/1.1 404) 4 headers in 164 bytes (1 switches on core 0)
2026-07-16 15:33:39.460 7 INFO neutron.pecan_wsgi.hooks.translation [None req-d77b110a-212e-447a-86f1-c870c3bfd644 bdd673c256f341c2b3319510fc62631e f3210dce9a964283b2823f62b08e54fb - - default default] GET failed (client error): The resource could not be found. [pid: 7|app: 0|req: 576/1110] 10.0.0.234 () {32 vars in 717 bytes} [Thu Jul 16 15:33:39 2026] GET /v2.0/ports/826fdb62-ec23-49c1-8d19-e5f0a1925c57 => generated 132 bytes in 30 msecs (HTTP/1.1 404) 4 headers in 164 bytes (1 switches on core 0)
2026-07-16 15:33:39.471 8 INFO neutron.db.ovn_revision_numbers_db [None req-2cdc7fd6-e6e1-4fa7-96d5-bf25aedc126f 624c515e745a4c64b5ec05f1c61f9dd8 cef837ee96ea42c39fc496ba9694d44c - - default default] Successfully bumped revision number for resource 494130c6-8664-47e5-9d96-2003c7c5ab97 (type: security_groups) to 1
2026-07-16 15:33:39.485 8 INFO neutron.db.ovn_revision_numbers_db [None req-2cdc7fd6-e6e1-4fa7-96d5-bf25aedc126f 624c515e745a4c64b5ec05f1c61f9dd8 cef837ee96ea42c39fc496ba9694d44c - - default default] Successfully bumped revision number for resource 3042c8bd-d5e8-4efe-ba91-2450586481e6 (type: security_group_rules) to 0
2026-07-16 15:33:39.499 8 INFO neutron.db.ovn_revision_numbers_db [None req-2cdc7fd6-e6e1-4fa7-96d5-bf25aedc126f 624c515e745a4c64b5ec05f1c61f9dd8 cef837ee96ea42c39fc496ba9694d44c - - default default] Successfully bumped revision number for resource 5112f670-b6c6-4b78-be7f-b33be03b9683 (type: security_group_rules) to 0
2026-07-16 15:33:39.516 8 INFO neutron.db.ovn_revision_numbers_db [None req-2cdc7fd6-e6e1-4fa7-96d5-bf25aedc126f 624c515e745a4c64b5ec05f1c61f9dd8 cef837ee96ea42c39fc496ba9694d44c - - default default] Successfully bumped revision number for resource 99e262c2-5d0f-46ed-9aed-3d50b26bfc65 (type: security_group_rules) to 0
2026-07-16 15:33:39.533 8 INFO neutron.db.ovn_revision_numbers_db [None req-2cdc7fd6-e6e1-4fa7-96d5-bf25aedc126f 624c515e745a4c64b5ec05f1c61f9dd8 cef837ee96ea42c39fc496ba9694d44c - - default default] Successfully bumped revision number for resource e1edb293-2caa-45ab-9225-6227ad740784 (type: security_group_rules) to 0
2026-07-16 15:33:39.625 8 INFO neutron.db.segments_db [None req-2cdc7fd6-e6e1-4fa7-96d5-bf25aedc126f 624c515e745a4c64b5ec05f1c61f9dd8 cef837ee96ea42c39fc496ba9694d44c - - default default] Added segment 281b93d7-2ae6-4d6b-9dc3-2557cf7e6671 of type geneve for network 0abb38ae-6a47-4475-bd40-8f040049581a [pid: 7|app: 0|req: 577/1111] 10.0.0.203 () {28 vars in 579 bytes} [Thu Jul 16 15:33:39 2026] GET /v2.0/ports => generated 13233 bytes in 284 msecs (HTTP/1.1 200) 4 headers in 159 bytes (1 switches on core 0)
2026-07-16 15:33:39.772 8 INFO neutron.db.ovn_revision_numbers_db [None req-2cdc7fd6-e6e1-4fa7-96d5-bf25aedc126f 624c515e745a4c64b5ec05f1c61f9dd8 cef837ee96ea42c39fc496ba9694d44c - - default default] Successfully bumped revision number for resource 0abb38ae-6a47-4475-bd40-8f040049581a (type: networks) to 1 [pid: 7|app: 0|req: 578/1112] 10.0.0.234 () {32 vars in 724 bytes} [Thu Jul 16 15:33:39 2026] DELETE /v2.0/subnets/c7e8fe12-2938-4fec-a6ea-38c55be48b06 => generated 0 bytes in 164 msecs (HTTP/1.1 204) 3 headers in 131 bytes (1 switches on core 0)
2026-07-16 15:33:39.947 8 WARNING neutron.scheduler.dhcp_agent_scheduler [None req-2cdc7fd6-e6e1-4fa7-96d5-bf25aedc126f 624c515e745a4c64b5ec05f1c61f9dd8 cef837ee96ea42c39fc496ba9694d44c - - default default] No more DHCP agents
2026-07-16 15:33:39.949 8 WARNING neutron.api.rpc.agentnotifiers.dhcp_rpc_agent_api [None req-2cdc7fd6-e6e1-4fa7-96d5-bf25aedc126f 624c515e745a4c64b5ec05f1c61f9dd8 cef837ee96ea42c39fc496ba9694d44c - - default default] Unable to schedule network 0abb38ae-6a47-4475-bd40-8f040049581a: no agents available; will retry on subsequent port and subnet creation events. [pid: 7|app: 0|req: 579/1113] 199.204.45.70 () {34 vars in 1079 bytes} [Thu Jul 16 15:33:39 2026] GET /v2.0/ports?tenant_id=f13787ec170842488d98404904ac8564&device_id=f73b810e-3f6f-4a39-a34e-9fb0c40c481e => generated 1207 bytes in 45 msecs (HTTP/1.1 200) 4 headers in 158 bytes (1 switches on core 0) [pid: 7|app: 0|req: 580/1114] 10.0.0.203 () {28 vars in 583 bytes} [Thu Jul 16 15:33:39 2026] GET /v2.0/subnets => generated 1988 bytes in 24 msecs (HTTP/1.1 200) 4 headers in 158 bytes (1 switches on core 0)
2026-07-16 15:33:40.018 8 INFO neutron.plugins.ml2.drivers.ovn.mech_driver.mech_driver [None req-6080165f-c848-4020-a3e0-a8ee45d54232 - - - - - -] OVN reports status down for port: 998029df-8356-4546-b99d-53f9db7dfe07 [pid: 7|app: 0|req: 581/1115] 10.0.0.238 () {34 vars in 990 bytes} [Thu Jul 16 15:33:39 2026] GET /v2.0/ports?device_id=f73b810e-3f6f-4a39-a34e-9fb0c40c481e => generated 969 bytes in 56 msecs (HTTP/1.1 200) 4 headers in 157 bytes (1 switches on core 0)
2026-07-16 15:33:40.081 8 INFO neutron.db.ovn_revision_numbers_db [None req-2cdc7fd6-e6e1-4fa7-96d5-bf25aedc126f 624c515e745a4c64b5ec05f1c61f9dd8 cef837ee96ea42c39fc496ba9694d44c - - default default] Successfully bumped revision number for resource 998029df-8356-4546-b99d-53f9db7dfe07 (type: ports) to 1 [pid: 8|app: 0|req: 535/1116] 10.0.0.234 () {34 vars in 670 bytes} [Thu Jul 16 15:33:39 2026] POST /v2.0/networks => generated 663 bytes in 973 msecs (HTTP/1.1 201) 4 headers in 162 bytes (1 switches on core 0) [pid: 8|app: 0|req: 536/1117] 199.204.45.70 () {34 vars in 1017 bytes} [Thu Jul 16 15:33:40 2026] GET /v2.0/networks?tenant_id=f13787ec170842488d98404904ac8564&shared=False => generated 812 bytes in 59 msecs (HTTP/1.1 200) 4 headers in 157 bytes (1 switches on core 0) [pid: 8|app: 0|req: 537/1118] 10.0.0.203 () {28 vars in 591 bytes} [Thu Jul 16 15:33:40 2026] GET /v2.0/subnetpools => generated 19 bytes in 7 msecs (HTTP/1.1 200) 4 headers in 156 bytes (1 switches on core 0)
2026-07-16 15:33:40.216 7 INFO neutron_taas.services.taas.taas_plugin [None req-f5e0980e-d198-4f00-b63a-2038c1a885ff bdd673c256f341c2b3319510fc62631e f3210dce9a964283b2823f62b08e54fb - - default default] TaaS: Handle Delete Port: 88045d26-4656-421d-ac71-0d7eb2a4684a
2026-07-16 15:33:40.219 7 INFO neutron_taas.services.taas.tap_mirror_plugin [None req-f5e0980e-d198-4f00-b63a-2038c1a885ff bdd673c256f341c2b3319510fc62631e f3210dce9a964283b2823f62b08e54fb - - default default] Tap Mirror: Handle Delete Port: 88045d26-4656-421d-ac71-0d7eb2a4684a [pid: 8|app: 0|req: 538/1119] 10.0.0.238 () {34 vars in 1040 bytes} [Thu Jul 16 15:33:40 2026] GET /v2.0/security-groups?id=a8cab6d9-8fea-4afe-b16c-19acf14c6a0e&fields=id&fields=name => generated 113 bytes in 26 msecs (HTTP/1.1 200) 4 headers in 157 bytes (1 switches on core 0)
2026-07-16 15:33:40.426 7 INFO neutron.services.segments.plugin [-] Segment 68efe32d-b5e0-4e0e-8f4e-6439f1b854c4 resource provider aggregate not found
2026-07-16 15:33:40.432 7 INFO neutron.services.segments.plugin [-] Segment 68efe32d-b5e0-4e0e-8f4e-6439f1b854c4 resource provider aggregate not found
2026-07-16 15:33:40.454 7 INFO neutron.services.segments.plugin [-] Segment 68efe32d-b5e0-4e0e-8f4e-6439f1b854c4 resource provider not found; error: Placement Client Error (4xx): {"errors": [{"status": 404, "title": "Not Found", "detail": "The resource could not be found.\n\n No resource provider with uuid 68efe32d-b5e0-4e0e-8f4e-6439f1b854c4 found for delete ", "request_id": "req-5ba57fca-b34b-4c2d-be0b-1fd9ac7d0b9a"}]}
2026-07-16 15:33:40.458 7 INFO neutron.services.segments.plugin [-] Segment 68efe32d-b5e0-4e0e-8f4e-6439f1b854c4 resource provider not found; error: Placement Client Error (4xx): {"errors": [{"status": 404, "title": "Not Found", "detail": "The resource could not be found.\n\n No resource provider with uuid 68efe32d-b5e0-4e0e-8f4e-6439f1b854c4 found for delete ", "request_id": "req-2dd7e44e-18ff-4e40-a397-b2e234c3db5d"}]} [pid: 7|app: 0|req: 582/1120] 10.0.0.234 () {32 vars in 726 bytes} [Thu Jul 16 15:33:40 2026] DELETE /v2.0/networks/f4edc39b-6133-4d36-80cf-651f335c4801 => generated 0 bytes in 446 msecs (HTTP/1.1 204) 3 headers in 131 bytes (1 switches on core 0)
2026-07-16 15:33:40.495 8 WARNING neutron.scheduler.dhcp_agent_scheduler [None req-d046b80f-3a0a-4055-98b0-5a7d9fd6c882 624c515e745a4c64b5ec05f1c61f9dd8 cef837ee96ea42c39fc496ba9694d44c - - default default] No more DHCP agents
2026-07-16 15:33:40.497 8 WARNING neutron.api.rpc.agentnotifiers.dhcp_rpc_agent_api [None req-d046b80f-3a0a-4055-98b0-5a7d9fd6c882 624c515e745a4c64b5ec05f1c61f9dd8 cef837ee96ea42c39fc496ba9694d44c - - default default] Unable to schedule network 0abb38ae-6a47-4475-bd40-8f040049581a: no agents available; will retry on subsequent port and subnet creation events. [pid: 7|app: 0|req: 583/1121] 199.204.45.70 () {34 vars in 929 bytes} [Thu Jul 16 15:33:40 2026] GET /v2.0/networks?shared=True => generated 791 bytes in 54 msecs (HTTP/1.1 200) 4 headers in 157 bytes (1 switches on core 0)
2026-07-16 15:33:40.571 7 INFO neutron.plugins.ml2.drivers.ovn.mech_driver.mech_driver [None req-6220ee4c-5db1-49ba-a954-bfe7436b4d98 - - - - - -] OVN reports status down for port: 62b906e5-9edf-4adf-b452-20945e40b6f4
2026-07-16 15:33:40.594 8 INFO neutron.db.ovn_revision_numbers_db [None req-d046b80f-3a0a-4055-98b0-5a7d9fd6c882 624c515e745a4c64b5ec05f1c61f9dd8 cef837ee96ea42c39fc496ba9694d44c - - default default] Successfully bumped revision number for resource 62b906e5-9edf-4adf-b452-20945e40b6f4 (type: ports) to 1 [pid: 7|app: 0|req: 584/1122] 10.0.0.203 () {28 vars in 591 bytes} [Thu Jul 16 15:33:40 2026] GET /v2.0/floatingips => generated 555 bytes in 88 msecs (HTTP/1.1 200) 4 headers in 157 bytes (1 switches on core 0) [pid: 8|app: 0|req: 539/1123] 10.0.0.234 () {34 vars in 665 bytes} [Thu Jul 16 15:33:40 2026] POST /v2.0/ports => generated 775 bytes in 406 msecs (HTTP/1.1 201) 4 headers in 162 bytes (1 switches on core 0) /var/lib/openstack/lib/python3.12/site-packages/pycadf/identifier.py:70: UserWarning: Invalid uuid: neutron. To ensure interoperability, identifiers should be a valid uuid. warnings.warn(('Invalid uuid: %s. To ensure interoperability, ' [pid: 8|app: 0|req: 540/1124] 10.0.0.203 () {28 vars in 599 bytes} [Thu Jul 16 15:33:40 2026] GET /v2.0/security-groups => generated 28978 bytes in 48 msecs (HTTP/1.1 200) 4 headers in 159 bytes (1 switches on core 0)
2026-07-16 15:33:40.770 7 INFO neutron.db.segments_db [None req-ab658463-9f23-4973-ab68-ceef5c6ad30b bdd673c256f341c2b3319510fc62631e f3210dce9a964283b2823f62b08e54fb - - default default] Added segment bce3eef4-0267-4cee-97ff-fb34a5b691e3 of type geneve for network f756019d-90c0-488f-ad3a-63c2d4990fc9
2026-07-16 15:33:40.783 8 INFO neutron.db.segments_db [None req-4cc8f965-3b67-43fb-ba13-4ff45f7ab843 624c515e745a4c64b5ec05f1c61f9dd8 cef837ee96ea42c39fc496ba9694d44c - - default default] Added segment eb87d72c-b5ea-4fe8-9a95-429bba836a84 of type geneve for network d6b009e5-8051-4e30-bb04-48e457e75b4b
2026-07-16 15:33:40.903 7 INFO neutron.db.ovn_revision_numbers_db [None req-ab658463-9f23-4973-ab68-ceef5c6ad30b bdd673c256f341c2b3319510fc62631e f3210dce9a964283b2823f62b08e54fb - - default default] Successfully bumped revision number for resource f756019d-90c0-488f-ad3a-63c2d4990fc9 (type: networks) to 1
2026-07-16 15:33:40.909 8 INFO neutron.db.ovn_revision_numbers_db [None req-4cc8f965-3b67-43fb-ba13-4ff45f7ab843 624c515e745a4c64b5ec05f1c61f9dd8 cef837ee96ea42c39fc496ba9694d44c - - default default] Successfully bumped revision number for resource d6b009e5-8051-4e30-bb04-48e457e75b4b (type: networks) to 1
2026-07-16 15:33:41.106 8 WARNING neutron.scheduler.dhcp_agent_scheduler [None req-4cc8f965-3b67-43fb-ba13-4ff45f7ab843 624c515e745a4c64b5ec05f1c61f9dd8 cef837ee96ea42c39fc496ba9694d44c - - default default] No more DHCP agents
2026-07-16 15:33:41.108 8 WARNING neutron.api.rpc.agentnotifiers.dhcp_rpc_agent_api [None req-4cc8f965-3b67-43fb-ba13-4ff45f7ab843 624c515e745a4c64b5ec05f1c61f9dd8 cef837ee96ea42c39fc496ba9694d44c - - default default] Unable to schedule network d6b009e5-8051-4e30-bb04-48e457e75b4b: no agents available; will retry on subsequent port and subnet creation events.
2026-07-16 15:33:41.135 7 WARNING neutron.scheduler.dhcp_agent_scheduler [None req-ab658463-9f23-4973-ab68-ceef5c6ad30b bdd673c256f341c2b3319510fc62631e f3210dce9a964283b2823f62b08e54fb - - default default] No more DHCP agents
2026-07-16 15:33:41.136 7 WARNING neutron.api.rpc.agentnotifiers.dhcp_rpc_agent_api [None req-ab658463-9f23-4973-ab68-ceef5c6ad30b bdd673c256f341c2b3319510fc62631e f3210dce9a964283b2823f62b08e54fb - - default default] Unable to schedule network f756019d-90c0-488f-ad3a-63c2d4990fc9: no agents available; will retry on subsequent port and subnet creation events.
2026-07-16 15:33:41.158 8 INFO neutron.plugins.ml2.drivers.ovn.mech_driver.mech_driver [None req-6080165f-c848-4020-a3e0-a8ee45d54232 - - - - - -] OVN reports status down for port: 941f1eb4-0a3c-43ab-85ad-39731c33ef86
2026-07-16 15:33:41.238 7 INFO neutron.db.ovn_revision_numbers_db [None req-ab658463-9f23-4973-ab68-ceef5c6ad30b bdd673c256f341c2b3319510fc62631e f3210dce9a964283b2823f62b08e54fb - - default default] Successfully bumped revision number for resource 7aefa1a6-dc49-45a2-974a-5fa9a7629c6f (type: ports) to 1
2026-07-16 15:33:41.244 8 INFO neutron.db.ovn_revision_numbers_db [None req-4cc8f965-3b67-43fb-ba13-4ff45f7ab843 624c515e745a4c64b5ec05f1c61f9dd8 cef837ee96ea42c39fc496ba9694d44c - - default default] Successfully bumped revision number for resource 941f1eb4-0a3c-43ab-85ad-39731c33ef86 (type: ports) to 1 [pid: 7|app: 0|req: 585/1125] 10.0.0.234 () {34 vars in 670 bytes} [Thu Jul 16 15:33:40 2026] POST /v2.0/networks => generated 654 bytes in 636 msecs (HTTP/1.1 201) 4 headers in 162 bytes (1 switches on core 0) [pid: 8|app: 0|req: 541/1126] 10.0.0.234 () {34 vars in 670 bytes} [Thu Jul 16 15:33:40 2026] POST /v2.0/networks => generated 651 bytes in 596 msecs (HTTP/1.1 201) 4 headers in 162 bytes (1 switches on core 0)
2026-07-16 15:33:41.305 8 INFO neutron.plugins.ml2.drivers.ovn.mech_driver.mech_driver [None req-6080165f-c848-4020-a3e0-a8ee45d54232 - - - - - -] OVN reports status down for port: 7aefa1a6-dc49-45a2-974a-5fa9a7629c6f [pid: 7|app: 0|req: 586/1127] 10.0.0.203 () {28 vars in 583 bytes} [Thu Jul 16 15:33:41 2026] GET /v2.0/routers => generated 977 bytes in 72 msecs (HTTP/1.1 200) 4 headers in 157 bytes (1 switches on core 0)
2026-07-16 15:33:41.536 7 WARNING neutron.scheduler.dhcp_agent_scheduler [None req-f250a875-cf42-4bb6-973f-17fb04a9130a bdd673c256f341c2b3319510fc62631e f3210dce9a964283b2823f62b08e54fb - - default default] No more DHCP agents
2026-07-16 15:33:41.537 7 WARNING neutron.api.rpc.agentnotifiers.dhcp_rpc_agent_api [None req-f250a875-cf42-4bb6-973f-17fb04a9130a bdd673c256f341c2b3319510fc62631e f3210dce9a964283b2823f62b08e54fb - - default default] Unable to schedule network f756019d-90c0-488f-ad3a-63c2d4990fc9: no agents available; will retry on subsequent port and subnet creation events.
2026-07-16 15:33:41.568 7 INFO neutron.db.ovn_revision_numbers_db [None req-f250a875-cf42-4bb6-973f-17fb04a9130a bdd673c256f341c2b3319510fc62631e f3210dce9a964283b2823f62b08e54fb - - default default] Successfully bumped revision number for resource f044fa56-ae88-49b9-afff-c5abb1ff2e13 (type: subnets) to 0 [pid: 7|app: 0|req: 587/1128] 10.0.0.234 () {34 vars in 669 bytes} [Thu Jul 16 15:33:41 2026] POST /v2.0/subnets => generated 646 bytes in 250 msecs (HTTP/1.1 201) 4 headers in 162 bytes (1 switches on core 0)
2026-07-16 15:33:41.606 8 INFO neutron.db.ovn_revision_numbers_db [None req-1bcbf7de-64ba-45da-bd3a-5b3aad37360d 589a3a0cbcba419398945199e4d94486 9ccd90d23d80408da420291e8925ff4e - - default default] Successfully bumped revision number for resource f0c9e5c4-a36f-48b3-b0fe-c742d80b2990 (type: security_groups) to 1
2026-07-16 15:33:41.617 8 INFO neutron.db.ovn_revision_numbers_db [None req-1bcbf7de-64ba-45da-bd3a-5b3aad37360d 589a3a0cbcba419398945199e4d94486 9ccd90d23d80408da420291e8925ff4e - - default default] Successfully bumped revision number for resource 2312ed6e-dbce-4230-bab9-7998ed5f9560 (type: security_group_rules) to 0
2026-07-16 15:33:41.629 8 INFO neutron.db.ovn_revision_numbers_db [None req-1bcbf7de-64ba-45da-bd3a-5b3aad37360d 589a3a0cbcba419398945199e4d94486 9ccd90d23d80408da420291e8925ff4e - - default default] Successfully bumped revision number for resource 3d324e0e-4344-4ea5-9765-e5efa7b94c1c (type: security_group_rules) to 0
2026-07-16 15:33:41.642 8 INFO neutron.db.ovn_revision_numbers_db [None req-1bcbf7de-64ba-45da-bd3a-5b3aad37360d 589a3a0cbcba419398945199e4d94486 9ccd90d23d80408da420291e8925ff4e - - default default] Successfully bumped revision number for resource 55e88a52-4d6e-466f-b9cc-36cc6066a5d6 (type: security_group_rules) to 0
2026-07-16 15:33:41.653 8 INFO neutron.db.ovn_revision_numbers_db [None req-1bcbf7de-64ba-45da-bd3a-5b3aad37360d 589a3a0cbcba419398945199e4d94486 9ccd90d23d80408da420291e8925ff4e - - default default] Successfully bumped revision number for resource f67249ca-c1a8-4dc0-b740-3231c1359f55 (type: security_group_rules) to 0
2026-07-16 15:33:41.738 8 INFO neutron.db.segments_db [None req-1bcbf7de-64ba-45da-bd3a-5b3aad37360d 589a3a0cbcba419398945199e4d94486 9ccd90d23d80408da420291e8925ff4e - - default default] Added segment fdd0342f-c09f-43b7-accf-5eaabe2b64b7 of type geneve for network 82870cea-c976-4ed2-91dd-371de3659a0f
2026-07-16 15:33:41.788 7 WARNING neutron.scheduler.dhcp_agent_scheduler [None req-b1ba6063-9012-4f19-bb09-b2e1f85b2bcf 624c515e745a4c64b5ec05f1c61f9dd8 cef837ee96ea42c39fc496ba9694d44c - - default default] No more DHCP agents
2026-07-16 15:33:41.789 7 WARNING neutron.api.rpc.agentnotifiers.dhcp_rpc_agent_api [None req-b1ba6063-9012-4f19-bb09-b2e1f85b2bcf 624c515e745a4c64b5ec05f1c61f9dd8 cef837ee96ea42c39fc496ba9694d44c - - default default] Unable to schedule network d6b009e5-8051-4e30-bb04-48e457e75b4b: no agents available; will retry on subsequent port and subnet creation events.
2026-07-16 15:33:41.845 8 INFO neutron.db.ovn_revision_numbers_db [None req-1bcbf7de-64ba-45da-bd3a-5b3aad37360d 589a3a0cbcba419398945199e4d94486 9ccd90d23d80408da420291e8925ff4e - - default default] Successfully bumped revision number for resource 82870cea-c976-4ed2-91dd-371de3659a0f (type: networks) to 1
2026-07-16 15:33:42.001 8 WARNING neutron.scheduler.dhcp_agent_scheduler [None req-1bcbf7de-64ba-45da-bd3a-5b3aad37360d 589a3a0cbcba419398945199e4d94486 9ccd90d23d80408da420291e8925ff4e - - default default] No more DHCP agents
2026-07-16 15:33:42.003 8 WARNING neutron.api.rpc.agentnotifiers.dhcp_rpc_agent_api [None req-1bcbf7de-64ba-45da-bd3a-5b3aad37360d 589a3a0cbcba419398945199e4d94486 9ccd90d23d80408da420291e8925ff4e - - default default] Unable to schedule network 82870cea-c976-4ed2-91dd-371de3659a0f: no agents available; will retry on subsequent port and subnet creation events.
2026-07-16 15:33:42.044 8 INFO neutron.plugins.ml2.drivers.ovn.mech_driver.mech_driver [None req-6080165f-c848-4020-a3e0-a8ee45d54232 - - - - - -] OVN reports status down for port: 260e1305-52d0-46b8-8a0d-10c05aa8856a
2026-07-16 15:33:42.117 8 INFO neutron.db.ovn_revision_numbers_db [None req-1bcbf7de-64ba-45da-bd3a-5b3aad37360d 589a3a0cbcba419398945199e4d94486 9ccd90d23d80408da420291e8925ff4e - - default default] Successfully bumped revision number for resource 260e1305-52d0-46b8-8a0d-10c05aa8856a (type: ports) to 1 [pid: 8|app: 0|req: 542/1129] 10.0.0.234 () {34 vars in 671 bytes} [Thu Jul 16 15:33:41 2026] POST /v2.0/networks => generated 760 bytes in 874 msecs (HTTP/1.1 201) 4 headers in 162 bytes (1 switches on core 0) [pid: 8|app: 0|req: 543/1130] 10.0.0.238 () {34 vars in 990 bytes} [Thu Jul 16 15:33:42 2026] GET /v2.0/ports?device_id=f73b810e-3f6f-4a39-a34e-9fb0c40c481e => generated 969 bytes in 41 msecs (HTTP/1.1 200) 4 headers in 157 bytes (1 switches on core 0) [pid: 8|app: 0|req: 544/1131] 10.0.0.203 () {28 vars in 624 bytes} [Thu Jul 16 15:33:42 2026] GET /v2.0/agents?binary=ovn-controller => generated 416 bytes in 17 msecs (HTTP/1.1 200) 4 headers in 157 bytes (1 switches on core 0) [pid: 8|app: 0|req: 545/1132] 199.204.45.70 () {34 vars in 1079 bytes} [Thu Jul 16 15:33:42 2026] GET /v2.0/ports?tenant_id=f13787ec170842488d98404904ac8564&device_id=f73b810e-3f6f-4a39-a34e-9fb0c40c481e => generated 1207 bytes in 37 msecs (HTTP/1.1 200) 4 headers in 158 bytes (1 switches on core 0)
2026-07-16 15:33:42.316 7 INFO neutron.db.ovn_revision_numbers_db [None req-2103eb4a-643e-411f-ba43-ef5e031925f0 - - - - - -] Successfully bumped revision number for resource 941f1eb4-0a3c-43ab-85ad-39731c33ef86 (type: ports) to 2
2026-07-16 15:33:42.356 7 INFO neutron.db.ovn_revision_numbers_db [None req-2103eb4a-643e-411f-ba43-ef5e031925f0 - - - - - -] Successfully bumped revision number for resource 1853f16e-d037-48cc-b956-5fb84c691efd (type: subnets) to 0 [pid: 7|app: 0|req: 588/1133] 10.0.0.234 () {34 vars in 669 bytes} [Thu Jul 16 15:33:41 2026] POST /v2.0/subnets => generated 626 bytes in 782 msecs (HTTP/1.1 201) 4 headers in 162 bytes (1 switches on core 0)
2026-07-16 15:33:42.519 7 WARNING neutron.scheduler.dhcp_agent_scheduler [None req-99651c69-3da1-4758-a18c-f5a723611873 589a3a0cbcba419398945199e4d94486 9ccd90d23d80408da420291e8925ff4e - - default default] No more DHCP agents
2026-07-16 15:33:42.521 7 WARNING neutron.api.rpc.agentnotifiers.dhcp_rpc_agent_api [None req-99651c69-3da1-4758-a18c-f5a723611873 589a3a0cbcba419398945199e4d94486 9ccd90d23d80408da420291e8925ff4e - - default default] Unable to schedule network 82870cea-c976-4ed2-91dd-371de3659a0f: no agents available; will retry on subsequent port and subnet creation events.
2026-07-16 15:33:42.543 8 WARNING neutron.scheduler.dhcp_agent_scheduler [None req-db858d0d-a521-4347-ad5d-e56ca64efe88 bdd673c256f341c2b3319510fc62631e f3210dce9a964283b2823f62b08e54fb - - default default] No more DHCP agents
2026-07-16 15:33:42.544 8 WARNING neutron.api.rpc.agentnotifiers.dhcp_rpc_agent_api [None req-db858d0d-a521-4347-ad5d-e56ca64efe88 bdd673c256f341c2b3319510fc62631e f3210dce9a964283b2823f62b08e54fb - - default default] Unable to schedule network f756019d-90c0-488f-ad3a-63c2d4990fc9: no agents available; will retry on subsequent port and subnet creation events.
2026-07-16 15:33:42.620 7 INFO neutron.plugins.ml2.drivers.ovn.mech_driver.mech_driver [None req-6220ee4c-5db1-49ba-a954-bfe7436b4d98 - - - - - -] OVN reports status down for port: 8d2b0e01-9ce3-449c-a71f-d7f358785114
2026-07-16 15:33:42.649 8 INFO neutron.db.ovn_revision_numbers_db [None req-db858d0d-a521-4347-ad5d-e56ca64efe88 bdd673c256f341c2b3319510fc62631e f3210dce9a964283b2823f62b08e54fb - - default default] Successfully bumped revision number for resource 8d2b0e01-9ce3-449c-a71f-d7f358785114 (type: ports) to 1 [pid: 8|app: 0|req: 546/1134] 10.0.0.234 () {34 vars in 665 bytes} [Thu Jul 16 15:33:42 2026] POST /v2.0/ports => generated 928 bytes in 446 msecs (HTTP/1.1 201) 4 headers in 162 bytes (1 switches on core 0) [pid: 8|app: 0|req: 547/1135] 10.0.0.238 () {34 vars in 1040 bytes} [Thu Jul 16 15:33:42 2026] GET /v2.0/security-groups?id=a8cab6d9-8fea-4afe-b16c-19acf14c6a0e&fields=id&fields=name => generated 113 bytes in 41 msecs (HTTP/1.1 200) 4 headers in 157 bytes (1 switches on core 0) [pid: 8|app: 0|req: 548/1136] 10.0.0.203 () {28 vars in 581 bytes} [Thu Jul 16 15:33:42 2026] GET /v2.0/agents => generated 1214 bytes in 13 msecs (HTTP/1.1 200) 4 headers in 158 bytes (1 switches on core 0) [pid: 8|app: 0|req: 549/1137] 199.204.45.70 () {34 vars in 1057 bytes} [Thu Jul 16 15:33:42 2026] GET /v2.0/floatingips?fixed_ip_address=10.100.0.6&port_id=6a9bc8e7-d646-438f-b7df-9791a2ba4714 => generated 19 bytes in 14 msecs (HTTP/1.1 200) 4 headers in 156 bytes (1 switches on core 0)
2026-07-16 15:33:43.074 8 WARNING neutron.scheduler.dhcp_agent_scheduler [None req-4e324d8b-facc-4f83-aba2-833fcd416d0e 624c515e745a4c64b5ec05f1c61f9dd8 cef837ee96ea42c39fc496ba9694d44c - - default default] No more DHCP agents
2026-07-16 15:33:43.075 8 WARNING neutron.api.rpc.agentnotifiers.dhcp_rpc_agent_api [None req-4e324d8b-facc-4f83-aba2-833fcd416d0e 624c515e745a4c64b5ec05f1c61f9dd8 cef837ee96ea42c39fc496ba9694d44c - - default default] Unable to schedule network d6b009e5-8051-4e30-bb04-48e457e75b4b: no agents available; will retry on subsequent port and subnet creation events.
2026-07-16 15:33:43.083 7 INFO neutron.db.ovn_revision_numbers_db [None req-4a43d41d-ce4d-41f6-ad9a-2bf7c9abd224 - - - - - -] Successfully bumped revision number for resource 260e1305-52d0-46b8-8a0d-10c05aa8856a (type: ports) to 2
2026-07-16 15:33:43.115 7 INFO neutron.db.ovn_revision_numbers_db [None req-4a43d41d-ce4d-41f6-ad9a-2bf7c9abd224 - - - - - -] Successfully bumped revision number for resource bb828742-ca30-4820-a746-243539a83b52 (type: subnets) to 0 [pid: 7|app: 0|req: 589/1138] 10.0.0.234 () {34 vars in 669 bytes} [Thu Jul 16 15:33:42 2026] POST /v2.0/subnets => generated 685 bytes in 769 msecs (HTTP/1.1 201) 4 headers in 162 bytes (1 switches on core 0)
2026-07-16 15:33:43.212 7 INFO neutron.plugins.ml2.drivers.ovn.mech_driver.mech_driver [None req-6220ee4c-5db1-49ba-a954-bfe7436b4d98 - - - - - -] OVN reports status down for port: da0105eb-03ba-4cd3-aca9-050c355538d5
2026-07-16 15:33:43.262 8 INFO neutron.db.ovn_revision_numbers_db [None req-4e324d8b-facc-4f83-aba2-833fcd416d0e 624c515e745a4c64b5ec05f1c61f9dd8 cef837ee96ea42c39fc496ba9694d44c - - default default] Successfully bumped revision number for resource da0105eb-03ba-4cd3-aca9-050c355538d5 (type: ports) to 1 [pid: 8|app: 0|req: 550/1139] 10.0.0.234 () {34 vars in 665 bytes} [Thu Jul 16 15:33:42 2026] POST /v2.0/ports => generated 950 bytes in 557 msecs (HTTP/1.1 201) 4 headers in 162 bytes (1 switches on core 0) /var/lib/openstack/lib/python3.12/site-packages/pycadf/identifier.py:70: UserWarning: Invalid uuid: neutron. To ensure interoperability, identifiers should be a valid uuid. warnings.warn(('Invalid uuid: %s. To ensure interoperability, ' [pid: 8|app: 0|req: 551/1140] 10.0.0.203 () {28 vars in 619 bytes} [Thu Jul 16 15:33:43 2026] GET /v2.0/network-ip-availabilities => generated 3480 bytes in 17 msecs (HTTP/1.1 200) 4 headers in 158 bytes (1 switches on core 0)
2026-07-16 15:33:43.365 7 INFO neutron_taas.services.taas.taas_plugin [None req-efb5911d-cd6b-42e4-8cc1-393fc787839e bdd673c256f341c2b3319510fc62631e f3210dce9a964283b2823f62b08e54fb - - default default] TaaS: Handle Delete Port: 8d2b0e01-9ce3-449c-a71f-d7f358785114
2026-07-16 15:33:43.368 7 INFO neutron_taas.services.taas.tap_mirror_plugin [None req-efb5911d-cd6b-42e4-8cc1-393fc787839e bdd673c256f341c2b3319510fc62631e f3210dce9a964283b2823f62b08e54fb - - default default] Tap Mirror: Handle Delete Port: 8d2b0e01-9ce3-449c-a71f-d7f358785114 [pid: 8|app: 0|req: 552/1141] 199.204.45.70 () {34 vars in 983 bytes} [Thu Jul 16 15:33:43 2026] GET /v2.0/subnets?id=cee02ae3-7010-453f-9a99-a9688f9daa9c => generated 693 bytes in 26 msecs (HTTP/1.1 200) 4 headers in 157 bytes (1 switches on core 0) [pid: 7|app: 0|req: 590/1142] 10.0.0.234 () {32 vars in 720 bytes} [Thu Jul 16 15:33:43 2026] DELETE /v2.0/ports/8d2b0e01-9ce3-449c-a71f-d7f358785114 => generated 0 bytes in 341 msecs (HTTP/1.1 204) 3 headers in 131 bytes (1 switches on core 0)
2026-07-16 15:33:43.617 7 INFO neutron_taas.services.taas.taas_plugin [None req-494fd685-cf31-42bf-b847-0213736f0e66 624c515e745a4c64b5ec05f1c61f9dd8 cef837ee96ea42c39fc496ba9694d44c - - default default] TaaS: Handle Delete Port: da0105eb-03ba-4cd3-aca9-050c355538d5
