2026-07-16 15:37:13.911 7 INFO neutron.db.ovn_revision_numbers_db [None req-90486331-171c-4b03-9413-ef1045c99d5b - - - - - -] Successfully bumped revision number for resource 973b95c0-8902-42a2-87d4-bf46d2708fa9 (type: ports) to 4 [pid: 7|app: 0|req: 1361/2624] 10.0.0.234 () {32 vars in 740 bytes} [Thu Jul 16 15:37:13 2026] DELETE /v2.0/security-groups/bc09cec9-2001-4fe5-973b-4725ff915bcc => generated 0 bytes in 235 msecs (HTTP/1.1 204) 2 headers in 112 bytes (1 switches on core 0)
2026-07-16 15:37:14.305 8 INFO neutron.plugins.ml2.drivers.ovn.mech_driver.mech_driver [None req-d4f7064f-bad0-4fca-b958-63dde5694365 - - - - - -] OVN reports status up for port: ae8ab508-2da7-4428-9128-1dda5c2e2d63
2026-07-16 15:37:14.337 8 INFO neutron.plugins.ml2.plugin [None req-d4f7064f-bad0-4fca-b958-63dde5694365 - - - - - -] Attempt 1 to provision port ae8ab508-2da7-4428-9128-1dda5c2e2d63
2026-07-16 15:37:14.338 7 INFO neutron.db.ovn_revision_numbers_db [None req-90486331-171c-4b03-9413-ef1045c99d5b - - - - - -] Successfully bumped revision number for resource 973b95c0-8902-42a2-87d4-bf46d2708fa9 (type: ports) to 5
2026-07-16 15:37:14.455 8 WARNING neutron.scheduler.dhcp_agent_scheduler [None req-64741b93-5236-4455-8b22-bddeafcfc714 e2b1d94e5f5c403395dd5bcce082a698 de7f456ee67241ab949179f3ef804394 - - default default] No more DHCP agents
2026-07-16 15:37:14.459 8 WARNING neutron.api.rpc.agentnotifiers.dhcp_rpc_agent_api [None req-64741b93-5236-4455-8b22-bddeafcfc714 e2b1d94e5f5c403395dd5bcce082a698 de7f456ee67241ab949179f3ef804394 - - default default] Unable to schedule network 13bd4942-be56-4a3b-aef3-874a5f075074: no agents available; will retry on subsequent port and subnet creation events.
2026-07-16 15:37:14.535 7 INFO neutron.db.ovn_revision_numbers_db [None req-28e45a38-d77b-4c84-a2fc-689abe77ff7e bb43f590f8a04705a2d6b371314aaea2 c3b4445b34704bd589ea9e5306649024 - - default default] Successfully bumped revision number for resource 124bd1ac-1196-4902-b814-8d884081cf7c (type: security_groups) to 1
2026-07-16 15:37:14.550 7 INFO neutron.db.ovn_revision_numbers_db [None req-28e45a38-d77b-4c84-a2fc-689abe77ff7e bb43f590f8a04705a2d6b371314aaea2 c3b4445b34704bd589ea9e5306649024 - - default default] Successfully bumped revision number for resource 42774ce0-9396-424b-b30f-f5126e342d44 (type: security_group_rules) to 0
2026-07-16 15:37:14.567 7 INFO neutron.db.ovn_revision_numbers_db [None req-28e45a38-d77b-4c84-a2fc-689abe77ff7e bb43f590f8a04705a2d6b371314aaea2 c3b4445b34704bd589ea9e5306649024 - - default default] Successfully bumped revision number for resource db0e340b-3c84-4f2f-b712-e8bd7e60de09 (type: security_group_rules) to 0
2026-07-16 15:37:14.578 7 INFO neutron.db.ovn_revision_numbers_db [None req-28e45a38-d77b-4c84-a2fc-689abe77ff7e bb43f590f8a04705a2d6b371314aaea2 c3b4445b34704bd589ea9e5306649024 - - default default] Successfully bumped revision number for resource e019f62b-28c7-4778-bab8-edb4d529ce7e (type: security_group_rules) to 0
2026-07-16 15:37:14.595 7 INFO neutron.db.ovn_revision_numbers_db [None req-28e45a38-d77b-4c84-a2fc-689abe77ff7e bb43f590f8a04705a2d6b371314aaea2 c3b4445b34704bd589ea9e5306649024 - - default default] Successfully bumped revision number for resource e7461d2f-a224-4fd7-90c9-66f93ff658f8 (type: security_group_rules) to 0
2026-07-16 15:37:14.677 7 INFO neutron.db.segments_db [None req-28e45a38-d77b-4c84-a2fc-689abe77ff7e bb43f590f8a04705a2d6b371314aaea2 c3b4445b34704bd589ea9e5306649024 - - default default] Added segment ec47a1ea-c186-4646-8ee4-0aba345a920a of type geneve for network f146133a-2cc6-4ee2-ba48-928bba4f9b46
2026-07-16 15:37:14.796 7 INFO neutron.db.ovn_revision_numbers_db [None req-28e45a38-d77b-4c84-a2fc-689abe77ff7e bb43f590f8a04705a2d6b371314aaea2 c3b4445b34704bd589ea9e5306649024 - - default default] Successfully bumped revision number for resource f146133a-2cc6-4ee2-ba48-928bba4f9b46 (type: networks) to 1
2026-07-16 15:37:15.004 7 WARNING neutron.scheduler.dhcp_agent_scheduler [None req-28e45a38-d77b-4c84-a2fc-689abe77ff7e bb43f590f8a04705a2d6b371314aaea2 c3b4445b34704bd589ea9e5306649024 - - default default] No more DHCP agents
2026-07-16 15:37:15.006 7 WARNING neutron.api.rpc.agentnotifiers.dhcp_rpc_agent_api [None req-28e45a38-d77b-4c84-a2fc-689abe77ff7e bb43f590f8a04705a2d6b371314aaea2 c3b4445b34704bd589ea9e5306649024 - - default default] Unable to schedule network f146133a-2cc6-4ee2-ba48-928bba4f9b46: no agents available; will retry on subsequent port and subnet creation events.
2026-07-16 15:37:15.028 8 INFO neutron.db.ovn_revision_numbers_db [None req-d4f7064f-bad0-4fca-b958-63dde5694365 - - - - - -] Successfully bumped revision number for resource ae8ab508-2da7-4428-9128-1dda5c2e2d63 (type: ports) to 2
2026-07-16 15:37:15.107 7 INFO neutron.db.ovn_revision_numbers_db [None req-28e45a38-d77b-4c84-a2fc-689abe77ff7e bb43f590f8a04705a2d6b371314aaea2 c3b4445b34704bd589ea9e5306649024 - - default default] Successfully bumped revision number for resource d0c46444-5e2b-4163-b443-01f9df9e1636 (type: ports) to 1 [pid: 7|app: 0|req: 1362/2625] 10.0.0.234 () {34 vars in 670 bytes} [Thu Jul 16 15:37:14 2026] POST /v2.0/networks => generated 651 bytes in 1060 msecs (HTTP/1.1 201) 4 headers in 162 bytes (1 switches on core 0)
2026-07-16 15:37:15.182 7 INFO neutron.plugins.ml2.drivers.ovn.mech_driver.mech_driver [None req-6fca352e-ee79-4332-831f-376624bcd02a - - - - - -] OVN reports status down for port: d0c46444-5e2b-4163-b443-01f9df9e1636
2026-07-16 15:37:15.210 8 INFO neutron.db.ovn_revision_numbers_db [None req-64741b93-5236-4455-8b22-bddeafcfc714 e2b1d94e5f5c403395dd5bcce082a698 de7f456ee67241ab949179f3ef804394 - - default default] Successfully bumped revision number for resource ae8ab508-2da7-4428-9128-1dda5c2e2d63 (type: router_ports) to 1 [pid: 8|app: 0|req: 1264/2626] 10.0.0.234 () {34 vars in 783 bytes} [Thu Jul 16 15:37:12 2026] PUT /v2.0/routers/20f7a81f-aa85-46f5-8f1c-8a9cc0413da1/add_router_interface => generated 309 bytes in 2561 msecs (HTTP/1.1 200) 4 headers in 157 bytes (1 switches on core 0)
2026-07-16 15:37:15.310 7 INFO neutron_taas.services.taas.taas_plugin [None req-cba3f058-4972-46b9-a6e7-2488a918c755 c6fd8c71910b4ee6bf674d2e5239c4a9 528a17020ad748e99a7453df33bafb37 - - default default] TaaS: Handle Delete Port: 4b2811c5-179a-4e2b-86b8-7997a2b8c1b1
2026-07-16 15:37:15.313 7 INFO neutron_taas.services.taas.tap_mirror_plugin [None req-cba3f058-4972-46b9-a6e7-2488a918c755 c6fd8c71910b4ee6bf674d2e5239c4a9 528a17020ad748e99a7453df33bafb37 - - default default] Tap Mirror: Handle Delete Port: 4b2811c5-179a-4e2b-86b8-7997a2b8c1b1 [pid: 8|app: 0|req: 1265/2627] 10.0.0.234 () {32 vars in 740 bytes} [Thu Jul 16 15:37:15 2026] DELETE /v2.0/security-groups/dfcd8242-496e-405c-8dd3-b78c718f67aa => generated 0 bytes in 125 msecs (HTTP/1.1 204) 2 headers in 112 bytes (1 switches on core 0)
2026-07-16 15:37:15.429 8 INFO neutron.db.segments_db [None req-00da3877-9874-4f3a-95c3-80d42de78417 bb43f590f8a04705a2d6b371314aaea2 c3b4445b34704bd589ea9e5306649024 - - default default] Added segment 948c16b3-de48-4cd0-8eda-19f21bd12848 of type geneve for network 383c8d0b-2fb6-473e-86ca-1418653e1180
2026-07-16 15:37:15.501 7 INFO neutron.services.segments.plugin [-] Segment 2abb22a6-776d-49d0-b683-e9bab75a49c1 resource provider aggregate not found
2026-07-16 15:37:15.509 7 INFO neutron.services.segments.plugin [-] Segment 2abb22a6-776d-49d0-b683-e9bab75a49c1 resource provider aggregate not found
2026-07-16 15:37:15.529 7 INFO neutron.services.segments.plugin [-] Segment 2abb22a6-776d-49d0-b683-e9bab75a49c1 resource provider not found; error: Placement Client Error (4xx): {"errors": [{"status": 404, "title": "Not Found", "detail": "The resource could not be found.\n\n No resource provider with uuid 2abb22a6-776d-49d0-b683-e9bab75a49c1 found for delete ", "request_id": "req-85f2ddef-6d06-4c9f-af62-db7528778c65"}]}
2026-07-16 15:37:15.534 7 INFO neutron.services.segments.plugin [-] Segment 2abb22a6-776d-49d0-b683-e9bab75a49c1 resource provider not found; error: Placement Client Error (4xx): {"errors": [{"status": 404, "title": "Not Found", "detail": "The resource could not be found.\n\n No resource provider with uuid 2abb22a6-776d-49d0-b683-e9bab75a49c1 found for delete ", "request_id": "req-dda6514f-d59f-44ad-b8e1-66b3a2d72078"}]}
2026-07-16 15:37:15.540 8 INFO neutron.db.ovn_revision_numbers_db [None req-00da3877-9874-4f3a-95c3-80d42de78417 bb43f590f8a04705a2d6b371314aaea2 c3b4445b34704bd589ea9e5306649024 - - default default] Successfully bumped revision number for resource 383c8d0b-2fb6-473e-86ca-1418653e1180 (type: networks) to 1 [pid: 7|app: 0|req: 1363/2628] 10.0.0.234 () {32 vars in 726 bytes} [Thu Jul 16 15:37:15 2026] DELETE /v2.0/networks/879e6d86-264e-4bf6-a5d1-03848c427647 => generated 0 bytes in 432 msecs (HTTP/1.1 204) 3 headers in 131 bytes (1 switches on core 0)
2026-07-16 15:37:15.709 8 WARNING neutron.scheduler.dhcp_agent_scheduler [None req-00da3877-9874-4f3a-95c3-80d42de78417 bb43f590f8a04705a2d6b371314aaea2 c3b4445b34704bd589ea9e5306649024 - - default default] No more DHCP agents
2026-07-16 15:37:15.710 8 WARNING neutron.api.rpc.agentnotifiers.dhcp_rpc_agent_api [None req-00da3877-9874-4f3a-95c3-80d42de78417 bb43f590f8a04705a2d6b371314aaea2 c3b4445b34704bd589ea9e5306649024 - - default default] Unable to schedule network 383c8d0b-2fb6-473e-86ca-1418653e1180: no agents available; will retry on subsequent port and subnet creation events.
2026-07-16 15:37:15.775 7 INFO neutron.plugins.ml2.drivers.ovn.mech_driver.mech_driver [None req-6fca352e-ee79-4332-831f-376624bcd02a - - - - - -] OVN reports status down for port: afe6461f-a1dd-4bf8-aa9f-889c45b4d81b
2026-07-16 15:37:15.802 8 INFO neutron.db.ovn_revision_numbers_db [None req-00da3877-9874-4f3a-95c3-80d42de78417 bb43f590f8a04705a2d6b371314aaea2 c3b4445b34704bd589ea9e5306649024 - - default default] Successfully bumped revision number for resource afe6461f-a1dd-4bf8-aa9f-889c45b4d81b (type: ports) to 1 [pid: 8|app: 0|req: 1266/2629] 10.0.0.234 () {34 vars in 670 bytes} [Thu Jul 16 15:37:15 2026] POST /v2.0/networks => generated 650 bytes in 476 msecs (HTTP/1.1 201) 4 headers in 162 bytes (1 switches on core 0) [pid: 8|app: 0|req: 1267/2630] 10.0.0.234 () {34 vars in 753 bytes} [Thu Jul 16 15:37:15 2026] PUT /v2.0/networks/f146133a-2cc6-4ee2-ba48-928bba4f9b46/tags => generated 25 bytes in 68 msecs (HTTP/1.1 200) 4 headers in 156 bytes (1 switches on core 0) [pid: 8|app: 0|req: 1268/2631] 10.0.0.234 () {32 vars in 733 bytes} [Thu Jul 16 15:37:15 2026] GET /v2.0/networks/f146133a-2cc6-4ee2-ba48-928bba4f9b46/tags => generated 25 bytes in 73 msecs (HTTP/1.1 200) 4 headers in 156 bytes (1 switches on core 0) [pid: 8|app: 0|req: 1269/2632] 10.0.0.234 () {34 vars in 753 bytes} [Thu Jul 16 15:37:15 2026] PUT /v2.0/networks/383c8d0b-2fb6-473e-86ca-1418653e1180/tags => generated 17 bytes in 72 msecs (HTTP/1.1 200) 4 headers in 156 bytes (1 switches on core 0) [pid: 8|app: 0|req: 1270/2633] 10.0.0.234 () {32 vars in 733 bytes} [Thu Jul 16 15:37:16 2026] GET /v2.0/networks/383c8d0b-2fb6-473e-86ca-1418653e1180/tags => generated 17 bytes in 55 msecs (HTTP/1.1 200) 4 headers in 156 bytes (1 switches on core 0)
2026-07-16 15:37:16.228 7 WARNING neutron.scheduler.dhcp_agent_scheduler [None req-79a38968-139a-4818-b9b2-e8ba1b814394 e2b1d94e5f5c403395dd5bcce082a698 de7f456ee67241ab949179f3ef804394 - - default default] No more DHCP agents
2026-07-16 15:37:16.229 7 WARNING neutron.api.rpc.agentnotifiers.dhcp_rpc_agent_api [None req-79a38968-139a-4818-b9b2-e8ba1b814394 e2b1d94e5f5c403395dd5bcce082a698 de7f456ee67241ab949179f3ef804394 - - default default] Unable to schedule network 82b5685e-1611-431a-998f-723258942ad2: no agents available; will retry on subsequent port and subnet creation events. [pid: 8|app: 0|req: 1271/2634] 10.0.0.234 () {34 vars in 753 bytes} [Thu Jul 16 15:37:16 2026] PUT /v2.0/networks/383c8d0b-2fb6-473e-86ca-1418653e1180/tags => generated 12 bytes in 99 msecs (HTTP/1.1 200) 4 headers in 156 bytes (1 switches on core 0)
2026-07-16 15:37:16.351 7 INFO neutron.plugins.ml2.drivers.ovn.mech_driver.mech_driver [None req-6fca352e-ee79-4332-831f-376624bcd02a - - - - - -] OVN reports status down for port: a3dd8a3c-2674-45ed-8528-66f3f5a8e542
2026-07-16 15:37:16.410 7 INFO neutron.db.ovn_revision_numbers_db [None req-79a38968-139a-4818-b9b2-e8ba1b814394 e2b1d94e5f5c403395dd5bcce082a698 de7f456ee67241ab949179f3ef804394 - - default default] Successfully bumped revision number for resource a3dd8a3c-2674-45ed-8528-66f3f5a8e542 (type: ports) to 1 [pid: 8|app: 0|req: 1272/2635] 10.0.0.234 () {32 vars in 774 bytes} [Thu Jul 16 15:37:16 2026] GET /v2.0/security-groups?tenant_id=145150dba4754a0fbf5d6b9b7e2088a0&name=default => generated 2925 bytes in 206 msecs (HTTP/1.1 200) 4 headers in 158 bytes (1 switches on core 0) [pid: 8|app: 0|req: 1273/2636] 10.0.0.234 () {32 vars in 733 bytes} [Thu Jul 16 15:37:16 2026] GET /v2.0/networks/383c8d0b-2fb6-473e-86ca-1418653e1180/tags => generated 12 bytes in 45 msecs (HTTP/1.1 200) 4 headers in 156 bytes (1 switches on core 0) [pid: 8|app: 0|req: 1274/2637] 10.0.0.234 () {32 vars in 774 bytes} [Thu Jul 16 15:37:16 2026] GET /v2.0/security-groups?tenant_id=528a17020ad748e99a7453df33bafb37&name=default => generated 2925 bytes in 66 msecs (HTTP/1.1 200) 4 headers in 158 bytes (1 switches on core 0) [pid: 8|app: 0|req: 1275/2638] 10.0.0.234 () {32 vars in 740 bytes} [Thu Jul 16 15:37:16 2026] DELETE /v2.0/security-groups/c9308ed7-13fa-4dca-b7c2-ee5a1f8d8a3d => generated 0 bytes in 253 msecs (HTTP/1.1 204) 2 headers in 112 bytes (1 switches on core 0) [pid: 8|app: 0|req: 1276/2639] 10.0.0.234 () {32 vars in 733 bytes} [Thu Jul 16 15:37:16 2026] GET /v2.0/networks/f146133a-2cc6-4ee2-ba48-928bba4f9b46/tags => generated 25 bytes in 48 msecs (HTTP/1.1 200) 4 headers in 156 bytes (1 switches on core 0) [pid: 8|app: 0|req: 1277/2640] 10.0.0.234 () {32 vars in 740 bytes} [Thu Jul 16 15:37:16 2026] DELETE /v2.0/security-groups/943ff0a1-b956-4318-b543-6fcbe31ed5ea => generated 0 bytes in 268 msecs (HTTP/1.1 204) 2 headers in 112 bytes (1 switches on core 0)
2026-07-16 15:37:17.220 7 INFO neutron.plugins.ml2.drivers.ovn.mech_driver.mech_driver [None req-6fca352e-ee79-4332-831f-376624bcd02a - - - - - -] OVN reports status up for port: a3dd8a3c-2674-45ed-8528-66f3f5a8e542
2026-07-16 15:37:17.247 7 INFO neutron.plugins.ml2.plugin [None req-6fca352e-ee79-4332-831f-376624bcd02a - - - - - -] Attempt 1 to provision port a3dd8a3c-2674-45ed-8528-66f3f5a8e542
2026-07-16 15:37:17.272 8 INFO neutron_taas.services.taas.taas_plugin [None req-2c53c027-aadb-4223-a82a-999cca3318bd bb43f590f8a04705a2d6b371314aaea2 c3b4445b34704bd589ea9e5306649024 - - default default] TaaS: Handle Delete Port: d0c46444-5e2b-4163-b443-01f9df9e1636
2026-07-16 15:37:17.275 8 INFO neutron_taas.services.taas.tap_mirror_plugin [None req-2c53c027-aadb-4223-a82a-999cca3318bd bb43f590f8a04705a2d6b371314aaea2 c3b4445b34704bd589ea9e5306649024 - - default default] Tap Mirror: Handle Delete Port: d0c46444-5e2b-4163-b443-01f9df9e1636
2026-07-16 15:37:17.374 7 WARNING neutron.scheduler.dhcp_agent_scheduler [None req-79a38968-139a-4818-b9b2-e8ba1b814394 e2b1d94e5f5c403395dd5bcce082a698 de7f456ee67241ab949179f3ef804394 - - default default] No more DHCP agents
2026-07-16 15:37:17.381 7 WARNING neutron.api.rpc.agentnotifiers.dhcp_rpc_agent_api [None req-79a38968-139a-4818-b9b2-e8ba1b814394 e2b1d94e5f5c403395dd5bcce082a698 de7f456ee67241ab949179f3ef804394 - - default default] Unable to schedule network 82b5685e-1611-431a-998f-723258942ad2: no agents available; will retry on subsequent port and subnet creation events.
2026-07-16 15:37:17.462 8 INFO neutron.services.segments.plugin [-] Segment ec47a1ea-c186-4646-8ee4-0aba345a920a resource provider aggregate not found
2026-07-16 15:37:17.465 8 INFO neutron.services.segments.plugin [-] Segment ec47a1ea-c186-4646-8ee4-0aba345a920a resource provider aggregate not found
2026-07-16 15:37:17.487 8 INFO neutron.services.segments.plugin [-] Segment ec47a1ea-c186-4646-8ee4-0aba345a920a resource provider not found; error: Placement Client Error (4xx): {"errors": [{"status": 404, "title": "Not Found", "detail": "The resource could not be found.\n\n No resource provider with uuid ec47a1ea-c186-4646-8ee4-0aba345a920a found for delete ", "request_id": "req-dd7719f7-ea95-49ee-869e-1219bd7da40c"}]}
2026-07-16 15:37:17.495 8 INFO neutron.services.segments.plugin [-] Segment ec47a1ea-c186-4646-8ee4-0aba345a920a resource provider not found; error: Placement Client Error (4xx): {"errors": [{"status": 404, "title": "Not Found", "detail": "The resource could not be found.\n\n No resource provider with uuid ec47a1ea-c186-4646-8ee4-0aba345a920a found for delete ", "request_id": "req-ddadd5a0-26bd-40bd-83b5-6088d6612d18"}]} [pid: 8|app: 0|req: 1278/2641] 10.0.0.234 () {32 vars in 726 bytes} [Thu Jul 16 15:37:17 2026] DELETE /v2.0/networks/f146133a-2cc6-4ee2-ba48-928bba4f9b46 => generated 0 bytes in 400 msecs (HTTP/1.1 204) 3 headers in 131 bytes (1 switches on core 0)
2026-07-16 15:37:17.675 8 INFO neutron.db.ovn_revision_numbers_db [None req-bb39557b-6b99-4b23-8b04-84623f276ca6 589a3a0cbcba419398945199e4d94486 9ccd90d23d80408da420291e8925ff4e - - default default] Successfully bumped revision number for resource c1916ecd-8780-45c3-990c-3dc2fc863505 (type: security_groups) to 1
2026-07-16 15:37:17.687 8 INFO neutron.db.ovn_revision_numbers_db [None req-bb39557b-6b99-4b23-8b04-84623f276ca6 589a3a0cbcba419398945199e4d94486 9ccd90d23d80408da420291e8925ff4e - - default default] Successfully bumped revision number for resource af32689e-d379-4846-9936-b59a4951c40d (type: security_group_rules) to 0
2026-07-16 15:37:17.698 8 INFO neutron.db.ovn_revision_numbers_db [None req-bb39557b-6b99-4b23-8b04-84623f276ca6 589a3a0cbcba419398945199e4d94486 9ccd90d23d80408da420291e8925ff4e - - default default] Successfully bumped revision number for resource b434e61a-5250-485f-a25b-927d04aebaf8 (type: security_group_rules) to 0
2026-07-16 15:37:17.710 8 INFO neutron.db.ovn_revision_numbers_db [None req-bb39557b-6b99-4b23-8b04-84623f276ca6 589a3a0cbcba419398945199e4d94486 9ccd90d23d80408da420291e8925ff4e - - default default] Successfully bumped revision number for resource c8b47f94-3d26-4c1d-a861-da286da069b8 (type: security_group_rules) to 0
2026-07-16 15:37:17.723 8 INFO neutron.db.ovn_revision_numbers_db [None req-bb39557b-6b99-4b23-8b04-84623f276ca6 589a3a0cbcba419398945199e4d94486 9ccd90d23d80408da420291e8925ff4e - - default default] Successfully bumped revision number for resource f5d74759-1ef6-449e-8223-f4fbb8e6b76c (type: security_group_rules) to 0 [pid: 8|app: 0|req: 1279/2642] 10.0.0.234 () {32 vars in 774 bytes} [Thu Jul 16 15:37:17 2026] GET /v2.0/security-groups?tenant_id=af5cfd15709f450487c0a56c237dc104&name=default => generated 2929 bytes in 242 msecs (HTTP/1.1 200) 4 headers in 158 bytes (1 switches on core 0)
2026-07-16 15:37:17.952 7 INFO neutron.db.ovn_revision_numbers_db [None req-6fca352e-ee79-4332-831f-376624bcd02a - - - - - -] Successfully bumped revision number for resource a3dd8a3c-2674-45ed-8528-66f3f5a8e542 (type: ports) to 2
2026-07-16 15:37:17.964 8 INFO neutron.db.ovn_revision_numbers_db [None req-beed2a93-fe0a-4a95-82c2-584997825f55 589a3a0cbcba419398945199e4d94486 9ccd90d23d80408da420291e8925ff4e - - default default] Successfully bumped revision number for resource 8a103559-f67b-452c-9cc6-45b3bf99f3c8 (type: security_groups) to 1
2026-07-16 15:37:17.981 8 INFO neutron.db.ovn_revision_numbers_db [None req-beed2a93-fe0a-4a95-82c2-584997825f55 589a3a0cbcba419398945199e4d94486 9ccd90d23d80408da420291e8925ff4e - - default default] Successfully bumped revision number for resource 3930d98c-7594-4c3e-aa5a-c99a3b4584b1 (type: security_group_rules) to 0
2026-07-16 15:37:17.999 8 INFO neutron.db.ovn_revision_numbers_db [None req-beed2a93-fe0a-4a95-82c2-584997825f55 589a3a0cbcba419398945199e4d94486 9ccd90d23d80408da420291e8925ff4e - - default default] Successfully bumped revision number for resource 77f20f03-374e-4b65-9c0e-bcf4259cc025 (type: security_group_rules) to 0
2026-07-16 15:37:18.015 8 INFO neutron.db.ovn_revision_numbers_db [None req-beed2a93-fe0a-4a95-82c2-584997825f55 589a3a0cbcba419398945199e4d94486 9ccd90d23d80408da420291e8925ff4e - - default default] Successfully bumped revision number for resource 9497dca1-3332-4c35-9501-b700018aadb5 (type: security_group_rules) to 0
2026-07-16 15:37:18.028 8 INFO neutron.db.ovn_revision_numbers_db [None req-beed2a93-fe0a-4a95-82c2-584997825f55 589a3a0cbcba419398945199e4d94486 9ccd90d23d80408da420291e8925ff4e - - default default] Successfully bumped revision number for resource dfb91be0-d434-429e-83ad-7856e0489f8b (type: security_group_rules) to 0 [pid: 8|app: 0|req: 1282/2645] 10.0.0.234 () {32 vars in 774 bytes} [Thu Jul 16 15:37:17 2026] GET /v2.0/security-groups?tenant_id=6ac5fbc3ff2f41499a96a8133fce2013&name=default => generated 2929 bytes in 307 msecs (HTTP/1.1 200) 4 headers in 158 bytes (1 switches on core 0)
2026-07-16 15:37:18.130 7 INFO neutron.db.ovn_revision_numbers_db [None req-79a38968-139a-4818-b9b2-e8ba1b814394 e2b1d94e5f5c403395dd5bcce082a698 de7f456ee67241ab949179f3ef804394 - - default default] Successfully bumped revision number for resource a3dd8a3c-2674-45ed-8528-66f3f5a8e542 (type: router_ports) to 1 [pid: 7|app: 0|req: 1364/2646] 10.0.0.234 () {34 vars in 783 bytes} [Thu Jul 16 15:37:15 2026] PUT /v2.0/routers/20f7a81f-aa85-46f5-8f1c-8a9cc0413da1/add_router_interface => generated 309 bytes in 2573 msecs (HTTP/1.1 200) 4 headers in 157 bytes (1 switches on core 0)
2026-07-16 15:37:18.213 8 INFO neutron_taas.services.taas.taas_plugin [None req-d9eb1168-bb97-44f5-adb9-147fe4fd7282 bb43f590f8a04705a2d6b371314aaea2 c3b4445b34704bd589ea9e5306649024 - - default default] TaaS: Handle Delete Port: afe6461f-a1dd-4bf8-aa9f-889c45b4d81b
2026-07-16 15:37:18.215 8 INFO neutron_taas.services.taas.tap_mirror_plugin [None req-d9eb1168-bb97-44f5-adb9-147fe4fd7282 bb43f590f8a04705a2d6b371314aaea2 c3b4445b34704bd589ea9e5306649024 - - default default] Tap Mirror: Handle Delete Port: afe6461f-a1dd-4bf8-aa9f-889c45b4d81b [pid: 7|app: 0|req: 1365/2647] 10.0.0.234 () {32 vars in 740 bytes} [Thu Jul 16 15:37:18 2026] DELETE /v2.0/security-groups/c1916ecd-8780-45c3-990c-3dc2fc863505 => generated 0 bytes in 254 msecs (HTTP/1.1 204) 2 headers in 112 bytes (1 switches on core 0) [pid: 8|app: 0|req: 1283/2648] 10.0.0.234 () {32 vars in 726 bytes} [Thu Jul 16 15:37:18 2026] DELETE /v2.0/networks/383c8d0b-2fb6-473e-86ca-1418653e1180 => generated 0 bytes in 375 msecs (HTTP/1.1 204) 3 headers in 131 bytes (1 switches on core 0) [pid: 7|app: 0|req: 1366/2649] 10.0.0.234 () {32 vars in 740 bytes} [Thu Jul 16 15:37:18 2026] DELETE /v2.0/security-groups/8a103559-f67b-452c-9cc6-45b3bf99f3c8 => generated 0 bytes in 247 msecs (HTTP/1.1 204) 2 headers in 112 bytes (1 switches on core 0)
2026-07-16 15:37:18.784 7 INFO neutron.db.ovn_revision_numbers_db [None req-59ea0319-b7d9-4918-a3dc-e45c2e552f28 589a3a0cbcba419398945199e4d94486 9ccd90d23d80408da420291e8925ff4e - - default default] Successfully bumped revision number for resource 395fc508-26c7-4d87-bcf4-2466bf903350 (type: security_groups) to 1
2026-07-16 15:37:18.798 7 INFO neutron.db.ovn_revision_numbers_db [None req-59ea0319-b7d9-4918-a3dc-e45c2e552f28 589a3a0cbcba419398945199e4d94486 9ccd90d23d80408da420291e8925ff4e - - default default] Successfully bumped revision number for resource 15946b6c-7b70-498a-b8c7-fe66a4c64973 (type: security_group_rules) to 0
2026-07-16 15:37:18.809 7 INFO neutron.db.ovn_revision_numbers_db [None req-59ea0319-b7d9-4918-a3dc-e45c2e552f28 589a3a0cbcba419398945199e4d94486 9ccd90d23d80408da420291e8925ff4e - - default default] Successfully bumped revision number for resource 70ec615f-2a88-4ef5-b209-9871e127df5c (type: security_group_rules) to 0
2026-07-16 15:37:18.821 7 INFO neutron.db.ovn_revision_numbers_db [None req-59ea0319-b7d9-4918-a3dc-e45c2e552f28 589a3a0cbcba419398945199e4d94486 9ccd90d23d80408da420291e8925ff4e - - default default] Successfully bumped revision number for resource 83267f31-a6ba-4c12-9de0-87c3c90ccb5e (type: security_group_rules) to 0
2026-07-16 15:37:18.831 7 INFO neutron.db.ovn_revision_numbers_db [None req-59ea0319-b7d9-4918-a3dc-e45c2e552f28 589a3a0cbcba419398945199e4d94486 9ccd90d23d80408da420291e8925ff4e - - default default] Successfully bumped revision number for resource af48777b-38dd-46db-bcc1-dabba0de5f8a (type: security_group_rules) to 0 [pid: 7|app: 0|req: 1367/2650] 10.0.0.234 () {32 vars in 774 bytes} [Thu Jul 16 15:37:18 2026] GET /v2.0/security-groups?tenant_id=75b82539083f40e1b62da11325559bd8&name=default => generated 2929 bytes in 229 msecs (HTTP/1.1 200) 4 headers in 158 bytes (1 switches on core 0)
2026-07-16 15:37:19.072 8 WARNING neutron.scheduler.dhcp_agent_scheduler [None req-aa784b8f-d7ba-4f0a-a877-c732aebf4f41 e2b1d94e5f5c403395dd5bcce082a698 de7f456ee67241ab949179f3ef804394 - - default default] No more DHCP agents
2026-07-16 15:37:19.076 8 WARNING neutron.api.rpc.agentnotifiers.dhcp_rpc_agent_api [None req-aa784b8f-d7ba-4f0a-a877-c732aebf4f41 e2b1d94e5f5c403395dd5bcce082a698 de7f456ee67241ab949179f3ef804394 - - default default] Unable to schedule network ba61cf6c-d4e0-4dd2-9a38-11f2a46f392b: no agents available; will retry on subsequent port and subnet creation events. [pid: 7|app: 0|req: 1368/2651] 10.0.0.234 () {32 vars in 740 bytes} [Thu Jul 16 15:37:18 2026] DELETE /v2.0/security-groups/395fc508-26c7-4d87-bcf4-2466bf903350 => generated 0 bytes in 270 msecs (HTTP/1.1 204) 2 headers in 112 bytes (1 switches on core 0)
2026-07-16 15:37:19.265 8 INFO neutron.db.ovn_revision_numbers_db [None req-aa784b8f-d7ba-4f0a-a877-c732aebf4f41 e2b1d94e5f5c403395dd5bcce082a698 de7f456ee67241ab949179f3ef804394 - - default default] Successfully bumped revision number for resource cb23492a-6744-4661-9c14-981f2bd73a29 (type: ports) to 1 [pid: 7|app: 0|req: 1369/2652] 10.0.0.234 () {32 vars in 774 bytes} [Thu Jul 16 15:37:19 2026] GET /v2.0/security-groups?tenant_id=c3b4445b34704bd589ea9e5306649024&name=default => generated 2929 bytes in 296 msecs (HTTP/1.1 200) 4 headers in 158 bytes (1 switches on core 0)
2026-07-16 15:37:19.519 8 INFO neutron.services.segments.plugin [-] Segment 948c16b3-de48-4cd0-8eda-19f21bd12848 resource provider aggregate not found
2026-07-16 15:37:19.519 8 INFO neutron.services.segments.plugin [-] Segment 948c16b3-de48-4cd0-8eda-19f21bd12848 resource provider aggregate not found
2026-07-16 15:37:19.543 8 INFO neutron.services.segments.plugin [-] Segment 948c16b3-de48-4cd0-8eda-19f21bd12848 resource provider not found; error: Placement Client Error (4xx): {"errors": [{"status": 404, "title": "Not Found", "detail": "The resource could not be found.\n\n No resource provider with uuid 948c16b3-de48-4cd0-8eda-19f21bd12848 found for delete ", "request_id": "req-04c0c9c2-6145-491c-a5e6-d8e8826fbbca"}]}
2026-07-16 15:37:19.578 8 INFO neutron.services.segments.plugin [-] Segment 948c16b3-de48-4cd0-8eda-19f21bd12848 resource provider not found; error: Placement Client Error (4xx): {"errors": [{"status": 404, "title": "Not Found", "detail": "The resource could not be found.\n\n No resource provider with uuid 948c16b3-de48-4cd0-8eda-19f21bd12848 found for delete ", "request_id": "req-e041fa05-956a-41b7-9286-3f32ed7f655d"}]} [pid: 7|app: 0|req: 1370/2653] 10.0.0.234 () {32 vars in 740 bytes} [Thu Jul 16 15:37:19 2026] DELETE /v2.0/security-groups/124bd1ac-1196-4902-b814-8d884081cf7c => generated 0 bytes in 259 msecs (HTTP/1.1 204) 2 headers in 112 bytes (1 switches on core 0)
2026-07-16 15:37:19.932 7 INFO neutron.db.ovn_revision_numbers_db [None req-afd217b4-7022-4135-a53a-35f0ab653f7c 589a3a0cbcba419398945199e4d94486 9ccd90d23d80408da420291e8925ff4e - - default default] Successfully bumped revision number for resource 6fa08efc-34ed-4af8-b695-e843c3df42af (type: security_groups) to 1
2026-07-16 15:37:19.947 7 INFO neutron.db.ovn_revision_numbers_db [None req-afd217b4-7022-4135-a53a-35f0ab653f7c 589a3a0cbcba419398945199e4d94486 9ccd90d23d80408da420291e8925ff4e - - default default] Successfully bumped revision number for resource 2423f04c-7dea-4d51-8ebc-6ac115e0bd41 (type: security_group_rules) to 0
2026-07-16 15:37:19.963 7 INFO neutron.db.ovn_revision_numbers_db [None req-afd217b4-7022-4135-a53a-35f0ab653f7c 589a3a0cbcba419398945199e4d94486 9ccd90d23d80408da420291e8925ff4e - - default default] Successfully bumped revision number for resource 2925ad2e-236a-401c-98bd-c598789f1154 (type: security_group_rules) to 0
2026-07-16 15:37:19.976 7 INFO neutron.db.ovn_revision_numbers_db [None req-afd217b4-7022-4135-a53a-35f0ab653f7c 589a3a0cbcba419398945199e4d94486 9ccd90d23d80408da420291e8925ff4e - - default default] Successfully bumped revision number for resource 9ba93e63-0130-402e-ad7b-09d21daea746 (type: security_group_rules) to 0
2026-07-16 15:37:19.989 7 INFO neutron.db.ovn_revision_numbers_db [None req-afd217b4-7022-4135-a53a-35f0ab653f7c 589a3a0cbcba419398945199e4d94486 9ccd90d23d80408da420291e8925ff4e - - default default] Successfully bumped revision number for resource 9f497e53-3d7c-452e-b109-6f1f2616973c (type: security_group_rules) to 0 [pid: 7|app: 0|req: 1371/2654] 10.0.0.234 () {32 vars in 774 bytes} [Thu Jul 16 15:37:19 2026] GET /v2.0/security-groups?tenant_id=978c6dcc9777475ab62fbe8bb5f21111&name=default => generated 2929 bytes in 214 msecs (HTTP/1.1 200) 4 headers in 158 bytes (1 switches on core 0)
2026-07-16 15:37:20.117 8 WARNING neutron.scheduler.dhcp_agent_scheduler [None req-aa784b8f-d7ba-4f0a-a877-c732aebf4f41 e2b1d94e5f5c403395dd5bcce082a698 de7f456ee67241ab949179f3ef804394 - - default default] No more DHCP agents
2026-07-16 15:37:20.118 8 WARNING neutron.api.rpc.agentnotifiers.dhcp_rpc_agent_api [None req-aa784b8f-d7ba-4f0a-a877-c732aebf4f41 e2b1d94e5f5c403395dd5bcce082a698 de7f456ee67241ab949179f3ef804394 - - default default] Unable to schedule network ba61cf6c-d4e0-4dd2-9a38-11f2a46f392b: no agents available; will retry on subsequent port and subnet creation events. [pid: 7|app: 0|req: 1372/2655] 10.0.0.234 () {32 vars in 740 bytes} [Thu Jul 16 15:37:20 2026] DELETE /v2.0/security-groups/6fa08efc-34ed-4af8-b695-e843c3df42af => generated 0 bytes in 306 msecs (HTTP/1.1 204) 2 headers in 112 bytes (1 switches on core 0)
2026-07-16 15:37:20.488 8 INFO neutron.db.ovn_revision_numbers_db [None req-aa784b8f-d7ba-4f0a-a877-c732aebf4f41 e2b1d94e5f5c403395dd5bcce082a698 de7f456ee67241ab949179f3ef804394 - - default default] Successfully bumped revision number for resource cb23492a-6744-4661-9c14-981f2bd73a29 (type: router_ports) to 1 [pid: 8|app: 0|req: 1284/2656] 10.0.0.234 () {34 vars in 783 bytes} [Thu Jul 16 15:37:18 2026] PUT /v2.0/routers/20f7a81f-aa85-46f5-8f1c-8a9cc0413da1/add_router_interface => generated 309 bytes in 2041 msecs (HTTP/1.1 200) 4 headers in 157 bytes (1 switches on core 0)
2026-07-16 15:37:20.674 8 WARNING neutron.plugins.ml2.drivers.ovn.mech_driver.ovsdb.ovn_client [None req-82989fd1-c284-4474-81a9-9b777dcf75b5 - - - - - -] No hosting information found for port ae8ab508-2da7-4428-9128-1dda5c2e2d63: RuntimeError: No hosting information found for port ae8ab508-2da7-4428-9128-1dda5c2e2d63
2026-07-16 15:37:20.681 7 INFO neutron.db.ovn_revision_numbers_db [None req-b58d69d9-8511-4675-a5f6-a00747ffc7ce e2b1d94e5f5c403395dd5bcce082a698 de7f456ee67241ab949179f3ef804394 - - default default] Successfully bumped revision number for resource 6066bec9-f492-4fa6-bcfd-254c8d3a0882 (type: security_groups) to 1
2026-07-16 15:37:20.695 7 INFO neutron.db.ovn_revision_numbers_db [None req-b58d69d9-8511-4675-a5f6-a00747ffc7ce e2b1d94e5f5c403395dd5bcce082a698 de7f456ee67241ab949179f3ef804394 - - default default] Successfully bumped revision number for resource 6ce5a575-5b09-4c8a-8534-4a8fcb3031df (type: security_group_rules) to 0
2026-07-16 15:37:20.732 7 INFO neutron.db.ovn_revision_numbers_db [None req-b58d69d9-8511-4675-a5f6-a00747ffc7ce e2b1d94e5f5c403395dd5bcce082a698 de7f456ee67241ab949179f3ef804394 - - default default] Successfully bumped revision number for resource aaaea05e-5eb5-44d1-8d48-900a16dbff22 (type: security_group_rules) to 0
2026-07-16 15:37:20.753 8 INFO neutron.db.ovn_revision_numbers_db [None req-82989fd1-c284-4474-81a9-9b777dcf75b5 - - - - - -] Successfully bumped revision number for resource ae8ab508-2da7-4428-9128-1dda5c2e2d63 (type: router_ports) to 2 [pid: 7|app: 0|req: 1373/2657] 10.0.0.234 () {34 vars in 684 bytes} [Thu Jul 16 15:37:20 2026] POST /v2.0/security-groups => generated 1630 bytes in 230 msecs (HTTP/1.1 201) 4 headers in 163 bytes (1 switches on core 0)
2026-07-16 15:37:20.935 8 INFO neutron.db.ovn_revision_numbers_db [None req-677f613b-ebd2-4475-aade-3f14e9878072 e2b1d94e5f5c403395dd5bcce082a698 de7f456ee67241ab949179f3ef804394 - - default default] Successfully bumped revision number for resource 768e08a0-36fd-43a3-be28-d34f54d9e6af (type: security_group_rules) to 0 [pid: 8|app: 0|req: 1285/2658] 10.0.0.234 () {34 vars in 695 bytes} [Thu Jul 16 15:37:20 2026] POST /v2.0/security-group-rules => generated 597 bytes in 190 msecs (HTTP/1.1 201) 4 headers in 162 bytes (1 switches on core 0)
2026-07-16 15:37:21.149 7 INFO neutron.db.ovn_revision_numbers_db [None req-89cb6cb9-c1f9-4ef4-9123-1baa05f80959 e2b1d94e5f5c403395dd5bcce082a698 de7f456ee67241ab949179f3ef804394 - - default default] Successfully bumped revision number for resource 18914b50-7161-4895-bfed-3f016b038441 (type: security_group_rules) to 0 [pid: 7|app: 0|req: 1374/2659] 10.0.0.234 () {34 vars in 695 bytes} [Thu Jul 16 15:37:20 2026] POST /v2.0/security-group-rules => generated 597 bytes in 230 msecs (HTTP/1.1 201) 4 headers in 162 bytes (1 switches on core 0)
2026-07-16 15:37:21.340 8 INFO neutron.db.ovn_revision_numbers_db [None req-f4ee706b-d2f3-43f3-b3e2-d083acd60a5d e2b1d94e5f5c403395dd5bcce082a698 de7f456ee67241ab949179f3ef804394 - - default default] Successfully bumped revision number for resource 6ec4516f-a0d9-4384-b7ae-07b2819530e9 (type: security_group_rules) to 0 [pid: 8|app: 0|req: 1286/2660] 10.0.0.234 () {34 vars in 695 bytes} [Thu Jul 16 15:37:21 2026] POST /v2.0/security-group-rules => generated 599 bytes in 167 msecs (HTTP/1.1 201) 4 headers in 162 bytes (1 switches on core 0)
2026-07-16 15:37:21.543 7 INFO neutron.db.ovn_revision_numbers_db [None req-1aa36990-fdfc-42c4-9893-d71a8ae258d6 e2b1d94e5f5c403395dd5bcce082a698 de7f456ee67241ab949179f3ef804394 - - default default] Successfully bumped revision number for resource 3291b1ec-677f-4b86-ab27-36fb11bf9d39 (type: security_group_rules) to 0 [pid: 7|app: 0|req: 1375/2661] 10.0.0.234 () {34 vars in 695 bytes} [Thu Jul 16 15:37:21 2026] POST /v2.0/security-group-rules => generated 601 bytes in 204 msecs (HTTP/1.1 201) 4 headers in 162 bytes (1 switches on core 0)
2026-07-16 15:37:21.765 8 INFO neutron.db.ovn_revision_numbers_db [None req-ca303c03-655f-4664-acbc-f6ba4533ef29 e2b1d94e5f5c403395dd5bcce082a698 de7f456ee67241ab949179f3ef804394 - - default default] Successfully bumped revision number for resource c5243d54-5114-46ec-9070-2c2fe735fef4 (type: security_group_rules) to 0 [pid: 8|app: 0|req: 1287/2662] 10.0.0.234 () {34 vars in 695 bytes} [Thu Jul 16 15:37:21 2026] POST /v2.0/security-group-rules => generated 601 bytes in 223 msecs (HTTP/1.1 201) 4 headers in 162 bytes (1 switches on core 0)
2026-07-16 15:37:22.003 7 INFO neutron.db.ovn_revision_numbers_db [None req-0735e79f-950a-4215-b58c-9c1f3c5ea740 e2b1d94e5f5c403395dd5bcce082a698 de7f456ee67241ab949179f3ef804394 - - default default] Successfully bumped revision number for resource 91aaa1b6-a54e-4adb-944e-12e54fa82aa6 (type: security_group_rules) to 0 [pid: 7|app: 0|req: 1376/2663] 10.0.0.234 () {34 vars in 695 bytes} [Thu Jul 16 15:37:21 2026] POST /v2.0/security-group-rules => generated 597 bytes in 213 msecs (HTTP/1.1 201) 4 headers in 162 bytes (1 switches on core 0)
2026-07-16 15:37:22.275 8 INFO neutron.db.ovn_revision_numbers_db [None req-d755a55d-9dd2-4177-9cb7-a559d75b98ff e2b1d94e5f5c403395dd5bcce082a698 de7f456ee67241ab949179f3ef804394 - - default default] Successfully bumped revision number for resource 645c39a3-c1fb-4e3a-a5c4-0efb77f2cb74 (type: security_group_rules) to 0 [pid: 8|app: 0|req: 1288/2664] 10.0.0.234 () {34 vars in 695 bytes} [Thu Jul 16 15:37:22 2026] POST /v2.0/security-group-rules => generated 597 bytes in 288 msecs (HTTP/1.1 201) 4 headers in 162 bytes (1 switches on core 0)
2026-07-16 15:37:22.518 7 INFO neutron.db.ovn_revision_numbers_db [None req-a6bb195b-e222-4634-8148-e6f3f0275942 e2b1d94e5f5c403395dd5bcce082a698 de7f456ee67241ab949179f3ef804394 - - default default] Successfully bumped revision number for resource e9bbd5a5-e18d-48c0-be4a-805cf7de0706 (type: security_group_rules) to 0 [pid: 7|app: 0|req: 1377/2665] 10.0.0.234 () {34 vars in 695 bytes} [Thu Jul 16 15:37:22 2026] POST /v2.0/security-group-rules => generated 597 bytes in 218 msecs (HTTP/1.1 201) 4 headers in 162 bytes (1 switches on core 0)
2026-07-16 15:37:22.774 7 WARNING neutron.plugins.ml2.drivers.ovn.mech_driver.ovsdb.ovn_client [None req-81e957fa-a087-4844-9ccd-253647a8aba6 - - - - - -] No hosting information found for port a3dd8a3c-2674-45ed-8528-66f3f5a8e542: RuntimeError: No hosting information found for port a3dd8a3c-2674-45ed-8528-66f3f5a8e542
2026-07-16 15:37:22.812 8 INFO neutron.db.ovn_revision_numbers_db [None req-3bb4601f-7847-4bf7-9960-55faceed2f6c e2b1d94e5f5c403395dd5bcce082a698 de7f456ee67241ab949179f3ef804394 - - default default] Successfully bumped revision number for resource 872ab497-5c55-43dc-922b-067304b6689e (type: security_group_rules) to 0 [pid: 8|app: 0|req: 1289/2666] 10.0.0.234 () {34 vars in 695 bytes} [Thu Jul 16 15:37:22 2026] POST /v2.0/security-group-rules => generated 599 bytes in 303 msecs (HTTP/1.1 201) 4 headers in 162 bytes (1 switches on core 0)
2026-07-16 15:37:22.882 7 INFO neutron.db.ovn_revision_numbers_db [None req-81e957fa-a087-4844-9ccd-253647a8aba6 - - - - - -] Successfully bumped revision number for resource a3dd8a3c-2674-45ed-8528-66f3f5a8e542 (type: router_ports) to 2
2026-07-16 15:37:22.882 7 INFO neutron.plugins.ml2.drivers.ovn.mech_driver.mech_driver [None req-81e957fa-a087-4844-9ccd-253647a8aba6 - - - - - -] OVN reports status down for port: cb23492a-6744-4661-9c14-981f2bd73a29
2026-07-16 15:37:22.981 7 WARNING neutron.plugins.ml2.drivers.ovn.mech_driver.ovsdb.ovn_client [None req-81e957fa-a087-4844-9ccd-253647a8aba6 - - - - - -] Logical_Switch_Port %s host information not removed, the port state is up
2026-07-16 15:37:22.982 7 INFO neutron.plugins.ml2.drivers.ovn.mech_driver.mech_driver [None req-81e957fa-a087-4844-9ccd-253647a8aba6 - - - - - -] OVN reports status up for port: cb23492a-6744-4661-9c14-981f2bd73a29
2026-07-16 15:37:23.004 7 INFO neutron.plugins.ml2.plugin [None req-81e957fa-a087-4844-9ccd-253647a8aba6 - - - - - -] Attempt 1 to provision port cb23492a-6744-4661-9c14-981f2bd73a29
2026-07-16 15:37:23.083 8 INFO neutron.db.ovn_revision_numbers_db [None req-2325b59b-422a-47d1-87c2-6182f59bcecf e2b1d94e5f5c403395dd5bcce082a698 de7f456ee67241ab949179f3ef804394 - - default default] Successfully bumped revision number for resource 87e81a7a-8141-49f3-bfcc-2aa00c4d8423 (type: security_group_rules) to 0
2026-07-16 15:37:23.106 7 INFO neutron.db.ovn_revision_numbers_db [None req-8f4db9a3-b67e-412d-83a7-ccb778f186f9 32cd6fa77a4c4d5d8cad4018fd7a36b6 3369b04f73fa4b869c828f3764522564 - - default default] Successfully bumped revision number for resource a186c35b-e0dc-4b08-9b46-a614cd4438ad (type: security_groups) to 1 [pid: 8|app: 0|req: 1290/2667] 10.0.0.234 () {34 vars in 695 bytes} [Thu Jul 16 15:37:22 2026] POST /v2.0/security-group-rules => generated 601 bytes in 267 msecs (HTTP/1.1 201) 4 headers in 162 bytes (1 switches on core 0)
2026-07-16 15:37:23.134 7 INFO neutron.db.ovn_revision_numbers_db [None req-8f4db9a3-b67e-412d-83a7-ccb778f186f9 32cd6fa77a4c4d5d8cad4018fd7a36b6 3369b04f73fa4b869c828f3764522564 - - default default] Successfully bumped revision number for resource 4e3f2d5e-3a7a-4bc4-bdc1-1bc78a7e572b (type: security_group_rules) to 0
2026-07-16 15:37:23.168 7 INFO neutron.db.ovn_revision_numbers_db [None req-8f4db9a3-b67e-412d-83a7-ccb778f186f9 32cd6fa77a4c4d5d8cad4018fd7a36b6 3369b04f73fa4b869c828f3764522564 - - default default] Successfully bumped revision number for resource 826f44ef-4ada-4601-a9de-7b5816e749c1 (type: security_group_rules) to 0
2026-07-16 15:37:23.194 7 INFO neutron.db.ovn_revision_numbers_db [None req-8f4db9a3-b67e-412d-83a7-ccb778f186f9 32cd6fa77a4c4d5d8cad4018fd7a36b6 3369b04f73fa4b869c828f3764522564 - - default default] Successfully bumped revision number for resource a513f964-fcb8-4ebd-b533-47b3ba434117 (type: security_group_rules) to 0
2026-07-16 15:37:23.219 7 INFO neutron.db.ovn_revision_numbers_db [None req-8f4db9a3-b67e-412d-83a7-ccb778f186f9 32cd6fa77a4c4d5d8cad4018fd7a36b6 3369b04f73fa4b869c828f3764522564 - - default default] Successfully bumped revision number for resource bf03ccdf-ee68-400e-8525-6e21702a04f8 (type: security_group_rules) to 0
2026-07-16 15:37:23.323 7 INFO neutron.db.segments_db [None req-8f4db9a3-b67e-412d-83a7-ccb778f186f9 32cd6fa77a4c4d5d8cad4018fd7a36b6 3369b04f73fa4b869c828f3764522564 - - default default] Added segment 0e428ba6-ab79-47c0-938b-4497e5a1bb21 of type geneve for network 27a10308-73dc-48e7-a8b2-808c8c1f7b4a
2026-07-16 15:37:23.342 8 INFO neutron.db.ovn_revision_numbers_db [None req-e5f0c1be-e8b0-4c92-b8d4-ea85d11a8d0e 8a981c5837e74e6cb563e13c65583ef0 15eac063809a41b59ec226680e919262 - - default default] Successfully bumped revision number for resource 1da5e842-5c56-4e89-94df-c7782491eaa2 (type: security_groups) to 1
2026-07-16 15:37:23.355 8 INFO neutron.db.ovn_revision_numbers_db [None req-e5f0c1be-e8b0-4c92-b8d4-ea85d11a8d0e 8a981c5837e74e6cb563e13c65583ef0 15eac063809a41b59ec226680e919262 - - default default] Successfully bumped revision number for resource 0de8dd2f-b5b8-4542-b0be-ba1bbc417378 (type: security_group_rules) to 0
2026-07-16 15:37:23.371 8 INFO neutron.db.ovn_revision_numbers_db [None req-e5f0c1be-e8b0-4c92-b8d4-ea85d11a8d0e 8a981c5837e74e6cb563e13c65583ef0 15eac063809a41b59ec226680e919262 - - default default] Successfully bumped revision number for resource 6065ed47-8432-4b70-b155-b0db2bc58a14 (type: security_group_rules) to 0
2026-07-16 15:37:23.385 8 INFO neutron.db.ovn_revision_numbers_db [None req-e5f0c1be-e8b0-4c92-b8d4-ea85d11a8d0e 8a981c5837e74e6cb563e13c65583ef0 15eac063809a41b59ec226680e919262 - - default default] Successfully bumped revision number for resource 8ba12b94-528d-4134-8fa9-2b44d0b865a5 (type: security_group_rules) to 0
2026-07-16 15:37:23.399 8 INFO neutron.db.ovn_revision_numbers_db [None req-e5f0c1be-e8b0-4c92-b8d4-ea85d11a8d0e 8a981c5837e74e6cb563e13c65583ef0 15eac063809a41b59ec226680e919262 - - default default] Successfully bumped revision number for resource a7c1f821-3c7d-4900-a04e-4c0cb78337a9 (type: security_group_rules) to 0
2026-07-16 15:37:23.495 8 INFO neutron.db.segments_db [None req-e5f0c1be-e8b0-4c92-b8d4-ea85d11a8d0e 8a981c5837e74e6cb563e13c65583ef0 15eac063809a41b59ec226680e919262 - - default default] Added segment 384a8ad4-9722-4895-ba4c-142449c7cb2b of type geneve for network a2bfb16b-92af-4e1e-910f-f265e93aad24
2026-07-16 15:37:23.570 7 INFO neutron.db.ovn_revision_numbers_db [None req-8f4db9a3-b67e-412d-83a7-ccb778f186f9 32cd6fa77a4c4d5d8cad4018fd7a36b6 3369b04f73fa4b869c828f3764522564 - - default default] Successfully bumped revision number for resource 27a10308-73dc-48e7-a8b2-808c8c1f7b4a (type: networks) to 1
2026-07-16 15:37:23.640 8 INFO neutron.db.ovn_revision_numbers_db [None req-e5f0c1be-e8b0-4c92-b8d4-ea85d11a8d0e 8a981c5837e74e6cb563e13c65583ef0 15eac063809a41b59ec226680e919262 - - default default] Successfully bumped revision number for resource a2bfb16b-92af-4e1e-910f-f265e93aad24 (type: networks) to 1
2026-07-16 15:37:23.793 8 WARNING neutron.scheduler.dhcp_agent_scheduler [None req-e5f0c1be-e8b0-4c92-b8d4-ea85d11a8d0e 8a981c5837e74e6cb563e13c65583ef0 15eac063809a41b59ec226680e919262 - - default default] No more DHCP agents
2026-07-16 15:37:23.795 8 WARNING neutron.api.rpc.agentnotifiers.dhcp_rpc_agent_api [None req-e5f0c1be-e8b0-4c92-b8d4-ea85d11a8d0e 8a981c5837e74e6cb563e13c65583ef0 15eac063809a41b59ec226680e919262 - - default default] Unable to schedule network a2bfb16b-92af-4e1e-910f-f265e93aad24: no agents available; will retry on subsequent port and subnet creation events.
2026-07-16 15:37:23.797 7 INFO neutron.db.ovn_revision_numbers_db [None req-81e957fa-a087-4844-9ccd-253647a8aba6 - - - - - -] Successfully bumped revision number for resource cb23492a-6744-4661-9c14-981f2bd73a29 (type: ports) to 2
2026-07-16 15:37:23.882 8 INFO neutron.db.ovn_revision_numbers_db [None req-e5f0c1be-e8b0-4c92-b8d4-ea85d11a8d0e 8a981c5837e74e6cb563e13c65583ef0 15eac063809a41b59ec226680e919262 - - default default] Successfully bumped revision number for resource 00ee6272-82cb-4941-98bb-062f90cd5eca (type: ports) to 1 [pid: 8|app: 0|req: 1291/2668] 10.0.0.234 () {34 vars in 670 bytes} [Thu Jul 16 15:37:23 2026] POST /v2.0/networks => generated 651 bytes in 777 msecs (HTTP/1.1 201) 4 headers in 162 bytes (1 switches on core 0)
2026-07-16 15:37:23.949 7 WARNING neutron.scheduler.dhcp_agent_scheduler [None req-8f4db9a3-b67e-412d-83a7-ccb778f186f9 32cd6fa77a4c4d5d8cad4018fd7a36b6 3369b04f73fa4b869c828f3764522564 - - default default] No more DHCP agents
2026-07-16 15:37:23.952 7 WARNING neutron.api.rpc.agentnotifiers.dhcp_rpc_agent_api [None req-8f4db9a3-b67e-412d-83a7-ccb778f186f9 32cd6fa77a4c4d5d8cad4018fd7a36b6 3369b04f73fa4b869c828f3764522564 - - default default] Unable to schedule network 27a10308-73dc-48e7-a8b2-808c8c1f7b4a: no agents available; will retry on subsequent port and subnet creation events.
2026-07-16 15:37:24.080 7 INFO neutron.db.ovn_revision_numbers_db [None req-8f4db9a3-b67e-412d-83a7-ccb778f186f9 32cd6fa77a4c4d5d8cad4018fd7a36b6 3369b04f73fa4b869c828f3764522564 - - default default] Successfully bumped revision number for resource 469d7426-cd5b-4caf-acaa-6b7206bee4bb (type: ports) to 1 [pid: 7|app: 0|req: 1378/2669] 10.0.0.234 () {34 vars in 670 bytes} [Thu Jul 16 15:37:22 2026] POST /v2.0/networks => generated 650 bytes in 1465 msecs (HTTP/1.1 201) 4 headers in 162 bytes (1 switches on core 0)
2026-07-16 15:37:24.154 8 INFO neutron.db.ovn_revision_numbers_db [None req-3af6983f-f128-45aa-aebc-57467aa43181 e2b1d94e5f5c403395dd5bcce082a698 de7f456ee67241ab949179f3ef804394 - - default default] Successfully bumped revision number for resource 6da20962-a6e7-48c4-924c-4ef6672de92f (type: security_group_rules) to 0 [pid: 8|app: 0|req: 1292/2670] 10.0.0.234 () {34 vars in 695 bytes} [Thu Jul 16 15:37:23 2026] POST /v2.0/security-group-rules => generated 597 bytes in 307 msecs (HTTP/1.1 201) 4 headers in 162 bytes (1 switches on core 0)
2026-07-16 15:37:24.317 7 WARNING neutron.scheduler.dhcp_agent_scheduler [None req-ecf49b0e-7cf1-4f9a-ba8f-1161d99e93a2 8a981c5837e74e6cb563e13c65583ef0 15eac063809a41b59ec226680e919262 - - default default] No more DHCP agents
2026-07-16 15:37:24.319 7 WARNING neutron.api.rpc.agentnotifiers.dhcp_rpc_agent_api [None req-ecf49b0e-7cf1-4f9a-ba8f-1161d99e93a2 8a981c5837e74e6cb563e13c65583ef0 15eac063809a41b59ec226680e919262 - - default default] Unable to schedule network a2bfb16b-92af-4e1e-910f-f265e93aad24: no agents available; will retry on subsequent port and subnet creation events.
2026-07-16 15:37:24.439 8 WARNING neutron.scheduler.dhcp_agent_scheduler [None req-73f6fdf3-a002-434e-9330-ffa698c570d7 32cd6fa77a4c4d5d8cad4018fd7a36b6 3369b04f73fa4b869c828f3764522564 - - default default] No more DHCP agents
2026-07-16 15:37:24.441 8 WARNING neutron.api.rpc.agentnotifiers.dhcp_rpc_agent_api [None req-73f6fdf3-a002-434e-9330-ffa698c570d7 32cd6fa77a4c4d5d8cad4018fd7a36b6 3369b04f73fa4b869c828f3764522564 - - default default] Unable to schedule network 27a10308-73dc-48e7-a8b2-808c8c1f7b4a: no agents available; will retry on subsequent port and subnet creation events.
2026-07-16 15:37:24.526 8 INFO neutron.db.ovn_revision_numbers_db [None req-73f6fdf3-a002-434e-9330-ffa698c570d7 32cd6fa77a4c4d5d8cad4018fd7a36b6 3369b04f73fa4b869c828f3764522564 - - default default] Successfully bumped revision number for resource dc96ecdc-a1ac-4007-b896-3c95a8b6abe7 (type: ports) to 1 [pid: 8|app: 0|req: 1293/2671] 10.0.0.234 () {34 vars in 664 bytes} [Thu Jul 16 15:37:24 2026] POST /v2.0/ports => generated 743 bytes in 361 msecs (HTTP/1.1 201) 4 headers in 162 bytes (1 switches on core 0) /var/lib/openstack/lib/python3.12/site-packages/pycadf/identifier.py:70: UserWarning: Invalid uuid: neutron. To ensure interoperability, identifiers should be a valid uuid. warnings.warn(('Invalid uuid: %s. To ensure interoperability, ' [pid: 8|app: 0|req: 1294/2672] 10.0.0.238 () {34 vars in 1096 bytes} [Thu Jul 16 15:37:24 2026] GET /v2.0/security-groups?name=tempest-lb_member_SG-1677413129&fields=id&tenant_id=de7f456ee67241ab949179f3ef804394 => generated 69 bytes in 33 msecs (HTTP/1.1 200) 4 headers in 156 bytes (1 switches on core 0) [pid: 8|app: 0|req: 1295/2673] 10.0.0.234 () {34 vars in 747 bytes} [Thu Jul 16 15:37:24 2026] PUT /v2.0/ports/dc96ecdc-a1ac-4007-b896-3c95a8b6abe7/tags => generated 25 bytes in 71 msecs (HTTP/1.1 200) 4 headers in 156 bytes (1 switches on core 0) /var/lib/openstack/lib/python3.12/site-packages/pycadf/identifier.py:70: UserWarning: Invalid uuid: neutron. To ensure interoperability, identifiers should be a valid uuid. warnings.warn(('Invalid uuid: %s. To ensure interoperability, ' [pid: 8|app: 0|req: 1296/2674] 10.0.0.238 () {34 vars in 982 bytes} [Thu Jul 16 15:37:24 2026] GET /v2.0/networks?id=82b5685e-1611-431a-998f-723258942ad2 => generated 743 bytes in 43 msecs (HTTP/1.1 200) 4 headers in 157 bytes (1 switches on core 0)
