2026-07-16 15:34:17.922 8 INFO neutron.db.ovn_revision_numbers_db [None req-b4a655ed-b2bb-4805-bd24-fd3f08fe0a09 589a3a0cbcba419398945199e4d94486 9ccd90d23d80408da420291e8925ff4e - - default default] Successfully bumped revision number for resource a700fd72-e392-4e10-8bd2-14488ea6bbcc (type: ports) to 1 [pid: 7|app: 0|req: 721/1366] 10.0.0.234 () {32 vars in 724 bytes} [Thu Jul 16 15:34:17 2026] DELETE /v2.0/routers/4b2b1340-4e2a-4961-be3e-6c2f31860faa => generated 0 bytes in 875 msecs (HTTP/1.1 204) 2 headers in 112 bytes (1 switches on core 0) [pid: 7|app: 0|req: 722/1367] 10.0.0.234 () {32 vars in 721 bytes} [Thu Jul 16 15:34:18 2026] GET /v2.0/routers/cf73d3bb-14bd-4168-823f-57884a8f0de1 => generated 965 bytes in 69 msecs (HTTP/1.1 200) 4 headers in 157 bytes (1 switches on core 0) [pid: 7|app: 0|req: 723/1368] 10.0.0.238 () {34 vars in 1040 bytes} [Thu Jul 16 15:34:18 2026] GET /v2.0/security-groups?id=a8cab6d9-8fea-4afe-b16c-19acf14c6a0e&fields=id&fields=name => generated 113 bytes in 32 msecs (HTTP/1.1 200) 4 headers in 157 bytes (1 switches on core 0) [pid: 7|app: 0|req: 724/1369] 10.0.0.234 () {32 vars in 724 bytes} [Thu Jul 16 15:34:18 2026] DELETE /v2.0/subnets/bb828742-ca30-4820-a746-243539a83b52 => generated 0 bytes in 200 msecs (HTTP/1.1 204) 3 headers in 131 bytes (1 switches on core 0) [pid: 7|app: 0|req: 725/1370] 10.0.0.234 () {32 vars in 736 bytes} [Thu Jul 16 15:34:18 2026] GET /v2.0/ports?device_id=cf73d3bb-14bd-4168-823f-57884a8f0de1 => generated 12 bytes in 28 msecs (HTTP/1.1 200) 4 headers in 156 bytes (1 switches on core 0)
2026-07-16 15:34:18.621 8 INFO neutron.plugins.ml2.drivers.ovn.mech_driver.ovsdb.commands [None req-294f228e-0de1-48a1-adcf-c41851b64653 - - - - - -] Schedule LRP lrp-a700fd72-e392-4e10-8bd2-14488ea6bbcc on gateway a28aa165-d9c1-46da-9f3a-a6e2c3d1d963 with priority 1
2026-07-16 15:34:18.658 8 INFO neutron.plugins.ml2.drivers.ovn.mech_driver.ovsdb.ovsdb_monitor [None req-ec5637f3-8c39-4c62-a987-0cd0cb9ad3ad - - - - - -] Router cf727403-cf19-47e8-b238-39a9c96eed0b is bound to host instance
2026-07-16 15:34:18.697 7 INFO neutron.plugins.ml2.drivers.ovn.mech_driver.mech_driver [None req-7319c1e9-9893-499a-99f0-3e13123053cd - - - - - -] OVN reports status up for port: a700fd72-e392-4e10-8bd2-14488ea6bbcc
2026-07-16 15:34:18.710 7 INFO neutron_taas.services.taas.taas_plugin [None req-c402d1f2-4e05-49cb-99d3-4050efbebc69 589a3a0cbcba419398945199e4d94486 9ccd90d23d80408da420291e8925ff4e - - default default] TaaS: Handle Delete Port: 260e1305-52d0-46b8-8a0d-10c05aa8856a
2026-07-16 15:34:18.715 7 INFO neutron_taas.services.taas.tap_mirror_plugin [None req-c402d1f2-4e05-49cb-99d3-4050efbebc69 589a3a0cbcba419398945199e4d94486 9ccd90d23d80408da420291e8925ff4e - - default default] Tap Mirror: Handle Delete Port: 260e1305-52d0-46b8-8a0d-10c05aa8856a
2026-07-16 15:34:18.724 7 INFO neutron.plugins.ml2.plugin [None req-7319c1e9-9893-499a-99f0-3e13123053cd - - - - - -] Attempt 1 to provision port a700fd72-e392-4e10-8bd2-14488ea6bbcc
2026-07-16 15:34:18.729 8 INFO neutron.db.ovn_revision_numbers_db [None req-b4a655ed-b2bb-4805-bd24-fd3f08fe0a09 589a3a0cbcba419398945199e4d94486 9ccd90d23d80408da420291e8925ff4e - - default default] Successfully bumped revision number for resource a700fd72-e392-4e10-8bd2-14488ea6bbcc (type: router_ports) to 1
2026-07-16 15:34:18.862 8 INFO neutron.db.ovn_revision_numbers_db [None req-b4a655ed-b2bb-4805-bd24-fd3f08fe0a09 589a3a0cbcba419398945199e4d94486 9ccd90d23d80408da420291e8925ff4e - - default default] Successfully bumped revision number for resource cf727403-cf19-47e8-b238-39a9c96eed0b (type: routers) to 2 [pid: 8|app: 0|req: 646/1371] 10.0.0.234 () {34 vars in 669 bytes} [Thu Jul 16 15:34:17 2026] POST /v2.0/routers => generated 965 bytes in 1671 msecs (HTTP/1.1 201) 4 headers in 162 bytes (1 switches on core 0)
2026-07-16 15:34:18.943 7 INFO neutron.services.segments.plugin [-] Segment fdd0342f-c09f-43b7-accf-5eaabe2b64b7 resource provider aggregate not found
2026-07-16 15:34:18.947 7 INFO neutron.services.segments.plugin [-] Segment fdd0342f-c09f-43b7-accf-5eaabe2b64b7 resource provider aggregate not found
2026-07-16 15:34:18.959 7 INFO neutron.services.segments.plugin [-] Segment fdd0342f-c09f-43b7-accf-5eaabe2b64b7 resource provider not found; error: Placement Client Error (4xx): {"errors": [{"status": 404, "title": "Not Found", "detail": "The resource could not be found.\n\n No resource provider with uuid fdd0342f-c09f-43b7-accf-5eaabe2b64b7 found for delete ", "request_id": "req-bb6f7f6b-4038-4de7-a558-7d9c8c051618"}]}
2026-07-16 15:34:18.971 7 INFO neutron.services.segments.plugin [-] Segment fdd0342f-c09f-43b7-accf-5eaabe2b64b7 resource provider not found; error: Placement Client Error (4xx): {"errors": [{"status": 404, "title": "Not Found", "detail": "The resource could not be found.\n\n No resource provider with uuid fdd0342f-c09f-43b7-accf-5eaabe2b64b7 found for delete ", "request_id": "req-2dd49aae-89af-487b-b22c-122434f6f8ba"}]} [pid: 7|app: 0|req: 726/1372] 10.0.0.234 () {32 vars in 726 bytes} [Thu Jul 16 15:34:18 2026] DELETE /v2.0/networks/82870cea-c976-4ed2-91dd-371de3659a0f => generated 0 bytes in 479 msecs (HTTP/1.1 204) 3 headers in 131 bytes (1 switches on core 0)
2026-07-16 15:34:19.457 7 WARNING neutron.scheduler.dhcp_agent_scheduler [None req-0ca7c78c-da00-40f3-b2bc-1d7a7b97d846 589a3a0cbcba419398945199e4d94486 9ccd90d23d80408da420291e8925ff4e - - default default] No more DHCP agents
2026-07-16 15:34:19.458 7 WARNING neutron.api.rpc.agentnotifiers.dhcp_rpc_agent_api [None req-0ca7c78c-da00-40f3-b2bc-1d7a7b97d846 589a3a0cbcba419398945199e4d94486 9ccd90d23d80408da420291e8925ff4e - - default default] Unable to schedule network 2fc45fa4-4ff3-44c4-a3b0-81ce4d8f4428: no agents available; will retry on subsequent port and subnet creation events.
2026-07-16 15:34:19.476 8 INFO neutron_taas.services.taas.taas_plugin [None req-b5013289-dc94-4334-8a6f-ebd2755f78f9 f30d17bce0b34cf49b29994f81000d15 1c77c838229d40618596a50de3a40491 - - default default] TaaS: Handle Delete Port: 473a5be9-a04e-4b2e-96e6-37d2e1bba427
2026-07-16 15:34:19.482 8 INFO neutron_taas.services.taas.tap_mirror_plugin [None req-b5013289-dc94-4334-8a6f-ebd2755f78f9 f30d17bce0b34cf49b29994f81000d15 1c77c838229d40618596a50de3a40491 - - default default] Tap Mirror: Handle Delete Port: 473a5be9-a04e-4b2e-96e6-37d2e1bba427
2026-07-16 15:34:19.650 7 INFO neutron.db.ovn_revision_numbers_db [None req-0ca7c78c-da00-40f3-b2bc-1d7a7b97d846 589a3a0cbcba419398945199e4d94486 9ccd90d23d80408da420291e8925ff4e - - default default] Successfully bumped revision number for resource 7a223b91-ed1f-4b9d-a8b2-227ecc6ff280 (type: ports) to 1
2026-07-16 15:34:20.031 8 WARNING neutron.plugins.ml2.drivers.ovn.mech_driver.ovsdb.ovn_client [None req-aae71c46-0a36-44a1-afc2-0272e818b0f3 - - - - - -] No port found with ID 473a5be9-a04e-4b2e-96e6-37d2e1bba427: RuntimeError: No port found with ID 473a5be9-a04e-4b2e-96e6-37d2e1bba427
2026-07-16 15:34:20.032 8 INFO neutron.plugins.ml2.drivers.ovn.mech_driver.mech_driver [None req-aae71c46-0a36-44a1-afc2-0272e818b0f3 - - - - - -] OVN reports status up for port: 6a9bc8e7-d646-438f-b7df-9791a2ba4714
2026-07-16 15:34:20.092 8 INFO neutron.plugins.ml2.plugin [None req-aae71c46-0a36-44a1-afc2-0272e818b0f3 - - - - - -] Attempt 1 to provision port 6a9bc8e7-d646-438f-b7df-9791a2ba4714
2026-07-16 15:34:20.383 8 INFO neutron.db.ovn_revision_numbers_db [None req-c575295d-1927-4d16-8082-0d9e472fe64a - - - - - -] Successfully bumped revision number for resource a700fd72-e392-4e10-8bd2-14488ea6bbcc (type: ports) to 4
2026-07-16 15:34:20.400 7 WARNING neutron.scheduler.dhcp_agent_scheduler [None req-0ca7c78c-da00-40f3-b2bc-1d7a7b97d846 589a3a0cbcba419398945199e4d94486 9ccd90d23d80408da420291e8925ff4e - - default default] No more DHCP agents
2026-07-16 15:34:20.402 7 WARNING neutron.api.rpc.agentnotifiers.dhcp_rpc_agent_api [None req-0ca7c78c-da00-40f3-b2bc-1d7a7b97d846 589a3a0cbcba419398945199e4d94486 9ccd90d23d80408da420291e8925ff4e - - default default] Unable to schedule network 2fc45fa4-4ff3-44c4-a3b0-81ce4d8f4428: no agents available; will retry on subsequent port and subnet creation events.
2026-07-16 15:34:20.429 8 INFO neutron.notifiers.nova [-] Nova event matching ['req-239e3b8d-9f72-4187-aae2-7779e3b4db31'] response: {'server_uuid': 'f73b810e-3f6f-4a39-a34e-9fb0c40c481e', 'name': 'network-vif-plugged', 'status': 'completed', 'tag': '6a9bc8e7-d646-438f-b7df-9791a2ba4714', 'code': 200} [pid: 8|app: 0|req: 647/1373] 10.0.0.234 () {32 vars in 724 bytes} [Thu Jul 16 15:34:18 2026] DELETE /v2.0/routers/cf73d3bb-14bd-4168-823f-57884a8f0de1 => generated 0 bytes in 1562 msecs (HTTP/1.1 204) 2 headers in 112 bytes (1 switches on core 0) [pid: 8|app: 0|req: 648/1374] 10.0.0.234 () {32 vars in 774 bytes} [Thu Jul 16 15:34:20 2026] GET /v2.0/security-groups?tenant_id=b5be8c726fe8427d8d62731cb22bac2c&name=default => generated 2925 bytes in 108 msecs (HTTP/1.1 200) 4 headers in 158 bytes (1 switches on core 0) [pid: 8|app: 0|req: 649/1375] 10.0.0.238 () {34 vars in 990 bytes} [Thu Jul 16 15:34:20 2026] GET /v2.0/ports?device_id=f73b810e-3f6f-4a39-a34e-9fb0c40c481e => generated 971 bytes in 259 msecs (HTTP/1.1 200) 4 headers in 157 bytes (1 switches on core 0) [pid: 8|app: 0|req: 650/1376] 10.0.0.234 () {32 vars in 736 bytes} [Thu Jul 16 15:34:20 2026] GET /v2.0/ports?device_id=cf73d3bb-14bd-4168-823f-57884a8f0de1 => generated 12 bytes in 54 msecs (HTTP/1.1 200) 4 headers in 156 bytes (1 switches on core 0)
2026-07-16 15:34:20.960 7 INFO neutron.db.ovn_revision_numbers_db [None req-0ca7c78c-da00-40f3-b2bc-1d7a7b97d846 589a3a0cbcba419398945199e4d94486 9ccd90d23d80408da420291e8925ff4e - - default default] Successfully bumped revision number for resource 7a223b91-ed1f-4b9d-a8b2-227ecc6ff280 (type: router_ports) to 1 [pid: 7|app: 0|req: 727/1377] 10.0.0.234 () {34 vars in 783 bytes} [Thu Jul 16 15:34:18 2026] PUT /v2.0/routers/cf727403-cf19-47e8-b238-39a9c96eed0b/add_router_interface => generated 309 bytes in 1977 msecs (HTTP/1.1 200) 4 headers in 157 bytes (1 switches on core 0) [pid: 7|app: 0|req: 728/1378] 10.0.0.238 () {34 vars in 1040 bytes} [Thu Jul 16 15:34:20 2026] GET /v2.0/security-groups?id=a8cab6d9-8fea-4afe-b16c-19acf14c6a0e&fields=id&fields=name => generated 113 bytes in 28 msecs (HTTP/1.1 200) 4 headers in 157 bytes (1 switches on core 0)
2026-07-16 15:34:21.011 7 INFO neutron.api.v2.resource [None req-7b8e6298-5042-4fa2-9139-2127a4c04317 f30d17bce0b34cf49b29994f81000d15 1c77c838229d40618596a50de3a40491 - - default default] delete failed (client error): The resource could not be found. [pid: 7|app: 0|req: 729/1379] 10.0.0.234 () {32 vars in 724 bytes} [Thu Jul 16 15:34:20 2026] DELETE /v2.0/routers/cf73d3bb-14bd-4168-823f-57884a8f0de1 => generated 135 bytes in 17 msecs (HTTP/1.1 404) 4 headers in 164 bytes (1 switches on core 0)
2026-07-16 15:34:21.035 8 INFO neutron.db.ovn_revision_numbers_db [None req-aae71c46-0a36-44a1-afc2-0272e818b0f3 - - - - - -] Successfully bumped revision number for resource 6a9bc8e7-d646-438f-b7df-9791a2ba4714 (type: ports) to 7 [pid: 7|app: 0|req: 730/1380] 10.0.0.234 () {32 vars in 736 bytes} [Thu Jul 16 15:34:21 2026] GET /v2.0/ports?device_id=b6737c74-0302-4bcf-a54f-c9aedb3e0d37 => generated 12 bytes in 22 msecs (HTTP/1.1 200) 4 headers in 156 bytes (1 switches on core 0)
2026-07-16 15:34:21.066 7 INFO neutron.api.v2.resource [None req-fe218e83-cb4b-45fc-b1f3-6657dc65f32f f30d17bce0b34cf49b29994f81000d15 1c77c838229d40618596a50de3a40491 - - default default] delete failed (client error): The resource could not be found. [pid: 7|app: 0|req: 731/1381] 10.0.0.234 () {32 vars in 724 bytes} [Thu Jul 16 15:34:21 2026] DELETE /v2.0/routers/b6737c74-0302-4bcf-a54f-c9aedb3e0d37 => generated 135 bytes in 23 msecs (HTTP/1.1 404) 4 headers in 164 bytes (1 switches on core 0)
2026-07-16 15:34:21.089 7 INFO neutron.pecan_wsgi.hooks.translation [None req-9db590a5-d29b-495c-8ce5-d5b194dfa4dd f30d17bce0b34cf49b29994f81000d15 1c77c838229d40618596a50de3a40491 - - default default] DELETE failed (client error): The resource could not be found. [pid: 7|app: 0|req: 732/1382] 10.0.0.234 () {32 vars in 724 bytes} [Thu Jul 16 15:34:21 2026] DELETE /v2.0/subnets/e937bd78-80d8-4397-a5f6-d650bff3f603 => generated 136 bytes in 20 msecs (HTTP/1.1 404) 4 headers in 164 bytes (1 switches on core 0) [pid: 7|app: 0|req: 733/1383] 10.0.0.234 () {32 vars in 736 bytes} [Thu Jul 16 15:34:21 2026] GET /v2.0/ports?device_id=6cc24c44-2c9f-403e-9d81-2e8daecc69f2 => generated 12 bytes in 25 msecs (HTTP/1.1 200) 4 headers in 156 bytes (1 switches on core 0)
2026-07-16 15:34:21.152 7 INFO neutron.api.v2.resource [None req-81dd1721-9319-471f-a782-c66e253b0bc5 f30d17bce0b34cf49b29994f81000d15 1c77c838229d40618596a50de3a40491 - - default default] delete failed (client error): The resource could not be found. [pid: 7|app: 0|req: 734/1384] 10.0.0.234 () {32 vars in 724 bytes} [Thu Jul 16 15:34:21 2026] DELETE /v2.0/routers/6cc24c44-2c9f-403e-9d81-2e8daecc69f2 => generated 135 bytes in 27 msecs (HTTP/1.1 404) 4 headers in 164 bytes (1 switches on core 0)
2026-07-16 15:34:21.176 7 INFO neutron.pecan_wsgi.hooks.translation [None req-5bccbb4d-14ce-448a-9ff0-2ff3f3f71d01 f30d17bce0b34cf49b29994f81000d15 1c77c838229d40618596a50de3a40491 - - default default] DELETE failed (client error): The resource could not be found. [pid: 7|app: 0|req: 735/1385] 10.0.0.234 () {32 vars in 724 bytes} [Thu Jul 16 15:34:21 2026] DELETE /v2.0/subnets/98b63abb-6b8d-4693-baac-1bfdf0c16a44 => generated 136 bytes in 21 msecs (HTTP/1.1 404) 4 headers in 164 bytes (1 switches on core 0) [pid: 7|app: 0|req: 736/1386] 10.0.0.234 () {32 vars in 736 bytes} [Thu Jul 16 15:34:21 2026] GET /v2.0/ports?device_id=2956b4b9-4c1a-4c81-8957-efe523b0a031 => generated 12 bytes in 20 msecs (HTTP/1.1 200) 4 headers in 156 bytes (1 switches on core 0)
2026-07-16 15:34:21.228 7 INFO neutron.api.v2.resource [None req-df9f1858-a483-40ab-b94d-06ad6dfa449b f30d17bce0b34cf49b29994f81000d15 1c77c838229d40618596a50de3a40491 - - default default] delete failed (client error): The resource could not be found. [pid: 7|app: 0|req: 737/1387] 10.0.0.234 () {32 vars in 724 bytes} [Thu Jul 16 15:34:21 2026] DELETE /v2.0/routers/2956b4b9-4c1a-4c81-8957-efe523b0a031 => generated 135 bytes in 21 msecs (HTTP/1.1 404) 4 headers in 164 bytes (1 switches on core 0)
2026-07-16 15:34:21.266 7 INFO neutron.pecan_wsgi.hooks.translation [None req-72d40579-3b87-4a0f-9ff9-ab13940a63b0 f30d17bce0b34cf49b29994f81000d15 1c77c838229d40618596a50de3a40491 - - default default] DELETE failed (client error): The resource could not be found. [pid: 7|app: 0|req: 738/1388] 10.0.0.234 () {32 vars in 724 bytes} [Thu Jul 16 15:34:21 2026] DELETE /v2.0/subnets/7f5b2cc6-9fb4-4eeb-ae10-ab472b8756c0 => generated 136 bytes in 38 msecs (HTTP/1.1 404) 4 headers in 164 bytes (1 switches on core 0)
2026-07-16 15:34:21.291 7 INFO neutron.pecan_wsgi.hooks.translation [None req-fa4a1b30-6320-4e6c-a12d-6e5f68a3abb1 f30d17bce0b34cf49b29994f81000d15 1c77c838229d40618596a50de3a40491 - - default default] DELETE failed (client error): The resource could not be found. [pid: 7|app: 0|req: 739/1389] 10.0.0.234 () {32 vars in 724 bytes} [Thu Jul 16 15:34:21 2026] DELETE /v2.0/subnets/1b911cd9-a674-41ff-ae92-63282a1f0ea8 => generated 136 bytes in 18 msecs (HTTP/1.1 404) 4 headers in 164 bytes (1 switches on core 0)
2026-07-16 15:34:21.336 8 INFO neutron.db.ovn_revision_numbers_db [None req-c575295d-1927-4d16-8082-0d9e472fe64a - - - - - -] Successfully bumped revision number for resource a700fd72-e392-4e10-8bd2-14488ea6bbcc (type: ports) to 5 [pid: 8|app: 0|req: 651/1390] 10.0.0.234 () {32 vars in 740 bytes} [Thu Jul 16 15:34:20 2026] DELETE /v2.0/security-groups/f0c9e5c4-a36f-48b3-b0fe-c742d80b2990 => generated 0 bytes in 618 msecs (HTTP/1.1 204) 2 headers in 112 bytes (1 switches on core 0)
2026-07-16 15:34:21.721 7 INFO neutron.plugins.ml2.drivers.ovn.mech_driver.mech_driver [None req-7319c1e9-9893-499a-99f0-3e13123053cd - - - - - -] OVN reports status down for port: 7a223b91-ed1f-4b9d-a8b2-227ecc6ff280
2026-07-16 15:34:21.800 7 WARNING neutron.plugins.ml2.drivers.ovn.mech_driver.ovsdb.ovn_client [None req-7319c1e9-9893-499a-99f0-3e13123053cd - - - - - -] Logical_Switch_Port %s host information not removed, the port state is up
2026-07-16 15:34:21.800 7 INFO neutron.plugins.ml2.drivers.ovn.mech_driver.mech_driver [None req-7319c1e9-9893-499a-99f0-3e13123053cd - - - - - -] OVN reports status up for port: 7a223b91-ed1f-4b9d-a8b2-227ecc6ff280
2026-07-16 15:34:21.818 7 INFO neutron.plugins.ml2.plugin [None req-7319c1e9-9893-499a-99f0-3e13123053cd - - - - - -] Attempt 1 to provision port 7a223b91-ed1f-4b9d-a8b2-227ecc6ff280 /var/lib/openstack/lib/python3.12/site-packages/pycadf/identifier.py:70: UserWarning: Invalid uuid: neutron. To ensure interoperability, identifiers should be a valid uuid. warnings.warn(('Invalid uuid: %s. To ensure interoperability, ' [pid: 7|app: 0|req: 740/1391] 10.0.0.234 () {32 vars in 774 bytes} [Thu Jul 16 15:34:21 2026] GET /v2.0/security-groups?tenant_id=1c77c838229d40618596a50de3a40491&name=default => generated 2925 bytes in 394 msecs (HTTP/1.1 200) 4 headers in 158 bytes (1 switches on core 0)
2026-07-16 15:34:22.424 8 INFO neutron.db.ovn_revision_numbers_db [None req-99e63737-d436-4cdb-8ae6-01c131e28de5 589a3a0cbcba419398945199e4d94486 9ccd90d23d80408da420291e8925ff4e - - default default] Successfully bumped revision number for resource f81f818c-f932-4851-8bb3-91c9adc4d55a (type: security_groups) to 1
2026-07-16 15:34:22.459 8 INFO neutron.db.ovn_revision_numbers_db [None req-99e63737-d436-4cdb-8ae6-01c131e28de5 589a3a0cbcba419398945199e4d94486 9ccd90d23d80408da420291e8925ff4e - - default default] Successfully bumped revision number for resource 7611b06a-2bcf-4dac-8a3a-2ab8945e8058 (type: security_group_rules) to 0
2026-07-16 15:34:22.492 8 INFO neutron.notifiers.nova [-] Nova event matching ['req-64ad7698-a80f-4685-8ac8-6913465995b9'] response: {'server_uuid': 'f73b810e-3f6f-4a39-a34e-9fb0c40c481e', 'name': 'network-vif-plugged', 'status': 'completed', 'tag': '6a9bc8e7-d646-438f-b7df-9791a2ba4714', 'code': 200}
2026-07-16 15:34:22.498 8 INFO neutron.db.ovn_revision_numbers_db [None req-99e63737-d436-4cdb-8ae6-01c131e28de5 589a3a0cbcba419398945199e4d94486 9ccd90d23d80408da420291e8925ff4e - - default default] Successfully bumped revision number for resource 868da63f-f960-47cb-87d4-b46fbb2e69f0 (type: security_group_rules) to 0
2026-07-16 15:34:22.523 8 INFO neutron.db.ovn_revision_numbers_db [None req-99e63737-d436-4cdb-8ae6-01c131e28de5 589a3a0cbcba419398945199e4d94486 9ccd90d23d80408da420291e8925ff4e - - default default] Successfully bumped revision number for resource b4580bfb-6f8e-4728-b255-4c2e65ab8880 (type: security_group_rules) to 0
2026-07-16 15:34:22.543 8 INFO neutron.db.ovn_revision_numbers_db [None req-99e63737-d436-4cdb-8ae6-01c131e28de5 589a3a0cbcba419398945199e4d94486 9ccd90d23d80408da420291e8925ff4e - - default default] Successfully bumped revision number for resource f5a3d764-daf4-4192-af0a-402c9c81921a (type: security_group_rules) to 0
2026-07-16 15:34:22.559 7 INFO neutron.db.ovn_revision_numbers_db [None req-7319c1e9-9893-499a-99f0-3e13123053cd - - - - - -] Successfully bumped revision number for resource 7a223b91-ed1f-4b9d-a8b2-227ecc6ff280 (type: ports) to 2
2026-07-16 15:34:22.636 8 INFO neutron.db.segments_db [None req-99e63737-d436-4cdb-8ae6-01c131e28de5 589a3a0cbcba419398945199e4d94486 9ccd90d23d80408da420291e8925ff4e - - default default] Added segment 19179181-ba51-49d5-b1fd-9f302e01e143 of type geneve for network 91f0e6f3-3196-47d8-9842-b27298921477
2026-07-16 15:34:22.767 8 INFO neutron.db.ovn_revision_numbers_db [None req-99e63737-d436-4cdb-8ae6-01c131e28de5 589a3a0cbcba419398945199e4d94486 9ccd90d23d80408da420291e8925ff4e - - default default] Successfully bumped revision number for resource 91f0e6f3-3196-47d8-9842-b27298921477 (type: networks) to 1 [pid: 7|app: 0|req: 741/1392] 10.0.0.234 () {32 vars in 740 bytes} [Thu Jul 16 15:34:22 2026] DELETE /v2.0/security-groups/c64ef272-1ea7-490f-a7b0-f31824e39534 => generated 0 bytes in 527 msecs (HTTP/1.1 204) 2 headers in 112 bytes (1 switches on core 0)
2026-07-16 15:34:22.979 8 WARNING neutron.scheduler.dhcp_agent_scheduler [None req-99e63737-d436-4cdb-8ae6-01c131e28de5 589a3a0cbcba419398945199e4d94486 9ccd90d23d80408da420291e8925ff4e - - default default] No more DHCP agents
2026-07-16 15:34:22.980 8 WARNING neutron.api.rpc.agentnotifiers.dhcp_rpc_agent_api [None req-99e63737-d436-4cdb-8ae6-01c131e28de5 589a3a0cbcba419398945199e4d94486 9ccd90d23d80408da420291e8925ff4e - - default default] Unable to schedule network 91f0e6f3-3196-47d8-9842-b27298921477: no agents available; will retry on subsequent port and subnet creation events.
2026-07-16 15:34:23.074 8 INFO neutron.db.ovn_revision_numbers_db [None req-99e63737-d436-4cdb-8ae6-01c131e28de5 589a3a0cbcba419398945199e4d94486 9ccd90d23d80408da420291e8925ff4e - - default default] Successfully bumped revision number for resource 8a094d7e-fa06-4b87-9188-5e9422f67221 (type: ports) to 1 [pid: 8|app: 0|req: 652/1393] 10.0.0.234 () {34 vars in 671 bytes} [Thu Jul 16 15:34:22 2026] POST /v2.0/networks => generated 763 bytes in 970 msecs (HTTP/1.1 201) 4 headers in 162 bytes (1 switches on core 0)
2026-07-16 15:34:23.258 7 WARNING neutron.scheduler.dhcp_agent_scheduler [None req-01c745e5-6144-4e64-8772-f53da4d02be3 589a3a0cbcba419398945199e4d94486 9ccd90d23d80408da420291e8925ff4e - - default default] No more DHCP agents
2026-07-16 15:34:23.261 7 WARNING neutron.api.rpc.agentnotifiers.dhcp_rpc_agent_api [None req-01c745e5-6144-4e64-8772-f53da4d02be3 589a3a0cbcba419398945199e4d94486 9ccd90d23d80408da420291e8925ff4e - - default default] Unable to schedule network 91f0e6f3-3196-47d8-9842-b27298921477: no agents available; will retry on subsequent port and subnet creation events.
2026-07-16 15:34:23.732 7 INFO neutron.db.ovn_revision_numbers_db [None req-4495356c-8560-4ae6-83c4-12ced563eeec - - - - - -] Successfully bumped revision number for resource 8a094d7e-fa06-4b87-9188-5e9422f67221 (type: ports) to 2
2026-07-16 15:34:23.764 7 INFO neutron.db.ovn_revision_numbers_db [None req-4495356c-8560-4ae6-83c4-12ced563eeec - - - - - -] Successfully bumped revision number for resource 6ee60969-33bf-4262-a829-d0d98d3d421b (type: subnets) to 0 [pid: 7|app: 0|req: 742/1394] 10.0.0.234 () {34 vars in 669 bytes} [Thu Jul 16 15:34:23 2026] POST /v2.0/subnets => generated 688 bytes in 714 msecs (HTTP/1.1 201) 4 headers in 162 bytes (1 switches on core 0)
2026-07-16 15:34:24.322 8 WARNING neutron.scheduler.dhcp_agent_scheduler [None req-bf0fe886-7555-44f6-bfbb-9bd6ac4b1113 589a3a0cbcba419398945199e4d94486 9ccd90d23d80408da420291e8925ff4e - - default default] No more DHCP agents
2026-07-16 15:34:24.323 8 WARNING neutron.api.rpc.agentnotifiers.dhcp_rpc_agent_api [None req-bf0fe886-7555-44f6-bfbb-9bd6ac4b1113 589a3a0cbcba419398945199e4d94486 9ccd90d23d80408da420291e8925ff4e - - default default] Unable to schedule network 5b87638d-44e6-40a8-b34e-97e73b77d4b6: no agents available; will retry on subsequent port and subnet creation events.
2026-07-16 15:34:24.905 8 INFO neutron.plugins.ml2.drivers.ovn.mech_driver.mech_driver [None req-f887f918-79a8-4c89-8203-af53b99906b2 - - - - - -] OVN reports status down for port: f4585082-7dc5-40fe-9fe6-719e8b03d70e
2026-07-16 15:34:24.975 8 INFO neutron.db.ovn_revision_numbers_db [None req-bf0fe886-7555-44f6-bfbb-9bd6ac4b1113 589a3a0cbcba419398945199e4d94486 9ccd90d23d80408da420291e8925ff4e - - default default] Successfully bumped revision number for resource f4585082-7dc5-40fe-9fe6-719e8b03d70e (type: ports) to 1
2026-07-16 15:34:25.235 7 INFO neutron.db.ovn_revision_numbers_db [None req-12a8c5a2-b8b3-40e1-a871-64b639efb0d1 b643f4d7eb334254b34f98f5f8234fd1 c1415e1bf89a4560844a493ba5d222d3 - - default default] Successfully bumped revision number for resource f624c196-71c4-4ed9-bdfe-e392397c14ba (type: security_groups) to 1
2026-07-16 15:34:25.340 7 INFO neutron.db.ovn_revision_numbers_db [None req-12a8c5a2-b8b3-40e1-a871-64b639efb0d1 b643f4d7eb334254b34f98f5f8234fd1 c1415e1bf89a4560844a493ba5d222d3 - - default default] Successfully bumped revision number for resource 09aa2b0b-c181-46bd-ae50-cda0a48181ee (type: security_group_rules) to 0
2026-07-16 15:34:25.391 7 INFO neutron.db.ovn_revision_numbers_db [None req-12a8c5a2-b8b3-40e1-a871-64b639efb0d1 b643f4d7eb334254b34f98f5f8234fd1 c1415e1bf89a4560844a493ba5d222d3 - - default default] Successfully bumped revision number for resource 21b021bb-64b9-479f-8fe5-c3a5fa165b80 (type: security_group_rules) to 0
2026-07-16 15:34:25.428 7 INFO neutron.db.ovn_revision_numbers_db [None req-12a8c5a2-b8b3-40e1-a871-64b639efb0d1 b643f4d7eb334254b34f98f5f8234fd1 c1415e1bf89a4560844a493ba5d222d3 - - default default] Successfully bumped revision number for resource 75c0d2bd-a3fe-46b3-95cf-a580fe110655 (type: security_group_rules) to 0
2026-07-16 15:34:25.447 7 INFO neutron.db.ovn_revision_numbers_db [None req-12a8c5a2-b8b3-40e1-a871-64b639efb0d1 b643f4d7eb334254b34f98f5f8234fd1 c1415e1bf89a4560844a493ba5d222d3 - - default default] Successfully bumped revision number for resource 90903ee7-42d3-412b-8a83-a00e7e314de1 (type: security_group_rules) to 0
2026-07-16 15:34:25.531 7 INFO neutron.db.segments_db [None req-12a8c5a2-b8b3-40e1-a871-64b639efb0d1 b643f4d7eb334254b34f98f5f8234fd1 c1415e1bf89a4560844a493ba5d222d3 - - default default] Added segment 36d5f0c9-fd5c-466e-9f9c-32f19dc6d72c of type geneve for network 7a211196-f27a-4ff6-bdec-b5d0d1a7bf27
2026-07-16 15:34:25.666 7 INFO neutron.db.ovn_revision_numbers_db [None req-12a8c5a2-b8b3-40e1-a871-64b639efb0d1 b643f4d7eb334254b34f98f5f8234fd1 c1415e1bf89a4560844a493ba5d222d3 - - default default] Successfully bumped revision number for resource 7a211196-f27a-4ff6-bdec-b5d0d1a7bf27 (type: networks) to 1
2026-07-16 15:34:25.729 8 INFO neutron.plugins.ml2.drivers.ovn.mech_driver.ovsdb.commands [None req-294f228e-0de1-48a1-adcf-c41851b64653 - - - - - -] Schedule LRP lrp-f4585082-7dc5-40fe-9fe6-719e8b03d70e on gateway a28aa165-d9c1-46da-9f3a-a6e2c3d1d963 with priority 1
2026-07-16 15:34:25.751 8 INFO neutron.plugins.ml2.drivers.ovn.mech_driver.ovsdb.ovsdb_monitor [None req-c575295d-1927-4d16-8082-0d9e472fe64a - - - - - -] Router 35a343c7-7b67-434f-ad13-5ecd1028e7f4 is bound to host instance
2026-07-16 15:34:25.823 8 INFO neutron.plugins.ml2.drivers.ovn.mech_driver.mech_driver [None req-f887f918-79a8-4c89-8203-af53b99906b2 - - - - - -] OVN reports status up for port: f4585082-7dc5-40fe-9fe6-719e8b03d70e
2026-07-16 15:34:25.871 8 INFO neutron.plugins.ml2.plugin [None req-f887f918-79a8-4c89-8203-af53b99906b2 - - - - - -] Attempt 1 to provision port f4585082-7dc5-40fe-9fe6-719e8b03d70e
2026-07-16 15:34:25.902 8 INFO neutron.db.ovn_revision_numbers_db [None req-bf0fe886-7555-44f6-bfbb-9bd6ac4b1113 589a3a0cbcba419398945199e4d94486 9ccd90d23d80408da420291e8925ff4e - - default default] Successfully bumped revision number for resource f4585082-7dc5-40fe-9fe6-719e8b03d70e (type: router_ports) to 1
2026-07-16 15:34:25.911 7 WARNING neutron.scheduler.dhcp_agent_scheduler [None req-12a8c5a2-b8b3-40e1-a871-64b639efb0d1 b643f4d7eb334254b34f98f5f8234fd1 c1415e1bf89a4560844a493ba5d222d3 - - default default] No more DHCP agents
2026-07-16 15:34:25.912 7 WARNING neutron.api.rpc.agentnotifiers.dhcp_rpc_agent_api [None req-12a8c5a2-b8b3-40e1-a871-64b639efb0d1 b643f4d7eb334254b34f98f5f8234fd1 c1415e1bf89a4560844a493ba5d222d3 - - default default] Unable to schedule network 7a211196-f27a-4ff6-bdec-b5d0d1a7bf27: no agents available; will retry on subsequent port and subnet creation events.
2026-07-16 15:34:25.998 7 INFO neutron.db.ovn_revision_numbers_db [None req-12a8c5a2-b8b3-40e1-a871-64b639efb0d1 b643f4d7eb334254b34f98f5f8234fd1 c1415e1bf89a4560844a493ba5d222d3 - - default default] Successfully bumped revision number for resource 3b4a7b42-b1b0-4a26-b292-3342d2cfd265 (type: ports) to 1 [pid: 7|app: 0|req: 743/1395] 10.0.0.234 () {34 vars in 670 bytes} [Thu Jul 16 15:34:24 2026] POST /v2.0/networks => generated 649 bytes in 1265 msecs (HTTP/1.1 201) 4 headers in 162 bytes (1 switches on core 0)
2026-07-16 15:34:26.160 7 INFO neutron.db.segments_db [None req-456e5bcb-14e3-47b7-8505-c0c6f8136abc b643f4d7eb334254b34f98f5f8234fd1 c1415e1bf89a4560844a493ba5d222d3 - - default default] Added segment d04d8df5-55e7-4719-9334-b6ec0d1f62e3 of type geneve for network 1a86d80b-7f24-4386-97e8-65f0204d9a0c
2026-07-16 15:34:26.174 8 INFO neutron.db.ovn_revision_numbers_db [None req-bf0fe886-7555-44f6-bfbb-9bd6ac4b1113 589a3a0cbcba419398945199e4d94486 9ccd90d23d80408da420291e8925ff4e - - default default] Successfully bumped revision number for resource 35a343c7-7b67-434f-ad13-5ecd1028e7f4 (type: routers) to 2 [pid: 8|app: 0|req: 653/1396] 10.0.0.234 () {34 vars in 669 bytes} [Thu Jul 16 15:34:23 2026] POST /v2.0/routers => generated 966 bytes in 2407 msecs (HTTP/1.1 201) 4 headers in 162 bytes (1 switches on core 0)
2026-07-16 15:34:26.395 7 INFO neutron.db.ovn_revision_numbers_db [None req-456e5bcb-14e3-47b7-8505-c0c6f8136abc b643f4d7eb334254b34f98f5f8234fd1 c1415e1bf89a4560844a493ba5d222d3 - - default default] Successfully bumped revision number for resource 1a86d80b-7f24-4386-97e8-65f0204d9a0c (type: networks) to 1
2026-07-16 15:34:26.628 7 WARNING neutron.scheduler.dhcp_agent_scheduler [None req-456e5bcb-14e3-47b7-8505-c0c6f8136abc b643f4d7eb334254b34f98f5f8234fd1 c1415e1bf89a4560844a493ba5d222d3 - - default default] No more DHCP agents
2026-07-16 15:34:26.629 7 WARNING neutron.api.rpc.agentnotifiers.dhcp_rpc_agent_api [None req-456e5bcb-14e3-47b7-8505-c0c6f8136abc b643f4d7eb334254b34f98f5f8234fd1 c1415e1bf89a4560844a493ba5d222d3 - - default default] Unable to schedule network 1a86d80b-7f24-4386-97e8-65f0204d9a0c: no agents available; will retry on subsequent port and subnet creation events.
2026-07-16 15:34:26.732 7 INFO neutron.db.ovn_revision_numbers_db [None req-456e5bcb-14e3-47b7-8505-c0c6f8136abc b643f4d7eb334254b34f98f5f8234fd1 c1415e1bf89a4560844a493ba5d222d3 - - default default] Successfully bumped revision number for resource 890942f7-0dfa-402f-993f-0c2a48eef096 (type: ports) to 1 [pid: 7|app: 0|req: 744/1397] 10.0.0.234 () {34 vars in 670 bytes} [Thu Jul 16 15:34:26 2026] POST /v2.0/networks => generated 649 bytes in 721 msecs (HTTP/1.1 201) 4 headers in 162 bytes (1 switches on core 0)
2026-07-16 15:34:27.083 7 INFO neutron.db.ovn_revision_numbers_db [None req-c1cf52a0-8df2-4410-b0e8-7ed85e7c5c94 589a3a0cbcba419398945199e4d94486 9ccd90d23d80408da420291e8925ff4e - - default default] Successfully bumped revision number for resource d0e257b7-5e23-4902-81d8-9c04c2a3637d (type: security_groups) to 1
2026-07-16 15:34:27.099 7 INFO neutron.db.ovn_revision_numbers_db [None req-c1cf52a0-8df2-4410-b0e8-7ed85e7c5c94 589a3a0cbcba419398945199e4d94486 9ccd90d23d80408da420291e8925ff4e - - default default] Successfully bumped revision number for resource 1285cbfc-e76a-4d08-95cc-8ea332a650c8 (type: security_group_rules) to 0
2026-07-16 15:34:27.111 8 WARNING neutron.scheduler.dhcp_agent_scheduler [None req-6a850062-a88f-4d9d-9959-b04532ea8a32 589a3a0cbcba419398945199e4d94486 9ccd90d23d80408da420291e8925ff4e - - default default] No more DHCP agents
2026-07-16 15:34:27.116 8 WARNING neutron.api.rpc.agentnotifiers.dhcp_rpc_agent_api [None req-6a850062-a88f-4d9d-9959-b04532ea8a32 589a3a0cbcba419398945199e4d94486 9ccd90d23d80408da420291e8925ff4e - - default default] Unable to schedule network 91f0e6f3-3196-47d8-9842-b27298921477: no agents available; will retry on subsequent port and subnet creation events.
2026-07-16 15:34:27.134 7 INFO neutron.db.ovn_revision_numbers_db [None req-c1cf52a0-8df2-4410-b0e8-7ed85e7c5c94 589a3a0cbcba419398945199e4d94486 9ccd90d23d80408da420291e8925ff4e - - default default] Successfully bumped revision number for resource 256db793-123e-4980-9b3c-80bfd3fb83ed (type: security_group_rules) to 0
2026-07-16 15:34:27.153 7 INFO neutron.db.ovn_revision_numbers_db [None req-c1cf52a0-8df2-4410-b0e8-7ed85e7c5c94 589a3a0cbcba419398945199e4d94486 9ccd90d23d80408da420291e8925ff4e - - default default] Successfully bumped revision number for resource 9f5ba933-9cc4-4ce5-8907-6aa0a409d9aa (type: security_group_rules) to 0
2026-07-16 15:34:27.180 7 INFO neutron.db.ovn_revision_numbers_db [None req-c1cf52a0-8df2-4410-b0e8-7ed85e7c5c94 589a3a0cbcba419398945199e4d94486 9ccd90d23d80408da420291e8925ff4e - - default default] Successfully bumped revision number for resource ace2b955-6137-4dd3-89d5-e6294428496f (type: security_group_rules) to 0 [pid: 7|app: 0|req: 745/1398] 10.0.0.234 () {32 vars in 774 bytes} [Thu Jul 16 15:34:26 2026] GET /v2.0/security-groups?tenant_id=13506f97eb52423594d919398124ea0a&name=default => generated 2925 bytes in 457 msecs (HTTP/1.1 200) 4 headers in 158 bytes (1 switches on core 0)
2026-07-16 15:34:27.403 8 INFO neutron.db.ovn_revision_numbers_db [None req-6a850062-a88f-4d9d-9959-b04532ea8a32 589a3a0cbcba419398945199e4d94486 9ccd90d23d80408da420291e8925ff4e - - default default] Successfully bumped revision number for resource 1b3053a6-9958-42ff-a5cc-55553d03614a (type: ports) to 1
2026-07-16 15:34:27.476 7 WARNING neutron.scheduler.dhcp_agent_scheduler [None req-d94e3757-0768-4714-b4ea-ff999b750766 b643f4d7eb334254b34f98f5f8234fd1 c1415e1bf89a4560844a493ba5d222d3 - - default default] No more DHCP agents
2026-07-16 15:34:27.478 7 WARNING neutron.api.rpc.agentnotifiers.dhcp_rpc_agent_api [None req-d94e3757-0768-4714-b4ea-ff999b750766 b643f4d7eb334254b34f98f5f8234fd1 c1415e1bf89a4560844a493ba5d222d3 - - default default] Unable to schedule network 7a211196-f27a-4ff6-bdec-b5d0d1a7bf27: no agents available; will retry on subsequent port and subnet creation events.
2026-07-16 15:34:27.690 8 INFO neutron.db.ovn_revision_numbers_db [None req-30925398-7234-4a39-a59a-d07bea721da3 - - - - - -] Successfully bumped revision number for resource f4585082-7dc5-40fe-9fe6-719e8b03d70e (type: ports) to 4
2026-07-16 15:34:27.792 7 WARNING neutron.plugins.ml2.drivers.ovn.mech_driver.ovsdb.ovn_client [None req-7a94ab7e-a5e2-485b-804c-191133519794 - - - - - -] No hosting information found for port 7a223b91-ed1f-4b9d-a8b2-227ecc6ff280: RuntimeError: No hosting information found for port 7a223b91-ed1f-4b9d-a8b2-227ecc6ff280
2026-07-16 15:34:27.939 7 INFO neutron.db.ovn_revision_numbers_db [None req-7a94ab7e-a5e2-485b-804c-191133519794 - - - - - -] Successfully bumped revision number for resource 7a223b91-ed1f-4b9d-a8b2-227ecc6ff280 (type: router_ports) to 2
2026-07-16 15:34:28.003 7 INFO neutron.plugins.ml2.drivers.ovn.mech_driver.mech_driver [None req-7a94ab7e-a5e2-485b-804c-191133519794 - - - - - -] OVN reports status down for port: 8a094d7e-fa06-4b87-9188-5e9422f67221
2026-07-16 15:34:28.121 7 INFO neutron.db.ovn_revision_numbers_db [None req-05242492-735a-475b-9684-c08214f37966 - - - - - -] Successfully bumped revision number for resource 3b4a7b42-b1b0-4a26-b292-3342d2cfd265 (type: ports) to 2
2026-07-16 15:34:28.168 7 INFO neutron.db.ovn_revision_numbers_db [None req-05242492-735a-475b-9684-c08214f37966 - - - - - -] Successfully bumped revision number for resource 0962b441-13f9-4653-8c63-1281e6c53362 (type: subnets) to 0 [pid: 7|app: 0|req: 746/1399] 10.0.0.234 () {34 vars in 669 bytes} [Thu Jul 16 15:34:27 2026] POST /v2.0/subnets => generated 626 bytes in 966 msecs (HTTP/1.1 201) 4 headers in 162 bytes (1 switches on core 0)
2026-07-16 15:34:28.416 8 INFO neutron.plugins.ml2.drivers.ovn.mech_driver.mech_driver [None req-f887f918-79a8-4c89-8203-af53b99906b2 - - - - - -] OVN reports status down for port: 3b4a7b42-b1b0-4a26-b292-3342d2cfd265 [pid: 7|app: 0|req: 747/1400] 10.0.0.234 () {32 vars in 740 bytes} [Thu Jul 16 15:34:28 2026] DELETE /v2.0/security-groups/d0e257b7-5e23-4902-81d8-9c04c2a3637d => generated 0 bytes in 229 msecs (HTTP/1.1 204) 2 headers in 112 bytes (1 switches on core 0)
2026-07-16 15:34:28.509 8 INFO neutron.db.ovn_revision_numbers_db [None req-30925398-7234-4a39-a59a-d07bea721da3 - - - - - -] Successfully bumped revision number for resource f4585082-7dc5-40fe-9fe6-719e8b03d70e (type: ports) to 5
2026-07-16 15:34:28.604 7 WARNING neutron.scheduler.dhcp_agent_scheduler [None req-5c02aff1-3fde-4f49-8ccf-0b25daad0db7 b643f4d7eb334254b34f98f5f8234fd1 c1415e1bf89a4560844a493ba5d222d3 - - default default] No more DHCP agents
2026-07-16 15:34:28.606 7 WARNING neutron.api.rpc.agentnotifiers.dhcp_rpc_agent_api [None req-5c02aff1-3fde-4f49-8ccf-0b25daad0db7 b643f4d7eb334254b34f98f5f8234fd1 c1415e1bf89a4560844a493ba5d222d3 - - default default] Unable to schedule network 1a86d80b-7f24-4386-97e8-65f0204d9a0c: no agents available; will retry on subsequent port and subnet creation events.
2026-07-16 15:34:28.657 8 INFO neutron.plugins.ml2.drivers.ovn.mech_driver.mech_driver [None req-f887f918-79a8-4c89-8203-af53b99906b2 - - - - - -] OVN reports status down for port: 890942f7-0dfa-402f-993f-0c2a48eef096
2026-07-16 15:34:28.809 8 INFO neutron.plugins.ml2.drivers.ovn.mech_driver.mech_driver [None req-f887f918-79a8-4c89-8203-af53b99906b2 - - - - - -] OVN reports status down for port: 1b3053a6-9958-42ff-a5cc-55553d03614a
2026-07-16 15:34:28.883 8 WARNING neutron.scheduler.dhcp_agent_scheduler [None req-6a850062-a88f-4d9d-9959-b04532ea8a32 589a3a0cbcba419398945199e4d94486 9ccd90d23d80408da420291e8925ff4e - - default default] No more DHCP agents
2026-07-16 15:34:28.886 8 WARNING neutron.api.rpc.agentnotifiers.dhcp_rpc_agent_api [None req-6a850062-a88f-4d9d-9959-b04532ea8a32 589a3a0cbcba419398945199e4d94486 9ccd90d23d80408da420291e8925ff4e - - default default] Unable to schedule network 91f0e6f3-3196-47d8-9842-b27298921477: no agents available; will retry on subsequent port and subnet creation events.
2026-07-16 15:34:28.924 8 WARNING neutron.plugins.ml2.drivers.ovn.mech_driver.ovsdb.ovn_client [None req-f887f918-79a8-4c89-8203-af53b99906b2 - - - - - -] Logical_Switch_Port %s host information not removed, the port state is up
2026-07-16 15:34:28.924 8 INFO neutron.plugins.ml2.drivers.ovn.mech_driver.mech_driver [None req-f887f918-79a8-4c89-8203-af53b99906b2 - - - - - -] OVN reports status up for port: 1b3053a6-9958-42ff-a5cc-55553d03614a
2026-07-16 15:34:28.948 8 INFO neutron.plugins.ml2.plugin [None req-f887f918-79a8-4c89-8203-af53b99906b2 - - - - - -] Attempt 1 to provision port 1b3053a6-9958-42ff-a5cc-55553d03614a
2026-07-16 15:34:29.052 7 INFO neutron.db.ovn_revision_numbers_db [None req-3627d1f9-e036-404c-9d2b-26ebeb086395 - - - - - -] Successfully bumped revision number for resource 890942f7-0dfa-402f-993f-0c2a48eef096 (type: ports) to 2
2026-07-16 15:34:29.093 7 INFO neutron.db.ovn_revision_numbers_db [None req-3627d1f9-e036-404c-9d2b-26ebeb086395 - - - - - -] Successfully bumped revision number for resource 68915750-1c1e-498b-8c8b-5cf8c5874e84 (type: subnets) to 0 [pid: 7|app: 0|req: 748/1401] 10.0.0.234 () {34 vars in 669 bytes} [Thu Jul 16 15:34:28 2026] POST /v2.0/subnets => generated 626 bytes in 696 msecs (HTTP/1.1 201) 4 headers in 162 bytes (1 switches on core 0)
2026-07-16 15:34:29.250 7 INFO neutron.db.ovn_revision_numbers_db [None req-f629f7ec-844c-47b8-99cd-72b118da10fa 589a3a0cbcba419398945199e4d94486 9ccd90d23d80408da420291e8925ff4e - - default default] Successfully bumped revision number for resource 1f44e25d-14bf-4e0a-bc47-672c195eef02 (type: security_groups) to 1
2026-07-16 15:34:29.263 7 INFO neutron.db.ovn_revision_numbers_db [None req-f629f7ec-844c-47b8-99cd-72b118da10fa 589a3a0cbcba419398945199e4d94486 9ccd90d23d80408da420291e8925ff4e - - default default] Successfully bumped revision number for resource 262ef7ff-9e85-484c-af54-b1c2545c0a86 (type: security_group_rules) to 0
2026-07-16 15:34:29.276 7 INFO neutron.db.ovn_revision_numbers_db [None req-f629f7ec-844c-47b8-99cd-72b118da10fa 589a3a0cbcba419398945199e4d94486 9ccd90d23d80408da420291e8925ff4e - - default default] Successfully bumped revision number for resource c4553ff0-00ce-4250-9ee2-ab6a9ff37f38 (type: security_group_rules) to 0
2026-07-16 15:34:29.290 7 INFO neutron.db.ovn_revision_numbers_db [None req-f629f7ec-844c-47b8-99cd-72b118da10fa 589a3a0cbcba419398945199e4d94486 9ccd90d23d80408da420291e8925ff4e - - default default] Successfully bumped revision number for resource ce584139-6574-434d-a9d5-c53010463e3d (type: security_group_rules) to 0
2026-07-16 15:34:29.305 7 INFO neutron.db.ovn_revision_numbers_db [None req-f629f7ec-844c-47b8-99cd-72b118da10fa 589a3a0cbcba419398945199e4d94486 9ccd90d23d80408da420291e8925ff4e - - default default] Successfully bumped revision number for resource eb56fb77-116e-48f0-845c-b8383f8b0581 (type: security_group_rules) to 0 [pid: 7|app: 0|req: 749/1402] 10.0.0.234 () {32 vars in 774 bytes} [Thu Jul 16 15:34:29 2026] GET /v2.0/security-groups?tenant_id=b78796a0cca64df6a84dd385310a8284&name=default => generated 2925 bytes in 239 msecs (HTTP/1.1 200) 4 headers in 158 bytes (1 switches on core 0) [pid: 7|app: 0|req: 750/1403] 10.0.0.7 () {34 vars in 988 bytes} [Thu Jul 16 15:34:29 2026] GET /v2.0/ports?device_id=f73b810e-3f6f-4a39-a34e-9fb0c40c481e => generated 1209 bytes in 38 msecs (HTTP/1.1 200) 4 headers in 158 bytes (1 switches on core 0)
2026-07-16 15:34:29.513 7 INFO neutron.db.ovn_revision_numbers_db [None req-d46f3ebc-1d18-4591-826a-6e07e3517f32 b643f4d7eb334254b34f98f5f8234fd1 c1415e1bf89a4560844a493ba5d222d3 - - default default] Successfully bumped revision number for resource 8777c229-4e74-4d2f-8344-782ef3b96a48 (type: routers) to 1 [pid: 7|app: 0|req: 751/1404] 10.0.0.234 () {34 vars in 669 bytes} [Thu Jul 16 15:34:29 2026] POST /v2.0/routers => generated 603 bytes in 144 msecs (HTTP/1.1 201) 4 headers in 162 bytes (1 switches on core 0)
2026-07-16 15:34:29.708 8 INFO neutron.db.ovn_revision_numbers_db [None req-f887f918-79a8-4c89-8203-af53b99906b2 - - - - - -] Successfully bumped revision number for resource 1b3053a6-9958-42ff-a5cc-55553d03614a (type: ports) to 2 [pid: 7|app: 0|req: 752/1405] 10.0.0.234 () {32 vars in 740 bytes} [Thu Jul 16 15:34:29 2026] DELETE /v2.0/security-groups/1f44e25d-14bf-4e0a-bc47-672c195eef02 => generated 0 bytes in 297 msecs (HTTP/1.1 204) 2 headers in 112 bytes (1 switches on core 0) [pid: 7|app: 0|req: 753/1406] 10.0.0.7 () {34 vars in 1038 bytes} [Thu Jul 16 15:34:29 2026] GET /v2.0/security-groups?id=a8cab6d9-8fea-4afe-b16c-19acf14c6a0e&fields=id&fields=name => generated 113 bytes in 36 msecs (HTTP/1.1 200) 4 headers in 157 bytes (1 switches on core 0)
2026-07-16 15:34:29.899 8 INFO neutron.db.ovn_revision_numbers_db [None req-6a850062-a88f-4d9d-9959-b04532ea8a32 589a3a0cbcba419398945199e4d94486 9ccd90d23d80408da420291e8925ff4e - - default default] Successfully bumped revision number for resource 1b3053a6-9958-42ff-a5cc-55553d03614a (type: router_ports) to 1 [pid: 8|app: 0|req: 654/1407] 10.0.0.234 () {34 vars in 783 bytes} [Thu Jul 16 15:34:26 2026] PUT /v2.0/routers/35a343c7-7b67-434f-ad13-5ecd1028e7f4/add_router_interface => generated 309 bytes in 3673 msecs (HTTP/1.1 200) 4 headers in 157 bytes (1 switches on core 0)
2026-07-16 15:34:30.300 7 WARNING neutron.scheduler.dhcp_agent_scheduler [None req-635d5962-1e8f-44fc-851f-d591119c2c03 b643f4d7eb334254b34f98f5f8234fd1 c1415e1bf89a4560844a493ba5d222d3 - - default default] No more DHCP agents
2026-07-16 15:34:30.302 7 WARNING neutron.api.rpc.agentnotifiers.dhcp_rpc_agent_api [None req-635d5962-1e8f-44fc-851f-d591119c2c03 b643f4d7eb334254b34f98f5f8234fd1 c1415e1bf89a4560844a493ba5d222d3 - - default default] Unable to schedule network 7a211196-f27a-4ff6-bdec-b5d0d1a7bf27: no agents available; will retry on subsequent port and subnet creation events.
2026-07-16 15:34:30.443 7 INFO neutron.db.ovn_revision_numbers_db [None req-635d5962-1e8f-44fc-851f-d591119c2c03 b643f4d7eb334254b34f98f5f8234fd1 c1415e1bf89a4560844a493ba5d222d3 - - default default] Successfully bumped revision number for resource bb43aba9-508b-44e2-ac92-d49829a2dbce (type: ports) to 1
2026-07-16 15:34:30.852 8 INFO neutron.db.ovn_revision_numbers_db [None req-aa8c80d0-07e6-42f0-a634-df5165672f4c e3045deb6bab432f9c7d6205b4f45af0 9a2dc239f55644afb9e0ed463ed5c311 - - default default] Successfully bumped revision number for resource 0d0cfa78-af9e-43d7-a325-4419c7a64d65 (type: security_groups) to 1
2026-07-16 15:34:30.863 8 INFO neutron.db.ovn_revision_numbers_db [None req-aa8c80d0-07e6-42f0-a634-df5165672f4c e3045deb6bab432f9c7d6205b4f45af0 9a2dc239f55644afb9e0ed463ed5c311 - - default default] Successfully bumped revision number for resource b93be52c-b56a-4953-97a4-0d664482a12f (type: security_group_rules) to 0
2026-07-16 15:34:30.875 8 INFO neutron.db.ovn_revision_numbers_db [None req-aa8c80d0-07e6-42f0-a634-df5165672f4c e3045deb6bab432f9c7d6205b4f45af0 9a2dc239f55644afb9e0ed463ed5c311 - - default default] Successfully bumped revision number for resource ed773804-6333-4fef-ab12-9f20c2392136 (type: security_group_rules) to 0 [pid: 8|app: 0|req: 655/1408] 10.0.0.234 () {34 vars in 685 bytes} [Thu Jul 16 15:34:30 2026] POST /v2.0/security-groups => generated 1675 bytes in 196 msecs (HTTP/1.1 201) 4 headers in 163 bytes (1 switches on core 0)
2026-07-16 15:34:31.074 8 INFO neutron.db.ovn_revision_numbers_db [None req-18eb18c6-d9e7-49db-ad57-a608a4139291 e3045deb6bab432f9c7d6205b4f45af0 9a2dc239f55644afb9e0ed463ed5c311 - - default default] Successfully bumped revision number for resource 21cf1f53-e43f-453c-a3ea-09aea0bb6849 (type: security_group_rules) to 0
2026-07-16 15:34:31.087 7 WARNING neutron.scheduler.dhcp_agent_scheduler [None req-635d5962-1e8f-44fc-851f-d591119c2c03 b643f4d7eb334254b34f98f5f8234fd1 c1415e1bf89a4560844a493ba5d222d3 - - default default] No more DHCP agents
2026-07-16 15:34:31.088 7 WARNING neutron.api.rpc.agentnotifiers.dhcp_rpc_agent_api [None req-635d5962-1e8f-44fc-851f-d591119c2c03 b643f4d7eb334254b34f98f5f8234fd1 c1415e1bf89a4560844a493ba5d222d3 - - default default] Unable to schedule network 7a211196-f27a-4ff6-bdec-b5d0d1a7bf27: no agents available; will retry on subsequent port and subnet creation events. [pid: 8|app: 0|req: 656/1409] 10.0.0.234 () {34 vars in 695 bytes} [Thu Jul 16 15:34:30 2026] POST /v2.0/security-group-rules => generated 597 bytes in 181 msecs (HTTP/1.1 201) 4 headers in 162 bytes (1 switches on core 0) [pid: 8|app: 0|req: 657/1410] 10.0.0.238 () {34 vars in 990 bytes} [Thu Jul 16 15:34:31 2026] GET /v2.0/ports?device_id=f73b810e-3f6f-4a39-a34e-9fb0c40c481e => generated 971 bytes in 115 msecs (HTTP/1.1 200) 4 headers in 157 bytes (1 switches on core 0)
2026-07-16 15:34:31.324 7 INFO neutron.db.ovn_revision_numbers_db [None req-635d5962-1e8f-44fc-851f-d591119c2c03 b643f4d7eb334254b34f98f5f8234fd1 c1415e1bf89a4560844a493ba5d222d3 - - default default] Successfully bumped revision number for resource bb43aba9-508b-44e2-ac92-d49829a2dbce (type: router_ports) to 1 [pid: 7|app: 0|req: 754/1411] 10.0.0.234 () {34 vars in 783 bytes} [Thu Jul 16 15:34:29 2026] PUT /v2.0/routers/8777c229-4e74-4d2f-8344-782ef3b96a48/add_router_interface => generated 309 bytes in 1462 msecs (HTTP/1.1 200) 4 headers in 157 bytes (1 switches on core 0) [pid: 7|app: 0|req: 755/1412] 10.0.0.238 () {34 vars in 1040 bytes} [Thu Jul 16 15:34:31 2026] GET /v2.0/security-groups?id=a8cab6d9-8fea-4afe-b16c-19acf14c6a0e&fields=id&fields=name => generated 113 bytes in 33 msecs (HTTP/1.1 200) 4 headers in 157 bytes (1 switches on core 0) [pid: 7|app: 0|req: 756/1413] 10.0.0.234 () {32 vars in 717 bytes} [Thu Jul 16 15:34:31 2026] GET /v2.0/ports/bb43aba9-508b-44e2-ac92-d49829a2dbce => generated 941 bytes in 35 msecs (HTTP/1.1 200) 4 headers in 157 bytes (1 switches on core 0)
2026-07-16 15:34:31.419 8 INFO neutron.db.ovn_revision_numbers_db [None req-15531429-af92-4d9f-97e4-3825dd14a5c8 e3045deb6bab432f9c7d6205b4f45af0 9a2dc239f55644afb9e0ed463ed5c311 - - default default] Successfully bumped revision number for resource d78dd0f5-63e7-4675-bfc6-7b74fa748634 (type: security_group_rules) to 0 [pid: 8|app: 0|req: 658/1414] 10.0.0.234 () {34 vars in 695 bytes} [Thu Jul 16 15:34:31 2026] POST /v2.0/security-group-rules => generated 596 bytes in 231 msecs (HTTP/1.1 201) 4 headers in 162 bytes (1 switches on core 0)
2026-07-16 15:34:31.636 8 INFO neutron.db.ovn_revision_numbers_db [None req-355dcac0-1509-400c-8b79-174f1bdd28fa e3045deb6bab432f9c7d6205b4f45af0 9a2dc239f55644afb9e0ed463ed5c311 - - default default] Successfully bumped revision number for resource 4aff655a-02ae-40f0-9b58-999059ffb64e (type: security_group_rules) to 0 [pid: 8|app: 0|req: 659/1415] 10.0.0.234 () {34 vars in 695 bytes} [Thu Jul 16 15:34:31 2026] POST /v2.0/security-group-rules => generated 602 bytes in 219 msecs (HTTP/1.1 201) 4 headers in 162 bytes (1 switches on core 0) [pid: 8|app: 0|req: 660/1416] 10.0.0.238 () {34 vars in 990 bytes} [Thu Jul 16 15:34:31 2026] GET /v2.0/ports?device_id=f73b810e-3f6f-4a39-a34e-9fb0c40c481e => generated 971 bytes in 55 msecs (HTTP/1.1 200) 4 headers in 157 bytes (1 switches on core 0)
2026-07-16 15:34:31.896 8 INFO neutron.db.ovn_revision_numbers_db [None req-7f758756-3b8a-4942-947f-2599af2feedb e3045deb6bab432f9c7d6205b4f45af0 9a2dc239f55644afb9e0ed463ed5c311 - - default default] Successfully bumped revision number for resource dce58137-6b96-44a5-8435-12b93bd57876 (type: security_group_rules) to 0 [pid: 8|app: 0|req: 661/1417] 10.0.0.234 () {34 vars in 695 bytes} [Thu Jul 16 15:34:31 2026] POST /v2.0/security-group-rules => generated 601 bytes in 200 msecs (HTTP/1.1 201) 4 headers in 162 bytes (1 switches on core 0)
2026-07-16 15:34:31.950 7 WARNING neutron.scheduler.dhcp_agent_scheduler [None req-88b1b941-fc54-41ba-8533-0818fd51af20 b643f4d7eb334254b34f98f5f8234fd1 c1415e1bf89a4560844a493ba5d222d3 - - default default] No more DHCP agents
