2026-07-16 15:35:12.039 8 INFO neutron_taas.services.taas.taas_plugin [None req-9aebee92-fa1b-4b11-ad9e-9c4b92682e36 93cbc77396e143e093f5c53d3560fdac 33ca2514476d480e95cc00b170cbcca6 - - default default] TaaS: Handle Delete Port: 9d4dc7ea-473a-4a59-8432-6aaefa1949da
2026-07-16 15:35:12.043 8 INFO neutron_taas.services.taas.tap_mirror_plugin [None req-9aebee92-fa1b-4b11-ad9e-9c4b92682e36 93cbc77396e143e093f5c53d3560fdac 33ca2514476d480e95cc00b170cbcca6 - - default default] Tap Mirror: Handle Delete Port: 9d4dc7ea-473a-4a59-8432-6aaefa1949da
2026-07-16 15:35:12.253 8 INFO neutron.services.segments.plugin [-] Segment 46118b4f-7967-403c-b0ee-4d3af5f06079 resource provider aggregate not found
2026-07-16 15:35:12.260 8 INFO neutron.services.segments.plugin [-] Segment 46118b4f-7967-403c-b0ee-4d3af5f06079 resource provider aggregate not found
2026-07-16 15:35:12.288 8 INFO neutron.services.segments.plugin [-] Segment 46118b4f-7967-403c-b0ee-4d3af5f06079 resource provider not found; error: Placement Client Error (4xx): {"errors": [{"status": 404, "title": "Not Found", "detail": "The resource could not be found.\n\n No resource provider with uuid 46118b4f-7967-403c-b0ee-4d3af5f06079 found for delete ", "request_id": "req-191c6e5f-ba56-4c15-9ff1-aed729046777"}]}
2026-07-16 15:35:12.291 8 INFO neutron.services.segments.plugin [-] Segment 46118b4f-7967-403c-b0ee-4d3af5f06079 resource provider not found; error: Placement Client Error (4xx): {"errors": [{"status": 404, "title": "Not Found", "detail": "The resource could not be found.\n\n No resource provider with uuid 46118b4f-7967-403c-b0ee-4d3af5f06079 found for delete ", "request_id": "req-bd412734-e7c9-40dc-a7e4-fc9f6de78bbe"}]} [pid: 8|app: 0|req: 871/1776] 10.0.0.234 () {32 vars in 726 bytes} [Thu Jul 16 15:35:11 2026] DELETE /v2.0/networks/93bf671d-2603-412f-9554-8122cf71c93c => generated 0 bytes in 453 msecs (HTTP/1.1 204) 3 headers in 131 bytes (1 switches on core 0) [pid: 8|app: 0|req: 872/1777] 10.0.0.234 () {32 vars in 663 bytes} [Thu Jul 16 15:35:12 2026] GET /v2.0/security-groups => generated 2925 bytes in 35 msecs (HTTP/1.1 200) 4 headers in 158 bytes (1 switches on core 0)
2026-07-16 15:35:12.484 8 INFO neutron_taas.services.taas.taas_plugin [None req-b1ca2ad8-c0d5-4da7-99d4-a2a5978f80a4 e3045deb6bab432f9c7d6205b4f45af0 9a2dc239f55644afb9e0ed463ed5c311 - - default default] TaaS: Handle Delete Port: f024d9ec-4516-423a-85e1-552bbb9d75a8
2026-07-16 15:35:12.487 8 INFO neutron_taas.services.taas.tap_mirror_plugin [None req-b1ca2ad8-c0d5-4da7-99d4-a2a5978f80a4 e3045deb6bab432f9c7d6205b4f45af0 9a2dc239f55644afb9e0ed463ed5c311 - - default default] Tap Mirror: Handle Delete Port: f024d9ec-4516-423a-85e1-552bbb9d75a8
2026-07-16 15:35:12.544 7 INFO neutron.plugins.ml2.drivers.ovn.mech_driver.ovsdb.commands [None req-62e67b6b-5189-41c5-a27d-d8291e61b2c6 - - - - - -] Schedule LRP lrp-eb8e9d70-2685-431b-85b7-0c03a290810c on gateway a28aa165-d9c1-46da-9f3a-a6e2c3d1d963 with priority 1
2026-07-16 15:35:12.612 8 INFO neutron.plugins.ml2.drivers.ovn.mech_driver.mech_driver [None req-59ee1da0-05c0-4556-8939-e0976ddc563d - - - - - -] OVN reports status up for port: eb8e9d70-2685-431b-85b7-0c03a290810c
2026-07-16 15:35:12.621 7 INFO neutron.db.ovn_revision_numbers_db [None req-8af5c1f0-6091-4c5d-9ae0-20faca606b32 b94bb7a6876741f389fc57715b504617 27214ea2660f414eaac296b0a68dcb93 - - default default] Successfully bumped revision number for resource eb8e9d70-2685-431b-85b7-0c03a290810c (type: router_ports) to 1
2026-07-16 15:35:12.633 8 INFO neutron.plugins.ml2.plugin [None req-59ee1da0-05c0-4556-8939-e0976ddc563d - - - - - -] Attempt 1 to provision port eb8e9d70-2685-431b-85b7-0c03a290810c
2026-07-16 15:35:12.693 7 INFO neutron.db.ovn_revision_numbers_db [None req-8af5c1f0-6091-4c5d-9ae0-20faca606b32 b94bb7a6876741f389fc57715b504617 27214ea2660f414eaac296b0a68dcb93 - - default default] Successfully bumped revision number for resource c5085396-48cd-43b7-86fe-ac590dbe3948 (type: routers) to 2 [pid: 7|app: 0|req: 906/1778] 10.0.0.234 () {34 vars in 669 bytes} [Thu Jul 16 15:35:11 2026] POST /v2.0/routers => generated 954 bytes in 1573 msecs (HTTP/1.1 201) 4 headers in 162 bytes (1 switches on core 0) [pid: 8|app: 0|req: 873/1779] 10.0.0.234 () {32 vars in 732 bytes} [Thu Jul 16 15:35:12 2026] DELETE /v2.0/floatingips/08b392f0-4e16-4f51-8169-2573def75fde => generated 0 bytes in 393 msecs (HTTP/1.1 204) 2 headers in 112 bytes (1 switches on core 0)
2026-07-16 15:35:12.841 7 INFO neutron_taas.services.taas.taas_plugin [None req-3bf9f2e9-f905-4eab-a1d8-ef4326c0ab1c 93cbc77396e143e093f5c53d3560fdac 33ca2514476d480e95cc00b170cbcca6 - - default default] TaaS: Handle Delete Port: 397f5016-40b9-47a6-96a7-160cc3d13611
2026-07-16 15:35:12.844 7 INFO neutron_taas.services.taas.tap_mirror_plugin [None req-3bf9f2e9-f905-4eab-a1d8-ef4326c0ab1c 93cbc77396e143e093f5c53d3560fdac 33ca2514476d480e95cc00b170cbcca6 - - default default] Tap Mirror: Handle Delete Port: 397f5016-40b9-47a6-96a7-160cc3d13611
2026-07-16 15:35:13.040 7 INFO neutron.services.segments.plugin [-] Segment 2a43f576-00ef-43a8-91b9-99271aa1f05c resource provider aggregate not found
2026-07-16 15:35:13.045 7 INFO neutron.services.segments.plugin [-] Segment 2a43f576-00ef-43a8-91b9-99271aa1f05c resource provider aggregate not found
2026-07-16 15:35:13.065 7 INFO neutron.services.segments.plugin [-] Segment 2a43f576-00ef-43a8-91b9-99271aa1f05c resource provider not found; error: Placement Client Error (4xx): {"errors": [{"status": 404, "title": "Not Found", "detail": "The resource could not be found.\n\n No resource provider with uuid 2a43f576-00ef-43a8-91b9-99271aa1f05c found for delete ", "request_id": "req-0cf9b0a1-5a23-4fc4-96aa-9de04766cf08"}]}
2026-07-16 15:35:13.067 7 INFO neutron.services.segments.plugin [-] Segment 2a43f576-00ef-43a8-91b9-99271aa1f05c resource provider not found; error: Placement Client Error (4xx): {"errors": [{"status": 404, "title": "Not Found", "detail": "The resource could not be found.\n\n No resource provider with uuid 2a43f576-00ef-43a8-91b9-99271aa1f05c found for delete ", "request_id": "req-2169a585-ec97-4808-bd57-d8c3ad1ffaaf"}]} [pid: 7|app: 0|req: 907/1780] 10.0.0.234 () {32 vars in 726 bytes} [Thu Jul 16 15:35:12 2026] DELETE /v2.0/networks/2c032c75-d5ca-4d1b-a7cc-d14bc434dae7 => generated 0 bytes in 376 msecs (HTTP/1.1 204) 3 headers in 131 bytes (1 switches on core 0)
2026-07-16 15:35:13.258 8 WARNING neutron.scheduler.dhcp_agent_scheduler [None req-89f18fc7-1d8b-41b1-aacd-4d4c41d12dd5 b94bb7a6876741f389fc57715b504617 27214ea2660f414eaac296b0a68dcb93 - - default default] No more DHCP agents
2026-07-16 15:35:13.259 8 WARNING neutron.api.rpc.agentnotifiers.dhcp_rpc_agent_api [None req-89f18fc7-1d8b-41b1-aacd-4d4c41d12dd5 b94bb7a6876741f389fc57715b504617 27214ea2660f414eaac296b0a68dcb93 - - default default] Unable to schedule network 9bac61dc-0e96-48dc-ae87-24d2577cea4b: no agents available; will retry on subsequent port and subnet creation events. [pid: 7|app: 0|req: 908/1781] 10.0.0.234 () {32 vars in 740 bytes} [Thu Jul 16 15:35:13 2026] DELETE /v2.0/security-groups/0d0cfa78-af9e-43d7-a325-4419c7a64d65 => generated 0 bytes in 189 msecs (HTTP/1.1 204) 2 headers in 112 bytes (1 switches on core 0)
2026-07-16 15:35:13.392 7 INFO neutron.plugins.ml2.drivers.ovn.mech_driver.mech_driver [None req-f94a5d4a-1eb5-44f4-a4ea-df251e2fdc77 - - - - - -] OVN reports status down for port: 190796ca-f244-4247-b38f-51180eacef39
2026-07-16 15:35:13.400 8 INFO neutron.db.ovn_revision_numbers_db [None req-89f18fc7-1d8b-41b1-aacd-4d4c41d12dd5 b94bb7a6876741f389fc57715b504617 27214ea2660f414eaac296b0a68dcb93 - - default default] Successfully bumped revision number for resource 190796ca-f244-4247-b38f-51180eacef39 (type: ports) to 1 [pid: 7|app: 0|req: 909/1782] 10.0.0.234 () {32 vars in 774 bytes} [Thu Jul 16 15:35:13 2026] GET /v2.0/security-groups?tenant_id=0e9ae10089b9495e9c8392ce517d0489&name=default => generated 2925 bytes in 145 msecs (HTTP/1.1 200) 4 headers in 158 bytes (1 switches on core 0) [pid: 7|app: 0|req: 910/1783] 10.0.0.234 () {32 vars in 649 bytes} [Thu Jul 16 15:35:13 2026] GET /v2.0/networks => generated 689 bytes in 73 msecs (HTTP/1.1 200) 4 headers in 157 bytes (1 switches on core 0)
2026-07-16 15:35:13.800 7 INFO neutron_taas.services.taas.taas_plugin [None req-42c04b90-4544-423a-a0de-2dd6612ccb53 589a3a0cbcba419398945199e4d94486 9ccd90d23d80408da420291e8925ff4e - - default default] TaaS: Handle Delete Port: 7a223b91-ed1f-4b9d-a8b2-227ecc6ff280
2026-07-16 15:35:13.803 7 INFO neutron_taas.services.taas.tap_mirror_plugin [None req-42c04b90-4544-423a-a0de-2dd6612ccb53 589a3a0cbcba419398945199e4d94486 9ccd90d23d80408da420291e8925ff4e - - default default] Tap Mirror: Handle Delete Port: 7a223b91-ed1f-4b9d-a8b2-227ecc6ff280
2026-07-16 15:35:14.090 7 INFO neutron.plugins.ml2.drivers.ovn.mech_driver.mech_driver [None req-f94a5d4a-1eb5-44f4-a4ea-df251e2fdc77 - - - - - -] OVN reports status up for port: 190796ca-f244-4247-b38f-51180eacef39
2026-07-16 15:35:14.114 7 INFO neutron.plugins.ml2.plugin [None req-f94a5d4a-1eb5-44f4-a4ea-df251e2fdc77 - - - - - -] Attempt 1 to provision port 190796ca-f244-4247-b38f-51180eacef39
2026-07-16 15:35:14.154 8 WARNING neutron.scheduler.dhcp_agent_scheduler [None req-89f18fc7-1d8b-41b1-aacd-4d4c41d12dd5 b94bb7a6876741f389fc57715b504617 27214ea2660f414eaac296b0a68dcb93 - - default default] No more DHCP agents
2026-07-16 15:35:14.156 8 WARNING neutron.api.rpc.agentnotifiers.dhcp_rpc_agent_api [None req-89f18fc7-1d8b-41b1-aacd-4d4c41d12dd5 b94bb7a6876741f389fc57715b504617 27214ea2660f414eaac296b0a68dcb93 - - default default] Unable to schedule network 9bac61dc-0e96-48dc-ae87-24d2577cea4b: no agents available; will retry on subsequent port and subnet creation events.
2026-07-16 15:35:14.545 8 INFO neutron.db.ovn_revision_numbers_db [None req-89f18fc7-1d8b-41b1-aacd-4d4c41d12dd5 b94bb7a6876741f389fc57715b504617 27214ea2660f414eaac296b0a68dcb93 - - default default] Successfully bumped revision number for resource 190796ca-f244-4247-b38f-51180eacef39 (type: router_ports) to 1 [pid: 8|app: 0|req: 874/1784] 10.0.0.234 () {34 vars in 783 bytes} [Thu Jul 16 15:35:12 2026] PUT /v2.0/routers/c5085396-48cd-43b7-86fe-ac590dbe3948/add_router_interface => generated 309 bytes in 1808 msecs (HTTP/1.1 200) 4 headers in 157 bytes (1 switches on core 0) [pid: 8|app: 0|req: 875/1785] 10.0.0.234 () {32 vars in 740 bytes} [Thu Jul 16 15:35:14 2026] DELETE /v2.0/security-groups/1ee194c3-ad3a-4722-b66e-2542d9738210 => generated 0 bytes in 246 msecs (HTTP/1.1 204) 2 headers in 112 bytes (1 switches on core 0)
2026-07-16 15:35:14.895 8 INFO neutron.db.segments_db [None req-c4fc523f-853d-4ee0-9979-ed7250bcd583 93cbc77396e143e093f5c53d3560fdac 33ca2514476d480e95cc00b170cbcca6 - - default default] Added segment 35ef9248-7834-43a6-873a-ebbead3aaa7b of type geneve for network 109a17ae-3acf-41ad-bf7a-341cad6b5015 [pid: 7|app: 0|req: 911/1786] 10.0.0.234 () {34 vars in 789 bytes} [Thu Jul 16 15:35:13 2026] PUT /v2.0/routers/cf727403-cf19-47e8-b238-39a9c96eed0b/remove_router_interface => generated 309 bytes in 1411 msecs (HTTP/1.1 200) 4 headers in 157 bytes (1 switches on core 0) /var/lib/openstack/lib/python3.12/site-packages/pycadf/identifier.py:70: UserWarning: Invalid uuid: neutron. To ensure interoperability, identifiers should be a valid uuid. warnings.warn(('Invalid uuid: %s. To ensure interoperability, '
2026-07-16 15:35:15.017 8 INFO neutron.db.ovn_revision_numbers_db [None req-c4fc523f-853d-4ee0-9979-ed7250bcd583 93cbc77396e143e093f5c53d3560fdac 33ca2514476d480e95cc00b170cbcca6 - - default default] Successfully bumped revision number for resource 109a17ae-3acf-41ad-bf7a-341cad6b5015 (type: networks) to 1
2026-07-16 15:35:15.140 7 INFO neutron.db.ovn_revision_numbers_db [None req-f94a5d4a-1eb5-44f4-a4ea-df251e2fdc77 - - - - - -] Successfully bumped revision number for resource 190796ca-f244-4247-b38f-51180eacef39 (type: ports) to 2
2026-07-16 15:35:15.267 8 WARNING neutron.scheduler.dhcp_agent_scheduler [None req-c4fc523f-853d-4ee0-9979-ed7250bcd583 93cbc77396e143e093f5c53d3560fdac 33ca2514476d480e95cc00b170cbcca6 - - default default] No more DHCP agents
2026-07-16 15:35:15.268 8 WARNING neutron.api.rpc.agentnotifiers.dhcp_rpc_agent_api [None req-c4fc523f-853d-4ee0-9979-ed7250bcd583 93cbc77396e143e093f5c53d3560fdac 33ca2514476d480e95cc00b170cbcca6 - - default default] Unable to schedule network 109a17ae-3acf-41ad-bf7a-341cad6b5015: no agents available; will retry on subsequent port and subnet creation events.
2026-07-16 15:35:15.379 8 INFO neutron.db.ovn_revision_numbers_db [None req-c4fc523f-853d-4ee0-9979-ed7250bcd583 93cbc77396e143e093f5c53d3560fdac 33ca2514476d480e95cc00b170cbcca6 - - default default] Successfully bumped revision number for resource 947c43fa-822b-421e-b97e-4e0ddc286417 (type: ports) to 1 [pid: 8|app: 0|req: 876/1787] 10.0.0.234 () {34 vars in 670 bytes} [Thu Jul 16 15:35:14 2026] POST /v2.0/networks => generated 669 bytes in 618 msecs (HTTP/1.1 201) 4 headers in 162 bytes (1 switches on core 0)
2026-07-16 15:35:15.524 7 WARNING neutron.scheduler.dhcp_agent_scheduler [None req-e5596da9-ff45-44bd-98da-67169334751c b94bb7a6876741f389fc57715b504617 27214ea2660f414eaac296b0a68dcb93 - - default default] No more DHCP agents
2026-07-16 15:35:15.526 7 WARNING neutron.api.rpc.agentnotifiers.dhcp_rpc_agent_api [None req-e5596da9-ff45-44bd-98da-67169334751c b94bb7a6876741f389fc57715b504617 27214ea2660f414eaac296b0a68dcb93 - - default default] Unable to schedule network 9bac61dc-0e96-48dc-ae87-24d2577cea4b: no agents available; will retry on subsequent port and subnet creation events.
2026-07-16 15:35:15.717 7 INFO neutron.db.ovn_revision_numbers_db [None req-e5596da9-ff45-44bd-98da-67169334751c b94bb7a6876741f389fc57715b504617 27214ea2660f414eaac296b0a68dcb93 - - default default] Successfully bumped revision number for resource bd40db88-8142-4064-906d-89fcd6f24f94 (type: ports) to 1 [pid: 7|app: 0|req: 912/1788] 10.0.0.234 () {34 vars in 665 bytes} [Thu Jul 16 15:35:14 2026] POST /v2.0/ports => generated 954 bytes in 835 msecs (HTTP/1.1 201) 4 headers in 162 bytes (1 switches on core 0) /var/lib/openstack/lib/python3.12/site-packages/pycadf/identifier.py:70: UserWarning: Invalid uuid: neutron. To ensure interoperability, identifiers should be a valid uuid. warnings.warn(('Invalid uuid: %s. To ensure interoperability, '
2026-07-16 15:35:15.801 8 INFO neutron_taas.services.taas.taas_plugin [None req-d0b9a754-5aff-442c-93d4-53f18f266209 589a3a0cbcba419398945199e4d94486 9ccd90d23d80408da420291e8925ff4e - - default default] TaaS: Handle Delete Port: a700fd72-e392-4e10-8bd2-14488ea6bbcc
2026-07-16 15:35:15.804 8 INFO neutron_taas.services.taas.tap_mirror_plugin [None req-d0b9a754-5aff-442c-93d4-53f18f266209 589a3a0cbcba419398945199e4d94486 9ccd90d23d80408da420291e8925ff4e - - default default] Tap Mirror: Handle Delete Port: a700fd72-e392-4e10-8bd2-14488ea6bbcc
2026-07-16 15:35:15.852 7 INFO neutron.db.segments_db [None req-6e6180dc-f606-4c0e-9ac2-663000f8ab8c 93cbc77396e143e093f5c53d3560fdac 33ca2514476d480e95cc00b170cbcca6 - - default default] Added segment 0010509a-4202-45ea-9640-c6bf60fb213f of type geneve for network 336226c2-c26a-4b48-9617-266264457e65
2026-07-16 15:35:15.973 7 INFO neutron.db.ovn_revision_numbers_db [None req-6e6180dc-f606-4c0e-9ac2-663000f8ab8c 93cbc77396e143e093f5c53d3560fdac 33ca2514476d480e95cc00b170cbcca6 - - default default] Successfully bumped revision number for resource 336226c2-c26a-4b48-9617-266264457e65 (type: networks) to 1
2026-07-16 15:35:16.192 7 WARNING neutron.scheduler.dhcp_agent_scheduler [None req-6e6180dc-f606-4c0e-9ac2-663000f8ab8c 93cbc77396e143e093f5c53d3560fdac 33ca2514476d480e95cc00b170cbcca6 - - default default] No more DHCP agents
2026-07-16 15:35:16.193 7 WARNING neutron.api.rpc.agentnotifiers.dhcp_rpc_agent_api [None req-6e6180dc-f606-4c0e-9ac2-663000f8ab8c 93cbc77396e143e093f5c53d3560fdac 33ca2514476d480e95cc00b170cbcca6 - - default default] Unable to schedule network 336226c2-c26a-4b48-9617-266264457e65: no agents available; will retry on subsequent port and subnet creation events.
2026-07-16 15:35:16.282 7 INFO neutron.db.ovn_revision_numbers_db [None req-6e6180dc-f606-4c0e-9ac2-663000f8ab8c 93cbc77396e143e093f5c53d3560fdac 33ca2514476d480e95cc00b170cbcca6 - - default default] Successfully bumped revision number for resource 4b9d208a-565b-4a7f-a6d9-5d3395cb3587 (type: ports) to 1 [pid: 7|app: 0|req: 913/1789] 10.0.0.234 () {34 vars in 670 bytes} [Thu Jul 16 15:35:15 2026] POST /v2.0/networks => generated 668 bytes in 559 msecs (HTTP/1.1 201) 4 headers in 162 bytes (1 switches on core 0) [pid: 8|app: 0|req: 877/1790] 10.0.0.234 () {32 vars in 724 bytes} [Thu Jul 16 15:35:15 2026] DELETE /v2.0/routers/cf727403-cf19-47e8-b238-39a9c96eed0b => generated 0 bytes in 919 msecs (HTTP/1.1 204) 2 headers in 112 bytes (1 switches on core 0)
2026-07-16 15:35:16.567 7 WARNING neutron.scheduler.dhcp_agent_scheduler [None req-020467d7-907b-473d-a876-801ad4f1a34f b94bb7a6876741f389fc57715b504617 27214ea2660f414eaac296b0a68dcb93 - - default default] No more DHCP agents
2026-07-16 15:35:16.568 7 WARNING neutron.api.rpc.agentnotifiers.dhcp_rpc_agent_api [None req-020467d7-907b-473d-a876-801ad4f1a34f b94bb7a6876741f389fc57715b504617 27214ea2660f414eaac296b0a68dcb93 - - default default] Unable to schedule network 9bac61dc-0e96-48dc-ae87-24d2577cea4b: no agents available; will retry on subsequent port and subnet creation events.
2026-07-16 15:35:16.717 7 INFO neutron.db.ovn_revision_numbers_db [None req-020467d7-907b-473d-a876-801ad4f1a34f b94bb7a6876741f389fc57715b504617 27214ea2660f414eaac296b0a68dcb93 - - default default] Successfully bumped revision number for resource 9a56f3b2-3265-4b33-a322-eacb32fdb84a (type: ports) to 1
2026-07-16 15:35:16.729 8 WARNING neutron.scheduler.dhcp_agent_scheduler [None req-a0779127-1e32-4553-a670-ff1e2a8ddea5 93cbc77396e143e093f5c53d3560fdac 33ca2514476d480e95cc00b170cbcca6 - - default default] No more DHCP agents
2026-07-16 15:35:16.730 8 WARNING neutron.api.rpc.agentnotifiers.dhcp_rpc_agent_api [None req-a0779127-1e32-4553-a670-ff1e2a8ddea5 93cbc77396e143e093f5c53d3560fdac 33ca2514476d480e95cc00b170cbcca6 - - default default] Unable to schedule network 109a17ae-3acf-41ad-bf7a-341cad6b5015: no agents available; will retry on subsequent port and subnet creation events. [pid: 7|app: 0|req: 914/1791] 10.0.0.234 () {34 vars in 665 bytes} [Thu Jul 16 15:35:16 2026] POST /v2.0/ports => generated 955 bytes in 497 msecs (HTTP/1.1 201) 4 headers in 162 bytes (1 switches on core 0) /var/lib/openstack/lib/python3.12/site-packages/pycadf/identifier.py:70: UserWarning: Invalid uuid: neutron. To ensure interoperability, identifiers should be a valid uuid. warnings.warn(('Invalid uuid: %s. To ensure interoperability, '
2026-07-16 15:35:16.817 8 INFO neutron.db.ovn_revision_numbers_db [None req-a0779127-1e32-4553-a670-ff1e2a8ddea5 93cbc77396e143e093f5c53d3560fdac 33ca2514476d480e95cc00b170cbcca6 - - default default] Successfully bumped revision number for resource 97d52428-e7fa-4a15-accc-e5dbbacc201e (type: ports) to 1
2026-07-16 15:35:16.875 8 WARNING neutron.scheduler.dhcp_agent_scheduler [None req-a0779127-1e32-4553-a670-ff1e2a8ddea5 93cbc77396e143e093f5c53d3560fdac 33ca2514476d480e95cc00b170cbcca6 - - default default] No more DHCP agents
2026-07-16 15:35:16.876 8 WARNING neutron.api.rpc.agentnotifiers.dhcp_rpc_agent_api [None req-a0779127-1e32-4553-a670-ff1e2a8ddea5 93cbc77396e143e093f5c53d3560fdac 33ca2514476d480e95cc00b170cbcca6 - - default default] Unable to schedule network 336226c2-c26a-4b48-9617-266264457e65: no agents available; will retry on subsequent port and subnet creation events.
2026-07-16 15:35:16.966 8 INFO neutron.db.ovn_revision_numbers_db [None req-a0779127-1e32-4553-a670-ff1e2a8ddea5 93cbc77396e143e093f5c53d3560fdac 33ca2514476d480e95cc00b170cbcca6 - - default default] Successfully bumped revision number for resource 8616cfad-e39e-4cec-a896-16cec8288f32 (type: ports) to 1 [pid: 7|app: 0|req: 915/1792] 10.0.0.234 () {32 vars in 724 bytes} [Thu Jul 16 15:35:16 2026] DELETE /v2.0/subnets/96576866-211d-4584-a246-e741c9c394be => generated 0 bytes in 192 msecs (HTTP/1.1 204) 3 headers in 131 bytes (1 switches on core 0)
2026-07-16 15:35:17.015 8 WARNING neutron.plugins.ml2.drivers.ovn.mech_driver.ovsdb.ovn_client [None req-59ee1da0-05c0-4556-8939-e0976ddc563d - - - - - -] No hosting information found for port eb8e9d70-2685-431b-85b7-0c03a290810c: RuntimeError: No hosting information found for port eb8e9d70-2685-431b-85b7-0c03a290810c
2026-07-16 15:35:17.018 8 INFO neutron.plugins.ml2.drivers.ovn.mech_driver.mech_driver [None req-59ee1da0-05c0-4556-8939-e0976ddc563d - - - - - -] OVN reports status down for port: 947c43fa-822b-421e-b97e-4e0ddc286417 [pid: 8|app: 0|req: 878/1793] 10.0.0.234 () {34 vars in 665 bytes} [Thu Jul 16 15:35:16 2026] POST /v2.0/ports => generated 1506 bytes in 788 msecs (HTTP/1.1 201) 4 headers in 163 bytes (1 switches on core 0) /var/lib/openstack/lib/python3.12/site-packages/pycadf/identifier.py:70: UserWarning: Invalid uuid: neutron. To ensure interoperability, identifiers should be a valid uuid. warnings.warn(('Invalid uuid: %s. To ensure interoperability, '
2026-07-16 15:35:17.134 8 INFO neutron.plugins.ml2.drivers.ovn.mech_driver.mech_driver [None req-59ee1da0-05c0-4556-8939-e0976ddc563d - - - - - -] OVN reports status down for port: bd40db88-8142-4064-906d-89fcd6f24f94
2026-07-16 15:35:17.251 8 INFO neutron.plugins.ml2.drivers.ovn.mech_driver.mech_driver [None req-59ee1da0-05c0-4556-8939-e0976ddc563d - - - - - -] OVN reports status down for port: 9a56f3b2-3265-4b33-a322-eacb32fdb84a
2026-07-16 15:35:17.322 7 INFO neutron.db.ovn_revision_numbers_db [None req-d592f9b3-59eb-43db-b3df-a292c7f55c0e 3d1bd9cba66f4d868cecb0f36294e3b9 8b7123abb4434548a989daf599ffc275 - - default default] Successfully bumped revision number for resource 3874e71d-ad34-4010-80c1-037eae1cb9b1 (type: security_groups) to 1
2026-07-16 15:35:17.336 7 INFO neutron.db.ovn_revision_numbers_db [None req-d592f9b3-59eb-43db-b3df-a292c7f55c0e 3d1bd9cba66f4d868cecb0f36294e3b9 8b7123abb4434548a989daf599ffc275 - - default default] Successfully bumped revision number for resource 19135da7-e4e1-40be-b894-a66281b20cf6 (type: security_group_rules) to 0
2026-07-16 15:35:17.348 7 INFO neutron.db.ovn_revision_numbers_db [None req-d592f9b3-59eb-43db-b3df-a292c7f55c0e 3d1bd9cba66f4d868cecb0f36294e3b9 8b7123abb4434548a989daf599ffc275 - - default default] Successfully bumped revision number for resource 87888898-2b1c-4430-853c-5766fb19a018 (type: security_group_rules) to 0
2026-07-16 15:35:17.363 7 INFO neutron.db.ovn_revision_numbers_db [None req-d592f9b3-59eb-43db-b3df-a292c7f55c0e 3d1bd9cba66f4d868cecb0f36294e3b9 8b7123abb4434548a989daf599ffc275 - - default default] Successfully bumped revision number for resource f45975f9-ddbb-4017-8ecb-37e6cb6c70df (type: security_group_rules) to 0
2026-07-16 15:35:17.375 7 INFO neutron.db.ovn_revision_numbers_db [None req-d592f9b3-59eb-43db-b3df-a292c7f55c0e 3d1bd9cba66f4d868cecb0f36294e3b9 8b7123abb4434548a989daf599ffc275 - - default default] Successfully bumped revision number for resource fb6032f3-4fbc-4025-9228-50004ead0052 (type: security_group_rules) to 0
2026-07-16 15:35:17.470 8 WARNING neutron.scheduler.dhcp_agent_scheduler [None req-6bfaa962-6276-4121-b016-c4224a8d78d0 b94bb7a6876741f389fc57715b504617 27214ea2660f414eaac296b0a68dcb93 - - default default] No more DHCP agents
2026-07-16 15:35:17.471 8 WARNING neutron.api.rpc.agentnotifiers.dhcp_rpc_agent_api [None req-6bfaa962-6276-4121-b016-c4224a8d78d0 b94bb7a6876741f389fc57715b504617 27214ea2660f414eaac296b0a68dcb93 - - default default] Unable to schedule network 5b87638d-44e6-40a8-b34e-97e73b77d4b6: no agents available; will retry on subsequent port and subnet creation events.
2026-07-16 15:35:17.507 7 INFO neutron.db.ovn_revision_numbers_db [None req-d592f9b3-59eb-43db-b3df-a292c7f55c0e 3d1bd9cba66f4d868cecb0f36294e3b9 8b7123abb4434548a989daf599ffc275 - - default default] Successfully bumped revision number for resource d1b03c30-0505-4d3d-aea5-1696057a727a (type: security_groups) to 1
2026-07-16 15:35:17.523 7 INFO neutron.db.ovn_revision_numbers_db [None req-d592f9b3-59eb-43db-b3df-a292c7f55c0e 3d1bd9cba66f4d868cecb0f36294e3b9 8b7123abb4434548a989daf599ffc275 - - default default] Successfully bumped revision number for resource 340bb165-2488-4189-b689-b037d4e1aa62 (type: security_group_rules) to 0
2026-07-16 15:35:17.534 7 INFO neutron.db.ovn_revision_numbers_db [None req-d592f9b3-59eb-43db-b3df-a292c7f55c0e 3d1bd9cba66f4d868cecb0f36294e3b9 8b7123abb4434548a989daf599ffc275 - - default default] Successfully bumped revision number for resource 6129d1d0-dcbc-422d-97d2-fd68bc5f2cb4 (type: security_group_rules) to 0 [pid: 7|app: 0|req: 916/1794] 10.0.0.234 () {34 vars in 684 bytes} [Thu Jul 16 15:35:16 2026] POST /v2.0/security-groups => generated 1624 bytes in 577 msecs (HTTP/1.1 201) 4 headers in 163 bytes (1 switches on core 0)
2026-07-16 15:35:17.691 7 INFO neutron_taas.services.taas.taas_plugin [None req-d5c342b7-97a3-49b5-b223-59a1bfa96661 589a3a0cbcba419398945199e4d94486 9ccd90d23d80408da420291e8925ff4e - - default default] TaaS: Handle Delete Port: 96dbd9d4-4ebb-4e9d-bda2-35362bbc73be
2026-07-16 15:35:17.695 7 INFO neutron_taas.services.taas.tap_mirror_plugin [None req-d5c342b7-97a3-49b5-b223-59a1bfa96661 589a3a0cbcba419398945199e4d94486 9ccd90d23d80408da420291e8925ff4e - - default default] Tap Mirror: Handle Delete Port: 96dbd9d4-4ebb-4e9d-bda2-35362bbc73be
2026-07-16 15:35:17.891 7 INFO neutron.services.segments.plugin [-] Segment f86f0ff2-d27f-4de3-a72f-94df98368f65 resource provider aggregate not found
2026-07-16 15:35:17.897 7 INFO neutron.services.segments.plugin [-] Segment f86f0ff2-d27f-4de3-a72f-94df98368f65 resource provider aggregate not found
2026-07-16 15:35:17.916 7 INFO neutron.services.segments.plugin [-] Segment f86f0ff2-d27f-4de3-a72f-94df98368f65 resource provider not found; error: Placement Client Error (4xx): {"errors": [{"status": 404, "title": "Not Found", "detail": "The resource could not be found.\n\n No resource provider with uuid f86f0ff2-d27f-4de3-a72f-94df98368f65 found for delete ", "request_id": "req-a62823b6-2cab-4196-ba82-70c6843001d6"}]}
2026-07-16 15:35:17.921 7 INFO neutron.services.segments.plugin [-] Segment f86f0ff2-d27f-4de3-a72f-94df98368f65 resource provider not found; error: Placement Client Error (4xx): {"errors": [{"status": 404, "title": "Not Found", "detail": "The resource could not be found.\n\n No resource provider with uuid f86f0ff2-d27f-4de3-a72f-94df98368f65 found for delete ", "request_id": "req-3cd0a36f-b81d-4122-8eda-51cf2ecc4545"}]} [pid: 7|app: 0|req: 917/1795] 10.0.0.234 () {32 vars in 726 bytes} [Thu Jul 16 15:35:17 2026] DELETE /v2.0/networks/2fc45fa4-4ff3-44c4-a3b0-81ce4d8f4428 => generated 0 bytes in 365 msecs (HTTP/1.1 204) 3 headers in 131 bytes (1 switches on core 0) [pid: 7|app: 0|req: 920/1798] 10.0.0.234 () {32 vars in 643 bytes} [Thu Jul 16 15:35:17 2026] GET /v2.0/ports => generated 3018 bytes in 103 msecs (HTTP/1.1 200) 4 headers in 158 bytes (1 switches on core 0) [pid: 7|app: 0|req: 921/1799] 10.0.0.234 () {32 vars in 663 bytes} [Thu Jul 16 15:35:18 2026] GET /v2.0/security-groups => generated 4529 bytes in 35 msecs (HTTP/1.1 200) 4 headers in 158 bytes (1 switches on core 0)
2026-07-16 15:35:18.374 8 INFO neutron.db.ovn_revision_numbers_db [None req-6bfaa962-6276-4121-b016-c4224a8d78d0 b94bb7a6876741f389fc57715b504617 27214ea2660f414eaac296b0a68dcb93 - - default default] Successfully bumped revision number for resource eb0b56b9-b15b-413f-8c46-05dbd1ec9862 (type: floatingips) to 1
2026-07-16 15:35:18.374 8 INFO neutron.db.l3_db [None req-6bfaa962-6276-4121-b016-c4224a8d78d0 b94bb7a6876741f389fc57715b504617 27214ea2660f414eaac296b0a68dcb93 - - default default] Floating IP eb0b56b9-b15b-413f-8c46-05dbd1ec9862 associated. External IP: 10.96.250.209, port: 9a56f3b2-3265-4b33-a322-eacb32fdb84a.
2026-07-16 15:35:18.424 7 INFO neutron_taas.services.taas.taas_plugin [None req-d300756b-3df1-492a-9294-4c20db1ebad3 589a3a0cbcba419398945199e4d94486 9ccd90d23d80408da420291e8925ff4e - - default default] TaaS: Handle Delete Port: 1b3053a6-9958-42ff-a5cc-55553d03614a [pid: 8|app: 0|req: 879/1800] 10.0.0.234 () {34 vars in 677 bytes} [Thu Jul 16 15:35:17 2026] POST /v2.0/floatingips => generated 842 bytes in 1298 msecs (HTTP/1.1 201) 4 headers in 162 bytes (1 switches on core 0)
2026-07-16 15:35:18.427 7 INFO neutron_taas.services.taas.tap_mirror_plugin [None req-d300756b-3df1-492a-9294-4c20db1ebad3 589a3a0cbcba419398945199e4d94486 9ccd90d23d80408da420291e8925ff4e - - default default] Tap Mirror: Handle Delete Port: 1b3053a6-9958-42ff-a5cc-55553d03614a /var/lib/openstack/lib/python3.12/site-packages/pycadf/identifier.py:70: UserWarning: Invalid uuid: neutron. To ensure interoperability, identifiers should be a valid uuid. warnings.warn(('Invalid uuid: %s. To ensure interoperability, '
2026-07-16 15:35:18.561 8 INFO neutron_taas.services.taas.taas_plugin [None req-4a9ccb7d-7d88-4365-a4c3-ba01259aa833 93cbc77396e143e093f5c53d3560fdac 33ca2514476d480e95cc00b170cbcca6 - - default default] TaaS: Handle Delete Port: 97d52428-e7fa-4a15-accc-e5dbbacc201e
2026-07-16 15:35:18.564 8 INFO neutron_taas.services.taas.tap_mirror_plugin [None req-4a9ccb7d-7d88-4365-a4c3-ba01259aa833 93cbc77396e143e093f5c53d3560fdac 33ca2514476d480e95cc00b170cbcca6 - - default default] Tap Mirror: Handle Delete Port: 97d52428-e7fa-4a15-accc-e5dbbacc201e [pid: 8|app: 0|req: 880/1801] 10.0.0.234 () {32 vars in 720 bytes} [Thu Jul 16 15:35:18 2026] DELETE /v2.0/ports/97d52428-e7fa-4a15-accc-e5dbbacc201e => generated 0 bytes in 362 msecs (HTTP/1.1 204) 3 headers in 131 bytes (1 switches on core 0)
2026-07-16 15:35:18.918 8 INFO neutron.db.ovn_revision_numbers_db [None req-a6ec26f1-a7c1-4025-b053-d0b53f30e339 3d1bd9cba66f4d868cecb0f36294e3b9 8b7123abb4434548a989daf599ffc275 - - default default] Successfully bumped revision number for resource d1b03c30-0505-4d3d-aea5-1696057a727a (type: security_groups) to 2 [pid: 8|app: 0|req: 881/1802] 10.0.0.234 () {34 vars in 758 bytes} [Thu Jul 16 15:35:18 2026] PUT /v2.0/security-groups/d1b03c30-0505-4d3d-aea5-1696057a727a => generated 1663 bytes in 163 msecs (HTTP/1.1 200) 4 headers in 158 bytes (1 switches on core 0)
2026-07-16 15:35:19.226 8 INFO neutron.db.ovn_revision_numbers_db [None req-c4452e8f-f430-4e02-b646-4eabf3313bcd b94bb7a6876741f389fc57715b504617 27214ea2660f414eaac296b0a68dcb93 - - default default] Successfully bumped revision number for resource eb0b56b9-b15b-413f-8c46-05dbd1ec9862 (type: floatingips) to 2 [pid: 7|app: 0|req: 922/1803] 10.0.0.234 () {34 vars in 789 bytes} [Thu Jul 16 15:35:18 2026] PUT /v2.0/routers/35a343c7-7b67-434f-ad13-5ecd1028e7f4/remove_router_interface => generated 309 bytes in 1232 msecs (HTTP/1.1 200) 4 headers in 157 bytes (1 switches on core 0) /var/lib/openstack/lib/python3.12/site-packages/pycadf/identifier.py:70: UserWarning: Invalid uuid: neutron. To ensure interoperability, identifiers should be a valid uuid. warnings.warn(('Invalid uuid: %s. To ensure interoperability, '
2026-07-16 15:35:19.322 8 INFO neutron.db.l3_db [None req-c4452e8f-f430-4e02-b646-4eabf3313bcd b94bb7a6876741f389fc57715b504617 27214ea2660f414eaac296b0a68dcb93 - - default default] Floating IP eb0b56b9-b15b-413f-8c46-05dbd1ec9862 disassociated. External IP: 10.96.250.209, port: 9a56f3b2-3265-4b33-a322-eacb32fdb84a. [pid: 8|app: 0|req: 882/1804] 10.0.0.234 () {34 vars in 749 bytes} [Thu Jul 16 15:35:18 2026] PUT /v2.0/floatingips/eb0b56b9-b15b-413f-8c46-05dbd1ec9862 => generated 554 bytes in 408 msecs (HTTP/1.1 200) 4 headers in 157 bytes (1 switches on core 0) /var/lib/openstack/lib/python3.12/site-packages/pycadf/identifier.py:70: UserWarning: Invalid uuid: neutron. To ensure interoperability, identifiers should be a valid uuid. warnings.warn(('Invalid uuid: %s. To ensure interoperability, ' [pid: 8|app: 0|req: 883/1805] 10.0.0.234 () {32 vars in 737 bytes} [Thu Jul 16 15:35:19 2026] GET /v2.0/security-groups/d1b03c30-0505-4d3d-aea5-1696057a727a => generated 1663 bytes in 24 msecs (HTTP/1.1 200) 4 headers in 158 bytes (1 switches on core 0)
2026-07-16 15:35:19.441 7 INFO neutron_taas.services.taas.taas_plugin [None req-13bed8aa-c1ce-475a-8d50-0c682021089c 93cbc77396e143e093f5c53d3560fdac 33ca2514476d480e95cc00b170cbcca6 - - default default] TaaS: Handle Delete Port: 8616cfad-e39e-4cec-a896-16cec8288f32
2026-07-16 15:35:19.445 7 INFO neutron_taas.services.taas.tap_mirror_plugin [None req-13bed8aa-c1ce-475a-8d50-0c682021089c 93cbc77396e143e093f5c53d3560fdac 33ca2514476d480e95cc00b170cbcca6 - - default default] Tap Mirror: Handle Delete Port: 8616cfad-e39e-4cec-a896-16cec8288f32 [pid: 7|app: 0|req: 923/1806] 10.0.0.234 () {32 vars in 720 bytes} [Thu Jul 16 15:35:19 2026] DELETE /v2.0/ports/8616cfad-e39e-4cec-a896-16cec8288f32 => generated 0 bytes in 318 msecs (HTTP/1.1 204) 3 headers in 131 bytes (1 switches on core 0)
2026-07-16 15:35:19.753 8 INFO neutron_taas.services.taas.taas_plugin [None req-eecb5c94-eade-448b-a604-9697b03a22e3 589a3a0cbcba419398945199e4d94486 9ccd90d23d80408da420291e8925ff4e - - default default] TaaS: Handle Delete Port: f4585082-7dc5-40fe-9fe6-719e8b03d70e
2026-07-16 15:35:19.756 8 INFO neutron_taas.services.taas.tap_mirror_plugin [None req-eecb5c94-eade-448b-a604-9697b03a22e3 589a3a0cbcba419398945199e4d94486 9ccd90d23d80408da420291e8925ff4e - - default default] Tap Mirror: Handle Delete Port: f4585082-7dc5-40fe-9fe6-719e8b03d70e
2026-07-16 15:35:19.770 7 INFO neutron_taas.services.taas.taas_plugin [None req-e490a349-47c4-45bf-a9cd-8db163fdc2d0 b94bb7a6876741f389fc57715b504617 27214ea2660f414eaac296b0a68dcb93 - - default default] TaaS: Handle Delete Port: ee5b0b06-ed77-4b22-b9d4-16e6b0fa7eba
2026-07-16 15:35:19.774 7 INFO neutron_taas.services.taas.tap_mirror_plugin [None req-e490a349-47c4-45bf-a9cd-8db163fdc2d0 b94bb7a6876741f389fc57715b504617 27214ea2660f414eaac296b0a68dcb93 - - default default] Tap Mirror: Handle Delete Port: ee5b0b06-ed77-4b22-b9d4-16e6b0fa7eba [pid: 7|app: 0|req: 924/1807] 10.0.0.234 () {32 vars in 732 bytes} [Thu Jul 16 15:35:19 2026] DELETE /v2.0/floatingips/eb0b56b9-b15b-413f-8c46-05dbd1ec9862 => generated 0 bytes in 321 msecs (HTTP/1.1 204) 2 headers in 112 bytes (1 switches on core 0) [pid: 7|app: 0|req: 925/1808] 10.0.0.234 () {32 vars in 740 bytes} [Thu Jul 16 15:35:19 2026] DELETE /v2.0/security-groups/d1b03c30-0505-4d3d-aea5-1696057a727a => generated 0 bytes in 190 msecs (HTTP/1.1 204) 2 headers in 112 bytes (1 switches on core 0) [pid: 7|app: 0|req: 926/1809] 10.0.0.234 () {32 vars in 643 bytes} [Thu Jul 16 15:35:20 2026] GET /v2.0/ports => generated 1523 bytes in 44 msecs (HTTP/1.1 200) 4 headers in 158 bytes (1 switches on core 0) [pid: 8|app: 0|req: 884/1810] 10.0.0.234 () {32 vars in 724 bytes} [Thu Jul 16 15:35:19 2026] DELETE /v2.0/routers/35a343c7-7b67-434f-ad13-5ecd1028e7f4 => generated 0 bytes in 869 msecs (HTTP/1.1 204) 2 headers in 112 bytes (1 switches on core 0) [pid: 8|app: 0|req: 885/1811] 10.0.0.234 () {32 vars in 663 bytes} [Thu Jul 16 15:35:20 2026] GET /v2.0/security-groups => generated 2925 bytes in 26 msecs (HTTP/1.1 200) 4 headers in 158 bytes (1 switches on core 0)
2026-07-16 15:35:20.371 8 INFO neutron.db.segments_db [None req-b70197f4-0929-431c-9ecb-fc723a0c7ce5 93cbc77396e143e093f5c53d3560fdac 33ca2514476d480e95cc00b170cbcca6 - - default default] Added segment 701cf0dc-291c-49e4-b96d-0ac93fef82a0 of type geneve for network c9b7932d-e477-47a5-a455-8bf6fb8cab73
2026-07-16 15:35:20.451 7 WARNING neutron.scheduler.dhcp_agent_scheduler [None req-82dd0f16-7e0f-4a96-8a02-9a1a5f3dba30 b94bb7a6876741f389fc57715b504617 27214ea2660f414eaac296b0a68dcb93 - - default default] No more DHCP agents
2026-07-16 15:35:20.453 7 WARNING neutron.api.rpc.agentnotifiers.dhcp_rpc_agent_api [None req-82dd0f16-7e0f-4a96-8a02-9a1a5f3dba30 b94bb7a6876741f389fc57715b504617 27214ea2660f414eaac296b0a68dcb93 - - default default] Unable to schedule network 5b87638d-44e6-40a8-b34e-97e73b77d4b6: no agents available; will retry on subsequent port and subnet creation events.
2026-07-16 15:35:20.503 8 INFO neutron.db.ovn_revision_numbers_db [None req-b70197f4-0929-431c-9ecb-fc723a0c7ce5 93cbc77396e143e093f5c53d3560fdac 33ca2514476d480e95cc00b170cbcca6 - - default default] Successfully bumped revision number for resource c9b7932d-e477-47a5-a455-8bf6fb8cab73 (type: networks) to 1
2026-07-16 15:35:20.667 8 WARNING neutron.scheduler.dhcp_agent_scheduler [None req-b70197f4-0929-431c-9ecb-fc723a0c7ce5 93cbc77396e143e093f5c53d3560fdac 33ca2514476d480e95cc00b170cbcca6 - - default default] No more DHCP agents
2026-07-16 15:35:20.668 8 WARNING neutron.api.rpc.agentnotifiers.dhcp_rpc_agent_api [None req-b70197f4-0929-431c-9ecb-fc723a0c7ce5 93cbc77396e143e093f5c53d3560fdac 33ca2514476d480e95cc00b170cbcca6 - - default default] Unable to schedule network c9b7932d-e477-47a5-a455-8bf6fb8cab73: no agents available; will retry on subsequent port and subnet creation events.
2026-07-16 15:35:20.726 8 INFO neutron.plugins.ml2.drivers.ovn.mech_driver.mech_driver [None req-59ee1da0-05c0-4556-8939-e0976ddc563d - - - - - -] OVN reports status down for port: 160358ab-5e3e-4d2f-9305-85b015e071cf
2026-07-16 15:35:20.787 8 INFO neutron.db.ovn_revision_numbers_db [None req-b70197f4-0929-431c-9ecb-fc723a0c7ce5 93cbc77396e143e093f5c53d3560fdac 33ca2514476d480e95cc00b170cbcca6 - - default default] Successfully bumped revision number for resource 160358ab-5e3e-4d2f-9305-85b015e071cf (type: ports) to 1 [pid: 8|app: 0|req: 886/1812] 10.0.0.234 () {34 vars in 670 bytes} [Thu Jul 16 15:35:20 2026] POST /v2.0/networks => generated 668 bytes in 558 msecs (HTTP/1.1 201) 4 headers in 162 bytes (1 switches on core 0) [pid: 8|app: 0|req: 887/1813] 10.0.0.234 () {32 vars in 724 bytes} [Thu Jul 16 15:35:20 2026] DELETE /v2.0/subnets/6ee60969-33bf-4262-a829-d0d98d3d421b => generated 0 bytes in 208 msecs (HTTP/1.1 204) 3 headers in 131 bytes (1 switches on core 0)
2026-07-16 15:35:21.063 8 INFO neutron.api.v2.resource [None req-845ffb03-bd4a-4b16-9c3d-e3b7235b91e2 3d1bd9cba66f4d868cecb0f36294e3b9 8b7123abb4434548a989daf599ffc275 - - default default] delete failed (client error): The resource could not be found. [pid: 8|app: 0|req: 888/1814] 10.0.0.234 () {32 vars in 740 bytes} [Thu Jul 16 15:35:21 2026] DELETE /v2.0/security-groups/d1b03c30-0505-4d3d-aea5-1696057a727a => generated 146 bytes in 15 msecs (HTTP/1.1 404) 4 headers in 164 bytes (1 switches on core 0)
2026-07-16 15:35:21.122 7 WARNING neutron.plugins.ml2.drivers.ovn.mech_driver.ovsdb.ovn_client [None req-4d543d0c-4f0d-4b33-984d-180874c4c2aa - - - - - -] No hosting information found for port 190796ca-f244-4247-b38f-51180eacef39: RuntimeError: No hosting information found for port 190796ca-f244-4247-b38f-51180eacef39
2026-07-16 15:35:21.162 8 INFO neutron.db.segments_db [None req-9c80fb0c-78d1-427f-9076-ae62d86f8740 93cbc77396e143e093f5c53d3560fdac 33ca2514476d480e95cc00b170cbcca6 - - default default] Added segment 17c10385-bc47-4097-acad-fb9ecd2fb92a of type geneve for network 1803edff-48f0-476f-af04-8d569d40abd0
2026-07-16 15:35:21.317 8 INFO neutron.db.ovn_revision_numbers_db [None req-9c80fb0c-78d1-427f-9076-ae62d86f8740 93cbc77396e143e093f5c53d3560fdac 33ca2514476d480e95cc00b170cbcca6 - - default default] Successfully bumped revision number for resource 1803edff-48f0-476f-af04-8d569d40abd0 (type: networks) to 1
2026-07-16 15:35:21.320 7 INFO neutron.db.ovn_revision_numbers_db [None req-4d543d0c-4f0d-4b33-984d-180874c4c2aa - - - - - -] Successfully bumped revision number for resource 190796ca-f244-4247-b38f-51180eacef39 (type: router_ports) to 2
2026-07-16 15:35:21.438 7 INFO neutron.plugins.ml2.drivers.ovn.mech_driver.mech_driver [None req-4d543d0c-4f0d-4b33-984d-180874c4c2aa - - - - - -] OVN reports status down for port: 4b9d208a-565b-4a7f-a6d9-5d3395cb3587
2026-07-16 15:35:21.524 8 WARNING neutron.scheduler.dhcp_agent_scheduler [None req-9c80fb0c-78d1-427f-9076-ae62d86f8740 93cbc77396e143e093f5c53d3560fdac 33ca2514476d480e95cc00b170cbcca6 - - default default] No more DHCP agents
2026-07-16 15:35:21.526 8 WARNING neutron.api.rpc.agentnotifiers.dhcp_rpc_agent_api [None req-9c80fb0c-78d1-427f-9076-ae62d86f8740 93cbc77396e143e093f5c53d3560fdac 33ca2514476d480e95cc00b170cbcca6 - - default default] Unable to schedule network 1803edff-48f0-476f-af04-8d569d40abd0: no agents available; will retry on subsequent port and subnet creation events.
2026-07-16 15:35:21.584 7 INFO neutron.plugins.ml2.drivers.ovn.mech_driver.mech_driver [None req-4d543d0c-4f0d-4b33-984d-180874c4c2aa - - - - - -] OVN reports status down for port: 97d52428-e7fa-4a15-accc-e5dbbacc201e
2026-07-16 15:35:21.596 7 INFO neutron.plugins.ml2.drivers.ovn.mech_driver.mech_driver [None req-4d543d0c-4f0d-4b33-984d-180874c4c2aa - - - - - -] OVN reports status down for port: 8616cfad-e39e-4cec-a896-16cec8288f32
2026-07-16 15:35:21.600 8 INFO neutron.plugins.ml2.drivers.ovn.mech_driver.mech_driver [None req-59ee1da0-05c0-4556-8939-e0976ddc563d - - - - - -] OVN reports status down for port: 8757a458-a478-4f94-b705-a28d46f1ab25
2026-07-16 15:35:21.606 7 INFO neutron.db.ovn_revision_numbers_db [None req-82dd0f16-7e0f-4a96-8a02-9a1a5f3dba30 b94bb7a6876741f389fc57715b504617 27214ea2660f414eaac296b0a68dcb93 - - default default] Successfully bumped revision number for resource de5fdda3-09de-447c-b8b4-ff0944d75e00 (type: floatingips) to 1
2026-07-16 15:35:21.606 7 INFO neutron.db.l3_db [None req-82dd0f16-7e0f-4a96-8a02-9a1a5f3dba30 b94bb7a6876741f389fc57715b504617 27214ea2660f414eaac296b0a68dcb93 - - default default] Floating IP de5fdda3-09de-447c-b8b4-ff0944d75e00 associated. External IP: 10.96.250.211, port: bd40db88-8142-4064-906d-89fcd6f24f94.
2026-07-16 15:35:21.685 8 INFO neutron.db.ovn_revision_numbers_db [None req-9c80fb0c-78d1-427f-9076-ae62d86f8740 93cbc77396e143e093f5c53d3560fdac 33ca2514476d480e95cc00b170cbcca6 - - default default] Successfully bumped revision number for resource 8757a458-a478-4f94-b705-a28d46f1ab25 (type: ports) to 1 [pid: 7|app: 0|req: 927/1815] 10.0.0.234 () {34 vars in 677 bytes} [Thu Jul 16 15:35:20 2026] POST /v2.0/floatingips => generated 841 bytes in 1506 msecs (HTTP/1.1 201) 4 headers in 162 bytes (1 switches on core 0) /var/lib/openstack/lib/python3.12/site-packages/pycadf/identifier.py:70: UserWarning: Invalid uuid: neutron. To ensure interoperability, identifiers should be a valid uuid. warnings.warn(('Invalid uuid: %s. To ensure interoperability, ' [pid: 8|app: 0|req: 889/1816] 10.0.0.234 () {34 vars in 670 bytes} [Thu Jul 16 15:35:21 2026] POST /v2.0/networks => generated 668 bytes in 755 msecs (HTTP/1.1 201) 4 headers in 162 bytes (1 switches on core 0)
2026-07-16 15:35:21.847 7 INFO neutron_taas.services.taas.taas_plugin [None req-9241f2cf-cd44-4e23-83de-649fd2f39034 589a3a0cbcba419398945199e4d94486 9ccd90d23d80408da420291e8925ff4e - - default default] TaaS: Handle Delete Port: 8a094d7e-fa06-4b87-9188-5e9422f67221
2026-07-16 15:35:21.850 7 INFO neutron_taas.services.taas.tap_mirror_plugin [None req-9241f2cf-cd44-4e23-83de-649fd2f39034 589a3a0cbcba419398945199e4d94486 9ccd90d23d80408da420291e8925ff4e - - default default] Tap Mirror: Handle Delete Port: 8a094d7e-fa06-4b87-9188-5e9422f67221
2026-07-16 15:35:22.064 8 INFO neutron.db.ovn_revision_numbers_db [None req-94c7eb80-3f0b-49cc-a9d3-d89d099ef45b 3d1bd9cba66f4d868cecb0f36294e3b9 8b7123abb4434548a989daf599ffc275 - - default default] Successfully bumped revision number for resource cfba580f-9525-472b-a926-84cc3b51404b (type: security_groups) to 1
2026-07-16 15:35:22.159 8 INFO neutron.db.ovn_revision_numbers_db [None req-94c7eb80-3f0b-49cc-a9d3-d89d099ef45b 3d1bd9cba66f4d868cecb0f36294e3b9 8b7123abb4434548a989daf599ffc275 - - default default] Successfully bumped revision number for resource 7c003804-0e0e-4804-a724-eca916de7018 (type: security_group_rules) to 0
2026-07-16 15:35:22.205 8 INFO neutron.db.ovn_revision_numbers_db [None req-94c7eb80-3f0b-49cc-a9d3-d89d099ef45b 3d1bd9cba66f4d868cecb0f36294e3b9 8b7123abb4434548a989daf599ffc275 - - default default] Successfully bumped revision number for resource d91a8d28-450c-4312-a62a-856187e5a3ba (type: security_group_rules) to 0
2026-07-16 15:35:22.230 7 INFO neutron.services.segments.plugin [-] Segment 19179181-ba51-49d5-b1fd-9f302e01e143 resource provider aggregate not found
2026-07-16 15:35:22.237 7 INFO neutron.services.segments.plugin [-] Segment 19179181-ba51-49d5-b1fd-9f302e01e143 resource provider aggregate not found [pid: 8|app: 0|req: 890/1817] 10.0.0.234 () {34 vars in 684 bytes} [Thu Jul 16 15:35:21 2026] POST /v2.0/security-groups => generated 1624 bytes in 430 msecs (HTTP/1.1 201) 4 headers in 163 bytes (1 switches on core 0)
2026-07-16 15:35:22.259 7 INFO neutron.services.segments.plugin [-] Segment 19179181-ba51-49d5-b1fd-9f302e01e143 resource provider not found; error: Placement Client Error (4xx): {"errors": [{"status": 404, "title": "Not Found", "detail": "The resource could not be found.\n\n No resource provider with uuid 19179181-ba51-49d5-b1fd-9f302e01e143 found for delete ", "request_id": "req-44d00040-33a1-4681-b479-56d371b80934"}]}
2026-07-16 15:35:22.276 7 INFO neutron.services.segments.plugin [-] Segment 19179181-ba51-49d5-b1fd-9f302e01e143 resource provider not found; error: Placement Client Error (4xx): {"errors": [{"status": 404, "title": "Not Found", "detail": "The resource could not be found.\n\n No resource provider with uuid 19179181-ba51-49d5-b1fd-9f302e01e143 found for delete ", "request_id": "req-9939db17-987f-4241-bde0-5bbdc7d57303"}]} [pid: 8|app: 0|req: 891/1818] 10.0.0.234 () {32 vars in 729 bytes} [Thu Jul 16 15:35:22 2026] GET /v2.0/floatingips/de5fdda3-09de-447c-b8b4-ff0944d75e00 => generated 843 bytes in 43 msecs (HTTP/1.1 200) 4 headers in 157 bytes (1 switches on core 0) [pid: 7|app: 0|req: 928/1819] 10.0.0.234 () {32 vars in 726 bytes} [Thu Jul 16 15:35:21 2026] DELETE /v2.0/networks/91f0e6f3-3196-47d8-9842-b27298921477 => generated 0 bytes in 601 msecs (HTTP/1.1 204) 3 headers in 131 bytes (1 switches on core 0)
2026-07-16 15:35:22.452 7 INFO neutron.db.ovn_revision_numbers_db [None req-7ca1f26c-0f21-4676-ae87-1836a3b8f41d 3d1bd9cba66f4d868cecb0f36294e3b9 8b7123abb4434548a989daf599ffc275 - - default default] Successfully bumped revision number for resource 2e828453-797d-4fef-8e2e-169f025fdef2 (type: security_group_rules) to 0 [pid: 7|app: 0|req: 929/1820] 10.0.0.234 () {34 vars in 695 bytes} [Thu Jul 16 15:35:22 2026] POST /v2.0/security-group-rules => generated 601 bytes in 188 msecs (HTTP/1.1 201) 4 headers in 162 bytes (1 switches on core 0) [pid: 7|app: 0|req: 930/1821] 10.0.0.234 () {32 vars in 655 bytes} [Thu Jul 16 15:35:22 2026] GET /v2.0/floatingips => generated 846 bytes in 70 msecs (HTTP/1.1 200) 4 headers in 157 bytes (1 switches on core 0) [pid: 7|app: 0|req: 931/1822] 10.0.0.234 () {32 vars in 747 bytes} [Thu Jul 16 15:35:22 2026] GET /v2.0/security-group-rules/2e828453-797d-4fef-8e2e-169f025fdef2 => generated 601 bytes in 14 msecs (HTTP/1.1 200) 4 headers in 157 bytes (1 switches on core 0)
2026-07-16 15:35:22.714 8 WARNING neutron.scheduler.dhcp_agent_scheduler [None req-b812fce1-05d5-42bb-9f15-16eb5d03aa10 93cbc77396e143e093f5c53d3560fdac 33ca2514476d480e95cc00b170cbcca6 - - default default] No more DHCP agents
2026-07-16 15:35:22.719 8 WARNING neutron.api.rpc.agentnotifiers.dhcp_rpc_agent_api [None req-b812fce1-05d5-42bb-9f15-16eb5d03aa10 93cbc77396e143e093f5c53d3560fdac 33ca2514476d480e95cc00b170cbcca6 - - default default] Unable to schedule network c9b7932d-e477-47a5-a455-8bf6fb8cab73: no agents available; will retry on subsequent port and subnet creation events.
2026-07-16 15:35:23.329 8 INFO neutron.db.ovn_revision_numbers_db [None req-5855b6bf-8637-4700-a1ae-8e77f178ac25 - - - - - -] Successfully bumped revision number for resource 160358ab-5e3e-4d2f-9305-85b015e071cf (type: ports) to 2
2026-07-16 15:35:23.371 8 INFO neutron.db.ovn_revision_numbers_db [None req-5855b6bf-8637-4700-a1ae-8e77f178ac25 - - - - - -] Successfully bumped revision number for resource 6fca417d-f1ea-40d9-a114-0b4c721f492d (type: subnets) to 0
2026-07-16 15:35:23.403 8 WARNING neutron.scheduler.dhcp_agent_scheduler [None req-b812fce1-05d5-42bb-9f15-16eb5d03aa10 93cbc77396e143e093f5c53d3560fdac 33ca2514476d480e95cc00b170cbcca6 - - default default] No more DHCP agents
2026-07-16 15:35:23.404 8 WARNING neutron.api.rpc.agentnotifiers.dhcp_rpc_agent_api [None req-b812fce1-05d5-42bb-9f15-16eb5d03aa10 93cbc77396e143e093f5c53d3560fdac 33ca2514476d480e95cc00b170cbcca6 - - default default] Unable to schedule network 1803edff-48f0-476f-af04-8d569d40abd0: no agents available; will retry on subsequent port and subnet creation events.
2026-07-16 15:35:23.662 7 INFO neutron.db.ovn_revision_numbers_db [None req-19b40d74-baa6-4bba-bcd8-93e2dbd462e1 b94bb7a6876741f389fc57715b504617 27214ea2660f414eaac296b0a68dcb93 - - default default] Successfully bumped revision number for resource de5fdda3-09de-447c-b8b4-ff0944d75e00 (type: floatingips) to 2
