2026-07-16 15:33:43.621 7 INFO neutron_taas.services.taas.tap_mirror_plugin [None req-494fd685-cf31-42bf-b847-0213736f0e66 624c515e745a4c64b5ec05f1c61f9dd8 cef837ee96ea42c39fc496ba9694d44c - - default default] Tap Mirror: Handle Delete Port: da0105eb-03ba-4cd3-aca9-050c355538d5 [pid: 7|app: 0|req: 591/1143] 10.0.0.234 () {32 vars in 720 bytes} [Thu Jul 16 15:33:43 2026] DELETE /v2.0/ports/da0105eb-03ba-4cd3-aca9-050c355538d5 => generated 0 bytes in 317 msecs (HTTP/1.1 204) 3 headers in 131 bytes (1 switches on core 0)
2026-07-16 15:33:43.808 8 WARNING neutron.scheduler.dhcp_agent_scheduler [None req-59fdd04c-0a10-4f47-a818-369613fd4dcf 589a3a0cbcba419398945199e4d94486 9ccd90d23d80408da420291e8925ff4e - - default default] No more DHCP agents
2026-07-16 15:33:43.809 8 WARNING neutron.api.rpc.agentnotifiers.dhcp_rpc_agent_api [None req-59fdd04c-0a10-4f47-a818-369613fd4dcf 589a3a0cbcba419398945199e4d94486 9ccd90d23d80408da420291e8925ff4e - - default default] Unable to schedule network 5b87638d-44e6-40a8-b34e-97e73b77d4b6: no agents available; will retry on subsequent port and subnet creation events. [pid: 7|app: 0|req: 592/1144] 10.0.0.203 () {28 vars in 585 bytes} [Thu Jul 16 15:33:43 2026] GET /v2.0/networks => generated 6967 bytes in 69 msecs (HTTP/1.1 200) 4 headers in 158 bytes (1 switches on core 0) [pid: 7|app: 0|req: 593/1145] 199.204.45.70 () {34 vars in 1051 bytes} [Thu Jul 16 15:33:43 2026] GET /v2.0/ports?network_id=f69b3c21-953e-4c8a-b340-e2b37047f6b3&device_owner=network%3Adhcp => generated 12 bytes in 16 msecs (HTTP/1.1 200) 4 headers in 156 bytes (1 switches on core 0)
2026-07-16 15:33:43.904 8 INFO neutron.plugins.ml2.drivers.ovn.mech_driver.mech_driver [None req-6080165f-c848-4020-a3e0-a8ee45d54232 - - - - - -] OVN reports status down for port: 234f2a41-8d20-45c0-a1fc-26791c854757
2026-07-16 15:33:43.915 7 INFO neutron.pecan_wsgi.hooks.translation [None req-8d8fd8e8-c4b1-4a42-8a3f-f4a669a45be9 bdd673c256f341c2b3319510fc62631e f3210dce9a964283b2823f62b08e54fb - - default default] GET failed (client error): The resource could not be found. [pid: 7|app: 0|req: 594/1146] 10.0.0.234 () {32 vars in 717 bytes} [Thu Jul 16 15:33:43 2026] GET /v2.0/ports/8d2b0e01-9ce3-449c-a71f-d7f358785114 => generated 132 bytes in 29 msecs (HTTP/1.1 404) 4 headers in 164 bytes (1 switches on core 0)
2026-07-16 15:33:43.929 7 INFO neutron.pecan_wsgi.hooks.translation [None req-0b0bab3e-82a2-42e7-b1a2-788fa0819f99 624c515e745a4c64b5ec05f1c61f9dd8 cef837ee96ea42c39fc496ba9694d44c - - default default] DELETE failed (client error): The resource could not be found. [pid: 7|app: 0|req: 595/1147] 10.0.0.234 () {32 vars in 720 bytes} [Thu Jul 16 15:33:43 2026] DELETE /v2.0/ports/da0105eb-03ba-4cd3-aca9-050c355538d5 => generated 132 bytes in 15 msecs (HTTP/1.1 404) 4 headers in 164 bytes (1 switches on core 0)
2026-07-16 15:33:43.978 8 INFO neutron.db.ovn_revision_numbers_db [None req-59fdd04c-0a10-4f47-a818-369613fd4dcf 589a3a0cbcba419398945199e4d94486 9ccd90d23d80408da420291e8925ff4e - - default default] Successfully bumped revision number for resource 234f2a41-8d20-45c0-a1fc-26791c854757 (type: ports) to 1 [pid: 7|app: 0|req: 596/1148] 10.0.0.238 () {34 vars in 990 bytes} [Thu Jul 16 15:33:43 2026] GET /v2.0/ports?device_id=f73b810e-3f6f-4a39-a34e-9fb0c40c481e => generated 969 bytes in 80 msecs (HTTP/1.1 200) 4 headers in 157 bytes (1 switches on core 0) [pid: 7|app: 0|req: 597/1149] 10.0.0.203 () {28 vars in 583 bytes} [Thu Jul 16 15:33:44 2026] GET /v2.0/subnets => generated 3951 bytes in 44 msecs (HTTP/1.1 200) 4 headers in 158 bytes (1 switches on core 0) [pid: 7|app: 0|req: 598/1150] 199.204.45.70 () {34 vars in 1011 bytes} [Thu Jul 16 15:33:44 2026] GET /v2.0/networks/f69b3c21-953e-4c8a-b340-e2b37047f6b3?fields=segments => generated 14 bytes in 44 msecs (HTTP/1.1 200) 4 headers in 156 bytes (1 switches on core 0) [pid: 7|app: 0|req: 599/1151] 10.0.0.234 () {32 vars in 724 bytes} [Thu Jul 16 15:33:44 2026] DELETE /v2.0/subnets/f044fa56-ae88-49b9-afff-c5abb1ff2e13 => generated 0 bytes in 147 msecs (HTTP/1.1 204) 3 headers in 131 bytes (1 switches on core 0)
2026-07-16 15:33:44.262 7 INFO neutron.pecan_wsgi.hooks.translation [None req-6d93c5a4-00f6-4534-9857-aec43dab89ba 624c515e745a4c64b5ec05f1c61f9dd8 cef837ee96ea42c39fc496ba9694d44c - - default default] GET failed (client error): The resource could not be found. [pid: 7|app: 0|req: 600/1152] 10.0.0.234 () {32 vars in 717 bytes} [Thu Jul 16 15:33:44 2026] GET /v2.0/ports/da0105eb-03ba-4cd3-aca9-050c355538d5 => generated 132 bytes in 14 msecs (HTTP/1.1 404) 4 headers in 164 bytes (1 switches on core 0) [pid: 7|app: 0|req: 601/1153] 10.0.0.238 () {34 vars in 1040 bytes} [Thu Jul 16 15:33:44 2026] GET /v2.0/security-groups?id=a8cab6d9-8fea-4afe-b16c-19acf14c6a0e&fields=id&fields=name => generated 113 bytes in 26 msecs (HTTP/1.1 200) 4 headers in 157 bytes (1 switches on core 0) [pid: 7|app: 0|req: 602/1154] 199.204.45.70 () {34 vars in 1111 bytes} [Thu Jul 16 15:33:44 2026] GET /v2.0/networks/f69b3c21-953e-4c8a-b340-e2b37047f6b3?fields=provider%3Aphysical_network&fields=provider%3Anetwork_type => generated 79 bytes in 47 msecs (HTTP/1.1 200) 4 headers in 156 bytes (1 switches on core 0)
2026-07-16 15:33:44.451 7 INFO neutron_taas.services.taas.taas_plugin [None req-5d03c785-ef11-4d9f-b6a7-08899740c421 bdd673c256f341c2b3319510fc62631e f3210dce9a964283b2823f62b08e54fb - - default default] TaaS: Handle Delete Port: 7aefa1a6-dc49-45a2-974a-5fa9a7629c6f
2026-07-16 15:33:44.454 7 INFO neutron_taas.services.taas.tap_mirror_plugin [None req-5d03c785-ef11-4d9f-b6a7-08899740c421 bdd673c256f341c2b3319510fc62631e f3210dce9a964283b2823f62b08e54fb - - default default] Tap Mirror: Handle Delete Port: 7aefa1a6-dc49-45a2-974a-5fa9a7629c6f
2026-07-16 15:33:44.611 8 INFO neutron.plugins.ml2.drivers.ovn.mech_driver.ovsdb.commands [None req-294f228e-0de1-48a1-adcf-c41851b64653 - - - - - -] Schedule LRP lrp-234f2a41-8d20-45c0-a1fc-26791c854757 on gateway a28aa165-d9c1-46da-9f3a-a6e2c3d1d963 with priority 1
2026-07-16 15:33:44.628 8 INFO neutron.plugins.ml2.drivers.ovn.mech_driver.mech_driver [None req-6080165f-c848-4020-a3e0-a8ee45d54232 - - - - - -] OVN reports status up for port: 234f2a41-8d20-45c0-a1fc-26791c854757
2026-07-16 15:33:44.643 7 INFO neutron.services.segments.plugin [-] Segment bce3eef4-0267-4cee-97ff-fb34a5b691e3 resource provider aggregate not found
2026-07-16 15:33:44.655 7 INFO neutron.services.segments.plugin [-] Segment bce3eef4-0267-4cee-97ff-fb34a5b691e3 resource provider aggregate not found
2026-07-16 15:33:44.681 8 INFO neutron.plugins.ml2.plugin [None req-6080165f-c848-4020-a3e0-a8ee45d54232 - - - - - -] Attempt 1 to provision port 234f2a41-8d20-45c0-a1fc-26791c854757
2026-07-16 15:33:44.685 7 INFO neutron.services.segments.plugin [-] Segment bce3eef4-0267-4cee-97ff-fb34a5b691e3 resource provider not found; error: Placement Client Error (4xx): {"errors": [{"status": 404, "title": "Not Found", "detail": "The resource could not be found.\n\n No resource provider with uuid bce3eef4-0267-4cee-97ff-fb34a5b691e3 found for delete ", "request_id": "req-ee4b6667-9f02-4e14-a76a-08a736a4b258"}]}
2026-07-16 15:33:44.688 7 INFO neutron.services.segments.plugin [-] Segment bce3eef4-0267-4cee-97ff-fb34a5b691e3 resource provider not found; error: Placement Client Error (4xx): {"errors": [{"status": 404, "title": "Not Found", "detail": "The resource could not be found.\n\n No resource provider with uuid bce3eef4-0267-4cee-97ff-fb34a5b691e3 found for delete ", "request_id": "req-ecc692c6-e059-4684-b1d8-aed91a233f66"}]}
2026-07-16 15:33:44.706 7 INFO neutron.plugins.ml2.drivers.ovn.mech_driver.ovsdb.ovsdb_monitor [None req-7d7c7b8c-53d6-4dbc-b671-777e39dde40a - - - - - -] Router 4b2b1340-4e2a-4961-be3e-6c2f31860faa is bound to host instance
2026-07-16 15:33:44.745 8 INFO neutron.db.ovn_revision_numbers_db [None req-59fdd04c-0a10-4f47-a818-369613fd4dcf 589a3a0cbcba419398945199e4d94486 9ccd90d23d80408da420291e8925ff4e - - default default] Successfully bumped revision number for resource 234f2a41-8d20-45c0-a1fc-26791c854757 (type: router_ports) to 1 [pid: 7|app: 0|req: 603/1155] 10.0.0.234 () {32 vars in 726 bytes} [Thu Jul 16 15:33:44 2026] DELETE /v2.0/networks/f756019d-90c0-488f-ad3a-63c2d4990fc9 => generated 0 bytes in 423 msecs (HTTP/1.1 204) 3 headers in 131 bytes (1 switches on core 0)
2026-07-16 15:33:44.883 8 INFO neutron.db.ovn_revision_numbers_db [None req-59fdd04c-0a10-4f47-a818-369613fd4dcf 589a3a0cbcba419398945199e4d94486 9ccd90d23d80408da420291e8925ff4e - - default default] Successfully bumped revision number for resource 4b2b1340-4e2a-4961-be3e-6c2f31860faa (type: routers) to 2 [pid: 8|app: 0|req: 553/1156] 10.0.0.234 () {34 vars in 669 bytes} [Thu Jul 16 15:33:43 2026] POST /v2.0/routers => generated 963 bytes in 1524 msecs (HTTP/1.1 201) 4 headers in 162 bytes (1 switches on core 0) [pid: 7|app: 0|req: 604/1157] 10.0.0.234 () {32 vars in 724 bytes} [Thu Jul 16 15:33:44 2026] DELETE /v2.0/subnets/1853f16e-d037-48cc-b956-5fb84c691efd => generated 0 bytes in 351 msecs (HTTP/1.1 204) 3 headers in 131 bytes (1 switches on core 0)
2026-07-16 15:33:45.145 8 WARNING neutron.scheduler.dhcp_agent_scheduler [None req-c5a97d97-fc22-4d8b-87b2-6f1e8047560c bdd673c256f341c2b3319510fc62631e f3210dce9a964283b2823f62b08e54fb - - default default] No more DHCP agents
2026-07-16 15:33:45.146 8 WARNING neutron.api.rpc.agentnotifiers.dhcp_rpc_agent_api [None req-c5a97d97-fc22-4d8b-87b2-6f1e8047560c bdd673c256f341c2b3319510fc62631e f3210dce9a964283b2823f62b08e54fb - - default default] Unable to schedule network bbe24250-176f-4c3f-a9f1-34e81c657081: no agents available; will retry on subsequent port and subnet creation events.
2026-07-16 15:33:45.198 7 INFO neutron.plugins.ml2.drivers.ovn.mech_driver.mech_driver [None req-6220ee4c-5db1-49ba-a954-bfe7436b4d98 - - - - - -] OVN reports status down for port: 27054721-f4c0-4a1a-80f6-41d633234fbe
2026-07-16 15:33:45.232 8 INFO neutron.db.ovn_revision_numbers_db [None req-c5a97d97-fc22-4d8b-87b2-6f1e8047560c bdd673c256f341c2b3319510fc62631e f3210dce9a964283b2823f62b08e54fb - - default default] Successfully bumped revision number for resource 27054721-f4c0-4a1a-80f6-41d633234fbe (type: ports) to 1 [pid: 8|app: 0|req: 554/1158] 10.0.0.234 () {34 vars in 665 bytes} [Thu Jul 16 15:33:44 2026] POST /v2.0/ports => generated 779 bytes in 381 msecs (HTTP/1.1 201) 4 headers in 162 bytes (1 switches on core 0) /var/lib/openstack/lib/python3.12/site-packages/pycadf/identifier.py:70: UserWarning: Invalid uuid: neutron. To ensure interoperability, identifiers should be a valid uuid. warnings.warn(('Invalid uuid: %s. To ensure interoperability, '
2026-07-16 15:33:45.400 8 INFO neutron_taas.services.taas.taas_plugin [None req-11c8eec1-dc4c-482a-ba6d-dafb7f26b43d 624c515e745a4c64b5ec05f1c61f9dd8 cef837ee96ea42c39fc496ba9694d44c - - default default] TaaS: Handle Delete Port: 941f1eb4-0a3c-43ab-85ad-39731c33ef86
2026-07-16 15:33:45.402 8 INFO neutron_taas.services.taas.tap_mirror_plugin [None req-11c8eec1-dc4c-482a-ba6d-dafb7f26b43d 624c515e745a4c64b5ec05f1c61f9dd8 cef837ee96ea42c39fc496ba9694d44c - - default default] Tap Mirror: Handle Delete Port: 941f1eb4-0a3c-43ab-85ad-39731c33ef86
2026-07-16 15:33:45.562 8 INFO neutron.services.segments.plugin [-] Segment eb87d72c-b5ea-4fe8-9a95-429bba836a84 resource provider aggregate not found
2026-07-16 15:33:45.568 8 INFO neutron.services.segments.plugin [-] Segment eb87d72c-b5ea-4fe8-9a95-429bba836a84 resource provider aggregate not found
2026-07-16 15:33:45.590 8 INFO neutron.services.segments.plugin [-] Segment eb87d72c-b5ea-4fe8-9a95-429bba836a84 resource provider not found; error: Placement Client Error (4xx): {"errors": [{"status": 404, "title": "Not Found", "detail": "The resource could not be found.\n\n No resource provider with uuid eb87d72c-b5ea-4fe8-9a95-429bba836a84 found for delete ", "request_id": "req-ce807ba8-62bc-4bdb-8463-1c3e84727366"}]}
2026-07-16 15:33:45.597 8 INFO neutron.services.segments.plugin [-] Segment eb87d72c-b5ea-4fe8-9a95-429bba836a84 resource provider not found; error: Placement Client Error (4xx): {"errors": [{"status": 404, "title": "Not Found", "detail": "The resource could not be found.\n\n No resource provider with uuid eb87d72c-b5ea-4fe8-9a95-429bba836a84 found for delete ", "request_id": "req-01817c48-a29c-42a7-b8b0-763a87748546"}]} [pid: 8|app: 0|req: 555/1159] 10.0.0.234 () {32 vars in 726 bytes} [Thu Jul 16 15:33:45 2026] DELETE /v2.0/networks/d6b009e5-8051-4e30-bb04-48e457e75b4b => generated 0 bytes in 325 msecs (HTTP/1.1 204) 3 headers in 131 bytes (1 switches on core 0)
2026-07-16 15:33:45.873 8 INFO neutron.db.ovn_revision_numbers_db [None req-675344d8-ca60-434f-8c4e-a2ac5968817b bdd673c256f341c2b3319510fc62631e f3210dce9a964283b2823f62b08e54fb - - default default] Successfully bumped revision number for resource 27054721-f4c0-4a1a-80f6-41d633234fbe (type: ports) to 2
2026-07-16 15:33:45.886 7 INFO neutron.plugins.ml2.drivers.ovn.mech_driver.mech_driver [None req-6220ee4c-5db1-49ba-a954-bfe7436b4d98 - - - - - -] OVN reports status down for port: 27054721-f4c0-4a1a-80f6-41d633234fbe [pid: 8|app: 0|req: 556/1160] 10.0.0.234 () {34 vars in 737 bytes} [Thu Jul 16 15:33:45 2026] PUT /v2.0/ports/27054721-f4c0-4a1a-80f6-41d633234fbe => generated 752 bytes in 282 msecs (HTTP/1.1 200) 4 headers in 157 bytes (1 switches on core 0) /var/lib/openstack/lib/python3.12/site-packages/pycadf/identifier.py:70: UserWarning: Invalid uuid: neutron. To ensure interoperability, identifiers should be a valid uuid. warnings.warn(('Invalid uuid: %s. To ensure interoperability, ' [pid: 8|app: 0|req: 557/1161] 10.0.0.238 () {34 vars in 990 bytes} [Thu Jul 16 15:33:45 2026] GET /v2.0/ports?device_id=f73b810e-3f6f-4a39-a34e-9fb0c40c481e => generated 969 bytes in 73 msecs (HTTP/1.1 200) 4 headers in 157 bytes (1 switches on core 0)
2026-07-16 15:33:46.051 8 INFO neutron.db.segments_db [None req-c8c56b27-b54b-4670-92d3-23721457e915 624c515e745a4c64b5ec05f1c61f9dd8 cef837ee96ea42c39fc496ba9694d44c - - default default] Added segment 4588d892-16a2-43fe-bb68-10b8b56484cf of type geneve for network 1f6f5976-7400-4c7d-9f34-8aaaa3792c22
2026-07-16 15:33:46.225 8 INFO neutron.db.ovn_revision_numbers_db [None req-c8c56b27-b54b-4670-92d3-23721457e915 624c515e745a4c64b5ec05f1c61f9dd8 cef837ee96ea42c39fc496ba9694d44c - - default default] Successfully bumped revision number for resource 1f6f5976-7400-4c7d-9f34-8aaaa3792c22 (type: networks) to 1
2026-07-16 15:33:46.402 8 WARNING neutron.scheduler.dhcp_agent_scheduler [None req-c8c56b27-b54b-4670-92d3-23721457e915 624c515e745a4c64b5ec05f1c61f9dd8 cef837ee96ea42c39fc496ba9694d44c - - default default] No more DHCP agents
2026-07-16 15:33:46.403 8 WARNING neutron.api.rpc.agentnotifiers.dhcp_rpc_agent_api [None req-c8c56b27-b54b-4670-92d3-23721457e915 624c515e745a4c64b5ec05f1c61f9dd8 cef837ee96ea42c39fc496ba9694d44c - - default default] Unable to schedule network 1f6f5976-7400-4c7d-9f34-8aaaa3792c22: no agents available; will retry on subsequent port and subnet creation events.
2026-07-16 15:33:46.503 8 INFO neutron.db.ovn_revision_numbers_db [None req-c8c56b27-b54b-4670-92d3-23721457e915 624c515e745a4c64b5ec05f1c61f9dd8 cef837ee96ea42c39fc496ba9694d44c - - default default] Successfully bumped revision number for resource d2817869-0f79-44ae-90da-e7f28ba6df8d (type: ports) to 1 [pid: 8|app: 0|req: 558/1162] 10.0.0.234 () {34 vars in 670 bytes} [Thu Jul 16 15:33:45 2026] POST /v2.0/networks => generated 650 bytes in 570 msecs (HTTP/1.1 201) 4 headers in 162 bytes (1 switches on core 0)
2026-07-16 15:33:46.629 7 WARNING neutron.scheduler.dhcp_agent_scheduler [None req-7212481e-c8b0-4ec1-b72e-69f108f4e57a 589a3a0cbcba419398945199e4d94486 9ccd90d23d80408da420291e8925ff4e - - default default] No more DHCP agents
2026-07-16 15:33:46.630 7 WARNING neutron.api.rpc.agentnotifiers.dhcp_rpc_agent_api [None req-7212481e-c8b0-4ec1-b72e-69f108f4e57a 589a3a0cbcba419398945199e4d94486 9ccd90d23d80408da420291e8925ff4e - - default default] Unable to schedule network 82870cea-c976-4ed2-91dd-371de3659a0f: no agents available; will retry on subsequent port and subnet creation events.
2026-07-16 15:33:46.671 8 INFO neutron_taas.services.taas.taas_plugin [None req-549df074-b28d-4073-82cc-c9a66901e4f8 bdd673c256f341c2b3319510fc62631e f3210dce9a964283b2823f62b08e54fb - - default default] TaaS: Handle Delete Port: 27054721-f4c0-4a1a-80f6-41d633234fbe
2026-07-16 15:33:46.674 8 INFO neutron_taas.services.taas.tap_mirror_plugin [None req-549df074-b28d-4073-82cc-c9a66901e4f8 bdd673c256f341c2b3319510fc62631e f3210dce9a964283b2823f62b08e54fb - - default default] Tap Mirror: Handle Delete Port: 27054721-f4c0-4a1a-80f6-41d633234fbe [pid: 8|app: 0|req: 559/1163] 10.0.0.234 () {32 vars in 720 bytes} [Thu Jul 16 15:33:46 2026] DELETE /v2.0/ports/27054721-f4c0-4a1a-80f6-41d633234fbe => generated 0 bytes in 247 msecs (HTTP/1.1 204) 3 headers in 131 bytes (1 switches on core 0)
2026-07-16 15:33:46.788 7 INFO neutron.plugins.ml2.drivers.ovn.mech_driver.mech_driver [None req-6220ee4c-5db1-49ba-a954-bfe7436b4d98 - - - - - -] OVN reports status down for port: 267c5e30-9145-4e1f-bf21-41bdd3bbe811 [pid: 8|app: 0|req: 560/1164] 10.0.0.238 () {34 vars in 1040 bytes} [Thu Jul 16 15:33:46 2026] GET /v2.0/security-groups?id=a8cab6d9-8fea-4afe-b16c-19acf14c6a0e&fields=id&fields=name => generated 113 bytes in 41 msecs (HTTP/1.1 200) 4 headers in 157 bytes (1 switches on core 0)
2026-07-16 15:33:46.872 7 INFO neutron.db.ovn_revision_numbers_db [None req-7212481e-c8b0-4ec1-b72e-69f108f4e57a 589a3a0cbcba419398945199e4d94486 9ccd90d23d80408da420291e8925ff4e - - default default] Successfully bumped revision number for resource 267c5e30-9145-4e1f-bf21-41bdd3bbe811 (type: ports) to 1
2026-07-16 15:33:47.063 7 INFO neutron.db.ovn_revision_numbers_db [None req-7b7edea7-38fe-4aff-999e-928c8ae95377 - - - - - -] Successfully bumped revision number for resource 234f2a41-8d20-45c0-a1fc-26791c854757 (type: ports) to 4
2026-07-16 15:33:47.151 8 WARNING neutron.scheduler.dhcp_agent_scheduler [None req-f88d9d27-640b-437b-ba70-200d3055f34a 624c515e745a4c64b5ec05f1c61f9dd8 cef837ee96ea42c39fc496ba9694d44c - - default default] No more DHCP agents
2026-07-16 15:33:47.153 8 WARNING neutron.api.rpc.agentnotifiers.dhcp_rpc_agent_api [None req-f88d9d27-640b-437b-ba70-200d3055f34a 624c515e745a4c64b5ec05f1c61f9dd8 cef837ee96ea42c39fc496ba9694d44c - - default default] Unable to schedule network 1f6f5976-7400-4c7d-9f34-8aaaa3792c22: no agents available; will retry on subsequent port and subnet creation events.
2026-07-16 15:33:47.723 8 INFO neutron.db.ovn_revision_numbers_db [None req-e3199559-ef06-4bb8-ba10-c47a6d0ac2d6 - - - - - -] Successfully bumped revision number for resource d2817869-0f79-44ae-90da-e7f28ba6df8d (type: ports) to 2
2026-07-16 15:33:47.726 8 INFO neutron.plugins.ml2.drivers.ovn.mech_driver.mech_driver [None req-6080165f-c848-4020-a3e0-a8ee45d54232 - - - - - -] OVN reports status down for port: d2817869-0f79-44ae-90da-e7f28ba6df8d
2026-07-16 15:33:47.745 7 INFO neutron.db.ovn_revision_numbers_db [None req-7b7edea7-38fe-4aff-999e-928c8ae95377 - - - - - -] Successfully bumped revision number for resource 234f2a41-8d20-45c0-a1fc-26791c854757 (type: ports) to 5
2026-07-16 15:33:47.779 8 INFO neutron.db.ovn_revision_numbers_db [None req-e3199559-ef06-4bb8-ba10-c47a6d0ac2d6 - - - - - -] Successfully bumped revision number for resource f8af50be-b406-4023-a7ab-dfd68d13b476 (type: subnets) to 0 [pid: 8|app: 0|req: 561/1165] 10.0.0.234 () {34 vars in 669 bytes} [Thu Jul 16 15:33:46 2026] POST /v2.0/subnets => generated 626 bytes in 986 msecs (HTTP/1.1 201) 4 headers in 162 bytes (1 switches on core 0)
2026-07-16 15:33:47.858 8 INFO neutron.plugins.ml2.drivers.ovn.mech_driver.mech_driver [None req-6080165f-c848-4020-a3e0-a8ee45d54232 - - - - - -] OVN reports status up for port: 6a9bc8e7-d646-438f-b7df-9791a2ba4714
2026-07-16 15:33:47.893 8 INFO neutron.plugins.ml2.plugin [None req-6080165f-c848-4020-a3e0-a8ee45d54232 - - - - - -] Attempt 1 to provision port 6a9bc8e7-d646-438f-b7df-9791a2ba4714 [pid: 8|app: 0|req: 562/1166] 10.0.0.234 () {32 vars in 643 bytes} [Thu Jul 16 15:33:47 2026] GET /v2.0/ports => generated 1538 bytes in 116 msecs (HTTP/1.1 200) 4 headers in 158 bytes (1 switches on core 0)
2026-07-16 15:33:48.013 7 INFO neutron.plugins.ml2.drivers.ovn.mech_driver.mech_driver [None req-6220ee4c-5db1-49ba-a954-bfe7436b4d98 - - - - - -] OVN reports status up for port: 267c5e30-9145-4e1f-bf21-41bdd3bbe811
2026-07-16 15:33:48.032 7 INFO neutron.plugins.ml2.plugin [None req-6220ee4c-5db1-49ba-a954-bfe7436b4d98 - - - - - -] Attempt 1 to provision port 267c5e30-9145-4e1f-bf21-41bdd3bbe811
2026-07-16 15:33:48.123 8 INFO neutron.notifiers.nova [-] Nova event matching ['req-45233fce-f3da-4aab-a6ec-2347ee6197a4'] response: {'server_uuid': 'f73b810e-3f6f-4a39-a34e-9fb0c40c481e', 'name': 'network-vif-plugged', 'status': 'completed', 'tag': '6a9bc8e7-d646-438f-b7df-9791a2ba4714', 'code': 200}
2026-07-16 15:33:48.170 7 WARNING neutron.scheduler.dhcp_agent_scheduler [None req-7212481e-c8b0-4ec1-b72e-69f108f4e57a 589a3a0cbcba419398945199e4d94486 9ccd90d23d80408da420291e8925ff4e - - default default] No more DHCP agents
2026-07-16 15:33:48.173 7 WARNING neutron.api.rpc.agentnotifiers.dhcp_rpc_agent_api [None req-7212481e-c8b0-4ec1-b72e-69f108f4e57a 589a3a0cbcba419398945199e4d94486 9ccd90d23d80408da420291e8925ff4e - - default default] Unable to schedule network 82870cea-c976-4ed2-91dd-371de3659a0f: no agents available; will retry on subsequent port and subnet creation events.
2026-07-16 15:33:48.442 8 INFO neutron.db.ovn_revision_numbers_db [None req-6080165f-c848-4020-a3e0-a8ee45d54232 - - - - - -] Successfully bumped revision number for resource 6a9bc8e7-d646-438f-b7df-9791a2ba4714 (type: ports) to 5
2026-07-16 15:33:48.475 8 WARNING neutron.scheduler.dhcp_agent_scheduler [None req-a88aeab7-c0b2-4156-8081-5c5808289fcb 624c515e745a4c64b5ec05f1c61f9dd8 cef837ee96ea42c39fc496ba9694d44c - - default default] No more DHCP agents
2026-07-16 15:33:48.478 8 WARNING neutron.api.rpc.agentnotifiers.dhcp_rpc_agent_api [None req-a88aeab7-c0b2-4156-8081-5c5808289fcb 624c515e745a4c64b5ec05f1c61f9dd8 cef837ee96ea42c39fc496ba9694d44c - - default default] Unable to schedule network 1f6f5976-7400-4c7d-9f34-8aaaa3792c22: no agents available; will retry on subsequent port and subnet creation events.
2026-07-16 15:33:48.706 8 INFO neutron.db.ovn_revision_numbers_db [None req-a88aeab7-c0b2-4156-8081-5c5808289fcb 624c515e745a4c64b5ec05f1c61f9dd8 cef837ee96ea42c39fc496ba9694d44c - - default default] Successfully bumped revision number for resource 15f0766e-d8f0-42cc-83a0-ea6dac846276 (type: ports) to 1 [pid: 8|app: 0|req: 565/1169] 10.0.0.234 () {34 vars in 665 bytes} [Thu Jul 16 15:33:47 2026] POST /v2.0/ports => generated 912 bytes in 803 msecs (HTTP/1.1 201) 4 headers in 162 bytes (1 switches on core 0) /var/lib/openstack/lib/python3.12/site-packages/pycadf/identifier.py:70: UserWarning: Invalid uuid: neutron. To ensure interoperability, identifiers should be a valid uuid. warnings.warn(('Invalid uuid: %s. To ensure interoperability, '
2026-07-16 15:33:48.781 7 INFO neutron.db.ovn_revision_numbers_db [None req-6220ee4c-5db1-49ba-a954-bfe7436b4d98 - - - - - -] Successfully bumped revision number for resource 267c5e30-9145-4e1f-bf21-41bdd3bbe811 (type: ports) to 2 [pid: 8|app: 0|req: 566/1170] 10.0.0.238 () {34 vars in 990 bytes} [Thu Jul 16 15:33:48 2026] GET /v2.0/ports?device_id=f73b810e-3f6f-4a39-a34e-9fb0c40c481e => generated 971 bytes in 49 msecs (HTTP/1.1 200) 4 headers in 157 bytes (1 switches on core 0)
2026-07-16 15:33:48.810 8 INFO neutron.pecan_wsgi.hooks.translation [None req-9c5ca4b3-499f-4d3d-906f-b0976e870380 bdd673c256f341c2b3319510fc62631e f3210dce9a964283b2823f62b08e54fb - - default default] GET failed (client error): The resource could not be found. [pid: 8|app: 0|req: 567/1171] 10.0.0.234 () {32 vars in 717 bytes} [Thu Jul 16 15:33:48 2026] GET /v2.0/ports/27054721-f4c0-4a1a-80f6-41d633234fbe => generated 132 bytes in 21 msecs (HTTP/1.1 404) 4 headers in 164 bytes (1 switches on core 0)
2026-07-16 15:33:48.940 8 INFO neutron_taas.services.taas.taas_plugin [None req-acb9a57e-5f23-4752-9c08-fdc656ea6aa7 624c515e745a4c64b5ec05f1c61f9dd8 cef837ee96ea42c39fc496ba9694d44c - - default default] TaaS: Handle Delete Port: 15f0766e-d8f0-42cc-83a0-ea6dac846276
2026-07-16 15:33:48.944 8 INFO neutron_taas.services.taas.tap_mirror_plugin [None req-acb9a57e-5f23-4752-9c08-fdc656ea6aa7 624c515e745a4c64b5ec05f1c61f9dd8 cef837ee96ea42c39fc496ba9694d44c - - default default] Tap Mirror: Handle Delete Port: 15f0766e-d8f0-42cc-83a0-ea6dac846276
2026-07-16 15:33:49.081 7 INFO neutron.db.ovn_revision_numbers_db [None req-7212481e-c8b0-4ec1-b72e-69f108f4e57a 589a3a0cbcba419398945199e4d94486 9ccd90d23d80408da420291e8925ff4e - - default default] Successfully bumped revision number for resource 267c5e30-9145-4e1f-bf21-41bdd3bbe811 (type: router_ports) to 1 [pid: 7|app: 0|req: 605/1172] 10.0.0.234 () {34 vars in 783 bytes} [Thu Jul 16 15:33:45 2026] PUT /v2.0/routers/4b2b1340-4e2a-4961-be3e-6c2f31860faa/add_router_interface => generated 309 bytes in 3984 msecs (HTTP/1.1 200) 4 headers in 157 bytes (1 switches on core 0) [pid: 7|app: 0|req: 606/1173] 10.0.0.238 () {34 vars in 1040 bytes} [Thu Jul 16 15:33:49 2026] GET /v2.0/security-groups?id=a8cab6d9-8fea-4afe-b16c-19acf14c6a0e&fields=id&fields=name => generated 113 bytes in 43 msecs (HTTP/1.1 200) 4 headers in 157 bytes (1 switches on core 0) [pid: 8|app: 0|req: 568/1174] 10.0.0.234 () {32 vars in 720 bytes} [Thu Jul 16 15:33:48 2026] DELETE /v2.0/ports/15f0766e-d8f0-42cc-83a0-ea6dac846276 => generated 0 bytes in 342 msecs (HTTP/1.1 204) 3 headers in 131 bytes (1 switches on core 0)
2026-07-16 15:33:49.177 8 INFO neutron.pecan_wsgi.hooks.translation [None req-aeccd671-eb4f-4449-913e-b27434cd3085 624c515e745a4c64b5ec05f1c61f9dd8 cef837ee96ea42c39fc496ba9694d44c - - default default] GET failed (client error): The resource could not be found. [pid: 8|app: 0|req: 569/1175] 10.0.0.234 () {32 vars in 717 bytes} [Thu Jul 16 15:33:49 2026] GET /v2.0/ports/15f0766e-d8f0-42cc-83a0-ea6dac846276 => generated 132 bytes in 20 msecs (HTTP/1.1 404) 4 headers in 164 bytes (1 switches on core 0) [pid: 7|app: 0|req: 607/1176] 10.0.0.234 () {32 vars in 643 bytes} [Thu Jul 16 15:33:49 2026] GET /v2.0/ports => generated 1538 bytes in 112 msecs (HTTP/1.1 200) 4 headers in 158 bytes (1 switches on core 0) [pid: 7|app: 0|req: 608/1177] 10.0.0.234 () {32 vars in 717 bytes} [Thu Jul 16 15:33:49 2026] GET /v2.0/ports/60fa8604-3937-4b9a-802b-a252bedad748 => generated 779 bytes in 36 msecs (HTTP/1.1 200) 4 headers in 157 bytes (1 switches on core 0)
2026-07-16 15:33:49.329 7 INFO neutron.pecan_wsgi.hooks.translation [None req-830a639d-a443-435a-8844-3cea69a857cd bdd673c256f341c2b3319510fc62631e f3210dce9a964283b2823f62b08e54fb - - default default] DELETE failed (client error): The resource could not be found. [pid: 7|app: 0|req: 609/1178] 10.0.0.234 () {32 vars in 720 bytes} [Thu Jul 16 15:33:49 2026] DELETE /v2.0/ports/8d2b0e01-9ce3-449c-a71f-d7f358785114 => generated 132 bytes in 26 msecs (HTTP/1.1 404) 4 headers in 164 bytes (1 switches on core 0)
2026-07-16 15:33:49.347 7 INFO neutron.pecan_wsgi.hooks.translation [None req-4cbb1419-998f-40ac-87d6-a0de102c4c7c bdd673c256f341c2b3319510fc62631e f3210dce9a964283b2823f62b08e54fb - - default default] DELETE failed (client error): The resource could not be found. [pid: 7|app: 0|req: 610/1179] 10.0.0.234 () {32 vars in 724 bytes} [Thu Jul 16 15:33:49 2026] DELETE /v2.0/subnets/f044fa56-ae88-49b9-afff-c5abb1ff2e13 => generated 136 bytes in 14 msecs (HTTP/1.1 404) 4 headers in 164 bytes (1 switches on core 0) [pid: 8|app: 0|req: 570/1180] 10.0.0.234 () {32 vars in 724 bytes} [Thu Jul 16 15:33:49 2026] DELETE /v2.0/subnets/f8af50be-b406-4023-a7ab-dfd68d13b476 => generated 0 bytes in 179 msecs (HTTP/1.1 204) 3 headers in 131 bytes (1 switches on core 0)
2026-07-16 15:33:49.367 7 INFO neutron.pecan_wsgi.hooks.translation [None req-6791dd21-2570-41e1-9e08-801e72607f83 bdd673c256f341c2b3319510fc62631e f3210dce9a964283b2823f62b08e54fb - - default default] DELETE failed (client error): The resource could not be found. [pid: 7|app: 0|req: 611/1181] 10.0.0.234 () {32 vars in 724 bytes} [Thu Jul 16 15:33:49 2026] DELETE /v2.0/subnets/c7e8fe12-2938-4fec-a6ea-38c55be48b06 => generated 136 bytes in 16 msecs (HTTP/1.1 404) 4 headers in 164 bytes (1 switches on core 0)
2026-07-16 15:33:49.481 8 INFO neutron_taas.services.taas.taas_plugin [None req-9b60f344-4652-42d5-afb3-2aee7b5d05f5 624c515e745a4c64b5ec05f1c61f9dd8 cef837ee96ea42c39fc496ba9694d44c - - default default] TaaS: Handle Delete Port: d2817869-0f79-44ae-90da-e7f28ba6df8d
2026-07-16 15:33:49.484 8 INFO neutron_taas.services.taas.tap_mirror_plugin [None req-9b60f344-4652-42d5-afb3-2aee7b5d05f5 624c515e745a4c64b5ec05f1c61f9dd8 cef837ee96ea42c39fc496ba9694d44c - - default default] Tap Mirror: Handle Delete Port: d2817869-0f79-44ae-90da-e7f28ba6df8d
2026-07-16 15:33:49.491 7 INFO neutron_taas.services.taas.taas_plugin [None req-9f96420a-46c4-40ce-ba16-b9b28613cd5c bdd673c256f341c2b3319510fc62631e f3210dce9a964283b2823f62b08e54fb - - default default] TaaS: Handle Delete Port: 60fa8604-3937-4b9a-802b-a252bedad748
2026-07-16 15:33:49.495 7 INFO neutron_taas.services.taas.tap_mirror_plugin [None req-9f96420a-46c4-40ce-ba16-b9b28613cd5c bdd673c256f341c2b3319510fc62631e f3210dce9a964283b2823f62b08e54fb - - default default] Tap Mirror: Handle Delete Port: 60fa8604-3937-4b9a-802b-a252bedad748 [pid: 7|app: 0|req: 612/1182] 10.0.0.234 () {32 vars in 720 bytes} [Thu Jul 16 15:33:49 2026] DELETE /v2.0/ports/60fa8604-3937-4b9a-802b-a252bedad748 => generated 0 bytes in 263 msecs (HTTP/1.1 204) 3 headers in 131 bytes (1 switches on core 0)
2026-07-16 15:33:49.722 8 INFO neutron.services.segments.plugin [-] Segment 4588d892-16a2-43fe-bb68-10b8b56484cf resource provider aggregate not found
2026-07-16 15:33:49.727 8 INFO neutron.services.segments.plugin [-] Segment 4588d892-16a2-43fe-bb68-10b8b56484cf resource provider aggregate not found
2026-07-16 15:33:49.741 8 INFO neutron.services.segments.plugin [-] Segment 4588d892-16a2-43fe-bb68-10b8b56484cf resource provider not found; error: Placement Client Error (4xx): {"errors": [{"status": 404, "title": "Not Found", "detail": "The resource could not be found.\n\n No resource provider with uuid 4588d892-16a2-43fe-bb68-10b8b56484cf found for delete ", "request_id": "req-b2db7b93-a09d-478e-8985-10c7ad6b29ec"}]}
2026-07-16 15:33:49.743 8 INFO neutron.services.segments.plugin [-] Segment 4588d892-16a2-43fe-bb68-10b8b56484cf resource provider not found; error: Placement Client Error (4xx): {"errors": [{"status": 404, "title": "Not Found", "detail": "The resource could not be found.\n\n No resource provider with uuid 4588d892-16a2-43fe-bb68-10b8b56484cf found for delete ", "request_id": "req-7a60e6cc-3b0c-4de5-a1a3-820febfb4158"}]}
2026-07-16 15:33:49.772 7 INFO neutron_taas.services.taas.taas_plugin [None req-6f36ea93-9f4d-46d1-b9f4-f1ab61241848 bdd673c256f341c2b3319510fc62631e f3210dce9a964283b2823f62b08e54fb - - default default] TaaS: Handle Delete Port: eb1c012d-8c35-4036-aad1-53c608ff2315
2026-07-16 15:33:49.775 7 INFO neutron_taas.services.taas.tap_mirror_plugin [None req-6f36ea93-9f4d-46d1-b9f4-f1ab61241848 bdd673c256f341c2b3319510fc62631e f3210dce9a964283b2823f62b08e54fb - - default default] Tap Mirror: Handle Delete Port: eb1c012d-8c35-4036-aad1-53c608ff2315 [pid: 8|app: 0|req: 571/1183] 10.0.0.234 () {32 vars in 726 bytes} [Thu Jul 16 15:33:49 2026] DELETE /v2.0/networks/1f6f5976-7400-4c7d-9f34-8aaaa3792c22 => generated 0 bytes in 415 msecs (HTTP/1.1 204) 3 headers in 131 bytes (1 switches on core 0)
2026-07-16 15:33:49.925 8 INFO neutron.db.ovn_revision_numbers_db [None req-d7f6175a-02ee-48a4-bd8b-aa6099e82218 712d787598164bc7b3e8d3bb9f8881ee b5be8c726fe8427d8d62731cb22bac2c - - default default] Successfully bumped revision number for resource 1510baee-46ae-489f-8558-5e6242f6deda (type: security_groups) to 1
2026-07-16 15:33:49.945 7 INFO neutron.services.segments.plugin [-] Segment 674508c5-a634-4a92-a5ce-6eb519220b65 resource provider aggregate not found
2026-07-16 15:33:49.954 7 INFO neutron.services.segments.plugin [-] Segment 674508c5-a634-4a92-a5ce-6eb519220b65 resource provider aggregate not found
2026-07-16 15:33:49.966 8 INFO neutron.db.ovn_revision_numbers_db [None req-d7f6175a-02ee-48a4-bd8b-aa6099e82218 712d787598164bc7b3e8d3bb9f8881ee b5be8c726fe8427d8d62731cb22bac2c - - default default] Successfully bumped revision number for resource 3750578e-17d6-4aa4-9d7a-924b0dc11767 (type: security_group_rules) to 0
2026-07-16 15:33:49.971 7 INFO neutron.services.segments.plugin [-] Segment 674508c5-a634-4a92-a5ce-6eb519220b65 resource provider not found; error: Placement Client Error (4xx): {"errors": [{"status": 404, "title": "Not Found", "detail": "The resource could not be found.\n\n No resource provider with uuid 674508c5-a634-4a92-a5ce-6eb519220b65 found for delete ", "request_id": "req-2959eff0-8600-4cb0-a47a-b3e2017d0c94"}]}
2026-07-16 15:33:49.980 7 INFO neutron.services.segments.plugin [-] Segment 674508c5-a634-4a92-a5ce-6eb519220b65 resource provider not found; error: Placement Client Error (4xx): {"errors": [{"status": 404, "title": "Not Found", "detail": "The resource could not be found.\n\n No resource provider with uuid 674508c5-a634-4a92-a5ce-6eb519220b65 found for delete ", "request_id": "req-f41d765d-9b8f-4077-b76d-bb05faaa07ee"}]}
2026-07-16 15:33:50.010 8 INFO neutron.db.ovn_revision_numbers_db [None req-d7f6175a-02ee-48a4-bd8b-aa6099e82218 712d787598164bc7b3e8d3bb9f8881ee b5be8c726fe8427d8d62731cb22bac2c - - default default] Successfully bumped revision number for resource dc7947f6-3b0d-4a8f-bfe1-4a3fbbe45a5d (type: security_group_rules) to 0 [pid: 7|app: 0|req: 613/1184] 10.0.0.234 () {32 vars in 726 bytes} [Thu Jul 16 15:33:49 2026] DELETE /v2.0/networks/bbe24250-176f-4c3f-a9f1-34e81c657081 => generated 0 bytes in 400 msecs (HTTP/1.1 204) 3 headers in 131 bytes (1 switches on core 0) [pid: 8|app: 0|req: 572/1185] 10.0.0.234 () {34 vars in 685 bytes} [Thu Jul 16 15:33:49 2026] POST /v2.0/security-groups => generated 1659 bytes in 301 msecs (HTTP/1.1 201) 4 headers in 163 bytes (1 switches on core 0)
2026-07-16 15:33:50.169 8 INFO neutron.notifiers.nova [-] Nova event matching ['req-93663ac9-becb-49f2-8cf4-61cc0acd2175'] response: {'server_uuid': 'f73b810e-3f6f-4a39-a34e-9fb0c40c481e', 'name': 'network-vif-plugged', 'status': 'completed', 'tag': '6a9bc8e7-d646-438f-b7df-9791a2ba4714', 'code': 200}
2026-07-16 15:33:50.281 8 INFO neutron.db.ovn_revision_numbers_db [None req-67ecc53c-460a-4298-8011-d8e78ece7b28 712d787598164bc7b3e8d3bb9f8881ee b5be8c726fe8427d8d62731cb22bac2c - - default default] Successfully bumped revision number for resource 0c2df62e-376f-4651-b6fd-00aa0b2ee404 (type: security_group_rules) to 0 [pid: 8|app: 0|req: 573/1186] 10.0.0.234 () {34 vars in 695 bytes} [Thu Jul 16 15:33:50 2026] POST /v2.0/security-group-rules => generated 597 bytes in 247 msecs (HTTP/1.1 201) 4 headers in 162 bytes (1 switches on core 0)
2026-07-16 15:33:50.360 7 WARNING neutron.scheduler.dhcp_agent_scheduler [None req-386e1b0a-83da-4946-acac-f7e649087954 624c515e745a4c64b5ec05f1c61f9dd8 cef837ee96ea42c39fc496ba9694d44c - - default default] No more DHCP agents
2026-07-16 15:33:50.361 7 WARNING neutron.api.rpc.agentnotifiers.dhcp_rpc_agent_api [None req-386e1b0a-83da-4946-acac-f7e649087954 624c515e745a4c64b5ec05f1c61f9dd8 cef837ee96ea42c39fc496ba9694d44c - - default default] Unable to schedule network 0abb38ae-6a47-4475-bd40-8f040049581a: no agents available; will retry on subsequent port and subnet creation events. [pid: 8|app: 0|req: 574/1187] 10.0.0.238 () {34 vars in 990 bytes} [Thu Jul 16 15:33:50 2026] GET /v2.0/ports?device_id=f73b810e-3f6f-4a39-a34e-9fb0c40c481e => generated 971 bytes in 44 msecs (HTTP/1.1 200) 4 headers in 157 bytes (1 switches on core 0)
2026-07-16 15:33:50.412 8 INFO neutron.plugins.ml2.drivers.ovn.mech_driver.mech_driver [None req-5b898124-ab44-4e3b-b44c-c67fc3c4a05d - - - - - -] OVN reports status down for port: 33513e20-1d7b-40d8-bfba-97d97210bda3
2026-07-16 15:33:50.441 7 INFO neutron.db.ovn_revision_numbers_db [None req-386e1b0a-83da-4946-acac-f7e649087954 624c515e745a4c64b5ec05f1c61f9dd8 cef837ee96ea42c39fc496ba9694d44c - - default default] Successfully bumped revision number for resource 33513e20-1d7b-40d8-bfba-97d97210bda3 (type: ports) to 1 [pid: 7|app: 0|req: 614/1188] 10.0.0.234 () {34 vars in 665 bytes} [Thu Jul 16 15:33:50 2026] POST /v2.0/ports => generated 775 bytes in 461 msecs (HTTP/1.1 201) 4 headers in 162 bytes (1 switches on core 0) /var/lib/openstack/lib/python3.12/site-packages/pycadf/identifier.py:70: UserWarning: Invalid uuid: neutron. To ensure interoperability, identifiers should be a valid uuid. warnings.warn(('Invalid uuid: %s. To ensure interoperability, ' [pid: 7|app: 0|req: 615/1189] 10.0.0.238 () {34 vars in 1040 bytes} [Thu Jul 16 15:33:50 2026] GET /v2.0/security-groups?id=a8cab6d9-8fea-4afe-b16c-19acf14c6a0e&fields=id&fields=name => generated 113 bytes in 28 msecs (HTTP/1.1 200) 4 headers in 157 bytes (1 switches on core 0)
2026-07-16 15:33:50.626 8 INFO neutron.db.ovn_revision_numbers_db [None req-90541053-01f6-4104-a0d2-38268b14aaa3 712d787598164bc7b3e8d3bb9f8881ee b5be8c726fe8427d8d62731cb22bac2c - - default default] Successfully bumped revision number for resource 6f8736b7-1f14-4415-8376-0c9bf40ba96a (type: security_group_rules) to 0 [pid: 8|app: 0|req: 575/1190] 10.0.0.234 () {34 vars in 695 bytes} [Thu Jul 16 15:33:50 2026] POST /v2.0/security-group-rules => generated 602 bytes in 285 msecs (HTTP/1.1 201) 4 headers in 162 bytes (1 switches on core 0) [pid: 8|app: 0|req: 576/1191] 10.0.0.238 () {34 vars in 990 bytes} [Thu Jul 16 15:33:50 2026] GET /v2.0/ports?device_id=f73b810e-3f6f-4a39-a34e-9fb0c40c481e => generated 971 bytes in 45 msecs (HTTP/1.1 200) 4 headers in 157 bytes (1 switches on core 0)
2026-07-16 15:33:50.776 8 INFO neutron.plugins.ml2.drivers.ovn.mech_driver.mech_driver [None req-5b898124-ab44-4e3b-b44c-c67fc3c4a05d - - - - - -] OVN reports status down for port: 33513e20-1d7b-40d8-bfba-97d97210bda3
2026-07-16 15:33:50.813 7 INFO neutron.db.ovn_revision_numbers_db [None req-6cbc5ee2-8fb1-4690-ac99-35d2958a31d8 624c515e745a4c64b5ec05f1c61f9dd8 cef837ee96ea42c39fc496ba9694d44c - - default default] Successfully bumped revision number for resource 33513e20-1d7b-40d8-bfba-97d97210bda3 (type: ports) to 2 [pid: 7|app: 0|req: 616/1192] 10.0.0.234 () {34 vars in 737 bytes} [Thu Jul 16 15:33:50 2026] PUT /v2.0/ports/33513e20-1d7b-40d8-bfba-97d97210bda3 => generated 752 bytes in 303 msecs (HTTP/1.1 200) 4 headers in 157 bytes (1 switches on core 0) /var/lib/openstack/lib/python3.12/site-packages/pycadf/identifier.py:70: UserWarning: Invalid uuid: neutron. To ensure interoperability, identifiers should be a valid uuid. warnings.warn(('Invalid uuid: %s. To ensure interoperability, ' [pid: 8|app: 0|req: 577/1193] 10.0.0.234 () {32 vars in 774 bytes} [Thu Jul 16 15:33:50 2026] GET /v2.0/security-groups?tenant_id=f3210dce9a964283b2823f62b08e54fb&name=default => generated 2925 bytes in 151 msecs (HTTP/1.1 200) 4 headers in 158 bytes (1 switches on core 0)
2026-07-16 15:33:51.178 7 WARNING neutron.scheduler.dhcp_agent_scheduler [None req-80ca5f7a-ede7-46ac-ad2e-fa81591dcbc6 712d787598164bc7b3e8d3bb9f8881ee b5be8c726fe8427d8d62731cb22bac2c - - default default] No more DHCP agents
2026-07-16 15:33:51.180 7 WARNING neutron.api.rpc.agentnotifiers.dhcp_rpc_agent_api [None req-80ca5f7a-ede7-46ac-ad2e-fa81591dcbc6 712d787598164bc7b3e8d3bb9f8881ee b5be8c726fe8427d8d62731cb22bac2c - - default default] Unable to schedule network 5b87638d-44e6-40a8-b34e-97e73b77d4b6: no agents available; will retry on subsequent port and subnet creation events.
2026-07-16 15:33:51.473 8 INFO neutron.db.ovn_revision_numbers_db [None req-ec47f5a6-f800-4540-b896-ef41415790ad 96dd12487b014639a9911b74baa85770 f13787ec170842488d98404904ac8564 - - default default] Successfully bumped revision number for resource 064e5da6-f633-40ea-bcd8-fca082c5a397 (type: floatingips) to 1 [pid: 7|app: 0|req: 617/1194] 10.0.0.234 () {34 vars in 676 bytes} [Thu Jul 16 15:33:50 2026] POST /v2.0/floatingips => generated 552 bytes in 673 msecs (HTTP/1.1 201) 4 headers in 162 bytes (1 switches on core 0)
2026-07-16 15:33:51.611 8 INFO neutron.db.ovn_revision_numbers_db [None req-ec47f5a6-f800-4540-b896-ef41415790ad 96dd12487b014639a9911b74baa85770 f13787ec170842488d98404904ac8564 - - default default] Successfully bumped revision number for resource 064e5da6-f633-40ea-bcd8-fca082c5a397 (type: floatingips) to 2
2026-07-16 15:33:51.611 8 INFO neutron.db.l3_db [None req-ec47f5a6-f800-4540-b896-ef41415790ad 96dd12487b014639a9911b74baa85770 f13787ec170842488d98404904ac8564 - - default default] Floating IP 064e5da6-f633-40ea-bcd8-fca082c5a397 associated. External IP: 10.96.250.214, port: 6a9bc8e7-d646-438f-b7df-9791a2ba4714.
2026-07-16 15:33:51.629 7 INFO neutron_taas.services.taas.taas_plugin [None req-372e2e6e-4552-4a87-9d72-12d679277132 624c515e745a4c64b5ec05f1c61f9dd8 cef837ee96ea42c39fc496ba9694d44c - - default default] TaaS: Handle Delete Port: 33513e20-1d7b-40d8-bfba-97d97210bda3
2026-07-16 15:33:51.632 7 INFO neutron_taas.services.taas.tap_mirror_plugin [None req-372e2e6e-4552-4a87-9d72-12d679277132 624c515e745a4c64b5ec05f1c61f9dd8 cef837ee96ea42c39fc496ba9694d44c - - default default] Tap Mirror: Handle Delete Port: 33513e20-1d7b-40d8-bfba-97d97210bda3 [pid: 8|app: 0|req: 578/1195] 10.0.0.234 () {34 vars in 749 bytes} [Thu Jul 16 15:33:50 2026] PUT /v2.0/floatingips/064e5da6-f633-40ea-bcd8-fca082c5a397 => generated 855 bytes in 780 msecs (HTTP/1.1 200) 4 headers in 157 bytes (1 switches on core 0) /var/lib/openstack/lib/python3.12/site-packages/pycadf/identifier.py:70: UserWarning: Invalid uuid: neutron. To ensure interoperability, identifiers should be a valid uuid. warnings.warn(('Invalid uuid: %s. To ensure interoperability, ' [pid: 7|app: 0|req: 618/1196] 10.0.0.234 () {32 vars in 720 bytes} [Thu Jul 16 15:33:51 2026] DELETE /v2.0/ports/33513e20-1d7b-40d8-bfba-97d97210bda3 => generated 0 bytes in 242 msecs (HTTP/1.1 204) 3 headers in 131 bytes (1 switches on core 0) [pid: 7|app: 0|req: 619/1197] 10.0.0.234 () {32 vars in 643 bytes} [Thu Jul 16 15:33:51 2026] GET /v2.0/ports => generated 1534 bytes in 58 msecs (HTTP/1.1 200) 4 headers in 158 bytes (1 switches on core 0)
2026-07-16 15:33:51.831 7 INFO neutron.pecan_wsgi.hooks.translation [None req-0e060377-e468-4be6-9690-4750801d6904 624c515e745a4c64b5ec05f1c61f9dd8 cef837ee96ea42c39fc496ba9694d44c - - default default] GET failed (client error): The resource could not be found. [pid: 7|app: 0|req: 620/1198] 10.0.0.234 () {32 vars in 717 bytes} [Thu Jul 16 15:33:51 2026] GET /v2.0/ports/33513e20-1d7b-40d8-bfba-97d97210bda3 => generated 132 bytes in 17 msecs (HTTP/1.1 404) 4 headers in 164 bytes (1 switches on core 0) [pid: 7|app: 0|req: 621/1199] 10.0.0.234 () {32 vars in 643 bytes} [Thu Jul 16 15:33:51 2026] GET /v2.0/ports => generated 1534 bytes in 34 msecs (HTTP/1.1 200) 4 headers in 158 bytes (1 switches on core 0) [pid: 7|app: 0|req: 622/1200] 10.0.0.234 () {32 vars in 717 bytes} [Thu Jul 16 15:33:51 2026] GET /v2.0/ports/62b906e5-9edf-4adf-b452-20945e40b6f4 => generated 775 bytes in 36 msecs (HTTP/1.1 200) 4 headers in 157 bytes (1 switches on core 0)
2026-07-16 15:33:51.945 7 INFO neutron.pecan_wsgi.hooks.translation [None req-a7fdd90f-291c-409b-b4ad-ffa6aba915f2 624c515e745a4c64b5ec05f1c61f9dd8 cef837ee96ea42c39fc496ba9694d44c - - default default] DELETE failed (client error): The resource could not be found. [pid: 7|app: 0|req: 623/1201] 10.0.0.234 () {32 vars in 720 bytes} [Thu Jul 16 15:33:51 2026] DELETE /v2.0/ports/15f0766e-d8f0-42cc-83a0-ea6dac846276 => generated 132 bytes in 25 msecs (HTTP/1.1 404) 4 headers in 164 bytes (1 switches on core 0) [pid: 8|app: 0|req: 579/1202] 10.0.0.234 () {32 vars in 740 bytes} [Thu Jul 16 15:33:51 2026] DELETE /v2.0/security-groups/17acb5d2-09a4-473d-a307-c77320ae46d7 => generated 0 bytes in 304 msecs (HTTP/1.1 204) 2 headers in 112 bytes (1 switches on core 0)
2026-07-16 15:33:51.979 7 INFO neutron.pecan_wsgi.hooks.translation [None req-39f7a3d4-e4f9-4b15-8a6c-8ba16cb123ff 624c515e745a4c64b5ec05f1c61f9dd8 cef837ee96ea42c39fc496ba9694d44c - - default default] DELETE failed (client error): The resource could not be found. [pid: 7|app: 0|req: 624/1203] 10.0.0.234 () {32 vars in 724 bytes} [Thu Jul 16 15:33:51 2026] DELETE /v2.0/subnets/f8af50be-b406-4023-a7ab-dfd68d13b476 => generated 136 bytes in 19 msecs (HTTP/1.1 404) 4 headers in 164 bytes (1 switches on core 0)
2026-07-16 15:33:52.007 8 INFO neutron.pecan_wsgi.hooks.translation [None req-5c467ab7-5a86-433a-b55f-f172aa8b3669 624c515e745a4c64b5ec05f1c61f9dd8 cef837ee96ea42c39fc496ba9694d44c - - default default] DELETE failed (client error): The resource could not be found. [pid: 8|app: 0|req: 580/1204] 10.0.0.234 () {32 vars in 724 bytes} [Thu Jul 16 15:33:51 2026] DELETE /v2.0/subnets/1853f16e-d037-48cc-b956-5fb84c691efd => generated 136 bytes in 18 msecs (HTTP/1.1 404) 4 headers in 164 bytes (1 switches on core 0) [pid: 7|app: 0|req: 625/1205] 10.0.0.238 () {34 vars in 1098 bytes} [Thu Jul 16 15:33:51 2026] GET /v2.0/security-groups?name=tempest-securitygroup--871681337&fields=id&tenant_id=b5be8c726fe8427d8d62731cb22bac2c => generated 69 bytes in 44 msecs (HTTP/1.1 200) 4 headers in 156 bytes (1 switches on core 0) [pid: 7|app: 0|req: 626/1206] 10.0.0.238 () {34 vars in 982 bytes} [Thu Jul 16 15:33:52 2026] GET /v2.0/networks?id=82870cea-c976-4ed2-91dd-371de3659a0f => generated 708 bytes in 62 msecs (HTTP/1.1 200) 4 headers in 157 bytes (1 switches on core 0) [pid: 7|app: 0|req: 627/1207] 10.0.0.238 () {34 vars in 965 bytes} [Thu Jul 16 15:33:52 2026] GET /v2.0/quotas/b5be8c726fe8427d8d62731cb22bac2c => generated 292 bytes in 13 msecs (HTTP/1.1 200) 4 headers in 157 bytes (1 switches on core 0)
2026-07-16 15:33:52.198 8 INFO neutron_taas.services.taas.taas_plugin [None req-199e1a67-c4de-48d4-8e94-3949fd82c335 624c515e745a4c64b5ec05f1c61f9dd8 cef837ee96ea42c39fc496ba9694d44c - - default default] TaaS: Handle Delete Port: 62b906e5-9edf-4adf-b452-20945e40b6f4
2026-07-16 15:33:52.201 8 INFO neutron_taas.services.taas.tap_mirror_plugin [None req-199e1a67-c4de-48d4-8e94-3949fd82c335 624c515e745a4c64b5ec05f1c61f9dd8 cef837ee96ea42c39fc496ba9694d44c - - default default] Tap Mirror: Handle Delete Port: 62b906e5-9edf-4adf-b452-20945e40b6f4
2026-07-16 15:33:52.236 8 INFO neutron.notifiers.nova [-] Nova event matching ['req-0a75e37e-e105-459b-bad9-cd74f588cec8'] response: {'name': 'network-changed', 'server_uuid': 'f73b810e-3f6f-4a39-a34e-9fb0c40c481e', 'tag': '6a9bc8e7-d646-438f-b7df-9791a2ba4714', 'status': 'completed', 'code': 200} [pid: 7|app: 0|req: 628/1208] 10.0.0.238 () {34 vars in 1002 bytes} [Thu Jul 16 15:33:52 2026] GET /v2.0/ports?tenant_id=b5be8c726fe8427d8d62731cb22bac2c&fields=id => generated 103 bytes in 107 msecs (HTTP/1.1 200) 4 headers in 157 bytes (1 switches on core 0) [pid: 7|app: 0|req: 629/1209] 10.0.0.238 () {34 vars in 1008 bytes} [Thu Jul 16 15:33:52 2026] GET /v2.0/networks/82870cea-c976-4ed2-91dd-371de3659a0f?fields=segments => generated 14 bytes in 89 msecs (HTTP/1.1 200) 4 headers in 156 bytes (1 switches on core 0) [pid: 8|app: 0|req: 581/1210] 10.0.0.234 () {32 vars in 720 bytes} [Thu Jul 16 15:33:52 2026] DELETE /v2.0/ports/62b906e5-9edf-4adf-b452-20945e40b6f4 => generated 0 bytes in 328 msecs (HTTP/1.1 204) 3 headers in 131 bytes (1 switches on core 0) [pid: 8|app: 0|req: 582/1211] 10.0.0.238 () {34 vars in 1108 bytes} [Thu Jul 16 15:33:52 2026] GET /v2.0/networks/82870cea-c976-4ed2-91dd-371de3659a0f?fields=provider%3Aphysical_network&fields=provider%3Anetwork_type => generated 79 bytes in 54 msecs (HTTP/1.1 200) 4 headers in 156 bytes (1 switches on core 0)
2026-07-16 15:33:52.479 7 INFO neutron_taas.services.taas.taas_plugin [None req-4ef8b431-9366-46c1-be94-56c8e4b3d190 624c515e745a4c64b5ec05f1c61f9dd8 cef837ee96ea42c39fc496ba9694d44c - - default default] TaaS: Handle Delete Port: 998029df-8356-4546-b99d-53f9db7dfe07
2026-07-16 15:33:52.482 7 INFO neutron_taas.services.taas.tap_mirror_plugin [None req-4ef8b431-9366-46c1-be94-56c8e4b3d190 624c515e745a4c64b5ec05f1c61f9dd8 cef837ee96ea42c39fc496ba9694d44c - - default default] Tap Mirror: Handle Delete Port: 998029df-8356-4546-b99d-53f9db7dfe07 [pid: 8|app: 0|req: 583/1212] 10.0.0.238 () {34 vars in 990 bytes} [Thu Jul 16 15:33:52 2026] GET /v2.0/ports?device_id=b2751f0c-7664-4837-b966-2988503dafa5 => generated 12 bytes in 33 msecs (HTTP/1.1 200) 4 headers in 156 bytes (1 switches on core 0)
2026-07-16 15:33:52.714 7 INFO neutron.services.segments.plugin [-] Segment 281b93d7-2ae6-4d6b-9dc3-2557cf7e6671 resource provider aggregate not found
2026-07-16 15:33:52.724 7 INFO neutron.services.segments.plugin [-] Segment 281b93d7-2ae6-4d6b-9dc3-2557cf7e6671 resource provider aggregate not found
2026-07-16 15:33:52.733 7 INFO neutron.services.segments.plugin [-] Segment 281b93d7-2ae6-4d6b-9dc3-2557cf7e6671 resource provider not found; error: Placement Client Error (4xx): {"errors": [{"status": 404, "title": "Not Found", "detail": "The resource could not be found.\n\n No resource provider with uuid 281b93d7-2ae6-4d6b-9dc3-2557cf7e6671 found for delete ", "request_id": "req-81b991cc-5969-4e2a-9ea9-06eb5e1c3c2f"}]}
