2026-07-16 15:37:07.291 7 INFO placement.requestlog [None req-be4c8203-7830-4b1d-bb87-169f0230a80d c0b0126e66f64531a25a292223627de0 2368c3a23d434f6a9d7decb6194e6927 - - 55ccbb5040f54b988ef75842f4bac467 55ccbb5040f54b988ef75842f4bac467] 10.0.0.219 "DELETE /resource_providers/ea101983-c2d1-44c8-a9cc-8a3158a943a9" status: 404 len: 246 microversion: 1.1 [pid: 7|app: 0|req: 520/1034] 10.0.0.219 () {34 vars in 816 bytes} [Thu Jul 16 15:37:07 2026] DELETE /resource_providers/ea101983-c2d1-44c8-a9cc-8a3158a943a9 => generated 246 bytes in 27 msecs (HTTP/1.1 404) 6 headers in 231 bytes (1 switches on core 0)
2026-07-16 15:37:07.294 8 INFO placement.requestlog [None req-97381048-e37c-4e1b-95f5-3a25a85087fa c0b0126e66f64531a25a292223627de0 2368c3a23d434f6a9d7decb6194e6927 - - 55ccbb5040f54b988ef75842f4bac467 55ccbb5040f54b988ef75842f4bac467] 10.0.0.219 "DELETE /resource_providers/ea101983-c2d1-44c8-a9cc-8a3158a943a9" status: 404 len: 246 microversion: 1.1 [pid: 8|app: 0|req: 515/1035] 10.0.0.219 () {34 vars in 816 bytes} [Thu Jul 16 15:37:07 2026] DELETE /resource_providers/ea101983-c2d1-44c8-a9cc-8a3158a943a9 => generated 246 bytes in 30 msecs (HTTP/1.1 404) 6 headers in 231 bytes (1 switches on core 0)
2026-07-16 15:37:07.885 7 INFO placement.requestlog [req-d4ec8adc-7009-460e-b3e3-efa5928f621d req-296f2210-4bbe-4f59-9865-619daa67d093 1cf43c1726954d77a60d61eade582ec7 2368c3a23d434f6a9d7decb6194e6927 - - 55ccbb5040f54b988ef75842f4bac467 55ccbb5040f54b988ef75842f4bac467] 199.204.45.70 "GET /resource_providers/1df0d6e8-f837-49ff-86ef-d8742e0df36a/allocations" status: 200 len: 153 microversion: 1.0 [pid: 7|app: 0|req: 521/1036] 199.204.45.70 () {32 vars in 856 bytes} [Thu Jul 16 15:37:07 2026] GET /resource_providers/1df0d6e8-f837-49ff-86ef-d8742e0df36a/allocations => generated 153 bytes in 12 msecs (HTTP/1.1 200) 6 headers in 224 bytes (1 switches on core 0)
2026-07-16 15:37:07.906 8 INFO placement.requestlog [req-d4ec8adc-7009-460e-b3e3-efa5928f621d req-e968e2de-577f-4491-8a84-786936c0f9ba 1cf43c1726954d77a60d61eade582ec7 2368c3a23d434f6a9d7decb6194e6927 - - 55ccbb5040f54b988ef75842f4bac467 55ccbb5040f54b988ef75842f4bac467] 199.204.45.70 "GET /allocations/17660a24-1204-4ddc-b2c2-ad21852ae64a" status: 200 len: 258 microversion: 1.28 [pid: 8|app: 0|req: 516/1037] 199.204.45.70 () {34 vars in 862 bytes} [Thu Jul 16 15:37:07 2026] GET /allocations/17660a24-1204-4ddc-b2c2-ad21852ae64a => generated 258 bytes in 16 msecs (HTTP/1.1 200) 8 headers in 296 bytes (1 switches on core 0)
2026-07-16 15:37:08.162 7 INFO placement.requestlog [None req-566ea87f-566d-4c2a-be64-b056d19d3e4f c0b0126e66f64531a25a292223627de0 2368c3a23d434f6a9d7decb6194e6927 - - 55ccbb5040f54b988ef75842f4bac467 55ccbb5040f54b988ef75842f4bac467] 10.0.0.219 "GET /resource_providers/161913e2-08a4-4eae-89f4-7bad43ec2c64/aggregates" status: 404 len: 235 microversion: 1.1 [pid: 7|app: 0|req: 522/1038] 10.0.0.219 () {32 vars in 816 bytes} [Thu Jul 16 15:37:08 2026] GET /resource_providers/161913e2-08a4-4eae-89f4-7bad43ec2c64/aggregates => generated 235 bytes in 9 msecs (HTTP/1.1 404) 5 headers in 202 bytes (1 switches on core 0)
2026-07-16 15:37:08.175 8 INFO placement.requestlog [None req-8d4c8ee3-dcd6-41d2-924f-fca968a3563e c0b0126e66f64531a25a292223627de0 2368c3a23d434f6a9d7decb6194e6927 - - 55ccbb5040f54b988ef75842f4bac467 55ccbb5040f54b988ef75842f4bac467] 10.0.0.219 "GET /resource_providers/161913e2-08a4-4eae-89f4-7bad43ec2c64/aggregates" status: 404 len: 235 microversion: 1.1 [pid: 8|app: 0|req: 517/1039] 10.0.0.219 () {32 vars in 816 bytes} [Thu Jul 16 15:37:08 2026] GET /resource_providers/161913e2-08a4-4eae-89f4-7bad43ec2c64/aggregates => generated 235 bytes in 8 msecs (HTTP/1.1 404) 5 headers in 202 bytes (1 switches on core 0)
2026-07-16 15:37:08.181 7 INFO placement.requestlog [None req-b439d3d0-4030-4bd1-8089-846bb6731fba c0b0126e66f64531a25a292223627de0 2368c3a23d434f6a9d7decb6194e6927 - - 55ccbb5040f54b988ef75842f4bac467 55ccbb5040f54b988ef75842f4bac467] 10.0.0.219 "DELETE /resource_providers/161913e2-08a4-4eae-89f4-7bad43ec2c64" status: 404 len: 246 microversion: 1.1 [pid: 7|app: 0|req: 523/1040] 10.0.0.219 () {34 vars in 816 bytes} [Thu Jul 16 15:37:08 2026] DELETE /resource_providers/161913e2-08a4-4eae-89f4-7bad43ec2c64 => generated 246 bytes in 8 msecs (HTTP/1.1 404) 6 headers in 231 bytes (1 switches on core 0)
2026-07-16 15:37:08.188 8 INFO placement.requestlog [None req-863837b1-b1e0-4dc2-b406-065a320b6d80 c0b0126e66f64531a25a292223627de0 2368c3a23d434f6a9d7decb6194e6927 - - 55ccbb5040f54b988ef75842f4bac467 55ccbb5040f54b988ef75842f4bac467] 10.0.0.219 "DELETE /resource_providers/161913e2-08a4-4eae-89f4-7bad43ec2c64" status: 404 len: 246 microversion: 1.1 [pid: 8|app: 0|req: 518/1041] 10.0.0.219 () {34 vars in 816 bytes} [Thu Jul 16 15:37:08 2026] DELETE /resource_providers/161913e2-08a4-4eae-89f4-7bad43ec2c64 => generated 246 bytes in 7 msecs (HTTP/1.1 404) 6 headers in 231 bytes (1 switches on core 0)
2026-07-16 15:37:08.388 7 INFO placement.requestlog [None req-94d0bc24-caea-4bff-817b-b4ea25451c3f - - - - - -] 10.0.0.212 "GET /" status: 200 len: 136 microversion: 1.0
2026-07-16 15:37:08.389 8 INFO placement.requestlog [None req-6c449c4f-e841-467d-baf9-c7ea36fb14d5 - - - - - -] 10.0.0.212 "GET /" status: 200 len: 136 microversion: 1.0
2026-07-16 15:37:08.955 7 INFO placement.requestlog [req-d4ec8adc-7009-460e-b3e3-efa5928f621d req-cfebe14f-fd4e-42fa-9cd3-5e70fd785b66 1cf43c1726954d77a60d61eade582ec7 2368c3a23d434f6a9d7decb6194e6927 - - 55ccbb5040f54b988ef75842f4bac467 55ccbb5040f54b988ef75842f4bac467] 199.204.45.70 "DELETE /allocations/17660a24-1204-4ddc-b2c2-ad21852ae64a" status: 204 len: 0 microversion: 1.0 [pid: 7|app: 0|req: 525/1044] 199.204.45.70 () {34 vars in 840 bytes} [Thu Jul 16 15:37:08 2026] DELETE /allocations/17660a24-1204-4ddc-b2c2-ad21852ae64a => generated 0 bytes in 25 msecs (HTTP/1.1 204) 5 headers in 198 bytes (1 switches on core 0)
2026-07-16 15:37:15.497 8 INFO placement.requestlog [None req-bb36602f-2d1c-4d37-897d-7acebcb84a92 c0b0126e66f64531a25a292223627de0 2368c3a23d434f6a9d7decb6194e6927 - - 55ccbb5040f54b988ef75842f4bac467 55ccbb5040f54b988ef75842f4bac467] 10.0.0.219 "GET /resource_providers/2abb22a6-776d-49d0-b683-e9bab75a49c1/aggregates" status: 404 len: 235 microversion: 1.1
2026-07-16 15:37:15.497 7 INFO placement.requestlog [None req-e9fddc7a-aeb1-4b9a-b4cd-cf9f93db4eb7 c0b0126e66f64531a25a292223627de0 2368c3a23d434f6a9d7decb6194e6927 - - 55ccbb5040f54b988ef75842f4bac467 55ccbb5040f54b988ef75842f4bac467] 10.0.0.219 "GET /resource_providers/2abb22a6-776d-49d0-b683-e9bab75a49c1/aggregates" status: 404 len: 235 microversion: 1.1 [pid: 8|app: 0|req: 520/1045] 10.0.0.219 () {32 vars in 816 bytes} [Thu Jul 16 15:37:15 2026] GET /resource_providers/2abb22a6-776d-49d0-b683-e9bab75a49c1/aggregates => generated 235 bytes in 11 msecs (HTTP/1.1 404) 5 headers in 202 bytes (1 switches on core 0) [pid: 7|app: 0|req: 526/1046] 10.0.0.219 () {32 vars in 816 bytes} [Thu Jul 16 15:37:15 2026] GET /resource_providers/2abb22a6-776d-49d0-b683-e9bab75a49c1/aggregates => generated 235 bytes in 11 msecs (HTTP/1.1 404) 5 headers in 202 bytes (1 switches on core 0)
2026-07-16 15:37:15.527 8 INFO placement.requestlog [None req-85f2ddef-6d06-4c9f-af62-db7528778c65 c0b0126e66f64531a25a292223627de0 2368c3a23d434f6a9d7decb6194e6927 - - 55ccbb5040f54b988ef75842f4bac467 55ccbb5040f54b988ef75842f4bac467] 10.0.0.219 "DELETE /resource_providers/2abb22a6-776d-49d0-b683-e9bab75a49c1" status: 404 len: 246 microversion: 1.1 [pid: 8|app: 0|req: 521/1047] 10.0.0.219 () {34 vars in 816 bytes} [Thu Jul 16 15:37:15 2026] DELETE /resource_providers/2abb22a6-776d-49d0-b683-e9bab75a49c1 => generated 246 bytes in 10 msecs (HTTP/1.1 404) 6 headers in 231 bytes (1 switches on core 0)
2026-07-16 15:37:15.528 7 INFO placement.requestlog [None req-dda6514f-d59f-44ad-b8e1-66b3a2d72078 c0b0126e66f64531a25a292223627de0 2368c3a23d434f6a9d7decb6194e6927 - - 55ccbb5040f54b988ef75842f4bac467 55ccbb5040f54b988ef75842f4bac467] 10.0.0.219 "DELETE /resource_providers/2abb22a6-776d-49d0-b683-e9bab75a49c1" status: 404 len: 246 microversion: 1.1 [pid: 7|app: 0|req: 527/1048] 10.0.0.219 () {34 vars in 816 bytes} [Thu Jul 16 15:37:15 2026] DELETE /resource_providers/2abb22a6-776d-49d0-b683-e9bab75a49c1 => generated 246 bytes in 10 msecs (HTTP/1.1 404) 6 headers in 231 bytes (1 switches on core 0)
2026-07-16 15:37:17.459 8 INFO placement.requestlog [None req-25fc67ab-9527-400f-b28c-209695123ef9 c0b0126e66f64531a25a292223627de0 2368c3a23d434f6a9d7decb6194e6927 - - 55ccbb5040f54b988ef75842f4bac467 55ccbb5040f54b988ef75842f4bac467] 10.0.0.219 "GET /resource_providers/ec47a1ea-c186-4646-8ee4-0aba345a920a/aggregates" status: 404 len: 235 microversion: 1.1 [pid: 8|app: 0|req: 522/1049] 10.0.0.219 () {32 vars in 816 bytes} [Thu Jul 16 15:37:17 2026] GET /resource_providers/ec47a1ea-c186-4646-8ee4-0aba345a920a/aggregates => generated 235 bytes in 9 msecs (HTTP/1.1 404) 5 headers in 202 bytes (1 switches on core 0)
2026-07-16 15:37:17.461 7 INFO placement.requestlog [None req-03046e2b-976d-47fa-a0d8-d8665a28d476 c0b0126e66f64531a25a292223627de0 2368c3a23d434f6a9d7decb6194e6927 - - 55ccbb5040f54b988ef75842f4bac467 55ccbb5040f54b988ef75842f4bac467] 10.0.0.219 "GET /resource_providers/ec47a1ea-c186-4646-8ee4-0aba345a920a/aggregates" status: 404 len: 235 microversion: 1.1 [pid: 7|app: 0|req: 528/1050] 10.0.0.219 () {32 vars in 816 bytes} [Thu Jul 16 15:37:17 2026] GET /resource_providers/ec47a1ea-c186-4646-8ee4-0aba345a920a/aggregates => generated 235 bytes in 12 msecs (HTTP/1.1 404) 5 headers in 202 bytes (1 switches on core 0)
2026-07-16 15:37:17.485 8 INFO placement.requestlog [None req-dd7719f7-ea95-49ee-869e-1219bd7da40c c0b0126e66f64531a25a292223627de0 2368c3a23d434f6a9d7decb6194e6927 - - 55ccbb5040f54b988ef75842f4bac467 55ccbb5040f54b988ef75842f4bac467] 10.0.0.219 "DELETE /resource_providers/ec47a1ea-c186-4646-8ee4-0aba345a920a" status: 404 len: 246 microversion: 1.1 [pid: 8|app: 0|req: 523/1051] 10.0.0.219 () {34 vars in 816 bytes} [Thu Jul 16 15:37:17 2026] DELETE /resource_providers/ec47a1ea-c186-4646-8ee4-0aba345a920a => generated 246 bytes in 8 msecs (HTTP/1.1 404) 6 headers in 231 bytes (1 switches on core 0)
2026-07-16 15:37:17.491 7 INFO placement.requestlog [None req-ddadd5a0-26bd-40bd-83b5-6088d6612d18 c0b0126e66f64531a25a292223627de0 2368c3a23d434f6a9d7decb6194e6927 - - 55ccbb5040f54b988ef75842f4bac467 55ccbb5040f54b988ef75842f4bac467] 10.0.0.219 "DELETE /resource_providers/ec47a1ea-c186-4646-8ee4-0aba345a920a" status: 404 len: 246 microversion: 1.1 [pid: 7|app: 0|req: 529/1052] 10.0.0.219 () {34 vars in 816 bytes} [Thu Jul 16 15:37:17 2026] DELETE /resource_providers/ec47a1ea-c186-4646-8ee4-0aba345a920a => generated 246 bytes in 12 msecs (HTTP/1.1 404) 6 headers in 231 bytes (1 switches on core 0)
2026-07-16 15:37:18.388 7 INFO placement.requestlog [None req-831f70a1-7424-41aa-9c15-e71e0ba69efd - - - - - -] 10.0.0.212 "GET /" status: 200 len: 136 microversion: 1.0
2026-07-16 15:37:18.392 8 INFO placement.requestlog [None req-640c537f-d22d-435e-93b5-eeba7c3f6126 - - - - - -] 10.0.0.212 "GET /" status: 200 len: 136 microversion: 1.0
2026-07-16 15:37:19.514 8 INFO placement.requestlog [None req-6e87469d-c4e8-46e1-9b91-b27956c7d6c4 c0b0126e66f64531a25a292223627de0 2368c3a23d434f6a9d7decb6194e6927 - - 55ccbb5040f54b988ef75842f4bac467 55ccbb5040f54b988ef75842f4bac467] 10.0.0.219 "GET /resource_providers/948c16b3-de48-4cd0-8eda-19f21bd12848/aggregates" status: 404 len: 235 microversion: 1.1 [pid: 8|app: 0|req: 525/1055] 10.0.0.219 () {32 vars in 816 bytes} [Thu Jul 16 15:37:19 2026] GET /resource_providers/948c16b3-de48-4cd0-8eda-19f21bd12848/aggregates => generated 235 bytes in 8 msecs (HTTP/1.1 404) 5 headers in 202 bytes (1 switches on core 0)
2026-07-16 15:37:19.515 7 INFO placement.requestlog [None req-3e0f3e28-bc6f-47ce-9434-fca590a69fe5 c0b0126e66f64531a25a292223627de0 2368c3a23d434f6a9d7decb6194e6927 - - 55ccbb5040f54b988ef75842f4bac467 55ccbb5040f54b988ef75842f4bac467] 10.0.0.219 "GET /resource_providers/948c16b3-de48-4cd0-8eda-19f21bd12848/aggregates" status: 404 len: 235 microversion: 1.1 [pid: 7|app: 0|req: 531/1056] 10.0.0.219 () {32 vars in 816 bytes} [Thu Jul 16 15:37:19 2026] GET /resource_providers/948c16b3-de48-4cd0-8eda-19f21bd12848/aggregates => generated 235 bytes in 12 msecs (HTTP/1.1 404) 5 headers in 202 bytes (1 switches on core 0)
2026-07-16 15:37:19.540 8 INFO placement.requestlog [None req-04c0c9c2-6145-491c-a5e6-d8e8826fbbca c0b0126e66f64531a25a292223627de0 2368c3a23d434f6a9d7decb6194e6927 - - 55ccbb5040f54b988ef75842f4bac467 55ccbb5040f54b988ef75842f4bac467] 10.0.0.219 "DELETE /resource_providers/948c16b3-de48-4cd0-8eda-19f21bd12848" status: 404 len: 246 microversion: 1.1 [pid: 8|app: 0|req: 526/1057] 10.0.0.219 () {34 vars in 816 bytes} [Thu Jul 16 15:37:19 2026] DELETE /resource_providers/948c16b3-de48-4cd0-8eda-19f21bd12848 => generated 246 bytes in 11 msecs (HTTP/1.1 404) 6 headers in 231 bytes (1 switches on core 0)
2026-07-16 15:37:19.565 7 INFO placement.requestlog [None req-e041fa05-956a-41b7-9286-3f32ed7f655d c0b0126e66f64531a25a292223627de0 2368c3a23d434f6a9d7decb6194e6927 - - 55ccbb5040f54b988ef75842f4bac467 55ccbb5040f54b988ef75842f4bac467] 10.0.0.219 "DELETE /resource_providers/948c16b3-de48-4cd0-8eda-19f21bd12848" status: 404 len: 246 microversion: 1.1 [pid: 7|app: 0|req: 532/1058] 10.0.0.219 () {34 vars in 816 bytes} [Thu Jul 16 15:37:19 2026] DELETE /resource_providers/948c16b3-de48-4cd0-8eda-19f21bd12848 => generated 246 bytes in 20 msecs (HTTP/1.1 404) 6 headers in 231 bytes (1 switches on core 0)
2026-07-16 15:37:25.585 8 INFO placement.requestlog [req-dc3b5f3b-cd05-4da2-87d6-451a4f06828d req-6a714b93-90e6-422a-9e15-5d85a755d71a 1cf43c1726954d77a60d61eade582ec7 2368c3a23d434f6a9d7decb6194e6927 - - 55ccbb5040f54b988ef75842f4bac467 55ccbb5040f54b988ef75842f4bac467] 10.0.0.164 "GET /allocation_candidates?limit=1000&resources=DISK_GB%3A1%2CMEMORY_MB%3A512%2CVCPU%3A1&root_required=%21COMPUTE_STATUS_DISABLED" status: 200 len: 2781 microversion: 1.36 [pid: 8|app: 0|req: 527/1059] 10.0.0.164 () {34 vars in 1012 bytes} [Thu Jul 16 15:37:25 2026] GET /allocation_candidates?limit=1000&resources=DISK_GB%3A1%2CMEMORY_MB%3A512%2CVCPU%3A1&root_required=%21COMPUTE_STATUS_DISABLED => generated 2781 bytes in 46 msecs (HTTP/1.1 200) 8 headers in 297 bytes (1 switches on core 0)
2026-07-16 15:37:25.617 7 INFO placement.requestlog [req-dc3b5f3b-cd05-4da2-87d6-451a4f06828d req-996a3b25-ec92-4830-a9e1-aacb84218f09 1cf43c1726954d77a60d61eade582ec7 2368c3a23d434f6a9d7decb6194e6927 - - 55ccbb5040f54b988ef75842f4bac467 55ccbb5040f54b988ef75842f4bac467] 10.0.0.164 "GET /allocations/d3206e99-3a8a-4f24-a4ed-bac760ad19be" status: 200 len: 19 microversion: 1.28 [pid: 7|app: 0|req: 533/1060] 10.0.0.164 () {34 vars in 861 bytes} [Thu Jul 16 15:37:25 2026] GET /allocations/d3206e99-3a8a-4f24-a4ed-bac760ad19be => generated 19 bytes in 11 msecs (HTTP/1.1 200) 8 headers in 295 bytes (1 switches on core 0)
2026-07-16 15:37:25.706 8 INFO placement.requestlog [req-dc3b5f3b-cd05-4da2-87d6-451a4f06828d req-9b4afd96-dbf3-43e6-baab-a3f88ef80b02 1cf43c1726954d77a60d61eade582ec7 2368c3a23d434f6a9d7decb6194e6927 - - 55ccbb5040f54b988ef75842f4bac467 55ccbb5040f54b988ef75842f4bac467] 10.0.0.164 "PUT /allocations/d3206e99-3a8a-4f24-a4ed-bac760ad19be" status: 204 len: 0 microversion: 1.36 [pid: 8|app: 0|req: 528/1061] 10.0.0.164 () {38 vars in 914 bytes} [Thu Jul 16 15:37:25 2026] PUT /allocations/d3206e99-3a8a-4f24-a4ed-bac760ad19be => generated 0 bytes in 81 msecs (HTTP/1.1 204) 5 headers in 199 bytes (1 switches on core 0)
2026-07-16 15:37:26.997 8 INFO placement.requestlog [None req-f2b40406-77d8-4fb7-a5f0-5244c466c51d c0b0126e66f64531a25a292223627de0 2368c3a23d434f6a9d7decb6194e6927 - - 55ccbb5040f54b988ef75842f4bac467 55ccbb5040f54b988ef75842f4bac467] 10.0.0.219 "GET /resource_providers/0e428ba6-ab79-47c0-938b-4497e5a1bb21/aggregates" status: 404 len: 235 microversion: 1.1 [pid: 8|app: 0|req: 529/1062] 10.0.0.219 () {32 vars in 816 bytes} [Thu Jul 16 15:37:26 2026] GET /resource_providers/0e428ba6-ab79-47c0-938b-4497e5a1bb21/aggregates => generated 235 bytes in 8 msecs (HTTP/1.1 404) 5 headers in 202 bytes (1 switches on core 0)
2026-07-16 15:37:26.999 7 INFO placement.requestlog [None req-7d601137-839a-4e06-9130-c1bbe4416000 c0b0126e66f64531a25a292223627de0 2368c3a23d434f6a9d7decb6194e6927 - - 55ccbb5040f54b988ef75842f4bac467 55ccbb5040f54b988ef75842f4bac467] 10.0.0.219 "GET /resource_providers/0e428ba6-ab79-47c0-938b-4497e5a1bb21/aggregates" status: 404 len: 235 microversion: 1.1 [pid: 7|app: 0|req: 534/1063] 10.0.0.219 () {32 vars in 816 bytes} [Thu Jul 16 15:37:26 2026] GET /resource_providers/0e428ba6-ab79-47c0-938b-4497e5a1bb21/aggregates => generated 235 bytes in 10 msecs (HTTP/1.1 404) 5 headers in 202 bytes (1 switches on core 0)
2026-07-16 15:37:27.020 8 INFO placement.requestlog [None req-b31a7992-bc51-4aca-8dec-cda2db543bea c0b0126e66f64531a25a292223627de0 2368c3a23d434f6a9d7decb6194e6927 - - 55ccbb5040f54b988ef75842f4bac467 55ccbb5040f54b988ef75842f4bac467] 10.0.0.219 "DELETE /resource_providers/0e428ba6-ab79-47c0-938b-4497e5a1bb21" status: 404 len: 246 microversion: 1.1 [pid: 8|app: 0|req: 530/1064] 10.0.0.219 () {34 vars in 816 bytes} [Thu Jul 16 15:37:27 2026] DELETE /resource_providers/0e428ba6-ab79-47c0-938b-4497e5a1bb21 => generated 246 bytes in 11 msecs (HTTP/1.1 404) 6 headers in 231 bytes (1 switches on core 0)
2026-07-16 15:37:27.022 7 INFO placement.requestlog [None req-74bd55f7-4639-4b0a-aacd-e6b3496c4bce c0b0126e66f64531a25a292223627de0 2368c3a23d434f6a9d7decb6194e6927 - - 55ccbb5040f54b988ef75842f4bac467 55ccbb5040f54b988ef75842f4bac467] 10.0.0.219 "DELETE /resource_providers/0e428ba6-ab79-47c0-938b-4497e5a1bb21" status: 404 len: 246 microversion: 1.1 [pid: 7|app: 0|req: 535/1065] 10.0.0.219 () {34 vars in 816 bytes} [Thu Jul 16 15:37:27 2026] DELETE /resource_providers/0e428ba6-ab79-47c0-938b-4497e5a1bb21 => generated 246 bytes in 10 msecs (HTTP/1.1 404) 6 headers in 231 bytes (1 switches on core 0)
2026-07-16 15:37:27.238 8 INFO placement.requestlog [req-dc3b5f3b-cd05-4da2-87d6-451a4f06828d req-fb6f5226-bd76-41d2-91df-f3641cfd7971 1cf43c1726954d77a60d61eade582ec7 2368c3a23d434f6a9d7decb6194e6927 - - 55ccbb5040f54b988ef75842f4bac467 55ccbb5040f54b988ef75842f4bac467] 199.204.45.70 "GET /allocations/d3206e99-3a8a-4f24-a4ed-bac760ad19be" status: 200 len: 258 microversion: 1.28 [pid: 8|app: 0|req: 531/1066] 199.204.45.70 () {34 vars in 862 bytes} [Thu Jul 16 15:37:27 2026] GET /allocations/d3206e99-3a8a-4f24-a4ed-bac760ad19be => generated 258 bytes in 17 msecs (HTTP/1.1 200) 8 headers in 296 bytes (1 switches on core 0)
2026-07-16 15:37:28.280 7 INFO placement.requestlog [req-dc3b5f3b-cd05-4da2-87d6-451a4f06828d req-9d28bb88-c465-4c5a-a45b-8dd6fa681b11 1cf43c1726954d77a60d61eade582ec7 2368c3a23d434f6a9d7decb6194e6927 - - 55ccbb5040f54b988ef75842f4bac467 55ccbb5040f54b988ef75842f4bac467] 199.204.45.70 "GET /resource_providers/1df0d6e8-f837-49ff-86ef-d8742e0df36a/allocations" status: 200 len: 153 microversion: 1.0 [pid: 7|app: 0|req: 536/1067] 199.204.45.70 () {32 vars in 856 bytes} [Thu Jul 16 15:37:28 2026] GET /resource_providers/1df0d6e8-f837-49ff-86ef-d8742e0df36a/allocations => generated 153 bytes in 17 msecs (HTTP/1.1 200) 6 headers in 224 bytes (1 switches on core 0)
2026-07-16 15:37:28.298 8 INFO placement.requestlog [req-dc3b5f3b-cd05-4da2-87d6-451a4f06828d req-66cacda5-51f8-4f0b-a84a-69c6cd359b77 1cf43c1726954d77a60d61eade582ec7 2368c3a23d434f6a9d7decb6194e6927 - - 55ccbb5040f54b988ef75842f4bac467 55ccbb5040f54b988ef75842f4bac467] 199.204.45.70 "GET /allocations/d3206e99-3a8a-4f24-a4ed-bac760ad19be" status: 200 len: 258 microversion: 1.28 [pid: 8|app: 0|req: 532/1068] 199.204.45.70 () {34 vars in 862 bytes} [Thu Jul 16 15:37:28 2026] GET /allocations/d3206e99-3a8a-4f24-a4ed-bac760ad19be => generated 258 bytes in 13 msecs (HTTP/1.1 200) 8 headers in 296 bytes (1 switches on core 0)
2026-07-16 15:37:28.390 8 INFO placement.requestlog [None req-c3a9beba-7d0b-45bf-951c-ea2d2008ae4f - - - - - -] 10.0.0.212 "GET /" status: 200 len: 136 microversion: 1.0
2026-07-16 15:37:28.391 7 INFO placement.requestlog [None req-5a4fd3f0-e9b3-4565-8c32-2611cd6fb318 - - - - - -] 10.0.0.212 "GET /" status: 200 len: 136 microversion: 1.0
2026-07-16 15:37:32.776 7 INFO placement.requestlog [None req-966773d3-5b4c-42bf-8571-60198eca5f55 c0b0126e66f64531a25a292223627de0 2368c3a23d434f6a9d7decb6194e6927 - - 55ccbb5040f54b988ef75842f4bac467 55ccbb5040f54b988ef75842f4bac467] 10.0.0.219 "GET /resource_providers/384a8ad4-9722-4895-ba4c-142449c7cb2b/aggregates" status: 404 len: 235 microversion: 1.1 [pid: 7|app: 0|req: 538/1071] 10.0.0.219 () {32 vars in 816 bytes} [Thu Jul 16 15:37:32 2026] GET /resource_providers/384a8ad4-9722-4895-ba4c-142449c7cb2b/aggregates => generated 235 bytes in 9 msecs (HTTP/1.1 404) 5 headers in 202 bytes (1 switches on core 0)
2026-07-16 15:37:32.779 8 INFO placement.requestlog [None req-c349212e-d086-44d3-88cb-d6c54d7144bc c0b0126e66f64531a25a292223627de0 2368c3a23d434f6a9d7decb6194e6927 - - 55ccbb5040f54b988ef75842f4bac467 55ccbb5040f54b988ef75842f4bac467] 10.0.0.219 "GET /resource_providers/384a8ad4-9722-4895-ba4c-142449c7cb2b/aggregates" status: 404 len: 235 microversion: 1.1 [pid: 8|app: 0|req: 534/1072] 10.0.0.219 () {32 vars in 816 bytes} [Thu Jul 16 15:37:32 2026] GET /resource_providers/384a8ad4-9722-4895-ba4c-142449c7cb2b/aggregates => generated 235 bytes in 12 msecs (HTTP/1.1 404) 5 headers in 202 bytes (1 switches on core 0)
2026-07-16 15:37:32.802 7 INFO placement.requestlog [None req-2b971aeb-388d-4a18-816a-038e9da1c742 c0b0126e66f64531a25a292223627de0 2368c3a23d434f6a9d7decb6194e6927 - - 55ccbb5040f54b988ef75842f4bac467 55ccbb5040f54b988ef75842f4bac467] 10.0.0.219 "DELETE /resource_providers/384a8ad4-9722-4895-ba4c-142449c7cb2b" status: 404 len: 246 microversion: 1.1 [pid: 7|app: 0|req: 539/1073] 10.0.0.219 () {34 vars in 816 bytes} [Thu Jul 16 15:37:32 2026] DELETE /resource_providers/384a8ad4-9722-4895-ba4c-142449c7cb2b => generated 246 bytes in 11 msecs (HTTP/1.1 404) 6 headers in 231 bytes (1 switches on core 0)
2026-07-16 15:37:32.806 8 INFO placement.requestlog [None req-c7d410d0-7525-44dd-93c6-82d307c26cf9 c0b0126e66f64531a25a292223627de0 2368c3a23d434f6a9d7decb6194e6927 - - 55ccbb5040f54b988ef75842f4bac467 55ccbb5040f54b988ef75842f4bac467] 10.0.0.219 "DELETE /resource_providers/384a8ad4-9722-4895-ba4c-142449c7cb2b" status: 404 len: 246 microversion: 1.1 [pid: 8|app: 0|req: 535/1074] 10.0.0.219 () {34 vars in 816 bytes} [Thu Jul 16 15:37:32 2026] DELETE /resource_providers/384a8ad4-9722-4895-ba4c-142449c7cb2b => generated 246 bytes in 11 msecs (HTTP/1.1 404) 6 headers in 231 bytes (1 switches on core 0)
2026-07-16 15:37:33.210 8 INFO placement.requestlog [None req-2de4e57a-7fe7-4273-aee5-b3bca613af03 c0b0126e66f64531a25a292223627de0 2368c3a23d434f6a9d7decb6194e6927 - - 55ccbb5040f54b988ef75842f4bac467 55ccbb5040f54b988ef75842f4bac467] 10.0.0.219 "GET /resource_providers/57cdefe3-c9d8-4af5-b4f9-738f32de2b2f/aggregates" status: 404 len: 235 microversion: 1.1
2026-07-16 15:37:33.210 7 INFO placement.requestlog [None req-8660424e-6eb8-4032-a06b-9f1a8b83d68b c0b0126e66f64531a25a292223627de0 2368c3a23d434f6a9d7decb6194e6927 - - 55ccbb5040f54b988ef75842f4bac467 55ccbb5040f54b988ef75842f4bac467] 10.0.0.219 "GET /resource_providers/57cdefe3-c9d8-4af5-b4f9-738f32de2b2f/aggregates" status: 404 len: 235 microversion: 1.1 [pid: 8|app: 0|req: 536/1075] 10.0.0.219 () {32 vars in 816 bytes} [Thu Jul 16 15:37:33 2026] GET /resource_providers/57cdefe3-c9d8-4af5-b4f9-738f32de2b2f/aggregates => generated 235 bytes in 19 msecs (HTTP/1.1 404) 5 headers in 202 bytes (1 switches on core 0) [pid: 7|app: 0|req: 540/1076] 10.0.0.219 () {32 vars in 816 bytes} [Thu Jul 16 15:37:33 2026] GET /resource_providers/57cdefe3-c9d8-4af5-b4f9-738f32de2b2f/aggregates => generated 235 bytes in 19 msecs (HTTP/1.1 404) 5 headers in 202 bytes (1 switches on core 0)
2026-07-16 15:37:33.234 8 INFO placement.requestlog [None req-cf8e4c3b-da4c-4caf-9274-4bf66c87dd10 c0b0126e66f64531a25a292223627de0 2368c3a23d434f6a9d7decb6194e6927 - - 55ccbb5040f54b988ef75842f4bac467 55ccbb5040f54b988ef75842f4bac467] 10.0.0.219 "DELETE /resource_providers/57cdefe3-c9d8-4af5-b4f9-738f32de2b2f" status: 404 len: 246 microversion: 1.1 [pid: 8|app: 0|req: 537/1077] 10.0.0.219 () {34 vars in 816 bytes} [Thu Jul 16 15:37:33 2026] DELETE /resource_providers/57cdefe3-c9d8-4af5-b4f9-738f32de2b2f => generated 246 bytes in 8 msecs (HTTP/1.1 404) 6 headers in 231 bytes (1 switches on core 0)
2026-07-16 15:37:33.235 7 INFO placement.requestlog [None req-b5defeb5-c8c9-4560-b263-44b16dd52109 c0b0126e66f64531a25a292223627de0 2368c3a23d434f6a9d7decb6194e6927 - - 55ccbb5040f54b988ef75842f4bac467 55ccbb5040f54b988ef75842f4bac467] 10.0.0.219 "DELETE /resource_providers/57cdefe3-c9d8-4af5-b4f9-738f32de2b2f" status: 404 len: 246 microversion: 1.1 [pid: 7|app: 0|req: 541/1078] 10.0.0.219 () {34 vars in 816 bytes} [Thu Jul 16 15:37:33 2026] DELETE /resource_providers/57cdefe3-c9d8-4af5-b4f9-738f32de2b2f => generated 246 bytes in 9 msecs (HTTP/1.1 404) 6 headers in 231 bytes (1 switches on core 0)
2026-07-16 15:37:34.537 8 INFO placement.requestlog [req-e452ffb0-5005-42a8-9a5e-72514d16e82d req-9a69619b-8cea-4943-bfaf-d76d01bba081 1cf43c1726954d77a60d61eade582ec7 2368c3a23d434f6a9d7decb6194e6927 - - 55ccbb5040f54b988ef75842f4bac467 55ccbb5040f54b988ef75842f4bac467] 199.204.45.70 "GET /resource_providers/1df0d6e8-f837-49ff-86ef-d8742e0df36a/allocations" status: 200 len: 153 microversion: 1.0 [pid: 8|app: 0|req: 538/1079] 199.204.45.70 () {32 vars in 856 bytes} [Thu Jul 16 15:37:34 2026] GET /resource_providers/1df0d6e8-f837-49ff-86ef-d8742e0df36a/allocations => generated 153 bytes in 17 msecs (HTTP/1.1 200) 6 headers in 224 bytes (1 switches on core 0)
2026-07-16 15:37:34.565 7 INFO placement.requestlog [req-e452ffb0-5005-42a8-9a5e-72514d16e82d req-faa36d72-5b24-4a14-bb15-86893e6ba516 1cf43c1726954d77a60d61eade582ec7 2368c3a23d434f6a9d7decb6194e6927 - - 55ccbb5040f54b988ef75842f4bac467 55ccbb5040f54b988ef75842f4bac467] 199.204.45.70 "GET /resource_providers/1df0d6e8-f837-49ff-86ef-d8742e0df36a/allocations" status: 200 len: 153 microversion: 1.0 [pid: 7|app: 0|req: 542/1080] 199.204.45.70 () {32 vars in 856 bytes} [Thu Jul 16 15:37:34 2026] GET /resource_providers/1df0d6e8-f837-49ff-86ef-d8742e0df36a/allocations => generated 153 bytes in 22 msecs (HTTP/1.1 200) 6 headers in 224 bytes (1 switches on core 0)
2026-07-16 15:37:34.585 8 INFO placement.requestlog [req-e452ffb0-5005-42a8-9a5e-72514d16e82d req-9f4db224-56d4-4019-84b6-9c02426f56ec 1cf43c1726954d77a60d61eade582ec7 2368c3a23d434f6a9d7decb6194e6927 - - 55ccbb5040f54b988ef75842f4bac467 55ccbb5040f54b988ef75842f4bac467] 199.204.45.70 "GET /allocations/d3206e99-3a8a-4f24-a4ed-bac760ad19be" status: 200 len: 258 microversion: 1.28 [pid: 8|app: 0|req: 539/1081] 199.204.45.70 () {34 vars in 862 bytes} [Thu Jul 16 15:37:34 2026] GET /allocations/d3206e99-3a8a-4f24-a4ed-bac760ad19be => generated 258 bytes in 12 msecs (HTTP/1.1 200) 8 headers in 296 bytes (1 switches on core 0)
2026-07-16 15:37:34.829 7 INFO placement.requestlog [None req-5eca2f24-dce1-4ae3-8375-c2e4e8160802 c0b0126e66f64531a25a292223627de0 2368c3a23d434f6a9d7decb6194e6927 - - 55ccbb5040f54b988ef75842f4bac467 55ccbb5040f54b988ef75842f4bac467] 10.0.0.219 "GET /resource_providers/3185dde3-6365-41f7-ba78-368cd5e522a3/aggregates" status: 404 len: 235 microversion: 1.1 [pid: 7|app: 0|req: 543/1082] 10.0.0.219 () {32 vars in 816 bytes} [Thu Jul 16 15:37:34 2026] GET /resource_providers/3185dde3-6365-41f7-ba78-368cd5e522a3/aggregates => generated 235 bytes in 10 msecs (HTTP/1.1 404) 5 headers in 202 bytes (1 switches on core 0)
2026-07-16 15:37:34.832 8 INFO placement.requestlog [None req-4a06148d-dcbc-45ed-a3a8-2cf7721222b3 c0b0126e66f64531a25a292223627de0 2368c3a23d434f6a9d7decb6194e6927 - - 55ccbb5040f54b988ef75842f4bac467 55ccbb5040f54b988ef75842f4bac467] 10.0.0.219 "GET /resource_providers/3185dde3-6365-41f7-ba78-368cd5e522a3/aggregates" status: 404 len: 235 microversion: 1.1 [pid: 8|app: 0|req: 540/1083] 10.0.0.219 () {32 vars in 816 bytes} [Thu Jul 16 15:37:34 2026] GET /resource_providers/3185dde3-6365-41f7-ba78-368cd5e522a3/aggregates => generated 235 bytes in 10 msecs (HTTP/1.1 404) 5 headers in 202 bytes (1 switches on core 0)
2026-07-16 15:37:35.061 7 INFO placement.requestlog [None req-4527faa9-5c45-4653-b4be-f4079c421cfb c0b0126e66f64531a25a292223627de0 2368c3a23d434f6a9d7decb6194e6927 - - 55ccbb5040f54b988ef75842f4bac467 55ccbb5040f54b988ef75842f4bac467] 10.0.0.219 "DELETE /resource_providers/3185dde3-6365-41f7-ba78-368cd5e522a3" status: 404 len: 246 microversion: 1.1 [pid: 7|app: 0|req: 544/1084] 10.0.0.219 () {34 vars in 816 bytes} [Thu Jul 16 15:37:34 2026] DELETE /resource_providers/3185dde3-6365-41f7-ba78-368cd5e522a3 => generated 246 bytes in 226 msecs (HTTP/1.1 404) 6 headers in 231 bytes (1 switches on core 0)
2026-07-16 15:37:35.062 8 INFO placement.requestlog [None req-854bee26-5884-4f6e-9ea8-7eed045514b9 c0b0126e66f64531a25a292223627de0 2368c3a23d434f6a9d7decb6194e6927 - - 55ccbb5040f54b988ef75842f4bac467 55ccbb5040f54b988ef75842f4bac467] 10.0.0.219 "DELETE /resource_providers/3185dde3-6365-41f7-ba78-368cd5e522a3" status: 404 len: 246 microversion: 1.1 [pid: 8|app: 0|req: 541/1085] 10.0.0.219 () {34 vars in 816 bytes} [Thu Jul 16 15:37:34 2026] DELETE /resource_providers/3185dde3-6365-41f7-ba78-368cd5e522a3 => generated 246 bytes in 219 msecs (HTTP/1.1 404) 6 headers in 231 bytes (1 switches on core 0)
2026-07-16 15:37:35.293 8 INFO placement.requestlog [None req-c0a62025-edfa-4bb8-b472-5350e9133508 c0b0126e66f64531a25a292223627de0 2368c3a23d434f6a9d7decb6194e6927 - - 55ccbb5040f54b988ef75842f4bac467 55ccbb5040f54b988ef75842f4bac467] 10.0.0.219 "GET /resource_providers/f4691c7b-8e54-4be8-a8a1-65895d24b4ca/aggregates" status: 404 len: 235 microversion: 1.1
2026-07-16 15:37:35.293 7 INFO placement.requestlog [None req-564763a5-b9bc-4f87-8d84-4042f68a673a c0b0126e66f64531a25a292223627de0 2368c3a23d434f6a9d7decb6194e6927 - - 55ccbb5040f54b988ef75842f4bac467 55ccbb5040f54b988ef75842f4bac467] 10.0.0.219 "GET /resource_providers/f4691c7b-8e54-4be8-a8a1-65895d24b4ca/aggregates" status: 404 len: 235 microversion: 1.1 [pid: 8|app: 0|req: 542/1086] 10.0.0.219 () {32 vars in 816 bytes} [Thu Jul 16 15:37:35 2026] GET /resource_providers/f4691c7b-8e54-4be8-a8a1-65895d24b4ca/aggregates => generated 235 bytes in 45 msecs (HTTP/1.1 404) 5 headers in 202 bytes (1 switches on core 0) [pid: 7|app: 0|req: 545/1087] 10.0.0.219 () {32 vars in 816 bytes} [Thu Jul 16 15:37:35 2026] GET /resource_providers/f4691c7b-8e54-4be8-a8a1-65895d24b4ca/aggregates => generated 235 bytes in 47 msecs (HTTP/1.1 404) 5 headers in 202 bytes (1 switches on core 0)
2026-07-16 15:37:35.312 8 INFO placement.requestlog [None req-19aadf8c-ccb8-4f08-ae18-91d7d34e4c4c c0b0126e66f64531a25a292223627de0 2368c3a23d434f6a9d7decb6194e6927 - - 55ccbb5040f54b988ef75842f4bac467 55ccbb5040f54b988ef75842f4bac467] 10.0.0.219 "DELETE /resource_providers/f4691c7b-8e54-4be8-a8a1-65895d24b4ca" status: 404 len: 246 microversion: 1.1 [pid: 8|app: 0|req: 543/1088] 10.0.0.219 () {34 vars in 816 bytes} [Thu Jul 16 15:37:35 2026] DELETE /resource_providers/f4691c7b-8e54-4be8-a8a1-65895d24b4ca => generated 246 bytes in 7 msecs (HTTP/1.1 404) 6 headers in 231 bytes (1 switches on core 0)
2026-07-16 15:37:35.316 7 INFO placement.requestlog [None req-4a299886-e030-4825-8257-fb62e9dbbd1f c0b0126e66f64531a25a292223627de0 2368c3a23d434f6a9d7decb6194e6927 - - 55ccbb5040f54b988ef75842f4bac467 55ccbb5040f54b988ef75842f4bac467] 10.0.0.219 "DELETE /resource_providers/f4691c7b-8e54-4be8-a8a1-65895d24b4ca" status: 404 len: 246 microversion: 1.1 [pid: 7|app: 0|req: 546/1089] 10.0.0.219 () {34 vars in 816 bytes} [Thu Jul 16 15:37:35 2026] DELETE /resource_providers/f4691c7b-8e54-4be8-a8a1-65895d24b4ca => generated 246 bytes in 9 msecs (HTTP/1.1 404) 6 headers in 231 bytes (1 switches on core 0)
2026-07-16 15:37:35.328 8 INFO placement.requestlog [None req-57d806cf-a6b8-4a59-8e24-749a0cf8fc7b c0b0126e66f64531a25a292223627de0 2368c3a23d434f6a9d7decb6194e6927 - - 55ccbb5040f54b988ef75842f4bac467 55ccbb5040f54b988ef75842f4bac467] 10.0.0.219 "GET /resource_providers/df4a5263-efce-41c0-9cf4-d4c38dea3e3a/aggregates" status: 404 len: 235 microversion: 1.1 [pid: 8|app: 0|req: 544/1090] 10.0.0.219 () {32 vars in 816 bytes} [Thu Jul 16 15:37:35 2026] GET /resource_providers/df4a5263-efce-41c0-9cf4-d4c38dea3e3a/aggregates => generated 235 bytes in 7 msecs (HTTP/1.1 404) 5 headers in 202 bytes (1 switches on core 0)
2026-07-16 15:37:35.334 7 INFO placement.requestlog [None req-6d14754a-f17d-42be-afcb-c606aed37677 c0b0126e66f64531a25a292223627de0 2368c3a23d434f6a9d7decb6194e6927 - - 55ccbb5040f54b988ef75842f4bac467 55ccbb5040f54b988ef75842f4bac467] 10.0.0.219 "GET /resource_providers/df4a5263-efce-41c0-9cf4-d4c38dea3e3a/aggregates" status: 404 len: 235 microversion: 1.1 [pid: 7|app: 0|req: 547/1091] 10.0.0.219 () {32 vars in 816 bytes} [Thu Jul 16 15:37:35 2026] GET /resource_providers/df4a5263-efce-41c0-9cf4-d4c38dea3e3a/aggregates => generated 235 bytes in 11 msecs (HTTP/1.1 404) 5 headers in 202 bytes (1 switches on core 0)
2026-07-16 15:37:35.346 8 INFO placement.requestlog [None req-3b0bee2e-6586-4686-968b-0110dcfbda20 c0b0126e66f64531a25a292223627de0 2368c3a23d434f6a9d7decb6194e6927 - - 55ccbb5040f54b988ef75842f4bac467 55ccbb5040f54b988ef75842f4bac467] 10.0.0.219 "DELETE /resource_providers/df4a5263-efce-41c0-9cf4-d4c38dea3e3a" status: 404 len: 246 microversion: 1.1 [pid: 8|app: 0|req: 545/1092] 10.0.0.219 () {34 vars in 816 bytes} [Thu Jul 16 15:37:35 2026] DELETE /resource_providers/df4a5263-efce-41c0-9cf4-d4c38dea3e3a => generated 246 bytes in 7 msecs (HTTP/1.1 404) 6 headers in 231 bytes (1 switches on core 0)
2026-07-16 15:37:35.349 7 INFO placement.requestlog [None req-deae9219-946f-43ea-9df8-5e9f3b52a065 c0b0126e66f64531a25a292223627de0 2368c3a23d434f6a9d7decb6194e6927 - - 55ccbb5040f54b988ef75842f4bac467 55ccbb5040f54b988ef75842f4bac467] 10.0.0.219 "DELETE /resource_providers/df4a5263-efce-41c0-9cf4-d4c38dea3e3a" status: 404 len: 246 microversion: 1.1 [pid: 7|app: 0|req: 548/1093] 10.0.0.219 () {34 vars in 816 bytes} [Thu Jul 16 15:37:35 2026] DELETE /resource_providers/df4a5263-efce-41c0-9cf4-d4c38dea3e3a => generated 246 bytes in 8 msecs (HTTP/1.1 404) 6 headers in 231 bytes (1 switches on core 0)
2026-07-16 15:37:38.388 8 INFO placement.requestlog [None req-38e0fb41-5777-48c9-99b2-2fbef4b2ce05 - - - - - -] 10.0.0.212 "GET /" status: 200 len: 136 microversion: 1.0
2026-07-16 15:37:38.388 7 INFO placement.requestlog [None req-f5fe7b19-9430-4f88-97d0-689f5e718783 - - - - - -] 10.0.0.212 "GET /" status: 200 len: 136 microversion: 1.0
2026-07-16 15:37:44.028 8 INFO placement.requestlog [req-33fc44da-60fb-44ac-b014-51af1c8afb70 req-63cdb617-8c09-46a4-b7d1-b9502fb9f889 1cf43c1726954d77a60d61eade582ec7 2368c3a23d434f6a9d7decb6194e6927 - - 55ccbb5040f54b988ef75842f4bac467 55ccbb5040f54b988ef75842f4bac467] 10.0.0.164 "GET /allocation_candidates?limit=1000&resources=DISK_GB%3A1%2CMEMORY_MB%3A512%2CVCPU%3A1&root_required=%21COMPUTE_STATUS_DISABLED" status: 200 len: 2783 microversion: 1.36 [pid: 8|app: 0|req: 547/1096] 10.0.0.164 () {34 vars in 1012 bytes} [Thu Jul 16 15:37:43 2026] GET /allocation_candidates?limit=1000&resources=DISK_GB%3A1%2CMEMORY_MB%3A512%2CVCPU%3A1&root_required=%21COMPUTE_STATUS_DISABLED => generated 2783 bytes in 234 msecs (HTTP/1.1 200) 8 headers in 297 bytes (1 switches on core 0)
2026-07-16 15:37:44.061 7 INFO placement.requestlog [req-33fc44da-60fb-44ac-b014-51af1c8afb70 req-2e2aeff5-dbdb-4273-ac70-5e33a3420440 1cf43c1726954d77a60d61eade582ec7 2368c3a23d434f6a9d7decb6194e6927 - - 55ccbb5040f54b988ef75842f4bac467 55ccbb5040f54b988ef75842f4bac467] 10.0.0.164 "GET /allocations/daa65b7b-dc53-42bc-98aa-5c4b94afa2a0" status: 200 len: 19 microversion: 1.28 [pid: 7|app: 0|req: 550/1097] 10.0.0.164 () {34 vars in 861 bytes} [Thu Jul 16 15:37:44 2026] GET /allocations/daa65b7b-dc53-42bc-98aa-5c4b94afa2a0 => generated 19 bytes in 17 msecs (HTTP/1.1 200) 8 headers in 295 bytes (1 switches on core 0)
2026-07-16 15:37:44.127 8 INFO placement.requestlog [req-33fc44da-60fb-44ac-b014-51af1c8afb70 req-bde13671-1833-42b7-8f5e-caab527abc8c 1cf43c1726954d77a60d61eade582ec7 2368c3a23d434f6a9d7decb6194e6927 - - 55ccbb5040f54b988ef75842f4bac467 55ccbb5040f54b988ef75842f4bac467] 10.0.0.164 "PUT /allocations/daa65b7b-dc53-42bc-98aa-5c4b94afa2a0" status: 204 len: 0 microversion: 1.36 [pid: 8|app: 0|req: 548/1098] 10.0.0.164 () {38 vars in 914 bytes} [Thu Jul 16 15:37:44 2026] PUT /allocations/daa65b7b-dc53-42bc-98aa-5c4b94afa2a0 => generated 0 bytes in 57 msecs (HTTP/1.1 204) 5 headers in 199 bytes (1 switches on core 0)
2026-07-16 15:37:45.425 7 INFO placement.requestlog [req-33fc44da-60fb-44ac-b014-51af1c8afb70 req-7acff8f4-2e43-4086-84ee-61b45bd6e502 1cf43c1726954d77a60d61eade582ec7 2368c3a23d434f6a9d7decb6194e6927 - - 55ccbb5040f54b988ef75842f4bac467 55ccbb5040f54b988ef75842f4bac467] 199.204.45.70 "GET /allocations/daa65b7b-dc53-42bc-98aa-5c4b94afa2a0" status: 200 len: 258 microversion: 1.28 [pid: 7|app: 0|req: 551/1099] 199.204.45.70 () {34 vars in 862 bytes} [Thu Jul 16 15:37:45 2026] GET /allocations/daa65b7b-dc53-42bc-98aa-5c4b94afa2a0 => generated 258 bytes in 10 msecs (HTTP/1.1 200) 8 headers in 296 bytes (1 switches on core 0)
2026-07-16 15:37:46.467 8 INFO placement.requestlog [req-33fc44da-60fb-44ac-b014-51af1c8afb70 req-0593942b-a4b2-4a73-8c4e-1c5b98f72d37 1cf43c1726954d77a60d61eade582ec7 2368c3a23d434f6a9d7decb6194e6927 - - 55ccbb5040f54b988ef75842f4bac467 55ccbb5040f54b988ef75842f4bac467] 199.204.45.70 "GET /resource_providers/1df0d6e8-f837-49ff-86ef-d8742e0df36a/allocations" status: 200 len: 253 microversion: 1.0 [pid: 8|app: 0|req: 549/1100] 199.204.45.70 () {32 vars in 856 bytes} [Thu Jul 16 15:37:46 2026] GET /resource_providers/1df0d6e8-f837-49ff-86ef-d8742e0df36a/allocations => generated 253 bytes in 17 msecs (HTTP/1.1 200) 6 headers in 224 bytes (1 switches on core 0)
2026-07-16 15:37:46.486 7 INFO placement.requestlog [req-33fc44da-60fb-44ac-b014-51af1c8afb70 req-b9449a00-9a8b-4f6c-b4ae-f95fd53e3cac 1cf43c1726954d77a60d61eade582ec7 2368c3a23d434f6a9d7decb6194e6927 - - 55ccbb5040f54b988ef75842f4bac467 55ccbb5040f54b988ef75842f4bac467] 199.204.45.70 "GET /allocations/daa65b7b-dc53-42bc-98aa-5c4b94afa2a0" status: 200 len: 258 microversion: 1.28 [pid: 7|app: 0|req: 552/1101] 199.204.45.70 () {34 vars in 862 bytes} [Thu Jul 16 15:37:46 2026] GET /allocations/daa65b7b-dc53-42bc-98aa-5c4b94afa2a0 => generated 258 bytes in 10 msecs (HTTP/1.1 200) 8 headers in 296 bytes (1 switches on core 0)
2026-07-16 15:37:46.502 8 INFO placement.requestlog [req-33fc44da-60fb-44ac-b014-51af1c8afb70 req-5185d6ae-e3a3-4600-933e-2e20e21f316c 1cf43c1726954d77a60d61eade582ec7 2368c3a23d434f6a9d7decb6194e6927 - - 55ccbb5040f54b988ef75842f4bac467 55ccbb5040f54b988ef75842f4bac467] 199.204.45.70 "GET /allocations/d3206e99-3a8a-4f24-a4ed-bac760ad19be" status: 200 len: 258 microversion: 1.28 [pid: 8|app: 0|req: 550/1102] 199.204.45.70 () {34 vars in 862 bytes} [Thu Jul 16 15:37:46 2026] GET /allocations/d3206e99-3a8a-4f24-a4ed-bac760ad19be => generated 258 bytes in 12 msecs (HTTP/1.1 200) 8 headers in 296 bytes (1 switches on core 0)
2026-07-16 15:37:48.388 8 INFO placement.requestlog [None req-954feb25-91bc-4835-be52-1e94ed455371 - - - - - -] 10.0.0.212 "GET /" status: 200 len: 136 microversion: 1.0
2026-07-16 15:37:48.388 7 INFO placement.requestlog [None req-bc3a0b75-4c9d-49b1-a059-72cbe399e33d - - - - - -] 10.0.0.212 "GET /" status: 200 len: 136 microversion: 1.0
2026-07-16 15:37:57.480 8 INFO placement.requestlog [None req-385ee89a-d5ab-4156-aede-db7ebb75172b c0b0126e66f64531a25a292223627de0 2368c3a23d434f6a9d7decb6194e6927 - - 55ccbb5040f54b988ef75842f4bac467 55ccbb5040f54b988ef75842f4bac467] 10.0.0.219 "GET /resource_providers/c5a6567b-ae50-46ce-8b99-3dd6d58e411f/aggregates" status: 404 len: 235 microversion: 1.1 [pid: 8|app: 0|req: 552/1105] 10.0.0.219 () {32 vars in 816 bytes} [Thu Jul 16 15:37:57 2026] GET /resource_providers/c5a6567b-ae50-46ce-8b99-3dd6d58e411f/aggregates => generated 235 bytes in 9 msecs (HTTP/1.1 404) 5 headers in 202 bytes (1 switches on core 0)
2026-07-16 15:37:57.492 7 INFO placement.requestlog [None req-28263bcf-7ab7-41c2-a6f8-f565b95359f7 c0b0126e66f64531a25a292223627de0 2368c3a23d434f6a9d7decb6194e6927 - - 55ccbb5040f54b988ef75842f4bac467 55ccbb5040f54b988ef75842f4bac467] 10.0.0.219 "GET /resource_providers/c5a6567b-ae50-46ce-8b99-3dd6d58e411f/aggregates" status: 404 len: 235 microversion: 1.1 [pid: 7|app: 0|req: 554/1106] 10.0.0.219 () {32 vars in 816 bytes} [Thu Jul 16 15:37:57 2026] GET /resource_providers/c5a6567b-ae50-46ce-8b99-3dd6d58e411f/aggregates => generated 235 bytes in 17 msecs (HTTP/1.1 404) 5 headers in 202 bytes (1 switches on core 0)
2026-07-16 15:37:57.497 8 INFO placement.requestlog [None req-9c65e031-7cc4-4adf-9c43-0bb499e69dad c0b0126e66f64531a25a292223627de0 2368c3a23d434f6a9d7decb6194e6927 - - 55ccbb5040f54b988ef75842f4bac467 55ccbb5040f54b988ef75842f4bac467] 10.0.0.219 "DELETE /resource_providers/c5a6567b-ae50-46ce-8b99-3dd6d58e411f" status: 404 len: 246 microversion: 1.1 [pid: 8|app: 0|req: 553/1107] 10.0.0.219 () {34 vars in 816 bytes} [Thu Jul 16 15:37:57 2026] DELETE /resource_providers/c5a6567b-ae50-46ce-8b99-3dd6d58e411f => generated 246 bytes in 7 msecs (HTTP/1.1 404) 6 headers in 231 bytes (1 switches on core 0)
2026-07-16 15:37:57.524 7 INFO placement.requestlog [None req-3b963678-c298-42f9-8319-cc79e1dab3a2 c0b0126e66f64531a25a292223627de0 2368c3a23d434f6a9d7decb6194e6927 - - 55ccbb5040f54b988ef75842f4bac467 55ccbb5040f54b988ef75842f4bac467] 10.0.0.219 "DELETE /resource_providers/c5a6567b-ae50-46ce-8b99-3dd6d58e411f" status: 404 len: 246 microversion: 1.1 [pid: 7|app: 0|req: 555/1108] 10.0.0.219 () {34 vars in 816 bytes} [Thu Jul 16 15:37:57 2026] DELETE /resource_providers/c5a6567b-ae50-46ce-8b99-3dd6d58e411f => generated 246 bytes in 12 msecs (HTTP/1.1 404) 6 headers in 231 bytes (1 switches on core 0)
2026-07-16 15:37:58.389 8 INFO placement.requestlog [None req-7c89a494-c5b5-4417-b919-2c05ad934974 - - - - - -] 10.0.0.212 "GET /" status: 200 len: 136 microversion: 1.0
2026-07-16 15:37:58.389 7 INFO placement.requestlog [None req-029a3462-c8c6-4547-82de-118396c86013 - - - - - -] 10.0.0.212 "GET /" status: 200 len: 136 microversion: 1.0
2026-07-16 15:38:08.389 8 INFO placement.requestlog [None req-f8338c72-5dae-4a7e-9314-a8cba7db4149 - - - - - -] 10.0.0.212 "GET /" status: 200 len: 136 microversion: 1.0
2026-07-16 15:38:08.389 7 INFO placement.requestlog [None req-1fada4ce-8a25-4e76-8638-d20e519921e1 - - - - - -] 10.0.0.212 "GET /" status: 200 len: 136 microversion: 1.0
2026-07-16 15:38:18.389 8 INFO placement.requestlog [None req-a9c201c3-9552-4402-b1ec-7e09ac70dc5f - - - - - -] 10.0.0.212 "GET /" status: 200 len: 136 microversion: 1.0
2026-07-16 15:38:18.389 7 INFO placement.requestlog [None req-aef6f055-7e78-4714-b853-babfa99dad33 - - - - - -] 10.0.0.212 "GET /" status: 200 len: 136 microversion: 1.0
2026-07-16 15:38:27.675 8 INFO placement.requestlog [req-21b1a686-4901-4327-b9ad-dad1defdea95 req-9e28c491-f745-4310-a7dd-e8665795d700 1cf43c1726954d77a60d61eade582ec7 2368c3a23d434f6a9d7decb6194e6927 - - 55ccbb5040f54b988ef75842f4bac467 55ccbb5040f54b988ef75842f4bac467] 10.0.0.164 "GET /allocation_candidates?limit=1000&resources=MEMORY_MB%3A2048%2CVCPU%3A2&root_required=%21COMPUTE_STATUS_DISABLED" status: 200 len: 2771 microversion: 1.36 [pid: 8|app: 0|req: 557/1115] 10.0.0.164 () {34 vars in 986 bytes} [Thu Jul 16 15:38:27 2026] GET /allocation_candidates?limit=1000&resources=MEMORY_MB%3A2048%2CVCPU%3A2&root_required=%21COMPUTE_STATUS_DISABLED => generated 2771 bytes in 59 msecs (HTTP/1.1 200) 8 headers in 297 bytes (1 switches on core 0)
2026-07-16 15:38:27.709 7 INFO placement.requestlog [req-21b1a686-4901-4327-b9ad-dad1defdea95 req-44aa4610-0b3e-4147-a3ad-bd37b41f39eb 1cf43c1726954d77a60d61eade582ec7 2368c3a23d434f6a9d7decb6194e6927 - - 55ccbb5040f54b988ef75842f4bac467 55ccbb5040f54b988ef75842f4bac467] 10.0.0.164 "GET /allocations/22aece69-bcd0-4965-99cb-789b802fd78c" status: 200 len: 19 microversion: 1.28 [pid: 7|app: 0|req: 559/1116] 10.0.0.164 () {34 vars in 861 bytes} [Thu Jul 16 15:38:27 2026] GET /allocations/22aece69-bcd0-4965-99cb-789b802fd78c => generated 19 bytes in 11 msecs (HTTP/1.1 200) 8 headers in 295 bytes (1 switches on core 0)
2026-07-16 15:38:27.812 8 INFO placement.requestlog [req-21b1a686-4901-4327-b9ad-dad1defdea95 req-3d66049e-bd26-456b-bc6a-5eb4ca592159 1cf43c1726954d77a60d61eade582ec7 2368c3a23d434f6a9d7decb6194e6927 - - 55ccbb5040f54b988ef75842f4bac467 55ccbb5040f54b988ef75842f4bac467] 10.0.0.164 "PUT /allocations/22aece69-bcd0-4965-99cb-789b802fd78c" status: 204 len: 0 microversion: 1.36 [pid: 8|app: 0|req: 558/1117] 10.0.0.164 () {38 vars in 914 bytes} [Thu Jul 16 15:38:27 2026] PUT /allocations/22aece69-bcd0-4965-99cb-789b802fd78c => generated 0 bytes in 98 msecs (HTTP/1.1 204) 5 headers in 199 bytes (1 switches on core 0)
2026-07-16 15:38:28.389 8 INFO placement.requestlog [None req-32dbc82b-b0fa-42da-afb0-13ea10f85d27 - - - - - -] 10.0.0.212 "GET /" status: 200 len: 136 microversion: 1.0
2026-07-16 15:38:28.389 7 INFO placement.requestlog [None req-49353cc8-e673-4dbe-bb96-e4ad1ad660b8 - - - - - -] 10.0.0.212 "GET /" status: 200 len: 136 microversion: 1.0
2026-07-16 15:38:29.307 8 INFO placement.requestlog [req-21b1a686-4901-4327-b9ad-dad1defdea95 req-95017ff3-a076-4312-89b6-1074eef14f5c 1cf43c1726954d77a60d61eade582ec7 2368c3a23d434f6a9d7decb6194e6927 - - 55ccbb5040f54b988ef75842f4bac467 55ccbb5040f54b988ef75842f4bac467] 199.204.45.70 "GET /allocations/22aece69-bcd0-4965-99cb-789b802fd78c" status: 200 len: 245 microversion: 1.28 [pid: 8|app: 0|req: 560/1119] 199.204.45.70 () {34 vars in 862 bytes} [Thu Jul 16 15:38:29 2026] GET /allocations/22aece69-bcd0-4965-99cb-789b802fd78c => generated 245 bytes in 12 msecs (HTTP/1.1 200) 8 headers in 296 bytes (1 switches on core 0)
2026-07-16 15:38:29.686 7 INFO placement.requestlog [None req-6e8a41be-5dea-47b3-9f8c-b5d542419da7 c0b0126e66f64531a25a292223627de0 2368c3a23d434f6a9d7decb6194e6927 - - 55ccbb5040f54b988ef75842f4bac467 55ccbb5040f54b988ef75842f4bac467] 10.0.0.219 "GET /resource_providers/6388d2c1-3edb-4548-9a7c-9c3fab2c9736/aggregates" status: 404 len: 235 microversion: 1.1 [pid: 7|app: 0|req: 561/1121] 10.0.0.219 () {32 vars in 816 bytes} [Thu Jul 16 15:38:29 2026] GET /resource_providers/6388d2c1-3edb-4548-9a7c-9c3fab2c9736/aggregates => generated 235 bytes in 10 msecs (HTTP/1.1 404) 5 headers in 202 bytes (1 switches on core 0)
2026-07-16 15:38:29.688 8 INFO placement.requestlog [None req-9a78f65b-f1fd-40b2-8dfe-4e8e9dff3dd3 c0b0126e66f64531a25a292223627de0 2368c3a23d434f6a9d7decb6194e6927 - - 55ccbb5040f54b988ef75842f4bac467 55ccbb5040f54b988ef75842f4bac467] 10.0.0.219 "GET /resource_providers/6388d2c1-3edb-4548-9a7c-9c3fab2c9736/aggregates" status: 404 len: 235 microversion: 1.1 [pid: 8|app: 0|req: 561/1122] 10.0.0.219 () {32 vars in 816 bytes} [Thu Jul 16 15:38:29 2026] GET /resource_providers/6388d2c1-3edb-4548-9a7c-9c3fab2c9736/aggregates => generated 235 bytes in 11 msecs (HTTP/1.1 404) 5 headers in 202 bytes (1 switches on core 0)
2026-07-16 15:38:29.709 7 INFO placement.requestlog [None req-63afca66-6f17-487e-8174-c48a1ebcc8a7 c0b0126e66f64531a25a292223627de0 2368c3a23d434f6a9d7decb6194e6927 - - 55ccbb5040f54b988ef75842f4bac467 55ccbb5040f54b988ef75842f4bac467] 10.0.0.219 "DELETE /resource_providers/6388d2c1-3edb-4548-9a7c-9c3fab2c9736" status: 404 len: 246 microversion: 1.1 [pid: 7|app: 0|req: 562/1123] 10.0.0.219 () {34 vars in 816 bytes} [Thu Jul 16 15:38:29 2026] DELETE /resource_providers/6388d2c1-3edb-4548-9a7c-9c3fab2c9736 => generated 246 bytes in 7 msecs (HTTP/1.1 404) 6 headers in 231 bytes (1 switches on core 0)
2026-07-16 15:38:29.714 8 INFO placement.requestlog [None req-f02b6be4-6a16-4e08-8063-28b225b21e50 c0b0126e66f64531a25a292223627de0 2368c3a23d434f6a9d7decb6194e6927 - - 55ccbb5040f54b988ef75842f4bac467 55ccbb5040f54b988ef75842f4bac467] 10.0.0.219 "DELETE /resource_providers/6388d2c1-3edb-4548-9a7c-9c3fab2c9736" status: 404 len: 246 microversion: 1.1 [pid: 8|app: 0|req: 562/1124] 10.0.0.219 () {34 vars in 816 bytes} [Thu Jul 16 15:38:29 2026] DELETE /resource_providers/6388d2c1-3edb-4548-9a7c-9c3fab2c9736 => generated 246 bytes in 9 msecs (HTTP/1.1 404) 6 headers in 231 bytes (1 switches on core 0)
2026-07-16 15:38:30.357 7 INFO placement.requestlog [req-21b1a686-4901-4327-b9ad-dad1defdea95 req-a5d705e4-1c9c-4084-8d59-daa00f66ba5f 1cf43c1726954d77a60d61eade582ec7 2368c3a23d434f6a9d7decb6194e6927 - - 55ccbb5040f54b988ef75842f4bac467 55ccbb5040f54b988ef75842f4bac467] 199.204.45.70 "GET /resource_providers/1df0d6e8-f837-49ff-86ef-d8742e0df36a/allocations" status: 200 len: 340 microversion: 1.0 [pid: 7|app: 0|req: 563/1125] 199.204.45.70 () {32 vars in 856 bytes} [Thu Jul 16 15:38:30 2026] GET /resource_providers/1df0d6e8-f837-49ff-86ef-d8742e0df36a/allocations => generated 340 bytes in 29 msecs (HTTP/1.1 200) 6 headers in 224 bytes (1 switches on core 0)
