2026-07-15 12:33:09.825 7 INFO cinder.api.openstack.wsgi [None req-f4ab87b7-8255-44ba-af55-7e0dd62ca861 da26e2b86a604a6aac2ae51aeb650fc9 d3f1f10dc0c44bf284dec627a515bbcb - - default default] GET http://cinder-api.openstack.svc.cluster.local:8776/v3/d3f1f10dc0c44bf284dec627a515bbcb/volumes/93e91052-2a57-4663-90e9-dac89c840075 /var/lib/openstack/lib/python3.12/site-packages/oslo_context/context.py:101: DeprecationWarning: Policy enforcement is depending on the value of is_admin. This key is deprecated. Please update your policy file to use the standard policy values. warnings.warn(
2026-07-15 12:33:09.843 7 INFO cinder.volume.api [None req-f4ab87b7-8255-44ba-af55-7e0dd62ca861 da26e2b86a604a6aac2ae51aeb650fc9 d3f1f10dc0c44bf284dec627a515bbcb - - default default] Volume info retrieved successfully.
2026-07-15 12:33:09.849 7 INFO cinder.api.openstack.wsgi [None req-f4ab87b7-8255-44ba-af55-7e0dd62ca861 da26e2b86a604a6aac2ae51aeb650fc9 d3f1f10dc0c44bf284dec627a515bbcb - - default default] http://cinder-api.openstack.svc.cluster.local:8776/v3/d3f1f10dc0c44bf284dec627a515bbcb/volumes/93e91052-2a57-4663-90e9-dac89c840075 returned with HTTP 200 [pid: 7|app: 0|req: 452/891] 10.0.0.17 () {32 vars in 774 bytes} [Wed Jul 15 12:33:09 2026] GET /v3/d3f1f10dc0c44bf284dec627a515bbcb/volumes/93e91052-2a57-4663-90e9-dac89c840075 => generated 1527 bytes in 30 msecs (HTTP/1.1 200) 7 headers in 286 bytes (1 switches on core 0) /var/lib/openstack/lib/python3.12/site-packages/pycadf/identifier.py:70: UserWarning: Invalid uuid: cinderv3. To ensure interoperability, identifiers should be a valid uuid. warnings.warn(('Invalid uuid: %s. To ensure interoperability, '
2026-07-15 12:33:10.875 8 INFO cinder.api.openstack.wsgi [None req-d17c7ac0-d2c0-4fed-aecd-0aa2ec54b10d da26e2b86a604a6aac2ae51aeb650fc9 d3f1f10dc0c44bf284dec627a515bbcb - - default default] GET http://cinder-api.openstack.svc.cluster.local:8776/v3/d3f1f10dc0c44bf284dec627a515bbcb/volumes/93e91052-2a57-4663-90e9-dac89c840075
2026-07-15 12:33:10.885 8 INFO cinder.api.openstack.wsgi [None req-d17c7ac0-d2c0-4fed-aecd-0aa2ec54b10d da26e2b86a604a6aac2ae51aeb650fc9 d3f1f10dc0c44bf284dec627a515bbcb - - default default] http://cinder-api.openstack.svc.cluster.local:8776/v3/d3f1f10dc0c44bf284dec627a515bbcb/volumes/93e91052-2a57-4663-90e9-dac89c840075 returned with HTTP 404 [pid: 8|app: 0|req: 440/892] 10.0.0.17 () {32 vars in 774 bytes} [Wed Jul 15 12:33:10 2026] GET /v3/d3f1f10dc0c44bf284dec627a515bbcb/volumes/93e91052-2a57-4663-90e9-dac89c840075 => generated 109 bytes in 17 msecs (HTTP/1.1 404) 7 headers in 292 bytes (1 switches on core 0) /var/lib/openstack/lib/python3.12/site-packages/pycadf/identifier.py:70: UserWarning: Invalid uuid: cinderv3. To ensure interoperability, identifiers should be a valid uuid. warnings.warn(('Invalid uuid: %s. To ensure interoperability, '
2026-07-15 12:33:14.092 7 INFO cinder.api.openstack.wsgi [None req-1ecc4f8b-4995-4112-bedb-8a0bd69bd23c e3d24b67daa040b69098dd5d9f25c5b5 bd484d3ae022499696207beba7777b75 - - default default] GET http://cinder-api.openstack.svc.cluster.local:8776/v3/bd484d3ae022499696207beba7777b75/volumes
2026-07-15 12:33:14.138 7 INFO cinder.volume.api [None req-1ecc4f8b-4995-4112-bedb-8a0bd69bd23c e3d24b67daa040b69098dd5d9f25c5b5 bd484d3ae022499696207beba7777b75 - - default default] Get all volumes completed successfully.
2026-07-15 12:33:14.138 7 INFO cinder.api.openstack.wsgi [None req-1ecc4f8b-4995-4112-bedb-8a0bd69bd23c e3d24b67daa040b69098dd5d9f25c5b5 bd484d3ae022499696207beba7777b75 - - default default] http://cinder-api.openstack.svc.cluster.local:8776/v3/bd484d3ae022499696207beba7777b75/volumes returned with HTTP 200 [pid: 7|app: 0|req: 453/893] 10.0.0.17 () {32 vars in 700 bytes} [Wed Jul 15 12:33:13 2026] GET /v3/bd484d3ae022499696207beba7777b75/volumes => generated 15 bytes in 225 msecs (HTTP/1.1 200) 7 headers in 284 bytes (1 switches on core 0)
2026-07-15 12:33:14.151 8 INFO cinder.api.openstack.wsgi [None req-cc3d3367-4d0e-4d18-95bd-aee6f0fab251 e3d24b67daa040b69098dd5d9f25c5b5 bd484d3ae022499696207beba7777b75 - - default default] POST http://cinder-api.openstack.svc.cluster.local:8776/v3/bd484d3ae022499696207beba7777b75/volumes
2026-07-15 12:33:14.153 8 INFO cinder.api.v3.volumes [None req-cc3d3367-4d0e-4d18-95bd-aee6f0fab251 e3d24b67daa040b69098dd5d9f25c5b5 bd484d3ae022499696207beba7777b75 - - default default] Create volume of 1 GB
2026-07-15 12:33:14.160 8 INFO cinder.volume.api [None req-cc3d3367-4d0e-4d18-95bd-aee6f0fab251 e3d24b67daa040b69098dd5d9f25c5b5 bd484d3ae022499696207beba7777b75 - - default default] Availability Zones retrieved successfully.
2026-07-15 12:33:14.312 8 INFO cinder.volume.api [None req-cc3d3367-4d0e-4d18-95bd-aee6f0fab251 e3d24b67daa040b69098dd5d9f25c5b5 bd484d3ae022499696207beba7777b75 - - default default] Create volume request issued successfully.
2026-07-15 12:33:14.313 8 INFO cinder.api.openstack.wsgi [None req-cc3d3367-4d0e-4d18-95bd-aee6f0fab251 e3d24b67daa040b69098dd5d9f25c5b5 bd484d3ae022499696207beba7777b75 - - default default] http://cinder-api.openstack.svc.cluster.local:8776/v3/bd484d3ae022499696207beba7777b75/volumes returned with HTTP 202 [pid: 8|app: 0|req: 441/894] 10.0.0.17 () {34 vars in 722 bytes} [Wed Jul 15 12:33:14 2026] POST /v3/bd484d3ae022499696207beba7777b75/volumes => generated 876 bytes in 167 msecs (HTTP/1.1 202) 7 headers in 291 bytes (1 switches on core 0)
2026-07-15 12:33:14.331 7 INFO cinder.api.openstack.wsgi [None req-8c3b1e53-92a7-4665-8a60-37a55192fcc0 e3d24b67daa040b69098dd5d9f25c5b5 bd484d3ae022499696207beba7777b75 - - default default] GET http://cinder-api.openstack.svc.cluster.local:8776/v3/bd484d3ae022499696207beba7777b75/volumes/dd7cbb2e-6593-4e55-b132-cbca629af5a3 /var/lib/openstack/lib/python3.12/site-packages/oslo_context/context.py:101: DeprecationWarning: Policy enforcement is depending on the value of is_admin. This key is deprecated. Please update your policy file to use the standard policy values. warnings.warn(
2026-07-15 12:33:14.526 7 INFO cinder.volume.api [None req-8c3b1e53-92a7-4665-8a60-37a55192fcc0 e3d24b67daa040b69098dd5d9f25c5b5 bd484d3ae022499696207beba7777b75 - - default default] Volume info retrieved successfully.
2026-07-15 12:33:14.531 7 INFO cinder.api.openstack.wsgi [None req-8c3b1e53-92a7-4665-8a60-37a55192fcc0 e3d24b67daa040b69098dd5d9f25c5b5 bd484d3ae022499696207beba7777b75 - - default default] http://cinder-api.openstack.svc.cluster.local:8776/v3/bd484d3ae022499696207beba7777b75/volumes/dd7cbb2e-6593-4e55-b132-cbca629af5a3 returned with HTTP 200 [pid: 7|app: 0|req: 454/895] 10.0.0.17 () {32 vars in 774 bytes} [Wed Jul 15 12:33:14 2026] GET /v3/bd484d3ae022499696207beba7777b75/volumes/dd7cbb2e-6593-4e55-b132-cbca629af5a3 => generated 944 bytes in 209 msecs (HTTP/1.1 200) 7 headers in 285 bytes (1 switches on core 0)
2026-07-15 12:33:15.540 8 INFO cinder.api.openstack.wsgi [None req-cc3d3367-4d0e-4d18-95bd-aee6f0fab251 e3d24b67daa040b69098dd5d9f25c5b5 bd484d3ae022499696207beba7777b75 - - default default] GET http://10.0.0.54:8776/
2026-07-15 12:33:15.540 7 INFO cinder.api.openstack.wsgi [None req-8c3b1e53-92a7-4665-8a60-37a55192fcc0 e3d24b67daa040b69098dd5d9f25c5b5 bd484d3ae022499696207beba7777b75 - - default default] GET http://10.0.0.54:8776/
2026-07-15 12:33:15.541 8 INFO cinder.api.openstack.wsgi [None req-cc3d3367-4d0e-4d18-95bd-aee6f0fab251 e3d24b67daa040b69098dd5d9f25c5b5 bd484d3ae022499696207beba7777b75 - - default default] http://10.0.0.54:8776/ returned with HTTP 300
2026-07-15 12:33:15.542 7 INFO cinder.api.openstack.wsgi [None req-8c3b1e53-92a7-4665-8a60-37a55192fcc0 e3d24b67daa040b69098dd5d9f25c5b5 bd484d3ae022499696207beba7777b75 - - default default] http://10.0.0.54:8776/ returned with HTTP 300 /var/lib/openstack/lib/python3.12/site-packages/pycadf/identifier.py:70: UserWarning: Invalid uuid: cinderv3. To ensure interoperability, identifiers should be a valid uuid. warnings.warn(('Invalid uuid: %s. To ensure interoperability, '
2026-07-15 12:33:15.556 8 INFO cinder.api.openstack.wsgi [None req-02f4713a-75b1-48c9-bccc-5d360ee50567 e3d24b67daa040b69098dd5d9f25c5b5 bd484d3ae022499696207beba7777b75 - - default default] GET http://cinder-api.openstack.svc.cluster.local:8776/v3/bd484d3ae022499696207beba7777b75/volumes/dd7cbb2e-6593-4e55-b132-cbca629af5a3 /var/lib/openstack/lib/python3.12/site-packages/oslo_context/context.py:101: DeprecationWarning: Policy enforcement is depending on the value of is_admin. This key is deprecated. Please update your policy file to use the standard policy values. warnings.warn(
2026-07-15 12:33:15.574 8 INFO cinder.volume.api [None req-02f4713a-75b1-48c9-bccc-5d360ee50567 e3d24b67daa040b69098dd5d9f25c5b5 bd484d3ae022499696207beba7777b75 - - default default] Volume info retrieved successfully.
2026-07-15 12:33:15.580 8 INFO cinder.api.openstack.wsgi [None req-02f4713a-75b1-48c9-bccc-5d360ee50567 e3d24b67daa040b69098dd5d9f25c5b5 bd484d3ae022499696207beba7777b75 - - default default] http://cinder-api.openstack.svc.cluster.local:8776/v3/bd484d3ae022499696207beba7777b75/volumes/dd7cbb2e-6593-4e55-b132-cbca629af5a3 returned with HTTP 200 [pid: 8|app: 0|req: 443/898] 10.0.0.17 () {32 vars in 774 bytes} [Wed Jul 15 12:33:15 2026] GET /v3/bd484d3ae022499696207beba7777b75/volumes/dd7cbb2e-6593-4e55-b132-cbca629af5a3 => generated 969 bytes in 31 msecs (HTTP/1.1 200) 7 headers in 285 bytes (1 switches on core 0) /var/lib/openstack/lib/python3.12/site-packages/pycadf/identifier.py:70: UserWarning: Invalid uuid: cinderv3. To ensure interoperability, identifiers should be a valid uuid. warnings.warn(('Invalid uuid: %s. To ensure interoperability, '
2026-07-15 12:33:15.600 7 INFO cinder.api.openstack.wsgi [None req-a5e3fcc4-ea2b-4e3b-9913-44619c5505f1 e3d24b67daa040b69098dd5d9f25c5b5 bd484d3ae022499696207beba7777b75 - - default default] GET http://cinder-api.openstack.svc.cluster.local:8776/v3/bd484d3ae022499696207beba7777b75/volumes/dd7cbb2e-6593-4e55-b132-cbca629af5a3 /var/lib/openstack/lib/python3.12/site-packages/oslo_context/context.py:101: DeprecationWarning: Policy enforcement is depending on the value of is_admin. This key is deprecated. Please update your policy file to use the standard policy values. warnings.warn(
2026-07-15 12:33:15.614 7 INFO cinder.volume.api [None req-a5e3fcc4-ea2b-4e3b-9913-44619c5505f1 e3d24b67daa040b69098dd5d9f25c5b5 bd484d3ae022499696207beba7777b75 - - default default] Volume info retrieved successfully.
2026-07-15 12:33:15.619 7 INFO cinder.api.openstack.wsgi [None req-a5e3fcc4-ea2b-4e3b-9913-44619c5505f1 e3d24b67daa040b69098dd5d9f25c5b5 bd484d3ae022499696207beba7777b75 - - default default] http://cinder-api.openstack.svc.cluster.local:8776/v3/bd484d3ae022499696207beba7777b75/volumes/dd7cbb2e-6593-4e55-b132-cbca629af5a3 returned with HTTP 200 [pid: 7|app: 0|req: 456/899] 10.0.0.17 () {32 vars in 774 bytes} [Wed Jul 15 12:33:15 2026] GET /v3/bd484d3ae022499696207beba7777b75/volumes/dd7cbb2e-6593-4e55-b132-cbca629af5a3 => generated 969 bytes in 26 msecs (HTTP/1.1 200) 7 headers in 285 bytes (1 switches on core 0) /var/lib/openstack/lib/python3.12/site-packages/pycadf/identifier.py:70: UserWarning: Invalid uuid: cinderv3. To ensure interoperability, identifiers should be a valid uuid. warnings.warn(('Invalid uuid: %s. To ensure interoperability, '
2026-07-15 12:33:15.642 8 INFO cinder.api.openstack.wsgi [None req-96d88d7b-8c19-4e67-83f0-5318e4e32ea0 e3d24b67daa040b69098dd5d9f25c5b5 bd484d3ae022499696207beba7777b75 - - default default] POST http://cinder-api.openstack.svc.cluster.local:8776/v3/bd484d3ae022499696207beba7777b75/volumes
2026-07-15 12:33:15.645 8 INFO cinder.api.v3.volumes [None req-96d88d7b-8c19-4e67-83f0-5318e4e32ea0 e3d24b67daa040b69098dd5d9f25c5b5 bd484d3ae022499696207beba7777b75 - - default default] Create volume of 1 GB
2026-07-15 12:33:15.650 8 INFO cinder.volume.api [None req-96d88d7b-8c19-4e67-83f0-5318e4e32ea0 e3d24b67daa040b69098dd5d9f25c5b5 bd484d3ae022499696207beba7777b75 - - default default] Availability Zones retrieved successfully.
2026-07-15 12:33:15.828 8 INFO cinder.volume.api [None req-96d88d7b-8c19-4e67-83f0-5318e4e32ea0 e3d24b67daa040b69098dd5d9f25c5b5 bd484d3ae022499696207beba7777b75 - - default default] Create volume request issued successfully.
2026-07-15 12:33:15.831 8 INFO cinder.api.openstack.wsgi [None req-96d88d7b-8c19-4e67-83f0-5318e4e32ea0 e3d24b67daa040b69098dd5d9f25c5b5 bd484d3ae022499696207beba7777b75 - - default default] http://cinder-api.openstack.svc.cluster.local:8776/v3/bd484d3ae022499696207beba7777b75/volumes returned with HTTP 202 [pid: 8|app: 0|req: 444/900] 10.0.0.17 () {34 vars in 722 bytes} [Wed Jul 15 12:33:15 2026] POST /v3/bd484d3ae022499696207beba7777b75/volumes => generated 874 bytes in 198 msecs (HTTP/1.1 202) 7 headers in 291 bytes (1 switches on core 0) /var/lib/openstack/lib/python3.12/site-packages/pycadf/identifier.py:70: UserWarning: Invalid uuid: cinderv3. To ensure interoperability, identifiers should be a valid uuid. warnings.warn(('Invalid uuid: %s. To ensure interoperability, '
2026-07-15 12:33:15.857 7 INFO cinder.api.openstack.wsgi [None req-64e10039-887d-47d5-bff9-816601061bc3 e3d24b67daa040b69098dd5d9f25c5b5 bd484d3ae022499696207beba7777b75 - - default default] GET http://cinder-api.openstack.svc.cluster.local:8776/v3/bd484d3ae022499696207beba7777b75/volumes/1f66d6f8-3a53-43b3-80ec-b8f149f4e244 /var/lib/openstack/lib/python3.12/site-packages/oslo_context/context.py:101: DeprecationWarning: Policy enforcement is depending on the value of is_admin. This key is deprecated. Please update your policy file to use the standard policy values. warnings.warn(
2026-07-15 12:33:15.877 7 INFO cinder.volume.api [None req-64e10039-887d-47d5-bff9-816601061bc3 e3d24b67daa040b69098dd5d9f25c5b5 bd484d3ae022499696207beba7777b75 - - default default] Volume info retrieved successfully.
2026-07-15 12:33:15.882 7 INFO cinder.api.openstack.wsgi [None req-64e10039-887d-47d5-bff9-816601061bc3 e3d24b67daa040b69098dd5d9f25c5b5 bd484d3ae022499696207beba7777b75 - - default default] http://cinder-api.openstack.svc.cluster.local:8776/v3/bd484d3ae022499696207beba7777b75/volumes/1f66d6f8-3a53-43b3-80ec-b8f149f4e244 returned with HTTP 200 [pid: 7|app: 0|req: 457/901] 10.0.0.17 () {32 vars in 774 bytes} [Wed Jul 15 12:33:15 2026] GET /v3/bd484d3ae022499696207beba7777b75/volumes/1f66d6f8-3a53-43b3-80ec-b8f149f4e244 => generated 942 bytes in 32 msecs (HTTP/1.1 200) 7 headers in 285 bytes (1 switches on core 0) /var/lib/openstack/lib/python3.12/site-packages/pycadf/identifier.py:70: UserWarning: Invalid uuid: cinderv3. To ensure interoperability, identifiers should be a valid uuid. warnings.warn(('Invalid uuid: %s. To ensure interoperability, '
2026-07-15 12:33:16.902 8 INFO cinder.api.openstack.wsgi [None req-a3ca943b-2165-47e7-9bed-3098da1e1cef e3d24b67daa040b69098dd5d9f25c5b5 bd484d3ae022499696207beba7777b75 - - default default] GET http://cinder-api.openstack.svc.cluster.local:8776/v3/bd484d3ae022499696207beba7777b75/volumes/1f66d6f8-3a53-43b3-80ec-b8f149f4e244 /var/lib/openstack/lib/python3.12/site-packages/oslo_context/context.py:101: DeprecationWarning: Policy enforcement is depending on the value of is_admin. This key is deprecated. Please update your policy file to use the standard policy values. warnings.warn(
2026-07-15 12:33:16.922 8 INFO cinder.volume.api [None req-a3ca943b-2165-47e7-9bed-3098da1e1cef e3d24b67daa040b69098dd5d9f25c5b5 bd484d3ae022499696207beba7777b75 - - default default] Volume info retrieved successfully.
2026-07-15 12:33:16.928 8 INFO cinder.api.openstack.wsgi [None req-a3ca943b-2165-47e7-9bed-3098da1e1cef e3d24b67daa040b69098dd5d9f25c5b5 bd484d3ae022499696207beba7777b75 - - default default] http://cinder-api.openstack.svc.cluster.local:8776/v3/bd484d3ae022499696207beba7777b75/volumes/1f66d6f8-3a53-43b3-80ec-b8f149f4e244 returned with HTTP 200 [pid: 8|app: 0|req: 445/902] 10.0.0.17 () {32 vars in 774 bytes} [Wed Jul 15 12:33:16 2026] GET /v3/bd484d3ae022499696207beba7777b75/volumes/1f66d6f8-3a53-43b3-80ec-b8f149f4e244 => generated 967 bytes in 31 msecs (HTTP/1.1 200) 7 headers in 285 bytes (1 switches on core 0) /var/lib/openstack/lib/python3.12/site-packages/pycadf/identifier.py:70: UserWarning: Invalid uuid: cinderv3. To ensure interoperability, identifiers should be a valid uuid. warnings.warn(('Invalid uuid: %s. To ensure interoperability, '
2026-07-15 12:33:16.953 7 INFO cinder.api.openstack.wsgi [None req-9c9dd27c-5bf3-455c-befa-e7b87d1241b6 e3d24b67daa040b69098dd5d9f25c5b5 bd484d3ae022499696207beba7777b75 - - default default] GET http://cinder-api.openstack.svc.cluster.local:8776/v3/bd484d3ae022499696207beba7777b75/volumes/1f66d6f8-3a53-43b3-80ec-b8f149f4e244 /var/lib/openstack/lib/python3.12/site-packages/oslo_context/context.py:101: DeprecationWarning: Policy enforcement is depending on the value of is_admin. This key is deprecated. Please update your policy file to use the standard policy values. warnings.warn(
2026-07-15 12:33:16.968 7 INFO cinder.volume.api [None req-9c9dd27c-5bf3-455c-befa-e7b87d1241b6 e3d24b67daa040b69098dd5d9f25c5b5 bd484d3ae022499696207beba7777b75 - - default default] Volume info retrieved successfully.
2026-07-15 12:33:16.982 7 INFO cinder.api.openstack.wsgi [None req-9c9dd27c-5bf3-455c-befa-e7b87d1241b6 e3d24b67daa040b69098dd5d9f25c5b5 bd484d3ae022499696207beba7777b75 - - default default] http://cinder-api.openstack.svc.cluster.local:8776/v3/bd484d3ae022499696207beba7777b75/volumes/1f66d6f8-3a53-43b3-80ec-b8f149f4e244 returned with HTTP 200 [pid: 7|app: 0|req: 458/903] 10.0.0.17 () {32 vars in 774 bytes} [Wed Jul 15 12:33:16 2026] GET /v3/bd484d3ae022499696207beba7777b75/volumes/1f66d6f8-3a53-43b3-80ec-b8f149f4e244 => generated 967 bytes in 36 msecs (HTTP/1.1 200) 7 headers in 285 bytes (1 switches on core 0) /var/lib/openstack/lib/python3.12/site-packages/pycadf/identifier.py:70: UserWarning: Invalid uuid: cinderv3. To ensure interoperability, identifiers should be a valid uuid. warnings.warn(('Invalid uuid: %s. To ensure interoperability, '
2026-07-15 12:33:17.004 8 INFO cinder.api.openstack.wsgi [None req-ba62850d-dad9-43c8-a91a-a7debb4415b8 e3d24b67daa040b69098dd5d9f25c5b5 bd484d3ae022499696207beba7777b75 - - default default] POST http://cinder-api.openstack.svc.cluster.local:8776/v3/bd484d3ae022499696207beba7777b75/volumes
2026-07-15 12:33:17.006 8 INFO cinder.api.v3.volumes [None req-ba62850d-dad9-43c8-a91a-a7debb4415b8 e3d24b67daa040b69098dd5d9f25c5b5 bd484d3ae022499696207beba7777b75 - - default default] Create volume of 1 GB
2026-07-15 12:33:17.012 8 INFO cinder.volume.api [None req-ba62850d-dad9-43c8-a91a-a7debb4415b8 e3d24b67daa040b69098dd5d9f25c5b5 bd484d3ae022499696207beba7777b75 - - default default] Availability Zones retrieved successfully.
2026-07-15 12:33:17.136 8 INFO cinder.volume.api [None req-ba62850d-dad9-43c8-a91a-a7debb4415b8 e3d24b67daa040b69098dd5d9f25c5b5 bd484d3ae022499696207beba7777b75 - - default default] Create volume request issued successfully.
2026-07-15 12:33:17.137 8 INFO cinder.api.openstack.wsgi [None req-ba62850d-dad9-43c8-a91a-a7debb4415b8 e3d24b67daa040b69098dd5d9f25c5b5 bd484d3ae022499696207beba7777b75 - - default default] http://cinder-api.openstack.svc.cluster.local:8776/v3/bd484d3ae022499696207beba7777b75/volumes returned with HTTP 202 [pid: 8|app: 0|req: 446/904] 10.0.0.17 () {34 vars in 722 bytes} [Wed Jul 15 12:33:16 2026] POST /v3/bd484d3ae022499696207beba7777b75/volumes => generated 875 bytes in 141 msecs (HTTP/1.1 202) 7 headers in 291 bytes (1 switches on core 0) /var/lib/openstack/lib/python3.12/site-packages/pycadf/identifier.py:70: UserWarning: Invalid uuid: cinderv3. To ensure interoperability, identifiers should be a valid uuid. warnings.warn(('Invalid uuid: %s. To ensure interoperability, '
2026-07-15 12:33:17.158 7 INFO cinder.api.openstack.wsgi [None req-35f18855-887b-4737-a175-c2e451bc1e01 e3d24b67daa040b69098dd5d9f25c5b5 bd484d3ae022499696207beba7777b75 - - default default] GET http://cinder-api.openstack.svc.cluster.local:8776/v3/bd484d3ae022499696207beba7777b75/volumes/b01077cf-f8eb-4669-8a07-1994473b97b1 /var/lib/openstack/lib/python3.12/site-packages/oslo_context/context.py:101: DeprecationWarning: Policy enforcement is depending on the value of is_admin. This key is deprecated. Please update your policy file to use the standard policy values. warnings.warn(
2026-07-15 12:33:17.175 7 INFO cinder.volume.api [None req-35f18855-887b-4737-a175-c2e451bc1e01 e3d24b67daa040b69098dd5d9f25c5b5 bd484d3ae022499696207beba7777b75 - - default default] Volume info retrieved successfully.
2026-07-15 12:33:17.180 7 INFO cinder.api.openstack.wsgi [None req-35f18855-887b-4737-a175-c2e451bc1e01 e3d24b67daa040b69098dd5d9f25c5b5 bd484d3ae022499696207beba7777b75 - - default default] http://cinder-api.openstack.svc.cluster.local:8776/v3/bd484d3ae022499696207beba7777b75/volumes/b01077cf-f8eb-4669-8a07-1994473b97b1 returned with HTTP 200 [pid: 7|app: 0|req: 459/905] 10.0.0.17 () {32 vars in 774 bytes} [Wed Jul 15 12:33:17 2026] GET /v3/bd484d3ae022499696207beba7777b75/volumes/b01077cf-f8eb-4669-8a07-1994473b97b1 => generated 943 bytes in 31 msecs (HTTP/1.1 200) 7 headers in 285 bytes (1 switches on core 0) /var/lib/openstack/lib/python3.12/site-packages/pycadf/identifier.py:70: UserWarning: Invalid uuid: cinderv3. To ensure interoperability, identifiers should be a valid uuid. warnings.warn(('Invalid uuid: %s. To ensure interoperability, '
2026-07-15 12:33:18.208 8 INFO cinder.api.openstack.wsgi [None req-e4d6d29e-3066-41bb-a916-d74e145bf43b e3d24b67daa040b69098dd5d9f25c5b5 bd484d3ae022499696207beba7777b75 - - default default] GET http://cinder-api.openstack.svc.cluster.local:8776/v3/bd484d3ae022499696207beba7777b75/volumes/b01077cf-f8eb-4669-8a07-1994473b97b1 /var/lib/openstack/lib/python3.12/site-packages/oslo_context/context.py:101: DeprecationWarning: Policy enforcement is depending on the value of is_admin. This key is deprecated. Please update your policy file to use the standard policy values. warnings.warn(
2026-07-15 12:33:18.226 8 INFO cinder.volume.api [None req-e4d6d29e-3066-41bb-a916-d74e145bf43b e3d24b67daa040b69098dd5d9f25c5b5 bd484d3ae022499696207beba7777b75 - - default default] Volume info retrieved successfully.
2026-07-15 12:33:18.232 8 INFO cinder.api.openstack.wsgi [None req-e4d6d29e-3066-41bb-a916-d74e145bf43b e3d24b67daa040b69098dd5d9f25c5b5 bd484d3ae022499696207beba7777b75 - - default default] http://cinder-api.openstack.svc.cluster.local:8776/v3/bd484d3ae022499696207beba7777b75/volumes/b01077cf-f8eb-4669-8a07-1994473b97b1 returned with HTTP 200 [pid: 8|app: 0|req: 447/906] 10.0.0.17 () {32 vars in 774 bytes} [Wed Jul 15 12:33:18 2026] GET /v3/bd484d3ae022499696207beba7777b75/volumes/b01077cf-f8eb-4669-8a07-1994473b97b1 => generated 968 bytes in 31 msecs (HTTP/1.1 200) 7 headers in 285 bytes (1 switches on core 0) /var/lib/openstack/lib/python3.12/site-packages/pycadf/identifier.py:70: UserWarning: Invalid uuid: cinderv3. To ensure interoperability, identifiers should be a valid uuid. warnings.warn(('Invalid uuid: %s. To ensure interoperability, '
2026-07-15 12:33:18.253 7 INFO cinder.api.openstack.wsgi [None req-1a510dc5-cb2e-4c79-8840-8d9d18563687 e3d24b67daa040b69098dd5d9f25c5b5 bd484d3ae022499696207beba7777b75 - - default default] GET http://cinder-api.openstack.svc.cluster.local:8776/v3/bd484d3ae022499696207beba7777b75/volumes/b01077cf-f8eb-4669-8a07-1994473b97b1 /var/lib/openstack/lib/python3.12/site-packages/oslo_context/context.py:101: DeprecationWarning: Policy enforcement is depending on the value of is_admin. This key is deprecated. Please update your policy file to use the standard policy values. warnings.warn(
2026-07-15 12:33:18.273 7 INFO cinder.volume.api [None req-1a510dc5-cb2e-4c79-8840-8d9d18563687 e3d24b67daa040b69098dd5d9f25c5b5 bd484d3ae022499696207beba7777b75 - - default default] Volume info retrieved successfully.
2026-07-15 12:33:18.280 7 INFO cinder.api.openstack.wsgi [None req-1a510dc5-cb2e-4c79-8840-8d9d18563687 e3d24b67daa040b69098dd5d9f25c5b5 bd484d3ae022499696207beba7777b75 - - default default] http://cinder-api.openstack.svc.cluster.local:8776/v3/bd484d3ae022499696207beba7777b75/volumes/b01077cf-f8eb-4669-8a07-1994473b97b1 returned with HTTP 200 [pid: 7|app: 0|req: 460/907] 10.0.0.17 () {32 vars in 774 bytes} [Wed Jul 15 12:33:18 2026] GET /v3/bd484d3ae022499696207beba7777b75/volumes/b01077cf-f8eb-4669-8a07-1994473b97b1 => generated 968 bytes in 32 msecs (HTTP/1.1 200) 7 headers in 285 bytes (1 switches on core 0) /var/lib/openstack/lib/python3.12/site-packages/pycadf/identifier.py:70: UserWarning: Invalid uuid: cinderv3. To ensure interoperability, identifiers should be a valid uuid. warnings.warn(('Invalid uuid: %s. To ensure interoperability, '
2026-07-15 12:33:18.308 8 INFO cinder.api.openstack.wsgi [None req-2b87f60f-55b0-4b59-acc9-917fedd5690c e3d24b67daa040b69098dd5d9f25c5b5 bd484d3ae022499696207beba7777b75 - - default default] GET http://cinder-api.openstack.svc.cluster.local:8776/v3/bd484d3ae022499696207beba7777b75/volumes
2026-07-15 12:33:18.338 8 INFO cinder.volume.api [None req-2b87f60f-55b0-4b59-acc9-917fedd5690c e3d24b67daa040b69098dd5d9f25c5b5 bd484d3ae022499696207beba7777b75 - - default default] Get all volumes completed successfully.
2026-07-15 12:33:18.339 8 INFO cinder.api.openstack.wsgi [None req-2b87f60f-55b0-4b59-acc9-917fedd5690c e3d24b67daa040b69098dd5d9f25c5b5 bd484d3ae022499696207beba7777b75 - - default default] http://cinder-api.openstack.svc.cluster.local:8776/v3/bd484d3ae022499696207beba7777b75/volumes returned with HTTP 200 [pid: 8|app: 0|req: 448/908] 10.0.0.17 () {32 vars in 700 bytes} [Wed Jul 15 12:33:18 2026] GET /v3/bd484d3ae022499696207beba7777b75/volumes => generated 1321 bytes in 36 msecs (HTTP/1.1 200) 7 headers in 286 bytes (1 switches on core 0) /var/lib/openstack/lib/python3.12/site-packages/pycadf/identifier.py:70: UserWarning: Invalid uuid: cinderv3. To ensure interoperability, identifiers should be a valid uuid. warnings.warn(('Invalid uuid: %s. To ensure interoperability, '
2026-07-15 12:33:18.362 7 INFO cinder.api.openstack.wsgi [None req-ebc832f3-1c8c-4b5b-9750-911b4fc912a0 e3d24b67daa040b69098dd5d9f25c5b5 bd484d3ae022499696207beba7777b75 - - default default] GET http://cinder-api.openstack.svc.cluster.local:8776/v3/bd484d3ae022499696207beba7777b75/volumes/b01077cf-f8eb-4669-8a07-1994473b97b1 /var/lib/openstack/lib/python3.12/site-packages/oslo_context/context.py:101: DeprecationWarning: Policy enforcement is depending on the value of is_admin. This key is deprecated. Please update your policy file to use the standard policy values. warnings.warn(
2026-07-15 12:33:18.402 7 INFO cinder.volume.api [None req-ebc832f3-1c8c-4b5b-9750-911b4fc912a0 e3d24b67daa040b69098dd5d9f25c5b5 bd484d3ae022499696207beba7777b75 - - default default] Volume info retrieved successfully.
2026-07-15 12:33:18.408 7 INFO cinder.api.openstack.wsgi [None req-ebc832f3-1c8c-4b5b-9750-911b4fc912a0 e3d24b67daa040b69098dd5d9f25c5b5 bd484d3ae022499696207beba7777b75 - - default default] http://cinder-api.openstack.svc.cluster.local:8776/v3/bd484d3ae022499696207beba7777b75/volumes/b01077cf-f8eb-4669-8a07-1994473b97b1 returned with HTTP 200 [pid: 7|app: 0|req: 461/909] 10.0.0.17 () {32 vars in 774 bytes} [Wed Jul 15 12:33:18 2026] GET /v3/bd484d3ae022499696207beba7777b75/volumes/b01077cf-f8eb-4669-8a07-1994473b97b1 => generated 968 bytes in 53 msecs (HTTP/1.1 200) 7 headers in 285 bytes (1 switches on core 0) /var/lib/openstack/lib/python3.12/site-packages/pycadf/identifier.py:70: UserWarning: Invalid uuid: cinderv3. To ensure interoperability, identifiers should be a valid uuid. warnings.warn(('Invalid uuid: %s. To ensure interoperability, '
2026-07-15 12:33:18.430 8 INFO cinder.api.openstack.wsgi [None req-9e0f1dae-c634-4f7a-b593-0ae027569454 e3d24b67daa040b69098dd5d9f25c5b5 bd484d3ae022499696207beba7777b75 - - default default] DELETE http://cinder-api.openstack.svc.cluster.local:8776/v3/bd484d3ae022499696207beba7777b75/volumes/b01077cf-f8eb-4669-8a07-1994473b97b1
2026-07-15 12:33:18.430 8 INFO cinder.api.v3.volumes [None req-9e0f1dae-c634-4f7a-b593-0ae027569454 e3d24b67daa040b69098dd5d9f25c5b5 bd484d3ae022499696207beba7777b75 - - default default] Delete volume with id: b01077cf-f8eb-4669-8a07-1994473b97b1 /var/lib/openstack/lib/python3.12/site-packages/oslo_context/context.py:101: DeprecationWarning: Policy enforcement is depending on the value of is_admin. This key is deprecated. Please update your policy file to use the standard policy values. warnings.warn(
2026-07-15 12:33:18.440 8 INFO cinder.volume.api [None req-9e0f1dae-c634-4f7a-b593-0ae027569454 e3d24b67daa040b69098dd5d9f25c5b5 bd484d3ae022499696207beba7777b75 - - default default] Volume info retrieved successfully.
2026-07-15 12:33:18.463 8 INFO cinder.volume.api [None req-9e0f1dae-c634-4f7a-b593-0ae027569454 e3d24b67daa040b69098dd5d9f25c5b5 bd484d3ae022499696207beba7777b75 - - default default] Delete volume request issued successfully.
2026-07-15 12:33:18.464 8 INFO cinder.api.openstack.wsgi [None req-9e0f1dae-c634-4f7a-b593-0ae027569454 e3d24b67daa040b69098dd5d9f25c5b5 bd484d3ae022499696207beba7777b75 - - default default] http://cinder-api.openstack.svc.cluster.local:8776/v3/bd484d3ae022499696207beba7777b75/volumes/b01077cf-f8eb-4669-8a07-1994473b97b1 returned with HTTP 202 [pid: 8|app: 0|req: 449/910] 10.0.0.17 () {32 vars in 777 bytes} [Wed Jul 15 12:33:18 2026] DELETE /v3/bd484d3ae022499696207beba7777b75/volumes/b01077cf-f8eb-4669-8a07-1994473b97b1 => generated 0 bytes in 47 msecs (HTTP/1.1 202) 6 headers in 233 bytes (1 switches on core 0) /var/lib/openstack/lib/python3.12/site-packages/pycadf/identifier.py:70: UserWarning: Invalid uuid: cinderv3. To ensure interoperability, identifiers should be a valid uuid. warnings.warn(('Invalid uuid: %s. To ensure interoperability, '
2026-07-15 12:33:18.481 7 INFO cinder.api.openstack.wsgi [None req-a4748790-bff5-45bc-b502-dd6ebb626793 e3d24b67daa040b69098dd5d9f25c5b5 bd484d3ae022499696207beba7777b75 - - default default] GET http://cinder-api.openstack.svc.cluster.local:8776/v3/bd484d3ae022499696207beba7777b75/volumes/b01077cf-f8eb-4669-8a07-1994473b97b1 /var/lib/openstack/lib/python3.12/site-packages/oslo_context/context.py:101: DeprecationWarning: Policy enforcement is depending on the value of is_admin. This key is deprecated. Please update your policy file to use the standard policy values. warnings.warn(
2026-07-15 12:33:18.498 7 INFO cinder.volume.api [None req-a4748790-bff5-45bc-b502-dd6ebb626793 e3d24b67daa040b69098dd5d9f25c5b5 bd484d3ae022499696207beba7777b75 - - default default] Volume info retrieved successfully.
2026-07-15 12:33:18.509 7 INFO cinder.api.openstack.wsgi [None req-a4748790-bff5-45bc-b502-dd6ebb626793 e3d24b67daa040b69098dd5d9f25c5b5 bd484d3ae022499696207beba7777b75 - - default default] http://cinder-api.openstack.svc.cluster.local:8776/v3/bd484d3ae022499696207beba7777b75/volumes/b01077cf-f8eb-4669-8a07-1994473b97b1 returned with HTTP 200 [pid: 7|app: 0|req: 462/911] 10.0.0.17 () {32 vars in 774 bytes} [Wed Jul 15 12:33:18 2026] GET /v3/bd484d3ae022499696207beba7777b75/volumes/b01077cf-f8eb-4669-8a07-1994473b97b1 => generated 967 bytes in 36 msecs (HTTP/1.1 200) 7 headers in 285 bytes (1 switches on core 0) /var/lib/openstack/lib/python3.12/site-packages/pycadf/identifier.py:70: UserWarning: Invalid uuid: cinderv3. To ensure interoperability, identifiers should be a valid uuid. warnings.warn(('Invalid uuid: %s. To ensure interoperability, '
2026-07-15 12:33:18.735 8 INFO cinder.api.openstack.wsgi [None req-805f06c2-e8f1-40c1-b950-fe7d85a33adb 9374221b42e24749ac086900decb73ef 3ffd72e0c0e0421f94831c3bdab5449c - - default default] GET http://cinder-api.openstack.svc.cluster.local:8776/v3/3ffd72e0c0e0421f94831c3bdab5449c/os-services
2026-07-15 12:33:18.746 8 INFO cinder.api.openstack.wsgi [None req-805f06c2-e8f1-40c1-b950-fe7d85a33adb 9374221b42e24749ac086900decb73ef 3ffd72e0c0e0421f94831c3bdab5449c - - default default] http://cinder-api.openstack.svc.cluster.local:8776/v3/3ffd72e0c0e0421f94831c3bdab5449c/os-services returned with HTTP 200 [pid: 8|app: 0|req: 450/912] 10.0.0.141 () {28 vars in 645 bytes} [Wed Jul 15 12:33:18 2026] GET /v3/3ffd72e0c0e0421f94831c3bdab5449c/os-services => generated 646 bytes in 96 msecs (HTTP/1.1 200) 7 headers in 285 bytes (1 switches on core 0) /var/lib/openstack/lib/python3.12/site-packages/pycadf/identifier.py:70: UserWarning: Invalid uuid: cinderv3. To ensure interoperability, identifiers should be a valid uuid. warnings.warn(('Invalid uuid: %s. To ensure interoperability, '
2026-07-15 12:33:18.761 7 INFO cinder.api.openstack.wsgi [None req-7c7f9716-58a0-49d2-a47c-afefd2c5be28 9374221b42e24749ac086900decb73ef 3ffd72e0c0e0421f94831c3bdab5449c - - default default] GET http://cinder-api.openstack.svc.cluster.local:8776/v3/3ffd72e0c0e0421f94831c3bdab5449c/scheduler-stats/get_pools?detail=true
2026-07-15 12:33:19.267 7 INFO cinder.api.openstack.wsgi [None req-7c7f9716-58a0-49d2-a47c-afefd2c5be28 9374221b42e24749ac086900decb73ef 3ffd72e0c0e0421f94831c3bdab5449c - - default default] http://cinder-api.openstack.svc.cluster.local:8776/v3/3ffd72e0c0e0421f94831c3bdab5449c/scheduler-stats/get_pools?detail=true returned with HTTP 200 [pid: 7|app: 0|req: 463/913] 10.0.0.141 () {28 vars in 696 bytes} [Wed Jul 15 12:33:18 2026] GET /v3/3ffd72e0c0e0421f94831c3bdab5449c/scheduler-stats/get_pools?detail=true => generated 668 bytes in 516 msecs (HTTP/1.1 200) 7 headers in 285 bytes (1 switches on core 0)
2026-07-15 12:33:19.280 8 INFO cinder.api.openstack.wsgi [None req-66c0d988-e3e0-48f8-aa1f-9a6ad6f913ab 9374221b42e24749ac086900decb73ef 3ffd72e0c0e0421f94831c3bdab5449c - - default default] GET http://cinder-api.openstack.svc.cluster.local:8776/v3/3ffd72e0c0e0421f94831c3bdab5449c/volumes/detail?all_tenants=true
2026-07-15 12:33:19.295 8 INFO cinder.volume.api [None req-66c0d988-e3e0-48f8-aa1f-9a6ad6f913ab 9374221b42e24749ac086900decb73ef 3ffd72e0c0e0421f94831c3bdab5449c - - default default] Get all volumes completed successfully. /var/lib/openstack/lib/python3.12/site-packages/oslo_context/context.py:101: DeprecationWarning: Policy enforcement is depending on the value of is_admin. This key is deprecated. Please update your policy file to use the standard policy values. warnings.warn(
2026-07-15 12:33:19.301 8 INFO cinder.api.openstack.wsgi [None req-66c0d988-e3e0-48f8-aa1f-9a6ad6f913ab 9374221b42e24749ac086900decb73ef 3ffd72e0c0e0421f94831c3bdab5449c - - default default] http://cinder-api.openstack.svc.cluster.local:8776/v3/3ffd72e0c0e0421f94831c3bdab5449c/volumes/detail?all_tenants=true returned with HTTP 200 [pid: 8|app: 0|req: 451/914] 10.0.0.141 () {28 vars in 684 bytes} [Wed Jul 15 12:33:19 2026] GET /v3/3ffd72e0c0e0421f94831c3bdab5449c/volumes/detail?all_tenants=true => generated 3366 bytes in 28 msecs (HTTP/1.1 200) 7 headers in 286 bytes (1 switches on core 0)
2026-07-15 12:33:19.368 7 INFO cinder.api.openstack.wsgi [None req-559cb0bb-5cf0-4f87-9ecc-b04fdc009aa7 9374221b42e24749ac086900decb73ef 3ffd72e0c0e0421f94831c3bdab5449c - - default default] GET http://cinder-api.openstack.svc.cluster.local:8776/v3/3ffd72e0c0e0421f94831c3bdab5449c/os-quota-sets/248cf5ab7b1b4e28b1501132f88a6214?usage=true
2026-07-15 12:33:19.398 7 INFO cinder.api.openstack.wsgi [None req-559cb0bb-5cf0-4f87-9ecc-b04fdc009aa7 9374221b42e24749ac086900decb73ef 3ffd72e0c0e0421f94831c3bdab5449c - - default default] http://cinder-api.openstack.svc.cluster.local:8776/v3/3ffd72e0c0e0421f94831c3bdab5449c/os-quota-sets/248cf5ab7b1b4e28b1501132f88a6214?usage=true returned with HTTP 200 [pid: 7|app: 0|req: 464/915] 10.0.0.141 () {28 vars in 736 bytes} [Wed Jul 15 12:33:19 2026] GET /v3/3ffd72e0c0e0421f94831c3bdab5449c/os-quota-sets/248cf5ab7b1b4e28b1501132f88a6214?usage=true => generated 847 bytes in 39 msecs (HTTP/1.1 200) 7 headers in 285 bytes (1 switches on core 0) /var/lib/openstack/lib/python3.12/site-packages/pycadf/identifier.py:70: UserWarning: Invalid uuid: cinderv3. To ensure interoperability, identifiers should be a valid uuid. warnings.warn(('Invalid uuid: %s. To ensure interoperability, '
2026-07-15 12:33:19.415 8 INFO cinder.api.openstack.wsgi [None req-83fae6b9-0561-4652-a346-ee5e3e8d3bf9 9374221b42e24749ac086900decb73ef 3ffd72e0c0e0421f94831c3bdab5449c - - default default] GET http://cinder-api.openstack.svc.cluster.local:8776/v3/3ffd72e0c0e0421f94831c3bdab5449c/os-quota-sets/3e0bf3e7be90499b955a3c05f55641cc?usage=true
2026-07-15 12:33:19.443 8 INFO cinder.api.openstack.wsgi [None req-83fae6b9-0561-4652-a346-ee5e3e8d3bf9 9374221b42e24749ac086900decb73ef 3ffd72e0c0e0421f94831c3bdab5449c - - default default] http://cinder-api.openstack.svc.cluster.local:8776/v3/3ffd72e0c0e0421f94831c3bdab5449c/os-quota-sets/3e0bf3e7be90499b955a3c05f55641cc?usage=true returned with HTTP 200 [pid: 8|app: 0|req: 452/916] 10.0.0.141 () {28 vars in 736 bytes} [Wed Jul 15 12:33:19 2026] GET /v3/3ffd72e0c0e0421f94831c3bdab5449c/os-quota-sets/3e0bf3e7be90499b955a3c05f55641cc?usage=true => generated 847 bytes in 38 msecs (HTTP/1.1 200) 7 headers in 285 bytes (1 switches on core 0)
2026-07-15 12:33:19.460 7 INFO cinder.api.openstack.wsgi [None req-e5040d0e-bd87-4db8-a80a-d15197905598 9374221b42e24749ac086900decb73ef 3ffd72e0c0e0421f94831c3bdab5449c - - default default] GET http://cinder-api.openstack.svc.cluster.local:8776/v3/3ffd72e0c0e0421f94831c3bdab5449c/os-quota-sets/3ffd72e0c0e0421f94831c3bdab5449c?usage=true
2026-07-15 12:33:19.483 7 INFO cinder.api.openstack.wsgi [None req-e5040d0e-bd87-4db8-a80a-d15197905598 9374221b42e24749ac086900decb73ef 3ffd72e0c0e0421f94831c3bdab5449c - - default default] http://cinder-api.openstack.svc.cluster.local:8776/v3/3ffd72e0c0e0421f94831c3bdab5449c/os-quota-sets/3ffd72e0c0e0421f94831c3bdab5449c?usage=true returned with HTTP 200 [pid: 7|app: 0|req: 465/917] 10.0.0.141 () {28 vars in 736 bytes} [Wed Jul 15 12:33:19 2026] GET /v3/3ffd72e0c0e0421f94831c3bdab5449c/os-quota-sets/3ffd72e0c0e0421f94831c3bdab5449c?usage=true => generated 845 bytes in 30 msecs (HTTP/1.1 200) 7 headers in 285 bytes (1 switches on core 0)
2026-07-15 12:33:19.497 8 INFO cinder.api.openstack.wsgi [None req-e08109bf-cb88-41cd-9770-3777c370f3f5 9374221b42e24749ac086900decb73ef 3ffd72e0c0e0421f94831c3bdab5449c - - default default] GET http://cinder-api.openstack.svc.cluster.local:8776/v3/3ffd72e0c0e0421f94831c3bdab5449c/os-quota-sets/53cca13f37274c549abf5e4cf261c7c2?usage=true
2026-07-15 12:33:19.520 8 INFO cinder.api.openstack.wsgi [None req-e08109bf-cb88-41cd-9770-3777c370f3f5 9374221b42e24749ac086900decb73ef 3ffd72e0c0e0421f94831c3bdab5449c - - default default] http://cinder-api.openstack.svc.cluster.local:8776/v3/3ffd72e0c0e0421f94831c3bdab5449c/os-quota-sets/53cca13f37274c549abf5e4cf261c7c2?usage=true returned with HTTP 200 [pid: 8|app: 0|req: 453/918] 10.0.0.141 () {28 vars in 736 bytes} [Wed Jul 15 12:33:19 2026] GET /v3/3ffd72e0c0e0421f94831c3bdab5449c/os-quota-sets/53cca13f37274c549abf5e4cf261c7c2?usage=true => generated 847 bytes in 33 msecs (HTTP/1.1 200) 7 headers in 285 bytes (1 switches on core 0)
2026-07-15 12:33:19.531 8 INFO cinder.api.openstack.wsgi [None req-3a51e42b-d5ed-4644-90e7-ab113a08b2d9 e3d24b67daa040b69098dd5d9f25c5b5 bd484d3ae022499696207beba7777b75 - - default default] GET http://cinder-api.openstack.svc.cluster.local:8776/v3/bd484d3ae022499696207beba7777b75/volumes/b01077cf-f8eb-4669-8a07-1994473b97b1
2026-07-15 12:33:19.535 7 INFO cinder.api.openstack.wsgi [None req-20c24c50-2979-45aa-a04b-6ccf09839aae 9374221b42e24749ac086900decb73ef 3ffd72e0c0e0421f94831c3bdab5449c - - default default] GET http://cinder-api.openstack.svc.cluster.local:8776/v3/3ffd72e0c0e0421f94831c3bdab5449c/os-quota-sets/6bb6e65bcc164475bd349c1e80fd65a6?usage=true
2026-07-15 12:33:19.538 8 INFO cinder.api.openstack.wsgi [None req-3a51e42b-d5ed-4644-90e7-ab113a08b2d9 e3d24b67daa040b69098dd5d9f25c5b5 bd484d3ae022499696207beba7777b75 - - default default] http://cinder-api.openstack.svc.cluster.local:8776/v3/bd484d3ae022499696207beba7777b75/volumes/b01077cf-f8eb-4669-8a07-1994473b97b1 returned with HTTP 404 [pid: 8|app: 0|req: 454/919] 10.0.0.17 () {32 vars in 774 bytes} [Wed Jul 15 12:33:19 2026] GET /v3/bd484d3ae022499696207beba7777b75/volumes/b01077cf-f8eb-4669-8a07-1994473b97b1 => generated 109 bytes in 13 msecs (HTTP/1.1 404) 7 headers in 292 bytes (1 switches on core 0)
2026-07-15 12:33:19.547 8 INFO cinder.api.openstack.wsgi [None req-c3a94632-b029-4d2d-8244-62376646dba0 e3d24b67daa040b69098dd5d9f25c5b5 bd484d3ae022499696207beba7777b75 - - default default] GET http://cinder-api.openstack.svc.cluster.local:8776/v3/bd484d3ae022499696207beba7777b75/volumes/1f66d6f8-3a53-43b3-80ec-b8f149f4e244
2026-07-15 12:33:19.555 7 INFO cinder.api.openstack.wsgi [None req-20c24c50-2979-45aa-a04b-6ccf09839aae 9374221b42e24749ac086900decb73ef 3ffd72e0c0e0421f94831c3bdab5449c - - default default] http://cinder-api.openstack.svc.cluster.local:8776/v3/3ffd72e0c0e0421f94831c3bdab5449c/os-quota-sets/6bb6e65bcc164475bd349c1e80fd65a6?usage=true returned with HTTP 200 /var/lib/openstack/lib/python3.12/site-packages/oslo_context/context.py:101: DeprecationWarning: Policy enforcement is depending on the value of is_admin. This key is deprecated. Please update your policy file to use the standard policy values. warnings.warn( [pid: 7|app: 0|req: 466/920] 10.0.0.141 () {28 vars in 736 bytes} [Wed Jul 15 12:33:19 2026] GET /v3/3ffd72e0c0e0421f94831c3bdab5449c/os-quota-sets/6bb6e65bcc164475bd349c1e80fd65a6?usage=true => generated 847 bytes in 30 msecs (HTTP/1.1 200) 7 headers in 285 bytes (1 switches on core 0)
2026-07-15 12:33:19.561 8 INFO cinder.volume.api [None req-c3a94632-b029-4d2d-8244-62376646dba0 e3d24b67daa040b69098dd5d9f25c5b5 bd484d3ae022499696207beba7777b75 - - default default] Volume info retrieved successfully.
2026-07-15 12:33:19.565 7 INFO cinder.api.openstack.wsgi [None req-e202b28b-76a8-4b4d-a9ae-72899ecc615c 9374221b42e24749ac086900decb73ef 3ffd72e0c0e0421f94831c3bdab5449c - - default default] GET http://cinder-api.openstack.svc.cluster.local:8776/v3/3ffd72e0c0e0421f94831c3bdab5449c/os-quota-sets/6d7e03b1da1649018b14aa53735f94f3?usage=true
2026-07-15 12:33:19.567 8 INFO cinder.api.openstack.wsgi [None req-c3a94632-b029-4d2d-8244-62376646dba0 e3d24b67daa040b69098dd5d9f25c5b5 bd484d3ae022499696207beba7777b75 - - default default] http://cinder-api.openstack.svc.cluster.local:8776/v3/bd484d3ae022499696207beba7777b75/volumes/1f66d6f8-3a53-43b3-80ec-b8f149f4e244 returned with HTTP 200 [pid: 8|app: 0|req: 455/921] 10.0.0.17 () {32 vars in 774 bytes} [Wed Jul 15 12:33:19 2026] GET /v3/bd484d3ae022499696207beba7777b75/volumes/1f66d6f8-3a53-43b3-80ec-b8f149f4e244 => generated 967 bytes in 24 msecs (HTTP/1.1 200) 7 headers in 285 bytes (1 switches on core 0) /var/lib/openstack/lib/python3.12/site-packages/pycadf/identifier.py:70: UserWarning: Invalid uuid: cinderv3. To ensure interoperability, identifiers should be a valid uuid. warnings.warn(('Invalid uuid: %s. To ensure interoperability, '
2026-07-15 12:33:19.589 8 INFO cinder.api.openstack.wsgi [None req-4d3d9687-09b3-439b-a7b8-f7a60a9112b2 e3d24b67daa040b69098dd5d9f25c5b5 bd484d3ae022499696207beba7777b75 - - default default] DELETE http://cinder-api.openstack.svc.cluster.local:8776/v3/bd484d3ae022499696207beba7777b75/volumes/1f66d6f8-3a53-43b3-80ec-b8f149f4e244
2026-07-15 12:33:19.590 8 INFO cinder.api.v3.volumes [None req-4d3d9687-09b3-439b-a7b8-f7a60a9112b2 e3d24b67daa040b69098dd5d9f25c5b5 bd484d3ae022499696207beba7777b75 - - default default] Delete volume with id: 1f66d6f8-3a53-43b3-80ec-b8f149f4e244
2026-07-15 12:33:19.590 7 INFO cinder.api.openstack.wsgi [None req-e202b28b-76a8-4b4d-a9ae-72899ecc615c 9374221b42e24749ac086900decb73ef 3ffd72e0c0e0421f94831c3bdab5449c - - default default] http://cinder-api.openstack.svc.cluster.local:8776/v3/3ffd72e0c0e0421f94831c3bdab5449c/os-quota-sets/6d7e03b1da1649018b14aa53735f94f3?usage=true returned with HTTP 200 [pid: 7|app: 0|req: 467/922] 10.0.0.141 () {28 vars in 736 bytes} [Wed Jul 15 12:33:19 2026] GET /v3/3ffd72e0c0e0421f94831c3bdab5449c/os-quota-sets/6d7e03b1da1649018b14aa53735f94f3?usage=true => generated 847 bytes in 31 msecs (HTTP/1.1 200) 7 headers in 285 bytes (1 switches on core 0)
2026-07-15 12:33:19.599 7 INFO cinder.api.openstack.wsgi [None req-da90d921-0624-45f2-bc54-1a65add00be1 9374221b42e24749ac086900decb73ef 3ffd72e0c0e0421f94831c3bdab5449c - - default default] GET http://cinder-api.openstack.svc.cluster.local:8776/v3/3ffd72e0c0e0421f94831c3bdab5449c/os-quota-sets/7c2ae98692bb4fa882454dd61f181868?usage=true /var/lib/openstack/lib/python3.12/site-packages/oslo_context/context.py:101: DeprecationWarning: Policy enforcement is depending on the value of is_admin. This key is deprecated. Please update your policy file to use the standard policy values. warnings.warn(
2026-07-15 12:33:19.600 8 INFO cinder.volume.api [None req-4d3d9687-09b3-439b-a7b8-f7a60a9112b2 e3d24b67daa040b69098dd5d9f25c5b5 bd484d3ae022499696207beba7777b75 - - default default] Volume info retrieved successfully.
2026-07-15 12:33:19.624 7 INFO cinder.api.openstack.wsgi [None req-da90d921-0624-45f2-bc54-1a65add00be1 9374221b42e24749ac086900decb73ef 3ffd72e0c0e0421f94831c3bdab5449c - - default default] http://cinder-api.openstack.svc.cluster.local:8776/v3/3ffd72e0c0e0421f94831c3bdab5449c/os-quota-sets/7c2ae98692bb4fa882454dd61f181868?usage=true returned with HTTP 200 [pid: 7|app: 0|req: 468/923] 10.0.0.141 () {28 vars in 736 bytes} [Wed Jul 15 12:33:19 2026] GET /v3/3ffd72e0c0e0421f94831c3bdab5449c/os-quota-sets/7c2ae98692bb4fa882454dd61f181868?usage=true => generated 847 bytes in 30 msecs (HTTP/1.1 200) 7 headers in 285 bytes (1 switches on core 0)
2026-07-15 12:33:19.626 8 INFO cinder.volume.api [None req-4d3d9687-09b3-439b-a7b8-f7a60a9112b2 e3d24b67daa040b69098dd5d9f25c5b5 bd484d3ae022499696207beba7777b75 - - default default] Delete volume request issued successfully.
2026-07-15 12:33:19.626 8 INFO cinder.api.openstack.wsgi [None req-4d3d9687-09b3-439b-a7b8-f7a60a9112b2 e3d24b67daa040b69098dd5d9f25c5b5 bd484d3ae022499696207beba7777b75 - - default default] http://cinder-api.openstack.svc.cluster.local:8776/v3/bd484d3ae022499696207beba7777b75/volumes/1f66d6f8-3a53-43b3-80ec-b8f149f4e244 returned with HTTP 202 [pid: 8|app: 0|req: 456/924] 10.0.0.17 () {32 vars in 777 bytes} [Wed Jul 15 12:33:19 2026] DELETE /v3/bd484d3ae022499696207beba7777b75/volumes/1f66d6f8-3a53-43b3-80ec-b8f149f4e244 => generated 0 bytes in 45 msecs (HTTP/1.1 202) 6 headers in 233 bytes (1 switches on core 0)
2026-07-15 12:33:19.632 7 INFO cinder.api.openstack.wsgi [None req-f4c9e33b-f082-45d4-a4b5-d5d6f825ffdc 9374221b42e24749ac086900decb73ef 3ffd72e0c0e0421f94831c3bdab5449c - - default default] GET http://cinder-api.openstack.svc.cluster.local:8776/v3/3ffd72e0c0e0421f94831c3bdab5449c/os-quota-sets/9fac32eecabd435db8cba657e462e5f6?usage=true /var/lib/openstack/lib/python3.12/site-packages/pycadf/identifier.py:70: UserWarning: Invalid uuid: cinderv3. To ensure interoperability, identifiers should be a valid uuid. warnings.warn(('Invalid uuid: %s. To ensure interoperability, '
2026-07-15 12:33:19.636 8 INFO cinder.api.openstack.wsgi [None req-bb3ea5ae-e62a-447e-ae61-9376656c4db0 e3d24b67daa040b69098dd5d9f25c5b5 bd484d3ae022499696207beba7777b75 - - default default] GET http://cinder-api.openstack.svc.cluster.local:8776/v3/bd484d3ae022499696207beba7777b75/volumes/1f66d6f8-3a53-43b3-80ec-b8f149f4e244 /var/lib/openstack/lib/python3.12/site-packages/oslo_context/context.py:101: DeprecationWarning: Policy enforcement is depending on the value of is_admin. This key is deprecated. Please update your policy file to use the standard policy values. warnings.warn(
2026-07-15 12:33:19.653 8 INFO cinder.volume.api [None req-bb3ea5ae-e62a-447e-ae61-9376656c4db0 e3d24b67daa040b69098dd5d9f25c5b5 bd484d3ae022499696207beba7777b75 - - default default] Volume info retrieved successfully.
2026-07-15 12:33:19.654 7 INFO cinder.api.openstack.wsgi [None req-f4c9e33b-f082-45d4-a4b5-d5d6f825ffdc 9374221b42e24749ac086900decb73ef 3ffd72e0c0e0421f94831c3bdab5449c - - default default] http://cinder-api.openstack.svc.cluster.local:8776/v3/3ffd72e0c0e0421f94831c3bdab5449c/os-quota-sets/9fac32eecabd435db8cba657e462e5f6?usage=true returned with HTTP 200 [pid: 7|app: 0|req: 469/925] 10.0.0.141 () {28 vars in 736 bytes} [Wed Jul 15 12:33:19 2026] GET /v3/3ffd72e0c0e0421f94831c3bdab5449c/os-quota-sets/9fac32eecabd435db8cba657e462e5f6?usage=true => generated 847 bytes in 27 msecs (HTTP/1.1 200) 7 headers in 285 bytes (1 switches on core 0)
2026-07-15 12:33:19.659 8 INFO cinder.api.openstack.wsgi [None req-bb3ea5ae-e62a-447e-ae61-9376656c4db0 e3d24b67daa040b69098dd5d9f25c5b5 bd484d3ae022499696207beba7777b75 - - default default] http://cinder-api.openstack.svc.cluster.local:8776/v3/bd484d3ae022499696207beba7777b75/volumes/1f66d6f8-3a53-43b3-80ec-b8f149f4e244 returned with HTTP 200 [pid: 8|app: 0|req: 457/926] 10.0.0.17 () {32 vars in 774 bytes} [Wed Jul 15 12:33:19 2026] GET /v3/bd484d3ae022499696207beba7777b75/volumes/1f66d6f8-3a53-43b3-80ec-b8f149f4e244 => generated 966 bytes in 27 msecs (HTTP/1.1 200) 7 headers in 285 bytes (1 switches on core 0)
2026-07-15 12:33:19.664 7 INFO cinder.api.openstack.wsgi [None req-ccca1c5b-c561-4067-b54a-49ebcb51454f 9374221b42e24749ac086900decb73ef 3ffd72e0c0e0421f94831c3bdab5449c - - default default] GET http://cinder-api.openstack.svc.cluster.local:8776/v3/3ffd72e0c0e0421f94831c3bdab5449c/os-quota-sets/bb947c0097464de3a0907122c0f5a3de?usage=true
