+ COMMAND=start + start + for KEYSTONE_WSGI_SCRIPT in keystone-wsgi-public ++ type -p keystone-wsgi-public + cp -a /var/lib/openstack/bin/keystone-wsgi-public /var/www/cgi-bin/keystone/ + '[' -f /etc/apache2/envvars ']' + source /etc/apache2/envvars ++ unset HOME ++ '[' '' '!=' '' ']' ++ SUFFIX= ++ export APACHE_RUN_USER=www-data ++ APACHE_RUN_USER=www-data ++ export APACHE_RUN_GROUP=www-data ++ APACHE_RUN_GROUP=www-data ++ export APACHE_PID_FILE=/var/run/apache2/apache2.pid ++ APACHE_PID_FILE=/var/run/apache2/apache2.pid ++ export APACHE_RUN_DIR=/var/run/apache2 ++ APACHE_RUN_DIR=/var/run/apache2 ++ export APACHE_LOCK_DIR=/var/lock/apache2 ++ APACHE_LOCK_DIR=/var/lock/apache2 ++ export APACHE_LOG_DIR=/var/log/apache2 ++ APACHE_LOG_DIR=/var/log/apache2 ++ export LANG=C ++ LANG=C ++ export LANG + '[' -f /var/run/apache2/apache2.pid ']' + exec apache2 -DFOREGROUND AH00558: apache2: Could not reliably determine the server's fully qualified domain name, using 10.0.0.98. Set the 'ServerName' directive globally to suppress this message AH00558: apache2: Could not reliably determine the server's fully qualified domain name, using 10.0.0.98. Set the 'ServerName' directive globally to suppress this message
[Fri Jul 17 18:21:02.241485 2026] [mpm_event:notice] [pid 1:tid 140246036060032] AH00489: Apache/2.4.58 (Ubuntu) mod_wsgi/5.0.0 Python/3.12 configured -- resuming normal operations
[Fri Jul 17 18:21:02.241895 2026] [core:notice] [pid 1:tid 140246036060032] AH00094: Command line: 'apache2 -D FOREGROUND'
[Fri Jul 17 18:21:57.345404 2026] [wsgi:error] [pid 9:tid 140245398238912] /var/lib/openstack/lib/python3.12/site-packages/oslo_utils/importutils.py:77: EventletDeprecationWarning:
[Fri Jul 17 18:21:57.345452 2026] [wsgi:error] [pid 9:tid 140245398238912] Eventlet is deprecated. It is currently being maintained in bugfix mode, and
[Fri Jul 17 18:21:57.345454 2026] [wsgi:error] [pid 9:tid 140245398238912] we strongly recommend against using it for new projects.
[Fri Jul 17 18:21:57.345455 2026] [wsgi:error] [pid 9:tid 140245398238912]
[Fri Jul 17 18:21:57.345456 2026] [wsgi:error] [pid 9:tid 140245398238912] If you are already using Eventlet, we recommend migrating to a different
[Fri Jul 17 18:21:57.345457 2026] [wsgi:error] [pid 9:tid 140245398238912] framework. For more detail see
[Fri Jul 17 18:21:57.345459 2026] [wsgi:error] [pid 9:tid 140245398238912] https://eventlet.readthedocs.io/en/latest/asyncio/migration.html
[Fri Jul 17 18:21:57.345460 2026] [wsgi:error] [pid 9:tid 140245398238912]
[Fri Jul 17 18:21:57.345461 2026] [wsgi:error] [pid 9:tid 140245398238912] __import__(import_str)
[Fri Jul 17 18:21:57.378984 2026] [wsgi:error] [pid 11:tid 140245398238912] /var/lib/openstack/lib/python3.12/site-packages/oslo_utils/importutils.py:77: EventletDeprecationWarning:
[Fri Jul 17 18:21:57.379033 2026] [wsgi:error] [pid 11:tid 140245398238912] Eventlet is deprecated. It is currently being maintained in bugfix mode, and
[Fri Jul 17 18:21:57.379035 2026] [wsgi:error] [pid 11:tid 140245398238912] we strongly recommend against using it for new projects.
[Fri Jul 17 18:21:57.379037 2026] [wsgi:error] [pid 11:tid 140245398238912]
[Fri Jul 17 18:21:57.379038 2026] [wsgi:error] [pid 11:tid 140245398238912] If you are already using Eventlet, we recommend migrating to a different
[Fri Jul 17 18:21:57.379039 2026] [wsgi:error] [pid 11:tid 140245398238912] framework. For more detail see
[Fri Jul 17 18:21:57.379040 2026] [wsgi:error] [pid 11:tid 140245398238912] https://eventlet.readthedocs.io/en/latest/asyncio/migration.html
[Fri Jul 17 18:21:57.379042 2026] [wsgi:error] [pid 11:tid 140245398238912]
[Fri Jul 17 18:21:57.379043 2026] [wsgi:error] [pid 11:tid 140245398238912] __import__(import_str) 10.0.0.18 - - [17/Jul/2026:18:21:56 +0000] "GET /v3/ HTTP/1.1" 200 249 10.0.0.18 - - [17/Jul/2026:18:21:56 +0000] "GET /v3/ HTTP/1.1" 200 249
[Fri Jul 17 18:22:10.322279 2026] [wsgi:error] [pid 10:tid 140245398238912] /var/lib/openstack/lib/python3.12/site-packages/oslo_utils/importutils.py:77: EventletDeprecationWarning:
[Fri Jul 17 18:22:10.322331 2026] [wsgi:error] [pid 10:tid 140245398238912] Eventlet is deprecated. It is currently being maintained in bugfix mode, and
[Fri Jul 17 18:22:10.322334 2026] [wsgi:error] [pid 10:tid 140245398238912] we strongly recommend against using it for new projects.
[Fri Jul 17 18:22:10.322335 2026] [wsgi:error] [pid 10:tid 140245398238912]
[Fri Jul 17 18:22:10.322336 2026] [wsgi:error] [pid 10:tid 140245398238912] If you are already using Eventlet, we recommend migrating to a different
[Fri Jul 17 18:22:10.322338 2026] [wsgi:error] [pid 10:tid 140245398238912] framework. For more detail see
[Fri Jul 17 18:22:10.322339 2026] [wsgi:error] [pid 10:tid 140245398238912] https://eventlet.readthedocs.io/en/latest/asyncio/migration.html
[Fri Jul 17 18:22:10.322341 2026] [wsgi:error] [pid 10:tid 140245398238912]
[Fri Jul 17 18:22:10.322342 2026] [wsgi:error] [pid 10:tid 140245398238912] __import__(import_str) 10.0.0.79 - - [17/Jul/2026:18:22:09 +0000] "GET / HTTP/1.1" 300 295
[Fri Jul 17 18:22:15.799748 2026] [wsgi:error] [pid 12:tid 140245398238912] /var/lib/openstack/lib/python3.12/site-packages/oslo_utils/importutils.py:77: EventletDeprecationWarning:
[Fri Jul 17 18:22:15.799804 2026] [wsgi:error] [pid 12:tid 140245398238912] Eventlet is deprecated. It is currently being maintained in bugfix mode, and
[Fri Jul 17 18:22:15.799806 2026] [wsgi:error] [pid 12:tid 140245398238912] we strongly recommend against using it for new projects.
[Fri Jul 17 18:22:15.799807 2026] [wsgi:error] [pid 12:tid 140245398238912]
[Fri Jul 17 18:22:15.799809 2026] [wsgi:error] [pid 12:tid 140245398238912] If you are already using Eventlet, we recommend migrating to a different
[Fri Jul 17 18:22:15.799810 2026] [wsgi:error] [pid 12:tid 140245398238912] framework. For more detail see
[Fri Jul 17 18:22:15.799811 2026] [wsgi:error] [pid 12:tid 140245398238912] https://eventlet.readthedocs.io/en/latest/asyncio/migration.html
[Fri Jul 17 18:22:15.799812 2026] [wsgi:error] [pid 12:tid 140245398238912]
[Fri Jul 17 18:22:15.799813 2026] [wsgi:error] [pid 12:tid 140245398238912] __import__(import_str)
[Fri Jul 17 18:22:20.775168 2026] [wsgi:error] [pid 12:tid 140245398238912] [remote 10.0.0.79:47280] 2026-07-17 18:22:20.771 12 WARNING keystone.identity.core [None req-30132027-3eb6-44a2-aa7d-abc415626b08 - - - - - -] Invalid domain name (atmosphere) found in config file name: keystone.exception.DomainNotFound: Could not find domain: atmosphere.
[Fri Jul 17 18:22:20.831815 2026] [wsgi:error] [pid 12:tid 140245398238912] [remote 10.0.0.79:47280] 2026-07-17 18:22:20.831 12 WARNING keystone.common.password_hashing [None req-30132027-3eb6-44a2-aa7d-abc415626b08 - - - - - -] Truncating password to algorithm specific maximum length 72 characters.
[Fri Jul 17 18:22:21.114047 2026] [wsgi:error] [pid 12:tid 140245398238912] [remote 10.0.0.79:47280] 2026-07-17 18:22:21.113 12 WARNING keystone.common.fernet_utils [None req-30132027-3eb6-44a2-aa7d-abc415626b08 - - - - - -] key_repository is world readable: /etc/keystone/fernet-keys/ 10.0.0.79 - - [17/Jul/2026:18:22:14 +0000] "POST /v3/auth/tokens HTTP/1.1" 201 1359
[Fri Jul 17 18:22:21.536551 2026] [wsgi:error] [pid 11:tid 140245398238912] [remote 10.0.0.79:47280] 2026-07-17 18:22:21.533 11 WARNING keystone.identity.core [None req-6a7e375a-c8f9-4e6b-b933-8ca3040e107d - - - - - -] Invalid domain name (atmosphere) found in config file name: keystone.exception.DomainNotFound: Could not find domain: atmosphere. 10.0.0.79 - - [17/Jul/2026:18:22:21 +0000] "POST /v3/domains HTTP/1.1" 201 261 10.0.0.173 - - [17/Jul/2026:18:22:33 +0000] "GET / HTTP/1.1" 300 295
[Fri Jul 17 18:22:34.118862 2026] [wsgi:error] [pid 10:tid 140245398238912] [remote 10.0.0.173:41968] 2026-07-17 18:22:34.117 10 WARNING keystone.common.password_hashing [None req-4049c740-ebe3-4df2-affd-3f2f368a50a8 - - - - - -] Truncating password to algorithm specific maximum length 72 characters.
[Fri Jul 17 18:22:34.401657 2026] [wsgi:error] [pid 10:tid 140245398238912] [remote 10.0.0.173:41968] 2026-07-17 18:22:34.401 10 WARNING keystone.common.fernet_utils [None req-4049c740-ebe3-4df2-affd-3f2f368a50a8 - - - - - -] key_repository is world readable: /etc/keystone/fernet-keys/ 10.0.0.173 - - [17/Jul/2026:18:22:33 +0000] "POST /v3/auth/tokens HTTP/1.1" 201 1359 10.0.0.173 - - [17/Jul/2026:18:22:34 +0000] "GET /v3/roles/admin HTTP/1.1" 404 83
[Fri Jul 17 18:22:34.680841 2026] [wsgi:error] [pid 11:tid 140245398238912] [remote 10.0.0.173:41968] 2026-07-17 18:22:34.680 11 WARNING keystone.common.rbac_enforcer.enforcer [None req-8929b100-a91a-406c-9f9a-fef1e3eddca0 13a6a8085fb140d4b399998d92fe781d faa6627410db42f1b98a6f43dae7662e - - default default] Deprecated policy rules found. Use oslopolicy-policy-generator and oslopolicy-policy-upgrade to detect and resolve deprecated policies in your configuration. 10.0.0.173 - - [17/Jul/2026:18:22:34 +0000] "GET /v3/roles?name=admin HTTP/1.1" 200 389
[Fri Jul 17 18:22:35.189944 2026] [wsgi:error] [pid 9:tid 140245398238912] [remote 10.0.0.173:41968] 2026-07-17 18:22:35.189 9 WARNING keystone.common.rbac_enforcer.enforcer [None req-35946613-7db0-4fdb-83aa-7776145f0f56 13a6a8085fb140d4b399998d92fe781d faa6627410db42f1b98a6f43dae7662e - - default default] Deprecated policy rules found. Use oslopolicy-policy-generator and oslopolicy-policy-upgrade to detect and resolve deprecated policies in your configuration. 10.0.0.173 - - [17/Jul/2026:18:22:34 +0000] "GET /v3/users/admin-RegionOne HTTP/1.1" 404 93
[Fri Jul 17 18:22:35.352411 2026] [wsgi:error] [pid 10:tid 140245398238912] [remote 10.0.0.173:41968] 2026-07-17 18:22:35.352 10 WARNING keystone.common.rbac_enforcer.enforcer [None req-397b0687-8346-45c9-84f6-70c8b6769b9a 13a6a8085fb140d4b399998d92fe781d faa6627410db42f1b98a6f43dae7662e - - default default] Deprecated policy rules found. Use oslopolicy-policy-generator and oslopolicy-policy-upgrade to detect and resolve deprecated policies in your configuration. 10.0.0.173 - - [17/Jul/2026:18:22:35 +0000] "GET /v3/users?name=admin-RegionOne HTTP/1.1" 200 422
[Fri Jul 17 18:22:35.593291 2026] [wsgi:error] [pid 12:tid 140245398238912] [remote 10.0.0.173:41968] 2026-07-17 18:22:35.592 12 WARNING keystone.common.rbac_enforcer.enforcer [None req-93b90728-1fdf-45ca-875f-d150ec3f2495 13a6a8085fb140d4b399998d92fe781d faa6627410db42f1b98a6f43dae7662e - - default default] Deprecated policy rules found. Use oslopolicy-policy-generator and oslopolicy-policy-upgrade to detect and resolve deprecated policies in your configuration. 10.0.0.173 - - [17/Jul/2026:18:22:35 +0000] "GET /v3/domains/default HTTP/1.1" 200 224 10.0.0.173 - - [17/Jul/2026:18:22:35 +0000] "PUT /v3/domains/default/users/13a6a8085fb140d4b399998d92fe781d/roles/fe396d0ba58040c282abfed76c82b5d6 HTTP/1.1" 204 - 10.0.0.18 - - [17/Jul/2026:18:22:45 +0000] "GET / HTTP/1.1" 300 280 10.0.0.18 - - [17/Jul/2026:18:22:47 +0000] "GET /v3 HTTP/1.1" 200 265
[Fri Jul 17 18:22:47.211656 2026] [wsgi:error] [pid 12:tid 140245398238912] [remote 10.0.0.18:46508] 2026-07-17 18:22:47.211 12 WARNING keystone.common.password_hashing [None req-375ae2ef-1705-4adb-a2a0-ec23b8dcc873 - - - - - -] Truncating password to algorithm specific maximum length 72 characters.
[Fri Jul 17 18:22:47.483864 2026] [wsgi:error] [pid 12:tid 140245398238912] [remote 10.0.0.18:46508] 2026-07-17 18:22:47.483 12 WARNING keystone.common.fernet_utils [None req-375ae2ef-1705-4adb-a2a0-ec23b8dcc873 - - - - - -] key_repository is world readable: /etc/keystone/fernet-keys/ 10.0.0.18 - - [17/Jul/2026:18:22:47 +0000] "POST /v3/auth/tokens HTTP/1.1" 201 1359 10.0.0.18 - - [17/Jul/2026:18:22:47 +0000] "GET / HTTP/1.1" 300 280 10.0.0.18 - - [17/Jul/2026:18:22:47 +0000] "GET /v3/domains/atmosphere HTTP/1.1" 404 90 10.0.0.18 - - [17/Jul/2026:18:22:47 +0000] "GET /v3/domains?name=atmosphere HTTP/1.1" 200 368 10.0.0.18 - - [17/Jul/2026:18:22:47 +0000] "GET /v3/domains/d10731669ff146e0ba022405bf6c4c30 HTTP/1.1" 200 246 10.0.0.18 - - [17/Jul/2026:18:22:48 +0000] "GET /v3 HTTP/1.1" 200 265
[Fri Jul 17 18:22:48.630490 2026] [wsgi:error] [pid 9:tid 140245398238912] [remote 10.0.0.18:46524] 2026-07-17 18:22:48.629 9 WARNING keystone.common.password_hashing [None req-307fee51-7753-45d0-bab3-b8c0a3f3689d - - - - - -] Truncating password to algorithm specific maximum length 72 characters.
[Fri Jul 17 18:22:48.914335 2026] [wsgi:error] [pid 9:tid 140245398238912] [remote 10.0.0.18:46524] 2026-07-17 18:22:48.914 9 WARNING keystone.common.fernet_utils [None req-307fee51-7753-45d0-bab3-b8c0a3f3689d - - - - - -] key_repository is world readable: /etc/keystone/fernet-keys/ 10.0.0.18 - - [17/Jul/2026:18:22:48 +0000] "POST /v3/auth/tokens HTTP/1.1" 201 1359 10.0.0.18 - - [17/Jul/2026:18:22:48 +0000] "GET / HTTP/1.1" 300 280 10.0.0.18 - - [17/Jul/2026:18:22:48 +0000] "GET /v3/OS-FEDERATION/identity_providers/atmosphere HTTP/1.1" 404 101 10.0.0.18 - - [17/Jul/2026:18:22:48 +0000] "GET /v3/OS-FEDERATION/identity_providers HTTP/1.1" 200 155 10.0.0.18 - - [17/Jul/2026:18:22:48 +0000] "PUT /v3/OS-FEDERATION/identity_providers/atmosphere HTTP/1.1" 201 340 10.0.0.18 - - [17/Jul/2026:18:22:49 +0000] "GET /v3 HTTP/1.1" 200 265
[Fri Jul 17 18:22:49.813116 2026] [wsgi:error] [pid 12:tid 140245398238912] [remote 10.0.0.18:46524] 2026-07-17 18:22:49.812 12 WARNING keystone.common.password_hashing [None req-5e14aaa3-28a3-4af0-b176-76fb0930d3ca - - - - - -] Truncating password to algorithm specific maximum length 72 characters.
[Fri Jul 17 18:22:50.087044 2026] [wsgi:error] [pid 12:tid 140245398238912] [remote 10.0.0.18:46524] 2026-07-17 18:22:50.086 12 WARNING keystone.common.fernet_utils [None req-5e14aaa3-28a3-4af0-b176-76fb0930d3ca - - - - - -] key_repository is world readable: /etc/keystone/fernet-keys/ 10.0.0.18 - - [17/Jul/2026:18:22:49 +0000] "POST /v3/auth/tokens HTTP/1.1" 201 1359 10.0.0.18 - - [17/Jul/2026:18:22:50 +0000] "GET / HTTP/1.1" 300 280 10.0.0.18 - - [17/Jul/2026:18:22:50 +0000] "GET /v3/OS-FEDERATION/mappings/atmosphere-openid HTTP/1.1" 404 98 10.0.0.18 - - [17/Jul/2026:18:22:50 +0000] "GET /v3/OS-FEDERATION/mappings HTTP/1.1" 200 135 10.0.0.18 - - [17/Jul/2026:18:22:50 +0000] "PUT /v3/OS-FEDERATION/mappings/atmosphere-openid HTTP/1.1" 201 356 10.0.0.18 - - [17/Jul/2026:18:22:50 +0000] "GET /v3 HTTP/1.1" 200 265
[Fri Jul 17 18:22:51.005154 2026] [wsgi:error] [pid 9:tid 140245398238912] [remote 10.0.0.18:46524] 2026-07-17 18:22:51.004 9 WARNING keystone.common.password_hashing [None req-0c0c03ee-4e5c-492a-acfc-541dafedb040 - - - - - -] Truncating password to algorithm specific maximum length 72 characters.
[Fri Jul 17 18:22:51.277768 2026] [wsgi:error] [pid 9:tid 140245398238912] [remote 10.0.0.18:46524] 2026-07-17 18:22:51.277 9 WARNING keystone.common.fernet_utils [None req-0c0c03ee-4e5c-492a-acfc-541dafedb040 - - - - - -] key_repository is world readable: /etc/keystone/fernet-keys/ 10.0.0.18 - - [17/Jul/2026:18:22:50 +0000] "POST /v3/auth/tokens HTTP/1.1" 201 1359 10.0.0.18 - - [17/Jul/2026:18:22:51 +0000] "GET / HTTP/1.1" 300 280 10.0.0.18 - - [17/Jul/2026:18:22:51 +0000] "GET /v3/OS-FEDERATION/identity_providers/atmosphere/protocols/openid?idp_id=atmosphere HTTP/1.1" 404 131 10.0.0.18 - - [17/Jul/2026:18:22:51 +0000] "GET /v3/OS-FEDERATION/identity_providers/atmosphere/protocols HTTP/1.1" 200 167 10.0.0.18 - - [17/Jul/2026:18:22:51 +0000] "PUT /v3/OS-FEDERATION/identity_providers/atmosphere/protocols/openid HTTP/1.1" 201 222 10.0.0.18 - - [17/Jul/2026:18:22:56 +0000] "GET /v3/ HTTP/1.1" 200 249 10.0.0.18 - - [17/Jul/2026:18:22:56 +0000] "GET /v3/ HTTP/1.1" 200 249 10.0.0.18 - - [17/Jul/2026:18:23:56 +0000] "GET /v3/ HTTP/1.1" 200 249 10.0.0.18 - - [17/Jul/2026:18:23:56 +0000] "GET /v3/ HTTP/1.1" 200 249 10.0.0.3 - - [17/Jul/2026:18:24:19 +0000] "GET / HTTP/1.1" 300 295
[Fri Jul 17 18:24:19.793753 2026] [wsgi:error] [pid 12:tid 140245398238912] [remote 10.0.0.3:44356] 2026-07-17 18:24:19.793 12 WARNING keystone.common.password_hashing [None req-eaafc1b3-ab11-41ca-b17a-b7fd5672751e - - - - - -] Truncating password to algorithm specific maximum length 72 characters.
[Fri Jul 17 18:24:20.082315 2026] [wsgi:error] [pid 12:tid 140245398238912] [remote 10.0.0.3:44356] 2026-07-17 18:24:20.082 12 WARNING keystone.common.fernet_utils [None req-eaafc1b3-ab11-41ca-b17a-b7fd5672751e - - - - - -] key_repository is world readable: /etc/keystone/fernet-keys/ 10.0.0.3 - - [17/Jul/2026:18:24:19 +0000] "POST /v3/auth/tokens HTTP/1.1" 201 1359 10.0.0.3 - - [17/Jul/2026:18:24:20 +0000] "GET /v3/services HTTP/1.1" 200 355 10.0.0.3 - - [17/Jul/2026:18:24:23 +0000] "GET / HTTP/1.1" 300 295
[Fri Jul 17 18:24:23.816862 2026] [wsgi:error] [pid 10:tid 140245398238912] [remote 10.0.0.3:50904] 2026-07-17 18:24:23.816 10 WARNING keystone.common.password_hashing [None req-daf78af0-382d-4609-9ba1-2e5df4a677b9 - - - - - -] Truncating password to algorithm specific maximum length 72 characters.
[Fri Jul 17 18:24:24.093657 2026] [wsgi:error] [pid 10:tid 140245398238912] [remote 10.0.0.3:50904] 2026-07-17 18:24:24.093 10 WARNING keystone.common.fernet_utils [None req-daf78af0-382d-4609-9ba1-2e5df4a677b9 - - - - - -] key_repository is world readable: /etc/keystone/fernet-keys/ 10.0.0.3 - - [17/Jul/2026:18:24:23 +0000] "POST /v3/auth/tokens HTTP/1.1" 201 1359 10.0.0.3 - - [17/Jul/2026:18:24:24 +0000] "GET /v3/services HTTP/1.1" 200 355 10.0.0.3 - - [17/Jul/2026:18:24:27 +0000] "GET / HTTP/1.1" 300 295
[Fri Jul 17 18:24:27.854247 2026] [wsgi:error] [pid 9:tid 140245398238912] [remote 10.0.0.3:50920] 2026-07-17 18:24:27.853 9 WARNING keystone.common.password_hashing [None req-2573dec6-107c-4b02-91a3-23f508bdf164 - - - - - -] Truncating password to algorithm specific maximum length 72 characters.
[Fri Jul 17 18:24:28.135683 2026] [wsgi:error] [pid 9:tid 140245398238912] [remote 10.0.0.3:50920] 2026-07-17 18:24:28.135 9 WARNING keystone.common.fernet_utils [None req-2573dec6-107c-4b02-91a3-23f508bdf164 - - - - - -] key_repository is world readable: /etc/keystone/fernet-keys/ 10.0.0.3 - - [17/Jul/2026:18:24:27 +0000] "POST /v3/auth/tokens HTTP/1.1" 201 1359 10.0.0.3 - - [17/Jul/2026:18:24:28 +0000] "GET /v3/services HTTP/1.1" 200 355 10.0.0.3 - - [17/Jul/2026:18:24:32 +0000] "GET / HTTP/1.1" 300 295
[Fri Jul 17 18:24:32.061759 2026] [wsgi:error] [pid 11:tid 140245398238912] [remote 10.0.0.3:50936] 2026-07-17 18:24:32.061 11 WARNING keystone.common.password_hashing [None req-48484ad2-cd72-4c44-99c6-2f59ac1ffb00 - - - - - -] Truncating password to algorithm specific maximum length 72 characters.
[Fri Jul 17 18:24:32.351689 2026] [wsgi:error] [pid 11:tid 140245398238912] [remote 10.0.0.3:50936] 2026-07-17 18:24:32.351 11 WARNING keystone.common.fernet_utils [None req-48484ad2-cd72-4c44-99c6-2f59ac1ffb00 - - - - - -] key_repository is world readable: /etc/keystone/fernet-keys/ 10.0.0.3 - - [17/Jul/2026:18:24:32 +0000] "POST /v3/auth/tokens HTTP/1.1" 201 1359 10.0.0.3 - - [17/Jul/2026:18:24:32 +0000] "POST /v3/services HTTP/1.1" 201 296 10.0.0.150 - - [17/Jul/2026:18:24:45 +0000] "GET / HTTP/1.1" 300 295 10.0.0.150 - - [17/Jul/2026:18:24:45 +0000] "GET / HTTP/1.1" 300 295
[Fri Jul 17 18:24:45.104415 2026] [wsgi:error] [pid 11:tid 140245398238912] [remote 10.0.0.150:57216] 2026-07-17 18:24:45.104 11 WARNING keystone.common.password_hashing [None req-938b12fb-5e22-4748-899a-9c138e0f4a52 - - - - - -] Truncating password to algorithm specific maximum length 72 characters.
[Fri Jul 17 18:24:45.109117 2026] [wsgi:error] [pid 9:tid 140245398238912] [remote 10.0.0.150:57220] 2026-07-17 18:24:45.108 9 WARNING keystone.common.password_hashing [None req-19089956-ceca-4322-99aa-f75561fa42b4 - - - - - -] Truncating password to algorithm specific maximum length 72 characters. 10.0.0.150 - - [17/Jul/2026:18:24:45 +0000] "GET / HTTP/1.1" 300 295
[Fri Jul 17 18:24:45.164270 2026] [wsgi:error] [pid 12:tid 140245398238912] [remote 10.0.0.150:57236] 2026-07-17 18:24:45.164 12 WARNING keystone.common.password_hashing [None req-97b7f754-32ca-43dd-bab8-04d52a83273a - - - - - -] Truncating password to algorithm specific maximum length 72 characters.
[Fri Jul 17 18:24:45.379429 2026] [wsgi:error] [pid 11:tid 140245398238912] [remote 10.0.0.150:57216] 2026-07-17 18:24:45.379 11 WARNING keystone.common.fernet_utils [None req-938b12fb-5e22-4748-899a-9c138e0f4a52 - - - - - -] key_repository is world readable: /etc/keystone/fernet-keys/
[Fri Jul 17 18:24:45.385484 2026] [wsgi:error] [pid 9:tid 140245398238912] [remote 10.0.0.150:57220] 2026-07-17 18:24:45.385 9 WARNING keystone.common.fernet_utils [None req-19089956-ceca-4322-99aa-f75561fa42b4 - - - - - -] key_repository is world readable: /etc/keystone/fernet-keys/ 10.0.0.150 - - [17/Jul/2026:18:24:45 +0000] "POST /v3/auth/tokens HTTP/1.1" 201 1463 10.0.0.150 - - [17/Jul/2026:18:24:45 +0000] "POST /v3/auth/tokens HTTP/1.1" 201 1463
[Fri Jul 17 18:24:45.445355 2026] [wsgi:error] [pid 12:tid 140245398238912] [remote 10.0.0.150:57236] 2026-07-17 18:24:45.445 12 WARNING keystone.common.fernet_utils [None req-97b7f754-32ca-43dd-bab8-04d52a83273a - - - - - -] key_repository is world readable: /etc/keystone/fernet-keys/ 10.0.0.150 - - [17/Jul/2026:18:24:45 +0000] "POST /v3/auth/tokens HTTP/1.1" 201 1463 10.0.0.150 - - [17/Jul/2026:18:24:45 +0000] "GET /v3/services HTTP/1.1" 200 639 10.0.0.150 - - [17/Jul/2026:18:24:45 +0000] "GET /v3/services HTTP/1.1" 200 639 10.0.0.150 - - [17/Jul/2026:18:24:45 +0000] "GET /v3/services HTTP/1.1" 200 639 10.0.0.150 - - [17/Jul/2026:18:24:47 +0000] "GET / HTTP/1.1" 300 295
[Fri Jul 17 18:24:47.221883 2026] [wsgi:error] [pid 11:tid 140245398238912] [remote 10.0.0.150:57248] 2026-07-17 18:24:47.221 11 WARNING keystone.common.password_hashing [None req-f455eec3-accc-4ff8-b2b3-d03cf9abe2b3 - - - - - -] Truncating password to algorithm specific maximum length 72 characters. 10.0.0.150 - - [17/Jul/2026:18:24:47 +0000] "GET / HTTP/1.1" 300 295
[Fri Jul 17 18:24:47.271269 2026] [wsgi:error] [pid 9:tid 140245398238912] [remote 10.0.0.150:57260] 2026-07-17 18:24:47.271 9 WARNING keystone.common.password_hashing [None req-8b15d43e-929e-494c-8360-5ec3537f8a26 - - - - - -] Truncating password to algorithm specific maximum length 72 characters.
[Fri Jul 17 18:24:47.499464 2026] [wsgi:error] [pid 11:tid 140245398238912] [remote 10.0.0.150:57248] 2026-07-17 18:24:47.499 11 WARNING keystone.common.fernet_utils [None req-f455eec3-accc-4ff8-b2b3-d03cf9abe2b3 - - - - - -] key_repository is world readable: /etc/keystone/fernet-keys/ 10.0.0.150 - - [17/Jul/2026:18:24:47 +0000] "POST /v3/auth/tokens HTTP/1.1" 201 1463 10.0.0.150 - - [17/Jul/2026:18:24:47 +0000] "GET / HTTP/1.1" 300 295
[Fri Jul 17 18:24:47.555445 2026] [wsgi:error] [pid 9:tid 140245398238912] [remote 10.0.0.150:57260] 2026-07-17 18:24:47.555 9 WARNING keystone.common.fernet_utils [None req-8b15d43e-929e-494c-8360-5ec3537f8a26 - - - - - -] key_repository is world readable: /etc/keystone/fernet-keys/
[Fri Jul 17 18:24:47.555781 2026] [wsgi:error] [pid 10:tid 140245398238912] [remote 10.0.0.150:57264] 2026-07-17 18:24:47.555 10 WARNING keystone.common.password_hashing [None req-aae440da-8147-4b6d-bcf5-bd496c32e1a3 - - - - - -] Truncating password to algorithm specific maximum length 72 characters. 10.0.0.150 - - [17/Jul/2026:18:24:47 +0000] "POST /v3/auth/tokens HTTP/1.1" 201 1463 10.0.0.150 - - [17/Jul/2026:18:24:47 +0000] "GET /v3/endpoints HTTP/1.1" 200 1226 10.0.0.150 - - [17/Jul/2026:18:24:47 +0000] "GET /v3/services/0292f0ef6dd0466b902aeaec6f9a5c04 HTTP/1.1" 200 233 10.0.0.150 - - [17/Jul/2026:18:24:47 +0000] "GET /v3/services/0292f0ef6dd0466b902aeaec6f9a5c04 HTTP/1.1" 200 233 10.0.0.150 - - [17/Jul/2026:18:24:47 +0000] "GET /v3/endpoints HTTP/1.1" 200 1226 10.0.0.150 - - [17/Jul/2026:18:24:47 +0000] "GET /v3/services/0292f0ef6dd0466b902aeaec6f9a5c04 HTTP/1.1" 200 233 10.0.0.150 - - [17/Jul/2026:18:24:47 +0000] "GET /v3/services/0292f0ef6dd0466b902aeaec6f9a5c04 HTTP/1.1" 200 233 10.0.0.150 - - [17/Jul/2026:18:24:47 +0000] "GET /v3/services/0292f0ef6dd0466b902aeaec6f9a5c04 HTTP/1.1" 200 233 10.0.0.150 - - [17/Jul/2026:18:24:47 +0000] "GET /v3/services/0292f0ef6dd0466b902aeaec6f9a5c04 HTTP/1.1" 200 233
[Fri Jul 17 18:24:47.832663 2026] [wsgi:error] [pid 10:tid 140245398238912] [remote 10.0.0.150:57264] 2026-07-17 18:24:47.832 10 WARNING keystone.common.fernet_utils [None req-aae440da-8147-4b6d-bcf5-bd496c32e1a3 - - - - - -] key_repository is world readable: /etc/keystone/fernet-keys/ 10.0.0.150 - - [17/Jul/2026:18:24:47 +0000] "POST /v3/auth/tokens HTTP/1.1" 201 1463 10.0.0.150 - - [17/Jul/2026:18:24:47 +0000] "GET /v3/endpoints HTTP/1.1" 200 1226 10.0.0.150 - - [17/Jul/2026:18:24:47 +0000] "GET /v3/services/0292f0ef6dd0466b902aeaec6f9a5c04 HTTP/1.1" 200 233 10.0.0.150 - - [17/Jul/2026:18:24:47 +0000] "GET /v3/services/0292f0ef6dd0466b902aeaec6f9a5c04 HTTP/1.1" 200 233 10.0.0.150 - - [17/Jul/2026:18:24:48 +0000] "GET /v3/services/0292f0ef6dd0466b902aeaec6f9a5c04 HTTP/1.1" 200 233 10.0.0.150 - - [17/Jul/2026:18:24:49 +0000] "GET / HTTP/1.1" 300 295
[Fri Jul 17 18:24:49.249009 2026] [wsgi:error] [pid 11:tid 140245398238912] [remote 10.0.0.150:57268] 2026-07-17 18:24:49.248 11 WARNING keystone.common.password_hashing [None req-f74f5d17-c539-4342-bed2-494524d241a1 - - - - - -] Truncating password to algorithm specific maximum length 72 characters.
[Fri Jul 17 18:24:49.530229 2026] [wsgi:error] [pid 11:tid 140245398238912] [remote 10.0.0.150:57268] 2026-07-17 18:24:49.530 11 WARNING keystone.common.fernet_utils [None req-f74f5d17-c539-4342-bed2-494524d241a1 - - - - - -] key_repository is world readable: /etc/keystone/fernet-keys/ 10.0.0.150 - - [17/Jul/2026:18:24:49 +0000] "POST /v3/auth/tokens HTTP/1.1" 201 1463 10.0.0.150 - - [17/Jul/2026:18:24:49 +0000] "GET / HTTP/1.1" 300 295 10.0.0.150 - - [17/Jul/2026:18:24:49 +0000] "GET / HTTP/1.1" 300 295
[Fri Jul 17 18:24:49.588443 2026] [wsgi:error] [pid 11:tid 140245398238912] [remote 10.0.0.150:57286] 2026-07-17 18:24:49.588 11 WARNING keystone.common.password_hashing [None req-47a57271-1fda-422d-90dd-eca363e138cd - - - - - -] Truncating password to algorithm specific maximum length 72 characters.
[Fri Jul 17 18:24:49.591489 2026] [wsgi:error] [pid 9:tid 140245398238912] [remote 10.0.0.150:57270] 2026-07-17 18:24:49.591 9 WARNING keystone.common.password_hashing [None req-0eb22f85-8271-4f40-8f61-052f423dec70 - - - - - -] Truncating password to algorithm specific maximum length 72 characters. 10.0.0.150 - - [17/Jul/2026:18:24:49 +0000] "GET /v3/services/112461e803664e9ba68137ec09028979 HTTP/1.1" 200 296 10.0.0.150 - - [17/Jul/2026:18:24:49 +0000] "GET /v3/regions/RegionOne HTTP/1.1" 200 173
[Fri Jul 17 18:24:49.859996 2026] [wsgi:error] [pid 11:tid 140245398238912] [remote 10.0.0.150:57286] 2026-07-17 18:24:49.859 11 WARNING keystone.common.fernet_utils [None req-47a57271-1fda-422d-90dd-eca363e138cd - - - - - -] key_repository is world readable: /etc/keystone/fernet-keys/ 10.0.0.150 - - [17/Jul/2026:18:24:49 +0000] "POST /v3/endpoints HTTP/1.1" 201 383 10.0.0.150 - - [17/Jul/2026:18:24:49 +0000] "POST /v3/auth/tokens HTTP/1.1" 201 1643
[Fri Jul 17 18:24:49.873437 2026] [wsgi:error] [pid 9:tid 140245398238912] [remote 10.0.0.150:57270] 2026-07-17 18:24:49.873 9 WARNING keystone.common.fernet_utils [None req-0eb22f85-8271-4f40-8f61-052f423dec70 - - - - - -] key_repository is world readable: /etc/keystone/fernet-keys/ 10.0.0.150 - - [17/Jul/2026:18:24:49 +0000] "POST /v3/auth/tokens HTTP/1.1" 201 1643 10.0.0.150 - - [17/Jul/2026:18:24:49 +0000] "GET /v3/services/112461e803664e9ba68137ec09028979 HTTP/1.1" 200 296 10.0.0.150 - - [17/Jul/2026:18:24:49 +0000] "GET /v3/services/112461e803664e9ba68137ec09028979 HTTP/1.1" 200 296 10.0.0.150 - - [17/Jul/2026:18:24:49 +0000] "GET /v3/regions/RegionOne HTTP/1.1" 200 173 10.0.0.150 - - [17/Jul/2026:18:24:50 +0000] "GET /v3/regions/RegionOne HTTP/1.1" 200 173 10.0.0.150 - - [17/Jul/2026:18:24:50 +0000] "POST /v3/endpoints HTTP/1.1" 201 369 10.0.0.150 - - [17/Jul/2026:18:24:50 +0000] "POST /v3/endpoints HTTP/1.1" 201 380 10.0.0.150 - - [17/Jul/2026:18:24:51 +0000] "GET / HTTP/1.1" 300 295 10.0.0.150 - - [17/Jul/2026:18:24:51 +0000] "GET / HTTP/1.1" 300 295
[Fri Jul 17 18:24:51.627021 2026] [wsgi:error] [pid 12:tid 140245398238912] [remote 10.0.0.150:57300] 2026-07-17 18:24:51.626 12 WARNING keystone.common.password_hashing [None req-92df3474-26e2-4f08-a392-5c92b046a05d - - - - - -] Truncating password to algorithm specific maximum length 72 characters.
[Fri Jul 17 18:24:51.647079 2026] [wsgi:error] [pid 9:tid 140245398238912] [remote 10.0.0.150:57306] 2026-07-17 18:24:51.646 9 WARNING keystone.common.password_hashing [None req-25788567-2f93-476b-ae9a-b3c6bbd90907 - - - - - -] Truncating password to algorithm specific maximum length 72 characters.
[Fri Jul 17 18:24:51.902340 2026] [wsgi:error] [pid 12:tid 140245398238912] [remote 10.0.0.150:57300] 2026-07-17 18:24:51.902 12 WARNING keystone.common.fernet_utils [None req-92df3474-26e2-4f08-a392-5c92b046a05d - - - - - -] key_repository is world readable: /etc/keystone/fernet-keys/ 10.0.0.150 - - [17/Jul/2026:18:24:51 +0000] "POST /v3/auth/tokens HTTP/1.1" 201 1990
[Fri Jul 17 18:24:51.929376 2026] [wsgi:error] [pid 9:tid 140245398238912] [remote 10.0.0.150:57306] 2026-07-17 18:24:51.929 9 WARNING keystone.common.fernet_utils [None req-25788567-2f93-476b-ae9a-b3c6bbd90907 - - - - - -] key_repository is world readable: /etc/keystone/fernet-keys/ 10.0.0.150 - - [17/Jul/2026:18:24:51 +0000] "POST /v3/auth/tokens HTTP/1.1" 201 1990 10.0.0.150 - - [17/Jul/2026:18:24:51 +0000] "GET / HTTP/1.1" 300 295
[Fri Jul 17 18:24:51.959626 2026] [wsgi:error] [pid 11:tid 140245398238912] [remote 10.0.0.150:57314] 2026-07-17 18:24:51.959 11 WARNING keystone.common.password_hashing [None req-a5e9c03c-227e-49a4-ab10-f5ba391a146f - - - - - -] Truncating password to algorithm specific maximum length 72 characters. 10.0.0.150 - - [17/Jul/2026:18:24:52 +0000] "GET /v3/endpoints/9f31b6b69ee0441b9bcc1259da1887a9 HTTP/1.1" 200 369 10.0.0.150 - - [17/Jul/2026:18:24:52 +0000] "GET /v3/endpoints/70b4aa1e2a63435dae4f48a6846863a0 HTTP/1.1" 200 383 10.0.0.150 - - [17/Jul/2026:18:24:52 +0000] "GET /v3/services/112461e803664e9ba68137ec09028979 HTTP/1.1" 200 296 10.0.0.150 - - [17/Jul/2026:18:24:52 +0000] "GET /v3/services/112461e803664e9ba68137ec09028979 HTTP/1.1" 200 296
[Fri Jul 17 18:24:52.230816 2026] [wsgi:error] [pid 11:tid 140245398238912] [remote 10.0.0.150:57314] 2026-07-17 18:24:52.230 11 WARNING keystone.common.fernet_utils [None req-a5e9c03c-227e-49a4-ab10-f5ba391a146f - - - - - -] key_repository is world readable: /etc/keystone/fernet-keys/ 10.0.0.150 - - [17/Jul/2026:18:24:51 +0000] "POST /v3/auth/tokens HTTP/1.1" 201 1990 10.0.0.150 - - [17/Jul/2026:18:24:52 +0000] "GET /v3/endpoints/f35ee8b7a2394c7795174d742b4278a5 HTTP/1.1" 200 380 10.0.0.150 - - [17/Jul/2026:18:24:52 +0000] "GET /v3/services/112461e803664e9ba68137ec09028979 HTTP/1.1" 200 296 10.0.0.18 - - [17/Jul/2026:18:24:56 +0000] "GET /v3/ HTTP/1.1" 200 249 10.0.0.18 - - [17/Jul/2026:18:24:56 +0000] "GET /v3/ HTTP/1.1" 200 249 10.0.0.160 - - [17/Jul/2026:18:25:03 +0000] "GET / HTTP/1.1" 300 295
[Fri Jul 17 18:25:03.128699 2026] [wsgi:error] [pid 10:tid 140245398238912] [remote 10.0.0.160:55836] 2026-07-17 18:25:03.128 10 WARNING keystone.common.password_hashing [None req-d3879e5f-5d8b-455b-addd-fe161e3800f0 - - - - - -] Truncating password to algorithm specific maximum length 72 characters.
[Fri Jul 17 18:25:03.407327 2026] [wsgi:error] [pid 10:tid 140245398238912] [remote 10.0.0.160:55836] 2026-07-17 18:25:03.407 10 WARNING keystone.common.fernet_utils [None req-d3879e5f-5d8b-455b-addd-fe161e3800f0 - - - - - -] key_repository is world readable: /etc/keystone/fernet-keys/ 10.0.0.160 - - [17/Jul/2026:18:25:03 +0000] "POST /v3/auth/tokens HTTP/1.1" 201 1990 10.0.0.160 - - [17/Jul/2026:18:25:03 +0000] "POST /v3/domains HTTP/1.1" 201 284 10.0.0.160 - - [17/Jul/2026:18:25:05 +0000] "GET / HTTP/1.1" 300 295
[Fri Jul 17 18:25:05.191511 2026] [wsgi:error] [pid 12:tid 140245398238912] [remote 10.0.0.160:55842] 2026-07-17 18:25:05.191 12 WARNING keystone.common.password_hashing [None req-878c3865-7d7f-4467-9517-4addacb28b22 - - - - - -] Truncating password to algorithm specific maximum length 72 characters.
[Fri Jul 17 18:25:05.467017 2026] [wsgi:error] [pid 12:tid 140245398238912] [remote 10.0.0.160:55842] 2026-07-17 18:25:05.466 12 WARNING keystone.common.fernet_utils [None req-878c3865-7d7f-4467-9517-4addacb28b22 - - - - - -] key_repository is world readable: /etc/keystone/fernet-keys/ 10.0.0.160 - - [17/Jul/2026:18:25:05 +0000] "POST /v3/auth/tokens HTTP/1.1" 201 1990
[Fri Jul 17 18:25:05.686224 2026] [wsgi:error] [pid 10:tid 140245398238912] [remote 10.0.0.160:55842] 2026-07-17 18:25:05.673 10 ERROR keystone.server.flask.application [None req-358c35ab-3f6c-4d48-997f-8b80d17c5c47 13a6a8085fb140d4b399998d92fe781d faa6627410db42f1b98a6f43dae7662e - - default default] Conflict occurred attempting to store project - it is not permitted to have two projects acting as domains with the same name: service.: keystone.exception.Conflict: Conflict occurred attempting to store project - it is not permitted to have two projects acting as domains with the same name: service.
[Fri Jul 17 18:25:05.686251 2026] [wsgi:error] [pid 10:tid 140245398238912] [remote 10.0.0.160:55842] 2026-07-17 18:25:05.673 10 ERROR keystone.server.flask.application
Traceback (most recent call last):
[Fri Jul 17 18:25:05.686254 2026] [wsgi:error] [pid 10:tid 140245398238912] [remote 10.0.0.160:55842] 2026-07-17 18:25:05.673 10 ERROR keystone.server.flask.application
File "/var/lib/openstack/lib/python3.12/site-packages/sqlalchemy/engine/base.py", line 1969, in _exec_single_context
[Fri Jul 17 18:25:05.686255 2026] [wsgi:error] [pid 10:tid 140245398238912] [remote 10.0.0.160:55842] 2026-07-17 18:25:05.673 10 ERROR keystone.server.flask.application self.dialect.do_execute(
[Fri Jul 17 18:25:05.686257 2026] [wsgi:error] [pid 10:tid 140245398238912] [remote 10.0.0.160:55842] 2026-07-17 18:25:05.673 10 ERROR keystone.server.flask.application
File "/var/lib/openstack/lib/python3.12/site-packages/sqlalchemy/engine/default.py", line 952, in do_execute
[Fri Jul 17 18:25:05.686258 2026] [wsgi:error] [pid 10:tid 140245398238912] [remote 10.0.0.160:55842] 2026-07-17 18:25:05.673 10 ERROR keystone.server.flask.application cursor.execute(statement, parameters)
[Fri Jul 17 18:25:05.686260 2026] [wsgi:error] [pid 10:tid 140245398238912] [remote 10.0.0.160:55842] 2026-07-17 18:25:05.673 10 ERROR keystone.server.flask.application
File "/var/lib/openstack/lib/python3.12/site-packages/pymysql/cursors.py", line 159, in execute
[Fri Jul 17 18:25:05.686261 2026] [wsgi:error] [pid 10:tid 140245398238912] [remote 10.0.0.160:55842] 2026-07-17 18:25:05.673 10 ERROR keystone.server.flask.application result = self._query(query)
[Fri Jul 17 18:25:05.686263 2026] [wsgi:error] [pid 10:tid 140245398238912] [remote 10.0.0.160:55842] 2026-07-17 18:25:05.673 10 ERROR keystone.server.flask.application ^^^^^^^^^^^^^^^^^^
[Fri Jul 17 18:25:05.686264 2026] [wsgi:error] [pid 10:tid 140245398238912] [remote 10.0.0.160:55842] 2026-07-17 18:25:05.673 10 ERROR keystone.server.flask.application
File "/var/lib/openstack/lib/python3.12/site-packages/pymysql/cursors.py", line 330, in _query
[Fri Jul 17 18:25:05.686266 2026] [wsgi:error] [pid 10:tid 140245398238912] [remote 10.0.0.160:55842] 2026-07-17 18:25:05.673 10 ERROR keystone.server.flask.application conn.query(q)
[Fri Jul 17 18:25:05.686267 2026] [wsgi:error] [pid 10:tid 140245398238912] [remote 10.0.0.160:55842] 2026-07-17 18:25:05.673 10 ERROR keystone.server.flask.application
File "/var/lib/openstack/lib/python3.12/site-packages/pymysql/connections.py", line 582, in query
[Fri Jul 17 18:25:05.686269 2026] [wsgi:error] [pid 10:tid 140245398238912] [remote 10.0.0.160:55842] 2026-07-17 18:25:05.673 10 ERROR keystone.server.flask.application self._affected_rows = self._read_query_result(unbuffered=unbuffered)
[Fri Jul 17 18:25:05.686270 2026] [wsgi:error] [pid 10:tid 140245398238912] [remote 10.0.0.160:55842] 2026-07-17 18:25:05.673 10 ERROR keystone.server.flask.application ^^^^^^^^^^^^^^^^^^^^^^^^^^^^^^^^^^^^^^^^^^^^^^
[Fri Jul 17 18:25:05.686271 2026] [wsgi:error] [pid 10:tid 140245398238912] [remote 10.0.0.160:55842] 2026-07-17 18:25:05.673 10 ERROR keystone.server.flask.application
File "/var/lib/openstack/lib/python3.12/site-packages/pymysql/connections.py", line 847, in _read_query_result
[Fri Jul 17 18:25:05.686273 2026] [wsgi:error] [pid 10:tid 140245398238912] [remote 10.0.0.160:55842] 2026-07-17 18:25:05.673 10 ERROR keystone.server.flask.application result.read()
[Fri Jul 17 18:25:05.686276 2026] [wsgi:error] [pid 10:tid 140245398238912] [remote 10.0.0.160:55842] 2026-07-17 18:25:05.673 10 ERROR keystone.server.flask.application
File "/var/lib/openstack/lib/python3.12/site-packages/pymysql/connections.py", line 1245, in read
[Fri Jul 17 18:25:05.686278 2026] [wsgi:error] [pid 10:tid 140245398238912] [remote 10.0.0.160:55842] 2026-07-17 18:25:05.673 10 ERROR keystone.server.flask.application first_packet = self.connection._read_packet()
[Fri Jul 17 18:25:05.686280 2026] [wsgi:error] [pid 10:tid 140245398238912] [remote 10.0.0.160:55842] 2026-07-17 18:25:05.673 10 ERROR keystone.server.flask.application ^^^^^^^^^^^^^^^^^^^^^^^^^^^^^^
[Fri Jul 17 18:25:05.686281 2026] [wsgi:error] [pid 10:tid 140245398238912] [remote 10.0.0.160:55842] 2026-07-17 18:25:05.673 10 ERROR keystone.server.flask.application
File "/var/lib/openstack/lib/python3.12/site-packages/pymysql/connections.py", line 803, in _read_packet
[Fri Jul 17 18:25:05.686282 2026] [wsgi:error] [pid 10:tid 140245398238912] [remote 10.0.0.160:55842] 2026-07-17 18:25:05.673 10 ERROR keystone.server.flask.application packet.raise_for_error()
[Fri Jul 17 18:25:05.686284 2026] [wsgi:error] [pid 10:tid 140245398238912] [remote 10.0.0.160:55842] 2026-07-17 18:25:05.673 10 ERROR keystone.server.flask.application
File "/var/lib/openstack/lib/python3.12/site-packages/pymysql/protocol.py", line 219, in raise_for_error
[Fri Jul 17 18:25:05.686285 2026] [wsgi:error] [pid 10:tid 140245398238912] [remote 10.0.0.160:55842] 2026-07-17 18:25:05.673 10 ERROR keystone.server.flask.application err.raise_mysql_exception(self._data)
[Fri Jul 17 18:25:05.686286 2026] [wsgi:error] [pid 10:tid 140245398238912] [remote 10.0.0.160:55842] 2026-07-17 18:25:05.673 10 ERROR keystone.server.flask.application
File "/var/lib/openstack/lib/python3.12/site-packages/pymysql/err.py", line 154, in raise_mysql_exception
[Fri Jul 17 18:25:05.686288 2026] [wsgi:error] [pid 10:tid 140245398238912] [remote 10.0.0.160:55842] 2026-07-17 18:25:05.673 10 ERROR keystone.server.flask.application raise errorclass(errno, errval, sqlstate=sqlstate)
[Fri Jul 17 18:25:05.686290 2026] [wsgi:error] [pid 10:tid 140245398238912] [remote 10.0.0.160:55842] 2026-07-17 18:25:05.673 10 ERROR keystone.server.flask.application pymysql.err.IntegrityError: (1062, "Duplicate entry '<>-service' for key 'project.ixu_project_name_domain_id'")
[Fri Jul 17 18:25:05.686291 2026] [wsgi:error] [pid 10:tid 140245398238912] [remote 10.0.0.160:55842] 2026-07-17 18:25:05.673 10 ERROR keystone.server.flask.application
[Fri Jul 17 18:25:05.686293 2026] [wsgi:error] [pid 10:tid 140245398238912] [remote 10.0.0.160:55842] 2026-07-17 18:25:05.673 10 ERROR keystone.server.flask.application The above exception was the direct cause of the following exception:
[Fri Jul 17 18:25:05.686294 2026] [wsgi:error] [pid 10:tid 140245398238912] [remote 10.0.0.160:55842] 2026-07-17 18:25:05.673 10 ERROR keystone.server.flask.application
[Fri Jul 17 18:25:05.686296 2026] [wsgi:error] [pid 10:tid 140245398238912] [remote 10.0.0.160:55842] 2026-07-17 18:25:05.673 10 ERROR keystone.server.flask.application
Traceback (most recent call last):
[Fri Jul 17 18:25:05.686297 2026] [wsgi:error] [pid 10:tid 140245398238912] [remote 10.0.0.160:55842] 2026-07-17 18:25:05.673 10 ERROR keystone.server.flask.application
File "/var/lib/openstack/lib/python3.12/site-packages/keystone/common/sql/core.py", line 575, in wrapper
[Fri Jul 17 18:25:05.686298 2026] [wsgi:error] [pid 10:tid 140245398238912] [remote 10.0.0.160:55842] 2026-07-17 18:25:05.673 10 ERROR keystone.server.flask.application return method(*args, **kwargs)
[Fri Jul 17 18:25:05.686300 2026] [wsgi:error] [pid 10:tid 140245398238912] [remote 10.0.0.160:55842] 2026-07-17 18:25:05.673 10 ERROR keystone.server.flask.application ^^^^^^^^^^^^^^^^^^^^^^^
[Fri Jul 17 18:25:05.686302 2026] [wsgi:error] [pid 10:tid 140245398238912] [remote 10.0.0.160:55842] 2026-07-17 18:25:05.673 10 ERROR keystone.server.flask.application
File "/var/lib/openstack/lib/python3.12/site-packages/keystone/resource/backends/sql.py", line 278, in create_project
[Fri Jul 17 18:25:05.686303 2026] [wsgi:error] [pid 10:tid 140245398238912] [remote 10.0.0.160:55842] 2026-07-17 18:25:05.673 10 ERROR keystone.server.flask.application with sql.session_for_write() as session:
[Fri Jul 17 18:25:05.686305 2026] [wsgi:error] [pid 10:tid 140245398238912] [remote 10.0.0.160:55842] 2026-07-17 18:25:05.673 10 ERROR keystone.server.flask.application
File "/usr/lib/python3.12/contextlib.py", line 144, in __exit__
[Fri Jul 17 18:25:05.686306 2026] [wsgi:error] [pid 10:tid 140245398238912] [remote 10.0.0.160:55842] 2026-07-17 18:25:05.673 10 ERROR keystone.server.flask.application next(self.gen)
[Fri Jul 17 18:25:05.686307 2026] [wsgi:error] [pid 10:tid 140245398238912] [remote 10.0.0.160:55842] 2026-07-17 18:25:05.673 10 ERROR keystone.server.flask.application
File "/var/lib/openstack/lib/python3.12/site-packages/oslo_db/sqlalchemy/enginefacade.py", line 1175, in _transaction_scope
[Fri Jul 17 18:25:05.686309 2026] [wsgi:error] [pid 10:tid 140245398238912] [remote 10.0.0.160:55842] 2026-07-17 18:25:05.673 10 ERROR keystone.server.flask.application with current._produce_block(
[Fri Jul 17 18:25:05.686320 2026] [wsgi:error] [pid 10:tid 140245398238912] [remote 10.0.0.160:55842] 2026-07-17 18:25:05.673 10 ERROR keystone.server.flask.application
File "/usr/lib/python3.12/contextlib.py", line 144, in __exit__
[Fri Jul 17 18:25:05.686322 2026] [wsgi:error] [pid 10:tid 140245398238912] [remote 10.0.0.160:55842] 2026-07-17 18:25:05.673 10 ERROR keystone.server.flask.application next(self.gen)
[Fri Jul 17 18:25:05.686323 2026] [wsgi:error] [pid 10:tid 140245398238912] [remote 10.0.0.160:55842] 2026-07-17 18:25:05.673 10 ERROR keystone.server.flask.application
File "/var/lib/openstack/lib/python3.12/site-packages/oslo_db/sqlalchemy/enginefacade.py", line 837, in _session
[Fri Jul 17 18:25:05.686325 2026] [wsgi:error] [pid 10:tid 140245398238912] [remote 10.0.0.160:55842] 2026-07-17 18:25:05.673 10 ERROR keystone.server.flask.application with excutils.save_and_reraise_exception():
[Fri Jul 17 18:25:05.686326 2026] [wsgi:error] [pid 10:tid 140245398238912] [remote 10.0.0.160:55842] 2026-07-17 18:25:05.673 10 ERROR keystone.server.flask.application
File "/var/lib/openstack/lib/python3.12/site-packages/oslo_utils/excutils.py", line 266, in __exit__
[Fri Jul 17 18:25:05.686328 2026] [wsgi:error] [pid 10:tid 140245398238912] [remote 10.0.0.160:55842] 2026-07-17 18:25:05.673 10 ERROR keystone.server.flask.application self.force_reraise()
[Fri Jul 17 18:25:05.686330 2026] [wsgi:error] [pid 10:tid 140245398238912] [remote 10.0.0.160:55842] 2026-07-17 18:25:05.673 10 ERROR keystone.server.flask.application
File "/var/lib/openstack/lib/python3.12/site-packages/oslo_utils/excutils.py", line 232, in force_reraise
[Fri Jul 17 18:25:05.686332 2026] [wsgi:error] [pid 10:tid 140245398238912] [remote 10.0.0.160:55842] 2026-07-17 18:25:05.673 10 ERROR keystone.server.flask.application raise self.value
[Fri Jul 17 18:25:05.686333 2026] [wsgi:error] [pid 10:tid 140245398238912] [remote 10.0.0.160:55842] 2026-07-17 18:25:05.673 10 ERROR keystone.server.flask.application
File "/var/lib/openstack/lib/python3.12/site-packages/oslo_db/sqlalchemy/enginefacade.py", line 835, in _session
[Fri Jul 17 18:25:05.686335 2026] [wsgi:error] [pid 10:tid 140245398238912] [remote 10.0.0.160:55842] 2026-07-17 18:25:05.673 10 ERROR keystone.server.flask.application self._end_session_transaction(self.session)
[Fri Jul 17 18:25:05.686336 2026] [wsgi:error] [pid 10:tid 140245398238912] [remote 10.0.0.160:55842] 2026-07-17 18:25:05.673 10 ERROR keystone.server.flask.application
File "/var/lib/openstack/lib/python3.12/site-packages/oslo_db/sqlalchemy/enginefacade.py", line 748, in _end_session_transaction
[Fri Jul 17 18:25:05.686338 2026] [wsgi:error] [pid 10:tid 140245398238912] [remote 10.0.0.160:55842] 2026-07-17 18:25:05.673 10 ERROR keystone.server.flask.application session.commit()
[Fri Jul 17 18:25:05.686339 2026] [wsgi:error] [pid 10:tid 140245398238912] [remote 10.0.0.160:55842] 2026-07-17 18:25:05.673 10 ERROR keystone.server.flask.application
File "/var/lib/openstack/lib/python3.12/site-packages/sqlalchemy/orm/session.py", line 2034, in commit
[Fri Jul 17 18:25:05.686341 2026] [wsgi:error] [pid 10:tid 140245398238912] [remote 10.0.0.160:55842] 2026-07-17 18:25:05.673 10 ERROR keystone.server.flask.application trans.commit(_to_root=True)
[Fri Jul 17 18:25:05.686342 2026] [wsgi:error] [pid 10:tid 140245398238912] [remote 10.0.0.160:55842] 2026-07-17 18:25:05.673 10 ERROR keystone.server.flask.application File "", line 2, in commit
[Fri Jul 17 18:25:05.686344 2026] [wsgi:error] [pid 10:tid 140245398238912] [remote 10.0.0.160:55842] 2026-07-17 18:25:05.673 10 ERROR keystone.server.flask.application
File "/var/lib/openstack/lib/python3.12/site-packages/sqlalchemy/orm/state_changes.py", line 137, in _go
[Fri Jul 17 18:25:05.686345 2026] [wsgi:error] [pid 10:tid 140245398238912] [remote 10.0.0.160:55842] 2026-07-17 18:25:05.673 10 ERROR keystone.server.flask.application ret_value = fn(self, *arg, **kw)
[Fri Jul 17 18:25:05.686348 2026] [wsgi:error] [pid 10:tid 140245398238912] [remote 10.0.0.160:55842] 2026-07-17 18:25:05.673 10 ERROR keystone.server.flask.application ^^^^^^^^^^^^^^^^^^^^
[Fri Jul 17 18:25:05.686349 2026] [wsgi:error] [pid 10:tid 140245398238912] [remote 10.0.0.160:55842] 2026-07-17 18:25:05.673 10 ERROR keystone.server.flask.application
File "/var/lib/openstack/lib/python3.12/site-packages/sqlalchemy/orm/session.py", line 1315, in commit
[Fri Jul 17 18:25:05.686351 2026] [wsgi:error] [pid 10:tid 140245398238912] [remote 10.0.0.160:55842] 2026-07-17 18:25:05.673 10 ERROR keystone.server.flask.application self._prepare_impl()
[Fri Jul 17 18:25:05.686352 2026] [wsgi:error] [pid 10:tid 140245398238912] [remote 10.0.0.160:55842] 2026-07-17 18:25:05.673 10 ERROR keystone.server.flask.application File "", line 2, in _prepare_impl
[Fri Jul 17 18:25:05.686353 2026] [wsgi:error] [pid 10:tid 140245398238912] [remote 10.0.0.160:55842] 2026-07-17 18:25:05.673 10 ERROR keystone.server.flask.application
File "/var/lib/openstack/lib/python3.12/site-packages/sqlalchemy/orm/state_changes.py", line 137, in _go
[Fri Jul 17 18:25:05.686358 2026] [wsgi:error] [pid 10:tid 140245398238912] [remote 10.0.0.160:55842] 2026-07-17 18:25:05.673 10 ERROR keystone.server.flask.application ret_value = fn(self, *arg, **kw)
[Fri Jul 17 18:25:05.686360 2026] [wsgi:error] [pid 10:tid 140245398238912] [remote 10.0.0.160:55842] 2026-07-17 18:25:05.673 10 ERROR keystone.server.flask.application ^^^^^^^^^^^^^^^^^^^^
[Fri Jul 17 18:25:05.686361 2026] [wsgi:error] [pid 10:tid 140245398238912] [remote 10.0.0.160:55842] 2026-07-17 18:25:05.673 10 ERROR keystone.server.flask.application
File "/var/lib/openstack/lib/python3.12/site-packages/sqlalchemy/orm/session.py", line 1290, in _prepare_impl
[Fri Jul 17 18:25:05.686363 2026] [wsgi:error] [pid 10:tid 140245398238912] [remote 10.0.0.160:55842] 2026-07-17 18:25:05.673 10 ERROR keystone.server.flask.application self.session.flush()
[Fri Jul 17 18:25:05.686365 2026] [wsgi:error] [pid 10:tid 140245398238912] [remote 10.0.0.160:55842] 2026-07-17 18:25:05.673 10 ERROR keystone.server.flask.application
File "/var/lib/openstack/lib/python3.12/site-packages/sqlalchemy/orm/session.py", line 4352, in flush
[Fri Jul 17 18:25:05.686367 2026] [wsgi:error] [pid 10:tid 140245398238912] [remote 10.0.0.160:55842] 2026-07-17 18:25:05.673 10 ERROR keystone.server.flask.application self._flush(objects)
[Fri Jul 17 18:25:05.686368 2026] [wsgi:error] [pid 10:tid 140245398238912] [remote 10.0.0.160:55842] 2026-07-17 18:25:05.673 10 ERROR keystone.server.flask.application
File "/var/lib/openstack/lib/python3.12/site-packages/sqlalchemy/orm/session.py", line 4487, in _flush
[Fri Jul 17 18:25:05.686371 2026] [wsgi:error] [pid 10:tid 140245398238912] [remote 10.0.0.160:55842] 2026-07-17 18:25:05.673 10 ERROR keystone.server.flask.application with util.safe_reraise():
[Fri Jul 17 18:25:05.686373 2026] [wsgi:error] [pid 10:tid 140245398238912] [remote 10.0.0.160:55842] 2026-07-17 18:25:05.673 10 ERROR keystone.server.flask.application
File "/var/lib/openstack/lib/python3.12/site-packages/sqlalchemy/util/langhelpers.py", line 122, in __exit__
[Fri Jul 17 18:25:05.686375 2026] [wsgi:error] [pid 10:tid 140245398238912] [remote 10.0.0.160:55842] 2026-07-17 18:25:05.673 10 ERROR keystone.server.flask.application raise exc_value.with_traceback(exc_tb)
[Fri Jul 17 18:25:05.686378 2026] [wsgi:error] [pid 10:tid 140245398238912] [remote 10.0.0.160:55842] 2026-07-17 18:25:05.673 10 ERROR keystone.server.flask.application
File "/var/lib/openstack/lib/python3.12/site-packages/sqlalchemy/orm/session.py", line 4448, in _flush
[Fri Jul 17 18:25:05.686380 2026] [wsgi:error] [pid 10:tid 140245398238912] [remote 10.0.0.160:55842] 2026-07-17 18:25:05.673 10 ERROR keystone.server.flask.application flush_context.execute()
[Fri Jul 17 18:25:05.686382 2026] [wsgi:error] [pid 10:tid 140245398238912] [remote 10.0.0.160:55842] 2026-07-17 18:25:05.673 10 ERROR keystone.server.flask.application
