2026-07-17 19:33:22.649 8 INFO placement.requestlog [req-38866a75-a763-4af4-8272-dd062cb6a38a req-716ac658-a2f5-4867-b85d-a33459e47cbf ce5aa21042854f5dabd254960798fc03 6282fbda55da4e4ea37b4b8de8046d43 - - 11ae2569c01e43f798055db4303dbcd3 11ae2569c01e43f798055db4303dbcd3] 10.0.0.184 "PUT /allocations/a947138a-6079-4ef0-8f12-412a92975c00" status: 204 len: 0 microversion: 1.36 [pid: 8|app: 0|req: 385/766] 10.0.0.184 () {38 vars in 913 bytes} [Fri Jul 17 19:33:22 2026] PUT /allocations/a947138a-6079-4ef0-8f12-412a92975c00 => generated 0 bytes in 88 msecs (HTTP/1.1 204) 5 headers in 199 bytes (1 switches on core 0)
2026-07-17 19:33:22.732 7 INFO placement.requestlog [req-47f04c22-75c6-4094-b195-44043533cfcb req-8f7ec86e-1c08-4d57-af82-be5c4368f9f3 ce5aa21042854f5dabd254960798fc03 6282fbda55da4e4ea37b4b8de8046d43 - - 11ae2569c01e43f798055db4303dbcd3 11ae2569c01e43f798055db4303dbcd3] 10.0.0.184 "PUT /allocations/88b9b254-6c57-4cc0-8b75-24661833998a" status: 204 len: 0 microversion: 1.36 [pid: 7|app: 0|req: 382/767] 10.0.0.184 () {38 vars in 913 bytes} [Fri Jul 17 19:33:22 2026] PUT /allocations/88b9b254-6c57-4cc0-8b75-24661833998a => generated 0 bytes in 98 msecs (HTTP/1.1 204) 5 headers in 199 bytes (1 switches on core 0)
2026-07-17 19:33:22.988 8 INFO placement.requestlog [req-be01f2d0-e32a-47d3-a050-33900987f2fb req-9037b286-b14c-4f99-a8b8-bdf0ac5320c4 ce5aa21042854f5dabd254960798fc03 6282fbda55da4e4ea37b4b8de8046d43 - - 11ae2569c01e43f798055db4303dbcd3 11ae2569c01e43f798055db4303dbcd3] 10.0.0.184 "GET /allocation_candidates?limit=1000&resources=DISK_GB%3A1%2CMEMORY_MB%3A512%2CVCPU%3A1&root_required=%21COMPUTE_STATUS_DISABLED" status: 200 len: 2784 microversion: 1.36 [pid: 8|app: 0|req: 386/768] 10.0.0.184 () {34 vars in 1011 bytes} [Fri Jul 17 19:33:22 2026] GET /allocation_candidates?limit=1000&resources=DISK_GB%3A1%2CMEMORY_MB%3A512%2CVCPU%3A1&root_required=%21COMPUTE_STATUS_DISABLED => generated 2784 bytes in 41 msecs (HTTP/1.1 200) 8 headers in 297 bytes (1 switches on core 0)
2026-07-17 19:33:23.031 7 INFO placement.requestlog [req-be01f2d0-e32a-47d3-a050-33900987f2fb req-77a46aea-7db3-4071-b33a-22b2d55ed230 ce5aa21042854f5dabd254960798fc03 6282fbda55da4e4ea37b4b8de8046d43 - - 11ae2569c01e43f798055db4303dbcd3 11ae2569c01e43f798055db4303dbcd3] 10.0.0.184 "GET /allocations/2c40e871-6b3c-4a3b-832b-6ca5164de091" status: 200 len: 19 microversion: 1.28 [pid: 7|app: 0|req: 383/769] 10.0.0.184 () {34 vars in 860 bytes} [Fri Jul 17 19:33:23 2026] GET /allocations/2c40e871-6b3c-4a3b-832b-6ca5164de091 => generated 19 bytes in 18 msecs (HTTP/1.1 200) 8 headers in 295 bytes (1 switches on core 0)
2026-07-17 19:33:23.115 8 INFO placement.requestlog [req-be01f2d0-e32a-47d3-a050-33900987f2fb req-5c7a0160-cddd-41bb-9aaf-921cf22fc7ee ce5aa21042854f5dabd254960798fc03 6282fbda55da4e4ea37b4b8de8046d43 - - 11ae2569c01e43f798055db4303dbcd3 11ae2569c01e43f798055db4303dbcd3] 10.0.0.184 "PUT /allocations/2c40e871-6b3c-4a3b-832b-6ca5164de091" status: 204 len: 0 microversion: 1.36 [pid: 8|app: 0|req: 387/770] 10.0.0.184 () {38 vars in 913 bytes} [Fri Jul 17 19:33:23 2026] PUT /allocations/2c40e871-6b3c-4a3b-832b-6ca5164de091 => generated 0 bytes in 73 msecs (HTTP/1.1 204) 5 headers in 199 bytes (1 switches on core 0)
2026-07-17 19:33:24.297 7 INFO placement.requestlog [req-38866a75-a763-4af4-8272-dd062cb6a38a req-ab32ca03-b8cc-4c64-8f1d-13387161f6bc ce5aa21042854f5dabd254960798fc03 6282fbda55da4e4ea37b4b8de8046d43 - - 11ae2569c01e43f798055db4303dbcd3 11ae2569c01e43f798055db4303dbcd3] 199.204.45.70 "GET /allocations/a947138a-6079-4ef0-8f12-412a92975c00" status: 200 len: 257 microversion: 1.28 [pid: 7|app: 0|req: 384/771] 199.204.45.70 () {34 vars in 861 bytes} [Fri Jul 17 19:33:24 2026] GET /allocations/a947138a-6079-4ef0-8f12-412a92975c00 => generated 257 bytes in 12 msecs (HTTP/1.1 200) 8 headers in 296 bytes (1 switches on core 0)
2026-07-17 19:33:24.376 8 INFO placement.requestlog [req-47f04c22-75c6-4094-b195-44043533cfcb req-175174c8-e5a2-433d-9e20-3772fad8eed8 ce5aa21042854f5dabd254960798fc03 6282fbda55da4e4ea37b4b8de8046d43 - - 11ae2569c01e43f798055db4303dbcd3 11ae2569c01e43f798055db4303dbcd3] 199.204.45.70 "GET /allocations/88b9b254-6c57-4cc0-8b75-24661833998a" status: 200 len: 257 microversion: 1.28 [pid: 8|app: 0|req: 388/772] 199.204.45.70 () {34 vars in 861 bytes} [Fri Jul 17 19:33:24 2026] GET /allocations/88b9b254-6c57-4cc0-8b75-24661833998a => generated 257 bytes in 12 msecs (HTTP/1.1 200) 8 headers in 296 bytes (1 switches on core 0)
2026-07-17 19:33:24.649 7 INFO placement.requestlog [req-be01f2d0-e32a-47d3-a050-33900987f2fb req-721c125d-ae43-4dd3-8bdb-f5f6b969a116 ce5aa21042854f5dabd254960798fc03 6282fbda55da4e4ea37b4b8de8046d43 - - 11ae2569c01e43f798055db4303dbcd3 11ae2569c01e43f798055db4303dbcd3] 199.204.45.70 "GET /allocations/2c40e871-6b3c-4a3b-832b-6ca5164de091" status: 200 len: 257 microversion: 1.28 [pid: 7|app: 0|req: 385/773] 199.204.45.70 () {34 vars in 861 bytes} [Fri Jul 17 19:33:24 2026] GET /allocations/2c40e871-6b3c-4a3b-832b-6ca5164de091 => generated 257 bytes in 19 msecs (HTTP/1.1 200) 8 headers in 296 bytes (1 switches on core 0)
2026-07-17 19:33:25.338 8 INFO placement.requestlog [req-38866a75-a763-4af4-8272-dd062cb6a38a req-1c953b55-1cda-4351-a33f-03b53e9d9f44 ce5aa21042854f5dabd254960798fc03 6282fbda55da4e4ea37b4b8de8046d43 - - 11ae2569c01e43f798055db4303dbcd3 11ae2569c01e43f798055db4303dbcd3] 199.204.45.70 "GET /resource_providers/74e4db61-c02a-4855-af6c-74121dc31de5/allocations" status: 200 len: 352 microversion: 1.0 [pid: 8|app: 0|req: 389/774] 199.204.45.70 () {32 vars in 855 bytes} [Fri Jul 17 19:33:25 2026] GET /resource_providers/74e4db61-c02a-4855-af6c-74121dc31de5/allocations => generated 352 bytes in 17 msecs (HTTP/1.1 200) 6 headers in 224 bytes (1 switches on core 0)
2026-07-17 19:33:25.359 7 INFO placement.requestlog [req-38866a75-a763-4af4-8272-dd062cb6a38a req-27fa605a-d91e-4abe-9963-f7047d162127 ce5aa21042854f5dabd254960798fc03 6282fbda55da4e4ea37b4b8de8046d43 - - 11ae2569c01e43f798055db4303dbcd3 11ae2569c01e43f798055db4303dbcd3] 199.204.45.70 "GET /allocations/2c40e871-6b3c-4a3b-832b-6ca5164de091" status: 200 len: 257 microversion: 1.28 [pid: 7|app: 0|req: 386/775] 199.204.45.70 () {34 vars in 861 bytes} [Fri Jul 17 19:33:25 2026] GET /allocations/2c40e871-6b3c-4a3b-832b-6ca5164de091 => generated 257 bytes in 14 msecs (HTTP/1.1 200) 8 headers in 296 bytes (1 switches on core 0)
2026-07-17 19:33:25.377 8 INFO placement.requestlog [req-38866a75-a763-4af4-8272-dd062cb6a38a req-f7bd230c-d26d-4477-ab77-27a0c3a8979e ce5aa21042854f5dabd254960798fc03 6282fbda55da4e4ea37b4b8de8046d43 - - 11ae2569c01e43f798055db4303dbcd3 11ae2569c01e43f798055db4303dbcd3] 199.204.45.70 "GET /allocations/a947138a-6079-4ef0-8f12-412a92975c00" status: 200 len: 257 microversion: 1.28 [pid: 8|app: 0|req: 390/776] 199.204.45.70 () {34 vars in 861 bytes} [Fri Jul 17 19:33:25 2026] GET /allocations/a947138a-6079-4ef0-8f12-412a92975c00 => generated 257 bytes in 12 msecs (HTTP/1.1 200) 8 headers in 296 bytes (1 switches on core 0)
2026-07-17 19:33:25.395 7 INFO placement.requestlog [req-38866a75-a763-4af4-8272-dd062cb6a38a req-0c569109-f06a-4e74-94ef-383c7a1d648d ce5aa21042854f5dabd254960798fc03 6282fbda55da4e4ea37b4b8de8046d43 - - 11ae2569c01e43f798055db4303dbcd3 11ae2569c01e43f798055db4303dbcd3] 199.204.45.70 "GET /allocations/88b9b254-6c57-4cc0-8b75-24661833998a" status: 200 len: 257 microversion: 1.28 [pid: 7|app: 0|req: 387/777] 199.204.45.70 () {34 vars in 861 bytes} [Fri Jul 17 19:33:25 2026] GET /allocations/88b9b254-6c57-4cc0-8b75-24661833998a => generated 257 bytes in 13 msecs (HTTP/1.1 200) 8 headers in 296 bytes (1 switches on core 0)
2026-07-17 19:33:27.482 8 INFO placement.requestlog [req-47f04c22-75c6-4094-b195-44043533cfcb req-0322eb79-2c69-421e-8651-f676edd9d0a1 ce5aa21042854f5dabd254960798fc03 6282fbda55da4e4ea37b4b8de8046d43 - - 11ae2569c01e43f798055db4303dbcd3 11ae2569c01e43f798055db4303dbcd3] 199.204.45.70 "GET /resource_providers/74e4db61-c02a-4855-af6c-74121dc31de5/allocations" status: 200 len: 352 microversion: 1.0 [pid: 8|app: 0|req: 391/778] 199.204.45.70 () {32 vars in 855 bytes} [Fri Jul 17 19:33:27 2026] GET /resource_providers/74e4db61-c02a-4855-af6c-74121dc31de5/allocations => generated 352 bytes in 23 msecs (HTTP/1.1 200) 6 headers in 224 bytes (1 switches on core 0)
2026-07-17 19:33:27.504 7 INFO placement.requestlog [req-47f04c22-75c6-4094-b195-44043533cfcb req-8c87bb0c-82c5-459d-9b0e-4706d948f9b0 ce5aa21042854f5dabd254960798fc03 6282fbda55da4e4ea37b4b8de8046d43 - - 11ae2569c01e43f798055db4303dbcd3 11ae2569c01e43f798055db4303dbcd3] 199.204.45.70 "GET /allocations/2c40e871-6b3c-4a3b-832b-6ca5164de091" status: 200 len: 257 microversion: 1.28 [pid: 7|app: 0|req: 388/779] 199.204.45.70 () {34 vars in 861 bytes} [Fri Jul 17 19:33:27 2026] GET /allocations/2c40e871-6b3c-4a3b-832b-6ca5164de091 => generated 257 bytes in 14 msecs (HTTP/1.1 200) 8 headers in 296 bytes (1 switches on core 0)
2026-07-17 19:33:27.527 8 INFO placement.requestlog [req-47f04c22-75c6-4094-b195-44043533cfcb req-f03d8191-44a7-4e1e-8398-8a2ed9ab7211 ce5aa21042854f5dabd254960798fc03 6282fbda55da4e4ea37b4b8de8046d43 - - 11ae2569c01e43f798055db4303dbcd3 11ae2569c01e43f798055db4303dbcd3] 199.204.45.70 "GET /allocations/a947138a-6079-4ef0-8f12-412a92975c00" status: 200 len: 257 microversion: 1.28 [pid: 8|app: 0|req: 392/780] 199.204.45.70 () {34 vars in 861 bytes} [Fri Jul 17 19:33:27 2026] GET /allocations/a947138a-6079-4ef0-8f12-412a92975c00 => generated 257 bytes in 15 msecs (HTTP/1.1 200) 8 headers in 296 bytes (1 switches on core 0)
2026-07-17 19:33:27.549 7 INFO placement.requestlog [req-47f04c22-75c6-4094-b195-44043533cfcb req-6d5ce2ac-023c-47e3-a95b-8c7259db0ab9 ce5aa21042854f5dabd254960798fc03 6282fbda55da4e4ea37b4b8de8046d43 - - 11ae2569c01e43f798055db4303dbcd3 11ae2569c01e43f798055db4303dbcd3] 199.204.45.70 "GET /allocations/88b9b254-6c57-4cc0-8b75-24661833998a" status: 200 len: 257 microversion: 1.28 [pid: 7|app: 0|req: 389/781] 199.204.45.70 () {34 vars in 861 bytes} [Fri Jul 17 19:33:27 2026] GET /allocations/88b9b254-6c57-4cc0-8b75-24661833998a => generated 257 bytes in 11 msecs (HTTP/1.1 200) 8 headers in 296 bytes (1 switches on core 0)
2026-07-17 19:33:27.806 7 INFO placement.requestlog [None req-daf5b980-ca4b-4fe6-9b77-bac66894667b - - - - - -] 10.0.0.18 "GET /" status: 200 len: 136 microversion: 1.0
2026-07-17 19:33:27.806 8 INFO placement.requestlog [None req-92f1ddb8-df7f-4451-a112-3c822c0ab4c6 - - - - - -] 10.0.0.18 "GET /" status: 200 len: 136 microversion: 1.0
2026-07-17 19:33:29.755 8 INFO placement.requestlog [None req-5b3b82d0-d3b2-4433-88d3-ece85224fd0a 887a674115524c26971ad48694545e7e 6282fbda55da4e4ea37b4b8de8046d43 - - 11ae2569c01e43f798055db4303dbcd3 11ae2569c01e43f798055db4303dbcd3] 10.0.0.209 "GET /resource_providers/3c2e7ccd-6fdc-49b3-8f65-62b8030d52ed/aggregates" status: 404 len: 235 microversion: 1.1 [pid: 8|app: 0|req: 394/784] 10.0.0.209 () {32 vars in 815 bytes} [Fri Jul 17 19:33:29 2026] GET /resource_providers/3c2e7ccd-6fdc-49b3-8f65-62b8030d52ed/aggregates => generated 235 bytes in 138 msecs (HTTP/1.1 404) 5 headers in 202 bytes (1 switches on core 0)
2026-07-17 19:33:29.761 7 INFO placement.requestlog [None req-35f0dfc8-cb82-4599-9c06-ddb1be69e05e 887a674115524c26971ad48694545e7e 6282fbda55da4e4ea37b4b8de8046d43 - - 11ae2569c01e43f798055db4303dbcd3 11ae2569c01e43f798055db4303dbcd3] 10.0.0.209 "GET /resource_providers/3c2e7ccd-6fdc-49b3-8f65-62b8030d52ed/aggregates" status: 404 len: 235 microversion: 1.1 [pid: 7|app: 0|req: 391/785] 10.0.0.209 () {32 vars in 815 bytes} [Fri Jul 17 19:33:29 2026] GET /resource_providers/3c2e7ccd-6fdc-49b3-8f65-62b8030d52ed/aggregates => generated 235 bytes in 146 msecs (HTTP/1.1 404) 5 headers in 202 bytes (1 switches on core 0)
2026-07-17 19:33:29.780 8 INFO placement.requestlog [req-be01f2d0-e32a-47d3-a050-33900987f2fb req-0e0a5d62-1fde-4713-bff8-8aaff8d6bc9b ce5aa21042854f5dabd254960798fc03 6282fbda55da4e4ea37b4b8de8046d43 - - 11ae2569c01e43f798055db4303dbcd3 11ae2569c01e43f798055db4303dbcd3] 199.204.45.70 "GET /resource_providers/74e4db61-c02a-4855-af6c-74121dc31de5/allocations" status: 200 len: 352 microversion: 1.0 [pid: 8|app: 0|req: 395/786] 199.204.45.70 () {32 vars in 855 bytes} [Fri Jul 17 19:33:29 2026] GET /resource_providers/74e4db61-c02a-4855-af6c-74121dc31de5/allocations => generated 352 bytes in 25 msecs (HTTP/1.1 200) 6 headers in 224 bytes (1 switches on core 0)
2026-07-17 19:33:29.786 7 INFO placement.requestlog [None req-4bebe36f-5c7d-44bb-ad84-a748cfb6325f 887a674115524c26971ad48694545e7e 6282fbda55da4e4ea37b4b8de8046d43 - - 11ae2569c01e43f798055db4303dbcd3 11ae2569c01e43f798055db4303dbcd3] 10.0.0.209 "DELETE /resource_providers/3c2e7ccd-6fdc-49b3-8f65-62b8030d52ed" status: 404 len: 246 microversion: 1.1 [pid: 7|app: 0|req: 392/787] 10.0.0.209 () {34 vars in 815 bytes} [Fri Jul 17 19:33:29 2026] DELETE /resource_providers/3c2e7ccd-6fdc-49b3-8f65-62b8030d52ed => generated 246 bytes in 12 msecs (HTTP/1.1 404) 6 headers in 231 bytes (1 switches on core 0)
2026-07-17 19:33:29.794 8 INFO placement.requestlog [None req-d3e260a5-ab02-499e-bf97-6eb03a8afbee 887a674115524c26971ad48694545e7e 6282fbda55da4e4ea37b4b8de8046d43 - - 11ae2569c01e43f798055db4303dbcd3 11ae2569c01e43f798055db4303dbcd3] 10.0.0.209 "DELETE /resource_providers/3c2e7ccd-6fdc-49b3-8f65-62b8030d52ed" status: 404 len: 246 microversion: 1.1 [pid: 8|app: 0|req: 396/788] 10.0.0.209 () {34 vars in 815 bytes} [Fri Jul 17 19:33:29 2026] DELETE /resource_providers/3c2e7ccd-6fdc-49b3-8f65-62b8030d52ed => generated 246 bytes in 13 msecs (HTTP/1.1 404) 6 headers in 231 bytes (1 switches on core 0)
2026-07-17 19:33:29.797 7 INFO placement.requestlog [req-be01f2d0-e32a-47d3-a050-33900987f2fb req-d8b6dc1c-cc11-4b02-b6ee-26bbf3b90de8 ce5aa21042854f5dabd254960798fc03 6282fbda55da4e4ea37b4b8de8046d43 - - 11ae2569c01e43f798055db4303dbcd3 11ae2569c01e43f798055db4303dbcd3] 199.204.45.70 "GET /allocations/2c40e871-6b3c-4a3b-832b-6ca5164de091" status: 200 len: 257 microversion: 1.28 [pid: 7|app: 0|req: 393/789] 199.204.45.70 () {34 vars in 861 bytes} [Fri Jul 17 19:33:29 2026] GET /allocations/2c40e871-6b3c-4a3b-832b-6ca5164de091 => generated 257 bytes in 9 msecs (HTTP/1.1 200) 8 headers in 296 bytes (1 switches on core 0)
2026-07-17 19:33:29.820 8 INFO placement.requestlog [req-be01f2d0-e32a-47d3-a050-33900987f2fb req-78804287-229b-4c6e-a273-fd6a37fa2c37 ce5aa21042854f5dabd254960798fc03 6282fbda55da4e4ea37b4b8de8046d43 - - 11ae2569c01e43f798055db4303dbcd3 11ae2569c01e43f798055db4303dbcd3] 199.204.45.70 "GET /allocations/a947138a-6079-4ef0-8f12-412a92975c00" status: 200 len: 257 microversion: 1.28 [pid: 8|app: 0|req: 397/790] 199.204.45.70 () {34 vars in 861 bytes} [Fri Jul 17 19:33:29 2026] GET /allocations/a947138a-6079-4ef0-8f12-412a92975c00 => generated 257 bytes in 16 msecs (HTTP/1.1 200) 8 headers in 296 bytes (1 switches on core 0)
2026-07-17 19:33:29.840 7 INFO placement.requestlog [req-be01f2d0-e32a-47d3-a050-33900987f2fb req-0d93ac01-ce44-41b6-b109-39d5b301e019 ce5aa21042854f5dabd254960798fc03 6282fbda55da4e4ea37b4b8de8046d43 - - 11ae2569c01e43f798055db4303dbcd3 11ae2569c01e43f798055db4303dbcd3] 199.204.45.70 "GET /allocations/88b9b254-6c57-4cc0-8b75-24661833998a" status: 200 len: 257 microversion: 1.28 [pid: 7|app: 0|req: 394/791] 199.204.45.70 () {34 vars in 861 bytes} [Fri Jul 17 19:33:29 2026] GET /allocations/88b9b254-6c57-4cc0-8b75-24661833998a => generated 257 bytes in 13 msecs (HTTP/1.1 200) 8 headers in 296 bytes (1 switches on core 0)
2026-07-17 19:33:31.991 8 INFO placement.requestlog [req-0d21ea81-4ece-4a07-9f0f-29d0defad2e5 req-a833a5cf-d0ed-4afb-ab29-9a18df5dcf1e ce5aa21042854f5dabd254960798fc03 6282fbda55da4e4ea37b4b8de8046d43 - - 11ae2569c01e43f798055db4303dbcd3 11ae2569c01e43f798055db4303dbcd3] 199.204.45.70 "GET /resource_providers/74e4db61-c02a-4855-af6c-74121dc31de5/allocations" status: 200 len: 352 microversion: 1.0 [pid: 8|app: 0|req: 398/792] 199.204.45.70 () {32 vars in 855 bytes} [Fri Jul 17 19:33:31 2026] GET /resource_providers/74e4db61-c02a-4855-af6c-74121dc31de5/allocations => generated 352 bytes in 30 msecs (HTTP/1.1 200) 6 headers in 224 bytes (1 switches on core 0)
2026-07-17 19:33:32.025 7 INFO placement.requestlog [req-0d21ea81-4ece-4a07-9f0f-29d0defad2e5 req-bb378d68-3ded-456b-a354-220ca47cd291 ce5aa21042854f5dabd254960798fc03 6282fbda55da4e4ea37b4b8de8046d43 - - 11ae2569c01e43f798055db4303dbcd3 11ae2569c01e43f798055db4303dbcd3] 199.204.45.70 "GET /resource_providers/74e4db61-c02a-4855-af6c-74121dc31de5/allocations" status: 200 len: 352 microversion: 1.0 [pid: 7|app: 0|req: 395/793] 199.204.45.70 () {32 vars in 855 bytes} [Fri Jul 17 19:33:31 2026] GET /resource_providers/74e4db61-c02a-4855-af6c-74121dc31de5/allocations => generated 352 bytes in 28 msecs (HTTP/1.1 200) 6 headers in 224 bytes (1 switches on core 0)
2026-07-17 19:33:32.059 8 INFO placement.requestlog [req-0d21ea81-4ece-4a07-9f0f-29d0defad2e5 req-9ce15458-c921-470e-9dd6-03d15a9707e3 ce5aa21042854f5dabd254960798fc03 6282fbda55da4e4ea37b4b8de8046d43 - - 11ae2569c01e43f798055db4303dbcd3 11ae2569c01e43f798055db4303dbcd3] 199.204.45.70 "GET /allocations/2c40e871-6b3c-4a3b-832b-6ca5164de091" status: 200 len: 257 microversion: 1.28 [pid: 8|app: 0|req: 399/794] 199.204.45.70 () {34 vars in 861 bytes} [Fri Jul 17 19:33:32 2026] GET /allocations/2c40e871-6b3c-4a3b-832b-6ca5164de091 => generated 257 bytes in 24 msecs (HTTP/1.1 200) 8 headers in 296 bytes (1 switches on core 0)
2026-07-17 19:33:32.086 7 INFO placement.requestlog [req-0d21ea81-4ece-4a07-9f0f-29d0defad2e5 req-03396203-d4bc-4b51-96ea-00b0d37efb79 ce5aa21042854f5dabd254960798fc03 6282fbda55da4e4ea37b4b8de8046d43 - - 11ae2569c01e43f798055db4303dbcd3 11ae2569c01e43f798055db4303dbcd3] 199.204.45.70 "GET /allocations/a947138a-6079-4ef0-8f12-412a92975c00" status: 200 len: 257 microversion: 1.28 [pid: 7|app: 0|req: 396/795] 199.204.45.70 () {34 vars in 861 bytes} [Fri Jul 17 19:33:32 2026] GET /allocations/a947138a-6079-4ef0-8f12-412a92975c00 => generated 257 bytes in 16 msecs (HTTP/1.1 200) 8 headers in 296 bytes (1 switches on core 0)
2026-07-17 19:33:32.107 8 INFO placement.requestlog [req-0d21ea81-4ece-4a07-9f0f-29d0defad2e5 req-408687df-e4df-4f41-aeeb-795edb339aaa ce5aa21042854f5dabd254960798fc03 6282fbda55da4e4ea37b4b8de8046d43 - - 11ae2569c01e43f798055db4303dbcd3 11ae2569c01e43f798055db4303dbcd3] 199.204.45.70 "GET /allocations/88b9b254-6c57-4cc0-8b75-24661833998a" status: 200 len: 257 microversion: 1.28 [pid: 8|app: 0|req: 400/796] 199.204.45.70 () {34 vars in 861 bytes} [Fri Jul 17 19:33:32 2026] GET /allocations/88b9b254-6c57-4cc0-8b75-24661833998a => generated 257 bytes in 12 msecs (HTTP/1.1 200) 8 headers in 296 bytes (1 switches on core 0)
2026-07-17 19:33:34.954 7 INFO placement.requestlog [req-38866a75-a763-4af4-8272-dd062cb6a38a req-6788e2b0-de1a-4782-b3e5-e6afc214729a ce5aa21042854f5dabd254960798fc03 6282fbda55da4e4ea37b4b8de8046d43 - - 11ae2569c01e43f798055db4303dbcd3 11ae2569c01e43f798055db4303dbcd3] 199.204.45.70 "GET /resource_providers/74e4db61-c02a-4855-af6c-74121dc31de5/allocations" status: 200 len: 352 microversion: 1.0 [pid: 7|app: 0|req: 397/797] 199.204.45.70 () {32 vars in 855 bytes} [Fri Jul 17 19:33:34 2026] GET /resource_providers/74e4db61-c02a-4855-af6c-74121dc31de5/allocations => generated 352 bytes in 22 msecs (HTTP/1.1 200) 6 headers in 224 bytes (1 switches on core 0)
2026-07-17 19:33:34.978 8 INFO placement.requestlog [req-38866a75-a763-4af4-8272-dd062cb6a38a req-a8e80595-5065-425d-8471-e6bf67c7c51f ce5aa21042854f5dabd254960798fc03 6282fbda55da4e4ea37b4b8de8046d43 - - 11ae2569c01e43f798055db4303dbcd3 11ae2569c01e43f798055db4303dbcd3] 199.204.45.70 "GET /allocations/2c40e871-6b3c-4a3b-832b-6ca5164de091" status: 200 len: 257 microversion: 1.28 [pid: 8|app: 0|req: 401/798] 199.204.45.70 () {34 vars in 861 bytes} [Fri Jul 17 19:33:34 2026] GET /allocations/2c40e871-6b3c-4a3b-832b-6ca5164de091 => generated 257 bytes in 13 msecs (HTTP/1.1 200) 8 headers in 296 bytes (1 switches on core 0)
2026-07-17 19:33:35.000 7 INFO placement.requestlog [req-38866a75-a763-4af4-8272-dd062cb6a38a req-1a266e2d-a120-4bed-a88e-299d45c8299c ce5aa21042854f5dabd254960798fc03 6282fbda55da4e4ea37b4b8de8046d43 - - 11ae2569c01e43f798055db4303dbcd3 11ae2569c01e43f798055db4303dbcd3] 199.204.45.70 "GET /allocations/a947138a-6079-4ef0-8f12-412a92975c00" status: 200 len: 257 microversion: 1.28 [pid: 7|app: 0|req: 398/799] 199.204.45.70 () {34 vars in 861 bytes} [Fri Jul 17 19:33:34 2026] GET /allocations/a947138a-6079-4ef0-8f12-412a92975c00 => generated 257 bytes in 15 msecs (HTTP/1.1 200) 8 headers in 296 bytes (1 switches on core 0)
2026-07-17 19:33:35.020 8 INFO placement.requestlog [req-38866a75-a763-4af4-8272-dd062cb6a38a req-e0c11eb3-f376-4601-a43b-3d8ae98d412d ce5aa21042854f5dabd254960798fc03 6282fbda55da4e4ea37b4b8de8046d43 - - 11ae2569c01e43f798055db4303dbcd3 11ae2569c01e43f798055db4303dbcd3] 199.204.45.70 "GET /allocations/88b9b254-6c57-4cc0-8b75-24661833998a" status: 200 len: 257 microversion: 1.28 [pid: 8|app: 0|req: 402/800] 199.204.45.70 () {34 vars in 861 bytes} [Fri Jul 17 19:33:35 2026] GET /allocations/88b9b254-6c57-4cc0-8b75-24661833998a => generated 257 bytes in 13 msecs (HTTP/1.1 200) 8 headers in 296 bytes (1 switches on core 0)
2026-07-17 19:33:37.806 7 INFO placement.requestlog [None req-d292c229-6339-49bc-b341-389c3cb304cb - - - - - -] 10.0.0.18 "GET /" status: 200 len: 136 microversion: 1.0
2026-07-17 19:33:37.807 8 INFO placement.requestlog [None req-ffd3f229-b7ad-4f3b-afcf-0aadd16b7c16 - - - - - -] 10.0.0.18 "GET /" status: 200 len: 136 microversion: 1.0
2026-07-17 19:33:37.953 7 INFO placement.requestlog [req-47f04c22-75c6-4094-b195-44043533cfcb req-0fb9e889-2000-4404-aa52-c95ecc7de173 ce5aa21042854f5dabd254960798fc03 6282fbda55da4e4ea37b4b8de8046d43 - - 11ae2569c01e43f798055db4303dbcd3 11ae2569c01e43f798055db4303dbcd3] 199.204.45.70 "GET /resource_providers/74e4db61-c02a-4855-af6c-74121dc31de5/allocations" status: 200 len: 352 microversion: 1.0 [pid: 7|app: 0|req: 400/803] 199.204.45.70 () {32 vars in 855 bytes} [Fri Jul 17 19:33:37 2026] GET /resource_providers/74e4db61-c02a-4855-af6c-74121dc31de5/allocations => generated 352 bytes in 19 msecs (HTTP/1.1 200) 6 headers in 224 bytes (1 switches on core 0)
2026-07-17 19:33:37.975 8 INFO placement.requestlog [req-47f04c22-75c6-4094-b195-44043533cfcb req-0d127233-6837-41a2-9954-a53fa4f9e59b ce5aa21042854f5dabd254960798fc03 6282fbda55da4e4ea37b4b8de8046d43 - - 11ae2569c01e43f798055db4303dbcd3 11ae2569c01e43f798055db4303dbcd3] 199.204.45.70 "GET /allocations/2c40e871-6b3c-4a3b-832b-6ca5164de091" status: 200 len: 257 microversion: 1.28 [pid: 8|app: 0|req: 404/804] 199.204.45.70 () {34 vars in 861 bytes} [Fri Jul 17 19:33:37 2026] GET /allocations/2c40e871-6b3c-4a3b-832b-6ca5164de091 => generated 257 bytes in 15 msecs (HTTP/1.1 200) 8 headers in 296 bytes (1 switches on core 0)
2026-07-17 19:33:37.997 7 INFO placement.requestlog [req-47f04c22-75c6-4094-b195-44043533cfcb req-e5eb0cf7-f659-4239-8fba-7a72557811ec ce5aa21042854f5dabd254960798fc03 6282fbda55da4e4ea37b4b8de8046d43 - - 11ae2569c01e43f798055db4303dbcd3 11ae2569c01e43f798055db4303dbcd3] 199.204.45.70 "GET /allocations/a947138a-6079-4ef0-8f12-412a92975c00" status: 200 len: 257 microversion: 1.28 [pid: 7|app: 0|req: 401/805] 199.204.45.70 () {34 vars in 861 bytes} [Fri Jul 17 19:33:37 2026] GET /allocations/a947138a-6079-4ef0-8f12-412a92975c00 => generated 257 bytes in 15 msecs (HTTP/1.1 200) 8 headers in 296 bytes (1 switches on core 0)
2026-07-17 19:33:38.019 8 INFO placement.requestlog [req-47f04c22-75c6-4094-b195-44043533cfcb req-a057c828-7d15-44bf-b268-8dda280710e4 ce5aa21042854f5dabd254960798fc03 6282fbda55da4e4ea37b4b8de8046d43 - - 11ae2569c01e43f798055db4303dbcd3 11ae2569c01e43f798055db4303dbcd3] 199.204.45.70 "GET /allocations/88b9b254-6c57-4cc0-8b75-24661833998a" status: 200 len: 257 microversion: 1.28 [pid: 8|app: 0|req: 405/806] 199.204.45.70 () {34 vars in 861 bytes} [Fri Jul 17 19:33:38 2026] GET /allocations/88b9b254-6c57-4cc0-8b75-24661833998a => generated 257 bytes in 16 msecs (HTTP/1.1 200) 8 headers in 296 bytes (1 switches on core 0)
2026-07-17 19:33:39.105 7 INFO placement.requestlog [req-38866a75-a763-4af4-8272-dd062cb6a38a req-0e26aa16-f147-477a-85ca-25a1ca8ae392 ce5aa21042854f5dabd254960798fc03 6282fbda55da4e4ea37b4b8de8046d43 - - 11ae2569c01e43f798055db4303dbcd3 11ae2569c01e43f798055db4303dbcd3] 199.204.45.70 "DELETE /allocations/a947138a-6079-4ef0-8f12-412a92975c00" status: 204 len: 0 microversion: 1.0 [pid: 7|app: 0|req: 402/807] 199.204.45.70 () {34 vars in 839 bytes} [Fri Jul 17 19:33:39 2026] DELETE /allocations/a947138a-6079-4ef0-8f12-412a92975c00 => generated 0 bytes in 35 msecs (HTTP/1.1 204) 5 headers in 198 bytes (1 switches on core 0)
2026-07-17 19:33:39.583 8 INFO placement.requestlog [req-be01f2d0-e32a-47d3-a050-33900987f2fb req-dba2f53e-7281-4c6c-a27b-81587725c7fd ce5aa21042854f5dabd254960798fc03 6282fbda55da4e4ea37b4b8de8046d43 - - 11ae2569c01e43f798055db4303dbcd3 11ae2569c01e43f798055db4303dbcd3] 199.204.45.70 "GET /resource_providers/74e4db61-c02a-4855-af6c-74121dc31de5/allocations" status: 200 len: 252 microversion: 1.0 [pid: 8|app: 0|req: 406/808] 199.204.45.70 () {32 vars in 855 bytes} [Fri Jul 17 19:33:39 2026] GET /resource_providers/74e4db61-c02a-4855-af6c-74121dc31de5/allocations => generated 252 bytes in 21 msecs (HTTP/1.1 200) 6 headers in 224 bytes (1 switches on core 0)
2026-07-17 19:33:39.615 7 INFO placement.requestlog [req-be01f2d0-e32a-47d3-a050-33900987f2fb req-affd6986-206d-4256-bd36-02605359edbd ce5aa21042854f5dabd254960798fc03 6282fbda55da4e4ea37b4b8de8046d43 - - 11ae2569c01e43f798055db4303dbcd3 11ae2569c01e43f798055db4303dbcd3] 199.204.45.70 "GET /allocations/2c40e871-6b3c-4a3b-832b-6ca5164de091" status: 200 len: 257 microversion: 1.28 [pid: 7|app: 0|req: 403/809] 199.204.45.70 () {34 vars in 861 bytes} [Fri Jul 17 19:33:39 2026] GET /allocations/2c40e871-6b3c-4a3b-832b-6ca5164de091 => generated 257 bytes in 22 msecs (HTTP/1.1 200) 8 headers in 296 bytes (1 switches on core 0)
2026-07-17 19:33:39.638 8 INFO placement.requestlog [req-be01f2d0-e32a-47d3-a050-33900987f2fb req-16310b47-4237-4378-ae03-b7ae2ddb0f5d ce5aa21042854f5dabd254960798fc03 6282fbda55da4e4ea37b4b8de8046d43 - - 11ae2569c01e43f798055db4303dbcd3 11ae2569c01e43f798055db4303dbcd3] 199.204.45.70 "GET /allocations/88b9b254-6c57-4cc0-8b75-24661833998a" status: 200 len: 257 microversion: 1.28 [pid: 8|app: 0|req: 407/810] 199.204.45.70 () {34 vars in 861 bytes} [Fri Jul 17 19:33:39 2026] GET /allocations/88b9b254-6c57-4cc0-8b75-24661833998a => generated 257 bytes in 13 msecs (HTTP/1.1 200) 8 headers in 296 bytes (1 switches on core 0)
2026-07-17 19:33:40.411 7 INFO placement.requestlog [None req-5143e979-02f9-4eee-bf0f-454a47b17d60 - - - - - -] 10.0.0.207 "GET /" status: 200 len: 136 microversion: 1.0 [pid: 7|app: 0|req: 404/811] 10.0.0.207 () {28 vars in 436 bytes} [Fri Jul 17 19:33:40 2026] GET / => generated 136 bytes in 2 msecs (HTTP/1.1 200) 6 headers in 224 bytes (1 switches on core 0)
2026-07-17 19:33:40.481 8 INFO placement.requestlog [req-9ff53409-36bf-4075-bda4-7d54e8087840 req-342f83b2-41a7-4a75-8f0c-61949afcb76b ce5aa21042854f5dabd254960798fc03 6282fbda55da4e4ea37b4b8de8046d43 - - 11ae2569c01e43f798055db4303dbcd3 11ae2569c01e43f798055db4303dbcd3] 10.0.0.207 "DELETE /allocations/a947138a-6079-4ef0-8f12-412a92975c00" status: 404 len: 228 microversion: 1.0 [pid: 8|app: 0|req: 408/812] 10.0.0.207 () {34 vars in 829 bytes} [Fri Jul 17 19:33:40 2026] DELETE /allocations/a947138a-6079-4ef0-8f12-412a92975c00 => generated 228 bytes in 61 msecs (HTTP/1.1 404) 6 headers in 231 bytes (1 switches on core 0)
2026-07-17 19:33:41.593 7 INFO placement.requestlog [req-47f04c22-75c6-4094-b195-44043533cfcb req-b82ce87d-cef1-4f57-af95-bec249d448ce ce5aa21042854f5dabd254960798fc03 6282fbda55da4e4ea37b4b8de8046d43 - - 11ae2569c01e43f798055db4303dbcd3 11ae2569c01e43f798055db4303dbcd3] 199.204.45.70 "DELETE /allocations/88b9b254-6c57-4cc0-8b75-24661833998a" status: 204 len: 0 microversion: 1.0 [pid: 7|app: 0|req: 405/813] 199.204.45.70 () {34 vars in 839 bytes} [Fri Jul 17 19:33:41 2026] DELETE /allocations/88b9b254-6c57-4cc0-8b75-24661833998a => generated 0 bytes in 46 msecs (HTTP/1.1 204) 5 headers in 198 bytes (1 switches on core 0)
2026-07-17 19:33:43.223 8 INFO placement.requestlog [req-be01f2d0-e32a-47d3-a050-33900987f2fb req-90197071-261a-4c23-bf27-0fa6c6d97003 ce5aa21042854f5dabd254960798fc03 6282fbda55da4e4ea37b4b8de8046d43 - - 11ae2569c01e43f798055db4303dbcd3 11ae2569c01e43f798055db4303dbcd3] 199.204.45.70 "DELETE /allocations/2c40e871-6b3c-4a3b-832b-6ca5164de091" status: 204 len: 0 microversion: 1.0 [pid: 8|app: 0|req: 409/814] 199.204.45.70 () {34 vars in 839 bytes} [Fri Jul 17 19:33:43 2026] DELETE /allocations/2c40e871-6b3c-4a3b-832b-6ca5164de091 => generated 0 bytes in 75 msecs (HTTP/1.1 204) 5 headers in 198 bytes (1 switches on core 0)
2026-07-17 19:33:43.772 7 INFO placement.requestlog [req-bb729bef-d10c-4301-b97d-0297fdee2369 req-ec5ac5d0-f71b-43c2-8d90-5d7612aba150 ce5aa21042854f5dabd254960798fc03 6282fbda55da4e4ea37b4b8de8046d43 - - 11ae2569c01e43f798055db4303dbcd3 11ae2569c01e43f798055db4303dbcd3] 10.0.0.207 "DELETE /allocations/88b9b254-6c57-4cc0-8b75-24661833998a" status: 404 len: 228 microversion: 1.0 [pid: 7|app: 0|req: 406/815] 10.0.0.207 () {34 vars in 829 bytes} [Fri Jul 17 19:33:43 2026] DELETE /allocations/88b9b254-6c57-4cc0-8b75-24661833998a => generated 228 bytes in 12 msecs (HTTP/1.1 404) 6 headers in 231 bytes (1 switches on core 0)
2026-07-17 19:33:45.013 7 INFO placement.requestlog [None req-35ef9254-f438-4131-b86b-5bacd1349fff 887a674115524c26971ad48694545e7e 6282fbda55da4e4ea37b4b8de8046d43 - - 11ae2569c01e43f798055db4303dbcd3 11ae2569c01e43f798055db4303dbcd3] 10.0.0.209 "GET /resource_providers/dea364c8-8946-48d7-a2a6-5db5a4744b41/aggregates" status: 404 len: 235 microversion: 1.1 [pid: 7|app: 0|req: 407/816] 10.0.0.209 () {32 vars in 815 bytes} [Fri Jul 17 19:33:44 2026] GET /resource_providers/dea364c8-8946-48d7-a2a6-5db5a4744b41/aggregates => generated 235 bytes in 111 msecs (HTTP/1.1 404) 5 headers in 202 bytes (1 switches on core 0)
2026-07-17 19:33:45.020 7 INFO placement.requestlog [None req-3e1b28f7-f2f7-43bb-8415-bcd47a9eb0b1 887a674115524c26971ad48694545e7e 6282fbda55da4e4ea37b4b8de8046d43 - - 11ae2569c01e43f798055db4303dbcd3 11ae2569c01e43f798055db4303dbcd3] 10.0.0.209 "GET /resource_providers/67112d95-0ab4-40b9-8e94-1ff9c8b4b325/aggregates" status: 404 len: 235 microversion: 1.1 [pid: 7|app: 0|req: 408/817] 10.0.0.209 () {32 vars in 815 bytes} [Fri Jul 17 19:33:45 2026] GET /resource_providers/67112d95-0ab4-40b9-8e94-1ff9c8b4b325/aggregates => generated 235 bytes in 6 msecs (HTTP/1.1 404) 5 headers in 202 bytes (1 switches on core 0)
2026-07-17 19:33:45.023 8 INFO placement.requestlog [None req-a0c8f819-22e5-45d3-bf30-899ba85c31ac 887a674115524c26971ad48694545e7e 6282fbda55da4e4ea37b4b8de8046d43 - - 11ae2569c01e43f798055db4303dbcd3 11ae2569c01e43f798055db4303dbcd3] 10.0.0.209 "GET /resource_providers/dea364c8-8946-48d7-a2a6-5db5a4744b41/aggregates" status: 404 len: 235 microversion: 1.1 [pid: 8|app: 0|req: 410/818] 10.0.0.209 () {32 vars in 815 bytes} [Fri Jul 17 19:33:44 2026] GET /resource_providers/dea364c8-8946-48d7-a2a6-5db5a4744b41/aggregates => generated 235 bytes in 137 msecs (HTTP/1.1 404) 5 headers in 202 bytes (1 switches on core 0)
2026-07-17 19:33:45.024 8 INFO placement.requestlog [None req-e9dc4814-bdbe-4bed-bf05-dd5c3726a221 - - - - - -] 10.0.0.207 "GET /" status: 200 len: 136 microversion: 1.0 [pid: 8|app: 0|req: 411/819] 10.0.0.207 () {28 vars in 436 bytes} [Fri Jul 17 19:33:45 2026] GET / => generated 136 bytes in 1 msecs (HTTP/1.1 200) 6 headers in 224 bytes (1 switches on core 0)
2026-07-17 19:33:45.026 7 INFO placement.requestlog [None req-d0cc7a49-581d-417d-aa90-251abc2c8653 887a674115524c26971ad48694545e7e 6282fbda55da4e4ea37b4b8de8046d43 - - 11ae2569c01e43f798055db4303dbcd3 11ae2569c01e43f798055db4303dbcd3] 10.0.0.209 "GET /resource_providers/67112d95-0ab4-40b9-8e94-1ff9c8b4b325/aggregates" status: 404 len: 235 microversion: 1.1 [pid: 7|app: 0|req: 409/820] 10.0.0.209 () {32 vars in 815 bytes} [Fri Jul 17 19:33:45 2026] GET /resource_providers/67112d95-0ab4-40b9-8e94-1ff9c8b4b325/aggregates => generated 235 bytes in 5 msecs (HTTP/1.1 404) 5 headers in 202 bytes (1 switches on core 0)
2026-07-17 19:33:45.032 8 INFO placement.requestlog [None req-ba5bb4d1-3f27-4c88-b6b9-7f60bc7181c8 887a674115524c26971ad48694545e7e 6282fbda55da4e4ea37b4b8de8046d43 - - 11ae2569c01e43f798055db4303dbcd3 11ae2569c01e43f798055db4303dbcd3] 10.0.0.209 "DELETE /resource_providers/dea364c8-8946-48d7-a2a6-5db5a4744b41" status: 404 len: 246 microversion: 1.1 [pid: 8|app: 0|req: 412/821] 10.0.0.209 () {34 vars in 815 bytes} [Fri Jul 17 19:33:45 2026] DELETE /resource_providers/dea364c8-8946-48d7-a2a6-5db5a4744b41 => generated 246 bytes in 7 msecs (HTTP/1.1 404) 6 headers in 231 bytes (1 switches on core 0)
2026-07-17 19:33:45.048 8 INFO placement.requestlog [None req-9cc70bdb-d45d-4edf-bd58-e94205881d6b 887a674115524c26971ad48694545e7e 6282fbda55da4e4ea37b4b8de8046d43 - - 11ae2569c01e43f798055db4303dbcd3 11ae2569c01e43f798055db4303dbcd3] 10.0.0.209 "DELETE /resource_providers/67112d95-0ab4-40b9-8e94-1ff9c8b4b325" status: 404 len: 246 microversion: 1.1 [pid: 8|app: 0|req: 413/822] 10.0.0.209 () {34 vars in 815 bytes} [Fri Jul 17 19:33:45 2026] DELETE /resource_providers/67112d95-0ab4-40b9-8e94-1ff9c8b4b325 => generated 246 bytes in 14 msecs (HTTP/1.1 404) 6 headers in 231 bytes (1 switches on core 0)
2026-07-17 19:33:45.055 8 INFO placement.requestlog [None req-0878e78b-46af-4e6f-8ad3-0835e1e48439 887a674115524c26971ad48694545e7e 6282fbda55da4e4ea37b4b8de8046d43 - - 11ae2569c01e43f798055db4303dbcd3 11ae2569c01e43f798055db4303dbcd3] 10.0.0.209 "DELETE /resource_providers/67112d95-0ab4-40b9-8e94-1ff9c8b4b325" status: 404 len: 246 microversion: 1.1 [pid: 8|app: 0|req: 414/823] 10.0.0.209 () {34 vars in 815 bytes} [Fri Jul 17 19:33:45 2026] DELETE /resource_providers/67112d95-0ab4-40b9-8e94-1ff9c8b4b325 => generated 246 bytes in 6 msecs (HTTP/1.1 404) 6 headers in 231 bytes (1 switches on core 0)
2026-07-17 19:33:45.060 8 INFO placement.requestlog [None req-809614dc-d90a-4c83-a34c-d6cfc3138dc7 887a674115524c26971ad48694545e7e 6282fbda55da4e4ea37b4b8de8046d43 - - 11ae2569c01e43f798055db4303dbcd3 11ae2569c01e43f798055db4303dbcd3] 10.0.0.209 "DELETE /resource_providers/dea364c8-8946-48d7-a2a6-5db5a4744b41" status: 404 len: 246 microversion: 1.1 [pid: 8|app: 0|req: 415/824] 10.0.0.209 () {34 vars in 815 bytes} [Fri Jul 17 19:33:45 2026] DELETE /resource_providers/dea364c8-8946-48d7-a2a6-5db5a4744b41 => generated 246 bytes in 5 msecs (HTTP/1.1 404) 6 headers in 231 bytes (1 switches on core 0)
2026-07-17 19:33:45.100 7 INFO placement.requestlog [req-99065a2a-d4f7-4f57-9158-fdff5f2ef3dc req-ba793642-1d62-43a7-bd52-b5a3ec68faf6 ce5aa21042854f5dabd254960798fc03 6282fbda55da4e4ea37b4b8de8046d43 - - 11ae2569c01e43f798055db4303dbcd3 11ae2569c01e43f798055db4303dbcd3] 10.0.0.207 "DELETE /allocations/2c40e871-6b3c-4a3b-832b-6ca5164de091" status: 404 len: 228 microversion: 1.0 [pid: 7|app: 0|req: 410/825] 10.0.0.207 () {34 vars in 829 bytes} [Fri Jul 17 19:33:45 2026] DELETE /allocations/2c40e871-6b3c-4a3b-832b-6ca5164de091 => generated 228 bytes in 68 msecs (HTTP/1.1 404) 6 headers in 231 bytes (1 switches on core 0)
2026-07-17 19:33:47.805 8 INFO placement.requestlog [None req-5cf0261e-f5fb-4567-8e0f-b26cd05ff021 - - - - - -] 10.0.0.18 "GET /" status: 200 len: 136 microversion: 1.0
2026-07-17 19:33:47.806 7 INFO placement.requestlog [None req-61485412-f154-409c-a4e9-9362c6153f1e - - - - - -] 10.0.0.18 "GET /" status: 200 len: 136 microversion: 1.0
2026-07-17 19:33:48.546 8 INFO placement.requestlog [None req-538f32ee-4c18-4274-8e92-a3bb450ae38e 887a674115524c26971ad48694545e7e 6282fbda55da4e4ea37b4b8de8046d43 - - 11ae2569c01e43f798055db4303dbcd3 11ae2569c01e43f798055db4303dbcd3] 10.0.0.209 "GET /resource_providers/09e07415-4490-4a6b-b287-b163f7e3f3a1/aggregates" status: 404 len: 235 microversion: 1.1 [pid: 8|app: 0|req: 417/828] 10.0.0.209 () {32 vars in 815 bytes} [Fri Jul 17 19:33:48 2026] GET /resource_providers/09e07415-4490-4a6b-b287-b163f7e3f3a1/aggregates => generated 235 bytes in 9 msecs (HTTP/1.1 404) 5 headers in 202 bytes (1 switches on core 0)
2026-07-17 19:33:48.555 7 INFO placement.requestlog [None req-208afc7c-2bc9-46c8-af22-0a33c7916afc 887a674115524c26971ad48694545e7e 6282fbda55da4e4ea37b4b8de8046d43 - - 11ae2569c01e43f798055db4303dbcd3 11ae2569c01e43f798055db4303dbcd3] 10.0.0.209 "GET /resource_providers/09e07415-4490-4a6b-b287-b163f7e3f3a1/aggregates" status: 404 len: 235 microversion: 1.1 [pid: 7|app: 0|req: 412/829] 10.0.0.209 () {32 vars in 815 bytes} [Fri Jul 17 19:33:48 2026] GET /resource_providers/09e07415-4490-4a6b-b287-b163f7e3f3a1/aggregates => generated 235 bytes in 12 msecs (HTTP/1.1 404) 5 headers in 202 bytes (1 switches on core 0)
2026-07-17 19:33:48.568 8 INFO placement.requestlog [None req-96a8106d-1843-4d3c-8c77-3d639d4dc046 887a674115524c26971ad48694545e7e 6282fbda55da4e4ea37b4b8de8046d43 - - 11ae2569c01e43f798055db4303dbcd3 11ae2569c01e43f798055db4303dbcd3] 10.0.0.209 "DELETE /resource_providers/09e07415-4490-4a6b-b287-b163f7e3f3a1" status: 404 len: 246 microversion: 1.1 [pid: 8|app: 0|req: 418/830] 10.0.0.209 () {34 vars in 815 bytes} [Fri Jul 17 19:33:48 2026] DELETE /resource_providers/09e07415-4490-4a6b-b287-b163f7e3f3a1 => generated 246 bytes in 10 msecs (HTTP/1.1 404) 6 headers in 231 bytes (1 switches on core 0)
2026-07-17 19:33:48.581 7 INFO placement.requestlog [None req-d2478ce7-3a59-45d9-9f50-e26063e83cc2 887a674115524c26971ad48694545e7e 6282fbda55da4e4ea37b4b8de8046d43 - - 11ae2569c01e43f798055db4303dbcd3 11ae2569c01e43f798055db4303dbcd3] 10.0.0.209 "DELETE /resource_providers/09e07415-4490-4a6b-b287-b163f7e3f3a1" status: 404 len: 246 microversion: 1.1 [pid: 7|app: 0|req: 413/831] 10.0.0.209 () {34 vars in 815 bytes} [Fri Jul 17 19:33:48 2026] DELETE /resource_providers/09e07415-4490-4a6b-b287-b163f7e3f3a1 => generated 246 bytes in 9 msecs (HTTP/1.1 404) 6 headers in 231 bytes (1 switches on core 0)
2026-07-17 19:33:50.600 8 INFO placement.requestlog [None req-ccf71963-8794-486a-bbfd-82303b6f2156 887a674115524c26971ad48694545e7e 6282fbda55da4e4ea37b4b8de8046d43 - - 11ae2569c01e43f798055db4303dbcd3 11ae2569c01e43f798055db4303dbcd3] 10.0.0.209 "GET /resource_providers/6468fec7-e9ee-4b42-a82b-9ea50d125c95/aggregates" status: 404 len: 235 microversion: 1.1 [pid: 8|app: 0|req: 419/832] 10.0.0.209 () {32 vars in 815 bytes} [Fri Jul 17 19:33:50 2026] GET /resource_providers/6468fec7-e9ee-4b42-a82b-9ea50d125c95/aggregates => generated 235 bytes in 20 msecs (HTTP/1.1 404) 5 headers in 202 bytes (1 switches on core 0)
2026-07-17 19:33:50.609 7 INFO placement.requestlog [None req-af31e1bf-df9c-4a09-be32-3fe8eae69451 887a674115524c26971ad48694545e7e 6282fbda55da4e4ea37b4b8de8046d43 - - 11ae2569c01e43f798055db4303dbcd3 11ae2569c01e43f798055db4303dbcd3] 10.0.0.209 "GET /resource_providers/6468fec7-e9ee-4b42-a82b-9ea50d125c95/aggregates" status: 404 len: 235 microversion: 1.1 [pid: 7|app: 0|req: 414/833] 10.0.0.209 () {32 vars in 815 bytes} [Fri Jul 17 19:33:50 2026] GET /resource_providers/6468fec7-e9ee-4b42-a82b-9ea50d125c95/aggregates => generated 235 bytes in 16 msecs (HTTP/1.1 404) 5 headers in 202 bytes (1 switches on core 0)
2026-07-17 19:33:50.625 8 INFO placement.requestlog [None req-c1dc2149-354b-49cb-af0e-c7e51d3c8f84 887a674115524c26971ad48694545e7e 6282fbda55da4e4ea37b4b8de8046d43 - - 11ae2569c01e43f798055db4303dbcd3 11ae2569c01e43f798055db4303dbcd3] 10.0.0.209 "DELETE /resource_providers/6468fec7-e9ee-4b42-a82b-9ea50d125c95" status: 404 len: 246 microversion: 1.1 [pid: 8|app: 0|req: 420/834] 10.0.0.209 () {34 vars in 815 bytes} [Fri Jul 17 19:33:50 2026] DELETE /resource_providers/6468fec7-e9ee-4b42-a82b-9ea50d125c95 => generated 246 bytes in 12 msecs (HTTP/1.1 404) 6 headers in 231 bytes (1 switches on core 0)
2026-07-17 19:33:50.636 7 INFO placement.requestlog [None req-d2e7c7db-8a1b-4903-afb7-a0ca03b7463c 887a674115524c26971ad48694545e7e 6282fbda55da4e4ea37b4b8de8046d43 - - 11ae2569c01e43f798055db4303dbcd3 11ae2569c01e43f798055db4303dbcd3] 10.0.0.209 "DELETE /resource_providers/6468fec7-e9ee-4b42-a82b-9ea50d125c95" status: 404 len: 246 microversion: 1.1 [pid: 7|app: 0|req: 415/835] 10.0.0.209 () {34 vars in 815 bytes} [Fri Jul 17 19:33:50 2026] DELETE /resource_providers/6468fec7-e9ee-4b42-a82b-9ea50d125c95 => generated 246 bytes in 10 msecs (HTTP/1.1 404) 6 headers in 231 bytes (1 switches on core 0)
2026-07-17 19:33:57.806 7 INFO placement.requestlog [None req-e9f219c3-c560-415e-8925-0265e259294a - - - - - -] 10.0.0.18 "GET /" status: 200 len: 136 microversion: 1.0
2026-07-17 19:33:57.807 8 INFO placement.requestlog [None req-7d610038-9ec7-4a9c-a66c-910e7298c853 - - - - - -] 10.0.0.18 "GET /" status: 200 len: 136 microversion: 1.0
2026-07-17 19:34:05.119 7 INFO placement.requestlog [req-9f5e236f-2f58-4a64-8487-28962ff59b2e req-1e2aa0c3-57b5-494a-8575-ad31880b8fa1 ce5aa21042854f5dabd254960798fc03 6282fbda55da4e4ea37b4b8de8046d43 - - 11ae2569c01e43f798055db4303dbcd3 11ae2569c01e43f798055db4303dbcd3] 10.0.0.184 "GET /allocation_candidates?limit=1000&resources=DISK_GB%3A1%2CMEMORY_MB%3A512%2CVCPU%3A1&root_required=%21COMPUTE_STATUS_DISABLED" status: 200 len: 2781 microversion: 1.36 [pid: 7|app: 0|req: 417/838] 10.0.0.184 () {34 vars in 1011 bytes} [Fri Jul 17 19:34:05 2026] GET /allocation_candidates?limit=1000&resources=DISK_GB%3A1%2CMEMORY_MB%3A512%2CVCPU%3A1&root_required=%21COMPUTE_STATUS_DISABLED => generated 2781 bytes in 51 msecs (HTTP/1.1 200) 8 headers in 297 bytes (1 switches on core 0)
2026-07-17 19:34:05.165 8 INFO placement.requestlog [req-9f5e236f-2f58-4a64-8487-28962ff59b2e req-b5ec6cf8-4c93-4d50-a790-3706d7108c82 ce5aa21042854f5dabd254960798fc03 6282fbda55da4e4ea37b4b8de8046d43 - - 11ae2569c01e43f798055db4303dbcd3 11ae2569c01e43f798055db4303dbcd3] 10.0.0.184 "GET /allocations/4d37e0fd-742e-4855-a25b-88a5552b925d" status: 200 len: 19 microversion: 1.28 [pid: 8|app: 0|req: 422/839] 10.0.0.184 () {34 vars in 860 bytes} [Fri Jul 17 19:34:05 2026] GET /allocations/4d37e0fd-742e-4855-a25b-88a5552b925d => generated 19 bytes in 21 msecs (HTTP/1.1 200) 8 headers in 295 bytes (1 switches on core 0)
2026-07-17 19:34:05.443 7 INFO placement.requestlog [req-9f5e236f-2f58-4a64-8487-28962ff59b2e req-d80dbb0b-ce38-4502-a962-10a680153432 ce5aa21042854f5dabd254960798fc03 6282fbda55da4e4ea37b4b8de8046d43 - - 11ae2569c01e43f798055db4303dbcd3 11ae2569c01e43f798055db4303dbcd3] 10.0.0.184 "PUT /allocations/4d37e0fd-742e-4855-a25b-88a5552b925d" status: 204 len: 0 microversion: 1.36 [pid: 7|app: 0|req: 418/840] 10.0.0.184 () {38 vars in 913 bytes} [Fri Jul 17 19:34:05 2026] PUT /allocations/4d37e0fd-742e-4855-a25b-88a5552b925d => generated 0 bytes in 272 msecs (HTTP/1.1 204) 5 headers in 199 bytes (1 switches on core 0)
2026-07-17 19:34:07.414 8 INFO placement.requestlog [req-9f5e236f-2f58-4a64-8487-28962ff59b2e req-74575f36-1149-4e3a-b4de-ef6e76da194a ce5aa21042854f5dabd254960798fc03 6282fbda55da4e4ea37b4b8de8046d43 - - 11ae2569c01e43f798055db4303dbcd3 11ae2569c01e43f798055db4303dbcd3] 199.204.45.70 "GET /allocations/4d37e0fd-742e-4855-a25b-88a5552b925d" status: 200 len: 257 microversion: 1.28 [pid: 8|app: 0|req: 423/841] 199.204.45.70 () {34 vars in 861 bytes} [Fri Jul 17 19:34:07 2026] GET /allocations/4d37e0fd-742e-4855-a25b-88a5552b925d => generated 257 bytes in 20 msecs (HTTP/1.1 200) 8 headers in 296 bytes (1 switches on core 0)
2026-07-17 19:34:07.805 7 INFO placement.requestlog [None req-13439114-8fbf-4e95-978e-c1457317058a - - - - - -] 10.0.0.18 "GET /" status: 200 len: 136 microversion: 1.0
2026-07-17 19:34:07.806 8 INFO placement.requestlog [None req-15112b19-94d3-4099-8752-e5bb5f587cf8 - - - - - -] 10.0.0.18 "GET /" status: 200 len: 136 microversion: 1.0
2026-07-17 19:34:08.315 7 INFO placement.requestlog [req-3a033ab2-aa35-4ded-b8d7-fc754223df4a req-9069a22b-b14f-4526-bbad-14a1d4a55897 ce5aa21042854f5dabd254960798fc03 6282fbda55da4e4ea37b4b8de8046d43 - - 11ae2569c01e43f798055db4303dbcd3 11ae2569c01e43f798055db4303dbcd3] 10.0.0.184 "GET /allocation_candidates?limit=1000&resources=MEMORY_MB%3A512%2CVCPU%3A1&root_required=%21COMPUTE_STATUS_DISABLED" status: 200 len: 2769 microversion: 1.36 [pid: 7|app: 0|req: 420/844] 10.0.0.184 () {34 vars in 983 bytes} [Fri Jul 17 19:34:08 2026] GET /allocation_candidates?limit=1000&resources=MEMORY_MB%3A512%2CVCPU%3A1&root_required=%21COMPUTE_STATUS_DISABLED => generated 2769 bytes in 49 msecs (HTTP/1.1 200) 8 headers in 297 bytes (1 switches on core 0)
2026-07-17 19:34:08.354 8 INFO placement.requestlog [req-3a033ab2-aa35-4ded-b8d7-fc754223df4a req-347b39f3-cbdb-45f5-8a8a-9b8d74117140 ce5aa21042854f5dabd254960798fc03 6282fbda55da4e4ea37b4b8de8046d43 - - 11ae2569c01e43f798055db4303dbcd3 11ae2569c01e43f798055db4303dbcd3] 10.0.0.184 "GET /allocations/e60ee7ad-4772-4b8b-ac10-a01dfdf2c145" status: 200 len: 19 microversion: 1.28 [pid: 8|app: 0|req: 425/845] 10.0.0.184 () {34 vars in 860 bytes} [Fri Jul 17 19:34:08 2026] GET /allocations/e60ee7ad-4772-4b8b-ac10-a01dfdf2c145 => generated 19 bytes in 11 msecs (HTTP/1.1 200) 8 headers in 295 bytes (1 switches on core 0)
2026-07-17 19:34:08.453 8 INFO placement.requestlog [req-9f5e236f-2f58-4a64-8487-28962ff59b2e req-8b981bb4-380c-4f74-a729-f351d793f6dd ce5aa21042854f5dabd254960798fc03 6282fbda55da4e4ea37b4b8de8046d43 - - 11ae2569c01e43f798055db4303dbcd3 11ae2569c01e43f798055db4303dbcd3] 199.204.45.70 "GET /resource_providers/74e4db61-c02a-4855-af6c-74121dc31de5/allocations" status: 200 len: 152 microversion: 1.0 [pid: 8|app: 0|req: 426/846] 199.204.45.70 () {32 vars in 855 bytes} [Fri Jul 17 19:34:08 2026] GET /resource_providers/74e4db61-c02a-4855-af6c-74121dc31de5/allocations => generated 152 bytes in 19 msecs (HTTP/1.1 200) 6 headers in 224 bytes (1 switches on core 0)
2026-07-17 19:34:08.480 8 INFO placement.requestlog [req-9f5e236f-2f58-4a64-8487-28962ff59b2e req-05084696-89f6-44c6-8412-65ded2a8fe44 ce5aa21042854f5dabd254960798fc03 6282fbda55da4e4ea37b4b8de8046d43 - - 11ae2569c01e43f798055db4303dbcd3 11ae2569c01e43f798055db4303dbcd3] 199.204.45.70 "GET /allocations/4d37e0fd-742e-4855-a25b-88a5552b925d" status: 200 len: 257 microversion: 1.28 [pid: 8|app: 0|req: 427/847] 199.204.45.70 () {34 vars in 861 bytes} [Fri Jul 17 19:34:08 2026] GET /allocations/4d37e0fd-742e-4855-a25b-88a5552b925d => generated 257 bytes in 19 msecs (HTTP/1.1 200) 8 headers in 296 bytes (1 switches on core 0)
2026-07-17 19:34:08.563 7 INFO placement.requestlog [req-3a033ab2-aa35-4ded-b8d7-fc754223df4a req-57060270-0207-4d1b-b626-21f5c008fc84 ce5aa21042854f5dabd254960798fc03 6282fbda55da4e4ea37b4b8de8046d43 - - 11ae2569c01e43f798055db4303dbcd3 11ae2569c01e43f798055db4303dbcd3] 10.0.0.184 "PUT /allocations/e60ee7ad-4772-4b8b-ac10-a01dfdf2c145" status: 204 len: 0 microversion: 1.36 [pid: 7|app: 0|req: 421/848] 10.0.0.184 () {38 vars in 913 bytes} [Fri Jul 17 19:34:08 2026] PUT /allocations/e60ee7ad-4772-4b8b-ac10-a01dfdf2c145 => generated 0 bytes in 201 msecs (HTTP/1.1 204) 5 headers in 199 bytes (1 switches on core 0)
2026-07-17 19:34:10.140 8 INFO placement.requestlog [req-3a033ab2-aa35-4ded-b8d7-fc754223df4a req-9c76005a-59e8-4fcc-9bc2-d6d9871629a3 ce5aa21042854f5dabd254960798fc03 6282fbda55da4e4ea37b4b8de8046d43 - - 11ae2569c01e43f798055db4303dbcd3 11ae2569c01e43f798055db4303dbcd3] 199.204.45.70 "GET /allocations/e60ee7ad-4772-4b8b-ac10-a01dfdf2c145" status: 200 len: 243 microversion: 1.28 [pid: 8|app: 0|req: 428/849] 199.204.45.70 () {34 vars in 861 bytes} [Fri Jul 17 19:34:10 2026] GET /allocations/e60ee7ad-4772-4b8b-ac10-a01dfdf2c145 => generated 243 bytes in 29 msecs (HTTP/1.1 200) 8 headers in 296 bytes (1 switches on core 0)
2026-07-17 19:34:11.182 7 INFO placement.requestlog [req-3a033ab2-aa35-4ded-b8d7-fc754223df4a req-d5ce2636-dccc-47ac-98e6-a5d16b8a7cd8 ce5aa21042854f5dabd254960798fc03 6282fbda55da4e4ea37b4b8de8046d43 - - 11ae2569c01e43f798055db4303dbcd3 11ae2569c01e43f798055db4303dbcd3] 199.204.45.70 "GET /resource_providers/74e4db61-c02a-4855-af6c-74121dc31de5/allocations" status: 200 len: 238 microversion: 1.0 [pid: 7|app: 0|req: 422/850] 199.204.45.70 () {32 vars in 855 bytes} [Fri Jul 17 19:34:11 2026] GET /resource_providers/74e4db61-c02a-4855-af6c-74121dc31de5/allocations => generated 238 bytes in 15 msecs (HTTP/1.1 200) 6 headers in 224 bytes (1 switches on core 0)
2026-07-17 19:34:11.206 8 INFO placement.requestlog [req-3a033ab2-aa35-4ded-b8d7-fc754223df4a req-cabacf94-d656-4cca-8335-b9b416773df4 ce5aa21042854f5dabd254960798fc03 6282fbda55da4e4ea37b4b8de8046d43 - - 11ae2569c01e43f798055db4303dbcd3 11ae2569c01e43f798055db4303dbcd3] 199.204.45.70 "GET /allocations/4d37e0fd-742e-4855-a25b-88a5552b925d" status: 200 len: 257 microversion: 1.28 [pid: 8|app: 0|req: 429/851] 199.204.45.70 () {34 vars in 861 bytes} [Fri Jul 17 19:34:11 2026] GET /allocations/4d37e0fd-742e-4855-a25b-88a5552b925d => generated 257 bytes in 17 msecs (HTTP/1.1 200) 8 headers in 296 bytes (1 switches on core 0)
2026-07-17 19:34:11.230 7 INFO placement.requestlog [req-3a033ab2-aa35-4ded-b8d7-fc754223df4a req-1c89842b-672d-4560-ba7a-b4679b2aaa3b ce5aa21042854f5dabd254960798fc03 6282fbda55da4e4ea37b4b8de8046d43 - - 11ae2569c01e43f798055db4303dbcd3 11ae2569c01e43f798055db4303dbcd3] 199.204.45.70 "GET /allocations/e60ee7ad-4772-4b8b-ac10-a01dfdf2c145" status: 200 len: 243 microversion: 1.28 [pid: 7|app: 0|req: 423/852] 199.204.45.70 () {34 vars in 861 bytes} [Fri Jul 17 19:34:11 2026] GET /allocations/e60ee7ad-4772-4b8b-ac10-a01dfdf2c145 => generated 243 bytes in 11 msecs (HTTP/1.1 200) 8 headers in 296 bytes (1 switches on core 0)
