2026-07-17 19:35:58.535 7 INFO placement.requestlog [None req-48b04a03-12bb-489a-9b1a-2faad4985a5f 887a674115524c26971ad48694545e7e 6282fbda55da4e4ea37b4b8de8046d43 - - 11ae2569c01e43f798055db4303dbcd3 11ae2569c01e43f798055db4303dbcd3] 10.0.0.209 "DELETE /resource_providers/68e63e5f-033b-460f-a48d-b1f2955d559b" status: 404 len: 246 microversion: 1.1 [pid: 7|app: 0|req: 512/1030] 10.0.0.209 () {34 vars in 815 bytes} [Fri Jul 17 19:35:58 2026] DELETE /resource_providers/68e63e5f-033b-460f-a48d-b1f2955d559b => generated 246 bytes in 11 msecs (HTTP/1.1 404) 6 headers in 231 bytes (1 switches on core 0)
2026-07-17 19:35:58.535 8 INFO placement.requestlog [None req-e2d7a662-9692-4f4e-866b-928c320578a7 887a674115524c26971ad48694545e7e 6282fbda55da4e4ea37b4b8de8046d43 - - 11ae2569c01e43f798055db4303dbcd3 11ae2569c01e43f798055db4303dbcd3] 10.0.0.209 "DELETE /resource_providers/68e63e5f-033b-460f-a48d-b1f2955d559b" status: 404 len: 246 microversion: 1.1 [pid: 8|app: 0|req: 519/1031] 10.0.0.209 () {34 vars in 815 bytes} [Fri Jul 17 19:35:58 2026] DELETE /resource_providers/68e63e5f-033b-460f-a48d-b1f2955d559b => generated 246 bytes in 11 msecs (HTTP/1.1 404) 6 headers in 231 bytes (1 switches on core 0)
2026-07-17 19:36:01.991 7 INFO placement.requestlog [None req-2952c833-1294-4915-aa8b-e4c3da9c90ab 887a674115524c26971ad48694545e7e 6282fbda55da4e4ea37b4b8de8046d43 - - 11ae2569c01e43f798055db4303dbcd3 11ae2569c01e43f798055db4303dbcd3] 10.0.0.209 "GET /resource_providers/6a8d28a8-04d3-40af-abf6-8b8acefd70fd/aggregates" status: 404 len: 235 microversion: 1.1 [pid: 7|app: 0|req: 513/1032] 10.0.0.209 () {32 vars in 815 bytes} [Fri Jul 17 19:36:01 2026] GET /resource_providers/6a8d28a8-04d3-40af-abf6-8b8acefd70fd/aggregates => generated 235 bytes in 9 msecs (HTTP/1.1 404) 5 headers in 202 bytes (1 switches on core 0)
2026-07-17 19:36:01.995 8 INFO placement.requestlog [None req-e8a81c3d-2baa-4005-abe2-555bc8985cb2 887a674115524c26971ad48694545e7e 6282fbda55da4e4ea37b4b8de8046d43 - - 11ae2569c01e43f798055db4303dbcd3 11ae2569c01e43f798055db4303dbcd3] 10.0.0.209 "GET /resource_providers/6a8d28a8-04d3-40af-abf6-8b8acefd70fd/aggregates" status: 404 len: 235 microversion: 1.1 [pid: 8|app: 0|req: 520/1033] 10.0.0.209 () {32 vars in 815 bytes} [Fri Jul 17 19:36:01 2026] GET /resource_providers/6a8d28a8-04d3-40af-abf6-8b8acefd70fd/aggregates => generated 235 bytes in 11 msecs (HTTP/1.1 404) 5 headers in 202 bytes (1 switches on core 0)
2026-07-17 19:36:02.008 7 INFO placement.requestlog [None req-ce9f8927-b0b0-478e-b3f3-03e7a387f824 887a674115524c26971ad48694545e7e 6282fbda55da4e4ea37b4b8de8046d43 - - 11ae2569c01e43f798055db4303dbcd3 11ae2569c01e43f798055db4303dbcd3] 10.0.0.209 "DELETE /resource_providers/6a8d28a8-04d3-40af-abf6-8b8acefd70fd" status: 404 len: 246 microversion: 1.1 [pid: 7|app: 0|req: 514/1034] 10.0.0.209 () {34 vars in 815 bytes} [Fri Jul 17 19:36:02 2026] DELETE /resource_providers/6a8d28a8-04d3-40af-abf6-8b8acefd70fd => generated 246 bytes in 8 msecs (HTTP/1.1 404) 6 headers in 231 bytes (1 switches on core 0)
2026-07-17 19:36:02.026 8 INFO placement.requestlog [None req-83f11f55-47fe-4a10-8250-d1eda58cef8b 887a674115524c26971ad48694545e7e 6282fbda55da4e4ea37b4b8de8046d43 - - 11ae2569c01e43f798055db4303dbcd3 11ae2569c01e43f798055db4303dbcd3] 10.0.0.209 "DELETE /resource_providers/6a8d28a8-04d3-40af-abf6-8b8acefd70fd" status: 404 len: 246 microversion: 1.1 [pid: 8|app: 0|req: 521/1035] 10.0.0.209 () {34 vars in 815 bytes} [Fri Jul 17 19:36:02 2026] DELETE /resource_providers/6a8d28a8-04d3-40af-abf6-8b8acefd70fd => generated 246 bytes in 12 msecs (HTTP/1.1 404) 6 headers in 231 bytes (1 switches on core 0)
2026-07-17 19:36:03.364 7 INFO placement.requestlog [req-38f06f85-a1d8-48da-8803-dedce2e64b63 req-627fe4ae-06bc-4d23-9613-2411969d7e3a ce5aa21042854f5dabd254960798fc03 6282fbda55da4e4ea37b4b8de8046d43 - - 11ae2569c01e43f798055db4303dbcd3 11ae2569c01e43f798055db4303dbcd3] 199.204.45.70 "GET /resource_providers/74e4db61-c02a-4855-af6c-74121dc31de5/allocations" status: 200 len: 152 microversion: 1.0 [pid: 7|app: 0|req: 515/1036] 199.204.45.70 () {32 vars in 855 bytes} [Fri Jul 17 19:36:03 2026] GET /resource_providers/74e4db61-c02a-4855-af6c-74121dc31de5/allocations => generated 152 bytes in 19 msecs (HTTP/1.1 200) 6 headers in 224 bytes (1 switches on core 0)
2026-07-17 19:36:03.387 8 INFO placement.requestlog [req-38f06f85-a1d8-48da-8803-dedce2e64b63 req-bc76a605-3f39-4a11-8256-3f9a0ce0a822 ce5aa21042854f5dabd254960798fc03 6282fbda55da4e4ea37b4b8de8046d43 - - 11ae2569c01e43f798055db4303dbcd3 11ae2569c01e43f798055db4303dbcd3] 199.204.45.70 "GET /allocations/3c240914-0ea2-415f-b88a-7ce78cd1f985" status: 200 len: 257 microversion: 1.28 [pid: 8|app: 0|req: 522/1037] 199.204.45.70 () {34 vars in 861 bytes} [Fri Jul 17 19:36:03 2026] GET /allocations/3c240914-0ea2-415f-b88a-7ce78cd1f985 => generated 257 bytes in 15 msecs (HTTP/1.1 200) 8 headers in 296 bytes (1 switches on core 0)
2026-07-17 19:36:06.056 7 INFO placement.requestlog [None req-af20ad97-e6cf-4b77-898c-72041fd4821f 887a674115524c26971ad48694545e7e 6282fbda55da4e4ea37b4b8de8046d43 - - 11ae2569c01e43f798055db4303dbcd3 11ae2569c01e43f798055db4303dbcd3] 10.0.0.209 "GET /resource_providers/73635729-5578-46b1-b196-c5201f0db0ea/aggregates" status: 404 len: 235 microversion: 1.1 [pid: 7|app: 0|req: 516/1038] 10.0.0.209 () {32 vars in 815 bytes} [Fri Jul 17 19:36:06 2026] GET /resource_providers/73635729-5578-46b1-b196-c5201f0db0ea/aggregates => generated 235 bytes in 10 msecs (HTTP/1.1 404) 5 headers in 202 bytes (1 switches on core 0)
2026-07-17 19:36:06.063 8 INFO placement.requestlog [None req-962999d1-8bc0-4f94-81b1-1a6954d39f40 887a674115524c26971ad48694545e7e 6282fbda55da4e4ea37b4b8de8046d43 - - 11ae2569c01e43f798055db4303dbcd3 11ae2569c01e43f798055db4303dbcd3] 10.0.0.209 "GET /resource_providers/73635729-5578-46b1-b196-c5201f0db0ea/aggregates" status: 404 len: 235 microversion: 1.1 [pid: 8|app: 0|req: 523/1039] 10.0.0.209 () {32 vars in 815 bytes} [Fri Jul 17 19:36:06 2026] GET /resource_providers/73635729-5578-46b1-b196-c5201f0db0ea/aggregates => generated 235 bytes in 9 msecs (HTTP/1.1 404) 5 headers in 202 bytes (1 switches on core 0)
2026-07-17 19:36:06.088 8 INFO placement.requestlog [None req-b59cce8a-72da-4469-adbd-747fefdbb201 887a674115524c26971ad48694545e7e 6282fbda55da4e4ea37b4b8de8046d43 - - 11ae2569c01e43f798055db4303dbcd3 11ae2569c01e43f798055db4303dbcd3] 10.0.0.209 "DELETE /resource_providers/73635729-5578-46b1-b196-c5201f0db0ea" status: 404 len: 246 microversion: 1.1 [pid: 8|app: 0|req: 524/1040] 10.0.0.209 () {34 vars in 815 bytes} [Fri Jul 17 19:36:06 2026] DELETE /resource_providers/73635729-5578-46b1-b196-c5201f0db0ea => generated 246 bytes in 8 msecs (HTTP/1.1 404) 6 headers in 231 bytes (1 switches on core 0)
2026-07-17 19:36:06.089 7 INFO placement.requestlog [None req-483dba30-6759-419c-9055-f2c680738221 887a674115524c26971ad48694545e7e 6282fbda55da4e4ea37b4b8de8046d43 - - 11ae2569c01e43f798055db4303dbcd3 11ae2569c01e43f798055db4303dbcd3] 10.0.0.209 "DELETE /resource_providers/73635729-5578-46b1-b196-c5201f0db0ea" status: 404 len: 246 microversion: 1.1 [pid: 7|app: 0|req: 517/1041] 10.0.0.209 () {34 vars in 815 bytes} [Fri Jul 17 19:36:06 2026] DELETE /resource_providers/73635729-5578-46b1-b196-c5201f0db0ea => generated 246 bytes in 10 msecs (HTTP/1.1 404) 6 headers in 231 bytes (1 switches on core 0)
2026-07-17 19:36:06.567 8 INFO placement.requestlog [None req-a6ac9da4-4d6c-44c2-88f0-08f8be1c7b49 887a674115524c26971ad48694545e7e 6282fbda55da4e4ea37b4b8de8046d43 - - 11ae2569c01e43f798055db4303dbcd3 11ae2569c01e43f798055db4303dbcd3] 10.0.0.209 "GET /resource_providers/8951f662-0ea6-4c63-9eaf-b5cc2560783f/aggregates" status: 404 len: 235 microversion: 1.1 [pid: 8|app: 0|req: 525/1042] 10.0.0.209 () {32 vars in 815 bytes} [Fri Jul 17 19:36:06 2026] GET /resource_providers/8951f662-0ea6-4c63-9eaf-b5cc2560783f/aggregates => generated 235 bytes in 15 msecs (HTTP/1.1 404) 5 headers in 202 bytes (1 switches on core 0)
2026-07-17 19:36:06.574 7 INFO placement.requestlog [None req-d4fc3cd5-63b9-46a4-88e2-fa820d8e572f 887a674115524c26971ad48694545e7e 6282fbda55da4e4ea37b4b8de8046d43 - - 11ae2569c01e43f798055db4303dbcd3 11ae2569c01e43f798055db4303dbcd3] 10.0.0.209 "GET /resource_providers/8951f662-0ea6-4c63-9eaf-b5cc2560783f/aggregates" status: 404 len: 235 microversion: 1.1 [pid: 7|app: 0|req: 518/1043] 10.0.0.209 () {32 vars in 815 bytes} [Fri Jul 17 19:36:06 2026] GET /resource_providers/8951f662-0ea6-4c63-9eaf-b5cc2560783f/aggregates => generated 235 bytes in 14 msecs (HTTP/1.1 404) 5 headers in 202 bytes (1 switches on core 0)
2026-07-17 19:36:06.606 8 INFO placement.requestlog [None req-e6ec6e04-1cde-4d3b-9181-3786255b9dc7 887a674115524c26971ad48694545e7e 6282fbda55da4e4ea37b4b8de8046d43 - - 11ae2569c01e43f798055db4303dbcd3 11ae2569c01e43f798055db4303dbcd3] 10.0.0.209 "DELETE /resource_providers/8951f662-0ea6-4c63-9eaf-b5cc2560783f" status: 404 len: 246 microversion: 1.1
2026-07-17 19:36:06.606 7 INFO placement.requestlog [None req-79de97c0-5518-440e-b372-61a3cee268d7 887a674115524c26971ad48694545e7e 6282fbda55da4e4ea37b4b8de8046d43 - - 11ae2569c01e43f798055db4303dbcd3 11ae2569c01e43f798055db4303dbcd3] 10.0.0.209 "DELETE /resource_providers/8951f662-0ea6-4c63-9eaf-b5cc2560783f" status: 404 len: 246 microversion: 1.1 [pid: 8|app: 0|req: 526/1044] 10.0.0.209 () {34 vars in 815 bytes} [Fri Jul 17 19:36:06 2026] DELETE /resource_providers/8951f662-0ea6-4c63-9eaf-b5cc2560783f => generated 246 bytes in 15 msecs (HTTP/1.1 404) 6 headers in 231 bytes (1 switches on core 0) [pid: 7|app: 0|req: 519/1045] 10.0.0.209 () {34 vars in 815 bytes} [Fri Jul 17 19:36:06 2026] DELETE /resource_providers/8951f662-0ea6-4c63-9eaf-b5cc2560783f => generated 246 bytes in 11 msecs (HTTP/1.1 404) 6 headers in 231 bytes (1 switches on core 0)
2026-07-17 19:36:06.971 8 INFO placement.requestlog [req-38f06f85-a1d8-48da-8803-dedce2e64b63 req-48513086-803c-4328-babc-f26d66af3689 ce5aa21042854f5dabd254960798fc03 6282fbda55da4e4ea37b4b8de8046d43 - - 11ae2569c01e43f798055db4303dbcd3 11ae2569c01e43f798055db4303dbcd3] 199.204.45.70 "DELETE /allocations/3c240914-0ea2-415f-b88a-7ce78cd1f985" status: 204 len: 0 microversion: 1.0 [pid: 8|app: 0|req: 527/1046] 199.204.45.70 () {34 vars in 839 bytes} [Fri Jul 17 19:36:06 2026] DELETE /allocations/3c240914-0ea2-415f-b88a-7ce78cd1f985 => generated 0 bytes in 27 msecs (HTTP/1.1 204) 5 headers in 198 bytes (1 switches on core 0)
2026-07-17 19:36:07.805 7 INFO placement.requestlog [None req-4bbee0d9-877e-4fd1-8403-9725dd8b32e2 - - - - - -] 10.0.0.18 "GET /" status: 200 len: 136 microversion: 1.0
2026-07-17 19:36:07.806 8 INFO placement.requestlog [None req-efadb859-46b6-46e9-8488-e4c23b89c4cd - - - - - -] 10.0.0.18 "GET /" status: 200 len: 136 microversion: 1.0
2026-07-17 19:36:08.193 7 INFO placement.requestlog [req-da69f785-a691-4798-831b-ca4eea2f43d2 req-63ea4f7b-f6ec-4092-8e5d-4e01e18a628c ce5aa21042854f5dabd254960798fc03 6282fbda55da4e4ea37b4b8de8046d43 - - 11ae2569c01e43f798055db4303dbcd3 11ae2569c01e43f798055db4303dbcd3] 10.0.0.207 "DELETE /allocations/3c240914-0ea2-415f-b88a-7ce78cd1f985" status: 404 len: 228 microversion: 1.0 [pid: 7|app: 0|req: 521/1049] 10.0.0.207 () {34 vars in 829 bytes} [Fri Jul 17 19:36:08 2026] DELETE /allocations/3c240914-0ea2-415f-b88a-7ce78cd1f985 => generated 228 bytes in 13 msecs (HTTP/1.1 404) 6 headers in 231 bytes (1 switches on core 0)
2026-07-17 19:36:13.152 7 INFO placement.requestlog [None req-de089847-da6d-49f3-9061-9dd017a22b87 887a674115524c26971ad48694545e7e 6282fbda55da4e4ea37b4b8de8046d43 - - 11ae2569c01e43f798055db4303dbcd3 11ae2569c01e43f798055db4303dbcd3] 10.0.0.209 "GET /resource_providers/0cea2d5d-623a-4815-a034-5c162b2aa5a9/aggregates" status: 404 len: 235 microversion: 1.1 [pid: 7|app: 0|req: 522/1050] 10.0.0.209 () {32 vars in 815 bytes} [Fri Jul 17 19:36:13 2026] GET /resource_providers/0cea2d5d-623a-4815-a034-5c162b2aa5a9/aggregates => generated 235 bytes in 11 msecs (HTTP/1.1 404) 5 headers in 202 bytes (1 switches on core 0)
2026-07-17 19:36:13.152 8 INFO placement.requestlog [None req-db52d19e-89f1-451e-ae6d-1c4128142466 887a674115524c26971ad48694545e7e 6282fbda55da4e4ea37b4b8de8046d43 - - 11ae2569c01e43f798055db4303dbcd3 11ae2569c01e43f798055db4303dbcd3] 10.0.0.209 "GET /resource_providers/0cea2d5d-623a-4815-a034-5c162b2aa5a9/aggregates" status: 404 len: 235 microversion: 1.1 [pid: 8|app: 0|req: 529/1051] 10.0.0.209 () {32 vars in 815 bytes} [Fri Jul 17 19:36:13 2026] GET /resource_providers/0cea2d5d-623a-4815-a034-5c162b2aa5a9/aggregates => generated 235 bytes in 12 msecs (HTTP/1.1 404) 5 headers in 202 bytes (1 switches on core 0)
2026-07-17 19:36:13.181 7 INFO placement.requestlog [None req-a81df7ad-0402-40b7-becc-a1dd2c2631e9 887a674115524c26971ad48694545e7e 6282fbda55da4e4ea37b4b8de8046d43 - - 11ae2569c01e43f798055db4303dbcd3 11ae2569c01e43f798055db4303dbcd3] 10.0.0.209 "DELETE /resource_providers/0cea2d5d-623a-4815-a034-5c162b2aa5a9" status: 404 len: 246 microversion: 1.1 [pid: 7|app: 0|req: 523/1052] 10.0.0.209 () {34 vars in 815 bytes} [Fri Jul 17 19:36:13 2026] DELETE /resource_providers/0cea2d5d-623a-4815-a034-5c162b2aa5a9 => generated 246 bytes in 16 msecs (HTTP/1.1 404) 6 headers in 231 bytes (1 switches on core 0)
2026-07-17 19:36:13.183 8 INFO placement.requestlog [None req-a95fe4b9-0a72-4fba-8453-964dce455bce 887a674115524c26971ad48694545e7e 6282fbda55da4e4ea37b4b8de8046d43 - - 11ae2569c01e43f798055db4303dbcd3 11ae2569c01e43f798055db4303dbcd3] 10.0.0.209 "DELETE /resource_providers/0cea2d5d-623a-4815-a034-5c162b2aa5a9" status: 404 len: 246 microversion: 1.1 [pid: 8|app: 0|req: 530/1053] 10.0.0.209 () {34 vars in 815 bytes} [Fri Jul 17 19:36:13 2026] DELETE /resource_providers/0cea2d5d-623a-4815-a034-5c162b2aa5a9 => generated 246 bytes in 15 msecs (HTTP/1.1 404) 6 headers in 231 bytes (1 switches on core 0)
2026-07-17 19:36:15.090 7 INFO placement.requestlog [None req-b5005870-5c78-4fc7-87c0-baba7fafac44 887a674115524c26971ad48694545e7e 6282fbda55da4e4ea37b4b8de8046d43 - - 11ae2569c01e43f798055db4303dbcd3 11ae2569c01e43f798055db4303dbcd3] 10.0.0.209 "GET /resource_providers/0a9db3e9-6f2f-411e-9f6f-9a0560233f17/aggregates" status: 404 len: 235 microversion: 1.1 [pid: 7|app: 0|req: 524/1054] 10.0.0.209 () {32 vars in 815 bytes} [Fri Jul 17 19:36:15 2026] GET /resource_providers/0a9db3e9-6f2f-411e-9f6f-9a0560233f17/aggregates => generated 235 bytes in 8 msecs (HTTP/1.1 404) 5 headers in 202 bytes (1 switches on core 0)
2026-07-17 19:36:15.099 8 INFO placement.requestlog [None req-bf5bfdfa-8a66-4b44-903a-560124017895 887a674115524c26971ad48694545e7e 6282fbda55da4e4ea37b4b8de8046d43 - - 11ae2569c01e43f798055db4303dbcd3 11ae2569c01e43f798055db4303dbcd3] 10.0.0.209 "GET /resource_providers/0a9db3e9-6f2f-411e-9f6f-9a0560233f17/aggregates" status: 404 len: 235 microversion: 1.1 [pid: 8|app: 0|req: 531/1055] 10.0.0.209 () {32 vars in 815 bytes} [Fri Jul 17 19:36:15 2026] GET /resource_providers/0a9db3e9-6f2f-411e-9f6f-9a0560233f17/aggregates => generated 235 bytes in 12 msecs (HTTP/1.1 404) 5 headers in 202 bytes (1 switches on core 0)
2026-07-17 19:36:15.116 7 INFO placement.requestlog [None req-5d13f16c-fd73-4835-a05e-b308c7b4bd1d 887a674115524c26971ad48694545e7e 6282fbda55da4e4ea37b4b8de8046d43 - - 11ae2569c01e43f798055db4303dbcd3 11ae2569c01e43f798055db4303dbcd3] 10.0.0.209 "DELETE /resource_providers/0a9db3e9-6f2f-411e-9f6f-9a0560233f17" status: 404 len: 246 microversion: 1.1 [pid: 7|app: 0|req: 525/1056] 10.0.0.209 () {34 vars in 815 bytes} [Fri Jul 17 19:36:15 2026] DELETE /resource_providers/0a9db3e9-6f2f-411e-9f6f-9a0560233f17 => generated 246 bytes in 13 msecs (HTTP/1.1 404) 6 headers in 231 bytes (1 switches on core 0)
2026-07-17 19:36:15.123 8 INFO placement.requestlog [None req-85fdad66-d627-48cb-ab8f-5647b602ee44 887a674115524c26971ad48694545e7e 6282fbda55da4e4ea37b4b8de8046d43 - - 11ae2569c01e43f798055db4303dbcd3 11ae2569c01e43f798055db4303dbcd3] 10.0.0.209 "DELETE /resource_providers/0a9db3e9-6f2f-411e-9f6f-9a0560233f17" status: 404 len: 246 microversion: 1.1 [pid: 8|app: 0|req: 532/1057] 10.0.0.209 () {34 vars in 815 bytes} [Fri Jul 17 19:36:15 2026] DELETE /resource_providers/0a9db3e9-6f2f-411e-9f6f-9a0560233f17 => generated 246 bytes in 13 msecs (HTTP/1.1 404) 6 headers in 231 bytes (1 switches on core 0)
2026-07-17 19:36:15.205 7 INFO placement.requestlog [None req-cb4786a6-d656-4969-8530-4bf8091d98d6 887a674115524c26971ad48694545e7e 6282fbda55da4e4ea37b4b8de8046d43 - - 11ae2569c01e43f798055db4303dbcd3 11ae2569c01e43f798055db4303dbcd3] 10.0.0.209 "GET /resource_providers/8ae239a3-9a6e-4bd6-bf78-425d2dbb7e31/aggregates" status: 404 len: 235 microversion: 1.1 [pid: 7|app: 0|req: 526/1058] 10.0.0.209 () {32 vars in 815 bytes} [Fri Jul 17 19:36:15 2026] GET /resource_providers/8ae239a3-9a6e-4bd6-bf78-425d2dbb7e31/aggregates => generated 235 bytes in 12 msecs (HTTP/1.1 404) 5 headers in 202 bytes (1 switches on core 0)
2026-07-17 19:36:15.210 8 INFO placement.requestlog [None req-0ad096c6-2fa3-4569-9a79-51c85c72361b 887a674115524c26971ad48694545e7e 6282fbda55da4e4ea37b4b8de8046d43 - - 11ae2569c01e43f798055db4303dbcd3 11ae2569c01e43f798055db4303dbcd3] 10.0.0.209 "GET /resource_providers/8ae239a3-9a6e-4bd6-bf78-425d2dbb7e31/aggregates" status: 404 len: 235 microversion: 1.1 [pid: 8|app: 0|req: 533/1059] 10.0.0.209 () {32 vars in 815 bytes} [Fri Jul 17 19:36:15 2026] GET /resource_providers/8ae239a3-9a6e-4bd6-bf78-425d2dbb7e31/aggregates => generated 235 bytes in 13 msecs (HTTP/1.1 404) 5 headers in 202 bytes (1 switches on core 0)
2026-07-17 19:36:15.232 8 INFO placement.requestlog [None req-906e14ad-0c90-4e24-a9b1-f1f429f47a85 887a674115524c26971ad48694545e7e 6282fbda55da4e4ea37b4b8de8046d43 - - 11ae2569c01e43f798055db4303dbcd3 11ae2569c01e43f798055db4303dbcd3] 10.0.0.209 "DELETE /resource_providers/8ae239a3-9a6e-4bd6-bf78-425d2dbb7e31" status: 404 len: 246 microversion: 1.1 [pid: 8|app: 0|req: 534/1060] 10.0.0.209 () {34 vars in 815 bytes} [Fri Jul 17 19:36:15 2026] DELETE /resource_providers/8ae239a3-9a6e-4bd6-bf78-425d2dbb7e31 => generated 246 bytes in 12 msecs (HTTP/1.1 404) 6 headers in 231 bytes (1 switches on core 0)
2026-07-17 19:36:15.233 7 INFO placement.requestlog [None req-0709ccc2-21b6-4fd2-a80c-71d9db790cef 887a674115524c26971ad48694545e7e 6282fbda55da4e4ea37b4b8de8046d43 - - 11ae2569c01e43f798055db4303dbcd3 11ae2569c01e43f798055db4303dbcd3] 10.0.0.209 "DELETE /resource_providers/8ae239a3-9a6e-4bd6-bf78-425d2dbb7e31" status: 404 len: 246 microversion: 1.1 [pid: 7|app: 0|req: 527/1061] 10.0.0.209 () {34 vars in 815 bytes} [Fri Jul 17 19:36:15 2026] DELETE /resource_providers/8ae239a3-9a6e-4bd6-bf78-425d2dbb7e31 => generated 246 bytes in 13 msecs (HTTP/1.1 404) 6 headers in 231 bytes (1 switches on core 0)
2026-07-17 19:36:17.806 7 INFO placement.requestlog [None req-e025a232-1a9e-41e6-a8d7-2991dd3a0985 - - - - - -] 10.0.0.18 "GET /" status: 200 len: 136 microversion: 1.0
2026-07-17 19:36:17.806 8 INFO placement.requestlog [None req-98a4020e-34eb-4b11-bf2f-090f6a9645c7 - - - - - -] 10.0.0.18 "GET /" status: 200 len: 136 microversion: 1.0
2026-07-17 19:36:21.990 7 INFO placement.requestlog [None req-9abf81ef-115d-46f9-96f9-152126a433ca 887a674115524c26971ad48694545e7e 6282fbda55da4e4ea37b4b8de8046d43 - - 11ae2569c01e43f798055db4303dbcd3 11ae2569c01e43f798055db4303dbcd3] 10.0.0.209 "GET /resource_providers/5d681a71-73b9-4c8a-97e5-45482ee5c331/aggregates" status: 404 len: 235 microversion: 1.1 [pid: 7|app: 0|req: 529/1064] 10.0.0.209 () {32 vars in 815 bytes} [Fri Jul 17 19:36:21 2026] GET /resource_providers/5d681a71-73b9-4c8a-97e5-45482ee5c331/aggregates => generated 235 bytes in 13 msecs (HTTP/1.1 404) 5 headers in 202 bytes (1 switches on core 0)
2026-07-17 19:36:22.002 8 INFO placement.requestlog [None req-b4780721-eeb0-4963-8547-fb73b16917d8 887a674115524c26971ad48694545e7e 6282fbda55da4e4ea37b4b8de8046d43 - - 11ae2569c01e43f798055db4303dbcd3 11ae2569c01e43f798055db4303dbcd3] 10.0.0.209 "GET /resource_providers/5d681a71-73b9-4c8a-97e5-45482ee5c331/aggregates" status: 404 len: 235 microversion: 1.1 [pid: 8|app: 0|req: 536/1065] 10.0.0.209 () {32 vars in 815 bytes} [Fri Jul 17 19:36:21 2026] GET /resource_providers/5d681a71-73b9-4c8a-97e5-45482ee5c331/aggregates => generated 235 bytes in 24 msecs (HTTP/1.1 404) 5 headers in 202 bytes (1 switches on core 0)
2026-07-17 19:36:22.014 7 INFO placement.requestlog [None req-52541114-a5bb-49bb-89d2-7364000efd0f 887a674115524c26971ad48694545e7e 6282fbda55da4e4ea37b4b8de8046d43 - - 11ae2569c01e43f798055db4303dbcd3 11ae2569c01e43f798055db4303dbcd3] 10.0.0.209 "DELETE /resource_providers/5d681a71-73b9-4c8a-97e5-45482ee5c331" status: 404 len: 246 microversion: 1.1 [pid: 7|app: 0|req: 530/1066] 10.0.0.209 () {34 vars in 815 bytes} [Fri Jul 17 19:36:21 2026] DELETE /resource_providers/5d681a71-73b9-4c8a-97e5-45482ee5c331 => generated 246 bytes in 17 msecs (HTTP/1.1 404) 6 headers in 231 bytes (1 switches on core 0)
2026-07-17 19:36:22.030 8 INFO placement.requestlog [None req-6e4be390-6d00-4a60-a9a0-61e98b6c0e6f 887a674115524c26971ad48694545e7e 6282fbda55da4e4ea37b4b8de8046d43 - - 11ae2569c01e43f798055db4303dbcd3 11ae2569c01e43f798055db4303dbcd3] 10.0.0.209 "DELETE /resource_providers/5d681a71-73b9-4c8a-97e5-45482ee5c331" status: 404 len: 246 microversion: 1.1 [pid: 8|app: 0|req: 537/1067] 10.0.0.209 () {34 vars in 815 bytes} [Fri Jul 17 19:36:22 2026] DELETE /resource_providers/5d681a71-73b9-4c8a-97e5-45482ee5c331 => generated 246 bytes in 17 msecs (HTTP/1.1 404) 6 headers in 231 bytes (1 switches on core 0)
2026-07-17 19:36:27.806 7 INFO placement.requestlog [None req-16a31be5-c244-40a8-be60-011bb0b91b2a - - - - - -] 10.0.0.18 "GET /" status: 200 len: 136 microversion: 1.0
2026-07-17 19:36:27.806 8 INFO placement.requestlog [None req-8043b896-4c91-4d26-b1ee-e79461945598 - - - - - -] 10.0.0.18 "GET /" status: 200 len: 136 microversion: 1.0
2026-07-17 19:36:28.864 7 INFO placement.requestlog [req-7531cd8f-089d-4bea-8d1f-639a14d39950 req-0fffd522-c124-43af-96e8-781278997ce9 ce5aa21042854f5dabd254960798fc03 6282fbda55da4e4ea37b4b8de8046d43 - - 11ae2569c01e43f798055db4303dbcd3 11ae2569c01e43f798055db4303dbcd3] 199.204.45.70 "GET /resource_providers/74e4db61-c02a-4855-af6c-74121dc31de5/allocations" status: 200 len: 54 microversion: 1.0 [pid: 7|app: 0|req: 532/1070] 199.204.45.70 () {32 vars in 855 bytes} [Fri Jul 17 19:36:28 2026] GET /resource_providers/74e4db61-c02a-4855-af6c-74121dc31de5/allocations => generated 54 bytes in 143 msecs (HTTP/1.1 200) 6 headers in 223 bytes (1 switches on core 0)
2026-07-17 19:36:28.886 8 INFO placement.requestlog [req-7531cd8f-089d-4bea-8d1f-639a14d39950 req-8236d7a3-75cc-49db-9d24-f1c0c46ddea3 ce5aa21042854f5dabd254960798fc03 6282fbda55da4e4ea37b4b8de8046d43 - - 11ae2569c01e43f798055db4303dbcd3 11ae2569c01e43f798055db4303dbcd3] 199.204.45.70 "GET /resource_providers?in_tree=74e4db61-c02a-4855-af6c-74121dc31de5" status: 200 len: 797 microversion: 1.14 [pid: 8|app: 0|req: 539/1071] 199.204.45.70 () {34 vars in 890 bytes} [Fri Jul 17 19:36:28 2026] GET /resource_providers?in_tree=74e4db61-c02a-4855-af6c-74121dc31de5 => generated 797 bytes in 15 msecs (HTTP/1.1 200) 6 headers in 225 bytes (1 switches on core 0)
2026-07-17 19:36:28.911 7 INFO placement.requestlog [req-7531cd8f-089d-4bea-8d1f-639a14d39950 req-0682607b-3e2d-4620-b9b6-31d871e01d64 ce5aa21042854f5dabd254960798fc03 6282fbda55da4e4ea37b4b8de8046d43 - - 11ae2569c01e43f798055db4303dbcd3 11ae2569c01e43f798055db4303dbcd3] 199.204.45.70 "GET /resource_providers/74e4db61-c02a-4855-af6c-74121dc31de5/inventories" status: 200 len: 400 microversion: 1.0 [pid: 7|app: 0|req: 533/1072] 199.204.45.70 () {32 vars in 855 bytes} [Fri Jul 17 19:36:28 2026] GET /resource_providers/74e4db61-c02a-4855-af6c-74121dc31de5/inventories => generated 400 bytes in 14 msecs (HTTP/1.1 200) 6 headers in 224 bytes (1 switches on core 0)
2026-07-17 19:36:28.931 8 INFO placement.requestlog [req-7531cd8f-089d-4bea-8d1f-639a14d39950 req-d1bcf447-99e8-477e-b757-4e3b83578894 ce5aa21042854f5dabd254960798fc03 6282fbda55da4e4ea37b4b8de8046d43 - - 11ae2569c01e43f798055db4303dbcd3 11ae2569c01e43f798055db4303dbcd3] 199.204.45.70 "GET /resource_providers/74e4db61-c02a-4855-af6c-74121dc31de5/aggregates" status: 200 len: 53 microversion: 1.19 [pid: 8|app: 0|req: 540/1073] 199.204.45.70 () {34 vars in 897 bytes} [Fri Jul 17 19:36:28 2026] GET /resource_providers/74e4db61-c02a-4855-af6c-74121dc31de5/aggregates => generated 53 bytes in 12 msecs (HTTP/1.1 200) 8 headers in 295 bytes (1 switches on core 0)
2026-07-17 19:36:28.962 7 INFO placement.requestlog [req-7531cd8f-089d-4bea-8d1f-639a14d39950 req-7b804636-e3dd-49ba-915d-21aa45e0ebe7 ce5aa21042854f5dabd254960798fc03 6282fbda55da4e4ea37b4b8de8046d43 - - 11ae2569c01e43f798055db4303dbcd3 11ae2569c01e43f798055db4303dbcd3] 199.204.45.70 "GET /resource_providers/74e4db61-c02a-4855-af6c-74121dc31de5/traits" status: 200 len: 2316 microversion: 1.6 [pid: 7|app: 0|req: 534/1074] 199.204.45.70 () {34 vars in 888 bytes} [Fri Jul 17 19:36:28 2026] GET /resource_providers/74e4db61-c02a-4855-af6c-74121dc31de5/traits => generated 2316 bytes in 25 msecs (HTTP/1.1 200) 6 headers in 225 bytes (1 switches on core 0)
2026-07-17 19:36:28.980 8 INFO placement.requestlog [req-7531cd8f-089d-4bea-8d1f-639a14d39950 req-061c9533-6c68-4b65-81aa-cfbcb6dc87a0 ce5aa21042854f5dabd254960798fc03 6282fbda55da4e4ea37b4b8de8046d43 - - 11ae2569c01e43f798055db4303dbcd3 11ae2569c01e43f798055db4303dbcd3] 199.204.45.70 "GET /resource_providers/74e4db61-c02a-4855-af6c-74121dc31de5/allocations" status: 200 len: 54 microversion: 1.0 [pid: 8|app: 0|req: 541/1075] 199.204.45.70 () {32 vars in 855 bytes} [Fri Jul 17 19:36:28 2026] GET /resource_providers/74e4db61-c02a-4855-af6c-74121dc31de5/allocations => generated 54 bytes in 13 msecs (HTTP/1.1 200) 6 headers in 223 bytes (1 switches on core 0)
2026-07-17 19:36:30.882 8 INFO placement.requestlog [None req-a1f2c973-ced2-40a9-a9d0-7ff1c26685e2 887a674115524c26971ad48694545e7e 6282fbda55da4e4ea37b4b8de8046d43 - - 11ae2569c01e43f798055db4303dbcd3 11ae2569c01e43f798055db4303dbcd3] 10.0.0.209 "GET /resource_providers/80a7c03f-0c75-44ce-a4b3-f5c1238aada2/aggregates" status: 404 len: 235 microversion: 1.1 [pid: 8|app: 0|req: 542/1076] 10.0.0.209 () {32 vars in 815 bytes} [Fri Jul 17 19:36:30 2026] GET /resource_providers/80a7c03f-0c75-44ce-a4b3-f5c1238aada2/aggregates => generated 235 bytes in 12 msecs (HTTP/1.1 404) 5 headers in 202 bytes (1 switches on core 0)
2026-07-17 19:36:30.891 7 INFO placement.requestlog [None req-9803fe13-40d5-401a-ba53-adf9a1e61e92 887a674115524c26971ad48694545e7e 6282fbda55da4e4ea37b4b8de8046d43 - - 11ae2569c01e43f798055db4303dbcd3 11ae2569c01e43f798055db4303dbcd3] 10.0.0.209 "GET /resource_providers/80a7c03f-0c75-44ce-a4b3-f5c1238aada2/aggregates" status: 404 len: 235 microversion: 1.1 [pid: 7|app: 0|req: 535/1077] 10.0.0.209 () {32 vars in 815 bytes} [Fri Jul 17 19:36:30 2026] GET /resource_providers/80a7c03f-0c75-44ce-a4b3-f5c1238aada2/aggregates => generated 235 bytes in 33 msecs (HTTP/1.1 404) 5 headers in 202 bytes (1 switches on core 0)
2026-07-17 19:36:30.911 8 INFO placement.requestlog [None req-12ace311-b425-4a7a-be29-4ab44b6b4464 887a674115524c26971ad48694545e7e 6282fbda55da4e4ea37b4b8de8046d43 - - 11ae2569c01e43f798055db4303dbcd3 11ae2569c01e43f798055db4303dbcd3] 10.0.0.209 "DELETE /resource_providers/80a7c03f-0c75-44ce-a4b3-f5c1238aada2" status: 404 len: 246 microversion: 1.1 [pid: 8|app: 0|req: 543/1078] 10.0.0.209 () {34 vars in 815 bytes} [Fri Jul 17 19:36:30 2026] DELETE /resource_providers/80a7c03f-0c75-44ce-a4b3-f5c1238aada2 => generated 246 bytes in 9 msecs (HTTP/1.1 404) 6 headers in 231 bytes (1 switches on core 0)
2026-07-17 19:36:30.915 7 INFO placement.requestlog [None req-601b3aeb-48a1-498e-956e-9af192033b60 887a674115524c26971ad48694545e7e 6282fbda55da4e4ea37b4b8de8046d43 - - 11ae2569c01e43f798055db4303dbcd3 11ae2569c01e43f798055db4303dbcd3] 10.0.0.209 "DELETE /resource_providers/80a7c03f-0c75-44ce-a4b3-f5c1238aada2" status: 404 len: 246 microversion: 1.1 [pid: 7|app: 0|req: 536/1079] 10.0.0.209 () {34 vars in 815 bytes} [Fri Jul 17 19:36:30 2026] DELETE /resource_providers/80a7c03f-0c75-44ce-a4b3-f5c1238aada2 => generated 246 bytes in 11 msecs (HTTP/1.1 404) 6 headers in 231 bytes (1 switches on core 0)
2026-07-17 19:36:32.936 8 INFO placement.requestlog [None req-e053ed63-66a8-404f-aebe-2681a4732257 887a674115524c26971ad48694545e7e 6282fbda55da4e4ea37b4b8de8046d43 - - 11ae2569c01e43f798055db4303dbcd3 11ae2569c01e43f798055db4303dbcd3] 10.0.0.209 "GET /resource_providers/690a7ca7-924c-4e59-a47c-7ec6ac23c57e/aggregates" status: 404 len: 235 microversion: 1.1 [pid: 8|app: 0|req: 544/1080] 10.0.0.209 () {32 vars in 815 bytes} [Fri Jul 17 19:36:32 2026] GET /resource_providers/690a7ca7-924c-4e59-a47c-7ec6ac23c57e/aggregates => generated 235 bytes in 12 msecs (HTTP/1.1 404) 5 headers in 202 bytes (1 switches on core 0)
2026-07-17 19:36:32.963 7 INFO placement.requestlog [None req-eaa30964-d646-4e0b-960e-efb92050187d 887a674115524c26971ad48694545e7e 6282fbda55da4e4ea37b4b8de8046d43 - - 11ae2569c01e43f798055db4303dbcd3 11ae2569c01e43f798055db4303dbcd3] 10.0.0.209 "GET /resource_providers/690a7ca7-924c-4e59-a47c-7ec6ac23c57e/aggregates" status: 404 len: 235 microversion: 1.1 [pid: 7|app: 0|req: 537/1081] 10.0.0.209 () {32 vars in 815 bytes} [Fri Jul 17 19:36:32 2026] GET /resource_providers/690a7ca7-924c-4e59-a47c-7ec6ac23c57e/aggregates => generated 235 bytes in 12 msecs (HTTP/1.1 404) 5 headers in 202 bytes (1 switches on core 0)
2026-07-17 19:36:32.967 8 INFO placement.requestlog [None req-31cfdbcc-4e38-4584-983e-e66ae001d901 887a674115524c26971ad48694545e7e 6282fbda55da4e4ea37b4b8de8046d43 - - 11ae2569c01e43f798055db4303dbcd3 11ae2569c01e43f798055db4303dbcd3] 10.0.0.209 "DELETE /resource_providers/690a7ca7-924c-4e59-a47c-7ec6ac23c57e" status: 404 len: 246 microversion: 1.1 [pid: 8|app: 0|req: 545/1082] 10.0.0.209 () {34 vars in 815 bytes} [Fri Jul 17 19:36:32 2026] DELETE /resource_providers/690a7ca7-924c-4e59-a47c-7ec6ac23c57e => generated 246 bytes in 10 msecs (HTTP/1.1 404) 6 headers in 231 bytes (1 switches on core 0)
2026-07-17 19:36:32.986 7 INFO placement.requestlog [None req-757bdfdb-fba8-49e6-af0e-d8aaad03f1c4 887a674115524c26971ad48694545e7e 6282fbda55da4e4ea37b4b8de8046d43 - - 11ae2569c01e43f798055db4303dbcd3 11ae2569c01e43f798055db4303dbcd3] 10.0.0.209 "DELETE /resource_providers/690a7ca7-924c-4e59-a47c-7ec6ac23c57e" status: 404 len: 246 microversion: 1.1 [pid: 7|app: 0|req: 538/1083] 10.0.0.209 () {34 vars in 815 bytes} [Fri Jul 17 19:36:32 2026] DELETE /resource_providers/690a7ca7-924c-4e59-a47c-7ec6ac23c57e => generated 246 bytes in 11 msecs (HTTP/1.1 404) 6 headers in 231 bytes (1 switches on core 0)
2026-07-17 19:36:32.987 8 INFO placement.requestlog [None req-1f3aa827-afca-401b-8caf-492530a50010 887a674115524c26971ad48694545e7e 6282fbda55da4e4ea37b4b8de8046d43 - - 11ae2569c01e43f798055db4303dbcd3 11ae2569c01e43f798055db4303dbcd3] 10.0.0.209 "GET /resource_providers/b4cd9161-fc66-4e07-958e-2e7a6231fdae/aggregates" status: 404 len: 235 microversion: 1.1 [pid: 8|app: 0|req: 546/1084] 10.0.0.209 () {32 vars in 815 bytes} [Fri Jul 17 19:36:32 2026] GET /resource_providers/b4cd9161-fc66-4e07-958e-2e7a6231fdae/aggregates => generated 235 bytes in 9 msecs (HTTP/1.1 404) 5 headers in 202 bytes (1 switches on core 0)
2026-07-17 19:36:33.010 7 INFO placement.requestlog [None req-f7afdff2-64e2-4153-b946-d822de4b68a3 887a674115524c26971ad48694545e7e 6282fbda55da4e4ea37b4b8de8046d43 - - 11ae2569c01e43f798055db4303dbcd3 11ae2569c01e43f798055db4303dbcd3] 10.0.0.209 "GET /resource_providers/b4cd9161-fc66-4e07-958e-2e7a6231fdae/aggregates" status: 404 len: 235 microversion: 1.1 [pid: 7|app: 0|req: 539/1085] 10.0.0.209 () {32 vars in 815 bytes} [Fri Jul 17 19:36:32 2026] GET /resource_providers/b4cd9161-fc66-4e07-958e-2e7a6231fdae/aggregates => generated 235 bytes in 12 msecs (HTTP/1.1 404) 5 headers in 202 bytes (1 switches on core 0)
2026-07-17 19:36:33.011 8 INFO placement.requestlog [None req-d938594d-fad7-41ea-a10b-3143ba894ee7 887a674115524c26971ad48694545e7e 6282fbda55da4e4ea37b4b8de8046d43 - - 11ae2569c01e43f798055db4303dbcd3 11ae2569c01e43f798055db4303dbcd3] 10.0.0.209 "DELETE /resource_providers/b4cd9161-fc66-4e07-958e-2e7a6231fdae" status: 404 len: 246 microversion: 1.1 [pid: 8|app: 0|req: 547/1086] 10.0.0.209 () {34 vars in 815 bytes} [Fri Jul 17 19:36:33 2026] DELETE /resource_providers/b4cd9161-fc66-4e07-958e-2e7a6231fdae => generated 246 bytes in 11 msecs (HTTP/1.1 404) 6 headers in 231 bytes (1 switches on core 0)
2026-07-17 19:36:33.031 7 INFO placement.requestlog [None req-245728ca-b722-452b-82ec-118e6bfe6fe4 887a674115524c26971ad48694545e7e 6282fbda55da4e4ea37b4b8de8046d43 - - 11ae2569c01e43f798055db4303dbcd3 11ae2569c01e43f798055db4303dbcd3] 10.0.0.209 "DELETE /resource_providers/b4cd9161-fc66-4e07-958e-2e7a6231fdae" status: 404 len: 246 microversion: 1.1 [pid: 7|app: 0|req: 540/1087] 10.0.0.209 () {34 vars in 815 bytes} [Fri Jul 17 19:36:33 2026] DELETE /resource_providers/b4cd9161-fc66-4e07-958e-2e7a6231fdae => generated 246 bytes in 8 msecs (HTTP/1.1 404) 6 headers in 231 bytes (1 switches on core 0)
2026-07-17 19:36:33.036 8 INFO placement.requestlog [None req-204dac33-36e8-4ead-9602-d1d693a01ee9 887a674115524c26971ad48694545e7e 6282fbda55da4e4ea37b4b8de8046d43 - - 11ae2569c01e43f798055db4303dbcd3 11ae2569c01e43f798055db4303dbcd3] 10.0.0.209 "GET /resource_providers/ff8c7a70-b313-400b-bb76-12626cb0e8dc/aggregates" status: 404 len: 235 microversion: 1.1 [pid: 8|app: 0|req: 548/1088] 10.0.0.209 () {32 vars in 815 bytes} [Fri Jul 17 19:36:33 2026] GET /resource_providers/ff8c7a70-b313-400b-bb76-12626cb0e8dc/aggregates => generated 235 bytes in 8 msecs (HTTP/1.1 404) 5 headers in 202 bytes (1 switches on core 0)
2026-07-17 19:36:33.052 7 INFO placement.requestlog [None req-f71ada0f-6ee4-4d15-960c-407f5aee240a 887a674115524c26971ad48694545e7e 6282fbda55da4e4ea37b4b8de8046d43 - - 11ae2569c01e43f798055db4303dbcd3 11ae2569c01e43f798055db4303dbcd3] 10.0.0.209 "GET /resource_providers/ff8c7a70-b313-400b-bb76-12626cb0e8dc/aggregates" status: 404 len: 235 microversion: 1.1 [pid: 7|app: 0|req: 541/1089] 10.0.0.209 () {32 vars in 815 bytes} [Fri Jul 17 19:36:33 2026] GET /resource_providers/ff8c7a70-b313-400b-bb76-12626cb0e8dc/aggregates => generated 235 bytes in 8 msecs (HTTP/1.1 404) 5 headers in 202 bytes (1 switches on core 0)
2026-07-17 19:36:33.054 8 INFO placement.requestlog [None req-7688ef1f-6cbe-4371-aee2-546c23c14091 887a674115524c26971ad48694545e7e 6282fbda55da4e4ea37b4b8de8046d43 - - 11ae2569c01e43f798055db4303dbcd3 11ae2569c01e43f798055db4303dbcd3] 10.0.0.209 "DELETE /resource_providers/ff8c7a70-b313-400b-bb76-12626cb0e8dc" status: 404 len: 246 microversion: 1.1 [pid: 8|app: 0|req: 549/1090] 10.0.0.209 () {34 vars in 815 bytes} [Fri Jul 17 19:36:33 2026] DELETE /resource_providers/ff8c7a70-b313-400b-bb76-12626cb0e8dc => generated 246 bytes in 8 msecs (HTTP/1.1 404) 6 headers in 231 bytes (1 switches on core 0)
2026-07-17 19:36:33.071 7 INFO placement.requestlog [None req-b69ecafa-a786-4805-bb21-ebb286c785f7 887a674115524c26971ad48694545e7e 6282fbda55da4e4ea37b4b8de8046d43 - - 11ae2569c01e43f798055db4303dbcd3 11ae2569c01e43f798055db4303dbcd3] 10.0.0.209 "DELETE /resource_providers/ff8c7a70-b313-400b-bb76-12626cb0e8dc" status: 404 len: 246 microversion: 1.1 [pid: 7|app: 0|req: 542/1091] 10.0.0.209 () {34 vars in 815 bytes} [Fri Jul 17 19:36:33 2026] DELETE /resource_providers/ff8c7a70-b313-400b-bb76-12626cb0e8dc => generated 246 bytes in 8 msecs (HTTP/1.1 404) 6 headers in 231 bytes (1 switches on core 0)
2026-07-17 19:36:33.074 8 INFO placement.requestlog [None req-f36c223b-6dd4-4218-9668-58fe19e9cfac 887a674115524c26971ad48694545e7e 6282fbda55da4e4ea37b4b8de8046d43 - - 11ae2569c01e43f798055db4303dbcd3 11ae2569c01e43f798055db4303dbcd3] 10.0.0.209 "GET /resource_providers/2bda4063-b23c-4408-9e3a-59cc94eb4734/aggregates" status: 404 len: 235 microversion: 1.1 [pid: 8|app: 0|req: 550/1092] 10.0.0.209 () {32 vars in 815 bytes} [Fri Jul 17 19:36:33 2026] GET /resource_providers/2bda4063-b23c-4408-9e3a-59cc94eb4734/aggregates => generated 235 bytes in 7 msecs (HTTP/1.1 404) 5 headers in 202 bytes (1 switches on core 0)
2026-07-17 19:36:33.090 7 INFO placement.requestlog [None req-8ac72961-e230-40e8-a91f-530400a2736d 887a674115524c26971ad48694545e7e 6282fbda55da4e4ea37b4b8de8046d43 - - 11ae2569c01e43f798055db4303dbcd3 11ae2569c01e43f798055db4303dbcd3] 10.0.0.209 "GET /resource_providers/2bda4063-b23c-4408-9e3a-59cc94eb4734/aggregates" status: 404 len: 235 microversion: 1.1
2026-07-17 19:36:33.091 8 INFO placement.requestlog [None req-271ca649-0007-4d2a-9dbd-732e1014d9f1 887a674115524c26971ad48694545e7e 6282fbda55da4e4ea37b4b8de8046d43 - - 11ae2569c01e43f798055db4303dbcd3 11ae2569c01e43f798055db4303dbcd3] 10.0.0.209 "DELETE /resource_providers/2bda4063-b23c-4408-9e3a-59cc94eb4734" status: 404 len: 246 microversion: 1.1 [pid: 7|app: 0|req: 543/1093] 10.0.0.209 () {32 vars in 815 bytes} [Fri Jul 17 19:36:33 2026] GET /resource_providers/2bda4063-b23c-4408-9e3a-59cc94eb4734/aggregates => generated 235 bytes in 9 msecs (HTTP/1.1 404) 5 headers in 202 bytes (1 switches on core 0) [pid: 8|app: 0|req: 551/1094] 10.0.0.209 () {34 vars in 815 bytes} [Fri Jul 17 19:36:33 2026] DELETE /resource_providers/2bda4063-b23c-4408-9e3a-59cc94eb4734 => generated 246 bytes in 7 msecs (HTTP/1.1 404) 6 headers in 231 bytes (1 switches on core 0)
2026-07-17 19:36:33.107 7 INFO placement.requestlog [None req-9f7ca150-14cd-49da-9652-46acc83c0bca 887a674115524c26971ad48694545e7e 6282fbda55da4e4ea37b4b8de8046d43 - - 11ae2569c01e43f798055db4303dbcd3 11ae2569c01e43f798055db4303dbcd3] 10.0.0.209 "DELETE /resource_providers/2bda4063-b23c-4408-9e3a-59cc94eb4734" status: 404 len: 246 microversion: 1.1 [pid: 7|app: 0|req: 544/1095] 10.0.0.209 () {34 vars in 815 bytes} [Fri Jul 17 19:36:33 2026] DELETE /resource_providers/2bda4063-b23c-4408-9e3a-59cc94eb4734 => generated 246 bytes in 8 msecs (HTTP/1.1 404) 6 headers in 231 bytes (1 switches on core 0)
2026-07-17 19:36:37.805 8 INFO placement.requestlog [None req-fa57b3b4-494a-4ba0-afa0-47be598d1a90 - - - - - -] 10.0.0.18 "GET /" status: 200 len: 136 microversion: 1.0
2026-07-17 19:36:37.806 7 INFO placement.requestlog [None req-e810d9ef-3bac-4248-afbc-62d304caa0c9 - - - - - -] 10.0.0.18 "GET /" status: 200 len: 136 microversion: 1.0
2026-07-17 19:36:38.543 8 INFO placement.requestlog [req-c16c77d4-a4de-4419-893d-18088368e034 req-4456e721-6be4-491f-9aec-e55293b96403 ce5aa21042854f5dabd254960798fc03 6282fbda55da4e4ea37b4b8de8046d43 - - 11ae2569c01e43f798055db4303dbcd3 11ae2569c01e43f798055db4303dbcd3] 10.0.0.184 "GET /allocation_candidates?limit=1000&resources=DISK_GB%3A1%2CMEMORY_MB%3A512%2CVCPU%3A1&root_required=%21COMPUTE_STATUS_DISABLED" status: 200 len: 2781 microversion: 1.36 [pid: 8|app: 0|req: 553/1098] 10.0.0.184 () {34 vars in 1011 bytes} [Fri Jul 17 19:36:38 2026] GET /allocation_candidates?limit=1000&resources=DISK_GB%3A1%2CMEMORY_MB%3A512%2CVCPU%3A1&root_required=%21COMPUTE_STATUS_DISABLED => generated 2781 bytes in 61 msecs (HTTP/1.1 200) 8 headers in 297 bytes (1 switches on core 0)
2026-07-17 19:36:38.581 7 INFO placement.requestlog [req-c16c77d4-a4de-4419-893d-18088368e034 req-d72274a2-b7bb-47cb-9b1e-a4ba4443de5b ce5aa21042854f5dabd254960798fc03 6282fbda55da4e4ea37b4b8de8046d43 - - 11ae2569c01e43f798055db4303dbcd3 11ae2569c01e43f798055db4303dbcd3] 10.0.0.184 "GET /allocations/522dc0df-9fa0-41dd-882a-aed90c4a4d27" status: 200 len: 19 microversion: 1.28 [pid: 7|app: 0|req: 546/1099] 10.0.0.184 () {34 vars in 860 bytes} [Fri Jul 17 19:36:38 2026] GET /allocations/522dc0df-9fa0-41dd-882a-aed90c4a4d27 => generated 19 bytes in 13 msecs (HTTP/1.1 200) 8 headers in 295 bytes (1 switches on core 0)
2026-07-17 19:36:38.680 8 INFO placement.requestlog [req-c16c77d4-a4de-4419-893d-18088368e034 req-0fc2333f-6168-4006-b3ea-74e4057713c6 ce5aa21042854f5dabd254960798fc03 6282fbda55da4e4ea37b4b8de8046d43 - - 11ae2569c01e43f798055db4303dbcd3 11ae2569c01e43f798055db4303dbcd3] 10.0.0.184 "PUT /allocations/522dc0df-9fa0-41dd-882a-aed90c4a4d27" status: 204 len: 0 microversion: 1.36 [pid: 8|app: 0|req: 554/1100] 10.0.0.184 () {38 vars in 913 bytes} [Fri Jul 17 19:36:38 2026] PUT /allocations/522dc0df-9fa0-41dd-882a-aed90c4a4d27 => generated 0 bytes in 91 msecs (HTTP/1.1 204) 5 headers in 199 bytes (1 switches on core 0)
2026-07-17 19:36:40.190 7 INFO placement.requestlog [req-c16c77d4-a4de-4419-893d-18088368e034 req-326ce5e8-16c9-4694-aacc-ffe17da2181b ce5aa21042854f5dabd254960798fc03 6282fbda55da4e4ea37b4b8de8046d43 - - 11ae2569c01e43f798055db4303dbcd3 11ae2569c01e43f798055db4303dbcd3] 199.204.45.70 "GET /allocations/522dc0df-9fa0-41dd-882a-aed90c4a4d27" status: 200 len: 258 microversion: 1.28 [pid: 7|app: 0|req: 547/1101] 199.204.45.70 () {34 vars in 861 bytes} [Fri Jul 17 19:36:40 2026] GET /allocations/522dc0df-9fa0-41dd-882a-aed90c4a4d27 => generated 258 bytes in 17 msecs (HTTP/1.1 200) 8 headers in 296 bytes (1 switches on core 0)
2026-07-17 19:36:41.228 8 INFO placement.requestlog [req-c16c77d4-a4de-4419-893d-18088368e034 req-b16bfeba-9703-463e-a24e-24e1a2a3bda9 ce5aa21042854f5dabd254960798fc03 6282fbda55da4e4ea37b4b8de8046d43 - - 11ae2569c01e43f798055db4303dbcd3 11ae2569c01e43f798055db4303dbcd3] 199.204.45.70 "GET /resource_providers/74e4db61-c02a-4855-af6c-74121dc31de5/allocations" status: 200 len: 153 microversion: 1.0 [pid: 8|app: 0|req: 555/1102] 199.204.45.70 () {32 vars in 855 bytes} [Fri Jul 17 19:36:41 2026] GET /resource_providers/74e4db61-c02a-4855-af6c-74121dc31de5/allocations => generated 153 bytes in 12 msecs (HTTP/1.1 200) 6 headers in 224 bytes (1 switches on core 0)
2026-07-17 19:36:41.255 7 INFO placement.requestlog [req-c16c77d4-a4de-4419-893d-18088368e034 req-4e7ddf26-5d8f-46ca-a839-44d4e8ba0637 ce5aa21042854f5dabd254960798fc03 6282fbda55da4e4ea37b4b8de8046d43 - - 11ae2569c01e43f798055db4303dbcd3 11ae2569c01e43f798055db4303dbcd3] 199.204.45.70 "GET /allocations/522dc0df-9fa0-41dd-882a-aed90c4a4d27" status: 200 len: 258 microversion: 1.28 [pid: 7|app: 0|req: 548/1103] 199.204.45.70 () {34 vars in 861 bytes} [Fri Jul 17 19:36:41 2026] GET /allocations/522dc0df-9fa0-41dd-882a-aed90c4a4d27 => generated 258 bytes in 23 msecs (HTTP/1.1 200) 8 headers in 296 bytes (1 switches on core 0)
2026-07-17 19:36:47.806 8 INFO placement.requestlog [None req-e49d41e7-08e9-4043-a999-d483e8f9d628 - - - - - -] 10.0.0.18 "GET /" status: 200 len: 136 microversion: 1.0
2026-07-17 19:36:47.807 7 INFO placement.requestlog [None req-c024f493-5b86-47e4-b228-8083373ce8d0 - - - - - -] 10.0.0.18 "GET /" status: 200 len: 136 microversion: 1.0
2026-07-17 19:36:49.677 8 INFO placement.requestlog [req-c16c77d4-a4de-4419-893d-18088368e034 req-29f613ec-6fd4-4ba3-8d14-c7000c975445 ce5aa21042854f5dabd254960798fc03 6282fbda55da4e4ea37b4b8de8046d43 - - 11ae2569c01e43f798055db4303dbcd3 11ae2569c01e43f798055db4303dbcd3] 199.204.45.70 "GET /resource_providers/74e4db61-c02a-4855-af6c-74121dc31de5/allocations" status: 200 len: 153 microversion: 1.0 [pid: 8|app: 0|req: 557/1106] 199.204.45.70 () {32 vars in 855 bytes} [Fri Jul 17 19:36:49 2026] GET /resource_providers/74e4db61-c02a-4855-af6c-74121dc31de5/allocations => generated 153 bytes in 25 msecs (HTTP/1.1 200) 6 headers in 224 bytes (1 switches on core 0)
2026-07-17 19:36:49.703 7 INFO placement.requestlog [req-c16c77d4-a4de-4419-893d-18088368e034 req-07b2f8b9-75d0-4637-b971-d7b34a1004d5 ce5aa21042854f5dabd254960798fc03 6282fbda55da4e4ea37b4b8de8046d43 - - 11ae2569c01e43f798055db4303dbcd3 11ae2569c01e43f798055db4303dbcd3] 199.204.45.70 "GET /allocations/522dc0df-9fa0-41dd-882a-aed90c4a4d27" status: 200 len: 258 microversion: 1.28 [pid: 7|app: 0|req: 550/1107] 199.204.45.70 () {34 vars in 861 bytes} [Fri Jul 17 19:36:49 2026] GET /allocations/522dc0df-9fa0-41dd-882a-aed90c4a4d27 => generated 258 bytes in 17 msecs (HTTP/1.1 200) 8 headers in 296 bytes (1 switches on core 0)
2026-07-17 19:36:49.810 7 INFO placement.requestlog [None req-15e189ba-dab4-4686-983b-e33bbe7b56b7 887a674115524c26971ad48694545e7e 6282fbda55da4e4ea37b4b8de8046d43 - - 11ae2569c01e43f798055db4303dbcd3 11ae2569c01e43f798055db4303dbcd3] 10.0.0.209 "GET /resource_providers/1b7d7e98-f34a-4172-9fba-a7ac877e1345/aggregates" status: 404 len: 235 microversion: 1.1 [pid: 7|app: 0|req: 551/1108] 10.0.0.209 () {32 vars in 815 bytes} [Fri Jul 17 19:36:49 2026] GET /resource_providers/1b7d7e98-f34a-4172-9fba-a7ac877e1345/aggregates => generated 235 bytes in 12 msecs (HTTP/1.1 404) 5 headers in 202 bytes (1 switches on core 0)
2026-07-17 19:36:49.823 8 INFO placement.requestlog [None req-0966d21e-afc9-47c1-a70e-7b637d2fa8f3 887a674115524c26971ad48694545e7e 6282fbda55da4e4ea37b4b8de8046d43 - - 11ae2569c01e43f798055db4303dbcd3 11ae2569c01e43f798055db4303dbcd3] 10.0.0.209 "GET /resource_providers/1b7d7e98-f34a-4172-9fba-a7ac877e1345/aggregates" status: 404 len: 235 microversion: 1.1 [pid: 8|app: 0|req: 558/1109] 10.0.0.209 () {32 vars in 815 bytes} [Fri Jul 17 19:36:49 2026] GET /resource_providers/1b7d7e98-f34a-4172-9fba-a7ac877e1345/aggregates => generated 235 bytes in 30 msecs (HTTP/1.1 404) 5 headers in 202 bytes (1 switches on core 0)
2026-07-17 19:36:49.841 7 INFO placement.requestlog [None req-46b58c6c-c26f-4c4d-9e18-678b5f1767f2 887a674115524c26971ad48694545e7e 6282fbda55da4e4ea37b4b8de8046d43 - - 11ae2569c01e43f798055db4303dbcd3 11ae2569c01e43f798055db4303dbcd3] 10.0.0.209 "DELETE /resource_providers/1b7d7e98-f34a-4172-9fba-a7ac877e1345" status: 404 len: 246 microversion: 1.1 [pid: 7|app: 0|req: 552/1110] 10.0.0.209 () {34 vars in 815 bytes} [Fri Jul 17 19:36:49 2026] DELETE /resource_providers/1b7d7e98-f34a-4172-9fba-a7ac877e1345 => generated 246 bytes in 16 msecs (HTTP/1.1 404) 6 headers in 231 bytes (1 switches on core 0)
2026-07-17 19:36:49.845 8 INFO placement.requestlog [None req-9067c0e9-09c9-4ece-b728-9a494bb22fbc 887a674115524c26971ad48694545e7e 6282fbda55da4e4ea37b4b8de8046d43 - - 11ae2569c01e43f798055db4303dbcd3 11ae2569c01e43f798055db4303dbcd3] 10.0.0.209 "DELETE /resource_providers/1b7d7e98-f34a-4172-9fba-a7ac877e1345" status: 404 len: 246 microversion: 1.1 [pid: 8|app: 0|req: 559/1111] 10.0.0.209 () {34 vars in 815 bytes} [Fri Jul 17 19:36:49 2026] DELETE /resource_providers/1b7d7e98-f34a-4172-9fba-a7ac877e1345 => generated 246 bytes in 13 msecs (HTTP/1.1 404) 6 headers in 231 bytes (1 switches on core 0)
2026-07-17 19:36:50.578 7 INFO placement.requestlog [None req-26b3fb27-bee5-4419-a60e-512ec0098632 887a674115524c26971ad48694545e7e 6282fbda55da4e4ea37b4b8de8046d43 - - 11ae2569c01e43f798055db4303dbcd3 11ae2569c01e43f798055db4303dbcd3] 10.0.0.209 "GET /resource_providers/cff7a542-0427-42b0-9567-95d70d3b7220/aggregates" status: 404 len: 235 microversion: 1.1 [pid: 7|app: 0|req: 553/1112] 10.0.0.209 () {32 vars in 815 bytes} [Fri Jul 17 19:36:50 2026] GET /resource_providers/cff7a542-0427-42b0-9567-95d70d3b7220/aggregates => generated 235 bytes in 10 msecs (HTTP/1.1 404) 5 headers in 202 bytes (1 switches on core 0)
2026-07-17 19:36:50.583 8 INFO placement.requestlog [None req-ca85e294-545f-4099-8c78-7757aa8c1934 887a674115524c26971ad48694545e7e 6282fbda55da4e4ea37b4b8de8046d43 - - 11ae2569c01e43f798055db4303dbcd3 11ae2569c01e43f798055db4303dbcd3] 10.0.0.209 "GET /resource_providers/cff7a542-0427-42b0-9567-95d70d3b7220/aggregates" status: 404 len: 235 microversion: 1.1 [pid: 8|app: 0|req: 560/1113] 10.0.0.209 () {32 vars in 815 bytes} [Fri Jul 17 19:36:50 2026] GET /resource_providers/cff7a542-0427-42b0-9567-95d70d3b7220/aggregates => generated 235 bytes in 11 msecs (HTTP/1.1 404) 5 headers in 202 bytes (1 switches on core 0)
2026-07-17 19:36:50.598 7 INFO placement.requestlog [None req-b4730a7f-adf3-4fa5-b855-3315935b9a09 887a674115524c26971ad48694545e7e 6282fbda55da4e4ea37b4b8de8046d43 - - 11ae2569c01e43f798055db4303dbcd3 11ae2569c01e43f798055db4303dbcd3] 10.0.0.209 "DELETE /resource_providers/cff7a542-0427-42b0-9567-95d70d3b7220" status: 404 len: 246 microversion: 1.1 [pid: 7|app: 0|req: 554/1114] 10.0.0.209 () {34 vars in 815 bytes} [Fri Jul 17 19:36:50 2026] DELETE /resource_providers/cff7a542-0427-42b0-9567-95d70d3b7220 => generated 246 bytes in 9 msecs (HTTP/1.1 404) 6 headers in 231 bytes (1 switches on core 0)
2026-07-17 19:36:50.601 8 INFO placement.requestlog [None req-62a60846-9d57-47b7-8411-792c4ccb98f4 887a674115524c26971ad48694545e7e 6282fbda55da4e4ea37b4b8de8046d43 - - 11ae2569c01e43f798055db4303dbcd3 11ae2569c01e43f798055db4303dbcd3] 10.0.0.209 "DELETE /resource_providers/cff7a542-0427-42b0-9567-95d70d3b7220" status: 404 len: 246 microversion: 1.1 [pid: 8|app: 0|req: 561/1115] 10.0.0.209 () {34 vars in 815 bytes} [Fri Jul 17 19:36:50 2026] DELETE /resource_providers/cff7a542-0427-42b0-9567-95d70d3b7220 => generated 246 bytes in 11 msecs (HTTP/1.1 404) 6 headers in 231 bytes (1 switches on core 0)
2026-07-17 19:36:51.866 7 INFO placement.requestlog [None req-16666b99-5ea2-4663-a1ca-54faa49204d7 887a674115524c26971ad48694545e7e 6282fbda55da4e4ea37b4b8de8046d43 - - 11ae2569c01e43f798055db4303dbcd3 11ae2569c01e43f798055db4303dbcd3] 10.0.0.209 "GET /resource_providers/2215d211-ace2-4571-830b-aad7cc7b90d2/aggregates" status: 404 len: 235 microversion: 1.1 [pid: 7|app: 0|req: 555/1116] 10.0.0.209 () {32 vars in 815 bytes} [Fri Jul 17 19:36:51 2026] GET /resource_providers/2215d211-ace2-4571-830b-aad7cc7b90d2/aggregates => generated 235 bytes in 12 msecs (HTTP/1.1 404) 5 headers in 202 bytes (1 switches on core 0)
