2026-07-16 01:34:02.549 8 INFO placement.requestlog [None req-d62eb0b4-a2de-46c5-8cc6-fd8edcb86db7 - - - - - -] 10.0.0.27 "GET /" status: 200 len: 136 microversion: 1.0
2026-07-16 01:34:02.549 7 INFO placement.requestlog [None req-4a374261-6e75-490d-8648-4a843b89df12 - - - - - -] 10.0.0.27 "GET /" status: 200 len: 136 microversion: 1.0
2026-07-16 01:34:12.549 8 INFO placement.requestlog [None req-1053aebc-c7aa-4395-8aa2-e76724879a52 - - - - - -] 10.0.0.27 "GET /" status: 200 len: 136 microversion: 1.0
2026-07-16 01:34:12.549 7 INFO placement.requestlog [None req-f9d4a3ed-efe5-4b0f-86c3-c2053c6fe376 - - - - - -] 10.0.0.27 "GET /" status: 200 len: 136 microversion: 1.0
2026-07-16 01:34:22.550 8 INFO placement.requestlog [None req-9e61ed14-1ffa-4862-aadb-6055ae0654ee - - - - - -] 10.0.0.27 "GET /" status: 200 len: 136 microversion: 1.0
2026-07-16 01:34:22.550 7 INFO placement.requestlog [None req-a1b92ccd-9c21-4d42-a533-26f4adaf9895 - - - - - -] 10.0.0.27 "GET /" status: 200 len: 136 microversion: 1.0
2026-07-16 01:34:27.059 8 INFO placement.requestlog [req-abfbd56a-555c-49a7-96c3-4dc82a100c9b req-68f1eb84-85c4-400b-99c3-bd255ea954db c50346854e444372ac717349a14c8df4 0ad4bef3db524e84902e7dd66ab12816 - - 98c34ddb74bb4d01b74c7a1bc71b56e2 98c34ddb74bb4d01b74c7a1bc71b56e2] 199.204.45.222 "GET /resource_providers/d08c2117-450e-4fce-b1de-774db033c7b4/allocations" status: 200 len: 54 microversion: 1.0 [pid: 8|app: 0|req: 295/590] 199.204.45.222 () {32 vars in 857 bytes} [Thu Jul 16 01:34:26 2026] GET /resource_providers/d08c2117-450e-4fce-b1de-774db033c7b4/allocations => generated 54 bytes in 132 msecs (HTTP/1.1 200) 6 headers in 223 bytes (1 switches on core 0)
2026-07-16 01:34:27.088 7 INFO placement.requestlog [req-abfbd56a-555c-49a7-96c3-4dc82a100c9b req-9826e1ad-59b0-4b3d-8d98-58e36f3b59f0 c50346854e444372ac717349a14c8df4 0ad4bef3db524e84902e7dd66ab12816 - - 98c34ddb74bb4d01b74c7a1bc71b56e2 98c34ddb74bb4d01b74c7a1bc71b56e2] 199.204.45.222 "GET /resource_providers?in_tree=d08c2117-450e-4fce-b1de-774db033c7b4" status: 200 len: 797 microversion: 1.14 [pid: 7|app: 0|req: 296/591] 199.204.45.222 () {34 vars in 892 bytes} [Thu Jul 16 01:34:27 2026] GET /resource_providers?in_tree=d08c2117-450e-4fce-b1de-774db033c7b4 => generated 797 bytes in 21 msecs (HTTP/1.1 200) 6 headers in 225 bytes (1 switches on core 0)
2026-07-16 01:34:27.108 8 INFO placement.requestlog [req-abfbd56a-555c-49a7-96c3-4dc82a100c9b req-0ae34beb-6119-414a-ac1b-2317b6c97a7d c50346854e444372ac717349a14c8df4 0ad4bef3db524e84902e7dd66ab12816 - - 98c34ddb74bb4d01b74c7a1bc71b56e2 98c34ddb74bb4d01b74c7a1bc71b56e2] 199.204.45.222 "GET /resource_providers/d08c2117-450e-4fce-b1de-774db033c7b4/inventories" status: 200 len: 400 microversion: 1.0 [pid: 8|app: 0|req: 296/592] 199.204.45.222 () {32 vars in 857 bytes} [Thu Jul 16 01:34:27 2026] GET /resource_providers/d08c2117-450e-4fce-b1de-774db033c7b4/inventories => generated 400 bytes in 13 msecs (HTTP/1.1 200) 6 headers in 224 bytes (1 switches on core 0)
2026-07-16 01:34:27.131 7 INFO placement.requestlog [req-abfbd56a-555c-49a7-96c3-4dc82a100c9b req-a42e268e-cfcc-4048-8e0a-3614abc90c23 c50346854e444372ac717349a14c8df4 0ad4bef3db524e84902e7dd66ab12816 - - 98c34ddb74bb4d01b74c7a1bc71b56e2 98c34ddb74bb4d01b74c7a1bc71b56e2] 199.204.45.222 "GET /resource_providers/d08c2117-450e-4fce-b1de-774db033c7b4/aggregates" status: 200 len: 53 microversion: 1.19 [pid: 7|app: 0|req: 297/593] 199.204.45.222 () {34 vars in 899 bytes} [Thu Jul 16 01:34:27 2026] GET /resource_providers/d08c2117-450e-4fce-b1de-774db033c7b4/aggregates => generated 53 bytes in 17 msecs (HTTP/1.1 200) 8 headers in 295 bytes (1 switches on core 0)
2026-07-16 01:34:27.158 8 INFO placement.requestlog [req-abfbd56a-555c-49a7-96c3-4dc82a100c9b req-f5b961d5-ae3d-4108-a3f5-0485d9afd053 c50346854e444372ac717349a14c8df4 0ad4bef3db524e84902e7dd66ab12816 - - 98c34ddb74bb4d01b74c7a1bc71b56e2 98c34ddb74bb4d01b74c7a1bc71b56e2] 199.204.45.222 "GET /resource_providers/d08c2117-450e-4fce-b1de-774db033c7b4/traits" status: 200 len: 2175 microversion: 1.6 [pid: 8|app: 0|req: 297/594] 199.204.45.222 () {34 vars in 890 bytes} [Thu Jul 16 01:34:27 2026] GET /resource_providers/d08c2117-450e-4fce-b1de-774db033c7b4/traits => generated 2175 bytes in 19 msecs (HTTP/1.1 200) 6 headers in 225 bytes (1 switches on core 0)
2026-07-16 01:34:27.179 7 INFO placement.requestlog [req-abfbd56a-555c-49a7-96c3-4dc82a100c9b req-e6028b1a-4e44-4bab-91a3-2b3346b5da20 c50346854e444372ac717349a14c8df4 0ad4bef3db524e84902e7dd66ab12816 - - 98c34ddb74bb4d01b74c7a1bc71b56e2 98c34ddb74bb4d01b74c7a1bc71b56e2] 199.204.45.222 "GET /resource_providers/d08c2117-450e-4fce-b1de-774db033c7b4/allocations" status: 200 len: 54 microversion: 1.0 [pid: 7|app: 0|req: 298/595] 199.204.45.222 () {32 vars in 857 bytes} [Thu Jul 16 01:34:27 2026] GET /resource_providers/d08c2117-450e-4fce-b1de-774db033c7b4/allocations => generated 54 bytes in 15 msecs (HTTP/1.1 200) 6 headers in 223 bytes (1 switches on core 0)
2026-07-16 01:34:32.550 8 INFO placement.requestlog [None req-48d825ef-47cf-4f02-b893-af3077f081ea - - - - - -] 10.0.0.27 "GET /" status: 200 len: 136 microversion: 1.0
2026-07-16 01:34:32.550 7 INFO placement.requestlog [None req-90e24da2-e81a-4827-9ed6-275369131630 - - - - - -] 10.0.0.27 "GET /" status: 200 len: 136 microversion: 1.0
2026-07-16 01:34:42.549 8 INFO placement.requestlog [None req-32e77f94-cbf1-48a8-a417-32adbd032722 - - - - - -] 10.0.0.27 "GET /" status: 200 len: 136 microversion: 1.0
2026-07-16 01:34:42.549 7 INFO placement.requestlog [None req-5dd3df01-084c-4e56-bd44-1ce6dffcca29 - - - - - -] 10.0.0.27 "GET /" status: 200 len: 136 microversion: 1.0
2026-07-16 01:34:52.549 8 INFO placement.requestlog [None req-19271bad-03e2-4a5e-94ff-e813281ae159 - - - - - -] 10.0.0.27 "GET /" status: 200 len: 136 microversion: 1.0
2026-07-16 01:34:52.549 7 INFO placement.requestlog [None req-d1740658-d2b3-4927-9613-2ac668b9a880 - - - - - -] 10.0.0.27 "GET /" status: 200 len: 136 microversion: 1.0
2026-07-16 01:35:02.549 7 INFO placement.requestlog [None req-203b0b3b-938b-44cd-b25f-612563f9c71f - - - - - -] 10.0.0.27 "GET /" status: 200 len: 136 microversion: 1.0
2026-07-16 01:35:02.550 8 INFO placement.requestlog [None req-a9c59e70-72c9-4795-ae6a-89d16314bdab - - - - - -] 10.0.0.27 "GET /" status: 200 len: 136 microversion: 1.0
2026-07-16 01:35:12.549 7 INFO placement.requestlog [None req-16512ce6-5e9f-4319-b0fc-7c77d3176f27 - - - - - -] 10.0.0.27 "GET /" status: 200 len: 136 microversion: 1.0
2026-07-16 01:35:12.550 8 INFO placement.requestlog [None req-a0e32d46-ec5f-4313-833d-a5abfed53db0 - - - - - -] 10.0.0.27 "GET /" status: 200 len: 136 microversion: 1.0
2026-07-16 01:35:22.549 7 INFO placement.requestlog [None req-bdf0b17a-fec8-480c-965b-052c28dc7e67 - - - - - -] 10.0.0.27 "GET /" status: 200 len: 136 microversion: 1.0
2026-07-16 01:35:22.550 8 INFO placement.requestlog [None req-743f3a17-f7d2-4152-912d-eaf3e1ed9f9f - - - - - -] 10.0.0.27 "GET /" status: 200 len: 136 microversion: 1.0
2026-07-16 01:35:28.876 7 INFO placement.requestlog [req-d5cb0632-a401-4044-9a41-f3ff115052d2 req-09bf3b40-ba38-4ddc-9129-976c8c2c76a8 c50346854e444372ac717349a14c8df4 0ad4bef3db524e84902e7dd66ab12816 - - 98c34ddb74bb4d01b74c7a1bc71b56e2 98c34ddb74bb4d01b74c7a1bc71b56e2] 199.204.45.222 "GET /resource_providers/d08c2117-450e-4fce-b1de-774db033c7b4/allocations" status: 200 len: 54 microversion: 1.0 [pid: 7|app: 0|req: 305/608] 199.204.45.222 () {32 vars in 857 bytes} [Thu Jul 16 01:35:28 2026] GET /resource_providers/d08c2117-450e-4fce-b1de-774db033c7b4/allocations => generated 54 bytes in 11 msecs (HTTP/1.1 200) 6 headers in 223 bytes (1 switches on core 0)
2026-07-16 01:35:28.898 8 INFO placement.requestlog [req-d5cb0632-a401-4044-9a41-f3ff115052d2 req-4e0630b7-aacd-49a0-a7e3-2e07f31fe712 c50346854e444372ac717349a14c8df4 0ad4bef3db524e84902e7dd66ab12816 - - 98c34ddb74bb4d01b74c7a1bc71b56e2 98c34ddb74bb4d01b74c7a1bc71b56e2] 199.204.45.222 "GET /resource_providers/d08c2117-450e-4fce-b1de-774db033c7b4/allocations" status: 200 len: 54 microversion: 1.0 [pid: 8|app: 0|req: 304/609] 199.204.45.222 () {32 vars in 857 bytes} [Thu Jul 16 01:35:28 2026] GET /resource_providers/d08c2117-450e-4fce-b1de-774db033c7b4/allocations => generated 54 bytes in 16 msecs (HTTP/1.1 200) 6 headers in 223 bytes (1 switches on core 0)
2026-07-16 01:35:32.549 8 INFO placement.requestlog [None req-d23f3985-622f-4cbb-b9d9-a7dcf2f91050 - - - - - -] 10.0.0.27 "GET /" status: 200 len: 136 microversion: 1.0
2026-07-16 01:35:32.549 7 INFO placement.requestlog [None req-f2439e45-fcdb-4af8-ab64-7562dc53c789 - - - - - -] 10.0.0.27 "GET /" status: 200 len: 136 microversion: 1.0
2026-07-16 01:35:42.548 7 INFO placement.requestlog [None req-411e7440-a486-4ccd-9a1d-fdc391cd95c8 - - - - - -] 10.0.0.27 "GET /" status: 200 len: 136 microversion: 1.0
2026-07-16 01:35:42.549 8 INFO placement.requestlog [None req-972d2893-db5a-40b9-924e-bd7916393da8 - - - - - -] 10.0.0.27 "GET /" status: 200 len: 136 microversion: 1.0
2026-07-16 01:35:51.581 7 INFO placement.requestlog [req-1256ed14-24fc-4723-a604-714da8fb5295 req-de1ea810-4a39-4887-a015-bdaf55bf2083 c50346854e444372ac717349a14c8df4 0ad4bef3db524e84902e7dd66ab12816 - - 98c34ddb74bb4d01b74c7a1bc71b56e2 98c34ddb74bb4d01b74c7a1bc71b56e2] 10.0.0.67 "GET /allocation_candidates?limit=1000&resources=DISK_GB%3A1%2CMEMORY_MB%3A512%2CVCPU%3A1&root_required=%21COMPUTE_STATUS_DISABLED" status: 200 len: 2640 microversion: 1.36 [pid: 7|app: 0|req: 308/614] 10.0.0.67 () {34 vars in 1011 bytes} [Thu Jul 16 01:35:51 2026] GET /allocation_candidates?limit=1000&resources=DISK_GB%3A1%2CMEMORY_MB%3A512%2CVCPU%3A1&root_required=%21COMPUTE_STATUS_DISABLED => generated 2640 bytes in 162 msecs (HTTP/1.1 200) 8 headers in 297 bytes (1 switches on core 0)
2026-07-16 01:35:51.614 8 INFO placement.requestlog [req-1256ed14-24fc-4723-a604-714da8fb5295 req-6e18a914-86de-405d-b527-341dd5fdd747 c50346854e444372ac717349a14c8df4 0ad4bef3db524e84902e7dd66ab12816 - - 98c34ddb74bb4d01b74c7a1bc71b56e2 98c34ddb74bb4d01b74c7a1bc71b56e2] 10.0.0.67 "GET /allocations/ba0f7a36-bfb5-4c00-b5e3-789e561f61e1" status: 200 len: 19 microversion: 1.28 [pid: 8|app: 0|req: 307/615] 10.0.0.67 () {34 vars in 860 bytes} [Thu Jul 16 01:35:51 2026] GET /allocations/ba0f7a36-bfb5-4c00-b5e3-789e561f61e1 => generated 19 bytes in 10 msecs (HTTP/1.1 200) 8 headers in 295 bytes (1 switches on core 0)
2026-07-16 01:35:51.691 7 INFO placement.requestlog [req-1256ed14-24fc-4723-a604-714da8fb5295 req-1a9548b4-612e-4e6d-ae5a-eef930feb998 c50346854e444372ac717349a14c8df4 0ad4bef3db524e84902e7dd66ab12816 - - 98c34ddb74bb4d01b74c7a1bc71b56e2 98c34ddb74bb4d01b74c7a1bc71b56e2] 10.0.0.67 "PUT /allocations/ba0f7a36-bfb5-4c00-b5e3-789e561f61e1" status: 204 len: 0 microversion: 1.36 [pid: 7|app: 0|req: 309/616] 10.0.0.67 () {38 vars in 913 bytes} [Thu Jul 16 01:35:51 2026] PUT /allocations/ba0f7a36-bfb5-4c00-b5e3-789e561f61e1 => generated 0 bytes in 64 msecs (HTTP/1.1 204) 5 headers in 199 bytes (1 switches on core 0)
2026-07-16 01:35:52.358 8 INFO placement.requestlog [req-1b139f29-1c77-4f2a-b6f9-9d06462ab970 req-025750fa-26bc-4997-8a94-cc20b9f4e9dc c50346854e444372ac717349a14c8df4 0ad4bef3db524e84902e7dd66ab12816 - - 98c34ddb74bb4d01b74c7a1bc71b56e2 98c34ddb74bb4d01b74c7a1bc71b56e2] 10.0.0.67 "GET /allocation_candidates?limit=1000&resources=DISK_GB%3A1%2CMEMORY_MB%3A512%2CVCPU%3A1&root_required=%21COMPUTE_STATUS_DISABLED" status: 200 len: 2642 microversion: 1.36 [pid: 8|app: 0|req: 308/617] 10.0.0.67 () {34 vars in 1011 bytes} [Thu Jul 16 01:35:52 2026] GET /allocation_candidates?limit=1000&resources=DISK_GB%3A1%2CMEMORY_MB%3A512%2CVCPU%3A1&root_required=%21COMPUTE_STATUS_DISABLED => generated 2642 bytes in 58 msecs (HTTP/1.1 200) 8 headers in 297 bytes (1 switches on core 0)
2026-07-16 01:35:52.393 7 INFO placement.requestlog [req-1b139f29-1c77-4f2a-b6f9-9d06462ab970 req-9ccbf959-7fc4-4e6b-b9eb-afe931835697 c50346854e444372ac717349a14c8df4 0ad4bef3db524e84902e7dd66ab12816 - - 98c34ddb74bb4d01b74c7a1bc71b56e2 98c34ddb74bb4d01b74c7a1bc71b56e2] 10.0.0.67 "GET /allocations/14d9afb8-f3a7-46f7-ab4a-9ce0fb5754c1" status: 200 len: 19 microversion: 1.28 [pid: 7|app: 0|req: 310/618] 10.0.0.67 () {34 vars in 860 bytes} [Thu Jul 16 01:35:52 2026] GET /allocations/14d9afb8-f3a7-46f7-ab4a-9ce0fb5754c1 => generated 19 bytes in 13 msecs (HTTP/1.1 200) 8 headers in 295 bytes (1 switches on core 0)
2026-07-16 01:35:52.480 8 INFO placement.requestlog [req-1b139f29-1c77-4f2a-b6f9-9d06462ab970 req-769e0cba-d75d-48ba-8f0b-27883db7d2eb c50346854e444372ac717349a14c8df4 0ad4bef3db524e84902e7dd66ab12816 - - 98c34ddb74bb4d01b74c7a1bc71b56e2 98c34ddb74bb4d01b74c7a1bc71b56e2] 10.0.0.67 "PUT /allocations/14d9afb8-f3a7-46f7-ab4a-9ce0fb5754c1" status: 204 len: 0 microversion: 1.36 [pid: 8|app: 0|req: 309/619] 10.0.0.67 () {38 vars in 913 bytes} [Thu Jul 16 01:35:52 2026] PUT /allocations/14d9afb8-f3a7-46f7-ab4a-9ce0fb5754c1 => generated 0 bytes in 78 msecs (HTTP/1.1 204) 5 headers in 199 bytes (1 switches on core 0)
2026-07-16 01:35:52.549 8 INFO placement.requestlog [None req-342878d5-c6d4-425d-af32-2445c4892014 - - - - - -] 10.0.0.27 "GET /" status: 200 len: 136 microversion: 1.0
2026-07-16 01:35:52.549 7 INFO placement.requestlog [None req-5b795efd-cbdd-41c1-9feb-71f0f53a5313 - - - - - -] 10.0.0.27 "GET /" status: 200 len: 136 microversion: 1.0
2026-07-16 01:35:53.301 8 INFO placement.requestlog [req-1256ed14-24fc-4723-a604-714da8fb5295 req-3b6f7d24-693b-4c54-acb2-6818c5d7d161 c50346854e444372ac717349a14c8df4 0ad4bef3db524e84902e7dd66ab12816 - - 98c34ddb74bb4d01b74c7a1bc71b56e2 98c34ddb74bb4d01b74c7a1bc71b56e2] 199.204.45.222 "GET /allocations/ba0f7a36-bfb5-4c00-b5e3-789e561f61e1" status: 200 len: 257 microversion: 1.28 [pid: 8|app: 0|req: 311/622] 199.204.45.222 () {34 vars in 863 bytes} [Thu Jul 16 01:35:53 2026] GET /allocations/ba0f7a36-bfb5-4c00-b5e3-789e561f61e1 => generated 257 bytes in 11 msecs (HTTP/1.1 200) 8 headers in 296 bytes (1 switches on core 0)
2026-07-16 01:35:54.154 7 INFO placement.requestlog [req-1b139f29-1c77-4f2a-b6f9-9d06462ab970 req-b6845458-4019-400a-9066-a92d774462bb c50346854e444372ac717349a14c8df4 0ad4bef3db524e84902e7dd66ab12816 - - 98c34ddb74bb4d01b74c7a1bc71b56e2 98c34ddb74bb4d01b74c7a1bc71b56e2] 199.204.45.222 "GET /allocations/14d9afb8-f3a7-46f7-ab4a-9ce0fb5754c1" status: 200 len: 257 microversion: 1.28 [pid: 7|app: 0|req: 312/623] 199.204.45.222 () {34 vars in 863 bytes} [Thu Jul 16 01:35:54 2026] GET /allocations/14d9afb8-f3a7-46f7-ab4a-9ce0fb5754c1 => generated 257 bytes in 19 msecs (HTTP/1.1 200) 8 headers in 296 bytes (1 switches on core 0)
2026-07-16 01:35:54.345 8 INFO placement.requestlog [req-1256ed14-24fc-4723-a604-714da8fb5295 req-9ea08761-4fe1-4660-8e17-d6b9cc9b192e c50346854e444372ac717349a14c8df4 0ad4bef3db524e84902e7dd66ab12816 - - 98c34ddb74bb4d01b74c7a1bc71b56e2 98c34ddb74bb4d01b74c7a1bc71b56e2] 199.204.45.222 "GET /resource_providers/d08c2117-450e-4fce-b1de-774db033c7b4/allocations" status: 200 len: 252 microversion: 1.0 [pid: 8|app: 0|req: 312/624] 199.204.45.222 () {32 vars in 857 bytes} [Thu Jul 16 01:35:54 2026] GET /resource_providers/d08c2117-450e-4fce-b1de-774db033c7b4/allocations => generated 252 bytes in 18 msecs (HTTP/1.1 200) 6 headers in 224 bytes (1 switches on core 0)
2026-07-16 01:35:54.364 7 INFO placement.requestlog [req-1256ed14-24fc-4723-a604-714da8fb5295 req-d71d6a32-9a24-415d-9bee-1cc2154a39e7 c50346854e444372ac717349a14c8df4 0ad4bef3db524e84902e7dd66ab12816 - - 98c34ddb74bb4d01b74c7a1bc71b56e2 98c34ddb74bb4d01b74c7a1bc71b56e2] 199.204.45.222 "GET /allocations/ba0f7a36-bfb5-4c00-b5e3-789e561f61e1" status: 200 len: 257 microversion: 1.28 [pid: 7|app: 0|req: 313/625] 199.204.45.222 () {34 vars in 863 bytes} [Thu Jul 16 01:35:54 2026] GET /allocations/ba0f7a36-bfb5-4c00-b5e3-789e561f61e1 => generated 257 bytes in 14 msecs (HTTP/1.1 200) 8 headers in 296 bytes (1 switches on core 0)
2026-07-16 01:35:54.383 8 INFO placement.requestlog [req-1256ed14-24fc-4723-a604-714da8fb5295 req-22c7ed7d-6c29-4fe0-a8b6-907e86bb1f48 c50346854e444372ac717349a14c8df4 0ad4bef3db524e84902e7dd66ab12816 - - 98c34ddb74bb4d01b74c7a1bc71b56e2 98c34ddb74bb4d01b74c7a1bc71b56e2] 199.204.45.222 "GET /allocations/14d9afb8-f3a7-46f7-ab4a-9ce0fb5754c1" status: 200 len: 257 microversion: 1.28 [pid: 8|app: 0|req: 313/626] 199.204.45.222 () {34 vars in 863 bytes} [Thu Jul 16 01:35:54 2026] GET /allocations/14d9afb8-f3a7-46f7-ab4a-9ce0fb5754c1 => generated 257 bytes in 13 msecs (HTTP/1.1 200) 8 headers in 296 bytes (1 switches on core 0)
2026-07-16 01:35:54.657 7 INFO placement.requestlog [req-5753b969-894f-45ae-bdd6-8f6c1b58dc5d req-4bc868b2-5867-4ef4-9ca7-cca39ad11e4c c50346854e444372ac717349a14c8df4 0ad4bef3db524e84902e7dd66ab12816 - - 98c34ddb74bb4d01b74c7a1bc71b56e2 98c34ddb74bb4d01b74c7a1bc71b56e2] 10.0.0.67 "GET /allocation_candidates?limit=1000&resources=MEMORY_MB%3A512%2CVCPU%3A1&root_required=%21COMPUTE_STATUS_DISABLED" status: 200 len: 2629 microversion: 1.36 [pid: 7|app: 0|req: 314/627] 10.0.0.67 () {34 vars in 983 bytes} [Thu Jul 16 01:35:54 2026] GET /allocation_candidates?limit=1000&resources=MEMORY_MB%3A512%2CVCPU%3A1&root_required=%21COMPUTE_STATUS_DISABLED => generated 2629 bytes in 58 msecs (HTTP/1.1 200) 8 headers in 297 bytes (1 switches on core 0)
2026-07-16 01:35:54.693 8 INFO placement.requestlog [req-5753b969-894f-45ae-bdd6-8f6c1b58dc5d req-ec156121-d842-453f-8584-8f93bf0d2271 c50346854e444372ac717349a14c8df4 0ad4bef3db524e84902e7dd66ab12816 - - 98c34ddb74bb4d01b74c7a1bc71b56e2 98c34ddb74bb4d01b74c7a1bc71b56e2] 10.0.0.67 "GET /allocations/2c2b4c6e-6c44-4432-9257-aa4e47ae1fb6" status: 200 len: 19 microversion: 1.28 [pid: 8|app: 0|req: 314/628] 10.0.0.67 () {34 vars in 860 bytes} [Thu Jul 16 01:35:54 2026] GET /allocations/2c2b4c6e-6c44-4432-9257-aa4e47ae1fb6 => generated 19 bytes in 12 msecs (HTTP/1.1 200) 8 headers in 295 bytes (1 switches on core 0)
2026-07-16 01:35:54.832 7 INFO placement.requestlog [req-5753b969-894f-45ae-bdd6-8f6c1b58dc5d req-320f7cfe-25f8-4482-8173-7c9b4750aafc c50346854e444372ac717349a14c8df4 0ad4bef3db524e84902e7dd66ab12816 - - 98c34ddb74bb4d01b74c7a1bc71b56e2 98c34ddb74bb4d01b74c7a1bc71b56e2] 10.0.0.67 "PUT /allocations/2c2b4c6e-6c44-4432-9257-aa4e47ae1fb6" status: 204 len: 0 microversion: 1.36 [pid: 7|app: 0|req: 315/629] 10.0.0.67 () {38 vars in 913 bytes} [Thu Jul 16 01:35:54 2026] PUT /allocations/2c2b4c6e-6c44-4432-9257-aa4e47ae1fb6 => generated 0 bytes in 130 msecs (HTTP/1.1 204) 5 headers in 199 bytes (1 switches on core 0)
2026-07-16 01:35:56.273 8 INFO placement.requestlog [req-5753b969-894f-45ae-bdd6-8f6c1b58dc5d req-cb0b62b4-1671-4c2b-9ba9-a8208759b487 c50346854e444372ac717349a14c8df4 0ad4bef3db524e84902e7dd66ab12816 - - 98c34ddb74bb4d01b74c7a1bc71b56e2 98c34ddb74bb4d01b74c7a1bc71b56e2] 199.204.45.222 "GET /allocations/2c2b4c6e-6c44-4432-9257-aa4e47ae1fb6" status: 200 len: 243 microversion: 1.28 [pid: 8|app: 0|req: 315/630] 199.204.45.222 () {34 vars in 863 bytes} [Thu Jul 16 01:35:56 2026] GET /allocations/2c2b4c6e-6c44-4432-9257-aa4e47ae1fb6 => generated 243 bytes in 18 msecs (HTTP/1.1 200) 8 headers in 296 bytes (1 switches on core 0)
2026-07-16 01:35:56.464 7 INFO placement.requestlog [req-1b139f29-1c77-4f2a-b6f9-9d06462ab970 req-bc1ec771-47d4-4277-9d62-a33ff8d7203c c50346854e444372ac717349a14c8df4 0ad4bef3db524e84902e7dd66ab12816 - - 98c34ddb74bb4d01b74c7a1bc71b56e2 98c34ddb74bb4d01b74c7a1bc71b56e2] 199.204.45.222 "GET /resource_providers/d08c2117-450e-4fce-b1de-774db033c7b4/allocations" status: 200 len: 338 microversion: 1.0 [pid: 7|app: 0|req: 316/631] 199.204.45.222 () {32 vars in 857 bytes} [Thu Jul 16 01:35:56 2026] GET /resource_providers/d08c2117-450e-4fce-b1de-774db033c7b4/allocations => generated 338 bytes in 14 msecs (HTTP/1.1 200) 6 headers in 224 bytes (1 switches on core 0)
2026-07-16 01:35:56.480 8 INFO placement.requestlog [req-1b139f29-1c77-4f2a-b6f9-9d06462ab970 req-fde85f1f-5289-437a-b8ac-30e99a238a30 c50346854e444372ac717349a14c8df4 0ad4bef3db524e84902e7dd66ab12816 - - 98c34ddb74bb4d01b74c7a1bc71b56e2 98c34ddb74bb4d01b74c7a1bc71b56e2] 199.204.45.222 "GET /allocations/2c2b4c6e-6c44-4432-9257-aa4e47ae1fb6" status: 200 len: 243 microversion: 1.28 [pid: 8|app: 0|req: 316/632] 199.204.45.222 () {34 vars in 863 bytes} [Thu Jul 16 01:35:56 2026] GET /allocations/2c2b4c6e-6c44-4432-9257-aa4e47ae1fb6 => generated 243 bytes in 10 msecs (HTTP/1.1 200) 8 headers in 296 bytes (1 switches on core 0)
2026-07-16 01:35:56.515 7 INFO placement.requestlog [None req-1aadddd6-dccf-4cfc-9f8c-3742ae6becc4 72b92a0e06994fd486c98a130ac8a590 0ad4bef3db524e84902e7dd66ab12816 - - 98c34ddb74bb4d01b74c7a1bc71b56e2 98c34ddb74bb4d01b74c7a1bc71b56e2] 10.0.0.60 "GET /resource_providers/5a95808b-311e-4f29-bf03-701b9ba65465/aggregates" status: 404 len: 235 microversion: 1.1 [pid: 7|app: 0|req: 317/633] 10.0.0.60 () {32 vars in 815 bytes} [Thu Jul 16 01:35:56 2026] GET /resource_providers/5a95808b-311e-4f29-bf03-701b9ba65465/aggregates => generated 235 bytes in 43 msecs (HTTP/1.1 404) 5 headers in 202 bytes (1 switches on core 0)
2026-07-16 01:35:56.533 7 INFO placement.requestlog [req-1b139f29-1c77-4f2a-b6f9-9d06462ab970 req-8b542fd3-4198-46ef-b1ac-1cda1d782c4f c50346854e444372ac717349a14c8df4 0ad4bef3db524e84902e7dd66ab12816 - - 98c34ddb74bb4d01b74c7a1bc71b56e2 98c34ddb74bb4d01b74c7a1bc71b56e2] 199.204.45.222 "GET /allocations/ba0f7a36-bfb5-4c00-b5e3-789e561f61e1" status: 200 len: 257 microversion: 1.28 [pid: 7|app: 0|req: 318/634] 199.204.45.222 () {34 vars in 863 bytes} [Thu Jul 16 01:35:56 2026] GET /allocations/ba0f7a36-bfb5-4c00-b5e3-789e561f61e1 => generated 257 bytes in 17 msecs (HTTP/1.1 200) 8 headers in 296 bytes (1 switches on core 0)
2026-07-16 01:35:56.542 7 INFO placement.requestlog [None req-7de3e6ed-b0e0-4800-abb7-bfd7cef94c27 72b92a0e06994fd486c98a130ac8a590 0ad4bef3db524e84902e7dd66ab12816 - - 98c34ddb74bb4d01b74c7a1bc71b56e2 98c34ddb74bb4d01b74c7a1bc71b56e2] 10.0.0.60 "DELETE /resource_providers/5a95808b-311e-4f29-bf03-701b9ba65465" status: 404 len: 246 microversion: 1.1 [pid: 7|app: 0|req: 319/635] 10.0.0.60 () {34 vars in 815 bytes} [Thu Jul 16 01:35:56 2026] DELETE /resource_providers/5a95808b-311e-4f29-bf03-701b9ba65465 => generated 246 bytes in 9 msecs (HTTP/1.1 404) 6 headers in 231 bytes (1 switches on core 0)
2026-07-16 01:35:56.553 7 INFO placement.requestlog [req-1b139f29-1c77-4f2a-b6f9-9d06462ab970 req-e028199b-c9ef-4f14-8cea-2dceece4554e c50346854e444372ac717349a14c8df4 0ad4bef3db524e84902e7dd66ab12816 - - 98c34ddb74bb4d01b74c7a1bc71b56e2 98c34ddb74bb4d01b74c7a1bc71b56e2] 199.204.45.222 "GET /allocations/14d9afb8-f3a7-46f7-ab4a-9ce0fb5754c1" status: 200 len: 257 microversion: 1.28 [pid: 7|app: 0|req: 320/636] 199.204.45.222 () {34 vars in 863 bytes} [Thu Jul 16 01:35:56 2026] GET /allocations/14d9afb8-f3a7-46f7-ab4a-9ce0fb5754c1 => generated 257 bytes in 10 msecs (HTTP/1.1 200) 8 headers in 296 bytes (1 switches on core 0)
2026-07-16 01:35:56.554 8 INFO placement.requestlog [None req-0f3ceb7e-1e72-4fd6-9819-a74e66bb985d 72b92a0e06994fd486c98a130ac8a590 0ad4bef3db524e84902e7dd66ab12816 - - 98c34ddb74bb4d01b74c7a1bc71b56e2 98c34ddb74bb4d01b74c7a1bc71b56e2] 10.0.0.60 "GET /resource_providers/5a95808b-311e-4f29-bf03-701b9ba65465/aggregates" status: 404 len: 235 microversion: 1.1 [pid: 8|app: 0|req: 317/637] 10.0.0.60 () {32 vars in 815 bytes} [Thu Jul 16 01:35:56 2026] GET /resource_providers/5a95808b-311e-4f29-bf03-701b9ba65465/aggregates => generated 235 bytes in 75 msecs (HTTP/1.1 404) 5 headers in 202 bytes (1 switches on core 0)
2026-07-16 01:35:56.582 7 INFO placement.requestlog [None req-1d1ace29-5f9f-4cbf-a6bc-6885638bd8e5 72b92a0e06994fd486c98a130ac8a590 0ad4bef3db524e84902e7dd66ab12816 - - 98c34ddb74bb4d01b74c7a1bc71b56e2 98c34ddb74bb4d01b74c7a1bc71b56e2] 10.0.0.60 "DELETE /resource_providers/5a95808b-311e-4f29-bf03-701b9ba65465" status: 404 len: 246 microversion: 1.1 [pid: 7|app: 0|req: 321/638] 10.0.0.60 () {34 vars in 815 bytes} [Thu Jul 16 01:35:56 2026] DELETE /resource_providers/5a95808b-311e-4f29-bf03-701b9ba65465 => generated 246 bytes in 13 msecs (HTTP/1.1 404) 6 headers in 231 bytes (1 switches on core 0)
2026-07-16 01:35:56.894 8 INFO placement.requestlog [None req-5fa2c00c-3a4d-4dc6-9fc2-99293fd49231 72b92a0e06994fd486c98a130ac8a590 0ad4bef3db524e84902e7dd66ab12816 - - 98c34ddb74bb4d01b74c7a1bc71b56e2 98c34ddb74bb4d01b74c7a1bc71b56e2] 10.0.0.60 "GET /resource_providers/224ff2db-a0a8-4b4d-9e51-a058014f210b/aggregates" status: 404 len: 235 microversion: 1.1 [pid: 8|app: 0|req: 318/639] 10.0.0.60 () {32 vars in 815 bytes} [Thu Jul 16 01:35:56 2026] GET /resource_providers/224ff2db-a0a8-4b4d-9e51-a058014f210b/aggregates => generated 235 bytes in 111 msecs (HTTP/1.1 404) 5 headers in 202 bytes (1 switches on core 0)
2026-07-16 01:35:56.910 8 INFO placement.requestlog [None req-35c9212d-e99d-44af-abb5-ca7eb81d1285 72b92a0e06994fd486c98a130ac8a590 0ad4bef3db524e84902e7dd66ab12816 - - 98c34ddb74bb4d01b74c7a1bc71b56e2 98c34ddb74bb4d01b74c7a1bc71b56e2] 10.0.0.60 "DELETE /resource_providers/224ff2db-a0a8-4b4d-9e51-a058014f210b" status: 404 len: 246 microversion: 1.1 [pid: 8|app: 0|req: 319/640] 10.0.0.60 () {34 vars in 815 bytes} [Thu Jul 16 01:35:56 2026] DELETE /resource_providers/224ff2db-a0a8-4b4d-9e51-a058014f210b => generated 246 bytes in 7 msecs (HTTP/1.1 404) 6 headers in 231 bytes (1 switches on core 0)
2026-07-16 01:35:57.014 7 INFO placement.requestlog [None req-704b7e5a-4a99-438e-9ad6-99b05b46d6f3 72b92a0e06994fd486c98a130ac8a590 0ad4bef3db524e84902e7dd66ab12816 - - 98c34ddb74bb4d01b74c7a1bc71b56e2 98c34ddb74bb4d01b74c7a1bc71b56e2] 10.0.0.60 "GET /resource_providers/224ff2db-a0a8-4b4d-9e51-a058014f210b/aggregates" status: 404 len: 235 microversion: 1.1 [pid: 7|app: 0|req: 322/641] 10.0.0.60 () {32 vars in 815 bytes} [Thu Jul 16 01:35:56 2026] GET /resource_providers/224ff2db-a0a8-4b4d-9e51-a058014f210b/aggregates => generated 235 bytes in 207 msecs (HTTP/1.1 404) 5 headers in 202 bytes (1 switches on core 0)
2026-07-16 01:35:57.035 8 INFO placement.requestlog [None req-b6268a93-6c4e-4700-97fd-4eef82b35473 72b92a0e06994fd486c98a130ac8a590 0ad4bef3db524e84902e7dd66ab12816 - - 98c34ddb74bb4d01b74c7a1bc71b56e2 98c34ddb74bb4d01b74c7a1bc71b56e2] 10.0.0.60 "DELETE /resource_providers/224ff2db-a0a8-4b4d-9e51-a058014f210b" status: 404 len: 246 microversion: 1.1 [pid: 8|app: 0|req: 320/642] 10.0.0.60 () {34 vars in 815 bytes} [Thu Jul 16 01:35:57 2026] DELETE /resource_providers/224ff2db-a0a8-4b4d-9e51-a058014f210b => generated 246 bytes in 10 msecs (HTTP/1.1 404) 6 headers in 231 bytes (1 switches on core 0)
2026-07-16 01:35:58.640 7 INFO placement.requestlog [req-5753b969-894f-45ae-bdd6-8f6c1b58dc5d req-d0e12c37-1167-4b1d-ab0d-31e823c00b5c c50346854e444372ac717349a14c8df4 0ad4bef3db524e84902e7dd66ab12816 - - 98c34ddb74bb4d01b74c7a1bc71b56e2 98c34ddb74bb4d01b74c7a1bc71b56e2] 199.204.45.222 "GET /resource_providers/d08c2117-450e-4fce-b1de-774db033c7b4/allocations" status: 200 len: 338 microversion: 1.0 [pid: 7|app: 0|req: 323/643] 199.204.45.222 () {32 vars in 857 bytes} [Thu Jul 16 01:35:58 2026] GET /resource_providers/d08c2117-450e-4fce-b1de-774db033c7b4/allocations => generated 338 bytes in 21 msecs (HTTP/1.1 200) 6 headers in 224 bytes (1 switches on core 0)
2026-07-16 01:35:58.662 8 INFO placement.requestlog [req-5753b969-894f-45ae-bdd6-8f6c1b58dc5d req-f6b0c6f3-88ed-4627-acc5-f0f288acbdbb c50346854e444372ac717349a14c8df4 0ad4bef3db524e84902e7dd66ab12816 - - 98c34ddb74bb4d01b74c7a1bc71b56e2 98c34ddb74bb4d01b74c7a1bc71b56e2] 199.204.45.222 "GET /allocations/2c2b4c6e-6c44-4432-9257-aa4e47ae1fb6" status: 200 len: 243 microversion: 1.28 [pid: 8|app: 0|req: 321/644] 199.204.45.222 () {34 vars in 863 bytes} [Thu Jul 16 01:35:58 2026] GET /allocations/2c2b4c6e-6c44-4432-9257-aa4e47ae1fb6 => generated 243 bytes in 17 msecs (HTTP/1.1 200) 8 headers in 296 bytes (1 switches on core 0)
2026-07-16 01:35:58.706 7 INFO placement.requestlog [req-5753b969-894f-45ae-bdd6-8f6c1b58dc5d req-c20d313b-82ab-4357-bf4d-2ca08351a8ce c50346854e444372ac717349a14c8df4 0ad4bef3db524e84902e7dd66ab12816 - - 98c34ddb74bb4d01b74c7a1bc71b56e2 98c34ddb74bb4d01b74c7a1bc71b56e2] 199.204.45.222 "GET /allocations/ba0f7a36-bfb5-4c00-b5e3-789e561f61e1" status: 200 len: 257 microversion: 1.28 [pid: 7|app: 0|req: 324/645] 199.204.45.222 () {34 vars in 863 bytes} [Thu Jul 16 01:35:58 2026] GET /allocations/ba0f7a36-bfb5-4c00-b5e3-789e561f61e1 => generated 257 bytes in 30 msecs (HTTP/1.1 200) 8 headers in 296 bytes (1 switches on core 0)
2026-07-16 01:35:58.722 8 INFO placement.requestlog [req-5753b969-894f-45ae-bdd6-8f6c1b58dc5d req-8b7925ad-d4e3-4d3f-9f28-7d3e821a2ce2 c50346854e444372ac717349a14c8df4 0ad4bef3db524e84902e7dd66ab12816 - - 98c34ddb74bb4d01b74c7a1bc71b56e2 98c34ddb74bb4d01b74c7a1bc71b56e2] 199.204.45.222 "GET /allocations/14d9afb8-f3a7-46f7-ab4a-9ce0fb5754c1" status: 200 len: 257 microversion: 1.28 [pid: 8|app: 0|req: 322/646] 199.204.45.222 () {34 vars in 863 bytes} [Thu Jul 16 01:35:58 2026] GET /allocations/14d9afb8-f3a7-46f7-ab4a-9ce0fb5754c1 => generated 257 bytes in 11 msecs (HTTP/1.1 200) 8 headers in 296 bytes (1 switches on core 0)
2026-07-16 01:36:02.549 7 INFO placement.requestlog [None req-921e6f8d-7122-4dfb-a31d-84099aaca6b1 - - - - - -] 10.0.0.27 "GET /" status: 200 len: 136 microversion: 1.0
2026-07-16 01:36:02.549 8 INFO placement.requestlog [None req-497280e4-b82b-43c2-81e3-ac90d06fbc6f - - - - - -] 10.0.0.27 "GET /" status: 200 len: 136 microversion: 1.0
2026-07-16 01:36:07.264 7 INFO placement.requestlog [None req-525ec5f1-2408-407c-aca9-6b4cd8a23cd0 72b92a0e06994fd486c98a130ac8a590 0ad4bef3db524e84902e7dd66ab12816 - - 98c34ddb74bb4d01b74c7a1bc71b56e2 98c34ddb74bb4d01b74c7a1bc71b56e2] 10.0.0.60 "GET /resource_providers/e2a1a34b-98d0-4f9f-ae36-6e79550d6b87/aggregates" status: 404 len: 235 microversion: 1.1 [pid: 7|app: 0|req: 326/649] 10.0.0.60 () {32 vars in 815 bytes} [Thu Jul 16 01:36:07 2026] GET /resource_providers/e2a1a34b-98d0-4f9f-ae36-6e79550d6b87/aggregates => generated 235 bytes in 8 msecs (HTTP/1.1 404) 5 headers in 202 bytes (1 switches on core 0)
2026-07-16 01:36:07.267 8 INFO placement.requestlog [None req-af46b788-3e41-42e3-bb8f-6fb0fd9a10ab 72b92a0e06994fd486c98a130ac8a590 0ad4bef3db524e84902e7dd66ab12816 - - 98c34ddb74bb4d01b74c7a1bc71b56e2 98c34ddb74bb4d01b74c7a1bc71b56e2] 10.0.0.60 "GET /resource_providers/e2a1a34b-98d0-4f9f-ae36-6e79550d6b87/aggregates" status: 404 len: 235 microversion: 1.1 [pid: 8|app: 0|req: 324/650] 10.0.0.60 () {32 vars in 815 bytes} [Thu Jul 16 01:36:07 2026] GET /resource_providers/e2a1a34b-98d0-4f9f-ae36-6e79550d6b87/aggregates => generated 235 bytes in 9 msecs (HTTP/1.1 404) 5 headers in 202 bytes (1 switches on core 0)
2026-07-16 01:36:07.288 7 INFO placement.requestlog [None req-aa4429c2-d6ce-4fba-90b7-e9514a2d88b1 72b92a0e06994fd486c98a130ac8a590 0ad4bef3db524e84902e7dd66ab12816 - - 98c34ddb74bb4d01b74c7a1bc71b56e2 98c34ddb74bb4d01b74c7a1bc71b56e2] 10.0.0.60 "DELETE /resource_providers/e2a1a34b-98d0-4f9f-ae36-6e79550d6b87" status: 404 len: 246 microversion: 1.1 [pid: 7|app: 0|req: 327/651] 10.0.0.60 () {34 vars in 815 bytes} [Thu Jul 16 01:36:07 2026] DELETE /resource_providers/e2a1a34b-98d0-4f9f-ae36-6e79550d6b87 => generated 246 bytes in 6 msecs (HTTP/1.1 404) 6 headers in 231 bytes (1 switches on core 0)
2026-07-16 01:36:07.291 8 INFO placement.requestlog [None req-5b74e4f5-eeb3-4bb0-8218-d3b2f3b1953b 72b92a0e06994fd486c98a130ac8a590 0ad4bef3db524e84902e7dd66ab12816 - - 98c34ddb74bb4d01b74c7a1bc71b56e2 98c34ddb74bb4d01b74c7a1bc71b56e2] 10.0.0.60 "DELETE /resource_providers/e2a1a34b-98d0-4f9f-ae36-6e79550d6b87" status: 404 len: 246 microversion: 1.1 [pid: 8|app: 0|req: 325/652] 10.0.0.60 () {34 vars in 815 bytes} [Thu Jul 16 01:36:07 2026] DELETE /resource_providers/e2a1a34b-98d0-4f9f-ae36-6e79550d6b87 => generated 246 bytes in 8 msecs (HTTP/1.1 404) 6 headers in 231 bytes (1 switches on core 0)
2026-07-16 01:36:09.308 8 INFO placement.requestlog [None req-0b40c63f-4762-444e-9fcd-1d935c283bd4 72b92a0e06994fd486c98a130ac8a590 0ad4bef3db524e84902e7dd66ab12816 - - 98c34ddb74bb4d01b74c7a1bc71b56e2 98c34ddb74bb4d01b74c7a1bc71b56e2] 10.0.0.60 "GET /resource_providers/d80a9413-9e91-4138-9012-8d6ae171722b/aggregates" status: 404 len: 235 microversion: 1.1 [pid: 8|app: 0|req: 326/653] 10.0.0.60 () {32 vars in 815 bytes} [Thu Jul 16 01:36:09 2026] GET /resource_providers/d80a9413-9e91-4138-9012-8d6ae171722b/aggregates => generated 235 bytes in 9 msecs (HTTP/1.1 404) 5 headers in 202 bytes (1 switches on core 0)
2026-07-16 01:36:09.311 7 INFO placement.requestlog [None req-0a24a520-ea13-4f2c-af73-31af60c7aa02 72b92a0e06994fd486c98a130ac8a590 0ad4bef3db524e84902e7dd66ab12816 - - 98c34ddb74bb4d01b74c7a1bc71b56e2 98c34ddb74bb4d01b74c7a1bc71b56e2] 10.0.0.60 "GET /resource_providers/d80a9413-9e91-4138-9012-8d6ae171722b/aggregates" status: 404 len: 235 microversion: 1.1 [pid: 7|app: 0|req: 328/654] 10.0.0.60 () {32 vars in 815 bytes} [Thu Jul 16 01:36:09 2026] GET /resource_providers/d80a9413-9e91-4138-9012-8d6ae171722b/aggregates => generated 235 bytes in 16 msecs (HTTP/1.1 404) 5 headers in 202 bytes (1 switches on core 0)
2026-07-16 01:36:09.332 8 INFO placement.requestlog [None req-6cae8915-7f10-47db-9cb4-d72df6c60cad 72b92a0e06994fd486c98a130ac8a590 0ad4bef3db524e84902e7dd66ab12816 - - 98c34ddb74bb4d01b74c7a1bc71b56e2 98c34ddb74bb4d01b74c7a1bc71b56e2] 10.0.0.60 "DELETE /resource_providers/d80a9413-9e91-4138-9012-8d6ae171722b" status: 404 len: 246 microversion: 1.1 [pid: 8|app: 0|req: 327/655] 10.0.0.60 () {34 vars in 815 bytes} [Thu Jul 16 01:36:09 2026] DELETE /resource_providers/d80a9413-9e91-4138-9012-8d6ae171722b => generated 246 bytes in 12 msecs (HTTP/1.1 404) 6 headers in 231 bytes (1 switches on core 0)
2026-07-16 01:36:09.349 7 INFO placement.requestlog [None req-d03a14d5-90ac-4751-a0de-e0a27c694aa2 72b92a0e06994fd486c98a130ac8a590 0ad4bef3db524e84902e7dd66ab12816 - - 98c34ddb74bb4d01b74c7a1bc71b56e2 98c34ddb74bb4d01b74c7a1bc71b56e2] 10.0.0.60 "DELETE /resource_providers/d80a9413-9e91-4138-9012-8d6ae171722b" status: 404 len: 246 microversion: 1.1 [pid: 7|app: 0|req: 329/656] 10.0.0.60 () {34 vars in 815 bytes} [Thu Jul 16 01:36:09 2026] DELETE /resource_providers/d80a9413-9e91-4138-9012-8d6ae171722b => generated 246 bytes in 21 msecs (HTTP/1.1 404) 6 headers in 231 bytes (1 switches on core 0)
2026-07-16 01:36:12.549 7 INFO placement.requestlog [None req-7b758440-c0c3-43a0-8f18-de76410ef318 - - - - - -] 10.0.0.27 "GET /" status: 200 len: 136 microversion: 1.0
2026-07-16 01:36:12.550 8 INFO placement.requestlog [None req-7059c0cc-43cd-4180-b7e4-f5ceb09dc152 - - - - - -] 10.0.0.27 "GET /" status: 200 len: 136 microversion: 1.0
2026-07-16 01:36:15.247 7 INFO placement.requestlog [req-9788ae6f-e904-4e41-88aa-4e98ebfea721 req-a3999b36-057d-4f9e-a236-b24dd0464471 c50346854e444372ac717349a14c8df4 0ad4bef3db524e84902e7dd66ab12816 - - 98c34ddb74bb4d01b74c7a1bc71b56e2 98c34ddb74bb4d01b74c7a1bc71b56e2] 10.0.0.67 "GET /allocation_candidates?limit=1000&resources=DISK_GB%3A1%2CMEMORY_MB%3A512%2CVCPU%3A1&root_required=%21COMPUTE_STATUS_DISABLED" status: 200 len: 2643 microversion: 1.36 [pid: 7|app: 0|req: 331/659] 10.0.0.67 () {34 vars in 1011 bytes} [Thu Jul 16 01:36:15 2026] GET /allocation_candidates?limit=1000&resources=DISK_GB%3A1%2CMEMORY_MB%3A512%2CVCPU%3A1&root_required=%21COMPUTE_STATUS_DISABLED => generated 2643 bytes in 48 msecs (HTTP/1.1 200) 8 headers in 297 bytes (1 switches on core 0)
2026-07-16 01:36:15.290 8 INFO placement.requestlog [req-9788ae6f-e904-4e41-88aa-4e98ebfea721 req-625b8087-8aa0-4229-8fef-da19a4cf7e12 c50346854e444372ac717349a14c8df4 0ad4bef3db524e84902e7dd66ab12816 - - 98c34ddb74bb4d01b74c7a1bc71b56e2 98c34ddb74bb4d01b74c7a1bc71b56e2] 10.0.0.67 "GET /allocations/5806619a-5c30-4400-8b66-c8895f0c5264" status: 200 len: 19 microversion: 1.28 [pid: 8|app: 0|req: 329/660] 10.0.0.67 () {34 vars in 860 bytes} [Thu Jul 16 01:36:15 2026] GET /allocations/5806619a-5c30-4400-8b66-c8895f0c5264 => generated 19 bytes in 13 msecs (HTTP/1.1 200) 8 headers in 295 bytes (1 switches on core 0)
2026-07-16 01:36:15.363 7 INFO placement.requestlog [req-9788ae6f-e904-4e41-88aa-4e98ebfea721 req-0208d889-a298-46fe-a7bc-a4961e3359af c50346854e444372ac717349a14c8df4 0ad4bef3db524e84902e7dd66ab12816 - - 98c34ddb74bb4d01b74c7a1bc71b56e2 98c34ddb74bb4d01b74c7a1bc71b56e2] 10.0.0.67 "PUT /allocations/5806619a-5c30-4400-8b66-c8895f0c5264" status: 204 len: 0 microversion: 1.36 [pid: 7|app: 0|req: 332/661] 10.0.0.67 () {38 vars in 913 bytes} [Thu Jul 16 01:36:15 2026] PUT /allocations/5806619a-5c30-4400-8b66-c8895f0c5264 => generated 0 bytes in 66 msecs (HTTP/1.1 204) 5 headers in 199 bytes (1 switches on core 0)
2026-07-16 01:36:16.047 8 INFO placement.requestlog [req-f7a56ee8-26c7-4fd9-8e85-869d833c40db req-0763fd81-bf1b-4fe6-bf06-20f9b69c39cf c50346854e444372ac717349a14c8df4 0ad4bef3db524e84902e7dd66ab12816 - - 98c34ddb74bb4d01b74c7a1bc71b56e2 98c34ddb74bb4d01b74c7a1bc71b56e2] 199.204.45.222 "GET /resource_providers/d08c2117-450e-4fce-b1de-774db033c7b4/allocations" status: 200 len: 438 microversion: 1.0 [pid: 8|app: 0|req: 330/662] 199.204.45.222 () {32 vars in 857 bytes} [Thu Jul 16 01:36:16 2026] GET /resource_providers/d08c2117-450e-4fce-b1de-774db033c7b4/allocations => generated 438 bytes in 25 msecs (HTTP/1.1 200) 6 headers in 224 bytes (1 switches on core 0)
2026-07-16 01:36:16.076 7 INFO placement.requestlog [req-f7a56ee8-26c7-4fd9-8e85-869d833c40db req-0d1029c1-46b5-450d-ba5f-9954c9abb637 c50346854e444372ac717349a14c8df4 0ad4bef3db524e84902e7dd66ab12816 - - 98c34ddb74bb4d01b74c7a1bc71b56e2 98c34ddb74bb4d01b74c7a1bc71b56e2] 199.204.45.222 "GET /allocations/2c2b4c6e-6c44-4432-9257-aa4e47ae1fb6" status: 200 len: 243 microversion: 1.28 [pid: 7|app: 0|req: 333/663] 199.204.45.222 () {34 vars in 863 bytes} [Thu Jul 16 01:36:16 2026] GET /allocations/2c2b4c6e-6c44-4432-9257-aa4e47ae1fb6 => generated 243 bytes in 25 msecs (HTTP/1.1 200) 8 headers in 296 bytes (1 switches on core 0)
2026-07-16 01:36:16.097 8 INFO placement.requestlog [req-f7a56ee8-26c7-4fd9-8e85-869d833c40db req-920c4f26-b9e4-42f2-ae54-970facc6ea0d c50346854e444372ac717349a14c8df4 0ad4bef3db524e84902e7dd66ab12816 - - 98c34ddb74bb4d01b74c7a1bc71b56e2 98c34ddb74bb4d01b74c7a1bc71b56e2] 199.204.45.222 "GET /allocations/5806619a-5c30-4400-8b66-c8895f0c5264" status: 200 len: 257 microversion: 1.28 [pid: 8|app: 0|req: 331/664] 199.204.45.222 () {34 vars in 863 bytes} [Thu Jul 16 01:36:16 2026] GET /allocations/5806619a-5c30-4400-8b66-c8895f0c5264 => generated 257 bytes in 15 msecs (HTTP/1.1 200) 8 headers in 296 bytes (1 switches on core 0)
2026-07-16 01:36:16.118 7 INFO placement.requestlog [req-f7a56ee8-26c7-4fd9-8e85-869d833c40db req-5fc10e20-2a27-4f52-bee8-cb33b5c3561d c50346854e444372ac717349a14c8df4 0ad4bef3db524e84902e7dd66ab12816 - - 98c34ddb74bb4d01b74c7a1bc71b56e2 98c34ddb74bb4d01b74c7a1bc71b56e2] 199.204.45.222 "GET /allocations/ba0f7a36-bfb5-4c00-b5e3-789e561f61e1" status: 200 len: 257 microversion: 1.28 [pid: 7|app: 0|req: 334/665] 199.204.45.222 () {34 vars in 863 bytes} [Thu Jul 16 01:36:16 2026] GET /allocations/ba0f7a36-bfb5-4c00-b5e3-789e561f61e1 => generated 257 bytes in 19 msecs (HTTP/1.1 200) 8 headers in 296 bytes (1 switches on core 0)
2026-07-16 01:36:16.137 8 INFO placement.requestlog [req-f7a56ee8-26c7-4fd9-8e85-869d833c40db req-48c8a220-f016-4b84-9edb-508ee52c68ee c50346854e444372ac717349a14c8df4 0ad4bef3db524e84902e7dd66ab12816 - - 98c34ddb74bb4d01b74c7a1bc71b56e2 98c34ddb74bb4d01b74c7a1bc71b56e2] 199.204.45.222 "GET /allocations/14d9afb8-f3a7-46f7-ab4a-9ce0fb5754c1" status: 200 len: 257 microversion: 1.28 [pid: 8|app: 0|req: 332/666] 199.204.45.222 () {34 vars in 863 bytes} [Thu Jul 16 01:36:16 2026] GET /allocations/14d9afb8-f3a7-46f7-ab4a-9ce0fb5754c1 => generated 257 bytes in 10 msecs (HTTP/1.1 200) 8 headers in 296 bytes (1 switches on core 0)
2026-07-16 01:36:16.865 7 INFO placement.requestlog [req-9788ae6f-e904-4e41-88aa-4e98ebfea721 req-06a70e88-8a09-4c8d-ad0f-c0601b0b2763 c50346854e444372ac717349a14c8df4 0ad4bef3db524e84902e7dd66ab12816 - - 98c34ddb74bb4d01b74c7a1bc71b56e2 98c34ddb74bb4d01b74c7a1bc71b56e2] 199.204.45.222 "GET /allocations/5806619a-5c30-4400-8b66-c8895f0c5264" status: 200 len: 257 microversion: 1.28 [pid: 7|app: 0|req: 335/667] 199.204.45.222 () {34 vars in 863 bytes} [Thu Jul 16 01:36:16 2026] GET /allocations/5806619a-5c30-4400-8b66-c8895f0c5264 => generated 257 bytes in 31 msecs (HTTP/1.1 200) 8 headers in 296 bytes (1 switches on core 0)
2026-07-16 01:36:17.195 8 INFO placement.requestlog [req-f7a56ee8-26c7-4fd9-8e85-869d833c40db req-32d5ba0c-deea-4a47-8d9f-ab4a61574b89 c50346854e444372ac717349a14c8df4 0ad4bef3db524e84902e7dd66ab12816 - - 98c34ddb74bb4d01b74c7a1bc71b56e2 98c34ddb74bb4d01b74c7a1bc71b56e2] 199.204.45.222 "DELETE /allocations/ba0f7a36-bfb5-4c00-b5e3-789e561f61e1" status: 204 len: 0 microversion: 1.0 [pid: 8|app: 0|req: 333/668] 199.204.45.222 () {34 vars in 841 bytes} [Thu Jul 16 01:36:17 2026] DELETE /allocations/ba0f7a36-bfb5-4c00-b5e3-789e561f61e1 => generated 0 bytes in 32 msecs (HTTP/1.1 204) 5 headers in 198 bytes (1 switches on core 0)
2026-07-16 01:36:18.205 7 INFO placement.requestlog [req-9788ae6f-e904-4e41-88aa-4e98ebfea721 req-f5fde5ba-a3d4-4673-8181-57a78d2532f8 c50346854e444372ac717349a14c8df4 0ad4bef3db524e84902e7dd66ab12816 - - 98c34ddb74bb4d01b74c7a1bc71b56e2 98c34ddb74bb4d01b74c7a1bc71b56e2] 199.204.45.222 "GET /resource_providers/d08c2117-450e-4fce-b1de-774db033c7b4/allocations" status: 200 len: 338 microversion: 1.0 [pid: 7|app: 0|req: 336/669] 199.204.45.222 () {32 vars in 857 bytes} [Thu Jul 16 01:36:18 2026] GET /resource_providers/d08c2117-450e-4fce-b1de-774db033c7b4/allocations => generated 338 bytes in 17 msecs (HTTP/1.1 200) 6 headers in 224 bytes (1 switches on core 0)
2026-07-16 01:36:18.229 8 INFO placement.requestlog [req-9788ae6f-e904-4e41-88aa-4e98ebfea721 req-ae903e5f-c7f4-4c14-aac9-6facb32a433e c50346854e444372ac717349a14c8df4 0ad4bef3db524e84902e7dd66ab12816 - - 98c34ddb74bb4d01b74c7a1bc71b56e2 98c34ddb74bb4d01b74c7a1bc71b56e2] 199.204.45.222 "GET /allocations/2c2b4c6e-6c44-4432-9257-aa4e47ae1fb6" status: 200 len: 243 microversion: 1.28 [pid: 8|app: 0|req: 334/670] 199.204.45.222 () {34 vars in 863 bytes} [Thu Jul 16 01:36:18 2026] GET /allocations/2c2b4c6e-6c44-4432-9257-aa4e47ae1fb6 => generated 243 bytes in 14 msecs (HTTP/1.1 200) 8 headers in 296 bytes (1 switches on core 0)
2026-07-16 01:36:18.248 7 INFO placement.requestlog [req-9788ae6f-e904-4e41-88aa-4e98ebfea721 req-aa288fae-dc61-4d64-b9bb-c2e83c64be85 c50346854e444372ac717349a14c8df4 0ad4bef3db524e84902e7dd66ab12816 - - 98c34ddb74bb4d01b74c7a1bc71b56e2 98c34ddb74bb4d01b74c7a1bc71b56e2] 199.204.45.222 "GET /allocations/5806619a-5c30-4400-8b66-c8895f0c5264" status: 200 len: 257 microversion: 1.28 [pid: 7|app: 0|req: 337/671] 199.204.45.222 () {34 vars in 863 bytes} [Thu Jul 16 01:36:18 2026] GET /allocations/5806619a-5c30-4400-8b66-c8895f0c5264 => generated 257 bytes in 13 msecs (HTTP/1.1 200) 8 headers in 296 bytes (1 switches on core 0)
2026-07-16 01:36:18.263 8 INFO placement.requestlog [req-9788ae6f-e904-4e41-88aa-4e98ebfea721 req-67314150-d85b-4a71-80f9-1f1d1e40e1ae c50346854e444372ac717349a14c8df4 0ad4bef3db524e84902e7dd66ab12816 - - 98c34ddb74bb4d01b74c7a1bc71b56e2 98c34ddb74bb4d01b74c7a1bc71b56e2] 199.204.45.222 "GET /allocations/14d9afb8-f3a7-46f7-ab4a-9ce0fb5754c1" status: 200 len: 257 microversion: 1.28 [pid: 8|app: 0|req: 335/672] 199.204.45.222 () {34 vars in 863 bytes} [Thu Jul 16 01:36:18 2026] GET /allocations/14d9afb8-f3a7-46f7-ab4a-9ce0fb5754c1 => generated 257 bytes in 11 msecs (HTTP/1.1 200) 8 headers in 296 bytes (1 switches on core 0)
2026-07-16 01:36:19.626 7 INFO placement.requestlog [req-073eb439-10c6-44b4-aaa0-0d665cfc8846 req-7123a24c-b416-4b12-8122-1a351102a40d c50346854e444372ac717349a14c8df4 0ad4bef3db524e84902e7dd66ab12816 - - 98c34ddb74bb4d01b74c7a1bc71b56e2 98c34ddb74bb4d01b74c7a1bc71b56e2] 199.204.45.222 "GET /resource_providers/d08c2117-450e-4fce-b1de-774db033c7b4/allocations" status: 200 len: 338 microversion: 1.0 [pid: 7|app: 0|req: 338/673] 199.204.45.222 () {32 vars in 857 bytes} [Thu Jul 16 01:36:19 2026] GET /resource_providers/d08c2117-450e-4fce-b1de-774db033c7b4/allocations => generated 338 bytes in 20 msecs (HTTP/1.1 200) 6 headers in 224 bytes (1 switches on core 0)
2026-07-16 01:36:19.644 8 INFO placement.requestlog [req-073eb439-10c6-44b4-aaa0-0d665cfc8846 req-46b13d4a-9978-4837-89f8-9cdc1886d65a c50346854e444372ac717349a14c8df4 0ad4bef3db524e84902e7dd66ab12816 - - 98c34ddb74bb4d01b74c7a1bc71b56e2 98c34ddb74bb4d01b74c7a1bc71b56e2] 199.204.45.222 "GET /allocations/2c2b4c6e-6c44-4432-9257-aa4e47ae1fb6" status: 200 len: 243 microversion: 1.28 [pid: 8|app: 0|req: 336/674] 199.204.45.222 () {34 vars in 863 bytes} [Thu Jul 16 01:36:19 2026] GET /allocations/2c2b4c6e-6c44-4432-9257-aa4e47ae1fb6 => generated 243 bytes in 13 msecs (HTTP/1.1 200) 8 headers in 296 bytes (1 switches on core 0)
2026-07-16 01:36:19.665 7 INFO placement.requestlog [req-073eb439-10c6-44b4-aaa0-0d665cfc8846 req-59a0aab9-fa95-4a1f-a941-00d91bd37322 c50346854e444372ac717349a14c8df4 0ad4bef3db524e84902e7dd66ab12816 - - 98c34ddb74bb4d01b74c7a1bc71b56e2 98c34ddb74bb4d01b74c7a1bc71b56e2] 199.204.45.222 "GET /allocations/5806619a-5c30-4400-8b66-c8895f0c5264" status: 200 len: 257 microversion: 1.28 [pid: 7|app: 0|req: 339/675] 199.204.45.222 () {34 vars in 863 bytes} [Thu Jul 16 01:36:19 2026] GET /allocations/5806619a-5c30-4400-8b66-c8895f0c5264 => generated 257 bytes in 14 msecs (HTTP/1.1 200) 8 headers in 296 bytes (1 switches on core 0)
2026-07-16 01:36:19.683 8 INFO placement.requestlog [req-073eb439-10c6-44b4-aaa0-0d665cfc8846 req-e6ad5c95-8694-483e-9d51-8a02eef31b3c c50346854e444372ac717349a14c8df4 0ad4bef3db524e84902e7dd66ab12816 - - 98c34ddb74bb4d01b74c7a1bc71b56e2 98c34ddb74bb4d01b74c7a1bc71b56e2] 199.204.45.222 "GET /allocations/14d9afb8-f3a7-46f7-ab4a-9ce0fb5754c1" status: 200 len: 257 microversion: 1.28 [pid: 8|app: 0|req: 337/676] 199.204.45.222 () {34 vars in 863 bytes} [Thu Jul 16 01:36:19 2026] GET /allocations/14d9afb8-f3a7-46f7-ab4a-9ce0fb5754c1 => generated 257 bytes in 12 msecs (HTTP/1.1 200) 8 headers in 296 bytes (1 switches on core 0)
2026-07-16 01:36:20.754 7 INFO placement.requestlog [req-073eb439-10c6-44b4-aaa0-0d665cfc8846 req-70974edf-88be-4da0-8742-7977eda0df76 c50346854e444372ac717349a14c8df4 0ad4bef3db524e84902e7dd66ab12816 - - 98c34ddb74bb4d01b74c7a1bc71b56e2 98c34ddb74bb4d01b74c7a1bc71b56e2] 199.204.45.222 "DELETE /allocations/2c2b4c6e-6c44-4432-9257-aa4e47ae1fb6" status: 204 len: 0 microversion: 1.0 [pid: 7|app: 0|req: 340/677] 199.204.45.222 () {34 vars in 841 bytes} [Thu Jul 16 01:36:20 2026] DELETE /allocations/2c2b4c6e-6c44-4432-9257-aa4e47ae1fb6 => generated 0 bytes in 38 msecs (HTTP/1.1 204) 5 headers in 198 bytes (1 switches on core 0)
2026-07-16 01:36:21.089 8 INFO placement.requestlog [None req-e9be4bd4-d006-42f1-a794-0f16d7f82d60 72b92a0e06994fd486c98a130ac8a590 0ad4bef3db524e84902e7dd66ab12816 - - 98c34ddb74bb4d01b74c7a1bc71b56e2 98c34ddb74bb4d01b74c7a1bc71b56e2] 10.0.0.60 "GET /resource_providers/2e334f2a-19a5-4de2-8672-7c9175cb6b7a/aggregates" status: 404 len: 235 microversion: 1.1
2026-07-16 01:36:21.089 7 INFO placement.requestlog [None req-834298c0-5878-49fc-abb0-730c4c511d9f 72b92a0e06994fd486c98a130ac8a590 0ad4bef3db524e84902e7dd66ab12816 - - 98c34ddb74bb4d01b74c7a1bc71b56e2 98c34ddb74bb4d01b74c7a1bc71b56e2] 10.0.0.60 "GET /resource_providers/2e334f2a-19a5-4de2-8672-7c9175cb6b7a/aggregates" status: 404 len: 235 microversion: 1.1 [pid: 8|app: 0|req: 338/679] 10.0.0.60 () {32 vars in 815 bytes} [Thu Jul 16 01:36:21 2026] GET /resource_providers/2e334f2a-19a5-4de2-8672-7c9175cb6b7a/aggregates => generated 235 bytes in 10 msecs (HTTP/1.1 404) 5 headers in 202 bytes (1 switches on core 0) [pid: 7|app: 0|req: 341/679] 10.0.0.60 () {32 vars in 815 bytes} [Thu Jul 16 01:36:21 2026] GET /resource_providers/2e334f2a-19a5-4de2-8672-7c9175cb6b7a/aggregates => generated 235 bytes in 10 msecs (HTTP/1.1 404) 5 headers in 202 bytes (1 switches on core 0)
2026-07-16 01:36:21.113 7 INFO placement.requestlog [None req-cd933389-f26f-466b-af9e-bd566178ee1f 72b92a0e06994fd486c98a130ac8a590 0ad4bef3db524e84902e7dd66ab12816 - - 98c34ddb74bb4d01b74c7a1bc71b56e2 98c34ddb74bb4d01b74c7a1bc71b56e2] 10.0.0.60 "DELETE /resource_providers/2e334f2a-19a5-4de2-8672-7c9175cb6b7a" status: 404 len: 246 microversion: 1.1 [pid: 7|app: 0|req: 342/680] 10.0.0.60 () {34 vars in 815 bytes} [Thu Jul 16 01:36:21 2026] DELETE /resource_providers/2e334f2a-19a5-4de2-8672-7c9175cb6b7a => generated 246 bytes in 8 msecs (HTTP/1.1 404) 6 headers in 231 bytes (1 switches on core 0)
2026-07-16 01:36:21.115 8 INFO placement.requestlog [None req-8764eeb8-74cb-455d-a7fe-3029423a60ca 72b92a0e06994fd486c98a130ac8a590 0ad4bef3db524e84902e7dd66ab12816 - - 98c34ddb74bb4d01b74c7a1bc71b56e2 98c34ddb74bb4d01b74c7a1bc71b56e2] 10.0.0.60 "DELETE /resource_providers/2e334f2a-19a5-4de2-8672-7c9175cb6b7a" status: 404 len: 246 microversion: 1.1 [pid: 8|app: 0|req: 339/681] 10.0.0.60 () {34 vars in 815 bytes} [Thu Jul 16 01:36:21 2026] DELETE /resource_providers/2e334f2a-19a5-4de2-8672-7c9175cb6b7a => generated 246 bytes in 10 msecs (HTTP/1.1 404) 6 headers in 231 bytes (1 switches on core 0)
2026-07-16 01:36:22.549 8 INFO placement.requestlog [None req-e527f6ec-9005-489b-80e0-fb1018422819 - - - - - -] 10.0.0.27 "GET /" status: 200 len: 136 microversion: 1.0
2026-07-16 01:36:22.549 7 INFO placement.requestlog [None req-42441f63-ebcd-4cbf-a7a3-1cd0bab61de1 - - - - - -] 10.0.0.27 "GET /" status: 200 len: 136 microversion: 1.0
