2026-07-25 05:02:14.064 8 INFO placement.requestlog [req-5ab2b612-a151-4721-afff-761e90cdeb44 req-8906721a-9111-4b47-8dd5-f631a951cb29 97055b2f8fbc47b0a834ee9bcff8da89 aea1f76454bc4048b6f4ddb309e129bd - - 036539478bef46bfb67ade26aa3bdb66 036539478bef46bfb67ade26aa3bdb66] 199.204.45.223 "GET /allocations/fcc9da45-63f7-4734-8fa3-02e3c100d7c8" status: 200 len: 257 microversion: 1.28 [pid: 8|app: 0|req: 191/382] 199.204.45.223 () {34 vars in 863 bytes} [Sat Jul 25 05:02:14 2026] GET /allocations/fcc9da45-63f7-4734-8fa3-02e3c100d7c8 => generated 257 bytes in 10 msecs (HTTP/1.1 200) 8 headers in 296 bytes (1 switches on core 0)
2026-07-25 05:02:15.121 7 INFO placement.requestlog [req-5ab2b612-a151-4721-afff-761e90cdeb44 req-75ce786f-7e9b-4ddf-836c-55bb377d47f6 97055b2f8fbc47b0a834ee9bcff8da89 aea1f76454bc4048b6f4ddb309e129bd - - 036539478bef46bfb67ade26aa3bdb66 036539478bef46bfb67ade26aa3bdb66] 199.204.45.223 "GET /resource_providers/9bd69608-6660-4fd9-ba0a-ee25eb89f986/allocations" status: 200 len: 152 microversion: 1.0 [pid: 7|app: 0|req: 192/383] 199.204.45.223 () {32 vars in 857 bytes} [Sat Jul 25 05:02:15 2026] GET /resource_providers/9bd69608-6660-4fd9-ba0a-ee25eb89f986/allocations => generated 152 bytes in 31 msecs (HTTP/1.1 200) 6 headers in 224 bytes (1 switches on core 0)
2026-07-25 05:02:15.144 8 INFO placement.requestlog [req-5ab2b612-a151-4721-afff-761e90cdeb44 req-39e8eb8a-0683-4971-a553-c27b5f8c8001 97055b2f8fbc47b0a834ee9bcff8da89 aea1f76454bc4048b6f4ddb309e129bd - - 036539478bef46bfb67ade26aa3bdb66 036539478bef46bfb67ade26aa3bdb66] 199.204.45.223 "GET /allocations/fcc9da45-63f7-4734-8fa3-02e3c100d7c8" status: 200 len: 257 microversion: 1.28 [pid: 8|app: 0|req: 192/384] 199.204.45.223 () {34 vars in 863 bytes} [Sat Jul 25 05:02:15 2026] GET /allocations/fcc9da45-63f7-4734-8fa3-02e3c100d7c8 => generated 257 bytes in 18 msecs (HTTP/1.1 200) 8 headers in 296 bytes (1 switches on core 0)
2026-07-25 05:02:15.823 7 INFO placement.requestlog [None req-3b3f20d2-2192-44d4-9ef3-f80a6200ae1c 7e179d763a6c42ce9ed15742d0a2fa16 aea1f76454bc4048b6f4ddb309e129bd - - 036539478bef46bfb67ade26aa3bdb66 036539478bef46bfb67ade26aa3bdb66] 10.0.0.26 "GET /resource_providers/d9ff6d3a-681f-4a2f-9a08-370b6a540a73/aggregates" status: 404 len: 235 microversion: 1.1 [pid: 7|app: 0|req: 193/385] 10.0.0.26 () {32 vars in 815 bytes} [Sat Jul 25 05:02:15 2026] GET /resource_providers/d9ff6d3a-681f-4a2f-9a08-370b6a540a73/aggregates => generated 235 bytes in 81 msecs (HTTP/1.1 404) 5 headers in 202 bytes (1 switches on core 0)
2026-07-25 05:02:15.846 7 INFO placement.requestlog [None req-32e58e72-efd7-4113-aa44-16c89ebc4a48 7e179d763a6c42ce9ed15742d0a2fa16 aea1f76454bc4048b6f4ddb309e129bd - - 036539478bef46bfb67ade26aa3bdb66 036539478bef46bfb67ade26aa3bdb66] 10.0.0.26 "DELETE /resource_providers/d9ff6d3a-681f-4a2f-9a08-370b6a540a73" status: 404 len: 246 microversion: 1.1 [pid: 7|app: 0|req: 194/386] 10.0.0.26 () {34 vars in 815 bytes} [Sat Jul 25 05:02:15 2026] DELETE /resource_providers/d9ff6d3a-681f-4a2f-9a08-370b6a540a73 => generated 246 bytes in 17 msecs (HTTP/1.1 404) 6 headers in 231 bytes (1 switches on core 0)
2026-07-25 05:02:16.263 8 INFO placement.requestlog [None req-d506e4cc-5623-4b95-b94d-d122486122a4 7e179d763a6c42ce9ed15742d0a2fa16 aea1f76454bc4048b6f4ddb309e129bd - - 036539478bef46bfb67ade26aa3bdb66 036539478bef46bfb67ade26aa3bdb66] 10.0.0.26 "GET /resource_providers/d9ff6d3a-681f-4a2f-9a08-370b6a540a73/aggregates" status: 404 len: 235 microversion: 1.1 [pid: 8|app: 0|req: 193/387] 10.0.0.26 () {32 vars in 815 bytes} [Sat Jul 25 05:02:15 2026] GET /resource_providers/d9ff6d3a-681f-4a2f-9a08-370b6a540a73/aggregates => generated 235 bytes in 491 msecs (HTTP/1.1 404) 5 headers in 202 bytes (1 switches on core 0)
2026-07-25 05:02:16.436 7 INFO placement.requestlog [None req-cb06e3a0-8c11-4c0a-953c-272063082086 7e179d763a6c42ce9ed15742d0a2fa16 aea1f76454bc4048b6f4ddb309e129bd - - 036539478bef46bfb67ade26aa3bdb66 036539478bef46bfb67ade26aa3bdb66] 10.0.0.26 "GET /resource_providers/b229dd9e-0192-4cd5-a921-2a88bb1918f3/aggregates" status: 404 len: 235 microversion: 1.1 [pid: 7|app: 0|req: 195/388] 10.0.0.26 () {32 vars in 815 bytes} [Sat Jul 25 05:02:16 2026] GET /resource_providers/b229dd9e-0192-4cd5-a921-2a88bb1918f3/aggregates => generated 235 bytes in 196 msecs (HTTP/1.1 404) 5 headers in 202 bytes (1 switches on core 0)
2026-07-25 05:02:16.445 8 INFO placement.requestlog [None req-c8c870a9-4f20-48d0-9c87-435d5c97194e 7e179d763a6c42ce9ed15742d0a2fa16 aea1f76454bc4048b6f4ddb309e129bd - - 036539478bef46bfb67ade26aa3bdb66 036539478bef46bfb67ade26aa3bdb66] 10.0.0.26 "GET /resource_providers/b229dd9e-0192-4cd5-a921-2a88bb1918f3/aggregates" status: 404 len: 235 microversion: 1.1
2026-07-25 05:02:16.445 7 INFO placement.requestlog [None req-c0a64435-4e61-4bc2-8a27-9e9263fb6549 7e179d763a6c42ce9ed15742d0a2fa16 aea1f76454bc4048b6f4ddb309e129bd - - 036539478bef46bfb67ade26aa3bdb66 036539478bef46bfb67ade26aa3bdb66] 10.0.0.26 "DELETE /resource_providers/d9ff6d3a-681f-4a2f-9a08-370b6a540a73" status: 404 len: 246 microversion: 1.1 [pid: 8|app: 0|req: 194/390] 10.0.0.26 () {32 vars in 815 bytes} [Sat Jul 25 05:02:16 2026] GET /resource_providers/b229dd9e-0192-4cd5-a921-2a88bb1918f3/aggregates => generated 235 bytes in 181 msecs (HTTP/1.1 404) 5 headers in 202 bytes (1 switches on core 0) [pid: 7|app: 0|req: 196/390] 10.0.0.26 () {34 vars in 815 bytes} [Sat Jul 25 05:02:16 2026] DELETE /resource_providers/d9ff6d3a-681f-4a2f-9a08-370b6a540a73 => generated 246 bytes in 8 msecs (HTTP/1.1 404) 6 headers in 231 bytes (1 switches on core 0)
2026-07-25 05:02:16.468 8 INFO placement.requestlog [None req-99e144ed-f42f-4333-b7fb-6dc4ef7db5b0 7e179d763a6c42ce9ed15742d0a2fa16 aea1f76454bc4048b6f4ddb309e129bd - - 036539478bef46bfb67ade26aa3bdb66 036539478bef46bfb67ade26aa3bdb66] 10.0.0.26 "DELETE /resource_providers/b229dd9e-0192-4cd5-a921-2a88bb1918f3" status: 404 len: 246 microversion: 1.1 [pid: 8|app: 0|req: 195/391] 10.0.0.26 () {34 vars in 815 bytes} [Sat Jul 25 05:02:16 2026] DELETE /resource_providers/b229dd9e-0192-4cd5-a921-2a88bb1918f3 => generated 246 bytes in 7 msecs (HTTP/1.1 404) 6 headers in 231 bytes (1 switches on core 0)
2026-07-25 05:02:16.479 7 INFO placement.requestlog [None req-37b4c2dd-3520-469f-a26c-c2af2055eb13 7e179d763a6c42ce9ed15742d0a2fa16 aea1f76454bc4048b6f4ddb309e129bd - - 036539478bef46bfb67ade26aa3bdb66 036539478bef46bfb67ade26aa3bdb66] 10.0.0.26 "DELETE /resource_providers/b229dd9e-0192-4cd5-a921-2a88bb1918f3" status: 404 len: 246 microversion: 1.1 [pid: 7|app: 0|req: 197/392] 10.0.0.26 () {34 vars in 815 bytes} [Sat Jul 25 05:02:16 2026] DELETE /resource_providers/b229dd9e-0192-4cd5-a921-2a88bb1918f3 => generated 246 bytes in 14 msecs (HTTP/1.1 404) 6 headers in 231 bytes (1 switches on core 0)
2026-07-25 05:02:16.760 7 INFO placement.requestlog [None req-924cae52-deb6-4c74-ac29-e7bd3129596f - - - - - -] 10.0.0.223 "GET /" status: 200 len: 136 microversion: 1.0
2026-07-25 05:02:16.760 8 INFO placement.requestlog [None req-cec2f83f-efdc-419b-8da0-786e4ff8edcb - - - - - -] 10.0.0.223 "GET /" status: 200 len: 136 microversion: 1.0
2026-07-25 05:02:16.824 8 INFO placement.requestlog [req-afbaa1b3-a4a5-45a5-8023-c5ee69adb1bc req-8ceb3f74-fb49-4631-9dd7-16727a1ac9cf 97055b2f8fbc47b0a834ee9bcff8da89 aea1f76454bc4048b6f4ddb309e129bd - - 036539478bef46bfb67ade26aa3bdb66 036539478bef46bfb67ade26aa3bdb66] 10.0.0.184 "GET /allocation_candidates?limit=1000&resources=DISK_GB%3A1%2CMEMORY_MB%3A512%2CVCPU%3A1&root_required=%21COMPUTE_STATUS_DISABLED" status: 200 len: 2783 microversion: 1.36 [pid: 8|app: 0|req: 197/395] 10.0.0.184 () {34 vars in 1012 bytes} [Sat Jul 25 05:02:16 2026] GET /allocation_candidates?limit=1000&resources=DISK_GB%3A1%2CMEMORY_MB%3A512%2CVCPU%3A1&root_required=%21COMPUTE_STATUS_DISABLED => generated 2783 bytes in 57 msecs (HTTP/1.1 200) 8 headers in 297 bytes (1 switches on core 0)
2026-07-25 05:02:16.880 7 INFO placement.requestlog [req-afbaa1b3-a4a5-45a5-8023-c5ee69adb1bc req-706c58b6-5d8a-435e-aea1-cf39aa2c303e 97055b2f8fbc47b0a834ee9bcff8da89 aea1f76454bc4048b6f4ddb309e129bd - - 036539478bef46bfb67ade26aa3bdb66 036539478bef46bfb67ade26aa3bdb66] 10.0.0.184 "GET /allocations/e363f675-7e5a-40b3-b552-6d4ce14e2e5d" status: 200 len: 19 microversion: 1.28 [pid: 7|app: 0|req: 199/396] 10.0.0.184 () {34 vars in 861 bytes} [Sat Jul 25 05:02:16 2026] GET /allocations/e363f675-7e5a-40b3-b552-6d4ce14e2e5d => generated 19 bytes in 15 msecs (HTTP/1.1 200) 8 headers in 295 bytes (1 switches on core 0)
2026-07-25 05:02:16.966 8 INFO placement.requestlog [req-afbaa1b3-a4a5-45a5-8023-c5ee69adb1bc req-0a11a317-ea7e-4a5f-863e-f64fa33e8fc2 97055b2f8fbc47b0a834ee9bcff8da89 aea1f76454bc4048b6f4ddb309e129bd - - 036539478bef46bfb67ade26aa3bdb66 036539478bef46bfb67ade26aa3bdb66] 10.0.0.184 "PUT /allocations/e363f675-7e5a-40b3-b552-6d4ce14e2e5d" status: 204 len: 0 microversion: 1.36 [pid: 8|app: 0|req: 198/397] 10.0.0.184 () {38 vars in 914 bytes} [Sat Jul 25 05:02:16 2026] PUT /allocations/e363f675-7e5a-40b3-b552-6d4ce14e2e5d => generated 0 bytes in 82 msecs (HTTP/1.1 204) 5 headers in 199 bytes (1 switches on core 0)
2026-07-25 05:02:17.864 7 INFO placement.requestlog [None req-93cce7e9-7ded-4d39-84ac-60a43902591f 7e179d763a6c42ce9ed15742d0a2fa16 aea1f76454bc4048b6f4ddb309e129bd - - 036539478bef46bfb67ade26aa3bdb66 036539478bef46bfb67ade26aa3bdb66] 10.0.0.26 "GET /resource_providers/3d6a4737-72bb-46d8-a807-b40f9c86fc2a/aggregates" status: 404 len: 235 microversion: 1.1 [pid: 7|app: 0|req: 200/398] 10.0.0.26 () {32 vars in 815 bytes} [Sat Jul 25 05:02:17 2026] GET /resource_providers/3d6a4737-72bb-46d8-a807-b40f9c86fc2a/aggregates => generated 235 bytes in 8 msecs (HTTP/1.1 404) 5 headers in 202 bytes (1 switches on core 0)
2026-07-25 05:02:17.885 8 INFO placement.requestlog [None req-7cce03ff-72a6-44ad-bd97-b84aba6606f2 7e179d763a6c42ce9ed15742d0a2fa16 aea1f76454bc4048b6f4ddb309e129bd - - 036539478bef46bfb67ade26aa3bdb66 036539478bef46bfb67ade26aa3bdb66] 10.0.0.26 "DELETE /resource_providers/3d6a4737-72bb-46d8-a807-b40f9c86fc2a" status: 404 len: 246 microversion: 1.1 [pid: 8|app: 0|req: 199/399] 10.0.0.26 () {34 vars in 815 bytes} [Sat Jul 25 05:02:17 2026] DELETE /resource_providers/3d6a4737-72bb-46d8-a807-b40f9c86fc2a => generated 246 bytes in 10 msecs (HTTP/1.1 404) 6 headers in 231 bytes (1 switches on core 0)
2026-07-25 05:02:18.463 7 INFO placement.requestlog [None req-c2e990ec-272f-41d6-bc73-a2031c3705a1 7e179d763a6c42ce9ed15742d0a2fa16 aea1f76454bc4048b6f4ddb309e129bd - - 036539478bef46bfb67ade26aa3bdb66 036539478bef46bfb67ade26aa3bdb66] 10.0.0.26 "GET /resource_providers/3d6a4737-72bb-46d8-a807-b40f9c86fc2a/aggregates" status: 404 len: 235 microversion: 1.1 [pid: 7|app: 0|req: 201/400] 10.0.0.26 () {32 vars in 815 bytes} [Sat Jul 25 05:02:18 2026] GET /resource_providers/3d6a4737-72bb-46d8-a807-b40f9c86fc2a/aggregates => generated 235 bytes in 9 msecs (HTTP/1.1 404) 5 headers in 202 bytes (1 switches on core 0)
2026-07-25 05:02:18.490 8 INFO placement.requestlog [None req-b80e0394-9566-4fae-9411-afc81f66a317 7e179d763a6c42ce9ed15742d0a2fa16 aea1f76454bc4048b6f4ddb309e129bd - - 036539478bef46bfb67ade26aa3bdb66 036539478bef46bfb67ade26aa3bdb66] 10.0.0.26 "DELETE /resource_providers/3d6a4737-72bb-46d8-a807-b40f9c86fc2a" status: 404 len: 246 microversion: 1.1 [pid: 8|app: 0|req: 200/401] 10.0.0.26 () {34 vars in 815 bytes} [Sat Jul 25 05:02:18 2026] DELETE /resource_providers/3d6a4737-72bb-46d8-a807-b40f9c86fc2a => generated 246 bytes in 20 msecs (HTTP/1.1 404) 6 headers in 231 bytes (1 switches on core 0)
2026-07-25 05:02:18.503 7 INFO placement.requestlog [None req-83a51da0-ebc7-48d4-b296-61dcae3c948d 7e179d763a6c42ce9ed15742d0a2fa16 aea1f76454bc4048b6f4ddb309e129bd - - 036539478bef46bfb67ade26aa3bdb66 036539478bef46bfb67ade26aa3bdb66] 10.0.0.26 "GET /resource_providers/a6127a0e-af5b-4124-a0bc-727e3b701dcc/aggregates" status: 404 len: 235 microversion: 1.1 [pid: 7|app: 0|req: 202/402] 10.0.0.26 () {32 vars in 815 bytes} [Sat Jul 25 05:02:18 2026] GET /resource_providers/a6127a0e-af5b-4124-a0bc-727e3b701dcc/aggregates => generated 235 bytes in 7 msecs (HTTP/1.1 404) 5 headers in 202 bytes (1 switches on core 0)
2026-07-25 05:02:18.512 8 INFO placement.requestlog [None req-2e089a76-91f2-4535-9bf5-a84b1d7e291a 7e179d763a6c42ce9ed15742d0a2fa16 aea1f76454bc4048b6f4ddb309e129bd - - 036539478bef46bfb67ade26aa3bdb66 036539478bef46bfb67ade26aa3bdb66] 10.0.0.26 "GET /resource_providers/a6127a0e-af5b-4124-a0bc-727e3b701dcc/aggregates" status: 404 len: 235 microversion: 1.1 [pid: 8|app: 0|req: 201/403] 10.0.0.26 () {32 vars in 815 bytes} [Sat Jul 25 05:02:18 2026] GET /resource_providers/a6127a0e-af5b-4124-a0bc-727e3b701dcc/aggregates => generated 235 bytes in 12 msecs (HTTP/1.1 404) 5 headers in 202 bytes (1 switches on core 0)
2026-07-25 05:02:18.522 7 INFO placement.requestlog [req-afbaa1b3-a4a5-45a5-8023-c5ee69adb1bc req-4060e900-b219-4240-be67-9959ee0e76b5 97055b2f8fbc47b0a834ee9bcff8da89 aea1f76454bc4048b6f4ddb309e129bd - - 036539478bef46bfb67ade26aa3bdb66 036539478bef46bfb67ade26aa3bdb66] 199.204.45.223 "GET /allocations/e363f675-7e5a-40b3-b552-6d4ce14e2e5d" status: 200 len: 257 microversion: 1.28 [pid: 7|app: 0|req: 203/404] 199.204.45.223 () {34 vars in 863 bytes} [Sat Jul 25 05:02:18 2026] GET /allocations/e363f675-7e5a-40b3-b552-6d4ce14e2e5d => generated 257 bytes in 15 msecs (HTTP/1.1 200) 8 headers in 296 bytes (1 switches on core 0)
2026-07-25 05:02:18.530 8 INFO placement.requestlog [None req-a1538145-4b7f-4e1d-9f95-37f99d8ca772 7e179d763a6c42ce9ed15742d0a2fa16 aea1f76454bc4048b6f4ddb309e129bd - - 036539478bef46bfb67ade26aa3bdb66 036539478bef46bfb67ade26aa3bdb66] 10.0.0.26 "DELETE /resource_providers/a6127a0e-af5b-4124-a0bc-727e3b701dcc" status: 404 len: 246 microversion: 1.1 [pid: 8|app: 0|req: 202/405] 10.0.0.26 () {34 vars in 815 bytes} [Sat Jul 25 05:02:18 2026] DELETE /resource_providers/a6127a0e-af5b-4124-a0bc-727e3b701dcc => generated 246 bytes in 11 msecs (HTTP/1.1 404) 6 headers in 231 bytes (1 switches on core 0)
2026-07-25 05:02:18.531 7 INFO placement.requestlog [None req-42436e80-d777-4a19-ae53-0e5cd51fed9c 7e179d763a6c42ce9ed15742d0a2fa16 aea1f76454bc4048b6f4ddb309e129bd - - 036539478bef46bfb67ade26aa3bdb66 036539478bef46bfb67ade26aa3bdb66] 10.0.0.26 "DELETE /resource_providers/a6127a0e-af5b-4124-a0bc-727e3b701dcc" status: 404 len: 246 microversion: 1.1 [pid: 7|app: 0|req: 204/406] 10.0.0.26 () {34 vars in 815 bytes} [Sat Jul 25 05:02:18 2026] DELETE /resource_providers/a6127a0e-af5b-4124-a0bc-727e3b701dcc => generated 246 bytes in 8 msecs (HTTP/1.1 404) 6 headers in 231 bytes (1 switches on core 0)
2026-07-25 05:02:19.569 8 INFO placement.requestlog [req-afbaa1b3-a4a5-45a5-8023-c5ee69adb1bc req-c5393923-4827-4b34-9baa-f982660c27ec 97055b2f8fbc47b0a834ee9bcff8da89 aea1f76454bc4048b6f4ddb309e129bd - - 036539478bef46bfb67ade26aa3bdb66 036539478bef46bfb67ade26aa3bdb66] 199.204.45.223 "GET /resource_providers/9bd69608-6660-4fd9-ba0a-ee25eb89f986/allocations" status: 200 len: 252 microversion: 1.0 [pid: 8|app: 0|req: 203/407] 199.204.45.223 () {32 vars in 857 bytes} [Sat Jul 25 05:02:19 2026] GET /resource_providers/9bd69608-6660-4fd9-ba0a-ee25eb89f986/allocations => generated 252 bytes in 20 msecs (HTTP/1.1 200) 6 headers in 224 bytes (1 switches on core 0)
2026-07-25 05:02:19.598 7 INFO placement.requestlog [req-afbaa1b3-a4a5-45a5-8023-c5ee69adb1bc req-66d26cda-80d1-416b-95c8-abe6ebb4e3db 97055b2f8fbc47b0a834ee9bcff8da89 aea1f76454bc4048b6f4ddb309e129bd - - 036539478bef46bfb67ade26aa3bdb66 036539478bef46bfb67ade26aa3bdb66] 199.204.45.223 "GET /allocations/fcc9da45-63f7-4734-8fa3-02e3c100d7c8" status: 200 len: 257 microversion: 1.28 [pid: 7|app: 0|req: 205/408] 199.204.45.223 () {34 vars in 863 bytes} [Sat Jul 25 05:02:19 2026] GET /allocations/fcc9da45-63f7-4734-8fa3-02e3c100d7c8 => generated 257 bytes in 21 msecs (HTTP/1.1 200) 8 headers in 296 bytes (1 switches on core 0)
2026-07-25 05:02:19.626 8 INFO placement.requestlog [req-afbaa1b3-a4a5-45a5-8023-c5ee69adb1bc req-a6f0204f-842a-4287-9842-21735c59edf3 97055b2f8fbc47b0a834ee9bcff8da89 aea1f76454bc4048b6f4ddb309e129bd - - 036539478bef46bfb67ade26aa3bdb66 036539478bef46bfb67ade26aa3bdb66] 199.204.45.223 "GET /allocations/e363f675-7e5a-40b3-b552-6d4ce14e2e5d" status: 200 len: 257 microversion: 1.28 [pid: 8|app: 0|req: 204/409] 199.204.45.223 () {34 vars in 863 bytes} [Sat Jul 25 05:02:19 2026] GET /allocations/e363f675-7e5a-40b3-b552-6d4ce14e2e5d => generated 257 bytes in 18 msecs (HTTP/1.1 200) 8 headers in 296 bytes (1 switches on core 0)
2026-07-25 05:02:24.690 7 INFO placement.requestlog [req-5aad2f79-975d-4618-ac6d-3ca44837e3e9 req-b8443c86-6346-4858-87ac-7efa755556a7 97055b2f8fbc47b0a834ee9bcff8da89 aea1f76454bc4048b6f4ddb309e129bd - - 036539478bef46bfb67ade26aa3bdb66 036539478bef46bfb67ade26aa3bdb66] 10.0.0.184 "GET /allocation_candidates?limit=1000&resources=DISK_GB%3A1%2CMEMORY_MB%3A512%2CVCPU%3A1&root_required=%21COMPUTE_STATUS_DISABLED" status: 200 len: 2784 microversion: 1.36 [pid: 7|app: 0|req: 206/410] 10.0.0.184 () {34 vars in 1012 bytes} [Sat Jul 25 05:02:24 2026] GET /allocation_candidates?limit=1000&resources=DISK_GB%3A1%2CMEMORY_MB%3A512%2CVCPU%3A1&root_required=%21COMPUTE_STATUS_DISABLED => generated 2784 bytes in 50 msecs (HTTP/1.1 200) 8 headers in 297 bytes (1 switches on core 0)
2026-07-25 05:02:24.729 8 INFO placement.requestlog [req-5aad2f79-975d-4618-ac6d-3ca44837e3e9 req-747adadc-5e47-4f6b-aaa3-91cd0c63a78f 97055b2f8fbc47b0a834ee9bcff8da89 aea1f76454bc4048b6f4ddb309e129bd - - 036539478bef46bfb67ade26aa3bdb66 036539478bef46bfb67ade26aa3bdb66] 10.0.0.184 "GET /allocations/75330ebc-9e6f-4220-bdab-b24c41454ecb" status: 200 len: 19 microversion: 1.28 [pid: 8|app: 0|req: 205/411] 10.0.0.184 () {34 vars in 861 bytes} [Sat Jul 25 05:02:24 2026] GET /allocations/75330ebc-9e6f-4220-bdab-b24c41454ecb => generated 19 bytes in 17 msecs (HTTP/1.1 200) 8 headers in 295 bytes (1 switches on core 0)
2026-07-25 05:02:24.797 7 INFO placement.requestlog [req-5aad2f79-975d-4618-ac6d-3ca44837e3e9 req-997d3ab7-5618-4209-a201-45df4180074b 97055b2f8fbc47b0a834ee9bcff8da89 aea1f76454bc4048b6f4ddb309e129bd - - 036539478bef46bfb67ade26aa3bdb66 036539478bef46bfb67ade26aa3bdb66] 10.0.0.184 "PUT /allocations/75330ebc-9e6f-4220-bdab-b24c41454ecb" status: 204 len: 0 microversion: 1.36 [pid: 7|app: 0|req: 207/412] 10.0.0.184 () {38 vars in 914 bytes} [Sat Jul 25 05:02:24 2026] PUT /allocations/75330ebc-9e6f-4220-bdab-b24c41454ecb => generated 0 bytes in 59 msecs (HTTP/1.1 204) 5 headers in 199 bytes (1 switches on core 0)
2026-07-25 05:02:26.395 8 INFO placement.requestlog [req-5aad2f79-975d-4618-ac6d-3ca44837e3e9 req-1e9285e1-9bcf-43ad-9afc-529bc30085b0 97055b2f8fbc47b0a834ee9bcff8da89 aea1f76454bc4048b6f4ddb309e129bd - - 036539478bef46bfb67ade26aa3bdb66 036539478bef46bfb67ade26aa3bdb66] 199.204.45.223 "GET /allocations/75330ebc-9e6f-4220-bdab-b24c41454ecb" status: 200 len: 257 microversion: 1.28 [pid: 8|app: 0|req: 206/413] 199.204.45.223 () {34 vars in 863 bytes} [Sat Jul 25 05:02:26 2026] GET /allocations/75330ebc-9e6f-4220-bdab-b24c41454ecb => generated 257 bytes in 15 msecs (HTTP/1.1 200) 8 headers in 296 bytes (1 switches on core 0)
2026-07-25 05:02:26.760 7 INFO placement.requestlog [None req-e9f514cc-c376-4a9e-9f01-7e1ce92228ab - - - - - -] 10.0.0.223 "GET /" status: 200 len: 136 microversion: 1.0
2026-07-25 05:02:26.761 8 INFO placement.requestlog [None req-e516dd05-44ec-43e1-9961-3df4f013658c - - - - - -] 10.0.0.223 "GET /" status: 200 len: 136 microversion: 1.0
2026-07-25 05:02:27.457 7 INFO placement.requestlog [req-5aad2f79-975d-4618-ac6d-3ca44837e3e9 req-d9f6aca4-e14b-4bb9-ab06-36ca43cd73a6 97055b2f8fbc47b0a834ee9bcff8da89 aea1f76454bc4048b6f4ddb309e129bd - - 036539478bef46bfb67ade26aa3bdb66 036539478bef46bfb67ade26aa3bdb66] 199.204.45.223 "GET /resource_providers/9bd69608-6660-4fd9-ba0a-ee25eb89f986/allocations" status: 200 len: 352 microversion: 1.0 [pid: 7|app: 0|req: 209/416] 199.204.45.223 () {32 vars in 857 bytes} [Sat Jul 25 05:02:27 2026] GET /resource_providers/9bd69608-6660-4fd9-ba0a-ee25eb89f986/allocations => generated 352 bytes in 35 msecs (HTTP/1.1 200) 6 headers in 224 bytes (1 switches on core 0)
2026-07-25 05:02:27.477 8 INFO placement.requestlog [req-5aad2f79-975d-4618-ac6d-3ca44837e3e9 req-bb6d8da9-727f-419b-8900-57354928fe0b 97055b2f8fbc47b0a834ee9bcff8da89 aea1f76454bc4048b6f4ddb309e129bd - - 036539478bef46bfb67ade26aa3bdb66 036539478bef46bfb67ade26aa3bdb66] 199.204.45.223 "GET /allocations/fcc9da45-63f7-4734-8fa3-02e3c100d7c8" status: 200 len: 257 microversion: 1.28 [pid: 8|app: 0|req: 208/417] 199.204.45.223 () {34 vars in 863 bytes} [Sat Jul 25 05:02:27 2026] GET /allocations/fcc9da45-63f7-4734-8fa3-02e3c100d7c8 => generated 257 bytes in 13 msecs (HTTP/1.1 200) 8 headers in 296 bytes (1 switches on core 0)
2026-07-25 05:02:27.509 7 INFO placement.requestlog [req-5aad2f79-975d-4618-ac6d-3ca44837e3e9 req-c6b2cc9a-bd40-4ed1-94da-3a2b999510a2 97055b2f8fbc47b0a834ee9bcff8da89 aea1f76454bc4048b6f4ddb309e129bd - - 036539478bef46bfb67ade26aa3bdb66 036539478bef46bfb67ade26aa3bdb66] 199.204.45.223 "GET /allocations/e363f675-7e5a-40b3-b552-6d4ce14e2e5d" status: 200 len: 257 microversion: 1.28 [pid: 7|app: 0|req: 210/418] 199.204.45.223 () {34 vars in 863 bytes} [Sat Jul 25 05:02:27 2026] GET /allocations/e363f675-7e5a-40b3-b552-6d4ce14e2e5d => generated 257 bytes in 26 msecs (HTTP/1.1 200) 8 headers in 296 bytes (1 switches on core 0)
2026-07-25 05:02:27.525 8 INFO placement.requestlog [req-5aad2f79-975d-4618-ac6d-3ca44837e3e9 req-3990bc7a-4ab8-4381-b33c-4542c191dcfb 97055b2f8fbc47b0a834ee9bcff8da89 aea1f76454bc4048b6f4ddb309e129bd - - 036539478bef46bfb67ade26aa3bdb66 036539478bef46bfb67ade26aa3bdb66] 199.204.45.223 "GET /allocations/75330ebc-9e6f-4220-bdab-b24c41454ecb" status: 200 len: 257 microversion: 1.28 [pid: 8|app: 0|req: 209/419] 199.204.45.223 () {34 vars in 863 bytes} [Sat Jul 25 05:02:27 2026] GET /allocations/75330ebc-9e6f-4220-bdab-b24c41454ecb => generated 257 bytes in 12 msecs (HTTP/1.1 200) 8 headers in 296 bytes (1 switches on core 0)
2026-07-25 05:02:36.762 7 INFO placement.requestlog [None req-745af883-6da4-4d8a-aead-45c846f7d5e0 - - - - - -] 10.0.0.223 "GET /" status: 200 len: 136 microversion: 1.0
2026-07-25 05:02:36.764 8 INFO placement.requestlog [None req-a63a3ded-1ae5-419d-bbc0-ccc7f4b8b365 - - - - - -] 10.0.0.223 "GET /" status: 200 len: 136 microversion: 1.0
2026-07-25 05:02:37.910 7 INFO placement.requestlog [req-055c6fed-f458-49b5-8864-ba078fc07af8 req-c3305b77-56e0-4a2e-b0fe-4d33a9bb51b3 97055b2f8fbc47b0a834ee9bcff8da89 aea1f76454bc4048b6f4ddb309e129bd - - 036539478bef46bfb67ade26aa3bdb66 036539478bef46bfb67ade26aa3bdb66] 199.204.45.223 "GET /resource_providers/9bd69608-6660-4fd9-ba0a-ee25eb89f986/allocations" status: 200 len: 352 microversion: 1.0 [pid: 7|app: 0|req: 212/422] 199.204.45.223 () {32 vars in 857 bytes} [Sat Jul 25 05:02:37 2026] GET /resource_providers/9bd69608-6660-4fd9-ba0a-ee25eb89f986/allocations => generated 352 bytes in 23 msecs (HTTP/1.1 200) 6 headers in 224 bytes (1 switches on core 0)
2026-07-25 05:02:37.937 8 INFO placement.requestlog [req-055c6fed-f458-49b5-8864-ba078fc07af8 req-198121c2-7ba9-47df-983a-6071910dc9cf 97055b2f8fbc47b0a834ee9bcff8da89 aea1f76454bc4048b6f4ddb309e129bd - - 036539478bef46bfb67ade26aa3bdb66 036539478bef46bfb67ade26aa3bdb66] 199.204.45.223 "GET /allocations/fcc9da45-63f7-4734-8fa3-02e3c100d7c8" status: 200 len: 257 microversion: 1.28 [pid: 8|app: 0|req: 211/423] 199.204.45.223 () {34 vars in 863 bytes} [Sat Jul 25 05:02:37 2026] GET /allocations/fcc9da45-63f7-4734-8fa3-02e3c100d7c8 => generated 257 bytes in 23 msecs (HTTP/1.1 200) 8 headers in 296 bytes (1 switches on core 0)
2026-07-25 05:02:37.963 7 INFO placement.requestlog [req-055c6fed-f458-49b5-8864-ba078fc07af8 req-f9bcca83-1f18-4b6e-9777-d97f743795f6 97055b2f8fbc47b0a834ee9bcff8da89 aea1f76454bc4048b6f4ddb309e129bd - - 036539478bef46bfb67ade26aa3bdb66 036539478bef46bfb67ade26aa3bdb66] 199.204.45.223 "GET /allocations/e363f675-7e5a-40b3-b552-6d4ce14e2e5d" status: 200 len: 257 microversion: 1.28 [pid: 7|app: 0|req: 213/424] 199.204.45.223 () {34 vars in 863 bytes} [Sat Jul 25 05:02:37 2026] GET /allocations/e363f675-7e5a-40b3-b552-6d4ce14e2e5d => generated 257 bytes in 20 msecs (HTTP/1.1 200) 8 headers in 296 bytes (1 switches on core 0)
2026-07-25 05:02:37.981 8 INFO placement.requestlog [req-055c6fed-f458-49b5-8864-ba078fc07af8 req-be25b6d2-97ca-4dc4-8919-36ab974746a8 97055b2f8fbc47b0a834ee9bcff8da89 aea1f76454bc4048b6f4ddb309e129bd - - 036539478bef46bfb67ade26aa3bdb66 036539478bef46bfb67ade26aa3bdb66] 199.204.45.223 "GET /allocations/75330ebc-9e6f-4220-bdab-b24c41454ecb" status: 200 len: 257 microversion: 1.28 [pid: 8|app: 0|req: 212/425] 199.204.45.223 () {34 vars in 863 bytes} [Sat Jul 25 05:02:37 2026] GET /allocations/75330ebc-9e6f-4220-bdab-b24c41454ecb => generated 257 bytes in 12 msecs (HTTP/1.1 200) 8 headers in 296 bytes (1 switches on core 0)
2026-07-25 05:02:39.057 7 INFO placement.requestlog [req-055c6fed-f458-49b5-8864-ba078fc07af8 req-dffd5493-3ae9-42d6-807a-a2a27e7c500c 97055b2f8fbc47b0a834ee9bcff8da89 aea1f76454bc4048b6f4ddb309e129bd - - 036539478bef46bfb67ade26aa3bdb66 036539478bef46bfb67ade26aa3bdb66] 199.204.45.223 "DELETE /allocations/e363f675-7e5a-40b3-b552-6d4ce14e2e5d" status: 204 len: 0 microversion: 1.0 [pid: 7|app: 0|req: 214/426] 199.204.45.223 () {34 vars in 841 bytes} [Sat Jul 25 05:02:39 2026] DELETE /allocations/e363f675-7e5a-40b3-b552-6d4ce14e2e5d => generated 0 bytes in 42 msecs (HTTP/1.1 204) 5 headers in 198 bytes (1 switches on core 0)
2026-07-25 05:02:41.031 8 INFO placement.requestlog [None req-d4844ddc-6d5d-456d-87dd-a3666c7c0269 7e179d763a6c42ce9ed15742d0a2fa16 aea1f76454bc4048b6f4ddb309e129bd - - 036539478bef46bfb67ade26aa3bdb66 036539478bef46bfb67ade26aa3bdb66] 10.0.0.26 "GET /resource_providers/00b8a50b-8197-4f88-ad63-6332b1758bf5/aggregates" status: 404 len: 235 microversion: 1.1 [pid: 8|app: 0|req: 213/427] 10.0.0.26 () {32 vars in 815 bytes} [Sat Jul 25 05:02:41 2026] GET /resource_providers/00b8a50b-8197-4f88-ad63-6332b1758bf5/aggregates => generated 235 bytes in 19 msecs (HTTP/1.1 404) 5 headers in 202 bytes (1 switches on core 0)
2026-07-25 05:02:41.037 7 INFO placement.requestlog [None req-f64ce0e8-4b8f-47ae-9a4f-29587c5c5a6a 7e179d763a6c42ce9ed15742d0a2fa16 aea1f76454bc4048b6f4ddb309e129bd - - 036539478bef46bfb67ade26aa3bdb66 036539478bef46bfb67ade26aa3bdb66] 10.0.0.26 "GET /resource_providers/00b8a50b-8197-4f88-ad63-6332b1758bf5/aggregates" status: 404 len: 235 microversion: 1.1 [pid: 7|app: 0|req: 215/428] 10.0.0.26 () {32 vars in 815 bytes} [Sat Jul 25 05:02:41 2026] GET /resource_providers/00b8a50b-8197-4f88-ad63-6332b1758bf5/aggregates => generated 235 bytes in 15 msecs (HTTP/1.1 404) 5 headers in 202 bytes (1 switches on core 0)
2026-07-25 05:02:41.060 8 INFO placement.requestlog [None req-1ec2a186-fa30-4981-935e-db1fc21142a6 7e179d763a6c42ce9ed15742d0a2fa16 aea1f76454bc4048b6f4ddb309e129bd - - 036539478bef46bfb67ade26aa3bdb66 036539478bef46bfb67ade26aa3bdb66] 10.0.0.26 "DELETE /resource_providers/00b8a50b-8197-4f88-ad63-6332b1758bf5" status: 404 len: 246 microversion: 1.1 [pid: 8|app: 0|req: 214/429] 10.0.0.26 () {34 vars in 815 bytes} [Sat Jul 25 05:02:41 2026] DELETE /resource_providers/00b8a50b-8197-4f88-ad63-6332b1758bf5 => generated 246 bytes in 12 msecs (HTTP/1.1 404) 6 headers in 231 bytes (1 switches on core 0)
2026-07-25 05:02:41.067 7 INFO placement.requestlog [None req-5aad51bb-a432-4aae-b044-202aafb41fe0 7e179d763a6c42ce9ed15742d0a2fa16 aea1f76454bc4048b6f4ddb309e129bd - - 036539478bef46bfb67ade26aa3bdb66 036539478bef46bfb67ade26aa3bdb66] 10.0.0.26 "DELETE /resource_providers/00b8a50b-8197-4f88-ad63-6332b1758bf5" status: 404 len: 246 microversion: 1.1 [pid: 7|app: 0|req: 216/430] 10.0.0.26 () {34 vars in 815 bytes} [Sat Jul 25 05:02:41 2026] DELETE /resource_providers/00b8a50b-8197-4f88-ad63-6332b1758bf5 => generated 246 bytes in 13 msecs (HTTP/1.1 404) 6 headers in 231 bytes (1 switches on core 0)
2026-07-25 05:02:42.448 8 INFO placement.requestlog [None req-963e0d31-9b13-4cdd-b18b-9a63fc8be2f4 7e179d763a6c42ce9ed15742d0a2fa16 aea1f76454bc4048b6f4ddb309e129bd - - 036539478bef46bfb67ade26aa3bdb66 036539478bef46bfb67ade26aa3bdb66] 10.0.0.26 "GET /resource_providers/f55381c0-a61f-462c-a25c-4e8ae409202f/aggregates" status: 404 len: 235 microversion: 1.1 [pid: 8|app: 0|req: 215/431] 10.0.0.26 () {32 vars in 815 bytes} [Sat Jul 25 05:02:42 2026] GET /resource_providers/f55381c0-a61f-462c-a25c-4e8ae409202f/aggregates => generated 235 bytes in 10 msecs (HTTP/1.1 404) 5 headers in 202 bytes (1 switches on core 0)
2026-07-25 05:02:42.480 7 INFO placement.requestlog [None req-283c82ac-8daf-45e1-a097-64a6dc10b512 7e179d763a6c42ce9ed15742d0a2fa16 aea1f76454bc4048b6f4ddb309e129bd - - 036539478bef46bfb67ade26aa3bdb66 036539478bef46bfb67ade26aa3bdb66] 10.0.0.26 "GET /resource_providers/f55381c0-a61f-462c-a25c-4e8ae409202f/aggregates" status: 404 len: 235 microversion: 1.1 [pid: 7|app: 0|req: 217/432] 10.0.0.26 () {32 vars in 815 bytes} [Sat Jul 25 05:02:42 2026] GET /resource_providers/f55381c0-a61f-462c-a25c-4e8ae409202f/aggregates => generated 235 bytes in 32 msecs (HTTP/1.1 404) 5 headers in 202 bytes (1 switches on core 0)
2026-07-25 05:02:42.491 8 INFO placement.requestlog [None req-555ba2ff-2989-4155-8136-921cbff11e3e 7e179d763a6c42ce9ed15742d0a2fa16 aea1f76454bc4048b6f4ddb309e129bd - - 036539478bef46bfb67ade26aa3bdb66 036539478bef46bfb67ade26aa3bdb66] 10.0.0.26 "DELETE /resource_providers/f55381c0-a61f-462c-a25c-4e8ae409202f" status: 404 len: 246 microversion: 1.1 [pid: 8|app: 0|req: 216/433] 10.0.0.26 () {34 vars in 815 bytes} [Sat Jul 25 05:02:42 2026] DELETE /resource_providers/f55381c0-a61f-462c-a25c-4e8ae409202f => generated 246 bytes in 27 msecs (HTTP/1.1 404) 6 headers in 231 bytes (1 switches on core 0)
2026-07-25 05:02:42.510 7 INFO placement.requestlog [None req-b79fac3f-f814-4c79-8d61-1b47c9c2f769 7e179d763a6c42ce9ed15742d0a2fa16 aea1f76454bc4048b6f4ddb309e129bd - - 036539478bef46bfb67ade26aa3bdb66 036539478bef46bfb67ade26aa3bdb66] 10.0.0.26 "DELETE /resource_providers/f55381c0-a61f-462c-a25c-4e8ae409202f" status: 404 len: 246 microversion: 1.1 [pid: 7|app: 0|req: 218/434] 10.0.0.26 () {34 vars in 815 bytes} [Sat Jul 25 05:02:42 2026] DELETE /resource_providers/f55381c0-a61f-462c-a25c-4e8ae409202f => generated 246 bytes in 19 msecs (HTTP/1.1 404) 6 headers in 231 bytes (1 switches on core 0)
2026-07-25 05:02:43.082 8 INFO placement.requestlog [None req-a5d0a4b4-9ec2-4d36-ab30-fc7f6c1b2868 7e179d763a6c42ce9ed15742d0a2fa16 aea1f76454bc4048b6f4ddb309e129bd - - 036539478bef46bfb67ade26aa3bdb66 036539478bef46bfb67ade26aa3bdb66] 10.0.0.26 "GET /resource_providers/28736eb7-77b7-4601-a9fe-df6d6322fd46/aggregates" status: 404 len: 235 microversion: 1.1 [pid: 8|app: 0|req: 217/435] 10.0.0.26 () {32 vars in 815 bytes} [Sat Jul 25 05:02:43 2026] GET /resource_providers/28736eb7-77b7-4601-a9fe-df6d6322fd46/aggregates => generated 235 bytes in 10 msecs (HTTP/1.1 404) 5 headers in 202 bytes (1 switches on core 0)
2026-07-25 05:02:43.090 7 INFO placement.requestlog [None req-e4e1caf9-a5d7-4265-926f-18ebdd3eb2e8 7e179d763a6c42ce9ed15742d0a2fa16 aea1f76454bc4048b6f4ddb309e129bd - - 036539478bef46bfb67ade26aa3bdb66 036539478bef46bfb67ade26aa3bdb66] 10.0.0.26 "GET /resource_providers/28736eb7-77b7-4601-a9fe-df6d6322fd46/aggregates" status: 404 len: 235 microversion: 1.1 [pid: 7|app: 0|req: 219/436] 10.0.0.26 () {32 vars in 815 bytes} [Sat Jul 25 05:02:43 2026] GET /resource_providers/28736eb7-77b7-4601-a9fe-df6d6322fd46/aggregates => generated 235 bytes in 12 msecs (HTTP/1.1 404) 5 headers in 202 bytes (1 switches on core 0)
2026-07-25 05:02:43.101 8 INFO placement.requestlog [None req-ca1fd19b-2f9e-463e-875b-38fa31117553 7e179d763a6c42ce9ed15742d0a2fa16 aea1f76454bc4048b6f4ddb309e129bd - - 036539478bef46bfb67ade26aa3bdb66 036539478bef46bfb67ade26aa3bdb66] 10.0.0.26 "DELETE /resource_providers/28736eb7-77b7-4601-a9fe-df6d6322fd46" status: 404 len: 246 microversion: 1.1 [pid: 8|app: 0|req: 218/437] 10.0.0.26 () {34 vars in 815 bytes} [Sat Jul 25 05:02:43 2026] DELETE /resource_providers/28736eb7-77b7-4601-a9fe-df6d6322fd46 => generated 246 bytes in 8 msecs (HTTP/1.1 404) 6 headers in 231 bytes (1 switches on core 0)
2026-07-25 05:02:43.110 7 INFO placement.requestlog [None req-7693ead4-db82-4ff2-b8cc-2c34aaac9a6b 7e179d763a6c42ce9ed15742d0a2fa16 aea1f76454bc4048b6f4ddb309e129bd - - 036539478bef46bfb67ade26aa3bdb66 036539478bef46bfb67ade26aa3bdb66] 10.0.0.26 "DELETE /resource_providers/28736eb7-77b7-4601-a9fe-df6d6322fd46" status: 404 len: 246 microversion: 1.1 [pid: 7|app: 0|req: 220/438] 10.0.0.26 () {34 vars in 815 bytes} [Sat Jul 25 05:02:43 2026] DELETE /resource_providers/28736eb7-77b7-4601-a9fe-df6d6322fd46 => generated 246 bytes in 10 msecs (HTTP/1.1 404) 6 headers in 231 bytes (1 switches on core 0)
2026-07-25 05:02:44.515 8 INFO placement.requestlog [None req-d462f96f-5ea7-4c23-877d-f0e173f24aaa 7e179d763a6c42ce9ed15742d0a2fa16 aea1f76454bc4048b6f4ddb309e129bd - - 036539478bef46bfb67ade26aa3bdb66 036539478bef46bfb67ade26aa3bdb66] 10.0.0.26 "GET /resource_providers/40abba3c-cd62-433b-8010-31138b244691/aggregates" status: 404 len: 235 microversion: 1.1 [pid: 8|app: 0|req: 219/439] 10.0.0.26 () {32 vars in 815 bytes} [Sat Jul 25 05:02:44 2026] GET /resource_providers/40abba3c-cd62-433b-8010-31138b244691/aggregates => generated 235 bytes in 8 msecs (HTTP/1.1 404) 5 headers in 202 bytes (1 switches on core 0)
2026-07-25 05:02:44.536 7 INFO placement.requestlog [None req-738396a8-e9b3-4787-8601-1d8902c70735 7e179d763a6c42ce9ed15742d0a2fa16 aea1f76454bc4048b6f4ddb309e129bd - - 036539478bef46bfb67ade26aa3bdb66 036539478bef46bfb67ade26aa3bdb66] 10.0.0.26 "GET /resource_providers/40abba3c-cd62-433b-8010-31138b244691/aggregates" status: 404 len: 235 microversion: 1.1 [pid: 7|app: 0|req: 221/440] 10.0.0.26 () {32 vars in 815 bytes} [Sat Jul 25 05:02:44 2026] GET /resource_providers/40abba3c-cd62-433b-8010-31138b244691/aggregates => generated 235 bytes in 13 msecs (HTTP/1.1 404) 5 headers in 202 bytes (1 switches on core 0)
2026-07-25 05:02:44.540 8 INFO placement.requestlog [None req-077c9650-ce45-4de8-b639-3d41141feb99 7e179d763a6c42ce9ed15742d0a2fa16 aea1f76454bc4048b6f4ddb309e129bd - - 036539478bef46bfb67ade26aa3bdb66 036539478bef46bfb67ade26aa3bdb66] 10.0.0.26 "DELETE /resource_providers/40abba3c-cd62-433b-8010-31138b244691" status: 404 len: 246 microversion: 1.1 [pid: 8|app: 0|req: 220/441] 10.0.0.26 () {34 vars in 815 bytes} [Sat Jul 25 05:02:44 2026] DELETE /resource_providers/40abba3c-cd62-433b-8010-31138b244691 => generated 246 bytes in 8 msecs (HTTP/1.1 404) 6 headers in 231 bytes (1 switches on core 0)
2026-07-25 05:02:44.560 7 INFO placement.requestlog [None req-46639bdc-1d3e-4e76-aaf8-74a624afc56d 7e179d763a6c42ce9ed15742d0a2fa16 aea1f76454bc4048b6f4ddb309e129bd - - 036539478bef46bfb67ade26aa3bdb66 036539478bef46bfb67ade26aa3bdb66] 10.0.0.26 "DELETE /resource_providers/40abba3c-cd62-433b-8010-31138b244691" status: 404 len: 246 microversion: 1.1 [pid: 7|app: 0|req: 222/442] 10.0.0.26 () {34 vars in 815 bytes} [Sat Jul 25 05:02:44 2026] DELETE /resource_providers/40abba3c-cd62-433b-8010-31138b244691 => generated 246 bytes in 9 msecs (HTTP/1.1 404) 6 headers in 231 bytes (1 switches on core 0)
2026-07-25 05:02:45.127 8 INFO placement.requestlog [None req-78278c99-bfe6-445d-af07-cb63faa8a879 7e179d763a6c42ce9ed15742d0a2fa16 aea1f76454bc4048b6f4ddb309e129bd - - 036539478bef46bfb67ade26aa3bdb66 036539478bef46bfb67ade26aa3bdb66] 10.0.0.26 "GET /resource_providers/2df523fc-867d-438f-a43f-1b96fde86f70/aggregates" status: 404 len: 235 microversion: 1.1 [pid: 8|app: 0|req: 221/443] 10.0.0.26 () {32 vars in 815 bytes} [Sat Jul 25 05:02:45 2026] GET /resource_providers/2df523fc-867d-438f-a43f-1b96fde86f70/aggregates => generated 235 bytes in 17 msecs (HTTP/1.1 404) 5 headers in 202 bytes (1 switches on core 0)
2026-07-25 05:02:45.134 7 INFO placement.requestlog [None req-ebff7092-89bf-4402-a911-0fd4eb6105ca 7e179d763a6c42ce9ed15742d0a2fa16 aea1f76454bc4048b6f4ddb309e129bd - - 036539478bef46bfb67ade26aa3bdb66 036539478bef46bfb67ade26aa3bdb66] 10.0.0.26 "GET /resource_providers/2df523fc-867d-438f-a43f-1b96fde86f70/aggregates" status: 404 len: 235 microversion: 1.1 [pid: 7|app: 0|req: 223/444] 10.0.0.26 () {32 vars in 815 bytes} [Sat Jul 25 05:02:45 2026] GET /resource_providers/2df523fc-867d-438f-a43f-1b96fde86f70/aggregates => generated 235 bytes in 13 msecs (HTTP/1.1 404) 5 headers in 202 bytes (1 switches on core 0)
2026-07-25 05:02:45.154 8 INFO placement.requestlog [None req-39c9aa13-68a4-4f71-bd81-16143f37122b 7e179d763a6c42ce9ed15742d0a2fa16 aea1f76454bc4048b6f4ddb309e129bd - - 036539478bef46bfb67ade26aa3bdb66 036539478bef46bfb67ade26aa3bdb66] 10.0.0.26 "DELETE /resource_providers/2df523fc-867d-438f-a43f-1b96fde86f70" status: 404 len: 246 microversion: 1.1 [pid: 8|app: 0|req: 222/445] 10.0.0.26 () {34 vars in 815 bytes} [Sat Jul 25 05:02:45 2026] DELETE /resource_providers/2df523fc-867d-438f-a43f-1b96fde86f70 => generated 246 bytes in 13 msecs (HTTP/1.1 404) 6 headers in 231 bytes (1 switches on core 0)
2026-07-25 05:02:45.156 7 INFO placement.requestlog [None req-677c8bea-0439-486c-baad-2812cf1c32a4 7e179d763a6c42ce9ed15742d0a2fa16 aea1f76454bc4048b6f4ddb309e129bd - - 036539478bef46bfb67ade26aa3bdb66 036539478bef46bfb67ade26aa3bdb66] 10.0.0.26 "DELETE /resource_providers/2df523fc-867d-438f-a43f-1b96fde86f70" status: 404 len: 246 microversion: 1.1 [pid: 7|app: 0|req: 224/446] 10.0.0.26 () {34 vars in 815 bytes} [Sat Jul 25 05:02:45 2026] DELETE /resource_providers/2df523fc-867d-438f-a43f-1b96fde86f70 => generated 246 bytes in 14 msecs (HTTP/1.1 404) 6 headers in 231 bytes (1 switches on core 0)
2026-07-25 05:02:46.572 8 INFO placement.requestlog [None req-4c547b78-2590-4b16-adce-a45154aa8b40 7e179d763a6c42ce9ed15742d0a2fa16 aea1f76454bc4048b6f4ddb309e129bd - - 036539478bef46bfb67ade26aa3bdb66 036539478bef46bfb67ade26aa3bdb66] 10.0.0.26 "GET /resource_providers/78d9dd25-68aa-42b8-adee-a43562ce14f5/aggregates" status: 404 len: 235 microversion: 1.1 [pid: 8|app: 0|req: 223/447] 10.0.0.26 () {32 vars in 815 bytes} [Sat Jul 25 05:02:46 2026] GET /resource_providers/78d9dd25-68aa-42b8-adee-a43562ce14f5/aggregates => generated 235 bytes in 10 msecs (HTTP/1.1 404) 5 headers in 202 bytes (1 switches on core 0)
2026-07-25 05:02:46.582 7 INFO placement.requestlog [None req-ce529c7b-ae2c-4b64-9d4b-f64aeec6be5e 7e179d763a6c42ce9ed15742d0a2fa16 aea1f76454bc4048b6f4ddb309e129bd - - 036539478bef46bfb67ade26aa3bdb66 036539478bef46bfb67ade26aa3bdb66] 10.0.0.26 "GET /resource_providers/78d9dd25-68aa-42b8-adee-a43562ce14f5/aggregates" status: 404 len: 235 microversion: 1.1 [pid: 7|app: 0|req: 225/448] 10.0.0.26 () {32 vars in 815 bytes} [Sat Jul 25 05:02:46 2026] GET /resource_providers/78d9dd25-68aa-42b8-adee-a43562ce14f5/aggregates => generated 235 bytes in 12 msecs (HTTP/1.1 404) 5 headers in 202 bytes (1 switches on core 0)
2026-07-25 05:02:46.588 8 INFO placement.requestlog [None req-e7392ff4-032a-4a9c-958d-d824895f09f4 7e179d763a6c42ce9ed15742d0a2fa16 aea1f76454bc4048b6f4ddb309e129bd - - 036539478bef46bfb67ade26aa3bdb66 036539478bef46bfb67ade26aa3bdb66] 10.0.0.26 "DELETE /resource_providers/78d9dd25-68aa-42b8-adee-a43562ce14f5" status: 404 len: 246 microversion: 1.1 [pid: 8|app: 0|req: 224/449] 10.0.0.26 () {34 vars in 815 bytes} [Sat Jul 25 05:02:46 2026] DELETE /resource_providers/78d9dd25-68aa-42b8-adee-a43562ce14f5 => generated 246 bytes in 7 msecs (HTTP/1.1 404) 6 headers in 231 bytes (1 switches on core 0)
2026-07-25 05:02:46.598 8 INFO placement.requestlog [None req-7e98987b-0708-48bd-8a00-41a725cbccbb 7e179d763a6c42ce9ed15742d0a2fa16 aea1f76454bc4048b6f4ddb309e129bd - - 036539478bef46bfb67ade26aa3bdb66 036539478bef46bfb67ade26aa3bdb66] 10.0.0.26 "GET /resource_providers/739b641f-d891-4102-9d7c-6cd47fd4e22d/aggregates" status: 404 len: 235 microversion: 1.1 [pid: 8|app: 0|req: 225/450] 10.0.0.26 () {32 vars in 815 bytes} [Sat Jul 25 05:02:46 2026] GET /resource_providers/739b641f-d891-4102-9d7c-6cd47fd4e22d/aggregates => generated 235 bytes in 4 msecs (HTTP/1.1 404) 5 headers in 202 bytes (1 switches on core 0)
2026-07-25 05:02:46.600 7 INFO placement.requestlog [None req-2d6485ab-bf02-49b5-a76d-a23cadc2a848 7e179d763a6c42ce9ed15742d0a2fa16 aea1f76454bc4048b6f4ddb309e129bd - - 036539478bef46bfb67ade26aa3bdb66 036539478bef46bfb67ade26aa3bdb66] 10.0.0.26 "DELETE /resource_providers/78d9dd25-68aa-42b8-adee-a43562ce14f5" status: 404 len: 246 microversion: 1.1 [pid: 7|app: 0|req: 226/451] 10.0.0.26 () {34 vars in 815 bytes} [Sat Jul 25 05:02:46 2026] DELETE /resource_providers/78d9dd25-68aa-42b8-adee-a43562ce14f5 => generated 246 bytes in 8 msecs (HTTP/1.1 404) 6 headers in 231 bytes (1 switches on core 0)
2026-07-25 05:02:46.613 7 INFO placement.requestlog [None req-eaadc983-87a5-4bde-90b0-31acccd8c1cf 7e179d763a6c42ce9ed15742d0a2fa16 aea1f76454bc4048b6f4ddb309e129bd - - 036539478bef46bfb67ade26aa3bdb66 036539478bef46bfb67ade26aa3bdb66] 10.0.0.26 "GET /resource_providers/739b641f-d891-4102-9d7c-6cd47fd4e22d/aggregates" status: 404 len: 235 microversion: 1.1 [pid: 7|app: 0|req: 227/452] 10.0.0.26 () {32 vars in 815 bytes} [Sat Jul 25 05:02:46 2026] GET /resource_providers/739b641f-d891-4102-9d7c-6cd47fd4e22d/aggregates => generated 235 bytes in 5 msecs (HTTP/1.1 404) 5 headers in 202 bytes (1 switches on core 0)
2026-07-25 05:02:46.613 8 INFO placement.requestlog [None req-fcdc8d70-910e-40a6-b403-85f4569f9816 7e179d763a6c42ce9ed15742d0a2fa16 aea1f76454bc4048b6f4ddb309e129bd - - 036539478bef46bfb67ade26aa3bdb66 036539478bef46bfb67ade26aa3bdb66] 10.0.0.26 "DELETE /resource_providers/739b641f-d891-4102-9d7c-6cd47fd4e22d" status: 404 len: 246 microversion: 1.1 [pid: 8|app: 0|req: 226/453] 10.0.0.26 () {34 vars in 815 bytes} [Sat Jul 25 05:02:46 2026] DELETE /resource_providers/739b641f-d891-4102-9d7c-6cd47fd4e22d => generated 246 bytes in 9 msecs (HTTP/1.1 404) 6 headers in 231 bytes (1 switches on core 0)
2026-07-25 05:02:46.626 7 INFO placement.requestlog [None req-5ea20614-5f2c-43d3-9086-3cb877404af7 7e179d763a6c42ce9ed15742d0a2fa16 aea1f76454bc4048b6f4ddb309e129bd - - 036539478bef46bfb67ade26aa3bdb66 036539478bef46bfb67ade26aa3bdb66] 10.0.0.26 "DELETE /resource_providers/739b641f-d891-4102-9d7c-6cd47fd4e22d" status: 404 len: 246 microversion: 1.1 [pid: 7|app: 0|req: 228/454] 10.0.0.26 () {34 vars in 815 bytes} [Sat Jul 25 05:02:46 2026] DELETE /resource_providers/739b641f-d891-4102-9d7c-6cd47fd4e22d => generated 246 bytes in 8 msecs (HTTP/1.1 404) 6 headers in 231 bytes (1 switches on core 0)
2026-07-25 05:02:46.760 8 INFO placement.requestlog [None req-4cc6a0f4-57ca-4e88-8508-dad8d5fa0741 - - - - - -] 10.0.0.223 "GET /" status: 200 len: 136 microversion: 1.0
2026-07-25 05:02:46.760 7 INFO placement.requestlog [None req-aa9e4ec2-2297-4b1d-8221-09db2f9d7293 - - - - - -] 10.0.0.223 "GET /" status: 200 len: 136 microversion: 1.0
2026-07-25 05:02:47.174 8 INFO placement.requestlog [None req-32173e6b-d870-424c-a38f-5563fc726b59 7e179d763a6c42ce9ed15742d0a2fa16 aea1f76454bc4048b6f4ddb309e129bd - - 036539478bef46bfb67ade26aa3bdb66 036539478bef46bfb67ade26aa3bdb66] 10.0.0.26 "GET /resource_providers/b4f6b5e8-4dd6-468d-8928-047c139c1713/aggregates" status: 404 len: 235 microversion: 1.1 [pid: 8|app: 0|req: 228/457] 10.0.0.26 () {32 vars in 815 bytes} [Sat Jul 25 05:02:47 2026] GET /resource_providers/b4f6b5e8-4dd6-468d-8928-047c139c1713/aggregates => generated 235 bytes in 10 msecs (HTTP/1.1 404) 5 headers in 202 bytes (1 switches on core 0)
2026-07-25 05:02:47.179 7 INFO placement.requestlog [None req-ef80e1e5-0301-4843-a2c0-6ab7290d2e6d 7e179d763a6c42ce9ed15742d0a2fa16 aea1f76454bc4048b6f4ddb309e129bd - - 036539478bef46bfb67ade26aa3bdb66 036539478bef46bfb67ade26aa3bdb66] 10.0.0.26 "GET /resource_providers/b4f6b5e8-4dd6-468d-8928-047c139c1713/aggregates" status: 404 len: 235 microversion: 1.1 [pid: 7|app: 0|req: 230/458] 10.0.0.26 () {32 vars in 815 bytes} [Sat Jul 25 05:02:47 2026] GET /resource_providers/b4f6b5e8-4dd6-468d-8928-047c139c1713/aggregates => generated 235 bytes in 14 msecs (HTTP/1.1 404) 5 headers in 202 bytes (1 switches on core 0)
2026-07-25 05:02:47.190 8 INFO placement.requestlog [None req-9f4c672a-87c7-46cc-a641-24c38708b831 7e179d763a6c42ce9ed15742d0a2fa16 aea1f76454bc4048b6f4ddb309e129bd - - 036539478bef46bfb67ade26aa3bdb66 036539478bef46bfb67ade26aa3bdb66] 10.0.0.26 "DELETE /resource_providers/b4f6b5e8-4dd6-468d-8928-047c139c1713" status: 404 len: 246 microversion: 1.1 [pid: 8|app: 0|req: 229/459] 10.0.0.26 () {34 vars in 815 bytes} [Sat Jul 25 05:02:47 2026] DELETE /resource_providers/b4f6b5e8-4dd6-468d-8928-047c139c1713 => generated 246 bytes in 8 msecs (HTTP/1.1 404) 6 headers in 231 bytes (1 switches on core 0)
2026-07-25 05:02:47.194 7 INFO placement.requestlog [None req-f0a77753-087d-4b00-abd8-bcccdc5123ac 7e179d763a6c42ce9ed15742d0a2fa16 aea1f76454bc4048b6f4ddb309e129bd - - 036539478bef46bfb67ade26aa3bdb66 036539478bef46bfb67ade26aa3bdb66] 10.0.0.26 "DELETE /resource_providers/b4f6b5e8-4dd6-468d-8928-047c139c1713" status: 404 len: 246 microversion: 1.1 [pid: 7|app: 0|req: 231/460] 10.0.0.26 () {34 vars in 815 bytes} [Sat Jul 25 05:02:47 2026] DELETE /resource_providers/b4f6b5e8-4dd6-468d-8928-047c139c1713 => generated 246 bytes in 7 msecs (HTTP/1.1 404) 6 headers in 231 bytes (1 switches on core 0)
2026-07-25 05:02:50.405 7 INFO placement.requestlog [None req-b78dabbd-feed-4789-98e0-5fc407a2240f 7e179d763a6c42ce9ed15742d0a2fa16 aea1f76454bc4048b6f4ddb309e129bd - - 036539478bef46bfb67ade26aa3bdb66 036539478bef46bfb67ade26aa3bdb66] 10.0.0.26 "GET /resource_providers/5bd42703-3531-42de-b01e-f8bc3dfaa445/aggregates" status: 404 len: 235 microversion: 1.1 [pid: 7|app: 0|req: 232/461] 10.0.0.26 () {32 vars in 815 bytes} [Sat Jul 25 05:02:50 2026] GET /resource_providers/5bd42703-3531-42de-b01e-f8bc3dfaa445/aggregates => generated 235 bytes in 13 msecs (HTTP/1.1 404) 5 headers in 202 bytes (1 switches on core 0)
2026-07-25 05:02:50.407 8 INFO placement.requestlog [None req-2e8d1c06-a5f5-4ff7-840f-8301e0703e09 7e179d763a6c42ce9ed15742d0a2fa16 aea1f76454bc4048b6f4ddb309e129bd - - 036539478bef46bfb67ade26aa3bdb66 036539478bef46bfb67ade26aa3bdb66] 10.0.0.26 "GET /resource_providers/5bd42703-3531-42de-b01e-f8bc3dfaa445/aggregates" status: 404 len: 235 microversion: 1.1 [pid: 8|app: 0|req: 230/462] 10.0.0.26 () {32 vars in 815 bytes} [Sat Jul 25 05:02:50 2026] GET /resource_providers/5bd42703-3531-42de-b01e-f8bc3dfaa445/aggregates => generated 235 bytes in 15 msecs (HTTP/1.1 404) 5 headers in 202 bytes (1 switches on core 0)
2026-07-25 05:02:50.433 7 INFO placement.requestlog [None req-ab053127-eb8c-4251-aa9a-74b3fda7027e 7e179d763a6c42ce9ed15742d0a2fa16 aea1f76454bc4048b6f4ddb309e129bd - - 036539478bef46bfb67ade26aa3bdb66 036539478bef46bfb67ade26aa3bdb66] 10.0.0.26 "DELETE /resource_providers/5bd42703-3531-42de-b01e-f8bc3dfaa445" status: 404 len: 246 microversion: 1.1 [pid: 7|app: 0|req: 233/463] 10.0.0.26 () {34 vars in 815 bytes} [Sat Jul 25 05:02:50 2026] DELETE /resource_providers/5bd42703-3531-42de-b01e-f8bc3dfaa445 => generated 246 bytes in 9 msecs (HTTP/1.1 404) 6 headers in 231 bytes (1 switches on core 0)
2026-07-25 05:02:50.438 8 INFO placement.requestlog [None req-7b7d4960-45ea-4835-9e5e-4fa2088cd4d2 7e179d763a6c42ce9ed15742d0a2fa16 aea1f76454bc4048b6f4ddb309e129bd - - 036539478bef46bfb67ade26aa3bdb66 036539478bef46bfb67ade26aa3bdb66] 10.0.0.26 "DELETE /resource_providers/5bd42703-3531-42de-b01e-f8bc3dfaa445" status: 404 len: 246 microversion: 1.1 [pid: 8|app: 0|req: 231/464] 10.0.0.26 () {34 vars in 815 bytes} [Sat Jul 25 05:02:50 2026] DELETE /resource_providers/5bd42703-3531-42de-b01e-f8bc3dfaa445 => generated 246 bytes in 12 msecs (HTTP/1.1 404) 6 headers in 231 bytes (1 switches on core 0)
2026-07-25 05:02:52.456 7 INFO placement.requestlog [None req-af09bf9b-fccb-432b-817c-c05441664c04 7e179d763a6c42ce9ed15742d0a2fa16 aea1f76454bc4048b6f4ddb309e129bd - - 036539478bef46bfb67ade26aa3bdb66 036539478bef46bfb67ade26aa3bdb66] 10.0.0.26 "GET /resource_providers/cad2d73d-5f2e-4385-bb90-c0e63bb733fd/aggregates" status: 404 len: 235 microversion: 1.1 [pid: 7|app: 0|req: 234/465] 10.0.0.26 () {32 vars in 815 bytes} [Sat Jul 25 05:02:52 2026] GET /resource_providers/cad2d73d-5f2e-4385-bb90-c0e63bb733fd/aggregates => generated 235 bytes in 12 msecs (HTTP/1.1 404) 5 headers in 202 bytes (1 switches on core 0)
2026-07-25 05:02:52.470 8 INFO placement.requestlog [None req-9a6577c2-6b25-4370-9606-1b64694c5fc3 7e179d763a6c42ce9ed15742d0a2fa16 aea1f76454bc4048b6f4ddb309e129bd - - 036539478bef46bfb67ade26aa3bdb66 036539478bef46bfb67ade26aa3bdb66] 10.0.0.26 "GET /resource_providers/cad2d73d-5f2e-4385-bb90-c0e63bb733fd/aggregates" status: 404 len: 235 microversion: 1.1 [pid: 8|app: 0|req: 232/466] 10.0.0.26 () {32 vars in 815 bytes} [Sat Jul 25 05:02:52 2026] GET /resource_providers/cad2d73d-5f2e-4385-bb90-c0e63bb733fd/aggregates => generated 235 bytes in 16 msecs (HTTP/1.1 404) 5 headers in 202 bytes (1 switches on core 0)
2026-07-25 05:02:52.472 7 INFO placement.requestlog [None req-fde75603-ede0-4b86-a398-093faad83153 7e179d763a6c42ce9ed15742d0a2fa16 aea1f76454bc4048b6f4ddb309e129bd - - 036539478bef46bfb67ade26aa3bdb66 036539478bef46bfb67ade26aa3bdb66] 10.0.0.26 "DELETE /resource_providers/cad2d73d-5f2e-4385-bb90-c0e63bb733fd" status: 404 len: 246 microversion: 1.1 [pid: 7|app: 0|req: 235/467] 10.0.0.26 () {34 vars in 815 bytes} [Sat Jul 25 05:02:52 2026] DELETE /resource_providers/cad2d73d-5f2e-4385-bb90-c0e63bb733fd => generated 246 bytes in 8 msecs (HTTP/1.1 404) 6 headers in 231 bytes (1 switches on core 0)
