2026-07-15 06:09:29.813 8 INFO placement.requestlog [None req-891645d6-5e1f-4f6a-a949-12496346a56a 4aca5a94ce544442b5fcb413748cc52b 65160aa7fb084d9390428bb958f02edb - - e1108bd11db84ce1a011b73bcef4edad e1108bd11db84ce1a011b73bcef4edad] 10.0.0.90 "GET /resource_providers/307539cc-d123-4b71-b9c9-b4a4448dc7d4/aggregates" status: 404 len: 235 microversion: 1.1 [pid: 8|app: 0|req: 395/781] 10.0.0.90 () {32 vars in 814 bytes} [Wed Jul 15 06:09:29 2026] GET /resource_providers/307539cc-d123-4b71-b9c9-b4a4448dc7d4/aggregates => generated 235 bytes in 14 msecs (HTTP/1.1 404) 5 headers in 202 bytes (1 switches on core 0)
2026-07-15 06:09:29.832 8 INFO placement.requestlog [None req-aaf0690c-9f6a-4ea0-8bf8-c8786f79c8fa 4aca5a94ce544442b5fcb413748cc52b 65160aa7fb084d9390428bb958f02edb - - e1108bd11db84ce1a011b73bcef4edad e1108bd11db84ce1a011b73bcef4edad] 10.0.0.90 "DELETE /resource_providers/307539cc-d123-4b71-b9c9-b4a4448dc7d4" status: 404 len: 246 microversion: 1.1 [pid: 8|app: 0|req: 396/782] 10.0.0.90 () {34 vars in 814 bytes} [Wed Jul 15 06:09:29 2026] DELETE /resource_providers/307539cc-d123-4b71-b9c9-b4a4448dc7d4 => generated 246 bytes in 7 msecs (HTTP/1.1 404) 6 headers in 231 bytes (1 switches on core 0)
2026-07-15 06:09:29.833 7 INFO placement.requestlog [None req-7209d8ff-222c-4e54-b3a5-9d87532c0cd0 4aca5a94ce544442b5fcb413748cc52b 65160aa7fb084d9390428bb958f02edb - - e1108bd11db84ce1a011b73bcef4edad e1108bd11db84ce1a011b73bcef4edad] 10.0.0.90 "GET /resource_providers/307539cc-d123-4b71-b9c9-b4a4448dc7d4/aggregates" status: 404 len: 235 microversion: 1.1 [pid: 7|app: 0|req: 387/783] 10.0.0.90 () {32 vars in 814 bytes} [Wed Jul 15 06:09:29 2026] GET /resource_providers/307539cc-d123-4b71-b9c9-b4a4448dc7d4/aggregates => generated 235 bytes in 14 msecs (HTTP/1.1 404) 5 headers in 202 bytes (1 switches on core 0)
2026-07-15 06:09:29.857 8 INFO placement.requestlog [None req-82802f4c-997c-4ce3-b74f-3deff718a8c6 4aca5a94ce544442b5fcb413748cc52b 65160aa7fb084d9390428bb958f02edb - - e1108bd11db84ce1a011b73bcef4edad e1108bd11db84ce1a011b73bcef4edad] 10.0.0.90 "DELETE /resource_providers/307539cc-d123-4b71-b9c9-b4a4448dc7d4" status: 404 len: 246 microversion: 1.1 [pid: 8|app: 0|req: 397/784] 10.0.0.90 () {34 vars in 814 bytes} [Wed Jul 15 06:09:29 2026] DELETE /resource_providers/307539cc-d123-4b71-b9c9-b4a4448dc7d4 => generated 246 bytes in 16 msecs (HTTP/1.1 404) 6 headers in 231 bytes (1 switches on core 0)
2026-07-15 06:09:33.020 8 INFO placement.requestlog [None req-34684dc1-cb78-4ca1-a7ee-b83699f89094 4aca5a94ce544442b5fcb413748cc52b 65160aa7fb084d9390428bb958f02edb - - e1108bd11db84ce1a011b73bcef4edad e1108bd11db84ce1a011b73bcef4edad] 10.0.0.90 "GET /resource_providers/8a57e9e6-e8f3-49be-a54c-ccbf322b4805/aggregates" status: 404 len: 235 microversion: 1.1 [pid: 8|app: 0|req: 398/785] 10.0.0.90 () {32 vars in 814 bytes} [Wed Jul 15 06:09:33 2026] GET /resource_providers/8a57e9e6-e8f3-49be-a54c-ccbf322b4805/aggregates => generated 235 bytes in 11 msecs (HTTP/1.1 404) 5 headers in 202 bytes (1 switches on core 0)
2026-07-15 06:09:33.027 7 INFO placement.requestlog [None req-ee027916-fbeb-4c99-b09e-2f6af158d56a 4aca5a94ce544442b5fcb413748cc52b 65160aa7fb084d9390428bb958f02edb - - e1108bd11db84ce1a011b73bcef4edad e1108bd11db84ce1a011b73bcef4edad] 10.0.0.90 "GET /resource_providers/8a57e9e6-e8f3-49be-a54c-ccbf322b4805/aggregates" status: 404 len: 235 microversion: 1.1 [pid: 7|app: 0|req: 388/786] 10.0.0.90 () {32 vars in 814 bytes} [Wed Jul 15 06:09:33 2026] GET /resource_providers/8a57e9e6-e8f3-49be-a54c-ccbf322b4805/aggregates => generated 235 bytes in 24 msecs (HTTP/1.1 404) 5 headers in 202 bytes (1 switches on core 0)
2026-07-15 06:09:33.049 8 INFO placement.requestlog [None req-680c99f2-0972-4136-bc19-0ce68f33e4a4 4aca5a94ce544442b5fcb413748cc52b 65160aa7fb084d9390428bb958f02edb - - e1108bd11db84ce1a011b73bcef4edad e1108bd11db84ce1a011b73bcef4edad] 10.0.0.90 "DELETE /resource_providers/8a57e9e6-e8f3-49be-a54c-ccbf322b4805" status: 404 len: 246 microversion: 1.1 [pid: 8|app: 0|req: 399/787] 10.0.0.90 () {34 vars in 814 bytes} [Wed Jul 15 06:09:33 2026] DELETE /resource_providers/8a57e9e6-e8f3-49be-a54c-ccbf322b4805 => generated 246 bytes in 12 msecs (HTTP/1.1 404) 6 headers in 231 bytes (1 switches on core 0)
2026-07-15 06:09:33.063 7 INFO placement.requestlog [None req-f58ab4ad-e40c-4e5c-9959-655dac08d9fd 4aca5a94ce544442b5fcb413748cc52b 65160aa7fb084d9390428bb958f02edb - - e1108bd11db84ce1a011b73bcef4edad e1108bd11db84ce1a011b73bcef4edad] 10.0.0.90 "DELETE /resource_providers/8a57e9e6-e8f3-49be-a54c-ccbf322b4805" status: 404 len: 246 microversion: 1.1 [pid: 7|app: 0|req: 389/788] 10.0.0.90 () {34 vars in 814 bytes} [Wed Jul 15 06:09:33 2026] DELETE /resource_providers/8a57e9e6-e8f3-49be-a54c-ccbf322b4805 => generated 246 bytes in 22 msecs (HTTP/1.1 404) 6 headers in 231 bytes (1 switches on core 0)
2026-07-15 06:09:33.455 8 INFO placement.requestlog [req-e4403d22-b9a8-4555-bd0e-d5b7ead4a639 req-42ede0ed-9608-4ade-b35e-e3dd586a9a1b d0d11533ae25430c91eee11d8e683900 65160aa7fb084d9390428bb958f02edb - - e1108bd11db84ce1a011b73bcef4edad e1108bd11db84ce1a011b73bcef4edad] 10.0.0.73 "GET /allocation_candidates?limit=1000&resources=MEMORY_MB%3A512%2CVCPU%3A1&root_required=%21COMPUTE_STATUS_DISABLED" status: 200 len: 2135 microversion: 1.36 [pid: 8|app: 0|req: 400/789] 10.0.0.73 () {34 vars in 982 bytes} [Wed Jul 15 06:09:33 2026] GET /allocation_candidates?limit=1000&resources=MEMORY_MB%3A512%2CVCPU%3A1&root_required=%21COMPUTE_STATUS_DISABLED => generated 2135 bytes in 72 msecs (HTTP/1.1 200) 8 headers in 297 bytes (1 switches on core 0)
2026-07-15 06:09:33.511 8 INFO placement.requestlog [None req-fa8c7b9f-cf7f-44e4-b1e2-ce3e7e4636e8 4aca5a94ce544442b5fcb413748cc52b 65160aa7fb084d9390428bb958f02edb - - e1108bd11db84ce1a011b73bcef4edad e1108bd11db84ce1a011b73bcef4edad] 10.0.0.90 "GET /resource_providers/e124d225-5c61-46ee-a817-a5fbf534ffdd/aggregates" status: 404 len: 235 microversion: 1.1 [pid: 8|app: 0|req: 401/790] 10.0.0.90 () {32 vars in 814 bytes} [Wed Jul 15 06:09:33 2026] GET /resource_providers/e124d225-5c61-46ee-a817-a5fbf534ffdd/aggregates => generated 235 bytes in 22 msecs (HTTP/1.1 404) 5 headers in 202 bytes (1 switches on core 0)
2026-07-15 06:09:33.512 7 INFO placement.requestlog [None req-91c4628c-cffb-49ca-9e83-9d4e1b816d4c 4aca5a94ce544442b5fcb413748cc52b 65160aa7fb084d9390428bb958f02edb - - e1108bd11db84ce1a011b73bcef4edad e1108bd11db84ce1a011b73bcef4edad] 10.0.0.90 "GET /resource_providers/e124d225-5c61-46ee-a817-a5fbf534ffdd/aggregates" status: 404 len: 235 microversion: 1.1 [pid: 7|app: 0|req: 390/791] 10.0.0.90 () {32 vars in 814 bytes} [Wed Jul 15 06:09:33 2026] GET /resource_providers/e124d225-5c61-46ee-a817-a5fbf534ffdd/aggregates => generated 235 bytes in 27 msecs (HTTP/1.1 404) 5 headers in 202 bytes (1 switches on core 0)
2026-07-15 06:09:33.523 8 INFO placement.requestlog [req-e4403d22-b9a8-4555-bd0e-d5b7ead4a639 req-fd435324-e328-4a34-b863-a1cde56557ce d0d11533ae25430c91eee11d8e683900 65160aa7fb084d9390428bb958f02edb - - e1108bd11db84ce1a011b73bcef4edad e1108bd11db84ce1a011b73bcef4edad] 10.0.0.73 "GET /allocations/6c246e79-7a01-4afc-860b-e1f8179b1dea" status: 200 len: 19 microversion: 1.28 [pid: 8|app: 0|req: 402/792] 10.0.0.73 () {34 vars in 859 bytes} [Wed Jul 15 06:09:33 2026] GET /allocations/6c246e79-7a01-4afc-860b-e1f8179b1dea => generated 19 bytes in 8 msecs (HTTP/1.1 200) 8 headers in 295 bytes (1 switches on core 0)
2026-07-15 06:09:33.538 8 INFO placement.requestlog [None req-55ed3b9a-ac51-49f0-abe8-598b57cf874a 4aca5a94ce544442b5fcb413748cc52b 65160aa7fb084d9390428bb958f02edb - - e1108bd11db84ce1a011b73bcef4edad e1108bd11db84ce1a011b73bcef4edad] 10.0.0.90 "DELETE /resource_providers/e124d225-5c61-46ee-a817-a5fbf534ffdd" status: 404 len: 246 microversion: 1.1 [pid: 8|app: 0|req: 403/793] 10.0.0.90 () {34 vars in 814 bytes} [Wed Jul 15 06:09:33 2026] DELETE /resource_providers/e124d225-5c61-46ee-a817-a5fbf534ffdd => generated 246 bytes in 10 msecs (HTTP/1.1 404) 6 headers in 231 bytes (1 switches on core 0)
2026-07-15 06:09:33.541 7 INFO placement.requestlog [None req-882001de-3596-48e0-a199-4a90aeae0d51 4aca5a94ce544442b5fcb413748cc52b 65160aa7fb084d9390428bb958f02edb - - e1108bd11db84ce1a011b73bcef4edad e1108bd11db84ce1a011b73bcef4edad] 10.0.0.90 "DELETE /resource_providers/e124d225-5c61-46ee-a817-a5fbf534ffdd" status: 404 len: 246 microversion: 1.1 [pid: 7|app: 0|req: 391/794] 10.0.0.90 () {34 vars in 814 bytes} [Wed Jul 15 06:09:33 2026] DELETE /resource_providers/e124d225-5c61-46ee-a817-a5fbf534ffdd => generated 246 bytes in 14 msecs (HTTP/1.1 404) 6 headers in 231 bytes (1 switches on core 0)
2026-07-15 06:09:33.665 8 INFO placement.requestlog [req-e4403d22-b9a8-4555-bd0e-d5b7ead4a639 req-2fe1fc06-7579-42d1-8bb2-e440be847d40 d0d11533ae25430c91eee11d8e683900 65160aa7fb084d9390428bb958f02edb - - e1108bd11db84ce1a011b73bcef4edad e1108bd11db84ce1a011b73bcef4edad] 10.0.0.73 "PUT /allocations/6c246e79-7a01-4afc-860b-e1f8179b1dea" status: 204 len: 0 microversion: 1.36 [pid: 8|app: 0|req: 404/795] 10.0.0.73 () {38 vars in 912 bytes} [Wed Jul 15 06:09:33 2026] PUT /allocations/6c246e79-7a01-4afc-860b-e1f8179b1dea => generated 0 bytes in 126 msecs (HTTP/1.1 204) 5 headers in 199 bytes (1 switches on core 0)
2026-07-15 06:09:34.097 7 INFO placement.requestlog [req-e4403d22-b9a8-4555-bd0e-d5b7ead4a639 req-2c135eed-c908-435b-abdd-e86399d68527 d0d11533ae25430c91eee11d8e683900 65160aa7fb084d9390428bb958f02edb - - e1108bd11db84ce1a011b73bcef4edad e1108bd11db84ce1a011b73bcef4edad] 199.204.45.242 "GET /allocations/6c246e79-7a01-4afc-860b-e1f8179b1dea" status: 200 len: 243 microversion: 1.28 [pid: 7|app: 0|req: 392/796] 199.204.45.242 () {34 vars in 862 bytes} [Wed Jul 15 06:09:34 2026] GET /allocations/6c246e79-7a01-4afc-860b-e1f8179b1dea => generated 243 bytes in 11 msecs (HTTP/1.1 200) 8 headers in 296 bytes (1 switches on core 0)
2026-07-15 06:09:34.204 8 INFO placement.requestlog [req-e4403d22-b9a8-4555-bd0e-d5b7ead4a639 req-eb10186b-847e-418f-8f43-83aaddad5b93 d0d11533ae25430c91eee11d8e683900 65160aa7fb084d9390428bb958f02edb - - e1108bd11db84ce1a011b73bcef4edad e1108bd11db84ce1a011b73bcef4edad] 199.204.45.242 "GET /resource_providers/71568f7e-bcc7-4fcb-ac43-b22414332830/allocations" status: 200 len: 238 microversion: 1.0 [pid: 8|app: 0|req: 405/797] 199.204.45.242 () {32 vars in 856 bytes} [Wed Jul 15 06:09:34 2026] GET /resource_providers/71568f7e-bcc7-4fcb-ac43-b22414332830/allocations => generated 238 bytes in 22 msecs (HTTP/1.1 200) 6 headers in 224 bytes (1 switches on core 0)
2026-07-15 06:09:34.236 7 INFO placement.requestlog [req-e4403d22-b9a8-4555-bd0e-d5b7ead4a639 req-2ea9f390-131a-4447-9061-e2689cd723e3 d0d11533ae25430c91eee11d8e683900 65160aa7fb084d9390428bb958f02edb - - e1108bd11db84ce1a011b73bcef4edad e1108bd11db84ce1a011b73bcef4edad] 199.204.45.242 "GET /allocations/1b040735-dd0f-4f89-ad3f-6aeac667da27" status: 200 len: 257 microversion: 1.28 [pid: 7|app: 0|req: 393/798] 199.204.45.242 () {34 vars in 862 bytes} [Wed Jul 15 06:09:34 2026] GET /allocations/1b040735-dd0f-4f89-ad3f-6aeac667da27 => generated 257 bytes in 25 msecs (HTTP/1.1 200) 8 headers in 296 bytes (1 switches on core 0)
2026-07-15 06:09:34.262 8 INFO placement.requestlog [req-e4403d22-b9a8-4555-bd0e-d5b7ead4a639 req-45a6fe42-1027-43a2-a4e7-e374a6422c38 d0d11533ae25430c91eee11d8e683900 65160aa7fb084d9390428bb958f02edb - - e1108bd11db84ce1a011b73bcef4edad e1108bd11db84ce1a011b73bcef4edad] 199.204.45.242 "GET /allocations/6c246e79-7a01-4afc-860b-e1f8179b1dea" status: 200 len: 243 microversion: 1.28 [pid: 8|app: 0|req: 406/799] 199.204.45.242 () {34 vars in 862 bytes} [Wed Jul 15 06:09:34 2026] GET /allocations/6c246e79-7a01-4afc-860b-e1f8179b1dea => generated 243 bytes in 18 msecs (HTTP/1.1 200) 8 headers in 296 bytes (1 switches on core 0)
2026-07-15 06:09:35.073 7 INFO placement.requestlog [None req-f1e1adac-fd77-47ba-b30e-fac06acfd12c 4aca5a94ce544442b5fcb413748cc52b 65160aa7fb084d9390428bb958f02edb - - e1108bd11db84ce1a011b73bcef4edad e1108bd11db84ce1a011b73bcef4edad] 10.0.0.90 "GET /resource_providers/154de1a8-86f4-4ea9-ad8d-9587b8292d03/aggregates" status: 404 len: 235 microversion: 1.1 [pid: 7|app: 0|req: 394/800] 10.0.0.90 () {32 vars in 814 bytes} [Wed Jul 15 06:09:35 2026] GET /resource_providers/154de1a8-86f4-4ea9-ad8d-9587b8292d03/aggregates => generated 235 bytes in 9 msecs (HTTP/1.1 404) 5 headers in 202 bytes (1 switches on core 0)
2026-07-15 06:09:35.094 8 INFO placement.requestlog [None req-d4c8c659-b2b5-4b5c-baf4-c23208d58460 4aca5a94ce544442b5fcb413748cc52b 65160aa7fb084d9390428bb958f02edb - - e1108bd11db84ce1a011b73bcef4edad e1108bd11db84ce1a011b73bcef4edad] 10.0.0.90 "DELETE /resource_providers/154de1a8-86f4-4ea9-ad8d-9587b8292d03" status: 404 len: 246 microversion: 1.1 [pid: 8|app: 0|req: 407/801] 10.0.0.90 () {34 vars in 814 bytes} [Wed Jul 15 06:09:35 2026] DELETE /resource_providers/154de1a8-86f4-4ea9-ad8d-9587b8292d03 => generated 246 bytes in 13 msecs (HTTP/1.1 404) 6 headers in 231 bytes (1 switches on core 0)
2026-07-15 06:09:35.430 7 INFO placement.requestlog [None req-911200b6-fbd1-4c0b-9b51-ef5849c2c95a 4aca5a94ce544442b5fcb413748cc52b 65160aa7fb084d9390428bb958f02edb - - e1108bd11db84ce1a011b73bcef4edad e1108bd11db84ce1a011b73bcef4edad] 10.0.0.90 "GET /resource_providers/154de1a8-86f4-4ea9-ad8d-9587b8292d03/aggregates" status: 404 len: 235 microversion: 1.1 [pid: 7|app: 0|req: 395/802] 10.0.0.90 () {32 vars in 814 bytes} [Wed Jul 15 06:09:35 2026] GET /resource_providers/154de1a8-86f4-4ea9-ad8d-9587b8292d03/aggregates => generated 235 bytes in 13 msecs (HTTP/1.1 404) 5 headers in 202 bytes (1 switches on core 0)
2026-07-15 06:09:35.455 8 INFO placement.requestlog [None req-a91506d3-d570-4a11-b23a-3444f7aa4147 4aca5a94ce544442b5fcb413748cc52b 65160aa7fb084d9390428bb958f02edb - - e1108bd11db84ce1a011b73bcef4edad e1108bd11db84ce1a011b73bcef4edad] 10.0.0.90 "DELETE /resource_providers/154de1a8-86f4-4ea9-ad8d-9587b8292d03" status: 404 len: 246 microversion: 1.1 [pid: 8|app: 0|req: 408/803] 10.0.0.90 () {34 vars in 814 bytes} [Wed Jul 15 06:09:35 2026] DELETE /resource_providers/154de1a8-86f4-4ea9-ad8d-9587b8292d03 => generated 246 bytes in 15 msecs (HTTP/1.1 404) 6 headers in 231 bytes (1 switches on core 0)
2026-07-15 06:09:35.687 7 INFO placement.requestlog [None req-64754184-e18a-4b79-a13b-2802b26edfb3 4aca5a94ce544442b5fcb413748cc52b 65160aa7fb084d9390428bb958f02edb - - e1108bd11db84ce1a011b73bcef4edad e1108bd11db84ce1a011b73bcef4edad] 10.0.0.90 "GET /resource_providers/8a368fbc-c623-4216-8c7a-5b54cc2b27e3/aggregates" status: 404 len: 235 microversion: 1.1 [pid: 7|app: 0|req: 396/804] 10.0.0.90 () {32 vars in 814 bytes} [Wed Jul 15 06:09:35 2026] GET /resource_providers/8a368fbc-c623-4216-8c7a-5b54cc2b27e3/aggregates => generated 235 bytes in 11 msecs (HTTP/1.1 404) 5 headers in 202 bytes (1 switches on core 0)
2026-07-15 06:09:35.693 8 INFO placement.requestlog [None req-273c34d8-9b25-43e8-908f-283486d699f1 4aca5a94ce544442b5fcb413748cc52b 65160aa7fb084d9390428bb958f02edb - - e1108bd11db84ce1a011b73bcef4edad e1108bd11db84ce1a011b73bcef4edad] 10.0.0.90 "GET /resource_providers/8a368fbc-c623-4216-8c7a-5b54cc2b27e3/aggregates" status: 404 len: 235 microversion: 1.1 [pid: 8|app: 0|req: 409/805] 10.0.0.90 () {32 vars in 814 bytes} [Wed Jul 15 06:09:35 2026] GET /resource_providers/8a368fbc-c623-4216-8c7a-5b54cc2b27e3/aggregates => generated 235 bytes in 17 msecs (HTTP/1.1 404) 5 headers in 202 bytes (1 switches on core 0)
2026-07-15 06:09:35.733 7 INFO placement.requestlog [None req-62dedef0-b1e4-4173-ac36-570ba1e3ee1f 4aca5a94ce544442b5fcb413748cc52b 65160aa7fb084d9390428bb958f02edb - - e1108bd11db84ce1a011b73bcef4edad e1108bd11db84ce1a011b73bcef4edad] 10.0.0.90 "DELETE /resource_providers/8a368fbc-c623-4216-8c7a-5b54cc2b27e3" status: 404 len: 246 microversion: 1.1 [pid: 7|app: 0|req: 397/806] 10.0.0.90 () {34 vars in 814 bytes} [Wed Jul 15 06:09:35 2026] DELETE /resource_providers/8a368fbc-c623-4216-8c7a-5b54cc2b27e3 => generated 246 bytes in 13 msecs (HTTP/1.1 404) 6 headers in 231 bytes (1 switches on core 0)
2026-07-15 06:09:35.735 7 INFO placement.requestlog [None req-cdbc3486-186b-4f71-adc5-442c5ef8bed6 - - - - - -] 10.0.0.48 "GET /" status: 200 len: 136 microversion: 1.0
2026-07-15 06:09:35.736 7 INFO placement.requestlog [None req-ba1b9dc8-0b83-4e7e-8a90-752b7797f582 - - - - - -] 10.0.0.48 "GET /" status: 200 len: 136 microversion: 1.0
2026-07-15 06:09:35.744 8 INFO placement.requestlog [None req-348af886-ec25-40e2-b9c2-48f54f2c9cb1 4aca5a94ce544442b5fcb413748cc52b 65160aa7fb084d9390428bb958f02edb - - e1108bd11db84ce1a011b73bcef4edad e1108bd11db84ce1a011b73bcef4edad] 10.0.0.90 "DELETE /resource_providers/8a368fbc-c623-4216-8c7a-5b54cc2b27e3" status: 404 len: 246 microversion: 1.1 [pid: 8|app: 0|req: 410/809] 10.0.0.90 () {34 vars in 814 bytes} [Wed Jul 15 06:09:35 2026] DELETE /resource_providers/8a368fbc-c623-4216-8c7a-5b54cc2b27e3 => generated 246 bytes in 22 msecs (HTTP/1.1 404) 6 headers in 231 bytes (1 switches on core 0)
2026-07-15 06:09:42.889 7 INFO placement.requestlog [req-b724b19a-10db-4cd4-85e5-61fc49d7c2bb req-189b87c1-fb11-43a3-84ab-ad65231df616 d0d11533ae25430c91eee11d8e683900 65160aa7fb084d9390428bb958f02edb - - e1108bd11db84ce1a011b73bcef4edad e1108bd11db84ce1a011b73bcef4edad] 199.204.45.242 "GET /resource_providers/71568f7e-bcc7-4fcb-ac43-b22414332830/allocations" status: 200 len: 238 microversion: 1.0 [pid: 7|app: 0|req: 400/810] 199.204.45.242 () {32 vars in 856 bytes} [Wed Jul 15 06:09:42 2026] GET /resource_providers/71568f7e-bcc7-4fcb-ac43-b22414332830/allocations => generated 238 bytes in 31 msecs (HTTP/1.1 200) 6 headers in 224 bytes (1 switches on core 0)
2026-07-15 06:09:42.927 8 INFO placement.requestlog [req-b724b19a-10db-4cd4-85e5-61fc49d7c2bb req-5dc6b260-c315-4c6d-8a75-a14ea714ff7e d0d11533ae25430c91eee11d8e683900 65160aa7fb084d9390428bb958f02edb - - e1108bd11db84ce1a011b73bcef4edad e1108bd11db84ce1a011b73bcef4edad] 199.204.45.242 "GET /allocations/1b040735-dd0f-4f89-ad3f-6aeac667da27" status: 200 len: 257 microversion: 1.28 [pid: 8|app: 0|req: 411/811] 199.204.45.242 () {34 vars in 862 bytes} [Wed Jul 15 06:09:42 2026] GET /allocations/1b040735-dd0f-4f89-ad3f-6aeac667da27 => generated 257 bytes in 27 msecs (HTTP/1.1 200) 8 headers in 296 bytes (1 switches on core 0)
2026-07-15 06:09:42.959 7 INFO placement.requestlog [req-b724b19a-10db-4cd4-85e5-61fc49d7c2bb req-46c4cb37-39d9-4677-b885-71b62f839006 d0d11533ae25430c91eee11d8e683900 65160aa7fb084d9390428bb958f02edb - - e1108bd11db84ce1a011b73bcef4edad e1108bd11db84ce1a011b73bcef4edad] 199.204.45.242 "GET /allocations/6c246e79-7a01-4afc-860b-e1f8179b1dea" status: 200 len: 243 microversion: 1.28 [pid: 7|app: 0|req: 401/812] 199.204.45.242 () {34 vars in 862 bytes} [Wed Jul 15 06:09:42 2026] GET /allocations/6c246e79-7a01-4afc-860b-e1f8179b1dea => generated 243 bytes in 26 msecs (HTTP/1.1 200) 8 headers in 296 bytes (1 switches on core 0)
2026-07-15 06:09:43.040 8 INFO placement.requestlog [req-b724b19a-10db-4cd4-85e5-61fc49d7c2bb req-906c6dfb-ba3a-4d73-afd8-73dbfe4e291e d0d11533ae25430c91eee11d8e683900 65160aa7fb084d9390428bb958f02edb - - e1108bd11db84ce1a011b73bcef4edad e1108bd11db84ce1a011b73bcef4edad] 199.204.45.242 "DELETE /allocations/6c246e79-7a01-4afc-860b-e1f8179b1dea" status: 204 len: 0 microversion: 1.0 [pid: 8|app: 0|req: 412/813] 199.204.45.242 () {34 vars in 840 bytes} [Wed Jul 15 06:09:43 2026] DELETE /allocations/6c246e79-7a01-4afc-860b-e1f8179b1dea => generated 0 bytes in 26 msecs (HTTP/1.1 204) 5 headers in 198 bytes (1 switches on core 0)
2026-07-15 06:09:45.733 7 INFO placement.requestlog [None req-a9bdf77c-30bc-4e0a-b0c9-7eabb2515704 - - - - - -] 10.0.0.48 "GET /" status: 200 len: 136 microversion: 1.0
2026-07-15 06:09:45.733 8 INFO placement.requestlog [None req-38026f62-fc16-4778-8058-25832fc70b64 - - - - - -] 10.0.0.48 "GET /" status: 200 len: 136 microversion: 1.0
2026-07-15 06:09:46.659 7 INFO placement.requestlog [None req-00fe1801-1f56-4889-be32-37b6c60153a1 4aca5a94ce544442b5fcb413748cc52b 65160aa7fb084d9390428bb958f02edb - - e1108bd11db84ce1a011b73bcef4edad e1108bd11db84ce1a011b73bcef4edad] 10.0.0.90 "GET /resource_providers/bddfbd30-a202-46e8-844a-359c261b4a4c/aggregates" status: 404 len: 235 microversion: 1.1 [pid: 7|app: 0|req: 403/816] 10.0.0.90 () {32 vars in 814 bytes} [Wed Jul 15 06:09:46 2026] GET /resource_providers/bddfbd30-a202-46e8-844a-359c261b4a4c/aggregates => generated 235 bytes in 15 msecs (HTTP/1.1 404) 5 headers in 202 bytes (1 switches on core 0)
2026-07-15 06:09:46.665 8 INFO placement.requestlog [None req-6fc956e2-d99b-4667-8ef3-2d9476c22c95 4aca5a94ce544442b5fcb413748cc52b 65160aa7fb084d9390428bb958f02edb - - e1108bd11db84ce1a011b73bcef4edad e1108bd11db84ce1a011b73bcef4edad] 10.0.0.90 "GET /resource_providers/bddfbd30-a202-46e8-844a-359c261b4a4c/aggregates" status: 404 len: 235 microversion: 1.1 [pid: 8|app: 0|req: 414/817] 10.0.0.90 () {32 vars in 814 bytes} [Wed Jul 15 06:09:46 2026] GET /resource_providers/bddfbd30-a202-46e8-844a-359c261b4a4c/aggregates => generated 235 bytes in 13 msecs (HTTP/1.1 404) 5 headers in 202 bytes (1 switches on core 0)
2026-07-15 06:09:46.689 8 INFO placement.requestlog [None req-0540601b-8f1a-442c-9e12-bb6281bc1a65 4aca5a94ce544442b5fcb413748cc52b 65160aa7fb084d9390428bb958f02edb - - e1108bd11db84ce1a011b73bcef4edad e1108bd11db84ce1a011b73bcef4edad] 10.0.0.90 "DELETE /resource_providers/bddfbd30-a202-46e8-844a-359c261b4a4c" status: 404 len: 246 microversion: 1.1 [pid: 8|app: 0|req: 415/818] 10.0.0.90 () {34 vars in 814 bytes} [Wed Jul 15 06:09:46 2026] DELETE /resource_providers/bddfbd30-a202-46e8-844a-359c261b4a4c => generated 246 bytes in 11 msecs (HTTP/1.1 404) 6 headers in 231 bytes (1 switches on core 0)
2026-07-15 06:09:46.692 7 INFO placement.requestlog [None req-39f3abaf-99e7-4edf-8674-692bc85b0c70 4aca5a94ce544442b5fcb413748cc52b 65160aa7fb084d9390428bb958f02edb - - e1108bd11db84ce1a011b73bcef4edad e1108bd11db84ce1a011b73bcef4edad] 10.0.0.90 "DELETE /resource_providers/bddfbd30-a202-46e8-844a-359c261b4a4c" status: 404 len: 246 microversion: 1.1 [pid: 7|app: 0|req: 404/819] 10.0.0.90 () {34 vars in 814 bytes} [Wed Jul 15 06:09:46 2026] DELETE /resource_providers/bddfbd30-a202-46e8-844a-359c261b4a4c => generated 246 bytes in 14 msecs (HTTP/1.1 404) 6 headers in 231 bytes (1 switches on core 0)
2026-07-15 06:09:47.514 7 INFO placement.requestlog [None req-c0949a8f-4ef5-4c37-8979-f0fba52ae0a1 4aca5a94ce544442b5fcb413748cc52b 65160aa7fb084d9390428bb958f02edb - - e1108bd11db84ce1a011b73bcef4edad e1108bd11db84ce1a011b73bcef4edad] 10.0.0.90 "GET /resource_providers/62ffc5b3-ca99-4527-8c89-d69175e6abf1/aggregates" status: 404 len: 235 microversion: 1.1
2026-07-15 06:09:47.514 8 INFO placement.requestlog [None req-d99bea2f-eed8-4578-a1a8-92981e4aabfa 4aca5a94ce544442b5fcb413748cc52b 65160aa7fb084d9390428bb958f02edb - - e1108bd11db84ce1a011b73bcef4edad e1108bd11db84ce1a011b73bcef4edad] 10.0.0.90 "GET /resource_providers/62ffc5b3-ca99-4527-8c89-d69175e6abf1/aggregates" status: 404 len: 235 microversion: 1.1 [pid: 7|app: 0|req: 405/820] 10.0.0.90 () {32 vars in 814 bytes} [Wed Jul 15 06:09:47 2026] GET /resource_providers/62ffc5b3-ca99-4527-8c89-d69175e6abf1/aggregates => generated 235 bytes in 7 msecs (HTTP/1.1 404) 5 headers in 202 bytes (1 switches on core 0) [pid: 8|app: 0|req: 416/821] 10.0.0.90 () {32 vars in 814 bytes} [Wed Jul 15 06:09:47 2026] GET /resource_providers/62ffc5b3-ca99-4527-8c89-d69175e6abf1/aggregates => generated 235 bytes in 8 msecs (HTTP/1.1 404) 5 headers in 202 bytes (1 switches on core 0)
2026-07-15 06:09:47.537 7 INFO placement.requestlog [None req-997ba450-ac9b-4d63-a251-632fd01c9216 4aca5a94ce544442b5fcb413748cc52b 65160aa7fb084d9390428bb958f02edb - - e1108bd11db84ce1a011b73bcef4edad e1108bd11db84ce1a011b73bcef4edad] 10.0.0.90 "DELETE /resource_providers/62ffc5b3-ca99-4527-8c89-d69175e6abf1" status: 404 len: 246 microversion: 1.1 [pid: 7|app: 0|req: 406/822] 10.0.0.90 () {34 vars in 814 bytes} [Wed Jul 15 06:09:47 2026] DELETE /resource_providers/62ffc5b3-ca99-4527-8c89-d69175e6abf1 => generated 246 bytes in 9 msecs (HTTP/1.1 404) 6 headers in 231 bytes (1 switches on core 0)
2026-07-15 06:09:47.542 8 INFO placement.requestlog [None req-615c412c-605e-4fe9-817c-60bc72c2250d 4aca5a94ce544442b5fcb413748cc52b 65160aa7fb084d9390428bb958f02edb - - e1108bd11db84ce1a011b73bcef4edad e1108bd11db84ce1a011b73bcef4edad] 10.0.0.90 "DELETE /resource_providers/62ffc5b3-ca99-4527-8c89-d69175e6abf1" status: 404 len: 246 microversion: 1.1 [pid: 8|app: 0|req: 417/823] 10.0.0.90 () {34 vars in 814 bytes} [Wed Jul 15 06:09:47 2026] DELETE /resource_providers/62ffc5b3-ca99-4527-8c89-d69175e6abf1 => generated 246 bytes in 11 msecs (HTTP/1.1 404) 6 headers in 231 bytes (1 switches on core 0)
2026-07-15 06:09:47.932 7 INFO placement.requestlog [req-487fa949-0d53-4576-8458-297193f2a878 req-5aa078ed-4e62-4012-9eb6-ae3e018e5b45 d0d11533ae25430c91eee11d8e683900 65160aa7fb084d9390428bb958f02edb - - e1108bd11db84ce1a011b73bcef4edad e1108bd11db84ce1a011b73bcef4edad] 199.204.45.242 "GET /resource_providers/71568f7e-bcc7-4fcb-ac43-b22414332830/allocations" status: 200 len: 152 microversion: 1.0 [pid: 7|app: 0|req: 407/824] 199.204.45.242 () {32 vars in 856 bytes} [Wed Jul 15 06:09:47 2026] GET /resource_providers/71568f7e-bcc7-4fcb-ac43-b22414332830/allocations => generated 152 bytes in 19 msecs (HTTP/1.1 200) 6 headers in 224 bytes (1 switches on core 0)
2026-07-15 06:09:47.951 8 INFO placement.requestlog [req-487fa949-0d53-4576-8458-297193f2a878 req-cbc80323-d4de-4b6d-b055-36aeac14c6fe d0d11533ae25430c91eee11d8e683900 65160aa7fb084d9390428bb958f02edb - - e1108bd11db84ce1a011b73bcef4edad e1108bd11db84ce1a011b73bcef4edad] 199.204.45.242 "GET /allocations/1b040735-dd0f-4f89-ad3f-6aeac667da27" status: 200 len: 257 microversion: 1.28 [pid: 8|app: 0|req: 418/825] 199.204.45.242 () {34 vars in 862 bytes} [Wed Jul 15 06:09:47 2026] GET /allocations/1b040735-dd0f-4f89-ad3f-6aeac667da27 => generated 257 bytes in 13 msecs (HTTP/1.1 200) 8 headers in 296 bytes (1 switches on core 0)
2026-07-15 06:09:48.045 7 INFO placement.requestlog [req-487fa949-0d53-4576-8458-297193f2a878 req-21966fd9-201c-4353-9e69-858bbeead46a d0d11533ae25430c91eee11d8e683900 65160aa7fb084d9390428bb958f02edb - - e1108bd11db84ce1a011b73bcef4edad e1108bd11db84ce1a011b73bcef4edad] 199.204.45.242 "DELETE /allocations/1b040735-dd0f-4f89-ad3f-6aeac667da27" status: 204 len: 0 microversion: 1.0 [pid: 7|app: 0|req: 408/826] 199.204.45.242 () {34 vars in 840 bytes} [Wed Jul 15 06:09:48 2026] DELETE /allocations/1b040735-dd0f-4f89-ad3f-6aeac667da27 => generated 0 bytes in 28 msecs (HTTP/1.1 204) 5 headers in 198 bytes (1 switches on core 0)
2026-07-15 06:09:48.713 7 INFO placement.requestlog [None req-c382308d-d2ca-4da6-85aa-e37bec08c095 4aca5a94ce544442b5fcb413748cc52b 65160aa7fb084d9390428bb958f02edb - - e1108bd11db84ce1a011b73bcef4edad e1108bd11db84ce1a011b73bcef4edad] 10.0.0.90 "GET /resource_providers/0c3ffa8c-db4c-4ca1-b572-93f080d4069e/aggregates" status: 404 len: 235 microversion: 1.1 [pid: 7|app: 0|req: 409/827] 10.0.0.90 () {32 vars in 814 bytes} [Wed Jul 15 06:09:48 2026] GET /resource_providers/0c3ffa8c-db4c-4ca1-b572-93f080d4069e/aggregates => generated 235 bytes in 10 msecs (HTTP/1.1 404) 5 headers in 202 bytes (1 switches on core 0)
2026-07-15 06:09:48.714 8 INFO placement.requestlog [None req-9ef82b95-9056-4677-95b5-e82a1c49ab95 4aca5a94ce544442b5fcb413748cc52b 65160aa7fb084d9390428bb958f02edb - - e1108bd11db84ce1a011b73bcef4edad e1108bd11db84ce1a011b73bcef4edad] 10.0.0.90 "GET /resource_providers/0c3ffa8c-db4c-4ca1-b572-93f080d4069e/aggregates" status: 404 len: 235 microversion: 1.1 [pid: 8|app: 0|req: 419/828] 10.0.0.90 () {32 vars in 814 bytes} [Wed Jul 15 06:09:48 2026] GET /resource_providers/0c3ffa8c-db4c-4ca1-b572-93f080d4069e/aggregates => generated 235 bytes in 11 msecs (HTTP/1.1 404) 5 headers in 202 bytes (1 switches on core 0)
2026-07-15 06:09:48.739 7 INFO placement.requestlog [None req-ff270f16-07f1-4781-9588-796c538b128b 4aca5a94ce544442b5fcb413748cc52b 65160aa7fb084d9390428bb958f02edb - - e1108bd11db84ce1a011b73bcef4edad e1108bd11db84ce1a011b73bcef4edad] 10.0.0.90 "DELETE /resource_providers/0c3ffa8c-db4c-4ca1-b572-93f080d4069e" status: 404 len: 246 microversion: 1.1 [pid: 7|app: 0|req: 410/829] 10.0.0.90 () {34 vars in 814 bytes} [Wed Jul 15 06:09:48 2026] DELETE /resource_providers/0c3ffa8c-db4c-4ca1-b572-93f080d4069e => generated 246 bytes in 13 msecs (HTTP/1.1 404) 6 headers in 231 bytes (1 switches on core 0)
2026-07-15 06:09:48.740 8 INFO placement.requestlog [None req-17329e5e-b421-45e8-a73f-e7b75848ed1c 4aca5a94ce544442b5fcb413748cc52b 65160aa7fb084d9390428bb958f02edb - - e1108bd11db84ce1a011b73bcef4edad e1108bd11db84ce1a011b73bcef4edad] 10.0.0.90 "DELETE /resource_providers/0c3ffa8c-db4c-4ca1-b572-93f080d4069e" status: 404 len: 246 microversion: 1.1 [pid: 8|app: 0|req: 420/830] 10.0.0.90 () {34 vars in 814 bytes} [Wed Jul 15 06:09:48 2026] DELETE /resource_providers/0c3ffa8c-db4c-4ca1-b572-93f080d4069e => generated 246 bytes in 13 msecs (HTTP/1.1 404) 6 headers in 231 bytes (1 switches on core 0)
2026-07-15 06:09:48.759 7 INFO placement.requestlog [None req-c834207d-fbaa-4e4c-baea-25bab80c4637 4aca5a94ce544442b5fcb413748cc52b 65160aa7fb084d9390428bb958f02edb - - e1108bd11db84ce1a011b73bcef4edad e1108bd11db84ce1a011b73bcef4edad] 10.0.0.90 "GET /resource_providers/90f5a0d1-a3d1-4749-9507-c6a11962c55c/aggregates" status: 404 len: 235 microversion: 1.1 [pid: 7|app: 0|req: 411/831] 10.0.0.90 () {32 vars in 814 bytes} [Wed Jul 15 06:09:48 2026] GET /resource_providers/90f5a0d1-a3d1-4749-9507-c6a11962c55c/aggregates => generated 235 bytes in 7 msecs (HTTP/1.1 404) 5 headers in 202 bytes (1 switches on core 0)
2026-07-15 06:09:48.780 7 INFO placement.requestlog [None req-0dab0cc4-ee00-4f56-babd-9b36d131aa3d 4aca5a94ce544442b5fcb413748cc52b 65160aa7fb084d9390428bb958f02edb - - e1108bd11db84ce1a011b73bcef4edad e1108bd11db84ce1a011b73bcef4edad] 10.0.0.90 "DELETE /resource_providers/90f5a0d1-a3d1-4749-9507-c6a11962c55c" status: 404 len: 246 microversion: 1.1 [pid: 7|app: 0|req: 412/832] 10.0.0.90 () {34 vars in 814 bytes} [Wed Jul 15 06:09:48 2026] DELETE /resource_providers/90f5a0d1-a3d1-4749-9507-c6a11962c55c => generated 246 bytes in 10 msecs (HTTP/1.1 404) 6 headers in 231 bytes (1 switches on core 0)
2026-07-15 06:09:48.783 8 INFO placement.requestlog [None req-ff1e37af-9c9e-40a3-a552-0810c068a3b6 4aca5a94ce544442b5fcb413748cc52b 65160aa7fb084d9390428bb958f02edb - - e1108bd11db84ce1a011b73bcef4edad e1108bd11db84ce1a011b73bcef4edad] 10.0.0.90 "GET /resource_providers/90f5a0d1-a3d1-4749-9507-c6a11962c55c/aggregates" status: 404 len: 235 microversion: 1.1 [pid: 8|app: 0|req: 421/833] 10.0.0.90 () {32 vars in 814 bytes} [Wed Jul 15 06:09:48 2026] GET /resource_providers/90f5a0d1-a3d1-4749-9507-c6a11962c55c/aggregates => generated 235 bytes in 14 msecs (HTTP/1.1 404) 5 headers in 202 bytes (1 switches on core 0)
2026-07-15 06:09:48.799 7 INFO placement.requestlog [None req-b4072cd2-0155-47f1-8e97-9910d63a6e1c 4aca5a94ce544442b5fcb413748cc52b 65160aa7fb084d9390428bb958f02edb - - e1108bd11db84ce1a011b73bcef4edad e1108bd11db84ce1a011b73bcef4edad] 10.0.0.90 "DELETE /resource_providers/90f5a0d1-a3d1-4749-9507-c6a11962c55c" status: 404 len: 246 microversion: 1.1 [pid: 7|app: 0|req: 413/834] 10.0.0.90 () {34 vars in 814 bytes} [Wed Jul 15 06:09:48 2026] DELETE /resource_providers/90f5a0d1-a3d1-4749-9507-c6a11962c55c => generated 246 bytes in 9 msecs (HTTP/1.1 404) 6 headers in 231 bytes (1 switches on core 0)
2026-07-15 06:09:49.558 8 INFO placement.requestlog [None req-0f9beb3d-7e65-4459-8e3f-4cb6d118ae4b 4aca5a94ce544442b5fcb413748cc52b 65160aa7fb084d9390428bb958f02edb - - e1108bd11db84ce1a011b73bcef4edad e1108bd11db84ce1a011b73bcef4edad] 10.0.0.90 "GET /resource_providers/fce3efc5-2259-498f-b47b-344640f14894/aggregates" status: 404 len: 235 microversion: 1.1 [pid: 8|app: 0|req: 422/835] 10.0.0.90 () {32 vars in 814 bytes} [Wed Jul 15 06:09:49 2026] GET /resource_providers/fce3efc5-2259-498f-b47b-344640f14894/aggregates => generated 235 bytes in 13 msecs (HTTP/1.1 404) 5 headers in 202 bytes (1 switches on core 0)
2026-07-15 06:09:49.571 7 INFO placement.requestlog [None req-b69a995b-da66-451a-b18e-4a7366b466bd 4aca5a94ce544442b5fcb413748cc52b 65160aa7fb084d9390428bb958f02edb - - e1108bd11db84ce1a011b73bcef4edad e1108bd11db84ce1a011b73bcef4edad] 10.0.0.90 "GET /resource_providers/fce3efc5-2259-498f-b47b-344640f14894/aggregates" status: 404 len: 235 microversion: 1.1 [pid: 7|app: 0|req: 414/836] 10.0.0.90 () {32 vars in 814 bytes} [Wed Jul 15 06:09:49 2026] GET /resource_providers/fce3efc5-2259-498f-b47b-344640f14894/aggregates => generated 235 bytes in 12 msecs (HTTP/1.1 404) 5 headers in 202 bytes (1 switches on core 0)
2026-07-15 06:09:49.594 8 INFO placement.requestlog [None req-e6983adc-2f37-4101-8552-0a7d7e004f5d 4aca5a94ce544442b5fcb413748cc52b 65160aa7fb084d9390428bb958f02edb - - e1108bd11db84ce1a011b73bcef4edad e1108bd11db84ce1a011b73bcef4edad] 10.0.0.90 "DELETE /resource_providers/fce3efc5-2259-498f-b47b-344640f14894" status: 404 len: 246 microversion: 1.1 [pid: 8|app: 0|req: 423/837] 10.0.0.90 () {34 vars in 814 bytes} [Wed Jul 15 06:09:49 2026] DELETE /resource_providers/fce3efc5-2259-498f-b47b-344640f14894 => generated 246 bytes in 27 msecs (HTTP/1.1 404) 6 headers in 231 bytes (1 switches on core 0)
2026-07-15 06:09:49.600 7 INFO placement.requestlog [None req-9f6b19be-4162-4c5e-8d5d-98198a3f6934 4aca5a94ce544442b5fcb413748cc52b 65160aa7fb084d9390428bb958f02edb - - e1108bd11db84ce1a011b73bcef4edad e1108bd11db84ce1a011b73bcef4edad] 10.0.0.90 "DELETE /resource_providers/fce3efc5-2259-498f-b47b-344640f14894" status: 404 len: 246 microversion: 1.1 [pid: 7|app: 0|req: 415/838] 10.0.0.90 () {34 vars in 814 bytes} [Wed Jul 15 06:09:49 2026] DELETE /resource_providers/fce3efc5-2259-498f-b47b-344640f14894 => generated 246 bytes in 15 msecs (HTTP/1.1 404) 6 headers in 231 bytes (1 switches on core 0)
2026-07-15 06:09:52.308 8 INFO placement.requestlog [None req-0a6abc9b-ee1a-49eb-8d6a-d6e65c4faa91 4aca5a94ce544442b5fcb413748cc52b 65160aa7fb084d9390428bb958f02edb - - e1108bd11db84ce1a011b73bcef4edad e1108bd11db84ce1a011b73bcef4edad] 10.0.0.90 "GET /resource_providers/9003d23e-5909-4768-b287-6078575d5f0e/aggregates" status: 404 len: 235 microversion: 1.1 [pid: 8|app: 0|req: 424/839] 10.0.0.90 () {32 vars in 814 bytes} [Wed Jul 15 06:09:52 2026] GET /resource_providers/9003d23e-5909-4768-b287-6078575d5f0e/aggregates => generated 235 bytes in 10 msecs (HTTP/1.1 404) 5 headers in 202 bytes (1 switches on core 0)
2026-07-15 06:09:52.312 7 INFO placement.requestlog [None req-6661a01c-aab2-4068-bbad-2cb5c4305d34 4aca5a94ce544442b5fcb413748cc52b 65160aa7fb084d9390428bb958f02edb - - e1108bd11db84ce1a011b73bcef4edad e1108bd11db84ce1a011b73bcef4edad] 10.0.0.90 "GET /resource_providers/9003d23e-5909-4768-b287-6078575d5f0e/aggregates" status: 404 len: 235 microversion: 1.1 [pid: 7|app: 0|req: 416/840] 10.0.0.90 () {32 vars in 814 bytes} [Wed Jul 15 06:09:52 2026] GET /resource_providers/9003d23e-5909-4768-b287-6078575d5f0e/aggregates => generated 235 bytes in 14 msecs (HTTP/1.1 404) 5 headers in 202 bytes (1 switches on core 0)
2026-07-15 06:09:52.340 8 INFO placement.requestlog [None req-d47ba907-4ed3-4e76-afc8-3e58cf408f74 4aca5a94ce544442b5fcb413748cc52b 65160aa7fb084d9390428bb958f02edb - - e1108bd11db84ce1a011b73bcef4edad e1108bd11db84ce1a011b73bcef4edad] 10.0.0.90 "DELETE /resource_providers/9003d23e-5909-4768-b287-6078575d5f0e" status: 404 len: 246 microversion: 1.1 [pid: 8|app: 0|req: 425/841] 10.0.0.90 () {34 vars in 814 bytes} [Wed Jul 15 06:09:52 2026] DELETE /resource_providers/9003d23e-5909-4768-b287-6078575d5f0e => generated 246 bytes in 16 msecs (HTTP/1.1 404) 6 headers in 231 bytes (1 switches on core 0)
2026-07-15 06:09:52.343 7 INFO placement.requestlog [None req-51d1fd1c-689b-4401-a8f8-d9dad84edc35 4aca5a94ce544442b5fcb413748cc52b 65160aa7fb084d9390428bb958f02edb - - e1108bd11db84ce1a011b73bcef4edad e1108bd11db84ce1a011b73bcef4edad] 10.0.0.90 "DELETE /resource_providers/9003d23e-5909-4768-b287-6078575d5f0e" status: 404 len: 246 microversion: 1.1 [pid: 7|app: 0|req: 417/842] 10.0.0.90 () {34 vars in 814 bytes} [Wed Jul 15 06:09:52 2026] DELETE /resource_providers/9003d23e-5909-4768-b287-6078575d5f0e => generated 246 bytes in 15 msecs (HTTP/1.1 404) 6 headers in 231 bytes (1 switches on core 0)
2026-07-15 06:09:54.134 8 INFO placement.requestlog [None req-86b95122-edc1-490d-853c-31624bd34228 4aca5a94ce544442b5fcb413748cc52b 65160aa7fb084d9390428bb958f02edb - - e1108bd11db84ce1a011b73bcef4edad e1108bd11db84ce1a011b73bcef4edad] 10.0.0.90 "GET /resource_providers/992976c0-d37c-4fe0-9ed5-aad48283d6ef/aggregates" status: 404 len: 235 microversion: 1.1 [pid: 8|app: 0|req: 426/843] 10.0.0.90 () {32 vars in 814 bytes} [Wed Jul 15 06:09:54 2026] GET /resource_providers/992976c0-d37c-4fe0-9ed5-aad48283d6ef/aggregates => generated 235 bytes in 12 msecs (HTTP/1.1 404) 5 headers in 202 bytes (1 switches on core 0)
2026-07-15 06:09:54.137 7 INFO placement.requestlog [None req-74350c97-c8b0-4a4c-920c-7b16e549aaa6 4aca5a94ce544442b5fcb413748cc52b 65160aa7fb084d9390428bb958f02edb - - e1108bd11db84ce1a011b73bcef4edad e1108bd11db84ce1a011b73bcef4edad] 10.0.0.90 "GET /resource_providers/992976c0-d37c-4fe0-9ed5-aad48283d6ef/aggregates" status: 404 len: 235 microversion: 1.1 [pid: 7|app: 0|req: 418/844] 10.0.0.90 () {32 vars in 814 bytes} [Wed Jul 15 06:09:54 2026] GET /resource_providers/992976c0-d37c-4fe0-9ed5-aad48283d6ef/aggregates => generated 235 bytes in 14 msecs (HTTP/1.1 404) 5 headers in 202 bytes (1 switches on core 0)
2026-07-15 06:09:54.167 8 INFO placement.requestlog [None req-ba5f6f7a-f8d0-4d86-b8be-6bc2cff41c6c 4aca5a94ce544442b5fcb413748cc52b 65160aa7fb084d9390428bb958f02edb - - e1108bd11db84ce1a011b73bcef4edad e1108bd11db84ce1a011b73bcef4edad] 10.0.0.90 "DELETE /resource_providers/992976c0-d37c-4fe0-9ed5-aad48283d6ef" status: 404 len: 246 microversion: 1.1 [pid: 8|app: 0|req: 427/845] 10.0.0.90 () {34 vars in 814 bytes} [Wed Jul 15 06:09:54 2026] DELETE /resource_providers/992976c0-d37c-4fe0-9ed5-aad48283d6ef => generated 246 bytes in 11 msecs (HTTP/1.1 404) 6 headers in 231 bytes (1 switches on core 0)
2026-07-15 06:09:54.171 7 INFO placement.requestlog [None req-9bd92054-fd00-46d8-b55f-f133f5e1324e 4aca5a94ce544442b5fcb413748cc52b 65160aa7fb084d9390428bb958f02edb - - e1108bd11db84ce1a011b73bcef4edad e1108bd11db84ce1a011b73bcef4edad] 10.0.0.90 "DELETE /resource_providers/992976c0-d37c-4fe0-9ed5-aad48283d6ef" status: 404 len: 246 microversion: 1.1 [pid: 7|app: 0|req: 419/846] 10.0.0.90 () {34 vars in 814 bytes} [Wed Jul 15 06:09:54 2026] DELETE /resource_providers/992976c0-d37c-4fe0-9ed5-aad48283d6ef => generated 246 bytes in 14 msecs (HTTP/1.1 404) 6 headers in 231 bytes (1 switches on core 0)
2026-07-15 06:09:55.733 8 INFO placement.requestlog [None req-d704f0d3-4f10-4bf2-a97d-ef9528749f1a - - - - - -] 10.0.0.48 "GET /" status: 200 len: 136 microversion: 1.0
2026-07-15 06:09:55.736 7 INFO placement.requestlog [None req-06ffaafa-0971-4883-aaa8-20fe04c0ff22 - - - - - -] 10.0.0.48 "GET /" status: 200 len: 136 microversion: 1.0
2026-07-15 06:09:56.147 8 INFO placement.requestlog [None req-425c499f-25a8-414d-b90e-27cc38322872 4aca5a94ce544442b5fcb413748cc52b 65160aa7fb084d9390428bb958f02edb - - e1108bd11db84ce1a011b73bcef4edad e1108bd11db84ce1a011b73bcef4edad] 10.0.0.90 "GET /resource_providers/4324fd44-8e0c-43c5-a686-48579a3c4f93/aggregates" status: 404 len: 235 microversion: 1.1 [pid: 8|app: 0|req: 429/849] 10.0.0.90 () {32 vars in 814 bytes} [Wed Jul 15 06:09:56 2026] GET /resource_providers/4324fd44-8e0c-43c5-a686-48579a3c4f93/aggregates => generated 235 bytes in 12 msecs (HTTP/1.1 404) 5 headers in 202 bytes (1 switches on core 0)
2026-07-15 06:09:56.158 7 INFO placement.requestlog [None req-f39a20bc-0181-4217-b1f7-2b486285641a 4aca5a94ce544442b5fcb413748cc52b 65160aa7fb084d9390428bb958f02edb - - e1108bd11db84ce1a011b73bcef4edad e1108bd11db84ce1a011b73bcef4edad] 10.0.0.90 "GET /resource_providers/4324fd44-8e0c-43c5-a686-48579a3c4f93/aggregates" status: 404 len: 235 microversion: 1.1 [pid: 7|app: 0|req: 421/850] 10.0.0.90 () {32 vars in 814 bytes} [Wed Jul 15 06:09:56 2026] GET /resource_providers/4324fd44-8e0c-43c5-a686-48579a3c4f93/aggregates => generated 235 bytes in 18 msecs (HTTP/1.1 404) 5 headers in 202 bytes (1 switches on core 0)
2026-07-15 06:09:56.173 8 INFO placement.requestlog [None req-27ade973-fb97-4377-904d-a3ace04db022 4aca5a94ce544442b5fcb413748cc52b 65160aa7fb084d9390428bb958f02edb - - e1108bd11db84ce1a011b73bcef4edad e1108bd11db84ce1a011b73bcef4edad] 10.0.0.90 "DELETE /resource_providers/4324fd44-8e0c-43c5-a686-48579a3c4f93" status: 404 len: 246 microversion: 1.1 [pid: 8|app: 0|req: 430/851] 10.0.0.90 () {34 vars in 814 bytes} [Wed Jul 15 06:09:56 2026] DELETE /resource_providers/4324fd44-8e0c-43c5-a686-48579a3c4f93 => generated 246 bytes in 10 msecs (HTTP/1.1 404) 6 headers in 231 bytes (1 switches on core 0)
2026-07-15 06:09:56.175 7 INFO placement.requestlog [None req-f1fdc091-2c7d-402b-8fca-a0079fec388b 4aca5a94ce544442b5fcb413748cc52b 65160aa7fb084d9390428bb958f02edb - - e1108bd11db84ce1a011b73bcef4edad e1108bd11db84ce1a011b73bcef4edad] 10.0.0.90 "DELETE /resource_providers/4324fd44-8e0c-43c5-a686-48579a3c4f93" status: 404 len: 246 microversion: 1.1 [pid: 7|app: 0|req: 422/852] 10.0.0.90 () {34 vars in 814 bytes} [Wed Jul 15 06:09:56 2026] DELETE /resource_providers/4324fd44-8e0c-43c5-a686-48579a3c4f93 => generated 246 bytes in 10 msecs (HTTP/1.1 404) 6 headers in 231 bytes (1 switches on core 0)
2026-07-15 06:09:56.197 8 INFO placement.requestlog [None req-018a6106-dbdc-4215-9a5a-3e6fdc4e60b9 4aca5a94ce544442b5fcb413748cc52b 65160aa7fb084d9390428bb958f02edb - - e1108bd11db84ce1a011b73bcef4edad e1108bd11db84ce1a011b73bcef4edad] 10.0.0.90 "GET /resource_providers/6c79d59b-e03a-457c-93bc-1b1b54083819/aggregates" status: 404 len: 235 microversion: 1.1 [pid: 8|app: 0|req: 431/853] 10.0.0.90 () {32 vars in 814 bytes} [Wed Jul 15 06:09:56 2026] GET /resource_providers/6c79d59b-e03a-457c-93bc-1b1b54083819/aggregates => generated 235 bytes in 9 msecs (HTTP/1.1 404) 5 headers in 202 bytes (1 switches on core 0)
2026-07-15 06:09:56.198 7 INFO placement.requestlog [None req-fa40f540-53bb-49d9-bbbf-f2195c008e2b 4aca5a94ce544442b5fcb413748cc52b 65160aa7fb084d9390428bb958f02edb - - e1108bd11db84ce1a011b73bcef4edad e1108bd11db84ce1a011b73bcef4edad] 10.0.0.90 "GET /resource_providers/6c79d59b-e03a-457c-93bc-1b1b54083819/aggregates" status: 404 len: 235 microversion: 1.1 [pid: 7|app: 0|req: 423/854] 10.0.0.90 () {32 vars in 814 bytes} [Wed Jul 15 06:09:56 2026] GET /resource_providers/6c79d59b-e03a-457c-93bc-1b1b54083819/aggregates => generated 235 bytes in 8 msecs (HTTP/1.1 404) 5 headers in 202 bytes (1 switches on core 0)
2026-07-15 06:09:56.210 8 INFO placement.requestlog [None req-de02d79e-3cb7-4afc-bc3e-6de4e9034d80 4aca5a94ce544442b5fcb413748cc52b 65160aa7fb084d9390428bb958f02edb - - e1108bd11db84ce1a011b73bcef4edad e1108bd11db84ce1a011b73bcef4edad] 10.0.0.90 "DELETE /resource_providers/6c79d59b-e03a-457c-93bc-1b1b54083819" status: 404 len: 246 microversion: 1.1 [pid: 8|app: 0|req: 432/855] 10.0.0.90 () {34 vars in 814 bytes} [Wed Jul 15 06:09:56 2026] DELETE /resource_providers/6c79d59b-e03a-457c-93bc-1b1b54083819 => generated 246 bytes in 7 msecs (HTTP/1.1 404) 6 headers in 231 bytes (1 switches on core 0)
2026-07-15 06:09:56.219 7 INFO placement.requestlog [None req-225a0616-b406-4a98-a2a2-fdeb468893c1 4aca5a94ce544442b5fcb413748cc52b 65160aa7fb084d9390428bb958f02edb - - e1108bd11db84ce1a011b73bcef4edad e1108bd11db84ce1a011b73bcef4edad] 10.0.0.90 "DELETE /resource_providers/6c79d59b-e03a-457c-93bc-1b1b54083819" status: 404 len: 246 microversion: 1.1 [pid: 7|app: 0|req: 424/856] 10.0.0.90 () {34 vars in 814 bytes} [Wed Jul 15 06:09:56 2026] DELETE /resource_providers/6c79d59b-e03a-457c-93bc-1b1b54083819 => generated 246 bytes in 9 msecs (HTTP/1.1 404) 6 headers in 231 bytes (1 switches on core 0)
2026-07-15 06:10:00.260 8 INFO placement.requestlog [req-6f7b1483-7a39-4913-bf1f-045388daed38 req-1231c7cd-4862-4fdf-9040-dd700a54428e d0d11533ae25430c91eee11d8e683900 65160aa7fb084d9390428bb958f02edb - - e1108bd11db84ce1a011b73bcef4edad e1108bd11db84ce1a011b73bcef4edad] 10.0.0.73 "GET /allocation_candidates?limit=1000&resources=DISK_GB%3A1%2CMEMORY_MB%3A512%2CVCPU%3A1&root_required=%21COMPUTE_STATUS_DISABLED" status: 200 len: 2147 microversion: 1.36 [pid: 8|app: 0|req: 433/857] 10.0.0.73 () {34 vars in 1010 bytes} [Wed Jul 15 06:10:00 2026] GET /allocation_candidates?limit=1000&resources=DISK_GB%3A1%2CMEMORY_MB%3A512%2CVCPU%3A1&root_required=%21COMPUTE_STATUS_DISABLED => generated 2147 bytes in 54 msecs (HTTP/1.1 200) 8 headers in 297 bytes (1 switches on core 0)
2026-07-15 06:10:00.307 7 INFO placement.requestlog [req-6f7b1483-7a39-4913-bf1f-045388daed38 req-4c6144a5-b61d-409d-a1ce-58fb930517fd d0d11533ae25430c91eee11d8e683900 65160aa7fb084d9390428bb958f02edb - - e1108bd11db84ce1a011b73bcef4edad e1108bd11db84ce1a011b73bcef4edad] 10.0.0.73 "GET /allocations/b0f6ecc5-03da-4485-b3f3-f3077f4623ea" status: 200 len: 19 microversion: 1.28 [pid: 7|app: 0|req: 425/858] 10.0.0.73 () {34 vars in 859 bytes} [Wed Jul 15 06:10:00 2026] GET /allocations/b0f6ecc5-03da-4485-b3f3-f3077f4623ea => generated 19 bytes in 12 msecs (HTTP/1.1 200) 8 headers in 295 bytes (1 switches on core 0)
2026-07-15 06:10:00.377 8 INFO placement.requestlog [req-6f7b1483-7a39-4913-bf1f-045388daed38 req-ae74cbf0-b5b7-4994-9a1b-8afa474a4d15 d0d11533ae25430c91eee11d8e683900 65160aa7fb084d9390428bb958f02edb - - e1108bd11db84ce1a011b73bcef4edad e1108bd11db84ce1a011b73bcef4edad] 10.0.0.73 "PUT /allocations/b0f6ecc5-03da-4485-b3f3-f3077f4623ea" status: 204 len: 0 microversion: 1.36 [pid: 8|app: 0|req: 434/859] 10.0.0.73 () {38 vars in 912 bytes} [Wed Jul 15 06:10:00 2026] PUT /allocations/b0f6ecc5-03da-4485-b3f3-f3077f4623ea => generated 0 bytes in 61 msecs (HTTP/1.1 204) 5 headers in 199 bytes (1 switches on core 0)
2026-07-15 06:10:00.661 7 INFO placement.requestlog [req-6f7b1483-7a39-4913-bf1f-045388daed38 req-0a8be818-eb7c-4a8b-bda1-c01a6ad23868 d0d11533ae25430c91eee11d8e683900 65160aa7fb084d9390428bb958f02edb - - e1108bd11db84ce1a011b73bcef4edad e1108bd11db84ce1a011b73bcef4edad] 199.204.45.242 "GET /allocations/b0f6ecc5-03da-4485-b3f3-f3077f4623ea" status: 200 len: 257 microversion: 1.28 [pid: 7|app: 0|req: 426/860] 199.204.45.242 () {34 vars in 862 bytes} [Wed Jul 15 06:10:00 2026] GET /allocations/b0f6ecc5-03da-4485-b3f3-f3077f4623ea => generated 257 bytes in 22 msecs (HTTP/1.1 200) 8 headers in 296 bytes (1 switches on core 0)
2026-07-15 06:10:00.855 8 INFO placement.requestlog [req-6f7b1483-7a39-4913-bf1f-045388daed38 req-c3a59952-d5b1-4c87-8dad-faa8602625f5 d0d11533ae25430c91eee11d8e683900 65160aa7fb084d9390428bb958f02edb - - e1108bd11db84ce1a011b73bcef4edad e1108bd11db84ce1a011b73bcef4edad] 199.204.45.242 "GET /resource_providers/71568f7e-bcc7-4fcb-ac43-b22414332830/allocations" status: 200 len: 152 microversion: 1.0 [pid: 8|app: 0|req: 435/861] 199.204.45.242 () {32 vars in 856 bytes} [Wed Jul 15 06:10:00 2026] GET /resource_providers/71568f7e-bcc7-4fcb-ac43-b22414332830/allocations => generated 152 bytes in 33 msecs (HTTP/1.1 200) 6 headers in 224 bytes (1 switches on core 0)
2026-07-15 06:10:00.885 7 INFO placement.requestlog [req-6f7b1483-7a39-4913-bf1f-045388daed38 req-cd933d0f-8177-4cd3-a708-7b6689899c56 d0d11533ae25430c91eee11d8e683900 65160aa7fb084d9390428bb958f02edb - - e1108bd11db84ce1a011b73bcef4edad e1108bd11db84ce1a011b73bcef4edad] 199.204.45.242 "GET /allocations/b0f6ecc5-03da-4485-b3f3-f3077f4623ea" status: 200 len: 257 microversion: 1.28 [pid: 7|app: 0|req: 427/862] 199.204.45.242 () {34 vars in 862 bytes} [Wed Jul 15 06:10:00 2026] GET /allocations/b0f6ecc5-03da-4485-b3f3-f3077f4623ea => generated 257 bytes in 20 msecs (HTTP/1.1 200) 8 headers in 296 bytes (1 switches on core 0)
2026-07-15 06:10:01.579 8 INFO placement.requestlog [None req-65d8d511-933a-4917-91f8-1faae92d07ad 4aca5a94ce544442b5fcb413748cc52b 65160aa7fb084d9390428bb958f02edb - - e1108bd11db84ce1a011b73bcef4edad e1108bd11db84ce1a011b73bcef4edad] 10.0.0.90 "GET /resource_providers/8ea5cae4-7bf6-4247-bfdb-7580c03010b3/aggregates" status: 404 len: 235 microversion: 1.1 [pid: 8|app: 0|req: 436/863] 10.0.0.90 () {32 vars in 814 bytes} [Wed Jul 15 06:10:01 2026] GET /resource_providers/8ea5cae4-7bf6-4247-bfdb-7580c03010b3/aggregates => generated 235 bytes in 11 msecs (HTTP/1.1 404) 5 headers in 202 bytes (1 switches on core 0)
2026-07-15 06:10:01.581 7 INFO placement.requestlog [None req-125cedef-7a4a-4eb5-8753-3752830266b5 4aca5a94ce544442b5fcb413748cc52b 65160aa7fb084d9390428bb958f02edb - - e1108bd11db84ce1a011b73bcef4edad e1108bd11db84ce1a011b73bcef4edad] 10.0.0.90 "GET /resource_providers/8ea5cae4-7bf6-4247-bfdb-7580c03010b3/aggregates" status: 404 len: 235 microversion: 1.1 [pid: 7|app: 0|req: 428/864] 10.0.0.90 () {32 vars in 814 bytes} [Wed Jul 15 06:10:01 2026] GET /resource_providers/8ea5cae4-7bf6-4247-bfdb-7580c03010b3/aggregates => generated 235 bytes in 12 msecs (HTTP/1.1 404) 5 headers in 202 bytes (1 switches on core 0)
