2026-07-16 15:42:29.533 6 INFO placement.requestlog [None req-be0c6dc0-1f91-43ca-91ac-30517ba1f1b5 49bf7f3475fd4c77a1c42ecf96ff0f21 0dedad47ab1843ad810f37376877f347 - - 434aeefec91c499780499746f88cce12 434aeefec91c499780499746f88cce12] 10.0.0.149 "GET /resource_providers/7bd788f6-2f45-40fd-8571-55115a874457/aggregates" status: 404 len: 235 microversion: 1.1 [pid: 6|app: 0|req: 365/730] 10.0.0.149 () {32 vars in 815 bytes} [Thu Jul 16 15:42:29 2026] GET /resource_providers/7bd788f6-2f45-40fd-8571-55115a874457/aggregates => generated 235 bytes in 65 msecs (HTTP/1.1 404) 5 headers in 202 bytes (1 switches on core 0)
2026-07-16 15:42:29.553 7 INFO placement.requestlog [None req-932425b5-244d-40a1-af40-e084e741eff3 49bf7f3475fd4c77a1c42ecf96ff0f21 0dedad47ab1843ad810f37376877f347 - - 434aeefec91c499780499746f88cce12 434aeefec91c499780499746f88cce12] 10.0.0.149 "DELETE /resource_providers/7bd788f6-2f45-40fd-8571-55115a874457" status: 404 len: 246 microversion: 1.1 [pid: 7|app: 0|req: 366/731] 10.0.0.149 () {34 vars in 815 bytes} [Thu Jul 16 15:42:29 2026] DELETE /resource_providers/7bd788f6-2f45-40fd-8571-55115a874457 => generated 246 bytes in 8 msecs (HTTP/1.1 404) 6 headers in 231 bytes (1 switches on core 0)
2026-07-16 15:42:31.539 6 INFO placement.requestlog [None req-564136b1-85f8-43e4-90a9-9ed3481476ac 49bf7f3475fd4c77a1c42ecf96ff0f21 0dedad47ab1843ad810f37376877f347 - - 434aeefec91c499780499746f88cce12 434aeefec91c499780499746f88cce12] 10.0.0.149 "GET /resource_providers/4b240891-5052-40d5-973b-bc7f2232cfec/aggregates" status: 404 len: 235 microversion: 1.1 [pid: 6|app: 0|req: 366/732] 10.0.0.149 () {32 vars in 815 bytes} [Thu Jul 16 15:42:31 2026] GET /resource_providers/4b240891-5052-40d5-973b-bc7f2232cfec/aggregates => generated 235 bytes in 10 msecs (HTTP/1.1 404) 5 headers in 202 bytes (1 switches on core 0)
2026-07-16 15:42:31.575 7 INFO placement.requestlog [None req-1b974563-e3b3-488a-909f-92c074074412 49bf7f3475fd4c77a1c42ecf96ff0f21 0dedad47ab1843ad810f37376877f347 - - 434aeefec91c499780499746f88cce12 434aeefec91c499780499746f88cce12] 10.0.0.149 "DELETE /resource_providers/4b240891-5052-40d5-973b-bc7f2232cfec" status: 404 len: 246 microversion: 1.1 [pid: 7|app: 0|req: 367/733] 10.0.0.149 () {34 vars in 815 bytes} [Thu Jul 16 15:42:31 2026] DELETE /resource_providers/4b240891-5052-40d5-973b-bc7f2232cfec => generated 246 bytes in 28 msecs (HTTP/1.1 404) 6 headers in 231 bytes (1 switches on core 0)
2026-07-16 15:42:31.576 6 INFO placement.requestlog [None req-178da3e4-3a71-479f-b136-4c10d1aec4b2 49bf7f3475fd4c77a1c42ecf96ff0f21 0dedad47ab1843ad810f37376877f347 - - 434aeefec91c499780499746f88cce12 434aeefec91c499780499746f88cce12] 10.0.0.149 "GET /resource_providers/4b240891-5052-40d5-973b-bc7f2232cfec/aggregates" status: 404 len: 235 microversion: 1.1 [pid: 6|app: 0|req: 367/734] 10.0.0.149 () {32 vars in 815 bytes} [Thu Jul 16 15:42:31 2026] GET /resource_providers/4b240891-5052-40d5-973b-bc7f2232cfec/aggregates => generated 235 bytes in 10 msecs (HTTP/1.1 404) 5 headers in 202 bytes (1 switches on core 0)
2026-07-16 15:42:31.589 7 INFO placement.requestlog [None req-f511b1b8-052b-4241-afba-9f2a8b6b8dab 49bf7f3475fd4c77a1c42ecf96ff0f21 0dedad47ab1843ad810f37376877f347 - - 434aeefec91c499780499746f88cce12 434aeefec91c499780499746f88cce12] 10.0.0.149 "DELETE /resource_providers/4b240891-5052-40d5-973b-bc7f2232cfec" status: 404 len: 246 microversion: 1.1 [pid: 7|app: 0|req: 368/735] 10.0.0.149 () {34 vars in 815 bytes} [Thu Jul 16 15:42:31 2026] DELETE /resource_providers/4b240891-5052-40d5-973b-bc7f2232cfec => generated 246 bytes in 7 msecs (HTTP/1.1 404) 6 headers in 231 bytes (1 switches on core 0)
2026-07-16 15:42:34.105 7 INFO placement.requestlog [None req-99b6e68e-89f0-4693-af86-919eef0a85ac - - - - - -] 10.0.0.17 "GET /" status: 200 len: 136 microversion: 1.0
2026-07-16 15:42:34.105 6 INFO placement.requestlog [None req-9bdc3cee-5c6e-4f40-a123-9a1da472eb7d - - - - - -] 10.0.0.17 "GET /" status: 200 len: 136 microversion: 1.0
2026-07-16 15:42:40.282 7 INFO placement.requestlog [None req-c65ac840-06ff-4c2e-8671-924ec07284ec 49bf7f3475fd4c77a1c42ecf96ff0f21 0dedad47ab1843ad810f37376877f347 - - 434aeefec91c499780499746f88cce12 434aeefec91c499780499746f88cce12] 10.0.0.149 "GET /resource_providers/a182616f-4437-40ac-9257-62a3e796959b/aggregates" status: 404 len: 235 microversion: 1.1 [pid: 7|app: 0|req: 370/738] 10.0.0.149 () {32 vars in 815 bytes} [Thu Jul 16 15:42:39 2026] GET /resource_providers/a182616f-4437-40ac-9257-62a3e796959b/aggregates => generated 235 bytes in 299 msecs (HTTP/1.1 404) 5 headers in 202 bytes (1 switches on core 0)
2026-07-16 15:42:40.307 7 INFO placement.requestlog [None req-fc2384cb-f438-49d4-b149-c1a37b2b84be 49bf7f3475fd4c77a1c42ecf96ff0f21 0dedad47ab1843ad810f37376877f347 - - 434aeefec91c499780499746f88cce12 434aeefec91c499780499746f88cce12] 10.0.0.149 "DELETE /resource_providers/a182616f-4437-40ac-9257-62a3e796959b" status: 404 len: 246 microversion: 1.1 [pid: 7|app: 0|req: 371/739] 10.0.0.149 () {34 vars in 815 bytes} [Thu Jul 16 15:42:40 2026] DELETE /resource_providers/a182616f-4437-40ac-9257-62a3e796959b => generated 246 bytes in 15 msecs (HTTP/1.1 404) 6 headers in 231 bytes (1 switches on core 0)
2026-07-16 15:42:40.309 6 INFO placement.requestlog [None req-18de6e23-5414-4745-b5c8-a5653bc1a7f9 49bf7f3475fd4c77a1c42ecf96ff0f21 0dedad47ab1843ad810f37376877f347 - - 434aeefec91c499780499746f88cce12 434aeefec91c499780499746f88cce12] 10.0.0.149 "GET /resource_providers/a182616f-4437-40ac-9257-62a3e796959b/aggregates" status: 404 len: 235 microversion: 1.1 [pid: 6|app: 0|req: 369/740] 10.0.0.149 () {32 vars in 815 bytes} [Thu Jul 16 15:42:40 2026] GET /resource_providers/a182616f-4437-40ac-9257-62a3e796959b/aggregates => generated 235 bytes in 266 msecs (HTTP/1.1 404) 5 headers in 202 bytes (1 switches on core 0)
2026-07-16 15:42:40.324 7 INFO placement.requestlog [None req-7dfe6484-1775-4eb2-bd37-225a38b0e2a8 49bf7f3475fd4c77a1c42ecf96ff0f21 0dedad47ab1843ad810f37376877f347 - - 434aeefec91c499780499746f88cce12 434aeefec91c499780499746f88cce12] 10.0.0.149 "DELETE /resource_providers/a182616f-4437-40ac-9257-62a3e796959b" status: 404 len: 246 microversion: 1.1 [pid: 7|app: 0|req: 372/741] 10.0.0.149 () {34 vars in 815 bytes} [Thu Jul 16 15:42:40 2026] DELETE /resource_providers/a182616f-4437-40ac-9257-62a3e796959b => generated 246 bytes in 6 msecs (HTTP/1.1 404) 6 headers in 231 bytes (1 switches on core 0)
2026-07-16 15:42:42.328 6 INFO placement.requestlog [None req-c4cfd433-3578-4e74-aaaf-109831172222 49bf7f3475fd4c77a1c42ecf96ff0f21 0dedad47ab1843ad810f37376877f347 - - 434aeefec91c499780499746f88cce12 434aeefec91c499780499746f88cce12] 10.0.0.149 "GET /resource_providers/fdcd3e12-e3af-4bf6-a60b-205a3c5ed9d3/aggregates" status: 404 len: 235 microversion: 1.1 [pid: 6|app: 0|req: 370/742] 10.0.0.149 () {32 vars in 815 bytes} [Thu Jul 16 15:42:42 2026] GET /resource_providers/fdcd3e12-e3af-4bf6-a60b-205a3c5ed9d3/aggregates => generated 235 bytes in 12 msecs (HTTP/1.1 404) 5 headers in 202 bytes (1 switches on core 0)
2026-07-16 15:42:42.348 6 INFO placement.requestlog [None req-e90995d1-6b3b-4e65-a619-6211b1bd4964 49bf7f3475fd4c77a1c42ecf96ff0f21 0dedad47ab1843ad810f37376877f347 - - 434aeefec91c499780499746f88cce12 434aeefec91c499780499746f88cce12] 10.0.0.149 "DELETE /resource_providers/fdcd3e12-e3af-4bf6-a60b-205a3c5ed9d3" status: 404 len: 246 microversion: 1.1
2026-07-16 15:42:42.348 7 INFO placement.requestlog [None req-21a6443d-a350-49cb-8a06-2c14c8df6e63 49bf7f3475fd4c77a1c42ecf96ff0f21 0dedad47ab1843ad810f37376877f347 - - 434aeefec91c499780499746f88cce12 434aeefec91c499780499746f88cce12] 10.0.0.149 "GET /resource_providers/fdcd3e12-e3af-4bf6-a60b-205a3c5ed9d3/aggregates" status: 404 len: 235 microversion: 1.1 [pid: 6|app: 0|req: 371/743] 10.0.0.149 () {34 vars in 815 bytes} [Thu Jul 16 15:42:42 2026] DELETE /resource_providers/fdcd3e12-e3af-4bf6-a60b-205a3c5ed9d3 => generated 246 bytes in 8 msecs (HTTP/1.1 404) 6 headers in 231 bytes (1 switches on core 0) [pid: 7|app: 0|req: 373/744] 10.0.0.149 () {32 vars in 815 bytes} [Thu Jul 16 15:42:42 2026] GET /resource_providers/fdcd3e12-e3af-4bf6-a60b-205a3c5ed9d3/aggregates => generated 235 bytes in 9 msecs (HTTP/1.1 404) 5 headers in 202 bytes (1 switches on core 0)
2026-07-16 15:42:42.365 6 INFO placement.requestlog [None req-d2a20920-cd0f-4b85-b942-019950a4c013 49bf7f3475fd4c77a1c42ecf96ff0f21 0dedad47ab1843ad810f37376877f347 - - 434aeefec91c499780499746f88cce12 434aeefec91c499780499746f88cce12] 10.0.0.149 "DELETE /resource_providers/fdcd3e12-e3af-4bf6-a60b-205a3c5ed9d3" status: 404 len: 246 microversion: 1.1 [pid: 6|app: 0|req: 372/745] 10.0.0.149 () {34 vars in 815 bytes} [Thu Jul 16 15:42:42 2026] DELETE /resource_providers/fdcd3e12-e3af-4bf6-a60b-205a3c5ed9d3 => generated 246 bytes in 8 msecs (HTTP/1.1 404) 6 headers in 231 bytes (1 switches on core 0)
2026-07-16 15:42:44.104 7 INFO placement.requestlog [None req-43a029e8-ed17-4efb-9fc5-4d40d8f30b06 - - - - - -] 10.0.0.17 "GET /" status: 200 len: 136 microversion: 1.0
2026-07-16 15:42:44.107 6 INFO placement.requestlog [None req-3fd0f90a-aca4-417f-9843-e90449b8cc75 - - - - - -] 10.0.0.17 "GET /" status: 200 len: 136 microversion: 1.0
2026-07-16 15:42:50.353 7 INFO placement.requestlog [req-b8338ccf-b3cd-427a-9ed7-f37ba2b6729f req-07b00dc4-4257-41a3-b60e-5ceb64ff7dd3 abb7a75223ae4aeb99119c3d321afd80 0dedad47ab1843ad810f37376877f347 - - 434aeefec91c499780499746f88cce12 434aeefec91c499780499746f88cce12] 199.204.45.138 "GET /resource_providers/0f8cfe68-c3a9-4747-b777-717f7b9df093/allocations" status: 200 len: 352 microversion: 1.0 [pid: 7|app: 0|req: 375/748] 199.204.45.138 () {32 vars in 856 bytes} [Thu Jul 16 15:42:50 2026] GET /resource_providers/0f8cfe68-c3a9-4747-b777-717f7b9df093/allocations => generated 352 bytes in 15 msecs (HTTP/1.1 200) 6 headers in 224 bytes (1 switches on core 0)
2026-07-16 15:42:50.369 6 INFO placement.requestlog [req-b8338ccf-b3cd-427a-9ed7-f37ba2b6729f req-291bfca0-9804-4578-ba67-ff41f4622429 abb7a75223ae4aeb99119c3d321afd80 0dedad47ab1843ad810f37376877f347 - - 434aeefec91c499780499746f88cce12 434aeefec91c499780499746f88cce12] 199.204.45.138 "GET /allocations/d4a3c1e4-f02c-4e9b-a451-3e1a90d43513" status: 200 len: 257 microversion: 1.28 [pid: 6|app: 0|req: 374/749] 199.204.45.138 () {34 vars in 862 bytes} [Thu Jul 16 15:42:50 2026] GET /allocations/d4a3c1e4-f02c-4e9b-a451-3e1a90d43513 => generated 257 bytes in 11 msecs (HTTP/1.1 200) 8 headers in 296 bytes (1 switches on core 0)
2026-07-16 15:42:50.382 7 INFO placement.requestlog [req-b8338ccf-b3cd-427a-9ed7-f37ba2b6729f req-96f78261-59ac-49dc-bdfe-857a82ee3aac abb7a75223ae4aeb99119c3d321afd80 0dedad47ab1843ad810f37376877f347 - - 434aeefec91c499780499746f88cce12 434aeefec91c499780499746f88cce12] 199.204.45.138 "GET /allocations/c630a70d-91e4-4ae2-9c2a-27fd30907ded" status: 200 len: 257 microversion: 1.28 [pid: 7|app: 0|req: 376/750] 199.204.45.138 () {34 vars in 862 bytes} [Thu Jul 16 15:42:50 2026] GET /allocations/c630a70d-91e4-4ae2-9c2a-27fd30907ded => generated 257 bytes in 9 msecs (HTTP/1.1 200) 8 headers in 296 bytes (1 switches on core 0)
2026-07-16 15:42:50.397 6 INFO placement.requestlog [req-b8338ccf-b3cd-427a-9ed7-f37ba2b6729f req-e20c4118-7d41-4dd3-8c23-4821b8c12ec1 abb7a75223ae4aeb99119c3d321afd80 0dedad47ab1843ad810f37376877f347 - - 434aeefec91c499780499746f88cce12 434aeefec91c499780499746f88cce12] 199.204.45.138 "GET /allocations/dda1a549-c0a3-4d5e-bc1c-2c2a10879fc4" status: 200 len: 257 microversion: 1.28 [pid: 6|app: 0|req: 375/751] 199.204.45.138 () {34 vars in 862 bytes} [Thu Jul 16 15:42:50 2026] GET /allocations/dda1a549-c0a3-4d5e-bc1c-2c2a10879fc4 => generated 257 bytes in 10 msecs (HTTP/1.1 200) 8 headers in 296 bytes (1 switches on core 0)
2026-07-16 15:42:51.447 7 INFO placement.requestlog [req-b8338ccf-b3cd-427a-9ed7-f37ba2b6729f req-fd3324b2-3947-4a1f-a53b-74ea76c8da38 abb7a75223ae4aeb99119c3d321afd80 0dedad47ab1843ad810f37376877f347 - - 434aeefec91c499780499746f88cce12 434aeefec91c499780499746f88cce12] 199.204.45.138 "DELETE /allocations/dda1a549-c0a3-4d5e-bc1c-2c2a10879fc4" status: 204 len: 0 microversion: 1.0 [pid: 7|app: 0|req: 377/752] 199.204.45.138 () {34 vars in 840 bytes} [Thu Jul 16 15:42:51 2026] DELETE /allocations/dda1a549-c0a3-4d5e-bc1c-2c2a10879fc4 => generated 0 bytes in 24 msecs (HTTP/1.1 204) 5 headers in 198 bytes (1 switches on core 0)
2026-07-16 15:42:54.005 6 INFO placement.requestlog [req-e52ba5b3-ba5b-456b-866a-f241e1629f56 req-b1c9261b-5e50-4efc-8cea-975d87f59b39 abb7a75223ae4aeb99119c3d321afd80 0dedad47ab1843ad810f37376877f347 - - 434aeefec91c499780499746f88cce12 434aeefec91c499780499746f88cce12] 10.0.0.201 "GET /allocation_candidates?limit=1000&resources=MEMORY_MB%3A512%2CVCPU%3A1&root_required=%21COMPUTE_STATUS_DISABLED" status: 200 len: 2770 microversion: 1.36 [pid: 6|app: 0|req: 376/753] 10.0.0.201 () {34 vars in 983 bytes} [Thu Jul 16 15:42:53 2026] GET /allocation_candidates?limit=1000&resources=MEMORY_MB%3A512%2CVCPU%3A1&root_required=%21COMPUTE_STATUS_DISABLED => generated 2770 bytes in 36 msecs (HTTP/1.1 200) 8 headers in 297 bytes (1 switches on core 0)
2026-07-16 15:42:54.043 7 INFO placement.requestlog [req-e52ba5b3-ba5b-456b-866a-f241e1629f56 req-9a557726-c4fb-4b94-8cae-d5a91f90c43c abb7a75223ae4aeb99119c3d321afd80 0dedad47ab1843ad810f37376877f347 - - 434aeefec91c499780499746f88cce12 434aeefec91c499780499746f88cce12] 10.0.0.201 "GET /allocations/b441cda6-6331-43a1-8f07-7971c129f21a" status: 200 len: 19 microversion: 1.28 [pid: 7|app: 0|req: 378/754] 10.0.0.201 () {34 vars in 860 bytes} [Thu Jul 16 15:42:54 2026] GET /allocations/b441cda6-6331-43a1-8f07-7971c129f21a => generated 19 bytes in 13 msecs (HTTP/1.1 200) 8 headers in 295 bytes (1 switches on core 0)
2026-07-16 15:42:54.104 7 INFO placement.requestlog [None req-57aab831-434e-4b4e-9176-ee168670a4c9 - - - - - -] 10.0.0.17 "GET /" status: 200 len: 136 microversion: 1.0
2026-07-16 15:42:54.106 7 INFO placement.requestlog [None req-96426650-f0f6-4422-a9d6-ca3f48fee0f2 - - - - - -] 10.0.0.17 "GET /" status: 200 len: 136 microversion: 1.0
2026-07-16 15:42:54.138 6 INFO placement.requestlog [req-e52ba5b3-ba5b-456b-866a-f241e1629f56 req-fbebb501-b3ba-4def-bab8-7296e53d7b76 abb7a75223ae4aeb99119c3d321afd80 0dedad47ab1843ad810f37376877f347 - - 434aeefec91c499780499746f88cce12 434aeefec91c499780499746f88cce12] 10.0.0.201 "PUT /allocations/b441cda6-6331-43a1-8f07-7971c129f21a" status: 204 len: 0 microversion: 1.36 [pid: 6|app: 0|req: 377/757] 10.0.0.201 () {38 vars in 913 bytes} [Thu Jul 16 15:42:54 2026] PUT /allocations/b441cda6-6331-43a1-8f07-7971c129f21a => generated 0 bytes in 85 msecs (HTTP/1.1 204) 5 headers in 199 bytes (1 switches on core 0)
2026-07-16 15:42:54.704 7 INFO placement.requestlog [None req-86d8c79e-5862-418c-b9f6-98e4eb19fe48 49bf7f3475fd4c77a1c42ecf96ff0f21 0dedad47ab1843ad810f37376877f347 - - 434aeefec91c499780499746f88cce12 434aeefec91c499780499746f88cce12] 10.0.0.149 "GET /resource_providers/2f8d1cc1-6dd5-4d10-aa3f-382a7fd83cb0/aggregates" status: 404 len: 235 microversion: 1.1 [pid: 7|app: 0|req: 381/758] 10.0.0.149 () {32 vars in 815 bytes} [Thu Jul 16 15:42:54 2026] GET /resource_providers/2f8d1cc1-6dd5-4d10-aa3f-382a7fd83cb0/aggregates => generated 235 bytes in 15 msecs (HTTP/1.1 404) 5 headers in 202 bytes (1 switches on core 0)
2026-07-16 15:42:54.705 6 INFO placement.requestlog [None req-000ef093-1d53-47aa-9ac5-67575bd038de 49bf7f3475fd4c77a1c42ecf96ff0f21 0dedad47ab1843ad810f37376877f347 - - 434aeefec91c499780499746f88cce12 434aeefec91c499780499746f88cce12] 10.0.0.149 "GET /resource_providers/2f8d1cc1-6dd5-4d10-aa3f-382a7fd83cb0/aggregates" status: 404 len: 235 microversion: 1.1 [pid: 6|app: 0|req: 378/759] 10.0.0.149 () {32 vars in 815 bytes} [Thu Jul 16 15:42:54 2026] GET /resource_providers/2f8d1cc1-6dd5-4d10-aa3f-382a7fd83cb0/aggregates => generated 235 bytes in 11 msecs (HTTP/1.1 404) 5 headers in 202 bytes (1 switches on core 0)
2026-07-16 15:42:54.721 7 INFO placement.requestlog [None req-d3910bbf-4a14-45a8-9b2a-631b5ceec2ad 49bf7f3475fd4c77a1c42ecf96ff0f21 0dedad47ab1843ad810f37376877f347 - - 434aeefec91c499780499746f88cce12 434aeefec91c499780499746f88cce12] 10.0.0.149 "DELETE /resource_providers/2f8d1cc1-6dd5-4d10-aa3f-382a7fd83cb0" status: 404 len: 246 microversion: 1.1 [pid: 7|app: 0|req: 382/760] 10.0.0.149 () {34 vars in 815 bytes} [Thu Jul 16 15:42:54 2026] DELETE /resource_providers/2f8d1cc1-6dd5-4d10-aa3f-382a7fd83cb0 => generated 246 bytes in 9 msecs (HTTP/1.1 404) 6 headers in 231 bytes (1 switches on core 0)
2026-07-16 15:42:54.726 6 INFO placement.requestlog [None req-0e2f1f2e-ba3e-44d2-bae0-09b6c9267c25 49bf7f3475fd4c77a1c42ecf96ff0f21 0dedad47ab1843ad810f37376877f347 - - 434aeefec91c499780499746f88cce12 434aeefec91c499780499746f88cce12] 10.0.0.149 "DELETE /resource_providers/2f8d1cc1-6dd5-4d10-aa3f-382a7fd83cb0" status: 404 len: 246 microversion: 1.1 [pid: 6|app: 0|req: 379/761] 10.0.0.149 () {34 vars in 815 bytes} [Thu Jul 16 15:42:54 2026] DELETE /resource_providers/2f8d1cc1-6dd5-4d10-aa3f-382a7fd83cb0 => generated 246 bytes in 12 msecs (HTTP/1.1 404) 6 headers in 231 bytes (1 switches on core 0)
2026-07-16 15:42:55.625 7 INFO placement.requestlog [req-e52ba5b3-ba5b-456b-866a-f241e1629f56 req-1fbaccef-f510-407f-a489-15c570e68490 abb7a75223ae4aeb99119c3d321afd80 0dedad47ab1843ad810f37376877f347 - - 434aeefec91c499780499746f88cce12 434aeefec91c499780499746f88cce12] 199.204.45.138 "GET /allocations/b441cda6-6331-43a1-8f07-7971c129f21a" status: 200 len: 243 microversion: 1.28 [pid: 7|app: 0|req: 383/762] 199.204.45.138 () {34 vars in 862 bytes} [Thu Jul 16 15:42:55 2026] GET /allocations/b441cda6-6331-43a1-8f07-7971c129f21a => generated 243 bytes in 14 msecs (HTTP/1.1 200) 8 headers in 296 bytes (1 switches on core 0)
2026-07-16 15:42:56.672 6 INFO placement.requestlog [req-e52ba5b3-ba5b-456b-866a-f241e1629f56 req-cddce1e5-3060-4c0e-90b6-5328e9b4306b abb7a75223ae4aeb99119c3d321afd80 0dedad47ab1843ad810f37376877f347 - - 434aeefec91c499780499746f88cce12 434aeefec91c499780499746f88cce12] 199.204.45.138 "GET /resource_providers/0f8cfe68-c3a9-4747-b777-717f7b9df093/allocations" status: 200 len: 338 microversion: 1.0 [pid: 6|app: 0|req: 380/763] 199.204.45.138 () {32 vars in 856 bytes} [Thu Jul 16 15:42:56 2026] GET /resource_providers/0f8cfe68-c3a9-4747-b777-717f7b9df093/allocations => generated 338 bytes in 18 msecs (HTTP/1.1 200) 6 headers in 224 bytes (1 switches on core 0)
2026-07-16 15:42:56.694 7 INFO placement.requestlog [req-e52ba5b3-ba5b-456b-866a-f241e1629f56 req-e7df1974-ff91-4e91-bbaf-41641d80b02e abb7a75223ae4aeb99119c3d321afd80 0dedad47ab1843ad810f37376877f347 - - 434aeefec91c499780499746f88cce12 434aeefec91c499780499746f88cce12] 199.204.45.138 "GET /allocations/d4a3c1e4-f02c-4e9b-a451-3e1a90d43513" status: 200 len: 257 microversion: 1.28 [pid: 7|app: 0|req: 384/764] 199.204.45.138 () {34 vars in 862 bytes} [Thu Jul 16 15:42:56 2026] GET /allocations/d4a3c1e4-f02c-4e9b-a451-3e1a90d43513 => generated 257 bytes in 15 msecs (HTTP/1.1 200) 8 headers in 296 bytes (1 switches on core 0)
2026-07-16 15:42:56.713 6 INFO placement.requestlog [req-e52ba5b3-ba5b-456b-866a-f241e1629f56 req-ee84880a-6561-44fd-9df0-53486d88ad35 abb7a75223ae4aeb99119c3d321afd80 0dedad47ab1843ad810f37376877f347 - - 434aeefec91c499780499746f88cce12 434aeefec91c499780499746f88cce12] 199.204.45.138 "GET /allocations/c630a70d-91e4-4ae2-9c2a-27fd30907ded" status: 200 len: 257 microversion: 1.28 [pid: 6|app: 0|req: 381/765] 199.204.45.138 () {34 vars in 862 bytes} [Thu Jul 16 15:42:56 2026] GET /allocations/c630a70d-91e4-4ae2-9c2a-27fd30907ded => generated 257 bytes in 13 msecs (HTTP/1.1 200) 8 headers in 296 bytes (1 switches on core 0)
2026-07-16 15:42:56.733 7 INFO placement.requestlog [req-e52ba5b3-ba5b-456b-866a-f241e1629f56 req-bfb2f6b2-1ee0-44c7-872c-3ff736f9a02a abb7a75223ae4aeb99119c3d321afd80 0dedad47ab1843ad810f37376877f347 - - 434aeefec91c499780499746f88cce12 434aeefec91c499780499746f88cce12] 199.204.45.138 "GET /allocations/b441cda6-6331-43a1-8f07-7971c129f21a" status: 200 len: 243 microversion: 1.28 [pid: 7|app: 0|req: 385/766] 199.204.45.138 () {34 vars in 862 bytes} [Thu Jul 16 15:42:56 2026] GET /allocations/b441cda6-6331-43a1-8f07-7971c129f21a => generated 243 bytes in 16 msecs (HTTP/1.1 200) 8 headers in 296 bytes (1 switches on core 0)
2026-07-16 15:42:56.743 6 INFO placement.requestlog [None req-43be6ca3-ec0b-4a23-b5a3-eafd14590fda 49bf7f3475fd4c77a1c42ecf96ff0f21 0dedad47ab1843ad810f37376877f347 - - 434aeefec91c499780499746f88cce12 434aeefec91c499780499746f88cce12] 10.0.0.149 "GET /resource_providers/b56b05a6-102d-4b8e-a7aa-2cfa45498bd2/aggregates" status: 404 len: 235 microversion: 1.1 [pid: 6|app: 0|req: 382/767] 10.0.0.149 () {32 vars in 815 bytes} [Thu Jul 16 15:42:56 2026] GET /resource_providers/b56b05a6-102d-4b8e-a7aa-2cfa45498bd2/aggregates => generated 235 bytes in 14 msecs (HTTP/1.1 404) 5 headers in 202 bytes (1 switches on core 0)
2026-07-16 15:42:56.745 7 INFO placement.requestlog [None req-aa73f834-add6-47b2-9f5d-995dd18c8d73 49bf7f3475fd4c77a1c42ecf96ff0f21 0dedad47ab1843ad810f37376877f347 - - 434aeefec91c499780499746f88cce12 434aeefec91c499780499746f88cce12] 10.0.0.149 "GET /resource_providers/b56b05a6-102d-4b8e-a7aa-2cfa45498bd2/aggregates" status: 404 len: 235 microversion: 1.1 [pid: 7|app: 0|req: 386/768] 10.0.0.149 () {32 vars in 815 bytes} [Thu Jul 16 15:42:56 2026] GET /resource_providers/b56b05a6-102d-4b8e-a7aa-2cfa45498bd2/aggregates => generated 235 bytes in 11 msecs (HTTP/1.1 404) 5 headers in 202 bytes (1 switches on core 0)
2026-07-16 15:42:56.766 6 INFO placement.requestlog [None req-da26b6e4-6276-46fc-8ff0-3cf01851d172 49bf7f3475fd4c77a1c42ecf96ff0f21 0dedad47ab1843ad810f37376877f347 - - 434aeefec91c499780499746f88cce12 434aeefec91c499780499746f88cce12] 10.0.0.149 "DELETE /resource_providers/b56b05a6-102d-4b8e-a7aa-2cfa45498bd2" status: 404 len: 246 microversion: 1.1 [pid: 6|app: 0|req: 383/769] 10.0.0.149 () {34 vars in 815 bytes} [Thu Jul 16 15:42:56 2026] DELETE /resource_providers/b56b05a6-102d-4b8e-a7aa-2cfa45498bd2 => generated 246 bytes in 13 msecs (HTTP/1.1 404) 6 headers in 231 bytes (1 switches on core 0)
2026-07-16 15:42:56.770 7 INFO placement.requestlog [None req-36cd1a07-6561-41a4-a594-c420daf410a3 49bf7f3475fd4c77a1c42ecf96ff0f21 0dedad47ab1843ad810f37376877f347 - - 434aeefec91c499780499746f88cce12 434aeefec91c499780499746f88cce12] 10.0.0.149 "DELETE /resource_providers/b56b05a6-102d-4b8e-a7aa-2cfa45498bd2" status: 404 len: 246 microversion: 1.1 [pid: 7|app: 0|req: 387/770] 10.0.0.149 () {34 vars in 815 bytes} [Thu Jul 16 15:42:56 2026] DELETE /resource_providers/b56b05a6-102d-4b8e-a7aa-2cfa45498bd2 => generated 246 bytes in 11 msecs (HTTP/1.1 404) 6 headers in 231 bytes (1 switches on core 0)
2026-07-16 15:43:04.104 6 INFO placement.requestlog [None req-c1ec88f3-0a26-4a31-8260-cdbba56444ae - - - - - -] 10.0.0.17 "GET /" status: 200 len: 136 microversion: 1.0
2026-07-16 15:43:04.104 7 INFO placement.requestlog [None req-fa874075-f6e5-4cc9-95a2-33bc0e877cca - - - - - -] 10.0.0.17 "GET /" status: 200 len: 136 microversion: 1.0
2026-07-16 15:43:14.104 7 INFO placement.requestlog [None req-2b3fc7e4-9230-48da-bed7-0fd12fc0f5b0 - - - - - -] 10.0.0.17 "GET /" status: 200 len: 136 microversion: 1.0
2026-07-16 15:43:14.105 6 INFO placement.requestlog [None req-bcbcb617-7d5a-4374-99f2-48a801b7c158 - - - - - -] 10.0.0.17 "GET /" status: 200 len: 136 microversion: 1.0
2026-07-16 15:43:18.244 7 INFO placement.requestlog [req-2b5523a9-1f90-4da3-a0c7-0e69912b0a06 req-5d6724a2-dc90-4157-a9ba-dd0a00b67e3f abb7a75223ae4aeb99119c3d321afd80 0dedad47ab1843ad810f37376877f347 - - 434aeefec91c499780499746f88cce12 434aeefec91c499780499746f88cce12] 199.204.45.138 "GET /resource_providers/0f8cfe68-c3a9-4747-b777-717f7b9df093/allocations" status: 200 len: 338 microversion: 1.0 [pid: 7|app: 0|req: 390/775] 199.204.45.138 () {32 vars in 856 bytes} [Thu Jul 16 15:43:18 2026] GET /resource_providers/0f8cfe68-c3a9-4747-b777-717f7b9df093/allocations => generated 338 bytes in 18 msecs (HTTP/1.1 200) 6 headers in 224 bytes (1 switches on core 0)
2026-07-16 15:43:18.263 6 INFO placement.requestlog [req-2b5523a9-1f90-4da3-a0c7-0e69912b0a06 req-d7c7dfd3-6408-4bdf-8006-154b0a0e4b9c abb7a75223ae4aeb99119c3d321afd80 0dedad47ab1843ad810f37376877f347 - - 434aeefec91c499780499746f88cce12 434aeefec91c499780499746f88cce12] 199.204.45.138 "GET /resource_providers/0f8cfe68-c3a9-4747-b777-717f7b9df093/allocations" status: 200 len: 338 microversion: 1.0 [pid: 6|app: 0|req: 386/776] 199.204.45.138 () {32 vars in 856 bytes} [Thu Jul 16 15:43:18 2026] GET /resource_providers/0f8cfe68-c3a9-4747-b777-717f7b9df093/allocations => generated 338 bytes in 13 msecs (HTTP/1.1 200) 6 headers in 224 bytes (1 switches on core 0)
2026-07-16 15:43:18.287 7 INFO placement.requestlog [req-2b5523a9-1f90-4da3-a0c7-0e69912b0a06 req-4771322b-c637-4ec6-8ba2-832ad5f22c78 abb7a75223ae4aeb99119c3d321afd80 0dedad47ab1843ad810f37376877f347 - - 434aeefec91c499780499746f88cce12 434aeefec91c499780499746f88cce12] 199.204.45.138 "GET /allocations/d4a3c1e4-f02c-4e9b-a451-3e1a90d43513" status: 200 len: 257 microversion: 1.28 [pid: 7|app: 0|req: 391/777] 199.204.45.138 () {34 vars in 862 bytes} [Thu Jul 16 15:43:18 2026] GET /allocations/d4a3c1e4-f02c-4e9b-a451-3e1a90d43513 => generated 257 bytes in 19 msecs (HTTP/1.1 200) 8 headers in 296 bytes (1 switches on core 0)
2026-07-16 15:43:18.301 6 INFO placement.requestlog [req-2b5523a9-1f90-4da3-a0c7-0e69912b0a06 req-8e22412f-2cda-4a93-939f-f36f3fcfc3ba abb7a75223ae4aeb99119c3d321afd80 0dedad47ab1843ad810f37376877f347 - - 434aeefec91c499780499746f88cce12 434aeefec91c499780499746f88cce12] 199.204.45.138 "GET /allocations/c630a70d-91e4-4ae2-9c2a-27fd30907ded" status: 200 len: 257 microversion: 1.28 [pid: 6|app: 0|req: 387/778] 199.204.45.138 () {34 vars in 862 bytes} [Thu Jul 16 15:43:18 2026] GET /allocations/c630a70d-91e4-4ae2-9c2a-27fd30907ded => generated 257 bytes in 10 msecs (HTTP/1.1 200) 8 headers in 296 bytes (1 switches on core 0)
2026-07-16 15:43:18.320 7 INFO placement.requestlog [req-2b5523a9-1f90-4da3-a0c7-0e69912b0a06 req-16dd7d48-9fba-41d0-b2a8-ef8665b9ba05 abb7a75223ae4aeb99119c3d321afd80 0dedad47ab1843ad810f37376877f347 - - 434aeefec91c499780499746f88cce12 434aeefec91c499780499746f88cce12] 199.204.45.138 "GET /allocations/b441cda6-6331-43a1-8f07-7971c129f21a" status: 200 len: 243 microversion: 1.28 [pid: 7|app: 0|req: 392/779] 199.204.45.138 () {34 vars in 862 bytes} [Thu Jul 16 15:43:18 2026] GET /allocations/b441cda6-6331-43a1-8f07-7971c129f21a => generated 243 bytes in 15 msecs (HTTP/1.1 200) 8 headers in 296 bytes (1 switches on core 0)
2026-07-16 15:43:19.370 6 INFO placement.requestlog [req-4898e55e-b115-46e3-b014-99a0439fc03b req-0552eb40-396a-48f9-8c9a-9c1da1a9c37e abb7a75223ae4aeb99119c3d321afd80 0dedad47ab1843ad810f37376877f347 - - 434aeefec91c499780499746f88cce12 434aeefec91c499780499746f88cce12] 199.204.45.138 "GET /resource_providers/0f8cfe68-c3a9-4747-b777-717f7b9df093/allocations" status: 200 len: 338 microversion: 1.0 [pid: 6|app: 0|req: 388/780] 199.204.45.138 () {32 vars in 856 bytes} [Thu Jul 16 15:43:19 2026] GET /resource_providers/0f8cfe68-c3a9-4747-b777-717f7b9df093/allocations => generated 338 bytes in 18 msecs (HTTP/1.1 200) 6 headers in 224 bytes (1 switches on core 0)
2026-07-16 15:43:19.392 7 INFO placement.requestlog [req-4898e55e-b115-46e3-b014-99a0439fc03b req-cf77c8e4-d2e3-4f42-844b-e40b9d3bc6a3 abb7a75223ae4aeb99119c3d321afd80 0dedad47ab1843ad810f37376877f347 - - 434aeefec91c499780499746f88cce12 434aeefec91c499780499746f88cce12] 199.204.45.138 "GET /allocations/d4a3c1e4-f02c-4e9b-a451-3e1a90d43513" status: 200 len: 257 microversion: 1.28 [pid: 7|app: 0|req: 393/781] 199.204.45.138 () {34 vars in 862 bytes} [Thu Jul 16 15:43:19 2026] GET /allocations/d4a3c1e4-f02c-4e9b-a451-3e1a90d43513 => generated 257 bytes in 15 msecs (HTTP/1.1 200) 8 headers in 296 bytes (1 switches on core 0)
2026-07-16 15:43:19.412 6 INFO placement.requestlog [req-4898e55e-b115-46e3-b014-99a0439fc03b req-dc7dfe25-99dc-4189-a991-5b4a8707bfca abb7a75223ae4aeb99119c3d321afd80 0dedad47ab1843ad810f37376877f347 - - 434aeefec91c499780499746f88cce12 434aeefec91c499780499746f88cce12] 199.204.45.138 "GET /allocations/c630a70d-91e4-4ae2-9c2a-27fd30907ded" status: 200 len: 257 microversion: 1.28 [pid: 6|app: 0|req: 389/782] 199.204.45.138 () {34 vars in 862 bytes} [Thu Jul 16 15:43:19 2026] GET /allocations/c630a70d-91e4-4ae2-9c2a-27fd30907ded => generated 257 bytes in 14 msecs (HTTP/1.1 200) 8 headers in 296 bytes (1 switches on core 0)
2026-07-16 15:43:19.429 7 INFO placement.requestlog [req-4898e55e-b115-46e3-b014-99a0439fc03b req-09fe093c-b1fb-4259-b98d-539b0c0f8872 abb7a75223ae4aeb99119c3d321afd80 0dedad47ab1843ad810f37376877f347 - - 434aeefec91c499780499746f88cce12 434aeefec91c499780499746f88cce12] 199.204.45.138 "GET /allocations/b441cda6-6331-43a1-8f07-7971c129f21a" status: 200 len: 243 microversion: 1.28 [pid: 7|app: 0|req: 394/783] 199.204.45.138 () {34 vars in 862 bytes} [Thu Jul 16 15:43:19 2026] GET /allocations/b441cda6-6331-43a1-8f07-7971c129f21a => generated 243 bytes in 13 msecs (HTTP/1.1 200) 8 headers in 296 bytes (1 switches on core 0)
2026-07-16 15:43:20.512 7 INFO placement.requestlog [req-10592a1d-2401-478f-963e-16152b0bb5fd req-14c609c8-2e33-4f89-82ac-14a388c7dd87 abb7a75223ae4aeb99119c3d321afd80 0dedad47ab1843ad810f37376877f347 - - 434aeefec91c499780499746f88cce12 434aeefec91c499780499746f88cce12] 199.204.45.138 "GET /resource_providers/0f8cfe68-c3a9-4747-b777-717f7b9df093/allocations" status: 200 len: 338 microversion: 1.0 [pid: 7|app: 0|req: 395/784] 199.204.45.138 () {32 vars in 856 bytes} [Thu Jul 16 15:43:20 2026] GET /resource_providers/0f8cfe68-c3a9-4747-b777-717f7b9df093/allocations => generated 338 bytes in 32 msecs (HTTP/1.1 200) 6 headers in 224 bytes (1 switches on core 0)
2026-07-16 15:43:20.538 7 INFO placement.requestlog [req-10592a1d-2401-478f-963e-16152b0bb5fd req-c25e6588-f539-4be3-908a-b0307a62564c abb7a75223ae4aeb99119c3d321afd80 0dedad47ab1843ad810f37376877f347 - - 434aeefec91c499780499746f88cce12 434aeefec91c499780499746f88cce12] 199.204.45.138 "GET /allocations/d4a3c1e4-f02c-4e9b-a451-3e1a90d43513" status: 200 len: 257 microversion: 1.28 [pid: 7|app: 0|req: 396/785] 199.204.45.138 () {34 vars in 862 bytes} [Thu Jul 16 15:43:20 2026] GET /allocations/d4a3c1e4-f02c-4e9b-a451-3e1a90d43513 => generated 257 bytes in 17 msecs (HTTP/1.1 200) 8 headers in 296 bytes (1 switches on core 0)
2026-07-16 15:43:20.559 7 INFO placement.requestlog [req-10592a1d-2401-478f-963e-16152b0bb5fd req-f5e08297-e5bb-4c71-8242-84a4b1122935 abb7a75223ae4aeb99119c3d321afd80 0dedad47ab1843ad810f37376877f347 - - 434aeefec91c499780499746f88cce12 434aeefec91c499780499746f88cce12] 199.204.45.138 "GET /allocations/c630a70d-91e4-4ae2-9c2a-27fd30907ded" status: 200 len: 257 microversion: 1.28 [pid: 7|app: 0|req: 397/786] 199.204.45.138 () {34 vars in 862 bytes} [Thu Jul 16 15:43:20 2026] GET /allocations/c630a70d-91e4-4ae2-9c2a-27fd30907ded => generated 257 bytes in 15 msecs (HTTP/1.1 200) 8 headers in 296 bytes (1 switches on core 0)
2026-07-16 15:43:20.561 6 INFO placement.requestlog [req-4898e55e-b115-46e3-b014-99a0439fc03b req-1f674a57-aabf-4353-990d-7008d5dd60dd abb7a75223ae4aeb99119c3d321afd80 0dedad47ab1843ad810f37376877f347 - - 434aeefec91c499780499746f88cce12 434aeefec91c499780499746f88cce12] 199.204.45.138 "DELETE /allocations/b441cda6-6331-43a1-8f07-7971c129f21a" status: 204 len: 0 microversion: 1.0 [pid: 6|app: 0|req: 390/787] 199.204.45.138 () {34 vars in 840 bytes} [Thu Jul 16 15:43:20 2026] DELETE /allocations/b441cda6-6331-43a1-8f07-7971c129f21a => generated 0 bytes in 87 msecs (HTTP/1.1 204) 5 headers in 198 bytes (1 switches on core 0)
2026-07-16 15:43:20.579 7 INFO placement.requestlog [req-10592a1d-2401-478f-963e-16152b0bb5fd req-7cef233e-eb3c-48b7-a039-f7cc4bd59042 abb7a75223ae4aeb99119c3d321afd80 0dedad47ab1843ad810f37376877f347 - - 434aeefec91c499780499746f88cce12 434aeefec91c499780499746f88cce12] 199.204.45.138 "GET /allocations/b441cda6-6331-43a1-8f07-7971c129f21a" status: 200 len: 19 microversion: 1.28 [pid: 7|app: 0|req: 398/788] 199.204.45.138 () {34 vars in 862 bytes} [Thu Jul 16 15:43:20 2026] GET /allocations/b441cda6-6331-43a1-8f07-7971c129f21a => generated 19 bytes in 10 msecs (HTTP/1.1 200) 8 headers in 295 bytes (1 switches on core 0)
2026-07-16 15:43:21.203 6 INFO placement.requestlog [None req-0b34c1e5-5a4f-4c39-985d-4991fcc22636 49bf7f3475fd4c77a1c42ecf96ff0f21 0dedad47ab1843ad810f37376877f347 - - 434aeefec91c499780499746f88cce12 434aeefec91c499780499746f88cce12] 10.0.0.149 "GET /resource_providers/03a3614b-dd6a-4021-a67b-4a3ada316c4e/aggregates" status: 404 len: 235 microversion: 1.1 [pid: 6|app: 0|req: 391/789] 10.0.0.149 () {32 vars in 815 bytes} [Thu Jul 16 15:43:21 2026] GET /resource_providers/03a3614b-dd6a-4021-a67b-4a3ada316c4e/aggregates => generated 235 bytes in 13 msecs (HTTP/1.1 404) 5 headers in 202 bytes (1 switches on core 0)
2026-07-16 15:43:21.210 7 INFO placement.requestlog [None req-4c2e7267-7776-4d0f-81a5-ef875d9726aa 49bf7f3475fd4c77a1c42ecf96ff0f21 0dedad47ab1843ad810f37376877f347 - - 434aeefec91c499780499746f88cce12 434aeefec91c499780499746f88cce12] 10.0.0.149 "GET /resource_providers/03a3614b-dd6a-4021-a67b-4a3ada316c4e/aggregates" status: 404 len: 235 microversion: 1.1 [pid: 7|app: 0|req: 399/790] 10.0.0.149 () {32 vars in 815 bytes} [Thu Jul 16 15:43:21 2026] GET /resource_providers/03a3614b-dd6a-4021-a67b-4a3ada316c4e/aggregates => generated 235 bytes in 17 msecs (HTTP/1.1 404) 5 headers in 202 bytes (1 switches on core 0)
2026-07-16 15:43:21.236 7 INFO placement.requestlog [None req-4ebda347-de35-461b-92e3-a9d0abac1b15 49bf7f3475fd4c77a1c42ecf96ff0f21 0dedad47ab1843ad810f37376877f347 - - 434aeefec91c499780499746f88cce12 434aeefec91c499780499746f88cce12] 10.0.0.149 "DELETE /resource_providers/03a3614b-dd6a-4021-a67b-4a3ada316c4e" status: 404 len: 246 microversion: 1.1
2026-07-16 15:43:21.236 6 INFO placement.requestlog [None req-a61fed43-2f2e-434f-acbb-3b388f80768a 49bf7f3475fd4c77a1c42ecf96ff0f21 0dedad47ab1843ad810f37376877f347 - - 434aeefec91c499780499746f88cce12 434aeefec91c499780499746f88cce12] 10.0.0.149 "DELETE /resource_providers/03a3614b-dd6a-4021-a67b-4a3ada316c4e" status: 404 len: 246 microversion: 1.1 [pid: 7|app: 0|req: 400/791] 10.0.0.149 () {34 vars in 815 bytes} [Thu Jul 16 15:43:21 2026] DELETE /resource_providers/03a3614b-dd6a-4021-a67b-4a3ada316c4e => generated 246 bytes in 11 msecs (HTTP/1.1 404) 6 headers in 231 bytes (1 switches on core 0) [pid: 6|app: 0|req: 392/792] 10.0.0.149 () {34 vars in 815 bytes} [Thu Jul 16 15:43:21 2026] DELETE /resource_providers/03a3614b-dd6a-4021-a67b-4a3ada316c4e => generated 246 bytes in 12 msecs (HTTP/1.1 404) 6 headers in 231 bytes (1 switches on core 0)
2026-07-16 15:43:21.637 7 INFO placement.requestlog [req-10592a1d-2401-478f-963e-16152b0bb5fd req-a29ba1f4-fc1a-4ca1-99a8-ee1f6cb16594 abb7a75223ae4aeb99119c3d321afd80 0dedad47ab1843ad810f37376877f347 - - 434aeefec91c499780499746f88cce12 434aeefec91c499780499746f88cce12] 199.204.45.138 "DELETE /allocations/d4a3c1e4-f02c-4e9b-a451-3e1a90d43513" status: 204 len: 0 microversion: 1.0 [pid: 7|app: 0|req: 401/793] 199.204.45.138 () {34 vars in 840 bytes} [Thu Jul 16 15:43:21 2026] DELETE /allocations/d4a3c1e4-f02c-4e9b-a451-3e1a90d43513 => generated 0 bytes in 27 msecs (HTTP/1.1 204) 5 headers in 198 bytes (1 switches on core 0)
2026-07-16 15:43:23.263 6 INFO placement.requestlog [None req-7871d229-a800-4717-855c-1de717810a84 49bf7f3475fd4c77a1c42ecf96ff0f21 0dedad47ab1843ad810f37376877f347 - - 434aeefec91c499780499746f88cce12 434aeefec91c499780499746f88cce12] 10.0.0.149 "GET /resource_providers/9026d88e-30a1-472f-9948-e1c43c084235/aggregates" status: 404 len: 235 microversion: 1.1 [pid: 6|app: 0|req: 393/794] 10.0.0.149 () {32 vars in 815 bytes} [Thu Jul 16 15:43:23 2026] GET /resource_providers/9026d88e-30a1-472f-9948-e1c43c084235/aggregates => generated 235 bytes in 12 msecs (HTTP/1.1 404) 5 headers in 202 bytes (1 switches on core 0)
2026-07-16 15:43:23.290 6 INFO placement.requestlog [None req-9670bcc0-8ba9-4a6d-927c-064a4453317f 49bf7f3475fd4c77a1c42ecf96ff0f21 0dedad47ab1843ad810f37376877f347 - - 434aeefec91c499780499746f88cce12 434aeefec91c499780499746f88cce12] 10.0.0.149 "DELETE /resource_providers/9026d88e-30a1-472f-9948-e1c43c084235" status: 404 len: 246 microversion: 1.1 [pid: 6|app: 0|req: 394/795] 10.0.0.149 () {34 vars in 815 bytes} [Thu Jul 16 15:43:23 2026] DELETE /resource_providers/9026d88e-30a1-472f-9948-e1c43c084235 => generated 246 bytes in 9 msecs (HTTP/1.1 404) 6 headers in 231 bytes (1 switches on core 0)
2026-07-16 15:43:23.291 7 INFO placement.requestlog [None req-49a402fd-8c9c-45cb-89a5-e52e2b6aa6f7 49bf7f3475fd4c77a1c42ecf96ff0f21 0dedad47ab1843ad810f37376877f347 - - 434aeefec91c499780499746f88cce12 434aeefec91c499780499746f88cce12] 10.0.0.149 "GET /resource_providers/9026d88e-30a1-472f-9948-e1c43c084235/aggregates" status: 404 len: 235 microversion: 1.1 [pid: 7|app: 0|req: 402/796] 10.0.0.149 () {32 vars in 815 bytes} [Thu Jul 16 15:43:23 2026] GET /resource_providers/9026d88e-30a1-472f-9948-e1c43c084235/aggregates => generated 235 bytes in 11 msecs (HTTP/1.1 404) 5 headers in 202 bytes (1 switches on core 0)
2026-07-16 15:43:23.320 6 INFO placement.requestlog [None req-2a81f388-7433-4533-ae01-a0ff6619d22c 49bf7f3475fd4c77a1c42ecf96ff0f21 0dedad47ab1843ad810f37376877f347 - - 434aeefec91c499780499746f88cce12 434aeefec91c499780499746f88cce12] 10.0.0.149 "DELETE /resource_providers/9026d88e-30a1-472f-9948-e1c43c084235" status: 404 len: 246 microversion: 1.1 [pid: 6|app: 0|req: 395/797] 10.0.0.149 () {34 vars in 815 bytes} [Thu Jul 16 15:43:23 2026] DELETE /resource_providers/9026d88e-30a1-472f-9948-e1c43c084235 => generated 246 bytes in 10 msecs (HTTP/1.1 404) 6 headers in 231 bytes (1 switches on core 0)
2026-07-16 15:43:24.104 7 INFO placement.requestlog [None req-a88d4236-f738-417c-b749-54c1c12e4c72 - - - - - -] 10.0.0.17 "GET /" status: 200 len: 136 microversion: 1.0
2026-07-16 15:43:24.104 6 INFO placement.requestlog [None req-ff212341-cbaa-4c10-95c7-fac09e7eb1bb - - - - - -] 10.0.0.17 "GET /" status: 200 len: 136 microversion: 1.0
2026-07-16 15:43:25.330 7 INFO placement.requestlog [None req-2bf34022-0929-4af1-bb37-d510b899a334 49bf7f3475fd4c77a1c42ecf96ff0f21 0dedad47ab1843ad810f37376877f347 - - 434aeefec91c499780499746f88cce12 434aeefec91c499780499746f88cce12] 10.0.0.149 "GET /resource_providers/307c3cab-27e9-4630-abfa-b3d4d0221a78/aggregates" status: 404 len: 235 microversion: 1.1 [pid: 7|app: 0|req: 404/800] 10.0.0.149 () {32 vars in 815 bytes} [Thu Jul 16 15:43:25 2026] GET /resource_providers/307c3cab-27e9-4630-abfa-b3d4d0221a78/aggregates => generated 235 bytes in 11 msecs (HTTP/1.1 404) 5 headers in 202 bytes (1 switches on core 0)
2026-07-16 15:43:25.340 6 INFO placement.requestlog [None req-d03b91dd-d66e-4b52-a4f7-a9533dd2e982 49bf7f3475fd4c77a1c42ecf96ff0f21 0dedad47ab1843ad810f37376877f347 - - 434aeefec91c499780499746f88cce12 434aeefec91c499780499746f88cce12] 10.0.0.149 "GET /resource_providers/307c3cab-27e9-4630-abfa-b3d4d0221a78/aggregates" status: 404 len: 235 microversion: 1.1 [pid: 6|app: 0|req: 397/801] 10.0.0.149 () {32 vars in 815 bytes} [Thu Jul 16 15:43:25 2026] GET /resource_providers/307c3cab-27e9-4630-abfa-b3d4d0221a78/aggregates => generated 235 bytes in 12 msecs (HTTP/1.1 404) 5 headers in 202 bytes (1 switches on core 0)
2026-07-16 15:43:25.363 7 INFO placement.requestlog [None req-9cd700a2-79dc-41be-babc-76956c399a40 49bf7f3475fd4c77a1c42ecf96ff0f21 0dedad47ab1843ad810f37376877f347 - - 434aeefec91c499780499746f88cce12 434aeefec91c499780499746f88cce12] 10.0.0.149 "DELETE /resource_providers/307c3cab-27e9-4630-abfa-b3d4d0221a78" status: 404 len: 246 microversion: 1.1 [pid: 7|app: 0|req: 405/802] 10.0.0.149 () {34 vars in 815 bytes} [Thu Jul 16 15:43:25 2026] DELETE /resource_providers/307c3cab-27e9-4630-abfa-b3d4d0221a78 => generated 246 bytes in 10 msecs (HTTP/1.1 404) 6 headers in 231 bytes (1 switches on core 0)
2026-07-16 15:43:25.367 6 INFO placement.requestlog [None req-73858c8e-4c6e-4296-b126-6cfe4fbad0fb 49bf7f3475fd4c77a1c42ecf96ff0f21 0dedad47ab1843ad810f37376877f347 - - 434aeefec91c499780499746f88cce12 434aeefec91c499780499746f88cce12] 10.0.0.149 "DELETE /resource_providers/307c3cab-27e9-4630-abfa-b3d4d0221a78" status: 404 len: 246 microversion: 1.1 [pid: 6|app: 0|req: 398/803] 10.0.0.149 () {34 vars in 815 bytes} [Thu Jul 16 15:43:25 2026] DELETE /resource_providers/307c3cab-27e9-4630-abfa-b3d4d0221a78 => generated 246 bytes in 13 msecs (HTTP/1.1 404) 6 headers in 231 bytes (1 switches on core 0)
2026-07-16 15:43:25.389 6 INFO placement.requestlog [None req-cc7b2eac-3a57-48db-9c2b-927f69dfac1a 49bf7f3475fd4c77a1c42ecf96ff0f21 0dedad47ab1843ad810f37376877f347 - - 434aeefec91c499780499746f88cce12 434aeefec91c499780499746f88cce12] 10.0.0.149 "GET /resource_providers/72cead48-6390-494e-98ab-78f4ab333d2f/aggregates" status: 404 len: 235 microversion: 1.1 [pid: 6|app: 0|req: 399/804] 10.0.0.149 () {32 vars in 815 bytes} [Thu Jul 16 15:43:25 2026] GET /resource_providers/72cead48-6390-494e-98ab-78f4ab333d2f/aggregates => generated 235 bytes in 9 msecs (HTTP/1.1 404) 5 headers in 202 bytes (1 switches on core 0)
2026-07-16 15:43:25.395 7 INFO placement.requestlog [None req-f51fe6b4-a7b5-4b71-b68a-c4e094fcbf73 49bf7f3475fd4c77a1c42ecf96ff0f21 0dedad47ab1843ad810f37376877f347 - - 434aeefec91c499780499746f88cce12 434aeefec91c499780499746f88cce12] 10.0.0.149 "GET /resource_providers/72cead48-6390-494e-98ab-78f4ab333d2f/aggregates" status: 404 len: 235 microversion: 1.1 [pid: 7|app: 0|req: 406/805] 10.0.0.149 () {32 vars in 815 bytes} [Thu Jul 16 15:43:25 2026] GET /resource_providers/72cead48-6390-494e-98ab-78f4ab333d2f/aggregates => generated 235 bytes in 17 msecs (HTTP/1.1 404) 5 headers in 202 bytes (1 switches on core 0)
2026-07-16 15:43:25.415 6 INFO placement.requestlog [None req-7d6dd8b1-015c-41e4-9d70-c2aa4f71db38 49bf7f3475fd4c77a1c42ecf96ff0f21 0dedad47ab1843ad810f37376877f347 - - 434aeefec91c499780499746f88cce12 434aeefec91c499780499746f88cce12] 10.0.0.149 "DELETE /resource_providers/72cead48-6390-494e-98ab-78f4ab333d2f" status: 404 len: 246 microversion: 1.1 [pid: 6|app: 0|req: 400/806] 10.0.0.149 () {34 vars in 815 bytes} [Thu Jul 16 15:43:25 2026] DELETE /resource_providers/72cead48-6390-494e-98ab-78f4ab333d2f => generated 246 bytes in 10 msecs (HTTP/1.1 404) 6 headers in 231 bytes (1 switches on core 0)
2026-07-16 15:43:25.421 7 INFO placement.requestlog [None req-75bff0c5-7e94-432c-9ecb-7517952eadc5 49bf7f3475fd4c77a1c42ecf96ff0f21 0dedad47ab1843ad810f37376877f347 - - 434aeefec91c499780499746f88cce12 434aeefec91c499780499746f88cce12] 10.0.0.149 "DELETE /resource_providers/72cead48-6390-494e-98ab-78f4ab333d2f" status: 404 len: 246 microversion: 1.1 [pid: 7|app: 0|req: 407/807] 10.0.0.149 () {34 vars in 815 bytes} [Thu Jul 16 15:43:25 2026] DELETE /resource_providers/72cead48-6390-494e-98ab-78f4ab333d2f => generated 246 bytes in 7 msecs (HTTP/1.1 404) 6 headers in 231 bytes (1 switches on core 0)
2026-07-16 15:43:25.756 6 INFO placement.requestlog [None req-aee2c39d-1548-4598-aa73-fcec5d6ed1dd 49bf7f3475fd4c77a1c42ecf96ff0f21 0dedad47ab1843ad810f37376877f347 - - 434aeefec91c499780499746f88cce12 434aeefec91c499780499746f88cce12] 10.0.0.149 "GET /resource_providers/1a599017-7e25-4411-800a-e106c2b6f933/aggregates" status: 404 len: 235 microversion: 1.1 [pid: 6|app: 0|req: 401/808] 10.0.0.149 () {32 vars in 815 bytes} [Thu Jul 16 15:43:25 2026] GET /resource_providers/1a599017-7e25-4411-800a-e106c2b6f933/aggregates => generated 235 bytes in 12 msecs (HTTP/1.1 404) 5 headers in 202 bytes (1 switches on core 0)
2026-07-16 15:43:25.758 7 INFO placement.requestlog [None req-102c9a80-4ea6-4812-a448-1ee6efc485fe 49bf7f3475fd4c77a1c42ecf96ff0f21 0dedad47ab1843ad810f37376877f347 - - 434aeefec91c499780499746f88cce12 434aeefec91c499780499746f88cce12] 10.0.0.149 "GET /resource_providers/1a599017-7e25-4411-800a-e106c2b6f933/aggregates" status: 404 len: 235 microversion: 1.1 [pid: 7|app: 0|req: 408/809] 10.0.0.149 () {32 vars in 815 bytes} [Thu Jul 16 15:43:25 2026] GET /resource_providers/1a599017-7e25-4411-800a-e106c2b6f933/aggregates => generated 235 bytes in 12 msecs (HTTP/1.1 404) 5 headers in 202 bytes (1 switches on core 0)
2026-07-16 15:43:25.784 6 INFO placement.requestlog [None req-232ce990-ef45-4ea0-85cc-589a797f787f 49bf7f3475fd4c77a1c42ecf96ff0f21 0dedad47ab1843ad810f37376877f347 - - 434aeefec91c499780499746f88cce12 434aeefec91c499780499746f88cce12] 10.0.0.149 "DELETE /resource_providers/1a599017-7e25-4411-800a-e106c2b6f933" status: 404 len: 246 microversion: 1.1 [pid: 6|app: 0|req: 402/810] 10.0.0.149 () {34 vars in 815 bytes} [Thu Jul 16 15:43:25 2026] DELETE /resource_providers/1a599017-7e25-4411-800a-e106c2b6f933 => generated 246 bytes in 12 msecs (HTTP/1.1 404) 6 headers in 231 bytes (1 switches on core 0)
2026-07-16 15:43:25.785 7 INFO placement.requestlog [None req-aa8ca4d7-099c-442e-89b5-861dd1a58942 49bf7f3475fd4c77a1c42ecf96ff0f21 0dedad47ab1843ad810f37376877f347 - - 434aeefec91c499780499746f88cce12 434aeefec91c499780499746f88cce12] 10.0.0.149 "DELETE /resource_providers/1a599017-7e25-4411-800a-e106c2b6f933" status: 404 len: 246 microversion: 1.1 [pid: 7|app: 0|req: 409/811] 10.0.0.149 () {34 vars in 815 bytes} [Thu Jul 16 15:43:25 2026] DELETE /resource_providers/1a599017-7e25-4411-800a-e106c2b6f933 => generated 246 bytes in 12 msecs (HTTP/1.1 404) 6 headers in 231 bytes (1 switches on core 0)
2026-07-16 15:43:27.445 6 INFO placement.requestlog [None req-c57e6ee0-25c5-402c-98df-269adec17d85 49bf7f3475fd4c77a1c42ecf96ff0f21 0dedad47ab1843ad810f37376877f347 - - 434aeefec91c499780499746f88cce12 434aeefec91c499780499746f88cce12] 10.0.0.149 "GET /resource_providers/4aab977a-8e37-4792-91df-8d5b9651a27c/aggregates" status: 404 len: 235 microversion: 1.1 [pid: 6|app: 0|req: 403/812] 10.0.0.149 () {32 vars in 815 bytes} [Thu Jul 16 15:43:27 2026] GET /resource_providers/4aab977a-8e37-4792-91df-8d5b9651a27c/aggregates => generated 235 bytes in 11 msecs (HTTP/1.1 404) 5 headers in 202 bytes (1 switches on core 0)
2026-07-16 15:43:27.448 7 INFO placement.requestlog [None req-63cc6a44-b71d-42a3-9c11-5174e1924d2c 49bf7f3475fd4c77a1c42ecf96ff0f21 0dedad47ab1843ad810f37376877f347 - - 434aeefec91c499780499746f88cce12 434aeefec91c499780499746f88cce12] 10.0.0.149 "GET /resource_providers/4aab977a-8e37-4792-91df-8d5b9651a27c/aggregates" status: 404 len: 235 microversion: 1.1 [pid: 7|app: 0|req: 410/813] 10.0.0.149 () {32 vars in 815 bytes} [Thu Jul 16 15:43:27 2026] GET /resource_providers/4aab977a-8e37-4792-91df-8d5b9651a27c/aggregates => generated 235 bytes in 13 msecs (HTTP/1.1 404) 5 headers in 202 bytes (1 switches on core 0)
2026-07-16 15:43:27.468 6 INFO placement.requestlog [None req-08d7c8dc-48cc-4b9f-b816-b792aa4c40da 49bf7f3475fd4c77a1c42ecf96ff0f21 0dedad47ab1843ad810f37376877f347 - - 434aeefec91c499780499746f88cce12 434aeefec91c499780499746f88cce12] 10.0.0.149 "DELETE /resource_providers/4aab977a-8e37-4792-91df-8d5b9651a27c" status: 404 len: 246 microversion: 1.1 [pid: 6|app: 0|req: 404/814] 10.0.0.149 () {34 vars in 815 bytes} [Thu Jul 16 15:43:27 2026] DELETE /resource_providers/4aab977a-8e37-4792-91df-8d5b9651a27c => generated 246 bytes in 10 msecs (HTTP/1.1 404) 6 headers in 231 bytes (1 switches on core 0)
2026-07-16 15:43:27.490 7 INFO placement.requestlog [None req-cf552e50-9606-4b31-a2b9-ab95eb2126c2 49bf7f3475fd4c77a1c42ecf96ff0f21 0dedad47ab1843ad810f37376877f347 - - 434aeefec91c499780499746f88cce12 434aeefec91c499780499746f88cce12] 10.0.0.149 "DELETE /resource_providers/4aab977a-8e37-4792-91df-8d5b9651a27c" status: 404 len: 246 microversion: 1.1 [pid: 7|app: 0|req: 411/815] 10.0.0.149 () {34 vars in 815 bytes} [Thu Jul 16 15:43:27 2026] DELETE /resource_providers/4aab977a-8e37-4792-91df-8d5b9651a27c => generated 246 bytes in 11 msecs (HTTP/1.1 404) 6 headers in 231 bytes (1 switches on core 0)
2026-07-16 15:43:27.498 6 INFO placement.requestlog [None req-2d943f54-7f05-4a46-a16a-c74435d21bcf 49bf7f3475fd4c77a1c42ecf96ff0f21 0dedad47ab1843ad810f37376877f347 - - 434aeefec91c499780499746f88cce12 434aeefec91c499780499746f88cce12] 10.0.0.149 "GET /resource_providers/f1548a18-3d1e-4488-9c67-e35d4bcc3f33/aggregates" status: 404 len: 235 microversion: 1.1 [pid: 6|app: 0|req: 405/816] 10.0.0.149 () {32 vars in 815 bytes} [Thu Jul 16 15:43:27 2026] GET /resource_providers/f1548a18-3d1e-4488-9c67-e35d4bcc3f33/aggregates => generated 235 bytes in 18 msecs (HTTP/1.1 404) 5 headers in 202 bytes (1 switches on core 0)
2026-07-16 15:43:27.506 7 INFO placement.requestlog [None req-2b00c327-3540-4621-adff-d466eb902304 49bf7f3475fd4c77a1c42ecf96ff0f21 0dedad47ab1843ad810f37376877f347 - - 434aeefec91c499780499746f88cce12 434aeefec91c499780499746f88cce12] 10.0.0.149 "GET /resource_providers/f1548a18-3d1e-4488-9c67-e35d4bcc3f33/aggregates" status: 404 len: 235 microversion: 1.1 [pid: 7|app: 0|req: 412/817] 10.0.0.149 () {32 vars in 815 bytes} [Thu Jul 16 15:43:27 2026] GET /resource_providers/f1548a18-3d1e-4488-9c67-e35d4bcc3f33/aggregates => generated 235 bytes in 7 msecs (HTTP/1.1 404) 5 headers in 202 bytes (1 switches on core 0)
