2026-07-16 15:43:53.993 6 INFO placement.requestlog [None req-2f1785e5-4c95-4c62-b3c6-230456f27cee 49bf7f3475fd4c77a1c42ecf96ff0f21 0dedad47ab1843ad810f37376877f347 - - 434aeefec91c499780499746f88cce12 434aeefec91c499780499746f88cce12] 10.0.0.149 "DELETE /resource_providers/0f1ecb72-b48f-4fb4-aec5-762443279674" status: 404 len: 246 microversion: 1.1 [pid: 6|app: 0|req: 448/901] 10.0.0.149 () {34 vars in 815 bytes} [Thu Jul 16 15:43:53 2026] DELETE /resource_providers/0f1ecb72-b48f-4fb4-aec5-762443279674 => generated 246 bytes in 11 msecs (HTTP/1.1 404) 6 headers in 231 bytes (1 switches on core 0)
2026-07-16 15:43:53.997 7 INFO placement.requestlog [None req-01a35138-fd95-4086-967d-3ec6b915d154 49bf7f3475fd4c77a1c42ecf96ff0f21 0dedad47ab1843ad810f37376877f347 - - 434aeefec91c499780499746f88cce12 434aeefec91c499780499746f88cce12] 10.0.0.149 "DELETE /resource_providers/0f1ecb72-b48f-4fb4-aec5-762443279674" status: 404 len: 246 microversion: 1.1 [pid: 7|app: 0|req: 454/902] 10.0.0.149 () {34 vars in 815 bytes} [Thu Jul 16 15:43:53 2026] DELETE /resource_providers/0f1ecb72-b48f-4fb4-aec5-762443279674 => generated 246 bytes in 7 msecs (HTTP/1.1 404) 6 headers in 231 bytes (1 switches on core 0)
2026-07-16 15:43:54.104 7 INFO placement.requestlog [None req-a9fd2e79-9324-468c-872a-c69ba172006c - - - - - -] 10.0.0.17 "GET /" status: 200 len: 136 microversion: 1.0
2026-07-16 15:43:54.104 6 INFO placement.requestlog [None req-8d9d41bc-62d5-4bce-859d-079e9e83f95f - - - - - -] 10.0.0.17 "GET /" status: 200 len: 136 microversion: 1.0
2026-07-16 15:43:55.131 7 INFO placement.requestlog [req-4d0cfa84-96d8-401f-84ce-019df8d1e599 req-d4e18e94-bbec-4f80-9b83-c12f41603435 abb7a75223ae4aeb99119c3d321afd80 0dedad47ab1843ad810f37376877f347 - - 434aeefec91c499780499746f88cce12 434aeefec91c499780499746f88cce12] 199.204.45.138 "GET /resource_providers/0f8cfe68-c3a9-4747-b777-717f7b9df093/allocations" status: 200 len: 152 microversion: 1.0 [pid: 7|app: 0|req: 456/905] 199.204.45.138 () {32 vars in 856 bytes} [Thu Jul 16 15:43:55 2026] GET /resource_providers/0f8cfe68-c3a9-4747-b777-717f7b9df093/allocations => generated 152 bytes in 18 msecs (HTTP/1.1 200) 6 headers in 224 bytes (1 switches on core 0)
2026-07-16 15:43:55.152 6 INFO placement.requestlog [req-4d0cfa84-96d8-401f-84ce-019df8d1e599 req-d4fcda6f-1cf5-4613-8c38-9fdf4e74cef3 abb7a75223ae4aeb99119c3d321afd80 0dedad47ab1843ad810f37376877f347 - - 434aeefec91c499780499746f88cce12 434aeefec91c499780499746f88cce12] 199.204.45.138 "GET /allocations/3403b200-e7e1-40f2-87f0-a6223bbe6c07" status: 200 len: 257 microversion: 1.28 [pid: 6|app: 0|req: 450/906] 199.204.45.138 () {34 vars in 862 bytes} [Thu Jul 16 15:43:55 2026] GET /allocations/3403b200-e7e1-40f2-87f0-a6223bbe6c07 => generated 257 bytes in 14 msecs (HTTP/1.1 200) 8 headers in 296 bytes (1 switches on core 0)
2026-07-16 15:43:55.313 7 INFO placement.requestlog [None req-db7c976c-5181-45fb-9c77-75c16a081339 49bf7f3475fd4c77a1c42ecf96ff0f21 0dedad47ab1843ad810f37376877f347 - - 434aeefec91c499780499746f88cce12 434aeefec91c499780499746f88cce12] 10.0.0.149 "GET /resource_providers/45825b04-16de-40c6-8f93-670d1d8873b6/aggregates" status: 404 len: 235 microversion: 1.1
2026-07-16 15:43:55.313 6 INFO placement.requestlog [None req-45d2c28f-dcce-40f6-97c1-1e7616faf625 49bf7f3475fd4c77a1c42ecf96ff0f21 0dedad47ab1843ad810f37376877f347 - - 434aeefec91c499780499746f88cce12 434aeefec91c499780499746f88cce12] 10.0.0.149 "GET /resource_providers/45825b04-16de-40c6-8f93-670d1d8873b6/aggregates" status: 404 len: 235 microversion: 1.1 [pid: 6|app: 0|req: 451/908] 10.0.0.149 () {32 vars in 815 bytes} [Thu Jul 16 15:43:55 2026] GET /resource_providers/45825b04-16de-40c6-8f93-670d1d8873b6/aggregates => generated 235 bytes in 10 msecs (HTTP/1.1 404) 5 headers in 202 bytes (1 switches on core 0) [pid: 7|app: 0|req: 457/907] 10.0.0.149 () {32 vars in 815 bytes} [Thu Jul 16 15:43:55 2026] GET /resource_providers/45825b04-16de-40c6-8f93-670d1d8873b6/aggregates => generated 235 bytes in 12 msecs (HTTP/1.1 404) 5 headers in 202 bytes (1 switches on core 0)
2026-07-16 15:43:55.340 6 INFO placement.requestlog [None req-f81b2ea6-d50a-438b-85ef-0882c6c628c7 49bf7f3475fd4c77a1c42ecf96ff0f21 0dedad47ab1843ad810f37376877f347 - - 434aeefec91c499780499746f88cce12 434aeefec91c499780499746f88cce12] 10.0.0.149 "DELETE /resource_providers/45825b04-16de-40c6-8f93-670d1d8873b6" status: 404 len: 246 microversion: 1.1 [pid: 6|app: 0|req: 452/909] 10.0.0.149 () {34 vars in 815 bytes} [Thu Jul 16 15:43:55 2026] DELETE /resource_providers/45825b04-16de-40c6-8f93-670d1d8873b6 => generated 246 bytes in 11 msecs (HTTP/1.1 404) 6 headers in 231 bytes (1 switches on core 0)
2026-07-16 15:43:55.340 7 INFO placement.requestlog [None req-b2ff65aa-5465-4db5-ae8a-3ac4f43f1f09 49bf7f3475fd4c77a1c42ecf96ff0f21 0dedad47ab1843ad810f37376877f347 - - 434aeefec91c499780499746f88cce12 434aeefec91c499780499746f88cce12] 10.0.0.149 "DELETE /resource_providers/45825b04-16de-40c6-8f93-670d1d8873b6" status: 404 len: 246 microversion: 1.1 [pid: 7|app: 0|req: 458/910] 10.0.0.149 () {34 vars in 815 bytes} [Thu Jul 16 15:43:55 2026] DELETE /resource_providers/45825b04-16de-40c6-8f93-670d1d8873b6 => generated 246 bytes in 9 msecs (HTTP/1.1 404) 6 headers in 231 bytes (1 switches on core 0)
2026-07-16 15:43:56.029 7 INFO placement.requestlog [None req-56a9351e-cd72-48d4-9a60-58f6aef24326 49bf7f3475fd4c77a1c42ecf96ff0f21 0dedad47ab1843ad810f37376877f347 - - 434aeefec91c499780499746f88cce12 434aeefec91c499780499746f88cce12] 10.0.0.149 "GET /resource_providers/892b7d01-de5e-41c4-a67e-834ec454108f/aggregates" status: 404 len: 235 microversion: 1.1 [pid: 7|app: 0|req: 459/911] 10.0.0.149 () {32 vars in 815 bytes} [Thu Jul 16 15:43:56 2026] GET /resource_providers/892b7d01-de5e-41c4-a67e-834ec454108f/aggregates => generated 235 bytes in 11 msecs (HTTP/1.1 404) 5 headers in 202 bytes (1 switches on core 0)
2026-07-16 15:43:56.032 6 INFO placement.requestlog [None req-9bfb3c7b-c957-4ea8-9acc-442608a0f71e 49bf7f3475fd4c77a1c42ecf96ff0f21 0dedad47ab1843ad810f37376877f347 - - 434aeefec91c499780499746f88cce12 434aeefec91c499780499746f88cce12] 10.0.0.149 "GET /resource_providers/892b7d01-de5e-41c4-a67e-834ec454108f/aggregates" status: 404 len: 235 microversion: 1.1 [pid: 6|app: 0|req: 453/912] 10.0.0.149 () {32 vars in 815 bytes} [Thu Jul 16 15:43:56 2026] GET /resource_providers/892b7d01-de5e-41c4-a67e-834ec454108f/aggregates => generated 235 bytes in 16 msecs (HTTP/1.1 404) 5 headers in 202 bytes (1 switches on core 0)
2026-07-16 15:43:56.060 7 INFO placement.requestlog [None req-9f48bf30-18fc-41ed-a4a6-08a3d92646a7 49bf7f3475fd4c77a1c42ecf96ff0f21 0dedad47ab1843ad810f37376877f347 - - 434aeefec91c499780499746f88cce12 434aeefec91c499780499746f88cce12] 10.0.0.149 "DELETE /resource_providers/892b7d01-de5e-41c4-a67e-834ec454108f" status: 404 len: 246 microversion: 1.1 [pid: 7|app: 0|req: 460/913] 10.0.0.149 () {34 vars in 815 bytes} [Thu Jul 16 15:43:56 2026] DELETE /resource_providers/892b7d01-de5e-41c4-a67e-834ec454108f => generated 246 bytes in 10 msecs (HTTP/1.1 404) 6 headers in 231 bytes (1 switches on core 0)
2026-07-16 15:43:56.065 6 INFO placement.requestlog [None req-fdc39af2-5399-485f-8064-b21f20ec17bc 49bf7f3475fd4c77a1c42ecf96ff0f21 0dedad47ab1843ad810f37376877f347 - - 434aeefec91c499780499746f88cce12 434aeefec91c499780499746f88cce12] 10.0.0.149 "DELETE /resource_providers/892b7d01-de5e-41c4-a67e-834ec454108f" status: 404 len: 246 microversion: 1.1 [pid: 6|app: 0|req: 454/914] 10.0.0.149 () {34 vars in 815 bytes} [Thu Jul 16 15:43:56 2026] DELETE /resource_providers/892b7d01-de5e-41c4-a67e-834ec454108f => generated 246 bytes in 9 msecs (HTTP/1.1 404) 6 headers in 231 bytes (1 switches on core 0)
2026-07-16 15:43:56.202 7 INFO placement.requestlog [req-4d0cfa84-96d8-401f-84ce-019df8d1e599 req-80552ef0-c1b4-44a3-915f-6609d7a2417b abb7a75223ae4aeb99119c3d321afd80 0dedad47ab1843ad810f37376877f347 - - 434aeefec91c499780499746f88cce12 434aeefec91c499780499746f88cce12] 199.204.45.138 "DELETE /allocations/3403b200-e7e1-40f2-87f0-a6223bbe6c07" status: 204 len: 0 microversion: 1.0 [pid: 7|app: 0|req: 461/915] 199.204.45.138 () {34 vars in 840 bytes} [Thu Jul 16 15:43:56 2026] DELETE /allocations/3403b200-e7e1-40f2-87f0-a6223bbe6c07 => generated 0 bytes in 22 msecs (HTTP/1.1 204) 5 headers in 198 bytes (1 switches on core 0)
2026-07-16 15:43:57.865 6 INFO placement.requestlog [None req-9a69575e-562b-4bf8-87d6-f6ce0872fbbb 49bf7f3475fd4c77a1c42ecf96ff0f21 0dedad47ab1843ad810f37376877f347 - - 434aeefec91c499780499746f88cce12 434aeefec91c499780499746f88cce12] 10.0.0.149 "GET /resource_providers/7189ffed-5b9a-46a3-a027-b051db1f1a17/aggregates" status: 404 len: 235 microversion: 1.1 [pid: 6|app: 0|req: 455/916] 10.0.0.149 () {32 vars in 815 bytes} [Thu Jul 16 15:43:57 2026] GET /resource_providers/7189ffed-5b9a-46a3-a027-b051db1f1a17/aggregates => generated 235 bytes in 12 msecs (HTTP/1.1 404) 5 headers in 202 bytes (1 switches on core 0)
2026-07-16 15:43:57.868 7 INFO placement.requestlog [None req-e4e063a3-ec06-4d4c-bfeb-3e8e2916f25f 49bf7f3475fd4c77a1c42ecf96ff0f21 0dedad47ab1843ad810f37376877f347 - - 434aeefec91c499780499746f88cce12 434aeefec91c499780499746f88cce12] 10.0.0.149 "GET /resource_providers/7189ffed-5b9a-46a3-a027-b051db1f1a17/aggregates" status: 404 len: 235 microversion: 1.1 [pid: 7|app: 0|req: 462/917] 10.0.0.149 () {32 vars in 815 bytes} [Thu Jul 16 15:43:57 2026] GET /resource_providers/7189ffed-5b9a-46a3-a027-b051db1f1a17/aggregates => generated 235 bytes in 12 msecs (HTTP/1.1 404) 5 headers in 202 bytes (1 switches on core 0)
2026-07-16 15:43:57.888 6 INFO placement.requestlog [None req-1417522b-d5b8-4530-935a-c8a483f105ed 49bf7f3475fd4c77a1c42ecf96ff0f21 0dedad47ab1843ad810f37376877f347 - - 434aeefec91c499780499746f88cce12 434aeefec91c499780499746f88cce12] 10.0.0.149 "DELETE /resource_providers/7189ffed-5b9a-46a3-a027-b051db1f1a17" status: 404 len: 246 microversion: 1.1 [pid: 6|app: 0|req: 456/918] 10.0.0.149 () {34 vars in 815 bytes} [Thu Jul 16 15:43:57 2026] DELETE /resource_providers/7189ffed-5b9a-46a3-a027-b051db1f1a17 => generated 246 bytes in 7 msecs (HTTP/1.1 404) 6 headers in 231 bytes (1 switches on core 0)
2026-07-16 15:43:57.891 7 INFO placement.requestlog [None req-144089b3-303a-470d-ac90-30811de77167 49bf7f3475fd4c77a1c42ecf96ff0f21 0dedad47ab1843ad810f37376877f347 - - 434aeefec91c499780499746f88cce12 434aeefec91c499780499746f88cce12] 10.0.0.149 "DELETE /resource_providers/7189ffed-5b9a-46a3-a027-b051db1f1a17" status: 404 len: 246 microversion: 1.1 [pid: 7|app: 0|req: 463/919] 10.0.0.149 () {34 vars in 815 bytes} [Thu Jul 16 15:43:57 2026] DELETE /resource_providers/7189ffed-5b9a-46a3-a027-b051db1f1a17 => generated 246 bytes in 9 msecs (HTTP/1.1 404) 6 headers in 231 bytes (1 switches on core 0)
2026-07-16 15:43:58.085 6 INFO placement.requestlog [None req-6332d815-7562-46d2-92cc-fbb0161b266b 49bf7f3475fd4c77a1c42ecf96ff0f21 0dedad47ab1843ad810f37376877f347 - - 434aeefec91c499780499746f88cce12 434aeefec91c499780499746f88cce12] 10.0.0.149 "GET /resource_providers/1cd6a7bb-bafd-480d-9c80-2fb558fa2442/aggregates" status: 404 len: 235 microversion: 1.1 [pid: 6|app: 0|req: 457/920] 10.0.0.149 () {32 vars in 815 bytes} [Thu Jul 16 15:43:58 2026] GET /resource_providers/1cd6a7bb-bafd-480d-9c80-2fb558fa2442/aggregates => generated 235 bytes in 11 msecs (HTTP/1.1 404) 5 headers in 202 bytes (1 switches on core 0)
2026-07-16 15:43:58.091 7 INFO placement.requestlog [None req-ed54f318-e482-4889-9a09-6b7f207410ce 49bf7f3475fd4c77a1c42ecf96ff0f21 0dedad47ab1843ad810f37376877f347 - - 434aeefec91c499780499746f88cce12 434aeefec91c499780499746f88cce12] 10.0.0.149 "GET /resource_providers/1cd6a7bb-bafd-480d-9c80-2fb558fa2442/aggregates" status: 404 len: 235 microversion: 1.1 [pid: 7|app: 0|req: 464/921] 10.0.0.149 () {32 vars in 815 bytes} [Thu Jul 16 15:43:58 2026] GET /resource_providers/1cd6a7bb-bafd-480d-9c80-2fb558fa2442/aggregates => generated 235 bytes in 15 msecs (HTTP/1.1 404) 5 headers in 202 bytes (1 switches on core 0)
2026-07-16 15:43:58.107 6 INFO placement.requestlog [None req-e7dfc2e9-58a1-4a24-933d-30cb12010604 49bf7f3475fd4c77a1c42ecf96ff0f21 0dedad47ab1843ad810f37376877f347 - - 434aeefec91c499780499746f88cce12 434aeefec91c499780499746f88cce12] 10.0.0.149 "DELETE /resource_providers/1cd6a7bb-bafd-480d-9c80-2fb558fa2442" status: 404 len: 246 microversion: 1.1 [pid: 6|app: 0|req: 458/922] 10.0.0.149 () {34 vars in 815 bytes} [Thu Jul 16 15:43:58 2026] DELETE /resource_providers/1cd6a7bb-bafd-480d-9c80-2fb558fa2442 => generated 246 bytes in 8 msecs (HTTP/1.1 404) 6 headers in 231 bytes (1 switches on core 0)
2026-07-16 15:43:58.120 7 INFO placement.requestlog [None req-e8a8a62d-20e9-4604-9e37-4fa9599b0c86 49bf7f3475fd4c77a1c42ecf96ff0f21 0dedad47ab1843ad810f37376877f347 - - 434aeefec91c499780499746f88cce12 434aeefec91c499780499746f88cce12] 10.0.0.149 "DELETE /resource_providers/1cd6a7bb-bafd-480d-9c80-2fb558fa2442" status: 404 len: 246 microversion: 1.1 [pid: 7|app: 0|req: 465/923] 10.0.0.149 () {34 vars in 815 bytes} [Thu Jul 16 15:43:58 2026] DELETE /resource_providers/1cd6a7bb-bafd-480d-9c80-2fb558fa2442 => generated 246 bytes in 12 msecs (HTTP/1.1 404) 6 headers in 231 bytes (1 switches on core 0)
2026-07-16 15:44:00.257 6 INFO placement.requestlog [None req-19663722-a926-478e-86b3-9ecf5b9b68ed 49bf7f3475fd4c77a1c42ecf96ff0f21 0dedad47ab1843ad810f37376877f347 - - 434aeefec91c499780499746f88cce12 434aeefec91c499780499746f88cce12] 10.0.0.149 "GET /resource_providers/565a1e45-5ab0-4858-b577-9de170bcd004/aggregates" status: 404 len: 235 microversion: 1.1 [pid: 6|app: 0|req: 459/924] 10.0.0.149 () {32 vars in 815 bytes} [Thu Jul 16 15:44:00 2026] GET /resource_providers/565a1e45-5ab0-4858-b577-9de170bcd004/aggregates => generated 235 bytes in 11 msecs (HTTP/1.1 404) 5 headers in 202 bytes (1 switches on core 0)
2026-07-16 15:44:00.263 7 INFO placement.requestlog [None req-610740b3-db18-4a66-a2a7-c83b5a2f4ab9 49bf7f3475fd4c77a1c42ecf96ff0f21 0dedad47ab1843ad810f37376877f347 - - 434aeefec91c499780499746f88cce12 434aeefec91c499780499746f88cce12] 10.0.0.149 "GET /resource_providers/565a1e45-5ab0-4858-b577-9de170bcd004/aggregates" status: 404 len: 235 microversion: 1.1 [pid: 7|app: 0|req: 466/925] 10.0.0.149 () {32 vars in 815 bytes} [Thu Jul 16 15:44:00 2026] GET /resource_providers/565a1e45-5ab0-4858-b577-9de170bcd004/aggregates => generated 235 bytes in 15 msecs (HTTP/1.1 404) 5 headers in 202 bytes (1 switches on core 0)
2026-07-16 15:44:00.281 7 INFO placement.requestlog [None req-806412b5-321f-485c-a4e1-5f2428bdcaae 49bf7f3475fd4c77a1c42ecf96ff0f21 0dedad47ab1843ad810f37376877f347 - - 434aeefec91c499780499746f88cce12 434aeefec91c499780499746f88cce12] 10.0.0.149 "DELETE /resource_providers/565a1e45-5ab0-4858-b577-9de170bcd004" status: 404 len: 246 microversion: 1.1 [pid: 7|app: 0|req: 467/926] 10.0.0.149 () {34 vars in 815 bytes} [Thu Jul 16 15:44:00 2026] DELETE /resource_providers/565a1e45-5ab0-4858-b577-9de170bcd004 => generated 246 bytes in 7 msecs (HTTP/1.1 404) 6 headers in 231 bytes (1 switches on core 0)
2026-07-16 15:44:00.283 6 INFO placement.requestlog [None req-4be3af8b-39c4-4b69-a11e-e426ab72ad6f 49bf7f3475fd4c77a1c42ecf96ff0f21 0dedad47ab1843ad810f37376877f347 - - 434aeefec91c499780499746f88cce12 434aeefec91c499780499746f88cce12] 10.0.0.149 "DELETE /resource_providers/565a1e45-5ab0-4858-b577-9de170bcd004" status: 404 len: 246 microversion: 1.1 [pid: 6|app: 0|req: 460/927] 10.0.0.149 () {34 vars in 815 bytes} [Thu Jul 16 15:44:00 2026] DELETE /resource_providers/565a1e45-5ab0-4858-b577-9de170bcd004 => generated 246 bytes in 9 msecs (HTTP/1.1 404) 6 headers in 231 bytes (1 switches on core 0)
2026-07-16 15:44:02.300 7 INFO placement.requestlog [None req-36c46cfa-87d1-481c-9772-c9b7dfcc4996 49bf7f3475fd4c77a1c42ecf96ff0f21 0dedad47ab1843ad810f37376877f347 - - 434aeefec91c499780499746f88cce12 434aeefec91c499780499746f88cce12] 10.0.0.149 "GET /resource_providers/fd1f70f8-a55d-4b2b-8e7e-658e01759779/aggregates" status: 404 len: 235 microversion: 1.1 [pid: 7|app: 0|req: 468/928] 10.0.0.149 () {32 vars in 815 bytes} [Thu Jul 16 15:44:02 2026] GET /resource_providers/fd1f70f8-a55d-4b2b-8e7e-658e01759779/aggregates => generated 235 bytes in 9 msecs (HTTP/1.1 404) 5 headers in 202 bytes (1 switches on core 0)
2026-07-16 15:44:02.303 6 INFO placement.requestlog [None req-887c648b-2c87-4e31-9496-afe48f250547 49bf7f3475fd4c77a1c42ecf96ff0f21 0dedad47ab1843ad810f37376877f347 - - 434aeefec91c499780499746f88cce12 434aeefec91c499780499746f88cce12] 10.0.0.149 "GET /resource_providers/fd1f70f8-a55d-4b2b-8e7e-658e01759779/aggregates" status: 404 len: 235 microversion: 1.1 [pid: 6|app: 0|req: 461/929] 10.0.0.149 () {32 vars in 815 bytes} [Thu Jul 16 15:44:02 2026] GET /resource_providers/fd1f70f8-a55d-4b2b-8e7e-658e01759779/aggregates => generated 235 bytes in 11 msecs (HTTP/1.1 404) 5 headers in 202 bytes (1 switches on core 0)
2026-07-16 15:44:02.318 7 INFO placement.requestlog [None req-e41a127f-14dc-4631-88bd-58bb382f5063 49bf7f3475fd4c77a1c42ecf96ff0f21 0dedad47ab1843ad810f37376877f347 - - 434aeefec91c499780499746f88cce12 434aeefec91c499780499746f88cce12] 10.0.0.149 "DELETE /resource_providers/fd1f70f8-a55d-4b2b-8e7e-658e01759779" status: 404 len: 246 microversion: 1.1 [pid: 7|app: 0|req: 469/930] 10.0.0.149 () {34 vars in 815 bytes} [Thu Jul 16 15:44:02 2026] DELETE /resource_providers/fd1f70f8-a55d-4b2b-8e7e-658e01759779 => generated 246 bytes in 8 msecs (HTTP/1.1 404) 6 headers in 231 bytes (1 switches on core 0)
2026-07-16 15:44:02.321 6 INFO placement.requestlog [None req-ff991212-15cd-4a5d-8071-eb1375294943 49bf7f3475fd4c77a1c42ecf96ff0f21 0dedad47ab1843ad810f37376877f347 - - 434aeefec91c499780499746f88cce12 434aeefec91c499780499746f88cce12] 10.0.0.149 "DELETE /resource_providers/fd1f70f8-a55d-4b2b-8e7e-658e01759779" status: 404 len: 246 microversion: 1.1 [pid: 6|app: 0|req: 462/931] 10.0.0.149 () {34 vars in 815 bytes} [Thu Jul 16 15:44:02 2026] DELETE /resource_providers/fd1f70f8-a55d-4b2b-8e7e-658e01759779 => generated 246 bytes in 9 msecs (HTTP/1.1 404) 6 headers in 231 bytes (1 switches on core 0)
2026-07-16 15:44:04.105 6 INFO placement.requestlog [None req-2a90c79e-e666-4696-b8c2-07efdbf70abe - - - - - -] 10.0.0.17 "GET /" status: 200 len: 136 microversion: 1.0
2026-07-16 15:44:04.105 7 INFO placement.requestlog [None req-4721099c-9045-4e1b-82ea-a7e245db5e8e - - - - - -] 10.0.0.17 "GET /" status: 200 len: 136 microversion: 1.0
2026-07-16 15:44:08.494 6 INFO placement.requestlog [req-60f74f22-31be-4f53-82fc-7910973841f5 req-51ad8830-712e-4cb4-bab2-ec7aa9159e5f abb7a75223ae4aeb99119c3d321afd80 0dedad47ab1843ad810f37376877f347 - - 434aeefec91c499780499746f88cce12 434aeefec91c499780499746f88cce12] 10.0.0.201 "GET /allocation_candidates?limit=1000&resources=DISK_GB%3A1%2CMEMORY_MB%3A512%2CVCPU%3A1&root_required=%21COMPUTE_STATUS_DISABLED" status: 200 len: 2781 microversion: 1.36 [pid: 6|app: 0|req: 464/934] 10.0.0.201 () {34 vars in 1011 bytes} [Thu Jul 16 15:44:08 2026] GET /allocation_candidates?limit=1000&resources=DISK_GB%3A1%2CMEMORY_MB%3A512%2CVCPU%3A1&root_required=%21COMPUTE_STATUS_DISABLED => generated 2781 bytes in 54 msecs (HTTP/1.1 200) 8 headers in 297 bytes (1 switches on core 0)
2026-07-16 15:44:08.527 7 INFO placement.requestlog [req-60f74f22-31be-4f53-82fc-7910973841f5 req-8010e800-81a7-4fc4-b1e7-d38fb53d8d2f abb7a75223ae4aeb99119c3d321afd80 0dedad47ab1843ad810f37376877f347 - - 434aeefec91c499780499746f88cce12 434aeefec91c499780499746f88cce12] 10.0.0.201 "GET /allocations/a4c6c56c-d836-41f6-9795-8239511ecb2d" status: 200 len: 19 microversion: 1.28 [pid: 7|app: 0|req: 471/935] 10.0.0.201 () {34 vars in 860 bytes} [Thu Jul 16 15:44:08 2026] GET /allocations/a4c6c56c-d836-41f6-9795-8239511ecb2d => generated 19 bytes in 11 msecs (HTTP/1.1 200) 8 headers in 295 bytes (1 switches on core 0)
2026-07-16 15:44:08.626 6 INFO placement.requestlog [req-60f74f22-31be-4f53-82fc-7910973841f5 req-b0b13b51-0c71-44ce-9324-eb7e90f8b0bd abb7a75223ae4aeb99119c3d321afd80 0dedad47ab1843ad810f37376877f347 - - 434aeefec91c499780499746f88cce12 434aeefec91c499780499746f88cce12] 10.0.0.201 "PUT /allocations/a4c6c56c-d836-41f6-9795-8239511ecb2d" status: 204 len: 0 microversion: 1.36 [pid: 6|app: 0|req: 465/936] 10.0.0.201 () {38 vars in 913 bytes} [Thu Jul 16 15:44:08 2026] PUT /allocations/a4c6c56c-d836-41f6-9795-8239511ecb2d => generated 0 bytes in 90 msecs (HTTP/1.1 204) 5 headers in 199 bytes (1 switches on core 0)
2026-07-16 15:44:10.143 7 INFO placement.requestlog [req-60f74f22-31be-4f53-82fc-7910973841f5 req-878101e8-7d19-47e5-9297-0d6a1182d5cd abb7a75223ae4aeb99119c3d321afd80 0dedad47ab1843ad810f37376877f347 - - 434aeefec91c499780499746f88cce12 434aeefec91c499780499746f88cce12] 199.204.45.138 "GET /allocations/a4c6c56c-d836-41f6-9795-8239511ecb2d" status: 200 len: 257 microversion: 1.28 [pid: 7|app: 0|req: 472/937] 199.204.45.138 () {34 vars in 862 bytes} [Thu Jul 16 15:44:10 2026] GET /allocations/a4c6c56c-d836-41f6-9795-8239511ecb2d => generated 257 bytes in 11 msecs (HTTP/1.1 200) 8 headers in 296 bytes (1 switches on core 0)
2026-07-16 15:44:11.189 6 INFO placement.requestlog [req-60f74f22-31be-4f53-82fc-7910973841f5 req-1aa6b506-c505-45e5-83d2-252fb67aff56 abb7a75223ae4aeb99119c3d321afd80 0dedad47ab1843ad810f37376877f347 - - 434aeefec91c499780499746f88cce12 434aeefec91c499780499746f88cce12] 199.204.45.138 "GET /resource_providers/0f8cfe68-c3a9-4747-b777-717f7b9df093/allocations" status: 200 len: 152 microversion: 1.0 [pid: 6|app: 0|req: 466/938] 199.204.45.138 () {32 vars in 856 bytes} [Thu Jul 16 15:44:11 2026] GET /resource_providers/0f8cfe68-c3a9-4747-b777-717f7b9df093/allocations => generated 152 bytes in 20 msecs (HTTP/1.1 200) 6 headers in 224 bytes (1 switches on core 0)
2026-07-16 15:44:11.205 7 INFO placement.requestlog [req-60f74f22-31be-4f53-82fc-7910973841f5 req-6bd8acd1-2043-4d39-bcc1-8b89a41c4d30 abb7a75223ae4aeb99119c3d321afd80 0dedad47ab1843ad810f37376877f347 - - 434aeefec91c499780499746f88cce12 434aeefec91c499780499746f88cce12] 199.204.45.138 "GET /allocations/a4c6c56c-d836-41f6-9795-8239511ecb2d" status: 200 len: 257 microversion: 1.28 [pid: 7|app: 0|req: 473/939] 199.204.45.138 () {34 vars in 862 bytes} [Thu Jul 16 15:44:11 2026] GET /allocations/a4c6c56c-d836-41f6-9795-8239511ecb2d => generated 257 bytes in 10 msecs (HTTP/1.1 200) 8 headers in 296 bytes (1 switches on core 0)
2026-07-16 15:44:13.883 7 INFO placement.requestlog [None req-f62af1e7-924f-41d2-a7e3-a8d6cda6e6b2 49bf7f3475fd4c77a1c42ecf96ff0f21 0dedad47ab1843ad810f37376877f347 - - 434aeefec91c499780499746f88cce12 434aeefec91c499780499746f88cce12] 10.0.0.149 "GET /resource_providers/67677917-9e8e-4619-a72f-2dedd0d208d5/aggregates" status: 404 len: 235 microversion: 1.1 [pid: 7|app: 0|req: 474/940] 10.0.0.149 () {32 vars in 815 bytes} [Thu Jul 16 15:44:13 2026] GET /resource_providers/67677917-9e8e-4619-a72f-2dedd0d208d5/aggregates => generated 235 bytes in 11 msecs (HTTP/1.1 404) 5 headers in 202 bytes (1 switches on core 0)
2026-07-16 15:44:13.886 6 INFO placement.requestlog [None req-797e8b50-80bd-4038-a3e2-d79592796867 49bf7f3475fd4c77a1c42ecf96ff0f21 0dedad47ab1843ad810f37376877f347 - - 434aeefec91c499780499746f88cce12 434aeefec91c499780499746f88cce12] 10.0.0.149 "GET /resource_providers/67677917-9e8e-4619-a72f-2dedd0d208d5/aggregates" status: 404 len: 235 microversion: 1.1 [pid: 6|app: 0|req: 467/941] 10.0.0.149 () {32 vars in 815 bytes} [Thu Jul 16 15:44:13 2026] GET /resource_providers/67677917-9e8e-4619-a72f-2dedd0d208d5/aggregates => generated 235 bytes in 14 msecs (HTTP/1.1 404) 5 headers in 202 bytes (1 switches on core 0)
2026-07-16 15:44:13.905 7 INFO placement.requestlog [None req-d28aa181-0d33-42a5-84eb-dc4d1d0f59df 49bf7f3475fd4c77a1c42ecf96ff0f21 0dedad47ab1843ad810f37376877f347 - - 434aeefec91c499780499746f88cce12 434aeefec91c499780499746f88cce12] 10.0.0.149 "DELETE /resource_providers/67677917-9e8e-4619-a72f-2dedd0d208d5" status: 404 len: 246 microversion: 1.1 [pid: 7|app: 0|req: 475/942] 10.0.0.149 () {34 vars in 815 bytes} [Thu Jul 16 15:44:13 2026] DELETE /resource_providers/67677917-9e8e-4619-a72f-2dedd0d208d5 => generated 246 bytes in 12 msecs (HTTP/1.1 404) 6 headers in 231 bytes (1 switches on core 0)
2026-07-16 15:44:13.915 6 INFO placement.requestlog [None req-ca6d62f5-279e-4daa-bebb-735681c7c7e2 49bf7f3475fd4c77a1c42ecf96ff0f21 0dedad47ab1843ad810f37376877f347 - - 434aeefec91c499780499746f88cce12 434aeefec91c499780499746f88cce12] 10.0.0.149 "DELETE /resource_providers/67677917-9e8e-4619-a72f-2dedd0d208d5" status: 404 len: 246 microversion: 1.1 [pid: 6|app: 0|req: 468/943] 10.0.0.149 () {34 vars in 815 bytes} [Thu Jul 16 15:44:13 2026] DELETE /resource_providers/67677917-9e8e-4619-a72f-2dedd0d208d5 => generated 246 bytes in 14 msecs (HTTP/1.1 404) 6 headers in 231 bytes (1 switches on core 0)
2026-07-16 15:44:14.104 6 INFO placement.requestlog [None req-5bdb3b72-d1b2-427a-a6b7-d5767df03dfe - - - - - -] 10.0.0.17 "GET /" status: 200 len: 136 microversion: 1.0
2026-07-16 15:44:14.104 7 INFO placement.requestlog [None req-b57f2344-e362-4a19-8372-b6ed06691c11 - - - - - -] 10.0.0.17 "GET /" status: 200 len: 136 microversion: 1.0
2026-07-16 15:44:15.931 6 INFO placement.requestlog [None req-9e26d64f-fbcd-4018-b409-681141277e48 49bf7f3475fd4c77a1c42ecf96ff0f21 0dedad47ab1843ad810f37376877f347 - - 434aeefec91c499780499746f88cce12 434aeefec91c499780499746f88cce12] 10.0.0.149 "GET /resource_providers/2982e309-9c9a-4186-b42c-8589ae4abd15/aggregates" status: 404 len: 235 microversion: 1.1 [pid: 6|app: 0|req: 470/946] 10.0.0.149 () {32 vars in 815 bytes} [Thu Jul 16 15:44:15 2026] GET /resource_providers/2982e309-9c9a-4186-b42c-8589ae4abd15/aggregates => generated 235 bytes in 13 msecs (HTTP/1.1 404) 5 headers in 202 bytes (1 switches on core 0)
2026-07-16 15:44:15.935 7 INFO placement.requestlog [None req-d88f65fe-a54a-4321-819c-f700c801e0c4 49bf7f3475fd4c77a1c42ecf96ff0f21 0dedad47ab1843ad810f37376877f347 - - 434aeefec91c499780499746f88cce12 434aeefec91c499780499746f88cce12] 10.0.0.149 "GET /resource_providers/2982e309-9c9a-4186-b42c-8589ae4abd15/aggregates" status: 404 len: 235 microversion: 1.1 [pid: 7|app: 0|req: 477/947] 10.0.0.149 () {32 vars in 815 bytes} [Thu Jul 16 15:44:15 2026] GET /resource_providers/2982e309-9c9a-4186-b42c-8589ae4abd15/aggregates => generated 235 bytes in 7 msecs (HTTP/1.1 404) 5 headers in 202 bytes (1 switches on core 0)
2026-07-16 15:44:15.948 6 INFO placement.requestlog [None req-6b54ee08-b0b1-4901-ba13-76981b1b0b79 49bf7f3475fd4c77a1c42ecf96ff0f21 0dedad47ab1843ad810f37376877f347 - - 434aeefec91c499780499746f88cce12 434aeefec91c499780499746f88cce12] 10.0.0.149 "DELETE /resource_providers/2982e309-9c9a-4186-b42c-8589ae4abd15" status: 404 len: 246 microversion: 1.1 [pid: 6|app: 0|req: 471/948] 10.0.0.149 () {34 vars in 815 bytes} [Thu Jul 16 15:44:15 2026] DELETE /resource_providers/2982e309-9c9a-4186-b42c-8589ae4abd15 => generated 246 bytes in 6 msecs (HTTP/1.1 404) 6 headers in 231 bytes (1 switches on core 0)
2026-07-16 15:44:15.967 7 INFO placement.requestlog [None req-6b783525-24aa-4ec6-a4f6-fcbfbf5fe266 49bf7f3475fd4c77a1c42ecf96ff0f21 0dedad47ab1843ad810f37376877f347 - - 434aeefec91c499780499746f88cce12 434aeefec91c499780499746f88cce12] 10.0.0.149 "DELETE /resource_providers/2982e309-9c9a-4186-b42c-8589ae4abd15" status: 404 len: 246 microversion: 1.1 [pid: 7|app: 0|req: 478/949] 10.0.0.149 () {34 vars in 815 bytes} [Thu Jul 16 15:44:15 2026] DELETE /resource_providers/2982e309-9c9a-4186-b42c-8589ae4abd15 => generated 246 bytes in 18 msecs (HTTP/1.1 404) 6 headers in 231 bytes (1 switches on core 0)
2026-07-16 15:44:17.003 6 INFO placement.requestlog [req-3b0e1441-75ff-45a0-880d-38b60ca8d40c req-87926bd6-8ba4-4564-b6c9-78fa192034c0 abb7a75223ae4aeb99119c3d321afd80 0dedad47ab1843ad810f37376877f347 - - 434aeefec91c499780499746f88cce12 434aeefec91c499780499746f88cce12] 199.204.45.138 "GET /resource_providers/0f8cfe68-c3a9-4747-b777-717f7b9df093/allocations" status: 200 len: 152 microversion: 1.0 [pid: 6|app: 0|req: 472/950] 199.204.45.138 () {32 vars in 856 bytes} [Thu Jul 16 15:44:16 2026] GET /resource_providers/0f8cfe68-c3a9-4747-b777-717f7b9df093/allocations => generated 152 bytes in 17 msecs (HTTP/1.1 200) 6 headers in 224 bytes (1 switches on core 0)
2026-07-16 15:44:17.037 7 INFO placement.requestlog [req-3b0e1441-75ff-45a0-880d-38b60ca8d40c req-72eb1194-5ddd-412a-8c1a-b9ec8baaefe8 abb7a75223ae4aeb99119c3d321afd80 0dedad47ab1843ad810f37376877f347 - - 434aeefec91c499780499746f88cce12 434aeefec91c499780499746f88cce12] 199.204.45.138 "GET /resource_providers/0f8cfe68-c3a9-4747-b777-717f7b9df093/allocations" status: 200 len: 152 microversion: 1.0 [pid: 7|app: 0|req: 479/951] 199.204.45.138 () {32 vars in 856 bytes} [Thu Jul 16 15:44:17 2026] GET /resource_providers/0f8cfe68-c3a9-4747-b777-717f7b9df093/allocations => generated 152 bytes in 26 msecs (HTTP/1.1 200) 6 headers in 224 bytes (1 switches on core 0)
2026-07-16 15:44:17.064 6 INFO placement.requestlog [req-3b0e1441-75ff-45a0-880d-38b60ca8d40c req-f395de07-6d89-4406-ad2d-0c97e978db1f abb7a75223ae4aeb99119c3d321afd80 0dedad47ab1843ad810f37376877f347 - - 434aeefec91c499780499746f88cce12 434aeefec91c499780499746f88cce12] 199.204.45.138 "GET /allocations/a4c6c56c-d836-41f6-9795-8239511ecb2d" status: 200 len: 257 microversion: 1.28 [pid: 6|app: 0|req: 473/952] 199.204.45.138 () {34 vars in 862 bytes} [Thu Jul 16 15:44:17 2026] GET /allocations/a4c6c56c-d836-41f6-9795-8239511ecb2d => generated 257 bytes in 23 msecs (HTTP/1.1 200) 8 headers in 296 bytes (1 switches on core 0)
2026-07-16 15:44:17.966 7 INFO placement.requestlog [None req-1f6e3690-05d9-460d-a886-6b1553eda52c 49bf7f3475fd4c77a1c42ecf96ff0f21 0dedad47ab1843ad810f37376877f347 - - 434aeefec91c499780499746f88cce12 434aeefec91c499780499746f88cce12] 10.0.0.149 "GET /resource_providers/3cefc896-b262-4389-ab72-9a1799107c7a/aggregates" status: 404 len: 235 microversion: 1.1 [pid: 7|app: 0|req: 480/953] 10.0.0.149 () {32 vars in 815 bytes} [Thu Jul 16 15:44:17 2026] GET /resource_providers/3cefc896-b262-4389-ab72-9a1799107c7a/aggregates => generated 235 bytes in 8 msecs (HTTP/1.1 404) 5 headers in 202 bytes (1 switches on core 0)
2026-07-16 15:44:17.983 6 INFO placement.requestlog [None req-5497b67f-dc2f-4ce6-96fc-d5a226ab9ad0 49bf7f3475fd4c77a1c42ecf96ff0f21 0dedad47ab1843ad810f37376877f347 - - 434aeefec91c499780499746f88cce12 434aeefec91c499780499746f88cce12] 10.0.0.149 "DELETE /resource_providers/3cefc896-b262-4389-ab72-9a1799107c7a" status: 404 len: 246 microversion: 1.1 [pid: 6|app: 0|req: 474/954] 10.0.0.149 () {34 vars in 815 bytes} [Thu Jul 16 15:44:17 2026] DELETE /resource_providers/3cefc896-b262-4389-ab72-9a1799107c7a => generated 246 bytes in 9 msecs (HTTP/1.1 404) 6 headers in 231 bytes (1 switches on core 0)
2026-07-16 15:44:17.987 7 INFO placement.requestlog [None req-03d3bd91-e157-4eac-b745-d51a3177d493 49bf7f3475fd4c77a1c42ecf96ff0f21 0dedad47ab1843ad810f37376877f347 - - 434aeefec91c499780499746f88cce12 434aeefec91c499780499746f88cce12] 10.0.0.149 "GET /resource_providers/3cefc896-b262-4389-ab72-9a1799107c7a/aggregates" status: 404 len: 235 microversion: 1.1 [pid: 7|app: 0|req: 481/955] 10.0.0.149 () {32 vars in 815 bytes} [Thu Jul 16 15:44:17 2026] GET /resource_providers/3cefc896-b262-4389-ab72-9a1799107c7a/aggregates => generated 235 bytes in 12 msecs (HTTP/1.1 404) 5 headers in 202 bytes (1 switches on core 0)
2026-07-16 15:44:18.002 6 INFO placement.requestlog [None req-412175bb-cb1c-4752-83c0-53530b23d237 49bf7f3475fd4c77a1c42ecf96ff0f21 0dedad47ab1843ad810f37376877f347 - - 434aeefec91c499780499746f88cce12 434aeefec91c499780499746f88cce12] 10.0.0.149 "DELETE /resource_providers/3cefc896-b262-4389-ab72-9a1799107c7a" status: 404 len: 246 microversion: 1.1 [pid: 6|app: 0|req: 475/956] 10.0.0.149 () {34 vars in 815 bytes} [Thu Jul 16 15:44:17 2026] DELETE /resource_providers/3cefc896-b262-4389-ab72-9a1799107c7a => generated 246 bytes in 8 msecs (HTTP/1.1 404) 6 headers in 231 bytes (1 switches on core 0)
2026-07-16 15:44:24.106 7 INFO placement.requestlog [None req-d15a16bf-7092-4336-888f-c6415d6ab013 - - - - - -] 10.0.0.17 "GET /" status: 200 len: 136 microversion: 1.0
2026-07-16 15:44:24.112 6 INFO placement.requestlog [None req-fcc9dc57-e618-4d55-b39c-42cb1e7f02b8 - - - - - -] 10.0.0.17 "GET /" status: 200 len: 136 microversion: 1.0
2026-07-16 15:44:26.463 7 INFO placement.requestlog [req-91b94ba0-0ef6-478f-bb88-c4690ff277ab req-59f79cfe-00a2-4b2d-9f8c-886c6122aaaf abb7a75223ae4aeb99119c3d321afd80 0dedad47ab1843ad810f37376877f347 - - 434aeefec91c499780499746f88cce12 434aeefec91c499780499746f88cce12] 199.204.45.138 "GET /resource_providers/0f8cfe68-c3a9-4747-b777-717f7b9df093/allocations" status: 200 len: 152 microversion: 1.0 [pid: 7|app: 0|req: 483/959] 199.204.45.138 () {32 vars in 856 bytes} [Thu Jul 16 15:44:26 2026] GET /resource_providers/0f8cfe68-c3a9-4747-b777-717f7b9df093/allocations => generated 152 bytes in 32 msecs (HTTP/1.1 200) 6 headers in 224 bytes (1 switches on core 0)
2026-07-16 15:44:26.496 6 INFO placement.requestlog [req-91b94ba0-0ef6-478f-bb88-c4690ff277ab req-50db6568-950f-4dd1-a0ef-a2e230e2a585 abb7a75223ae4aeb99119c3d321afd80 0dedad47ab1843ad810f37376877f347 - - 434aeefec91c499780499746f88cce12 434aeefec91c499780499746f88cce12] 199.204.45.138 "GET /allocations/a4c6c56c-d836-41f6-9795-8239511ecb2d" status: 200 len: 257 microversion: 1.28 [pid: 6|app: 0|req: 477/960] 199.204.45.138 () {34 vars in 862 bytes} [Thu Jul 16 15:44:26 2026] GET /allocations/a4c6c56c-d836-41f6-9795-8239511ecb2d => generated 257 bytes in 26 msecs (HTTP/1.1 200) 8 headers in 296 bytes (1 switches on core 0)
2026-07-16 15:44:27.462 7 INFO placement.requestlog [req-7071e5e9-5ffa-4f57-9530-d97dda5572a1 req-06f30aac-afaa-4c03-9f7a-02c9e23f18d3 abb7a75223ae4aeb99119c3d321afd80 0dedad47ab1843ad810f37376877f347 - - 434aeefec91c499780499746f88cce12 434aeefec91c499780499746f88cce12] 10.0.0.201 "GET /allocation_candidates?limit=1000&resources=DISK_GB%3A1%2CMEMORY_MB%3A512%2CVCPU%3A1&root_required=%21COMPUTE_STATUS_DISABLED" status: 200 len: 2783 microversion: 1.36 [pid: 7|app: 0|req: 484/961] 10.0.0.201 () {34 vars in 1011 bytes} [Thu Jul 16 15:44:27 2026] GET /allocation_candidates?limit=1000&resources=DISK_GB%3A1%2CMEMORY_MB%3A512%2CVCPU%3A1&root_required=%21COMPUTE_STATUS_DISABLED => generated 2783 bytes in 56 msecs (HTTP/1.1 200) 8 headers in 297 bytes (1 switches on core 0)
2026-07-16 15:44:27.489 6 INFO placement.requestlog [req-7071e5e9-5ffa-4f57-9530-d97dda5572a1 req-1cf70ff6-c75a-42d7-ace9-088969918e8f abb7a75223ae4aeb99119c3d321afd80 0dedad47ab1843ad810f37376877f347 - - 434aeefec91c499780499746f88cce12 434aeefec91c499780499746f88cce12] 10.0.0.201 "GET /allocations/16ce7661-8011-4d67-acb3-dd74fe09f5b5" status: 200 len: 19 microversion: 1.28 [pid: 6|app: 0|req: 478/962] 10.0.0.201 () {34 vars in 860 bytes} [Thu Jul 16 15:44:27 2026] GET /allocations/16ce7661-8011-4d67-acb3-dd74fe09f5b5 => generated 19 bytes in 8 msecs (HTTP/1.1 200) 8 headers in 295 bytes (1 switches on core 0)
2026-07-16 15:44:27.626 6 INFO placement.requestlog [req-91b94ba0-0ef6-478f-bb88-c4690ff277ab req-eaa0c136-18aa-468e-9ea3-bd248691c7ac abb7a75223ae4aeb99119c3d321afd80 0dedad47ab1843ad810f37376877f347 - - 434aeefec91c499780499746f88cce12 434aeefec91c499780499746f88cce12] 199.204.45.138 "DELETE /allocations/a4c6c56c-d836-41f6-9795-8239511ecb2d" status: 204 len: 0 microversion: 1.0 [pid: 6|app: 0|req: 479/963] 199.204.45.138 () {34 vars in 840 bytes} [Thu Jul 16 15:44:27 2026] DELETE /allocations/a4c6c56c-d836-41f6-9795-8239511ecb2d => generated 0 bytes in 105 msecs (HTTP/1.1 204) 5 headers in 198 bytes (1 switches on core 0)
2026-07-16 15:44:27.675 7 INFO placement.requestlog [req-7071e5e9-5ffa-4f57-9530-d97dda5572a1 req-c0194368-c618-4a9f-bc72-975ed90e8fc3 abb7a75223ae4aeb99119c3d321afd80 0dedad47ab1843ad810f37376877f347 - - 434aeefec91c499780499746f88cce12 434aeefec91c499780499746f88cce12] 10.0.0.201 "PUT /allocations/16ce7661-8011-4d67-acb3-dd74fe09f5b5" status: 204 len: 0 microversion: 1.36 [pid: 7|app: 0|req: 485/964] 10.0.0.201 () {38 vars in 913 bytes} [Thu Jul 16 15:44:27 2026] PUT /allocations/16ce7661-8011-4d67-acb3-dd74fe09f5b5 => generated 0 bytes in 179 msecs (HTTP/1.1 204) 5 headers in 199 bytes (1 switches on core 0)
2026-07-16 15:44:29.114 6 INFO placement.requestlog [req-7071e5e9-5ffa-4f57-9530-d97dda5572a1 req-c32ac046-5b57-4e4a-bad4-92cf15564b14 abb7a75223ae4aeb99119c3d321afd80 0dedad47ab1843ad810f37376877f347 - - 434aeefec91c499780499746f88cce12 434aeefec91c499780499746f88cce12] 199.204.45.138 "GET /allocations/16ce7661-8011-4d67-acb3-dd74fe09f5b5" status: 200 len: 257 microversion: 1.28 [pid: 6|app: 0|req: 480/965] 199.204.45.138 () {34 vars in 862 bytes} [Thu Jul 16 15:44:29 2026] GET /allocations/16ce7661-8011-4d67-acb3-dd74fe09f5b5 => generated 257 bytes in 17 msecs (HTTP/1.1 200) 8 headers in 296 bytes (1 switches on core 0)
2026-07-16 15:44:30.153 7 INFO placement.requestlog [req-7071e5e9-5ffa-4f57-9530-d97dda5572a1 req-a3b255b2-b8e7-4599-a9c0-393adbe57041 abb7a75223ae4aeb99119c3d321afd80 0dedad47ab1843ad810f37376877f347 - - 434aeefec91c499780499746f88cce12 434aeefec91c499780499746f88cce12] 199.204.45.138 "GET /resource_providers/0f8cfe68-c3a9-4747-b777-717f7b9df093/allocations" status: 200 len: 152 microversion: 1.0 [pid: 7|app: 0|req: 486/966] 199.204.45.138 () {32 vars in 856 bytes} [Thu Jul 16 15:44:30 2026] GET /resource_providers/0f8cfe68-c3a9-4747-b777-717f7b9df093/allocations => generated 152 bytes in 16 msecs (HTTP/1.1 200) 6 headers in 224 bytes (1 switches on core 0)
2026-07-16 15:44:30.171 6 INFO placement.requestlog [req-7071e5e9-5ffa-4f57-9530-d97dda5572a1 req-d95473c5-cc9f-4290-a350-3ab9151a4287 abb7a75223ae4aeb99119c3d321afd80 0dedad47ab1843ad810f37376877f347 - - 434aeefec91c499780499746f88cce12 434aeefec91c499780499746f88cce12] 199.204.45.138 "GET /allocations/16ce7661-8011-4d67-acb3-dd74fe09f5b5" status: 200 len: 257 microversion: 1.28 [pid: 6|app: 0|req: 481/967] 199.204.45.138 () {34 vars in 862 bytes} [Thu Jul 16 15:44:30 2026] GET /allocations/16ce7661-8011-4d67-acb3-dd74fe09f5b5 => generated 257 bytes in 11 msecs (HTTP/1.1 200) 8 headers in 296 bytes (1 switches on core 0)
2026-07-16 15:44:31.501 7 INFO placement.requestlog [None req-647d7726-992c-47ac-b75c-49a54aed5cb2 49bf7f3475fd4c77a1c42ecf96ff0f21 0dedad47ab1843ad810f37376877f347 - - 434aeefec91c499780499746f88cce12 434aeefec91c499780499746f88cce12] 10.0.0.149 "GET /resource_providers/905aa276-10ce-40b9-ab7f-8b40b5f8a613/aggregates" status: 404 len: 235 microversion: 1.1 [pid: 7|app: 0|req: 487/968] 10.0.0.149 () {32 vars in 815 bytes} [Thu Jul 16 15:44:31 2026] GET /resource_providers/905aa276-10ce-40b9-ab7f-8b40b5f8a613/aggregates => generated 235 bytes in 9 msecs (HTTP/1.1 404) 5 headers in 202 bytes (1 switches on core 0)
2026-07-16 15:44:31.502 6 INFO placement.requestlog [None req-3ae68cf4-de20-4029-9938-8a3c432efcc0 49bf7f3475fd4c77a1c42ecf96ff0f21 0dedad47ab1843ad810f37376877f347 - - 434aeefec91c499780499746f88cce12 434aeefec91c499780499746f88cce12] 10.0.0.149 "GET /resource_providers/905aa276-10ce-40b9-ab7f-8b40b5f8a613/aggregates" status: 404 len: 235 microversion: 1.1 [pid: 6|app: 0|req: 482/969] 10.0.0.149 () {32 vars in 815 bytes} [Thu Jul 16 15:44:31 2026] GET /resource_providers/905aa276-10ce-40b9-ab7f-8b40b5f8a613/aggregates => generated 235 bytes in 8 msecs (HTTP/1.1 404) 5 headers in 202 bytes (1 switches on core 0)
2026-07-16 15:44:31.533 7 INFO placement.requestlog [None req-4add8cf6-6a22-42e5-81e4-f2c73fd4e4cf 49bf7f3475fd4c77a1c42ecf96ff0f21 0dedad47ab1843ad810f37376877f347 - - 434aeefec91c499780499746f88cce12 434aeefec91c499780499746f88cce12] 10.0.0.149 "DELETE /resource_providers/905aa276-10ce-40b9-ab7f-8b40b5f8a613" status: 404 len: 246 microversion: 1.1 [pid: 7|app: 0|req: 488/970] 10.0.0.149 () {34 vars in 815 bytes} [Thu Jul 16 15:44:31 2026] DELETE /resource_providers/905aa276-10ce-40b9-ab7f-8b40b5f8a613 => generated 246 bytes in 9 msecs (HTTP/1.1 404) 6 headers in 231 bytes (1 switches on core 0)
2026-07-16 15:44:31.534 6 INFO placement.requestlog [None req-6f8c0a90-a083-4d76-adc1-1bb128499f2c 49bf7f3475fd4c77a1c42ecf96ff0f21 0dedad47ab1843ad810f37376877f347 - - 434aeefec91c499780499746f88cce12 434aeefec91c499780499746f88cce12] 10.0.0.149 "DELETE /resource_providers/905aa276-10ce-40b9-ab7f-8b40b5f8a613" status: 404 len: 246 microversion: 1.1 [pid: 6|app: 0|req: 483/971] 10.0.0.149 () {34 vars in 815 bytes} [Thu Jul 16 15:44:31 2026] DELETE /resource_providers/905aa276-10ce-40b9-ab7f-8b40b5f8a613 => generated 246 bytes in 10 msecs (HTTP/1.1 404) 6 headers in 231 bytes (1 switches on core 0)
2026-07-16 15:44:33.552 7 INFO placement.requestlog [None req-fa033211-ba78-475c-8389-97dbf0027006 49bf7f3475fd4c77a1c42ecf96ff0f21 0dedad47ab1843ad810f37376877f347 - - 434aeefec91c499780499746f88cce12 434aeefec91c499780499746f88cce12] 10.0.0.149 "GET /resource_providers/8577bc00-7d69-418c-9624-6869242c72e4/aggregates" status: 404 len: 235 microversion: 1.1 [pid: 7|app: 0|req: 489/972] 10.0.0.149 () {32 vars in 815 bytes} [Thu Jul 16 15:44:33 2026] GET /resource_providers/8577bc00-7d69-418c-9624-6869242c72e4/aggregates => generated 235 bytes in 8 msecs (HTTP/1.1 404) 5 headers in 202 bytes (1 switches on core 0)
2026-07-16 15:44:33.555 6 INFO placement.requestlog [None req-affb6da5-6257-451c-8e36-17ebcaea2264 49bf7f3475fd4c77a1c42ecf96ff0f21 0dedad47ab1843ad810f37376877f347 - - 434aeefec91c499780499746f88cce12 434aeefec91c499780499746f88cce12] 10.0.0.149 "GET /resource_providers/8577bc00-7d69-418c-9624-6869242c72e4/aggregates" status: 404 len: 235 microversion: 1.1 [pid: 6|app: 0|req: 484/973] 10.0.0.149 () {32 vars in 815 bytes} [Thu Jul 16 15:44:33 2026] GET /resource_providers/8577bc00-7d69-418c-9624-6869242c72e4/aggregates => generated 235 bytes in 10 msecs (HTTP/1.1 404) 5 headers in 202 bytes (1 switches on core 0)
2026-07-16 15:44:33.570 6 INFO placement.requestlog [None req-d90a3b30-bba8-4591-b40e-95ccafdf8892 49bf7f3475fd4c77a1c42ecf96ff0f21 0dedad47ab1843ad810f37376877f347 - - 434aeefec91c499780499746f88cce12 434aeefec91c499780499746f88cce12] 10.0.0.149 "DELETE /resource_providers/8577bc00-7d69-418c-9624-6869242c72e4" status: 404 len: 246 microversion: 1.1
2026-07-16 15:44:33.570 7 INFO placement.requestlog [None req-71c999a2-a922-49c3-9625-c097dc56bc19 49bf7f3475fd4c77a1c42ecf96ff0f21 0dedad47ab1843ad810f37376877f347 - - 434aeefec91c499780499746f88cce12 434aeefec91c499780499746f88cce12] 10.0.0.149 "DELETE /resource_providers/8577bc00-7d69-418c-9624-6869242c72e4" status: 404 len: 246 microversion: 1.1 [pid: 6|app: 0|req: 485/974] 10.0.0.149 () {34 vars in 815 bytes} [Thu Jul 16 15:44:33 2026] DELETE /resource_providers/8577bc00-7d69-418c-9624-6869242c72e4 => generated 246 bytes in 6 msecs (HTTP/1.1 404) 6 headers in 231 bytes (1 switches on core 0) [pid: 7|app: 0|req: 490/975] 10.0.0.149 () {34 vars in 815 bytes} [Thu Jul 16 15:44:33 2026] DELETE /resource_providers/8577bc00-7d69-418c-9624-6869242c72e4 => generated 246 bytes in 9 msecs (HTTP/1.1 404) 6 headers in 231 bytes (1 switches on core 0)
2026-07-16 15:44:34.104 6 INFO placement.requestlog [None req-016cf8de-714b-4723-ba74-d1ced2fa94e7 - - - - - -] 10.0.0.17 "GET /" status: 200 len: 136 microversion: 1.0
2026-07-16 15:44:34.104 7 INFO placement.requestlog [None req-fc3f6f1c-89e4-4115-ad1c-8b68312539a3 - - - - - -] 10.0.0.17 "GET /" status: 200 len: 136 microversion: 1.0
2026-07-16 15:44:40.313 6 INFO placement.requestlog [None req-89998f60-39a0-4877-9d82-c4cf362c5ef1 49bf7f3475fd4c77a1c42ecf96ff0f21 0dedad47ab1843ad810f37376877f347 - - 434aeefec91c499780499746f88cce12 434aeefec91c499780499746f88cce12] 10.0.0.149 "GET /resource_providers/0b92ad7a-102e-4c0d-a5f3-d20885c640a1/aggregates" status: 404 len: 235 microversion: 1.1 [pid: 6|app: 0|req: 487/978] 10.0.0.149 () {32 vars in 815 bytes} [Thu Jul 16 15:44:40 2026] GET /resource_providers/0b92ad7a-102e-4c0d-a5f3-d20885c640a1/aggregates => generated 235 bytes in 9 msecs (HTTP/1.1 404) 5 headers in 202 bytes (1 switches on core 0)
2026-07-16 15:44:40.322 7 INFO placement.requestlog [None req-b33f0b11-04ab-476f-be99-e4a5811e8610 49bf7f3475fd4c77a1c42ecf96ff0f21 0dedad47ab1843ad810f37376877f347 - - 434aeefec91c499780499746f88cce12 434aeefec91c499780499746f88cce12] 10.0.0.149 "GET /resource_providers/0b92ad7a-102e-4c0d-a5f3-d20885c640a1/aggregates" status: 404 len: 235 microversion: 1.1 [pid: 7|app: 0|req: 492/979] 10.0.0.149 () {32 vars in 815 bytes} [Thu Jul 16 15:44:40 2026] GET /resource_providers/0b92ad7a-102e-4c0d-a5f3-d20885c640a1/aggregates => generated 235 bytes in 15 msecs (HTTP/1.1 404) 5 headers in 202 bytes (1 switches on core 0)
2026-07-16 15:44:40.328 6 INFO placement.requestlog [None req-17b7c73e-61f2-4e7c-907c-fa161cb3f7a6 49bf7f3475fd4c77a1c42ecf96ff0f21 0dedad47ab1843ad810f37376877f347 - - 434aeefec91c499780499746f88cce12 434aeefec91c499780499746f88cce12] 10.0.0.149 "DELETE /resource_providers/0b92ad7a-102e-4c0d-a5f3-d20885c640a1" status: 404 len: 246 microversion: 1.1 [pid: 6|app: 0|req: 488/980] 10.0.0.149 () {34 vars in 815 bytes} [Thu Jul 16 15:44:40 2026] DELETE /resource_providers/0b92ad7a-102e-4c0d-a5f3-d20885c640a1 => generated 246 bytes in 7 msecs (HTTP/1.1 404) 6 headers in 231 bytes (1 switches on core 0)
2026-07-16 15:44:40.344 7 INFO placement.requestlog [None req-eb7b3170-7654-4155-a1ed-48d5738ff70b 49bf7f3475fd4c77a1c42ecf96ff0f21 0dedad47ab1843ad810f37376877f347 - - 434aeefec91c499780499746f88cce12 434aeefec91c499780499746f88cce12] 10.0.0.149 "DELETE /resource_providers/0b92ad7a-102e-4c0d-a5f3-d20885c640a1" status: 404 len: 246 microversion: 1.1 [pid: 7|app: 0|req: 493/981] 10.0.0.149 () {34 vars in 815 bytes} [Thu Jul 16 15:44:40 2026] DELETE /resource_providers/0b92ad7a-102e-4c0d-a5f3-d20885c640a1 => generated 246 bytes in 13 msecs (HTTP/1.1 404) 6 headers in 231 bytes (1 switches on core 0)
2026-07-16 15:44:42.349 6 INFO placement.requestlog [None req-18348f19-de0f-46c1-b69b-ddeae32f8846 49bf7f3475fd4c77a1c42ecf96ff0f21 0dedad47ab1843ad810f37376877f347 - - 434aeefec91c499780499746f88cce12 434aeefec91c499780499746f88cce12] 10.0.0.149 "GET /resource_providers/b60a2a77-c2fe-4c06-a475-24d3d47b88d5/aggregates" status: 404 len: 235 microversion: 1.1 [pid: 6|app: 0|req: 489/982] 10.0.0.149 () {32 vars in 815 bytes} [Thu Jul 16 15:44:42 2026] GET /resource_providers/b60a2a77-c2fe-4c06-a475-24d3d47b88d5/aggregates => generated 235 bytes in 12 msecs (HTTP/1.1 404) 5 headers in 202 bytes (1 switches on core 0)
2026-07-16 15:44:42.371 7 INFO placement.requestlog [None req-d2b1975f-805c-4d43-9daa-bbd353fd01ef 49bf7f3475fd4c77a1c42ecf96ff0f21 0dedad47ab1843ad810f37376877f347 - - 434aeefec91c499780499746f88cce12 434aeefec91c499780499746f88cce12] 10.0.0.149 "GET /resource_providers/b60a2a77-c2fe-4c06-a475-24d3d47b88d5/aggregates" status: 404 len: 235 microversion: 1.1 [pid: 7|app: 0|req: 494/983] 10.0.0.149 () {32 vars in 815 bytes} [Thu Jul 16 15:44:42 2026] GET /resource_providers/b60a2a77-c2fe-4c06-a475-24d3d47b88d5/aggregates => generated 235 bytes in 15 msecs (HTTP/1.1 404) 5 headers in 202 bytes (1 switches on core 0)
2026-07-16 15:44:42.371 6 INFO placement.requestlog [None req-55028567-ecfb-40e0-912b-863b059d773e 49bf7f3475fd4c77a1c42ecf96ff0f21 0dedad47ab1843ad810f37376877f347 - - 434aeefec91c499780499746f88cce12 434aeefec91c499780499746f88cce12] 10.0.0.149 "DELETE /resource_providers/b60a2a77-c2fe-4c06-a475-24d3d47b88d5" status: 404 len: 246 microversion: 1.1 [pid: 6|app: 0|req: 490/984] 10.0.0.149 () {34 vars in 815 bytes} [Thu Jul 16 15:44:42 2026] DELETE /resource_providers/b60a2a77-c2fe-4c06-a475-24d3d47b88d5 => generated 246 bytes in 14 msecs (HTTP/1.1 404) 6 headers in 231 bytes (1 switches on core 0)
2026-07-16 15:44:42.396 7 INFO placement.requestlog [None req-3c2b966c-5aa5-468f-bd3a-1d723bc3ef73 49bf7f3475fd4c77a1c42ecf96ff0f21 0dedad47ab1843ad810f37376877f347 - - 434aeefec91c499780499746f88cce12 434aeefec91c499780499746f88cce12] 10.0.0.149 "GET /resource_providers/14b91b1c-0a78-4726-bb5f-a214ad7c4f9f/aggregates" status: 404 len: 235 microversion: 1.1 [pid: 7|app: 0|req: 495/985] 10.0.0.149 () {32 vars in 815 bytes} [Thu Jul 16 15:44:42 2026] GET /resource_providers/14b91b1c-0a78-4726-bb5f-a214ad7c4f9f/aggregates => generated 235 bytes in 21 msecs (HTTP/1.1 404) 5 headers in 202 bytes (1 switches on core 0)
2026-07-16 15:44:42.399 6 INFO placement.requestlog [None req-57f37a24-efef-4f50-b9ca-4ba68821c67d 49bf7f3475fd4c77a1c42ecf96ff0f21 0dedad47ab1843ad810f37376877f347 - - 434aeefec91c499780499746f88cce12 434aeefec91c499780499746f88cce12] 10.0.0.149 "DELETE /resource_providers/b60a2a77-c2fe-4c06-a475-24d3d47b88d5" status: 404 len: 246 microversion: 1.1 [pid: 6|app: 0|req: 491/986] 10.0.0.149 () {34 vars in 815 bytes} [Thu Jul 16 15:44:42 2026] DELETE /resource_providers/b60a2a77-c2fe-4c06-a475-24d3d47b88d5 => generated 246 bytes in 23 msecs (HTTP/1.1 404) 6 headers in 231 bytes (1 switches on core 0)
2026-07-16 15:44:42.404 7 INFO placement.requestlog [None req-57a63c55-ec3f-4abc-b786-fb652af12a8f 49bf7f3475fd4c77a1c42ecf96ff0f21 0dedad47ab1843ad810f37376877f347 - - 434aeefec91c499780499746f88cce12 434aeefec91c499780499746f88cce12] 10.0.0.149 "GET /resource_providers/14b91b1c-0a78-4726-bb5f-a214ad7c4f9f/aggregates" status: 404 len: 235 microversion: 1.1 [pid: 7|app: 0|req: 496/987] 10.0.0.149 () {32 vars in 815 bytes} [Thu Jul 16 15:44:42 2026] GET /resource_providers/14b91b1c-0a78-4726-bb5f-a214ad7c4f9f/aggregates => generated 235 bytes in 6 msecs (HTTP/1.1 404) 5 headers in 202 bytes (1 switches on core 0)
