2026-07-16 15:46:03.286 6 INFO placement.requestlog [req-2b753524-6a43-42f5-8022-8a77ccf2fd85 req-1dbfeebb-ad91-4b54-bde2-771de6475403 abb7a75223ae4aeb99119c3d321afd80 0dedad47ab1843ad810f37376877f347 - - 434aeefec91c499780499746f88cce12 434aeefec91c499780499746f88cce12] 10.0.0.201 "GET /allocation_candidates?limit=1000&resources=DISK_GB%3A1%2CMEMORY_MB%3A512%2CVCPU%3A1&root_required=%21COMPUTE_STATUS_DISABLED" status: 200 len: 2783 microversion: 1.36 [pid: 6|app: 0|req: 578/1161] 10.0.0.201 () {34 vars in 1011 bytes} [Thu Jul 16 15:46:03 2026] GET /allocation_candidates?limit=1000&resources=DISK_GB%3A1%2CMEMORY_MB%3A512%2CVCPU%3A1&root_required=%21COMPUTE_STATUS_DISABLED => generated 2783 bytes in 51 msecs (HTTP/1.1 200) 8 headers in 297 bytes (1 switches on core 0)
2026-07-16 15:46:03.324 7 INFO placement.requestlog [req-2b753524-6a43-42f5-8022-8a77ccf2fd85 req-ca0f2851-0b9f-4d58-aeba-69ec04f5cfc7 abb7a75223ae4aeb99119c3d321afd80 0dedad47ab1843ad810f37376877f347 - - 434aeefec91c499780499746f88cce12 434aeefec91c499780499746f88cce12] 10.0.0.201 "GET /allocations/adbbb91c-403a-4fd8-a36b-5b62af7e5ec3" status: 200 len: 19 microversion: 1.28 [pid: 7|app: 0|req: 584/1162] 10.0.0.201 () {34 vars in 860 bytes} [Thu Jul 16 15:46:03 2026] GET /allocations/adbbb91c-403a-4fd8-a36b-5b62af7e5ec3 => generated 19 bytes in 15 msecs (HTTP/1.1 200) 8 headers in 295 bytes (1 switches on core 0)
2026-07-16 15:46:03.397 6 INFO placement.requestlog [req-2b753524-6a43-42f5-8022-8a77ccf2fd85 req-2a917f92-f358-407b-bc44-476c39927070 abb7a75223ae4aeb99119c3d321afd80 0dedad47ab1843ad810f37376877f347 - - 434aeefec91c499780499746f88cce12 434aeefec91c499780499746f88cce12] 10.0.0.201 "PUT /allocations/adbbb91c-403a-4fd8-a36b-5b62af7e5ec3" status: 204 len: 0 microversion: 1.36 [pid: 6|app: 0|req: 579/1163] 10.0.0.201 () {38 vars in 913 bytes} [Thu Jul 16 15:46:03 2026] PUT /allocations/adbbb91c-403a-4fd8-a36b-5b62af7e5ec3 => generated 0 bytes in 63 msecs (HTTP/1.1 204) 5 headers in 199 bytes (1 switches on core 0)
2026-07-16 15:46:04.104 6 INFO placement.requestlog [None req-f91177b1-56e9-49c5-9646-4c7cace862f8 - - - - - -] 10.0.0.17 "GET /" status: 200 len: 136 microversion: 1.0
2026-07-16 15:46:04.105 7 INFO placement.requestlog [None req-d7492354-bfbe-408c-908c-6991ce5213b5 - - - - - -] 10.0.0.17 "GET /" status: 200 len: 136 microversion: 1.0
2026-07-16 15:46:04.893 6 INFO placement.requestlog [req-2b753524-6a43-42f5-8022-8a77ccf2fd85 req-d28f5ebe-a783-4023-8198-10fdde8d9d22 abb7a75223ae4aeb99119c3d321afd80 0dedad47ab1843ad810f37376877f347 - - 434aeefec91c499780499746f88cce12 434aeefec91c499780499746f88cce12] 199.204.45.138 "GET /allocations/adbbb91c-403a-4fd8-a36b-5b62af7e5ec3" status: 200 len: 258 microversion: 1.28 [pid: 6|app: 0|req: 581/1166] 199.204.45.138 () {34 vars in 862 bytes} [Thu Jul 16 15:46:04 2026] GET /allocations/adbbb91c-403a-4fd8-a36b-5b62af7e5ec3 => generated 258 bytes in 17 msecs (HTTP/1.1 200) 8 headers in 296 bytes (1 switches on core 0)
2026-07-16 15:46:05.979 7 INFO placement.requestlog [req-2b753524-6a43-42f5-8022-8a77ccf2fd85 req-d50980da-8900-4f65-bfe7-b8d9271a6ec5 abb7a75223ae4aeb99119c3d321afd80 0dedad47ab1843ad810f37376877f347 - - 434aeefec91c499780499746f88cce12 434aeefec91c499780499746f88cce12] 199.204.45.138 "GET /resource_providers/0f8cfe68-c3a9-4747-b777-717f7b9df093/allocations" status: 200 len: 253 microversion: 1.0 [pid: 7|app: 0|req: 586/1167] 199.204.45.138 () {32 vars in 856 bytes} [Thu Jul 16 15:46:05 2026] GET /resource_providers/0f8cfe68-c3a9-4747-b777-717f7b9df093/allocations => generated 253 bytes in 41 msecs (HTTP/1.1 200) 6 headers in 224 bytes (1 switches on core 0)
2026-07-16 15:46:06.008 6 INFO placement.requestlog [req-2b753524-6a43-42f5-8022-8a77ccf2fd85 req-e130ad84-a1d1-4a66-9cc5-6caad1da5307 abb7a75223ae4aeb99119c3d321afd80 0dedad47ab1843ad810f37376877f347 - - 434aeefec91c499780499746f88cce12 434aeefec91c499780499746f88cce12] 199.204.45.138 "GET /allocations/adbbb91c-403a-4fd8-a36b-5b62af7e5ec3" status: 200 len: 258 microversion: 1.28 [pid: 6|app: 0|req: 582/1168] 199.204.45.138 () {34 vars in 862 bytes} [Thu Jul 16 15:46:05 2026] GET /allocations/adbbb91c-403a-4fd8-a36b-5b62af7e5ec3 => generated 258 bytes in 21 msecs (HTTP/1.1 200) 8 headers in 296 bytes (1 switches on core 0)
2026-07-16 15:46:06.040 7 INFO placement.requestlog [req-2b753524-6a43-42f5-8022-8a77ccf2fd85 req-4a3863b6-25aa-40d1-9cc2-2335796b3647 abb7a75223ae4aeb99119c3d321afd80 0dedad47ab1843ad810f37376877f347 - - 434aeefec91c499780499746f88cce12 434aeefec91c499780499746f88cce12] 199.204.45.138 "GET /allocations/be4534bc-bcb0-4fb9-a60a-03630f372368" status: 200 len: 258 microversion: 1.28 [pid: 7|app: 0|req: 587/1169] 199.204.45.138 () {34 vars in 862 bytes} [Thu Jul 16 15:46:06 2026] GET /allocations/be4534bc-bcb0-4fb9-a60a-03630f372368 => generated 258 bytes in 19 msecs (HTTP/1.1 200) 8 headers in 296 bytes (1 switches on core 0)
2026-07-16 15:46:14.104 6 INFO placement.requestlog [None req-3b57aa87-7777-4a44-a3a1-1950fcaf34fe - - - - - -] 10.0.0.17 "GET /" status: 200 len: 136 microversion: 1.0
2026-07-16 15:46:14.106 7 INFO placement.requestlog [None req-8efd2d57-d943-4dba-b650-6ce237ad4aa0 - - - - - -] 10.0.0.17 "GET /" status: 200 len: 136 microversion: 1.0
2026-07-16 15:46:17.981 6 INFO placement.requestlog [req-7ab91cd1-4240-4e04-ba4e-bf19c187f721 req-7a2a7024-d890-4fd1-94e3-725d2f49ea85 abb7a75223ae4aeb99119c3d321afd80 0dedad47ab1843ad810f37376877f347 - - 434aeefec91c499780499746f88cce12 434aeefec91c499780499746f88cce12] 10.0.0.201 "GET /allocation_candidates?limit=1000&resources=DISK_GB%3A1%2CMEMORY_MB%3A512%2CVCPU%3A1&root_required=%21COMPUTE_STATUS_DISABLED" status: 200 len: 2784 microversion: 1.36 [pid: 6|app: 0|req: 584/1172] 10.0.0.201 () {34 vars in 1011 bytes} [Thu Jul 16 15:46:17 2026] GET /allocation_candidates?limit=1000&resources=DISK_GB%3A1%2CMEMORY_MB%3A512%2CVCPU%3A1&root_required=%21COMPUTE_STATUS_DISABLED => generated 2784 bytes in 47 msecs (HTTP/1.1 200) 8 headers in 297 bytes (1 switches on core 0)
2026-07-16 15:46:18.036 7 INFO placement.requestlog [req-7ab91cd1-4240-4e04-ba4e-bf19c187f721 req-bb75b353-ea38-49f4-af71-071f6475e090 abb7a75223ae4aeb99119c3d321afd80 0dedad47ab1843ad810f37376877f347 - - 434aeefec91c499780499746f88cce12 434aeefec91c499780499746f88cce12] 10.0.0.201 "GET /allocations/9003ab8a-b459-4e59-9c90-e8604b779027" status: 200 len: 19 microversion: 1.28 [pid: 7|app: 0|req: 589/1173] 10.0.0.201 () {34 vars in 860 bytes} [Thu Jul 16 15:46:18 2026] GET /allocations/9003ab8a-b459-4e59-9c90-e8604b779027 => generated 19 bytes in 9 msecs (HTTP/1.1 200) 8 headers in 295 bytes (1 switches on core 0)
2026-07-16 15:46:18.373 6 INFO placement.requestlog [req-7ab91cd1-4240-4e04-ba4e-bf19c187f721 req-c5d1f2f3-bf3e-48b5-afc5-c00ac6ec2d56 abb7a75223ae4aeb99119c3d321afd80 0dedad47ab1843ad810f37376877f347 - - 434aeefec91c499780499746f88cce12 434aeefec91c499780499746f88cce12] 10.0.0.201 "PUT /allocations/9003ab8a-b459-4e59-9c90-e8604b779027" status: 204 len: 0 microversion: 1.36 [pid: 6|app: 0|req: 585/1174] 10.0.0.201 () {38 vars in 913 bytes} [Thu Jul 16 15:46:18 2026] PUT /allocations/9003ab8a-b459-4e59-9c90-e8604b779027 => generated 0 bytes in 331 msecs (HTTP/1.1 204) 5 headers in 199 bytes (1 switches on core 0)
2026-07-16 15:46:19.818 7 INFO placement.requestlog [req-7ab91cd1-4240-4e04-ba4e-bf19c187f721 req-fbf9beed-ecbb-451f-aab5-8ceedd23ba34 abb7a75223ae4aeb99119c3d321afd80 0dedad47ab1843ad810f37376877f347 - - 434aeefec91c499780499746f88cce12 434aeefec91c499780499746f88cce12] 199.204.45.138 "GET /allocations/9003ab8a-b459-4e59-9c90-e8604b779027" status: 200 len: 258 microversion: 1.28 [pid: 7|app: 0|req: 590/1175] 199.204.45.138 () {34 vars in 862 bytes} [Thu Jul 16 15:46:19 2026] GET /allocations/9003ab8a-b459-4e59-9c90-e8604b779027 => generated 258 bytes in 196 msecs (HTTP/1.1 200) 8 headers in 296 bytes (1 switches on core 0)
2026-07-16 15:46:20.874 6 INFO placement.requestlog [req-7ab91cd1-4240-4e04-ba4e-bf19c187f721 req-0f16d037-02b3-4846-90e8-08d14cfb8755 abb7a75223ae4aeb99119c3d321afd80 0dedad47ab1843ad810f37376877f347 - - 434aeefec91c499780499746f88cce12 434aeefec91c499780499746f88cce12] 199.204.45.138 "GET /resource_providers?in_tree=0f8cfe68-c3a9-4747-b777-717f7b9df093" status: 200 len: 798 microversion: 1.14 [pid: 6|app: 0|req: 586/1176] 199.204.45.138 () {34 vars in 891 bytes} [Thu Jul 16 15:46:20 2026] GET /resource_providers?in_tree=0f8cfe68-c3a9-4747-b777-717f7b9df093 => generated 798 bytes in 21 msecs (HTTP/1.1 200) 6 headers in 225 bytes (1 switches on core 0)
2026-07-16 15:46:20.899 7 INFO placement.requestlog [req-7ab91cd1-4240-4e04-ba4e-bf19c187f721 req-3d255b79-bf36-41a8-81a1-8b114b19fc7b abb7a75223ae4aeb99119c3d321afd80 0dedad47ab1843ad810f37376877f347 - - 434aeefec91c499780499746f88cce12 434aeefec91c499780499746f88cce12] 199.204.45.138 "GET /resource_providers/0f8cfe68-c3a9-4747-b777-717f7b9df093/inventories" status: 200 len: 401 microversion: 1.0 [pid: 7|app: 0|req: 591/1177] 199.204.45.138 () {32 vars in 856 bytes} [Thu Jul 16 15:46:20 2026] GET /resource_providers/0f8cfe68-c3a9-4747-b777-717f7b9df093/inventories => generated 401 bytes in 18 msecs (HTTP/1.1 200) 6 headers in 224 bytes (1 switches on core 0)
2026-07-16 15:46:20.921 6 INFO placement.requestlog [req-7ab91cd1-4240-4e04-ba4e-bf19c187f721 req-4dc90791-497f-49c3-a075-6e439dcb555f abb7a75223ae4aeb99119c3d321afd80 0dedad47ab1843ad810f37376877f347 - - 434aeefec91c499780499746f88cce12 434aeefec91c499780499746f88cce12] 199.204.45.138 "GET /resource_providers/0f8cfe68-c3a9-4747-b777-717f7b9df093/aggregates" status: 200 len: 54 microversion: 1.19 [pid: 6|app: 0|req: 587/1178] 199.204.45.138 () {34 vars in 898 bytes} [Thu Jul 16 15:46:20 2026] GET /resource_providers/0f8cfe68-c3a9-4747-b777-717f7b9df093/aggregates => generated 54 bytes in 11 msecs (HTTP/1.1 200) 8 headers in 295 bytes (1 switches on core 0)
2026-07-16 15:46:20.951 7 INFO placement.requestlog [req-7ab91cd1-4240-4e04-ba4e-bf19c187f721 req-76585470-860a-4f37-ba7a-8b7ff9691995 abb7a75223ae4aeb99119c3d321afd80 0dedad47ab1843ad810f37376877f347 - - 434aeefec91c499780499746f88cce12 434aeefec91c499780499746f88cce12] 199.204.45.138 "GET /resource_providers/0f8cfe68-c3a9-4747-b777-717f7b9df093/traits" status: 200 len: 2317 microversion: 1.6 [pid: 7|app: 0|req: 592/1179] 199.204.45.138 () {34 vars in 889 bytes} [Thu Jul 16 15:46:20 2026] GET /resource_providers/0f8cfe68-c3a9-4747-b777-717f7b9df093/traits => generated 2317 bytes in 26 msecs (HTTP/1.1 200) 6 headers in 225 bytes (1 switches on core 0)
2026-07-16 15:46:20.978 6 INFO placement.requestlog [req-7ab91cd1-4240-4e04-ba4e-bf19c187f721 req-0b9c0e1a-47f9-4aa7-9e67-9a1f5cb2f6a1 abb7a75223ae4aeb99119c3d321afd80 0dedad47ab1843ad810f37376877f347 - - 434aeefec91c499780499746f88cce12 434aeefec91c499780499746f88cce12] 199.204.45.138 "GET /resource_providers/0f8cfe68-c3a9-4747-b777-717f7b9df093/allocations" status: 200 len: 353 microversion: 1.0 [pid: 6|app: 0|req: 588/1180] 199.204.45.138 () {32 vars in 856 bytes} [Thu Jul 16 15:46:20 2026] GET /resource_providers/0f8cfe68-c3a9-4747-b777-717f7b9df093/allocations => generated 353 bytes in 18 msecs (HTTP/1.1 200) 6 headers in 224 bytes (1 switches on core 0)
2026-07-16 15:46:20.995 7 INFO placement.requestlog [req-7ab91cd1-4240-4e04-ba4e-bf19c187f721 req-2d8dfe0f-179e-4f3a-a833-73f7443ac58b abb7a75223ae4aeb99119c3d321afd80 0dedad47ab1843ad810f37376877f347 - - 434aeefec91c499780499746f88cce12 434aeefec91c499780499746f88cce12] 199.204.45.138 "GET /allocations/adbbb91c-403a-4fd8-a36b-5b62af7e5ec3" status: 200 len: 258 microversion: 1.28 [pid: 7|app: 0|req: 593/1181] 199.204.45.138 () {34 vars in 862 bytes} [Thu Jul 16 15:46:20 2026] GET /allocations/adbbb91c-403a-4fd8-a36b-5b62af7e5ec3 => generated 258 bytes in 12 msecs (HTTP/1.1 200) 8 headers in 296 bytes (1 switches on core 0)
2026-07-16 15:46:21.016 6 INFO placement.requestlog [req-7ab91cd1-4240-4e04-ba4e-bf19c187f721 req-39bf6eef-c27d-4198-b885-93c66a278ddf abb7a75223ae4aeb99119c3d321afd80 0dedad47ab1843ad810f37376877f347 - - 434aeefec91c499780499746f88cce12 434aeefec91c499780499746f88cce12] 199.204.45.138 "GET /allocations/9003ab8a-b459-4e59-9c90-e8604b779027" status: 200 len: 258 microversion: 1.28 [pid: 6|app: 0|req: 589/1182] 199.204.45.138 () {34 vars in 862 bytes} [Thu Jul 16 15:46:21 2026] GET /allocations/9003ab8a-b459-4e59-9c90-e8604b779027 => generated 258 bytes in 13 msecs (HTTP/1.1 200) 8 headers in 296 bytes (1 switches on core 0)
2026-07-16 15:46:21.032 7 INFO placement.requestlog [req-7ab91cd1-4240-4e04-ba4e-bf19c187f721 req-9e2f8e13-d626-4c14-a140-d1da44998eb4 abb7a75223ae4aeb99119c3d321afd80 0dedad47ab1843ad810f37376877f347 - - 434aeefec91c499780499746f88cce12 434aeefec91c499780499746f88cce12] 199.204.45.138 "GET /allocations/be4534bc-bcb0-4fb9-a60a-03630f372368" status: 200 len: 258 microversion: 1.28 [pid: 7|app: 0|req: 594/1183] 199.204.45.138 () {34 vars in 862 bytes} [Thu Jul 16 15:46:21 2026] GET /allocations/be4534bc-bcb0-4fb9-a60a-03630f372368 => generated 258 bytes in 10 msecs (HTTP/1.1 200) 8 headers in 296 bytes (1 switches on core 0)
2026-07-16 15:46:23.100 6 INFO placement.requestlog [req-3c9de174-3e76-4d33-af8e-027f123bc147 req-dee77f90-7aa5-4188-bfc4-54adce6fb088 abb7a75223ae4aeb99119c3d321afd80 0dedad47ab1843ad810f37376877f347 - - 434aeefec91c499780499746f88cce12 434aeefec91c499780499746f88cce12] 199.204.45.138 "GET /resource_providers/0f8cfe68-c3a9-4747-b777-717f7b9df093/allocations" status: 200 len: 353 microversion: 1.0 [pid: 6|app: 0|req: 590/1184] 199.204.45.138 () {32 vars in 856 bytes} [Thu Jul 16 15:46:23 2026] GET /resource_providers/0f8cfe68-c3a9-4747-b777-717f7b9df093/allocations => generated 353 bytes in 15 msecs (HTTP/1.1 200) 6 headers in 224 bytes (1 switches on core 0)
2026-07-16 15:46:23.122 7 INFO placement.requestlog [req-3c9de174-3e76-4d33-af8e-027f123bc147 req-aba32a29-6fb3-4c8b-8280-c84043827c06 abb7a75223ae4aeb99119c3d321afd80 0dedad47ab1843ad810f37376877f347 - - 434aeefec91c499780499746f88cce12 434aeefec91c499780499746f88cce12] 199.204.45.138 "GET /resource_providers/0f8cfe68-c3a9-4747-b777-717f7b9df093/allocations" status: 200 len: 353 microversion: 1.0 [pid: 7|app: 0|req: 595/1185] 199.204.45.138 () {32 vars in 856 bytes} [Thu Jul 16 15:46:23 2026] GET /resource_providers/0f8cfe68-c3a9-4747-b777-717f7b9df093/allocations => generated 353 bytes in 17 msecs (HTTP/1.1 200) 6 headers in 224 bytes (1 switches on core 0)
2026-07-16 15:46:23.145 6 INFO placement.requestlog [req-3c9de174-3e76-4d33-af8e-027f123bc147 req-1843d8f3-a1da-4bc9-b29f-35b44324ae95 abb7a75223ae4aeb99119c3d321afd80 0dedad47ab1843ad810f37376877f347 - - 434aeefec91c499780499746f88cce12 434aeefec91c499780499746f88cce12] 199.204.45.138 "GET /allocations/adbbb91c-403a-4fd8-a36b-5b62af7e5ec3" status: 200 len: 258 microversion: 1.28 [pid: 6|app: 0|req: 591/1186] 199.204.45.138 () {34 vars in 862 bytes} [Thu Jul 16 15:46:23 2026] GET /allocations/adbbb91c-403a-4fd8-a36b-5b62af7e5ec3 => generated 258 bytes in 14 msecs (HTTP/1.1 200) 8 headers in 296 bytes (1 switches on core 0)
2026-07-16 15:46:23.170 7 INFO placement.requestlog [req-3c9de174-3e76-4d33-af8e-027f123bc147 req-2e7eb5af-edb2-49f5-94da-9fdefa4f1cc1 abb7a75223ae4aeb99119c3d321afd80 0dedad47ab1843ad810f37376877f347 - - 434aeefec91c499780499746f88cce12 434aeefec91c499780499746f88cce12] 199.204.45.138 "GET /allocations/9003ab8a-b459-4e59-9c90-e8604b779027" status: 200 len: 258 microversion: 1.28 [pid: 7|app: 0|req: 596/1187] 199.204.45.138 () {34 vars in 862 bytes} [Thu Jul 16 15:46:23 2026] GET /allocations/9003ab8a-b459-4e59-9c90-e8604b779027 => generated 258 bytes in 13 msecs (HTTP/1.1 200) 8 headers in 296 bytes (1 switches on core 0)
2026-07-16 15:46:23.190 6 INFO placement.requestlog [req-3c9de174-3e76-4d33-af8e-027f123bc147 req-87540f4d-7b87-4d3b-bd7c-b1531524ae5d abb7a75223ae4aeb99119c3d321afd80 0dedad47ab1843ad810f37376877f347 - - 434aeefec91c499780499746f88cce12 434aeefec91c499780499746f88cce12] 199.204.45.138 "GET /allocations/be4534bc-bcb0-4fb9-a60a-03630f372368" status: 200 len: 258 microversion: 1.28 [pid: 6|app: 0|req: 592/1188] 199.204.45.138 () {34 vars in 862 bytes} [Thu Jul 16 15:46:23 2026] GET /allocations/be4534bc-bcb0-4fb9-a60a-03630f372368 => generated 258 bytes in 12 msecs (HTTP/1.1 200) 8 headers in 296 bytes (1 switches on core 0)
2026-07-16 15:46:24.105 7 INFO placement.requestlog [None req-7d990c96-6f78-4959-87c3-9f9a6c15c070 - - - - - -] 10.0.0.17 "GET /" status: 200 len: 136 microversion: 1.0
2026-07-16 15:46:24.105 6 INFO placement.requestlog [None req-4254e22a-8f7e-4212-983f-402ebc75b22d - - - - - -] 10.0.0.17 "GET /" status: 200 len: 136 microversion: 1.0
2026-07-16 15:46:34.104 7 INFO placement.requestlog [None req-3e9fe8c5-98ea-4bc6-b0b1-1f94c4138454 - - - - - -] 10.0.0.17 "GET /" status: 200 len: 136 microversion: 1.0
2026-07-16 15:46:34.104 6 INFO placement.requestlog [None req-ceb01863-b269-41c8-98e7-ed3893ac8722 - - - - - -] 10.0.0.17 "GET /" status: 200 len: 136 microversion: 1.0
2026-07-16 15:46:35.763 7 INFO placement.requestlog [req-37db64ed-4bdd-4820-8eb5-41295745ee30 req-ff286036-d8b4-4dd5-ab49-5f46077d007b abb7a75223ae4aeb99119c3d321afd80 0dedad47ab1843ad810f37376877f347 - - 434aeefec91c499780499746f88cce12 434aeefec91c499780499746f88cce12] 10.0.0.201 "GET /allocation_candidates?limit=1000&resources=DISK_GB%3A1%2CMEMORY_MB%3A512%2CVCPU%3A1&root_required=%21COMPUTE_STATUS_DISABLED" status: 200 len: 2784 microversion: 1.36 [pid: 7|app: 0|req: 599/1193] 10.0.0.201 () {34 vars in 1011 bytes} [Thu Jul 16 15:46:35 2026] GET /allocation_candidates?limit=1000&resources=DISK_GB%3A1%2CMEMORY_MB%3A512%2CVCPU%3A1&root_required=%21COMPUTE_STATUS_DISABLED => generated 2784 bytes in 40 msecs (HTTP/1.1 200) 8 headers in 297 bytes (1 switches on core 0)
2026-07-16 15:46:35.793 6 INFO placement.requestlog [req-37db64ed-4bdd-4820-8eb5-41295745ee30 req-e4fa8675-7d2e-43f3-9c24-09912d71b817 abb7a75223ae4aeb99119c3d321afd80 0dedad47ab1843ad810f37376877f347 - - 434aeefec91c499780499746f88cce12 434aeefec91c499780499746f88cce12] 10.0.0.201 "GET /allocations/d60e52df-525f-42ca-b25c-ad3b27658ae4" status: 200 len: 19 microversion: 1.28 [pid: 6|app: 0|req: 595/1194] 10.0.0.201 () {34 vars in 860 bytes} [Thu Jul 16 15:46:35 2026] GET /allocations/d60e52df-525f-42ca-b25c-ad3b27658ae4 => generated 19 bytes in 8 msecs (HTTP/1.1 200) 8 headers in 295 bytes (1 switches on core 0)
2026-07-16 15:46:36.095 7 INFO placement.requestlog [req-37db64ed-4bdd-4820-8eb5-41295745ee30 req-acc86092-2b23-4490-b601-dd322f257846 abb7a75223ae4aeb99119c3d321afd80 0dedad47ab1843ad810f37376877f347 - - 434aeefec91c499780499746f88cce12 434aeefec91c499780499746f88cce12] 10.0.0.201 "PUT /allocations/d60e52df-525f-42ca-b25c-ad3b27658ae4" status: 204 len: 0 microversion: 1.36 [pid: 7|app: 0|req: 600/1195] 10.0.0.201 () {38 vars in 913 bytes} [Thu Jul 16 15:46:35 2026] PUT /allocations/d60e52df-525f-42ca-b25c-ad3b27658ae4 => generated 0 bytes in 297 msecs (HTTP/1.1 204) 5 headers in 199 bytes (1 switches on core 0)
2026-07-16 15:46:37.622 6 INFO placement.requestlog [req-37db64ed-4bdd-4820-8eb5-41295745ee30 req-eeeb2484-af67-4df2-bc14-0450043f3289 abb7a75223ae4aeb99119c3d321afd80 0dedad47ab1843ad810f37376877f347 - - 434aeefec91c499780499746f88cce12 434aeefec91c499780499746f88cce12] 199.204.45.138 "GET /allocations/d60e52df-525f-42ca-b25c-ad3b27658ae4" status: 200 len: 258 microversion: 1.28 [pid: 6|app: 0|req: 596/1196] 199.204.45.138 () {34 vars in 862 bytes} [Thu Jul 16 15:46:37 2026] GET /allocations/d60e52df-525f-42ca-b25c-ad3b27658ae4 => generated 258 bytes in 16 msecs (HTTP/1.1 200) 8 headers in 296 bytes (1 switches on core 0)
2026-07-16 15:46:38.504 7 INFO placement.requestlog [req-39631278-92a7-487e-96ab-966e46e1b9f0 req-8a2c25d5-e1e5-4b2d-a899-c2abb1e24bac abb7a75223ae4aeb99119c3d321afd80 0dedad47ab1843ad810f37376877f347 - - 434aeefec91c499780499746f88cce12 434aeefec91c499780499746f88cce12] 10.0.0.201 "GET /allocation_candidates?limit=1000&resources=DISK_GB%3A1%2CMEMORY_MB%3A512%2CVCPU%3A1&root_required=%21COMPUTE_STATUS_DISABLED" status: 200 len: 2784 microversion: 1.36 [pid: 7|app: 0|req: 601/1197] 10.0.0.201 () {34 vars in 1011 bytes} [Thu Jul 16 15:46:38 2026] GET /allocation_candidates?limit=1000&resources=DISK_GB%3A1%2CMEMORY_MB%3A512%2CVCPU%3A1&root_required=%21COMPUTE_STATUS_DISABLED => generated 2784 bytes in 43 msecs (HTTP/1.1 200) 8 headers in 297 bytes (1 switches on core 0)
2026-07-16 15:46:38.533 6 INFO placement.requestlog [req-39631278-92a7-487e-96ab-966e46e1b9f0 req-9c97f285-0f44-4db2-908a-807600e066e6 abb7a75223ae4aeb99119c3d321afd80 0dedad47ab1843ad810f37376877f347 - - 434aeefec91c499780499746f88cce12 434aeefec91c499780499746f88cce12] 10.0.0.201 "GET /allocations/597c72b0-30b5-4f14-a6d9-6d2d0787be05" status: 200 len: 19 microversion: 1.28 [pid: 6|app: 0|req: 597/1198] 10.0.0.201 () {34 vars in 860 bytes} [Thu Jul 16 15:46:38 2026] GET /allocations/597c72b0-30b5-4f14-a6d9-6d2d0787be05 => generated 19 bytes in 11 msecs (HTTP/1.1 200) 8 headers in 295 bytes (1 switches on core 0)
2026-07-16 15:46:38.580 7 INFO placement.requestlog [req-39631278-92a7-487e-96ab-966e46e1b9f0 req-a1f4341e-932c-4853-925c-6a836a09cbea abb7a75223ae4aeb99119c3d321afd80 0dedad47ab1843ad810f37376877f347 - - 434aeefec91c499780499746f88cce12 434aeefec91c499780499746f88cce12] 10.0.0.201 "PUT /allocations/597c72b0-30b5-4f14-a6d9-6d2d0787be05" status: 204 len: 0 microversion: 1.36 [pid: 7|app: 0|req: 602/1199] 10.0.0.201 () {38 vars in 913 bytes} [Thu Jul 16 15:46:38 2026] PUT /allocations/597c72b0-30b5-4f14-a6d9-6d2d0787be05 => generated 0 bytes in 40 msecs (HTTP/1.1 204) 5 headers in 199 bytes (1 switches on core 0)
2026-07-16 15:46:38.666 6 INFO placement.requestlog [req-37db64ed-4bdd-4820-8eb5-41295745ee30 req-65db0b4e-0980-481a-b688-b15d653ebf15 abb7a75223ae4aeb99119c3d321afd80 0dedad47ab1843ad810f37376877f347 - - 434aeefec91c499780499746f88cce12 434aeefec91c499780499746f88cce12] 199.204.45.138 "GET /resource_providers/0f8cfe68-c3a9-4747-b777-717f7b9df093/allocations" status: 200 len: 553 microversion: 1.0 [pid: 6|app: 0|req: 598/1200] 199.204.45.138 () {32 vars in 856 bytes} [Thu Jul 16 15:46:38 2026] GET /resource_providers/0f8cfe68-c3a9-4747-b777-717f7b9df093/allocations => generated 553 bytes in 18 msecs (HTTP/1.1 200) 6 headers in 224 bytes (1 switches on core 0)
2026-07-16 15:46:38.685 7 INFO placement.requestlog [req-37db64ed-4bdd-4820-8eb5-41295745ee30 req-76b7a31d-20ad-44b8-87eb-297a3fe6d3ef abb7a75223ae4aeb99119c3d321afd80 0dedad47ab1843ad810f37376877f347 - - 434aeefec91c499780499746f88cce12 434aeefec91c499780499746f88cce12] 199.204.45.138 "GET /allocations/d60e52df-525f-42ca-b25c-ad3b27658ae4" status: 200 len: 258 microversion: 1.28 [pid: 7|app: 0|req: 603/1201] 199.204.45.138 () {34 vars in 862 bytes} [Thu Jul 16 15:46:38 2026] GET /allocations/d60e52df-525f-42ca-b25c-ad3b27658ae4 => generated 258 bytes in 12 msecs (HTTP/1.1 200) 8 headers in 296 bytes (1 switches on core 0)
2026-07-16 15:46:38.703 6 INFO placement.requestlog [req-37db64ed-4bdd-4820-8eb5-41295745ee30 req-2c58f50b-160d-4527-a312-542aab5c8ef2 abb7a75223ae4aeb99119c3d321afd80 0dedad47ab1843ad810f37376877f347 - - 434aeefec91c499780499746f88cce12 434aeefec91c499780499746f88cce12] 199.204.45.138 "GET /allocations/9003ab8a-b459-4e59-9c90-e8604b779027" status: 200 len: 258 microversion: 1.28 [pid: 6|app: 0|req: 599/1202] 199.204.45.138 () {34 vars in 862 bytes} [Thu Jul 16 15:46:38 2026] GET /allocations/9003ab8a-b459-4e59-9c90-e8604b779027 => generated 258 bytes in 13 msecs (HTTP/1.1 200) 8 headers in 296 bytes (1 switches on core 0)
2026-07-16 15:46:38.720 7 INFO placement.requestlog [req-37db64ed-4bdd-4820-8eb5-41295745ee30 req-577013b8-eeef-4bd2-b692-9a49a463e803 abb7a75223ae4aeb99119c3d321afd80 0dedad47ab1843ad810f37376877f347 - - 434aeefec91c499780499746f88cce12 434aeefec91c499780499746f88cce12] 199.204.45.138 "GET /allocations/597c72b0-30b5-4f14-a6d9-6d2d0787be05" status: 200 len: 258 microversion: 1.28 [pid: 7|app: 0|req: 604/1203] 199.204.45.138 () {34 vars in 862 bytes} [Thu Jul 16 15:46:38 2026] GET /allocations/597c72b0-30b5-4f14-a6d9-6d2d0787be05 => generated 258 bytes in 13 msecs (HTTP/1.1 200) 8 headers in 296 bytes (1 switches on core 0)
2026-07-16 15:46:38.738 6 INFO placement.requestlog [req-37db64ed-4bdd-4820-8eb5-41295745ee30 req-103058c1-251f-4957-a048-42759b90e101 abb7a75223ae4aeb99119c3d321afd80 0dedad47ab1843ad810f37376877f347 - - 434aeefec91c499780499746f88cce12 434aeefec91c499780499746f88cce12] 199.204.45.138 "GET /allocations/adbbb91c-403a-4fd8-a36b-5b62af7e5ec3" status: 200 len: 258 microversion: 1.28 [pid: 6|app: 0|req: 600/1204] 199.204.45.138 () {34 vars in 862 bytes} [Thu Jul 16 15:46:38 2026] GET /allocations/adbbb91c-403a-4fd8-a36b-5b62af7e5ec3 => generated 258 bytes in 13 msecs (HTTP/1.1 200) 8 headers in 296 bytes (1 switches on core 0)
2026-07-16 15:46:38.757 7 INFO placement.requestlog [req-37db64ed-4bdd-4820-8eb5-41295745ee30 req-fa67f239-685b-4722-8da7-222a1fbb5dd6 abb7a75223ae4aeb99119c3d321afd80 0dedad47ab1843ad810f37376877f347 - - 434aeefec91c499780499746f88cce12 434aeefec91c499780499746f88cce12] 199.204.45.138 "GET /allocations/be4534bc-bcb0-4fb9-a60a-03630f372368" status: 200 len: 258 microversion: 1.28 [pid: 7|app: 0|req: 605/1205] 199.204.45.138 () {34 vars in 862 bytes} [Thu Jul 16 15:46:38 2026] GET /allocations/be4534bc-bcb0-4fb9-a60a-03630f372368 => generated 258 bytes in 12 msecs (HTTP/1.1 200) 8 headers in 296 bytes (1 switches on core 0)
2026-07-16 15:46:40.090 6 INFO placement.requestlog [req-39631278-92a7-487e-96ab-966e46e1b9f0 req-c03a0a98-9ff3-48d6-a147-3f16323af350 abb7a75223ae4aeb99119c3d321afd80 0dedad47ab1843ad810f37376877f347 - - 434aeefec91c499780499746f88cce12 434aeefec91c499780499746f88cce12] 199.204.45.138 "GET /allocations/597c72b0-30b5-4f14-a6d9-6d2d0787be05" status: 200 len: 258 microversion: 1.28 [pid: 6|app: 0|req: 601/1206] 199.204.45.138 () {34 vars in 862 bytes} [Thu Jul 16 15:46:40 2026] GET /allocations/597c72b0-30b5-4f14-a6d9-6d2d0787be05 => generated 258 bytes in 11 msecs (HTTP/1.1 200) 8 headers in 296 bytes (1 switches on core 0)
2026-07-16 15:46:41.136 7 INFO placement.requestlog [req-39631278-92a7-487e-96ab-966e46e1b9f0 req-c82c1d10-377f-4957-bbeb-251167253e3b abb7a75223ae4aeb99119c3d321afd80 0dedad47ab1843ad810f37376877f347 - - 434aeefec91c499780499746f88cce12 434aeefec91c499780499746f88cce12] 199.204.45.138 "GET /resource_providers/0f8cfe68-c3a9-4747-b777-717f7b9df093/allocations" status: 200 len: 553 microversion: 1.0 [pid: 7|app: 0|req: 606/1207] 199.204.45.138 () {32 vars in 856 bytes} [Thu Jul 16 15:46:41 2026] GET /resource_providers/0f8cfe68-c3a9-4747-b777-717f7b9df093/allocations => generated 553 bytes in 18 msecs (HTTP/1.1 200) 6 headers in 224 bytes (1 switches on core 0)
2026-07-16 15:46:41.158 6 INFO placement.requestlog [req-39631278-92a7-487e-96ab-966e46e1b9f0 req-770e1d2d-9aab-4db1-a9cf-b7a75a56925e abb7a75223ae4aeb99119c3d321afd80 0dedad47ab1843ad810f37376877f347 - - 434aeefec91c499780499746f88cce12 434aeefec91c499780499746f88cce12] 199.204.45.138 "GET /allocations/d60e52df-525f-42ca-b25c-ad3b27658ae4" status: 200 len: 258 microversion: 1.28 [pid: 6|app: 0|req: 602/1208] 199.204.45.138 () {34 vars in 862 bytes} [Thu Jul 16 15:46:41 2026] GET /allocations/d60e52df-525f-42ca-b25c-ad3b27658ae4 => generated 258 bytes in 17 msecs (HTTP/1.1 200) 8 headers in 296 bytes (1 switches on core 0)
2026-07-16 15:46:41.177 7 INFO placement.requestlog [req-39631278-92a7-487e-96ab-966e46e1b9f0 req-53d5a519-4e13-48be-83db-02a5192fc864 abb7a75223ae4aeb99119c3d321afd80 0dedad47ab1843ad810f37376877f347 - - 434aeefec91c499780499746f88cce12 434aeefec91c499780499746f88cce12] 199.204.45.138 "GET /allocations/9003ab8a-b459-4e59-9c90-e8604b779027" status: 200 len: 258 microversion: 1.28 [pid: 7|app: 0|req: 607/1209] 199.204.45.138 () {34 vars in 862 bytes} [Thu Jul 16 15:46:41 2026] GET /allocations/9003ab8a-b459-4e59-9c90-e8604b779027 => generated 258 bytes in 15 msecs (HTTP/1.1 200) 8 headers in 296 bytes (1 switches on core 0)
2026-07-16 15:46:41.197 6 INFO placement.requestlog [req-39631278-92a7-487e-96ab-966e46e1b9f0 req-52c8e060-bcf2-4749-ac09-19af05246d08 abb7a75223ae4aeb99119c3d321afd80 0dedad47ab1843ad810f37376877f347 - - 434aeefec91c499780499746f88cce12 434aeefec91c499780499746f88cce12] 199.204.45.138 "GET /allocations/597c72b0-30b5-4f14-a6d9-6d2d0787be05" status: 200 len: 258 microversion: 1.28 [pid: 6|app: 0|req: 603/1210] 199.204.45.138 () {34 vars in 862 bytes} [Thu Jul 16 15:46:41 2026] GET /allocations/597c72b0-30b5-4f14-a6d9-6d2d0787be05 => generated 258 bytes in 13 msecs (HTTP/1.1 200) 8 headers in 296 bytes (1 switches on core 0)
2026-07-16 15:46:41.217 7 INFO placement.requestlog [req-39631278-92a7-487e-96ab-966e46e1b9f0 req-01b12383-f96f-43a5-a078-2ed684758b00 abb7a75223ae4aeb99119c3d321afd80 0dedad47ab1843ad810f37376877f347 - - 434aeefec91c499780499746f88cce12 434aeefec91c499780499746f88cce12] 199.204.45.138 "GET /allocations/adbbb91c-403a-4fd8-a36b-5b62af7e5ec3" status: 200 len: 258 microversion: 1.28 [pid: 7|app: 0|req: 608/1211] 199.204.45.138 () {34 vars in 862 bytes} [Thu Jul 16 15:46:41 2026] GET /allocations/adbbb91c-403a-4fd8-a36b-5b62af7e5ec3 => generated 258 bytes in 15 msecs (HTTP/1.1 200) 8 headers in 296 bytes (1 switches on core 0)
2026-07-16 15:46:41.240 6 INFO placement.requestlog [req-39631278-92a7-487e-96ab-966e46e1b9f0 req-36499341-7b8b-4f85-ba54-385aba8e44a5 abb7a75223ae4aeb99119c3d321afd80 0dedad47ab1843ad810f37376877f347 - - 434aeefec91c499780499746f88cce12 434aeefec91c499780499746f88cce12] 199.204.45.138 "GET /allocations/be4534bc-bcb0-4fb9-a60a-03630f372368" status: 200 len: 258 microversion: 1.28 [pid: 6|app: 0|req: 604/1212] 199.204.45.138 () {34 vars in 862 bytes} [Thu Jul 16 15:46:41 2026] GET /allocations/be4534bc-bcb0-4fb9-a60a-03630f372368 => generated 258 bytes in 16 msecs (HTTP/1.1 200) 8 headers in 296 bytes (1 switches on core 0)
2026-07-16 15:46:44.105 6 INFO placement.requestlog [None req-69319d0d-ea17-4b66-83a7-e8e790e1020d - - - - - -] 10.0.0.17 "GET /" status: 200 len: 136 microversion: 1.0
2026-07-16 15:46:44.105 7 INFO placement.requestlog [None req-dd552b3a-0b30-4df8-bd34-35035dec93d9 - - - - - -] 10.0.0.17 "GET /" status: 200 len: 136 microversion: 1.0
2026-07-16 15:46:46.817 6 INFO placement.requestlog [req-926a73b4-9e55-4bc2-9801-bba19892a647 req-e76155db-365f-4bda-9512-b48c4ac6cfd7 abb7a75223ae4aeb99119c3d321afd80 0dedad47ab1843ad810f37376877f347 - - 434aeefec91c499780499746f88cce12 434aeefec91c499780499746f88cce12] 199.204.45.138 "GET /resource_providers/0f8cfe68-c3a9-4747-b777-717f7b9df093/allocations" status: 200 len: 553 microversion: 1.0 [pid: 6|app: 0|req: 606/1215] 199.204.45.138 () {32 vars in 856 bytes} [Thu Jul 16 15:46:46 2026] GET /resource_providers/0f8cfe68-c3a9-4747-b777-717f7b9df093/allocations => generated 553 bytes in 26 msecs (HTTP/1.1 200) 6 headers in 224 bytes (1 switches on core 0)
2026-07-16 15:46:46.839 7 INFO placement.requestlog [req-926a73b4-9e55-4bc2-9801-bba19892a647 req-507b4490-4f53-4951-b913-d4ecddf919f9 abb7a75223ae4aeb99119c3d321afd80 0dedad47ab1843ad810f37376877f347 - - 434aeefec91c499780499746f88cce12 434aeefec91c499780499746f88cce12] 199.204.45.138 "GET /allocations/d60e52df-525f-42ca-b25c-ad3b27658ae4" status: 200 len: 258 microversion: 1.28 [pid: 7|app: 0|req: 610/1216] 199.204.45.138 () {34 vars in 862 bytes} [Thu Jul 16 15:46:46 2026] GET /allocations/d60e52df-525f-42ca-b25c-ad3b27658ae4 => generated 258 bytes in 15 msecs (HTTP/1.1 200) 8 headers in 296 bytes (1 switches on core 0)
2026-07-16 15:46:46.859 6 INFO placement.requestlog [req-926a73b4-9e55-4bc2-9801-bba19892a647 req-ce0661f6-f32d-4732-b0db-a437cc5b0cae abb7a75223ae4aeb99119c3d321afd80 0dedad47ab1843ad810f37376877f347 - - 434aeefec91c499780499746f88cce12 434aeefec91c499780499746f88cce12] 199.204.45.138 "GET /allocations/9003ab8a-b459-4e59-9c90-e8604b779027" status: 200 len: 258 microversion: 1.28 [pid: 6|app: 0|req: 607/1217] 199.204.45.138 () {34 vars in 862 bytes} [Thu Jul 16 15:46:46 2026] GET /allocations/9003ab8a-b459-4e59-9c90-e8604b779027 => generated 258 bytes in 14 msecs (HTTP/1.1 200) 8 headers in 296 bytes (1 switches on core 0)
2026-07-16 15:46:46.878 7 INFO placement.requestlog [req-926a73b4-9e55-4bc2-9801-bba19892a647 req-f895d648-4bb4-4c56-8ae5-6ef5146a3d31 abb7a75223ae4aeb99119c3d321afd80 0dedad47ab1843ad810f37376877f347 - - 434aeefec91c499780499746f88cce12 434aeefec91c499780499746f88cce12] 199.204.45.138 "GET /allocations/597c72b0-30b5-4f14-a6d9-6d2d0787be05" status: 200 len: 258 microversion: 1.28 [pid: 7|app: 0|req: 611/1218] 199.204.45.138 () {34 vars in 862 bytes} [Thu Jul 16 15:46:46 2026] GET /allocations/597c72b0-30b5-4f14-a6d9-6d2d0787be05 => generated 258 bytes in 15 msecs (HTTP/1.1 200) 8 headers in 296 bytes (1 switches on core 0)
2026-07-16 15:46:46.895 6 INFO placement.requestlog [req-926a73b4-9e55-4bc2-9801-bba19892a647 req-b23b94bf-d300-43b9-a0c9-0ed736d3387a abb7a75223ae4aeb99119c3d321afd80 0dedad47ab1843ad810f37376877f347 - - 434aeefec91c499780499746f88cce12 434aeefec91c499780499746f88cce12] 199.204.45.138 "GET /allocations/adbbb91c-403a-4fd8-a36b-5b62af7e5ec3" status: 200 len: 258 microversion: 1.28 [pid: 6|app: 0|req: 608/1219] 199.204.45.138 () {34 vars in 862 bytes} [Thu Jul 16 15:46:46 2026] GET /allocations/adbbb91c-403a-4fd8-a36b-5b62af7e5ec3 => generated 258 bytes in 12 msecs (HTTP/1.1 200) 8 headers in 296 bytes (1 switches on core 0)
2026-07-16 15:46:46.924 7 INFO placement.requestlog [req-926a73b4-9e55-4bc2-9801-bba19892a647 req-2bbded0d-580f-4895-acdf-176d8b9213e7 abb7a75223ae4aeb99119c3d321afd80 0dedad47ab1843ad810f37376877f347 - - 434aeefec91c499780499746f88cce12 434aeefec91c499780499746f88cce12] 199.204.45.138 "GET /allocations/be4534bc-bcb0-4fb9-a60a-03630f372368" status: 200 len: 258 microversion: 1.28 [pid: 7|app: 0|req: 612/1220] 199.204.45.138 () {34 vars in 862 bytes} [Thu Jul 16 15:46:46 2026] GET /allocations/be4534bc-bcb0-4fb9-a60a-03630f372368 => generated 258 bytes in 24 msecs (HTTP/1.1 200) 8 headers in 296 bytes (1 switches on core 0)
2026-07-16 15:46:47.980 6 INFO placement.requestlog [req-926a73b4-9e55-4bc2-9801-bba19892a647 req-e5b886a6-4b15-4187-8ded-84ffc7e02a50 abb7a75223ae4aeb99119c3d321afd80 0dedad47ab1843ad810f37376877f347 - - 434aeefec91c499780499746f88cce12 434aeefec91c499780499746f88cce12] 199.204.45.138 "DELETE /allocations/adbbb91c-403a-4fd8-a36b-5b62af7e5ec3" status: 204 len: 0 microversion: 1.0 [pid: 6|app: 0|req: 609/1221] 199.204.45.138 () {34 vars in 840 bytes} [Thu Jul 16 15:46:47 2026] DELETE /allocations/adbbb91c-403a-4fd8-a36b-5b62af7e5ec3 => generated 0 bytes in 32 msecs (HTTP/1.1 204) 5 headers in 198 bytes (1 switches on core 0)
2026-07-16 15:46:51.801 7 INFO placement.requestlog [None req-5b276e0d-7f8e-4e95-8e20-b405f4d04719 49bf7f3475fd4c77a1c42ecf96ff0f21 0dedad47ab1843ad810f37376877f347 - - 434aeefec91c499780499746f88cce12 434aeefec91c499780499746f88cce12] 10.0.0.149 "GET /resource_providers/658696eb-8b68-4c66-97f1-e63bc478fe70/aggregates" status: 404 len: 235 microversion: 1.1 [pid: 7|app: 0|req: 613/1222] 10.0.0.149 () {32 vars in 815 bytes} [Thu Jul 16 15:46:51 2026] GET /resource_providers/658696eb-8b68-4c66-97f1-e63bc478fe70/aggregates => generated 235 bytes in 13 msecs (HTTP/1.1 404) 5 headers in 202 bytes (1 switches on core 0)
2026-07-16 15:46:51.802 6 INFO placement.requestlog [None req-bd62c726-13f0-41c0-ae50-479d16540c44 49bf7f3475fd4c77a1c42ecf96ff0f21 0dedad47ab1843ad810f37376877f347 - - 434aeefec91c499780499746f88cce12 434aeefec91c499780499746f88cce12] 10.0.0.149 "GET /resource_providers/658696eb-8b68-4c66-97f1-e63bc478fe70/aggregates" status: 404 len: 235 microversion: 1.1 [pid: 6|app: 0|req: 610/1223] 10.0.0.149 () {32 vars in 815 bytes} [Thu Jul 16 15:46:51 2026] GET /resource_providers/658696eb-8b68-4c66-97f1-e63bc478fe70/aggregates => generated 235 bytes in 9 msecs (HTTP/1.1 404) 5 headers in 202 bytes (1 switches on core 0)
2026-07-16 15:46:51.826 6 INFO placement.requestlog [None req-f1001fe5-a757-4ab7-9936-08f62372b489 49bf7f3475fd4c77a1c42ecf96ff0f21 0dedad47ab1843ad810f37376877f347 - - 434aeefec91c499780499746f88cce12 434aeefec91c499780499746f88cce12] 10.0.0.149 "DELETE /resource_providers/658696eb-8b68-4c66-97f1-e63bc478fe70" status: 404 len: 246 microversion: 1.1 [pid: 6|app: 0|req: 611/1224] 10.0.0.149 () {34 vars in 815 bytes} [Thu Jul 16 15:46:51 2026] DELETE /resource_providers/658696eb-8b68-4c66-97f1-e63bc478fe70 => generated 246 bytes in 9 msecs (HTTP/1.1 404) 6 headers in 231 bytes (1 switches on core 0)
2026-07-16 15:46:51.827 7 INFO placement.requestlog [None req-5bf66b5a-ac34-41da-8ba8-236d443d32f2 49bf7f3475fd4c77a1c42ecf96ff0f21 0dedad47ab1843ad810f37376877f347 - - 434aeefec91c499780499746f88cce12 434aeefec91c499780499746f88cce12] 10.0.0.149 "DELETE /resource_providers/658696eb-8b68-4c66-97f1-e63bc478fe70" status: 404 len: 246 microversion: 1.1 [pid: 7|app: 0|req: 614/1225] 10.0.0.149 () {34 vars in 815 bytes} [Thu Jul 16 15:46:51 2026] DELETE /resource_providers/658696eb-8b68-4c66-97f1-e63bc478fe70 => generated 246 bytes in 15 msecs (HTTP/1.1 404) 6 headers in 231 bytes (1 switches on core 0)
2026-07-16 15:46:53.856 6 INFO placement.requestlog [None req-e35f5573-185a-4a92-bac7-ed375136133d 49bf7f3475fd4c77a1c42ecf96ff0f21 0dedad47ab1843ad810f37376877f347 - - 434aeefec91c499780499746f88cce12 434aeefec91c499780499746f88cce12] 10.0.0.149 "GET /resource_providers/5a602080-9382-4755-b4e8-2daf82a83e87/aggregates" status: 404 len: 235 microversion: 1.1 [pid: 6|app: 0|req: 612/1226] 10.0.0.149 () {32 vars in 815 bytes} [Thu Jul 16 15:46:53 2026] GET /resource_providers/5a602080-9382-4755-b4e8-2daf82a83e87/aggregates => generated 235 bytes in 11 msecs (HTTP/1.1 404) 5 headers in 202 bytes (1 switches on core 0)
2026-07-16 15:46:53.858 7 INFO placement.requestlog [None req-6a3774e8-aab5-4954-ad90-3ff55fd8dd33 49bf7f3475fd4c77a1c42ecf96ff0f21 0dedad47ab1843ad810f37376877f347 - - 434aeefec91c499780499746f88cce12 434aeefec91c499780499746f88cce12] 10.0.0.149 "GET /resource_providers/5a602080-9382-4755-b4e8-2daf82a83e87/aggregates" status: 404 len: 235 microversion: 1.1 [pid: 7|app: 0|req: 615/1227] 10.0.0.149 () {32 vars in 815 bytes} [Thu Jul 16 15:46:53 2026] GET /resource_providers/5a602080-9382-4755-b4e8-2daf82a83e87/aggregates => generated 235 bytes in 12 msecs (HTTP/1.1 404) 5 headers in 202 bytes (1 switches on core 0)
2026-07-16 15:46:53.879 6 INFO placement.requestlog [None req-5e4af9ee-8470-4d58-a6c8-82b5009d2cb7 49bf7f3475fd4c77a1c42ecf96ff0f21 0dedad47ab1843ad810f37376877f347 - - 434aeefec91c499780499746f88cce12 434aeefec91c499780499746f88cce12] 10.0.0.149 "DELETE /resource_providers/5a602080-9382-4755-b4e8-2daf82a83e87" status: 404 len: 246 microversion: 1.1 [pid: 6|app: 0|req: 613/1228] 10.0.0.149 () {34 vars in 815 bytes} [Thu Jul 16 15:46:53 2026] DELETE /resource_providers/5a602080-9382-4755-b4e8-2daf82a83e87 => generated 246 bytes in 11 msecs (HTTP/1.1 404) 6 headers in 231 bytes (1 switches on core 0)
2026-07-16 15:46:53.883 7 INFO placement.requestlog [None req-a4477842-956b-482d-8b23-9973518b1725 49bf7f3475fd4c77a1c42ecf96ff0f21 0dedad47ab1843ad810f37376877f347 - - 434aeefec91c499780499746f88cce12 434aeefec91c499780499746f88cce12] 10.0.0.149 "DELETE /resource_providers/5a602080-9382-4755-b4e8-2daf82a83e87" status: 404 len: 246 microversion: 1.1 [pid: 7|app: 0|req: 616/1229] 10.0.0.149 () {34 vars in 815 bytes} [Thu Jul 16 15:46:53 2026] DELETE /resource_providers/5a602080-9382-4755-b4e8-2daf82a83e87 => generated 246 bytes in 9 msecs (HTTP/1.1 404) 6 headers in 231 bytes (1 switches on core 0)
2026-07-16 15:46:54.105 6 INFO placement.requestlog [None req-b1f99875-c8fe-4271-a486-192f536e0779 - - - - - -] 10.0.0.17 "GET /" status: 200 len: 136 microversion: 1.0
2026-07-16 15:46:54.105 7 INFO placement.requestlog [None req-ea18fb05-98ea-4a8c-bd3e-0f885153b62d - - - - - -] 10.0.0.17 "GET /" status: 200 len: 136 microversion: 1.0
2026-07-16 15:46:54.763 7 INFO placement.requestlog [None req-b9e8d8a3-e3c2-49c6-a464-29ff162abb6f 49bf7f3475fd4c77a1c42ecf96ff0f21 0dedad47ab1843ad810f37376877f347 - - 434aeefec91c499780499746f88cce12 434aeefec91c499780499746f88cce12] 10.0.0.149 "GET /resource_providers/905acc98-176a-406b-8b4a-f65cd5d39425/aggregates" status: 404 len: 235 microversion: 1.1 [pid: 7|app: 0|req: 618/1232] 10.0.0.149 () {32 vars in 815 bytes} [Thu Jul 16 15:46:54 2026] GET /resource_providers/905acc98-176a-406b-8b4a-f65cd5d39425/aggregates => generated 235 bytes in 9 msecs (HTTP/1.1 404) 5 headers in 202 bytes (1 switches on core 0)
2026-07-16 15:46:54.774 6 INFO placement.requestlog [None req-1d1a113e-e7ad-45a6-9f26-ae43e756b48c 49bf7f3475fd4c77a1c42ecf96ff0f21 0dedad47ab1843ad810f37376877f347 - - 434aeefec91c499780499746f88cce12 434aeefec91c499780499746f88cce12] 10.0.0.149 "GET /resource_providers/905acc98-176a-406b-8b4a-f65cd5d39425/aggregates" status: 404 len: 235 microversion: 1.1 [pid: 6|app: 0|req: 615/1233] 10.0.0.149 () {32 vars in 815 bytes} [Thu Jul 16 15:46:54 2026] GET /resource_providers/905acc98-176a-406b-8b4a-f65cd5d39425/aggregates => generated 235 bytes in 13 msecs (HTTP/1.1 404) 5 headers in 202 bytes (1 switches on core 0)
2026-07-16 15:46:54.783 7 INFO placement.requestlog [None req-f51ebb9c-6a7b-4b44-8bda-f52fca2536b9 49bf7f3475fd4c77a1c42ecf96ff0f21 0dedad47ab1843ad810f37376877f347 - - 434aeefec91c499780499746f88cce12 434aeefec91c499780499746f88cce12] 10.0.0.149 "DELETE /resource_providers/905acc98-176a-406b-8b4a-f65cd5d39425" status: 404 len: 246 microversion: 1.1 [pid: 7|app: 0|req: 619/1234] 10.0.0.149 () {34 vars in 815 bytes} [Thu Jul 16 15:46:54 2026] DELETE /resource_providers/905acc98-176a-406b-8b4a-f65cd5d39425 => generated 246 bytes in 10 msecs (HTTP/1.1 404) 6 headers in 231 bytes (1 switches on core 0)
2026-07-16 15:46:54.796 6 INFO placement.requestlog [None req-59b9ac93-2f4e-49f5-9a75-0877e45b8205 49bf7f3475fd4c77a1c42ecf96ff0f21 0dedad47ab1843ad810f37376877f347 - - 434aeefec91c499780499746f88cce12 434aeefec91c499780499746f88cce12] 10.0.0.149 "DELETE /resource_providers/905acc98-176a-406b-8b4a-f65cd5d39425" status: 404 len: 246 microversion: 1.1 [pid: 6|app: 0|req: 616/1235] 10.0.0.149 () {34 vars in 815 bytes} [Thu Jul 16 15:46:54 2026] DELETE /resource_providers/905acc98-176a-406b-8b4a-f65cd5d39425 => generated 246 bytes in 10 msecs (HTTP/1.1 404) 6 headers in 231 bytes (1 switches on core 0)
2026-07-16 15:46:56.800 7 INFO placement.requestlog [None req-cb64da64-66f3-41a4-8c70-76cd51e3d92b 49bf7f3475fd4c77a1c42ecf96ff0f21 0dedad47ab1843ad810f37376877f347 - - 434aeefec91c499780499746f88cce12 434aeefec91c499780499746f88cce12] 10.0.0.149 "GET /resource_providers/f048dfb1-5b08-41cc-8aa5-616674ade388/aggregates" status: 404 len: 235 microversion: 1.1 [pid: 7|app: 0|req: 620/1236] 10.0.0.149 () {32 vars in 815 bytes} [Thu Jul 16 15:46:56 2026] GET /resource_providers/f048dfb1-5b08-41cc-8aa5-616674ade388/aggregates => generated 235 bytes in 10 msecs (HTTP/1.1 404) 5 headers in 202 bytes (1 switches on core 0)
2026-07-16 15:46:56.815 7 INFO placement.requestlog [None req-d4714047-5d03-4fc1-afbe-ce23d36bce4e 49bf7f3475fd4c77a1c42ecf96ff0f21 0dedad47ab1843ad810f37376877f347 - - 434aeefec91c499780499746f88cce12 434aeefec91c499780499746f88cce12] 10.0.0.149 "DELETE /resource_providers/f048dfb1-5b08-41cc-8aa5-616674ade388" status: 404 len: 246 microversion: 1.1 [pid: 7|app: 0|req: 621/1237] 10.0.0.149 () {34 vars in 815 bytes} [Thu Jul 16 15:46:56 2026] DELETE /resource_providers/f048dfb1-5b08-41cc-8aa5-616674ade388 => generated 246 bytes in 8 msecs (HTTP/1.1 404) 6 headers in 231 bytes (1 switches on core 0)
2026-07-16 15:46:56.817 6 INFO placement.requestlog [None req-3f2f1b7e-4242-4b3f-98ad-51592c1d7b23 49bf7f3475fd4c77a1c42ecf96ff0f21 0dedad47ab1843ad810f37376877f347 - - 434aeefec91c499780499746f88cce12 434aeefec91c499780499746f88cce12] 10.0.0.149 "GET /resource_providers/f048dfb1-5b08-41cc-8aa5-616674ade388/aggregates" status: 404 len: 235 microversion: 1.1 [pid: 6|app: 0|req: 617/1238] 10.0.0.149 () {32 vars in 815 bytes} [Thu Jul 16 15:46:56 2026] GET /resource_providers/f048dfb1-5b08-41cc-8aa5-616674ade388/aggregates => generated 235 bytes in 11 msecs (HTTP/1.1 404) 5 headers in 202 bytes (1 switches on core 0)
2026-07-16 15:46:56.833 7 INFO placement.requestlog [None req-ab589079-9428-482d-ad3c-70c4e0cba19b 49bf7f3475fd4c77a1c42ecf96ff0f21 0dedad47ab1843ad810f37376877f347 - - 434aeefec91c499780499746f88cce12 434aeefec91c499780499746f88cce12] 10.0.0.149 "DELETE /resource_providers/f048dfb1-5b08-41cc-8aa5-616674ade388" status: 404 len: 246 microversion: 1.1 [pid: 7|app: 0|req: 622/1239] 10.0.0.149 () {34 vars in 815 bytes} [Thu Jul 16 15:46:56 2026] DELETE /resource_providers/f048dfb1-5b08-41cc-8aa5-616674ade388 => generated 246 bytes in 7 msecs (HTTP/1.1 404) 6 headers in 231 bytes (1 switches on core 0)
2026-07-16 15:47:04.104 6 INFO placement.requestlog [None req-2177c1e8-d6f6-4463-852e-b4a606ecc759 - - - - - -] 10.0.0.17 "GET /" status: 200 len: 136 microversion: 1.0
2026-07-16 15:47:04.104 7 INFO placement.requestlog [None req-b6ec76a2-2563-4cbb-9c8f-f3aaa545d56d - - - - - -] 10.0.0.17 "GET /" status: 200 len: 136 microversion: 1.0
2026-07-16 15:47:11.971 7 INFO placement.requestlog [None req-0d64eefa-5eb4-474e-bc52-99f0ae4b4ac6 49bf7f3475fd4c77a1c42ecf96ff0f21 0dedad47ab1843ad810f37376877f347 - - 434aeefec91c499780499746f88cce12 434aeefec91c499780499746f88cce12] 10.0.0.149 "GET /resource_providers/dcd0d885-e15a-4e19-b3c7-0a916925bf7d/aggregates" status: 404 len: 235 microversion: 1.1 [pid: 7|app: 0|req: 624/1242] 10.0.0.149 () {32 vars in 815 bytes} [Thu Jul 16 15:47:11 2026] GET /resource_providers/dcd0d885-e15a-4e19-b3c7-0a916925bf7d/aggregates => generated 235 bytes in 10 msecs (HTTP/1.1 404) 5 headers in 202 bytes (1 switches on core 0)
2026-07-16 15:47:11.974 6 INFO placement.requestlog [None req-61b7aa42-b0d6-4fbf-9a44-440ee9ab9adf 49bf7f3475fd4c77a1c42ecf96ff0f21 0dedad47ab1843ad810f37376877f347 - - 434aeefec91c499780499746f88cce12 434aeefec91c499780499746f88cce12] 10.0.0.149 "GET /resource_providers/dcd0d885-e15a-4e19-b3c7-0a916925bf7d/aggregates" status: 404 len: 235 microversion: 1.1 [pid: 6|app: 0|req: 619/1243] 10.0.0.149 () {32 vars in 815 bytes} [Thu Jul 16 15:47:11 2026] GET /resource_providers/dcd0d885-e15a-4e19-b3c7-0a916925bf7d/aggregates => generated 235 bytes in 12 msecs (HTTP/1.1 404) 5 headers in 202 bytes (1 switches on core 0)
2026-07-16 15:47:11.995 7 INFO placement.requestlog [None req-107dd87f-0978-424f-90e8-3eb1fe7fd095 49bf7f3475fd4c77a1c42ecf96ff0f21 0dedad47ab1843ad810f37376877f347 - - 434aeefec91c499780499746f88cce12 434aeefec91c499780499746f88cce12] 10.0.0.149 "DELETE /resource_providers/dcd0d885-e15a-4e19-b3c7-0a916925bf7d" status: 404 len: 246 microversion: 1.1 [pid: 7|app: 0|req: 625/1244] 10.0.0.149 () {34 vars in 815 bytes} [Thu Jul 16 15:47:11 2026] DELETE /resource_providers/dcd0d885-e15a-4e19-b3c7-0a916925bf7d => generated 246 bytes in 10 msecs (HTTP/1.1 404) 6 headers in 231 bytes (1 switches on core 0)
2026-07-16 15:47:11.999 6 INFO placement.requestlog [None req-4572607f-83d2-47db-bc73-ff31d75562ed 49bf7f3475fd4c77a1c42ecf96ff0f21 0dedad47ab1843ad810f37376877f347 - - 434aeefec91c499780499746f88cce12 434aeefec91c499780499746f88cce12] 10.0.0.149 "DELETE /resource_providers/dcd0d885-e15a-4e19-b3c7-0a916925bf7d" status: 404 len: 246 microversion: 1.1 [pid: 6|app: 0|req: 620/1245] 10.0.0.149 () {34 vars in 815 bytes} [Thu Jul 16 15:47:11 2026] DELETE /resource_providers/dcd0d885-e15a-4e19-b3c7-0a916925bf7d => generated 246 bytes in 10 msecs (HTTP/1.1 404) 6 headers in 231 bytes (1 switches on core 0)
2026-07-16 15:47:14.104 7 INFO placement.requestlog [None req-939e9d49-13b8-484b-96bb-771b43abd639 - - - - - -] 10.0.0.17 "GET /" status: 200 len: 136 microversion: 1.0
2026-07-16 15:47:14.105 6 INFO placement.requestlog [None req-1afddedb-0037-4939-a4f0-ac03533bfd2b - - - - - -] 10.0.0.17 "GET /" status: 200 len: 136 microversion: 1.0
2026-07-16 15:47:16.687 7 INFO placement.requestlog [req-01f676ab-3a48-4294-b43b-fb68141ff986 req-60ea4f7f-7b77-43db-bdc2-9c9eec2c1dba abb7a75223ae4aeb99119c3d321afd80 0dedad47ab1843ad810f37376877f347 - - 434aeefec91c499780499746f88cce12 434aeefec91c499780499746f88cce12] 199.204.45.138 "GET /resource_providers/0f8cfe68-c3a9-4747-b777-717f7b9df093/allocations" status: 200 len: 453 microversion: 1.0 [pid: 7|app: 0|req: 627/1248] 199.204.45.138 () {32 vars in 856 bytes} [Thu Jul 16 15:47:16 2026] GET /resource_providers/0f8cfe68-c3a9-4747-b777-717f7b9df093/allocations => generated 453 bytes in 15 msecs (HTTP/1.1 200) 6 headers in 224 bytes (1 switches on core 0)
2026-07-16 15:47:16.707 6 INFO placement.requestlog [req-01f676ab-3a48-4294-b43b-fb68141ff986 req-6351a351-41af-46cc-bcc7-9b5e9511ce5c abb7a75223ae4aeb99119c3d321afd80 0dedad47ab1843ad810f37376877f347 - - 434aeefec91c499780499746f88cce12 434aeefec91c499780499746f88cce12] 199.204.45.138 "GET /allocations/d60e52df-525f-42ca-b25c-ad3b27658ae4" status: 200 len: 258 microversion: 1.28 [pid: 6|app: 0|req: 622/1249] 199.204.45.138 () {34 vars in 862 bytes} [Thu Jul 16 15:47:16 2026] GET /allocations/d60e52df-525f-42ca-b25c-ad3b27658ae4 => generated 258 bytes in 12 msecs (HTTP/1.1 200) 8 headers in 296 bytes (1 switches on core 0)
2026-07-16 15:47:16.759 7 INFO placement.requestlog [req-01f676ab-3a48-4294-b43b-fb68141ff986 req-b965738b-7bfe-488b-8d72-4dc27fcaa75c abb7a75223ae4aeb99119c3d321afd80 0dedad47ab1843ad810f37376877f347 - - 434aeefec91c499780499746f88cce12 434aeefec91c499780499746f88cce12] 199.204.45.138 "GET /allocations/9003ab8a-b459-4e59-9c90-e8604b779027" status: 200 len: 258 microversion: 1.28 [pid: 7|app: 0|req: 628/1250] 199.204.45.138 () {34 vars in 862 bytes} [Thu Jul 16 15:47:16 2026] GET /allocations/9003ab8a-b459-4e59-9c90-e8604b779027 => generated 258 bytes in 44 msecs (HTTP/1.1 200) 8 headers in 296 bytes (1 switches on core 0)
