2026-07-25 09:08:03.562 7 INFO neutron.api.extensions [None req-196061cc-c3c1-428a-9df7-d3f240dbb953 - - - - - -] Loaded extension: net-mtu-writable
2026-07-25 09:08:03.563 6 INFO neutron.api.extensions [None req-8015163a-30af-421c-950e-5cff94f3b4ab - - - - - -] Extension uplink-status-propagation-updatable not supported by any of loaded plugins
2026-07-25 09:08:03.563 7 INFO neutron.api.extensions [None req-196061cc-c3c1-428a-9df7-d3f240dbb953 - - - - - -] Loaded extension: network_availability_zone
2026-07-25 09:08:03.563 6 INFO neutron.api.extensions [None req-8015163a-30af-421c-950e-5cff94f3b4ab - - - - - -] Loaded extension: vlan-transparent
2026-07-25 09:08:03.564 7 INFO neutron.api.extensions [None req-196061cc-c3c1-428a-9df7-d3f240dbb953 - - - - - -] Extension network_ha not supported by any of loaded plugins
2026-07-25 09:08:03.564 6 INFO neutron.api.extensions [None req-8015163a-30af-421c-950e-5cff94f3b4ab - - - - - -] Loaded extension: vpn-aes-ctr
2026-07-25 09:08:03.564 7 INFO neutron.api.extensions [None req-196061cc-c3c1-428a-9df7-d3f240dbb953 - - - - - -] Loaded extension: network-ip-availability
2026-07-25 09:08:03.565 7 INFO neutron.api.extensions [None req-196061cc-c3c1-428a-9df7-d3f240dbb953 - - - - - -] Extension network-segment-range not supported by any of loaded plugins
2026-07-25 09:08:03.566 7 INFO neutron.api.extensions [None req-196061cc-c3c1-428a-9df7-d3f240dbb953 - - - - - -] Loaded extension: pagination
2026-07-25 09:08:03.566 6 INFO neutron.api.extensions [None req-8015163a-30af-421c-950e-5cff94f3b4ab - - - - - -] Loaded extension: vpn-agent-scheduler
2026-07-25 09:08:03.566 7 INFO neutron.api.extensions [None req-196061cc-c3c1-428a-9df7-d3f240dbb953 - - - - - -] Loaded extension: port-device-profile
2026-07-25 09:08:03.567 6 INFO neutron.api.extensions [None req-8015163a-30af-421c-950e-5cff94f3b4ab - - - - - -] Loaded extension: vpn-endpoint-groups
2026-07-25 09:08:03.567 7 INFO neutron.api.extensions [None req-196061cc-c3c1-428a-9df7-d3f240dbb953 - - - - - -] Extension port-hardware-offload-type not supported by any of loaded plugins
2026-07-25 09:08:03.567 7 INFO neutron.api.extensions [None req-196061cc-c3c1-428a-9df7-d3f240dbb953 - - - - - -] Extension port-hint-ovs-tx-steering not supported by any of loaded plugins
2026-07-25 09:08:03.567 6 INFO neutron.api.extensions [None req-8015163a-30af-421c-950e-5cff94f3b4ab - - - - - -] Loaded extension: vpn-flavors
2026-07-25 09:08:03.568 7 INFO neutron.api.extensions [None req-196061cc-c3c1-428a-9df7-d3f240dbb953 - - - - - -] Extension port-hints not supported by any of loaded plugins
2026-07-25 09:08:03.568 7 INFO neutron.api.extensions [None req-196061cc-c3c1-428a-9df7-d3f240dbb953 - - - - - -] Extension port-mac-override not supported by any of loaded plugins
2026-07-25 09:08:03.568 7 INFO neutron.api.extensions [None req-196061cc-c3c1-428a-9df7-d3f240dbb953 - - - - - -] Loaded extension: port-mac-address-regenerate
2026-07-25 09:08:03.569 6 INFO neutron.api.extensions [None req-8015163a-30af-421c-950e-5cff94f3b4ab - - - - - -] Loaded extension: vpnaas
2026-07-25 09:08:03.569 7 INFO neutron.api.extensions [None req-196061cc-c3c1-428a-9df7-d3f240dbb953 - - - - - -] Loaded extension: port-numa-affinity-policy
2026-07-25 09:08:03.569 7 INFO neutron.api.extensions [None req-196061cc-c3c1-428a-9df7-d3f240dbb953 - - - - - -] Loaded extension: port-numa-affinity-policy-socket
2026-07-25 09:08:03.570 7 INFO neutron.api.extensions [None req-196061cc-c3c1-428a-9df7-d3f240dbb953 - - - - - -] Loaded extension: port-resource-request
2026-07-25 09:08:03.570 6 INFO neutron.api.extensions [None req-8015163a-30af-421c-950e-5cff94f3b4ab - - - - - -] Loaded extension: taas
2026-07-25 09:08:03.570 7 INFO neutron.api.extensions [None req-196061cc-c3c1-428a-9df7-d3f240dbb953 - - - - - -] Loaded extension: port-resource-request-groups
2026-07-25 09:08:03.571 7 INFO neutron.api.extensions [None req-196061cc-c3c1-428a-9df7-d3f240dbb953 - - - - - -] Extension port-trusted-vif not supported by any of loaded plugins
2026-07-25 09:08:03.571 6 INFO neutron.api.extensions [None req-8015163a-30af-421c-950e-5cff94f3b4ab - - - - - -] Loaded extension: tap-mirror
2026-07-25 09:08:03.571 7 INFO neutron.api.extensions [None req-196061cc-c3c1-428a-9df7-d3f240dbb953 - - - - - -] Loaded extension: binding
2026-07-25 09:08:03.572 6 INFO neutron.api.extensions [None req-8015163a-30af-421c-950e-5cff94f3b4ab - - - - - -] Loaded extension: taas-vlan-filter
2026-07-25 09:08:03.572 7 INFO neutron.api.extensions [None req-196061cc-c3c1-428a-9df7-d3f240dbb953 - - - - - -] Loaded extension: binding-extended
2026-07-25 09:08:03.573 7 INFO neutron.api.extensions [None req-196061cc-c3c1-428a-9df7-d3f240dbb953 - - - - - -] Loaded extension: port-security
2026-07-25 09:08:03.573 7 INFO neutron.api.extensions [None req-196061cc-c3c1-428a-9df7-d3f240dbb953 - - - - - -] Loaded extension: project-id
2026-07-25 09:08:03.574 7 INFO neutron.api.extensions [None req-196061cc-c3c1-428a-9df7-d3f240dbb953 - - - - - -] Loaded extension: provider
2026-07-25 09:08:03.574 6 INFO neutron.quota.resource_registry [None req-8015163a-30af-421c-950e-5cff94f3b4ab - - - - - -] Creating instance of TrackedResource for resource:network
2026-07-25 09:08:03.574 7 INFO neutron.api.extensions [None req-196061cc-c3c1-428a-9df7-d3f240dbb953 - - - - - -] Loaded extension: qinq
2026-07-25 09:08:03.574 6 INFO neutron.quota.resource_registry [None req-8015163a-30af-421c-950e-5cff94f3b4ab - - - - - -] Creating instance of TrackedResource for resource:subnet
2026-07-25 09:08:03.574 6 INFO neutron.quota.resource_registry [None req-8015163a-30af-421c-950e-5cff94f3b4ab - - - - - -] Creating instance of TrackedResource for resource:subnetpool
2026-07-25 09:08:03.575 6 INFO neutron.quota.resource_registry [None req-8015163a-30af-421c-950e-5cff94f3b4ab - - - - - -] Creating instance of TrackedResource for resource:port
2026-07-25 09:08:03.576 7 INFO neutron.api.extensions [None req-196061cc-c3c1-428a-9df7-d3f240dbb953 - - - - - -] Loaded extension: qos
2026-07-25 09:08:03.577 7 INFO neutron.api.extensions [None req-196061cc-c3c1-428a-9df7-d3f240dbb953 - - - - - -] Loaded extension: qos-bw-limit-direction
2026-07-25 09:08:03.578 7 INFO neutron.api.extensions [None req-196061cc-c3c1-428a-9df7-d3f240dbb953 - - - - - -] Loaded extension: qos-bw-minimum-ingress
2026-07-25 09:08:03.578 6 INFO neutron.quota.resource_registry [None req-8015163a-30af-421c-950e-5cff94f3b4ab - - - - - -] Creating instance of TrackedResource for resource:router
2026-07-25 09:08:03.578 6 INFO neutron.quota.resource_registry [None req-8015163a-30af-421c-950e-5cff94f3b4ab - - - - - -] Creating instance of TrackedResource for resource:floatingip
2026-07-25 09:08:03.578 7 INFO neutron.api.extensions [None req-196061cc-c3c1-428a-9df7-d3f240dbb953 - - - - - -] Loaded extension: qos-default
2026-07-25 09:08:03.579 7 INFO neutron.api.extensions [None req-196061cc-c3c1-428a-9df7-d3f240dbb953 - - - - - -] Loaded extension: qos-fip
2026-07-25 09:08:03.580 7 INFO neutron.api.extensions [None req-196061cc-c3c1-428a-9df7-d3f240dbb953 - - - - - -] Extension qos-fip-network-policy not supported by any of loaded plugins
2026-07-25 09:08:03.580 7 INFO neutron.api.extensions [None req-196061cc-c3c1-428a-9df7-d3f240dbb953 - - - - - -] Loaded extension: qos-gateway-ip
2026-07-25 09:08:03.581 7 INFO neutron.api.extensions [None req-196061cc-c3c1-428a-9df7-d3f240dbb953 - - - - - -] Loaded extension: qos-port-network-policy
2026-07-25 09:08:03.581 7 INFO neutron.api.extensions [None req-196061cc-c3c1-428a-9df7-d3f240dbb953 - - - - - -] Loaded extension: qos-pps-minimum
2026-07-25 09:08:03.582 7 INFO neutron.api.extensions [None req-196061cc-c3c1-428a-9df7-d3f240dbb953 - - - - - -] Loaded extension: qos-pps-minimum-rule-alias
2026-07-25 09:08:03.583 7 INFO neutron.api.extensions [None req-196061cc-c3c1-428a-9df7-d3f240dbb953 - - - - - -] Loaded extension: qos-pps
2026-07-25 09:08:03.583 7 INFO neutron.api.extensions [None req-196061cc-c3c1-428a-9df7-d3f240dbb953 - - - - - -] Loaded extension: qos-rule-type-details
2026-07-25 09:08:03.584 7 INFO neutron.api.extensions [None req-196061cc-c3c1-428a-9df7-d3f240dbb953 - - - - - -] Loaded extension: qos-rule-type-filter
2026-07-25 09:08:03.584 7 INFO neutron.api.extensions [None req-196061cc-c3c1-428a-9df7-d3f240dbb953 - - - - - -] Loaded extension: qos-rules-alias
2026-07-25 09:08:03.584 6 INFO neutron.quota.resource_registry [None req-8015163a-30af-421c-950e-5cff94f3b4ab - - - - - -] Creating instance of CountableResource for resource:rbac_policy
2026-07-25 09:08:03.585 7 INFO neutron.api.extensions [None req-196061cc-c3c1-428a-9df7-d3f240dbb953 - - - - - -] Loaded extension: quota-check-limit
2026-07-25 09:08:03.585 6 INFO neutron.quota.resource_registry [None req-8015163a-30af-421c-950e-5cff94f3b4ab - - - - - -] Creating instance of TrackedResource for resource:security_group
2026-07-25 09:08:03.585 7 INFO neutron.api.extensions [None req-196061cc-c3c1-428a-9df7-d3f240dbb953 - - - - - -] Loaded extension: quota-check-limit-default
2026-07-25 09:08:03.585 6 INFO neutron.quota.resource_registry [None req-8015163a-30af-421c-950e-5cff94f3b4ab - - - - - -] Creating instance of TrackedResource for resource:security_group_rule
2026-07-25 09:08:03.587 6 INFO neutron.quota.resource_registry [None req-8015163a-30af-421c-950e-5cff94f3b4ab - - - - - -] Creating instance of TrackedResource for resource:subnetpool
2026-07-25 09:08:03.587 6 WARNING neutron.quota.resource_registry [None req-8015163a-30af-421c-950e-5cff94f3b4ab - - - - - -] subnetpool is already registered
2026-07-25 09:08:03.587 6 INFO neutron.quota.resource_registry [None req-8015163a-30af-421c-950e-5cff94f3b4ab - - - - - -] Creating instance of CountableResource for resource:trunk
2026-07-25 09:08:03.587 7 INFO neutron.api.extensions [None req-196061cc-c3c1-428a-9df7-d3f240dbb953 - - - - - -] Loaded extension: quotas
2026-07-25 09:08:03.588 6 INFO neutron.quota.resource_registry [None req-8015163a-30af-421c-950e-5cff94f3b4ab - - - - - -] Creating instance of CountableResource for resource:ikepolicy
2026-07-25 09:08:03.588 6 INFO neutron.quota.resource_registry [None req-8015163a-30af-421c-950e-5cff94f3b4ab - - - - - -] Creating instance of CountableResource for resource:ipsecpolicy
2026-07-25 09:08:03.588 7 INFO neutron.api.extensions [None req-196061cc-c3c1-428a-9df7-d3f240dbb953 - - - - - -] Loaded extension: quota_details
2026-07-25 09:08:03.588 6 INFO neutron.quota.resource_registry [None req-8015163a-30af-421c-950e-5cff94f3b4ab - - - - - -] Creating instance of CountableResource for resource:endpoint_group
2026-07-25 09:08:03.589 6 INFO neutron.quota.resource_registry [None req-8015163a-30af-421c-950e-5cff94f3b4ab - - - - - -] Creating instance of CountableResource for resource:vpnservice
2026-07-25 09:08:03.589 6 INFO neutron.quota.resource_registry [None req-8015163a-30af-421c-950e-5cff94f3b4ab - - - - - -] Creating instance of CountableResource for resource:ipsec_site_connection
2026-07-25 09:08:03.589 6 INFO neutron.quota.resource_registry [None req-8015163a-30af-421c-950e-5cff94f3b4ab - - - - - -] Creating instance of CountableResource for resource:ipsecpolicy
2026-07-25 09:08:03.590 6 WARNING neutron.quota.resource_registry [None req-8015163a-30af-421c-950e-5cff94f3b4ab - - - - - -] ipsecpolicy is already registered
2026-07-25 09:08:03.590 7 INFO neutron.api.extensions [None req-196061cc-c3c1-428a-9df7-d3f240dbb953 - - - - - -] Loaded extension: rbac-policies
2026-07-25 09:08:03.590 6 INFO neutron.quota.resource_registry [None req-8015163a-30af-421c-950e-5cff94f3b4ab - - - - - -] Creating instance of CountableResource for resource:ikepolicy
2026-07-25 09:08:03.590 6 WARNING neutron.quota.resource_registry [None req-8015163a-30af-421c-950e-5cff94f3b4ab - - - - - -] ikepolicy is already registered
2026-07-25 09:08:03.590 7 INFO neutron.api.extensions [None req-196061cc-c3c1-428a-9df7-d3f240dbb953 - - - - - -] Extension rbac-address-group not supported by any of loaded plugins
2026-07-25 09:08:03.591 7 INFO neutron.api.extensions [None req-196061cc-c3c1-428a-9df7-d3f240dbb953 - - - - - -] Loaded extension: rbac-address-scope
2026-07-25 09:08:03.591 7 INFO neutron.api.extensions [None req-196061cc-c3c1-428a-9df7-d3f240dbb953 - - - - - -] Loaded extension: rbac-security-groups
2026-07-25 09:08:03.592 7 INFO neutron.api.extensions [None req-196061cc-c3c1-428a-9df7-d3f240dbb953 - - - - - -] Extension rbac-subnetpool not supported by any of loaded plugins
2026-07-25 09:08:03.592 7 INFO neutron.api.extensions [None req-196061cc-c3c1-428a-9df7-d3f240dbb953 - - - - - -] Loaded extension: revision-if-match
2026-07-25 09:08:03.593 7 INFO neutron.api.extensions [None req-196061cc-c3c1-428a-9df7-d3f240dbb953 - - - - - -] Loaded extension: standard-attr-revisions
2026-07-25 09:08:03.593 7 INFO neutron.api.extensions [None req-196061cc-c3c1-428a-9df7-d3f240dbb953 - - - - - -] Loaded extension: router_availability_zone
2026-07-25 09:08:03.594 7 INFO neutron.api.extensions [None req-196061cc-c3c1-428a-9df7-d3f240dbb953 - - - - - -] Extension router-service-type not supported by any of loaded plugins
2026-07-25 09:08:03.595 6 INFO neutron.quota.resource_registry [None req-8015163a-30af-421c-950e-5cff94f3b4ab - - - - - -] Creating instance of TrackedResource for resource:router
2026-07-25 09:08:03.595 6 WARNING neutron.quota.resource_registry [None req-8015163a-30af-421c-950e-5cff94f3b4ab - - - - - -] router is already registered
2026-07-25 09:08:03.595 6 INFO neutron.quota.resource_registry [None req-8015163a-30af-421c-950e-5cff94f3b4ab - - - - - -] Creating instance of TrackedResource for resource:floatingip
2026-07-25 09:08:03.596 6 WARNING neutron.quota.resource_registry [None req-8015163a-30af-421c-950e-5cff94f3b4ab - - - - - -] floatingip is already registered
2026-07-25 09:08:03.600 6 INFO neutron.quota.resource_registry [None req-8015163a-30af-421c-950e-5cff94f3b4ab - - - - - -] Creating instance of CountableResource for resource:rbac_policy
2026-07-25 09:08:03.600 6 WARNING neutron.quota.resource_registry [None req-8015163a-30af-421c-950e-5cff94f3b4ab - - - - - -] rbac_policy is already registered
2026-07-25 09:08:03.601 6 INFO neutron.quota.resource_registry [None req-8015163a-30af-421c-950e-5cff94f3b4ab - - - - - -] Creating instance of TrackedResource for resource:security_group
2026-07-25 09:08:03.601 6 WARNING neutron.quota.resource_registry [None req-8015163a-30af-421c-950e-5cff94f3b4ab - - - - - -] security_group is already registered
2026-07-25 09:08:03.601 6 INFO neutron.quota.resource_registry [None req-8015163a-30af-421c-950e-5cff94f3b4ab - - - - - -] Creating instance of TrackedResource for resource:security_group_rule
2026-07-25 09:08:03.601 6 WARNING neutron.quota.resource_registry [None req-8015163a-30af-421c-950e-5cff94f3b4ab - - - - - -] security_group_rule is already registered
2026-07-25 09:08:03.602 6 INFO neutron.quota.resource_registry [None req-8015163a-30af-421c-950e-5cff94f3b4ab - - - - - -] Creating instance of TrackedResource for resource:subnetpool
2026-07-25 09:08:03.602 6 WARNING neutron.quota.resource_registry [None req-8015163a-30af-421c-950e-5cff94f3b4ab - - - - - -] subnetpool is already registered
2026-07-25 09:08:03.603 6 INFO neutron.quota.resource_registry [None req-8015163a-30af-421c-950e-5cff94f3b4ab - - - - - -] Creating instance of CountableResource for resource:trunk
2026-07-25 09:08:03.603 6 WARNING neutron.quota.resource_registry [None req-8015163a-30af-421c-950e-5cff94f3b4ab - - - - - -] trunk is already registered
2026-07-25 09:08:03.603 6 INFO neutron.quota.resource_registry [None req-8015163a-30af-421c-950e-5cff94f3b4ab - - - - - -] Creating instance of CountableResource for resource:ikepolicy
2026-07-25 09:08:03.603 6 WARNING neutron.quota.resource_registry [None req-8015163a-30af-421c-950e-5cff94f3b4ab - - - - - -] ikepolicy is already registered
2026-07-25 09:08:03.604 6 INFO neutron.quota.resource_registry [None req-8015163a-30af-421c-950e-5cff94f3b4ab - - - - - -] Creating instance of CountableResource for resource:ipsecpolicy
2026-07-25 09:08:03.604 6 WARNING neutron.quota.resource_registry [None req-8015163a-30af-421c-950e-5cff94f3b4ab - - - - - -] ipsecpolicy is already registered
2026-07-25 09:08:03.604 6 INFO neutron.quota.resource_registry [None req-8015163a-30af-421c-950e-5cff94f3b4ab - - - - - -] Creating instance of CountableResource for resource:endpoint_group
2026-07-25 09:08:03.604 7 INFO neutron.api.extensions [None req-196061cc-c3c1-428a-9df7-d3f240dbb953 - - - - - -] Loaded extension: security-groups-default-rules
2026-07-25 09:08:03.604 6 WARNING neutron.quota.resource_registry [None req-8015163a-30af-421c-950e-5cff94f3b4ab - - - - - -] endpoint_group is already registered
2026-07-25 09:08:03.605 6 INFO neutron.quota.resource_registry [None req-8015163a-30af-421c-950e-5cff94f3b4ab - - - - - -] Creating instance of CountableResource for resource:vpnservice
2026-07-25 09:08:03.605 6 WARNING neutron.quota.resource_registry [None req-8015163a-30af-421c-950e-5cff94f3b4ab - - - - - -] vpnservice is already registered
2026-07-25 09:08:03.605 7 INFO neutron.api.extensions [None req-196061cc-c3c1-428a-9df7-d3f240dbb953 - - - - - -] Loaded extension: security-groups-normalized-cidr
2026-07-25 09:08:03.605 6 INFO neutron.quota.resource_registry [None req-8015163a-30af-421c-950e-5cff94f3b4ab - - - - - -] Creating instance of CountableResource for resource:ipsec_site_connection
2026-07-25 09:08:03.605 6 WARNING neutron.quota.resource_registry [None req-8015163a-30af-421c-950e-5cff94f3b4ab - - - - - -] ipsec_site_connection is already registered
2026-07-25 09:08:03.606 7 INFO neutron.api.extensions [None req-196061cc-c3c1-428a-9df7-d3f240dbb953 - - - - - -] Extension port-security-groups-filtering not supported by any of loaded plugins
2026-07-25 09:08:03.606 6 INFO neutron.quota.resource_registry [None req-8015163a-30af-421c-950e-5cff94f3b4ab - - - - - -] Creating instance of CountableResource for resource:ipsecpolicy
2026-07-25 09:08:03.606 6 WARNING neutron.quota.resource_registry [None req-8015163a-30af-421c-950e-5cff94f3b4ab - - - - - -] ipsecpolicy is already registered
2026-07-25 09:08:03.606 7 INFO neutron.api.extensions [None req-196061cc-c3c1-428a-9df7-d3f240dbb953 - - - - - -] Loaded extension: security-groups-remote-address-group
2026-07-25 09:08:03.606 6 INFO neutron.quota.resource_registry [None req-8015163a-30af-421c-950e-5cff94f3b4ab - - - - - -] Creating instance of CountableResource for resource:ikepolicy
2026-07-25 09:08:03.606 6 WARNING neutron.quota.resource_registry [None req-8015163a-30af-421c-950e-5cff94f3b4ab - - - - - -] ikepolicy is already registered
2026-07-25 09:08:03.607 7 INFO neutron.api.extensions [None req-196061cc-c3c1-428a-9df7-d3f240dbb953 - - - - - -] Loaded extension: security-groups-rules-belongs-to-default-sg
2026-07-25 09:08:03.607 7 INFO neutron.api.extensions [None req-196061cc-c3c1-428a-9df7-d3f240dbb953 - - - - - -] Loaded extension: security-groups-shared-filtering
2026-07-25 09:08:03.612 7 INFO neutron.api.extensions [None req-196061cc-c3c1-428a-9df7-d3f240dbb953 - - - - - -] Loaded extension: security-group
2026-07-25 09:08:03.613 7 INFO neutron.api.extensions [None req-196061cc-c3c1-428a-9df7-d3f240dbb953 - - - - - -] Loaded extension: segment
2026-07-25 09:08:03.614 7 INFO neutron.api.extensions [None req-196061cc-c3c1-428a-9df7-d3f240dbb953 - - - - - -] Loaded extension: segments-peer-subnet-host-routes
2026-07-25 09:08:03.614 7 INFO neutron.api.extensions [None req-196061cc-c3c1-428a-9df7-d3f240dbb953 - - - - - -] Loaded extension: service-type
2026-07-25 09:08:03.615 7 INFO neutron.api.extensions [None req-196061cc-c3c1-428a-9df7-d3f240dbb953 - - - - - -] Loaded extension: sorting
2026-07-25 09:08:03.616 7 INFO neutron.api.extensions [None req-196061cc-c3c1-428a-9df7-d3f240dbb953 - - - - - -] Loaded extension: standard-attr-segment
2026-07-25 09:08:03.616 7 INFO neutron.api.extensions [None req-196061cc-c3c1-428a-9df7-d3f240dbb953 - - - - - -] Loaded extension: standard-attr-description
2026-07-25 09:08:03.617 7 INFO neutron.api.extensions [None req-196061cc-c3c1-428a-9df7-d3f240dbb953 - - - - - -] Loaded extension: stateful-security-group
2026-07-25 09:08:03.618 7 WARNING neutron.api.extensions [None req-196061cc-c3c1-428a-9df7-d3f240dbb953 - - - - - -] Did not find expected name "Stdattrs_common" in /var/lib/openstack/lib/python3.12/site-packages/neutron/extensions/stdattrs_common.py
2026-07-25 09:08:03.618 7 INFO neutron.api.extensions [None req-196061cc-c3c1-428a-9df7-d3f240dbb953 - - - - - -] Loaded extension: subnet-dns-publish-fixed-ip
2026-07-25 09:08:03.619 7 INFO neutron.api.extensions [None req-196061cc-c3c1-428a-9df7-d3f240dbb953 - - - - - -] Loaded extension: subnet-external-network
2026-07-25 09:08:03.619 7 INFO neutron.api.extensions [None req-196061cc-c3c1-428a-9df7-d3f240dbb953 - - - - - -] Extension subnet_onboard not supported by any of loaded plugins
2026-07-25 09:08:03.620 7 INFO neutron.api.extensions [None req-196061cc-c3c1-428a-9df7-d3f240dbb953 - - - - - -] Loaded extension: subnet-segmentid-writable
2026-07-25 09:08:03.620 7 INFO neutron.api.extensions [None req-196061cc-c3c1-428a-9df7-d3f240dbb953 - - - - - -] Loaded extension: subnet-service-types
2026-07-25 09:08:03.621 7 INFO neutron.api.extensions [None req-196061cc-c3c1-428a-9df7-d3f240dbb953 - - - - - -] Loaded extension: subnet_allocation
2026-07-25 09:08:03.622 7 INFO neutron.api.extensions [None req-196061cc-c3c1-428a-9df7-d3f240dbb953 - - - - - -] Loaded extension: subnetpool-prefix-ops
2026-07-25 09:08:03.622 7 INFO neutron.api.extensions [None req-196061cc-c3c1-428a-9df7-d3f240dbb953 - - - - - -] Loaded extension: tag-creation
2026-07-25 09:08:03.623 7 INFO neutron.api.extensions [None req-196061cc-c3c1-428a-9df7-d3f240dbb953 - - - - - -] Extension tag-ports-during-bulk-creation not supported by any of loaded plugins
2026-07-25 09:08:03.627 7 INFO neutron.api.extensions [None req-196061cc-c3c1-428a-9df7-d3f240dbb953 - - - - - -] Loaded extension: standard-attr-tag
2026-07-25 09:08:03.628 7 INFO neutron.api.extensions [None req-196061cc-c3c1-428a-9df7-d3f240dbb953 - - - - - -] Loaded extension: standard-attr-timestamp
2026-07-25 09:08:03.628 7 INFO neutron.api.extensions [None req-196061cc-c3c1-428a-9df7-d3f240dbb953 - - - - - -] Loaded extension: trunk
2026-07-25 09:08:03.629 7 INFO neutron.api.extensions [None req-196061cc-c3c1-428a-9df7-d3f240dbb953 - - - - - -] Loaded extension: trunk-details
2026-07-25 09:08:03.629 7 INFO neutron.api.extensions [None req-196061cc-c3c1-428a-9df7-d3f240dbb953 - - - - - -] Extension uplink-status-propagation not supported by any of loaded plugins
2026-07-25 09:08:03.630 7 INFO neutron.api.extensions [None req-196061cc-c3c1-428a-9df7-d3f240dbb953 - - - - - -] Extension uplink-status-propagation-updatable not supported by any of loaded plugins
2026-07-25 09:08:03.630 7 INFO neutron.api.extensions [None req-196061cc-c3c1-428a-9df7-d3f240dbb953 - - - - - -] Loaded extension: vlan-transparent
2026-07-25 09:08:03.631 7 INFO neutron.api.extensions [None req-196061cc-c3c1-428a-9df7-d3f240dbb953 - - - - - -] Loaded extension: vpn-aes-ctr
2026-07-25 09:08:03.633 7 INFO neutron.api.extensions [None req-196061cc-c3c1-428a-9df7-d3f240dbb953 - - - - - -] Loaded extension: vpn-agent-scheduler
2026-07-25 09:08:03.633 7 INFO neutron.api.extensions [None req-196061cc-c3c1-428a-9df7-d3f240dbb953 - - - - - -] Loaded extension: vpn-endpoint-groups
2026-07-25 09:08:03.634 7 INFO neutron.api.extensions [None req-196061cc-c3c1-428a-9df7-d3f240dbb953 - - - - - -] Loaded extension: vpn-flavors
2026-07-25 09:08:03.636 7 INFO neutron.api.extensions [None req-196061cc-c3c1-428a-9df7-d3f240dbb953 - - - - - -] Loaded extension: vpnaas
2026-07-25 09:08:03.637 7 INFO neutron.api.extensions [None req-196061cc-c3c1-428a-9df7-d3f240dbb953 - - - - - -] Loaded extension: taas
2026-07-25 09:08:03.638 7 INFO neutron.api.extensions [None req-196061cc-c3c1-428a-9df7-d3f240dbb953 - - - - - -] Loaded extension: tap-mirror
2026-07-25 09:08:03.638 7 INFO neutron.api.extensions [None req-196061cc-c3c1-428a-9df7-d3f240dbb953 - - - - - -] Loaded extension: taas-vlan-filter
2026-07-25 09:08:03.641 7 INFO neutron.quota.resource_registry [None req-196061cc-c3c1-428a-9df7-d3f240dbb953 - - - - - -] Creating instance of TrackedResource for resource:network
2026-07-25 09:08:03.641 7 INFO neutron.quota.resource_registry [None req-196061cc-c3c1-428a-9df7-d3f240dbb953 - - - - - -] Creating instance of TrackedResource for resource:subnet
2026-07-25 09:08:03.641 7 INFO neutron.quota.resource_registry [None req-196061cc-c3c1-428a-9df7-d3f240dbb953 - - - - - -] Creating instance of TrackedResource for resource:subnetpool
2026-07-25 09:08:03.641 7 INFO neutron.quota.resource_registry [None req-196061cc-c3c1-428a-9df7-d3f240dbb953 - - - - - -] Creating instance of TrackedResource for resource:port
2026-07-25 09:08:03.643 6 WARNING keystonemiddleware._common.config [None req-8015163a-30af-421c-950e-5cff94f3b4ab - - - - - -] The option "audit_map_file" is not known to keystonemiddleware
2026-07-25 09:08:03.644 7 INFO neutron.quota.resource_registry [None req-196061cc-c3c1-428a-9df7-d3f240dbb953 - - - - - -] Creating instance of TrackedResource for resource:router
2026-07-25 09:08:03.645 7 INFO neutron.quota.resource_registry [None req-196061cc-c3c1-428a-9df7-d3f240dbb953 - - - - - -] Creating instance of TrackedResource for resource:floatingip
2026-07-25 09:08:03.649 7 INFO neutron.quota.resource_registry [None req-196061cc-c3c1-428a-9df7-d3f240dbb953 - - - - - -] Creating instance of CountableResource for resource:rbac_policy
2026-07-25 09:08:03.650 6 WARNING oslo_config.cfg [None req-8015163a-30af-421c-950e-5cff94f3b4ab - - - - - -] Deprecated: Option "auth_uri" from group "keystone_authtoken" is deprecated. Use option "www_authenticate_uri" from group "keystone_authtoken".
2026-07-25 09:08:03.650 7 INFO neutron.quota.resource_registry [None req-196061cc-c3c1-428a-9df7-d3f240dbb953 - - - - - -] Creating instance of TrackedResource for resource:security_group
2026-07-25 09:08:03.651 7 INFO neutron.quota.resource_registry [None req-196061cc-c3c1-428a-9df7-d3f240dbb953 - - - - - -] Creating instance of TrackedResource for resource:security_group_rule
2026-07-25 09:08:03.651 7 INFO neutron.quota.resource_registry [None req-196061cc-c3c1-428a-9df7-d3f240dbb953 - - - - - -] Creating instance of TrackedResource for resource:subnetpool
2026-07-25 09:08:03.652 7 WARNING neutron.quota.resource_registry [None req-196061cc-c3c1-428a-9df7-d3f240dbb953 - - - - - -] subnetpool is already registered
2026-07-25 09:08:03.652 7 INFO neutron.quota.resource_registry [None req-196061cc-c3c1-428a-9df7-d3f240dbb953 - - - - - -] Creating instance of CountableResource for resource:trunk
2026-07-25 09:08:03.652 7 INFO neutron.quota.resource_registry [None req-196061cc-c3c1-428a-9df7-d3f240dbb953 - - - - - -] Creating instance of CountableResource for resource:ikepolicy
2026-07-25 09:08:03.653 7 INFO neutron.quota.resource_registry [None req-196061cc-c3c1-428a-9df7-d3f240dbb953 - - - - - -] Creating instance of CountableResource for resource:ipsecpolicy
2026-07-25 09:08:03.653 7 INFO neutron.quota.resource_registry [None req-196061cc-c3c1-428a-9df7-d3f240dbb953 - - - - - -] Creating instance of CountableResource for resource:endpoint_group
2026-07-25 09:08:03.654 7 INFO neutron.quota.resource_registry [None req-196061cc-c3c1-428a-9df7-d3f240dbb953 - - - - - -] Creating instance of CountableResource for resource:vpnservice
2026-07-25 09:08:03.654 7 INFO neutron.quota.resource_registry [None req-196061cc-c3c1-428a-9df7-d3f240dbb953 - - - - - -] Creating instance of CountableResource for resource:ipsec_site_connection
2026-07-25 09:08:03.654 7 INFO neutron.quota.resource_registry [None req-196061cc-c3c1-428a-9df7-d3f240dbb953 - - - - - -] Creating instance of CountableResource for resource:ipsecpolicy
2026-07-25 09:08:03.655 7 WARNING neutron.quota.resource_registry [None req-196061cc-c3c1-428a-9df7-d3f240dbb953 - - - - - -] ipsecpolicy is already registered
2026-07-25 09:08:03.655 7 INFO neutron.quota.resource_registry [None req-196061cc-c3c1-428a-9df7-d3f240dbb953 - - - - - -] Creating instance of CountableResource for resource:ikepolicy
2026-07-25 09:08:03.655 7 WARNING neutron.quota.resource_registry [None req-196061cc-c3c1-428a-9df7-d3f240dbb953 - - - - - -] ikepolicy is already registered
2026-07-25 09:08:03.659 7 INFO neutron.quota.resource_registry [None req-196061cc-c3c1-428a-9df7-d3f240dbb953 - - - - - -] Creating instance of TrackedResource for resource:router
2026-07-25 09:08:03.659 7 WARNING neutron.quota.resource_registry [None req-196061cc-c3c1-428a-9df7-d3f240dbb953 - - - - - -] router is already registered
2026-07-25 09:08:03.660 7 INFO neutron.quota.resource_registry [None req-196061cc-c3c1-428a-9df7-d3f240dbb953 - - - - - -] Creating instance of TrackedResource for resource:floatingip
2026-07-25 09:08:03.660 7 WARNING neutron.quota.resource_registry [None req-196061cc-c3c1-428a-9df7-d3f240dbb953 - - - - - -] floatingip is already registered
2026-07-25 09:08:03.664 7 INFO neutron.quota.resource_registry [None req-196061cc-c3c1-428a-9df7-d3f240dbb953 - - - - - -] Creating instance of CountableResource for resource:rbac_policy
2026-07-25 09:08:03.665 7 WARNING neutron.quota.resource_registry [None req-196061cc-c3c1-428a-9df7-d3f240dbb953 - - - - - -] rbac_policy is already registered
2026-07-25 09:08:03.665 7 INFO neutron.quota.resource_registry [None req-196061cc-c3c1-428a-9df7-d3f240dbb953 - - - - - -] Creating instance of TrackedResource for resource:security_group
2026-07-25 09:08:03.665 7 WARNING neutron.quota.resource_registry [None req-196061cc-c3c1-428a-9df7-d3f240dbb953 - - - - - -] security_group is already registered
2026-07-25 09:08:03.666 7 INFO neutron.quota.resource_registry [None req-196061cc-c3c1-428a-9df7-d3f240dbb953 - - - - - -] Creating instance of TrackedResource for resource:security_group_rule
2026-07-25 09:08:03.666 7 WARNING neutron.quota.resource_registry [None req-196061cc-c3c1-428a-9df7-d3f240dbb953 - - - - - -] security_group_rule is already registered
2026-07-25 09:08:03.667 7 INFO neutron.quota.resource_registry [None req-196061cc-c3c1-428a-9df7-d3f240dbb953 - - - - - -] Creating instance of TrackedResource for resource:subnetpool
2026-07-25 09:08:03.667 7 WARNING neutron.quota.resource_registry [None req-196061cc-c3c1-428a-9df7-d3f240dbb953 - - - - - -] subnetpool is already registered
2026-07-25 09:08:03.667 7 INFO neutron.quota.resource_registry [None req-196061cc-c3c1-428a-9df7-d3f240dbb953 - - - - - -] Creating instance of CountableResource for resource:trunk
2026-07-25 09:08:03.667 7 WARNING neutron.quota.resource_registry [None req-196061cc-c3c1-428a-9df7-d3f240dbb953 - - - - - -] trunk is already registered
2026-07-25 09:08:03.668 7 INFO neutron.quota.resource_registry [None req-196061cc-c3c1-428a-9df7-d3f240dbb953 - - - - - -] Creating instance of CountableResource for resource:ikepolicy
2026-07-25 09:08:03.668 7 WARNING neutron.quota.resource_registry [None req-196061cc-c3c1-428a-9df7-d3f240dbb953 - - - - - -] ikepolicy is already registered
2026-07-25 09:08:03.668 7 INFO neutron.quota.resource_registry [None req-196061cc-c3c1-428a-9df7-d3f240dbb953 - - - - - -] Creating instance of CountableResource for resource:ipsecpolicy
2026-07-25 09:08:03.668 7 WARNING neutron.quota.resource_registry [None req-196061cc-c3c1-428a-9df7-d3f240dbb953 - - - - - -] ipsecpolicy is already registered
2026-07-25 09:08:03.669 7 INFO neutron.quota.resource_registry [None req-196061cc-c3c1-428a-9df7-d3f240dbb953 - - - - - -] Creating instance of CountableResource for resource:endpoint_group
2026-07-25 09:08:03.669 7 WARNING neutron.quota.resource_registry [None req-196061cc-c3c1-428a-9df7-d3f240dbb953 - - - - - -] endpoint_group is already registered
2026-07-25 09:08:03.669 7 INFO neutron.quota.resource_registry [None req-196061cc-c3c1-428a-9df7-d3f240dbb953 - - - - - -] Creating instance of CountableResource for resource:vpnservice
2026-07-25 09:08:03.669 7 WARNING neutron.quota.resource_registry [None req-196061cc-c3c1-428a-9df7-d3f240dbb953 - - - - - -] vpnservice is already registered
2026-07-25 09:08:03.670 7 INFO neutron.quota.resource_registry [None req-196061cc-c3c1-428a-9df7-d3f240dbb953 - - - - - -] Creating instance of CountableResource for resource:ipsec_site_connection
2026-07-25 09:08:03.670 7 WARNING neutron.quota.resource_registry [None req-196061cc-c3c1-428a-9df7-d3f240dbb953 - - - - - -] ipsec_site_connection is already registered
2026-07-25 09:08:03.670 7 INFO neutron.quota.resource_registry [None req-196061cc-c3c1-428a-9df7-d3f240dbb953 - - - - - -] Creating instance of CountableResource for resource:ipsecpolicy
2026-07-25 09:08:03.670 7 WARNING neutron.quota.resource_registry [None req-196061cc-c3c1-428a-9df7-d3f240dbb953 - - - - - -] ipsecpolicy is already registered
2026-07-25 09:08:03.671 7 INFO neutron.quota.resource_registry [None req-196061cc-c3c1-428a-9df7-d3f240dbb953 - - - - - -] Creating instance of CountableResource for resource:ikepolicy
2026-07-25 09:08:03.671 7 WARNING neutron.quota.resource_registry [None req-196061cc-c3c1-428a-9df7-d3f240dbb953 - - - - - -] ikepolicy is already registered
2026-07-25 09:08:03.672 6 WARNING neutron.plugins.ml2.drivers.ovn.mech_driver.mech_driver [None req-8015163a-30af-421c-950e-5cff94f3b4ab - - - - - -] uWSGI must provide a start time using the configuration parameter "start-time %t" in the configuration file
2026-07-25 09:08:03.689 6 INFO neutron.db.ovn_hash_ring_db [None req-8015163a-30af-421c-950e-5cff94f3b4ab - - - - - -] Nodes from host "neutron-server-688bc75cdb-55rs7" and group "mechanism_driver" removed from the Hash Ring created at
2026-07-25 09:08:03+00:00
2026-07-25 09:08:03.691 6 INFO neutron.db.ovn_hash_ring_db [None req-8015163a-30af-421c-950e-5cff94f3b4ab - - - - - -] Node dfe9965d8f9d5e24a56f933308ddb21c from host "neutron-server-688bc75cdb-55rs7" and group "mechanism_driver" added to the Hash Ring
2026-07-25 09:08:03.699 6 INFO neutron.plugins.ml2.drivers.ovn.mech_driver.mech_driver [None req-8015163a-30af-421c-950e-5cff94f3b4ab - - - - - -] Hash Ring probing thread for node dfe9965d8f9d5e24a56f933308ddb21c has started
2026-07-25 09:08:03.700 6 INFO neutron.plugins.ml2.drivers.ovn.mech_driver.ovsdb.impl_idl_ovn [None req-8015163a-30af-421c-950e-5cff94f3b4ab - - - - - -] Getting OvsdbNbOvnIdl for WorkerService with retry
2026-07-25 09:08:03.707 7 WARNING keystonemiddleware._common.config [None req-196061cc-c3c1-428a-9df7-d3f240dbb953 - - - - - -] The option "audit_map_file" is not known to keystonemiddleware
2026-07-25 09:08:03.714 7 WARNING oslo_config.cfg [None req-196061cc-c3c1-428a-9df7-d3f240dbb953 - - - - - -] Deprecated: Option "auth_uri" from group "keystone_authtoken" is deprecated. Use option "www_authenticate_uri" from group "keystone_authtoken".
2026-07-25 09:08:03.729 6 INFO ovsdbapp.backend.ovs_idl.vlog [None req-8015163a-30af-421c-950e-5cff94f3b4ab - - - - - -] tcp:10.111.206.99:6641: connecting...
2026-07-25 09:08:03.729 6 INFO ovsdbapp.backend.ovs_idl.vlog [None req-8015163a-30af-421c-950e-5cff94f3b4ab - - - - - -] tcp:10.111.206.99:6641: connected
2026-07-25 09:08:03.735 7 WARNING neutron.plugins.ml2.drivers.ovn.mech_driver.mech_driver [None req-196061cc-c3c1-428a-9df7-d3f240dbb953 - - - - - -] uWSGI must provide a start time using the configuration parameter "start-time %t" in the configuration file
2026-07-25 09:08:03.752 7 INFO neutron.db.ovn_hash_ring_db [None req-196061cc-c3c1-428a-9df7-d3f240dbb953 - - - - - -] Nodes from host "neutron-server-688bc75cdb-55rs7" and group "mechanism_driver" removed from the Hash Ring created at
2026-07-25 09:08:03+00:00
2026-07-25 09:08:03.755 7 INFO neutron.db.ovn_hash_ring_db [None req-196061cc-c3c1-428a-9df7-d3f240dbb953 - - - - - -] Node 4bd4057026d95b4686147111936718df from host "neutron-server-688bc75cdb-55rs7" and group "mechanism_driver" added to the Hash Ring
2026-07-25 09:08:03.769 7 INFO neutron.plugins.ml2.drivers.ovn.mech_driver.mech_driver [None req-196061cc-c3c1-428a-9df7-d3f240dbb953 - - - - - -] Hash Ring probing thread for node 4bd4057026d95b4686147111936718df has started
2026-07-25 09:08:03.769 7 INFO neutron.plugins.ml2.drivers.ovn.mech_driver.ovsdb.impl_idl_ovn [None req-196061cc-c3c1-428a-9df7-d3f240dbb953 - - - - - -] Getting OvsdbNbOvnIdl for WorkerService with retry
2026-07-25 09:08:03.790 6 INFO neutron.plugins.ml2.drivers.ovn.mech_driver.ovsdb.impl_idl_ovn [None req-8015163a-30af-421c-950e-5cff94f3b4ab - - - - - -] Getting OvsdbSbOvnIdl for WorkerService with retry
2026-07-25 09:08:03.799 7 INFO ovsdbapp.backend.ovs_idl.vlog [None req-196061cc-c3c1-428a-9df7-d3f240dbb953 - - - - - -] tcp:10.111.206.99:6641: connecting...
2026-07-25 09:08:03.800 7 INFO ovsdbapp.backend.ovs_idl.vlog [None req-196061cc-c3c1-428a-9df7-d3f240dbb953 - - - - - -] tcp:10.111.206.99:6641: connected
2026-07-25 09:08:03.809 6 INFO ovsdbapp.backend.ovs_idl.vlog [None req-8015163a-30af-421c-950e-5cff94f3b4ab - - - - - -] tcp:10.111.0.152:6642: connecting...
2026-07-25 09:08:03.809 6 INFO ovsdbapp.backend.ovs_idl.vlog [None req-8015163a-30af-421c-950e-5cff94f3b4ab - - - - - -] tcp:10.111.0.152:6642: connected
2026-07-25 09:08:03.839 7 INFO neutron.plugins.ml2.drivers.ovn.mech_driver.ovsdb.impl_idl_ovn [None req-196061cc-c3c1-428a-9df7-d3f240dbb953 - - - - - -] Getting OvsdbSbOvnIdl for WorkerService with retry
2026-07-25 09:08:03.840 6 INFO neutron.plugins.ml2.drivers.ovn.mech_driver.mech_driver [None req-8015163a-30af-421c-950e-5cff94f3b4ab - - - - - -] WorkerService process has finished the post initialization
2026-07-25 09:08:03.863 6 INFO ovsdbapp.backend.ovs_idl.vlog [None req-8015163a-30af-421c-950e-5cff94f3b4ab - - - - - -] tcp:10.111.206.99:6641: connecting...
2026-07-25 09:08:03.863 6 INFO ovsdbapp.backend.ovs_idl.vlog [None req-8015163a-30af-421c-950e-5cff94f3b4ab - - - - - -] tcp:10.111.206.99:6641: connected
2026-07-25 09:08:03.864 7 INFO ovsdbapp.backend.ovs_idl.vlog [None req-196061cc-c3c1-428a-9df7-d3f240dbb953 - - - - - -] tcp:10.111.0.152:6642: connecting...
2026-07-25 09:08:03.864 7 INFO ovsdbapp.backend.ovs_idl.vlog [None req-196061cc-c3c1-428a-9df7-d3f240dbb953 - - - - - -] tcp:10.111.0.152:6642: connected
2026-07-25 09:08:03.898 7 INFO neutron.plugins.ml2.drivers.ovn.mech_driver.mech_driver [None req-196061cc-c3c1-428a-9df7-d3f240dbb953 - - - - - -] WorkerService process has finished the post initialization
2026-07-25 09:08:03.898 7 INFO neutron.plugins.ml2.drivers.ovn.mech_driver.ovsdb.extensions.qos [-] Starting OVNClientQosExtension
2026-07-25 09:08:03.899 7 INFO neutron.plugins.ml2.drivers.ovn.mech_driver.ovsdb.extensions.placement [-] Starting OVNClientPlacementExtension
2026-07-25 09:08:03.902 6 INFO ovsdbapp.backend.ovs_idl.vlog [None req-8015163a-30af-421c-950e-5cff94f3b4ab - - - - - -] tcp:10.111.206.99:6641: connecting...
2026-07-25 09:08:03.902 6 INFO ovsdbapp.backend.ovs_idl.vlog [None req-8015163a-30af-421c-950e-5cff94f3b4ab - - - - - -] tcp:10.111.206.99:6641: connected
2026-07-25 09:08:03.921 7 INFO ovsdbapp.backend.ovs_idl.vlog [None req-196061cc-c3c1-428a-9df7-d3f240dbb953 - - - - - -] tcp:10.111.206.99:6641: connecting...
2026-07-25 09:08:03.921 7 INFO ovsdbapp.backend.ovs_idl.vlog [None req-196061cc-c3c1-428a-9df7-d3f240dbb953 - - - - - -] tcp:10.111.206.99:6641: connected WSGI app 0 (mountpoint='') ready in 10 seconds on interpreter 0x7fdc37f3f668 pid: 6 (default app)
2026-07-25 09:08:03.962 7 INFO ovsdbapp.backend.ovs_idl.vlog [None req-196061cc-c3c1-428a-9df7-d3f240dbb953 - - - - - -] tcp:10.111.206.99:6641: connecting...
2026-07-25 09:08:03.962 7 INFO ovsdbapp.backend.ovs_idl.vlog [None req-196061cc-c3c1-428a-9df7-d3f240dbb953 - - - - - -] tcp:10.111.206.99:6641: connected WSGI app 0 (mountpoint='') ready in 10 seconds on interpreter 0x7fdc37f3f668 pid: 7 (default app) /var/lib/openstack/lib/python3.12/site-packages/pycadf/identifier.py:70: UserWarning: Invalid uuid: unknown. To ensure interoperability, identifiers should be a valid uuid. warnings.warn(('Invalid uuid: %s. To ensure interoperability, '
2026-07-25 09:08:09.094 6 INFO neutron.pecan_wsgi.hooks.translation [None req-c2a8cef3-ef60-4836-b56a-4a7d11d62d68 4b0ca987e874414a9e16dfb1b5bee5d0 e28cf67d05de454a80908af24a37a8f4 - - default default] GET failed (client error): The resource could not be found. [pid: 6|app: 0|req: 3/3] 199.204.45.23 () {44 vars in 923 bytes} [Sat Jul 25 09:08:08 2026] GET /v2.0/networks/public => generated 108 bytes in 901 msecs (HTTP/1.1 404) 4 headers in 164 bytes (1 switches on core 0) /var/lib/openstack/lib/python3.12/site-packages/pycadf/identifier.py:70: UserWarning: Invalid uuid: unknown. To ensure interoperability, identifiers should be a valid uuid. warnings.warn(('Invalid uuid: %s. To ensure interoperability, ' [pid: 7|app: 0|req: 1/4] 199.204.45.23 () {44 vars in 945 bytes} [Sat Jul 25 09:08:09 2026] GET /v2.0/networks?name=public => generated 15 bytes in 414 msecs (HTTP/1.1 200) 4 headers in 156 bytes (1 switches on core 0)
2026-07-25 09:08:09.920 6 INFO neutron.plugins.ml2.drivers.ovn.mech_driver.ovsdb.extensions.qos [None req-57bb3864-e1d8-4a2d-b85c-a0d05f39064e 4b0ca987e874414a9e16dfb1b5bee5d0 e28cf67d05de454a80908af24a37a8f4 - - default default] Starting OVNClientQosExtension
2026-07-25 09:08:09.920 6 INFO neutron.plugins.ml2.drivers.ovn.mech_driver.ovsdb.extensions.placement [None req-57bb3864-e1d8-4a2d-b85c-a0d05f39064e 4b0ca987e874414a9e16dfb1b5bee5d0 e28cf67d05de454a80908af24a37a8f4 - - default default] Starting OVNClientPlacementExtension
2026-07-25 09:08:09.982 6 INFO neutron.db.ovn_revision_numbers_db [None req-57bb3864-e1d8-4a2d-b85c-a0d05f39064e 4b0ca987e874414a9e16dfb1b5bee5d0 e28cf67d05de454a80908af24a37a8f4 - - default default] Successfully bumped revision number for resource bf728612-201a-40dc-b2f6-f939ea9bd8a4 (type: security_groups) to 1
2026-07-25 09:08:09.999 6 INFO neutron.db.ovn_revision_numbers_db [None req-57bb3864-e1d8-4a2d-b85c-a0d05f39064e 4b0ca987e874414a9e16dfb1b5bee5d0 e28cf67d05de454a80908af24a37a8f4 - - default default] Successfully bumped revision number for resource 154b2c1a-64a0-4650-83c3-48d6c4bff8a3 (type: security_group_rules) to 0
2026-07-25 09:08:10.010 6 INFO neutron.db.ovn_revision_numbers_db [None req-57bb3864-e1d8-4a2d-b85c-a0d05f39064e 4b0ca987e874414a9e16dfb1b5bee5d0 e28cf67d05de454a80908af24a37a8f4 - - default default] Successfully bumped revision number for resource 181ec1b2-f9f7-49c5-b005-c411c4c88ed0 (type: security_group_rules) to 0
2026-07-25 09:08:10.019 6 INFO neutron.db.ovn_revision_numbers_db [None req-57bb3864-e1d8-4a2d-b85c-a0d05f39064e 4b0ca987e874414a9e16dfb1b5bee5d0 e28cf67d05de454a80908af24a37a8f4 - - default default] Successfully bumped revision number for resource a98e6c2f-a803-43e9-bc50-60dec9433187 (type: security_group_rules) to 0
2026-07-25 09:08:10.045 6 INFO neutron.db.ovn_revision_numbers_db [None req-57bb3864-e1d8-4a2d-b85c-a0d05f39064e 4b0ca987e874414a9e16dfb1b5bee5d0 e28cf67d05de454a80908af24a37a8f4 - - default default] Successfully bumped revision number for resource fa3aea6a-e527-48fa-b5f5-2a3693e77faa (type: security_group_rules) to 0
2026-07-25 09:08:10.133 6 WARNING neutron.services.revisions.revision_plugin [None req-57bb3864-e1d8-4a2d-b85c-a0d05f39064e 4b0ca987e874414a9e16dfb1b5bee5d0 e28cf67d05de454a80908af24a37a8f4 - - default default] Could not find related network for resource to bump revision.
2026-07-25 09:08:10.184 6 INFO neutron.db.segments_db [None req-57bb3864-e1d8-4a2d-b85c-a0d05f39064e 4b0ca987e874414a9e16dfb1b5bee5d0 e28cf67d05de454a80908af24a37a8f4 - - default default] Added segment 525e69fb-8076-473f-a4a8-8e2de0b50f6b of type flat for network cda1ce0c-fc16-4c65-a747-5f4199b9eba9
2026-07-25 09:08:10.376 7 INFO neutron.plugins.ml2.drivers.ovn.mech_driver.mech_driver [-] OVN reports status down for port: provnet-525e69fb-8076-473f-a4a8-8e2de0b50f6b
2026-07-25 09:08:10.390 6 INFO neutron.plugins.ml2.drivers.ovn.mech_driver.mech_driver [-] OVN reports status down for port: provnet-525e69fb-8076-473f-a4a8-8e2de0b50f6b
2026-07-25 09:08:10.480 6 INFO neutron.db.ovn_revision_numbers_db [None req-57bb3864-e1d8-4a2d-b85c-a0d05f39064e 4b0ca987e874414a9e16dfb1b5bee5d0 e28cf67d05de454a80908af24a37a8f4 - - default default] Successfully bumped revision number for resource cda1ce0c-fc16-4c65-a747-5f4199b9eba9 (type: networks) to 1
2026-07-25 09:08:11.005 6 WARNING neutron.scheduler.dhcp_agent_scheduler [None req-57bb3864-e1d8-4a2d-b85c-a0d05f39064e 4b0ca987e874414a9e16dfb1b5bee5d0 e28cf67d05de454a80908af24a37a8f4 - - default default] No more DHCP agents
2026-07-25 09:08:11.006 6 WARNING neutron.api.rpc.agentnotifiers.dhcp_rpc_agent_api [None req-57bb3864-e1d8-4a2d-b85c-a0d05f39064e 4b0ca987e874414a9e16dfb1b5bee5d0 e28cf67d05de454a80908af24a37a8f4 - - default default] Unable to schedule network cda1ce0c-fc16-4c65-a747-5f4199b9eba9: no agents available; will retry on subsequent port and subnet creation events.
2026-07-25 09:08:11.065 6 INFO neutron.plugins.ml2.drivers.ovn.mech_driver.mech_driver [None req-a352b620-4dbe-4116-bed7-324433fc6f84 - - - - - -] OVN reports status down for port: b5e1179e-07ab-4565-a343-4392427bf54f
2026-07-25 09:08:11.152 6 INFO neutron.db.ovn_revision_numbers_db [None req-57bb3864-e1d8-4a2d-b85c-a0d05f39064e 4b0ca987e874414a9e16dfb1b5bee5d0 e28cf67d05de454a80908af24a37a8f4 - - default default] Successfully bumped revision number for resource b5e1179e-07ab-4565-a343-4392427bf54f (type: ports) to 1 [pid: 6|app: 0|req: 4/5] 199.204.45.23 () {48 vars in 963 bytes} [Sat Jul 25 09:08:09 2026] POST /v2.0/networks => generated 744 bytes in 1700 msecs (HTTP/1.1 201) 4 headers in 162 bytes (1 switches on core 0)
2026-07-25 09:08:12.813 7 INFO neutron.pecan_wsgi.hooks.translation [None req-0b7b1ce2-75bf-4cf1-9c47-184b04622794 4b0ca987e874414a9e16dfb1b5bee5d0 e28cf67d05de454a80908af24a37a8f4 - - default default] GET failed (client error): The resource could not be found. [pid: 7|app: 0|req: 2/6] 199.204.45.23 () {44 vars in 923 bytes} [Sat Jul 25 09:08:12 2026] GET /v2.0/networks/public => generated 108 bytes in 417 msecs (HTTP/1.1 404) 4 headers in 164 bytes (1 switches on core 0) [pid: 6|app: 0|req: 5/7] 199.204.45.23 () {44 vars in 945 bytes} [Sat Jul 25 09:08:12 2026] GET /v2.0/networks?name=public => generated 753 bytes in 54 msecs (HTTP/1.1 200) 4 headers in 157 bytes (1 switches on core 0)
2026-07-25 09:08:12.909 7 INFO neutron.pecan_wsgi.hooks.translation [None req-855b645b-b3f4-47b0-86e4-e7da5c13fae9 4b0ca987e874414a9e16dfb1b5bee5d0 e28cf67d05de454a80908af24a37a8f4 - - default default] GET failed (client error): The resource could not be found. [pid: 7|app: 0|req: 3/8] 199.204.45.23 () {44 vars in 1030 bytes} [Sat Jul 25 09:08:12 2026] GET /v2.0/subnets/public-subnet?network_id=cda1ce0c-fc16-4c65-a747-5f4199b9eba9 => generated 113 bytes in 27 msecs (HTTP/1.1 404) 4 headers in 164 bytes (1 switches on core 0) [pid: 6|app: 0|req: 6/9] 199.204.45.23 () {44 vars in 1053 bytes} [Sat Jul 25 09:08:12 2026] GET /v2.0/subnets?name=public-subnet&network_id=cda1ce0c-fc16-4c65-a747-5f4199b9eba9 => generated 14 bytes in 37 msecs (HTTP/1.1 200) 4 headers in 156 bytes (1 switches on core 0)
2026-07-25 09:08:13.467 7 WARNING neutron.scheduler.dhcp_agent_scheduler [None req-df942d62-c3fe-4b3c-9d8a-d2caf0f5ba4f 4b0ca987e874414a9e16dfb1b5bee5d0 e28cf67d05de454a80908af24a37a8f4 - - default default] No more DHCP agents
2026-07-25 09:08:13.468 7 WARNING neutron.api.rpc.agentnotifiers.dhcp_rpc_agent_api [None req-df942d62-c3fe-4b3c-9d8a-d2caf0f5ba4f 4b0ca987e874414a9e16dfb1b5bee5d0 e28cf67d05de454a80908af24a37a8f4 - - default default] Unable to schedule network cda1ce0c-fc16-4c65-a747-5f4199b9eba9: no agents available; will retry on subsequent port and subnet creation events.
2026-07-25 09:08:14.336 7 INFO neutron.db.ovn_revision_numbers_db [None req-6382b0bc-67ba-4ddd-86ea-20088500085d - - - - - -] Successfully bumped revision number for resource b5e1179e-07ab-4565-a343-4392427bf54f (type: ports) to 2
