2026-07-25 09:27:56.968 7 INFO neutron.db.ovn_revision_numbers_db [None req-6aceb2d3-3b44-424d-a766-34e13ccd01ec 4b0ca987e874414a9e16dfb1b5bee5d0 e28cf67d05de454a80908af24a37a8f4 - - default default] Successfully bumped revision number for resource 55143829-8e56-4292-b204-c601a993b881 (type: security_group_rules) to 0
2026-07-25 09:27:56.981 7 INFO neutron.db.ovn_revision_numbers_db [None req-6aceb2d3-3b44-424d-a766-34e13ccd01ec 4b0ca987e874414a9e16dfb1b5bee5d0 e28cf67d05de454a80908af24a37a8f4 - - default default] Successfully bumped revision number for resource 7e714230-dce9-4422-8658-ff10dc2bf8e0 (type: security_group_rules) to 0 [pid: 6|app: 0|req: 846/1535] 10.0.0.183 () {32 vars in 732 bytes} [Sat Jul 25 09:27:56 2026] DELETE /v2.0/floatingips/c70b2752-647c-4e86-90d2-263d6b71dec2 => generated 0 bytes in 311 msecs (HTTP/1.1 204) 2 headers in 112 bytes (1 switches on core 0) [pid: 7|app: 0|req: 690/1536] 10.0.0.183 () {32 vars in 774 bytes} [Sat Jul 25 09:27:56 2026] GET /v2.0/security-groups?tenant_id=184602875df843d8992d2ec6b7cc47b8&name=default => generated 2925 bytes in 410 msecs (HTTP/1.1 200) 4 headers in 158 bytes (1 switches on core 0)
2026-07-25 09:27:57.214 6 INFO neutron.db.ovn_revision_numbers_db [None req-2b7cae46-b68d-4bca-9075-8e896cf94dc3 400a509275684b69b3028664d681f580 f12483956f334101b6dc807fe7f7864b - - default default] Successfully bumped revision number for resource 45fac9d5-96b4-40a3-8855-94cb2831bd92 (type: security_groups) to 1
2026-07-25 09:27:57.225 6 INFO neutron.db.ovn_revision_numbers_db [None req-2b7cae46-b68d-4bca-9075-8e896cf94dc3 400a509275684b69b3028664d681f580 f12483956f334101b6dc807fe7f7864b - - default default] Successfully bumped revision number for resource 0d9a8903-96fc-4c86-bc86-51c4657bf96d (type: security_group_rules) to 0
2026-07-25 09:27:57.236 6 INFO neutron.db.ovn_revision_numbers_db [None req-2b7cae46-b68d-4bca-9075-8e896cf94dc3 400a509275684b69b3028664d681f580 f12483956f334101b6dc807fe7f7864b - - default default] Successfully bumped revision number for resource 692906aa-4ef2-4f2f-ac89-18ea4a62a918 (type: security_group_rules) to 0
2026-07-25 09:27:57.248 6 INFO neutron.db.ovn_revision_numbers_db [None req-2b7cae46-b68d-4bca-9075-8e896cf94dc3 400a509275684b69b3028664d681f580 f12483956f334101b6dc807fe7f7864b - - default default] Successfully bumped revision number for resource d8461c26-68f4-475f-bcd8-7a1a1bd1bb02 (type: security_group_rules) to 0
2026-07-25 09:27:57.262 6 INFO neutron.db.ovn_revision_numbers_db [None req-2b7cae46-b68d-4bca-9075-8e896cf94dc3 400a509275684b69b3028664d681f580 f12483956f334101b6dc807fe7f7864b - - default default] Successfully bumped revision number for resource f013d002-f88a-4cc2-b266-1245f660a74d (type: security_group_rules) to 0
2026-07-25 09:27:57.282 7 WARNING neutron.scheduler.dhcp_agent_scheduler [None req-b0d2dcca-bc75-4ecc-a38f-0ae7b0a7c44c b10ca37094d44cdc883c93d625a42455 aa0797d7f8be4bc08ede52b45a9a019d - - default default] No more DHCP agents
2026-07-25 09:27:57.284 7 WARNING neutron.api.rpc.agentnotifiers.dhcp_rpc_agent_api [None req-b0d2dcca-bc75-4ecc-a38f-0ae7b0a7c44c b10ca37094d44cdc883c93d625a42455 aa0797d7f8be4bc08ede52b45a9a019d - - default default] Unable to schedule network cda1ce0c-fc16-4c65-a747-5f4199b9eba9: no agents available; will retry on subsequent port and subnet creation events.
2026-07-25 09:27:57.337 6 INFO neutron.db.segments_db [None req-2b7cae46-b68d-4bca-9075-8e896cf94dc3 400a509275684b69b3028664d681f580 f12483956f334101b6dc807fe7f7864b - - default default] Added segment a44d46cb-cca9-468d-9651-5fd2fd89c62d of type geneve for network 23e8c79e-b777-4621-9204-d058bb09a82d
2026-07-25 09:27:57.438 6 INFO neutron.db.ovn_revision_numbers_db [None req-2b7cae46-b68d-4bca-9075-8e896cf94dc3 400a509275684b69b3028664d681f580 f12483956f334101b6dc807fe7f7864b - - default default] Successfully bumped revision number for resource 23e8c79e-b777-4621-9204-d058bb09a82d (type: networks) to 1
2026-07-25 09:27:57.590 6 WARNING neutron.scheduler.dhcp_agent_scheduler [None req-2b7cae46-b68d-4bca-9075-8e896cf94dc3 400a509275684b69b3028664d681f580 f12483956f334101b6dc807fe7f7864b - - default default] No more DHCP agents
2026-07-25 09:27:57.591 6 WARNING neutron.api.rpc.agentnotifiers.dhcp_rpc_agent_api [None req-2b7cae46-b68d-4bca-9075-8e896cf94dc3 400a509275684b69b3028664d681f580 f12483956f334101b6dc807fe7f7864b - - default default] Unable to schedule network 23e8c79e-b777-4621-9204-d058bb09a82d: no agents available; will retry on subsequent port and subnet creation events.
2026-07-25 09:27:57.685 6 INFO neutron.db.ovn_revision_numbers_db [None req-2b7cae46-b68d-4bca-9075-8e896cf94dc3 400a509275684b69b3028664d681f580 f12483956f334101b6dc807fe7f7864b - - default default] Successfully bumped revision number for resource 25a3a032-4fa6-463a-801b-a53d6f132e71 (type: ports) to 1 [pid: 6|app: 0|req: 847/1537] 10.0.0.183 () {34 vars in 671 bytes} [Sat Jul 25 09:27:56 2026] POST /v2.0/networks => generated 652 bytes in 723 msecs (HTTP/1.1 201) 4 headers in 162 bytes (1 switches on core 0) [pid: 6|app: 0|req: 848/1538] 10.0.0.183 () {32 vars in 740 bytes} [Sat Jul 25 09:27:57 2026] DELETE /v2.0/security-groups/07a43d0f-9cb3-4ff4-bc02-58d1fe95087d => generated 0 bytes in 263 msecs (HTTP/1.1 204) 2 headers in 112 bytes (1 switches on core 0)
2026-07-25 09:27:58.066 7 INFO neutron.db.ovn_revision_numbers_db [None req-b0d2dcca-bc75-4ecc-a38f-0ae7b0a7c44c b10ca37094d44cdc883c93d625a42455 aa0797d7f8be4bc08ede52b45a9a019d - - default default] Successfully bumped revision number for resource c59877e5-12ec-4921-af1e-b283d877dfb8 (type: floatingips) to 1
2026-07-25 09:27:58.066 7 INFO neutron.db.l3_db [None req-b0d2dcca-bc75-4ecc-a38f-0ae7b0a7c44c b10ca37094d44cdc883c93d625a42455 aa0797d7f8be4bc08ede52b45a9a019d - - default default] Floating IP c59877e5-12ec-4921-af1e-b283d877dfb8 associated. External IP: 10.96.250.206, port: 37e91937-112d-418b-b92a-2f6d8237abc1. [pid: 6|app: 0|req: 849/1539] 10.0.0.183 () {32 vars in 740 bytes} [Sat Jul 25 09:27:57 2026] DELETE /v2.0/security-groups/5fba4ef5-5ff5-40be-807e-fa6bb07a6d1a => generated 0 bytes in 126 msecs (HTTP/1.1 204) 2 headers in 112 bytes (1 switches on core 0)
2026-07-25 09:27:58.464 6 WARNING neutron.scheduler.dhcp_agent_scheduler [None req-b6258e11-c80a-4513-b632-0ba6b406b0d4 400a509275684b69b3028664d681f580 f12483956f334101b6dc807fe7f7864b - - default default] No more DHCP agents
2026-07-25 09:27:58.464 6 WARNING neutron.api.rpc.agentnotifiers.dhcp_rpc_agent_api [None req-b6258e11-c80a-4513-b632-0ba6b406b0d4 400a509275684b69b3028664d681f580 f12483956f334101b6dc807fe7f7864b - - default default] Unable to schedule network cda1ce0c-fc16-4c65-a747-5f4199b9eba9: no agents available; will retry on subsequent port and subnet creation events. [pid: 7|app: 0|req: 691/1540] 10.0.0.183 () {34 vars in 677 bytes} [Sat Jul 25 09:27:57 2026] POST /v2.0/floatingips => generated 841 bytes in 1514 msecs (HTTP/1.1 201) 4 headers in 162 bytes (1 switches on core 0)
2026-07-25 09:27:58.617 6 INFO neutron.db.ovn_revision_numbers_db [None req-b6258e11-c80a-4513-b632-0ba6b406b0d4 400a509275684b69b3028664d681f580 f12483956f334101b6dc807fe7f7864b - - default default] Successfully bumped revision number for resource 2319ae70-f694-401f-be1e-ae814bd21e61 (type: ports) to 1
2026-07-25 09:27:58.679 7 INFO neutron.db.ovn_revision_numbers_db [None req-c91e9f7f-262b-46df-8662-70ac217dd7b1 4b0ca987e874414a9e16dfb1b5bee5d0 e28cf67d05de454a80908af24a37a8f4 - - default default] Successfully bumped revision number for resource 5a3137a3-dc20-47dc-9178-e9882cc98106 (type: security_groups) to 1
2026-07-25 09:27:58.691 7 INFO neutron.db.ovn_revision_numbers_db [None req-c91e9f7f-262b-46df-8662-70ac217dd7b1 4b0ca987e874414a9e16dfb1b5bee5d0 e28cf67d05de454a80908af24a37a8f4 - - default default] Successfully bumped revision number for resource 074bdc04-d7c1-464f-be05-fbf0b72dd7be (type: security_group_rules) to 0
2026-07-25 09:27:58.702 7 INFO neutron.db.ovn_revision_numbers_db [None req-c91e9f7f-262b-46df-8662-70ac217dd7b1 4b0ca987e874414a9e16dfb1b5bee5d0 e28cf67d05de454a80908af24a37a8f4 - - default default] Successfully bumped revision number for resource 6d95c3c2-ae4f-42ed-b478-62e9a7ee5b3b (type: security_group_rules) to 0
2026-07-25 09:27:58.714 7 INFO neutron.db.ovn_revision_numbers_db [None req-c91e9f7f-262b-46df-8662-70ac217dd7b1 4b0ca987e874414a9e16dfb1b5bee5d0 e28cf67d05de454a80908af24a37a8f4 - - default default] Successfully bumped revision number for resource 819b9956-d86c-447a-a04c-5450cda9e7cc (type: security_group_rules) to 0
2026-07-25 09:27:58.725 7 INFO neutron.db.ovn_revision_numbers_db [None req-c91e9f7f-262b-46df-8662-70ac217dd7b1 4b0ca987e874414a9e16dfb1b5bee5d0 e28cf67d05de454a80908af24a37a8f4 - - default default] Successfully bumped revision number for resource b42af95b-83b1-4ee9-8ef7-d1389113110e (type: security_group_rules) to 0 [pid: 7|app: 0|req: 692/1541] 10.0.0.183 () {32 vars in 774 bytes} [Sat Jul 25 09:27:58 2026] GET /v2.0/security-groups?tenant_id=a657354a8ce046e3ab8cacb1a944ddae&name=default => generated 2925 bytes in 224 msecs (HTTP/1.1 200) 4 headers in 158 bytes (1 switches on core 0)
2026-07-25 09:27:58.772 7 INFO neutron.api.v2.resource [None req-8ddf7242-ab67-486f-86fc-69a2dd1daead 26f76772ce3f427a9033d60df63820be 8a858120d710402db8f9c413f7cd66d4 - - default default] show failed (client error): The resource could not be found. [pid: 7|app: 0|req: 693/1542] 10.0.0.183 () {32 vars in 737 bytes} [Sat Jul 25 09:27:58 2026] GET /v2.0/security-groups/5fba4ef5-5ff5-40be-807e-fa6bb07a6d1a => generated 146 bytes in 8 msecs (HTTP/1.1 404) 4 headers in 164 bytes (1 switches on core 0) [pid: 7|app: 0|req: 694/1543] 10.0.0.183 () {32 vars in 729 bytes} [Sat Jul 25 09:27:58 2026] GET /v2.0/floatingips/c59877e5-12ec-4921-af1e-b283d877dfb8 => generated 843 bytes in 32 msecs (HTTP/1.1 200) 4 headers in 157 bytes (1 switches on core 0) [pid: 7|app: 0|req: 695/1544] 10.0.0.183 () {32 vars in 740 bytes} [Sat Jul 25 09:27:58 2026] DELETE /v2.0/security-groups/5a3137a3-dc20-47dc-9178-e9882cc98106 => generated 0 bytes in 229 msecs (HTTP/1.1 204) 2 headers in 112 bytes (1 switches on core 0)
2026-07-25 09:27:59.129 6 WARNING neutron.plugins.ml2.drivers.ovn.mech_driver.ovsdb.ovn_client [None req-050a1b03-65bb-4cd3-904a-165c1fbd143b - - - - - -] No hosting information found for port 658c7b90-2dcc-4ef6-ae92-3e0d8a336302: RuntimeError: No hosting information found for port 658c7b90-2dcc-4ef6-ae92-3e0d8a336302
2026-07-25 09:27:59.133 6 INFO neutron.plugins.ml2.drivers.ovn.mech_driver.mech_driver [None req-050a1b03-65bb-4cd3-904a-165c1fbd143b - - - - - -] OVN reports status down for port: d09fabf3-1872-418f-990d-82f17119ed50
2026-07-25 09:27:59.138 7 INFO neutron_taas.services.taas.taas_plugin [None req-9c7565ee-90bc-4b38-be1b-44a6de8337b2 26f76772ce3f427a9033d60df63820be 8a858120d710402db8f9c413f7cd66d4 - - default default] TaaS: Handle Delete Port: 29355616-5cd9-4bdd-868b-025b3678c2f4
2026-07-25 09:27:59.140 7 INFO neutron_taas.services.taas.tap_mirror_plugin [None req-9c7565ee-90bc-4b38-be1b-44a6de8337b2 26f76772ce3f427a9033d60df63820be 8a858120d710402db8f9c413f7cd66d4 - - default default] Tap Mirror: Handle Delete Port: 29355616-5cd9-4bdd-868b-025b3678c2f4
2026-07-25 09:27:59.157 6 INFO neutron.plugins.ml2.drivers.ovn.mech_driver.mech_driver [None req-050a1b03-65bb-4cd3-904a-165c1fbd143b - - - - - -] OVN reports status down for port: 5c226393-1afc-41dc-943b-5596522da281
2026-07-25 09:27:59.274 6 WARNING neutron.plugins.ml2.drivers.ovn.mech_driver.ovsdb.ovn_client [None req-050a1b03-65bb-4cd3-904a-165c1fbd143b - - - - - -] Logical_Switch_Port %s host information not removed, the port state is up
2026-07-25 09:27:59.275 6 INFO neutron.plugins.ml2.drivers.ovn.mech_driver.mech_driver [None req-050a1b03-65bb-4cd3-904a-165c1fbd143b - - - - - -] OVN reports status up for port: 5c226393-1afc-41dc-943b-5596522da281 [pid: 7|app: 0|req: 696/1545] 10.0.0.183 () {32 vars in 732 bytes} [Sat Jul 25 09:27:59 2026] DELETE /v2.0/floatingips/df54e72a-bd6f-4302-9671-264b3a20a837 => generated 0 bytes in 256 msecs (HTTP/1.1 204) 2 headers in 112 bytes (1 switches on core 0)
2026-07-25 09:27:59.322 6 INFO neutron.plugins.ml2.plugin [None req-050a1b03-65bb-4cd3-904a-165c1fbd143b - - - - - -] Attempt 1 to provision port 5c226393-1afc-41dc-943b-5596522da281 [pid: 7|app: 0|req: 697/1546] 10.0.0.183 () {32 vars in 655 bytes} [Sat Jul 25 09:27:59 2026] GET /v2.0/floatingips => generated 846 bytes in 60 msecs (HTTP/1.1 200) 4 headers in 157 bytes (1 switches on core 0)
2026-07-25 09:27:59.367 6 INFO neutron.plugins.ml2.drivers.ovn.mech_driver.ovsdb.commands [None req-81c5b068-f14b-4a64-9933-17e1270c6d27 - - - - - -] Schedule LRP lrp-2319ae70-f694-401f-be1e-ae814bd21e61 on gateway 35803cc8-6a81-43f6-b171-58d040a3191f with priority 1
2026-07-25 09:27:59.414 6 INFO neutron.plugins.ml2.drivers.ovn.mech_driver.ovsdb.ovsdb_monitor [None req-82ca68dd-d8f6-48e1-a572-b3b587cc5625 - - - - - -] Router 904eb33f-5f34-4881-99a2-f4fadd5736f1 is bound to host instance
2026-07-25 09:27:59.504 6 INFO neutron.db.ovn_revision_numbers_db [None req-b6258e11-c80a-4513-b632-0ba6b406b0d4 400a509275684b69b3028664d681f580 f12483956f334101b6dc807fe7f7864b - - default default] Successfully bumped revision number for resource 2319ae70-f694-401f-be1e-ae814bd21e61 (type: router_ports) to 1
2026-07-25 09:27:59.636 7 INFO neutron_taas.services.taas.taas_plugin [None req-e1050806-d9a7-46df-bc5c-7b290bcb9268 4b0ca987e874414a9e16dfb1b5bee5d0 e28cf67d05de454a80908af24a37a8f4 - - default default] TaaS: Handle Delete Port: 35dffcc3-e987-4f98-ad8f-2c1b09511af0
2026-07-25 09:27:59.639 7 INFO neutron_taas.services.taas.tap_mirror_plugin [None req-e1050806-d9a7-46df-bc5c-7b290bcb9268 4b0ca987e874414a9e16dfb1b5bee5d0 e28cf67d05de454a80908af24a37a8f4 - - default default] Tap Mirror: Handle Delete Port: 35dffcc3-e987-4f98-ad8f-2c1b09511af0
2026-07-25 09:27:59.694 6 INFO neutron.db.ovn_revision_numbers_db [None req-b6258e11-c80a-4513-b632-0ba6b406b0d4 400a509275684b69b3028664d681f580 f12483956f334101b6dc807fe7f7864b - - default default] Successfully bumped revision number for resource 904eb33f-5f34-4881-99a2-f4fadd5736f1 (type: routers) to 2 [pid: 6|app: 0|req: 850/1547] 10.0.0.183 () {34 vars in 669 bytes} [Sat Jul 25 09:27:58 2026] POST /v2.0/routers => generated 953 bytes in 1625 msecs (HTTP/1.1 201) 4 headers in 162 bytes (1 switches on core 0) [pid: 7|app: 0|req: 698/1548] 10.0.0.183 () {34 vars in 789 bytes} [Sat Jul 25 09:27:59 2026] PUT /v2.0/routers/9daa400e-c988-4a8b-a5b3-dde883f88d42/remove_router_interface => generated 309 bytes in 942 msecs (HTTP/1.1 200) 4 headers in 157 bytes (1 switches on core 0) /var/lib/openstack/lib/python3.12/site-packages/pycadf/identifier.py:70: UserWarning: Invalid uuid: neutron. To ensure interoperability, identifiers should be a valid uuid. warnings.warn(('Invalid uuid: %s. To ensure interoperability, ' [pid: 7|app: 0|req: 699/1549] 10.0.0.183 () {32 vars in 776 bytes} [Sat Jul 25 09:28:00 2026] GET /v2.0/subnets?project_id=f12483956f334101b6dc807fe7f7864b&cidr=10.100.0.0%2F28 => generated 14 bytes in 263 msecs (HTTP/1.1 200) 4 headers in 156 bytes (1 switches on core 0)
2026-07-25 09:28:00.617 6 INFO neutron.db.ovn_revision_numbers_db [None req-050a1b03-65bb-4cd3-904a-165c1fbd143b - - - - - -] Successfully bumped revision number for resource 5c226393-1afc-41dc-943b-5596522da281 (type: ports) to 2
2026-07-25 09:28:00.898 7 INFO neutron_taas.services.taas.taas_plugin [None req-5b932e87-7c9f-4ef0-9d71-b413ed869080 4b0ca987e874414a9e16dfb1b5bee5d0 e28cf67d05de454a80908af24a37a8f4 - - default default] TaaS: Handle Delete Port: 923f0b6c-9cea-420b-a8ad-2b6c050690da
2026-07-25 09:28:00.902 7 INFO neutron_taas.services.taas.tap_mirror_plugin [None req-5b932e87-7c9f-4ef0-9d71-b413ed869080 4b0ca987e874414a9e16dfb1b5bee5d0 e28cf67d05de454a80908af24a37a8f4 - - default default] Tap Mirror: Handle Delete Port: 923f0b6c-9cea-420b-a8ad-2b6c050690da
2026-07-25 09:28:01.207 6 INFO neutron.db.ovn_revision_numbers_db [None req-447f72d4-6212-40d9-af7c-09c657786555 b10ca37094d44cdc883c93d625a42455 aa0797d7f8be4bc08ede52b45a9a019d - - default default] Successfully bumped revision number for resource c59877e5-12ec-4921-af1e-b283d877dfb8 (type: floatingips) to 2 [pid: 7|app: 0|req: 700/1550] 10.0.0.183 () {32 vars in 724 bytes} [Sat Jul 25 09:28:00 2026] DELETE /v2.0/routers/9daa400e-c988-4a8b-a5b3-dde883f88d42 => generated 0 bytes in 793 msecs (HTTP/1.1 204) 2 headers in 112 bytes (1 switches on core 0) [pid: 7|app: 0|req: 701/1551] 10.0.0.183 () {32 vars in 694 bytes} [Sat Jul 25 09:28:01 2026] GET /v2.0/networks?router%3Aexternal=True => generated 791 bytes in 44 msecs (HTTP/1.1 200) 4 headers in 157 bytes (1 switches on core 0)
2026-07-25 09:28:01.420 6 INFO neutron.db.l3_db [None req-447f72d4-6212-40d9-af7c-09c657786555 b10ca37094d44cdc883c93d625a42455 aa0797d7f8be4bc08ede52b45a9a019d - - default default] Floating IP c59877e5-12ec-4921-af1e-b283d877dfb8 associated. External IP: 10.96.250.206, port: 37e91937-112d-418b-b92a-2f6d8237abc1. [pid: 6|app: 0|req: 851/1552] 10.0.0.183 () {34 vars in 749 bytes} [Sat Jul 25 09:27:59 2026] PUT /v2.0/floatingips/c59877e5-12ec-4921-af1e-b283d877dfb8 => generated 845 bytes in 1810 msecs (HTTP/1.1 200) 4 headers in 157 bytes (1 switches on core 0)
2026-07-25 09:28:01.601 7 INFO neutron.db.ovn_revision_numbers_db [None req-a0d9cc2e-63f2-4079-adc7-aae230e166fa 4b0ca987e874414a9e16dfb1b5bee5d0 e28cf67d05de454a80908af24a37a8f4 - - default default] Successfully bumped revision number for resource f6316050-c016-4f16-8863-684d3e90ae4f (type: security_groups) to 1
2026-07-25 09:28:01.611 7 INFO neutron.db.ovn_revision_numbers_db [None req-a0d9cc2e-63f2-4079-adc7-aae230e166fa 4b0ca987e874414a9e16dfb1b5bee5d0 e28cf67d05de454a80908af24a37a8f4 - - default default] Successfully bumped revision number for resource 6a5f51e9-012b-4932-9d47-c60d68b82c14 (type: security_group_rules) to 0
2026-07-25 09:28:01.629 7 INFO neutron.db.ovn_revision_numbers_db [None req-a0d9cc2e-63f2-4079-adc7-aae230e166fa 4b0ca987e874414a9e16dfb1b5bee5d0 e28cf67d05de454a80908af24a37a8f4 - - default default] Successfully bumped revision number for resource 8490aefc-6b9e-4d63-bf95-384ec1c4b9af (type: security_group_rules) to 0
2026-07-25 09:28:01.645 7 INFO neutron.db.ovn_revision_numbers_db [None req-a0d9cc2e-63f2-4079-adc7-aae230e166fa 4b0ca987e874414a9e16dfb1b5bee5d0 e28cf67d05de454a80908af24a37a8f4 - - default default] Successfully bumped revision number for resource e0a547a1-c7ee-4764-a934-dff2c2da3afd (type: security_group_rules) to 0
2026-07-25 09:28:01.657 7 INFO neutron.db.ovn_revision_numbers_db [None req-a0d9cc2e-63f2-4079-adc7-aae230e166fa 4b0ca987e874414a9e16dfb1b5bee5d0 e28cf67d05de454a80908af24a37a8f4 - - default default] Successfully bumped revision number for resource eac51baf-eb53-4444-b04f-77ea7823c5f9 (type: security_group_rules) to 0 [pid: 7|app: 0|req: 702/1553] 10.0.0.183 () {32 vars in 774 bytes} [Sat Jul 25 09:28:01 2026] GET /v2.0/security-groups?tenant_id=f65efa4fe3794ec6997fd4a323f36e43&name=default => generated 2925 bytes in 297 msecs (HTTP/1.1 200) 4 headers in 158 bytes (1 switches on core 0)
2026-07-25 09:28:01.695 6 INFO neutron.db.ovn_revision_numbers_db [None req-82cce730-015a-4096-bcc7-667dc80767e9 - - - - - -] Successfully bumped revision number for resource 2319ae70-f694-401f-be1e-ae814bd21e61 (type: ports) to 4 [pid: 7|app: 0|req: 703/1554] 10.0.0.183 () {32 vars in 784 bytes} [Sat Jul 25 09:28:01 2026] GET /v2.0/subnets?network_id=cda1ce0c-fc16-4c65-a747-5f4199b9eba9&cidr=10.100.0.0%2F28 => generated 14 bytes in 19 msecs (HTTP/1.1 200) 4 headers in 156 bytes (1 switches on core 0)
2026-07-25 09:28:01.884 7 INFO neutron.db.ovn_revision_numbers_db [None req-13b3ce51-b14e-4bda-96a5-0994bcbd66ef b10ca37094d44cdc883c93d625a42455 aa0797d7f8be4bc08ede52b45a9a019d - - default default] Successfully bumped revision number for resource c59877e5-12ec-4921-af1e-b283d877dfb8 (type: floatingips) to 3 [pid: 6|app: 0|req: 852/1555] 10.0.0.183 () {32 vars in 724 bytes} [Sat Jul 25 09:28:01 2026] DELETE /v2.0/subnets/cc8de139-0afa-4b1d-a733-c5cdc5c09c52 => generated 0 bytes in 352 msecs (HTTP/1.1 204) 3 headers in 131 bytes (1 switches on core 0)
2026-07-25 09:28:01.936 7 INFO neutron.db.l3_db [None req-13b3ce51-b14e-4bda-96a5-0994bcbd66ef b10ca37094d44cdc883c93d625a42455 aa0797d7f8be4bc08ede52b45a9a019d - - default default] Floating IP c59877e5-12ec-4921-af1e-b283d877dfb8 disassociated. External IP: 10.96.250.206, port: 85eef165-ca92-41e3-93ee-008e17269083. [pid: 7|app: 0|req: 704/1556] 10.0.0.183 () {34 vars in 749 bytes} [Sat Jul 25 09:28:01 2026] PUT /v2.0/floatingips/c59877e5-12ec-4921-af1e-b283d877dfb8 => generated 554 bytes in 247 msecs (HTTP/1.1 200) 4 headers in 157 bytes (1 switches on core 0)
2026-07-25 09:28:02.139 7 WARNING neutron.scheduler.dhcp_agent_scheduler [None req-7c3786b4-f518-45b8-966c-5d711074564a 400a509275684b69b3028664d681f580 f12483956f334101b6dc807fe7f7864b - - default default] No more DHCP agents
2026-07-25 09:28:02.140 7 WARNING neutron.api.rpc.agentnotifiers.dhcp_rpc_agent_api [None req-7c3786b4-f518-45b8-966c-5d711074564a 400a509275684b69b3028664d681f580 f12483956f334101b6dc807fe7f7864b - - default default] Unable to schedule network 23e8c79e-b777-4621-9204-d058bb09a82d: no agents available; will retry on subsequent port and subnet creation events.
2026-07-25 09:28:02.259 6 INFO neutron.db.ovn_revision_numbers_db [None req-82cce730-015a-4096-bcc7-667dc80767e9 - - - - - -] Successfully bumped revision number for resource 2319ae70-f694-401f-be1e-ae814bd21e61 (type: ports) to 5 [pid: 6|app: 0|req: 853/1557] 10.0.0.183 () {32 vars in 740 bytes} [Sat Jul 25 09:28:01 2026] DELETE /v2.0/security-groups/f6316050-c016-4f16-8863-684d3e90ae4f => generated 0 bytes in 414 msecs (HTTP/1.1 204) 2 headers in 112 bytes (1 switches on core 0)
2026-07-25 09:28:02.476 6 INFO neutron_taas.services.taas.taas_plugin [None req-1e943d51-d1c3-4dda-8e7b-b719923dff84 4b0ca987e874414a9e16dfb1b5bee5d0 e28cf67d05de454a80908af24a37a8f4 - - default default] TaaS: Handle Delete Port: d5e9c27e-2a98-4c1b-9ed0-43ce8dafc7a1
2026-07-25 09:28:02.479 6 INFO neutron_taas.services.taas.tap_mirror_plugin [None req-1e943d51-d1c3-4dda-8e7b-b719923dff84 4b0ca987e874414a9e16dfb1b5bee5d0 e28cf67d05de454a80908af24a37a8f4 - - default default] Tap Mirror: Handle Delete Port: d5e9c27e-2a98-4c1b-9ed0-43ce8dafc7a1
2026-07-25 09:28:02.613 7 INFO neutron.db.ovn_revision_numbers_db [None req-1f873fd2-6f27-4318-b0ce-3d040503f3b0 - - - - - -] Successfully bumped revision number for resource 25a3a032-4fa6-463a-801b-a53d6f132e71 (type: ports) to 2
2026-07-25 09:28:02.638 7 INFO neutron.db.ovn_revision_numbers_db [None req-1f873fd2-6f27-4318-b0ce-3d040503f3b0 - - - - - -] Successfully bumped revision number for resource e7517789-cd97-4462-a94d-0a08a1d9a7b0 (type: subnets) to 0 [pid: 7|app: 0|req: 705/1558] 10.0.0.183 () {34 vars in 669 bytes} [Sat Jul 25 09:28:01 2026] POST /v2.0/subnets => generated 656 bytes in 692 msecs (HTTP/1.1 201) 4 headers in 162 bytes (1 switches on core 0)
2026-07-25 09:28:02.674 6 INFO neutron.services.segments.plugin [-] Segment d72576fa-b1c3-41b0-9c2a-b4a9877ccd75 resource provider aggregate not found
2026-07-25 09:28:02.680 6 INFO neutron.services.segments.plugin [-] Segment d72576fa-b1c3-41b0-9c2a-b4a9877ccd75 resource provider aggregate not found
2026-07-25 09:28:02.704 6 INFO neutron.services.segments.plugin [-] Segment d72576fa-b1c3-41b0-9c2a-b4a9877ccd75 resource provider not found; error: Placement Client Error (4xx): {"errors": [{"status": 404, "title": "Not Found", "detail": "The resource could not be found.\n\n No resource provider with uuid d72576fa-b1c3-41b0-9c2a-b4a9877ccd75 found for delete ", "request_id": "req-0212150e-bf45-4a28-bd1b-a0598afd7c04"}]}
2026-07-25 09:28:02.705 6 INFO neutron.services.segments.plugin [-] Segment d72576fa-b1c3-41b0-9c2a-b4a9877ccd75 resource provider not found; error: Placement Client Error (4xx): {"errors": [{"status": 404, "title": "Not Found", "detail": "The resource could not be found.\n\n No resource provider with uuid d72576fa-b1c3-41b0-9c2a-b4a9877ccd75 found for delete ", "request_id": "req-44b6be53-c756-4e7e-b931-a72db262b6d2"}]} [pid: 6|app: 0|req: 854/1559] 10.0.0.183 () {32 vars in 726 bytes} [Sat Jul 25 09:28:02 2026] DELETE /v2.0/networks/02a62a4c-8b42-4562-9936-1102f6067697 => generated 0 bytes in 408 msecs (HTTP/1.1 204) 3 headers in 131 bytes (1 switches on core 0)
2026-07-25 09:28:02.786 7 INFO neutron_taas.services.taas.taas_plugin [None req-7c03c860-274e-48ea-8f70-5f885c3f9141 b10ca37094d44cdc883c93d625a42455 aa0797d7f8be4bc08ede52b45a9a019d - - default default] TaaS: Handle Delete Port: 4f1e10b8-a010-405b-a2d9-b65b6b0df4ab
2026-07-25 09:28:02.790 7 INFO neutron_taas.services.taas.tap_mirror_plugin [None req-7c03c860-274e-48ea-8f70-5f885c3f9141 b10ca37094d44cdc883c93d625a42455 aa0797d7f8be4bc08ede52b45a9a019d - - default default] Tap Mirror: Handle Delete Port: 4f1e10b8-a010-405b-a2d9-b65b6b0df4ab [pid: 7|app: 0|req: 706/1562] 10.0.0.183 () {32 vars in 732 bytes} [Sat Jul 25 09:28:02 2026] DELETE /v2.0/floatingips/c59877e5-12ec-4921-af1e-b283d877dfb8 => generated 0 bytes in 325 msecs (HTTP/1.1 204) 2 headers in 112 bytes (1 switches on core 0) [pid: 7|app: 0|req: 707/1563] 10.0.0.183 () {32 vars in 774 bytes} [Sat Jul 25 09:28:02 2026] GET /v2.0/security-groups?tenant_id=8a858120d710402db8f9c413f7cd66d4&name=default => generated 2925 bytes in 27 msecs (HTTP/1.1 200) 4 headers in 158 bytes (1 switches on core 0)
2026-07-25 09:28:03.025 7 INFO neutron.api.v2.resource [None req-a177d800-4992-4ca7-b3d7-3f2a45a2cd1d b10ca37094d44cdc883c93d625a42455 aa0797d7f8be4bc08ede52b45a9a019d - - default default] delete failed (client error): The resource could not be found. [pid: 7|app: 0|req: 708/1564] 10.0.0.183 () {32 vars in 732 bytes} [Sat Jul 25 09:28:03 2026] DELETE /v2.0/floatingips/c59877e5-12ec-4921-af1e-b283d877dfb8 => generated 144 bytes in 19 msecs (HTTP/1.1 404) 4 headers in 164 bytes (1 switches on core 0) [pid: 7|app: 0|req: 709/1565] 10.0.0.183 () {32 vars in 740 bytes} [Sat Jul 25 09:28:03 2026] DELETE /v2.0/security-groups/b0b1311f-95de-49a6-a57a-32892403aa16 => generated 0 bytes in 215 msecs (HTTP/1.1 204) 2 headers in 112 bytes (1 switches on core 0)
2026-07-25 09:28:03.289 6 WARNING neutron.scheduler.dhcp_agent_scheduler [None req-74ca7ef1-27fa-4090-80b0-2484f025ae63 400a509275684b69b3028664d681f580 f12483956f334101b6dc807fe7f7864b - - default default] No more DHCP agents
2026-07-25 09:28:03.290 6 WARNING neutron.api.rpc.agentnotifiers.dhcp_rpc_agent_api [None req-74ca7ef1-27fa-4090-80b0-2484f025ae63 400a509275684b69b3028664d681f580 f12483956f334101b6dc807fe7f7864b - - default default] Unable to schedule network 23e8c79e-b777-4621-9204-d058bb09a82d: no agents available; will retry on subsequent port and subnet creation events.
2026-07-25 09:28:03.358 7 INFO neutron_taas.services.taas.taas_plugin [None req-dd8df856-4c59-4ef1-91be-dd907ed11b96 b10ca37094d44cdc883c93d625a42455 aa0797d7f8be4bc08ede52b45a9a019d - - default default] TaaS: Handle Delete Port: 85eef165-ca92-41e3-93ee-008e17269083
2026-07-25 09:28:03.360 7 INFO neutron_taas.services.taas.tap_mirror_plugin [None req-dd8df856-4c59-4ef1-91be-dd907ed11b96 b10ca37094d44cdc883c93d625a42455 aa0797d7f8be4bc08ede52b45a9a019d - - default default] Tap Mirror: Handle Delete Port: 85eef165-ca92-41e3-93ee-008e17269083
2026-07-25 09:28:03.445 6 INFO neutron.db.ovn_revision_numbers_db [None req-74ca7ef1-27fa-4090-80b0-2484f025ae63 400a509275684b69b3028664d681f580 f12483956f334101b6dc807fe7f7864b - - default default] Successfully bumped revision number for resource 1bf39486-09a6-40b2-aba3-dafe7a830a13 (type: ports) to 1 [pid: 7|app: 0|req: 710/1566] 10.0.0.183 () {32 vars in 720 bytes} [Sat Jul 25 09:28:03 2026] DELETE /v2.0/ports/85eef165-ca92-41e3-93ee-008e17269083 => generated 0 bytes in 283 msecs (HTTP/1.1 204) 3 headers in 131 bytes (1 switches on core 0)
2026-07-25 09:28:03.626 7 INFO neutron_taas.services.taas.taas_plugin [None req-170eaf45-f7cf-48b7-965e-b194b7f2c0e0 b10ca37094d44cdc883c93d625a42455 aa0797d7f8be4bc08ede52b45a9a019d - - default default] TaaS: Handle Delete Port: 37e91937-112d-418b-b92a-2f6d8237abc1
2026-07-25 09:28:03.628 7 INFO neutron_taas.services.taas.tap_mirror_plugin [None req-170eaf45-f7cf-48b7-965e-b194b7f2c0e0 b10ca37094d44cdc883c93d625a42455 aa0797d7f8be4bc08ede52b45a9a019d - - default default] Tap Mirror: Handle Delete Port: 37e91937-112d-418b-b92a-2f6d8237abc1 [pid: 7|app: 0|req: 711/1567] 10.0.0.183 () {32 vars in 720 bytes} [Sat Jul 25 09:28:03 2026] DELETE /v2.0/ports/37e91937-112d-418b-b92a-2f6d8237abc1 => generated 0 bytes in 233 msecs (HTTP/1.1 204) 3 headers in 131 bytes (1 switches on core 0) [pid: 7|app: 0|req: 712/1568] 10.0.0.183 () {32 vars in 736 bytes} [Sat Jul 25 09:28:03 2026] GET /v2.0/ports?device_id=a040d3d2-4713-4b4e-bf2f-c39a42a9a09e => generated 946 bytes in 44 msecs (HTTP/1.1 200) 4 headers in 157 bytes (1 switches on core 0)
2026-07-25 09:28:04.095 7 INFO neutron_taas.services.taas.taas_plugin [None req-d92f8238-6bd9-49a3-826a-e1d47da83076 b10ca37094d44cdc883c93d625a42455 aa0797d7f8be4bc08ede52b45a9a019d - - default default] TaaS: Handle Delete Port: 5c226393-1afc-41dc-943b-5596522da281
2026-07-25 09:28:04.099 7 INFO neutron_taas.services.taas.tap_mirror_plugin [None req-d92f8238-6bd9-49a3-826a-e1d47da83076 b10ca37094d44cdc883c93d625a42455 aa0797d7f8be4bc08ede52b45a9a019d - - default default] Tap Mirror: Handle Delete Port: 5c226393-1afc-41dc-943b-5596522da281
2026-07-25 09:28:04.223 6 WARNING neutron.scheduler.dhcp_agent_scheduler [None req-74ca7ef1-27fa-4090-80b0-2484f025ae63 400a509275684b69b3028664d681f580 f12483956f334101b6dc807fe7f7864b - - default default] No more DHCP agents
2026-07-25 09:28:04.224 6 WARNING neutron.api.rpc.agentnotifiers.dhcp_rpc_agent_api [None req-74ca7ef1-27fa-4090-80b0-2484f025ae63 400a509275684b69b3028664d681f580 f12483956f334101b6dc807fe7f7864b - - default default] Unable to schedule network 23e8c79e-b777-4621-9204-d058bb09a82d: no agents available; will retry on subsequent port and subnet creation events.
2026-07-25 09:28:04.645 6 INFO neutron.db.ovn_revision_numbers_db [None req-74ca7ef1-27fa-4090-80b0-2484f025ae63 400a509275684b69b3028664d681f580 f12483956f334101b6dc807fe7f7864b - - default default] Successfully bumped revision number for resource 1bf39486-09a6-40b2-aba3-dafe7a830a13 (type: router_ports) to 1 [pid: 6|app: 0|req: 857/1569] 10.0.0.183 () {34 vars in 783 bytes} [Sat Jul 25 09:28:02 2026] PUT /v2.0/routers/904eb33f-5f34-4881-99a2-f4fadd5736f1/add_router_interface => generated 309 bytes in 1928 msecs (HTTP/1.1 200) 4 headers in 157 bytes (1 switches on core 0) [pid: 7|app: 0|req: 713/1570] 10.0.0.183 () {34 vars in 789 bytes} [Sat Jul 25 09:28:03 2026] PUT /v2.0/routers/a040d3d2-4713-4b4e-bf2f-c39a42a9a09e/remove_router_interface => generated 309 bytes in 863 msecs (HTTP/1.1 200) 4 headers in 157 bytes (1 switches on core 0) /var/lib/openstack/lib/python3.12/site-packages/pycadf/identifier.py:70: UserWarning: Invalid uuid: neutron. To ensure interoperability, identifiers should be a valid uuid. warnings.warn(('Invalid uuid: %s. To ensure interoperability, ' [pid: 6|app: 0|req: 858/1571] 10.0.0.183 () {32 vars in 649 bytes} [Sat Jul 25 09:28:04 2026] GET /v2.0/networks => generated 3872 bytes in 59 msecs (HTTP/1.1 200) 4 headers in 158 bytes (1 switches on core 0) [pid: 6|app: 0|req: 859/1572] 10.0.0.183 () {32 vars in 647 bytes} [Sat Jul 25 09:28:04 2026] GET /v2.0/subnets => generated 2607 bytes in 37 msecs (HTTP/1.1 200) 4 headers in 158 bytes (1 switches on core 0) [pid: 6|app: 0|req: 860/1573] 10.0.0.183 () {32 vars in 647 bytes} [Sat Jul 25 09:28:04 2026] GET /v2.0/routers => generated 1937 bytes in 61 msecs (HTTP/1.1 200) 4 headers in 158 bytes (1 switches on core 0)
2026-07-25 09:28:04.992 6 INFO neutron.db.ovn_revision_numbers_db [None req-7c6bab4f-2001-419f-a417-395036bd2549 400a509275684b69b3028664d681f580 f12483956f334101b6dc807fe7f7864b - - default default] Successfully bumped revision number for resource 24b5a573-cb8f-4e92-b185-599e9806d8be (type: security_groups) to 1
2026-07-25 09:28:04.996 7 INFO neutron_taas.services.taas.taas_plugin [None req-95569068-82c7-4bbc-b7a8-654b863d5fc3 b10ca37094d44cdc883c93d625a42455 aa0797d7f8be4bc08ede52b45a9a019d - - default default] TaaS: Handle Delete Port: 658c7b90-2dcc-4ef6-ae92-3e0d8a336302
2026-07-25 09:28:04.999 7 INFO neutron_taas.services.taas.tap_mirror_plugin [None req-95569068-82c7-4bbc-b7a8-654b863d5fc3 b10ca37094d44cdc883c93d625a42455 aa0797d7f8be4bc08ede52b45a9a019d - - default default] Tap Mirror: Handle Delete Port: 658c7b90-2dcc-4ef6-ae92-3e0d8a336302
2026-07-25 09:28:05.001 6 INFO neutron.db.ovn_revision_numbers_db [None req-7c6bab4f-2001-419f-a417-395036bd2549 400a509275684b69b3028664d681f580 f12483956f334101b6dc807fe7f7864b - - default default] Successfully bumped revision number for resource 040e4bce-8138-429f-b381-85e404f8caa7 (type: security_group_rules) to 0
2026-07-25 09:28:05.009 6 INFO neutron.db.ovn_revision_numbers_db [None req-7c6bab4f-2001-419f-a417-395036bd2549 400a509275684b69b3028664d681f580 f12483956f334101b6dc807fe7f7864b - - default default] Successfully bumped revision number for resource 6fb1a4ea-6e1b-462b-8ac8-37fb5aac552a (type: security_group_rules) to 0 [pid: 6|app: 0|req: 861/1574] 10.0.0.183 () {34 vars in 685 bytes} [Sat Jul 25 09:28:04 2026] POST /v2.0/security-groups => generated 1673 bytes in 163 msecs (HTTP/1.1 201) 4 headers in 163 bytes (1 switches on core 0)
2026-07-25 09:28:05.159 6 INFO neutron.db.ovn_revision_numbers_db [None req-52092c46-bb2d-4b94-ae0d-9251c805b3a8 400a509275684b69b3028664d681f580 f12483956f334101b6dc807fe7f7864b - - default default] Successfully bumped revision number for resource 20545cd8-35f1-4f4c-929f-cd070ed9f9d2 (type: security_group_rules) to 0 [pid: 6|app: 0|req: 862/1575] 10.0.0.183 () {34 vars in 695 bytes} [Sat Jul 25 09:28:05 2026] POST /v2.0/security-group-rules => generated 597 bytes in 150 msecs (HTTP/1.1 201) 4 headers in 162 bytes (1 switches on core 0)
2026-07-25 09:28:05.314 6 INFO neutron.db.ovn_revision_numbers_db [None req-5dd4d953-af1e-46b8-8e46-977f1028fbb3 400a509275684b69b3028664d681f580 f12483956f334101b6dc807fe7f7864b - - default default] Successfully bumped revision number for resource 2fae1f46-a92a-4725-8007-8ae104e1ce10 (type: security_group_rules) to 0 [pid: 6|app: 0|req: 863/1576] 10.0.0.183 () {34 vars in 695 bytes} [Sat Jul 25 09:28:05 2026] POST /v2.0/security-group-rules => generated 596 bytes in 135 msecs (HTTP/1.1 201) 4 headers in 162 bytes (1 switches on core 0) [pid: 7|app: 0|req: 714/1577] 10.0.0.183 () {32 vars in 724 bytes} [Sat Jul 25 09:28:04 2026] DELETE /v2.0/routers/a040d3d2-4713-4b4e-bf2f-c39a42a9a09e => generated 0 bytes in 698 msecs (HTTP/1.1 204) 2 headers in 112 bytes (1 switches on core 0)
2026-07-25 09:28:05.460 6 INFO neutron.db.ovn_revision_numbers_db [None req-9cebe508-6976-42ec-85d2-2ba627af2511 400a509275684b69b3028664d681f580 f12483956f334101b6dc807fe7f7864b - - default default] Successfully bumped revision number for resource 89ef5f4e-ab3c-43ca-a8cb-3366de90c9b1 (type: security_group_rules) to 0 [pid: 6|app: 0|req: 864/1578] 10.0.0.183 () {34 vars in 695 bytes} [Sat Jul 25 09:28:05 2026] POST /v2.0/security-group-rules => generated 602 bytes in 139 msecs (HTTP/1.1 201) 4 headers in 162 bytes (1 switches on core 0) [pid: 7|app: 0|req: 715/1579] 10.0.0.183 () {32 vars in 724 bytes} [Sat Jul 25 09:28:05 2026] DELETE /v2.0/subnets/e65640a8-acc1-4c70-9a4a-9fcccada02b1 => generated 0 bytes in 143 msecs (HTTP/1.1 204) 3 headers in 131 bytes (1 switches on core 0)
2026-07-25 09:28:05.647 6 INFO neutron.db.ovn_revision_numbers_db [None req-4940512a-d472-4282-a550-0435a232fb8b 400a509275684b69b3028664d681f580 f12483956f334101b6dc807fe7f7864b - - default default] Successfully bumped revision number for resource 1fd554f9-4b39-422b-992a-56be353b8e9c (type: security_group_rules) to 0
2026-07-25 09:28:05.657 7 INFO neutron_taas.services.taas.taas_plugin [None req-3da6a5db-5caf-4a2c-8a4b-fc19db1418d9 b10ca37094d44cdc883c93d625a42455 aa0797d7f8be4bc08ede52b45a9a019d - - default default] TaaS: Handle Delete Port: 1137bf49-7d89-4c46-9219-de79b3603e09
2026-07-25 09:28:05.660 7 INFO neutron_taas.services.taas.tap_mirror_plugin [None req-3da6a5db-5caf-4a2c-8a4b-fc19db1418d9 b10ca37094d44cdc883c93d625a42455 aa0797d7f8be4bc08ede52b45a9a019d - - default default] Tap Mirror: Handle Delete Port: 1137bf49-7d89-4c46-9219-de79b3603e09 [pid: 6|app: 0|req: 865/1580] 10.0.0.183 () {34 vars in 695 bytes} [Sat Jul 25 09:28:05 2026] POST /v2.0/security-group-rules => generated 601 bytes in 209 msecs (HTTP/1.1 201) 4 headers in 162 bytes (1 switches on core 0)
2026-07-25 09:28:05.736 6 INFO neutron.db.securitygroups_db [None req-8994b562-f9d5-4399-8420-48b397265b2f 400a509275684b69b3028664d681f580 f12483956f334101b6dc807fe7f7864b - - default default] Project f12483956f334101b6dc807fe7f7864b added a security group rule with legacy IPv6 ICMP protocol name icmp, ipv6-icmp should be used instead. It was automatically converted.
2026-07-25 09:28:05.856 7 INFO neutron.services.segments.plugin [-] Segment 216c120b-a451-45b0-864a-b05dd6663d83 resource provider aggregate not found
2026-07-25 09:28:05.862 7 INFO neutron.services.segments.plugin [-] Segment 216c120b-a451-45b0-864a-b05dd6663d83 resource provider aggregate not found
2026-07-25 09:28:05.874 7 INFO neutron.services.segments.plugin [-] Segment 216c120b-a451-45b0-864a-b05dd6663d83 resource provider not found; error: Placement Client Error (4xx): {"errors": [{"status": 404, "title": "Not Found", "detail": "The resource could not be found.\n\n No resource provider with uuid 216c120b-a451-45b0-864a-b05dd6663d83 found for delete ", "request_id": "req-ef0cc088-4bb0-468e-b911-e1841798b9fb"}]}
2026-07-25 09:28:05.874 6 INFO neutron.db.ovn_revision_numbers_db [None req-8994b562-f9d5-4399-8420-48b397265b2f 400a509275684b69b3028664d681f580 f12483956f334101b6dc807fe7f7864b - - default default] Successfully bumped revision number for resource 5a3504e3-2311-43ca-af33-909310eaae16 (type: security_group_rules) to 0
2026-07-25 09:28:05.886 7 INFO neutron.services.segments.plugin [-] Segment 216c120b-a451-45b0-864a-b05dd6663d83 resource provider not found; error: Placement Client Error (4xx): {"errors": [{"status": 404, "title": "Not Found", "detail": "The resource could not be found.\n\n No resource provider with uuid 216c120b-a451-45b0-864a-b05dd6663d83 found for delete ", "request_id": "req-0adef52a-e4b7-48a7-9bff-4a810c668841"}]} [pid: 7|app: 0|req: 716/1581] 10.0.0.183 () {32 vars in 726 bytes} [Sat Jul 25 09:28:05 2026] DELETE /v2.0/networks/61bfe749-e993-4b03-820e-803e11843146 => generated 0 bytes in 376 msecs (HTTP/1.1 204) 3 headers in 131 bytes (1 switches on core 0) [pid: 6|app: 0|req: 866/1582] 10.0.0.183 () {34 vars in 695 bytes} [Sat Jul 25 09:28:05 2026] POST /v2.0/security-group-rules => generated 607 bytes in 208 msecs (HTTP/1.1 201) 4 headers in 162 bytes (1 switches on core 0)
2026-07-25 09:28:05.983 7 INFO neutron.db.securitygroups_db [None req-24592273-23db-41cf-a731-81a9cc3a3dbe 400a509275684b69b3028664d681f580 f12483956f334101b6dc807fe7f7864b - - default default] Project f12483956f334101b6dc807fe7f7864b added a security group rule with legacy IPv6 ICMP protocol name icmp, ipv6-icmp should be used instead. It was automatically converted.
2026-07-25 09:28:06.093 7 INFO neutron.db.ovn_revision_numbers_db [None req-24592273-23db-41cf-a731-81a9cc3a3dbe 400a509275684b69b3028664d681f580 f12483956f334101b6dc807fe7f7864b - - default default] Successfully bumped revision number for resource f08aff68-ca68-4c27-ae35-3de29064fd72 (type: security_group_rules) to 0 [pid: 7|app: 0|req: 717/1583] 10.0.0.183 () {34 vars in 695 bytes} [Sat Jul 25 09:28:05 2026] POST /v2.0/security-group-rules => generated 606 bytes in 209 msecs (HTTP/1.1 201) 4 headers in 162 bytes (1 switches on core 0) [pid: 6|app: 0|req: 867/1584] 10.0.0.183 () {32 vars in 774 bytes} [Sat Jul 25 09:28:06 2026] GET /v2.0/security-groups?tenant_id=aa0797d7f8be4bc08ede52b45a9a019d&name=default => generated 2925 bytes in 134 msecs (HTTP/1.1 200) 4 headers in 158 bytes (1 switches on core 0) [pid: 7|app: 0|req: 718/1585] 10.0.0.183 () {32 vars in 649 bytes} [Sat Jul 25 09:28:06 2026] GET /v2.0/networks => generated 1374 bytes in 102 msecs (HTTP/1.1 200) 4 headers in 158 bytes (1 switches on core 0) [pid: 7|app: 0|req: 719/1586] 10.0.0.61 () {34 vars in 1097 bytes} [Sat Jul 25 09:28:06 2026] GET /v2.0/security-groups?name=tempest-secgroup-smoke-791158584&fields=id&tenant_id=f12483956f334101b6dc807fe7f7864b => generated 69 bytes in 36 msecs (HTTP/1.1 200) 4 headers in 156 bytes (1 switches on core 0)
2026-07-25 09:28:06.708 6 WARNING neutron.plugins.ml2.drivers.ovn.mech_driver.ovsdb.ovn_client [None req-297368b5-8b90-4964-a1af-7b5a6c59972e - - - - - -] No port found with ID 5c226393-1afc-41dc-943b-5596522da281: RuntimeError: No port found with ID 5c226393-1afc-41dc-943b-5596522da281 [pid: 7|app: 0|req: 720/1587] 10.0.0.61 () {34 vars in 981 bytes} [Sat Jul 25 09:28:06 2026] GET /v2.0/networks?id=23e8c79e-b777-4621-9204-d058bb09a82d => generated 699 bytes in 45 msecs (HTTP/1.1 200) 4 headers in 157 bytes (1 switches on core 0) [pid: 7|app: 0|req: 721/1588] 10.0.0.61 () {34 vars in 964 bytes} [Sat Jul 25 09:28:06 2026] GET /v2.0/quotas/f12483956f334101b6dc807fe7f7864b => generated 292 bytes in 13 msecs (HTTP/1.1 200) 4 headers in 157 bytes (1 switches on core 0)
2026-07-25 09:28:06.783 6 INFO neutron.plugins.ml2.drivers.ovn.mech_driver.mech_driver [None req-297368b5-8b90-4964-a1af-7b5a6c59972e - - - - - -] OVN reports status down for port: 25a3a032-4fa6-463a-801b-a53d6f132e71 [pid: 7|app: 0|req: 722/1589] 10.0.0.61 () {34 vars in 1001 bytes} [Sat Jul 25 09:28:06 2026] GET /v2.0/ports?tenant_id=f12483956f334101b6dc807fe7f7864b&fields=id => generated 103 bytes in 50 msecs (HTTP/1.1 200) 4 headers in 157 bytes (1 switches on core 0) [pid: 6|app: 0|req: 868/1590] 10.0.0.183 () {32 vars in 740 bytes} [Sat Jul 25 09:28:06 2026] DELETE /v2.0/security-groups/e81e146a-1070-4fc4-aebf-fe350ed6c5dd => generated 0 bytes in 337 msecs (HTTP/1.1 204) 2 headers in 112 bytes (1 switches on core 0) [pid: 7|app: 0|req: 723/1591] 10.0.0.61 () {34 vars in 1007 bytes} [Sat Jul 25 09:28:06 2026] GET /v2.0/networks/23e8c79e-b777-4621-9204-d058bb09a82d?fields=segments => generated 14 bytes in 57 msecs (HTTP/1.1 200) 4 headers in 156 bytes (1 switches on core 0) /var/lib/openstack/lib/python3.12/site-packages/pycadf/identifier.py:70: UserWarning: Invalid uuid: neutron. To ensure interoperability, identifiers should be a valid uuid. warnings.warn(('Invalid uuid: %s. To ensure interoperability, '
2026-07-25 09:28:06.926 6 INFO neutron.plugins.ml2.drivers.ovn.mech_driver.mech_driver [None req-297368b5-8b90-4964-a1af-7b5a6c59972e - - - - - -] OVN reports status down for port: 2319ae70-f694-401f-be1e-ae814bd21e61 [pid: 6|app: 0|req: 869/1592] 10.0.0.61 () {34 vars in 1107 bytes} [Sat Jul 25 09:28:06 2026] GET /v2.0/networks/23e8c79e-b777-4621-9204-d058bb09a82d?fields=provider%3Aphysical_network&fields=provider%3Anetwork_type => generated 79 bytes in 72 msecs (HTTP/1.1 200) 4 headers in 156 bytes (1 switches on core 0) [pid: 7|app: 0|req: 724/1593] 10.0.0.61 () {34 vars in 989 bytes} [Sat Jul 25 09:28:07 2026] GET /v2.0/ports?device_id=d33ccfe1-5e71-49c0-9adb-8ad8af1ac2be => generated 12 bytes in 19 msecs (HTTP/1.1 200) 4 headers in 156 bytes (1 switches on core 0)
2026-07-25 09:28:07.262 6 INFO neutron.db.ovn_revision_numbers_db [None req-297368b5-8b90-4964-a1af-7b5a6c59972e - - - - - -] Successfully bumped revision number for resource 2319ae70-f694-401f-be1e-ae814bd21e61 (type: ports) to 6
2026-07-25 09:28:07.331 6 WARNING neutron.plugins.ml2.drivers.ovn.mech_driver.ovsdb.ovn_client [None req-85078bc9-c0a1-484f-a9ce-6509043b60b7 - - - - - -] Logical_Switch_Port %s host information not removed, the port state is up
2026-07-25 09:28:07.331 6 INFO neutron.plugins.ml2.drivers.ovn.mech_driver.mech_driver [None req-85078bc9-c0a1-484f-a9ce-6509043b60b7 - - - - - -] OVN reports status up for port: 2319ae70-f694-401f-be1e-ae814bd21e61
2026-07-25 09:28:07.341 6 INFO neutron.plugins.ml2.plugin [None req-85078bc9-c0a1-484f-a9ce-6509043b60b7 - - - - - -] Attempt 1 to provision port 2319ae70-f694-401f-be1e-ae814bd21e61
2026-07-25 09:28:07.678 6 INFO neutron.db.ovn_revision_numbers_db [None req-85078bc9-c0a1-484f-a9ce-6509043b60b7 - - - - - -] Successfully bumped revision number for resource 2319ae70-f694-401f-be1e-ae814bd21e61 (type: ports) to 7
2026-07-25 09:28:07.907 6 INFO neutron.plugins.ml2.drivers.ovn.mech_driver.mech_driver [None req-e1965662-1082-4fd2-9e10-534f7860e7e0 - - - - - -] OVN reports status down for port: 1bf39486-09a6-40b2-aba3-dafe7a830a13
2026-07-25 09:28:07.965 6 WARNING neutron.plugins.ml2.drivers.ovn.mech_driver.ovsdb.ovn_client [None req-e1965662-1082-4fd2-9e10-534f7860e7e0 - - - - - -] Logical_Switch_Port %s host information not removed, the port state is up
2026-07-25 09:28:07.966 6 INFO neutron.plugins.ml2.drivers.ovn.mech_driver.mech_driver [None req-e1965662-1082-4fd2-9e10-534f7860e7e0 - - - - - -] OVN reports status up for port: 1bf39486-09a6-40b2-aba3-dafe7a830a13
2026-07-25 09:28:07.976 6 INFO neutron.plugins.ml2.plugin [None req-e1965662-1082-4fd2-9e10-534f7860e7e0 - - - - - -] Attempt 1 to provision port 1bf39486-09a6-40b2-aba3-dafe7a830a13 /var/lib/openstack/lib/python3.12/site-packages/pycadf/identifier.py:70: UserWarning: Invalid uuid: neutron. To ensure interoperability, identifiers should be a valid uuid. warnings.warn(('Invalid uuid: %s. To ensure interoperability, ' [pid: 6|app: 0|req: 870/1594] 10.0.0.61 () {34 vars in 989 bytes} [Sat Jul 25 09:28:08 2026] GET /v2.0/ports?device_id=d33ccfe1-5e71-49c0-9adb-8ad8af1ac2be => generated 12 bytes in 33 msecs (HTTP/1.1 200) 4 headers in 156 bytes (1 switches on core 0)
2026-07-25 09:28:08.379 6 INFO neutron.db.ovn_revision_numbers_db [None req-e1965662-1082-4fd2-9e10-534f7860e7e0 - - - - - -] Successfully bumped revision number for resource 1bf39486-09a6-40b2-aba3-dafe7a830a13 (type: ports) to 2
2026-07-25 09:28:09.161 6 INFO neutron.db.ovn_revision_numbers_db [None req-6708d954-3153-41c5-bcd0-25c30be19603 4b0ca987e874414a9e16dfb1b5bee5d0 e28cf67d05de454a80908af24a37a8f4 - - default default] Successfully bumped revision number for resource cd2e76d5-37f8-4e82-853d-8c3a137f725e (type: security_groups) to 1
2026-07-25 09:28:09.173 6 INFO neutron.db.ovn_revision_numbers_db [None req-6708d954-3153-41c5-bcd0-25c30be19603 4b0ca987e874414a9e16dfb1b5bee5d0 e28cf67d05de454a80908af24a37a8f4 - - default default] Successfully bumped revision number for resource 4b680ff7-c3c5-4d62-9d85-d71dcf9f2537 (type: security_group_rules) to 0
2026-07-25 09:28:09.182 7 INFO neutron.db.ovn_revision_numbers_db [None req-4d268430-9849-4515-8e96-83b16bcc4455 c6c9ae11c1c045139794ae12788ab034 1ef8247c8d1b47f48664790f4bf48c79 - - default default] Successfully bumped revision number for resource 3ee580bd-2429-47a4-8390-d147cb523e71 (type: security_groups) to 1
2026-07-25 09:28:09.182 6 INFO neutron.db.ovn_revision_numbers_db [None req-6708d954-3153-41c5-bcd0-25c30be19603 4b0ca987e874414a9e16dfb1b5bee5d0 e28cf67d05de454a80908af24a37a8f4 - - default default] Successfully bumped revision number for resource 829e5623-c332-4dd0-ad80-522f995cd5da (type: security_group_rules) to 0
2026-07-25 09:28:09.194 6 INFO neutron.db.ovn_revision_numbers_db [None req-6708d954-3153-41c5-bcd0-25c30be19603 4b0ca987e874414a9e16dfb1b5bee5d0 e28cf67d05de454a80908af24a37a8f4 - - default default] Successfully bumped revision number for resource ba61e152-9cfc-4943-8fcc-0539112e303c (type: security_group_rules) to 0
2026-07-25 09:28:09.195 7 INFO neutron.db.ovn_revision_numbers_db [None req-4d268430-9849-4515-8e96-83b16bcc4455 c6c9ae11c1c045139794ae12788ab034 1ef8247c8d1b47f48664790f4bf48c79 - - default default] Successfully bumped revision number for resource 074b98d7-e418-44db-80b9-32177c9c4bc5 (type: security_group_rules) to 0
2026-07-25 09:28:09.205 6 INFO neutron.db.ovn_revision_numbers_db [None req-6708d954-3153-41c5-bcd0-25c30be19603 4b0ca987e874414a9e16dfb1b5bee5d0 e28cf67d05de454a80908af24a37a8f4 - - default default] Successfully bumped revision number for resource d1883db5-29d0-46f3-a1bf-c7610c5ed0ed (type: security_group_rules) to 0
2026-07-25 09:28:09.206 7 INFO neutron.db.ovn_revision_numbers_db [None req-4d268430-9849-4515-8e96-83b16bcc4455 c6c9ae11c1c045139794ae12788ab034 1ef8247c8d1b47f48664790f4bf48c79 - - default default] Successfully bumped revision number for resource 5e064a28-c553-410e-814f-71ce47064837 (type: security_group_rules) to 0
2026-07-25 09:28:09.217 7 INFO neutron.db.ovn_revision_numbers_db [None req-4d268430-9849-4515-8e96-83b16bcc4455 c6c9ae11c1c045139794ae12788ab034 1ef8247c8d1b47f48664790f4bf48c79 - - default default] Successfully bumped revision number for resource be6727df-2d0b-440f-b2fe-ede4e6406fe8 (type: security_group_rules) to 0
2026-07-25 09:28:09.232 7 INFO neutron.db.ovn_revision_numbers_db [None req-4d268430-9849-4515-8e96-83b16bcc4455 c6c9ae11c1c045139794ae12788ab034 1ef8247c8d1b47f48664790f4bf48c79 - - default default] Successfully bumped revision number for resource c8eea342-cd8a-41e6-8471-6f3c1da63ef8 (type: security_group_rules) to 0 [pid: 6|app: 0|req: 871/1595] 10.0.0.183 () {32 vars in 774 bytes} [Sat Jul 25 09:28:08 2026] GET /v2.0/security-groups?tenant_id=7c27a9c92a354c72b987e021a96dda92&name=default => generated 2925 bytes in 292 msecs (HTTP/1.1 200) 4 headers in 158 bytes (1 switches on core 0)
