2026-07-25 09:26:44.174 6 INFO neutron.db.ovn_revision_numbers_db [None req-a6100113-3254-4e0c-854c-301a7d3e64b8 4b0ca987e874414a9e16dfb1b5bee5d0 e28cf67d05de454a80908af24a37a8f4 - - default default] Successfully bumped revision number for resource 9daa400e-c988-4a8b-a5b3-dde883f88d42 (type: routers) to 2 [pid: 6|app: 0|req: 504/957] 10.0.0.183 () {34 vars in 669 bytes} [Sat Jul 25 09:26:42 2026] POST /v2.0/routers => generated 969 bytes in 1757 msecs (HTTP/1.1 201) 4 headers in 162 bytes (1 switches on core 0)
2026-07-25 09:26:44.227 7 WARNING neutron.scheduler.dhcp_agent_scheduler [None req-107801cd-a253-4dda-a771-d3ac21a37c57 f1ebacf97fce4f24a6701807ac3d138c 1037340573fa4ba2ab26af806d8d5ff3 - - default default] No more DHCP agents
2026-07-25 09:26:44.228 7 WARNING neutron.api.rpc.agentnotifiers.dhcp_rpc_agent_api [None req-107801cd-a253-4dda-a771-d3ac21a37c57 f1ebacf97fce4f24a6701807ac3d138c 1037340573fa4ba2ab26af806d8d5ff3 - - default default] Unable to schedule network 1ab79a3a-3924-4d44-a512-e08fcd9829bf: no agents available; will retry on subsequent port and subnet creation events.
2026-07-25 09:26:44.296 7 INFO neutron.plugins.ml2.drivers.ovn.mech_driver.mech_driver [None req-52987b31-ccab-48c3-8a45-0cf152e20312 - - - - - -] OVN reports status down for port: cfe57bdf-3361-4900-a553-2e6f434fab4d
2026-07-25 09:26:44.345 7 INFO neutron.db.ovn_revision_numbers_db [None req-107801cd-a253-4dda-a771-d3ac21a37c57 f1ebacf97fce4f24a6701807ac3d138c 1037340573fa4ba2ab26af806d8d5ff3 - - default default] Successfully bumped revision number for resource cfe57bdf-3361-4900-a553-2e6f434fab4d (type: ports) to 1 [pid: 7|app: 0|req: 454/958] 10.0.0.183 () {34 vars in 665 bytes} [Sat Jul 25 09:26:43 2026] POST /v2.0/ports => generated 928 bytes in 393 msecs (HTTP/1.1 201) 4 headers in 162 bytes (1 switches on core 0)
2026-07-25 09:26:44.644 6 INFO neutron.db.ovn_revision_numbers_db [None req-4464d495-dae8-4160-9fa7-bac29b78b4d3 4b0ca987e874414a9e16dfb1b5bee5d0 e28cf67d05de454a80908af24a37a8f4 - - default default] Successfully bumped revision number for resource 6c7d9796-de44-42a5-859f-af93eaaf3c09 (type: security_groups) to 1
2026-07-25 09:26:44.675 6 INFO neutron.db.ovn_revision_numbers_db [None req-4464d495-dae8-4160-9fa7-bac29b78b4d3 4b0ca987e874414a9e16dfb1b5bee5d0 e28cf67d05de454a80908af24a37a8f4 - - default default] Successfully bumped revision number for resource 1dea2600-4d63-4f81-9182-576536edd575 (type: security_group_rules) to 0
2026-07-25 09:26:44.696 6 INFO neutron.db.ovn_revision_numbers_db [None req-4464d495-dae8-4160-9fa7-bac29b78b4d3 4b0ca987e874414a9e16dfb1b5bee5d0 e28cf67d05de454a80908af24a37a8f4 - - default default] Successfully bumped revision number for resource 2a2e485e-438c-4edb-9f19-e1e5f298eb4a (type: security_group_rules) to 0
2026-07-25 09:26:44.712 6 INFO neutron.db.ovn_revision_numbers_db [None req-4464d495-dae8-4160-9fa7-bac29b78b4d3 4b0ca987e874414a9e16dfb1b5bee5d0 e28cf67d05de454a80908af24a37a8f4 - - default default] Successfully bumped revision number for resource 85d9e46a-d3da-41c0-b3b9-0ab2f40989ad (type: security_group_rules) to 0
2026-07-25 09:26:44.732 6 INFO neutron.db.ovn_revision_numbers_db [None req-4464d495-dae8-4160-9fa7-bac29b78b4d3 4b0ca987e874414a9e16dfb1b5bee5d0 e28cf67d05de454a80908af24a37a8f4 - - default default] Successfully bumped revision number for resource 92fccf34-84a7-4219-a5b8-5b00e30e7c65 (type: security_group_rules) to 0
2026-07-25 09:26:44.849 7 WARNING neutron.scheduler.dhcp_agent_scheduler [None req-19723216-2176-4a77-9c23-40d5397bdf53 4b0ca987e874414a9e16dfb1b5bee5d0 e28cf67d05de454a80908af24a37a8f4 - - default default] No more DHCP agents
2026-07-25 09:26:44.850 7 WARNING neutron.api.rpc.agentnotifiers.dhcp_rpc_agent_api [None req-19723216-2176-4a77-9c23-40d5397bdf53 4b0ca987e874414a9e16dfb1b5bee5d0 e28cf67d05de454a80908af24a37a8f4 - - default default] Unable to schedule network 02a62a4c-8b42-4562-9936-1102f6067697: no agents available; will retry on subsequent port and subnet creation events.
2026-07-25 09:26:44.862 6 INFO neutron.db.segments_db [None req-4464d495-dae8-4160-9fa7-bac29b78b4d3 4b0ca987e874414a9e16dfb1b5bee5d0 e28cf67d05de454a80908af24a37a8f4 - - default default] Added segment 4c643287-cb34-481c-b2a7-fa962705960c of type geneve for network 15200824-4f37-427f-ae16-2ab41b08f2b8
2026-07-25 09:26:44.943 7 INFO neutron.plugins.ml2.drivers.ovn.mech_driver.mech_driver [None req-52987b31-ccab-48c3-8a45-0cf152e20312 - - - - - -] OVN reports status down for port: 35dffcc3-e987-4f98-ad8f-2c1b09511af0
2026-07-25 09:26:45.002 7 INFO neutron.db.ovn_revision_numbers_db [None req-19723216-2176-4a77-9c23-40d5397bdf53 4b0ca987e874414a9e16dfb1b5bee5d0 e28cf67d05de454a80908af24a37a8f4 - - default default] Successfully bumped revision number for resource 35dffcc3-e987-4f98-ad8f-2c1b09511af0 (type: ports) to 1
2026-07-25 09:26:45.122 6 INFO neutron.db.ovn_revision_numbers_db [None req-4464d495-dae8-4160-9fa7-bac29b78b4d3 4b0ca987e874414a9e16dfb1b5bee5d0 e28cf67d05de454a80908af24a37a8f4 - - default default] Successfully bumped revision number for resource 15200824-4f37-427f-ae16-2ab41b08f2b8 (type: networks) to 1
2026-07-25 09:26:45.357 6 INFO neutron.db.ovn_revision_numbers_db [None req-82ca68dd-d8f6-48e1-a572-b3b587cc5625 - - - - - -] Successfully bumped revision number for resource 923f0b6c-9cea-420b-a8ad-2b6c050690da (type: ports) to 4
2026-07-25 09:26:45.384 6 WARNING neutron.scheduler.dhcp_agent_scheduler [None req-4464d495-dae8-4160-9fa7-bac29b78b4d3 4b0ca987e874414a9e16dfb1b5bee5d0 e28cf67d05de454a80908af24a37a8f4 - - default default] No more DHCP agents
2026-07-25 09:26:45.387 6 WARNING neutron.api.rpc.agentnotifiers.dhcp_rpc_agent_api [None req-4464d495-dae8-4160-9fa7-bac29b78b4d3 4b0ca987e874414a9e16dfb1b5bee5d0 e28cf67d05de454a80908af24a37a8f4 - - default default] Unable to schedule network 15200824-4f37-427f-ae16-2ab41b08f2b8: no agents available; will retry on subsequent port and subnet creation events.
2026-07-25 09:26:45.463 7 INFO neutron.plugins.ml2.drivers.ovn.mech_driver.mech_driver [None req-52987b31-ccab-48c3-8a45-0cf152e20312 - - - - - -] OVN reports status down for port: 162bcada-12f8-45d6-8863-dcc1fa80ed99
2026-07-25 09:26:45.521 6 INFO neutron.db.ovn_revision_numbers_db [None req-4464d495-dae8-4160-9fa7-bac29b78b4d3 4b0ca987e874414a9e16dfb1b5bee5d0 e28cf67d05de454a80908af24a37a8f4 - - default default] Successfully bumped revision number for resource 162bcada-12f8-45d6-8863-dcc1fa80ed99 (type: ports) to 1 [pid: 6|app: 0|req: 505/959] 10.0.0.183 () {34 vars in 671 bytes} [Sat Jul 25 09:26:44 2026] POST /v2.0/networks => generated 766 bytes in 1361 msecs (HTTP/1.1 201) 4 headers in 162 bytes (1 switches on core 0)
2026-07-25 09:26:45.652 7 INFO neutron.plugins.ml2.drivers.ovn.mech_driver.mech_driver [None req-52987b31-ccab-48c3-8a45-0cf152e20312 - - - - - -] OVN reports status up for port: 35dffcc3-e987-4f98-ad8f-2c1b09511af0
2026-07-25 09:26:45.686 7 INFO neutron.plugins.ml2.plugin [None req-52987b31-ccab-48c3-8a45-0cf152e20312 - - - - - -] Attempt 1 to provision port 35dffcc3-e987-4f98-ad8f-2c1b09511af0
2026-07-25 09:26:45.842 7 WARNING neutron.scheduler.dhcp_agent_scheduler [None req-19723216-2176-4a77-9c23-40d5397bdf53 4b0ca987e874414a9e16dfb1b5bee5d0 e28cf67d05de454a80908af24a37a8f4 - - default default] No more DHCP agents
2026-07-25 09:26:45.844 7 WARNING neutron.api.rpc.agentnotifiers.dhcp_rpc_agent_api [None req-19723216-2176-4a77-9c23-40d5397bdf53 4b0ca987e874414a9e16dfb1b5bee5d0 e28cf67d05de454a80908af24a37a8f4 - - default default] Unable to schedule network 02a62a4c-8b42-4562-9936-1102f6067697: no agents available; will retry on subsequent port and subnet creation events.
2026-07-25 09:26:45.906 6 INFO neutron_taas.services.taas.taas_plugin [None req-a885c000-926c-4d3d-aea4-60b041220df1 f1ebacf97fce4f24a6701807ac3d138c 1037340573fa4ba2ab26af806d8d5ff3 - - default default] TaaS: Handle Delete Port: cfe57bdf-3361-4900-a553-2e6f434fab4d
2026-07-25 09:26:45.912 6 INFO neutron_taas.services.taas.tap_mirror_plugin [None req-a885c000-926c-4d3d-aea4-60b041220df1 f1ebacf97fce4f24a6701807ac3d138c 1037340573fa4ba2ab26af806d8d5ff3 - - default default] Tap Mirror: Handle Delete Port: cfe57bdf-3361-4900-a553-2e6f434fab4d
2026-07-25 09:26:45.934 6 INFO neutron.db.ovn_revision_numbers_db [None req-82ca68dd-d8f6-48e1-a572-b3b587cc5625 - - - - - -] Successfully bumped revision number for resource 923f0b6c-9cea-420b-a8ad-2b6c050690da (type: ports) to 5 [pid: 6|app: 0|req: 506/960] 10.0.0.183 () {32 vars in 720 bytes} [Sat Jul 25 09:26:45 2026] DELETE /v2.0/ports/cfe57bdf-3361-4900-a553-2e6f434fab4d => generated 0 bytes in 531 msecs (HTTP/1.1 204) 3 headers in 131 bytes (1 switches on core 0)
2026-07-25 09:26:46.243 6 WARNING neutron.scheduler.dhcp_agent_scheduler [None req-ee0a75d0-d3e8-4f2b-a21e-1c56ba56e514 4b0ca987e874414a9e16dfb1b5bee5d0 e28cf67d05de454a80908af24a37a8f4 - - default default] No more DHCP agents
2026-07-25 09:26:46.245 6 WARNING neutron.api.rpc.agentnotifiers.dhcp_rpc_agent_api [None req-ee0a75d0-d3e8-4f2b-a21e-1c56ba56e514 4b0ca987e874414a9e16dfb1b5bee5d0 e28cf67d05de454a80908af24a37a8f4 - - default default] Unable to schedule network 15200824-4f37-427f-ae16-2ab41b08f2b8: no agents available; will retry on subsequent port and subnet creation events.
2026-07-25 09:26:46.732 6 INFO neutron.db.ovn_revision_numbers_db [None req-b0637f12-5138-4dd0-a7ed-81c6a310588e - - - - - -] Successfully bumped revision number for resource 162bcada-12f8-45d6-8863-dcc1fa80ed99 (type: ports) to 2
2026-07-25 09:26:46.765 7 INFO neutron.db.ovn_revision_numbers_db [None req-52987b31-ccab-48c3-8a45-0cf152e20312 - - - - - -] Successfully bumped revision number for resource 35dffcc3-e987-4f98-ad8f-2c1b09511af0 (type: ports) to 2
2026-07-25 09:26:46.775 6 INFO neutron.db.ovn_revision_numbers_db [None req-b0637f12-5138-4dd0-a7ed-81c6a310588e - - - - - -] Successfully bumped revision number for resource 7d82888e-ae30-4495-8c3e-e57ade0b88f0 (type: subnets) to 0 [pid: 6|app: 0|req: 507/961] 10.0.0.183 () {34 vars in 669 bytes} [Sat Jul 25 09:26:46 2026] POST /v2.0/subnets => generated 691 bytes in 696 msecs (HTTP/1.1 201) 4 headers in 162 bytes (1 switches on core 0)
2026-07-25 09:26:46.815 6 INFO neutron.pecan_wsgi.hooks.translation [None req-0919e2b2-5174-4642-8181-7783455580c5 f1ebacf97fce4f24a6701807ac3d138c 1037340573fa4ba2ab26af806d8d5ff3 - - default default] GET failed (client error): The resource could not be found. [pid: 6|app: 0|req: 508/962] 10.0.0.183 () {32 vars in 717 bytes} [Sat Jul 25 09:26:46 2026] GET /v2.0/ports/cfe57bdf-3361-4900-a553-2e6f434fab4d => generated 132 bytes in 19 msecs (HTTP/1.1 404) 4 headers in 164 bytes (1 switches on core 0)
2026-07-25 09:26:47.083 7 INFO neutron.db.ovn_revision_numbers_db [None req-19723216-2176-4a77-9c23-40d5397bdf53 4b0ca987e874414a9e16dfb1b5bee5d0 e28cf67d05de454a80908af24a37a8f4 - - default default] Successfully bumped revision number for resource 35dffcc3-e987-4f98-ad8f-2c1b09511af0 (type: router_ports) to 1 [pid: 7|app: 0|req: 455/963] 10.0.0.183 () {34 vars in 783 bytes} [Sat Jul 25 09:26:44 2026] PUT /v2.0/routers/9daa400e-c988-4a8b-a5b3-dde883f88d42/add_router_interface => generated 309 bytes in 2711 msecs (HTTP/1.1 200) 4 headers in 157 bytes (1 switches on core 0) [pid: 7|app: 0|req: 456/964] 10.0.0.183 () {32 vars in 724 bytes} [Sat Jul 25 09:26:47 2026] DELETE /v2.0/subnets/12d009f7-5dbc-40ad-8e50-c78de50d1050 => generated 0 bytes in 144 msecs (HTTP/1.1 204) 3 headers in 131 bytes (1 switches on core 0)
2026-07-25 09:26:47.283 6 WARNING neutron.scheduler.dhcp_agent_scheduler [None req-c399b999-e24b-4eef-92c1-8883378965c2 4b0ca987e874414a9e16dfb1b5bee5d0 e28cf67d05de454a80908af24a37a8f4 - - default default] No more DHCP agents
2026-07-25 09:26:47.284 6 WARNING neutron.api.rpc.agentnotifiers.dhcp_rpc_agent_api [None req-c399b999-e24b-4eef-92c1-8883378965c2 4b0ca987e874414a9e16dfb1b5bee5d0 e28cf67d05de454a80908af24a37a8f4 - - default default] Unable to schedule network cda1ce0c-fc16-4c65-a747-5f4199b9eba9: no agents available; will retry on subsequent port and subnet creation events.
2026-07-25 09:26:47.339 7 INFO neutron_taas.services.taas.taas_plugin [None req-36c9389a-7916-40b0-8276-3ee732dbcae7 f1ebacf97fce4f24a6701807ac3d138c 1037340573fa4ba2ab26af806d8d5ff3 - - default default] TaaS: Handle Delete Port: e2c60405-3ee6-45d1-8326-41d64a675aa0
2026-07-25 09:26:47.341 7 INFO neutron_taas.services.taas.tap_mirror_plugin [None req-36c9389a-7916-40b0-8276-3ee732dbcae7 f1ebacf97fce4f24a6701807ac3d138c 1037340573fa4ba2ab26af806d8d5ff3 - - default default] Tap Mirror: Handle Delete Port: e2c60405-3ee6-45d1-8326-41d64a675aa0
2026-07-25 09:26:47.412 6 INFO neutron.db.ovn_revision_numbers_db [None req-c399b999-e24b-4eef-92c1-8883378965c2 4b0ca987e874414a9e16dfb1b5bee5d0 e28cf67d05de454a80908af24a37a8f4 - - default default] Successfully bumped revision number for resource 30032b6e-0ab6-4b38-bd25-dee1c50df9e2 (type: ports) to 1
2026-07-25 09:26:47.551 7 INFO neutron.services.segments.plugin [-] Segment d35a0197-a847-40b4-ab49-fa6739acf63a resource provider aggregate not found
2026-07-25 09:26:47.559 7 INFO neutron.services.segments.plugin [-] Segment d35a0197-a847-40b4-ab49-fa6739acf63a resource provider aggregate not found
2026-07-25 09:26:47.580 7 INFO neutron.services.segments.plugin [-] Segment d35a0197-a847-40b4-ab49-fa6739acf63a resource provider not found; error: Placement Client Error (4xx): {"errors": [{"status": 404, "title": "Not Found", "detail": "The resource could not be found.\n\n No resource provider with uuid d35a0197-a847-40b4-ab49-fa6739acf63a found for delete ", "request_id": "req-37717667-41c7-49d3-9e8a-063f2aa67153"}]}
2026-07-25 09:26:47.581 7 INFO neutron.services.segments.plugin [-] Segment d35a0197-a847-40b4-ab49-fa6739acf63a resource provider not found; error: Placement Client Error (4xx): {"errors": [{"status": 404, "title": "Not Found", "detail": "The resource could not be found.\n\n No resource provider with uuid d35a0197-a847-40b4-ab49-fa6739acf63a found for delete ", "request_id": "req-b51ae7e2-3292-4c72-9732-9a16f95a9318"}]} [pid: 7|app: 0|req: 459/967] 10.0.0.183 () {32 vars in 726 bytes} [Sat Jul 25 09:26:47 2026] DELETE /v2.0/networks/1ab79a3a-3924-4d44-a512-e08fcd9829bf => generated 0 bytes in 380 msecs (HTTP/1.1 204) 3 headers in 131 bytes (1 switches on core 0)
2026-07-25 09:26:47.823 7 WARNING neutron.scheduler.dhcp_agent_scheduler [None req-24b7107e-c08c-4983-9342-64ae22518960 f1ebacf97fce4f24a6701807ac3d138c 1037340573fa4ba2ab26af806d8d5ff3 - - default default] No more DHCP agents
2026-07-25 09:26:47.824 7 WARNING neutron.api.rpc.agentnotifiers.dhcp_rpc_agent_api [None req-24b7107e-c08c-4983-9342-64ae22518960 f1ebacf97fce4f24a6701807ac3d138c 1037340573fa4ba2ab26af806d8d5ff3 - - default default] Unable to schedule network ab43b0f0-ae55-4d1f-9788-ac563a59368a: no agents available; will retry on subsequent port and subnet creation events.
2026-07-25 09:26:47.914 7 INFO neutron.db.ovn_revision_numbers_db [None req-24b7107e-c08c-4983-9342-64ae22518960 f1ebacf97fce4f24a6701807ac3d138c 1037340573fa4ba2ab26af806d8d5ff3 - - default default] Successfully bumped revision number for resource 443c6778-ebc1-4975-9f75-fcb29081e189 (type: ports) to 1 [pid: 7|app: 0|req: 460/968] 10.0.0.183 () {34 vars in 665 bytes} [Sat Jul 25 09:26:47 2026] POST /v2.0/ports => generated 778 bytes in 338 msecs (HTTP/1.1 201) 4 headers in 162 bytes (1 switches on core 0) /var/lib/openstack/lib/python3.12/site-packages/pycadf/identifier.py:70: UserWarning: Invalid uuid: neutron. To ensure interoperability, identifiers should be a valid uuid. warnings.warn(('Invalid uuid: %s. To ensure interoperability, '
2026-07-25 09:26:48.053 6 INFO neutron.plugins.ml2.drivers.ovn.mech_driver.ovsdb.commands [None req-81c5b068-f14b-4a64-9933-17e1270c6d27 - - - - - -] Schedule LRP lrp-30032b6e-0ab6-4b38-bd25-dee1c50df9e2 on gateway 35803cc8-6a81-43f6-b171-58d040a3191f with priority 1
2026-07-25 09:26:48.091 7 INFO neutron.db.ovn_revision_numbers_db [None req-cb3eee6e-7e28-4130-a119-48acb463ed09 26f76772ce3f427a9033d60df63820be 8a858120d710402db8f9c413f7cd66d4 - - default default] Successfully bumped revision number for resource 5fba4ef5-5ff5-40be-807e-fa6bb07a6d1a (type: security_groups) to 1
2026-07-25 09:26:48.108 7 INFO neutron.db.ovn_revision_numbers_db [None req-cb3eee6e-7e28-4130-a119-48acb463ed09 26f76772ce3f427a9033d60df63820be 8a858120d710402db8f9c413f7cd66d4 - - default default] Successfully bumped revision number for resource 6c01d996-7efe-4883-8b2f-ae9ac8d645a8 (type: security_group_rules) to 0
2026-07-25 09:26:48.112 7 INFO neutron.plugins.ml2.drivers.ovn.mech_driver.ovsdb.ovsdb_monitor [None req-3e34d25c-622a-4050-bbbc-7eb42b0916cb - - - - - -] Router 66ebe2ef-443c-446a-bfca-5331cec60e59 is bound to host instance
2026-07-25 09:26:48.119 6 INFO neutron.db.ovn_revision_numbers_db [None req-c399b999-e24b-4eef-92c1-8883378965c2 4b0ca987e874414a9e16dfb1b5bee5d0 e28cf67d05de454a80908af24a37a8f4 - - default default] Successfully bumped revision number for resource 30032b6e-0ab6-4b38-bd25-dee1c50df9e2 (type: router_ports) to 1
2026-07-25 09:26:48.130 7 INFO neutron.db.ovn_revision_numbers_db [None req-cb3eee6e-7e28-4130-a119-48acb463ed09 26f76772ce3f427a9033d60df63820be 8a858120d710402db8f9c413f7cd66d4 - - default default] Successfully bumped revision number for resource dc3ee606-ca6a-45c2-ba05-8d6ca5b33be8 (type: security_group_rules) to 0
2026-07-25 09:26:48.188 6 INFO neutron.db.ovn_revision_numbers_db [None req-c399b999-e24b-4eef-92c1-8883378965c2 4b0ca987e874414a9e16dfb1b5bee5d0 e28cf67d05de454a80908af24a37a8f4 - - default default] Successfully bumped revision number for resource 66ebe2ef-443c-446a-bfca-5331cec60e59 (type: routers) to 2 [pid: 6|app: 0|req: 509/969] 10.0.0.183 () {34 vars in 669 bytes} [Sat Jul 25 09:26:46 2026] POST /v2.0/routers => generated 969 bytes in 1389 msecs (HTTP/1.1 201) 4 headers in 162 bytes (1 switches on core 0) [pid: 7|app: 0|req: 461/970] 10.0.0.183 () {34 vars in 685 bytes} [Sat Jul 25 09:26:47 2026] POST /v2.0/security-groups => generated 1661 bytes in 256 msecs (HTTP/1.1 201) 4 headers in 163 bytes (1 switches on core 0)
2026-07-25 09:26:48.456 6 INFO neutron.db.ovn_revision_numbers_db [None req-50b2c4e7-f927-4232-aa46-7ddde4cce47c f1ebacf97fce4f24a6701807ac3d138c 1037340573fa4ba2ab26af806d8d5ff3 - - default default] Successfully bumped revision number for resource 443c6778-ebc1-4975-9f75-fcb29081e189 (type: ports) to 2 [pid: 6|app: 0|req: 510/971] 10.0.0.183 () {34 vars in 737 bytes} [Sat Jul 25 09:26:48 2026] PUT /v2.0/ports/443c6778-ebc1-4975-9f75-fcb29081e189 => generated 752 bytes in 293 msecs (HTTP/1.1 200) 4 headers in 157 bytes (1 switches on core 0) /var/lib/openstack/lib/python3.12/site-packages/pycadf/identifier.py:70: UserWarning: Invalid uuid: neutron. To ensure interoperability, identifiers should be a valid uuid. warnings.warn(('Invalid uuid: %s. To ensure interoperability, '
2026-07-25 09:26:48.600 7 INFO neutron.db.ovn_revision_numbers_db [None req-4ce0c44b-7341-4d65-8f22-8a8ddbd2621b 4b0ca987e874414a9e16dfb1b5bee5d0 e28cf67d05de454a80908af24a37a8f4 - - default default] Successfully bumped revision number for resource e8f5e3e6-577f-45dc-81b8-170441ba5810 (type: security_groups) to 1
2026-07-25 09:26:48.621 7 INFO neutron.db.ovn_revision_numbers_db [None req-4ce0c44b-7341-4d65-8f22-8a8ddbd2621b 4b0ca987e874414a9e16dfb1b5bee5d0 e28cf67d05de454a80908af24a37a8f4 - - default default] Successfully bumped revision number for resource 14ca18f5-f5d0-48b7-b1e0-9237253cf43c (type: security_group_rules) to 0
2026-07-25 09:26:48.646 7 INFO neutron.db.ovn_revision_numbers_db [None req-4ce0c44b-7341-4d65-8f22-8a8ddbd2621b 4b0ca987e874414a9e16dfb1b5bee5d0 e28cf67d05de454a80908af24a37a8f4 - - default default] Successfully bumped revision number for resource 3151c45e-cd2c-4aed-9cf3-c9f13799e853 (type: security_group_rules) to 0
2026-07-25 09:26:48.671 7 INFO neutron.db.ovn_revision_numbers_db [None req-4ce0c44b-7341-4d65-8f22-8a8ddbd2621b 4b0ca987e874414a9e16dfb1b5bee5d0 e28cf67d05de454a80908af24a37a8f4 - - default default] Successfully bumped revision number for resource d246baf5-0fa2-482c-9a1b-81faa9331722 (type: security_group_rules) to 0
2026-07-25 09:26:48.700 7 INFO neutron.db.ovn_revision_numbers_db [None req-4ce0c44b-7341-4d65-8f22-8a8ddbd2621b 4b0ca987e874414a9e16dfb1b5bee5d0 e28cf67d05de454a80908af24a37a8f4 - - default default] Successfully bumped revision number for resource fb936fcd-c864-4d01-a156-594532176447 (type: security_group_rules) to 0 [pid: 7|app: 0|req: 462/972] 10.0.0.183 () {32 vars in 774 bytes} [Sat Jul 25 09:26:48 2026] GET /v2.0/security-groups?tenant_id=f753ce22b5534d97b96eeefe5ba2980d&name=default => generated 2925 bytes in 551 msecs (HTTP/1.1 200) 4 headers in 158 bytes (1 switches on core 0)
2026-07-25 09:26:49.014 7 INFO neutron.db.ovn_revision_numbers_db [None req-c924dbfc-16f3-4d8c-9b7a-538529c73a2d 26f76772ce3f427a9033d60df63820be 8a858120d710402db8f9c413f7cd66d4 - - default default] Successfully bumped revision number for resource 73076dbd-f1a1-420b-8bdc-df109fbd61e3 (type: security_group_rules) to 0 [pid: 7|app: 0|req: 463/973] 10.0.0.183 () {34 vars in 695 bytes} [Sat Jul 25 09:26:48 2026] POST /v2.0/security-group-rules => generated 597 bytes in 345 msecs (HTTP/1.1 201) 4 headers in 162 bytes (1 switches on core 0)
2026-07-25 09:26:49.309 7 INFO neutron_taas.services.taas.taas_plugin [None req-43c351d1-e3a0-4466-a052-0c8aea47ee5f f1ebacf97fce4f24a6701807ac3d138c 1037340573fa4ba2ab26af806d8d5ff3 - - default default] TaaS: Handle Delete Port: 443c6778-ebc1-4975-9f75-fcb29081e189
2026-07-25 09:26:49.313 7 INFO neutron_taas.services.taas.tap_mirror_plugin [None req-43c351d1-e3a0-4466-a052-0c8aea47ee5f f1ebacf97fce4f24a6701807ac3d138c 1037340573fa4ba2ab26af806d8d5ff3 - - default default] Tap Mirror: Handle Delete Port: 443c6778-ebc1-4975-9f75-fcb29081e189
2026-07-25 09:26:49.395 6 WARNING neutron.scheduler.dhcp_agent_scheduler [None req-7d3e28fe-5b0f-4619-84f5-d93b077bbf82 4b0ca987e874414a9e16dfb1b5bee5d0 e28cf67d05de454a80908af24a37a8f4 - - default default] No more DHCP agents
2026-07-25 09:26:49.396 6 WARNING neutron.api.rpc.agentnotifiers.dhcp_rpc_agent_api [None req-7d3e28fe-5b0f-4619-84f5-d93b077bbf82 4b0ca987e874414a9e16dfb1b5bee5d0 e28cf67d05de454a80908af24a37a8f4 - - default default] Unable to schedule network 15200824-4f37-427f-ae16-2ab41b08f2b8: no agents available; will retry on subsequent port and subnet creation events.
2026-07-25 09:26:49.468 7 INFO neutron.db.ovn_revision_numbers_db [None req-e777f668-9555-496b-957f-deb2288b1113 - - - - - -] Successfully bumped revision number for resource 30032b6e-0ab6-4b38-bd25-dee1c50df9e2 (type: ports) to 4 [pid: 7|app: 0|req: 464/974] 10.0.0.183 () {32 vars in 720 bytes} [Sat Jul 25 09:26:49 2026] DELETE /v2.0/ports/443c6778-ebc1-4975-9f75-fcb29081e189 => generated 0 bytes in 403 msecs (HTTP/1.1 204) 3 headers in 131 bytes (1 switches on core 0)
2026-07-25 09:26:49.559 6 INFO neutron.db.ovn_revision_numbers_db [None req-7d3e28fe-5b0f-4619-84f5-d93b077bbf82 4b0ca987e874414a9e16dfb1b5bee5d0 e28cf67d05de454a80908af24a37a8f4 - - default default] Successfully bumped revision number for resource 108aced0-8697-4c3d-832e-73a08d3a6423 (type: ports) to 1 [pid: 7|app: 0|req: 465/975] 10.0.0.183 () {32 vars in 740 bytes} [Sat Jul 25 09:26:49 2026] DELETE /v2.0/security-groups/e8f5e3e6-577f-45dc-81b8-170441ba5810 => generated 0 bytes in 391 msecs (HTTP/1.1 204) 2 headers in 112 bytes (1 switches on core 0)
2026-07-25 09:26:50.028 7 INFO neutron.db.ovn_revision_numbers_db [None req-e777f668-9555-496b-957f-deb2288b1113 - - - - - -] Successfully bumped revision number for resource 30032b6e-0ab6-4b38-bd25-dee1c50df9e2 (type: ports) to 5
2026-07-25 09:26:50.137 7 INFO neutron.db.ovn_revision_numbers_db [None req-58dcb9ff-d637-4279-bdf0-031f2af619af 26f76772ce3f427a9033d60df63820be 8a858120d710402db8f9c413f7cd66d4 - - default default] Successfully bumped revision number for resource 1646911d-5cbe-4d2b-83fa-3ccade914178 (type: security_group_rules) to 0 [pid: 7|app: 0|req: 466/976] 10.0.0.183 () {34 vars in 695 bytes} [Sat Jul 25 09:26:49 2026] POST /v2.0/security-group-rules => generated 602 bytes in 278 msecs (HTTP/1.1 201) 4 headers in 162 bytes (1 switches on core 0)
2026-07-25 09:26:50.194 6 WARNING neutron.scheduler.dhcp_agent_scheduler [None req-7d3e28fe-5b0f-4619-84f5-d93b077bbf82 4b0ca987e874414a9e16dfb1b5bee5d0 e28cf67d05de454a80908af24a37a8f4 - - default default] No more DHCP agents
2026-07-25 09:26:50.195 6 WARNING neutron.api.rpc.agentnotifiers.dhcp_rpc_agent_api [None req-7d3e28fe-5b0f-4619-84f5-d93b077bbf82 4b0ca987e874414a9e16dfb1b5bee5d0 e28cf67d05de454a80908af24a37a8f4 - - default default] Unable to schedule network 15200824-4f37-427f-ae16-2ab41b08f2b8: no agents available; will retry on subsequent port and subnet creation events. [pid: 7|app: 0|req: 467/977] 10.0.0.183 () {32 vars in 643 bytes} [Sat Jul 25 09:26:50 2026] GET /v2.0/ports => generated 1537 bytes in 63 msecs (HTTP/1.1 200) 4 headers in 158 bytes (1 switches on core 0)
2026-07-25 09:26:50.361 7 INFO neutron.db.ovn_revision_numbers_db [None req-6687bb21-06a6-4a22-ad3a-ff03c5a12647 4b0ca987e874414a9e16dfb1b5bee5d0 e28cf67d05de454a80908af24a37a8f4 - - default default] Successfully bumped revision number for resource 859ef52c-c304-4d48-9487-a4c16354c773 (type: security_groups) to 1
2026-07-25 09:26:50.375 7 INFO neutron.db.ovn_revision_numbers_db [None req-6687bb21-06a6-4a22-ad3a-ff03c5a12647 4b0ca987e874414a9e16dfb1b5bee5d0 e28cf67d05de454a80908af24a37a8f4 - - default default] Successfully bumped revision number for resource 4b757f09-7474-41d5-a28c-7e4bed2a05a9 (type: security_group_rules) to 0
2026-07-25 09:26:50.387 7 INFO neutron.db.ovn_revision_numbers_db [None req-6687bb21-06a6-4a22-ad3a-ff03c5a12647 4b0ca987e874414a9e16dfb1b5bee5d0 e28cf67d05de454a80908af24a37a8f4 - - default default] Successfully bumped revision number for resource 6ca2f613-9004-4314-9e9d-3b9f727db15f (type: security_group_rules) to 0
2026-07-25 09:26:50.408 7 INFO neutron.db.ovn_revision_numbers_db [None req-6687bb21-06a6-4a22-ad3a-ff03c5a12647 4b0ca987e874414a9e16dfb1b5bee5d0 e28cf67d05de454a80908af24a37a8f4 - - default default] Successfully bumped revision number for resource 8acca385-9c88-4511-8c0f-8b121f0bc0bc (type: security_group_rules) to 0
2026-07-25 09:26:50.418 7 INFO neutron.db.ovn_revision_numbers_db [None req-6687bb21-06a6-4a22-ad3a-ff03c5a12647 4b0ca987e874414a9e16dfb1b5bee5d0 e28cf67d05de454a80908af24a37a8f4 - - default default] Successfully bumped revision number for resource 927d4b1e-70c8-4cfe-80ab-06001cf4b481 (type: security_group_rules) to 0 [pid: 7|app: 0|req: 468/978] 10.0.0.183 () {32 vars in 774 bytes} [Sat Jul 25 09:26:50 2026] GET /v2.0/security-groups?tenant_id=483c3194c9f8432ca79061cafccd9599&name=default => generated 2925 bytes in 195 msecs (HTTP/1.1 200) 4 headers in 158 bytes (1 switches on core 0)
2026-07-25 09:26:50.662 6 INFO neutron.db.ovn_revision_numbers_db [None req-7d3e28fe-5b0f-4619-84f5-d93b077bbf82 4b0ca987e874414a9e16dfb1b5bee5d0 e28cf67d05de454a80908af24a37a8f4 - - default default] Successfully bumped revision number for resource 108aced0-8697-4c3d-832e-73a08d3a6423 (type: router_ports) to 1 [pid: 6|app: 0|req: 511/979] 10.0.0.183 () {34 vars in 783 bytes} [Sat Jul 25 09:26:48 2026] PUT /v2.0/routers/66ebe2ef-443c-446a-bfca-5331cec60e59/add_router_interface => generated 309 bytes in 2168 msecs (HTTP/1.1 200) 4 headers in 157 bytes (1 switches on core 0)
2026-07-25 09:26:50.685 6 INFO neutron.pecan_wsgi.hooks.translation [None req-f5afe351-7e4a-4f5b-904a-62fdfea36ec4 f1ebacf97fce4f24a6701807ac3d138c 1037340573fa4ba2ab26af806d8d5ff3 - - default default] GET failed (client error): The resource could not be found. [pid: 6|app: 0|req: 512/980] 10.0.0.183 () {32 vars in 717 bytes} [Sat Jul 25 09:26:50 2026] GET /v2.0/ports/443c6778-ebc1-4975-9f75-fcb29081e189 => generated 132 bytes in 18 msecs (HTTP/1.1 404) 4 headers in 164 bytes (1 switches on core 0)
2026-07-25 09:26:50.700 7 WARNING neutron.scheduler.dhcp_agent_scheduler [None req-12453290-8c7a-499d-aa02-da11e6cc1a49 26f76772ce3f427a9033d60df63820be 8a858120d710402db8f9c413f7cd66d4 - - default default] No more DHCP agents
2026-07-25 09:26:50.706 7 WARNING neutron.api.rpc.agentnotifiers.dhcp_rpc_agent_api [None req-12453290-8c7a-499d-aa02-da11e6cc1a49 26f76772ce3f427a9033d60df63820be 8a858120d710402db8f9c413f7cd66d4 - - default default] Unable to schedule network cda1ce0c-fc16-4c65-a747-5f4199b9eba9: no agents available; will retry on subsequent port and subnet creation events. [pid: 6|app: 0|req: 513/981] 10.0.0.183 () {32 vars in 740 bytes} [Sat Jul 25 09:26:50 2026] DELETE /v2.0/security-groups/859ef52c-c304-4d48-9487-a4c16354c773 => generated 0 bytes in 274 msecs (HTTP/1.1 204) 2 headers in 112 bytes (1 switches on core 0) [pid: 6|app: 0|req: 514/982] 10.0.0.183 () {32 vars in 643 bytes} [Sat Jul 25 09:26:50 2026] GET /v2.0/ports => generated 1537 bytes in 54 msecs (HTTP/1.1 200) 4 headers in 158 bytes (1 switches on core 0) [pid: 6|app: 0|req: 515/983] 10.0.0.183 () {32 vars in 717 bytes} [Sat Jul 25 09:26:51 2026] GET /v2.0/ports/3c6563b6-6900-407b-a412-8d96d95dd7b3 => generated 778 bytes in 29 msecs (HTTP/1.1 200) 4 headers in 157 bytes (1 switches on core 0)
2026-07-25 09:26:51.068 6 INFO neutron.pecan_wsgi.hooks.translation [None req-4f2b022f-dce9-4e56-b7ab-cd258f1e6fa4 f1ebacf97fce4f24a6701807ac3d138c 1037340573fa4ba2ab26af806d8d5ff3 - - default default] DELETE failed (client error): The resource could not be found. [pid: 6|app: 0|req: 516/984] 10.0.0.183 () {32 vars in 720 bytes} [Sat Jul 25 09:26:51 2026] DELETE /v2.0/ports/cfe57bdf-3361-4900-a553-2e6f434fab4d => generated 132 bytes in 13 msecs (HTTP/1.1 404) 4 headers in 164 bytes (1 switches on core 0)
2026-07-25 09:26:51.082 6 INFO neutron.pecan_wsgi.hooks.translation [None req-6d8b3963-43cb-47c2-b316-d058c5d787de f1ebacf97fce4f24a6701807ac3d138c 1037340573fa4ba2ab26af806d8d5ff3 - - default default] DELETE failed (client error): The resource could not be found. [pid: 6|app: 0|req: 517/985] 10.0.0.183 () {32 vars in 724 bytes} [Sat Jul 25 09:26:51 2026] DELETE /v2.0/subnets/12d009f7-5dbc-40ad-8e50-c78de50d1050 => generated 136 bytes in 9 msecs (HTTP/1.1 404) 4 headers in 164 bytes (1 switches on core 0)
2026-07-25 09:26:51.096 6 INFO neutron.pecan_wsgi.hooks.translation [None req-2ba5d245-3d70-47d9-a5c0-22942f21e996 f1ebacf97fce4f24a6701807ac3d138c 1037340573fa4ba2ab26af806d8d5ff3 - - default default] DELETE failed (client error): The resource could not be found. [pid: 6|app: 0|req: 518/986] 10.0.0.183 () {32 vars in 724 bytes} [Sat Jul 25 09:26:51 2026] DELETE /v2.0/subnets/b415d216-c00e-4998-80fc-17f9a3b62bce => generated 136 bytes in 10 msecs (HTTP/1.1 404) 4 headers in 164 bytes (1 switches on core 0) [pid: 7|app: 0|req: 469/987] 10.0.0.183 () {34 vars in 676 bytes} [Sat Jul 25 09:26:50 2026] POST /v2.0/floatingips => generated 552 bytes in 665 msecs (HTTP/1.1 201) 4 headers in 162 bytes (1 switches on core 0)
2026-07-25 09:26:51.235 6 INFO neutron_taas.services.taas.taas_plugin [None req-2902c440-324d-401d-9259-e130939bee5f f1ebacf97fce4f24a6701807ac3d138c 1037340573fa4ba2ab26af806d8d5ff3 - - default default] TaaS: Handle Delete Port: 3c6563b6-6900-407b-a412-8d96d95dd7b3
2026-07-25 09:26:51.238 6 INFO neutron_taas.services.taas.tap_mirror_plugin [None req-2902c440-324d-401d-9259-e130939bee5f f1ebacf97fce4f24a6701807ac3d138c 1037340573fa4ba2ab26af806d8d5ff3 - - default default] Tap Mirror: Handle Delete Port: 3c6563b6-6900-407b-a412-8d96d95dd7b3 [pid: 6|app: 0|req: 519/988] 10.0.0.183 () {32 vars in 720 bytes} [Sat Jul 25 09:26:51 2026] DELETE /v2.0/ports/3c6563b6-6900-407b-a412-8d96d95dd7b3 => generated 0 bytes in 239 msecs (HTTP/1.1 204) 3 headers in 131 bytes (1 switches on core 0)
2026-07-25 09:26:51.479 7 INFO neutron_taas.services.taas.taas_plugin [None req-620890f3-f21c-4507-a6bf-5a8980a70710 f1ebacf97fce4f24a6701807ac3d138c 1037340573fa4ba2ab26af806d8d5ff3 - - default default] TaaS: Handle Delete Port: 16fa94b6-50d1-4248-9a18-e5ccd5e37785
2026-07-25 09:26:51.482 7 INFO neutron_taas.services.taas.tap_mirror_plugin [None req-620890f3-f21c-4507-a6bf-5a8980a70710 f1ebacf97fce4f24a6701807ac3d138c 1037340573fa4ba2ab26af806d8d5ff3 - - default default] Tap Mirror: Handle Delete Port: 16fa94b6-50d1-4248-9a18-e5ccd5e37785
2026-07-25 09:26:51.488 6 INFO neutron.db.ovn_revision_numbers_db [None req-122441fa-f6a8-4db4-889e-1bfc9e5c4bd0 be4b3309df824d8f894773d4aef18660 8535408e8050428495af2a28b9906ae3 - - default default] Successfully bumped revision number for resource 9887d303-5cb7-4d3e-be7e-0c10c0a7d6a9 (type: security_groups) to 1
2026-07-25 09:26:51.501 6 INFO neutron.db.ovn_revision_numbers_db [None req-122441fa-f6a8-4db4-889e-1bfc9e5c4bd0 be4b3309df824d8f894773d4aef18660 8535408e8050428495af2a28b9906ae3 - - default default] Successfully bumped revision number for resource 5b472774-e0bd-49e6-936f-58f26fd4d52c (type: security_group_rules) to 0
2026-07-25 09:26:51.512 6 INFO neutron.db.ovn_revision_numbers_db [None req-122441fa-f6a8-4db4-889e-1bfc9e5c4bd0 be4b3309df824d8f894773d4aef18660 8535408e8050428495af2a28b9906ae3 - - default default] Successfully bumped revision number for resource c0e4febc-e984-486d-8b82-1cf67cafef75 (type: security_group_rules) to 0 [pid: 6|app: 0|req: 520/989] 10.0.0.183 () {34 vars in 685 bytes} [Sat Jul 25 09:26:51 2026] POST /v2.0/security-groups => generated 1660 bytes in 177 msecs (HTTP/1.1 201) 4 headers in 163 bytes (1 switches on core 0) [pid: 6|app: 0|req: 521/990] 10.0.0.61 () {34 vars in 1099 bytes} [Sat Jul 25 09:26:51 2026] GET /v2.0/security-groups?name=tempest-securitygroup--1516460737&fields=id&tenant_id=8a858120d710402db8f9c413f7cd66d4 => generated 69 bytes in 44 msecs (HTTP/1.1 200) 4 headers in 156 bytes (1 switches on core 0)
2026-07-25 09:26:51.683 7 INFO neutron.services.segments.plugin [-] Segment 0dfe42c5-45d3-4909-873b-5b17d5d9839c resource provider aggregate not found
2026-07-25 09:26:51.694 7 INFO neutron.services.segments.plugin [-] Segment 0dfe42c5-45d3-4909-873b-5b17d5d9839c resource provider aggregate not found
2026-07-25 09:26:51.700 7 INFO neutron.services.segments.plugin [-] Segment 0dfe42c5-45d3-4909-873b-5b17d5d9839c resource provider not found; error: Placement Client Error (4xx): {"errors": [{"status": 404, "title": "Not Found", "detail": "The resource could not be found.\n\n No resource provider with uuid 0dfe42c5-45d3-4909-873b-5b17d5d9839c found for delete ", "request_id": "req-5477d898-a791-4aee-a37a-574f5821c01d"}]}
2026-07-25 09:26:51.715 7 INFO neutron.services.segments.plugin [-] Segment 0dfe42c5-45d3-4909-873b-5b17d5d9839c resource provider not found; error: Placement Client Error (4xx): {"errors": [{"status": 404, "title": "Not Found", "detail": "The resource could not be found.\n\n No resource provider with uuid 0dfe42c5-45d3-4909-873b-5b17d5d9839c found for delete ", "request_id": "req-c6d75af3-1e91-472f-b7c3-5eb98da17c7f"}]}
2026-07-25 09:26:51.733 6 INFO neutron.db.ovn_revision_numbers_db [None req-e2b5d189-ad73-4c3e-a959-d1dfefeae442 be4b3309df824d8f894773d4aef18660 8535408e8050428495af2a28b9906ae3 - - default default] Successfully bumped revision number for resource a296beb5-a313-446a-acb5-f2da1539acf7 (type: security_group_rules) to 0 [pid: 7|app: 0|req: 470/991] 10.0.0.183 () {32 vars in 726 bytes} [Sat Jul 25 09:26:51 2026] DELETE /v2.0/networks/ab43b0f0-ae55-4d1f-9788-ac563a59368a => generated 0 bytes in 395 msecs (HTTP/1.1 204) 3 headers in 131 bytes (1 switches on core 0) [pid: 6|app: 0|req: 522/992] 10.0.0.183 () {34 vars in 695 bytes} [Sat Jul 25 09:26:51 2026] POST /v2.0/security-group-rules => generated 597 bytes in 163 msecs (HTTP/1.1 201) 4 headers in 162 bytes (1 switches on core 0) [pid: 7|app: 0|req: 471/993] 10.0.0.61 () {34 vars in 981 bytes} [Sat Jul 25 09:26:51 2026] GET /v2.0/networks?id=02a62a4c-8b42-4562-9936-1102f6067697 => generated 714 bytes in 56 msecs (HTTP/1.1 200) 4 headers in 157 bytes (1 switches on core 0) [pid: 7|app: 0|req: 472/994] 10.0.0.61 () {34 vars in 964 bytes} [Sat Jul 25 09:26:51 2026] GET /v2.0/quotas/8a858120d710402db8f9c413f7cd66d4 => generated 292 bytes in 17 msecs (HTTP/1.1 200) 4 headers in 157 bytes (1 switches on core 0)
2026-07-25 09:26:51.924 6 INFO neutron.db.ovn_revision_numbers_db [None req-227975a1-afdb-4167-bfc3-89b923fcbbca be4b3309df824d8f894773d4aef18660 8535408e8050428495af2a28b9906ae3 - - default default] Successfully bumped revision number for resource ebbb101b-f206-4df5-91b8-61eadd567868 (type: security_group_rules) to 0
2026-07-25 09:26:51.940 7 WARNING neutron.plugins.ml2.drivers.ovn.mech_driver.ovsdb.ovn_client [None req-81fb99cc-1990-48e3-a512-7eb344ad0594 - - - - - -] No hosting information found for port 35dffcc3-e987-4f98-ad8f-2c1b09511af0: RuntimeError: No hosting information found for port 35dffcc3-e987-4f98-ad8f-2c1b09511af0 [pid: 6|app: 0|req: 523/995] 10.0.0.183 () {34 vars in 695 bytes} [Sat Jul 25 09:26:51 2026] POST /v2.0/security-group-rules => generated 602 bytes in 184 msecs (HTTP/1.1 201) 4 headers in 162 bytes (1 switches on core 0) [pid: 7|app: 0|req: 473/996] 10.0.0.61 () {34 vars in 1001 bytes} [Sat Jul 25 09:26:51 2026] GET /v2.0/ports?tenant_id=8a858120d710402db8f9c413f7cd66d4&fields=id => generated 103 bytes in 154 msecs (HTTP/1.1 200) 4 headers in 157 bytes (1 switches on core 0)
2026-07-25 09:26:52.066 7 INFO neutron.db.ovn_revision_numbers_db [None req-81fb99cc-1990-48e3-a512-7eb344ad0594 - - - - - -] Successfully bumped revision number for resource 35dffcc3-e987-4f98-ad8f-2c1b09511af0 (type: router_ports) to 2
2026-07-25 09:26:52.066 7 INFO neutron.plugins.ml2.drivers.ovn.mech_driver.mech_driver [None req-81fb99cc-1990-48e3-a512-7eb344ad0594 - - - - - -] OVN reports status down for port: 30032b6e-0ab6-4b38-bd25-dee1c50df9e2 [pid: 7|app: 0|req: 474/997] 10.0.0.61 () {34 vars in 1007 bytes} [Sat Jul 25 09:26:52 2026] GET /v2.0/networks/02a62a4c-8b42-4562-9936-1102f6067697?fields=segments => generated 14 bytes in 88 msecs (HTTP/1.1 200) 4 headers in 156 bytes (1 switches on core 0)
2026-07-25 09:26:52.184 6 WARNING neutron.scheduler.dhcp_agent_scheduler [None req-4f16fe4a-816b-44b7-b895-cdad8a6e4bc8 be4b3309df824d8f894773d4aef18660 8535408e8050428495af2a28b9906ae3 - - default default] No more DHCP agents
2026-07-25 09:26:52.187 6 WARNING neutron.api.rpc.agentnotifiers.dhcp_rpc_agent_api [None req-4f16fe4a-816b-44b7-b895-cdad8a6e4bc8 be4b3309df824d8f894773d4aef18660 8535408e8050428495af2a28b9906ae3 - - default default] Unable to schedule network cda1ce0c-fc16-4c65-a747-5f4199b9eba9: no agents available; will retry on subsequent port and subnet creation events. [pid: 7|app: 0|req: 475/998] 10.0.0.61 () {34 vars in 1107 bytes} [Sat Jul 25 09:26:52 2026] GET /v2.0/networks/02a62a4c-8b42-4562-9936-1102f6067697?fields=provider%3Aphysical_network&fields=provider%3Anetwork_type => generated 79 bytes in 92 msecs (HTTP/1.1 200) 4 headers in 156 bytes (1 switches on core 0) [pid: 7|app: 0|req: 476/999] 10.0.0.183 () {32 vars in 774 bytes} [Sat Jul 25 09:26:52 2026] GET /v2.0/security-groups?tenant_id=1037340573fa4ba2ab26af806d8d5ff3&name=default => generated 2925 bytes in 171 msecs (HTTP/1.1 200) 4 headers in 158 bytes (1 switches on core 0) [pid: 7|app: 0|req: 477/1000] 10.0.0.61 () {34 vars in 989 bytes} [Sat Jul 25 09:26:52 2026] GET /v2.0/ports?device_id=533f361b-7b57-425c-a413-138df30dea88 => generated 12 bytes in 32 msecs (HTTP/1.1 200) 4 headers in 156 bytes (1 switches on core 0) [pid: 6|app: 0|req: 524/1001] 10.0.0.183 () {34 vars in 676 bytes} [Sat Jul 25 09:26:51 2026] POST /v2.0/floatingips => generated 552 bytes in 486 msecs (HTTP/1.1 201) 4 headers in 162 bytes (1 switches on core 0)
2026-07-25 09:26:52.538 7 INFO neutron.db.ovn_revision_numbers_db [None req-81fb99cc-1990-48e3-a512-7eb344ad0594 - - - - - -] Successfully bumped revision number for resource 30032b6e-0ab6-4b38-bd25-dee1c50df9e2 (type: ports) to 6
2026-07-25 09:26:52.670 7 WARNING neutron.plugins.ml2.drivers.ovn.mech_driver.ovsdb.ovn_client [None req-79096d1a-d2f7-406d-b73f-41cfb3ed7b0f - - - - - -] Logical_Switch_Port %s host information not removed, the port state is up
2026-07-25 09:26:52.671 7 INFO neutron.plugins.ml2.drivers.ovn.mech_driver.mech_driver [None req-79096d1a-d2f7-406d-b73f-41cfb3ed7b0f - - - - - -] OVN reports status down for port: 443c6778-ebc1-4975-9f75-fcb29081e189
2026-07-25 09:26:52.686 7 INFO neutron.plugins.ml2.drivers.ovn.mech_driver.mech_driver [None req-79096d1a-d2f7-406d-b73f-41cfb3ed7b0f - - - - - -] OVN reports status up for port: 30032b6e-0ab6-4b38-bd25-dee1c50df9e2
2026-07-25 09:26:52.706 7 INFO neutron.plugins.ml2.plugin [None req-79096d1a-d2f7-406d-b73f-41cfb3ed7b0f - - - - - -] Attempt 1 to provision port 30032b6e-0ab6-4b38-bd25-dee1c50df9e2 [pid: 7|app: 0|req: 478/1002] 10.0.0.183 () {32 vars in 740 bytes} [Sat Jul 25 09:26:52 2026] DELETE /v2.0/security-groups/0f02c861-0034-4aa9-b106-9c6f9731432d => generated 0 bytes in 401 msecs (HTTP/1.1 204) 2 headers in 112 bytes (1 switches on core 0) [pid: 6|app: 0|req: 525/1003] 10.0.0.61 () {34 vars in 1099 bytes} [Sat Jul 25 09:26:52 2026] GET /v2.0/security-groups?name=tempest-securitygroup--1051331884&fields=id&tenant_id=8535408e8050428495af2a28b9906ae3 => generated 69 bytes in 33 msecs (HTTP/1.1 200) 4 headers in 156 bytes (1 switches on core 0) [pid: 7|app: 0|req: 479/1004] 10.0.0.61 () {34 vars in 981 bytes} [Sat Jul 25 09:26:52 2026] GET /v2.0/networks?id=15200824-4f37-427f-ae16-2ab41b08f2b8 => generated 714 bytes in 102 msecs (HTTP/1.1 200) 4 headers in 157 bytes (1 switches on core 0) [pid: 6|app: 0|req: 526/1005] 10.0.0.61 () {34 vars in 964 bytes} [Sat Jul 25 09:26:53 2026] GET /v2.0/quotas/8535408e8050428495af2a28b9906ae3 => generated 292 bytes in 11 msecs (HTTP/1.1 200) 4 headers in 157 bytes (1 switches on core 0)
2026-07-25 09:26:53.171 7 INFO neutron.db.ovn_revision_numbers_db [None req-79096d1a-d2f7-406d-b73f-41cfb3ed7b0f - - - - - -] Successfully bumped revision number for resource 30032b6e-0ab6-4b38-bd25-dee1c50df9e2 (type: ports) to 7 [pid: 7|app: 0|req: 480/1006] 10.0.0.61 () {34 vars in 1001 bytes} [Sat Jul 25 09:26:53 2026] GET /v2.0/ports?tenant_id=8535408e8050428495af2a28b9906ae3&fields=id => generated 103 bytes in 130 msecs (HTTP/1.1 200) 4 headers in 157 bytes (1 switches on core 0) [pid: 6|app: 0|req: 527/1007] 10.0.0.61 () {34 vars in 1007 bytes} [Sat Jul 25 09:26:53 2026] GET /v2.0/networks/15200824-4f37-427f-ae16-2ab41b08f2b8?fields=segments => generated 14 bytes in 37 msecs (HTTP/1.1 200) 4 headers in 156 bytes (1 switches on core 0)
2026-07-25 09:26:53.280 7 INFO neutron.plugins.ml2.drivers.ovn.mech_driver.mech_driver [None req-7b9e1b4c-5283-4006-998f-55ec9f9f35bf - - - - - -] OVN reports status down for port: 443c6778-ebc1-4975-9f75-fcb29081e189
2026-07-25 09:26:53.295 7 INFO neutron.plugins.ml2.drivers.ovn.mech_driver.mech_driver [None req-7b9e1b4c-5283-4006-998f-55ec9f9f35bf - - - - - -] OVN reports status down for port: 108aced0-8697-4c3d-832e-73a08d3a6423 [pid: 7|app: 0|req: 481/1008] 10.0.0.61 () {34 vars in 1107 bytes} [Sat Jul 25 09:26:53 2026] GET /v2.0/networks/15200824-4f37-427f-ae16-2ab41b08f2b8?fields=provider%3Aphysical_network&fields=provider%3Anetwork_type => generated 79 bytes in 73 msecs (HTTP/1.1 200) 4 headers in 156 bytes (1 switches on core 0)
2026-07-25 09:26:53.355 7 WARNING neutron.plugins.ml2.drivers.ovn.mech_driver.ovsdb.ovn_client [None req-7b9e1b4c-5283-4006-998f-55ec9f9f35bf - - - - - -] Logical_Switch_Port %s host information not removed, the port state is up
2026-07-25 09:26:53.355 7 INFO neutron.plugins.ml2.drivers.ovn.mech_driver.mech_driver [None req-7b9e1b4c-5283-4006-998f-55ec9f9f35bf - - - - - -] OVN reports status up for port: 108aced0-8697-4c3d-832e-73a08d3a6423
2026-07-25 09:26:53.365 7 INFO neutron.plugins.ml2.plugin [None req-7b9e1b4c-5283-4006-998f-55ec9f9f35bf - - - - - -] Attempt 1 to provision port 108aced0-8697-4c3d-832e-73a08d3a6423 [pid: 6|app: 0|req: 528/1009] 10.0.0.61 () {34 vars in 989 bytes} [Sat Jul 25 09:26:53 2026] GET /v2.0/ports?device_id=8b85b328-655c-4606-a575-49cd70c14b64 => generated 12 bytes in 32 msecs (HTTP/1.1 200) 4 headers in 156 bytes (1 switches on core 0) [pid: 7|app: 0|req: 482/1010] 10.0.0.61 () {34 vars in 989 bytes} [Sat Jul 25 09:26:53 2026] GET /v2.0/ports?device_id=533f361b-7b57-425c-a413-138df30dea88 => generated 12 bytes in 36 msecs (HTTP/1.1 200) 4 headers in 156 bytes (1 switches on core 0)
2026-07-25 09:26:53.869 7 INFO neutron.db.ovn_revision_numbers_db [None req-7b9e1b4c-5283-4006-998f-55ec9f9f35bf - - - - - -] Successfully bumped revision number for resource 108aced0-8697-4c3d-832e-73a08d3a6423 (type: ports) to 2 [pid: 6|app: 0|req: 529/1011] 10.0.0.11 () {28 vars in 580 bytes} [Sat Jul 25 09:26:54 2026] GET /v2.0/agents => generated 1214 bytes in 188 msecs (HTTP/1.1 200) 4 headers in 158 bytes (1 switches on core 0) [pid: 7|app: 0|req: 483/1012] 10.0.0.11 () {28 vars in 618 bytes} [Sat Jul 25 09:26:54 2026] GET /v2.0/network-ip-availabilities => generated 2060 bytes in 17 msecs (HTTP/1.1 200) 4 headers in 158 bytes (1 switches on core 0) [pid: 6|app: 0|req: 530/1013] 10.0.0.11 () {28 vars in 582 bytes} [Sat Jul 25 09:26:54 2026] GET /v2.0/subnets => generated 2670 bytes in 42 msecs (HTTP/1.1 200) 4 headers in 158 bytes (1 switches on core 0) [pid: 6|app: 0|req: 531/1014] 10.0.0.11 () {28 vars in 590 bytes} [Sat Jul 25 09:26:54 2026] GET /v2.0/subnetpools => generated 19 bytes in 14 msecs (HTTP/1.1 200) 4 headers in 156 bytes (1 switches on core 0) [pid: 6|app: 0|req: 532/1015] 10.0.0.11 () {28 vars in 582 bytes} [Sat Jul 25 09:26:54 2026] GET /v2.0/routers => generated 1943 bytes in 72 msecs (HTTP/1.1 200) 4 headers in 158 bytes (1 switches on core 0) [pid: 6|app: 0|req: 533/1016] 10.0.0.61 () {34 vars in 989 bytes} [Sat Jul 25 09:26:54 2026] GET /v2.0/ports?device_id=8b85b328-655c-4606-a575-49cd70c14b64 => generated 12 bytes in 25 msecs (HTTP/1.1 200) 4 headers in 156 bytes (1 switches on core 0) [pid: 6|app: 0|req: 534/1017] 10.0.0.61 () {34 vars in 989 bytes} [Sat Jul 25 09:26:54 2026] GET /v2.0/ports?device_id=533f361b-7b57-425c-a413-138df30dea88 => generated 12 bytes in 23 msecs (HTTP/1.1 200) 4 headers in 156 bytes (1 switches on core 0) [pid: 6|app: 0|req: 535/1018] 10.0.0.11 () {28 vars in 623 bytes} [Sat Jul 25 09:26:54 2026] GET /v2.0/agents?binary=ovn-controller => generated 416 bytes in 14 msecs (HTTP/1.1 200) 4 headers in 157 bytes (1 switches on core 0)
2026-07-25 09:26:54.681 7 INFO neutron.db.ovn_revision_numbers_db [None req-51ff4679-78a2-4893-8b06-c4c39ca47710 4b0ca987e874414a9e16dfb1b5bee5d0 e28cf67d05de454a80908af24a37a8f4 - - default default] Successfully bumped revision number for resource 2aa8efac-72ec-4054-a98e-8dbf83b10baf (type: security_groups) to 1
2026-07-25 09:26:54.698 7 INFO neutron.db.ovn_revision_numbers_db [None req-51ff4679-78a2-4893-8b06-c4c39ca47710 4b0ca987e874414a9e16dfb1b5bee5d0 e28cf67d05de454a80908af24a37a8f4 - - default default] Successfully bumped revision number for resource 4a566f6c-3cf4-4a1c-a13b-b58591e1706b (type: security_group_rules) to 0
2026-07-25 09:26:54.712 7 INFO neutron.db.ovn_revision_numbers_db [None req-51ff4679-78a2-4893-8b06-c4c39ca47710 4b0ca987e874414a9e16dfb1b5bee5d0 e28cf67d05de454a80908af24a37a8f4 - - default default] Successfully bumped revision number for resource 79ec2751-120b-4390-92cf-45b19cb62129 (type: security_group_rules) to 0
2026-07-25 09:26:54.726 7 INFO neutron.db.ovn_revision_numbers_db [None req-51ff4679-78a2-4893-8b06-c4c39ca47710 4b0ca987e874414a9e16dfb1b5bee5d0 e28cf67d05de454a80908af24a37a8f4 - - default default] Successfully bumped revision number for resource 8bcdc459-6418-4fc0-a0ab-2c795576fb85 (type: security_group_rules) to 0
2026-07-25 09:26:54.740 7 INFO neutron.db.ovn_revision_numbers_db [None req-51ff4679-78a2-4893-8b06-c4c39ca47710 4b0ca987e874414a9e16dfb1b5bee5d0 e28cf67d05de454a80908af24a37a8f4 - - default default] Successfully bumped revision number for resource ea1d326f-692e-46c6-83dc-c52f0624baa3 (type: security_group_rules) to 0 [pid: 7|app: 0|req: 484/1019] 10.0.0.183 () {32 vars in 774 bytes} [Sat Jul 25 09:26:54 2026] GET /v2.0/security-groups?tenant_id=b1a5854ffd32475aaff06f23ae71dd30&name=default => generated 2925 bytes in 298 msecs (HTTP/1.1 200) 4 headers in 158 bytes (1 switches on core 0) [pid: 7|app: 0|req: 485/1020] 10.0.0.11 () {28 vars in 582 bytes} [Sat Jul 25 09:26:54 2026] GET /v2.0/subnets => generated 2670 bytes in 34 msecs (HTTP/1.1 200) 4 headers in 158 bytes (1 switches on core 0)
2026-07-25 09:26:54.853 6 INFO neutron.db.ovn_revision_numbers_db [None req-8f69a020-822c-4ee0-bc5d-d2f16b28cd5b ccd03a5442214de2af04545301c6eec4 21c638291d8445fa806fba9d6625c582 - - default default] Successfully bumped revision number for resource b1345df5-6cf9-4d84-b1e9-b7b1c676e276 (type: security_groups) to 1
2026-07-25 09:26:54.869 6 INFO neutron.db.ovn_revision_numbers_db [None req-8f69a020-822c-4ee0-bc5d-d2f16b28cd5b ccd03a5442214de2af04545301c6eec4 21c638291d8445fa806fba9d6625c582 - - default default] Successfully bumped revision number for resource 784b11d6-4015-421e-9fe1-b5ae0e87dc0b (type: security_group_rules) to 0
2026-07-25 09:26:54.882 6 INFO neutron.db.ovn_revision_numbers_db [None req-8f69a020-822c-4ee0-bc5d-d2f16b28cd5b ccd03a5442214de2af04545301c6eec4 21c638291d8445fa806fba9d6625c582 - - default default] Successfully bumped revision number for resource 89bcc4c6-b418-4db4-b5e5-077f701ec275 (type: security_group_rules) to 0
2026-07-25 09:26:54.893 6 INFO neutron.db.ovn_revision_numbers_db [None req-8f69a020-822c-4ee0-bc5d-d2f16b28cd5b ccd03a5442214de2af04545301c6eec4 21c638291d8445fa806fba9d6625c582 - - default default] Successfully bumped revision number for resource b89cfdc4-20be-4cbf-bf50-cfcf7d42124d (type: security_group_rules) to 0
