2026-07-25 09:28:09.310 7 INFO neutron.db.segments_db [None req-4d268430-9849-4515-8e96-83b16bcc4455 c6c9ae11c1c045139794ae12788ab034 1ef8247c8d1b47f48664790f4bf48c79 - - default default] Added segment c4a1fadd-8687-4ab7-83ba-a21e5ca7c039 of type geneve for network 0fb4d469-81b7-496d-9e37-f804bb8343c0
2026-07-25 09:28:09.387 7 INFO neutron.db.segments_db [None req-4d268430-9849-4515-8e96-83b16bcc4455 c6c9ae11c1c045139794ae12788ab034 1ef8247c8d1b47f48664790f4bf48c79 - - default default] Added segment f0c39e34-6bbb-4168-b914-ee9168a4e7b5 of type geneve for network fadc71df-8aaf-485c-b9fd-b50f8da729c5 [pid: 6|app: 0|req: 872/1596] 10.0.0.183 () {32 vars in 740 bytes} [Sat Jul 25 09:28:09 2026] DELETE /v2.0/security-groups/cd2e76d5-37f8-4e82-853d-8c3a137f725e => generated 0 bytes in 228 msecs (HTTP/1.1 204) 2 headers in 112 bytes (1 switches on core 0) [pid: 6|app: 0|req: 873/1597] 10.0.0.61 () {34 vars in 989 bytes} [Sat Jul 25 09:28:09 2026] GET /v2.0/ports?device_id=d33ccfe1-5e71-49c0-9adb-8ad8af1ac2be => generated 12 bytes in 21 msecs (HTTP/1.1 200) 4 headers in 156 bytes (1 switches on core 0)
2026-07-25 09:28:09.524 7 INFO neutron.db.ovn_revision_numbers_db [None req-4d268430-9849-4515-8e96-83b16bcc4455 c6c9ae11c1c045139794ae12788ab034 1ef8247c8d1b47f48664790f4bf48c79 - - default default] Successfully bumped revision number for resource 0fb4d469-81b7-496d-9e37-f804bb8343c0 (type: networks) to 1
2026-07-25 09:28:09.727 7 WARNING neutron.scheduler.dhcp_agent_scheduler [None req-4d268430-9849-4515-8e96-83b16bcc4455 c6c9ae11c1c045139794ae12788ab034 1ef8247c8d1b47f48664790f4bf48c79 - - default default] No more DHCP agents
2026-07-25 09:28:09.731 7 WARNING neutron.api.rpc.agentnotifiers.dhcp_rpc_agent_api [None req-4d268430-9849-4515-8e96-83b16bcc4455 c6c9ae11c1c045139794ae12788ab034 1ef8247c8d1b47f48664790f4bf48c79 - - default default] Unable to schedule network 0fb4d469-81b7-496d-9e37-f804bb8343c0: no agents available; will retry on subsequent port and subnet creation events.
2026-07-25 09:28:09.733 6 INFO neutron.db.ovn_revision_numbers_db [None req-20340e0c-dbc5-4def-97a0-5648400db05a 4b0ca987e874414a9e16dfb1b5bee5d0 e28cf67d05de454a80908af24a37a8f4 - - default default] Successfully bumped revision number for resource c1bab45e-4556-4164-8f77-538d4e7920ea (type: security_groups) to 1
2026-07-25 09:28:09.745 6 INFO neutron.db.ovn_revision_numbers_db [None req-20340e0c-dbc5-4def-97a0-5648400db05a 4b0ca987e874414a9e16dfb1b5bee5d0 e28cf67d05de454a80908af24a37a8f4 - - default default] Successfully bumped revision number for resource 49e6f4c3-a387-4632-a55e-eec101b44a44 (type: security_group_rules) to 0
2026-07-25 09:28:09.757 6 INFO neutron.db.ovn_revision_numbers_db [None req-20340e0c-dbc5-4def-97a0-5648400db05a 4b0ca987e874414a9e16dfb1b5bee5d0 e28cf67d05de454a80908af24a37a8f4 - - default default] Successfully bumped revision number for resource 9fcbb191-f530-403a-83cd-2400cd8d5041 (type: security_group_rules) to 0
2026-07-25 09:28:09.776 6 INFO neutron.db.ovn_revision_numbers_db [None req-20340e0c-dbc5-4def-97a0-5648400db05a 4b0ca987e874414a9e16dfb1b5bee5d0 e28cf67d05de454a80908af24a37a8f4 - - default default] Successfully bumped revision number for resource a0062a67-d4a6-40ba-a957-de32f1acab47 (type: security_group_rules) to 0
2026-07-25 09:28:09.805 7 INFO neutron.plugins.ml2.drivers.ovn.mech_driver.mech_driver [None req-54f694cd-eb44-48dd-87a3-a5d3ff599e21 - - - - - -] OVN reports status down for port: 1079e329-34a4-44e5-84c0-ef84b2179f46
2026-07-25 09:28:09.808 6 INFO neutron.db.ovn_revision_numbers_db [None req-20340e0c-dbc5-4def-97a0-5648400db05a 4b0ca987e874414a9e16dfb1b5bee5d0 e28cf67d05de454a80908af24a37a8f4 - - default default] Successfully bumped revision number for resource f987e8ea-e948-4b04-a43c-2975af6df088 (type: security_group_rules) to 0 [pid: 6|app: 0|req: 874/1598] 10.0.0.183 () {32 vars in 774 bytes} [Sat Jul 25 09:28:09 2026] GET /v2.0/security-groups?tenant_id=c417723d80bb413a8f0fc5341a1defcd&name=default => generated 2925 bytes in 275 msecs (HTTP/1.1 200) 4 headers in 158 bytes (1 switches on core 0)
2026-07-25 09:28:09.875 7 INFO neutron.db.ovn_revision_numbers_db [None req-4d268430-9849-4515-8e96-83b16bcc4455 c6c9ae11c1c045139794ae12788ab034 1ef8247c8d1b47f48664790f4bf48c79 - - default default] Successfully bumped revision number for resource 1079e329-34a4-44e5-84c0-ef84b2179f46 (type: ports) to 1
2026-07-25 09:28:09.978 7 INFO neutron.db.ovn_revision_numbers_db [None req-4d268430-9849-4515-8e96-83b16bcc4455 c6c9ae11c1c045139794ae12788ab034 1ef8247c8d1b47f48664790f4bf48c79 - - default default] Successfully bumped revision number for resource fadc71df-8aaf-485c-b9fd-b50f8da729c5 (type: networks) to 1 [pid: 6|app: 0|req: 875/1599] 10.0.0.183 () {32 vars in 740 bytes} [Sat Jul 25 09:28:09 2026] DELETE /v2.0/security-groups/c1bab45e-4556-4164-8f77-538d4e7920ea => generated 0 bytes in 207 msecs (HTTP/1.1 204) 2 headers in 112 bytes (1 switches on core 0)
2026-07-25 09:28:10.152 7 WARNING neutron.scheduler.dhcp_agent_scheduler [None req-4d268430-9849-4515-8e96-83b16bcc4455 c6c9ae11c1c045139794ae12788ab034 1ef8247c8d1b47f48664790f4bf48c79 - - default default] No more DHCP agents
2026-07-25 09:28:10.153 7 WARNING neutron.api.rpc.agentnotifiers.dhcp_rpc_agent_api [None req-4d268430-9849-4515-8e96-83b16bcc4455 c6c9ae11c1c045139794ae12788ab034 1ef8247c8d1b47f48664790f4bf48c79 - - default default] Unable to schedule network fadc71df-8aaf-485c-b9fd-b50f8da729c5: no agents available; will retry on subsequent port and subnet creation events.
2026-07-25 09:28:10.205 7 INFO neutron.plugins.ml2.drivers.ovn.mech_driver.mech_driver [None req-54f694cd-eb44-48dd-87a3-a5d3ff599e21 - - - - - -] OVN reports status down for port: c2d9559a-5155-498d-aa8c-6dd24b432de4
2026-07-25 09:28:10.259 7 INFO neutron.db.ovn_revision_numbers_db [None req-4d268430-9849-4515-8e96-83b16bcc4455 c6c9ae11c1c045139794ae12788ab034 1ef8247c8d1b47f48664790f4bf48c79 - - default default] Successfully bumped revision number for resource c2d9559a-5155-498d-aa8c-6dd24b432de4 (type: ports) to 1 [pid: 7|app: 0|req: 725/1600] 10.0.0.183 () {34 vars in 670 bytes} [Sat Jul 25 09:28:08 2026] POST /v2.0/networks => generated 1283 bytes in 1452 msecs (HTTP/1.1 201) 4 headers in 163 bytes (1 switches on core 0) [pid: 6|app: 0|req: 876/1601] 10.0.0.183 () {32 vars in 649 bytes} [Sat Jul 25 09:28:10 2026] GET /v2.0/networks => generated 1970 bytes in 50 msecs (HTTP/1.1 200) 4 headers in 158 bytes (1 switches on core 0)
2026-07-25 09:28:10.487 7 INFO neutron_taas.services.taas.taas_plugin [None req-35a43401-e79f-4b4e-945e-29be7bc0e7e4 c6c9ae11c1c045139794ae12788ab034 1ef8247c8d1b47f48664790f4bf48c79 - - default default] TaaS: Handle Delete Port: 1079e329-34a4-44e5-84c0-ef84b2179f46
2026-07-25 09:28:10.491 7 INFO neutron_taas.services.taas.tap_mirror_plugin [None req-35a43401-e79f-4b4e-945e-29be7bc0e7e4 c6c9ae11c1c045139794ae12788ab034 1ef8247c8d1b47f48664790f4bf48c79 - - default default] Tap Mirror: Handle Delete Port: 1079e329-34a4-44e5-84c0-ef84b2179f46 [pid: 6|app: 0|req: 877/1602] 10.0.0.61 () {34 vars in 989 bytes} [Sat Jul 25 09:28:10 2026] GET /v2.0/ports?device_id=d33ccfe1-5e71-49c0-9adb-8ad8af1ac2be => generated 12 bytes in 35 msecs (HTTP/1.1 200) 4 headers in 156 bytes (1 switches on core 0)
2026-07-25 09:28:10.683 7 INFO neutron.services.segments.plugin [-] Segment c4a1fadd-8687-4ab7-83ba-a21e5ca7c039 resource provider aggregate not found
2026-07-25 09:28:10.689 7 INFO neutron.services.segments.plugin [-] Segment c4a1fadd-8687-4ab7-83ba-a21e5ca7c039 resource provider aggregate not found
2026-07-25 09:28:10.711 7 INFO neutron.services.segments.plugin [-] Segment c4a1fadd-8687-4ab7-83ba-a21e5ca7c039 resource provider not found; error: Placement Client Error (4xx): {"errors": [{"status": 404, "title": "Not Found", "detail": "The resource could not be found.\n\n No resource provider with uuid c4a1fadd-8687-4ab7-83ba-a21e5ca7c039 found for delete ", "request_id": "req-88dc5d1d-bf15-41c3-8cc0-b494a88d16d9"}]}
2026-07-25 09:28:10.719 7 INFO neutron.services.segments.plugin [-] Segment c4a1fadd-8687-4ab7-83ba-a21e5ca7c039 resource provider not found; error: Placement Client Error (4xx): {"errors": [{"status": 404, "title": "Not Found", "detail": "The resource could not be found.\n\n No resource provider with uuid c4a1fadd-8687-4ab7-83ba-a21e5ca7c039 found for delete ", "request_id": "req-fded8c1b-a12d-49df-8017-7b93fbb9d064"}]} [pid: 7|app: 0|req: 726/1603] 10.0.0.183 () {32 vars in 726 bytes} [Sat Jul 25 09:28:10 2026] DELETE /v2.0/networks/0fb4d469-81b7-496d-9e37-f804bb8343c0 => generated 0 bytes in 373 msecs (HTTP/1.1 204) 3 headers in 131 bytes (1 switches on core 0)
2026-07-25 09:28:10.903 6 INFO neutron_taas.services.taas.taas_plugin [None req-03bb82b8-07a7-4432-a2f0-e7ec3576f922 c6c9ae11c1c045139794ae12788ab034 1ef8247c8d1b47f48664790f4bf48c79 - - default default] TaaS: Handle Delete Port: c2d9559a-5155-498d-aa8c-6dd24b432de4
2026-07-25 09:28:10.906 6 INFO neutron_taas.services.taas.tap_mirror_plugin [None req-03bb82b8-07a7-4432-a2f0-e7ec3576f922 c6c9ae11c1c045139794ae12788ab034 1ef8247c8d1b47f48664790f4bf48c79 - - default default] Tap Mirror: Handle Delete Port: c2d9559a-5155-498d-aa8c-6dd24b432de4
2026-07-25 09:28:11.112 6 INFO neutron.services.segments.plugin [-] Segment f0c39e34-6bbb-4168-b914-ee9168a4e7b5 resource provider aggregate not found
2026-07-25 09:28:11.118 6 INFO neutron.services.segments.plugin [-] Segment f0c39e34-6bbb-4168-b914-ee9168a4e7b5 resource provider aggregate not found
2026-07-25 09:28:11.128 6 INFO neutron.services.segments.plugin [-] Segment f0c39e34-6bbb-4168-b914-ee9168a4e7b5 resource provider not found; error: Placement Client Error (4xx): {"errors": [{"status": 404, "title": "Not Found", "detail": "The resource could not be found.\n\n No resource provider with uuid f0c39e34-6bbb-4168-b914-ee9168a4e7b5 found for delete ", "request_id": "req-5d48defc-ef7d-4817-af6c-f2fcbe00d5ef"}]}
2026-07-25 09:28:11.145 6 INFO neutron.services.segments.plugin [-] Segment f0c39e34-6bbb-4168-b914-ee9168a4e7b5 resource provider not found; error: Placement Client Error (4xx): {"errors": [{"status": 404, "title": "Not Found", "detail": "The resource could not be found.\n\n No resource provider with uuid f0c39e34-6bbb-4168-b914-ee9168a4e7b5 found for delete ", "request_id": "req-f57deea4-2647-4165-9189-212b45eac864"}]} [pid: 6|app: 0|req: 878/1604] 10.0.0.183 () {32 vars in 726 bytes} [Sat Jul 25 09:28:10 2026] DELETE /v2.0/networks/fadc71df-8aaf-485c-b9fd-b50f8da729c5 => generated 0 bytes in 404 msecs (HTTP/1.1 204) 3 headers in 131 bytes (1 switches on core 0) [pid: 7|app: 0|req: 727/1605] 10.0.0.183 () {32 vars in 649 bytes} [Sat Jul 25 09:28:11 2026] GET /v2.0/networks => generated 689 bytes in 41 msecs (HTTP/1.1 200) 4 headers in 157 bytes (1 switches on core 0)
2026-07-25 09:28:11.288 6 INFO neutron.db.segments_db [None req-06da5132-dbd7-4bdd-a285-7ab7e9f89a35 c6c9ae11c1c045139794ae12788ab034 1ef8247c8d1b47f48664790f4bf48c79 - - default default] Added segment 72ca6b1b-d339-472e-bca7-2295dc98c331 of type geneve for network 4f0e6cb3-635a-4460-af0b-3be9cb1f91ef
2026-07-25 09:28:11.388 6 INFO neutron.db.ovn_revision_numbers_db [None req-06da5132-dbd7-4bdd-a285-7ab7e9f89a35 c6c9ae11c1c045139794ae12788ab034 1ef8247c8d1b47f48664790f4bf48c79 - - default default] Successfully bumped revision number for resource 4f0e6cb3-635a-4460-af0b-3be9cb1f91ef (type: networks) to 1 [pid: 7|app: 0|req: 728/1606] 199.204.45.23 () {34 vars in 985 bytes} [Sat Jul 25 09:28:11 2026] GET /v2.0/networks?id=23e8c79e-b777-4621-9204-d058bb09a82d => generated 699 bytes in 43 msecs (HTTP/1.1 200) 4 headers in 157 bytes (1 switches on core 0) [pid: 7|app: 0|req: 729/1607] 199.204.45.23 () {34 vars in 1049 bytes} [Sat Jul 25 09:28:11 2026] GET /v2.0/security-groups?fields=id&fields=name&tenant_id=f12483956f334101b6dc807fe7f7864b => generated 180 bytes in 30 msecs (HTTP/1.1 200) 4 headers in 157 bytes (1 switches on core 0)
2026-07-25 09:28:11.552 6 WARNING neutron.scheduler.dhcp_agent_scheduler [None req-06da5132-dbd7-4bdd-a285-7ab7e9f89a35 c6c9ae11c1c045139794ae12788ab034 1ef8247c8d1b47f48664790f4bf48c79 - - default default] No more DHCP agents
2026-07-25 09:28:11.553 6 WARNING neutron.api.rpc.agentnotifiers.dhcp_rpc_agent_api [None req-06da5132-dbd7-4bdd-a285-7ab7e9f89a35 c6c9ae11c1c045139794ae12788ab034 1ef8247c8d1b47f48664790f4bf48c79 - - default default] Unable to schedule network 4f0e6cb3-635a-4460-af0b-3be9cb1f91ef: no agents available; will retry on subsequent port and subnet creation events.
2026-07-25 09:28:11.636 6 INFO neutron.db.ovn_revision_numbers_db [None req-06da5132-dbd7-4bdd-a285-7ab7e9f89a35 c6c9ae11c1c045139794ae12788ab034 1ef8247c8d1b47f48664790f4bf48c79 - - default default] Successfully bumped revision number for resource a4b25f76-082a-4c5f-9a9c-c6eac191f71b (type: ports) to 1 [pid: 6|app: 0|req: 879/1608] 10.0.0.183 () {34 vars in 670 bytes} [Sat Jul 25 09:28:11 2026] POST /v2.0/networks => generated 672 bytes in 464 msecs (HTTP/1.1 201) 4 headers in 162 bytes (1 switches on core 0)
2026-07-25 09:28:11.765 7 WARNING neutron.scheduler.dhcp_agent_scheduler [req-259e99e1-7a0c-4d6c-a8bd-98493c3f275d req-d76b3ff6-4a24-4e5b-a20b-b7d595f237c3 400a509275684b69b3028664d681f580 f12483956f334101b6dc807fe7f7864b - - default default] No more DHCP agents
2026-07-25 09:28:11.766 7 WARNING neutron.api.rpc.agentnotifiers.dhcp_rpc_agent_api [req-259e99e1-7a0c-4d6c-a8bd-98493c3f275d req-d76b3ff6-4a24-4e5b-a20b-b7d595f237c3 400a509275684b69b3028664d681f580 f12483956f334101b6dc807fe7f7864b - - default default] Unable to schedule network 23e8c79e-b777-4621-9204-d058bb09a82d: no agents available; will retry on subsequent port and subnet creation events.
2026-07-25 09:28:11.768 6 INFO neutron.db.segments_db [None req-f86ff6b8-1bd0-4f8d-9716-7945d227a357 c6c9ae11c1c045139794ae12788ab034 1ef8247c8d1b47f48664790f4bf48c79 - - default default] Added segment cd825056-6d45-412b-b5bb-fe4206793bf5 of type geneve for network ed70da2f-1f2b-4ee0-b02d-b61f3cea048e
2026-07-25 09:28:11.916 6 INFO neutron.db.ovn_revision_numbers_db [None req-f86ff6b8-1bd0-4f8d-9716-7945d227a357 c6c9ae11c1c045139794ae12788ab034 1ef8247c8d1b47f48664790f4bf48c79 - - default default] Successfully bumped revision number for resource ed70da2f-1f2b-4ee0-b02d-b61f3cea048e (type: networks) to 1
2026-07-25 09:28:11.941 7 INFO neutron.db.ovn_revision_numbers_db [req-259e99e1-7a0c-4d6c-a8bd-98493c3f275d req-d76b3ff6-4a24-4e5b-a20b-b7d595f237c3 400a509275684b69b3028664d681f580 f12483956f334101b6dc807fe7f7864b - - default default] Successfully bumped revision number for resource 22dc435d-0fbb-42f8-99ae-0c3dbc014643 (type: ports) to 1 [pid: 7|app: 0|req: 730/1609] 199.204.45.23 () {38 vars in 954 bytes} [Sat Jul 25 09:28:11 2026] POST /v2.0/ports => generated 958 bytes in 553 msecs (HTTP/1.1 201) 4 headers in 162 bytes (1 switches on core 0) /var/lib/openstack/lib/python3.12/site-packages/pycadf/identifier.py:70: UserWarning: Invalid uuid: neutron. To ensure interoperability, identifiers should be a valid uuid. warnings.warn(('Invalid uuid: %s. To ensure interoperability, ' [pid: 7|app: 0|req: 731/1610] 10.0.0.61 () {34 vars in 989 bytes} [Sat Jul 25 09:28:12 2026] GET /v2.0/ports?device_id=d33ccfe1-5e71-49c0-9adb-8ad8af1ac2be => generated 961 bytes in 37 msecs (HTTP/1.1 200) 4 headers in 157 bytes (1 switches on core 0)
2026-07-25 09:28:12.098 6 WARNING neutron.scheduler.dhcp_agent_scheduler [None req-f86ff6b8-1bd0-4f8d-9716-7945d227a357 c6c9ae11c1c045139794ae12788ab034 1ef8247c8d1b47f48664790f4bf48c79 - - default default] No more DHCP agents
2026-07-25 09:28:12.099 6 WARNING neutron.api.rpc.agentnotifiers.dhcp_rpc_agent_api [None req-f86ff6b8-1bd0-4f8d-9716-7945d227a357 c6c9ae11c1c045139794ae12788ab034 1ef8247c8d1b47f48664790f4bf48c79 - - default default] Unable to schedule network ed70da2f-1f2b-4ee0-b02d-b61f3cea048e: no agents available; will retry on subsequent port and subnet creation events.
2026-07-25 09:28:12.191 6 INFO neutron.db.ovn_revision_numbers_db [None req-f86ff6b8-1bd0-4f8d-9716-7945d227a357 c6c9ae11c1c045139794ae12788ab034 1ef8247c8d1b47f48664790f4bf48c79 - - default default] Successfully bumped revision number for resource ad1bcc0a-6a57-45e6-bdef-25fb9c6dc913 (type: ports) to 1 [pid: 6|app: 0|req: 880/1611] 10.0.0.183 () {34 vars in 670 bytes} [Sat Jul 25 09:28:11 2026] POST /v2.0/networks => generated 672 bytes in 549 msecs (HTTP/1.1 201) 4 headers in 162 bytes (1 switches on core 0) [pid: 6|app: 0|req: 881/1612] 10.0.0.61 () {34 vars in 1039 bytes} [Sat Jul 25 09:28:12 2026] GET /v2.0/security-groups?id=24b5a573-cb8f-4e92-b185-599e9806d8be&fields=id&fields=name => generated 113 bytes in 31 msecs (HTTP/1.1 200) 4 headers in 157 bytes (1 switches on core 0)
2026-07-25 09:28:12.371 7 INFO neutron.db.ovn_revision_numbers_db [req-259e99e1-7a0c-4d6c-a8bd-98493c3f275d req-8b6fdd72-f060-48e1-b063-9ddc7c706ebb d33ee2d4d6b54391bc99f21428615ffa b3fb6402a17d4ed189a459f4e6b96bdd - - f1ee7fd4b7fe4436ab9db1c4bc4bb54a f1ee7fd4b7fe4436ab9db1c4bc4bb54a] Successfully bumped revision number for resource 22dc435d-0fbb-42f8-99ae-0c3dbc014643 (type: ports) to 2
2026-07-25 09:28:12.596 6 WARNING neutron.plugins.ml2.drivers.ovn.mech_driver.ovsdb.ovn_client [None req-2b4f0a9b-ded0-483c-8acb-8ebe5e798854 - - - - - -] No hosting information found for port 1bf39486-09a6-40b2-aba3-dafe7a830a13: RuntimeError: No hosting information found for port 1bf39486-09a6-40b2-aba3-dafe7a830a13
2026-07-25 09:28:12.605 7 INFO neutron.db.ovn_revision_numbers_db [req-259e99e1-7a0c-4d6c-a8bd-98493c3f275d req-8b6fdd72-f060-48e1-b063-9ddc7c706ebb d33ee2d4d6b54391bc99f21428615ffa b3fb6402a17d4ed189a459f4e6b96bdd - - f1ee7fd4b7fe4436ab9db1c4bc4bb54a f1ee7fd4b7fe4436ab9db1c4bc4bb54a] Successfully bumped revision number for resource 22dc435d-0fbb-42f8-99ae-0c3dbc014643 (type: ports) to 4 [pid: 7|app: 0|req: 732/1613] 199.204.45.23 () {38 vars in 1027 bytes} [Sat Jul 25 09:28:12 2026] PUT /v2.0/ports/22dc435d-0fbb-42f8-99ae-0c3dbc014643 => generated 1208 bytes in 581 msecs (HTTP/1.1 200) 4 headers in 158 bytes (1 switches on core 0)
2026-07-25 09:28:12.668 7 INFO neutron.notifiers.nova [-] Nova event matching ['req-5927148c-75db-4b65-acf0-ee4184385fa3'] response: {'name': 'network-changed', 'server_uuid': 'd33ccfe1-5e71-49c0-9adb-8ad8af1ac2be', 'tag': '22dc435d-0fbb-42f8-99ae-0c3dbc014643', 'status': 'completed', 'code': 200}
2026-07-25 09:28:12.749 6 WARNING neutron.scheduler.dhcp_agent_scheduler [None req-0f803906-5d78-4273-bfd9-97af3f14693a c6c9ae11c1c045139794ae12788ab034 1ef8247c8d1b47f48664790f4bf48c79 - - default default] No more DHCP agents
2026-07-25 09:28:12.750 6 INFO neutron.db.ovn_revision_numbers_db [None req-2b4f0a9b-ded0-483c-8acb-8ebe5e798854 - - - - - -] Successfully bumped revision number for resource 1bf39486-09a6-40b2-aba3-dafe7a830a13 (type: router_ports) to 2
2026-07-25 09:28:12.750 6 WARNING neutron.api.rpc.agentnotifiers.dhcp_rpc_agent_api [None req-0f803906-5d78-4273-bfd9-97af3f14693a c6c9ae11c1c045139794ae12788ab034 1ef8247c8d1b47f48664790f4bf48c79 - - default default] Unable to schedule network 4f0e6cb3-635a-4460-af0b-3be9cb1f91ef: no agents available; will retry on subsequent port and subnet creation events.
2026-07-25 09:28:12.847 7 INFO neutron.plugins.ml2.drivers.ovn.mech_driver.mech_driver [None req-54f694cd-eb44-48dd-87a3-a5d3ff599e21 - - - - - -] OVN reports status down for port: 4c490778-9cb5-420c-879b-af26b28f785f
2026-07-25 09:28:12.857 6 INFO neutron.plugins.ml2.drivers.ovn.mech_driver.mech_driver [None req-2b4f0a9b-ded0-483c-8acb-8ebe5e798854 - - - - - -] OVN reports status down for port: a4b25f76-082a-4c5f-9a9c-c6eac191f71b
2026-07-25 09:28:12.912 6 INFO neutron.db.ovn_revision_numbers_db [None req-0f803906-5d78-4273-bfd9-97af3f14693a c6c9ae11c1c045139794ae12788ab034 1ef8247c8d1b47f48664790f4bf48c79 - - default default] Successfully bumped revision number for resource 4c490778-9cb5-420c-879b-af26b28f785f (type: ports) to 1
2026-07-25 09:28:12.958 6 INFO neutron.plugins.ml2.drivers.ovn.mech_driver.mech_driver [None req-2b4f0a9b-ded0-483c-8acb-8ebe5e798854 - - - - - -] OVN reports status down for port: 22dc435d-0fbb-42f8-99ae-0c3dbc014643
2026-07-25 09:28:12.999 6 WARNING neutron.scheduler.dhcp_agent_scheduler [None req-0f803906-5d78-4273-bfd9-97af3f14693a c6c9ae11c1c045139794ae12788ab034 1ef8247c8d1b47f48664790f4bf48c79 - - default default] No more DHCP agents
2026-07-25 09:28:13.001 6 WARNING neutron.api.rpc.agentnotifiers.dhcp_rpc_agent_api [None req-0f803906-5d78-4273-bfd9-97af3f14693a c6c9ae11c1c045139794ae12788ab034 1ef8247c8d1b47f48664790f4bf48c79 - - default default] Unable to schedule network ed70da2f-1f2b-4ee0-b02d-b61f3cea048e: no agents available; will retry on subsequent port and subnet creation events.
2026-07-25 09:28:13.056 6 INFO neutron.plugins.ml2.drivers.ovn.mech_driver.mech_driver [None req-2b4f0a9b-ded0-483c-8acb-8ebe5e798854 - - - - - -] OVN reports status down for port: ad1bcc0a-6a57-45e6-bdef-25fb9c6dc913
2026-07-25 09:28:13.111 6 INFO neutron.notifiers.nova [-] Nova event matching ['req-4ac78a4d-7f15-4dd0-bd26-85ca815f98f7'] response: {'server_uuid': 'd33ccfe1-5e71-49c0-9adb-8ad8af1ac2be', 'name': 'network-vif-unplugged', 'status': 'completed', 'tag': '22dc435d-0fbb-42f8-99ae-0c3dbc014643', 'code': 200}
2026-07-25 09:28:13.144 6 INFO neutron.db.ovn_revision_numbers_db [None req-0f803906-5d78-4273-bfd9-97af3f14693a c6c9ae11c1c045139794ae12788ab034 1ef8247c8d1b47f48664790f4bf48c79 - - default default] Successfully bumped revision number for resource 51bb7c90-f89b-48e2-a0bc-38aac185e091 (type: ports) to 1 /var/lib/openstack/lib/python3.12/site-packages/pycadf/identifier.py:70: UserWarning: Invalid uuid: neutron. To ensure interoperability, identifiers should be a valid uuid. warnings.warn(('Invalid uuid: %s. To ensure interoperability, '
2026-07-25 09:28:13.202 6 INFO neutron.plugins.ml2.drivers.ovn.mech_driver.mech_driver [None req-2b4f0a9b-ded0-483c-8acb-8ebe5e798854 - - - - - -] OVN reports status down for port: 51bb7c90-f89b-48e2-a0bc-38aac185e091 [pid: 7|app: 0|req: 733/1614] 199.204.45.23 () {34 vars in 1079 bytes} [Sat Jul 25 09:28:13 2026] GET /v2.0/ports?tenant_id=f12483956f334101b6dc807fe7f7864b&device_id=d33ccfe1-5e71-49c0-9adb-8ad8af1ac2be => generated 1211 bytes in 34 msecs (HTTP/1.1 200) 4 headers in 158 bytes (1 switches on core 0) [pid: 7|app: 0|req: 734/1615] 199.204.45.23 () {34 vars in 1017 bytes} [Sat Jul 25 09:28:13 2026] GET /v2.0/networks?tenant_id=f12483956f334101b6dc807fe7f7864b&shared=False => generated 798 bytes in 38 msecs (HTTP/1.1 200) 4 headers in 157 bytes (1 switches on core 0) [pid: 6|app: 0|req: 882/1616] 10.0.0.183 () {34 vars in 665 bytes} [Sat Jul 25 09:28:12 2026] POST /v2.0/ports => generated 1505 bytes in 1036 msecs (HTTP/1.1 201) 4 headers in 163 bytes (1 switches on core 0) /var/lib/openstack/lib/python3.12/site-packages/pycadf/identifier.py:70: UserWarning: Invalid uuid: neutron. To ensure interoperability, identifiers should be a valid uuid. warnings.warn(('Invalid uuid: %s. To ensure interoperability, ' [pid: 7|app: 0|req: 735/1617] 199.204.45.23 () {34 vars in 929 bytes} [Sat Jul 25 09:28:13 2026] GET /v2.0/networks?shared=True => generated 791 bytes in 39 msecs (HTTP/1.1 200) 4 headers in 157 bytes (1 switches on core 0) [pid: 7|app: 0|req: 736/1618] 10.0.0.61 () {34 vars in 989 bytes} [Sat Jul 25 09:28:13 2026] GET /v2.0/ports?device_id=d33ccfe1-5e71-49c0-9adb-8ad8af1ac2be => generated 973 bytes in 31 msecs (HTTP/1.1 200) 4 headers in 157 bytes (1 switches on core 0) [pid: 6|app: 0|req: 883/1619] 10.0.0.183 () {32 vars in 643 bytes} [Sat Jul 25 09:28:13 2026] GET /v2.0/ports => generated 3017 bytes in 68 msecs (HTTP/1.1 200) 4 headers in 158 bytes (1 switches on core 0) [pid: 7|app: 0|req: 737/1620] 10.0.0.61 () {34 vars in 1039 bytes} [Sat Jul 25 09:28:13 2026] GET /v2.0/security-groups?id=24b5a573-cb8f-4e92-b185-599e9806d8be&fields=id&fields=name => generated 113 bytes in 30 msecs (HTTP/1.1 200) 4 headers in 157 bytes (1 switches on core 0)
2026-07-25 09:28:13.478 6 INFO neutron_taas.services.taas.taas_plugin [None req-a0a7a348-929c-45d7-95e6-28fc2f05f55f c6c9ae11c1c045139794ae12788ab034 1ef8247c8d1b47f48664790f4bf48c79 - - default default] TaaS: Handle Delete Port: 4c490778-9cb5-420c-879b-af26b28f785f
2026-07-25 09:28:13.481 6 INFO neutron_taas.services.taas.tap_mirror_plugin [None req-a0a7a348-929c-45d7-95e6-28fc2f05f55f c6c9ae11c1c045139794ae12788ab034 1ef8247c8d1b47f48664790f4bf48c79 - - default default] Tap Mirror: Handle Delete Port: 4c490778-9cb5-420c-879b-af26b28f785f [pid: 6|app: 0|req: 884/1621] 10.0.0.183 () {32 vars in 720 bytes} [Sat Jul 25 09:28:13 2026] DELETE /v2.0/ports/4c490778-9cb5-420c-879b-af26b28f785f => generated 0 bytes in 228 msecs (HTTP/1.1 204) 3 headers in 131 bytes (1 switches on core 0)
2026-07-25 09:28:13.731 7 INFO neutron_taas.services.taas.taas_plugin [None req-cb415e87-8b5b-41f0-a8cd-25616f96028d c6c9ae11c1c045139794ae12788ab034 1ef8247c8d1b47f48664790f4bf48c79 - - default default] TaaS: Handle Delete Port: 51bb7c90-f89b-48e2-a0bc-38aac185e091
2026-07-25 09:28:13.734 7 INFO neutron_taas.services.taas.tap_mirror_plugin [None req-cb415e87-8b5b-41f0-a8cd-25616f96028d c6c9ae11c1c045139794ae12788ab034 1ef8247c8d1b47f48664790f4bf48c79 - - default default] Tap Mirror: Handle Delete Port: 51bb7c90-f89b-48e2-a0bc-38aac185e091 [pid: 7|app: 0|req: 738/1622] 10.0.0.183 () {32 vars in 720 bytes} [Sat Jul 25 09:28:13 2026] DELETE /v2.0/ports/51bb7c90-f89b-48e2-a0bc-38aac185e091 => generated 0 bytes in 289 msecs (HTTP/1.1 204) 3 headers in 131 bytes (1 switches on core 0) [pid: 6|app: 0|req: 885/1623] 10.0.0.183 () {32 vars in 643 bytes} [Sat Jul 25 09:28:13 2026] GET /v2.0/ports => generated 1523 bytes in 46 msecs (HTTP/1.1 200) 4 headers in 158 bytes (1 switches on core 0)
2026-07-25 09:28:14.024 7 INFO neutron.db.segments_db [None req-db30b993-349d-4ad5-9a40-a68396a50a94 c6c9ae11c1c045139794ae12788ab034 1ef8247c8d1b47f48664790f4bf48c79 - - default default] Added segment 1e757e5e-4ec8-443f-ba20-3fa56c676c64 of type geneve for network 430f2459-c884-476c-a484-67a4433fb410
2026-07-25 09:28:14.129 7 INFO neutron.db.ovn_revision_numbers_db [None req-db30b993-349d-4ad5-9a40-a68396a50a94 c6c9ae11c1c045139794ae12788ab034 1ef8247c8d1b47f48664790f4bf48c79 - - default default] Successfully bumped revision number for resource 430f2459-c884-476c-a484-67a4433fb410 (type: networks) to 1
2026-07-25 09:28:14.314 7 WARNING neutron.scheduler.dhcp_agent_scheduler [None req-db30b993-349d-4ad5-9a40-a68396a50a94 c6c9ae11c1c045139794ae12788ab034 1ef8247c8d1b47f48664790f4bf48c79 - - default default] No more DHCP agents
2026-07-25 09:28:14.315 7 WARNING neutron.api.rpc.agentnotifiers.dhcp_rpc_agent_api [None req-db30b993-349d-4ad5-9a40-a68396a50a94 c6c9ae11c1c045139794ae12788ab034 1ef8247c8d1b47f48664790f4bf48c79 - - default default] Unable to schedule network 430f2459-c884-476c-a484-67a4433fb410: no agents available; will retry on subsequent port and subnet creation events.
2026-07-25 09:28:14.365 6 INFO neutron.plugins.ml2.drivers.ovn.mech_driver.mech_driver [None req-2b4f0a9b-ded0-483c-8acb-8ebe5e798854 - - - - - -] OVN reports status down for port: ebc4a419-def8-46ff-923e-70f136a7a60f
2026-07-25 09:28:14.404 7 INFO neutron.db.ovn_revision_numbers_db [None req-db30b993-349d-4ad5-9a40-a68396a50a94 c6c9ae11c1c045139794ae12788ab034 1ef8247c8d1b47f48664790f4bf48c79 - - default default] Successfully bumped revision number for resource ebc4a419-def8-46ff-923e-70f136a7a60f (type: ports) to 1 [pid: 7|app: 0|req: 739/1624] 10.0.0.183 () {34 vars in 670 bytes} [Sat Jul 25 09:28:13 2026] POST /v2.0/networks => generated 672 bytes in 490 msecs (HTTP/1.1 201) 4 headers in 162 bytes (1 switches on core 0) [pid: 7|app: 0|req: 740/1625] 199.204.45.23 () {34 vars in 1079 bytes} [Sat Jul 25 09:28:14 2026] GET /v2.0/ports?tenant_id=f12483956f334101b6dc807fe7f7864b&device_id=d33ccfe1-5e71-49c0-9adb-8ad8af1ac2be => generated 1211 bytes in 44 msecs (HTTP/1.1 200) 4 headers in 158 bytes (1 switches on core 0)
2026-07-25 09:28:14.576 7 INFO neutron.db.segments_db [None req-a3659f73-875b-4c45-993f-421d7044204b c6c9ae11c1c045139794ae12788ab034 1ef8247c8d1b47f48664790f4bf48c79 - - default default] Added segment 97ec9118-ac36-48e7-82c7-9e823b2002a3 of type geneve for network 382e60f7-44cc-4616-b5fb-aabad6c5afec
2026-07-25 09:28:14.581 6 INFO neutron.db.ovn_revision_numbers_db [None req-70032e6d-bfaf-4ceb-a93e-4426c7a98b45 4b0ca987e874414a9e16dfb1b5bee5d0 e28cf67d05de454a80908af24a37a8f4 - - default default] Successfully bumped revision number for resource 7b4f5897-2646-45ed-b595-329a4b123cb0 (type: security_groups) to 1
2026-07-25 09:28:14.592 6 INFO neutron.db.ovn_revision_numbers_db [None req-70032e6d-bfaf-4ceb-a93e-4426c7a98b45 4b0ca987e874414a9e16dfb1b5bee5d0 e28cf67d05de454a80908af24a37a8f4 - - default default] Successfully bumped revision number for resource 2fe6daf1-cbfc-4325-9fa7-587181cfd87f (type: security_group_rules) to 0
2026-07-25 09:28:14.604 6 INFO neutron.db.ovn_revision_numbers_db [None req-70032e6d-bfaf-4ceb-a93e-4426c7a98b45 4b0ca987e874414a9e16dfb1b5bee5d0 e28cf67d05de454a80908af24a37a8f4 - - default default] Successfully bumped revision number for resource 5be5368f-b7c5-4bf8-b692-ca02fa016497 (type: security_group_rules) to 0
2026-07-25 09:28:14.616 6 INFO neutron.db.ovn_revision_numbers_db [None req-70032e6d-bfaf-4ceb-a93e-4426c7a98b45 4b0ca987e874414a9e16dfb1b5bee5d0 e28cf67d05de454a80908af24a37a8f4 - - default default] Successfully bumped revision number for resource 800a1155-63e8-4026-90b8-1367f4952a3d (type: security_group_rules) to 0
2026-07-25 09:28:14.629 6 INFO neutron.db.ovn_revision_numbers_db [None req-70032e6d-bfaf-4ceb-a93e-4426c7a98b45 4b0ca987e874414a9e16dfb1b5bee5d0 e28cf67d05de454a80908af24a37a8f4 - - default default] Successfully bumped revision number for resource b4025e8c-1bdd-49b3-bd75-4bcec0048ecc (type: security_group_rules) to 0 [pid: 6|app: 0|req: 886/1626] 10.0.0.183 () {32 vars in 774 bytes} [Sat Jul 25 09:28:14 2026] GET /v2.0/security-groups?tenant_id=f98519e568c9482a9edd90728d851761&name=default => generated 2925 bytes in 388 msecs (HTTP/1.1 200) 4 headers in 158 bytes (1 switches on core 0)
2026-07-25 09:28:14.681 7 INFO neutron.db.ovn_revision_numbers_db [None req-a3659f73-875b-4c45-993f-421d7044204b c6c9ae11c1c045139794ae12788ab034 1ef8247c8d1b47f48664790f4bf48c79 - - default default] Successfully bumped revision number for resource 382e60f7-44cc-4616-b5fb-aabad6c5afec (type: networks) to 1 [pid: 6|app: 0|req: 887/1627] 10.0.0.61 () {34 vars in 989 bytes} [Sat Jul 25 09:28:14 2026] GET /v2.0/ports?device_id=d33ccfe1-5e71-49c0-9adb-8ad8af1ac2be => generated 973 bytes in 63 msecs (HTTP/1.1 200) 4 headers in 157 bytes (1 switches on core 0) [pid: 6|app: 0|req: 888/1628] 199.204.45.23 () {34 vars in 1059 bytes} [Sat Jul 25 09:28:14 2026] GET /v2.0/floatingips?fixed_ip_address=10.100.0.14&port_id=22dc435d-0fbb-42f8-99ae-0c3dbc014643 => generated 19 bytes in 17 msecs (HTTP/1.1 200) 4 headers in 156 bytes (1 switches on core 0)
2026-07-25 09:28:14.853 7 WARNING neutron.scheduler.dhcp_agent_scheduler [None req-a3659f73-875b-4c45-993f-421d7044204b c6c9ae11c1c045139794ae12788ab034 1ef8247c8d1b47f48664790f4bf48c79 - - default default] No more DHCP agents
2026-07-25 09:28:14.855 7 WARNING neutron.api.rpc.agentnotifiers.dhcp_rpc_agent_api [None req-a3659f73-875b-4c45-993f-421d7044204b c6c9ae11c1c045139794ae12788ab034 1ef8247c8d1b47f48664790f4bf48c79 - - default default] Unable to schedule network 382e60f7-44cc-4616-b5fb-aabad6c5afec: no agents available; will retry on subsequent port and subnet creation events.
2026-07-25 09:28:14.920 6 INFO neutron.plugins.ml2.drivers.ovn.mech_driver.mech_driver [None req-2b4f0a9b-ded0-483c-8acb-8ebe5e798854 - - - - - -] OVN reports status down for port: e6c2d8f1-01d9-4c0f-825e-dda837baba53
2026-07-25 09:28:14.940 7 INFO neutron.db.ovn_revision_numbers_db [None req-a3659f73-875b-4c45-993f-421d7044204b c6c9ae11c1c045139794ae12788ab034 1ef8247c8d1b47f48664790f4bf48c79 - - default default] Successfully bumped revision number for resource e6c2d8f1-01d9-4c0f-825e-dda837baba53 (type: ports) to 1 [pid: 7|app: 0|req: 741/1629] 10.0.0.183 () {34 vars in 670 bytes} [Sat Jul 25 09:28:14 2026] POST /v2.0/networks => generated 673 bytes in 482 msecs (HTTP/1.1 201) 4 headers in 162 bytes (1 switches on core 0) [pid: 7|app: 0|req: 742/1630] 10.0.0.61 () {34 vars in 1039 bytes} [Sat Jul 25 09:28:14 2026] GET /v2.0/security-groups?id=24b5a573-cb8f-4e92-b185-599e9806d8be&fields=id&fields=name => generated 113 bytes in 25 msecs (HTTP/1.1 200) 4 headers in 157 bytes (1 switches on core 0) [pid: 7|app: 0|req: 743/1631] 199.204.45.23 () {34 vars in 983 bytes} [Sat Jul 25 09:28:14 2026] GET /v2.0/subnets?id=e7517789-cd97-4462-a94d-0a08a1d9a7b0 => generated 677 bytes in 36 msecs (HTTP/1.1 200) 4 headers in 157 bytes (1 switches on core 0) [pid: 7|app: 0|req: 744/1632] 199.204.45.23 () {34 vars in 1051 bytes} [Sat Jul 25 09:28:15 2026] GET /v2.0/ports?network_id=23e8c79e-b777-4621-9204-d058bb09a82d&device_owner=network%3Adhcp => generated 12 bytes in 18 msecs (HTTP/1.1 200) 4 headers in 156 bytes (1 switches on core 0) [pid: 6|app: 0|req: 889/1633] 10.0.0.183 () {32 vars in 740 bytes} [Sat Jul 25 09:28:14 2026] DELETE /v2.0/security-groups/7b4f5897-2646-45ed-b595-329a4b123cb0 => generated 0 bytes in 303 msecs (HTTP/1.1 204) 2 headers in 112 bytes (1 switches on core 0) [pid: 7|app: 0|req: 745/1634] 199.204.45.23 () {34 vars in 1011 bytes} [Sat Jul 25 09:28:15 2026] GET /v2.0/networks/23e8c79e-b777-4621-9204-d058bb09a82d?fields=segments => generated 14 bytes in 41 msecs (HTTP/1.1 200) 4 headers in 156 bytes (1 switches on core 0) [pid: 6|app: 0|req: 890/1635] 199.204.45.23 () {34 vars in 1111 bytes} [Sat Jul 25 09:28:15 2026] GET /v2.0/networks/23e8c79e-b777-4621-9204-d058bb09a82d?fields=provider%3Aphysical_network&fields=provider%3Anetwork_type => generated 79 bytes in 37 msecs (HTTP/1.1 200) 4 headers in 156 bytes (1 switches on core 0)
2026-07-25 09:28:15.716 7 WARNING neutron.scheduler.dhcp_agent_scheduler [None req-43c835c3-ee5f-4def-92ee-8d6a199d1b43 c6c9ae11c1c045139794ae12788ab034 1ef8247c8d1b47f48664790f4bf48c79 - - default default] No more DHCP agents
2026-07-25 09:28:15.717 7 WARNING neutron.api.rpc.agentnotifiers.dhcp_rpc_agent_api [None req-43c835c3-ee5f-4def-92ee-8d6a199d1b43 c6c9ae11c1c045139794ae12788ab034 1ef8247c8d1b47f48664790f4bf48c79 - - default default] Unable to schedule network 430f2459-c884-476c-a484-67a4433fb410: no agents available; will retry on subsequent port and subnet creation events.
2026-07-25 09:28:15.738 7 INFO neutron.db.ovn_revision_numbers_db [None req-43c835c3-ee5f-4def-92ee-8d6a199d1b43 c6c9ae11c1c045139794ae12788ab034 1ef8247c8d1b47f48664790f4bf48c79 - - default default] Successfully bumped revision number for resource 93274a3f-bfec-4326-8ce5-ca3a17fc3e19 (type: subnets) to 0
2026-07-25 09:28:15.779 7 WARNING neutron.scheduler.dhcp_agent_scheduler [None req-43c835c3-ee5f-4def-92ee-8d6a199d1b43 c6c9ae11c1c045139794ae12788ab034 1ef8247c8d1b47f48664790f4bf48c79 - - default default] No more DHCP agents
2026-07-25 09:28:15.780 7 WARNING neutron.api.rpc.agentnotifiers.dhcp_rpc_agent_api [None req-43c835c3-ee5f-4def-92ee-8d6a199d1b43 c6c9ae11c1c045139794ae12788ab034 1ef8247c8d1b47f48664790f4bf48c79 - - default default] Unable to schedule network 382e60f7-44cc-4616-b5fb-aabad6c5afec: no agents available; will retry on subsequent port and subnet creation events.
2026-07-25 09:28:15.822 7 INFO neutron.db.ovn_revision_numbers_db [None req-43c835c3-ee5f-4def-92ee-8d6a199d1b43 c6c9ae11c1c045139794ae12788ab034 1ef8247c8d1b47f48664790f4bf48c79 - - default default] Successfully bumped revision number for resource 5ba27e5b-14ad-4a7e-9c19-3164dd815d8d (type: subnets) to 0 [pid: 7|app: 0|req: 746/1636] 10.0.0.183 () {34 vars in 669 bytes} [Sat Jul 25 09:28:15 2026] POST /v2.0/subnets => generated 1323 bytes in 439 msecs (HTTP/1.1 201) 4 headers in 163 bytes (1 switches on core 0) [pid: 7|app: 0|req: 747/1637] 10.0.0.183 () {32 vars in 647 bytes} [Sat Jul 25 09:28:15 2026] GET /v2.0/subnets => generated 1959 bytes in 40 msecs (HTTP/1.1 200) 4 headers in 158 bytes (1 switches on core 0)
2026-07-25 09:28:16.023 6 INFO neutron.db.ovn_revision_numbers_db [None req-1a2801a6-11cd-4ab2-b1b2-ae340250c94a 4b0ca987e874414a9e16dfb1b5bee5d0 e28cf67d05de454a80908af24a37a8f4 - - default default] Successfully bumped revision number for resource 25436294-a5f5-4b42-ae30-9dc0a2e8ce42 (type: security_groups) to 1
2026-07-25 09:28:16.036 6 INFO neutron.db.ovn_revision_numbers_db [None req-1a2801a6-11cd-4ab2-b1b2-ae340250c94a 4b0ca987e874414a9e16dfb1b5bee5d0 e28cf67d05de454a80908af24a37a8f4 - - default default] Successfully bumped revision number for resource 4c8826a7-a73d-427a-b890-8e73f301c936 (type: security_group_rules) to 0
2026-07-25 09:28:16.049 6 INFO neutron.db.ovn_revision_numbers_db [None req-1a2801a6-11cd-4ab2-b1b2-ae340250c94a 4b0ca987e874414a9e16dfb1b5bee5d0 e28cf67d05de454a80908af24a37a8f4 - - default default] Successfully bumped revision number for resource 8305d489-77c3-479e-888f-cbf6e426dddf (type: security_group_rules) to 0
2026-07-25 09:28:16.063 6 INFO neutron.db.ovn_revision_numbers_db [None req-1a2801a6-11cd-4ab2-b1b2-ae340250c94a 4b0ca987e874414a9e16dfb1b5bee5d0 e28cf67d05de454a80908af24a37a8f4 - - default default] Successfully bumped revision number for resource 93c9e62b-99c2-4b0b-89e6-425354eb0fa8 (type: security_group_rules) to 0
2026-07-25 09:28:16.074 6 INFO neutron.db.ovn_revision_numbers_db [None req-1a2801a6-11cd-4ab2-b1b2-ae340250c94a 4b0ca987e874414a9e16dfb1b5bee5d0 e28cf67d05de454a80908af24a37a8f4 - - default default] Successfully bumped revision number for resource bfda3548-0e0c-4064-be46-247b856aa8c8 (type: security_group_rules) to 0 [pid: 7|app: 0|req: 748/1638] 10.0.0.183 () {32 vars in 724 bytes} [Sat Jul 25 09:28:15 2026] DELETE /v2.0/subnets/93274a3f-bfec-4326-8ce5-ca3a17fc3e19 => generated 0 bytes in 171 msecs (HTTP/1.1 204) 3 headers in 131 bytes (1 switches on core 0) [pid: 6|app: 0|req: 891/1639] 10.0.0.183 () {32 vars in 774 bytes} [Sat Jul 25 09:28:15 2026] GET /v2.0/security-groups?tenant_id=e0240a35b6dc42fda346a520f454ce8a&name=default => generated 2925 bytes in 377 msecs (HTTP/1.1 200) 4 headers in 158 bytes (1 switches on core 0) [pid: 7|app: 0|req: 749/1640] 10.0.0.61 () {34 vars in 989 bytes} [Sat Jul 25 09:28:16 2026] GET /v2.0/ports?device_id=d33ccfe1-5e71-49c0-9adb-8ad8af1ac2be => generated 973 bytes in 36 msecs (HTTP/1.1 200) 4 headers in 157 bytes (1 switches on core 0) [pid: 6|app: 0|req: 892/1641] 10.0.0.183 () {32 vars in 724 bytes} [Sat Jul 25 09:28:16 2026] DELETE /v2.0/subnets/5ba27e5b-14ad-4a7e-9c19-3164dd815d8d => generated 0 bytes in 138 msecs (HTTP/1.1 204) 3 headers in 131 bytes (1 switches on core 0) [pid: 6|app: 0|req: 893/1642] 10.0.0.61 () {34 vars in 1039 bytes} [Sat Jul 25 09:28:16 2026] GET /v2.0/security-groups?id=24b5a573-cb8f-4e92-b185-599e9806d8be&fields=id&fields=name => generated 113 bytes in 31 msecs (HTTP/1.1 200) 4 headers in 157 bytes (1 switches on core 0) [pid: 6|app: 0|req: 894/1643] 10.0.0.183 () {32 vars in 647 bytes} [Sat Jul 25 09:28:16 2026] GET /v2.0/subnets => generated 649 bytes in 28 msecs (HTTP/1.1 200) 4 headers in 157 bytes (1 switches on core 0) [pid: 7|app: 0|req: 750/1644] 10.0.0.183 () {32 vars in 740 bytes} [Sat Jul 25 09:28:16 2026] DELETE /v2.0/security-groups/25436294-a5f5-4b42-ae30-9dc0a2e8ce42 => generated 0 bytes in 216 msecs (HTTP/1.1 204) 2 headers in 112 bytes (1 switches on core 0)
2026-07-25 09:28:16.415 6 INFO neutron_taas.services.taas.taas_plugin [None req-b359d68c-55a7-4008-8fac-20d10a931c2a c6c9ae11c1c045139794ae12788ab034 1ef8247c8d1b47f48664790f4bf48c79 - - default default] TaaS: Handle Delete Port: e6c2d8f1-01d9-4c0f-825e-dda837baba53
2026-07-25 09:28:16.418 6 INFO neutron_taas.services.taas.tap_mirror_plugin [None req-b359d68c-55a7-4008-8fac-20d10a931c2a c6c9ae11c1c045139794ae12788ab034 1ef8247c8d1b47f48664790f4bf48c79 - - default default] Tap Mirror: Handle Delete Port: e6c2d8f1-01d9-4c0f-825e-dda837baba53
2026-07-25 09:28:16.588 6 INFO neutron.services.segments.plugin [-] Segment 97ec9118-ac36-48e7-82c7-9e823b2002a3 resource provider aggregate not found
2026-07-25 09:28:16.599 6 INFO neutron.services.segments.plugin [-] Segment 97ec9118-ac36-48e7-82c7-9e823b2002a3 resource provider not found; error: Placement Client Error (4xx): {"errors": [{"status": 404, "title": "Not Found", "detail": "The resource could not be found.\n\n No resource provider with uuid 97ec9118-ac36-48e7-82c7-9e823b2002a3 found for delete ", "request_id": "req-f5f25576-b43b-435a-b0a6-55c6a1d63c5f"}]}
2026-07-25 09:28:16.600 6 INFO neutron.services.segments.plugin [-] Segment 97ec9118-ac36-48e7-82c7-9e823b2002a3 resource provider aggregate not found
2026-07-25 09:28:16.618 6 INFO neutron.services.segments.plugin [-] Segment 97ec9118-ac36-48e7-82c7-9e823b2002a3 resource provider not found; error: Placement Client Error (4xx): {"errors": [{"status": 404, "title": "Not Found", "detail": "The resource could not be found.\n\n No resource provider with uuid 97ec9118-ac36-48e7-82c7-9e823b2002a3 found for delete ", "request_id": "req-02da59dd-d967-4c82-b3fe-ebd24f2b3142"}]} [pid: 6|app: 0|req: 895/1645] 10.0.0.183 () {32 vars in 726 bytes} [Sat Jul 25 09:28:16 2026] DELETE /v2.0/networks/382e60f7-44cc-4616-b5fb-aabad6c5afec => generated 0 bytes in 326 msecs (HTTP/1.1 204) 3 headers in 131 bytes (1 switches on core 0)
2026-07-25 09:28:16.746 7 INFO neutron_taas.services.taas.taas_plugin [None req-9e84b593-9d52-4885-83b3-5eb2536980a4 c6c9ae11c1c045139794ae12788ab034 1ef8247c8d1b47f48664790f4bf48c79 - - default default] TaaS: Handle Delete Port: ebc4a419-def8-46ff-923e-70f136a7a60f
2026-07-25 09:28:16.749 7 INFO neutron_taas.services.taas.tap_mirror_plugin [None req-9e84b593-9d52-4885-83b3-5eb2536980a4 c6c9ae11c1c045139794ae12788ab034 1ef8247c8d1b47f48664790f4bf48c79 - - default default] Tap Mirror: Handle Delete Port: ebc4a419-def8-46ff-923e-70f136a7a60f
2026-07-25 09:28:16.957 7 INFO neutron.services.segments.plugin [-] Segment 1e757e5e-4ec8-443f-ba20-3fa56c676c64 resource provider aggregate not found
2026-07-25 09:28:16.964 7 INFO neutron.services.segments.plugin [-] Segment 1e757e5e-4ec8-443f-ba20-3fa56c676c64 resource provider aggregate not found
2026-07-25 09:28:16.983 7 INFO neutron.services.segments.plugin [-] Segment 1e757e5e-4ec8-443f-ba20-3fa56c676c64 resource provider not found; error: Placement Client Error (4xx): {"errors": [{"status": 404, "title": "Not Found", "detail": "The resource could not be found.\n\n No resource provider with uuid 1e757e5e-4ec8-443f-ba20-3fa56c676c64 found for delete ", "request_id": "req-b34bcecf-3037-48e5-8f79-deabab12a295"}]}
2026-07-25 09:28:16.986 7 INFO neutron.services.segments.plugin [-] Segment 1e757e5e-4ec8-443f-ba20-3fa56c676c64 resource provider not found; error: Placement Client Error (4xx): {"errors": [{"status": 404, "title": "Not Found", "detail": "The resource could not be found.\n\n No resource provider with uuid 1e757e5e-4ec8-443f-ba20-3fa56c676c64 found for delete ", "request_id": "req-cefc9720-c1ea-4e63-98fd-9972a0509ce6"}]} [pid: 7|app: 0|req: 751/1646] 10.0.0.183 () {32 vars in 726 bytes} [Sat Jul 25 09:28:16 2026] DELETE /v2.0/networks/430f2459-c884-476c-a484-67a4433fb410 => generated 0 bytes in 366 msecs (HTTP/1.1 204) 3 headers in 131 bytes (1 switches on core 0)
2026-07-25 09:28:17.155 6 INFO neutron_taas.services.taas.taas_plugin [None req-8b5ea8cc-40de-4a9b-ba1f-ae2270481dd2 c6c9ae11c1c045139794ae12788ab034 1ef8247c8d1b47f48664790f4bf48c79 - - default default] TaaS: Handle Delete Port: ad1bcc0a-6a57-45e6-bdef-25fb9c6dc913
2026-07-25 09:28:17.158 6 INFO neutron_taas.services.taas.tap_mirror_plugin [None req-8b5ea8cc-40de-4a9b-ba1f-ae2270481dd2 c6c9ae11c1c045139794ae12788ab034 1ef8247c8d1b47f48664790f4bf48c79 - - default default] Tap Mirror: Handle Delete Port: ad1bcc0a-6a57-45e6-bdef-25fb9c6dc913 [pid: 6|app: 0|req: 896/1649] 10.0.0.183 () {32 vars in 726 bytes} [Sat Jul 25 09:28:17 2026] DELETE /v2.0/networks/ed70da2f-1f2b-4ee0-b02d-b61f3cea048e => generated 0 bytes in 384 msecs (HTTP/1.1 204) 3 headers in 131 bytes (1 switches on core 0) [pid: 7|app: 0|req: 754/1650] 10.0.0.61 () {34 vars in 989 bytes} [Sat Jul 25 09:28:17 2026] GET /v2.0/ports?device_id=d33ccfe1-5e71-49c0-9adb-8ad8af1ac2be => generated 973 bytes in 67 msecs (HTTP/1.1 200) 4 headers in 157 bytes (1 switches on core 0)
2026-07-25 09:28:17.515 7 INFO neutron_taas.services.taas.taas_plugin [None req-8a6abeb0-ae3c-43cf-b1f3-f870bf66e385 c6c9ae11c1c045139794ae12788ab034 1ef8247c8d1b47f48664790f4bf48c79 - - default default] TaaS: Handle Delete Port: a4b25f76-082a-4c5f-9a9c-c6eac191f71b
2026-07-25 09:28:17.517 7 INFO neutron_taas.services.taas.tap_mirror_plugin [None req-8a6abeb0-ae3c-43cf-b1f3-f870bf66e385 c6c9ae11c1c045139794ae12788ab034 1ef8247c8d1b47f48664790f4bf48c79 - - default default] Tap Mirror: Handle Delete Port: a4b25f76-082a-4c5f-9a9c-c6eac191f71b
2026-07-25 09:28:17.692 6 INFO neutron.db.ovn_revision_numbers_db [None req-ab9f154e-e865-4f7c-b1bd-f6d7626098ba 4b0ca987e874414a9e16dfb1b5bee5d0 e28cf67d05de454a80908af24a37a8f4 - - default default] Successfully bumped revision number for resource 89959b13-254a-4bba-b819-86f625183ded (type: security_groups) to 1
2026-07-25 09:28:17.718 6 INFO neutron.db.ovn_revision_numbers_db [None req-ab9f154e-e865-4f7c-b1bd-f6d7626098ba 4b0ca987e874414a9e16dfb1b5bee5d0 e28cf67d05de454a80908af24a37a8f4 - - default default] Successfully bumped revision number for resource 1e257ed3-4209-4ae2-90a2-8fbb8ab6d4cd (type: security_group_rules) to 0 [pid: 7|app: 0|req: 755/1651] 10.0.0.183 () {32 vars in 726 bytes} [Sat Jul 25 09:28:17 2026] DELETE /v2.0/networks/4f0e6cb3-635a-4460-af0b-3be9cb1f91ef => generated 0 bytes in 330 msecs (HTTP/1.1 204) 3 headers in 131 bytes (1 switches on core 0)
2026-07-25 09:28:17.748 6 INFO neutron.db.ovn_revision_numbers_db [None req-ab9f154e-e865-4f7c-b1bd-f6d7626098ba 4b0ca987e874414a9e16dfb1b5bee5d0 e28cf67d05de454a80908af24a37a8f4 - - default default] Successfully bumped revision number for resource 75fddcfa-cc66-4174-8872-93a57afdd741 (type: security_group_rules) to 0
2026-07-25 09:28:17.764 6 INFO neutron.db.ovn_revision_numbers_db [None req-ab9f154e-e865-4f7c-b1bd-f6d7626098ba 4b0ca987e874414a9e16dfb1b5bee5d0 e28cf67d05de454a80908af24a37a8f4 - - default default] Successfully bumped revision number for resource c54fe55a-a323-499e-bc06-1ef10c1c3554 (type: security_group_rules) to 0
2026-07-25 09:28:17.776 6 INFO neutron.db.ovn_revision_numbers_db [None req-ab9f154e-e865-4f7c-b1bd-f6d7626098ba 4b0ca987e874414a9e16dfb1b5bee5d0 e28cf67d05de454a80908af24a37a8f4 - - default default] Successfully bumped revision number for resource f201afb2-3711-4bda-ad7f-b9e3100fb690 (type: security_group_rules) to 0 [pid: 7|app: 0|req: 756/1652] 10.0.0.61 () {34 vars in 1039 bytes} [Sat Jul 25 09:28:17 2026] GET /v2.0/security-groups?id=24b5a573-cb8f-4e92-b185-599e9806d8be&fields=id&fields=name => generated 113 bytes in 31 msecs (HTTP/1.1 200) 4 headers in 157 bytes (1 switches on core 0) [pid: 6|app: 0|req: 897/1653] 10.0.0.183 () {32 vars in 774 bytes} [Sat Jul 25 09:28:17 2026] GET /v2.0/security-groups?tenant_id=f20f0510041b4e528097d471967590db&name=default => generated 2925 bytes in 429 msecs (HTTP/1.1 200) 4 headers in 158 bytes (1 switches on core 0)
2026-07-25 09:28:17.850 6 INFO neutron.plugins.ml2.drivers.ovn.mech_driver.mech_driver [None req-2b4f0a9b-ded0-483c-8acb-8ebe5e798854 - - - - - -] OVN reports status up for port: 22dc435d-0fbb-42f8-99ae-0c3dbc014643
2026-07-25 09:28:17.864 6 INFO neutron.plugins.ml2.plugin [None req-2b4f0a9b-ded0-483c-8acb-8ebe5e798854 - - - - - -] Attempt 1 to provision port 22dc435d-0fbb-42f8-99ae-0c3dbc014643
2026-07-25 09:28:18.015 6 INFO neutron.notifiers.nova [-] Nova event matching ['req-42f0d7b5-506d-40de-a3bd-3e3d4c209357'] response: {'server_uuid': 'd33ccfe1-5e71-49c0-9adb-8ad8af1ac2be', 'name': 'network-vif-plugged', 'status': 'completed', 'tag': '22dc435d-0fbb-42f8-99ae-0c3dbc014643', 'code': 200}
2026-07-25 09:28:18.119 6 INFO neutron.db.ovn_revision_numbers_db [None req-2b4f0a9b-ded0-483c-8acb-8ebe5e798854 - - - - - -] Successfully bumped revision number for resource 22dc435d-0fbb-42f8-99ae-0c3dbc014643 (type: ports) to 5 [pid: 7|app: 0|req: 757/1654] 10.0.0.183 () {32 vars in 740 bytes} [Sat Jul 25 09:28:17 2026] DELETE /v2.0/security-groups/89959b13-254a-4bba-b819-86f625183ded => generated 0 bytes in 299 msecs (HTTP/1.1 204) 2 headers in 112 bytes (1 switches on core 0) /var/lib/openstack/lib/python3.12/site-packages/pycadf/identifier.py:70: UserWarning: Invalid uuid: neutron. To ensure interoperability, identifiers should be a valid uuid. warnings.warn(('Invalid uuid: %s. To ensure interoperability, ' [pid: 6|app: 0|req: 898/1655] 10.0.0.183 () {32 vars in 774 bytes} [Sat Jul 25 09:28:18 2026] GET /v2.0/security-groups?tenant_id=1ef8247c8d1b47f48664790f4bf48c79&name=default => generated 2925 bytes in 205 msecs (HTTP/1.1 200) 4 headers in 158 bytes (1 switches on core 0)
2026-07-25 09:28:18.616 6 INFO neutron.services.segments.plugin [-] Segment cd825056-6d45-412b-b5bb-fe4206793bf5 resource provider aggregate not found
2026-07-25 09:28:18.631 6 INFO neutron.services.segments.plugin [-] Segment cd825056-6d45-412b-b5bb-fe4206793bf5 resource provider not found; error: Placement Client Error (4xx): {"errors": [{"status": 404, "title": "Not Found", "detail": "The resource could not be found.\n\n No resource provider with uuid cd825056-6d45-412b-b5bb-fe4206793bf5 found for delete ", "request_id": "req-b3a2ba83-85c8-4dad-a8e7-ecf94236241c"}]}
2026-07-25 09:28:18.635 6 INFO neutron.services.segments.plugin [-] Segment cd825056-6d45-412b-b5bb-fe4206793bf5 resource provider aggregate not found
