2026-07-25 09:34:54.827 7 INFO neutron_taas.services.taas.tap_mirror_plugin [req-90bb7a9f-0bcd-4781-984f-26a8e0246270 req-519ee063-9667-4db4-92ed-c674aa7e5a1b 73cb452da670472ca7c302be1f06bb4d 1a6d2fcf9c31495ba4405ada8c34b2f7 - - default default] Tap Mirror: Handle Delete Port: 2efa63e5-4dae-4a83-a028-ccb7eff5c087 [pid: 7|app: 0|req: 1612/3515] 199.204.45.23 () {36 vars in 996 bytes} [Sat Jul 25 09:34:54 2026] DELETE /v2.0/ports/2efa63e5-4dae-4a83-a028-ccb7eff5c087 => generated 0 bytes in 342 msecs (HTTP/1.1 204) 3 headers in 131 bytes (1 switches on core 0)
2026-07-25 09:34:55.036 7 INFO neutron.notifiers.nova [-] Nova event matching ['req-015bc0a7-0422-467a-b580-62097e499aff'] response: {'server_uuid': 'be500ea6-666c-4be5-a546-f28975db5ca7', 'name': 'network-vif-deleted', 'tag': '2efa63e5-4dae-4a83-a028-ccb7eff5c087', 'status': 'completed', 'code': 200} [pid: 6|app: 0|req: 1904/3516] 10.0.0.61 () {34 vars in 989 bytes} [Sat Jul 25 09:34:57 2026] GET /v2.0/ports?device_id=be500ea6-666c-4be5-a546-f28975db5ca7 => generated 12 bytes in 25 msecs (HTTP/1.1 200) 4 headers in 156 bytes (1 switches on core 0) [pid: 6|app: 0|req: 1906/3519] 10.0.0.183 () {32 vars in 750 bytes} [Sat Jul 25 09:35:02 2026] DELETE /v2.0/security-group-rules/dd41ddd7-a690-40ef-926b-dcff714f1277 => generated 0 bytes in 160 msecs (HTTP/1.1 204) 2 headers in 112 bytes (1 switches on core 0)
2026-07-25 09:35:02.790 7 INFO neutron.api.v2.resource [None req-fd9ca1b0-3796-4b13-b7f9-9d0e30938ce8 73cb452da670472ca7c302be1f06bb4d 1a6d2fcf9c31495ba4405ada8c34b2f7 - - default default] show failed (client error): The resource could not be found. [pid: 7|app: 0|req: 1614/3520] 10.0.0.183 () {32 vars in 747 bytes} [Sat Jul 25 09:35:02 2026] GET /v2.0/security-group-rules/dd41ddd7-a690-40ef-926b-dcff714f1277 => generated 155 bytes in 16 msecs (HTTP/1.1 404) 4 headers in 164 bytes (1 switches on core 0) [pid: 6|app: 0|req: 1907/3521] 10.0.0.183 () {32 vars in 750 bytes} [Sat Jul 25 09:35:02 2026] DELETE /v2.0/security-group-rules/646fc87d-1345-4273-b350-181b92b38dfc => generated 0 bytes in 141 msecs (HTTP/1.1 204) 2 headers in 112 bytes (1 switches on core 0)
2026-07-25 09:35:02.953 7 INFO neutron.api.v2.resource [None req-a01f36c4-c4b9-45c1-905f-fb7a879848f7 73cb452da670472ca7c302be1f06bb4d 1a6d2fcf9c31495ba4405ada8c34b2f7 - - default default] show failed (client error): The resource could not be found. [pid: 7|app: 0|req: 1615/3522] 10.0.0.183 () {32 vars in 747 bytes} [Sat Jul 25 09:35:02 2026] GET /v2.0/security-group-rules/646fc87d-1345-4273-b350-181b92b38dfc => generated 155 bytes in 12 msecs (HTTP/1.1 404) 4 headers in 164 bytes (1 switches on core 0) [pid: 6|app: 0|req: 1908/3523] 10.0.0.183 () {32 vars in 750 bytes} [Sat Jul 25 09:35:02 2026] DELETE /v2.0/security-group-rules/14fb8150-1ead-4ada-8058-35194c37509a => generated 0 bytes in 145 msecs (HTTP/1.1 204) 2 headers in 112 bytes (1 switches on core 0)
2026-07-25 09:35:03.124 7 INFO neutron.api.v2.resource [None req-2c10d2e2-7c8d-4747-ad8e-31ba8b6c8dfa 73cb452da670472ca7c302be1f06bb4d 1a6d2fcf9c31495ba4405ada8c34b2f7 - - default default] show failed (client error): The resource could not be found. [pid: 7|app: 0|req: 1616/3524] 10.0.0.183 () {32 vars in 747 bytes} [Sat Jul 25 09:35:03 2026] GET /v2.0/security-group-rules/14fb8150-1ead-4ada-8058-35194c37509a => generated 155 bytes in 16 msecs (HTTP/1.1 404) 4 headers in 164 bytes (1 switches on core 0) [pid: 6|app: 0|req: 1909/3525] 10.0.0.183 () {32 vars in 750 bytes} [Sat Jul 25 09:35:03 2026] DELETE /v2.0/security-group-rules/e4aa160c-f480-4d40-946f-d9488eab956b => generated 0 bytes in 122 msecs (HTTP/1.1 204) 2 headers in 112 bytes (1 switches on core 0)
2026-07-25 09:35:03.268 7 INFO neutron.api.v2.resource [None req-a8ab676f-9f8d-47c3-aeb9-acb37b911fb8 73cb452da670472ca7c302be1f06bb4d 1a6d2fcf9c31495ba4405ada8c34b2f7 - - default default] show failed (client error): The resource could not be found. [pid: 7|app: 0|req: 1617/3526] 10.0.0.183 () {32 vars in 747 bytes} [Sat Jul 25 09:35:03 2026] GET /v2.0/security-group-rules/e4aa160c-f480-4d40-946f-d9488eab956b => generated 155 bytes in 11 msecs (HTTP/1.1 404) 4 headers in 164 bytes (1 switches on core 0) [pid: 6|app: 0|req: 1910/3527] 10.0.0.183 () {32 vars in 750 bytes} [Sat Jul 25 09:35:03 2026] DELETE /v2.0/security-group-rules/9bef0ee7-c838-47b7-9b24-ba0b7121d92a => generated 0 bytes in 119 msecs (HTTP/1.1 204) 2 headers in 112 bytes (1 switches on core 0)
2026-07-25 09:35:03.408 7 INFO neutron.api.v2.resource [None req-77ce7ca9-a01f-4699-83b9-53d67d2a2f2d 73cb452da670472ca7c302be1f06bb4d 1a6d2fcf9c31495ba4405ada8c34b2f7 - - default default] show failed (client error): The resource could not be found. [pid: 7|app: 0|req: 1618/3528] 10.0.0.183 () {32 vars in 747 bytes} [Sat Jul 25 09:35:03 2026] GET /v2.0/security-group-rules/9bef0ee7-c838-47b7-9b24-ba0b7121d92a => generated 155 bytes in 14 msecs (HTTP/1.1 404) 4 headers in 164 bytes (1 switches on core 0) [pid: 6|app: 0|req: 1911/3529] 10.0.0.183 () {32 vars in 750 bytes} [Sat Jul 25 09:35:03 2026] DELETE /v2.0/security-group-rules/d480147b-b6e9-48e5-8bdb-970659a394ca => generated 0 bytes in 120 msecs (HTTP/1.1 204) 2 headers in 112 bytes (1 switches on core 0)
2026-07-25 09:35:03.545 7 INFO neutron.api.v2.resource [None req-e0ca6b67-f43d-4240-802f-bcc1bf037fc3 73cb452da670472ca7c302be1f06bb4d 1a6d2fcf9c31495ba4405ada8c34b2f7 - - default default] show failed (client error): The resource could not be found. [pid: 7|app: 0|req: 1619/3530] 10.0.0.183 () {32 vars in 747 bytes} [Sat Jul 25 09:35:03 2026] GET /v2.0/security-group-rules/d480147b-b6e9-48e5-8bdb-970659a394ca => generated 155 bytes in 9 msecs (HTTP/1.1 404) 4 headers in 164 bytes (1 switches on core 0) [pid: 6|app: 0|req: 1912/3531] 10.0.0.183 () {32 vars in 750 bytes} [Sat Jul 25 09:35:03 2026] DELETE /v2.0/security-group-rules/d7b35eeb-5cf6-44cd-9273-1c3d3ef9f261 => generated 0 bytes in 117 msecs (HTTP/1.1 204) 2 headers in 112 bytes (1 switches on core 0)
2026-07-25 09:35:03.687 7 INFO neutron.api.v2.resource [None req-bb0a5f83-10cf-4e88-8328-3f1daf74d29e 73cb452da670472ca7c302be1f06bb4d 1a6d2fcf9c31495ba4405ada8c34b2f7 - - default default] show failed (client error): The resource could not be found. [pid: 7|app: 0|req: 1620/3532] 10.0.0.183 () {32 vars in 747 bytes} [Sat Jul 25 09:35:03 2026] GET /v2.0/security-group-rules/d7b35eeb-5cf6-44cd-9273-1c3d3ef9f261 => generated 155 bytes in 15 msecs (HTTP/1.1 404) 4 headers in 164 bytes (1 switches on core 0) [pid: 6|app: 0|req: 1913/3533] 10.0.0.183 () {32 vars in 750 bytes} [Sat Jul 25 09:35:03 2026] DELETE /v2.0/security-group-rules/314a4821-dba8-4982-9400-d24ff2eca7d2 => generated 0 bytes in 149 msecs (HTTP/1.1 204) 2 headers in 112 bytes (1 switches on core 0)
2026-07-25 09:35:03.862 7 INFO neutron.api.v2.resource [None req-fcaa7d15-a4d6-4392-904f-c07759fc037c 73cb452da670472ca7c302be1f06bb4d 1a6d2fcf9c31495ba4405ada8c34b2f7 - - default default] show failed (client error): The resource could not be found. [pid: 7|app: 0|req: 1621/3534] 10.0.0.183 () {32 vars in 747 bytes} [Sat Jul 25 09:35:03 2026] GET /v2.0/security-group-rules/314a4821-dba8-4982-9400-d24ff2eca7d2 => generated 155 bytes in 16 msecs (HTTP/1.1 404) 4 headers in 164 bytes (1 switches on core 0) [pid: 6|app: 0|req: 1914/3535] 10.0.0.183 () {32 vars in 750 bytes} [Sat Jul 25 09:35:03 2026] DELETE /v2.0/security-group-rules/81d9f1b6-8ca7-407e-be92-c7c76811e35f => generated 0 bytes in 107 msecs (HTTP/1.1 204) 2 headers in 112 bytes (1 switches on core 0)
2026-07-25 09:35:03.990 7 INFO neutron.api.v2.resource [None req-f05e053b-b315-4641-9732-beec6f3d7fde 73cb452da670472ca7c302be1f06bb4d 1a6d2fcf9c31495ba4405ada8c34b2f7 - - default default] show failed (client error): The resource could not be found. [pid: 7|app: 0|req: 1622/3536] 10.0.0.183 () {32 vars in 747 bytes} [Sat Jul 25 09:35:03 2026] GET /v2.0/security-group-rules/81d9f1b6-8ca7-407e-be92-c7c76811e35f => generated 155 bytes in 9 msecs (HTTP/1.1 404) 4 headers in 164 bytes (1 switches on core 0) [pid: 6|app: 0|req: 1915/3537] 10.0.0.183 () {32 vars in 750 bytes} [Sat Jul 25 09:35:03 2026] DELETE /v2.0/security-group-rules/d5236ff8-8f34-4a6d-b8a8-ecbfafa83ebc => generated 0 bytes in 131 msecs (HTTP/1.1 204) 2 headers in 112 bytes (1 switches on core 0)
2026-07-25 09:35:04.137 7 INFO neutron.api.v2.resource [None req-56ee4284-fe58-4e96-b3fb-9c0e8384f0bb 73cb452da670472ca7c302be1f06bb4d 1a6d2fcf9c31495ba4405ada8c34b2f7 - - default default] show failed (client error): The resource could not be found. [pid: 7|app: 0|req: 1623/3538] 10.0.0.183 () {32 vars in 747 bytes} [Sat Jul 25 09:35:04 2026] GET /v2.0/security-group-rules/d5236ff8-8f34-4a6d-b8a8-ecbfafa83ebc => generated 155 bytes in 8 msecs (HTTP/1.1 404) 4 headers in 164 bytes (1 switches on core 0) [pid: 6|app: 0|req: 1916/3539] 10.0.0.183 () {32 vars in 750 bytes} [Sat Jul 25 09:35:04 2026] DELETE /v2.0/security-group-rules/ddba3085-2e5e-4c1a-8573-f27ace32d0e4 => generated 0 bytes in 110 msecs (HTTP/1.1 204) 2 headers in 112 bytes (1 switches on core 0)
2026-07-25 09:35:04.273 7 INFO neutron.api.v2.resource [None req-f8fc5495-dc2c-48ab-9547-fb1cef0f0f2c 73cb452da670472ca7c302be1f06bb4d 1a6d2fcf9c31495ba4405ada8c34b2f7 - - default default] show failed (client error): The resource could not be found. [pid: 7|app: 0|req: 1624/3540] 10.0.0.183 () {32 vars in 747 bytes} [Sat Jul 25 09:35:04 2026] GET /v2.0/security-group-rules/ddba3085-2e5e-4c1a-8573-f27ace32d0e4 => generated 155 bytes in 19 msecs (HTTP/1.1 404) 4 headers in 164 bytes (1 switches on core 0) [pid: 6|app: 0|req: 1917/3541] 10.0.0.183 () {32 vars in 740 bytes} [Sat Jul 25 09:35:04 2026] DELETE /v2.0/security-groups/76efaa8e-79e2-45fe-b66d-d3cc30d1de5a => generated 0 bytes in 110 msecs (HTTP/1.1 204) 2 headers in 112 bytes (1 switches on core 0)
2026-07-25 09:35:04.404 7 INFO neutron.api.v2.resource [None req-0fbb5144-0100-4dc2-a07f-b0dee6e33624 73cb452da670472ca7c302be1f06bb4d 1a6d2fcf9c31495ba4405ada8c34b2f7 - - default default] show failed (client error): The resource could not be found. [pid: 7|app: 0|req: 1625/3542] 10.0.0.183 () {32 vars in 737 bytes} [Sat Jul 25 09:35:04 2026] GET /v2.0/security-groups/76efaa8e-79e2-45fe-b66d-d3cc30d1de5a => generated 146 bytes in 10 msecs (HTTP/1.1 404) 4 headers in 164 bytes (1 switches on core 0)
2026-07-25 09:35:04.722 6 INFO neutron_taas.services.taas.taas_plugin [None req-aec92ccc-298e-4c1e-a242-aaa040a5e204 73cb452da670472ca7c302be1f06bb4d 1a6d2fcf9c31495ba4405ada8c34b2f7 - - default default] TaaS: Handle Delete Port: 66400fc4-a2e8-4486-a484-72a121add58b
2026-07-25 09:35:04.724 6 INFO neutron_taas.services.taas.tap_mirror_plugin [None req-aec92ccc-298e-4c1e-a242-aaa040a5e204 73cb452da670472ca7c302be1f06bb4d 1a6d2fcf9c31495ba4405ada8c34b2f7 - - default default] Tap Mirror: Handle Delete Port: 66400fc4-a2e8-4486-a484-72a121add58b [pid: 6|app: 0|req: 1918/3543] 10.0.0.183 () {34 vars in 789 bytes} [Sat Jul 25 09:35:04 2026] PUT /v2.0/routers/6e3c12e2-9e07-486d-9e25-985d032786da/remove_router_interface => generated 309 bytes in 816 msecs (HTTP/1.1 200) 4 headers in 157 bytes (1 switches on core 0)
2026-07-25 09:35:05.374 7 INFO neutron.api.v2.resource [None req-a4746e26-bbb5-4cd0-a2b5-31bde6dc8fa4 73cb452da670472ca7c302be1f06bb4d 1a6d2fcf9c31495ba4405ada8c34b2f7 - - default default] remove_router_interface failed (client error): The resource could not be found. [pid: 7|app: 0|req: 1626/3544] 10.0.0.183 () {34 vars in 789 bytes} [Sat Jul 25 09:35:05 2026] PUT /v2.0/routers/6e3c12e2-9e07-486d-9e25-985d032786da/remove_router_interface => generated 198 bytes in 102 msecs (HTTP/1.1 404) 4 headers in 164 bytes (1 switches on core 0) /var/lib/openstack/lib/python3.12/site-packages/pycadf/identifier.py:70: UserWarning: Invalid uuid: neutron. To ensure interoperability, identifiers should be a valid uuid. warnings.warn(('Invalid uuid: %s. To ensure interoperability, '
2026-07-25 09:35:05.704 6 INFO neutron_taas.services.taas.taas_plugin [None req-9f9689e7-ebb2-473f-b2bf-ed752107afaf 73cb452da670472ca7c302be1f06bb4d 1a6d2fcf9c31495ba4405ada8c34b2f7 - - default default] TaaS: Handle Delete Port: f13d1b1e-7fba-4f97-b200-09fe17fd26dc
2026-07-25 09:35:05.708 6 INFO neutron_taas.services.taas.tap_mirror_plugin [None req-9f9689e7-ebb2-473f-b2bf-ed752107afaf 73cb452da670472ca7c302be1f06bb4d 1a6d2fcf9c31495ba4405ada8c34b2f7 - - default default] Tap Mirror: Handle Delete Port: f13d1b1e-7fba-4f97-b200-09fe17fd26dc [pid: 6|app: 0|req: 1919/3545] 10.0.0.183 () {34 vars in 789 bytes} [Sat Jul 25 09:35:05 2026] PUT /v2.0/routers/6e3c12e2-9e07-486d-9e25-985d032786da/remove_router_interface => generated 309 bytes in 849 msecs (HTTP/1.1 200) 4 headers in 157 bytes (1 switches on core 0)
2026-07-25 09:35:06.329 7 INFO neutron.api.v2.resource [None req-843572c4-b953-4269-8b28-0e871cd04396 73cb452da670472ca7c302be1f06bb4d 1a6d2fcf9c31495ba4405ada8c34b2f7 - - default default] remove_router_interface failed (client error): The resource could not be found. [pid: 7|app: 0|req: 1627/3546] 10.0.0.183 () {34 vars in 789 bytes} [Sat Jul 25 09:35:06 2026] PUT /v2.0/routers/6e3c12e2-9e07-486d-9e25-985d032786da/remove_router_interface => generated 198 bytes in 98 msecs (HTTP/1.1 404) 4 headers in 164 bytes (1 switches on core 0) /var/lib/openstack/lib/python3.12/site-packages/pycadf/identifier.py:70: UserWarning: Invalid uuid: neutron. To ensure interoperability, identifiers should be a valid uuid. warnings.warn(('Invalid uuid: %s. To ensure interoperability, '
2026-07-25 09:35:06.609 6 INFO neutron_taas.services.taas.taas_plugin [None req-ae1bbebb-d227-44de-8b21-10f8c5cca8ab 73cb452da670472ca7c302be1f06bb4d 1a6d2fcf9c31495ba4405ada8c34b2f7 - - default default] TaaS: Handle Delete Port: 5c2f5deb-4905-40b4-b44e-8e01f71561eb
2026-07-25 09:35:06.612 6 INFO neutron_taas.services.taas.tap_mirror_plugin [None req-ae1bbebb-d227-44de-8b21-10f8c5cca8ab 73cb452da670472ca7c302be1f06bb4d 1a6d2fcf9c31495ba4405ada8c34b2f7 - - default default] Tap Mirror: Handle Delete Port: 5c2f5deb-4905-40b4-b44e-8e01f71561eb [pid: 6|app: 0|req: 1920/3547] 10.0.0.183 () {34 vars in 789 bytes} [Sat Jul 25 09:35:06 2026] PUT /v2.0/routers/6e3c12e2-9e07-486d-9e25-985d032786da/remove_router_interface => generated 309 bytes in 860 msecs (HTTP/1.1 200) 4 headers in 157 bytes (1 switches on core 0)
2026-07-25 09:35:07.369 7 INFO neutron.api.v2.resource [None req-5d06fcbb-b7b1-430e-b2cb-fb2d0bfbff95 73cb452da670472ca7c302be1f06bb4d 1a6d2fcf9c31495ba4405ada8c34b2f7 - - default default] remove_router_interface failed (client error): The resource could not be found. [pid: 7|app: 0|req: 1628/3548] 10.0.0.183 () {34 vars in 789 bytes} [Sat Jul 25 09:35:07 2026] PUT /v2.0/routers/6e3c12e2-9e07-486d-9e25-985d032786da/remove_router_interface => generated 198 bytes in 160 msecs (HTTP/1.1 404) 4 headers in 164 bytes (1 switches on core 0) /var/lib/openstack/lib/python3.12/site-packages/pycadf/identifier.py:70: UserWarning: Invalid uuid: neutron. To ensure interoperability, identifiers should be a valid uuid. warnings.warn(('Invalid uuid: %s. To ensure interoperability, '
2026-07-25 09:35:07.702 6 INFO neutron_taas.services.taas.taas_plugin [None req-d653a154-5189-4cab-821d-87a00ecb5168 73cb452da670472ca7c302be1f06bb4d 1a6d2fcf9c31495ba4405ada8c34b2f7 - - default default] TaaS: Handle Delete Port: ad06cf46-c67d-41f3-909b-973aac2617ae
2026-07-25 09:35:07.706 6 INFO neutron_taas.services.taas.tap_mirror_plugin [None req-d653a154-5189-4cab-821d-87a00ecb5168 73cb452da670472ca7c302be1f06bb4d 1a6d2fcf9c31495ba4405ada8c34b2f7 - - default default] Tap Mirror: Handle Delete Port: ad06cf46-c67d-41f3-909b-973aac2617ae [pid: 6|app: 0|req: 1921/3549] 10.0.0.183 () {32 vars in 724 bytes} [Sat Jul 25 09:35:07 2026] DELETE /v2.0/routers/6e3c12e2-9e07-486d-9e25-985d032786da => generated 0 bytes in 731 msecs (HTTP/1.1 204) 2 headers in 112 bytes (1 switches on core 0)
2026-07-25 09:35:08.133 7 INFO neutron.api.v2.resource [None req-3973547c-bfa1-4759-a01c-b5c3bb944cd2 73cb452da670472ca7c302be1f06bb4d 1a6d2fcf9c31495ba4405ada8c34b2f7 - - default default] show failed (client error): The resource could not be found. [pid: 7|app: 0|req: 1629/3550] 10.0.0.183 () {32 vars in 721 bytes} [Sat Jul 25 09:35:08 2026] GET /v2.0/routers/6e3c12e2-9e07-486d-9e25-985d032786da => generated 135 bytes in 20 msecs (HTTP/1.1 404) 4 headers in 164 bytes (1 switches on core 0) [pid: 6|app: 0|req: 1922/3551] 10.0.0.183 () {32 vars in 724 bytes} [Sat Jul 25 09:35:08 2026] DELETE /v2.0/subnets/ea6c1075-a9ce-496c-86be-fb91c50f405d => generated 0 bytes in 120 msecs (HTTP/1.1 204) 3 headers in 131 bytes (1 switches on core 0)
2026-07-25 09:35:08.281 7 INFO neutron.pecan_wsgi.hooks.translation [None req-f8968d10-bf2c-454b-bcc7-93dc3725f070 73cb452da670472ca7c302be1f06bb4d 1a6d2fcf9c31495ba4405ada8c34b2f7 - - default default] GET failed (client error): The resource could not be found. [pid: 7|app: 0|req: 1630/3552] 10.0.0.183 () {32 vars in 721 bytes} [Sat Jul 25 09:35:08 2026] GET /v2.0/subnets/ea6c1075-a9ce-496c-86be-fb91c50f405d => generated 136 bytes in 17 msecs (HTTP/1.1 404) 4 headers in 164 bytes (1 switches on core 0) [pid: 6|app: 0|req: 1923/3553] 10.0.0.183 () {32 vars in 724 bytes} [Sat Jul 25 09:35:08 2026] DELETE /v2.0/subnets/0a15003f-3a36-4919-8991-fd4e7722b6f6 => generated 0 bytes in 162 msecs (HTTP/1.1 204) 3 headers in 131 bytes (1 switches on core 0)
2026-07-25 09:35:08.469 7 INFO neutron.pecan_wsgi.hooks.translation [None req-e075a1fe-339a-4e81-a6d6-bc13308b7e81 73cb452da670472ca7c302be1f06bb4d 1a6d2fcf9c31495ba4405ada8c34b2f7 - - default default] GET failed (client error): The resource could not be found. [pid: 7|app: 0|req: 1631/3554] 10.0.0.183 () {32 vars in 721 bytes} [Sat Jul 25 09:35:08 2026] GET /v2.0/subnets/0a15003f-3a36-4919-8991-fd4e7722b6f6 => generated 136 bytes in 19 msecs (HTTP/1.1 404) 4 headers in 164 bytes (1 switches on core 0)
2026-07-25 09:35:08.592 6 INFO neutron_taas.services.taas.taas_plugin [None req-d97feaf4-e879-4b2d-99ec-b3960b9d63e9 73cb452da670472ca7c302be1f06bb4d 1a6d2fcf9c31495ba4405ada8c34b2f7 - - default default] TaaS: Handle Delete Port: ada7da13-a4ef-472e-a6df-a85c2f43adf7
2026-07-25 09:35:08.595 6 INFO neutron_taas.services.taas.tap_mirror_plugin [None req-d97feaf4-e879-4b2d-99ec-b3960b9d63e9 73cb452da670472ca7c302be1f06bb4d 1a6d2fcf9c31495ba4405ada8c34b2f7 - - default default] Tap Mirror: Handle Delete Port: ada7da13-a4ef-472e-a6df-a85c2f43adf7 [pid: 6|app: 0|req: 1924/3555] 10.0.0.183 () {32 vars in 726 bytes} [Sat Jul 25 09:35:08 2026] DELETE /v2.0/networks/a6c2936a-0a60-4b37-aa50-242f732203c3 => generated 0 bytes in 355 msecs (HTTP/1.1 204) 3 headers in 131 bytes (1 switches on core 0)
2026-07-25 09:35:08.856 7 INFO neutron.pecan_wsgi.hooks.translation [None req-5245a529-ebbe-45d1-8d15-98e60d82686c 73cb452da670472ca7c302be1f06bb4d 1a6d2fcf9c31495ba4405ada8c34b2f7 - - default default] GET failed (client error): The resource could not be found. [pid: 7|app: 0|req: 1632/3556] 10.0.0.183 () {32 vars in 723 bytes} [Sat Jul 25 09:35:08 2026] GET /v2.0/networks/a6c2936a-0a60-4b37-aa50-242f732203c3 => generated 138 bytes in 18 msecs (HTTP/1.1 404) 4 headers in 164 bytes (1 switches on core 0)
2026-07-25 09:35:08.900 6 INFO neutron.services.segments.plugin [-] Segment 5994e50d-24e9-4203-96fa-82a86691565b resource provider aggregate not found
2026-07-25 09:35:08.909 6 INFO neutron.services.segments.plugin [-] Segment 5994e50d-24e9-4203-96fa-82a86691565b resource provider aggregate not found
2026-07-25 09:35:08.920 6 INFO neutron.services.segments.plugin [-] Segment 5994e50d-24e9-4203-96fa-82a86691565b resource provider not found; error: Placement Client Error (4xx): {"errors": [{"status": 404, "title": "Not Found", "detail": "The resource could not be found.\n\n No resource provider with uuid 5994e50d-24e9-4203-96fa-82a86691565b found for delete ", "request_id": "req-16bc99af-8d78-4f4f-b917-9e5b02c51b2d"}]}
2026-07-25 09:35:08.924 6 INFO neutron.services.segments.plugin [-] Segment 5994e50d-24e9-4203-96fa-82a86691565b resource provider not found; error: Placement Client Error (4xx): {"errors": [{"status": 404, "title": "Not Found", "detail": "The resource could not be found.\n\n No resource provider with uuid 5994e50d-24e9-4203-96fa-82a86691565b found for delete ", "request_id": "req-2833c717-b6eb-41fb-a700-e698088c8364"}]} [pid: 6|app: 0|req: 1925/3557] 10.0.0.183 () {32 vars in 724 bytes} [Sat Jul 25 09:35:08 2026] DELETE /v2.0/subnets/b4400134-199c-4733-9502-a761b38b4dd1 => generated 0 bytes in 169 msecs (HTTP/1.1 204) 3 headers in 131 bytes (1 switches on core 0)
2026-07-25 09:35:09.052 7 INFO neutron.pecan_wsgi.hooks.translation [None req-2283ca86-f5fb-45b4-9763-7a3b2f144edd 73cb452da670472ca7c302be1f06bb4d 1a6d2fcf9c31495ba4405ada8c34b2f7 - - default default] GET failed (client error): The resource could not be found. [pid: 7|app: 0|req: 1633/3558] 10.0.0.183 () {32 vars in 721 bytes} [Sat Jul 25 09:35:09 2026] GET /v2.0/subnets/b4400134-199c-4733-9502-a761b38b4dd1 => generated 136 bytes in 15 msecs (HTTP/1.1 404) 4 headers in 164 bytes (1 switches on core 0) [pid: 6|app: 0|req: 1926/3559] 10.0.0.183 () {32 vars in 724 bytes} [Sat Jul 25 09:35:09 2026] DELETE /v2.0/subnets/70cbd687-f404-43c8-b0d4-767235c69178 => generated 0 bytes in 184 msecs (HTTP/1.1 204) 3 headers in 131 bytes (1 switches on core 0)
2026-07-25 09:35:09.259 7 INFO neutron.pecan_wsgi.hooks.translation [None req-4d92cdc3-a997-46d0-8e5e-4591282256ba 73cb452da670472ca7c302be1f06bb4d 1a6d2fcf9c31495ba4405ada8c34b2f7 - - default default] GET failed (client error): The resource could not be found. [pid: 7|app: 0|req: 1634/3560] 10.0.0.183 () {32 vars in 721 bytes} [Sat Jul 25 09:35:09 2026] GET /v2.0/subnets/70cbd687-f404-43c8-b0d4-767235c69178 => generated 136 bytes in 17 msecs (HTTP/1.1 404) 4 headers in 164 bytes (1 switches on core 0)
2026-07-25 09:35:09.396 6 INFO neutron_taas.services.taas.taas_plugin [None req-d42ac52a-8f80-416c-9359-90fa86319eb9 73cb452da670472ca7c302be1f06bb4d 1a6d2fcf9c31495ba4405ada8c34b2f7 - - default default] TaaS: Handle Delete Port: a80df7ef-0020-4712-8bd9-4e3b70ce1900
2026-07-25 09:35:09.399 6 INFO neutron_taas.services.taas.tap_mirror_plugin [None req-d42ac52a-8f80-416c-9359-90fa86319eb9 73cb452da670472ca7c302be1f06bb4d 1a6d2fcf9c31495ba4405ada8c34b2f7 - - default default] Tap Mirror: Handle Delete Port: a80df7ef-0020-4712-8bd9-4e3b70ce1900 [pid: 6|app: 0|req: 1927/3561] 10.0.0.183 () {32 vars in 726 bytes} [Sat Jul 25 09:35:09 2026] DELETE /v2.0/networks/86b27f7b-a0e3-4b11-94bb-90b23027fb70 => generated 0 bytes in 333 msecs (HTTP/1.1 204) 3 headers in 131 bytes (1 switches on core 0)
2026-07-25 09:35:09.621 7 INFO neutron.pecan_wsgi.hooks.translation [None req-3a10b28a-9f5e-4dd1-af5c-6e99fcb94d4a 73cb452da670472ca7c302be1f06bb4d 1a6d2fcf9c31495ba4405ada8c34b2f7 - - default default] GET failed (client error): The resource could not be found. [pid: 7|app: 0|req: 1635/3562] 10.0.0.183 () {32 vars in 723 bytes} [Sat Jul 25 09:35:09 2026] GET /v2.0/networks/86b27f7b-a0e3-4b11-94bb-90b23027fb70 => generated 138 bytes in 13 msecs (HTTP/1.1 404) 4 headers in 164 bytes (1 switches on core 0) [pid: 6|app: 0|req: 1928/3563] 10.0.0.183 () {32 vars in 724 bytes} [Sat Jul 25 09:35:09 2026] DELETE /v2.0/subnets/e07ce853-ba93-47b5-b9ce-090eb43b558f => generated 0 bytes in 169 msecs (HTTP/1.1 204) 3 headers in 131 bytes (1 switches on core 0)
2026-07-25 09:35:09.838 7 INFO neutron.pecan_wsgi.hooks.translation [None req-f738eaf1-f1b4-4c90-bd9e-172b2fb79df0 73cb452da670472ca7c302be1f06bb4d 1a6d2fcf9c31495ba4405ada8c34b2f7 - - default default] GET failed (client error): The resource could not be found. [pid: 7|app: 0|req: 1636/3564] 10.0.0.183 () {32 vars in 721 bytes} [Sat Jul 25 09:35:09 2026] GET /v2.0/subnets/e07ce853-ba93-47b5-b9ce-090eb43b558f => generated 136 bytes in 27 msecs (HTTP/1.1 404) 4 headers in 164 bytes (1 switches on core 0) [pid: 6|app: 0|req: 1929/3565] 10.0.0.183 () {32 vars in 724 bytes} [Sat Jul 25 09:35:09 2026] DELETE /v2.0/subnets/8aff9ea1-6757-4319-a264-644d7aeb71c5 => generated 0 bytes in 168 msecs (HTTP/1.1 204) 3 headers in 131 bytes (1 switches on core 0)
2026-07-25 09:35:10.033 7 INFO neutron.pecan_wsgi.hooks.translation [None req-73eaa666-cc0c-4fa2-bfc7-091025a7a2ff 73cb452da670472ca7c302be1f06bb4d 1a6d2fcf9c31495ba4405ada8c34b2f7 - - default default] GET failed (client error): The resource could not be found. [pid: 7|app: 0|req: 1637/3566] 10.0.0.183 () {32 vars in 721 bytes} [Sat Jul 25 09:35:10 2026] GET /v2.0/subnets/8aff9ea1-6757-4319-a264-644d7aeb71c5 => generated 136 bytes in 15 msecs (HTTP/1.1 404) 4 headers in 164 bytes (1 switches on core 0)
2026-07-25 09:35:10.141 6 INFO neutron_taas.services.taas.taas_plugin [None req-e555a905-bddf-48f6-a8c7-9dfc148ce03f 73cb452da670472ca7c302be1f06bb4d 1a6d2fcf9c31495ba4405ada8c34b2f7 - - default default] TaaS: Handle Delete Port: 30f9c6d3-98ab-42d6-9574-d1247cec58e6
2026-07-25 09:35:10.144 6 INFO neutron_taas.services.taas.tap_mirror_plugin [None req-e555a905-bddf-48f6-a8c7-9dfc148ce03f 73cb452da670472ca7c302be1f06bb4d 1a6d2fcf9c31495ba4405ada8c34b2f7 - - default default] Tap Mirror: Handle Delete Port: 30f9c6d3-98ab-42d6-9574-d1247cec58e6 [pid: 6|app: 0|req: 1930/3567] 10.0.0.183 () {32 vars in 726 bytes} [Sat Jul 25 09:35:10 2026] DELETE /v2.0/networks/e6ccb95e-1e73-4036-9531-5546215d4fc3 => generated 0 bytes in 315 msecs (HTTP/1.1 204) 3 headers in 131 bytes (1 switches on core 0)
2026-07-25 09:35:10.372 7 INFO neutron.pecan_wsgi.hooks.translation [None req-e1ab4080-c723-4487-9d13-806d9abb7653 73cb452da670472ca7c302be1f06bb4d 1a6d2fcf9c31495ba4405ada8c34b2f7 - - default default] GET failed (client error): The resource could not be found. [pid: 7|app: 0|req: 1638/3568] 10.0.0.183 () {32 vars in 723 bytes} [Sat Jul 25 09:35:10 2026] GET /v2.0/networks/e6ccb95e-1e73-4036-9531-5546215d4fc3 => generated 138 bytes in 14 msecs (HTTP/1.1 404) 4 headers in 164 bytes (1 switches on core 0)
2026-07-25 09:35:10.939 6 INFO neutron.services.segments.plugin [-] Segment 7a265c0f-964e-4588-874a-0def04ed1c55 resource provider aggregate not found
2026-07-25 09:35:10.952 6 INFO neutron.services.segments.plugin [-] Segment 7a265c0f-964e-4588-874a-0def04ed1c55 resource provider aggregate not found
2026-07-25 09:35:10.956 6 INFO neutron.services.segments.plugin [-] Segment 7a265c0f-964e-4588-874a-0def04ed1c55 resource provider not found; error: Placement Client Error (4xx): {"errors": [{"status": 404, "title": "Not Found", "detail": "The resource could not be found.\n\n No resource provider with uuid 7a265c0f-964e-4588-874a-0def04ed1c55 found for delete ", "request_id": "req-d6445725-df68-4402-9f15-2d4d72f61db3"}]}
2026-07-25 09:35:10.967 6 INFO neutron.services.segments.plugin [-] Segment 7a265c0f-964e-4588-874a-0def04ed1c55 resource provider not found; error: Placement Client Error (4xx): {"errors": [{"status": 404, "title": "Not Found", "detail": "The resource could not be found.\n\n No resource provider with uuid 7a265c0f-964e-4588-874a-0def04ed1c55 found for delete ", "request_id": "req-6a1408fd-1625-4cb6-8cee-71f68d18fc45"}]}
2026-07-25 09:35:10.970 6 INFO neutron.services.segments.plugin [-] Segment a6641de4-7cb7-44a3-b886-412982f1bc2a resource provider aggregate not found
2026-07-25 09:35:10.979 6 INFO neutron.services.segments.plugin [-] Segment a6641de4-7cb7-44a3-b886-412982f1bc2a resource provider aggregate not found
2026-07-25 09:35:10.981 6 INFO neutron.services.segments.plugin [-] Segment a6641de4-7cb7-44a3-b886-412982f1bc2a resource provider not found; error: Placement Client Error (4xx): {"errors": [{"status": 404, "title": "Not Found", "detail": "The resource could not be found.\n\n No resource provider with uuid a6641de4-7cb7-44a3-b886-412982f1bc2a found for delete ", "request_id": "req-a4c2c1c3-d646-4e38-af05-debbf81beb9f"}]}
2026-07-25 09:35:10.988 6 INFO neutron.services.segments.plugin [-] Segment a6641de4-7cb7-44a3-b886-412982f1bc2a resource provider not found; error: Placement Client Error (4xx): {"errors": [{"status": 404, "title": "Not Found", "detail": "The resource could not be found.\n\n No resource provider with uuid a6641de4-7cb7-44a3-b886-412982f1bc2a found for delete ", "request_id": "req-6b6da235-56df-428a-99a1-8213ebf5d725"}]}
2026-07-25 09:35:12.444 6 INFO neutron.db.ovn_revision_numbers_db [None req-4064cbfa-2bca-45a9-8c0b-a0bd24b9abb7 4b0ca987e874414a9e16dfb1b5bee5d0 e28cf67d05de454a80908af24a37a8f4 - - default default] Successfully bumped revision number for resource 23603029-1e97-43d3-810f-a3987c0fe036 (type: security_groups) to 1
2026-07-25 09:35:12.454 6 INFO neutron.db.ovn_revision_numbers_db [None req-4064cbfa-2bca-45a9-8c0b-a0bd24b9abb7 4b0ca987e874414a9e16dfb1b5bee5d0 e28cf67d05de454a80908af24a37a8f4 - - default default] Successfully bumped revision number for resource 1b1e3e9d-45fa-4843-ab21-7fdc8ac69d8d (type: security_group_rules) to 0
2026-07-25 09:35:12.465 6 INFO neutron.db.ovn_revision_numbers_db [None req-4064cbfa-2bca-45a9-8c0b-a0bd24b9abb7 4b0ca987e874414a9e16dfb1b5bee5d0 e28cf67d05de454a80908af24a37a8f4 - - default default] Successfully bumped revision number for resource 3b063a91-bba5-4f07-ad70-8db134b16f3b (type: security_group_rules) to 0
2026-07-25 09:35:12.476 6 INFO neutron.db.ovn_revision_numbers_db [None req-4064cbfa-2bca-45a9-8c0b-a0bd24b9abb7 4b0ca987e874414a9e16dfb1b5bee5d0 e28cf67d05de454a80908af24a37a8f4 - - default default] Successfully bumped revision number for resource 92dda87c-56f3-4e06-9ef6-ba809b542cfe (type: security_group_rules) to 0
2026-07-25 09:35:12.486 6 INFO neutron.db.ovn_revision_numbers_db [None req-4064cbfa-2bca-45a9-8c0b-a0bd24b9abb7 4b0ca987e874414a9e16dfb1b5bee5d0 e28cf67d05de454a80908af24a37a8f4 - - default default] Successfully bumped revision number for resource d2e638b9-29ec-4d0b-b936-05dda2a01080 (type: security_group_rules) to 0 [pid: 6|app: 0|req: 1931/3569] 10.0.0.183 () {32 vars in 774 bytes} [Sat Jul 25 09:35:12 2026] GET /v2.0/security-groups?tenant_id=f30f5b3936f04ff487038b7303390543&name=default => generated 2929 bytes in 329 msecs (HTTP/1.1 200) 4 headers in 158 bytes (1 switches on core 0) [pid: 7|app: 0|req: 1639/3570] 10.0.0.183 () {32 vars in 740 bytes} [Sat Jul 25 09:35:12 2026] DELETE /v2.0/security-groups/23603029-1e97-43d3-810f-a3987c0fe036 => generated 0 bytes in 266 msecs (HTTP/1.1 204) 2 headers in 112 bytes (1 switches on core 0) [pid: 6|app: 0|req: 1932/3571] 10.0.0.183 () {32 vars in 774 bytes} [Sat Jul 25 09:35:12 2026] GET /v2.0/security-groups?tenant_id=1a6d2fcf9c31495ba4405ada8c34b2f7&name=default => generated 2929 bytes in 33 msecs (HTTP/1.1 200) 4 headers in 158 bytes (1 switches on core 0) [pid: 7|app: 0|req: 1640/3572] 10.0.0.183 () {32 vars in 740 bytes} [Sat Jul 25 09:35:12 2026] DELETE /v2.0/security-groups/ccb51a79-e854-4f41-b6a3-c3e99b019d7f => generated 0 bytes in 223 msecs (HTTP/1.1 204) 2 headers in 112 bytes (1 switches on core 0)
2026-07-25 09:35:13.388 6 INFO neutron.db.ovn_revision_numbers_db [None req-bff409a3-3877-4eb0-a5ae-8e29831b2695 4b0ca987e874414a9e16dfb1b5bee5d0 e28cf67d05de454a80908af24a37a8f4 - - default default] Successfully bumped revision number for resource 4c16c0a3-a623-4fb7-acd2-df779fae188c (type: security_groups) to 1
2026-07-25 09:35:13.399 6 INFO neutron.db.ovn_revision_numbers_db [None req-bff409a3-3877-4eb0-a5ae-8e29831b2695 4b0ca987e874414a9e16dfb1b5bee5d0 e28cf67d05de454a80908af24a37a8f4 - - default default] Successfully bumped revision number for resource 2491c131-ad12-40c4-b7b7-96a37a4a80bb (type: security_group_rules) to 0
2026-07-25 09:35:13.411 6 INFO neutron.db.ovn_revision_numbers_db [None req-bff409a3-3877-4eb0-a5ae-8e29831b2695 4b0ca987e874414a9e16dfb1b5bee5d0 e28cf67d05de454a80908af24a37a8f4 - - default default] Successfully bumped revision number for resource 3708d6ce-476c-48bb-8e6c-5fa8f860b5f4 (type: security_group_rules) to 0
2026-07-25 09:35:13.422 6 INFO neutron.db.ovn_revision_numbers_db [None req-bff409a3-3877-4eb0-a5ae-8e29831b2695 4b0ca987e874414a9e16dfb1b5bee5d0 e28cf67d05de454a80908af24a37a8f4 - - default default] Successfully bumped revision number for resource a9da241e-a828-4160-bc0f-6c8315f871db (type: security_group_rules) to 0
2026-07-25 09:35:13.434 6 INFO neutron.db.ovn_revision_numbers_db [None req-bff409a3-3877-4eb0-a5ae-8e29831b2695 4b0ca987e874414a9e16dfb1b5bee5d0 e28cf67d05de454a80908af24a37a8f4 - - default default] Successfully bumped revision number for resource b4db0a63-c69f-4676-ba76-a82fb1d00e56 (type: security_group_rules) to 0 [pid: 6|app: 0|req: 1933/3573] 10.0.0.183 () {32 vars in 774 bytes} [Sat Jul 25 09:35:13 2026] GET /v2.0/security-groups?tenant_id=d2dbd7be11e34c088f6bacd6ff38173e&name=default => generated 2929 bytes in 202 msecs (HTTP/1.1 200) 4 headers in 158 bytes (1 switches on core 0) [pid: 7|app: 0|req: 1641/3574] 10.0.0.183 () {32 vars in 740 bytes} [Sat Jul 25 09:35:13 2026] DELETE /v2.0/security-groups/4c16c0a3-a623-4fb7-acd2-df779fae188c => generated 0 bytes in 231 msecs (HTTP/1.1 204) 2 headers in 112 bytes (1 switches on core 0)
2026-07-25 09:35:13.985 6 INFO neutron.db.ovn_revision_numbers_db [None req-12e416c1-a6b1-416f-b9c0-372bb1a2ed5f 4b0ca987e874414a9e16dfb1b5bee5d0 e28cf67d05de454a80908af24a37a8f4 - - default default] Successfully bumped revision number for resource b247d4d1-d9ce-4420-9fea-fc655f12d034 (type: security_groups) to 1
2026-07-25 09:35:13.999 6 INFO neutron.db.ovn_revision_numbers_db [None req-12e416c1-a6b1-416f-b9c0-372bb1a2ed5f 4b0ca987e874414a9e16dfb1b5bee5d0 e28cf67d05de454a80908af24a37a8f4 - - default default] Successfully bumped revision number for resource 34d0889b-d438-4a07-ac3c-3f89d5922dd8 (type: security_group_rules) to 0
2026-07-25 09:35:14.011 6 INFO neutron.db.ovn_revision_numbers_db [None req-12e416c1-a6b1-416f-b9c0-372bb1a2ed5f 4b0ca987e874414a9e16dfb1b5bee5d0 e28cf67d05de454a80908af24a37a8f4 - - default default] Successfully bumped revision number for resource 3fbeb731-617d-4406-9ba5-0922252d50be (type: security_group_rules) to 0
2026-07-25 09:35:14.026 6 INFO neutron.db.ovn_revision_numbers_db [None req-12e416c1-a6b1-416f-b9c0-372bb1a2ed5f 4b0ca987e874414a9e16dfb1b5bee5d0 e28cf67d05de454a80908af24a37a8f4 - - default default] Successfully bumped revision number for resource 56730d7c-447c-4039-936a-16c28c62a20a (type: security_group_rules) to 0
2026-07-25 09:35:14.037 6 INFO neutron.db.ovn_revision_numbers_db [None req-12e416c1-a6b1-416f-b9c0-372bb1a2ed5f 4b0ca987e874414a9e16dfb1b5bee5d0 e28cf67d05de454a80908af24a37a8f4 - - default default] Successfully bumped revision number for resource e8e4299e-68bc-422b-bdb3-015b02b243df (type: security_group_rules) to 0 [pid: 6|app: 0|req: 1934/3575] 10.0.0.183 () {32 vars in 774 bytes} [Sat Jul 25 09:35:13 2026] GET /v2.0/security-groups?tenant_id=ae939af8db114fb3bb4f8f577ea5b9f8&name=default => generated 2929 bytes in 206 msecs (HTTP/1.1 200) 4 headers in 158 bytes (1 switches on core 0) [pid: 7|app: 0|req: 1642/3576] 10.0.0.183 () {32 vars in 740 bytes} [Sat Jul 25 09:35:14 2026] DELETE /v2.0/security-groups/b247d4d1-d9ce-4420-9fea-fc655f12d034 => generated 0 bytes in 226 msecs (HTTP/1.1 204) 2 headers in 112 bytes (1 switches on core 0)
2026-07-25 09:35:14.578 6 INFO neutron.db.ovn_revision_numbers_db [None req-f0a22c64-4452-462c-b93f-f21e794bea6b 4b0ca987e874414a9e16dfb1b5bee5d0 e28cf67d05de454a80908af24a37a8f4 - - default default] Successfully bumped revision number for resource d946bfde-56b4-486d-b377-4d73e01f868a (type: security_groups) to 1
2026-07-25 09:35:14.589 6 INFO neutron.db.ovn_revision_numbers_db [None req-f0a22c64-4452-462c-b93f-f21e794bea6b 4b0ca987e874414a9e16dfb1b5bee5d0 e28cf67d05de454a80908af24a37a8f4 - - default default] Successfully bumped revision number for resource 1d78ac3c-7fe3-40a3-8c75-f05078510114 (type: security_group_rules) to 0
2026-07-25 09:35:14.601 6 INFO neutron.db.ovn_revision_numbers_db [None req-f0a22c64-4452-462c-b93f-f21e794bea6b 4b0ca987e874414a9e16dfb1b5bee5d0 e28cf67d05de454a80908af24a37a8f4 - - default default] Successfully bumped revision number for resource 27c5b786-f392-413d-8a02-987d1a395faa (type: security_group_rules) to 0
2026-07-25 09:35:14.611 6 INFO neutron.db.ovn_revision_numbers_db [None req-f0a22c64-4452-462c-b93f-f21e794bea6b 4b0ca987e874414a9e16dfb1b5bee5d0 e28cf67d05de454a80908af24a37a8f4 - - default default] Successfully bumped revision number for resource 480ab429-85f2-42c2-924b-e8e711b38a64 (type: security_group_rules) to 0
2026-07-25 09:35:14.622 6 INFO neutron.db.ovn_revision_numbers_db [None req-f0a22c64-4452-462c-b93f-f21e794bea6b 4b0ca987e874414a9e16dfb1b5bee5d0 e28cf67d05de454a80908af24a37a8f4 - - default default] Successfully bumped revision number for resource fa0c5f6c-42de-4a2b-80dc-241b1e7a5ccb (type: security_group_rules) to 0 [pid: 6|app: 0|req: 1935/3577] 10.0.0.183 () {32 vars in 774 bytes} [Sat Jul 25 09:35:14 2026] GET /v2.0/security-groups?tenant_id=37c24ec6943c44f0a1f931bd997808ae&name=default => generated 2929 bytes in 223 msecs (HTTP/1.1 200) 4 headers in 158 bytes (1 switches on core 0) [pid: 7|app: 0|req: 1643/3578] 10.0.0.183 () {32 vars in 740 bytes} [Sat Jul 25 09:35:14 2026] DELETE /v2.0/security-groups/d946bfde-56b4-486d-b377-4d73e01f868a => generated 0 bytes in 244 msecs (HTTP/1.1 204) 2 headers in 112 bytes (1 switches on core 0)
2026-07-25 09:35:15.181 6 INFO neutron.db.ovn_revision_numbers_db [None req-0ef65175-50bc-4013-98e5-6efc61de11e0 4b0ca987e874414a9e16dfb1b5bee5d0 e28cf67d05de454a80908af24a37a8f4 - - default default] Successfully bumped revision number for resource 39bb9a87-45d3-48ab-9361-7205cbc80854 (type: security_groups) to 1
2026-07-25 09:35:15.195 6 INFO neutron.db.ovn_revision_numbers_db [None req-0ef65175-50bc-4013-98e5-6efc61de11e0 4b0ca987e874414a9e16dfb1b5bee5d0 e28cf67d05de454a80908af24a37a8f4 - - default default] Successfully bumped revision number for resource 01479cfb-e63c-4731-8b55-47ee47b362b3 (type: security_group_rules) to 0
2026-07-25 09:35:15.206 6 INFO neutron.db.ovn_revision_numbers_db [None req-0ef65175-50bc-4013-98e5-6efc61de11e0 4b0ca987e874414a9e16dfb1b5bee5d0 e28cf67d05de454a80908af24a37a8f4 - - default default] Successfully bumped revision number for resource 2f22cb94-5d25-4130-b094-e02a3a5a219a (type: security_group_rules) to 0
2026-07-25 09:35:15.217 6 INFO neutron.db.ovn_revision_numbers_db [None req-0ef65175-50bc-4013-98e5-6efc61de11e0 4b0ca987e874414a9e16dfb1b5bee5d0 e28cf67d05de454a80908af24a37a8f4 - - default default] Successfully bumped revision number for resource 66f95843-f407-414d-b150-6a9f164eb2de (type: security_group_rules) to 0
2026-07-25 09:35:15.230 6 INFO neutron.db.ovn_revision_numbers_db [None req-0ef65175-50bc-4013-98e5-6efc61de11e0 4b0ca987e874414a9e16dfb1b5bee5d0 e28cf67d05de454a80908af24a37a8f4 - - default default] Successfully bumped revision number for resource afd702a3-fbb7-4374-a711-60388c1ae078 (type: security_group_rules) to 0 [pid: 6|app: 0|req: 1936/3579] 10.0.0.183 () {32 vars in 774 bytes} [Sat Jul 25 09:35:15 2026] GET /v2.0/security-groups?tenant_id=e352415a914b44fc9cb6319f0284fe6d&name=default => generated 2929 bytes in 219 msecs (HTTP/1.1 200) 4 headers in 158 bytes (1 switches on core 0) [pid: 7|app: 0|req: 1644/3580] 10.0.0.183 () {32 vars in 740 bytes} [Sat Jul 25 09:35:15 2026] DELETE /v2.0/security-groups/39bb9a87-45d3-48ab-9361-7205cbc80854 => generated 0 bytes in 231 msecs (HTTP/1.1 204) 2 headers in 112 bytes (1 switches on core 0)
2026-07-25 09:35:15.764 6 INFO neutron.db.ovn_revision_numbers_db [None req-bcb53ac2-ea70-47b9-85f6-237eea4330b0 4b0ca987e874414a9e16dfb1b5bee5d0 e28cf67d05de454a80908af24a37a8f4 - - default default] Successfully bumped revision number for resource eca028ee-57c7-4d3d-bf00-f9f9c7107e5a (type: security_groups) to 1
2026-07-25 09:35:15.776 6 INFO neutron.db.ovn_revision_numbers_db [None req-bcb53ac2-ea70-47b9-85f6-237eea4330b0 4b0ca987e874414a9e16dfb1b5bee5d0 e28cf67d05de454a80908af24a37a8f4 - - default default] Successfully bumped revision number for resource 358cd144-0c09-4494-92f3-8d162dfc35e2 (type: security_group_rules) to 0
2026-07-25 09:35:15.787 6 INFO neutron.db.ovn_revision_numbers_db [None req-bcb53ac2-ea70-47b9-85f6-237eea4330b0 4b0ca987e874414a9e16dfb1b5bee5d0 e28cf67d05de454a80908af24a37a8f4 - - default default] Successfully bumped revision number for resource 6f18aebc-5c51-4b46-bb01-6adf897020da (type: security_group_rules) to 0
2026-07-25 09:35:15.801 6 INFO neutron.db.ovn_revision_numbers_db [None req-bcb53ac2-ea70-47b9-85f6-237eea4330b0 4b0ca987e874414a9e16dfb1b5bee5d0 e28cf67d05de454a80908af24a37a8f4 - - default default] Successfully bumped revision number for resource cf1c3492-b767-40dc-829f-ff79847ac750 (type: security_group_rules) to 0
2026-07-25 09:35:15.811 6 INFO neutron.db.ovn_revision_numbers_db [None req-bcb53ac2-ea70-47b9-85f6-237eea4330b0 4b0ca987e874414a9e16dfb1b5bee5d0 e28cf67d05de454a80908af24a37a8f4 - - default default] Successfully bumped revision number for resource f47ab222-9bed-4320-885c-3bf92933a386 (type: security_group_rules) to 0 [pid: 6|app: 0|req: 1937/3581] 10.0.0.183 () {32 vars in 774 bytes} [Sat Jul 25 09:35:15 2026] GET /v2.0/security-groups?tenant_id=4d37a9356e1e418abbc26e0d6ae7a460&name=default => generated 2929 bytes in 200 msecs (HTTP/1.1 200) 4 headers in 158 bytes (1 switches on core 0) [pid: 7|app: 0|req: 1645/3582] 10.0.0.183 () {32 vars in 740 bytes} [Sat Jul 25 09:35:15 2026] DELETE /v2.0/security-groups/eca028ee-57c7-4d3d-bf00-f9f9c7107e5a => generated 0 bytes in 237 msecs (HTTP/1.1 204) 2 headers in 112 bytes (1 switches on core 0) [pid: 6|app: 0|req: 1939/3585] 10.0.0.183 () {32 vars in 649 bytes} [Sat Jul 25 09:35:18 2026] GET /v2.0/networks => generated 2287 bytes in 183 msecs (HTTP/1.1 200) 4 headers in 158 bytes (1 switches on core 0) [pid: 7|app: 0|req: 1647/3586] 10.0.0.183 () {32 vars in 655 bytes} [Sat Jul 25 09:35:19 2026] GET /v2.0/floatingips => generated 19 bytes in 22 msecs (HTTP/1.1 200) 4 headers in 156 bytes (1 switches on core 0) [pid: 6|app: 0|req: 1940/3587] 10.0.0.183 () {32 vars in 647 bytes} [Sat Jul 25 09:35:19 2026] GET /v2.0/routers => generated 15 bytes in 22 msecs (HTTP/1.1 200) 4 headers in 156 bytes (1 switches on core 0) [pid: 7|app: 0|req: 1648/3588] 10.0.0.183 () {32 vars in 643 bytes} [Sat Jul 25 09:35:19 2026] GET /v2.0/ports => generated 5175 bytes in 55 msecs (HTTP/1.1 200) 4 headers in 158 bytes (1 switches on core 0) [pid: 6|app: 0|req: 1941/3589] 10.0.0.183 () {32 vars in 647 bytes} [Sat Jul 25 09:35:19 2026] GET /v2.0/subnets => generated 1308 bytes in 37 msecs (HTTP/1.1 200) 4 headers in 158 bytes (1 switches on core 0) [pid: 7|app: 0|req: 1649/3590] 10.0.0.183 () {32 vars in 649 bytes} [Sat Jul 25 09:35:19 2026] GET /v2.0/networks => generated 2287 bytes in 54 msecs (HTTP/1.1 200) 4 headers in 158 bytes (1 switches on core 0) [pid: 6|app: 0|r