2026-07-25 09:23:45.714 6 INFO neutron.api.v2.resource [None req-3f4d07d6-d0b7-44b4-a7fe-275a351c769a 4b0ca987e874414a9e16dfb1b5bee5d0 e28cf67d05de454a80908af24a37a8f4 - - default default] show failed (client error): The resource could not be found. [pid: 6|app: 0|req: 218/433] 199.204.45.23 () {44 vars in 955 bytes} [Sat Jul 25 09:23:45 2026] GET /v2.0/security-groups/lb-mgmt-sec-grp => generated 125 bytes in 38 msecs (HTTP/1.1 404) 4 headers in 164 bytes (1 switches on core 0) [pid: 7|app: 0|req: 216/434] 199.204.45.23 () {44 vars in 977 bytes} [Sat Jul 25 09:23:45 2026] GET /v2.0/security-groups?name=lb-mgmt-sec-grp => generated 2885 bytes in 29 msecs (HTTP/1.1 200) 4 headers in 158 bytes (1 switches on core 0) [pid: 6|app: 0|req: 219/435] 199.204.45.23 () {44 vars in 997 bytes} [Sat Jul 25 09:23:46 2026] GET /v2.0/security-groups/87c8618b-c690-4a37-ad06-a8cf751562a6 => generated 2886 bytes in 54 msecs (HTTP/1.1 200) 4 headers in 158 bytes (1 switches on core 0) [pid: 7|app: 0|req: 217/436] 199.204.45.23 () {44 vars in 997 bytes} [Sat Jul 25 09:23:46 2026] GET /v2.0/security-groups/87c8618b-c690-4a37-ad06-a8cf751562a6 => generated 2886 bytes in 24 msecs (HTTP/1.1 200) 4 headers in 158 bytes (1 switches on core 0) [pid: 6|app: 0|req: 220/437] 199.204.45.23 () {44 vars in 1007 bytes} [Sat Jul 25 09:23:46 2026] GET /v2.0/security-group-rules/ea1dce52-02cb-4cd1-a90c-b05faf9f9da4 => generated 623 bytes in 17 msecs (HTTP/1.1 200) 4 headers in 157 bytes (1 switches on core 0) [pid: 6|app: 0|req: 222/440] 199.204.45.23 () {44 vars in 997 bytes} [Sat Jul 25 09:23:47 2026] GET /v2.0/security-groups/87c8618b-c690-4a37-ad06-a8cf751562a6 => generated 2886 bytes in 87 msecs (HTTP/1.1 200) 4 headers in 158 bytes (1 switches on core 0) [pid: 7|app: 0|req: 219/441] 199.204.45.23 () {44 vars in 997 bytes} [Sat Jul 25 09:23:47 2026] GET /v2.0/security-groups/87c8618b-c690-4a37-ad06-a8cf751562a6 => generated 2886 bytes in 26 msecs (HTTP/1.1 200) 4 headers in 158 bytes (1 switches on core 0) [pid: 6|app: 0|req: 223/442] 199.204.45.23 () {44 vars in 1007 bytes} [Sat Jul 25 09:23:47 2026] GET /v2.0/security-group-rules/45f48c9f-172c-495b-9a4e-fd91a446e0e0 => generated 627 bytes in 15 msecs (HTTP/1.1 200) 4 headers in 157 bytes (1 switches on core 0) [pid: 7|app: 0|req: 220/443] 10.0.0.11 () {28 vars in 582 bytes} [Sat Jul 25 09:23:54 2026] GET /v2.0/subnets => generated 1308 bytes in 64 msecs (HTTP/1.1 200) 4 headers in 158 bytes (1 switches on core 0) [pid: 6|app: 0|req: 224/444] 10.0.0.11 () {28 vars in 598 bytes} [Sat Jul 25 09:23:54 2026] GET /v2.0/security-groups => generated 17401 bytes in 44 msecs (HTTP/1.1 200) 4 headers in 159 bytes (1 switches on core 0) [pid: 7|app: 0|req: 221/445] 10.0.0.11 () {28 vars in 582 bytes} [Sat Jul 25 09:23:54 2026] GET /v2.0/routers => generated 15 bytes in 18 msecs (HTTP/1.1 200) 4 headers in 156 bytes (1 switches on core 0) [pid: 6|app: 0|req: 225/446] 10.0.0.11 () {28 vars in 623 bytes} [Sat Jul 25 09:23:54 2026] GET /v2.0/agents?binary=ovn-controller => generated 416 bytes in 32 msecs (HTTP/1.1 200) 4 headers in 157 bytes (1 switches on core 0) [pid: 7|app: 0|req: 222/447] 10.0.0.11 () {28 vars in 580 bytes} [Sat Jul 25 09:23:54 2026] GET /v2.0/agents => generated 1214 bytes in 16 msecs (HTTP/1.1 200) 4 headers in 158 bytes (1 switches on core 0) [pid: 6|app: 0|req: 226/448] 10.0.0.11 () {28 vars in 590 bytes} [Sat Jul 25 09:23:54 2026] GET /v2.0/floatingips => generated 19 bytes in 17 msecs (HTTP/1.1 200) 4 headers in 156 bytes (1 switches on core 0) [pid: 7|app: 0|req: 223/449] 10.0.0.11 () {28 vars in 578 bytes} [Sat Jul 25 09:23:54 2026] GET /v2.0/ports => generated 5175 bytes in 52 msecs (HTTP/1.1 200) 4 headers in 158 bytes (1 switches on core 0) [pid: 6|app: 0|req: 227/450] 10.0.0.11 () {28 vars in 618 bytes} [Sat Jul 25 09:23:54 2026] GET /v2.0/network-ip-availabilities => generated 1104 bytes in 14 msecs (HTTP/1.1 200) 4 headers in 158 bytes (1 switches on core 0) [pid: 7|app: 0|req: 224/451] 10.0.0.11 () {28 vars in 582 bytes} [Sat Jul 25 09:23:54 2026] GET /v2.0/subnets => generated 1308 bytes in 33 msecs (HTTP/1.1 200) 4 headers in 158 bytes (1 switches on core 0) [pid: 6|app: 0|req: 228/452] 10.0.0.11 () {28 vars in 590 bytes} [Sat Jul 25 09:23:54 2026] GET /v2.0/subnetpools => generated 19 bytes in 11 msecs (HTTP/1.1 200) 4 headers in 156 bytes (1 switches on core 0) [pid: 7|app: 0|req: 225/453] 10.0.0.11 () {28 vars in 584 bytes} [Sat Jul 25 09:23:54 2026] GET /v2.0/networks => generated 2287 bytes in 51 msecs (HTTP/1.1 200) 4 headers in 158 bytes (1 switches on core 0) /var/lib/openstack/lib/python3.12/site-packages/neutron/extensions/quotasv2.py:134: UserWarning: "--check-limit" parameter is no longer needed since Epoxy (2025.1) release. By default, Neutron quota engine checks the resource usage before updating the limits warnings.warn('"--check-limit" parameter is no longer needed ' [pid: 7|app: 0|req: 227/456] 199.204.45.23 () {48 vars in 1021 bytes} [Sat Jul 25 09:24:03 2026] PUT /v2.0/quotas/b3fb6402a17d4ed189a459f4e6b96bdd => generated 291 bytes in 109 msecs (HTTP/1.1 200) 4 headers in 157 bytes (1 switches on core 0) [pid: 6|app: 0|req: 233/463] 199.204.45.23 () {44 vars in 945 bytes} [Sat Jul 25 09:24:47 2026] GET /v2.0/networks?name=public => generated 791 bytes in 78 msecs (HTTP/1.1 200) 4 headers in 157 bytes (1 switches on core 0) [pid: 7|app: 0|req: 231/464] 10.0.0.11 () {28 vars in 578 bytes} [Sat Jul 25 09:24:54 2026] GET /v2.0/ports => generated 5175 bytes in 81 msecs (HTTP/1.1 200) 4 headers in 158 bytes (1 switches on core 0) [pid: 6|app: 0|req: 234/465] 10.0.0.11 () {28 vars in 590 bytes} [Sat Jul 25 09:24:54 2026] GET /v2.0/floatingips => generated 19 bytes in 19 msecs (HTTP/1.1 200) 4 headers in 156 bytes (1 switches on core 0) [pid: 7|app: 0|req: 232/466] 10.0.0.11 () {28 vars in 582 bytes} [Sat Jul 25 09:24:54 2026] GET /v2.0/subnets => generated 1308 bytes in 26 msecs (HTTP/1.1 200) 4 headers in 158 bytes (1 switches on core 0) [pid: 6|app: 0|req: 235/467] 10.0.0.11 () {28 vars in 580 bytes} [Sat Jul 25 09:24:54 2026] GET /v2.0/agents => generated 1214 bytes in 41 msecs (HTTP/1.1 200) 4 headers in 158 bytes (1 switches on core 0) [pid: 7|app: 0|req: 233/468] 10.0.0.11 () {28 vars in 584 bytes} [Sat Jul 25 09:24:54 2026] GET /v2.0/networks => generated 2287 bytes in 45 msecs (HTTP/1.1 200) 4 headers in 158 bytes (1 switches on core 0) [pid: 6|app: 0|req: 236/469] 10.0.0.11 () {28 vars in 582 bytes} [Sat Jul 25 09:24:54 2026] GET /v2.0/routers => generated 15 bytes in 17 msecs (HTTP/1.1 200) 4 headers in 156 bytes (1 switches on core 0) [pid: 7|app: 0|req: 234/470] 10.0.0.11 () {28 vars in 623 bytes} [Sat Jul 25 09:24:54 2026] GET /v2.0/agents?binary=ovn-controller => generated 416 bytes in 33 msecs (HTTP/1.1 200) 4 headers in 157 bytes (1 switches on core 0) [pid: 6|app: 0|req: 237/471] 10.0.0.11 () {28 vars in 618 bytes} [Sat Jul 25 09:24:54 2026] GET /v2.0/network-ip-availabilities => generated 1104 bytes in 14 msecs (HTTP/1.1 200) 4 headers in 158 bytes (1 switches on core 0) [pid: 7|app: 0|req: 235/472] 10.0.0.11 () {28 vars in 582 bytes} [Sat Jul 25 09:24:54 2026] GET /v2.0/subnets => generated 1308 bytes in 34 msecs (HTTP/1.1 200) 4 headers in 158 bytes (1 switches on core 0) [pid: 6|app: 0|req: 238/473] 10.0.0.11 () {28 vars in 590 bytes} [Sat Jul 25 09:24:54 2026] GET /v2.0/subnetpools => generated 19 bytes in 10 msecs (HTTP/1.1 200) 4 headers in 156 bytes (1 switches on core 0) [pid: 7|app: 0|req: 236/474] 10.0.0.11 () {28 vars in 598 bytes} [Sat Jul 25 09:24:54 2026] GET /v2.0/security-groups => generated 17401 bytes in 37 msecs (HTTP/1.1 200) 4 headers in 159 bytes (1 switches on core 0) [pid: 6|app: 0|req: 241/479] 10.0.0.183 () {32 vars in 649 bytes} [Sat Jul 25 09:25:22 2026] GET /v2.0/networks => generated 2287 bytes in 186 msecs (HTTP/1.1 200) 4 headers in 158 bytes (1 switches on core 0) [pid: 7|app: 0|req: 239/480] 10.0.0.183 () {32 vars in 655 bytes} [Sat Jul 25 09:25:24 2026] GET /v2.0/floatingips => generated 19 bytes in 21 msecs (HTTP/1.1 200) 4 headers in 156 bytes (1 switches on core 0) [pid: 6|app: 0|req: 242/481] 10.0.0.183 () {32 vars in 647 bytes} [Sat Jul 25 09:25:24 2026] GET /v2.0/routers => generated 15 bytes in 16 msecs (HTTP/1.1 200) 4 headers in 156 bytes (1 switches on core 0) [pid: 7|app: 0|req: 240/482] 10.0.0.183 () {32 vars in 643 bytes} [Sat Jul 25 09:25:24 2026] GET /v2.0/ports => generated 5175 bytes in 50 msecs (HTTP/1.1 200) 4 headers in 158 bytes (1 switches on core 0) [pid: 6|app: 0|req: 243/483] 10.0.0.183 () {32 vars in 647 bytes} [Sat Jul 25 09:25:24 2026] GET /v2.0/subnets => generated 1308 bytes in 36 msecs (HTTP/1.1 200) 4 headers in 158 bytes (1 switches on core 0) [pid: 7|app: 0|req: 241/484] 10.0.0.183 () {32 vars in 649 bytes} [Sat Jul 25 09:25:24 2026] GET /v2.0/networks => generated 2287 bytes in 50 msecs (HTTP/1.1 200) 4 headers in 158 bytes (1 switches on core 0) [pid: 6|app: 0|req: 244/485] 10.0.0.183 () {32 vars in 663 bytes} [Sat Jul 25 09:25:24 2026] GET /v2.0/security-groups => generated 17401 bytes in 38 msecs (HTTP/1.1 200) 4 headers in 159 bytes (1 switches on core 0) [pid: 7|app: 0|req: 242/486] 10.0.0.183 () {32 vars in 655 bytes} [Sat Jul 25 09:25:24 2026] GET /v2.0/subnetpools => generated 19 bytes in 9 msecs (HTTP/1.1 200) 4 headers in 156 bytes (1 switches on core 0)
2026-07-25 09:25:35.095 7 INFO neutron.db.ovn_revision_numbers_db [None req-cc73c012-127d-42b5-b4c2-94f0c19d4f1d 4b0ca987e874414a9e16dfb1b5bee5d0 e28cf67d05de454a80908af24a37a8f4 - - default default] Successfully bumped revision number for resource d5744089-a688-45e3-9105-3ed7c03ebd81 (type: security_groups) to 1
2026-07-25 09:25:35.107 7 INFO neutron.db.ovn_revision_numbers_db [None req-cc73c012-127d-42b5-b4c2-94f0c19d4f1d 4b0ca987e874414a9e16dfb1b5bee5d0 e28cf67d05de454a80908af24a37a8f4 - - default default] Successfully bumped revision number for resource 1a2bdcf8-0321-45e6-8b2d-e9e3f3abf387 (type: security_group_rules) to 0
2026-07-25 09:25:35.117 7 INFO neutron.db.ovn_revision_numbers_db [None req-cc73c012-127d-42b5-b4c2-94f0c19d4f1d 4b0ca987e874414a9e16dfb1b5bee5d0 e28cf67d05de454a80908af24a37a8f4 - - default default] Successfully bumped revision number for resource 5f0d5108-b278-4539-b42c-35c945f20334 (type: security_group_rules) to 0
2026-07-25 09:25:35.127 7 INFO neutron.db.ovn_revision_numbers_db [None req-cc73c012-127d-42b5-b4c2-94f0c19d4f1d 4b0ca987e874414a9e16dfb1b5bee5d0 e28cf67d05de454a80908af24a37a8f4 - - default default] Successfully bumped revision number for resource d2fcd88a-644f-4caf-a0d7-0325a791150a (type: security_group_rules) to 0
2026-07-25 09:25:35.138 7 INFO neutron.db.ovn_revision_numbers_db [None req-cc73c012-127d-42b5-b4c2-94f0c19d4f1d 4b0ca987e874414a9e16dfb1b5bee5d0 e28cf67d05de454a80908af24a37a8f4 - - default default] Successfully bumped revision number for resource ddf63779-ee12-40de-aef6-417cc7ff59f3 (type: security_group_rules) to 0
2026-07-25 09:25:35.225 7 INFO neutron.db.segments_db [None req-cc73c012-127d-42b5-b4c2-94f0c19d4f1d 4b0ca987e874414a9e16dfb1b5bee5d0 e28cf67d05de454a80908af24a37a8f4 - - default default] Added segment f6de4a43-c82f-4bb4-b4cb-4251d7683593 of type geneve for network 20b3e4ad-fe20-4abc-8cb3-b26a9cbfcf53
2026-07-25 09:25:35.269 6 INFO neutron.db.ovn_revision_numbers_db [None req-77ffb0e3-d5aa-4041-bf0f-d9eb4122c2b0 4b0ca987e874414a9e16dfb1b5bee5d0 e28cf67d05de454a80908af24a37a8f4 - - default default] Successfully bumped revision number for resource 37019c8c-8a3e-48f8-b6d2-a7d4c4686073 (type: security_groups) to 1
2026-07-25 09:25:35.278 6 INFO neutron.db.ovn_revision_numbers_db [None req-77ffb0e3-d5aa-4041-bf0f-d9eb4122c2b0 4b0ca987e874414a9e16dfb1b5bee5d0 e28cf67d05de454a80908af24a37a8f4 - - default default] Successfully bumped revision number for resource 20ef72b5-9c8b-4be1-9b18-ff7d6b87e7da (type: security_group_rules) to 0
2026-07-25 09:25:35.290 6 INFO neutron.db.ovn_revision_numbers_db [None req-77ffb0e3-d5aa-4041-bf0f-d9eb4122c2b0 4b0ca987e874414a9e16dfb1b5bee5d0 e28cf67d05de454a80908af24a37a8f4 - - default default] Successfully bumped revision number for resource 3b6dbe70-a7cb-4968-a232-7ca6f9da9a60 (type: security_group_rules) to 0
2026-07-25 09:25:35.303 6 INFO neutron.db.ovn_revision_numbers_db [None req-77ffb0e3-d5aa-4041-bf0f-d9eb4122c2b0 4b0ca987e874414a9e16dfb1b5bee5d0 e28cf67d05de454a80908af24a37a8f4 - - default default] Successfully bumped revision number for resource 5a6cfe57-65af-4940-908e-731c34aab830 (type: security_group_rules) to 0
2026-07-25 09:25:35.317 6 INFO neutron.db.ovn_revision_numbers_db [None req-77ffb0e3-d5aa-4041-bf0f-d9eb4122c2b0 4b0ca987e874414a9e16dfb1b5bee5d0 e28cf67d05de454a80908af24a37a8f4 - - default default] Successfully bumped revision number for resource b4905f4f-c9ff-4d24-9655-819367174519 (type: security_group_rules) to 0
2026-07-25 09:25:35.328 7 INFO neutron.db.ovn_revision_numbers_db [None req-cc73c012-127d-42b5-b4c2-94f0c19d4f1d 4b0ca987e874414a9e16dfb1b5bee5d0 e28cf67d05de454a80908af24a37a8f4 - - default default] Successfully bumped revision number for resource 20b3e4ad-fe20-4abc-8cb3-b26a9cbfcf53 (type: networks) to 1
2026-07-25 09:25:35.398 6 INFO neutron.db.segments_db [None req-77ffb0e3-d5aa-4041-bf0f-d9eb4122c2b0 4b0ca987e874414a9e16dfb1b5bee5d0 e28cf67d05de454a80908af24a37a8f4 - - default default] Added segment b53843c3-a922-4cf7-aa59-4e23d62c6d36 of type geneve for network 2af2a701-e38e-4f2b-93b6-5e773b190641
2026-07-25 09:25:35.480 7 WARNING neutron.scheduler.dhcp_agent_scheduler [None req-cc73c012-127d-42b5-b4c2-94f0c19d4f1d 4b0ca987e874414a9e16dfb1b5bee5d0 e28cf67d05de454a80908af24a37a8f4 - - default default] No more DHCP agents
2026-07-25 09:25:35.483 7 WARNING neutron.api.rpc.agentnotifiers.dhcp_rpc_agent_api [None req-cc73c012-127d-42b5-b4c2-94f0c19d4f1d 4b0ca987e874414a9e16dfb1b5bee5d0 e28cf67d05de454a80908af24a37a8f4 - - default default] Unable to schedule network 20b3e4ad-fe20-4abc-8cb3-b26a9cbfcf53: no agents available; will retry on subsequent port and subnet creation events.
2026-07-25 09:25:35.505 6 INFO neutron.db.ovn_revision_numbers_db [None req-77ffb0e3-d5aa-4041-bf0f-d9eb4122c2b0 4b0ca987e874414a9e16dfb1b5bee5d0 e28cf67d05de454a80908af24a37a8f4 - - default default] Successfully bumped revision number for resource 2af2a701-e38e-4f2b-93b6-5e773b190641 (type: networks) to 1
2026-07-25 09:25:35.521 6 INFO neutron.plugins.ml2.drivers.ovn.mech_driver.mech_driver [None req-a352b620-4dbe-4116-bed7-324433fc6f84 - - - - - -] OVN reports status down for port: b057878a-4c28-4d4a-a927-ed62ab3650c3
2026-07-25 09:25:35.559 7 INFO neutron.db.ovn_revision_numbers_db [None req-cc73c012-127d-42b5-b4c2-94f0c19d4f1d 4b0ca987e874414a9e16dfb1b5bee5d0 e28cf67d05de454a80908af24a37a8f4 - - default default] Successfully bumped revision number for resource b057878a-4c28-4d4a-a927-ed62ab3650c3 (type: ports) to 1 [pid: 7|app: 0|req: 244/489] 10.0.0.183 () {34 vars in 671 bytes} [Sat Jul 25 09:25:34 2026] POST /v2.0/networks => generated 758 bytes in 849 msecs (HTTP/1.1 201) 4 headers in 162 bytes (1 switches on core 0)
2026-07-25 09:25:35.723 6 WARNING neutron.scheduler.dhcp_agent_scheduler [None req-77ffb0e3-d5aa-4041-bf0f-d9eb4122c2b0 4b0ca987e874414a9e16dfb1b5bee5d0 e28cf67d05de454a80908af24a37a8f4 - - default default] No more DHCP agents
2026-07-25 09:25:35.724 6 WARNING neutron.api.rpc.agentnotifiers.dhcp_rpc_agent_api [None req-77ffb0e3-d5aa-4041-bf0f-d9eb4122c2b0 4b0ca987e874414a9e16dfb1b5bee5d0 e28cf67d05de454a80908af24a37a8f4 - - default default] Unable to schedule network 2af2a701-e38e-4f2b-93b6-5e773b190641: no agents available; will retry on subsequent port and subnet creation events.
2026-07-25 09:25:35.779 6 INFO neutron.plugins.ml2.drivers.ovn.mech_driver.mech_driver [None req-a352b620-4dbe-4116-bed7-324433fc6f84 - - - - - -] OVN reports status down for port: 33a1a734-18bc-4b7f-83be-44e0e1d6e05d
2026-07-25 09:25:35.796 7 INFO neutron.db.ovn_revision_numbers_db [None req-d0610517-363a-4df4-b6ca-2e7f65f56de6 4b0ca987e874414a9e16dfb1b5bee5d0 e28cf67d05de454a80908af24a37a8f4 - - default default] Successfully bumped revision number for resource cc2e1bdd-4d0b-4cd9-b842-239ee4511494 (type: security_groups) to 1
2026-07-25 09:25:35.809 7 INFO neutron.db.ovn_revision_numbers_db [None req-d0610517-363a-4df4-b6ca-2e7f65f56de6 4b0ca987e874414a9e16dfb1b5bee5d0 e28cf67d05de454a80908af24a37a8f4 - - default default] Successfully bumped revision number for resource 288cbd5a-56fa-45d4-a216-13fa473fee2b (type: security_group_rules) to 0
2026-07-25 09:25:35.828 7 INFO neutron.db.ovn_revision_numbers_db [None req-d0610517-363a-4df4-b6ca-2e7f65f56de6 4b0ca987e874414a9e16dfb1b5bee5d0 e28cf67d05de454a80908af24a37a8f4 - - default default] Successfully bumped revision number for resource 981f0e39-2c6a-4684-b3d5-ae071ec1c68b (type: security_group_rules) to 0
2026-07-25 09:25:35.846 7 INFO neutron.db.ovn_revision_numbers_db [None req-d0610517-363a-4df4-b6ca-2e7f65f56de6 4b0ca987e874414a9e16dfb1b5bee5d0 e28cf67d05de454a80908af24a37a8f4 - - default default] Successfully bumped revision number for resource b7c1f6af-32b7-4a51-bf95-e51700ac3535 (type: security_group_rules) to 0
2026-07-25 09:25:35.849 6 INFO neutron.db.ovn_revision_numbers_db [None req-77ffb0e3-d5aa-4041-bf0f-d9eb4122c2b0 4b0ca987e874414a9e16dfb1b5bee5d0 e28cf67d05de454a80908af24a37a8f4 - - default default] Successfully bumped revision number for resource 33a1a734-18bc-4b7f-83be-44e0e1d6e05d (type: ports) to 1
2026-07-25 09:25:35.867 7 INFO neutron.db.ovn_revision_numbers_db [None req-d0610517-363a-4df4-b6ca-2e7f65f56de6 4b0ca987e874414a9e16dfb1b5bee5d0 e28cf67d05de454a80908af24a37a8f4 - - default default] Successfully bumped revision number for resource d797b9c6-dd04-4b22-a41b-b4953a5246b3 (type: security_group_rules) to 0 [pid: 6|app: 0|req: 246/490] 10.0.0.183 () {34 vars in 671 bytes} [Sat Jul 25 09:25:35 2026] POST /v2.0/networks => generated 770 bytes in 839 msecs (HTTP/1.1 201) 4 headers in 162 bytes (1 switches on core 0)
2026-07-25 09:25:35.938 7 INFO neutron.db.segments_db [None req-d0610517-363a-4df4-b6ca-2e7f65f56de6 4b0ca987e874414a9e16dfb1b5bee5d0 e28cf67d05de454a80908af24a37a8f4 - - default default] Added segment c0fe5526-7a74-45a9-bbc6-15abb9259063 of type geneve for network cd88a700-23f7-4664-a09a-02495cdb07ec
2026-07-25 09:25:36.045 7 INFO neutron.db.ovn_revision_numbers_db [None req-d0610517-363a-4df4-b6ca-2e7f65f56de6 4b0ca987e874414a9e16dfb1b5bee5d0 e28cf67d05de454a80908af24a37a8f4 - - default default] Successfully bumped revision number for resource cd88a700-23f7-4664-a09a-02495cdb07ec (type: networks) to 1
2026-07-25 09:25:36.045 6 WARNING neutron.scheduler.dhcp_agent_scheduler [None req-7f5a0264-3890-45a8-8331-914507eacf11 4b0ca987e874414a9e16dfb1b5bee5d0 e28cf67d05de454a80908af24a37a8f4 - - default default] No more DHCP agents
2026-07-25 09:25:36.046 6 WARNING neutron.api.rpc.agentnotifiers.dhcp_rpc_agent_api [None req-7f5a0264-3890-45a8-8331-914507eacf11 4b0ca987e874414a9e16dfb1b5bee5d0 e28cf67d05de454a80908af24a37a8f4 - - default default] Unable to schedule network 20b3e4ad-fe20-4abc-8cb3-b26a9cbfcf53: no agents available; will retry on subsequent port and subnet creation events.
2026-07-25 09:25:36.192 7 WARNING neutron.scheduler.dhcp_agent_scheduler [None req-d0610517-363a-4df4-b6ca-2e7f65f56de6 4b0ca987e874414a9e16dfb1b5bee5d0 e28cf67d05de454a80908af24a37a8f4 - - default default] No more DHCP agents
2026-07-25 09:25:36.193 7 WARNING neutron.api.rpc.agentnotifiers.dhcp_rpc_agent_api [None req-d0610517-363a-4df4-b6ca-2e7f65f56de6 4b0ca987e874414a9e16dfb1b5bee5d0 e28cf67d05de454a80908af24a37a8f4 - - default default] Unable to schedule network cd88a700-23f7-4664-a09a-02495cdb07ec: no agents available; will retry on subsequent port and subnet creation events.
2026-07-25 09:25:36.235 6 INFO neutron.plugins.ml2.drivers.ovn.mech_driver.mech_driver [None req-a352b620-4dbe-4116-bed7-324433fc6f84 - - - - - -] OVN reports status down for port: 3763e32a-5091-4700-8d8f-eb2bec84fc5e
2026-07-25 09:25:36.254 7 INFO neutron.db.ovn_revision_numbers_db [None req-d0610517-363a-4df4-b6ca-2e7f65f56de6 4b0ca987e874414a9e16dfb1b5bee5d0 e28cf67d05de454a80908af24a37a8f4 - - default default] Successfully bumped revision number for resource 3763e32a-5091-4700-8d8f-eb2bec84fc5e (type: ports) to 1 [pid: 7|app: 0|req: 245/491] 10.0.0.183 () {34 vars in 671 bytes} [Sat Jul 25 09:25:35 2026] POST /v2.0/networks => generated 773 bytes in 700 msecs (HTTP/1.1 201) 4 headers in 162 bytes (1 switches on core 0)
2026-07-25 09:25:36.420 7 INFO neutron.db.ovn_revision_numbers_db [None req-79a3497c-012f-4041-a352-2c19469c882d 4b0ca987e874414a9e16dfb1b5bee5d0 e28cf67d05de454a80908af24a37a8f4 - - default default] Successfully bumped revision number for resource 9c4ea47c-1415-47cb-8cd8-c8004103fe56 (type: security_groups) to 1
2026-07-25 09:25:36.431 7 INFO neutron.db.ovn_revision_numbers_db [None req-79a3497c-012f-4041-a352-2c19469c882d 4b0ca987e874414a9e16dfb1b5bee5d0 e28cf67d05de454a80908af24a37a8f4 - - default default] Successfully bumped revision number for resource 0229b300-6777-4b0a-85c6-8e4ba9b871b4 (type: security_group_rules) to 0
2026-07-25 09:25:36.442 7 INFO neutron.db.ovn_revision_numbers_db [None req-79a3497c-012f-4041-a352-2c19469c882d 4b0ca987e874414a9e16dfb1b5bee5d0 e28cf67d05de454a80908af24a37a8f4 - - default default] Successfully bumped revision number for resource 02373f5d-bae7-4b43-a5f7-64d6291e292c (type: security_group_rules) to 0
2026-07-25 09:25:36.454 7 INFO neutron.db.ovn_revision_numbers_db [None req-79a3497c-012f-4041-a352-2c19469c882d 4b0ca987e874414a9e16dfb1b5bee5d0 e28cf67d05de454a80908af24a37a8f4 - - default default] Successfully bumped revision number for resource 3a754bf4-1102-413b-961c-c346371391bd (type: security_group_rules) to 0
2026-07-25 09:25:36.476 7 INFO neutron.db.ovn_revision_numbers_db [None req-79a3497c-012f-4041-a352-2c19469c882d 4b0ca987e874414a9e16dfb1b5bee5d0 e28cf67d05de454a80908af24a37a8f4 - - default default] Successfully bumped revision number for resource 5ab8e9d1-c47c-4ed9-8f1f-2d3660f171d0 (type: security_group_rules) to 0
2026-07-25 09:25:36.495 6 INFO neutron.db.ovn_revision_numbers_db [None req-0e6f49e5-f128-49fa-b926-baa65873925e - - - - - -] Successfully bumped revision number for resource b057878a-4c28-4d4a-a927-ed62ab3650c3 (type: ports) to 2 [pid: 7|app: 0|req: 246/492] 10.0.0.183 () {32 vars in 774 bytes} [Sat Jul 25 09:25:36 2026] GET /v2.0/security-groups?tenant_id=3bd2aab60c594903b857300e99879976&name=default => generated 2921 bytes in 236 msecs (HTTP/1.1 200) 4 headers in 158 bytes (1 switches on core 0)
2026-07-25 09:25:36.531 6 INFO neutron.db.ovn_revision_numbers_db [None req-0e6f49e5-f128-49fa-b926-baa65873925e - - - - - -] Successfully bumped revision number for resource fe3cf971-c742-4df0-a55d-23284205f51c (type: subnets) to 0 [pid: 6|app: 0|req: 247/493] 10.0.0.183 () {34 vars in 669 bytes} [Sat Jul 25 09:25:35 2026] POST /v2.0/subnets => generated 683 bytes in 635 msecs (HTTP/1.1 201) 4 headers in 162 bytes (1 switches on core 0)
2026-07-25 09:25:36.633 7 WARNING neutron.scheduler.dhcp_agent_scheduler [None req-f4a3d151-20d9-423c-9648-65b71c5c0c67 4b0ca987e874414a9e16dfb1b5bee5d0 e28cf67d05de454a80908af24a37a8f4 - - default default] No more DHCP agents
2026-07-25 09:25:36.634 7 WARNING neutron.api.rpc.agentnotifiers.dhcp_rpc_agent_api [None req-f4a3d151-20d9-423c-9648-65b71c5c0c67 4b0ca987e874414a9e16dfb1b5bee5d0 e28cf67d05de454a80908af24a37a8f4 - - default default] Unable to schedule network 2af2a701-e38e-4f2b-93b6-5e773b190641: no agents available; will retry on subsequent port and subnet creation events.
2026-07-25 09:25:36.659 6 WARNING neutron.scheduler.dhcp_agent_scheduler [None req-980c7c54-a9ce-4015-860e-d48822a07fa0 4b0ca987e874414a9e16dfb1b5bee5d0 e28cf67d05de454a80908af24a37a8f4 - - default default] No more DHCP agents
2026-07-25 09:25:36.660 6 WARNING neutron.api.rpc.agentnotifiers.dhcp_rpc_agent_api [None req-980c7c54-a9ce-4015-860e-d48822a07fa0 4b0ca987e874414a9e16dfb1b5bee5d0 e28cf67d05de454a80908af24a37a8f4 - - default default] Unable to schedule network cd88a700-23f7-4664-a09a-02495cdb07ec: no agents available; will retry on subsequent port and subnet creation events.
2026-07-25 09:25:37.058 7 INFO neutron.db.ovn_revision_numbers_db [None req-12fc7d66-b3cc-4768-834c-3e9fbe1ea956 - - - - - -] Successfully bumped revision number for resource 33a1a734-18bc-4b7f-83be-44e0e1d6e05d (type: ports) to 2
2026-07-25 09:25:37.108 7 INFO neutron.db.ovn_revision_numbers_db [None req-12fc7d66-b3cc-4768-834c-3e9fbe1ea956 - - - - - -] Successfully bumped revision number for resource e6ac4af3-de5f-40d3-84dc-d07765f9207f (type: subnets) to 0
2026-07-25 09:25:37.122 6 INFO neutron.db.ovn_revision_numbers_db [None req-606c9506-f628-4805-ac5d-7fcd01d8716e - - - - - -] Successfully bumped revision number for resource 3763e32a-5091-4700-8d8f-eb2bec84fc5e (type: ports) to 2 [pid: 7|app: 0|req: 247/494] 10.0.0.183 () {34 vars in 669 bytes} [Sat Jul 25 09:25:36 2026] POST /v2.0/subnets => generated 696 bytes in 608 msecs (HTTP/1.1 201) 4 headers in 162 bytes (1 switches on core 0)
2026-07-25 09:25:37.154 6 INFO neutron.db.ovn_revision_numbers_db [None req-606c9506-f628-4805-ac5d-7fcd01d8716e - - - - - -] Successfully bumped revision number for resource 6b3bcce1-21aa-4c85-83cf-120dc9ec2b9a (type: subnets) to 0 [pid: 6|app: 0|req: 248/495] 10.0.0.183 () {34 vars in 669 bytes} [Sat Jul 25 09:25:36 2026] POST /v2.0/subnets => generated 698 bytes in 631 msecs (HTTP/1.1 201) 4 headers in 162 bytes (1 switches on core 0) [pid: 7|app: 0|req: 248/496] 10.0.0.183 () {32 vars in 740 bytes} [Sat Jul 25 09:25:37 2026] DELETE /v2.0/security-groups/9c4ea47c-1415-47cb-8cd8-c8004103fe56 => generated 0 bytes in 232 msecs (HTTP/1.1 204) 2 headers in 112 bytes (1 switches on core 0)
2026-07-25 09:25:37.706 6 WARNING neutron.scheduler.dhcp_agent_scheduler [None req-d122d6d3-19e1-4c40-8b80-abc8dbe38c91 4b0ca987e874414a9e16dfb1b5bee5d0 e28cf67d05de454a80908af24a37a8f4 - - default default] No more DHCP agents
2026-07-25 09:25:37.707 6 WARNING neutron.api.rpc.agentnotifiers.dhcp_rpc_agent_api [None req-d122d6d3-19e1-4c40-8b80-abc8dbe38c91 4b0ca987e874414a9e16dfb1b5bee5d0 e28cf67d05de454a80908af24a37a8f4 - - default default] Unable to schedule network cda1ce0c-fc16-4c65-a747-5f4199b9eba9: no agents available; will retry on subsequent port and subnet creation events.
2026-07-25 09:25:37.791 7 INFO neutron.plugins.ml2.drivers.ovn.mech_driver.mech_driver [None req-833a31ea-8b2d-4047-85c0-21eb0980ef1d - - - - - -] OVN reports status down for port: 15aab469-6ff5-4773-be1c-5c1a26ca507e
2026-07-25 09:25:37.820 7 WARNING neutron.scheduler.dhcp_agent_scheduler [None req-d06dfc7d-59ad-4f91-bff2-4bfeeed21b35 4b0ca987e874414a9e16dfb1b5bee5d0 e28cf67d05de454a80908af24a37a8f4 - - default default] No more DHCP agents
2026-07-25 09:25:37.823 6 INFO neutron.db.ovn_revision_numbers_db [None req-d122d6d3-19e1-4c40-8b80-abc8dbe38c91 4b0ca987e874414a9e16dfb1b5bee5d0 e28cf67d05de454a80908af24a37a8f4 - - default default] Successfully bumped revision number for resource 15aab469-6ff5-4773-be1c-5c1a26ca507e (type: ports) to 1
2026-07-25 09:25:37.824 7 WARNING neutron.api.rpc.agentnotifiers.dhcp_rpc_agent_api [None req-d06dfc7d-59ad-4f91-bff2-4bfeeed21b35 4b0ca987e874414a9e16dfb1b5bee5d0 e28cf67d05de454a80908af24a37a8f4 - - default default] Unable to schedule network cda1ce0c-fc16-4c65-a747-5f4199b9eba9: no agents available; will retry on subsequent port and subnet creation events.
2026-07-25 09:25:37.971 7 INFO neutron.plugins.ml2.drivers.ovn.mech_driver.mech_driver [None req-833a31ea-8b2d-4047-85c0-21eb0980ef1d - - - - - -] OVN reports status down for port: cd465d5a-e6d7-47e2-bfbf-e3a3124a564d
2026-07-25 09:25:38.051 7 INFO neutron.db.ovn_revision_numbers_db [None req-d06dfc7d-59ad-4f91-bff2-4bfeeed21b35 4b0ca987e874414a9e16dfb1b5bee5d0 e28cf67d05de454a80908af24a37a8f4 - - default default] Successfully bumped revision number for resource cd465d5a-e6d7-47e2-bfbf-e3a3124a564d (type: ports) to 1
2026-07-25 09:25:38.188 6 INFO neutron.plugins.ml2.drivers.ovn.mech_driver.ovsdb.extensions.qos [None req-d122d6d3-19e1-4c40-8b80-abc8dbe38c91 4b0ca987e874414a9e16dfb1b5bee5d0 e28cf67d05de454a80908af24a37a8f4 - - default default] Starting OVNClientQosExtension
2026-07-25 09:25:38.278 6 WARNING oslo_config.cfg [None req-d122d6d3-19e1-4c40-8b80-abc8dbe38c91 4b0ca987e874414a9e16dfb1b5bee5d0 e28cf67d05de454a80908af24a37a8f4 - - default default] Deprecated: Option "ovn_emit_need_to_frag" from group "ovn" is deprecated for removal (The option is useful only on very old Linux kernels (version < 5.2).). Its value may be silently ignored in the future.
2026-07-25 09:25:38.396 7 INFO neutron.plugins.ml2.drivers.ovn.mech_driver.ovsdb.extensions.qos [None req-d06dfc7d-59ad-4f91-bff2-4bfeeed21b35 4b0ca987e874414a9e16dfb1b5bee5d0 e28cf67d05de454a80908af24a37a8f4 - - default default] Starting OVNClientQosExtension
2026-07-25 09:25:38.489 7 WARNING oslo_config.cfg [None req-d06dfc7d-59ad-4f91-bff2-4bfeeed21b35 4b0ca987e874414a9e16dfb1b5bee5d0 e28cf67d05de454a80908af24a37a8f4 - - default default] Deprecated: Option "ovn_emit_need_to_frag" from group "ovn" is deprecated for removal (The option is useful only on very old Linux kernels (version < 5.2).). Its value may be silently ignored in the future.
2026-07-25 09:25:38.513 6 INFO neutron.plugins.ml2.drivers.ovn.mech_driver.ovsdb.commands [None req-81c5b068-f14b-4a64-9933-17e1270c6d27 - - - - - -] Schedule LRP lrp-15aab469-6ff5-4773-be1c-5c1a26ca507e on gateway 35803cc8-6a81-43f6-b171-58d040a3191f with priority 1
2026-07-25 09:25:38.533 7 INFO neutron.plugins.ml2.drivers.ovn.mech_driver.mech_driver [None req-833a31ea-8b2d-4047-85c0-21eb0980ef1d - - - - - -] OVN reports status up for port: 15aab469-6ff5-4773-be1c-5c1a26ca507e
2026-07-25 09:25:38.557 7 INFO neutron.plugins.ml2.plugin [None req-833a31ea-8b2d-4047-85c0-21eb0980ef1d - - - - - -] Attempt 1 to provision port 15aab469-6ff5-4773-be1c-5c1a26ca507e
2026-07-25 09:25:38.574 6 INFO neutron.db.ovn_revision_numbers_db [None req-d122d6d3-19e1-4c40-8b80-abc8dbe38c91 4b0ca987e874414a9e16dfb1b5bee5d0 e28cf67d05de454a80908af24a37a8f4 - - default default] Successfully bumped revision number for resource 15aab469-6ff5-4773-be1c-5c1a26ca507e (type: router_ports) to 1
2026-07-25 09:25:38.599 7 INFO neutron.plugins.ml2.drivers.ovn.mech_driver.ovsdb.ovsdb_monitor [-] Router 871129d2-6529-43be-b57a-6dcad0ce2bc5 is bound to host instance
2026-07-25 09:25:38.662 6 INFO neutron.db.ovn_revision_numbers_db [None req-d122d6d3-19e1-4c40-8b80-abc8dbe38c91 4b0ca987e874414a9e16dfb1b5bee5d0 e28cf67d05de454a80908af24a37a8f4 - - default default] Successfully bumped revision number for resource 871129d2-6529-43be-b57a-6dcad0ce2bc5 (type: routers) to 2 [pid: 6|app: 0|req: 249/497] 10.0.0.183 () {34 vars in 669 bytes} [Sat Jul 25 09:25:37 2026] POST /v2.0/routers => generated 961 bytes in 1503 msecs (HTTP/1.1 201) 4 headers in 162 bytes (1 switches on core 0)
2026-07-25 09:25:39.076 6 WARNING neutron.scheduler.dhcp_agent_scheduler [None req-3c9d48e0-d841-4b33-a414-0bae8896964f 4b0ca987e874414a9e16dfb1b5bee5d0 e28cf67d05de454a80908af24a37a8f4 - - default default] No more DHCP agents
2026-07-25 09:25:39.077 6 WARNING neutron.api.rpc.agentnotifiers.dhcp_rpc_agent_api [None req-3c9d48e0-d841-4b33-a414-0bae8896964f 4b0ca987e874414a9e16dfb1b5bee5d0 e28cf67d05de454a80908af24a37a8f4 - - default default] Unable to schedule network cda1ce0c-fc16-4c65-a747-5f4199b9eba9: no agents available; will retry on subsequent port and subnet creation events.
2026-07-25 09:25:39.131 7 INFO neutron.plugins.ml2.drivers.ovn.mech_driver.ovsdb.commands [None req-319193c3-434f-408d-b10f-8e3c41e63724 - - - - - -] Schedule LRP lrp-cd465d5a-e6d7-47e2-bfbf-e3a3124a564d on gateway 35803cc8-6a81-43f6-b171-58d040a3191f with priority 1
2026-07-25 09:25:39.234 6 INFO neutron.db.ovn_revision_numbers_db [None req-3c9d48e0-d841-4b33-a414-0bae8896964f 4b0ca987e874414a9e16dfb1b5bee5d0 e28cf67d05de454a80908af24a37a8f4 - - default default] Successfully bumped revision number for resource ea84fc27-af1d-4e9b-a9b9-b38bea115853 (type: ports) to 1
2026-07-25 09:25:39.264 7 INFO neutron.db.ovn_revision_numbers_db [None req-d06dfc7d-59ad-4f91-bff2-4bfeeed21b35 4b0ca987e874414a9e16dfb1b5bee5d0 e28cf67d05de454a80908af24a37a8f4 - - default default] Successfully bumped revision number for resource cd465d5a-e6d7-47e2-bfbf-e3a3124a564d (type: router_ports) to 1
2026-07-25 09:25:39.364 7 INFO neutron.db.ovn_revision_numbers_db [None req-d06dfc7d-59ad-4f91-bff2-4bfeeed21b35 4b0ca987e874414a9e16dfb1b5bee5d0 e28cf67d05de454a80908af24a37a8f4 - - default default] Successfully bumped revision number for resource 6ca308a0-08be-4eec-b0ba-9bbca298db99 (type: routers) to 2 [pid: 7|app: 0|req: 249/498] 10.0.0.183 () {34 vars in 669 bytes} [Sat Jul 25 09:25:37 2026] POST /v2.0/routers => generated 974 bytes in 2033 msecs (HTTP/1.1 201) 4 headers in 162 bytes (1 switches on core 0)
2026-07-25 09:25:39.805 6 INFO neutron.plugins.ml2.drivers.ovn.mech_driver.ovsdb.commands [None req-81c5b068-f14b-4a64-9933-17e1270c6d27 - - - - - -] Schedule LRP lrp-ea84fc27-af1d-4e9b-a9b9-b38bea115853 on gateway 35803cc8-6a81-43f6-b171-58d040a3191f with priority 1
2026-07-25 09:25:39.872 6 INFO neutron.db.ovn_revision_numbers_db [None req-3c9d48e0-d841-4b33-a414-0bae8896964f 4b0ca987e874414a9e16dfb1b5bee5d0 e28cf67d05de454a80908af24a37a8f4 - - default default] Successfully bumped revision number for resource ea84fc27-af1d-4e9b-a9b9-b38bea115853 (type: router_ports) to 1
2026-07-25 09:25:39.908 6 INFO neutron.plugins.ml2.drivers.ovn.mech_driver.ovsdb.ovsdb_monitor [-] Router cf0b8038-b110-4369-97a4-f3192b77c156 is bound to host instance
2026-07-25 09:25:40.018 6 INFO neutron.db.ovn_revision_numbers_db [None req-3c9d48e0-d841-4b33-a414-0bae8896964f 4b0ca987e874414a9e16dfb1b5bee5d0 e28cf67d05de454a80908af24a37a8f4 - - default default] Successfully bumped revision number for resource cf0b8038-b110-4369-97a4-f3192b77c156 (type: routers) to 2 [pid: 6|app: 0|req: 250/499] 10.0.0.183 () {34 vars in 669 bytes} [Sat Jul 25 09:25:38 2026] POST /v2.0/routers => generated 976 bytes in 1382 msecs (HTTP/1.1 201) 4 headers in 162 bytes (1 switches on core 0)
2026-07-25 09:25:40.464 6 INFO neutron.db.ovn_revision_numbers_db [None req-670d721f-c10c-4247-a5c9-ace8da44004b 4b0ca987e874414a9e16dfb1b5bee5d0 e28cf67d05de454a80908af24a37a8f4 - - default default] Successfully bumped revision number for resource 3ff8c947-4fee-4898-972e-6b7e03268f0c (type: security_groups) to 1
2026-07-25 09:25:40.471 7 WARNING neutron.scheduler.dhcp_agent_scheduler [None req-b2af17b4-0a69-44b5-b2a2-015147a22137 4b0ca987e874414a9e16dfb1b5bee5d0 e28cf67d05de454a80908af24a37a8f4 - - default default] No more DHCP agents
2026-07-25 09:25:40.473 7 WARNING neutron.api.rpc.agentnotifiers.dhcp_rpc_agent_api [None req-b2af17b4-0a69-44b5-b2a2-015147a22137 4b0ca987e874414a9e16dfb1b5bee5d0 e28cf67d05de454a80908af24a37a8f4 - - default default] Unable to schedule network 20b3e4ad-fe20-4abc-8cb3-b26a9cbfcf53: no agents available; will retry on subsequent port and subnet creation events.
2026-07-25 09:25:40.482 6 INFO neutron.db.ovn_revision_numbers_db [None req-670d721f-c10c-4247-a5c9-ace8da44004b 4b0ca987e874414a9e16dfb1b5bee5d0 e28cf67d05de454a80908af24a37a8f4 - - default default] Successfully bumped revision number for resource 46b3013d-5952-4e2c-930a-27f4ac379bdb (type: security_group_rules) to 0
2026-07-25 09:25:40.504 6 INFO neutron.db.ovn_revision_numbers_db [None req-670d721f-c10c-4247-a5c9-ace8da44004b 4b0ca987e874414a9e16dfb1b5bee5d0 e28cf67d05de454a80908af24a37a8f4 - - default default] Successfully bumped revision number for resource 5fa55a23-1a7b-4a65-854b-6307411f7073 (type: security_group_rules) to 0
2026-07-25 09:25:40.505 7 INFO neutron.db.ovn_revision_numbers_db [None req-172bea08-7614-4447-afc8-30998698d872 - - - - - -] Successfully bumped revision number for resource 15aab469-6ff5-4773-be1c-5c1a26ca507e (type: ports) to 4
2026-07-25 09:25:40.527 6 INFO neutron.db.ovn_revision_numbers_db [None req-670d721f-c10c-4247-a5c9-ace8da44004b 4b0ca987e874414a9e16dfb1b5bee5d0 e28cf67d05de454a80908af24a37a8f4 - - default default] Successfully bumped revision number for resource 976e5608-e3c5-49e8-acaf-bd4fb31413b0 (type: security_group_rules) to 0
2026-07-25 09:25:40.554 6 INFO neutron.db.ovn_revision_numbers_db [None req-670d721f-c10c-4247-a5c9-ace8da44004b 4b0ca987e874414a9e16dfb1b5bee5d0 e28cf67d05de454a80908af24a37a8f4 - - default default] Successfully bumped revision number for resource f841f316-e6bd-40dc-812a-51e5ce10d0d7 (type: security_group_rules) to 0
2026-07-25 09:25:40.676 6 INFO neutron.db.segments_db [None req-670d721f-c10c-4247-a5c9-ace8da44004b 4b0ca987e874414a9e16dfb1b5bee5d0 e28cf67d05de454a80908af24a37a8f4 - - default default] Added segment ac396f0f-2d4e-4812-a9cb-4321649ba4f2 of type geneve for network a1249bde-fca0-4fba-8dac-1a6bce8180c6
2026-07-25 09:25:40.695 7 INFO neutron.db.ovn_revision_numbers_db [None req-b2af17b4-0a69-44b5-b2a2-015147a22137 4b0ca987e874414a9e16dfb1b5bee5d0 e28cf67d05de454a80908af24a37a8f4 - - default default] Successfully bumped revision number for resource 1f440094-f2a2-4553-93b0-b589a0a70202 (type: ports) to 1
2026-07-25 09:25:40.913 6 INFO neutron.db.ovn_revision_numbers_db [None req-670d721f-c10c-4247-a5c9-ace8da44004b 4b0ca987e874414a9e16dfb1b5bee5d0 e28cf67d05de454a80908af24a37a8f4 - - default default] Successfully bumped revision number for resource a1249bde-fca0-4fba-8dac-1a6bce8180c6 (type: networks) to 1
2026-07-25 09:25:41.243 7 INFO neutron.db.ovn_revision_numbers_db [None req-172bea08-7614-4447-afc8-30998698d872 - - - - - -] Successfully bumped revision number for resource 15aab469-6ff5-4773-be1c-5c1a26ca507e (type: ports) to 5
2026-07-25 09:25:41.376 7 INFO neutron.plugins.ml2.drivers.ovn.mech_driver.ovsdb.ovsdb_monitor [None req-172bea08-7614-4447-afc8-30998698d872 - - - - - -] Router 6ca308a0-08be-4eec-b0ba-9bbca298db99 is bound to host instance
2026-07-25 09:25:41.444 7 INFO neutron.plugins.ml2.drivers.ovn.mech_driver.mech_driver [None req-833a31ea-8b2d-4047-85c0-21eb0980ef1d - - - - - -] OVN reports status up for port: cd465d5a-e6d7-47e2-bfbf-e3a3124a564d
2026-07-25 09:25:41.490 6 WARNING neutron.scheduler.dhcp_agent_scheduler [None req-670d721f-c10c-4247-a5c9-ace8da44004b 4b0ca987e874414a9e16dfb1b5bee5d0 e28cf67d05de454a80908af24a37a8f4 - - default default] No more DHCP agents
2026-07-25 09:25:41.492 6 WARNING neutron.api.rpc.agentnotifiers.dhcp_rpc_agent_api [None req-670d721f-c10c-4247-a5c9-ace8da44004b 4b0ca987e874414a9e16dfb1b5bee5d0 e28cf67d05de454a80908af24a37a8f4 - - default default] Unable to schedule network a1249bde-fca0-4fba-8dac-1a6bce8180c6: no agents available; will retry on subsequent port and subnet creation events.
2026-07-25 09:25:41.496 7 INFO neutron.plugins.ml2.plugin [None req-833a31ea-8b2d-4047-85c0-21eb0980ef1d - - - - - -] Attempt 1 to provision port cd465d5a-e6d7-47e2-bfbf-e3a3124a564d
2026-07-25 09:25:41.515 6 INFO neutron.db.ovn_revision_numbers_db [None req-6269cc7c-67b4-404b-80fb-7d673187717c - - - - - -] Successfully bumped revision number for resource ea84fc27-af1d-4e9b-a9b9-b38bea115853 (type: ports) to 4
2026-07-25 09:25:41.554 6 INFO neutron.plugins.ml2.drivers.ovn.mech_driver.mech_driver [None req-a352b620-4dbe-4116-bed7-324433fc6f84 - - - - - -] OVN reports status down for port: 4933f8f5-68a6-4884-a337-04b2a0a48ac5
2026-07-25 09:25:41.652 6 INFO neutron.db.ovn_revision_numbers_db [None req-670d721f-c10c-4247-a5c9-ace8da44004b 4b0ca987e874414a9e16dfb1b5bee5d0 e28cf67d05de454a80908af24a37a8f4 - - default default] Successfully bumped revision number for resource 4933f8f5-68a6-4884-a337-04b2a0a48ac5 (type: ports) to 1 [pid: 6|app: 0|req: 251/500] 10.0.0.183 () {34 vars in 671 bytes} [Sat Jul 25 09:25:40 2026] POST /v2.0/networks => generated 767 bytes in 1674 msecs (HTTP/1.1 201) 4 headers in 162 bytes (1 switches on core 0)
2026-07-25 09:25:42.150 7 WARNING neutron.scheduler.dhcp_agent_scheduler [None req-b2af17b4-0a69-44b5-b2a2-015147a22137 4b0ca987e874414a9e16dfb1b5bee5d0 e28cf67d05de454a80908af24a37a8f4 - - default default] No more DHCP agents
2026-07-25 09:25:42.154 7 WARNING neutron.api.rpc.agentnotifiers.dhcp_rpc_agent_api [None req-b2af17b4-0a69-44b5-b2a2-015147a22137 4b0ca987e874414a9e16dfb1b5bee5d0 e28cf67d05de454a80908af24a37a8f4 - - default default] Unable to schedule network 20b3e4ad-fe20-4abc-8cb3-b26a9cbfcf53: no agents available; will retry on subsequent port and subnet creation events.
2026-07-25 09:25:42.170 6 INFO neutron.db.ovn_revision_numbers_db [None req-6269cc7c-67b4-404b-80fb-7d673187717c - - - - - -] Successfully bumped revision number for resource ea84fc27-af1d-4e9b-a9b9-b38bea115853 (type: ports) to 5
2026-07-25 09:25:42.382 6 WARNING neutron.scheduler.dhcp_agent_scheduler [None req-a7cc10b3-be1b-4763-afbb-505858e43002 4b0ca987e874414a9e16dfb1b5bee5d0 e28cf67d05de454a80908af24a37a8f4 - - default default] No more DHCP agents
2026-07-25 09:25:42.383 6 WARNING neutron.api.rpc.agentnotifiers.dhcp_rpc_agent_api [None req-a7cc10b3-be1b-4763-afbb-505858e43002 4b0ca987e874414a9e16dfb1b5bee5d0 e28cf67d05de454a80908af24a37a8f4 - - default default] Unable to schedule network 2af2a701-e38e-4f2b-93b6-5e773b190641: no agents available; will retry on subsequent port and subnet creation events.
2026-07-25 09:25:42.493 6 INFO neutron.db.ovn_revision_numbers_db [None req-a7cc10b3-be1b-4763-afbb-505858e43002 4b0ca987e874414a9e16dfb1b5bee5d0 e28cf67d05de454a80908af24a37a8f4 - - default default] Successfully bumped revision number for resource 457abedd-68e7-4e57-932c-703d405e3f97 (type: ports) to 1
2026-07-25 09:25:43.090 7 INFO neutron.db.ovn_revision_numbers_db [None req-0681b112-0720-4437-a4b2-ec5af809786b - - - - - -] Successfully bumped revision number for resource cd465d5a-e6d7-47e2-bfbf-e3a3124a564d (type: ports) to 4
2026-07-25 09:25:43.092 7 INFO neutron.db.ovn_revision_numbers_db [None req-b2af17b4-0a69-44b5-b2a2-015147a22137 4b0ca987e874414a9e16dfb1b5bee5d0 e28cf67d05de454a80908af24a37a8f4 - - default default] Successfully bumped revision number for resource 1f440094-f2a2-4553-93b0-b589a0a70202 (type: router_ports) to 1 [pid: 7|app: 0|req: 250/501] 10.0.0.183 () {34 vars in 783 bytes} [Sat Jul 25 09:25:39 2026] PUT /v2.0/routers/871129d2-6529-43be-b57a-6dcad0ce2bc5/add_router_interface => generated 309 bytes in 3707 msecs (HTTP/1.1 200) 4 headers in 157 bytes (1 switches on core 0)
2026-07-25 09:25:43.228 6 WARNING neutron.scheduler.dhcp_agent_scheduler [None req-a7cc10b3-be1b-4763-afbb-505858e43002 4b0ca987e874414a9e16dfb1b5bee5d0 e28cf67d05de454a80908af24a37a8f4 - - default default] No more DHCP agents
2026-07-25 09:25:43.229 6 WARNING neutron.api.rpc.agentnotifiers.dhcp_rpc_agent_api [None req-a7cc10b3-be1b-4763-afbb-505858e43002 4b0ca987e874414a9e16dfb1b5bee5d0 e28cf67d05de454a80908af24a37a8f4 - - default default] Unable to schedule network 2af2a701-e38e-4f2b-93b6-5e773b190641: no agents available; will retry on subsequent port and subnet creation events.
2026-07-25 09:25:43.663 7 INFO neutron.db.ovn_revision_numbers_db [None req-0681b112-0720-4437-a4b2-ec5af809786b - - - - - -] Successfully bumped revision number for resource cd465d5a-e6d7-47e2-bfbf-e3a3124a564d (type: ports) to 5
2026-07-25 09:25:43.688 6 INFO neutron.db.ovn_revision_numbers_db [None req-a7cc10b3-be1b-4763-afbb-505858e43002 4b0ca987e874414a9e16dfb1b5bee5d0 e28cf67d05de454a80908af24a37a8f4 - - default default] Successfully bumped revision number for resource 457abedd-68e7-4e57-932c-703d405e3f97 (type: router_ports) to 1 [pid: 6|app: 0|req: 252/502] 10.0.0.183 () {34 vars in 783 bytes} [Sat Jul 25 09:25:41 2026] PUT /v2.0/routers/6ca308a0-08be-4eec-b0ba-9bbca298db99/add_router_interface => generated 309 bytes in 1955 msecs (HTTP/1.1 200) 4 headers in 157 bytes (1 switches on core 0)
2026-07-25 09:25:43.825 6 WARNING neutron.scheduler.dhcp_agent_scheduler [None req-fc60285d-4821-4d44-9f8f-58d3008a7b1e 4b0ca987e874414a9e16dfb1b5bee5d0 e28cf67d05de454a80908af24a37a8f4 - - default default] No more DHCP agents
2026-07-25 09:25:43.826 6 WARNING neutron.api.rpc.agentnotifiers.dhcp_rpc_agent_api [None req-fc60285d-4821-4d44-9f8f-58d3008a7b1e 4b0ca987e874414a9e16dfb1b5bee5d0 e28cf67d05de454a80908af24a37a8f4 - - default default] Unable to schedule network a1249bde-fca0-4fba-8dac-1a6bce8180c6: no agents available; will retry on subsequent port and subnet creation events.
2026-07-25 09:25:43.922 7 WARNING neutron.scheduler.dhcp_agent_scheduler [None req-7575e865-ba45-4a5d-9748-8efee4399507 4b0ca987e874414a9e16dfb1b5bee5d0 e28cf67d05de454a80908af24a37a8f4 - - default default] No more DHCP agents
2026-07-25 09:25:43.924 7 WARNING neutron.api.rpc.agentnotifiers.dhcp_rpc_agent_api [None req-7575e865-ba45-4a5d-9748-8efee4399507 4b0ca987e874414a9e16dfb1b5bee5d0 e28cf67d05de454a80908af24a37a8f4 - - default default] Unable to schedule network cd88a700-23f7-4664-a09a-02495cdb07ec: no agents available; will retry on subsequent port and subnet creation events.
2026-07-25 09:25:44.042 7 INFO neutron.db.ovn_revision_numbers_db [None req-7575e865-ba45-4a5d-9748-8efee4399507 4b0ca987e874414a9e16dfb1b5bee5d0 e28cf67d05de454a80908af24a37a8f4 - - default default] Successfully bumped revision number for resource 3f6ea02b-dc75-4c02-9add-3fa25607b1b3 (type: ports) to 1
2026-07-25 09:25:44.240 6 INFO neutron.db.ovn_revision_numbers_db [None req-3f9f7be2-b545-4185-8193-bd65eba8f6e0 - - - - - -] Successfully bumped revision number for resource 4933f8f5-68a6-4884-a337-04b2a0a48ac5 (type: ports) to 2
2026-07-25 09:25:44.272 6 INFO neutron.db.ovn_revision_numbers_db [None req-3f9f7be2-b545-4185-8193-bd65eba8f6e0 - - - - - -] Successfully bumped revision number for resource c8b1b532-1164-4ea2-b3c2-d4ef14c67067 (type: subnets) to 0 [pid: 6|app: 0|req: 253/503] 10.0.0.183 () {34 vars in 669 bytes} [Sat Jul 25 09:25:43 2026] POST /v2.0/subnets => generated 692 bytes in 599 msecs (HTTP/1.1 201) 4 headers in 162 bytes (1 switches on core 0)
2026-07-25 09:25:44.388 6 INFO neutron.db.ovn_revision_numbers_db [None req-01ef8081-a538-4a1e-bebf-d8f2a05c792f 79af88a6976e47d5b0dce0a8a715867f 30f3782d70da40afb1035538038930e2 - - default default] Successfully bumped revision number for resource fa536e2e-ddf2-4b16-a373-e139f276401c (type: security_groups) to 1
2026-07-25 09:25:44.399 6 INFO neutron.db.ovn_revision_numbers_db [None req-01ef8081-a538-4a1e-bebf-d8f2a05c792f 79af88a6976e47d5b0dce0a8a715867f 30f3782d70da40afb1035538038930e2 - - default default] Successfully bumped revision number for resource 8472d579-01f3-405d-8489-7419f193d83d (type: security_group_rules) to 0
2026-07-25 09:25:44.411 6 INFO neutron.db.ovn_revision_numbers_db [None req-01ef8081-a538-4a1e-bebf-d8f2a05c792f 79af88a6976e47d5b0dce0a8a715867f 30f3782d70da40afb1035538038930e2 - - default default] Successfully bumped revision number for resource a054707d-9922-49ac-bd39-25dc8086da47 (type: security_group_rules) to 0 [pid: 6|app: 0|req: 254/504] 10.0.0.183 () {34 vars in 685 bytes} [Sat Jul 25 09:25:44 2026] POST /v2.0/security-groups => generated 1660 bytes in 153 msecs (HTTP/1.1 201) 4 headers in 163 bytes (1 switches on core 0)
2026-07-25 09:25:44.637 7 WARNING neutron.scheduler.dhcp_agent_scheduler [None req-7575e865-ba45-4a5d-9748-8efee4399507 4b0ca987e874414a9e16dfb1b5bee5d0 e28cf67d05de454a80908af24a37a8f4 - - default default] No more DHCP agents
2026-07-25 09:25:44.639 7 WARNING neutron.api.rpc.agentnotifiers.dhcp_rpc_agent_api [None req-7575e865-ba45-4a5d-9748-8efee4399507 4b0ca987e874414a9e16dfb1b5bee5d0 e28cf67d05de454a80908af24a37a8f4 - - default default] Unable to schedule network cd88a700-23f7-4664-a09a-02495cdb07ec: no agents available; will retry on subsequent port and subnet creation events.
2026-07-25 09:25:44.764 7 INFO neutron.plugins.ml2.drivers.ovn.mech_driver.mech_driver [None req-833a31ea-8b2d-4047-85c0-21eb0980ef1d - - - - - -] OVN reports status down for port: ea84fc27-af1d-4e9b-a9b9-b38bea115853
2026-07-25 09:25:44.829 6 WARNING neutron.scheduler.dhcp_agent_scheduler [None req-d4d3884a-fba0-47f5-85e6-09925eee1119 4b0ca987e874414a9e16dfb1b5bee5d0 e28cf67d05de454a80908af24a37a8f4 - - default default] No more DHCP agents
2026-07-25 09:25:44.832 6 WARNING neutron.api.rpc.agentnotifiers.dhcp_rpc_agent_api [None req-d4d3884a-fba0-47f5-85e6-09925eee1119 4b0ca987e874414a9e16dfb1b5bee5d0 e28cf67d05de454a80908af24a37a8f4 - - default default] Unable to schedule network cda1ce0c-fc16-4c65-a747-5f4199b9eba9: no agents available; will retry on subsequent port and subnet creation events.
2026-07-25 09:25:44.915 6 INFO neutron.plugins.ml2.drivers.ovn.mech_driver.mech_driver [None req-a352b620-4dbe-4116-bed7-324433fc6f84 - - - - - -] OVN reports status down for port: ff426502-5224-4ea2-88c5-2058d62a67d7
2026-07-25 09:25:44.968 6 INFO neutron.db.ovn_revision_numbers_db [None req-d4d3884a-fba0-47f5-85e6-09925eee1119 4b0ca987e874414a9e16dfb1b5bee5d0 e28cf67d05de454a80908af24a37a8f4 - - default default] Successfully bumped revision number for resource ff426502-5224-4ea2-88c5-2058d62a67d7 (type: ports) to 1
2026-07-25 09:25:45.415 7 INFO neutron.db.ovn_revision_numbers_db [None req-7575e865-ba45-4a5d-9748-8efee4399507 4b0ca987e874414a9e16dfb1b5bee5d0 e28cf67d05de454a80908af24a37a8f4 - - default default] Successfully bumped revision number for resource 3f6ea02b-dc75-4c02-9add-3fa25607b1b3 (type: router_ports) to 1
