2026-07-25 09:26:33.432 6 INFO neutron.db.ovn_revision_numbers_db [None req-3b80b0f5-bb1e-4854-b033-058f3b936b1c 4b0ca987e874414a9e16dfb1b5bee5d0 e28cf67d05de454a80908af24a37a8f4 - - default default] Successfully bumped revision number for resource e8104db0-530d-4bab-93de-647e5bb92c73 (type: security_group_rules) to 0 [pid: 6|app: 0|req: 482/908] 10.0.0.183 () {32 vars in 774 bytes} [Sat Jul 25 09:26:33 2026] GET /v2.0/security-groups?tenant_id=79e6ee05bb304aa3b1e79244c8c9e1e3&name=default => generated 2925 bytes in 393 msecs (HTTP/1.1 200) 4 headers in 158 bytes (1 switches on core 0) [pid: 7|app: 0|req: 427/909] 199.204.45.23 () {36 vars in 996 bytes} [Sat Jul 25 09:26:33 2026] DELETE /v2.0/ports/c584c7f7-cc8c-478c-a63b-fb9171aca0b0 => generated 0 bytes in 506 msecs (HTTP/1.1 204) 3 headers in 131 bytes (1 switches on core 0) [pid: 6|app: 0|req: 483/910] 10.0.0.183 () {32 vars in 740 bytes} [Sat Jul 25 09:26:33 2026] DELETE /v2.0/security-groups/b1a977f0-a415-4e42-bf08-bc95d3638c7f => generated 0 bytes in 261 msecs (HTTP/1.1 204) 2 headers in 112 bytes (1 switches on core 0) /var/lib/openstack/lib/python3.12/site-packages/pycadf/identifier.py:70: UserWarning: Invalid uuid: neutron. To ensure interoperability, identifiers should be a valid uuid. warnings.warn(('Invalid uuid: %s. To ensure interoperability, ' [pid: 7|app: 0|req: 428/911] 10.0.0.61 () {34 vars in 989 bytes} [Sat Jul 25 09:26:33 2026] GET /v2.0/ports?device_id=af2786fa-b6d4-4f6d-ba7e-084bfb72656d => generated 12 bytes in 32 msecs (HTTP/1.1 200) 4 headers in 156 bytes (1 switches on core 0)
2026-07-25 09:26:34.024 7 INFO neutron.notifiers.nova [-] Nova event matching ['req-c35e7b8b-537e-4e96-b3cc-9e0e12a7ef76'] response: {'server_uuid': '3e855ad5-3e55-4de5-b94f-88d7ff491c2b', 'name': 'network-vif-unplugged', 'status': 'completed', 'tag': 'c584c7f7-cc8c-478c-a63b-fb9171aca0b0', 'code': 200}
2026-07-25 09:26:34.024 7 INFO neutron.notifiers.nova [-] Nova event matching ['req-c35e7b8b-537e-4e96-b3cc-9e0e12a7ef76'] response: {'server_uuid': '3e855ad5-3e55-4de5-b94f-88d7ff491c2b', 'name': 'network-vif-deleted', 'tag': 'c584c7f7-cc8c-478c-a63b-fb9171aca0b0', 'status': 'completed', 'code': 200}
2026-07-25 09:26:34.072 6 INFO neutron.db.ovn_revision_numbers_db [None req-dbc7700c-331e-4087-aeeb-22a847e16987 4b0ca987e874414a9e16dfb1b5bee5d0 e28cf67d05de454a80908af24a37a8f4 - - default default] Successfully bumped revision number for resource de6fed0f-7bc6-4925-866f-9950624b2632 (type: security_groups) to 1
2026-07-25 09:26:34.087 6 INFO neutron.db.ovn_revision_numbers_db [None req-dbc7700c-331e-4087-aeeb-22a847e16987 4b0ca987e874414a9e16dfb1b5bee5d0 e28cf67d05de454a80908af24a37a8f4 - - default default] Successfully bumped revision number for resource 12d94e5a-9eb7-4e0b-ab27-566b8d9163ad (type: security_group_rules) to 0
2026-07-25 09:26:34.099 6 INFO neutron.db.ovn_revision_numbers_db [None req-dbc7700c-331e-4087-aeeb-22a847e16987 4b0ca987e874414a9e16dfb1b5bee5d0 e28cf67d05de454a80908af24a37a8f4 - - default default] Successfully bumped revision number for resource 1a16175e-4fd3-4dc5-b67d-9e4ce514668b (type: security_group_rules) to 0
2026-07-25 09:26:34.112 6 INFO neutron.db.ovn_revision_numbers_db [None req-dbc7700c-331e-4087-aeeb-22a847e16987 4b0ca987e874414a9e16dfb1b5bee5d0 e28cf67d05de454a80908af24a37a8f4 - - default default] Successfully bumped revision number for resource 9601b63f-b182-4c8c-bced-8931fa17b4ce (type: security_group_rules) to 0
2026-07-25 09:26:34.124 6 INFO neutron.db.ovn_revision_numbers_db [None req-dbc7700c-331e-4087-aeeb-22a847e16987 4b0ca987e874414a9e16dfb1b5bee5d0 e28cf67d05de454a80908af24a37a8f4 - - default default] Successfully bumped revision number for resource c8e23cdd-5239-4ffc-a91e-2ec7337466f2 (type: security_group_rules) to 0 [pid: 6|app: 0|req: 484/912] 10.0.0.183 () {32 vars in 774 bytes} [Sat Jul 25 09:26:33 2026] GET /v2.0/security-groups?tenant_id=52160c0086bd4701b0b03c3794c50f9f&name=default => generated 2925 bytes in 219 msecs (HTTP/1.1 200) 4 headers in 158 bytes (1 switches on core 0) [pid: 7|app: 0|req: 429/913] 10.0.0.61 () {34 vars in 989 bytes} [Sat Jul 25 09:26:34 2026] GET /v2.0/ports?device_id=3e855ad5-3e55-4de5-b94f-88d7ff491c2b => generated 12 bytes in 30 msecs (HTTP/1.1 200) 4 headers in 156 bytes (1 switches on core 0) [pid: 6|app: 0|req: 485/914] 10.0.0.183 () {32 vars in 740 bytes} [Sat Jul 25 09:26:34 2026] DELETE /v2.0/security-groups/de6fed0f-7bc6-4925-866f-9950624b2632 => generated 0 bytes in 196 msecs (HTTP/1.1 204) 2 headers in 112 bytes (1 switches on core 0) [pid: 7|app: 0|req: 430/915] 10.0.0.183 () {32 vars in 740 bytes} [Sat Jul 25 09:26:34 2026] DELETE /v2.0/security-groups/4fe687d5-9bfc-48aa-b0b6-ccd0e7efcd3b => generated 0 bytes in 135 msecs (HTTP/1.1 204) 2 headers in 112 bytes (1 switches on core 0)
2026-07-25 09:26:35.080 6 INFO neutron.api.v2.resource [None req-5af96640-d134-49d5-824a-046619ef263e 83b5e4dc0d56472da024657464c63048 426ce487f9c64281b781737bb8e959a5 - - default default] show failed (client error): The resource could not be found. [pid: 6|app: 0|req: 486/916] 10.0.0.183 () {32 vars in 737 bytes} [Sat Jul 25 09:26:35 2026] GET /v2.0/security-groups/4fe687d5-9bfc-48aa-b0b6-ccd0e7efcd3b => generated 146 bytes in 14 msecs (HTTP/1.1 404) 4 headers in 164 bytes (1 switches on core 0)
2026-07-25 09:26:35.208 7 INFO neutron_taas.services.taas.taas_plugin [None req-1cb856f2-8843-4d2c-b2dd-7919b3e554f6 83b5e4dc0d56472da024657464c63048 426ce487f9c64281b781737bb8e959a5 - - default default] TaaS: Handle Delete Port: 4b846dfb-23e7-456c-a51c-4a08c542a1f8
2026-07-25 09:26:35.217 7 INFO neutron_taas.services.taas.tap_mirror_plugin [None req-1cb856f2-8843-4d2c-b2dd-7919b3e554f6 83b5e4dc0d56472da024657464c63048 426ce487f9c64281b781737bb8e959a5 - - default default] Tap Mirror: Handle Delete Port: 4b846dfb-23e7-456c-a51c-4a08c542a1f8
2026-07-25 09:26:35.340 6 INFO neutron.db.ovn_revision_numbers_db [None req-b634813c-cd69-441e-8508-d352b74c1bf3 4b0ca987e874414a9e16dfb1b5bee5d0 e28cf67d05de454a80908af24a37a8f4 - - default default] Successfully bumped revision number for resource 6e0d2bc0-4b0c-4bb1-b4f0-ed6c352793b4 (type: security_groups) to 1
2026-07-25 09:26:35.370 6 INFO neutron.db.ovn_revision_numbers_db [None req-b634813c-cd69-441e-8508-d352b74c1bf3 4b0ca987e874414a9e16dfb1b5bee5d0 e28cf67d05de454a80908af24a37a8f4 - - default default] Successfully bumped revision number for resource 2c7bea67-d00e-476d-ba46-0830551a9b69 (type: security_group_rules) to 0
2026-07-25 09:26:35.383 6 INFO neutron.db.ovn_revision_numbers_db [None req-b634813c-cd69-441e-8508-d352b74c1bf3 4b0ca987e874414a9e16dfb1b5bee5d0 e28cf67d05de454a80908af24a37a8f4 - - default default] Successfully bumped revision number for resource 32fe8094-7b2f-4a36-b153-c262aee0bdcf (type: security_group_rules) to 0
2026-07-25 09:26:35.397 6 INFO neutron.db.ovn_revision_numbers_db [None req-b634813c-cd69-441e-8508-d352b74c1bf3 4b0ca987e874414a9e16dfb1b5bee5d0 e28cf67d05de454a80908af24a37a8f4 - - default default] Successfully bumped revision number for resource 7e11750d-9db5-4a8f-bd1f-f13864ba6e8d (type: security_group_rules) to 0
2026-07-25 09:26:35.406 6 INFO neutron.db.ovn_revision_numbers_db [None req-b634813c-cd69-441e-8508-d352b74c1bf3 4b0ca987e874414a9e16dfb1b5bee5d0 e28cf67d05de454a80908af24a37a8f4 - - default default] Successfully bumped revision number for resource abed0c56-dd16-46a7-8806-90a400f66ba4 (type: security_group_rules) to 0 [pid: 7|app: 0|req: 431/917] 10.0.0.183 () {32 vars in 732 bytes} [Sat Jul 25 09:26:35 2026] DELETE /v2.0/floatingips/4a397bf7-ebc7-4093-86ec-dc94de1d4b18 => generated 0 bytes in 329 msecs (HTTP/1.1 204) 2 headers in 112 bytes (1 switches on core 0) [pid: 7|app: 0|req: 432/918] 10.0.0.61 () {34 vars in 989 bytes} [Sat Jul 25 09:26:35 2026] GET /v2.0/ports?device_id=3e855ad5-3e55-4de5-b94f-88d7ff491c2b => generated 12 bytes in 19 msecs (HTTP/1.1 200) 4 headers in 156 bytes (1 switches on core 0) [pid: 6|app: 0|req: 487/919] 10.0.0.183 () {32 vars in 774 bytes} [Sat Jul 25 09:26:35 2026] GET /v2.0/security-groups?tenant_id=adb27f62f57647b29280a30c756ddb56&name=default => generated 2925 bytes in 332 msecs (HTTP/1.1 200) 4 headers in 158 bytes (1 switches on core 0) [pid: 6|app: 0|req: 488/920] 10.0.0.183 () {32 vars in 740 bytes} [Sat Jul 25 09:26:35 2026] DELETE /v2.0/security-groups/6e0d2bc0-4b0c-4bb1-b4f0-ed6c352793b4 => generated 0 bytes in 202 msecs (HTTP/1.1 204) 2 headers in 112 bytes (1 switches on core 0)
2026-07-25 09:26:35.709 7 INFO neutron_taas.services.taas.taas_plugin [None req-18b3842f-20e0-4b00-b73b-84432769f0bb 4b0ca987e874414a9e16dfb1b5bee5d0 e28cf67d05de454a80908af24a37a8f4 - - default default] TaaS: Handle Delete Port: dcfbf18b-6a18-4222-9073-2b2b77479920
2026-07-25 09:26:35.712 7 INFO neutron_taas.services.taas.tap_mirror_plugin [None req-18b3842f-20e0-4b00-b73b-84432769f0bb 4b0ca987e874414a9e16dfb1b5bee5d0 e28cf67d05de454a80908af24a37a8f4 - - default default] Tap Mirror: Handle Delete Port: dcfbf18b-6a18-4222-9073-2b2b77479920
2026-07-25 09:26:35.911 6 INFO neutron.db.ovn_revision_numbers_db [None req-4b5c933f-5253-4b1f-95d9-0b40c74122df 4b0ca987e874414a9e16dfb1b5bee5d0 e28cf67d05de454a80908af24a37a8f4 - - default default] Successfully bumped revision number for resource 59072a56-b635-4c78-a3c8-29eccfc70a74 (type: security_groups) to 1
2026-07-25 09:26:35.923 6 INFO neutron.db.ovn_revision_numbers_db [None req-4b5c933f-5253-4b1f-95d9-0b40c74122df 4b0ca987e874414a9e16dfb1b5bee5d0 e28cf67d05de454a80908af24a37a8f4 - - default default] Successfully bumped revision number for resource 4b51ca84-641a-41b8-a538-ae1adc809445 (type: security_group_rules) to 0
2026-07-25 09:26:35.938 6 INFO neutron.db.ovn_revision_numbers_db [None req-4b5c933f-5253-4b1f-95d9-0b40c74122df 4b0ca987e874414a9e16dfb1b5bee5d0 e28cf67d05de454a80908af24a37a8f4 - - default default] Successfully bumped revision number for resource 6bc52734-4e71-40b8-8975-3479fad926de (type: security_group_rules) to 0
2026-07-25 09:26:35.951 6 INFO neutron.db.ovn_revision_numbers_db [None req-4b5c933f-5253-4b1f-95d9-0b40c74122df 4b0ca987e874414a9e16dfb1b5bee5d0 e28cf67d05de454a80908af24a37a8f4 - - default default] Successfully bumped revision number for resource a4b27375-6134-4fd5-aa00-e93a02fe2741 (type: security_group_rules) to 0
2026-07-25 09:26:35.969 6 INFO neutron.db.ovn_revision_numbers_db [None req-4b5c933f-5253-4b1f-95d9-0b40c74122df 4b0ca987e874414a9e16dfb1b5bee5d0 e28cf67d05de454a80908af24a37a8f4 - - default default] Successfully bumped revision number for resource a82cb432-4545-4608-a9b9-fe42a7ac0119 (type: security_group_rules) to 0 [pid: 6|app: 0|req: 489/921] 10.0.0.183 () {32 vars in 774 bytes} [Sat Jul 25 09:26:35 2026] GET /v2.0/security-groups?tenant_id=43fbb841db2342d8883a2b052cb0c43d&name=default => generated 2925 bytes in 263 msecs (HTTP/1.1 200) 4 headers in 158 bytes (1 switches on core 0) [pid: 6|app: 0|req: 490/922] 10.0.0.183 () {32 vars in 740 bytes} [Sat Jul 25 09:26:36 2026] DELETE /v2.0/security-groups/59072a56-b635-4c78-a3c8-29eccfc70a74 => generated 0 bytes in 241 msecs (HTTP/1.1 204) 2 headers in 112 bytes (1 switches on core 0) [pid: 7|app: 0|req: 433/923] 10.0.0.183 () {34 vars in 789 bytes} [Sat Jul 25 09:26:35 2026] PUT /v2.0/routers/b964f18a-954a-49b8-a0b0-8ef2cfa6e644/remove_router_interface => generated 309 bytes in 961 msecs (HTTP/1.1 200) 4 headers in 157 bytes (1 switches on core 0) /var/lib/openstack/lib/python3.12/site-packages/pycadf/identifier.py:70: UserWarning: Invalid uuid: neutron. To ensure interoperability, identifiers should be a valid uuid. warnings.warn(('Invalid uuid: %s. To ensure interoperability, ' [pid: 7|app: 0|req: 434/924] 10.0.0.61 () {34 vars in 989 bytes} [Sat Jul 25 09:26:36 2026] GET /v2.0/ports?device_id=3e855ad5-3e55-4de5-b94f-88d7ff491c2b => generated 12 bytes in 29 msecs (HTTP/1.1 200) 4 headers in 156 bytes (1 switches on core 0)
2026-07-25 09:26:36.720 6 INFO neutron_taas.services.taas.taas_plugin [None req-6563fdbf-9e94-4f70-8937-827ad5d5e06f 4b0ca987e874414a9e16dfb1b5bee5d0 e28cf67d05de454a80908af24a37a8f4 - - default default] TaaS: Handle Delete Port: cc39664c-7568-4874-9ebe-099b8c548833
2026-07-25 09:26:36.722 6 INFO neutron_taas.services.taas.tap_mirror_plugin [None req-6563fdbf-9e94-4f70-8937-827ad5d5e06f 4b0ca987e874414a9e16dfb1b5bee5d0 e28cf67d05de454a80908af24a37a8f4 - - default default] Tap Mirror: Handle Delete Port: cc39664c-7568-4874-9ebe-099b8c548833 [pid: 6|app: 0|req: 491/925] 10.0.0.183 () {32 vars in 724 bytes} [Sat Jul 25 09:26:36 2026] DELETE /v2.0/routers/b964f18a-954a-49b8-a0b0-8ef2cfa6e644 => generated 0 bytes in 732 msecs (HTTP/1.1 204) 2 headers in 112 bytes (1 switches on core 0) [pid: 7|app: 0|req: 435/926] 10.0.0.183 () {32 vars in 724 bytes} [Sat Jul 25 09:26:37 2026] DELETE /v2.0/subnets/77e98de7-9d4c-4b85-a6dc-42fb66f1b75a => generated 0 bytes in 188 msecs (HTTP/1.1 204) 3 headers in 131 bytes (1 switches on core 0)
2026-07-25 09:26:37.508 6 INFO neutron_taas.services.taas.taas_plugin [None req-d4b9913c-0429-4e77-b5d3-a7d8bcda2e4f 4b0ca987e874414a9e16dfb1b5bee5d0 e28cf67d05de454a80908af24a37a8f4 - - default default] TaaS: Handle Delete Port: c263c6a3-863f-4932-8755-16fd9077457e
2026-07-25 09:26:37.510 6 INFO neutron_taas.services.taas.tap_mirror_plugin [None req-d4b9913c-0429-4e77-b5d3-a7d8bcda2e4f 4b0ca987e874414a9e16dfb1b5bee5d0 e28cf67d05de454a80908af24a37a8f4 - - default default] Tap Mirror: Handle Delete Port: c263c6a3-863f-4932-8755-16fd9077457e
2026-07-25 09:26:37.693 6 INFO neutron.services.segments.plugin [-] Segment 86f2aacc-13c0-4753-b6de-8c500de60d1e resource provider aggregate not found
2026-07-25 09:26:37.699 6 INFO neutron.services.segments.plugin [-] Segment 86f2aacc-13c0-4753-b6de-8c500de60d1e resource provider aggregate not found
2026-07-25 09:26:37.716 6 INFO neutron.services.segments.plugin [-] Segment 86f2aacc-13c0-4753-b6de-8c500de60d1e resource provider not found; error: Placement Client Error (4xx): {"errors": [{"status": 404, "title": "Not Found", "detail": "The resource could not be found.\n\n No resource provider with uuid 86f2aacc-13c0-4753-b6de-8c500de60d1e found for delete ", "request_id": "req-2df0cba3-10a3-499a-8cac-28b6666aa23c"}]}
2026-07-25 09:26:37.718 6 INFO neutron.services.segments.plugin [-] Segment 86f2aacc-13c0-4753-b6de-8c500de60d1e resource provider not found; error: Placement Client Error (4xx): {"errors": [{"status": 404, "title": "Not Found", "detail": "The resource could not be found.\n\n No resource provider with uuid 86f2aacc-13c0-4753-b6de-8c500de60d1e found for delete ", "request_id": "req-a0f4a41a-2254-4d29-8198-5a9d3af84c42"}]} [pid: 6|app: 0|req: 492/927] 10.0.0.183 () {32 vars in 726 bytes} [Sat Jul 25 09:26:37 2026] DELETE /v2.0/networks/fafb5ada-0c1e-41c9-8f17-83590fa2e955 => generated 0 bytes in 395 msecs (HTTP/1.1 204) 3 headers in 131 bytes (1 switches on core 0) [pid: 7|app: 0|req: 436/928] 10.0.0.183 () {32 vars in 740 bytes} [Sat Jul 25 09:26:37 2026] DELETE /v2.0/security-groups/0fedc3ab-7a8d-4df6-817e-c0a28894c7d2 => generated 0 bytes in 150 msecs (HTTP/1.1 204) 2 headers in 112 bytes (1 switches on core 0)
2026-07-25 09:26:37.828 6 INFO neutron.api.v2.resource [None req-ef312534-03b2-494e-85c9-1e66c0c8b5f0 19b66fb4758b42838b93c21a723437d3 afff345225c94a478f70c51bf300ee7f - - default default] show failed (client error): The resource could not be found. [pid: 6|app: 0|req: 493/929] 10.0.0.183 () {32 vars in 737 bytes} [Sat Jul 25 09:26:37 2026] GET /v2.0/security-groups/0fedc3ab-7a8d-4df6-817e-c0a28894c7d2 => generated 146 bytes in 34 msecs (HTTP/1.1 404) 4 headers in 164 bytes (1 switches on core 0) [pid: 6|app: 0|req: 494/930] 10.0.0.183 () {32 vars in 774 bytes} [Sat Jul 25 09:26:37 2026] GET /v2.0/security-groups?tenant_id=426ce487f9c64281b781737bb8e959a5&name=default => generated 2925 bytes in 27 msecs (HTTP/1.1 200) 4 headers in 158 bytes (1 switches on core 0)
2026-07-25 09:26:37.976 7 INFO neutron_taas.services.taas.taas_plugin [None req-787b7f1c-24f6-48a4-8873-94c4de58a391 19b66fb4758b42838b93c21a723437d3 afff345225c94a478f70c51bf300ee7f - - default default] TaaS: Handle Delete Port: 5adf3d41-aa44-4680-b3c0-078e610fef2f
2026-07-25 09:26:37.980 7 INFO neutron_taas.services.taas.tap_mirror_plugin [None req-787b7f1c-24f6-48a4-8873-94c4de58a391 19b66fb4758b42838b93c21a723437d3 afff345225c94a478f70c51bf300ee7f - - default default] Tap Mirror: Handle Delete Port: 5adf3d41-aa44-4680-b3c0-078e610fef2f [pid: 6|app: 0|req: 495/931] 10.0.0.183 () {32 vars in 740 bytes} [Sat Jul 25 09:26:37 2026] DELETE /v2.0/security-groups/9f182ab0-307b-4d91-8417-e0e0202d3db2 => generated 0 bytes in 213 msecs (HTTP/1.1 204) 2 headers in 112 bytes (1 switches on core 0) [pid: 7|app: 0|req: 437/932] 10.0.0.183 () {32 vars in 732 bytes} [Sat Jul 25 09:26:37 2026] DELETE /v2.0/floatingips/febea775-a99f-4cf3-b402-696c827bf460 => generated 0 bytes in 348 msecs (HTTP/1.1 204) 2 headers in 112 bytes (1 switches on core 0)
2026-07-25 09:26:38.527 6 INFO neutron_taas.services.taas.taas_plugin [None req-ffe46fa1-01f6-4d28-ab05-ea449488e1ec 4b0ca987e874414a9e16dfb1b5bee5d0 e28cf67d05de454a80908af24a37a8f4 - - default default] TaaS: Handle Delete Port: 3f6ea02b-dc75-4c02-9add-3fa25607b1b3
2026-07-25 09:26:38.532 6 INFO neutron_taas.services.taas.tap_mirror_plugin [None req-ffe46fa1-01f6-4d28-ab05-ea449488e1ec 4b0ca987e874414a9e16dfb1b5bee5d0 e28cf67d05de454a80908af24a37a8f4 - - default default] Tap Mirror: Handle Delete Port: 3f6ea02b-dc75-4c02-9add-3fa25607b1b3
2026-07-25 09:26:38.623 7 INFO neutron.db.ovn_revision_numbers_db [None req-bb95bf19-449c-4606-93f5-807d5412a875 f1ebacf97fce4f24a6701807ac3d138c 1037340573fa4ba2ab26af806d8d5ff3 - - default default] Successfully bumped revision number for resource 0f02c861-0034-4aa9-b106-9c6f9731432d (type: security_groups) to 1
2026-07-25 09:26:38.636 7 INFO neutron.db.ovn_revision_numbers_db [None req-bb95bf19-449c-4606-93f5-807d5412a875 f1ebacf97fce4f24a6701807ac3d138c 1037340573fa4ba2ab26af806d8d5ff3 - - default default] Successfully bumped revision number for resource 5eee63b0-781b-4099-8082-757a7c97a617 (type: security_group_rules) to 0
2026-07-25 09:26:38.653 7 INFO neutron.db.ovn_revision_numbers_db [None req-bb95bf19-449c-4606-93f5-807d5412a875 f1ebacf97fce4f24a6701807ac3d138c 1037340573fa4ba2ab26af806d8d5ff3 - - default default] Successfully bumped revision number for resource 60853408-2f13-4fef-a34c-f22515f91d91 (type: security_group_rules) to 0
2026-07-25 09:26:38.666 7 INFO neutron.db.ovn_revision_numbers_db [None req-bb95bf19-449c-4606-93f5-807d5412a875 f1ebacf97fce4f24a6701807ac3d138c 1037340573fa4ba2ab26af806d8d5ff3 - - default default] Successfully bumped revision number for resource 656bffa5-4fb0-4f6c-ae35-8adb443e9f04 (type: security_group_rules) to 0
2026-07-25 09:26:38.679 7 INFO neutron.db.ovn_revision_numbers_db [None req-bb95bf19-449c-4606-93f5-807d5412a875 f1ebacf97fce4f24a6701807ac3d138c 1037340573fa4ba2ab26af806d8d5ff3 - - default default] Successfully bumped revision number for resource fe8be2b8-b058-4258-82fa-8bc40ed691f8 (type: security_group_rules) to 0
2026-07-25 09:26:38.761 7 INFO neutron.db.segments_db [None req-bb95bf19-449c-4606-93f5-807d5412a875 f1ebacf97fce4f24a6701807ac3d138c 1037340573fa4ba2ab26af806d8d5ff3 - - default default] Added segment 0dfe42c5-45d3-4909-873b-5b17d5d9839c of type geneve for network ab43b0f0-ae55-4d1f-9788-ac563a59368a
2026-07-25 09:26:38.897 7 INFO neutron.db.ovn_revision_numbers_db [None req-bb95bf19-449c-4606-93f5-807d5412a875 f1ebacf97fce4f24a6701807ac3d138c 1037340573fa4ba2ab26af806d8d5ff3 - - default default] Successfully bumped revision number for resource ab43b0f0-ae55-4d1f-9788-ac563a59368a (type: networks) to 1
2026-07-25 09:26:39.125 7 WARNING neutron.scheduler.dhcp_agent_scheduler [None req-bb95bf19-449c-4606-93f5-807d5412a875 f1ebacf97fce4f24a6701807ac3d138c 1037340573fa4ba2ab26af806d8d5ff3 - - default default] No more DHCP agents
2026-07-25 09:26:39.126 7 WARNING neutron.api.rpc.agentnotifiers.dhcp_rpc_agent_api [None req-bb95bf19-449c-4606-93f5-807d5412a875 f1ebacf97fce4f24a6701807ac3d138c 1037340573fa4ba2ab26af806d8d5ff3 - - default default] Unable to schedule network ab43b0f0-ae55-4d1f-9788-ac563a59368a: no agents available; will retry on subsequent port and subnet creation events.
2026-07-25 09:26:39.185 6 INFO neutron.plugins.ml2.drivers.ovn.mech_driver.mech_driver [None req-899def41-8b60-4081-b8b4-518e84cad1b9 - - - - - -] OVN reports status down for port: 16fa94b6-50d1-4248-9a18-e5ccd5e37785
2026-07-25 09:26:39.208 7 INFO neutron.db.ovn_revision_numbers_db [None req-bb95bf19-449c-4606-93f5-807d5412a875 f1ebacf97fce4f24a6701807ac3d138c 1037340573fa4ba2ab26af806d8d5ff3 - - default default] Successfully bumped revision number for resource 16fa94b6-50d1-4248-9a18-e5ccd5e37785 (type: ports) to 1 [pid: 7|app: 0|req: 438/933] 10.0.0.183 () {34 vars in 670 bytes} [Sat Jul 25 09:26:38 2026] POST /v2.0/networks => generated 668 bytes in 960 msecs (HTTP/1.1 201) 4 headers in 162 bytes (1 switches on core 0) [pid: 6|app: 0|req: 496/934] 10.0.0.183 () {34 vars in 789 bytes} [Sat Jul 25 09:26:38 2026] PUT /v2.0/routers/cf0b8038-b110-4369-97a4-f3192b77c156/remove_router_interface => generated 309 bytes in 1138 msecs (HTTP/1.1 200) 4 headers in 157 bytes (1 switches on core 0) /var/lib/openstack/lib/python3.12/site-packages/pycadf/identifier.py:70: UserWarning: Invalid uuid: neutron. To ensure interoperability, identifiers should be a valid uuid. warnings.warn(('Invalid uuid: %s. To ensure interoperability, '
2026-07-25 09:26:39.559 7 WARNING neutron.scheduler.dhcp_agent_scheduler [None req-e429c229-8f6e-4a79-a416-f95fa7c69649 f1ebacf97fce4f24a6701807ac3d138c 1037340573fa4ba2ab26af806d8d5ff3 - - default default] No more DHCP agents
2026-07-25 09:26:39.561 7 WARNING neutron.api.rpc.agentnotifiers.dhcp_rpc_agent_api [None req-e429c229-8f6e-4a79-a416-f95fa7c69649 f1ebacf97fce4f24a6701807ac3d138c 1037340573fa4ba2ab26af806d8d5ff3 - - default default] Unable to schedule network ab43b0f0-ae55-4d1f-9788-ac563a59368a: no agents available; will retry on subsequent port and subnet creation events.
2026-07-25 09:26:39.608 7 INFO neutron.plugins.ml2.drivers.ovn.mech_driver.mech_driver [None req-52987b31-ccab-48c3-8a45-0cf152e20312 - - - - - -] OVN reports status down for port: 3c6563b6-6900-407b-a412-8d96d95dd7b3
2026-07-25 09:26:39.679 7 INFO neutron.db.ovn_revision_numbers_db [None req-e429c229-8f6e-4a79-a416-f95fa7c69649 f1ebacf97fce4f24a6701807ac3d138c 1037340573fa4ba2ab26af806d8d5ff3 - - default default] Successfully bumped revision number for resource 3c6563b6-6900-407b-a412-8d96d95dd7b3 (type: ports) to 1 [pid: 7|app: 0|req: 439/935] 10.0.0.183 () {34 vars in 665 bytes} [Sat Jul 25 09:26:39 2026] POST /v2.0/ports => generated 778 bytes in 529 msecs (HTTP/1.1 201) 4 headers in 162 bytes (1 switches on core 0)
2026-07-25 09:26:39.810 6 INFO neutron_taas.services.taas.taas_plugin [None req-dccd926e-17ed-4782-bf6b-eb752a9fe4aa 4b0ca987e874414a9e16dfb1b5bee5d0 e28cf67d05de454a80908af24a37a8f4 - - default default] TaaS: Handle Delete Port: ea84fc27-af1d-4e9b-a9b9-b38bea115853
2026-07-25 09:26:39.817 6 INFO neutron_taas.services.taas.tap_mirror_plugin [None req-dccd926e-17ed-4782-bf6b-eb752a9fe4aa 4b0ca987e874414a9e16dfb1b5bee5d0 e28cf67d05de454a80908af24a37a8f4 - - default default] Tap Mirror: Handle Delete Port: ea84fc27-af1d-4e9b-a9b9-b38bea115853 /var/lib/openstack/lib/python3.12/site-packages/pycadf/identifier.py:70: UserWarning: Invalid uuid: neutron. To ensure interoperability, identifiers should be a valid uuid. warnings.warn(('Invalid uuid: %s. To ensure interoperability, '
2026-07-25 09:26:40.092 7 INFO neutron.db.ovn_revision_numbers_db [None req-8e3573aa-98e3-4082-aa91-d0d608cc359f 4b0ca987e874414a9e16dfb1b5bee5d0 e28cf67d05de454a80908af24a37a8f4 - - default default] Successfully bumped revision number for resource 79a90f9e-7dbf-4d65-84be-7f773ace7d48 (type: security_groups) to 1
2026-07-25 09:26:40.103 7 INFO neutron.db.ovn_revision_numbers_db [None req-8e3573aa-98e3-4082-aa91-d0d608cc359f 4b0ca987e874414a9e16dfb1b5bee5d0 e28cf67d05de454a80908af24a37a8f4 - - default default] Successfully bumped revision number for resource 1f4b2388-4613-45ce-8f35-37e72c506918 (type: security_group_rules) to 0
2026-07-25 09:26:40.119 7 INFO neutron.db.ovn_revision_numbers_db [None req-8e3573aa-98e3-4082-aa91-d0d608cc359f 4b0ca987e874414a9e16dfb1b5bee5d0 e28cf67d05de454a80908af24a37a8f4 - - default default] Successfully bumped revision number for resource 58e0bac3-8a52-49f9-8f2f-df17bf879be7 (type: security_group_rules) to 0
2026-07-25 09:26:40.132 7 INFO neutron.db.ovn_revision_numbers_db [None req-8e3573aa-98e3-4082-aa91-d0d608cc359f 4b0ca987e874414a9e16dfb1b5bee5d0 e28cf67d05de454a80908af24a37a8f4 - - default default] Successfully bumped revision number for resource c45aef3d-df64-43db-af1e-dfddddabeaf3 (type: security_group_rules) to 0
2026-07-25 09:26:40.146 7 INFO neutron.db.ovn_revision_numbers_db [None req-8e3573aa-98e3-4082-aa91-d0d608cc359f 4b0ca987e874414a9e16dfb1b5bee5d0 e28cf67d05de454a80908af24a37a8f4 - - default default] Successfully bumped revision number for resource ccbf529b-298a-4167-8951-52946b1250cf (type: security_group_rules) to 0 [pid: 7|app: 0|req: 440/936] 10.0.0.183 () {32 vars in 774 bytes} [Sat Jul 25 09:26:39 2026] GET /v2.0/security-groups?tenant_id=141fcf02bbff473d951f11ceacd1dc86&name=default => generated 2925 bytes in 424 msecs (HTTP/1.1 200) 4 headers in 158 bytes (1 switches on core 0) [pid: 6|app: 0|req: 497/937] 10.0.0.183 () {32 vars in 724 bytes} [Sat Jul 25 09:26:39 2026] DELETE /v2.0/routers/cf0b8038-b110-4369-97a4-f3192b77c156 => generated 0 bytes in 807 msecs (HTTP/1.1 204) 2 headers in 112 bytes (1 switches on core 0)
2026-07-25 09:26:40.279 7 INFO neutron.db.segments_db [None req-6395ab5e-344f-4b03-84b8-f4487a68b609 f1ebacf97fce4f24a6701807ac3d138c 1037340573fa4ba2ab26af806d8d5ff3 - - default default] Added segment 7bcdcab0-9b82-4086-9833-e468f519d5b6 of type geneve for network 1d773579-a30d-43fd-ac83-38eac4b24639
2026-07-25 09:26:40.393 7 INFO neutron.db.ovn_revision_numbers_db [None req-6395ab5e-344f-4b03-84b8-f4487a68b609 f1ebacf97fce4f24a6701807ac3d138c 1037340573fa4ba2ab26af806d8d5ff3 - - default default] Successfully bumped revision number for resource 1d773579-a30d-43fd-ac83-38eac4b24639 (type: networks) to 1 [pid: 6|app: 0|req: 498/938] 10.0.0.183 () {32 vars in 740 bytes} [Sat Jul 25 09:26:40 2026] DELETE /v2.0/security-groups/79a90f9e-7dbf-4d65-84be-7f773ace7d48 => generated 0 bytes in 209 msecs (HTTP/1.1 204) 2 headers in 112 bytes (1 switches on core 0) [pid: 6|app: 0|req: 499/939] 10.0.0.183 () {32 vars in 724 bytes} [Sat Jul 25 09:26:40 2026] DELETE /v2.0/subnets/6b3bcce1-21aa-4c85-83cf-120dc9ec2b9a => generated 0 bytes in 174 msecs (HTTP/1.1 204) 3 headers in 131 bytes (1 switches on core 0)
2026-07-25 09:26:40.628 7 WARNING neutron.scheduler.dhcp_agent_scheduler [None req-6395ab5e-344f-4b03-84b8-f4487a68b609 f1ebacf97fce4f24a6701807ac3d138c 1037340573fa4ba2ab26af806d8d5ff3 - - default default] No more DHCP agents
2026-07-25 09:26:40.631 7 WARNING neutron.api.rpc.agentnotifiers.dhcp_rpc_agent_api [None req-6395ab5e-344f-4b03-84b8-f4487a68b609 f1ebacf97fce4f24a6701807ac3d138c 1037340573fa4ba2ab26af806d8d5ff3 - - default default] Unable to schedule network 1d773579-a30d-43fd-ac83-38eac4b24639: no agents available; will retry on subsequent port and subnet creation events.
2026-07-25 09:26:40.672 7 INFO neutron.plugins.ml2.drivers.ovn.mech_driver.mech_driver [None req-52987b31-ccab-48c3-8a45-0cf152e20312 - - - - - -] OVN reports status down for port: 4c408446-fc3a-471b-93b8-a9ba993831ac
2026-07-25 09:26:40.735 7 INFO neutron.db.ovn_revision_numbers_db [None req-6395ab5e-344f-4b03-84b8-f4487a68b609 f1ebacf97fce4f24a6701807ac3d138c 1037340573fa4ba2ab26af806d8d5ff3 - - default default] Successfully bumped revision number for resource 4c408446-fc3a-471b-93b8-a9ba993831ac (type: ports) to 1 [pid: 7|app: 0|req: 441/940] 10.0.0.183 () {34 vars in 670 bytes} [Sat Jul 25 09:26:40 2026] POST /v2.0/networks => generated 653 bytes in 597 msecs (HTTP/1.1 201) 4 headers in 162 bytes (1 switches on core 0)
2026-07-25 09:26:40.903 7 INFO neutron.db.ovn_revision_numbers_db [None req-600ba005-22d1-446e-9da1-096206a33ab2 4b0ca987e874414a9e16dfb1b5bee5d0 e28cf67d05de454a80908af24a37a8f4 - - default default] Successfully bumped revision number for resource 14c0a8bf-03f1-4d0f-b569-6327bb94f102 (type: security_groups) to 1
2026-07-25 09:26:40.922 7 INFO neutron.db.ovn_revision_numbers_db [None req-600ba005-22d1-446e-9da1-096206a33ab2 4b0ca987e874414a9e16dfb1b5bee5d0 e28cf67d05de454a80908af24a37a8f4 - - default default] Successfully bumped revision number for resource 05c3c2c6-6c10-45ce-8084-1e8da0a3cf15 (type: security_group_rules) to 0
2026-07-25 09:26:40.930 6 INFO neutron.db.ovn_revision_numbers_db [None req-02257f8c-0ee5-4fb8-b9e2-9878ccd30c40 4b0ca987e874414a9e16dfb1b5bee5d0 e28cf67d05de454a80908af24a37a8f4 - - default default] Successfully bumped revision number for resource b0b1311f-95de-49a6-a57a-32892403aa16 (type: security_groups) to 1
2026-07-25 09:26:40.940 6 INFO neutron.db.ovn_revision_numbers_db [None req-02257f8c-0ee5-4fb8-b9e2-9878ccd30c40 4b0ca987e874414a9e16dfb1b5bee5d0 e28cf67d05de454a80908af24a37a8f4 - - default default] Successfully bumped revision number for resource 5278e391-0d20-4c89-bd0c-63914296de3b (type: security_group_rules) to 0
2026-07-25 09:26:40.941 7 INFO neutron.db.ovn_revision_numbers_db [None req-600ba005-22d1-446e-9da1-096206a33ab2 4b0ca987e874414a9e16dfb1b5bee5d0 e28cf67d05de454a80908af24a37a8f4 - - default default] Successfully bumped revision number for resource 60471ab8-5396-4598-b576-46ed81d4f580 (type: security_group_rules) to 0
2026-07-25 09:26:40.954 7 INFO neutron.db.ovn_revision_numbers_db [None req-600ba005-22d1-446e-9da1-096206a33ab2 4b0ca987e874414a9e16dfb1b5bee5d0 e28cf67d05de454a80908af24a37a8f4 - - default default] Successfully bumped revision number for resource 6c7f58f7-bd22-42d2-9d5f-b52fd4be0fe4 (type: security_group_rules) to 0
2026-07-25 09:26:40.958 6 INFO neutron.db.ovn_revision_numbers_db [None req-02257f8c-0ee5-4fb8-b9e2-9878ccd30c40 4b0ca987e874414a9e16dfb1b5bee5d0 e28cf67d05de454a80908af24a37a8f4 - - default default] Successfully bumped revision number for resource 83b47946-e3fc-438e-865e-091e8da70e61 (type: security_group_rules) to 0
2026-07-25 09:26:40.970 7 INFO neutron.db.ovn_revision_numbers_db [None req-600ba005-22d1-446e-9da1-096206a33ab2 4b0ca987e874414a9e16dfb1b5bee5d0 e28cf67d05de454a80908af24a37a8f4 - - default default] Successfully bumped revision number for resource e1620a40-0f3f-4eef-9006-9fef2380c515 (type: security_group_rules) to 0
2026-07-25 09:26:40.972 6 INFO neutron.db.ovn_revision_numbers_db [None req-02257f8c-0ee5-4fb8-b9e2-9878ccd30c40 4b0ca987e874414a9e16dfb1b5bee5d0 e28cf67d05de454a80908af24a37a8f4 - - default default] Successfully bumped revision number for resource 8ec0b323-805f-48fe-85d0-c48ca0865684 (type: security_group_rules) to 0
2026-07-25 09:26:40.984 6 INFO neutron.db.ovn_revision_numbers_db [None req-02257f8c-0ee5-4fb8-b9e2-9878ccd30c40 4b0ca987e874414a9e16dfb1b5bee5d0 e28cf67d05de454a80908af24a37a8f4 - - default default] Successfully bumped revision number for resource ea42bd7a-bd25-4a8d-bc78-54476dd2ab05 (type: security_group_rules) to 0 [pid: 7|app: 0|req: 442/941] 10.0.0.183 () {32 vars in 774 bytes} [Sat Jul 25 09:26:40 2026] GET /v2.0/security-groups?tenant_id=d3f9b8eefbe04dee9269ef7701d4e5ca&name=default => generated 2925 bytes in 221 msecs (HTTP/1.1 200) 4 headers in 158 bytes (1 switches on core 0)
2026-07-25 09:26:41.070 6 INFO neutron.db.segments_db [None req-02257f8c-0ee5-4fb8-b9e2-9878ccd30c40 4b0ca987e874414a9e16dfb1b5bee5d0 e28cf67d05de454a80908af24a37a8f4 - - default default] Added segment d72576fa-b1c3-41b0-9c2a-b4a9877ccd75 of type geneve for network 02a62a4c-8b42-4562-9936-1102f6067697
2026-07-25 09:26:41.132 7 INFO neutron_taas.services.taas.taas_plugin [None req-ac63a8ce-d679-41aa-9cd1-21897f328df6 4b0ca987e874414a9e16dfb1b5bee5d0 e28cf67d05de454a80908af24a37a8f4 - - default default] TaaS: Handle Delete Port: 3763e32a-5091-4700-8d8f-eb2bec84fc5e
2026-07-25 09:26:41.135 7 INFO neutron_taas.services.taas.tap_mirror_plugin [None req-ac63a8ce-d679-41aa-9cd1-21897f328df6 4b0ca987e874414a9e16dfb1b5bee5d0 e28cf67d05de454a80908af24a37a8f4 - - default default] Tap Mirror: Handle Delete Port: 3763e32a-5091-4700-8d8f-eb2bec84fc5e
2026-07-25 09:26:41.175 6 INFO neutron.db.ovn_revision_numbers_db [None req-02257f8c-0ee5-4fb8-b9e2-9878ccd30c40 4b0ca987e874414a9e16dfb1b5bee5d0 e28cf67d05de454a80908af24a37a8f4 - - default default] Successfully bumped revision number for resource 02a62a4c-8b42-4562-9936-1102f6067697 (type: networks) to 1
2026-07-25 09:26:41.308 7 INFO neutron.services.segments.plugin [-] Segment c0fe5526-7a74-45a9-bbc6-15abb9259063 resource provider aggregate not found
2026-07-25 09:26:41.312 7 INFO neutron.services.segments.plugin [-] Segment c0fe5526-7a74-45a9-bbc6-15abb9259063 resource provider aggregate not found
2026-07-25 09:26:41.328 7 INFO neutron.services.segments.plugin [-] Segment c0fe5526-7a74-45a9-bbc6-15abb9259063 resource provider not found; error: Placement Client Error (4xx): {"errors": [{"status": 404, "title": "Not Found", "detail": "The resource could not be found.\n\n No resource provider with uuid c0fe5526-7a74-45a9-bbc6-15abb9259063 found for delete ", "request_id": "req-ce01db29-9ce5-49a1-9b20-6ca491b08df4"}]}
2026-07-25 09:26:41.332 7 INFO neutron.services.segments.plugin [-] Segment c0fe5526-7a74-45a9-bbc6-15abb9259063 resource provider not found; error: Placement Client Error (4xx): {"errors": [{"status": 404, "title": "Not Found", "detail": "The resource could not be found.\n\n No resource provider with uuid c0fe5526-7a74-45a9-bbc6-15abb9259063 found for delete ", "request_id": "req-7ba08954-1447-4ec6-8c65-c34165032b6e"}]}
2026-07-25 09:26:41.346 6 WARNING neutron.scheduler.dhcp_agent_scheduler [None req-02257f8c-0ee5-4fb8-b9e2-9878ccd30c40 4b0ca987e874414a9e16dfb1b5bee5d0 e28cf67d05de454a80908af24a37a8f4 - - default default] No more DHCP agents
2026-07-25 09:26:41.349 6 WARNING neutron.api.rpc.agentnotifiers.dhcp_rpc_agent_api [None req-02257f8c-0ee5-4fb8-b9e2-9878ccd30c40 4b0ca987e874414a9e16dfb1b5bee5d0 e28cf67d05de454a80908af24a37a8f4 - - default default] Unable to schedule network 02a62a4c-8b42-4562-9936-1102f6067697: no agents available; will retry on subsequent port and subnet creation events. [pid: 7|app: 0|req: 443/942] 10.0.0.183 () {32 vars in 726 bytes} [Sat Jul 25 09:26:41 2026] DELETE /v2.0/networks/cd88a700-23f7-4664-a09a-02495cdb07ec => generated 0 bytes in 348 msecs (HTTP/1.1 204) 3 headers in 131 bytes (1 switches on core 0)
2026-07-25 09:26:41.390 6 INFO neutron.plugins.ml2.drivers.ovn.mech_driver.mech_driver [None req-899def41-8b60-4081-b8b4-518e84cad1b9 - - - - - -] OVN reports status down for port: d5e9c27e-2a98-4c1b-9ed0-43ce8dafc7a1
2026-07-25 09:26:41.453 6 INFO neutron.db.ovn_revision_numbers_db [None req-02257f8c-0ee5-4fb8-b9e2-9878ccd30c40 4b0ca987e874414a9e16dfb1b5bee5d0 e28cf67d05de454a80908af24a37a8f4 - - default default] Successfully bumped revision number for resource d5e9c27e-2a98-4c1b-9ed0-43ce8dafc7a1 (type: ports) to 1 [pid: 6|app: 0|req: 500/943] 10.0.0.183 () {34 vars in 671 bytes} [Sat Jul 25 09:26:40 2026] POST /v2.0/networks => generated 766 bytes in 897 msecs (HTTP/1.1 201) 4 headers in 162 bytes (1 switches on core 0)
2026-07-25 09:26:41.569 7 WARNING neutron.scheduler.dhcp_agent_scheduler [None req-2b6d3de7-db8b-4437-bffb-3da94d5dd5f2 f1ebacf97fce4f24a6701807ac3d138c 1037340573fa4ba2ab26af806d8d5ff3 - - default default] No more DHCP agents
2026-07-25 09:26:41.571 7 WARNING neutron.api.rpc.agentnotifiers.dhcp_rpc_agent_api [None req-2b6d3de7-db8b-4437-bffb-3da94d5dd5f2 f1ebacf97fce4f24a6701807ac3d138c 1037340573fa4ba2ab26af806d8d5ff3 - - default default] Unable to schedule network 1d773579-a30d-43fd-ac83-38eac4b24639: no agents available; will retry on subsequent port and subnet creation events.
2026-07-25 09:26:41.597 7 INFO neutron.db.ovn_revision_numbers_db [None req-2b6d3de7-db8b-4437-bffb-3da94d5dd5f2 f1ebacf97fce4f24a6701807ac3d138c 1037340573fa4ba2ab26af806d8d5ff3 - - default default] Successfully bumped revision number for resource b415d216-c00e-4998-80fc-17f9a3b62bce (type: subnets) to 0 [pid: 7|app: 0|req: 444/944] 10.0.0.183 () {34 vars in 669 bytes} [Sat Jul 25 09:26:41 2026] POST /v2.0/subnets => generated 646 bytes in 257 msecs (HTTP/1.1 201) 4 headers in 162 bytes (1 switches on core 0) [pid: 7|app: 0|req: 445/945] 10.0.0.183 () {32 vars in 774 bytes} [Sat Jul 25 09:26:41 2026] GET /v2.0/security-groups?tenant_id=afff345225c94a478f70c51bf300ee7f&name=default => generated 2921 bytes in 25 msecs (HTTP/1.1 200) 4 headers in 158 bytes (1 switches on core 0) [pid: 6|app: 0|req: 501/946] 10.0.0.183 () {32 vars in 740 bytes} [Sat Jul 25 09:26:41 2026] DELETE /v2.0/security-groups/14c0a8bf-03f1-4d0f-b569-6327bb94f102 => generated 0 bytes in 228 msecs (HTTP/1.1 204) 2 headers in 112 bytes (1 switches on core 0)
2026-07-25 09:26:41.786 7 WARNING neutron.scheduler.dhcp_agent_scheduler [None req-f302348e-2f78-402c-8fca-6a14a68f4ffd 4b0ca987e874414a9e16dfb1b5bee5d0 e28cf67d05de454a80908af24a37a8f4 - - default default] No more DHCP agents
2026-07-25 09:26:41.788 7 WARNING neutron.api.rpc.agentnotifiers.dhcp_rpc_agent_api [None req-f302348e-2f78-402c-8fca-6a14a68f4ffd 4b0ca987e874414a9e16dfb1b5bee5d0 e28cf67d05de454a80908af24a37a8f4 - - default default] Unable to schedule network 02a62a4c-8b42-4562-9936-1102f6067697: no agents available; will retry on subsequent port and subnet creation events.
2026-07-25 09:26:42.063 6 WARNING neutron.scheduler.dhcp_agent_scheduler [None req-53fc4e61-e055-4f9f-a7e6-aaf2d0186756 f1ebacf97fce4f24a6701807ac3d138c 1037340573fa4ba2ab26af806d8d5ff3 - - default default] No more DHCP agents
2026-07-25 09:26:42.064 6 WARNING neutron.api.rpc.agentnotifiers.dhcp_rpc_agent_api [None req-53fc4e61-e055-4f9f-a7e6-aaf2d0186756 f1ebacf97fce4f24a6701807ac3d138c 1037340573fa4ba2ab26af806d8d5ff3 - - default default] Unable to schedule network 1d773579-a30d-43fd-ac83-38eac4b24639: no agents available; will retry on subsequent port and subnet creation events.
2026-07-25 09:26:42.142 7 INFO neutron.plugins.ml2.drivers.ovn.mech_driver.mech_driver [None req-52987b31-ccab-48c3-8a45-0cf152e20312 - - - - - -] OVN reports status down for port: a67a8dba-deda-41cb-929e-e2c80303cc56
2026-07-25 09:26:42.176 6 INFO neutron.db.ovn_revision_numbers_db [None req-53fc4e61-e055-4f9f-a7e6-aaf2d0186756 f1ebacf97fce4f24a6701807ac3d138c 1037340573fa4ba2ab26af806d8d5ff3 - - default default] Successfully bumped revision number for resource a67a8dba-deda-41cb-929e-e2c80303cc56 (type: ports) to 1 [pid: 6|app: 0|req: 502/947] 10.0.0.183 () {34 vars in 665 bytes} [Sat Jul 25 09:26:41 2026] POST /v2.0/ports => generated 966 bytes in 519 msecs (HTTP/1.1 201) 4 headers in 162 bytes (1 switches on core 0) /var/lib/openstack/lib/python3.12/site-packages/pycadf/identifier.py:70: UserWarning: Invalid uuid: neutron. To ensure interoperability, identifiers should be a valid uuid. warnings.warn(('Invalid uuid: %s. To ensure interoperability, '
2026-07-25 09:26:42.275 7 INFO neutron.db.ovn_revision_numbers_db [None req-9f900e47-263f-43f8-a0f9-408f43899713 - - - - - -] Successfully bumped revision number for resource d5e9c27e-2a98-4c1b-9ed0-43ce8dafc7a1 (type: ports) to 2
2026-07-25 09:26:42.309 7 INFO neutron.db.ovn_revision_numbers_db [None req-9f900e47-263f-43f8-a0f9-408f43899713 - - - - - -] Successfully bumped revision number for resource cc8de139-0afa-4b1d-a733-c5cdc5c09c52 (type: subnets) to 0 [pid: 7|app: 0|req: 446/948] 10.0.0.183 () {34 vars in 669 bytes} [Sat Jul 25 09:26:41 2026] POST /v2.0/subnets => generated 691 bytes in 683 msecs (HTTP/1.1 201) 4 headers in 162 bytes (1 switches on core 0)
2026-07-25 09:26:42.437 7 INFO neutron_taas.services.taas.taas_plugin [None req-615d3a0d-212b-41ef-99c3-7cd2a2f5763e f1ebacf97fce4f24a6701807ac3d138c 1037340573fa4ba2ab26af806d8d5ff3 - - default default] TaaS: Handle Delete Port: a67a8dba-deda-41cb-929e-e2c80303cc56
2026-07-25 09:26:42.440 7 INFO neutron_taas.services.taas.tap_mirror_plugin [None req-615d3a0d-212b-41ef-99c3-7cd2a2f5763e f1ebacf97fce4f24a6701807ac3d138c 1037340573fa4ba2ab26af806d8d5ff3 - - default default] Tap Mirror: Handle Delete Port: a67a8dba-deda-41cb-929e-e2c80303cc56 [pid: 6|app: 0|req: 503/949] 10.0.0.183 () {32 vars in 740 bytes} [Sat Jul 25 09:26:42 2026] DELETE /v2.0/security-groups/cc2e1bdd-4d0b-4cd9-b842-239ee4511494 => generated 0 bytes in 197 msecs (HTTP/1.1 204) 2 headers in 112 bytes (1 switches on core 0) [pid: 7|app: 0|req: 447/950] 10.0.0.183 () {32 vars in 720 bytes} [Sat Jul 25 09:26:42 2026] DELETE /v2.0/ports/a67a8dba-deda-41cb-929e-e2c80303cc56 => generated 0 bytes in 241 msecs (HTTP/1.1 204) 3 headers in 131 bytes (1 switches on core 0)
2026-07-25 09:26:42.584 7 INFO neutron.pecan_wsgi.hooks.translation [None req-4eb49940-c758-43e2-ab1f-6410ee2d91fa f1ebacf97fce4f24a6701807ac3d138c 1037340573fa4ba2ab26af806d8d5ff3 - - default default] DELETE failed (client error): The resource could not be found. [pid: 7|app: 0|req: 448/951] 10.0.0.183 () {32 vars in 720 bytes} [Sat Jul 25 09:26:42 2026] DELETE /v2.0/ports/a67a8dba-deda-41cb-929e-e2c80303cc56 => generated 132 bytes in 15 msecs (HTTP/1.1 404) 4 headers in 164 bytes (1 switches on core 0)
2026-07-25 09:26:42.605 7 INFO neutron.pecan_wsgi.hooks.translation [None req-d6d5f9e9-133c-48d8-8aaf-fc27c5bb7086 f1ebacf97fce4f24a6701807ac3d138c 1037340573fa4ba2ab26af806d8d5ff3 - - default default] GET failed (client error): The resource could not be found. [pid: 7|app: 0|req: 449/952] 10.0.0.183 () {32 vars in 717 bytes} [Sat Jul 25 09:26:42 2026] GET /v2.0/ports/a67a8dba-deda-41cb-929e-e2c80303cc56 => generated 132 bytes in 15 msecs (HTTP/1.1 404) 4 headers in 164 bytes (1 switches on core 0) [pid: 7|app: 0|req: 450/953] 10.0.0.183 () {32 vars in 724 bytes} [Sat Jul 25 09:26:42 2026] DELETE /v2.0/subnets/b415d216-c00e-4998-80fc-17f9a3b62bce => generated 0 bytes in 114 msecs (HTTP/1.1 204) 3 headers in 131 bytes (1 switches on core 0)
2026-07-25 09:26:42.847 7 INFO neutron_taas.services.taas.taas_plugin [None req-d9be2cc9-a0b4-4d8e-86f2-7a8e26ae48fa f1ebacf97fce4f24a6701807ac3d138c 1037340573fa4ba2ab26af806d8d5ff3 - - default default] TaaS: Handle Delete Port: 4c408446-fc3a-471b-93b8-a9ba993831ac
2026-07-25 09:26:42.850 7 INFO neutron_taas.services.taas.tap_mirror_plugin [None req-d9be2cc9-a0b4-4d8e-86f2-7a8e26ae48fa f1ebacf97fce4f24a6701807ac3d138c 1037340573fa4ba2ab26af806d8d5ff3 - - default default] Tap Mirror: Handle Delete Port: 4c408446-fc3a-471b-93b8-a9ba993831ac
2026-07-25 09:26:42.902 6 WARNING neutron.scheduler.dhcp_agent_scheduler [None req-a6100113-3254-4e0c-854c-301a7d3e64b8 4b0ca987e874414a9e16dfb1b5bee5d0 e28cf67d05de454a80908af24a37a8f4 - - default default] No more DHCP agents
2026-07-25 09:26:42.906 6 WARNING neutron.api.rpc.agentnotifiers.dhcp_rpc_agent_api [None req-a6100113-3254-4e0c-854c-301a7d3e64b8 4b0ca987e874414a9e16dfb1b5bee5d0 e28cf67d05de454a80908af24a37a8f4 - - default default] Unable to schedule network cda1ce0c-fc16-4c65-a747-5f4199b9eba9: no agents available; will retry on subsequent port and subnet creation events.
2026-07-25 09:26:43.012 6 INFO neutron.plugins.ml2.drivers.ovn.mech_driver.mech_driver [None req-899def41-8b60-4081-b8b4-518e84cad1b9 - - - - - -] OVN reports status down for port: 923f0b6c-9cea-420b-a8ad-2b6c050690da
2026-07-25 09:26:43.100 6 INFO neutron.db.ovn_revision_numbers_db [None req-a6100113-3254-4e0c-854c-301a7d3e64b8 4b0ca987e874414a9e16dfb1b5bee5d0 e28cf67d05de454a80908af24a37a8f4 - - default default] Successfully bumped revision number for resource 923f0b6c-9cea-420b-a8ad-2b6c050690da (type: ports) to 1 [pid: 7|app: 0|req: 451/954] 10.0.0.183 () {32 vars in 726 bytes} [Sat Jul 25 09:26:42 2026] DELETE /v2.0/networks/1d773579-a30d-43fd-ac83-38eac4b24639 => generated 0 bytes in 389 msecs (HTTP/1.1 204) 3 headers in 131 bytes (1 switches on core 0)
2026-07-25 09:26:43.207 7 INFO neutron.db.segments_db [None req-155351a8-ea89-47a2-b8bf-856b5f12a605 f1ebacf97fce4f24a6701807ac3d138c 1037340573fa4ba2ab26af806d8d5ff3 - - default default] Added segment d35a0197-a847-40b4-ab49-fa6739acf63a of type geneve for network 1ab79a3a-3924-4d44-a512-e08fcd9829bf
2026-07-25 09:26:43.318 7 INFO neutron.db.ovn_revision_numbers_db [None req-155351a8-ea89-47a2-b8bf-856b5f12a605 f1ebacf97fce4f24a6701807ac3d138c 1037340573fa4ba2ab26af806d8d5ff3 - - default default] Successfully bumped revision number for resource 1ab79a3a-3924-4d44-a512-e08fcd9829bf (type: networks) to 1
2026-07-25 09:26:43.348 7 INFO neutron.services.segments.plugin [-] Segment 7bcdcab0-9b82-4086-9833-e468f519d5b6 resource provider aggregate not found
2026-07-25 09:26:43.361 7 INFO neutron.services.segments.plugin [-] Segment 7bcdcab0-9b82-4086-9833-e468f519d5b6 resource provider aggregate not found
2026-07-25 09:26:43.380 7 INFO neutron.services.segments.plugin [-] Segment 7bcdcab0-9b82-4086-9833-e468f519d5b6 resource provider not found; error: Placement Client Error (4xx): {"errors": [{"status": 404, "title": "Not Found", "detail": "The resource could not be found.\n\n No resource provider with uuid 7bcdcab0-9b82-4086-9833-e468f519d5b6 found for delete ", "request_id": "req-a066b435-c46e-4e18-8a5c-43b26833e1dc"}]}
2026-07-25 09:26:43.387 7 INFO neutron.services.segments.plugin [-] Segment 7bcdcab0-9b82-4086-9833-e468f519d5b6 resource provider not found; error: Placement Client Error (4xx): {"errors": [{"status": 404, "title": "Not Found", "detail": "The resource could not be found.\n\n No resource provider with uuid 7bcdcab0-9b82-4086-9833-e468f519d5b6 found for delete ", "request_id": "req-591e7162-e877-4ab5-aff0-17cdf4200238"}]}
2026-07-25 09:26:43.530 7 WARNING neutron.scheduler.dhcp_agent_scheduler [None req-155351a8-ea89-47a2-b8bf-856b5f12a605 f1ebacf97fce4f24a6701807ac3d138c 1037340573fa4ba2ab26af806d8d5ff3 - - default default] No more DHCP agents
2026-07-25 09:26:43.532 7 WARNING neutron.api.rpc.agentnotifiers.dhcp_rpc_agent_api [None req-155351a8-ea89-47a2-b8bf-856b5f12a605 f1ebacf97fce4f24a6701807ac3d138c 1037340573fa4ba2ab26af806d8d5ff3 - - default default] Unable to schedule network 1ab79a3a-3924-4d44-a512-e08fcd9829bf: no agents available; will retry on subsequent port and subnet creation events.
2026-07-25 09:26:43.572 6 INFO neutron.plugins.ml2.drivers.ovn.mech_driver.mech_driver [None req-899def41-8b60-4081-b8b4-518e84cad1b9 - - - - - -] OVN reports status down for port: e2c60405-3ee6-45d1-8326-41d64a675aa0
2026-07-25 09:26:43.620 7 INFO neutron.db.ovn_revision_numbers_db [None req-155351a8-ea89-47a2-b8bf-856b5f12a605 f1ebacf97fce4f24a6701807ac3d138c 1037340573fa4ba2ab26af806d8d5ff3 - - default default] Successfully bumped revision number for resource e2c60405-3ee6-45d1-8326-41d64a675aa0 (type: ports) to 1 [pid: 7|app: 0|req: 452/955] 10.0.0.183 () {34 vars in 670 bytes} [Sat Jul 25 09:26:43 2026] POST /v2.0/networks => generated 654 bytes in 538 msecs (HTTP/1.1 201) 4 headers in 162 bytes (1 switches on core 0)
2026-07-25 09:26:43.851 6 INFO neutron.plugins.ml2.drivers.ovn.mech_driver.ovsdb.commands [None req-81c5b068-f14b-4a64-9933-17e1270c6d27 - - - - - -] Schedule LRP lrp-923f0b6c-9cea-420b-a8ad-2b6c050690da on gateway 35803cc8-6a81-43f6-b171-58d040a3191f with priority 1
2026-07-25 09:26:43.864 6 INFO neutron.plugins.ml2.drivers.ovn.mech_driver.mech_driver [None req-899def41-8b60-4081-b8b4-518e84cad1b9 - - - - - -] OVN reports status up for port: 923f0b6c-9cea-420b-a8ad-2b6c050690da
2026-07-25 09:26:43.916 6 INFO neutron.plugins.ml2.plugin [None req-899def41-8b60-4081-b8b4-518e84cad1b9 - - - - - -] Attempt 1 to provision port 923f0b6c-9cea-420b-a8ad-2b6c050690da
2026-07-25 09:26:43.916 7 WARNING neutron.scheduler.dhcp_agent_scheduler [None req-aee5ad6e-b39a-4720-890f-266f9761928e f1ebacf97fce4f24a6701807ac3d138c 1037340573fa4ba2ab26af806d8d5ff3 - - default default] No more DHCP agents
2026-07-25 09:26:43.917 7 WARNING neutron.api.rpc.agentnotifiers.dhcp_rpc_agent_api [None req-aee5ad6e-b39a-4720-890f-266f9761928e f1ebacf97fce4f24a6701807ac3d138c 1037340573fa4ba2ab26af806d8d5ff3 - - default default] Unable to schedule network 1ab79a3a-3924-4d44-a512-e08fcd9829bf: no agents available; will retry on subsequent port and subnet creation events.
2026-07-25 09:26:43.949 6 INFO neutron.db.ovn_revision_numbers_db [None req-a6100113-3254-4e0c-854c-301a7d3e64b8 4b0ca987e874414a9e16dfb1b5bee5d0 e28cf67d05de454a80908af24a37a8f4 - - default default] Successfully bumped revision number for resource 923f0b6c-9cea-420b-a8ad-2b6c050690da (type: router_ports) to 1
2026-07-25 09:26:43.952 7 INFO neutron.db.ovn_revision_numbers_db [None req-aee5ad6e-b39a-4720-890f-266f9761928e f1ebacf97fce4f24a6701807ac3d138c 1037340573fa4ba2ab26af806d8d5ff3 - - default default] Successfully bumped revision number for resource 12d009f7-5dbc-40ad-8e50-c78de50d1050 (type: subnets) to 0 [pid: 7|app: 0|req: 453/956] 10.0.0.183 () {34 vars in 669 bytes} [Sat Jul 25 09:26:43 2026] POST /v2.0/subnets => generated 646 bytes in 313 msecs (HTTP/1.1 201) 4 headers in 162 bytes (1 switches on core 0)
2026-07-25 09:26:43.987 6 INFO neutron.plugins.ml2.drivers.ovn.mech_driver.ovsdb.ovsdb_monitor [None req-2af27a2e-1954-45e4-ad00-4d142f7358d6 - - - - - -] Router 9daa400e-c988-4a8b-a5b3-dde883f88d42 is bound to host instance
