2026-07-25 09:29:11.022 7 INFO placement.requestlog [req-12fe91c0-b9c0-4328-a73f-4b6998f00c58 req-eb27a4a2-16c4-47c2-9643-6ab1492b13a0 e191436d0fe747f998da9f7d45d242c5 b3fb6402a17d4ed189a459f4e6b96bdd - - f1ee7fd4b7fe4436ab9db1c4bc4bb54a f1ee7fd4b7fe4436ab9db1c4bc4bb54a] 199.204.45.23 "DELETE /allocations/f429e996-3a24-45da-bd0c-507ead1a7213" status: 204 len: 0 microversion: 1.0 [pid: 7|app: 0|req: 361/724] 199.204.45.23 () {34 vars in 840 bytes} [Sat Jul 25 09:29:10 2026] DELETE /allocations/f429e996-3a24-45da-bd0c-507ead1a7213 => generated 0 bytes in 23 msecs (HTTP/1.1 204) 5 headers in 198 bytes (1 switches on core 0)
2026-07-25 09:29:17.123 8 INFO placement.requestlog [req-258cee54-f69a-4dc4-a76e-d79821056040 req-db05f640-bfc8-4751-beff-3bf35c88e391 e191436d0fe747f998da9f7d45d242c5 b3fb6402a17d4ed189a459f4e6b96bdd - - f1ee7fd4b7fe4436ab9db1c4bc4bb54a f1ee7fd4b7fe4436ab9db1c4bc4bb54a] 199.204.45.23 "GET /resource_providers/5687e92a-edc1-4c32-beb7-a73a3dd4fa91/allocations" status: 200 len: 153 microversion: 1.0 [pid: 8|app: 0|req: 364/725] 199.204.45.23 () {32 vars in 856 bytes} [Sat Jul 25 09:29:17 2026] GET /resource_providers/5687e92a-edc1-4c32-beb7-a73a3dd4fa91/allocations => generated 153 bytes in 29 msecs (HTTP/1.1 200) 6 headers in 224 bytes (1 switches on core 0)
2026-07-25 09:29:17.146 7 INFO placement.requestlog [req-258cee54-f69a-4dc4-a76e-d79821056040 req-7eee0c7e-ac35-463b-ab90-12aca144b921 e191436d0fe747f998da9f7d45d242c5 b3fb6402a17d4ed189a459f4e6b96bdd - - f1ee7fd4b7fe4436ab9db1c4bc4bb54a f1ee7fd4b7fe4436ab9db1c4bc4bb54a] 199.204.45.23 "GET /allocations/d33ccfe1-5e71-49c0-9adb-8ad8af1ac2be" status: 200 len: 258 microversion: 1.28 [pid: 7|app: 0|req: 362/726] 199.204.45.23 () {34 vars in 862 bytes} [Sat Jul 25 09:29:17 2026] GET /allocations/d33ccfe1-5e71-49c0-9adb-8ad8af1ac2be => generated 258 bytes in 15 msecs (HTTP/1.1 200) 8 headers in 296 bytes (1 switches on core 0)
2026-07-25 09:29:18.219 8 INFO placement.requestlog [req-258cee54-f69a-4dc4-a76e-d79821056040 req-e31197f2-8ddb-4ec6-91bb-c8cd5c2c8a4c e191436d0fe747f998da9f7d45d242c5 b3fb6402a17d4ed189a459f4e6b96bdd - - f1ee7fd4b7fe4436ab9db1c4bc4bb54a f1ee7fd4b7fe4436ab9db1c4bc4bb54a] 199.204.45.23 "DELETE /allocations/d33ccfe1-5e71-49c0-9adb-8ad8af1ac2be" status: 204 len: 0 microversion: 1.0 [pid: 8|app: 0|req: 365/727] 199.204.45.23 () {34 vars in 840 bytes} [Sat Jul 25 09:29:18 2026] DELETE /allocations/d33ccfe1-5e71-49c0-9adb-8ad8af1ac2be => generated 0 bytes in 44 msecs (HTTP/1.1 204) 5 headers in 198 bytes (1 switches on core 0)
2026-07-25 09:29:18.608 7 INFO placement.requestlog [None req-c3e8cb89-be1a-45dc-b2f4-2208b209b7eb - - - - - -] 10.0.0.52 "GET /" status: 200 len: 136 microversion: 1.0
2026-07-25 09:29:18.609 8 INFO placement.requestlog [None req-47a15188-f395-498e-a855-0a5132494109 - - - - - -] 10.0.0.52 "GET /" status: 200 len: 136 microversion: 1.0
2026-07-25 09:29:21.286 7 INFO placement.requestlog [None req-f4262da9-3ece-42c5-b8a8-8b3b21025231 d33ee2d4d6b54391bc99f21428615ffa b3fb6402a17d4ed189a459f4e6b96bdd - - f1ee7fd4b7fe4436ab9db1c4bc4bb54a f1ee7fd4b7fe4436ab9db1c4bc4bb54a] 10.0.0.233 "GET /resource_providers/a44d46cb-cca9-468d-9651-5fd2fd89c62d/aggregates" status: 404 len: 235 microversion: 1.1
2026-07-25 09:29:21.287 8 INFO placement.requestlog [None req-da0b595b-bb8f-4b4b-a114-1ab53c785ce4 d33ee2d4d6b54391bc99f21428615ffa b3fb6402a17d4ed189a459f4e6b96bdd - - f1ee7fd4b7fe4436ab9db1c4bc4bb54a f1ee7fd4b7fe4436ab9db1c4bc4bb54a] 10.0.0.233 "GET /resource_providers/a44d46cb-cca9-468d-9651-5fd2fd89c62d/aggregates" status: 404 len: 235 microversion: 1.1 [pid: 7|app: 0|req: 364/730] 10.0.0.233 () {32 vars in 816 bytes} [Sat Jul 25 09:29:21 2026] GET /resource_providers/a44d46cb-cca9-468d-9651-5fd2fd89c62d/aggregates => generated 235 bytes in 11 msecs (HTTP/1.1 404) 5 headers in 202 bytes (1 switches on core 0) [pid: 8|app: 0|req: 367/731] 10.0.0.233 () {32 vars in 816 bytes} [Sat Jul 25 09:29:21 2026] GET /resource_providers/a44d46cb-cca9-468d-9651-5fd2fd89c62d/aggregates => generated 235 bytes in 10 msecs (HTTP/1.1 404) 5 headers in 202 bytes (1 switches on core 0)
2026-07-25 09:29:21.314 8 INFO placement.requestlog [None req-c9004570-b00d-4037-9c05-0cfda430ed20 d33ee2d4d6b54391bc99f21428615ffa b3fb6402a17d4ed189a459f4e6b96bdd - - f1ee7fd4b7fe4436ab9db1c4bc4bb54a f1ee7fd4b7fe4436ab9db1c4bc4bb54a] 10.0.0.233 "DELETE /resource_providers/a44d46cb-cca9-468d-9651-5fd2fd89c62d" status: 404 len: 246 microversion: 1.1 [pid: 8|app: 0|req: 368/732] 10.0.0.233 () {34 vars in 816 bytes} [Sat Jul 25 09:29:21 2026] DELETE /resource_providers/a44d46cb-cca9-468d-9651-5fd2fd89c62d => generated 246 bytes in 8 msecs (HTTP/1.1 404) 6 headers in 231 bytes (1 switches on core 0)
2026-07-25 09:29:21.315 7 INFO placement.requestlog [None req-9ee62db5-540f-41f3-8766-e43b43080ea0 d33ee2d4d6b54391bc99f21428615ffa b3fb6402a17d4ed189a459f4e6b96bdd - - f1ee7fd4b7fe4436ab9db1c4bc4bb54a f1ee7fd4b7fe4436ab9db1c4bc4bb54a] 10.0.0.233 "DELETE /resource_providers/a44d46cb-cca9-468d-9651-5fd2fd89c62d" status: 404 len: 246 microversion: 1.1 [pid: 7|app: 0|req: 365/733] 10.0.0.233 () {34 vars in 816 bytes} [Sat Jul 25 09:29:21 2026] DELETE /resource_providers/a44d46cb-cca9-468d-9651-5fd2fd89c62d => generated 246 bytes in 12 msecs (HTTP/1.1 404) 6 headers in 231 bytes (1 switches on core 0)
2026-07-25 09:29:24.110 8 INFO placement.requestlog [None req-097bbb0e-b6ca-4ba8-9a2f-f0502a2a245f d33ee2d4d6b54391bc99f21428615ffa b3fb6402a17d4ed189a459f4e6b96bdd - - f1ee7fd4b7fe4436ab9db1c4bc4bb54a f1ee7fd4b7fe4436ab9db1c4bc4bb54a] 10.0.0.233 "GET /resource_providers/86709dc8-e7ac-46ba-a936-673102f2ae49/aggregates" status: 404 len: 235 microversion: 1.1 [pid: 8|app: 0|req: 369/734] 10.0.0.233 () {32 vars in 816 bytes} [Sat Jul 25 09:29:24 2026] GET /resource_providers/86709dc8-e7ac-46ba-a936-673102f2ae49/aggregates => generated 235 bytes in 12 msecs (HTTP/1.1 404) 5 headers in 202 bytes (1 switches on core 0)
2026-07-25 09:29:24.111 7 INFO placement.requestlog [None req-4b202eff-13ea-4da4-aeff-1bce510d57e2 d33ee2d4d6b54391bc99f21428615ffa b3fb6402a17d4ed189a459f4e6b96bdd - - f1ee7fd4b7fe4436ab9db1c4bc4bb54a f1ee7fd4b7fe4436ab9db1c4bc4bb54a] 10.0.0.233 "GET /resource_providers/86709dc8-e7ac-46ba-a936-673102f2ae49/aggregates" status: 404 len: 235 microversion: 1.1 [pid: 7|app: 0|req: 366/735] 10.0.0.233 () {32 vars in 816 bytes} [Sat Jul 25 09:29:24 2026] GET /resource_providers/86709dc8-e7ac-46ba-a936-673102f2ae49/aggregates => generated 235 bytes in 10 msecs (HTTP/1.1 404) 5 headers in 202 bytes (1 switches on core 0)
2026-07-25 09:29:24.136 8 INFO placement.requestlog [None req-807f3269-eb24-4fde-8c33-e620ec6fb537 d33ee2d4d6b54391bc99f21428615ffa b3fb6402a17d4ed189a459f4e6b96bdd - - f1ee7fd4b7fe4436ab9db1c4bc4bb54a f1ee7fd4b7fe4436ab9db1c4bc4bb54a] 10.0.0.233 "DELETE /resource_providers/86709dc8-e7ac-46ba-a936-673102f2ae49" status: 404 len: 246 microversion: 1.1 [pid: 8|app: 0|req: 370/736] 10.0.0.233 () {34 vars in 816 bytes} [Sat Jul 25 09:29:24 2026] DELETE /resource_providers/86709dc8-e7ac-46ba-a936-673102f2ae49 => generated 246 bytes in 12 msecs (HTTP/1.1 404) 6 headers in 231 bytes (1 switches on core 0)
2026-07-25 09:29:24.138 7 INFO placement.requestlog [None req-3202d103-a636-4b58-b14c-3aaecfd92e38 d33ee2d4d6b54391bc99f21428615ffa b3fb6402a17d4ed189a459f4e6b96bdd - - f1ee7fd4b7fe4436ab9db1c4bc4bb54a f1ee7fd4b7fe4436ab9db1c4bc4bb54a] 10.0.0.233 "DELETE /resource_providers/86709dc8-e7ac-46ba-a936-673102f2ae49" status: 404 len: 246 microversion: 1.1 [pid: 7|app: 0|req: 367/737] 10.0.0.233 () {34 vars in 816 bytes} [Sat Jul 25 09:29:24 2026] DELETE /resource_providers/86709dc8-e7ac-46ba-a936-673102f2ae49 => generated 246 bytes in 10 msecs (HTTP/1.1 404) 6 headers in 231 bytes (1 switches on core 0)
2026-07-25 09:29:24.375 8 INFO placement.requestlog [req-294f15d8-acbb-4b42-a3bb-949f17f37f82 req-e9b5c78d-64c1-4619-b621-8eb6e5ae95d9 e191436d0fe747f998da9f7d45d242c5 b3fb6402a17d4ed189a459f4e6b96bdd - - f1ee7fd4b7fe4436ab9db1c4bc4bb54a f1ee7fd4b7fe4436ab9db1c4bc4bb54a] 10.0.0.194 "GET /allocation_candidates?limit=1000&resources=DISK_GB%3A1%2CMEMORY_MB%3A512%2CVCPU%3A1&root_required=%21COMPUTE_STATUS_DISABLED" status: 200 len: 2781 microversion: 1.36 [pid: 8|app: 0|req: 371/738] 10.0.0.194 () {34 vars in 1012 bytes} [Sat Jul 25 09:29:24 2026] GET /allocation_candidates?limit=1000&resources=DISK_GB%3A1%2CMEMORY_MB%3A512%2CVCPU%3A1&root_required=%21COMPUTE_STATUS_DISABLED => generated 2781 bytes in 44 msecs (HTTP/1.1 200) 8 headers in 297 bytes (1 switches on core 0)
2026-07-25 09:29:24.402 7 INFO placement.requestlog [req-294f15d8-acbb-4b42-a3bb-949f17f37f82 req-77ad196b-fc85-4839-8827-4fba228af837 e191436d0fe747f998da9f7d45d242c5 b3fb6402a17d4ed189a459f4e6b96bdd - - f1ee7fd4b7fe4436ab9db1c4bc4bb54a f1ee7fd4b7fe4436ab9db1c4bc4bb54a] 10.0.0.194 "GET /allocations/ae00fb9e-b05d-4047-9906-55cf6f5b4f37" status: 200 len: 19 microversion: 1.28 [pid: 7|app: 0|req: 368/739] 10.0.0.194 () {34 vars in 861 bytes} [Sat Jul 25 09:29:24 2026] GET /allocations/ae00fb9e-b05d-4047-9906-55cf6f5b4f37 => generated 19 bytes in 11 msecs (HTTP/1.1 200) 8 headers in 295 bytes (1 switches on core 0)
2026-07-25 09:29:24.459 8 INFO placement.requestlog [req-294f15d8-acbb-4b42-a3bb-949f17f37f82 req-e1bb6356-e312-474c-99e2-047a39c67181 e191436d0fe747f998da9f7d45d242c5 b3fb6402a17d4ed189a459f4e6b96bdd - - f1ee7fd4b7fe4436ab9db1c4bc4bb54a f1ee7fd4b7fe4436ab9db1c4bc4bb54a] 10.0.0.194 "PUT /allocations/ae00fb9e-b05d-4047-9906-55cf6f5b4f37" status: 204 len: 0 microversion: 1.36 [pid: 8|app: 0|req: 372/740] 10.0.0.194 () {38 vars in 914 bytes} [Sat Jul 25 09:29:24 2026] PUT /allocations/ae00fb9e-b05d-4047-9906-55cf6f5b4f37 => generated 0 bytes in 50 msecs (HTTP/1.1 204) 5 headers in 199 bytes (1 switches on core 0)
2026-07-25 09:29:26.003 7 INFO placement.requestlog [req-294f15d8-acbb-4b42-a3bb-949f17f37f82 req-0da888fc-d075-4046-8589-42cfe9939ca0 e191436d0fe747f998da9f7d45d242c5 b3fb6402a17d4ed189a459f4e6b96bdd - - f1ee7fd4b7fe4436ab9db1c4bc4bb54a f1ee7fd4b7fe4436ab9db1c4bc4bb54a] 199.204.45.23 "GET /allocations/ae00fb9e-b05d-4047-9906-55cf6f5b4f37" status: 200 len: 258 microversion: 1.28 [pid: 7|app: 0|req: 369/741] 199.204.45.23 () {34 vars in 862 bytes} [Sat Jul 25 09:29:25 2026] GET /allocations/ae00fb9e-b05d-4047-9906-55cf6f5b4f37 => generated 258 bytes in 14 msecs (HTTP/1.1 200) 8 headers in 296 bytes (1 switches on core 0)
2026-07-25 09:29:26.166 8 INFO placement.requestlog [None req-6853272d-24c4-48a9-80c4-1b688996451e d33ee2d4d6b54391bc99f21428615ffa b3fb6402a17d4ed189a459f4e6b96bdd - - f1ee7fd4b7fe4436ab9db1c4bc4bb54a f1ee7fd4b7fe4436ab9db1c4bc4bb54a] 10.0.0.233 "GET /resource_providers/c0f70fcd-0d4e-4c37-9ab3-e6d8a7ac3375/aggregates" status: 404 len: 235 microversion: 1.1 [pid: 8|app: 0|req: 373/742] 10.0.0.233 () {32 vars in 816 bytes} [Sat Jul 25 09:29:26 2026] GET /resource_providers/c0f70fcd-0d4e-4c37-9ab3-e6d8a7ac3375/aggregates => generated 235 bytes in 13 msecs (HTTP/1.1 404) 5 headers in 202 bytes (1 switches on core 0)
2026-07-25 09:29:26.169 7 INFO placement.requestlog [None req-d0900f35-615c-4cad-9311-7d001f9c1f5a d33ee2d4d6b54391bc99f21428615ffa b3fb6402a17d4ed189a459f4e6b96bdd - - f1ee7fd4b7fe4436ab9db1c4bc4bb54a f1ee7fd4b7fe4436ab9db1c4bc4bb54a] 10.0.0.233 "GET /resource_providers/c0f70fcd-0d4e-4c37-9ab3-e6d8a7ac3375/aggregates" status: 404 len: 235 microversion: 1.1 [pid: 7|app: 0|req: 370/743] 10.0.0.233 () {32 vars in 816 bytes} [Sat Jul 25 09:29:26 2026] GET /resource_providers/c0f70fcd-0d4e-4c37-9ab3-e6d8a7ac3375/aggregates => generated 235 bytes in 13 msecs (HTTP/1.1 404) 5 headers in 202 bytes (1 switches on core 0)
2026-07-25 09:29:26.189 8 INFO placement.requestlog [None req-afabdef4-040b-418c-8d28-81a6d610b07a d33ee2d4d6b54391bc99f21428615ffa b3fb6402a17d4ed189a459f4e6b96bdd - - f1ee7fd4b7fe4436ab9db1c4bc4bb54a f1ee7fd4b7fe4436ab9db1c4bc4bb54a] 10.0.0.233 "DELETE /resource_providers/c0f70fcd-0d4e-4c37-9ab3-e6d8a7ac3375" status: 404 len: 246 microversion: 1.1 [pid: 8|app: 0|req: 374/744] 10.0.0.233 () {34 vars in 816 bytes} [Sat Jul 25 09:29:26 2026] DELETE /resource_providers/c0f70fcd-0d4e-4c37-9ab3-e6d8a7ac3375 => generated 246 bytes in 11 msecs (HTTP/1.1 404) 6 headers in 231 bytes (1 switches on core 0)
2026-07-25 09:29:26.192 7 INFO placement.requestlog [None req-23fcfa8e-391d-47bb-9bfc-8b72a9de30ee d33ee2d4d6b54391bc99f21428615ffa b3fb6402a17d4ed189a459f4e6b96bdd - - f1ee7fd4b7fe4436ab9db1c4bc4bb54a f1ee7fd4b7fe4436ab9db1c4bc4bb54a] 10.0.0.233 "DELETE /resource_providers/c0f70fcd-0d4e-4c37-9ab3-e6d8a7ac3375" status: 404 len: 246 microversion: 1.1 [pid: 7|app: 0|req: 371/745] 10.0.0.233 () {34 vars in 816 bytes} [Sat Jul 25 09:29:26 2026] DELETE /resource_providers/c0f70fcd-0d4e-4c37-9ab3-e6d8a7ac3375 => generated 246 bytes in 10 msecs (HTTP/1.1 404) 6 headers in 231 bytes (1 switches on core 0)
2026-07-25 09:29:27.049 8 INFO placement.requestlog [req-294f15d8-acbb-4b42-a3bb-949f17f37f82 req-827440d3-44bf-4186-bb4f-e73a6586dc7b e191436d0fe747f998da9f7d45d242c5 b3fb6402a17d4ed189a459f4e6b96bdd - - f1ee7fd4b7fe4436ab9db1c4bc4bb54a f1ee7fd4b7fe4436ab9db1c4bc4bb54a] 199.204.45.23 "GET /resource_providers/5687e92a-edc1-4c32-beb7-a73a3dd4fa91/allocations" status: 200 len: 153 microversion: 1.0 [pid: 8|app: 0|req: 375/746] 199.204.45.23 () {32 vars in 856 bytes} [Sat Jul 25 09:29:27 2026] GET /resource_providers/5687e92a-edc1-4c32-beb7-a73a3dd4fa91/allocations => generated 153 bytes in 17 msecs (HTTP/1.1 200) 6 headers in 224 bytes (1 switches on core 0)
2026-07-25 09:29:27.072 7 INFO placement.requestlog [req-294f15d8-acbb-4b42-a3bb-949f17f37f82 req-2efd03f2-1849-4c31-9d20-55832584f6a4 e191436d0fe747f998da9f7d45d242c5 b3fb6402a17d4ed189a459f4e6b96bdd - - f1ee7fd4b7fe4436ab9db1c4bc4bb54a f1ee7fd4b7fe4436ab9db1c4bc4bb54a] 199.204.45.23 "GET /allocations/ae00fb9e-b05d-4047-9906-55cf6f5b4f37" status: 200 len: 258 microversion: 1.28 [pid: 7|app: 0|req: 372/747] 199.204.45.23 () {34 vars in 862 bytes} [Sat Jul 25 09:29:27 2026] GET /allocations/ae00fb9e-b05d-4047-9906-55cf6f5b4f37 => generated 258 bytes in 18 msecs (HTTP/1.1 200) 8 headers in 296 bytes (1 switches on core 0)
2026-07-25 09:29:28.208 8 INFO placement.requestlog [None req-8602ff30-3bbb-4f6b-8418-cc4889b8f061 d33ee2d4d6b54391bc99f21428615ffa b3fb6402a17d4ed189a459f4e6b96bdd - - f1ee7fd4b7fe4436ab9db1c4bc4bb54a f1ee7fd4b7fe4436ab9db1c4bc4bb54a] 10.0.0.233 "GET /resource_providers/1e62485d-e66a-4654-bc83-1461818d4f3d/aggregates" status: 404 len: 235 microversion: 1.1 [pid: 8|app: 0|req: 376/748] 10.0.0.233 () {32 vars in 816 bytes} [Sat Jul 25 09:29:28 2026] GET /resource_providers/1e62485d-e66a-4654-bc83-1461818d4f3d/aggregates => generated 235 bytes in 10 msecs (HTTP/1.1 404) 5 headers in 202 bytes (1 switches on core 0)
2026-07-25 09:29:28.219 7 INFO placement.requestlog [None req-8b591d4c-d73a-4178-9bff-b931522b32e5 d33ee2d4d6b54391bc99f21428615ffa b3fb6402a17d4ed189a459f4e6b96bdd - - f1ee7fd4b7fe4436ab9db1c4bc4bb54a f1ee7fd4b7fe4436ab9db1c4bc4bb54a] 10.0.0.233 "GET /resource_providers/1e62485d-e66a-4654-bc83-1461818d4f3d/aggregates" status: 404 len: 235 microversion: 1.1 [pid: 7|app: 0|req: 373/749] 10.0.0.233 () {32 vars in 816 bytes} [Sat Jul 25 09:29:28 2026] GET /resource_providers/1e62485d-e66a-4654-bc83-1461818d4f3d/aggregates => generated 235 bytes in 10 msecs (HTTP/1.1 404) 5 headers in 202 bytes (1 switches on core 0)
2026-07-25 09:29:28.225 8 INFO placement.requestlog [None req-d494ee02-1b8e-4c56-b083-f638ee115001 d33ee2d4d6b54391bc99f21428615ffa b3fb6402a17d4ed189a459f4e6b96bdd - - f1ee7fd4b7fe4436ab9db1c4bc4bb54a f1ee7fd4b7fe4436ab9db1c4bc4bb54a] 10.0.0.233 "DELETE /resource_providers/1e62485d-e66a-4654-bc83-1461818d4f3d" status: 404 len: 246 microversion: 1.1 [pid: 8|app: 0|req: 377/750] 10.0.0.233 () {34 vars in 816 bytes} [Sat Jul 25 09:29:28 2026] DELETE /resource_providers/1e62485d-e66a-4654-bc83-1461818d4f3d => generated 246 bytes in 9 msecs (HTTP/1.1 404) 6 headers in 231 bytes (1 switches on core 0)
2026-07-25 09:29:28.242 7 INFO placement.requestlog [None req-706f88e4-2c36-464d-9fb4-bc035965660c d33ee2d4d6b54391bc99f21428615ffa b3fb6402a17d4ed189a459f4e6b96bdd - - f1ee7fd4b7fe4436ab9db1c4bc4bb54a f1ee7fd4b7fe4436ab9db1c4bc4bb54a] 10.0.0.233 "DELETE /resource_providers/1e62485d-e66a-4654-bc83-1461818d4f3d" status: 404 len: 246 microversion: 1.1 [pid: 7|app: 0|req: 374/751] 10.0.0.233 () {34 vars in 816 bytes} [Sat Jul 25 09:29:28 2026] DELETE /resource_providers/1e62485d-e66a-4654-bc83-1461818d4f3d => generated 246 bytes in 8 msecs (HTTP/1.1 404) 6 headers in 231 bytes (1 switches on core 0)
2026-07-25 09:29:28.608 8 INFO placement.requestlog [None req-60235829-6ad9-4fa2-b444-728d575d37d0 - - - - - -] 10.0.0.52 "GET /" status: 200 len: 136 microversion: 1.0
2026-07-25 09:29:28.608 7 INFO placement.requestlog [None req-ae754e90-3236-4823-8dba-91b054d747ac - - - - - -] 10.0.0.52 "GET /" status: 200 len: 136 microversion: 1.0
2026-07-25 09:29:29.697 7 INFO placement.requestlog [None req-50d4bfc6-5129-426b-a2fd-b24cf7f18ceb d33ee2d4d6b54391bc99f21428615ffa b3fb6402a17d4ed189a459f4e6b96bdd - - f1ee7fd4b7fe4436ab9db1c4bc4bb54a f1ee7fd4b7fe4436ab9db1c4bc4bb54a] 10.0.0.233 "GET /resource_providers/66ddc59b-6f70-427d-8562-fe7b8bd10be9/aggregates" status: 404 len: 235 microversion: 1.1 [pid: 7|app: 0|req: 376/754] 10.0.0.233 () {32 vars in 816 bytes} [Sat Jul 25 09:29:29 2026] GET /resource_providers/66ddc59b-6f70-427d-8562-fe7b8bd10be9/aggregates => generated 235 bytes in 9 msecs (HTTP/1.1 404) 5 headers in 202 bytes (1 switches on core 0)
2026-07-25 09:29:29.702 8 INFO placement.requestlog [None req-33ae7186-5b95-4681-a7f3-12d028717857 d33ee2d4d6b54391bc99f21428615ffa b3fb6402a17d4ed189a459f4e6b96bdd - - f1ee7fd4b7fe4436ab9db1c4bc4bb54a f1ee7fd4b7fe4436ab9db1c4bc4bb54a] 10.0.0.233 "GET /resource_providers/66ddc59b-6f70-427d-8562-fe7b8bd10be9/aggregates" status: 404 len: 235 microversion: 1.1 [pid: 8|app: 0|req: 379/755] 10.0.0.233 () {32 vars in 816 bytes} [Sat Jul 25 09:29:29 2026] GET /resource_providers/66ddc59b-6f70-427d-8562-fe7b8bd10be9/aggregates => generated 235 bytes in 11 msecs (HTTP/1.1 404) 5 headers in 202 bytes (1 switches on core 0)
2026-07-25 09:29:29.718 7 INFO placement.requestlog [None req-35a57c9c-f8d3-4658-8484-c1c177fdd216 d33ee2d4d6b54391bc99f21428615ffa b3fb6402a17d4ed189a459f4e6b96bdd - - f1ee7fd4b7fe4436ab9db1c4bc4bb54a f1ee7fd4b7fe4436ab9db1c4bc4bb54a] 10.0.0.233 "DELETE /resource_providers/66ddc59b-6f70-427d-8562-fe7b8bd10be9" status: 404 len: 246 microversion: 1.1 [pid: 7|app: 0|req: 377/756] 10.0.0.233 () {34 vars in 816 bytes} [Sat Jul 25 09:29:29 2026] DELETE /resource_providers/66ddc59b-6f70-427d-8562-fe7b8bd10be9 => generated 246 bytes in 8 msecs (HTTP/1.1 404) 6 headers in 231 bytes (1 switches on core 0)
2026-07-25 09:29:29.724 8 INFO placement.requestlog [None req-669fabf9-ebb5-4c6e-a146-e0d4011c58e3 d33ee2d4d6b54391bc99f21428615ffa b3fb6402a17d4ed189a459f4e6b96bdd - - f1ee7fd4b7fe4436ab9db1c4bc4bb54a f1ee7fd4b7fe4436ab9db1c4bc4bb54a] 10.0.0.233 "DELETE /resource_providers/66ddc59b-6f70-427d-8562-fe7b8bd10be9" status: 404 len: 246 microversion: 1.1 [pid: 8|app: 0|req: 380/757] 10.0.0.233 () {34 vars in 816 bytes} [Sat Jul 25 09:29:29 2026] DELETE /resource_providers/66ddc59b-6f70-427d-8562-fe7b8bd10be9 => generated 246 bytes in 14 msecs (HTTP/1.1 404) 6 headers in 231 bytes (1 switches on core 0)
2026-07-25 09:29:29.925 7 INFO placement.requestlog [req-cd21ee62-fc43-4736-b716-512d30449506 req-37478999-4e32-4a28-9f27-199ad296586e e191436d0fe747f998da9f7d45d242c5 b3fb6402a17d4ed189a459f4e6b96bdd - - f1ee7fd4b7fe4436ab9db1c4bc4bb54a f1ee7fd4b7fe4436ab9db1c4bc4bb54a] 199.204.45.23 "GET /resource_providers/5687e92a-edc1-4c32-beb7-a73a3dd4fa91/allocations" status: 200 len: 153 microversion: 1.0 [pid: 7|app: 0|req: 378/758] 199.204.45.23 () {32 vars in 856 bytes} [Sat Jul 25 09:29:29 2026] GET /resource_providers/5687e92a-edc1-4c32-beb7-a73a3dd4fa91/allocations => generated 153 bytes in 15 msecs (HTTP/1.1 200) 6 headers in 224 bytes (1 switches on core 0)
2026-07-25 09:29:29.945 8 INFO placement.requestlog [req-cd21ee62-fc43-4736-b716-512d30449506 req-49b1fd68-bccd-4af8-b47d-052a3e757510 e191436d0fe747f998da9f7d45d242c5 b3fb6402a17d4ed189a459f4e6b96bdd - - f1ee7fd4b7fe4436ab9db1c4bc4bb54a f1ee7fd4b7fe4436ab9db1c4bc4bb54a] 199.204.45.23 "GET /resource_providers/5687e92a-edc1-4c32-beb7-a73a3dd4fa91/allocations" status: 200 len: 153 microversion: 1.0 [pid: 8|app: 0|req: 381/759] 199.204.45.23 () {32 vars in 856 bytes} [Sat Jul 25 09:29:29 2026] GET /resource_providers/5687e92a-edc1-4c32-beb7-a73a3dd4fa91/allocations => generated 153 bytes in 15 msecs (HTTP/1.1 200) 6 headers in 224 bytes (1 switches on core 0)
2026-07-25 09:29:29.961 7 INFO placement.requestlog [req-cd21ee62-fc43-4736-b716-512d30449506 req-0ef2bbd9-7e8a-4c82-acbf-da0e09f08618 e191436d0fe747f998da9f7d45d242c5 b3fb6402a17d4ed189a459f4e6b96bdd - - f1ee7fd4b7fe4436ab9db1c4bc4bb54a f1ee7fd4b7fe4436ab9db1c4bc4bb54a] 199.204.45.23 "GET /allocations/ae00fb9e-b05d-4047-9906-55cf6f5b4f37" status: 200 len: 258 microversion: 1.28 [pid: 7|app: 0|req: 379/760] 199.204.45.23 () {34 vars in 862 bytes} [Sat Jul 25 09:29:29 2026] GET /allocations/ae00fb9e-b05d-4047-9906-55cf6f5b4f37 => generated 258 bytes in 12 msecs (HTTP/1.1 200) 8 headers in 296 bytes (1 switches on core 0)
2026-07-25 09:29:31.643 8 INFO placement.requestlog [None req-e5777c29-de41-4cb7-a1f3-c45fe13add4d d33ee2d4d6b54391bc99f21428615ffa b3fb6402a17d4ed189a459f4e6b96bdd - - f1ee7fd4b7fe4436ab9db1c4bc4bb54a f1ee7fd4b7fe4436ab9db1c4bc4bb54a] 10.0.0.233 "GET /resource_providers/e97de08b-e9bc-4d67-bc35-77560928778c/aggregates" status: 404 len: 235 microversion: 1.1 [pid: 8|app: 0|req: 382/761] 10.0.0.233 () {32 vars in 816 bytes} [Sat Jul 25 09:29:31 2026] GET /resource_providers/e97de08b-e9bc-4d67-bc35-77560928778c/aggregates => generated 235 bytes in 8 msecs (HTTP/1.1 404) 5 headers in 202 bytes (1 switches on core 0)
2026-07-25 09:29:31.645 7 INFO placement.requestlog [None req-78ec4be4-47d5-40d5-8d19-54bc71b50ad0 d33ee2d4d6b54391bc99f21428615ffa b3fb6402a17d4ed189a459f4e6b96bdd - - f1ee7fd4b7fe4436ab9db1c4bc4bb54a f1ee7fd4b7fe4436ab9db1c4bc4bb54a] 10.0.0.233 "GET /resource_providers/e97de08b-e9bc-4d67-bc35-77560928778c/aggregates" status: 404 len: 235 microversion: 1.1 [pid: 7|app: 0|req: 380/762] 10.0.0.233 () {32 vars in 816 bytes} [Sat Jul 25 09:29:31 2026] GET /resource_providers/e97de08b-e9bc-4d67-bc35-77560928778c/aggregates => generated 235 bytes in 9 msecs (HTTP/1.1 404) 5 headers in 202 bytes (1 switches on core 0)
2026-07-25 09:29:31.661 8 INFO placement.requestlog [None req-fdcd1d05-bd2b-4de1-b864-c8211ab06b08 d33ee2d4d6b54391bc99f21428615ffa b3fb6402a17d4ed189a459f4e6b96bdd - - f1ee7fd4b7fe4436ab9db1c4bc4bb54a f1ee7fd4b7fe4436ab9db1c4bc4bb54a] 10.0.0.233 "DELETE /resource_providers/e97de08b-e9bc-4d67-bc35-77560928778c" status: 404 len: 246 microversion: 1.1 [pid: 8|app: 0|req: 383/763] 10.0.0.233 () {34 vars in 816 bytes} [Sat Jul 25 09:29:31 2026] DELETE /resource_providers/e97de08b-e9bc-4d67-bc35-77560928778c => generated 246 bytes in 8 msecs (HTTP/1.1 404) 6 headers in 231 bytes (1 switches on core 0)
2026-07-25 09:29:31.666 7 INFO placement.requestlog [None req-a0bedc1e-72be-4629-b5b4-341eaa2c44d6 d33ee2d4d6b54391bc99f21428615ffa b3fb6402a17d4ed189a459f4e6b96bdd - - f1ee7fd4b7fe4436ab9db1c4bc4bb54a f1ee7fd4b7fe4436ab9db1c4bc4bb54a] 10.0.0.233 "DELETE /resource_providers/e97de08b-e9bc-4d67-bc35-77560928778c" status: 404 len: 246 microversion: 1.1 [pid: 7|app: 0|req: 381/764] 10.0.0.233 () {34 vars in 816 bytes} [Sat Jul 25 09:29:31 2026] DELETE /resource_providers/e97de08b-e9bc-4d67-bc35-77560928778c => generated 246 bytes in 12 msecs (HTTP/1.1 404) 6 headers in 231 bytes (1 switches on core 0)
2026-07-25 09:29:34.434 7 INFO placement.requestlog [None req-2f55b52d-1db3-4f7f-aca7-174ee0e35dcf d33ee2d4d6b54391bc99f21428615ffa b3fb6402a17d4ed189a459f4e6b96bdd - - f1ee7fd4b7fe4436ab9db1c4bc4bb54a f1ee7fd4b7fe4436ab9db1c4bc4bb54a] 10.0.0.233 "GET /resource_providers/82a8a370-e029-440d-b352-f8baa41c5671/aggregates" status: 404 len: 235 microversion: 1.1 [pid: 7|app: 0|req: 382/765] 10.0.0.233 () {32 vars in 816 bytes} [Sat Jul 25 09:29:34 2026] GET /resource_providers/82a8a370-e029-440d-b352-f8baa41c5671/aggregates => generated 235 bytes in 9 msecs (HTTP/1.1 404) 5 headers in 202 bytes (1 switches on core 0)
2026-07-25 09:29:34.436 8 INFO placement.requestlog [None req-161b92c9-a703-459a-8900-3a84c4de476b d33ee2d4d6b54391bc99f21428615ffa b3fb6402a17d4ed189a459f4e6b96bdd - - f1ee7fd4b7fe4436ab9db1c4bc4bb54a f1ee7fd4b7fe4436ab9db1c4bc4bb54a] 10.0.0.233 "GET /resource_providers/82a8a370-e029-440d-b352-f8baa41c5671/aggregates" status: 404 len: 235 microversion: 1.1 [pid: 8|app: 0|req: 384/766] 10.0.0.233 () {32 vars in 816 bytes} [Sat Jul 25 09:29:34 2026] GET /resource_providers/82a8a370-e029-440d-b352-f8baa41c5671/aggregates => generated 235 bytes in 11 msecs (HTTP/1.1 404) 5 headers in 202 bytes (1 switches on core 0)
2026-07-25 09:29:34.448 7 INFO placement.requestlog [None req-e5c068d3-1632-4bba-b5e2-1c1944372b0f d33ee2d4d6b54391bc99f21428615ffa b3fb6402a17d4ed189a459f4e6b96bdd - - f1ee7fd4b7fe4436ab9db1c4bc4bb54a f1ee7fd4b7fe4436ab9db1c4bc4bb54a] 10.0.0.233 "DELETE /resource_providers/82a8a370-e029-440d-b352-f8baa41c5671" status: 404 len: 246 microversion: 1.1 [pid: 7|app: 0|req: 383/767] 10.0.0.233 () {34 vars in 816 bytes} [Sat Jul 25 09:29:34 2026] DELETE /resource_providers/82a8a370-e029-440d-b352-f8baa41c5671 => generated 246 bytes in 7 msecs (HTTP/1.1 404) 6 headers in 231 bytes (1 switches on core 0)
2026-07-25 09:29:34.457 8 INFO placement.requestlog [None req-8f6cce7b-3d34-449c-a1fe-263eaa62d0d2 d33ee2d4d6b54391bc99f21428615ffa b3fb6402a17d4ed189a459f4e6b96bdd - - f1ee7fd4b7fe4436ab9db1c4bc4bb54a f1ee7fd4b7fe4436ab9db1c4bc4bb54a] 10.0.0.233 "DELETE /resource_providers/82a8a370-e029-440d-b352-f8baa41c5671" status: 404 len: 246 microversion: 1.1 [pid: 8|app: 0|req: 385/768] 10.0.0.233 () {34 vars in 816 bytes} [Sat Jul 25 09:29:34 2026] DELETE /resource_providers/82a8a370-e029-440d-b352-f8baa41c5671 => generated 246 bytes in 11 msecs (HTTP/1.1 404) 6 headers in 231 bytes (1 switches on core 0)
2026-07-25 09:29:38.608 7 INFO placement.requestlog [None req-0158ca38-5244-4175-9635-8353660743eb - - - - - -] 10.0.0.52 "GET /" status: 200 len: 136 microversion: 1.0
2026-07-25 09:29:38.608 8 INFO placement.requestlog [None req-730a8443-8b14-4e17-86da-0728f0feaf3f - - - - - -] 10.0.0.52 "GET /" status: 200 len: 136 microversion: 1.0
2026-07-25 09:29:48.608 7 INFO placement.requestlog [None req-6e4c8497-0887-4259-80ad-512caa20fe8e - - - - - -] 10.0.0.52 "GET /" status: 200 len: 136 microversion: 1.0
2026-07-25 09:29:48.608 8 INFO placement.requestlog [None req-6b175f78-808e-42dd-9af2-f662861e1e81 - - - - - -] 10.0.0.52 "GET /" status: 200 len: 136 microversion: 1.0
2026-07-25 09:29:53.594 8 INFO placement.requestlog [None req-a011c624-67aa-4e3a-acc2-222c16e5bd0e d33ee2d4d6b54391bc99f21428615ffa b3fb6402a17d4ed189a459f4e6b96bdd - - f1ee7fd4b7fe4436ab9db1c4bc4bb54a f1ee7fd4b7fe4436ab9db1c4bc4bb54a] 10.0.0.233 "GET /resource_providers/d7506ada-c949-4ce9-b2a3-4d84cfc8ceb1/aggregates" status: 404 len: 235 microversion: 1.1
2026-07-25 09:29:53.595 7 INFO placement.requestlog [None req-86a8965d-74eb-403d-a380-c0ed1798ff6c d33ee2d4d6b54391bc99f21428615ffa b3fb6402a17d4ed189a459f4e6b96bdd - - f1ee7fd4b7fe4436ab9db1c4bc4bb54a f1ee7fd4b7fe4436ab9db1c4bc4bb54a] 10.0.0.233 "GET /resource_providers/d7506ada-c949-4ce9-b2a3-4d84cfc8ceb1/aggregates" status: 404 len: 235 microversion: 1.1 [pid: 8|app: 0|req: 388/773] 10.0.0.233 () {32 vars in 816 bytes} [Sat Jul 25 09:29:53 2026] GET /resource_providers/d7506ada-c949-4ce9-b2a3-4d84cfc8ceb1/aggregates => generated 235 bytes in 11 msecs (HTTP/1.1 404) 5 headers in 202 bytes (1 switches on core 0) [pid: 7|app: 0|req: 386/774] 10.0.0.233 () {32 vars in 816 bytes} [Sat Jul 25 09:29:53 2026] GET /resource_providers/d7506ada-c949-4ce9-b2a3-4d84cfc8ceb1/aggregates => generated 235 bytes in 13 msecs (HTTP/1.1 404) 5 headers in 202 bytes (1 switches on core 0)
2026-07-25 09:29:53.617 8 INFO placement.requestlog [None req-18fc2e20-b928-44f8-a82a-9a8ce9f4267e d33ee2d4d6b54391bc99f21428615ffa b3fb6402a17d4ed189a459f4e6b96bdd - - f1ee7fd4b7fe4436ab9db1c4bc4bb54a f1ee7fd4b7fe4436ab9db1c4bc4bb54a] 10.0.0.233 "DELETE /resource_providers/d7506ada-c949-4ce9-b2a3-4d84cfc8ceb1" status: 404 len: 246 microversion: 1.1 [pid: 8|app: 0|req: 389/775] 10.0.0.233 () {34 vars in 816 bytes} [Sat Jul 25 09:29:53 2026] DELETE /resource_providers/d7506ada-c949-4ce9-b2a3-4d84cfc8ceb1 => generated 246 bytes in 10 msecs (HTTP/1.1 404) 6 headers in 231 bytes (1 switches on core 0)
2026-07-25 09:29:53.622 7 INFO placement.requestlog [None req-28380378-6f4c-4615-8ae8-2865330e8174 d33ee2d4d6b54391bc99f21428615ffa b3fb6402a17d4ed189a459f4e6b96bdd - - f1ee7fd4b7fe4436ab9db1c4bc4bb54a f1ee7fd4b7fe4436ab9db1c4bc4bb54a] 10.0.0.233 "DELETE /resource_providers/d7506ada-c949-4ce9-b2a3-4d84cfc8ceb1" status: 404 len: 246 microversion: 1.1 [pid: 7|app: 0|req: 387/776] 10.0.0.233 () {34 vars in 816 bytes} [Sat Jul 25 09:29:53 2026] DELETE /resource_providers/d7506ada-c949-4ce9-b2a3-4d84cfc8ceb1 => generated 246 bytes in 7 msecs (HTTP/1.1 404) 6 headers in 231 bytes (1 switches on core 0)
2026-07-25 09:29:58.608 7 INFO placement.requestlog [None req-727a2035-d28f-405f-93bb-0b7e02412825 - - - - - -] 10.0.0.52 "GET /" status: 200 len: 136 microversion: 1.0
2026-07-25 09:29:58.608 8 INFO placement.requestlog [None req-3ba51815-7f44-4d02-bb1e-8498601c4378 - - - - - -] 10.0.0.52 "GET /" status: 200 len: 136 microversion: 1.0
2026-07-25 09:30:08.607 8 INFO placement.requestlog [None req-653808d7-32be-4045-9265-3eb1e1963137 - - - - - -] 10.0.0.52 "GET /" status: 200 len: 136 microversion: 1.0
2026-07-25 09:30:08.607 7 INFO placement.requestlog [None req-f231a911-0b44-4ecc-8597-ddca4038ea07 - - - - - -] 10.0.0.52 "GET /" status: 200 len: 136 microversion: 1.0
2026-07-25 09:30:09.938 8 INFO placement.requestlog [req-c3ded740-04df-4d2a-97bb-01853c6bcf85 req-b20b69c5-089d-4f25-a6ab-df7dc7550bfc e191436d0fe747f998da9f7d45d242c5 b3fb6402a17d4ed189a459f4e6b96bdd - - f1ee7fd4b7fe4436ab9db1c4bc4bb54a f1ee7fd4b7fe4436ab9db1c4bc4bb54a] 199.204.45.23 "GET /resource_providers/5687e92a-edc1-4c32-beb7-a73a3dd4fa91/allocations" status: 200 len: 153 microversion: 1.0 [pid: 8|app: 0|req: 392/781] 199.204.45.23 () {32 vars in 856 bytes} [Sat Jul 25 09:30:09 2026] GET /resource_providers/5687e92a-edc1-4c32-beb7-a73a3dd4fa91/allocations => generated 153 bytes in 18 msecs (HTTP/1.1 200) 6 headers in 224 bytes (1 switches on core 0)
2026-07-25 09:30:09.955 7 INFO placement.requestlog [req-c3ded740-04df-4d2a-97bb-01853c6bcf85 req-6ef4e2a1-0208-422c-8f21-711ca00dfe15 e191436d0fe747f998da9f7d45d242c5 b3fb6402a17d4ed189a459f4e6b96bdd - - f1ee7fd4b7fe4436ab9db1c4bc4bb54a f1ee7fd4b7fe4436ab9db1c4bc4bb54a] 199.204.45.23 "GET /allocations/ae00fb9e-b05d-4047-9906-55cf6f5b4f37" status: 200 len: 258 microversion: 1.28 [pid: 7|app: 0|req: 390/782] 199.204.45.23 () {34 vars in 862 bytes} [Sat Jul 25 09:30:09 2026] GET /allocations/ae00fb9e-b05d-4047-9906-55cf6f5b4f37 => generated 258 bytes in 10 msecs (HTTP/1.1 200) 8 headers in 296 bytes (1 switches on core 0)
2026-07-25 09:30:10.636 8 INFO placement.requestlog [None req-468ea24f-883d-48da-a525-8138a63c4e0c d33ee2d4d6b54391bc99f21428615ffa b3fb6402a17d4ed189a459f4e6b96bdd - - f1ee7fd4b7fe4436ab9db1c4bc4bb54a f1ee7fd4b7fe4436ab9db1c4bc4bb54a] 10.0.0.233 "GET /resource_providers/57f58cfc-623b-4095-82b4-3e392ee5aeaa/aggregates" status: 404 len: 235 microversion: 1.1 [pid: 8|app: 0|req: 393/783] 10.0.0.233 () {32 vars in 816 bytes} [Sat Jul 25 09:30:10 2026] GET /resource_providers/57f58cfc-623b-4095-82b4-3e392ee5aeaa/aggregates => generated 235 bytes in 6 msecs (HTTP/1.1 404) 5 headers in 202 bytes (1 switches on core 0)
2026-07-25 09:30:10.654 7 INFO placement.requestlog [None req-d2e5ed36-0df8-487a-9b85-a379a1a58fdc d33ee2d4d6b54391bc99f21428615ffa b3fb6402a17d4ed189a459f4e6b96bdd - - f1ee7fd4b7fe4436ab9db1c4bc4bb54a f1ee7fd4b7fe4436ab9db1c4bc4bb54a] 10.0.0.233 "GET /resource_providers/57f58cfc-623b-4095-82b4-3e392ee5aeaa/aggregates" status: 404 len: 235 microversion: 1.1 [pid: 7|app: 0|req: 391/784] 10.0.0.233 () {32 vars in 816 bytes} [Sat Jul 25 09:30:10 2026] GET /resource_providers/57f58cfc-623b-4095-82b4-3e392ee5aeaa/aggregates => generated 235 bytes in 15 msecs (HTTP/1.1 404) 5 headers in 202 bytes (1 switches on core 0)
2026-07-25 09:30:10.657 8 INFO placement.requestlog [None req-66fdf243-da54-446d-b3a4-c27d95699cb1 d33ee2d4d6b54391bc99f21428615ffa b3fb6402a17d4ed189a459f4e6b96bdd - - f1ee7fd4b7fe4436ab9db1c4bc4bb54a f1ee7fd4b7fe4436ab9db1c4bc4bb54a] 10.0.0.233 "DELETE /resource_providers/57f58cfc-623b-4095-82b4-3e392ee5aeaa" status: 404 len: 246 microversion: 1.1 [pid: 8|app: 0|req: 394/785] 10.0.0.233 () {34 vars in 816 bytes} [Sat Jul 25 09:30:10 2026] DELETE /resource_providers/57f58cfc-623b-4095-82b4-3e392ee5aeaa => generated 246 bytes in 11 msecs (HTTP/1.1 404) 6 headers in 231 bytes (1 switches on core 0)
2026-07-25 09:30:10.674 7 INFO placement.requestlog [None req-1245a69b-de42-4529-8d9e-8ae8a486b53e d33ee2d4d6b54391bc99f21428615ffa b3fb6402a17d4ed189a459f4e6b96bdd - - f1ee7fd4b7fe4436ab9db1c4bc4bb54a f1ee7fd4b7fe4436ab9db1c4bc4bb54a] 10.0.0.233 "DELETE /resource_providers/57f58cfc-623b-4095-82b4-3e392ee5aeaa" status: 404 len: 246 microversion: 1.1 [pid: 7|app: 0|req: 392/786] 10.0.0.233 () {34 vars in 816 bytes} [Sat Jul 25 09:30:10 2026] DELETE /resource_providers/57f58cfc-623b-4095-82b4-3e392ee5aeaa => generated 246 bytes in 10 msecs (HTTP/1.1 404) 6 headers in 231 bytes (1 switches on core 0)
2026-07-25 09:30:11.003 8 INFO placement.requestlog [req-c3ded740-04df-4d2a-97bb-01853c6bcf85 req-11f4a0af-c599-44d7-a9cc-74bd5c3cffcb e191436d0fe747f998da9f7d45d242c5 b3fb6402a17d4ed189a459f4e6b96bdd - - f1ee7fd4b7fe4436ab9db1c4bc4bb54a f1ee7fd4b7fe4436ab9db1c4bc4bb54a] 199.204.45.23 "DELETE /allocations/ae00fb9e-b05d-4047-9906-55cf6f5b4f37" status: 204 len: 0 microversion: 1.0 [pid: 8|app: 0|req: 395/787] 199.204.45.23 () {34 vars in 840 bytes} [Sat Jul 25 09:30:10 2026] DELETE /allocations/ae00fb9e-b05d-4047-9906-55cf6f5b4f37 => generated 0 bytes in 19 msecs (HTTP/1.1 204) 5 headers in 198 bytes (1 switches on core 0)
2026-07-25 09:30:14.932 7 INFO placement.requestlog [None req-b15828ac-38e2-4fac-8efa-475f12c5b4ba d33ee2d4d6b54391bc99f21428615ffa b3fb6402a17d4ed189a459f4e6b96bdd - - f1ee7fd4b7fe4436ab9db1c4bc4bb54a f1ee7fd4b7fe4436ab9db1c4bc4bb54a] 10.0.0.233 "GET /resource_providers/60ead889-21a5-41bb-89be-5fc7f2a01ffe/aggregates" status: 404 len: 235 microversion: 1.1 [pid: 7|app: 0|req: 393/788] 10.0.0.233 () {32 vars in 816 bytes} [Sat Jul 25 09:30:14 2026] GET /resource_providers/60ead889-21a5-41bb-89be-5fc7f2a01ffe/aggregates => generated 235 bytes in 11 msecs (HTTP/1.1 404) 5 headers in 202 bytes (1 switches on core 0)
2026-07-25 09:30:14.939 8 INFO placement.requestlog [None req-b028406e-424d-4428-9166-1e79f9878436 d33ee2d4d6b54391bc99f21428615ffa b3fb6402a17d4ed189a459f4e6b96bdd - - f1ee7fd4b7fe4436ab9db1c4bc4bb54a f1ee7fd4b7fe4436ab9db1c4bc4bb54a] 10.0.0.233 "GET /resource_providers/60ead889-21a5-41bb-89be-5fc7f2a01ffe/aggregates" status: 404 len: 235 microversion: 1.1 [pid: 8|app: 0|req: 396/789] 10.0.0.233 () {32 vars in 816 bytes} [Sat Jul 25 09:30:14 2026] GET /resource_providers/60ead889-21a5-41bb-89be-5fc7f2a01ffe/aggregates => generated 235 bytes in 11 msecs (HTTP/1.1 404) 5 headers in 202 bytes (1 switches on core 0)
2026-07-25 09:30:14.972 7 INFO placement.requestlog [None req-af94340b-60f4-4c8e-a19f-3cf358757119 d33ee2d4d6b54391bc99f21428615ffa b3fb6402a17d4ed189a459f4e6b96bdd - - f1ee7fd4b7fe4436ab9db1c4bc4bb54a f1ee7fd4b7fe4436ab9db1c4bc4bb54a] 10.0.0.233 "DELETE /resource_providers/60ead889-21a5-41bb-89be-5fc7f2a01ffe" status: 404 len: 246 microversion: 1.1 [pid: 7|app: 0|req: 394/790] 10.0.0.233 () {34 vars in 816 bytes} [Sat Jul 25 09:30:14 2026] DELETE /resource_providers/60ead889-21a5-41bb-89be-5fc7f2a01ffe => generated 246 bytes in 7 msecs (HTTP/1.1 404) 6 headers in 231 bytes (1 switches on core 0)
2026-07-25 09:30:14.987 8 INFO placement.requestlog [None req-92a4e1fe-9d45-4954-8416-5108039a601b d33ee2d4d6b54391bc99f21428615ffa b3fb6402a17d4ed189a459f4e6b96bdd - - f1ee7fd4b7fe4436ab9db1c4bc4bb54a f1ee7fd4b7fe4436ab9db1c4bc4bb54a] 10.0.0.233 "DELETE /resource_providers/60ead889-21a5-41bb-89be-5fc7f2a01ffe" status: 404 len: 246 microversion: 1.1 [pid: 8|app: 0|req: 397/791] 10.0.0.233 () {34 vars in 816 bytes} [Sat Jul 25 09:30:14 2026] DELETE /resource_providers/60ead889-21a5-41bb-89be-5fc7f2a01ffe => generated 246 bytes in 14 msecs (HTTP/1.1 404) 6 headers in 231 bytes (1 switches on core 0)
2026-07-25 09:30:15.522 7 INFO placement.requestlog [None req-6f6e0229-2f2d-462f-9302-d75f246b8c88 d33ee2d4d6b54391bc99f21428615ffa b3fb6402a17d4ed189a459f4e6b96bdd - - f1ee7fd4b7fe4436ab9db1c4bc4bb54a f1ee7fd4b7fe4436ab9db1c4bc4bb54a] 10.0.0.233 "GET /resource_providers/2292a4a3-68e6-4da5-9f5d-749fe16f59c8/aggregates" status: 404 len: 235 microversion: 1.1 [pid: 7|app: 0|req: 395/792] 10.0.0.233 () {32 vars in 816 bytes} [Sat Jul 25 09:30:15 2026] GET /resource_providers/2292a4a3-68e6-4da5-9f5d-749fe16f59c8/aggregates => generated 235 bytes in 14 msecs (HTTP/1.1 404) 5 headers in 202 bytes (1 switches on core 0)
2026-07-25 09:30:15.523 8 INFO placement.requestlog [None req-ac6d1348-acbd-44ac-880f-55683915de8a d33ee2d4d6b54391bc99f21428615ffa b3fb6402a17d4ed189a459f4e6b96bdd - - f1ee7fd4b7fe4436ab9db1c4bc4bb54a f1ee7fd4b7fe4436ab9db1c4bc4bb54a] 10.0.0.233 "GET /resource_providers/2292a4a3-68e6-4da5-9f5d-749fe16f59c8/aggregates" status: 404 len: 235 microversion: 1.1 [pid: 8|app: 0|req: 398/793] 10.0.0.233 () {32 vars in 816 bytes} [Sat Jul 25 09:30:15 2026] GET /resource_providers/2292a4a3-68e6-4da5-9f5d-749fe16f59c8/aggregates => generated 235 bytes in 13 msecs (HTTP/1.1 404) 5 headers in 202 bytes (1 switches on core 0)
2026-07-25 09:30:15.550 8 INFO placement.requestlog [None req-e12dbe7f-18fc-44b3-a6b9-79837fc92aa3 d33ee2d4d6b54391bc99f21428615ffa b3fb6402a17d4ed189a459f4e6b96bdd - - f1ee7fd4b7fe4436ab9db1c4bc4bb54a f1ee7fd4b7fe4436ab9db1c4bc4bb54a] 10.0.0.233 "DELETE /resource_providers/2292a4a3-68e6-4da5-9f5d-749fe16f59c8" status: 404 len: 246 microversion: 1.1 [pid: 8|app: 0|req: 399/794] 10.0.0.233 () {34 vars in 816 bytes} [Sat Jul 25 09:30:15 2026] DELETE /resource_providers/2292a4a3-68e6-4da5-9f5d-749fe16f59c8 => generated 246 bytes in 12 msecs (HTTP/1.1 404) 6 headers in 231 bytes (1 switches on core 0)
2026-07-25 09:30:15.551 7 INFO placement.requestlog [None req-9501073d-ba7e-49c9-8849-3aac09d541b8 d33ee2d4d6b54391bc99f21428615ffa b3fb6402a17d4ed189a459f4e6b96bdd - - f1ee7fd4b7fe4436ab9db1c4bc4bb54a f1ee7fd4b7fe4436ab9db1c4bc4bb54a] 10.0.0.233 "DELETE /resource_providers/2292a4a3-68e6-4da5-9f5d-749fe16f59c8" status: 404 len: 246 microversion: 1.1 [pid: 7|app: 0|req: 396/795] 10.0.0.233 () {34 vars in 816 bytes} [Sat Jul 25 09:30:15 2026] DELETE /resource_providers/2292a4a3-68e6-4da5-9f5d-749fe16f59c8 => generated 246 bytes in 13 msecs (HTTP/1.1 404) 6 headers in 231 bytes (1 switches on core 0)
2026-07-25 09:30:17.856 8 INFO placement.requestlog [None req-100c6f68-9275-4be5-834f-895c5e1c26ce d33ee2d4d6b54391bc99f21428615ffa b3fb6402a17d4ed189a459f4e6b96bdd - - f1ee7fd4b7fe4436ab9db1c4bc4bb54a f1ee7fd4b7fe4436ab9db1c4bc4bb54a] 10.0.0.233 "GET /resource_providers/40e8025c-64b5-4f50-88b1-d98dea7e9735/aggregates" status: 404 len: 235 microversion: 1.1 [pid: 8|app: 0|req: 400/796] 10.0.0.233 () {32 vars in 816 bytes} [Sat Jul 25 09:30:17 2026] GET /resource_providers/40e8025c-64b5-4f50-88b1-d98dea7e9735/aggregates => generated 235 bytes in 9 msecs (HTTP/1.1 404) 5 headers in 202 bytes (1 switches on core 0)
2026-07-25 09:30:17.858 7 INFO placement.requestlog [None req-5e5e1b52-9dd3-46be-8bd7-58dfd030ca74 d33ee2d4d6b54391bc99f21428615ffa b3fb6402a17d4ed189a459f4e6b96bdd - - f1ee7fd4b7fe4436ab9db1c4bc4bb54a f1ee7fd4b7fe4436ab9db1c4bc4bb54a] 10.0.0.233 "GET /resource_providers/40e8025c-64b5-4f50-88b1-d98dea7e9735/aggregates" status: 404 len: 235 microversion: 1.1 [pid: 7|app: 0|req: 397/797] 10.0.0.233 () {32 vars in 816 bytes} [Sat Jul 25 09:30:17 2026] GET /resource_providers/40e8025c-64b5-4f50-88b1-d98dea7e9735/aggregates => generated 235 bytes in 10 msecs (HTTP/1.1 404) 5 headers in 202 bytes (1 switches on core 0)
2026-07-25 09:30:17.882 8 INFO placement.requestlog [None req-1674e1c3-3469-49c0-8eb7-bb4d6968aa0b d33ee2d4d6b54391bc99f21428615ffa b3fb6402a17d4ed189a459f4e6b96bdd - - f1ee7fd4b7fe4436ab9db1c4bc4bb54a f1ee7fd4b7fe4436ab9db1c4bc4bb54a] 10.0.0.233 "DELETE /resource_providers/40e8025c-64b5-4f50-88b1-d98dea7e9735" status: 404 len: 246 microversion: 1.1 [pid: 8|app: 0|req: 401/798] 10.0.0.233 () {34 vars in 816 bytes} [Sat Jul 25 09:30:17 2026] DELETE /resource_providers/40e8025c-64b5-4f50-88b1-d98dea7e9735 => generated 246 bytes in 12 msecs (HTTP/1.1 404) 6 headers in 231 bytes (1 switches on core 0)
2026-07-25 09:30:17.884 7 INFO placement.requestlog [None req-33132827-f338-4b68-8c71-920e49a460e9 d33ee2d4d6b54391bc99f21428615ffa b3fb6402a17d4ed189a459f4e6b96bdd - - f1ee7fd4b7fe4436ab9db1c4bc4bb54a f1ee7fd4b7fe4436ab9db1c4bc4bb54a] 10.0.0.233 "DELETE /resource_providers/40e8025c-64b5-4f50-88b1-d98dea7e9735" status: 404 len: 246 microversion: 1.1 [pid: 7|app: 0|req: 398/799] 10.0.0.233 () {34 vars in 816 bytes} [Sat Jul 25 09:30:17 2026] DELETE /resource_providers/40e8025c-64b5-4f50-88b1-d98dea7e9735 => generated 246 bytes in 13 msecs (HTTP/1.1 404) 6 headers in 231 bytes (1 switches on core 0)
2026-07-25 09:30:18.608 7 INFO placement.requestlog [None req-37edd756-0d04-43c3-b4da-23779b2dce1c - - - - - -] 10.0.0.52 "GET /" status: 200 len: 136 microversion: 1.0
2026-07-25 09:30:18.609 8 INFO placement.requestlog [None req-31aff0b5-bba5-40f4-acfc-79fa81f77889 - - - - - -] 10.0.0.52 "GET /" status: 200 len: 136 microversion: 1.0
2026-07-25 09:30:19.942 7 INFO placement.requestlog [None req-a2331646-6535-4a7f-8d71-75abbe0bef66 d33ee2d4d6b54391bc99f21428615ffa b3fb6402a17d4ed189a459f4e6b96bdd - - f1ee7fd4b7fe4436ab9db1c4bc4bb54a f1ee7fd4b7fe4436ab9db1c4bc4bb54a] 10.0.0.233 "GET /resource_providers/53aa6c68-b4ba-44eb-927b-3b6f4e4cf4b9/aggregates" status: 404 len: 235 microversion: 1.1 [pid: 7|app: 0|req: 400/802] 10.0.0.233 () {32 vars in 816 bytes} [Sat Jul 25 09:30:19 2026] GET /resource_providers/53aa6c68-b4ba-44eb-927b-3b6f4e4cf4b9/aggregates => generated 235 bytes in 9 msecs (HTTP/1.1 404) 5 headers in 202 bytes (1 switches on core 0)
2026-07-25 09:30:19.946 8 INFO placement.requestlog [None req-b0c4a6a0-6ae6-4fcb-b189-85abdcceb84d d33ee2d4d6b54391bc99f21428615ffa b3fb6402a17d4ed189a459f4e6b96bdd - - f1ee7fd4b7fe4436ab9db1c4bc4bb54a f1ee7fd4b7fe4436ab9db1c4bc4bb54a] 10.0.0.233 "GET /resource_providers/53aa6c68-b4ba-44eb-927b-3b6f4e4cf4b9/aggregates" status: 404 len: 235 microversion: 1.1 [pid: 8|app: 0|req: 403/803] 10.0.0.233 () {32 vars in 816 bytes} [Sat Jul 25 09:30:19 2026] GET /resource_providers/53aa6c68-b4ba-44eb-927b-3b6f4e4cf4b9/aggregates => generated 235 bytes in 9 msecs (HTTP/1.1 404) 5 headers in 202 bytes (1 switches on core 0)
2026-07-25 09:30:19.963 7 INFO placement.requestlog [None req-82e28aef-1088-4180-884e-45b116f334a4 d33ee2d4d6b54391bc99f21428615ffa b3fb6402a17d4ed189a459f4e6b96bdd - - f1ee7fd4b7fe4436ab9db1c4bc4bb54a f1ee7fd4b7fe4436ab9db1c4bc4bb54a] 10.0.0.233 "DELETE /resource_providers/53aa6c68-b4ba-44eb-927b-3b6f4e4cf4b9" status: 404 len: 246 microversion: 1.1 [pid: 7|app: 0|req: 401/804] 10.0.0.233 () {34 vars in 816 bytes} [Sat Jul 25 09:30:19 2026] DELETE /resource_providers/53aa6c68-b4ba-44eb-927b-3b6f4e4cf4b9 => generated 246 bytes in 6 msecs (HTTP/1.1 404) 6 headers in 231 bytes (1 switches on core 0)
2026-07-25 09:30:19.970 8 INFO placement.requestlog [None req-d5574c46-4439-4291-9c86-2ec528a6f522 d33ee2d4d6b54391bc99f21428615ffa b3fb6402a17d4ed189a459f4e6b96bdd - - f1ee7fd4b7fe4436ab9db1c4bc4bb54a f1ee7fd4b7fe4436ab9db1c4bc4bb54a] 10.0.0.233 "DELETE /resource_providers/53aa6c68-b4ba-44eb-927b-3b6f4e4cf4b9" status: 404 len: 246 microversion: 1.1 [pid: 8|app: 0|req: 404/805] 10.0.0.233 () {34 vars in 816 bytes} [Sat Jul 25 09:30:19 2026] DELETE /resource_providers/53aa6c68-b4ba-44eb-927b-3b6f4e4cf4b9 => generated 246 bytes in 11 msecs (HTTP/1.1 404) 6 headers in 231 bytes (1 switches on core 0)
2026-07-25 09:30:28.608 7 INFO placement.requestlog [None req-676e0b1a-a715-476b-a4ee-500e69b600ec - - - - - -] 10.0.0.52 "GET /" status: 200 len: 136 microversion: 1.0
2026-07-25 09:30:28.608 8 INFO placement.requestlog [None req-9da0dfe3-b655-4473-beab-52c1044918d3 - - - - - -] 10.0.0.52 "GET /" status: 200 len: 136 microversion: 1.0
2026-07-25 09:30:29.292 7 INFO placement.requestlog [None req-0482acc1-9148-4ab0-ba23-b1d1f1f49a88 d33ee2d4d6b54391bc99f21428615ffa b3fb6402a17d4ed189a459f4e6b96bdd - - f1ee7fd4b7fe4436ab9db1c4bc4bb54a f1ee7fd4b7fe4436ab9db1c4bc4bb54a] 10.0.0.233 "GET /resource_providers/8a4cd6df-cb96-41ff-8d4d-113c4dcabe4d/aggregates" status: 404 len: 235 microversion: 1.1
2026-07-25 09:30:29.292 8 INFO placement.requestlog [None req-8680bd9b-4947-453b-b97b-d74a9421d6f1 d33ee2d4d6b54391bc99f21428615ffa b3fb6402a17d4ed189a459f4e6b96bdd - - f1ee7fd4b7fe4436ab9db1c4bc4bb54a f1ee7fd4b7fe4436ab9db1c4bc4bb54a] 10.0.0.233 "GET /resource_providers/8a4cd6df-cb96-41ff-8d4d-113c4dcabe4d/aggregates" status: 404 len: 235 microversion: 1.1 [pid: 8|app: 0|req: 406/808] 10.0.0.233 () {32 vars in 816 bytes} [Sat Jul 25 09:30:29 2026] GET /resource_providers/8a4cd6df-cb96-41ff-8d4d-113c4dcabe4d/aggregates => generated 235 bytes in 7 msecs (HTTP/1.1 404) 5 headers in 202 bytes (1 switches on core 0) [pid: 7|app: 0|req: 403/809] 10.0.0.233 () {32 vars in 816 bytes} [Sat Jul 25 09:30:29 2026] GET /resource_providers/8a4cd6df-cb96-41ff-8d4d-113c4dcabe4d/aggregates => generated 235 bytes in 8 msecs (HTTP/1.1 404) 5 headers in 202 bytes (1 switches on core 0)
2026-07-25 09:30:29.313 8 INFO placement.requestlog [None req-aef32949-b020-4c19-b873-864b8b291933 d33ee2d4d6b54391bc99f21428615ffa b3fb6402a17d4ed189a459f4e6b96bdd - - f1ee7fd4b7fe4436ab9db1c4bc4bb54a f1ee7fd4b7fe4436ab9db1c4bc4bb54a] 10.0.0.233 "DELETE /resource_providers/8a4cd6df-cb96-41ff-8d4d-113c4dcabe4d" status: 404 len: 246 microversion: 1.1 [pid: 8|app: 0|req: 407/810] 10.0.0.233 () {34 vars in 816 bytes} [Sat Jul 25 09:30:29 2026] DELETE /resource_providers/8a4cd6df-cb96-41ff-8d4d-113c4dcabe4d => generated 246 bytes in 8 msecs (HTTP/1.1 404) 6 headers in 231 bytes (1 switches on core 0)
2026-07-25 09:30:29.314 7 INFO placement.requestlog [None req-49623e4d-2b21-4dc5-8631-acc3b8a28514 d33ee2d4d6b54391bc99f21428615ffa b3fb6402a17d4ed189a459f4e6b96bdd - - f1ee7fd4b7fe4436ab9db1c4bc4bb54a f1ee7fd4b7fe4436ab9db1c4bc4bb54a] 10.0.0.233 "DELETE /resource_providers/8a4cd6df-cb96-41ff-8d4d-113c4dcabe4d" status: 404 len: 246 microversion: 1.1 [pid: 7|app: 0|req: 404/811] 10.0.0.233 () {34 vars in 816 bytes} [Sat Jul 25 09:30:29 2026] DELETE /resource_providers/8a4cd6df-cb96-41ff-8d4d-113c4dcabe4d => generated 246 bytes in 8 msecs (HTTP/1.1 404) 6 headers in 231 bytes (1 switches on core 0)
2026-07-25 09:30:29.907 7 INFO placement.requestlog [None req-03e49809-f44d-406a-be05-22ceccb3926a d33ee2d4d6b54391bc99f21428615ffa b3fb6402a17d4ed189a459f4e6b96bdd - - f1ee7fd4b7fe4436ab9db1c4bc4bb54a f1ee7fd4b7fe4436ab9db1c4bc4bb54a] 10.0.0.233 "GET /resource_providers/c9cc2be5-6d65-405b-be5e-c0f8845b9593/aggregates" status: 404 len: 235 microversion: 1.1 [pid: 7|app: 0|req: 405/812] 10.0.0.233 () {32 vars in 816 bytes} [Sat Jul 25 09:30:29 2026] GET /resource_providers/c9cc2be5-6d65-405b-be5e-c0f8845b9593/aggregates => generated 235 bytes in 10 msecs (HTTP/1.1 404) 5 headers in 202 bytes (1 switches on core 0)
2026-07-25 09:30:29.909 8 INFO placement.requestlog [None req-554f278f-78aa-40eb-83a5-d8957a94bcd6 d33ee2d4d6b54391bc99f21428615ffa b3fb6402a17d4ed189a459f4e6b96bdd - - f1ee7fd4b7fe4436ab9db1c4bc4bb54a f1ee7fd4b7fe4436ab9db1c4bc4bb54a] 10.0.0.233 "GET /resource_providers/c9cc2be5-6d65-405b-be5e-c0f8845b9593/aggregates" status: 404 len: 235 microversion: 1.1 [pid: 8|app: 0|req: 408/813] 10.0.0.233 () {32 vars in 816 bytes} [Sat Jul 25 09:30:29 2026] GET /resource_providers/c9cc2be5-6d65-405b-be5e-c0f8845b9593/aggregates => generated 235 bytes in 13 msecs (HTTP/1.1 404) 5 headers in 202 bytes (1 switches on core 0)
2026-07-25 09:30:29.964 8 INFO placement.requestlog [None req-921ad9d2-0d7c-4f72-b1c6-24e1e4663b3d d33ee2d4d6b54391bc99f21428615ffa b3fb6402a17d4ed189a459f4e6b96bdd - - f1ee7fd4b7fe4436ab9db1c4bc4bb54a f1ee7fd4b7fe4436ab9db1c4bc4bb54a] 10.0.0.233 "DELETE /resource_providers/c9cc2be5-6d65-405b-be5e-c0f8845b9593" status: 404 len: 246 microversion: 1.1 [pid: 8|app: 0|req: 409/814] 10.0.0.233 () {34 vars in 816 bytes} [Sat Jul 25 09:30:29 2026] DELETE /resource_providers/c9cc2be5-6d65-405b-be5e-c0f8845b9593 => generated 246 bytes in 17 msecs (HTTP/1.1 404) 6 headers in 231 bytes (1 switches on core 0)
2026-07-25 09:30:30.001 7 INFO placement.requestlog [None req-42d3e403-eac6-4182-9f74-8537641febc9 d33ee2d4d6b54391bc99f21428615ffa b3fb6402a17d4ed189a459f4e6b96bdd - - f1ee7fd4b7fe4436ab9db1c4bc4bb54a f1ee7fd4b7fe4436ab9db1c4bc4bb54a] 10.0.0.233 "DELETE /resource_providers/c9cc2be5-6d65-405b-be5e-c0f8845b9593" status: 404 len: 246 microversion: 1.1 [pid: 7|app: 0|req: 406/815] 10.0.0.233 () {34 vars in 816 bytes} [Sat Jul 25 09:30:29 2026] DELETE /resource_providers/c9cc2be5-6d65-405b-be5e-c0f8845b9593 => generated 246 bytes in 55 msecs (HTTP/1.1 404) 6 headers in 231 bytes (1 switches on core 0)
