2026-07-25 09:26:47.549 8 INFO placement.requestlog [None req-7093f8dc-f37f-4bcf-93cd-57978dc0265d d33ee2d4d6b54391bc99f21428615ffa b3fb6402a17d4ed189a459f4e6b96bdd - - f1ee7fd4b7fe4436ab9db1c4bc4bb54a f1ee7fd4b7fe4436ab9db1c4bc4bb54a] 10.0.0.233 "GET /resource_providers/d35a0197-a847-40b4-ab49-fa6739acf63a/aggregates" status: 404 len: 235 microversion: 1.1 [pid: 8|app: 0|req: 233/463] 10.0.0.233 () {32 vars in 816 bytes} [Sat Jul 25 09:26:47 2026] GET /resource_providers/d35a0197-a847-40b4-ab49-fa6739acf63a/aggregates => generated 235 bytes in 9 msecs (HTTP/1.1 404) 5 headers in 202 bytes (1 switches on core 0)
2026-07-25 09:26:47.553 7 INFO placement.requestlog [None req-7e314701-6dc8-4c91-82aa-bf33f78b38d2 d33ee2d4d6b54391bc99f21428615ffa b3fb6402a17d4ed189a459f4e6b96bdd - - f1ee7fd4b7fe4436ab9db1c4bc4bb54a f1ee7fd4b7fe4436ab9db1c4bc4bb54a] 10.0.0.233 "GET /resource_providers/d35a0197-a847-40b4-ab49-fa6739acf63a/aggregates" status: 404 len: 235 microversion: 1.1 [pid: 7|app: 0|req: 231/464] 10.0.0.233 () {32 vars in 816 bytes} [Sat Jul 25 09:26:47 2026] GET /resource_providers/d35a0197-a847-40b4-ab49-fa6739acf63a/aggregates => generated 235 bytes in 12 msecs (HTTP/1.1 404) 5 headers in 202 bytes (1 switches on core 0)
2026-07-25 09:26:47.579 7 INFO placement.requestlog [None req-37717667-41c7-49d3-9e8a-063f2aa67153 d33ee2d4d6b54391bc99f21428615ffa b3fb6402a17d4ed189a459f4e6b96bdd - - f1ee7fd4b7fe4436ab9db1c4bc4bb54a f1ee7fd4b7fe4436ab9db1c4bc4bb54a] 10.0.0.233 "DELETE /resource_providers/d35a0197-a847-40b4-ab49-fa6739acf63a" status: 404 len: 246 microversion: 1.1 [pid: 7|app: 0|req: 232/465] 10.0.0.233 () {34 vars in 816 bytes} [Sat Jul 25 09:26:47 2026] DELETE /resource_providers/d35a0197-a847-40b4-ab49-fa6739acf63a => generated 246 bytes in 13 msecs (HTTP/1.1 404) 6 headers in 231 bytes (1 switches on core 0)
2026-07-25 09:26:47.580 8 INFO placement.requestlog [None req-b51ae7e2-3292-4c72-9732-9a16f95a9318 d33ee2d4d6b54391bc99f21428615ffa b3fb6402a17d4ed189a459f4e6b96bdd - - f1ee7fd4b7fe4436ab9db1c4bc4bb54a f1ee7fd4b7fe4436ab9db1c4bc4bb54a] 10.0.0.233 "DELETE /resource_providers/d35a0197-a847-40b4-ab49-fa6739acf63a" status: 404 len: 246 microversion: 1.1 [pid: 8|app: 0|req: 234/466] 10.0.0.233 () {34 vars in 816 bytes} [Sat Jul 25 09:26:47 2026] DELETE /resource_providers/d35a0197-a847-40b4-ab49-fa6739acf63a => generated 246 bytes in 16 msecs (HTTP/1.1 404) 6 headers in 231 bytes (1 switches on core 0)
2026-07-25 09:26:48.607 7 INFO placement.requestlog [None req-837f7ff7-dff3-49a5-bcaa-30f4c3ad2d19 - - - - - -] 10.0.0.52 "GET /" status: 200 len: 136 microversion: 1.0
2026-07-25 09:26:48.608 8 INFO placement.requestlog [None req-b5460b88-c598-410f-bb6b-a1fab0423cb7 - - - - - -] 10.0.0.52 "GET /" status: 200 len: 136 microversion: 1.0
2026-07-25 09:26:51.679 7 INFO placement.requestlog [None req-e1750f0c-f2c3-48ac-af30-1f9b2a1341f3 d33ee2d4d6b54391bc99f21428615ffa b3fb6402a17d4ed189a459f4e6b96bdd - - f1ee7fd4b7fe4436ab9db1c4bc4bb54a f1ee7fd4b7fe4436ab9db1c4bc4bb54a] 10.0.0.233 "GET /resource_providers/0dfe42c5-45d3-4909-873b-5b17d5d9839c/aggregates" status: 404 len: 235 microversion: 1.1 [pid: 7|app: 0|req: 234/469] 10.0.0.233 () {32 vars in 816 bytes} [Sat Jul 25 09:26:51 2026] GET /resource_providers/0dfe42c5-45d3-4909-873b-5b17d5d9839c/aggregates => generated 235 bytes in 8 msecs (HTTP/1.1 404) 5 headers in 202 bytes (1 switches on core 0)
2026-07-25 09:26:51.689 8 INFO placement.requestlog [None req-269f5aac-de0e-47e3-a3f7-28666d2898ed d33ee2d4d6b54391bc99f21428615ffa b3fb6402a17d4ed189a459f4e6b96bdd - - f1ee7fd4b7fe4436ab9db1c4bc4bb54a f1ee7fd4b7fe4436ab9db1c4bc4bb54a] 10.0.0.233 "GET /resource_providers/0dfe42c5-45d3-4909-873b-5b17d5d9839c/aggregates" status: 404 len: 235 microversion: 1.1 [pid: 8|app: 0|req: 236/470] 10.0.0.233 () {32 vars in 816 bytes} [Sat Jul 25 09:26:51 2026] GET /resource_providers/0dfe42c5-45d3-4909-873b-5b17d5d9839c/aggregates => generated 235 bytes in 12 msecs (HTTP/1.1 404) 5 headers in 202 bytes (1 switches on core 0)
2026-07-25 09:26:51.699 7 INFO placement.requestlog [None req-5477d898-a791-4aee-a37a-574f5821c01d d33ee2d4d6b54391bc99f21428615ffa b3fb6402a17d4ed189a459f4e6b96bdd - - f1ee7fd4b7fe4436ab9db1c4bc4bb54a f1ee7fd4b7fe4436ab9db1c4bc4bb54a] 10.0.0.233 "DELETE /resource_providers/0dfe42c5-45d3-4909-873b-5b17d5d9839c" status: 404 len: 246 microversion: 1.1 [pid: 7|app: 0|req: 235/471] 10.0.0.233 () {34 vars in 816 bytes} [Sat Jul 25 09:26:51 2026] DELETE /resource_providers/0dfe42c5-45d3-4909-873b-5b17d5d9839c => generated 246 bytes in 11 msecs (HTTP/1.1 404) 6 headers in 231 bytes (1 switches on core 0)
2026-07-25 09:26:51.711 8 INFO placement.requestlog [None req-c6d75af3-1e91-472f-b7c3-5eb98da17c7f d33ee2d4d6b54391bc99f21428615ffa b3fb6402a17d4ed189a459f4e6b96bdd - - f1ee7fd4b7fe4436ab9db1c4bc4bb54a f1ee7fd4b7fe4436ab9db1c4bc4bb54a] 10.0.0.233 "DELETE /resource_providers/0dfe42c5-45d3-4909-873b-5b17d5d9839c" status: 404 len: 246 microversion: 1.1 [pid: 8|app: 0|req: 237/472] 10.0.0.233 () {34 vars in 816 bytes} [Sat Jul 25 09:26:51 2026] DELETE /resource_providers/0dfe42c5-45d3-4909-873b-5b17d5d9839c => generated 246 bytes in 10 msecs (HTTP/1.1 404) 6 headers in 231 bytes (1 switches on core 0)
2026-07-25 09:26:52.338 7 INFO placement.requestlog [req-01ce6b7b-23a2-44bd-9f6b-83b673fd1673 req-8ee216bc-9f2f-48fb-82f9-2721daf5e19c e191436d0fe747f998da9f7d45d242c5 b3fb6402a17d4ed189a459f4e6b96bdd - - f1ee7fd4b7fe4436ab9db1c4bc4bb54a f1ee7fd4b7fe4436ab9db1c4bc4bb54a] 10.0.0.194 "GET /allocation_candidates?limit=1000&resources=DISK_GB%3A1%2CMEMORY_MB%3A512%2CVCPU%3A1&root_required=%21COMPUTE_STATUS_DISABLED" status: 200 len: 2781 microversion: 1.36 [pid: 7|app: 0|req: 236/473] 10.0.0.194 () {34 vars in 1012 bytes} [Sat Jul 25 09:26:52 2026] GET /allocation_candidates?limit=1000&resources=DISK_GB%3A1%2CMEMORY_MB%3A512%2CVCPU%3A1&root_required=%21COMPUTE_STATUS_DISABLED => generated 2781 bytes in 41 msecs (HTTP/1.1 200) 8 headers in 297 bytes (1 switches on core 0)
2026-07-25 09:26:52.361 8 INFO placement.requestlog [req-01ce6b7b-23a2-44bd-9f6b-83b673fd1673 req-c5dd2779-6001-45d1-96e3-a7f3bf930c5e e191436d0fe747f998da9f7d45d242c5 b3fb6402a17d4ed189a459f4e6b96bdd - - f1ee7fd4b7fe4436ab9db1c4bc4bb54a f1ee7fd4b7fe4436ab9db1c4bc4bb54a] 10.0.0.194 "GET /allocations/533f361b-7b57-425c-a413-138df30dea88" status: 200 len: 19 microversion: 1.28 [pid: 8|app: 0|req: 238/474] 10.0.0.194 () {34 vars in 861 bytes} [Sat Jul 25 09:26:52 2026] GET /allocations/533f361b-7b57-425c-a413-138df30dea88 => generated 19 bytes in 8 msecs (HTTP/1.1 200) 8 headers in 295 bytes (1 switches on core 0)
2026-07-25 09:26:52.425 7 INFO placement.requestlog [req-01ce6b7b-23a2-44bd-9f6b-83b673fd1673 req-fd573d7a-d183-4234-b6f0-c6acb764c0d3 e191436d0fe747f998da9f7d45d242c5 b3fb6402a17d4ed189a459f4e6b96bdd - - f1ee7fd4b7fe4436ab9db1c4bc4bb54a f1ee7fd4b7fe4436ab9db1c4bc4bb54a] 10.0.0.194 "PUT /allocations/533f361b-7b57-425c-a413-138df30dea88" status: 204 len: 0 microversion: 1.36 [pid: 7|app: 0|req: 237/475] 10.0.0.194 () {38 vars in 914 bytes} [Sat Jul 25 09:26:52 2026] PUT /allocations/533f361b-7b57-425c-a413-138df30dea88 => generated 0 bytes in 59 msecs (HTTP/1.1 204) 5 headers in 199 bytes (1 switches on core 0)
2026-07-25 09:26:53.509 8 INFO placement.requestlog [req-69818a35-8968-40fb-8ee2-85fd55d1fa79 req-9ab5cefe-7f14-45c2-81e4-b8c15006130d e191436d0fe747f998da9f7d45d242c5 b3fb6402a17d4ed189a459f4e6b96bdd - - f1ee7fd4b7fe4436ab9db1c4bc4bb54a f1ee7fd4b7fe4436ab9db1c4bc4bb54a] 10.0.0.194 "GET /allocation_candidates?limit=1000&resources=DISK_GB%3A1%2CMEMORY_MB%3A512%2CVCPU%3A1&root_required=%21COMPUTE_STATUS_DISABLED" status: 200 len: 2783 microversion: 1.36 [pid: 8|app: 0|req: 239/476] 10.0.0.194 () {34 vars in 1012 bytes} [Sat Jul 25 09:26:53 2026] GET /allocation_candidates?limit=1000&resources=DISK_GB%3A1%2CMEMORY_MB%3A512%2CVCPU%3A1&root_required=%21COMPUTE_STATUS_DISABLED => generated 2783 bytes in 57 msecs (HTTP/1.1 200) 8 headers in 297 bytes (1 switches on core 0)
2026-07-25 09:26:53.553 7 INFO placement.requestlog [req-69818a35-8968-40fb-8ee2-85fd55d1fa79 req-1ef30f3b-6158-438e-a40f-baa14b96931e e191436d0fe747f998da9f7d45d242c5 b3fb6402a17d4ed189a459f4e6b96bdd - - f1ee7fd4b7fe4436ab9db1c4bc4bb54a f1ee7fd4b7fe4436ab9db1c4bc4bb54a] 10.0.0.194 "GET /allocations/8b85b328-655c-4606-a575-49cd70c14b64" status: 200 len: 19 microversion: 1.28 [pid: 7|app: 0|req: 238/477] 10.0.0.194 () {34 vars in 861 bytes} [Sat Jul 25 09:26:53 2026] GET /allocations/8b85b328-655c-4606-a575-49cd70c14b64 => generated 19 bytes in 11 msecs (HTTP/1.1 200) 8 headers in 295 bytes (1 switches on core 0)
2026-07-25 09:26:53.632 8 INFO placement.requestlog [req-69818a35-8968-40fb-8ee2-85fd55d1fa79 req-213d19e8-306e-4a5a-8cda-f67e7f624f4e e191436d0fe747f998da9f7d45d242c5 b3fb6402a17d4ed189a459f4e6b96bdd - - f1ee7fd4b7fe4436ab9db1c4bc4bb54a f1ee7fd4b7fe4436ab9db1c4bc4bb54a] 10.0.0.194 "PUT /allocations/8b85b328-655c-4606-a575-49cd70c14b64" status: 204 len: 0 microversion: 1.36 [pid: 8|app: 0|req: 240/478] 10.0.0.194 () {38 vars in 914 bytes} [Sat Jul 25 09:26:53 2026] PUT /allocations/8b85b328-655c-4606-a575-49cd70c14b64 => generated 0 bytes in 74 msecs (HTTP/1.1 204) 5 headers in 199 bytes (1 switches on core 0)
2026-07-25 09:26:53.959 7 INFO placement.requestlog [req-01ce6b7b-23a2-44bd-9f6b-83b673fd1673 req-0cde7a3c-fbf1-4719-be3a-89b7d314ad34 e191436d0fe747f998da9f7d45d242c5 b3fb6402a17d4ed189a459f4e6b96bdd - - f1ee7fd4b7fe4436ab9db1c4bc4bb54a f1ee7fd4b7fe4436ab9db1c4bc4bb54a] 199.204.45.23 "GET /allocations/533f361b-7b57-425c-a413-138df30dea88" status: 200 len: 257 microversion: 1.28 [pid: 7|app: 0|req: 239/479] 199.204.45.23 () {34 vars in 862 bytes} [Sat Jul 25 09:26:53 2026] GET /allocations/533f361b-7b57-425c-a413-138df30dea88 => generated 257 bytes in 16 msecs (HTTP/1.1 200) 8 headers in 296 bytes (1 switches on core 0)
2026-07-25 09:26:55.004 8 INFO placement.requestlog [req-01ce6b7b-23a2-44bd-9f6b-83b673fd1673 req-12058d2b-b7c6-42c3-9c6d-7db0fbc3fe9c e191436d0fe747f998da9f7d45d242c5 b3fb6402a17d4ed189a459f4e6b96bdd - - f1ee7fd4b7fe4436ab9db1c4bc4bb54a f1ee7fd4b7fe4436ab9db1c4bc4bb54a] 199.204.45.23 "GET /resource_providers/5687e92a-edc1-4c32-beb7-a73a3dd4fa91/allocations" status: 200 len: 252 microversion: 1.0 [pid: 8|app: 0|req: 241/480] 199.204.45.23 () {32 vars in 856 bytes} [Sat Jul 25 09:26:54 2026] GET /resource_providers/5687e92a-edc1-4c32-beb7-a73a3dd4fa91/allocations => generated 252 bytes in 15 msecs (HTTP/1.1 200) 6 headers in 224 bytes (1 switches on core 0)
2026-07-25 09:26:55.020 7 INFO placement.requestlog [req-01ce6b7b-23a2-44bd-9f6b-83b673fd1673 req-7a09e337-94a3-4276-9e87-3b39e5cc836e e191436d0fe747f998da9f7d45d242c5 b3fb6402a17d4ed189a459f4e6b96bdd - - f1ee7fd4b7fe4436ab9db1c4bc4bb54a f1ee7fd4b7fe4436ab9db1c4bc4bb54a] 199.204.45.23 "GET /allocations/533f361b-7b57-425c-a413-138df30dea88" status: 200 len: 257 microversion: 1.28 [pid: 7|app: 0|req: 240/481] 199.204.45.23 () {34 vars in 862 bytes} [Sat Jul 25 09:26:55 2026] GET /allocations/533f361b-7b57-425c-a413-138df30dea88 => generated 257 bytes in 11 msecs (HTTP/1.1 200) 8 headers in 296 bytes (1 switches on core 0)
2026-07-25 09:26:55.040 8 INFO placement.requestlog [req-01ce6b7b-23a2-44bd-9f6b-83b673fd1673 req-57d43d3a-18da-4064-b249-71882e8237f4 e191436d0fe747f998da9f7d45d242c5 b3fb6402a17d4ed189a459f4e6b96bdd - - f1ee7fd4b7fe4436ab9db1c4bc4bb54a f1ee7fd4b7fe4436ab9db1c4bc4bb54a] 199.204.45.23 "GET /allocations/8b85b328-655c-4606-a575-49cd70c14b64" status: 200 len: 257 microversion: 1.28 [pid: 8|app: 0|req: 242/482] 199.204.45.23 () {34 vars in 862 bytes} [Sat Jul 25 09:26:55 2026] GET /allocations/8b85b328-655c-4606-a575-49cd70c14b64 => generated 257 bytes in 12 msecs (HTTP/1.1 200) 8 headers in 296 bytes (1 switches on core 0)
2026-07-25 09:26:55.089 7 INFO placement.requestlog [req-69818a35-8968-40fb-8ee2-85fd55d1fa79 req-94e4ef31-9635-40ea-bfee-d999f6f8559f e191436d0fe747f998da9f7d45d242c5 b3fb6402a17d4ed189a459f4e6b96bdd - - f1ee7fd4b7fe4436ab9db1c4bc4bb54a f1ee7fd4b7fe4436ab9db1c4bc4bb54a] 199.204.45.23 "GET /allocations/8b85b328-655c-4606-a575-49cd70c14b64" status: 200 len: 257 microversion: 1.28 [pid: 7|app: 0|req: 241/483] 199.204.45.23 () {34 vars in 862 bytes} [Sat Jul 25 09:26:55 2026] GET /allocations/8b85b328-655c-4606-a575-49cd70c14b64 => generated 257 bytes in 13 msecs (HTTP/1.1 200) 8 headers in 296 bytes (1 switches on core 0)
2026-07-25 09:26:57.102 8 INFO placement.requestlog [req-69818a35-8968-40fb-8ee2-85fd55d1fa79 req-03c67969-6ec0-4026-81d0-3ff68ecb13c7 e191436d0fe747f998da9f7d45d242c5 b3fb6402a17d4ed189a459f4e6b96bdd - - f1ee7fd4b7fe4436ab9db1c4bc4bb54a f1ee7fd4b7fe4436ab9db1c4bc4bb54a] 199.204.45.23 "GET /resource_providers/5687e92a-edc1-4c32-beb7-a73a3dd4fa91/allocations" status: 200 len: 252 microversion: 1.0 [pid: 8|app: 0|req: 243/484] 199.204.45.23 () {32 vars in 856 bytes} [Sat Jul 25 09:26:57 2026] GET /resource_providers/5687e92a-edc1-4c32-beb7-a73a3dd4fa91/allocations => generated 252 bytes in 15 msecs (HTTP/1.1 200) 6 headers in 224 bytes (1 switches on core 0)
2026-07-25 09:26:57.133 7 INFO placement.requestlog [req-69818a35-8968-40fb-8ee2-85fd55d1fa79 req-36d45c7e-f927-49ad-a45d-543a81071efb e191436d0fe747f998da9f7d45d242c5 b3fb6402a17d4ed189a459f4e6b96bdd - - f1ee7fd4b7fe4436ab9db1c4bc4bb54a f1ee7fd4b7fe4436ab9db1c4bc4bb54a] 199.204.45.23 "GET /allocations/533f361b-7b57-425c-a413-138df30dea88" status: 200 len: 257 microversion: 1.28 [pid: 7|app: 0|req: 242/485] 199.204.45.23 () {34 vars in 862 bytes} [Sat Jul 25 09:26:57 2026] GET /allocations/533f361b-7b57-425c-a413-138df30dea88 => generated 257 bytes in 23 msecs (HTTP/1.1 200) 8 headers in 296 bytes (1 switches on core 0)
2026-07-25 09:26:57.151 8 INFO placement.requestlog [req-69818a35-8968-40fb-8ee2-85fd55d1fa79 req-dcb71478-1a16-40d2-b674-15b18e5e0954 e191436d0fe747f998da9f7d45d242c5 b3fb6402a17d4ed189a459f4e6b96bdd - - f1ee7fd4b7fe4436ab9db1c4bc4bb54a f1ee7fd4b7fe4436ab9db1c4bc4bb54a] 199.204.45.23 "GET /allocations/8b85b328-655c-4606-a575-49cd70c14b64" status: 200 len: 257 microversion: 1.28 [pid: 8|app: 0|req: 244/486] 199.204.45.23 () {34 vars in 862 bytes} [Sat Jul 25 09:26:57 2026] GET /allocations/8b85b328-655c-4606-a575-49cd70c14b64 => generated 257 bytes in 11 msecs (HTTP/1.1 200) 8 headers in 296 bytes (1 switches on core 0)
2026-07-25 09:26:58.607 7 INFO placement.requestlog [None req-d2b7c108-7d92-4722-96e8-baaf1c1da730 - - - - - -] 10.0.0.52 "GET /" status: 200 len: 136 microversion: 1.0
2026-07-25 09:26:58.608 8 INFO placement.requestlog [None req-fbd7c1c5-02b9-46e9-aa68-c5f9bf6a9e43 - - - - - -] 10.0.0.52 "GET /" status: 200 len: 136 microversion: 1.0
2026-07-25 09:27:03.400 7 INFO placement.requestlog [None req-ed0adfd2-8ea9-44e3-b16e-b809888ec511 d33ee2d4d6b54391bc99f21428615ffa b3fb6402a17d4ed189a459f4e6b96bdd - - f1ee7fd4b7fe4436ab9db1c4bc4bb54a f1ee7fd4b7fe4436ab9db1c4bc4bb54a] 10.0.0.233 "GET /resource_providers/8b14f107-2e53-4a89-a49e-94262c5bf159/aggregates" status: 404 len: 235 microversion: 1.1 [pid: 7|app: 0|req: 244/489] 10.0.0.233 () {32 vars in 816 bytes} [Sat Jul 25 09:27:03 2026] GET /resource_providers/8b14f107-2e53-4a89-a49e-94262c5bf159/aggregates => generated 235 bytes in 14 msecs (HTTP/1.1 404) 5 headers in 202 bytes (1 switches on core 0)
2026-07-25 09:27:03.402 8 INFO placement.requestlog [None req-3fa3a30f-025d-439d-afa7-fd33aac50803 d33ee2d4d6b54391bc99f21428615ffa b3fb6402a17d4ed189a459f4e6b96bdd - - f1ee7fd4b7fe4436ab9db1c4bc4bb54a f1ee7fd4b7fe4436ab9db1c4bc4bb54a] 10.0.0.233 "GET /resource_providers/8b14f107-2e53-4a89-a49e-94262c5bf159/aggregates" status: 404 len: 235 microversion: 1.1 [pid: 8|app: 0|req: 246/490] 10.0.0.233 () {32 vars in 816 bytes} [Sat Jul 25 09:27:03 2026] GET /resource_providers/8b14f107-2e53-4a89-a49e-94262c5bf159/aggregates => generated 235 bytes in 13 msecs (HTTP/1.1 404) 5 headers in 202 bytes (1 switches on core 0)
2026-07-25 09:27:03.424 7 INFO placement.requestlog [None req-9d36007e-ea4d-49df-98d8-7bbf05e40ce5 d33ee2d4d6b54391bc99f21428615ffa b3fb6402a17d4ed189a459f4e6b96bdd - - f1ee7fd4b7fe4436ab9db1c4bc4bb54a f1ee7fd4b7fe4436ab9db1c4bc4bb54a] 10.0.0.233 "DELETE /resource_providers/8b14f107-2e53-4a89-a49e-94262c5bf159" status: 404 len: 246 microversion: 1.1 [pid: 7|app: 0|req: 245/491] 10.0.0.233 () {34 vars in 816 bytes} [Sat Jul 25 09:27:03 2026] DELETE /resource_providers/8b14f107-2e53-4a89-a49e-94262c5bf159 => generated 246 bytes in 9 msecs (HTTP/1.1 404) 6 headers in 231 bytes (1 switches on core 0)
2026-07-25 09:27:03.429 8 INFO placement.requestlog [None req-50eb91ec-9bc7-432d-9d1c-952f23505a17 d33ee2d4d6b54391bc99f21428615ffa b3fb6402a17d4ed189a459f4e6b96bdd - - f1ee7fd4b7fe4436ab9db1c4bc4bb54a f1ee7fd4b7fe4436ab9db1c4bc4bb54a] 10.0.0.233 "DELETE /resource_providers/8b14f107-2e53-4a89-a49e-94262c5bf159" status: 404 len: 246 microversion: 1.1 [pid: 8|app: 0|req: 247/492] 10.0.0.233 () {34 vars in 816 bytes} [Sat Jul 25 09:27:03 2026] DELETE /resource_providers/8b14f107-2e53-4a89-a49e-94262c5bf159 => generated 246 bytes in 12 msecs (HTTP/1.1 404) 6 headers in 231 bytes (1 switches on core 0)
2026-07-25 09:27:05.453 8 INFO placement.requestlog [None req-f07ffc3b-e19b-49a5-a9ea-09e1e1c0a73b d33ee2d4d6b54391bc99f21428615ffa b3fb6402a17d4ed189a459f4e6b96bdd - - f1ee7fd4b7fe4436ab9db1c4bc4bb54a f1ee7fd4b7fe4436ab9db1c4bc4bb54a] 10.0.0.233 "GET /resource_providers/c7f2704a-1a48-4267-85cc-cb5323357698/aggregates" status: 404 len: 235 microversion: 1.1
2026-07-25 09:27:05.455 7 INFO placement.requestlog [None req-158bcbea-da76-415c-8847-1c3d2d5d10dd d33ee2d4d6b54391bc99f21428615ffa b3fb6402a17d4ed189a459f4e6b96bdd - - f1ee7fd4b7fe4436ab9db1c4bc4bb54a f1ee7fd4b7fe4436ab9db1c4bc4bb54a] 10.0.0.233 "GET /resource_providers/c7f2704a-1a48-4267-85cc-cb5323357698/aggregates" status: 404 len: 235 microversion: 1.1 [pid: 8|app: 0|req: 248/493] 10.0.0.233 () {32 vars in 816 bytes} [Sat Jul 25 09:27:05 2026] GET /resource_providers/c7f2704a-1a48-4267-85cc-cb5323357698/aggregates => generated 235 bytes in 16 msecs (HTTP/1.1 404) 5 headers in 202 bytes (1 switches on core 0) [pid: 7|app: 0|req: 246/494] 10.0.0.233 () {32 vars in 816 bytes} [Sat Jul 25 09:27:05 2026] GET /resource_providers/c7f2704a-1a48-4267-85cc-cb5323357698/aggregates => generated 235 bytes in 16 msecs (HTTP/1.1 404) 5 headers in 202 bytes (1 switches on core 0)
2026-07-25 09:27:05.487 8 INFO placement.requestlog [None req-3604428c-7840-4117-8b1c-6d661b923e3d d33ee2d4d6b54391bc99f21428615ffa b3fb6402a17d4ed189a459f4e6b96bdd - - f1ee7fd4b7fe4436ab9db1c4bc4bb54a f1ee7fd4b7fe4436ab9db1c4bc4bb54a] 10.0.0.233 "DELETE /resource_providers/c7f2704a-1a48-4267-85cc-cb5323357698" status: 404 len: 246 microversion: 1.1 [pid: 8|app: 0|req: 249/495] 10.0.0.233 () {34 vars in 816 bytes} [Sat Jul 25 09:27:05 2026] DELETE /resource_providers/c7f2704a-1a48-4267-85cc-cb5323357698 => generated 246 bytes in 14 msecs (HTTP/1.1 404) 6 headers in 231 bytes (1 switches on core 0)
2026-07-25 09:27:05.492 7 INFO placement.requestlog [None req-6ab2dff9-1598-4ed5-be3b-285fd3bd3b8f d33ee2d4d6b54391bc99f21428615ffa b3fb6402a17d4ed189a459f4e6b96bdd - - f1ee7fd4b7fe4436ab9db1c4bc4bb54a f1ee7fd4b7fe4436ab9db1c4bc4bb54a] 10.0.0.233 "DELETE /resource_providers/c7f2704a-1a48-4267-85cc-cb5323357698" status: 404 len: 246 microversion: 1.1 [pid: 7|app: 0|req: 247/496] 10.0.0.233 () {34 vars in 816 bytes} [Sat Jul 25 09:27:05 2026] DELETE /resource_providers/c7f2704a-1a48-4267-85cc-cb5323357698 => generated 246 bytes in 17 msecs (HTTP/1.1 404) 6 headers in 231 bytes (1 switches on core 0)
2026-07-25 09:27:07.348 7 INFO placement.requestlog [None req-f24ef321-3b3d-4d02-8293-b44e04a22376 d33ee2d4d6b54391bc99f21428615ffa b3fb6402a17d4ed189a459f4e6b96bdd - - f1ee7fd4b7fe4436ab9db1c4bc4bb54a f1ee7fd4b7fe4436ab9db1c4bc4bb54a] 10.0.0.233 "GET /resource_providers/a14f9f61-61f2-4c79-81e6-ddce252665fe/aggregates" status: 404 len: 235 microversion: 1.1
2026-07-25 09:27:07.349 8 INFO placement.requestlog [None req-751cc541-b7e0-43ed-82ec-e4fcdbd58cf8 d33ee2d4d6b54391bc99f21428615ffa b3fb6402a17d4ed189a459f4e6b96bdd - - f1ee7fd4b7fe4436ab9db1c4bc4bb54a f1ee7fd4b7fe4436ab9db1c4bc4bb54a] 10.0.0.233 "GET /resource_providers/a14f9f61-61f2-4c79-81e6-ddce252665fe/aggregates" status: 404 len: 235 microversion: 1.1 [pid: 7|app: 0|req: 248/497] 10.0.0.233 () {32 vars in 816 bytes} [Sat Jul 25 09:27:07 2026] GET /resource_providers/a14f9f61-61f2-4c79-81e6-ddce252665fe/aggregates => generated 235 bytes in 11 msecs (HTTP/1.1 404) 5 headers in 202 bytes (1 switches on core 0) [pid: 8|app: 0|req: 250/498] 10.0.0.233 () {32 vars in 816 bytes} [Sat Jul 25 09:27:07 2026] GET /resource_providers/a14f9f61-61f2-4c79-81e6-ddce252665fe/aggregates => generated 235 bytes in 11 msecs (HTTP/1.1 404) 5 headers in 202 bytes (1 switches on core 0)
2026-07-25 09:27:07.366 7 INFO placement.requestlog [None req-1e3c8e94-ebe7-46fa-8bdc-f19b879f99b2 d33ee2d4d6b54391bc99f21428615ffa b3fb6402a17d4ed189a459f4e6b96bdd - - f1ee7fd4b7fe4436ab9db1c4bc4bb54a f1ee7fd4b7fe4436ab9db1c4bc4bb54a] 10.0.0.233 "DELETE /resource_providers/a14f9f61-61f2-4c79-81e6-ddce252665fe" status: 404 len: 246 microversion: 1.1 [pid: 7|app: 0|req: 249/499] 10.0.0.233 () {34 vars in 816 bytes} [Sat Jul 25 09:27:07 2026] DELETE /resource_providers/a14f9f61-61f2-4c79-81e6-ddce252665fe => generated 246 bytes in 8 msecs (HTTP/1.1 404) 6 headers in 231 bytes (1 switches on core 0)
2026-07-25 09:27:07.369 8 INFO placement.requestlog [None req-99ce6bd2-9e35-4cf7-8372-9bd9fa21f809 d33ee2d4d6b54391bc99f21428615ffa b3fb6402a17d4ed189a459f4e6b96bdd - - f1ee7fd4b7fe4436ab9db1c4bc4bb54a f1ee7fd4b7fe4436ab9db1c4bc4bb54a] 10.0.0.233 "DELETE /resource_providers/a14f9f61-61f2-4c79-81e6-ddce252665fe" status: 404 len: 246 microversion: 1.1 [pid: 8|app: 0|req: 251/500] 10.0.0.233 () {34 vars in 816 bytes} [Sat Jul 25 09:27:07 2026] DELETE /resource_providers/a14f9f61-61f2-4c79-81e6-ddce252665fe => generated 246 bytes in 9 msecs (HTTP/1.1 404) 6 headers in 231 bytes (1 switches on core 0)
2026-07-25 09:27:08.608 8 INFO placement.requestlog [None req-ef2b9a49-d53a-4f5d-bf51-47a9fc9eddac - - - - - -] 10.0.0.52 "GET /" status: 200 len: 136 microversion: 1.0
2026-07-25 09:27:08.611 7 INFO placement.requestlog [None req-d8e1294a-f9b2-45d3-9e83-9c8b7972fefd - - - - - -] 10.0.0.52 "GET /" status: 200 len: 136 microversion: 1.0
2026-07-25 09:27:09.388 7 INFO placement.requestlog [None req-8345226a-d775-4ef4-b747-fec4b8a18921 d33ee2d4d6b54391bc99f21428615ffa b3fb6402a17d4ed189a459f4e6b96bdd - - f1ee7fd4b7fe4436ab9db1c4bc4bb54a f1ee7fd4b7fe4436ab9db1c4bc4bb54a] 10.0.0.233 "GET /resource_providers/9ebd4388-1c37-4eee-97cc-549675f1397c/aggregates" status: 404 len: 235 microversion: 1.1 [pid: 7|app: 0|req: 251/503] 10.0.0.233 () {32 vars in 816 bytes} [Sat Jul 25 09:27:09 2026] GET /resource_providers/9ebd4388-1c37-4eee-97cc-549675f1397c/aggregates => generated 235 bytes in 9 msecs (HTTP/1.1 404) 5 headers in 202 bytes (1 switches on core 0)
2026-07-25 09:27:09.390 8 INFO placement.requestlog [None req-283e70ec-1a38-4655-a7d1-0e34b8cc79f8 d33ee2d4d6b54391bc99f21428615ffa b3fb6402a17d4ed189a459f4e6b96bdd - - f1ee7fd4b7fe4436ab9db1c4bc4bb54a f1ee7fd4b7fe4436ab9db1c4bc4bb54a] 10.0.0.233 "GET /resource_providers/9ebd4388-1c37-4eee-97cc-549675f1397c/aggregates" status: 404 len: 235 microversion: 1.1 [pid: 8|app: 0|req: 253/504] 10.0.0.233 () {32 vars in 816 bytes} [Sat Jul 25 09:27:09 2026] GET /resource_providers/9ebd4388-1c37-4eee-97cc-549675f1397c/aggregates => generated 235 bytes in 12 msecs (HTTP/1.1 404) 5 headers in 202 bytes (1 switches on core 0)
2026-07-25 09:27:09.412 7 INFO placement.requestlog [None req-29e15b04-f6b8-4dd9-8dc6-f61bc19d9d2c d33ee2d4d6b54391bc99f21428615ffa b3fb6402a17d4ed189a459f4e6b96bdd - - f1ee7fd4b7fe4436ab9db1c4bc4bb54a f1ee7fd4b7fe4436ab9db1c4bc4bb54a] 10.0.0.233 "DELETE /resource_providers/9ebd4388-1c37-4eee-97cc-549675f1397c" status: 404 len: 246 microversion: 1.1 [pid: 7|app: 0|req: 252/505] 10.0.0.233 () {34 vars in 816 bytes} [Sat Jul 25 09:27:09 2026] DELETE /resource_providers/9ebd4388-1c37-4eee-97cc-549675f1397c => generated 246 bytes in 10 msecs (HTTP/1.1 404) 6 headers in 231 bytes (1 switches on core 0)
2026-07-25 09:27:09.413 8 INFO placement.requestlog [None req-e6ec8662-6ba2-4f83-bf64-cc91ab660c8a d33ee2d4d6b54391bc99f21428615ffa b3fb6402a17d4ed189a459f4e6b96bdd - - f1ee7fd4b7fe4436ab9db1c4bc4bb54a f1ee7fd4b7fe4436ab9db1c4bc4bb54a] 10.0.0.233 "DELETE /resource_providers/9ebd4388-1c37-4eee-97cc-549675f1397c" status: 404 len: 246 microversion: 1.1 [pid: 8|app: 0|req: 254/506] 10.0.0.233 () {34 vars in 816 bytes} [Sat Jul 25 09:27:09 2026] DELETE /resource_providers/9ebd4388-1c37-4eee-97cc-549675f1397c => generated 246 bytes in 9 msecs (HTTP/1.1 404) 6 headers in 231 bytes (1 switches on core 0)
2026-07-25 09:27:10.834 8 INFO placement.requestlog [None req-da2f55f3-047d-4680-a3f9-62c08cd297d9 d33ee2d4d6b54391bc99f21428615ffa b3fb6402a17d4ed189a459f4e6b96bdd - - f1ee7fd4b7fe4436ab9db1c4bc4bb54a f1ee7fd4b7fe4436ab9db1c4bc4bb54a] 10.0.0.233 "GET /resource_providers/5e461ffb-1047-4258-8463-743ab87d523d/aggregates" status: 404 len: 235 microversion: 1.1 [pid: 8|app: 0|req: 255/507] 10.0.0.233 () {32 vars in 816 bytes} [Sat Jul 25 09:27:10 2026] GET /resource_providers/5e461ffb-1047-4258-8463-743ab87d523d/aggregates => generated 235 bytes in 8 msecs (HTTP/1.1 404) 5 headers in 202 bytes (1 switches on core 0)
2026-07-25 09:27:10.836 7 INFO placement.requestlog [None req-a6d34bf3-4ab7-4d6a-acbb-b19ea91c9e78 d33ee2d4d6b54391bc99f21428615ffa b3fb6402a17d4ed189a459f4e6b96bdd - - f1ee7fd4b7fe4436ab9db1c4bc4bb54a f1ee7fd4b7fe4436ab9db1c4bc4bb54a] 10.0.0.233 "GET /resource_providers/5e461ffb-1047-4258-8463-743ab87d523d/aggregates" status: 404 len: 235 microversion: 1.1 [pid: 7|app: 0|req: 253/508] 10.0.0.233 () {32 vars in 816 bytes} [Sat Jul 25 09:27:10 2026] GET /resource_providers/5e461ffb-1047-4258-8463-743ab87d523d/aggregates => generated 235 bytes in 12 msecs (HTTP/1.1 404) 5 headers in 202 bytes (1 switches on core 0)
2026-07-25 09:27:10.860 8 INFO placement.requestlog [None req-ba5948a6-f3e3-4991-bf34-4ca138c52b94 d33ee2d4d6b54391bc99f21428615ffa b3fb6402a17d4ed189a459f4e6b96bdd - - f1ee7fd4b7fe4436ab9db1c4bc4bb54a f1ee7fd4b7fe4436ab9db1c4bc4bb54a] 10.0.0.233 "DELETE /resource_providers/5e461ffb-1047-4258-8463-743ab87d523d" status: 404 len: 246 microversion: 1.1 [pid: 8|app: 0|req: 256/509] 10.0.0.233 () {34 vars in 816 bytes} [Sat Jul 25 09:27:10 2026] DELETE /resource_providers/5e461ffb-1047-4258-8463-743ab87d523d => generated 246 bytes in 14 msecs (HTTP/1.1 404) 6 headers in 231 bytes (1 switches on core 0)
2026-07-25 09:27:10.865 7 INFO placement.requestlog [None req-88249444-a1ce-40bd-b580-ff9e232d226f d33ee2d4d6b54391bc99f21428615ffa b3fb6402a17d4ed189a459f4e6b96bdd - - f1ee7fd4b7fe4436ab9db1c4bc4bb54a f1ee7fd4b7fe4436ab9db1c4bc4bb54a] 10.0.0.233 "DELETE /resource_providers/5e461ffb-1047-4258-8463-743ab87d523d" status: 404 len: 246 microversion: 1.1 [pid: 7|app: 0|req: 254/510] 10.0.0.233 () {34 vars in 816 bytes} [Sat Jul 25 09:27:10 2026] DELETE /resource_providers/5e461ffb-1047-4258-8463-743ab87d523d => generated 246 bytes in 17 msecs (HTTP/1.1 404) 6 headers in 231 bytes (1 switches on core 0)
2026-07-25 09:27:15.201 8 INFO placement.requestlog [req-2d6f91d3-528b-4da1-aca0-bb1ecadb12ef req-35afe713-ec20-42ca-87c5-cabfaf22a17f e191436d0fe747f998da9f7d45d242c5 b3fb6402a17d4ed189a459f4e6b96bdd - - f1ee7fd4b7fe4436ab9db1c4bc4bb54a f1ee7fd4b7fe4436ab9db1c4bc4bb54a] 199.204.45.23 "GET /resource_providers/5687e92a-edc1-4c32-beb7-a73a3dd4fa91/allocations" status: 200 len: 252 microversion: 1.0 [pid: 8|app: 0|req: 257/511] 199.204.45.23 () {32 vars in 856 bytes} [Sat Jul 25 09:27:15 2026] GET /resource_providers/5687e92a-edc1-4c32-beb7-a73a3dd4fa91/allocations => generated 252 bytes in 14 msecs (HTTP/1.1 200) 6 headers in 224 bytes (1 switches on core 0)
2026-07-25 09:27:15.224 7 INFO placement.requestlog [req-2d6f91d3-528b-4da1-aca0-bb1ecadb12ef req-8738a217-d063-4a23-b4f1-cf216f0a678c e191436d0fe747f998da9f7d45d242c5 b3fb6402a17d4ed189a459f4e6b96bdd - - f1ee7fd4b7fe4436ab9db1c4bc4bb54a f1ee7fd4b7fe4436ab9db1c4bc4bb54a] 199.204.45.23 "GET /allocations/533f361b-7b57-425c-a413-138df30dea88" status: 200 len: 257 microversion: 1.28 [pid: 7|app: 0|req: 255/512] 199.204.45.23 () {34 vars in 862 bytes} [Sat Jul 25 09:27:15 2026] GET /allocations/533f361b-7b57-425c-a413-138df30dea88 => generated 257 bytes in 16 msecs (HTTP/1.1 200) 8 headers in 296 bytes (1 switches on core 0)
2026-07-25 09:27:15.246 8 INFO placement.requestlog [req-2d6f91d3-528b-4da1-aca0-bb1ecadb12ef req-c545b2c7-09ac-4f81-8e95-38b2ae97289c e191436d0fe747f998da9f7d45d242c5 b3fb6402a17d4ed189a459f4e6b96bdd - - f1ee7fd4b7fe4436ab9db1c4bc4bb54a f1ee7fd4b7fe4436ab9db1c4bc4bb54a] 199.204.45.23 "GET /allocations/8b85b328-655c-4606-a575-49cd70c14b64" status: 200 len: 257 microversion: 1.28 [pid: 8|app: 0|req: 258/513] 199.204.45.23 () {34 vars in 862 bytes} [Sat Jul 25 09:27:15 2026] GET /allocations/8b85b328-655c-4606-a575-49cd70c14b64 => generated 257 bytes in 15 msecs (HTTP/1.1 200) 8 headers in 296 bytes (1 switches on core 0)
2026-07-25 09:27:16.294 7 INFO placement.requestlog [req-2d6f91d3-528b-4da1-aca0-bb1ecadb12ef req-4913cde3-d0da-4389-86d3-2352c924d954 e191436d0fe747f998da9f7d45d242c5 b3fb6402a17d4ed189a459f4e6b96bdd - - f1ee7fd4b7fe4436ab9db1c4bc4bb54a f1ee7fd4b7fe4436ab9db1c4bc4bb54a] 199.204.45.23 "DELETE /allocations/8b85b328-655c-4606-a575-49cd70c14b64" status: 204 len: 0 microversion: 1.0 [pid: 7|app: 0|req: 256/514] 199.204.45.23 () {34 vars in 840 bytes} [Sat Jul 25 09:27:16 2026] DELETE /allocations/8b85b328-655c-4606-a575-49cd70c14b64 => generated 0 bytes in 23 msecs (HTTP/1.1 204) 5 headers in 198 bytes (1 switches on core 0)
2026-07-25 09:27:16.908 8 INFO placement.requestlog [None req-ff398257-f8bd-45cb-9b4f-c835b80b6cf4 d33ee2d4d6b54391bc99f21428615ffa b3fb6402a17d4ed189a459f4e6b96bdd - - f1ee7fd4b7fe4436ab9db1c4bc4bb54a f1ee7fd4b7fe4436ab9db1c4bc4bb54a] 10.0.0.233 "GET /resource_providers/f87bd4b9-a5af-4b9f-aa84-929f99002369/aggregates" status: 404 len: 235 microversion: 1.1 [pid: 8|app: 0|req: 259/515] 10.0.0.233 () {32 vars in 816 bytes} [Sat Jul 25 09:27:16 2026] GET /resource_providers/f87bd4b9-a5af-4b9f-aa84-929f99002369/aggregates => generated 235 bytes in 10 msecs (HTTP/1.1 404) 5 headers in 202 bytes (1 switches on core 0)
2026-07-25 09:27:16.913 7 INFO placement.requestlog [None req-5b1479e0-56e5-4fc6-bd80-8d32e035eea6 d33ee2d4d6b54391bc99f21428615ffa b3fb6402a17d4ed189a459f4e6b96bdd - - f1ee7fd4b7fe4436ab9db1c4bc4bb54a f1ee7fd4b7fe4436ab9db1c4bc4bb54a] 10.0.0.233 "GET /resource_providers/f87bd4b9-a5af-4b9f-aa84-929f99002369/aggregates" status: 404 len: 235 microversion: 1.1 [pid: 7|app: 0|req: 257/516] 10.0.0.233 () {32 vars in 816 bytes} [Sat Jul 25 09:27:16 2026] GET /resource_providers/f87bd4b9-a5af-4b9f-aa84-929f99002369/aggregates => generated 235 bytes in 10 msecs (HTTP/1.1 404) 5 headers in 202 bytes (1 switches on core 0)
2026-07-25 09:27:16.930 8 INFO placement.requestlog [None req-1d2399c1-591b-4715-806f-e62ac550d804 d33ee2d4d6b54391bc99f21428615ffa b3fb6402a17d4ed189a459f4e6b96bdd - - f1ee7fd4b7fe4436ab9db1c4bc4bb54a f1ee7fd4b7fe4436ab9db1c4bc4bb54a] 10.0.0.233 "DELETE /resource_providers/f87bd4b9-a5af-4b9f-aa84-929f99002369" status: 404 len: 246 microversion: 1.1 [pid: 8|app: 0|req: 260/517] 10.0.0.233 () {34 vars in 816 bytes} [Sat Jul 25 09:27:16 2026] DELETE /resource_providers/f87bd4b9-a5af-4b9f-aa84-929f99002369 => generated 246 bytes in 9 msecs (HTTP/1.1 404) 6 headers in 231 bytes (1 switches on core 0)
2026-07-25 09:27:16.945 7 INFO placement.requestlog [None req-4260aafd-830f-446d-8314-41153dcbcdec d33ee2d4d6b54391bc99f21428615ffa b3fb6402a17d4ed189a459f4e6b96bdd - - f1ee7fd4b7fe4436ab9db1c4bc4bb54a f1ee7fd4b7fe4436ab9db1c4bc4bb54a] 10.0.0.233 "DELETE /resource_providers/f87bd4b9-a5af-4b9f-aa84-929f99002369" status: 404 len: 246 microversion: 1.1 [pid: 7|app: 0|req: 258/518] 10.0.0.233 () {34 vars in 816 bytes} [Sat Jul 25 09:27:16 2026] DELETE /resource_providers/f87bd4b9-a5af-4b9f-aa84-929f99002369 => generated 246 bytes in 22 msecs (HTTP/1.1 404) 6 headers in 231 bytes (1 switches on core 0)
2026-07-25 09:27:18.607 7 INFO placement.requestlog [None req-1c62c434-73b8-4fbe-94c5-c70ffbbb3518 - - - - - -] 10.0.0.52 "GET /" status: 200 len: 136 microversion: 1.0
2026-07-25 09:27:18.608 8 INFO placement.requestlog [None req-a415991e-d156-43c8-a0c4-9f4621071203 - - - - - -] 10.0.0.52 "GET /" status: 200 len: 136 microversion: 1.0
2026-07-25 09:27:24.304 8 INFO placement.requestlog [None req-e7bab2fb-7482-4bd8-91c7-9e52de2a12e9 d33ee2d4d6b54391bc99f21428615ffa b3fb6402a17d4ed189a459f4e6b96bdd - - f1ee7fd4b7fe4436ab9db1c4bc4bb54a f1ee7fd4b7fe4436ab9db1c4bc4bb54a] 10.0.0.233 "GET /resource_providers/4c643287-cb34-481c-b2a7-fa962705960c/aggregates" status: 404 len: 235 microversion: 1.1 [pid: 8|app: 0|req: 262/521] 10.0.0.233 () {32 vars in 816 bytes} [Sat Jul 25 09:27:24 2026] GET /resource_providers/4c643287-cb34-481c-b2a7-fa962705960c/aggregates => generated 235 bytes in 10 msecs (HTTP/1.1 404) 5 headers in 202 bytes (1 switches on core 0)
2026-07-25 09:27:24.305 7 INFO placement.requestlog [None req-3ed61b5c-4d9d-44c1-aeac-ecf0a5a6e6a0 d33ee2d4d6b54391bc99f21428615ffa b3fb6402a17d4ed189a459f4e6b96bdd - - f1ee7fd4b7fe4436ab9db1c4bc4bb54a f1ee7fd4b7fe4436ab9db1c4bc4bb54a] 10.0.0.233 "GET /resource_providers/4c643287-cb34-481c-b2a7-fa962705960c/aggregates" status: 404 len: 235 microversion: 1.1 [pid: 7|app: 0|req: 260/522] 10.0.0.233 () {32 vars in 816 bytes} [Sat Jul 25 09:27:24 2026] GET /resource_providers/4c643287-cb34-481c-b2a7-fa962705960c/aggregates => generated 235 bytes in 11 msecs (HTTP/1.1 404) 5 headers in 202 bytes (1 switches on core 0)
2026-07-25 09:27:24.333 7 INFO placement.requestlog [None req-f2368180-1f3a-4a2c-857b-7b0fb66b095a d33ee2d4d6b54391bc99f21428615ffa b3fb6402a17d4ed189a459f4e6b96bdd - - f1ee7fd4b7fe4436ab9db1c4bc4bb54a f1ee7fd4b7fe4436ab9db1c4bc4bb54a] 10.0.0.233 "DELETE /resource_providers/4c643287-cb34-481c-b2a7-fa962705960c" status: 404 len: 246 microversion: 1.1 [pid: 7|app: 0|req: 261/523] 10.0.0.233 () {34 vars in 816 bytes} [Sat Jul 25 09:27:24 2026] DELETE /resource_providers/4c643287-cb34-481c-b2a7-fa962705960c => generated 246 bytes in 8 msecs (HTTP/1.1 404) 6 headers in 231 bytes (1 switches on core 0)
2026-07-25 09:27:24.335 8 INFO placement.requestlog [None req-eacb138e-eec4-4cb7-80d4-5a82bd819a0f d33ee2d4d6b54391bc99f21428615ffa b3fb6402a17d4ed189a459f4e6b96bdd - - f1ee7fd4b7fe4436ab9db1c4bc4bb54a f1ee7fd4b7fe4436ab9db1c4bc4bb54a] 10.0.0.233 "DELETE /resource_providers/4c643287-cb34-481c-b2a7-fa962705960c" status: 404 len: 246 microversion: 1.1 [pid: 8|app: 0|req: 263/524] 10.0.0.233 () {34 vars in 816 bytes} [Sat Jul 25 09:27:24 2026] DELETE /resource_providers/4c643287-cb34-481c-b2a7-fa962705960c => generated 246 bytes in 12 msecs (HTTP/1.1 404) 6 headers in 231 bytes (1 switches on core 0)
2026-07-25 09:27:26.023 7 INFO placement.requestlog [req-d72d3fc6-5518-4280-89c8-d754d1002bbe req-ee5ad6e3-313c-48f8-a2ec-a5af988500a4 e191436d0fe747f998da9f7d45d242c5 b3fb6402a17d4ed189a459f4e6b96bdd - - f1ee7fd4b7fe4436ab9db1c4bc4bb54a f1ee7fd4b7fe4436ab9db1c4bc4bb54a] 10.0.0.194 "GET /allocation_candidates?limit=1000&resources=DISK_GB%3A1%2CMEMORY_MB%3A512%2CVCPU%3A1&root_required=%21COMPUTE_STATUS_DISABLED" status: 200 len: 2783 microversion: 1.36 [pid: 7|app: 0|req: 262/525] 10.0.0.194 () {34 vars in 1012 bytes} [Sat Jul 25 09:27:25 2026] GET /allocation_candidates?limit=1000&resources=DISK_GB%3A1%2CMEMORY_MB%3A512%2CVCPU%3A1&root_required=%21COMPUTE_STATUS_DISABLED => generated 2783 bytes in 43 msecs (HTTP/1.1 200) 8 headers in 297 bytes (1 switches on core 0)
2026-07-25 09:27:26.053 8 INFO placement.requestlog [req-d72d3fc6-5518-4280-89c8-d754d1002bbe req-cc45f96a-113e-45c6-8b98-9aad7656f30b e191436d0fe747f998da9f7d45d242c5 b3fb6402a17d4ed189a459f4e6b96bdd - - f1ee7fd4b7fe4436ab9db1c4bc4bb54a f1ee7fd4b7fe4436ab9db1c4bc4bb54a] 10.0.0.194 "GET /allocations/254f18a0-f47d-4d57-9888-6313d672f3af" status: 200 len: 19 microversion: 1.28 [pid: 8|app: 0|req: 264/526] 10.0.0.194 () {34 vars in 861 bytes} [Sat Jul 25 09:27:26 2026] GET /allocations/254f18a0-f47d-4d57-9888-6313d672f3af => generated 19 bytes in 6 msecs (HTTP/1.1 200) 8 headers in 295 bytes (1 switches on core 0)
2026-07-25 09:27:26.117 7 INFO placement.requestlog [req-d72d3fc6-5518-4280-89c8-d754d1002bbe req-466dc2af-0290-40db-94a8-de42c9cb15e9 e191436d0fe747f998da9f7d45d242c5 b3fb6402a17d4ed189a459f4e6b96bdd - - f1ee7fd4b7fe4436ab9db1c4bc4bb54a f1ee7fd4b7fe4436ab9db1c4bc4bb54a] 10.0.0.194 "PUT /allocations/254f18a0-f47d-4d57-9888-6313d672f3af" status: 204 len: 0 microversion: 1.36 [pid: 7|app: 0|req: 263/527] 10.0.0.194 () {38 vars in 914 bytes} [Sat Jul 25 09:27:26 2026] PUT /allocations/254f18a0-f47d-4d57-9888-6313d672f3af => generated 0 bytes in 59 msecs (HTTP/1.1 204) 5 headers in 199 bytes (1 switches on core 0)
2026-07-25 09:27:27.602 8 INFO placement.requestlog [req-d72d3fc6-5518-4280-89c8-d754d1002bbe req-e34a708c-9818-48b1-a18c-f2a214b66818 e191436d0fe747f998da9f7d45d242c5 b3fb6402a17d4ed189a459f4e6b96bdd - - f1ee7fd4b7fe4436ab9db1c4bc4bb54a f1ee7fd4b7fe4436ab9db1c4bc4bb54a] 199.204.45.23 "GET /allocations/254f18a0-f47d-4d57-9888-6313d672f3af" status: 200 len: 257 microversion: 1.28 [pid: 8|app: 0|req: 265/528] 199.204.45.23 () {34 vars in 862 bytes} [Sat Jul 25 09:27:27 2026] GET /allocations/254f18a0-f47d-4d57-9888-6313d672f3af => generated 257 bytes in 14 msecs (HTTP/1.1 200) 8 headers in 296 bytes (1 switches on core 0)
2026-07-25 09:27:27.814 7 INFO placement.requestlog [req-ab61bd5c-aa5c-49da-8b07-e225f385a992 req-321b62fa-bfab-4a2c-949b-91614a55d545 e191436d0fe747f998da9f7d45d242c5 b3fb6402a17d4ed189a459f4e6b96bdd - - f1ee7fd4b7fe4436ab9db1c4bc4bb54a f1ee7fd4b7fe4436ab9db1c4bc4bb54a] 199.204.45.23 "GET /resource_providers/5687e92a-edc1-4c32-beb7-a73a3dd4fa91/allocations" status: 200 len: 252 microversion: 1.0 [pid: 7|app: 0|req: 264/529] 199.204.45.23 () {32 vars in 856 bytes} [Sat Jul 25 09:27:27 2026] GET /resource_providers/5687e92a-edc1-4c32-beb7-a73a3dd4fa91/allocations => generated 252 bytes in 18 msecs (HTTP/1.1 200) 6 headers in 224 bytes (1 switches on core 0)
2026-07-25 09:27:28.338 8 INFO placement.requestlog [req-ab61bd5c-aa5c-49da-8b07-e225f385a992 req-4b9c85e3-baec-4584-8164-29b609d63690 e191436d0fe747f998da9f7d45d242c5 b3fb6402a17d4ed189a459f4e6b96bdd - - f1ee7fd4b7fe4436ab9db1c4bc4bb54a f1ee7fd4b7fe4436ab9db1c4bc4bb54a] 199.204.45.23 "GET /resource_providers/5687e92a-edc1-4c32-beb7-a73a3dd4fa91/allocations" status: 200 len: 252 microversion: 1.0 [pid: 8|app: 0|req: 266/530] 199.204.45.23 () {32 vars in 856 bytes} [Sat Jul 25 09:27:28 2026] GET /resource_providers/5687e92a-edc1-4c32-beb7-a73a3dd4fa91/allocations => generated 252 bytes in 12 msecs (HTTP/1.1 200) 6 headers in 224 bytes (1 switches on core 0)
2026-07-25 09:27:28.363 7 INFO placement.requestlog [req-ab61bd5c-aa5c-49da-8b07-e225f385a992 req-04e4cb48-5b61-4a7b-b4ad-69fed25e3d36 e191436d0fe747f998da9f7d45d242c5 b3fb6402a17d4ed189a459f4e6b96bdd - - f1ee7fd4b7fe4436ab9db1c4bc4bb54a f1ee7fd4b7fe4436ab9db1c4bc4bb54a] 199.204.45.23 "GET /allocations/533f361b-7b57-425c-a413-138df30dea88" status: 200 len: 257 microversion: 1.28 [pid: 7|app: 0|req: 265/531] 199.204.45.23 () {34 vars in 862 bytes} [Sat Jul 25 09:27:28 2026] GET /allocations/533f361b-7b57-425c-a413-138df30dea88 => generated 257 bytes in 19 msecs (HTTP/1.1 200) 8 headers in 296 bytes (1 switches on core 0)
2026-07-25 09:27:28.387 8 INFO placement.requestlog [req-ab61bd5c-aa5c-49da-8b07-e225f385a992 req-2cdd58d1-87f1-4a35-a976-225d0d8f5ea9 e191436d0fe747f998da9f7d45d242c5 b3fb6402a17d4ed189a459f4e6b96bdd - - f1ee7fd4b7fe4436ab9db1c4bc4bb54a f1ee7fd4b7fe4436ab9db1c4bc4bb54a] 199.204.45.23 "GET /allocations/254f18a0-f47d-4d57-9888-6313d672f3af" status: 200 len: 257 microversion: 1.28 [pid: 8|app: 0|req: 267/532] 199.204.45.23 () {34 vars in 862 bytes} [Sat Jul 25 09:27:28 2026] GET /allocations/254f18a0-f47d-4d57-9888-6313d672f3af => generated 257 bytes in 11 msecs (HTTP/1.1 200) 8 headers in 296 bytes (1 switches on core 0)
2026-07-25 09:27:28.608 7 INFO placement.requestlog [None req-ebc140b1-7eb7-4c2d-9a8b-b73f7f4858cf - - - - - -] 10.0.0.52 "GET /" status: 200 len: 136 microversion: 1.0
2026-07-25 09:27:28.608 8 INFO placement.requestlog [None req-71965216-b221-4ef0-ac8b-32b37561b3a4 - - - - - -] 10.0.0.52 "GET /" status: 200 len: 136 microversion: 1.0
2026-07-25 09:27:30.446 7 INFO placement.requestlog [req-d72d3fc6-5518-4280-89c8-d754d1002bbe req-9166ceaa-fa43-4a6b-a07c-2ffc7ae66bcd e191436d0fe747f998da9f7d45d242c5 b3fb6402a17d4ed189a459f4e6b96bdd - - f1ee7fd4b7fe4436ab9db1c4bc4bb54a f1ee7fd4b7fe4436ab9db1c4bc4bb54a] 199.204.45.23 "GET /resource_providers/5687e92a-edc1-4c32-beb7-a73a3dd4fa91/allocations" status: 200 len: 252 microversion: 1.0 [pid: 7|app: 0|req: 267/535] 199.204.45.23 () {32 vars in 856 bytes} [Sat Jul 25 09:27:30 2026] GET /resource_providers/5687e92a-edc1-4c32-beb7-a73a3dd4fa91/allocations => generated 252 bytes in 13 msecs (HTTP/1.1 200) 6 headers in 224 bytes (1 switches on core 0)
2026-07-25 09:27:30.463 8 INFO placement.requestlog [req-d72d3fc6-5518-4280-89c8-d754d1002bbe req-c1fd0d4f-227e-4113-9356-505dd98260ac e191436d0fe747f998da9f7d45d242c5 b3fb6402a17d4ed189a459f4e6b96bdd - - f1ee7fd4b7fe4436ab9db1c4bc4bb54a f1ee7fd4b7fe4436ab9db1c4bc4bb54a] 199.204.45.23 "GET /allocations/533f361b-7b57-425c-a413-138df30dea88" status: 200 len: 257 microversion: 1.28 [pid: 8|app: 0|req: 269/536] 199.204.45.23 () {34 vars in 862 bytes} [Sat Jul 25 09:27:30 2026] GET /allocations/533f361b-7b57-425c-a413-138df30dea88 => generated 257 bytes in 10 msecs (HTTP/1.1 200) 8 headers in 296 bytes (1 switches on core 0)
2026-07-25 09:27:30.477 7 INFO placement.requestlog [req-d72d3fc6-5518-4280-89c8-d754d1002bbe req-36084051-caf6-4127-9e1a-7999416d7f9d e191436d0fe747f998da9f7d45d242c5 b3fb6402a17d4ed189a459f4e6b96bdd - - f1ee7fd4b7fe4436ab9db1c4bc4bb54a f1ee7fd4b7fe4436ab9db1c4bc4bb54a] 199.204.45.23 "GET /allocations/254f18a0-f47d-4d57-9888-6313d672f3af" status: 200 len: 257 microversion: 1.28 [pid: 7|app: 0|req: 268/537] 199.204.45.23 () {34 vars in 862 bytes} [Sat Jul 25 09:27:30 2026] GET /allocations/254f18a0-f47d-4d57-9888-6313d672f3af => generated 257 bytes in 10 msecs (HTTP/1.1 200) 8 headers in 296 bytes (1 switches on core 0)
2026-07-25 09:27:36.608 8 INFO placement.requestlog [None req-6cc57095-4173-4b83-8141-f4f3bcf566a2 d33ee2d4d6b54391bc99f21428615ffa b3fb6402a17d4ed189a459f4e6b96bdd - - f1ee7fd4b7fe4436ab9db1c4bc4bb54a f1ee7fd4b7fe4436ab9db1c4bc4bb54a] 10.0.0.233 "GET /resource_providers/90e6288c-a5c7-4c38-9f44-a02563839f10/aggregates" status: 404 len: 235 microversion: 1.1 [pid: 8|app: 0|req: 270/538] 10.0.0.233 () {32 vars in 816 bytes} [Sat Jul 25 09:27:36 2026] GET /resource_providers/90e6288c-a5c7-4c38-9f44-a02563839f10/aggregates => generated 235 bytes in 8 msecs (HTTP/1.1 404) 5 headers in 202 bytes (1 switches on core 0)
2026-07-25 09:27:36.614 7 INFO placement.requestlog [None req-1601d723-d0a2-46d9-a491-963095c6d5c8 d33ee2d4d6b54391bc99f21428615ffa b3fb6402a17d4ed189a459f4e6b96bdd - - f1ee7fd4b7fe4436ab9db1c4bc4bb54a f1ee7fd4b7fe4436ab9db1c4bc4bb54a] 10.0.0.233 "GET /resource_providers/90e6288c-a5c7-4c38-9f44-a02563839f10/aggregates" status: 404 len: 235 microversion: 1.1 [pid: 7|app: 0|req: 269/539] 10.0.0.233 () {32 vars in 816 bytes} [Sat Jul 25 09:27:36 2026] GET /resource_providers/90e6288c-a5c7-4c38-9f44-a02563839f10/aggregates => generated 235 bytes in 10 msecs (HTTP/1.1 404) 5 headers in 202 bytes (1 switches on core 0)
2026-07-25 09:27:36.634 8 INFO placement.requestlog [None req-e9955a98-89e8-4b9f-8593-8da74cac5762 d33ee2d4d6b54391bc99f21428615ffa b3fb6402a17d4ed189a459f4e6b96bdd - - f1ee7fd4b7fe4436ab9db1c4bc4bb54a f1ee7fd4b7fe4436ab9db1c4bc4bb54a] 10.0.0.233 "DELETE /resource_providers/90e6288c-a5c7-4c38-9f44-a02563839f10" status: 404 len: 246 microversion: 1.1 [pid: 8|app: 0|req: 271/540] 10.0.0.233 () {34 vars in 816 bytes} [Sat Jul 25 09:27:36 2026] DELETE /resource_providers/90e6288c-a5c7-4c38-9f44-a02563839f10 => generated 246 bytes in 12 msecs (HTTP/1.1 404) 6 headers in 231 bytes (1 switches on core 0)
2026-07-25 09:27:36.634 7 INFO placement.requestlog [None req-b35b33e6-eac9-4c9e-9865-c2655741def7 d33ee2d4d6b54391bc99f21428615ffa b3fb6402a17d4ed189a459f4e6b96bdd - - f1ee7fd4b7fe4436ab9db1c4bc4bb54a f1ee7fd4b7fe4436ab9db1c4bc4bb54a] 10.0.0.233 "DELETE /resource_providers/90e6288c-a5c7-4c38-9f44-a02563839f10" status: 404 len: 246 microversion: 1.1 [pid: 7|app: 0|req: 270/541] 10.0.0.233 () {34 vars in 816 bytes} [Sat Jul 25 09:27:36 2026] DELETE /resource_providers/90e6288c-a5c7-4c38-9f44-a02563839f10 => generated 246 bytes in 8 msecs (HTTP/1.1 404) 6 headers in 231 bytes (1 switches on core 0)
2026-07-25 09:27:36.967 8 INFO placement.requestlog [None req-e9613a60-d4cc-4dd6-98f5-118fcd40d383 d33ee2d4d6b54391bc99f21428615ffa b3fb6402a17d4ed189a459f4e6b96bdd - - f1ee7fd4b7fe4436ab9db1c4bc4bb54a f1ee7fd4b7fe4436ab9db1c4bc4bb54a] 10.0.0.233 "GET /resource_providers/51217de3-da22-4f68-9f3f-ee111a0bbfec/aggregates" status: 404 len: 235 microversion: 1.1 [pid: 8|app: 0|req: 272/542] 10.0.0.233 () {32 vars in 816 bytes} [Sat Jul 25 09:27:36 2026] GET /resource_providers/51217de3-da22-4f68-9f3f-ee111a0bbfec/aggregates => generated 235 bytes in 7 msecs (HTTP/1.1 404) 5 headers in 202 bytes (1 switches on core 0)
2026-07-25 09:27:36.968 7 INFO placement.requestlog [None req-2339c085-cebf-4233-8f28-3a043b694fd7 d33ee2d4d6b54391bc99f21428615ffa b3fb6402a17d4ed189a459f4e6b96bdd - - f1ee7fd4b7fe4436ab9db1c4bc4bb54a f1ee7fd4b7fe4436ab9db1c4bc4bb54a] 10.0.0.233 "GET /resource_providers/51217de3-da22-4f68-9f3f-ee111a0bbfec/aggregates" status: 404 len: 235 microversion: 1.1 [pid: 7|app: 0|req: 271/543] 10.0.0.233 () {32 vars in 816 bytes} [Sat Jul 25 09:27:36 2026] GET /resource_providers/51217de3-da22-4f68-9f3f-ee111a0bbfec/aggregates => generated 235 bytes in 8 msecs (HTTP/1.1 404) 5 headers in 202 bytes (1 switches on core 0)
2026-07-25 09:27:36.984 8 INFO placement.requestlog [None req-b72f6ec5-0730-4d81-b191-b85ef4459333 d33ee2d4d6b54391bc99f21428615ffa b3fb6402a17d4ed189a459f4e6b96bdd - - f1ee7fd4b7fe4436ab9db1c4bc4bb54a f1ee7fd4b7fe4436ab9db1c4bc4bb54a] 10.0.0.233 "DELETE /resource_providers/51217de3-da22-4f68-9f3f-ee111a0bbfec" status: 404 len: 246 microversion: 1.1 [pid: 8|app: 0|req: 273/544] 10.0.0.233 () {34 vars in 816 bytes} [Sat Jul 25 09:27:36 2026] DELETE /resource_providers/51217de3-da22-4f68-9f3f-ee111a0bbfec => generated 246 bytes in 7 msecs (HTTP/1.1 404) 6 headers in 231 bytes (1 switches on core 0)
2026-07-25 09:27:36.989 7 INFO placement.requestlog [None req-aa48af8f-c275-4bef-bed3-9911efa0a578 d33ee2d4d6b54391bc99f21428615ffa b3fb6402a17d4ed189a459f4e6b96bdd - - f1ee7fd4b7fe4436ab9db1c4bc4bb54a f1ee7fd4b7fe4436ab9db1c4bc4bb54a] 10.0.0.233 "DELETE /resource_providers/51217de3-da22-4f68-9f3f-ee111a0bbfec" status: 404 len: 246 microversion: 1.1 [pid: 7|app: 0|req: 272/545] 10.0.0.233 () {34 vars in 816 bytes} [Sat Jul 25 09:27:36 2026] DELETE /resource_providers/51217de3-da22-4f68-9f3f-ee111a0bbfec => generated 246 bytes in 7 msecs (HTTP/1.1 404) 6 headers in 231 bytes (1 switches on core 0)
2026-07-25 09:27:38.608 7 INFO placement.requestlog [None req-3d340b13-1a51-426f-937c-aa5816088740 - - - - - -] 10.0.0.52 "GET /" status: 200 len: 136 microversion: 1.0
2026-07-25 09:27:38.608 8 INFO placement.requestlog [None req-c51921d8-cd12-4c52-8d8c-d7a223822590 - - - - - -] 10.0.0.52 "GET /" status: 200 len: 136 microversion: 1.0
2026-07-25 09:27:42.458 7 INFO placement.requestlog [None req-03db70fb-63ab-4ef9-b263-f51f91706552 d33ee2d4d6b54391bc99f21428615ffa b3fb6402a17d4ed189a459f4e6b96bdd - - f1ee7fd4b7fe4436ab9db1c4bc4bb54a f1ee7fd4b7fe4436ab9db1c4bc4bb54a] 10.0.0.233 "GET /resource_providers/833fbb64-13a0-4dd1-8b46-67032f76e81a/aggregates" status: 404 len: 235 microversion: 1.1 [pid: 7|app: 0|req: 274/548] 10.0.0.233 () {32 vars in 816 bytes} [Sat Jul 25 09:27:42 2026] GET /resource_providers/833fbb64-13a0-4dd1-8b46-67032f76e81a/aggregates => generated 235 bytes in 14 msecs (HTTP/1.1 404) 5 headers in 202 bytes (1 switches on core 0)
2026-07-25 09:27:42.464 8 INFO placement.requestlog [None req-77ffc347-06e5-4adb-b169-65a0a94adf56 d33ee2d4d6b54391bc99f21428615ffa b3fb6402a17d4ed189a459f4e6b96bdd - - f1ee7fd4b7fe4436ab9db1c4bc4bb54a f1ee7fd4b7fe4436ab9db1c4bc4bb54a] 10.0.0.233 "GET /resource_providers/833fbb64-13a0-4dd1-8b46-67032f76e81a/aggregates" status: 404 len: 235 microversion: 1.1 [pid: 8|app: 0|req: 275/549] 10.0.0.233 () {32 vars in 816 bytes} [Sat Jul 25 09:27:42 2026] GET /resource_providers/833fbb64-13a0-4dd1-8b46-67032f76e81a/aggregates => generated 235 bytes in 11 msecs (HTTP/1.1 404) 5 headers in 202 bytes (1 switches on core 0)
2026-07-25 09:27:42.477 7 INFO placement.requestlog [None req-b29a37e6-d053-4558-a886-599be90d3b56 d33ee2d4d6b54391bc99f21428615ffa b3fb6402a17d4ed189a459f4e6b96bdd - - f1ee7fd4b7fe4436ab9db1c4bc4bb54a f1ee7fd4b7fe4436ab9db1c4bc4bb54a] 10.0.0.233 "DELETE /resource_providers/833fbb64-13a0-4dd1-8b46-67032f76e81a" status: 404 len: 246 microversion: 1.1 [pid: 7|app: 0|req: 275/550] 10.0.0.233 () {34 vars in 816 bytes} [Sat Jul 25 09:27:42 2026] DELETE /resource_providers/833fbb64-13a0-4dd1-8b46-67032f76e81a => generated 246 bytes in 11 msecs (HTTP/1.1 404) 6 headers in 231 bytes (1 switches on core 0)
