2026-07-22 23:14:12.061 7 INFO placement.requestlog [req-9de8d6df-90a6-4849-85ce-6b9c6d67f159 req-205d25e0-31a5-419c-a175-505885fbf8a3 62d158538eae40e08c854d76f460fa10 14c2bdaa7a66432180f67db0ba4c318c - - b6ac5573c4da45db9546e9e6472ca91c b6ac5573c4da45db9546e9e6472ca91c] 10.0.0.60 "PUT /allocations/1438d69b-0c6c-451e-b99c-35f15ff45b39" status: 204 len: 0 microversion: 1.36 [pid: 7|app: 0|req: 520/1030] 10.0.0.60 () {38 vars in 913 bytes} [Wed Jul 22 23:14:11 2026] PUT /allocations/1438d69b-0c6c-451e-b99c-35f15ff45b39 => generated 0 bytes in 90 msecs (HTTP/1.1 204) 5 headers in 199 bytes (1 switches on core 0)
2026-07-22 23:14:12.657 8 INFO placement.requestlog [req-60343f01-218c-4ca3-ac35-1a20319fe940 req-47ada462-acec-4928-a6df-c137d7005edf 62d158538eae40e08c854d76f460fa10 14c2bdaa7a66432180f67db0ba4c318c - - b6ac5573c4da45db9546e9e6472ca91c b6ac5573c4da45db9546e9e6472ca91c] 199.204.45.95 "DELETE /allocations/0e20e4ba-749b-4685-964a-593f326837bc" status: 204 len: 0 microversion: 1.0 [pid: 8|app: 0|req: 511/1031] 199.204.45.95 () {34 vars in 840 bytes} [Wed Jul 22 23:14:12 2026] DELETE /allocations/0e20e4ba-749b-4685-964a-593f326837bc => generated 0 bytes in 35 msecs (HTTP/1.1 204) 5 headers in 198 bytes (1 switches on core 0)
2026-07-22 23:14:13.307 7 INFO placement.requestlog [req-94726eb1-e760-4841-a331-c892bfb562ed req-2250f178-a5cd-4f10-b938-eff464cc325a 62d158538eae40e08c854d76f460fa10 14c2bdaa7a66432180f67db0ba4c318c - - b6ac5573c4da45db9546e9e6472ca91c b6ac5573c4da45db9546e9e6472ca91c] 10.0.0.170 "DELETE /allocations/0e20e4ba-749b-4685-964a-593f326837bc" status: 404 len: 228 microversion: 1.0 [pid: 7|app: 0|req: 521/1032] 10.0.0.170 () {34 vars in 830 bytes} [Wed Jul 22 23:14:13 2026] DELETE /allocations/0e20e4ba-749b-4685-964a-593f326837bc => generated 228 bytes in 14 msecs (HTTP/1.1 404) 6 headers in 231 bytes (1 switches on core 0)
2026-07-22 23:14:13.521 8 INFO placement.requestlog [req-9de8d6df-90a6-4849-85ce-6b9c6d67f159 req-2565a2c2-d7e5-4f28-bad7-bf943dbc0a1f 62d158538eae40e08c854d76f460fa10 14c2bdaa7a66432180f67db0ba4c318c - - b6ac5573c4da45db9546e9e6472ca91c b6ac5573c4da45db9546e9e6472ca91c] 199.204.45.95 "GET /allocations/1438d69b-0c6c-451e-b99c-35f15ff45b39" status: 200 len: 258 microversion: 1.28 [pid: 8|app: 0|req: 512/1033] 199.204.45.95 () {34 vars in 862 bytes} [Wed Jul 22 23:14:13 2026] GET /allocations/1438d69b-0c6c-451e-b99c-35f15ff45b39 => generated 258 bytes in 14 msecs (HTTP/1.1 200) 8 headers in 296 bytes (1 switches on core 0)
2026-07-22 23:14:14.355 7 INFO placement.requestlog [None req-d78546ee-0d6c-40ae-b345-4defd8ff97e9 - - - - - -] 10.0.0.79 "GET /" status: 200 len: 136 microversion: 1.0
2026-07-22 23:14:14.355 8 INFO placement.requestlog [None req-e2da25da-95b8-4b2a-b540-aa7ddffee1e9 - - - - - -] 10.0.0.79 "GET /" status: 200 len: 136 microversion: 1.0
2026-07-22 23:14:14.584 7 INFO placement.requestlog [req-9de8d6df-90a6-4849-85ce-6b9c6d67f159 req-d1856ec5-9994-48a6-afbf-d8c71edc6557 62d158538eae40e08c854d76f460fa10 14c2bdaa7a66432180f67db0ba4c318c - - b6ac5573c4da45db9546e9e6472ca91c b6ac5573c4da45db9546e9e6472ca91c] 199.204.45.95 "GET /resource_providers/3877cf9c-af4c-487d-a44b-1fb38b7b157d/allocations" status: 200 len: 153 microversion: 1.0 [pid: 7|app: 0|req: 523/1036] 199.204.45.95 () {32 vars in 856 bytes} [Wed Jul 22 23:14:14 2026] GET /resource_providers/3877cf9c-af4c-487d-a44b-1fb38b7b157d/allocations => generated 153 bytes in 41 msecs (HTTP/1.1 200) 6 headers in 224 bytes (1 switches on core 0)
2026-07-22 23:14:14.613 8 INFO placement.requestlog [req-9de8d6df-90a6-4849-85ce-6b9c6d67f159 req-17027406-668d-4156-bfa7-0caca4f9475b 62d158538eae40e08c854d76f460fa10 14c2bdaa7a66432180f67db0ba4c318c - - b6ac5573c4da45db9546e9e6472ca91c b6ac5573c4da45db9546e9e6472ca91c] 199.204.45.95 "GET /allocations/1438d69b-0c6c-451e-b99c-35f15ff45b39" status: 200 len: 258 microversion: 1.28 [pid: 8|app: 0|req: 514/1037] 199.204.45.95 () {34 vars in 862 bytes} [Wed Jul 22 23:14:14 2026] GET /allocations/1438d69b-0c6c-451e-b99c-35f15ff45b39 => generated 258 bytes in 22 msecs (HTTP/1.1 200) 8 headers in 296 bytes (1 switches on core 0)
2026-07-22 23:14:15.032 8 INFO placement.requestlog [None req-598f96fd-5f91-411f-b3b2-857400c07268 583553630bbb44c8a1ac3321207cf679 14c2bdaa7a66432180f67db0ba4c318c - - b6ac5573c4da45db9546e9e6472ca91c b6ac5573c4da45db9546e9e6472ca91c] 10.0.0.114 "GET /resource_providers/d65c3eb6-543b-46e2-885a-aa8ae3e381ef/aggregates" status: 404 len: 235 microversion: 1.1 [pid: 8|app: 0|req: 515/1038] 10.0.0.114 () {32 vars in 816 bytes} [Wed Jul 22 23:14:15 2026] GET /resource_providers/d65c3eb6-543b-46e2-885a-aa8ae3e381ef/aggregates => generated 235 bytes in 8 msecs (HTTP/1.1 404) 5 headers in 202 bytes (1 switches on core 0)
2026-07-22 23:14:15.034 7 INFO placement.requestlog [None req-f6f6c48c-f055-4247-929f-6259295d613b 583553630bbb44c8a1ac3321207cf679 14c2bdaa7a66432180f67db0ba4c318c - - b6ac5573c4da45db9546e9e6472ca91c b6ac5573c4da45db9546e9e6472ca91c] 10.0.0.114 "GET /resource_providers/d65c3eb6-543b-46e2-885a-aa8ae3e381ef/aggregates" status: 404 len: 235 microversion: 1.1 [pid: 7|app: 0|req: 524/1039] 10.0.0.114 () {32 vars in 816 bytes} [Wed Jul 22 23:14:15 2026] GET /resource_providers/d65c3eb6-543b-46e2-885a-aa8ae3e381ef/aggregates => generated 235 bytes in 11 msecs (HTTP/1.1 404) 5 headers in 202 bytes (1 switches on core 0)
2026-07-22 23:14:15.060 8 INFO placement.requestlog [None req-18851381-e26f-4487-a7aa-12a3bf411e15 583553630bbb44c8a1ac3321207cf679 14c2bdaa7a66432180f67db0ba4c318c - - b6ac5573c4da45db9546e9e6472ca91c b6ac5573c4da45db9546e9e6472ca91c] 10.0.0.114 "DELETE /resource_providers/d65c3eb6-543b-46e2-885a-aa8ae3e381ef" status: 404 len: 246 microversion: 1.1 [pid: 8|app: 0|req: 516/1040] 10.0.0.114 () {34 vars in 816 bytes} [Wed Jul 22 23:14:15 2026] DELETE /resource_providers/d65c3eb6-543b-46e2-885a-aa8ae3e381ef => generated 246 bytes in 9 msecs (HTTP/1.1 404) 6 headers in 231 bytes (1 switches on core 0)
2026-07-22 23:14:15.063 7 INFO placement.requestlog [None req-8864d545-42cc-4ec3-aee4-c70e802c9abd 583553630bbb44c8a1ac3321207cf679 14c2bdaa7a66432180f67db0ba4c318c - - b6ac5573c4da45db9546e9e6472ca91c b6ac5573c4da45db9546e9e6472ca91c] 10.0.0.114 "DELETE /resource_providers/d65c3eb6-543b-46e2-885a-aa8ae3e381ef" status: 404 len: 246 microversion: 1.1 [pid: 7|app: 0|req: 525/1041] 10.0.0.114 () {34 vars in 816 bytes} [Wed Jul 22 23:14:15 2026] DELETE /resource_providers/d65c3eb6-543b-46e2-885a-aa8ae3e381ef => generated 246 bytes in 10 msecs (HTTP/1.1 404) 6 headers in 231 bytes (1 switches on core 0)
2026-07-22 23:14:16.080 8 INFO placement.requestlog [None req-ce991c26-c7e1-4813-9030-850e37bb302f 583553630bbb44c8a1ac3321207cf679 14c2bdaa7a66432180f67db0ba4c318c - - b6ac5573c4da45db9546e9e6472ca91c b6ac5573c4da45db9546e9e6472ca91c] 10.0.0.114 "GET /resource_providers/c59b41e7-29e3-43b8-83c3-feef781a1a2c/aggregates" status: 404 len: 235 microversion: 1.1 [pid: 8|app: 0|req: 517/1042] 10.0.0.114 () {32 vars in 816 bytes} [Wed Jul 22 23:14:16 2026] GET /resource_providers/c59b41e7-29e3-43b8-83c3-feef781a1a2c/aggregates => generated 235 bytes in 11 msecs (HTTP/1.1 404) 5 headers in 202 bytes (1 switches on core 0)
2026-07-22 23:14:16.084 7 INFO placement.requestlog [None req-06535755-b116-43c7-bfa4-89277a176fca 583553630bbb44c8a1ac3321207cf679 14c2bdaa7a66432180f67db0ba4c318c - - b6ac5573c4da45db9546e9e6472ca91c b6ac5573c4da45db9546e9e6472ca91c] 10.0.0.114 "GET /resource_providers/c59b41e7-29e3-43b8-83c3-feef781a1a2c/aggregates" status: 404 len: 235 microversion: 1.1 [pid: 7|app: 0|req: 526/1043] 10.0.0.114 () {32 vars in 816 bytes} [Wed Jul 22 23:14:16 2026] GET /resource_providers/c59b41e7-29e3-43b8-83c3-feef781a1a2c/aggregates => generated 235 bytes in 10 msecs (HTTP/1.1 404) 5 headers in 202 bytes (1 switches on core 0)
2026-07-22 23:14:16.106 8 INFO placement.requestlog [None req-52356d97-54c9-4c03-baab-5470f1baf55a 583553630bbb44c8a1ac3321207cf679 14c2bdaa7a66432180f67db0ba4c318c - - b6ac5573c4da45db9546e9e6472ca91c b6ac5573c4da45db9546e9e6472ca91c] 10.0.0.114 "DELETE /resource_providers/c59b41e7-29e3-43b8-83c3-feef781a1a2c" status: 404 len: 246 microversion: 1.1 [pid: 8|app: 0|req: 518/1044] 10.0.0.114 () {34 vars in 816 bytes} [Wed Jul 22 23:14:16 2026] DELETE /resource_providers/c59b41e7-29e3-43b8-83c3-feef781a1a2c => generated 246 bytes in 14 msecs (HTTP/1.1 404) 6 headers in 231 bytes (1 switches on core 0)
2026-07-22 23:14:16.118 7 INFO placement.requestlog [None req-9e052afd-a6cb-435f-a2c6-a99b63735a9c 583553630bbb44c8a1ac3321207cf679 14c2bdaa7a66432180f67db0ba4c318c - - b6ac5573c4da45db9546e9e6472ca91c b6ac5573c4da45db9546e9e6472ca91c] 10.0.0.114 "DELETE /resource_providers/c59b41e7-29e3-43b8-83c3-feef781a1a2c" status: 404 len: 246 microversion: 1.1 [pid: 7|app: 0|req: 527/1045] 10.0.0.114 () {34 vars in 816 bytes} [Wed Jul 22 23:14:16 2026] DELETE /resource_providers/c59b41e7-29e3-43b8-83c3-feef781a1a2c => generated 246 bytes in 9 msecs (HTTP/1.1 404) 6 headers in 231 bytes (1 switches on core 0)
2026-07-22 23:14:17.090 7 INFO placement.requestlog [None req-b5dbadd6-f3c1-416a-aaf6-fb4a50243a7d 583553630bbb44c8a1ac3321207cf679 14c2bdaa7a66432180f67db0ba4c318c - - b6ac5573c4da45db9546e9e6472ca91c b6ac5573c4da45db9546e9e6472ca91c] 10.0.0.114 "GET /resource_providers/3cf079a8-623b-481f-9621-b3f32fbab2b2/aggregates" status: 404 len: 235 microversion: 1.1 [pid: 7|app: 0|req: 528/1046] 10.0.0.114 () {32 vars in 816 bytes} [Wed Jul 22 23:14:17 2026] GET /resource_providers/3cf079a8-623b-481f-9621-b3f32fbab2b2/aggregates => generated 235 bytes in 14 msecs (HTTP/1.1 404) 5 headers in 202 bytes (1 switches on core 0)
2026-07-22 23:14:17.090 8 INFO placement.requestlog [None req-768b15fe-a7a4-4afa-a775-d09860728894 583553630bbb44c8a1ac3321207cf679 14c2bdaa7a66432180f67db0ba4c318c - - b6ac5573c4da45db9546e9e6472ca91c b6ac5573c4da45db9546e9e6472ca91c] 10.0.0.114 "GET /resource_providers/3cf079a8-623b-481f-9621-b3f32fbab2b2/aggregates" status: 404 len: 235 microversion: 1.1 [pid: 8|app: 0|req: 519/1047] 10.0.0.114 () {32 vars in 816 bytes} [Wed Jul 22 23:14:17 2026] GET /resource_providers/3cf079a8-623b-481f-9621-b3f32fbab2b2/aggregates => generated 235 bytes in 15 msecs (HTTP/1.1 404) 5 headers in 202 bytes (1 switches on core 0)
2026-07-22 23:14:17.106 7 INFO placement.requestlog [None req-5ab2b26e-5979-427b-9e76-b0a1a771503e 583553630bbb44c8a1ac3321207cf679 14c2bdaa7a66432180f67db0ba4c318c - - b6ac5573c4da45db9546e9e6472ca91c b6ac5573c4da45db9546e9e6472ca91c] 10.0.0.114 "DELETE /resource_providers/3cf079a8-623b-481f-9621-b3f32fbab2b2" status: 404 len: 246 microversion: 1.1 [pid: 7|app: 0|req: 529/1048] 10.0.0.114 () {34 vars in 816 bytes} [Wed Jul 22 23:14:17 2026] DELETE /resource_providers/3cf079a8-623b-481f-9621-b3f32fbab2b2 => generated 246 bytes in 7 msecs (HTTP/1.1 404) 6 headers in 231 bytes (1 switches on core 0)
2026-07-22 23:14:17.125 8 INFO placement.requestlog [None req-d2720a35-ac2c-49c5-b30f-a789706d1bd7 583553630bbb44c8a1ac3321207cf679 14c2bdaa7a66432180f67db0ba4c318c - - b6ac5573c4da45db9546e9e6472ca91c b6ac5573c4da45db9546e9e6472ca91c] 10.0.0.114 "DELETE /resource_providers/3cf079a8-623b-481f-9621-b3f32fbab2b2" status: 404 len: 246 microversion: 1.1 [pid: 8|app: 0|req: 520/1049] 10.0.0.114 () {34 vars in 816 bytes} [Wed Jul 22 23:14:17 2026] DELETE /resource_providers/3cf079a8-623b-481f-9621-b3f32fbab2b2 => generated 246 bytes in 12 msecs (HTTP/1.1 404) 6 headers in 231 bytes (1 switches on core 0)
2026-07-22 23:14:17.128 7 INFO placement.requestlog [None req-03f90ff7-bdb1-4853-a0c8-881178a799ee 583553630bbb44c8a1ac3321207cf679 14c2bdaa7a66432180f67db0ba4c318c - - b6ac5573c4da45db9546e9e6472ca91c b6ac5573c4da45db9546e9e6472ca91c] 10.0.0.114 "GET /resource_providers/eb1ceafd-3710-448a-bb3d-94fa4eb71c06/aggregates" status: 404 len: 235 microversion: 1.1 [pid: 7|app: 0|req: 530/1050] 10.0.0.114 () {32 vars in 816 bytes} [Wed Jul 22 23:14:17 2026] GET /resource_providers/eb1ceafd-3710-448a-bb3d-94fa4eb71c06/aggregates => generated 235 bytes in 11 msecs (HTTP/1.1 404) 5 headers in 202 bytes (1 switches on core 0)
2026-07-22 23:14:17.152 8 INFO placement.requestlog [None req-66ffc502-711b-41c9-b12a-6c6f9b82a44a 583553630bbb44c8a1ac3321207cf679 14c2bdaa7a66432180f67db0ba4c318c - - b6ac5573c4da45db9546e9e6472ca91c b6ac5573c4da45db9546e9e6472ca91c] 10.0.0.114 "GET /resource_providers/eb1ceafd-3710-448a-bb3d-94fa4eb71c06/aggregates" status: 404 len: 235 microversion: 1.1 [pid: 8|app: 0|req: 521/1051] 10.0.0.114 () {32 vars in 816 bytes} [Wed Jul 22 23:14:17 2026] GET /resource_providers/eb1ceafd-3710-448a-bb3d-94fa4eb71c06/aggregates => generated 235 bytes in 15 msecs (HTTP/1.1 404) 5 headers in 202 bytes (1 switches on core 0)
2026-07-22 23:14:17.153 7 INFO placement.requestlog [None req-22519fb9-0207-479e-a266-dcf2b6c3c635 583553630bbb44c8a1ac3321207cf679 14c2bdaa7a66432180f67db0ba4c318c - - b6ac5573c4da45db9546e9e6472ca91c b6ac5573c4da45db9546e9e6472ca91c] 10.0.0.114 "DELETE /resource_providers/eb1ceafd-3710-448a-bb3d-94fa4eb71c06" status: 404 len: 246 microversion: 1.1 [pid: 7|app: 0|req: 531/1052] 10.0.0.114 () {34 vars in 816 bytes} [Wed Jul 22 23:14:17 2026] DELETE /resource_providers/eb1ceafd-3710-448a-bb3d-94fa4eb71c06 => generated 246 bytes in 9 msecs (HTTP/1.1 404) 6 headers in 231 bytes (1 switches on core 0)
2026-07-22 23:14:17.180 8 INFO placement.requestlog [None req-0e7f4e80-df9d-42fe-a215-5d53f48bf018 583553630bbb44c8a1ac3321207cf679 14c2bdaa7a66432180f67db0ba4c318c - - b6ac5573c4da45db9546e9e6472ca91c b6ac5573c4da45db9546e9e6472ca91c] 10.0.0.114 "DELETE /resource_providers/eb1ceafd-3710-448a-bb3d-94fa4eb71c06" status: 404 len: 246 microversion: 1.1 [pid: 8|app: 0|req: 522/1053] 10.0.0.114 () {34 vars in 816 bytes} [Wed Jul 22 23:14:17 2026] DELETE /resource_providers/eb1ceafd-3710-448a-bb3d-94fa4eb71c06 => generated 246 bytes in 18 msecs (HTTP/1.1 404) 6 headers in 231 bytes (1 switches on core 0)
2026-07-22 23:14:19.189 7 INFO placement.requestlog [None req-20fadafa-7673-4fdc-a278-674118ad15b5 583553630bbb44c8a1ac3321207cf679 14c2bdaa7a66432180f67db0ba4c318c - - b6ac5573c4da45db9546e9e6472ca91c b6ac5573c4da45db9546e9e6472ca91c] 10.0.0.114 "GET /resource_providers/ee6c2c77-31d6-49d7-96b1-a3f5d97811f0/aggregates" status: 404 len: 235 microversion: 1.1 [pid: 7|app: 0|req: 532/1054] 10.0.0.114 () {32 vars in 816 bytes} [Wed Jul 22 23:14:19 2026] GET /resource_providers/ee6c2c77-31d6-49d7-96b1-a3f5d97811f0/aggregates => generated 235 bytes in 16 msecs (HTTP/1.1 404) 5 headers in 202 bytes (1 switches on core 0)
2026-07-22 23:14:19.207 8 INFO placement.requestlog [None req-6b5cccee-c0b2-4616-af68-d4268e802e41 583553630bbb44c8a1ac3321207cf679 14c2bdaa7a66432180f67db0ba4c318c - - b6ac5573c4da45db9546e9e6472ca91c b6ac5573c4da45db9546e9e6472ca91c] 10.0.0.114 "GET /resource_providers/ee6c2c77-31d6-49d7-96b1-a3f5d97811f0/aggregates" status: 404 len: 235 microversion: 1.1 [pid: 8|app: 0|req: 523/1055] 10.0.0.114 () {32 vars in 816 bytes} [Wed Jul 22 23:14:19 2026] GET /resource_providers/ee6c2c77-31d6-49d7-96b1-a3f5d97811f0/aggregates => generated 235 bytes in 10 msecs (HTTP/1.1 404) 5 headers in 202 bytes (1 switches on core 0)
2026-07-22 23:14:19.210 7 INFO placement.requestlog [None req-868ad9fa-1968-4bb0-a89a-1f0b3c92c6bd 583553630bbb44c8a1ac3321207cf679 14c2bdaa7a66432180f67db0ba4c318c - - b6ac5573c4da45db9546e9e6472ca91c b6ac5573c4da45db9546e9e6472ca91c] 10.0.0.114 "DELETE /resource_providers/ee6c2c77-31d6-49d7-96b1-a3f5d97811f0" status: 404 len: 246 microversion: 1.1 [pid: 7|app: 0|req: 533/1056] 10.0.0.114 () {34 vars in 816 bytes} [Wed Jul 22 23:14:19 2026] DELETE /resource_providers/ee6c2c77-31d6-49d7-96b1-a3f5d97811f0 => generated 246 bytes in 12 msecs (HTTP/1.1 404) 6 headers in 231 bytes (1 switches on core 0)
2026-07-22 23:14:19.240 7 INFO placement.requestlog [None req-2cbd00d9-d9e0-4920-8fe6-cf7fbe5d859b 583553630bbb44c8a1ac3321207cf679 14c2bdaa7a66432180f67db0ba4c318c - - b6ac5573c4da45db9546e9e6472ca91c b6ac5573c4da45db9546e9e6472ca91c] 10.0.0.114 "GET /resource_providers/66c539f5-3ac3-4c54-a585-c70fc889d18f/aggregates" status: 404 len: 235 microversion: 1.1 [pid: 7|app: 0|req: 534/1057] 10.0.0.114 () {32 vars in 816 bytes} [Wed Jul 22 23:14:19 2026] GET /resource_providers/66c539f5-3ac3-4c54-a585-c70fc889d18f/aggregates => generated 235 bytes in 11 msecs (HTTP/1.1 404) 5 headers in 202 bytes (1 switches on core 0)
2026-07-22 23:14:19.241 8 INFO placement.requestlog [None req-81e96504-3bc9-48b4-8827-09d16acb7067 583553630bbb44c8a1ac3321207cf679 14c2bdaa7a66432180f67db0ba4c318c - - b6ac5573c4da45db9546e9e6472ca91c b6ac5573c4da45db9546e9e6472ca91c] 10.0.0.114 "DELETE /resource_providers/ee6c2c77-31d6-49d7-96b1-a3f5d97811f0" status: 404 len: 246 microversion: 1.1 [pid: 8|app: 0|req: 524/1058] 10.0.0.114 () {34 vars in 816 bytes} [Wed Jul 22 23:14:19 2026] DELETE /resource_providers/ee6c2c77-31d6-49d7-96b1-a3f5d97811f0 => generated 246 bytes in 15 msecs (HTTP/1.1 404) 6 headers in 231 bytes (1 switches on core 0)
2026-07-22 23:14:19.265 7 INFO placement.requestlog [None req-b44f7885-92ad-4546-8889-fd5eed5c4a34 583553630bbb44c8a1ac3321207cf679 14c2bdaa7a66432180f67db0ba4c318c - - b6ac5573c4da45db9546e9e6472ca91c b6ac5573c4da45db9546e9e6472ca91c] 10.0.0.114 "GET /resource_providers/66c539f5-3ac3-4c54-a585-c70fc889d18f/aggregates" status: 404 len: 235 microversion: 1.1 [pid: 7|app: 0|req: 535/1059] 10.0.0.114 () {32 vars in 816 bytes} [Wed Jul 22 23:14:19 2026] GET /resource_providers/66c539f5-3ac3-4c54-a585-c70fc889d18f/aggregates => generated 235 bytes in 11 msecs (HTTP/1.1 404) 5 headers in 202 bytes (1 switches on core 0)
2026-07-22 23:14:19.268 8 INFO placement.requestlog [None req-e0948eca-a953-4b2c-9486-664cf5041f98 583553630bbb44c8a1ac3321207cf679 14c2bdaa7a66432180f67db0ba4c318c - - b6ac5573c4da45db9546e9e6472ca91c b6ac5573c4da45db9546e9e6472ca91c] 10.0.0.114 "DELETE /resource_providers/66c539f5-3ac3-4c54-a585-c70fc889d18f" status: 404 len: 246 microversion: 1.1 [pid: 8|app: 0|req: 525/1060] 10.0.0.114 () {34 vars in 816 bytes} [Wed Jul 22 23:14:19 2026] DELETE /resource_providers/66c539f5-3ac3-4c54-a585-c70fc889d18f => generated 246 bytes in 10 msecs (HTTP/1.1 404) 6 headers in 231 bytes (1 switches on core 0)
2026-07-22 23:14:19.287 7 INFO placement.requestlog [None req-8684af3b-25a0-4b5f-93a3-ba28a7e006fd 583553630bbb44c8a1ac3321207cf679 14c2bdaa7a66432180f67db0ba4c318c - - b6ac5573c4da45db9546e9e6472ca91c b6ac5573c4da45db9546e9e6472ca91c] 10.0.0.114 "DELETE /resource_providers/66c539f5-3ac3-4c54-a585-c70fc889d18f" status: 404 len: 246 microversion: 1.1 [pid: 7|app: 0|req: 536/1061] 10.0.0.114 () {34 vars in 816 bytes} [Wed Jul 22 23:14:19 2026] DELETE /resource_providers/66c539f5-3ac3-4c54-a585-c70fc889d18f => generated 246 bytes in 12 msecs (HTTP/1.1 404) 6 headers in 231 bytes (1 switches on core 0)
2026-07-22 23:14:22.418 8 INFO placement.requestlog [req-9de8d6df-90a6-4849-85ce-6b9c6d67f159 req-de0522a7-a270-4499-acd7-104aa4e578c8 62d158538eae40e08c854d76f460fa10 14c2bdaa7a66432180f67db0ba4c318c - - b6ac5573c4da45db9546e9e6472ca91c b6ac5573c4da45db9546e9e6472ca91c] 199.204.45.95 "GET /resource_providers/3877cf9c-af4c-487d-a44b-1fb38b7b157d/allocations" status: 200 len: 153 microversion: 1.0 [pid: 8|app: 0|req: 526/1062] 199.204.45.95 () {32 vars in 856 bytes} [Wed Jul 22 23:14:22 2026] GET /resource_providers/3877cf9c-af4c-487d-a44b-1fb38b7b157d/allocations => generated 153 bytes in 17 msecs (HTTP/1.1 200) 6 headers in 224 bytes (1 switches on core 0)
2026-07-22 23:14:22.442 7 INFO placement.requestlog [req-9de8d6df-90a6-4849-85ce-6b9c6d67f159 req-9fa525a0-de49-4f9a-9c3d-f949bc719f28 62d158538eae40e08c854d76f460fa10 14c2bdaa7a66432180f67db0ba4c318c - - b6ac5573c4da45db9546e9e6472ca91c b6ac5573c4da45db9546e9e6472ca91c] 199.204.45.95 "GET /allocations/1438d69b-0c6c-451e-b99c-35f15ff45b39" status: 200 len: 258 microversion: 1.28 [pid: 7|app: 0|req: 537/1063] 199.204.45.95 () {34 vars in 862 bytes} [Wed Jul 22 23:14:22 2026] GET /allocations/1438d69b-0c6c-451e-b99c-35f15ff45b39 => generated 258 bytes in 17 msecs (HTTP/1.1 200) 8 headers in 296 bytes (1 switches on core 0)
2026-07-22 23:14:24.355 8 INFO placement.requestlog [None req-3cbb27f1-a6fa-451d-a6c8-0eef28ba0f95 - - - - - -] 10.0.0.79 "GET /" status: 200 len: 136 microversion: 1.0
2026-07-22 23:14:24.357 7 INFO placement.requestlog [None req-152c146c-2b67-4863-9e52-898008386196 - - - - - -] 10.0.0.79 "GET /" status: 200 len: 136 microversion: 1.0
2026-07-22 23:14:25.075 8 INFO placement.requestlog [None req-646f9c1a-cfc9-41c8-b4f0-6762f8babad9 583553630bbb44c8a1ac3321207cf679 14c2bdaa7a66432180f67db0ba4c318c - - b6ac5573c4da45db9546e9e6472ca91c b6ac5573c4da45db9546e9e6472ca91c] 10.0.0.114 "GET /resource_providers/a4188462-53bf-45ad-94cb-83d5052d37ae/aggregates" status: 404 len: 235 microversion: 1.1 [pid: 8|app: 0|req: 528/1066] 10.0.0.114 () {32 vars in 816 bytes} [Wed Jul 22 23:14:25 2026] GET /resource_providers/a4188462-53bf-45ad-94cb-83d5052d37ae/aggregates => generated 235 bytes in 11 msecs (HTTP/1.1 404) 5 headers in 202 bytes (1 switches on core 0)
2026-07-22 23:14:25.083 7 INFO placement.requestlog [None req-19890525-179b-438e-9821-b7c6368cb722 583553630bbb44c8a1ac3321207cf679 14c2bdaa7a66432180f67db0ba4c318c - - b6ac5573c4da45db9546e9e6472ca91c b6ac5573c4da45db9546e9e6472ca91c] 10.0.0.114 "GET /resource_providers/a4188462-53bf-45ad-94cb-83d5052d37ae/aggregates" status: 404 len: 235 microversion: 1.1 [pid: 7|app: 0|req: 539/1067] 10.0.0.114 () {32 vars in 816 bytes} [Wed Jul 22 23:14:25 2026] GET /resource_providers/a4188462-53bf-45ad-94cb-83d5052d37ae/aggregates => generated 235 bytes in 20 msecs (HTTP/1.1 404) 5 headers in 202 bytes (1 switches on core 0)
2026-07-22 23:14:25.101 7 INFO placement.requestlog [None req-982f4baa-9176-4ae9-8bd1-383e5a17dbf2 583553630bbb44c8a1ac3321207cf679 14c2bdaa7a66432180f67db0ba4c318c - - b6ac5573c4da45db9546e9e6472ca91c b6ac5573c4da45db9546e9e6472ca91c] 10.0.0.114 "DELETE /resource_providers/a4188462-53bf-45ad-94cb-83d5052d37ae" status: 404 len: 246 microversion: 1.1 [pid: 7|app: 0|req: 540/1068] 10.0.0.114 () {34 vars in 816 bytes} [Wed Jul 22 23:14:25 2026] DELETE /resource_providers/a4188462-53bf-45ad-94cb-83d5052d37ae => generated 246 bytes in 8 msecs (HTTP/1.1 404) 6 headers in 231 bytes (1 switches on core 0)
2026-07-22 23:14:25.101 8 INFO placement.requestlog [None req-2d72af8a-1857-49aa-9496-1caa70c9769e 583553630bbb44c8a1ac3321207cf679 14c2bdaa7a66432180f67db0ba4c318c - - b6ac5573c4da45db9546e9e6472ca91c b6ac5573c4da45db9546e9e6472ca91c] 10.0.0.114 "DELETE /resource_providers/a4188462-53bf-45ad-94cb-83d5052d37ae" status: 404 len: 246 microversion: 1.1 [pid: 8|app: 0|req: 529/1069] 10.0.0.114 () {34 vars in 816 bytes} [Wed Jul 22 23:14:25 2026] DELETE /resource_providers/a4188462-53bf-45ad-94cb-83d5052d37ae => generated 246 bytes in 9 msecs (HTTP/1.1 404) 6 headers in 231 bytes (1 switches on core 0)
2026-07-22 23:14:26.000 7 INFO placement.requestlog [req-9de8d6df-90a6-4849-85ce-6b9c6d67f159 req-6ce1dc7b-dc4c-42dd-8fe7-ae9033afc545 62d158538eae40e08c854d76f460fa10 14c2bdaa7a66432180f67db0ba4c318c - - b6ac5573c4da45db9546e9e6472ca91c b6ac5573c4da45db9546e9e6472ca91c] 199.204.45.95 "DELETE /allocations/1438d69b-0c6c-451e-b99c-35f15ff45b39" status: 204 len: 0 microversion: 1.0 [pid: 7|app: 0|req: 541/1070] 199.204.45.95 () {34 vars in 840 bytes} [Wed Jul 22 23:14:25 2026] DELETE /allocations/1438d69b-0c6c-451e-b99c-35f15ff45b39 => generated 0 bytes in 34 msecs (HTTP/1.1 204) 5 headers in 198 bytes (1 switches on core 0)
2026-07-22 23:14:27.255 8 INFO placement.requestlog [req-d0317dec-f5e1-42c1-aba9-d1ec856767c1 req-2858492b-4baa-4616-a395-9125ef51bb81 62d158538eae40e08c854d76f460fa10 14c2bdaa7a66432180f67db0ba4c318c - - b6ac5573c4da45db9546e9e6472ca91c b6ac5573c4da45db9546e9e6472ca91c] 10.0.0.170 "DELETE /allocations/1438d69b-0c6c-451e-b99c-35f15ff45b39" status: 404 len: 228 microversion: 1.0 [pid: 8|app: 0|req: 530/1071] 10.0.0.170 () {34 vars in 830 bytes} [Wed Jul 22 23:14:27 2026] DELETE /allocations/1438d69b-0c6c-451e-b99c-35f15ff45b39 => generated 228 bytes in 11 msecs (HTTP/1.1 404) 6 headers in 231 bytes (1 switches on core 0)
2026-07-22 23:14:29.799 7 INFO placement.requestlog [None req-df1a35fa-cccd-4b6c-a794-108c7c3523ba 583553630bbb44c8a1ac3321207cf679 14c2bdaa7a66432180f67db0ba4c318c - - b6ac5573c4da45db9546e9e6472ca91c b6ac5573c4da45db9546e9e6472ca91c] 10.0.0.114 "GET /resource_providers/39de80fb-bb02-456a-b3b7-bee42e938a54/aggregates" status: 404 len: 235 microversion: 1.1 [pid: 7|app: 0|req: 542/1072] 10.0.0.114 () {32 vars in 816 bytes} [Wed Jul 22 23:14:29 2026] GET /resource_providers/39de80fb-bb02-456a-b3b7-bee42e938a54/aggregates => generated 235 bytes in 9 msecs (HTTP/1.1 404) 5 headers in 202 bytes (1 switches on core 0)
2026-07-22 23:14:29.801 8 INFO placement.requestlog [None req-0a67e872-238b-4353-afce-b2e5ca0813d3 583553630bbb44c8a1ac3321207cf679 14c2bdaa7a66432180f67db0ba4c318c - - b6ac5573c4da45db9546e9e6472ca91c b6ac5573c4da45db9546e9e6472ca91c] 10.0.0.114 "GET /resource_providers/39de80fb-bb02-456a-b3b7-bee42e938a54/aggregates" status: 404 len: 235 microversion: 1.1 [pid: 8|app: 0|req: 531/1073] 10.0.0.114 () {32 vars in 816 bytes} [Wed Jul 22 23:14:29 2026] GET /resource_providers/39de80fb-bb02-456a-b3b7-bee42e938a54/aggregates => generated 235 bytes in 10 msecs (HTTP/1.1 404) 5 headers in 202 bytes (1 switches on core 0)
2026-07-22 23:14:29.824 7 INFO placement.requestlog [None req-305857c1-ad37-4ba9-afaf-5009f438984e 583553630bbb44c8a1ac3321207cf679 14c2bdaa7a66432180f67db0ba4c318c - - b6ac5573c4da45db9546e9e6472ca91c b6ac5573c4da45db9546e9e6472ca91c] 10.0.0.114 "DELETE /resource_providers/39de80fb-bb02-456a-b3b7-bee42e938a54" status: 404 len: 246 microversion: 1.1 [pid: 7|app: 0|req: 543/1074] 10.0.0.114 () {34 vars in 816 bytes} [Wed Jul 22 23:14:29 2026] DELETE /resource_providers/39de80fb-bb02-456a-b3b7-bee42e938a54 => generated 246 bytes in 9 msecs (HTTP/1.1 404) 6 headers in 231 bytes (1 switches on core 0)
2026-07-22 23:14:29.829 8 INFO placement.requestlog [None req-d9d6c6bb-0a8a-42cd-8e53-ddcd453ad124 583553630bbb44c8a1ac3321207cf679 14c2bdaa7a66432180f67db0ba4c318c - - b6ac5573c4da45db9546e9e6472ca91c b6ac5573c4da45db9546e9e6472ca91c] 10.0.0.114 "DELETE /resource_providers/39de80fb-bb02-456a-b3b7-bee42e938a54" status: 404 len: 246 microversion: 1.1 [pid: 8|app: 0|req: 532/1075] 10.0.0.114 () {34 vars in 816 bytes} [Wed Jul 22 23:14:29 2026] DELETE /resource_providers/39de80fb-bb02-456a-b3b7-bee42e938a54 => generated 246 bytes in 12 msecs (HTTP/1.1 404) 6 headers in 231 bytes (1 switches on core 0)
2026-07-22 23:14:31.850 7 INFO placement.requestlog [None req-ea5f579b-9040-4ef3-83bb-529dd21228b1 583553630bbb44c8a1ac3321207cf679 14c2bdaa7a66432180f67db0ba4c318c - - b6ac5573c4da45db9546e9e6472ca91c b6ac5573c4da45db9546e9e6472ca91c] 10.0.0.114 "GET /resource_providers/cf81b8bb-3cb3-472f-917f-590cdc88e88a/aggregates" status: 404 len: 235 microversion: 1.1 [pid: 7|app: 0|req: 544/1076] 10.0.0.114 () {32 vars in 816 bytes} [Wed Jul 22 23:14:31 2026] GET /resource_providers/cf81b8bb-3cb3-472f-917f-590cdc88e88a/aggregates => generated 235 bytes in 10 msecs (HTTP/1.1 404) 5 headers in 202 bytes (1 switches on core 0)
2026-07-22 23:14:31.854 8 INFO placement.requestlog [None req-c7cf7693-9573-4503-acd5-9e4e9b0a95c0 583553630bbb44c8a1ac3321207cf679 14c2bdaa7a66432180f67db0ba4c318c - - b6ac5573c4da45db9546e9e6472ca91c b6ac5573c4da45db9546e9e6472ca91c] 10.0.0.114 "GET /resource_providers/cf81b8bb-3cb3-472f-917f-590cdc88e88a/aggregates" status: 404 len: 235 microversion: 1.1 [pid: 8|app: 0|req: 533/1077] 10.0.0.114 () {32 vars in 816 bytes} [Wed Jul 22 23:14:31 2026] GET /resource_providers/cf81b8bb-3cb3-472f-917f-590cdc88e88a/aggregates => generated 235 bytes in 11 msecs (HTTP/1.1 404) 5 headers in 202 bytes (1 switches on core 0)
2026-07-22 23:14:31.876 8 INFO placement.requestlog [None req-f49176ab-e6d1-4639-8ba8-a2a8dcff90fa 583553630bbb44c8a1ac3321207cf679 14c2bdaa7a66432180f67db0ba4c318c - - b6ac5573c4da45db9546e9e6472ca91c b6ac5573c4da45db9546e9e6472ca91c] 10.0.0.114 "DELETE /resource_providers/cf81b8bb-3cb3-472f-917f-590cdc88e88a" status: 404 len: 246 microversion: 1.1 [pid: 8|app: 0|req: 534/1078] 10.0.0.114 () {34 vars in 816 bytes} [Wed Jul 22 23:14:31 2026] DELETE /resource_providers/cf81b8bb-3cb3-472f-917f-590cdc88e88a => generated 246 bytes in 9 msecs (HTTP/1.1 404) 6 headers in 231 bytes (1 switches on core 0)
2026-07-22 23:14:31.880 7 INFO placement.requestlog [None req-195dd7f2-3956-4794-afeb-2650164ab868 583553630bbb44c8a1ac3321207cf679 14c2bdaa7a66432180f67db0ba4c318c - - b6ac5573c4da45db9546e9e6472ca91c b6ac5573c4da45db9546e9e6472ca91c] 10.0.0.114 "DELETE /resource_providers/cf81b8bb-3cb3-472f-917f-590cdc88e88a" status: 404 len: 246 microversion: 1.1 [pid: 7|app: 0|req: 545/1079] 10.0.0.114 () {34 vars in 816 bytes} [Wed Jul 22 23:14:31 2026] DELETE /resource_providers/cf81b8bb-3cb3-472f-917f-590cdc88e88a => generated 246 bytes in 13 msecs (HTTP/1.1 404) 6 headers in 231 bytes (1 switches on core 0)
2026-07-22 23:14:33.896 8 INFO placement.requestlog [None req-8c2701ad-e6c9-4c1b-9fbd-8091f91a92af 583553630bbb44c8a1ac3321207cf679 14c2bdaa7a66432180f67db0ba4c318c - - b6ac5573c4da45db9546e9e6472ca91c b6ac5573c4da45db9546e9e6472ca91c] 10.0.0.114 "GET /resource_providers/e2b21fdd-c80c-442f-bff8-9f12dc77e53e/aggregates" status: 404 len: 235 microversion: 1.1 [pid: 8|app: 0|req: 535/1080] 10.0.0.114 () {32 vars in 816 bytes} [Wed Jul 22 23:14:33 2026] GET /resource_providers/e2b21fdd-c80c-442f-bff8-9f12dc77e53e/aggregates => generated 235 bytes in 9 msecs (HTTP/1.1 404) 5 headers in 202 bytes (1 switches on core 0)
2026-07-22 23:14:33.900 7 INFO placement.requestlog [None req-cbaaa17d-16d7-41bd-85dc-1c10f6c17c5f 583553630bbb44c8a1ac3321207cf679 14c2bdaa7a66432180f67db0ba4c318c - - b6ac5573c4da45db9546e9e6472ca91c b6ac5573c4da45db9546e9e6472ca91c] 10.0.0.114 "GET /resource_providers/e2b21fdd-c80c-442f-bff8-9f12dc77e53e/aggregates" status: 404 len: 235 microversion: 1.1 [pid: 7|app: 0|req: 546/1081] 10.0.0.114 () {32 vars in 816 bytes} [Wed Jul 22 23:14:33 2026] GET /resource_providers/e2b21fdd-c80c-442f-bff8-9f12dc77e53e/aggregates => generated 235 bytes in 11 msecs (HTTP/1.1 404) 5 headers in 202 bytes (1 switches on core 0)
2026-07-22 23:14:33.917 8 INFO placement.requestlog [None req-786f107a-77c3-465e-81d5-39e3afc21abd 583553630bbb44c8a1ac3321207cf679 14c2bdaa7a66432180f67db0ba4c318c - - b6ac5573c4da45db9546e9e6472ca91c b6ac5573c4da45db9546e9e6472ca91c] 10.0.0.114 "DELETE /resource_providers/e2b21fdd-c80c-442f-bff8-9f12dc77e53e" status: 404 len: 246 microversion: 1.1
2026-07-22 23:14:33.917 7 INFO placement.requestlog [None req-864a26fc-c870-450a-81e5-9066bcc58293 583553630bbb44c8a1ac3321207cf679 14c2bdaa7a66432180f67db0ba4c318c - - b6ac5573c4da45db9546e9e6472ca91c b6ac5573c4da45db9546e9e6472ca91c] 10.0.0.114 "DELETE /resource_providers/e2b21fdd-c80c-442f-bff8-9f12dc77e53e" status: 404 len: 246 microversion: 1.1 [pid: 8|app: 0|req: 536/1082] 10.0.0.114 () {34 vars in 816 bytes} [Wed Jul 22 23:14:33 2026] DELETE /resource_providers/e2b21fdd-c80c-442f-bff8-9f12dc77e53e => generated 246 bytes in 10 msecs (HTTP/1.1 404) 6 headers in 231 bytes (1 switches on core 0) [pid: 7|app: 0|req: 547/1083] 10.0.0.114 () {34 vars in 816 bytes} [Wed Jul 22 23:14:33 2026] DELETE /resource_providers/e2b21fdd-c80c-442f-bff8-9f12dc77e53e => generated 246 bytes in 8 msecs (HTTP/1.1 404) 6 headers in 231 bytes (1 switches on core 0)
2026-07-22 23:14:33.944 8 INFO placement.requestlog [None req-2e85e4e9-b6ce-421e-9902-be624f898181 583553630bbb44c8a1ac3321207cf679 14c2bdaa7a66432180f67db0ba4c318c - - b6ac5573c4da45db9546e9e6472ca91c b6ac5573c4da45db9546e9e6472ca91c] 10.0.0.114 "GET /resource_providers/297dde89-3bec-4bac-9faa-139d7a1cc11d/aggregates" status: 404 len: 235 microversion: 1.1 [pid: 8|app: 0|req: 537/1084] 10.0.0.114 () {32 vars in 816 bytes} [Wed Jul 22 23:14:33 2026] GET /resource_providers/297dde89-3bec-4bac-9faa-139d7a1cc11d/aggregates => generated 235 bytes in 15 msecs (HTTP/1.1 404) 5 headers in 202 bytes (1 switches on core 0)
2026-07-22 23:14:33.945 7 INFO placement.requestlog [None req-4daff6a5-b141-4ae7-ab38-bab05839acc0 583553630bbb44c8a1ac3321207cf679 14c2bdaa7a66432180f67db0ba4c318c - - b6ac5573c4da45db9546e9e6472ca91c b6ac5573c4da45db9546e9e6472ca91c] 10.0.0.114 "GET /resource_providers/297dde89-3bec-4bac-9faa-139d7a1cc11d/aggregates" status: 404 len: 235 microversion: 1.1 [pid: 7|app: 0|req: 548/1085] 10.0.0.114 () {32 vars in 816 bytes} [Wed Jul 22 23:14:33 2026] GET /resource_providers/297dde89-3bec-4bac-9faa-139d7a1cc11d/aggregates => generated 235 bytes in 13 msecs (HTTP/1.1 404) 5 headers in 202 bytes (1 switches on core 0)
2026-07-22 23:14:33.968 7 INFO placement.requestlog [None req-84f0a905-5e77-4a87-a025-14ff58f12393 583553630bbb44c8a1ac3321207cf679 14c2bdaa7a66432180f67db0ba4c318c - - b6ac5573c4da45db9546e9e6472ca91c b6ac5573c4da45db9546e9e6472ca91c] 10.0.0.114 "DELETE /resource_providers/297dde89-3bec-4bac-9faa-139d7a1cc11d" status: 404 len: 246 microversion: 1.1 [pid: 7|app: 0|req: 549/1086] 10.0.0.114 () {34 vars in 816 bytes} [Wed Jul 22 23:14:33 2026] DELETE /resource_providers/297dde89-3bec-4bac-9faa-139d7a1cc11d => generated 246 bytes in 11 msecs (HTTP/1.1 404) 6 headers in 231 bytes (1 switches on core 0)
2026-07-22 23:14:33.970 8 INFO placement.requestlog [None req-e6922551-c07a-4157-89cf-268198696865 583553630bbb44c8a1ac3321207cf679 14c2bdaa7a66432180f67db0ba4c318c - - b6ac5573c4da45db9546e9e6472ca91c b6ac5573c4da45db9546e9e6472ca91c] 10.0.0.114 "DELETE /resource_providers/297dde89-3bec-4bac-9faa-139d7a1cc11d" status: 404 len: 246 microversion: 1.1 [pid: 8|app: 0|req: 538/1087] 10.0.0.114 () {34 vars in 816 bytes} [Wed Jul 22 23:14:33 2026] DELETE /resource_providers/297dde89-3bec-4bac-9faa-139d7a1cc11d => generated 246 bytes in 14 msecs (HTTP/1.1 404) 6 headers in 231 bytes (1 switches on core 0)
2026-07-22 23:14:34.276 7 INFO placement.requestlog [None req-838809fb-761b-44f0-9829-2c945209782f 583553630bbb44c8a1ac3321207cf679 14c2bdaa7a66432180f67db0ba4c318c - - b6ac5573c4da45db9546e9e6472ca91c b6ac5573c4da45db9546e9e6472ca91c] 10.0.0.114 "GET /resource_providers/cba8388d-ba1a-48c1-8aef-d37c33ebba60/aggregates" status: 404 len: 235 microversion: 1.1 [pid: 7|app: 0|req: 550/1088] 10.0.0.114 () {32 vars in 816 bytes} [Wed Jul 22 23:14:34 2026] GET /resource_providers/cba8388d-ba1a-48c1-8aef-d37c33ebba60/aggregates => generated 235 bytes in 16 msecs (HTTP/1.1 404) 5 headers in 202 bytes (1 switches on core 0)
2026-07-22 23:14:34.277 8 INFO placement.requestlog [None req-1088d5fe-d994-4890-8890-3631e65bd17a 583553630bbb44c8a1ac3321207cf679 14c2bdaa7a66432180f67db0ba4c318c - - b6ac5573c4da45db9546e9e6472ca91c b6ac5573c4da45db9546e9e6472ca91c] 10.0.0.114 "GET /resource_providers/cba8388d-ba1a-48c1-8aef-d37c33ebba60/aggregates" status: 404 len: 235 microversion: 1.1 [pid: 8|app: 0|req: 539/1089] 10.0.0.114 () {32 vars in 816 bytes} [Wed Jul 22 23:14:34 2026] GET /resource_providers/cba8388d-ba1a-48c1-8aef-d37c33ebba60/aggregates => generated 235 bytes in 10 msecs (HTTP/1.1 404) 5 headers in 202 bytes (1 switches on core 0)
2026-07-22 23:14:34.303 8 INFO placement.requestlog [None req-ab66fe55-ae3c-4305-b745-d7de284e3ce9 583553630bbb44c8a1ac3321207cf679 14c2bdaa7a66432180f67db0ba4c318c - - b6ac5573c4da45db9546e9e6472ca91c b6ac5573c4da45db9546e9e6472ca91c] 10.0.0.114 "DELETE /resource_providers/cba8388d-ba1a-48c1-8aef-d37c33ebba60" status: 404 len: 246 microversion: 1.1 [pid: 8|app: 0|req: 540/1090] 10.0.0.114 () {34 vars in 816 bytes} [Wed Jul 22 23:14:34 2026] DELETE /resource_providers/cba8388d-ba1a-48c1-8aef-d37c33ebba60 => generated 246 bytes in 10 msecs (HTTP/1.1 404) 6 headers in 231 bytes (1 switches on core 0)
2026-07-22 23:14:34.305 7 INFO placement.requestlog [None req-7e64afbf-123e-4624-a048-51dc80e5105b 583553630bbb44c8a1ac3321207cf679 14c2bdaa7a66432180f67db0ba4c318c - - b6ac5573c4da45db9546e9e6472ca91c b6ac5573c4da45db9546e9e6472ca91c] 10.0.0.114 "DELETE /resource_providers/cba8388d-ba1a-48c1-8aef-d37c33ebba60" status: 404 len: 246 microversion: 1.1 [pid: 7|app: 0|req: 551/1091] 10.0.0.114 () {34 vars in 816 bytes} [Wed Jul 22 23:14:34 2026] DELETE /resource_providers/cba8388d-ba1a-48c1-8aef-d37c33ebba60 => generated 246 bytes in 17 msecs (HTTP/1.1 404) 6 headers in 231 bytes (1 switches on core 0)
2026-07-22 23:14:34.355 8 INFO placement.requestlog [None req-fc71576e-8a19-404a-90ba-63a7b7d576f8 - - - - - -] 10.0.0.79 "GET /" status: 200 len: 136 microversion: 1.0
2026-07-22 23:14:34.356 7 INFO placement.requestlog [None req-7b0acc17-f27f-4819-84f5-4c772e1d6caf - - - - - -] 10.0.0.79 "GET /" status: 200 len: 136 microversion: 1.0
2026-07-22 23:14:38.626 7 INFO placement.requestlog [None req-88a20e38-be3c-4217-98cf-50861834f5ca 583553630bbb44c8a1ac3321207cf679 14c2bdaa7a66432180f67db0ba4c318c - - b6ac5573c4da45db9546e9e6472ca91c b6ac5573c4da45db9546e9e6472ca91c] 10.0.0.114 "GET /resource_providers/4a111087-9689-479a-8f5c-7d25899242d5/aggregates" status: 404 len: 235 microversion: 1.1 [pid: 7|app: 0|req: 553/1094] 10.0.0.114 () {32 vars in 816 bytes} [Wed Jul 22 23:14:38 2026] GET /resource_providers/4a111087-9689-479a-8f5c-7d25899242d5/aggregates => generated 235 bytes in 13 msecs (HTTP/1.1 404) 5 headers in 202 bytes (1 switches on core 0)
2026-07-22 23:14:38.628 8 INFO placement.requestlog [None req-fa75d774-7d10-43fa-8d12-b93478a8ff58 583553630bbb44c8a1ac3321207cf679 14c2bdaa7a66432180f67db0ba4c318c - - b6ac5573c4da45db9546e9e6472ca91c b6ac5573c4da45db9546e9e6472ca91c] 10.0.0.114 "GET /resource_providers/4a111087-9689-479a-8f5c-7d25899242d5/aggregates" status: 404 len: 235 microversion: 1.1 [pid: 8|app: 0|req: 542/1095] 10.0.0.114 () {32 vars in 816 bytes} [Wed Jul 22 23:14:38 2026] GET /resource_providers/4a111087-9689-479a-8f5c-7d25899242d5/aggregates => generated 235 bytes in 19 msecs (HTTP/1.1 404) 5 headers in 202 bytes (1 switches on core 0)
2026-07-22 23:14:38.650 7 INFO placement.requestlog [None req-81bda94d-b091-4428-a345-dba1856acafd 583553630bbb44c8a1ac3321207cf679 14c2bdaa7a66432180f67db0ba4c318c - - b6ac5573c4da45db9546e9e6472ca91c b6ac5573c4da45db9546e9e6472ca91c] 10.0.0.114 "DELETE /resource_providers/4a111087-9689-479a-8f5c-7d25899242d5" status: 404 len: 246 microversion: 1.1 [pid: 7|app: 0|req: 554/1096] 10.0.0.114 () {34 vars in 816 bytes} [Wed Jul 22 23:14:38 2026] DELETE /resource_providers/4a111087-9689-479a-8f5c-7d25899242d5 => generated 246 bytes in 9 msecs (HTTP/1.1 404) 6 headers in 231 bytes (1 switches on core 0)
2026-07-22 23:14:38.662 8 INFO placement.requestlog [None req-f4b987f7-902f-4e4b-adb6-d2f430afbba9 583553630bbb44c8a1ac3321207cf679 14c2bdaa7a66432180f67db0ba4c318c - - b6ac5573c4da45db9546e9e6472ca91c b6ac5573c4da45db9546e9e6472ca91c] 10.0.0.114 "DELETE /resource_providers/4a111087-9689-479a-8f5c-7d25899242d5" status: 404 len: 246 microversion: 1.1 [pid: 8|app: 0|req: 543/1097] 10.0.0.114 () {34 vars in 816 bytes} [Wed Jul 22 23:14:38 2026] DELETE /resource_providers/4a111087-9689-479a-8f5c-7d25899242d5 => generated 246 bytes in 13 msecs (HTTP/1.1 404) 6 headers in 231 bytes (1 switches on core 0)
2026-07-22 23:14:40.670 7 INFO placement.requestlog [None req-9e3b3594-a5c3-4154-8641-c3f95cec5b98 583553630bbb44c8a1ac3321207cf679 14c2bdaa7a66432180f67db0ba4c318c - - b6ac5573c4da45db9546e9e6472ca91c b6ac5573c4da45db9546e9e6472ca91c] 10.0.0.114 "GET /resource_providers/68d04455-4f29-4726-9637-2b3b6f4fb2b6/aggregates" status: 404 len: 235 microversion: 1.1 [pid: 7|app: 0|req: 555/1098] 10.0.0.114 () {32 vars in 816 bytes} [Wed Jul 22 23:14:40 2026] GET /resource_providers/68d04455-4f29-4726-9637-2b3b6f4fb2b6/aggregates => generated 235 bytes in 10 msecs (HTTP/1.1 404) 5 headers in 202 bytes (1 switches on core 0)
2026-07-22 23:14:40.682 8 INFO placement.requestlog [None req-94dd280e-106b-4d1d-a3fb-c4455ca9ff93 583553630bbb44c8a1ac3321207cf679 14c2bdaa7a66432180f67db0ba4c318c - - b6ac5573c4da45db9546e9e6472ca91c b6ac5573c4da45db9546e9e6472ca91c] 10.0.0.114 "GET /resource_providers/68d04455-4f29-4726-9637-2b3b6f4fb2b6/aggregates" status: 404 len: 235 microversion: 1.1 [pid: 8|app: 0|req: 544/1099] 10.0.0.114 () {32 vars in 816 bytes} [Wed Jul 22 23:14:40 2026] GET /resource_providers/68d04455-4f29-4726-9637-2b3b6f4fb2b6/aggregates => generated 235 bytes in 11 msecs (HTTP/1.1 404) 5 headers in 202 bytes (1 switches on core 0)
2026-07-22 23:14:40.689 7 INFO placement.requestlog [None req-ccf9ed28-5daf-41f0-8c87-82ffbb7f0264 583553630bbb44c8a1ac3321207cf679 14c2bdaa7a66432180f67db0ba4c318c - - b6ac5573c4da45db9546e9e6472ca91c b6ac5573c4da45db9546e9e6472ca91c] 10.0.0.114 "DELETE /resource_providers/68d04455-4f29-4726-9637-2b3b6f4fb2b6" status: 404 len: 246 microversion: 1.1 [pid: 7|app: 0|req: 556/1100] 10.0.0.114 () {34 vars in 816 bytes} [Wed Jul 22 23:14:40 2026] DELETE /resource_providers/68d04455-4f29-4726-9637-2b3b6f4fb2b6 => generated 246 bytes in 9 msecs (HTTP/1.1 404) 6 headers in 231 bytes (1 switches on core 0)
2026-07-22 23:14:40.697 8 INFO placement.requestlog [None req-ab6a6395-32a8-4d08-9df0-60deb0f54774 583553630bbb44c8a1ac3321207cf679 14c2bdaa7a66432180f67db0ba4c318c - - b6ac5573c4da45db9546e9e6472ca91c b6ac5573c4da45db9546e9e6472ca91c] 10.0.0.114 "DELETE /resource_providers/68d04455-4f29-4726-9637-2b3b6f4fb2b6" status: 404 len: 246 microversion: 1.1 [pid: 8|app: 0|req: 545/1101] 10.0.0.114 () {34 vars in 816 bytes} [Wed Jul 22 23:14:40 2026] DELETE /resource_providers/68d04455-4f29-4726-9637-2b3b6f4fb2b6 => generated 246 bytes in 8 msecs (HTTP/1.1 404) 6 headers in 231 bytes (1 switches on core 0)
2026-07-22 23:14:41.091 7 INFO placement.requestlog [None req-58a60d97-140e-49d2-b8ea-fc736d86fecb 583553630bbb44c8a1ac3321207cf679 14c2bdaa7a66432180f67db0ba4c318c - - b6ac5573c4da45db9546e9e6472ca91c b6ac5573c4da45db9546e9e6472ca91c] 10.0.0.114 "GET /resource_providers/81698ce2-afb8-4c03-9423-b93061a8efb3/aggregates" status: 404 len: 235 microversion: 1.1 [pid: 7|app: 0|req: 557/1102] 10.0.0.114 () {32 vars in 816 bytes} [Wed Jul 22 23:14:41 2026] GET /resource_providers/81698ce2-afb8-4c03-9423-b93061a8efb3/aggregates => generated 235 bytes in 23 msecs (HTTP/1.1 404) 5 headers in 202 bytes (1 switches on core 0)
2026-07-22 23:14:41.092 8 INFO placement.requestlog [None req-3ec34312-3c95-4618-8a7b-bc69c3f07c57 583553630bbb44c8a1ac3321207cf679 14c2bdaa7a66432180f67db0ba4c318c - - b6ac5573c4da45db9546e9e6472ca91c b6ac5573c4da45db9546e9e6472ca91c] 10.0.0.114 "GET /resource_providers/81698ce2-afb8-4c03-9423-b93061a8efb3/aggregates" status: 404 len: 235 microversion: 1.1 [pid: 8|app: 0|req: 546/1103] 10.0.0.114 () {32 vars in 816 bytes} [Wed Jul 22 23:14:41 2026] GET /resource_providers/81698ce2-afb8-4c03-9423-b93061a8efb3/aggregates => generated 235 bytes in 15 msecs (HTTP/1.1 404) 5 headers in 202 bytes (1 switches on core 0)
2026-07-22 23:14:41.114 8 INFO placement.requestlog [None req-8a656e39-d4d7-4a31-ad80-99d28073e743 583553630bbb44c8a1ac3321207cf679 14c2bdaa7a66432180f67db0ba4c318c - - b6ac5573c4da45db9546e9e6472ca91c b6ac5573c4da45db9546e9e6472ca91c] 10.0.0.114 "DELETE /resource_providers/81698ce2-afb8-4c03-9423-b93061a8efb3" status: 404 len: 246 microversion: 1.1 [pid: 8|app: 0|req: 547/1104] 10.0.0.114 () {34 vars in 816 bytes} [Wed Jul 22 23:14:41 2026] DELETE /resource_providers/81698ce2-afb8-4c03-9423-b93061a8efb3 => generated 246 bytes in 9 msecs (HTTP/1.1 404) 6 headers in 231 bytes (1 switches on core 0)
2026-07-22 23:14:41.117 7 INFO placement.requestlog [None req-185bbb56-1245-46bf-afa7-117df3dc5cbf 583553630bbb44c8a1ac3321207cf679 14c2bdaa7a66432180f67db0ba4c318c - - b6ac5573c4da45db9546e9e6472ca91c b6ac5573c4da45db9546e9e6472ca91c] 10.0.0.114 "DELETE /resource_providers/81698ce2-afb8-4c03-9423-b93061a8efb3" status: 404 len: 246 microversion: 1.1 [pid: 7|app: 0|req: 558/1105] 10.0.0.114 () {34 vars in 816 bytes} [Wed Jul 22 23:14:41 2026] DELETE /resource_providers/81698ce2-afb8-4c03-9423-b93061a8efb3 => generated 246 bytes in 13 msecs (HTTP/1.1 404) 6 headers in 231 bytes (1 switches on core 0)
2026-07-22 23:14:43.132 8 INFO placement.requestlog [None req-50826723-6df4-4958-b467-890452073113 583553630bbb44c8a1ac3321207cf679 14c2bdaa7a66432180f67db0ba4c318c - - b6ac5573c4da45db9546e9e6472ca91c b6ac5573c4da45db9546e9e6472ca91c] 10.0.0.114 "GET /resource_providers/0a5b58b1-6c90-4d1e-af7d-fc069ace56fc/aggregates" status: 404 len: 235 microversion: 1.1 [pid: 8|app: 0|req: 548/1106] 10.0.0.114 () {32 vars in 816 bytes} [Wed Jul 22 23:14:43 2026] GET /resource_providers/0a5b58b1-6c90-4d1e-af7d-fc069ace56fc/aggregates => generated 235 bytes in 8 msecs (HTTP/1.1 404) 5 headers in 202 bytes (1 switches on core 0)
2026-07-22 23:14:43.141 7 INFO placement.requestlog [None req-5ed68d44-60da-49dc-82bf-906ae1747e51 583553630bbb44c8a1ac3321207cf679 14c2bdaa7a66432180f67db0ba4c318c - - b6ac5573c4da45db9546e9e6472ca91c b6ac5573c4da45db9546e9e6472ca91c] 10.0.0.114 "GET /resource_providers/0a5b58b1-6c90-4d1e-af7d-fc069ace56fc/aggregates" status: 404 len: 235 microversion: 1.1 [pid: 7|app: 0|req: 559/1107] 10.0.0.114 () {32 vars in 816 bytes} [Wed Jul 22 23:14:43 2026] GET /resource_providers/0a5b58b1-6c90-4d1e-af7d-fc069ace56fc/aggregates => generated 235 bytes in 15 msecs (HTTP/1.1 404) 5 headers in 202 bytes (1 switches on core 0)
2026-07-22 23:14:43.153 8 INFO placement.requestlog [None req-6e35a36a-25d2-4e11-a602-e7a9df13b55a 583553630bbb44c8a1ac3321207cf679 14c2bdaa7a66432180f67db0ba4c318c - - b6ac5573c4da45db9546e9e6472ca91c b6ac5573c4da45db9546e9e6472ca91c] 10.0.0.114 "DELETE /resource_providers/0a5b58b1-6c90-4d1e-af7d-fc069ace56fc" status: 404 len: 246 microversion: 1.1 [pid: 8|app: 0|req: 549/1108] 10.0.0.114 () {34 vars in 816 bytes} [Wed Jul 22 23:14:43 2026] DELETE /resource_providers/0a5b58b1-6c90-4d1e-af7d-fc069ace56fc => generated 246 bytes in 13 msecs (HTTP/1.1 404) 6 headers in 231 bytes (1 switches on core 0)
2026-07-22 23:14:43.160 7 INFO placement.requestlog [None req-9ffc170b-3230-4628-886e-40892f70f586 583553630bbb44c8a1ac3321207cf679 14c2bdaa7a66432180f67db0ba4c318c - - b6ac5573c4da45db9546e9e6472ca91c b6ac5573c4da45db9546e9e6472ca91c] 10.0.0.114 "DELETE /resource_providers/0a5b58b1-6c90-4d1e-af7d-fc069ace56fc" status: 404 len: 246 microversion: 1.1 [pid: 7|app: 0|req: 560/1109] 10.0.0.114 () {34 vars in 816 bytes} [Wed Jul 22 23:14:43 2026] DELETE /resource_providers/0a5b58b1-6c90-4d1e-af7d-fc069ace56fc => generated 246 bytes in 11 msecs (HTTP/1.1 404) 6 headers in 231 bytes (1 switches on core 0)
2026-07-22 23:14:44.355 8 INFO placement.requestlog [None req-fd51bbea-3438-4dee-8613-c6909bf762bc - - - - - -] 10.0.0.79 "GET /" status: 200 len: 136 microversion: 1.0
2026-07-22 23:14:44.356 7 INFO placement.requestlog [None req-226a5bb8-a7e3-4adf-a0f3-4d315dcad893 - - - - - -] 10.0.0.79 "GET /" status: 200 len: 136 microversion: 1.0
2026-07-22 23:14:54.355 7 INFO placement.requestlog [None req-b4a4919e-5c4b-4ffe-bd83-5b699d2a79b7 - - - - - -] 10.0.0.79 "GET /" status: 200 len: 136 microversion: 1.0
2026-07-22 23:14:54.355 8 INFO placement.requestlog [None req-27c7a665-4948-4613-8dc9-1991bd915e36 - - - - - -] 10.0.0.79 "GET /" status: 200 len: 136 microversion: 1.0
2026-07-22 23:14:58.386 7 INFO placement.requestlog [req-f3888b07-e046-48b8-852e-72dbcc217534 req-167833d3-118f-40a4-aff2-fdc92ca20400 62d158538eae40e08c854d76f460fa10 14c2bdaa7a66432180f67db0ba4c318c - - b6ac5573c4da45db9546e9e6472ca91c b6ac5573c4da45db9546e9e6472ca91c] 199.204.45.95 "GET /resource_providers/3877cf9c-af4c-487d-a44b-1fb38b7b157d/allocations" status: 200 len: 55 microversion: 1.0 [pid: 7|app: 0|req: 563/1114] 199.204.45.95 () {32 vars in 856 bytes} [Wed Jul 22 23:14:58 2026] GET /resource_providers/3877cf9c-af4c-487d-a44b-1fb38b7b157d/allocations => generated 55 bytes in 187 msecs (HTTP/1.1 200) 6 headers in 223 bytes (1 switches on core 0)
2026-07-22 23:14:58.415 8 INFO placement.requestlog [req-f3888b07-e046-48b8-852e-72dbcc217534 req-b48accf7-e8fa-48a0-9297-c07cde8d5952 62d158538eae40e08c854d76f460fa10 14c2bdaa7a66432180f67db0ba4c318c - - b6ac5573c4da45db9546e9e6472ca91c b6ac5573c4da45db9546e9e6472ca91c] 199.204.45.95 "GET /resource_providers?in_tree=3877cf9c-af4c-487d-a44b-1fb38b7b157d" status: 200 len: 798 microversion: 1.14 [pid: 8|app: 0|req: 552/1115] 199.204.45.95 () {34 vars in 891 bytes} [Wed Jul 22 23:14:58 2026] GET /resource_providers?in_tree=3877cf9c-af4c-487d-a44b-1fb38b7b157d => generated 798 bytes in 21 msecs (HTTP/1.1 200) 6 headers in 225 bytes (1 switches on core 0)
2026-07-22 23:14:58.436 7 INFO placement.requestlog [req-f3888b07-e046-48b8-852e-72dbcc217534 req-42cc7253-0df0-4ce8-9363-fdf861d9ea7d 62d158538eae40e08c854d76f460fa10 14c2bdaa7a66432180f67db0ba4c318c - - b6ac5573c4da45db9546e9e6472ca91c b6ac5573c4da45db9546e9e6472ca91c] 199.204.45.95 "GET /resource_providers/3877cf9c-af4c-487d-a44b-1fb38b7b157d/inventories" status: 200 len: 401 microversion: 1.0 [pid: 7|app: 0|req: 564/1116] 199.204.45.95 () {32 vars in 856 bytes} [Wed Jul 22 23:14:58 2026] GET /resource_providers/3877cf9c-af4c-487d-a44b-1fb38b7b157d/inventories => generated 401 bytes in 13 msecs (HTTP/1.1 200) 6 headers in 224 bytes (1 switches on core 0)
2026-07-22 23:14:58.455 8 INFO placement.requestlog [req-f3888b07-e046-48b8-852e-72dbcc217534 req-79024004-a510-41d2-b038-cc54d484f5de 62d158538eae40e08c854d76f460fa10 14c2bdaa7a66432180f67db0ba4c318c - - b6ac5573c4da45db9546e9e6472ca91c b6ac5573c4da45db9546e9e6472ca91c] 199.204.45.95 "GET /resource_providers/3877cf9c-af4c-487d-a44b-1fb38b7b157d/aggregates" status: 200 len: 54 microversion: 1.19 [pid: 8|app: 0|req: 553/1117] 199.204.45.95 () {34 vars in 898 bytes} [Wed Jul 22 23:14:58 2026] GET /resource_providers/3877cf9c-af4c-487d-a44b-1fb38b7b157d/aggregates => generated 54 bytes in 13 msecs (HTTP/1.1 200) 8 headers in 295 bytes (1 switches on core 0)
