2026-07-16 08:04:22.543 10 INFO neutron.wsgi [None req-f356ff23-be3e-47b2-9101-fa6d9e0c6bc7 dec33f88f761472f8f8b07a49d59ec5f ac22778a59c34f9d80696261f82d4e82 - - default default] 10.0.0.144 "DELETE /v2.0/floatingips/aa1e2db1-c72f-4729-9a7f-9a655c7c4142 HTTP/1.1" status: 204 len: 168 time: 0.5474784
2026-07-16 08:04:22.628 10 INFO neutron.wsgi [None req-3be95df9-2596-4b17-b9ef-62c94e05f510 6fdbfcba0d554137aa11de01f6e9f035 ce707103857a44688216f76bb6288eae - - default default] 10.0.0.144 "DELETE /v2.0/subnets/61752d88-2882-4dd8-a30b-bf3f1856f8ac HTTP/1.1" status: 204 len: 168 time: 0.3025887
2026-07-16 08:04:22.828 10 WARNING neutron.scheduler.dhcp_agent_scheduler [None req-27a98270-dcfa-478a-9688-12c69293051c a8ebbbafb3144ffe8a7d6527674fd5f5 135a3ede792a496ab28935964eaeee40 - - default default] No more DHCP agents
2026-07-16 08:04:22.843 10 WARNING neutron.api.rpc.agentnotifiers.dhcp_rpc_agent_api [None req-27a98270-dcfa-478a-9688-12c69293051c a8ebbbafb3144ffe8a7d6527674fd5f5 135a3ede792a496ab28935964eaeee40 - - default default] Unable to schedule network fee92bcc-5641-4265-9db2-fd529eacc0b5: no agents available; will retry on subsequent port and subnet creation events.
2026-07-16 08:04:22.950 10 INFO neutron.db.ovn_revision_numbers_db [None req-27a98270-dcfa-478a-9688-12c69293051c a8ebbbafb3144ffe8a7d6527674fd5f5 135a3ede792a496ab28935964eaeee40 - - default default] Successfully bumped revision number for resource 7431111a-f4c5-47a9-8b9d-72cf9e670be9 (type: ports) to 1
2026-07-16 08:04:22.984 10 INFO neutron.wsgi [None req-27a98270-dcfa-478a-9688-12c69293051c a8ebbbafb3144ffe8a7d6527674fd5f5 135a3ede792a496ab28935964eaeee40 - - default default] 10.0.0.144 "POST /v2.0/ports HTTP/1.1" status: 201 len: 942 time: 0.4621732
2026-07-16 08:04:23.048 9 INFO neutron.wsgi [None req-c378a696-85d4-4174-8aad-68fed43490fc dec33f88f761472f8f8b07a49d59ec5f ac22778a59c34f9d80696261f82d4e82 - - default default] 10.0.0.144 "DELETE /v2.0/floatingips/381e61eb-0128-497e-adc5-77639e4bdaa8 HTTP/1.1" status: 204 len: 168 time: 0.4964602
2026-07-16 08:04:23.056 9 INFO neutron.wsgi [None req-0fa83e28-fb41-4e3b-96c8-412649217a15 a8ebbbafb3144ffe8a7d6527674fd5f5 135a3ede792a496ab28935964eaeee40 - - default default] 10.0.0.144 "PUT /v2.0/ports/b629fa5f-2636-4da8-9a5e-ed16ae41e899/tags HTTP/1.1" status: 200 len: 210 time: 0.0664973 /var/lib/openstack/lib/python3.10/site-packages/pycadf/identifier.py:71: UserWarning: Invalid uuid: neutron. To ensure interoperability, identifiers should be a valid uuid. warnings.warn(('Invalid uuid: %s. To ensure interoperability, '
2026-07-16 08:04:23.099 10 INFO neutron.services.segments.plugin [-] Segment 3e35190b-8d0f-4a6a-97c5-d342093ddd1f resource provider aggregate not found
2026-07-16 08:04:23.105 10 INFO neutron.services.segments.plugin [-] Segment 3e35190b-8d0f-4a6a-97c5-d342093ddd1f resource provider aggregate not found
2026-07-16 08:04:23.121 9 INFO neutron.wsgi [None req-438d72c5-142d-47d8-9e68-07ee37affbcf a8ebbbafb3144ffe8a7d6527674fd5f5 135a3ede792a496ab28935964eaeee40 - - default default] 10.0.0.144 "PUT /v2.0/ports/4b30ce51-93f4-45d0-a8c3-4c8fbe8582b5/tags HTTP/1.1" status: 200 len: 218 time: 0.0600359
2026-07-16 08:04:23.122 10 INFO neutron.services.segments.plugin [-] Segment 3e35190b-8d0f-4a6a-97c5-d342093ddd1f resource provider not found; error: Placement Client Error (4xx): {"errors": [{"status": 404, "title": "Not Found", "detail": "The resource could not be found.\n\n No resource provider with uuid 3e35190b-8d0f-4a6a-97c5-d342093ddd1f found for delete ", "request_id": "req-8ec458a3-df85-4e9f-aaf5-0b00a4bb4273"}]}
2026-07-16 08:04:23.126 10 INFO neutron.services.segments.plugin [-] Segment 3e35190b-8d0f-4a6a-97c5-d342093ddd1f resource provider not found; error: Placement Client Error (4xx): {"errors": [{"status": 404, "title": "Not Found", "detail": "The resource could not be found.\n\n No resource provider with uuid 3e35190b-8d0f-4a6a-97c5-d342093ddd1f found for delete ", "request_id": "req-e5582a26-8513-4377-aaa2-ab61aed52bf2"}]}
2026-07-16 08:04:23.181 10 INFO neutron.wsgi [None req-f35c0ed3-23db-4668-a11e-f7d4587d3d88 6fdbfcba0d554137aa11de01f6e9f035 ce707103857a44688216f76bb6288eae - - default default] 10.0.0.144 "DELETE /v2.0/networks/389329b1-5ff2-47fa-b561-7fb8faabf6c4 HTTP/1.1" status: 204 len: 168 time: 0.5471821
2026-07-16 08:04:23.195 9 INFO neutron.wsgi [None req-6892d547-6732-4000-8eca-9fa873f8593b a8ebbbafb3144ffe8a7d6527674fd5f5 135a3ede792a496ab28935964eaeee40 - - default default] 10.0.0.144 "PUT /v2.0/ports/44db5a53-5f45-46ba-b23e-df12189c9340/tags HTTP/1.1" status: 200 len: 227 time: 0.0695584
2026-07-16 08:04:23.259 9 INFO neutron.wsgi [None req-20cfe0bd-eac4-406c-b8ce-bbc1e405e0a2 a8ebbbafb3144ffe8a7d6527674fd5f5 135a3ede792a496ab28935964eaeee40 - - default default] 10.0.0.144 "PUT /v2.0/ports/e09c7f00-3d38-4340-8c80-799a484e2f0c/tags HTTP/1.1" status: 200 len: 212 time: 0.0565138
2026-07-16 08:04:23.469 10 INFO neutron.wsgi [None req-bd7354fd-fd7a-4f51-9031-eb076445ec84 a8ebbbafb3144ffe8a7d6527674fd5f5 135a3ede792a496ab28935964eaeee40 - - default default] 10.0.0.144 "GET /v2.0/ports?tags=red HTTP/1.1" status: 200 len: 2448 time: 0.2041767
2026-07-16 08:04:23.543 10 INFO neutron.wsgi [None req-49663258-cc39-419b-8b6f-ad9209a660c0 a8ebbbafb3144ffe8a7d6527674fd5f5 135a3ede792a496ab28935964eaeee40 - - default default] 10.0.0.144 "GET /v2.0/ports?tags=red%2Cblue HTTP/1.1" status: 200 len: 1708 time: 0.0664155
2026-07-16 08:04:23.601 9 INFO neutron.services.segments.plugin [-] Segment e71cd13b-d8c2-43ae-ba7d-3359161fd48a resource provider aggregate not found
2026-07-16 08:04:23.608 9 INFO neutron.services.segments.plugin [-] Segment e71cd13b-d8c2-43ae-ba7d-3359161fd48a resource provider aggregate not found
2026-07-16 08:04:23.625 10 INFO neutron.wsgi [None req-ec2f600e-db52-4df5-ae98-29b025a29c7b a8ebbbafb3144ffe8a7d6527674fd5f5 135a3ede792a496ab28935964eaeee40 - - default default] 10.0.0.144 "GET /v2.0/ports?tags-any=blue HTTP/1.1" status: 200 len: 1708 time: 0.0777025
2026-07-16 08:04:23.629 9 INFO neutron.services.segments.plugin [-] Segment e71cd13b-d8c2-43ae-ba7d-3359161fd48a resource provider not found; error: Placement Client Error (4xx): {"errors": [{"status": 404, "title": "Not Found", "detail": "The resource could not be found.\n\n No resource provider with uuid e71cd13b-d8c2-43ae-ba7d-3359161fd48a found for delete ", "request_id": "req-aa564f99-c99d-4ecf-a03f-f6bb4bcc8d2d"}]}
2026-07-16 08:04:23.635 9 INFO neutron.services.segments.plugin [-] Segment e71cd13b-d8c2-43ae-ba7d-3359161fd48a resource provider not found; error: Placement Client Error (4xx): {"errors": [{"status": 404, "title": "Not Found", "detail": "The resource could not be found.\n\n No resource provider with uuid e71cd13b-d8c2-43ae-ba7d-3359161fd48a found for delete ", "request_id": "req-26e951c6-2861-437d-9e38-c7f8e829e459"}]}
2026-07-16 08:04:23.660 9 INFO neutron.wsgi [None req-6ac076b0-ba90-44c8-a81e-229f462d09b0 6fdbfcba0d554137aa11de01f6e9f035 ce707103857a44688216f76bb6288eae - - default default] 10.0.0.144 "DELETE /v2.0/networks/f9d466c6-92ca-49e6-a31c-fa8eead52975 HTTP/1.1" status: 204 len: 168 time: 0.4732559
2026-07-16 08:04:23.671 10 WARNING neutron_lib.context [None req-f3b45448-0fce-456b-a0dc-b9b838ed37e4 6fdbfcba0d554137aa11de01f6e9f035 ce707103857a44688216f76bb6288eae - - default default] Method 'is_advsvc' is deprecated since 2023.2 release (neutron-lib 3.8.0) and will be removed once support for the old RBAC API policies will be removed from Neutron. Please use method 'is_service_role' instead.
2026-07-16 08:04:23.677 10 INFO neutron.wsgi [None req-3d59a606-8f74-4317-9d0a-bc05072a47d6 dec33f88f761472f8f8b07a49d59ec5f ac22778a59c34f9d80696261f82d4e82 - - default default] 10.0.0.144 "DELETE /v2.0/floatingips/de23a9b3-67b7-4474-a2de-fbf301e2ce4f HTTP/1.1" status: 204 len: 168 time: 0.6233823
2026-07-16 08:04:23.690 10 INFO neutron.wsgi [None req-2afec588-4648-454f-903f-3102148d94c5 a8ebbbafb3144ffe8a7d6527674fd5f5 135a3ede792a496ab28935964eaeee40 - - default default] 10.0.0.144 "GET /v2.0/ports?tags-any=red%2Cblue HTTP/1.1" status: 200 len: 2448 time: 0.0572741
2026-07-16 08:04:24.059 9 INFO neutron.wsgi [None req-b4330460-c680-4490-8034-3fa43b242615 dec33f88f761472f8f8b07a49d59ec5f ac22778a59c34f9d80696261f82d4e82 - - default default] 10.0.0.144 "DELETE /v2.0/floatingips/26ef509d-cca2-4892-b96e-70d0b7fdbdf5 HTTP/1.1" status: 204 len: 168 time: 0.3656218
2026-07-16 08:04:24.064 10 INFO neutron.db.segments_db [None req-f3b45448-0fce-456b-a0dc-b9b838ed37e4 6fdbfcba0d554137aa11de01f6e9f035 ce707103857a44688216f76bb6288eae - - default default] Added segment 38d15193-53b1-4a85-817f-b72bdf1aaa3a of type geneve for network dd6c717d-2495-4d0f-96e6-ddbcfa512fd5
2026-07-16 08:04:24.109 10 INFO neutron.wsgi [None req-88fd514e-0b21-4a5f-8668-162ad4fd1d07 a8ebbbafb3144ffe8a7d6527674fd5f5 135a3ede792a496ab28935964eaeee40 - - default default] 10.0.0.144 "GET /v2.0/ports?not-tags=red HTTP/1.1" status: 200 len: 5463 time: 0.4149055
2026-07-16 08:04:24.217 10 INFO neutron.wsgi [None req-d28d2e92-9739-4f51-8860-1f1ef3114583 a8ebbbafb3144ffe8a7d6527674fd5f5 135a3ede792a496ab28935964eaeee40 - - default default] 10.0.0.144 "GET /v2.0/ports?not-tags=red%2Cblue HTTP/1.1" status: 200 len: 6203 time: 0.1024721
2026-07-16 08:04:24.295 10 INFO neutron.db.ovn_revision_numbers_db [None req-f3b45448-0fce-456b-a0dc-b9b838ed37e4 6fdbfcba0d554137aa11de01f6e9f035 ce707103857a44688216f76bb6288eae - - default default] Successfully bumped revision number for resource dd6c717d-2495-4d0f-96e6-ddbcfa512fd5 (type: networks) to 1
2026-07-16 08:04:24.452 10 WARNING neutron.scheduler.dhcp_agent_scheduler [None req-f3b45448-0fce-456b-a0dc-b9b838ed37e4 6fdbfcba0d554137aa11de01f6e9f035 ce707103857a44688216f76bb6288eae - - default default] No more DHCP agents
2026-07-16 08:04:24.457 10 WARNING neutron.api.rpc.agentnotifiers.dhcp_rpc_agent_api [None req-f3b45448-0fce-456b-a0dc-b9b838ed37e4 6fdbfcba0d554137aa11de01f6e9f035 ce707103857a44688216f76bb6288eae - - default default] Unable to schedule network dd6c717d-2495-4d0f-96e6-ddbcfa512fd5: no agents available; will retry on subsequent port and subnet creation events.
2026-07-16 08:04:24.482 9 INFO neutron.wsgi [None req-37e4df25-2f21-4d9c-bf1d-04026cc70459 a8ebbbafb3144ffe8a7d6527674fd5f5 135a3ede792a496ab28935964eaeee40 - - default default] 10.0.0.144 "GET /v2.0/ports?not-tags-any=blue HTTP/1.1" status: 200 len: 6203 time: 0.2593272
2026-07-16 08:04:24.497 10 WARNING neutron.plugins.ml2.drivers.ovn.mech_driver.ovsdb.ovn_client [None req-1fed577b-fa7b-4690-8202-c757e3ffe61d - - - - - -] No port found with ID 0fd10189-587f-4b68-9e34-9d529b8d310b: RuntimeError: No port found with ID 0fd10189-587f-4b68-9e34-9d529b8d310b
2026-07-16 08:04:24.543 10 INFO neutron.db.ovn_revision_numbers_db [None req-f3b45448-0fce-456b-a0dc-b9b838ed37e4 6fdbfcba0d554137aa11de01f6e9f035 ce707103857a44688216f76bb6288eae - - default default] Successfully bumped revision number for resource 439b8d72-cdf6-49cf-b3f3-f211fb7743ff (type: ports) to 1
2026-07-16 08:04:24.567 9 INFO neutron.wsgi [None req-b0856234-628c-41b8-8c5c-21f9ed7321ff a8ebbbafb3144ffe8a7d6527674fd5f5 135a3ede792a496ab28935964eaeee40 - - default default] 10.0.0.144 "GET /v2.0/ports?not-tags-any=red%2Cblue HTTP/1.1" status: 200 len: 5463 time: 0.0799918
2026-07-16 08:04:24.569 10 INFO neutron.wsgi [None req-f3b45448-0fce-456b-a0dc-b9b838ed37e4 6fdbfcba0d554137aa11de01f6e9f035 ce707103857a44688216f76bb6288eae - - default default] 10.0.0.144 "POST /v2.0/networks HTTP/1.1" status: 201 len: 827 time: 0.9028728
2026-07-16 08:04:24.581 9 WARNING neutron_lib.context [None req-adf584be-950e-4ff6-870e-018efaec4485 6fdbfcba0d554137aa11de01f6e9f035 ce707103857a44688216f76bb6288eae - - default default] Method 'is_advsvc' is deprecated since 2023.2 release (neutron-lib 3.8.0) and will be removed once support for the old RBAC API policies will be removed from Neutron. Please use method 'is_service_role' instead.
2026-07-16 08:04:24.818 10 INFO neutron.wsgi [None req-48dfa2ab-f12d-4f3e-a691-e82a0dfe78e5 a8ebbbafb3144ffe8a7d6527674fd5f5 135a3ede792a496ab28935964eaeee40 - - default default] 10.0.0.144 "DELETE /v2.0/ports/b629fa5f-2636-4da8-9a5e-ed16ae41e899 HTTP/1.1" status: 204 len: 168 time: 0.2458160
2026-07-16 08:04:24.854 9 WARNING neutron.scheduler.dhcp_agent_scheduler [None req-adf584be-950e-4ff6-870e-018efaec4485 6fdbfcba0d554137aa11de01f6e9f035 ce707103857a44688216f76bb6288eae - - default default] No more DHCP agents
2026-07-16 08:04:24.859 9 WARNING neutron.api.rpc.agentnotifiers.dhcp_rpc_agent_api [None req-adf584be-950e-4ff6-870e-018efaec4485 6fdbfcba0d554137aa11de01f6e9f035 ce707103857a44688216f76bb6288eae - - default default] Unable to schedule network dd6c717d-2495-4d0f-96e6-ddbcfa512fd5: no agents available; will retry on subsequent port and subnet creation events.
2026-07-16 08:04:25.100 10 INFO neutron.wsgi [None req-9680a63c-2dee-4bbd-874a-f746e6e9a846 a8ebbbafb3144ffe8a7d6527674fd5f5 135a3ede792a496ab28935964eaeee40 - - default default] 10.0.0.144 "DELETE /v2.0/ports/4b30ce51-93f4-45d0-a8c3-4c8fbe8582b5 HTTP/1.1" status: 204 len: 168 time: 0.2761698
2026-07-16 08:04:25.345 10 INFO neutron.wsgi [None req-f45bd6ad-cbe0-46c7-8fed-f9e80cea39a7 a8ebbbafb3144ffe8a7d6527674fd5f5 135a3ede792a496ab28935964eaeee40 - - default default] 10.0.0.144 "DELETE /v2.0/ports/44db5a53-5f45-46ba-b23e-df12189c9340 HTTP/1.1" status: 204 len: 168 time: 0.2402728
2026-07-16 08:04:25.570 10 INFO neutron.wsgi [None req-364465ce-4682-4c78-9421-b03bc78fb8dd a8ebbbafb3144ffe8a7d6527674fd5f5 135a3ede792a496ab28935964eaeee40 - - default default] 10.0.0.144 "DELETE /v2.0/ports/e09c7f00-3d38-4340-8c80-799a484e2f0c HTTP/1.1" status: 204 len: 168 time: 0.2192502
2026-07-16 08:04:25.699 9 INFO neutron.db.ovn_revision_numbers_db [None req-ba28726b-e9b4-494b-87d5-01e6236235e2 3c16e09ca97c48abbb60d81debe674d1 71de93269cbc4b9c918ca7e83e197a78 - - default default] Successfully bumped revision number for resource f72aaa22-7287-4ddc-a5a2-85d8811664a2 (type: security_groups) to 1
2026-07-16 08:04:25.729 9 INFO neutron.db.ovn_revision_numbers_db [None req-ba28726b-e9b4-494b-87d5-01e6236235e2 3c16e09ca97c48abbb60d81debe674d1 71de93269cbc4b9c918ca7e83e197a78 - - default default] Successfully bumped revision number for resource 342cb3ff-fb47-4e20-8704-c3d58f130e51 (type: security_group_rules) to 0
2026-07-16 08:04:25.749 9 INFO neutron.db.ovn_revision_numbers_db [None req-ba28726b-e9b4-494b-87d5-01e6236235e2 3c16e09ca97c48abbb60d81debe674d1 71de93269cbc4b9c918ca7e83e197a78 - - default default] Successfully bumped revision number for resource 7980ce1d-e8d7-4680-8463-e834911d465d (type: security_group_rules) to 0
2026-07-16 08:04:25.776 9 INFO neutron.db.ovn_revision_numbers_db [None req-ba28726b-e9b4-494b-87d5-01e6236235e2 3c16e09ca97c48abbb60d81debe674d1 71de93269cbc4b9c918ca7e83e197a78 - - default default] Successfully bumped revision number for resource ced8d588-6b89-47cf-96c4-dc13fe828d05 (type: security_group_rules) to 0
2026-07-16 08:04:25.796 9 INFO neutron.db.ovn_revision_numbers_db [None req-ba28726b-e9b4-494b-87d5-01e6236235e2 3c16e09ca97c48abbb60d81debe674d1 71de93269cbc4b9c918ca7e83e197a78 - - default default] Successfully bumped revision number for resource cf771d76-c7e3-42e2-abbb-2f70aba0f94d (type: security_group_rules) to 0
2026-07-16 08:04:25.801 10 INFO neutron.wsgi [None req-b009aa03-145d-4eb4-9c9f-29e1e38544df a8ebbbafb3144ffe8a7d6527674fd5f5 135a3ede792a496ab28935964eaeee40 - - default default] 10.0.0.144 "DELETE /v2.0/ports/7431111a-f4c5-47a9-8b9d-72cf9e670be9 HTTP/1.1" status: 204 len: 168 time: 0.2272685
2026-07-16 08:04:25.825 9 INFO neutron.wsgi [None req-ba28726b-e9b4-494b-87d5-01e6236235e2 3c16e09ca97c48abbb60d81debe674d1 71de93269cbc4b9c918ca7e83e197a78 - - default default] 10.0.0.144 "GET /v2.0/security-groups?tenant_id=8989c5f37ab4414aa4074e601a7d38f8&name=default HTTP/1.1" status: 200 len: 2996 time: 1.0064628
2026-07-16 08:04:25.983 9 INFO neutron.db.ovn_revision_numbers_db [None req-adf584be-950e-4ff6-870e-018efaec4485 6fdbfcba0d554137aa11de01f6e9f035 ce707103857a44688216f76bb6288eae - - default default] Successfully bumped revision number for resource 439b8d72-cdf6-49cf-b3f3-f211fb7743ff (type: ports) to 2
2026-07-16 08:04:26.018 9 INFO neutron.db.ovn_revision_numbers_db [None req-adf584be-950e-4ff6-870e-018efaec4485 6fdbfcba0d554137aa11de01f6e9f035 ce707103857a44688216f76bb6288eae - - default default] Successfully bumped revision number for resource 337fb370-1f41-4289-9f50-24c33bda8efb (type: subnets) to 0
2026-07-16 08:04:26.037 9 INFO neutron.wsgi [None req-adf584be-950e-4ff6-870e-018efaec4485 6fdbfcba0d554137aa11de01f6e9f035 ce707103857a44688216f76bb6288eae - - default default] 10.0.0.144 "POST /v2.0/subnets HTTP/1.1" status: 201 len: 801 time: 1.4605250
2026-07-16 08:04:26.047 9 WARNING neutron_lib.context [None req-dd0b8864-082a-42b3-a29f-0249fc8b5599 6fdbfcba0d554137aa11de01f6e9f035 ce707103857a44688216f76bb6288eae - - default default] Method 'is_advsvc' is deprecated since 2023.2 release (neutron-lib 3.8.0) and will be removed once support for the old RBAC API policies will be removed from Neutron. Please use method 'is_service_role' instead.
2026-07-16 08:04:26.071 10 INFO neutron.wsgi [None req-43886f8e-a972-4af3-8fc7-e086433070fd 3c16e09ca97c48abbb60d81debe674d1 71de93269cbc4b9c918ca7e83e197a78 - - default default] 10.0.0.144 "DELETE /v2.0/security-groups/f72aaa22-7287-4ddc-a5a2-85d8811664a2 HTTP/1.1" status: 204 len: 168 time: 0.2412672
2026-07-16 08:04:26.175 10 INFO neutron.services.segments.plugin [-] Segment f6207129-490a-4c55-b9c6-3eab4071c017 resource provider aggregate not found
2026-07-16 08:04:26.179 10 INFO neutron.services.segments.plugin [-] Segment f6207129-490a-4c55-b9c6-3eab4071c017 resource provider aggregate not found
2026-07-16 08:04:26.195 10 INFO neutron.services.segments.plugin [-] Segment f6207129-490a-4c55-b9c6-3eab4071c017 resource provider not found; error: Placement Client Error (4xx): {"errors": [{"status": 404, "title": "Not Found", "detail": "The resource could not be found.\n\n No resource provider with uuid f6207129-490a-4c55-b9c6-3eab4071c017 found for delete ", "request_id": "req-b1042c69-c88b-4408-a893-485ac230fa9c"}]}
2026-07-16 08:04:26.196 10 INFO neutron.services.segments.plugin [-] Segment f6207129-490a-4c55-b9c6-3eab4071c017 resource provider not found; error: Placement Client Error (4xx): {"errors": [{"status": 404, "title": "Not Found", "detail": "The resource could not be found.\n\n No resource provider with uuid f6207129-490a-4c55-b9c6-3eab4071c017 found for delete ", "request_id": "req-5db8f34e-0c14-4eb6-8380-6efddb1fab8f"}]}
2026-07-16 08:04:26.212 9 INFO neutron.db.ovn_revision_numbers_db [None req-dd0b8864-082a-42b3-a29f-0249fc8b5599 6fdbfcba0d554137aa11de01f6e9f035 ce707103857a44688216f76bb6288eae - - default default] Successfully bumped revision number for resource 1d4f3651-1793-4c9d-8916-1b50e0b0afa9 (type: routers) to 1
2026-07-16 08:04:26.220 10 INFO neutron.wsgi [None req-808162b8-1550-420c-9039-4fcb14f0d8ce a8ebbbafb3144ffe8a7d6527674fd5f5 135a3ede792a496ab28935964eaeee40 - - default default] 10.0.0.144 "DELETE /v2.0/networks/5a5edd18-7dc7-4712-b0b4-c8d9f895ca6a HTTP/1.1" status: 204 len: 168 time: 0.4141920
2026-07-16 08:04:26.241 9 INFO neutron.wsgi [None req-dd0b8864-082a-42b3-a29f-0249fc8b5599 6fdbfcba0d554137aa11de01f6e9f035 ce707103857a44688216f76bb6288eae - - default default] 10.0.0.144 "POST /v2.0/routers HTTP/1.1" status: 201 len: 687 time: 0.1988413
2026-07-16 08:04:26.253 9 WARNING neutron_lib.context [None req-60edcc06-82b0-4484-a444-8da658c6e93b 6fdbfcba0d554137aa11de01f6e9f035 ce707103857a44688216f76bb6288eae - - default default] Method 'is_advsvc' is deprecated since 2023.2 release (neutron-lib 3.8.0) and will be removed once support for the old RBAC API policies will be removed from Neutron. Please use method 'is_service_role' instead.
2026-07-16 08:04:26.461 9 INFO neutron.db.ovn_revision_numbers_db [None req-b12302b1-8c34-4dc3-b03e-4ab87795e374 3c16e09ca97c48abbb60d81debe674d1 71de93269cbc4b9c918ca7e83e197a78 - - default default] Successfully bumped revision number for resource 24174c49-f3cd-4e08-aca4-ff3b593c841c (type: security_groups) to 1
2026-07-16 08:04:26.505 9 INFO neutron.db.ovn_revision_numbers_db [None req-b12302b1-8c34-4dc3-b03e-4ab87795e374 3c16e09ca97c48abbb60d81debe674d1 71de93269cbc4b9c918ca7e83e197a78 - - default default] Successfully bumped revision number for resource 36e17236-740e-4f4e-bcce-6ae84ce975a0 (type: security_group_rules) to 0
2026-07-16 08:04:26.533 9 INFO neutron.db.ovn_revision_numbers_db [None req-b12302b1-8c34-4dc3-b03e-4ab87795e374 3c16e09ca97c48abbb60d81debe674d1 71de93269cbc4b9c918ca7e83e197a78 - - default default] Successfully bumped revision number for resource a264a1f7-7102-42ff-9e04-98849cc7572c (type: security_group_rules) to 0
2026-07-16 08:04:26.582 9 INFO neutron.db.ovn_revision_numbers_db [None req-b12302b1-8c34-4dc3-b03e-4ab87795e374 3c16e09ca97c48abbb60d81debe674d1 71de93269cbc4b9c918ca7e83e197a78 - - default default] Successfully bumped revision number for resource cf142b1e-9f0c-4863-838f-837738dd793f (type: security_group_rules) to 0
2026-07-16 08:04:26.611 9 INFO neutron.db.ovn_revision_numbers_db [None req-b12302b1-8c34-4dc3-b03e-4ab87795e374 3c16e09ca97c48abbb60d81debe674d1 71de93269cbc4b9c918ca7e83e197a78 - - default default] Successfully bumped revision number for resource e581d4c5-2e7d-4fc1-b757-2c9eb7482bca (type: security_group_rules) to 0
2026-07-16 08:04:26.662 9 INFO neutron.wsgi [None req-b12302b1-8c34-4dc3-b03e-4ab87795e374 3c16e09ca97c48abbb60d81debe674d1 71de93269cbc4b9c918ca7e83e197a78 - - default default] 10.0.0.144 "GET /v2.0/security-groups?tenant_id=ac22778a59c34f9d80696261f82d4e82&name=default HTTP/1.1" status: 200 len: 2996 time: 0.4969580
2026-07-16 08:04:26.834 9 INFO neutron.services.segments.plugin [-] Segment a016fb2f-c2c5-41ea-97ad-5729fcbc8f19 resource provider aggregate not found
2026-07-16 08:04:26.850 9 INFO neutron.services.segments.plugin [-] Segment a016fb2f-c2c5-41ea-97ad-5729fcbc8f19 resource provider aggregate not found
2026-07-16 08:04:26.863 9 INFO neutron.services.segments.plugin [-] Segment a016fb2f-c2c5-41ea-97ad-5729fcbc8f19 resource provider not found; error: Placement Client Error (4xx): {"errors": [{"status": 404, "title": "Not Found", "detail": "The resource could not be found.\n\n No resource provider with uuid a016fb2f-c2c5-41ea-97ad-5729fcbc8f19 found for delete ", "request_id": "req-b08c6992-a5f2-495a-b753-79daad3cdde5"}]}
2026-07-16 08:04:26.864 9 WARNING neutron.scheduler.dhcp_agent_scheduler [None req-60edcc06-82b0-4484-a444-8da658c6e93b 6fdbfcba0d554137aa11de01f6e9f035 ce707103857a44688216f76bb6288eae - - default default] No more DHCP agents
2026-07-16 08:04:26.864 10 INFO neutron.wsgi [None req-76896bee-6e77-459f-b315-673e056e2670 3c16e09ca97c48abbb60d81debe674d1 71de93269cbc4b9c918ca7e83e197a78 - - default default] 10.0.0.144 "DELETE /v2.0/security-groups/24174c49-f3cd-4e08-aca4-ff3b593c841c HTTP/1.1" status: 204 len: 168 time: 0.1954343
2026-07-16 08:04:26.870 9 INFO neutron.services.segments.plugin [-] Segment a016fb2f-c2c5-41ea-97ad-5729fcbc8f19 resource provider not found; error: Placement Client Error (4xx): {"errors": [{"status": 404, "title": "Not Found", "detail": "The resource could not be found.\n\n No resource provider with uuid a016fb2f-c2c5-41ea-97ad-5729fcbc8f19 found for delete ", "request_id": "req-1ace99aa-1cbc-485e-8b44-cb3d00dcbe32"}]}
2026-07-16 08:04:26.870 9 WARNING neutron.api.rpc.agentnotifiers.dhcp_rpc_agent_api [None req-60edcc06-82b0-4484-a444-8da658c6e93b 6fdbfcba0d554137aa11de01f6e9f035 ce707103857a44688216f76bb6288eae - - default default] Unable to schedule network dd6c717d-2495-4d0f-96e6-ddbcfa512fd5: no agents available; will retry on subsequent port and subnet creation events.
2026-07-16 08:04:26.884 10 INFO neutron.wsgi [-] 10.0.0.160 "GET / HTTP/1.1" status: 200 len: 246 time: 0.0020268
2026-07-16 08:04:26.886 10 INFO neutron.wsgi [-] 10.0.0.160 "GET / HTTP/1.1" status: 200 len: 246 time: 0.0012927
2026-07-16 08:04:26.909 9 INFO neutron.wsgi [None req-bacdd79a-f508-42fc-ae4b-27c8b0088b60 a8ebbbafb3144ffe8a7d6527674fd5f5 135a3ede792a496ab28935964eaeee40 - - default default] 10.0.0.144 "DELETE /v2.0/networks/5809c1aa-fa2b-4d57-b8ed-302e8ff8f863 HTTP/1.1" status: 204 len: 168 time: 0.6819513 /var/lib/openstack/lib/python3.10/site-packages/pycadf/identifier.py:71: UserWarning: Invalid uuid: neutron. To ensure interoperability, identifiers should be a valid uuid. warnings.warn(('Invalid uuid: %s. To ensure interoperability, '
2026-07-16 08:04:27.039 9 INFO neutron.db.ovn_revision_numbers_db [None req-60edcc06-82b0-4484-a444-8da658c6e93b 6fdbfcba0d554137aa11de01f6e9f035 ce707103857a44688216f76bb6288eae - - default default] Successfully bumped revision number for resource a6f205d5-1a3d-4631-b6bd-f9ae590796bc (type: ports) to 1
2026-07-16 08:04:27.067 9 INFO neutron.wsgi [None req-60edcc06-82b0-4484-a444-8da658c6e93b 6fdbfcba0d554137aa11de01f6e9f035 ce707103857a44688216f76bb6288eae - - default default] 10.0.0.144 "POST /v2.0/ports HTTP/1.1" status: 201 len: 1150 time: 0.8209343
2026-07-16 08:04:27.151 9 INFO neutron.db.ovn_revision_numbers_db [None req-e48a14d1-1285-4784-bb91-def0d362d2a3 3c16e09ca97c48abbb60d81debe674d1 71de93269cbc4b9c918ca7e83e197a78 - - default default] Successfully bumped revision number for resource d1c4d747-52f2-490c-9f33-9faf66411973 (type: security_groups) to 1
2026-07-16 08:04:27.166 9 INFO neutron.db.ovn_revision_numbers_db [None req-e48a14d1-1285-4784-bb91-def0d362d2a3 3c16e09ca97c48abbb60d81debe674d1 71de93269cbc4b9c918ca7e83e197a78 - - default default] Successfully bumped revision number for resource 001d6dc3-0025-41ff-beef-d4077781c386 (type: security_group_rules) to 0
2026-07-16 08:04:27.179 9 INFO neutron.db.ovn_revision_numbers_db [None req-e48a14d1-1285-4784-bb91-def0d362d2a3 3c16e09ca97c48abbb60d81debe674d1 71de93269cbc4b9c918ca7e83e197a78 - - default default] Successfully bumped revision number for resource 1726ff43-22eb-42a8-af9a-830fce626c6f (type: security_group_rules) to 0
2026-07-16 08:04:27.195 9 INFO neutron.db.ovn_revision_numbers_db [None req-e48a14d1-1285-4784-bb91-def0d362d2a3 3c16e09ca97c48abbb60d81debe674d1 71de93269cbc4b9c918ca7e83e197a78 - - default default] Successfully bumped revision number for resource 92b818f5-0468-4621-b4e6-c242465dbc52 (type: security_group_rules) to 0
2026-07-16 08:04:27.210 9 INFO neutron.db.ovn_revision_numbers_db [None req-e48a14d1-1285-4784-bb91-def0d362d2a3 3c16e09ca97c48abbb60d81debe674d1 71de93269cbc4b9c918ca7e83e197a78 - - default default] Successfully bumped revision number for resource c5821ace-89a2-4d29-9163-abc83fbb3345 (type: security_group_rules) to 0
2026-07-16 08:04:27.232 9 INFO neutron.wsgi [None req-e48a14d1-1285-4784-bb91-def0d362d2a3 3c16e09ca97c48abbb60d81debe674d1 71de93269cbc4b9c918ca7e83e197a78 - - default default] 10.0.0.144 "GET /v2.0/security-groups?tenant_id=cc738cb1395e485ab187140a85ec1091&name=default HTTP/1.1" status: 200 len: 2996 time: 0.2106550
2026-07-16 08:04:27.394 10 INFO neutron.wsgi [None req-e70377e2-827e-47d3-beef-bca1e74dea3e a8ebbbafb3144ffe8a7d6527674fd5f5 135a3ede792a496ab28935964eaeee40 - - default default] 10.0.0.144 "DELETE /v2.0/networks/cba2cdc8-a8c8-465f-961a-d739910fd3ba HTTP/1.1" status: 204 len: 168 time: 0.4777534
2026-07-16 08:04:27.451 9 INFO neutron.wsgi [None req-270d5791-a71c-4e9f-a938-125d917eccc1 3c16e09ca97c48abbb60d81debe674d1 71de93269cbc4b9c918ca7e83e197a78 - - default default] 10.0.0.144 "DELETE /v2.0/security-groups/d1c4d747-52f2-490c-9f33-9faf66411973 HTTP/1.1" status: 204 len: 168 time: 0.2137368
2026-07-16 08:04:27.487 10 INFO neutron.plugins.ml2.drivers.ovn.mech_driver.mech_driver [None req-1fed577b-fa7b-4690-8202-c757e3ffe61d - - - - - -] OVN reports status up for port: a6f205d5-1a3d-4631-b6bd-f9ae590796bc
2026-07-16 08:04:27.503 10 INFO neutron.plugins.ml2.plugin [None req-1fed577b-fa7b-4690-8202-c757e3ffe61d - - - - - -] Attempt 1 to provision port a6f205d5-1a3d-4631-b6bd-f9ae590796bc
2026-07-16 08:04:27.528 10 INFO neutron.db.ovn_revision_numbers_db [None req-56e1897e-369b-4aa8-abd4-8ffb9d4c0f74 6fdbfcba0d554137aa11de01f6e9f035 ce707103857a44688216f76bb6288eae - - default default] Successfully bumped revision number for resource a6f205d5-1a3d-4631-b6bd-f9ae590796bc (type: router_ports) to 2
2026-07-16 08:04:27.842 9 INFO neutron.wsgi [None req-ba3b49ad-b438-4555-afaf-df6253f61f8e a8ebbbafb3144ffe8a7d6527674fd5f5 135a3ede792a496ab28935964eaeee40 - - default default] 10.0.0.144 "DELETE /v2.0/networks/ecbc615b-bbf9-4cdb-b480-a4f597d051e1 HTTP/1.1" status: 204 len: 168 time: 0.4425721
2026-07-16 08:04:27.890 10 INFO neutron.db.ovn_revision_numbers_db [None req-56e1897e-369b-4aa8-abd4-8ffb9d4c0f74 6fdbfcba0d554137aa11de01f6e9f035 ce707103857a44688216f76bb6288eae - - default default] Successfully bumped revision number for resource a6f205d5-1a3d-4631-b6bd-f9ae590796bc (type: ports) to 2
2026-07-16 08:04:27.982 10 INFO neutron.db.ovn_revision_numbers_db [None req-1fed577b-fa7b-4690-8202-c757e3ffe61d - - - - - -] Successfully bumped revision number for resource a6f205d5-1a3d-4631-b6bd-f9ae590796bc (type: ports) to 3
2026-07-16 08:04:28.110 10 INFO neutron.db.ovn_revision_numbers_db [None req-1fed577b-fa7b-4690-8202-c757e3ffe61d - - - - - -] Successfully bumped revision number for resource a6f205d5-1a3d-4631-b6bd-f9ae590796bc (type: router_ports) to 3
2026-07-16 08:04:28.313 9 INFO neutron.wsgi [None req-1f1463e6-7df9-44d9-af08-9c9b01a84418 a8ebbbafb3144ffe8a7d6527674fd5f5 135a3ede792a496ab28935964eaeee40 - - default default] 10.0.0.144 "DELETE /v2.0/networks/fee92bcc-5641-4265-9db2-fd529eacc0b5 HTTP/1.1" status: 204 len: 168 time: 0.4604034
2026-07-16 08:04:28.453 10 INFO neutron.services.segments.plugin [-] Segment 978fb4c6-9987-4fe8-852f-5de6c7f06867 resource provider aggregate not found
2026-07-16 08:04:28.458 10 INFO neutron.services.segments.plugin [-] Segment 978fb4c6-9987-4fe8-852f-5de6c7f06867 resource provider aggregate not found
2026-07-16 08:04:28.470 10 INFO neutron.services.segments.plugin [-] Segment 978fb4c6-9987-4fe8-852f-5de6c7f06867 resource provider not found; error: Placement Client Error (4xx): {"errors": [{"status": 404, "title": "Not Found", "detail": "The resource could not be found.\n\n No resource provider with uuid 978fb4c6-9987-4fe8-852f-5de6c7f06867 found for delete ", "request_id": "req-ebe8bc6e-c5a1-48d5-ab0d-c95687c2bf9d"}]}
2026-07-16 08:04:28.485 10 INFO neutron.services.segments.plugin [-] Segment 978fb4c6-9987-4fe8-852f-5de6c7f06867 resource provider not found; error: Placement Client Error (4xx): {"errors": [{"status": 404, "title": "Not Found", "detail": "The resource could not be found.\n\n No resource provider with uuid 978fb4c6-9987-4fe8-852f-5de6c7f06867 found for delete ", "request_id": "req-47b759fc-fb80-475a-9c01-d1b518e8bfd0"}]}
2026-07-16 08:04:28.851 10 INFO neutron.db.ovn_revision_numbers_db [None req-56e1897e-369b-4aa8-abd4-8ffb9d4c0f74 6fdbfcba0d554137aa11de01f6e9f035 ce707103857a44688216f76bb6288eae - - default default] Successfully bumped revision number for resource a6f205d5-1a3d-4631-b6bd-f9ae590796bc (type: ports) to 3
2026-07-16 08:04:28.881 9 INFO neutron.services.segments.plugin [-] Segment 2fd1bf70-f7ab-413c-adb0-72fc233ea819 resource provider aggregate not found
2026-07-16 08:04:28.888 9 INFO neutron.services.segments.plugin [-] Segment 2fd1bf70-f7ab-413c-adb0-72fc233ea819 resource provider aggregate not found
2026-07-16 08:04:28.900 9 INFO neutron.services.segments.plugin [-] Segment 2fd1bf70-f7ab-413c-adb0-72fc233ea819 resource provider not found; error: Placement Client Error (4xx): {"errors": [{"status": 404, "title": "Not Found", "detail": "The resource could not be found.\n\n No resource provider with uuid 2fd1bf70-f7ab-413c-adb0-72fc233ea819 found for delete ", "request_id": "req-51ed2b62-dfc8-499f-9f91-17730d616d28"}]}
2026-07-16 08:04:28.904 9 INFO neutron.services.segments.plugin [-] Segment 2fd1bf70-f7ab-413c-adb0-72fc233ea819 resource provider not found; error: Placement Client Error (4xx): {"errors": [{"status": 404, "title": "Not Found", "detail": "The resource could not be found.\n\n No resource provider with uuid 2fd1bf70-f7ab-413c-adb0-72fc233ea819 found for delete ", "request_id": "req-8755f962-e7f9-494b-b1f4-68d9eaa5d55a"}]}
2026-07-16 08:04:28.920 9 INFO neutron.services.segments.plugin [-] Segment a98ca13e-2bbe-4817-81f7-0adf7a97479b resource provider aggregate not found
2026-07-16 08:04:28.928 9 INFO neutron.services.segments.plugin [-] Segment a98ca13e-2bbe-4817-81f7-0adf7a97479b resource provider aggregate not found
2026-07-16 08:04:28.928 10 WARNING neutron.scheduler.dhcp_agent_scheduler [None req-56e1897e-369b-4aa8-abd4-8ffb9d4c0f74 6fdbfcba0d554137aa11de01f6e9f035 ce707103857a44688216f76bb6288eae - - default default] No more DHCP agents
2026-07-16 08:04:28.932 10 WARNING neutron.api.rpc.agentnotifiers.dhcp_rpc_agent_api [None req-56e1897e-369b-4aa8-abd4-8ffb9d4c0f74 6fdbfcba0d554137aa11de01f6e9f035 ce707103857a44688216f76bb6288eae - - default default] Unable to schedule network dd6c717d-2495-4d0f-96e6-ddbcfa512fd5: no agents available; will retry on subsequent port and subnet creation events.
2026-07-16 08:04:28.946 9 INFO neutron.services.segments.plugin [-] Segment a98ca13e-2bbe-4817-81f7-0adf7a97479b resource provider not found; error: Placement Client Error (4xx): {"errors": [{"status": 404, "title": "Not Found", "detail": "The resource could not be found.\n\n No resource provider with uuid a98ca13e-2bbe-4817-81f7-0adf7a97479b found for delete ", "request_id": "req-85e7fbd1-b99d-4fc5-828c-2022ae513fea"}]}
2026-07-16 08:04:28.997 9 INFO neutron.services.segments.plugin [-] Segment a98ca13e-2bbe-4817-81f7-0adf7a97479b resource provider not found; error: Placement Client Error (4xx): {"errors": [{"status": 404, "title": "Not Found", "detail": "The resource could not be found.\n\n No resource provider with uuid a98ca13e-2bbe-4817-81f7-0adf7a97479b found for delete ", "request_id": "req-1b76c873-7f69-4cd9-820b-6439ad0e2c73"}]}
2026-07-16 08:04:29.081 10 INFO neutron.db.ovn_revision_numbers_db [None req-56e1897e-369b-4aa8-abd4-8ffb9d4c0f74 6fdbfcba0d554137aa11de01f6e9f035 ce707103857a44688216f76bb6288eae - - default default] Successfully bumped revision number for resource a6f205d5-1a3d-4631-b6bd-f9ae590796bc (type: router_ports) to 3
2026-07-16 08:04:29.084 10 INFO neutron.wsgi [None req-56e1897e-369b-4aa8-abd4-8ffb9d4c0f74 6fdbfcba0d554137aa11de01f6e9f035 ce707103857a44688216f76bb6288eae - - default default] 10.0.0.144 "PUT /v2.0/routers/1d4f3651-1793-4c9d-8916-1b50e0b0afa9/add_router_interface HTTP/1.1" status: 200 len: 503 time: 2.0122120 /var/lib/openstack/lib/python3.10/site-packages/pycadf/identifier.py:71: UserWarning: Invalid uuid: neutron. To ensure interoperability, identifiers should be a valid uuid. warnings.warn(('Invalid uuid: %s. To ensure interoperability, '
2026-07-16 08:04:29.182 10 INFO neutron.wsgi [None req-1e7cad66-d776-4136-bb2b-ef4aca2ba5e0 6fdbfcba0d554137aa11de01f6e9f035 ce707103857a44688216f76bb6288eae - - default default] 10.0.0.144 "GET /v2.0/ports/a6f205d5-1a3d-4631-b6bd-f9ae590796bc HTTP/1.1" status: 200 len: 1208 time: 0.0919623 /var/lib/openstack/lib/python3.10/site-packages/pycadf/identifier.py:71: UserWarning: Invalid uuid: neutron. To ensure interoperability, identifiers should be a valid uuid. warnings.warn(('Invalid uuid: %s. To ensure interoperability, '
2026-07-16 08:04:29.552 9 INFO neutron.db.ovn_revision_numbers_db [None req-7fb0f666-93ae-438e-be08-6259bfae8630 3c16e09ca97c48abbb60d81debe674d1 71de93269cbc4b9c918ca7e83e197a78 - - default default] Successfully bumped revision number for resource ca53e316-1e50-450a-89a9-de1a6248b252 (type: security_groups) to 1
2026-07-16 08:04:29.572 9 INFO neutron.db.ovn_revision_numbers_db [None req-7fb0f666-93ae-438e-be08-6259bfae8630 3c16e09ca97c48abbb60d81debe674d1 71de93269cbc4b9c918ca7e83e197a78 - - default default] Successfully bumped revision number for resource 08185401-c2b9-4a57-a5da-78ab55fcaa54 (type: security_group_rules) to 0
2026-07-16 08:04:29.621 9 INFO neutron.db.ovn_revision_numbers_db [None req-7fb0f666-93ae-438e-be08-6259bfae8630 3c16e09ca97c48abbb60d81debe674d1 71de93269cbc4b9c918ca7e83e197a78 - - default default] Successfully bumped revision number for resource 2cdc4140-a062-4024-a363-b17a79aae2bd (type: security_group_rules) to 0
2026-07-16 08:04:29.638 9 INFO neutron.db.ovn_revision_numbers_db [None req-7fb0f666-93ae-438e-be08-6259bfae8630 3c16e09ca97c48abbb60d81debe674d1 71de93269cbc4b9c918ca7e83e197a78 - - default default] Successfully bumped revision number for resource 81c2932d-f027-489b-98f5-9d36e2a861af (type: security_group_rules) to 0
2026-07-16 08:04:29.669 9 INFO neutron.db.ovn_revision_numbers_db [None req-7fb0f666-93ae-438e-be08-6259bfae8630 3c16e09ca97c48abbb60d81debe674d1 71de93269cbc4b9c918ca7e83e197a78 - - default default] Successfully bumped revision number for resource 9775383e-1dab-4982-abdb-bb46435e08b4 (type: security_group_rules) to 0
2026-07-16 08:04:29.701 9 INFO neutron.wsgi [None req-7fb0f666-93ae-438e-be08-6259bfae8630 3c16e09ca97c48abbb60d81debe674d1 71de93269cbc4b9c918ca7e83e197a78 - - default default] 10.0.0.144 "GET /v2.0/security-groups?tenant_id=00431a91827a435ea11a82d9dd35e60c&name=default HTTP/1.1" status: 200 len: 2996 time: 0.5224283 /var/lib/openstack/lib/python3.10/site-packages/pycadf/identifier.py:71: UserWarning: Invalid uuid: neutron. To ensure interoperability, identifiers should be a valid uuid. warnings.warn(('Invalid uuid: %s. To ensure interoperability, '
2026-07-16 08:04:30.024 9 INFO neutron.wsgi [None req-95d678c9-2267-43f8-bbe0-066208df946c 6fdbfcba0d554137aa11de01f6e9f035 ce707103857a44688216f76bb6288eae - - default default] 10.0.0.144 "PUT /v2.0/routers/1d4f3651-1793-4c9d-8916-1b50e0b0afa9/remove_router_interface HTTP/1.1" status: 200 len: 503 time: 0.8385034
2026-07-16 08:04:30.073 9 INFO neutron.wsgi [None req-415802e6-6cf6-402f-9996-6af1ef962cf8 3c16e09ca97c48abbb60d81debe674d1 71de93269cbc4b9c918ca7e83e197a78 - - default default] 10.0.0.144 "DELETE /v2.0/security-groups/ca53e316-1e50-450a-89a9-de1a6248b252 HTTP/1.1" status: 204 len: 168 time: 0.3675160
2026-07-16 08:04:30.132 10 INFO neutron.api.v2.resource [None req-48297271-ab9d-4b7b-a975-47b588cd7b75 6fdbfcba0d554137aa11de01f6e9f035 ce707103857a44688216f76bb6288eae - - default default] remove_router_interface failed (client error): The resource could not be found.
2026-07-16 08:04:30.134 10 INFO neutron.wsgi [None req-48297271-ab9d-4b7b-a975-47b588cd7b75 6fdbfcba0d554137aa11de01f6e9f035 ce707103857a44688216f76bb6288eae - - default default] 10.0.0.144 "PUT /v2.0/routers/1d4f3651-1793-4c9d-8916-1b50e0b0afa9/remove_router_interface HTTP/1.1" status: 404 len: 398 time: 0.1046774
2026-07-16 08:04:30.158 10 INFO neutron.wsgi [None req-6162354e-91bc-48d3-90ef-563f8d0834d0 6fdbfcba0d554137aa11de01f6e9f035 ce707103857a44688216f76bb6288eae - - default default] 10.0.0.144 "GET /v2.0/ports?device_id=1d4f3651-1793-4c9d-8916-1b50e0b0afa9 HTTP/1.1" status: 200 len: 205 time: 0.0189805 /var/lib/openstack/lib/python3.10/site-packages/pycadf/identifier.py:71: UserWarning: Invalid uuid: neutron. To ensure interoperability, identifiers should be a valid uuid. warnings.warn(('Invalid uuid: %s. To ensure interoperability, '
2026-07-16 08:04:30.289 9 INFO neutron.wsgi [None req-38a5bf1b-9cb1-46e4-afa7-7642e9fe8734 3c16e09ca97c48abbb60d81debe674d1 71de93269cbc4b9c918ca7e83e197a78 - - default default] 10.0.0.144 "GET /v2.0/security-groups?tenant_id=135a3ede792a496ab28935964eaeee40&name=default HTTP/1.1" status: 200 len: 2996 time: 0.0368536
2026-07-16 08:04:30.442 10 INFO neutron.wsgi [None req-a9c0474d-695d-480a-81d8-6b212556b65b 6fdbfcba0d554137aa11de01f6e9f035 ce707103857a44688216f76bb6288eae - - default default] 10.0.0.144 "DELETE /v2.0/routers/1d4f3651-1793-4c9d-8916-1b50e0b0afa9 HTTP/1.1" status: 204 len: 168 time: 0.2795720
2026-07-16 08:04:30.515 9 INFO neutron.wsgi [None req-1a032b87-1c55-46ad-bcac-80550c795508 3c16e09ca97c48abbb60d81debe674d1 71de93269cbc4b9c918ca7e83e197a78 - - default default] 10.0.0.144 "DELETE /v2.0/security-groups/276d1e52-0d9c-480e-9a9c-9b7802c7452f HTTP/1.1" status: 204 len: 168 time: 0.2186434
2026-07-16 08:04:30.736 10 INFO neutron.wsgi [None req-179dffcf-7368-47c1-b16e-a516e0f69c44 6fdbfcba0d554137aa11de01f6e9f035 ce707103857a44688216f76bb6288eae - - default default] 10.0.0.144 "DELETE /v2.0/subnets/337fb370-1f41-4289-9f50-24c33bda8efb HTTP/1.1" status: 204 len: 168 time: 0.2887316
2026-07-16 08:04:30.793 10 INFO neutron.db.ovn_revision_numbers_db [None req-af185b87-8546-48ed-a27b-2da4211da113 3c16e09ca97c48abbb60d81debe674d1 71de93269cbc4b9c918ca7e83e197a78 - - default default] Successfully bumped revision number for resource 02124f85-d3c6-4275-9ce0-84bbbb08949a (type: security_groups) to 1
2026-07-16 08:04:30.804 10 INFO neutron.db.ovn_revision_numbers_db [None req-af185b87-8546-48ed-a27b-2da4211da113 3c16e09ca97c48abbb60d81debe674d1 71de93269cbc4b9c918ca7e83e197a78 - - default default] Successfully bumped revision number for resource 7fbd1568-ac1e-4140-b8be-74ab88a28b79 (type: security_group_rules) to 0
2026-07-16 08:04:30.823 10 INFO neutron.db.ovn_revision_numbers_db [None req-af185b87-8546-48ed-a27b-2da4211da113 3c16e09ca97c48abbb60d81debe674d1 71de93269cbc4b9c918ca7e83e197a78 - - default default] Successfully bumped revision number for resource b1fb871e-59f2-496a-a26f-d1fdc695d5bd (type: security_group_rules) to 0
2026-07-16 08:04:30.845 10 INFO neutron.db.ovn_revision_numbers_db [None req-af185b87-8546-48ed-a27b-2da4211da113 3c16e09ca97c48abbb60d81debe674d1 71de93269cbc4b9c918ca7e83e197a78 - - default default] Successfully bumped revision number for resource db1697d6-286f-4cc7-a91f-fd890e1582ac (type: security_group_rules) to 0
2026-07-16 08:04:30.863 10 INFO neutron.db.ovn_revision_numbers_db [None req-af185b87-8546-48ed-a27b-2da4211da113 3c16e09ca97c48abbb60d81debe674d1 71de93269cbc4b9c918ca7e83e197a78 - - default default] Successfully bumped revision number for resource f72a19f6-9409-4b05-8e33-77edccac4272 (type: security_group_rules) to 0
2026-07-16 08:04:30.884 10 INFO neutron.wsgi [None req-af185b87-8546-48ed-a27b-2da4211da113 3c16e09ca97c48abbb60d81debe674d1 71de93269cbc4b9c918ca7e83e197a78 - - default default] 10.0.0.144 "GET /v2.0/security-groups?tenant_id=acda8a7d55da4818bae44c64b53901e1&name=default HTTP/1.1" status: 200 len: 2996 time: 0.1971979
2026-07-16 08:04:31.101 10 INFO neutron.wsgi [None req-581c8275-8389-4aa3-9dad-ec4d0523c1e6 3c16e09ca97c48abbb60d81debe674d1 71de93269cbc4b9c918ca7e83e197a78 - - default default] 10.0.0.144 "DELETE /v2.0/security-groups/02124f85-d3c6-4275-9ce0-84bbbb08949a HTTP/1.1" status: 204 len: 168 time: 0.2116618
2026-07-16 08:04:31.123 9 INFO neutron.services.segments.plugin [-] Segment 38d15193-53b1-4a85-817f-b72bdf1aaa3a resource provider aggregate not found
2026-07-16 08:04:31.129 9 INFO neutron.services.segments.plugin [-] Segment 38d15193-53b1-4a85-817f-b72bdf1aaa3a resource provider aggregate not found
2026-07-16 08:04:31.144 9 INFO neutron.services.segments.plugin [-] Segment 38d15193-53b1-4a85-817f-b72bdf1aaa3a resource provider not found; error: Placement Client Error (4xx): {"errors": [{"status": 404, "title": "Not Found", "detail": "The resource could not be found.\n\n No resource provider with uuid 38d15193-53b1-4a85-817f-b72bdf1aaa3a found for delete ", "request_id": "req-a1c1bfd1-ceb7-417c-aaa7-ce93c43ebc5b"}]}
2026-07-16 08:04:31.149 9 INFO neutron.services.segments.plugin [-] Segment 38d15193-53b1-4a85-817f-b72bdf1aaa3a resource provider not found; error: Placement Client Error (4xx): {"errors": [{"status": 404, "title": "Not Found", "detail": "The resource could not be found.\n\n No resource provider with uuid 38d15193-53b1-4a85-817f-b72bdf1aaa3a found for delete ", "request_id": "req-903b93c5-b717-41e6-996b-9a5c30623e6f"}]}
2026-07-16 08:04:31.168 9 INFO neutron.wsgi [None req-95f8a16e-f4d5-497e-b97c-a0708fac044e 6fdbfcba0d554137aa11de01f6e9f035 ce707103857a44688216f76bb6288eae - - default default] 10.0.0.144 "DELETE /v2.0/networks/dd6c717d-2495-4d0f-96e6-ddbcfa512fd5 HTTP/1.1" status: 204 len: 168 time: 0.4271493
2026-07-16 08:04:31.185 10 WARNING neutron_lib.context [None req-e35cf2b5-da92-4fb8-bcb4-38b6af25b948 6fdbfcba0d554137aa11de01f6e9f035 ce707103857a44688216f76bb6288eae - - default default] Method 'is_advsvc' is deprecated since 2023.2 release (neutron-lib 3.8.0) and will be removed once support for the old RBAC API policies will be removed from Neutron. Please use method 'is_service_role' instead.
2026-07-16 08:04:31.264 10 INFO neutron.db.segments_db [None req-e35cf2b5-da92-4fb8-bcb4-38b6af25b948 6fdbfcba0d554137aa11de01f6e9f035 ce707103857a44688216f76bb6288eae - - default default] Added segment d01a5e93-4d9c-48d0-9a2f-3b7cb60f48e9 of type geneve for network 15bf096a-9554-4367-8139-56e23dab0902
2026-07-16 08:04:31.444 10 INFO neutron.db.ovn_revision_numbers_db [None req-e35cf2b5-da92-4fb8-bcb4-38b6af25b948 6fdbfcba0d554137aa11de01f6e9f035 ce707103857a44688216f76bb6288eae - - default default] Successfully bumped revision number for resource 15bf096a-9554-4367-8139-56e23dab0902 (type: networks) to 1
2026-07-16 08:04:31.645 10 WARNING neutron.scheduler.dhcp_agent_scheduler [None req-e35cf2b5-da92-4fb8-bcb4-38b6af25b948 6fdbfcba0d554137aa11de01f6e9f035 ce707103857a44688216f76bb6288eae - - default default] No more DHCP agents
2026-07-16 08:04:31.648 10 WARNING neutron.api.rpc.agentnotifiers.dhcp_rpc_agent_api [None req-e35cf2b5-da92-4fb8-bcb4-38b6af25b948 6fdbfcba0d554137aa11de01f6e9f035 ce707103857a44688216f76bb6288eae - - default default] Unable to schedule network 15bf096a-9554-4367-8139-56e23dab0902: no agents available; will retry on subsequent port and subnet creation events.
2026-07-16 08:04:31.758 10 INFO neutron.db.ovn_revision_numbers_db [None req-e35cf2b5-da92-4fb8-bcb4-38b6af25b948 6fdbfcba0d554137aa11de01f6e9f035 ce707103857a44688216f76bb6288eae - - default default] Successfully bumped revision number for resource ee2bdc4a-6f70-4391-a92d-54c230d23849 (type: ports) to 1
2026-07-16 08:04:31.782 10 INFO neutron.wsgi [None req-e35cf2b5-da92-4fb8-bcb4-38b6af25b948 6fdbfcba0d554137aa11de01f6e9f035 ce707103857a44688216f76bb6288eae - - default default] 10.0.0.144 "POST /v2.0/networks HTTP/1.1" status: 201 len: 829 time: 0.6041541
2026-07-16 08:04:31.793 9 WARNING neutron_lib.context [None req-7d5466ca-b625-414b-b8f0-acee88a014c4 6fdbfcba0d554137aa11de01f6e9f035 ce707103857a44688216f76bb6288eae - - default default] Method 'is_advsvc' is deprecated since 2023.2 release (neutron-lib 3.8.0) and will be removed once support for the old RBAC API policies will be removed from Neutron. Please use method 'is_service_role' instead.
2026-07-16 08:04:31.890 10 WARNING neutron_lib.context [None req-908f823c-bacc-44ff-813d-5a53e0efee8a 68e0373654a6427ebc137df54d899e32 8d3010da086a4e339b61c27de339a179 - - default default] Method 'is_advsvc' is deprecated since 2023.2 release (neutron-lib 3.8.0) and will be removed once support for the old RBAC API policies will be removed from Neutron. Please use method 'is_service_role' instead.
2026-07-16 08:04:31.967 10 INFO neutron.wsgi [None req-908f823c-bacc-44ff-813d-5a53e0efee8a 68e0373654a6427ebc137df54d899e32 8d3010da086a4e339b61c27de339a179 - - default default] 10.0.0.144 "POST /v2.0/subnetpools HTTP/1.1" status: 201 len: 715 time: 0.1823478
2026-07-16 08:04:31.978 10 WARNING neutron_lib.context [None req-86f71f19-a387-4ed1-a730-b2e556b80229 68e0373654a6427ebc137df54d899e32 8d3010da086a4e339b61c27de339a179 - - default default] Method 'is_advsvc' is deprecated since 2023.2 release (neutron-lib 3.8.0) and will be removed once support for the old RBAC API policies will be removed from Neutron. Please use method 'is_service_role' instead.
2026-07-16 08:04:32.028 9 WARNING neutron.scheduler.dhcp_agent_scheduler [None req-7d5466ca-b625-414b-b8f0-acee88a014c4 6fdbfcba0d554137aa11de01f6e9f035 ce707103857a44688216f76bb6288eae - - default default] No more DHCP agents
2026-07-16 08:04:32.032 9 WARNING neutron.api.rpc.agentnotifiers.dhcp_rpc_agent_api [None req-7d5466ca-b625-414b-b8f0-acee88a014c4 6fdbfcba0d554137aa11de01f6e9f035 ce707103857a44688216f76bb6288eae - - default default] Unable to schedule network 15bf096a-9554-4367-8139-56e23dab0902: no agents available; will retry on subsequent port and subnet creation events.
2026-07-16 08:04:32.032 10 INFO neutron.wsgi [None req-86f71f19-a387-4ed1-a730-b2e556b80229 68e0373654a6427ebc137df54d899e32 8d3010da086a4e339b61c27de339a179 - - default default] 10.0.0.144 "POST /v2.0/subnetpools HTTP/1.1" status: 201 len: 715 time: 0.0593541
2026-07-16 08:04:32.042 10 WARNING neutron_lib.context [None req-284deac7-b550-4998-a31d-5cb1c33cad87 68e0373654a6427ebc137df54d899e32 8d3010da086a4e339b61c27de339a179 - - default default] Method 'is_advsvc' is deprecated since 2023.2 release (neutron-lib 3.8.0) and will be removed once support for the old RBAC API policies will be removed from Neutron. Please use method 'is_service_role' instead.
2026-07-16 08:04:32.086 10 INFO neutron.wsgi [None req-284deac7-b550-4998-a31d-5cb1c33cad87 68e0373654a6427ebc137df54d899e32 8d3010da086a4e339b61c27de339a179 - - default default] 10.0.0.144 "POST /v2.0/subnetpools HTTP/1.1" status: 201 len: 715 time: 0.0493367
2026-07-16 08:04:32.100 10 WARNING neutron_lib.context [None req-16212cca-a9bd-45b3-a7e0-651285a3ded4 68e0373654a6427ebc137df54d899e32 8d3010da086a4e339b61c27de339a179 - - default default] Method 'is_advsvc' is deprecated since 2023.2 release (neutron-lib 3.8.0) and will be removed once support for the old RBAC API policies will be removed from Neutron. Please use method 'is_service_role' instead.
