2026-07-16 08:00:50.515 10 INFO neutron.db.ovn_revision_numbers_db [req-9b3472e4-468e-4025-befd-2587d73051a5 req-0977988e-ae77-418b-ac6c-8a616f53d580 26d49db58b2e4263950405a37888e5c0 6133eb353b1e4239aacf2a0162cbad36 - - default default] Successfully bumped revision number for resource caba8bf9-2171-46d0-b49b-ccea3879bb3d (type: security_group_rules) to 0
2026-07-16 08:00:50.538 10 INFO neutron.db.ovn_revision_numbers_db [req-781135f7-68a5-42e4-b57e-237f7822696a req-9bbddcb2-e460-4495-9321-4820720e3e81 283b88622068465ab25592108d978de6 fbc319bc284840699dc15a796028c47e - - default default] Successfully bumped revision number for resource 231ff4a0-35ee-4465-895e-ab6812d3b316 (type: security_group_rules) to 0
2026-07-16 08:00:50.542 10 INFO neutron.wsgi [req-9b3472e4-468e-4025-befd-2587d73051a5 req-0977988e-ae77-418b-ac6c-8a616f53d580 26d49db58b2e4263950405a37888e5c0 6133eb353b1e4239aacf2a0162cbad36 - - default default] 10.0.0.18 "POST /v2.0/security-groups HTTP/1.1" status: 201 len: 1822 time: 0.3182607
2026-07-16 08:00:50.574 10 INFO neutron.db.ovn_revision_numbers_db [req-781135f7-68a5-42e4-b57e-237f7822696a req-9bbddcb2-e460-4495-9321-4820720e3e81 283b88622068465ab25592108d978de6 fbc319bc284840699dc15a796028c47e - - default default] Successfully bumped revision number for resource 38ba3124-be3a-4017-8793-a02f91af190a (type: security_group_rules) to 0
2026-07-16 08:00:50.596 10 INFO neutron.wsgi [req-781135f7-68a5-42e4-b57e-237f7822696a req-9bbddcb2-e460-4495-9321-4820720e3e81 283b88622068465ab25592108d978de6 fbc319bc284840699dc15a796028c47e - - default default] 10.0.0.18 "POST /v2.0/security-groups HTTP/1.1" status: 201 len: 1827 time: 0.4374750
2026-07-16 08:00:50.640 10 INFO neutron.plugins.ml2.drivers.ovn.mech_driver.ovsdb.ovsdb_monitor [None req-b1b1c941-bebc-4e4b-aaf6-97469fbdd25d - - - - - -] Router aa4bcff2-f825-497b-8f46-0f3b192df655 is bound to host instance
2026-07-16 08:00:50.644 10 WARNING neutron_lib.context [req-b34d350b-f5cf-4ed3-8709-cf479ae920bd req-fdfcd099-a492-41cf-acae-dc9ff40ad30b 26d49db58b2e4263950405a37888e5c0 6133eb353b1e4239aacf2a0162cbad36 - - default default] Method 'is_advsvc' is deprecated since 2023.2 release (neutron-lib 3.8.0) and will be removed once support for the old RBAC API policies will be removed from Neutron. Please use method 'is_service_role' instead.
2026-07-16 08:00:50.690 9 WARNING neutron_lib.context [None req-8c74dfab-8b07-4c54-90ec-f1b9149c830b 2b5308ae85fe4e2897ed0ecfb33b2351 756b1d200c164e34929a4596c3ccbd82 - - default default] Method 'is_advsvc' is deprecated since 2023.2 release (neutron-lib 3.8.0) and will be removed once support for the old RBAC API policies will be removed from Neutron. Please use method 'is_service_role' instead.
2026-07-16 08:00:50.808 10 INFO neutron.db.ovn_revision_numbers_db [None req-6e001b7e-bfe3-482e-9bf0-08029cdfcf46 3c16e09ca97c48abbb60d81debe674d1 71de93269cbc4b9c918ca7e83e197a78 - - default default] Successfully bumped revision number for resource a2d6643f-e599-43a9-86e2-f0378d260583 (type: router_ports) to 1
2026-07-16 08:00:50.817 9 INFO neutron.db.ovn_revision_numbers_db [None req-8c74dfab-8b07-4c54-90ec-f1b9149c830b 2b5308ae85fe4e2897ed0ecfb33b2351 756b1d200c164e34929a4596c3ccbd82 - - default default] Successfully bumped revision number for resource 7221a57b-11df-4952-9d34-fa36961c01d2 (type: security_groups) to 1
2026-07-16 08:00:50.831 9 INFO neutron.db.ovn_revision_numbers_db [None req-8c74dfab-8b07-4c54-90ec-f1b9149c830b 2b5308ae85fe4e2897ed0ecfb33b2351 756b1d200c164e34929a4596c3ccbd82 - - default default] Successfully bumped revision number for resource 256e3373-8f28-4c1a-a7e4-0c9081f1c74a (type: security_group_rules) to 0
2026-07-16 08:00:50.845 9 INFO neutron.db.ovn_revision_numbers_db [None req-8c74dfab-8b07-4c54-90ec-f1b9149c830b 2b5308ae85fe4e2897ed0ecfb33b2351 756b1d200c164e34929a4596c3ccbd82 - - default default] Successfully bumped revision number for resource d2472d21-7230-4703-ba93-cd28fb3b8434 (type: security_group_rules) to 0
2026-07-16 08:00:50.865 9 INFO neutron.wsgi [None req-8c74dfab-8b07-4c54-90ec-f1b9149c830b 2b5308ae85fe4e2897ed0ecfb33b2351 756b1d200c164e34929a4596c3ccbd82 - - default default] 10.0.0.144 "POST /v2.0/security-groups HTTP/1.1" status: 201 len: 1797 time: 0.1839757
2026-07-16 08:00:50.880 9 WARNING neutron_lib.context [None req-e8713f39-0cbc-494b-af89-bb42f4e123ee 2b5308ae85fe4e2897ed0ecfb33b2351 756b1d200c164e34929a4596c3ccbd82 - - default default] Method 'is_advsvc' is deprecated since 2023.2 release (neutron-lib 3.8.0) and will be removed once support for the old RBAC API policies will be removed from Neutron. Please use method 'is_service_role' instead.
2026-07-16 08:00:50.884 10 INFO neutron.wsgi [req-8a442d49-a5df-4539-9e5d-1f81eb125af3 req-e8a03f9a-7941-4536-9aa2-b07acec5946e 283b88622068465ab25592108d978de6 fbc319bc284840699dc15a796028c47e - - default default] 10.0.0.18 "GET /v2.0/security-groups/d029b406-5ccc-4d5e-8292-6adf30cef39d HTTP/1.1" status: 200 len: 1822 time: 0.2024615
2026-07-16 08:00:50.911 10 WARNING neutron_lib.context [req-8a442d49-a5df-4539-9e5d-1f81eb125af3 req-e707d8fd-4478-4af9-ad2c-8e57a6dc24cf 283b88622068465ab25592108d978de6 fbc319bc284840699dc15a796028c47e - - default default] Method 'is_advsvc' is deprecated since 2023.2 release (neutron-lib 3.8.0) and will be removed once support for the old RBAC API policies will be removed from Neutron. Please use method 'is_service_role' instead.
2026-07-16 08:00:50.945 10 INFO neutron.db.ovn_revision_numbers_db [None req-6e001b7e-bfe3-482e-9bf0-08029cdfcf46 3c16e09ca97c48abbb60d81debe674d1 71de93269cbc4b9c918ca7e83e197a78 - - default default] Successfully bumped revision number for resource aa4bcff2-f825-497b-8f46-0f3b192df655 (type: routers) to 2
2026-07-16 08:00:50.986 10 INFO neutron.wsgi [None req-6e001b7e-bfe3-482e-9bf0-08029cdfcf46 3c16e09ca97c48abbb60d81debe674d1 71de93269cbc4b9c918ca7e83e197a78 - - default default] 10.0.0.144 "POST /v2.0/routers HTTP/1.1" status: 201 len: 877 time: 2.0678604
2026-07-16 08:00:51.037 9 INFO neutron.db.ovn_revision_numbers_db [None req-e8713f39-0cbc-494b-af89-bb42f4e123ee 2b5308ae85fe4e2897ed0ecfb33b2351 756b1d200c164e34929a4596c3ccbd82 - - default default] Successfully bumped revision number for resource 099f9e7e-036f-4012-9a70-b67cb8a4b793 (type: security_group_rules) to 0
2026-07-16 08:00:51.061 9 INFO neutron.wsgi [None req-e8713f39-0cbc-494b-af89-bb42f4e123ee 2b5308ae85fe4e2897ed0ecfb33b2351 756b1d200c164e34929a4596c3ccbd82 - - default default] 10.0.0.144 "POST /v2.0/security-group-rules HTTP/1.1" status: 201 len: 764 time: 0.1849120
2026-07-16 08:00:51.066 10 INFO neutron.db.ovn_revision_numbers_db [req-b34d350b-f5cf-4ed3-8709-cf479ae920bd req-fdfcd099-a492-41cf-acae-dc9ff40ad30b 26d49db58b2e4263950405a37888e5c0 6133eb353b1e4239aacf2a0162cbad36 - - default default] Successfully bumped revision number for resource 9aa8d570-05b8-433a-9282-0df085a6835b (type: security_groups) to 1
2026-07-16 08:00:51.072 9 WARNING neutron_lib.context [None req-4d05f4da-cb3c-4895-b6d7-089660a00934 2b5308ae85fe4e2897ed0ecfb33b2351 756b1d200c164e34929a4596c3ccbd82 - - default default] Method 'is_advsvc' is deprecated since 2023.2 release (neutron-lib 3.8.0) and will be removed once support for the old RBAC API policies will be removed from Neutron. Please use method 'is_service_role' instead.
2026-07-16 08:00:51.105 10 INFO neutron.db.ovn_revision_numbers_db [req-b34d350b-f5cf-4ed3-8709-cf479ae920bd req-fdfcd099-a492-41cf-acae-dc9ff40ad30b 26d49db58b2e4263950405a37888e5c0 6133eb353b1e4239aacf2a0162cbad36 - - default default] Successfully bumped revision number for resource 0f829b98-ee00-4015-8e69-166e7d652a64 (type: security_group_rules) to 0
2026-07-16 08:00:51.170 10 INFO neutron.db.ovn_revision_numbers_db [req-b34d350b-f5cf-4ed3-8709-cf479ae920bd req-fdfcd099-a492-41cf-acae-dc9ff40ad30b 26d49db58b2e4263950405a37888e5c0 6133eb353b1e4239aacf2a0162cbad36 - - default default] Successfully bumped revision number for resource 6820d78a-87f0-4513-98aa-7eba7515e247 (type: security_group_rules) to 0
2026-07-16 08:00:51.196 9 INFO neutron.db.ovn_revision_numbers_db [None req-4d05f4da-cb3c-4895-b6d7-089660a00934 2b5308ae85fe4e2897ed0ecfb33b2351 756b1d200c164e34929a4596c3ccbd82 - - default default] Successfully bumped revision number for resource b70f72bd-1cc2-4e79-b41a-5d6716dc917a (type: security_group_rules) to 0
2026-07-16 08:00:51.205 10 INFO neutron.wsgi [req-b34d350b-f5cf-4ed3-8709-cf479ae920bd req-fdfcd099-a492-41cf-acae-dc9ff40ad30b 26d49db58b2e4263950405a37888e5c0 6133eb353b1e4239aacf2a0162cbad36 - - default default] 10.0.0.18 "POST /v2.0/security-groups HTTP/1.1" status: 201 len: 1821 time: 0.5719121
2026-07-16 08:00:51.237 10 INFO neutron.db.ovn_revision_numbers_db [req-8a442d49-a5df-4539-9e5d-1f81eb125af3 req-e707d8fd-4478-4af9-ad2c-8e57a6dc24cf 283b88622068465ab25592108d978de6 fbc319bc284840699dc15a796028c47e - - default default] Successfully bumped revision number for resource 62becc4e-6c00-423b-aac3-2b126208f457 (type: security_group_rules) to 0
2026-07-16 08:00:51.239 9 INFO neutron.wsgi [None req-4d05f4da-cb3c-4895-b6d7-089660a00934 2b5308ae85fe4e2897ed0ecfb33b2351 756b1d200c164e34929a4596c3ccbd82 - - default default] 10.0.0.144 "POST /v2.0/security-group-rules HTTP/1.1" status: 201 len: 769 time: 0.1718857
2026-07-16 08:00:51.249 9 WARNING neutron_lib.context [None req-72eaa8e9-4ab4-49ee-891f-2b4cb62c57f5 2b5308ae85fe4e2897ed0ecfb33b2351 756b1d200c164e34929a4596c3ccbd82 - - default default] Method 'is_advsvc' is deprecated since 2023.2 release (neutron-lib 3.8.0) and will be removed once support for the old RBAC API policies will be removed from Neutron. Please use method 'is_service_role' instead.
2026-07-16 08:00:51.329 10 INFO neutron.wsgi [req-8a442d49-a5df-4539-9e5d-1f81eb125af3 req-e707d8fd-4478-4af9-ad2c-8e57a6dc24cf 283b88622068465ab25592108d978de6 fbc319bc284840699dc15a796028c47e - - default default] 10.0.0.18 "POST /v2.0/security-group-rules HTTP/1.1" status: 201 len: 786 time: 0.4348133
2026-07-16 08:00:51.344 10 INFO neutron.wsgi [req-75950b46-1214-495f-8525-1e32256123be req-e3de88b6-dfdd-48aa-9ecc-c553e76736ec 26d49db58b2e4263950405a37888e5c0 6133eb353b1e4239aacf2a0162cbad36 - - default default] 10.0.0.18 "GET /v2.0/security-groups?tenant_id=6133eb353b1e4239aacf2a0162cbad36 HTTP/1.1" status: 200 len: 7793 time: 0.1024506
2026-07-16 08:00:51.377 10 WARNING neutron_lib.context [req-02e5a3ee-9629-4dfc-8b55-d6599a0e259f req-91011a9a-4d3a-4997-8e49-85820a365580 283b88622068465ab25592108d978de6 fbc319bc284840699dc15a796028c47e - - default default] Method 'is_advsvc' is deprecated since 2023.2 release (neutron-lib 3.8.0) and will be removed once support for the old RBAC API policies will be removed from Neutron. Please use method 'is_service_role' instead.
2026-07-16 08:00:51.430 10 INFO neutron.wsgi [req-75950b46-1214-495f-8525-1e32256123be req-ad507120-a1a0-4f14-b5cb-bd8d848cf580 26d49db58b2e4263950405a37888e5c0 6133eb353b1e4239aacf2a0162cbad36 - - default default] 10.0.0.18 "GET /v2.0/security-groups/117417ef-97aa-43bd-a479-097d0de7ad67 HTTP/1.1" status: 200 len: 2994 time: 0.0743961
2026-07-16 08:00:51.514 10 INFO neutron.wsgi [req-75950b46-1214-495f-8525-1e32256123be req-5ab9d378-c18e-4f4f-8227-ebace6d97b9d 26d49db58b2e4263950405a37888e5c0 6133eb353b1e4239aacf2a0162cbad36 - - default default] 10.0.0.18 "GET /v2.0/security-groups/117417ef-97aa-43bd-a479-097d0de7ad67 HTTP/1.1" status: 200 len: 2994 time: 0.0725338
2026-07-16 08:00:51.543 9 WARNING neutron.scheduler.dhcp_agent_scheduler [None req-72eaa8e9-4ab4-49ee-891f-2b4cb62c57f5 2b5308ae85fe4e2897ed0ecfb33b2351 756b1d200c164e34929a4596c3ccbd82 - - default default] No more DHCP agents
2026-07-16 08:00:51.545 9 WARNING neutron.api.rpc.agentnotifiers.dhcp_rpc_agent_api [None req-72eaa8e9-4ab4-49ee-891f-2b4cb62c57f5 2b5308ae85fe4e2897ed0ecfb33b2351 756b1d200c164e34929a4596c3ccbd82 - - default default] Unable to schedule network eb2eed8e-9f13-490c-9010-49ac32b30e05: no agents available; will retry on subsequent port and subnet creation events.
2026-07-16 08:00:51.606 10 INFO neutron.wsgi [req-80b5f268-8b91-4484-82f4-6c6e2bd04cb7 req-1ec7e945-1680-4160-a93f-731e2ee96ca9 26d49db58b2e4263950405a37888e5c0 6133eb353b1e4239aacf2a0162cbad36 - - default default] 10.0.0.18 "GET /v2.0/security-groups/95ad1c81-c227-4ea2-95b0-03ac3929cc82 HTTP/1.1" status: 200 len: 1817 time: 0.0657766
2026-07-16 08:00:51.684 10 INFO neutron.db.ovn_revision_numbers_db [None req-b1b1c941-bebc-4e4b-aaf6-97469fbdd25d - - - - - -] Successfully bumped revision number for resource a2d6643f-e599-43a9-86e2-f0378d260583 (type: ports) to 1
2026-07-16 08:00:51.693 10 INFO neutron.db.ovn_revision_numbers_db [req-02e5a3ee-9629-4dfc-8b55-d6599a0e259f req-91011a9a-4d3a-4997-8e49-85820a365580 283b88622068465ab25592108d978de6 fbc319bc284840699dc15a796028c47e - - default default] Successfully bumped revision number for resource c35f0beb-3f44-4eb5-bd43-874f5be9a2b3 (type: security_groups) to 1
2026-07-16 08:00:51.717 10 INFO neutron.db.ovn_revision_numbers_db [req-02e5a3ee-9629-4dfc-8b55-d6599a0e259f req-91011a9a-4d3a-4997-8e49-85820a365580 283b88622068465ab25592108d978de6 fbc319bc284840699dc15a796028c47e - - default default] Successfully bumped revision number for resource d50868ac-458c-4c8f-8ad1-45a833ac432d (type: security_group_rules) to 0
2026-07-16 08:00:51.752 10 INFO neutron.db.ovn_revision_numbers_db [req-02e5a3ee-9629-4dfc-8b55-d6599a0e259f req-91011a9a-4d3a-4997-8e49-85820a365580 283b88622068465ab25592108d978de6 fbc319bc284840699dc15a796028c47e - - default default] Successfully bumped revision number for resource da5ab00b-f1c6-42c8-b8e2-4ca7e470b9d8 (type: security_group_rules) to 0
2026-07-16 08:00:51.850 9 INFO neutron.db.ovn_revision_numbers_db [None req-72eaa8e9-4ab4-49ee-891f-2b4cb62c57f5 2b5308ae85fe4e2897ed0ecfb33b2351 756b1d200c164e34929a4596c3ccbd82 - - default default] Successfully bumped revision number for resource efb1128b-1d88-4720-bbe6-035d029fb6eb (type: floatingips) to 0
2026-07-16 08:00:51.862 9 INFO neutron.wsgi [None req-72eaa8e9-4ab4-49ee-891f-2b4cb62c57f5 2b5308ae85fe4e2897ed0ecfb33b2351 756b1d200c164e34929a4596c3ccbd82 - - default default] 10.0.0.144 "POST /v2.0/floatingips HTTP/1.1" status: 201 len: 751 time: 0.6183920
2026-07-16 08:00:51.934 10 INFO neutron.wsgi [req-02e5a3ee-9629-4dfc-8b55-d6599a0e259f req-91011a9a-4d3a-4997-8e49-85820a365580 283b88622068465ab25592108d978de6 fbc319bc284840699dc15a796028c47e - - default default] 10.0.0.18 "POST /v2.0/security-groups HTTP/1.1" status: 201 len: 1825 time: 0.5679009
2026-07-16 08:00:52.033 10 INFO neutron.wsgi [req-80b5f268-8b91-4484-82f4-6c6e2bd04cb7 req-868ebf5b-40e9-4b3e-923e-394b8334be9c 26d49db58b2e4263950405a37888e5c0 6133eb353b1e4239aacf2a0162cbad36 - - default default] 10.0.0.18 "DELETE /v2.0/security-groups/95ad1c81-c227-4ea2-95b0-03ac3929cc82 HTTP/1.1" status: 204 len: 173 time: 0.4181654
2026-07-16 08:00:52.045 10 INFO neutron.wsgi [req-d49b1321-99a1-4385-9b11-581fd35be23e req-b60031db-432d-4fa6-9174-12839a39142e 283b88622068465ab25592108d978de6 fbc319bc284840699dc15a796028c47e - - default default] 10.0.0.18 "GET /v2.0/security-groups/c35f0beb-3f44-4eb5-bd43-874f5be9a2b3 HTTP/1.1" status: 200 len: 1820 time: 0.0771346
2026-07-16 08:00:52.045 10 WARNING neutron.scheduler.dhcp_agent_scheduler [None req-44bb5d5c-d57c-4f45-b6cb-9209b1b05460 3c16e09ca97c48abbb60d81debe674d1 71de93269cbc4b9c918ca7e83e197a78 - - default default] No more DHCP agents
2026-07-16 08:00:52.051 10 WARNING neutron.api.rpc.agentnotifiers.dhcp_rpc_agent_api [None req-44bb5d5c-d57c-4f45-b6cb-9209b1b05460 3c16e09ca97c48abbb60d81debe674d1 71de93269cbc4b9c918ca7e83e197a78 - - default default] Unable to schedule network 69a4a399-a3a2-4763-8cc0-171bf99865c3: no agents available; will retry on subsequent port and subnet creation events.
2026-07-16 08:00:52.090 10 WARNING neutron_lib.context [req-d49b1321-99a1-4385-9b11-581fd35be23e req-06887cdd-75aa-49db-b1ff-46694607dae3 283b88622068465ab25592108d978de6 fbc319bc284840699dc15a796028c47e - - default default] Method 'is_advsvc' is deprecated since 2023.2 release (neutron-lib 3.8.0) and will be removed once support for the old RBAC API policies will be removed from Neutron. Please use method 'is_service_role' instead.
2026-07-16 08:00:52.099 10 INFO neutron.api.v2.resource [req-ea043464-df8f-498d-84a4-7c4f5a26591c req-670da52e-9a14-42ab-8454-17b2eb331cbe 26d49db58b2e4263950405a37888e5c0 6133eb353b1e4239aacf2a0162cbad36 - - default default] show failed (client error): The resource could not be found.
2026-07-16 08:00:52.100 10 INFO neutron.wsgi [req-ea043464-df8f-498d-84a4-7c4f5a26591c req-670da52e-9a14-42ab-8454-17b2eb331cbe 26d49db58b2e4263950405a37888e5c0 6133eb353b1e4239aacf2a0162cbad36 - - default default] 10.0.0.18 "GET /v2.0/security-groups/95ad1c81-c227-4ea2-95b0-03ac3929cc82 HTTP/1.1" status: 404 len: 352 time: 0.0497601
2026-07-16 08:00:52.218 10 INFO neutron.wsgi [req-67d3d0cc-e864-4468-8f21-2383eb6718e5 req-59b227c9-852d-46c3-b2fc-8e7eecb0d493 26d49db58b2e4263950405a37888e5c0 6133eb353b1e4239aacf2a0162cbad36 - - default default] 10.0.0.18 "GET /v2.0/security-groups/1ceb77a0-df8c-480f-9728-b676cd81ea3e HTTP/1.1" status: 200 len: 1817 time: 0.0947900
2026-07-16 08:00:52.358 10 INFO neutron.db.ovn_revision_numbers_db [None req-b1b1c941-bebc-4e4b-aaf6-97469fbdd25d - - - - - -] Successfully bumped revision number for resource a2d6643f-e599-43a9-86e2-f0378d260583 (type: router_ports) to 3
2026-07-16 08:00:52.419 10 INFO neutron.db.ovn_revision_numbers_db [None req-44bb5d5c-d57c-4f45-b6cb-9209b1b05460 3c16e09ca97c48abbb60d81debe674d1 71de93269cbc4b9c918ca7e83e197a78 - - default default] Successfully bumped revision number for resource 5648b640-cfde-428d-ab6f-7fd6ee2f4f37 (type: ports) to 1
2026-07-16 08:00:52.479 10 INFO neutron.db.ovn_revision_numbers_db [req-d49b1321-99a1-4385-9b11-581fd35be23e req-06887cdd-75aa-49db-b1ff-46694607dae3 283b88622068465ab25592108d978de6 fbc319bc284840699dc15a796028c47e - - default default] Successfully bumped revision number for resource 5d5ad1a8-95fa-428d-9bc7-a29a699b6eac (type: security_group_rules) to 0
2026-07-16 08:00:52.522 10 INFO neutron.wsgi [req-67d3d0cc-e864-4468-8f21-2383eb6718e5 req-5a9edd44-7970-4ee6-ab35-814c2d99d59b 26d49db58b2e4263950405a37888e5c0 6133eb353b1e4239aacf2a0162cbad36 - - default default] 10.0.0.18 "DELETE /v2.0/security-groups/1ceb77a0-df8c-480f-9728-b676cd81ea3e HTTP/1.1" status: 204 len: 173 time: 0.2931163
2026-07-16 08:00:52.544 10 INFO neutron.wsgi [req-d49b1321-99a1-4385-9b11-581fd35be23e req-06887cdd-75aa-49db-b1ff-46694607dae3 283b88622068465ab25592108d978de6 fbc319bc284840699dc15a796028c47e - - default default] 10.0.0.18 "POST /v2.0/security-group-rules HTTP/1.1" status: 201 len: 786 time: 0.4913454
2026-07-16 08:00:52.585 10 INFO neutron.api.v2.resource [req-4d0a36ac-c6f4-49f7-8ded-4b8aa3520cfd req-35f22c7a-65ca-4e30-8b86-139f5dd6d514 26d49db58b2e4263950405a37888e5c0 6133eb353b1e4239aacf2a0162cbad36 - - default default] show failed (client error): The resource could not be found.
2026-07-16 08:00:52.586 10 INFO neutron.wsgi [req-4d0a36ac-c6f4-49f7-8ded-4b8aa3520cfd req-35f22c7a-65ca-4e30-8b86-139f5dd6d514 26d49db58b2e4263950405a37888e5c0 6133eb353b1e4239aacf2a0162cbad36 - - default default] 10.0.0.18 "GET /v2.0/security-groups/1ceb77a0-df8c-480f-9728-b676cd81ea3e HTTP/1.1" status: 404 len: 352 time: 0.0184324
2026-07-16 08:00:52.649 10 INFO neutron.db.ovn_revision_numbers_db [None req-b1b1c941-bebc-4e4b-aaf6-97469fbdd25d - - - - - -] Successfully bumped revision number for resource a2d6643f-e599-43a9-86e2-f0378d260583 (type: ports) to 2
2026-07-16 08:00:52.656 10 INFO neutron.wsgi [req-9002ca54-6d83-4735-91e8-425e6fe5c7fd req-b0fce890-731a-4581-9739-d4c32a0212bc 283b88622068465ab25592108d978de6 fbc319bc284840699dc15a796028c47e - - default default] 10.0.0.18 "GET /v2.0/security-groups/c35f0beb-3f44-4eb5-bd43-874f5be9a2b3 HTTP/1.1" status: 200 len: 2413 time: 0.0547600
2026-07-16 08:00:52.676 10 WARNING neutron_lib.context [req-9002ca54-6d83-4735-91e8-425e6fe5c7fd req-f8fcdcfa-63f6-4f7b-ad10-a2a3171f0abf 283b88622068465ab25592108d978de6 fbc319bc284840699dc15a796028c47e - - default default] Method 'is_advsvc' is deprecated since 2023.2 release (neutron-lib 3.8.0) and will be removed once support for the old RBAC API policies will be removed from Neutron. Please use method 'is_service_role' instead.
2026-07-16 08:00:52.741 10 INFO neutron.wsgi [req-ae98bfae-1100-482c-a6f2-9ebb202ffe1c req-0ba310a4-910c-4425-8924-aa833477bcc0 2b5308ae85fe4e2897ed0ecfb33b2351 756b1d200c164e34929a4596c3ccbd82 - - default default] 10.0.0.18 "GET /v2.0/security-groups?name=tempest-securitygroup--2142657200&fields=id&tenant_id=756b1d200c164e34929a4596c3ccbd82 HTTP/1.1" status: 200 len: 267 time: 0.0835302
2026-07-16 08:00:52.963 10 INFO neutron.wsgi [req-ae98bfae-1100-482c-a6f2-9ebb202ffe1c req-82f61786-6876-4ec1-bce2-39b4a719a724 2b5308ae85fe4e2897ed0ecfb33b2351 756b1d200c164e34929a4596c3ccbd82 - - default default] 10.0.0.18 "GET /v2.0/networks?id=8b3ed1b7-8d3a-426e-84c5-0c18ad40ec8c HTTP/1.1" status: 200 len: 875 time: 0.2130170
2026-07-16 08:00:52.995 10 INFO neutron.wsgi [req-ae98bfae-1100-482c-a6f2-9ebb202ffe1c req-8977814f-a3fc-44ab-a1e8-00e0ab63a075 2b5308ae85fe4e2897ed0ecfb33b2351 756b1d200c164e34929a4596c3ccbd82 - - default default] 10.0.0.18 "GET /v2.0/quotas/756b1d200c164e34929a4596c3ccbd82 HTTP/1.1" status: 200 len: 386 time: 0.0202742
2026-07-16 08:00:53.274 10 INFO neutron.db.ovn_revision_numbers_db [req-9002ca54-6d83-4735-91e8-425e6fe5c7fd req-f8fcdcfa-63f6-4f7b-ad10-a2a3171f0abf 283b88622068465ab25592108d978de6 fbc319bc284840699dc15a796028c47e - - default default] Successfully bumped revision number for resource 34e9e37d-3d08-4adb-8ca3-1dc8bd3d5697 (type: security_group_rules) to 0
2026-07-16 08:00:53.338 10 INFO neutron.wsgi [req-9002ca54-6d83-4735-91e8-425e6fe5c7fd req-f8fcdcfa-63f6-4f7b-ad10-a2a3171f0abf 283b88622068465ab25592108d978de6 fbc319bc284840699dc15a796028c47e - - default default] 10.0.0.18 "POST /v2.0/security-group-rules HTTP/1.1" status: 201 len: 791 time: 0.6673317
2026-07-16 08:00:53.359 10 INFO neutron.wsgi [req-ae98bfae-1100-482c-a6f2-9ebb202ffe1c req-cd4ed8b5-8233-45ae-b6cf-9fa56df5b54b 2b5308ae85fe4e2897ed0ecfb33b2351 756b1d200c164e34929a4596c3ccbd82 - - default default] 10.0.0.18 "GET /v2.0/ports?tenant_id=756b1d200c164e34929a4596c3ccbd82&fields=id HTTP/1.1" status: 200 len: 302 time: 0.3551092
2026-07-16 08:00:53.426 10 INFO neutron.wsgi [req-76d834d4-1d62-4bc4-8463-fbbf598bf915 req-f22d76c2-0757-407d-9219-0705f8936f8f 26d49db58b2e4263950405a37888e5c0 6133eb353b1e4239aacf2a0162cbad36 - - default default] 10.0.0.18 "GET /v2.0/security-groups/9aa8d570-05b8-433a-9282-0df085a6835b HTTP/1.1" status: 200 len: 1816 time: 0.0704861
2026-07-16 08:00:53.485 10 INFO neutron.db.ovn_revision_numbers_db [None req-b1b1c941-bebc-4e4b-aaf6-97469fbdd25d - - - - - -] Successfully bumped revision number for resource a2d6643f-e599-43a9-86e2-f0378d260583 (type: ports) to 4
2026-07-16 08:00:53.491 10 INFO neutron.db.ovn_revision_numbers_db [None req-44bb5d5c-d57c-4f45-b6cb-9209b1b05460 3c16e09ca97c48abbb60d81debe674d1 71de93269cbc4b9c918ca7e83e197a78 - - default default] Successfully bumped revision number for resource 5648b640-cfde-428d-ab6f-7fd6ee2f4f37 (type: router_ports) to 1
2026-07-16 08:00:53.700 10 INFO neutron.wsgi [req-76d834d4-1d62-4bc4-8463-fbbf598bf915 req-f7e323a7-875a-4f88-a7c1-f5e9a7d83b07 26d49db58b2e4263950405a37888e5c0 6133eb353b1e4239aacf2a0162cbad36 - - default default] 10.0.0.18 "DELETE /v2.0/security-groups/9aa8d570-05b8-433a-9282-0df085a6835b HTTP/1.1" status: 204 len: 173 time: 0.2552483
2026-07-16 08:00:53.759 10 INFO neutron.db.ovn_revision_numbers_db [None req-44bb5d5c-d57c-4f45-b6cb-9209b1b05460 3c16e09ca97c48abbb60d81debe674d1 71de93269cbc4b9c918ca7e83e197a78 - - default default] Successfully bumped revision number for resource 5648b640-cfde-428d-ab6f-7fd6ee2f4f37 (type: ports) to 1
2026-07-16 08:00:53.769 10 INFO neutron.wsgi [req-ae98bfae-1100-482c-a6f2-9ebb202ffe1c req-738d46d4-ec54-43ec-8796-5623b81f0d45 2a4125f0616a4005a9a212b780586efb 38193357b44b4330ab3845d1ccfc7347 - - 13524b305ef34f7ba15bc447ba9ff922 13524b305ef34f7ba15bc447ba9ff922] 10.0.0.18 "GET /v2.0/extensions HTTP/1.1" status: 200 len: 16980 time: 0.0575795
2026-07-16 08:00:53.777 10 INFO neutron.wsgi [req-15ead626-2b52-483f-9915-5f196b951735 req-5ee8b443-dfc9-4d97-b49e-b5bbf3254c07 283b88622068465ab25592108d978de6 fbc319bc284840699dc15a796028c47e - - default default] 10.0.0.18 "GET /v2.0/security-groups/c35f0beb-3f44-4eb5-bd43-874f5be9a2b3 HTTP/1.1" status: 200 len: 3011 time: 0.0616310
2026-07-16 08:00:53.825 10 INFO neutron.api.v2.resource [req-90741715-9d7a-46f8-825b-a38f03fcfa9c req-e778145f-f089-4937-900a-d6c87289e624 26d49db58b2e4263950405a37888e5c0 6133eb353b1e4239aacf2a0162cbad36 - - default default] show failed (client error): The resource could not be found.
2026-07-16 08:00:53.826 10 INFO neutron.wsgi [req-90741715-9d7a-46f8-825b-a38f03fcfa9c req-e778145f-f089-4937-900a-d6c87289e624 26d49db58b2e4263950405a37888e5c0 6133eb353b1e4239aacf2a0162cbad36 - - default default] 10.0.0.18 "GET /v2.0/security-groups/9aa8d570-05b8-433a-9282-0df085a6835b HTTP/1.1" status: 404 len: 352 time: 0.0316052
2026-07-16 08:00:53.857 10 INFO neutron.db.ovn_revision_numbers_db [None req-b1b1c941-bebc-4e4b-aaf6-97469fbdd25d - - - - - -] Successfully bumped revision number for resource a2d6643f-e599-43a9-86e2-f0378d260583 (type: router_ports) to 4
2026-07-16 08:00:53.885 10 INFO neutron.wsgi [req-b37f50c8-8496-4baa-95e4-0195c16ceb81 req-ad48e16e-7bef-4cf0-83c2-5059ca36f589 283b88622068465ab25592108d978de6 fbc319bc284840699dc15a796028c47e - - default default] 10.0.0.18 "GET /v2.0/security-group-rules/34e9e37d-3d08-4adb-8ca3-1dc8bd3d5697 HTTP/1.1" status: 200 len: 783 time: 0.0388083
2026-07-16 08:00:53.890 10 INFO neutron.wsgi [req-ae98bfae-1100-482c-a6f2-9ebb202ffe1c req-4f3356d1-4752-4291-b2db-b3b7dce83452 2a4125f0616a4005a9a212b780586efb 38193357b44b4330ab3845d1ccfc7347 - - 13524b305ef34f7ba15bc447ba9ff922 13524b305ef34f7ba15bc447ba9ff922] 10.0.0.18 "GET /v2.0/networks/8b3ed1b7-8d3a-426e-84c5-0c18ad40ec8c?fields=segments HTTP/1.1" status: 200 len: 212 time: 0.1124105
2026-07-16 08:00:53.923 10 WARNING neutron.scheduler.dhcp_agent_scheduler [None req-44bb5d5c-d57c-4f45-b6cb-9209b1b05460 3c16e09ca97c48abbb60d81debe674d1 71de93269cbc4b9c918ca7e83e197a78 - - default default] No more DHCP agents
2026-07-16 08:00:53.926 10 WARNING neutron.api.rpc.agentnotifiers.dhcp_rpc_agent_api [None req-44bb5d5c-d57c-4f45-b6cb-9209b1b05460 3c16e09ca97c48abbb60d81debe674d1 71de93269cbc4b9c918ca7e83e197a78 - - default default] Unable to schedule network 69a4a399-a3a2-4763-8cc0-171bf99865c3: no agents available; will retry on subsequent port and subnet creation events.
2026-07-16 08:00:53.957 10 INFO neutron.wsgi [req-b37f50c8-8496-4baa-95e4-0195c16ceb81 req-4014c9fb-268a-4461-8511-5ab0c90a3136 283b88622068465ab25592108d978de6 fbc319bc284840699dc15a796028c47e - - default default] 10.0.0.18 "GET /v2.0/security-groups/c35f0beb-3f44-4eb5-bd43-874f5be9a2b3 HTTP/1.1" status: 200 len: 3011 time: 0.0632858
2026-07-16 08:00:54.005 10 INFO neutron.wsgi [req-ae98bfae-1100-482c-a6f2-9ebb202ffe1c req-d58d0ba9-f46c-486b-b282-af45e2fc147c 2a4125f0616a4005a9a212b780586efb 38193357b44b4330ab3845d1ccfc7347 - - 13524b305ef34f7ba15bc447ba9ff922 13524b305ef34f7ba15bc447ba9ff922] 10.0.0.18 "GET /v2.0/networks/8b3ed1b7-8d3a-426e-84c5-0c18ad40ec8c?fields=provider%3Aphysical_network&fields=provider%3Anetwork_type HTTP/1.1" status: 200 len: 277 time: 0.1036568
2026-07-16 08:00:54.174 10 INFO neutron.wsgi [req-b37f50c8-8496-4baa-95e4-0195c16ceb81 req-4638f4ab-00b3-4a0e-a7e1-a65bd005c92d 283b88622068465ab25592108d978de6 fbc319bc284840699dc15a796028c47e - - default default] 10.0.0.18 "DELETE /v2.0/security-group-rules/34e9e37d-3d08-4adb-8ca3-1dc8bd3d5697 HTTP/1.1" status: 204 len: 173 time: 0.2097294
2026-07-16 08:00:54.393 10 INFO neutron.wsgi [req-ec1b60d4-6e18-479c-85ee-6f1986b43c18 req-19fd5101-397a-4670-81ef-384c5b1c3432 2b5308ae85fe4e2897ed0ecfb33b2351 756b1d200c164e34929a4596c3ccbd82 - - default default] 10.0.0.18 "GET /v2.0/ports?device_id=6a164871-9fab-47b1-8c17-3dc7ea559030 HTTP/1.1" status: 200 len: 210 time: 0.1612420
2026-07-16 08:00:54.408 10 INFO neutron.wsgi [req-495e2db8-b09e-4021-9beb-0816a67b1a58 req-5a79d113-aa4c-4146-afac-2d32b625013b 26d49db58b2e4263950405a37888e5c0 6133eb353b1e4239aacf2a0162cbad36 - - default default] 10.0.0.18 "GET /v2.0/security-groups?tenant_id=6133eb353b1e4239aacf2a0162cbad36 HTTP/1.1" status: 200 len: 2997 time: 0.2128818
2026-07-16 08:00:54.472 10 INFO neutron.wsgi [req-495e2db8-b09e-4021-9beb-0816a67b1a58 req-f6bde94a-a87a-4c3a-ac90-d31cf781f594 26d49db58b2e4263950405a37888e5c0 6133eb353b1e4239aacf2a0162cbad36 - - default default] 10.0.0.18 "GET /v2.0/security-groups/117417ef-97aa-43bd-a479-097d0de7ad67 HTTP/1.1" status: 200 len: 2994 time: 0.0548816
2026-07-16 08:00:54.475 10 INFO neutron.wsgi [req-1252a6c1-77db-4fc5-ab87-d9442432b240 req-1c257b49-231e-4298-97b8-23e6b9b78cdd 283b88622068465ab25592108d978de6 fbc319bc284840699dc15a796028c47e - - default default] 10.0.0.18 "GET /v2.0/security-groups/c35f0beb-3f44-4eb5-bd43-874f5be9a2b3 HTTP/1.1" status: 200 len: 2413 time: 0.0505466
2026-07-16 08:00:54.539 10 INFO neutron.wsgi [req-495e2db8-b09e-4021-9beb-0816a67b1a58 req-3fed2a59-d787-4741-818c-4e8ff4860f89 26d49db58b2e4263950405a37888e5c0 6133eb353b1e4239aacf2a0162cbad36 - - default default] 10.0.0.18 "GET /v2.0/security-groups/117417ef-97aa-43bd-a479-097d0de7ad67 HTTP/1.1" status: 200 len: 2994 time: 0.0545225
2026-07-16 08:00:54.601 10 INFO neutron.api.v2.resource [req-a32db8ee-acf9-4ebb-859c-9db658c7ec1e req-747b1ced-01da-4a04-b831-cf903dab12bf 26d49db58b2e4263950405a37888e5c0 6133eb353b1e4239aacf2a0162cbad36 - - default default] show failed (client error): The resource could not be found.
2026-07-16 08:00:54.602 10 INFO neutron.wsgi [req-a32db8ee-acf9-4ebb-859c-9db658c7ec1e req-747b1ced-01da-4a04-b831-cf903dab12bf 26d49db58b2e4263950405a37888e5c0 6133eb353b1e4239aacf2a0162cbad36 - - default default] 10.0.0.18 "GET /v2.0/security-groups/9aa8d570-05b8-433a-9282-0df085a6835b HTTP/1.1" status: 404 len: 352 time: 0.0182710
2026-07-16 08:00:54.638 10 INFO neutron.api.v2.resource [req-aef5035b-cba4-406a-96b1-b3ae7d1e9af8 req-8e02180a-935d-473e-a379-ccf2bdddc88e 26d49db58b2e4263950405a37888e5c0 6133eb353b1e4239aacf2a0162cbad36 - - default default] show failed (client error): The resource could not be found.
2026-07-16 08:00:54.639 10 INFO neutron.wsgi [req-aef5035b-cba4-406a-96b1-b3ae7d1e9af8 req-8e02180a-935d-473e-a379-ccf2bdddc88e 26d49db58b2e4263950405a37888e5c0 6133eb353b1e4239aacf2a0162cbad36 - - default default] 10.0.0.18 "GET /v2.0/security-groups/1ceb77a0-df8c-480f-9728-b676cd81ea3e HTTP/1.1" status: 404 len: 352 time: 0.0181866
2026-07-16 08:00:54.676 10 INFO neutron.api.v2.resource [req-ce07e00b-cfa2-48ab-9138-39717031ba1f req-13859edc-33f6-4d51-96bc-ff70a6f1a4e7 26d49db58b2e4263950405a37888e5c0 6133eb353b1e4239aacf2a0162cbad36 - - default default] show failed (client error): The resource could not be found.
2026-07-16 08:00:54.677 10 INFO neutron.wsgi [req-ce07e00b-cfa2-48ab-9138-39717031ba1f req-13859edc-33f6-4d51-96bc-ff70a6f1a4e7 26d49db58b2e4263950405a37888e5c0 6133eb353b1e4239aacf2a0162cbad36 - - default default] 10.0.0.18 "GET /v2.0/security-groups/95ad1c81-c227-4ea2-95b0-03ac3929cc82 HTTP/1.1" status: 404 len: 352 time: 0.0152493
2026-07-16 08:00:54.752 10 INFO neutron.wsgi [req-1252a6c1-77db-4fc5-ab87-d9442432b240 req-a7fe78dd-279a-4dd1-aa49-fedb4ba8a4a2 283b88622068465ab25592108d978de6 fbc319bc284840699dc15a796028c47e - - default default] 10.0.0.18 "DELETE /v2.0/security-groups/c35f0beb-3f44-4eb5-bd43-874f5be9a2b3 HTTP/1.1" status: 204 len: 173 time: 0.2663150
2026-07-16 08:00:54.817 10 INFO neutron.wsgi [req-bec54433-96fc-49a9-99f4-5fa724c8c71e req-ad4aef73-7820-4c8c-89be-310b1214e684 283b88622068465ab25592108d978de6 fbc319bc284840699dc15a796028c47e - - default default] 10.0.0.18 "GET /v2.0/security-groups/d029b406-5ccc-4d5e-8292-6adf30cef39d HTTP/1.1" status: 200 len: 2415 time: 0.0450625
2026-07-16 08:00:54.890 9 WARNING neutron.plugins.ml2.drivers.ovn.mech_driver.ovsdb.ovn_client [None req-9922bd46-0a33-49c9-aed7-aec754b2273a - - - - - -] No hosting information found for port e204740e-beac-4f51-af04-b4472248b90a: RuntimeError: No hosting information found for port e204740e-beac-4f51-af04-b4472248b90a
2026-07-16 08:00:54.890 9 INFO neutron.plugins.ml2.drivers.ovn.mech_driver.mech_driver [None req-9922bd46-0a33-49c9-aed7-aec754b2273a - - - - - -] OVN reports status up for port: a2d6643f-e599-43a9-86e2-f0378d260583
2026-07-16 08:00:54.905 10 WARNING neutron.plugins.ml2.drivers.ovn.mech_driver.ovsdb.ovn_client [None req-1fed577b-fa7b-4690-8202-c757e3ffe61d - - - - - -] No hosting information found for port 1594c02b-8513-4bd0-9b36-751e935fbbea: RuntimeError: No hosting information found for port 1594c02b-8513-4bd0-9b36-751e935fbbea
2026-07-16 08:00:54.905 10 INFO neutron.plugins.ml2.drivers.ovn.mech_driver.mech_driver [None req-1fed577b-fa7b-4690-8202-c757e3ffe61d - - - - - -] OVN reports status up for port: 41dda0a7-a88c-4015-9749-6e9e5fde517f
2026-07-16 08:00:54.911 9 INFO neutron.plugins.ml2.plugin [None req-9922bd46-0a33-49c9-aed7-aec754b2273a - - - - - -] Attempt 1 to provision port a2d6643f-e599-43a9-86e2-f0378d260583
2026-07-16 08:00:54.918 10 INFO neutron.plugins.ml2.plugin [None req-1fed577b-fa7b-4690-8202-c757e3ffe61d - - - - - -] Attempt 1 to provision port 41dda0a7-a88c-4015-9749-6e9e5fde517f
2026-07-16 08:00:55.043 10 INFO neutron.wsgi [req-bec54433-96fc-49a9-99f4-5fa724c8c71e req-b02e0e3a-e6f6-4fe1-8f88-7ace4546b796 283b88622068465ab25592108d978de6 fbc319bc284840699dc15a796028c47e - - default default] 10.0.0.18 "DELETE /v2.0/security-groups/d029b406-5ccc-4d5e-8292-6adf30cef39d HTTP/1.1" status: 204 len: 173 time: 0.2183225
2026-07-16 08:00:55.082 9 INFO neutron.plugins.ml2.drivers.ovn.mech_driver.mech_driver [None req-9922bd46-0a33-49c9-aed7-aec754b2273a - - - - - -] OVN reports status up for port: 5648b640-cfde-428d-ab6f-7fd6ee2f4f37
2026-07-16 08:00:55.097 9 INFO neutron.plugins.ml2.plugin [None req-9922bd46-0a33-49c9-aed7-aec754b2273a - - - - - -] Attempt 1 to provision port 5648b640-cfde-428d-ab6f-7fd6ee2f4f37
2026-07-16 08:00:55.118 10 INFO neutron.db.ovn_revision_numbers_db [None req-44bb5d5c-d57c-4f45-b6cb-9209b1b05460 3c16e09ca97c48abbb60d81debe674d1 71de93269cbc4b9c918ca7e83e197a78 - - default default] Successfully bumped revision number for resource 5648b640-cfde-428d-ab6f-7fd6ee2f4f37 (type: router_ports) to 1
2026-07-16 08:00:55.120 10 INFO neutron.wsgi [None req-44bb5d5c-d57c-4f45-b6cb-9209b1b05460 3c16e09ca97c48abbb60d81debe674d1 71de93269cbc4b9c918ca7e83e197a78 - - default default] 10.0.0.144 "PUT /v2.0/routers/aa4bcff2-f825-497b-8f46-0f3b192df655/add_router_interface HTTP/1.1" status: 200 len: 503 time: 4.1236715
2026-07-16 08:00:55.560 10 INFO neutron.wsgi [req-b4457859-1332-4b3a-8409-7e48678e17ec req-b3aa9e77-5f24-43af-9da6-44ecceb6839e 2b5308ae85fe4e2897ed0ecfb33b2351 756b1d200c164e34929a4596c3ccbd82 - - default default] 10.0.0.18 "GET /v2.0/ports?device_id=6a164871-9fab-47b1-8c17-3dc7ea559030 HTTP/1.1" status: 200 len: 210 time: 0.0405588
2026-07-16 08:00:55.561 9 INFO neutron.db.ovn_revision_numbers_db [None req-9922bd46-0a33-49c9-aed7-aec754b2273a - - - - - -] Successfully bumped revision number for resource 5648b640-cfde-428d-ab6f-7fd6ee2f4f37 (type: ports) to 2
2026-07-16 08:00:55.584 10 INFO neutron.db.ovn_revision_numbers_db [None req-1fed577b-fa7b-4690-8202-c757e3ffe61d - - - - - -] Successfully bumped revision number for resource 41dda0a7-a88c-4015-9749-6e9e5fde517f (type: ports) to 2
2026-07-16 08:00:55.669 10 WARNING neutron_lib.context [None req-f733f213-de6d-4d25-be70-22c9a89763db 68a1fad0c2e74ea09b00b841b554fa41 86d3f246390347cb94f2f2a33b2c70ec - - default default] Method 'is_advsvc' is deprecated since 2023.2 release (neutron-lib 3.8.0) and will be removed once support for the old RBAC API policies will be removed from Neutron. Please use method 'is_service_role' instead.
2026-07-16 08:00:55.687 9 INFO neutron.db.ovn_revision_numbers_db [None req-9922bd46-0a33-49c9-aed7-aec754b2273a - - - - - -] Successfully bumped revision number for resource 5648b640-cfde-428d-ab6f-7fd6ee2f4f37 (type: router_ports) to 2
2026-07-16 08:00:55.736 10 INFO neutron.db.ovn_revision_numbers_db [None req-1fed577b-fa7b-4690-8202-c757e3ffe61d - - - - - -] Successfully bumped revision number for resource 41dda0a7-a88c-4015-9749-6e9e5fde517f (type: router_ports) to 2
2026-07-16 08:00:55.892 10 INFO neutron.db.ovn_revision_numbers_db [None req-f733f213-de6d-4d25-be70-22c9a89763db 68a1fad0c2e74ea09b00b841b554fa41 86d3f246390347cb94f2f2a33b2c70ec - - default default] Successfully bumped revision number for resource 960478b9-e0a0-4d3a-9374-8d760394fea7 (type: security_groups) to 1
2026-07-16 08:00:55.924 10 INFO neutron.db.ovn_revision_numbers_db [None req-f733f213-de6d-4d25-be70-22c9a89763db 68a1fad0c2e74ea09b00b841b554fa41 86d3f246390347cb94f2f2a33b2c70ec - - default default] Successfully bumped revision number for resource 2db47620-5989-4b10-882c-556c25a569ea (type: security_group_rules) to 0
2026-07-16 08:00:55.942 10 INFO neutron.db.ovn_revision_numbers_db [None req-f733f213-de6d-4d25-be70-22c9a89763db 68a1fad0c2e74ea09b00b841b554fa41 86d3f246390347cb94f2f2a33b2c70ec - - default default] Successfully bumped revision number for resource 7e65bff2-65a3-4d2a-99e3-d34cbe261531 (type: security_group_rules) to 0
2026-07-16 08:00:55.973 10 INFO neutron.wsgi [None req-f733f213-de6d-4d25-be70-22c9a89763db 68a1fad0c2e74ea09b00b841b554fa41 86d3f246390347cb94f2f2a33b2c70ec - - default default] 10.0.0.144 "POST /v2.0/security-groups HTTP/1.1" status: 201 len: 1796 time: 0.3101587
2026-07-16 08:00:55.984 10 WARNING neutron_lib.context [None req-5e23cfa2-576c-4a38-9806-a30721ae51d5 68a1fad0c2e74ea09b00b841b554fa41 86d3f246390347cb94f2f2a33b2c70ec - - default default] Method 'is_advsvc' is deprecated since 2023.2 release (neutron-lib 3.8.0) and will be removed once support for the old RBAC API policies will be removed from Neutron. Please use method 'is_service_role' instead.
2026-07-16 08:00:56.065 9 INFO neutron.wsgi [req-ae98bfae-1100-482c-a6f2-9ebb202ffe1c req-5182654e-889f-4d3d-b059-59446113c8b3 2b5308ae85fe4e2897ed0ecfb33b2351 756b1d200c164e34929a4596c3ccbd82 - - default default] 199.204.45.4 "GET /v2.0/networks?id=8b3ed1b7-8d3a-426e-84c5-0c18ad40ec8c HTTP/1.1" status: 200 len: 875 time: 0.3219972
2026-07-16 08:00:56.153 9 INFO neutron.wsgi [req-ae98bfae-1100-482c-a6f2-9ebb202ffe1c req-64735f03-8f50-49fe-97be-ceee458e1664 2b5308ae85fe4e2897ed0ecfb33b2351 756b1d200c164e34929a4596c3ccbd82 - - default default] 199.204.45.4 "GET /v2.0/security-groups?fields=id&fields=name&tenant_id=756b1d200c164e34929a4596c3ccbd82 HTTP/1.1" status: 200 len: 380 time: 0.0634108
2026-07-16 08:00:56.166 9 WARNING neutron_lib.context [req-ae98bfae-1100-482c-a6f2-9ebb202ffe1c req-4fc745e3-21ef-4c20-871e-058ef44d9730 2b5308ae85fe4e2897ed0ecfb33b2351 756b1d200c164e34929a4596c3ccbd82 - - default default] Method 'is_advsvc' is deprecated since 2023.2 release (neutron-lib 3.8.0) and will be removed once support for the old RBAC API policies will be removed from Neutron. Please use method 'is_service_role' instead.
2026-07-16 08:00:56.207 10 INFO neutron.db.ovn_revision_numbers_db [None req-5e23cfa2-576c-4a38-9806-a30721ae51d5 68a1fad0c2e74ea09b00b841b554fa41 86d3f246390347cb94f2f2a33b2c70ec - - default default] Successfully bumped revision number for resource 939467fb-68f2-4d1c-b163-aaa6fa08b162 (type: security_group_rules) to 0
2026-07-16 08:00:56.245 10 INFO neutron.wsgi [None req-5e23cfa2-576c-4a38-9806-a30721ae51d5 68a1fad0c2e74ea09b00b841b554fa41 86d3f246390347cb94f2f2a33b2c70ec - - default default] 10.0.0.144 "POST /v2.0/security-group-rules HTTP/1.1" status: 201 len: 764 time: 0.2664263
2026-07-16 08:00:56.258 9 WARNING neutron_lib.context [None req-25ab257e-da0c-49ad-acc6-57030550d450 68a1fad0c2e74ea09b00b841b554fa41 86d3f246390347cb94f2f2a33b2c70ec - - default default] Method 'is_advsvc' is deprecated since 2023.2 release (neutron-lib 3.8.0) and will be removed once support for the old RBAC API policies will be removed from Neutron. Please use method 'is_service_role' instead.
2026-07-16 08:00:56.726 9 INFO neutron.db.ovn_revision_numbers_db [None req-25ab257e-da0c-49ad-acc6-57030550d450 68a1fad0c2e74ea09b00b841b554fa41 86d3f246390347cb94f2f2a33b2c70ec - - default default] Successfully bumped revision number for resource 6d6dd0aa-a1bd-4a7e-ae64-dc4f8fe8329a (type: security_group_rules) to 0
2026-07-16 08:00:56.777 10 INFO neutron.wsgi [req-e39f150b-6989-40eb-bb30-8d63e705f388 req-c4278989-ee72-465f-9f63-42d2d9dee2c4 2b5308ae85fe4e2897ed0ecfb33b2351 756b1d200c164e34929a4596c3ccbd82 - - default default] 10.0.0.18 "GET /v2.0/ports?device_id=6a164871-9fab-47b1-8c17-3dc7ea559030 HTTP/1.1" status: 200 len: 210 time: 0.0191524
2026-07-16 08:00:56.796 9 INFO neutron.wsgi [None req-25ab257e-da0c-49ad-acc6-57030550d450 68a1fad0c2e74ea09b00b841b554fa41 86d3f246390347cb94f2f2a33b2c70ec - - default default] 10.0.0.144 "POST /v2.0/security-group-rules HTTP/1.1" status: 201 len: 769 time: 0.5457716
2026-07-16 08:00:56.810 9 WARNING neutron_lib.context [None req-203c3c70-1e04-4a41-8df1-9df2c5807759 68a1fad0c2e74ea09b00b841b554fa41 86d3f246390347cb94f2f2a33b2c70ec - - default default] Method 'is_advsvc' is deprecated since 2023.2 release (neutron-lib 3.8.0) and will be removed once support for the old RBAC API policies will be removed from Neutron. Please use method 'is_service_role' instead.
2026-07-16 08:00:56.817 10 INFO neutron.wsgi [None req-5e571512-5646-49ec-94a6-07872fdbb68f 3c16e09ca97c48abbb60d81debe674d1 71de93269cbc4b9c918ca7e83e197a78 - - default default] 10.0.0.144 "PUT /v2.0/routers/f8e5213e-0861-4e08-aba0-b4562d0bb7ce/remove_router_interface HTTP/1.1" status: 200 len: 503 time: 1.7615004 /var/lib/openstack/lib/python3.10/site-packages/pycadf/identifier.py:71: UserWarning: Invalid uuid: neutron. To ensure interoperability, identifiers should be a valid uuid. warnings.warn(('Invalid uuid: %s. To ensure interoperability, '
2026-07-16 08:00:56.885 10 INFO neutron.wsgi [-] 10.0.0.160 "GET / HTTP/1.1" status: 200 len: 246 time: 0.0021000
2026-07-16 08:00:56.887 10 INFO neutron.wsgi [-] 10.0.0.160 "GET / HTTP/1.1" status: 200 len: 246 time: 0.0012846
2026-07-16 08:00:56.927 9 WARNING neutron.scheduler.dhcp_agent_scheduler [req-ae98bfae-1100-482c-a6f2-9ebb202ffe1c req-4fc745e3-21ef-4c20-871e-058ef44d9730 2b5308ae85fe4e2897ed0ecfb33b2351 756b1d200c164e34929a4596c3ccbd82 - - default default] No more DHCP agents
2026-07-16 08:00:56.934 9 WARNING neutron.api.rpc.agentnotifiers.dhcp_rpc_agent_api [req-ae98bfae-1100-482c-a6f2-9ebb202ffe1c req-4fc745e3-21ef-4c20-871e-058ef44d9730 2b5308ae85fe4e2897ed0ecfb33b2351 756b1d200c164e34929a4596c3ccbd82 - - default default] Unable to schedule network 8b3ed1b7-8d3a-426e-84c5-0c18ad40ec8c: no agents available; will retry on subsequent port and subnet creation events.
2026-07-16 08:00:57.094 9 INFO neutron.wsgi [None req-44fb4e80-2b5f-46dc-917c-1d0b32d6c9aa 3c16e09ca97c48abbb60d81debe674d1 71de93269cbc4b9c918ca7e83e197a78 - - default default] 10.0.0.144 "PUT /v2.0/routers/f36f8852-eb87-4646-b920-45354659c46e/remove_router_interface HTTP/1.1" status: 200 len: 503 time: 2.4066098 /var/lib/openstack/lib/python3.10/site-packages/pycadf/identifier.py:71: UserWarning: Invalid uuid: neutron. To ensure interoperability, identifiers should be a valid uuid. warnings.warn(('Invalid uuid: %s. To ensure interoperability, '
2026-07-16 08:00:57.574 9 INFO neutron.db.ovn_revision_numbers_db [req-ae98bfae-1100-482c-a6f2-9ebb202ffe1c req-4fc745e3-21ef-4c20-871e-058ef44d9730 2b5308ae85fe4e2897ed0ecfb33b2351 756b1d200c164e34929a4596c3ccbd82 - - default default] Successfully bumped revision number for resource 21967958-b682-4c7e-8f6b-0d67d054f53f (type: ports) to 1
2026-07-16 08:00:57.629 9 INFO neutron.wsgi [req-ae98bfae-1100-482c-a6f2-9ebb202ffe1c req-4fc745e3-21ef-4c20-871e-058ef44d9730 2b5308ae85fe4e2897ed0ecfb33b2351 756b1d200c164e34929a4596c3ccbd82 - - default default] 199.204.45.4 "POST /v2.0/ports HTTP/1.1" status: 201 len: 1162 time: 1.4697063
2026-07-16 08:00:57.643 9 WARNING neutron.scheduler.dhcp_agent_scheduler [None req-203c3c70-1e04-4a41-8df1-9df2c5807759 68a1fad0c2e74ea09b00b841b554fa41 86d3f246390347cb94f2f2a33b2c70ec - - default default] No more DHCP agents
2026-07-16 08:00:57.648 9 INFO neutron.wsgi [req-ae98bfae-1100-482c-a6f2-9ebb202ffe1c req-a53e2518-3a14-4f62-9bbb-5c6dbbdac8c8 2b5308ae85fe4e2897ed0ecfb33b2351 756b1d200c164e34929a4596c3ccbd82 - - default default] 199.204.45.4 "GET /v2.0/extensions HTTP/1.1" status: 200 len: 16980 time: 0.0104783
2026-07-16 08:00:57.654 9 WARNING neutron.api.rpc.agentnotifiers.dhcp_rpc_agent_api [None req-203c3c70-1e04-4a41-8df1-9df2c5807759 68a1fad0c2e74ea09b00b841b554fa41 86d3f246390347cb94f2f2a33b2c70ec - - default default] Unable to schedule network eb2eed8e-9f13-490c-9010-49ac32b30e05: no agents available; will retry on subsequent port and subnet creation events.
2026-07-16 08:00:57.900 10 INFO neutron.wsgi [None req-fcd6ef37-f460-40ac-857b-3f4bce4394ef 3c16e09ca97c48abbb60d81debe674d1 71de93269cbc4b9c918ca7e83e197a78 - - default default] 10.0.0.144 "DELETE /v2.0/routers/f8e5213e-0861-4e08-aba0-b4562d0bb7ce HTTP/1.1" status: 204 len: 168 time: 1.0744257
2026-07-16 08:00:57.970 10 INFO neutron.wsgi [req-96a9a82f-cd3e-413c-96f5-5fb820dd6269 req-b7033b4f-b1e6-40fa-9d09-aa751bd55bff 2b5308ae85fe4e2897ed0ecfb33b2351 756b1d200c164e34929a4596c3ccbd82 - - default default] 10.0.0.18 "GET /v2.0/ports?device_id=6a164871-9fab-47b1-8c17-3dc7ea559030 HTTP/1.1" status: 200 len: 1160 time: 0.0659244
2026-07-16 08:00:58.043 9 INFO neutron.db.ovn_revision_numbers_db [None req-203c3c70-1e04-4a41-8df1-9df2c5807759 68a1fad0c2e74ea09b00b841b554fa41 86d3f246390347cb94f2f2a33b2c70ec - - default default] Successfully bumped revision number for resource 516c69e2-966a-4a9b-bea7-bb8c39f0ce2c (type: floatingips) to 0
2026-07-16 08:00:58.046 10 INFO neutron.wsgi [req-96a9a82f-cd3e-413c-96f5-5fb820dd6269 req-51a36fdb-60f9-4045-bbb3-b99a30d285b0 2b5308ae85fe4e2897ed0ecfb33b2351 756b1d200c164e34929a4596c3ccbd82 - - default default] 10.0.0.18 "GET /v2.0/security-groups?id=7221a57b-11df-4952-9d34-fa36961c01d2&fields=id&fields=name HTTP/1.1" status: 200 len: 313 time: 0.0695426
2026-07-16 08:00:58.059 9 INFO neutron.wsgi [None req-203c3c70-1e04-4a41-8df1-9df2c5807759 68a1fad0c2e74ea09b00b841b554fa41 86d3f246390347cb94f2f2a33b2c70ec - - default default] 10.0.0.144 "POST /v2.0/floatingips HTTP/1.1" status: 201 len: 751 time: 1.2531998
2026-07-16 08:00:58.187 10 INFO neutron.wsgi [None req-4c9c3482-599b-4993-bb92-38901b897fdf 3c16e09ca97c48abbb60d81debe674d1 71de93269cbc4b9c918ca7e83e197a78 - - default default] 10.0.0.144 "DELETE /v2.0/subnets/9192efe9-5023-4744-b323-836e530644d5 HTTP/1.1" status: 204 len: 168 time: 0.2816503
2026-07-16 08:00:58.595 10 INFO neutron.wsgi [req-e192e345-6bd6-48e4-a6b4-023725931fc5 req-d4b1433f-16fc-443d-a898-2cbf0f419cfc 68a1fad0c2e74ea09b00b841b554fa41 86d3f246390347cb94f2f2a33b2c70ec - - default default] 10.0.0.18 "GET /v2.0/security-groups?name=tempest-securitygroup--1828667781&fields=id&tenant_id=86d3f246390347cb94f2f2a33b2c70ec HTTP/1.1" status: 200 len: 267 time: 0.0383322
2026-07-16 08:00:58.696 10 INFO neutron.wsgi [req-e192e345-6bd6-48e4-a6b4-023725931fc5 req-8a870307-09bc-4fe5-aab0-b9d3aa28067b 68a1fad0c2e74ea09b00b841b554fa41 86d3f246390347cb94f2f2a33b2c70ec - - default default] 10.0.0.18 "GET /v2.0/networks?id=69a4a399-a3a2-4763-8cc0-171bf99865c3 HTTP/1.1" status: 200 len: 875 time: 0.0927134
2026-07-16 08:00:58.717 10 INFO neutron.wsgi [req-e192e345-6bd6-48e4-a6b4-023725931fc5 req-6d48dae6-85ac-4755-a3ed-4d74c25b39ed 68a1fad0c2e74ea09b00b841b554fa41 86d3f246390347cb94f2f2a33b2c70ec - - default default] 10.0.0.18 "GET /v2.0/quotas/86d3f246390347cb94f2f2a33b2c70ec HTTP/1.1" status: 200 len: 386 time: 0.0137908
2026-07-16 08:00:58.761 9 INFO neutron.db.ovn_revision_numbers_db [req-ae98bfae-1100-482c-a6f2-9ebb202ffe1c req-d4fb6c57-1eb0-46f5-bdcc-39f1252cd7d2 2a4125f0616a4005a9a212b780586efb 38193357b44b4330ab3845d1ccfc7347 - - 13524b305ef34f7ba15bc447ba9ff922 13524b305ef34f7ba15bc447ba9ff922] Successfully bumped revision number for resource 21967958-b682-4c7e-8f6b-0d67d054f53f (type: ports) to 2
2026-07-16 08:00:58.786 9 INFO neutron.wsgi [None req-09f07c6a-8a7d-406b-bad9-f9992c3152e7 3c16e09ca97c48abbb60d81debe674d1 71de93269cbc4b9c918ca7e83e197a78 - - default default] 10.0.0.144 "DELETE /v2.0/routers/f36f8852-eb87-4646-b920-45354659c46e HTTP/1.1" status: 204 len: 168 time: 1.6814134
2026-07-16 08:00:58.863 10 INFO neutron.wsgi [req-e192e345-6bd6-48e4-a6b4-023725931fc5 req-15f6d7b1-0665-4d04-bf29-91d95da2978e 68a1fad0c2e74ea09b00b841b554fa41 86d3f246390347cb94f2f2a33b2c70ec - - default default] 10.0.0.18 "GET /v2.0/ports?tenant_id=86d3f246390347cb94f2f2a33b2c70ec&fields=id HTTP/1.1" status: 200 len: 302 time: 0.1386571
2026-07-16 08:00:58.974 10 INFO neutron.wsgi [None req-203831ca-1785-4c97-8099-5533bbbb85d0 3c16e09ca97c48abbb60d81debe674d1 71de93269cbc4b9c918ca7e83e197a78 - - default default] 10.0.0.144 "DELETE /v2.0/subnets/4920c9c6-2c76-4ceb-bbff-bdb03488d3c3 HTTP/1.1" status: 204 len: 168 time: 0.1805372
2026-07-16 08:00:59.137 9 INFO neutron.wsgi [None req-9e957df1-26de-4460-9429-c698d1a7c8ca 3c16e09ca97c48abbb60d81debe674d1 71de93269cbc4b9c918ca7e83e197a78 - - default default] 10.0.0.144 "DELETE /v2.0/networks/9986a033-da3f-44d9-9c83-9eae402c9fdb HTTP/1.1" status: 204 len: 168 time: 0.9430432
