2026-07-16 08:02:46.496 10 INFO neutron.wsgi [None req-c66539b7-b6f8-48b4-a070-84f3d11dcc1a 3c16e09ca97c48abbb60d81debe674d1 71de93269cbc4b9c918ca7e83e197a78 - - default default] 10.0.0.144 "GET /v2.0/security-groups?tenant_id=b59aa09adb3a4c47a565c2e6406b9150&name=default HTTP/1.1" status: 200 len: 2996 time: 0.0553629
2026-07-16 08:02:46.520 9 INFO neutron.wsgi [None req-e6e730f9-fb4c-445b-82ee-0e7a75d66c16 3c16e09ca97c48abbb60d81debe674d1 71de93269cbc4b9c918ca7e83e197a78 - - default default] 10.0.0.144 "DELETE /v2.0/networks/b902cade-a23f-421e-96e5-5f815ce092bb HTTP/1.1" status: 204 len: 168 time: 0.9948735
2026-07-16 08:02:46.537 10 INFO neutron.wsgi [req-f623a063-b0bb-47b2-9012-2bfd61065522 req-5fce2fb1-6212-4baa-844f-0997a6cc07bc ff33527d33db4af5a55a2c217e0ea5bd 3b9970c0db904ff4b8bc6713951e7617 - - default default] 10.0.0.18 "GET /v2.0/security-groups?id=91f0c7bd-6767-4ea2-ac85-ab5c7852f537&fields=id&fields=name HTTP/1.1" status: 200 len: 312 time: 0.0438945
2026-07-16 08:02:46.621 9 INFO neutron.db.l3_db [req-fa70dd73-08e3-4543-81bc-506b5da586b6 req-7d9c7a22-f885-4aba-95ab-5568f90ef3ef ff33527d33db4af5a55a2c217e0ea5bd 3b9970c0db904ff4b8bc6713951e7617 - - default default] Floating IP 835acc82-30e4-4373-a80e-fbc160601fed disassociated. External IP: 10.96.250.213, port: 41bb5444-a250-4899-996b-1576f85f35bd.
2026-07-16 08:02:46.701 10 INFO neutron.wsgi [None req-eeab41bb-bc00-43b4-92de-d4af52de127b 3c16e09ca97c48abbb60d81debe674d1 71de93269cbc4b9c918ca7e83e197a78 - - default default] 10.0.0.144 "GET /v2.0/security-groups?tenant_id=b9ddb8896257420288ca770d80e900b9&name=default HTTP/1.1" status: 200 len: 2996 time: 0.0425849 /var/lib/openstack/lib/python3.10/site-packages/pycadf/identifier.py:71: UserWarning: Invalid uuid: neutron. To ensure interoperability, identifiers should be a valid uuid. warnings.warn(('Invalid uuid: %s. To ensure interoperability, '
2026-07-16 08:02:46.866 10 INFO neutron.db.ovn_revision_numbers_db [None req-d37c4711-c60c-48d4-aa75-84b05271ee7a 3c16e09ca97c48abbb60d81debe674d1 71de93269cbc4b9c918ca7e83e197a78 - - default default] Successfully bumped revision number for resource 4dfb2af8-646e-41d9-8fdd-5fb6e706c51e (type: security_groups) to 1
2026-07-16 08:02:46.880 10 INFO neutron.db.ovn_revision_numbers_db [None req-d37c4711-c60c-48d4-aa75-84b05271ee7a 3c16e09ca97c48abbb60d81debe674d1 71de93269cbc4b9c918ca7e83e197a78 - - default default] Successfully bumped revision number for resource 584b192d-7fe9-45f9-8453-d38af8a443ab (type: security_group_rules) to 0
2026-07-16 08:02:46.895 10 INFO neutron.db.ovn_revision_numbers_db [None req-d37c4711-c60c-48d4-aa75-84b05271ee7a 3c16e09ca97c48abbb60d81debe674d1 71de93269cbc4b9c918ca7e83e197a78 - - default default] Successfully bumped revision number for resource a74d1038-ee55-4360-b4fb-83dd22e6ca13 (type: security_group_rules) to 0
2026-07-16 08:02:46.920 10 INFO neutron.db.ovn_revision_numbers_db [None req-d37c4711-c60c-48d4-aa75-84b05271ee7a 3c16e09ca97c48abbb60d81debe674d1 71de93269cbc4b9c918ca7e83e197a78 - - default default] Successfully bumped revision number for resource f5f8603e-64e6-4c53-b8bd-7073881a1833 (type: security_group_rules) to 0
2026-07-16 08:02:46.933 9 INFO neutron.wsgi [req-fa70dd73-08e3-4543-81bc-506b5da586b6 req-7d9c7a22-f885-4aba-95ab-5568f90ef3ef ff33527d33db4af5a55a2c217e0ea5bd 3b9970c0db904ff4b8bc6713951e7617 - - default default] 199.204.45.4 "DELETE /v2.0/ports/41bb5444-a250-4899-996b-1576f85f35bd HTTP/1.1" status: 204 len: 173 time: 1.1800635
2026-07-16 08:02:46.934 10 INFO neutron.db.ovn_revision_numbers_db [None req-d37c4711-c60c-48d4-aa75-84b05271ee7a 3c16e09ca97c48abbb60d81debe674d1 71de93269cbc4b9c918ca7e83e197a78 - - default default] Successfully bumped revision number for resource f98d754e-b952-4887-9271-bf9978395288 (type: security_group_rules) to 0
2026-07-16 08:02:46.960 10 INFO neutron.wsgi [None req-d37c4711-c60c-48d4-aa75-84b05271ee7a 3c16e09ca97c48abbb60d81debe674d1 71de93269cbc4b9c918ca7e83e197a78 - - default default] 10.0.0.144 "GET /v2.0/security-groups?tenant_id=3be29817fcf64bc3b1e1ee2e69a93cbc&name=default HTTP/1.1" status: 200 len: 2996 time: 0.4338636
2026-07-16 08:02:46.980 9 INFO neutron.notifiers.nova [-] Nova event matching ['req-2558e076-9056-4394-a487-0a39c5b9b155'] response: {'server_uuid': '6e6d3c93-ebd7-4689-b250-c6e29d9bc543', 'name': 'network-vif-deleted', 'tag': '41bb5444-a250-4899-996b-1576f85f35bd', 'status': 'completed', 'code': 200}
2026-07-16 08:02:47.007 9 INFO neutron.wsgi [None req-92aeefbd-1392-4c6f-84e5-869d1db9b1ad 3c16e09ca97c48abbb60d81debe674d1 71de93269cbc4b9c918ca7e83e197a78 - - default default] 10.0.0.144 "DELETE /v2.0/security-groups/42421dff-175f-469d-bde2-0060b86903c7 HTTP/1.1" status: 204 len: 168 time: 0.5058954
2026-07-16 08:02:47.042 9 INFO neutron.wsgi [None req-6a1582c2-d824-4b34-be5e-1b63b34fb2aa 3c16e09ca97c48abbb60d81debe674d1 71de93269cbc4b9c918ca7e83e197a78 - - default default] 10.0.0.144 "DELETE /v2.0/security-groups/d553b831-aa88-4737-954d-45db1b74d25c HTTP/1.1" status: 204 len: 168 time: 0.3370678
2026-07-16 08:02:47.170 9 INFO neutron.wsgi [None req-922f5833-43ee-488d-86da-04706f36ea47 3c16e09ca97c48abbb60d81debe674d1 71de93269cbc4b9c918ca7e83e197a78 - - default default] 10.0.0.144 "DELETE /v2.0/security-groups/4dfb2af8-646e-41d9-8fdd-5fb6e706c51e HTTP/1.1" status: 204 len: 168 time: 0.2044158
2026-07-16 08:02:47.291 10 INFO neutron.notifiers.nova [-] Nova event matching ['req-3fdf3c32-86cf-4796-8033-74ef86f22205'] response: {'server_uuid': '6e6d3c93-ebd7-4689-b250-c6e29d9bc543', 'name': 'network-vif-unplugged', 'status': 'completed', 'tag': '41bb5444-a250-4899-996b-1576f85f35bd', 'code': 200}
2026-07-16 08:02:47.291 10 INFO neutron.notifiers.nova [-] Nova event matching ['req-3fdf3c32-86cf-4796-8033-74ef86f22205'] response: {'server_uuid': '6e6d3c93-ebd7-4689-b250-c6e29d9bc543', 'name': 'network-vif-plugged', 'status': 'completed', 'tag': '41bb5444-a250-4899-996b-1576f85f35bd', 'code': 200}
2026-07-16 08:02:47.776 9 INFO neutron.wsgi [None req-3d188363-b848-4371-9d18-4e5d278afb68 ff33527d33db4af5a55a2c217e0ea5bd 3b9970c0db904ff4b8bc6713951e7617 - - default default] 10.0.0.144 "DELETE /v2.0/security-groups/91f0c7bd-6767-4ea2-ac85-ab5c7852f537 HTTP/1.1" status: 204 len: 168 time: 0.1226447
2026-07-16 08:02:47.790 9 INFO neutron.api.v2.resource [None req-9bde38bf-42fb-4e7f-8f88-96134c386cdf ff33527d33db4af5a55a2c217e0ea5bd 3b9970c0db904ff4b8bc6713951e7617 - - default default] show failed (client error): The resource could not be found.
2026-07-16 08:02:47.791 9 INFO neutron.wsgi [None req-9bde38bf-42fb-4e7f-8f88-96134c386cdf ff33527d33db4af5a55a2c217e0ea5bd 3b9970c0db904ff4b8bc6713951e7617 - - default default] 10.0.0.144 "GET /v2.0/security-groups/91f0c7bd-6767-4ea2-ac85-ab5c7852f537 HTTP/1.1" status: 404 len: 347 time: 0.0105140
2026-07-16 08:02:48.137 9 INFO neutron.wsgi [None req-3ee1239f-d249-435c-af68-c4c915994973 ff33527d33db4af5a55a2c217e0ea5bd 3b9970c0db904ff4b8bc6713951e7617 - - default default] 10.0.0.144 "DELETE /v2.0/floatingips/835acc82-30e4-4373-a80e-fbc160601fed HTTP/1.1" status: 204 len: 168 time: 0.3425388
2026-07-16 08:02:49.104 9 INFO neutron.wsgi [None req-61d35cb3-f3a6-40b8-b60e-e4362bf132b6 3c16e09ca97c48abbb60d81debe674d1 71de93269cbc4b9c918ca7e83e197a78 - - default default] 10.0.0.144 "PUT /v2.0/routers/d6bc0352-82ed-4312-ba6e-bb7c82e2dcaa/remove_router_interface HTTP/1.1" status: 200 len: 503 time: 0.9603479 /var/lib/openstack/lib/python3.10/site-packages/pycadf/identifier.py:71: UserWarning: Invalid uuid: neutron. To ensure interoperability, identifiers should be a valid uuid. warnings.warn(('Invalid uuid: %s. To ensure interoperability, '
2026-07-16 08:02:50.311 9 INFO neutron.wsgi [None req-670f925a-e3f0-4b34-9130-ce999b2ac33e 3c16e09ca97c48abbb60d81debe674d1 71de93269cbc4b9c918ca7e83e197a78 - - default default] 10.0.0.144 "DELETE /v2.0/routers/d6bc0352-82ed-4312-ba6e-bb7c82e2dcaa HTTP/1.1" status: 204 len: 168 time: 1.1964924
2026-07-16 08:02:50.630 10 INFO neutron.wsgi [None req-77ac12a0-70c5-40ee-b990-46e21601324b 3c16e09ca97c48abbb60d81debe674d1 71de93269cbc4b9c918ca7e83e197a78 - - default default] 10.0.0.144 "DELETE /v2.0/subnets/28454c7f-96c9-462e-b442-595a4739e02e HTTP/1.1" status: 204 len: 168 time: 0.3061373
2026-07-16 08:02:50.995 10 INFO neutron.services.segments.plugin [-] Segment 1df9d282-a92e-44bf-8e16-13330e2c234f resource provider aggregate not found
2026-07-16 08:02:51.001 10 INFO neutron.services.segments.plugin [-] Segment 1df9d282-a92e-44bf-8e16-13330e2c234f resource provider aggregate not found
2026-07-16 08:02:51.031 10 INFO neutron.services.segments.plugin [-] Segment 1df9d282-a92e-44bf-8e16-13330e2c234f resource provider not found; error: Placement Client Error (4xx): {"errors": [{"status": 404, "title": "Not Found", "detail": "The resource could not be found.\n\n No resource provider with uuid 1df9d282-a92e-44bf-8e16-13330e2c234f found for delete ", "request_id": "req-a49f03d5-ca08-49fd-b76f-e8c1c758e6b4"}]}
2026-07-16 08:02:51.032 10 INFO neutron.services.segments.plugin [-] Segment 1df9d282-a92e-44bf-8e16-13330e2c234f resource provider not found; error: Placement Client Error (4xx): {"errors": [{"status": 404, "title": "Not Found", "detail": "The resource could not be found.\n\n No resource provider with uuid 1df9d282-a92e-44bf-8e16-13330e2c234f found for delete ", "request_id": "req-353e463d-5b11-4c65-8976-d8facb63776a"}]}
2026-07-16 08:02:51.060 10 INFO neutron.wsgi [None req-ac026890-fbbf-4292-b041-68078f840de1 3c16e09ca97c48abbb60d81debe674d1 71de93269cbc4b9c918ca7e83e197a78 - - default default] 10.0.0.144 "DELETE /v2.0/networks/321750b9-2c15-4a4c-a38d-43383872c714 HTTP/1.1" status: 204 len: 168 time: 0.4195194
2026-07-16 08:02:51.098 10 INFO neutron.db.ovn_revision_numbers_db [None req-df3e9d8e-08a3-41f1-a19e-f3239cd958f0 3c16e09ca97c48abbb60d81debe674d1 71de93269cbc4b9c918ca7e83e197a78 - - default default] Successfully bumped revision number for resource eed63e28-8eb4-4457-bfc5-f8d79b86f135 (type: security_groups) to 1
2026-07-16 08:02:51.113 10 INFO neutron.db.ovn_revision_numbers_db [None req-df3e9d8e-08a3-41f1-a19e-f3239cd958f0 3c16e09ca97c48abbb60d81debe674d1 71de93269cbc4b9c918ca7e83e197a78 - - default default] Successfully bumped revision number for resource 0135a423-4b27-43cb-9798-cf9d0989182e (type: security_group_rules) to 0
2026-07-16 08:02:51.132 10 INFO neutron.db.ovn_revision_numbers_db [None req-df3e9d8e-08a3-41f1-a19e-f3239cd958f0 3c16e09ca97c48abbb60d81debe674d1 71de93269cbc4b9c918ca7e83e197a78 - - default default] Successfully bumped revision number for resource 175b80ed-f5f4-4046-b187-f094a091d080 (type: security_group_rules) to 0
2026-07-16 08:02:51.148 10 INFO neutron.db.ovn_revision_numbers_db [None req-df3e9d8e-08a3-41f1-a19e-f3239cd958f0 3c16e09ca97c48abbb60d81debe674d1 71de93269cbc4b9c918ca7e83e197a78 - - default default] Successfully bumped revision number for resource b5574de0-d993-48cc-abcb-b79db638f7a5 (type: security_group_rules) to 0
2026-07-16 08:02:51.164 10 INFO neutron.db.ovn_revision_numbers_db [None req-df3e9d8e-08a3-41f1-a19e-f3239cd958f0 3c16e09ca97c48abbb60d81debe674d1 71de93269cbc4b9c918ca7e83e197a78 - - default default] Successfully bumped revision number for resource dce4f08f-e641-47be-95bf-156ee23f06d3 (type: security_group_rules) to 0
2026-07-16 08:02:51.190 10 INFO neutron.wsgi [None req-df3e9d8e-08a3-41f1-a19e-f3239cd958f0 3c16e09ca97c48abbb60d81debe674d1 71de93269cbc4b9c918ca7e83e197a78 - - default default] 10.0.0.144 "GET /v2.0/security-groups?tenant_id=7359e6a2dc4541fe851e90820209ac81&name=default HTTP/1.1" status: 200 len: 2996 time: 0.5583379
2026-07-16 08:02:51.209 9 INFO neutron.wsgi [None req-90fa5f83-3f36-4dc9-a15f-fbb5c0c2d5f7 3c16e09ca97c48abbb60d81debe674d1 71de93269cbc4b9c918ca7e83e197a78 - - default default] 10.0.0.144 "GET /v2.0/security-groups?tenant_id=3b9970c0db904ff4b8bc6713951e7617&name=default HTTP/1.1" status: 200 len: 2996 time: 0.0434287
2026-07-16 08:02:51.397 10 INFO neutron.wsgi [None req-a43602a0-911e-491c-aa0b-86f3754b6739 3c16e09ca97c48abbb60d81debe674d1 71de93269cbc4b9c918ca7e83e197a78 - - default default] 10.0.0.144 "DELETE /v2.0/security-groups/eed63e28-8eb4-4457-bfc5-f8d79b86f135 HTTP/1.1" status: 204 len: 168 time: 0.2030439
2026-07-16 08:02:51.405 9 INFO neutron.wsgi [None req-81b57212-4f1f-4a4e-8b96-ee022592cab8 3c16e09ca97c48abbb60d81debe674d1 71de93269cbc4b9c918ca7e83e197a78 - - default default] 10.0.0.144 "DELETE /v2.0/security-groups/dcb7e33c-ff37-4d37-84d4-12aa617b7be9 HTTP/1.1" status: 204 len: 168 time: 0.1915135
2026-07-16 08:02:51.458 10 WARNING neutron_lib.context [None req-6c199e8a-dfb5-4f57-be8e-a019a3b00ddc 504ac76a2e1f4b1fbd4545bbde9de069 652a6f556551458890e5ad75ab51ba41 - - default default] Method 'is_advsvc' is deprecated since 2023.2 release (neutron-lib 3.8.0) and will be removed once support for the old RBAC API policies will be removed from Neutron. Please use method 'is_service_role' instead.
2026-07-16 08:02:51.606 10 INFO neutron.db.ovn_revision_numbers_db [None req-6c199e8a-dfb5-4f57-be8e-a019a3b00ddc 504ac76a2e1f4b1fbd4545bbde9de069 652a6f556551458890e5ad75ab51ba41 - - default default] Successfully bumped revision number for resource b8267cda-5d0a-4111-b909-7ed0d17b6f02 (type: security_groups) to 1
2026-07-16 08:02:51.622 10 INFO neutron.db.ovn_revision_numbers_db [None req-6c199e8a-dfb5-4f57-be8e-a019a3b00ddc 504ac76a2e1f4b1fbd4545bbde9de069 652a6f556551458890e5ad75ab51ba41 - - default default] Successfully bumped revision number for resource 0e9b3ae9-4ac9-4786-a7c2-016af94e1934 (type: security_group_rules) to 0
2026-07-16 08:02:51.637 10 INFO neutron.db.ovn_revision_numbers_db [None req-6c199e8a-dfb5-4f57-be8e-a019a3b00ddc 504ac76a2e1f4b1fbd4545bbde9de069 652a6f556551458890e5ad75ab51ba41 - - default default] Successfully bumped revision number for resource 730c54ce-4ada-44fc-84ca-ab4a3fdd8080 (type: security_group_rules) to 0
2026-07-16 08:02:51.653 10 INFO neutron.db.ovn_revision_numbers_db [None req-6c199e8a-dfb5-4f57-be8e-a019a3b00ddc 504ac76a2e1f4b1fbd4545bbde9de069 652a6f556551458890e5ad75ab51ba41 - - default default] Successfully bumped revision number for resource 8f8eb69a-24b0-4e88-bc9b-6193a381cde7 (type: security_group_rules) to 0
2026-07-16 08:02:51.674 10 INFO neutron.db.ovn_revision_numbers_db [None req-6c199e8a-dfb5-4f57-be8e-a019a3b00ddc 504ac76a2e1f4b1fbd4545bbde9de069 652a6f556551458890e5ad75ab51ba41 - - default default] Successfully bumped revision number for resource d23c2799-f68f-4751-b181-bc58791f7b85 (type: security_group_rules) to 0
2026-07-16 08:02:51.729 10 INFO neutron.db.segments_db [None req-6c199e8a-dfb5-4f57-be8e-a019a3b00ddc 504ac76a2e1f4b1fbd4545bbde9de069 652a6f556551458890e5ad75ab51ba41 - - default default] Added segment 20397158-be0a-45fe-b774-dba4c84664ed of type geneve for network 7868bccd-8020-45e5-b9c7-f4f80a68c550
2026-07-16 08:02:51.934 10 INFO neutron.db.ovn_revision_numbers_db [None req-6c199e8a-dfb5-4f57-be8e-a019a3b00ddc 504ac76a2e1f4b1fbd4545bbde9de069 652a6f556551458890e5ad75ab51ba41 - - default default] Successfully bumped revision number for resource 7868bccd-8020-45e5-b9c7-f4f80a68c550 (type: networks) to 1
2026-07-16 08:02:52.113 10 WARNING neutron.scheduler.dhcp_agent_scheduler [None req-6c199e8a-dfb5-4f57-be8e-a019a3b00ddc 504ac76a2e1f4b1fbd4545bbde9de069 652a6f556551458890e5ad75ab51ba41 - - default default] No more DHCP agents
2026-07-16 08:02:52.115 10 WARNING neutron.api.rpc.agentnotifiers.dhcp_rpc_agent_api [None req-6c199e8a-dfb5-4f57-be8e-a019a3b00ddc 504ac76a2e1f4b1fbd4545bbde9de069 652a6f556551458890e5ad75ab51ba41 - - default default] Unable to schedule network 7868bccd-8020-45e5-b9c7-f4f80a68c550: no agents available; will retry on subsequent port and subnet creation events.
2026-07-16 08:02:52.475 10 INFO neutron.db.ovn_revision_numbers_db [None req-6c199e8a-dfb5-4f57-be8e-a019a3b00ddc 504ac76a2e1f4b1fbd4545bbde9de069 652a6f556551458890e5ad75ab51ba41 - - default default] Successfully bumped revision number for resource 69323fd6-040e-4956-bac8-680a4cdc0004 (type: ports) to 1
2026-07-16 08:02:52.495 10 INFO neutron.wsgi [None req-6c199e8a-dfb5-4f57-be8e-a019a3b00ddc 504ac76a2e1f4b1fbd4545bbde9de069 652a6f556551458890e5ad75ab51ba41 - - default default] 10.0.0.144 "POST /v2.0/networks HTTP/1.1" status: 201 len: 831 time: 1.1493564
2026-07-16 08:02:52.505 10 WARNING neutron_lib.context [None req-3cd6c646-fa1c-422f-8ccb-ed784a8005f2 504ac76a2e1f4b1fbd4545bbde9de069 652a6f556551458890e5ad75ab51ba41 - - default default] Method 'is_advsvc' is deprecated since 2023.2 release (neutron-lib 3.8.0) and will be removed once support for the old RBAC API policies will be removed from Neutron. Please use method 'is_service_role' instead.
2026-07-16 08:02:52.789 10 WARNING neutron.scheduler.dhcp_agent_scheduler [None req-3cd6c646-fa1c-422f-8ccb-ed784a8005f2 504ac76a2e1f4b1fbd4545bbde9de069 652a6f556551458890e5ad75ab51ba41 - - default default] No more DHCP agents
2026-07-16 08:02:52.791 10 WARNING neutron.api.rpc.agentnotifiers.dhcp_rpc_agent_api [None req-3cd6c646-fa1c-422f-8ccb-ed784a8005f2 504ac76a2e1f4b1fbd4545bbde9de069 652a6f556551458890e5ad75ab51ba41 - - default default] Unable to schedule network 7868bccd-8020-45e5-b9c7-f4f80a68c550: no agents available; will retry on subsequent port and subnet creation events.
2026-07-16 08:02:52.889 10 INFO neutron.db.ovn_revision_numbers_db [None req-3cd6c646-fa1c-422f-8ccb-ed784a8005f2 504ac76a2e1f4b1fbd4545bbde9de069 652a6f556551458890e5ad75ab51ba41 - - default default] Successfully bumped revision number for resource 52fa6ed2-1adb-4a40-9ae5-d03826708528 (type: ports) to 1
2026-07-16 08:02:52.914 10 INFO neutron.wsgi [None req-3cd6c646-fa1c-422f-8ccb-ed784a8005f2 504ac76a2e1f4b1fbd4545bbde9de069 652a6f556551458890e5ad75ab51ba41 - - default default] 10.0.0.144 "POST /v2.0/ports HTTP/1.1" status: 201 len: 942 time: 0.4135990 /var/lib/openstack/lib/python3.10/site-packages/pycadf/identifier.py:71: UserWarning: Invalid uuid: neutron. To ensure interoperability, identifiers should be a valid uuid. warnings.warn(('Invalid uuid: %s. To ensure interoperability, '
2026-07-16 08:02:52.924 10 WARNING neutron_lib.context [None req-08708b20-b5f3-4b2f-8002-45158eb5a308 504ac76a2e1f4b1fbd4545bbde9de069 652a6f556551458890e5ad75ab51ba41 - - default default] Method 'is_advsvc' is deprecated since 2023.2 release (neutron-lib 3.8.0) and will be removed once support for the old RBAC API policies will be removed from Neutron. Please use method 'is_service_role' instead.
2026-07-16 08:02:53.154 10 INFO neutron.wsgi [None req-08708b20-b5f3-4b2f-8002-45158eb5a308 504ac76a2e1f4b1fbd4545bbde9de069 652a6f556551458890e5ad75ab51ba41 - - default default] 10.0.0.144 "POST /v2.0/trunks HTTP/1.1" status: 201 len: 608 time: 0.2343149
2026-07-16 08:02:53.168 10 WARNING neutron_lib.context [None req-4b130035-9519-4fc8-af03-033531094b45 504ac76a2e1f4b1fbd4545bbde9de069 652a6f556551458890e5ad75ab51ba41 - - default default] Method 'is_advsvc' is deprecated since 2023.2 release (neutron-lib 3.8.0) and will be removed once support for the old RBAC API policies will be removed from Neutron. Please use method 'is_service_role' instead.
2026-07-16 08:02:53.257 10 INFO neutron.db.segments_db [None req-4b130035-9519-4fc8-af03-033531094b45 504ac76a2e1f4b1fbd4545bbde9de069 652a6f556551458890e5ad75ab51ba41 - - default default] Added segment f144fd97-075c-4dd3-9734-14ade70a738e of type geneve for network 6985b5cb-ff38-4ab9-9e79-5c387656e4c2
2026-07-16 08:02:53.431 10 INFO neutron.db.ovn_revision_numbers_db [None req-4b130035-9519-4fc8-af03-033531094b45 504ac76a2e1f4b1fbd4545bbde9de069 652a6f556551458890e5ad75ab51ba41 - - default default] Successfully bumped revision number for resource 6985b5cb-ff38-4ab9-9e79-5c387656e4c2 (type: networks) to 1
2026-07-16 08:02:53.603 10 INFO neutron.db.ovn_revision_numbers_db [None req-b878a1ec-0841-4617-95f0-7e0cbe7ed3dd 3c16e09ca97c48abbb60d81debe674d1 71de93269cbc4b9c918ca7e83e197a78 - - default default] Successfully bumped revision number for resource 0cce9ac6-9d47-423a-a2b6-a51571263d3d (type: security_groups) to 1
2026-07-16 08:02:53.625 10 INFO neutron.db.ovn_revision_numbers_db [None req-b878a1ec-0841-4617-95f0-7e0cbe7ed3dd 3c16e09ca97c48abbb60d81debe674d1 71de93269cbc4b9c918ca7e83e197a78 - - default default] Successfully bumped revision number for resource 15682c37-1fa8-48da-a585-648d9bcc8d73 (type: security_group_rules) to 0
2026-07-16 08:02:53.653 10 WARNING neutron.scheduler.dhcp_agent_scheduler [None req-4b130035-9519-4fc8-af03-033531094b45 504ac76a2e1f4b1fbd4545bbde9de069 652a6f556551458890e5ad75ab51ba41 - - default default] No more DHCP agents
2026-07-16 08:02:53.656 10 WARNING neutron.api.rpc.agentnotifiers.dhcp_rpc_agent_api [None req-4b130035-9519-4fc8-af03-033531094b45 504ac76a2e1f4b1fbd4545bbde9de069 652a6f556551458890e5ad75ab51ba41 - - default default] Unable to schedule network 6985b5cb-ff38-4ab9-9e79-5c387656e4c2: no agents available; will retry on subsequent port and subnet creation events.
2026-07-16 08:02:53.660 10 INFO neutron.db.ovn_revision_numbers_db [None req-b878a1ec-0841-4617-95f0-7e0cbe7ed3dd 3c16e09ca97c48abbb60d81debe674d1 71de93269cbc4b9c918ca7e83e197a78 - - default default] Successfully bumped revision number for resource 51aa0e67-0062-432f-a237-29f044e94aa8 (type: security_group_rules) to 0
2026-07-16 08:02:53.693 10 INFO neutron.db.ovn_revision_numbers_db [None req-b878a1ec-0841-4617-95f0-7e0cbe7ed3dd 3c16e09ca97c48abbb60d81debe674d1 71de93269cbc4b9c918ca7e83e197a78 - - default default] Successfully bumped revision number for resource 709d0641-0646-43c0-88b5-34677280d97e (type: security_group_rules) to 0
2026-07-16 08:02:53.718 10 INFO neutron.db.ovn_revision_numbers_db [None req-b878a1ec-0841-4617-95f0-7e0cbe7ed3dd 3c16e09ca97c48abbb60d81debe674d1 71de93269cbc4b9c918ca7e83e197a78 - - default default] Successfully bumped revision number for resource faf6df02-dccf-4ce7-9848-5eb725aaed88 (type: security_group_rules) to 0
2026-07-16 08:02:53.767 10 INFO neutron.db.ovn_revision_numbers_db [None req-4b130035-9519-4fc8-af03-033531094b45 504ac76a2e1f4b1fbd4545bbde9de069 652a6f556551458890e5ad75ab51ba41 - - default default] Successfully bumped revision number for resource 244b6469-a810-4da3-aee5-d6adc92a87be (type: ports) to 1
2026-07-16 08:02:53.772 10 INFO neutron.db.segments_db [None req-b878a1ec-0841-4617-95f0-7e0cbe7ed3dd 3c16e09ca97c48abbb60d81debe674d1 71de93269cbc4b9c918ca7e83e197a78 - - default default] Added segment 8f8d1b81-03a8-425e-a01c-67f44cf09cac of type geneve for network 0bd4ef25-f200-4dad-9135-1eb1b6ec579b
2026-07-16 08:02:53.797 10 INFO neutron.wsgi [None req-4b130035-9519-4fc8-af03-033531094b45 504ac76a2e1f4b1fbd4545bbde9de069 652a6f556551458890e5ad75ab51ba41 - - default default] 10.0.0.144 "POST /v2.0/networks HTTP/1.1" status: 201 len: 831 time: 0.6389074
2026-07-16 08:02:53.810 9 WARNING neutron_lib.context [None req-b20a7367-216b-4d27-bc37-20ff682e2e29 504ac76a2e1f4b1fbd4545bbde9de069 652a6f556551458890e5ad75ab51ba41 - - default default] Method 'is_advsvc' is deprecated since 2023.2 release (neutron-lib 3.8.0) and will be removed once support for the old RBAC API policies will be removed from Neutron. Please use method 'is_service_role' instead.
2026-07-16 08:02:53.920 10 INFO neutron.db.ovn_revision_numbers_db [None req-b878a1ec-0841-4617-95f0-7e0cbe7ed3dd 3c16e09ca97c48abbb60d81debe674d1 71de93269cbc4b9c918ca7e83e197a78 - - default default] Successfully bumped revision number for resource 0bd4ef25-f200-4dad-9135-1eb1b6ec579b (type: networks) to 1
2026-07-16 08:02:54.022 9 WARNING neutron.scheduler.dhcp_agent_scheduler [None req-b20a7367-216b-4d27-bc37-20ff682e2e29 504ac76a2e1f4b1fbd4545bbde9de069 652a6f556551458890e5ad75ab51ba41 - - default default] No more DHCP agents
2026-07-16 08:02:54.025 9 WARNING neutron.api.rpc.agentnotifiers.dhcp_rpc_agent_api [None req-b20a7367-216b-4d27-bc37-20ff682e2e29 504ac76a2e1f4b1fbd4545bbde9de069 652a6f556551458890e5ad75ab51ba41 - - default default] Unable to schedule network 6985b5cb-ff38-4ab9-9e79-5c387656e4c2: no agents available; will retry on subsequent port and subnet creation events.
2026-07-16 08:02:54.120 9 INFO neutron.db.ovn_revision_numbers_db [None req-b20a7367-216b-4d27-bc37-20ff682e2e29 504ac76a2e1f4b1fbd4545bbde9de069 652a6f556551458890e5ad75ab51ba41 - - default default] Successfully bumped revision number for resource ad73fd2d-68dd-4a20-9dba-acabe3d9ddd1 (type: ports) to 1
2026-07-16 08:02:54.139 10 WARNING neutron.scheduler.dhcp_agent_scheduler [None req-b878a1ec-0841-4617-95f0-7e0cbe7ed3dd 3c16e09ca97c48abbb60d81debe674d1 71de93269cbc4b9c918ca7e83e197a78 - - default default] No more DHCP agents
2026-07-16 08:02:54.142 10 WARNING neutron.api.rpc.agentnotifiers.dhcp_rpc_agent_api [None req-b878a1ec-0841-4617-95f0-7e0cbe7ed3dd 3c16e09ca97c48abbb60d81debe674d1 71de93269cbc4b9c918ca7e83e197a78 - - default default] Unable to schedule network 0bd4ef25-f200-4dad-9135-1eb1b6ec579b: no agents available; will retry on subsequent port and subnet creation events.
2026-07-16 08:02:54.145 9 INFO neutron.wsgi [None req-b20a7367-216b-4d27-bc37-20ff682e2e29 504ac76a2e1f4b1fbd4545bbde9de069 652a6f556551458890e5ad75ab51ba41 - - default default] 10.0.0.144 "POST /v2.0/ports HTTP/1.1" status: 201 len: 942 time: 0.3427646 /var/lib/openstack/lib/python3.10/site-packages/pycadf/identifier.py:71: UserWarning: Invalid uuid: neutron. To ensure interoperability, identifiers should be a valid uuid. warnings.warn(('Invalid uuid: %s. To ensure interoperability, '
2026-07-16 08:02:54.155 9 WARNING neutron_lib.context [None req-2da7f68f-acde-4b4a-8db9-61254cf5e8ce 504ac76a2e1f4b1fbd4545bbde9de069 652a6f556551458890e5ad75ab51ba41 - - default default] Method 'is_advsvc' is deprecated since 2023.2 release (neutron-lib 3.8.0) and will be removed once support for the old RBAC API policies will be removed from Neutron. Please use method 'is_service_role' instead.
2026-07-16 08:02:54.236 10 INFO neutron.db.ovn_revision_numbers_db [None req-b878a1ec-0841-4617-95f0-7e0cbe7ed3dd 3c16e09ca97c48abbb60d81debe674d1 71de93269cbc4b9c918ca7e83e197a78 - - default default] Successfully bumped revision number for resource 3a1b3028-6185-47a9-bdd3-eff5d67b9916 (type: ports) to 1
2026-07-16 08:02:54.263 10 INFO neutron.wsgi [None req-b878a1ec-0841-4617-95f0-7e0cbe7ed3dd 3c16e09ca97c48abbb60d81debe674d1 71de93269cbc4b9c918ca7e83e197a78 - - default default] 10.0.0.144 "POST /v2.0/networks HTTP/1.1" status: 201 len: 948 time: 1.1034520
2026-07-16 08:02:54.391 9 INFO neutron.wsgi [None req-2da7f68f-acde-4b4a-8db9-61254cf5e8ce 504ac76a2e1f4b1fbd4545bbde9de069 652a6f556551458890e5ad75ab51ba41 - - default default] 10.0.0.144 "POST /v2.0/trunks HTTP/1.1" status: 201 len: 608 time: 0.2403557
2026-07-16 08:02:54.400 9 WARNING neutron_lib.context [None req-0e616252-b0db-4af7-98ec-9932a266a7c1 504ac76a2e1f4b1fbd4545bbde9de069 652a6f556551458890e5ad75ab51ba41 - - default default] Method 'is_advsvc' is deprecated since 2023.2 release (neutron-lib 3.8.0) and will be removed once support for the old RBAC API policies will be removed from Neutron. Please use method 'is_service_role' instead.
2026-07-16 08:02:54.431 10 WARNING neutron.scheduler.dhcp_agent_scheduler [None req-9db5da4e-6f01-46a2-939b-5e5d73feed09 3c16e09ca97c48abbb60d81debe674d1 71de93269cbc4b9c918ca7e83e197a78 - - default default] No more DHCP agents
2026-07-16 08:02:54.436 10 WARNING neutron.api.rpc.agentnotifiers.dhcp_rpc_agent_api [None req-9db5da4e-6f01-46a2-939b-5e5d73feed09 3c16e09ca97c48abbb60d81debe674d1 71de93269cbc4b9c918ca7e83e197a78 - - default default] Unable to schedule network 0bd4ef25-f200-4dad-9135-1eb1b6ec579b: no agents available; will retry on subsequent port and subnet creation events.
2026-07-16 08:02:54.470 9 WARNING neutron_lib.context [None req-b69cf1d5-d522-4f86-8c47-cce979a000ed 56f84d49e2df47d1a4f34177a7c14f43 80716734145a4234af492f7146b7177c - - default default] Method 'is_advsvc' is deprecated since 2023.2 release (neutron-lib 3.8.0) and will be removed once support for the old RBAC API policies will be removed from Neutron. Please use method 'is_service_role' instead.
2026-07-16 08:02:54.497 9 INFO neutron.db.segments_db [None req-0e616252-b0db-4af7-98ec-9932a266a7c1 504ac76a2e1f4b1fbd4545bbde9de069 652a6f556551458890e5ad75ab51ba41 - - default default] Added segment bc463e03-de2e-4452-beeb-1ef0353dc656 of type geneve for network d0416efe-8291-4075-abea-2c0baffa3c1d
2026-07-16 08:02:54.706 9 INFO neutron.db.ovn_revision_numbers_db [None req-0e616252-b0db-4af7-98ec-9932a266a7c1 504ac76a2e1f4b1fbd4545bbde9de069 652a6f556551458890e5ad75ab51ba41 - - default default] Successfully bumped revision number for resource d0416efe-8291-4075-abea-2c0baffa3c1d (type: networks) to 1
2026-07-16 08:02:54.727 9 INFO neutron.db.ovn_revision_numbers_db [None req-b69cf1d5-d522-4f86-8c47-cce979a000ed 56f84d49e2df47d1a4f34177a7c14f43 80716734145a4234af492f7146b7177c - - default default] Successfully bumped revision number for resource e5a481c7-36f9-402b-88d1-5018b3f6ccd8 (type: security_groups) to 1
2026-07-16 08:02:54.743 9 INFO neutron.db.ovn_revision_numbers_db [None req-b69cf1d5-d522-4f86-8c47-cce979a000ed 56f84d49e2df47d1a4f34177a7c14f43 80716734145a4234af492f7146b7177c - - default default] Successfully bumped revision number for resource 3d9bb5ba-cdb1-414b-b8a1-7f56c7e169af (type: security_group_rules) to 0
2026-07-16 08:02:54.778 9 INFO neutron.db.ovn_revision_numbers_db [None req-b69cf1d5-d522-4f86-8c47-cce979a000ed 56f84d49e2df47d1a4f34177a7c14f43 80716734145a4234af492f7146b7177c - - default default] Successfully bumped revision number for resource 95a3b228-a9bf-4e25-b7d9-c13aef8862cd (type: security_group_rules) to 0
2026-07-16 08:02:54.807 9 INFO neutron.db.ovn_revision_numbers_db [None req-b69cf1d5-d522-4f86-8c47-cce979a000ed 56f84d49e2df47d1a4f34177a7c14f43 80716734145a4234af492f7146b7177c - - default default] Successfully bumped revision number for resource bd0637fd-9d7b-426b-a2f0-64f72510c4a8 (type: security_group_rules) to 0
2026-07-16 08:02:54.837 9 INFO neutron.db.ovn_revision_numbers_db [None req-b69cf1d5-d522-4f86-8c47-cce979a000ed 56f84d49e2df47d1a4f34177a7c14f43 80716734145a4234af492f7146b7177c - - default default] Successfully bumped revision number for resource d957a534-342a-4edc-9cdb-47fefe3d3504 (type: security_group_rules) to 0
2026-07-16 08:02:54.902 9 INFO neutron.db.segments_db [None req-b69cf1d5-d522-4f86-8c47-cce979a000ed 56f84d49e2df47d1a4f34177a7c14f43 80716734145a4234af492f7146b7177c - - default default] Added segment b3b0a1b0-e4bf-45ca-8c9d-ea210186d140 of type geneve for network 1a4963de-c3ab-42b4-8018-e34939fa6be7
2026-07-16 08:02:54.905 9 WARNING neutron.scheduler.dhcp_agent_scheduler [None req-0e616252-b0db-4af7-98ec-9932a266a7c1 504ac76a2e1f4b1fbd4545bbde9de069 652a6f556551458890e5ad75ab51ba41 - - default default] No more DHCP agents
2026-07-16 08:02:54.909 9 WARNING neutron.api.rpc.agentnotifiers.dhcp_rpc_agent_api [None req-0e616252-b0db-4af7-98ec-9932a266a7c1 504ac76a2e1f4b1fbd4545bbde9de069 652a6f556551458890e5ad75ab51ba41 - - default default] Unable to schedule network d0416efe-8291-4075-abea-2c0baffa3c1d: no agents available; will retry on subsequent port and subnet creation events.
2026-07-16 08:02:55.018 9 INFO neutron.db.ovn_revision_numbers_db [None req-0e616252-b0db-4af7-98ec-9932a266a7c1 504ac76a2e1f4b1fbd4545bbde9de069 652a6f556551458890e5ad75ab51ba41 - - default default] Successfully bumped revision number for resource 8886be4b-470d-4e6a-a4ba-ccad0b6c9ebd (type: ports) to 1
2026-07-16 08:02:55.046 10 INFO neutron.db.ovn_revision_numbers_db [None req-9db5da4e-6f01-46a2-939b-5e5d73feed09 3c16e09ca97c48abbb60d81debe674d1 71de93269cbc4b9c918ca7e83e197a78 - - default default] Successfully bumped revision number for resource 3a1b3028-6185-47a9-bdd3-eff5d67b9916 (type: ports) to 2
2026-07-16 08:02:55.075 9 INFO neutron.wsgi [None req-0e616252-b0db-4af7-98ec-9932a266a7c1 504ac76a2e1f4b1fbd4545bbde9de069 652a6f556551458890e5ad75ab51ba41 - - default default] 10.0.0.144 "POST /v2.0/networks HTTP/1.1" status: 201 len: 830 time: 0.6801980
2026-07-16 08:02:55.082 10 INFO neutron.db.ovn_revision_numbers_db [None req-9db5da4e-6f01-46a2-939b-5e5d73feed09 3c16e09ca97c48abbb60d81debe674d1 71de93269cbc4b9c918ca7e83e197a78 - - default default] Successfully bumped revision number for resource f29ab6d7-71d8-42bd-a385-820a5bf3fe25 (type: subnets) to 0
2026-07-16 08:02:55.084 9 WARNING neutron_lib.context [None req-25fc032c-c6c7-440b-a8de-c10ef0c0bdb2 504ac76a2e1f4b1fbd4545bbde9de069 652a6f556551458890e5ad75ab51ba41 - - default default] Method 'is_advsvc' is deprecated since 2023.2 release (neutron-lib 3.8.0) and will be removed once support for the old RBAC API policies will be removed from Neutron. Please use method 'is_service_role' instead.
2026-07-16 08:02:55.097 9 INFO neutron.db.ovn_revision_numbers_db [None req-b69cf1d5-d522-4f86-8c47-cce979a000ed 56f84d49e2df47d1a4f34177a7c14f43 80716734145a4234af492f7146b7177c - - default default] Successfully bumped revision number for resource 1a4963de-c3ab-42b4-8018-e34939fa6be7 (type: networks) to 1
2026-07-16 08:02:55.099 10 INFO neutron.wsgi [None req-9db5da4e-6f01-46a2-939b-5e5d73feed09 3c16e09ca97c48abbb60d81debe674d1 71de93269cbc4b9c918ca7e83e197a78 - - default default] 10.0.0.144 "POST /v2.0/subnets HTTP/1.1" status: 201 len: 868 time: 0.8314507
2026-07-16 08:02:55.322 9 WARNING neutron.scheduler.dhcp_agent_scheduler [None req-b69cf1d5-d522-4f86-8c47-cce979a000ed 56f84d49e2df47d1a4f34177a7c14f43 80716734145a4234af492f7146b7177c - - default default] No more DHCP agents
2026-07-16 08:02:55.325 9 WARNING neutron.api.rpc.agentnotifiers.dhcp_rpc_agent_api [None req-b69cf1d5-d522-4f86-8c47-cce979a000ed 56f84d49e2df47d1a4f34177a7c14f43 80716734145a4234af492f7146b7177c - - default default] Unable to schedule network 1a4963de-c3ab-42b4-8018-e34939fa6be7: no agents available; will retry on subsequent port and subnet creation events.
2026-07-16 08:02:55.414 9 WARNING neutron.scheduler.dhcp_agent_scheduler [None req-25fc032c-c6c7-440b-a8de-c10ef0c0bdb2 504ac76a2e1f4b1fbd4545bbde9de069 652a6f556551458890e5ad75ab51ba41 - - default default] No more DHCP agents
2026-07-16 08:02:55.417 9 WARNING neutron.api.rpc.agentnotifiers.dhcp_rpc_agent_api [None req-25fc032c-c6c7-440b-a8de-c10ef0c0bdb2 504ac76a2e1f4b1fbd4545bbde9de069 652a6f556551458890e5ad75ab51ba41 - - default default] Unable to schedule network d0416efe-8291-4075-abea-2c0baffa3c1d: no agents available; will retry on subsequent port and subnet creation events.
2026-07-16 08:02:55.447 9 INFO neutron.db.ovn_revision_numbers_db [None req-b69cf1d5-d522-4f86-8c47-cce979a000ed 56f84d49e2df47d1a4f34177a7c14f43 80716734145a4234af492f7146b7177c - - default default] Successfully bumped revision number for resource adcc2aab-e8ae-43b0-aca7-976c7e87c619 (type: ports) to 1
2026-07-16 08:02:55.476 9 INFO neutron.wsgi [None req-b69cf1d5-d522-4f86-8c47-cce979a000ed 56f84d49e2df47d1a4f34177a7c14f43 80716734145a4234af492f7146b7177c - - default default] 10.0.0.144 "POST /v2.0/networks HTTP/1.1" status: 201 len: 832 time: 1.2496312
2026-07-16 08:02:55.485 10 WARNING neutron_lib.context [None req-107b06be-ad57-4429-a232-19f806a844b7 56f84d49e2df47d1a4f34177a7c14f43 80716734145a4234af492f7146b7177c - - default default] Method 'is_advsvc' is deprecated since 2023.2 release (neutron-lib 3.8.0) and will be removed once support for the old RBAC API policies will be removed from Neutron. Please use method 'is_service_role' instead.
2026-07-16 08:02:55.504 9 INFO neutron.db.ovn_revision_numbers_db [None req-25fc032c-c6c7-440b-a8de-c10ef0c0bdb2 504ac76a2e1f4b1fbd4545bbde9de069 652a6f556551458890e5ad75ab51ba41 - - default default] Successfully bumped revision number for resource 20f7ebc2-f724-4d6e-b506-eabdc2e9892d (type: ports) to 1
2026-07-16 08:02:55.546 9 INFO neutron.wsgi [None req-25fc032c-c6c7-440b-a8de-c10ef0c0bdb2 504ac76a2e1f4b1fbd4545bbde9de069 652a6f556551458890e5ad75ab51ba41 - - default default] 10.0.0.144 "POST /v2.0/ports HTTP/1.1" status: 201 len: 942 time: 0.4664180
2026-07-16 08:02:55.564 10 WARNING neutron_lib.context [None req-8e04b3a5-b5e3-4ff4-823b-05d43300a2fa 504ac76a2e1f4b1fbd4545bbde9de069 652a6f556551458890e5ad75ab51ba41 - - default default] Method 'is_advsvc' is deprecated since 2023.2 release (neutron-lib 3.8.0) and will be removed once support for the old RBAC API policies will be removed from Neutron. Please use method 'is_service_role' instead.
2026-07-16 08:02:55.983 10 WARNING neutron.scheduler.dhcp_agent_scheduler [None req-63de9653-1194-4fc5-ac42-c8f8f9337821 3c16e09ca97c48abbb60d81debe674d1 71de93269cbc4b9c918ca7e83e197a78 - - default default] No more DHCP agents
2026-07-16 08:02:55.989 10 WARNING neutron.api.rpc.agentnotifiers.dhcp_rpc_agent_api [None req-63de9653-1194-4fc5-ac42-c8f8f9337821 3c16e09ca97c48abbb60d81debe674d1 71de93269cbc4b9c918ca7e83e197a78 - - default default] Unable to schedule network eb2eed8e-9f13-490c-9010-49ac32b30e05: no agents available; will retry on subsequent port and subnet creation events.
2026-07-16 08:02:56.251 10 INFO neutron.wsgi [None req-8e04b3a5-b5e3-4ff4-823b-05d43300a2fa 504ac76a2e1f4b1fbd4545bbde9de069 652a6f556551458890e5ad75ab51ba41 - - default default] 10.0.0.144 "POST /v2.0/trunks HTTP/1.1" status: 201 len: 608 time: 0.6981037 /var/lib/openstack/lib/python3.10/site-packages/pycadf/identifier.py:71: UserWarning: Invalid uuid: neutron. To ensure interoperability, identifiers should be a valid uuid. warnings.warn(('Invalid uuid: %s. To ensure interoperability, '
2026-07-16 08:02:56.262 9 WARNING neutron_lib.context [None req-46cdcfeb-e24f-4b10-9f71-52bd24743d28 504ac76a2e1f4b1fbd4545bbde9de069 652a6f556551458890e5ad75ab51ba41 - - default default] Method 'is_advsvc' is deprecated since 2023.2 release (neutron-lib 3.8.0) and will be removed once support for the old RBAC API policies will be removed from Neutron. Please use method 'is_service_role' instead.
2026-07-16 08:02:56.294 10 INFO neutron.db.ovn_revision_numbers_db [None req-63de9653-1194-4fc5-ac42-c8f8f9337821 3c16e09ca97c48abbb60d81debe674d1 71de93269cbc4b9c918ca7e83e197a78 - - default default] Successfully bumped revision number for resource 650e50d6-36f8-499c-956d-37616fe2a90a (type: ports) to 1
2026-07-16 08:02:56.352 9 INFO neutron.db.segments_db [None req-46cdcfeb-e24f-4b10-9f71-52bd24743d28 504ac76a2e1f4b1fbd4545bbde9de069 652a6f556551458890e5ad75ab51ba41 - - default default] Added segment eeadcf16-0a54-40ab-8755-21d66730f204 of type geneve for network 4207abd6-c045-4412-afb1-0d8bd4984484
2026-07-16 08:02:56.474 10 WARNING neutron.scheduler.dhcp_agent_scheduler [None req-107b06be-ad57-4429-a232-19f806a844b7 56f84d49e2df47d1a4f34177a7c14f43 80716734145a4234af492f7146b7177c - - default default] No more DHCP agents
2026-07-16 08:02:56.477 10 WARNING neutron.api.rpc.agentnotifiers.dhcp_rpc_agent_api [None req-107b06be-ad57-4429-a232-19f806a844b7 56f84d49e2df47d1a4f34177a7c14f43 80716734145a4234af492f7146b7177c - - default default] Unable to schedule network eb2eed8e-9f13-490c-9010-49ac32b30e05: no agents available; will retry on subsequent port and subnet creation events.
2026-07-16 08:02:56.491 9 INFO neutron.db.ovn_revision_numbers_db [None req-46cdcfeb-e24f-4b10-9f71-52bd24743d28 504ac76a2e1f4b1fbd4545bbde9de069 652a6f556551458890e5ad75ab51ba41 - - default default] Successfully bumped revision number for resource 4207abd6-c045-4412-afb1-0d8bd4984484 (type: networks) to 1
2026-07-16 08:02:56.683 9 WARNING neutron.scheduler.dhcp_agent_scheduler [None req-46cdcfeb-e24f-4b10-9f71-52bd24743d28 504ac76a2e1f4b1fbd4545bbde9de069 652a6f556551458890e5ad75ab51ba41 - - default default] No more DHCP agents
2026-07-16 08:02:56.684 9 WARNING neutron.api.rpc.agentnotifiers.dhcp_rpc_agent_api [None req-46cdcfeb-e24f-4b10-9f71-52bd24743d28 504ac76a2e1f4b1fbd4545bbde9de069 652a6f556551458890e5ad75ab51ba41 - - default default] Unable to schedule network 4207abd6-c045-4412-afb1-0d8bd4984484: no agents available; will retry on subsequent port and subnet creation events.
2026-07-16 08:02:56.779 9 INFO neutron.db.ovn_revision_numbers_db [None req-46cdcfeb-e24f-4b10-9f71-52bd24743d28 504ac76a2e1f4b1fbd4545bbde9de069 652a6f556551458890e5ad75ab51ba41 - - default default] Successfully bumped revision number for resource 5a6108d8-efaf-4566-acbf-fee7c2a84879 (type: ports) to 1
2026-07-16 08:02:56.785 10 INFO neutron.db.ovn_revision_numbers_db [None req-107b06be-ad57-4429-a232-19f806a844b7 56f84d49e2df47d1a4f34177a7c14f43 80716734145a4234af492f7146b7177c - - default default] Successfully bumped revision number for resource 13200d45-5ca1-4ec7-9000-583f5903d016 (type: ports) to 1
2026-07-16 08:02:56.802 9 INFO neutron.wsgi [None req-46cdcfeb-e24f-4b10-9f71-52bd24743d28 504ac76a2e1f4b1fbd4545bbde9de069 652a6f556551458890e5ad75ab51ba41 - - default default] 10.0.0.144 "POST /v2.0/networks HTTP/1.1" status: 201 len: 830 time: 0.5455079
2026-07-16 08:02:56.814 9 WARNING neutron_lib.context [None req-e0731f44-28d0-426b-96ec-48ce6b7d73e7 504ac76a2e1f4b1fbd4545bbde9de069 652a6f556551458890e5ad75ab51ba41 - - default default] Method 'is_advsvc' is deprecated since 2023.2 release (neutron-lib 3.8.0) and will be removed once support for the old RBAC API policies will be removed from Neutron. Please use method 'is_service_role' instead.
2026-07-16 08:02:56.883 9 INFO neutron.wsgi [-] 10.0.0.160 "GET / HTTP/1.1" status: 200 len: 246 time: 0.0013199
2026-07-16 08:02:56.885 10 INFO neutron.wsgi [-] 10.0.0.160 "GET / HTTP/1.1" status: 200 len: 246 time: 0.0014749
2026-07-16 08:02:57.031 9 WARNING neutron.scheduler.dhcp_agent_scheduler [None req-e0731f44-28d0-426b-96ec-48ce6b7d73e7 504ac76a2e1f4b1fbd4545bbde9de069 652a6f556551458890e5ad75ab51ba41 - - default default] No more DHCP agents
2026-07-16 08:02:57.033 9 WARNING neutron.api.rpc.agentnotifiers.dhcp_rpc_agent_api [None req-e0731f44-28d0-426b-96ec-48ce6b7d73e7 504ac76a2e1f4b1fbd4545bbde9de069 652a6f556551458890e5ad75ab51ba41 - - default default] Unable to schedule network 4207abd6-c045-4412-afb1-0d8bd4984484: no agents available; will retry on subsequent port and subnet creation events.
2026-07-16 08:02:57.116 9 INFO neutron.db.ovn_revision_numbers_db [None req-e0731f44-28d0-426b-96ec-48ce6b7d73e7 504ac76a2e1f4b1fbd4545bbde9de069 652a6f556551458890e5ad75ab51ba41 - - default default] Successfully bumped revision number for resource 4d0c9093-c848-441a-81fc-ba831161cf18 (type: ports) to 1
2026-07-16 08:02:57.140 9 INFO neutron.wsgi [None req-e0731f44-28d0-426b-96ec-48ce6b7d73e7 504ac76a2e1f4b1fbd4545bbde9de069 652a6f556551458890e5ad75ab51ba41 - - default default] 10.0.0.144 "POST /v2.0/ports HTTP/1.1" status: 201 len: 942 time: 0.3309422 /var/lib/openstack/lib/python3.10/site-packages/pycadf/identifier.py:71: UserWarning: Invalid uuid: neutron. To ensure interoperability, identifiers should be a valid uuid. warnings.warn(('Invalid uuid: %s. To ensure interoperability, '
2026-07-16 08:02:57.150 9 WARNING neutron_lib.context [None req-5a352d80-b6fc-4761-a1f8-51da81050216 504ac76a2e1f4b1fbd4545bbde9de069 652a6f556551458890e5ad75ab51ba41 - - default default] Method 'is_advsvc' is deprecated since 2023.2 release (neutron-lib 3.8.0) and will be removed once support for the old RBAC API policies will be removed from Neutron. Please use method 'is_service_role' instead.
2026-07-16 08:02:57.339 9 INFO neutron.plugins.ml2.drivers.ovn.mech_driver.mech_driver [None req-9922bd46-0a33-49c9-aed7-aec754b2273a - - - - - -] OVN reports status up for port: 650e50d6-36f8-499c-956d-37616fe2a90a
2026-07-16 08:02:57.362 9 INFO neutron.plugins.ml2.drivers.ovn.mech_driver.ovsdb.ovsdb_monitor [None req-cdf6c8a5-d0a0-4036-9ca1-5573bac1a875 - - - - - -] Router 98086c1b-d802-41f7-af40-475fec085c40 is bound to host instance
2026-07-16 08:02:57.364 9 INFO neutron.plugins.ml2.plugin [None req-9922bd46-0a33-49c9-aed7-aec754b2273a - - - - - -] Attempt 1 to provision port 650e50d6-36f8-499c-956d-37616fe2a90a
2026-07-16 08:02:57.380 10 INFO neutron.db.ovn_revision_numbers_db [None req-63de9653-1194-4fc5-ac42-c8f8f9337821 3c16e09ca97c48abbb60d81debe674d1 71de93269cbc4b9c918ca7e83e197a78 - - default default] Successfully bumped revision number for resource 650e50d6-36f8-499c-956d-37616fe2a90a (type: router_ports) to 1
2026-07-16 08:02:57.393 9 INFO neutron.wsgi [None req-5a352d80-b6fc-4761-a1f8-51da81050216 504ac76a2e1f4b1fbd4545bbde9de069 652a6f556551458890e5ad75ab51ba41 - - default default] 10.0.0.144 "POST /v2.0/trunks HTTP/1.1" status: 201 len: 608 time: 0.2480605
2026-07-16 08:02:57.406 9 WARNING neutron_lib.context [None req-ab179b42-15ab-48e4-83f3-cde1aaf1ce1d 504ac76a2e1f4b1fbd4545bbde9de069 652a6f556551458890e5ad75ab51ba41 - - default default] Method 'is_advsvc' is deprecated since 2023.2 release (neutron-lib 3.8.0) and will be removed once support for the old RBAC API policies will be removed from Neutron. Please use method 'is_service_role' instead.
2026-07-16 08:02:57.465 10 INFO neutron.db.ovn_revision_numbers_db [None req-63de9653-1194-4fc5-ac42-c8f8f9337821 3c16e09ca97c48abbb60d81debe674d1 71de93269cbc4b9c918ca7e83e197a78 - - default default] Successfully bumped revision number for resource 98086c1b-d802-41f7-af40-475fec085c40 (type: routers) to 2
2026-07-16 08:02:57.483 10 INFO neutron.wsgi [None req-63de9653-1194-4fc5-ac42-c8f8f9337821 3c16e09ca97c48abbb60d81debe674d1 71de93269cbc4b9c918ca7e83e197a78 - - default default] 10.0.0.144 "POST /v2.0/routers HTTP/1.1" status: 201 len: 879 time: 2.3781796
2026-07-16 08:02:57.536 9 INFO neutron.db.segments_db [None req-ab179b42-15ab-48e4-83f3-cde1aaf1ce1d 504ac76a2e1f4b1fbd4545bbde9de069 652a6f556551458890e5ad75ab51ba41 - - default default] Added segment 49391db8-c651-4498-96d4-c93fc84d8b76 of type geneve for network abe31433-5d75-4867-b5f4-fd29f5ab0d7a
2026-07-16 08:02:57.609 9 INFO neutron.db.ovn_revision_numbers_db [None req-4af351fe-0b04-4821-a7f8-24fcb769fdce 3c16e09ca97c48abbb60d81debe674d1 71de93269cbc4b9c918ca7e83e197a78 - - default default] Successfully bumped revision number for resource f8cf1108-7756-4b77-a0b0-a75d84f315ab (type: security_groups) to 1
2026-07-16 08:02:57.655 9 INFO neutron.db.ovn_revision_numbers_db [None req-4af351fe-0b04-4821-a7f8-24fcb769fdce 3c16e09ca97c48abbb60d81debe674d1 71de93269cbc4b9c918ca7e83e197a78 - - default default] Successfully bumped revision number for resource 143dc522-31d6-435a-a6e8-b68ad965862b (type: security_group_rules) to 0
2026-07-16 08:02:57.812 10 INFO neutron.db.ovn_revision_numbers_db [None req-107b06be-ad57-4429-a232-19f806a844b7 56f84d49e2df47d1a4f34177a7c14f43 80716734145a4234af492f7146b7177c - - default default] Successfully bumped revision number for resource 13200d45-5ca1-4ec7-9000-583f5903d016 (type: router_ports) to 1
2026-07-16 08:02:57.908 10 INFO neutron.db.ovn_revision_numbers_db [None req-107b06be-ad57-4429-a232-19f806a844b7 56f84d49e2df47d1a4f34177a7c14f43 80716734145a4234af492f7146b7177c - - default default] Successfully bumped revision number for resource e5953d69-fb21-48a4-8ca4-0c8026184a27 (type: routers) to 2
2026-07-16 08:02:57.924 10 INFO neutron.wsgi [None req-107b06be-ad57-4429-a232-19f806a844b7 56f84d49e2df47d1a4f34177a7c14f43 80716734145a4234af492f7146b7177c - - default default] 10.0.0.144 "POST /v2.0/routers HTTP/1.1" status: 201 len: 874 time: 2.4432905
2026-07-16 08:02:57.942 9 INFO neutron.db.ovn_revision_numbers_db [None req-4af351fe-0b04-4821-a7f8-24fcb769fdce 3c16e09ca97c48abbb60d81debe674d1 71de93269cbc4b9c918ca7e83e197a78 - - default default] Successfully bumped revision number for resource 8f00d38d-b98b-428b-80b9-fec2acb0111b (type: security_group_rules) to 0
2026-07-16 08:02:57.983 9 INFO neutron.db.ovn_revision_numbers_db [None req-4af351fe-0b04-4821-a7f8-24fcb769fdce 3c16e09ca97c48abbb60d81debe674d1 71de93269cbc4b9c918ca7e83e197a78 - - default default] Successfully bumped revision number for resource 9906a2b9-d797-46fa-952b-6726a8920edc (type: security_group_rules) to 0
2026-07-16 08:02:57.997 9 INFO neutron.db.ovn_revision_numbers_db [None req-ab179b42-15ab-48e4-83f3-cde1aaf1ce1d 504ac76a2e1f4b1fbd4545bbde9de069 652a6f556551458890e5ad75ab51ba41 - - default default] Successfully bumped revision number for resource abe31433-5d75-4867-b5f4-fd29f5ab0d7a (type: networks) to 1
2026-07-16 08:02:58.009 9 INFO neutron.db.ovn_revision_numbers_db [None req-4af351fe-0b04-4821-a7f8-24fcb769fdce 3c16e09ca97c48abbb60d81debe674d1 71de93269cbc4b9c918ca7e83e197a78 - - default default] Successfully bumped revision number for resource b8a31a44-3449-475d-b2b9-9fb8e5d4a205 (type: security_group_rules) to 0
2026-07-16 08:02:58.070 9 INFO neutron.wsgi [None req-4af351fe-0b04-4821-a7f8-24fcb769fdce 3c16e09ca97c48abbb60d81debe674d1 71de93269cbc4b9c918ca7e83e197a78 - - default default] 10.0.0.144 "GET /v2.0/security-groups?tenant_id=8a0b110b21164eae9eb2c9a9f6cb3876&name=default HTTP/1.1" status: 200 len: 2996 time: 0.8265014
2026-07-16 08:02:58.075 10 INFO neutron.wsgi [None req-5e1b5f58-cfc1-4ecc-adb3-0847cfa0f524 2447e5a4667e4da8858ad18f157efb8e 3ac7f635df1c43e9b74d7fb5ce92457e - - default default] 10.0.0.144 "GET /v2.0/subnets?project_id=80716734145a4234af492f7146b7177c&cidr=10.100.0.0%2F28 HTTP/1.1" status: 200 len: 207 time: 0.1447780
2026-07-16 08:02:58.144 10 WARNING neutron.scheduler.dhcp_agent_scheduler [None req-54f1dd02-c1a1-41da-a135-6e098f799bbf 3c16e09ca97c48abbb60d81debe674d1 71de93269cbc4b9c918ca7e83e197a78 - - default default] No more DHCP agents
2026-07-16 08:02:58.151 10 WARNING neutron.api.rpc.agentnotifiers.dhcp_rpc_agent_api [None req-54f1dd02-c1a1-41da-a135-6e098f799bbf 3c16e09ca97c48abbb60d81debe674d1 71de93269cbc4b9c918ca7e83e197a78 - - default default] Unable to schedule network 0bd4ef25-f200-4dad-9135-1eb1b6ec579b: no agents available; will retry on subsequent port and subnet creation events.
