2026-07-16 08:01:17.309 9 INFO neutron.wsgi [None req-3d4e8d45-935a-4120-886a-9e236e8d4ac3 3c16e09ca97c48abbb60d81debe674d1 71de93269cbc4b9c918ca7e83e197a78 - - default default] 10.0.0.144 "GET /v2.0/security-groups?tenant_id=ba6418c542524690a4806b93c4120a27&name=default HTTP/1.1" status: 200 len: 2996 time: 0.2225890
2026-07-16 08:01:17.517 9 INFO neutron.wsgi [None req-ef0d708c-2c93-47e4-93fd-03362a4a872c 3c16e09ca97c48abbb60d81debe674d1 71de93269cbc4b9c918ca7e83e197a78 - - default default] 10.0.0.144 "DELETE /v2.0/security-groups/915031f1-9a90-4f55-bd19-f50b450e5540 HTTP/1.1" status: 204 len: 168 time: 0.2012594
2026-07-16 08:01:17.913 15 INFO neutron.plugins.ml2.drivers.ovn.mech_driver.ovsdb.maintenance [None req-bf91c75d-fe54-4df5-9455-ea1d15450cf9 - - - - - -] Maintenance task: Synchronization finished (took 0.33 seconds)
2026-07-16 08:01:18.030 10 INFO neutron.wsgi [req-f76256b6-1050-404e-9b11-94e5c2772113 req-601df113-21c1-40ee-b341-900542aa523c 237829f65f564021958d32bd09480978 4bbb26d130ba4589b5ac0a214a38c330 - - default default] 10.0.0.18 "GET /v2.0/ports?device_id=2a73976b-bd75-45b1-a719-4701691ddcff HTTP/1.1" status: 200 len: 1170 time: 0.0330310
2026-07-16 08:01:18.078 10 INFO neutron.wsgi [req-f76256b6-1050-404e-9b11-94e5c2772113 req-26811bb1-2bb3-4fe0-bb56-45b83882420a 237829f65f564021958d32bd09480978 4bbb26d130ba4589b5ac0a214a38c330 - - default default] 10.0.0.18 "GET /v2.0/security-groups?id=ec82be2d-ae63-4333-862d-f603f4a8b218&fields=id&fields=name HTTP/1.1" status: 200 len: 312 time: 0.0436144
2026-07-16 08:01:18.153 9 INFO neutron.wsgi [None req-497cda31-f36d-472a-9fd7-f0ea58908162 3c16e09ca97c48abbb60d81debe674d1 71de93269cbc4b9c918ca7e83e197a78 - - default default] 10.0.0.7 "GET /v2.0/subnets HTTP/1.1" status: 200 len: 2758 time: 0.2742543
2026-07-16 08:01:18.171 10 INFO neutron.wsgi [req-8ab99707-a874-44dc-97d9-552d8f416424 req-467f156e-9b93-4af0-bbee-517e19c88959 237829f65f564021958d32bd09480978 4bbb26d130ba4589b5ac0a214a38c330 - - default default] 10.0.0.18 "GET /v2.0/ports?device_id=2a73976b-bd75-45b1-a719-4701691ddcff HTTP/1.1" status: 200 len: 1170 time: 0.0359979
2026-07-16 08:01:18.218 9 INFO neutron.wsgi [None req-9a2550ce-4aad-4a15-a08f-4b862bac0ea3 3c16e09ca97c48abbb60d81debe674d1 71de93269cbc4b9c918ca7e83e197a78 - - default default] 10.0.0.7 "GET /v2.0/floatingips HTTP/1.1" status: 200 len: 1575 time: 0.0627439
2026-07-16 08:01:18.318 9 INFO neutron.wsgi [None req-6c4679ef-9867-4639-bf86-9098b24dd7cd 3c16e09ca97c48abbb60d81debe674d1 71de93269cbc4b9c918ca7e83e197a78 - - default default] 10.0.0.7 "GET /v2.0/security-groups HTTP/1.1" status: 200 len: 27841 time: 0.0990241
2026-07-16 08:01:18.416 10 INFO neutron.db.l3_db [None req-5f7c37b0-d020-4403-866f-d248e74bbd71 237829f65f564021958d32bd09480978 4bbb26d130ba4589b5ac0a214a38c330 - - default default] Floating IP e7539558-fc75-4acf-8131-ab5f550c989e associated. External IP: 10.96.250.214, port: 397662d5-5868-4780-834c-bf820a65783b.
2026-07-16 08:01:18.473 9 INFO neutron.wsgi [None req-b4784c9a-7b8d-49c9-90c7-8c8c6185788f 3c16e09ca97c48abbb60d81debe674d1 71de93269cbc4b9c918ca7e83e197a78 - - default default] 10.0.0.7 "GET /v2.0/routers HTTP/1.1" status: 200 len: 1544 time: 0.1469030
2026-07-16 08:01:18.494 9 INFO neutron.wsgi [None req-205d81e4-ccc3-4d44-a428-802e73ab2495 3c16e09ca97c48abbb60d81debe674d1 71de93269cbc4b9c918ca7e83e197a78 - - default default] 10.0.0.7 "GET /v2.0/agents?binary=ovn-controller HTTP/1.1" status: 200 len: 591 time: 0.0201280
2026-07-16 08:01:18.513 9 INFO neutron.wsgi [None req-aec6fbdd-03d8-441a-9b1b-688094329acb 3c16e09ca97c48abbb60d81debe674d1 71de93269cbc4b9c918ca7e83e197a78 - - default default] 10.0.0.7 "GET /v2.0/network-ip-availabilities HTTP/1.1" status: 200 len: 2250 time: 0.0161974
2026-07-16 08:01:18.564 9 INFO neutron.wsgi [None req-d58d0927-c401-4f3a-b047-b652d6a70b9e 3c16e09ca97c48abbb60d81debe674d1 71de93269cbc4b9c918ca7e83e197a78 - - default default] 10.0.0.7 "GET /v2.0/subnets HTTP/1.1" status: 200 len: 2758 time: 0.0482676
2026-07-16 08:01:18.583 9 INFO neutron.wsgi [None req-07d34667-fba3-4111-89c6-ddefffaa6fb1 3c16e09ca97c48abbb60d81debe674d1 71de93269cbc4b9c918ca7e83e197a78 - - default default] 10.0.0.7 "GET /v2.0/subnetpools HTTP/1.1" status: 200 len: 193 time: 0.0177946
2026-07-16 08:01:18.679 9 INFO neutron.wsgi [None req-46514d36-76aa-4cc0-8e2d-772f0d3d4639 3c16e09ca97c48abbb60d81debe674d1 71de93269cbc4b9c918ca7e83e197a78 - - default default] 10.0.0.7 "GET /v2.0/ports HTTP/1.1" status: 200 len: 16190 time: 0.0950053
2026-07-16 08:01:18.700 10 INFO neutron.db.ovn_revision_numbers_db [None req-5f7c37b0-d020-4403-866f-d248e74bbd71 237829f65f564021958d32bd09480978 4bbb26d130ba4589b5ac0a214a38c330 - - default default] Successfully bumped revision number for resource e7539558-fc75-4acf-8131-ab5f550c989e (type: floatingips) to 1
2026-07-16 08:01:18.822 9 INFO neutron.wsgi [None req-83d441fa-7a08-42a5-adeb-ef567753d7d6 3c16e09ca97c48abbb60d81debe674d1 71de93269cbc4b9c918ca7e83e197a78 - - default default] 10.0.0.7 "GET /v2.0/networks HTTP/1.1" status: 200 len: 3879 time: 0.1331904 /var/lib/openstack/lib/python3.10/site-packages/pycadf/identifier.py:71: UserWarning: Invalid uuid: neutron. To ensure interoperability, identifiers should be a valid uuid. warnings.warn(('Invalid uuid: %s. To ensure interoperability, '
2026-07-16 08:01:18.836 9 INFO neutron.wsgi [None req-479ecd0b-8473-477e-bea4-1f4d6ae927b3 3c16e09ca97c48abbb60d81debe674d1 71de93269cbc4b9c918ca7e83e197a78 - - default default] 10.0.0.7 "GET /v2.0/agents HTTP/1.1" status: 200 len: 997 time: 0.0121546
2026-07-16 08:01:18.849 10 INFO neutron.db.ovn_revision_numbers_db [None req-5f7c37b0-d020-4403-866f-d248e74bbd71 237829f65f564021958d32bd09480978 4bbb26d130ba4589b5ac0a214a38c330 - - default default] Successfully bumped revision number for resource e7539558-fc75-4acf-8131-ab5f550c989e (type: floatingips) to 2
2026-07-16 08:01:18.897 10 INFO neutron.wsgi [None req-5f7c37b0-d020-4403-866f-d248e74bbd71 237829f65f564021958d32bd09480978 4bbb26d130ba4589b5ac0a214a38c330 - - default default] 10.0.0.144 "PUT /v2.0/floatingips/e7539558-fc75-4acf-8131-ab5f550c989e HTTP/1.1" status: 200 len: 1049 time: 0.7160077
2026-07-16 08:01:18.936 10 INFO neutron.notifiers.nova [-] Nova event matching ['req-9d3255aa-cd73-4880-b8bd-1cdbb3bd615f'] response: {'name': 'network-changed', 'server_uuid': '2a73976b-bd75-45b1-a719-4701691ddcff', 'tag': '397662d5-5868-4780-834c-bf820a65783b', 'status': 'completed', 'code': 200}
2026-07-16 08:01:19.004 9 INFO neutron.wsgi [req-1e0ffb8c-d9a7-4dec-a71b-19499480fc53 req-652bebba-d7c7-4941-8b5d-a1a57c8587ac 2a4125f0616a4005a9a212b780586efb 38193357b44b4330ab3845d1ccfc7347 - - 13524b305ef34f7ba15bc447ba9ff922 13524b305ef34f7ba15bc447ba9ff922] 199.204.45.4 "GET /v2.0/ports?tenant_id=4bbb26d130ba4589b5ac0a214a38c330&device_id=2a73976b-bd75-45b1-a719-4701691ddcff HTTP/1.1" status: 200 len: 1409 time: 0.0383072
2026-07-16 08:01:19.007 10 INFO neutron.wsgi [req-b867eb65-a9dd-466a-831b-b00afafcf219 req-2dff3309-8b7c-4a7b-b93f-809c88a3cac5 237829f65f564021958d32bd09480978 4bbb26d130ba4589b5ac0a214a38c330 - - default default] 10.0.0.18 "GET /v2.0/ports?device_id=2a73976b-bd75-45b1-a719-4701691ddcff HTTP/1.1" status: 200 len: 1170 time: 0.0498199
2026-07-16 08:01:19.058 10 INFO neutron.wsgi [req-b867eb65-a9dd-466a-831b-b00afafcf219 req-81017005-5744-43e0-b7be-00ee7fd63764 237829f65f564021958d32bd09480978 4bbb26d130ba4589b5ac0a214a38c330 - - default default] 10.0.0.18 "GET /v2.0/security-groups?id=ec82be2d-ae63-4333-862d-f603f4a8b218&fields=id&fields=name HTTP/1.1" status: 200 len: 312 time: 0.0421312
2026-07-16 08:01:19.084 9 INFO neutron.wsgi [req-1e0ffb8c-d9a7-4dec-a71b-19499480fc53 req-5985a5cb-cf7c-44cf-89f1-524dea70ff40 2a4125f0616a4005a9a212b780586efb 38193357b44b4330ab3845d1ccfc7347 - - 13524b305ef34f7ba15bc447ba9ff922 13524b305ef34f7ba15bc447ba9ff922] 199.204.45.4 "GET /v2.0/networks?id=d0f43adc-5d83-4c37-b75f-e52bf47f1f11 HTTP/1.1" status: 200 len: 981 time: 0.0684121
2026-07-16 08:01:19.141 9 INFO neutron.wsgi [req-1e0ffb8c-d9a7-4dec-a71b-19499480fc53 req-968d2577-0458-4ce0-9828-0c1f15f5d39d 2a4125f0616a4005a9a212b780586efb 38193357b44b4330ab3845d1ccfc7347 - - 13524b305ef34f7ba15bc447ba9ff922 13524b305ef34f7ba15bc447ba9ff922] 199.204.45.4 "GET /v2.0/floatingips?fixed_ip_address=10.100.0.5&port_id=397662d5-5868-4780-834c-bf820a65783b HTTP/1.1" status: 200 len: 1059 time: 0.0503440
2026-07-16 08:01:19.179 9 INFO neutron.wsgi [req-1e0ffb8c-d9a7-4dec-a71b-19499480fc53 req-06d9813f-3da8-48ae-9e41-883d4eb9cd08 2a4125f0616a4005a9a212b780586efb 38193357b44b4330ab3845d1ccfc7347 - - 13524b305ef34f7ba15bc447ba9ff922 13524b305ef34f7ba15bc447ba9ff922] 199.204.45.4 "GET /v2.0/subnets?id=70a147d2-3dac-4a07-b037-34b162817b0e HTTP/1.1" status: 200 len: 876 time: 0.0319996
2026-07-16 08:01:19.205 9 INFO neutron.wsgi [req-1e0ffb8c-d9a7-4dec-a71b-19499480fc53 req-dcee86a8-7dd9-4ac8-9af3-cf253b44f80d 2a4125f0616a4005a9a212b780586efb 38193357b44b4330ab3845d1ccfc7347 - - 13524b305ef34f7ba15bc447ba9ff922 13524b305ef34f7ba15bc447ba9ff922] 199.204.45.4 "GET /v2.0/ports?network_id=d0f43adc-5d83-4c37-b75f-e52bf47f1f11&device_owner=network%3Adhcp HTTP/1.1" status: 200 len: 210 time: 0.0209918
2026-07-16 08:01:19.279 9 INFO neutron.wsgi [req-1e0ffb8c-d9a7-4dec-a71b-19499480fc53 req-d3f4a5db-ea9f-43f7-8cb2-63f4eefd52d0 2a4125f0616a4005a9a212b780586efb 38193357b44b4330ab3845d1ccfc7347 - - 13524b305ef34f7ba15bc447ba9ff922 13524b305ef34f7ba15bc447ba9ff922] 199.204.45.4 "GET /v2.0/networks/d0f43adc-5d83-4c37-b75f-e52bf47f1f11?fields=segments HTTP/1.1" status: 200 len: 212 time: 0.0644825
2026-07-16 08:01:19.346 9 INFO neutron.wsgi [req-1e0ffb8c-d9a7-4dec-a71b-19499480fc53 req-9e533f24-4c49-4bec-a914-60f5bf8a3008 2a4125f0616a4005a9a212b780586efb 38193357b44b4330ab3845d1ccfc7347 - - 13524b305ef34f7ba15bc447ba9ff922 13524b305ef34f7ba15bc447ba9ff922] 199.204.45.4 "GET /v2.0/networks/d0f43adc-5d83-4c37-b75f-e52bf47f1f11?fields=provider%3Aphysical_network&fields=provider%3Anetwork_type HTTP/1.1" status: 200 len: 277 time: 0.0621207
2026-07-16 08:01:20.809 10 INFO neutron.db.ovn_revision_numbers_db [None req-adf2d9da-3044-4cfa-b8e5-527252fb40f1 3c16e09ca97c48abbb60d81debe674d1 71de93269cbc4b9c918ca7e83e197a78 - - default default] Successfully bumped revision number for resource 1928d493-c3fa-4f37-858e-691c0b5dc681 (type: security_groups) to 1
2026-07-16 08:01:20.823 10 INFO neutron.db.ovn_revision_numbers_db [None req-adf2d9da-3044-4cfa-b8e5-527252fb40f1 3c16e09ca97c48abbb60d81debe674d1 71de93269cbc4b9c918ca7e83e197a78 - - default default] Successfully bumped revision number for resource 1b610eaa-5d02-4399-af3e-7d3d8e9125b8 (type: security_group_rules) to 0
2026-07-16 08:01:20.839 10 INFO neutron.db.ovn_revision_numbers_db [None req-adf2d9da-3044-4cfa-b8e5-527252fb40f1 3c16e09ca97c48abbb60d81debe674d1 71de93269cbc4b9c918ca7e83e197a78 - - default default] Successfully bumped revision number for resource 63bde8ec-68ff-4789-9d05-2d93e5a8538b (type: security_group_rules) to 0
2026-07-16 08:01:20.855 10 INFO neutron.db.ovn_revision_numbers_db [None req-adf2d9da-3044-4cfa-b8e5-527252fb40f1 3c16e09ca97c48abbb60d81debe674d1 71de93269cbc4b9c918ca7e83e197a78 - - default default] Successfully bumped revision number for resource 74b237d6-6c68-49e7-9bab-65ae3d788e9b (type: security_group_rules) to 0
2026-07-16 08:01:20.873 10 INFO neutron.db.ovn_revision_numbers_db [None req-adf2d9da-3044-4cfa-b8e5-527252fb40f1 3c16e09ca97c48abbb60d81debe674d1 71de93269cbc4b9c918ca7e83e197a78 - - default default] Successfully bumped revision number for resource c04f7019-b5ca-46b9-9dad-abe4478ada45 (type: security_group_rules) to 0
2026-07-16 08:01:20.901 10 INFO neutron.wsgi [None req-adf2d9da-3044-4cfa-b8e5-527252fb40f1 3c16e09ca97c48abbb60d81debe674d1 71de93269cbc4b9c918ca7e83e197a78 - - default default] 10.0.0.144 "GET /v2.0/security-groups?tenant_id=8929c9ef312d4114ae4096d4bd6383c2&name=default HTTP/1.1" status: 200 len: 2996 time: 0.3920968
2026-07-16 08:01:21.127 10 INFO neutron.wsgi [None req-c75d7573-b62f-422b-94e3-86d719b8005b 3c16e09ca97c48abbb60d81debe674d1 71de93269cbc4b9c918ca7e83e197a78 - - default default] 10.0.0.144 "DELETE /v2.0/security-groups/1928d493-c3fa-4f37-858e-691c0b5dc681 HTTP/1.1" status: 204 len: 168 time: 0.2231963
2026-07-16 08:01:21.423 9 INFO neutron.db.ovn_revision_numbers_db [None req-e2fb909a-6ed1-4c51-8586-168ee9afe4e1 3c16e09ca97c48abbb60d81debe674d1 71de93269cbc4b9c918ca7e83e197a78 - - default default] Successfully bumped revision number for resource 4aecc6b0-6216-4974-bf04-b71b559caf83 (type: security_groups) to 1
2026-07-16 08:01:21.439 9 INFO neutron.db.ovn_revision_numbers_db [None req-e2fb909a-6ed1-4c51-8586-168ee9afe4e1 3c16e09ca97c48abbb60d81debe674d1 71de93269cbc4b9c918ca7e83e197a78 - - default default] Successfully bumped revision number for resource 4f5f29ea-f4d9-4dfd-b2d9-0e5189c19bcf (type: security_group_rules) to 0
2026-07-16 08:01:21.456 9 INFO neutron.db.ovn_revision_numbers_db [None req-e2fb909a-6ed1-4c51-8586-168ee9afe4e1 3c16e09ca97c48abbb60d81debe674d1 71de93269cbc4b9c918ca7e83e197a78 - - default default] Successfully bumped revision number for resource df42b068-16c3-4f1b-9ecd-1bfb8dfaf461 (type: security_group_rules) to 0
2026-07-16 08:01:21.476 9 INFO neutron.db.ovn_revision_numbers_db [None req-e2fb909a-6ed1-4c51-8586-168ee9afe4e1 3c16e09ca97c48abbb60d81debe674d1 71de93269cbc4b9c918ca7e83e197a78 - - default default] Successfully bumped revision number for resource e93a6a33-6cc5-422c-8417-54a3f3eb4291 (type: security_group_rules) to 0
2026-07-16 08:01:21.501 9 INFO neutron.db.ovn_revision_numbers_db [None req-e2fb909a-6ed1-4c51-8586-168ee9afe4e1 3c16e09ca97c48abbb60d81debe674d1 71de93269cbc4b9c918ca7e83e197a78 - - default default] Successfully bumped revision number for resource fbf1294c-4b24-40c2-94e8-87e8d6a8656c (type: security_group_rules) to 0
2026-07-16 08:01:21.527 9 INFO neutron.wsgi [None req-e2fb909a-6ed1-4c51-8586-168ee9afe4e1 3c16e09ca97c48abbb60d81debe674d1 71de93269cbc4b9c918ca7e83e197a78 - - default default] 10.0.0.144 "GET /v2.0/security-groups?tenant_id=a685aac6e2c042548e418abb4219156f&name=default HTTP/1.1" status: 200 len: 2996 time: 0.2431231
2026-07-16 08:01:21.738 9 INFO neutron.wsgi [None req-6272c44a-e73e-44dd-9ec5-b1ac640b020a 3c16e09ca97c48abbb60d81debe674d1 71de93269cbc4b9c918ca7e83e197a78 - - default default] 10.0.0.144 "DELETE /v2.0/security-groups/4aecc6b0-6216-4974-bf04-b71b559caf83 HTTP/1.1" status: 204 len: 168 time: 0.2068210
2026-07-16 08:01:21.951 9 INFO neutron.db.ovn_revision_numbers_db [None req-0abd1ce4-d57f-4943-8c41-9cc07476c6ff 3c16e09ca97c48abbb60d81debe674d1 71de93269cbc4b9c918ca7e83e197a78 - - default default] Successfully bumped revision number for resource 928873f9-f9fc-44dc-b295-990014e891a6 (type: security_groups) to 1
2026-07-16 08:01:21.965 9 INFO neutron.db.ovn_revision_numbers_db [None req-0abd1ce4-d57f-4943-8c41-9cc07476c6ff 3c16e09ca97c48abbb60d81debe674d1 71de93269cbc4b9c918ca7e83e197a78 - - default default] Successfully bumped revision number for resource 96488e84-b997-461d-a006-3e5d038cdaec (type: security_group_rules) to 0
2026-07-16 08:01:21.976 9 INFO neutron.db.ovn_revision_numbers_db [None req-0abd1ce4-d57f-4943-8c41-9cc07476c6ff 3c16e09ca97c48abbb60d81debe674d1 71de93269cbc4b9c918ca7e83e197a78 - - default default] Successfully bumped revision number for resource a4297c63-d604-4fa8-9626-848dfae9e538 (type: security_group_rules) to 0
2026-07-16 08:01:21.996 9 INFO neutron.db.ovn_revision_numbers_db [None req-0abd1ce4-d57f-4943-8c41-9cc07476c6ff 3c16e09ca97c48abbb60d81debe674d1 71de93269cbc4b9c918ca7e83e197a78 - - default default] Successfully bumped revision number for resource cad41493-30b5-4b4e-bf31-d5e5b94f3629 (type: security_group_rules) to 0
2026-07-16 08:01:22.008 9 INFO neutron.db.ovn_revision_numbers_db [None req-0abd1ce4-d57f-4943-8c41-9cc07476c6ff 3c16e09ca97c48abbb60d81debe674d1 71de93269cbc4b9c918ca7e83e197a78 - - default default] Successfully bumped revision number for resource d74311a7-f451-4365-81ee-5ad5b6d242b8 (type: security_group_rules) to 0
2026-07-16 08:01:22.030 9 INFO neutron.wsgi [None req-0abd1ce4-d57f-4943-8c41-9cc07476c6ff 3c16e09ca97c48abbb60d81debe674d1 71de93269cbc4b9c918ca7e83e197a78 - - default default] 10.0.0.144 "GET /v2.0/security-groups?tenant_id=b24d5eb286224af7a90fe7a998454a1a&name=default HTTP/1.1" status: 200 len: 2996 time: 0.3865392
2026-07-16 08:01:22.236 9 INFO neutron.wsgi [None req-5e9b49dd-394b-46fe-a64a-57cd615c2734 3c16e09ca97c48abbb60d81debe674d1 71de93269cbc4b9c918ca7e83e197a78 - - default default] 10.0.0.144 "DELETE /v2.0/security-groups/928873f9-f9fc-44dc-b295-990014e891a6 HTTP/1.1" status: 204 len: 168 time: 0.2008607
2026-07-16 08:01:22.443 9 INFO neutron.db.ovn_revision_numbers_db [None req-e800d76c-0bb3-4c17-973b-3bd3a43db8a9 3c16e09ca97c48abbb60d81debe674d1 71de93269cbc4b9c918ca7e83e197a78 - - default default] Successfully bumped revision number for resource 346f8edd-955b-42e6-80d0-d9dab2a25f4b (type: security_groups) to 1
2026-07-16 08:01:22.457 9 INFO neutron.db.ovn_revision_numbers_db [None req-e800d76c-0bb3-4c17-973b-3bd3a43db8a9 3c16e09ca97c48abbb60d81debe674d1 71de93269cbc4b9c918ca7e83e197a78 - - default default] Successfully bumped revision number for resource 33801bbf-1193-4d2e-9ed2-0b9ff1b11a88 (type: security_group_rules) to 0
2026-07-16 08:01:22.469 9 INFO neutron.db.ovn_revision_numbers_db [None req-e800d76c-0bb3-4c17-973b-3bd3a43db8a9 3c16e09ca97c48abbb60d81debe674d1 71de93269cbc4b9c918ca7e83e197a78 - - default default] Successfully bumped revision number for resource 4fde159c-494e-4bb8-bbd4-489ab3f4989c (type: security_group_rules) to 0
2026-07-16 08:01:22.482 9 INFO neutron.db.ovn_revision_numbers_db [None req-e800d76c-0bb3-4c17-973b-3bd3a43db8a9 3c16e09ca97c48abbb60d81debe674d1 71de93269cbc4b9c918ca7e83e197a78 - - default default] Successfully bumped revision number for resource 8b2071a4-2a30-4204-bdd5-84bff1dead89 (type: security_group_rules) to 0
2026-07-16 08:01:22.502 9 INFO neutron.db.ovn_revision_numbers_db [None req-e800d76c-0bb3-4c17-973b-3bd3a43db8a9 3c16e09ca97c48abbb60d81debe674d1 71de93269cbc4b9c918ca7e83e197a78 - - default default] Successfully bumped revision number for resource e273f32a-fc00-4a71-8b4e-41fd333b7342 (type: security_group_rules) to 0
2026-07-16 08:01:22.524 9 INFO neutron.wsgi [None req-e800d76c-0bb3-4c17-973b-3bd3a43db8a9 3c16e09ca97c48abbb60d81debe674d1 71de93269cbc4b9c918ca7e83e197a78 - - default default] 10.0.0.144 "GET /v2.0/security-groups?tenant_id=e22a7ae8ea6b463c97be018d4eb21d31&name=default HTTP/1.1" status: 200 len: 2996 time: 0.1934729
2026-07-16 08:01:22.716 9 INFO neutron.wsgi [None req-f7dddd62-03f8-44b0-8a8f-cf48c5919e20 3c16e09ca97c48abbb60d81debe674d1 71de93269cbc4b9c918ca7e83e197a78 - - default default] 10.0.0.144 "DELETE /v2.0/security-groups/346f8edd-955b-42e6-80d0-d9dab2a25f4b HTTP/1.1" status: 204 len: 168 time: 0.1846232
2026-07-16 08:01:23.008 10 INFO neutron.wsgi [req-52f7c57a-193f-4d8e-9f59-afd5d2cb92e6 req-6c9faa37-e19a-40aa-b4ed-9c43b8521055 68a1fad0c2e74ea09b00b841b554fa41 86d3f246390347cb94f2f2a33b2c70ec - - default default] 10.0.0.18 "GET /v2.0/ports?device_id=8f785923-4e00-4fb1-baa8-955408dcd8cb HTTP/1.1" status: 200 len: 1174 time: 0.1072538
2026-07-16 08:01:23.060 10 INFO neutron.wsgi [req-52f7c57a-193f-4d8e-9f59-afd5d2cb92e6 req-e83679c6-8148-4ee0-b40b-4114a73c3bb5 68a1fad0c2e74ea09b00b841b554fa41 86d3f246390347cb94f2f2a33b2c70ec - - default default] 10.0.0.18 "GET /v2.0/security-groups?id=960478b9-e0a0-4d3a-9374-8d760394fea7&fields=id&fields=name HTTP/1.1" status: 200 len: 313 time: 0.0448782
2026-07-16 08:01:23.166 10 INFO neutron.wsgi [req-4d2c8eb8-b13f-4eac-a0fc-631e8d2617ab req-388b3408-0e9e-4110-81b2-c9472d2443af 68a1fad0c2e74ea09b00b841b554fa41 86d3f246390347cb94f2f2a33b2c70ec - - default default] 10.0.0.18 "GET /v2.0/ports?device_id=8f785923-4e00-4fb1-baa8-955408dcd8cb HTTP/1.1" status: 200 len: 1174 time: 0.0427284
2026-07-16 08:01:23.213 10 INFO neutron.wsgi [req-4d2c8eb8-b13f-4eac-a0fc-631e8d2617ab req-2fe47df1-86af-4ad3-969d-e6e4a7a00eca 68a1fad0c2e74ea09b00b841b554fa41 86d3f246390347cb94f2f2a33b2c70ec - - default default] 10.0.0.18 "GET /v2.0/security-groups?id=960478b9-e0a0-4d3a-9374-8d760394fea7&fields=id&fields=name HTTP/1.1" status: 200 len: 313 time: 0.0407612
2026-07-16 08:01:23.610 10 INFO neutron.wsgi [req-11b1af88-22a5-4db7-9e94-948ce104f032 req-cab6e7ed-3869-46b4-90eb-50e97de03921 68a1fad0c2e74ea09b00b841b554fa41 86d3f246390347cb94f2f2a33b2c70ec - - default default] 10.0.0.18 "GET /v2.0/ports?device_id=8f785923-4e00-4fb1-baa8-955408dcd8cb HTTP/1.1" status: 200 len: 1174 time: 0.0792787
2026-07-16 08:01:23.669 10 INFO neutron.wsgi [req-11b1af88-22a5-4db7-9e94-948ce104f032 req-e9ac3ad2-ddf4-48c5-a0da-de8d1af050ef 68a1fad0c2e74ea09b00b841b554fa41 86d3f246390347cb94f2f2a33b2c70ec - - default default] 10.0.0.18 "GET /v2.0/security-groups?id=960478b9-e0a0-4d3a-9374-8d760394fea7&fields=id&fields=name HTTP/1.1" status: 200 len: 313 time: 0.0502887
2026-07-16 08:01:23.672 9 INFO neutron.wsgi [req-175fab98-5032-4244-922a-cd7cd7cecfb9 req-33a4fab9-05a8-4e98-8e8d-01f86d03e548 2a4125f0616a4005a9a212b780586efb 38193357b44b4330ab3845d1ccfc7347 - - 13524b305ef34f7ba15bc447ba9ff922 13524b305ef34f7ba15bc447ba9ff922] 199.204.45.4 "GET /v2.0/ports?tenant_id=86d3f246390347cb94f2f2a33b2c70ec&device_id=8f785923-4e00-4fb1-baa8-955408dcd8cb HTTP/1.1" status: 200 len: 1413 time: 0.0592382
2026-07-16 08:01:23.751 9 INFO neutron.wsgi [req-175fab98-5032-4244-922a-cd7cd7cecfb9 req-8419153d-bf14-4089-aa39-fd1b75bb8c99 2a4125f0616a4005a9a212b780586efb 38193357b44b4330ab3845d1ccfc7347 - - 13524b305ef34f7ba15bc447ba9ff922 13524b305ef34f7ba15bc447ba9ff922] 199.204.45.4 "GET /v2.0/networks?id=69a4a399-a3a2-4763-8cc0-171bf99865c3 HTTP/1.1" status: 200 len: 974 time: 0.0715320
2026-07-16 08:01:23.920 9 INFO neutron.wsgi [req-175fab98-5032-4244-922a-cd7cd7cecfb9 req-00abf8ca-0328-4334-a9cf-18ff71ef5bc6 2a4125f0616a4005a9a212b780586efb 38193357b44b4330ab3845d1ccfc7347 - - 13524b305ef34f7ba15bc447ba9ff922 13524b305ef34f7ba15bc447ba9ff922] 199.204.45.4 "GET /v2.0/floatingips?fixed_ip_address=10.100.0.11&port_id=b59c1fb3-18aa-44c2-aa99-c544dc4e226c HTTP/1.1" status: 200 len: 1060 time: 0.0421853
2026-07-16 08:01:23.961 9 INFO neutron.wsgi [req-175fab98-5032-4244-922a-cd7cd7cecfb9 req-3a5f222f-0832-4119-a485-d0e0d2e95605 2a4125f0616a4005a9a212b780586efb 38193357b44b4330ab3845d1ccfc7347 - - 13524b305ef34f7ba15bc447ba9ff922 13524b305ef34f7ba15bc447ba9ff922] 199.204.45.4 "GET /v2.0/subnets?id=b8942927-a219-40fd-a6bf-28642fe4fc57 HTTP/1.1" status: 200 len: 869 time: 0.0336037
2026-07-16 08:01:23.988 9 INFO neutron.wsgi [req-175fab98-5032-4244-922a-cd7cd7cecfb9 req-4fe6d007-f0aa-4ac2-b611-d89dbd69a5ee 2a4125f0616a4005a9a212b780586efb 38193357b44b4330ab3845d1ccfc7347 - - 13524b305ef34f7ba15bc447ba9ff922 13524b305ef34f7ba15bc447ba9ff922] 199.204.45.4 "GET /v2.0/ports?network_id=69a4a399-a3a2-4763-8cc0-171bf99865c3&device_owner=network%3Adhcp HTTP/1.1" status: 200 len: 210 time: 0.0201242
2026-07-16 08:01:24.058 9 INFO neutron.wsgi [req-175fab98-5032-4244-922a-cd7cd7cecfb9 req-2b617415-9831-46e8-b628-116426c0fa64 2a4125f0616a4005a9a212b780586efb 38193357b44b4330ab3845d1ccfc7347 - - 13524b305ef34f7ba15bc447ba9ff922 13524b305ef34f7ba15bc447ba9ff922] 199.204.45.4 "GET /v2.0/networks/69a4a399-a3a2-4763-8cc0-171bf99865c3?fields=segments HTTP/1.1" status: 200 len: 212 time: 0.0625477
2026-07-16 08:01:24.148 9 INFO neutron.wsgi [req-175fab98-5032-4244-922a-cd7cd7cecfb9 req-6d7d759a-044c-4f58-842a-7350f5ea9fdf 2a4125f0616a4005a9a212b780586efb 38193357b44b4330ab3845d1ccfc7347 - - 13524b305ef34f7ba15bc447ba9ff922 13524b305ef34f7ba15bc447ba9ff922] 199.204.45.4 "GET /v2.0/networks/69a4a399-a3a2-4763-8cc0-171bf99865c3?fields=provider%3Aphysical_network&fields=provider%3Anetwork_type HTTP/1.1" status: 200 len: 277 time: 0.0826070
2026-07-16 08:01:24.352 9 INFO neutron.plugins.ml2.drivers.ovn.mech_driver.mech_driver [None req-9922bd46-0a33-49c9-aed7-aec754b2273a - - - - - -] OVN reports status down for port: b59c1fb3-18aa-44c2-aa99-c544dc4e226c
2026-07-16 08:01:24.504 9 INFO neutron.notifiers.nova [-] Nova event matching ['req-32556684-0873-4776-901d-51bd95e72656'] response: {'server_uuid': '8f785923-4e00-4fb1-baa8-955408dcd8cb', 'name': 'network-vif-unplugged', 'status': 'completed', 'tag': 'b59c1fb3-18aa-44c2-aa99-c544dc4e226c', 'code': 200}
2026-07-16 08:01:24.701 9 INFO neutron.db.ovn_revision_numbers_db [None req-9922bd46-0a33-49c9-aed7-aec754b2273a - - - - - -] Successfully bumped revision number for resource b59c1fb3-18aa-44c2-aa99-c544dc4e226c (type: ports) to 5
2026-07-16 08:01:24.786 10 INFO neutron.wsgi [req-831767fb-7759-4379-80fd-ff5ee1739131 req-fac4a540-456e-47f1-ad87-ee66d469f3ee 68a1fad0c2e74ea09b00b841b554fa41 86d3f246390347cb94f2f2a33b2c70ec - - default default] 10.0.0.18 "GET /v2.0/ports?device_id=8f785923-4e00-4fb1-baa8-955408dcd8cb HTTP/1.1" status: 200 len: 1172 time: 0.0419230
2026-07-16 08:01:24.829 10 INFO neutron.wsgi [req-831767fb-7759-4379-80fd-ff5ee1739131 req-dd5c3822-06c2-4170-9400-2c186f1e47cf 68a1fad0c2e74ea09b00b841b554fa41 86d3f246390347cb94f2f2a33b2c70ec - - default default] 10.0.0.18 "GET /v2.0/security-groups?id=960478b9-e0a0-4d3a-9374-8d760394fea7&fields=id&fields=name HTTP/1.1" status: 200 len: 313 time: 0.0380347
2026-07-16 08:01:24.904 10 INFO neutron.wsgi [None req-81a64845-536b-466a-8f6e-4a86e6c1c8f5 2c81163f39054d7b9aaaf12a1a8c2774 0ae69b26ce0c4f6ba70e6bf4e2efa2c0 - - default default] 10.0.0.144 "GET /v2.0/extensions HTTP/1.1" status: 200 len: 16975 time: 0.2536714
2026-07-16 08:01:24.913 10 INFO neutron.wsgi [None req-b76963fc-7afb-4e11-a8ed-6bfe9bc2be60 2c81163f39054d7b9aaaf12a1a8c2774 0ae69b26ce0c4f6ba70e6bf4e2efa2c0 - - default default] 10.0.0.144 "GET /v2.0/extensions/address-group HTTP/1.1" status: 200 len: 353 time: 0.0032778
2026-07-16 08:01:24.921 10 INFO neutron.wsgi [None req-51baa085-2222-4beb-8d49-50e048fbbce1 2c81163f39054d7b9aaaf12a1a8c2774 0ae69b26ce0c4f6ba70e6bf4e2efa2c0 - - default default] 10.0.0.144 "GET /v2.0/extensions/address-scope HTTP/1.1" status: 200 len: 357 time: 0.0045507
2026-07-16 08:01:24.929 10 INFO neutron.wsgi [None req-82754fec-d011-4066-b427-8c21d19584b4 2c81163f39054d7b9aaaf12a1a8c2774 0ae69b26ce0c4f6ba70e6bf4e2efa2c0 - - default default] 10.0.0.144 "GET /v2.0/extensions/agent HTTP/1.1" status: 200 len: 347 time: 0.0042486
2026-07-16 08:01:24.937 10 INFO neutron.wsgi [None req-7e53b8e6-b89a-480a-8cc3-4b65cbe870e5 2c81163f39054d7b9aaaf12a1a8c2774 0ae69b26ce0c4f6ba70e6bf4e2efa2c0 - - default default] 10.0.0.144 "GET /v2.0/extensions/allowed-address-pairs HTTP/1.1" status: 200 len: 378 time: 0.0048840
2026-07-16 08:01:24.945 10 INFO neutron.wsgi [None req-bc5b4925-7d05-4096-ac33-b202e72b9d72 2c81163f39054d7b9aaaf12a1a8c2774 0ae69b26ce0c4f6ba70e6bf4e2efa2c0 - - default default] 10.0.0.144 "GET /v2.0/extensions/auto-allocated-topology HTTP/1.1" status: 200 len: 394 time: 0.0052004
2026-07-16 08:01:24.965 10 INFO neutron.wsgi [None req-f4eac3b8-1d9e-4ae6-b9e1-b0b525b22bbc 2c81163f39054d7b9aaaf12a1a8c2774 0ae69b26ce0c4f6ba70e6bf4e2efa2c0 - - default default] 10.0.0.144 "GET /v2.0/extensions/availability_zone HTTP/1.1" status: 200 len: 372 time: 0.0124946 /var/lib/openstack/lib/python3.10/site-packages/pycadf/identifier.py:71: UserWarning: Invalid uuid: neutron. To ensure interoperability, identifiers should be a valid uuid. warnings.warn(('Invalid uuid: %s. To ensure interoperability, '
2026-07-16 08:01:24.988 9 INFO neutron.wsgi [None req-a4afc511-4f1d-4ceb-9e43-d51e404932ed 2c81163f39054d7b9aaaf12a1a8c2774 0ae69b26ce0c4f6ba70e6bf4e2efa2c0 - - default default] 10.0.0.144 "GET /v2.0/extensions/default-subnetpools HTTP/1.1" status: 200 len: 405 time: 0.0057774
2026-07-16 08:01:24.994 9 INFO neutron.plugins.ml2.drivers.ovn.mech_driver.mech_driver [None req-9922bd46-0a33-49c9-aed7-aec754b2273a - - - - - -] OVN reports status up for port: b59c1fb3-18aa-44c2-aa99-c544dc4e226c
2026-07-16 08:01:25.002 10 INFO neutron.wsgi [None req-e8ca9f0d-47b5-49fd-8159-f302e78b0381 2c81163f39054d7b9aaaf12a1a8c2774 0ae69b26ce0c4f6ba70e6bf4e2efa2c0 - - default default] 10.0.0.144 "GET /v2.0/extensions/dhcp_agent_scheduler HTTP/1.1" status: 200 len: 381 time: 0.0065856
2026-07-16 08:01:25.017 9 INFO neutron.plugins.ml2.plugin [None req-9922bd46-0a33-49c9-aed7-aec754b2273a - - - - - -] Attempt 1 to provision port b59c1fb3-18aa-44c2-aa99-c544dc4e226c
2026-07-16 08:01:25.021 10 INFO neutron.wsgi [None req-f5c3952f-6dbf-4254-a4e8-1080939ee432 2c81163f39054d7b9aaaf12a1a8c2774 0ae69b26ce0c4f6ba70e6bf4e2efa2c0 - - default default] 10.0.0.144 "GET /v2.0/extensions/dns-integration HTTP/1.1" status: 200 len: 366 time: 0.0082452
2026-07-16 08:01:25.030 10 INFO neutron.wsgi [None req-bbdcfab9-13ca-4281-a66b-93981b38ee97 2c81163f39054d7b9aaaf12a1a8c2774 0ae69b26ce0c4f6ba70e6bf4e2efa2c0 - - default default] 10.0.0.144 "GET /v2.0/extensions/dns-domain-ports HTTP/1.1" status: 200 len: 399 time: 0.0037458
2026-07-16 08:01:25.037 10 INFO neutron.wsgi [None req-396ec384-e909-4ae6-9efb-4855f22fc132 2c81163f39054d7b9aaaf12a1a8c2774 0ae69b26ce0c4f6ba70e6bf4e2efa2c0 - - default default] 10.0.0.144 "GET /v2.0/extensions/dns-integration-domain-keywords HTTP/1.1" status: 200 len: 477 time: 0.0043018
2026-07-16 08:01:25.046 10 INFO neutron.wsgi [None req-1e536807-7c93-4f41-b2b0-27c70647d846 2c81163f39054d7b9aaaf12a1a8c2774 0ae69b26ce0c4f6ba70e6bf4e2efa2c0 - - default default] 10.0.0.144 "GET /v2.0/extensions/empty-string-filtering HTTP/1.1" status: 200 len: 413 time: 0.0046687
2026-07-16 08:01:25.062 10 INFO neutron.wsgi [None req-9bef0547-cc0b-436a-a3a0-7c2ba8fa0452 2c81163f39054d7b9aaaf12a1a8c2774 0ae69b26ce0c4f6ba70e6bf4e2efa2c0 - - default default] 10.0.0.144 "GET /v2.0/extensions/external-net HTTP/1.1" status: 200 len: 394 time: 0.0080621
2026-07-16 08:01:25.069 10 INFO neutron.wsgi [None req-d8fb083b-cae7-4415-9aec-75c51fb86950 2c81163f39054d7b9aaaf12a1a8c2774 0ae69b26ce0c4f6ba70e6bf4e2efa2c0 - - default default] 10.0.0.144 "GET /v2.0/extensions/extra_dhcp_opt HTTP/1.1" status: 200 len: 498 time: 0.0038908
2026-07-16 08:01:25.096 9 INFO neutron.wsgi [None req-badbd463-8989-4816-a81f-dc45d6942957 2c81163f39054d7b9aaaf12a1a8c2774 0ae69b26ce0c4f6ba70e6bf4e2efa2c0 - - default default] 10.0.0.144 "GET /v2.0/extensions/extraroute HTTP/1.1" status: 200 len: 375 time: 0.0133431
2026-07-16 08:01:25.106 10 INFO neutron.wsgi [None req-250b325e-57dd-4ab5-90ff-446d0e706078 2c81163f39054d7b9aaaf12a1a8c2774 0ae69b26ce0c4f6ba70e6bf4e2efa2c0 - - default default] 10.0.0.144 "GET /v2.0/extensions/filter-validation HTTP/1.1" status: 200 len: 392 time: 0.0045345
2026-07-16 08:01:25.115 10 INFO neutron.wsgi [None req-010b87e1-1be5-462e-9dc7-5d515ef28c5e 2c81163f39054d7b9aaaf12a1a8c2774 0ae69b26ce0c4f6ba70e6bf4e2efa2c0 - - default default] 10.0.0.144 "GET /v2.0/extensions/floating-ip-port-forwarding-detail HTTP/1.1" status: 200 len: 465 time: 0.0048757
2026-07-16 08:01:25.124 10 INFO neutron.wsgi [None req-433ebbe4-92ef-41d9-be81-9bc80934a5aa 2c81163f39054d7b9aaaf12a1a8c2774 0ae69b26ce0c4f6ba70e6bf4e2efa2c0 - - default default] 10.0.0.144 "GET /v2.0/extensions/fip-port-details HTTP/1.1" status: 200 len: 406 time: 0.0051825
2026-07-16 08:01:25.131 10 INFO neutron.wsgi [None req-e614e1ba-e032-4509-9d8d-12daf8413bfa 2c81163f39054d7b9aaaf12a1a8c2774 0ae69b26ce0c4f6ba70e6bf4e2efa2c0 - - default default] 10.0.0.144 "GET /v2.0/extensions/flavors HTTP/1.1" status: 200 len: 387 time: 0.0045156
2026-07-16 08:01:25.139 10 INFO neutron.wsgi [None req-96ee09bc-e725-4df9-9446-7590d45a85cc 2c81163f39054d7b9aaaf12a1a8c2774 0ae69b26ce0c4f6ba70e6bf4e2efa2c0 - - default default] 10.0.0.144 "GET /v2.0/extensions/floatingip-pools HTTP/1.1" status: 200 len: 382 time: 0.0042474
2026-07-16 08:01:25.146 10 INFO neutron.wsgi [None req-6e07d95d-a8ab-49aa-a06d-544f4451d721 2c81163f39054d7b9aaaf12a1a8c2774 0ae69b26ce0c4f6ba70e6bf4e2efa2c0 - - default default] 10.0.0.144 "GET /v2.0/extensions/ip_allocation HTTP/1.1" status: 200 len: 356 time: 0.0049808
2026-07-16 08:01:25.153 9 INFO neutron.wsgi [None req-769ecbad-9624-41bb-963d-403af8d59bf1 2c81163f39054d7b9aaaf12a1a8c2774 0ae69b26ce0c4f6ba70e6bf4e2efa2c0 - - default default] 10.0.0.144 "GET /v2.0/extensions/l2_adjacency HTTP/1.1" status: 200 len: 372 time: 0.0038412
2026-07-16 08:01:25.164 10 INFO neutron.wsgi [None req-59cf8112-9e2f-4492-b244-92eb5ee69998 2c81163f39054d7b9aaaf12a1a8c2774 0ae69b26ce0c4f6ba70e6bf4e2efa2c0 - - default default] 10.0.0.144 "GET /v2.0/extensions/router HTTP/1.1" status: 200 len: 450 time: 0.0056849
2026-07-16 08:01:25.174 9 INFO neutron.wsgi [None req-c8b07310-3b0e-4720-9c4d-1baec4a29fa3 2c81163f39054d7b9aaaf12a1a8c2774 0ae69b26ce0c4f6ba70e6bf4e2efa2c0 - - default default] 10.0.0.144 "GET /v2.0/extensions/ext-gw-mode HTTP/1.1" status: 200 len: 462 time: 0.0064645
2026-07-16 08:01:25.380 9 INFO neutron.wsgi [None req-7553ae24-f4ac-488e-8220-d69771c305b3 2c81163f39054d7b9aaaf12a1a8c2774 0ae69b26ce0c4f6ba70e6bf4e2efa2c0 - - default default] 10.0.0.144 "GET /v2.0/extensions/logging HTTP/1.1" status: 200 len: 407 time: 0.2026598
2026-07-16 08:01:25.390 9 INFO neutron.wsgi [None req-9ab470b6-4c44-421b-bed5-aa4aa648630f 2c81163f39054d7b9aaaf12a1a8c2774 0ae69b26ce0c4f6ba70e6bf4e2efa2c0 - - default default] 10.0.0.144 "GET /v2.0/extensions/multi-provider HTTP/1.1" status: 200 len: 406 time: 0.0038271
2026-07-16 08:01:25.398 9 INFO neutron.wsgi [None req-9c74fd54-a9a8-430b-a5cb-d096f7de7539 2c81163f39054d7b9aaaf12a1a8c2774 0ae69b26ce0c4f6ba70e6bf4e2efa2c0 - - default default] 10.0.0.144 "GET /v2.0/extensions/net-mtu HTTP/1.1" status: 200 len: 370 time: 0.0046864
2026-07-16 08:01:25.411 10 INFO neutron.wsgi [None req-9f8529d0-ddc3-439a-b74a-1f223ef3595e 2c81163f39054d7b9aaaf12a1a8c2774 0ae69b26ce0c4f6ba70e6bf4e2efa2c0 - - default default] 10.0.0.144 "GET /v2.0/extensions/net-mtu-writable HTTP/1.1" status: 200 len: 401 time: 0.0082312
2026-07-16 08:01:25.418 10 INFO neutron.wsgi [None req-131eda5f-92db-428f-a2ac-40d44773839f 2c81163f39054d7b9aaaf12a1a8c2774 0ae69b26ce0c4f6ba70e6bf4e2efa2c0 - - default default] 10.0.0.144 "GET /v2.0/extensions/network_availability_zone HTTP/1.1" status: 200 len: 394 time: 0.0029430
2026-07-16 08:01:25.426 10 INFO neutron.wsgi [None req-29138fbd-d1b2-4925-82f8-d0f0443343c9 2c81163f39054d7b9aaaf12a1a8c2774 0ae69b26ce0c4f6ba70e6bf4e2efa2c0 - - default default] 10.0.0.144 "GET /v2.0/extensions/network-ip-availability HTTP/1.1" status: 200 len: 410 time: 0.0044546
2026-07-16 08:01:25.436 10 INFO neutron.wsgi [None req-c78a95d2-d909-490d-8766-1f6f869d953b 2c81163f39054d7b9aaaf12a1a8c2774 0ae69b26ce0c4f6ba70e6bf4e2efa2c0 - - default default] 10.0.0.144 "GET /v2.0/extensions/pagination HTTP/1.1" status: 200 len: 386 time: 0.0044258
2026-07-16 08:01:25.445 10 INFO neutron.wsgi [None req-f99c4231-ba1f-407d-bca9-1d3f5d1dbb17 2c81163f39054d7b9aaaf12a1a8c2774 0ae69b26ce0c4f6ba70e6bf4e2efa2c0 - - default default] 10.0.0.144 "GET /v2.0/extensions/port-device-profile HTTP/1.1" status: 200 len: 383 time: 0.0041006
2026-07-16 08:01:25.452 10 INFO neutron.wsgi [None req-7c1bc231-5fc2-4b9d-b797-af7dfdbf2b77 2c81163f39054d7b9aaaf12a1a8c2774 0ae69b26ce0c4f6ba70e6bf4e2efa2c0 - - default default] 10.0.0.144 "GET /v2.0/extensions/port-mac-address-regenerate HTTP/1.1" status: 200 len: 403 time: 0.0039701
2026-07-16 08:01:25.459 10 INFO neutron.wsgi [None req-a7ed4aaa-0229-46a6-a4f1-bba3c4e0cc75 2c81163f39054d7b9aaaf12a1a8c2774 0ae69b26ce0c4f6ba70e6bf4e2efa2c0 - - default default] 10.0.0.144 "GET /v2.0/extensions/port-numa-affinity-policy HTTP/1.1" status: 200 len: 392 time: 0.0043585
2026-07-16 08:01:25.469 10 INFO neutron.wsgi [None req-824b03b0-b70f-47a8-b2b6-37966ef068ef 2c81163f39054d7b9aaaf12a1a8c2774 0ae69b26ce0c4f6ba70e6bf4e2efa2c0 - - default default] 10.0.0.144 "GET /v2.0/extensions/port-resource-request HTTP/1.1" status: 200 len: 379 time: 0.0053558
2026-07-16 08:01:25.477 10 INFO neutron.wsgi [None req-e9d5a91b-7f7f-4ff8-966f-e3a57c7b4f62 2c81163f39054d7b9aaaf12a1a8c2774 0ae69b26ce0c4f6ba70e6bf4e2efa2c0 - - default default] 10.0.0.144 "GET /v2.0/extensions/port-resource-request-groups HTTP/1.1" status: 200 len: 465 time: 0.0042317
2026-07-16 08:01:25.485 10 INFO neutron.wsgi [None req-28b7add1-99a2-41c1-b7c4-e97657ffb632 2c81163f39054d7b9aaaf12a1a8c2774 0ae69b26ce0c4f6ba70e6bf4e2efa2c0 - - default default] 10.0.0.144 "GET /v2.0/extensions/binding HTTP/1.1" status: 200 len: 387 time: 0.0040829
2026-07-16 08:01:25.492 10 INFO neutron.wsgi [None req-2e329529-71ed-4662-aeb2-c77e53872e3d 2c81163f39054d7b9aaaf12a1a8c2774 0ae69b26ce0c4f6ba70e6bf4e2efa2c0 - - default default] 10.0.0.144 "GET /v2.0/extensions/binding-extended HTTP/1.1" status: 200 len: 406 time: 0.0040932
2026-07-16 08:01:25.500 10 INFO neutron.wsgi [None req-6e0b9ce6-c15c-430d-a075-7b9207f43d94 2c81163f39054d7b9aaaf12a1a8c2774 0ae69b26ce0c4f6ba70e6bf4e2efa2c0 - - default default] 10.0.0.144 "GET /v2.0/extensions/port-security HTTP/1.1" status: 200 len: 354 time: 0.0050128
2026-07-16 08:01:25.508 10 INFO neutron.wsgi [None req-87a1daf9-ca07-40a1-83ab-1b2986262e51 2c81163f39054d7b9aaaf12a1a8c2774 0ae69b26ce0c4f6ba70e6bf4e2efa2c0 - - default default] 10.0.0.144 "GET /v2.0/extensions/project-id HTTP/1.1" status: 200 len: 398 time: 0.0040395
2026-07-16 08:01:25.514 10 INFO neutron.wsgi [None req-aa981d7d-7554-465a-8a06-7631d41a13a4 2c81163f39054d7b9aaaf12a1a8c2774 0ae69b26ce0c4f6ba70e6bf4e2efa2c0 - - default default] 10.0.0.144 "GET /v2.0/extensions/provider HTTP/1.1" status: 200 len: 385 time: 0.0032716
2026-07-16 08:01:25.522 10 INFO neutron.wsgi [None req-d11b5fcf-4afd-4230-b0a7-7fbabe0989e8 2c81163f39054d7b9aaaf12a1a8c2774 0ae69b26ce0c4f6ba70e6bf4e2efa2c0 - - default default] 10.0.0.144 "GET /v2.0/extensions/qos HTTP/1.1" status: 200 len: 360 time: 0.0042329
2026-07-16 08:01:25.529 10 INFO neutron.wsgi [None req-3ea378f2-5dd0-400f-b260-2837c73a809f 2c81163f39054d7b9aaaf12a1a8c2774 0ae69b26ce0c4f6ba70e6bf4e2efa2c0 - - default default] 10.0.0.144 "GET /v2.0/extensions/qos-bw-limit-direction HTTP/1.1" status: 200 len: 452 time: 0.0044560
2026-07-16 08:01:25.538 10 INFO neutron.wsgi [None req-7383cdd9-be97-4b0e-baec-916771635eeb 2c81163f39054d7b9aaaf12a1a8c2774 0ae69b26ce0c4f6ba70e6bf4e2efa2c0 - - default default] 10.0.0.144 "GET /v2.0/extensions/qos-bw-minimum-ingress HTTP/1.1" status: 200 len: 445 time: 0.0056839
2026-07-16 08:01:25.540 9 INFO neutron.db.ovn_revision_numbers_db [None req-9922bd46-0a33-49c9-aed7-aec754b2273a - - - - - -] Successfully bumped revision number for resource b59c1fb3-18aa-44c2-aa99-c544dc4e226c (type: ports) to 6
2026-07-16 08:01:25.546 10 INFO neutron.wsgi [None req-47ba1c9e-7129-420f-b465-4b393fbbca52 2c81163f39054d7b9aaaf12a1a8c2774 0ae69b26ce0c4f6ba70e6bf4e2efa2c0 - - default default] 10.0.0.144 "GET /v2.0/extensions/qos-default HTTP/1.1" status: 200 len: 377 time: 0.0044358
2026-07-16 08:01:25.555 10 INFO neutron.wsgi [None req-be5d8c23-d61b-437b-b99c-250e8953f8e2 2c81163f39054d7b9aaaf12a1a8c2774 0ae69b26ce0c4f6ba70e6bf4e2efa2c0 - - default default] 10.0.0.144 "GET /v2.0/extensions/qos-fip HTTP/1.1" status: 200 len: 372 time: 0.0056198
2026-07-16 08:01:25.564 10 INFO neutron.wsgi [None req-76a0a2d9-784d-4e55-a57f-690663f6fa43 2c81163f39054d7b9aaaf12a1a8c2774 0ae69b26ce0c4f6ba70e6bf4e2efa2c0 - - default default] 10.0.0.144 "GET /v2.0/extensions/qos-gateway-ip HTTP/1.1" status: 200 len: 391 time: 0.0041947
2026-07-16 08:01:25.574 10 INFO neutron.wsgi [None req-1da4286f-b0f6-421f-ba10-05b87a9fbe76 2c81163f39054d7b9aaaf12a1a8c2774 0ae69b26ce0c4f6ba70e6bf4e2efa2c0 - - default default] 10.0.0.144 "GET /v2.0/extensions/qos-port-network-policy HTTP/1.1" status: 200 len: 403 time: 0.0038168
2026-07-16 08:01:25.597 9 INFO neutron.wsgi [None req-d6876d57-67da-4937-9dc1-e70a92f0dc1a 2c81163f39054d7b9aaaf12a1a8c2774 0ae69b26ce0c4f6ba70e6bf4e2efa2c0 - - default default] 10.0.0.144 "GET /v2.0/extensions/qos-pps-minimum HTTP/1.1" status: 200 len: 397 time: 0.0187306
2026-07-16 08:01:25.612 10 INFO neutron.wsgi [None req-b7a5ed8f-3a23-4cb6-89bd-ef1f2503c5c2 2c81163f39054d7b9aaaf12a1a8c2774 0ae69b26ce0c4f6ba70e6bf4e2efa2c0 - - default default] 10.0.0.144 "GET /v2.0/extensions/qos-pps-minimum-rule-alias HTTP/1.1" status: 200 len: 471 time: 0.0069408
2026-07-16 08:01:25.628 10 INFO neutron.wsgi [None req-1bdee227-e3b3-4b20-86cb-870a163a5828 2c81163f39054d7b9aaaf12a1a8c2774 0ae69b26ce0c4f6ba70e6bf4e2efa2c0 - - default default] 10.0.0.144 "GET /v2.0/extensions/qos-pps HTTP/1.1" status: 200 len: 389 time: 0.0072958
2026-07-16 08:01:25.638 10 INFO neutron.wsgi [None req-b42d0af2-4a35-4031-8b16-6ba81e9cf50c 2c81163f39054d7b9aaaf12a1a8c2774 0ae69b26ce0c4f6ba70e6bf4e2efa2c0 - - default default] 10.0.0.144 "GET /v2.0/extensions/qos-rule-type-details HTTP/1.1" status: 200 len: 423 time: 0.0053208
2026-07-16 08:01:25.647 10 INFO neutron.wsgi [None req-7acce6cc-8618-4689-bb9d-34ea62967caa 2c81163f39054d7b9aaaf12a1a8c2774 0ae69b26ce0c4f6ba70e6bf4e2efa2c0 - - default default] 10.0.0.144 "GET /v2.0/extensions/qos-rule-type-filter HTTP/1.1" status: 200 len: 567 time: 0.0046287
2026-07-16 08:01:25.660 10 INFO neutron.wsgi [None req-33e4e6ba-eb53-468f-a14c-13176ac35d3a 2c81163f39054d7b9aaaf12a1a8c2774 0ae69b26ce0c4f6ba70e6bf4e2efa2c0 - - default default] 10.0.0.144 "GET /v2.0/extensions/qos-rules-alias HTTP/1.1" status: 200 len: 448 time: 0.0051210
2026-07-16 08:01:25.668 10 INFO neutron.wsgi [None req-70b2887e-8d7a-434b-8b56-0bd27d2ad79a 2c81163f39054d7b9aaaf12a1a8c2774 0ae69b26ce0c4f6ba70e6bf4e2efa2c0 - - default default] 10.0.0.144 "GET /v2.0/extensions/quota-check-limit HTTP/1.1" status: 200 len: 420 time: 0.0041904
2026-07-16 08:01:25.678 10 INFO neutron.wsgi [None req-ff9c146f-affa-430e-ac78-1c77428b49d2 2c81163f39054d7b9aaaf12a1a8c2774 0ae69b26ce0c4f6ba70e6bf4e2efa2c0 - - default default] 10.0.0.144 "GET /v2.0/extensions/quotas HTTP/1.1" status: 200 len: 386 time: 0.0045748
2026-07-16 08:01:25.686 10 INFO neutron.wsgi [None req-3eb2397a-416a-41a7-a47f-9e28d64dc89b 2c81163f39054d7b9aaaf12a1a8c2774 0ae69b26ce0c4f6ba70e6bf4e2efa2c0 - - default default] 10.0.0.144 "GET /v2.0/extensions/quota_details HTTP/1.1" status: 200 len: 407 time: 0.0040538
2026-07-16 08:01:25.692 10 INFO neutron.wsgi [None req-1268e36c-f346-41e0-9389-48aabd6f4de0 2c81163f39054d7b9aaaf12a1a8c2774 0ae69b26ce0c4f6ba70e6bf4e2efa2c0 - - default default] 10.0.0.144 "GET /v2.0/extensions/rbac-policies HTTP/1.1" status: 200 len: 417 time: 0.0037901
2026-07-16 08:01:25.699 10 INFO neutron.wsgi [None req-3d9a8352-03b4-4c51-a696-5ac525d458b1 2c81163f39054d7b9aaaf12a1a8c2774 0ae69b26ce0c4f6ba70e6bf4e2efa2c0 - - default default] 10.0.0.144 "GET /v2.0/extensions/rbac-address-scope HTTP/1.1" status: 200 len: 384 time: 0.0038562
2026-07-16 08:01:25.706 10 INFO neutron.wsgi [None req-b470bd9b-c26e-497d-b9fe-55f9f3c72f48 2c81163f39054d7b9aaaf12a1a8c2774 0ae69b26ce0c4f6ba70e6bf4e2efa2c0 - - default default] 10.0.0.144 "GET /v2.0/extensions/rbac-security-groups HTTP/1.1" status: 200 len: 404 time: 0.0040286
2026-07-16 08:01:25.712 10 INFO neutron.wsgi [None req-3958df32-03c8-4a14-b0ca-baa6092cb78c 2c81163f39054d7b9aaaf12a1a8c2774 0ae69b26ce0c4f6ba70e6bf4e2efa2c0 - - default default] 10.0.0.144 "GET /v2.0/extensions/revision-if-match HTTP/1.1" status: 200 len: 441 time: 0.0037565
2026-07-16 08:01:25.719 10 INFO neutron.wsgi [None req-8d620b11-cb5f-4aa2-815f-4ba4f038b26b 2c81163f39054d7b9aaaf12a1a8c2774 0ae69b26ce0c4f6ba70e6bf4e2efa2c0 - - default default] 10.0.0.144 "GET /v2.0/extensions/standard-attr-revisions HTTP/1.1" status: 200 len: 423 time: 0.0037251
2026-07-16 08:01:25.726 10 INFO neutron.wsgi [None req-2f51751e-9663-492b-bf83-d05c35ac261d 2c81163f39054d7b9aaaf12a1a8c2774 0ae69b26ce0c4f6ba70e6bf4e2efa2c0 - - default default] 10.0.0.144 "GET /v2.0/extensions/router_availability_zone HTTP/1.1" status: 200 len: 391 time: 0.0037673 /var/lib/openstack/lib/python3.10/site-packages/pycadf/identifier.py:71: UserWarning: Invalid uuid: neutron. To ensure interoperability, identifiers should be a valid uuid. warnings.warn(('Invalid uuid: %s. To ensure interoperability, '
2026-07-16 08:01:25.735 9 INFO neutron.wsgi [None req-11dda105-62ef-4b53-9c67-be9b0a524faf 2c81163f39054d7b9aaaf12a1a8c2774 0ae69b26ce0c4f6ba70e6bf4e2efa2c0 - - default default] 10.0.0.144 "GET /v2.0/extensions/security-groups-default-rules HTTP/1.1" status: 200 len: 456 time: 0.0062747
2026-07-16 08:01:25.742 9 INFO neutron.wsgi [None req-d8c63142-f152-4bbf-85c3-50e2d4bd1689 2c81163f39054d7b9aaaf12a1a8c2774 0ae69b26ce0c4f6ba70e6bf4e2efa2c0 - - default default] 10.0.0.144 "GET /v2.0/extensions/security-groups-normalized-cidr HTTP/1.1" status: 200 len: 445 time: 0.0032964
2026-07-16 08:01:25.750 9 INFO neutron.wsgi [None req-1731c139-7432-440d-a613-0c5f46024468 2c81163f39054d7b9aaaf12a1a8c2774 0ae69b26ce0c4f6ba70e6bf4e2efa2c0 - - default default] 10.0.0.144 "GET /v2.0/extensions/security-groups-remote-address-group HTTP/1.1" status: 200 len: 448 time: 0.0043323
2026-07-16 08:01:25.760 9 INFO neutron.wsgi [None req-0665d7b2-0789-46f4-95f6-f583d2d2917b 2c81163f39054d7b9aaaf12a1a8c2774 0ae69b26ce0c4f6ba70e6bf4e2efa2c0 - - default default] 10.0.0.144 "GET /v2.0/extensions/security-groups-shared-filtering HTTP/1.1" status: 200 len: 435 time: 0.0057259
2026-07-16 08:01:25.769 9 INFO neutron.wsgi [None req-6e3986d7-3722-4b7d-80b4-72bb2796d570 2c81163f39054d7b9aaaf12a1a8c2774 0ae69b26ce0c4f6ba70e6bf4e2efa2c0 - - default default] 10.0.0.144 "GET /v2.0/extensions/security-group HTTP/1.1" status: 200 len: 364 time: 0.0053389
2026-07-16 08:01:25.777 9 INFO neutron.wsgi [None req-65d170f8-1454-4075-aa6d-604b85f5e99e 2c81163f39054d7b9aaaf12a1a8c2774 0ae69b26ce0c4f6ba70e6bf4e2efa2c0 - - default default] 10.0.0.144 "GET /v2.0/extensions/segment HTTP/1.1" status: 200 len: 339 time: 0.0046279
2026-07-16 08:01:25.785 9 INFO neutron.wsgi [None req-394ada10-3b9e-4a84-afe9-7aea4f9a5888 2c81163f39054d7b9aaaf12a1a8c2774 0ae69b26ce0c4f6ba70e6bf4e2efa2c0 - - default default] 10.0.0.144 "GET /v2.0/extensions/segments-peer-subnet-host-routes HTTP/1.1" status: 200 len: 427 time: 0.0044818
2026-07-16 08:01:25.794 9 INFO neutron.wsgi [None req-cae65d41-6078-4fc7-bee0-7540f075e5ce 2c81163f39054d7b9aaaf12a1a8c2774 0ae69b26ce0c4f6ba70e6bf4e2efa2c0 - - default default] 10.0.0.144 "GET /v2.0/extensions/service-type HTTP/1.1" status: 200 len: 415 time: 0.0051038
2026-07-16 08:01:25.801 9 INFO neutron.wsgi [None req-b3f19179-1fbf-4223-800c-ffe55a897c74 2c81163f39054d7b9aaaf12a1a8c2774 0ae69b26ce0c4f6ba70e6bf4e2efa2c0 - - default default] 10.0.0.144 "GET /v2.0/extensions/sorting HTTP/1.1" status: 200 len: 377 time: 0.0046451
2026-07-16 08:01:25.812 10 INFO neutron.wsgi [None req-4ba13ee4-26bc-42d3-b508-079784c1fb7f 2c81163f39054d7b9aaaf12a1a8c2774 0ae69b26ce0c4f6ba70e6bf4e2efa2c0 - - default default] 10.0.0.144 "GET /v2.0/extensions/standard-attr-segment HTTP/1.1" status: 200 len: 406 time: 0.0072088
2026-07-16 08:01:25.817 10 INFO neutron.wsgi [None req-c0113d00-a97d-4add-ad0d-95a47e79fd63 2c81163f39054d7b9aaaf12a1a8c2774 0ae69b26ce0c4f6ba70e6bf4e2efa2c0 - - default default] 10.0.0.144 "GET /v2.0/extensions/standard-attr-description HTTP/1.1" status: 200 len: 408 time: 0.0027797
2026-07-16 08:01:25.826 10 INFO neutron.wsgi [None req-425e0d95-275a-46fb-8c91-eb85e426d2aa 2c81163f39054d7b9aaaf12a1a8c2774 0ae69b26ce0c4f6ba70e6bf4e2efa2c0 - - default default] 10.0.0.144 "GET /v2.0/extensions/stateful-security-group HTTP/1.1" status: 200 len: 402 time: 0.0036092
2026-07-16 08:01:25.834 9 INFO neutron.wsgi [None req-8c0310ec-3236-4519-9e46-eecb87139b97 2c81163f39054d7b9aaaf12a1a8c2774 0ae69b26ce0c4f6ba70e6bf4e2efa2c0 - - default default] 10.0.0.144 "GET /v2.0/extensions/subnet-dns-publish-fixed-ip HTTP/1.1" status: 200 len: 421 time: 0.0044875
2026-07-16 08:01:25.842 10 INFO neutron.wsgi [None req-9bbcb652-11bf-4117-9fc9-e38c70c46f59 2c81163f39054d7b9aaaf12a1a8c2774 0ae69b26ce0c4f6ba70e6bf4e2efa2c0 - - default default] 10.0.0.144 "GET /v2.0/extensions/subnet-segmentid-writable HTTP/1.1" status: 200 len: 421 time: 0.0047224
2026-07-16 08:01:25.851 9 INFO neutron.wsgi [None req-153433fe-b396-48b6-a1fd-c16083c8974a 2c81163f39054d7b9aaaf12a1a8c2774 0ae69b26ce0c4f6ba70e6bf4e2efa2c0 - - default default] 10.0.0.144 "GET /v2.0/extensions/subnet-service-types HTTP/1.1" status: 200 len: 400 time: 0.0049832
2026-07-16 08:01:25.861 9 INFO neutron.wsgi [None req-f00a07d3-7257-4cf5-bac3-6435114db2b8 2c81163f39054d7b9aaaf12a1a8c2774 0ae69b26ce0c4f6ba70e6bf4e2efa2c0 - - default default] 10.0.0.144 "GET /v2.0/extensions/subnet_allocation HTTP/1.1" status: 200 len: 388 time: 0.0063729
2026-07-16 08:01:25.869 9 INFO neutron.wsgi [None req-b567c638-4728-4d6b-8330-df8ac12108cc 2c81163f39054d7b9aaaf12a1a8c2774 0ae69b26ce0c4f6ba70e6bf4e2efa2c0 - - default default] 10.0.0.144 "GET /v2.0/extensions/subnetpool-prefix-ops HTTP/1.1" status: 200 len: 418 time: 0.0046391
2026-07-16 08:01:25.879 9 INFO neutron.wsgi [None req-ef02aef4-0ee3-42e4-bfe9-2b50817251f2 2c81163f39054d7b9aaaf12a1a8c2774 0ae69b26ce0c4f6ba70e6bf4e2efa2c0 - - default default] 10.0.0.144 "GET /v2.0/extensions/standard-attr-tag HTTP/1.1" status: 200 len: 537 time: 0.0041683
2026-07-16 08:01:25.886 9 INFO neutron.wsgi [None req-6af4e02a-2fa5-4c90-9a9b-ad618c7ae06e 2c81163f39054d7b9aaaf12a1a8c2774 0ae69b26ce0c4f6ba70e6bf4e2efa2c0 - - default default] 10.0.0.144 "GET /v2.0/extensions/standard-attr-timestamp HTTP/1.1" status: 200 len: 449 time: 0.0038133
2026-07-16 08:01:25.895 9 INFO neutron.wsgi [None req-febeda96-b077-4086-964c-598644579bd7 2c81163f39054d7b9aaaf12a1a8c2774 0ae69b26ce0c4f6ba70e6bf4e2efa2c0 - - default default] 10.0.0.144 "GET /v2.0/extensions/trunk HTTP/1.1" status: 200 len: 358 time: 0.0068419
