2026-07-16 08:07:59.909 9 INFO neutron.wsgi [req-d2f08d07-32b3-49ab-b4b4-31c2724b6fb6 req-13e26d93-7c47-417f-b55f-495c21ea8f51 2a4125f0616a4005a9a212b780586efb 38193357b44b4330ab3845d1ccfc7347 - - 13524b305ef34f7ba15bc447ba9ff922 13524b305ef34f7ba15bc447ba9ff922] 199.204.45.4 "GET /v2.0/networks/c437bf0e-cc15-453c-926c-c0ef060d89c5?fields=provider%3Aphysical_network&fields=provider%3Anetwork_type HTTP/1.1" status: 200 len: 277 time: 0.0635579
2026-07-16 08:07:59.937 9 INFO neutron.wsgi [req-d2f08d07-32b3-49ab-b4b4-31c2724b6fb6 req-c7b25894-bd00-4cd4-b366-159819bf8fa4 2a4125f0616a4005a9a212b780586efb 38193357b44b4330ab3845d1ccfc7347 - - 13524b305ef34f7ba15bc447ba9ff922 13524b305ef34f7ba15bc447ba9ff922] 199.204.45.4 "GET /v2.0/floatingips?fixed_ip_address=10.1.1.251&port_id=d9af04c8-3bbc-4ba6-81d7-d8f55b770dac HTTP/1.1" status: 200 len: 217 time: 0.0223591
2026-07-16 08:07:59.987 9 INFO neutron.wsgi [req-d2f08d07-32b3-49ab-b4b4-31c2724b6fb6 req-33fe058b-e9cc-4a85-9743-b3fe45061838 2a4125f0616a4005a9a212b780586efb 38193357b44b4330ab3845d1ccfc7347 - - 13524b305ef34f7ba15bc447ba9ff922 13524b305ef34f7ba15bc447ba9ff922] 199.204.45.4 "GET /v2.0/subnets?id=4ff474fb-c188-4477-adda-ce5729c9e4ac HTTP/1.1" status: 200 len: 854 time: 0.0423191
2026-07-16 08:08:00.013 9 INFO neutron.wsgi [req-d2f08d07-32b3-49ab-b4b4-31c2724b6fb6 req-8de1dff3-2dbd-4511-8c77-78e7b8848e44 2a4125f0616a4005a9a212b780586efb 38193357b44b4330ab3845d1ccfc7347 - - 13524b305ef34f7ba15bc447ba9ff922 13524b305ef34f7ba15bc447ba9ff922] 199.204.45.4 "GET /v2.0/ports?network_id=9d9d244e-f6f9-42c6-884a-242a3d22a14e&device_owner=network%3Adhcp HTTP/1.1" status: 200 len: 210 time: 0.0186510
2026-07-16 08:08:00.084 9 INFO neutron.wsgi [req-d2f08d07-32b3-49ab-b4b4-31c2724b6fb6 req-9d51ecd6-bb95-4063-835a-7b82f22994c1 2a4125f0616a4005a9a212b780586efb 38193357b44b4330ab3845d1ccfc7347 - - 13524b305ef34f7ba15bc447ba9ff922 13524b305ef34f7ba15bc447ba9ff922] 199.204.45.4 "GET /v2.0/networks/9d9d244e-f6f9-42c6-884a-242a3d22a14e?fields=segments HTTP/1.1" status: 200 len: 212 time: 0.0651324
2026-07-16 08:08:00.171 9 INFO neutron.wsgi [req-d2f08d07-32b3-49ab-b4b4-31c2724b6fb6 req-0a08fa13-c9a2-439c-b334-a2d96ece7969 2a4125f0616a4005a9a212b780586efb 38193357b44b4330ab3845d1ccfc7347 - - 13524b305ef34f7ba15bc447ba9ff922 13524b305ef34f7ba15bc447ba9ff922] 199.204.45.4 "GET /v2.0/networks/9d9d244e-f6f9-42c6-884a-242a3d22a14e?fields=provider%3Aphysical_network&fields=provider%3Anetwork_type HTTP/1.1" status: 200 len: 277 time: 0.0790033
2026-07-16 08:08:00.208 9 INFO neutron.wsgi [req-d2f08d07-32b3-49ab-b4b4-31c2724b6fb6 req-f1d17fa1-79da-4820-a75e-21ba8ce4fee8 2a4125f0616a4005a9a212b780586efb 38193357b44b4330ab3845d1ccfc7347 - - 13524b305ef34f7ba15bc447ba9ff922 13524b305ef34f7ba15bc447ba9ff922] 199.204.45.4 "GET /v2.0/floatingips?fixed_ip_address=10.2.1.17&port_id=7eeb97cd-6f1b-4a08-850e-9f56ed07586d HTTP/1.1" status: 200 len: 217 time: 0.0308087
2026-07-16 08:08:00.249 9 INFO neutron.wsgi [req-d2f08d07-32b3-49ab-b4b4-31c2724b6fb6 req-30311413-9d15-49ea-8dfd-643d1e411167 2a4125f0616a4005a9a212b780586efb 38193357b44b4330ab3845d1ccfc7347 - - 13524b305ef34f7ba15bc447ba9ff922 13524b305ef34f7ba15bc447ba9ff922] 199.204.45.4 "GET /v2.0/subnets?id=1e3f581e-781e-4cd1-838f-34f3512df737 HTTP/1.1" status: 200 len: 852 time: 0.0345423
2026-07-16 08:08:00.287 9 INFO neutron.wsgi [req-d2f08d07-32b3-49ab-b4b4-31c2724b6fb6 req-dc0e4200-d22b-4036-8b71-832ecf34994f 2a4125f0616a4005a9a212b780586efb 38193357b44b4330ab3845d1ccfc7347 - - 13524b305ef34f7ba15bc447ba9ff922 13524b305ef34f7ba15bc447ba9ff922] 199.204.45.4 "GET /v2.0/ports?network_id=a0b63ce1-e7f1-433b-8aec-16d6ee659085&device_owner=network%3Adhcp HTTP/1.1" status: 200 len: 210 time: 0.0319571
2026-07-16 08:08:00.349 9 INFO neutron.wsgi [req-d2f08d07-32b3-49ab-b4b4-31c2724b6fb6 req-e5c8d651-279d-43e4-9254-2eca23e795a8 2a4125f0616a4005a9a212b780586efb 38193357b44b4330ab3845d1ccfc7347 - - 13524b305ef34f7ba15bc447ba9ff922 13524b305ef34f7ba15bc447ba9ff922] 199.204.45.4 "GET /v2.0/networks/a0b63ce1-e7f1-433b-8aec-16d6ee659085?fields=segments HTTP/1.1" status: 200 len: 212 time: 0.0546525
2026-07-16 08:08:00.432 9 INFO neutron.wsgi [req-d2f08d07-32b3-49ab-b4b4-31c2724b6fb6 req-c3f82e9d-9f1d-43f0-b3e0-0c7b995329b4 2a4125f0616a4005a9a212b780586efb 38193357b44b4330ab3845d1ccfc7347 - - 13524b305ef34f7ba15bc447ba9ff922 13524b305ef34f7ba15bc447ba9ff922] 199.204.45.4 "GET /v2.0/networks/a0b63ce1-e7f1-433b-8aec-16d6ee659085?fields=provider%3Aphysical_network&fields=provider%3Anetwork_type HTTP/1.1" status: 200 len: 277 time: 0.0768676
2026-07-16 08:08:00.462 9 INFO neutron.wsgi [req-d2f08d07-32b3-49ab-b4b4-31c2724b6fb6 req-59c1cf4a-7266-4437-bf15-25f9057f0ff8 2a4125f0616a4005a9a212b780586efb 38193357b44b4330ab3845d1ccfc7347 - - 13524b305ef34f7ba15bc447ba9ff922 13524b305ef34f7ba15bc447ba9ff922] 199.204.45.4 "GET /v2.0/floatingips?fixed_ip_address=10.2.2.201&port_id=833348d4-7380-4e98-a99f-392f1419d872 HTTP/1.1" status: 200 len: 217 time: 0.0229206
2026-07-16 08:08:00.487 9 INFO neutron.wsgi [req-d2f08d07-32b3-49ab-b4b4-31c2724b6fb6 req-40807715-4b03-4ae6-8a59-5e1896743474 2a4125f0616a4005a9a212b780586efb 38193357b44b4330ab3845d1ccfc7347 - - 13524b305ef34f7ba15bc447ba9ff922 13524b305ef34f7ba15bc447ba9ff922] 199.204.45.4 "GET /v2.0/floatingips?fixed_ip_address=fd77%3A1457%3A4cf0%3A26a8%3A%3A357&port_id=833348d4-7380-4e98-a99f-392f1419d872 HTTP/1.1" status: 200 len: 217 time: 0.0182750
2026-07-16 08:08:00.536 9 INFO neutron.wsgi [req-d2f08d07-32b3-49ab-b4b4-31c2724b6fb6 req-2c7e96a2-19d7-4cf8-b8e3-b615e5a8bbf1 2a4125f0616a4005a9a212b780586efb 38193357b44b4330ab3845d1ccfc7347 - - 13524b305ef34f7ba15bc447ba9ff922 13524b305ef34f7ba15bc447ba9ff922] 199.204.45.4 "GET /v2.0/subnets?id=56c1441a-ced0-4f97-82a0-e600723d85a3&id=6b632f25-d8d6-4663-877b-afc967958388 HTTP/1.1" status: 200 len: 1567 time: 0.0408146
2026-07-16 08:08:00.577 9 INFO neutron.wsgi [req-d2f08d07-32b3-49ab-b4b4-31c2724b6fb6 req-ad8ae286-80ff-4654-95fe-fe04dc2cc7d2 2a4125f0616a4005a9a212b780586efb 38193357b44b4330ab3845d1ccfc7347 - - 13524b305ef34f7ba15bc447ba9ff922 13524b305ef34f7ba15bc447ba9ff922] 199.204.45.4 "GET /v2.0/ports?network_id=22bf32f1-e6e2-45c0-ac45-a1b05eb19eee&device_owner=network%3Adhcp HTTP/1.1" status: 200 len: 210 time: 0.0293267
2026-07-16 08:08:00.602 9 INFO neutron.wsgi [req-d2f08d07-32b3-49ab-b4b4-31c2724b6fb6 req-ccfef490-955a-4411-aca4-ccff4b4cb01a 2a4125f0616a4005a9a212b780586efb 38193357b44b4330ab3845d1ccfc7347 - - 13524b305ef34f7ba15bc447ba9ff922 13524b305ef34f7ba15bc447ba9ff922] 199.204.45.4 "GET /v2.0/ports?network_id=22bf32f1-e6e2-45c0-ac45-a1b05eb19eee&device_owner=network%3Adhcp HTTP/1.1" status: 200 len: 210 time: 0.0184250
2026-07-16 08:08:00.685 9 INFO neutron.wsgi [req-d2f08d07-32b3-49ab-b4b4-31c2724b6fb6 req-b0b188f2-66a9-4bcc-af3e-54ae961e80b7 2a4125f0616a4005a9a212b780586efb 38193357b44b4330ab3845d1ccfc7347 - - 13524b305ef34f7ba15bc447ba9ff922 13524b305ef34f7ba15bc447ba9ff922] 199.204.45.4 "GET /v2.0/networks/22bf32f1-e6e2-45c0-ac45-a1b05eb19eee?fields=segments HTTP/1.1" status: 200 len: 212 time: 0.0747697
2026-07-16 08:08:00.764 9 INFO neutron.wsgi [req-d2f08d07-32b3-49ab-b4b4-31c2724b6fb6 req-54fb9dab-38e2-4b85-b85f-7e605117fbb3 2a4125f0616a4005a9a212b780586efb 38193357b44b4330ab3845d1ccfc7347 - - 13524b305ef34f7ba15bc447ba9ff922 13524b305ef34f7ba15bc447ba9ff922] 199.204.45.4 "GET /v2.0/networks/22bf32f1-e6e2-45c0-ac45-a1b05eb19eee?fields=provider%3Aphysical_network&fields=provider%3Anetwork_type HTTP/1.1" status: 200 len: 277 time: 0.0733569
2026-07-16 08:08:00.859 9 INFO neutron.wsgi [req-dafcb804-66d9-4a0a-88d4-f835e6ea4f86 req-5a8591bd-615e-4cb4-8919-6be6fec61915 2a4125f0616a4005a9a212b780586efb 38193357b44b4330ab3845d1ccfc7347 - - 13524b305ef34f7ba15bc447ba9ff922 13524b305ef34f7ba15bc447ba9ff922] 199.204.45.4 "GET /v2.0/ports?tenant_id=71de93269cbc4b9c918ca7e83e197a78&device_id=6753ecd4-d116-4f17-a659-79054d859424 HTTP/1.1" status: 200 len: 5347 time: 0.0525146
2026-07-16 08:08:00.864 9 INFO neutron.plugins.ml2.drivers.ovn.mech_driver.mech_driver [None req-9922bd46-0a33-49c9-aed7-aec754b2273a - - - - - -] OVN reports status up for port: 833348d4-7380-4e98-a99f-392f1419d872
2026-07-16 08:08:00.931 9 INFO neutron.plugins.ml2.plugin [None req-9922bd46-0a33-49c9-aed7-aec754b2273a - - - - - -] Attempt 1 to provision port 833348d4-7380-4e98-a99f-392f1419d872
2026-07-16 08:08:00.970 9 INFO neutron.wsgi [req-dafcb804-66d9-4a0a-88d4-f835e6ea4f86 req-0598bcc7-06c8-488e-a448-51454139a283 2a4125f0616a4005a9a212b780586efb 38193357b44b4330ab3845d1ccfc7347 - - 13524b305ef34f7ba15bc447ba9ff922 13524b305ef34f7ba15bc447ba9ff922] 199.204.45.4 "GET /v2.0/networks?id=22bf32f1-e6e2-45c0-ac45-a1b05eb19eee HTTP/1.1" status: 200 len: 1001 time: 0.0961313
2026-07-16 08:08:01.010 9 INFO neutron.wsgi [req-dafcb804-66d9-4a0a-88d4-f835e6ea4f86 req-00ce4a61-d784-48d9-83f5-8720bdaa65ac 2a4125f0616a4005a9a212b780586efb 38193357b44b4330ab3845d1ccfc7347 - - 13524b305ef34f7ba15bc447ba9ff922 13524b305ef34f7ba15bc447ba9ff922] 199.204.45.4 "GET /v2.0/floatingips?fixed_ip_address=10.2.2.201&port_id=833348d4-7380-4e98-a99f-392f1419d872 HTTP/1.1" status: 200 len: 217 time: 0.0239375
2026-07-16 08:08:01.049 9 INFO neutron.wsgi [req-dafcb804-66d9-4a0a-88d4-f835e6ea4f86 req-2029e019-7e57-49fd-bfe7-9cb610e043fe 2a4125f0616a4005a9a212b780586efb 38193357b44b4330ab3845d1ccfc7347 - - 13524b305ef34f7ba15bc447ba9ff922 13524b305ef34f7ba15bc447ba9ff922] 199.204.45.4 "GET /v2.0/floatingips?fixed_ip_address=fd77%3A1457%3A4cf0%3A26a8%3A%3A357&port_id=833348d4-7380-4e98-a99f-392f1419d872 HTTP/1.1" status: 200 len: 217 time: 0.0304434
2026-07-16 08:08:01.101 9 INFO neutron.wsgi [req-dafcb804-66d9-4a0a-88d4-f835e6ea4f86 req-3711a2e7-ddf7-4271-a2dc-0305a03adb85 2a4125f0616a4005a9a212b780586efb 38193357b44b4330ab3845d1ccfc7347 - - 13524b305ef34f7ba15bc447ba9ff922 13524b305ef34f7ba15bc447ba9ff922] 199.204.45.4 "GET /v2.0/subnets?id=56c1441a-ced0-4f97-82a0-e600723d85a3&id=6b632f25-d8d6-4663-877b-afc967958388 HTTP/1.1" status: 200 len: 1567 time: 0.0429125
2026-07-16 08:08:01.116 10 INFO neutron.wsgi [req-d2f08d07-32b3-49ab-b4b4-31c2724b6fb6 req-40873b8b-b33f-485a-8386-60e470e1daf6 3c16e09ca97c48abbb60d81debe674d1 71de93269cbc4b9c918ca7e83e197a78 - - default default] 10.0.0.18 "GET /v2.0/ports/833348d4-7380-4e98-a99f-392f1419d872 HTTP/1.1" status: 200 len: 1639 time: 0.0400791
2026-07-16 08:08:01.140 9 INFO neutron.wsgi [req-dafcb804-66d9-4a0a-88d4-f835e6ea4f86 req-e5a14d56-15b9-4991-a3e1-c3211af5fd1f 2a4125f0616a4005a9a212b780586efb 38193357b44b4330ab3845d1ccfc7347 - - 13524b305ef34f7ba15bc447ba9ff922 13524b305ef34f7ba15bc447ba9ff922] 199.204.45.4 "GET /v2.0/ports?network_id=22bf32f1-e6e2-45c0-ac45-a1b05eb19eee&device_owner=network%3Adhcp HTTP/1.1" status: 200 len: 210 time: 0.0313253
2026-07-16 08:08:01.176 10 INFO neutron.wsgi [None req-c2612b9e-8010-4af3-a6c4-d859b0c0eac6 3c16e09ca97c48abbb60d81debe674d1 71de93269cbc4b9c918ca7e83e197a78 - - default default] 199.204.45.4 "GET /v2.0/ports/833348d4-7380-4e98-a99f-392f1419d872 HTTP/1.1" status: 200 len: 1639 time: 0.0431216
2026-07-16 08:08:01.177 9 INFO neutron.wsgi [req-dafcb804-66d9-4a0a-88d4-f835e6ea4f86 req-7ff64835-d069-40c1-88aa-3f6caf4adb93 2a4125f0616a4005a9a212b780586efb 38193357b44b4330ab3845d1ccfc7347 - - 13524b305ef34f7ba15bc447ba9ff922 13524b305ef34f7ba15bc447ba9ff922] 199.204.45.4 "GET /v2.0/ports?network_id=22bf32f1-e6e2-45c0-ac45-a1b05eb19eee&device_owner=network%3Adhcp HTTP/1.1" status: 200 len: 210 time: 0.0302734
2026-07-16 08:08:01.220 10 INFO neutron.wsgi [None req-81d0c267-03c9-4501-a95e-2dce8820f2b4 3c16e09ca97c48abbb60d81debe674d1 71de93269cbc4b9c918ca7e83e197a78 - - default default] 199.204.45.4 "GET /v2.0/ports/833348d4-7380-4e98-a99f-392f1419d872 HTTP/1.1" status: 200 len: 1639 time: 0.0376768
2026-07-16 08:08:01.259 9 INFO neutron.wsgi [req-dafcb804-66d9-4a0a-88d4-f835e6ea4f86 req-ce68dcd7-b1b3-4547-815d-7b15b807da0a 2a4125f0616a4005a9a212b780586efb 38193357b44b4330ab3845d1ccfc7347 - - 13524b305ef34f7ba15bc447ba9ff922 13524b305ef34f7ba15bc447ba9ff922] 199.204.45.4 "GET /v2.0/networks/22bf32f1-e6e2-45c0-ac45-a1b05eb19eee?fields=segments HTTP/1.1" status: 200 len: 212 time: 0.0777969
2026-07-16 08:08:01.341 9 INFO neutron.wsgi [req-dafcb804-66d9-4a0a-88d4-f835e6ea4f86 req-2f7d6f58-5ea3-4043-a6a1-25fdb5edd19a 2a4125f0616a4005a9a212b780586efb 38193357b44b4330ab3845d1ccfc7347 - - 13524b305ef34f7ba15bc447ba9ff922 13524b305ef34f7ba15bc447ba9ff922] 199.204.45.4 "GET /v2.0/networks/22bf32f1-e6e2-45c0-ac45-a1b05eb19eee?fields=provider%3Aphysical_network&fields=provider%3Anetwork_type HTTP/1.1" status: 200 len: 277 time: 0.0716949
2026-07-16 08:08:01.361 9 INFO neutron.db.ovn_revision_numbers_db [None req-9922bd46-0a33-49c9-aed7-aec754b2273a - - - - - -] Successfully bumped revision number for resource 833348d4-7380-4e98-a99f-392f1419d872 (type: ports) to 4
2026-07-16 08:08:01.651 9 INFO neutron.notifiers.nova [-] Nova event matching ['req-71c3192b-b034-49cb-b40e-e4caa7183255'] response: {'server_uuid': '6753ecd4-d116-4f17-a659-79054d859424', 'name': 'network-vif-plugged', 'status': 'completed', 'tag': '833348d4-7380-4e98-a99f-392f1419d872', 'code': 200}
2026-07-16 08:08:01.652 9 INFO neutron.notifiers.nova [-] Nova event matching ['req-71c3192b-b034-49cb-b40e-e4caa7183255'] response: {'server_uuid': '6753ecd4-d116-4f17-a659-79054d859424', 'name': 'network-vif-plugged', 'status': 'completed', 'tag': '833348d4-7380-4e98-a99f-392f1419d872', 'code': 200}
2026-07-16 08:08:01.893 10 INFO neutron.db.ovn_revision_numbers_db [None req-c14c4cea-6668-4c51-8df9-66f717c1ed93 3c16e09ca97c48abbb60d81debe674d1 71de93269cbc4b9c918ca7e83e197a78 - - default default] Successfully bumped revision number for resource 833348d4-7380-4e98-a99f-392f1419d872 (type: ports) to 5
2026-07-16 08:08:01.905 10 INFO neutron.wsgi [None req-c14c4cea-6668-4c51-8df9-66f717c1ed93 3c16e09ca97c48abbb60d81debe674d1 71de93269cbc4b9c918ca7e83e197a78 - - default default] 199.204.45.4 "PUT /v2.0/ports/833348d4-7380-4e98-a99f-392f1419d872 HTTP/1.1" status: 200 len: 1378 time: 0.6773813 /var/lib/openstack/lib/python3.10/site-packages/pycadf/identifier.py:71: UserWarning: Invalid uuid: neutron. To ensure interoperability, identifiers should be a valid uuid. warnings.warn(('Invalid uuid: %s. To ensure interoperability, '
2026-07-16 08:08:01.961 10 INFO neutron.notifiers.nova [-] Nova event matching ['req-ee4c257c-21ec-4bc4-855d-b86964d8977f'] response: {'name': 'network-changed', 'server_uuid': '6753ecd4-d116-4f17-a659-79054d859424', 'tag': '833348d4-7380-4e98-a99f-392f1419d872', 'status': 'completed', 'code': 200} /var/lib/openstack/lib/python3.10/site-packages/pycadf/identifier.py:71: UserWarning: Invalid uuid: neutron. To ensure interoperability, identifiers should be a valid uuid. warnings.warn(('Invalid uuid: %s. To ensure interoperability, '
2026-07-16 08:08:01.989 10 INFO neutron.wsgi [None req-c7b7b139-dcab-4d8e-9fab-985da6bdf6f2 3c16e09ca97c48abbb60d81debe674d1 71de93269cbc4b9c918ca7e83e197a78 - - default default] 199.204.45.4 "GET /v2.0/networks/22bf32f1-e6e2-45c0-ac45-a1b05eb19eee HTTP/1.1" status: 200 len: 998 time: 0.0772808
2026-07-16 08:08:02.024 10 INFO neutron.wsgi [None req-c3c93b3f-aa3c-4529-8f4a-f71a2383ff58 3c16e09ca97c48abbb60d81debe674d1 71de93269cbc4b9c918ca7e83e197a78 - - default default] 199.204.45.4 "GET /v2.0/subnets/6b632f25-d8d6-4663-877b-afc967958388 HTTP/1.1" status: 200 len: 849 time: 0.0281878
2026-07-16 08:08:02.030 9 INFO neutron.wsgi [req-032af291-be1e-4dcd-984d-4f8e5500c26d req-03ff39c7-d02c-459a-ae86-fe57fb185f12 2a4125f0616a4005a9a212b780586efb 38193357b44b4330ab3845d1ccfc7347 - - 13524b305ef34f7ba15bc447ba9ff922 13524b305ef34f7ba15bc447ba9ff922] 199.204.45.4 "GET /v2.0/ports?tenant_id=71de93269cbc4b9c918ca7e83e197a78&device_id=6753ecd4-d116-4f17-a659-79054d859424 HTTP/1.1" status: 200 len: 5116 time: 0.0543287
2026-07-16 08:08:02.094 9 INFO neutron.wsgi [req-032af291-be1e-4dcd-984d-4f8e5500c26d req-503c3963-b16a-4d4d-af15-6d443616e487 2a4125f0616a4005a9a212b780586efb 38193357b44b4330ab3845d1ccfc7347 - - 13524b305ef34f7ba15bc447ba9ff922 13524b305ef34f7ba15bc447ba9ff922] 199.204.45.4 "GET /v2.0/networks?id=22bf32f1-e6e2-45c0-ac45-a1b05eb19eee HTTP/1.1" status: 200 len: 1001 time: 0.0634947
2026-07-16 08:08:02.130 10 INFO neutron.wsgi [None req-8591200a-85fa-4396-82c8-607976a73905 3c16e09ca97c48abbb60d81debe674d1 71de93269cbc4b9c918ca7e83e197a78 - - default default] 199.204.45.4 "GET /v2.0/extensions/security-group HTTP/1.1" status: 200 len: 369 time: 0.0082853
2026-07-16 08:08:02.132 9 INFO neutron.wsgi [req-032af291-be1e-4dcd-984d-4f8e5500c26d req-32e42cd1-7222-4621-9ae0-3e17865d8d50 2a4125f0616a4005a9a212b780586efb 38193357b44b4330ab3845d1ccfc7347 - - 13524b305ef34f7ba15bc447ba9ff922 13524b305ef34f7ba15bc447ba9ff922] 199.204.45.4 "GET /v2.0/floatingips?fixed_ip_address=10.2.2.201&port_id=833348d4-7380-4e98-a99f-392f1419d872 HTTP/1.1" status: 200 len: 217 time: 0.0311606
2026-07-16 08:08:02.138 10 INFO neutron.wsgi [None req-5db9aa4f-18e6-4e93-b3e4-591a91e73275 3c16e09ca97c48abbb60d81debe674d1 71de93269cbc4b9c918ca7e83e197a78 - - default default] 199.204.45.4 "GET /v2.0/extensions/dns-integration HTTP/1.1" status: 200 len: 371 time: 0.0037868
2026-07-16 08:08:02.146 10 INFO neutron.wsgi [None req-f2819c71-376e-4055-acaf-e46e50c1afaa 3c16e09ca97c48abbb60d81debe674d1 71de93269cbc4b9c918ca7e83e197a78 - - default default] 199.204.45.4 "GET /v2.0/extensions/qos HTTP/1.1" status: 200 len: 365 time: 0.0046604
2026-07-16 08:08:02.155 10 INFO neutron.wsgi [None req-b0d05c25-97ad-4bd3-9f9f-f8753a8f7f03 3c16e09ca97c48abbb60d81debe674d1 71de93269cbc4b9c918ca7e83e197a78 - - default default] 199.204.45.4 "GET /v2.0/extensions/allowed-address-pairs HTTP/1.1" status: 200 len: 383 time: 0.0048227
2026-07-16 08:08:02.169 9 INFO neutron.wsgi [req-032af291-be1e-4dcd-984d-4f8e5500c26d req-0d5e08c7-47cf-4027-bc48-e68bd90ce949 2a4125f0616a4005a9a212b780586efb 38193357b44b4330ab3845d1ccfc7347 - - 13524b305ef34f7ba15bc447ba9ff922 13524b305ef34f7ba15bc447ba9ff922] 199.204.45.4 "GET /v2.0/subnets?id=6b632f25-d8d6-4663-877b-afc967958388 HTTP/1.1" status: 200 len: 852 time: 0.0316792
2026-07-16 08:08:02.191 10 INFO neutron.wsgi [None req-861e8129-db3f-48ff-8ac7-37f1e938a5d8 3c16e09ca97c48abbb60d81debe674d1 71de93269cbc4b9c918ca7e83e197a78 - - default default] 199.204.45.4 "GET /v2.0/subnets/4ff474fb-c188-4477-adda-ce5729c9e4ac HTTP/1.1" status: 200 len: 851 time: 0.0317948
2026-07-16 08:08:02.197 9 INFO neutron.wsgi [req-032af291-be1e-4dcd-984d-4f8e5500c26d req-2dfdb7ba-ee06-4a06-b445-12ffd25f7ff7 2a4125f0616a4005a9a212b780586efb 38193357b44b4330ab3845d1ccfc7347 - - 13524b305ef34f7ba15bc447ba9ff922 13524b305ef34f7ba15bc447ba9ff922] 199.204.45.4 "GET /v2.0/ports?network_id=22bf32f1-e6e2-45c0-ac45-a1b05eb19eee&device_owner=network%3Adhcp HTTP/1.1" status: 200 len: 210 time: 0.0204220
2026-07-16 08:08:02.234 10 INFO neutron.wsgi [None req-27e6dbb4-a52b-47c4-bc75-cb1b2bad0f2e 3c16e09ca97c48abbb60d81debe674d1 71de93269cbc4b9c918ca7e83e197a78 - - default default] 199.204.45.4 "GET /v2.0/ports/0a771d11-f75a-4101-95d3-fd0c849563c3 HTTP/1.1" status: 200 len: 1340 time: 0.0341508
2026-07-16 08:08:02.268 10 INFO neutron.wsgi [None req-09053ef0-6afe-42a8-8e4f-32041a6fa690 3c16e09ca97c48abbb60d81debe674d1 71de93269cbc4b9c918ca7e83e197a78 - - default default] 199.204.45.4 "GET /v2.0/ports/d9af04c8-3bbc-4ba6-81d7-d8f55b770dac HTTP/1.1" status: 200 len: 1519 time: 0.0297196
2026-07-16 08:08:02.275 9 INFO neutron.wsgi [req-032af291-be1e-4dcd-984d-4f8e5500c26d req-cc283ec0-2819-4646-88ea-5e0ac31d069e 2a4125f0616a4005a9a212b780586efb 38193357b44b4330ab3845d1ccfc7347 - - 13524b305ef34f7ba15bc447ba9ff922 13524b305ef34f7ba15bc447ba9ff922] 199.204.45.4 "GET /v2.0/networks/22bf32f1-e6e2-45c0-ac45-a1b05eb19eee?fields=segments HTTP/1.1" status: 200 len: 212 time: 0.0714216
2026-07-16 08:08:02.311 10 INFO neutron.wsgi [None req-193b4aba-ebf8-46e1-85d3-572249aa4a7a 3c16e09ca97c48abbb60d81debe674d1 71de93269cbc4b9c918ca7e83e197a78 - - default default] 199.204.45.4 "GET /v2.0/subnets/4ff474fb-c188-4477-adda-ce5729c9e4ac HTTP/1.1" status: 200 len: 851 time: 0.0356858
2026-07-16 08:08:02.348 9 INFO neutron.wsgi [req-032af291-be1e-4dcd-984d-4f8e5500c26d req-93fa715c-a0db-4228-87ac-ca2b35df3654 2a4125f0616a4005a9a212b780586efb 38193357b44b4330ab3845d1ccfc7347 - - 13524b305ef34f7ba15bc447ba9ff922 13524b305ef34f7ba15bc447ba9ff922] 199.204.45.4 "GET /v2.0/networks/22bf32f1-e6e2-45c0-ac45-a1b05eb19eee?fields=provider%3Aphysical_network&fields=provider%3Anetwork_type HTTP/1.1" status: 200 len: 277 time: 0.0647688
2026-07-16 08:08:02.372 10 INFO neutron.wsgi [None req-4bffce17-89b3-477e-bc9f-31f24e62859e 3c16e09ca97c48abbb60d81debe674d1 71de93269cbc4b9c918ca7e83e197a78 - - default default] 199.204.45.4 "GET /v2.0/networks/9d9d244e-f6f9-42c6-884a-242a3d22a14e HTTP/1.1" status: 200 len: 1001 time: 0.0535214
2026-07-16 08:08:02.416 10 INFO neutron.wsgi [None req-bc07215c-5181-4ab9-8a29-4b4be6c8b019 3c16e09ca97c48abbb60d81debe674d1 71de93269cbc4b9c918ca7e83e197a78 - - default default] 199.204.45.4 "GET /v2.0/ports/0a771d11-f75a-4101-95d3-fd0c849563c3 HTTP/1.1" status: 200 len: 1340 time: 0.0386765
2026-07-16 08:08:02.455 10 INFO neutron.wsgi [None req-391912ed-00fb-48f3-aa93-05f825f80c1f 3c16e09ca97c48abbb60d81debe674d1 71de93269cbc4b9c918ca7e83e197a78 - - default default] 199.204.45.4 "GET /v2.0/subnets/4ff474fb-c188-4477-adda-ce5729c9e4ac HTTP/1.1" status: 200 len: 851 time: 0.0332205
2026-07-16 08:08:11.397 10 INFO neutron.wsgi [None req-078f3283-27e3-4327-96ad-6f630c1fa78a 3c16e09ca97c48abbb60d81debe674d1 71de93269cbc4b9c918ca7e83e197a78 - - default default] 199.204.45.4 "GET /v2.0/extensions/security-group HTTP/1.1" status: 200 len: 369 time: 0.0094192
2026-07-16 08:08:11.410 10 INFO neutron.wsgi [None req-ff78e198-c140-42c3-8039-26fadd895241 3c16e09ca97c48abbb60d81debe674d1 71de93269cbc4b9c918ca7e83e197a78 - - default default] 199.204.45.4 "GET /v2.0/extensions/dns-integration HTTP/1.1" status: 200 len: 371 time: 0.0079398
2026-07-16 08:08:11.419 10 INFO neutron.wsgi [None req-fa508281-46c9-4451-b7c2-73ed72d8e190 3c16e09ca97c48abbb60d81debe674d1 71de93269cbc4b9c918ca7e83e197a78 - - default default] 199.204.45.4 "GET /v2.0/extensions/qos HTTP/1.1" status: 200 len: 365 time: 0.0047393
2026-07-16 08:08:11.432 10 INFO neutron.wsgi [None req-de4180c6-c208-4212-ad47-6a2d76bd1b29 3c16e09ca97c48abbb60d81debe674d1 71de93269cbc4b9c918ca7e83e197a78 - - default default] 199.204.45.4 "GET /v2.0/extensions/allowed-address-pairs HTTP/1.1" status: 200 len: 383 time: 0.0087020
2026-07-16 08:08:11.479 10 INFO neutron.wsgi [None req-2da75767-98b8-4dc7-9391-2e2ab7bd3b02 3c16e09ca97c48abbb60d81debe674d1 71de93269cbc4b9c918ca7e83e197a78 - - default default] 199.204.45.4 "GET /v2.0/subnets/1e3f581e-781e-4cd1-838f-34f3512df737 HTTP/1.1" status: 200 len: 849 time: 0.0407963
2026-07-16 08:08:11.538 10 INFO neutron.wsgi [None req-5379e478-6d2b-43ff-88d4-6c1c5d065935 3c16e09ca97c48abbb60d81debe674d1 71de93269cbc4b9c918ca7e83e197a78 - - default default] 199.204.45.4 "GET /v2.0/ports?device_id=6753ecd4-d116-4f17-a659-79054d859424 HTTP/1.1" status: 200 len: 5116 time: 0.0531414
2026-07-16 08:08:11.709 10 INFO neutron.wsgi [None req-f7b822fb-1bff-4b8f-b49a-a24d4aadfa59 3c16e09ca97c48abbb60d81debe674d1 71de93269cbc4b9c918ca7e83e197a78 - - default default] 199.204.45.4 "GET /v2.0/extensions/security-group HTTP/1.1" status: 200 len: 369 time: 0.0109241
2026-07-16 08:08:11.720 10 INFO neutron.wsgi [None req-e94ef53d-7c54-4be4-8922-146f08a446e7 3c16e09ca97c48abbb60d81debe674d1 71de93269cbc4b9c918ca7e83e197a78 - - default default] 199.204.45.4 "GET /v2.0/extensions/dns-integration HTTP/1.1" status: 200 len: 371 time: 0.0041614
2026-07-16 08:08:11.727 10 INFO neutron.wsgi [None req-73bedca1-c145-4df3-99e2-6d27031a0237 3c16e09ca97c48abbb60d81debe674d1 71de93269cbc4b9c918ca7e83e197a78 - - default default] 199.204.45.4 "GET /v2.0/extensions/qos HTTP/1.1" status: 200 len: 365 time: 0.0031366
2026-07-16 08:08:11.735 10 INFO neutron.wsgi [None req-b05f17f0-7bd7-4ec9-bf6c-4d640dfc98cc 3c16e09ca97c48abbb60d81debe674d1 71de93269cbc4b9c918ca7e83e197a78 - - default default] 199.204.45.4 "GET /v2.0/extensions/allowed-address-pairs HTTP/1.1" status: 200 len: 383 time: 0.0046194
2026-07-16 08:08:11.782 10 INFO neutron.wsgi [None req-5d82344e-da9d-4ec7-8969-4f0d991b1950 3c16e09ca97c48abbb60d81debe674d1 71de93269cbc4b9c918ca7e83e197a78 - - default default] 199.204.45.4 "GET /v2.0/ports/833348d4-7380-4e98-a99f-392f1419d872 HTTP/1.1" status: 200 len: 1406 time: 0.0371242
2026-07-16 08:08:11.882 10 INFO neutron.wsgi [-] 10.0.0.160 "GET / HTTP/1.1" status: 200 len: 246 time: 0.0012887
2026-07-16 08:08:11.894 9 INFO neutron.wsgi [-] 10.0.0.160 "GET / HTTP/1.1" status: 200 len: 246 time: 0.0116529
2026-07-16 08:08:12.247 10 INFO neutron.db.ovn_revision_numbers_db [None req-ad4772c8-eb41-4a60-85d2-23a67b679280 3c16e09ca97c48abbb60d81debe674d1 71de93269cbc4b9c918ca7e83e197a78 - - default default] Successfully bumped revision number for resource 833348d4-7380-4e98-a99f-392f1419d872 (type: ports) to 6
2026-07-16 08:08:12.260 10 INFO neutron.wsgi [None req-ad4772c8-eb41-4a60-85d2-23a67b679280 3c16e09ca97c48abbb60d81debe674d1 71de93269cbc4b9c918ca7e83e197a78 - - default default] 199.204.45.4 "PUT /v2.0/ports/833348d4-7380-4e98-a99f-392f1419d872 HTTP/1.1" status: 200 len: 1203 time: 0.4672379 /var/lib/openstack/lib/python3.10/site-packages/pycadf/identifier.py:71: UserWarning: Invalid uuid: neutron. To ensure interoperability, identifiers should be a valid uuid. warnings.warn(('Invalid uuid: %s. To ensure interoperability, '
2026-07-16 08:08:12.302 10 INFO neutron.notifiers.nova [-] Nova event matching ['req-6083b059-1d3f-49be-ab3a-21c526799df9'] response: {'name': 'network-changed', 'server_uuid': '6753ecd4-d116-4f17-a659-79054d859424', 'tag': '833348d4-7380-4e98-a99f-392f1419d872', 'status': 'completed', 'code': 200}
2026-07-16 08:08:12.325 10 INFO neutron.wsgi [None req-81f0b986-74ae-43c8-a956-fd78891fc821 3c16e09ca97c48abbb60d81debe674d1 71de93269cbc4b9c918ca7e83e197a78 - - default default] 199.204.45.4 "GET /v2.0/networks/22bf32f1-e6e2-45c0-ac45-a1b05eb19eee HTTP/1.1" status: 200 len: 998 time: 0.0573761
2026-07-16 08:08:12.380 10 INFO neutron.wsgi [None req-c993fc39-7303-4a25-a779-27908696139f 3c16e09ca97c48abbb60d81debe674d1 71de93269cbc4b9c918ca7e83e197a78 - - default default] 199.204.45.4 "GET /v2.0/ports?device_id=6753ecd4-d116-4f17-a659-79054d859424 HTTP/1.1" status: 200 len: 4941 time: 0.0485082
2026-07-16 08:08:12.526 10 INFO neutron.wsgi [None req-71df0d9f-68f3-4fd0-b6eb-9978d8f8db01 3c16e09ca97c48abbb60d81debe674d1 71de93269cbc4b9c918ca7e83e197a78 - - default default] 199.204.45.4 "GET /v2.0/ports?device_id=6753ecd4-d116-4f17-a659-79054d859424 HTTP/1.1" status: 200 len: 4941 time: 0.0580974
2026-07-16 08:08:12.672 9 INFO neutron.wsgi [req-06d25469-f4cf-4784-9f74-e2a869ecaa33 req-59bd8049-d40c-4883-9512-552a673e6e4d 2a4125f0616a4005a9a212b780586efb 38193357b44b4330ab3845d1ccfc7347 - - 13524b305ef34f7ba15bc447ba9ff922 13524b305ef34f7ba15bc447ba9ff922] 199.204.45.4 "GET /v2.0/ports?tenant_id=71de93269cbc4b9c918ca7e83e197a78&device_id=6753ecd4-d116-4f17-a659-79054d859424 HTTP/1.1" status: 200 len: 4941 time: 0.3297126
2026-07-16 08:08:12.744 9 INFO neutron.wsgi [req-06d25469-f4cf-4784-9f74-e2a869ecaa33 req-361fada7-7a25-4ef9-9ee9-a443052178d6 2a4125f0616a4005a9a212b780586efb 38193357b44b4330ab3845d1ccfc7347 - - 13524b305ef34f7ba15bc447ba9ff922 13524b305ef34f7ba15bc447ba9ff922] 199.204.45.4 "GET /v2.0/networks?id=22bf32f1-e6e2-45c0-ac45-a1b05eb19eee HTTP/1.1" status: 200 len: 1001 time: 0.0653808
2026-07-16 08:08:12.756 9 INFO neutron.plugins.ml2.drivers.ovn.mech_driver.mech_driver [None req-9922bd46-0a33-49c9-aed7-aec754b2273a - - - - - -] OVN reports status down for port: 833348d4-7380-4e98-a99f-392f1419d872
2026-07-16 08:08:12.839 9 INFO neutron.wsgi [req-f475ab9d-a177-4162-806d-bc25351c412d req-a575307b-1170-4649-b0df-945c899e4e08 2a4125f0616a4005a9a212b780586efb 38193357b44b4330ab3845d1ccfc7347 - - 13524b305ef34f7ba15bc447ba9ff922 13524b305ef34f7ba15bc447ba9ff922] 199.204.45.4 "GET /v2.0/ports/833348d4-7380-4e98-a99f-392f1419d872 HTTP/1.1" status: 200 len: 1231 time: 0.0478344
2026-07-16 08:08:12.860 9 INFO neutron.wsgi [req-06d25469-f4cf-4784-9f74-e2a869ecaa33 req-11c5d6ea-c8c9-415f-b5f4-d54229a08383 2a4125f0616a4005a9a212b780586efb 38193357b44b4330ab3845d1ccfc7347 - - 13524b305ef34f7ba15bc447ba9ff922 13524b305ef34f7ba15bc447ba9ff922] 199.204.45.4 "GET /v2.0/networks/22bf32f1-e6e2-45c0-ac45-a1b05eb19eee?fields=segments HTTP/1.1" status: 200 len: 212 time: 0.1073065
2026-07-16 08:08:12.975 9 INFO neutron.wsgi [req-06d25469-f4cf-4784-9f74-e2a869ecaa33 req-84814a4e-16b7-4518-b76c-bec237144998 2a4125f0616a4005a9a212b780586efb 38193357b44b4330ab3845d1ccfc7347 - - 13524b305ef34f7ba15bc447ba9ff922 13524b305ef34f7ba15bc447ba9ff922] 199.204.45.4 "GET /v2.0/networks/22bf32f1-e6e2-45c0-ac45-a1b05eb19eee?fields=provider%3Aphysical_network&fields=provider%3Anetwork_type HTTP/1.1" status: 200 len: 277 time: 0.1047459
2026-07-16 08:08:12.983 9 INFO neutron.notifiers.nova [-] Nova event matching ['req-a2b6f9ce-060f-43a3-87a5-cf5101ae6720'] response: {'server_uuid': '6753ecd4-d116-4f17-a659-79054d859424', 'name': 'network-vif-unplugged', 'status': 'completed', 'tag': '833348d4-7380-4e98-a99f-392f1419d872', 'code': 200}
2026-07-16 08:08:13.171 9 INFO neutron.db.ovn_revision_numbers_db [None req-9922bd46-0a33-49c9-aed7-aec754b2273a - - - - - -] Successfully bumped revision number for resource 833348d4-7380-4e98-a99f-392f1419d872 (type: ports) to 7
2026-07-16 08:08:13.177 9 ERROR ovsdbapp.backend.ovs_idl.command [None req-9922bd46-0a33-49c9-aed7-aec754b2273a - - - - - -] Error executing command (LspGetUpCommand): ovsdbapp.backend.ovs_idl.idlutils.RowNotFound: Cannot find Logical_Switch_Port with name=833348d4-7380-4e98-a99f-392f1419d872
2026-07-16 08:08:13.177 9 ERROR ovsdbapp.backend.ovs_idl.command
Traceback (most recent call last):
2026-07-16 08:08:13.177 9 ERROR ovsdbapp.backend.ovs_idl.command
File "/var/lib/openstack/lib/python3.10/site-packages/ovsdbapp/backend/ovs_idl/command.py", line 47, in execute
2026-07-16 08:08:13.177 9 ERROR ovsdbapp.backend.ovs_idl.command self.run_idl(None)
2026-07-16 08:08:13.177 9 ERROR ovsdbapp.backend.ovs_idl.command
File "/var/lib/openstack/lib/python3.10/site-packages/ovsdbapp/schema/ovn_northbound/commands.py", line 672, in run_idl
2026-07-16 08:08:13.177 9 ERROR ovsdbapp.backend.ovs_idl.command lsp = self.api.lookup('Logical_Switch_Port', self.port)
2026-07-16 08:08:13.177 9 ERROR ovsdbapp.backend.ovs_idl.command
File "/var/lib/openstack/lib/python3.10/site-packages/ovsdbapp/backend/ovs_idl/__init__.py", line 184, in lookup
2026-07-16 08:08:13.177 9 ERROR ovsdbapp.backend.ovs_idl.command return self._lookup(table, record)
2026-07-16 08:08:13.177 9 ERROR ovsdbapp.backend.ovs_idl.command
File "/var/lib/openstack/lib/python3.10/site-packages/ovsdbapp/backend/ovs_idl/__init__.py", line 235, in _lookup
2026-07-16 08:08:13.177 9 ERROR ovsdbapp.backend.ovs_idl.command row = idlutils.row_by_value(self, rl.table, rl.column, record)
2026-07-16 08:08:13.177 9 ERROR ovsdbapp.backend.ovs_idl.command
File "/var/lib/openstack/lib/python3.10/site-packages/ovsdbapp/backend/ovs_idl/idlutils.py", line 114, in row_by_value
2026-07-16 08:08:13.177 9 ERROR ovsdbapp.backend.ovs_idl.command raise RowNotFound(table=table, col=column, match=match)
2026-07-16 08:08:13.177 9 ERROR ovsdbapp.backend.ovs_idl.command ovsdbapp.backend.ovs_idl.idlutils.RowNotFound: Cannot find Logical_Switch_Port with name=833348d4-7380-4e98-a99f-392f1419d872
2026-07-16 08:08:13.177 9 ERROR ovsdbapp.backend.ovs_idl.command 
2026-07-16 08:08:13.179 9 ERROR ovsdbapp.event [None req-9922bd46-0a33-49c9-aed7-aec754b2273a - - - - - -] Unexpected exception in notify_loop: ovsdbapp.backend.ovs_idl.idlutils.RowNotFound: Cannot find Logical_Switch_Port with name=833348d4-7380-4e98-a99f-392f1419d872
2026-07-16 08:08:13.179 9 ERROR ovsdbapp.event
Traceback (most recent call last):
2026-07-16 08:08:13.179 9 ERROR ovsdbapp.event
File "/var/lib/openstack/lib/python3.10/site-packages/ovsdbapp/event.py", line 177, in notify_loop
2026-07-16 08:08:13.179 9 ERROR ovsdbapp.event match.run(event, row, updates)
2026-07-16 08:08:13.179 9 ERROR ovsdbapp.event
File "/var/lib/openstack/lib/python3.10/site-packages/neutron/plugins/ml2/drivers/ovn/mech_driver/ovsdb/ovsdb_monitor.py", line 543, in run
2026-07-16 08:08:13.179 9 ERROR ovsdbapp.event self.driver.set_port_status_down(row.name)
2026-07-16 08:08:13.179 9 ERROR ovsdbapp.event
File "/var/lib/openstack/lib/python3.10/site-packages/neutron/plugins/ml2/drivers/ovn/mech_driver/mech_driver.py", line 1241, in set_port_status_down
2026-07-16 08:08:13.179 9 ERROR ovsdbapp.event self._ovn_client.update_lsp_host_info(
2026-07-16 08:08:13.179 9 ERROR ovsdbapp.event
File "/var/lib/openstack/lib/python3.10/site-packages/neutron/plugins/ml2/drivers/ovn/mech_driver/ovsdb/ovn_client.py", line 297, in update_lsp_host_info
2026-07-16 08:08:13.179 9 ERROR ovsdbapp.event port_up = self._nb_idl.lsp_get_up(db_port.id).execute(
2026-07-16 08:08:13.179 9 ERROR ovsdbapp.event
File "/var/lib/openstack/lib/python3.10/site-packages/ovsdbapp/backend/ovs_idl/command.py", line 47, in execute
2026-07-16 08:08:13.179 9 ERROR ovsdbapp.event self.run_idl(None)
2026-07-16 08:08:13.179 9 ERROR ovsdbapp.event
File "/var/lib/openstack/lib/python3.10/site-packages/ovsdbapp/schema/ovn_northbound/commands.py", line 672, in run_idl
2026-07-16 08:08:13.179 9 ERROR ovsdbapp.event lsp = self.api.lookup('Logical_Switch_Port', self.port)
2026-07-16 08:08:13.179 9 ERROR ovsdbapp.event
File "/var/lib/openstack/lib/python3.10/site-packages/ovsdbapp/backend/ovs_idl/__init__.py", line 184, in lookup
2026-07-16 08:08:13.179 9 ERROR ovsdbapp.event return self._lookup(table, record)
2026-07-16 08:08:13.179 9 ERROR ovsdbapp.event
File "/var/lib/openstack/lib/python3.10/site-packages/ovsdbapp/backend/ovs_idl/__init__.py", line 235, in _lookup
2026-07-16 08:08:13.179 9 ERROR ovsdbapp.event row = idlutils.row_by_value(self, rl.table, rl.column, record)
2026-07-16 08:08:13.179 9 ERROR ovsdbapp.event
File "/var/lib/openstack/lib/python3.10/site-packages/ovsdbapp/backend/ovs_idl/idlutils.py", line 114, in row_by_value
2026-07-16 08:08:13.179 9 ERROR ovsdbapp.event raise RowNotFound(table=table, col=column, match=match)
2026-07-16 08:08:13.179 9 ERROR ovsdbapp.event ovsdbapp.backend.ovs_idl.idlutils.RowNotFound: Cannot find Logical_Switch_Port with name=833348d4-7380-4e98-a99f-392f1419d872
2026-07-16 08:08:13.179 9 ERROR ovsdbapp.event 
2026-07-16 08:08:13.183 9 INFO neutron.wsgi [req-f475ab9d-a177-4162-806d-bc25351c412d req-75af70a0-beae-4529-904e-96300f0a18e3 3c16e09ca97c48abbb60d81debe674d1 71de93269cbc4b9c918ca7e83e197a78 - - default default] 199.204.45.4 "DELETE /v2.0/ports/833348d4-7380-4e98-a99f-392f1419d872 HTTP/1.1" status: 204 len: 173 time: 0.3386686
2026-07-16 08:08:13.309 9 INFO neutron.wsgi [req-f475ab9d-a177-4162-806d-bc25351c412d req-75a9aa10-7bfc-4d6f-a6d6-cb44083206d6 2a4125f0616a4005a9a212b780586efb 38193357b44b4330ab3845d1ccfc7347 - - 13524b305ef34f7ba15bc447ba9ff922 13524b305ef34f7ba15bc447ba9ff922] 199.204.45.4 "GET /v2.0/ports?tenant_id=71de93269cbc4b9c918ca7e83e197a78&device_id=6753ecd4-d116-4f17-a659-79054d859424 HTTP/1.1" status: 200 len: 3918 time: 0.0613716
2026-07-16 08:08:13.418 9 INFO neutron.wsgi [req-f475ab9d-a177-4162-806d-bc25351c412d req-7eaa6bed-e702-4e21-b598-8c4d96ef3c00 2a4125f0616a4005a9a212b780586efb 38193357b44b4330ab3845d1ccfc7347 - - 13524b305ef34f7ba15bc447ba9ff922 13524b305ef34f7ba15bc447ba9ff922] 199.204.45.4 "GET /v2.0/networks?id=c437bf0e-cc15-453c-926c-c0ef060d89c5&id=9d9d244e-f6f9-42c6-884a-242a3d22a14e&id=a0b63ce1-e7f1-433b-8aec-16d6ee659085&id=22bf32f1-e6e2-45c0-ac45-a1b05eb19eee HTTP/1.1" status: 200 len: 3307 time: 0.0998783
2026-07-16 08:08:13.443 9 INFO neutron.wsgi [req-f475ab9d-a177-4162-806d-bc25351c412d req-d1c5698d-b0a5-4901-9316-590debf8eb1f 2a4125f0616a4005a9a212b780586efb 38193357b44b4330ab3845d1ccfc7347 - - 13524b305ef34f7ba15bc447ba9ff922 13524b305ef34f7ba15bc447ba9ff922] 199.204.45.4 "GET /v2.0/floatingips?fixed_ip_address=172.24.1.23&port_id=a5ed9d72-aa47-4713-9885-5947b478a9c2 HTTP/1.1" status: 200 len: 217 time: 0.0201788
2026-07-16 08:08:13.479 9 INFO neutron.wsgi [req-f475ab9d-a177-4162-806d-bc25351c412d req-f89b684a-b3f1-47af-8fca-69f91e70e954 2a4125f0616a4005a9a212b780586efb 38193357b44b4330ab3845d1ccfc7347 - - 13524b305ef34f7ba15bc447ba9ff922 13524b305ef34f7ba15bc447ba9ff922] 199.204.45.4 "GET /v2.0/subnets?id=42e15325-daad-41fb-bd2e-e8eedbd11ff7 HTTP/1.1" status: 200 len: 829 time: 0.0314317
2026-07-16 08:08:13.508 9 INFO neutron.wsgi [req-f475ab9d-a177-4162-806d-bc25351c412d req-ec477d37-06d6-4208-9ab8-4f6a0e33b0cb 2a4125f0616a4005a9a212b780586efb 38193357b44b4330ab3845d1ccfc7347 - - 13524b305ef34f7ba15bc447ba9ff922 13524b305ef34f7ba15bc447ba9ff922] 199.204.45.4 "GET /v2.0/ports?network_id=c437bf0e-cc15-453c-926c-c0ef060d89c5&device_owner=network%3Adhcp HTTP/1.1" status: 200 len: 210 time: 0.0228314
2026-07-16 08:08:13.590 9 INFO neutron.wsgi [req-f475ab9d-a177-4162-806d-bc25351c412d req-9c890618-a4e6-4850-b388-05611b725df4 2a4125f0616a4005a9a212b780586efb 38193357b44b4330ab3845d1ccfc7347 - - 13524b305ef34f7ba15bc447ba9ff922 13524b305ef34f7ba15bc447ba9ff922] 199.204.45.4 "GET /v2.0/networks/c437bf0e-cc15-453c-926c-c0ef060d89c5?fields=segments HTTP/1.1" status: 200 len: 212 time: 0.0740347
2026-07-16 08:08:13.596 10 INFO neutron.wsgi [None req-1683f06f-6aa2-4bc9-853d-bbf1e4a0eaeb 3c16e09ca97c48abbb60d81debe674d1 71de93269cbc4b9c918ca7e83e197a78 - - default default] 199.204.45.4 "GET /v2.0/ports?device_id=6753ecd4-d116-4f17-a659-79054d859424 HTTP/1.1" status: 200 len: 3918 time: 0.0517645
2026-07-16 08:08:13.629 10 INFO neutron.pecan_wsgi.hooks.translation [None req-5e551dbc-b0b2-42a4-b3a6-6cc9090fe1d2 3c16e09ca97c48abbb60d81debe674d1 71de93269cbc4b9c918ca7e83e197a78 - - default default] DELETE failed (client error): The resource could not be found.
2026-07-16 08:08:13.632 10 INFO neutron.wsgi [None req-5e551dbc-b0b2-42a4-b3a6-6cc9090fe1d2 3c16e09ca97c48abbb60d81debe674d1 71de93269cbc4b9c918ca7e83e197a78 - - default default] 199.204.45.4 "DELETE /v2.0/ports/833348d4-7380-4e98-a99f-392f1419d872 HTTP/1.1" status: 404 len: 338 time: 0.0235057
2026-07-16 08:08:13.678 9 INFO neutron.wsgi [req-f475ab9d-a177-4162-806d-bc25351c412d req-d676c1fe-8283-4a4f-83f4-ecf23b5d4b10 2a4125f0616a4005a9a212b780586efb 38193357b44b4330ab3845d1ccfc7347 - - 13524b305ef34f7ba15bc447ba9ff922 13524b305ef34f7ba15bc447ba9ff922] 199.204.45.4 "GET /v2.0/networks/c437bf0e-cc15-453c-926c-c0ef060d89c5?fields=provider%3Aphysical_network&fields=provider%3Anetwork_type HTTP/1.1" status: 200 len: 277 time: 0.0763330
2026-07-16 08:08:13.713 9 INFO neutron.wsgi [req-f475ab9d-a177-4162-806d-bc25351c412d req-6be1aa7a-85a0-4e48-9c69-dbd12892a991 2a4125f0616a4005a9a212b780586efb 38193357b44b4330ab3845d1ccfc7347 - - 13524b305ef34f7ba15bc447ba9ff922 13524b305ef34f7ba15bc447ba9ff922] 199.204.45.4 "GET /v2.0/floatingips?fixed_ip_address=10.1.1.251&port_id=d9af04c8-3bbc-4ba6-81d7-d8f55b770dac HTTP/1.1" status: 200 len: 217 time: 0.0272517
2026-07-16 08:08:13.746 10 INFO neutron.wsgi [None req-5d629089-4b40-49a8-8217-7b34a2eff8d2 3c16e09ca97c48abbb60d81debe674d1 71de93269cbc4b9c918ca7e83e197a78 - - default default] 199.204.45.4 "GET /v2.0/extensions/security-group HTTP/1.1" status: 200 len: 369 time: 0.0085592
2026-07-16 08:08:13.754 9 INFO neutron.wsgi [req-f475ab9d-a177-4162-806d-bc25351c412d req-e4e87737-a215-40ba-aaca-00fb4b108da2 2a4125f0616a4005a9a212b780586efb 38193357b44b4330ab3845d1ccfc7347 - - 13524b305ef34f7ba15bc447ba9ff922 13524b305ef34f7ba15bc447ba9ff922] 199.204.45.4 "GET /v2.0/subnets?id=4ff474fb-c188-4477-adda-ce5729c9e4ac HTTP/1.1" status: 200 len: 854 time: 0.0348322
2026-07-16 08:08:13.758 10 INFO neutron.wsgi [None req-9aeed0f3-059a-4eb2-9d0b-7b00fca0ed5c 3c16e09ca97c48abbb60d81debe674d1 71de93269cbc4b9c918ca7e83e197a78 - - default default] 199.204.45.4 "GET /v2.0/extensions/dns-integration HTTP/1.1" status: 200 len: 371 time: 0.0054085
2026-07-16 08:08:13.768 10 INFO neutron.wsgi [None req-0d6f81f9-20c8-4982-8dca-f318ebae32ec 3c16e09ca97c48abbb60d81debe674d1 71de93269cbc4b9c918ca7e83e197a78 - - default default] 199.204.45.4 "GET /v2.0/extensions/qos HTTP/1.1" status: 200 len: 365 time: 0.0049465
2026-07-16 08:08:13.776 10 INFO neutron.wsgi [None req-03673022-120a-4607-8f05-e744d5075dfb 3c16e09ca97c48abbb60d81debe674d1 71de93269cbc4b9c918ca7e83e197a78 - - default default] 199.204.45.4 "GET /v2.0/extensions/allowed-address-pairs HTTP/1.1" status: 200 len: 383 time: 0.0043669
2026-07-16 08:08:13.785 9 INFO neutron.wsgi [req-f475ab9d-a177-4162-806d-bc25351c412d req-1d20fb2c-1879-4450-8cc3-3a7c5590d827 2a4125f0616a4005a9a212b780586efb 38193357b44b4330ab3845d1ccfc7347 - - 13524b305ef34f7ba15bc447ba9ff922 13524b305ef34f7ba15bc447ba9ff922] 199.204.45.4 "GET /v2.0/ports?network_id=9d9d244e-f6f9-42c6-884a-242a3d22a14e&device_owner=network%3Adhcp HTTP/1.1" status: 200 len: 210 time: 0.0211849
2026-07-16 08:08:13.814 10 INFO neutron.wsgi [None req-165b28a2-ed2e-476c-879d-63a15a71bc19 3c16e09ca97c48abbb60d81debe674d1 71de93269cbc4b9c918ca7e83e197a78 - - default default] 199.204.45.4 "GET /v2.0/subnets/4ff474fb-c188-4477-adda-ce5729c9e4ac HTTP/1.1" status: 200 len: 851 time: 0.0323389
2026-07-16 08:08:13.845 9 INFO neutron.wsgi [req-f475ab9d-a177-4162-806d-bc25351c412d req-9b8585f9-f7dc-4d5b-9fb1-02f8fb9b102f 2a4125f0616a4005a9a212b780586efb 38193357b44b4330ab3845d1ccfc7347 - - 13524b305ef34f7ba15bc447ba9ff922 13524b305ef34f7ba15bc447ba9ff922] 199.204.45.4 "GET /v2.0/networks/9d9d244e-f6f9-42c6-884a-242a3d22a14e?fields=segments HTTP/1.1" status: 200 len: 212 time: 0.0546031
2026-07-16 08:08:13.855 10 INFO neutron.wsgi [None req-4a3f8943-dc04-4ca9-b788-a6113de255a1 3c16e09ca97c48abbb60d81debe674d1 71de93269cbc4b9c918ca7e83e197a78 - - default default] 199.204.45.4 "GET /v2.0/ports/0a771d11-f75a-4101-95d3-fd0c849563c3 HTTP/1.1" status: 200 len: 1340 time: 0.0317810
2026-07-16 08:08:13.912 10 INFO neutron.wsgi [None req-9f0b81de-2b41-4b37-a944-1c92e2cd7c96 3c16e09ca97c48abbb60d81debe674d1 71de93269cbc4b9c918ca7e83e197a78 - - default default] 199.204.45.4 "GET /v2.0/ports/d9af04c8-3bbc-4ba6-81d7-d8f55b770dac HTTP/1.1" status: 200 len: 1519 time: 0.0511577
2026-07-16 08:08:13.931 9 INFO neutron.wsgi [req-f475ab9d-a177-4162-806d-bc25351c412d req-b7435a2e-e36a-42db-b8a6-ed8dbc9a9024 2a4125f0616a4005a9a212b780586efb 38193357b44b4330ab3845d1ccfc7347 - - 13524b305ef34f7ba15bc447ba9ff922 13524b305ef34f7ba15bc447ba9ff922] 199.204.45.4 "GET /v2.0/networks/9d9d244e-f6f9-42c6-884a-242a3d22a14e?fields=provider%3Aphysical_network&fields=provider%3Anetwork_type HTTP/1.1" status: 200 len: 277 time: 0.0806932
2026-07-16 08:08:13.962 10 INFO neutron.wsgi [None req-6b4ed5a3-2c0e-411d-8f73-4e5817f3b4f0 3c16e09ca97c48abbb60d81debe674d1 71de93269cbc4b9c918ca7e83e197a78 - - default default] 199.204.45.4 "GET /v2.0/subnets/4ff474fb-c188-4477-adda-ce5729c9e4ac HTTP/1.1" status: 200 len: 851 time: 0.0401096
2026-07-16 08:08:13.965 9 INFO neutron.wsgi [req-f475ab9d-a177-4162-806d-bc25351c412d req-321e20d7-bebe-4001-b739-f30e81ced8bc 2a4125f0616a4005a9a212b780586efb 38193357b44b4330ab3845d1ccfc7347 - - 13524b305ef34f7ba15bc447ba9ff922 13524b305ef34f7ba15bc447ba9ff922] 199.204.45.4 "GET /v2.0/floatingips?fixed_ip_address=10.2.1.17&port_id=7eeb97cd-6f1b-4a08-850e-9f56ed07586d HTTP/1.1" status: 200 len: 217 time: 0.0249348
2026-07-16 08:08:14.010 9 INFO neutron.wsgi [req-f475ab9d-a177-4162-806d-bc25351c412d req-8b66bc83-90e9-4536-a67c-9a0643fd86b9 2a4125f0616a4005a9a212b780586efb 38193357b44b4330ab3845d1ccfc7347 - - 13524b305ef34f7ba15bc447ba9ff922 13524b305ef34f7ba15bc447ba9ff922] 199.204.45.4 "GET /v2.0/subnets?id=1e3f581e-781e-4cd1-838f-34f3512df737 HTTP/1.1" status: 200 len: 852 time: 0.0404789
2026-07-16 08:08:14.034 10 INFO neutron.wsgi [None req-008aef84-6d26-4cc3-9318-be79010a1f56 3c16e09ca97c48abbb60d81debe674d1 71de93269cbc4b9c918ca7e83e197a78 - - default default] 199.204.45.4 "GET /v2.0/networks/9d9d244e-f6f9-42c6-884a-242a3d22a14e HTTP/1.1" status: 200 len: 1001 time: 0.0680823
2026-07-16 08:08:14.035 9 INFO neutron.wsgi [req-f475ab9d-a177-4162-806d-bc25351c412d req-799002a0-c2c0-417d-8151-76203b635d44 2a4125f0616a4005a9a212b780586efb 38193357b44b4330ab3845d1ccfc7347 - - 13524b305ef34f7ba15bc447ba9ff922 13524b305ef34f7ba15bc447ba9ff922] 199.204.45.4 "GET /v2.0/ports?network_id=a0b63ce1-e7f1-433b-8aec-16d6ee659085&device_owner=network%3Adhcp HTTP/1.1" status: 200 len: 210 time: 0.0196538
2026-07-16 08:08:14.073 10 INFO neutron.wsgi [None req-6b233da2-8435-48fb-a0e1-1bd85833c080 3c16e09ca97c48abbb60d81debe674d1 71de93269cbc4b9c918ca7e83e197a78 - - default default] 199.204.45.4 "GET /v2.0/ports/0a771d11-f75a-4101-95d3-fd0c849563c3 HTTP/1.1" status: 200 len: 1340 time: 0.0305898
2026-07-16 08:08:14.093 9 INFO neutron.wsgi [req-f475ab9d-a177-4162-806d-bc25351c412d req-5c6a5c50-ecc4-42da-bb78-093ab75627db 2a4125f0616a4005a9a212b780586efb 38193357b44b4330ab3845d1ccfc7347 - - 13524b305ef34f7ba15bc447ba9ff922 13524b305ef34f7ba15bc447ba9ff922] 199.204.45.4 "GET /v2.0/networks/a0b63ce1-e7f1-433b-8aec-16d6ee659085?fields=segments HTTP/1.1" status: 200 len: 212 time: 0.0513978
2026-07-16 08:08:14.115 10 INFO neutron.wsgi [None req-14227611-a1b6-4b69-9e10-aac575135091 3c16e09ca97c48abbb60d81debe674d1 71de93269cbc4b9c918ca7e83e197a78 - - default default] 199.204.45.4 "GET /v2.0/subnets/4ff474fb-c188-4477-adda-ce5729c9e4ac HTTP/1.1" status: 200 len: 851 time: 0.0339060
2026-07-16 08:08:14.163 9 INFO neutron.wsgi [req-f475ab9d-a177-4162-806d-bc25351c412d req-0ea58ce4-0ebf-4417-a4ae-e8cdf84b349d 2a4125f0616a4005a9a212b780586efb 38193357b44b4330ab3845d1ccfc7347 - - 13524b305ef34f7ba15bc447ba9ff922 13524b305ef34f7ba15bc447ba9ff922] 199.204.45.4 "GET /v2.0/networks/a0b63ce1-e7f1-433b-8aec-16d6ee659085?fields=provider%3Aphysical_network&fields=provider%3Anetwork_type HTTP/1.1" status: 200 len: 277 time: 0.0624387
2026-07-16 08:08:15.026 9 INFO neutron.notifiers.nova [-] Nova event matching ['req-93e1395a-c1b3-4b0b-8a55-1bd4dcd2eeac'] response: {'server_uuid': '6753ecd4-d116-4f17-a659-79054d859424', 'name': 'network-vif-plugged', 'status': 'completed', 'tag': '833348d4-7380-4e98-a99f-392f1419d872', 'code': 200}
2026-07-16 08:08:15.026 9 INFO neutron.notifiers.nova [-] Nova event matching ['req-93e1395a-c1b3-4b0b-8a55-1bd4dcd2eeac'] response: {'server_uuid': '6753ecd4-d116-4f17-a659-79054d859424', 'name': 'network-vif-deleted', 'tag': '833348d4-7380-4e98-a99f-392f1419d872', 'status': 'completed', 'code': 200}
2026-07-16 08:08:16.759 10 INFO neutron.wsgi [None req-63ec9ac5-e532-4e35-a756-1f47e2b2bea2 3c16e09ca97c48abbb60d81debe674d1 71de93269cbc4b9c918ca7e83e197a78 - - default default] 199.204.45.4 "GET /v2.0/extensions/security-group HTTP/1.1" status: 200 len: 369 time: 0.0085714
2026-07-16 08:08:16.769 10 INFO neutron.wsgi [None req-3ee7c879-c85d-4ba0-baf2-00eb38dbfc17 3c16e09ca97c48abbb60d81debe674d1 71de93269cbc4b9c918ca7e83e197a78 - - default default] 199.204.45.4 "GET /v2.0/extensions/dns-integration HTTP/1.1" status: 200 len: 371 time: 0.0048990
2026-07-16 08:08:16.778 10 INFO neutron.wsgi [None req-27855554-8ce2-40de-b28d-edc58d901455 3c16e09ca97c48abbb60d81debe674d1 71de93269cbc4b9c918ca7e83e197a78 - - default default] 199.204.45.4 "GET /v2.0/extensions/qos HTTP/1.1" status: 200 len: 365 time: 0.0049062
2026-07-16 08:08:16.786 10 INFO neutron.wsgi [None req-711c6812-07cc-4b2d-92dd-3fb810480c76 3c16e09ca97c48abbb60d81debe674d1 71de93269cbc4b9c918ca7e83e197a78 - - default default] 199.204.45.4 "GET /v2.0/extensions/allowed-address-pairs HTTP/1.1" status: 200 len: 383 time: 0.0045624
2026-07-16 08:08:16.836 10 INFO neutron.wsgi [None req-d4f8cefd-135a-4c66-8ecc-be842b451c84 3c16e09ca97c48abbb60d81debe674d1 71de93269cbc4b9c918ca7e83e197a78 - - default default] 199.204.45.4 "GET /v2.0/ports?device_id=6753ecd4-d116-4f17-a659-79054d859424 HTTP/1.1" status: 200 len: 3918 time: 0.0462329
2026-07-16 08:08:17.001 10 INFO neutron.wsgi [None req-78c8a265-c86c-4200-a1af-c1e4056b213d 3c16e09ca97c48abbb60d81debe674d1 71de93269cbc4b9c918ca7e83e197a78 - - default default] 199.204.45.4 "GET /v2.0/extensions/security-group HTTP/1.1" status: 200 len: 369 time: 0.0063486
2026-07-16 08:08:17.010 10 INFO neutron.wsgi [None req-6d8fd8d3-1c67-4b18-bc47-98442908c839 3c16e09ca97c48abbb60d81debe674d1 71de93269cbc4b9c918ca7e83e197a78 - - default default] 199.204.45.4 "GET /v2.0/extensions/dns-integration HTTP/1.1" status: 200 len: 371 time: 0.0050340
2026-07-16 08:08:17.019 10 INFO neutron.wsgi [None req-dee303e3-30a2-4081-937b-3a4d5a1f120f 3c16e09ca97c48abbb60d81debe674d1 71de93269cbc4b9c918ca7e83e197a78 - - default default] 199.204.45.4 "GET /v2.0/extensions/qos HTTP/1.1" status: 200 len: 365 time: 0.0050340
2026-07-16 08:08:17.027 10 INFO neutron.wsgi [None req-5cecb451-ede9-475c-bd99-948ed09dac3b 3c16e09ca97c48abbb60d81debe674d1 71de93269cbc4b9c918ca7e83e197a78 - - default default] 199.204.45.4 "GET /v2.0/extensions/allowed-address-pairs HTTP/1.1" status: 200 len: 383 time: 0.0047388
2026-07-16 08:08:17.068 10 INFO neutron.wsgi [None req-bc24ebe9-ff9f-43fa-a0a3-5e93a347df51 3c16e09ca97c48abbb60d81debe674d1 71de93269cbc4b9c918ca7e83e197a78 - - default default] 199.204.45.4 "GET /v2.0/ports/7eeb97cd-6f1b-4a08-850e-9f56ed07586d HTTP/1.1" status: 200 len: 1402 time: 0.0360129
2026-07-16 08:08:17.488 10 INFO neutron.db.ovn_revision_numbers_db [None req-1c6e40b0-86c9-41dd-933f-e90bea94d1b9 3c16e09ca97c48abbb60d81debe674d1 71de93269cbc4b9c918ca7e83e197a78 - - default default] Successfully bumped revision number for resource 7eeb97cd-6f1b-4a08-850e-9f56ed07586d (type: ports) to 6
