2026-07-16 08:02:12.692 10 INFO neutron.db.ovn_revision_numbers_db [None req-860d0f7e-3c55-4a25-aae7-79c358636006 6a8bbd40a0a2473181e1194c0b40b603 a267c49de1214c0896dd02c2ac2328bd - - default default] Successfully bumped revision number for resource 461a2fde-e10e-43bc-afe7-4bf139d43db0 (type: security_group_rules) to 0
2026-07-16 08:02:12.722 10 INFO neutron.wsgi [None req-860d0f7e-3c55-4a25-aae7-79c358636006 6a8bbd40a0a2473181e1194c0b40b603 a267c49de1214c0896dd02c2ac2328bd - - default default] 10.0.0.144 "POST /v2.0/security-group-rules HTTP/1.1" status: 201 len: 768 time: 0.1969523 /var/lib/openstack/lib/python3.10/site-packages/pycadf/identifier.py:71: UserWarning: Invalid uuid: neutron. To ensure interoperability, identifiers should be a valid uuid. warnings.warn(('Invalid uuid: %s. To ensure interoperability, '
2026-07-16 08:02:12.771 9 INFO neutron.wsgi [None req-81602982-1c26-4787-9244-026a006a3c70 6a8bbd40a0a2473181e1194c0b40b603 a267c49de1214c0896dd02c2ac2328bd - - default default] 10.0.0.144 "GET /v2.0/security-group-rules/461a2fde-e10e-43bc-afe7-4bf139d43db0 HTTP/1.1" status: 200 len: 763 time: 0.0324025
2026-07-16 08:02:12.843 9 INFO neutron.wsgi [None req-429adc8b-471e-4c35-bd27-bb215c516946 6a8bbd40a0a2473181e1194c0b40b603 a267c49de1214c0896dd02c2ac2328bd - - default default] 10.0.0.144 "GET /v2.0/security-group-rules HTTP/1.1" status: 200 len: 4113 time: 0.0628684
2026-07-16 08:02:12.956 9 INFO neutron.wsgi [None req-2b2e9ab4-e007-40c2-bab1-3bade25272bd 6a8bbd40a0a2473181e1194c0b40b603 a267c49de1214c0896dd02c2ac2328bd - - default default] 10.0.0.144 "DELETE /v2.0/security-group-rules/461a2fde-e10e-43bc-afe7-4bf139d43db0 HTTP/1.1" status: 204 len: 168 time: 0.1071143
2026-07-16 08:02:13.001 9 INFO neutron.wsgi [None req-a9be0b6a-7176-43a4-abed-de100e64b246 6a8bbd40a0a2473181e1194c0b40b603 a267c49de1214c0896dd02c2ac2328bd - - default default] 10.0.0.144 "GET /v2.0/security-group-rules HTTP/1.1" status: 200 len: 3567 time: 0.0361650
2026-07-16 08:02:13.009 9 WARNING neutron_lib.context [None req-85057253-5f91-4813-b4de-ece280c06acb 6a8bbd40a0a2473181e1194c0b40b603 a267c49de1214c0896dd02c2ac2328bd - - default default] Method 'is_advsvc' is deprecated since 2023.2 release (neutron-lib 3.8.0) and will be removed once support for the old RBAC API policies will be removed from Neutron. Please use method 'is_service_role' instead.
2026-07-16 08:02:13.107 9 INFO neutron.db.ovn_revision_numbers_db [None req-85057253-5f91-4813-b4de-ece280c06acb 6a8bbd40a0a2473181e1194c0b40b603 a267c49de1214c0896dd02c2ac2328bd - - default default] Successfully bumped revision number for resource b87587ed-af56-46e0-9f7c-43ae602dca15 (type: security_group_rules) to 0
2026-07-16 08:02:13.128 9 INFO neutron.wsgi [None req-85057253-5f91-4813-b4de-ece280c06acb 6a8bbd40a0a2473181e1194c0b40b603 a267c49de1214c0896dd02c2ac2328bd - - default default] 10.0.0.144 "POST /v2.0/security-group-rules HTTP/1.1" status: 201 len: 768 time: 0.1228833
2026-07-16 08:02:13.154 9 INFO neutron.wsgi [None req-178b1e31-f8fc-4a1d-b0bf-fa86b609ef4f 6a8bbd40a0a2473181e1194c0b40b603 a267c49de1214c0896dd02c2ac2328bd - - default default] 10.0.0.144 "GET /v2.0/security-group-rules/b87587ed-af56-46e0-9f7c-43ae602dca15 HTTP/1.1" status: 200 len: 763 time: 0.0202682
2026-07-16 08:02:13.204 9 INFO neutron.wsgi [None req-0cc7ddb7-1402-4a47-9eb1-867ad5c5be2f 6a8bbd40a0a2473181e1194c0b40b603 a267c49de1214c0896dd02c2ac2328bd - - default default] 10.0.0.144 "GET /v2.0/security-group-rules HTTP/1.1" status: 200 len: 4113 time: 0.0440896
2026-07-16 08:02:13.362 9 INFO neutron.wsgi [None req-bf9ac7fb-3591-401b-9c64-2ec1ffaf9dc6 6a8bbd40a0a2473181e1194c0b40b603 a267c49de1214c0896dd02c2ac2328bd - - default default] 10.0.0.144 "DELETE /v2.0/security-group-rules/b87587ed-af56-46e0-9f7c-43ae602dca15 HTTP/1.1" status: 204 len: 168 time: 0.1523170
2026-07-16 08:02:13.427 10 INFO neutron.wsgi [None req-406019d8-bd08-4daf-8464-934580995986 6a8bbd40a0a2473181e1194c0b40b603 a267c49de1214c0896dd02c2ac2328bd - - default default] 10.0.0.144 "GET /v2.0/security-group-rules HTTP/1.1" status: 200 len: 3567 time: 0.0550382
2026-07-16 08:02:13.440 9 WARNING neutron_lib.context [None req-27a1d6c8-3a77-4e40-8701-b34ec52472b4 6a8bbd40a0a2473181e1194c0b40b603 a267c49de1214c0896dd02c2ac2328bd - - default default] Method 'is_advsvc' is deprecated since 2023.2 release (neutron-lib 3.8.0) and will be removed once support for the old RBAC API policies will be removed from Neutron. Please use method 'is_service_role' instead.
2026-07-16 08:02:13.459 9 INFO neutron.db.securitygroups_db [None req-27a1d6c8-3a77-4e40-8701-b34ec52472b4 6a8bbd40a0a2473181e1194c0b40b603 a267c49de1214c0896dd02c2ac2328bd - - default default] Project a267c49de1214c0896dd02c2ac2328bd added a security group rule with legacy IPv6 ICMP protocol name icmp, ipv6-icmp should be used instead. It was automatically converted.
2026-07-16 08:02:13.577 10 INFO neutron.wsgi [req-bf7fd12b-a038-4911-9120-b9943e2bdbd7 req-ce0cc7de-87e2-4079-b762-e24f02a96904 27781b87d73b40038bc7c64a3224a5a9 8ad4d2cd83224d3e876cb5fbe2cfc080 - - default default] 10.0.0.18 "GET /v2.0/ports?device_id=ad3b76e5-0849-4bb6-a8eb-935fad7500d7 HTTP/1.1" status: 200 len: 1170 time: 0.0610716
2026-07-16 08:02:13.618 9 INFO neutron.db.ovn_revision_numbers_db [None req-27a1d6c8-3a77-4e40-8701-b34ec52472b4 6a8bbd40a0a2473181e1194c0b40b603 a267c49de1214c0896dd02c2ac2328bd - - default default] Successfully bumped revision number for resource 9604fedd-3414-45fe-b329-b79a644315b3 (type: security_group_rules) to 0
2026-07-16 08:02:13.639 10 INFO neutron.wsgi [req-bf7fd12b-a038-4911-9120-b9943e2bdbd7 req-0de68573-8032-421c-9992-41be65460b69 27781b87d73b40038bc7c64a3224a5a9 8ad4d2cd83224d3e876cb5fbe2cfc080 - - default default] 10.0.0.18 "GET /v2.0/security-groups?id=c2e3fcc2-4b63-4c65-aa87-29d22eced94d&fields=id&fields=name HTTP/1.1" status: 200 len: 312 time: 0.0530565
2026-07-16 08:02:13.645 9 INFO neutron.wsgi [None req-27a1d6c8-3a77-4e40-8701-b34ec52472b4 6a8bbd40a0a2473181e1194c0b40b603 a267c49de1214c0896dd02c2ac2328bd - - default default] 10.0.0.144 "POST /v2.0/security-group-rules HTTP/1.1" status: 201 len: 774 time: 0.2113268
2026-07-16 08:02:13.675 9 INFO neutron.wsgi [None req-4c4152b4-08f0-48ef-8719-edb8998ce504 6a8bbd40a0a2473181e1194c0b40b603 a267c49de1214c0896dd02c2ac2328bd - - default default] 10.0.0.144 "GET /v2.0/security-group-rules/9604fedd-3414-45fe-b329-b79a644315b3 HTTP/1.1" status: 200 len: 769 time: 0.0204904
2026-07-16 08:02:13.734 9 INFO neutron.wsgi [None req-f9601ba9-f661-4ffd-a2ec-9e5df1878514 6a8bbd40a0a2473181e1194c0b40b603 a267c49de1214c0896dd02c2ac2328bd - - default default] 10.0.0.144 "GET /v2.0/security-group-rules HTTP/1.1" status: 200 len: 4119 time: 0.0509107
2026-07-16 08:02:13.778 10 INFO neutron.wsgi [req-24983947-d509-4306-8c5c-e06aaae9803e req-3c8e7a96-c006-4793-b073-9536cba48ec7 27781b87d73b40038bc7c64a3224a5a9 8ad4d2cd83224d3e876cb5fbe2cfc080 - - default default] 10.0.0.18 "GET /v2.0/ports?device_id=ad3b76e5-0849-4bb6-a8eb-935fad7500d7 HTTP/1.1" status: 200 len: 1170 time: 0.0668623
2026-07-16 08:02:13.990 9 INFO neutron.wsgi [None req-99115fa4-c4cf-477e-9fb5-3d0028c02e85 6a8bbd40a0a2473181e1194c0b40b603 a267c49de1214c0896dd02c2ac2328bd - - default default] 10.0.0.144 "DELETE /v2.0/security-group-rules/9604fedd-3414-45fe-b329-b79a644315b3 HTTP/1.1" status: 204 len: 168 time: 0.2499127
2026-07-16 08:02:14.064 10 INFO neutron.wsgi [None req-47e74cc2-db8c-49a6-b055-77fd60d5ad12 6a8bbd40a0a2473181e1194c0b40b603 a267c49de1214c0896dd02c2ac2328bd - - default default] 10.0.0.144 "GET /v2.0/security-group-rules HTTP/1.1" status: 200 len: 3567 time: 0.0657499
2026-07-16 08:02:14.121 9 INFO neutron.db.l3_db [None req-fbc18931-9696-4e17-bfcb-3ef61308d293 27781b87d73b40038bc7c64a3224a5a9 8ad4d2cd83224d3e876cb5fbe2cfc080 - - default default] Floating IP 299ada24-c25b-49d8-8227-47df9971dd60 associated. External IP: 10.96.250.220, port: 801ff5c2-7998-44cf-9eec-5c7d10cd6a58.
2026-07-16 08:02:14.178 10 INFO neutron.wsgi [None req-9228430f-680f-4de2-8ae1-b790c0f91181 6a8bbd40a0a2473181e1194c0b40b603 a267c49de1214c0896dd02c2ac2328bd - - default default] 10.0.0.144 "DELETE /v2.0/security-groups/90cbf135-8f81-4697-8875-2d4a492aec7c HTTP/1.1" status: 204 len: 168 time: 0.1090770
2026-07-16 08:02:14.233 10 INFO neutron.wsgi [None req-f65e13fd-b5ed-4b77-a4ca-734da16f846b 6a8bbd40a0a2473181e1194c0b40b603 a267c49de1214c0896dd02c2ac2328bd - - default default] 10.0.0.144 "GET /v2.0/security-groups HTTP/1.1" status: 200 len: 2996 time: 0.0468328
2026-07-16 08:02:14.271 10 INFO neutron.wsgi [None req-a609b3c3-4944-41ec-b91a-3f8f324b60d2 6a8bbd40a0a2473181e1194c0b40b603 a267c49de1214c0896dd02c2ac2328bd - - default default] 10.0.0.144 "GET /v2.0/security-groups HTTP/1.1" status: 200 len: 2996 time: 0.0334029
2026-07-16 08:02:14.466 9 INFO neutron.notifiers.nova [-] Nova event matching ['req-2e1e4bc5-d190-40f5-91c8-77996802f5b6'] response: {'server_uuid': 'ad3b76e5-0849-4bb6-a8eb-935fad7500d7', 'name': 'network-vif-plugged', 'status': 'completed', 'tag': '801ff5c2-7998-44cf-9eec-5c7d10cd6a58', 'code': 200}
2026-07-16 08:02:14.703 9 INFO neutron.db.ovn_revision_numbers_db [None req-fbc18931-9696-4e17-bfcb-3ef61308d293 27781b87d73b40038bc7c64a3224a5a9 8ad4d2cd83224d3e876cb5fbe2cfc080 - - default default] Successfully bumped revision number for resource 299ada24-c25b-49d8-8227-47df9971dd60 (type: floatingips) to 1
2026-07-16 08:02:14.787 10 INFO neutron.db.ovn_revision_numbers_db [None req-4f111010-849d-4f46-aebb-6a7a7291ee69 3c16e09ca97c48abbb60d81debe674d1 71de93269cbc4b9c918ca7e83e197a78 - - default default] Successfully bumped revision number for resource bf69bef2-0060-4cb2-b013-ec45e1db74c5 (type: security_groups) to 1
2026-07-16 08:02:14.808 10 INFO neutron.db.ovn_revision_numbers_db [None req-4f111010-849d-4f46-aebb-6a7a7291ee69 3c16e09ca97c48abbb60d81debe674d1 71de93269cbc4b9c918ca7e83e197a78 - - default default] Successfully bumped revision number for resource 39e12b49-d6bb-404a-9ab7-753b7beb205b (type: security_group_rules) to 0
2026-07-16 08:02:14.825 10 INFO neutron.db.ovn_revision_numbers_db [None req-4f111010-849d-4f46-aebb-6a7a7291ee69 3c16e09ca97c48abbb60d81debe674d1 71de93269cbc4b9c918ca7e83e197a78 - - default default] Successfully bumped revision number for resource 9e6c6b93-401c-4b88-8b93-dfb2a3f2b16a (type: security_group_rules) to 0
2026-07-16 08:02:14.846 10 INFO neutron.db.ovn_revision_numbers_db [None req-4f111010-849d-4f46-aebb-6a7a7291ee69 3c16e09ca97c48abbb60d81debe674d1 71de93269cbc4b9c918ca7e83e197a78 - - default default] Successfully bumped revision number for resource ac181008-da32-4c90-b5c0-95a6b50addd1 (type: security_group_rules) to 0
2026-07-16 08:02:14.861 9 INFO neutron.db.ovn_revision_numbers_db [None req-fbc18931-9696-4e17-bfcb-3ef61308d293 27781b87d73b40038bc7c64a3224a5a9 8ad4d2cd83224d3e876cb5fbe2cfc080 - - default default] Successfully bumped revision number for resource 299ada24-c25b-49d8-8227-47df9971dd60 (type: floatingips) to 2
2026-07-16 08:02:14.867 10 INFO neutron.db.ovn_revision_numbers_db [None req-4f111010-849d-4f46-aebb-6a7a7291ee69 3c16e09ca97c48abbb60d81debe674d1 71de93269cbc4b9c918ca7e83e197a78 - - default default] Successfully bumped revision number for resource ea786688-a12f-4279-a444-bce642bf1baf (type: security_group_rules) to 0
2026-07-16 08:02:14.891 10 INFO neutron.wsgi [None req-4f111010-849d-4f46-aebb-6a7a7291ee69 3c16e09ca97c48abbb60d81debe674d1 71de93269cbc4b9c918ca7e83e197a78 - - default default] 10.0.0.144 "GET /v2.0/security-groups?tenant_id=6d15b5a08e9149f0ac5761ebf3349e11&name=default HTTP/1.1" status: 200 len: 2996 time: 0.4852328
2026-07-16 08:02:14.891 9 INFO neutron.wsgi [None req-fbc18931-9696-4e17-bfcb-3ef61308d293 27781b87d73b40038bc7c64a3224a5a9 8ad4d2cd83224d3e876cb5fbe2cfc080 - - default default] 10.0.0.144 "PUT /v2.0/floatingips/299ada24-c25b-49d8-8227-47df9971dd60 HTTP/1.1" status: 200 len: 1049 time: 1.1001177
2026-07-16 08:02:15.067 10 INFO neutron.wsgi [req-18759c74-e0db-494f-9b45-852fb45404e5 req-8a175658-3a10-4175-956b-2ba16c53dda0 27781b87d73b40038bc7c64a3224a5a9 8ad4d2cd83224d3e876cb5fbe2cfc080 - - default default] 10.0.0.18 "GET /v2.0/ports?device_id=ad3b76e5-0849-4bb6-a8eb-935fad7500d7 HTTP/1.1" status: 200 len: 1170 time: 0.1222215 /var/lib/openstack/lib/python3.10/site-packages/pycadf/identifier.py:71: UserWarning: Invalid uuid: neutron. To ensure interoperability, identifiers should be a valid uuid. warnings.warn(('Invalid uuid: %s. To ensure interoperability, '
2026-07-16 08:02:15.136 10 INFO neutron.wsgi [req-18759c74-e0db-494f-9b45-852fb45404e5 req-edd4dff0-908d-41d6-834d-52a002ba1d2a 27781b87d73b40038bc7c64a3224a5a9 8ad4d2cd83224d3e876cb5fbe2cfc080 - - default default] 10.0.0.18 "GET /v2.0/security-groups?id=c2e3fcc2-4b63-4c65-aa87-29d22eced94d&fields=id&fields=name HTTP/1.1" status: 200 len: 312 time: 0.0630949
2026-07-16 08:02:15.164 9 INFO neutron.wsgi [None req-ab3f690c-9f7e-43a3-a8bd-5034672ac25a 3c16e09ca97c48abbb60d81debe674d1 71de93269cbc4b9c918ca7e83e197a78 - - default default] 10.0.0.144 "GET /v2.0/security-groups?tenant_id=a267c49de1214c0896dd02c2ac2328bd&name=default HTTP/1.1" status: 200 len: 2996 time: 0.2395351
2026-07-16 08:02:15.199 10 INFO neutron.wsgi [None req-fcee8678-0a3c-4b9a-9eb2-5f50661e9dae 3c16e09ca97c48abbb60d81debe674d1 71de93269cbc4b9c918ca7e83e197a78 - - default default] 10.0.0.144 "DELETE /v2.0/security-groups/bf69bef2-0060-4cb2-b013-ec45e1db74c5 HTTP/1.1" status: 204 len: 168 time: 0.3038898
2026-07-16 08:02:15.432 9 INFO neutron.wsgi [None req-3403f83e-f0c7-4f38-9df2-dcfd9a2e0ea2 3c16e09ca97c48abbb60d81debe674d1 71de93269cbc4b9c918ca7e83e197a78 - - default default] 10.0.0.144 "DELETE /v2.0/security-groups/cefec7ab-d751-4ec1-82e6-2ccae541604e HTTP/1.1" status: 204 len: 168 time: 0.2586455
2026-07-16 08:02:15.434 10 INFO neutron.wsgi [req-dfaf4b44-7717-498b-9739-d694b5fb6273 req-6a5300ef-65d6-4d57-934a-536a227286f8 27781b87d73b40038bc7c64a3224a5a9 8ad4d2cd83224d3e876cb5fbe2cfc080 - - default default] 10.0.0.18 "GET /v2.0/ports?device_id=ad3b76e5-0849-4bb6-a8eb-935fad7500d7 HTTP/1.1" status: 200 len: 1170 time: 0.0554011
2026-07-16 08:02:15.448 9 INFO neutron.plugins.ml2.drivers.ovn.mech_driver.mech_driver [None req-9922bd46-0a33-49c9-aed7-aec754b2273a - - - - - -] OVN reports status down for port: 801ff5c2-7998-44cf-9eec-5c7d10cd6a58
2026-07-16 08:02:15.488 10 INFO neutron.wsgi [req-dfaf4b44-7717-498b-9739-d694b5fb6273 req-4a8ec3b0-5b33-44c6-b356-6eb612b31e7c 27781b87d73b40038bc7c64a3224a5a9 8ad4d2cd83224d3e876cb5fbe2cfc080 - - default default] 10.0.0.18 "GET /v2.0/security-groups?id=c2e3fcc2-4b63-4c65-aa87-29d22eced94d&fields=id&fields=name HTTP/1.1" status: 200 len: 312 time: 0.0482564
2026-07-16 08:02:15.514 10 INFO neutron.db.ovn_revision_numbers_db [None req-4c07a75f-1c11-45d3-8779-b5ede05ee0c6 3c16e09ca97c48abbb60d81debe674d1 71de93269cbc4b9c918ca7e83e197a78 - - default default] Successfully bumped revision number for resource 44f01134-b6c1-40ca-b7db-26f11fc13a99 (type: security_groups) to 1
2026-07-16 08:02:15.530 10 INFO neutron.db.ovn_revision_numbers_db [None req-4c07a75f-1c11-45d3-8779-b5ede05ee0c6 3c16e09ca97c48abbb60d81debe674d1 71de93269cbc4b9c918ca7e83e197a78 - - default default] Successfully bumped revision number for resource 58f7d03a-2cc8-4914-b3c1-2f63b7e6ff56 (type: security_group_rules) to 0
2026-07-16 08:02:15.552 10 INFO neutron.db.ovn_revision_numbers_db [None req-4c07a75f-1c11-45d3-8779-b5ede05ee0c6 3c16e09ca97c48abbb60d81debe674d1 71de93269cbc4b9c918ca7e83e197a78 - - default default] Successfully bumped revision number for resource 7aac7a09-7338-49ec-ae1f-f367f3941be6 (type: security_group_rules) to 0
2026-07-16 08:02:15.585 10 INFO neutron.db.ovn_revision_numbers_db [None req-4c07a75f-1c11-45d3-8779-b5ede05ee0c6 3c16e09ca97c48abbb60d81debe674d1 71de93269cbc4b9c918ca7e83e197a78 - - default default] Successfully bumped revision number for resource 8ba64850-be32-460e-b28e-af16cf768fe5 (type: security_group_rules) to 0
2026-07-16 08:02:15.599 10 INFO neutron.db.ovn_revision_numbers_db [None req-4c07a75f-1c11-45d3-8779-b5ede05ee0c6 3c16e09ca97c48abbb60d81debe674d1 71de93269cbc4b9c918ca7e83e197a78 - - default default] Successfully bumped revision number for resource 904d6ec1-c51e-4052-b2b2-748175394002 (type: security_group_rules) to 0
2026-07-16 08:02:15.623 10 INFO neutron.wsgi [None req-4c07a75f-1c11-45d3-8779-b5ede05ee0c6 3c16e09ca97c48abbb60d81debe674d1 71de93269cbc4b9c918ca7e83e197a78 - - default default] 10.0.0.144 "GET /v2.0/security-groups?tenant_id=d3e4882b0d26485dad297258977cdc63&name=default HTTP/1.1" status: 200 len: 2996 time: 0.2787874
2026-07-16 08:02:15.845 9 INFO neutron.db.ovn_revision_numbers_db [None req-9922bd46-0a33-49c9-aed7-aec754b2273a - - - - - -] Successfully bumped revision number for resource 801ff5c2-7998-44cf-9eec-5c7d10cd6a58 (type: ports) to 5
2026-07-16 08:02:15.854 9 INFO neutron.wsgi [req-3602b546-829e-4c0c-8c08-dfe1abde9e91 req-9114f0a8-0673-45f1-941a-8ae6748833df 27781b87d73b40038bc7c64a3224a5a9 8ad4d2cd83224d3e876cb5fbe2cfc080 - - default default] 199.204.45.4 "GET /v2.0/ports?device_id=ad3b76e5-0849-4bb6-a8eb-935fad7500d7 HTTP/1.1" status: 200 len: 1168 time: 0.1376858
2026-07-16 08:02:16.007 9 INFO neutron.wsgi [None req-00605bbc-e84b-4a16-b3c1-f0e87af8885d 3c16e09ca97c48abbb60d81debe674d1 71de93269cbc4b9c918ca7e83e197a78 - - default default] 10.0.0.144 "DELETE /v2.0/security-groups/44f01134-b6c1-40ca-b7db-26f11fc13a99 HTTP/1.1" status: 204 len: 168 time: 0.3791962
2026-07-16 08:02:16.213 9 INFO neutron.db.l3_db [req-3602b546-829e-4c0c-8c08-dfe1abde9e91 req-d7191107-663e-4b1c-8fb9-a5082be57b4e 27781b87d73b40038bc7c64a3224a5a9 8ad4d2cd83224d3e876cb5fbe2cfc080 - - default default] Floating IP 299ada24-c25b-49d8-8227-47df9971dd60 disassociated. External IP: 10.96.250.220, port: 801ff5c2-7998-44cf-9eec-5c7d10cd6a58.
2026-07-16 08:02:16.428 9 INFO neutron.wsgi [req-3602b546-829e-4c0c-8c08-dfe1abde9e91 req-d7191107-663e-4b1c-8fb9-a5082be57b4e 27781b87d73b40038bc7c64a3224a5a9 8ad4d2cd83224d3e876cb5fbe2cfc080 - - default default] 199.204.45.4 "DELETE /v2.0/ports/801ff5c2-7998-44cf-9eec-5c7d10cd6a58 HTTP/1.1" status: 204 len: 173 time: 0.5696921
2026-07-16 08:02:16.504 9 INFO neutron.notifiers.nova [-] Nova event matching ['req-4d7a7edf-5159-43a9-89cc-1cee7dd43da7'] response: {'name': 'network-changed', 'server_uuid': 'ad3b76e5-0849-4bb6-a8eb-935fad7500d7', 'tag': '801ff5c2-7998-44cf-9eec-5c7d10cd6a58', 'status': 'completed', 'code': 200}
2026-07-16 08:02:16.505 9 INFO neutron.notifiers.nova [-] Nova event matching ['req-4d7a7edf-5159-43a9-89cc-1cee7dd43da7'] response: {'server_uuid': 'ad3b76e5-0849-4bb6-a8eb-935fad7500d7', 'name': 'network-vif-unplugged', 'status': 'completed', 'tag': '801ff5c2-7998-44cf-9eec-5c7d10cd6a58', 'code': 200}
2026-07-16 08:02:16.505 9 INFO neutron.notifiers.nova [-] Nova event matching ['req-4d7a7edf-5159-43a9-89cc-1cee7dd43da7'] response: {'server_uuid': 'ad3b76e5-0849-4bb6-a8eb-935fad7500d7', 'name': 'network-vif-plugged', 'status': 'completed', 'tag': '801ff5c2-7998-44cf-9eec-5c7d10cd6a58', 'code': 200}
2026-07-16 08:02:16.505 9 INFO neutron.notifiers.nova [-] Nova event matching ['req-4d7a7edf-5159-43a9-89cc-1cee7dd43da7'] response: {'server_uuid': 'ad3b76e5-0849-4bb6-a8eb-935fad7500d7', 'name': 'network-vif-deleted', 'tag': '801ff5c2-7998-44cf-9eec-5c7d10cd6a58', 'status': 'completed', 'code': 200} /var/lib/openstack/lib/python3.10/site-packages/pycadf/identifier.py:71: UserWarning: Invalid uuid: neutron. To ensure interoperability, identifiers should be a valid uuid. warnings.warn(('Invalid uuid: %s. To ensure interoperability, '
2026-07-16 08:02:16.558 9 INFO neutron.wsgi [req-1b7b7bdf-4a24-40b5-b93e-b2afeac13898 req-5e36faca-1c3b-430c-9160-2e2c65c123ce 2a4125f0616a4005a9a212b780586efb 38193357b44b4330ab3845d1ccfc7347 - - 13524b305ef34f7ba15bc447ba9ff922 13524b305ef34f7ba15bc447ba9ff922] 199.204.45.4 "GET /v2.0/ports?tenant_id=8ad4d2cd83224d3e876cb5fbe2cfc080&device_id=ad3b76e5-0849-4bb6-a8eb-935fad7500d7 HTTP/1.1" status: 200 len: 210 time: 0.0282269
2026-07-16 08:02:16.589 10 INFO neutron.wsgi [req-795bdab6-b2d3-4a30-9b5e-386b686b00e9 req-f43ebc39-9e59-46f7-951c-49d692096f05 27781b87d73b40038bc7c64a3224a5a9 8ad4d2cd83224d3e876cb5fbe2cfc080 - - default default] 10.0.0.18 "GET /v2.0/ports?device_id=ad3b76e5-0849-4bb6-a8eb-935fad7500d7 HTTP/1.1" status: 200 len: 210 time: 0.0249741
2026-07-16 08:02:16.644 9 INFO neutron.wsgi [req-1b7b7bdf-4a24-40b5-b93e-b2afeac13898 req-b189dfa5-59ff-4141-853d-a002da46af2e 2a4125f0616a4005a9a212b780586efb 38193357b44b4330ab3845d1ccfc7347 - - 13524b305ef34f7ba15bc447ba9ff922 13524b305ef34f7ba15bc447ba9ff922] 199.204.45.4 "GET /v2.0/networks?tenant_id=8ad4d2cd83224d3e876cb5fbe2cfc080&shared=False HTTP/1.1" status: 200 len: 978 time: 0.0766854
2026-07-16 08:02:16.711 9 INFO neutron.wsgi [req-1b7b7bdf-4a24-40b5-b93e-b2afeac13898 req-be656812-3415-4ca2-901d-9e717a70562b 2a4125f0616a4005a9a212b780586efb 38193357b44b4330ab3845d1ccfc7347 - - 13524b305ef34f7ba15bc447ba9ff922 13524b305ef34f7ba15bc447ba9ff922] 199.204.45.4 "GET /v2.0/networks?shared=True HTTP/1.1" status: 200 len: 952 time: 0.0613332
2026-07-16 08:02:17.533 10 WARNING neutron_lib.context [None req-4e21b8a9-a376-4ead-a030-4ff854701ea9 c55be90e5d92420fb2422cf761934d28 7214bd9051c04ed89c059e0abd0c8cc8 - - default default] Method 'is_advsvc' is deprecated since 2023.2 release (neutron-lib 3.8.0) and will be removed once support for the old RBAC API policies will be removed from Neutron. Please use method 'is_service_role' instead.
2026-07-16 08:02:17.609 10 INFO neutron.wsgi [None req-4e21b8a9-a376-4ead-a030-4ff854701ea9 c55be90e5d92420fb2422cf761934d28 7214bd9051c04ed89c059e0abd0c8cc8 - - default default] 10.0.0.144 "POST /v2.0/subnetpools HTTP/1.1" status: 201 len: 748 time: 0.2390549
2026-07-16 08:02:17.655 9 INFO neutron.wsgi [None req-b16bea7a-bf0c-4662-968c-4d8ca7810152 c55be90e5d92420fb2422cf761934d28 7214bd9051c04ed89c059e0abd0c8cc8 - - default default] 10.0.0.144 "GET /v2.0/subnetpools/6cb17af4-8573-4a14-aac7-fa3ee95a966f HTTP/1.1" status: 200 len: 743 time: 0.0424139
2026-07-16 08:02:17.727 9 INFO neutron.wsgi [None req-871c8462-9ebb-479b-8603-2129216c6ce7 c55be90e5d92420fb2422cf761934d28 7214bd9051c04ed89c059e0abd0c8cc8 - - default default] 10.0.0.144 "PUT /v2.0/subnetpools/6cb17af4-8573-4a14-aac7-fa3ee95a966f HTTP/1.1" status: 200 len: 694 time: 0.0663948
2026-07-16 08:02:17.796 10 WARNING neutron_lib.context [None req-d1765f48-35b0-4738-8b4b-6e46dc5835fd 7a1277f5c71b48d1b1602f032fbfd53e 1d53f24ea02e4261b95fd9bfd0a851b6 - - default default] Method 'is_advsvc' is deprecated since 2023.2 release (neutron-lib 3.8.0) and will be removed once support for the old RBAC API policies will be removed from Neutron. Please use method 'is_service_role' instead.
2026-07-16 08:02:17.796 9 INFO neutron.wsgi [None req-6577a464-c53c-4a5c-b6c0-5fabc9ef3389 c55be90e5d92420fb2422cf761934d28 7214bd9051c04ed89c059e0abd0c8cc8 - - default default] 10.0.0.144 "DELETE /v2.0/subnetpools/6cb17af4-8573-4a14-aac7-fa3ee95a966f HTTP/1.1" status: 204 len: 168 time: 0.0625293
2026-07-16 08:02:17.796 10 WARNING neutron_lib.context [None req-d1765f48-35b0-4738-8b4b-6e46dc5835fd 7a1277f5c71b48d1b1602f032fbfd53e 1d53f24ea02e4261b95fd9bfd0a851b6 - - default default] Method 'is_advsvc' is deprecated since 2023.2 release (neutron-lib 3.8.0) and will be removed once support for the old RBAC API policies will be removed from Neutron. Please use method 'is_service_role' instead.
2026-07-16 08:02:17.818 10 INFO neutron.api.v2.resource [None req-8d848227-9bfa-401c-89d3-b3a311640bff c55be90e5d92420fb2422cf761934d28 7214bd9051c04ed89c059e0abd0c8cc8 - - default default] show failed (client error): The resource could not be found.
2026-07-16 08:02:17.819 10 INFO neutron.wsgi [None req-8d848227-9bfa-401c-89d3-b3a311640bff c55be90e5d92420fb2422cf761934d28 7214bd9051c04ed89c059e0abd0c8cc8 - - default default] 10.0.0.144 "GET /v2.0/subnetpools/6cb17af4-8573-4a14-aac7-fa3ee95a966f HTTP/1.1" status: 404 len: 346 time: 0.0177615
2026-07-16 08:02:17.845 10 INFO neutron.api.v2.resource [None req-36eda1d8-d925-49d5-992a-d5d55fc11f47 c55be90e5d92420fb2422cf761934d28 7214bd9051c04ed89c059e0abd0c8cc8 - - default default] delete failed (client error): The resource could not be found.
2026-07-16 08:02:17.846 10 INFO neutron.wsgi [None req-36eda1d8-d925-49d5-992a-d5d55fc11f47 c55be90e5d92420fb2422cf761934d28 7214bd9051c04ed89c059e0abd0c8cc8 - - default default] 10.0.0.144 "DELETE /v2.0/subnetpools/6cb17af4-8573-4a14-aac7-fa3ee95a966f HTTP/1.1" status: 404 len: 346 time: 0.0207748
2026-07-16 08:02:17.850 10 INFO neutron.wsgi [None req-43b81c30-df02-438d-830d-357d647d4a48 27781b87d73b40038bc7c64a3224a5a9 8ad4d2cd83224d3e876cb5fbe2cfc080 - - default default] 10.0.0.144 "DELETE /v2.0/security-groups/c2e3fcc2-4b63-4c65-aa87-29d22eced94d HTTP/1.1" status: 204 len: 168 time: 0.1639884
2026-07-16 08:02:17.869 9 INFO neutron.api.v2.resource [None req-aa3aa485-641c-4a17-9adc-93081935038e 27781b87d73b40038bc7c64a3224a5a9 8ad4d2cd83224d3e876cb5fbe2cfc080 - - default default] show failed (client error): The resource could not be found.
2026-07-16 08:02:17.870 9 INFO neutron.wsgi [None req-aa3aa485-641c-4a17-9adc-93081935038e 27781b87d73b40038bc7c64a3224a5a9 8ad4d2cd83224d3e876cb5fbe2cfc080 - - default default] 10.0.0.144 "GET /v2.0/security-groups/c2e3fcc2-4b63-4c65-aa87-29d22eced94d HTTP/1.1" status: 404 len: 347 time: 0.0164142
2026-07-16 08:02:17.918 9 INFO neutron.wsgi [None req-2dd8de08-0105-4f98-8451-e54275c347de 3c16e09ca97c48abbb60d81debe674d1 71de93269cbc4b9c918ca7e83e197a78 - - default default] 10.0.0.7 "GET /v2.0/security-groups HTTP/1.1" status: 200 len: 19583 time: 0.1216159
2026-07-16 08:02:18.001 10 INFO neutron.db.ovn_revision_numbers_db [None req-d1765f48-35b0-4738-8b4b-6e46dc5835fd 7a1277f5c71b48d1b1602f032fbfd53e 1d53f24ea02e4261b95fd9bfd0a851b6 - - default default] Successfully bumped revision number for resource 66ab69e6-c0a7-498c-ae14-b0fb1eb3ad98 (type: security_groups) to 1
2026-07-16 08:02:18.023 10 INFO neutron.db.ovn_revision_numbers_db [None req-d1765f48-35b0-4738-8b4b-6e46dc5835fd 7a1277f5c71b48d1b1602f032fbfd53e 1d53f24ea02e4261b95fd9bfd0a851b6 - - default default] Successfully bumped revision number for resource 360e2623-6318-4d96-988b-50b19fa66090 (type: security_group_rules) to 0
2026-07-16 08:02:18.046 10 INFO neutron.db.ovn_revision_numbers_db [None req-d1765f48-35b0-4738-8b4b-6e46dc5835fd 7a1277f5c71b48d1b1602f032fbfd53e 1d53f24ea02e4261b95fd9bfd0a851b6 - - default default] Successfully bumped revision number for resource 3e2428c7-69cd-4a3f-ade3-ce91e6bb3d19 (type: security_group_rules) to 0
2026-07-16 08:02:18.058 9 INFO neutron.wsgi [None req-d161d2d2-6019-4617-ac86-9e2a36713720 3c16e09ca97c48abbb60d81debe674d1 71de93269cbc4b9c918ca7e83e197a78 - - default default] 10.0.0.7 "GET /v2.0/routers HTTP/1.1" status: 200 len: 866 time: 0.1364017
2026-07-16 08:02:18.083 9 INFO neutron.wsgi [None req-6cd13331-e099-4c3b-a6c1-c24f866dfd1a 3c16e09ca97c48abbb60d81debe674d1 71de93269cbc4b9c918ca7e83e197a78 - - default default] 10.0.0.7 "GET /v2.0/agents?binary=ovn-controller HTTP/1.1" status: 200 len: 591 time: 0.0228648
2026-07-16 08:02:18.103 9 INFO neutron.wsgi [None req-b5306ab2-2d81-4f07-8bfa-982568873d43 3c16e09ca97c48abbb60d81debe674d1 71de93269cbc4b9c918ca7e83e197a78 - - default default] 10.0.0.7 "GET /v2.0/network-ip-availabilities HTTP/1.1" status: 200 len: 1766 time: 0.0164552
2026-07-16 08:02:18.171 9 INFO neutron.wsgi [None req-50e69275-cce2-4f6f-a9cb-ebbfe43f6175 3c16e09ca97c48abbb60d81debe674d1 71de93269cbc4b9c918ca7e83e197a78 - - default default] 10.0.0.7 "GET /v2.0/subnets HTTP/1.1" status: 200 len: 2098 time: 0.0670633
2026-07-16 08:02:18.185 9 INFO neutron.wsgi [None req-b67801ef-071d-4270-b1ed-054992cf4709 3c16e09ca97c48abbb60d81debe674d1 71de93269cbc4b9c918ca7e83e197a78 - - default default] 10.0.0.7 "GET /v2.0/subnetpools HTTP/1.1" status: 200 len: 193 time: 0.0112679
2026-07-16 08:02:18.317 10 INFO neutron.db.ovn_revision_numbers_db [None req-d1765f48-35b0-4738-8b4b-6e46dc5835fd 7a1277f5c71b48d1b1602f032fbfd53e 1d53f24ea02e4261b95fd9bfd0a851b6 - - default default] Successfully bumped revision number for resource 6593819c-6874-4d75-bf50-043d37a14107 (type: security_group_rules) to 0
2026-07-16 08:02:18.357 10 INFO neutron.db.ovn_revision_numbers_db [None req-d1765f48-35b0-4738-8b4b-6e46dc5835fd 7a1277f5c71b48d1b1602f032fbfd53e 1d53f24ea02e4261b95fd9bfd0a851b6 - - default default] Successfully bumped revision number for resource a6549fdf-231e-4388-8404-91132ba6b33d (type: security_group_rules) to 0
2026-07-16 08:02:18.430 9 INFO neutron.wsgi [None req-5fb897d3-5f1b-4d38-baed-e5d68825f71c 3c16e09ca97c48abbb60d81debe674d1 71de93269cbc4b9c918ca7e83e197a78 - - default default] 10.0.0.7 "GET /v2.0/floatingips HTTP/1.1" status: 200 len: 730 time: 0.2446771
2026-07-16 08:02:18.455 10 INFO neutron.db.segments_db [None req-d1765f48-35b0-4738-8b4b-6e46dc5835fd 7a1277f5c71b48d1b1602f032fbfd53e 1d53f24ea02e4261b95fd9bfd0a851b6 - - default default] Added segment a3ac8494-87f3-4b63-ada8-a15a092e8713 of type geneve for network 4d162372-8e14-4aa7-b288-c7a30d9937bc
2026-07-16 08:02:18.518 9 INFO neutron.wsgi [None req-e7ab9041-fa32-4a37-a77d-dc2d64cd62f0 3c16e09ca97c48abbb60d81debe674d1 71de93269cbc4b9c918ca7e83e197a78 - - default default] 10.0.0.7 "GET /v2.0/ports HTTP/1.1" status: 200 len: 8576 time: 0.0865388
2026-07-16 08:02:18.561 9 INFO neutron.wsgi [None req-64482964-b8b6-4dc7-a5c4-c3f536f2aedd 3c16e09ca97c48abbb60d81debe674d1 71de93269cbc4b9c918ca7e83e197a78 - - default default] 10.0.0.7 "GET /v2.0/agents HTTP/1.1" status: 200 len: 997 time: 0.0362630
2026-07-16 08:02:18.614 9 INFO neutron.wsgi [None req-40141381-6aa7-4cad-86cf-27e33df80045 3c16e09ca97c48abbb60d81debe674d1 71de93269cbc4b9c918ca7e83e197a78 - - default default] 10.0.0.7 "GET /v2.0/subnets HTTP/1.1" status: 200 len: 2098 time: 0.0508418
2026-07-16 08:02:18.635 10 INFO neutron.wsgi [None req-d8f19a35-b50d-4b90-b30a-71969036e5ad 27781b87d73b40038bc7c64a3224a5a9 8ad4d2cd83224d3e876cb5fbe2cfc080 - - default default] 10.0.0.144 "DELETE /v2.0/floatingips/299ada24-c25b-49d8-8227-47df9971dd60 HTTP/1.1" status: 204 len: 168 time: 0.7605731
2026-07-16 08:02:18.688 10 INFO neutron.db.segments_db [None req-d1765f48-35b0-4738-8b4b-6e46dc5835fd 7a1277f5c71b48d1b1602f032fbfd53e 1d53f24ea02e4261b95fd9bfd0a851b6 - - default default] Added segment 0498c4a6-1101-465f-a07b-a4e88a92e411 of type geneve for network efe5b01d-134f-4c75-b344-46397b62a76f
2026-07-16 08:02:18.711 9 INFO neutron.wsgi [None req-623e3601-3ddc-4dd5-a6d2-1177504e12ea 3c16e09ca97c48abbb60d81debe674d1 71de93269cbc4b9c918ca7e83e197a78 - - default default] 10.0.0.7 "GET /v2.0/networks HTTP/1.1" status: 200 len: 3115 time: 0.0955489
2026-07-16 08:02:18.817 10 INFO neutron.db.ovn_revision_numbers_db [None req-94873bad-6c34-4331-a9b5-2d9f3ba7a296 3c16e09ca97c48abbb60d81debe674d1 71de93269cbc4b9c918ca7e83e197a78 - - default default] Successfully bumped revision number for resource 9de24ef2-d522-4bf6-b0d5-30783a93eb8f (type: security_groups) to 1
2026-07-16 08:02:18.878 10 INFO neutron.db.ovn_revision_numbers_db [None req-94873bad-6c34-4331-a9b5-2d9f3ba7a296 3c16e09ca97c48abbb60d81debe674d1 71de93269cbc4b9c918ca7e83e197a78 - - default default] Successfully bumped revision number for resource 20c8ce54-7343-4bc0-b9a3-2a9b90d99ef7 (type: security_group_rules) to 0
2026-07-16 08:02:18.931 10 INFO neutron.db.ovn_revision_numbers_db [None req-94873bad-6c34-4331-a9b5-2d9f3ba7a296 3c16e09ca97c48abbb60d81debe674d1 71de93269cbc4b9c918ca7e83e197a78 - - default default] Successfully bumped revision number for resource 24cabde1-95c0-4ae4-bae5-687d0d07a375 (type: security_group_rules) to 0
2026-07-16 08:02:18.939 10 INFO neutron.db.ovn_revision_numbers_db [None req-d1765f48-35b0-4738-8b4b-6e46dc5835fd 7a1277f5c71b48d1b1602f032fbfd53e 1d53f24ea02e4261b95fd9bfd0a851b6 - - default default] Successfully bumped revision number for resource 4d162372-8e14-4aa7-b288-c7a30d9937bc (type: networks) to 1
2026-07-16 08:02:18.961 10 INFO neutron.db.ovn_revision_numbers_db [None req-94873bad-6c34-4331-a9b5-2d9f3ba7a296 3c16e09ca97c48abbb60d81debe674d1 71de93269cbc4b9c918ca7e83e197a78 - - default default] Successfully bumped revision number for resource 516c1777-85e1-4886-91d1-ede14601847b (type: security_group_rules) to 0
2026-07-16 08:02:19.012 10 INFO neutron.db.ovn_revision_numbers_db [None req-94873bad-6c34-4331-a9b5-2d9f3ba7a296 3c16e09ca97c48abbb60d81debe674d1 71de93269cbc4b9c918ca7e83e197a78 - - default default] Successfully bumped revision number for resource e4cd6a2c-122c-483b-a234-53419deca9cb (type: security_group_rules) to 0
2026-07-16 08:02:19.066 10 INFO neutron.wsgi [None req-94873bad-6c34-4331-a9b5-2d9f3ba7a296 3c16e09ca97c48abbb60d81debe674d1 71de93269cbc4b9c918ca7e83e197a78 - - default default] 10.0.0.144 "GET /v2.0/security-groups?tenant_id=7214bd9051c04ed89c059e0abd0c8cc8&name=default HTTP/1.1" status: 200 len: 2996 time: 0.7190635
2026-07-16 08:02:19.219 10 WARNING neutron.scheduler.dhcp_agent_scheduler [None req-d1765f48-35b0-4738-8b4b-6e46dc5835fd 7a1277f5c71b48d1b1602f032fbfd53e 1d53f24ea02e4261b95fd9bfd0a851b6 - - default default] No more DHCP agents
2026-07-16 08:02:19.225 10 WARNING neutron.api.rpc.agentnotifiers.dhcp_rpc_agent_api [None req-d1765f48-35b0-4738-8b4b-6e46dc5835fd 7a1277f5c71b48d1b1602f032fbfd53e 1d53f24ea02e4261b95fd9bfd0a851b6 - - default default] Unable to schedule network 4d162372-8e14-4aa7-b288-c7a30d9937bc: no agents available; will retry on subsequent port and subnet creation events.
2026-07-16 08:02:19.319 9 INFO neutron.wsgi [None req-faf465f3-d1fc-4cb5-a337-72b336a8251b 3c16e09ca97c48abbb60d81debe674d1 71de93269cbc4b9c918ca7e83e197a78 - - default default] 10.0.0.144 "DELETE /v2.0/security-groups/9de24ef2-d522-4bf6-b0d5-30783a93eb8f HTTP/1.1" status: 204 len: 168 time: 0.2411101
2026-07-16 08:02:19.350 10 INFO neutron.db.ovn_revision_numbers_db [None req-d1765f48-35b0-4738-8b4b-6e46dc5835fd 7a1277f5c71b48d1b1602f032fbfd53e 1d53f24ea02e4261b95fd9bfd0a851b6 - - default default] Successfully bumped revision number for resource 4069d484-1633-4b08-b632-490a82b92a8d (type: ports) to 1
2026-07-16 08:02:19.453 10 INFO neutron.db.ovn_revision_numbers_db [None req-d1765f48-35b0-4738-8b4b-6e46dc5835fd 7a1277f5c71b48d1b1602f032fbfd53e 1d53f24ea02e4261b95fd9bfd0a851b6 - - default default] Successfully bumped revision number for resource efe5b01d-134f-4c75-b344-46397b62a76f (type: networks) to 1
2026-07-16 08:02:19.746 10 WARNING neutron.scheduler.dhcp_agent_scheduler [None req-d1765f48-35b0-4738-8b4b-6e46dc5835fd 7a1277f5c71b48d1b1602f032fbfd53e 1d53f24ea02e4261b95fd9bfd0a851b6 - - default default] No more DHCP agents
2026-07-16 08:02:19.749 10 WARNING neutron.api.rpc.agentnotifiers.dhcp_rpc_agent_api [None req-d1765f48-35b0-4738-8b4b-6e46dc5835fd 7a1277f5c71b48d1b1602f032fbfd53e 1d53f24ea02e4261b95fd9bfd0a851b6 - - default default] Unable to schedule network efe5b01d-134f-4c75-b344-46397b62a76f: no agents available; will retry on subsequent port and subnet creation events.
2026-07-16 08:02:19.940 10 INFO neutron.db.ovn_revision_numbers_db [None req-d1765f48-35b0-4738-8b4b-6e46dc5835fd 7a1277f5c71b48d1b1602f032fbfd53e 1d53f24ea02e4261b95fd9bfd0a851b6 - - default default] Successfully bumped revision number for resource b6b3b26f-f009-4a3f-96cd-ee589b799aa1 (type: ports) to 1
2026-07-16 08:02:20.005 10 INFO neutron.wsgi [None req-d1765f48-35b0-4738-8b4b-6e46dc5835fd 7a1277f5c71b48d1b1602f032fbfd53e 1d53f24ea02e4261b95fd9bfd0a851b6 - - default default] 10.0.0.144 "POST /v2.0/networks HTTP/1.1" status: 201 len: 1444 time: 2.2666965
2026-07-16 08:02:20.151 9 INFO neutron.wsgi [None req-59689ef8-c795-48b8-a273-d2a04c519cc6 7a1277f5c71b48d1b1602f032fbfd53e 1d53f24ea02e4261b95fd9bfd0a851b6 - - default default] 10.0.0.144 "GET /v2.0/networks HTTP/1.1" status: 200 len: 2050 time: 0.1377435
2026-07-16 08:02:20.157 10 INFO neutron.wsgi [None req-8c302397-af59-423e-8a35-8c1bd51970ad 3c16e09ca97c48abbb60d81debe674d1 71de93269cbc4b9c918ca7e83e197a78 - - default default] 10.0.0.144 "PUT /v2.0/routers/80718c38-3743-4351-8129-741f2cf65b27/remove_router_interface HTTP/1.1" status: 200 len: 503 time: 1.5141883 /var/lib/openstack/lib/python3.10/site-packages/pycadf/identifier.py:71: UserWarning: Invalid uuid: neutron. To ensure interoperability, identifiers should be a valid uuid. warnings.warn(('Invalid uuid: %s. To ensure interoperability, '
2026-07-16 08:02:20.604 10 INFO neutron.services.segments.plugin [-] Segment a3ac8494-87f3-4b63-ada8-a15a092e8713 resource provider aggregate not found
2026-07-16 08:02:20.610 10 INFO neutron.services.segments.plugin [-] Segment a3ac8494-87f3-4b63-ada8-a15a092e8713 resource provider aggregate not found
2026-07-16 08:02:20.619 10 INFO neutron.services.segments.plugin [-] Segment a3ac8494-87f3-4b63-ada8-a15a092e8713 resource provider not found; error: Placement Client Error (4xx): {"errors": [{"status": 404, "title": "Not Found", "detail": "The resource could not be found.\n\n No resource provider with uuid a3ac8494-87f3-4b63-ada8-a15a092e8713 found for delete ", "request_id": "req-0c0e326b-6958-43be-911c-54a77a2c1e13"}]}
2026-07-16 08:02:20.629 10 INFO neutron.services.segments.plugin [-] Segment a3ac8494-87f3-4b63-ada8-a15a092e8713 resource provider not found; error: Placement Client Error (4xx): {"errors": [{"status": 404, "title": "Not Found", "detail": "The resource could not be found.\n\n No resource provider with uuid a3ac8494-87f3-4b63-ada8-a15a092e8713 found for delete ", "request_id": "req-b46a2d0f-c9de-456e-b657-fff129936ca5"}]}
2026-07-16 08:02:20.651 10 INFO neutron.wsgi [None req-53dc2933-c89e-4dac-9275-032f4c16457b 7a1277f5c71b48d1b1602f032fbfd53e 1d53f24ea02e4261b95fd9bfd0a851b6 - - default default] 10.0.0.144 "DELETE /v2.0/networks/4d162372-8e14-4aa7-b288-c7a30d9937bc HTTP/1.1" status: 204 len: 168 time: 0.4895778
2026-07-16 08:02:21.206 9 INFO neutron.wsgi [None req-f4b9a569-22b4-48ce-a658-b79b3ab6effc 3c16e09ca97c48abbb60d81debe674d1 71de93269cbc4b9c918ca7e83e197a78 - - default default] 10.0.0.144 "DELETE /v2.0/routers/80718c38-3743-4351-8129-741f2cf65b27 HTTP/1.1" status: 204 len: 168 time: 1.0428400
2026-07-16 08:02:21.244 9 INFO neutron.services.segments.plugin [-] Segment 0498c4a6-1101-465f-a07b-a4e88a92e411 resource provider aggregate not found
2026-07-16 08:02:21.249 9 INFO neutron.services.segments.plugin [-] Segment 0498c4a6-1101-465f-a07b-a4e88a92e411 resource provider aggregate not found
2026-07-16 08:02:21.266 9 INFO neutron.services.segments.plugin [-] Segment 0498c4a6-1101-465f-a07b-a4e88a92e411 resource provider not found; error: Placement Client Error (4xx): {"errors": [{"status": 404, "title": "Not Found", "detail": "The resource could not be found.\n\n No resource provider with uuid 0498c4a6-1101-465f-a07b-a4e88a92e411 found for delete ", "request_id": "req-165f739a-caa9-4aff-ae62-90c936cb7698"}]}
2026-07-16 08:02:21.268 9 INFO neutron.services.segments.plugin [-] Segment 0498c4a6-1101-465f-a07b-a4e88a92e411 resource provider not found; error: Placement Client Error (4xx): {"errors": [{"status": 404, "title": "Not Found", "detail": "The resource could not be found.\n\n No resource provider with uuid 0498c4a6-1101-465f-a07b-a4e88a92e411 found for delete ", "request_id": "req-3d160380-5535-4523-82b2-7f2cd4646b5b"}]}
2026-07-16 08:02:21.287 9 INFO neutron.wsgi [None req-a31b3668-cf2c-4996-93e8-33bacc678463 7a1277f5c71b48d1b1602f032fbfd53e 1d53f24ea02e4261b95fd9bfd0a851b6 - - default default] 10.0.0.144 "DELETE /v2.0/networks/efe5b01d-134f-4c75-b344-46397b62a76f HTTP/1.1" status: 204 len: 168 time: 0.6316268
2026-07-16 08:02:21.348 9 INFO neutron.wsgi [None req-22be0e1f-681e-4d3e-9edb-2d74aca0a68c 7a1277f5c71b48d1b1602f032fbfd53e 1d53f24ea02e4261b95fd9bfd0a851b6 - - default default] 10.0.0.144 "GET /v2.0/networks HTTP/1.1" status: 200 len: 845 time: 0.0517247
2026-07-16 08:02:21.358 9 WARNING neutron_lib.context [None req-e9df3fe1-2658-4768-9834-81768c6c2293 7a1277f5c71b48d1b1602f032fbfd53e 1d53f24ea02e4261b95fd9bfd0a851b6 - - default default] Method 'is_advsvc' is deprecated since 2023.2 release (neutron-lib 3.8.0) and will be removed once support for the old RBAC API policies will be removed from Neutron. Please use method 'is_service_role' instead.
2026-07-16 08:02:21.440 9 INFO neutron.db.segments_db [None req-e9df3fe1-2658-4768-9834-81768c6c2293 7a1277f5c71b48d1b1602f032fbfd53e 1d53f24ea02e4261b95fd9bfd0a851b6 - - default default] Added segment e150d2a5-c483-4d22-8877-c73ee0458efc of type geneve for network fc982568-5a42-40d8-913a-6c72e1b0fb48
2026-07-16 08:02:21.445 10 INFO neutron.wsgi [None req-c6facf6f-68b4-48ce-ae91-cb1bcdfacbf7 3c16e09ca97c48abbb60d81debe674d1 71de93269cbc4b9c918ca7e83e197a78 - - default default] 10.0.0.144 "DELETE /v2.0/subnets/61078cf5-a3df-4a03-9751-ac5528e745e3 HTTP/1.1" status: 204 len: 168 time: 0.2317832
2026-07-16 08:02:21.613 9 INFO neutron.db.ovn_revision_numbers_db [None req-e9df3fe1-2658-4768-9834-81768c6c2293 7a1277f5c71b48d1b1602f032fbfd53e 1d53f24ea02e4261b95fd9bfd0a851b6 - - default default] Successfully bumped revision number for resource fc982568-5a42-40d8-913a-6c72e1b0fb48 (type: networks) to 1
2026-07-16 08:02:21.787 9 WARNING neutron.scheduler.dhcp_agent_scheduler [None req-e9df3fe1-2658-4768-9834-81768c6c2293 7a1277f5c71b48d1b1602f032fbfd53e 1d53f24ea02e4261b95fd9bfd0a851b6 - - default default] No more DHCP agents
2026-07-16 08:02:21.790 9 WARNING neutron.api.rpc.agentnotifiers.dhcp_rpc_agent_api [None req-e9df3fe1-2658-4768-9834-81768c6c2293 7a1277f5c71b48d1b1602f032fbfd53e 1d53f24ea02e4261b95fd9bfd0a851b6 - - default default] Unable to schedule network fc982568-5a42-40d8-913a-6c72e1b0fb48: no agents available; will retry on subsequent port and subnet creation events.
2026-07-16 08:02:21.871 9 INFO neutron.db.ovn_revision_numbers_db [None req-e9df3fe1-2658-4768-9834-81768c6c2293 7a1277f5c71b48d1b1602f032fbfd53e 1d53f24ea02e4261b95fd9bfd0a851b6 - - default default] Successfully bumped revision number for resource 3e12de7b-8b46-4587-8f11-9c25af575b36 (type: ports) to 1
2026-07-16 08:02:21.892 10 INFO neutron.wsgi [None req-e2bc33d0-0f6e-41ae-989b-04732a6a7c37 3c16e09ca97c48abbb60d81debe674d1 71de93269cbc4b9c918ca7e83e197a78 - - default default] 10.0.0.144 "DELETE /v2.0/networks/21a9d6ca-9679-421f-b309-a2782058d02d HTTP/1.1" status: 204 len: 168 time: 0.4420922
2026-07-16 08:02:21.895 9 INFO neutron.wsgi [None req-e9df3fe1-2658-4768-9834-81768c6c2293 7a1277f5c71b48d1b1602f032fbfd53e 1d53f24ea02e4261b95fd9bfd0a851b6 - - default default] 10.0.0.144 "POST /v2.0/networks HTTP/1.1" status: 201 len: 848 time: 0.5403693
2026-07-16 08:02:21.903 10 WARNING neutron_lib.context [None req-739907d1-d4a0-44e0-a1cd-0ca4c3110015 7a1277f5c71b48d1b1602f032fbfd53e 1d53f24ea02e4261b95fd9bfd0a851b6 - - default default] Method 'is_advsvc' is deprecated since 2023.2 release (neutron-lib 3.8.0) and will be removed once support for the old RBAC API policies will be removed from Neutron. Please use method 'is_service_role' instead.
2026-07-16 08:02:21.982 10 INFO neutron.db.segments_db [None req-739907d1-d4a0-44e0-a1cd-0ca4c3110015 7a1277f5c71b48d1b1602f032fbfd53e 1d53f24ea02e4261b95fd9bfd0a851b6 - - default default] Added segment 34fd8703-49b4-4d24-80d2-b9828a88b5e4 of type geneve for network 9ae488a0-5af1-4088-a681-28a5de0543a0
2026-07-16 08:02:22.033 9 INFO neutron.wsgi [None req-9771d2b5-d2f0-483c-85df-3b2bc6f55b0e 3c16e09ca97c48abbb60d81debe674d1 71de93269cbc4b9c918ca7e83e197a78 - - default default] 10.0.0.144 "GET /v2.0/security-groups?tenant_id=8ad4d2cd83224d3e876cb5fbe2cfc080&name=default HTTP/1.1" status: 200 len: 2996 time: 0.0429807
2026-07-16 08:02:22.124 10 INFO neutron.db.ovn_revision_numbers_db [None req-739907d1-d4a0-44e0-a1cd-0ca4c3110015 7a1277f5c71b48d1b1602f032fbfd53e 1d53f24ea02e4261b95fd9bfd0a851b6 - - default default] Successfully bumped revision number for resource 9ae488a0-5af1-4088-a681-28a5de0543a0 (type: networks) to 1
2026-07-16 08:02:22.157 9 INFO neutron.db.ovn_revision_numbers_db [None req-79211159-0487-482e-ae9b-7be1c5bc97dd 3c16e09ca97c48abbb60d81debe674d1 71de93269cbc4b9c918ca7e83e197a78 - - default default] Successfully bumped revision number for resource 10cb31b6-747b-4cbc-98b2-4c9df3ca873c (type: security_groups) to 1
2026-07-16 08:02:22.178 9 INFO neutron.db.ovn_revision_numbers_db [None req-79211159-0487-482e-ae9b-7be1c5bc97dd 3c16e09ca97c48abbb60d81debe674d1 71de93269cbc4b9c918ca7e83e197a78 - - default default] Successfully bumped revision number for resource aa0b50d9-4490-4212-96fd-367d4e7dc83f (type: security_group_rules) to 0
2026-07-16 08:02:22.193 9 INFO neutron.db.ovn_revision_numbers_db [None req-79211159-0487-482e-ae9b-7be1c5bc97dd 3c16e09ca97c48abbb60d81debe674d1 71de93269cbc4b9c918ca7e83e197a78 - - default default] Successfully bumped revision number for resource c9eae0bd-a4f8-4cdd-a7fb-089652dd4fd5 (type: security_group_rules) to 0
2026-07-16 08:02:22.212 9 INFO neutron.db.ovn_revision_numbers_db [None req-79211159-0487-482e-ae9b-7be1c5bc97dd 3c16e09ca97c48abbb60d81debe674d1 71de93269cbc4b9c918ca7e83e197a78 - - default default] Successfully bumped revision number for resource d13e20cc-cef2-4e6d-941a-529220e9be7b (type: security_group_rules) to 0
2026-07-16 08:02:22.223 9 INFO neutron.db.ovn_revision_numbers_db [None req-79211159-0487-482e-ae9b-7be1c5bc97dd 3c16e09ca97c48abbb60d81debe674d1 71de93269cbc4b9c918ca7e83e197a78 - - default default] Successfully bumped revision number for resource e20d8a0a-ba89-46e1-a410-a9cd97fcc427 (type: security_group_rules) to 0
2026-07-16 08:02:22.250 9 INFO neutron.wsgi [None req-79211159-0487-482e-ae9b-7be1c5bc97dd 3c16e09ca97c48abbb60d81debe674d1 71de93269cbc4b9c918ca7e83e197a78 - - default default] 10.0.0.144 "GET /v2.0/security-groups?tenant_id=3f20f395c11d4ec0bd18d00b5c7758f9&name=default HTTP/1.1" status: 200 len: 2996 time: 0.3970416
2026-07-16 08:02:22.270 9 INFO neutron.wsgi [None req-2d991b3d-6f4c-4ca9-9241-eae6e36c8af3 3c16e09ca97c48abbb60d81debe674d1 71de93269cbc4b9c918ca7e83e197a78 - - default default] 10.0.0.144 "DELETE /v2.0/security-groups/ce977d91-437c-4113-8820-c37fba1af861 HTTP/1.1" status: 204 len: 168 time: 0.2316070
2026-07-16 08:02:22.301 10 WARNING neutron.scheduler.dhcp_agent_scheduler [None req-739907d1-d4a0-44e0-a1cd-0ca4c3110015 7a1277f5c71b48d1b1602f032fbfd53e 1d53f24ea02e4261b95fd9bfd0a851b6 - - default default] No more DHCP agents
2026-07-16 08:02:22.303 10 WARNING neutron.api.rpc.agentnotifiers.dhcp_rpc_agent_api [None req-739907d1-d4a0-44e0-a1cd-0ca4c3110015 7a1277f5c71b48d1b1602f032fbfd53e 1d53f24ea02e4261b95fd9bfd0a851b6 - - default default] Unable to schedule network 9ae488a0-5af1-4088-a681-28a5de0543a0: no agents available; will retry on subsequent port and subnet creation events.
2026-07-16 08:02:22.394 10 INFO neutron.db.ovn_revision_numbers_db [None req-739907d1-d4a0-44e0-a1cd-0ca4c3110015 7a1277f5c71b48d1b1602f032fbfd53e 1d53f24ea02e4261b95fd9bfd0a851b6 - - default default] Successfully bumped revision number for resource 3412b0fd-c910-4735-8944-0de280023055 (type: ports) to 1
2026-07-16 08:02:22.415 10 INFO neutron.wsgi [None req-739907d1-d4a0-44e0-a1cd-0ca4c3110015 7a1277f5c71b48d1b1602f032fbfd53e 1d53f24ea02e4261b95fd9bfd0a851b6 - - default default] 10.0.0.144 "POST /v2.0/networks HTTP/1.1" status: 201 len: 848 time: 0.5161562
2026-07-16 08:02:22.425 9 WARNING neutron_lib.context [None req-8fd47218-516d-4c96-abc4-af1c9ad7f470 7a1277f5c71b48d1b1602f032fbfd53e 1d53f24ea02e4261b95fd9bfd0a851b6 - - default default] Method 'is_advsvc' is deprecated since 2023.2 release (neutron-lib 3.8.0) and will be removed once support for the old RBAC API policies will be removed from Neutron. Please use method 'is_service_role' instead.
2026-07-16 08:02:22.467 9 WARNING neutron_lib.context [None req-8fd47218-516d-4c96-abc4-af1c9ad7f470 7a1277f5c71b48d1b1602f032fbfd53e 1d53f24ea02e4261b95fd9bfd0a851b6 - - default default] Method 'is_advsvc' is deprecated since 2023.2 release (neutron-lib 3.8.0) and will be removed once support for the old RBAC API policies will be removed from Neutron. Please use method 'is_service_role' instead.
2026-07-16 08:02:22.473 9 INFO neutron.wsgi [None req-de763543-0898-4018-9b16-13b7e9f455a9 3c16e09ca97c48abbb60d81debe674d1 71de93269cbc4b9c918ca7e83e197a78 - - default default] 10.0.0.144 "DELETE /v2.0/security-groups/10cb31b6-747b-4cbc-98b2-4c9df3ca873c HTTP/1.1" status: 204 len: 168 time: 0.2173934
2026-07-16 08:02:22.650 10 INFO neutron.services.segments.plugin [-] Segment 0e407a0f-0340-4319-aaa9-16249465ad7b resource provider aggregate not found
2026-07-16 08:02:22.657 10 INFO neutron.services.segments.plugin [-] Segment 0e407a0f-0340-4319-aaa9-16249465ad7b resource provider aggregate not found
2026-07-16 08:02:22.679 10 INFO neutron.services.segments.plugin [-] Segment 0e407a0f-0340-4319-aaa9-16249465ad7b resource provider not found; error: Placement Client Error (4xx): {"errors": [{"status": 404, "title": "Not Found", "detail": "The resource could not be found.\n\n No resource provider with uuid 0e407a0f-0340-4319-aaa9-16249465ad7b found for delete ", "request_id": "req-a8da1478-5967-4630-9974-26d3773038ca"}]}
2026-07-16 08:02:22.681 10 INFO neutron.services.segments.plugin [-] Segment 0e407a0f-0340-4319-aaa9-16249465ad7b resource provider not found; error: Placement Client Error (4xx): {"errors": [{"status": 404, "title": "Not Found", "detail": "The resource could not be found.\n\n No resource provider with uuid 0e407a0f-0340-4319-aaa9-16249465ad7b found for delete ", "request_id": "req-52e1b242-9e61-4b03-bf43-6be43b65e322"}]}
2026-07-16 08:02:23.125 9 WARNING neutron.scheduler.dhcp_agent_scheduler [None req-8fd47218-516d-4c96-abc4-af1c9ad7f470 7a1277f5c71b48d1b1602f032fbfd53e 1d53f24ea02e4261b95fd9bfd0a851b6 - - default default] No more DHCP agents
