2026-07-16 08:04:32.147 10 INFO neutron.wsgi [None req-16212cca-a9bd-45b3-a7e0-651285a3ded4 68e0373654a6427ebc137df54d899e32 8d3010da086a4e339b61c27de339a179 - - default default] 10.0.0.144 "POST /v2.0/subnetpools HTTP/1.1" status: 201 len: 715 time: 0.0547898
2026-07-16 08:04:32.157 10 WARNING neutron_lib.context [None req-521afe65-ae1b-48c0-ad06-32ef34624c56 68e0373654a6427ebc137df54d899e32 8d3010da086a4e339b61c27de339a179 - - default default] Method 'is_advsvc' is deprecated since 2023.2 release (neutron-lib 3.8.0) and will be removed once support for the old RBAC API policies will be removed from Neutron. Please use method 'is_service_role' instead.
2026-07-16 08:04:32.206 10 INFO neutron.wsgi [None req-521afe65-ae1b-48c0-ad06-32ef34624c56 68e0373654a6427ebc137df54d899e32 8d3010da086a4e339b61c27de339a179 - - default default] 10.0.0.144 "POST /v2.0/subnetpools HTTP/1.1" status: 201 len: 715 time: 0.0532308
2026-07-16 08:04:32.247 10 INFO neutron.wsgi [None req-c19e2a15-8bae-4c11-a6cd-fd58c6d33f66 68e0373654a6427ebc137df54d899e32 8d3010da086a4e339b61c27de339a179 - - default default] 10.0.0.144 "PUT /v2.0/subnetpools/ecd05d7a-97df-45ff-900e-29db65c52e50/tags HTTP/1.1" status: 200 len: 210 time: 0.0340142
2026-07-16 08:04:32.284 10 INFO neutron.wsgi [None req-7870e395-1472-49a5-b3e6-2f011a2995d0 68e0373654a6427ebc137df54d899e32 8d3010da086a4e339b61c27de339a179 - - default default] 10.0.0.144 "PUT /v2.0/subnetpools/282d0c14-07c1-461e-a818-aea939447fb4/tags HTTP/1.1" status: 200 len: 218 time: 0.0319128
2026-07-16 08:04:32.658 9 INFO neutron.wsgi [None req-6cd3fd20-f4f8-4472-bb8a-1d256a7be09d 68e0373654a6427ebc137df54d899e32 8d3010da086a4e339b61c27de339a179 - - default default] 10.0.0.144 "PUT /v2.0/subnetpools/8442f59e-0a4e-4615-a8ff-5aaec7960de3/tags HTTP/1.1" status: 200 len: 227 time: 0.3698394
2026-07-16 08:04:32.703 10 INFO neutron.wsgi [None req-0a740c48-7049-492d-b231-ff2b0dfc93b1 68e0373654a6427ebc137df54d899e32 8d3010da086a4e339b61c27de339a179 - - default default] 10.0.0.144 "PUT /v2.0/subnetpools/15add697-5027-4dc4-a651-ca9a6d031982/tags HTTP/1.1" status: 200 len: 212 time: 0.0398192
2026-07-16 08:04:32.741 9 INFO neutron.wsgi [None req-96fa873f-62bf-4010-aa55-1934913306e2 68e0373654a6427ebc137df54d899e32 8d3010da086a4e339b61c27de339a179 - - default default] 10.0.0.144 "GET /v2.0/subnetpools?tags=red HTTP/1.1" status: 200 len: 1758 time: 0.0319381
2026-07-16 08:04:32.778 10 INFO neutron.wsgi [None req-72027b39-d8bc-4be6-b0cd-719fa2cf7bd7 68e0373654a6427ebc137df54d899e32 8d3010da086a4e339b61c27de339a179 - - default default] 10.0.0.144 "GET /v2.0/subnetpools?tags=red%2Cblue HTTP/1.1" status: 200 len: 1251 time: 0.0321720
2026-07-16 08:04:32.813 10 INFO neutron.wsgi [None req-efcc1e2b-0f57-4034-ac71-78cec6eb7d58 68e0373654a6427ebc137df54d899e32 8d3010da086a4e339b61c27de339a179 - - default default] 10.0.0.144 "GET /v2.0/subnetpools?tags-any=blue HTTP/1.1" status: 200 len: 1251 time: 0.0287874
2026-07-16 08:04:32.842 10 INFO neutron.wsgi [None req-0f2f6d98-a742-4f8a-8084-c189d5e3e60c 68e0373654a6427ebc137df54d899e32 8d3010da086a4e339b61c27de339a179 - - default default] 10.0.0.144 "GET /v2.0/subnetpools?tags-any=red%2Cblue HTTP/1.1" status: 200 len: 1758 time: 0.0236516
2026-07-16 08:04:32.860 9 INFO neutron.db.ovn_revision_numbers_db [None req-7d5466ca-b625-414b-b8f0-acee88a014c4 6fdbfcba0d554137aa11de01f6e9f035 ce707103857a44688216f76bb6288eae - - default default] Successfully bumped revision number for resource ee2bdc4a-6f70-4391-a92d-54c230d23849 (type: ports) to 2
2026-07-16 08:04:32.879 10 INFO neutron.wsgi [None req-5028a7a6-68cf-4d79-a78a-5c94a7189461 68e0373654a6427ebc137df54d899e32 8d3010da086a4e339b61c27de339a179 - - default default] 10.0.0.144 "GET /v2.0/subnetpools?not-tags=red HTTP/1.1" status: 200 len: 1223 time: 0.0330687
2026-07-16 08:04:32.896 9 INFO neutron.db.ovn_revision_numbers_db [None req-7d5466ca-b625-414b-b8f0-acee88a014c4 6fdbfcba0d554137aa11de01f6e9f035 ce707103857a44688216f76bb6288eae - - default default] Successfully bumped revision number for resource b88c0b81-0627-4942-bcd7-3198a04270b1 (type: subnets) to 0
2026-07-16 08:04:32.913 10 INFO neutron.wsgi [None req-fcbf7b1e-82b4-4783-a4c8-d4d78fab1aef 68e0373654a6427ebc137df54d899e32 8d3010da086a4e339b61c27de339a179 - - default default] 10.0.0.144 "GET /v2.0/subnetpools?not-tags=red%2Cblue HTTP/1.1" status: 200 len: 1730 time: 0.0283132
2026-07-16 08:04:32.915 9 INFO neutron.wsgi [None req-7d5466ca-b625-414b-b8f0-acee88a014c4 6fdbfcba0d554137aa11de01f6e9f035 ce707103857a44688216f76bb6288eae - - default default] 10.0.0.144 "POST /v2.0/subnets HTTP/1.1" status: 201 len: 801 time: 1.1294808
2026-07-16 08:04:32.925 9 WARNING neutron_lib.context [None req-101bf109-d2b9-448a-839d-000ffbd472fb 6fdbfcba0d554137aa11de01f6e9f035 ce707103857a44688216f76bb6288eae - - default default] Method 'is_advsvc' is deprecated since 2023.2 release (neutron-lib 3.8.0) and will be removed once support for the old RBAC API policies will be removed from Neutron. Please use method 'is_service_role' instead.
2026-07-16 08:04:32.941 10 INFO neutron.wsgi [None req-18b5e7ad-79e0-44e1-bc74-8c5a525a48e1 68e0373654a6427ebc137df54d899e32 8d3010da086a4e339b61c27de339a179 - - default default] 10.0.0.144 "GET /v2.0/subnetpools?not-tags-any=blue HTTP/1.1" status: 200 len: 1730 time: 0.0240242
2026-07-16 08:04:32.966 10 INFO neutron.wsgi [None req-767ba565-9d34-4915-a22d-bdc1c69656eb 68e0373654a6427ebc137df54d899e32 8d3010da086a4e339b61c27de339a179 - - default default] 10.0.0.144 "GET /v2.0/subnetpools?not-tags-any=red%2Cblue HTTP/1.1" status: 200 len: 1223 time: 0.0206850
2026-07-16 08:04:33.036 10 INFO neutron.wsgi [None req-40997986-89ee-4306-976d-6ce4010a4889 68e0373654a6427ebc137df54d899e32 8d3010da086a4e339b61c27de339a179 - - default default] 10.0.0.144 "DELETE /v2.0/subnetpools/ecd05d7a-97df-45ff-900e-29db65c52e50 HTTP/1.1" status: 204 len: 168 time: 0.0646052
2026-07-16 08:04:33.072 9 INFO neutron.db.ovn_revision_numbers_db [None req-101bf109-d2b9-448a-839d-000ffbd472fb 6fdbfcba0d554137aa11de01f6e9f035 ce707103857a44688216f76bb6288eae - - default default] Successfully bumped revision number for resource 9f7bef58-a4f6-40cf-86a2-52671412476c (type: routers) to 1
2026-07-16 08:04:33.086 9 INFO neutron.wsgi [None req-101bf109-d2b9-448a-839d-000ffbd472fb 6fdbfcba0d554137aa11de01f6e9f035 ce707103857a44688216f76bb6288eae - - default default] 10.0.0.144 "POST /v2.0/routers HTTP/1.1" status: 201 len: 687 time: 0.1656194
2026-07-16 08:04:33.101 10 INFO neutron.wsgi [None req-054f19ea-a82b-4fd5-8e0c-f2a8cf02db12 68e0373654a6427ebc137df54d899e32 8d3010da086a4e339b61c27de339a179 - - default default] 10.0.0.144 "DELETE /v2.0/subnetpools/282d0c14-07c1-461e-a818-aea939447fb4 HTTP/1.1" status: 204 len: 168 time: 0.0603359
2026-07-16 08:04:33.169 9 INFO neutron.wsgi [None req-c03ec6be-98e6-4728-ac7f-b49f67cdd223 68e0373654a6427ebc137df54d899e32 8d3010da086a4e339b61c27de339a179 - - default default] 10.0.0.144 "DELETE /v2.0/subnetpools/8442f59e-0a4e-4615-a8ff-5aaec7960de3 HTTP/1.1" status: 204 len: 168 time: 0.0629139
2026-07-16 08:04:33.233 9 INFO neutron.wsgi [None req-8d73ddde-3b74-48f3-bcfb-04211afab467 68e0373654a6427ebc137df54d899e32 8d3010da086a4e339b61c27de339a179 - - default default] 10.0.0.144 "DELETE /v2.0/subnetpools/15add697-5027-4dc4-a651-ca9a6d031982 HTTP/1.1" status: 204 len: 168 time: 0.0597470
2026-07-16 08:04:33.293 9 INFO neutron.wsgi [None req-dd330460-4fbd-4241-843b-1b9ab15de9c6 68e0373654a6427ebc137df54d899e32 8d3010da086a4e339b61c27de339a179 - - default default] 10.0.0.144 "DELETE /v2.0/subnetpools/d0be361b-0773-4806-b343-edfa04a3bd3e HTTP/1.1" status: 204 len: 168 time: 0.0555820
2026-07-16 08:04:33.489 10 WARNING neutron.scheduler.dhcp_agent_scheduler [None req-b89afd7b-e281-4b8f-861d-540eac84a1b0 6fdbfcba0d554137aa11de01f6e9f035 ce707103857a44688216f76bb6288eae - - default default] No more DHCP agents
2026-07-16 08:04:33.491 10 WARNING neutron.api.rpc.agentnotifiers.dhcp_rpc_agent_api [None req-b89afd7b-e281-4b8f-861d-540eac84a1b0 6fdbfcba0d554137aa11de01f6e9f035 ce707103857a44688216f76bb6288eae - - default default] Unable to schedule network 15bf096a-9554-4367-8139-56e23dab0902: no agents available; will retry on subsequent port and subnet creation events.
2026-07-16 08:04:33.710 10 INFO neutron.db.ovn_revision_numbers_db [None req-b89afd7b-e281-4b8f-861d-540eac84a1b0 6fdbfcba0d554137aa11de01f6e9f035 ce707103857a44688216f76bb6288eae - - default default] Successfully bumped revision number for resource 9a44242c-e281-4e81-8c4d-c2927558d4df (type: ports) to 1
2026-07-16 08:04:34.023 10 WARNING neutron.plugins.ml2.drivers.ovn.mech_driver.ovsdb.ovn_client [None req-1fed577b-fa7b-4690-8202-c757e3ffe61d - - - - - -] No port found with ID a6f205d5-1a3d-4631-b6bd-f9ae590796bc: RuntimeError: No port found with ID a6f205d5-1a3d-4631-b6bd-f9ae590796bc
2026-07-16 08:04:34.039 9 INFO neutron.plugins.ml2.drivers.ovn.mech_driver.mech_driver [None req-9922bd46-0a33-49c9-aed7-aec754b2273a - - - - - -] OVN reports status up for port: 9a44242c-e281-4e81-8c4d-c2927558d4df
2026-07-16 08:04:34.047 9 INFO neutron.plugins.ml2.plugin [None req-9922bd46-0a33-49c9-aed7-aec754b2273a - - - - - -] Attempt 1 to provision port 9a44242c-e281-4e81-8c4d-c2927558d4df
2026-07-16 08:04:34.065 10 INFO neutron.db.ovn_revision_numbers_db [None req-b89afd7b-e281-4b8f-861d-540eac84a1b0 6fdbfcba0d554137aa11de01f6e9f035 ce707103857a44688216f76bb6288eae - - default default] Successfully bumped revision number for resource 9a44242c-e281-4e81-8c4d-c2927558d4df (type: router_ports) to 1
2026-07-16 08:04:34.242 10 INFO neutron.db.ovn_revision_numbers_db [None req-b89afd7b-e281-4b8f-861d-540eac84a1b0 6fdbfcba0d554137aa11de01f6e9f035 ce707103857a44688216f76bb6288eae - - default default] Successfully bumped revision number for resource 9a44242c-e281-4e81-8c4d-c2927558d4df (type: ports) to 1
2026-07-16 08:04:34.308 10 WARNING neutron.scheduler.dhcp_agent_scheduler [None req-b89afd7b-e281-4b8f-861d-540eac84a1b0 6fdbfcba0d554137aa11de01f6e9f035 ce707103857a44688216f76bb6288eae - - default default] No more DHCP agents
2026-07-16 08:04:34.309 10 WARNING neutron.api.rpc.agentnotifiers.dhcp_rpc_agent_api [None req-b89afd7b-e281-4b8f-861d-540eac84a1b0 6fdbfcba0d554137aa11de01f6e9f035 ce707103857a44688216f76bb6288eae - - default default] Unable to schedule network 15bf096a-9554-4367-8139-56e23dab0902: no agents available; will retry on subsequent port and subnet creation events.
2026-07-16 08:04:34.377 9 INFO neutron.db.ovn_revision_numbers_db [None req-9922bd46-0a33-49c9-aed7-aec754b2273a - - - - - -] Successfully bumped revision number for resource 9a44242c-e281-4e81-8c4d-c2927558d4df (type: ports) to 2
2026-07-16 08:04:34.457 9 INFO neutron.db.ovn_revision_numbers_db [None req-e25ec8c7-707f-4ed8-9367-78e8da81e87f 3c16e09ca97c48abbb60d81debe674d1 71de93269cbc4b9c918ca7e83e197a78 - - default default] Successfully bumped revision number for resource 397d36f4-fda8-46e6-8c5b-89262331a707 (type: security_groups) to 1
2026-07-16 08:04:34.465 9 INFO neutron.db.ovn_revision_numbers_db [None req-9922bd46-0a33-49c9-aed7-aec754b2273a - - - - - -] Successfully bumped revision number for resource 9a44242c-e281-4e81-8c4d-c2927558d4df (type: router_ports) to 2
2026-07-16 08:04:34.474 10 INFO neutron.db.ovn_revision_numbers_db [None req-b89afd7b-e281-4b8f-861d-540eac84a1b0 6fdbfcba0d554137aa11de01f6e9f035 ce707103857a44688216f76bb6288eae - - default default] Successfully bumped revision number for resource 9a44242c-e281-4e81-8c4d-c2927558d4df (type: router_ports) to 2
2026-07-16 08:04:34.477 10 INFO neutron.wsgi [None req-b89afd7b-e281-4b8f-861d-540eac84a1b0 6fdbfcba0d554137aa11de01f6e9f035 ce707103857a44688216f76bb6288eae - - default default] 10.0.0.144 "PUT /v2.0/routers/9f7bef58-a4f6-40cf-86a2-52671412476c/add_router_interface HTTP/1.1" status: 200 len: 503 time: 1.3865304
2026-07-16 08:04:34.480 9 INFO neutron.db.ovn_revision_numbers_db [None req-e25ec8c7-707f-4ed8-9367-78e8da81e87f 3c16e09ca97c48abbb60d81debe674d1 71de93269cbc4b9c918ca7e83e197a78 - - default default] Successfully bumped revision number for resource 3376f923-e16a-4a2a-8817-627431a36adc (type: security_group_rules) to 0
2026-07-16 08:04:34.520 9 INFO neutron.db.ovn_revision_numbers_db [None req-e25ec8c7-707f-4ed8-9367-78e8da81e87f 3c16e09ca97c48abbb60d81debe674d1 71de93269cbc4b9c918ca7e83e197a78 - - default default] Successfully bumped revision number for resource 5b8d8081-aa51-447d-82cd-defd5d9367c5 (type: security_group_rules) to 0
2026-07-16 08:04:34.534 9 INFO neutron.wsgi [None req-a82ab9a3-4258-496c-b8ca-bf9d236b1c73 6fdbfcba0d554137aa11de01f6e9f035 ce707103857a44688216f76bb6288eae - - default default] 10.0.0.144 "GET /v2.0/ports/9a44242c-e281-4e81-8c4d-c2927558d4df HTTP/1.1" status: 200 len: 1137 time: 0.0505877
2026-07-16 08:04:34.543 9 INFO neutron.db.ovn_revision_numbers_db [None req-e25ec8c7-707f-4ed8-9367-78e8da81e87f 3c16e09ca97c48abbb60d81debe674d1 71de93269cbc4b9c918ca7e83e197a78 - - default default] Successfully bumped revision number for resource 749adec2-e16b-436a-a8c9-a9fb41edc8e2 (type: security_group_rules) to 0
2026-07-16 08:04:34.566 9 INFO neutron.db.ovn_revision_numbers_db [None req-e25ec8c7-707f-4ed8-9367-78e8da81e87f 3c16e09ca97c48abbb60d81debe674d1 71de93269cbc4b9c918ca7e83e197a78 - - default default] Successfully bumped revision number for resource 8f529468-d12f-443c-9d17-bb3b88e686df (type: security_group_rules) to 0
2026-07-16 08:04:34.590 9 INFO neutron.wsgi [None req-e25ec8c7-707f-4ed8-9367-78e8da81e87f 3c16e09ca97c48abbb60d81debe674d1 71de93269cbc4b9c918ca7e83e197a78 - - default default] 10.0.0.144 "GET /v2.0/security-groups?tenant_id=0901970df52949b38e3348201235b59a&name=default HTTP/1.1" status: 200 len: 2996 time: 0.4791834
2026-07-16 08:04:34.652 10 INFO neutron.wsgi [None req-3f01dbcc-e87a-4470-94ed-74e100e5bb21 6fdbfcba0d554137aa11de01f6e9f035 ce707103857a44688216f76bb6288eae - - default default] 10.0.0.144 "GET /v2.0/ports/9a44242c-e281-4e81-8c4d-c2927558d4df HTTP/1.1" status: 200 len: 1137 time: 0.1096191
2026-07-16 08:04:34.810 9 INFO neutron.wsgi [None req-2c7215d9-735e-4a22-a4dd-3f3620161c87 3c16e09ca97c48abbb60d81debe674d1 71de93269cbc4b9c918ca7e83e197a78 - - default default] 10.0.0.144 "DELETE /v2.0/security-groups/397d36f4-fda8-46e6-8c5b-89262331a707 HTTP/1.1" status: 204 len: 168 time: 0.2127428
2026-07-16 08:04:35.182 10 INFO neutron.db.ovn_revision_numbers_db [None req-b257a1b7-4417-4397-bf0f-cd07e7d84bae 3c16e09ca97c48abbb60d81debe674d1 71de93269cbc4b9c918ca7e83e197a78 - - default default] Successfully bumped revision number for resource 168732ed-fdc5-4db2-bae8-934111bafdba (type: security_groups) to 1
2026-07-16 08:04:35.203 10 INFO neutron.db.ovn_revision_numbers_db [None req-b257a1b7-4417-4397-bf0f-cd07e7d84bae 3c16e09ca97c48abbb60d81debe674d1 71de93269cbc4b9c918ca7e83e197a78 - - default default] Successfully bumped revision number for resource 4bff8c96-fa99-4d63-b623-30a641667cc8 (type: security_group_rules) to 0
2026-07-16 08:04:35.227 10 INFO neutron.db.ovn_revision_numbers_db [None req-b257a1b7-4417-4397-bf0f-cd07e7d84bae 3c16e09ca97c48abbb60d81debe674d1 71de93269cbc4b9c918ca7e83e197a78 - - default default] Successfully bumped revision number for resource 5acbd037-2743-4738-b1c0-dd8673e718d6 (type: security_group_rules) to 0
2026-07-16 08:04:35.243 10 INFO neutron.db.ovn_revision_numbers_db [None req-b257a1b7-4417-4397-bf0f-cd07e7d84bae 3c16e09ca97c48abbb60d81debe674d1 71de93269cbc4b9c918ca7e83e197a78 - - default default] Successfully bumped revision number for resource f489e653-3d19-4ec5-a494-90f98d601b0e (type: security_group_rules) to 0
2026-07-16 08:04:35.270 10 INFO neutron.db.ovn_revision_numbers_db [None req-b257a1b7-4417-4397-bf0f-cd07e7d84bae 3c16e09ca97c48abbb60d81debe674d1 71de93269cbc4b9c918ca7e83e197a78 - - default default] Successfully bumped revision number for resource fccec2b7-99c7-42cc-8e10-a19821e8c94a (type: security_group_rules) to 0
2026-07-16 08:04:35.314 10 INFO neutron.wsgi [None req-b257a1b7-4417-4397-bf0f-cd07e7d84bae 3c16e09ca97c48abbb60d81debe674d1 71de93269cbc4b9c918ca7e83e197a78 - - default default] 10.0.0.144 "GET /v2.0/security-groups?tenant_id=8d3010da086a4e339b61c27de339a179&name=default HTTP/1.1" status: 200 len: 2996 time: 0.3198190
2026-07-16 08:04:35.528 9 INFO neutron.wsgi [None req-f1e6b64e-198b-42af-8bcd-b5977624d717 3c16e09ca97c48abbb60d81debe674d1 71de93269cbc4b9c918ca7e83e197a78 - - default default] 10.0.0.144 "DELETE /v2.0/security-groups/168732ed-fdc5-4db2-bae8-934111bafdba HTTP/1.1" status: 204 len: 168 time: 0.2077818
2026-07-16 08:04:35.691 9 WARNING neutron_lib.context [None req-04053615-11ac-4ed8-9f65-68b1e7e78a83 b6e076ff4f2046b8a0f818e424c2a565 ff16827f350b45998744a2a97f1658c0 - - default default] Method 'is_advsvc' is deprecated since 2023.2 release (neutron-lib 3.8.0) and will be removed once support for the old RBAC API policies will be removed from Neutron. Please use method 'is_service_role' instead. /var/lib/openstack/lib/python3.10/site-packages/pycadf/identifier.py:71: UserWarning: Invalid uuid: neutron. To ensure interoperability, identifiers should be a valid uuid. warnings.warn(('Invalid uuid: %s. To ensure interoperability, '
2026-07-16 08:04:35.709 10 INFO neutron.wsgi [None req-83d09004-14a3-4d66-b1cd-39e8fb962750 6fdbfcba0d554137aa11de01f6e9f035 ce707103857a44688216f76bb6288eae - - default default] 10.0.0.144 "PUT /v2.0/routers/9f7bef58-a4f6-40cf-86a2-52671412476c/remove_router_interface HTTP/1.1" status: 200 len: 503 time: 1.0512831
2026-07-16 08:04:35.736 10 INFO neutron.wsgi [None req-6dfb967d-22a3-4be4-934b-e022788db9f4 6fdbfcba0d554137aa11de01f6e9f035 ce707103857a44688216f76bb6288eae - - default default] 10.0.0.144 "GET /v2.0/ports?device_id=9f7bef58-a4f6-40cf-86a2-52671412476c HTTP/1.1" status: 200 len: 205 time: 0.0222888
2026-07-16 08:04:35.828 10 INFO neutron.db.ovn_revision_numbers_db [None req-30185218-0f53-4597-862b-76cba77d7d8f 3c16e09ca97c48abbb60d81debe674d1 71de93269cbc4b9c918ca7e83e197a78 - - default default] Successfully bumped revision number for resource 8119d1df-30cf-460b-83be-cee9a794e2bf (type: security_groups) to 1
2026-07-16 08:04:35.842 10 INFO neutron.db.ovn_revision_numbers_db [None req-30185218-0f53-4597-862b-76cba77d7d8f 3c16e09ca97c48abbb60d81debe674d1 71de93269cbc4b9c918ca7e83e197a78 - - default default] Successfully bumped revision number for resource 932ec11f-5144-4104-b431-402ceb1d3a1f (type: security_group_rules) to 0
2026-07-16 08:04:35.853 10 INFO neutron.db.ovn_revision_numbers_db [None req-30185218-0f53-4597-862b-76cba77d7d8f 3c16e09ca97c48abbb60d81debe674d1 71de93269cbc4b9c918ca7e83e197a78 - - default default] Successfully bumped revision number for resource 9f925cf2-0e67-4e84-bd49-fe02c02d982d (type: security_group_rules) to 0
2026-07-16 08:04:35.869 10 INFO neutron.db.ovn_revision_numbers_db [None req-30185218-0f53-4597-862b-76cba77d7d8f 3c16e09ca97c48abbb60d81debe674d1 71de93269cbc4b9c918ca7e83e197a78 - - default default] Successfully bumped revision number for resource a2eb6677-8665-46c2-a646-d038d070683d (type: security_group_rules) to 0
2026-07-16 08:04:35.882 10 INFO neutron.db.ovn_revision_numbers_db [None req-30185218-0f53-4597-862b-76cba77d7d8f 3c16e09ca97c48abbb60d81debe674d1 71de93269cbc4b9c918ca7e83e197a78 - - default default] Successfully bumped revision number for resource bce6be42-8b15-468a-837f-996b04f89a23 (type: security_group_rules) to 0
2026-07-16 08:04:35.904 10 INFO neutron.wsgi [None req-30185218-0f53-4597-862b-76cba77d7d8f 3c16e09ca97c48abbb60d81debe674d1 71de93269cbc4b9c918ca7e83e197a78 - - default default] 10.0.0.144 "GET /v2.0/security-groups?tenant_id=23d467d7817e4a1ea20d7e5d665e76e9&name=default HTTP/1.1" status: 200 len: 2996 time: 0.2101910
2026-07-16 08:04:35.911 9 INFO neutron.db.ovn_revision_numbers_db [None req-04053615-11ac-4ed8-9f65-68b1e7e78a83 b6e076ff4f2046b8a0f818e424c2a565 ff16827f350b45998744a2a97f1658c0 - - default default] Successfully bumped revision number for resource c84c2d30-b5f8-49f4-900c-ee89d95cd536 (type: security_groups) to 1
2026-07-16 08:04:35.953 9 INFO neutron.db.ovn_revision_numbers_db [None req-04053615-11ac-4ed8-9f65-68b1e7e78a83 b6e076ff4f2046b8a0f818e424c2a565 ff16827f350b45998744a2a97f1658c0 - - default default] Successfully bumped revision number for resource 2622942a-2b49-4bdd-a5fb-d9c6f79be79c (type: security_group_rules) to 0
2026-07-16 08:04:35.989 9 INFO neutron.db.ovn_revision_numbers_db [None req-04053615-11ac-4ed8-9f65-68b1e7e78a83 b6e076ff4f2046b8a0f818e424c2a565 ff16827f350b45998744a2a97f1658c0 - - default default] Successfully bumped revision number for resource 4e4aaad2-7095-4a4a-b512-d9a02c750db5 (type: security_group_rules) to 0
2026-07-16 08:04:36.012 9 INFO neutron.db.ovn_revision_numbers_db [None req-04053615-11ac-4ed8-9f65-68b1e7e78a83 b6e076ff4f2046b8a0f818e424c2a565 ff16827f350b45998744a2a97f1658c0 - - default default] Successfully bumped revision number for resource a2419e5a-2278-4039-bde0-8696cc24b77d (type: security_group_rules) to 0
2026-07-16 08:04:36.026 9 INFO neutron.wsgi [None req-c51408cf-f1d4-46d2-b3b5-0c8d9d9ab5b0 6fdbfcba0d554137aa11de01f6e9f035 ce707103857a44688216f76bb6288eae - - default default] 10.0.0.144 "DELETE /v2.0/routers/9f7bef58-a4f6-40cf-86a2-52671412476c HTTP/1.1" status: 204 len: 168 time: 0.2847500
2026-07-16 08:04:36.038 9 INFO neutron.db.ovn_revision_numbers_db [None req-04053615-11ac-4ed8-9f65-68b1e7e78a83 b6e076ff4f2046b8a0f818e424c2a565 ff16827f350b45998744a2a97f1658c0 - - default default] Successfully bumped revision number for resource c83df02f-4d22-4cdc-a9a2-d046084afbfd (type: security_group_rules) to 0
2026-07-16 08:04:36.088 10 INFO neutron.wsgi [None req-8c6b6fe8-ff68-475f-bc43-9fb9e1145d8c 3c16e09ca97c48abbb60d81debe674d1 71de93269cbc4b9c918ca7e83e197a78 - - default default] 10.0.0.144 "DELETE /v2.0/security-groups/8119d1df-30cf-460b-83be-cee9a794e2bf HTTP/1.1" status: 204 len: 168 time: 0.1797023
2026-07-16 08:04:36.108 9 INFO neutron.db.segments_db [None req-04053615-11ac-4ed8-9f65-68b1e7e78a83 b6e076ff4f2046b8a0f818e424c2a565 ff16827f350b45998744a2a97f1658c0 - - default default] Added segment 5e294f79-0885-4835-a92d-5f8b8d2e9125 of type geneve for network ee16bed8-29e4-45e9-8173-1d01420b1d42
2026-07-16 08:04:36.322 9 INFO neutron.db.ovn_revision_numbers_db [None req-04053615-11ac-4ed8-9f65-68b1e7e78a83 b6e076ff4f2046b8a0f818e424c2a565 ff16827f350b45998744a2a97f1658c0 - - default default] Successfully bumped revision number for resource ee16bed8-29e4-45e9-8173-1d01420b1d42 (type: networks) to 1
2026-07-16 08:04:36.348 9 INFO neutron.wsgi [None req-686730fc-442f-4a49-a0a2-9e9536d89f6c 6fdbfcba0d554137aa11de01f6e9f035 ce707103857a44688216f76bb6288eae - - default default] 10.0.0.144 "DELETE /v2.0/subnets/b88c0b81-0627-4942-bcd7-3198a04270b1 HTTP/1.1" status: 204 len: 168 time: 0.3177850
2026-07-16 08:04:36.517 9 WARNING neutron.scheduler.dhcp_agent_scheduler [None req-04053615-11ac-4ed8-9f65-68b1e7e78a83 b6e076ff4f2046b8a0f818e424c2a565 ff16827f350b45998744a2a97f1658c0 - - default default] No more DHCP agents
2026-07-16 08:04:36.520 9 WARNING neutron.api.rpc.agentnotifiers.dhcp_rpc_agent_api [None req-04053615-11ac-4ed8-9f65-68b1e7e78a83 b6e076ff4f2046b8a0f818e424c2a565 ff16827f350b45998744a2a97f1658c0 - - default default] Unable to schedule network ee16bed8-29e4-45e9-8173-1d01420b1d42: no agents available; will retry on subsequent port and subnet creation events.
2026-07-16 08:04:36.634 9 INFO neutron.db.ovn_revision_numbers_db [None req-04053615-11ac-4ed8-9f65-68b1e7e78a83 b6e076ff4f2046b8a0f818e424c2a565 ff16827f350b45998744a2a97f1658c0 - - default default] Successfully bumped revision number for resource cb70d433-dd43-4703-b6c4-a46c892816eb (type: ports) to 1
2026-07-16 08:04:36.673 9 INFO neutron.wsgi [None req-04053615-11ac-4ed8-9f65-68b1e7e78a83 b6e076ff4f2046b8a0f818e424c2a565 ff16827f350b45998744a2a97f1658c0 - - default default] 10.0.0.144 "POST /v2.0/networks HTTP/1.1" status: 201 len: 831 time: 1.1639719
2026-07-16 08:04:36.686 10 INFO neutron.services.segments.plugin [-] Segment d01a5e93-4d9c-48d0-9a2f-3b7cb60f48e9 resource provider aggregate not found
2026-07-16 08:04:36.693 10 WARNING neutron_lib.context [None req-000195cc-9d60-4d39-be7b-3c3ce62ca8ea b6e076ff4f2046b8a0f818e424c2a565 ff16827f350b45998744a2a97f1658c0 - - default default] Method 'is_advsvc' is deprecated since 2023.2 release (neutron-lib 3.8.0) and will be removed once support for the old RBAC API policies will be removed from Neutron. Please use method 'is_service_role' instead.
2026-07-16 08:04:36.695 10 INFO neutron.services.segments.plugin [-] Segment d01a5e93-4d9c-48d0-9a2f-3b7cb60f48e9 resource provider aggregate not found
2026-07-16 08:04:36.709 10 INFO neutron.services.segments.plugin [-] Segment d01a5e93-4d9c-48d0-9a2f-3b7cb60f48e9 resource provider not found; error: Placement Client Error (4xx): {"errors": [{"status": 404, "title": "Not Found", "detail": "The resource could not be found.\n\n No resource provider with uuid d01a5e93-4d9c-48d0-9a2f-3b7cb60f48e9 found for delete ", "request_id": "req-abe4d3ad-5b98-4b95-b53f-1e0fed84f142"}]}
2026-07-16 08:04:36.715 10 INFO neutron.services.segments.plugin [-] Segment d01a5e93-4d9c-48d0-9a2f-3b7cb60f48e9 resource provider not found; error: Placement Client Error (4xx): {"errors": [{"status": 404, "title": "Not Found", "detail": "The resource could not be found.\n\n No resource provider with uuid d01a5e93-4d9c-48d0-9a2f-3b7cb60f48e9 found for delete ", "request_id": "req-58344ec3-2a27-4778-81fa-bc44898bb5ad"}]}
2026-07-16 08:04:36.743 10 INFO neutron.wsgi [None req-a035abc9-ec0f-4f61-8e8c-44215ea1a964 6fdbfcba0d554137aa11de01f6e9f035 ce707103857a44688216f76bb6288eae - - default default] 10.0.0.144 "DELETE /v2.0/networks/15bf096a-9554-4367-8139-56e23dab0902 HTTP/1.1" status: 204 len: 168 time: 0.3884473
2026-07-16 08:04:36.757 10 WARNING neutron_lib.context [None req-93e640e2-8f5e-4158-8125-0b68f0a9ab01 6fdbfcba0d554137aa11de01f6e9f035 ce707103857a44688216f76bb6288eae - - default default] Method 'is_advsvc' is deprecated since 2023.2 release (neutron-lib 3.8.0) and will be removed once support for the old RBAC API policies will be removed from Neutron. Please use method 'is_service_role' instead.
2026-07-16 08:04:37.043 10 WARNING neutron.scheduler.dhcp_agent_scheduler [None req-000195cc-9d60-4d39-be7b-3c3ce62ca8ea b6e076ff4f2046b8a0f818e424c2a565 ff16827f350b45998744a2a97f1658c0 - - default default] No more DHCP agents
2026-07-16 08:04:37.046 10 WARNING neutron.api.rpc.agentnotifiers.dhcp_rpc_agent_api [None req-000195cc-9d60-4d39-be7b-3c3ce62ca8ea b6e076ff4f2046b8a0f818e424c2a565 ff16827f350b45998744a2a97f1658c0 - - default default] Unable to schedule network ee16bed8-29e4-45e9-8173-1d01420b1d42: no agents available; will retry on subsequent port and subnet creation events.
2026-07-16 08:04:37.294 10 WARNING neutron.scheduler.dhcp_agent_scheduler [None req-93e640e2-8f5e-4158-8125-0b68f0a9ab01 6fdbfcba0d554137aa11de01f6e9f035 ce707103857a44688216f76bb6288eae - - default default] No more DHCP agents
2026-07-16 08:04:37.298 10 WARNING neutron.api.rpc.agentnotifiers.dhcp_rpc_agent_api [None req-93e640e2-8f5e-4158-8125-0b68f0a9ab01 6fdbfcba0d554137aa11de01f6e9f035 ce707103857a44688216f76bb6288eae - - default default] Unable to schedule network eb2eed8e-9f13-490c-9010-49ac32b30e05: no agents available; will retry on subsequent port and subnet creation events.
2026-07-16 08:04:37.505 10 INFO neutron.db.ovn_revision_numbers_db [None req-93e640e2-8f5e-4158-8125-0b68f0a9ab01 6fdbfcba0d554137aa11de01f6e9f035 ce707103857a44688216f76bb6288eae - - default default] Successfully bumped revision number for resource 11274397-4336-498a-820d-ba19e4f3eed8 (type: ports) to 1
2026-07-16 08:04:37.717 10 INFO neutron.db.ovn_revision_numbers_db [None req-000195cc-9d60-4d39-be7b-3c3ce62ca8ea b6e076ff4f2046b8a0f818e424c2a565 ff16827f350b45998744a2a97f1658c0 - - default default] Successfully bumped revision number for resource cb70d433-dd43-4703-b6c4-a46c892816eb (type: ports) to 2
2026-07-16 08:04:37.770 10 INFO neutron.db.ovn_revision_numbers_db [None req-000195cc-9d60-4d39-be7b-3c3ce62ca8ea b6e076ff4f2046b8a0f818e424c2a565 ff16827f350b45998744a2a97f1658c0 - - default default] Successfully bumped revision number for resource f52e6200-deec-4920-b874-b18efc8ab791 (type: subnets) to 0
2026-07-16 08:04:37.798 10 INFO neutron.wsgi [None req-000195cc-9d60-4d39-be7b-3c3ce62ca8ea b6e076ff4f2046b8a0f818e424c2a565 ff16827f350b45998744a2a97f1658c0 - - default default] 10.0.0.144 "POST /v2.0/subnets HTTP/1.1" status: 201 len: 801 time: 1.1199079
2026-07-16 08:04:37.812 9 WARNING neutron_lib.context [None req-75f6a80e-3ba2-478b-a682-1e14e52c9899 b6e076ff4f2046b8a0f818e424c2a565 ff16827f350b45998744a2a97f1658c0 - - default default] Method 'is_advsvc' is deprecated since 2023.2 release (neutron-lib 3.8.0) and will be removed once support for the old RBAC API policies will be removed from Neutron. Please use method 'is_service_role' instead.
2026-07-16 08:04:37.885 9 INFO neutron.db.segments_db [None req-75f6a80e-3ba2-478b-a682-1e14e52c9899 b6e076ff4f2046b8a0f818e424c2a565 ff16827f350b45998744a2a97f1658c0 - - default default] Added segment 73173763-187b-4c8b-8a74-f1ad690d2c0d of type geneve for network 8f00f773-19ff-4c30-92b6-d9ea145dde86
2026-07-16 08:04:38.064 9 INFO neutron.db.ovn_revision_numbers_db [None req-75f6a80e-3ba2-478b-a682-1e14e52c9899 b6e076ff4f2046b8a0f818e424c2a565 ff16827f350b45998744a2a97f1658c0 - - default default] Successfully bumped revision number for resource 8f00f773-19ff-4c30-92b6-d9ea145dde86 (type: networks) to 1
2026-07-16 08:04:38.243 10 INFO neutron.db.ovn_revision_numbers_db [None req-93e640e2-8f5e-4158-8125-0b68f0a9ab01 6fdbfcba0d554137aa11de01f6e9f035 ce707103857a44688216f76bb6288eae - - default default] Successfully bumped revision number for resource 11274397-4336-498a-820d-ba19e4f3eed8 (type: router_ports) to 1
2026-07-16 08:04:38.246 9 WARNING neutron.scheduler.dhcp_agent_scheduler [None req-75f6a80e-3ba2-478b-a682-1e14e52c9899 b6e076ff4f2046b8a0f818e424c2a565 ff16827f350b45998744a2a97f1658c0 - - default default] No more DHCP agents
2026-07-16 08:04:38.249 9 WARNING neutron.api.rpc.agentnotifiers.dhcp_rpc_agent_api [None req-75f6a80e-3ba2-478b-a682-1e14e52c9899 b6e076ff4f2046b8a0f818e424c2a565 ff16827f350b45998744a2a97f1658c0 - - default default] Unable to schedule network 8f00f773-19ff-4c30-92b6-d9ea145dde86: no agents available; will retry on subsequent port and subnet creation events.
2026-07-16 08:04:38.329 9 INFO neutron.db.ovn_revision_numbers_db [None req-75f6a80e-3ba2-478b-a682-1e14e52c9899 b6e076ff4f2046b8a0f818e424c2a565 ff16827f350b45998744a2a97f1658c0 - - default default] Successfully bumped revision number for resource a19258a6-6ac8-4c6b-b8a8-f8667a691cc0 (type: ports) to 1
2026-07-16 08:04:38.330 10 INFO neutron.db.ovn_revision_numbers_db [None req-93e640e2-8f5e-4158-8125-0b68f0a9ab01 6fdbfcba0d554137aa11de01f6e9f035 ce707103857a44688216f76bb6288eae - - default default] Successfully bumped revision number for resource 47a8eac0-ab0e-404a-9b90-c1f9491b20ef (type: routers) to 2
2026-07-16 08:04:38.345 10 INFO neutron.wsgi [None req-93e640e2-8f5e-4158-8125-0b68f0a9ab01 6fdbfcba0d554137aa11de01f6e9f035 ce707103857a44688216f76bb6288eae - - default default] 10.0.0.144 "POST /v2.0/routers HTTP/1.1" status: 201 len: 867 time: 1.5966351
2026-07-16 08:04:38.350 9 INFO neutron.wsgi [None req-75f6a80e-3ba2-478b-a682-1e14e52c9899 b6e076ff4f2046b8a0f818e424c2a565 ff16827f350b45998744a2a97f1658c0 - - default default] 10.0.0.144 "POST /v2.0/networks HTTP/1.1" status: 201 len: 831 time: 0.5452893
2026-07-16 08:04:38.360 9 WARNING neutron_lib.context [None req-8e8be86f-aa96-442e-bff6-7bfb58a7a8a1 b6e076ff4f2046b8a0f818e424c2a565 ff16827f350b45998744a2a97f1658c0 - - default default] Method 'is_advsvc' is deprecated since 2023.2 release (neutron-lib 3.8.0) and will be removed once support for the old RBAC API policies will be removed from Neutron. Please use method 'is_service_role' instead.
2026-07-16 08:04:38.430 10 INFO neutron.wsgi [None req-d4f6b762-ba7b-4123-a27a-d5f737613702 6fdbfcba0d554137aa11de01f6e9f035 ce707103857a44688216f76bb6288eae - - default default] 10.0.0.144 "GET /v2.0/routers/47a8eac0-ab0e-404a-9b90-c1f9491b20ef HTTP/1.1" status: 200 len: 868 time: 0.0803492
2026-07-16 08:04:38.576 10 INFO neutron.wsgi [None req-1516d7af-bbbc-45e6-8459-9fdec8169e01 6fdbfcba0d554137aa11de01f6e9f035 ce707103857a44688216f76bb6288eae - - default default] 10.0.0.144 "GET /v2.0/routers HTTP/1.1" status: 200 len: 871 time: 0.1406758
2026-07-16 08:04:38.653 9 WARNING neutron.scheduler.dhcp_agent_scheduler [None req-8e8be86f-aa96-442e-bff6-7bfb58a7a8a1 b6e076ff4f2046b8a0f818e424c2a565 ff16827f350b45998744a2a97f1658c0 - - default default] No more DHCP agents
2026-07-16 08:04:38.655 9 WARNING neutron.api.rpc.agentnotifiers.dhcp_rpc_agent_api [None req-8e8be86f-aa96-442e-bff6-7bfb58a7a8a1 b6e076ff4f2046b8a0f818e424c2a565 ff16827f350b45998744a2a97f1658c0 - - default default] Unable to schedule network 8f00f773-19ff-4c30-92b6-d9ea145dde86: no agents available; will retry on subsequent port and subnet creation events.
2026-07-16 08:04:39.320 9 INFO neutron.db.ovn_revision_numbers_db [None req-8e8be86f-aa96-442e-bff6-7bfb58a7a8a1 b6e076ff4f2046b8a0f818e424c2a565 ff16827f350b45998744a2a97f1658c0 - - default default] Successfully bumped revision number for resource a19258a6-6ac8-4c6b-b8a8-f8667a691cc0 (type: ports) to 2
2026-07-16 08:04:39.337 10 INFO neutron.db.ovn_revision_numbers_db [None req-526698f4-0f74-4462-aa9f-983f481de5d4 6fdbfcba0d554137aa11de01f6e9f035 ce707103857a44688216f76bb6288eae - - default default] Successfully bumped revision number for resource 47a8eac0-ab0e-404a-9b90-c1f9491b20ef (type: routers) to 3
2026-07-16 08:04:39.340 10 INFO neutron.wsgi [None req-526698f4-0f74-4462-aa9f-983f481de5d4 6fdbfcba0d554137aa11de01f6e9f035 ce707103857a44688216f76bb6288eae - - default default] 10.0.0.144 "PUT /v2.0/routers/47a8eac0-ab0e-404a-9b90-c1f9491b20ef HTTP/1.1" status: 200 len: 875 time: 0.7584317
2026-07-16 08:04:39.340 9 WARNING neutron.plugins.ml2.drivers.ovn.mech_driver.ovsdb.ovn_client [None req-9922bd46-0a33-49c9-aed7-aec754b2273a - - - - - -] No port found with ID 9a44242c-e281-4e81-8c4d-c2927558d4df: RuntimeError: No port found with ID 9a44242c-e281-4e81-8c4d-c2927558d4df
2026-07-16 08:04:39.341 9 INFO neutron.plugins.ml2.drivers.ovn.mech_driver.mech_driver [None req-9922bd46-0a33-49c9-aed7-aec754b2273a - - - - - -] OVN reports status up for port: 11274397-4336-498a-820d-ba19e4f3eed8
2026-07-16 08:04:39.350 9 INFO neutron.plugins.ml2.plugin [None req-9922bd46-0a33-49c9-aed7-aec754b2273a - - - - - -] Attempt 1 to provision port 11274397-4336-498a-820d-ba19e4f3eed8
2026-07-16 08:04:39.368 9 INFO neutron.db.ovn_revision_numbers_db [None req-8e8be86f-aa96-442e-bff6-7bfb58a7a8a1 b6e076ff4f2046b8a0f818e424c2a565 ff16827f350b45998744a2a97f1658c0 - - default default] Successfully bumped revision number for resource bdeb3570-72bf-4c92-ac05-93714e49d160 (type: subnets) to 0
2026-07-16 08:04:39.388 9 INFO neutron.wsgi [None req-8e8be86f-aa96-442e-bff6-7bfb58a7a8a1 b6e076ff4f2046b8a0f818e424c2a565 ff16827f350b45998744a2a97f1658c0 - - default default] 10.0.0.144 "POST /v2.0/subnets HTTP/1.1" status: 201 len: 804 time: 1.0332141
2026-07-16 08:04:39.398 9 WARNING neutron_lib.context [None req-054a52d6-d0b7-4887-a69f-7c20007ddf88 b6e076ff4f2046b8a0f818e424c2a565 ff16827f350b45998744a2a97f1658c0 - - default default] Method 'is_advsvc' is deprecated since 2023.2 release (neutron-lib 3.8.0) and will be removed once support for the old RBAC API policies will be removed from Neutron. Please use method 'is_service_role' instead.
2026-07-16 08:04:39.418 10 INFO neutron.wsgi [None req-27bc41cd-4d2e-4c4d-929b-62cdccbebfad 6fdbfcba0d554137aa11de01f6e9f035 ce707103857a44688216f76bb6288eae - - default default] 10.0.0.144 "GET /v2.0/routers/47a8eac0-ab0e-404a-9b90-c1f9491b20ef HTTP/1.1" status: 200 len: 875 time: 0.0741167
2026-07-16 08:04:39.446 10 INFO neutron.wsgi [None req-b7b399fb-4c38-4e96-afe8-60e1b135a4df 6fdbfcba0d554137aa11de01f6e9f035 ce707103857a44688216f76bb6288eae - - default default] 10.0.0.144 "GET /v2.0/ports?device_id=47a8eac0-ab0e-404a-9b90-c1f9491b20ef HTTP/1.1" status: 200 len: 205 time: 0.0220661
2026-07-16 08:04:39.482 9 INFO neutron.db.segments_db [None req-054a52d6-d0b7-4887-a69f-7c20007ddf88 b6e076ff4f2046b8a0f818e424c2a565 ff16827f350b45998744a2a97f1658c0 - - default default] Added segment cbc4da2b-fdd7-4cd8-b1e4-79c8bc2a57fe of type geneve for network e617b713-fa6e-493a-90bd-a05b1136c60f
2026-07-16 08:04:39.564 10 WARNING neutron_lib.context [None req-0494817c-e5a6-4cf6-b509-977e9e279dfb df39561448784e61898b86826219b348 2c40ff6b6f994bb9a10c8533a7314ed7 - - default default] Method 'is_advsvc' is deprecated since 2023.2 release (neutron-lib 3.8.0) and will be removed once support for the old RBAC API policies will be removed from Neutron. Please use method 'is_service_role' instead.
2026-07-16 08:04:39.646 9 INFO neutron.db.ovn_revision_numbers_db [None req-054a52d6-d0b7-4887-a69f-7c20007ddf88 b6e076ff4f2046b8a0f818e424c2a565 ff16827f350b45998744a2a97f1658c0 - - default default] Successfully bumped revision number for resource e617b713-fa6e-493a-90bd-a05b1136c60f (type: networks) to 1
2026-07-16 08:04:39.845 9 WARNING neutron.scheduler.dhcp_agent_scheduler [None req-054a52d6-d0b7-4887-a69f-7c20007ddf88 b6e076ff4f2046b8a0f818e424c2a565 ff16827f350b45998744a2a97f1658c0 - - default default] No more DHCP agents
2026-07-16 08:04:39.849 9 WARNING neutron.api.rpc.agentnotifiers.dhcp_rpc_agent_api [None req-054a52d6-d0b7-4887-a69f-7c20007ddf88 b6e076ff4f2046b8a0f818e424c2a565 ff16827f350b45998744a2a97f1658c0 - - default default] Unable to schedule network e617b713-fa6e-493a-90bd-a05b1136c60f: no agents available; will retry on subsequent port and subnet creation events.
2026-07-16 08:04:39.936 9 INFO neutron.db.ovn_revision_numbers_db [None req-054a52d6-d0b7-4887-a69f-7c20007ddf88 b6e076ff4f2046b8a0f818e424c2a565 ff16827f350b45998744a2a97f1658c0 - - default default] Successfully bumped revision number for resource 4426309f-5346-4901-8276-259c6c6f78b8 (type: ports) to 1
2026-07-16 08:04:39.956 9 INFO neutron.wsgi [None req-054a52d6-d0b7-4887-a69f-7c20007ddf88 b6e076ff4f2046b8a0f818e424c2a565 ff16827f350b45998744a2a97f1658c0 - - default default] 10.0.0.144 "POST /v2.0/networks HTTP/1.1" status: 201 len: 831 time: 0.5624480
2026-07-16 08:04:39.966 9 WARNING neutron_lib.context [None req-276d805f-7880-4b92-bc22-3119dd050866 b6e076ff4f2046b8a0f818e424c2a565 ff16827f350b45998744a2a97f1658c0 - - default default] Method 'is_advsvc' is deprecated since 2023.2 release (neutron-lib 3.8.0) and will be removed once support for the old RBAC API policies will be removed from Neutron. Please use method 'is_service_role' instead.
2026-07-16 08:04:40.011 10 WARNING neutron.scheduler.dhcp_agent_scheduler [None req-0494817c-e5a6-4cf6-b509-977e9e279dfb df39561448784e61898b86826219b348 2c40ff6b6f994bb9a10c8533a7314ed7 - - default default] No more DHCP agents
2026-07-16 08:04:40.017 10 WARNING neutron.api.rpc.agentnotifiers.dhcp_rpc_agent_api [None req-0494817c-e5a6-4cf6-b509-977e9e279dfb df39561448784e61898b86826219b348 2c40ff6b6f994bb9a10c8533a7314ed7 - - default default] Unable to schedule network eb2eed8e-9f13-490c-9010-49ac32b30e05: no agents available; will retry on subsequent port and subnet creation events.
2026-07-16 08:04:40.266 9 WARNING neutron.scheduler.dhcp_agent_scheduler [None req-276d805f-7880-4b92-bc22-3119dd050866 b6e076ff4f2046b8a0f818e424c2a565 ff16827f350b45998744a2a97f1658c0 - - default default] No more DHCP agents
2026-07-16 08:04:40.268 9 WARNING neutron.api.rpc.agentnotifiers.dhcp_rpc_agent_api [None req-276d805f-7880-4b92-bc22-3119dd050866 b6e076ff4f2046b8a0f818e424c2a565 ff16827f350b45998744a2a97f1658c0 - - default default] Unable to schedule network e617b713-fa6e-493a-90bd-a05b1136c60f: no agents available; will retry on subsequent port and subnet creation events.
2026-07-16 08:04:40.808 10 INFO neutron.db.ovn_revision_numbers_db [None req-0494817c-e5a6-4cf6-b509-977e9e279dfb df39561448784e61898b86826219b348 2c40ff6b6f994bb9a10c8533a7314ed7 - - default default] Successfully bumped revision number for resource 62ed8ef7-3314-484d-8215-1fef5c5ecb57 (type: floatingips) to 0
2026-07-16 08:04:40.826 10 INFO neutron.wsgi [None req-0494817c-e5a6-4cf6-b509-977e9e279dfb df39561448784e61898b86826219b348 2c40ff6b6f994bb9a10c8533a7314ed7 - - default default] 10.0.0.144 "POST /v2.0/floatingips HTTP/1.1" status: 201 len: 751 time: 1.4583604
2026-07-16 08:04:40.836 10 INFO neutron.wsgi [None req-f35abc7b-65fa-4896-8364-af78d2118faf 6fdbfcba0d554137aa11de01f6e9f035 ce707103857a44688216f76bb6288eae - - default default] 10.0.0.144 "DELETE /v2.0/routers/47a8eac0-ab0e-404a-9b90-c1f9491b20ef HTTP/1.1" status: 204 len: 168 time: 1.3829501
2026-07-16 08:04:40.844 9 INFO neutron.db.ovn_revision_numbers_db [None req-276d805f-7880-4b92-bc22-3119dd050866 b6e076ff4f2046b8a0f818e424c2a565 ff16827f350b45998744a2a97f1658c0 - - default default] Successfully bumped revision number for resource 4426309f-5346-4901-8276-259c6c6f78b8 (type: ports) to 2
2026-07-16 08:04:40.862 10 INFO neutron.wsgi [None req-5863e16e-9f9e-4410-b08c-07a51e76c466 6fdbfcba0d554137aa11de01f6e9f035 ce707103857a44688216f76bb6288eae - - default default] 10.0.0.144 "GET /v2.0/ports?device_id=47a8eac0-ab0e-404a-9b90-c1f9491b20ef HTTP/1.1" status: 200 len: 205 time: 0.0207136
2026-07-16 08:04:40.886 9 INFO neutron.wsgi [None req-8619f31c-43b8-4415-8d3a-30b64ccb8840 df39561448784e61898b86826219b348 2c40ff6b6f994bb9a10c8533a7314ed7 - - default default] 10.0.0.144 "PUT /v2.0/floatingips/62ed8ef7-3314-484d-8215-1fef5c5ecb57/tags HTTP/1.1" status: 200 len: 218 time: 0.0512474
2026-07-16 08:04:40.888 10 INFO neutron.api.v2.resource [None req-4404850c-fc4c-4aef-9bd9-063b604f4a7f 6fdbfcba0d554137aa11de01f6e9f035 ce707103857a44688216f76bb6288eae - - default default] delete failed (client error): The resource could not be found.
2026-07-16 08:04:40.889 10 INFO neutron.wsgi [None req-4404850c-fc4c-4aef-9bd9-063b604f4a7f 6fdbfcba0d554137aa11de01f6e9f035 ce707103857a44688216f76bb6288eae - - default default] 10.0.0.144 "DELETE /v2.0/routers/47a8eac0-ab0e-404a-9b90-c1f9491b20ef HTTP/1.1" status: 404 len: 336 time: 0.0216308
2026-07-16 08:04:40.899 9 INFO neutron.db.ovn_revision_numbers_db [None req-276d805f-7880-4b92-bc22-3119dd050866 b6e076ff4f2046b8a0f818e424c2a565 ff16827f350b45998744a2a97f1658c0 - - default default] Successfully bumped revision number for resource 5f579c28-7199-474a-b6e5-76474284005a (type: subnets) to 0
2026-07-16 08:04:40.912 9 INFO neutron.wsgi [None req-208ddde8-758d-4ffb-a5fa-c107ddfae94a 6fdbfcba0d554137aa11de01f6e9f035 ce707103857a44688216f76bb6288eae - - default default] 10.0.0.144 "GET /v2.0/ports?device_id=9f7bef58-a4f6-40cf-86a2-52671412476c HTTP/1.1" status: 200 len: 205 time: 0.0188782
2026-07-16 08:04:40.929 10 INFO neutron.wsgi [None req-bf22da6e-ced8-439f-a1a5-37b02be9b212 df39561448784e61898b86826219b348 2c40ff6b6f994bb9a10c8533a7314ed7 - - default default] 10.0.0.144 "GET /v2.0/floatingips/62ed8ef7-3314-484d-8215-1fef5c5ecb57/tags HTTP/1.1" status: 200 len: 218 time: 0.0371358
2026-07-16 08:04:40.933 9 INFO neutron.api.v2.resource [None req-b01b557b-a812-4a05-9fe7-88f88aa91662 6fdbfcba0d554137aa11de01f6e9f035 ce707103857a44688216f76bb6288eae - - default default] delete failed (client error): The resource could not be found.
2026-07-16 08:04:40.934 9 INFO neutron.wsgi [None req-b01b557b-a812-4a05-9fe7-88f88aa91662 6fdbfcba0d554137aa11de01f6e9f035 ce707103857a44688216f76bb6288eae - - default default] 10.0.0.144 "DELETE /v2.0/routers/9f7bef58-a4f6-40cf-86a2-52671412476c HTTP/1.1" status: 404 len: 336 time: 0.0184598
2026-07-16 08:04:40.936 9 INFO neutron.wsgi [None req-276d805f-7880-4b92-bc22-3119dd050866 b6e076ff4f2046b8a0f818e424c2a565 ff16827f350b45998744a2a97f1658c0 - - default default] 10.0.0.144 "POST /v2.0/subnets HTTP/1.1" status: 201 len: 804 time: 0.9748573
2026-07-16 08:04:40.946 10 WARNING neutron_lib.context [None req-fe65e592-3636-4117-ad60-3c5bb362cd8b b6e076ff4f2046b8a0f818e424c2a565 ff16827f350b45998744a2a97f1658c0 - - default default] Method 'is_advsvc' is deprecated since 2023.2 release (neutron-lib 3.8.0) and will be removed once support for the old RBAC API policies will be removed from Neutron. Please use method 'is_service_role' instead.
2026-07-16 08:04:40.951 9 INFO neutron.pecan_wsgi.hooks.translation [None req-cb70edfd-3a1f-4485-bc70-07284d831851 6fdbfcba0d554137aa11de01f6e9f035 ce707103857a44688216f76bb6288eae - - default default] DELETE failed (client error): The resource could not be found.
2026-07-16 08:04:40.953 9 INFO neutron.wsgi [None req-cb70edfd-3a1f-4485-bc70-07284d831851 6fdbfcba0d554137aa11de01f6e9f035 ce707103857a44688216f76bb6288eae - - default default] 10.0.0.144 "DELETE /v2.0/subnets/b88c0b81-0627-4942-bcd7-3198a04270b1 HTTP/1.1" status: 404 len: 337 time: 0.0148880
2026-07-16 08:04:40.975 9 INFO neutron.wsgi [None req-97d495cc-e6bd-43bc-95db-f7c6a12334ec 6fdbfcba0d554137aa11de01f6e9f035 ce707103857a44688216f76bb6288eae - - default default] 10.0.0.144 "GET /v2.0/ports?device_id=1d4f3651-1793-4c9d-8916-1b50e0b0afa9 HTTP/1.1" status: 200 len: 205 time: 0.0174656
2026-07-16 08:04:40.982 10 INFO neutron.wsgi [None req-f404086f-ec02-4f06-9dd0-edc9bfe5edde df39561448784e61898b86826219b348 2c40ff6b6f994bb9a10c8533a7314ed7 - - default default] 10.0.0.144 "PUT /v2.0/floatingips/62ed8ef7-3314-484d-8215-1fef5c5ecb57/tags/green HTTP/1.1" status: 201 len: 201 time: 0.0488262
2026-07-16 08:04:41.007 9 INFO neutron.api.v2.resource [None req-000fe65c-c665-42f1-a524-a4730314ce17 6fdbfcba0d554137aa11de01f6e9f035 ce707103857a44688216f76bb6288eae - - default default] delete failed (client error): The resource could not be found.
2026-07-16 08:04:41.008 9 INFO neutron.wsgi [None req-000fe65c-c665-42f1-a524-a4730314ce17 6fdbfcba0d554137aa11de01f6e9f035 ce707103857a44688216f76bb6288eae - - default default] 10.0.0.144 "DELETE /v2.0/routers/1d4f3651-1793-4c9d-8916-1b50e0b0afa9 HTTP/1.1" status: 404 len: 336 time: 0.0284655
2026-07-16 08:04:41.036 10 INFO neutron.db.segments_db [None req-fe65e592-3636-4117-ad60-3c5bb362cd8b b6e076ff4f2046b8a0f818e424c2a565 ff16827f350b45998744a2a97f1658c0 - - default default] Added segment f6b5b954-5a5d-4641-b054-f43a71f85bd4 of type geneve for network 741c5889-c028-4301-9a07-65a7d9a9690c
2026-07-16 08:04:41.036 9 INFO neutron.pecan_wsgi.hooks.translation [None req-3dd80fdc-6712-4ba2-99b3-2f329a7245a8 6fdbfcba0d554137aa11de01f6e9f035 ce707103857a44688216f76bb6288eae - - default default] DELETE failed (client error): The resource could not be found.
2026-07-16 08:04:41.039 9 INFO neutron.wsgi [None req-3dd80fdc-6712-4ba2-99b3-2f329a7245a8 6fdbfcba0d554137aa11de01f6e9f035 ce707103857a44688216f76bb6288eae - - default default] 10.0.0.144 "DELETE /v2.0/subnets/337fb370-1f41-4289-9f50-24c33bda8efb HTTP/1.1" status: 404 len: 337 time: 0.0267386
2026-07-16 08:04:41.042 9 INFO neutron.wsgi [None req-c9df2f54-e5e0-46c3-b691-10ff87a72cb6 df39561448784e61898b86826219b348 2c40ff6b6f994bb9a10c8533a7314ed7 - - default default] 10.0.0.144 "GET /v2.0/floatingips/62ed8ef7-3314-484d-8215-1fef5c5ecb57/tags HTTP/1.1" status: 200 len: 227 time: 0.0561297
2026-07-16 08:04:41.060 9 INFO neutron.wsgi [None req-e7a0eb8c-2470-4349-8edf-f5b89abfe1d5 6fdbfcba0d554137aa11de01f6e9f035 ce707103857a44688216f76bb6288eae - - default default] 10.0.0.144 "GET /v2.0/ports?device_id=d278c60d-6b0f-4180-9337-f6f5a459c62a HTTP/1.1" status: 200 len: 205 time: 0.0170496
2026-07-16 08:04:41.085 10 INFO neutron.wsgi [None req-23c040da-1f54-476e-8150-024fc3dac3f0 df39561448784e61898b86826219b348 2c40ff6b6f994bb9a10c8533a7314ed7 - - default default] 10.0.0.144 "PUT /v2.0/floatingips/62ed8ef7-3314-484d-8215-1fef5c5ecb57/tags/red HTTP/1.1" status: 201 len: 201 time: 0.0393398
2026-07-16 08:04:41.086 9 INFO neutron.api.v2.resource [None req-15fe4739-7c11-4a1e-a4f8-05982f1fa4ed 6fdbfcba0d554137aa11de01f6e9f035 ce707103857a44688216f76bb6288eae - - default default] delete failed (client error): The resource could not be found.
2026-07-16 08:04:41.087 9 INFO neutron.wsgi [None req-15fe4739-7c11-4a1e-a4f8-05982f1fa4ed 6fdbfcba0d554137aa11de01f6e9f035 ce707103857a44688216f76bb6288eae - - default default] 10.0.0.144 "DELETE /v2.0/routers/d278c60d-6b0f-4180-9337-f6f5a459c62a HTTP/1.1" status: 404 len: 336 time: 0.0233452
2026-07-16 08:04:41.115 10 INFO neutron.pecan_wsgi.hooks.translation [None req-69a9d794-abe7-4a96-a415-7c13676b1fa2 6fdbfcba0d554137aa11de01f6e9f035 ce707103857a44688216f76bb6288eae - - default default] DELETE failed (client error): The resource could not be found.
2026-07-16 08:04:41.117 10 INFO neutron.wsgi [None req-69a9d794-abe7-4a96-a415-7c13676b1fa2 6fdbfcba0d554137aa11de01f6e9f035 ce707103857a44688216f76bb6288eae - - default default] 10.0.0.144 "DELETE /v2.0/subnets/3bd1fde3-a691-425b-99e6-b0c13fb3b55e HTTP/1.1" status: 404 len: 337 time: 0.0239346
2026-07-16 08:04:41.128 9 INFO neutron.wsgi [None req-14b957a0-2e2b-404d-8915-bdbff8a541bd df39561448784e61898b86826219b348 2c40ff6b6f994bb9a10c8533a7314ed7 - - default default] 10.0.0.144 "GET /v2.0/floatingips/62ed8ef7-3314-484d-8215-1fef5c5ecb57/tags HTTP/1.1" status: 200 len: 227 time: 0.0381997
2026-07-16 08:04:41.137 10 INFO neutron.pecan_wsgi.hooks.translation [None req-2dbeca45-2569-4036-932f-a70d45980807 6fdbfcba0d554137aa11de01f6e9f035 ce707103857a44688216f76bb6288eae - - default default] DELETE failed (client error): The resource could not be found.
