2026-07-16 08:00:59.213 9 INFO neutron.db.ovn_revision_numbers_db [req-ae98bfae-1100-482c-a6f2-9ebb202ffe1c req-d4fb6c57-1eb0-46f5-bdcc-39f1252cd7d2 2a4125f0616a4005a9a212b780586efb 38193357b44b4330ab3845d1ccfc7347 - - 13524b305ef34f7ba15bc447ba9ff922 13524b305ef34f7ba15bc447ba9ff922] Successfully bumped revision number for resource 21967958-b682-4c7e-8f6b-0d67d054f53f (type: ports) to 2
2026-07-16 08:00:59.227 9 INFO neutron.wsgi [req-ae98bfae-1100-482c-a6f2-9ebb202ffe1c req-d4fb6c57-1eb0-46f5-bdcc-39f1252cd7d2 2a4125f0616a4005a9a212b780586efb 38193357b44b4330ab3845d1ccfc7347 - - 13524b305ef34f7ba15bc447ba9ff922 13524b305ef34f7ba15bc447ba9ff922] 199.204.45.4 "PUT /v2.0/ports/21967958-b682-4c7e-8f6b-0d67d054f53f HTTP/1.1" status: 200 len: 1380 time: 1.2501793
2026-07-16 08:00:59.260 10 INFO neutron.wsgi [req-ef9bbbb5-b232-4b24-a959-f0e024193ff6 req-a16a3171-71de-4a6a-8ffb-391bfc1bfa2a 2b5308ae85fe4e2897ed0ecfb33b2351 756b1d200c164e34929a4596c3ccbd82 - - default default] 10.0.0.18 "GET /v2.0/ports?device_id=6a164871-9fab-47b1-8c17-3dc7ea559030 HTTP/1.1" status: 200 len: 1172 time: 0.1157007 /var/lib/openstack/lib/python3.10/site-packages/pycadf/identifier.py:71: UserWarning: Invalid uuid: neutron. To ensure interoperability, identifiers should be a valid uuid. warnings.warn(('Invalid uuid: %s. To ensure interoperability, '
2026-07-16 08:00:59.332 10 INFO neutron.wsgi [req-ef9bbbb5-b232-4b24-a959-f0e024193ff6 req-4e12ad67-f086-4faf-a539-6aeaf190a432 2b5308ae85fe4e2897ed0ecfb33b2351 756b1d200c164e34929a4596c3ccbd82 - - default default] 10.0.0.18 "GET /v2.0/security-groups?id=7221a57b-11df-4952-9d34-fa36961c01d2&fields=id&fields=name HTTP/1.1" status: 200 len: 313 time: 0.0603199
2026-07-16 08:00:59.336 9 INFO neutron.wsgi [req-ae98bfae-1100-482c-a6f2-9ebb202ffe1c req-ff80322f-ffa1-4ba8-90f7-a079d66b80a4 2a4125f0616a4005a9a212b780586efb 38193357b44b4330ab3845d1ccfc7347 - - 13524b305ef34f7ba15bc447ba9ff922 13524b305ef34f7ba15bc447ba9ff922] 199.204.45.4 "GET /v2.0/ports?tenant_id=756b1d200c164e34929a4596c3ccbd82&device_id=6a164871-9fab-47b1-8c17-3dc7ea559030 HTTP/1.1" status: 200 len: 1411 time: 0.0542746
2026-07-16 08:00:59.351 10 INFO neutron.wsgi [req-e192e345-6bd6-48e4-a6b4-023725931fc5 req-ec3ae40f-7d09-4317-a24b-3536b580d38e 2a4125f0616a4005a9a212b780586efb 38193357b44b4330ab3845d1ccfc7347 - - 13524b305ef34f7ba15bc447ba9ff922 13524b305ef34f7ba15bc447ba9ff922] 10.0.0.18 "GET /v2.0/extensions HTTP/1.1" status: 200 len: 16980 time: 0.1322756
2026-07-16 08:00:59.358 10 INFO neutron.wsgi [None req-473613e8-0cb5-4f8a-9b97-89c970acb66c 3c16e09ca97c48abbb60d81debe674d1 71de93269cbc4b9c918ca7e83e197a78 - - default default] 10.0.0.144 "GET /v2.0/security-groups?tenant_id=fbc319bc284840699dc15a796028c47e&name=default HTTP/1.1" status: 200 len: 2992 time: 0.0771105
2026-07-16 08:00:59.370 9 INFO neutron.wsgi [req-ae98bfae-1100-482c-a6f2-9ebb202ffe1c req-0ddd8425-7178-46c9-8fdf-1f71a242ab99 2a4125f0616a4005a9a212b780586efb 38193357b44b4330ab3845d1ccfc7347 - - 13524b305ef34f7ba15bc447ba9ff922 13524b305ef34f7ba15bc447ba9ff922] 199.204.45.4 "GET /v2.0/floatingips?fixed_ip_address=10.100.0.11&port_id=21967958-b682-4c7e-8f6b-0d67d054f53f HTTP/1.1" status: 200 len: 217 time: 0.0275967
2026-07-16 08:00:59.412 9 INFO neutron.wsgi [req-ae98bfae-1100-482c-a6f2-9ebb202ffe1c req-d192219e-a87f-4f26-9406-fa412f69b0b4 2a4125f0616a4005a9a212b780586efb 38193357b44b4330ab3845d1ccfc7347 - - 13524b305ef34f7ba15bc447ba9ff922 13524b305ef34f7ba15bc447ba9ff922] 199.204.45.4 "GET /v2.0/subnets?id=f0efe8d8-4a7f-43ec-9781-7e7c2cebad04 HTTP/1.1" status: 200 len: 869 time: 0.0360434
2026-07-16 08:00:59.456 9 INFO neutron.wsgi [req-ae98bfae-1100-482c-a6f2-9ebb202ffe1c req-ebf250e9-bc95-4f8b-898c-bf26cc361271 2a4125f0616a4005a9a212b780586efb 38193357b44b4330ab3845d1ccfc7347 - - 13524b305ef34f7ba15bc447ba9ff922 13524b305ef34f7ba15bc447ba9ff922] 199.204.45.4 "GET /v2.0/ports?network_id=8b3ed1b7-8d3a-426e-84c5-0c18ad40ec8c&device_owner=network%3Adhcp HTTP/1.1" status: 200 len: 210 time: 0.0378165
2026-07-16 08:00:59.542 9 INFO neutron.wsgi [req-ae98bfae-1100-482c-a6f2-9ebb202ffe1c req-cee52bc1-32c4-4fba-9d71-f507e200b05d 2a4125f0616a4005a9a212b780586efb 38193357b44b4330ab3845d1ccfc7347 - - 13524b305ef34f7ba15bc447ba9ff922 13524b305ef34f7ba15bc447ba9ff922] 199.204.45.4 "GET /v2.0/networks/8b3ed1b7-8d3a-426e-84c5-0c18ad40ec8c?fields=segments HTTP/1.1" status: 200 len: 212 time: 0.0787086
2026-07-16 08:00:59.608 9 INFO neutron.wsgi [req-ae98bfae-1100-482c-a6f2-9ebb202ffe1c req-4d692fb3-3966-4469-a982-1a7ec0cd2fc2 2a4125f0616a4005a9a212b780586efb 38193357b44b4330ab3845d1ccfc7347 - - 13524b305ef34f7ba15bc447ba9ff922 13524b305ef34f7ba15bc447ba9ff922] 199.204.45.4 "GET /v2.0/networks/8b3ed1b7-8d3a-426e-84c5-0c18ad40ec8c?fields=provider%3Aphysical_network&fields=provider%3Anetwork_type HTTP/1.1" status: 200 len: 277 time: 0.0618684
2026-07-16 08:00:59.616 9 INFO neutron.services.segments.plugin [-] Segment a9939f47-80ca-4a93-9ba0-0adec7881477 resource provider aggregate not found
2026-07-16 08:00:59.640 9 INFO neutron.services.segments.plugin [-] Segment a9939f47-80ca-4a93-9ba0-0adec7881477 resource provider aggregate not found
2026-07-16 08:00:59.649 9 INFO neutron.services.segments.plugin [-] Segment a9939f47-80ca-4a93-9ba0-0adec7881477 resource provider not found; error: Placement Client Error (4xx): {"errors": [{"status": 404, "title": "Not Found", "detail": "The resource could not be found.\n\n No resource provider with uuid a9939f47-80ca-4a93-9ba0-0adec7881477 found for delete ", "request_id": "req-84f68ecd-c690-441d-a25a-16f816fc688f"}]}
2026-07-16 08:00:59.656 10 INFO neutron.wsgi [req-e192e345-6bd6-48e4-a6b4-023725931fc5 req-2d447b68-cbaf-4027-b6bc-6e17e03b5af6 2a4125f0616a4005a9a212b780586efb 38193357b44b4330ab3845d1ccfc7347 - - 13524b305ef34f7ba15bc447ba9ff922 13524b305ef34f7ba15bc447ba9ff922] 10.0.0.18 "GET /v2.0/networks/69a4a399-a3a2-4763-8cc0-171bf99865c3?fields=segments HTTP/1.1" status: 200 len: 212 time: 0.2960544
2026-07-16 08:00:59.669 9 INFO neutron.services.segments.plugin [-] Segment a9939f47-80ca-4a93-9ba0-0adec7881477 resource provider not found; error: Placement Client Error (4xx): {"errors": [{"status": 404, "title": "Not Found", "detail": "The resource could not be found.\n\n No resource provider with uuid a9939f47-80ca-4a93-9ba0-0adec7881477 found for delete ", "request_id": "req-a21fb3a8-98dc-4825-b567-6f800b405ea8"}]}
2026-07-16 08:00:59.749 10 INFO neutron.wsgi [None req-f4d14cd2-46c5-4fb9-8812-d73be5f3fb4d 3c16e09ca97c48abbb60d81debe674d1 71de93269cbc4b9c918ca7e83e197a78 - - default default] 10.0.0.144 "DELETE /v2.0/networks/249a3819-61f1-4f94-8fc4-ed372a28d8e3 HTTP/1.1" status: 204 len: 168 time: 0.7702456
2026-07-16 08:00:59.760 10 INFO neutron.wsgi [req-e192e345-6bd6-48e4-a6b4-023725931fc5 req-1e8571a7-8aa2-4f90-bc44-8aa7179c2618 2a4125f0616a4005a9a212b780586efb 38193357b44b4330ab3845d1ccfc7347 - - 13524b305ef34f7ba15bc447ba9ff922 13524b305ef34f7ba15bc447ba9ff922] 10.0.0.18 "GET /v2.0/networks/69a4a399-a3a2-4763-8cc0-171bf99865c3?fields=provider%3Aphysical_network&fields=provider%3Anetwork_type HTTP/1.1" status: 200 len: 277 time: 0.0926385
2026-07-16 08:00:59.866 10 INFO neutron.wsgi [None req-9e7b1114-4699-48e9-b368-b6276017accb 3c16e09ca97c48abbb60d81debe674d1 71de93269cbc4b9c918ca7e83e197a78 - - default default] 10.0.0.144 "DELETE /v2.0/security-groups/ee10f83a-3bea-4486-ac3f-cb9c643ff35b HTTP/1.1" status: 204 len: 168 time: 0.4987118
2026-07-16 08:00:59.922 9 INFO neutron.notifiers.nova [-] Nova event matching ['req-0db76167-2d31-4a15-b2ad-e7346684ddda'] response: {'name': 'network-changed', 'server_uuid': '6a164871-9fab-47b1-8c17-3dc7ea559030', 'tag': '21967958-b682-4c7e-8f6b-0d67d054f53f', 'status': 'completed', 'code': 200}
2026-07-16 08:00:59.972 10 INFO neutron.wsgi [req-b2053f9e-af09-49cf-a473-450206868223 req-b72d0910-7a38-4fce-a969-41f9295df713 68a1fad0c2e74ea09b00b841b554fa41 86d3f246390347cb94f2f2a33b2c70ec - - default default] 10.0.0.18 "GET /v2.0/ports?device_id=8f785923-4e00-4fb1-baa8-955408dcd8cb HTTP/1.1" status: 200 len: 210 time: 0.0223024
2026-07-16 08:01:00.003 9 INFO neutron.wsgi [req-83bb01a9-01c4-4030-9da9-edd27d4d32a3 req-892c2a75-a65d-4197-b472-f0990320ce36 2a4125f0616a4005a9a212b780586efb 38193357b44b4330ab3845d1ccfc7347 - - 13524b305ef34f7ba15bc447ba9ff922 13524b305ef34f7ba15bc447ba9ff922] 199.204.45.4 "GET /v2.0/ports?tenant_id=756b1d200c164e34929a4596c3ccbd82&device_id=6a164871-9fab-47b1-8c17-3dc7ea559030 HTTP/1.1" status: 200 len: 1411 time: 0.0551779
2026-07-16 08:01:00.009 10 INFO neutron.wsgi [None req-cd8fba0f-cfb8-4106-ae20-f0ac269698da 3c16e09ca97c48abbb60d81debe674d1 71de93269cbc4b9c918ca7e83e197a78 - - default default] 10.0.0.144 "GET /v2.0/security-groups?tenant_id=6133eb353b1e4239aacf2a0162cbad36&name=default HTTP/1.1" status: 200 len: 2992 time: 0.0724809
2026-07-16 08:01:00.070 9 WARNING neutron.plugins.ml2.drivers.ovn.mech_driver.ovsdb.ovn_client [None req-9922bd46-0a33-49c9-aed7-aec754b2273a - - - - - -] No hosting information found for port 5648b640-cfde-428d-ab6f-7fd6ee2f4f37: RuntimeError: No hosting information found for port 5648b640-cfde-428d-ab6f-7fd6ee2f4f37
2026-07-16 08:01:00.107 9 INFO neutron.wsgi [req-83bb01a9-01c4-4030-9da9-edd27d4d32a3 req-45d57ce7-b000-4e6a-9556-7fa2566b4c76 2a4125f0616a4005a9a212b780586efb 38193357b44b4330ab3845d1ccfc7347 - - 13524b305ef34f7ba15bc447ba9ff922 13524b305ef34f7ba15bc447ba9ff922] 199.204.45.4 "GET /v2.0/networks?id=8b3ed1b7-8d3a-426e-84c5-0c18ad40ec8c HTTP/1.1" status: 200 len: 974 time: 0.0964637
2026-07-16 08:01:00.139 9 INFO neutron.wsgi [req-83bb01a9-01c4-4030-9da9-edd27d4d32a3 req-9df6642b-8a15-43fa-a7e7-6055710be86c 2a4125f0616a4005a9a212b780586efb 38193357b44b4330ab3845d1ccfc7347 - - 13524b305ef34f7ba15bc447ba9ff922 13524b305ef34f7ba15bc447ba9ff922] 199.204.45.4 "GET /v2.0/floatingips?fixed_ip_address=10.100.0.11&port_id=21967958-b682-4c7e-8f6b-0d67d054f53f HTTP/1.1" status: 200 len: 217 time: 0.0216932
2026-07-16 08:01:00.195 9 INFO neutron.wsgi [req-83bb01a9-01c4-4030-9da9-edd27d4d32a3 req-341708e4-9be4-40bb-8446-e4994e8f84db 2a4125f0616a4005a9a212b780586efb 38193357b44b4330ab3845d1ccfc7347 - - 13524b305ef34f7ba15bc447ba9ff922 13524b305ef34f7ba15bc447ba9ff922] 199.204.45.4 "GET /v2.0/subnets?id=f0efe8d8-4a7f-43ec-9781-7e7c2cebad04 HTTP/1.1" status: 200 len: 869 time: 0.0477967
2026-07-16 08:01:00.227 9 INFO neutron.wsgi [req-83bb01a9-01c4-4030-9da9-edd27d4d32a3 req-8f00a7af-ca81-4363-8453-8da77871d5fe 2a4125f0616a4005a9a212b780586efb 38193357b44b4330ab3845d1ccfc7347 - - 13524b305ef34f7ba15bc447ba9ff922 13524b305ef34f7ba15bc447ba9ff922] 199.204.45.4 "GET /v2.0/ports?network_id=8b3ed1b7-8d3a-426e-84c5-0c18ad40ec8c&device_owner=network%3Adhcp HTTP/1.1" status: 200 len: 210 time: 0.0267806
2026-07-16 08:01:00.267 10 INFO neutron.wsgi [None req-37151162-558e-4c0c-a042-c58bbbace439 3c16e09ca97c48abbb60d81debe674d1 71de93269cbc4b9c918ca7e83e197a78 - - default default] 10.0.0.144 "DELETE /v2.0/security-groups/117417ef-97aa-43bd-a479-097d0de7ad67 HTTP/1.1" status: 204 len: 168 time: 0.2506161
2026-07-16 08:01:00.296 10 INFO neutron.services.segments.plugin [-] Segment ffb0a614-6a13-4fbe-bc5d-5ed70c3083ca resource provider aggregate not found
2026-07-16 08:01:00.299 9 INFO neutron.wsgi [req-83bb01a9-01c4-4030-9da9-edd27d4d32a3 req-d351db63-53a7-4dd3-8578-6c4ccf457547 2a4125f0616a4005a9a212b780586efb 38193357b44b4330ab3845d1ccfc7347 - - 13524b305ef34f7ba15bc447ba9ff922 13524b305ef34f7ba15bc447ba9ff922] 199.204.45.4 "GET /v2.0/networks/8b3ed1b7-8d3a-426e-84c5-0c18ad40ec8c?fields=segments HTTP/1.1" status: 200 len: 212 time: 0.0643282
2026-07-16 08:01:00.324 10 INFO neutron.services.segments.plugin [-] Segment ffb0a614-6a13-4fbe-bc5d-5ed70c3083ca resource provider not found; error: Placement Client Error (4xx): {"errors": [{"status": 404, "title": "Not Found", "detail": "The resource could not be found.\n\n No resource provider with uuid ffb0a614-6a13-4fbe-bc5d-5ed70c3083ca found for delete ", "request_id": "req-ca49ab1e-50fe-491d-98fc-6643857a0d28"}]}
2026-07-16 08:01:00.325 10 INFO neutron.services.segments.plugin [-] Segment ffb0a614-6a13-4fbe-bc5d-5ed70c3083ca resource provider aggregate not found
2026-07-16 08:01:00.347 10 INFO neutron.services.segments.plugin [-] Segment ffb0a614-6a13-4fbe-bc5d-5ed70c3083ca resource provider not found; error: Placement Client Error (4xx): {"errors": [{"status": 404, "title": "Not Found", "detail": "The resource could not be found.\n\n No resource provider with uuid ffb0a614-6a13-4fbe-bc5d-5ed70c3083ca found for delete ", "request_id": "req-3b3c8075-c9f6-42de-90c7-acd0e57d9de7"}]}
2026-07-16 08:01:00.388 9 INFO neutron.wsgi [req-83bb01a9-01c4-4030-9da9-edd27d4d32a3 req-77b80536-410f-418d-8dcd-d158f7f51d11 2a4125f0616a4005a9a212b780586efb 38193357b44b4330ab3845d1ccfc7347 - - 13524b305ef34f7ba15bc447ba9ff922 13524b305ef34f7ba15bc447ba9ff922] 199.204.45.4 "GET /v2.0/networks/8b3ed1b7-8d3a-426e-84c5-0c18ad40ec8c?fields=provider%3Aphysical_network&fields=provider%3Anetwork_type HTTP/1.1" status: 200 len: 277 time: 0.0796387
2026-07-16 08:01:00.455 10 INFO neutron.wsgi [req-c96b66e2-f055-47f1-87b7-68559535cb22 req-d8ec315c-a775-4c53-806a-e6d6738192b9 2b5308ae85fe4e2897ed0ecfb33b2351 756b1d200c164e34929a4596c3ccbd82 - - default default] 10.0.0.18 "GET /v2.0/ports?device_id=6a164871-9fab-47b1-8c17-3dc7ea559030 HTTP/1.1" status: 200 len: 1172 time: 0.0513775
2026-07-16 08:01:00.509 10 INFO neutron.wsgi [req-c96b66e2-f055-47f1-87b7-68559535cb22 req-17bcf92c-02d3-4d32-b8a7-305d892a11ce 2b5308ae85fe4e2897ed0ecfb33b2351 756b1d200c164e34929a4596c3ccbd82 - - default default] 10.0.0.18 "GET /v2.0/security-groups?id=7221a57b-11df-4952-9d34-fa36961c01d2&fields=id&fields=name HTTP/1.1" status: 200 len: 313 time: 0.0488389
2026-07-16 08:01:01.062 10 INFO neutron.wsgi [req-09088b51-4b69-407c-9289-b751b93f396f req-f951f5d9-9af4-426f-a748-24865ebce925 68a1fad0c2e74ea09b00b841b554fa41 86d3f246390347cb94f2f2a33b2c70ec - - default default] 10.0.0.18 "GET /v2.0/ports?device_id=8f785923-4e00-4fb1-baa8-955408dcd8cb HTTP/1.1" status: 200 len: 210 time: 0.0241997
2026-07-16 08:01:01.227 10 WARNING neutron.plugins.ml2.drivers.ovn.mech_driver.ovsdb.ovn_client [None req-1fed577b-fa7b-4690-8202-c757e3ffe61d - - - - - -] No port found with ID 41dda0a7-a88c-4015-9749-6e9e5fde517f: RuntimeError: No port found with ID 41dda0a7-a88c-4015-9749-6e9e5fde517f
2026-07-16 08:01:01.260 9 INFO neutron.wsgi [req-e192e345-6bd6-48e4-a6b4-023725931fc5 req-c133e892-f1bc-4451-badb-b1f053995884 68a1fad0c2e74ea09b00b841b554fa41 86d3f246390347cb94f2f2a33b2c70ec - - default default] 199.204.45.4 "GET /v2.0/networks?id=69a4a399-a3a2-4763-8cc0-171bf99865c3 HTTP/1.1" status: 200 len: 875 time: 0.0954530
2026-07-16 08:01:01.315 9 INFO neutron.wsgi [req-e192e345-6bd6-48e4-a6b4-023725931fc5 req-d99f9b50-a4b8-49cc-a8ef-46c0fb621d1c 68a1fad0c2e74ea09b00b841b554fa41 86d3f246390347cb94f2f2a33b2c70ec - - default default] 199.204.45.4 "GET /v2.0/security-groups?fields=id&fields=name&tenant_id=86d3f246390347cb94f2f2a33b2c70ec HTTP/1.1" status: 200 len: 380 time: 0.0505350
2026-07-16 08:01:01.326 9 WARNING neutron_lib.context [req-e192e345-6bd6-48e4-a6b4-023725931fc5 req-2b57a950-98e0-4914-947d-8809f0bda6eb 68a1fad0c2e74ea09b00b841b554fa41 86d3f246390347cb94f2f2a33b2c70ec - - default default] Method 'is_advsvc' is deprecated since 2023.2 release (neutron-lib 3.8.0) and will be removed once support for the old RBAC API policies will be removed from Neutron. Please use method 'is_service_role' instead.
2026-07-16 08:01:01.650 10 INFO neutron.wsgi [req-55df7169-0ea8-4a4d-80cd-264af2169bcf req-441ed61f-2270-4874-8b6a-61b64edbee2e 2b5308ae85fe4e2897ed0ecfb33b2351 756b1d200c164e34929a4596c3ccbd82 - - default default] 10.0.0.18 "GET /v2.0/ports?device_id=6a164871-9fab-47b1-8c17-3dc7ea559030 HTTP/1.1" status: 200 len: 1172 time: 0.0471804
2026-07-16 08:01:01.704 10 INFO neutron.wsgi [req-55df7169-0ea8-4a4d-80cd-264af2169bcf req-60f129f9-0603-443d-816d-e65a7f3d1e28 2b5308ae85fe4e2897ed0ecfb33b2351 756b1d200c164e34929a4596c3ccbd82 - - default default] 10.0.0.18 "GET /v2.0/security-groups?id=7221a57b-11df-4952-9d34-fa36961c01d2&fields=id&fields=name HTTP/1.1" status: 200 len: 313 time: 0.0469844
2026-07-16 08:01:01.747 9 WARNING neutron.scheduler.dhcp_agent_scheduler [req-e192e345-6bd6-48e4-a6b4-023725931fc5 req-2b57a950-98e0-4914-947d-8809f0bda6eb 68a1fad0c2e74ea09b00b841b554fa41 86d3f246390347cb94f2f2a33b2c70ec - - default default] No more DHCP agents
2026-07-16 08:01:01.749 9 WARNING neutron.api.rpc.agentnotifiers.dhcp_rpc_agent_api [req-e192e345-6bd6-48e4-a6b4-023725931fc5 req-2b57a950-98e0-4914-947d-8809f0bda6eb 68a1fad0c2e74ea09b00b841b554fa41 86d3f246390347cb94f2f2a33b2c70ec - - default default] Unable to schedule network 69a4a399-a3a2-4763-8cc0-171bf99865c3: no agents available; will retry on subsequent port and subnet creation events.
2026-07-16 08:01:01.986 9 INFO neutron.db.ovn_revision_numbers_db [req-e192e345-6bd6-48e4-a6b4-023725931fc5 req-2b57a950-98e0-4914-947d-8809f0bda6eb 68a1fad0c2e74ea09b00b841b554fa41 86d3f246390347cb94f2f2a33b2c70ec - - default default] Successfully bumped revision number for resource b59c1fb3-18aa-44c2-aa99-c544dc4e226c (type: ports) to 1
2026-07-16 08:01:02.023 9 INFO neutron.wsgi [req-e192e345-6bd6-48e4-a6b4-023725931fc5 req-2b57a950-98e0-4914-947d-8809f0bda6eb 68a1fad0c2e74ea09b00b841b554fa41 86d3f246390347cb94f2f2a33b2c70ec - - default default] 199.204.45.4 "POST /v2.0/ports HTTP/1.1" status: 201 len: 1162 time: 0.7021661 /var/lib/openstack/lib/python3.10/site-packages/pycadf/identifier.py:71: UserWarning: Invalid uuid: neutron. To ensure interoperability, identifiers should be a valid uuid. warnings.warn(('Invalid uuid: %s. To ensure interoperability, '
2026-07-16 08:01:02.180 10 INFO neutron.wsgi [req-738e39a9-abaa-49bc-88cf-95b917a2f8df req-e172ee35-882d-4bf5-a192-ed94f1e30f69 68a1fad0c2e74ea09b00b841b554fa41 86d3f246390347cb94f2f2a33b2c70ec - - default default] 10.0.0.18 "GET /v2.0/ports?device_id=8f785923-4e00-4fb1-baa8-955408dcd8cb HTTP/1.1" status: 200 len: 1160 time: 0.0463440
2026-07-16 08:01:02.225 10 INFO neutron.wsgi [req-738e39a9-abaa-49bc-88cf-95b917a2f8df req-f2aa1a51-ce0c-4a09-81dd-6b56c574dfa2 68a1fad0c2e74ea09b00b841b554fa41 86d3f246390347cb94f2f2a33b2c70ec - - default default] 10.0.0.18 "GET /v2.0/security-groups?id=960478b9-e0a0-4d3a-9374-8d760394fea7&fields=id&fields=name HTTP/1.1" status: 200 len: 313 time: 0.0376937
2026-07-16 08:01:02.452 10 INFO neutron.plugins.ml2.drivers.ovn.mech_driver.mech_driver [None req-1fed577b-fa7b-4690-8202-c757e3ffe61d - - - - - -] OVN reports status up for port: 21967958-b682-4c7e-8f6b-0d67d054f53f
2026-07-16 08:01:02.466 10 INFO neutron.plugins.ml2.plugin [None req-1fed577b-fa7b-4690-8202-c757e3ffe61d - - - - - -] Attempt 1 to provision port 21967958-b682-4c7e-8f6b-0d67d054f53f
2026-07-16 08:01:02.539 9 INFO neutron.db.ovn_revision_numbers_db [req-e192e345-6bd6-48e4-a6b4-023725931fc5 req-12fba247-50e7-4526-899d-7541546b1e91 2a4125f0616a4005a9a212b780586efb 38193357b44b4330ab3845d1ccfc7347 - - 13524b305ef34f7ba15bc447ba9ff922 13524b305ef34f7ba15bc447ba9ff922] Successfully bumped revision number for resource b59c1fb3-18aa-44c2-aa99-c544dc4e226c (type: ports) to 2
2026-07-16 08:01:02.623 10 INFO neutron.db.ovn_revision_numbers_db [None req-9012fa21-9542-4cec-89ad-bd80ab6e9369 3c16e09ca97c48abbb60d81debe674d1 71de93269cbc4b9c918ca7e83e197a78 - - default default] Successfully bumped revision number for resource b174c98e-afab-4288-909d-e6c352f62b35 (type: security_groups) to 1
2026-07-16 08:01:02.664 10 INFO neutron.db.ovn_revision_numbers_db [None req-9012fa21-9542-4cec-89ad-bd80ab6e9369 3c16e09ca97c48abbb60d81debe674d1 71de93269cbc4b9c918ca7e83e197a78 - - default default] Successfully bumped revision number for resource 09304692-39ef-4c99-b247-94d50a0d0e60 (type: security_group_rules) to 0
2026-07-16 08:01:02.687 10 INFO neutron.db.ovn_revision_numbers_db [None req-9012fa21-9542-4cec-89ad-bd80ab6e9369 3c16e09ca97c48abbb60d81debe674d1 71de93269cbc4b9c918ca7e83e197a78 - - default default] Successfully bumped revision number for resource 24943105-ca59-4a7e-ba64-7b59f202c84c (type: security_group_rules) to 0
2026-07-16 08:01:02.723 10 INFO neutron.db.ovn_revision_numbers_db [None req-9012fa21-9542-4cec-89ad-bd80ab6e9369 3c16e09ca97c48abbb60d81debe674d1 71de93269cbc4b9c918ca7e83e197a78 - - default default] Successfully bumped revision number for resource 897cad20-294a-4864-be67-e5a2bedd53af (type: security_group_rules) to 0
2026-07-16 08:01:02.778 10 INFO neutron.db.ovn_revision_numbers_db [None req-9012fa21-9542-4cec-89ad-bd80ab6e9369 3c16e09ca97c48abbb60d81debe674d1 71de93269cbc4b9c918ca7e83e197a78 - - default default] Successfully bumped revision number for resource a81c71e4-e30d-45ac-be09-69c21bca2b9e (type: security_group_rules) to 0
2026-07-16 08:01:02.799 9 INFO neutron.db.ovn_revision_numbers_db [req-e192e345-6bd6-48e4-a6b4-023725931fc5 req-12fba247-50e7-4526-899d-7541546b1e91 2a4125f0616a4005a9a212b780586efb 38193357b44b4330ab3845d1ccfc7347 - - 13524b305ef34f7ba15bc447ba9ff922 13524b305ef34f7ba15bc447ba9ff922] Successfully bumped revision number for resource b59c1fb3-18aa-44c2-aa99-c544dc4e226c (type: ports) to 2
2026-07-16 08:01:02.822 9 INFO neutron.wsgi [req-e192e345-6bd6-48e4-a6b4-023725931fc5 req-12fba247-50e7-4526-899d-7541546b1e91 2a4125f0616a4005a9a212b780586efb 38193357b44b4330ab3845d1ccfc7347 - - 13524b305ef34f7ba15bc447ba9ff922 13524b305ef34f7ba15bc447ba9ff922] 199.204.45.4 "PUT /v2.0/ports/b59c1fb3-18aa-44c2-aa99-c544dc4e226c HTTP/1.1" status: 200 len: 1380 time: 0.7888219
2026-07-16 08:01:02.839 10 INFO neutron.wsgi [req-c47f89d8-8281-473c-b648-59b519741e7b req-95d07199-73b3-435b-9511-98bc3c9380b1 2b5308ae85fe4e2897ed0ecfb33b2351 756b1d200c164e34929a4596c3ccbd82 - - default default] 10.0.0.18 "GET /v2.0/ports?device_id=6a164871-9fab-47b1-8c17-3dc7ea559030 HTTP/1.1" status: 200 len: 1174 time: 0.0567114
2026-07-16 08:01:02.850 10 INFO neutron.db.segments_db [None req-9012fa21-9542-4cec-89ad-bd80ab6e9369 3c16e09ca97c48abbb60d81debe674d1 71de93269cbc4b9c918ca7e83e197a78 - - default default] Added segment 3283b96f-dc54-4e76-b577-c9f66c3a3213 of type geneve for network d0f43adc-5d83-4c37-b75f-e52bf47f1f11 /var/lib/openstack/lib/python3.10/site-packages/pycadf/identifier.py:71: UserWarning: Invalid uuid: neutron. To ensure interoperability, identifiers should be a valid uuid. warnings.warn(('Invalid uuid: %s. To ensure interoperability, '
2026-07-16 08:01:02.884 9 INFO neutron.notifiers.nova [-] Nova event matching ['req-557384be-ffad-4c2b-9ea8-9d9ca9191382'] response: {'name': 'network-changed', 'server_uuid': '8f785923-4e00-4fb1-baa8-955408dcd8cb', 'tag': 'b59c1fb3-18aa-44c2-aa99-c544dc4e226c', 'status': 'completed', 'code': 200}
2026-07-16 08:01:02.902 10 INFO neutron.db.ovn_revision_numbers_db [None req-1fed577b-fa7b-4690-8202-c757e3ffe61d - - - - - -] Successfully bumped revision number for resource 21967958-b682-4c7e-8f6b-0d67d054f53f (type: ports) to 4
2026-07-16 08:01:02.903 9 INFO neutron.wsgi [req-e192e345-6bd6-48e4-a6b4-023725931fc5 req-40586fc4-b4b1-4a0d-b3ee-4d1b41f57d6f 2a4125f0616a4005a9a212b780586efb 38193357b44b4330ab3845d1ccfc7347 - - 13524b305ef34f7ba15bc447ba9ff922 13524b305ef34f7ba15bc447ba9ff922] 199.204.45.4 "GET /v2.0/ports?tenant_id=86d3f246390347cb94f2f2a33b2c70ec&device_id=8f785923-4e00-4fb1-baa8-955408dcd8cb HTTP/1.1" status: 200 len: 1411 time: 0.0447481
2026-07-16 08:01:02.920 10 INFO neutron.wsgi [req-c47f89d8-8281-473c-b648-59b519741e7b req-22ad7f10-e576-48aa-a79c-3ed2ed16acd4 2b5308ae85fe4e2897ed0ecfb33b2351 756b1d200c164e34929a4596c3ccbd82 - - default default] 10.0.0.18 "GET /v2.0/security-groups?id=7221a57b-11df-4952-9d34-fa36961c01d2&fields=id&fields=name HTTP/1.1" status: 200 len: 313 time: 0.0712743
2026-07-16 08:01:02.941 9 INFO neutron.wsgi [req-e192e345-6bd6-48e4-a6b4-023725931fc5 req-13da79e9-f9d8-468d-804d-05c60730e0a9 2a4125f0616a4005a9a212b780586efb 38193357b44b4330ab3845d1ccfc7347 - - 13524b305ef34f7ba15bc447ba9ff922 13524b305ef34f7ba15bc447ba9ff922] 199.204.45.4 "GET /v2.0/floatingips?fixed_ip_address=10.100.0.11&port_id=b59c1fb3-18aa-44c2-aa99-c544dc4e226c HTTP/1.1" status: 200 len: 217 time: 0.0304506
2026-07-16 08:01:02.976 9 INFO neutron.wsgi [req-e192e345-6bd6-48e4-a6b4-023725931fc5 req-4dab0a93-f833-4c6c-a72e-c159a84b32a9 2a4125f0616a4005a9a212b780586efb 38193357b44b4330ab3845d1ccfc7347 - - 13524b305ef34f7ba15bc447ba9ff922 13524b305ef34f7ba15bc447ba9ff922] 199.204.45.4 "GET /v2.0/subnets?id=b8942927-a219-40fd-a6bf-28642fe4fc57 HTTP/1.1" status: 200 len: 869 time: 0.0301623
2026-07-16 08:01:03.014 9 INFO neutron.wsgi [req-e192e345-6bd6-48e4-a6b4-023725931fc5 req-45d321ee-8b69-4983-bd42-0400b2fde8d9 2a4125f0616a4005a9a212b780586efb 38193357b44b4330ab3845d1ccfc7347 - - 13524b305ef34f7ba15bc447ba9ff922 13524b305ef34f7ba15bc447ba9ff922] 199.204.45.4 "GET /v2.0/ports?network_id=69a4a399-a3a2-4763-8cc0-171bf99865c3&device_owner=network%3Adhcp HTTP/1.1" status: 200 len: 210 time: 0.0277412
2026-07-16 08:01:03.050 10 INFO neutron.db.ovn_revision_numbers_db [None req-9012fa21-9542-4cec-89ad-bd80ab6e9369 3c16e09ca97c48abbb60d81debe674d1 71de93269cbc4b9c918ca7e83e197a78 - - default default] Successfully bumped revision number for resource d0f43adc-5d83-4c37-b75f-e52bf47f1f11 (type: networks) to 1
2026-07-16 08:01:03.063 10 INFO neutron.notifiers.nova [-] Nova event matching ['req-095f9fdc-ef97-4956-8c39-24761e48d605'] response: {'server_uuid': '6a164871-9fab-47b1-8c17-3dc7ea559030', 'name': 'network-vif-plugged', 'status': 'completed', 'tag': '21967958-b682-4c7e-8f6b-0d67d054f53f', 'code': 200}
2026-07-16 08:01:03.095 9 INFO neutron.wsgi [req-e192e345-6bd6-48e4-a6b4-023725931fc5 req-d9329e7c-975c-4457-8c02-02934b766365 2a4125f0616a4005a9a212b780586efb 38193357b44b4330ab3845d1ccfc7347 - - 13524b305ef34f7ba15bc447ba9ff922 13524b305ef34f7ba15bc447ba9ff922] 199.204.45.4 "GET /v2.0/networks/69a4a399-a3a2-4763-8cc0-171bf99865c3?fields=segments HTTP/1.1" status: 200 len: 212 time: 0.0730293
2026-07-16 08:01:03.183 9 INFO neutron.wsgi [req-e192e345-6bd6-48e4-a6b4-023725931fc5 req-995b2c10-f4b5-474c-8007-d3b45e946376 2a4125f0616a4005a9a212b780586efb 38193357b44b4330ab3845d1ccfc7347 - - 13524b305ef34f7ba15bc447ba9ff922 13524b305ef34f7ba15bc447ba9ff922] 199.204.45.4 "GET /v2.0/networks/69a4a399-a3a2-4763-8cc0-171bf99865c3?fields=provider%3Aphysical_network&fields=provider%3Anetwork_type HTTP/1.1" status: 200 len: 277 time: 0.0802972
2026-07-16 08:01:03.298 9 INFO neutron.wsgi [req-72f8f1a4-156c-4e3a-b775-79c943fd0f98 req-8c866ce0-b6df-474f-a292-7ebcdd9910db 2a4125f0616a4005a9a212b780586efb 38193357b44b4330ab3845d1ccfc7347 - - 13524b305ef34f7ba15bc447ba9ff922 13524b305ef34f7ba15bc447ba9ff922] 199.204.45.4 "GET /v2.0/ports?tenant_id=86d3f246390347cb94f2f2a33b2c70ec&device_id=8f785923-4e00-4fb1-baa8-955408dcd8cb HTTP/1.1" status: 200 len: 1411 time: 0.0485642
2026-07-16 08:01:03.304 10 WARNING neutron.scheduler.dhcp_agent_scheduler [None req-9012fa21-9542-4cec-89ad-bd80ab6e9369 3c16e09ca97c48abbb60d81debe674d1 71de93269cbc4b9c918ca7e83e197a78 - - default default] No more DHCP agents
2026-07-16 08:01:03.307 10 WARNING neutron.api.rpc.agentnotifiers.dhcp_rpc_agent_api [None req-9012fa21-9542-4cec-89ad-bd80ab6e9369 3c16e09ca97c48abbb60d81debe674d1 71de93269cbc4b9c918ca7e83e197a78 - - default default] Unable to schedule network d0f43adc-5d83-4c37-b75f-e52bf47f1f11: no agents available; will retry on subsequent port and subnet creation events. /var/lib/openstack/lib/python3.10/site-packages/pycadf/identifier.py:71: UserWarning: Invalid uuid: neutron. To ensure interoperability, identifiers should be a valid uuid. warnings.warn(('Invalid uuid: %s. To ensure interoperability, '
2026-07-16 08:01:03.371 9 INFO neutron.wsgi [req-72f8f1a4-156c-4e3a-b775-79c943fd0f98 req-df81eff0-d27a-4f3a-bf3f-f594a92531ee 2a4125f0616a4005a9a212b780586efb 38193357b44b4330ab3845d1ccfc7347 - - 13524b305ef34f7ba15bc447ba9ff922 13524b305ef34f7ba15bc447ba9ff922] 199.204.45.4 "GET /v2.0/networks?id=69a4a399-a3a2-4763-8cc0-171bf99865c3 HTTP/1.1" status: 200 len: 974 time: 0.0670483
2026-07-16 08:01:03.385 10 INFO neutron.wsgi [req-566f0a44-842e-472c-91c3-ee79b0782db3 req-9ef88f00-6938-450e-986a-d046b52a62e5 68a1fad0c2e74ea09b00b841b554fa41 86d3f246390347cb94f2f2a33b2c70ec - - default default] 10.0.0.18 "GET /v2.0/ports?device_id=8f785923-4e00-4fb1-baa8-955408dcd8cb HTTP/1.1" status: 200 len: 1172 time: 0.0647922
2026-07-16 08:01:03.424 9 INFO neutron.plugins.ml2.drivers.ovn.mech_driver.mech_driver [None req-9922bd46-0a33-49c9-aed7-aec754b2273a - - - - - -] OVN reports status up for port: b59c1fb3-18aa-44c2-aa99-c544dc4e226c
2026-07-16 08:01:03.431 9 INFO neutron.wsgi [req-72f8f1a4-156c-4e3a-b775-79c943fd0f98 req-6d3792d5-745b-4c10-ad8c-b8b668078d16 2a4125f0616a4005a9a212b780586efb 38193357b44b4330ab3845d1ccfc7347 - - 13524b305ef34f7ba15bc447ba9ff922 13524b305ef34f7ba15bc447ba9ff922] 199.204.45.4 "GET /v2.0/floatingips?fixed_ip_address=10.100.0.11&port_id=b59c1fb3-18aa-44c2-aa99-c544dc4e226c HTTP/1.1" status: 200 len: 217 time: 0.0465002
2026-07-16 08:01:03.466 9 INFO neutron.plugins.ml2.plugin [None req-9922bd46-0a33-49c9-aed7-aec754b2273a - - - - - -] Attempt 1 to provision port b59c1fb3-18aa-44c2-aa99-c544dc4e226c
2026-07-16 08:01:03.473 10 INFO neutron.wsgi [req-566f0a44-842e-472c-91c3-ee79b0782db3 req-762a0b32-98a0-4bff-9e15-179cce83279e 68a1fad0c2e74ea09b00b841b554fa41 86d3f246390347cb94f2f2a33b2c70ec - - default default] 10.0.0.18 "GET /v2.0/security-groups?id=960478b9-e0a0-4d3a-9374-8d760394fea7&fields=id&fields=name HTTP/1.1" status: 200 len: 313 time: 0.0780025
2026-07-16 08:01:03.479 10 INFO neutron.db.ovn_revision_numbers_db [None req-9012fa21-9542-4cec-89ad-bd80ab6e9369 3c16e09ca97c48abbb60d81debe674d1 71de93269cbc4b9c918ca7e83e197a78 - - default default] Successfully bumped revision number for resource 9ff44376-799f-4daf-8f8f-88b36e4d7cff (type: ports) to 1
2026-07-16 08:01:03.491 9 INFO neutron.wsgi [req-72f8f1a4-156c-4e3a-b775-79c943fd0f98 req-774e1cc3-e5de-4410-88fa-586ccce7a163 2a4125f0616a4005a9a212b780586efb 38193357b44b4330ab3845d1ccfc7347 - - 13524b305ef34f7ba15bc447ba9ff922 13524b305ef34f7ba15bc447ba9ff922] 199.204.45.4 "GET /v2.0/subnets?id=b8942927-a219-40fd-a6bf-28642fe4fc57 HTTP/1.1" status: 200 len: 869 time: 0.0530870
2026-07-16 08:01:03.519 10 INFO neutron.wsgi [None req-9012fa21-9542-4cec-89ad-bd80ab6e9369 3c16e09ca97c48abbb60d81debe674d1 71de93269cbc4b9c918ca7e83e197a78 - - default default] 10.0.0.144 "POST /v2.0/networks HTTP/1.1" status: 201 len: 953 time: 1.3348038
2026-07-16 08:01:03.522 9 INFO neutron.wsgi [req-72f8f1a4-156c-4e3a-b775-79c943fd0f98 req-0f425872-c71b-45f8-8fc2-f36359402452 2a4125f0616a4005a9a212b780586efb 38193357b44b4330ab3845d1ccfc7347 - - 13524b305ef34f7ba15bc447ba9ff922 13524b305ef34f7ba15bc447ba9ff922] 199.204.45.4 "GET /v2.0/ports?network_id=69a4a399-a3a2-4763-8cc0-171bf99865c3&device_owner=network%3Adhcp HTTP/1.1" status: 200 len: 210 time: 0.0223305
2026-07-16 08:01:03.678 9 INFO neutron.wsgi [req-72f8f1a4-156c-4e3a-b775-79c943fd0f98 req-ef508edd-f0a8-4fd1-81ed-ba21ee30cf15 2a4125f0616a4005a9a212b780586efb 38193357b44b4330ab3845d1ccfc7347 - - 13524b305ef34f7ba15bc447ba9ff922 13524b305ef34f7ba15bc447ba9ff922] 199.204.45.4 "GET /v2.0/networks/69a4a399-a3a2-4763-8cc0-171bf99865c3?fields=segments HTTP/1.1" status: 200 len: 212 time: 0.1479306
2026-07-16 08:01:03.805 9 INFO neutron.wsgi [req-72f8f1a4-156c-4e3a-b775-79c943fd0f98 req-bbe5df0f-129c-4a51-ac1c-50e0a4caed39 2a4125f0616a4005a9a212b780586efb 38193357b44b4330ab3845d1ccfc7347 - - 13524b305ef34f7ba15bc447ba9ff922 13524b305ef34f7ba15bc447ba9ff922] 199.204.45.4 "GET /v2.0/networks/69a4a399-a3a2-4763-8cc0-171bf99865c3?fields=provider%3Aphysical_network&fields=provider%3Anetwork_type HTTP/1.1" status: 200 len: 277 time: 0.1052480
2026-07-16 08:01:03.819 9 WARNING neutron.scheduler.dhcp_agent_scheduler [None req-e19b84cb-19e3-4e5a-8968-3f2188c78bca 3c16e09ca97c48abbb60d81debe674d1 71de93269cbc4b9c918ca7e83e197a78 - - default default] No more DHCP agents
2026-07-16 08:01:03.827 9 WARNING neutron.api.rpc.agentnotifiers.dhcp_rpc_agent_api [None req-e19b84cb-19e3-4e5a-8968-3f2188c78bca 3c16e09ca97c48abbb60d81debe674d1 71de93269cbc4b9c918ca7e83e197a78 - - default default] Unable to schedule network d0f43adc-5d83-4c37-b75f-e52bf47f1f11: no agents available; will retry on subsequent port and subnet creation events.
2026-07-16 08:01:03.940 9 INFO neutron.db.ovn_revision_numbers_db [None req-9922bd46-0a33-49c9-aed7-aec754b2273a - - - - - -] Successfully bumped revision number for resource b59c1fb3-18aa-44c2-aa99-c544dc4e226c (type: ports) to 4
2026-07-16 08:01:04.062 10 INFO neutron.wsgi [req-c988fc2a-9d6c-4065-acea-85086c9f2cb3 req-921b68ff-9ba2-4d14-b107-8e7c9ecd8fce 2b5308ae85fe4e2897ed0ecfb33b2351 756b1d200c164e34929a4596c3ccbd82 - - default default] 10.0.0.18 "GET /v2.0/ports?device_id=6a164871-9fab-47b1-8c17-3dc7ea559030 HTTP/1.1" status: 200 len: 1174 time: 0.0489082
2026-07-16 08:01:04.126 10 INFO neutron.wsgi [req-c988fc2a-9d6c-4065-acea-85086c9f2cb3 req-0accfdd9-6af1-47bf-8b37-09e66d043079 2b5308ae85fe4e2897ed0ecfb33b2351 756b1d200c164e34929a4596c3ccbd82 - - default default] 10.0.0.18 "GET /v2.0/security-groups?id=7221a57b-11df-4952-9d34-fa36961c01d2&fields=id&fields=name HTTP/1.1" status: 200 len: 313 time: 0.0563629
2026-07-16 08:01:04.594 9 INFO neutron.db.ovn_revision_numbers_db [None req-e19b84cb-19e3-4e5a-8968-3f2188c78bca 3c16e09ca97c48abbb60d81debe674d1 71de93269cbc4b9c918ca7e83e197a78 - - default default] Successfully bumped revision number for resource 9ff44376-799f-4daf-8f8f-88b36e4d7cff (type: ports) to 2
2026-07-16 08:01:04.635 9 INFO neutron.db.ovn_revision_numbers_db [None req-e19b84cb-19e3-4e5a-8968-3f2188c78bca 3c16e09ca97c48abbb60d81debe674d1 71de93269cbc4b9c918ca7e83e197a78 - - default default] Successfully bumped revision number for resource 70a147d2-3dac-4a07-b037-34b162817b0e (type: subnets) to 0
2026-07-16 08:01:04.653 9 INFO neutron.wsgi [None req-e19b84cb-19e3-4e5a-8968-3f2188c78bca 3c16e09ca97c48abbb60d81debe674d1 71de93269cbc4b9c918ca7e83e197a78 - - default default] 10.0.0.144 "POST /v2.0/subnets HTTP/1.1" status: 201 len: 873 time: 1.1284213 /var/lib/openstack/lib/python3.10/site-packages/pycadf/identifier.py:71: UserWarning: Invalid uuid: neutron. To ensure interoperability, identifiers should be a valid uuid. warnings.warn(('Invalid uuid: %s. To ensure interoperability, '
2026-07-16 08:01:04.687 10 INFO neutron.wsgi [req-271a2cfb-f8a8-4ef6-92a9-626bac482552 req-d607b914-3c50-483c-bb3b-127b0aea1f09 68a1fad0c2e74ea09b00b841b554fa41 86d3f246390347cb94f2f2a33b2c70ec - - default default] 10.0.0.18 "GET /v2.0/ports?device_id=8f785923-4e00-4fb1-baa8-955408dcd8cb HTTP/1.1" status: 200 len: 1174 time: 0.1501372
2026-07-16 08:01:04.732 10 INFO neutron.wsgi [req-271a2cfb-f8a8-4ef6-92a9-626bac482552 req-713812f8-d65b-43d9-b40c-8028e63d6d6d 68a1fad0c2e74ea09b00b841b554fa41 86d3f246390347cb94f2f2a33b2c70ec - - default default] 10.0.0.18 "GET /v2.0/security-groups?id=960478b9-e0a0-4d3a-9374-8d760394fea7&fields=id&fields=name HTTP/1.1" status: 200 len: 313 time: 0.0390291
2026-07-16 08:01:04.922 9 INFO neutron.notifiers.nova [-] Nova event matching ['req-0969baf9-5dcf-43e7-b52f-5159a8e01ca2'] response: {'server_uuid': '8f785923-4e00-4fb1-baa8-955408dcd8cb', 'name': 'network-vif-plugged', 'status': 'completed', 'tag': 'b59c1fb3-18aa-44c2-aa99-c544dc4e226c', 'code': 200}
2026-07-16 08:01:04.923 9 INFO neutron.notifiers.nova [-] Nova event matching ['req-0969baf9-5dcf-43e7-b52f-5159a8e01ca2'] response: {'server_uuid': '8f785923-4e00-4fb1-baa8-955408dcd8cb', 'name': 'network-vif-plugged', 'status': 'completed', 'tag': 'b59c1fb3-18aa-44c2-aa99-c544dc4e226c', 'code': 200}
2026-07-16 08:01:05.103 10 INFO neutron.notifiers.nova [-] Nova event matching ['req-d59fb70c-de61-42ba-aa42-0de02e1af04b'] response: {'server_uuid': '6a164871-9fab-47b1-8c17-3dc7ea559030', 'name': 'network-vif-plugged', 'status': 'completed', 'tag': '21967958-b682-4c7e-8f6b-0d67d054f53f', 'code': 200}
2026-07-16 08:01:05.117 9 WARNING neutron.scheduler.dhcp_agent_scheduler [None req-606c728e-cba7-4774-989f-48ec2f0fe8eb 3c16e09ca97c48abbb60d81debe674d1 71de93269cbc4b9c918ca7e83e197a78 - - default default] No more DHCP agents
2026-07-16 08:01:05.119 9 WARNING neutron.api.rpc.agentnotifiers.dhcp_rpc_agent_api [None req-606c728e-cba7-4774-989f-48ec2f0fe8eb 3c16e09ca97c48abbb60d81debe674d1 71de93269cbc4b9c918ca7e83e197a78 - - default default] Unable to schedule network eb2eed8e-9f13-490c-9010-49ac32b30e05: no agents available; will retry on subsequent port and subnet creation events.
2026-07-16 08:01:05.302 10 INFO neutron.wsgi [req-fa9c9124-a7f2-4ad1-a310-249d4b038c01 req-6e98fd09-5ae9-4df9-927c-011a38d040bd 2b5308ae85fe4e2897ed0ecfb33b2351 756b1d200c164e34929a4596c3ccbd82 - - default default] 10.0.0.18 "GET /v2.0/ports?device_id=6a164871-9fab-47b1-8c17-3dc7ea559030 HTTP/1.1" status: 200 len: 1174 time: 0.0922878
2026-07-16 08:01:05.305 9 INFO neutron.db.ovn_revision_numbers_db [None req-606c728e-cba7-4774-989f-48ec2f0fe8eb 3c16e09ca97c48abbb60d81debe674d1 71de93269cbc4b9c918ca7e83e197a78 - - default default] Successfully bumped revision number for resource 1b6e8341-aca4-4499-93ad-295f5eab6031 (type: ports) to 1
2026-07-16 08:01:05.360 10 INFO neutron.wsgi [req-fa9c9124-a7f2-4ad1-a310-249d4b038c01 req-8c060529-038e-4c6c-a8f2-83ca961453f1 2b5308ae85fe4e2897ed0ecfb33b2351 756b1d200c164e34929a4596c3ccbd82 - - default default] 10.0.0.18 "GET /v2.0/security-groups?id=7221a57b-11df-4952-9d34-fa36961c01d2&fields=id&fields=name HTTP/1.1" status: 200 len: 313 time: 0.0500176
2026-07-16 08:01:05.490 10 INFO neutron.db.ovn_revision_numbers_db [None req-17c7e144-1d79-4bb1-8937-9f7f1922562f 3c16e09ca97c48abbb60d81debe674d1 71de93269cbc4b9c918ca7e83e197a78 - - default default] Successfully bumped revision number for resource d5e32baa-989d-4105-b5af-14beed1499d6 (type: security_groups) to 1
2026-07-16 08:01:05.496 10 INFO neutron.wsgi [req-9a5c6122-a604-4c4f-b715-be05075609df req-f509bb19-6d83-49d2-a882-a61272772010 2b5308ae85fe4e2897ed0ecfb33b2351 756b1d200c164e34929a4596c3ccbd82 - - default default] 10.0.0.18 "GET /v2.0/ports?device_id=6a164871-9fab-47b1-8c17-3dc7ea559030 HTTP/1.1" status: 200 len: 1174 time: 0.0567005
2026-07-16 08:01:05.507 10 INFO neutron.db.ovn_revision_numbers_db [None req-17c7e144-1d79-4bb1-8937-9f7f1922562f 3c16e09ca97c48abbb60d81debe674d1 71de93269cbc4b9c918ca7e83e197a78 - - default default] Successfully bumped revision number for resource 398016d8-fb7d-4563-99dd-b2a27a0cd07a (type: security_group_rules) to 0
2026-07-16 08:01:05.554 10 INFO neutron.db.ovn_revision_numbers_db [None req-17c7e144-1d79-4bb1-8937-9f7f1922562f 3c16e09ca97c48abbb60d81debe674d1 71de93269cbc4b9c918ca7e83e197a78 - - default default] Successfully bumped revision number for resource 522db62a-e2ef-4946-a79c-5e73443ac91a (type: security_group_rules) to 0
2026-07-16 08:01:05.584 10 INFO neutron.db.ovn_revision_numbers_db [None req-17c7e144-1d79-4bb1-8937-9f7f1922562f 3c16e09ca97c48abbb60d81debe674d1 71de93269cbc4b9c918ca7e83e197a78 - - default default] Successfully bumped revision number for resource 942835f5-c0e2-4e18-9ccb-706c80e9cc88 (type: security_group_rules) to 0
2026-07-16 08:01:05.631 10 INFO neutron.db.ovn_revision_numbers_db [None req-17c7e144-1d79-4bb1-8937-9f7f1922562f 3c16e09ca97c48abbb60d81debe674d1 71de93269cbc4b9c918ca7e83e197a78 - - default default] Successfully bumped revision number for resource afbfbaf8-0abf-45fe-b9d3-63140bd99c55 (type: security_group_rules) to 0
2026-07-16 08:01:05.681 10 INFO neutron.wsgi [None req-17c7e144-1d79-4bb1-8937-9f7f1922562f 3c16e09ca97c48abbb60d81debe674d1 71de93269cbc4b9c918ca7e83e197a78 - - default default] 10.0.0.144 "GET /v2.0/security-groups?tenant_id=bd1cdfc3423d443f8a3c58fc5e80425b&name=default HTTP/1.1" status: 200 len: 2996 time: 0.5206232
2026-07-16 08:01:05.981 10 INFO neutron.wsgi [req-d1ca3d97-b23a-48aa-93a4-2cd30d6d275a req-966f3a8a-c24a-423d-b2bf-626f0759e88a 68a1fad0c2e74ea09b00b841b554fa41 86d3f246390347cb94f2f2a33b2c70ec - - default default] 10.0.0.18 "GET /v2.0/ports?device_id=8f785923-4e00-4fb1-baa8-955408dcd8cb HTTP/1.1" status: 200 len: 1174 time: 0.0551353
2026-07-16 08:01:05.995 9 INFO neutron.wsgi [None req-90ac1bef-8ee0-4779-a313-736ca2bcdb24 3c16e09ca97c48abbb60d81debe674d1 71de93269cbc4b9c918ca7e83e197a78 - - default default] 10.0.0.144 "DELETE /v2.0/security-groups/d5e32baa-989d-4105-b5af-14beed1499d6 HTTP/1.1" status: 204 len: 168 time: 0.2904940
2026-07-16 08:01:06.034 9 INFO neutron.plugins.ml2.drivers.ovn.mech_driver.ovsdb.ovsdb_monitor [None req-cdf6c8a5-d0a0-4036-9ca1-5573bac1a875 - - - - - -] Router 908cc080-b4bd-4551-8fbb-35a869c37aa0 is bound to host instance
2026-07-16 08:01:06.040 10 INFO neutron.plugins.ml2.drivers.ovn.mech_driver.mech_driver [None req-1fed577b-fa7b-4690-8202-c757e3ffe61d - - - - - -] OVN reports status up for port: 1b6e8341-aca4-4499-93ad-295f5eab6031
2026-07-16 08:01:06.054 10 INFO neutron.plugins.ml2.plugin [None req-1fed577b-fa7b-4690-8202-c757e3ffe61d - - - - - -] Attempt 1 to provision port 1b6e8341-aca4-4499-93ad-295f5eab6031
2026-07-16 08:01:06.068 10 INFO neutron.db.l3_db [None req-ce037065-43da-44c1-979f-b527f7cc8a36 2b5308ae85fe4e2897ed0ecfb33b2351 756b1d200c164e34929a4596c3ccbd82 - - default default] Floating IP efb1128b-1d88-4720-bbe6-035d029fb6eb associated. External IP: 10.96.250.219, port: 21967958-b682-4c7e-8f6b-0d67d054f53f.
2026-07-16 08:01:06.069 9 INFO neutron.db.ovn_revision_numbers_db [None req-606c728e-cba7-4774-989f-48ec2f0fe8eb 3c16e09ca97c48abbb60d81debe674d1 71de93269cbc4b9c918ca7e83e197a78 - - default default] Successfully bumped revision number for resource 1b6e8341-aca4-4499-93ad-295f5eab6031 (type: router_ports) to 1
2026-07-16 08:01:06.072 10 INFO neutron.wsgi [req-d1ca3d97-b23a-48aa-93a4-2cd30d6d275a req-c49396ce-e5fa-4222-9b22-1071eb089a06 68a1fad0c2e74ea09b00b841b554fa41 86d3f246390347cb94f2f2a33b2c70ec - - default default] 10.0.0.18 "GET /v2.0/security-groups?id=960478b9-e0a0-4d3a-9374-8d760394fea7&fields=id&fields=name HTTP/1.1" status: 200 len: 313 time: 0.0822852
2026-07-16 08:01:06.194 10 INFO neutron.wsgi [req-14b10f2c-f51d-44a5-9b18-1efec16946d1 req-e8f02b0a-f6d9-4113-b9be-f99d3816f5ff 68a1fad0c2e74ea09b00b841b554fa41 86d3f246390347cb94f2f2a33b2c70ec - - default default] 10.0.0.18 "GET /v2.0/ports?device_id=8f785923-4e00-4fb1-baa8-955408dcd8cb HTTP/1.1" status: 200 len: 1174 time: 0.0541523
2026-07-16 08:01:06.356 9 INFO neutron.db.ovn_revision_numbers_db [None req-606c728e-cba7-4774-989f-48ec2f0fe8eb 3c16e09ca97c48abbb60d81debe674d1 71de93269cbc4b9c918ca7e83e197a78 - - default default] Successfully bumped revision number for resource 908cc080-b4bd-4551-8fbb-35a869c37aa0 (type: routers) to 2
2026-07-16 08:01:06.418 9 INFO neutron.wsgi [None req-606c728e-cba7-4774-989f-48ec2f0fe8eb 3c16e09ca97c48abbb60d81debe674d1 71de93269cbc4b9c918ca7e83e197a78 - - default default] 10.0.0.144 "POST /v2.0/routers HTTP/1.1" status: 201 len: 884 time: 1.7599714
2026-07-16 08:01:06.462 10 INFO neutron.db.ovn_revision_numbers_db [None req-ce037065-43da-44c1-979f-b527f7cc8a36 2b5308ae85fe4e2897ed0ecfb33b2351 756b1d200c164e34929a4596c3ccbd82 - - default default] Successfully bumped revision number for resource efb1128b-1d88-4720-bbe6-035d029fb6eb (type: floatingips) to 1
2026-07-16 08:01:06.513 9 INFO neutron.db.ovn_revision_numbers_db [None req-3ed975e8-97aa-4779-b040-1978317aaae3 3c16e09ca97c48abbb60d81debe674d1 71de93269cbc4b9c918ca7e83e197a78 - - default default] Successfully bumped revision number for resource f7d7c48b-6a31-4bb6-81a4-54f97d5eed69 (type: security_groups) to 1
2026-07-16 08:01:06.546 9 INFO neutron.db.ovn_revision_numbers_db [None req-3ed975e8-97aa-4779-b040-1978317aaae3 3c16e09ca97c48abbb60d81debe674d1 71de93269cbc4b9c918ca7e83e197a78 - - default default] Successfully bumped revision number for resource 2572063c-e0ec-4143-a3c7-09adb1189461 (type: security_group_rules) to 0
2026-07-16 08:01:06.589 9 INFO neutron.db.ovn_revision_numbers_db [None req-3ed975e8-97aa-4779-b040-1978317aaae3 3c16e09ca97c48abbb60d81debe674d1 71de93269cbc4b9c918ca7e83e197a78 - - default default] Successfully bumped revision number for resource 29eecc75-71f0-4e2b-9b58-43d23486068e (type: security_group_rules) to 0
2026-07-16 08:01:06.594 10 INFO neutron.db.l3_db [None req-356a6594-b0fc-4b6a-afae-c34285bb492c 68a1fad0c2e74ea09b00b841b554fa41 86d3f246390347cb94f2f2a33b2c70ec - - default default] Floating IP 516c69e2-966a-4a9b-bea7-bb8c39f0ce2c associated. External IP: 10.96.250.207, port: b59c1fb3-18aa-44c2-aa99-c544dc4e226c.
2026-07-16 08:01:06.604 9 INFO neutron.db.ovn_revision_numbers_db [None req-3ed975e8-97aa-4779-b040-1978317aaae3 3c16e09ca97c48abbb60d81debe674d1 71de93269cbc4b9c918ca7e83e197a78 - - default default] Successfully bumped revision number for resource 56f39c10-2bd7-4f1c-bb63-10dd6bfc28c1 (type: security_group_rules) to 0
2026-07-16 08:01:06.625 9 INFO neutron.db.ovn_revision_numbers_db [None req-3ed975e8-97aa-4779-b040-1978317aaae3 3c16e09ca97c48abbb60d81debe674d1 71de93269cbc4b9c918ca7e83e197a78 - - default default] Successfully bumped revision number for resource fffdf700-8ca2-4261-a466-e8289091f997 (type: security_group_rules) to 0
2026-07-16 08:01:06.652 9 INFO neutron.wsgi [None req-3ed975e8-97aa-4779-b040-1978317aaae3 3c16e09ca97c48abbb60d81debe674d1 71de93269cbc4b9c918ca7e83e197a78 - - default default] 10.0.0.144 "GET /v2.0/security-groups?tenant_id=0c144963ac884608b06b6de0cd92ca28&name=default HTTP/1.1" status: 200 len: 2996 time: 0.3582954 /var/lib/openstack/lib/python3.10/site-packages/pycadf/identifier.py:71: UserWarning: Invalid uuid: neutron. To ensure interoperability, identifiers should be a valid uuid. warnings.warn(('Invalid uuid: %s. To ensure interoperability, '
2026-07-16 08:01:06.837 9 INFO neutron.db.ovn_revision_numbers_db [None req-cdf6c8a5-d0a0-4036-9ca1-5573bac1a875 - - - - - -] Successfully bumped revision number for resource 1b6e8341-aca4-4499-93ad-295f5eab6031 (type: ports) to 1
2026-07-16 08:01:06.927 10 INFO neutron.db.ovn_revision_numbers_db [None req-ce037065-43da-44c1-979f-b527f7cc8a36 2b5308ae85fe4e2897ed0ecfb33b2351 756b1d200c164e34929a4596c3ccbd82 - - default default] Successfully bumped revision number for resource efb1128b-1d88-4720-bbe6-035d029fb6eb (type: floatingips) to 2
2026-07-16 08:01:06.966 10 INFO neutron.wsgi [None req-ce037065-43da-44c1-979f-b527f7cc8a36 2b5308ae85fe4e2897ed0ecfb33b2351 756b1d200c164e34929a4596c3ccbd82 - - default default] 10.0.0.144 "PUT /v2.0/floatingips/efb1128b-1d88-4720-bbe6-035d029fb6eb HTTP/1.1" status: 200 len: 1050 time: 1.4547465
2026-07-16 08:01:06.978 9 INFO neutron.wsgi [None req-fdc58d03-10e7-4226-a65c-b09fcbb7bab1 3c16e09ca97c48abbb60d81debe674d1 71de93269cbc4b9c918ca7e83e197a78 - - default default] 10.0.0.144 "DELETE /v2.0/security-groups/f7d7c48b-6a31-4bb6-81a4-54f97d5eed69 HTTP/1.1" status: 204 len: 168 time: 0.3183875
2026-07-16 08:01:07.066 10 INFO neutron.wsgi [req-938df5c8-b0e8-4a05-8eba-8e277f60df0a req-2f6c8765-ceeb-45dd-be98-46536ed4632c 2b5308ae85fe4e2897ed0ecfb33b2351 756b1d200c164e34929a4596c3ccbd82 - - default default] 10.0.0.18 "GET /v2.0/ports?device_id=6a164871-9fab-47b1-8c17-3dc7ea559030 HTTP/1.1" status: 200 len: 1174 time: 0.0586176
2026-07-16 08:01:07.103 10 INFO neutron.db.ovn_revision_numbers_db [None req-356a6594-b0fc-4b6a-afae-c34285bb492c 68a1fad0c2e74ea09b00b841b554fa41 86d3f246390347cb94f2f2a33b2c70ec - - default default] Successfully bumped revision number for resource 516c69e2-966a-4a9b-bea7-bb8c39f0ce2c (type: floatingips) to 1
2026-07-16 08:01:07.107 9 INFO neutron.db.ovn_revision_numbers_db [None req-cdf6c8a5-d0a0-4036-9ca1-5573bac1a875 - - - - - -] Successfully bumped revision number for resource 1b6e8341-aca4-4499-93ad-295f5eab6031 (type: router_ports) to 3
2026-07-16 08:01:07.162 10 INFO neutron.notifiers.nova [-] Nova event matching ['req-b2801082-a9f6-4643-bd7f-e058b304fe05'] response: {'name': 'network-changed', 'server_uuid': '6a164871-9fab-47b1-8c17-3dc7ea559030', 'tag': '21967958-b682-4c7e-8f6b-0d67d054f53f', 'status': 'completed', 'code': 200} /var/lib/openstack/lib/python3.10/site-packages/pycadf/identifier.py:71: UserWarning: Invalid uuid: neutron. To ensure interoperability, identifiers should be a valid uuid. warnings.warn(('Invalid uuid: %s. To ensure interoperability, '
2026-07-16 08:01:07.201 10 INFO neutron.wsgi [req-938df5c8-b0e8-4a05-8eba-8e277f60df0a req-57eeb32c-5710-4333-a496-7417021f0398 2b5308ae85fe4e2897ed0ecfb33b2351 756b1d200c164e34929a4596c3ccbd82 - - default default] 10.0.0.18 "GET /v2.0/security-groups?id=7221a57b-11df-4952-9d34-fa36961c01d2&fields=id&fields=name HTTP/1.1" status: 200 len: 313 time: 0.1201985
2026-07-16 08:01:07.234 9 INFO neutron.wsgi [req-8866c97f-c77c-48ba-a15a-e24c06aa564f req-74595eef-b726-42fb-98cf-4f1b1a2e9b5b 2a4125f0616a4005a9a212b780586efb 38193357b44b4330ab3845d1ccfc7347 - - 13524b305ef34f7ba15bc447ba9ff922 13524b305ef34f7ba15bc447ba9ff922] 199.204.45.4 "GET /v2.0/ports?tenant_id=756b1d200c164e34929a4596c3ccbd82&device_id=6a164871-9fab-47b1-8c17-3dc7ea559030 HTTP/1.1" status: 200 len: 1413 time: 0.0529470
2026-07-16 08:01:07.283 10 INFO neutron.db.ovn_revision_numbers_db [None req-356a6594-b0fc-4b6a-afae-c34285bb492c 68a1fad0c2e74ea09b00b841b554fa41 86d3f246390347cb94f2f2a33b2c70ec - - default default] Successfully bumped revision number for resource 516c69e2-966a-4a9b-bea7-bb8c39f0ce2c (type: floatingips) to 2
2026-07-16 08:01:07.319 10 INFO neutron.wsgi [None req-356a6594-b0fc-4b6a-afae-c34285bb492c 68a1fad0c2e74ea09b00b841b554fa41 86d3f246390347cb94f2f2a33b2c70ec - - default default] 10.0.0.144 "PUT /v2.0/floatingips/516c69e2-966a-4a9b-bea7-bb8c39f0ce2c HTTP/1.1" status: 200 len: 1050 time: 1.1130292
