2026-07-16 08:01:07.322 9 INFO neutron.wsgi [req-8866c97f-c77c-48ba-a15a-e24c06aa564f req-9d2578b7-3a55-41bb-9d94-20a63cac688e 2a4125f0616a4005a9a212b780586efb 38193357b44b4330ab3845d1ccfc7347 - - 13524b305ef34f7ba15bc447ba9ff922 13524b305ef34f7ba15bc447ba9ff922] 199.204.45.4 "GET /v2.0/networks?id=8b3ed1b7-8d3a-426e-84c5-0c18ad40ec8c HTTP/1.1" status: 200 len: 974 time: 0.0727181
2026-07-16 08:01:07.352 9 INFO neutron.db.ovn_revision_numbers_db [None req-cdf6c8a5-d0a0-4036-9ca1-5573bac1a875 - - - - - -] Successfully bumped revision number for resource 1b6e8341-aca4-4499-93ad-295f5eab6031 (type: ports) to 2
2026-07-16 08:01:07.354 10 WARNING neutron.scheduler.dhcp_agent_scheduler [None req-612ebed8-cf5a-4488-bb0f-8ef0e339c4de 3c16e09ca97c48abbb60d81debe674d1 71de93269cbc4b9c918ca7e83e197a78 - - default default] No more DHCP agents
2026-07-16 08:01:07.356 10 WARNING neutron.api.rpc.agentnotifiers.dhcp_rpc_agent_api [None req-612ebed8-cf5a-4488-bb0f-8ef0e339c4de 3c16e09ca97c48abbb60d81debe674d1 71de93269cbc4b9c918ca7e83e197a78 - - default default] Unable to schedule network d0f43adc-5d83-4c37-b75f-e52bf47f1f11: no agents available; will retry on subsequent port and subnet creation events.
2026-07-16 08:01:07.387 9 INFO neutron.wsgi [req-8866c97f-c77c-48ba-a15a-e24c06aa564f req-b1c60ded-6262-42d6-b8a5-182248d2fcce 2a4125f0616a4005a9a212b780586efb 38193357b44b4330ab3845d1ccfc7347 - - 13524b305ef34f7ba15bc447ba9ff922 13524b305ef34f7ba15bc447ba9ff922] 199.204.45.4 "GET /v2.0/floatingips?fixed_ip_address=10.100.0.11&port_id=21967958-b682-4c7e-8f6b-0d67d054f53f HTTP/1.1" status: 200 len: 1060 time: 0.0592172
2026-07-16 08:01:07.440 9 INFO neutron.wsgi [req-8866c97f-c77c-48ba-a15a-e24c06aa564f req-7e3a8c89-17ef-465c-a5b4-b8c03cff7e38 2a4125f0616a4005a9a212b780586efb 38193357b44b4330ab3845d1ccfc7347 - - 13524b305ef34f7ba15bc447ba9ff922 13524b305ef34f7ba15bc447ba9ff922] 199.204.45.4 "GET /v2.0/subnets?id=f0efe8d8-4a7f-43ec-9781-7e7c2cebad04 HTTP/1.1" status: 200 len: 869 time: 0.0432739
2026-07-16 08:01:07.472 9 INFO neutron.wsgi [req-8866c97f-c77c-48ba-a15a-e24c06aa564f req-7282711f-ca93-49f2-aa16-0ef23741f859 2a4125f0616a4005a9a212b780586efb 38193357b44b4330ab3845d1ccfc7347 - - 13524b305ef34f7ba15bc447ba9ff922 13524b305ef34f7ba15bc447ba9ff922] 199.204.45.4 "GET /v2.0/ports?network_id=8b3ed1b7-8d3a-426e-84c5-0c18ad40ec8c&device_owner=network%3Adhcp HTTP/1.1" status: 200 len: 210 time: 0.0257652
2026-07-16 08:01:07.532 10 INFO neutron.db.ovn_revision_numbers_db [None req-612ebed8-cf5a-4488-bb0f-8ef0e339c4de 3c16e09ca97c48abbb60d81debe674d1 71de93269cbc4b9c918ca7e83e197a78 - - default default] Successfully bumped revision number for resource 5a3ce347-068f-4bd5-a26a-7b114e7d5eff (type: ports) to 1
2026-07-16 08:01:07.564 9 INFO neutron.wsgi [req-8866c97f-c77c-48ba-a15a-e24c06aa564f req-663a7fbe-5b29-4015-bd0e-a36af99f89ab 2a4125f0616a4005a9a212b780586efb 38193357b44b4330ab3845d1ccfc7347 - - 13524b305ef34f7ba15bc447ba9ff922 13524b305ef34f7ba15bc447ba9ff922] 199.204.45.4 "GET /v2.0/networks/8b3ed1b7-8d3a-426e-84c5-0c18ad40ec8c?fields=segments HTTP/1.1" status: 200 len: 212 time: 0.0766230
2026-07-16 08:01:07.668 9 INFO neutron.wsgi [req-8866c97f-c77c-48ba-a15a-e24c06aa564f req-fd5d8558-bef4-4c1a-bf87-bf4b4e247a87 2a4125f0616a4005a9a212b780586efb 38193357b44b4330ab3845d1ccfc7347 - - 13524b305ef34f7ba15bc447ba9ff922 13524b305ef34f7ba15bc447ba9ff922] 199.204.45.4 "GET /v2.0/networks/8b3ed1b7-8d3a-426e-84c5-0c18ad40ec8c?fields=provider%3Aphysical_network&fields=provider%3Anetwork_type HTTP/1.1" status: 200 len: 277 time: 0.0895035
2026-07-16 08:01:07.674 10 INFO neutron.wsgi [req-15a1dd7a-fa57-47af-a41d-face13b06e0d req-9a521988-76ea-428e-9da8-6902a80be9dc 2b5308ae85fe4e2897ed0ecfb33b2351 756b1d200c164e34929a4596c3ccbd82 - - default default] 10.0.0.18 "GET /v2.0/ports?device_id=6a164871-9fab-47b1-8c17-3dc7ea559030 HTTP/1.1" status: 200 len: 1174 time: 0.0749052
2026-07-16 08:01:07.724 9 INFO neutron.db.ovn_revision_numbers_db [None req-cdf6c8a5-d0a0-4036-9ca1-5573bac1a875 - - - - - -] Successfully bumped revision number for resource 1b6e8341-aca4-4499-93ad-295f5eab6031 (type: ports) to 4
2026-07-16 08:01:07.757 10 INFO neutron.wsgi [req-15a1dd7a-fa57-47af-a41d-face13b06e0d req-60a30736-fe70-4bc1-8e3c-41f4329d7f2a 2b5308ae85fe4e2897ed0ecfb33b2351 756b1d200c164e34929a4596c3ccbd82 - - default default] 10.0.0.18 "GET /v2.0/security-groups?id=7221a57b-11df-4952-9d34-fa36961c01d2&fields=id&fields=name HTTP/1.1" status: 200 len: 313 time: 0.0737402
2026-07-16 08:01:08.089 9 INFO neutron.db.ovn_revision_numbers_db [None req-cdf6c8a5-d0a0-4036-9ca1-5573bac1a875 - - - - - -] Successfully bumped revision number for resource 1b6e8341-aca4-4499-93ad-295f5eab6031 (type: router_ports) to 4
2026-07-16 08:01:08.100 9 INFO neutron.wsgi [req-e890fe52-58eb-4deb-9019-19f41358910f req-ffe3eb3a-0370-43d6-b975-90045d4365ab 2b5308ae85fe4e2897ed0ecfb33b2351 756b1d200c164e34929a4596c3ccbd82 - - default default] 199.204.45.4 "GET /v2.0/ports?device_id=6a164871-9fab-47b1-8c17-3dc7ea559030 HTTP/1.1" status: 200 len: 1174 time: 0.1175017
2026-07-16 08:01:08.135 9 INFO neutron.plugins.ml2.drivers.ovn.mech_driver.mech_driver [None req-9922bd46-0a33-49c9-aed7-aec754b2273a - - - - - -] OVN reports status up for port: 5a3ce347-068f-4bd5-a26a-7b114e7d5eff
2026-07-16 08:01:08.152 10 INFO neutron.db.ovn_revision_numbers_db [None req-612ebed8-cf5a-4488-bb0f-8ef0e339c4de 3c16e09ca97c48abbb60d81debe674d1 71de93269cbc4b9c918ca7e83e197a78 - - default default] Successfully bumped revision number for resource 5a3ce347-068f-4bd5-a26a-7b114e7d5eff (type: router_ports) to 1
2026-07-16 08:01:08.163 9 INFO neutron.plugins.ml2.plugin [None req-9922bd46-0a33-49c9-aed7-aec754b2273a - - - - - -] Attempt 1 to provision port 5a3ce347-068f-4bd5-a26a-7b114e7d5eff
2026-07-16 08:01:08.306 10 INFO neutron.db.ovn_revision_numbers_db [None req-612ebed8-cf5a-4488-bb0f-8ef0e339c4de 3c16e09ca97c48abbb60d81debe674d1 71de93269cbc4b9c918ca7e83e197a78 - - default default] Successfully bumped revision number for resource 5a3ce347-068f-4bd5-a26a-7b114e7d5eff (type: ports) to 1
2026-07-16 08:01:08.373 10 INFO neutron.plugins.ml2.drivers.ovn.mech_driver.mech_driver [None req-1fed577b-fa7b-4690-8202-c757e3ffe61d - - - - - -] OVN reports status down for port: 21967958-b682-4c7e-8f6b-0d67d054f53f
2026-07-16 08:01:08.392 10 WARNING neutron.scheduler.dhcp_agent_scheduler [None req-612ebed8-cf5a-4488-bb0f-8ef0e339c4de 3c16e09ca97c48abbb60d81debe674d1 71de93269cbc4b9c918ca7e83e197a78 - - default default] No more DHCP agents
2026-07-16 08:01:08.394 10 WARNING neutron.api.rpc.agentnotifiers.dhcp_rpc_agent_api [None req-612ebed8-cf5a-4488-bb0f-8ef0e339c4de 3c16e09ca97c48abbb60d81debe674d1 71de93269cbc4b9c918ca7e83e197a78 - - default default] Unable to schedule network d0f43adc-5d83-4c37-b75f-e52bf47f1f11: no agents available; will retry on subsequent port and subnet creation events.
2026-07-16 08:01:08.721 9 INFO neutron.db.l3_db [req-e890fe52-58eb-4deb-9019-19f41358910f req-e1c762b6-6546-499c-b7d6-f8be9ddd6f00 2b5308ae85fe4e2897ed0ecfb33b2351 756b1d200c164e34929a4596c3ccbd82 - - default default] Floating IP efb1128b-1d88-4720-bbe6-035d029fb6eb disassociated. External IP: 10.96.250.219, port: 21967958-b682-4c7e-8f6b-0d67d054f53f.
2026-07-16 08:01:08.739 10 INFO neutron.db.ovn_revision_numbers_db [None req-1fed577b-fa7b-4690-8202-c757e3ffe61d - - - - - -] Successfully bumped revision number for resource 21967958-b682-4c7e-8f6b-0d67d054f53f (type: ports) to 5
2026-07-16 08:01:08.801 9 INFO neutron.db.ovn_revision_numbers_db [None req-9922bd46-0a33-49c9-aed7-aec754b2273a - - - - - -] Successfully bumped revision number for resource 5a3ce347-068f-4bd5-a26a-7b114e7d5eff (type: ports) to 2 /var/lib/openstack/lib/python3.10/site-packages/pycadf/identifier.py:71: UserWarning: Invalid uuid: neutron. To ensure interoperability, identifiers should be a valid uuid. warnings.warn(('Invalid uuid: %s. To ensure interoperability, '
2026-07-16 08:01:08.870 10 INFO neutron.wsgi [req-b84d5e85-9b3d-4980-a3c8-44da45efb4fd req-60925654-0ef3-4a41-932a-b9965348c6b4 2b5308ae85fe4e2897ed0ecfb33b2351 756b1d200c164e34929a4596c3ccbd82 - - default default] 10.0.0.18 "GET /v2.0/ports?device_id=6a164871-9fab-47b1-8c17-3dc7ea559030 HTTP/1.1" status: 200 len: 1172 time: 0.0417011
2026-07-16 08:01:08.905 9 INFO neutron.db.ovn_revision_numbers_db [None req-9922bd46-0a33-49c9-aed7-aec754b2273a - - - - - -] Successfully bumped revision number for resource 5a3ce347-068f-4bd5-a26a-7b114e7d5eff (type: router_ports) to 2
2026-07-16 08:01:08.929 10 INFO neutron.wsgi [req-b84d5e85-9b3d-4980-a3c8-44da45efb4fd req-bf2f07b2-27de-434f-b622-e26ebd9163ff 2b5308ae85fe4e2897ed0ecfb33b2351 756b1d200c164e34929a4596c3ccbd82 - - default default] 10.0.0.18 "GET /v2.0/security-groups?id=7221a57b-11df-4952-9d34-fa36961c01d2&fields=id&fields=name HTTP/1.1" status: 200 len: 313 time: 0.0479245
2026-07-16 08:01:08.953 9 INFO neutron.wsgi [req-e890fe52-58eb-4deb-9019-19f41358910f req-e1c762b6-6546-499c-b7d6-f8be9ddd6f00 2b5308ae85fe4e2897ed0ecfb33b2351 756b1d200c164e34929a4596c3ccbd82 - - default default] 199.204.45.4 "DELETE /v2.0/ports/21967958-b682-4c7e-8f6b-0d67d054f53f HTTP/1.1" status: 204 len: 173 time: 0.8473349
2026-07-16 08:01:08.986 9 INFO neutron.notifiers.nova [-] Nova event matching ['req-878dca84-5617-4cbe-869b-351ea0001fe3'] response: {'server_uuid': '6a164871-9fab-47b1-8c17-3dc7ea559030', 'name': 'network-vif-deleted', 'tag': '21967958-b682-4c7e-8f6b-0d67d054f53f', 'status': 'completed', 'code': 200}
2026-07-16 08:01:09.174 10 INFO neutron.db.ovn_revision_numbers_db [None req-612ebed8-cf5a-4488-bb0f-8ef0e339c4de 3c16e09ca97c48abbb60d81debe674d1 71de93269cbc4b9c918ca7e83e197a78 - - default default] Successfully bumped revision number for resource 5a3ce347-068f-4bd5-a26a-7b114e7d5eff (type: router_ports) to 2
2026-07-16 08:01:09.176 10 INFO neutron.wsgi [None req-612ebed8-cf5a-4488-bb0f-8ef0e339c4de 3c16e09ca97c48abbb60d81debe674d1 71de93269cbc4b9c918ca7e83e197a78 - - default default] 10.0.0.144 "PUT /v2.0/routers/908cc080-b4bd-4551-8fbb-35a869c37aa0/add_router_interface HTTP/1.1" status: 200 len: 503 time: 2.7500196
2026-07-16 08:01:09.205 10 INFO neutron.notifiers.nova [-] Nova event matching ['req-609dd9c3-d59f-4d70-ae33-85a9e779ab32'] response: {'name': 'network-changed', 'server_uuid': '8f785923-4e00-4fb1-baa8-955408dcd8cb', 'tag': 'b59c1fb3-18aa-44c2-aa99-c544dc4e226c', 'status': 'completed', 'code': 200}
2026-07-16 08:01:09.205 10 INFO neutron.notifiers.nova [-] Nova event matching ['req-609dd9c3-d59f-4d70-ae33-85a9e779ab32'] response: {'server_uuid': '6a164871-9fab-47b1-8c17-3dc7ea559030', 'name': 'network-vif-unplugged', 'status': 'completed', 'tag': '21967958-b682-4c7e-8f6b-0d67d054f53f', 'code': 200}
2026-07-16 08:01:09.205 10 INFO neutron.notifiers.nova [-] Nova event matching ['req-609dd9c3-d59f-4d70-ae33-85a9e779ab32'] response: {'server_uuid': '6a164871-9fab-47b1-8c17-3dc7ea559030', 'name': 'network-vif-plugged', 'status': 'completed', 'tag': '21967958-b682-4c7e-8f6b-0d67d054f53f', 'code': 200}
2026-07-16 08:01:09.274 9 INFO neutron.wsgi [req-76b86518-abe1-4788-bcd5-da41a5adebb8 req-3ed8b4ca-d4c3-4f49-8c7f-305dd21cb0b0 2a4125f0616a4005a9a212b780586efb 38193357b44b4330ab3845d1ccfc7347 - - 13524b305ef34f7ba15bc447ba9ff922 13524b305ef34f7ba15bc447ba9ff922] 199.204.45.4 "GET /v2.0/ports?tenant_id=86d3f246390347cb94f2f2a33b2c70ec&device_id=8f785923-4e00-4fb1-baa8-955408dcd8cb HTTP/1.1" status: 200 len: 1413 time: 0.0445697
2026-07-16 08:01:09.344 9 INFO neutron.wsgi [req-76b86518-abe1-4788-bcd5-da41a5adebb8 req-b9e02353-dd49-4cb1-a8b9-1fbf0cf88f1a 2a4125f0616a4005a9a212b780586efb 38193357b44b4330ab3845d1ccfc7347 - - 13524b305ef34f7ba15bc447ba9ff922 13524b305ef34f7ba15bc447ba9ff922] 199.204.45.4 "GET /v2.0/networks?id=69a4a399-a3a2-4763-8cc0-171bf99865c3 HTTP/1.1" status: 200 len: 974 time: 0.0644155
2026-07-16 08:01:09.402 9 INFO neutron.wsgi [req-76b86518-abe1-4788-bcd5-da41a5adebb8 req-12df9d8c-c241-4be3-9423-52f3fb8c14ed 2a4125f0616a4005a9a212b780586efb 38193357b44b4330ab3845d1ccfc7347 - - 13524b305ef34f7ba15bc447ba9ff922 13524b305ef34f7ba15bc447ba9ff922] 199.204.45.4 "GET /v2.0/floatingips?fixed_ip_address=10.100.0.11&port_id=b59c1fb3-18aa-44c2-aa99-c544dc4e226c HTTP/1.1" status: 200 len: 1060 time: 0.0501411
2026-07-16 08:01:09.459 9 INFO neutron.wsgi [req-76b86518-abe1-4788-bcd5-da41a5adebb8 req-ff0916a5-25a6-4324-8750-cbab89fea7b4 2a4125f0616a4005a9a212b780586efb 38193357b44b4330ab3845d1ccfc7347 - - 13524b305ef34f7ba15bc447ba9ff922 13524b305ef34f7ba15bc447ba9ff922] 199.204.45.4 "GET /v2.0/subnets?id=b8942927-a219-40fd-a6bf-28642fe4fc57 HTTP/1.1" status: 200 len: 869 time: 0.0483446
2026-07-16 08:01:09.487 9 INFO neutron.wsgi [req-76b86518-abe1-4788-bcd5-da41a5adebb8 req-2a407d10-4f0e-4ac3-ad10-0e44b8910883 2a4125f0616a4005a9a212b780586efb 38193357b44b4330ab3845d1ccfc7347 - - 13524b305ef34f7ba15bc447ba9ff922 13524b305ef34f7ba15bc447ba9ff922] 199.204.45.4 "GET /v2.0/ports?network_id=69a4a399-a3a2-4763-8cc0-171bf99865c3&device_owner=network%3Adhcp HTTP/1.1" status: 200 len: 210 time: 0.0227566
2026-07-16 08:01:09.553 9 INFO neutron.wsgi [req-76b86518-abe1-4788-bcd5-da41a5adebb8 req-dad2b8a3-d014-4ad0-9e12-afd0c106d067 2a4125f0616a4005a9a212b780586efb 38193357b44b4330ab3845d1ccfc7347 - - 13524b305ef34f7ba15bc447ba9ff922 13524b305ef34f7ba15bc447ba9ff922] 199.204.45.4 "GET /v2.0/networks/69a4a399-a3a2-4763-8cc0-171bf99865c3?fields=segments HTTP/1.1" status: 200 len: 212 time: 0.0611463
2026-07-16 08:01:09.662 9 INFO neutron.wsgi [req-76b86518-abe1-4788-bcd5-da41a5adebb8 req-f87f46fd-23c1-4732-bac4-f9875d959e14 2a4125f0616a4005a9a212b780586efb 38193357b44b4330ab3845d1ccfc7347 - - 13524b305ef34f7ba15bc447ba9ff922 13524b305ef34f7ba15bc447ba9ff922] 199.204.45.4 "GET /v2.0/networks/69a4a399-a3a2-4763-8cc0-171bf99865c3?fields=provider%3Aphysical_network&fields=provider%3Anetwork_type HTTP/1.1" status: 200 len: 277 time: 0.1015532
2026-07-16 08:01:09.903 10 WARNING neutron_lib.context [None req-d50dc0f8-20e7-4a91-bfc7-3e8daba6ba60 237829f65f564021958d32bd09480978 4bbb26d130ba4589b5ac0a214a38c330 - - default default] Method 'is_advsvc' is deprecated since 2023.2 release (neutron-lib 3.8.0) and will be removed once support for the old RBAC API policies will be removed from Neutron. Please use method 'is_service_role' instead.
2026-07-16 08:01:09.995 10 INFO neutron.db.ovn_revision_numbers_db [None req-d50dc0f8-20e7-4a91-bfc7-3e8daba6ba60 237829f65f564021958d32bd09480978 4bbb26d130ba4589b5ac0a214a38c330 - - default default] Successfully bumped revision number for resource ec82be2d-ae63-4333-862d-f603f4a8b218 (type: security_groups) to 1
2026-07-16 08:01:10.009 10 INFO neutron.db.ovn_revision_numbers_db [None req-d50dc0f8-20e7-4a91-bfc7-3e8daba6ba60 237829f65f564021958d32bd09480978 4bbb26d130ba4589b5ac0a214a38c330 - - default default] Successfully bumped revision number for resource 027a20a2-80ca-43e5-89e3-b905c12cb31d (type: security_group_rules) to 0
2026-07-16 08:01:10.025 10 INFO neutron.db.ovn_revision_numbers_db [None req-d50dc0f8-20e7-4a91-bfc7-3e8daba6ba60 237829f65f564021958d32bd09480978 4bbb26d130ba4589b5ac0a214a38c330 - - default default] Successfully bumped revision number for resource c78bc65f-4c44-4de7-ba14-a0f58750c509 (type: security_group_rules) to 0
2026-07-16 08:01:10.046 10 INFO neutron.wsgi [None req-d50dc0f8-20e7-4a91-bfc7-3e8daba6ba60 237829f65f564021958d32bd09480978 4bbb26d130ba4589b5ac0a214a38c330 - - default default] 10.0.0.144 "POST /v2.0/security-groups HTTP/1.1" status: 201 len: 1796 time: 0.1504288
2026-07-16 08:01:10.055 10 WARNING neutron_lib.context [None req-e001a2f8-6f43-4aa6-9eb3-ad6f9c539946 237829f65f564021958d32bd09480978 4bbb26d130ba4589b5ac0a214a38c330 - - default default] Method 'is_advsvc' is deprecated since 2023.2 release (neutron-lib 3.8.0) and will be removed once support for the old RBAC API policies will be removed from Neutron. Please use method 'is_service_role' instead.
2026-07-16 08:01:10.151 9 INFO neutron.wsgi [None req-f3e42ba6-7c22-4c7b-bd06-8ec85ea2f696 2b5308ae85fe4e2897ed0ecfb33b2351 756b1d200c164e34929a4596c3ccbd82 - - default default] 10.0.0.144 "DELETE /v2.0/security-groups/7221a57b-11df-4952-9d34-fa36961c01d2 HTTP/1.1" status: 204 len: 168 time: 0.1293507
2026-07-16 08:01:10.165 9 INFO neutron.api.v2.resource [None req-50403439-d3aa-42bb-9eb5-58d88a7e6b21 2b5308ae85fe4e2897ed0ecfb33b2351 756b1d200c164e34929a4596c3ccbd82 - - default default] show failed (client error): The resource could not be found.
2026-07-16 08:01:10.166 9 INFO neutron.wsgi [None req-50403439-d3aa-42bb-9eb5-58d88a7e6b21 2b5308ae85fe4e2897ed0ecfb33b2351 756b1d200c164e34929a4596c3ccbd82 - - default default] 10.0.0.144 "GET /v2.0/security-groups/7221a57b-11df-4952-9d34-fa36961c01d2 HTTP/1.1" status: 404 len: 347 time: 0.0105109
2026-07-16 08:01:10.185 10 INFO neutron.db.ovn_revision_numbers_db [None req-e001a2f8-6f43-4aa6-9eb3-ad6f9c539946 237829f65f564021958d32bd09480978 4bbb26d130ba4589b5ac0a214a38c330 - - default default] Successfully bumped revision number for resource b6cfa816-3859-4af7-9b5a-361e3ff6cea1 (type: security_group_rules) to 0
2026-07-16 08:01:10.211 10 INFO neutron.wsgi [None req-e001a2f8-6f43-4aa6-9eb3-ad6f9c539946 237829f65f564021958d32bd09480978 4bbb26d130ba4589b5ac0a214a38c330 - - default default] 10.0.0.144 "POST /v2.0/security-group-rules HTTP/1.1" status: 201 len: 764 time: 0.1601474
2026-07-16 08:01:10.222 10 WARNING neutron_lib.context [None req-6db50199-5c0c-4d1d-8646-72191130f7ac 237829f65f564021958d32bd09480978 4bbb26d130ba4589b5ac0a214a38c330 - - default default] Method 'is_advsvc' is deprecated since 2023.2 release (neutron-lib 3.8.0) and will be removed once support for the old RBAC API policies will be removed from Neutron. Please use method 'is_service_role' instead.
2026-07-16 08:01:10.327 10 INFO neutron.db.ovn_revision_numbers_db [None req-6db50199-5c0c-4d1d-8646-72191130f7ac 237829f65f564021958d32bd09480978 4bbb26d130ba4589b5ac0a214a38c330 - - default default] Successfully bumped revision number for resource fac6da06-c137-4592-acf8-7f0dd11c4e37 (type: security_group_rules) to 0
2026-07-16 08:01:10.349 10 INFO neutron.wsgi [None req-6db50199-5c0c-4d1d-8646-72191130f7ac 237829f65f564021958d32bd09480978 4bbb26d130ba4589b5ac0a214a38c330 - - default default] 10.0.0.144 "POST /v2.0/security-group-rules HTTP/1.1" status: 201 len: 769 time: 0.1328461
2026-07-16 08:01:10.361 9 WARNING neutron_lib.context [None req-5d9025ed-3589-445c-95b3-cbb8954c66d8 237829f65f564021958d32bd09480978 4bbb26d130ba4589b5ac0a214a38c330 - - default default] Method 'is_advsvc' is deprecated since 2023.2 release (neutron-lib 3.8.0) and will be removed once support for the old RBAC API policies will be removed from Neutron. Please use method 'is_service_role' instead.
2026-07-16 08:01:10.553 9 INFO neutron.wsgi [None req-71874e5d-6573-48af-a9dd-3bc0f9d9010b 2b5308ae85fe4e2897ed0ecfb33b2351 756b1d200c164e34929a4596c3ccbd82 - - default default] 10.0.0.144 "DELETE /v2.0/floatingips/efb1128b-1d88-4720-bbe6-035d029fb6eb HTTP/1.1" status: 204 len: 168 time: 0.3813207
2026-07-16 08:01:10.660 9 WARNING neutron.scheduler.dhcp_agent_scheduler [None req-5d9025ed-3589-445c-95b3-cbb8954c66d8 237829f65f564021958d32bd09480978 4bbb26d130ba4589b5ac0a214a38c330 - - default default] No more DHCP agents
2026-07-16 08:01:10.664 9 WARNING neutron.api.rpc.agentnotifiers.dhcp_rpc_agent_api [None req-5d9025ed-3589-445c-95b3-cbb8954c66d8 237829f65f564021958d32bd09480978 4bbb26d130ba4589b5ac0a214a38c330 - - default default] Unable to schedule network eb2eed8e-9f13-490c-9010-49ac32b30e05: no agents available; will retry on subsequent port and subnet creation events.
2026-07-16 08:01:11.002 9 INFO neutron.db.ovn_revision_numbers_db [None req-5d9025ed-3589-445c-95b3-cbb8954c66d8 237829f65f564021958d32bd09480978 4bbb26d130ba4589b5ac0a214a38c330 - - default default] Successfully bumped revision number for resource e7539558-fc75-4acf-8131-ab5f550c989e (type: floatingips) to 0
2026-07-16 08:01:11.019 9 INFO neutron.wsgi [None req-5d9025ed-3589-445c-95b3-cbb8954c66d8 237829f65f564021958d32bd09480978 4bbb26d130ba4589b5ac0a214a38c330 - - default default] 10.0.0.144 "POST /v2.0/floatingips HTTP/1.1" status: 201 len: 751 time: 0.6638372
2026-07-16 08:01:11.309 10 INFO neutron.db.ovn_revision_numbers_db [None req-4a7ef202-b303-49ea-90f0-371111e49cec 3c16e09ca97c48abbb60d81debe674d1 71de93269cbc4b9c918ca7e83e197a78 - - default default] Successfully bumped revision number for resource d8717613-d30f-436f-8516-f5771e7c4a6e (type: security_groups) to 1
2026-07-16 08:01:11.326 10 INFO neutron.db.ovn_revision_numbers_db [None req-4a7ef202-b303-49ea-90f0-371111e49cec 3c16e09ca97c48abbb60d81debe674d1 71de93269cbc4b9c918ca7e83e197a78 - - default default] Successfully bumped revision number for resource 1c0e5ffc-ae9c-4216-93c2-75b2d726660c (type: security_group_rules) to 0
2026-07-16 08:01:11.345 10 INFO neutron.db.ovn_revision_numbers_db [None req-4a7ef202-b303-49ea-90f0-371111e49cec 3c16e09ca97c48abbb60d81debe674d1 71de93269cbc4b9c918ca7e83e197a78 - - default default] Successfully bumped revision number for resource 4cab914c-0e69-4347-abf9-e96e4652ff32 (type: security_group_rules) to 0
2026-07-16 08:01:11.362 10 INFO neutron.db.ovn_revision_numbers_db [None req-4a7ef202-b303-49ea-90f0-371111e49cec 3c16e09ca97c48abbb60d81debe674d1 71de93269cbc4b9c918ca7e83e197a78 - - default default] Successfully bumped revision number for resource 525fb6f0-4c33-43cd-82f7-5f69e0a4f2e7 (type: security_group_rules) to 0
2026-07-16 08:01:11.391 10 INFO neutron.db.ovn_revision_numbers_db [None req-4a7ef202-b303-49ea-90f0-371111e49cec 3c16e09ca97c48abbb60d81debe674d1 71de93269cbc4b9c918ca7e83e197a78 - - default default] Successfully bumped revision number for resource ce7a716d-a0da-4afc-a4fe-2f13af0f04a9 (type: security_group_rules) to 0
2026-07-16 08:01:11.439 10 INFO neutron.wsgi [None req-4a7ef202-b303-49ea-90f0-371111e49cec 3c16e09ca97c48abbb60d81debe674d1 71de93269cbc4b9c918ca7e83e197a78 - - default default] 10.0.0.144 "GET /v2.0/security-groups?tenant_id=e7017dabee64472fafcd416cd7d29185&name=default HTTP/1.1" status: 200 len: 2996 time: 0.6700697
2026-07-16 08:01:11.518 10 INFO neutron.wsgi [req-1f77ed1a-e46b-44df-aec5-5efcad4a7d86 req-302960d8-1182-46a8-90b2-2b874db62426 237829f65f564021958d32bd09480978 4bbb26d130ba4589b5ac0a214a38c330 - - default default] 10.0.0.18 "GET /v2.0/security-groups?name=tempest-securitygroup--650072887&fields=id&tenant_id=4bbb26d130ba4589b5ac0a214a38c330 HTTP/1.1" status: 200 len: 267 time: 0.0594122
2026-07-16 08:01:11.610 10 INFO neutron.wsgi [req-1f77ed1a-e46b-44df-aec5-5efcad4a7d86 req-8072ccf3-4f02-45e7-837e-2cb44b230bff 237829f65f564021958d32bd09480978 4bbb26d130ba4589b5ac0a214a38c330 - - default default] 10.0.0.18 "GET /v2.0/networks?id=d0f43adc-5d83-4c37-b75f-e52bf47f1f11 HTTP/1.1" status: 200 len: 882 time: 0.0856874
2026-07-16 08:01:11.632 10 INFO neutron.wsgi [req-1f77ed1a-e46b-44df-aec5-5efcad4a7d86 req-0f318117-c79e-4ab8-9c17-ea30c5c24c6c 237829f65f564021958d32bd09480978 4bbb26d130ba4589b5ac0a214a38c330 - - default default] 10.0.0.18 "GET /v2.0/quotas/4bbb26d130ba4589b5ac0a214a38c330 HTTP/1.1" status: 200 len: 386 time: 0.0165751
2026-07-16 08:01:11.654 9 INFO neutron.wsgi [None req-6399478e-af8d-4661-8610-65510e63b687 3c16e09ca97c48abbb60d81debe674d1 71de93269cbc4b9c918ca7e83e197a78 - - default default] 10.0.0.144 "DELETE /v2.0/security-groups/d8717613-d30f-436f-8516-f5771e7c4a6e HTTP/1.1" status: 204 len: 168 time: 0.2093711
2026-07-16 08:01:11.755 10 INFO neutron.wsgi [req-1f77ed1a-e46b-44df-aec5-5efcad4a7d86 req-2cc0bbbb-de7d-4022-98b6-6d6fe2bab2cd 237829f65f564021958d32bd09480978 4bbb26d130ba4589b5ac0a214a38c330 - - default default] 10.0.0.18 "GET /v2.0/ports?tenant_id=4bbb26d130ba4589b5ac0a214a38c330&fields=id HTTP/1.1" status: 200 len: 302 time: 0.1142416
2026-07-16 08:01:11.848 10 INFO neutron.wsgi [req-1f77ed1a-e46b-44df-aec5-5efcad4a7d86 req-e35eb647-754e-477e-8ee3-82752ffe348d 2a4125f0616a4005a9a212b780586efb 38193357b44b4330ab3845d1ccfc7347 - - 13524b305ef34f7ba15bc447ba9ff922 13524b305ef34f7ba15bc447ba9ff922] 10.0.0.18 "GET /v2.0/networks/d0f43adc-5d83-4c37-b75f-e52bf47f1f11?fields=segments HTTP/1.1" status: 200 len: 212 time: 0.0801425
2026-07-16 08:01:11.882 9 INFO neutron.wsgi [-] 10.0.0.160 "GET / HTTP/1.1" status: 200 len: 246 time: 0.0013061
2026-07-16 08:01:11.884 9 INFO neutron.wsgi [-] 10.0.0.160 "GET / HTTP/1.1" status: 200 len: 246 time: 0.0010080
2026-07-16 08:01:11.884 9 INFO neutron.db.ovn_revision_numbers_db [None req-94bfad76-4824-47aa-82d4-116825e6c57a 3c16e09ca97c48abbb60d81debe674d1 71de93269cbc4b9c918ca7e83e197a78 - - default default] Successfully bumped revision number for resource 07dcf00d-597b-4a14-a454-b5e137b22475 (type: security_groups) to 1
2026-07-16 08:01:11.900 9 INFO neutron.db.ovn_revision_numbers_db [None req-94bfad76-4824-47aa-82d4-116825e6c57a 3c16e09ca97c48abbb60d81debe674d1 71de93269cbc4b9c918ca7e83e197a78 - - default default] Successfully bumped revision number for resource 331dace6-88d4-487c-8f94-e6ea18d5e652 (type: security_group_rules) to 0
2026-07-16 08:01:11.915 9 INFO neutron.db.ovn_revision_numbers_db [None req-94bfad76-4824-47aa-82d4-116825e6c57a 3c16e09ca97c48abbb60d81debe674d1 71de93269cbc4b9c918ca7e83e197a78 - - default default] Successfully bumped revision number for resource 4be23087-490c-4bff-8ab7-6146d72cb629 (type: security_group_rules) to 0
2026-07-16 08:01:11.925 9 INFO neutron.db.ovn_revision_numbers_db [None req-94bfad76-4824-47aa-82d4-116825e6c57a 3c16e09ca97c48abbb60d81debe674d1 71de93269cbc4b9c918ca7e83e197a78 - - default default] Successfully bumped revision number for resource a1614926-9e76-423c-8724-7298d7b18000 (type: security_group_rules) to 0
2026-07-16 08:01:11.935 10 INFO neutron.wsgi [req-1f77ed1a-e46b-44df-aec5-5efcad4a7d86 req-7ec145e9-24f9-46c7-95e0-0e49d5c696ca 2a4125f0616a4005a9a212b780586efb 38193357b44b4330ab3845d1ccfc7347 - - 13524b305ef34f7ba15bc447ba9ff922 13524b305ef34f7ba15bc447ba9ff922] 10.0.0.18 "GET /v2.0/networks/d0f43adc-5d83-4c37-b75f-e52bf47f1f11?fields=provider%3Aphysical_network&fields=provider%3Anetwork_type HTTP/1.1" status: 200 len: 277 time: 0.0769522
2026-07-16 08:01:11.939 9 INFO neutron.db.ovn_revision_numbers_db [None req-94bfad76-4824-47aa-82d4-116825e6c57a 3c16e09ca97c48abbb60d81debe674d1 71de93269cbc4b9c918ca7e83e197a78 - - default default] Successfully bumped revision number for resource fa63de73-2e45-4910-88ad-970dc33758fb (type: security_group_rules) to 0
2026-07-16 08:01:11.965 9 INFO neutron.wsgi [None req-94bfad76-4824-47aa-82d4-116825e6c57a 3c16e09ca97c48abbb60d81debe674d1 71de93269cbc4b9c918ca7e83e197a78 - - default default] 10.0.0.144 "GET /v2.0/security-groups?tenant_id=e6a19ac439424387a9170abd270d4a99&name=default HTTP/1.1" status: 200 len: 2996 time: 0.1901989
2026-07-16 08:01:12.142 10 INFO neutron.wsgi [req-bbd93a92-b7de-4415-8b98-83f2587138ee req-15baf30d-7d02-4393-ab31-1d4ed709e117 237829f65f564021958d32bd09480978 4bbb26d130ba4589b5ac0a214a38c330 - - default default] 10.0.0.18 "GET /v2.0/ports?device_id=2a73976b-bd75-45b1-a719-4701691ddcff HTTP/1.1" status: 200 len: 210 time: 0.0505893
2026-07-16 08:01:12.150 10 INFO neutron.wsgi [None req-55d9ac47-9c2f-443f-955d-a2c89cf93bef 3c16e09ca97c48abbb60d81debe674d1 71de93269cbc4b9c918ca7e83e197a78 - - default default] 10.0.0.144 "PUT /v2.0/routers/020b3eb2-eca6-4800-bdb8-2abdf54da3fc/remove_router_interface HTTP/1.1" status: 200 len: 503 time: 1.5922756 /var/lib/openstack/lib/python3.10/site-packages/pycadf/identifier.py:71: UserWarning: Invalid uuid: neutron. To ensure interoperability, identifiers should be a valid uuid. warnings.warn(('Invalid uuid: %s. To ensure interoperability, '
2026-07-16 08:01:12.187 9 INFO neutron.wsgi [None req-a62a978a-6713-4869-9762-5a02f47cdd19 3c16e09ca97c48abbb60d81debe674d1 71de93269cbc4b9c918ca7e83e197a78 - - default default] 10.0.0.144 "DELETE /v2.0/security-groups/07dcf00d-597b-4a14-a454-b5e137b22475 HTTP/1.1" status: 204 len: 168 time: 0.2167025
2026-07-16 08:01:12.906 9 INFO neutron.wsgi [req-1f77ed1a-e46b-44df-aec5-5efcad4a7d86 req-4c8d45ef-06df-475e-9f36-f2f5b24628c1 237829f65f564021958d32bd09480978 4bbb26d130ba4589b5ac0a214a38c330 - - default default] 199.204.45.4 "GET /v2.0/networks?id=d0f43adc-5d83-4c37-b75f-e52bf47f1f11 HTTP/1.1" status: 200 len: 882 time: 0.0705729
2026-07-16 08:01:12.973 9 INFO neutron.wsgi [req-1f77ed1a-e46b-44df-aec5-5efcad4a7d86 req-b1bae0f1-32e6-4cf7-b59b-802ff7a454bd 237829f65f564021958d32bd09480978 4bbb26d130ba4589b5ac0a214a38c330 - - default default] 199.204.45.4 "GET /v2.0/security-groups?fields=id&fields=name&tenant_id=4bbb26d130ba4589b5ac0a214a38c330 HTTP/1.1" status: 200 len: 379 time: 0.0582569
2026-07-16 08:01:12.995 9 WARNING neutron_lib.context [req-1f77ed1a-e46b-44df-aec5-5efcad4a7d86 req-6f713c2d-17a5-4dc7-8c32-a8a9a4a10aeb 237829f65f564021958d32bd09480978 4bbb26d130ba4589b5ac0a214a38c330 - - default default] Method 'is_advsvc' is deprecated since 2023.2 release (neutron-lib 3.8.0) and will be removed once support for the old RBAC API policies will be removed from Neutron. Please use method 'is_service_role' instead.
2026-07-16 08:01:13.248 10 INFO neutron.wsgi [None req-46f06070-e2de-4c93-918d-d14b18e96b8f 3c16e09ca97c48abbb60d81debe674d1 71de93269cbc4b9c918ca7e83e197a78 - - default default] 10.0.0.144 "DELETE /v2.0/routers/020b3eb2-eca6-4800-bdb8-2abdf54da3fc HTTP/1.1" status: 204 len: 168 time: 1.0924041
2026-07-16 08:01:13.284 10 INFO neutron.wsgi [req-b551a394-e0e0-4238-b567-fda9170a8716 req-aa1a6536-8aec-4da9-9b83-9e08f5167704 237829f65f564021958d32bd09480978 4bbb26d130ba4589b5ac0a214a38c330 - - default default] 10.0.0.18 "GET /v2.0/ports?device_id=2a73976b-bd75-45b1-a719-4701691ddcff HTTP/1.1" status: 200 len: 210 time: 0.0519450
2026-07-16 08:01:13.380 9 WARNING neutron.scheduler.dhcp_agent_scheduler [req-1f77ed1a-e46b-44df-aec5-5efcad4a7d86 req-6f713c2d-17a5-4dc7-8c32-a8a9a4a10aeb 237829f65f564021958d32bd09480978 4bbb26d130ba4589b5ac0a214a38c330 - - default default] No more DHCP agents
2026-07-16 08:01:13.384 9 WARNING neutron.api.rpc.agentnotifiers.dhcp_rpc_agent_api [req-1f77ed1a-e46b-44df-aec5-5efcad4a7d86 req-6f713c2d-17a5-4dc7-8c32-a8a9a4a10aeb 237829f65f564021958d32bd09480978 4bbb26d130ba4589b5ac0a214a38c330 - - default default] Unable to schedule network d0f43adc-5d83-4c37-b75f-e52bf47f1f11: no agents available; will retry on subsequent port and subnet creation events.
2026-07-16 08:01:13.528 10 INFO neutron.wsgi [None req-ed74d9f5-a2d1-4cca-9015-240a1736b34c 3c16e09ca97c48abbb60d81debe674d1 71de93269cbc4b9c918ca7e83e197a78 - - default default] 10.0.0.144 "DELETE /v2.0/subnets/f0efe8d8-4a7f-43ec-9781-7e7c2cebad04 HTTP/1.1" status: 204 len: 168 time: 0.2743847
2026-07-16 08:01:13.598 9 INFO neutron.db.ovn_revision_numbers_db [req-1f77ed1a-e46b-44df-aec5-5efcad4a7d86 req-6f713c2d-17a5-4dc7-8c32-a8a9a4a10aeb 237829f65f564021958d32bd09480978 4bbb26d130ba4589b5ac0a214a38c330 - - default default] Successfully bumped revision number for resource 397662d5-5868-4780-834c-bf820a65783b (type: ports) to 1
2026-07-16 08:01:13.626 9 INFO neutron.wsgi [req-1f77ed1a-e46b-44df-aec5-5efcad4a7d86 req-6f713c2d-17a5-4dc7-8c32-a8a9a4a10aeb 237829f65f564021958d32bd09480978 4bbb26d130ba4589b5ac0a214a38c330 - - default default] 199.204.45.4 "POST /v2.0/ports HTTP/1.1" status: 201 len: 1158 time: 0.6391022 /var/lib/openstack/lib/python3.10/site-packages/pycadf/identifier.py:71: UserWarning: Invalid uuid: neutron. To ensure interoperability, identifiers should be a valid uuid. warnings.warn(('Invalid uuid: %s. To ensure interoperability, '
2026-07-16 08:01:13.881 10 INFO neutron.services.segments.plugin [-] Segment 0217ea9d-8995-4c6d-a7bc-0bd0d99f1971 resource provider aggregate not found
2026-07-16 08:01:13.886 10 INFO neutron.services.segments.plugin [-] Segment 0217ea9d-8995-4c6d-a7bc-0bd0d99f1971 resource provider aggregate not found
2026-07-16 08:01:13.903 10 INFO neutron.services.segments.plugin [-] Segment 0217ea9d-8995-4c6d-a7bc-0bd0d99f1971 resource provider not found; error: Placement Client Error (4xx): {"errors": [{"status": 404, "title": "Not Found", "detail": "The resource could not be found.\n\n No resource provider with uuid 0217ea9d-8995-4c6d-a7bc-0bd0d99f1971 found for delete ", "request_id": "req-1233a551-0747-4515-8e48-9eee102953ed"}]}
2026-07-16 08:01:13.904 10 INFO neutron.services.segments.plugin [-] Segment 0217ea9d-8995-4c6d-a7bc-0bd0d99f1971 resource provider not found; error: Placement Client Error (4xx): {"errors": [{"status": 404, "title": "Not Found", "detail": "The resource could not be found.\n\n No resource provider with uuid 0217ea9d-8995-4c6d-a7bc-0bd0d99f1971 found for delete ", "request_id": "req-b5d440dd-d1d2-491b-aff5-d2bc7f9a32d3"}]}
2026-07-16 08:01:13.931 10 INFO neutron.wsgi [None req-ca2f9dd3-2681-4125-ac9e-a8a901b27408 3c16e09ca97c48abbb60d81debe674d1 71de93269cbc4b9c918ca7e83e197a78 - - default default] 10.0.0.144 "DELETE /v2.0/networks/8b3ed1b7-8d3a-426e-84c5-0c18ad40ec8c HTTP/1.1" status: 204 len: 168 time: 0.3969197
2026-07-16 08:01:14.062 9 INFO neutron.db.ovn_revision_numbers_db [req-1f77ed1a-e46b-44df-aec5-5efcad4a7d86 req-910da182-c3f8-4338-899a-c9b3b47834ed 2a4125f0616a4005a9a212b780586efb 38193357b44b4330ab3845d1ccfc7347 - - 13524b305ef34f7ba15bc447ba9ff922 13524b305ef34f7ba15bc447ba9ff922] Successfully bumped revision number for resource 397662d5-5868-4780-834c-bf820a65783b (type: ports) to 2 /var/lib/openstack/lib/python3.10/site-packages/pycadf/identifier.py:71: UserWarning: Invalid uuid: neutron. To ensure interoperability, identifiers should be a valid uuid. warnings.warn(('Invalid uuid: %s. To ensure interoperability, '
2026-07-16 08:01:14.142 9 INFO neutron.wsgi [None req-4696b785-e0d7-4af4-bbe4-965aa546614f 3c16e09ca97c48abbb60d81debe674d1 71de93269cbc4b9c918ca7e83e197a78 - - default default] 10.0.0.144 "GET /v2.0/security-groups?tenant_id=756b1d200c164e34929a4596c3ccbd82&name=default HTTP/1.1" status: 200 len: 2992 time: 0.0428300
2026-07-16 08:01:14.424 10 INFO neutron.wsgi [req-49d955e2-ee95-42ef-bd41-fe385d5966b5 req-87879e3f-21b9-4664-984e-09853f874fc0 237829f65f564021958d32bd09480978 4bbb26d130ba4589b5ac0a214a38c330 - - default default] 10.0.0.18 "GET /v2.0/ports?device_id=2a73976b-bd75-45b1-a719-4701691ddcff HTTP/1.1" status: 200 len: 1168 time: 0.0519323
2026-07-16 08:01:14.447 9 INFO neutron.db.ovn_revision_numbers_db [req-1f77ed1a-e46b-44df-aec5-5efcad4a7d86 req-910da182-c3f8-4338-899a-c9b3b47834ed 2a4125f0616a4005a9a212b780586efb 38193357b44b4330ab3845d1ccfc7347 - - 13524b305ef34f7ba15bc447ba9ff922 13524b305ef34f7ba15bc447ba9ff922] Successfully bumped revision number for resource 397662d5-5868-4780-834c-bf820a65783b (type: ports) to 2
2026-07-16 08:01:14.470 9 INFO neutron.wsgi [req-1f77ed1a-e46b-44df-aec5-5efcad4a7d86 req-910da182-c3f8-4338-899a-c9b3b47834ed 2a4125f0616a4005a9a212b780586efb 38193357b44b4330ab3845d1ccfc7347 - - 13524b305ef34f7ba15bc447ba9ff922 13524b305ef34f7ba15bc447ba9ff922] 199.204.45.4 "PUT /v2.0/ports/397662d5-5868-4780-834c-bf820a65783b HTTP/1.1" status: 200 len: 1376 time: 0.8350646
2026-07-16 08:01:14.491 10 INFO neutron.wsgi [req-49d955e2-ee95-42ef-bd41-fe385d5966b5 req-751046f4-00c9-440e-8748-0481940c1503 237829f65f564021958d32bd09480978 4bbb26d130ba4589b5ac0a214a38c330 - - default default] 10.0.0.18 "GET /v2.0/security-groups?id=ec82be2d-ae63-4333-862d-f603f4a8b218&fields=id&fields=name HTTP/1.1" status: 200 len: 312 time: 0.0565016 /var/lib/openstack/lib/python3.10/site-packages/pycadf/identifier.py:71: UserWarning: Invalid uuid: neutron. To ensure interoperability, identifiers should be a valid uuid. warnings.warn(('Invalid uuid: %s. To ensure interoperability, '
2026-07-16 08:01:14.516 9 INFO neutron.notifiers.nova [-] Nova event matching ['req-b0380996-f37f-4d04-9d14-c8daf838aaee'] response: {'name': 'network-changed', 'server_uuid': '2a73976b-bd75-45b1-a719-4701691ddcff', 'tag': '397662d5-5868-4780-834c-bf820a65783b', 'status': 'completed', 'code': 200}
2026-07-16 08:01:14.542 9 INFO neutron.wsgi [req-1f77ed1a-e46b-44df-aec5-5efcad4a7d86 req-56616cb5-5e10-4e66-8503-ba97d15d6525 2a4125f0616a4005a9a212b780586efb 38193357b44b4330ab3845d1ccfc7347 - - 13524b305ef34f7ba15bc447ba9ff922 13524b305ef34f7ba15bc447ba9ff922] 199.204.45.4 "GET /v2.0/ports?tenant_id=4bbb26d130ba4589b5ac0a214a38c330&device_id=2a73976b-bd75-45b1-a719-4701691ddcff HTTP/1.1" status: 200 len: 1407 time: 0.0347459
2026-07-16 08:01:14.574 9 INFO neutron.wsgi [req-1f77ed1a-e46b-44df-aec5-5efcad4a7d86 req-6877cbde-424d-4567-b473-41fe0ff1bf90 2a4125f0616a4005a9a212b780586efb 38193357b44b4330ab3845d1ccfc7347 - - 13524b305ef34f7ba15bc447ba9ff922 13524b305ef34f7ba15bc447ba9ff922] 199.204.45.4 "GET /v2.0/floatingips?fixed_ip_address=10.100.0.5&port_id=397662d5-5868-4780-834c-bf820a65783b HTTP/1.1" status: 200 len: 217 time: 0.0233078
2026-07-16 08:01:14.622 9 INFO neutron.wsgi [req-1f77ed1a-e46b-44df-aec5-5efcad4a7d86 req-630770d4-c409-40bb-a9f4-1fda5f951dba 2a4125f0616a4005a9a212b780586efb 38193357b44b4330ab3845d1ccfc7347 - - 13524b305ef34f7ba15bc447ba9ff922 13524b305ef34f7ba15bc447ba9ff922] 199.204.45.4 "GET /v2.0/subnets?id=70a147d2-3dac-4a07-b037-34b162817b0e HTTP/1.1" status: 200 len: 876 time: 0.0337243
2026-07-16 08:01:14.629 9 INFO neutron.wsgi [None req-3275e693-8c15-4432-83ae-91c28bbceaf8 3c16e09ca97c48abbb60d81debe674d1 71de93269cbc4b9c918ca7e83e197a78 - - default default] 10.0.0.144 "DELETE /v2.0/security-groups/ca018840-5805-4c5a-a1cd-911681d2a4c8 HTTP/1.1" status: 204 len: 168 time: 0.4829865
2026-07-16 08:01:14.648 9 INFO neutron.wsgi [req-1f77ed1a-e46b-44df-aec5-5efcad4a7d86 req-a0f6a5f8-852b-43d4-9b9a-37f528a05804 2a4125f0616a4005a9a212b780586efb 38193357b44b4330ab3845d1ccfc7347 - - 13524b305ef34f7ba15bc447ba9ff922 13524b305ef34f7ba15bc447ba9ff922] 199.204.45.4 "GET /v2.0/ports?network_id=d0f43adc-5d83-4c37-b75f-e52bf47f1f11&device_owner=network%3Adhcp HTTP/1.1" status: 200 len: 210 time: 0.0175142
2026-07-16 08:01:14.731 9 INFO neutron.wsgi [req-1f77ed1a-e46b-44df-aec5-5efcad4a7d86 req-ef917119-280b-4700-ba32-06c5af1b2070 2a4125f0616a4005a9a212b780586efb 38193357b44b4330ab3845d1ccfc7347 - - 13524b305ef34f7ba15bc447ba9ff922 13524b305ef34f7ba15bc447ba9ff922] 199.204.45.4 "GET /v2.0/networks/d0f43adc-5d83-4c37-b75f-e52bf47f1f11?fields=segments HTTP/1.1" status: 200 len: 212 time: 0.0741735
2026-07-16 08:01:14.747 9 WARNING neutron.plugins.ml2.drivers.ovn.mech_driver.ovsdb.ovn_client [None req-9922bd46-0a33-49c9-aed7-aec754b2273a - - - - - -] No hosting information found for port 5a3ce347-068f-4bd5-a26a-7b114e7d5eff: RuntimeError: No hosting information found for port 5a3ce347-068f-4bd5-a26a-7b114e7d5eff
2026-07-16 08:01:14.828 9 INFO neutron.wsgi [req-1f77ed1a-e46b-44df-aec5-5efcad4a7d86 req-95ea8a50-4a06-4ce1-a0af-bcfc92ca2bef 2a4125f0616a4005a9a212b780586efb 38193357b44b4330ab3845d1ccfc7347 - - 13524b305ef34f7ba15bc447ba9ff922 13524b305ef34f7ba15bc447ba9ff922] 199.204.45.4 "GET /v2.0/networks/d0f43adc-5d83-4c37-b75f-e52bf47f1f11?fields=provider%3Aphysical_network&fields=provider%3Anetwork_type HTTP/1.1" status: 200 len: 277 time: 0.0916293 /var/lib/openstack/lib/python3.10/site-packages/pycadf/identifier.py:71: UserWarning: Invalid uuid: neutron. To ensure interoperability, identifiers should be a valid uuid. warnings.warn(('Invalid uuid: %s. To ensure interoperability, '
2026-07-16 08:01:14.905 9 INFO neutron.wsgi [req-e3a79904-a982-4957-a66a-b8267e9d9a03 req-9c62b0d4-f2ea-4594-a48f-c50fc854dbb9 2a4125f0616a4005a9a212b780586efb 38193357b44b4330ab3845d1ccfc7347 - - 13524b305ef34f7ba15bc447ba9ff922 13524b305ef34f7ba15bc447ba9ff922] 199.204.45.4 "GET /v2.0/ports?tenant_id=4bbb26d130ba4589b5ac0a214a38c330&device_id=2a73976b-bd75-45b1-a719-4701691ddcff HTTP/1.1" status: 200 len: 1407 time: 0.0410662
2026-07-16 08:01:15.005 9 INFO neutron.wsgi [req-e3a79904-a982-4957-a66a-b8267e9d9a03 req-54735d62-46d4-4509-9a52-d15fc82dc13f 2a4125f0616a4005a9a212b780586efb 38193357b44b4330ab3845d1ccfc7347 - - 13524b305ef34f7ba15bc447ba9ff922 13524b305ef34f7ba15bc447ba9ff922] 199.204.45.4 "GET /v2.0/networks?id=d0f43adc-5d83-4c37-b75f-e52bf47f1f11 HTTP/1.1" status: 200 len: 981 time: 0.0873754
2026-07-16 08:01:15.046 9 INFO neutron.plugins.ml2.drivers.ovn.mech_driver.mech_driver [None req-9922bd46-0a33-49c9-aed7-aec754b2273a - - - - - -] OVN reports status up for port: 397662d5-5868-4780-834c-bf820a65783b
2026-07-16 08:01:15.048 9 INFO neutron.wsgi [req-e3a79904-a982-4957-a66a-b8267e9d9a03 req-ea57c853-e730-4ec4-a02b-3b8ec9f9bfbb 2a4125f0616a4005a9a212b780586efb 38193357b44b4330ab3845d1ccfc7347 - - 13524b305ef34f7ba15bc447ba9ff922 13524b305ef34f7ba15bc447ba9ff922] 199.204.45.4 "GET /v2.0/floatingips?fixed_ip_address=10.100.0.5&port_id=397662d5-5868-4780-834c-bf820a65783b HTTP/1.1" status: 200 len: 217 time: 0.0376661
2026-07-16 08:01:15.072 9 INFO neutron.plugins.ml2.plugin [None req-9922bd46-0a33-49c9-aed7-aec754b2273a - - - - - -] Attempt 1 to provision port 397662d5-5868-4780-834c-bf820a65783b
2026-07-16 08:01:15.101 9 INFO neutron.wsgi [req-e3a79904-a982-4957-a66a-b8267e9d9a03 req-15ccd5b2-e322-46e2-bb8d-9704f2befc74 2a4125f0616a4005a9a212b780586efb 38193357b44b4330ab3845d1ccfc7347 - - 13524b305ef34f7ba15bc447ba9ff922 13524b305ef34f7ba15bc447ba9ff922] 199.204.45.4 "GET /v2.0/subnets?id=70a147d2-3dac-4a07-b037-34b162817b0e HTTP/1.1" status: 200 len: 876 time: 0.0463066
2026-07-16 08:01:15.149 9 INFO neutron.wsgi [req-e3a79904-a982-4957-a66a-b8267e9d9a03 req-f326e783-17c5-40b8-b3c5-31179b7d9584 2a4125f0616a4005a9a212b780586efb 38193357b44b4330ab3845d1ccfc7347 - - 13524b305ef34f7ba15bc447ba9ff922 13524b305ef34f7ba15bc447ba9ff922] 199.204.45.4 "GET /v2.0/ports?network_id=d0f43adc-5d83-4c37-b75f-e52bf47f1f11&device_owner=network%3Adhcp HTTP/1.1" status: 200 len: 210 time: 0.0402691
2026-07-16 08:01:15.230 9 INFO neutron.wsgi [req-e3a79904-a982-4957-a66a-b8267e9d9a03 req-28d751de-a716-41f8-a131-1fdd7485a2d3 2a4125f0616a4005a9a212b780586efb 38193357b44b4330ab3845d1ccfc7347 - - 13524b305ef34f7ba15bc447ba9ff922 13524b305ef34f7ba15bc447ba9ff922] 199.204.45.4 "GET /v2.0/networks/d0f43adc-5d83-4c37-b75f-e52bf47f1f11?fields=segments HTTP/1.1" status: 200 len: 212 time: 0.0734456
2026-07-16 08:01:15.327 9 INFO neutron.wsgi [req-e3a79904-a982-4957-a66a-b8267e9d9a03 req-8ee3cb90-acf9-4e18-ab6d-7630945acec2 2a4125f0616a4005a9a212b780586efb 38193357b44b4330ab3845d1ccfc7347 - - 13524b305ef34f7ba15bc447ba9ff922 13524b305ef34f7ba15bc447ba9ff922] 199.204.45.4 "GET /v2.0/networks/d0f43adc-5d83-4c37-b75f-e52bf47f1f11?fields=provider%3Aphysical_network&fields=provider%3Anetwork_type HTTP/1.1" status: 200 len: 277 time: 0.0888126
2026-07-16 08:01:15.467 9 INFO neutron.db.ovn_revision_numbers_db [None req-9922bd46-0a33-49c9-aed7-aec754b2273a - - - - - -] Successfully bumped revision number for resource 397662d5-5868-4780-834c-bf820a65783b (type: ports) to 4
2026-07-16 08:01:15.634 10 INFO neutron.wsgi [req-6ef883f2-8d9a-4f6a-a7ec-fdc09c639043 req-d928164e-fba3-4f70-b3ef-46a521653920 237829f65f564021958d32bd09480978 4bbb26d130ba4589b5ac0a214a38c330 - - default default] 10.0.0.18 "GET /v2.0/ports?device_id=2a73976b-bd75-45b1-a719-4701691ddcff HTTP/1.1" status: 200 len: 1170 time: 0.0731363
2026-07-16 08:01:15.688 10 INFO neutron.wsgi [req-6ef883f2-8d9a-4f6a-a7ec-fdc09c639043 req-49c7d995-9cbc-4dfe-862c-dee992338ec9 237829f65f564021958d32bd09480978 4bbb26d130ba4589b5ac0a214a38c330 - - default default] 10.0.0.18 "GET /v2.0/security-groups?id=ec82be2d-ae63-4333-862d-f603f4a8b218&fields=id&fields=name HTTP/1.1" status: 200 len: 312 time: 0.0456946
2026-07-16 08:01:16.496 10 INFO neutron.wsgi [req-bc339d9b-2f41-4f9d-bbb0-44117fb07195 req-e0be074d-e686-4a6c-b165-7c00025ea6a7 2a4125f0616a4005a9a212b780586efb 38193357b44b4330ab3845d1ccfc7347 - - 13524b305ef34f7ba15bc447ba9ff922 13524b305ef34f7ba15bc447ba9ff922] 10.0.0.241 "GET /v2.0/ports?device_id=8f785923-4e00-4fb1-baa8-955408dcd8cb HTTP/1.1" status: 200 len: 1413 time: 0.2049670
2026-07-16 08:01:16.553 10 INFO neutron.wsgi [req-bc339d9b-2f41-4f9d-bbb0-44117fb07195 req-b490db66-92f9-480b-9027-893a04ed902b 2a4125f0616a4005a9a212b780586efb 38193357b44b4330ab3845d1ccfc7347 - - 13524b305ef34f7ba15bc447ba9ff922 13524b305ef34f7ba15bc447ba9ff922] 10.0.0.241 "GET /v2.0/security-groups?id=960478b9-e0a0-4d3a-9374-8d760394fea7&fields=id&fields=name HTTP/1.1" status: 200 len: 313 time: 0.0506685
2026-07-16 08:01:16.563 9 INFO neutron.notifiers.nova [-] Nova event matching ['req-0604acdc-a9ad-4f1e-bb73-2dfd20d63500'] response: {'server_uuid': '2a73976b-bd75-45b1-a719-4701691ddcff', 'name': 'network-vif-plugged', 'status': 'completed', 'tag': '397662d5-5868-4780-834c-bf820a65783b', 'code': 200}
2026-07-16 08:01:16.564 9 INFO neutron.notifiers.nova [-] Nova event matching ['req-0604acdc-a9ad-4f1e-bb73-2dfd20d63500'] response: {'server_uuid': '2a73976b-bd75-45b1-a719-4701691ddcff', 'name': 'network-vif-plugged', 'status': 'completed', 'tag': '397662d5-5868-4780-834c-bf820a65783b', 'code': 200}
2026-07-16 08:01:16.565 10 INFO neutron.db.ovn_revision_numbers_db [None req-7c67647c-78dd-4913-8644-3aa82e29bfd0 3c16e09ca97c48abbb60d81debe674d1 71de93269cbc4b9c918ca7e83e197a78 - - default default] Successfully bumped revision number for resource 6bc7a469-30d3-4734-9ad5-3b5b6cd56c88 (type: security_groups) to 1
2026-07-16 08:01:16.590 10 INFO neutron.db.ovn_revision_numbers_db [None req-7c67647c-78dd-4913-8644-3aa82e29bfd0 3c16e09ca97c48abbb60d81debe674d1 71de93269cbc4b9c918ca7e83e197a78 - - default default] Successfully bumped revision number for resource 0defad71-a720-4065-a99e-4c2c8cda9d0a (type: security_group_rules) to 0
2026-07-16 08:01:16.614 10 INFO neutron.db.ovn_revision_numbers_db [None req-7c67647c-78dd-4913-8644-3aa82e29bfd0 3c16e09ca97c48abbb60d81debe674d1 71de93269cbc4b9c918ca7e83e197a78 - - default default] Successfully bumped revision number for resource 289cf6ea-9fde-4ba3-89c0-eac5aab4d54d (type: security_group_rules) to 0
2026-07-16 08:01:16.634 10 INFO neutron.db.ovn_revision_numbers_db [None req-7c67647c-78dd-4913-8644-3aa82e29bfd0 3c16e09ca97c48abbb60d81debe674d1 71de93269cbc4b9c918ca7e83e197a78 - - default default] Successfully bumped revision number for resource 363c5127-9ee7-45c3-b2b9-4174e5cc5292 (type: security_group_rules) to 0
2026-07-16 08:01:16.653 10 INFO neutron.db.ovn_revision_numbers_db [None req-7c67647c-78dd-4913-8644-3aa82e29bfd0 3c16e09ca97c48abbb60d81debe674d1 71de93269cbc4b9c918ca7e83e197a78 - - default default] Successfully bumped revision number for resource c54c76af-d6ca-46b6-83f8-6978cde71584 (type: security_group_rules) to 0
2026-07-16 08:01:16.687 10 INFO neutron.wsgi [None req-7c67647c-78dd-4913-8644-3aa82e29bfd0 3c16e09ca97c48abbb60d81debe674d1 71de93269cbc4b9c918ca7e83e197a78 - - default default] 10.0.0.144 "GET /v2.0/security-groups?tenant_id=204f0d79dade4109a55c3214ebb105bb&name=default HTTP/1.1" status: 200 len: 2996 time: 0.3191595 /var/lib/openstack/lib/python3.10/site-packages/pycadf/identifier.py:71: UserWarning: Invalid uuid: neutron. To ensure interoperability, identifiers should be a valid uuid. warnings.warn(('Invalid uuid: %s. To ensure interoperability, '
2026-07-16 08:01:16.861 10 INFO neutron.wsgi [req-f49d82a7-0351-4167-a1cb-db0e05f3bbe2 req-850dec1f-d724-40da-a35b-12205375ee07 237829f65f564021958d32bd09480978 4bbb26d130ba4589b5ac0a214a38c330 - - default default] 10.0.0.18 "GET /v2.0/ports?device_id=2a73976b-bd75-45b1-a719-4701691ddcff HTTP/1.1" status: 200 len: 1170 time: 0.1021881
2026-07-16 08:01:16.924 10 INFO neutron.wsgi [req-f49d82a7-0351-4167-a1cb-db0e05f3bbe2 req-dd28e459-5313-4548-aac9-fcd219098dac 237829f65f564021958d32bd09480978 4bbb26d130ba4589b5ac0a214a38c330 - - default default] 10.0.0.18 "GET /v2.0/security-groups?id=ec82be2d-ae63-4333-862d-f603f4a8b218&fields=id&fields=name HTTP/1.1" status: 200 len: 312 time: 0.0542521
2026-07-16 08:01:16.976 9 INFO neutron.wsgi [None req-36c4a4cc-cb96-45aa-8331-866284c360fe 3c16e09ca97c48abbb60d81debe674d1 71de93269cbc4b9c918ca7e83e197a78 - - default default] 10.0.0.144 "DELETE /v2.0/security-groups/6bc7a469-30d3-4734-9ad5-3b5b6cd56c88 HTTP/1.1" status: 204 len: 168 time: 0.2841632
2026-07-16 08:01:17.220 9 INFO neutron.db.ovn_revision_numbers_db [None req-3d4e8d45-935a-4120-886a-9e236e8d4ac3 3c16e09ca97c48abbb60d81debe674d1 71de93269cbc4b9c918ca7e83e197a78 - - default default] Successfully bumped revision number for resource 915031f1-9a90-4f55-bd19-f50b450e5540 (type: security_groups) to 1
2026-07-16 08:01:17.236 9 INFO neutron.db.ovn_revision_numbers_db [None req-3d4e8d45-935a-4120-886a-9e236e8d4ac3 3c16e09ca97c48abbb60d81debe674d1 71de93269cbc4b9c918ca7e83e197a78 - - default default] Successfully bumped revision number for resource 5caca2bd-fb24-4c12-a690-e1238bfb1b4d (type: security_group_rules) to 0
2026-07-16 08:01:17.252 9 INFO neutron.db.ovn_revision_numbers_db [None req-3d4e8d45-935a-4120-886a-9e236e8d4ac3 3c16e09ca97c48abbb60d81debe674d1 71de93269cbc4b9c918ca7e83e197a78 - - default default] Successfully bumped revision number for resource 6c97b6c5-bc6c-4ab2-bb41-c574f76cee2f (type: security_group_rules) to 0
2026-07-16 08:01:17.266 9 INFO neutron.db.ovn_revision_numbers_db [None req-3d4e8d45-935a-4120-886a-9e236e8d4ac3 3c16e09ca97c48abbb60d81debe674d1 71de93269cbc4b9c918ca7e83e197a78 - - default default] Successfully bumped revision number for resource 6dcb592a-9d24-49ce-91af-b592b96cf507 (type: security_group_rules) to 0
2026-07-16 08:01:17.287 9 INFO neutron.db.ovn_revision_numbers_db [None req-3d4e8d45-935a-4120-886a-9e236e8d4ac3 3c16e09ca97c48abbb60d81debe674d1 71de93269cbc4b9c918ca7e83e197a78 - - default default] Successfully bumped revision number for resource a631032b-c0d6-404f-83a1-15b2bec3f120 (type: security_group_rules) to 0
