2026-07-16 08:02:38.308 10 INFO neutron.db.ovn_revision_numbers_db [None req-dde08997-150d-491e-abd6-30acab8bd45e f390fc7264f343009888e8767ecb7f5c eb4ff8292bed4c57862b737d05da8d77 - - default default] Successfully bumped revision number for resource a07804dd-184a-45f6-88ab-354a1f04e7e5 (type: networks) to 2
2026-07-16 08:02:38.312 10 INFO neutron.wsgi [None req-dde08997-150d-491e-abd6-30acab8bd45e f390fc7264f343009888e8767ecb7f5c eb4ff8292bed4c57862b737d05da8d77 - - default default] 10.0.0.144 "PUT /v2.0/networks/a07804dd-184a-45f6-88ab-354a1f04e7e5 HTTP/1.1" status: 200 len: 792 time: 0.1852169
2026-07-16 08:02:38.327 10 WARNING neutron_lib.context [None req-3ad4b0de-f242-4951-8bba-ff3b5dfc4b6e f390fc7264f343009888e8767ecb7f5c eb4ff8292bed4c57862b737d05da8d77 - - default default] Method 'is_advsvc' is deprecated since 2023.2 release (neutron-lib 3.8.0) and will be removed once support for the old RBAC API policies will be removed from Neutron. Please use method 'is_service_role' instead.
2026-07-16 08:02:38.482 9 INFO neutron.notifiers.nova [-] Nova event matching ['req-bb4f5438-a508-42cb-b60e-4c0094fbeca1'] response: {'server_uuid': '693fad3a-4736-42ca-ac76-cf4be064d913', 'name': 'network-vif-plugged', 'status': 'completed', 'tag': 'df5aa6a0-e86a-4868-bb9e-0508c45c00b1', 'code': 200}
2026-07-16 08:02:38.482 9 INFO neutron.notifiers.nova [-] Nova event matching ['req-bb4f5438-a508-42cb-b60e-4c0094fbeca1'] response: {'server_uuid': '693fad3a-4736-42ca-ac76-cf4be064d913', 'name': 'network-vif-plugged', 'status': 'completed', 'tag': 'df5aa6a0-e86a-4868-bb9e-0508c45c00b1', 'code': 200}
2026-07-16 08:02:38.596 10 WARNING neutron.scheduler.dhcp_agent_scheduler [None req-3ad4b0de-f242-4951-8bba-ff3b5dfc4b6e f390fc7264f343009888e8767ecb7f5c eb4ff8292bed4c57862b737d05da8d77 - - default default] No more DHCP agents
2026-07-16 08:02:38.597 10 WARNING neutron.api.rpc.agentnotifiers.dhcp_rpc_agent_api [None req-3ad4b0de-f242-4951-8bba-ff3b5dfc4b6e f390fc7264f343009888e8767ecb7f5c eb4ff8292bed4c57862b737d05da8d77 - - default default] Unable to schedule network a07804dd-184a-45f6-88ab-354a1f04e7e5: no agents available; will retry on subsequent port and subnet creation events.
2026-07-16 08:02:38.640 10 INFO neutron.db.ovn_revision_numbers_db [None req-3ad4b0de-f242-4951-8bba-ff3b5dfc4b6e f390fc7264f343009888e8767ecb7f5c eb4ff8292bed4c57862b737d05da8d77 - - default default] Successfully bumped revision number for resource fb01c5db-d17c-40e2-afcf-9c222f40c421 (type: subnets) to 0
2026-07-16 08:02:38.658 10 INFO neutron.wsgi [None req-3ad4b0de-f242-4951-8bba-ff3b5dfc4b6e f390fc7264f343009888e8767ecb7f5c eb4ff8292bed4c57862b737d05da8d77 - - default default] 10.0.0.144 "POST /v2.0/subnets HTTP/1.1" status: 201 len: 821 time: 0.3392935
2026-07-16 08:02:38.964 10 INFO neutron.wsgi [req-875bc719-18d6-4268-8234-cc5a55bfc0a6 req-688c92aa-2c32-4b3d-9707-456f58fc4bef 57b91a725790408fa9b9bee8e38415fd b9ddb8896257420288ca770d80e900b9 - - default default] 10.0.0.18 "GET /v2.0/ports?device_id=693fad3a-4736-42ca-ac76-cf4be064d913 HTTP/1.1" status: 200 len: 1174 time: 0.1426222
2026-07-16 08:02:39.037 10 INFO neutron.wsgi [req-15a58bb9-20d9-47b1-abce-f2bb365c0932 req-9d9bab82-8151-4bed-ba14-a7875dfbc71d ff33527d33db4af5a55a2c217e0ea5bd 3b9970c0db904ff4b8bc6713951e7617 - - default default] 10.0.0.18 "GET /v2.0/ports?device_id=6e6d3c93-ebd7-4689-b250-c6e29d9bc543 HTTP/1.1" status: 200 len: 1172 time: 0.1425588
2026-07-16 08:02:39.044 10 INFO neutron.wsgi [req-875bc719-18d6-4268-8234-cc5a55bfc0a6 req-64f672d6-8614-4586-a8f6-9e044695a15f 57b91a725790408fa9b9bee8e38415fd b9ddb8896257420288ca770d80e900b9 - - default default] 10.0.0.18 "GET /v2.0/security-groups?id=d553b831-aa88-4737-954d-45db1b74d25c&fields=id&fields=name HTTP/1.1" status: 200 len: 286 time: 0.0651031
2026-07-16 08:02:39.093 10 INFO neutron.wsgi [req-15a58bb9-20d9-47b1-abce-f2bb365c0932 req-3d1661ff-449f-4f72-a0de-e8218a2fdfb0 ff33527d33db4af5a55a2c217e0ea5bd 3b9970c0db904ff4b8bc6713951e7617 - - default default] 10.0.0.18 "GET /v2.0/security-groups?id=91f0c7bd-6767-4ea2-ac85-ab5c7852f537&fields=id&fields=name HTTP/1.1" status: 200 len: 312 time: 0.0483143
2026-07-16 08:02:39.562 10 INFO neutron.db.ovn_revision_numbers_db [None req-684991bc-0d48-4329-9129-c82d06134308 f390fc7264f343009888e8767ecb7f5c eb4ff8292bed4c57862b737d05da8d77 - - default default] Successfully bumped revision number for resource d1e005eb-62b9-46ee-ab74-2eca12ca01a8 (type: ports) to 2
2026-07-16 08:02:39.636 9 INFO neutron.plugins.ml2.drivers.ovn.mech_driver.mech_driver [None req-9922bd46-0a33-49c9-aed7-aec754b2273a - - - - - -] OVN reports status down for port: df5aa6a0-e86a-4868-bb9e-0508c45c00b1
2026-07-16 08:02:39.637 10 INFO neutron.db.ovn_revision_numbers_db [None req-684991bc-0d48-4329-9129-c82d06134308 f390fc7264f343009888e8767ecb7f5c eb4ff8292bed4c57862b737d05da8d77 - - default default] Successfully bumped revision number for resource fb01c5db-d17c-40e2-afcf-9c222f40c421 (type: subnets) to 1
2026-07-16 08:02:39.641 10 INFO neutron.wsgi [None req-684991bc-0d48-4329-9129-c82d06134308 f390fc7264f343009888e8767ecb7f5c eb4ff8292bed4c57862b737d05da8d77 - - default default] 10.0.0.144 "PUT /v2.0/subnets/fb01c5db-d17c-40e2-afcf-9c222f40c421 HTTP/1.1" status: 200 len: 826 time: 0.9756868
2026-07-16 08:02:39.646 10 INFO neutron.wsgi [req-d3d07515-d73d-45a6-8f88-f1e345bb2836 req-2d551458-95f7-48aa-a24c-ea36a3ace223 57b91a725790408fa9b9bee8e38415fd b9ddb8896257420288ca770d80e900b9 - - default default] 10.0.0.18 "GET /v2.0/ports?device_id=693fad3a-4736-42ca-ac76-cf4be064d913 HTTP/1.1" status: 200 len: 1174 time: 0.0580127
2026-07-16 08:02:39.720 10 INFO neutron.wsgi [req-d3d07515-d73d-45a6-8f88-f1e345bb2836 req-e70bdb92-9529-47ac-889e-ba4b88402f7c 57b91a725790408fa9b9bee8e38415fd b9ddb8896257420288ca770d80e900b9 - - default default] 10.0.0.18 "GET /v2.0/security-groups?id=d553b831-aa88-4737-954d-45db1b74d25c&fields=id&fields=name HTTP/1.1" status: 200 len: 286 time: 0.0652976
2026-07-16 08:02:39.958 10 INFO neutron.wsgi [req-3f135ba6-bb28-44db-91c1-43183468932b req-ce00cac4-6a5d-4fd3-b37f-f2bd18577f7c 57b91a725790408fa9b9bee8e38415fd b9ddb8896257420288ca770d80e900b9 - - default default] 199.204.45.4 "GET /v2.0/ports?device_id=693fad3a-4736-42ca-ac76-cf4be064d913 HTTP/1.1" status: 200 len: 1172 time: 0.0420485
2026-07-16 08:02:39.969 9 INFO neutron.db.ovn_revision_numbers_db [None req-9922bd46-0a33-49c9-aed7-aec754b2273a - - - - - -] Successfully bumped revision number for resource df5aa6a0-e86a-4868-bb9e-0508c45c00b1 (type: ports) to 5
2026-07-16 08:02:40.248 10 INFO neutron.wsgi [req-b110e72d-1cf3-4421-a97b-cfd90d3d8072 req-38874877-e1e1-47be-9717-c8776cc2770c ff33527d33db4af5a55a2c217e0ea5bd 3b9970c0db904ff4b8bc6713951e7617 - - default default] 10.0.0.18 "GET /v2.0/ports?device_id=6e6d3c93-ebd7-4689-b250-c6e29d9bc543 HTTP/1.1" status: 200 len: 1172 time: 0.0657506
2026-07-16 08:02:40.297 10 INFO neutron.services.segments.plugin [-] Segment 1a3c12f7-f722-4fc9-85ff-2617e667be1a resource provider aggregate not found
2026-07-16 08:02:40.306 10 INFO neutron.services.segments.plugin [-] Segment 1a3c12f7-f722-4fc9-85ff-2617e667be1a resource provider aggregate not found
2026-07-16 08:02:40.332 10 INFO neutron.services.segments.plugin [-] Segment 1a3c12f7-f722-4fc9-85ff-2617e667be1a resource provider not found; error: Placement Client Error (4xx): {"errors": [{"status": 404, "title": "Not Found", "detail": "The resource could not be found.\n\n No resource provider with uuid 1a3c12f7-f722-4fc9-85ff-2617e667be1a found for delete ", "request_id": "req-a6cbd91f-20fe-48d8-8a8c-6fd68bd01bd2"}]}
2026-07-16 08:02:40.333 10 INFO neutron.services.segments.plugin [-] Segment 1a3c12f7-f722-4fc9-85ff-2617e667be1a resource provider not found; error: Placement Client Error (4xx): {"errors": [{"status": 404, "title": "Not Found", "detail": "The resource could not be found.\n\n No resource provider with uuid 1a3c12f7-f722-4fc9-85ff-2617e667be1a found for delete ", "request_id": "req-aeb51cb5-4405-4912-8ab2-99b09b299c52"}]}
2026-07-16 08:02:40.378 10 INFO neutron.wsgi [req-b110e72d-1cf3-4421-a97b-cfd90d3d8072 req-99ee1133-5f55-481d-8d6f-b7b0ec722bdd ff33527d33db4af5a55a2c217e0ea5bd 3b9970c0db904ff4b8bc6713951e7617 - - default default] 10.0.0.18 "GET /v2.0/security-groups?id=91f0c7bd-6767-4ea2-ac85-ab5c7852f537&fields=id&fields=name HTTP/1.1" status: 200 len: 312 time: 0.1239998
2026-07-16 08:02:40.388 10 INFO neutron.wsgi [None req-70108565-ee53-488f-9536-b9c5c86b7a50 f390fc7264f343009888e8767ecb7f5c eb4ff8292bed4c57862b737d05da8d77 - - default default] 10.0.0.144 "DELETE /v2.0/networks/a07804dd-184a-45f6-88ab-354a1f04e7e5 HTTP/1.1" status: 204 len: 168 time: 0.7398913 /var/lib/openstack/lib/python3.10/site-packages/pycadf/identifier.py:71: UserWarning: Invalid uuid: neutron. To ensure interoperability, identifiers should be a valid uuid. warnings.warn(('Invalid uuid: %s. To ensure interoperability, '
2026-07-16 08:02:40.413 9 INFO neutron.pecan_wsgi.hooks.translation [None req-6a84bc84-9af0-4234-a57b-cba9ca77fdfb f390fc7264f343009888e8767ecb7f5c eb4ff8292bed4c57862b737d05da8d77 - - default default] DELETE failed (client error): The resource could not be found.
2026-07-16 08:02:40.418 9 INFO neutron.wsgi [None req-6a84bc84-9af0-4234-a57b-cba9ca77fdfb f390fc7264f343009888e8767ecb7f5c eb4ff8292bed4c57862b737d05da8d77 - - default default] 10.0.0.144 "DELETE /v2.0/networks/a07804dd-184a-45f6-88ab-354a1f04e7e5 HTTP/1.1" status: 404 len: 339 time: 0.0250375
2026-07-16 08:02:40.440 10 INFO neutron.wsgi [req-3f135ba6-bb28-44db-91c1-43183468932b req-071bf760-fd2f-4461-9b70-1e64f6d3b4ae 57b91a725790408fa9b9bee8e38415fd b9ddb8896257420288ca770d80e900b9 - - default default] 199.204.45.4 "DELETE /v2.0/ports/df5aa6a0-e86a-4868-bb9e-0508c45c00b1 HTTP/1.1" status: 204 len: 173 time: 0.4736252
2026-07-16 08:02:40.481 10 INFO neutron.notifiers.nova [-] Nova event matching ['req-b20768af-5892-444e-8b54-c96fbf2bd152'] response: {'server_uuid': '693fad3a-4736-42ca-ac76-cf4be064d913', 'name': 'network-vif-deleted', 'tag': 'df5aa6a0-e86a-4868-bb9e-0508c45c00b1', 'status': 'completed', 'code': 200}
2026-07-16 08:02:40.526 9 INFO neutron.notifiers.nova [-] Nova event matching ['req-1590254f-9cf1-41d0-a038-764e4c152682'] response: {'server_uuid': '693fad3a-4736-42ca-ac76-cf4be064d913', 'name': 'network-vif-unplugged', 'status': 'completed', 'tag': 'df5aa6a0-e86a-4868-bb9e-0508c45c00b1', 'code': 200}
2026-07-16 08:02:40.526 9 INFO neutron.notifiers.nova [-] Nova event matching ['req-1590254f-9cf1-41d0-a038-764e4c152682'] response: {'server_uuid': '693fad3a-4736-42ca-ac76-cf4be064d913', 'name': 'network-vif-plugged', 'status': 'completed', 'tag': 'df5aa6a0-e86a-4868-bb9e-0508c45c00b1', 'code': 200}
2026-07-16 08:02:40.536 9 INFO neutron.wsgi [None req-da9140d0-9c07-4344-817b-6aac64328a74 f390fc7264f343009888e8767ecb7f5c eb4ff8292bed4c57862b737d05da8d77 - - default default] 10.0.0.144 "GET /v2.0/networks?router%3Aexternal=True HTTP/1.1" status: 200 len: 845 time: 0.1144750
2026-07-16 08:02:40.599 9 INFO neutron.wsgi [None req-5038ad1c-3a47-42d7-982b-eac1ec929614 f390fc7264f343009888e8767ecb7f5c eb4ff8292bed4c57862b737d05da8d77 - - default default] 10.0.0.144 "GET /v2.0/subnets?network_id=eb2eed8e-9f13-490c-9010-49ac32b30e05 HTTP/1.1" status: 200 len: 820 time: 0.0564888
2026-07-16 08:02:40.610 9 INFO neutron.wsgi [None req-bafa34ac-1143-48fd-8fc6-3203e76a36ed f390fc7264f343009888e8767ecb7f5c eb4ff8292bed4c57862b737d05da8d77 - - default default] 10.0.0.144 "GET /v2.0/extensions HTTP/1.1" status: 200 len: 16975 time: 0.0082567
2026-07-16 08:02:40.705 9 INFO neutron.wsgi [None req-221e879e-c4d5-4130-a0d6-985f13edfde3 f390fc7264f343009888e8767ecb7f5c eb4ff8292bed4c57862b737d05da8d77 - - default default] 10.0.0.144 "GET /v2.0/networks HTTP/1.1" status: 200 len: 1508 time: 0.0845523
2026-07-16 08:02:40.771 9 INFO neutron.wsgi [None req-b4e3ec46-0cc5-449f-8c24-5f8f40b606a7 f390fc7264f343009888e8767ecb7f5c eb4ff8292bed4c57862b737d05da8d77 - - default default] 10.0.0.144 "GET /v2.0/subnets HTTP/1.1" status: 200 len: 1460 time: 0.0570540
2026-07-16 08:02:40.824 10 INFO neutron.wsgi [req-b6f89a25-f290-478c-9d88-7f98598c1cf7 req-14e6ab3e-f68f-483d-8094-9f14032fc54b 57b91a725790408fa9b9bee8e38415fd b9ddb8896257420288ca770d80e900b9 - - default default] 10.0.0.18 "GET /v2.0/ports?device_id=693fad3a-4736-42ca-ac76-cf4be064d913 HTTP/1.1" status: 200 len: 210 time: 0.0235474
2026-07-16 08:02:40.835 9 INFO neutron.wsgi [None req-62777623-96a7-4735-b3ed-070dd0cc59ee f390fc7264f343009888e8767ecb7f5c eb4ff8292bed4c57862b737d05da8d77 - - default default] 10.0.0.144 "GET /v2.0/networks/937885fb-bbfb-402b-a4c7-26e3488a6ef1 HTTP/1.1" status: 200 len: 867 time: 0.0560825
2026-07-16 08:02:40.878 9 INFO neutron.wsgi [None req-b98aa2ff-958a-463b-aa13-8a702d8e5b37 f390fc7264f343009888e8767ecb7f5c eb4ff8292bed4c57862b737d05da8d77 - - default default] 10.0.0.144 "GET /v2.0/subnets/ba691baa-c892-46be-98e0-f6888e5a22f3 HTTP/1.1" status: 200 len: 843 time: 0.0351775
2026-07-16 08:02:40.908 9 INFO neutron.pecan_wsgi.hooks.translation [None req-91f393d0-159b-4089-b153-daa8071ec0d4 f390fc7264f343009888e8767ecb7f5c eb4ff8292bed4c57862b737d05da8d77 - - default default] DELETE failed (client error): The resource could not be found.
2026-07-16 08:02:40.910 9 INFO neutron.wsgi [None req-91f393d0-159b-4089-b153-daa8071ec0d4 f390fc7264f343009888e8767ecb7f5c eb4ff8292bed4c57862b737d05da8d77 - - default default] 10.0.0.144 "DELETE /v2.0/subnets/fb01c5db-d17c-40e2-afcf-9c222f40c421 HTTP/1.1" status: 404 len: 337 time: 0.0211420
2026-07-16 08:02:40.934 10 INFO neutron.pecan_wsgi.hooks.translation [None req-4210ab76-b126-4e47-a3c2-761dd90c358e f390fc7264f343009888e8767ecb7f5c eb4ff8292bed4c57862b737d05da8d77 - - default default] DELETE failed (client error): The resource could not be found.
2026-07-16 08:02:40.936 10 INFO neutron.wsgi [None req-4210ab76-b126-4e47-a3c2-761dd90c358e f390fc7264f343009888e8767ecb7f5c eb4ff8292bed4c57862b737d05da8d77 - - default default] 10.0.0.144 "DELETE /v2.0/networks/a07804dd-184a-45f6-88ab-354a1f04e7e5 HTTP/1.1" status: 404 len: 339 time: 0.0197003
2026-07-16 08:02:41.067 9 WARNING neutron_lib.context [None req-d3565b7e-96d5-4799-b770-7bc77ae18079 0de1181fed1549e38e0597fce2fc8660 b59aa09adb3a4c47a565c2e6406b9150 - - default default] Method 'is_advsvc' is deprecated since 2023.2 release (neutron-lib 3.8.0) and will be removed once support for the old RBAC API policies will be removed from Neutron. Please use method 'is_service_role' instead.
2026-07-16 08:02:41.175 9 INFO neutron.wsgi [None req-413616b6-5e55-4509-85a8-7b672580a71a f390fc7264f343009888e8767ecb7f5c eb4ff8292bed4c57862b737d05da8d77 - - default default] 10.0.0.144 "DELETE /v2.0/subnets/ba691baa-c892-46be-98e0-f6888e5a22f3 HTTP/1.1" status: 204 len: 168 time: 0.2346985
2026-07-16 08:02:41.235 9 INFO neutron.db.ovn_revision_numbers_db [None req-d3565b7e-96d5-4799-b770-7bc77ae18079 0de1181fed1549e38e0597fce2fc8660 b59aa09adb3a4c47a565c2e6406b9150 - - default default] Successfully bumped revision number for resource 42421dff-175f-469d-bde2-0060b86903c7 (type: security_groups) to 1
2026-07-16 08:02:41.249 9 INFO neutron.db.ovn_revision_numbers_db [None req-d3565b7e-96d5-4799-b770-7bc77ae18079 0de1181fed1549e38e0597fce2fc8660 b59aa09adb3a4c47a565c2e6406b9150 - - default default] Successfully bumped revision number for resource 09e9a982-10d5-49f1-9b41-35a320377cab (type: security_group_rules) to 0
2026-07-16 08:02:41.270 9 INFO neutron.db.ovn_revision_numbers_db [None req-d3565b7e-96d5-4799-b770-7bc77ae18079 0de1181fed1549e38e0597fce2fc8660 b59aa09adb3a4c47a565c2e6406b9150 - - default default] Successfully bumped revision number for resource 0af6aec3-9b71-4a39-85e9-a409244f2bb8 (type: security_group_rules) to 0
2026-07-16 08:02:41.284 9 INFO neutron.db.ovn_revision_numbers_db [None req-d3565b7e-96d5-4799-b770-7bc77ae18079 0de1181fed1549e38e0597fce2fc8660 b59aa09adb3a4c47a565c2e6406b9150 - - default default] Successfully bumped revision number for resource 6d7b6063-c8c0-4a1f-837e-2b4eb3c9e65d (type: security_group_rules) to 0
2026-07-16 08:02:41.298 9 INFO neutron.db.ovn_revision_numbers_db [None req-d3565b7e-96d5-4799-b770-7bc77ae18079 0de1181fed1549e38e0597fce2fc8660 b59aa09adb3a4c47a565c2e6406b9150 - - default default] Successfully bumped revision number for resource ccf37c3f-25d3-488f-b879-5b14bbc74667 (type: security_group_rules) to 0
2026-07-16 08:02:41.387 9 INFO neutron.db.ovn_revision_numbers_db [None req-d3565b7e-96d5-4799-b770-7bc77ae18079 0de1181fed1549e38e0597fce2fc8660 b59aa09adb3a4c47a565c2e6406b9150 - - default default] Successfully bumped revision number for resource ef56ee4b-e0f8-4f12-a89e-021819410c3a (type: security_groups) to 1
2026-07-16 08:02:41.398 9 INFO neutron.db.ovn_revision_numbers_db [None req-d3565b7e-96d5-4799-b770-7bc77ae18079 0de1181fed1549e38e0597fce2fc8660 b59aa09adb3a4c47a565c2e6406b9150 - - default default] Successfully bumped revision number for resource b158966d-f395-4232-98ac-dda4f06d26e2 (type: security_group_rules) to 0
2026-07-16 08:02:41.412 9 INFO neutron.db.ovn_revision_numbers_db [None req-d3565b7e-96d5-4799-b770-7bc77ae18079 0de1181fed1549e38e0597fce2fc8660 b59aa09adb3a4c47a565c2e6406b9150 - - default default] Successfully bumped revision number for resource b6350c6e-b4fc-4185-98b0-871c0a20dd0f (type: security_group_rules) to 0
2026-07-16 08:02:41.432 9 INFO neutron.wsgi [None req-d3565b7e-96d5-4799-b770-7bc77ae18079 0de1181fed1549e38e0597fce2fc8660 b59aa09adb3a4c47a565c2e6406b9150 - - default default] 10.0.0.144 "POST /v2.0/security-groups HTTP/1.1" status: 201 len: 1737 time: 0.5168903
2026-07-16 08:02:41.447 9 WARNING neutron_lib.context [None req-506a82ce-8a03-4a96-ac0d-8106920d8b85 0de1181fed1549e38e0597fce2fc8660 b59aa09adb3a4c47a565c2e6406b9150 - - default default] Method 'is_advsvc' is deprecated since 2023.2 release (neutron-lib 3.8.0) and will be removed once support for the old RBAC API policies will be removed from Neutron. Please use method 'is_service_role' instead.
2026-07-16 08:02:41.558 9 INFO neutron.db.ovn_revision_numbers_db [None req-506a82ce-8a03-4a96-ac0d-8106920d8b85 0de1181fed1549e38e0597fce2fc8660 b59aa09adb3a4c47a565c2e6406b9150 - - default default] Successfully bumped revision number for resource 6c4a9e21-2bd7-4993-bb67-a0fa719eeb7e (type: security_groups) to 1
2026-07-16 08:02:41.580 10 INFO neutron.wsgi [req-03194aca-f25b-48a0-9078-e55919a46531 req-b732b42c-00fb-413c-96df-49694216b9bc ff33527d33db4af5a55a2c217e0ea5bd 3b9970c0db904ff4b8bc6713951e7617 - - default default] 10.0.0.18 "GET /v2.0/ports?device_id=6e6d3c93-ebd7-4689-b250-c6e29d9bc543 HTTP/1.1" status: 200 len: 1172 time: 0.0388763
2026-07-16 08:02:41.585 9 INFO neutron.db.ovn_revision_numbers_db [None req-506a82ce-8a03-4a96-ac0d-8106920d8b85 0de1181fed1549e38e0597fce2fc8660 b59aa09adb3a4c47a565c2e6406b9150 - - default default] Successfully bumped revision number for resource 83829aac-64bf-4df1-9ca5-a3f2d44de7b8 (type: security_group_rules) to 0
2026-07-16 08:02:41.605 9 INFO neutron.db.ovn_revision_numbers_db [None req-506a82ce-8a03-4a96-ac0d-8106920d8b85 0de1181fed1549e38e0597fce2fc8660 b59aa09adb3a4c47a565c2e6406b9150 - - default default] Successfully bumped revision number for resource c57d08c5-c0c5-4d36-a7dc-95fc4661f965 (type: security_group_rules) to 0
2026-07-16 08:02:41.630 9 INFO neutron.wsgi [None req-506a82ce-8a03-4a96-ac0d-8106920d8b85 0de1181fed1549e38e0597fce2fc8660 b59aa09adb3a4c47a565c2e6406b9150 - - default default] 10.0.0.144 "POST /v2.0/security-groups HTTP/1.1" status: 201 len: 1737 time: 0.1895950
2026-07-16 08:02:41.640 9 WARNING neutron_lib.context [None req-a598890b-a1fa-43e6-ae3e-2998c5a2683a 0de1181fed1549e38e0597fce2fc8660 b59aa09adb3a4c47a565c2e6406b9150 - - default default] Method 'is_advsvc' is deprecated since 2023.2 release (neutron-lib 3.8.0) and will be removed once support for the old RBAC API policies will be removed from Neutron. Please use method 'is_service_role' instead.
2026-07-16 08:02:41.648 10 INFO neutron.wsgi [req-03194aca-f25b-48a0-9078-e55919a46531 req-da790eb1-0e6f-4bb3-8517-de347157097d ff33527d33db4af5a55a2c217e0ea5bd 3b9970c0db904ff4b8bc6713951e7617 - - default default] 10.0.0.18 "GET /v2.0/security-groups?id=91f0c7bd-6767-4ea2-ac85-ab5c7852f537&fields=id&fields=name HTTP/1.1" status: 200 len: 312 time: 0.0594640
2026-07-16 08:02:41.761 9 INFO neutron.db.ovn_revision_numbers_db [None req-a598890b-a1fa-43e6-ae3e-2998c5a2683a 0de1181fed1549e38e0597fce2fc8660 b59aa09adb3a4c47a565c2e6406b9150 - - default default] Successfully bumped revision number for resource d896e6e1-85f0-4b8d-ac0d-f6d42e3c731c (type: security_groups) to 1
2026-07-16 08:02:41.775 9 INFO neutron.db.ovn_revision_numbers_db [None req-a598890b-a1fa-43e6-ae3e-2998c5a2683a 0de1181fed1549e38e0597fce2fc8660 b59aa09adb3a4c47a565c2e6406b9150 - - default default] Successfully bumped revision number for resource b7809eb3-1fd8-4427-a793-83e8f25ac7b2 (type: security_group_rules) to 0
2026-07-16 08:02:41.791 9 INFO neutron.db.ovn_revision_numbers_db [None req-a598890b-a1fa-43e6-ae3e-2998c5a2683a 0de1181fed1549e38e0597fce2fc8660 b59aa09adb3a4c47a565c2e6406b9150 - - default default] Successfully bumped revision number for resource ba052e42-08f4-40b7-99cf-3858ab7da663 (type: security_group_rules) to 0
2026-07-16 08:02:41.792 10 INFO neutron.wsgi [None req-35e83e34-0dbd-4372-8734-70a002f3420b f390fc7264f343009888e8767ecb7f5c eb4ff8292bed4c57862b737d05da8d77 - - default default] 10.0.0.144 "DELETE /v2.0/networks/937885fb-bbfb-402b-a4c7-26e3488a6ef1 HTTP/1.1" status: 204 len: 168 time: 0.6109006
2026-07-16 08:02:41.812 9 INFO neutron.wsgi [None req-a598890b-a1fa-43e6-ae3e-2998c5a2683a 0de1181fed1549e38e0597fce2fc8660 b59aa09adb3a4c47a565c2e6406b9150 - - default default] 10.0.0.144 "POST /v2.0/security-groups HTTP/1.1" status: 201 len: 1737 time: 0.1782215
2026-07-16 08:02:41.822 9 WARNING neutron_lib.context [None req-3091eea7-9f6b-4488-9916-613175e0b865 0de1181fed1549e38e0597fce2fc8660 b59aa09adb3a4c47a565c2e6406b9150 - - default default] Method 'is_advsvc' is deprecated since 2023.2 release (neutron-lib 3.8.0) and will be removed once support for the old RBAC API policies will be removed from Neutron. Please use method 'is_service_role' instead.
2026-07-16 08:02:41.885 9 INFO neutron.wsgi [-] 10.0.0.160 "GET / HTTP/1.1" status: 200 len: 246 time: 0.0026631
2026-07-16 08:02:41.887 9 INFO neutron.wsgi [-] 10.0.0.160 "GET / HTTP/1.1" status: 200 len: 246 time: 0.0013030
2026-07-16 08:02:41.939 9 INFO neutron.db.ovn_revision_numbers_db [None req-3091eea7-9f6b-4488-9916-613175e0b865 0de1181fed1549e38e0597fce2fc8660 b59aa09adb3a4c47a565c2e6406b9150 - - default default] Successfully bumped revision number for resource fbd5978b-270e-4406-befd-8c1c9a144c4e (type: security_groups) to 1
2026-07-16 08:02:41.954 9 INFO neutron.db.ovn_revision_numbers_db [None req-3091eea7-9f6b-4488-9916-613175e0b865 0de1181fed1549e38e0597fce2fc8660 b59aa09adb3a4c47a565c2e6406b9150 - - default default] Successfully bumped revision number for resource a83fffaf-20dc-41c0-8de0-354824737555 (type: security_group_rules) to 0
2026-07-16 08:02:41.968 9 INFO neutron.db.ovn_revision_numbers_db [None req-3091eea7-9f6b-4488-9916-613175e0b865 0de1181fed1549e38e0597fce2fc8660 b59aa09adb3a4c47a565c2e6406b9150 - - default default] Successfully bumped revision number for resource aef0363a-5ad4-4077-a0f4-a12bac29c459 (type: security_group_rules) to 0
2026-07-16 08:02:41.988 9 INFO neutron.wsgi [None req-3091eea7-9f6b-4488-9916-613175e0b865 0de1181fed1549e38e0597fce2fc8660 b59aa09adb3a4c47a565c2e6406b9150 - - default default] 10.0.0.144 "POST /v2.0/security-groups HTTP/1.1" status: 201 len: 1737 time: 0.1707106
2026-07-16 08:02:41.999 9 WARNING neutron_lib.context [None req-c5e10e27-5a6e-4912-b0f8-f60cfc91cad1 0de1181fed1549e38e0597fce2fc8660 b59aa09adb3a4c47a565c2e6406b9150 - - default default] Method 'is_advsvc' is deprecated since 2023.2 release (neutron-lib 3.8.0) and will be removed once support for the old RBAC API policies will be removed from Neutron. Please use method 'is_service_role' instead.
2026-07-16 08:02:42.359 9 INFO neutron.db.ovn_revision_numbers_db [None req-c5e10e27-5a6e-4912-b0f8-f60cfc91cad1 0de1181fed1549e38e0597fce2fc8660 b59aa09adb3a4c47a565c2e6406b9150 - - default default] Successfully bumped revision number for resource 81dc5566-2333-4a62-8182-0179e65029bd (type: security_groups) to 1
2026-07-16 08:02:42.370 10 INFO neutron.services.segments.plugin [-] Segment b0e80141-1d8c-4501-89c9-805ff8122de5 resource provider aggregate not found
2026-07-16 08:02:42.374 9 INFO neutron.db.ovn_revision_numbers_db [None req-c5e10e27-5a6e-4912-b0f8-f60cfc91cad1 0de1181fed1549e38e0597fce2fc8660 b59aa09adb3a4c47a565c2e6406b9150 - - default default] Successfully bumped revision number for resource 29a589c2-078a-416b-94c7-3ce538d8ea62 (type: security_group_rules) to 0
2026-07-16 08:02:42.375 10 INFO neutron.services.segments.plugin [-] Segment b0e80141-1d8c-4501-89c9-805ff8122de5 resource provider aggregate not found
2026-07-16 08:02:42.386 10 INFO neutron.services.segments.plugin [-] Segment b0e80141-1d8c-4501-89c9-805ff8122de5 resource provider not found; error: Placement Client Error (4xx): {"errors": [{"status": 404, "title": "Not Found", "detail": "The resource could not be found.\n\n No resource provider with uuid b0e80141-1d8c-4501-89c9-805ff8122de5 found for delete ", "request_id": "req-c9b5b29e-7524-4d47-b2bc-0385478e85f4"}]}
2026-07-16 08:02:42.391 9 INFO neutron.db.ovn_revision_numbers_db [None req-c5e10e27-5a6e-4912-b0f8-f60cfc91cad1 0de1181fed1549e38e0597fce2fc8660 b59aa09adb3a4c47a565c2e6406b9150 - - default default] Successfully bumped revision number for resource 6cbea0d8-3ee8-4b3d-ae9e-f2471464c003 (type: security_group_rules) to 0
2026-07-16 08:02:42.394 10 INFO neutron.services.segments.plugin [-] Segment b0e80141-1d8c-4501-89c9-805ff8122de5 resource provider not found; error: Placement Client Error (4xx): {"errors": [{"status": 404, "title": "Not Found", "detail": "The resource could not be found.\n\n No resource provider with uuid b0e80141-1d8c-4501-89c9-805ff8122de5 found for delete ", "request_id": "req-ed1aaa54-fc35-4c9e-a0d4-73b85ad886fb"}]}
2026-07-16 08:02:42.411 9 INFO neutron.wsgi [None req-c5e10e27-5a6e-4912-b0f8-f60cfc91cad1 0de1181fed1549e38e0597fce2fc8660 b59aa09adb3a4c47a565c2e6406b9150 - - default default] 10.0.0.144 "POST /v2.0/security-groups HTTP/1.1" status: 201 len: 1737 time: 0.4176197
2026-07-16 08:02:42.460 10 INFO neutron.wsgi [None req-37e9bf0b-6b23-4e20-9e2f-6e3cf0b25f5c 0de1181fed1549e38e0597fce2fc8660 b59aa09adb3a4c47a565c2e6406b9150 - - default default] 10.0.0.144 "PUT /v2.0/security-groups/ef56ee4b-e0f8-4f12-a89e-021819410c3a/tags HTTP/1.1" status: 200 len: 210 time: 0.0417187
2026-07-16 08:02:42.507 10 INFO neutron.wsgi [None req-8f09fb9c-4b40-4a3b-9257-dd723b7cb1f0 0de1181fed1549e38e0597fce2fc8660 b59aa09adb3a4c47a565c2e6406b9150 - - default default] 10.0.0.144 "PUT /v2.0/security-groups/6c4a9e21-2bd7-4993-bb67-a0fa719eeb7e/tags HTTP/1.1" status: 200 len: 218 time: 0.0413179
2026-07-16 08:02:42.551 10 INFO neutron.wsgi [None req-c04a29cf-5e63-4373-80c3-c532467d612e 0de1181fed1549e38e0597fce2fc8660 b59aa09adb3a4c47a565c2e6406b9150 - - default default] 10.0.0.144 "PUT /v2.0/security-groups/d896e6e1-85f0-4b8d-ac0d-f6d42e3c731c/tags HTTP/1.1" status: 200 len: 227 time: 0.0384481
2026-07-16 08:02:42.568 9 INFO neutron.wsgi [None req-10f0b969-8ee8-49a1-9e0d-8b684ab8972f 3c16e09ca97c48abbb60d81debe674d1 71de93269cbc4b9c918ca7e83e197a78 - - default default] 10.0.0.144 "GET /v2.0/security-groups?tenant_id=eb4ff8292bed4c57862b737d05da8d77&name=default HTTP/1.1" status: 200 len: 2996 time: 0.1450157
2026-07-16 08:02:42.588 10 INFO neutron.wsgi [None req-a9cceb80-4871-4c26-9354-f3d43cc26320 0de1181fed1549e38e0597fce2fc8660 b59aa09adb3a4c47a565c2e6406b9150 - - default default] 10.0.0.144 "PUT /v2.0/security-groups/fbd5978b-270e-4406-befd-8c1c9a144c4e/tags HTTP/1.1" status: 200 len: 212 time: 0.0311856
2026-07-16 08:02:42.641 10 INFO neutron.wsgi [None req-c7ab86f9-476a-43cf-b3f7-28c382c553f1 0de1181fed1549e38e0597fce2fc8660 b59aa09adb3a4c47a565c2e6406b9150 - - default default] 10.0.0.144 "GET /v2.0/security-groups?tags=red HTTP/1.1" status: 200 len: 4813 time: 0.0476606
2026-07-16 08:02:42.690 10 INFO neutron.wsgi [None req-b6d74149-bbbe-4180-969e-7fff63585772 0de1181fed1549e38e0597fce2fc8660 b59aa09adb3a4c47a565c2e6406b9150 - - default default] 10.0.0.144 "GET /v2.0/security-groups?tags=red%2Cblue HTTP/1.1" status: 200 len: 3289 time: 0.0435133
2026-07-16 08:02:42.744 10 INFO neutron.wsgi [None req-824ceb40-8832-4c76-a9db-19fea54bb4e6 0de1181fed1549e38e0597fce2fc8660 b59aa09adb3a4c47a565c2e6406b9150 - - default default] 10.0.0.144 "GET /v2.0/security-groups?tags-any=blue HTTP/1.1" status: 200 len: 3289 time: 0.0503931
2026-07-16 08:02:42.788 10 INFO neutron.wsgi [req-efc5138e-7ab2-4a2f-90ef-341a4a5168a3 req-ee20bbb7-121c-4fca-91bf-397ba97de20c ff33527d33db4af5a55a2c217e0ea5bd 3b9970c0db904ff4b8bc6713951e7617 - - default default] 10.0.0.18 "GET /v2.0/ports?device_id=6e6d3c93-ebd7-4689-b250-c6e29d9bc543 HTTP/1.1" status: 200 len: 1172 time: 0.0549524
2026-07-16 08:02:42.804 10 INFO neutron.wsgi [None req-cbf243d4-0574-47bb-a499-2d7317121583 0de1181fed1549e38e0597fce2fc8660 b59aa09adb3a4c47a565c2e6406b9150 - - default default] 10.0.0.144 "GET /v2.0/security-groups?tags-any=red%2Cblue HTTP/1.1" status: 200 len: 4813 time: 0.0534515
2026-07-16 08:02:42.808 9 INFO neutron.wsgi [None req-8b72ffb9-0ce2-4557-a75f-954d47cb9aba 3c16e09ca97c48abbb60d81debe674d1 71de93269cbc4b9c918ca7e83e197a78 - - default default] 10.0.0.144 "DELETE /v2.0/security-groups/1505aaeb-2b09-43c9-826f-636d681c0660 HTTP/1.1" status: 204 len: 168 time: 0.2356234
2026-07-16 08:02:42.837 10 INFO neutron.wsgi [req-efc5138e-7ab2-4a2f-90ef-341a4a5168a3 req-a5653a76-3ce6-41a9-9c3e-1ef690d4ff9c ff33527d33db4af5a55a2c217e0ea5bd 3b9970c0db904ff4b8bc6713951e7617 - - default default] 10.0.0.18 "GET /v2.0/security-groups?id=91f0c7bd-6767-4ea2-ac85-ab5c7852f537&fields=id&fields=name HTTP/1.1" status: 200 len: 312 time: 0.0426769
2026-07-16 08:02:42.856 10 INFO neutron.wsgi [None req-627f6c23-152d-4cea-a3dc-2ee8289f3da8 0de1181fed1549e38e0597fce2fc8660 b59aa09adb3a4c47a565c2e6406b9150 - - default default] 10.0.0.144 "GET /v2.0/security-groups?not-tags=red HTTP/1.1" status: 200 len: 6041 time: 0.0480604
2026-07-16 08:02:42.905 10 INFO neutron.wsgi [None req-16ecfb85-08e3-4bd7-81dd-60e5c6c836ec 0de1181fed1549e38e0597fce2fc8660 b59aa09adb3a4c47a565c2e6406b9150 - - default default] 10.0.0.144 "GET /v2.0/security-groups?not-tags=red%2Cblue HTTP/1.1" status: 200 len: 7565 time: 0.0449309
2026-07-16 08:02:42.953 10 INFO neutron.wsgi [None req-0a712202-da39-44d2-bdf4-e0ad09ae7bbf 0de1181fed1549e38e0597fce2fc8660 b59aa09adb3a4c47a565c2e6406b9150 - - default default] 10.0.0.144 "GET /v2.0/security-groups?not-tags-any=blue HTTP/1.1" status: 200 len: 7565 time: 0.0428524
2026-07-16 08:02:42.999 10 INFO neutron.wsgi [None req-07bc5fd1-d984-48eb-a341-341507a7d17f 0de1181fed1549e38e0597fce2fc8660 b59aa09adb3a4c47a565c2e6406b9150 - - default default] 10.0.0.144 "GET /v2.0/security-groups?not-tags-any=red%2Cblue HTTP/1.1" status: 200 len: 6041 time: 0.0397797
2026-07-16 08:02:43.070 10 WARNING neutron.plugins.ml2.drivers.ovn.mech_driver.ovsdb.ovn_client [None req-1fed577b-fa7b-4690-8202-c757e3ffe61d - - - - - -] No hosting information found for port afa3cdd8-4440-4c64-ac4e-9398c3e36b2b: RuntimeError: No hosting information found for port afa3cdd8-4440-4c64-ac4e-9398c3e36b2b
2026-07-16 08:02:43.070 10 INFO neutron.plugins.ml2.drivers.ovn.mech_driver.mech_driver [None req-1fed577b-fa7b-4690-8202-c757e3ffe61d - - - - - -] OVN reports status up for port: 41bb5444-a250-4899-996b-1576f85f35bd
2026-07-16 08:02:43.086 10 INFO neutron.plugins.ml2.plugin [None req-1fed577b-fa7b-4690-8202-c757e3ffe61d - - - - - -] Attempt 1 to provision port 41bb5444-a250-4899-996b-1576f85f35bd
2026-07-16 08:02:43.121 10 INFO neutron.wsgi [None req-729fd0b4-d015-48ad-bb8f-988b0b65cdf5 0de1181fed1549e38e0597fce2fc8660 b59aa09adb3a4c47a565c2e6406b9150 - - default default] 10.0.0.144 "DELETE /v2.0/security-groups/ef56ee4b-e0f8-4f12-a89e-021819410c3a HTTP/1.1" status: 204 len: 168 time: 0.1163297
2026-07-16 08:02:43.203 10 INFO neutron.notifiers.nova [-] Nova event matching ['req-6cf47a47-353a-4812-831d-739a0955a43e'] response: {'server_uuid': '6e6d3c93-ebd7-4689-b250-c6e29d9bc543', 'name': 'network-vif-plugged', 'status': 'completed', 'tag': '41bb5444-a250-4899-996b-1576f85f35bd', 'code': 200}
2026-07-16 08:02:43.328 9 INFO neutron.wsgi [None req-34fc1911-233c-4b36-9792-b49f57b93a1f 0de1181fed1549e38e0597fce2fc8660 b59aa09adb3a4c47a565c2e6406b9150 - - default default] 10.0.0.144 "DELETE /v2.0/security-groups/6c4a9e21-2bd7-4993-bb67-a0fa719eeb7e HTTP/1.1" status: 204 len: 168 time: 0.1948287
2026-07-16 08:02:43.404 10 INFO neutron.db.ovn_revision_numbers_db [None req-1fed577b-fa7b-4690-8202-c757e3ffe61d - - - - - -] Successfully bumped revision number for resource 41bb5444-a250-4899-996b-1576f85f35bd (type: ports) to 4
2026-07-16 08:02:43.490 10 INFO neutron.wsgi [None req-210801a5-bf29-4d6a-8ade-6b5d27913c7a 0de1181fed1549e38e0597fce2fc8660 b59aa09adb3a4c47a565c2e6406b9150 - - default default] 10.0.0.144 "DELETE /v2.0/security-groups/d896e6e1-85f0-4b8d-ac0d-f6d42e3c731c HTTP/1.1" status: 204 len: 168 time: 0.1569920 /var/lib/openstack/lib/python3.10/site-packages/pycadf/identifier.py:71: UserWarning: Invalid uuid: neutron. To ensure interoperability, identifiers should be a valid uuid. warnings.warn(('Invalid uuid: %s. To ensure interoperability, '
2026-07-16 08:02:43.639 10 INFO neutron.wsgi [None req-dd6464db-6f1a-41d3-98e2-cd00caaf845b 0de1181fed1549e38e0597fce2fc8660 b59aa09adb3a4c47a565c2e6406b9150 - - default default] 10.0.0.144 "DELETE /v2.0/security-groups/fbd5978b-270e-4406-befd-8c1c9a144c4e HTTP/1.1" status: 204 len: 168 time: 0.1429610
2026-07-16 08:02:43.761 10 INFO neutron.wsgi [None req-e241b995-c8c7-469a-a7cd-42c76c84879e 0de1181fed1549e38e0597fce2fc8660 b59aa09adb3a4c47a565c2e6406b9150 - - default default] 10.0.0.144 "DELETE /v2.0/security-groups/81dc5566-2333-4a62-8182-0179e65029bd HTTP/1.1" status: 204 len: 168 time: 0.1157517
2026-07-16 08:02:43.951 10 INFO neutron.wsgi [req-4af9c99e-8584-4564-a134-2d85e28d2e8e req-61ede099-1c84-45cb-8c6d-6c7de47f2d3c ff33527d33db4af5a55a2c217e0ea5bd 3b9970c0db904ff4b8bc6713951e7617 - - default default] 10.0.0.18 "GET /v2.0/ports?device_id=6e6d3c93-ebd7-4689-b250-c6e29d9bc543 HTTP/1.1" status: 200 len: 1174 time: 0.0449104
2026-07-16 08:02:44.004 10 INFO neutron.wsgi [req-4af9c99e-8584-4564-a134-2d85e28d2e8e req-e972b1b6-7a83-4a94-9648-469442c9d468 ff33527d33db4af5a55a2c217e0ea5bd 3b9970c0db904ff4b8bc6713951e7617 - - default default] 10.0.0.18 "GET /v2.0/security-groups?id=91f0c7bd-6767-4ea2-ac85-ab5c7852f537&fields=id&fields=name HTTP/1.1" status: 200 len: 312 time: 0.0458701
2026-07-16 08:02:44.170 10 INFO neutron.wsgi [req-69da9238-418c-487b-aa30-25f7a8ddabb1 req-2b9b871a-c463-4b81-81f1-ad4b1c4d91c6 ff33527d33db4af5a55a2c217e0ea5bd 3b9970c0db904ff4b8bc6713951e7617 - - default default] 10.0.0.18 "GET /v2.0/ports?device_id=6e6d3c93-ebd7-4689-b250-c6e29d9bc543 HTTP/1.1" status: 200 len: 1174 time: 0.0966322
2026-07-16 08:02:44.243 9 INFO neutron.wsgi [None req-6332eb07-7cfa-42aa-bc25-69d0a8960123 3c16e09ca97c48abbb60d81debe674d1 71de93269cbc4b9c918ca7e83e197a78 - - default default] 10.0.0.144 "PUT /v2.0/routers/737d2da3-ef90-4ec7-94e3-4ac233f7bb23/remove_router_interface HTTP/1.1" status: 200 len: 503 time: 1.1931109 /var/lib/openstack/lib/python3.10/site-packages/pycadf/identifier.py:71: UserWarning: Invalid uuid: neutron. To ensure interoperability, identifiers should be a valid uuid. warnings.warn(('Invalid uuid: %s. To ensure interoperability, '
2026-07-16 08:02:44.412 10 INFO neutron.db.l3_db [None req-a3f33725-7e02-49b9-81e5-e53221bf9dab ff33527d33db4af5a55a2c217e0ea5bd 3b9970c0db904ff4b8bc6713951e7617 - - default default] Floating IP 835acc82-30e4-4373-a80e-fbc160601fed associated. External IP: 10.96.250.213, port: 41bb5444-a250-4899-996b-1576f85f35bd.
2026-07-16 08:02:44.613 10 INFO neutron.db.ovn_revision_numbers_db [None req-a3f33725-7e02-49b9-81e5-e53221bf9dab ff33527d33db4af5a55a2c217e0ea5bd 3b9970c0db904ff4b8bc6713951e7617 - - default default] Successfully bumped revision number for resource 835acc82-30e4-4373-a80e-fbc160601fed (type: floatingips) to 1
2026-07-16 08:02:44.723 10 INFO neutron.db.ovn_revision_numbers_db [None req-a3f33725-7e02-49b9-81e5-e53221bf9dab ff33527d33db4af5a55a2c217e0ea5bd 3b9970c0db904ff4b8bc6713951e7617 - - default default] Successfully bumped revision number for resource 835acc82-30e4-4373-a80e-fbc160601fed (type: floatingips) to 2
2026-07-16 08:02:44.749 10 INFO neutron.wsgi [None req-a3f33725-7e02-49b9-81e5-e53221bf9dab ff33527d33db4af5a55a2c217e0ea5bd 3b9970c0db904ff4b8bc6713951e7617 - - default default] 10.0.0.144 "PUT /v2.0/floatingips/835acc82-30e4-4373-a80e-fbc160601fed HTTP/1.1" status: 200 len: 1050 time: 0.5673606 /var/lib/openstack/lib/python3.10/site-packages/pycadf/identifier.py:71: UserWarning: Invalid uuid: neutron. To ensure interoperability, identifiers should be a valid uuid. warnings.warn(('Invalid uuid: %s. To ensure interoperability, '
2026-07-16 08:02:44.827 10 INFO neutron.wsgi [req-cf717773-a10c-4a4f-b65e-07fae8bd7124 req-c7a881b4-33a0-45b7-9d5a-be6cdda73bb5 ff33527d33db4af5a55a2c217e0ea5bd 3b9970c0db904ff4b8bc6713951e7617 - - default default] 10.0.0.18 "GET /v2.0/ports?device_id=6e6d3c93-ebd7-4689-b250-c6e29d9bc543 HTTP/1.1" status: 200 len: 1174 time: 0.0344839
2026-07-16 08:02:44.866 10 INFO neutron.wsgi [req-cf717773-a10c-4a4f-b65e-07fae8bd7124 req-8ba19e97-5f64-4dca-9bbc-0f386a409de5 ff33527d33db4af5a55a2c217e0ea5bd 3b9970c0db904ff4b8bc6713951e7617 - - default default] 10.0.0.18 "GET /v2.0/security-groups?id=91f0c7bd-6767-4ea2-ac85-ab5c7852f537&fields=id&fields=name HTTP/1.1" status: 200 len: 312 time: 0.0335875
2026-07-16 08:02:44.958 9 INFO neutron.db.ovn_revision_numbers_db [None req-d1e4dba9-791c-4634-ab45-51f156cf946f 3c16e09ca97c48abbb60d81debe674d1 71de93269cbc4b9c918ca7e83e197a78 - - default default] Successfully bumped revision number for resource cd2f1b33-327c-4dcf-97e6-bae179bc12f3 (type: security_groups) to 1
2026-07-16 08:02:44.987 9 INFO neutron.db.ovn_revision_numbers_db [None req-d1e4dba9-791c-4634-ab45-51f156cf946f 3c16e09ca97c48abbb60d81debe674d1 71de93269cbc4b9c918ca7e83e197a78 - - default default] Successfully bumped revision number for resource 2c0a2838-b30b-4622-bdf6-5a9d4cdcf3e0 (type: security_group_rules) to 0
2026-07-16 08:02:45.026 9 INFO neutron.db.ovn_revision_numbers_db [None req-d1e4dba9-791c-4634-ab45-51f156cf946f 3c16e09ca97c48abbb60d81debe674d1 71de93269cbc4b9c918ca7e83e197a78 - - default default] Successfully bumped revision number for resource 39585dcb-c066-4bb4-a86a-c9a6bb5e578d (type: security_group_rules) to 0
2026-07-16 08:02:45.064 9 INFO neutron.db.ovn_revision_numbers_db [None req-d1e4dba9-791c-4634-ab45-51f156cf946f 3c16e09ca97c48abbb60d81debe674d1 71de93269cbc4b9c918ca7e83e197a78 - - default default] Successfully bumped revision number for resource 53f051bd-f283-4c3c-a8ab-03a5dd1ca87e (type: security_group_rules) to 0
2026-07-16 08:02:45.112 9 INFO neutron.db.ovn_revision_numbers_db [None req-d1e4dba9-791c-4634-ab45-51f156cf946f 3c16e09ca97c48abbb60d81debe674d1 71de93269cbc4b9c918ca7e83e197a78 - - default default] Successfully bumped revision number for resource 78649f17-d367-4f75-9f1c-6d3260495596 (type: security_group_rules) to 0
2026-07-16 08:02:45.178 9 INFO neutron.wsgi [None req-d1e4dba9-791c-4634-ab45-51f156cf946f 3c16e09ca97c48abbb60d81debe674d1 71de93269cbc4b9c918ca7e83e197a78 - - default default] 10.0.0.144 "GET /v2.0/security-groups?tenant_id=93b4b1e03eb7468fa42d9f92b466b3fa&name=default HTTP/1.1" status: 200 len: 2996 time: 0.5459437
2026-07-16 08:02:45.220 9 INFO neutron.wsgi [None req-8619866d-a064-4396-84cc-4a7357c40cbe 3c16e09ca97c48abbb60d81debe674d1 71de93269cbc4b9c918ca7e83e197a78 - - default default] 10.0.0.144 "DELETE /v2.0/routers/737d2da3-ef90-4ec7-94e3-4ac233f7bb23 HTTP/1.1" status: 204 len: 168 time: 0.9728363
2026-07-16 08:02:45.243 10 INFO neutron.notifiers.nova [-] Nova event matching ['req-f57daf69-72bb-4dd4-a4cc-e4b5915dd4d7'] response: {'server_uuid': '6e6d3c93-ebd7-4689-b250-c6e29d9bc543', 'name': 'network-vif-plugged', 'status': 'completed', 'tag': '41bb5444-a250-4899-996b-1576f85f35bd', 'code': 200}
2026-07-16 08:02:45.243 10 INFO neutron.notifiers.nova [-] Nova event matching ['req-f57daf69-72bb-4dd4-a4cc-e4b5915dd4d7'] response: {'name': 'network-changed', 'server_uuid': '6e6d3c93-ebd7-4689-b250-c6e29d9bc543', 'tag': '41bb5444-a250-4899-996b-1576f85f35bd', 'status': 'completed', 'code': 200}
2026-07-16 08:02:45.248 10 INFO neutron.wsgi [req-4f847f39-368a-42a4-9507-682623bc033c req-695c6935-e996-42a1-ab2c-75cb747bae68 ff33527d33db4af5a55a2c217e0ea5bd 3b9970c0db904ff4b8bc6713951e7617 - - default default] 10.0.0.18 "GET /v2.0/ports?device_id=6e6d3c93-ebd7-4689-b250-c6e29d9bc543 HTTP/1.1" status: 200 len: 1174 time: 0.0560355
2026-07-16 08:02:45.284 10 INFO neutron.plugins.ml2.drivers.ovn.mech_driver.mech_driver [None req-1fed577b-fa7b-4690-8202-c757e3ffe61d - - - - - -] OVN reports status down for port: 41bb5444-a250-4899-996b-1576f85f35bd
2026-07-16 08:02:45.350 10 INFO neutron.wsgi [req-e2cb0296-5bf0-4c12-8eb4-267390f87b31 req-d3eb378f-337a-41d0-bc6d-5087b19a3d2f 2a4125f0616a4005a9a212b780586efb 38193357b44b4330ab3845d1ccfc7347 - - 13524b305ef34f7ba15bc447ba9ff922 13524b305ef34f7ba15bc447ba9ff922] 199.204.45.4 "GET /v2.0/ports?tenant_id=3b9970c0db904ff4b8bc6713951e7617&device_id=6e6d3c93-ebd7-4689-b250-c6e29d9bc543 HTTP/1.1" status: 200 len: 1413 time: 0.0826347
2026-07-16 08:02:45.356 10 INFO neutron.wsgi [req-4f847f39-368a-42a4-9507-682623bc033c req-34a6cd76-41fe-4209-aad3-a36f9246ab85 ff33527d33db4af5a55a2c217e0ea5bd 3b9970c0db904ff4b8bc6713951e7617 - - default default] 10.0.0.18 "GET /v2.0/security-groups?id=91f0c7bd-6767-4ea2-ac85-ab5c7852f537&fields=id&fields=name HTTP/1.1" status: 200 len: 312 time: 0.1000450
2026-07-16 08:02:45.450 10 INFO neutron.wsgi [req-e2cb0296-5bf0-4c12-8eb4-267390f87b31 req-2b6e77f6-1c97-4e77-b115-d2146871958b 2a4125f0616a4005a9a212b780586efb 38193357b44b4330ab3845d1ccfc7347 - - 13524b305ef34f7ba15bc447ba9ff922 13524b305ef34f7ba15bc447ba9ff922] 199.204.45.4 "GET /v2.0/networks?id=321750b9-2c15-4a4c-a38d-43383872c714 HTTP/1.1" status: 200 len: 966 time: 0.0915086
2026-07-16 08:02:45.519 9 INFO neutron.wsgi [None req-749e9f39-dc2c-4741-bb53-c7abd2dc376b 3c16e09ca97c48abbb60d81debe674d1 71de93269cbc4b9c918ca7e83e197a78 - - default default] 10.0.0.144 "DELETE /v2.0/subnets/d701a658-f497-4972-8127-2ba220de70fb HTTP/1.1" status: 204 len: 168 time: 0.2919993
2026-07-16 08:02:45.561 10 INFO neutron.wsgi [req-e2cb0296-5bf0-4c12-8eb4-267390f87b31 req-e8bbe1ed-2b5e-46e0-b430-3f286beef300 2a4125f0616a4005a9a212b780586efb 38193357b44b4330ab3845d1ccfc7347 - - 13524b305ef34f7ba15bc447ba9ff922 13524b305ef34f7ba15bc447ba9ff922] 199.204.45.4 "GET /v2.0/floatingips?fixed_ip_address=10.100.0.12&port_id=41bb5444-a250-4899-996b-1576f85f35bd HTTP/1.1" status: 200 len: 1058 time: 0.0957241
2026-07-16 08:02:45.625 10 INFO neutron.wsgi [req-e2cb0296-5bf0-4c12-8eb4-267390f87b31 req-0a33df17-b5e0-4678-b290-30fd6a0507dd 2a4125f0616a4005a9a212b780586efb 38193357b44b4330ab3845d1ccfc7347 - - 13524b305ef34f7ba15bc447ba9ff922 13524b305ef34f7ba15bc447ba9ff922] 199.204.45.4 "GET /v2.0/subnets?id=28454c7f-96c9-462e-b442-595a4739e02e HTTP/1.1" status: 200 len: 863 time: 0.0558307
2026-07-16 08:02:45.635 10 INFO neutron.wsgi [None req-944ec086-5950-479e-9844-0ddcb9d361db 3c16e09ca97c48abbb60d81debe674d1 71de93269cbc4b9c918ca7e83e197a78 - - default default] 10.0.0.144 "DELETE /v2.0/security-groups/cd2f1b33-327c-4dcf-97e6-bae179bc12f3 HTTP/1.1" status: 204 len: 168 time: 0.4506056
2026-07-16 08:02:45.661 10 INFO neutron.wsgi [req-e2cb0296-5bf0-4c12-8eb4-267390f87b31 req-e8a058f4-5623-40c7-bdc3-ba9539518283 2a4125f0616a4005a9a212b780586efb 38193357b44b4330ab3845d1ccfc7347 - - 13524b305ef34f7ba15bc447ba9ff922 13524b305ef34f7ba15bc447ba9ff922] 199.204.45.4 "GET /v2.0/ports?network_id=321750b9-2c15-4a4c-a38d-43383872c714&device_owner=network%3Adhcp HTTP/1.1" status: 200 len: 210 time: 0.0258577
2026-07-16 08:02:45.749 9 INFO neutron.wsgi [req-fa70dd73-08e3-4543-81bc-506b5da586b6 req-513d74a0-eb8f-46ba-96f2-836f62366b76 ff33527d33db4af5a55a2c217e0ea5bd 3b9970c0db904ff4b8bc6713951e7617 - - default default] 199.204.45.4 "GET /v2.0/ports?device_id=6e6d3c93-ebd7-4689-b250-c6e29d9bc543 HTTP/1.1" status: 200 len: 1172 time: 0.1673169
2026-07-16 08:02:45.784 10 INFO neutron.wsgi [req-e2cb0296-5bf0-4c12-8eb4-267390f87b31 req-52ffee83-4c97-4558-bf36-b76b382fc79f 2a4125f0616a4005a9a212b780586efb 38193357b44b4330ab3845d1ccfc7347 - - 13524b305ef34f7ba15bc447ba9ff922 13524b305ef34f7ba15bc447ba9ff922] 199.204.45.4 "GET /v2.0/networks/321750b9-2c15-4a4c-a38d-43383872c714?fields=segments HTTP/1.1" status: 200 len: 212 time: 0.1122665
2026-07-16 08:02:45.789 10 INFO neutron.db.ovn_revision_numbers_db [None req-1fed577b-fa7b-4690-8202-c757e3ffe61d - - - - - -] Successfully bumped revision number for resource 41bb5444-a250-4899-996b-1576f85f35bd (type: ports) to 5
2026-07-16 08:02:45.892 10 INFO neutron.wsgi [req-e2cb0296-5bf0-4c12-8eb4-267390f87b31 req-459fd1ac-ea33-489f-9f32-1d679a3e1703 2a4125f0616a4005a9a212b780586efb 38193357b44b4330ab3845d1ccfc7347 - - 13524b305ef34f7ba15bc447ba9ff922 13524b305ef34f7ba15bc447ba9ff922] 199.204.45.4 "GET /v2.0/networks/321750b9-2c15-4a4c-a38d-43383872c714?fields=provider%3Aphysical_network&fields=provider%3Anetwork_type HTTP/1.1" status: 200 len: 277 time: 0.1004829
2026-07-16 08:02:45.934 10 INFO neutron.db.ovn_revision_numbers_db [None req-eb63ddc6-df83-4325-be63-0c79f2edae2d 3c16e09ca97c48abbb60d81debe674d1 71de93269cbc4b9c918ca7e83e197a78 - - default default] Successfully bumped revision number for resource 2e7f67b9-a8cc-4580-bb15-11c4d8036369 (type: security_groups) to 1
2026-07-16 08:02:45.948 10 INFO neutron.db.ovn_revision_numbers_db [None req-eb63ddc6-df83-4325-be63-0c79f2edae2d 3c16e09ca97c48abbb60d81debe674d1 71de93269cbc4b9c918ca7e83e197a78 - - default default] Successfully bumped revision number for resource 243814ff-21ed-4e56-9324-b074e7ab3c41 (type: security_group_rules) to 0
2026-07-16 08:02:45.966 10 INFO neutron.db.ovn_revision_numbers_db [None req-eb63ddc6-df83-4325-be63-0c79f2edae2d 3c16e09ca97c48abbb60d81debe674d1 71de93269cbc4b9c918ca7e83e197a78 - - default default] Successfully bumped revision number for resource 94d7253b-0c3a-401a-a916-5b78acd72108 (type: security_group_rules) to 0
2026-07-16 08:02:45.983 10 INFO neutron.db.ovn_revision_numbers_db [None req-eb63ddc6-df83-4325-be63-0c79f2edae2d 3c16e09ca97c48abbb60d81debe674d1 71de93269cbc4b9c918ca7e83e197a78 - - default default] Successfully bumped revision number for resource ba338f7a-d4f3-4e96-a789-0fcdb24dcfa6 (type: security_group_rules) to 0
2026-07-16 08:02:45.998 10 INFO neutron.db.ovn_revision_numbers_db [None req-eb63ddc6-df83-4325-be63-0c79f2edae2d 3c16e09ca97c48abbb60d81debe674d1 71de93269cbc4b9c918ca7e83e197a78 - - default default] Successfully bumped revision number for resource da95118d-f71f-40ae-a3e8-0687dd4cf772 (type: security_group_rules) to 0
2026-07-16 08:02:46.021 10 INFO neutron.wsgi [None req-eb63ddc6-df83-4325-be63-0c79f2edae2d 3c16e09ca97c48abbb60d81debe674d1 71de93269cbc4b9c918ca7e83e197a78 - - default default] 10.0.0.144 "GET /v2.0/security-groups?tenant_id=e190f78d5e6c4c0bb6bcee6b5360e10c&name=default HTTP/1.1" status: 200 len: 2996 time: 0.2706769 /var/lib/openstack/lib/python3.10/site-packages/pycadf/identifier.py:71: UserWarning: Invalid uuid: neutron. To ensure interoperability, identifiers should be a valid uuid. warnings.warn(('Invalid uuid: %s. To ensure interoperability, '
2026-07-16 08:02:46.271 10 INFO neutron.wsgi [None req-1fba9dc4-9e9e-4041-918b-80a8a596aa7c 3c16e09ca97c48abbb60d81debe674d1 71de93269cbc4b9c918ca7e83e197a78 - - default default] 10.0.0.144 "DELETE /v2.0/security-groups/2e7f67b9-a8cc-4580-bb15-11c4d8036369 HTTP/1.1" status: 204 len: 168 time: 0.2348123
2026-07-16 08:02:46.455 9 INFO neutron.services.segments.plugin [-] Segment f04e49c5-e5fb-435a-8972-8f1890411de8 resource provider aggregate not found
2026-07-16 08:02:46.461 9 INFO neutron.services.segments.plugin [-] Segment f04e49c5-e5fb-435a-8972-8f1890411de8 resource provider aggregate not found
2026-07-16 08:02:46.486 10 INFO neutron.wsgi [req-f623a063-b0bb-47b2-9012-2bfd61065522 req-3ca595ef-44be-49fb-b904-1a18576fda1a ff33527d33db4af5a55a2c217e0ea5bd 3b9970c0db904ff4b8bc6713951e7617 - - default default] 10.0.0.18 "GET /v2.0/ports?device_id=6e6d3c93-ebd7-4689-b250-c6e29d9bc543 HTTP/1.1" status: 200 len: 1172 time: 0.0586691
2026-07-16 08:02:46.487 9 INFO neutron.services.segments.plugin [-] Segment f04e49c5-e5fb-435a-8972-8f1890411de8 resource provider not found; error: Placement Client Error (4xx): {"errors": [{"status": 404, "title": "Not Found", "detail": "The resource could not be found.\n\n No resource provider with uuid f04e49c5-e5fb-435a-8972-8f1890411de8 found for delete ", "request_id": "req-777724b9-53e1-40d4-8f8c-ed9bd6485675"}]}
2026-07-16 08:02:46.489 9 INFO neutron.services.segments.plugin [-] Segment f04e49c5-e5fb-435a-8972-8f1890411de8 resource provider not found; error: Placement Client Error (4xx): {"errors": [{"status": 404, "title": "Not Found", "detail": "The resource could not be found.\n\n No resource provider with uuid f04e49c5-e5fb-435a-8972-8f1890411de8 found for delete ", "request_id": "req-b4d0db19-1bfa-41b6-b324-30622864892b"}]}
