2026-07-16 08:03:48.611 9 WARNING neutron.api.rpc.agentnotifiers.dhcp_rpc_agent_api [None req-47a27fb8-e3a9-4d6b-b6ae-89e0b50a1401 46ca0343a0a0432c8e4b54074155f9fe a7b219d10089495fa0fde2ebc7b6282a - - default default] Unable to schedule network 8ca6ae07-b4cf-4079-8ad4-56668dde1788: no agents available; will retry on subsequent port and subnet creation events.
2026-07-16 08:03:48.677 9 INFO neutron.db.l3_db [req-e7389539-52f6-4eca-89f0-de1cf48c0c92 req-c9b59100-0254-45c1-9b69-e703d90bb256 56f84d49e2df47d1a4f34177a7c14f43 80716734145a4234af492f7146b7177c - - default default] Floating IP ab06768f-fe07-4c16-9077-c03bd04f9742 disassociated. External IP: 10.96.250.213, port: b76237e0-7054-4c4d-b0aa-a4307d7accd0.
2026-07-16 08:03:48.682 10 INFO neutron.wsgi [req-440a7362-b5d2-46c6-937e-061ebff5a09e req-58a4b35e-bd39-4b98-b68c-ffb725f893f4 56f84d49e2df47d1a4f34177a7c14f43 80716734145a4234af492f7146b7177c - - default default] 10.0.0.18 "GET /v2.0/ports?device_id=76fe7ebe-cfc3-4929-84e6-24a710fce653 HTTP/1.1" status: 200 len: 1174 time: 0.0570493 /var/lib/openstack/lib/python3.10/site-packages/pycadf/identifier.py:71: UserWarning: Invalid uuid: neutron. To ensure interoperability, identifiers should be a valid uuid. warnings.warn(('Invalid uuid: %s. To ensure interoperability, '
2026-07-16 08:03:48.785 10 INFO neutron.wsgi [req-440a7362-b5d2-46c6-937e-061ebff5a09e req-1c80943a-4583-4cb6-89ea-d0f5d320cc5a 56f84d49e2df47d1a4f34177a7c14f43 80716734145a4234af492f7146b7177c - - default default] 10.0.0.18 "GET /v2.0/security-groups?id=e1e429de-e460-4e45-a4de-eef110847ef0&fields=id&fields=name HTTP/1.1" status: 200 len: 312 time: 0.0623679
2026-07-16 08:03:48.839 9 INFO neutron.db.ovn_revision_numbers_db [None req-47a27fb8-e3a9-4d6b-b6ae-89e0b50a1401 46ca0343a0a0432c8e4b54074155f9fe a7b219d10089495fa0fde2ebc7b6282a - - default default] Successfully bumped revision number for resource 009e33d9-b648-45a4-b00f-4b35c3683a68 (type: ports) to 1
2026-07-16 08:03:48.874 9 INFO neutron.wsgi [None req-47a27fb8-e3a9-4d6b-b6ae-89e0b50a1401 46ca0343a0a0432c8e4b54074155f9fe a7b219d10089495fa0fde2ebc7b6282a - - default default] 10.0.0.144 "POST /v2.0/networks HTTP/1.1" status: 201 len: 853 time: 1.3029387
2026-07-16 08:03:48.883 9 INFO neutron.db.ovn_revision_numbers_db [None req-9922bd46-0a33-49c9-aed7-aec754b2273a - - - - - -] Successfully bumped revision number for resource b76237e0-7054-4c4d-b0aa-a4307d7accd0 (type: ports) to 6 /var/lib/openstack/lib/python3.10/site-packages/pycadf/identifier.py:71: UserWarning: Invalid uuid: neutron. To ensure interoperability, identifiers should be a valid uuid. warnings.warn(('Invalid uuid: %s. To ensure interoperability, '
2026-07-16 08:03:48.889 9 WARNING neutron_lib.context [None req-02bc91a1-b749-4a21-9218-027462753133 46ca0343a0a0432c8e4b54074155f9fe a7b219d10089495fa0fde2ebc7b6282a - - default default] Method 'is_advsvc' is deprecated since 2023.2 release (neutron-lib 3.8.0) and will be removed once support for the old RBAC API policies will be removed from Neutron. Please use method 'is_service_role' instead.
2026-07-16 08:03:48.976 9 WARNING neutron.plugins.ml2.drivers.ovn.mech_driver.ovsdb.ovn_client [None req-9922bd46-0a33-49c9-aed7-aec754b2273a - - - - - -] Logical_Switch_Port %s host information not updated, the port state is down
2026-07-16 08:03:48.976 9 INFO neutron.plugins.ml2.drivers.ovn.mech_driver.mech_driver [None req-9922bd46-0a33-49c9-aed7-aec754b2273a - - - - - -] OVN reports status down for port: b76237e0-7054-4c4d-b0aa-a4307d7accd0
2026-07-16 08:03:48.979 9 WARNING neutron_lib.context [None req-02bc91a1-b749-4a21-9218-027462753133 46ca0343a0a0432c8e4b54074155f9fe a7b219d10089495fa0fde2ebc7b6282a - - default default] Method 'is_advsvc' is deprecated since 2023.2 release (neutron-lib 3.8.0) and will be removed once support for the old RBAC API policies will be removed from Neutron. Please use method 'is_service_role' instead.
2026-07-16 08:03:49.037 9 INFO neutron.wsgi [req-e7389539-52f6-4eca-89f0-de1cf48c0c92 req-c9b59100-0254-45c1-9b69-e703d90bb256 56f84d49e2df47d1a4f34177a7c14f43 80716734145a4234af492f7146b7177c - - default default] 199.204.45.4 "DELETE /v2.0/ports/b76237e0-7054-4c4d-b0aa-a4307d7accd0 HTTP/1.1" status: 204 len: 173 time: 1.2035527
2026-07-16 08:03:49.465 9 WARNING neutron.scheduler.dhcp_agent_scheduler [None req-02bc91a1-b749-4a21-9218-027462753133 46ca0343a0a0432c8e4b54074155f9fe a7b219d10089495fa0fde2ebc7b6282a - - default default] No more DHCP agents
2026-07-16 08:03:49.467 9 WARNING neutron.api.rpc.agentnotifiers.dhcp_rpc_agent_api [None req-02bc91a1-b749-4a21-9218-027462753133 46ca0343a0a0432c8e4b54074155f9fe a7b219d10089495fa0fde2ebc7b6282a - - default default] Unable to schedule network 128b9bd5-8ba5-440e-8673-5ed55f36f097: no agents available; will retry on subsequent port and subnet creation events.
2026-07-16 08:03:49.606 9 INFO neutron.db.ovn_revision_numbers_db [None req-02bc91a1-b749-4a21-9218-027462753133 46ca0343a0a0432c8e4b54074155f9fe a7b219d10089495fa0fde2ebc7b6282a - - default default] Successfully bumped revision number for resource e4d35f2d-f5fd-49c0-a878-cfc476d1a330 (type: ports) to 1
2026-07-16 08:03:49.627 9 INFO neutron.notifiers.nova [-] Nova event matching ['req-9ae1a3b6-75a2-466e-9c3c-a8f37148d37b'] response: {'server_uuid': '76fe7ebe-cfc3-4929-84e6-24a710fce653', 'name': 'network-vif-plugged', 'status': 'completed', 'tag': 'b76237e0-7054-4c4d-b0aa-a4307d7accd0', 'code': 200}
2026-07-16 08:03:49.628 9 INFO neutron.notifiers.nova [-] Nova event matching ['req-9ae1a3b6-75a2-466e-9c3c-a8f37148d37b'] response: {'server_uuid': '76fe7ebe-cfc3-4929-84e6-24a710fce653', 'name': 'network-vif-plugged', 'status': 'completed', 'tag': 'b76237e0-7054-4c4d-b0aa-a4307d7accd0', 'code': 200}
2026-07-16 08:03:49.628 9 INFO neutron.notifiers.nova [-] Nova event matching ['req-9ae1a3b6-75a2-466e-9c3c-a8f37148d37b'] response: {'server_uuid': '76fe7ebe-cfc3-4929-84e6-24a710fce653', 'name': 'network-vif-plugged', 'status': 'completed', 'tag': 'b76237e0-7054-4c4d-b0aa-a4307d7accd0', 'code': 200}
2026-07-16 08:03:49.628 9 INFO neutron.notifiers.nova [-] Nova event matching ['req-9ae1a3b6-75a2-466e-9c3c-a8f37148d37b'] response: {'server_uuid': '76fe7ebe-cfc3-4929-84e6-24a710fce653', 'name': 'network-vif-deleted', 'tag': 'b76237e0-7054-4c4d-b0aa-a4307d7accd0', 'status': 'completed', 'code': 200}
2026-07-16 08:03:49.637 9 WARNING neutron.scheduler.dhcp_agent_scheduler [None req-02bc91a1-b749-4a21-9218-027462753133 46ca0343a0a0432c8e4b54074155f9fe a7b219d10089495fa0fde2ebc7b6282a - - default default] No more DHCP agents
2026-07-16 08:03:49.640 9 WARNING neutron.api.rpc.agentnotifiers.dhcp_rpc_agent_api [None req-02bc91a1-b749-4a21-9218-027462753133 46ca0343a0a0432c8e4b54074155f9fe a7b219d10089495fa0fde2ebc7b6282a - - default default] Unable to schedule network 8ca6ae07-b4cf-4079-8ad4-56668dde1788: no agents available; will retry on subsequent port and subnet creation events.
2026-07-16 08:03:49.748 9 INFO neutron.db.ovn_revision_numbers_db [None req-02bc91a1-b749-4a21-9218-027462753133 46ca0343a0a0432c8e4b54074155f9fe a7b219d10089495fa0fde2ebc7b6282a - - default default] Successfully bumped revision number for resource e72ca030-7737-4197-ae5f-3da1bb7dc951 (type: ports) to 1
2026-07-16 08:03:49.774 9 INFO neutron.wsgi [None req-02bc91a1-b749-4a21-9218-027462753133 46ca0343a0a0432c8e4b54074155f9fe a7b219d10089495fa0fde2ebc7b6282a - - default default] 10.0.0.144 "POST /v2.0/ports HTTP/1.1" status: 201 len: 1706 time: 0.8923857
2026-07-16 08:03:49.956 10 INFO neutron.wsgi [None req-499adfb6-06cd-4a73-b54d-2625deeb03a9 46ca0343a0a0432c8e4b54074155f9fe a7b219d10089495fa0fde2ebc7b6282a - - default default] 10.0.0.144 "GET /v2.0/ports HTTP/1.1" status: 200 len: 3213 time: 0.1777656 /var/lib/openstack/lib/python3.10/site-packages/pycadf/identifier.py:71: UserWarning: Invalid uuid: neutron. To ensure interoperability, identifiers should be a valid uuid. warnings.warn(('Invalid uuid: %s. To ensure interoperability, '
2026-07-16 08:03:50.027 10 INFO neutron.wsgi [None req-5f5124c5-986e-4b88-b44a-63aa8ed9dae0 56f84d49e2df47d1a4f34177a7c14f43 80716734145a4234af492f7146b7177c - - default default] 10.0.0.144 "DELETE /v2.0/security-groups/e1e429de-e460-4e45-a4de-eef110847ef0 HTTP/1.1" status: 204 len: 168 time: 0.1747839
2026-07-16 08:03:50.227 9 INFO neutron.wsgi [None req-f6d690e2-8916-46b4-bc0e-8eae8234a60b 46ca0343a0a0432c8e4b54074155f9fe a7b219d10089495fa0fde2ebc7b6282a - - default default] 10.0.0.144 "DELETE /v2.0/ports/e4d35f2d-f5fd-49c0-a878-cfc476d1a330 HTTP/1.1" status: 204 len: 168 time: 0.2658217
2026-07-16 08:03:50.476 10 INFO neutron.wsgi [None req-8fdd08a7-735c-42a9-b214-df5c416ee525 56f84d49e2df47d1a4f34177a7c14f43 80716734145a4234af492f7146b7177c - - default default] 10.0.0.144 "DELETE /v2.0/floatingips/ab06768f-fe07-4c16-9077-c03bd04f9742 HTTP/1.1" status: 204 len: 168 time: 0.3959606
2026-07-16 08:03:50.508 9 INFO neutron.wsgi [None req-ae049032-8ae3-4232-a94e-7f44e6f990a1 46ca0343a0a0432c8e4b54074155f9fe a7b219d10089495fa0fde2ebc7b6282a - - default default] 10.0.0.144 "DELETE /v2.0/ports/e72ca030-7737-4197-ae5f-3da1bb7dc951 HTTP/1.1" status: 204 len: 168 time: 0.2697909
2026-07-16 08:03:50.662 9 INFO neutron.wsgi [None req-567ef46d-8459-4db3-b49f-66eabf881932 46ca0343a0a0432c8e4b54074155f9fe a7b219d10089495fa0fde2ebc7b6282a - - default default] 10.0.0.144 "GET /v2.0/ports HTTP/1.1" status: 200 len: 1718 time: 0.1484177
2026-07-16 08:03:50.679 9 WARNING neutron_lib.context [None req-1c051c84-5886-47d9-a035-b7d5dbd51fb0 46ca0343a0a0432c8e4b54074155f9fe a7b219d10089495fa0fde2ebc7b6282a - - default default] Method 'is_advsvc' is deprecated since 2023.2 release (neutron-lib 3.8.0) and will be removed once support for the old RBAC API policies will be removed from Neutron. Please use method 'is_service_role' instead.
2026-07-16 08:03:50.706 10 INFO neutron.plugins.ml2.drivers.ovn.mech_driver.mech_driver [None req-1fed577b-fa7b-4690-8202-c757e3ffe61d - - - - - -] OVN reports status down for port: 39c4ba50-5cd2-4a0a-870b-96b7421686e9
2026-07-16 08:03:50.719 10 INFO neutron.wsgi [req-6078e097-c44c-421e-a860-a28486dd8865 req-a2de221d-2c80-4034-a72c-81ff4dfdfa06 56f84d49e2df47d1a4f34177a7c14f43 80716734145a4234af492f7146b7177c - - default default] 10.0.0.18 "GET /v2.0/ports?device_id=8afe2115-c847-4194-81a3-ba20ecd5c972 HTTP/1.1" status: 200 len: 1170 time: 0.0669055
2026-07-16 08:03:50.777 9 INFO neutron.db.segments_db [None req-1c051c84-5886-47d9-a035-b7d5dbd51fb0 46ca0343a0a0432c8e4b54074155f9fe a7b219d10089495fa0fde2ebc7b6282a - - default default] Added segment 29765c65-e66e-4083-87f9-27058b9ee20f of type geneve for network 5239f1d1-a462-4b54-8ada-cfe7ef21244b
2026-07-16 08:03:50.780 10 INFO neutron.wsgi [req-6078e097-c44c-421e-a860-a28486dd8865 req-3de36234-02d2-4294-9199-d79cbda2d112 56f84d49e2df47d1a4f34177a7c14f43 80716734145a4234af492f7146b7177c - - default default] 10.0.0.18 "GET /v2.0/security-groups?id=1cb83e5f-a76a-461b-840a-3881cbfedd09&fields=id&fields=name HTTP/1.1" status: 200 len: 312 time: 0.0524857
2026-07-16 08:03:50.887 10 INFO neutron.notifiers.nova [-] Nova event matching ['req-8e0602f2-c38b-4aca-b995-262f185c04da'] response: {'server_uuid': '8afe2115-c847-4194-81a3-ba20ecd5c972', 'name': 'network-vif-unplugged', 'status': 'completed', 'tag': '39c4ba50-5cd2-4a0a-870b-96b7421686e9', 'code': 200}
2026-07-16 08:03:50.967 9 INFO neutron.db.ovn_revision_numbers_db [None req-1c051c84-5886-47d9-a035-b7d5dbd51fb0 46ca0343a0a0432c8e4b54074155f9fe a7b219d10089495fa0fde2ebc7b6282a - - default default] Successfully bumped revision number for resource 5239f1d1-a462-4b54-8ada-cfe7ef21244b (type: networks) to 1
2026-07-16 08:03:51.026 9 INFO neutron.wsgi [req-45e1d000-9fe8-4421-b3b6-eb0ddadc7b17 req-5e176797-4cd2-4944-9a4d-bd77ad4c82bf 56f84d49e2df47d1a4f34177a7c14f43 80716734145a4234af492f7146b7177c - - default default] 199.204.45.4 "GET /v2.0/ports?device_id=8afe2115-c847-4194-81a3-ba20ecd5c972 HTTP/1.1" status: 200 len: 1168 time: 0.0446849
2026-07-16 08:03:51.092 10 INFO neutron.db.ovn_revision_numbers_db [None req-1fed577b-fa7b-4690-8202-c757e3ffe61d - - - - - -] Successfully bumped revision number for resource 39c4ba50-5cd2-4a0a-870b-96b7421686e9 (type: ports) to 5
2026-07-16 08:03:51.194 9 WARNING neutron.scheduler.dhcp_agent_scheduler [None req-1c051c84-5886-47d9-a035-b7d5dbd51fb0 46ca0343a0a0432c8e4b54074155f9fe a7b219d10089495fa0fde2ebc7b6282a - - default default] No more DHCP agents
2026-07-16 08:03:51.198 9 WARNING neutron.api.rpc.agentnotifiers.dhcp_rpc_agent_api [None req-1c051c84-5886-47d9-a035-b7d5dbd51fb0 46ca0343a0a0432c8e4b54074155f9fe a7b219d10089495fa0fde2ebc7b6282a - - default default] Unable to schedule network 5239f1d1-a462-4b54-8ada-cfe7ef21244b: no agents available; will retry on subsequent port and subnet creation events.
2026-07-16 08:03:51.309 9 INFO neutron.db.ovn_revision_numbers_db [None req-1c051c84-5886-47d9-a035-b7d5dbd51fb0 46ca0343a0a0432c8e4b54074155f9fe a7b219d10089495fa0fde2ebc7b6282a - - default default] Successfully bumped revision number for resource db245043-e582-4b20-87bc-849c0211f988 (type: ports) to 1
2026-07-16 08:03:51.326 9 INFO neutron.wsgi [None req-1c051c84-5886-47d9-a035-b7d5dbd51fb0 46ca0343a0a0432c8e4b54074155f9fe a7b219d10089495fa0fde2ebc7b6282a - - default default] 10.0.0.144 "POST /v2.0/networks HTTP/1.1" status: 201 len: 852 time: 0.6518524 /var/lib/openstack/lib/python3.10/site-packages/pycadf/identifier.py:71: UserWarning: Invalid uuid: neutron. To ensure interoperability, identifiers should be a valid uuid. warnings.warn(('Invalid uuid: %s. To ensure interoperability, '
2026-07-16 08:03:51.340 10 WARNING neutron_lib.context [None req-3bdc511c-eb6c-4e11-a3f7-193414b395c8 46ca0343a0a0432c8e4b54074155f9fe a7b219d10089495fa0fde2ebc7b6282a - - default default] Method 'is_advsvc' is deprecated since 2023.2 release (neutron-lib 3.8.0) and will be removed once support for the old RBAC API policies will be removed from Neutron. Please use method 'is_service_role' instead.
2026-07-16 08:03:51.391 9 INFO neutron.wsgi [req-45e1d000-9fe8-4421-b3b6-eb0ddadc7b17 req-88260c49-0cba-4b73-8c4c-8ac48ff6d1c6 56f84d49e2df47d1a4f34177a7c14f43 80716734145a4234af492f7146b7177c - - default default] 199.204.45.4 "DELETE /v2.0/ports/39c4ba50-5cd2-4a0a-870b-96b7421686e9 HTTP/1.1" status: 204 len: 173 time: 0.3575535
2026-07-16 08:03:51.425 10 INFO neutron.db.segments_db [None req-3bdc511c-eb6c-4e11-a3f7-193414b395c8 46ca0343a0a0432c8e4b54074155f9fe a7b219d10089495fa0fde2ebc7b6282a - - default default] Added segment ceecdb5a-2291-412d-8aa8-01ed20ae99d0 of type geneve for network 9b45b314-7889-49bf-858d-59a96063c670
2026-07-16 08:03:51.568 10 INFO neutron.db.ovn_revision_numbers_db [None req-3bdc511c-eb6c-4e11-a3f7-193414b395c8 46ca0343a0a0432c8e4b54074155f9fe a7b219d10089495fa0fde2ebc7b6282a - - default default] Successfully bumped revision number for resource 9b45b314-7889-49bf-858d-59a96063c670 (type: networks) to 1
2026-07-16 08:03:51.661 9 INFO neutron.notifiers.nova [-] Nova event matching ['req-0a0cef2c-3d47-4503-be54-dd1e183ea3a9'] response: {'server_uuid': '8afe2115-c847-4194-81a3-ba20ecd5c972', 'name': 'network-vif-deleted', 'tag': '39c4ba50-5cd2-4a0a-870b-96b7421686e9', 'status': 'completed', 'code': 200}
2026-07-16 08:03:51.781 10 WARNING neutron.scheduler.dhcp_agent_scheduler [None req-3bdc511c-eb6c-4e11-a3f7-193414b395c8 46ca0343a0a0432c8e4b54074155f9fe a7b219d10089495fa0fde2ebc7b6282a - - default default] No more DHCP agents
2026-07-16 08:03:51.784 10 WARNING neutron.api.rpc.agentnotifiers.dhcp_rpc_agent_api [None req-3bdc511c-eb6c-4e11-a3f7-193414b395c8 46ca0343a0a0432c8e4b54074155f9fe a7b219d10089495fa0fde2ebc7b6282a - - default default] Unable to schedule network 9b45b314-7889-49bf-858d-59a96063c670: no agents available; will retry on subsequent port and subnet creation events.
2026-07-16 08:03:51.886 10 INFO neutron.db.ovn_revision_numbers_db [None req-3bdc511c-eb6c-4e11-a3f7-193414b395c8 46ca0343a0a0432c8e4b54074155f9fe a7b219d10089495fa0fde2ebc7b6282a - - default default] Successfully bumped revision number for resource c1771f1e-7b77-49c4-b45e-0d753c161e4c (type: ports) to 1
2026-07-16 08:03:51.906 10 INFO neutron.wsgi [None req-3bdc511c-eb6c-4e11-a3f7-193414b395c8 46ca0343a0a0432c8e4b54074155f9fe a7b219d10089495fa0fde2ebc7b6282a - - default default] 10.0.0.144 "POST /v2.0/networks HTTP/1.1" status: 201 len: 852 time: 0.5744307
2026-07-16 08:03:51.980 9 INFO neutron.wsgi [None req-a8208183-401e-4b93-bee3-82db2198210c 56f84d49e2df47d1a4f34177a7c14f43 80716734145a4234af492f7146b7177c - - default default] 10.0.0.144 "DELETE /v2.0/security-groups/1cb83e5f-a76a-461b-840a-3881cbfedd09 HTTP/1.1" status: 204 len: 168 time: 0.1400816
2026-07-16 08:03:52.365 10 WARNING neutron_lib.context [None req-d17707f3-5c33-4c06-a06b-cc2db8ea5224 46ca0343a0a0432c8e4b54074155f9fe a7b219d10089495fa0fde2ebc7b6282a - - default default] Method 'is_advsvc' is deprecated since 2023.2 release (neutron-lib 3.8.0) and will be removed once support for the old RBAC API policies will be removed from Neutron. Please use method 'is_service_role' instead.
2026-07-16 08:03:52.408 10 WARNING neutron_lib.context [None req-d17707f3-5c33-4c06-a06b-cc2db8ea5224 46ca0343a0a0432c8e4b54074155f9fe a7b219d10089495fa0fde2ebc7b6282a - - default default] Method 'is_advsvc' is deprecated since 2023.2 release (neutron-lib 3.8.0) and will be removed once support for the old RBAC API policies will be removed from Neutron. Please use method 'is_service_role' instead.
2026-07-16 08:03:52.851 10 WARNING neutron.scheduler.dhcp_agent_scheduler [None req-d17707f3-5c33-4c06-a06b-cc2db8ea5224 46ca0343a0a0432c8e4b54074155f9fe a7b219d10089495fa0fde2ebc7b6282a - - default default] No more DHCP agents
2026-07-16 08:03:52.854 10 WARNING neutron.api.rpc.agentnotifiers.dhcp_rpc_agent_api [None req-d17707f3-5c33-4c06-a06b-cc2db8ea5224 46ca0343a0a0432c8e4b54074155f9fe a7b219d10089495fa0fde2ebc7b6282a - - default default] Unable to schedule network 5239f1d1-a462-4b54-8ada-cfe7ef21244b: no agents available; will retry on subsequent port and subnet creation events.
2026-07-16 08:03:52.898 10 INFO neutron.db.ovn_revision_numbers_db [None req-d17707f3-5c33-4c06-a06b-cc2db8ea5224 46ca0343a0a0432c8e4b54074155f9fe a7b219d10089495fa0fde2ebc7b6282a - - default default] Successfully bumped revision number for resource fd9cbff6-514c-453d-81dc-7f3741b59ac9 (type: subnets) to 0
2026-07-16 08:03:52.922 10 WARNING neutron.scheduler.dhcp_agent_scheduler [None req-d17707f3-5c33-4c06-a06b-cc2db8ea5224 46ca0343a0a0432c8e4b54074155f9fe a7b219d10089495fa0fde2ebc7b6282a - - default default] No more DHCP agents
2026-07-16 08:03:52.923 10 INFO neutron.notifiers.nova [-] Nova event matching ['req-d44d291e-fa31-467d-a206-a6577fc1b971'] response: {'server_uuid': '8afe2115-c847-4194-81a3-ba20ecd5c972', 'name': 'network-vif-plugged', 'status': 'completed', 'tag': '39c4ba50-5cd2-4a0a-870b-96b7421686e9', 'code': 200}
2026-07-16 08:03:52.925 10 WARNING neutron.api.rpc.agentnotifiers.dhcp_rpc_agent_api [None req-d17707f3-5c33-4c06-a06b-cc2db8ea5224 46ca0343a0a0432c8e4b54074155f9fe a7b219d10089495fa0fde2ebc7b6282a - - default default] Unable to schedule network 9b45b314-7889-49bf-858d-59a96063c670: no agents available; will retry on subsequent port and subnet creation events.
2026-07-16 08:03:52.958 10 INFO neutron.db.ovn_revision_numbers_db [None req-d17707f3-5c33-4c06-a06b-cc2db8ea5224 46ca0343a0a0432c8e4b54074155f9fe a7b219d10089495fa0fde2ebc7b6282a - - default default] Successfully bumped revision number for resource 9636a1ed-6762-41b6-90fb-3818ad8329ab (type: subnets) to 0
2026-07-16 08:03:52.974 10 INFO neutron.wsgi [None req-d17707f3-5c33-4c06-a06b-cc2db8ea5224 46ca0343a0a0432c8e4b54074155f9fe a7b219d10089495fa0fde2ebc7b6282a - - default default] 10.0.0.144 "POST /v2.0/subnets HTTP/1.1" status: 201 len: 1475 time: 0.6145010
2026-07-16 08:03:53.030 10 INFO neutron.wsgi [None req-98c1e27f-c76a-427d-b4cd-b3161167d030 46ca0343a0a0432c8e4b54074155f9fe a7b219d10089495fa0fde2ebc7b6282a - - default default] 10.0.0.144 "GET /v2.0/subnets HTTP/1.1" status: 200 len: 2083 time: 0.0506022
2026-07-16 08:03:53.251 10 INFO neutron.wsgi [None req-600aa613-e2c3-402b-b22d-36e66795b32a 46ca0343a0a0432c8e4b54074155f9fe a7b219d10089495fa0fde2ebc7b6282a - - default default] 10.0.0.144 "DELETE /v2.0/subnets/fd9cbff6-514c-453d-81dc-7f3741b59ac9 HTTP/1.1" status: 204 len: 168 time: 0.2077501
2026-07-16 08:03:53.295 9 INFO neutron.wsgi [None req-0c5a6951-6181-4582-b39e-dfd19bdd2cb4 56f84d49e2df47d1a4f34177a7c14f43 80716734145a4234af492f7146b7177c - - default default] 10.0.0.144 "PUT /v2.0/routers/e5953d69-fb21-48a4-8ca4-0c8026184a27/remove_router_interface HTTP/1.1" status: 200 len: 503 time: 1.2841654
2026-07-16 08:03:53.506 10 INFO neutron.wsgi [None req-7387b553-e4c0-4e6b-bdb8-8d8daf31599c 46ca0343a0a0432c8e4b54074155f9fe a7b219d10089495fa0fde2ebc7b6282a - - default default] 10.0.0.144 "DELETE /v2.0/subnets/9636a1ed-6762-41b6-90fb-3818ad8329ab HTTP/1.1" status: 204 len: 168 time: 0.2473419
2026-07-16 08:03:53.549 10 INFO neutron.wsgi [None req-a8327732-590d-4bf0-895a-cd2ab5994107 46ca0343a0a0432c8e4b54074155f9fe a7b219d10089495fa0fde2ebc7b6282a - - default default] 10.0.0.144 "GET /v2.0/subnets HTTP/1.1" status: 200 len: 820 time: 0.0377417
2026-07-16 08:03:53.609 10 INFO neutron.wsgi [None req-40638970-2996-47b4-af8f-ca60b09fa32b 56f84d49e2df47d1a4f34177a7c14f43 80716734145a4234af492f7146b7177c - - default default] 10.0.0.144 "DELETE /v2.0/subnets/3e663163-fe69-4e2a-8537-8da12123d516 HTTP/1.1" status: 204 len: 168 time: 0.3095527 /var/lib/openstack/lib/python3.10/site-packages/pycadf/identifier.py:71: UserWarning: Invalid uuid: neutron. To ensure interoperability, identifiers should be a valid uuid. warnings.warn(('Invalid uuid: %s. To ensure interoperability, '
2026-07-16 08:03:54.230 10 INFO neutron.services.segments.plugin [-] Segment ceecdb5a-2291-412d-8aa8-01ed20ae99d0 resource provider aggregate not found
2026-07-16 08:03:54.235 10 INFO neutron.services.segments.plugin [-] Segment ceecdb5a-2291-412d-8aa8-01ed20ae99d0 resource provider aggregate not found
2026-07-16 08:03:54.249 10 INFO neutron.services.segments.plugin [-] Segment ceecdb5a-2291-412d-8aa8-01ed20ae99d0 resource provider not found; error: Placement Client Error (4xx): {"errors": [{"status": 404, "title": "Not Found", "detail": "The resource could not be found.\n\n No resource provider with uuid ceecdb5a-2291-412d-8aa8-01ed20ae99d0 found for delete ", "request_id": "req-14efc902-cc31-4bb9-ada5-141171ce1650"}]}
2026-07-16 08:03:54.250 10 INFO neutron.services.segments.plugin [-] Segment ceecdb5a-2291-412d-8aa8-01ed20ae99d0 resource provider not found; error: Placement Client Error (4xx): {"errors": [{"status": 404, "title": "Not Found", "detail": "The resource could not be found.\n\n No resource provider with uuid ceecdb5a-2291-412d-8aa8-01ed20ae99d0 found for delete ", "request_id": "req-e67175e9-cb23-4378-97db-23c7b133f727"}]}
2026-07-16 08:03:54.276 10 INFO neutron.wsgi [None req-f7e90e74-5ec8-4b3e-8414-cb1077c90211 46ca0343a0a0432c8e4b54074155f9fe a7b219d10089495fa0fde2ebc7b6282a - - default default] 10.0.0.144 "DELETE /v2.0/networks/9b45b314-7889-49bf-858d-59a96063c670 HTTP/1.1" status: 204 len: 168 time: 0.7176709
2026-07-16 08:03:54.515 9 INFO neutron.wsgi [None req-edc8da2e-98b3-4487-8907-686a220bfb62 56f84d49e2df47d1a4f34177a7c14f43 80716734145a4234af492f7146b7177c - - default default] 10.0.0.144 "DELETE /v2.0/routers/e5953d69-fb21-48a4-8ca4-0c8026184a27 HTTP/1.1" status: 204 len: 168 time: 0.8956022
2026-07-16 08:03:54.695 10 INFO neutron.wsgi [None req-eb4fc9f6-52be-41af-889b-c5fc0e2b2476 46ca0343a0a0432c8e4b54074155f9fe a7b219d10089495fa0fde2ebc7b6282a - - default default] 10.0.0.144 "DELETE /v2.0/networks/5239f1d1-a462-4b54-8ada-cfe7ef21244b HTTP/1.1" status: 204 len: 168 time: 0.4138772
2026-07-16 08:03:54.885 9 INFO neutron.services.segments.plugin [-] Segment b3b0a1b0-e4bf-45ca-8c9d-ea210186d140 resource provider aggregate not found
2026-07-16 08:03:54.890 9 INFO neutron.services.segments.plugin [-] Segment b3b0a1b0-e4bf-45ca-8c9d-ea210186d140 resource provider aggregate not found
2026-07-16 08:03:54.901 9 INFO neutron.services.segments.plugin [-] Segment b3b0a1b0-e4bf-45ca-8c9d-ea210186d140 resource provider not found; error: Placement Client Error (4xx): {"errors": [{"status": 404, "title": "Not Found", "detail": "The resource could not be found.\n\n No resource provider with uuid b3b0a1b0-e4bf-45ca-8c9d-ea210186d140 found for delete ", "request_id": "req-eff22d75-558a-4ac8-bfd0-5066df84b44c"}]}
2026-07-16 08:03:54.910 9 INFO neutron.services.segments.plugin [-] Segment b3b0a1b0-e4bf-45ca-8c9d-ea210186d140 resource provider not found; error: Placement Client Error (4xx): {"errors": [{"status": 404, "title": "Not Found", "detail": "The resource could not be found.\n\n No resource provider with uuid b3b0a1b0-e4bf-45ca-8c9d-ea210186d140 found for delete ", "request_id": "req-95680541-2d32-4455-815f-87e8dcdd72b6"}]}
2026-07-16 08:03:54.933 9 INFO neutron.wsgi [None req-3230be9e-bf79-419e-ad7a-7cfb8328566a 56f84d49e2df47d1a4f34177a7c14f43 80716734145a4234af492f7146b7177c - - default default] 10.0.0.144 "DELETE /v2.0/networks/1a4963de-c3ab-42b4-8018-e34939fa6be7 HTTP/1.1" status: 204 len: 168 time: 0.4120874
2026-07-16 08:03:55.082 10 INFO neutron.wsgi [None req-ede0a57f-5df4-4751-8276-f2452c473ed5 46ca0343a0a0432c8e4b54074155f9fe a7b219d10089495fa0fde2ebc7b6282a - - default default] 10.0.0.144 "DELETE /v2.0/networks/8ca6ae07-b4cf-4079-8ad4-56668dde1788 HTTP/1.1" status: 204 len: 168 time: 0.3828347
2026-07-16 08:03:55.726 9 INFO neutron.wsgi [None req-7d44c870-ef5e-451d-b653-13617a5ba5ce 46ca0343a0a0432c8e4b54074155f9fe a7b219d10089495fa0fde2ebc7b6282a - - default default] 10.0.0.144 "DELETE /v2.0/networks/128b9bd5-8ba5-440e-8673-5ed55f36f097 HTTP/1.1" status: 204 len: 168 time: 0.6373408
2026-07-16 08:03:55.768 10 INFO neutron.wsgi [None req-c0a0fdbe-2a3d-4d43-80f9-a4209634307d 3c16e09ca97c48abbb60d81debe674d1 71de93269cbc4b9c918ca7e83e197a78 - - default default] 10.0.0.144 "GET /v2.0/security-groups?tenant_id=80716734145a4234af492f7146b7177c&name=default HTTP/1.1" status: 200 len: 2996 time: 0.1182349
2026-07-16 08:03:55.944 10 INFO neutron.wsgi [None req-3531a076-4339-40c2-9303-912312f2d5e1 3c16e09ca97c48abbb60d81debe674d1 71de93269cbc4b9c918ca7e83e197a78 - - default default] 10.0.0.144 "DELETE /v2.0/security-groups/e5a481c7-36f9-402b-88d1-5018b3f6ccd8 HTTP/1.1" status: 204 len: 168 time: 0.1733713
2026-07-16 08:03:56.167 10 INFO neutron.db.ovn_revision_numbers_db [None req-dc68a171-8efc-4eab-92b2-f0bf25b911dc 3c16e09ca97c48abbb60d81debe674d1 71de93269cbc4b9c918ca7e83e197a78 - - default default] Successfully bumped revision number for resource 19c915f3-9bbd-438f-be5f-6b252f38fa44 (type: security_groups) to 1
2026-07-16 08:03:56.180 10 INFO neutron.db.ovn_revision_numbers_db [None req-dc68a171-8efc-4eab-92b2-f0bf25b911dc 3c16e09ca97c48abbb60d81debe674d1 71de93269cbc4b9c918ca7e83e197a78 - - default default] Successfully bumped revision number for resource 88ecb25e-5512-4a00-9060-f10d3ff6e468 (type: security_group_rules) to 0
2026-07-16 08:03:56.193 10 INFO neutron.db.ovn_revision_numbers_db [None req-dc68a171-8efc-4eab-92b2-f0bf25b911dc 3c16e09ca97c48abbb60d81debe674d1 71de93269cbc4b9c918ca7e83e197a78 - - default default] Successfully bumped revision number for resource 9a298413-cc16-4622-8ff5-efa5100e2183 (type: security_group_rules) to 0
2026-07-16 08:03:56.208 10 INFO neutron.db.ovn_revision_numbers_db [None req-dc68a171-8efc-4eab-92b2-f0bf25b911dc 3c16e09ca97c48abbb60d81debe674d1 71de93269cbc4b9c918ca7e83e197a78 - - default default] Successfully bumped revision number for resource a366a802-ad4a-43a2-9663-24a846c6b497 (type: security_group_rules) to 0
2026-07-16 08:03:56.221 10 INFO neutron.db.ovn_revision_numbers_db [None req-dc68a171-8efc-4eab-92b2-f0bf25b911dc 3c16e09ca97c48abbb60d81debe674d1 71de93269cbc4b9c918ca7e83e197a78 - - default default] Successfully bumped revision number for resource c44f9db7-86e5-4ba1-a43c-91056e8a8d2e (type: security_group_rules) to 0
2026-07-16 08:03:56.245 10 INFO neutron.wsgi [None req-dc68a171-8efc-4eab-92b2-f0bf25b911dc 3c16e09ca97c48abbb60d81debe674d1 71de93269cbc4b9c918ca7e83e197a78 - - default default] 10.0.0.144 "GET /v2.0/security-groups?tenant_id=3ac7f635df1c43e9b74d7fb5ce92457e&name=default HTTP/1.1" status: 200 len: 2996 time: 0.1768906
2026-07-16 08:03:56.266 10 INFO neutron.services.segments.plugin [-] Segment 29765c65-e66e-4083-87f9-27058b9ee20f resource provider aggregate not found
2026-07-16 08:03:56.273 10 INFO neutron.services.segments.plugin [-] Segment 29765c65-e66e-4083-87f9-27058b9ee20f resource provider aggregate not found
2026-07-16 08:03:56.288 10 INFO neutron.services.segments.plugin [-] Segment 29765c65-e66e-4083-87f9-27058b9ee20f resource provider not found; error: Placement Client Error (4xx): {"errors": [{"status": 404, "title": "Not Found", "detail": "The resource could not be found.\n\n No resource provider with uuid 29765c65-e66e-4083-87f9-27058b9ee20f found for delete ", "request_id": "req-501abe70-fae1-4c20-baf5-b4f1b5a99a6c"}]}
2026-07-16 08:03:56.293 10 INFO neutron.services.segments.plugin [-] Segment 29765c65-e66e-4083-87f9-27058b9ee20f resource provider not found; error: Placement Client Error (4xx): {"errors": [{"status": 404, "title": "Not Found", "detail": "The resource could not be found.\n\n No resource provider with uuid 29765c65-e66e-4083-87f9-27058b9ee20f found for delete ", "request_id": "req-4050fb79-be9d-4195-a8fc-275d9009a940"}]}
2026-07-16 08:03:56.303 10 INFO neutron.services.segments.plugin [-] Segment 064b9a06-9d3a-4a56-887e-b6791e507b52 resource provider aggregate not found
2026-07-16 08:03:56.308 10 INFO neutron.services.segments.plugin [-] Segment 064b9a06-9d3a-4a56-887e-b6791e507b52 resource provider aggregate not found
2026-07-16 08:03:56.317 10 INFO neutron.services.segments.plugin [-] Segment 064b9a06-9d3a-4a56-887e-b6791e507b52 resource provider not found; error: Placement Client Error (4xx): {"errors": [{"status": 404, "title": "Not Found", "detail": "The resource could not be found.\n\n No resource provider with uuid 064b9a06-9d3a-4a56-887e-b6791e507b52 found for delete ", "request_id": "req-927d6097-09c2-4e48-bf57-228cdcc908c9"}]}
2026-07-16 08:03:56.321 10 INFO neutron.services.segments.plugin [-] Segment 064b9a06-9d3a-4a56-887e-b6791e507b52 resource provider not found; error: Placement Client Error (4xx): {"errors": [{"status": 404, "title": "Not Found", "detail": "The resource could not be found.\n\n No resource provider with uuid 064b9a06-9d3a-4a56-887e-b6791e507b52 found for delete ", "request_id": "req-e73f2e0e-dfc0-47e8-afc6-e369b558dd57"}]}
2026-07-16 08:03:56.336 9 INFO neutron.wsgi [None req-58e1f4a3-4b1f-499c-86fe-9adb11e0d7b5 3c16e09ca97c48abbb60d81debe674d1 71de93269cbc4b9c918ca7e83e197a78 - - default default] 10.0.0.144 "GET /v2.0/security-groups?tenant_id=a7b219d10089495fa0fde2ebc7b6282a&name=default HTTP/1.1" status: 200 len: 2996 time: 0.1410928
2026-07-16 08:03:56.501 9 INFO neutron.wsgi [None req-a025f733-0ec9-4cab-b29c-32c50d75bf5b 3c16e09ca97c48abbb60d81debe674d1 71de93269cbc4b9c918ca7e83e197a78 - - default default] 10.0.0.144 "DELETE /v2.0/security-groups/19c915f3-9bbd-438f-be5f-6b252f38fa44 HTTP/1.1" status: 204 len: 168 time: 0.2516119
2026-07-16 08:03:56.566 9 INFO neutron.wsgi [None req-d6829faf-6531-49a5-93de-ccc03f332e5f 3c16e09ca97c48abbb60d81debe674d1 71de93269cbc4b9c918ca7e83e197a78 - - default default] 10.0.0.144 "DELETE /v2.0/security-groups/baf1b7ac-5959-4b81-ba31-3de65c5e7352 HTTP/1.1" status: 204 len: 168 time: 0.2251823
2026-07-16 08:03:56.884 9 INFO neutron.wsgi [-] 10.0.0.160 "GET / HTTP/1.1" status: 200 len: 246 time: 0.0018888
2026-07-16 08:03:56.884 10 INFO neutron.wsgi [-] 10.0.0.160 "GET / HTTP/1.1" status: 200 len: 246 time: 0.0026498
2026-07-16 08:03:56.919 9 INFO neutron.services.segments.plugin [-] Segment bf9a4c69-d0ee-4810-aa5f-e4f337062a5d resource provider aggregate not found
2026-07-16 08:03:56.929 9 INFO neutron.services.segments.plugin [-] Segment bf9a4c69-d0ee-4810-aa5f-e4f337062a5d resource provider aggregate not found
2026-07-16 08:03:56.943 9 INFO neutron.services.segments.plugin [-] Segment bf9a4c69-d0ee-4810-aa5f-e4f337062a5d resource provider not found; error: Placement Client Error (4xx): {"errors": [{"status": 404, "title": "Not Found", "detail": "The resource could not be found.\n\n No resource provider with uuid bf9a4c69-d0ee-4810-aa5f-e4f337062a5d found for delete ", "request_id": "req-994820ed-7958-4e46-a983-b48f3c0d9bb1"}]}
2026-07-16 08:03:56.944 9 INFO neutron.services.segments.plugin [-] Segment bf9a4c69-d0ee-4810-aa5f-e4f337062a5d resource provider not found; error: Placement Client Error (4xx): {"errors": [{"status": 404, "title": "Not Found", "detail": "The resource could not be found.\n\n No resource provider with uuid bf9a4c69-d0ee-4810-aa5f-e4f337062a5d found for delete ", "request_id": "req-d17a2698-81c1-4d58-ad73-3214a61352dc"}]}
2026-07-16 08:03:58.340 10 INFO neutron.wsgi [req-1a886507-a4bb-4642-b966-edb913d0f0c3 req-89a7b388-6229-4cf0-abd7-819e4d1de033 db2d172bfab74d51b9f8e99c4b30d031 da36c34ce4b14ecb98c91770c2c9745f - - default default] 10.0.0.18 "GET /v2.0/ports?device_id=4fddc59f-e0dc-46d5-8280-3e25dd43f452 HTTP/1.1" status: 200 len: 1210 time: 0.0839822
2026-07-16 08:03:58.391 10 INFO neutron.wsgi [req-1a886507-a4bb-4642-b966-edb913d0f0c3 req-6321466e-454b-4426-9210-1068c3e7143b db2d172bfab74d51b9f8e99c4b30d031 da36c34ce4b14ecb98c91770c2c9745f - - default default] 10.0.0.18 "GET /v2.0/security-groups?id=900153ae-cdee-412b-81fd-334dc8254e7d&id=7e25441b-82a6-4784-93ae-36fd77cc25a8&fields=id&fields=name HTTP/1.1" status: 200 len: 404 time: 0.0445707
2026-07-16 08:03:58.582 10 WARNING neutron_lib.context [None req-159a5b79-5948-4f47-8e82-c0199cbbcecd 64ee7980c8f24cfbba38064911ffa7f4 134e81fdcc4d4ac6a9da72b481cb5730 - - default default] Method 'is_advsvc' is deprecated since 2023.2 release (neutron-lib 3.8.0) and will be removed once support for the old RBAC API policies will be removed from Neutron. Please use method 'is_service_role' instead.
2026-07-16 08:03:58.681 10 INFO neutron.wsgi [None req-21025e86-632a-4833-805f-93a98c912c3c 670ae988fd3e4a7ba827307badcbe6bb 345c8792675240759125b5600c47f65d - - default default] 10.0.0.144 "GET /v2.0/ports?device_id=4fddc59f-e0dc-46d5-8280-3e25dd43f452 HTTP/1.1" status: 200 len: 1443 time: 0.2677174
2026-07-16 08:03:58.767 10 INFO neutron.wsgi [None req-6a8ac1f8-b8d6-4e1e-b125-3f16520d79f1 db2d172bfab74d51b9f8e99c4b30d031 da36c34ce4b14ecb98c91770c2c9745f - - default default] 10.0.0.144 "GET /v2.0/floatingips?floating_network_id=eb2eed8e-9f13-490c-9010-49ac32b30e05&port_id=97ecfbda-da85-4ed4-92d2-bb67e8b25611 HTTP/1.1" status: 200 len: 1054 time: 0.0726733
2026-07-16 08:03:58.798 10 INFO neutron.db.ovn_revision_numbers_db [None req-159a5b79-5948-4f47-8e82-c0199cbbcecd 64ee7980c8f24cfbba38064911ffa7f4 134e81fdcc4d4ac6a9da72b481cb5730 - - default default] Successfully bumped revision number for resource fa937858-8da4-48d9-8066-d01a83996334 (type: security_groups) to 1
2026-07-16 08:03:58.809 10 INFO neutron.db.ovn_revision_numbers_db [None req-159a5b79-5948-4f47-8e82-c0199cbbcecd 64ee7980c8f24cfbba38064911ffa7f4 134e81fdcc4d4ac6a9da72b481cb5730 - - default default] Successfully bumped revision number for resource 433b6313-9157-4c2e-b6fc-49d3de998f0d (type: security_group_rules) to 0
2026-07-16 08:03:58.824 10 INFO neutron.db.ovn_revision_numbers_db [None req-159a5b79-5948-4f47-8e82-c0199cbbcecd 64ee7980c8f24cfbba38064911ffa7f4 134e81fdcc4d4ac6a9da72b481cb5730 - - default default] Successfully bumped revision number for resource 6ff094a7-6c17-45e1-980d-5477e8365e13 (type: security_group_rules) to 0
2026-07-16 08:03:58.844 10 INFO neutron.db.ovn_revision_numbers_db [None req-159a5b79-5948-4f47-8e82-c0199cbbcecd 64ee7980c8f24cfbba38064911ffa7f4 134e81fdcc4d4ac6a9da72b481cb5730 - - default default] Successfully bumped revision number for resource da5126a9-82d1-4c08-a6b6-a5d8e567e2a8 (type: security_group_rules) to 0
2026-07-16 08:03:58.862 10 INFO neutron.db.ovn_revision_numbers_db [None req-159a5b79-5948-4f47-8e82-c0199cbbcecd 64ee7980c8f24cfbba38064911ffa7f4 134e81fdcc4d4ac6a9da72b481cb5730 - - default default] Successfully bumped revision number for resource e97f1249-ec60-4729-bc94-cc6ba47931fa (type: security_group_rules) to 0
2026-07-16 08:03:58.914 10 INFO neutron.db.segments_db [None req-159a5b79-5948-4f47-8e82-c0199cbbcecd 64ee7980c8f24cfbba38064911ffa7f4 134e81fdcc4d4ac6a9da72b481cb5730 - - default default] Added segment ac76e87d-0b9d-4a4e-8696-fd6126f4ee88 of type geneve for network 7ae5d421-9183-4756-9829-61e5330839fc
2026-07-16 08:03:59.005 10 INFO neutron.wsgi [req-cf39d7d1-93b9-48c6-b8ed-7bc23ac12e07 req-526e23de-25a7-4ece-9380-fae2bc021104 2a4125f0616a4005a9a212b780586efb 38193357b44b4330ab3845d1ccfc7347 - - 13524b305ef34f7ba15bc447ba9ff922 13524b305ef34f7ba15bc447ba9ff922] 10.0.0.241 "GET /v2.0/ports?device_id=4fddc59f-e0dc-46d5-8280-3e25dd43f452 HTTP/1.1" status: 200 len: 1448 time: 0.0426958
2026-07-16 08:03:59.091 10 INFO neutron.wsgi [req-cf39d7d1-93b9-48c6-b8ed-7bc23ac12e07 req-d33e3a7a-4188-41a5-a96a-327632f070e5 2a4125f0616a4005a9a212b780586efb 38193357b44b4330ab3845d1ccfc7347 - - 13524b305ef34f7ba15bc447ba9ff922 13524b305ef34f7ba15bc447ba9ff922] 10.0.0.241 "GET /v2.0/security-groups?id=900153ae-cdee-412b-81fd-334dc8254e7d&id=7e25441b-82a6-4784-93ae-36fd77cc25a8&fields=id&fields=name HTTP/1.1" status: 200 len: 404 time: 0.0771830
2026-07-16 08:03:59.097 10 INFO neutron.db.ovn_revision_numbers_db [None req-159a5b79-5948-4f47-8e82-c0199cbbcecd 64ee7980c8f24cfbba38064911ffa7f4 134e81fdcc4d4ac6a9da72b481cb5730 - - default default] Successfully bumped revision number for resource 7ae5d421-9183-4756-9829-61e5330839fc (type: networks) to 1
2026-07-16 08:03:59.284 10 WARNING neutron.scheduler.dhcp_agent_scheduler [None req-159a5b79-5948-4f47-8e82-c0199cbbcecd 64ee7980c8f24cfbba38064911ffa7f4 134e81fdcc4d4ac6a9da72b481cb5730 - - default default] No more DHCP agents
2026-07-16 08:03:59.286 10 WARNING neutron.api.rpc.agentnotifiers.dhcp_rpc_agent_api [None req-159a5b79-5948-4f47-8e82-c0199cbbcecd 64ee7980c8f24cfbba38064911ffa7f4 134e81fdcc4d4ac6a9da72b481cb5730 - - default default] Unable to schedule network 7ae5d421-9183-4756-9829-61e5330839fc: no agents available; will retry on subsequent port and subnet creation events.
2026-07-16 08:03:59.368 10 INFO neutron.db.ovn_revision_numbers_db [None req-159a5b79-5948-4f47-8e82-c0199cbbcecd 64ee7980c8f24cfbba38064911ffa7f4 134e81fdcc4d4ac6a9da72b481cb5730 - - default default] Successfully bumped revision number for resource 416fe018-53b5-4f68-93e1-72cb08020f38 (type: ports) to 1
2026-07-16 08:03:59.393 10 INFO neutron.wsgi [None req-159a5b79-5948-4f47-8e82-c0199cbbcecd 64ee7980c8f24cfbba38064911ffa7f4 134e81fdcc4d4ac6a9da72b481cb5730 - - default default] 10.0.0.144 "POST /v2.0/networks HTTP/1.1" status: 201 len: 842 time: 0.9271917
2026-07-16 08:03:59.433 9 WARNING neutron_lib.context [None req-56631972-adcb-401b-a45c-532d6ec42796 64ee7980c8f24cfbba38064911ffa7f4 134e81fdcc4d4ac6a9da72b481cb5730 - - default default] Method 'is_advsvc' is deprecated since 2023.2 release (neutron-lib 3.8.0) and will be removed once support for the old RBAC API policies will be removed from Neutron. Please use method 'is_service_role' instead.
2026-07-16 08:03:59.691 9 WARNING neutron.scheduler.dhcp_agent_scheduler [None req-56631972-adcb-401b-a45c-532d6ec42796 64ee7980c8f24cfbba38064911ffa7f4 134e81fdcc4d4ac6a9da72b481cb5730 - - default default] No more DHCP agents
2026-07-16 08:03:59.694 9 WARNING neutron.api.rpc.agentnotifiers.dhcp_rpc_agent_api [None req-56631972-adcb-401b-a45c-532d6ec42796 64ee7980c8f24cfbba38064911ffa7f4 134e81fdcc4d4ac6a9da72b481cb5730 - - default default] Unable to schedule network 7ae5d421-9183-4756-9829-61e5330839fc: no agents available; will retry on subsequent port and subnet creation events.
2026-07-16 08:04:00.159 9 INFO neutron.db.ovn_revision_numbers_db [None req-56631972-adcb-401b-a45c-532d6ec42796 64ee7980c8f24cfbba38064911ffa7f4 134e81fdcc4d4ac6a9da72b481cb5730 - - default default] Successfully bumped revision number for resource 416fe018-53b5-4f68-93e1-72cb08020f38 (type: ports) to 2
2026-07-16 08:04:00.197 9 INFO neutron.db.ovn_revision_numbers_db [None req-56631972-adcb-401b-a45c-532d6ec42796 64ee7980c8f24cfbba38064911ffa7f4 134e81fdcc4d4ac6a9da72b481cb5730 - - default default] Successfully bumped revision number for resource 20a17f2f-f246-4495-bc66-60e5bd7f014f (type: subnets) to 0
2026-07-16 08:04:00.210 9 INFO neutron.wsgi [None req-56631972-adcb-401b-a45c-532d6ec42796 64ee7980c8f24cfbba38064911ffa7f4 134e81fdcc4d4ac6a9da72b481cb5730 - - default default] 10.0.0.144 "POST /v2.0/subnets HTTP/1.1" status: 201 len: 816 time: 0.7852061
2026-07-16 08:04:00.222 9 WARNING neutron_lib.context [None req-503ba483-84e8-4a7f-88b6-6b18283cd469 64ee7980c8f24cfbba38064911ffa7f4 134e81fdcc4d4ac6a9da72b481cb5730 - - default default] Method 'is_advsvc' is deprecated since 2023.2 release (neutron-lib 3.8.0) and will be removed once support for the old RBAC API policies will be removed from Neutron. Please use method 'is_service_role' instead.
2026-07-16 08:04:00.308 9 INFO neutron.db.segments_db [None req-503ba483-84e8-4a7f-88b6-6b18283cd469 64ee7980c8f24cfbba38064911ffa7f4 134e81fdcc4d4ac6a9da72b481cb5730 - - default default] Added segment be3f1d72-4c73-4fd2-8039-628b6c1eace7 of type geneve for network d577a654-6769-4e7e-a7c0-665347a662be
2026-07-16 08:04:00.457 9 INFO neutron.db.ovn_revision_numbers_db [None req-503ba483-84e8-4a7f-88b6-6b18283cd469 64ee7980c8f24cfbba38064911ffa7f4 134e81fdcc4d4ac6a9da72b481cb5730 - - default default] Successfully bumped revision number for resource d577a654-6769-4e7e-a7c0-665347a662be (type: networks) to 1
2026-07-16 08:04:00.695 9 WARNING neutron.scheduler.dhcp_agent_scheduler [None req-503ba483-84e8-4a7f-88b6-6b18283cd469 64ee7980c8f24cfbba38064911ffa7f4 134e81fdcc4d4ac6a9da72b481cb5730 - - default default] No more DHCP agents
2026-07-16 08:04:00.698 9 WARNING neutron.api.rpc.agentnotifiers.dhcp_rpc_agent_api [None req-503ba483-84e8-4a7f-88b6-6b18283cd469 64ee7980c8f24cfbba38064911ffa7f4 134e81fdcc4d4ac6a9da72b481cb5730 - - default default] Unable to schedule network d577a654-6769-4e7e-a7c0-665347a662be: no agents available; will retry on subsequent port and subnet creation events.
2026-07-16 08:04:00.813 9 INFO neutron.db.ovn_revision_numbers_db [None req-503ba483-84e8-4a7f-88b6-6b18283cd469 64ee7980c8f24cfbba38064911ffa7f4 134e81fdcc4d4ac6a9da72b481cb5730 - - default default] Successfully bumped revision number for resource c1d140d5-fac0-4364-bc59-8d2baf57c7b8 (type: ports) to 1
2026-07-16 08:04:00.837 9 INFO neutron.wsgi [None req-503ba483-84e8-4a7f-88b6-6b18283cd469 64ee7980c8f24cfbba38064911ffa7f4 134e81fdcc4d4ac6a9da72b481cb5730 - - default default] 10.0.0.144 "POST /v2.0/networks HTTP/1.1" status: 201 len: 843 time: 0.6190188
2026-07-16 08:04:00.984 10 INFO neutron.db.ovn_revision_numbers_db [None req-ff4f7f73-eb2d-47e8-a36f-ba645fb5efbb 4668a730977c49608926275cf67d9eec 9ff3d32bc0b94f21a1945220e0af7792 - - default default] Successfully bumped revision number for resource 1383f1de-3e82-4935-adee-230849ef43e4 (type: security_groups) to 1
2026-07-16 08:04:01.006 10 INFO neutron.db.ovn_revision_numbers_db [None req-ff4f7f73-eb2d-47e8-a36f-ba645fb5efbb 4668a730977c49608926275cf67d9eec 9ff3d32bc0b94f21a1945220e0af7792 - - default default] Successfully bumped revision number for resource 7e6110f1-0f78-4857-a5e9-78562b3c3ef7 (type: security_group_rules) to 0
2026-07-16 08:04:01.018 9 INFO neutron.db.ovn_revision_numbers_db [None req-62dd24c1-3749-4b33-88a6-cb4d478706de 64ee7980c8f24cfbba38064911ffa7f4 134e81fdcc4d4ac6a9da72b481cb5730 - - default default] Successfully bumped revision number for resource d577a654-6769-4e7e-a7c0-665347a662be (type: networks) to 2
2026-07-16 08:04:01.020 10 INFO neutron.db.ovn_revision_numbers_db [None req-ff4f7f73-eb2d-47e8-a36f-ba645fb5efbb 4668a730977c49608926275cf67d9eec 9ff3d32bc0b94f21a1945220e0af7792 - - default default] Successfully bumped revision number for resource 827a8738-d102-4522-a461-98b8062c7806 (type: security_group_rules) to 0
2026-07-16 08:04:01.022 9 INFO neutron.wsgi [None req-62dd24c1-3749-4b33-88a6-cb4d478706de 64ee7980c8f24cfbba38064911ffa7f4 134e81fdcc4d4ac6a9da72b481cb5730 - - default default] 10.0.0.144 "PUT /v2.0/networks/d577a654-6769-4e7e-a7c0-665347a662be HTTP/1.1" status: 200 len: 792 time: 0.1791873
2026-07-16 08:04:01.032 9 WARNING neutron_lib.context [None req-eca514bd-767f-4e3c-9828-f7ec63ffc072 64ee7980c8f24cfbba38064911ffa7f4 134e81fdcc4d4ac6a9da72b481cb5730 - - default default] Method 'is_advsvc' is deprecated since 2023.2 release (neutron-lib 3.8.0) and will be removed once support for the old RBAC API policies will be removed from Neutron. Please use method 'is_service_role' instead.
2026-07-16 08:04:01.051 10 INFO neutron.db.ovn_revision_numbers_db [None req-ff4f7f73-eb2d-47e8-a36f-ba645fb5efbb 4668a730977c49608926275cf67d9eec 9ff3d32bc0b94f21a1945220e0af7792 - - default default] Successfully bumped revision number for resource b4dea61d-b00c-4dc4-a990-8b24c04554c6 (type: security_group_rules) to 0
2026-07-16 08:04:01.078 10 INFO neutron.db.ovn_revision_numbers_db [None req-ff4f7f73-eb2d-47e8-a36f-ba645fb5efbb 4668a730977c49608926275cf67d9eec 9ff3d32bc0b94f21a1945220e0af7792 - - default default] Successfully bumped revision number for resource c0035df6-838a-4509-9f64-f81e52f32f55 (type: security_group_rules) to 0
2026-07-16 08:04:01.150 10 INFO neutron.wsgi [req-9d4b570c-d13b-44c2-9fe8-f5937353155a req-4c324f70-ab97-47f5-8ec0-c1408af483f6 db2d172bfab74d51b9f8e99c4b30d031 da36c34ce4b14ecb98c91770c2c9745f - - default default] 10.0.0.18 "GET /v2.0/ports?device_id=4fddc59f-e0dc-46d5-8280-3e25dd43f452 HTTP/1.1" status: 200 len: 1210 time: 0.0512953
2026-07-16 08:04:01.156 10 INFO neutron.db.segments_db [None req-ff4f7f73-eb2d-47e8-a36f-ba645fb5efbb 4668a730977c49608926275cf67d9eec 9ff3d32bc0b94f21a1945220e0af7792 - - default default] Added segment 73139395-9e79-47ff-8cc3-c987e5c1f4d6 of type geneve for network 0212415d-c0a4-4f8f-90ec-6b3eb0fb4918
2026-07-16 08:04:01.163 9 INFO neutron.plugins.ml2.drivers.ovn.mech_driver.mech_driver [None req-9922bd46-0a33-49c9-aed7-aec754b2273a - - - - - -] OVN reports status down for port: 97ecfbda-da85-4ed4-92d2-bb67e8b25611
2026-07-16 08:04:01.257 10 INFO neutron.wsgi [req-9d4b570c-d13b-44c2-9fe8-f5937353155a req-1a0446e8-9dea-4199-990c-3fb4ea35fce7 db2d172bfab74d51b9f8e99c4b30d031 da36c34ce4b14ecb98c91770c2c9745f - - default default] 10.0.0.18 "GET /v2.0/security-groups?id=900153ae-cdee-412b-81fd-334dc8254e7d&id=7e25441b-82a6-4784-93ae-36fd77cc25a8&fields=id&fields=name HTTP/1.1" status: 200 len: 404 time: 0.0961237
2026-07-16 08:04:01.334 9 INFO neutron.notifiers.nova [-] Nova event matching ['req-53117099-8ccd-494b-b16c-0e711ecdc363'] response: {'server_uuid': '4fddc59f-e0dc-46d5-8280-3e25dd43f452', 'name': 'network-vif-unplugged', 'status': 'completed', 'tag': '97ecfbda-da85-4ed4-92d2-bb67e8b25611', 'code': 200}
2026-07-16 08:04:01.358 9 WARNING neutron.scheduler.dhcp_agent_scheduler [None req-eca514bd-767f-4e3c-9828-f7ec63ffc072 64ee7980c8f24cfbba38064911ffa7f4 134e81fdcc4d4ac6a9da72b481cb5730 - - default default] No more DHCP agents
2026-07-16 08:04:01.362 9 WARNING neutron.api.rpc.agentnotifiers.dhcp_rpc_agent_api [None req-eca514bd-767f-4e3c-9828-f7ec63ffc072 64ee7980c8f24cfbba38064911ffa7f4 134e81fdcc4d4ac6a9da72b481cb5730 - - default default] Unable to schedule network d577a654-6769-4e7e-a7c0-665347a662be: no agents available; will retry on subsequent port and subnet creation events.
2026-07-16 08:04:01.370 10 INFO neutron.db.ovn_revision_numbers_db [None req-ff4f7f73-eb2d-47e8-a36f-ba645fb5efbb 4668a730977c49608926275cf67d9eec 9ff3d32bc0b94f21a1945220e0af7792 - - default default] Successfully bumped revision number for resource 0212415d-c0a4-4f8f-90ec-6b3eb0fb4918 (type: networks) to 1
2026-07-16 08:04:01.586 10 WARNING neutron.scheduler.dhcp_agent_scheduler [None req-ff4f7f73-eb2d-47e8-a36f-ba645fb5efbb 4668a730977c49608926275cf67d9eec 9ff3d32bc0b94f21a1945220e0af7792 - - default default] No more DHCP agents
2026-07-16 08:04:01.595 10 WARNING neutron.api.rpc.agentnotifiers.dhcp_rpc_agent_api [None req-ff4f7f73-eb2d-47e8-a36f-ba645fb5efbb 4668a730977c49608926275cf67d9eec 9ff3d32bc0b94f21a1945220e0af7792 - - default default] Unable to schedule network 0212415d-c0a4-4f8f-90ec-6b3eb0fb4918: no agents available; will retry on subsequent port and subnet creation events.
2026-07-16 08:04:01.624 9 INFO neutron.db.ovn_revision_numbers_db [None req-9922bd46-0a33-49c9-aed7-aec754b2273a - - - - - -] Successfully bumped revision number for resource 97ecfbda-da85-4ed4-92d2-bb67e8b25611 (type: ports) to 5
2026-07-16 08:04:01.635 9 INFO neutron.wsgi [req-8c8330d1-0381-4108-ad2a-6fa3edcf0479 req-271eca20-3bc6-4b42-98bb-5a7ca24a7bcb db2d172bfab74d51b9f8e99c4b30d031 da36c34ce4b14ecb98c91770c2c9745f - - default default] 199.204.45.4 "GET /v2.0/ports?device_id=4fddc59f-e0dc-46d5-8280-3e25dd43f452 HTTP/1.1" status: 200 len: 1208 time: 0.1628914
2026-07-16 08:04:01.706 10 INFO neutron.db.ovn_revision_numbers_db [None req-ff4f7f73-eb2d-47e8-a36f-ba645fb5efbb 4668a730977c49608926275cf67d9eec 9ff3d32bc0b94f21a1945220e0af7792 - - default default] Successfully bumped revision number for resource d838ea11-66a6-4b8e-91e0-fdce2750fb12 (type: ports) to 1
2026-07-16 08:04:01.733 10 INFO neutron.wsgi [None req-ff4f7f73-eb2d-47e8-a36f-ba645fb5efbb 4668a730977c49608926275cf67d9eec 9ff3d32bc0b94f21a1945220e0af7792 - - default default] 10.0.0.144 "POST /v2.0/networks HTTP/1.1" status: 201 len: 929 time: 1.1572850
