2026-07-16 08:01:46.277 9 INFO neutron.wsgi [None req-7a92a0b1-5d1f-4ac0-adac-0e9965bcac7a 03ff850ba99b4fc49fc97ba87755905a 5353ff5db2194e31ba6d14de90149367 - - default default] 10.0.0.144 "DELETE /v2.0/ports/36cd620b-0e08-4834-b1f0-b8bc78121901 HTTP/1.1" status: 204 len: 168 time: 0.3481536
2026-07-16 08:01:46.299 9 INFO neutron.pecan_wsgi.hooks.translation [None req-aa33b64f-f498-4a9c-af84-42d05d86030b 03ff850ba99b4fc49fc97ba87755905a 5353ff5db2194e31ba6d14de90149367 - - default default] DELETE failed (client error): The resource could not be found.
2026-07-16 08:01:46.302 9 INFO neutron.wsgi [None req-aa33b64f-f498-4a9c-af84-42d05d86030b 03ff850ba99b4fc49fc97ba87755905a 5353ff5db2194e31ba6d14de90149367 - - default default] 10.0.0.144 "DELETE /v2.0/ports/36cd620b-0e08-4834-b1f0-b8bc78121901 HTTP/1.1" status: 404 len: 333 time: 0.0197515
2026-07-16 08:01:46.324 9 INFO neutron.pecan_wsgi.hooks.translation [None req-5f9fdd69-4f31-430f-880f-a10e7007fae5 03ff850ba99b4fc49fc97ba87755905a 5353ff5db2194e31ba6d14de90149367 - - default default] GET failed (client error): The resource could not be found.
2026-07-16 08:01:46.325 9 INFO neutron.wsgi [None req-5f9fdd69-4f31-430f-880f-a10e7007fae5 03ff850ba99b4fc49fc97ba87755905a 5353ff5db2194e31ba6d14de90149367 - - default default] 10.0.0.144 "GET /v2.0/ports/36cd620b-0e08-4834-b1f0-b8bc78121901 HTTP/1.1" status: 404 len: 333 time: 0.0198708
2026-07-16 08:01:46.345 10 INFO neutron.wsgi [None req-2b06fcaa-410c-41e0-a1f6-000dd6c6e0f3 3c16e09ca97c48abbb60d81debe674d1 71de93269cbc4b9c918ca7e83e197a78 - - default default] 10.0.0.144 "DELETE /v2.0/subnets/70a147d2-3dac-4a07-b037-34b162817b0e HTTP/1.1" status: 204 len: 168 time: 0.3640935
2026-07-16 08:01:46.355 9 INFO neutron.plugins.ml2.drivers.ovn.mech_driver.mech_driver [None req-9922bd46-0a33-49c9-aed7-aec754b2273a - - - - - -] OVN reports status up for port: de79cfe2-72d9-4a33-8d10-0d84f813ca64
2026-07-16 08:01:46.366 9 INFO neutron.plugins.ml2.plugin [None req-9922bd46-0a33-49c9-aed7-aec754b2273a - - - - - -] Attempt 1 to provision port de79cfe2-72d9-4a33-8d10-0d84f813ca64
2026-07-16 08:01:46.406 10 INFO neutron.db.ovn_revision_numbers_db [None req-adcc0d98-1c1b-4322-b62d-24b6c4a431b9 e465353e431c4f2bb9cbf385040c1b58 ed69409308844ed895beebc3c350087c - - default default] Successfully bumped revision number for resource de79cfe2-72d9-4a33-8d10-0d84f813ca64 (type: router_ports) to 1
2026-07-16 08:01:46.595 9 INFO neutron.wsgi [None req-e0bbadfe-f95c-40f1-8f97-64a3a1e60955 03ff850ba99b4fc49fc97ba87755905a 5353ff5db2194e31ba6d14de90149367 - - default default] 10.0.0.144 "DELETE /v2.0/subnets/b7471261-e508-42e0-b951-951e74fd7279 HTTP/1.1" status: 204 len: 168 time: 0.2647202
2026-07-16 08:01:46.781 9 INFO neutron.db.ovn_revision_numbers_db [None req-9922bd46-0a33-49c9-aed7-aec754b2273a - - - - - -] Successfully bumped revision number for resource de79cfe2-72d9-4a33-8d10-0d84f813ca64 (type: ports) to 2
2026-07-16 08:01:46.813 10 INFO neutron.db.ovn_revision_numbers_db [None req-adcc0d98-1c1b-4322-b62d-24b6c4a431b9 e465353e431c4f2bb9cbf385040c1b58 ed69409308844ed895beebc3c350087c - - default default] Successfully bumped revision number for resource de79cfe2-72d9-4a33-8d10-0d84f813ca64 (type: ports) to 1
2026-07-16 08:01:46.905 9 INFO neutron.db.ovn_revision_numbers_db [None req-9922bd46-0a33-49c9-aed7-aec754b2273a - - - - - -] Successfully bumped revision number for resource de79cfe2-72d9-4a33-8d10-0d84f813ca64 (type: router_ports) to 2
2026-07-16 08:01:46.963 10 WARNING neutron.scheduler.dhcp_agent_scheduler [None req-adcc0d98-1c1b-4322-b62d-24b6c4a431b9 e465353e431c4f2bb9cbf385040c1b58 ed69409308844ed895beebc3c350087c - - default default] No more DHCP agents
2026-07-16 08:01:46.965 10 WARNING neutron.api.rpc.agentnotifiers.dhcp_rpc_agent_api [None req-adcc0d98-1c1b-4322-b62d-24b6c4a431b9 e465353e431c4f2bb9cbf385040c1b58 ed69409308844ed895beebc3c350087c - - default default] Unable to schedule network 02682186-7864-4fc7-b834-67479fc2087a: no agents available; will retry on subsequent port and subnet creation events.
2026-07-16 08:01:47.091 9 INFO neutron.services.segments.plugin [-] Segment d9ef62a5-2986-41eb-bcfc-4c93d0cfcb0e resource provider aggregate not found
2026-07-16 08:01:47.096 9 INFO neutron.services.segments.plugin [-] Segment d9ef62a5-2986-41eb-bcfc-4c93d0cfcb0e resource provider aggregate not found
2026-07-16 08:01:47.116 9 INFO neutron.services.segments.plugin [-] Segment d9ef62a5-2986-41eb-bcfc-4c93d0cfcb0e resource provider not found; error: Placement Client Error (4xx): {"errors": [{"status": 404, "title": "Not Found", "detail": "The resource could not be found.\n\n No resource provider with uuid d9ef62a5-2986-41eb-bcfc-4c93d0cfcb0e found for delete ", "request_id": "req-690036cf-56eb-4129-b587-e6612fb38df6"}]}
2026-07-16 08:01:47.117 9 INFO neutron.services.segments.plugin [-] Segment d9ef62a5-2986-41eb-bcfc-4c93d0cfcb0e resource provider not found; error: Placement Client Error (4xx): {"errors": [{"status": 404, "title": "Not Found", "detail": "The resource could not be found.\n\n No resource provider with uuid d9ef62a5-2986-41eb-bcfc-4c93d0cfcb0e found for delete ", "request_id": "req-6bf2525e-3e15-4e06-9c1e-b27461856f2b"}]}
2026-07-16 08:01:47.135 9 INFO neutron.wsgi [None req-17960e37-e741-43d2-adba-4cb420bfb8f1 03ff850ba99b4fc49fc97ba87755905a 5353ff5db2194e31ba6d14de90149367 - - default default] 10.0.0.144 "DELETE /v2.0/networks/a43b279d-f71a-41da-9025-e0b0e7af0f88 HTTP/1.1" status: 204 len: 168 time: 0.5346806
2026-07-16 08:01:47.146 9 WARNING neutron_lib.context [None req-5aef12d3-6e30-4b6d-ba5a-145a5a30c25a 03ff850ba99b4fc49fc97ba87755905a 5353ff5db2194e31ba6d14de90149367 - - default default] Method 'is_advsvc' is deprecated since 2023.2 release (neutron-lib 3.8.0) and will be removed once support for the old RBAC API policies will be removed from Neutron. Please use method 'is_service_role' instead.
2026-07-16 08:01:47.176 10 INFO neutron.wsgi [None req-98470310-e840-4ae7-9a15-c5f568300577 3c16e09ca97c48abbb60d81debe674d1 71de93269cbc4b9c918ca7e83e197a78 - - default default] 10.0.0.144 "PUT /v2.0/routers/aa4bcff2-f825-497b-8f46-0f3b192df655/remove_router_interface HTTP/1.1" status: 200 len: 503 time: 2.0885065
2026-07-16 08:01:47.213 10 INFO neutron.services.segments.plugin [-] Segment 3283b96f-dc54-4e76-b577-c9f66c3a3213 resource provider aggregate not found
2026-07-16 08:01:47.218 10 INFO neutron.services.segments.plugin [-] Segment 3283b96f-dc54-4e76-b577-c9f66c3a3213 resource provider aggregate not found
2026-07-16 08:01:47.234 10 INFO neutron.services.segments.plugin [-] Segment 3283b96f-dc54-4e76-b577-c9f66c3a3213 resource provider not found; error: Placement Client Error (4xx): {"errors": [{"status": 404, "title": "Not Found", "detail": "The resource could not be found.\n\n No resource provider with uuid 3283b96f-dc54-4e76-b577-c9f66c3a3213 found for delete ", "request_id": "req-69d273c2-4f0e-4413-8de9-0c1dd4a6c0a8"}]}
2026-07-16 08:01:47.237 10 INFO neutron.services.segments.plugin [-] Segment 3283b96f-dc54-4e76-b577-c9f66c3a3213 resource provider not found; error: Placement Client Error (4xx): {"errors": [{"status": 404, "title": "Not Found", "detail": "The resource could not be found.\n\n No resource provider with uuid 3283b96f-dc54-4e76-b577-c9f66c3a3213 found for delete ", "request_id": "req-f3687e73-db16-45d8-8f6d-f841b50e810a"}]}
2026-07-16 08:01:47.249 10 INFO neutron.db.ovn_revision_numbers_db [None req-adcc0d98-1c1b-4322-b62d-24b6c4a431b9 e465353e431c4f2bb9cbf385040c1b58 ed69409308844ed895beebc3c350087c - - default default] Successfully bumped revision number for resource de79cfe2-72d9-4a33-8d10-0d84f813ca64 (type: router_ports) to 2
2026-07-16 08:01:47.251 10 INFO neutron.wsgi [None req-adcc0d98-1c1b-4322-b62d-24b6c4a431b9 e465353e431c4f2bb9cbf385040c1b58 ed69409308844ed895beebc3c350087c - - default default] 10.0.0.144 "PUT /v2.0/routers/ca9c56a8-32fb-417d-ba26-64ea7984d5c9/add_router_interface HTTP/1.1" status: 200 len: 503 time: 2.5264478
2026-07-16 08:01:47.266 10 INFO neutron.wsgi [None req-0b798279-62bf-4957-ab8e-8edc9142cd2c 3c16e09ca97c48abbb60d81debe674d1 71de93269cbc4b9c918ca7e83e197a78 - - default default] 10.0.0.144 "DELETE /v2.0/networks/d0f43adc-5d83-4c37-b75f-e52bf47f1f11 HTTP/1.1" status: 204 len: 168 time: 0.9125695
2026-07-16 08:01:47.303 9 INFO neutron.db.segments_db [None req-5aef12d3-6e30-4b6d-ba5a-145a5a30c25a 03ff850ba99b4fc49fc97ba87755905a 5353ff5db2194e31ba6d14de90149367 - - default default] Added segment 53d739f7-3ce5-4589-bf13-93886e0af0b8 of type geneve for network 6012b5aa-b407-46f8-9275-b4e1ced41e61
2026-07-16 08:01:47.329 9 INFO neutron.wsgi [None req-b4dde56a-1ac8-4825-a5fb-a08ab631c4d9 e465353e431c4f2bb9cbf385040c1b58 ed69409308844ed895beebc3c350087c - - default default] 10.0.0.144 "GET /v2.0/ports/de79cfe2-72d9-4a33-8d10-0d84f813ca64 HTTP/1.1" status: 200 len: 1141 time: 0.0672908 /var/lib/openstack/lib/python3.10/site-packages/pycadf/identifier.py:71: UserWarning: Invalid uuid: neutron. To ensure interoperability, identifiers should be a valid uuid. warnings.warn(('Invalid uuid: %s. To ensure interoperability, '
2026-07-16 08:01:47.590 10 INFO neutron.wsgi [None req-db736c8a-a08d-4a64-b3c4-b74e2c144301 3c16e09ca97c48abbb60d81debe674d1 71de93269cbc4b9c918ca7e83e197a78 - - default default] 10.0.0.144 "GET /v2.0/security-groups?tenant_id=4bbb26d130ba4589b5ac0a214a38c330&name=default HTTP/1.1" status: 200 len: 2996 time: 0.0672064
2026-07-16 08:01:47.594 9 INFO neutron.db.ovn_revision_numbers_db [None req-5aef12d3-6e30-4b6d-ba5a-145a5a30c25a 03ff850ba99b4fc49fc97ba87755905a 5353ff5db2194e31ba6d14de90149367 - - default default] Successfully bumped revision number for resource 6012b5aa-b407-46f8-9275-b4e1ced41e61 (type: networks) to 1
2026-07-16 08:01:47.843 9 WARNING neutron.scheduler.dhcp_agent_scheduler [None req-5aef12d3-6e30-4b6d-ba5a-145a5a30c25a 03ff850ba99b4fc49fc97ba87755905a 5353ff5db2194e31ba6d14de90149367 - - default default] No more DHCP agents
2026-07-16 08:01:47.847 9 WARNING neutron.api.rpc.agentnotifiers.dhcp_rpc_agent_api [None req-5aef12d3-6e30-4b6d-ba5a-145a5a30c25a 03ff850ba99b4fc49fc97ba87755905a 5353ff5db2194e31ba6d14de90149367 - - default default] Unable to schedule network 6012b5aa-b407-46f8-9275-b4e1ced41e61: no agents available; will retry on subsequent port and subnet creation events.
2026-07-16 08:01:47.900 10 INFO neutron.wsgi [None req-7304d802-24de-4618-b44c-4635cbe53a34 3c16e09ca97c48abbb60d81debe674d1 71de93269cbc4b9c918ca7e83e197a78 - - default default] 10.0.0.144 "DELETE /v2.0/security-groups/b174c98e-afab-4288-909d-e6c352f62b35 HTTP/1.1" status: 204 len: 168 time: 0.3034530
2026-07-16 08:01:47.954 9 INFO neutron.db.ovn_revision_numbers_db [None req-5aef12d3-6e30-4b6d-ba5a-145a5a30c25a 03ff850ba99b4fc49fc97ba87755905a 5353ff5db2194e31ba6d14de90149367 - - default default] Successfully bumped revision number for resource 945db205-636e-404a-853e-275ff2ce0cbe (type: ports) to 1
2026-07-16 08:01:47.979 10 WARNING neutron.scheduler.dhcp_agent_scheduler [None req-aff873c6-628a-48d9-a9cc-86bc3951e50b e465353e431c4f2bb9cbf385040c1b58 ed69409308844ed895beebc3c350087c - - default default] No more DHCP agents
2026-07-16 08:01:47.984 10 WARNING neutron.api.rpc.agentnotifiers.dhcp_rpc_agent_api [None req-aff873c6-628a-48d9-a9cc-86bc3951e50b e465353e431c4f2bb9cbf385040c1b58 ed69409308844ed895beebc3c350087c - - default default] Unable to schedule network ac789eff-86fb-45eb-bbbf-b796b6764291: no agents available; will retry on subsequent port and subnet creation events.
2026-07-16 08:01:47.997 9 INFO neutron.wsgi [None req-5aef12d3-6e30-4b6d-ba5a-145a5a30c25a 03ff850ba99b4fc49fc97ba87755905a 5353ff5db2194e31ba6d14de90149367 - - default default] 10.0.0.144 "POST /v2.0/networks HTTP/1.1" status: 201 len: 831 time: 0.8543410
2026-07-16 08:01:48.007 9 WARNING neutron_lib.context [None req-58887748-cc6f-465e-8d8c-c8152e475c2d 03ff850ba99b4fc49fc97ba87755905a 5353ff5db2194e31ba6d14de90149367 - - default default] Method 'is_advsvc' is deprecated since 2023.2 release (neutron-lib 3.8.0) and will be removed once support for the old RBAC API policies will be removed from Neutron. Please use method 'is_service_role' instead.
2026-07-16 08:01:48.135 10 INFO neutron.db.ovn_revision_numbers_db [None req-aff873c6-628a-48d9-a9cc-86bc3951e50b e465353e431c4f2bb9cbf385040c1b58 ed69409308844ed895beebc3c350087c - - default default] Successfully bumped revision number for resource e51b4f8f-6d78-49f9-b0d8-dafba1e7d486 (type: ports) to 1
2026-07-16 08:01:48.540 10 INFO neutron.plugins.ml2.drivers.ovn.mech_driver.mech_driver [None req-1fed577b-fa7b-4690-8202-c757e3ffe61d - - - - - -] OVN reports status up for port: e51b4f8f-6d78-49f9-b0d8-dafba1e7d486
2026-07-16 08:01:48.560 10 INFO neutron.plugins.ml2.plugin [None req-1fed577b-fa7b-4690-8202-c757e3ffe61d - - - - - -] Attempt 1 to provision port e51b4f8f-6d78-49f9-b0d8-dafba1e7d486
2026-07-16 08:01:48.567 9 WARNING neutron.scheduler.dhcp_agent_scheduler [None req-58887748-cc6f-465e-8d8c-c8152e475c2d 03ff850ba99b4fc49fc97ba87755905a 5353ff5db2194e31ba6d14de90149367 - - default default] No more DHCP agents
2026-07-16 08:01:48.582 10 INFO neutron.db.ovn_revision_numbers_db [None req-aff873c6-628a-48d9-a9cc-86bc3951e50b e465353e431c4f2bb9cbf385040c1b58 ed69409308844ed895beebc3c350087c - - default default] Successfully bumped revision number for resource e51b4f8f-6d78-49f9-b0d8-dafba1e7d486 (type: router_ports) to 1
2026-07-16 08:01:48.583 9 WARNING neutron.api.rpc.agentnotifiers.dhcp_rpc_agent_api [None req-58887748-cc6f-465e-8d8c-c8152e475c2d 03ff850ba99b4fc49fc97ba87755905a 5353ff5db2194e31ba6d14de90149367 - - default default] Unable to schedule network 6012b5aa-b407-46f8-9275-b4e1ced41e61: no agents available; will retry on subsequent port and subnet creation events.
2026-07-16 08:01:48.665 9 INFO neutron.wsgi [None req-cf3f33c5-7f31-4012-9e39-3192c53e2519 3c16e09ca97c48abbb60d81debe674d1 71de93269cbc4b9c918ca7e83e197a78 - - default default] 10.0.0.144 "DELETE /v2.0/routers/aa4bcff2-f825-497b-8f46-0f3b192df655 HTTP/1.1" status: 204 len: 168 time: 1.4810362
2026-07-16 08:01:48.735 10 INFO neutron.db.ovn_revision_numbers_db [None req-aff873c6-628a-48d9-a9cc-86bc3951e50b e465353e431c4f2bb9cbf385040c1b58 ed69409308844ed895beebc3c350087c - - default default] Successfully bumped revision number for resource e51b4f8f-6d78-49f9-b0d8-dafba1e7d486 (type: ports) to 1
2026-07-16 08:01:48.821 10 WARNING neutron.scheduler.dhcp_agent_scheduler [None req-aff873c6-628a-48d9-a9cc-86bc3951e50b e465353e431c4f2bb9cbf385040c1b58 ed69409308844ed895beebc3c350087c - - default default] No more DHCP agents
2026-07-16 08:01:48.824 10 WARNING neutron.api.rpc.agentnotifiers.dhcp_rpc_agent_api [None req-aff873c6-628a-48d9-a9cc-86bc3951e50b e465353e431c4f2bb9cbf385040c1b58 ed69409308844ed895beebc3c350087c - - default default] Unable to schedule network ac789eff-86fb-45eb-bbbf-b796b6764291: no agents available; will retry on subsequent port and subnet creation events.
2026-07-16 08:01:48.942 9 INFO neutron.wsgi [None req-0cc5a5de-000a-46d5-bca8-a68ea6c93be9 3c16e09ca97c48abbb60d81debe674d1 71de93269cbc4b9c918ca7e83e197a78 - - default default] 10.0.0.144 "DELETE /v2.0/subnets/b8942927-a219-40fd-a6bf-28642fe4fc57 HTTP/1.1" status: 204 len: 168 time: 0.2647455
2026-07-16 08:01:49.132 10 INFO neutron.db.ovn_revision_numbers_db [None req-1fed577b-fa7b-4690-8202-c757e3ffe61d - - - - - -] Successfully bumped revision number for resource e51b4f8f-6d78-49f9-b0d8-dafba1e7d486 (type: ports) to 2
2026-07-16 08:01:49.225 10 INFO neutron.db.ovn_revision_numbers_db [None req-aff873c6-628a-48d9-a9cc-86bc3951e50b e465353e431c4f2bb9cbf385040c1b58 ed69409308844ed895beebc3c350087c - - default default] Successfully bumped revision number for resource e51b4f8f-6d78-49f9-b0d8-dafba1e7d486 (type: router_ports) to 2
2026-07-16 08:01:49.227 10 INFO neutron.wsgi [None req-aff873c6-628a-48d9-a9cc-86bc3951e50b e465353e431c4f2bb9cbf385040c1b58 ed69409308844ed895beebc3c350087c - - default default] 10.0.0.144 "PUT /v2.0/routers/ca9c56a8-32fb-417d-ba26-64ea7984d5c9/add_router_interface HTTP/1.1" status: 200 len: 503 time: 1.8911817
2026-07-16 08:01:49.237 9 INFO neutron.db.ovn_revision_numbers_db [None req-58887748-cc6f-465e-8d8c-c8152e475c2d 03ff850ba99b4fc49fc97ba87755905a 5353ff5db2194e31ba6d14de90149367 - - default default] Successfully bumped revision number for resource 945db205-636e-404a-853e-275ff2ce0cbe (type: ports) to 2
2026-07-16 08:01:49.280 9 INFO neutron.db.ovn_revision_numbers_db [None req-58887748-cc6f-465e-8d8c-c8152e475c2d 03ff850ba99b4fc49fc97ba87755905a 5353ff5db2194e31ba6d14de90149367 - - default default] Successfully bumped revision number for resource 3a53f7dd-9a2b-4b2d-9707-590f24e278b1 (type: subnets) to 0
2026-07-16 08:01:49.307 9 INFO neutron.wsgi [None req-58887748-cc6f-465e-8d8c-c8152e475c2d 03ff850ba99b4fc49fc97ba87755905a 5353ff5db2194e31ba6d14de90149367 - - default default] 10.0.0.144 "POST /v2.0/subnets HTTP/1.1" status: 201 len: 801 time: 1.3051686
2026-07-16 08:01:49.317 10 INFO neutron.wsgi [None req-92bdb8d8-bab5-4aa9-bfcb-24db788e879b e465353e431c4f2bb9cbf385040c1b58 ed69409308844ed895beebc3c350087c - - default default] 10.0.0.144 "GET /v2.0/ports/e51b4f8f-6d78-49f9-b0d8-dafba1e7d486 HTTP/1.1" status: 200 len: 1149 time: 0.0852726
2026-07-16 08:01:49.317 9 WARNING neutron_lib.context [None req-454d765d-fbd6-4af5-98df-70d6f49cad85 03ff850ba99b4fc49fc97ba87755905a 5353ff5db2194e31ba6d14de90149367 - - default default] Method 'is_advsvc' is deprecated since 2023.2 release (neutron-lib 3.8.0) and will be removed once support for the old RBAC API policies will be removed from Neutron. Please use method 'is_service_role' instead.
2026-07-16 08:01:49.357 10 INFO neutron.wsgi [None req-e06ae99b-4fb9-492f-af7f-880a55744907 e465353e431c4f2bb9cbf385040c1b58 ed69409308844ed895beebc3c350087c - - default default] 10.0.0.144 "GET /v2.0/ports/e51b4f8f-6d78-49f9-b0d8-dafba1e7d486 HTTP/1.1" status: 200 len: 1149 time: 0.0333247
2026-07-16 08:01:49.390 9 INFO neutron.services.segments.plugin [-] Segment 03fbef37-438c-4bfa-9cff-375fb4323e99 resource provider aggregate not found
2026-07-16 08:01:49.394 9 INFO neutron.services.segments.plugin [-] Segment 03fbef37-438c-4bfa-9cff-375fb4323e99 resource provider aggregate not found
2026-07-16 08:01:49.402 9 INFO neutron.services.segments.plugin [-] Segment 03fbef37-438c-4bfa-9cff-375fb4323e99 resource provider not found; error: Placement Client Error (4xx): {"errors": [{"status": 404, "title": "Not Found", "detail": "The resource could not be found.\n\n No resource provider with uuid 03fbef37-438c-4bfa-9cff-375fb4323e99 found for delete ", "request_id": "req-969563a3-2e51-4136-82f8-2f3afb754e03"}]}
2026-07-16 08:01:49.411 9 INFO neutron.services.segments.plugin [-] Segment 03fbef37-438c-4bfa-9cff-375fb4323e99 resource provider not found; error: Placement Client Error (4xx): {"errors": [{"status": 404, "title": "Not Found", "detail": "The resource could not be found.\n\n No resource provider with uuid 03fbef37-438c-4bfa-9cff-375fb4323e99 found for delete ", "request_id": "req-d225ce76-d7e5-4042-844f-bfa84062dc78"}]}
2026-07-16 08:01:49.439 9 INFO neutron.wsgi [None req-aea3fecc-28e2-4b90-aba1-f3598a4df91d 3c16e09ca97c48abbb60d81debe674d1 71de93269cbc4b9c918ca7e83e197a78 - - default default] 10.0.0.144 "DELETE /v2.0/networks/69a4a399-a3a2-4763-8cc0-171bf99865c3 HTTP/1.1" status: 204 len: 168 time: 0.4904354
2026-07-16 08:01:49.685 9 INFO neutron.wsgi [None req-5c45099d-f7b7-46ff-aec4-e3bf1d8cc885 3c16e09ca97c48abbb60d81debe674d1 71de93269cbc4b9c918ca7e83e197a78 - - default default] 10.0.0.144 "GET /v2.0/security-groups?tenant_id=86d3f246390347cb94f2f2a33b2c70ec&name=default HTTP/1.1" status: 200 len: 2992 time: 0.0696001
2026-07-16 08:01:49.714 9 WARNING neutron.scheduler.dhcp_agent_scheduler [None req-454d765d-fbd6-4af5-98df-70d6f49cad85 03ff850ba99b4fc49fc97ba87755905a 5353ff5db2194e31ba6d14de90149367 - - default default] No more DHCP agents
2026-07-16 08:01:49.719 9 WARNING neutron.api.rpc.agentnotifiers.dhcp_rpc_agent_api [None req-454d765d-fbd6-4af5-98df-70d6f49cad85 03ff850ba99b4fc49fc97ba87755905a 5353ff5db2194e31ba6d14de90149367 - - default default] Unable to schedule network 6012b5aa-b407-46f8-9275-b4e1ced41e61: no agents available; will retry on subsequent port and subnet creation events.
2026-07-16 08:01:49.914 9 INFO neutron.db.ovn_revision_numbers_db [None req-454d765d-fbd6-4af5-98df-70d6f49cad85 03ff850ba99b4fc49fc97ba87755905a 5353ff5db2194e31ba6d14de90149367 - - default default] Successfully bumped revision number for resource ea9fcedc-cf61-49a1-8200-c3ae40bbc210 (type: ports) to 1
2026-07-16 08:01:49.948 9 INFO neutron.wsgi [None req-454d765d-fbd6-4af5-98df-70d6f49cad85 03ff850ba99b4fc49fc97ba87755905a 5353ff5db2194e31ba6d14de90149367 - - default default] 10.0.0.144 "POST /v2.0/ports HTTP/1.1" status: 201 len: 1110 time: 0.6362083
2026-07-16 08:01:49.992 9 INFO neutron.wsgi [None req-658ba7d3-dcf2-4ec5-a5db-672fc06f895e 3c16e09ca97c48abbb60d81debe674d1 71de93269cbc4b9c918ca7e83e197a78 - - default default] 10.0.0.144 "DELETE /v2.0/security-groups/9260834b-8133-430b-afeb-48c808219c2f HTTP/1.1" status: 204 len: 168 time: 0.2984240
2026-07-16 08:01:50.001 10 INFO neutron.wsgi [None req-b941f9a7-c90c-44d0-b38f-59f3f3303a93 e465353e431c4f2bb9cbf385040c1b58 ed69409308844ed895beebc3c350087c - - default default] 10.0.0.144 "PUT /v2.0/routers/ca9c56a8-32fb-417d-ba26-64ea7984d5c9/remove_router_interface HTTP/1.1" status: 200 len: 503 time: 0.6371076 /var/lib/openstack/lib/python3.10/site-packages/pycadf/identifier.py:71: UserWarning: Invalid uuid: neutron. To ensure interoperability, identifiers should be a valid uuid. warnings.warn(('Invalid uuid: %s. To ensure interoperability, '
2026-07-16 08:01:50.121 10 INFO neutron.wsgi [None req-f44437bd-2908-4105-8e42-6bf04a032944 e465353e431c4f2bb9cbf385040c1b58 ed69409308844ed895beebc3c350087c - - default default] 10.0.0.144 "GET /v2.0/ports/de79cfe2-72d9-4a33-8d10-0d84f813ca64 HTTP/1.1" status: 200 len: 1141 time: 0.1108177
2026-07-16 08:01:50.129 9 INFO neutron.db.ovn_revision_numbers_db [None req-598a227a-d33e-475c-9dea-d5c509fb77fe 3c16e09ca97c48abbb60d81debe674d1 71de93269cbc4b9c918ca7e83e197a78 - - default default] Successfully bumped revision number for resource ce977d91-437c-4113-8820-c37fba1af861 (type: security_groups) to 1
2026-07-16 08:01:50.156 9 INFO neutron.db.ovn_revision_numbers_db [None req-598a227a-d33e-475c-9dea-d5c509fb77fe 3c16e09ca97c48abbb60d81debe674d1 71de93269cbc4b9c918ca7e83e197a78 - - default default] Successfully bumped revision number for resource 079c48ea-f0bd-4274-bf41-b9b3f9ee83e0 (type: security_group_rules) to 0
2026-07-16 08:01:50.180 9 INFO neutron.db.ovn_revision_numbers_db [None req-598a227a-d33e-475c-9dea-d5c509fb77fe 3c16e09ca97c48abbb60d81debe674d1 71de93269cbc4b9c918ca7e83e197a78 - - default default] Successfully bumped revision number for resource 7f1ce471-3530-48e4-a714-ee7895e0ba2a (type: security_group_rules) to 0
2026-07-16 08:01:50.194 9 INFO neutron.db.ovn_revision_numbers_db [None req-598a227a-d33e-475c-9dea-d5c509fb77fe 3c16e09ca97c48abbb60d81debe674d1 71de93269cbc4b9c918ca7e83e197a78 - - default default] Successfully bumped revision number for resource b734692d-3c6c-4af6-83a8-31a5fa96f6e3 (type: security_group_rules) to 0
2026-07-16 08:01:50.219 9 INFO neutron.db.ovn_revision_numbers_db [None req-598a227a-d33e-475c-9dea-d5c509fb77fe 3c16e09ca97c48abbb60d81debe674d1 71de93269cbc4b9c918ca7e83e197a78 - - default default] Successfully bumped revision number for resource eeb98d9d-208c-4672-9465-722f12f9b07b (type: security_group_rules) to 0
2026-07-16 08:01:50.277 9 INFO neutron.db.segments_db [None req-598a227a-d33e-475c-9dea-d5c509fb77fe 3c16e09ca97c48abbb60d81debe674d1 71de93269cbc4b9c918ca7e83e197a78 - - default default] Added segment 0e407a0f-0340-4319-aaa9-16249465ad7b of type geneve for network 21a9d6ca-9679-421f-b309-a2782058d02d
2026-07-16 08:01:50.358 9 INFO neutron.wsgi [None req-d965e2ff-5280-43ca-bf32-79c58a9a7cd3 03ff850ba99b4fc49fc97ba87755905a 5353ff5db2194e31ba6d14de90149367 - - default default] 10.0.0.144 "DELETE /v2.0/ports/ea9fcedc-cf61-49a1-8200-c3ae40bbc210 HTTP/1.1" status: 204 len: 168 time: 0.4046118
2026-07-16 08:01:50.400 10 INFO neutron.pecan_wsgi.hooks.translation [None req-715b66d6-33ca-45aa-989e-6ee9e7abffc4 03ff850ba99b4fc49fc97ba87755905a 5353ff5db2194e31ba6d14de90149367 - - default default] GET failed (client error): The resource could not be found.
2026-07-16 08:01:50.402 10 INFO neutron.wsgi [None req-715b66d6-33ca-45aa-989e-6ee9e7abffc4 03ff850ba99b4fc49fc97ba87755905a 5353ff5db2194e31ba6d14de90149367 - - default default] 10.0.0.144 "GET /v2.0/ports/ea9fcedc-cf61-49a1-8200-c3ae40bbc210 HTTP/1.1" status: 404 len: 333 time: 0.0392854
2026-07-16 08:01:50.423 9 INFO neutron.db.ovn_revision_numbers_db [None req-598a227a-d33e-475c-9dea-d5c509fb77fe 3c16e09ca97c48abbb60d81debe674d1 71de93269cbc4b9c918ca7e83e197a78 - - default default] Successfully bumped revision number for resource 21a9d6ca-9679-421f-b309-a2782058d02d (type: networks) to 1
2026-07-16 08:01:50.591 9 WARNING neutron.scheduler.dhcp_agent_scheduler [None req-598a227a-d33e-475c-9dea-d5c509fb77fe 3c16e09ca97c48abbb60d81debe674d1 71de93269cbc4b9c918ca7e83e197a78 - - default default] No more DHCP agents
2026-07-16 08:01:50.595 9 WARNING neutron.api.rpc.agentnotifiers.dhcp_rpc_agent_api [None req-598a227a-d33e-475c-9dea-d5c509fb77fe 3c16e09ca97c48abbb60d81debe674d1 71de93269cbc4b9c918ca7e83e197a78 - - default default] Unable to schedule network 21a9d6ca-9679-421f-b309-a2782058d02d: no agents available; will retry on subsequent port and subnet creation events.
2026-07-16 08:01:50.690 9 INFO neutron.db.ovn_revision_numbers_db [None req-598a227a-d33e-475c-9dea-d5c509fb77fe 3c16e09ca97c48abbb60d81debe674d1 71de93269cbc4b9c918ca7e83e197a78 - - default default] Successfully bumped revision number for resource 29c65184-bccf-492f-a154-a3df7c660f76 (type: ports) to 1
2026-07-16 08:01:50.710 9 INFO neutron.wsgi [None req-598a227a-d33e-475c-9dea-d5c509fb77fe 3c16e09ca97c48abbb60d81debe674d1 71de93269cbc4b9c918ca7e83e197a78 - - default default] 10.0.0.144 "POST /v2.0/networks HTTP/1.1" status: 201 len: 950 time: 1.0456274
2026-07-16 08:01:50.732 10 INFO neutron.wsgi [None req-2413d58c-018d-4be3-9b8c-75cbced7151f 03ff850ba99b4fc49fc97ba87755905a 5353ff5db2194e31ba6d14de90149367 - - default default] 10.0.0.144 "DELETE /v2.0/subnets/3a53f7dd-9a2b-4b2d-9707-590f24e278b1 HTTP/1.1" status: 204 len: 168 time: 0.3247097
2026-07-16 08:01:50.867 10 INFO neutron.wsgi [None req-98d0b611-0de9-4c56-906c-26f0cecd2086 e465353e431c4f2bb9cbf385040c1b58 ed69409308844ed895beebc3c350087c - - default default] 10.0.0.144 "PUT /v2.0/routers/ca9c56a8-32fb-417d-ba26-64ea7984d5c9/remove_router_interface HTTP/1.1" status: 200 len: 503 time: 0.7392645
2026-07-16 08:01:50.874 9 WARNING neutron.scheduler.dhcp_agent_scheduler [None req-be0c7f2d-653a-427a-af9e-dfdc22b409d4 3c16e09ca97c48abbb60d81debe674d1 71de93269cbc4b9c918ca7e83e197a78 - - default default] No more DHCP agents /var/lib/openstack/lib/python3.10/site-packages/pycadf/identifier.py:71: UserWarning: Invalid uuid: neutron. To ensure interoperability, identifiers should be a valid uuid. warnings.warn(('Invalid uuid: %s. To ensure interoperability, '
2026-07-16 08:01:50.876 9 WARNING neutron.api.rpc.agentnotifiers.dhcp_rpc_agent_api [None req-be0c7f2d-653a-427a-af9e-dfdc22b409d4 3c16e09ca97c48abbb60d81debe674d1 71de93269cbc4b9c918ca7e83e197a78 - - default default] Unable to schedule network 21a9d6ca-9679-421f-b309-a2782058d02d: no agents available; will retry on subsequent port and subnet creation events.
2026-07-16 08:01:50.893 10 INFO neutron.wsgi [None req-05189006-e859-4924-b2b1-988db8026ae6 e465353e431c4f2bb9cbf385040c1b58 ed69409308844ed895beebc3c350087c - - default default] 10.0.0.144 "GET /v2.0/ports?device_id=ca9c56a8-32fb-417d-ba26-64ea7984d5c9 HTTP/1.1" status: 200 len: 205 time: 0.0206659
2026-07-16 08:01:51.222 10 INFO neutron.wsgi [None req-4b9ef5eb-a37e-4985-b7ee-edf101d1af4b e465353e431c4f2bb9cbf385040c1b58 ed69409308844ed895beebc3c350087c - - default default] 10.0.0.144 "DELETE /v2.0/routers/ca9c56a8-32fb-417d-ba26-64ea7984d5c9 HTTP/1.1" status: 204 len: 168 time: 0.3234105
2026-07-16 08:01:51.345 10 INFO neutron.services.segments.plugin [-] Segment 53d739f7-3ce5-4589-bf13-93886e0af0b8 resource provider aggregate not found
2026-07-16 08:01:51.351 10 INFO neutron.services.segments.plugin [-] Segment 53d739f7-3ce5-4589-bf13-93886e0af0b8 resource provider aggregate not found
2026-07-16 08:01:51.369 10 INFO neutron.services.segments.plugin [-] Segment 53d739f7-3ce5-4589-bf13-93886e0af0b8 resource provider not found; error: Placement Client Error (4xx): {"errors": [{"status": 404, "title": "Not Found", "detail": "The resource could not be found.\n\n No resource provider with uuid 53d739f7-3ce5-4589-bf13-93886e0af0b8 found for delete ", "request_id": "req-07c60a4c-152b-40e8-afa9-f75c4c826b40"}]}
2026-07-16 08:01:51.434 9 INFO neutron.db.ovn_revision_numbers_db [None req-be0c7f2d-653a-427a-af9e-dfdc22b409d4 3c16e09ca97c48abbb60d81debe674d1 71de93269cbc4b9c918ca7e83e197a78 - - default default] Successfully bumped revision number for resource 29c65184-bccf-492f-a154-a3df7c660f76 (type: ports) to 2
2026-07-16 08:01:51.480 9 INFO neutron.db.ovn_revision_numbers_db [None req-be0c7f2d-653a-427a-af9e-dfdc22b409d4 3c16e09ca97c48abbb60d81debe674d1 71de93269cbc4b9c918ca7e83e197a78 - - default default] Successfully bumped revision number for resource 61078cf5-a3df-4a03-9751-ac5528e745e3 (type: subnets) to 0
2026-07-16 08:01:51.496 9 INFO neutron.wsgi [None req-be0c7f2d-653a-427a-af9e-dfdc22b409d4 3c16e09ca97c48abbb60d81debe674d1 71de93269cbc4b9c918ca7e83e197a78 - - default default] 10.0.0.144 "POST /v2.0/subnets HTTP/1.1" status: 201 len: 870 time: 0.7807446
2026-07-16 08:01:51.568 10 INFO neutron.services.segments.plugin [-] Segment 53d739f7-3ce5-4589-bf13-93886e0af0b8 resource provider not found; error: Placement Client Error (4xx): {"errors": [{"status": 404, "title": "Not Found", "detail": "The resource could not be found.\n\n No resource provider with uuid 53d739f7-3ce5-4589-bf13-93886e0af0b8 found for delete ", "request_id": "req-e404ab01-9a1a-48c6-b4c6-55399d44b001"}]}
2026-07-16 08:01:51.591 10 INFO neutron.wsgi [None req-d0bf452e-42cb-4b01-ab35-46964dcfd6d4 03ff850ba99b4fc49fc97ba87755905a 5353ff5db2194e31ba6d14de90149367 - - default default] 10.0.0.144 "DELETE /v2.0/networks/6012b5aa-b407-46f8-9275-b4e1ced41e61 HTTP/1.1" status: 204 len: 168 time: 0.8537316
2026-07-16 08:01:51.607 10 WARNING neutron_lib.context [None req-55e07784-2697-474e-ab86-cbf7ae4ce97c 03ff850ba99b4fc49fc97ba87755905a 5353ff5db2194e31ba6d14de90149367 - - default default] Method 'is_advsvc' is deprecated since 2023.2 release (neutron-lib 3.8.0) and will be removed once support for the old RBAC API policies will be removed from Neutron. Please use method 'is_service_role' instead.
2026-07-16 08:01:51.692 10 INFO neutron.wsgi [None req-f62e8b02-c635-4a32-b12e-736f9b95e41e e465353e431c4f2bb9cbf385040c1b58 ed69409308844ed895beebc3c350087c - - default default] 10.0.0.144 "DELETE /v2.0/subnets/84b3ffa0-2b00-421a-b303-32e726c3615b HTTP/1.1" status: 204 len: 168 time: 0.4669993
2026-07-16 08:01:51.929 10 INFO neutron.wsgi [None req-bfcdd0dd-2304-4793-aa71-9d6c856a97cf e465353e431c4f2bb9cbf385040c1b58 ed69409308844ed895beebc3c350087c - - default default] 10.0.0.144 "DELETE /v2.0/subnets/22c6cc26-cda6-4250-9795-5c890a1b2a5e HTTP/1.1" status: 204 len: 168 time: 0.2305462
2026-07-16 08:01:51.935 10 WARNING neutron.scheduler.dhcp_agent_scheduler [None req-55e07784-2697-474e-ab86-cbf7ae4ce97c 03ff850ba99b4fc49fc97ba87755905a 5353ff5db2194e31ba6d14de90149367 - - default default] No more DHCP agents /var/lib/openstack/lib/python3.10/site-packages/pycadf/identifier.py:71: UserWarning: Invalid uuid: neutron. To ensure interoperability, identifiers should be a valid uuid. warnings.warn(('Invalid uuid: %s. To ensure interoperability, '
2026-07-16 08:01:51.941 9 WARNING neutron.scheduler.dhcp_agent_scheduler [None req-e5ac8a47-8913-443f-b106-09ce07ea67ad 3c16e09ca97c48abbb60d81debe674d1 71de93269cbc4b9c918ca7e83e197a78 - - default default] No more DHCP agents
2026-07-16 08:01:51.943 9 WARNING neutron.api.rpc.agentnotifiers.dhcp_rpc_agent_api [None req-e5ac8a47-8913-443f-b106-09ce07ea67ad 3c16e09ca97c48abbb60d81debe674d1 71de93269cbc4b9c918ca7e83e197a78 - - default default] Unable to schedule network eb2eed8e-9f13-490c-9010-49ac32b30e05: no agents available; will retry on subsequent port and subnet creation events.
2026-07-16 08:01:51.943 10 WARNING neutron.api.rpc.agentnotifiers.dhcp_rpc_agent_api [None req-55e07784-2697-474e-ab86-cbf7ae4ce97c 03ff850ba99b4fc49fc97ba87755905a 5353ff5db2194e31ba6d14de90149367 - - default default] Unable to schedule network 644b3fd8-4fec-4602-8495-747cf57f9684: no agents available; will retry on subsequent port and subnet creation events.
2026-07-16 08:01:52.049 10 INFO neutron.db.ovn_revision_numbers_db [None req-55e07784-2697-474e-ab86-cbf7ae4ce97c 03ff850ba99b4fc49fc97ba87755905a 5353ff5db2194e31ba6d14de90149367 - - default default] Successfully bumped revision number for resource f95d04ff-2d7e-4f84-bf4d-e05c5d9a42a1 (type: ports) to 1
2026-07-16 08:01:52.087 10 INFO neutron.wsgi [None req-55e07784-2697-474e-ab86-cbf7ae4ce97c 03ff850ba99b4fc49fc97ba87755905a 5353ff5db2194e31ba6d14de90149367 - - default default] 10.0.0.144 "POST /v2.0/ports HTTP/1.1" status: 201 len: 972 time: 0.4840312
2026-07-16 08:01:52.124 9 INFO neutron.db.ovn_revision_numbers_db [None req-e5ac8a47-8913-443f-b106-09ce07ea67ad 3c16e09ca97c48abbb60d81debe674d1 71de93269cbc4b9c918ca7e83e197a78 - - default default] Successfully bumped revision number for resource 10a1b14c-183a-4760-98ff-ff5a036313d5 (type: ports) to 1
2026-07-16 08:01:52.191 9 WARNING neutron.plugins.ml2.drivers.ovn.mech_driver.ovsdb.ovn_client [None req-9922bd46-0a33-49c9-aed7-aec754b2273a - - - - - -] No port found with ID de79cfe2-72d9-4a33-8d10-0d84f813ca64: RuntimeError: No port found with ID de79cfe2-72d9-4a33-8d10-0d84f813ca64
2026-07-16 08:01:52.336 10 INFO neutron.wsgi [None req-6ba6164f-75ce-4f9f-99b0-a891cddc2465 e465353e431c4f2bb9cbf385040c1b58 ed69409308844ed895beebc3c350087c - - default default] 10.0.0.144 "DELETE /v2.0/networks/ac789eff-86fb-45eb-bbbf-b796b6764291 HTTP/1.1" status: 204 len: 168 time: 0.3993127 /var/lib/openstack/lib/python3.10/site-packages/pycadf/identifier.py:71: UserWarning: Invalid uuid: neutron. To ensure interoperability, identifiers should be a valid uuid. warnings.warn(('Invalid uuid: %s. To ensure interoperability, '
2026-07-16 08:01:52.726 9 INFO neutron.db.ovn_revision_numbers_db [None req-5298f133-d4cd-469a-a0d1-236094d3c40f 03ff850ba99b4fc49fc97ba87755905a 5353ff5db2194e31ba6d14de90149367 - - default default] Successfully bumped revision number for resource f95d04ff-2d7e-4f84-bf4d-e05c5d9a42a1 (type: ports) to 2
2026-07-16 08:01:52.742 9 INFO neutron.wsgi [None req-5298f133-d4cd-469a-a0d1-236094d3c40f 03ff850ba99b4fc49fc97ba87755905a 5353ff5db2194e31ba6d14de90149367 - - default default] 10.0.0.144 "PUT /v2.0/ports/f95d04ff-2d7e-4f84-bf4d-e05c5d9a42a1 HTTP/1.1" status: 200 len: 946 time: 0.6483545
2026-07-16 08:01:52.765 10 INFO neutron.wsgi [None req-6944d470-68a5-4f4b-a641-06741f8586b1 e465353e431c4f2bb9cbf385040c1b58 ed69409308844ed895beebc3c350087c - - default default] 10.0.0.144 "DELETE /v2.0/networks/02682186-7864-4fc7-b834-67479fc2087a HTTP/1.1" status: 204 len: 168 time: 0.4229369
2026-07-16 08:01:52.784 10 WARNING neutron_lib.context [None req-67bd46ff-e5e5-482b-b818-c2a5877dd798 e465353e431c4f2bb9cbf385040c1b58 ed69409308844ed895beebc3c350087c - - default default] Method 'is_advsvc' is deprecated since 2023.2 release (neutron-lib 3.8.0) and will be removed once support for the old RBAC API policies will be removed from Neutron. Please use method 'is_service_role' instead.
2026-07-16 08:01:52.888 10 INFO neutron.db.segments_db [None req-67bd46ff-e5e5-482b-b818-c2a5877dd798 e465353e431c4f2bb9cbf385040c1b58 ed69409308844ed895beebc3c350087c - - default default] Added segment a8501e80-b797-465b-a7bd-95f6c2a9e716 of type geneve for network bce1ac6a-33f2-418d-81e3-9780bf79ef14
2026-07-16 08:01:53.053 9 INFO neutron.plugins.ml2.drivers.ovn.mech_driver.ovsdb.ovsdb_monitor [None req-cdf6c8a5-d0a0-4036-9ca1-5573bac1a875 - - - - - -] Router 80718c38-3743-4351-8129-741f2cf65b27 is bound to host instance
2026-07-16 08:01:53.095 9 INFO neutron.db.ovn_revision_numbers_db [None req-e5ac8a47-8913-443f-b106-09ce07ea67ad 3c16e09ca97c48abbb60d81debe674d1 71de93269cbc4b9c918ca7e83e197a78 - - default default] Successfully bumped revision number for resource 10a1b14c-183a-4760-98ff-ff5a036313d5 (type: router_ports) to 1
2026-07-16 08:01:53.133 10 INFO neutron.wsgi [None req-eeb292ff-1a90-4b4b-8575-3e7a74a74e26 03ff850ba99b4fc49fc97ba87755905a 5353ff5db2194e31ba6d14de90149367 - - default default] 10.0.0.144 "DELETE /v2.0/ports/f95d04ff-2d7e-4f84-bf4d-e05c5d9a42a1 HTTP/1.1" status: 204 len: 168 time: 0.3864558
2026-07-16 08:01:53.141 10 INFO neutron.db.ovn_revision_numbers_db [None req-67bd46ff-e5e5-482b-b818-c2a5877dd798 e465353e431c4f2bb9cbf385040c1b58 ed69409308844ed895beebc3c350087c - - default default] Successfully bumped revision number for resource bce1ac6a-33f2-418d-81e3-9780bf79ef14 (type: networks) to 1 /var/lib/openstack/lib/python3.10/site-packages/pycadf/identifier.py:71: UserWarning: Invalid uuid: neutron. To ensure interoperability, identifiers should be a valid uuid. warnings.warn(('Invalid uuid: %s. To ensure interoperability, '
2026-07-16 08:01:53.237 9 INFO neutron.db.ovn_revision_numbers_db [None req-e5ac8a47-8913-443f-b106-09ce07ea67ad 3c16e09ca97c48abbb60d81debe674d1 71de93269cbc4b9c918ca7e83e197a78 - - default default] Successfully bumped revision number for resource 80718c38-3743-4351-8129-741f2cf65b27 (type: routers) to 2
2026-07-16 08:01:53.263 10 INFO neutron.db.ovn_revision_numbers_db [None req-8d931bee-e958-4bfd-9847-0492b3cbb829 3c16e09ca97c48abbb60d81debe674d1 71de93269cbc4b9c918ca7e83e197a78 - - default default] Successfully bumped revision number for resource 8a5f7c4f-e146-424d-a4ac-a3f2fa918ab4 (type: security_groups) to 1
2026-07-16 08:01:53.274 9 INFO neutron.wsgi [None req-e5ac8a47-8913-443f-b106-09ce07ea67ad 3c16e09ca97c48abbb60d81debe674d1 71de93269cbc4b9c918ca7e83e197a78 - - default default] 10.0.0.144 "POST /v2.0/routers HTTP/1.1" status: 201 len: 881 time: 1.7640691
2026-07-16 08:01:53.284 9 INFO neutron.wsgi [None req-b4d425a9-f72f-4814-bee4-ac2f3f8ba0d1 03ff850ba99b4fc49fc97ba87755905a 5353ff5db2194e31ba6d14de90149367 - - default default] 10.0.0.144 "GET /v2.0/ports HTTP/1.1" status: 200 len: 1729 time: 0.1338317
2026-07-16 08:01:53.295 10 INFO neutron.db.ovn_revision_numbers_db [None req-8d931bee-e958-4bfd-9847-0492b3cbb829 3c16e09ca97c48abbb60d81debe674d1 71de93269cbc4b9c918ca7e83e197a78 - - default default] Successfully bumped revision number for resource 52df05d5-07c7-4843-9fa6-674f24f6f6c4 (type: security_group_rules) to 0
2026-07-16 08:01:53.305 9 INFO neutron.pecan_wsgi.hooks.translation [None req-9b7de6d0-e32e-42e3-8496-a5463903104c 03ff850ba99b4fc49fc97ba87755905a 5353ff5db2194e31ba6d14de90149367 - - default default] GET failed (client error): The resource could not be found.
2026-07-16 08:01:53.307 9 INFO neutron.wsgi [None req-9b7de6d0-e32e-42e3-8496-a5463903104c 03ff850ba99b4fc49fc97ba87755905a 5353ff5db2194e31ba6d14de90149367 - - default default] 10.0.0.144 "GET /v2.0/ports/f95d04ff-2d7e-4f84-bf4d-e05c5d9a42a1 HTTP/1.1" status: 404 len: 333 time: 0.0183351
2026-07-16 08:01:53.341 10 INFO neutron.db.ovn_revision_numbers_db [None req-8d931bee-e958-4bfd-9847-0492b3cbb829 3c16e09ca97c48abbb60d81debe674d1 71de93269cbc4b9c918ca7e83e197a78 - - default default] Successfully bumped revision number for resource 7a8fa3b0-2e34-4de1-ae34-e65ab6eb9887 (type: security_group_rules) to 0
2026-07-16 08:01:53.357 9 INFO neutron.wsgi [None req-f164c0d7-93f9-4e00-9122-de39c18d3bfb 03ff850ba99b4fc49fc97ba87755905a 5353ff5db2194e31ba6d14de90149367 - - default default] 10.0.0.144 "GET /v2.0/ports HTTP/1.1" status: 200 len: 1729 time: 0.0411386
2026-07-16 08:01:53.380 10 INFO neutron.db.ovn_revision_numbers_db [None req-8d931bee-e958-4bfd-9847-0492b3cbb829 3c16e09ca97c48abbb60d81debe674d1 71de93269cbc4b9c918ca7e83e197a78 - - default default] Successfully bumped revision number for resource 7c54ca7f-89ae-47d3-af0e-0b038c0729ef (type: security_group_rules) to 0
2026-07-16 08:01:53.392 10 INFO neutron.services.segments.plugin [-] Segment 6133e4de-6c8e-4368-9c5e-d2096892f237 resource provider aggregate not found
2026-07-16 08:01:53.411 10 WARNING neutron.scheduler.dhcp_agent_scheduler [None req-67bd46ff-e5e5-482b-b818-c2a5877dd798 e465353e431c4f2bb9cbf385040c1b58 ed69409308844ed895beebc3c350087c - - default default] No more DHCP agents
2026-07-16 08:01:53.412 10 INFO neutron.services.segments.plugin [-] Segment 6133e4de-6c8e-4368-9c5e-d2096892f237 resource provider not found; error: Placement Client Error (4xx): {"errors": [{"status": 404, "title": "Not Found", "detail": "The resource could not be found.\n\n No resource provider with uuid 6133e4de-6c8e-4368-9c5e-d2096892f237 found for delete ", "request_id": "req-1ba72e1f-3141-47c0-8b46-ebd9e722645c"}]}
2026-07-16 08:01:53.415 9 INFO neutron.wsgi [None req-f4389b06-a0ed-4362-bc87-2e4d478e759e 03ff850ba99b4fc49fc97ba87755905a 5353ff5db2194e31ba6d14de90149367 - - default default] 10.0.0.144 "GET /v2.0/ports/d7c99a49-472d-471d-9da9-44b6f9ec1cc8 HTTP/1.1" status: 200 len: 969 time: 0.0405114
2026-07-16 08:01:53.422 10 WARNING neutron.api.rpc.agentnotifiers.dhcp_rpc_agent_api [None req-67bd46ff-e5e5-482b-b818-c2a5877dd798 e465353e431c4f2bb9cbf385040c1b58 ed69409308844ed895beebc3c350087c - - default default] Unable to schedule network bce1ac6a-33f2-418d-81e3-9780bf79ef14: no agents available; will retry on subsequent port and subnet creation events.
2026-07-16 08:01:53.436 10 INFO neutron.services.segments.plugin [-] Segment 8dce5ed6-580e-473f-bba5-a84d5c40117f resource provider aggregate not found
2026-07-16 08:01:53.441 10 INFO neutron.db.ovn_revision_numbers_db [None req-8d931bee-e958-4bfd-9847-0492b3cbb829 3c16e09ca97c48abbb60d81debe674d1 71de93269cbc4b9c918ca7e83e197a78 - - default default] Successfully bumped revision number for resource 9b6ff1fe-e1ea-4bc7-aeee-51c98985247d (type: security_group_rules) to 0
2026-07-16 08:01:53.454 9 INFO neutron.pecan_wsgi.hooks.translation [None req-9f013783-3313-4d2c-9993-2d6fdc71cb13 03ff850ba99b4fc49fc97ba87755905a 5353ff5db2194e31ba6d14de90149367 - - default default] DELETE failed (client error): The resource could not be found.
2026-07-16 08:01:53.456 9 INFO neutron.wsgi [None req-9f013783-3313-4d2c-9993-2d6fdc71cb13 03ff850ba99b4fc49fc97ba87755905a 5353ff5db2194e31ba6d14de90149367 - - default default] 10.0.0.144 "DELETE /v2.0/ports/ea9fcedc-cf61-49a1-8200-c3ae40bbc210 HTTP/1.1" status: 404 len: 333 time: 0.0325358
2026-07-16 08:01:53.476 10 INFO neutron.services.segments.plugin [-] Segment 8dce5ed6-580e-473f-bba5-a84d5c40117f resource provider not found; error: Placement Client Error (4xx): {"errors": [{"status": 404, "title": "Not Found", "detail": "The resource could not be found.\n\n No resource provider with uuid 8dce5ed6-580e-473f-bba5-a84d5c40117f found for delete ", "request_id": "req-0a580773-9d7b-494c-b534-a68e27ce8285"}]}
2026-07-16 08:01:53.495 9 INFO neutron.pecan_wsgi.hooks.translation [None req-42c4b881-eb35-43e7-8c54-2cbef359b7dc 03ff850ba99b4fc49fc97ba87755905a 5353ff5db2194e31ba6d14de90149367 - - default default] DELETE failed (client error): The resource could not be found.
2026-07-16 08:01:53.497 9 INFO neutron.wsgi [None req-42c4b881-eb35-43e7-8c54-2cbef359b7dc 03ff850ba99b4fc49fc97ba87755905a 5353ff5db2194e31ba6d14de90149367 - - default default] 10.0.0.144 "DELETE /v2.0/subnets/3a53f7dd-9a2b-4b2d-9707-590f24e278b1 HTTP/1.1" status: 404 len: 337 time: 0.0333993
2026-07-16 08:01:53.505 10 INFO neutron.wsgi [None req-8d931bee-e958-4bfd-9847-0492b3cbb829 3c16e09ca97c48abbb60d81debe674d1 71de93269cbc4b9c918ca7e83e197a78 - - default default] 10.0.0.144 "GET /v2.0/security-groups?tenant_id=a5cab3fb1df7441a8449781c2628d6bc&name=default HTTP/1.1" status: 200 len: 2996 time: 0.6470263
2026-07-16 08:01:53.525 9 INFO neutron.pecan_wsgi.hooks.translation [None req-22ea6dbc-dcd2-41c1-babf-af71a0f11883 03ff850ba99b4fc49fc97ba87755905a 5353ff5db2194e31ba6d14de90149367 - - default default] DELETE failed (client error): The resource could not be found.
2026-07-16 08:01:53.527 9 INFO neutron.wsgi [None req-22ea6dbc-dcd2-41c1-babf-af71a0f11883 03ff850ba99b4fc49fc97ba87755905a 5353ff5db2194e31ba6d14de90149367 - - default default] 10.0.0.144 "DELETE /v2.0/subnets/b7471261-e508-42e0-b951-951e74fd7279 HTTP/1.1" status: 404 len: 337 time: 0.0254948
2026-07-16 08:01:53.600 10 INFO neutron.services.segments.plugin [-] Segment 6133e4de-6c8e-4368-9c5e-d2096892f237 resource provider aggregate not found
2026-07-16 08:01:53.626 10 INFO neutron.services.segments.plugin [-] Segment 6133e4de-6c8e-4368-9c5e-d2096892f237 resource provider not found; error: Placement Client Error (4xx): {"errors": [{"status": 404, "title": "Not Found", "detail": "The resource could not be found.\n\n No resource provider with uuid 6133e4de-6c8e-4368-9c5e-d2096892f237 found for delete ", "request_id": "req-b8699b5e-1d19-4077-bc84-58bb9e252b9e"}]}
2026-07-16 08:01:53.636 10 INFO neutron.db.ovn_revision_numbers_db [None req-67bd46ff-e5e5-482b-b818-c2a5877dd798 e465353e431c4f2bb9cbf385040c1b58 ed69409308844ed895beebc3c350087c - - default default] Successfully bumped revision number for resource 7c858792-2a05-4a6a-9bf0-429494017291 (type: ports) to 1
2026-07-16 08:01:53.645 10 INFO neutron.services.segments.plugin [-] Segment 8dce5ed6-580e-473f-bba5-a84d5c40117f resource provider aggregate not found
2026-07-16 08:01:53.669 10 INFO neutron.services.segments.plugin [-] Segment 8dce5ed6-580e-473f-bba5-a84d5c40117f resource provider not found; error: Placement Client Error (4xx): {"errors": [{"status": 404, "title": "Not Found", "detail": "The resource could not be found.\n\n No resource provider with uuid 8dce5ed6-580e-473f-bba5-a84d5c40117f found for delete ", "request_id": "req-fd1ccc5e-7209-4a72-90a5-8f8a25dd8cd6"}]}
2026-07-16 08:01:53.685 10 INFO neutron.wsgi [None req-67bd46ff-e5e5-482b-b818-c2a5877dd798 e465353e431c4f2bb9cbf385040c1b58 ed69409308844ed895beebc3c350087c - - default default] 10.0.0.144 "POST /v2.0/networks HTTP/1.1" status: 201 len: 832 time: 0.9054136
2026-07-16 08:01:53.697 10 WARNING neutron_lib.context [None req-596c4c30-7d32-47c3-9b71-0b4e7660438a e465353e431c4f2bb9cbf385040c1b58 ed69409308844ed895beebc3c350087c - - default default] Method 'is_advsvc' is deprecated since 2023.2 release (neutron-lib 3.8.0) and will be removed once support for the old RBAC API policies will be removed from Neutron. Please use method 'is_service_role' instead.
2026-07-16 08:01:53.846 9 INFO neutron.db.ovn_revision_numbers_db [None req-cdf6c8a5-d0a0-4036-9ca1-5573bac1a875 - - - - - -] Successfully bumped revision number for resource 10a1b14c-183a-4760-98ff-ff5a036313d5 (type: ports) to 1
2026-07-16 08:01:53.896 9 INFO neutron.wsgi [None req-b113eb6c-4230-4b56-97f8-a4f1051b8f33 03ff850ba99b4fc49fc97ba87755905a 5353ff5db2194e31ba6d14de90149367 - - default default] 10.0.0.144 "DELETE /v2.0/ports/d7c99a49-472d-471d-9da9-44b6f9ec1cc8 HTTP/1.1" status: 204 len: 168 time: 0.3605173
2026-07-16 08:01:54.003 10 INFO neutron.wsgi [None req-da989109-cf6b-4406-8bba-9b4b0b103b27 3c16e09ca97c48abbb60d81debe674d1 71de93269cbc4b9c918ca7e83e197a78 - - default default] 10.0.0.144 "DELETE /v2.0/security-groups/8a5f7c4f-e146-424d-a4ac-a3f2fa918ab4 HTTP/1.1" status: 204 len: 168 time: 0.4942544
2026-07-16 08:01:54.094 9 INFO neutron.db.ovn_revision_numbers_db [None req-cdf6c8a5-d0a0-4036-9ca1-5573bac1a875 - - - - - -] Successfully bumped revision number for resource 10a1b14c-183a-4760-98ff-ff5a036313d5 (type: router_ports) to 3
2026-07-16 08:01:54.118 10 WARNING neutron.scheduler.dhcp_agent_scheduler [None req-21b7eb70-f334-4049-89a9-955c926d532d 3c16e09ca97c48abbb60d81debe674d1 71de93269cbc4b9c918ca7e83e197a78 - - default default] No more DHCP agents
2026-07-16 08:01:54.127 10 WARNING neutron.api.rpc.agentnotifiers.dhcp_rpc_agent_api [None req-21b7eb70-f334-4049-89a9-955c926d532d 3c16e09ca97c48abbb60d81debe674d1 71de93269cbc4b9c918ca7e83e197a78 - - default default] Unable to schedule network 21a9d6ca-9679-421f-b309-a2782058d02d: no agents available; will retry on subsequent port and subnet creation events.
2026-07-16 08:01:54.131 10 WARNING neutron.scheduler.dhcp_agent_scheduler [None req-596c4c30-7d32-47c3-9b71-0b4e7660438a e465353e431c4f2bb9cbf385040c1b58 ed69409308844ed895beebc3c350087c - - default default] No more DHCP agents
2026-07-16 08:01:54.149 10 WARNING neutron.api.rpc.agentnotifiers.dhcp_rpc_agent_api [None req-596c4c30-7d32-47c3-9b71-0b4e7660438a e465353e431c4f2bb9cbf385040c1b58 ed69409308844ed895beebc3c350087c - - default default] Unable to schedule network bce1ac6a-33f2-418d-81e3-9780bf79ef14: no agents available; will retry on subsequent port and subnet creation events.
2026-07-16 08:01:54.227 10 INFO neutron.db.ovn_revision_numbers_db [None req-596c4c30-7d32-47c3-9b71-0b4e7660438a e465353e431c4f2bb9cbf385040c1b58 ed69409308844ed895beebc3c350087c - - default default] Successfully bumped revision number for resource b32832e7-3878-4401-8cbd-ac582e15ed52 (type: subnets) to 0
2026-07-16 08:01:54.266 10 INFO neutron.wsgi [None req-596c4c30-7d32-47c3-9b71-0b4e7660438a e465353e431c4f2bb9cbf385040c1b58 ed69409308844ed895beebc3c350087c - - default default] 10.0.0.144 "POST /v2.0/subnets HTTP/1.1" status: 201 len: 821 time: 0.5741892
