2026-07-16 08:08:17.502 10 INFO neutron.wsgi [None req-1c6e40b0-86c9-41dd-933f-e90bea94d1b9 3c16e09ca97c48abbb60d81debe674d1 71de93269cbc4b9c918ca7e83e197a78 - - default default] 199.204.45.4 "PUT /v2.0/ports/7eeb97cd-6f1b-4a08-850e-9f56ed07586d HTTP/1.1" status: 200 len: 1203 time: 0.4263401 /var/lib/openstack/lib/python3.10/site-packages/pycadf/identifier.py:71: UserWarning: Invalid uuid: neutron. To ensure interoperability, identifiers should be a valid uuid. warnings.warn(('Invalid uuid: %s. To ensure interoperability, '
2026-07-16 08:08:17.543 10 INFO neutron.notifiers.nova [-] Nova event matching ['req-7bb6603b-f778-4c74-8948-b11a0e02a9d9'] response: {'name': 'network-changed', 'server_uuid': '6753ecd4-d116-4f17-a659-79054d859424', 'tag': '7eeb97cd-6f1b-4a08-850e-9f56ed07586d', 'status': 'completed', 'code': 200}
2026-07-16 08:08:17.592 10 INFO neutron.wsgi [None req-8ef8f044-62ef-41b5-b506-1b16130d8930 3c16e09ca97c48abbb60d81debe674d1 71de93269cbc4b9c918ca7e83e197a78 - - default default] 199.204.45.4 "GET /v2.0/networks/a0b63ce1-e7f1-433b-8aec-16d6ee659085 HTTP/1.1" status: 200 len: 1000 time: 0.0790129
2026-07-16 08:08:17.606 9 INFO neutron.wsgi [req-6375d8bb-2020-45af-9950-4caee72c392e req-539cd177-7d07-49f3-8f4f-d40deb0175d3 2a4125f0616a4005a9a212b780586efb 38193357b44b4330ab3845d1ccfc7347 - - 13524b305ef34f7ba15bc447ba9ff922 13524b305ef34f7ba15bc447ba9ff922] 199.204.45.4 "GET /v2.0/ports?tenant_id=71de93269cbc4b9c918ca7e83e197a78&device_id=6753ecd4-d116-4f17-a659-79054d859424 HTTP/1.1" status: 200 len: 3747 time: 0.0455604
2026-07-16 08:08:17.658 10 INFO neutron.wsgi [None req-777292d1-a15f-486c-be09-24bdbbac0878 3c16e09ca97c48abbb60d81debe674d1 71de93269cbc4b9c918ca7e83e197a78 - - default default] 199.204.45.4 "GET /v2.0/ports?device_id=6753ecd4-d116-4f17-a659-79054d859424 HTTP/1.1" status: 200 len: 3747 time: 0.0609243
2026-07-16 08:08:17.670 9 INFO neutron.wsgi [req-6375d8bb-2020-45af-9950-4caee72c392e req-b2ff55f3-b329-4ebf-b50a-4f87c7709252 2a4125f0616a4005a9a212b780586efb 38193357b44b4330ab3845d1ccfc7347 - - 13524b305ef34f7ba15bc447ba9ff922 13524b305ef34f7ba15bc447ba9ff922] 199.204.45.4 "GET /v2.0/networks?id=a0b63ce1-e7f1-433b-8aec-16d6ee659085 HTTP/1.1" status: 200 len: 1003 time: 0.0567038
2026-07-16 08:08:17.758 9 INFO neutron.wsgi [req-6375d8bb-2020-45af-9950-4caee72c392e req-3f573306-2d67-42d9-b454-105fcb0b7474 2a4125f0616a4005a9a212b780586efb 38193357b44b4330ab3845d1ccfc7347 - - 13524b305ef34f7ba15bc447ba9ff922 13524b305ef34f7ba15bc447ba9ff922] 199.204.45.4 "GET /v2.0/networks/a0b63ce1-e7f1-433b-8aec-16d6ee659085?fields=segments HTTP/1.1" status: 200 len: 212 time: 0.0799520
2026-07-16 08:08:17.804 10 INFO neutron.wsgi [None req-75e3ed4e-5b7c-4b84-bdab-9db2b33ab3cd 3c16e09ca97c48abbb60d81debe674d1 71de93269cbc4b9c918ca7e83e197a78 - - default default] 199.204.45.4 "GET /v2.0/ports?device_id=6753ecd4-d116-4f17-a659-79054d859424 HTTP/1.1" status: 200 len: 3747 time: 0.0469487
2026-07-16 08:08:17.821 9 INFO neutron.wsgi [req-6375d8bb-2020-45af-9950-4caee72c392e req-58a22542-a808-403a-9f45-af2a2f578df7 2a4125f0616a4005a9a212b780586efb 38193357b44b4330ab3845d1ccfc7347 - - 13524b305ef34f7ba15bc447ba9ff922 13524b305ef34f7ba15bc447ba9ff922] 199.204.45.4 "GET /v2.0/networks/a0b63ce1-e7f1-433b-8aec-16d6ee659085?fields=provider%3Aphysical_network&fields=provider%3Anetwork_type HTTP/1.1" status: 200 len: 277 time: 0.0584886
2026-07-16 08:08:17.909 9 INFO neutron.wsgi [None req-ba7fd76a-047a-43f8-9f2a-aaec95c7e575 3c16e09ca97c48abbb60d81debe674d1 71de93269cbc4b9c918ca7e83e197a78 - - default default] 10.0.0.7 "GET /v2.0/subnets HTTP/1.1" status: 200 len: 5498 time: 0.1124279
2026-07-16 08:08:17.928 9 INFO neutron.wsgi [None req-34d76f64-6624-4dc8-a443-3047d5aae3cf 3c16e09ca97c48abbb60d81debe674d1 71de93269cbc4b9c918ca7e83e197a78 - - default default] 10.0.0.7 "GET /v2.0/network-ip-availabilities HTTP/1.1" status: 200 len: 3365 time: 0.0169101
2026-07-16 08:08:17.984 9 INFO neutron.wsgi [None req-7e410f8a-43e0-4771-9047-c091a5aed667 3c16e09ca97c48abbb60d81debe674d1 71de93269cbc4b9c918ca7e83e197a78 - - default default] 10.0.0.7 "GET /v2.0/subnets HTTP/1.1" status: 200 len: 5498 time: 0.0544841
2026-07-16 08:08:17.998 9 INFO neutron.wsgi [None req-ee9e8c66-dc5c-4100-af5d-a158d120e003 3c16e09ca97c48abbb60d81debe674d1 71de93269cbc4b9c918ca7e83e197a78 - - default default] 10.0.0.7 "GET /v2.0/subnetpools HTTP/1.1" status: 200 len: 193 time: 0.0115061
2026-07-16 08:08:18.059 9 INFO neutron.plugins.ml2.drivers.ovn.mech_driver.mech_driver [None req-9922bd46-0a33-49c9-aed7-aec754b2273a - - - - - -] OVN reports status down for port: 7eeb97cd-6f1b-4a08-850e-9f56ed07586d
2026-07-16 08:08:18.064 9 INFO neutron.wsgi [None req-9dca974d-1bb9-45b1-bf7d-45d4981bf657 3c16e09ca97c48abbb60d81debe674d1 71de93269cbc4b9c918ca7e83e197a78 - - default default] 10.0.0.7 "GET /v2.0/floatingips HTTP/1.1" status: 200 len: 2764 time: 0.0645518
2026-07-16 08:08:18.173 9 INFO neutron.wsgi [req-28ef114f-a4c2-46b2-b974-8f5a8139b92e req-66355cdb-5b36-4e98-9061-ea8d27b9daff 2a4125f0616a4005a9a212b780586efb 38193357b44b4330ab3845d1ccfc7347 - - 13524b305ef34f7ba15bc447ba9ff922 13524b305ef34f7ba15bc447ba9ff922] 199.204.45.4 "GET /v2.0/ports/7eeb97cd-6f1b-4a08-850e-9f56ed07586d HTTP/1.1" status: 200 len: 1231 time: 0.0720716
2026-07-16 08:08:18.221 9 INFO neutron.wsgi [None req-224f5f06-2c11-4d94-81dd-058500741cca 3c16e09ca97c48abbb60d81debe674d1 71de93269cbc4b9c918ca7e83e197a78 - - default default] 10.0.0.7 "GET /v2.0/networks HTTP/1.1" status: 200 len: 4719 time: 0.1556809
2026-07-16 08:08:18.350 9 INFO neutron.wsgi [None req-ba25d2a9-e905-4a0c-8964-f3064b4ae64b 3c16e09ca97c48abbb60d81debe674d1 71de93269cbc4b9c918ca7e83e197a78 - - default default] 10.0.0.7 "GET /v2.0/ports HTTP/1.1" status: 200 len: 23241 time: 0.1246216
2026-07-16 08:08:18.412 9 INFO neutron.notifiers.nova [-] Nova event matching ['req-8de58cab-599e-42de-b515-93cfde8c17c3'] response: {'server_uuid': '6753ecd4-d116-4f17-a659-79054d859424', 'name': 'network-vif-unplugged', 'status': 'completed', 'tag': '7eeb97cd-6f1b-4a08-850e-9f56ed07586d', 'code': 200}
2026-07-16 08:08:18.491 9 INFO neutron.wsgi [None req-418b6da6-8629-49ec-ade3-fe704679a748 3c16e09ca97c48abbb60d81debe674d1 71de93269cbc4b9c918ca7e83e197a78 - - default default] 10.0.0.7 "GET /v2.0/routers HTTP/1.1" status: 200 len: 850 time: 0.1250391
2026-07-16 08:08:18.610 9 INFO neutron.wsgi [None req-cdd7f3b3-9e8c-4dae-82a1-6b02f5bfe39f 3c16e09ca97c48abbb60d81debe674d1 71de93269cbc4b9c918ca7e83e197a78 - - default default] 10.0.0.7 "GET /v2.0/agents?binary=ovn-controller HTTP/1.1" status: 200 len: 591 time: 0.1144180
2026-07-16 08:08:18.639 9 INFO neutron.wsgi [None req-e70b8fb9-9062-424d-80be-58831f78e465 3c16e09ca97c48abbb60d81debe674d1 71de93269cbc4b9c918ca7e83e197a78 - - default default] 10.0.0.7 "GET /v2.0/agents HTTP/1.1" status: 200 len: 997 time: 0.0230711
2026-07-16 08:08:18.742 9 INFO neutron.db.ovn_revision_numbers_db [None req-9922bd46-0a33-49c9-aed7-aec754b2273a - - - - - -] Successfully bumped revision number for resource 7eeb97cd-6f1b-4a08-850e-9f56ed07586d (type: ports) to 7
2026-07-16 08:08:18.766 9 INFO neutron.wsgi [None req-35e5cdea-05eb-455a-b405-cd7fc3affe14 3c16e09ca97c48abbb60d81debe674d1 71de93269cbc4b9c918ca7e83e197a78 - - default default] 10.0.0.7 "GET /v2.0/security-groups HTTP/1.1" status: 200 len: 30251 time: 0.1213632
2026-07-16 08:08:18.827 9 INFO neutron.wsgi [req-28ef114f-a4c2-46b2-b974-8f5a8139b92e req-b61ad0fa-607b-435e-9de7-d6b81e154a1b 3c16e09ca97c48abbb60d81debe674d1 71de93269cbc4b9c918ca7e83e197a78 - - default default] 199.204.45.4 "DELETE /v2.0/ports/7eeb97cd-6f1b-4a08-850e-9f56ed07586d HTTP/1.1" status: 204 len: 173 time: 0.6478074 /var/lib/openstack/lib/python3.10/site-packages/pycadf/identifier.py:71: UserWarning: Invalid uuid: neutron. To ensure interoperability, identifiers should be a valid uuid. warnings.warn(('Invalid uuid: %s. To ensure interoperability, '
2026-07-16 08:08:18.895 10 INFO neutron.wsgi [None req-df94eaa4-d863-4c26-89c8-6bf02057a013 3c16e09ca97c48abbb60d81debe674d1 71de93269cbc4b9c918ca7e83e197a78 - - default default] 199.204.45.4 "GET /v2.0/ports?device_id=6753ecd4-d116-4f17-a659-79054d859424 HTTP/1.1" status: 200 len: 2724 time: 0.0794370
2026-07-16 08:08:18.922 10 INFO neutron.pecan_wsgi.hooks.translation [None req-18b640db-22bc-4454-b533-2737d8f37146 3c16e09ca97c48abbb60d81debe674d1 71de93269cbc4b9c918ca7e83e197a78 - - default default] DELETE failed (client error): The resource could not be found.
2026-07-16 08:08:18.925 10 INFO neutron.wsgi [None req-18b640db-22bc-4454-b533-2737d8f37146 3c16e09ca97c48abbb60d81debe674d1 71de93269cbc4b9c918ca7e83e197a78 - - default default] 199.204.45.4 "DELETE /v2.0/ports/7eeb97cd-6f1b-4a08-850e-9f56ed07586d HTTP/1.1" status: 404 len: 338 time: 0.0193956
2026-07-16 08:08:18.931 9 INFO neutron.wsgi [req-28ef114f-a4c2-46b2-b974-8f5a8139b92e req-fd9e359c-2f8e-40c0-b4ac-655e70500ff6 2a4125f0616a4005a9a212b780586efb 38193357b44b4330ab3845d1ccfc7347 - - 13524b305ef34f7ba15bc447ba9ff922 13524b305ef34f7ba15bc447ba9ff922] 199.204.45.4 "GET /v2.0/ports?tenant_id=71de93269cbc4b9c918ca7e83e197a78&device_id=6753ecd4-d116-4f17-a659-79054d859424 HTTP/1.1" status: 200 len: 2724 time: 0.0426092
2026-07-16 08:08:19.011 9 INFO neutron.wsgi [req-28ef114f-a4c2-46b2-b974-8f5a8139b92e req-2e31e8b3-84f1-4e6f-b2f9-b9276922da74 2a4125f0616a4005a9a212b780586efb 38193357b44b4330ab3845d1ccfc7347 - - 13524b305ef34f7ba15bc447ba9ff922 13524b305ef34f7ba15bc447ba9ff922] 199.204.45.4 "GET /v2.0/networks?id=c437bf0e-cc15-453c-926c-c0ef060d89c5&id=9d9d244e-f6f9-42c6-884a-242a3d22a14e&id=a0b63ce1-e7f1-433b-8aec-16d6ee659085 HTTP/1.1" status: 200 len: 2519 time: 0.0737081
2026-07-16 08:08:19.041 9 INFO neutron.wsgi [req-28ef114f-a4c2-46b2-b974-8f5a8139b92e req-b606be62-b9a5-41b7-9ade-7b0546356c34 2a4125f0616a4005a9a212b780586efb 38193357b44b4330ab3845d1ccfc7347 - - 13524b305ef34f7ba15bc447ba9ff922 13524b305ef34f7ba15bc447ba9ff922] 199.204.45.4 "GET /v2.0/floatingips?fixed_ip_address=172.24.1.23&port_id=a5ed9d72-aa47-4713-9885-5947b478a9c2 HTTP/1.1" status: 200 len: 217 time: 0.0247948
2026-07-16 08:08:19.088 10 INFO neutron.wsgi [None req-4815fe03-d7fa-4a31-b45f-5299b0598f39 3c16e09ca97c48abbb60d81debe674d1 71de93269cbc4b9c918ca7e83e197a78 - - default default] 199.204.45.4 "GET /v2.0/extensions/security-group HTTP/1.1" status: 200 len: 369 time: 0.0075219
2026-07-16 08:08:19.095 9 INFO neutron.wsgi [req-28ef114f-a4c2-46b2-b974-8f5a8139b92e req-71e84207-b00f-496b-9a00-043478242abc 2a4125f0616a4005a9a212b780586efb 38193357b44b4330ab3845d1ccfc7347 - - 13524b305ef34f7ba15bc447ba9ff922 13524b305ef34f7ba15bc447ba9ff922] 199.204.45.4 "GET /v2.0/subnets?id=42e15325-daad-41fb-bd2e-e8eedbd11ff7 HTTP/1.1" status: 200 len: 829 time: 0.0459766
2026-07-16 08:08:19.098 10 INFO neutron.wsgi [None req-6ef910e4-49ed-4fda-9d27-bdaedfb30296 3c16e09ca97c48abbb60d81debe674d1 71de93269cbc4b9c918ca7e83e197a78 - - default default] 199.204.45.4 "GET /v2.0/extensions/dns-integration HTTP/1.1" status: 200 len: 371 time: 0.0051713
2026-07-16 08:08:19.106 10 INFO neutron.wsgi [None req-aa6b207c-7321-48ca-a478-9761a5b437b4 3c16e09ca97c48abbb60d81debe674d1 71de93269cbc4b9c918ca7e83e197a78 - - default default] 199.204.45.4 "GET /v2.0/extensions/qos HTTP/1.1" status: 200 len: 365 time: 0.0043726
2026-07-16 08:08:19.117 10 INFO neutron.wsgi [None req-770c64f0-92fa-4eb8-b097-afbc464a3449 3c16e09ca97c48abbb60d81debe674d1 71de93269cbc4b9c918ca7e83e197a78 - - default default] 199.204.45.4 "GET /v2.0/extensions/allowed-address-pairs HTTP/1.1" status: 200 len: 383 time: 0.0067813
2026-07-16 08:08:19.128 9 INFO neutron.wsgi [req-28ef114f-a4c2-46b2-b974-8f5a8139b92e req-7bb2dc60-5ea6-4da2-b564-43862afebd3a 2a4125f0616a4005a9a212b780586efb 38193357b44b4330ab3845d1ccfc7347 - - 13524b305ef34f7ba15bc447ba9ff922 13524b305ef34f7ba15bc447ba9ff922] 199.204.45.4 "GET /v2.0/ports?network_id=c437bf0e-cc15-453c-926c-c0ef060d89c5&device_owner=network%3Adhcp HTTP/1.1" status: 200 len: 210 time: 0.0262091
2026-07-16 08:08:19.158 10 INFO neutron.wsgi [None req-ecd4d332-1513-4c5f-83a7-595cc211a456 3c16e09ca97c48abbb60d81debe674d1 71de93269cbc4b9c918ca7e83e197a78 - - default default] 199.204.45.4 "GET /v2.0/subnets/4ff474fb-c188-4477-adda-ce5729c9e4ac HTTP/1.1" status: 200 len: 851 time: 0.0366094
2026-07-16 08:08:19.194 9 INFO neutron.wsgi [req-28ef114f-a4c2-46b2-b974-8f5a8139b92e req-aca29bd0-bb2f-46bc-a94f-dbe399dacba6 2a4125f0616a4005a9a212b780586efb 38193357b44b4330ab3845d1ccfc7347 - - 13524b305ef34f7ba15bc447ba9ff922 13524b305ef34f7ba15bc447ba9ff922] 199.204.45.4 "GET /v2.0/networks/c437bf0e-cc15-453c-926c-c0ef060d89c5?fields=segments HTTP/1.1" status: 200 len: 212 time: 0.0604179
2026-07-16 08:08:19.203 10 INFO neutron.wsgi [None req-98a87b49-774a-4af2-a884-98143d3c76fd 3c16e09ca97c48abbb60d81debe674d1 71de93269cbc4b9c918ca7e83e197a78 - - default default] 199.204.45.4 "GET /v2.0/ports/0a771d11-f75a-4101-95d3-fd0c849563c3 HTTP/1.1" status: 200 len: 1340 time: 0.0370085
2026-07-16 08:08:19.251 10 INFO neutron.wsgi [None req-5e972ed5-78ad-49dc-84a9-649939ac19b6 3c16e09ca97c48abbb60d81debe674d1 71de93269cbc4b9c918ca7e83e197a78 - - default default] 199.204.45.4 "GET /v2.0/ports/d9af04c8-3bbc-4ba6-81d7-d8f55b770dac HTTP/1.1" status: 200 len: 1519 time: 0.0393717
2026-07-16 08:08:19.260 9 INFO neutron.wsgi [req-28ef114f-a4c2-46b2-b974-8f5a8139b92e req-b77d4062-b0be-4fa5-abc7-14dd58e8fa32 2a4125f0616a4005a9a212b780586efb 38193357b44b4330ab3845d1ccfc7347 - - 13524b305ef34f7ba15bc447ba9ff922 13524b305ef34f7ba15bc447ba9ff922] 199.204.45.4 "GET /v2.0/networks/c437bf0e-cc15-453c-926c-c0ef060d89c5?fields=provider%3Aphysical_network&fields=provider%3Anetwork_type HTTP/1.1" status: 200 len: 277 time: 0.0583231
2026-07-16 08:08:19.285 10 INFO neutron.wsgi [None req-dfd6a49e-aade-42f8-b36c-17d09f7db94b 3c16e09ca97c48abbb60d81debe674d1 71de93269cbc4b9c918ca7e83e197a78 - - default default] 199.204.45.4 "GET /v2.0/subnets/4ff474fb-c188-4477-adda-ce5729c9e4ac HTTP/1.1" status: 200 len: 851 time: 0.0271556
2026-07-16 08:08:19.289 9 INFO neutron.wsgi [req-28ef114f-a4c2-46b2-b974-8f5a8139b92e req-b4e6f91e-9975-475d-bf9a-7720ed05970f 2a4125f0616a4005a9a212b780586efb 38193357b44b4330ab3845d1ccfc7347 - - 13524b305ef34f7ba15bc447ba9ff922 13524b305ef34f7ba15bc447ba9ff922] 199.204.45.4 "GET /v2.0/floatingips?fixed_ip_address=10.1.1.251&port_id=d9af04c8-3bbc-4ba6-81d7-d8f55b770dac HTTP/1.1" status: 200 len: 217 time: 0.0242379
2026-07-16 08:08:19.330 9 INFO neutron.wsgi [req-28ef114f-a4c2-46b2-b974-8f5a8139b92e req-18c79dc9-cc39-4626-ad10-4e92f4900f5d 2a4125f0616a4005a9a212b780586efb 38193357b44b4330ab3845d1ccfc7347 - - 13524b305ef34f7ba15bc447ba9ff922 13524b305ef34f7ba15bc447ba9ff922] 199.204.45.4 "GET /v2.0/subnets?id=4ff474fb-c188-4477-adda-ce5729c9e4ac HTTP/1.1" status: 200 len: 854 time: 0.0374672
2026-07-16 08:08:19.349 10 INFO neutron.wsgi [None req-4d20dabd-af3c-4eb6-874a-5aacfeb05019 3c16e09ca97c48abbb60d81debe674d1 71de93269cbc4b9c918ca7e83e197a78 - - default default] 199.204.45.4 "GET /v2.0/networks/9d9d244e-f6f9-42c6-884a-242a3d22a14e HTTP/1.1" status: 200 len: 1001 time: 0.0578253
2026-07-16 08:08:19.354 9 INFO neutron.wsgi [req-28ef114f-a4c2-46b2-b974-8f5a8139b92e req-6b1b2ed8-3a7a-4f88-aa4e-963591abd42e 2a4125f0616a4005a9a212b780586efb 38193357b44b4330ab3845d1ccfc7347 - - 13524b305ef34f7ba15bc447ba9ff922 13524b305ef34f7ba15bc447ba9ff922] 199.204.45.4 "GET /v2.0/ports?network_id=9d9d244e-f6f9-42c6-884a-242a3d22a14e&device_owner=network%3Adhcp HTTP/1.1" status: 200 len: 210 time: 0.0182204
2026-07-16 08:08:19.394 10 INFO neutron.wsgi [None req-dfc4be45-5dcd-40a8-b987-3f160402af27 3c16e09ca97c48abbb60d81debe674d1 71de93269cbc4b9c918ca7e83e197a78 - - default default] 199.204.45.4 "GET /v2.0/ports/0a771d11-f75a-4101-95d3-fd0c849563c3 HTTP/1.1" status: 200 len: 1340 time: 0.0365162
2026-07-16 08:08:19.431 10 INFO neutron.wsgi [None req-73cd9e8b-f83c-44f3-b889-4148274ab1db 3c16e09ca97c48abbb60d81debe674d1 71de93269cbc4b9c918ca7e83e197a78 - - default default] 199.204.45.4 "GET /v2.0/subnets/4ff474fb-c188-4477-adda-ce5729c9e4ac HTTP/1.1" status: 200 len: 851 time: 0.0318818
2026-07-16 08:08:19.443 9 INFO neutron.wsgi [req-28ef114f-a4c2-46b2-b974-8f5a8139b92e req-959a9a57-4ba7-42f5-a73e-3629b74e9bdf 2a4125f0616a4005a9a212b780586efb 38193357b44b4330ab3845d1ccfc7347 - - 13524b305ef34f7ba15bc447ba9ff922 13524b305ef34f7ba15bc447ba9ff922] 199.204.45.4 "GET /v2.0/networks/9d9d244e-f6f9-42c6-884a-242a3d22a14e?fields=segments HTTP/1.1" status: 200 len: 212 time: 0.0840263
2026-07-16 08:08:19.515 9 INFO neutron.wsgi [req-28ef114f-a4c2-46b2-b974-8f5a8139b92e req-6303027b-5b99-44d3-a6d4-b20248cb5ccf 2a4125f0616a4005a9a212b780586efb 38193357b44b4330ab3845d1ccfc7347 - - 13524b305ef34f7ba15bc447ba9ff922 13524b305ef34f7ba15bc447ba9ff922] 199.204.45.4 "GET /v2.0/networks/9d9d244e-f6f9-42c6-884a-242a3d22a14e?fields=provider%3Aphysical_network&fields=provider%3Anetwork_type HTTP/1.1" status: 200 len: 277 time: 0.0669148
2026-07-16 08:08:20.457 9 INFO neutron.notifiers.nova [-] Nova event matching ['req-dd6b2fa0-bec2-4afb-aa35-16e11f253a3f'] response: {'server_uuid': '6753ecd4-d116-4f17-a659-79054d859424', 'name': 'network-vif-plugged', 'status': 'completed', 'tag': '7eeb97cd-6f1b-4a08-850e-9f56ed07586d', 'code': 200}
2026-07-16 08:08:20.458 9 INFO neutron.notifiers.nova [-] Nova event matching ['req-dd6b2fa0-bec2-4afb-aa35-16e11f253a3f'] response: {'server_uuid': '6753ecd4-d116-4f17-a659-79054d859424', 'name': 'network-vif-deleted', 'tag': '7eeb97cd-6f1b-4a08-850e-9f56ed07586d', 'status': 'completed', 'code': 200}
2026-07-16 08:08:26.884 9 INFO neutron.wsgi [-] 10.0.0.160 "GET / HTTP/1.1" status: 200 len: 246 time: 0.0026889
2026-07-16 08:08:26.885 10 INFO neutron.wsgi [-] 10.0.0.160 "GET / HTTP/1.1" status: 200 len: 246 time: 0.0028088
2026-07-16 08:08:28.031 10 INFO neutron.wsgi [None req-43bf4239-5ff7-44c2-9f39-cbaac81c21ad 3c16e09ca97c48abbb60d81debe674d1 71de93269cbc4b9c918ca7e83e197a78 - - default default] 199.204.45.4 "GET /v2.0/extensions/security-group HTTP/1.1" status: 200 len: 369 time: 0.0061784
2026-07-16 08:08:28.044 10 INFO neutron.wsgi [None req-fd043f4b-c37f-47d2-a310-64db957fe930 3c16e09ca97c48abbb60d81debe674d1 71de93269cbc4b9c918ca7e83e197a78 - - default default] 199.204.45.4 "GET /v2.0/extensions/dns-integration HTTP/1.1" status: 200 len: 371 time: 0.0074856
2026-07-16 08:08:28.055 10 INFO neutron.wsgi [None req-2ecd6f3c-0512-43e5-a242-9dd75a391229 3c16e09ca97c48abbb60d81debe674d1 71de93269cbc4b9c918ca7e83e197a78 - - default default] 199.204.45.4 "GET /v2.0/extensions/qos HTTP/1.1" status: 200 len: 365 time: 0.0062168
2026-07-16 08:08:28.066 10 INFO neutron.wsgi [None req-88cc02a9-e2c0-43f3-8085-8bbdc223981c 3c16e09ca97c48abbb60d81debe674d1 71de93269cbc4b9c918ca7e83e197a78 - - default default] 199.204.45.4 "GET /v2.0/extensions/allowed-address-pairs HTTP/1.1" status: 200 len: 383 time: 0.0053089
2026-07-16 08:08:28.081 10 INFO neutron.api.v2.resource [None req-4d0bd0ca-1e32-49d2-9f7f-7b6787fcf99a 3c16e09ca97c48abbb60d81debe674d1 71de93269cbc4b9c918ca7e83e197a78 - - default default] show failed (client error): The resource could not be found.
2026-07-16 08:08:28.082 10 INFO neutron.wsgi [None req-4d0bd0ca-1e32-49d2-9f7f-7b6787fcf99a 3c16e09ca97c48abbb60d81debe674d1 71de93269cbc4b9c918ca7e83e197a78 - - default default] 199.204.45.4 "GET /v2.0/security-groups/lb-d38a50b7-cc5b-484d-91c6-bacd94acfe39 HTTP/1.1" status: 404 len: 355 time: 0.0108094
2026-07-16 08:08:28.133 10 INFO neutron.wsgi [None req-0e4974f4-2db1-499a-8075-683f3068acf2 3c16e09ca97c48abbb60d81debe674d1 71de93269cbc4b9c918ca7e83e197a78 - - default default] 199.204.45.4 "GET /v2.0/security-groups?name=lb-d38a50b7-cc5b-484d-91c6-bacd94acfe39 HTTP/1.1" status: 200 len: 2941 time: 0.0473635
2026-07-16 08:08:28.173 10 INFO neutron.wsgi [None req-48209238-6208-4675-bb79-9a5e4046f992 3c16e09ca97c48abbb60d81debe674d1 71de93269cbc4b9c918ca7e83e197a78 - - default default] 199.204.45.4 "GET /v2.0/security-group-rules?security_group_id=e96c2cbf-9d9a-42c8-983a-5bbe07a71b54 HTTP/1.1" status: 200 len: 2406 time: 0.0321541
2026-07-16 08:08:28.304 10 INFO neutron.wsgi [None req-90495294-e97b-4254-b7ea-f7d09033917e 3c16e09ca97c48abbb60d81debe674d1 71de93269cbc4b9c918ca7e83e197a78 - - default default] 199.204.45.4 "DELETE /v2.0/security-group-rules/5e7aa68e-1abe-4647-b0d9-ee9a18fb3b79 HTTP/1.1" status: 204 len: 173 time: 0.1156375
2026-07-16 08:08:28.414 10 INFO neutron.wsgi [None req-0f8fcebf-d2fe-4fb0-8a8d-53d6ed11582c 3c16e09ca97c48abbb60d81debe674d1 71de93269cbc4b9c918ca7e83e197a78 - - default default] 199.204.45.4 "DELETE /v2.0/security-group-rules/9f4db146-9a12-4dff-80f5-ba2793a4956c HTTP/1.1" status: 204 len: 173 time: 0.1016624
2026-07-16 08:08:32.263 9 INFO neutron.db.l3_db [None req-8317fe68-079c-45bd-b512-f1d544992e70 8d0feaa0ff714bc89319b04d06b07ece 25a626c56db44943bdfbe865dda91150 - - default default] Floating IP 15b7f14b-1b86-4a74-b22d-a37d3da461ed disassociated (deleted). External IP: 10.96.250.209, port: 0a771d11-f75a-4101-95d3-fd0c849563c3.
2026-07-16 08:08:32.308 9 INFO neutron.wsgi [None req-8317fe68-079c-45bd-b512-f1d544992e70 8d0feaa0ff714bc89319b04d06b07ece 25a626c56db44943bdfbe865dda91150 - - default default] 10.0.0.144 "DELETE /v2.0/floatingips/15b7f14b-1b86-4a74-b22d-a37d3da461ed HTTP/1.1" status: 204 len: 168 time: 0.4682045 /var/lib/openstack/lib/python3.10/site-packages/pycadf/identifier.py:71: UserWarning: Invalid uuid: neutron. To ensure interoperability, identifiers should be a valid uuid. warnings.warn(('Invalid uuid: %s. To ensure interoperability, '
2026-07-16 08:08:32.361 10 INFO neutron.api.v2.resource [None req-fc3ac858-e47b-4698-924b-4d8c143adc5e 8d0feaa0ff714bc89319b04d06b07ece 25a626c56db44943bdfbe865dda91150 - - default default] show failed (client error): The resource could not be found.
2026-07-16 08:08:32.363 10 INFO neutron.wsgi [None req-fc3ac858-e47b-4698-924b-4d8c143adc5e 8d0feaa0ff714bc89319b04d06b07ece 25a626c56db44943bdfbe865dda91150 - - default default] 10.0.0.144 "GET /v2.0/floatingips/15b7f14b-1b86-4a74-b22d-a37d3da461ed HTTP/1.1" status: 404 len: 345 time: 0.0487638
2026-07-16 08:08:33.284 10 INFO neutron.wsgi [None req-761f8691-768f-4027-8117-7058a42e8094 3c16e09ca97c48abbb60d81debe674d1 71de93269cbc4b9c918ca7e83e197a78 - - default default] 199.204.45.4 "GET /v2.0/extensions/security-group HTTP/1.1" status: 200 len: 369 time: 0.0079870
2026-07-16 08:08:33.295 10 INFO neutron.wsgi [None req-e8aa5958-9260-437a-9c69-593c77fe9545 3c16e09ca97c48abbb60d81debe674d1 71de93269cbc4b9c918ca7e83e197a78 - - default default] 199.204.45.4 "GET /v2.0/extensions/dns-integration HTTP/1.1" status: 200 len: 371 time: 0.0047927
2026-07-16 08:08:33.303 10 INFO neutron.wsgi [None req-6b94f395-12cf-4efb-9824-99e7504b9deb 3c16e09ca97c48abbb60d81debe674d1 71de93269cbc4b9c918ca7e83e197a78 - - default default] 199.204.45.4 "GET /v2.0/extensions/qos HTTP/1.1" status: 200 len: 365 time: 0.0043712
2026-07-16 08:08:33.312 10 INFO neutron.wsgi [None req-3404a926-8b99-4470-b6f9-caebd0e0915d 3c16e09ca97c48abbb60d81debe674d1 71de93269cbc4b9c918ca7e83e197a78 - - default default] 199.204.45.4 "GET /v2.0/extensions/allowed-address-pairs HTTP/1.1" status: 200 len: 383 time: 0.0052793
2026-07-16 08:08:33.356 10 INFO neutron.wsgi [None req-513aa614-aa60-4a1d-87db-ce9fd6ea3edd 3c16e09ca97c48abbb60d81debe674d1 71de93269cbc4b9c918ca7e83e197a78 - - default default] 199.204.45.4 "GET /v2.0/subnets/4ff474fb-c188-4477-adda-ce5729c9e4ac HTTP/1.1" status: 200 len: 851 time: 0.0390182
2026-07-16 08:08:33.407 10 INFO neutron.wsgi [None req-21d4de27-22c6-4d58-b25f-b8e8dba18ac6 3c16e09ca97c48abbb60d81debe674d1 71de93269cbc4b9c918ca7e83e197a78 - - default default] 199.204.45.4 "GET /v2.0/ports?device_id=6753ecd4-d116-4f17-a659-79054d859424 HTTP/1.1" status: 200 len: 2724 time: 0.0453634
2026-07-16 08:08:33.459 10 INFO neutron.wsgi [None req-c99d6e8d-0494-4269-96f6-10939afe1776 3c16e09ca97c48abbb60d81debe674d1 71de93269cbc4b9c918ca7e83e197a78 - - default default] 199.204.45.4 "GET /v2.0/ports?device_id=6753ecd4-d116-4f17-a659-79054d859424 HTTP/1.1" status: 200 len: 2724 time: 0.0423126
2026-07-16 08:08:33.598 10 INFO neutron.wsgi [None req-db5e45ba-718f-403f-bc10-525878c61098 3c16e09ca97c48abbb60d81debe674d1 71de93269cbc4b9c918ca7e83e197a78 - - default default] 199.204.45.4 "GET /v2.0/ports?device_id=6753ecd4-d116-4f17-a659-79054d859424 HTTP/1.1" status: 200 len: 2724 time: 0.0534191
2026-07-16 08:08:33.826 10 INFO neutron.plugins.ml2.drivers.ovn.mech_driver.mech_driver [None req-1fed577b-fa7b-4690-8202-c757e3ffe61d - - - - - -] OVN reports status down for port: 0a771d11-f75a-4101-95d3-fd0c849563c3
2026-07-16 08:08:33.914 9 INFO neutron.wsgi [req-0fa7904f-020a-445f-b7f3-6438c4d5769d req-18ecc8e4-678c-49b2-b4c2-42aa99a646eb 2a4125f0616a4005a9a212b780586efb 38193357b44b4330ab3845d1ccfc7347 - - 13524b305ef34f7ba15bc447ba9ff922 13524b305ef34f7ba15bc447ba9ff922] 199.204.45.4 "GET /v2.0/ports/d9af04c8-3bbc-4ba6-81d7-d8f55b770dac HTTP/1.1" status: 200 len: 1519 time: 0.0565546
2026-07-16 08:08:33.919 10 INFO neutron.plugins.ml2.drivers.ovn.mech_driver.mech_driver [None req-1fed577b-fa7b-4690-8202-c757e3ffe61d - - - - - -] OVN reports status down for port: d9af04c8-3bbc-4ba6-81d7-d8f55b770dac
2026-07-16 08:08:33.985 9 INFO neutron.wsgi [req-0fa7904f-020a-445f-b7f3-6438c4d5769d req-72d20002-5417-4199-bb06-07dbc8ad19f2 3c16e09ca97c48abbb60d81debe674d1 71de93269cbc4b9c918ca7e83e197a78 - - default default] 199.204.45.4 "GET /v2.0/ports/d9af04c8-3bbc-4ba6-81d7-d8f55b770dac?fields=binding%3Aprofile&fields=network_id HTTP/1.1" status: 200 len: 281 time: 0.0622258
2026-07-16 08:08:34.049 10 INFO neutron.notifiers.nova [-] Nova event matching ['req-2fe5a2b4-dbc9-40b8-aa20-92bb36dcec9c'] response: {'server_uuid': '6753ecd4-d116-4f17-a659-79054d859424', 'name': 'network-vif-unplugged', 'status': 'completed', 'tag': 'd9af04c8-3bbc-4ba6-81d7-d8f55b770dac', 'code': 200}
2026-07-16 08:08:34.053 9 INFO neutron.db.ovn_revision_numbers_db [None req-cdf6c8a5-d0a0-4036-9ca1-5573bac1a875 - - - - - -] Successfully bumped revision number for resource 0a771d11-f75a-4101-95d3-fd0c849563c3 (type: ports) to 6
2026-07-16 08:08:34.067 9 INFO neutron.wsgi [req-0fa7904f-020a-445f-b7f3-6438c4d5769d req-19700c1b-652f-4ba1-adc8-9e98f14e864a 3c16e09ca97c48abbb60d81debe674d1 71de93269cbc4b9c918ca7e83e197a78 - - default default] 199.204.45.4 "GET /v2.0/networks/9d9d244e-f6f9-42c6-884a-242a3d22a14e?fields=dns_domain HTTP/1.1" status: 200 len: 227 time: 0.0760283
2026-07-16 08:08:34.192 10 INFO neutron.db.ovn_revision_numbers_db [None req-1fed577b-fa7b-4690-8202-c757e3ffe61d - - - - - -] Successfully bumped revision number for resource d9af04c8-3bbc-4ba6-81d7-d8f55b770dac (type: ports) to 7 /var/lib/openstack/lib/python3.10/site-packages/pycadf/identifier.py:71: UserWarning: Invalid uuid: neutron. To ensure interoperability, identifiers should be a valid uuid. warnings.warn(('Invalid uuid: %s. To ensure interoperability, '
2026-07-16 08:08:34.657 10 INFO neutron.wsgi [None req-9c0d9570-b2d8-46af-9ed2-91f7fa350243 3c16e09ca97c48abbb60d81debe674d1 71de93269cbc4b9c918ca7e83e197a78 - - default default] 199.204.45.4 "GET /v2.0/ports?device_id=6753ecd4-d116-4f17-a659-79054d859424 HTTP/1.1" status: 200 len: 1413 time: 0.0489030
2026-07-16 08:08:34.807 9 INFO neutron.db.ovn_revision_numbers_db [req-0fa7904f-020a-445f-b7f3-6438c4d5769d req-e7ae34d4-a6c4-4a50-9df0-37185a6979d6 2a4125f0616a4005a9a212b780586efb 38193357b44b4330ab3845d1ccfc7347 - - 13524b305ef34f7ba15bc447ba9ff922 13524b305ef34f7ba15bc447ba9ff922] Successfully bumped revision number for resource d9af04c8-3bbc-4ba6-81d7-d8f55b770dac (type: ports) to 8
2026-07-16 08:08:34.820 9 INFO neutron.wsgi [req-0fa7904f-020a-445f-b7f3-6438c4d5769d req-e7ae34d4-a6c4-4a50-9df0-37185a6979d6 2a4125f0616a4005a9a212b780586efb 38193357b44b4330ab3845d1ccfc7347 - - 13524b305ef34f7ba15bc447ba9ff922 13524b305ef34f7ba15bc447ba9ff922] 199.204.45.4 "PUT /v2.0/ports/d9af04c8-3bbc-4ba6-81d7-d8f55b770dac HTTP/1.1" status: 200 len: 1351 time: 0.7484920 /var/lib/openstack/lib/python3.10/site-packages/pycadf/identifier.py:71: UserWarning: Invalid uuid: neutron. To ensure interoperability, identifiers should be a valid uuid. warnings.warn(('Invalid uuid: %s. To ensure interoperability, '
2026-07-16 08:08:34.913 9 INFO neutron.wsgi [req-0fa7904f-020a-445f-b7f3-6438c4d5769d req-b12055de-7846-4ae6-a7f1-ca93d83ae7a4 2a4125f0616a4005a9a212b780586efb 38193357b44b4330ab3845d1ccfc7347 - - 13524b305ef34f7ba15bc447ba9ff922 13524b305ef34f7ba15bc447ba9ff922] 199.204.45.4 "GET /v2.0/ports?tenant_id=71de93269cbc4b9c918ca7e83e197a78&device_id=6753ecd4-d116-4f17-a659-79054d859424 HTTP/1.1" status: 200 len: 1413 time: 0.0297813
2026-07-16 08:08:34.982 9 INFO neutron.wsgi [req-0fa7904f-020a-445f-b7f3-6438c4d5769d req-b5c11501-8dc0-463e-8aa1-0aca5ca8a1a1 2a4125f0616a4005a9a212b780586efb 38193357b44b4330ab3845d1ccfc7347 - - 13524b305ef34f7ba15bc447ba9ff922 13524b305ef34f7ba15bc447ba9ff922] 199.204.45.4 "GET /v2.0/networks?id=c437bf0e-cc15-453c-926c-c0ef060d89c5&id=9d9d244e-f6f9-42c6-884a-242a3d22a14e HTTP/1.1" status: 200 len: 1729 time: 0.0627255
2026-07-16 08:08:35.015 9 INFO neutron.wsgi [req-0fa7904f-020a-445f-b7f3-6438c4d5769d req-cf2038fb-3937-4cd2-965d-94cb428d26b9 2a4125f0616a4005a9a212b780586efb 38193357b44b4330ab3845d1ccfc7347 - - 13524b305ef34f7ba15bc447ba9ff922 13524b305ef34f7ba15bc447ba9ff922] 199.204.45.4 "GET /v2.0/floatingips?fixed_ip_address=172.24.1.23&port_id=a5ed9d72-aa47-4713-9885-5947b478a9c2 HTTP/1.1" status: 200 len: 217 time: 0.0249226
2026-07-16 08:08:35.064 10 INFO neutron.db.ovn_revision_numbers_db [None req-283a7833-dffa-4736-af15-1776a0bc0604 3c16e09ca97c48abbb60d81debe674d1 71de93269cbc4b9c918ca7e83e197a78 - - default default] Successfully bumped revision number for resource d9af04c8-3bbc-4ba6-81d7-d8f55b770dac (type: ports) to 9
2026-07-16 08:08:35.069 9 INFO neutron.wsgi [req-0fa7904f-020a-445f-b7f3-6438c4d5769d req-2ec75ff4-ada1-4821-bf75-06749e3526fe 2a4125f0616a4005a9a212b780586efb 38193357b44b4330ab3845d1ccfc7347 - - 13524b305ef34f7ba15bc447ba9ff922 13524b305ef34f7ba15bc447ba9ff922] 199.204.45.4 "GET /v2.0/subnets?id=42e15325-daad-41fb-bd2e-e8eedbd11ff7 HTTP/1.1" status: 200 len: 829 time: 0.0472834
2026-07-16 08:08:35.084 10 INFO neutron.wsgi [None req-283a7833-dffa-4736-af15-1776a0bc0604 3c16e09ca97c48abbb60d81debe674d1 71de93269cbc4b9c918ca7e83e197a78 - - default default] 199.204.45.4 "PUT /v2.0/ports/d9af04c8-3bbc-4ba6-81d7-d8f55b770dac HTTP/1.1" status: 200 len: 1290 time: 0.4166138 /var/lib/openstack/lib/python3.10/site-packages/pycadf/identifier.py:71: UserWarning: Invalid uuid: neutron. To ensure interoperability, identifiers should be a valid uuid. warnings.warn(('Invalid uuid: %s. To ensure interoperability, '
2026-07-16 08:08:35.104 9 INFO neutron.wsgi [req-0fa7904f-020a-445f-b7f3-6438c4d5769d req-3bcdb7a9-3a3a-4f97-9a18-16427d1c192c 2a4125f0616a4005a9a212b780586efb 38193357b44b4330ab3845d1ccfc7347 - - 13524b305ef34f7ba15bc447ba9ff922 13524b305ef34f7ba15bc447ba9ff922] 199.204.45.4 "GET /v2.0/ports?network_id=c437bf0e-cc15-453c-926c-c0ef060d89c5&device_owner=network%3Adhcp HTTP/1.1" status: 200 len: 210 time: 0.0254602
2026-07-16 08:08:35.131 10 INFO neutron.wsgi [None req-42abee88-758f-467f-8a1b-c119866a1181 3c16e09ca97c48abbb60d81debe674d1 71de93269cbc4b9c918ca7e83e197a78 - - default default] 199.204.45.4 "GET /v2.0/ports/d9af04c8-3bbc-4ba6-81d7-d8f55b770dac HTTP/1.1" status: 200 len: 1290 time: 0.0407555
2026-07-16 08:08:35.184 9 INFO neutron.wsgi [req-0fa7904f-020a-445f-b7f3-6438c4d5769d req-0c4e5fb9-dd04-4a06-b8f9-14d847d1bc9e 2a4125f0616a4005a9a212b780586efb 38193357b44b4330ab3845d1ccfc7347 - - 13524b305ef34f7ba15bc447ba9ff922 13524b305ef34f7ba15bc447ba9ff922] 199.204.45.4 "GET /v2.0/networks/c437bf0e-cc15-453c-926c-c0ef060d89c5?fields=segments HTTP/1.1" status: 200 len: 212 time: 0.0722861
2026-07-16 08:08:35.202 9 INFO neutron.db.ovn_revision_numbers_db [None req-cdf6c8a5-d0a0-4036-9ca1-5573bac1a875 - - - - - -] Successfully bumped revision number for resource 0a771d11-f75a-4101-95d3-fd0c849563c3 (type: ports) to 8
2026-07-16 08:08:35.246 9 INFO neutron.wsgi [req-0fa7904f-020a-445f-b7f3-6438c4d5769d req-4125169c-ae58-46ee-9b54-7efdc12b046e 2a4125f0616a4005a9a212b780586efb 38193357b44b4330ab3845d1ccfc7347 - - 13524b305ef34f7ba15bc447ba9ff922 13524b305ef34f7ba15bc447ba9ff922] 199.204.45.4 "GET /v2.0/networks/c437bf0e-cc15-453c-926c-c0ef060d89c5?fields=provider%3Aphysical_network&fields=provider%3Anetwork_type HTTP/1.1" status: 200 len: 277 time: 0.0563173
2026-07-16 08:08:35.456 10 INFO neutron.wsgi [None req-6b068a8e-204b-4396-b8df-08f315596df2 3c16e09ca97c48abbb60d81debe674d1 71de93269cbc4b9c918ca7e83e197a78 - - default default] 199.204.45.4 "DELETE /v2.0/ports/d9af04c8-3bbc-4ba6-81d7-d8f55b770dac HTTP/1.1" status: 204 len: 173 time: 0.3186531
2026-07-16 08:08:35.536 10 INFO neutron.wsgi [None req-36cfdc68-c9c3-4a2d-97aa-77997658997e 3c16e09ca97c48abbb60d81debe674d1 71de93269cbc4b9c918ca7e83e197a78 - - default default] 199.204.45.4 "GET /v2.0/extensions/security-group HTTP/1.1" status: 200 len: 369 time: 0.0072773
2026-07-16 08:08:35.552 10 INFO neutron.wsgi [None req-379b1db8-2b8c-439c-aa4c-4d3f4fdb96e0 3c16e09ca97c48abbb60d81debe674d1 71de93269cbc4b9c918ca7e83e197a78 - - default default] 199.204.45.4 "GET /v2.0/extensions/dns-integration HTTP/1.1" status: 200 len: 371 time: 0.0105379
2026-07-16 08:08:35.561 10 INFO neutron.wsgi [None req-1063d593-b729-4691-ba5c-477a0fbe5ca1 3c16e09ca97c48abbb60d81debe674d1 71de93269cbc4b9c918ca7e83e197a78 - - default default] 199.204.45.4 "GET /v2.0/extensions/qos HTTP/1.1" status: 200 len: 365 time: 0.0052032
2026-07-16 08:08:35.573 10 INFO neutron.wsgi [None req-1d68e1ef-08cc-4690-ae79-7003fc171caf 3c16e09ca97c48abbb60d81debe674d1 71de93269cbc4b9c918ca7e83e197a78 - - default default] 199.204.45.4 "GET /v2.0/extensions/allowed-address-pairs HTTP/1.1" status: 200 len: 383 time: 0.0056040
2026-07-16 08:08:35.600 10 INFO neutron.pecan_wsgi.hooks.translation [None req-ba8f707f-5d0a-42db-a177-4f89422d1f94 3c16e09ca97c48abbb60d81debe674d1 71de93269cbc4b9c918ca7e83e197a78 - - default default] DELETE failed (client error): The resource could not be found.
2026-07-16 08:08:35.604 10 INFO neutron.wsgi [None req-ba8f707f-5d0a-42db-a177-4f89422d1f94 3c16e09ca97c48abbb60d81debe674d1 71de93269cbc4b9c918ca7e83e197a78 - - default default] 199.204.45.4 "DELETE /v2.0/ports/d9af04c8-3bbc-4ba6-81d7-d8f55b770dac HTTP/1.1" status: 404 len: 338 time: 0.0215611
2026-07-16 08:08:35.656 10 INFO neutron.wsgi [None req-e74ccfd1-95d4-4ceb-8895-e23b38fc2e44 3c16e09ca97c48abbb60d81debe674d1 71de93269cbc4b9c918ca7e83e197a78 - - default default] 199.204.45.4 "GET /v2.0/ports/0a771d11-f75a-4101-95d3-fd0c849563c3 HTTP/1.1" status: 200 len: 1332 time: 0.0475311
2026-07-16 08:08:35.679 10 INFO neutron.api.v2.resource [None req-c8152ac4-667e-4970-ba4f-a01927cb0a02 3c16e09ca97c48abbb60d81debe674d1 71de93269cbc4b9c918ca7e83e197a78 - - default default] show failed (client error): The resource could not be found.
2026-07-16 08:08:35.681 10 INFO neutron.wsgi [None req-c8152ac4-667e-4970-ba4f-a01927cb0a02 3c16e09ca97c48abbb60d81debe674d1 71de93269cbc4b9c918ca7e83e197a78 - - default default] 199.204.45.4 "GET /v2.0/security-groups/lb-d38a50b7-cc5b-484d-91c6-bacd94acfe39 HTTP/1.1" status: 404 len: 355 time: 0.0161970
2026-07-16 08:08:35.724 10 INFO neutron.wsgi [None req-4d8e84c1-5a81-47f2-ad01-6c25551532f1 3c16e09ca97c48abbb60d81debe674d1 71de93269cbc4b9c918ca7e83e197a78 - - default default] 199.204.45.4 "GET /v2.0/security-groups?name=lb-d38a50b7-cc5b-484d-91c6-bacd94acfe39 HTTP/1.1" status: 200 len: 1777 time: 0.0391634
2026-07-16 08:08:35.765 10 INFO neutron.wsgi [None req-cc936d91-7108-4c0f-93ad-4e9b82ade508 3c16e09ca97c48abbb60d81debe674d1 71de93269cbc4b9c918ca7e83e197a78 - - default default] 199.204.45.4 "GET /v2.0/ports/0a771d11-f75a-4101-95d3-fd0c849563c3 HTTP/1.1" status: 200 len: 1332 time: 0.0320704
2026-07-16 08:08:36.091 10 INFO neutron.notifiers.nova [-] Nova event matching ['req-940cbf67-1a73-46c9-94e1-2f075e7e343f'] response: {'server_uuid': '6753ecd4-d116-4f17-a659-79054d859424', 'name': 'network-vif-plugged', 'status': 'completed', 'tag': 'd9af04c8-3bbc-4ba6-81d7-d8f55b770dac', 'code': 200}
2026-07-16 08:08:36.122 10 INFO neutron.db.ovn_revision_numbers_db [None req-d9554881-b181-465b-87f0-b9b36a254d99 3c16e09ca97c48abbb60d81debe674d1 71de93269cbc4b9c918ca7e83e197a78 - - default default] Successfully bumped revision number for resource 0a771d11-f75a-4101-95d3-fd0c849563c3 (type: ports) to 9
2026-07-16 08:08:36.140 10 INFO neutron.wsgi [None req-d9554881-b181-465b-87f0-b9b36a254d99 3c16e09ca97c48abbb60d81debe674d1 71de93269cbc4b9c918ca7e83e197a78 - - default default] 199.204.45.4 "PUT /v2.0/ports/0a771d11-f75a-4101-95d3-fd0c849563c3 HTTP/1.1" status: 200 len: 1294 time: 0.3699386
2026-07-16 08:08:36.468 10 INFO neutron.wsgi [None req-eaef0cd6-42a3-40ae-aab6-7598f1de463b 3c16e09ca97c48abbb60d81debe674d1 71de93269cbc4b9c918ca7e83e197a78 - - default default] 199.204.45.4 "DELETE /v2.0/security-groups/e96c2cbf-9d9a-42c8-983a-5bbe07a71b54 HTTP/1.1" status: 204 len: 173 time: 0.3199410
2026-07-16 08:08:36.840 10 INFO neutron.wsgi [None req-0f949f17-6759-4279-95c7-e6da887b3e78 3c16e09ca97c48abbb60d81debe674d1 71de93269cbc4b9c918ca7e83e197a78 - - default default] 199.204.45.4 "DELETE /v2.0/ports/0a771d11-f75a-4101-95d3-fd0c849563c3 HTTP/1.1" status: 204 len: 173 time: 0.3634553
2026-07-16 08:08:37.173 9 INFO neutron.plugins.ml2.drivers.ovn.mech_driver.mech_driver [None req-9922bd46-0a33-49c9-aed7-aec754b2273a - - - - - -] OVN reports status down for port: a5ed9d72-aa47-4713-9885-5947b478a9c2
2026-07-16 08:08:37.312 9 INFO neutron.notifiers.nova [-] Nova event matching ['req-2a07f5eb-32db-4382-9eb5-99fd871d9884'] response: {'server_uuid': '6753ecd4-d116-4f17-a659-79054d859424', 'name': 'network-vif-unplugged', 'status': 'completed', 'tag': 'a5ed9d72-aa47-4713-9885-5947b478a9c2', 'code': 200}
2026-07-16 08:08:37.464 9 INFO neutron.wsgi [req-2c47f969-6a72-443a-9240-521f5b178b65 req-ea563577-06ec-49ef-9d53-3a2a46896255 3c16e09ca97c48abbb60d81debe674d1 71de93269cbc4b9c918ca7e83e197a78 - - default default] 199.204.45.4 "GET /v2.0/ports?device_id=6753ecd4-d116-4f17-a659-79054d859424 HTTP/1.1" status: 200 len: 1411 time: 0.0512886
2026-07-16 08:08:37.486 9 INFO neutron.db.ovn_revision_numbers_db [None req-9922bd46-0a33-49c9-aed7-aec754b2273a - - - - - -] Successfully bumped revision number for resource a5ed9d72-aa47-4713-9885-5947b478a9c2 (type: ports) to 5 /var/lib/openstack/lib/python3.10/site-packages/pycadf/identifier.py:71: UserWarning: Invalid uuid: neutron. To ensure interoperability, identifiers should be a valid uuid. warnings.warn(('Invalid uuid: %s. To ensure interoperability, '
2026-07-16 08:08:37.789 9 INFO neutron.wsgi [req-2c47f969-6a72-443a-9240-521f5b178b65 req-c69261db-03bf-4ed7-8826-54e4d3116066 3c16e09ca97c48abbb60d81debe674d1 71de93269cbc4b9c918ca7e83e197a78 - - default default] 199.204.45.4 "DELETE /v2.0/ports/a5ed9d72-aa47-4713-9885-5947b478a9c2 HTTP/1.1" status: 204 len: 173 time: 0.3193111
2026-07-16 08:08:37.792 9 INFO neutron.wsgi [req-ab318a6b-4d6c-4298-8ab5-a99a91528635 req-707236ec-31eb-4e39-82ae-341d66b51b96 2a4125f0616a4005a9a212b780586efb 38193357b44b4330ab3845d1ccfc7347 - - 13524b305ef34f7ba15bc447ba9ff922 13524b305ef34f7ba15bc447ba9ff922] 199.204.45.4 "GET /v2.0/ports?device_id=d258f941-b9f4-4260-a872-eefc35b712f2&fields=binding%3Ahost_id&fields=binding%3Avif_type HTTP/1.1" status: 200 len: 265 time: 0.0409088
2026-07-16 08:08:37.871 9 INFO neutron.wsgi [req-ab318a6b-4d6c-4298-8ab5-a99a91528635 req-354f78ac-9cac-44a2-8508-e84cbf28a520 2a4125f0616a4005a9a212b780586efb 38193357b44b4330ab3845d1ccfc7347 - - 13524b305ef34f7ba15bc447ba9ff922 13524b305ef34f7ba15bc447ba9ff922] 199.204.45.4 "GET /v2.0/ports?tenant_id=25a626c56db44943bdfbe865dda91150&device_id=d258f941-b9f4-4260-a872-eefc35b712f2 HTTP/1.1" status: 200 len: 1634 time: 0.0482061
2026-07-16 08:08:37.969 9 INFO neutron.wsgi [req-ab318a6b-4d6c-4298-8ab5-a99a91528635 req-7f3dae85-ea31-45ef-aa1a-2f609c211b0e 2a4125f0616a4005a9a212b780586efb 38193357b44b4330ab3845d1ccfc7347 - - 13524b305ef34f7ba15bc447ba9ff922 13524b305ef34f7ba15bc447ba9ff922] 199.204.45.4 "GET /v2.0/networks?id=a0b63ce1-e7f1-433b-8aec-16d6ee659085 HTTP/1.1" status: 200 len: 1003 time: 0.0755968
2026-07-16 08:08:37.993 10 INFO neutron.db.l3_db [None req-2d161171-751d-40ea-b759-defa3eaa7852 8d0feaa0ff714bc89319b04d06b07ece 25a626c56db44943bdfbe865dda91150 - - default default] Floating IP 9c419f84-e1e3-4653-9ed0-d04e83371569 disassociated (deleted). External IP: 10.96.250.201, port: f4d391c0-6515-4c8f-a401-902712c4742a.
2026-07-16 08:08:38.041 10 INFO neutron.wsgi [None req-2d161171-751d-40ea-b759-defa3eaa7852 8d0feaa0ff714bc89319b04d06b07ece 25a626c56db44943bdfbe865dda91150 - - default default] 10.0.0.144 "DELETE /v2.0/floatingips/9c419f84-e1e3-4653-9ed0-d04e83371569 HTTP/1.1" status: 204 len: 168 time: 0.4950244
2026-07-16 08:08:38.050 9 INFO neutron.wsgi [req-ab318a6b-4d6c-4298-8ab5-a99a91528635 req-8a2b7c28-d924-4c8d-be93-3e605ee98f99 2a4125f0616a4005a9a212b780586efb 38193357b44b4330ab3845d1ccfc7347 - - 13524b305ef34f7ba15bc447ba9ff922 13524b305ef34f7ba15bc447ba9ff922] 199.204.45.4 "GET /v2.0/floatingips?fixed_ip_address=10.2.1.83&port_id=4af19c89-bb8e-4651-8f48-ed8443061b6e HTTP/1.1" status: 200 len: 1058 time: 0.0765786 /var/lib/openstack/lib/python3.10/site-packages/pycadf/identifier.py:71: UserWarning: Invalid uuid: neutron. To ensure interoperability, identifiers should be a valid uuid. warnings.warn(('Invalid uuid: %s. To ensure interoperability, '
2026-07-16 08:08:38.069 10 INFO neutron.api.v2.resource [None req-8845ade3-0e64-4a21-8112-9d2c36ac2dc5 8d0feaa0ff714bc89319b04d06b07ece 25a626c56db44943bdfbe865dda91150 - - default default] show failed (client error): The resource could not be found.
2026-07-16 08:08:38.070 10 INFO neutron.wsgi [None req-8845ade3-0e64-4a21-8112-9d2c36ac2dc5 8d0feaa0ff714bc89319b04d06b07ece 25a626c56db44943bdfbe865dda91150 - - default default] 10.0.0.144 "GET /v2.0/floatingips/9c419f84-e1e3-4653-9ed0-d04e83371569 HTTP/1.1" status: 404 len: 345 time: 0.0214672
2026-07-16 08:08:38.091 9 INFO neutron.wsgi [req-ab318a6b-4d6c-4298-8ab5-a99a91528635 req-05c1e900-871d-4684-a639-700f0cb1e51e 2a4125f0616a4005a9a212b780586efb 38193357b44b4330ab3845d1ccfc7347 - - 13524b305ef34f7ba15bc447ba9ff922 13524b305ef34f7ba15bc447ba9ff922] 199.204.45.4 "GET /v2.0/floatingips?fixed_ip_address=fd7b%3Af9f7%3Afff%3A4eca%3A%3A2fb&port_id=4af19c89-bb8e-4651-8f48-ed8443061b6e HTTP/1.1" status: 200 len: 217 time: 0.0300062
2026-07-16 08:08:38.141 9 INFO neutron.wsgi [req-ab318a6b-4d6c-4298-8ab5-a99a91528635 req-e67dd721-c52c-4795-b450-c75ef487b41f 2a4125f0616a4005a9a212b780586efb 38193357b44b4330ab3845d1ccfc7347 - - 13524b305ef34f7ba15bc447ba9ff922 13524b305ef34f7ba15bc447ba9ff922] 199.204.45.4 "GET /v2.0/subnets?id=1e3f581e-781e-4cd1-838f-34f3512df737&id=6a68d6a6-5c56-4839-b7e0-b3abe81c533e HTTP/1.1" status: 200 len: 1562 time: 0.0436063
2026-07-16 08:08:38.144 10 INFO neutron.notifiers.nova [-] Nova event matching ['req-19dfd996-b312-4f58-b80f-d2c793c55e8e'] response: {'name': 'network-changed', 'server_uuid': 'f10802c2-9519-4229-aa99-b614d88e792d', 'tag': 'f4d391c0-6515-4c8f-a401-902712c4742a', 'status': 'completed', 'code': 200}
2026-07-16 08:08:38.171 9 INFO neutron.wsgi [req-ab318a6b-4d6c-4298-8ab5-a99a91528635 req-0494bba9-e4b8-40d1-8011-0a9d4867b63a 2a4125f0616a4005a9a212b780586efb 38193357b44b4330ab3845d1ccfc7347 - - 13524b305ef34f7ba15bc447ba9ff922 13524b305ef34f7ba15bc447ba9ff922] 199.204.45.4 "GET /v2.0/ports?network_id=a0b63ce1-e7f1-433b-8aec-16d6ee659085&device_owner=network%3Adhcp HTTP/1.1" status: 200 len: 210 time: 0.0217235
2026-07-16 08:08:38.218 9 INFO neutron.wsgi [req-ab318a6b-4d6c-4298-8ab5-a99a91528635 req-693ecbfc-ec55-4218-a220-204a05648571 2a4125f0616a4005a9a212b780586efb 38193357b44b4330ab3845d1ccfc7347 - - 13524b305ef34f7ba15bc447ba9ff922 13524b305ef34f7ba15bc447ba9ff922] 199.204.45.4 "GET /v2.0/ports?network_id=a0b63ce1-e7f1-433b-8aec-16d6ee659085&device_owner=network%3Adhcp HTTP/1.1" status: 200 len: 210 time: 0.0388379
2026-07-16 08:08:38.242 9 INFO neutron.wsgi [req-785fc853-fe71-4080-bf63-de4ff518cdd1 req-1f82e36c-ef25-455c-8ef4-d6c3c2c0a152 2a4125f0616a4005a9a212b780586efb 38193357b44b4330ab3845d1ccfc7347 - - 13524b305ef34f7ba15bc447ba9ff922 13524b305ef34f7ba15bc447ba9ff922] 199.204.45.4 "GET /v2.0/ports?tenant_id=25a626c56db44943bdfbe865dda91150&device_id=f10802c2-9519-4229-aa99-b614d88e792d HTTP/1.1" status: 200 len: 1638 time: 0.0625503
2026-07-16 08:08:38.287 10 INFO neutron.plugins.ml2.drivers.ovn.mech_driver.mech_driver [None req-1fed577b-fa7b-4690-8202-c757e3ffe61d - - - - - -] OVN reports status down for port: f4d391c0-6515-4c8f-a401-902712c4742a
2026-07-16 08:08:38.355 9 INFO neutron.wsgi [req-ab318a6b-4d6c-4298-8ab5-a99a91528635 req-1007a44d-044f-4ed6-9860-40b10ff4f0de 2a4125f0616a4005a9a212b780586efb 38193357b44b4330ab3845d1ccfc7347 - - 13524b305ef34f7ba15bc447ba9ff922 13524b305ef34f7ba15bc447ba9ff922] 199.204.45.4 "GET /v2.0/networks/a0b63ce1-e7f1-433b-8aec-16d6ee659085?fields=segments HTTP/1.1" status: 200 len: 212 time: 0.1240659
2026-07-16 08:08:38.368 9 INFO neutron.wsgi [req-785fc853-fe71-4080-bf63-de4ff518cdd1 req-fc3cfbd8-7b4a-465b-992a-62dd75fd87e7 2a4125f0616a4005a9a212b780586efb 38193357b44b4330ab3845d1ccfc7347 - - 13524b305ef34f7ba15bc447ba9ff922 13524b305ef34f7ba15bc447ba9ff922] 199.204.45.4 "GET /v2.0/networks?id=22bf32f1-e6e2-45c0-ac45-a1b05eb19eee HTTP/1.1" status: 200 len: 1001 time: 0.1160474
2026-07-16 08:08:38.400 10 INFO neutron.wsgi [req-74e1d7d1-21f0-4d75-a59d-f1bcaa1bdea4 req-f10a0318-cdb3-4f5c-ba48-7978252329d3 8d0feaa0ff714bc89319b04d06b07ece 25a626c56db44943bdfbe865dda91150 - - default default] 10.0.0.18 "GET /v2.0/ports?device_id=f10802c2-9519-4229-aa99-b614d88e792d HTTP/1.1" status: 200 len: 1400 time: 0.1644225
2026-07-16 08:08:38.400 9 INFO neutron.wsgi [req-785fc853-fe71-4080-bf63-de4ff518cdd1 req-e82ac7be-008a-454e-a049-0ab7db56fc54 2a4125f0616a4005a9a212b780586efb 38193357b44b4330ab3845d1ccfc7347 - - 13524b305ef34f7ba15bc447ba9ff922 13524b305ef34f7ba15bc447ba9ff922] 199.204.45.4 "GET /v2.0/floatingips?fixed_ip_address=10.2.2.21&port_id=f4d391c0-6515-4c8f-a401-902712c4742a HTTP/1.1" status: 200 len: 217 time: 0.0247357
2026-07-16 08:08:38.436 9 INFO neutron.wsgi [req-785fc853-fe71-4080-bf63-de4ff518cdd1 req-2a15f851-5279-4789-9bf4-1962ad16f96d 2a4125f0616a4005a9a212b780586efb 38193357b44b4330ab3845d1ccfc7347 - - 13524b305ef34f7ba15bc447ba9ff922 13524b305ef34f7ba15bc447ba9ff922] 199.204.45.4 "GET /v2.0/floatingips?fixed_ip_address=fd77%3A1457%3A4cf0%3A26a8%3A%3A3b2&port_id=f4d391c0-6515-4c8f-a401-902712c4742a HTTP/1.1" status: 200 len: 217 time: 0.0258286
2026-07-16 08:08:38.466 10 INFO neutron.wsgi [req-74e1d7d1-21f0-4d75-a59d-f1bcaa1bdea4 req-462edf66-0799-4e2b-9e3a-90cbe3f37716 8d0feaa0ff714bc89319b04d06b07ece 25a626c56db44943bdfbe865dda91150 - - default default] 10.0.0.18 "GET /v2.0/security-groups?id=eabcf3b1-c838-4430-8c76-ab7373a58aba&fields=id&fields=name HTTP/1.1" status: 200 len: 310 time: 0.0606604
2026-07-16 08:08:38.471 9 INFO neutron.wsgi [req-ab318a6b-4d6c-4298-8ab5-a99a91528635 req-f8febe73-445e-4580-aad6-eb9505513920 2a4125f0616a4005a9a212b780586efb 38193357b44b4330ab3845d1ccfc7347 - - 13524b305ef34f7ba15bc447ba9ff922 13524b305ef34f7ba15bc447ba9ff922] 199.204.45.4 "GET /v2.0/networks/a0b63ce1-e7f1-433b-8aec-16d6ee659085?fields=provider%3Aphysical_network&fields=provider%3Anetwork_type HTTP/1.1" status: 200 len: 277 time: 0.1021776
2026-07-16 08:08:38.486 9 INFO neutron.wsgi [req-785fc853-fe71-4080-bf63-de4ff518cdd1 req-f5717f54-4cca-444b-90ba-e043ef4a3151 2a4125f0616a4005a9a212b780586efb 38193357b44b4330ab3845d1ccfc7347 - - 13524b305ef34f7ba15bc447ba9ff922 13524b305ef34f7ba15bc447ba9ff922] 199.204.45.4 "GET /v2.0/subnets?id=56c1441a-ced0-4f97-82a0-e600723d85a3&id=6b632f25-d8d6-4663-877b-afc967958388 HTTP/1.1" status: 200 len: 1567 time: 0.0447445
2026-07-16 08:08:38.512 9 INFO neutron.wsgi [req-785fc853-fe71-4080-bf63-de4ff518cdd1 req-340b76d9-41d5-45fe-a8e4-62f14bf079cb 2a4125f0616a4005a9a212b780586efb 38193357b44b4330ab3845d1ccfc7347 - - 13524b305ef34f7ba15bc447ba9ff922 13524b305ef34f7ba15bc447ba9ff922] 199.204.45.4 "GET /v2.0/ports?network_id=22bf32f1-e6e2-45c0-ac45-a1b05eb19eee&device_owner=network%3Adhcp HTTP/1.1" status: 200 len: 210 time: 0.0194194
2026-07-16 08:08:38.540 9 INFO neutron.wsgi [req-785fc853-fe71-4080-bf63-de4ff518cdd1 req-308925b8-9334-4987-a1ed-ff0c1d0badab 2a4125f0616a4005a9a212b780586efb 38193357b44b4330ab3845d1ccfc7347 - - 13524b305ef34f7ba15bc447ba9ff922 13524b305ef34f7ba15bc447ba9ff922] 199.204.45.4 "GET /v2.0/ports?network_id=22bf32f1-e6e2-45c0-ac45-a1b05eb19eee&device_owner=network%3Adhcp HTTP/1.1" status: 200 len: 210 time: 0.0225849
2026-07-16 08:08:38.672 10 INFO neutron.db.ovn_revision_numbers_db [None req-1fed577b-fa7b-4690-8202-c757e3ffe61d - - - - - -] Successfully bumped revision number for resource f4d391c0-6515-4c8f-a401-902712c4742a (type: ports) to 5
2026-07-16 08:08:38.673 9 INFO neutron.wsgi [req-785fc853-fe71-4080-bf63-de4ff518cdd1 req-d3dc04e6-22ad-45d3-89bb-25f8230b5e86 2a4125f0616a4005a9a212b780586efb 38193357b44b4330ab3845d1ccfc7347 - - 13524b305ef34f7ba15bc447ba9ff922 13524b305ef34f7ba15bc447ba9ff922] 199.204.45.4 "GET /v2.0/networks/22bf32f1-e6e2-45c0-ac45-a1b05eb19eee?fields=segments HTTP/1.1" status: 200 len: 212 time: 0.1257989
2026-07-16 08:08:38.708 9 INFO neutron.wsgi [req-cffbabce-be76-44e7-94be-0283e9e7dc37 req-e36be2ac-1153-4d0d-8c47-4c715e7dfd96 8d0feaa0ff714bc89319b04d06b07ece 25a626c56db44943bdfbe865dda91150 - - default default] 199.204.45.4 "GET /v2.0/ports?device_id=f10802c2-9519-4229-aa99-b614d88e792d HTTP/1.1" status: 200 len: 1398 time: 0.1620996
