2026-07-16 08:03:22.593 9 INFO neutron.wsgi [req-f1c8af74-3dbd-4485-bf91-17b31c7e2b96 req-de307b4e-2da1-4cf5-9e74-c250e11aac00 2a4125f0616a4005a9a212b780586efb 38193357b44b4330ab3845d1ccfc7347 - - 13524b305ef34f7ba15bc447ba9ff922 13524b305ef34f7ba15bc447ba9ff922] 199.204.45.4 "GET /v2.0/ports?tenant_id=80716734145a4234af492f7146b7177c&device_id=8afe2115-c847-4194-81a3-ba20ecd5c972 HTTP/1.1" status: 200 len: 1409 time: 0.0740972
2026-07-16 08:03:22.780 9 INFO neutron.wsgi [req-f1c8af74-3dbd-4485-bf91-17b31c7e2b96 req-7484f893-8acb-4138-ac83-1bf1bd787dc7 2a4125f0616a4005a9a212b780586efb 38193357b44b4330ab3845d1ccfc7347 - - 13524b305ef34f7ba15bc447ba9ff922 13524b305ef34f7ba15bc447ba9ff922] 199.204.45.4 "GET /v2.0/networks?id=1a4963de-c3ab-42b4-8018-e34939fa6be7 HTTP/1.1" status: 200 len: 959 time: 0.1704500
2026-07-16 08:03:22.781 9 INFO neutron.db.ovn_revision_numbers_db [None req-cdf6c8a5-d0a0-4036-9ca1-5573bac1a875 - - - - - -] Successfully bumped revision number for resource e89f7d58-2050-47c5-8dac-7903c98715b2 (type: router_ports) to 4
2026-07-16 08:03:22.794 10 INFO neutron.db.ovn_revision_numbers_db [None req-a4751016-19c6-4703-a35e-2a3bdfdc75cf 3c16e09ca97c48abbb60d81debe674d1 71de93269cbc4b9c918ca7e83e197a78 - - default default] Successfully bumped revision number for resource c8bc63d5-100a-4e7c-bb4e-fee21fa15512 (type: security_groups) to 1
2026-07-16 08:03:22.796 9 INFO neutron.db.ovn_revision_numbers_db [None req-9922bd46-0a33-49c9-aed7-aec754b2273a - - - - - -] Successfully bumped revision number for resource 22bd2018-2932-48bb-a280-129b3e2a5679 (type: ports) to 2
2026-07-16 08:03:22.825 10 INFO neutron.db.ovn_revision_numbers_db [None req-a4751016-19c6-4703-a35e-2a3bdfdc75cf 3c16e09ca97c48abbb60d81debe674d1 71de93269cbc4b9c918ca7e83e197a78 - - default default] Successfully bumped revision number for resource 472e51a7-add8-4d90-a6c8-be276335f635 (type: security_group_rules) to 0
2026-07-16 08:03:22.827 9 INFO neutron.wsgi [req-f1c8af74-3dbd-4485-bf91-17b31c7e2b96 req-09eea675-155e-4523-8d0b-e7e43bd449b7 2a4125f0616a4005a9a212b780586efb 38193357b44b4330ab3845d1ccfc7347 - - 13524b305ef34f7ba15bc447ba9ff922 13524b305ef34f7ba15bc447ba9ff922] 199.204.45.4 "GET /v2.0/floatingips?fixed_ip_address=10.100.0.6&port_id=39c4ba50-5cd2-4a0a-870b-96b7421686e9 HTTP/1.1" status: 200 len: 217 time: 0.0370753
2026-07-16 08:03:22.863 10 INFO neutron.db.ovn_revision_numbers_db [None req-a4751016-19c6-4703-a35e-2a3bdfdc75cf 3c16e09ca97c48abbb60d81debe674d1 71de93269cbc4b9c918ca7e83e197a78 - - default default] Successfully bumped revision number for resource 6b211b50-8467-4172-ba6f-601bad3c8766 (type: security_group_rules) to 0
2026-07-16 08:03:22.878 10 INFO neutron.db.ovn_revision_numbers_db [None req-a4751016-19c6-4703-a35e-2a3bdfdc75cf 3c16e09ca97c48abbb60d81debe674d1 71de93269cbc4b9c918ca7e83e197a78 - - default default] Successfully bumped revision number for resource dc28fdeb-229f-4b36-a703-907db7e0426f (type: security_group_rules) to 0
2026-07-16 08:03:22.894 9 INFO neutron.db.ovn_revision_numbers_db [None req-82b13ea8-3e3a-4ace-94de-95501f385b6c 3c16e09ca97c48abbb60d81debe674d1 71de93269cbc4b9c918ca7e83e197a78 - - default default] Successfully bumped revision number for resource 2451c17e-0919-4058-aeea-e21e30a2f120 (type: security_groups) to 1
2026-07-16 08:03:22.903 10 INFO neutron.db.ovn_revision_numbers_db [None req-a4751016-19c6-4703-a35e-2a3bdfdc75cf 3c16e09ca97c48abbb60d81debe674d1 71de93269cbc4b9c918ca7e83e197a78 - - default default] Successfully bumped revision number for resource f667e48d-517c-4573-9d4f-6162d6b12b3d (type: security_group_rules) to 0
2026-07-16 08:03:22.907 9 INFO neutron.wsgi [req-f1c8af74-3dbd-4485-bf91-17b31c7e2b96 req-b5a0fa0c-dfc1-4c1d-aa4f-e712d0e8b757 2a4125f0616a4005a9a212b780586efb 38193357b44b4330ab3845d1ccfc7347 - - 13524b305ef34f7ba15bc447ba9ff922 13524b305ef34f7ba15bc447ba9ff922] 199.204.45.4 "GET /v2.0/subnets?id=3e663163-fe69-4e2a-8537-8da12123d516 HTTP/1.1" status: 200 len: 852 time: 0.0621789
2026-07-16 08:03:22.929 10 INFO neutron.wsgi [None req-a4751016-19c6-4703-a35e-2a3bdfdc75cf 3c16e09ca97c48abbb60d81debe674d1 71de93269cbc4b9c918ca7e83e197a78 - - default default] 10.0.0.144 "GET /v2.0/security-groups?tenant_id=558c80a15b584941a2d9a92b1ce79198&name=default HTTP/1.1" status: 200 len: 2996 time: 0.3253984
2026-07-16 08:03:22.944 9 INFO neutron.db.ovn_revision_numbers_db [None req-82b13ea8-3e3a-4ace-94de-95501f385b6c 3c16e09ca97c48abbb60d81debe674d1 71de93269cbc4b9c918ca7e83e197a78 - - default default] Successfully bumped revision number for resource 7ba36c83-bf01-420f-b95e-05e3fbdf4fac (type: security_group_rules) to 0
2026-07-16 08:03:22.947 9 INFO neutron.wsgi [req-f1c8af74-3dbd-4485-bf91-17b31c7e2b96 req-eb07c0a4-846e-4213-bf01-71f2b81ce84f 2a4125f0616a4005a9a212b780586efb 38193357b44b4330ab3845d1ccfc7347 - - 13524b305ef34f7ba15bc447ba9ff922 13524b305ef34f7ba15bc447ba9ff922] 199.204.45.4 "GET /v2.0/ports?network_id=1a4963de-c3ab-42b4-8018-e34939fa6be7&device_owner=network%3Adhcp HTTP/1.1" status: 200 len: 210 time: 0.0310371
2026-07-16 08:03:22.950 9 INFO neutron.db.ovn_revision_numbers_db [None req-9922bd46-0a33-49c9-aed7-aec754b2273a - - - - - -] Successfully bumped revision number for resource 22bd2018-2932-48bb-a280-129b3e2a5679 (type: router_ports) to 2
2026-07-16 08:03:22.978 9 INFO neutron.db.ovn_revision_numbers_db [None req-82b13ea8-3e3a-4ace-94de-95501f385b6c 3c16e09ca97c48abbb60d81debe674d1 71de93269cbc4b9c918ca7e83e197a78 - - default default] Successfully bumped revision number for resource a9eec2cb-9536-45d9-a667-6564fe8f23ed (type: security_group_rules) to 0
2026-07-16 08:03:23.015 9 INFO neutron.db.ovn_revision_numbers_db [None req-82b13ea8-3e3a-4ace-94de-95501f385b6c 3c16e09ca97c48abbb60d81debe674d1 71de93269cbc4b9c918ca7e83e197a78 - - default default] Successfully bumped revision number for resource c7b52957-049a-4f33-8a7b-cbc7a53bd83f (type: security_group_rules) to 0
2026-07-16 08:03:23.043 9 INFO neutron.db.ovn_revision_numbers_db [None req-82b13ea8-3e3a-4ace-94de-95501f385b6c 3c16e09ca97c48abbb60d81debe674d1 71de93269cbc4b9c918ca7e83e197a78 - - default default] Successfully bumped revision number for resource e2511ff1-b0a4-4e37-bbe6-ec2e900c36d1 (type: security_group_rules) to 0
2026-07-16 08:03:23.059 9 INFO neutron.wsgi [req-f1c8af74-3dbd-4485-bf91-17b31c7e2b96 req-2b0cd7d8-9bde-42b9-8824-ba84ae469ac0 2a4125f0616a4005a9a212b780586efb 38193357b44b4330ab3845d1ccfc7347 - - 13524b305ef34f7ba15bc447ba9ff922 13524b305ef34f7ba15bc447ba9ff922] 199.204.45.4 "GET /v2.0/networks/1a4963de-c3ab-42b4-8018-e34939fa6be7?fields=segments HTTP/1.1" status: 200 len: 212 time: 0.0991204
2026-07-16 08:03:23.074 9 INFO neutron.wsgi [None req-82b13ea8-3e3a-4ace-94de-95501f385b6c 3c16e09ca97c48abbb60d81debe674d1 71de93269cbc4b9c918ca7e83e197a78 - - default default] 10.0.0.144 "GET /v2.0/security-groups?tenant_id=7f667f785d3f4e76845afc8ef0c84a9e&name=default HTTP/1.1" status: 200 len: 2996 time: 0.9079535
2026-07-16 08:03:23.142 9 INFO neutron.wsgi [req-f1c8af74-3dbd-4485-bf91-17b31c7e2b96 req-e99b8271-16dd-4c0b-b94b-8900c2556d5e 2a4125f0616a4005a9a212b780586efb 38193357b44b4330ab3845d1ccfc7347 - - 13524b305ef34f7ba15bc447ba9ff922 13524b305ef34f7ba15bc447ba9ff922] 199.204.45.4 "GET /v2.0/networks/1a4963de-c3ab-42b4-8018-e34939fa6be7?fields=provider%3Aphysical_network&fields=provider%3Anetwork_type HTTP/1.1" status: 200 len: 277 time: 0.0742898
2026-07-16 08:03:23.300 9 INFO neutron.wsgi [None req-3db9426b-8b93-41d4-81fd-255a7d1461b4 3c16e09ca97c48abbb60d81debe674d1 71de93269cbc4b9c918ca7e83e197a78 - - default default] 10.0.0.144 "DELETE /v2.0/security-groups/2451c17e-0919-4058-aeea-e21e30a2f120 HTTP/1.1" status: 204 len: 168 time: 0.2203875
2026-07-16 08:03:23.384 10 INFO neutron.db.ovn_revision_numbers_db [None req-11996cf6-0126-4cb6-89ad-8ef1a823117e 3c16e09ca97c48abbb60d81debe674d1 71de93269cbc4b9c918ca7e83e197a78 - - default default] Successfully bumped revision number for resource 22bd2018-2932-48bb-a280-129b3e2a5679 (type: router_ports) to 2
2026-07-16 08:03:23.386 10 INFO neutron.wsgi [None req-11996cf6-0126-4cb6-89ad-8ef1a823117e 3c16e09ca97c48abbb60d81debe674d1 71de93269cbc4b9c918ca7e83e197a78 - - default default] 10.0.0.144 "PUT /v2.0/routers/3dd0f325-0d01-44ea-9b56-8573042e5edf/add_router_interface HTTP/1.1" status: 200 len: 503 time: 2.4939249
2026-07-16 08:03:23.420 10 INFO neutron.wsgi [None req-db60ff4b-0f23-4d9d-b6ba-1f5e6d6dfa31 3c16e09ca97c48abbb60d81debe674d1 71de93269cbc4b9c918ca7e83e197a78 - - default default] 10.0.0.144 "DELETE /v2.0/security-groups/c8bc63d5-100a-4e7c-bb4e-fee21fa15512 HTTP/1.1" status: 204 len: 168 time: 0.4846456
2026-07-16 08:03:23.623 9 WARNING neutron_lib.context [None req-b4bc3eb3-b1be-478d-9784-72d855b4e1d8 56f84d49e2df47d1a4f34177a7c14f43 80716734145a4234af492f7146b7177c - - default default] Method 'is_advsvc' is deprecated since 2023.2 release (neutron-lib 3.8.0) and will be removed once support for the old RBAC API policies will be removed from Neutron. Please use method 'is_service_role' instead.
2026-07-16 08:03:23.756 9 INFO neutron.db.ovn_revision_numbers_db [None req-b4bc3eb3-b1be-478d-9784-72d855b4e1d8 56f84d49e2df47d1a4f34177a7c14f43 80716734145a4234af492f7146b7177c - - default default] Successfully bumped revision number for resource e1e429de-e460-4e45-a4de-eef110847ef0 (type: security_groups) to 1
2026-07-16 08:03:23.772 9 INFO neutron.db.ovn_revision_numbers_db [None req-b4bc3eb3-b1be-478d-9784-72d855b4e1d8 56f84d49e2df47d1a4f34177a7c14f43 80716734145a4234af492f7146b7177c - - default default] Successfully bumped revision number for resource 3ecd7ca7-f571-468a-8c9f-3ea5c69558fe (type: security_group_rules) to 0
2026-07-16 08:03:23.784 9 INFO neutron.db.ovn_revision_numbers_db [None req-b4bc3eb3-b1be-478d-9784-72d855b4e1d8 56f84d49e2df47d1a4f34177a7c14f43 80716734145a4234af492f7146b7177c - - default default] Successfully bumped revision number for resource f0735303-0228-4da9-88cc-74a658d727c5 (type: security_group_rules) to 0
2026-07-16 08:03:23.807 9 INFO neutron.wsgi [None req-b4bc3eb3-b1be-478d-9784-72d855b4e1d8 56f84d49e2df47d1a4f34177a7c14f43 80716734145a4234af492f7146b7177c - - default default] 10.0.0.144 "POST /v2.0/security-groups HTTP/1.1" status: 201 len: 1809 time: 0.1899648
2026-07-16 08:03:23.818 9 WARNING neutron_lib.context [None req-76530ac5-c42f-4d96-9244-7279970eb000 56f84d49e2df47d1a4f34177a7c14f43 80716734145a4234af492f7146b7177c - - default default] Method 'is_advsvc' is deprecated since 2023.2 release (neutron-lib 3.8.0) and will be removed once support for the old RBAC API policies will be removed from Neutron. Please use method 'is_service_role' instead.
2026-07-16 08:03:23.933 9 INFO neutron.db.ovn_revision_numbers_db [None req-76530ac5-c42f-4d96-9244-7279970eb000 56f84d49e2df47d1a4f34177a7c14f43 80716734145a4234af492f7146b7177c - - default default] Successfully bumped revision number for resource 0ae733b7-f5a7-48b3-b054-773eda531bf6 (type: security_group_rules) to 0
2026-07-16 08:03:23.957 9 INFO neutron.wsgi [None req-76530ac5-c42f-4d96-9244-7279970eb000 56f84d49e2df47d1a4f34177a7c14f43 80716734145a4234af492f7146b7177c - - default default] 10.0.0.144 "POST /v2.0/security-group-rules HTTP/1.1" status: 201 len: 764 time: 0.1440349
2026-07-16 08:03:23.969 10 WARNING neutron_lib.context [None req-32784511-6746-4232-bb9b-4236f5853e1b 56f84d49e2df47d1a4f34177a7c14f43 80716734145a4234af492f7146b7177c - - default default] Method 'is_advsvc' is deprecated since 2023.2 release (neutron-lib 3.8.0) and will be removed once support for the old RBAC API policies will be removed from Neutron. Please use method 'is_service_role' instead.
2026-07-16 08:03:24.025 9 WARNING neutron_lib.context [None req-810c7639-35ec-4bbe-8528-cbaf2aedf4eb db2d172bfab74d51b9f8e99c4b30d031 da36c34ce4b14ecb98c91770c2c9745f - - default default] Method 'is_advsvc' is deprecated since 2023.2 release (neutron-lib 3.8.0) and will be removed once support for the old RBAC API policies will be removed from Neutron. Please use method 'is_service_role' instead.
2026-07-16 08:03:24.086 10 INFO neutron.db.ovn_revision_numbers_db [None req-32784511-6746-4232-bb9b-4236f5853e1b 56f84d49e2df47d1a4f34177a7c14f43 80716734145a4234af492f7146b7177c - - default default] Successfully bumped revision number for resource 8f09903e-8a77-4702-be71-82e831403f39 (type: security_group_rules) to 0
2026-07-16 08:03:24.115 10 INFO neutron.wsgi [None req-32784511-6746-4232-bb9b-4236f5853e1b 56f84d49e2df47d1a4f34177a7c14f43 80716734145a4234af492f7146b7177c - - default default] 10.0.0.144 "POST /v2.0/security-group-rules HTTP/1.1" status: 201 len: 763 time: 0.1524174
2026-07-16 08:03:24.125 10 WARNING neutron_lib.context [None req-3029560d-c3ac-47df-88b2-0223dd19c667 56f84d49e2df47d1a4f34177a7c14f43 80716734145a4234af492f7146b7177c - - default default] Method 'is_advsvc' is deprecated since 2023.2 release (neutron-lib 3.8.0) and will be removed once support for the old RBAC API policies will be removed from Neutron. Please use method 'is_service_role' instead.
2026-07-16 08:03:24.169 9 INFO neutron.db.ovn_revision_numbers_db [None req-810c7639-35ec-4bbe-8528-cbaf2aedf4eb db2d172bfab74d51b9f8e99c4b30d031 da36c34ce4b14ecb98c91770c2c9745f - - default default] Successfully bumped revision number for resource 7e25441b-82a6-4784-93ae-36fd77cc25a8 (type: security_groups) to 1
2026-07-16 08:03:24.183 9 INFO neutron.db.ovn_revision_numbers_db [None req-810c7639-35ec-4bbe-8528-cbaf2aedf4eb db2d172bfab74d51b9f8e99c4b30d031 da36c34ce4b14ecb98c91770c2c9745f - - default default] Successfully bumped revision number for resource 29e4b3fd-714f-4e82-a6ca-1c9f39f73ef2 (type: security_group_rules) to 0
2026-07-16 08:03:24.202 9 INFO neutron.db.ovn_revision_numbers_db [None req-810c7639-35ec-4bbe-8528-cbaf2aedf4eb db2d172bfab74d51b9f8e99c4b30d031 da36c34ce4b14ecb98c91770c2c9745f - - default default] Successfully bumped revision number for resource a2e8ebc9-439e-4614-85aa-34e7a6280464 (type: security_group_rules) to 0
2026-07-16 08:03:24.224 9 INFO neutron.wsgi [None req-810c7639-35ec-4bbe-8528-cbaf2aedf4eb db2d172bfab74d51b9f8e99c4b30d031 da36c34ce4b14ecb98c91770c2c9745f - - default default] 10.0.0.144 "POST /v2.0/security-groups HTTP/1.1" status: 201 len: 1809 time: 0.2053418
2026-07-16 08:03:24.234 9 WARNING neutron_lib.context [None req-26c660af-04e2-4a9c-b85d-8ded5319bd13 db2d172bfab74d51b9f8e99c4b30d031 da36c34ce4b14ecb98c91770c2c9745f - - default default] Method 'is_advsvc' is deprecated since 2023.2 release (neutron-lib 3.8.0) and will be removed once support for the old RBAC API policies will be removed from Neutron. Please use method 'is_service_role' instead.
2026-07-16 08:03:24.244 10 INFO neutron.db.ovn_revision_numbers_db [None req-3029560d-c3ac-47df-88b2-0223dd19c667 56f84d49e2df47d1a4f34177a7c14f43 80716734145a4234af492f7146b7177c - - default default] Successfully bumped revision number for resource 1100027f-a8e6-4a6c-ac74-abd82c098995 (type: security_group_rules) to 0
2026-07-16 08:03:24.270 10 INFO neutron.wsgi [None req-3029560d-c3ac-47df-88b2-0223dd19c667 56f84d49e2df47d1a4f34177a7c14f43 80716734145a4234af492f7146b7177c - - default default] 10.0.0.144 "POST /v2.0/security-group-rules HTTP/1.1" status: 201 len: 769 time: 0.1500170
2026-07-16 08:03:24.279 10 WARNING neutron_lib.context [None req-0ac2ba3f-b027-471d-b3ee-a689235edb1d 56f84d49e2df47d1a4f34177a7c14f43 80716734145a4234af492f7146b7177c - - default default] Method 'is_advsvc' is deprecated since 2023.2 release (neutron-lib 3.8.0) and will be removed once support for the old RBAC API policies will be removed from Neutron. Please use method 'is_service_role' instead.
2026-07-16 08:03:24.352 9 INFO neutron.db.ovn_revision_numbers_db [None req-26c660af-04e2-4a9c-b85d-8ded5319bd13 db2d172bfab74d51b9f8e99c4b30d031 da36c34ce4b14ecb98c91770c2c9745f - - default default] Successfully bumped revision number for resource c1b05fb6-5846-4bf9-b044-fe04222d1bf0 (type: security_group_rules) to 0
2026-07-16 08:03:24.381 9 INFO neutron.wsgi [None req-26c660af-04e2-4a9c-b85d-8ded5319bd13 db2d172bfab74d51b9f8e99c4b30d031 da36c34ce4b14ecb98c91770c2c9745f - - default default] 10.0.0.144 "POST /v2.0/security-group-rules HTTP/1.1" status: 201 len: 764 time: 0.1504152
2026-07-16 08:03:24.394 10 WARNING neutron_lib.context [None req-7fe50bad-9907-410f-8fd9-cdae244d138d db2d172bfab74d51b9f8e99c4b30d031 da36c34ce4b14ecb98c91770c2c9745f - - default default] Method 'is_advsvc' is deprecated since 2023.2 release (neutron-lib 3.8.0) and will be removed once support for the old RBAC API policies will be removed from Neutron. Please use method 'is_service_role' instead.
2026-07-16 08:03:24.398 10 INFO neutron.db.ovn_revision_numbers_db [None req-0ac2ba3f-b027-471d-b3ee-a689235edb1d 56f84d49e2df47d1a4f34177a7c14f43 80716734145a4234af492f7146b7177c - - default default] Successfully bumped revision number for resource 1f5d5561-7ce2-4793-8d14-70d22e77a4cf (type: security_group_rules) to 0
2026-07-16 08:03:24.433 10 INFO neutron.wsgi [None req-0ac2ba3f-b027-471d-b3ee-a689235edb1d 56f84d49e2df47d1a4f34177a7c14f43 80716734145a4234af492f7146b7177c - - default default] 10.0.0.144 "POST /v2.0/security-group-rules HTTP/1.1" status: 201 len: 768 time: 0.1576159
2026-07-16 08:03:24.441 10 WARNING neutron_lib.context [None req-5979458a-3254-4dfa-b67b-63c81fa720e9 56f84d49e2df47d1a4f34177a7c14f43 80716734145a4234af492f7146b7177c - - default default] Method 'is_advsvc' is deprecated since 2023.2 release (neutron-lib 3.8.0) and will be removed once support for the old RBAC API policies will be removed from Neutron. Please use method 'is_service_role' instead.
2026-07-16 08:03:24.467 10 INFO neutron.db.securitygroups_db [None req-5979458a-3254-4dfa-b67b-63c81fa720e9 56f84d49e2df47d1a4f34177a7c14f43 80716734145a4234af492f7146b7177c - - default default] Project 80716734145a4234af492f7146b7177c added a security group rule with legacy IPv6 ICMP protocol name icmp, ipv6-icmp should be used instead. It was automatically converted.
2026-07-16 08:03:24.600 10 INFO neutron.db.ovn_revision_numbers_db [None req-7fe50bad-9907-410f-8fd9-cdae244d138d db2d172bfab74d51b9f8e99c4b30d031 da36c34ce4b14ecb98c91770c2c9745f - - default default] Successfully bumped revision number for resource ca8b84c9-2289-4405-8743-4379e7215a84 (type: security_group_rules) to 0
2026-07-16 08:03:24.614 10 INFO neutron.db.ovn_revision_numbers_db [None req-5979458a-3254-4dfa-b67b-63c81fa720e9 56f84d49e2df47d1a4f34177a7c14f43 80716734145a4234af492f7146b7177c - - default default] Successfully bumped revision number for resource 6ce1b2f2-aad3-4289-bf5f-d678de0b7f15 (type: security_group_rules) to 0
2026-07-16 08:03:24.626 10 INFO neutron.wsgi [None req-7fe50bad-9907-410f-8fd9-cdae244d138d db2d172bfab74d51b9f8e99c4b30d031 da36c34ce4b14ecb98c91770c2c9745f - - default default] 10.0.0.144 "POST /v2.0/security-group-rules HTTP/1.1" status: 201 len: 763 time: 0.2385900
2026-07-16 08:03:24.637 9 WARNING neutron_lib.context [None req-b8002231-909c-4020-9c2f-9c1679338c5c db2d172bfab74d51b9f8e99c4b30d031 da36c34ce4b14ecb98c91770c2c9745f - - default default] Method 'is_advsvc' is deprecated since 2023.2 release (neutron-lib 3.8.0) and will be removed once support for the old RBAC API policies will be removed from Neutron. Please use method 'is_service_role' instead.
2026-07-16 08:03:24.646 10 INFO neutron.wsgi [None req-5979458a-3254-4dfa-b67b-63c81fa720e9 56f84d49e2df47d1a4f34177a7c14f43 80716734145a4234af492f7146b7177c - - default default] 10.0.0.144 "POST /v2.0/security-group-rules HTTP/1.1" status: 201 len: 774 time: 0.2083023
2026-07-16 08:03:24.665 10 WARNING neutron_lib.context [None req-b3126194-c694-4e1a-9db2-8909416dd7a1 56f84d49e2df47d1a4f34177a7c14f43 80716734145a4234af492f7146b7177c - - default default] Method 'is_advsvc' is deprecated since 2023.2 release (neutron-lib 3.8.0) and will be removed once support for the old RBAC API policies will be removed from Neutron. Please use method 'is_service_role' instead.
2026-07-16 08:03:24.683 10 INFO neutron.db.securitygroups_db [None req-b3126194-c694-4e1a-9db2-8909416dd7a1 56f84d49e2df47d1a4f34177a7c14f43 80716734145a4234af492f7146b7177c - - default default] Project 80716734145a4234af492f7146b7177c added a security group rule with legacy IPv6 ICMP protocol name icmp, ipv6-icmp should be used instead. It was automatically converted.
2026-07-16 08:03:24.776 9 INFO neutron.db.ovn_revision_numbers_db [None req-b8002231-909c-4020-9c2f-9c1679338c5c db2d172bfab74d51b9f8e99c4b30d031 da36c34ce4b14ecb98c91770c2c9745f - - default default] Successfully bumped revision number for resource 199f590a-04f7-4bf8-b292-eacb427a6fc1 (type: security_group_rules) to 0
2026-07-16 08:03:24.803 10 INFO neutron.db.ovn_revision_numbers_db [None req-b3126194-c694-4e1a-9db2-8909416dd7a1 56f84d49e2df47d1a4f34177a7c14f43 80716734145a4234af492f7146b7177c - - default default] Successfully bumped revision number for resource ce7b1e42-303b-4f89-9e81-c4be4385531d (type: security_group_rules) to 0
2026-07-16 08:03:24.808 9 INFO neutron.wsgi [None req-b8002231-909c-4020-9c2f-9c1679338c5c db2d172bfab74d51b9f8e99c4b30d031 da36c34ce4b14ecb98c91770c2c9745f - - default default] 10.0.0.144 "POST /v2.0/security-group-rules HTTP/1.1" status: 201 len: 769 time: 0.1776609
2026-07-16 08:03:24.820 9 WARNING neutron_lib.context [None req-81035498-fc97-4ca8-92bc-86360e0f3ed5 db2d172bfab74d51b9f8e99c4b30d031 da36c34ce4b14ecb98c91770c2c9745f - - default default] Method 'is_advsvc' is deprecated since 2023.2 release (neutron-lib 3.8.0) and will be removed once support for the old RBAC API policies will be removed from Neutron. Please use method 'is_service_role' instead.
2026-07-16 08:03:24.825 10 INFO neutron.wsgi [None req-b3126194-c694-4e1a-9db2-8909416dd7a1 56f84d49e2df47d1a4f34177a7c14f43 80716734145a4234af492f7146b7177c - - default default] 10.0.0.144 "POST /v2.0/security-group-rules HTTP/1.1" status: 201 len: 773 time: 0.1661937
2026-07-16 08:03:24.985 9 INFO neutron.db.ovn_revision_numbers_db [None req-81035498-fc97-4ca8-92bc-86360e0f3ed5 db2d172bfab74d51b9f8e99c4b30d031 da36c34ce4b14ecb98c91770c2c9745f - - default default] Successfully bumped revision number for resource 1e301d02-2d5f-444e-9ecd-4a6596f125de (type: security_group_rules) to 0
2026-07-16 08:03:25.013 9 INFO neutron.wsgi [None req-81035498-fc97-4ca8-92bc-86360e0f3ed5 db2d172bfab74d51b9f8e99c4b30d031 da36c34ce4b14ecb98c91770c2c9745f - - default default] 10.0.0.144 "POST /v2.0/security-group-rules HTTP/1.1" status: 201 len: 768 time: 0.1978862
2026-07-16 08:03:25.023 9 WARNING neutron_lib.context [None req-0fa5f85b-e0c6-4414-8b7c-1559ea6a8438 db2d172bfab74d51b9f8e99c4b30d031 da36c34ce4b14ecb98c91770c2c9745f - - default default] Method 'is_advsvc' is deprecated since 2023.2 release (neutron-lib 3.8.0) and will be removed once support for the old RBAC API policies will be removed from Neutron. Please use method 'is_service_role' instead.
2026-07-16 08:03:25.041 9 INFO neutron.db.securitygroups_db [None req-0fa5f85b-e0c6-4414-8b7c-1559ea6a8438 db2d172bfab74d51b9f8e99c4b30d031 da36c34ce4b14ecb98c91770c2c9745f - - default default] Project da36c34ce4b14ecb98c91770c2c9745f added a security group rule with legacy IPv6 ICMP protocol name icmp, ipv6-icmp should be used instead. It was automatically converted.
2026-07-16 08:03:25.166 9 INFO neutron.db.ovn_revision_numbers_db [None req-0fa5f85b-e0c6-4414-8b7c-1559ea6a8438 db2d172bfab74d51b9f8e99c4b30d031 da36c34ce4b14ecb98c91770c2c9745f - - default default] Successfully bumped revision number for resource b4e846a3-6ffc-4dee-8463-d07a98bee3c7 (type: security_group_rules) to 0
2026-07-16 08:03:25.190 9 INFO neutron.wsgi [None req-0fa5f85b-e0c6-4414-8b7c-1559ea6a8438 db2d172bfab74d51b9f8e99c4b30d031 da36c34ce4b14ecb98c91770c2c9745f - - default default] 10.0.0.144 "POST /v2.0/security-group-rules HTTP/1.1" status: 201 len: 774 time: 0.1719940
2026-07-16 08:03:25.204 10 WARNING neutron_lib.context [None req-62b765ca-b6f1-49d4-a804-f7351fea8027 db2d172bfab74d51b9f8e99c4b30d031 da36c34ce4b14ecb98c91770c2c9745f - - default default] Method 'is_advsvc' is deprecated since 2023.2 release (neutron-lib 3.8.0) and will be removed once support for the old RBAC API policies will be removed from Neutron. Please use method 'is_service_role' instead.
2026-07-16 08:03:25.226 10 INFO neutron.db.securitygroups_db [None req-62b765ca-b6f1-49d4-a804-f7351fea8027 db2d172bfab74d51b9f8e99c4b30d031 da36c34ce4b14ecb98c91770c2c9745f - - default default] Project da36c34ce4b14ecb98c91770c2c9745f added a security group rule with legacy IPv6 ICMP protocol name icmp, ipv6-icmp should be used instead. It was automatically converted.
2026-07-16 08:03:25.235 10 WARNING neutron_lib.context [None req-5080df60-5d81-46d5-92c4-b32476c6355e 497d6032335e4e748923d3b43de86c9f be794e7d302940ba9c261fa06e03e16e - - default default] Method 'is_advsvc' is deprecated since 2023.2 release (neutron-lib 3.8.0) and will be removed once support for the old RBAC API policies will be removed from Neutron. Please use method 'is_service_role' instead.
2026-07-16 08:03:25.341 9 INFO neutron.wsgi [None req-1ed97299-221f-48b7-a85d-87b9280c3eca 56f84d49e2df47d1a4f34177a7c14f43 80716734145a4234af492f7146b7177c - - default default] 10.0.0.144 "GET /v2.0/networks HTTP/1.1" status: 200 len: 1493 time: 0.1379921
2026-07-16 08:03:25.351 10 INFO neutron.db.ovn_revision_numbers_db [None req-62b765ca-b6f1-49d4-a804-f7351fea8027 db2d172bfab74d51b9f8e99c4b30d031 da36c34ce4b14ecb98c91770c2c9745f - - default default] Successfully bumped revision number for resource 94dc1f15-d992-4152-96d4-df3983fd45f2 (type: security_group_rules) to 0
2026-07-16 08:03:25.382 10 INFO neutron.wsgi [None req-62b765ca-b6f1-49d4-a804-f7351fea8027 db2d172bfab74d51b9f8e99c4b30d031 da36c34ce4b14ecb98c91770c2c9745f - - default default] 10.0.0.144 "POST /v2.0/security-group-rules HTTP/1.1" status: 201 len: 773 time: 0.1866667
2026-07-16 08:03:25.383 10 INFO neutron.db.ovn_revision_numbers_db [None req-5080df60-5d81-46d5-92c4-b32476c6355e 497d6032335e4e748923d3b43de86c9f be794e7d302940ba9c261fa06e03e16e - - default default] Successfully bumped revision number for resource 6b89b8ac-64b0-4e8a-a39c-fefc46f20da4 (type: security_groups) to 1
2026-07-16 08:03:25.398 10 INFO neutron.db.ovn_revision_numbers_db [None req-5080df60-5d81-46d5-92c4-b32476c6355e 497d6032335e4e748923d3b43de86c9f be794e7d302940ba9c261fa06e03e16e - - default default] Successfully bumped revision number for resource 3872297a-402a-4f08-bd56-c15073d8cbaf (type: security_group_rules) to 0
2026-07-16 08:03:25.419 10 INFO neutron.db.ovn_revision_numbers_db [None req-5080df60-5d81-46d5-92c4-b32476c6355e 497d6032335e4e748923d3b43de86c9f be794e7d302940ba9c261fa06e03e16e - - default default] Successfully bumped revision number for resource 9fe65d93-e2c9-49db-b555-e649a758ec2c (type: security_group_rules) to 0
2026-07-16 08:03:25.438 10 INFO neutron.db.ovn_revision_numbers_db [None req-5080df60-5d81-46d5-92c4-b32476c6355e 497d6032335e4e748923d3b43de86c9f be794e7d302940ba9c261fa06e03e16e - - default default] Successfully bumped revision number for resource a6b822d4-72f2-4af2-9228-5a33398cb905 (type: security_group_rules) to 0
2026-07-16 08:03:25.456 10 INFO neutron.wsgi [req-dde49d66-d9b1-4ec8-b195-4e33c83a5ef2 req-7fd5ad22-871c-42b3-b08b-dafccb1c97af 56f84d49e2df47d1a4f34177a7c14f43 80716734145a4234af492f7146b7177c - - default default] 10.0.0.18 "GET /v2.0/security-groups?name=tempest-secgroup-smoke-366160761&fields=id&tenant_id=80716734145a4234af492f7146b7177c HTTP/1.1" status: 200 len: 267 time: 0.0462286
2026-07-16 08:03:25.460 10 INFO neutron.db.ovn_revision_numbers_db [None req-5080df60-5d81-46d5-92c4-b32476c6355e 497d6032335e4e748923d3b43de86c9f be794e7d302940ba9c261fa06e03e16e - - default default] Successfully bumped revision number for resource e5f7be0f-16ec-4766-b443-c5ff466d82f4 (type: security_group_rules) to 0
2026-07-16 08:03:25.523 10 INFO neutron.db.segments_db [None req-5080df60-5d81-46d5-92c4-b32476c6355e 497d6032335e4e748923d3b43de86c9f be794e7d302940ba9c261fa06e03e16e - - default default] Added segment cfbc4be5-05d5-4272-8aa3-07a9c68022e1 of type geneve for network 16fa7055-b319-4777-9f37-38b6bf791123
2026-07-16 08:03:25.533 10 INFO neutron.wsgi [req-dde49d66-d9b1-4ec8-b195-4e33c83a5ef2 req-0485d1be-d114-4f4f-907d-b83b1d52062f 56f84d49e2df47d1a4f34177a7c14f43 80716734145a4234af492f7146b7177c - - default default] 10.0.0.18 "GET /v2.0/networks?id=1a4963de-c3ab-42b4-8018-e34939fa6be7 HTTP/1.1" status: 200 len: 860 time: 0.0707681
2026-07-16 08:03:25.559 10 INFO neutron.wsgi [req-dde49d66-d9b1-4ec8-b195-4e33c83a5ef2 req-dd8ed674-01ff-4d84-8ccc-b67a86a9026a 56f84d49e2df47d1a4f34177a7c14f43 80716734145a4234af492f7146b7177c - - default default] 10.0.0.18 "GET /v2.0/quotas/80716734145a4234af492f7146b7177c HTTP/1.1" status: 200 len: 386 time: 0.0158591
2026-07-16 08:03:25.704 10 INFO neutron.wsgi [req-dde49d66-d9b1-4ec8-b195-4e33c83a5ef2 req-02f3f861-3b3a-4024-a4e0-a7fc3263b700 56f84d49e2df47d1a4f34177a7c14f43 80716734145a4234af492f7146b7177c - - default default] 10.0.0.18 "GET /v2.0/ports?tenant_id=80716734145a4234af492f7146b7177c&fields=id HTTP/1.1" status: 200 len: 348 time: 0.1334143
2026-07-16 08:03:25.735 10 INFO neutron.db.ovn_revision_numbers_db [None req-5080df60-5d81-46d5-92c4-b32476c6355e 497d6032335e4e748923d3b43de86c9f be794e7d302940ba9c261fa06e03e16e - - default default] Successfully bumped revision number for resource 16fa7055-b319-4777-9f37-38b6bf791123 (type: networks) to 1
2026-07-16 08:03:25.782 10 INFO neutron.wsgi [req-dde49d66-d9b1-4ec8-b195-4e33c83a5ef2 req-93d189ce-6861-4f05-a2a2-7415023d7cca 2a4125f0616a4005a9a212b780586efb 38193357b44b4330ab3845d1ccfc7347 - - 13524b305ef34f7ba15bc447ba9ff922 13524b305ef34f7ba15bc447ba9ff922] 10.0.0.18 "GET /v2.0/networks/1a4963de-c3ab-42b4-8018-e34939fa6be7?fields=segments HTTP/1.1" status: 200 len: 212 time: 0.0657198
2026-07-16 08:03:25.822 10 WARNING neutron_lib.context [None req-7a747daa-64ad-46c5-85ba-173cc8e6b156 db2d172bfab74d51b9f8e99c4b30d031 da36c34ce4b14ecb98c91770c2c9745f - - default default] Method 'is_advsvc' is deprecated since 2023.2 release (neutron-lib 3.8.0) and will be removed once support for the old RBAC API policies will be removed from Neutron. Please use method 'is_service_role' instead.
2026-07-16 08:03:25.893 10 INFO neutron.wsgi [req-dde49d66-d9b1-4ec8-b195-4e33c83a5ef2 req-5eabd8c7-2390-4ffd-9bbc-3085d2b9ec1b 2a4125f0616a4005a9a212b780586efb 38193357b44b4330ab3845d1ccfc7347 - - 13524b305ef34f7ba15bc447ba9ff922 13524b305ef34f7ba15bc447ba9ff922] 10.0.0.18 "GET /v2.0/networks/1a4963de-c3ab-42b4-8018-e34939fa6be7?fields=provider%3Aphysical_network&fields=provider%3Anetwork_type HTTP/1.1" status: 200 len: 277 time: 0.1036904
2026-07-16 08:03:25.980 10 WARNING neutron.scheduler.dhcp_agent_scheduler [None req-5080df60-5d81-46d5-92c4-b32476c6355e 497d6032335e4e748923d3b43de86c9f be794e7d302940ba9c261fa06e03e16e - - default default] No more DHCP agents
2026-07-16 08:03:25.982 10 WARNING neutron.api.rpc.agentnotifiers.dhcp_rpc_agent_api [None req-5080df60-5d81-46d5-92c4-b32476c6355e 497d6032335e4e748923d3b43de86c9f be794e7d302940ba9c261fa06e03e16e - - default default] Unable to schedule network 16fa7055-b319-4777-9f37-38b6bf791123: no agents available; will retry on subsequent port and subnet creation events.
2026-07-16 08:03:26.026 10 INFO neutron.db.ovn_revision_numbers_db [None req-7a747daa-64ad-46c5-85ba-173cc8e6b156 db2d172bfab74d51b9f8e99c4b30d031 da36c34ce4b14ecb98c91770c2c9745f - - default default] Successfully bumped revision number for resource 900153ae-cdee-412b-81fd-334dc8254e7d (type: security_groups) to 1
2026-07-16 08:03:26.045 10 INFO neutron.wsgi [req-946c06a8-675c-4c31-81b9-a944be696f10 req-0289f6cd-fbc4-4d92-b75d-c0a59a5fd7a3 56f84d49e2df47d1a4f34177a7c14f43 80716734145a4234af492f7146b7177c - - default default] 10.0.0.18 "GET /v2.0/ports?device_id=76fe7ebe-cfc3-4929-84e6-24a710fce653 HTTP/1.1" status: 200 len: 210 time: 0.0373127
2026-07-16 08:03:26.061 10 INFO neutron.db.ovn_revision_numbers_db [None req-7a747daa-64ad-46c5-85ba-173cc8e6b156 db2d172bfab74d51b9f8e99c4b30d031 da36c34ce4b14ecb98c91770c2c9745f - - default default] Successfully bumped revision number for resource 075845a8-1f05-4021-b9a8-f2eb16465295 (type: security_group_rules) to 0
2026-07-16 08:03:26.084 10 INFO neutron.db.ovn_revision_numbers_db [None req-7a747daa-64ad-46c5-85ba-173cc8e6b156 db2d172bfab74d51b9f8e99c4b30d031 da36c34ce4b14ecb98c91770c2c9745f - - default default] Successfully bumped revision number for resource 70fa1190-9e44-445a-813d-21d80a110eb6 (type: security_group_rules) to 0
2026-07-16 08:03:26.097 10 INFO neutron.db.ovn_revision_numbers_db [None req-5080df60-5d81-46d5-92c4-b32476c6355e 497d6032335e4e748923d3b43de86c9f be794e7d302940ba9c261fa06e03e16e - - default default] Successfully bumped revision number for resource ffc76280-5efa-4b20-a2b3-661ec425b065 (type: ports) to 1
2026-07-16 08:03:26.102 10 INFO neutron.wsgi [None req-7a747daa-64ad-46c5-85ba-173cc8e6b156 db2d172bfab74d51b9f8e99c4b30d031 da36c34ce4b14ecb98c91770c2c9745f - - default default] 10.0.0.144 "POST /v2.0/security-groups HTTP/1.1" status: 201 len: 1794 time: 0.2891316
2026-07-16 08:03:26.111 10 WARNING neutron_lib.context [None req-81df251c-8e5c-47c6-9ca9-e33f863b7364 db2d172bfab74d51b9f8e99c4b30d031 da36c34ce4b14ecb98c91770c2c9745f - - default default] Method 'is_advsvc' is deprecated since 2023.2 release (neutron-lib 3.8.0) and will be removed once support for the old RBAC API policies will be removed from Neutron. Please use method 'is_service_role' instead.
2026-07-16 08:03:26.133 10 INFO neutron.wsgi [None req-5080df60-5d81-46d5-92c4-b32476c6355e 497d6032335e4e748923d3b43de86c9f be794e7d302940ba9c261fa06e03e16e - - default default] 10.0.0.144 "POST /v2.0/networks HTTP/1.1" status: 201 len: 849 time: 1.0150402
2026-07-16 08:03:26.146 9 WARNING neutron_lib.context [None req-70977c32-9e17-4038-852d-d26265e9b2a8 497d6032335e4e748923d3b43de86c9f be794e7d302940ba9c261fa06e03e16e - - default default] Method 'is_advsvc' is deprecated since 2023.2 release (neutron-lib 3.8.0) and will be removed once support for the old RBAC API policies will be removed from Neutron. Please use method 'is_service_role' instead.
2026-07-16 08:03:26.241 10 INFO neutron.db.ovn_revision_numbers_db [None req-81df251c-8e5c-47c6-9ca9-e33f863b7364 db2d172bfab74d51b9f8e99c4b30d031 da36c34ce4b14ecb98c91770c2c9745f - - default default] Successfully bumped revision number for resource 70567b89-f170-4479-909e-1362bfc6d2aa (type: security_group_rules) to 0
2026-07-16 08:03:26.268 10 INFO neutron.wsgi [None req-81df251c-8e5c-47c6-9ca9-e33f863b7364 db2d172bfab74d51b9f8e99c4b30d031 da36c34ce4b14ecb98c91770c2c9745f - - default default] 10.0.0.144 "POST /v2.0/security-group-rules HTTP/1.1" status: 201 len: 764 time: 0.1602283
2026-07-16 08:03:26.277 10 WARNING neutron_lib.context [None req-7b0b0f03-f4be-4f25-ab2e-30548c61fe76 db2d172bfab74d51b9f8e99c4b30d031 da36c34ce4b14ecb98c91770c2c9745f - - default default] Method 'is_advsvc' is deprecated since 2023.2 release (neutron-lib 3.8.0) and will be removed once support for the old RBAC API policies will be removed from Neutron. Please use method 'is_service_role' instead.
2026-07-16 08:03:26.415 10 INFO neutron.db.ovn_revision_numbers_db [None req-7b0b0f03-f4be-4f25-ab2e-30548c61fe76 db2d172bfab74d51b9f8e99c4b30d031 da36c34ce4b14ecb98c91770c2c9745f - - default default] Successfully bumped revision number for resource ea86d220-5fa1-4d30-8bef-aa6ba27d9773 (type: security_group_rules) to 0
2026-07-16 08:03:26.419 9 WARNING neutron.scheduler.dhcp_agent_scheduler [None req-70977c32-9e17-4038-852d-d26265e9b2a8 497d6032335e4e748923d3b43de86c9f be794e7d302940ba9c261fa06e03e16e - - default default] No more DHCP agents
2026-07-16 08:03:26.422 9 WARNING neutron.api.rpc.agentnotifiers.dhcp_rpc_agent_api [None req-70977c32-9e17-4038-852d-d26265e9b2a8 497d6032335e4e748923d3b43de86c9f be794e7d302940ba9c261fa06e03e16e - - default default] Unable to schedule network 16fa7055-b319-4777-9f37-38b6bf791123: no agents available; will retry on subsequent port and subnet creation events.
2026-07-16 08:03:26.453 10 INFO neutron.wsgi [None req-7b0b0f03-f4be-4f25-ab2e-30548c61fe76 db2d172bfab74d51b9f8e99c4b30d031 da36c34ce4b14ecb98c91770c2c9745f - - default default] 10.0.0.144 "POST /v2.0/security-group-rules HTTP/1.1" status: 201 len: 769 time: 0.1806996
2026-07-16 08:03:26.456 9 INFO neutron.db.ovn_revision_numbers_db [None req-70977c32-9e17-4038-852d-d26265e9b2a8 497d6032335e4e748923d3b43de86c9f be794e7d302940ba9c261fa06e03e16e - - default default] Successfully bumped revision number for resource cee59b34-e932-4ea6-8cd5-fcc795e740d4 (type: subnets) to 0
2026-07-16 08:03:26.463 10 WARNING neutron_lib.context [None req-4874f493-a34f-48a5-adc1-7e88692f1289 db2d172bfab74d51b9f8e99c4b30d031 da36c34ce4b14ecb98c91770c2c9745f - - default default] Method 'is_advsvc' is deprecated since 2023.2 release (neutron-lib 3.8.0) and will be removed once support for the old RBAC API policies will be removed from Neutron. Please use method 'is_service_role' instead.
2026-07-16 08:03:26.475 9 INFO neutron.wsgi [None req-70977c32-9e17-4038-852d-d26265e9b2a8 497d6032335e4e748923d3b43de86c9f be794e7d302940ba9c261fa06e03e16e - - default default] 10.0.0.144 "POST /v2.0/subnets HTTP/1.1" status: 201 len: 802 time: 0.3347692
2026-07-16 08:03:26.484 10 WARNING neutron_lib.context [None req-5d80526c-abf3-4337-8972-226b57aadb7b 497d6032335e4e748923d3b43de86c9f be794e7d302940ba9c261fa06e03e16e - - default default] Method 'is_advsvc' is deprecated since 2023.2 release (neutron-lib 3.8.0) and will be removed once support for the old RBAC API policies will be removed from Neutron. Please use method 'is_service_role' instead.
2026-07-16 08:03:26.755 9 INFO neutron.wsgi [req-dde49d66-d9b1-4ec8-b195-4e33c83a5ef2 req-bb8d0cff-ad0c-4f77-9caa-eb358b672601 56f84d49e2df47d1a4f34177a7c14f43 80716734145a4234af492f7146b7177c - - default default] 199.204.45.4 "GET /v2.0/networks?id=1a4963de-c3ab-42b4-8018-e34939fa6be7 HTTP/1.1" status: 200 len: 860 time: 0.0710421
2026-07-16 08:03:26.812 9 INFO neutron.wsgi [req-dde49d66-d9b1-4ec8-b195-4e33c83a5ef2 req-d6321854-9e4b-4f58-8616-9a7b113d3e8a 56f84d49e2df47d1a4f34177a7c14f43 80716734145a4234af492f7146b7177c - - default default] 199.204.45.4 "GET /v2.0/security-groups?fields=id&fields=name&tenant_id=80716734145a4234af492f7146b7177c HTTP/1.1" status: 200 len: 471 time: 0.0458019
2026-07-16 08:03:26.820 9 WARNING neutron_lib.context [req-dde49d66-d9b1-4ec8-b195-4e33c83a5ef2 req-89107ad9-ff82-40b8-b9f8-1c334d5c4ad2 56f84d49e2df47d1a4f34177a7c14f43 80716734145a4234af492f7146b7177c - - default default] Method 'is_advsvc' is deprecated since 2023.2 release (neutron-lib 3.8.0) and will be removed once support for the old RBAC API policies will be removed from Neutron. Please use method 'is_service_role' instead.
2026-07-16 08:03:26.854 10 WARNING neutron.scheduler.dhcp_agent_scheduler [None req-4874f493-a34f-48a5-adc1-7e88692f1289 db2d172bfab74d51b9f8e99c4b30d031 da36c34ce4b14ecb98c91770c2c9745f - - default default] No more DHCP agents
2026-07-16 08:03:26.861 10 WARNING neutron.api.rpc.agentnotifiers.dhcp_rpc_agent_api [None req-4874f493-a34f-48a5-adc1-7e88692f1289 db2d172bfab74d51b9f8e99c4b30d031 da36c34ce4b14ecb98c91770c2c9745f - - default default] Unable to schedule network eb2eed8e-9f13-490c-9010-49ac32b30e05: no agents available; will retry on subsequent port and subnet creation events.
2026-07-16 08:03:26.883 10 INFO neutron.wsgi [-] 10.0.0.160 "GET / HTTP/1.1" status: 200 len: 246 time: 0.0013888
2026-07-16 08:03:26.884 10 INFO neutron.wsgi [-] 10.0.0.160 "GET / HTTP/1.1" status: 200 len: 246 time: 0.0008967
2026-07-16 08:03:26.942 9 WARNING neutron_lib.context [None req-e9d107a9-46e2-4d7f-b796-422ad1fca9b5 28906d81c01d4286ad50ed0f6a6d8b15 56bad045fecb4e36b661dd898ed8ec78 - - default default] Method 'is_advsvc' is deprecated since 2023.2 release (neutron-lib 3.8.0) and will be removed once support for the old RBAC API policies will be removed from Neutron. Please use method 'is_service_role' instead.
2026-07-16 08:03:27.028 10 WARNING neutron.scheduler.dhcp_agent_scheduler [None req-5d80526c-abf3-4337-8972-226b57aadb7b 497d6032335e4e748923d3b43de86c9f be794e7d302940ba9c261fa06e03e16e - - default default] No more DHCP agents
2026-07-16 08:03:27.033 10 WARNING neutron.api.rpc.agentnotifiers.dhcp_rpc_agent_api [None req-5d80526c-abf3-4337-8972-226b57aadb7b 497d6032335e4e748923d3b43de86c9f be794e7d302940ba9c261fa06e03e16e - - default default] Unable to schedule network eb2eed8e-9f13-490c-9010-49ac32b30e05: no agents available; will retry on subsequent port and subnet creation events.
2026-07-16 08:03:27.119 9 INFO neutron.db.ovn_revision_numbers_db [None req-e9d107a9-46e2-4d7f-b796-422ad1fca9b5 28906d81c01d4286ad50ed0f6a6d8b15 56bad045fecb4e36b661dd898ed8ec78 - - default default] Successfully bumped revision number for resource b103a15d-565b-4089-b9f2-88171b3b044a (type: security_groups) to 1
2026-07-16 08:03:27.150 9 INFO neutron.db.ovn_revision_numbers_db [None req-e9d107a9-46e2-4d7f-b796-422ad1fca9b5 28906d81c01d4286ad50ed0f6a6d8b15 56bad045fecb4e36b661dd898ed8ec78 - - default default] Successfully bumped revision number for resource 08fc0798-d439-4c6c-86be-c735f5b25eda (type: security_group_rules) to 0
2026-07-16 08:03:27.157 10 INFO neutron.wsgi [req-4090c090-8c40-4f19-91ff-ce278d919cd6 req-ff1375cc-6152-4edf-b40c-6f3c5c2605a3 56f84d49e2df47d1a4f34177a7c14f43 80716734145a4234af492f7146b7177c - - default default] 10.0.0.18 "GET /v2.0/ports?device_id=76fe7ebe-cfc3-4929-84e6-24a710fce653 HTTP/1.1" status: 200 len: 210 time: 0.0283217
2026-07-16 08:03:27.167 9 INFO neutron.db.ovn_revision_numbers_db [None req-e9d107a9-46e2-4d7f-b796-422ad1fca9b5 28906d81c01d4286ad50ed0f6a6d8b15 56bad045fecb4e36b661dd898ed8ec78 - - default default] Successfully bumped revision number for resource 32e4f39d-2216-4be4-8e59-05aba880f32e (type: security_group_rules) to 0
2026-07-16 08:03:27.196 9 INFO neutron.db.ovn_revision_numbers_db [None req-e9d107a9-46e2-4d7f-b796-422ad1fca9b5 28906d81c01d4286ad50ed0f6a6d8b15 56bad045fecb4e36b661dd898ed8ec78 - - default default] Successfully bumped revision number for resource 8496cc9d-2d23-4ec3-82fc-95372147c36f (type: security_group_rules) to 0
2026-07-16 08:03:27.199 9 WARNING neutron.scheduler.dhcp_agent_scheduler [req-dde49d66-d9b1-4ec8-b195-4e33c83a5ef2 req-89107ad9-ff82-40b8-b9f8-1c334d5c4ad2 56f84d49e2df47d1a4f34177a7c14f43 80716734145a4234af492f7146b7177c - - default default] No more DHCP agents
2026-07-16 08:03:27.203 9 WARNING neutron.api.rpc.agentnotifiers.dhcp_rpc_agent_api [req-dde49d66-d9b1-4ec8-b195-4e33c83a5ef2 req-89107ad9-ff82-40b8-b9f8-1c334d5c4ad2 56f84d49e2df47d1a4f34177a7c14f43 80716734145a4234af492f7146b7177c - - default default] Unable to schedule network 1a4963de-c3ab-42b4-8018-e34939fa6be7: no agents available; will retry on subsequent port and subnet creation events.
2026-07-16 08:03:27.220 9 INFO neutron.db.ovn_revision_numbers_db [None req-e9d107a9-46e2-4d7f-b796-422ad1fca9b5 28906d81c01d4286ad50ed0f6a6d8b15 56bad045fecb4e36b661dd898ed8ec78 - - default default] Successfully bumped revision number for resource c8aee8e5-2a56-4a29-b74a-4823851bae87 (type: security_group_rules) to 0
2026-07-16 08:03:27.278 9 INFO neutron.db.segments_db [None req-e9d107a9-46e2-4d7f-b796-422ad1fca9b5 28906d81c01d4286ad50ed0f6a6d8b15 56bad045fecb4e36b661dd898ed8ec78 - - default default] Added segment 0cb992cc-892c-452d-b3a9-d9f2301559ee of type geneve for network df2b6ec1-f9d0-4c99-959b-8623d61b1975
2026-07-16 08:03:27.280 10 INFO neutron.db.ovn_revision_numbers_db [None req-5d80526c-abf3-4337-8972-226b57aadb7b 497d6032335e4e748923d3b43de86c9f be794e7d302940ba9c261fa06e03e16e - - default default] Successfully bumped revision number for resource a2b3815d-5ce8-4dd3-9354-8bba2915b858 (type: ports) to 1
2026-07-16 08:03:27.288 10 INFO neutron.db.ovn_revision_numbers_db [None req-4874f493-a34f-48a5-adc1-7e88692f1289 db2d172bfab74d51b9f8e99c4b30d031 da36c34ce4b14ecb98c91770c2c9745f - - default default] Successfully bumped revision number for resource 9a5a2682-3ed9-4785-8b19-625a0d91ac86 (type: floatingips) to 0
2026-07-16 08:03:27.323 10 INFO neutron.wsgi [None req-4874f493-a34f-48a5-adc1-7e88692f1289 db2d172bfab74d51b9f8e99c4b30d031 da36c34ce4b14ecb98c91770c2c9745f - - default default] 10.0.0.144 "POST /v2.0/floatingips HTTP/1.1" status: 201 len: 751 time: 0.8650260
2026-07-16 08:03:27.440 10 INFO neutron.wsgi [req-ee289625-43e3-43c4-846f-019c0eeeb708 req-488d8bf3-bd94-471a-8758-a2bdd55e9aee db2d172bfab74d51b9f8e99c4b30d031 da36c34ce4b14ecb98c91770c2c9745f - - default default] 10.0.0.18 "GET /v2.0/security-groups?name=tempest-securitygroup--949571623&fields=id&tenant_id=da36c34ce4b14ecb98c91770c2c9745f HTTP/1.1" status: 200 len: 267 time: 0.0459270
2026-07-16 08:03:27.454 9 INFO neutron.db.ovn_revision_numbers_db [req-dde49d66-d9b1-4ec8-b195-4e33c83a5ef2 req-89107ad9-ff82-40b8-b9f8-1c334d5c4ad2 56f84d49e2df47d1a4f34177a7c14f43 80716734145a4234af492f7146b7177c - - default default] Successfully bumped revision number for resource b76237e0-7054-4c4d-b0aa-a4307d7accd0 (type: ports) to 1
2026-07-16 08:03:27.457 9 INFO neutron.db.ovn_revision_numbers_db [None req-e9d107a9-46e2-4d7f-b796-422ad1fca9b5 28906d81c01d4286ad50ed0f6a6d8b15 56bad045fecb4e36b661dd898ed8ec78 - - default default] Successfully bumped revision number for resource df2b6ec1-f9d0-4c99-959b-8623d61b1975 (type: networks) to 1
2026-07-16 08:03:27.490 9 INFO neutron.wsgi [req-dde49d66-d9b1-4ec8-b195-4e33c83a5ef2 req-89107ad9-ff82-40b8-b9f8-1c334d5c4ad2 56f84d49e2df47d1a4f34177a7c14f43 80716734145a4234af492f7146b7177c - - default default] 199.204.45.4 "POST /v2.0/ports HTTP/1.1" status: 201 len: 1162 time: 0.6744370 /var/lib/openstack/lib/python3.10/site-packages/pycadf/identifier.py:71: UserWarning: Invalid uuid: neutron. To ensure interoperability, identifiers should be a valid uuid. warnings.warn(('Invalid uuid: %s. To ensure interoperability, '
2026-07-16 08:03:27.509 10 INFO neutron.wsgi [req-ee289625-43e3-43c4-846f-019c0eeeb708 req-ecfb31b2-4bb2-4802-9b96-0555e1ac23b1 db2d172bfab74d51b9f8e99c4b30d031 da36c34ce4b14ecb98c91770c2c9745f - - default default] 10.0.0.18 "GET /v2.0/security-groups?name=tempest-secgroup-smoke-105952933&fields=id&tenant_id=da36c34ce4b14ecb98c91770c2c9745f HTTP/1.1" status: 200 len: 267 time: 0.0532377
2026-07-16 08:03:27.609 10 INFO neutron.wsgi [req-ee289625-43e3-43c4-846f-019c0eeeb708 req-87a5d2b8-0557-420f-a4cc-cfaeaf9bea4a db2d172bfab74d51b9f8e99c4b30d031 da36c34ce4b14ecb98c91770c2c9745f - - default default] 10.0.0.18 "GET /v2.0/networks?id=ee077632-7ae6-4aec-83a2-297439c3780f HTTP/1.1" status: 200 len: 872 time: 0.0943449
2026-07-16 08:03:27.632 10 INFO neutron.wsgi [req-ee289625-43e3-43c4-846f-019c0eeeb708 req-4d0f6ad8-435a-4a77-a6a1-edd9ab0f0c11 db2d172bfab74d51b9f8e99c4b30d031 da36c34ce4b14ecb98c91770c2c9745f - - default default] 10.0.0.18 "GET /v2.0/quotas/da36c34ce4b14ecb98c91770c2c9745f HTTP/1.1" status: 200 len: 386 time: 0.0132132
2026-07-16 08:03:27.722 9 WARNING neutron.scheduler.dhcp_agent_scheduler [None req-e9d107a9-46e2-4d7f-b796-422ad1fca9b5 28906d81c01d4286ad50ed0f6a6d8b15 56bad045fecb4e36b661dd898ed8ec78 - - default default] No more DHCP agents
2026-07-16 08:03:27.725 9 WARNING neutron.api.rpc.agentnotifiers.dhcp_rpc_agent_api [None req-e9d107a9-46e2-4d7f-b796-422ad1fca9b5 28906d81c01d4286ad50ed0f6a6d8b15 56bad045fecb4e36b661dd898ed8ec78 - - default default] Unable to schedule network df2b6ec1-f9d0-4c99-959b-8623d61b1975: no agents available; will retry on subsequent port and subnet creation events.
2026-07-16 08:03:27.812 9 INFO neutron.db.ovn_revision_numbers_db [None req-e9d107a9-46e2-4d7f-b796-422ad1fca9b5 28906d81c01d4286ad50ed0f6a6d8b15 56bad045fecb4e36b661dd898ed8ec78 - - default default] Successfully bumped revision number for resource 74ae3eb0-fa78-43a8-953d-11e78155a60a (type: ports) to 1
2026-07-16 08:03:27.846 9 INFO neutron.wsgi [None req-e9d107a9-46e2-4d7f-b796-422ad1fca9b5 28906d81c01d4286ad50ed0f6a6d8b15 56bad045fecb4e36b661dd898ed8ec78 - - default default] 10.0.0.144 "POST /v2.0/networks HTTP/1.1" status: 201 len: 831 time: 1.0645297
2026-07-16 08:03:27.857 9 WARNING neutron_lib.context [None req-50b7185e-df6d-4d65-888e-6d7b420cfd23 28906d81c01d4286ad50ed0f6a6d8b15 56bad045fecb4e36b661dd898ed8ec78 - - default default] Method 'is_advsvc' is deprecated since 2023.2 release (neutron-lib 3.8.0) and will be removed once support for the old RBAC API policies will be removed from Neutron. Please use method 'is_service_role' instead.
2026-07-16 08:03:28.019 10 INFO neutron.wsgi [req-ee289625-43e3-43c4-846f-019c0eeeb708 req-3445f74e-8e68-4a15-83ee-70dc08a68816 db2d172bfab74d51b9f8e99c4b30d031 da36c34ce4b14ecb98c91770c2c9745f - - default default] 10.0.0.18 "GET /v2.0/ports?tenant_id=da36c34ce4b14ecb98c91770c2c9745f&fields=id HTTP/1.1" status: 200 len: 302 time: 0.3756628
2026-07-16 08:03:28.036 9 INFO neutron.db.ovn_revision_numbers_db [req-dde49d66-d9b1-4ec8-b195-4e33c83a5ef2 req-4b287429-f30e-4976-9e53-0ea69ceb3d37 2a4125f0616a4005a9a212b780586efb 38193357b44b4330ab3845d1ccfc7347 - - 13524b305ef34f7ba15bc447ba9ff922 13524b305ef34f7ba15bc447ba9ff922] Successfully bumped revision number for resource b76237e0-7054-4c4d-b0aa-a4307d7accd0 (type: ports) to 2
2026-07-16 08:03:28.116 10 INFO neutron.wsgi [req-ee289625-43e3-43c4-846f-019c0eeeb708 req-92c28e8a-4308-449c-b81c-aebf595246ac 2a4125f0616a4005a9a212b780586efb 38193357b44b4330ab3845d1ccfc7347 - - 13524b305ef34f7ba15bc447ba9ff922 13524b305ef34f7ba15bc447ba9ff922] 10.0.0.18 "GET /v2.0/networks/ee077632-7ae6-4aec-83a2-297439c3780f?fields=segments HTTP/1.1" status: 200 len: 212 time: 0.0805905
