2026-07-16 08:03:28.144 9 WARNING neutron.scheduler.dhcp_agent_scheduler [None req-50b7185e-df6d-4d65-888e-6d7b420cfd23 28906d81c01d4286ad50ed0f6a6d8b15 56bad045fecb4e36b661dd898ed8ec78 - - default default] No more DHCP agents
2026-07-16 08:03:28.147 9 WARNING neutron.api.rpc.agentnotifiers.dhcp_rpc_agent_api [None req-50b7185e-df6d-4d65-888e-6d7b420cfd23 28906d81c01d4286ad50ed0f6a6d8b15 56bad045fecb4e36b661dd898ed8ec78 - - default default] Unable to schedule network df2b6ec1-f9d0-4c99-959b-8623d61b1975: no agents available; will retry on subsequent port and subnet creation events.
2026-07-16 08:03:28.197 10 INFO neutron.wsgi [req-ee289625-43e3-43c4-846f-019c0eeeb708 req-d7bd301d-338e-4333-bb74-85d5811e9487 2a4125f0616a4005a9a212b780586efb 38193357b44b4330ab3845d1ccfc7347 - - 13524b305ef34f7ba15bc447ba9ff922 13524b305ef34f7ba15bc447ba9ff922] 10.0.0.18 "GET /v2.0/networks/ee077632-7ae6-4aec-83a2-297439c3780f?fields=provider%3Aphysical_network&fields=provider%3Anetwork_type HTTP/1.1" status: 200 len: 277 time: 0.0668855
2026-07-16 08:03:28.273 10 INFO neutron.wsgi [req-219710af-31b7-412b-b0b0-2ba28df03336 req-ae494cef-bbb4-4d90-88e5-91c9e850dcc2 56f84d49e2df47d1a4f34177a7c14f43 80716734145a4234af492f7146b7177c - - default default] 10.0.0.18 "GET /v2.0/ports?device_id=76fe7ebe-cfc3-4929-84e6-24a710fce653 HTTP/1.1" status: 200 len: 1172 time: 0.0440521
2026-07-16 08:03:28.276 9 INFO neutron.db.ovn_revision_numbers_db [None req-50b7185e-df6d-4d65-888e-6d7b420cfd23 28906d81c01d4286ad50ed0f6a6d8b15 56bad045fecb4e36b661dd898ed8ec78 - - default default] Successfully bumped revision number for resource 0a394c0a-0518-4f74-89e1-36ea1a4e5a09 (type: ports) to 1
2026-07-16 08:03:28.305 9 INFO neutron.wsgi [None req-50b7185e-df6d-4d65-888e-6d7b420cfd23 28906d81c01d4286ad50ed0f6a6d8b15 56bad045fecb4e36b661dd898ed8ec78 - - default default] 10.0.0.144 "POST /v2.0/ports HTTP/1.1" status: 201 len: 942 time: 0.4533641
2026-07-16 08:03:28.322 10 WARNING neutron_lib.context [None req-f1e87e66-48c4-4d77-b4ac-ed3367111d67 28906d81c01d4286ad50ed0f6a6d8b15 56bad045fecb4e36b661dd898ed8ec78 - - default default] Method 'is_advsvc' is deprecated since 2023.2 release (neutron-lib 3.8.0) and will be removed once support for the old RBAC API policies will be removed from Neutron. Please use method 'is_service_role' instead.
2026-07-16 08:03:28.327 10 INFO neutron.db.ovn_revision_numbers_db [None req-5d80526c-abf3-4337-8972-226b57aadb7b 497d6032335e4e748923d3b43de86c9f be794e7d302940ba9c261fa06e03e16e - - default default] Successfully bumped revision number for resource a2b3815d-5ce8-4dd3-9354-8bba2915b858 (type: router_ports) to 1
2026-07-16 08:03:28.341 9 INFO neutron.db.ovn_revision_numbers_db [req-dde49d66-d9b1-4ec8-b195-4e33c83a5ef2 req-4b287429-f30e-4976-9e53-0ea69ceb3d37 2a4125f0616a4005a9a212b780586efb 38193357b44b4330ab3845d1ccfc7347 - - 13524b305ef34f7ba15bc447ba9ff922 13524b305ef34f7ba15bc447ba9ff922] Successfully bumped revision number for resource b76237e0-7054-4c4d-b0aa-a4307d7accd0 (type: ports) to 2
2026-07-16 08:03:28.352 10 INFO neutron.wsgi [req-219710af-31b7-412b-b0b0-2ba28df03336 req-7106c532-e80e-4a23-a4e1-9107cf96db00 56f84d49e2df47d1a4f34177a7c14f43 80716734145a4234af492f7146b7177c - - default default] 10.0.0.18 "GET /v2.0/security-groups?id=e1e429de-e460-4e45-a4de-eef110847ef0&fields=id&fields=name HTTP/1.1" status: 200 len: 312 time: 0.0672386
2026-07-16 08:03:28.352 9 WARNING neutron.plugins.ml2.drivers.ovn.mech_driver.ovsdb.ovn_client [None req-9922bd46-0a33-49c9-aed7-aec754b2273a - - - - - -] No hosting information found for port 22bd2018-2932-48bb-a280-129b3e2a5679: RuntimeError: No hosting information found for port 22bd2018-2932-48bb-a280-129b3e2a5679
2026-07-16 08:03:28.393 9 INFO neutron.plugins.ml2.drivers.ovn.mech_driver.mech_driver [None req-9922bd46-0a33-49c9-aed7-aec754b2273a - - - - - -] OVN reports status up for port: a2b3815d-5ce8-4dd3-9354-8bba2915b858
2026-07-16 08:03:28.403 10 INFO neutron.wsgi [req-0793e0a3-8ac6-40a1-8c17-40b0d8121d0a req-b603b9bb-f328-4fff-a74a-1726e2d0b234 db2d172bfab74d51b9f8e99c4b30d031 da36c34ce4b14ecb98c91770c2c9745f - - default default] 10.0.0.18 "GET /v2.0/ports?device_id=4fddc59f-e0dc-46d5-8280-3e25dd43f452 HTTP/1.1" status: 200 len: 210 time: 0.0308619
2026-07-16 08:03:28.409 9 INFO neutron.wsgi [req-dde49d66-d9b1-4ec8-b195-4e33c83a5ef2 req-4b287429-f30e-4976-9e53-0ea69ceb3d37 2a4125f0616a4005a9a212b780586efb 38193357b44b4330ab3845d1ccfc7347 - - 13524b305ef34f7ba15bc447ba9ff922 13524b305ef34f7ba15bc447ba9ff922] 199.204.45.4 "PUT /v2.0/ports/b76237e0-7054-4c4d-b0aa-a4307d7accd0 HTTP/1.1" status: 200 len: 1380 time: 0.9065254
2026-07-16 08:03:28.417 9 INFO neutron.plugins.ml2.plugin [None req-9922bd46-0a33-49c9-aed7-aec754b2273a - - - - - -] Attempt 1 to provision port a2b3815d-5ce8-4dd3-9354-8bba2915b858
2026-07-16 08:03:28.441 10 INFO neutron.db.ovn_revision_numbers_db [None req-5d80526c-abf3-4337-8972-226b57aadb7b 497d6032335e4e748923d3b43de86c9f be794e7d302940ba9c261fa06e03e16e - - default default] Successfully bumped revision number for resource 34a4a8eb-188d-4af1-931f-9883bc7936c9 (type: routers) to 2
2026-07-16 08:03:28.446 9 INFO neutron.notifiers.nova [-] Nova event matching ['req-b0180989-d6ad-48e2-8146-1947163d8343'] response: {'name': 'network-changed', 'server_uuid': '76fe7ebe-cfc3-4929-84e6-24a710fce653', 'tag': 'b76237e0-7054-4c4d-b0aa-a4307d7accd0', 'status': 'completed', 'code': 200}
2026-07-16 08:03:28.460 10 INFO neutron.wsgi [None req-5d80526c-abf3-4337-8972-226b57aadb7b 497d6032335e4e748923d3b43de86c9f be794e7d302940ba9c261fa06e03e16e - - default default] 10.0.0.144 "POST /v2.0/routers HTTP/1.1" status: 201 len: 875 time: 1.9811981 /var/lib/openstack/lib/python3.10/site-packages/pycadf/identifier.py:71: UserWarning: Invalid uuid: neutron. To ensure interoperability, identifiers should be a valid uuid. warnings.warn(('Invalid uuid: %s. To ensure interoperability, '
2026-07-16 08:03:28.629 10 INFO neutron.wsgi [None req-f1e87e66-48c4-4d77-b4ac-ed3367111d67 28906d81c01d4286ad50ed0f6a6d8b15 56bad045fecb4e36b661dd898ed8ec78 - - default default] 10.0.0.144 "POST /v2.0/trunks HTTP/1.1" status: 201 len: 608 time: 0.3160539
2026-07-16 08:03:28.682 10 INFO neutron.wsgi [None req-e55b76b0-c0d8-4aac-a23c-bea9c596a2e7 28906d81c01d4286ad50ed0f6a6d8b15 56bad045fecb4e36b661dd898ed8ec78 - - default default] 10.0.0.144 "PUT /v2.0/trunks/8b7ea225-8b17-4447-829c-f60ddba827d3/tags HTTP/1.1" status: 200 len: 218 time: 0.0443556
2026-07-16 08:03:28.720 10 INFO neutron.wsgi [None req-512bf6f9-4a07-4541-9888-b32c6abb35a0 28906d81c01d4286ad50ed0f6a6d8b15 56bad045fecb4e36b661dd898ed8ec78 - - default default] 10.0.0.144 "GET /v2.0/trunks/8b7ea225-8b17-4447-829c-f60ddba827d3/tags HTTP/1.1" status: 200 len: 218 time: 0.0324266
2026-07-16 08:03:28.773 9 INFO neutron.wsgi [req-dde49d66-d9b1-4ec8-b195-4e33c83a5ef2 req-23775555-e1c8-460c-a292-f23091f12baf 2a4125f0616a4005a9a212b780586efb 38193357b44b4330ab3845d1ccfc7347 - - 13524b305ef34f7ba15bc447ba9ff922 13524b305ef34f7ba15bc447ba9ff922] 199.204.45.4 "GET /v2.0/ports?tenant_id=80716734145a4234af492f7146b7177c&device_id=76fe7ebe-cfc3-4929-84e6-24a710fce653 HTTP/1.1" status: 200 len: 1411 time: 0.3127582
2026-07-16 08:03:28.794 10 INFO neutron.wsgi [None req-d9651585-7fe2-454e-ada6-035b2a95888b 28906d81c01d4286ad50ed0f6a6d8b15 56bad045fecb4e36b661dd898ed8ec78 - - default default] 10.0.0.144 "PUT /v2.0/trunks/8b7ea225-8b17-4447-829c-f60ddba827d3/tags/green HTTP/1.1" status: 201 len: 201 time: 0.0676067
2026-07-16 08:03:28.806 9 INFO neutron.wsgi [req-dde49d66-d9b1-4ec8-b195-4e33c83a5ef2 req-d437ae41-2ac8-4ffc-b592-cf1fa08b0327 2a4125f0616a4005a9a212b780586efb 38193357b44b4330ab3845d1ccfc7347 - - 13524b305ef34f7ba15bc447ba9ff922 13524b305ef34f7ba15bc447ba9ff922] 199.204.45.4 "GET /v2.0/floatingips?fixed_ip_address=10.100.0.10&port_id=b76237e0-7054-4c4d-b0aa-a4307d7accd0 HTTP/1.1" status: 200 len: 217 time: 0.0238359
2026-07-16 08:03:28.806 10 INFO neutron.wsgi [req-23e2531e-40c8-429b-86dd-4aceb2870b64 req-b6841d97-0ad0-47ec-9912-4fd5a02ae8a6 2a4125f0616a4005a9a212b780586efb 38193357b44b4330ab3845d1ccfc7347 - - 13524b305ef34f7ba15bc447ba9ff922 13524b305ef34f7ba15bc447ba9ff922] 199.204.45.4 "GET /v2.0/ports?device_id=8afe2115-c847-4194-81a3-ba20ecd5c972&fields=binding%3Ahost_id&fields=binding%3Avif_type HTTP/1.1" status: 200 len: 265 time: 0.0518460
2026-07-16 08:03:28.826 10 INFO neutron.wsgi [None req-41637eb2-fa23-4cf6-99e7-12f93fbfc831 28906d81c01d4286ad50ed0f6a6d8b15 56bad045fecb4e36b661dd898ed8ec78 - - default default] 10.0.0.144 "GET /v2.0/trunks/8b7ea225-8b17-4447-829c-f60ddba827d3/tags HTTP/1.1" status: 200 len: 227 time: 0.0254097
2026-07-16 08:03:28.852 9 INFO neutron.wsgi [req-dde49d66-d9b1-4ec8-b195-4e33c83a5ef2 req-2e9b86f4-00cb-494c-a357-bbbf86fbba76 2a4125f0616a4005a9a212b780586efb 38193357b44b4330ab3845d1ccfc7347 - - 13524b305ef34f7ba15bc447ba9ff922 13524b305ef34f7ba15bc447ba9ff922] 199.204.45.4 "GET /v2.0/subnets?id=3e663163-fe69-4e2a-8537-8da12123d516 HTTP/1.1" status: 200 len: 852 time: 0.0353634
2026-07-16 08:03:28.877 9 INFO neutron.wsgi [req-dde49d66-d9b1-4ec8-b195-4e33c83a5ef2 req-7696b086-5658-45b1-b9b5-e2d0dd5abb18 2a4125f0616a4005a9a212b780586efb 38193357b44b4330ab3845d1ccfc7347 - - 13524b305ef34f7ba15bc447ba9ff922 13524b305ef34f7ba15bc447ba9ff922] 199.204.45.4 "GET /v2.0/ports?network_id=1a4963de-c3ab-42b4-8018-e34939fa6be7&device_owner=network%3Adhcp HTTP/1.1" status: 200 len: 210 time: 0.0188389
2026-07-16 08:03:28.879 10 INFO neutron.wsgi [None req-af052ef6-5050-4264-9370-30bb0b79f344 28906d81c01d4286ad50ed0f6a6d8b15 56bad045fecb4e36b661dd898ed8ec78 - - default default] 10.0.0.144 "PUT /v2.0/trunks/8b7ea225-8b17-4447-829c-f60ddba827d3/tags/red HTTP/1.1" status: 201 len: 201 time: 0.0466604
2026-07-16 08:03:28.913 10 INFO neutron.wsgi [req-23e2531e-40c8-429b-86dd-4aceb2870b64 req-f864dec5-363a-4616-8389-92923dcf06c0 2a4125f0616a4005a9a212b780586efb 38193357b44b4330ab3845d1ccfc7347 - - 13524b305ef34f7ba15bc447ba9ff922 13524b305ef34f7ba15bc447ba9ff922] 199.204.45.4 "GET /v2.0/ports?tenant_id=80716734145a4234af492f7146b7177c&device_id=8afe2115-c847-4194-81a3-ba20ecd5c972 HTTP/1.1" status: 200 len: 1409 time: 0.0604978
2026-07-16 08:03:28.924 10 INFO neutron.wsgi [None req-5f8f25ec-0149-4626-a16c-1384a8222518 28906d81c01d4286ad50ed0f6a6d8b15 56bad045fecb4e36b661dd898ed8ec78 - - default default] 10.0.0.144 "GET /v2.0/trunks/8b7ea225-8b17-4447-829c-f60ddba827d3/tags HTTP/1.1" status: 200 len: 227 time: 0.0312428
2026-07-16 08:03:28.963 9 INFO neutron.wsgi [req-dde49d66-d9b1-4ec8-b195-4e33c83a5ef2 req-d73a3f90-4c2c-4400-a91f-ae9348707f83 2a4125f0616a4005a9a212b780586efb 38193357b44b4330ab3845d1ccfc7347 - - 13524b305ef34f7ba15bc447ba9ff922 13524b305ef34f7ba15bc447ba9ff922] 199.204.45.4 "GET /v2.0/networks/1a4963de-c3ab-42b4-8018-e34939fa6be7?fields=segments HTTP/1.1" status: 200 len: 212 time: 0.0755265
2026-07-16 08:03:28.980 9 INFO neutron.wsgi [None req-adf24947-99e2-4821-9ae6-b7ca626ea654 28906d81c01d4286ad50ed0f6a6d8b15 56bad045fecb4e36b661dd898ed8ec78 - - default default] 10.0.0.144 "PUT /v2.0/trunks/8b7ea225-8b17-4447-829c-f60ddba827d3/tags/black.or.white HTTP/1.1" status: 201 len: 201 time: 0.0482602
2026-07-16 08:03:29.020 10 INFO neutron.wsgi [req-23e2531e-40c8-429b-86dd-4aceb2870b64 req-66566f77-bd6b-4283-bd56-d8d45ae9b17e 2a4125f0616a4005a9a212b780586efb 38193357b44b4330ab3845d1ccfc7347 - - 13524b305ef34f7ba15bc447ba9ff922 13524b305ef34f7ba15bc447ba9ff922] 199.204.45.4 "GET /v2.0/networks?id=1a4963de-c3ab-42b4-8018-e34939fa6be7 HTTP/1.1" status: 200 len: 959 time: 0.0821233
2026-07-16 08:03:29.024 9 INFO neutron.wsgi [None req-ea816eef-a639-4225-942d-56981408579e 28906d81c01d4286ad50ed0f6a6d8b15 56bad045fecb4e36b661dd898ed8ec78 - - default default] 10.0.0.144 "GET /v2.0/trunks/8b7ea225-8b17-4447-829c-f60ddba827d3/tags HTTP/1.1" status: 200 len: 245 time: 0.0385618
2026-07-16 08:03:29.046 9 INFO neutron.wsgi [req-dde49d66-d9b1-4ec8-b195-4e33c83a5ef2 req-e42e9e5f-6e6f-4503-8e6a-f4b1fa4fa46e 2a4125f0616a4005a9a212b780586efb 38193357b44b4330ab3845d1ccfc7347 - - 13524b305ef34f7ba15bc447ba9ff922 13524b305ef34f7ba15bc447ba9ff922] 199.204.45.4 "GET /v2.0/networks/1a4963de-c3ab-42b4-8018-e34939fa6be7?fields=provider%3Aphysical_network&fields=provider%3Anetwork_type HTTP/1.1" status: 200 len: 277 time: 0.0774870
2026-07-16 08:03:29.070 10 INFO neutron.wsgi [req-23e2531e-40c8-429b-86dd-4aceb2870b64 req-1c50ef71-44aa-402e-b878-336fef83a80f 2a4125f0616a4005a9a212b780586efb 38193357b44b4330ab3845d1ccfc7347 - - 13524b305ef34f7ba15bc447ba9ff922 13524b305ef34f7ba15bc447ba9ff922] 199.204.45.4 "GET /v2.0/floatingips?fixed_ip_address=10.100.0.6&port_id=39c4ba50-5cd2-4a0a-870b-96b7421686e9 HTTP/1.1" status: 200 len: 217 time: 0.0401015
2026-07-16 08:03:29.124 10 INFO neutron.wsgi [None req-fe0fedeb-09dc-4f48-8c91-04f24c3a4469 28906d81c01d4286ad50ed0f6a6d8b15 56bad045fecb4e36b661dd898ed8ec78 - - default default] 10.0.0.144 "PUT /v2.0/trunks/8b7ea225-8b17-4447-829c-f60ddba827d3/tags HTTP/1.1" status: 200 len: 230 time: 0.0911057
2026-07-16 08:03:29.129 10 INFO neutron.wsgi [req-23e2531e-40c8-429b-86dd-4aceb2870b64 req-f5a4a764-5f67-47be-8f31-0a7099025cae 2a4125f0616a4005a9a212b780586efb 38193357b44b4330ab3845d1ccfc7347 - - 13524b305ef34f7ba15bc447ba9ff922 13524b305ef34f7ba15bc447ba9ff922] 199.204.45.4 "GET /v2.0/subnets?id=3e663163-fe69-4e2a-8537-8da12123d516 HTTP/1.1" status: 200 len: 852 time: 0.0508077
2026-07-16 08:03:29.137 9 INFO neutron.wsgi [req-35e7aa89-23b2-4863-b771-5f0b0aa4673d req-c5a7e617-99f4-4342-b4b1-5d090965d755 2a4125f0616a4005a9a212b780586efb 38193357b44b4330ab3845d1ccfc7347 - - 13524b305ef34f7ba15bc447ba9ff922 13524b305ef34f7ba15bc447ba9ff922] 199.204.45.4 "GET /v2.0/ports?tenant_id=80716734145a4234af492f7146b7177c&device_id=76fe7ebe-cfc3-4929-84e6-24a710fce653 HTTP/1.1" status: 200 len: 1411 time: 0.0443451
2026-07-16 08:03:29.178 10 INFO neutron.wsgi [None req-31791caa-523c-4be1-8d04-d0a48f753c50 28906d81c01d4286ad50ed0f6a6d8b15 56bad045fecb4e36b661dd898ed8ec78 - - default default] 10.0.0.144 "GET /v2.0/trunks/8b7ea225-8b17-4447-829c-f60ddba827d3/tags HTTP/1.1" status: 200 len: 230 time: 0.0469749
2026-07-16 08:03:29.179 10 WARNING neutron.scheduler.dhcp_agent_scheduler [None req-492d99a6-837e-4a7f-866d-736197c662f6 497d6032335e4e748923d3b43de86c9f be794e7d302940ba9c261fa06e03e16e - - default default] No more DHCP agents
2026-07-16 08:03:29.186 10 WARNING neutron.api.rpc.agentnotifiers.dhcp_rpc_agent_api [None req-492d99a6-837e-4a7f-866d-736197c662f6 497d6032335e4e748923d3b43de86c9f be794e7d302940ba9c261fa06e03e16e - - default default] Unable to schedule network 16fa7055-b319-4777-9f37-38b6bf791123: no agents available; will retry on subsequent port and subnet creation events.
2026-07-16 08:03:29.189 10 INFO neutron.wsgi [req-23e2531e-40c8-429b-86dd-4aceb2870b64 req-e1ecfd9b-cec1-4f42-a91e-ee9b314f3057 2a4125f0616a4005a9a212b780586efb 38193357b44b4330ab3845d1ccfc7347 - - 13524b305ef34f7ba15bc447ba9ff922 13524b305ef34f7ba15bc447ba9ff922] 199.204.45.4 "GET /v2.0/ports?network_id=1a4963de-c3ab-42b4-8018-e34939fa6be7&device_owner=network%3Adhcp HTTP/1.1" status: 200 len: 210 time: 0.0323389
2026-07-16 08:03:29.245 9 INFO neutron.wsgi [None req-1493f175-87c6-4523-aa89-70e00ed89e33 28906d81c01d4286ad50ed0f6a6d8b15 56bad045fecb4e36b661dd898ed8ec78 - - default default] 10.0.0.144 "GET /v2.0/trunks/8b7ea225-8b17-4447-829c-f60ddba827d3/tags/red HTTP/1.1" status: 204 len: 168 time: 0.0581889
2026-07-16 08:03:29.251 9 INFO neutron.wsgi [req-ee289625-43e3-43c4-846f-019c0eeeb708 req-0797e0dc-ff00-489f-972e-907960c7c6c3 db2d172bfab74d51b9f8e99c4b30d031 da36c34ce4b14ecb98c91770c2c9745f - - default default] 199.204.45.4 "GET /v2.0/networks?id=ee077632-7ae6-4aec-83a2-297439c3780f HTTP/1.1" status: 200 len: 872 time: 0.0973988
2026-07-16 08:03:29.275 9 INFO neutron.wsgi [req-35e7aa89-23b2-4863-b771-5f0b0aa4673d req-0ac00d91-26fc-47cd-b0e1-9ee51d9c0c4d 2a4125f0616a4005a9a212b780586efb 38193357b44b4330ab3845d1ccfc7347 - - 13524b305ef34f7ba15bc447ba9ff922 13524b305ef34f7ba15bc447ba9ff922] 199.204.45.4 "GET /v2.0/networks?id=1a4963de-c3ab-42b4-8018-e34939fa6be7 HTTP/1.1" status: 200 len: 959 time: 0.1118543
2026-07-16 08:03:29.296 10 INFO neutron.wsgi [req-23e2531e-40c8-429b-86dd-4aceb2870b64 req-3f2b4552-d4c7-417b-95bb-859622764d99 2a4125f0616a4005a9a212b780586efb 38193357b44b4330ab3845d1ccfc7347 - - 13524b305ef34f7ba15bc447ba9ff922 13524b305ef34f7ba15bc447ba9ff922] 199.204.45.4 "GET /v2.0/networks/1a4963de-c3ab-42b4-8018-e34939fa6be7?fields=segments HTTP/1.1" status: 200 len: 212 time: 0.0995896
2026-07-16 08:03:29.306 10 INFO neutron.api.v2.resource [None req-10593cb9-0928-4233-bd8c-ecc3ac36ea5f 28906d81c01d4286ad50ed0f6a6d8b15 56bad045fecb4e36b661dd898ed8ec78 - - default default] show failed (client error): The resource could not be found.
2026-07-16 08:03:29.308 10 INFO neutron.wsgi [None req-10593cb9-0928-4233-bd8c-ecc3ac36ea5f 28906d81c01d4286ad50ed0f6a6d8b15 56bad045fecb4e36b661dd898ed8ec78 - - default default] 10.0.0.144 "GET /v2.0/trunks/8b7ea225-8b17-4447-829c-f60ddba827d3/tags/green HTTP/1.1" status: 404 len: 299 time: 0.0547440
2026-07-16 08:03:29.326 9 INFO neutron.wsgi [req-35e7aa89-23b2-4863-b771-5f0b0aa4673d req-0267cc82-b566-467e-8b84-6b21af70be38 2a4125f0616a4005a9a212b780586efb 38193357b44b4330ab3845d1ccfc7347 - - 13524b305ef34f7ba15bc447ba9ff922 13524b305ef34f7ba15bc447ba9ff922] 199.204.45.4 "GET /v2.0/floatingips?fixed_ip_address=10.100.0.10&port_id=b76237e0-7054-4c4d-b0aa-a4307d7accd0 HTTP/1.1" status: 200 len: 217 time: 0.0402536
2026-07-16 08:03:29.336 9 INFO neutron.wsgi [req-ee289625-43e3-43c4-846f-019c0eeeb708 req-8def6056-3aba-46ec-b5b1-92cdf7c5a0b9 db2d172bfab74d51b9f8e99c4b30d031 da36c34ce4b14ecb98c91770c2c9745f - - default default] 199.204.45.4 "GET /v2.0/security-groups?fields=id&fields=name&tenant_id=da36c34ce4b14ecb98c91770c2c9745f HTTP/1.1" status: 200 len: 471 time: 0.0787256
2026-07-16 08:03:29.351 9 WARNING neutron_lib.context [req-ee289625-43e3-43c4-846f-019c0eeeb708 req-f94c13b2-c6e6-4e6a-a9d3-503a964e14e4 db2d172bfab74d51b9f8e99c4b30d031 da36c34ce4b14ecb98c91770c2c9745f - - default default] Method 'is_advsvc' is deprecated since 2023.2 release (neutron-lib 3.8.0) and will be removed once support for the old RBAC API policies will be removed from Neutron. Please use method 'is_service_role' instead.
2026-07-16 08:03:29.394 9 INFO neutron.wsgi [None req-dba51982-7967-49e7-a415-84adb25c8f99 28906d81c01d4286ad50ed0f6a6d8b15 56bad045fecb4e36b661dd898ed8ec78 - - default default] 10.0.0.144 "DELETE /v2.0/trunks/8b7ea225-8b17-4447-829c-f60ddba827d3/tags/red HTTP/1.1" status: 204 len: 168 time: 0.0771282
2026-07-16 08:03:29.401 9 INFO neutron.wsgi [req-35e7aa89-23b2-4863-b771-5f0b0aa4673d req-a719a821-47b9-453d-857e-04772ab72808 2a4125f0616a4005a9a212b780586efb 38193357b44b4330ab3845d1ccfc7347 - - 13524b305ef34f7ba15bc447ba9ff922 13524b305ef34f7ba15bc447ba9ff922] 199.204.45.4 "GET /v2.0/subnets?id=3e663163-fe69-4e2a-8537-8da12123d516 HTTP/1.1" status: 200 len: 852 time: 0.0643380
2026-07-16 08:03:29.418 10 INFO neutron.wsgi [req-23e2531e-40c8-429b-86dd-4aceb2870b64 req-0756d6ee-2ac2-496f-abf9-521c0d3fbefb 2a4125f0616a4005a9a212b780586efb 38193357b44b4330ab3845d1ccfc7347 - - 13524b305ef34f7ba15bc447ba9ff922 13524b305ef34f7ba15bc447ba9ff922] 199.204.45.4 "GET /v2.0/networks/1a4963de-c3ab-42b4-8018-e34939fa6be7?fields=provider%3Aphysical_network&fields=provider%3Anetwork_type HTTP/1.1" status: 200 len: 277 time: 0.1140785
2026-07-16 08:03:29.440 9 INFO neutron.wsgi [req-35e7aa89-23b2-4863-b771-5f0b0aa4673d req-ba0d43e6-f498-450f-9449-614013b35112 2a4125f0616a4005a9a212b780586efb 38193357b44b4330ab3845d1ccfc7347 - - 13524b305ef34f7ba15bc447ba9ff922 13524b305ef34f7ba15bc447ba9ff922] 199.204.45.4 "GET /v2.0/ports?network_id=1a4963de-c3ab-42b4-8018-e34939fa6be7&device_owner=network%3Adhcp HTTP/1.1" status: 200 len: 210 time: 0.0249722
2026-07-16 08:03:29.453 10 INFO neutron.wsgi [None req-de755526-963d-4a12-85f8-f2105671c863 28906d81c01d4286ad50ed0f6a6d8b15 56bad045fecb4e36b661dd898ed8ec78 - - default default] 10.0.0.144 "GET /v2.0/trunks/8b7ea225-8b17-4447-829c-f60ddba827d3/tags HTTP/1.1" status: 200 len: 223 time: 0.0540395
2026-07-16 08:03:29.455 10 INFO neutron.db.ovn_revision_numbers_db [None req-492d99a6-837e-4a7f-866d-736197c662f6 497d6032335e4e748923d3b43de86c9f be794e7d302940ba9c261fa06e03e16e - - default default] Successfully bumped revision number for resource 8206340e-f8cf-45d3-a29c-ea9fcefaa24d (type: ports) to 1
2026-07-16 08:03:29.496 10 INFO neutron.wsgi [req-905f1638-a8e1-45f0-a876-580c3db180ac req-e1e8ce15-519b-44ad-8e79-f2ff18feb3e9 db2d172bfab74d51b9f8e99c4b30d031 da36c34ce4b14ecb98c91770c2c9745f - - default default] 10.0.0.18 "GET /v2.0/ports?device_id=4fddc59f-e0dc-46d5-8280-3e25dd43f452 HTTP/1.1" status: 200 len: 210 time: 0.0315819
2026-07-16 08:03:29.522 10 INFO neutron.wsgi [req-dd7a8cf1-7fa8-4f74-a419-4b418971cdb8 req-c4f4d42e-2465-4f73-a7fc-1a47cc340167 56f84d49e2df47d1a4f34177a7c14f43 80716734145a4234af492f7146b7177c - - default default] 10.0.0.18 "GET /v2.0/ports?device_id=76fe7ebe-cfc3-4929-84e6-24a710fce653 HTTP/1.1" status: 200 len: 1172 time: 0.0776129
2026-07-16 08:03:29.527 10 INFO neutron.api.v2.resource [None req-02eca791-be42-477a-bf69-ac3bd53ae7fc 28906d81c01d4286ad50ed0f6a6d8b15 56bad045fecb4e36b661dd898ed8ec78 - - default default] delete failed (client error): The resource could not be found.
2026-07-16 08:03:29.528 10 INFO neutron.wsgi [None req-02eca791-be42-477a-bf69-ac3bd53ae7fc 28906d81c01d4286ad50ed0f6a6d8b15 56bad045fecb4e36b661dd898ed8ec78 - - default default] 10.0.0.144 "DELETE /v2.0/trunks/8b7ea225-8b17-4447-829c-f60ddba827d3/tags/green HTTP/1.1" status: 404 len: 299 time: 0.0632513
2026-07-16 08:03:29.571 9 INFO neutron.wsgi [req-35e7aa89-23b2-4863-b771-5f0b0aa4673d req-f4bdbc43-8d0f-490b-9fb3-beda2cc6c124 2a4125f0616a4005a9a212b780586efb 38193357b44b4330ab3845d1ccfc7347 - - 13524b305ef34f7ba15bc447ba9ff922 13524b305ef34f7ba15bc447ba9ff922] 199.204.45.4 "GET /v2.0/networks/1a4963de-c3ab-42b4-8018-e34939fa6be7?fields=segments HTTP/1.1" status: 200 len: 212 time: 0.1149681
2026-07-16 08:03:29.579 10 INFO neutron.wsgi [req-dd7a8cf1-7fa8-4f74-a419-4b418971cdb8 req-51701db5-2ad0-4ff4-9ca5-976a6f044383 56f84d49e2df47d1a4f34177a7c14f43 80716734145a4234af492f7146b7177c - - default default] 10.0.0.18 "GET /v2.0/security-groups?id=e1e429de-e460-4e45-a4de-eef110847ef0&fields=id&fields=name HTTP/1.1" status: 200 len: 312 time: 0.0497830
2026-07-16 08:03:29.634 9 INFO neutron.wsgi [None req-e22e586d-59ef-4798-969d-f9b7d1d5597c 28906d81c01d4286ad50ed0f6a6d8b15 56bad045fecb4e36b661dd898ed8ec78 - - default default] 10.0.0.144 "DELETE /v2.0/trunks/8b7ea225-8b17-4447-829c-f60ddba827d3/tags HTTP/1.1" status: 204 len: 168 time: 0.1003780
2026-07-16 08:03:29.682 9 INFO neutron.wsgi [None req-c3dc5ac2-4a9a-41a9-8623-9e2bed27e293 28906d81c01d4286ad50ed0f6a6d8b15 56bad045fecb4e36b661dd898ed8ec78 - - default default] 10.0.0.144 "GET /v2.0/trunks/8b7ea225-8b17-4447-829c-f60ddba827d3/tags HTTP/1.1" status: 200 len: 205 time: 0.0416474
2026-07-16 08:03:29.698 9 INFO neutron.wsgi [req-35e7aa89-23b2-4863-b771-5f0b0aa4673d req-fdb3970d-2ac7-4558-a53c-78f6382e4c56 2a4125f0616a4005a9a212b780586efb 38193357b44b4330ab3845d1ccfc7347 - - 13524b305ef34f7ba15bc447ba9ff922 13524b305ef34f7ba15bc447ba9ff922] 199.204.45.4 "GET /v2.0/networks/1a4963de-c3ab-42b4-8018-e34939fa6be7?fields=provider%3Aphysical_network&fields=provider%3Anetwork_type HTTP/1.1" status: 200 len: 277 time: 0.1110945
2026-07-16 08:03:29.730 10 INFO neutron.wsgi [None req-11f26ca3-2921-4408-8d84-66268c99a966 28906d81c01d4286ad50ed0f6a6d8b15 56bad045fecb4e36b661dd898ed8ec78 - - default default] 10.0.0.144 "GET /v2.0/trunks/8b7ea225-8b17-4447-829c-f60ddba827d3 HTTP/1.1" status: 200 len: 603 time: 0.0177743
2026-07-16 08:03:29.833 9 INFO neutron.wsgi [None req-2a8df981-84c9-4b48-8d2f-63459381d059 28906d81c01d4286ad50ed0f6a6d8b15 56bad045fecb4e36b661dd898ed8ec78 - - default default] 10.0.0.144 "GET /v2.0/ports/0a394c0a-0518-4f74-89e1-36ea1a4e5a09 HTTP/1.1" status: 200 len: 1020 time: 0.0977209 /var/lib/openstack/lib/python3.10/site-packages/pycadf/identifier.py:71: UserWarning: Invalid uuid: neutron. To ensure interoperability, identifiers should be a valid uuid. warnings.warn(('Invalid uuid: %s. To ensure interoperability, '
2026-07-16 08:03:29.864 9 WARNING neutron.scheduler.dhcp_agent_scheduler [req-ee289625-43e3-43c4-846f-019c0eeeb708 req-f94c13b2-c6e6-4e6a-a9d3-503a964e14e4 db2d172bfab74d51b9f8e99c4b30d031 da36c34ce4b14ecb98c91770c2c9745f - - default default] No more DHCP agents
2026-07-16 08:03:29.868 9 WARNING neutron.api.rpc.agentnotifiers.dhcp_rpc_agent_api [req-ee289625-43e3-43c4-846f-019c0eeeb708 req-f94c13b2-c6e6-4e6a-a9d3-503a964e14e4 db2d172bfab74d51b9f8e99c4b30d031 da36c34ce4b14ecb98c91770c2c9745f - - default default] Unable to schedule network ee077632-7ae6-4aec-83a2-297439c3780f: no agents available; will retry on subsequent port and subnet creation events.
2026-07-16 08:03:29.944 9 INFO neutron.wsgi [None req-58d78baf-8130-45e1-8986-51d420d10c11 28906d81c01d4286ad50ed0f6a6d8b15 56bad045fecb4e36b661dd898ed8ec78 - - default default] 10.0.0.144 "DELETE /v2.0/trunks/8b7ea225-8b17-4447-829c-f60ddba827d3 HTTP/1.1" status: 204 len: 168 time: 0.1053059 /var/lib/openstack/lib/python3.10/site-packages/pycadf/identifier.py:71: UserWarning: Invalid uuid: neutron. To ensure interoperability, identifiers should be a valid uuid. warnings.warn(('Invalid uuid: %s. To ensure interoperability, '
2026-07-16 08:03:30.004 10 INFO neutron.db.ovn_revision_numbers_db [None req-492d99a6-837e-4a7f-866d-736197c662f6 497d6032335e4e748923d3b43de86c9f be794e7d302940ba9c261fa06e03e16e - - default default] Successfully bumped revision number for resource 8206340e-f8cf-45d3-a29c-ea9fcefaa24d (type: router_ports) to 1
2026-07-16 08:03:30.101 9 INFO neutron.db.ovn_revision_numbers_db [req-ee289625-43e3-43c4-846f-019c0eeeb708 req-f94c13b2-c6e6-4e6a-a9d3-503a964e14e4 db2d172bfab74d51b9f8e99c4b30d031 da36c34ce4b14ecb98c91770c2c9745f - - default default] Successfully bumped revision number for resource 97ecfbda-da85-4ed4-92d2-bb67e8b25611 (type: ports) to 1
2026-07-16 08:03:30.134 9 INFO neutron.wsgi [req-ee289625-43e3-43c4-846f-019c0eeeb708 req-f94c13b2-c6e6-4e6a-a9d3-503a964e14e4 db2d172bfab74d51b9f8e99c4b30d031 da36c34ce4b14ecb98c91770c2c9745f - - default default] 199.204.45.4 "POST /v2.0/ports HTTP/1.1" status: 201 len: 1197 time: 0.7943966
2026-07-16 08:03:30.201 10 INFO neutron.db.ovn_revision_numbers_db [None req-492d99a6-837e-4a7f-866d-736197c662f6 497d6032335e4e748923d3b43de86c9f be794e7d302940ba9c261fa06e03e16e - - default default] Successfully bumped revision number for resource 8206340e-f8cf-45d3-a29c-ea9fcefaa24d (type: ports) to 1
2026-07-16 08:03:30.241 9 INFO neutron.wsgi [None req-71b73a3c-6782-4ebe-b447-92019bef7025 28906d81c01d4286ad50ed0f6a6d8b15 56bad045fecb4e36b661dd898ed8ec78 - - default default] 10.0.0.144 "DELETE /v2.0/ports/0a394c0a-0518-4f74-89e1-36ea1a4e5a09 HTTP/1.1" status: 204 len: 168 time: 0.2894731
2026-07-16 08:03:30.546 10 WARNING neutron.scheduler.dhcp_agent_scheduler [None req-492d99a6-837e-4a7f-866d-736197c662f6 497d6032335e4e748923d3b43de86c9f be794e7d302940ba9c261fa06e03e16e - - default default] No more DHCP agents
2026-07-16 08:03:30.549 10 WARNING neutron.api.rpc.agentnotifiers.dhcp_rpc_agent_api [None req-492d99a6-837e-4a7f-866d-736197c662f6 497d6032335e4e748923d3b43de86c9f be794e7d302940ba9c261fa06e03e16e - - default default] Unable to schedule network 16fa7055-b319-4777-9f37-38b6bf791123: no agents available; will retry on subsequent port and subnet creation events.
2026-07-16 08:03:30.559 9 INFO neutron.db.ovn_revision_numbers_db [req-ee289625-43e3-43c4-846f-019c0eeeb708 req-669b3900-3019-408d-9f7b-d4e930e46b00 2a4125f0616a4005a9a212b780586efb 38193357b44b4330ab3845d1ccfc7347 - - 13524b305ef34f7ba15bc447ba9ff922 13524b305ef34f7ba15bc447ba9ff922] Successfully bumped revision number for resource 97ecfbda-da85-4ed4-92d2-bb67e8b25611 (type: ports) to 2
2026-07-16 08:03:30.630 10 INFO neutron.wsgi [req-5971d5c5-6c2c-4e37-8b75-b9a89028e1a7 req-26b39275-846d-4ebb-8b9b-83e1736bb8ad db2d172bfab74d51b9f8e99c4b30d031 da36c34ce4b14ecb98c91770c2c9745f - - default default] 10.0.0.18 "GET /v2.0/ports?device_id=4fddc59f-e0dc-46d5-8280-3e25dd43f452 HTTP/1.1" status: 200 len: 1208 time: 0.0583496
2026-07-16 08:03:30.735 10 INFO neutron.wsgi [req-5971d5c5-6c2c-4e37-8b75-b9a89028e1a7 req-fdc2b8f7-725c-412f-b6f8-8606f82d9140 db2d172bfab74d51b9f8e99c4b30d031 da36c34ce4b14ecb98c91770c2c9745f - - default default] 10.0.0.18 "GET /v2.0/security-groups?id=900153ae-cdee-412b-81fd-334dc8254e7d&id=7e25441b-82a6-4784-93ae-36fd77cc25a8&fields=id&fields=name HTTP/1.1" status: 200 len: 404 time: 0.0921493
2026-07-16 08:03:30.771 9 INFO neutron.db.ovn_revision_numbers_db [req-ee289625-43e3-43c4-846f-019c0eeeb708 req-669b3900-3019-408d-9f7b-d4e930e46b00 2a4125f0616a4005a9a212b780586efb 38193357b44b4330ab3845d1ccfc7347 - - 13524b305ef34f7ba15bc447ba9ff922 13524b305ef34f7ba15bc447ba9ff922] Successfully bumped revision number for resource 97ecfbda-da85-4ed4-92d2-bb67e8b25611 (type: ports) to 2
2026-07-16 08:03:30.792 9 INFO neutron.wsgi [req-ee289625-43e3-43c4-846f-019c0eeeb708 req-669b3900-3019-408d-9f7b-d4e930e46b00 2a4125f0616a4005a9a212b780586efb 38193357b44b4330ab3845d1ccfc7347 - - 13524b305ef34f7ba15bc447ba9ff922 13524b305ef34f7ba15bc447ba9ff922] 199.204.45.4 "PUT /v2.0/ports/97ecfbda-da85-4ed4-92d2-bb67e8b25611 HTTP/1.1" status: 200 len: 1415 time: 0.6479173
2026-07-16 08:03:30.826 9 INFO neutron.notifiers.nova [-] Nova event matching ['req-7a0dcc2f-72c6-4c10-a4d9-e3a9d62dde35'] response: {'name': 'network-changed', 'server_uuid': '4fddc59f-e0dc-46d5-8280-3e25dd43f452', 'tag': '97ecfbda-da85-4ed4-92d2-bb67e8b25611', 'status': 'completed', 'code': 200} /var/lib/openstack/lib/python3.10/site-packages/pycadf/identifier.py:71: UserWarning: Invalid uuid: neutron. To ensure interoperability, identifiers should be a valid uuid. warnings.warn(('Invalid uuid: %s. To ensure interoperability, '
2026-07-16 08:03:30.842 10 INFO neutron.wsgi [req-cce2b19e-7043-4a2f-8162-7e53f5289d9f req-849180f9-e957-4098-b1f6-c0d2f682c67f 56f84d49e2df47d1a4f34177a7c14f43 80716734145a4234af492f7146b7177c - - default default] 10.0.0.18 "GET /v2.0/ports?device_id=76fe7ebe-cfc3-4929-84e6-24a710fce653 HTTP/1.1" status: 200 len: 1172 time: 0.1849256
2026-07-16 08:03:30.872 9 INFO neutron.wsgi [req-ee289625-43e3-43c4-846f-019c0eeeb708 req-7d61d731-c811-46c6-9b98-30e170642f27 2a4125f0616a4005a9a212b780586efb 38193357b44b4330ab3845d1ccfc7347 - - 13524b305ef34f7ba15bc447ba9ff922 13524b305ef34f7ba15bc447ba9ff922] 199.204.45.4 "GET /v2.0/ports?tenant_id=da36c34ce4b14ecb98c91770c2c9745f&device_id=4fddc59f-e0dc-46d5-8280-3e25dd43f452 HTTP/1.1" status: 200 len: 1446 time: 0.0404506
2026-07-16 08:03:30.902 9 INFO neutron.wsgi [req-ee289625-43e3-43c4-846f-019c0eeeb708 req-145e4401-7ac5-4387-890d-a1cc486b388b 2a4125f0616a4005a9a212b780586efb 38193357b44b4330ab3845d1ccfc7347 - - 13524b305ef34f7ba15bc447ba9ff922 13524b305ef34f7ba15bc447ba9ff922] 199.204.45.4 "GET /v2.0/floatingips?fixed_ip_address=10.100.0.4&port_id=97ecfbda-da85-4ed4-92d2-bb67e8b25611 HTTP/1.1" status: 200 len: 217 time: 0.0254328
2026-07-16 08:03:30.939 9 INFO neutron.wsgi [req-ee289625-43e3-43c4-846f-019c0eeeb708 req-af7348e1-cb59-44c0-b2bb-9d5be142362e 2a4125f0616a4005a9a212b780586efb 38193357b44b4330ab3845d1ccfc7347 - - 13524b305ef34f7ba15bc447ba9ff922 13524b305ef34f7ba15bc447ba9ff922] 199.204.45.4 "GET /v2.0/subnets?id=24e94690-aa8f-4692-b95c-f6edc7d26442 HTTP/1.1" status: 200 len: 866 time: 0.0311158
2026-07-16 08:03:30.943 10 INFO neutron.wsgi [req-cce2b19e-7043-4a2f-8162-7e53f5289d9f req-15a12500-3a4d-43ae-8a67-49ed85684b36 56f84d49e2df47d1a4f34177a7c14f43 80716734145a4234af492f7146b7177c - - default default] 10.0.0.18 "GET /v2.0/security-groups?id=e1e429de-e460-4e45-a4de-eef110847ef0&fields=id&fields=name HTTP/1.1" status: 200 len: 312 time: 0.0924261
2026-07-16 08:03:30.967 9 INFO neutron.wsgi [req-ee289625-43e3-43c4-846f-019c0eeeb708 req-0d7c94a4-47b8-400a-86b7-61997347364e 2a4125f0616a4005a9a212b780586efb 38193357b44b4330ab3845d1ccfc7347 - - 13524b305ef34f7ba15bc447ba9ff922 13524b305ef34f7ba15bc447ba9ff922] 199.204.45.4 "GET /v2.0/ports?network_id=ee077632-7ae6-4aec-83a2-297439c3780f&device_owner=network%3Adhcp HTTP/1.1" status: 200 len: 210 time: 0.0226362
2026-07-16 08:03:31.005 10 INFO neutron.db.ovn_revision_numbers_db [None req-492d99a6-837e-4a7f-866d-736197c662f6 497d6032335e4e748923d3b43de86c9f be794e7d302940ba9c261fa06e03e16e - - default default] Successfully bumped revision number for resource 8206340e-f8cf-45d3-a29c-ea9fcefaa24d (type: router_ports) to 1
2026-07-16 08:03:31.008 10 INFO neutron.wsgi [None req-492d99a6-837e-4a7f-866d-736197c662f6 497d6032335e4e748923d3b43de86c9f be794e7d302940ba9c261fa06e03e16e - - default default] 10.0.0.144 "PUT /v2.0/routers/34a4a8eb-188d-4af1-931f-9883bc7936c9/add_router_interface HTTP/1.1" status: 200 len: 503 time: 2.5435047
2026-07-16 08:03:31.018 10 WARNING neutron_lib.context [None req-54ce2fef-3fa3-495a-89c6-4bc8bd70ffeb 497d6032335e4e748923d3b43de86c9f be794e7d302940ba9c261fa06e03e16e - - default default] Method 'is_advsvc' is deprecated since 2023.2 release (neutron-lib 3.8.0) and will be removed once support for the old RBAC API policies will be removed from Neutron. Please use method 'is_service_role' instead.
2026-07-16 08:03:31.026 9 INFO neutron.wsgi [req-ee289625-43e3-43c4-846f-019c0eeeb708 req-fef7ce0d-1172-44cb-abf4-10ef5bb0b44c 2a4125f0616a4005a9a212b780586efb 38193357b44b4330ab3845d1ccfc7347 - - 13524b305ef34f7ba15bc447ba9ff922 13524b305ef34f7ba15bc447ba9ff922] 199.204.45.4 "GET /v2.0/networks/ee077632-7ae6-4aec-83a2-297439c3780f?fields=segments HTTP/1.1" status: 200 len: 212 time: 0.0536146
2026-07-16 08:03:31.107 9 INFO neutron.wsgi [req-ee289625-43e3-43c4-846f-019c0eeeb708 req-66625e11-b5c0-4f4c-8091-fc5add735b02 2a4125f0616a4005a9a212b780586efb 38193357b44b4330ab3845d1ccfc7347 - - 13524b305ef34f7ba15bc447ba9ff922 13524b305ef34f7ba15bc447ba9ff922] 199.204.45.4 "GET /v2.0/networks/ee077632-7ae6-4aec-83a2-297439c3780f?fields=provider%3Aphysical_network&fields=provider%3Anetwork_type HTTP/1.1" status: 200 len: 277 time: 0.0742292
2026-07-16 08:03:31.107 10 INFO neutron.services.segments.plugin [-] Segment 0cb992cc-892c-452d-b3a9-d9f2301559ee resource provider aggregate not found
2026-07-16 08:03:31.111 10 INFO neutron.services.segments.plugin [-] Segment 0cb992cc-892c-452d-b3a9-d9f2301559ee resource provider aggregate not found
2026-07-16 08:03:31.130 10 INFO neutron.services.segments.plugin [-] Segment 0cb992cc-892c-452d-b3a9-d9f2301559ee resource provider not found; error: Placement Client Error (4xx): {"errors": [{"status": 404, "title": "Not Found", "detail": "The resource could not be found.\n\n No resource provider with uuid 0cb992cc-892c-452d-b3a9-d9f2301559ee found for delete ", "request_id": "req-7ba10a49-8916-4f8e-aa8f-6a003692c65c"}]}
2026-07-16 08:03:31.132 10 INFO neutron.services.segments.plugin [-] Segment 0cb992cc-892c-452d-b3a9-d9f2301559ee resource provider not found; error: Placement Client Error (4xx): {"errors": [{"status": 404, "title": "Not Found", "detail": "The resource could not be found.\n\n No resource provider with uuid 0cb992cc-892c-452d-b3a9-d9f2301559ee found for delete ", "request_id": "req-5c13bd8f-5198-49e5-8e46-945a12da8948"}]}
2026-07-16 08:03:31.166 10 INFO neutron.wsgi [None req-f0de3f0a-e892-476c-8f84-428b300dfe54 28906d81c01d4286ad50ed0f6a6d8b15 56bad045fecb4e36b661dd898ed8ec78 - - default default] 10.0.0.144 "DELETE /v2.0/networks/df2b6ec1-f9d0-4c99-959b-8623d61b1975 HTTP/1.1" status: 204 len: 168 time: 0.9196088
2026-07-16 08:03:31.203 9 INFO neutron.wsgi [req-947f57fa-4007-4870-942f-120fe7d60e72 req-f20b4eea-4435-4998-ac06-813d8a3cf616 2a4125f0616a4005a9a212b780586efb 38193357b44b4330ab3845d1ccfc7347 - - 13524b305ef34f7ba15bc447ba9ff922 13524b305ef34f7ba15bc447ba9ff922] 199.204.45.4 "GET /v2.0/ports?tenant_id=da36c34ce4b14ecb98c91770c2c9745f&device_id=4fddc59f-e0dc-46d5-8280-3e25dd43f452 HTTP/1.1" status: 200 len: 1446 time: 0.0470207
2026-07-16 08:03:31.268 9 INFO neutron.wsgi [req-947f57fa-4007-4870-942f-120fe7d60e72 req-5222e1c8-5ef2-4651-ba97-3a83d97f9e4f 2a4125f0616a4005a9a212b780586efb 38193357b44b4330ab3845d1ccfc7347 - - 13524b305ef34f7ba15bc447ba9ff922 13524b305ef34f7ba15bc447ba9ff922] 199.204.45.4 "GET /v2.0/networks?id=ee077632-7ae6-4aec-83a2-297439c3780f HTTP/1.1" status: 200 len: 971 time: 0.0601709
2026-07-16 08:03:31.331 9 INFO neutron.wsgi [req-947f57fa-4007-4870-942f-120fe7d60e72 req-21f672dd-1bb2-4a69-8bba-9bffd9b56ec4 2a4125f0616a4005a9a212b780586efb 38193357b44b4330ab3845d1ccfc7347 - - 13524b305ef34f7ba15bc447ba9ff922 13524b305ef34f7ba15bc447ba9ff922] 199.204.45.4 "GET /v2.0/floatingips?fixed_ip_address=10.100.0.4&port_id=97ecfbda-da85-4ed4-92d2-bb67e8b25611 HTTP/1.1" status: 200 len: 217 time: 0.0489058
2026-07-16 08:03:31.350 9 INFO neutron.wsgi [req-9396ef57-a88e-46cf-a5a3-50b213670689 req-bd89e735-8648-4893-bbf1-a21a8fe0add1 2a4125f0616a4005a9a212b780586efb 38193357b44b4330ab3845d1ccfc7347 - - 13524b305ef34f7ba15bc447ba9ff922 13524b305ef34f7ba15bc447ba9ff922] 199.204.45.4 "GET /v2.0/ports?device_id=4fddc59f-e0dc-46d5-8280-3e25dd43f452 HTTP/1.1" status: 200 len: 1446 time: 0.0696957
2026-07-16 08:03:31.380 9 INFO neutron.wsgi [req-947f57fa-4007-4870-942f-120fe7d60e72 req-765adce6-9359-41be-8a1d-c12852cb0eda 2a4125f0616a4005a9a212b780586efb 38193357b44b4330ab3845d1ccfc7347 - - 13524b305ef34f7ba15bc447ba9ff922 13524b305ef34f7ba15bc447ba9ff922] 199.204.45.4 "GET /v2.0/subnets?id=24e94690-aa8f-4692-b95c-f6edc7d26442 HTTP/1.1" status: 200 len: 866 time: 0.0405269
2026-07-16 08:03:31.406 9 INFO neutron.wsgi [req-947f57fa-4007-4870-942f-120fe7d60e72 req-7736e55a-6fd7-4c6f-9a32-01d3a3308d4d 2a4125f0616a4005a9a212b780586efb 38193357b44b4330ab3845d1ccfc7347 - - 13524b305ef34f7ba15bc447ba9ff922 13524b305ef34f7ba15bc447ba9ff922] 199.204.45.4 "GET /v2.0/ports?network_id=ee077632-7ae6-4aec-83a2-297439c3780f&device_owner=network%3Adhcp HTTP/1.1" status: 200 len: 210 time: 0.0205634
2026-07-16 08:03:31.406 10 WARNING neutron.scheduler.dhcp_agent_scheduler [None req-54ce2fef-3fa3-495a-89c6-4bc8bd70ffeb 497d6032335e4e748923d3b43de86c9f be794e7d302940ba9c261fa06e03e16e - - default default] No more DHCP agents
2026-07-16 08:03:31.409 10 WARNING neutron.api.rpc.agentnotifiers.dhcp_rpc_agent_api [None req-54ce2fef-3fa3-495a-89c6-4bc8bd70ffeb 497d6032335e4e748923d3b43de86c9f be794e7d302940ba9c261fa06e03e16e - - default default] Unable to schedule network 16fa7055-b319-4777-9f37-38b6bf791123: no agents available; will retry on subsequent port and subnet creation events.
2026-07-16 08:03:31.411 9 INFO neutron.wsgi [req-9396ef57-a88e-46cf-a5a3-50b213670689 req-166041b5-e052-44c4-b7df-3e91d2743bed 2a4125f0616a4005a9a212b780586efb 38193357b44b4330ab3845d1ccfc7347 - - 13524b305ef34f7ba15bc447ba9ff922 13524b305ef34f7ba15bc447ba9ff922] 199.204.45.4 "GET /v2.0/security-groups?id=900153ae-cdee-412b-81fd-334dc8254e7d&id=7e25441b-82a6-4784-93ae-36fd77cc25a8&fields=id&fields=name HTTP/1.1" status: 200 len: 404 time: 0.0547383
2026-07-16 08:03:31.506 9 INFO neutron.wsgi [req-947f57fa-4007-4870-942f-120fe7d60e72 req-778ff9aa-a786-422a-b235-d72d496f8278 2a4125f0616a4005a9a212b780586efb 38193357b44b4330ab3845d1ccfc7347 - - 13524b305ef34f7ba15bc447ba9ff922 13524b305ef34f7ba15bc447ba9ff922] 199.204.45.4 "GET /v2.0/networks/ee077632-7ae6-4aec-83a2-297439c3780f?fields=segments HTTP/1.1" status: 200 len: 212 time: 0.0696979
2026-07-16 08:03:31.601 9 INFO neutron.wsgi [req-947f57fa-4007-4870-942f-120fe7d60e72 req-167adaf3-cab7-4ea3-bf90-24ae2c38d0c8 2a4125f0616a4005a9a212b780586efb 38193357b44b4330ab3845d1ccfc7347 - - 13524b305ef34f7ba15bc447ba9ff922 13524b305ef34f7ba15bc447ba9ff922] 199.204.45.4 "GET /v2.0/networks/ee077632-7ae6-4aec-83a2-297439c3780f?fields=provider%3Aphysical_network&fields=provider%3Anetwork_type HTTP/1.1" status: 200 len: 277 time: 0.0866430
2026-07-16 08:03:31.614 10 INFO neutron.db.ovn_revision_numbers_db [None req-54ce2fef-3fa3-495a-89c6-4bc8bd70ffeb 497d6032335e4e748923d3b43de86c9f be794e7d302940ba9c261fa06e03e16e - - default default] Successfully bumped revision number for resource dd7d2baf-34eb-43a9-a45e-fef20dce2ecd (type: ports) to 1
2026-07-16 08:03:31.644 10 INFO neutron.wsgi [None req-54ce2fef-3fa3-495a-89c6-4bc8bd70ffeb 497d6032335e4e748923d3b43de86c9f be794e7d302940ba9c261fa06e03e16e - - default default] 10.0.0.144 "POST /v2.0/ports HTTP/1.1" status: 201 len: 1158 time: 0.6316540 /var/lib/openstack/lib/python3.10/site-packages/pycadf/identifier.py:71: UserWarning: Invalid uuid: neutron. To ensure interoperability, identifiers should be a valid uuid. warnings.warn(('Invalid uuid: %s. To ensure interoperability, '
2026-07-16 08:03:31.656 10 WARNING neutron_lib.context [None req-8937c172-8299-4997-af57-800a1ca8c1b6 497d6032335e4e748923d3b43de86c9f be794e7d302940ba9c261fa06e03e16e - - default default] Method 'is_advsvc' is deprecated since 2023.2 release (neutron-lib 3.8.0) and will be removed once support for the old RBAC API policies will be removed from Neutron. Please use method 'is_service_role' instead.
2026-07-16 08:03:31.856 10 INFO neutron.wsgi [req-ae3fbfb1-894f-4459-aaa3-70058864f7a5 req-b31725c8-f512-42d4-b8e1-0cce68ceaf08 db2d172bfab74d51b9f8e99c4b30d031 da36c34ce4b14ecb98c91770c2c9745f - - default default] 10.0.0.18 "GET /v2.0/ports?device_id=4fddc59f-e0dc-46d5-8280-3e25dd43f452 HTTP/1.1" status: 200 len: 1208 time: 0.0403094
2026-07-16 08:03:31.913 10 INFO neutron.wsgi [req-ae3fbfb1-894f-4459-aaa3-70058864f7a5 req-403ff9ac-a697-4230-95e5-3c09397fd90d db2d172bfab74d51b9f8e99c4b30d031 da36c34ce4b14ecb98c91770c2c9745f - - default default] 10.0.0.18 "GET /v2.0/security-groups?id=900153ae-cdee-412b-81fd-334dc8254e7d&id=7e25441b-82a6-4784-93ae-36fd77cc25a8&fields=id&fields=name HTTP/1.1" status: 200 len: 404 time: 0.0484521
2026-07-16 08:03:32.009 10 WARNING neutron.scheduler.dhcp_agent_scheduler [None req-8937c172-8299-4997-af57-800a1ca8c1b6 497d6032335e4e748923d3b43de86c9f be794e7d302940ba9c261fa06e03e16e - - default default] No more DHCP agents
2026-07-16 08:03:32.012 10 WARNING neutron.api.rpc.agentnotifiers.dhcp_rpc_agent_api [None req-8937c172-8299-4997-af57-800a1ca8c1b6 497d6032335e4e748923d3b43de86c9f be794e7d302940ba9c261fa06e03e16e - - default default] Unable to schedule network 16fa7055-b319-4777-9f37-38b6bf791123: no agents available; will retry on subsequent port and subnet creation events. /var/lib/openstack/lib/python3.10/site-packages/pycadf/identifier.py:71: UserWarning: Invalid uuid: neutron. To ensure interoperability, identifiers should be a valid uuid. warnings.warn(('Invalid uuid: %s. To ensure interoperability, '
2026-07-16 08:03:32.048 9 INFO neutron.db.ovn_revision_numbers_db [None req-761199b2-8f63-4542-b2b9-5d8867eb4508 3c16e09ca97c48abbb60d81debe674d1 71de93269cbc4b9c918ca7e83e197a78 - - default default] Successfully bumped revision number for resource 2056b11b-90e1-4837-80c2-5b0f821c4531 (type: security_groups) to 1
2026-07-16 08:03:32.063 9 INFO neutron.db.ovn_revision_numbers_db [None req-761199b2-8f63-4542-b2b9-5d8867eb4508 3c16e09ca97c48abbb60d81debe674d1 71de93269cbc4b9c918ca7e83e197a78 - - default default] Successfully bumped revision number for resource 3a70c53b-1373-4a20-877e-97d2a3cde920 (type: security_group_rules) to 0
2026-07-16 08:03:32.068 10 INFO neutron.wsgi [req-2ac30624-4c94-442c-9130-02a8fecaac8d req-a2a04db0-40e1-4067-8742-c9f9f4eef88d 56f84d49e2df47d1a4f34177a7c14f43 80716734145a4234af492f7146b7177c - - default default] 10.0.0.18 "GET /v2.0/ports?device_id=76fe7ebe-cfc3-4929-84e6-24a710fce653 HTTP/1.1" status: 200 len: 1172 time: 0.0468953
2026-07-16 08:03:32.080 9 INFO neutron.db.ovn_revision_numbers_db [None req-761199b2-8f63-4542-b2b9-5d8867eb4508 3c16e09ca97c48abbb60d81debe674d1 71de93269cbc4b9c918ca7e83e197a78 - - default default] Successfully bumped revision number for resource d48e044b-6b52-4a74-a5cd-bb1531840d15 (type: security_group_rules) to 0
2026-07-16 08:03:32.095 9 INFO neutron.db.ovn_revision_numbers_db [None req-761199b2-8f63-4542-b2b9-5d8867eb4508 3c16e09ca97c48abbb60d81debe674d1 71de93269cbc4b9c918ca7e83e197a78 - - default default] Successfully bumped revision number for resource d506dea8-4a7a-498a-b242-40514d19d8cb (type: security_group_rules) to 0
2026-07-16 08:03:32.109 9 INFO neutron.db.ovn_revision_numbers_db [None req-761199b2-8f63-4542-b2b9-5d8867eb4508 3c16e09ca97c48abbb60d81debe674d1 71de93269cbc4b9c918ca7e83e197a78 - - default default] Successfully bumped revision number for resource deaf7cb6-7bce-4169-8813-c10eaec7c13f (type: security_group_rules) to 0
2026-07-16 08:03:32.127 10 INFO neutron.wsgi [req-2ac30624-4c94-442c-9130-02a8fecaac8d req-7919b096-f081-4aca-9b5e-94c16c237df2 56f84d49e2df47d1a4f34177a7c14f43 80716734145a4234af492f7146b7177c - - default default] 10.0.0.18 "GET /v2.0/security-groups?id=e1e429de-e460-4e45-a4de-eef110847ef0&fields=id&fields=name HTTP/1.1" status: 200 len: 312 time: 0.0513141
2026-07-16 08:03:32.139 9 INFO neutron.wsgi [None req-761199b2-8f63-4542-b2b9-5d8867eb4508 3c16e09ca97c48abbb60d81debe674d1 71de93269cbc4b9c918ca7e83e197a78 - - default default] 10.0.0.144 "GET /v2.0/security-groups?tenant_id=906c3bc002274be18d5e8e826859196f&name=default HTTP/1.1" status: 200 len: 2996 time: 0.3023725
2026-07-16 08:03:32.204 10 INFO neutron.db.ovn_revision_numbers_db [None req-8937c172-8299-4997-af57-800a1ca8c1b6 497d6032335e4e748923d3b43de86c9f be794e7d302940ba9c261fa06e03e16e - - default default] Successfully bumped revision number for resource 99ffacb5-2faa-45ae-b95d-f0630d6f2ba3 (type: ports) to 1
2026-07-16 08:03:32.226 10 INFO neutron.wsgi [None req-8937c172-8299-4997-af57-800a1ca8c1b6 497d6032335e4e748923d3b43de86c9f be794e7d302940ba9c261fa06e03e16e - - default default] 10.0.0.144 "POST /v2.0/ports HTTP/1.1" status: 201 len: 1153 time: 0.5754795
2026-07-16 08:03:32.236 9 WARNING neutron_lib.context [None req-7f3c0e4e-2e41-468b-8932-5561cac9414a 497d6032335e4e748923d3b43de86c9f be794e7d302940ba9c261fa06e03e16e - - default default] Method 'is_advsvc' is deprecated since 2023.2 release (neutron-lib 3.8.0) and will be removed once support for the old RBAC API policies will be removed from Neutron. Please use method 'is_service_role' instead.
2026-07-16 08:03:32.371 9 INFO neutron.wsgi [None req-023fa3f0-6568-4747-9842-7ad57ab115d5 3c16e09ca97c48abbb60d81debe674d1 71de93269cbc4b9c918ca7e83e197a78 - - default default] 10.0.0.144 "DELETE /v2.0/security-groups/2056b11b-90e1-4837-80c2-5b0f821c4531 HTTP/1.1" status: 204 len: 168 time: 0.2277725
2026-07-16 08:03:32.495 9 WARNING neutron.scheduler.dhcp_agent_scheduler [None req-7f3c0e4e-2e41-468b-8932-5561cac9414a 497d6032335e4e748923d3b43de86c9f be794e7d302940ba9c261fa06e03e16e - - default default] No more DHCP agents
2026-07-16 08:03:32.497 10 INFO neutron.wsgi [None req-a8f2678c-ba85-44fa-ad37-1d0eabfab768 3c16e09ca97c48abbb60d81debe674d1 71de93269cbc4b9c918ca7e83e197a78 - - default default] 10.0.0.144 "GET /v2.0/security-groups?tenant_id=56bad045fecb4e36b661dd898ed8ec78&name=default HTTP/1.1" status: 200 len: 2996 time: 0.0361230
2026-07-16 08:03:32.498 9 WARNING neutron.api.rpc.agentnotifiers.dhcp_rpc_agent_api [None req-7f3c0e4e-2e41-468b-8932-5561cac9414a 497d6032335e4e748923d3b43de86c9f be794e7d302940ba9c261fa06e03e16e - - default default] Unable to schedule network eb2eed8e-9f13-490c-9010-49ac32b30e05: no agents available; will retry on subsequent port and subnet creation events.
2026-07-16 08:03:32.762 10 INFO neutron.wsgi [None req-5e3939a7-1620-42c3-9df7-092e90f76528 3c16e09ca97c48abbb60d81debe674d1 71de93269cbc4b9c918ca7e83e197a78 - - default default] 10.0.0.144 "DELETE /v2.0/security-groups/b103a15d-565b-4089-b9f2-88171b3b044a HTTP/1.1" status: 204 len: 168 time: 0.2617745
2026-07-16 08:03:33.075 10 INFO neutron.wsgi [req-1628eccb-b96e-4461-88dd-fecefc07b154 req-7594f335-c586-47bc-a965-d5b9c11496d2 db2d172bfab74d51b9f8e99c4b30d031 da36c34ce4b14ecb98c91770c2c9745f - - default default] 10.0.0.18 "GET /v2.0/ports?device_id=4fddc59f-e0dc-46d5-8280-3e25dd43f452 HTTP/1.1" status: 200 len: 1208 time: 0.0879960
2026-07-16 08:03:33.121 10 INFO neutron.wsgi [req-1628eccb-b96e-4461-88dd-fecefc07b154 req-2e827a38-6820-44bd-849c-f742c36ce897 db2d172bfab74d51b9f8e99c4b30d031 da36c34ce4b14ecb98c91770c2c9745f - - default default] 10.0.0.18 "GET /v2.0/security-groups?id=900153ae-cdee-412b-81fd-334dc8254e7d&id=7e25441b-82a6-4784-93ae-36fd77cc25a8&fields=id&fields=name HTTP/1.1" status: 200 len: 404 time: 0.0394850
2026-07-16 08:03:33.228 10 INFO neutron.wsgi [req-3395b841-0729-4233-8d24-58c060f6e171 req-22b2d7a6-f5cf-414b-b296-a9e15593de8d 56f84d49e2df47d1a4f34177a7c14f43 80716734145a4234af492f7146b7177c - - default default] 10.0.0.18 "GET /v2.0/ports?device_id=76fe7ebe-cfc3-4929-84e6-24a710fce653 HTTP/1.1" status: 200 len: 1172 time: 0.0393546
2026-07-16 08:03:33.265 10 INFO neutron.wsgi [req-3395b841-0729-4233-8d24-58c060f6e171 req-f735a972-a530-47bb-9049-b171ef72c386 56f84d49e2df47d1a4f34177a7c14f43 80716734145a4234af492f7146b7177c - - default default] 10.0.0.18 "GET /v2.0/security-groups?id=e1e429de-e460-4e45-a4de-eef110847ef0&fields=id&fields=name HTTP/1.1" status: 200 len: 312 time: 0.0304062
2026-07-16 08:03:33.296 9 INFO neutron.db.l3_db [None req-7f3c0e4e-2e41-468b-8932-5561cac9414a 497d6032335e4e748923d3b43de86c9f be794e7d302940ba9c261fa06e03e16e - - default default] Floating IP 6512ae91-98ea-471c-91bf-da4ac9cc24fe associated. External IP: 10.96.250.217, port: 99ffacb5-2faa-45ae-b95d-f0630d6f2ba3.
