2026-07-16 08:05:01.073 9 INFO neutron.services.segments.plugin [-] Segment 3c655199-7cfd-410d-82c3-6f5182eb0239 resource provider not found; error: Placement Client Error (4xx): {"errors": [{"status": 404, "title": "Not Found", "detail": "The resource could not be found.\n\n No resource provider with uuid 3c655199-7cfd-410d-82c3-6f5182eb0239 found for delete ", "request_id": "req-84a79afa-6432-4123-96be-2a80c693ce10"}]}
2026-07-16 08:05:01.099 9 INFO neutron.wsgi [None req-2d237c20-4d4f-4d8c-ad1c-fe4dc0c5c3e2 ec70d641a2974ee2bcf51d1e3f0d801c f7a5ecb8edb347669d88dd8b3f609590 - - default default] 10.0.0.144 "DELETE /v2.0/networks/d9ae0016-da81-40cd-8b94-e4a53035586f HTTP/1.1" status: 204 len: 168 time: 0.5486310
2026-07-16 08:05:01.482 10 INFO neutron.services.segments.plugin [-] Segment 82a6fab5-8b08-4125-b6bf-79ac101ff12a resource provider aggregate not found
2026-07-16 08:05:01.493 10 INFO neutron.services.segments.plugin [-] Segment 82a6fab5-8b08-4125-b6bf-79ac101ff12a resource provider aggregate not found
2026-07-16 08:05:01.498 10 INFO neutron.services.segments.plugin [-] Segment 82a6fab5-8b08-4125-b6bf-79ac101ff12a resource provider not found; error: Placement Client Error (4xx): {"errors": [{"status": 404, "title": "Not Found", "detail": "The resource could not be found.\n\n No resource provider with uuid 82a6fab5-8b08-4125-b6bf-79ac101ff12a found for delete ", "request_id": "req-5a6b54a2-4cf9-49fc-b6bd-d07d63fcb5f4"}]}
2026-07-16 08:05:01.509 10 INFO neutron.services.segments.plugin [-] Segment 82a6fab5-8b08-4125-b6bf-79ac101ff12a resource provider not found; error: Placement Client Error (4xx): {"errors": [{"status": 404, "title": "Not Found", "detail": "The resource could not be found.\n\n No resource provider with uuid 82a6fab5-8b08-4125-b6bf-79ac101ff12a found for delete ", "request_id": "req-0b734833-a295-4cad-b759-915287a29dd8"}]}
2026-07-16 08:05:01.534 10 INFO neutron.wsgi [None req-50d011d8-b408-465b-8648-67a25e4e066c ec70d641a2974ee2bcf51d1e3f0d801c f7a5ecb8edb347669d88dd8b3f609590 - - default default] 10.0.0.144 "DELETE /v2.0/networks/4cce1ec7-a0d3-4066-93ee-e000ebcbbf71 HTTP/1.1" status: 204 len: 168 time: 0.4295483
2026-07-16 08:05:02.003 10 INFO neutron.wsgi [None req-9ed2c5d2-8ba0-4a69-bb67-027bb7949ccb ec70d641a2974ee2bcf51d1e3f0d801c f7a5ecb8edb347669d88dd8b3f609590 - - default default] 10.0.0.144 "DELETE /v2.0/networks/586c0214-9a45-41d1-a3a3-2bfbeb95c5ac HTTP/1.1" status: 204 len: 168 time: 0.4579000
2026-07-16 08:05:02.389 9 INFO neutron.wsgi [None req-c6eca3c4-88ac-42e2-a6ff-bf99991d8332 ec70d641a2974ee2bcf51d1e3f0d801c f7a5ecb8edb347669d88dd8b3f609590 - - default default] 10.0.0.144 "DELETE /v2.0/networks/13c69cc7-d832-4583-9ce7-bdd461f5b9cd HTTP/1.1" status: 204 len: 168 time: 0.3785279
2026-07-16 08:05:02.523 10 INFO neutron.wsgi [None req-b016ff4b-1d79-40c3-8d98-ebdd5f61f3e2 17ec53fcef6c47d38c3703548806fa1e 2722ea063d2f416599202243cee66326 - - default default] 10.0.0.144 "POST /v2.0/qos/policies HTTP/1.1" status: 201 len: 558 time: 0.2230465
2026-07-16 08:05:02.597 9 INFO neutron.wsgi [None req-67ce3c95-e263-404f-84ea-0bd942594f3d 17ec53fcef6c47d38c3703548806fa1e 2722ea063d2f416599202243cee66326 - - default default] 10.0.0.144 "PUT /v2.0/policies/95fde5f4-9c9e-47d2-8f94-e99b1606cd76/tags HTTP/1.1" status: 200 len: 218 time: 0.0668733
2026-07-16 08:05:02.626 9 INFO neutron.wsgi [None req-ce1780c1-4733-4363-9861-32b422f98d7b 17ec53fcef6c47d38c3703548806fa1e 2722ea063d2f416599202243cee66326 - - default default] 10.0.0.144 "GET /v2.0/policies/95fde5f4-9c9e-47d2-8f94-e99b1606cd76/tags HTTP/1.1" status: 200 len: 218 time: 0.0241289
2026-07-16 08:05:02.680 9 INFO neutron.wsgi [None req-085b2b51-2312-40ac-8cf5-4c444b77f2fa 17ec53fcef6c47d38c3703548806fa1e 2722ea063d2f416599202243cee66326 - - default default] 10.0.0.144 "PUT /v2.0/policies/95fde5f4-9c9e-47d2-8f94-e99b1606cd76/tags/green HTTP/1.1" status: 201 len: 201 time: 0.0454726
2026-07-16 08:05:02.720 10 INFO neutron.wsgi [None req-ce457505-342c-4d4d-ade0-42b48e44fb48 17ec53fcef6c47d38c3703548806fa1e 2722ea063d2f416599202243cee66326 - - default default] 10.0.0.144 "GET /v2.0/policies/95fde5f4-9c9e-47d2-8f94-e99b1606cd76/tags HTTP/1.1" status: 200 len: 227 time: 0.0343451
2026-07-16 08:05:02.750 10 INFO neutron.wsgi [None req-944cd4d4-20a7-42e8-8cd8-d3d63f2d7429 17ec53fcef6c47d38c3703548806fa1e 2722ea063d2f416599202243cee66326 - - default default] 10.0.0.144 "PUT /v2.0/policies/95fde5f4-9c9e-47d2-8f94-e99b1606cd76/tags/red HTTP/1.1" status: 201 len: 201 time: 0.0268943
2026-07-16 08:05:02.791 9 INFO neutron.wsgi [None req-784a81ff-75d6-47b6-993e-0d214ad716fb 17ec53fcef6c47d38c3703548806fa1e 2722ea063d2f416599202243cee66326 - - default default] 10.0.0.144 "GET /v2.0/policies/95fde5f4-9c9e-47d2-8f94-e99b1606cd76/tags HTTP/1.1" status: 200 len: 227 time: 0.0353968
2026-07-16 08:05:02.849 10 INFO neutron.wsgi [None req-0cb1ca62-cc1c-4d5e-a6ae-23027cf68f76 17ec53fcef6c47d38c3703548806fa1e 2722ea063d2f416599202243cee66326 - - default default] 10.0.0.144 "PUT /v2.0/policies/95fde5f4-9c9e-47d2-8f94-e99b1606cd76/tags/black.or.white HTTP/1.1" status: 201 len: 201 time: 0.0532713
2026-07-16 08:05:02.857 9 INFO neutron.wsgi [None req-5242b00d-7624-44b8-8539-eda69e99ac77 ec70d641a2974ee2bcf51d1e3f0d801c f7a5ecb8edb347669d88dd8b3f609590 - - default default] 10.0.0.144 "DELETE /v2.0/networks/fc8a1644-f944-4fd8-a715-e0415e0e46d9 HTTP/1.1" status: 204 len: 168 time: 0.4613945
2026-07-16 08:05:02.886 10 INFO neutron.wsgi [None req-0303e26a-108d-4ba1-8726-4b5fa95c698d 17ec53fcef6c47d38c3703548806fa1e 2722ea063d2f416599202243cee66326 - - default default] 10.0.0.144 "GET /v2.0/policies/95fde5f4-9c9e-47d2-8f94-e99b1606cd76/tags HTTP/1.1" status: 200 len: 245 time: 0.0316145
2026-07-16 08:05:02.935 10 INFO neutron.wsgi [None req-d22dffcc-d566-40aa-8472-64112dfba16b 17ec53fcef6c47d38c3703548806fa1e 2722ea063d2f416599202243cee66326 - - default default] 10.0.0.144 "PUT /v2.0/policies/95fde5f4-9c9e-47d2-8f94-e99b1606cd76/tags HTTP/1.1" status: 200 len: 230 time: 0.0441864
2026-07-16 08:05:02.964 10 INFO neutron.wsgi [None req-b58808e5-0d79-4f6a-afc1-08a3d46ee58a 17ec53fcef6c47d38c3703548806fa1e 2722ea063d2f416599202243cee66326 - - default default] 10.0.0.144 "GET /v2.0/policies/95fde5f4-9c9e-47d2-8f94-e99b1606cd76/tags HTTP/1.1" status: 200 len: 230 time: 0.0253859
2026-07-16 08:05:02.987 10 INFO neutron.wsgi [None req-dd7de0ec-f1cf-43e0-bb03-ffd95820591b 17ec53fcef6c47d38c3703548806fa1e 2722ea063d2f416599202243cee66326 - - default default] 10.0.0.144 "GET /v2.0/policies/95fde5f4-9c9e-47d2-8f94-e99b1606cd76/tags/red HTTP/1.1" status: 204 len: 168 time: 0.0165529
2026-07-16 08:05:03.007 10 INFO neutron.api.v2.resource [None req-5383c8d5-fe1c-4328-98b6-3d61654dba09 17ec53fcef6c47d38c3703548806fa1e 2722ea063d2f416599202243cee66326 - - default default] show failed (client error): The resource could not be found.
2026-07-16 08:05:03.008 10 INFO neutron.wsgi [None req-5383c8d5-fe1c-4328-98b6-3d61654dba09 17ec53fcef6c47d38c3703548806fa1e 2722ea063d2f416599202243cee66326 - - default default] 10.0.0.144 "GET /v2.0/policies/95fde5f4-9c9e-47d2-8f94-e99b1606cd76/tags/green HTTP/1.1" status: 404 len: 299 time: 0.0166883
2026-07-16 08:05:03.053 10 INFO neutron.wsgi [None req-40084397-299f-49be-82e5-5ad5c7b19c6b 17ec53fcef6c47d38c3703548806fa1e 2722ea063d2f416599202243cee66326 - - default default] 10.0.0.144 "DELETE /v2.0/policies/95fde5f4-9c9e-47d2-8f94-e99b1606cd76/tags/red HTTP/1.1" status: 204 len: 168 time: 0.0406818
2026-07-16 08:05:03.078 10 INFO neutron.wsgi [None req-158538a5-d91b-44f0-a46f-c1947c605600 17ec53fcef6c47d38c3703548806fa1e 2722ea063d2f416599202243cee66326 - - default default] 10.0.0.144 "GET /v2.0/policies/95fde5f4-9c9e-47d2-8f94-e99b1606cd76/tags HTTP/1.1" status: 200 len: 223 time: 0.0205457
2026-07-16 08:05:03.097 9 INFO neutron.services.segments.plugin [-] Segment cdd6c76c-d9c0-4078-85be-2e8cd5ad15e7 resource provider aggregate not found
2026-07-16 08:05:03.102 9 INFO neutron.services.segments.plugin [-] Segment cdd6c76c-d9c0-4078-85be-2e8cd5ad15e7 resource provider aggregate not found
2026-07-16 08:05:03.112 9 INFO neutron.services.segments.plugin [-] Segment cdd6c76c-d9c0-4078-85be-2e8cd5ad15e7 resource provider not found; error: Placement Client Error (4xx): {"errors": [{"status": 404, "title": "Not Found", "detail": "The resource could not be found.\n\n No resource provider with uuid cdd6c76c-d9c0-4078-85be-2e8cd5ad15e7 found for delete ", "request_id": "req-8a4a2817-0ef1-4511-8ced-a30a935e2b1f"}]}
2026-07-16 08:05:03.121 9 INFO neutron.services.segments.plugin [-] Segment cdd6c76c-d9c0-4078-85be-2e8cd5ad15e7 resource provider not found; error: Placement Client Error (4xx): {"errors": [{"status": 404, "title": "Not Found", "detail": "The resource could not be found.\n\n No resource provider with uuid cdd6c76c-d9c0-4078-85be-2e8cd5ad15e7 found for delete ", "request_id": "req-709540c8-f5b9-44c1-8451-78af0519da90"}]}
2026-07-16 08:05:03.130 9 INFO neutron.services.segments.plugin [-] Segment 3a03999e-3599-4b4b-b092-4d803a834e9c resource provider aggregate not found
2026-07-16 08:05:03.135 9 INFO neutron.api.v2.resource [None req-375da91c-162b-4530-a26d-8e427e208873 17ec53fcef6c47d38c3703548806fa1e 2722ea063d2f416599202243cee66326 - - default default] delete failed (client error): The resource could not be found.
2026-07-16 08:05:03.136 9 INFO neutron.wsgi [None req-375da91c-162b-4530-a26d-8e427e208873 17ec53fcef6c47d38c3703548806fa1e 2722ea063d2f416599202243cee66326 - - default default] 10.0.0.144 "DELETE /v2.0/policies/95fde5f4-9c9e-47d2-8f94-e99b1606cd76/tags/green HTTP/1.1" status: 404 len: 299 time: 0.0497692
2026-07-16 08:05:03.142 9 INFO neutron.services.segments.plugin [-] Segment 3a03999e-3599-4b4b-b092-4d803a834e9c resource provider aggregate not found
2026-07-16 08:05:03.155 9 INFO neutron.services.segments.plugin [-] Segment 3a03999e-3599-4b4b-b092-4d803a834e9c resource provider not found; error: Placement Client Error (4xx): {"errors": [{"status": 404, "title": "Not Found", "detail": "The resource could not be found.\n\n No resource provider with uuid 3a03999e-3599-4b4b-b092-4d803a834e9c found for delete ", "request_id": "req-727845b8-cf49-4f9a-b927-0a7c13e23749"}]}
2026-07-16 08:05:03.158 9 INFO neutron.services.segments.plugin [-] Segment 3a03999e-3599-4b4b-b092-4d803a834e9c resource provider not found; error: Placement Client Error (4xx): {"errors": [{"status": 404, "title": "Not Found", "detail": "The resource could not be found.\n\n No resource provider with uuid 3a03999e-3599-4b4b-b092-4d803a834e9c found for delete ", "request_id": "req-c5c68a18-5b61-4537-b10e-184ac553bace"}]}
2026-07-16 08:05:03.175 10 INFO neutron.wsgi [None req-3ef6e5e6-1a17-444e-a920-05b9791f77ce 17ec53fcef6c47d38c3703548806fa1e 2722ea063d2f416599202243cee66326 - - default default] 10.0.0.144 "DELETE /v2.0/policies/95fde5f4-9c9e-47d2-8f94-e99b1606cd76/tags HTTP/1.1" status: 204 len: 168 time: 0.0320933
2026-07-16 08:05:03.201 10 INFO neutron.wsgi [None req-5ac8a6e8-dec9-4140-9756-6a2c02a3fecc 17ec53fcef6c47d38c3703548806fa1e 2722ea063d2f416599202243cee66326 - - default default] 10.0.0.144 "GET /v2.0/policies/95fde5f4-9c9e-47d2-8f94-e99b1606cd76/tags HTTP/1.1" status: 200 len: 205 time: 0.0190899
2026-07-16 08:05:03.273 10 INFO neutron.wsgi [None req-ff659dd5-942b-404a-bcec-df747773adea 17ec53fcef6c47d38c3703548806fa1e 2722ea063d2f416599202243cee66326 - - default default] 10.0.0.144 "DELETE /v2.0/qos/policies/95fde5f4-9c9e-47d2-8f94-e99b1606cd76 HTTP/1.1" status: 204 len: 168 time: 0.0594141
2026-07-16 08:05:03.522 10 INFO neutron.services.segments.plugin [-] Segment 3544c522-5a7f-49e3-9176-837cb88c023b resource provider aggregate not found
2026-07-16 08:05:03.530 10 INFO neutron.services.segments.plugin [-] Segment 3544c522-5a7f-49e3-9176-837cb88c023b resource provider aggregate not found
2026-07-16 08:05:03.543 10 INFO neutron.services.segments.plugin [-] Segment 3544c522-5a7f-49e3-9176-837cb88c023b resource provider not found; error: Placement Client Error (4xx): {"errors": [{"status": 404, "title": "Not Found", "detail": "The resource could not be found.\n\n No resource provider with uuid 3544c522-5a7f-49e3-9176-837cb88c023b found for delete ", "request_id": "req-6e616590-8729-4842-b8fe-e871f227c59a"}]}
2026-07-16 08:05:03.554 10 INFO neutron.services.segments.plugin [-] Segment 3544c522-5a7f-49e3-9176-837cb88c023b resource provider not found; error: Placement Client Error (4xx): {"errors": [{"status": 404, "title": "Not Found", "detail": "The resource could not be found.\n\n No resource provider with uuid 3544c522-5a7f-49e3-9176-837cb88c023b found for delete ", "request_id": "req-272d561f-aab2-419a-aba1-282ebffe7b96"}]}
2026-07-16 08:05:04.282 9 INFO neutron.db.ovn_revision_numbers_db [None req-260265d3-008c-46fe-920f-b753229d22e8 3c16e09ca97c48abbb60d81debe674d1 71de93269cbc4b9c918ca7e83e197a78 - - default default] Successfully bumped revision number for resource 140eeee9-0802-46d3-a453-213d1b0226ea (type: security_groups) to 1
2026-07-16 08:05:04.298 9 INFO neutron.db.ovn_revision_numbers_db [None req-260265d3-008c-46fe-920f-b753229d22e8 3c16e09ca97c48abbb60d81debe674d1 71de93269cbc4b9c918ca7e83e197a78 - - default default] Successfully bumped revision number for resource 4af0c837-2149-4fe9-b68c-558dca7ccb9f (type: security_group_rules) to 0
2026-07-16 08:05:04.311 9 INFO neutron.db.ovn_revision_numbers_db [None req-260265d3-008c-46fe-920f-b753229d22e8 3c16e09ca97c48abbb60d81debe674d1 71de93269cbc4b9c918ca7e83e197a78 - - default default] Successfully bumped revision number for resource 87fd4b55-829d-49df-8295-0e22cf480171 (type: security_group_rules) to 0
2026-07-16 08:05:04.328 9 INFO neutron.db.ovn_revision_numbers_db [None req-260265d3-008c-46fe-920f-b753229d22e8 3c16e09ca97c48abbb60d81debe674d1 71de93269cbc4b9c918ca7e83e197a78 - - default default] Successfully bumped revision number for resource bb1bfb91-8f03-4f48-9acd-2c90087d6a1d (type: security_group_rules) to 0
2026-07-16 08:05:04.345 9 INFO neutron.db.ovn_revision_numbers_db [None req-260265d3-008c-46fe-920f-b753229d22e8 3c16e09ca97c48abbb60d81debe674d1 71de93269cbc4b9c918ca7e83e197a78 - - default default] Successfully bumped revision number for resource c29d7639-27bc-4ce1-95ce-20fd5f9ca8ed (type: security_group_rules) to 0
2026-07-16 08:05:04.351 10 INFO neutron.db.ovn_revision_numbers_db [None req-9b4ff4b8-207a-4654-9f16-1c31156c3946 3c16e09ca97c48abbb60d81debe674d1 71de93269cbc4b9c918ca7e83e197a78 - - default default] Successfully bumped revision number for resource e929216d-ef81-4b63-9ab2-fed98790ec6d (type: security_groups) to 1
2026-07-16 08:05:04.368 10 INFO neutron.db.ovn_revision_numbers_db [None req-9b4ff4b8-207a-4654-9f16-1c31156c3946 3c16e09ca97c48abbb60d81debe674d1 71de93269cbc4b9c918ca7e83e197a78 - - default default] Successfully bumped revision number for resource 7c007cd7-8977-470e-abe2-966e0dbd0ab0 (type: security_group_rules) to 0
2026-07-16 08:05:04.372 9 INFO neutron.wsgi [None req-260265d3-008c-46fe-920f-b753229d22e8 3c16e09ca97c48abbb60d81debe674d1 71de93269cbc4b9c918ca7e83e197a78 - - default default] 10.0.0.144 "GET /v2.0/security-groups?tenant_id=7c5b52c19789403e915c21e8567d74ee&name=default HTTP/1.1" status: 200 len: 3000 time: 0.5230117
2026-07-16 08:05:04.386 10 INFO neutron.db.ovn_revision_numbers_db [None req-9b4ff4b8-207a-4654-9f16-1c31156c3946 3c16e09ca97c48abbb60d81debe674d1 71de93269cbc4b9c918ca7e83e197a78 - - default default] Successfully bumped revision number for resource 81be5c14-f412-4906-bb52-36ff4ad7c7cc (type: security_group_rules) to 0
2026-07-16 08:05:04.401 10 INFO neutron.db.ovn_revision_numbers_db [None req-9b4ff4b8-207a-4654-9f16-1c31156c3946 3c16e09ca97c48abbb60d81debe674d1 71de93269cbc4b9c918ca7e83e197a78 - - default default] Successfully bumped revision number for resource 8e52e645-62d8-4f74-be06-a78493207bde (type: security_group_rules) to 0
2026-07-16 08:05:04.414 10 INFO neutron.db.ovn_revision_numbers_db [None req-9b4ff4b8-207a-4654-9f16-1c31156c3946 3c16e09ca97c48abbb60d81debe674d1 71de93269cbc4b9c918ca7e83e197a78 - - default default] Successfully bumped revision number for resource f376dfe6-bf7b-4a4f-9499-4df01c15272b (type: security_group_rules) to 0
2026-07-16 08:05:04.449 10 INFO neutron.wsgi [None req-9b4ff4b8-207a-4654-9f16-1c31156c3946 3c16e09ca97c48abbb60d81debe674d1 71de93269cbc4b9c918ca7e83e197a78 - - default default] 10.0.0.144 "GET /v2.0/security-groups?tenant_id=2722ea063d2f416599202243cee66326&name=default HTTP/1.1" status: 200 len: 3000 time: 0.4086211
2026-07-16 08:05:04.603 9 INFO neutron.wsgi [None req-8b468640-2205-4509-9772-1ada213a153b 3c16e09ca97c48abbb60d81debe674d1 71de93269cbc4b9c918ca7e83e197a78 - - default default] 10.0.0.144 "DELETE /v2.0/security-groups/140eeee9-0802-46d3-a453-213d1b0226ea HTTP/1.1" status: 204 len: 168 time: 0.2280905
2026-07-16 08:05:04.678 9 INFO neutron.wsgi [None req-7088b6bc-41c8-42cf-94cf-e28151123c3c 3c16e09ca97c48abbb60d81debe674d1 71de93269cbc4b9c918ca7e83e197a78 - - default default] 10.0.0.144 "DELETE /v2.0/security-groups/e929216d-ef81-4b63-9ab2-fed98790ec6d HTTP/1.1" status: 204 len: 168 time: 0.2238038
2026-07-16 08:05:04.748 10 INFO neutron.wsgi [None req-1b3f18b9-660d-4481-aa17-287da647acd0 3c16e09ca97c48abbb60d81debe674d1 71de93269cbc4b9c918ca7e83e197a78 - - default default] 10.0.0.144 "GET /v2.0/security-groups?tenant_id=f7a5ecb8edb347669d88dd8b3f609590&name=default HTTP/1.1" status: 200 len: 3000 time: 0.0378993
2026-07-16 08:05:04.960 9 INFO neutron.db.ovn_revision_numbers_db [None req-849ee461-9019-4695-87e5-e98b0a726698 3c16e09ca97c48abbb60d81debe674d1 71de93269cbc4b9c918ca7e83e197a78 - - default default] Successfully bumped revision number for resource c89b5520-4b99-499f-9601-c59f19617c89 (type: security_groups) to 1
2026-07-16 08:05:04.963 10 INFO neutron.wsgi [None req-5725a66e-2d89-49ea-88cb-b9cfcd0c672f 3c16e09ca97c48abbb60d81debe674d1 71de93269cbc4b9c918ca7e83e197a78 - - default default] 10.0.0.144 "DELETE /v2.0/security-groups/ad06903b-d893-49cd-b11c-14b6830c0259 HTTP/1.1" status: 204 len: 168 time: 0.2073903
2026-07-16 08:05:04.991 9 INFO neutron.db.ovn_revision_numbers_db [None req-849ee461-9019-4695-87e5-e98b0a726698 3c16e09ca97c48abbb60d81debe674d1 71de93269cbc4b9c918ca7e83e197a78 - - default default] Successfully bumped revision number for resource 5e25c836-3b30-4f2b-8f19-5b9071658a60 (type: security_group_rules) to 0
2026-07-16 08:05:05.011 9 INFO neutron.db.ovn_revision_numbers_db [None req-849ee461-9019-4695-87e5-e98b0a726698 3c16e09ca97c48abbb60d81debe674d1 71de93269cbc4b9c918ca7e83e197a78 - - default default] Successfully bumped revision number for resource 67ff2f2a-5ee0-4d06-a9e1-16bd86a6454c (type: security_group_rules) to 0
2026-07-16 08:05:05.029 9 INFO neutron.db.ovn_revision_numbers_db [None req-849ee461-9019-4695-87e5-e98b0a726698 3c16e09ca97c48abbb60d81debe674d1 71de93269cbc4b9c918ca7e83e197a78 - - default default] Successfully bumped revision number for resource d3e1d61e-55fe-44be-a810-af3267fd3d6c (type: security_group_rules) to 0
2026-07-16 08:05:05.045 9 INFO neutron.db.ovn_revision_numbers_db [None req-849ee461-9019-4695-87e5-e98b0a726698 3c16e09ca97c48abbb60d81debe674d1 71de93269cbc4b9c918ca7e83e197a78 - - default default] Successfully bumped revision number for resource ff7addd2-a799-4448-8de8-f059c93577e7 (type: security_group_rules) to 0
2026-07-16 08:05:05.079 9 INFO neutron.wsgi [None req-849ee461-9019-4695-87e5-e98b0a726698 3c16e09ca97c48abbb60d81debe674d1 71de93269cbc4b9c918ca7e83e197a78 - - default default] 10.0.0.144 "GET /v2.0/security-groups?tenant_id=783a87a8be5044e6a6c1a5031b32137f&name=default HTTP/1.1" status: 200 len: 3000 time: 0.2575231
2026-07-16 08:05:05.271 10 INFO neutron.db.ovn_revision_numbers_db [None req-e1ec6d01-1c69-4a00-88d9-de01d52d0ff9 3c16e09ca97c48abbb60d81debe674d1 71de93269cbc4b9c918ca7e83e197a78 - - default default] Successfully bumped revision number for resource 7d4b63ab-cc03-4f58-a3af-b90729ea7f1d (type: security_groups) to 1
2026-07-16 08:05:05.283 10 INFO neutron.db.ovn_revision_numbers_db [None req-e1ec6d01-1c69-4a00-88d9-de01d52d0ff9 3c16e09ca97c48abbb60d81debe674d1 71de93269cbc4b9c918ca7e83e197a78 - - default default] Successfully bumped revision number for resource 542badae-1ddc-444c-a144-2986874bd2ee (type: security_group_rules) to 0
2026-07-16 08:05:05.303 9 INFO neutron.wsgi [None req-282bdad9-f760-4b41-81c1-f2afe174ce25 3c16e09ca97c48abbb60d81debe674d1 71de93269cbc4b9c918ca7e83e197a78 - - default default] 10.0.0.144 "DELETE /v2.0/security-groups/c89b5520-4b99-499f-9601-c59f19617c89 HTTP/1.1" status: 204 len: 168 time: 0.2154300
2026-07-16 08:05:05.314 10 INFO neutron.db.ovn_revision_numbers_db [None req-e1ec6d01-1c69-4a00-88d9-de01d52d0ff9 3c16e09ca97c48abbb60d81debe674d1 71de93269cbc4b9c918ca7e83e197a78 - - default default] Successfully bumped revision number for resource a135134c-2c23-4e0c-b758-ba3e5a67a0a1 (type: security_group_rules) to 0
2026-07-16 08:05:05.333 10 INFO neutron.db.ovn_revision_numbers_db [None req-e1ec6d01-1c69-4a00-88d9-de01d52d0ff9 3c16e09ca97c48abbb60d81debe674d1 71de93269cbc4b9c918ca7e83e197a78 - - default default] Successfully bumped revision number for resource b465aa6d-2ae1-4912-94f9-2d9912cd992a (type: security_group_rules) to 0
2026-07-16 08:05:05.353 10 INFO neutron.db.ovn_revision_numbers_db [None req-e1ec6d01-1c69-4a00-88d9-de01d52d0ff9 3c16e09ca97c48abbb60d81debe674d1 71de93269cbc4b9c918ca7e83e197a78 - - default default] Successfully bumped revision number for resource d2e1b954-d4b8-46c0-ab1f-3a36f54256c6 (type: security_group_rules) to 0
2026-07-16 08:05:05.383 10 INFO neutron.wsgi [None req-e1ec6d01-1c69-4a00-88d9-de01d52d0ff9 3c16e09ca97c48abbb60d81debe674d1 71de93269cbc4b9c918ca7e83e197a78 - - default default] 10.0.0.144 "GET /v2.0/security-groups?tenant_id=046699c7916747329124e7dda6ab147f&name=default HTTP/1.1" status: 200 len: 3000 time: 0.2338755
2026-07-16 08:05:05.612 9 INFO neutron.wsgi [None req-ea7838b1-481a-42c7-9ca9-7784155c07b3 3c16e09ca97c48abbb60d81debe674d1 71de93269cbc4b9c918ca7e83e197a78 - - default default] 10.0.0.144 "DELETE /v2.0/security-groups/7d4b63ab-cc03-4f58-a3af-b90729ea7f1d HTTP/1.1" status: 204 len: 168 time: 0.2233157
2026-07-16 08:05:09.233 10 INFO neutron.db.ovn_revision_numbers_db [None req-2cf6578c-da37-4d9d-a9a1-1fa1ee7f3506 3c16e09ca97c48abbb60d81debe674d1 71de93269cbc4b9c918ca7e83e197a78 - - default default] Successfully bumped revision number for resource e9b0a562-50cd-45f8-87df-06a67ed62e9b (type: security_groups) to 1
2026-07-16 08:05:09.245 10 INFO neutron.db.ovn_revision_numbers_db [None req-2cf6578c-da37-4d9d-a9a1-1fa1ee7f3506 3c16e09ca97c48abbb60d81debe674d1 71de93269cbc4b9c918ca7e83e197a78 - - default default] Successfully bumped revision number for resource 8386a520-8ef7-4fad-a75c-6f51cf3359c5 (type: security_group_rules) to 0
2026-07-16 08:05:09.255 10 INFO neutron.db.ovn_revision_numbers_db [None req-2cf6578c-da37-4d9d-a9a1-1fa1ee7f3506 3c16e09ca97c48abbb60d81debe674d1 71de93269cbc4b9c918ca7e83e197a78 - - default default] Successfully bumped revision number for resource bf507524-42ce-450c-bbe6-eaa67b0819fe (type: security_group_rules) to 0
2026-07-16 08:05:09.272 10 INFO neutron.db.ovn_revision_numbers_db [None req-2cf6578c-da37-4d9d-a9a1-1fa1ee7f3506 3c16e09ca97c48abbb60d81debe674d1 71de93269cbc4b9c918ca7e83e197a78 - - default default] Successfully bumped revision number for resource ed576958-69e8-496e-9f90-1bab8a56019b (type: security_group_rules) to 0
2026-07-16 08:05:09.288 10 INFO neutron.db.ovn_revision_numbers_db [None req-2cf6578c-da37-4d9d-a9a1-1fa1ee7f3506 3c16e09ca97c48abbb60d81debe674d1 71de93269cbc4b9c918ca7e83e197a78 - - default default] Successfully bumped revision number for resource f3cd1320-c65a-4b33-966c-88dd55eaa9c3 (type: security_group_rules) to 0
2026-07-16 08:05:09.312 10 INFO neutron.wsgi [None req-2cf6578c-da37-4d9d-a9a1-1fa1ee7f3506 3c16e09ca97c48abbb60d81debe674d1 71de93269cbc4b9c918ca7e83e197a78 - - default default] 10.0.0.144 "GET /v2.0/security-groups?tenant_id=7b07e2ac431144318f741ef8a507a20e&name=default HTTP/1.1" status: 200 len: 3000 time: 0.4109321
2026-07-16 08:05:09.504 10 INFO neutron.wsgi [None req-8f5ec723-5284-47cf-ac16-2340e0669a09 3c16e09ca97c48abbb60d81debe674d1 71de93269cbc4b9c918ca7e83e197a78 - - default default] 10.0.0.144 "DELETE /v2.0/security-groups/e9b0a562-50cd-45f8-87df-06a67ed62e9b HTTP/1.1" status: 204 len: 168 time: 0.1877820
2026-07-16 08:05:09.861 10 INFO neutron.db.ovn_revision_numbers_db [None req-6e00a265-7236-4ac4-9aa1-b8cc69f3f3f8 3c16e09ca97c48abbb60d81debe674d1 71de93269cbc4b9c918ca7e83e197a78 - - default default] Successfully bumped revision number for resource cc4ec705-ae65-4cd4-9591-6216e48b982b (type: security_groups) to 1
2026-07-16 08:05:09.877 10 INFO neutron.db.ovn_revision_numbers_db [None req-6e00a265-7236-4ac4-9aa1-b8cc69f3f3f8 3c16e09ca97c48abbb60d81debe674d1 71de93269cbc4b9c918ca7e83e197a78 - - default default] Successfully bumped revision number for resource 0add5eaf-a5f4-4261-8b2c-d8d6fcdf7502 (type: security_group_rules) to 0
2026-07-16 08:05:09.891 10 INFO neutron.db.ovn_revision_numbers_db [None req-6e00a265-7236-4ac4-9aa1-b8cc69f3f3f8 3c16e09ca97c48abbb60d81debe674d1 71de93269cbc4b9c918ca7e83e197a78 - - default default] Successfully bumped revision number for resource 1478a209-0e31-4fa4-b7a0-1188b1c5154d (type: security_group_rules) to 0
2026-07-16 08:05:09.910 10 INFO neutron.db.ovn_revision_numbers_db [None req-6e00a265-7236-4ac4-9aa1-b8cc69f3f3f8 3c16e09ca97c48abbb60d81debe674d1 71de93269cbc4b9c918ca7e83e197a78 - - default default] Successfully bumped revision number for resource 983bec43-3e54-45fc-ade4-778424a89a47 (type: security_group_rules) to 0
2026-07-16 08:05:09.929 10 INFO neutron.db.ovn_revision_numbers_db [None req-6e00a265-7236-4ac4-9aa1-b8cc69f3f3f8 3c16e09ca97c48abbb60d81debe674d1 71de93269cbc4b9c918ca7e83e197a78 - - default default] Successfully bumped revision number for resource ca07d0ce-3b96-4d05-96bf-826c71aa49e6 (type: security_group_rules) to 0
2026-07-16 08:05:09.956 10 INFO neutron.wsgi [None req-6e00a265-7236-4ac4-9aa1-b8cc69f3f3f8 3c16e09ca97c48abbb60d81debe674d1 71de93269cbc4b9c918ca7e83e197a78 - - default default] 10.0.0.144 "GET /v2.0/security-groups?tenant_id=23a41d934421401db8652fe55c1b60c0&name=default HTTP/1.1" status: 200 len: 3000 time: 0.2294505
2026-07-16 08:05:10.053 9 WARNING neutron_lib.context [None req-86bbb5df-16cd-4b4f-befc-47decaacd6ea b491430f1af243c1b5284f15369a6693 ed0ce9b683be438f9e57a556ef8f45cc - - default default] Method 'is_advsvc' is deprecated since 2023.2 release (neutron-lib 3.8.0) and will be removed once support for the old RBAC API policies will be removed from Neutron. Please use method 'is_service_role' instead.
2026-07-16 08:05:10.455 9 INFO neutron.db.ovn_revision_numbers_db [None req-86bbb5df-16cd-4b4f-befc-47decaacd6ea b491430f1af243c1b5284f15369a6693 ed0ce9b683be438f9e57a556ef8f45cc - - default default] Successfully bumped revision number for resource 49a19559-f057-4074-96d8-79f1428c0464 (type: routers) to 1
2026-07-16 08:05:10.468 9 INFO neutron.wsgi [None req-86bbb5df-16cd-4b4f-befc-47decaacd6ea b491430f1af243c1b5284f15369a6693 ed0ce9b683be438f9e57a556ef8f45cc - - default default] 10.0.0.144 "POST /v2.0/routers HTTP/1.1" status: 201 len: 654 time: 0.5829380
2026-07-16 08:05:10.483 9 INFO neutron.wsgi [None req-a5d87528-fca7-45f8-b133-65b8cf5cbc01 3c16e09ca97c48abbb60d81debe674d1 71de93269cbc4b9c918ca7e83e197a78 - - default default] 10.0.0.144 "DELETE /v2.0/security-groups/cc4ec705-ae65-4cd4-9591-6216e48b982b HTTP/1.1" status: 204 len: 168 time: 0.5227916
2026-07-16 08:05:10.483 10 WARNING neutron_lib.context [None req-56750e36-d911-4a84-8115-cdb8740df18e b491430f1af243c1b5284f15369a6693 ed0ce9b683be438f9e57a556ef8f45cc - - default default] Method 'is_advsvc' is deprecated since 2023.2 release (neutron-lib 3.8.0) and will be removed once support for the old RBAC API policies will be removed from Neutron. Please use method 'is_service_role' instead.
2026-07-16 08:05:10.896 10 INFO neutron.db.ovn_revision_numbers_db [None req-56750e36-d911-4a84-8115-cdb8740df18e b491430f1af243c1b5284f15369a6693 ed0ce9b683be438f9e57a556ef8f45cc - - default default] Successfully bumped revision number for resource 0514d6a4-9662-490b-8221-d51273bfddea (type: routers) to 1
2026-07-16 08:05:10.912 10 INFO neutron.wsgi [None req-56750e36-d911-4a84-8115-cdb8740df18e b491430f1af243c1b5284f15369a6693 ed0ce9b683be438f9e57a556ef8f45cc - - default default] 10.0.0.144 "POST /v2.0/routers HTTP/1.1" status: 201 len: 654 time: 0.4385145
2026-07-16 08:05:10.924 10 WARNING neutron_lib.context [None req-5756646d-12b7-45fa-88c6-9f9e6a511da8 b491430f1af243c1b5284f15369a6693 ed0ce9b683be438f9e57a556ef8f45cc - - default default] Method 'is_advsvc' is deprecated since 2023.2 release (neutron-lib 3.8.0) and will be removed once support for the old RBAC API policies will be removed from Neutron. Please use method 'is_service_role' instead.
2026-07-16 08:05:11.075 10 INFO neutron.db.ovn_revision_numbers_db [None req-5756646d-12b7-45fa-88c6-9f9e6a511da8 b491430f1af243c1b5284f15369a6693 ed0ce9b683be438f9e57a556ef8f45cc - - default default] Successfully bumped revision number for resource bcef7f86-a0c6-4e40-bf23-3a8c829d256d (type: routers) to 1
2026-07-16 08:05:11.091 10 INFO neutron.wsgi [None req-5756646d-12b7-45fa-88c6-9f9e6a511da8 b491430f1af243c1b5284f15369a6693 ed0ce9b683be438f9e57a556ef8f45cc - - default default] 10.0.0.144 "POST /v2.0/routers HTTP/1.1" status: 201 len: 654 time: 0.1729107
2026-07-16 08:05:11.101 10 WARNING neutron_lib.context [None req-c205e1d6-9b84-41dc-86a5-eee14af73e2f b491430f1af243c1b5284f15369a6693 ed0ce9b683be438f9e57a556ef8f45cc - - default default] Method 'is_advsvc' is deprecated since 2023.2 release (neutron-lib 3.8.0) and will be removed once support for the old RBAC API policies will be removed from Neutron. Please use method 'is_service_role' instead.
2026-07-16 08:05:11.253 10 INFO neutron.db.ovn_revision_numbers_db [None req-c205e1d6-9b84-41dc-86a5-eee14af73e2f b491430f1af243c1b5284f15369a6693 ed0ce9b683be438f9e57a556ef8f45cc - - default default] Successfully bumped revision number for resource 691ce524-a3f9-4ced-aa12-04dfdd2b651e (type: routers) to 1
2026-07-16 08:05:11.267 10 INFO neutron.wsgi [None req-c205e1d6-9b84-41dc-86a5-eee14af73e2f b491430f1af243c1b5284f15369a6693 ed0ce9b683be438f9e57a556ef8f45cc - - default default] 10.0.0.144 "POST /v2.0/routers HTTP/1.1" status: 201 len: 654 time: 0.1717758
2026-07-16 08:05:11.276 10 WARNING neutron_lib.context [None req-e779e2b1-061e-4526-96c5-6fd14075c53c b491430f1af243c1b5284f15369a6693 ed0ce9b683be438f9e57a556ef8f45cc - - default default] Method 'is_advsvc' is deprecated since 2023.2 release (neutron-lib 3.8.0) and will be removed once support for the old RBAC API policies will be removed from Neutron. Please use method 'is_service_role' instead.
2026-07-16 08:05:11.464 10 INFO neutron.db.ovn_revision_numbers_db [None req-e779e2b1-061e-4526-96c5-6fd14075c53c b491430f1af243c1b5284f15369a6693 ed0ce9b683be438f9e57a556ef8f45cc - - default default] Successfully bumped revision number for resource bff28899-77c0-4fda-90df-399106813645 (type: routers) to 1
2026-07-16 08:05:11.482 10 INFO neutron.wsgi [None req-e779e2b1-061e-4526-96c5-6fd14075c53c b491430f1af243c1b5284f15369a6693 ed0ce9b683be438f9e57a556ef8f45cc - - default default] 10.0.0.144 "POST /v2.0/routers HTTP/1.1" status: 201 len: 654 time: 0.2102990
2026-07-16 08:05:11.544 10 INFO neutron.wsgi [None req-696450b3-7e50-4ffc-9f34-0325e7b0c91c b491430f1af243c1b5284f15369a6693 ed0ce9b683be438f9e57a556ef8f45cc - - default default] 10.0.0.144 "PUT /v2.0/routers/49a19559-f057-4074-96d8-79f1428c0464/tags HTTP/1.1" status: 200 len: 210 time: 0.0575478
2026-07-16 08:05:11.635 10 INFO neutron.wsgi [None req-3eeb1f53-e3c8-4f2b-9be0-4206a414bd40 b491430f1af243c1b5284f15369a6693 ed0ce9b683be438f9e57a556ef8f45cc - - default default] 10.0.0.144 "PUT /v2.0/routers/0514d6a4-9662-490b-8221-d51273bfddea/tags HTTP/1.1" status: 200 len: 218 time: 0.0879066
2026-07-16 08:05:11.711 10 INFO neutron.wsgi [None req-2e1080b9-9fc6-4df9-85c8-d0917392e8d9 b491430f1af243c1b5284f15369a6693 ed0ce9b683be438f9e57a556ef8f45cc - - default default] 10.0.0.144 "PUT /v2.0/routers/bcef7f86-a0c6-4e40-bf23-3a8c829d256d/tags HTTP/1.1" status: 200 len: 227 time: 0.0704296
2026-07-16 08:05:11.770 10 INFO neutron.wsgi [None req-4ae91694-152f-4cae-a715-c627401b5eaf b491430f1af243c1b5284f15369a6693 ed0ce9b683be438f9e57a556ef8f45cc - - default default] 10.0.0.144 "PUT /v2.0/routers/691ce524-a3f9-4ced-aa12-04dfdd2b651e/tags HTTP/1.1" status: 200 len: 212 time: 0.0540118
2026-07-16 08:05:11.847 10 INFO neutron.wsgi [None req-899c244b-abbc-46f4-9727-370160edb9aa b491430f1af243c1b5284f15369a6693 ed0ce9b683be438f9e57a556ef8f45cc - - default default] 10.0.0.144 "GET /v2.0/routers?tags=red HTTP/1.1" status: 200 len: 1601 time: 0.0713394
2026-07-16 08:05:11.885 9 INFO neutron.wsgi [-] 10.0.0.160 "GET / HTTP/1.1" status: 200 len: 246 time: 0.0026357
2026-07-16 08:05:11.888 9 INFO neutron.wsgi [-] 10.0.0.160 "GET / HTTP/1.1" status: 200 len: 246 time: 0.0019839
2026-07-16 08:05:11.919 10 INFO neutron.wsgi [None req-85f70628-3626-428c-95c6-9df7bfd4c700 b491430f1af243c1b5284f15369a6693 ed0ce9b683be438f9e57a556ef8f45cc - - default default] 10.0.0.144 "GET /v2.0/routers?tags=red%2Cblue HTTP/1.1" status: 200 len: 1144 time: 0.0661800
2026-07-16 08:05:11.991 10 INFO neutron.wsgi [None req-6386199d-c14e-45bc-95a4-92f82d6a228e b491430f1af243c1b5284f15369a6693 ed0ce9b683be438f9e57a556ef8f45cc - - default default] 10.0.0.144 "GET /v2.0/routers?tags-any=blue HTTP/1.1" status: 200 len: 1144 time: 0.0689554
2026-07-16 08:05:12.043 10 INFO neutron.wsgi [None req-f63d129d-cead-405a-8142-5ad214744617 b491430f1af243c1b5284f15369a6693 ed0ce9b683be438f9e57a556ef8f45cc - - default default] 10.0.0.144 "GET /v2.0/routers?tags-any=red%2Cblue HTTP/1.1" status: 200 len: 1601 time: 0.0467365
2026-07-16 08:05:12.117 10 INFO neutron.wsgi [None req-665da4ac-790e-4a9f-a6a3-b90a8a10d276 b491430f1af243c1b5284f15369a6693 ed0ce9b683be438f9e57a556ef8f45cc - - default default] 10.0.0.144 "GET /v2.0/routers?not-tags=red HTTP/1.1" status: 200 len: 1116 time: 0.0685239
2026-07-16 08:05:12.208 10 INFO neutron.wsgi [None req-4d4c171d-fa43-4822-b35d-b6b7caf89c0d b491430f1af243c1b5284f15369a6693 ed0ce9b683be438f9e57a556ef8f45cc - - default default] 10.0.0.144 "GET /v2.0/routers?not-tags=red%2Cblue HTTP/1.1" status: 200 len: 1573 time: 0.0855000
2026-07-16 08:05:12.529 10 INFO neutron.wsgi [None req-9a165aab-aa6e-4a5d-a4cf-8c4ad208444f b491430f1af243c1b5284f15369a6693 ed0ce9b683be438f9e57a556ef8f45cc - - default default] 10.0.0.144 "GET /v2.0/routers?not-tags-any=blue HTTP/1.1" status: 200 len: 1573 time: 0.3155696
2026-07-16 08:05:12.601 10 INFO neutron.wsgi [None req-cc378e18-e74a-43bb-a577-72778627a977 b491430f1af243c1b5284f15369a6693 ed0ce9b683be438f9e57a556ef8f45cc - - default default] 10.0.0.144 "GET /v2.0/routers?not-tags-any=red%2Cblue HTTP/1.1" status: 200 len: 1116 time: 0.0652654
2026-07-16 08:05:12.674 10 INFO neutron.wsgi [None req-4e9a2614-0b0f-4c31-ad71-85b5d1c1d205 b491430f1af243c1b5284f15369a6693 ed0ce9b683be438f9e57a556ef8f45cc - - default default] 10.0.0.144 "GET /v2.0/routers/49a19559-f057-4074-96d8-79f1428c0464 HTTP/1.1" status: 200 len: 660 time: 0.0678339
2026-07-16 08:05:13.141 10 INFO neutron.db.ovn_revision_numbers_db [None req-2b9ac055-1210-4e15-a4f3-b0f96c0560bb b491430f1af243c1b5284f15369a6693 ed0ce9b683be438f9e57a556ef8f45cc - - default default] Successfully bumped revision number for resource 49a19559-f057-4074-96d8-79f1428c0464 (type: routers) to 2
2026-07-16 08:05:13.144 10 INFO neutron.wsgi [None req-2b9ac055-1210-4e15-a4f3-b0f96c0560bb b491430f1af243c1b5284f15369a6693 ed0ce9b683be438f9e57a556ef8f45cc - - default default] 10.0.0.144 "PUT /v2.0/routers/49a19559-f057-4074-96d8-79f1428c0464 HTTP/1.1" status: 200 len: 660 time: 0.4644339
2026-07-16 08:05:13.177 10 INFO neutron.wsgi [None req-b09cc7e2-056a-44cb-a101-24c6ada4171b b491430f1af243c1b5284f15369a6693 ed0ce9b683be438f9e57a556ef8f45cc - - default default] 10.0.0.144 "GET /v2.0/ports?device_id=49a19559-f057-4074-96d8-79f1428c0464 HTTP/1.1" status: 200 len: 205 time: 0.0288136
2026-07-16 08:05:13.432 10 INFO neutron.wsgi [None req-15d672a4-ba8d-42b8-ba15-0894b98168fa b491430f1af243c1b5284f15369a6693 ed0ce9b683be438f9e57a556ef8f45cc - - default default] 10.0.0.144 "DELETE /v2.0/routers/49a19559-f057-4074-96d8-79f1428c0464 HTTP/1.1" status: 204 len: 168 time: 0.2504053
2026-07-16 08:05:13.484 10 INFO neutron.wsgi [None req-0eb4579a-e174-4749-ae65-d206bdac7b59 b491430f1af243c1b5284f15369a6693 ed0ce9b683be438f9e57a556ef8f45cc - - default default] 10.0.0.144 "GET /v2.0/routers/0514d6a4-9662-490b-8221-d51273bfddea HTTP/1.1" status: 200 len: 668 time: 0.0474679
2026-07-16 08:05:13.978 10 INFO neutron.db.ovn_revision_numbers_db [None req-be6bffe5-a33d-45d0-81d6-83847901de5a b491430f1af243c1b5284f15369a6693 ed0ce9b683be438f9e57a556ef8f45cc - - default default] Successfully bumped revision number for resource 0514d6a4-9662-490b-8221-d51273bfddea (type: routers) to 2
2026-07-16 08:05:13.982 10 INFO neutron.wsgi [None req-be6bffe5-a33d-45d0-81d6-83847901de5a b491430f1af243c1b5284f15369a6693 ed0ce9b683be438f9e57a556ef8f45cc - - default default] 10.0.0.144 "PUT /v2.0/routers/0514d6a4-9662-490b-8221-d51273bfddea HTTP/1.1" status: 200 len: 668 time: 0.4930520
2026-07-16 08:05:14.005 10 INFO neutron.wsgi [None req-25dbd504-5f0d-4f29-b04e-5801415a0010 b491430f1af243c1b5284f15369a6693 ed0ce9b683be438f9e57a556ef8f45cc - - default default] 10.0.0.144 "GET /v2.0/ports?device_id=0514d6a4-9662-490b-8221-d51273bfddea HTTP/1.1" status: 200 len: 205 time: 0.0180235
2026-07-16 08:05:14.284 10 INFO neutron.wsgi [None req-44a71cb4-c99b-484b-b8bc-ea5a8e3debd3 b491430f1af243c1b5284f15369a6693 ed0ce9b683be438f9e57a556ef8f45cc - - default default] 10.0.0.144 "DELETE /v2.0/routers/0514d6a4-9662-490b-8221-d51273bfddea HTTP/1.1" status: 204 len: 168 time: 0.2747898
2026-07-16 08:05:14.337 10 INFO neutron.wsgi [None req-9b34d181-e5dd-4820-aef5-7bd9dd843f65 b491430f1af243c1b5284f15369a6693 ed0ce9b683be438f9e57a556ef8f45cc - - default default] 10.0.0.144 "GET /v2.0/routers/bcef7f86-a0c6-4e40-bf23-3a8c829d256d HTTP/1.1" status: 200 len: 677 time: 0.0478413
2026-07-16 08:05:15.007 10 INFO neutron.db.ovn_revision_numbers_db [None req-9fcdecf2-03ba-42d6-ab6f-7516f046ccfb b491430f1af243c1b5284f15369a6693 ed0ce9b683be438f9e57a556ef8f45cc - - default default] Successfully bumped revision number for resource bcef7f86-a0c6-4e40-bf23-3a8c829d256d (type: routers) to 2
2026-07-16 08:05:15.011 10 INFO neutron.wsgi [None req-9fcdecf2-03ba-42d6-ab6f-7516f046ccfb b491430f1af243c1b5284f15369a6693 ed0ce9b683be438f9e57a556ef8f45cc - - default default] 10.0.0.144 "PUT /v2.0/routers/bcef7f86-a0c6-4e40-bf23-3a8c829d256d HTTP/1.1" status: 200 len: 677 time: 0.6698713
2026-07-16 08:05:15.033 10 INFO neutron.wsgi [None req-ddf5f398-ff57-492f-91aa-0b887f7c13fa b491430f1af243c1b5284f15369a6693 ed0ce9b683be438f9e57a556ef8f45cc - - default default] 10.0.0.144 "GET /v2.0/ports?device_id=bcef7f86-a0c6-4e40-bf23-3a8c829d256d HTTP/1.1" status: 200 len: 205 time: 0.0179596
2026-07-16 08:05:15.318 10 INFO neutron.wsgi [None req-c3f58783-2651-4b32-b596-08bfd7c8c2a3 b491430f1af243c1b5284f15369a6693 ed0ce9b683be438f9e57a556ef8f45cc - - default default] 10.0.0.144 "DELETE /v2.0/routers/bcef7f86-a0c6-4e40-bf23-3a8c829d256d HTTP/1.1" status: 204 len: 168 time: 0.2803540
2026-07-16 08:05:15.382 10 INFO neutron.wsgi [None req-6291819b-0995-41fa-bac0-ec780be5d35d b491430f1af243c1b5284f15369a6693 ed0ce9b683be438f9e57a556ef8f45cc - - default default] 10.0.0.144 "GET /v2.0/routers/691ce524-a3f9-4ced-aa12-04dfdd2b651e HTTP/1.1" status: 200 len: 662 time: 0.0591116
2026-07-16 08:05:15.900 10 INFO neutron.db.ovn_revision_numbers_db [None req-71a1d1ef-e8b8-47b4-a76a-c6b92902b090 b491430f1af243c1b5284f15369a6693 ed0ce9b683be438f9e57a556ef8f45cc - - default default] Successfully bumped revision number for resource 691ce524-a3f9-4ced-aa12-04dfdd2b651e (type: routers) to 2
2026-07-16 08:05:15.903 10 INFO neutron.wsgi [None req-71a1d1ef-e8b8-47b4-a76a-c6b92902b090 b491430f1af243c1b5284f15369a6693 ed0ce9b683be438f9e57a556ef8f45cc - - default default] 10.0.0.144 "PUT /v2.0/routers/691ce524-a3f9-4ced-aa12-04dfdd2b651e HTTP/1.1" status: 200 len: 662 time: 0.5168266
2026-07-16 08:05:15.924 10 INFO neutron.wsgi [None req-b2abc906-07cf-4294-8180-ee3645106179 b491430f1af243c1b5284f15369a6693 ed0ce9b683be438f9e57a556ef8f45cc - - default default] 10.0.0.144 "GET /v2.0/ports?device_id=691ce524-a3f9-4ced-aa12-04dfdd2b651e HTTP/1.1" status: 200 len: 205 time: 0.0167320
2026-07-16 08:05:16.191 9 INFO neutron.wsgi [None req-1c9912e3-ca53-4643-a9fd-052128e21bb6 b491430f1af243c1b5284f15369a6693 ed0ce9b683be438f9e57a556ef8f45cc - - default default] 10.0.0.144 "DELETE /v2.0/routers/691ce524-a3f9-4ced-aa12-04dfdd2b651e HTTP/1.1" status: 204 len: 168 time: 0.2633438
2026-07-16 08:05:16.248 9 INFO neutron.wsgi [None req-f4b50392-2c08-4133-907c-3f38aa60075b b491430f1af243c1b5284f15369a6693 ed0ce9b683be438f9e57a556ef8f45cc - - default default] 10.0.0.144 "GET /v2.0/routers/bff28899-77c0-4fda-90df-399106813645 HTTP/1.1" status: 200 len: 655 time: 0.0513763
2026-07-16 08:05:16.700 9 INFO neutron.wsgi [None req-b3d594a7-a218-4068-b631-c81dbdfd78fb b491430f1af243c1b5284f15369a6693 ed0ce9b683be438f9e57a556ef8f45cc - - default default] 10.0.0.144 "PUT /v2.0/routers/bff28899-77c0-4fda-90df-399106813645 HTTP/1.1" status: 200 len: 655 time: 0.4460504
2026-07-16 08:05:16.734 9 INFO neutron.wsgi [None req-043971d7-9657-46dc-8949-0951e8b71bf8 b491430f1af243c1b5284f15369a6693 ed0ce9b683be438f9e57a556ef8f45cc - - default default] 10.0.0.144 "GET /v2.0/ports?device_id=bff28899-77c0-4fda-90df-399106813645 HTTP/1.1" status: 200 len: 205 time: 0.0279336
2026-07-16 08:05:17.013 10 INFO neutron.wsgi [None req-9764101b-db5e-48ba-b0fc-9dc14bf9933a b491430f1af243c1b5284f15369a6693 ed0ce9b683be438f9e57a556ef8f45cc - - default default] 10.0.0.144 "DELETE /v2.0/routers/bff28899-77c0-4fda-90df-399106813645 HTTP/1.1" status: 204 len: 168 time: 0.2747850
2026-07-16 08:05:18.108 9 INFO neutron.wsgi [None req-afa9becb-2ece-434c-a693-d027ac60d4be 3c16e09ca97c48abbb60d81debe674d1 71de93269cbc4b9c918ca7e83e197a78 - - default default] 10.0.0.7 "GET /v2.0/security-groups HTTP/1.1" status: 200 len: 16803 time: 0.2060568
2026-07-16 08:05:18.204 9 INFO neutron.wsgi [None req-c10b7a91-d9cd-41fb-a7c8-0830c6eaee38 3c16e09ca97c48abbb60d81debe674d1 71de93269cbc4b9c918ca7e83e197a78 - - default default] 10.0.0.7 "GET /v2.0/networks HTTP/1.1" status: 200 len: 2350 time: 0.0891919
2026-07-16 08:05:18.270 9 INFO neutron.wsgi [None req-7fe5c93e-8ff9-42a1-9624-7826caf45797 3c16e09ca97c48abbb60d81debe674d1 71de93269cbc4b9c918ca7e83e197a78 - - default default] 10.0.0.7 "GET /v2.0/ports HTTP/1.1" status: 200 len: 5351 time: 0.0633054
2026-07-16 08:05:18.271 10 INFO neutron.db.ovn_revision_numbers_db [None req-8921893f-ec6a-41a8-8e63-f2b5a2435cf4 3c16e09ca97c48abbb60d81debe674d1 71de93269cbc4b9c918ca7e83e197a78 - - default default] Successfully bumped revision number for resource 7dea37dc-a340-4f77-98de-4cdb22444a07 (type: security_groups) to 1
2026-07-16 08:05:18.292 9 INFO neutron.wsgi [None req-b78265e2-ccfd-4b80-b92d-dd28114af6d0 3c16e09ca97c48abbb60d81debe674d1 71de93269cbc4b9c918ca7e83e197a78 - - default default] 10.0.0.7 "GET /v2.0/agents HTTP/1.1" status: 200 len: 997 time: 0.0181780
2026-07-16 08:05:18.292 10 INFO neutron.db.ovn_revision_numbers_db [None req-8921893f-ec6a-41a8-8e63-f2b5a2435cf4 3c16e09ca97c48abbb60d81debe674d1 71de93269cbc4b9c918ca7e83e197a78 - - default default] Successfully bumped revision number for resource 23d20fc7-dea8-40bc-9c27-37d05e5f3065 (type: security_group_rules) to 0
2026-07-16 08:05:18.309 9 INFO neutron.wsgi [None req-ba88ce6d-f64e-416b-b730-60e84009191b 3c16e09ca97c48abbb60d81debe674d1 71de93269cbc4b9c918ca7e83e197a78 - - default default] 10.0.0.7 "GET /v2.0/network-ip-availabilities HTTP/1.1" status: 200 len: 1280 time: 0.0135133
2026-07-16 08:05:18.317 10 INFO neutron.db.ovn_revision_numbers_db [None req-8921893f-ec6a-41a8-8e63-f2b5a2435cf4 3c16e09ca97c48abbb60d81debe674d1 71de93269cbc4b9c918ca7e83e197a78 - - default default] Successfully bumped revision number for resource 445b3c12-3f60-4518-aa8b-1115c2f49263 (type: security_group_rules) to 0
2026-07-16 08:05:18.333 10 INFO neutron.db.ovn_revision_numbers_db [None req-8921893f-ec6a-41a8-8e63-f2b5a2435cf4 3c16e09ca97c48abbb60d81debe674d1 71de93269cbc4b9c918ca7e83e197a78 - - default default] Successfully bumped revision number for resource dc321585-20d8-4c97-9963-3c7d2b71feb7 (type: security_group_rules) to 0
2026-07-16 08:05:18.348 9 INFO neutron.wsgi [None req-816c4e7b-2593-4479-a2fb-4c21fa005674 3c16e09ca97c48abbb60d81debe674d1 71de93269cbc4b9c918ca7e83e197a78 - - default default] 10.0.0.7 "GET /v2.0/subnets HTTP/1.1" status: 200 len: 1437 time: 0.0390022
2026-07-16 08:05:18.353 10 INFO neutron.db.ovn_revision_numbers_db [None req-8921893f-ec6a-41a8-8e63-f2b5a2435cf4 3c16e09ca97c48abbb60d81debe674d1 71de93269cbc4b9c918ca7e83e197a78 - - default default] Successfully bumped revision number for resource e2209e39-1ce7-47af-843c-f2101002e605 (type: security_group_rules) to 0
2026-07-16 08:05:18.358 9 INFO neutron.wsgi [None req-8e91ac15-5dd1-4ac0-96f2-10065fb2fd97 3c16e09ca97c48abbb60d81debe674d1 71de93269cbc4b9c918ca7e83e197a78 - - default default] 10.0.0.7 "GET /v2.0/subnetpools HTTP/1.1" status: 200 len: 193 time: 0.0089338
2026-07-16 08:05:18.380 10 INFO neutron.wsgi [None req-8921893f-ec6a-41a8-8e63-f2b5a2435cf4 3c16e09ca97c48abbb60d81debe674d1 71de93269cbc4b9c918ca7e83e197a78 - - default default] 10.0.0.144 "GET /v2.0/security-groups?tenant_id=45eccfca304b4622a7615b1304c862f4&name=default HTTP/1.1" status: 200 len: 3000 time: 0.4158623
2026-07-16 08:05:18.393 9 INFO neutron.wsgi [None req-4903c94f-dd9b-4f1a-b224-83029c674450 3c16e09ca97c48abbb60d81debe674d1 71de93269cbc4b9c918ca7e83e197a78 - - default default] 10.0.0.7 "GET /v2.0/routers HTTP/1.1" status: 200 len: 189 time: 0.0348592
2026-07-16 08:05:18.411 9 INFO neutron.wsgi [None req-1550ec79-a35d-4fd8-b776-35890f644d65 3c16e09ca97c48abbb60d81debe674d1 71de93269cbc4b9c918ca7e83e197a78 - - default default] 10.0.0.7 "GET /v2.0/agents?binary=ovn-controller HTTP/1.1" status: 200 len: 591 time: 0.0161614
2026-07-16 08:05:18.434 9 INFO neutron.wsgi [None req-c7fdbfae-dec6-45dc-bca7-75404507fefc 3c16e09ca97c48abbb60d81debe674d1 71de93269cbc4b9c918ca7e83e197a78 - - default default] 10.0.0.7 "GET /v2.0/floatingips HTTP/1.1" status: 200 len: 193 time: 0.0219793
2026-07-16 08:05:18.466 9 INFO neutron.wsgi [None req-0d61a351-edc5-4c25-b77a-9c45c71e758d 3c16e09ca97c48abbb60d81debe674d1 71de93269cbc4b9c918ca7e83e197a78 - - default default] 10.0.0.7 "GET /v2.0/subnets HTTP/1.1" status: 200 len: 1437 time: 0.0321593
2026-07-16 08:05:18.666 10 INFO neutron.wsgi [None req-d3959eba-94ab-489b-942d-0daf9c36ee44 3c16e09ca97c48abbb60d81debe674d1 71de93269cbc4b9c918ca7e83e197a78 - - default default] 10.0.0.144 "DELETE /v2.0/security-groups/7dea37dc-a340-4f77-98de-4cdb22444a07 HTTP/1.1" status: 204 len: 168 time: 0.2808354
2026-07-16 08:05:18.880 9 INFO neutron.db.ovn_revision_numbers_db [None req-439f5ee9-2311-4383-b8e7-6390be02fea3 3c16e09ca97c48abbb60d81debe674d1 71de93269cbc4b9c918ca7e83e197a78 - - default default] Successfully bumped revision number for resource 9f919b1e-6b45-4ccd-9787-27a59979312f (type: security_groups) to 1
2026-07-16 08:05:18.896 9 INFO neutron.db.ovn_revision_numbers_db [None req-439f5ee9-2311-4383-b8e7-6390be02fea3 3c16e09ca97c48abbb60d81debe674d1 71de93269cbc4b9c918ca7e83e197a78 - - default default] Successfully bumped revision number for resource 1ca52a9b-662b-478e-bd5a-79bd91b2627e (type: security_group_rules) to 0
2026-07-16 08:05:18.911 9 INFO neutron.db.ovn_revision_numbers_db [None req-439f5ee9-2311-4383-b8e7-6390be02fea3 3c16e09ca97c48abbb60d81debe674d1 71de93269cbc4b9c918ca7e83e197a78 - - default default] Successfully bumped revision number for resource 9911e4b3-f711-4c3e-8966-d69aecc70f68 (type: security_group_rules) to 0
2026-07-16 08:05:18.929 9 INFO neutron.db.ovn_revision_numbers_db [None req-439f5ee9-2311-4383-b8e7-6390be02fea3 3c16e09ca97c48abbb60d81debe674d1 71de93269cbc4b9c918ca7e83e197a78 - - default default] Successfully bumped revision number for resource b4071618-b171-43ef-8db6-2f02f08b41d3 (type: security_group_rules) to 0
2026-07-16 08:05:18.945 9 INFO neutron.db.ovn_revision_numbers_db [None req-439f5ee9-2311-4383-b8e7-6390be02fea3 3c16e09ca97c48abbb60d81debe674d1 71de93269cbc4b9c918ca7e83e197a78 - - default default] Successfully bumped revision number for resource b6774dae-e46e-4d5d-851e-bef6e71ce9c1 (type: security_group_rules) to 0
2026-07-16 08:05:18.969 9 INFO neutron.wsgi [None req-439f5ee9-2311-4383-b8e7-6390be02fea3 3c16e09ca97c48abbb60d81debe674d1 71de93269cbc4b9c918ca7e83e197a78 - - default default] 10.0.0.144 "GET /v2.0/security-groups?tenant_id=0afb4aa03df64edaad62c2b9155fd2e3&name=default HTTP/1.1" status: 200 len: 3000 time: 0.2036664
2026-07-16 08:05:19.171 9 INFO neutron.wsgi [None req-c0429c84-942c-45f8-bf9d-ca37d24f0871 3c16e09ca97c48abbb60d81debe674d1 71de93269cbc4b9c918ca7e83e197a78 - - default default] 10.0.0.144 "DELETE /v2.0/security-groups/9f919b1e-6b45-4ccd-9787-27a59979312f HTTP/1.1" status: 204 len: 168 time: 0.1970465
2026-07-16 08:05:19.506 10 INFO neutron.db.ovn_revision_numbers_db [None req-e30bb579-c67c-4654-940a-0e31305c9832 3c16e09ca97c48abbb60d81debe674d1 71de93269cbc4b9c918ca7e83e197a78 - - default default] Successfully bumped revision number for resource 3768f5ef-d317-40d0-aba1-4a3c3e7290ae (type: security_groups) to 1
