2026-07-16 08:00:18.370 9 INFO neutron.wsgi [None req-f4789547-b2c4-463a-aa00-46f49f5bcfe8 3c16e09ca97c48abbb60d81debe674d1 71de93269cbc4b9c918ca7e83e197a78 - - default default] 10.0.0.7 "GET /v2.0/agents HTTP/1.1" status: 200 len: 997 time: 0.0085588
2026-07-16 08:00:26.885 9 INFO neutron.wsgi [-] 10.0.0.160 "GET / HTTP/1.1" status: 200 len: 246 time: 0.0020442
2026-07-16 08:00:26.886 10 INFO neutron.wsgi [-] 10.0.0.160 "GET / HTTP/1.1" status: 200 len: 246 time: 0.0024178
2026-07-16 08:00:29.735 10 INFO neutron.wsgi [None req-3ea052f1-3881-48b2-9cb2-b19de888c320 3c16e09ca97c48abbb60d81debe674d1 71de93269cbc4b9c918ca7e83e197a78 - - default default] 10.0.0.144 "GET /v2.0/networks HTTP/1.1" status: 200 len: 2369 time: 0.1657829
2026-07-16 08:00:30.865 9 INFO neutron.wsgi [None req-d81a38f9-4e7e-49f2-aacc-9f839000d123 3c16e09ca97c48abbb60d81debe674d1 71de93269cbc4b9c918ca7e83e197a78 - - default default] 10.0.0.144 "GET /v2.0/floatingips HTTP/1.1" status: 200 len: 212 time: 0.0194929
2026-07-16 08:00:30.893 9 INFO neutron.wsgi [None req-59431327-1a62-41df-90b1-f8e56dca0c7c 3c16e09ca97c48abbb60d81debe674d1 71de93269cbc4b9c918ca7e83e197a78 - - default default] 10.0.0.144 "GET /v2.0/routers HTTP/1.1" status: 200 len: 208 time: 0.0236738
2026-07-16 08:00:30.939 9 INFO neutron.wsgi [None req-0db3fbf6-b50d-46a7-a2d0-37d533261c08 3c16e09ca97c48abbb60d81debe674d1 71de93269cbc4b9c918ca7e83e197a78 - - default default] 10.0.0.144 "GET /v2.0/ports HTTP/1.1" status: 200 len: 5370 time: 0.0408311
2026-07-16 08:00:30.979 9 INFO neutron.wsgi [None req-770ce7e0-5142-4a12-bacb-45b8c0b336cf 3c16e09ca97c48abbb60d81debe674d1 71de93269cbc4b9c918ca7e83e197a78 - - default default] 10.0.0.144 "GET /v2.0/subnets HTTP/1.1" status: 200 len: 1456 time: 0.0354853
2026-07-16 08:00:31.050 9 INFO neutron.wsgi [None req-2c9082ea-d2d8-42d7-9d5b-e2acb3c4917d 3c16e09ca97c48abbb60d81debe674d1 71de93269cbc4b9c918ca7e83e197a78 - - default default] 10.0.0.144 "GET /v2.0/networks HTTP/1.1" status: 200 len: 2369 time: 0.0670328
2026-07-16 08:00:31.103 9 INFO neutron.wsgi [None req-cfb0543a-bb21-4c85-be2d-663c4f04e48c 3c16e09ca97c48abbb60d81debe674d1 71de93269cbc4b9c918ca7e83e197a78 - - default default] 10.0.0.144 "GET /v2.0/security-groups HTTP/1.1" status: 200 len: 16822 time: 0.0472353
2026-07-16 08:00:31.118 9 INFO neutron.wsgi [None req-aac0eceb-3556-4b5e-a4a1-eb309a073375 3c16e09ca97c48abbb60d81debe674d1 71de93269cbc4b9c918ca7e83e197a78 - - default default] 10.0.0.144 "GET /v2.0/subnetpools HTTP/1.1" status: 200 len: 212 time: 0.0094373
2026-07-16 08:00:41.883 10 INFO neutron.wsgi [-] 10.0.0.160 "GET / HTTP/1.1" status: 200 len: 246 time: 0.0013456
2026-07-16 08:00:41.885 10 INFO neutron.wsgi [-] 10.0.0.160 "GET / HTTP/1.1" status: 200 len: 246 time: 0.0012033
2026-07-16 08:00:41.933 9 INFO neutron.db.ovn_revision_numbers_db [None req-9039d986-f3c9-4ce0-8604-d5da6b7aa325 3c16e09ca97c48abbb60d81debe674d1 71de93269cbc4b9c918ca7e83e197a78 - - default default] Successfully bumped revision number for resource ee10f83a-3bea-4486-ac3f-cb9c643ff35b (type: security_groups) to 1
2026-07-16 08:00:41.953 9 INFO neutron.db.ovn_revision_numbers_db [None req-9039d986-f3c9-4ce0-8604-d5da6b7aa325 3c16e09ca97c48abbb60d81debe674d1 71de93269cbc4b9c918ca7e83e197a78 - - default default] Successfully bumped revision number for resource 40c6f595-50d8-4af4-a138-d926ba12f555 (type: security_group_rules) to 0
2026-07-16 08:00:41.967 9 INFO neutron.db.ovn_revision_numbers_db [None req-7d4fddf6-85c0-470d-ac24-a8d3880af913 3c16e09ca97c48abbb60d81debe674d1 71de93269cbc4b9c918ca7e83e197a78 - - default default] Successfully bumped revision number for resource ca018840-5805-4c5a-a1cd-911681d2a4c8 (type: security_groups) to 1
2026-07-16 08:00:41.970 9 INFO neutron.db.ovn_revision_numbers_db [None req-9039d986-f3c9-4ce0-8604-d5da6b7aa325 3c16e09ca97c48abbb60d81debe674d1 71de93269cbc4b9c918ca7e83e197a78 - - default default] Successfully bumped revision number for resource 5a95857c-1d2c-4c64-91eb-f219be595868 (type: security_group_rules) to 0
2026-07-16 08:00:41.986 9 INFO neutron.db.ovn_revision_numbers_db [None req-9039d986-f3c9-4ce0-8604-d5da6b7aa325 3c16e09ca97c48abbb60d81debe674d1 71de93269cbc4b9c918ca7e83e197a78 - - default default] Successfully bumped revision number for resource 902b9def-cdc3-4420-885a-c9c9c2fbad02 (type: security_group_rules) to 0
2026-07-16 08:00:41.991 9 INFO neutron.db.ovn_revision_numbers_db [None req-7d4fddf6-85c0-470d-ac24-a8d3880af913 3c16e09ca97c48abbb60d81debe674d1 71de93269cbc4b9c918ca7e83e197a78 - - default default] Successfully bumped revision number for resource 2c8cf50e-2417-42ca-aba5-1959e4c5e3ea (type: security_group_rules) to 0
2026-07-16 08:00:42.002 9 INFO neutron.db.ovn_revision_numbers_db [None req-9039d986-f3c9-4ce0-8604-d5da6b7aa325 3c16e09ca97c48abbb60d81debe674d1 71de93269cbc4b9c918ca7e83e197a78 - - default default] Successfully bumped revision number for resource d60b4177-fcb6-40af-a73a-5c4d65fd5065 (type: security_group_rules) to 0
2026-07-16 08:00:42.008 9 INFO neutron.db.ovn_revision_numbers_db [None req-7d4fddf6-85c0-470d-ac24-a8d3880af913 3c16e09ca97c48abbb60d81debe674d1 71de93269cbc4b9c918ca7e83e197a78 - - default default] Successfully bumped revision number for resource 40f674d9-4800-4cb3-b245-58ea98591acb (type: security_group_rules) to 0
2026-07-16 08:00:42.033 9 INFO neutron.db.ovn_revision_numbers_db [None req-7d4fddf6-85c0-470d-ac24-a8d3880af913 3c16e09ca97c48abbb60d81debe674d1 71de93269cbc4b9c918ca7e83e197a78 - - default default] Successfully bumped revision number for resource 931e1c9f-8279-4c58-972c-3b4c6d847adc (type: security_group_rules) to 0
2026-07-16 08:00:42.061 9 INFO neutron.db.segments_db [None req-9039d986-f3c9-4ce0-8604-d5da6b7aa325 3c16e09ca97c48abbb60d81debe674d1 71de93269cbc4b9c918ca7e83e197a78 - - default default] Added segment a9939f47-80ca-4a93-9ba0-0adec7881477 of type geneve for network 9986a033-da3f-44d9-9c83-9eae402c9fdb
2026-07-16 08:00:42.062 9 INFO neutron.db.ovn_revision_numbers_db [None req-7d4fddf6-85c0-470d-ac24-a8d3880af913 3c16e09ca97c48abbb60d81debe674d1 71de93269cbc4b9c918ca7e83e197a78 - - default default] Successfully bumped revision number for resource c7cec470-d79a-43ef-b3ba-48566798eb8e (type: security_group_rules) to 0
2026-07-16 08:00:42.071 10 INFO neutron.db.ovn_revision_numbers_db [None req-d645c3ca-33b9-4c24-ae8b-4285ecc201ba 3c16e09ca97c48abbb60d81debe674d1 71de93269cbc4b9c918ca7e83e197a78 - - default default] Successfully bumped revision number for resource 117417ef-97aa-43bd-a479-097d0de7ad67 (type: security_groups) to 1
2026-07-16 08:00:42.102 10 INFO neutron.db.ovn_revision_numbers_db [None req-d645c3ca-33b9-4c24-ae8b-4285ecc201ba 3c16e09ca97c48abbb60d81debe674d1 71de93269cbc4b9c918ca7e83e197a78 - - default default] Successfully bumped revision number for resource 04512fe3-8184-4546-a54d-9215343597dd (type: security_group_rules) to 0
2026-07-16 08:00:42.115 10 INFO neutron.db.ovn_revision_numbers_db [None req-d645c3ca-33b9-4c24-ae8b-4285ecc201ba 3c16e09ca97c48abbb60d81debe674d1 71de93269cbc4b9c918ca7e83e197a78 - - default default] Successfully bumped revision number for resource b44fde8a-157a-404f-bdca-679c70bf3c3a (type: security_group_rules) to 0
2026-07-16 08:00:42.127 9 INFO neutron.db.segments_db [None req-7d4fddf6-85c0-470d-ac24-a8d3880af913 3c16e09ca97c48abbb60d81debe674d1 71de93269cbc4b9c918ca7e83e197a78 - - default default] Added segment 0217ea9d-8995-4c6d-a7bc-0bd0d99f1971 of type geneve for network 8b3ed1b7-8d3a-426e-84c5-0c18ad40ec8c
2026-07-16 08:00:42.132 10 INFO neutron.db.ovn_revision_numbers_db [None req-d645c3ca-33b9-4c24-ae8b-4285ecc201ba 3c16e09ca97c48abbb60d81debe674d1 71de93269cbc4b9c918ca7e83e197a78 - - default default] Successfully bumped revision number for resource b64e9ff6-4f34-4091-b5fb-ede950b32eb9 (type: security_group_rules) to 0
2026-07-16 08:00:42.148 10 INFO neutron.db.ovn_revision_numbers_db [None req-d645c3ca-33b9-4c24-ae8b-4285ecc201ba 3c16e09ca97c48abbb60d81debe674d1 71de93269cbc4b9c918ca7e83e197a78 - - default default] Successfully bumped revision number for resource ec48ce57-e89d-4ebe-8a89-0f7d8b3339c7 (type: security_group_rules) to 0
2026-07-16 08:00:42.196 10 INFO neutron.db.segments_db [None req-d645c3ca-33b9-4c24-ae8b-4285ecc201ba 3c16e09ca97c48abbb60d81debe674d1 71de93269cbc4b9c918ca7e83e197a78 - - default default] Added segment ffb0a614-6a13-4fbe-bc5d-5ed70c3083ca of type geneve for network 249a3819-61f1-4f94-8fc4-ed372a28d8e3
2026-07-16 08:00:42.271 9 INFO neutron.db.ovn_revision_numbers_db [None req-9039d986-f3c9-4ce0-8604-d5da6b7aa325 3c16e09ca97c48abbb60d81debe674d1 71de93269cbc4b9c918ca7e83e197a78 - - default default] Successfully bumped revision number for resource 9986a033-da3f-44d9-9c83-9eae402c9fdb (type: networks) to 1
2026-07-16 08:00:42.325 9 INFO neutron.db.ovn_revision_numbers_db [None req-7d4fddf6-85c0-470d-ac24-a8d3880af913 3c16e09ca97c48abbb60d81debe674d1 71de93269cbc4b9c918ca7e83e197a78 - - default default] Successfully bumped revision number for resource 8b3ed1b7-8d3a-426e-84c5-0c18ad40ec8c (type: networks) to 1
2026-07-16 08:00:42.358 10 INFO neutron.db.ovn_revision_numbers_db [None req-d645c3ca-33b9-4c24-ae8b-4285ecc201ba 3c16e09ca97c48abbb60d81debe674d1 71de93269cbc4b9c918ca7e83e197a78 - - default default] Successfully bumped revision number for resource 249a3819-61f1-4f94-8fc4-ed372a28d8e3 (type: networks) to 1
2026-07-16 08:00:42.496 9 WARNING neutron.scheduler.dhcp_agent_scheduler [None req-9039d986-f3c9-4ce0-8604-d5da6b7aa325 3c16e09ca97c48abbb60d81debe674d1 71de93269cbc4b9c918ca7e83e197a78 - - default default] No more DHCP agents
2026-07-16 08:00:42.499 9 WARNING neutron.api.rpc.agentnotifiers.dhcp_rpc_agent_api [None req-9039d986-f3c9-4ce0-8604-d5da6b7aa325 3c16e09ca97c48abbb60d81debe674d1 71de93269cbc4b9c918ca7e83e197a78 - - default default] Unable to schedule network 9986a033-da3f-44d9-9c83-9eae402c9fdb: no agents available; will retry on subsequent port and subnet creation events.
2026-07-16 08:00:42.531 10 WARNING neutron.scheduler.dhcp_agent_scheduler [None req-d645c3ca-33b9-4c24-ae8b-4285ecc201ba 3c16e09ca97c48abbb60d81debe674d1 71de93269cbc4b9c918ca7e83e197a78 - - default default] No more DHCP agents
2026-07-16 08:00:42.534 10 WARNING neutron.api.rpc.agentnotifiers.dhcp_rpc_agent_api [None req-d645c3ca-33b9-4c24-ae8b-4285ecc201ba 3c16e09ca97c48abbb60d81debe674d1 71de93269cbc4b9c918ca7e83e197a78 - - default default] Unable to schedule network 249a3819-61f1-4f94-8fc4-ed372a28d8e3: no agents available; will retry on subsequent port and subnet creation events.
2026-07-16 08:00:42.561 9 WARNING neutron.scheduler.dhcp_agent_scheduler [None req-7d4fddf6-85c0-470d-ac24-a8d3880af913 3c16e09ca97c48abbb60d81debe674d1 71de93269cbc4b9c918ca7e83e197a78 - - default default] No more DHCP agents
2026-07-16 08:00:42.567 9 WARNING neutron.api.rpc.agentnotifiers.dhcp_rpc_agent_api [None req-7d4fddf6-85c0-470d-ac24-a8d3880af913 3c16e09ca97c48abbb60d81debe674d1 71de93269cbc4b9c918ca7e83e197a78 - - default default] Unable to schedule network 8b3ed1b7-8d3a-426e-84c5-0c18ad40ec8c: no agents available; will retry on subsequent port and subnet creation events.
2026-07-16 08:00:42.619 9 INFO neutron.db.ovn_revision_numbers_db [None req-9039d986-f3c9-4ce0-8604-d5da6b7aa325 3c16e09ca97c48abbb60d81debe674d1 71de93269cbc4b9c918ca7e83e197a78 - - default default] Successfully bumped revision number for resource 6cdbb28f-a6dc-46ff-9403-7ee60fe26264 (type: ports) to 1
2026-07-16 08:00:42.626 10 INFO neutron.db.ovn_revision_numbers_db [None req-d645c3ca-33b9-4c24-ae8b-4285ecc201ba 3c16e09ca97c48abbb60d81debe674d1 71de93269cbc4b9c918ca7e83e197a78 - - default default] Successfully bumped revision number for resource bcdaa1f6-01b3-4fed-a1a5-c05ce507a6ca (type: ports) to 1
2026-07-16 08:00:42.665 10 INFO neutron.wsgi [None req-d645c3ca-33b9-4c24-ae8b-4285ecc201ba 3c16e09ca97c48abbb60d81debe674d1 71de93269cbc4b9c918ca7e83e197a78 - - default default] 10.0.0.144 "POST /v2.0/networks HTTP/1.1" status: 201 len: 946 time: 0.7794917
2026-07-16 08:00:42.666 9 INFO neutron.wsgi [None req-9039d986-f3c9-4ce0-8604-d5da6b7aa325 3c16e09ca97c48abbb60d81debe674d1 71de93269cbc4b9c918ca7e83e197a78 - - default default] 10.0.0.144 "POST /v2.0/networks HTTP/1.1" status: 201 len: 950 time: 1.0395455
2026-07-16 08:00:42.694 9 INFO neutron.db.ovn_revision_numbers_db [None req-7d4fddf6-85c0-470d-ac24-a8d3880af913 3c16e09ca97c48abbb60d81debe674d1 71de93269cbc4b9c918ca7e83e197a78 - - default default] Successfully bumped revision number for resource 714e09e1-9ffc-45a4-9c22-09a98611db28 (type: ports) to 1
2026-07-16 08:00:42.738 9 INFO neutron.wsgi [None req-7d4fddf6-85c0-470d-ac24-a8d3880af913 3c16e09ca97c48abbb60d81debe674d1 71de93269cbc4b9c918ca7e83e197a78 - - default default] 10.0.0.144 "POST /v2.0/networks HTTP/1.1" status: 201 len: 946 time: 1.0263603
2026-07-16 08:00:42.882 9 WARNING neutron.scheduler.dhcp_agent_scheduler [None req-b2a45b01-177f-4779-8445-388d26cccd5f 3c16e09ca97c48abbb60d81debe674d1 71de93269cbc4b9c918ca7e83e197a78 - - default default] No more DHCP agents
2026-07-16 08:00:42.885 9 WARNING neutron.api.rpc.agentnotifiers.dhcp_rpc_agent_api [None req-b2a45b01-177f-4779-8445-388d26cccd5f 3c16e09ca97c48abbb60d81debe674d1 71de93269cbc4b9c918ca7e83e197a78 - - default default] Unable to schedule network 9986a033-da3f-44d9-9c83-9eae402c9fdb: no agents available; will retry on subsequent port and subnet creation events.
2026-07-16 08:00:42.921 10 WARNING neutron.scheduler.dhcp_agent_scheduler [None req-392fc5e9-b801-4e8f-b337-f5ad28e42863 3c16e09ca97c48abbb60d81debe674d1 71de93269cbc4b9c918ca7e83e197a78 - - default default] No more DHCP agents
2026-07-16 08:00:42.926 10 WARNING neutron.api.rpc.agentnotifiers.dhcp_rpc_agent_api [None req-392fc5e9-b801-4e8f-b337-f5ad28e42863 3c16e09ca97c48abbb60d81debe674d1 71de93269cbc4b9c918ca7e83e197a78 - - default default] Unable to schedule network 249a3819-61f1-4f94-8fc4-ed372a28d8e3: no agents available; will retry on subsequent port and subnet creation events.
2026-07-16 08:00:43.021 10 WARNING neutron.scheduler.dhcp_agent_scheduler [None req-9b8fd13d-703a-4396-88f0-fd3aa4c01d0c 3c16e09ca97c48abbb60d81debe674d1 71de93269cbc4b9c918ca7e83e197a78 - - default default] No more DHCP agents
2026-07-16 08:00:43.026 10 WARNING neutron.api.rpc.agentnotifiers.dhcp_rpc_agent_api [None req-9b8fd13d-703a-4396-88f0-fd3aa4c01d0c 3c16e09ca97c48abbb60d81debe674d1 71de93269cbc4b9c918ca7e83e197a78 - - default default] Unable to schedule network 8b3ed1b7-8d3a-426e-84c5-0c18ad40ec8c: no agents available; will retry on subsequent port and subnet creation events.
2026-07-16 08:00:43.107 10 INFO neutron.db.ovn_revision_numbers_db [None req-3001e047-e8f3-4322-bee9-f89ba4a85efe 3c16e09ca97c48abbb60d81debe674d1 71de93269cbc4b9c918ca7e83e197a78 - - default default] Successfully bumped revision number for resource f3f5896e-288a-4410-acd4-d1bcc33a644e (type: security_groups) to 1
2026-07-16 08:00:43.137 10 INFO neutron.db.ovn_revision_numbers_db [None req-3001e047-e8f3-4322-bee9-f89ba4a85efe 3c16e09ca97c48abbb60d81debe674d1 71de93269cbc4b9c918ca7e83e197a78 - - default default] Successfully bumped revision number for resource 464b62dc-e03f-4f69-9e32-4fd090a9a07a (type: security_group_rules) to 0
2026-07-16 08:00:43.157 10 INFO neutron.db.ovn_revision_numbers_db [None req-3001e047-e8f3-4322-bee9-f89ba4a85efe 3c16e09ca97c48abbb60d81debe674d1 71de93269cbc4b9c918ca7e83e197a78 - - default default] Successfully bumped revision number for resource 635713f1-5da9-440a-a6a5-a3104a8891a3 (type: security_group_rules) to 0
2026-07-16 08:00:43.199 10 INFO neutron.db.ovn_revision_numbers_db [None req-3001e047-e8f3-4322-bee9-f89ba4a85efe 3c16e09ca97c48abbb60d81debe674d1 71de93269cbc4b9c918ca7e83e197a78 - - default default] Successfully bumped revision number for resource a0e83ee2-d9f3-4474-8d55-1d4ebf09c1b5 (type: security_group_rules) to 0
2026-07-16 08:00:43.236 10 INFO neutron.db.ovn_revision_numbers_db [None req-3001e047-e8f3-4322-bee9-f89ba4a85efe 3c16e09ca97c48abbb60d81debe674d1 71de93269cbc4b9c918ca7e83e197a78 - - default default] Successfully bumped revision number for resource f17bf770-7d54-4acf-ad00-37be60f4c6de (type: security_group_rules) to 0
2026-07-16 08:00:43.303 10 INFO neutron.wsgi [None req-3001e047-e8f3-4322-bee9-f89ba4a85efe 3c16e09ca97c48abbb60d81debe674d1 71de93269cbc4b9c918ca7e83e197a78 - - default default] 10.0.0.144 "GET /v2.0/security-groups?tenant_id=1cc9248141e94e93ae84322a8ed6a825&name=default HTTP/1.1" status: 200 len: 2992 time: 0.5791473
2026-07-16 08:00:43.509 9 INFO neutron.db.ovn_revision_numbers_db [None req-b2a45b01-177f-4779-8445-388d26cccd5f 3c16e09ca97c48abbb60d81debe674d1 71de93269cbc4b9c918ca7e83e197a78 - - default default] Successfully bumped revision number for resource 6cdbb28f-a6dc-46ff-9403-7ee60fe26264 (type: ports) to 2
2026-07-16 08:00:43.561 9 INFO neutron.db.ovn_revision_numbers_db [None req-b2a45b01-177f-4779-8445-388d26cccd5f 3c16e09ca97c48abbb60d81debe674d1 71de93269cbc4b9c918ca7e83e197a78 - - default default] Successfully bumped revision number for resource 9192efe9-5023-4744-b323-836e530644d5 (type: subnets) to 0
2026-07-16 08:00:43.583 9 INFO neutron.wsgi [None req-b2a45b01-177f-4779-8445-388d26cccd5f 3c16e09ca97c48abbb60d81debe674d1 71de93269cbc4b9c918ca7e83e197a78 - - default default] 10.0.0.144 "POST /v2.0/subnets HTTP/1.1" status: 201 len: 870 time: 0.9108233
2026-07-16 08:00:43.846 10 INFO neutron.wsgi [None req-6412ddbc-eb9b-49ed-b54e-96300a6e7cc8 3c16e09ca97c48abbb60d81debe674d1 71de93269cbc4b9c918ca7e83e197a78 - - default default] 10.0.0.144 "DELETE /v2.0/security-groups/f3f5896e-288a-4410-acd4-d1bcc33a644e HTTP/1.1" status: 204 len: 168 time: 0.5368354
2026-07-16 08:00:43.850 10 INFO neutron.db.ovn_revision_numbers_db [None req-392fc5e9-b801-4e8f-b337-f5ad28e42863 3c16e09ca97c48abbb60d81debe674d1 71de93269cbc4b9c918ca7e83e197a78 - - default default] Successfully bumped revision number for resource bcdaa1f6-01b3-4fed-a1a5-c05ce507a6ca (type: ports) to 2
2026-07-16 08:00:43.894 10 INFO neutron.db.ovn_revision_numbers_db [None req-392fc5e9-b801-4e8f-b337-f5ad28e42863 3c16e09ca97c48abbb60d81debe674d1 71de93269cbc4b9c918ca7e83e197a78 - - default default] Successfully bumped revision number for resource 4920c9c6-2c76-4ceb-bbff-bdb03488d3c3 (type: subnets) to 0
2026-07-16 08:00:43.898 10 INFO neutron.db.ovn_revision_numbers_db [None req-9b8fd13d-703a-4396-88f0-fd3aa4c01d0c 3c16e09ca97c48abbb60d81debe674d1 71de93269cbc4b9c918ca7e83e197a78 - - default default] Successfully bumped revision number for resource 714e09e1-9ffc-45a4-9c22-09a98611db28 (type: ports) to 2
2026-07-16 08:00:43.914 10 INFO neutron.wsgi [None req-392fc5e9-b801-4e8f-b337-f5ad28e42863 3c16e09ca97c48abbb60d81debe674d1 71de93269cbc4b9c918ca7e83e197a78 - - default default] 10.0.0.144 "POST /v2.0/subnets HTTP/1.1" status: 201 len: 866 time: 1.2429354
2026-07-16 08:00:43.937 10 INFO neutron.db.ovn_revision_numbers_db [None req-9b8fd13d-703a-4396-88f0-fd3aa4c01d0c 3c16e09ca97c48abbb60d81debe674d1 71de93269cbc4b9c918ca7e83e197a78 - - default default] Successfully bumped revision number for resource f0efe8d8-4a7f-43ec-9781-7e7c2cebad04 (type: subnets) to 0
2026-07-16 08:00:43.952 10 INFO neutron.wsgi [None req-9b8fd13d-703a-4396-88f0-fd3aa4c01d0c 3c16e09ca97c48abbb60d81debe674d1 71de93269cbc4b9c918ca7e83e197a78 - - default default] 10.0.0.144 "POST /v2.0/subnets HTTP/1.1" status: 201 len: 866 time: 1.2004285
2026-07-16 08:00:44.162 9 WARNING neutron.scheduler.dhcp_agent_scheduler [None req-cc5d1333-3dfc-4bdb-bc31-f86499508414 3c16e09ca97c48abbb60d81debe674d1 71de93269cbc4b9c918ca7e83e197a78 - - default default] No more DHCP agents
2026-07-16 08:00:44.164 9 WARNING neutron.api.rpc.agentnotifiers.dhcp_rpc_agent_api [None req-cc5d1333-3dfc-4bdb-bc31-f86499508414 3c16e09ca97c48abbb60d81debe674d1 71de93269cbc4b9c918ca7e83e197a78 - - default default] Unable to schedule network eb2eed8e-9f13-490c-9010-49ac32b30e05: no agents available; will retry on subsequent port and subnet creation events.
2026-07-16 08:00:44.380 10 WARNING neutron.scheduler.dhcp_agent_scheduler [None req-85046c57-22f3-4909-8677-7738975e98a8 3c16e09ca97c48abbb60d81debe674d1 71de93269cbc4b9c918ca7e83e197a78 - - default default] No more DHCP agents
2026-07-16 08:00:44.381 10 WARNING neutron.api.rpc.agentnotifiers.dhcp_rpc_agent_api [None req-85046c57-22f3-4909-8677-7738975e98a8 3c16e09ca97c48abbb60d81debe674d1 71de93269cbc4b9c918ca7e83e197a78 - - default default] Unable to schedule network eb2eed8e-9f13-490c-9010-49ac32b30e05: no agents available; will retry on subsequent port and subnet creation events.
2026-07-16 08:00:44.416 9 INFO neutron.db.ovn_revision_numbers_db [None req-cc5d1333-3dfc-4bdb-bc31-f86499508414 3c16e09ca97c48abbb60d81debe674d1 71de93269cbc4b9c918ca7e83e197a78 - - default default] Successfully bumped revision number for resource 8182f64f-3c55-47f2-95bb-74272228ab54 (type: ports) to 1
2026-07-16 08:00:44.575 10 INFO neutron.db.ovn_revision_numbers_db [None req-85046c57-22f3-4909-8677-7738975e98a8 3c16e09ca97c48abbb60d81debe674d1 71de93269cbc4b9c918ca7e83e197a78 - - default default] Successfully bumped revision number for resource 86c80d06-32a8-4692-bf87-1f7a17e7e171 (type: ports) to 1
2026-07-16 08:00:44.619 9 WARNING neutron.scheduler.dhcp_agent_scheduler [None req-7cb63089-62e0-40c1-a66e-42903397e2c9 3c16e09ca97c48abbb60d81debe674d1 71de93269cbc4b9c918ca7e83e197a78 - - default default] No more DHCP agents
2026-07-16 08:00:44.623 9 WARNING neutron.api.rpc.agentnotifiers.dhcp_rpc_agent_api [None req-7cb63089-62e0-40c1-a66e-42903397e2c9 3c16e09ca97c48abbb60d81debe674d1 71de93269cbc4b9c918ca7e83e197a78 - - default default] Unable to schedule network eb2eed8e-9f13-490c-9010-49ac32b30e05: no agents available; will retry on subsequent port and subnet creation events.
2026-07-16 08:00:44.813 9 INFO neutron.db.ovn_revision_numbers_db [None req-7cb63089-62e0-40c1-a66e-42903397e2c9 3c16e09ca97c48abbb60d81debe674d1 71de93269cbc4b9c918ca7e83e197a78 - - default default] Successfully bumped revision number for resource d29fd0cb-05d6-4817-9502-9db4ff154ef2 (type: ports) to 1
2026-07-16 08:00:44.834 9 INFO neutron.plugins.ml2.drivers.ovn.mech_driver.ovsdb.extensions.qos [None req-cc5d1333-3dfc-4bdb-bc31-f86499508414 3c16e09ca97c48abbb60d81debe674d1 71de93269cbc4b9c918ca7e83e197a78 - - default default] Starting OVNClientQosExtension
2026-07-16 08:00:44.888 10 INFO neutron.plugins.ml2.drivers.ovn.mech_driver.ovsdb.extensions.qos [None req-85046c57-22f3-4909-8677-7738975e98a8 3c16e09ca97c48abbb60d81debe674d1 71de93269cbc4b9c918ca7e83e197a78 - - default default] Starting OVNClientQosExtension
2026-07-16 08:00:45.166 9 INFO neutron.plugins.ml2.drivers.ovn.mech_driver.mech_driver [None req-9922bd46-0a33-49c9-aed7-aec754b2273a - - - - - -] OVN reports status up for port: 86c80d06-32a8-4692-bf87-1f7a17e7e171
2026-07-16 08:00:45.174 9 INFO neutron.plugins.ml2.drivers.ovn.mech_driver.ovsdb.ovsdb_monitor [-] Router f36f8852-eb87-4646-b920-45354659c46e is bound to host instance
2026-07-16 08:00:45.194 10 INFO neutron.db.ovn_revision_numbers_db [None req-85046c57-22f3-4909-8677-7738975e98a8 3c16e09ca97c48abbb60d81debe674d1 71de93269cbc4b9c918ca7e83e197a78 - - default default] Successfully bumped revision number for resource 86c80d06-32a8-4692-bf87-1f7a17e7e171 (type: router_ports) to 1
2026-07-16 08:00:45.207 9 INFO neutron.plugins.ml2.plugin [None req-9922bd46-0a33-49c9-aed7-aec754b2273a - - - - - -] Attempt 1 to provision port 86c80d06-32a8-4692-bf87-1f7a17e7e171
2026-07-16 08:00:45.262 10 INFO neutron.db.ovn_revision_numbers_db [None req-85046c57-22f3-4909-8677-7738975e98a8 3c16e09ca97c48abbb60d81debe674d1 71de93269cbc4b9c918ca7e83e197a78 - - default default] Successfully bumped revision number for resource f36f8852-eb87-4646-b920-45354659c46e (type: routers) to 2
2026-07-16 08:00:45.275 10 INFO neutron.wsgi [None req-85046c57-22f3-4909-8677-7738975e98a8 3c16e09ca97c48abbb60d81debe674d1 71de93269cbc4b9c918ca7e83e197a78 - - default default] 10.0.0.144 "POST /v2.0/routers HTTP/1.1" status: 201 len: 877 time: 1.3557997
2026-07-16 08:00:45.430 10 INFO neutron.plugins.ml2.drivers.ovn.mech_driver.mech_driver [None req-1fed577b-fa7b-4690-8202-c757e3ffe61d - - - - - -] OVN reports status up for port: 8182f64f-3c55-47f2-95bb-74272228ab54
2026-07-16 08:00:45.445 10 INFO neutron.plugins.ml2.plugin [None req-1fed577b-fa7b-4690-8202-c757e3ffe61d - - - - - -] Attempt 1 to provision port 8182f64f-3c55-47f2-95bb-74272228ab54
2026-07-16 08:00:45.497 9 INFO neutron.db.ovn_revision_numbers_db [None req-cc5d1333-3dfc-4bdb-bc31-f86499508414 3c16e09ca97c48abbb60d81debe674d1 71de93269cbc4b9c918ca7e83e197a78 - - default default] Successfully bumped revision number for resource 8182f64f-3c55-47f2-95bb-74272228ab54 (type: router_ports) to 1
2026-07-16 08:00:45.614 9 INFO neutron.db.ovn_revision_numbers_db [None req-cc5d1333-3dfc-4bdb-bc31-f86499508414 3c16e09ca97c48abbb60d81debe674d1 71de93269cbc4b9c918ca7e83e197a78 - - default default] Successfully bumped revision number for resource f8e5213e-0861-4e08-aba0-b4562d0bb7ce (type: routers) to 2
2026-07-16 08:00:45.641 9 INFO neutron.wsgi [None req-cc5d1333-3dfc-4bdb-bc31-f86499508414 3c16e09ca97c48abbb60d81debe674d1 71de93269cbc4b9c918ca7e83e197a78 - - default default] 10.0.0.144 "POST /v2.0/routers HTTP/1.1" status: 201 len: 881 time: 2.0479290
2026-07-16 08:00:45.936 10 WARNING neutron.scheduler.dhcp_agent_scheduler [None req-cb5c7f4f-7354-436c-8ef3-4685da036e30 3c16e09ca97c48abbb60d81debe674d1 71de93269cbc4b9c918ca7e83e197a78 - - default default] No more DHCP agents
2026-07-16 08:00:45.939 10 WARNING neutron.api.rpc.agentnotifiers.dhcp_rpc_agent_api [None req-cb5c7f4f-7354-436c-8ef3-4685da036e30 3c16e09ca97c48abbb60d81debe674d1 71de93269cbc4b9c918ca7e83e197a78 - - default default] Unable to schedule network 249a3819-61f1-4f94-8fc4-ed372a28d8e3: no agents available; will retry on subsequent port and subnet creation events.
2026-07-16 08:00:46.005 10 INFO neutron.plugins.ml2.drivers.ovn.mech_driver.ovsdb.ovsdb_monitor [-] Router 020b3eb2-eca6-4800-bdb8-2abdf54da3fc is bound to host instance
2026-07-16 08:00:46.018 9 INFO neutron.db.ovn_revision_numbers_db [None req-7cb63089-62e0-40c1-a66e-42903397e2c9 3c16e09ca97c48abbb60d81debe674d1 71de93269cbc4b9c918ca7e83e197a78 - - default default] Successfully bumped revision number for resource d29fd0cb-05d6-4817-9502-9db4ff154ef2 (type: router_ports) to 1
2026-07-16 08:00:46.063 9 INFO neutron.db.ovn_revision_numbers_db [None req-cdf6c8a5-d0a0-4036-9ca1-5573bac1a875 - - - - - -] Successfully bumped revision number for resource 86c80d06-32a8-4692-bf87-1f7a17e7e171 (type: ports) to 1
2026-07-16 08:00:46.070 9 INFO neutron.db.ovn_revision_numbers_db [None req-0eb33892-e6a0-46c8-a2a5-f3c4853cb32a 3c16e09ca97c48abbb60d81debe674d1 71de93269cbc4b9c918ca7e83e197a78 - - default default] Successfully bumped revision number for resource 9260834b-8133-430b-afeb-48c808219c2f (type: security_groups) to 1
2026-07-16 08:00:46.091 9 INFO neutron.db.ovn_revision_numbers_db [None req-0eb33892-e6a0-46c8-a2a5-f3c4853cb32a 3c16e09ca97c48abbb60d81debe674d1 71de93269cbc4b9c918ca7e83e197a78 - - default default] Successfully bumped revision number for resource 00f49765-4de8-45df-908f-96b92bee3d3e (type: security_group_rules) to 0
2026-07-16 08:00:46.107 9 INFO neutron.db.ovn_revision_numbers_db [None req-7cb63089-62e0-40c1-a66e-42903397e2c9 3c16e09ca97c48abbb60d81debe674d1 71de93269cbc4b9c918ca7e83e197a78 - - default default] Successfully bumped revision number for resource 020b3eb2-eca6-4800-bdb8-2abdf54da3fc (type: routers) to 2
2026-07-16 08:00:46.120 9 INFO neutron.db.ovn_revision_numbers_db [None req-0eb33892-e6a0-46c8-a2a5-f3c4853cb32a 3c16e09ca97c48abbb60d81debe674d1 71de93269cbc4b9c918ca7e83e197a78 - - default default] Successfully bumped revision number for resource a1eee06d-7fdf-471d-8873-dd019b5dc2ab (type: security_group_rules) to 0
2026-07-16 08:00:46.132 9 INFO neutron.wsgi [None req-7cb63089-62e0-40c1-a66e-42903397e2c9 3c16e09ca97c48abbb60d81debe674d1 71de93269cbc4b9c918ca7e83e197a78 - - default default] 10.0.0.144 "POST /v2.0/routers HTTP/1.1" status: 201 len: 877 time: 2.1751690
2026-07-16 08:00:46.142 9 INFO neutron.db.ovn_revision_numbers_db [None req-0eb33892-e6a0-46c8-a2a5-f3c4853cb32a 3c16e09ca97c48abbb60d81debe674d1 71de93269cbc4b9c918ca7e83e197a78 - - default default] Successfully bumped revision number for resource afc5da52-7285-4ac4-b9f2-a79223df1fbd (type: security_group_rules) to 0
2026-07-16 08:00:46.197 9 INFO neutron.db.ovn_revision_numbers_db [None req-0eb33892-e6a0-46c8-a2a5-f3c4853cb32a 3c16e09ca97c48abbb60d81debe674d1 71de93269cbc4b9c918ca7e83e197a78 - - default default] Successfully bumped revision number for resource dd51af72-f31e-4f8b-8160-11b1b0aa0347 (type: security_group_rules) to 0
2026-07-16 08:00:46.217 10 INFO neutron.db.ovn_revision_numbers_db [None req-cb5c7f4f-7354-436c-8ef3-4685da036e30 3c16e09ca97c48abbb60d81debe674d1 71de93269cbc4b9c918ca7e83e197a78 - - default default] Successfully bumped revision number for resource 1594c02b-8513-4bd0-9b36-751e935fbbea (type: ports) to 1
2026-07-16 08:00:46.272 9 INFO neutron.db.segments_db [None req-0eb33892-e6a0-46c8-a2a5-f3c4853cb32a 3c16e09ca97c48abbb60d81debe674d1 71de93269cbc4b9c918ca7e83e197a78 - - default default] Added segment 03fbef37-438c-4bfa-9cff-375fb4323e99 of type geneve for network 69a4a399-a3a2-4763-8cc0-171bf99865c3
2026-07-16 08:00:46.346 10 WARNING neutron.scheduler.dhcp_agent_scheduler [None req-2f15550a-6e43-49fb-96e5-9efc496316de 3c16e09ca97c48abbb60d81debe674d1 71de93269cbc4b9c918ca7e83e197a78 - - default default] No more DHCP agents
2026-07-16 08:00:46.356 10 WARNING neutron.api.rpc.agentnotifiers.dhcp_rpc_agent_api [None req-2f15550a-6e43-49fb-96e5-9efc496316de 3c16e09ca97c48abbb60d81debe674d1 71de93269cbc4b9c918ca7e83e197a78 - - default default] Unable to schedule network 9986a033-da3f-44d9-9c83-9eae402c9fdb: no agents available; will retry on subsequent port and subnet creation events.
2026-07-16 08:00:46.395 9 INFO neutron.db.ovn_revision_numbers_db [None req-cdf6c8a5-d0a0-4036-9ca1-5573bac1a875 - - - - - -] Successfully bumped revision number for resource 86c80d06-32a8-4692-bf87-1f7a17e7e171 (type: router_ports) to 3
2026-07-16 08:00:46.493 9 INFO neutron.db.ovn_revision_numbers_db [None req-0eb33892-e6a0-46c8-a2a5-f3c4853cb32a 3c16e09ca97c48abbb60d81debe674d1 71de93269cbc4b9c918ca7e83e197a78 - - default default] Successfully bumped revision number for resource 69a4a399-a3a2-4763-8cc0-171bf99865c3 (type: networks) to 1
2026-07-16 08:00:46.662 9 INFO neutron.db.ovn_revision_numbers_db [None req-cdf6c8a5-d0a0-4036-9ca1-5573bac1a875 - - - - - -] Successfully bumped revision number for resource 86c80d06-32a8-4692-bf87-1f7a17e7e171 (type: ports) to 2
2026-07-16 08:00:46.720 10 INFO neutron.db.ovn_revision_numbers_db [None req-2f15550a-6e43-49fb-96e5-9efc496316de 3c16e09ca97c48abbb60d81debe674d1 71de93269cbc4b9c918ca7e83e197a78 - - default default] Successfully bumped revision number for resource 41dda0a7-a88c-4015-9749-6e9e5fde517f (type: ports) to 1
2026-07-16 08:00:46.863 9 WARNING neutron.scheduler.dhcp_agent_scheduler [None req-0eb33892-e6a0-46c8-a2a5-f3c4853cb32a 3c16e09ca97c48abbb60d81debe674d1 71de93269cbc4b9c918ca7e83e197a78 - - default default] No more DHCP agents
2026-07-16 08:00:46.868 9 WARNING neutron.api.rpc.agentnotifiers.dhcp_rpc_agent_api [None req-0eb33892-e6a0-46c8-a2a5-f3c4853cb32a 3c16e09ca97c48abbb60d81debe674d1 71de93269cbc4b9c918ca7e83e197a78 - - default default] Unable to schedule network 69a4a399-a3a2-4763-8cc0-171bf99865c3: no agents available; will retry on subsequent port and subnet creation events.
2026-07-16 08:00:46.905 10 INFO neutron.db.ovn_revision_numbers_db [None req-b1b1c941-bebc-4e4b-aaf6-97469fbdd25d - - - - - -] Successfully bumped revision number for resource d29fd0cb-05d6-4817-9502-9db4ff154ef2 (type: ports) to 1
2026-07-16 08:00:47.010 9 WARNING neutron.scheduler.dhcp_agent_scheduler [None req-a292b5d1-eebe-4325-bd85-50a26ac97116 3c16e09ca97c48abbb60d81debe674d1 71de93269cbc4b9c918ca7e83e197a78 - - default default] No more DHCP agents
2026-07-16 08:00:47.015 9 INFO neutron.db.ovn_revision_numbers_db [None req-0eb33892-e6a0-46c8-a2a5-f3c4853cb32a 3c16e09ca97c48abbb60d81debe674d1 71de93269cbc4b9c918ca7e83e197a78 - - default default] Successfully bumped revision number for resource e1989ad2-5724-45c6-b72f-839b512889b1 (type: ports) to 1
2026-07-16 08:00:47.018 9 WARNING neutron.api.rpc.agentnotifiers.dhcp_rpc_agent_api [None req-a292b5d1-eebe-4325-bd85-50a26ac97116 3c16e09ca97c48abbb60d81debe674d1 71de93269cbc4b9c918ca7e83e197a78 - - default default] Unable to schedule network 8b3ed1b7-8d3a-426e-84c5-0c18ad40ec8c: no agents available; will retry on subsequent port and subnet creation events.
2026-07-16 08:00:47.056 9 INFO neutron.wsgi [None req-0eb33892-e6a0-46c8-a2a5-f3c4853cb32a 3c16e09ca97c48abbb60d81debe674d1 71de93269cbc4b9c918ca7e83e197a78 - - default default] 10.0.0.144 "POST /v2.0/networks HTTP/1.1" status: 201 len: 946 time: 1.4806459
2026-07-16 08:00:47.070 10 INFO neutron.db.ovn_revision_numbers_db [None req-cb5c7f4f-7354-436c-8ef3-4685da036e30 3c16e09ca97c48abbb60d81debe674d1 71de93269cbc4b9c918ca7e83e197a78 - - default default] Successfully bumped revision number for resource 1594c02b-8513-4bd0-9b36-751e935fbbea (type: router_ports) to 1
2026-07-16 08:00:47.220 9 INFO neutron.db.ovn_revision_numbers_db [None req-cdf6c8a5-d0a0-4036-9ca1-5573bac1a875 - - - - - -] Successfully bumped revision number for resource 86c80d06-32a8-4692-bf87-1f7a17e7e171 (type: ports) to 4
2026-07-16 08:00:47.235 9 INFO neutron.db.ovn_revision_numbers_db [None req-a292b5d1-eebe-4325-bd85-50a26ac97116 3c16e09ca97c48abbb60d81debe674d1 71de93269cbc4b9c918ca7e83e197a78 - - default default] Successfully bumped revision number for resource e204740e-beac-4f51-af04-b4472248b90a (type: ports) to 1
2026-07-16 08:00:47.299 10 INFO neutron.db.ovn_revision_numbers_db [None req-cb5c7f4f-7354-436c-8ef3-4685da036e30 3c16e09ca97c48abbb60d81debe674d1 71de93269cbc4b9c918ca7e83e197a78 - - default default] Successfully bumped revision number for resource 1594c02b-8513-4bd0-9b36-751e935fbbea (type: ports) to 1
2026-07-16 08:00:47.312 10 INFO neutron.db.ovn_revision_numbers_db [None req-b1b1c941-bebc-4e4b-aaf6-97469fbdd25d - - - - - -] Successfully bumped revision number for resource d29fd0cb-05d6-4817-9502-9db4ff154ef2 (type: router_ports) to 3
2026-07-16 08:00:47.409 9 WARNING neutron.scheduler.dhcp_agent_scheduler [None req-f1c33f11-75bf-49f0-b8a5-8f927088f0d9 3c16e09ca97c48abbb60d81debe674d1 71de93269cbc4b9c918ca7e83e197a78 - - default default] No more DHCP agents
2026-07-16 08:00:47.418 9 WARNING neutron.api.rpc.agentnotifiers.dhcp_rpc_agent_api [None req-f1c33f11-75bf-49f0-b8a5-8f927088f0d9 3c16e09ca97c48abbb60d81debe674d1 71de93269cbc4b9c918ca7e83e197a78 - - default default] Unable to schedule network 69a4a399-a3a2-4763-8cc0-171bf99865c3: no agents available; will retry on subsequent port and subnet creation events.
2026-07-16 08:00:47.544 10 WARNING neutron.scheduler.dhcp_agent_scheduler [None req-cb5c7f4f-7354-436c-8ef3-4685da036e30 3c16e09ca97c48abbb60d81debe674d1 71de93269cbc4b9c918ca7e83e197a78 - - default default] No more DHCP agents
2026-07-16 08:00:47.545 10 INFO neutron.db.ovn_revision_numbers_db [None req-2f15550a-6e43-49fb-96e5-9efc496316de 3c16e09ca97c48abbb60d81debe674d1 71de93269cbc4b9c918ca7e83e197a78 - - default default] Successfully bumped revision number for resource 41dda0a7-a88c-4015-9749-6e9e5fde517f (type: router_ports) to 1
2026-07-16 08:00:47.547 10 WARNING neutron.api.rpc.agentnotifiers.dhcp_rpc_agent_api [None req-cb5c7f4f-7354-436c-8ef3-4685da036e30 3c16e09ca97c48abbb60d81debe674d1 71de93269cbc4b9c918ca7e83e197a78 - - default default] Unable to schedule network 249a3819-61f1-4f94-8fc4-ed372a28d8e3: no agents available; will retry on subsequent port and subnet creation events.
2026-07-16 08:00:47.688 10 INFO neutron.db.ovn_revision_numbers_db [None req-b1b1c941-bebc-4e4b-aaf6-97469fbdd25d - - - - - -] Successfully bumped revision number for resource d29fd0cb-05d6-4817-9502-9db4ff154ef2 (type: ports) to 2
2026-07-16 08:00:47.774 9 INFO neutron.db.ovn_revision_numbers_db [None req-cdf6c8a5-d0a0-4036-9ca1-5573bac1a875 - - - - - -] Successfully bumped revision number for resource 86c80d06-32a8-4692-bf87-1f7a17e7e171 (type: router_ports) to 4
2026-07-16 08:00:47.787 10 INFO neutron.db.ovn_revision_numbers_db [None req-2f15550a-6e43-49fb-96e5-9efc496316de 3c16e09ca97c48abbb60d81debe674d1 71de93269cbc4b9c918ca7e83e197a78 - - default default] Successfully bumped revision number for resource 41dda0a7-a88c-4015-9749-6e9e5fde517f (type: ports) to 1
2026-07-16 08:00:47.809 9 INFO neutron.plugins.ml2.drivers.ovn.mech_driver.ovsdb.ovsdb_monitor [None req-cdf6c8a5-d0a0-4036-9ca1-5573bac1a875 - - - - - -] Router f8e5213e-0861-4e08-aba0-b4562d0bb7ce is bound to host instance
2026-07-16 08:00:47.919 10 WARNING neutron.scheduler.dhcp_agent_scheduler [None req-2f15550a-6e43-49fb-96e5-9efc496316de 3c16e09ca97c48abbb60d81debe674d1 71de93269cbc4b9c918ca7e83e197a78 - - default default] No more DHCP agents
2026-07-16 08:00:47.921 10 WARNING neutron.api.rpc.agentnotifiers.dhcp_rpc_agent_api [None req-2f15550a-6e43-49fb-96e5-9efc496316de 3c16e09ca97c48abbb60d81debe674d1 71de93269cbc4b9c918ca7e83e197a78 - - default default] Unable to schedule network 9986a033-da3f-44d9-9c83-9eae402c9fdb: no agents available; will retry on subsequent port and subnet creation events.
2026-07-16 08:00:48.150 10 INFO neutron.db.ovn_revision_numbers_db [None req-b1b1c941-bebc-4e4b-aaf6-97469fbdd25d - - - - - -] Successfully bumped revision number for resource d29fd0cb-05d6-4817-9502-9db4ff154ef2 (type: ports) to 4
2026-07-16 08:00:48.180 9 INFO neutron.plugins.ml2.drivers.ovn.mech_driver.mech_driver [None req-9922bd46-0a33-49c9-aed7-aec754b2273a - - - - - -] OVN reports status up for port: e204740e-beac-4f51-af04-b4472248b90a
2026-07-16 08:00:48.223 9 INFO neutron.plugins.ml2.plugin [None req-9922bd46-0a33-49c9-aed7-aec754b2273a - - - - - -] Attempt 1 to provision port e204740e-beac-4f51-af04-b4472248b90a
2026-07-16 08:00:48.255 9 INFO neutron.db.ovn_revision_numbers_db [None req-a292b5d1-eebe-4325-bd85-50a26ac97116 3c16e09ca97c48abbb60d81debe674d1 71de93269cbc4b9c918ca7e83e197a78 - - default default] Successfully bumped revision number for resource e204740e-beac-4f51-af04-b4472248b90a (type: router_ports) to 1
2026-07-16 08:00:48.622 10 INFO neutron.plugins.ml2.drivers.ovn.mech_driver.mech_driver [None req-1fed577b-fa7b-4690-8202-c757e3ffe61d - - - - - -] OVN reports status up for port: d29fd0cb-05d6-4817-9502-9db4ff154ef2
2026-07-16 08:00:48.660 10 INFO neutron.plugins.ml2.plugin [None req-1fed577b-fa7b-4690-8202-c757e3ffe61d - - - - - -] Attempt 1 to provision port d29fd0cb-05d6-4817-9502-9db4ff154ef2
2026-07-16 08:00:48.741 10 INFO neutron.db.ovn_revision_numbers_db [None req-b1b1c941-bebc-4e4b-aaf6-97469fbdd25d - - - - - -] Successfully bumped revision number for resource d29fd0cb-05d6-4817-9502-9db4ff154ef2 (type: router_ports) to 4
2026-07-16 08:00:48.766 9 INFO neutron.db.ovn_revision_numbers_db [None req-a292b5d1-eebe-4325-bd85-50a26ac97116 3c16e09ca97c48abbb60d81debe674d1 71de93269cbc4b9c918ca7e83e197a78 - - default default] Successfully bumped revision number for resource e204740e-beac-4f51-af04-b4472248b90a (type: ports) to 1
2026-07-16 08:00:48.770 9 INFO neutron.db.ovn_revision_numbers_db [None req-f1c33f11-75bf-49f0-b8a5-8f927088f0d9 3c16e09ca97c48abbb60d81debe674d1 71de93269cbc4b9c918ca7e83e197a78 - - default default] Successfully bumped revision number for resource e1989ad2-5724-45c6-b72f-839b512889b1 (type: ports) to 2
2026-07-16 08:00:48.869 10 INFO neutron.db.ovn_revision_numbers_db [None req-cb5c7f4f-7354-436c-8ef3-4685da036e30 3c16e09ca97c48abbb60d81debe674d1 71de93269cbc4b9c918ca7e83e197a78 - - default default] Successfully bumped revision number for resource 1594c02b-8513-4bd0-9b36-751e935fbbea (type: router_ports) to 1
2026-07-16 08:00:48.871 10 INFO neutron.wsgi [None req-cb5c7f4f-7354-436c-8ef3-4685da036e30 3c16e09ca97c48abbb60d81debe674d1 71de93269cbc4b9c918ca7e83e197a78 - - default default] 10.0.0.144 "PUT /v2.0/routers/f36f8852-eb87-4646-b920-45354659c46e/add_router_interface HTTP/1.1" status: 200 len: 503 time: 3.5897841
2026-07-16 08:00:48.875 10 INFO neutron.plugins.ml2.drivers.ovn.mech_driver.mech_driver [None req-1fed577b-fa7b-4690-8202-c757e3ffe61d - - - - - -] OVN reports status up for port: 1594c02b-8513-4bd0-9b36-751e935fbbea
2026-07-16 08:00:48.879 9 INFO neutron.db.ovn_revision_numbers_db [None req-f1c33f11-75bf-49f0-b8a5-8f927088f0d9 3c16e09ca97c48abbb60d81debe674d1 71de93269cbc4b9c918ca7e83e197a78 - - default default] Successfully bumped revision number for resource b8942927-a219-40fd-a6bf-28642fe4fc57 (type: subnets) to 0
2026-07-16 08:00:48.895 10 INFO neutron.plugins.ml2.plugin [None req-1fed577b-fa7b-4690-8202-c757e3ffe61d - - - - - -] Attempt 1 to provision port 1594c02b-8513-4bd0-9b36-751e935fbbea
2026-07-16 08:00:48.911 9 INFO neutron.wsgi [None req-f1c33f11-75bf-49f0-b8a5-8f927088f0d9 3c16e09ca97c48abbb60d81debe674d1 71de93269cbc4b9c918ca7e83e197a78 - - default default] 10.0.0.144 "POST /v2.0/subnets HTTP/1.1" status: 201 len: 866 time: 1.8464530
2026-07-16 08:00:48.949 9 WARNING neutron.scheduler.dhcp_agent_scheduler [None req-a292b5d1-eebe-4325-bd85-50a26ac97116 3c16e09ca97c48abbb60d81debe674d1 71de93269cbc4b9c918ca7e83e197a78 - - default default] No more DHCP agents
2026-07-16 08:00:48.956 9 WARNING neutron.api.rpc.agentnotifiers.dhcp_rpc_agent_api [None req-a292b5d1-eebe-4325-bd85-50a26ac97116 3c16e09ca97c48abbb60d81debe674d1 71de93269cbc4b9c918ca7e83e197a78 - - default default] Unable to schedule network 8b3ed1b7-8d3a-426e-84c5-0c18ad40ec8c: no agents available; will retry on subsequent port and subnet creation events.
2026-07-16 08:00:48.988 9 INFO neutron.db.ovn_revision_numbers_db [None req-9922bd46-0a33-49c9-aed7-aec754b2273a - - - - - -] Successfully bumped revision number for resource e204740e-beac-4f51-af04-b4472248b90a (type: ports) to 2
2026-07-16 08:00:49.010 9 INFO neutron.db.ovn_revision_numbers_db [None req-cdf6c8a5-d0a0-4036-9ca1-5573bac1a875 - - - - - -] Successfully bumped revision number for resource 8182f64f-3c55-47f2-95bb-74272228ab54 (type: ports) to 1
2026-07-16 08:00:49.123 9 INFO neutron.db.ovn_revision_numbers_db [None req-9922bd46-0a33-49c9-aed7-aec754b2273a - - - - - -] Successfully bumped revision number for resource e204740e-beac-4f51-af04-b4472248b90a (type: router_ports) to 2
2026-07-16 08:00:49.328 10 INFO neutron.db.ovn_revision_numbers_db [None req-2f15550a-6e43-49fb-96e5-9efc496316de 3c16e09ca97c48abbb60d81debe674d1 71de93269cbc4b9c918ca7e83e197a78 - - default default] Successfully bumped revision number for resource 41dda0a7-a88c-4015-9749-6e9e5fde517f (type: router_ports) to 1
2026-07-16 08:00:49.330 10 INFO neutron.wsgi [None req-2f15550a-6e43-49fb-96e5-9efc496316de 3c16e09ca97c48abbb60d81debe674d1 71de93269cbc4b9c918ca7e83e197a78 - - default default] 10.0.0.144 "PUT /v2.0/routers/f8e5213e-0861-4e08-aba0-b4562d0bb7ce/add_router_interface HTTP/1.1" status: 200 len: 503 time: 3.6793096
2026-07-16 08:00:49.483 9 INFO neutron.db.ovn_revision_numbers_db [None req-cdf6c8a5-d0a0-4036-9ca1-5573bac1a875 - - - - - -] Successfully bumped revision number for resource 8182f64f-3c55-47f2-95bb-74272228ab54 (type: router_ports) to 3
2026-07-16 08:00:49.524 10 INFO neutron.db.ovn_revision_numbers_db [None req-1fed577b-fa7b-4690-8202-c757e3ffe61d - - - - - -] Successfully bumped revision number for resource 1594c02b-8513-4bd0-9b36-751e935fbbea (type: ports) to 2
2026-07-16 08:00:49.650 10 INFO neutron.db.ovn_revision_numbers_db [None req-1fed577b-fa7b-4690-8202-c757e3ffe61d - - - - - -] Successfully bumped revision number for resource 1594c02b-8513-4bd0-9b36-751e935fbbea (type: router_ports) to 2
2026-07-16 08:00:49.696 10 WARNING neutron.scheduler.dhcp_agent_scheduler [None req-6e001b7e-bfe3-482e-9bf0-08029cdfcf46 3c16e09ca97c48abbb60d81debe674d1 71de93269cbc4b9c918ca7e83e197a78 - - default default] No more DHCP agents
2026-07-16 08:00:49.707 10 WARNING neutron.api.rpc.agentnotifiers.dhcp_rpc_agent_api [None req-6e001b7e-bfe3-482e-9bf0-08029cdfcf46 3c16e09ca97c48abbb60d81debe674d1 71de93269cbc4b9c918ca7e83e197a78 - - default default] Unable to schedule network eb2eed8e-9f13-490c-9010-49ac32b30e05: no agents available; will retry on subsequent port and subnet creation events.
2026-07-16 08:00:49.836 9 INFO neutron.db.ovn_revision_numbers_db [None req-cdf6c8a5-d0a0-4036-9ca1-5573bac1a875 - - - - - -] Successfully bumped revision number for resource 8182f64f-3c55-47f2-95bb-74272228ab54 (type: ports) to 2
2026-07-16 08:00:49.863 10 WARNING neutron_lib.context [req-76fcd68c-fb2b-408d-9626-218338d0bf00 req-876f6179-494e-4da5-91c4-c3efd7f7e582 26d49db58b2e4263950405a37888e5c0 6133eb353b1e4239aacf2a0162cbad36 - - default default] Method 'is_advsvc' is deprecated since 2023.2 release (neutron-lib 3.8.0) and will be removed once support for the old RBAC API policies will be removed from Neutron. Please use method 'is_service_role' instead.
2026-07-16 08:00:49.873 10 INFO neutron.db.ovn_revision_numbers_db [None req-6e001b7e-bfe3-482e-9bf0-08029cdfcf46 3c16e09ca97c48abbb60d81debe674d1 71de93269cbc4b9c918ca7e83e197a78 - - default default] Successfully bumped revision number for resource a2d6643f-e599-43a9-86e2-f0378d260583 (type: ports) to 1
2026-07-16 08:00:49.982 9 INFO neutron.db.ovn_revision_numbers_db [None req-a292b5d1-eebe-4325-bd85-50a26ac97116 3c16e09ca97c48abbb60d81debe674d1 71de93269cbc4b9c918ca7e83e197a78 - - default default] Successfully bumped revision number for resource e204740e-beac-4f51-af04-b4472248b90a (type: router_ports) to 2
2026-07-16 08:00:49.984 9 INFO neutron.wsgi [None req-a292b5d1-eebe-4325-bd85-50a26ac97116 3c16e09ca97c48abbb60d81debe674d1 71de93269cbc4b9c918ca7e83e197a78 - - default default] 10.0.0.144 "PUT /v2.0/routers/020b3eb2-eca6-4800-bdb8-2abdf54da3fc/add_router_interface HTTP/1.1" status: 200 len: 503 time: 3.8464036
2026-07-16 08:00:50.110 10 INFO neutron.db.ovn_revision_numbers_db [req-76fcd68c-fb2b-408d-9626-218338d0bf00 req-876f6179-494e-4da5-91c4-c3efd7f7e582 26d49db58b2e4263950405a37888e5c0 6133eb353b1e4239aacf2a0162cbad36 - - default default] Successfully bumped revision number for resource 95ad1c81-c227-4ea2-95b0-03ac3929cc82 (type: security_groups) to 1
2026-07-16 08:00:50.135 10 INFO neutron.db.ovn_revision_numbers_db [req-76fcd68c-fb2b-408d-9626-218338d0bf00 req-876f6179-494e-4da5-91c4-c3efd7f7e582 26d49db58b2e4263950405a37888e5c0 6133eb353b1e4239aacf2a0162cbad36 - - default default] Successfully bumped revision number for resource b9a1453e-2d1d-49e9-b4a9-12fe37988074 (type: security_group_rules) to 0
2026-07-16 08:00:50.160 10 INFO neutron.db.ovn_revision_numbers_db [req-76fcd68c-fb2b-408d-9626-218338d0bf00 req-876f6179-494e-4da5-91c4-c3efd7f7e582 26d49db58b2e4263950405a37888e5c0 6133eb353b1e4239aacf2a0162cbad36 - - default default] Successfully bumped revision number for resource edc81de5-fd3e-42ff-bfcd-8e0c39c5d0e1 (type: security_group_rules) to 0
2026-07-16 08:00:50.171 9 INFO neutron.db.ovn_revision_numbers_db [None req-cdf6c8a5-d0a0-4036-9ca1-5573bac1a875 - - - - - -] Successfully bumped revision number for resource 8182f64f-3c55-47f2-95bb-74272228ab54 (type: ports) to 4
2026-07-16 08:00:50.201 10 INFO neutron.wsgi [req-76fcd68c-fb2b-408d-9626-218338d0bf00 req-876f6179-494e-4da5-91c4-c3efd7f7e582 26d49db58b2e4263950405a37888e5c0 6133eb353b1e4239aacf2a0162cbad36 - - default default] 10.0.0.18 "POST /v2.0/security-groups HTTP/1.1" status: 201 len: 1822 time: 0.4028292
2026-07-16 08:00:50.228 10 WARNING neutron_lib.context [req-9b3472e4-468e-4025-befd-2587d73051a5 req-0977988e-ae77-418b-ac6c-8a616f53d580 26d49db58b2e4263950405a37888e5c0 6133eb353b1e4239aacf2a0162cbad36 - - default default] Method 'is_advsvc' is deprecated since 2023.2 release (neutron-lib 3.8.0) and will be removed once support for the old RBAC API policies will be removed from Neutron. Please use method 'is_service_role' instead.
2026-07-16 08:00:50.273 10 WARNING neutron_lib.context [req-781135f7-68a5-42e4-b57e-237f7822696a req-9bbddcb2-e460-4495-9321-4820720e3e81 283b88622068465ab25592108d978de6 fbc319bc284840699dc15a796028c47e - - default default] Method 'is_advsvc' is deprecated since 2023.2 release (neutron-lib 3.8.0) and will be removed once support for the old RBAC API policies will be removed from Neutron. Please use method 'is_service_role' instead.
2026-07-16 08:00:50.435 9 INFO neutron.db.ovn_revision_numbers_db [None req-cdf6c8a5-d0a0-4036-9ca1-5573bac1a875 - - - - - -] Successfully bumped revision number for resource 8182f64f-3c55-47f2-95bb-74272228ab54 (type: router_ports) to 4
2026-07-16 08:00:50.464 10 INFO neutron.db.ovn_revision_numbers_db [req-9b3472e4-468e-4025-befd-2587d73051a5 req-0977988e-ae77-418b-ac6c-8a616f53d580 26d49db58b2e4263950405a37888e5c0 6133eb353b1e4239aacf2a0162cbad36 - - default default] Successfully bumped revision number for resource 1ceb77a0-df8c-480f-9728-b676cd81ea3e (type: security_groups) to 1
2026-07-16 08:00:50.494 10 INFO neutron.db.ovn_revision_numbers_db [req-9b3472e4-468e-4025-befd-2587d73051a5 req-0977988e-ae77-418b-ac6c-8a616f53d580 26d49db58b2e4263950405a37888e5c0 6133eb353b1e4239aacf2a0162cbad36 - - default default] Successfully bumped revision number for resource 9ad4a9bb-ce0c-46e5-905c-eb0d0e23bce0 (type: security_group_rules) to 0
2026-07-16 08:00:50.508 10 INFO neutron.db.ovn_revision_numbers_db [req-781135f7-68a5-42e4-b57e-237f7822696a req-9bbddcb2-e460-4495-9321-4820720e3e81 283b88622068465ab25592108d978de6 fbc319bc284840699dc15a796028c47e - - default default] Successfully bumped revision number for resource d029b406-5ccc-4d5e-8292-6adf30cef39d (type: security_groups) to 1
