2026-07-16 08:04:11.507 9 INFO neutron.wsgi [None req-0f1c3605-97ef-47b0-9eb8-e236396c0f7f 3c16e09ca97c48abbb60d81debe674d1 71de93269cbc4b9c918ca7e83e197a78 - - default default] 10.0.0.144 "DELETE /v2.0/security-groups/bfe34fb6-93df-44ce-9abf-df16411cacde HTTP/1.1" status: 204 len: 168 time: 0.3010662
2026-07-16 08:04:11.664 10 INFO neutron.wsgi [None req-841f198d-45dc-45c1-b71b-24a54035eab1 3c16e09ca97c48abbb60d81debe674d1 71de93269cbc4b9c918ca7e83e197a78 - - default default] 10.0.0.144 "GET /v2.0/security-groups?tenant_id=9ff3d32bc0b94f21a1945220e0af7792&name=default HTTP/1.1" status: 200 len: 2996 time: 0.0531869
2026-07-16 08:04:11.680 9 INFO neutron.wsgi [None req-f713a928-e283-439e-94e7-d02a98cb331f 3c16e09ca97c48abbb60d81debe674d1 71de93269cbc4b9c918ca7e83e197a78 - - default default] 10.0.0.144 "GET /v2.0/security-groups?tenant_id=da36c34ce4b14ecb98c91770c2c9745f&name=default HTTP/1.1" status: 200 len: 2996 time: 0.0639403
2026-07-16 08:04:11.883 10 INFO neutron.wsgi [None req-8f3c1b5a-33ae-4a67-b520-4a4856aae2d2 3c16e09ca97c48abbb60d81debe674d1 71de93269cbc4b9c918ca7e83e197a78 - - default default] 10.0.0.144 "DELETE /v2.0/security-groups/1383f1de-3e82-4935-adee-230849ef43e4 HTTP/1.1" status: 204 len: 168 time: 0.2123716
2026-07-16 08:04:11.886 10 INFO neutron.wsgi [-] 10.0.0.160 "GET / HTTP/1.1" status: 200 len: 246 time: 0.0015705
2026-07-16 08:04:11.887 10 INFO neutron.wsgi [-] 10.0.0.160 "GET / HTTP/1.1" status: 200 len: 246 time: 0.0010257
2026-07-16 08:04:11.938 9 INFO neutron.db.ovn_revision_numbers_db [None req-02d4be5d-ce67-4a10-8419-406d9b9ece5f 6fdbfcba0d554137aa11de01f6e9f035 ce707103857a44688216f76bb6288eae - - default default] Successfully bumped revision number for resource 79a8cfaf-4c04-42e1-a6fa-c2ca1bbaacb1 (type: ports) to 2
2026-07-16 08:04:11.955 9 INFO neutron.wsgi [None req-59cf389f-f20a-45a8-b331-6e09902cd65f 3c16e09ca97c48abbb60d81debe674d1 71de93269cbc4b9c918ca7e83e197a78 - - default default] 10.0.0.144 "DELETE /v2.0/security-groups/a9f9c2ae-3cfd-4900-a502-91bf6dac8566 HTTP/1.1" status: 204 len: 168 time: 0.2693694
2026-07-16 08:04:11.977 9 INFO neutron.db.ovn_revision_numbers_db [None req-02d4be5d-ce67-4a10-8419-406d9b9ece5f 6fdbfcba0d554137aa11de01f6e9f035 ce707103857a44688216f76bb6288eae - - default default] Successfully bumped revision number for resource 3bd1fde3-a691-425b-99e6-b0c13fb3b55e (type: subnets) to 0
2026-07-16 08:04:11.992 9 INFO neutron.wsgi [None req-02d4be5d-ce67-4a10-8419-406d9b9ece5f 6fdbfcba0d554137aa11de01f6e9f035 ce707103857a44688216f76bb6288eae - - default default] 10.0.0.144 "POST /v2.0/subnets HTTP/1.1" status: 201 len: 801 time: 0.9987545
2026-07-16 08:04:12.003 9 WARNING neutron_lib.context [None req-9c1dcb87-8f5b-4013-887e-3166cd6ecd19 6fdbfcba0d554137aa11de01f6e9f035 ce707103857a44688216f76bb6288eae - - default default] Method 'is_advsvc' is deprecated since 2023.2 release (neutron-lib 3.8.0) and will be removed once support for the old RBAC API policies will be removed from Neutron. Please use method 'is_service_role' instead.
2026-07-16 08:04:12.150 9 INFO neutron.db.ovn_revision_numbers_db [None req-9c1dcb87-8f5b-4013-887e-3166cd6ecd19 6fdbfcba0d554137aa11de01f6e9f035 ce707103857a44688216f76bb6288eae - - default default] Successfully bumped revision number for resource d278c60d-6b0f-4180-9337-f6f5a459c62a (type: routers) to 1
2026-07-16 08:04:12.169 9 INFO neutron.wsgi [None req-9c1dcb87-8f5b-4013-887e-3166cd6ecd19 6fdbfcba0d554137aa11de01f6e9f035 ce707103857a44688216f76bb6288eae - - default default] 10.0.0.144 "POST /v2.0/routers HTTP/1.1" status: 201 len: 687 time: 0.1707475
2026-07-16 08:04:12.604 9 WARNING neutron.scheduler.dhcp_agent_scheduler [None req-8d9bb70a-5825-4d57-954a-866b98da66d7 6fdbfcba0d554137aa11de01f6e9f035 ce707103857a44688216f76bb6288eae - - default default] No more DHCP agents
2026-07-16 08:04:12.609 9 WARNING neutron.api.rpc.agentnotifiers.dhcp_rpc_agent_api [None req-8d9bb70a-5825-4d57-954a-866b98da66d7 6fdbfcba0d554137aa11de01f6e9f035 ce707103857a44688216f76bb6288eae - - default default] Unable to schedule network f9d466c6-92ca-49e6-a31c-fa8eead52975: no agents available; will retry on subsequent port and subnet creation events.
2026-07-16 08:04:12.784 9 INFO neutron.db.ovn_revision_numbers_db [None req-8d9bb70a-5825-4d57-954a-866b98da66d7 6fdbfcba0d554137aa11de01f6e9f035 ce707103857a44688216f76bb6288eae - - default default] Successfully bumped revision number for resource 28fce431-16fd-4604-bee7-a4bc9147ab7f (type: ports) to 1
2026-07-16 08:04:13.434 10 INFO neutron.plugins.ml2.drivers.ovn.mech_driver.mech_driver [None req-1fed577b-fa7b-4690-8202-c757e3ffe61d - - - - - -] OVN reports status up for port: 28fce431-16fd-4604-bee7-a4bc9147ab7f
2026-07-16 08:04:13.443 10 INFO neutron.plugins.ml2.plugin [None req-1fed577b-fa7b-4690-8202-c757e3ffe61d - - - - - -] Attempt 1 to provision port 28fce431-16fd-4604-bee7-a4bc9147ab7f
2026-07-16 08:04:13.473 9 INFO neutron.db.ovn_revision_numbers_db [None req-8d9bb70a-5825-4d57-954a-866b98da66d7 6fdbfcba0d554137aa11de01f6e9f035 ce707103857a44688216f76bb6288eae - - default default] Successfully bumped revision number for resource 28fce431-16fd-4604-bee7-a4bc9147ab7f (type: router_ports) to 1
2026-07-16 08:04:13.679 9 INFO neutron.db.ovn_revision_numbers_db [None req-8d9bb70a-5825-4d57-954a-866b98da66d7 6fdbfcba0d554137aa11de01f6e9f035 ce707103857a44688216f76bb6288eae - - default default] Successfully bumped revision number for resource 28fce431-16fd-4604-bee7-a4bc9147ab7f (type: ports) to 1
2026-07-16 08:04:13.743 9 WARNING neutron.scheduler.dhcp_agent_scheduler [None req-8d9bb70a-5825-4d57-954a-866b98da66d7 6fdbfcba0d554137aa11de01f6e9f035 ce707103857a44688216f76bb6288eae - - default default] No more DHCP agents
2026-07-16 08:04:13.744 9 WARNING neutron.api.rpc.agentnotifiers.dhcp_rpc_agent_api [None req-8d9bb70a-5825-4d57-954a-866b98da66d7 6fdbfcba0d554137aa11de01f6e9f035 ce707103857a44688216f76bb6288eae - - default default] Unable to schedule network f9d466c6-92ca-49e6-a31c-fa8eead52975: no agents available; will retry on subsequent port and subnet creation events.
2026-07-16 08:04:13.761 10 INFO neutron.db.ovn_revision_numbers_db [None req-1fed577b-fa7b-4690-8202-c757e3ffe61d - - - - - -] Successfully bumped revision number for resource 28fce431-16fd-4604-bee7-a4bc9147ab7f (type: ports) to 2
2026-07-16 08:04:13.846 10 INFO neutron.db.ovn_revision_numbers_db [None req-1fed577b-fa7b-4690-8202-c757e3ffe61d - - - - - -] Successfully bumped revision number for resource 28fce431-16fd-4604-bee7-a4bc9147ab7f (type: router_ports) to 2
2026-07-16 08:04:13.886 9 INFO neutron.db.ovn_revision_numbers_db [None req-8d9bb70a-5825-4d57-954a-866b98da66d7 6fdbfcba0d554137aa11de01f6e9f035 ce707103857a44688216f76bb6288eae - - default default] Successfully bumped revision number for resource 28fce431-16fd-4604-bee7-a4bc9147ab7f (type: router_ports) to 2
2026-07-16 08:04:13.888 9 INFO neutron.wsgi [None req-8d9bb70a-5825-4d57-954a-866b98da66d7 6fdbfcba0d554137aa11de01f6e9f035 ce707103857a44688216f76bb6288eae - - default default] 10.0.0.144 "PUT /v2.0/routers/d278c60d-6b0f-4180-9337-f6f5a459c62a/add_router_interface HTTP/1.1" status: 200 len: 503 time: 1.7154202
2026-07-16 08:04:13.979 9 INFO neutron.wsgi [None req-bf2660ba-8a28-4056-bd6a-9445a0dedd96 6fdbfcba0d554137aa11de01f6e9f035 ce707103857a44688216f76bb6288eae - - default default] 10.0.0.144 "GET /v2.0/ports/28fce431-16fd-4604-bee7-a4bc9147ab7f HTTP/1.1" status: 200 len: 1137 time: 0.0865726
2026-07-16 08:04:14.442 9 WARNING neutron.scheduler.dhcp_agent_scheduler [None req-6aabce7a-d333-4956-a21f-617ba4a0f403 6fdbfcba0d554137aa11de01f6e9f035 ce707103857a44688216f76bb6288eae - - default default] No more DHCP agents
2026-07-16 08:04:14.444 9 WARNING neutron.api.rpc.agentnotifiers.dhcp_rpc_agent_api [None req-6aabce7a-d333-4956-a21f-617ba4a0f403 6fdbfcba0d554137aa11de01f6e9f035 ce707103857a44688216f76bb6288eae - - default default] Unable to schedule network 389329b1-5ff2-47fa-b561-7fb8faabf6c4: no agents available; will retry on subsequent port and subnet creation events.
2026-07-16 08:04:14.639 9 INFO neutron.db.ovn_revision_numbers_db [None req-6aabce7a-d333-4956-a21f-617ba4a0f403 6fdbfcba0d554137aa11de01f6e9f035 ce707103857a44688216f76bb6288eae - - default default] Successfully bumped revision number for resource 0fd10189-587f-4b68-9e34-9d529b8d310b (type: ports) to 1
2026-07-16 08:04:15.105 9 INFO neutron.db.ovn_revision_numbers_db [None req-6aabce7a-d333-4956-a21f-617ba4a0f403 6fdbfcba0d554137aa11de01f6e9f035 ce707103857a44688216f76bb6288eae - - default default] Successfully bumped revision number for resource 0fd10189-587f-4b68-9e34-9d529b8d310b (type: router_ports) to 1
2026-07-16 08:04:15.268 9 INFO neutron.db.ovn_revision_numbers_db [None req-6aabce7a-d333-4956-a21f-617ba4a0f403 6fdbfcba0d554137aa11de01f6e9f035 ce707103857a44688216f76bb6288eae - - default default] Successfully bumped revision number for resource 0fd10189-587f-4b68-9e34-9d529b8d310b (type: ports) to 1
2026-07-16 08:04:15.338 9 WARNING neutron.scheduler.dhcp_agent_scheduler [None req-6aabce7a-d333-4956-a21f-617ba4a0f403 6fdbfcba0d554137aa11de01f6e9f035 ce707103857a44688216f76bb6288eae - - default default] No more DHCP agents
2026-07-16 08:04:15.340 9 WARNING neutron.api.rpc.agentnotifiers.dhcp_rpc_agent_api [None req-6aabce7a-d333-4956-a21f-617ba4a0f403 6fdbfcba0d554137aa11de01f6e9f035 ce707103857a44688216f76bb6288eae - - default default] Unable to schedule network 389329b1-5ff2-47fa-b561-7fb8faabf6c4: no agents available; will retry on subsequent port and subnet creation events.
2026-07-16 08:04:15.483 9 INFO neutron.db.ovn_revision_numbers_db [None req-6aabce7a-d333-4956-a21f-617ba4a0f403 6fdbfcba0d554137aa11de01f6e9f035 ce707103857a44688216f76bb6288eae - - default default] Successfully bumped revision number for resource 0fd10189-587f-4b68-9e34-9d529b8d310b (type: router_ports) to 1
2026-07-16 08:04:15.485 9 INFO neutron.wsgi [None req-6aabce7a-d333-4956-a21f-617ba4a0f403 6fdbfcba0d554137aa11de01f6e9f035 ce707103857a44688216f76bb6288eae - - default default] 10.0.0.144 "PUT /v2.0/routers/d278c60d-6b0f-4180-9337-f6f5a459c62a/add_router_interface HTTP/1.1" status: 200 len: 503 time: 1.5001409
2026-07-16 08:04:15.521 9 INFO neutron.wsgi [None req-453d0b78-4970-47e4-a04d-dd1a79713beb 6fdbfcba0d554137aa11de01f6e9f035 ce707103857a44688216f76bb6288eae - - default default] 10.0.0.144 "GET /v2.0/ports/0fd10189-587f-4b68-9e34-9d529b8d310b HTTP/1.1" status: 200 len: 1135 time: 0.0306520
2026-07-16 08:04:15.564 9 INFO neutron.wsgi [None req-f5a45270-1ac4-40ca-811e-79584d896257 6fdbfcba0d554137aa11de01f6e9f035 ce707103857a44688216f76bb6288eae - - default default] 10.0.0.144 "GET /v2.0/ports/0fd10189-587f-4b68-9e34-9d529b8d310b HTTP/1.1" status: 200 len: 1135 time: 0.0388668
2026-07-16 08:04:16.311 10 WARNING neutron_lib.context [None req-d885257c-d8c2-4f8e-ae02-57a9d3b87cb7 dec33f88f761472f8f8b07a49d59ec5f ac22778a59c34f9d80696261f82d4e82 - - default default] Method 'is_advsvc' is deprecated since 2023.2 release (neutron-lib 3.8.0) and will be removed once support for the old RBAC API policies will be removed from Neutron. Please use method 'is_service_role' instead.
2026-07-16 08:04:16.370 10 WARNING neutron_lib.context [None req-6a1fc9e8-7ac8-4d9c-85a0-ca608555544a a8ebbbafb3144ffe8a7d6527674fd5f5 135a3ede792a496ab28935964eaeee40 - - default default] Method 'is_advsvc' is deprecated since 2023.2 release (neutron-lib 3.8.0) and will be removed once support for the old RBAC API policies will be removed from Neutron. Please use method 'is_service_role' instead.
2026-07-16 08:04:16.568 10 INFO neutron.db.ovn_revision_numbers_db [None req-6a1fc9e8-7ac8-4d9c-85a0-ca608555544a a8ebbbafb3144ffe8a7d6527674fd5f5 135a3ede792a496ab28935964eaeee40 - - default default] Successfully bumped revision number for resource 276d1e52-0d9c-480e-9a9c-9b7802c7452f (type: security_groups) to 1
2026-07-16 08:04:16.586 10 INFO neutron.db.ovn_revision_numbers_db [None req-6a1fc9e8-7ac8-4d9c-85a0-ca608555544a a8ebbbafb3144ffe8a7d6527674fd5f5 135a3ede792a496ab28935964eaeee40 - - default default] Successfully bumped revision number for resource 0d8a19af-d027-46ec-a342-53f2a40e21f9 (type: security_group_rules) to 0
2026-07-16 08:04:16.606 10 WARNING neutron.scheduler.dhcp_agent_scheduler [None req-d885257c-d8c2-4f8e-ae02-57a9d3b87cb7 dec33f88f761472f8f8b07a49d59ec5f ac22778a59c34f9d80696261f82d4e82 - - default default] No more DHCP agents
2026-07-16 08:04:16.608 10 WARNING neutron.api.rpc.agentnotifiers.dhcp_rpc_agent_api [None req-d885257c-d8c2-4f8e-ae02-57a9d3b87cb7 dec33f88f761472f8f8b07a49d59ec5f ac22778a59c34f9d80696261f82d4e82 - - default default] Unable to schedule network eb2eed8e-9f13-490c-9010-49ac32b30e05: no agents available; will retry on subsequent port and subnet creation events.
2026-07-16 08:04:16.619 10 INFO neutron.db.ovn_revision_numbers_db [None req-6a1fc9e8-7ac8-4d9c-85a0-ca608555544a a8ebbbafb3144ffe8a7d6527674fd5f5 135a3ede792a496ab28935964eaeee40 - - default default] Successfully bumped revision number for resource 851807e4-a68a-4a9a-9ce1-e4e07d49e47e (type: security_group_rules) to 0
2026-07-16 08:04:16.651 10 INFO neutron.db.ovn_revision_numbers_db [None req-6a1fc9e8-7ac8-4d9c-85a0-ca608555544a a8ebbbafb3144ffe8a7d6527674fd5f5 135a3ede792a496ab28935964eaeee40 - - default default] Successfully bumped revision number for resource af9b4dba-48fa-4118-9670-865b3837f03d (type: security_group_rules) to 0
2026-07-16 08:04:16.677 10 INFO neutron.db.ovn_revision_numbers_db [None req-6a1fc9e8-7ac8-4d9c-85a0-ca608555544a a8ebbbafb3144ffe8a7d6527674fd5f5 135a3ede792a496ab28935964eaeee40 - - default default] Successfully bumped revision number for resource d3f30e52-6458-48d2-a498-e992c5bd7edc (type: security_group_rules) to 0
2026-07-16 08:04:16.679 9 INFO neutron.wsgi [None req-5b3182d5-1227-49af-ab43-1cb23e9e9f66 6fdbfcba0d554137aa11de01f6e9f035 ce707103857a44688216f76bb6288eae - - default default] 10.0.0.144 "GET /v2.0/ports/0fd10189-587f-4b68-9e34-9d529b8d310b HTTP/1.1" status: 200 len: 1135 time: 0.1053474
2026-07-16 08:04:16.748 10 INFO neutron.db.segments_db [None req-6a1fc9e8-7ac8-4d9c-85a0-ca608555544a a8ebbbafb3144ffe8a7d6527674fd5f5 135a3ede792a496ab28935964eaeee40 - - default default] Added segment f6207129-490a-4c55-b9c6-3eab4071c017 of type geneve for network 5a5edd18-7dc7-4712-b0b4-c8d9f895ca6a
2026-07-16 08:04:16.950 10 INFO neutron.db.ovn_revision_numbers_db [None req-6a1fc9e8-7ac8-4d9c-85a0-ca608555544a a8ebbbafb3144ffe8a7d6527674fd5f5 135a3ede792a496ab28935964eaeee40 - - default default] Successfully bumped revision number for resource 5a5edd18-7dc7-4712-b0b4-c8d9f895ca6a (type: networks) to 1
2026-07-16 08:04:17.104 10 INFO neutron.db.ovn_revision_numbers_db [None req-d885257c-d8c2-4f8e-ae02-57a9d3b87cb7 dec33f88f761472f8f8b07a49d59ec5f ac22778a59c34f9d80696261f82d4e82 - - default default] Successfully bumped revision number for resource b0300808-f1e6-45b3-b537-cd9f17f4a3d9 (type: floatingips) to 0
2026-07-16 08:04:17.120 10 INFO neutron.wsgi [None req-d885257c-d8c2-4f8e-ae02-57a9d3b87cb7 dec33f88f761472f8f8b07a49d59ec5f ac22778a59c34f9d80696261f82d4e82 - - default default] 10.0.0.144 "POST /v2.0/floatingips HTTP/1.1" status: 201 len: 751 time: 0.9080422
2026-07-16 08:04:17.135 9 WARNING neutron_lib.context [None req-800f7e6d-bff1-4b59-a0b2-f429c326f01e dec33f88f761472f8f8b07a49d59ec5f ac22778a59c34f9d80696261f82d4e82 - - default default] Method 'is_advsvc' is deprecated since 2023.2 release (neutron-lib 3.8.0) and will be removed once support for the old RBAC API policies will be removed from Neutron. Please use method 'is_service_role' instead.
2026-07-16 08:04:17.189 10 WARNING neutron.scheduler.dhcp_agent_scheduler [None req-6a1fc9e8-7ac8-4d9c-85a0-ca608555544a a8ebbbafb3144ffe8a7d6527674fd5f5 135a3ede792a496ab28935964eaeee40 - - default default] No more DHCP agents
2026-07-16 08:04:17.192 10 WARNING neutron.api.rpc.agentnotifiers.dhcp_rpc_agent_api [None req-6a1fc9e8-7ac8-4d9c-85a0-ca608555544a a8ebbbafb3144ffe8a7d6527674fd5f5 135a3ede792a496ab28935964eaeee40 - - default default] Unable to schedule network 5a5edd18-7dc7-4712-b0b4-c8d9f895ca6a: no agents available; will retry on subsequent port and subnet creation events.
2026-07-16 08:04:17.276 10 INFO neutron.db.ovn_revision_numbers_db [None req-6a1fc9e8-7ac8-4d9c-85a0-ca608555544a a8ebbbafb3144ffe8a7d6527674fd5f5 135a3ede792a496ab28935964eaeee40 - - default default] Successfully bumped revision number for resource bed4f995-1a06-4ffa-bdae-72eeaeb96167 (type: ports) to 1
2026-07-16 08:04:17.299 10 INFO neutron.wsgi [None req-6a1fc9e8-7ac8-4d9c-85a0-ca608555544a a8ebbbafb3144ffe8a7d6527674fd5f5 135a3ede792a496ab28935964eaeee40 - - default default] 10.0.0.144 "POST /v2.0/networks HTTP/1.1" status: 201 len: 831 time: 0.9675331
2026-07-16 08:04:17.310 10 WARNING neutron_lib.context [None req-ec0fc380-a58e-402f-b039-f06789c182ac a8ebbbafb3144ffe8a7d6527674fd5f5 135a3ede792a496ab28935964eaeee40 - - default default] Method 'is_advsvc' is deprecated since 2023.2 release (neutron-lib 3.8.0) and will be removed once support for the old RBAC API policies will be removed from Neutron. Please use method 'is_service_role' instead.
2026-07-16 08:04:17.385 9 WARNING neutron.scheduler.dhcp_agent_scheduler [None req-800f7e6d-bff1-4b59-a0b2-f429c326f01e dec33f88f761472f8f8b07a49d59ec5f ac22778a59c34f9d80696261f82d4e82 - - default default] No more DHCP agents
2026-07-16 08:04:17.391 9 WARNING neutron.api.rpc.agentnotifiers.dhcp_rpc_agent_api [None req-800f7e6d-bff1-4b59-a0b2-f429c326f01e dec33f88f761472f8f8b07a49d59ec5f ac22778a59c34f9d80696261f82d4e82 - - default default] Unable to schedule network eb2eed8e-9f13-490c-9010-49ac32b30e05: no agents available; will retry on subsequent port and subnet creation events.
2026-07-16 08:04:17.555 10 WARNING neutron.scheduler.dhcp_agent_scheduler [None req-ec0fc380-a58e-402f-b039-f06789c182ac a8ebbbafb3144ffe8a7d6527674fd5f5 135a3ede792a496ab28935964eaeee40 - - default default] No more DHCP agents
2026-07-16 08:04:17.558 10 WARNING neutron.api.rpc.agentnotifiers.dhcp_rpc_agent_api [None req-ec0fc380-a58e-402f-b039-f06789c182ac a8ebbbafb3144ffe8a7d6527674fd5f5 135a3ede792a496ab28935964eaeee40 - - default default] Unable to schedule network 5a5edd18-7dc7-4712-b0b4-c8d9f895ca6a: no agents available; will retry on subsequent port and subnet creation events.
2026-07-16 08:04:17.662 10 INFO neutron.db.ovn_revision_numbers_db [None req-ec0fc380-a58e-402f-b039-f06789c182ac a8ebbbafb3144ffe8a7d6527674fd5f5 135a3ede792a496ab28935964eaeee40 - - default default] Successfully bumped revision number for resource b629fa5f-2636-4da8-9a5e-ed16ae41e899 (type: ports) to 1
2026-07-16 08:04:17.684 10 INFO neutron.wsgi [None req-ec0fc380-a58e-402f-b039-f06789c182ac a8ebbbafb3144ffe8a7d6527674fd5f5 135a3ede792a496ab28935964eaeee40 - - default default] 10.0.0.144 "POST /v2.0/ports HTTP/1.1" status: 201 len: 942 time: 0.3799105 /var/lib/openstack/lib/python3.10/site-packages/pycadf/identifier.py:71: UserWarning: Invalid uuid: neutron. To ensure interoperability, identifiers should be a valid uuid. warnings.warn(('Invalid uuid: %s. To ensure interoperability, '
2026-07-16 08:04:17.692 10 WARNING neutron_lib.context [None req-133a38ab-2a2b-4cf3-aa68-9c75d567b6c0 a8ebbbafb3144ffe8a7d6527674fd5f5 135a3ede792a496ab28935964eaeee40 - - default default] Method 'is_advsvc' is deprecated since 2023.2 release (neutron-lib 3.8.0) and will be removed once support for the old RBAC API policies will be removed from Neutron. Please use method 'is_service_role' instead.
2026-07-16 08:04:17.692 9 INFO neutron.db.ovn_revision_numbers_db [None req-800f7e6d-bff1-4b59-a0b2-f429c326f01e dec33f88f761472f8f8b07a49d59ec5f ac22778a59c34f9d80696261f82d4e82 - - default default] Successfully bumped revision number for resource aa1e2db1-c72f-4729-9a7f-9a655c7c4142 (type: floatingips) to 0
2026-07-16 08:04:17.715 9 INFO neutron.wsgi [None req-800f7e6d-bff1-4b59-a0b2-f429c326f01e dec33f88f761472f8f8b07a49d59ec5f ac22778a59c34f9d80696261f82d4e82 - - default default] 10.0.0.144 "POST /v2.0/floatingips HTTP/1.1" status: 201 len: 751 time: 0.5879548
2026-07-16 08:04:17.721 9 INFO neutron.wsgi [None req-78aa8a49-6e18-448f-bb4f-23ae39c2259d 6fdbfcba0d554137aa11de01f6e9f035 ce707103857a44688216f76bb6288eae - - default default] 10.0.0.144 "GET /v2.0/ports/0fd10189-587f-4b68-9e34-9d529b8d310b HTTP/1.1" status: 200 len: 1135 time: 0.0367208
2026-07-16 08:04:17.727 10 WARNING neutron_lib.context [None req-0d5a012d-6588-4fd0-8053-05be32408383 dec33f88f761472f8f8b07a49d59ec5f ac22778a59c34f9d80696261f82d4e82 - - default default] Method 'is_advsvc' is deprecated since 2023.2 release (neutron-lib 3.8.0) and will be removed once support for the old RBAC API policies will be removed from Neutron. Please use method 'is_service_role' instead.
2026-07-16 08:04:17.802 10 INFO neutron.db.segments_db [None req-133a38ab-2a2b-4cf3-aa68-9c75d567b6c0 a8ebbbafb3144ffe8a7d6527674fd5f5 135a3ede792a496ab28935964eaeee40 - - default default] Added segment a016fb2f-c2c5-41ea-97ad-5729fcbc8f19 of type geneve for network 5809c1aa-fa2b-4d57-b8ed-302e8ff8f863
2026-07-16 08:04:17.915 9 INFO neutron.wsgi [None req-c9dda304-6166-4ee4-95e0-806161adf3a7 3c16e09ca97c48abbb60d81debe674d1 71de93269cbc4b9c918ca7e83e197a78 - - default default] 10.0.0.7 "GET /v2.0/agents HTTP/1.1" status: 200 len: 997 time: 0.0746510
2026-07-16 08:04:17.973 9 INFO neutron.wsgi [None req-3c682346-a7e2-44eb-8582-23c1fb11bcc5 3c16e09ca97c48abbb60d81debe674d1 71de93269cbc4b9c918ca7e83e197a78 - - default default] 10.0.0.7 "GET /v2.0/subnets HTTP/1.1" status: 200 len: 2657 time: 0.0554495
2026-07-16 08:04:17.987 9 INFO neutron.wsgi [None req-e1bed95a-3e40-4f33-8c55-21d8ab4bc8c9 3c16e09ca97c48abbb60d81debe674d1 71de93269cbc4b9c918ca7e83e197a78 - - default default] 10.0.0.7 "GET /v2.0/subnetpools HTTP/1.1" status: 200 len: 193 time: 0.0114281
2026-07-16 08:04:18.006 10 INFO neutron.db.ovn_revision_numbers_db [None req-133a38ab-2a2b-4cf3-aa68-9c75d567b6c0 a8ebbbafb3144ffe8a7d6527674fd5f5 135a3ede792a496ab28935964eaeee40 - - default default] Successfully bumped revision number for resource 5809c1aa-fa2b-4d57-b8ed-302e8ff8f863 (type: networks) to 1
2026-07-16 08:04:18.057 9 INFO neutron.wsgi [None req-aaf806e9-31f0-4fed-81bc-24953b5d0d80 3c16e09ca97c48abbb60d81debe674d1 71de93269cbc4b9c918ca7e83e197a78 - - default default] 10.0.0.7 "GET /v2.0/routers HTTP/1.1" status: 200 len: 672 time: 0.0691683
2026-07-16 08:04:18.071 9 INFO neutron.wsgi [None req-0a6447e3-5537-447b-b203-f19a8896beae 3c16e09ca97c48abbb60d81debe674d1 71de93269cbc4b9c918ca7e83e197a78 - - default default] 10.0.0.7 "GET /v2.0/agents?binary=ovn-controller HTTP/1.1" status: 200 len: 591 time: 0.0130029
2026-07-16 08:04:18.144 9 INFO neutron.wsgi [None req-bffdd4e8-5a07-4a24-806d-e6996a643eef 3c16e09ca97c48abbb60d81debe674d1 71de93269cbc4b9c918ca7e83e197a78 - - default default] 10.0.0.7 "GET /v2.0/security-groups HTTP/1.1" status: 200 len: 22363 time: 0.0719540
2026-07-16 08:04:18.230 9 INFO neutron.wsgi [None req-80b6485a-3f4c-4c3f-b296-9ad1725ba083 3c16e09ca97c48abbb60d81debe674d1 71de93269cbc4b9c918ca7e83e197a78 - - default default] 10.0.0.7 "GET /v2.0/networks HTTP/1.1" status: 200 len: 5247 time: 0.0809422
2026-07-16 08:04:18.257 9 INFO neutron.wsgi [None req-8721ba6b-2164-43e1-b741-a8c16d0b2ea1 3c16e09ca97c48abbb60d81debe674d1 71de93269cbc4b9c918ca7e83e197a78 - - default default] 10.0.0.7 "GET /v2.0/network-ip-availabilities HTTP/1.1" status: 200 len: 2641 time: 0.0182028
2026-07-16 08:04:18.299 9 INFO neutron.wsgi [None req-84e678f0-bedf-4cc7-87d7-106ebebdc56f 3c16e09ca97c48abbb60d81debe674d1 71de93269cbc4b9c918ca7e83e197a78 - - default default] 10.0.0.7 "GET /v2.0/floatingips HTTP/1.1" status: 200 len: 1269 time: 0.0403810
2026-07-16 08:04:18.332 9 INFO neutron.wsgi [None req-90188dc6-ab0e-48f9-89fd-67a47885950a 3c16e09ca97c48abbb60d81debe674d1 71de93269cbc4b9c918ca7e83e197a78 - - default default] 10.0.0.7 "GET /v2.0/subnets HTTP/1.1" status: 200 len: 2657 time: 0.0329230
2026-07-16 08:04:18.417 9 INFO neutron.wsgi [None req-8260f9e8-ce48-4726-8cda-702b50c78101 3c16e09ca97c48abbb60d81debe674d1 71de93269cbc4b9c918ca7e83e197a78 - - default default] 10.0.0.7 "GET /v2.0/ports HTTP/1.1" status: 200 len: 13281 time: 0.0833488
2026-07-16 08:04:18.448 10 WARNING neutron.scheduler.dhcp_agent_scheduler [None req-0d5a012d-6588-4fd0-8053-05be32408383 dec33f88f761472f8f8b07a49d59ec5f ac22778a59c34f9d80696261f82d4e82 - - default default] No more DHCP agents
2026-07-16 08:04:18.452 10 WARNING neutron.api.rpc.agentnotifiers.dhcp_rpc_agent_api [None req-0d5a012d-6588-4fd0-8053-05be32408383 dec33f88f761472f8f8b07a49d59ec5f ac22778a59c34f9d80696261f82d4e82 - - default default] Unable to schedule network eb2eed8e-9f13-490c-9010-49ac32b30e05: no agents available; will retry on subsequent port and subnet creation events.
2026-07-16 08:04:18.514 10 WARNING neutron.scheduler.dhcp_agent_scheduler [None req-133a38ab-2a2b-4cf3-aa68-9c75d567b6c0 a8ebbbafb3144ffe8a7d6527674fd5f5 135a3ede792a496ab28935964eaeee40 - - default default] No more DHCP agents
2026-07-16 08:04:18.518 10 WARNING neutron.api.rpc.agentnotifiers.dhcp_rpc_agent_api [None req-133a38ab-2a2b-4cf3-aa68-9c75d567b6c0 a8ebbbafb3144ffe8a7d6527674fd5f5 135a3ede792a496ab28935964eaeee40 - - default default] Unable to schedule network 5809c1aa-fa2b-4d57-b8ed-302e8ff8f863: no agents available; will retry on subsequent port and subnet creation events.
2026-07-16 08:04:18.634 10 INFO neutron.db.ovn_revision_numbers_db [None req-133a38ab-2a2b-4cf3-aa68-9c75d567b6c0 a8ebbbafb3144ffe8a7d6527674fd5f5 135a3ede792a496ab28935964eaeee40 - - default default] Successfully bumped revision number for resource c6defa2a-6fc3-48bf-8555-2250c08eabe7 (type: ports) to 1
2026-07-16 08:04:18.667 10 INFO neutron.wsgi [None req-133a38ab-2a2b-4cf3-aa68-9c75d567b6c0 a8ebbbafb3144ffe8a7d6527674fd5f5 135a3ede792a496ab28935964eaeee40 - - default default] 10.0.0.144 "POST /v2.0/networks HTTP/1.1" status: 201 len: 831 time: 0.9790275
2026-07-16 08:04:18.677 9 WARNING neutron_lib.context [None req-63f34a31-1960-48dd-a5b8-16cc31e355f7 a8ebbbafb3144ffe8a7d6527674fd5f5 135a3ede792a496ab28935964eaeee40 - - default default] Method 'is_advsvc' is deprecated since 2023.2 release (neutron-lib 3.8.0) and will be removed once support for the old RBAC API policies will be removed from Neutron. Please use method 'is_service_role' instead.
2026-07-16 08:04:18.764 9 INFO neutron.wsgi [None req-81d4e5c3-a3e1-45ad-97f8-9a896ade8f91 6fdbfcba0d554137aa11de01f6e9f035 ce707103857a44688216f76bb6288eae - - default default] 10.0.0.144 "GET /v2.0/ports/0fd10189-587f-4b68-9e34-9d529b8d310b HTTP/1.1" status: 200 len: 1135 time: 0.0372705
2026-07-16 08:04:18.786 10 WARNING neutron.plugins.ml2.drivers.ovn.mech_driver.ovsdb.ovn_client [None req-1fed577b-fa7b-4690-8202-c757e3ffe61d - - - - - -] No hosting information found for port 28fce431-16fd-4604-bee7-a4bc9147ab7f: RuntimeError: No hosting information found for port 28fce431-16fd-4604-bee7-a4bc9147ab7f
2026-07-16 08:04:18.786 10 INFO neutron.plugins.ml2.drivers.ovn.mech_driver.mech_driver [None req-1fed577b-fa7b-4690-8202-c757e3ffe61d - - - - - -] OVN reports status up for port: 0fd10189-587f-4b68-9e34-9d529b8d310b
2026-07-16 08:04:18.803 10 INFO neutron.plugins.ml2.plugin [None req-1fed577b-fa7b-4690-8202-c757e3ffe61d - - - - - -] Attempt 1 to provision port 0fd10189-587f-4b68-9e34-9d529b8d310b
2026-07-16 08:04:18.869 10 INFO neutron.db.ovn_revision_numbers_db [None req-0d5a012d-6588-4fd0-8053-05be32408383 dec33f88f761472f8f8b07a49d59ec5f ac22778a59c34f9d80696261f82d4e82 - - default default] Successfully bumped revision number for resource 381e61eb-0128-497e-adc5-77639e4bdaa8 (type: floatingips) to 0
2026-07-16 08:04:18.889 10 INFO neutron.wsgi [None req-0d5a012d-6588-4fd0-8053-05be32408383 dec33f88f761472f8f8b07a49d59ec5f ac22778a59c34f9d80696261f82d4e82 - - default default] 10.0.0.144 "POST /v2.0/floatingips HTTP/1.1" status: 201 len: 751 time: 1.1679010
2026-07-16 08:04:18.899 9 WARNING neutron_lib.context [None req-683ded27-cffc-4073-a6b6-cf7c08621757 dec33f88f761472f8f8b07a49d59ec5f ac22778a59c34f9d80696261f82d4e82 - - default default] Method 'is_advsvc' is deprecated since 2023.2 release (neutron-lib 3.8.0) and will be removed once support for the old RBAC API policies will be removed from Neutron. Please use method 'is_service_role' instead.
2026-07-16 08:04:18.956 9 WARNING neutron.scheduler.dhcp_agent_scheduler [None req-63f34a31-1960-48dd-a5b8-16cc31e355f7 a8ebbbafb3144ffe8a7d6527674fd5f5 135a3ede792a496ab28935964eaeee40 - - default default] No more DHCP agents
2026-07-16 08:04:18.960 9 WARNING neutron.api.rpc.agentnotifiers.dhcp_rpc_agent_api [None req-63f34a31-1960-48dd-a5b8-16cc31e355f7 a8ebbbafb3144ffe8a7d6527674fd5f5 135a3ede792a496ab28935964eaeee40 - - default default] Unable to schedule network 5809c1aa-fa2b-4d57-b8ed-302e8ff8f863: no agents available; will retry on subsequent port and subnet creation events.
2026-07-16 08:04:19.066 9 INFO neutron.db.ovn_revision_numbers_db [None req-63f34a31-1960-48dd-a5b8-16cc31e355f7 a8ebbbafb3144ffe8a7d6527674fd5f5 135a3ede792a496ab28935964eaeee40 - - default default] Successfully bumped revision number for resource 4b30ce51-93f4-45d0-a8c3-4c8fbe8582b5 (type: ports) to 1
2026-07-16 08:04:19.096 9 INFO neutron.wsgi [None req-63f34a31-1960-48dd-a5b8-16cc31e355f7 a8ebbbafb3144ffe8a7d6527674fd5f5 135a3ede792a496ab28935964eaeee40 - - default default] 10.0.0.144 "POST /v2.0/ports HTTP/1.1" status: 201 len: 942 time: 0.4243295
2026-07-16 08:04:19.121 10 WARNING neutron_lib.context [None req-a7f9a9fb-d482-4fc5-9587-b78b41d4efc1 a8ebbbafb3144ffe8a7d6527674fd5f5 135a3ede792a496ab28935964eaeee40 - - default default] Method 'is_advsvc' is deprecated since 2023.2 release (neutron-lib 3.8.0) and will be removed once support for the old RBAC API policies will be removed from Neutron. Please use method 'is_service_role' instead.
2026-07-16 08:04:19.142 10 INFO neutron.db.ovn_revision_numbers_db [None req-1fed577b-fa7b-4690-8202-c757e3ffe61d - - - - - -] Successfully bumped revision number for resource 0fd10189-587f-4b68-9e34-9d529b8d310b (type: ports) to 2
2026-07-16 08:04:19.211 9 WARNING neutron.scheduler.dhcp_agent_scheduler [None req-683ded27-cffc-4073-a6b6-cf7c08621757 dec33f88f761472f8f8b07a49d59ec5f ac22778a59c34f9d80696261f82d4e82 - - default default] No more DHCP agents
2026-07-16 08:04:19.213 9 WARNING neutron.api.rpc.agentnotifiers.dhcp_rpc_agent_api [None req-683ded27-cffc-4073-a6b6-cf7c08621757 dec33f88f761472f8f8b07a49d59ec5f ac22778a59c34f9d80696261f82d4e82 - - default default] Unable to schedule network eb2eed8e-9f13-490c-9010-49ac32b30e05: no agents available; will retry on subsequent port and subnet creation events.
2026-07-16 08:04:19.214 10 INFO neutron.db.segments_db [None req-a7f9a9fb-d482-4fc5-9587-b78b41d4efc1 a8ebbbafb3144ffe8a7d6527674fd5f5 135a3ede792a496ab28935964eaeee40 - - default default] Added segment 978fb4c6-9987-4fe8-852f-5de6c7f06867 of type geneve for network cba2cdc8-a8c8-465f-961a-d739910fd3ba
2026-07-16 08:04:19.217 10 INFO neutron.db.ovn_revision_numbers_db [None req-1fed577b-fa7b-4690-8202-c757e3ffe61d - - - - - -] Successfully bumped revision number for resource 0fd10189-587f-4b68-9e34-9d529b8d310b (type: router_ports) to 2
2026-07-16 08:04:19.370 10 INFO neutron.db.ovn_revision_numbers_db [None req-a7f9a9fb-d482-4fc5-9587-b78b41d4efc1 a8ebbbafb3144ffe8a7d6527674fd5f5 135a3ede792a496ab28935964eaeee40 - - default default] Successfully bumped revision number for resource cba2cdc8-a8c8-465f-961a-d739910fd3ba (type: networks) to 1
2026-07-16 08:04:19.566 10 WARNING neutron.scheduler.dhcp_agent_scheduler [None req-a7f9a9fb-d482-4fc5-9587-b78b41d4efc1 a8ebbbafb3144ffe8a7d6527674fd5f5 135a3ede792a496ab28935964eaeee40 - - default default] No more DHCP agents
2026-07-16 08:04:19.568 10 WARNING neutron.api.rpc.agentnotifiers.dhcp_rpc_agent_api [None req-a7f9a9fb-d482-4fc5-9587-b78b41d4efc1 a8ebbbafb3144ffe8a7d6527674fd5f5 135a3ede792a496ab28935964eaeee40 - - default default] Unable to schedule network cba2cdc8-a8c8-465f-961a-d739910fd3ba: no agents available; will retry on subsequent port and subnet creation events.
2026-07-16 08:04:19.687 10 INFO neutron.db.ovn_revision_numbers_db [None req-a7f9a9fb-d482-4fc5-9587-b78b41d4efc1 a8ebbbafb3144ffe8a7d6527674fd5f5 135a3ede792a496ab28935964eaeee40 - - default default] Successfully bumped revision number for resource bbc475cb-fc44-434e-91e8-3e8e5a7f0c25 (type: ports) to 1
2026-07-16 08:04:19.706 10 INFO neutron.wsgi [None req-a7f9a9fb-d482-4fc5-9587-b78b41d4efc1 a8ebbbafb3144ffe8a7d6527674fd5f5 135a3ede792a496ab28935964eaeee40 - - default default] 10.0.0.144 "POST /v2.0/networks HTTP/1.1" status: 201 len: 829 time: 0.6002204
2026-07-16 08:04:19.716 10 WARNING neutron_lib.context [None req-4ada890c-818d-48e5-be67-4760bbaa0c06 a8ebbbafb3144ffe8a7d6527674fd5f5 135a3ede792a496ab28935964eaeee40 - - default default] Method 'is_advsvc' is deprecated since 2023.2 release (neutron-lib 3.8.0) and will be removed once support for the old RBAC API policies will be removed from Neutron. Please use method 'is_service_role' instead.
2026-07-16 08:04:19.867 10 INFO neutron.wsgi [None req-96be884d-de94-493d-80a6-5dae7cdb3b99 6fdbfcba0d554137aa11de01f6e9f035 ce707103857a44688216f76bb6288eae - - default default] 10.0.0.144 "GET /v2.0/ports/0fd10189-587f-4b68-9e34-9d529b8d310b HTTP/1.1" status: 200 len: 1137 time: 0.0980637
2026-07-16 08:04:19.968 9 INFO neutron.db.ovn_revision_numbers_db [None req-683ded27-cffc-4073-a6b6-cf7c08621757 dec33f88f761472f8f8b07a49d59ec5f ac22778a59c34f9d80696261f82d4e82 - - default default] Successfully bumped revision number for resource de23a9b3-67b7-4474-a2de-fbf301e2ce4f (type: floatingips) to 0
2026-07-16 08:04:19.981 9 INFO neutron.wsgi [None req-683ded27-cffc-4073-a6b6-cf7c08621757 dec33f88f761472f8f8b07a49d59ec5f ac22778a59c34f9d80696261f82d4e82 - - default default] 10.0.0.144 "POST /v2.0/floatingips HTTP/1.1" status: 201 len: 751 time: 1.0872462 /var/lib/openstack/lib/python3.10/site-packages/pycadf/identifier.py:71: UserWarning: Invalid uuid: neutron. To ensure interoperability, identifiers should be a valid uuid. warnings.warn(('Invalid uuid: %s. To ensure interoperability, '
2026-07-16 08:04:19.993 9 WARNING neutron_lib.context [None req-840fd41e-03fc-4b9f-ac09-8f21ff601a88 dec33f88f761472f8f8b07a49d59ec5f ac22778a59c34f9d80696261f82d4e82 - - default default] Method 'is_advsvc' is deprecated since 2023.2 release (neutron-lib 3.8.0) and will be removed once support for the old RBAC API policies will be removed from Neutron. Please use method 'is_service_role' instead.
2026-07-16 08:04:20.050 10 WARNING neutron.scheduler.dhcp_agent_scheduler [None req-4ada890c-818d-48e5-be67-4760bbaa0c06 a8ebbbafb3144ffe8a7d6527674fd5f5 135a3ede792a496ab28935964eaeee40 - - default default] No more DHCP agents
2026-07-16 08:04:20.052 10 WARNING neutron.api.rpc.agentnotifiers.dhcp_rpc_agent_api [None req-4ada890c-818d-48e5-be67-4760bbaa0c06 a8ebbbafb3144ffe8a7d6527674fd5f5 135a3ede792a496ab28935964eaeee40 - - default default] Unable to schedule network cba2cdc8-a8c8-465f-961a-d739910fd3ba: no agents available; will retry on subsequent port and subnet creation events.
2026-07-16 08:04:20.188 10 INFO neutron.db.ovn_revision_numbers_db [None req-4ada890c-818d-48e5-be67-4760bbaa0c06 a8ebbbafb3144ffe8a7d6527674fd5f5 135a3ede792a496ab28935964eaeee40 - - default default] Successfully bumped revision number for resource 44db5a53-5f45-46ba-b23e-df12189c9340 (type: ports) to 1
2026-07-16 08:04:20.214 10 INFO neutron.wsgi [None req-4ada890c-818d-48e5-be67-4760bbaa0c06 a8ebbbafb3144ffe8a7d6527674fd5f5 135a3ede792a496ab28935964eaeee40 - - default default] 10.0.0.144 "POST /v2.0/ports HTTP/1.1" status: 201 len: 942 time: 0.5028441 /var/lib/openstack/lib/python3.10/site-packages/pycadf/identifier.py:71: UserWarning: Invalid uuid: neutron. To ensure interoperability, identifiers should be a valid uuid. warnings.warn(('Invalid uuid: %s. To ensure interoperability, '
2026-07-16 08:04:20.227 10 WARNING neutron_lib.context [None req-be5f8f04-3cea-4710-82ab-86adedb17edc a8ebbbafb3144ffe8a7d6527674fd5f5 135a3ede792a496ab28935964eaeee40 - - default default] Method 'is_advsvc' is deprecated since 2023.2 release (neutron-lib 3.8.0) and will be removed once support for the old RBAC API policies will be removed from Neutron. Please use method 'is_service_role' instead.
2026-07-16 08:04:20.294 9 WARNING neutron.scheduler.dhcp_agent_scheduler [None req-840fd41e-03fc-4b9f-ac09-8f21ff601a88 dec33f88f761472f8f8b07a49d59ec5f ac22778a59c34f9d80696261f82d4e82 - - default default] No more DHCP agents
2026-07-16 08:04:20.298 9 WARNING neutron.api.rpc.agentnotifiers.dhcp_rpc_agent_api [None req-840fd41e-03fc-4b9f-ac09-8f21ff601a88 dec33f88f761472f8f8b07a49d59ec5f ac22778a59c34f9d80696261f82d4e82 - - default default] Unable to schedule network eb2eed8e-9f13-490c-9010-49ac32b30e05: no agents available; will retry on subsequent port and subnet creation events.
2026-07-16 08:04:20.334 10 INFO neutron.db.segments_db [None req-be5f8f04-3cea-4710-82ab-86adedb17edc a8ebbbafb3144ffe8a7d6527674fd5f5 135a3ede792a496ab28935964eaeee40 - - default default] Added segment 2fd1bf70-f7ab-413c-adb0-72fc233ea819 of type geneve for network ecbc615b-bbf9-4cdb-b480-a4f597d051e1
2026-07-16 08:04:20.558 10 INFO neutron.db.ovn_revision_numbers_db [None req-be5f8f04-3cea-4710-82ab-86adedb17edc a8ebbbafb3144ffe8a7d6527674fd5f5 135a3ede792a496ab28935964eaeee40 - - default default] Successfully bumped revision number for resource ecbc615b-bbf9-4cdb-b480-a4f597d051e1 (type: networks) to 1
2026-07-16 08:04:20.692 9 INFO neutron.db.ovn_revision_numbers_db [None req-840fd41e-03fc-4b9f-ac09-8f21ff601a88 dec33f88f761472f8f8b07a49d59ec5f ac22778a59c34f9d80696261f82d4e82 - - default default] Successfully bumped revision number for resource 26ef509d-cca2-4892-b96e-70d0b7fdbdf5 (type: floatingips) to 0
2026-07-16 08:04:20.708 9 INFO neutron.wsgi [None req-840fd41e-03fc-4b9f-ac09-8f21ff601a88 dec33f88f761472f8f8b07a49d59ec5f ac22778a59c34f9d80696261f82d4e82 - - default default] 10.0.0.144 "POST /v2.0/floatingips HTTP/1.1" status: 201 len: 751 time: 0.7202880
2026-07-16 08:04:20.761 9 INFO neutron.wsgi [None req-c64bdcae-35a3-4cbb-8f6a-cf94a634e2e3 dec33f88f761472f8f8b07a49d59ec5f ac22778a59c34f9d80696261f82d4e82 - - default default] 10.0.0.144 "PUT /v2.0/floatingips/b0300808-f1e6-45b3-b537-cd9f17f4a3d9/tags HTTP/1.1" status: 200 len: 210 time: 0.0474913
2026-07-16 08:04:20.811 9 INFO neutron.wsgi [None req-1c33c5c0-606e-4efd-84fb-d60f77470eee dec33f88f761472f8f8b07a49d59ec5f ac22778a59c34f9d80696261f82d4e82 - - default default] 10.0.0.144 "PUT /v2.0/floatingips/aa1e2db1-c72f-4729-9a7f-9a655c7c4142/tags HTTP/1.1" status: 200 len: 218 time: 0.0437131
2026-07-16 08:04:20.821 10 WARNING neutron.scheduler.dhcp_agent_scheduler [None req-be5f8f04-3cea-4710-82ab-86adedb17edc a8ebbbafb3144ffe8a7d6527674fd5f5 135a3ede792a496ab28935964eaeee40 - - default default] No more DHCP agents
2026-07-16 08:04:20.854 9 INFO neutron.wsgi [None req-dee054fe-839f-4a55-a22f-d585cdcb90de dec33f88f761472f8f8b07a49d59ec5f ac22778a59c34f9d80696261f82d4e82 - - default default] 10.0.0.144 "PUT /v2.0/floatingips/381e61eb-0128-497e-adc5-77639e4bdaa8/tags HTTP/1.1" status: 200 len: 227 time: 0.0377340
2026-07-16 08:04:20.858 10 WARNING neutron.api.rpc.agentnotifiers.dhcp_rpc_agent_api [None req-be5f8f04-3cea-4710-82ab-86adedb17edc a8ebbbafb3144ffe8a7d6527674fd5f5 135a3ede792a496ab28935964eaeee40 - - default default] Unable to schedule network ecbc615b-bbf9-4cdb-b480-a4f597d051e1: no agents available; will retry on subsequent port and subnet creation events.
2026-07-16 08:04:20.878 10 INFO neutron.wsgi [None req-ad25631e-e25f-4b14-9e4f-46a146653141 6fdbfcba0d554137aa11de01f6e9f035 ce707103857a44688216f76bb6288eae - - default default] 10.0.0.144 "PUT /v2.0/routers/d278c60d-6b0f-4180-9337-f6f5a459c62a/remove_router_interface HTTP/1.1" status: 200 len: 503 time: 1.0064323 /var/lib/openstack/lib/python3.10/site-packages/pycadf/identifier.py:71: UserWarning: Invalid uuid: neutron. To ensure interoperability, identifiers should be a valid uuid. warnings.warn(('Invalid uuid: %s. To ensure interoperability, '
2026-07-16 08:04:20.900 9 INFO neutron.wsgi [None req-0ce37277-ce5c-443c-a7b8-bab426a2d836 dec33f88f761472f8f8b07a49d59ec5f ac22778a59c34f9d80696261f82d4e82 - - default default] 10.0.0.144 "PUT /v2.0/floatingips/de23a9b3-67b7-4474-a2de-fbf301e2ce4f/tags HTTP/1.1" status: 200 len: 212 time: 0.0427818
2026-07-16 08:04:20.950 9 INFO neutron.wsgi [None req-d216d7de-f298-4684-9f5a-6402afbfa4de dec33f88f761472f8f8b07a49d59ec5f ac22778a59c34f9d80696261f82d4e82 - - default default] 10.0.0.144 "GET /v2.0/floatingips?tags=red HTTP/1.1" status: 200 len: 1866 time: 0.0436788
2026-07-16 08:04:20.979 10 INFO neutron.db.ovn_revision_numbers_db [None req-be5f8f04-3cea-4710-82ab-86adedb17edc a8ebbbafb3144ffe8a7d6527674fd5f5 135a3ede792a496ab28935964eaeee40 - - default default] Successfully bumped revision number for resource 303a6131-0fbe-43e4-ab27-ae8e2bb6a126 (type: ports) to 1
2026-07-16 08:04:20.988 10 INFO neutron.wsgi [None req-788e496e-0c12-4c5b-af06-4a610b068f8d 6fdbfcba0d554137aa11de01f6e9f035 ce707103857a44688216f76bb6288eae - - default default] 10.0.0.144 "GET /v2.0/ports/28fce431-16fd-4604-bee7-a4bc9147ab7f HTTP/1.1" status: 200 len: 1137 time: 0.1041520
2026-07-16 08:04:20.990 9 INFO neutron.wsgi [None req-b6e92339-c075-4eba-99ff-eaa3623099ff dec33f88f761472f8f8b07a49d59ec5f ac22778a59c34f9d80696261f82d4e82 - - default default] 10.0.0.144 "GET /v2.0/floatingips?tags=red%2Cblue HTTP/1.1" status: 200 len: 1323 time: 0.0358403
2026-07-16 08:04:21.025 10 INFO neutron.wsgi [None req-be5f8f04-3cea-4710-82ab-86adedb17edc a8ebbbafb3144ffe8a7d6527674fd5f5 135a3ede792a496ab28935964eaeee40 - - default default] 10.0.0.144 "POST /v2.0/networks HTTP/1.1" status: 201 len: 831 time: 0.8072903
2026-07-16 08:04:21.034 10 WARNING neutron_lib.context [None req-234960a2-5c72-484e-9b60-2b4941305692 a8ebbbafb3144ffe8a7d6527674fd5f5 135a3ede792a496ab28935964eaeee40 - - default default] Method 'is_advsvc' is deprecated since 2023.2 release (neutron-lib 3.8.0) and will be removed once support for the old RBAC API policies will be removed from Neutron. Please use method 'is_service_role' instead.
2026-07-16 08:04:21.038 10 INFO neutron.wsgi [None req-5b5f6844-5a3c-4857-b1b6-b60aedb491f6 dec33f88f761472f8f8b07a49d59ec5f ac22778a59c34f9d80696261f82d4e82 - - default default] 10.0.0.144 "GET /v2.0/floatingips?tags-any=blue HTTP/1.1" status: 200 len: 1323 time: 0.0415833
2026-07-16 08:04:21.082 10 INFO neutron.wsgi [None req-edeb53e6-f69e-478c-ba53-d07448db2420 dec33f88f761472f8f8b07a49d59ec5f ac22778a59c34f9d80696261f82d4e82 - - default default] 10.0.0.144 "GET /v2.0/floatingips?tags-any=red%2Cblue HTTP/1.1" status: 200 len: 1866 time: 0.0360837
2026-07-16 08:04:21.132 10 INFO neutron.wsgi [None req-ed4cea70-1d9f-4970-ab78-cd4eed68ec4b dec33f88f761472f8f8b07a49d59ec5f ac22778a59c34f9d80696261f82d4e82 - - default default] 10.0.0.144 "GET /v2.0/floatingips?not-tags=red HTTP/1.1" status: 200 len: 1295 time: 0.0454693
2026-07-16 08:04:21.180 10 INFO neutron.wsgi [None req-08b3afab-90d4-48bc-b635-12c0e50e1a32 dec33f88f761472f8f8b07a49d59ec5f ac22778a59c34f9d80696261f82d4e82 - - default default] 10.0.0.144 "GET /v2.0/floatingips?not-tags=red%2Cblue HTTP/1.1" status: 200 len: 1838 time: 0.0427442
2026-07-16 08:04:21.245 9 INFO neutron.wsgi [None req-18411af3-a15b-4dd5-965a-6f8b4da72cf5 dec33f88f761472f8f8b07a49d59ec5f ac22778a59c34f9d80696261f82d4e82 - - default default] 10.0.0.144 "GET /v2.0/floatingips?not-tags-any=blue HTTP/1.1" status: 200 len: 1838 time: 0.0528288
2026-07-16 08:04:21.291 10 INFO neutron.wsgi [None req-a2ab585e-0a22-4ec3-9490-9a1721cbaf98 dec33f88f761472f8f8b07a49d59ec5f ac22778a59c34f9d80696261f82d4e82 - - default default] 10.0.0.144 "GET /v2.0/floatingips?not-tags-any=red%2Cblue HTTP/1.1" status: 200 len: 1295 time: 0.0403824
2026-07-16 08:04:21.645 10 WARNING neutron.scheduler.dhcp_agent_scheduler [None req-234960a2-5c72-484e-9b60-2b4941305692 a8ebbbafb3144ffe8a7d6527674fd5f5 135a3ede792a496ab28935964eaeee40 - - default default] No more DHCP agents
2026-07-16 08:04:21.648 10 WARNING neutron.api.rpc.agentnotifiers.dhcp_rpc_agent_api [None req-234960a2-5c72-484e-9b60-2b4941305692 a8ebbbafb3144ffe8a7d6527674fd5f5 135a3ede792a496ab28935964eaeee40 - - default default] Unable to schedule network ecbc615b-bbf9-4cdb-b480-a4f597d051e1: no agents available; will retry on subsequent port and subnet creation events.
2026-07-16 08:04:21.753 9 INFO neutron.wsgi [None req-27a94713-5188-4b4b-9644-5c8797aa2f4c 6fdbfcba0d554137aa11de01f6e9f035 ce707103857a44688216f76bb6288eae - - default default] 10.0.0.144 "PUT /v2.0/routers/d278c60d-6b0f-4180-9337-f6f5a459c62a/remove_router_interface HTTP/1.1" status: 200 len: 503 time: 0.7570798 /var/lib/openstack/lib/python3.10/site-packages/pycadf/identifier.py:71: UserWarning: Invalid uuid: neutron. To ensure interoperability, identifiers should be a valid uuid. warnings.warn(('Invalid uuid: %s. To ensure interoperability, '
2026-07-16 08:04:21.779 10 INFO neutron.db.ovn_revision_numbers_db [None req-234960a2-5c72-484e-9b60-2b4941305692 a8ebbbafb3144ffe8a7d6527674fd5f5 135a3ede792a496ab28935964eaeee40 - - default default] Successfully bumped revision number for resource e09c7f00-3d38-4340-8c80-799a484e2f0c (type: ports) to 1
2026-07-16 08:04:21.785 9 INFO neutron.wsgi [None req-746d3231-4ad1-4556-8d20-4eea64db76d1 6fdbfcba0d554137aa11de01f6e9f035 ce707103857a44688216f76bb6288eae - - default default] 10.0.0.144 "GET /v2.0/ports?device_id=d278c60d-6b0f-4180-9337-f6f5a459c62a HTTP/1.1" status: 200 len: 205 time: 0.0269053
2026-07-16 08:04:21.811 10 INFO neutron.wsgi [None req-234960a2-5c72-484e-9b60-2b4941305692 a8ebbbafb3144ffe8a7d6527674fd5f5 135a3ede792a496ab28935964eaeee40 - - default default] 10.0.0.144 "POST /v2.0/ports HTTP/1.1" status: 201 len: 942 time: 0.7810414 /var/lib/openstack/lib/python3.10/site-packages/pycadf/identifier.py:71: UserWarning: Invalid uuid: neutron. To ensure interoperability, identifiers should be a valid uuid. warnings.warn(('Invalid uuid: %s. To ensure interoperability, '
2026-07-16 08:04:21.820 10 WARNING neutron_lib.context [None req-4bea70e9-e5ae-422f-84a2-f4d36f953626 a8ebbbafb3144ffe8a7d6527674fd5f5 135a3ede792a496ab28935964eaeee40 - - default default] Method 'is_advsvc' is deprecated since 2023.2 release (neutron-lib 3.8.0) and will be removed once support for the old RBAC API policies will be removed from Neutron. Please use method 'is_service_role' instead.
2026-07-16 08:04:21.909 10 INFO neutron.db.segments_db [None req-4bea70e9-e5ae-422f-84a2-f4d36f953626 a8ebbbafb3144ffe8a7d6527674fd5f5 135a3ede792a496ab28935964eaeee40 - - default default] Added segment a98ca13e-2bbe-4817-81f7-0adf7a97479b of type geneve for network fee92bcc-5641-4265-9db2-fd529eacc0b5
2026-07-16 08:04:21.989 10 INFO neutron.wsgi [None req-d02661f3-4dee-4063-804f-969900ed7697 dec33f88f761472f8f8b07a49d59ec5f ac22778a59c34f9d80696261f82d4e82 - - default default] 10.0.0.144 "DELETE /v2.0/floatingips/b0300808-f1e6-45b3-b537-cd9f17f4a3d9 HTTP/1.1" status: 204 len: 168 time: 0.6901116
2026-07-16 08:04:22.079 9 INFO neutron.wsgi [None req-d7c06bdf-e240-492e-8478-478b32dc73af 6fdbfcba0d554137aa11de01f6e9f035 ce707103857a44688216f76bb6288eae - - default default] 10.0.0.144 "DELETE /v2.0/routers/d278c60d-6b0f-4180-9337-f6f5a459c62a HTTP/1.1" status: 204 len: 168 time: 0.2894843
2026-07-16 08:04:22.102 10 INFO neutron.db.ovn_revision_numbers_db [None req-4bea70e9-e5ae-422f-84a2-f4d36f953626 a8ebbbafb3144ffe8a7d6527674fd5f5 135a3ede792a496ab28935964eaeee40 - - default default] Successfully bumped revision number for resource fee92bcc-5641-4265-9db2-fd529eacc0b5 (type: networks) to 1
2026-07-16 08:04:22.313 10 WARNING neutron.scheduler.dhcp_agent_scheduler [None req-4bea70e9-e5ae-422f-84a2-f4d36f953626 a8ebbbafb3144ffe8a7d6527674fd5f5 135a3ede792a496ab28935964eaeee40 - - default default] No more DHCP agents
2026-07-16 08:04:22.315 10 WARNING neutron.api.rpc.agentnotifiers.dhcp_rpc_agent_api [None req-4bea70e9-e5ae-422f-84a2-f4d36f953626 a8ebbbafb3144ffe8a7d6527674fd5f5 135a3ede792a496ab28935964eaeee40 - - default default] Unable to schedule network fee92bcc-5641-4265-9db2-fd529eacc0b5: no agents available; will retry on subsequent port and subnet creation events.
2026-07-16 08:04:22.318 9 INFO neutron.wsgi [None req-cefcd124-063d-405d-ab51-8d276d636631 6fdbfcba0d554137aa11de01f6e9f035 ce707103857a44688216f76bb6288eae - - default default] 10.0.0.144 "DELETE /v2.0/subnets/3bd1fde3-a691-425b-99e6-b0c13fb3b55e HTTP/1.1" status: 204 len: 168 time: 0.2334201
2026-07-16 08:04:22.479 10 INFO neutron.db.ovn_revision_numbers_db [None req-4bea70e9-e5ae-422f-84a2-f4d36f953626 a8ebbbafb3144ffe8a7d6527674fd5f5 135a3ede792a496ab28935964eaeee40 - - default default] Successfully bumped revision number for resource 214078e5-d5ee-446b-9b43-8d68aa862795 (type: ports) to 1
2026-07-16 08:04:22.515 10 INFO neutron.wsgi [None req-4bea70e9-e5ae-422f-84a2-f4d36f953626 a8ebbbafb3144ffe8a7d6527674fd5f5 135a3ede792a496ab28935964eaeee40 - - default default] 10.0.0.144 "POST /v2.0/networks HTTP/1.1" status: 201 len: 831 time: 0.6991811
2026-07-16 08:04:22.527 10 WARNING neutron_lib.context [None req-27a98270-dcfa-478a-9688-12c69293051c a8ebbbafb3144ffe8a7d6527674fd5f5 135a3ede792a496ab28935964eaeee40 - - default default] Method 'is_advsvc' is deprecated since 2023.2 release (neutron-lib 3.8.0) and will be removed once support for the old RBAC API policies will be removed from Neutron. Please use method 'is_service_role' instead.
