2026-07-16 08:02:23.128 9 WARNING neutron.api.rpc.agentnotifiers.dhcp_rpc_agent_api [None req-8fd47218-516d-4c96-abc4-af1c9ad7f470 7a1277f5c71b48d1b1602f032fbfd53e 1d53f24ea02e4261b95fd9bfd0a851b6 - - default default] Unable to schedule network fc982568-5a42-40d8-913a-6c72e1b0fb48: no agents available; will retry on subsequent port and subnet creation events.
2026-07-16 08:02:23.214 9 INFO neutron.db.ovn_revision_numbers_db [None req-8fd47218-516d-4c96-abc4-af1c9ad7f470 7a1277f5c71b48d1b1602f032fbfd53e 1d53f24ea02e4261b95fd9bfd0a851b6 - - default default] Successfully bumped revision number for resource 9f57ac9b-0677-4d59-8aa0-7cf35f517e72 (type: ports) to 1
2026-07-16 08:02:23.242 9 WARNING neutron.scheduler.dhcp_agent_scheduler [None req-8fd47218-516d-4c96-abc4-af1c9ad7f470 7a1277f5c71b48d1b1602f032fbfd53e 1d53f24ea02e4261b95fd9bfd0a851b6 - - default default] No more DHCP agents
2026-07-16 08:02:23.245 9 WARNING neutron.api.rpc.agentnotifiers.dhcp_rpc_agent_api [None req-8fd47218-516d-4c96-abc4-af1c9ad7f470 7a1277f5c71b48d1b1602f032fbfd53e 1d53f24ea02e4261b95fd9bfd0a851b6 - - default default] Unable to schedule network 9ae488a0-5af1-4088-a681-28a5de0543a0: no agents available; will retry on subsequent port and subnet creation events.
2026-07-16 08:02:23.333 9 INFO neutron.db.ovn_revision_numbers_db [None req-8fd47218-516d-4c96-abc4-af1c9ad7f470 7a1277f5c71b48d1b1602f032fbfd53e 1d53f24ea02e4261b95fd9bfd0a851b6 - - default default] Successfully bumped revision number for resource bb4ca02b-e1e2-475d-bf1e-c1ebff964b4f (type: ports) to 1
2026-07-16 08:02:23.360 9 INFO neutron.wsgi [None req-8fd47218-516d-4c96-abc4-af1c9ad7f470 7a1277f5c71b48d1b1602f032fbfd53e 1d53f24ea02e4261b95fd9bfd0a851b6 - - default default] 10.0.0.144 "POST /v2.0/ports HTTP/1.1" status: 201 len: 1704 time: 0.9403319 /var/lib/openstack/lib/python3.10/site-packages/pycadf/identifier.py:71: UserWarning: Invalid uuid: neutron. To ensure interoperability, identifiers should be a valid uuid. warnings.warn(('Invalid uuid: %s. To ensure interoperability, '
2026-07-16 08:02:23.503 9 INFO neutron.wsgi [None req-283f9a10-9935-427a-a0be-e61b53fecfec 7a1277f5c71b48d1b1602f032fbfd53e 1d53f24ea02e4261b95fd9bfd0a851b6 - - default default] 10.0.0.144 "GET /v2.0/ports HTTP/1.1" status: 200 len: 3211 time: 0.1378076
2026-07-16 08:02:23.798 9 INFO neutron.wsgi [None req-e3407443-a95f-4691-862d-e3aa2b2a6711 7a1277f5c71b48d1b1602f032fbfd53e 1d53f24ea02e4261b95fd9bfd0a851b6 - - default default] 10.0.0.144 "DELETE /v2.0/ports/9f57ac9b-0677-4d59-8aa0-7cf35f517e72 HTTP/1.1" status: 204 len: 168 time: 0.2896776
2026-07-16 08:02:24.077 9 INFO neutron.wsgi [None req-772426d3-e893-4891-8dff-d7d198b3ff35 7a1277f5c71b48d1b1602f032fbfd53e 1d53f24ea02e4261b95fd9bfd0a851b6 - - default default] 10.0.0.144 "DELETE /v2.0/ports/bb4ca02b-e1e2-475d-bf1e-c1ebff964b4f HTTP/1.1" status: 204 len: 168 time: 0.2744327
2026-07-16 08:02:24.132 9 INFO neutron.wsgi [None req-ff08f8dc-bd0f-4259-af43-30b465949bb4 7a1277f5c71b48d1b1602f032fbfd53e 1d53f24ea02e4261b95fd9bfd0a851b6 - - default default] 10.0.0.144 "GET /v2.0/ports HTTP/1.1" status: 200 len: 1718 time: 0.0499249
2026-07-16 08:02:24.145 9 WARNING neutron_lib.context [None req-b8c367d0-39b5-47d1-b548-15faba688cf7 7a1277f5c71b48d1b1602f032fbfd53e 1d53f24ea02e4261b95fd9bfd0a851b6 - - default default] Method 'is_advsvc' is deprecated since 2023.2 release (neutron-lib 3.8.0) and will be removed once support for the old RBAC API policies will be removed from Neutron. Please use method 'is_service_role' instead.
2026-07-16 08:02:24.242 9 INFO neutron.db.segments_db [None req-b8c367d0-39b5-47d1-b548-15faba688cf7 7a1277f5c71b48d1b1602f032fbfd53e 1d53f24ea02e4261b95fd9bfd0a851b6 - - default default] Added segment f91151ff-1f00-476b-b437-4404ffe08b44 of type geneve for network e335ddee-de12-4c69-a128-bf424c20a7ac
2026-07-16 08:02:24.402 10 INFO neutron.db.ovn_revision_numbers_db [None req-083c7302-3ffb-4182-9934-63e86895eb08 3c16e09ca97c48abbb60d81debe674d1 71de93269cbc4b9c918ca7e83e197a78 - - default default] Successfully bumped revision number for resource d553b831-aa88-4737-954d-45db1b74d25c (type: security_groups) to 1
2026-07-16 08:02:24.413 9 INFO neutron.db.ovn_revision_numbers_db [None req-b8c367d0-39b5-47d1-b548-15faba688cf7 7a1277f5c71b48d1b1602f032fbfd53e 1d53f24ea02e4261b95fd9bfd0a851b6 - - default default] Successfully bumped revision number for resource e335ddee-de12-4c69-a128-bf424c20a7ac (type: networks) to 1
2026-07-16 08:02:24.417 10 INFO neutron.db.ovn_revision_numbers_db [None req-083c7302-3ffb-4182-9934-63e86895eb08 3c16e09ca97c48abbb60d81debe674d1 71de93269cbc4b9c918ca7e83e197a78 - - default default] Successfully bumped revision number for resource 2051de00-2b75-4e06-b825-dafc211fa662 (type: security_group_rules) to 0
2026-07-16 08:02:24.431 10 INFO neutron.db.ovn_revision_numbers_db [None req-083c7302-3ffb-4182-9934-63e86895eb08 3c16e09ca97c48abbb60d81debe674d1 71de93269cbc4b9c918ca7e83e197a78 - - default default] Successfully bumped revision number for resource 6eef1680-bc78-4dba-b053-e90872ebfd30 (type: security_group_rules) to 0
2026-07-16 08:02:24.458 10 INFO neutron.db.ovn_revision_numbers_db [None req-083c7302-3ffb-4182-9934-63e86895eb08 3c16e09ca97c48abbb60d81debe674d1 71de93269cbc4b9c918ca7e83e197a78 - - default default] Successfully bumped revision number for resource 8360c77c-14a1-4e57-8edc-3c06ecf25879 (type: security_group_rules) to 0
2026-07-16 08:02:24.469 9 INFO neutron.db.ovn_revision_numbers_db [None req-e5be80a5-bb6a-457b-a7d3-bb9d1399f0ae 3c16e09ca97c48abbb60d81debe674d1 71de93269cbc4b9c918ca7e83e197a78 - - default default] Successfully bumped revision number for resource dcb7e33c-ff37-4d37-84d4-12aa617b7be9 (type: security_groups) to 1
2026-07-16 08:02:24.473 10 INFO neutron.db.ovn_revision_numbers_db [None req-083c7302-3ffb-4182-9934-63e86895eb08 3c16e09ca97c48abbb60d81debe674d1 71de93269cbc4b9c918ca7e83e197a78 - - default default] Successfully bumped revision number for resource b2b5fbb1-79e4-4424-b31d-ee6f19eb5466 (type: security_group_rules) to 0
2026-07-16 08:02:24.501 9 INFO neutron.db.ovn_revision_numbers_db [None req-e5be80a5-bb6a-457b-a7d3-bb9d1399f0ae 3c16e09ca97c48abbb60d81debe674d1 71de93269cbc4b9c918ca7e83e197a78 - - default default] Successfully bumped revision number for resource 1a784e7c-bacd-4b29-b656-f3217e842143 (type: security_group_rules) to 0
2026-07-16 08:02:24.523 10 INFO neutron.db.segments_db [None req-083c7302-3ffb-4182-9934-63e86895eb08 3c16e09ca97c48abbb60d81debe674d1 71de93269cbc4b9c918ca7e83e197a78 - - default default] Added segment f04e49c5-e5fb-435a-8972-8f1890411de8 of type geneve for network b902cade-a23f-421e-96e5-5f815ce092bb
2026-07-16 08:02:24.524 9 INFO neutron.db.ovn_revision_numbers_db [None req-e5be80a5-bb6a-457b-a7d3-bb9d1399f0ae 3c16e09ca97c48abbb60d81debe674d1 71de93269cbc4b9c918ca7e83e197a78 - - default default] Successfully bumped revision number for resource 4dac456a-67a7-44c5-aae2-051d5d70c47a (type: security_group_rules) to 0
2026-07-16 08:02:24.551 9 INFO neutron.db.ovn_revision_numbers_db [None req-e5be80a5-bb6a-457b-a7d3-bb9d1399f0ae 3c16e09ca97c48abbb60d81debe674d1 71de93269cbc4b9c918ca7e83e197a78 - - default default] Successfully bumped revision number for resource 884f2e9c-2ce6-41ab-a9d9-67adf74d97e7 (type: security_group_rules) to 0
2026-07-16 08:02:24.591 9 INFO neutron.db.ovn_revision_numbers_db [None req-e5be80a5-bb6a-457b-a7d3-bb9d1399f0ae 3c16e09ca97c48abbb60d81debe674d1 71de93269cbc4b9c918ca7e83e197a78 - - default default] Successfully bumped revision number for resource ec024847-bc90-40f6-b781-da23c06c8f6d (type: security_group_rules) to 0
2026-07-16 08:02:24.651 9 WARNING neutron.scheduler.dhcp_agent_scheduler [None req-b8c367d0-39b5-47d1-b548-15faba688cf7 7a1277f5c71b48d1b1602f032fbfd53e 1d53f24ea02e4261b95fd9bfd0a851b6 - - default default] No more DHCP agents
2026-07-16 08:02:24.656 9 WARNING neutron.api.rpc.agentnotifiers.dhcp_rpc_agent_api [None req-b8c367d0-39b5-47d1-b548-15faba688cf7 7a1277f5c71b48d1b1602f032fbfd53e 1d53f24ea02e4261b95fd9bfd0a851b6 - - default default] Unable to schedule network e335ddee-de12-4c69-a128-bf424c20a7ac: no agents available; will retry on subsequent port and subnet creation events.
2026-07-16 08:02:24.671 9 INFO neutron.db.segments_db [None req-e5be80a5-bb6a-457b-a7d3-bb9d1399f0ae 3c16e09ca97c48abbb60d81debe674d1 71de93269cbc4b9c918ca7e83e197a78 - - default default] Added segment 1df9d282-a92e-44bf-8e16-13330e2c234f of type geneve for network 321750b9-2c15-4a4c-a38d-43383872c714
2026-07-16 08:02:24.683 10 INFO neutron.db.ovn_revision_numbers_db [None req-083c7302-3ffb-4182-9934-63e86895eb08 3c16e09ca97c48abbb60d81debe674d1 71de93269cbc4b9c918ca7e83e197a78 - - default default] Successfully bumped revision number for resource b902cade-a23f-421e-96e5-5f815ce092bb (type: networks) to 1
2026-07-16 08:02:24.798 9 INFO neutron.db.ovn_revision_numbers_db [None req-b8c367d0-39b5-47d1-b548-15faba688cf7 7a1277f5c71b48d1b1602f032fbfd53e 1d53f24ea02e4261b95fd9bfd0a851b6 - - default default] Successfully bumped revision number for resource 8f5cf295-921d-40c1-9f87-d10ac10f5a91 (type: ports) to 1
2026-07-16 08:02:24.843 9 INFO neutron.wsgi [None req-b8c367d0-39b5-47d1-b548-15faba688cf7 7a1277f5c71b48d1b1602f032fbfd53e 1d53f24ea02e4261b95fd9bfd0a851b6 - - default default] 10.0.0.144 "POST /v2.0/networks HTTP/1.1" status: 201 len: 848 time: 0.7033367
2026-07-16 08:02:24.854 9 WARNING neutron_lib.context [None req-e7ba6b12-ca8d-4c5a-a708-113b15f51b70 7a1277f5c71b48d1b1602f032fbfd53e 1d53f24ea02e4261b95fd9bfd0a851b6 - - default default] Method 'is_advsvc' is deprecated since 2023.2 release (neutron-lib 3.8.0) and will be removed once support for the old RBAC API policies will be removed from Neutron. Please use method 'is_service_role' instead.
2026-07-16 08:02:24.860 10 WARNING neutron.scheduler.dhcp_agent_scheduler [None req-083c7302-3ffb-4182-9934-63e86895eb08 3c16e09ca97c48abbb60d81debe674d1 71de93269cbc4b9c918ca7e83e197a78 - - default default] No more DHCP agents
2026-07-16 08:02:24.861 9 INFO neutron.db.ovn_revision_numbers_db [None req-e5be80a5-bb6a-457b-a7d3-bb9d1399f0ae 3c16e09ca97c48abbb60d81debe674d1 71de93269cbc4b9c918ca7e83e197a78 - - default default] Successfully bumped revision number for resource 321750b9-2c15-4a4c-a38d-43383872c714 (type: networks) to 1
2026-07-16 08:02:24.862 10 WARNING neutron.api.rpc.agentnotifiers.dhcp_rpc_agent_api [None req-083c7302-3ffb-4182-9934-63e86895eb08 3c16e09ca97c48abbb60d81debe674d1 71de93269cbc4b9c918ca7e83e197a78 - - default default] Unable to schedule network b902cade-a23f-421e-96e5-5f815ce092bb: no agents available; will retry on subsequent port and subnet creation events.
2026-07-16 08:02:24.940 10 INFO neutron.db.ovn_revision_numbers_db [None req-083c7302-3ffb-4182-9934-63e86895eb08 3c16e09ca97c48abbb60d81debe674d1 71de93269cbc4b9c918ca7e83e197a78 - - default default] Successfully bumped revision number for resource 5e8ead4e-7339-4b03-86f1-30bc2eb85c45 (type: ports) to 1
2026-07-16 08:02:24.960 10 INFO neutron.wsgi [None req-083c7302-3ffb-4182-9934-63e86895eb08 3c16e09ca97c48abbb60d81debe674d1 71de93269cbc4b9c918ca7e83e197a78 - - default default] 10.0.0.144 "POST /v2.0/networks HTTP/1.1" status: 201 len: 943 time: 0.7320757
2026-07-16 08:02:24.960 9 INFO neutron.db.segments_db [None req-e7ba6b12-ca8d-4c5a-a708-113b15f51b70 7a1277f5c71b48d1b1602f032fbfd53e 1d53f24ea02e4261b95fd9bfd0a851b6 - - default default] Added segment 6883a7dd-08ac-4ad8-ad72-929156ebd2d6 of type geneve for network c9dfa9c5-2e46-4bb8-916a-d6eb1fc8c5f3
2026-07-16 08:02:25.088 9 WARNING neutron.scheduler.dhcp_agent_scheduler [None req-e5be80a5-bb6a-457b-a7d3-bb9d1399f0ae 3c16e09ca97c48abbb60d81debe674d1 71de93269cbc4b9c918ca7e83e197a78 - - default default] No more DHCP agents
2026-07-16 08:02:25.099 9 WARNING neutron.api.rpc.agentnotifiers.dhcp_rpc_agent_api [None req-e5be80a5-bb6a-457b-a7d3-bb9d1399f0ae 3c16e09ca97c48abbb60d81debe674d1 71de93269cbc4b9c918ca7e83e197a78 - - default default] Unable to schedule network 321750b9-2c15-4a4c-a38d-43383872c714: no agents available; will retry on subsequent port and subnet creation events.
2026-07-16 08:02:25.155 10 WARNING neutron.scheduler.dhcp_agent_scheduler [None req-5dc1cbe8-32eb-42df-a8e1-2c9d41ad39b4 3c16e09ca97c48abbb60d81debe674d1 71de93269cbc4b9c918ca7e83e197a78 - - default default] No more DHCP agents
2026-07-16 08:02:25.158 10 WARNING neutron.api.rpc.agentnotifiers.dhcp_rpc_agent_api [None req-5dc1cbe8-32eb-42df-a8e1-2c9d41ad39b4 3c16e09ca97c48abbb60d81debe674d1 71de93269cbc4b9c918ca7e83e197a78 - - default default] Unable to schedule network b902cade-a23f-421e-96e5-5f815ce092bb: no agents available; will retry on subsequent port and subnet creation events.
2026-07-16 08:02:25.191 9 INFO neutron.db.ovn_revision_numbers_db [None req-e7ba6b12-ca8d-4c5a-a708-113b15f51b70 7a1277f5c71b48d1b1602f032fbfd53e 1d53f24ea02e4261b95fd9bfd0a851b6 - - default default] Successfully bumped revision number for resource c9dfa9c5-2e46-4bb8-916a-d6eb1fc8c5f3 (type: networks) to 1
2026-07-16 08:02:25.251 9 INFO neutron.db.ovn_revision_numbers_db [None req-e5be80a5-bb6a-457b-a7d3-bb9d1399f0ae 3c16e09ca97c48abbb60d81debe674d1 71de93269cbc4b9c918ca7e83e197a78 - - default default] Successfully bumped revision number for resource ceda3f09-b2ef-4e0a-a0cf-86bf20aa5fbc (type: ports) to 1
2026-07-16 08:02:25.288 9 INFO neutron.wsgi [None req-e5be80a5-bb6a-457b-a7d3-bb9d1399f0ae 3c16e09ca97c48abbb60d81debe674d1 71de93269cbc4b9c918ca7e83e197a78 - - default default] 10.0.0.144 "POST /v2.0/networks HTTP/1.1" status: 201 len: 938 time: 1.2191200
2026-07-16 08:02:25.398 9 WARNING neutron.scheduler.dhcp_agent_scheduler [None req-e7ba6b12-ca8d-4c5a-a708-113b15f51b70 7a1277f5c71b48d1b1602f032fbfd53e 1d53f24ea02e4261b95fd9bfd0a851b6 - - default default] No more DHCP agents
2026-07-16 08:02:25.399 9 WARNING neutron.api.rpc.agentnotifiers.dhcp_rpc_agent_api [None req-e7ba6b12-ca8d-4c5a-a708-113b15f51b70 7a1277f5c71b48d1b1602f032fbfd53e 1d53f24ea02e4261b95fd9bfd0a851b6 - - default default] Unable to schedule network c9dfa9c5-2e46-4bb8-916a-d6eb1fc8c5f3: no agents available; will retry on subsequent port and subnet creation events.
2026-07-16 08:02:25.500 9 INFO neutron.db.ovn_revision_numbers_db [None req-e7ba6b12-ca8d-4c5a-a708-113b15f51b70 7a1277f5c71b48d1b1602f032fbfd53e 1d53f24ea02e4261b95fd9bfd0a851b6 - - default default] Successfully bumped revision number for resource 8d7d570c-33d3-4547-96ff-e9842cc1464a (type: ports) to 1
2026-07-16 08:02:25.523 9 INFO neutron.wsgi [None req-e7ba6b12-ca8d-4c5a-a708-113b15f51b70 7a1277f5c71b48d1b1602f032fbfd53e 1d53f24ea02e4261b95fd9bfd0a851b6 - - default default] 10.0.0.144 "POST /v2.0/networks HTTP/1.1" status: 201 len: 848 time: 0.6729290
2026-07-16 08:02:25.572 9 WARNING neutron_lib.context [None req-80e7c7bb-7d4d-44ed-8b24-eebdd99e26ba 7a1277f5c71b48d1b1602f032fbfd53e 1d53f24ea02e4261b95fd9bfd0a851b6 - - default default] Method 'is_advsvc' is deprecated since 2023.2 release (neutron-lib 3.8.0) and will be removed once support for the old RBAC API policies will be removed from Neutron. Please use method 'is_service_role' instead.
2026-07-16 08:02:25.618 9 WARNING neutron_lib.context [None req-80e7c7bb-7d4d-44ed-8b24-eebdd99e26ba 7a1277f5c71b48d1b1602f032fbfd53e 1d53f24ea02e4261b95fd9bfd0a851b6 - - default default] Method 'is_advsvc' is deprecated since 2023.2 release (neutron-lib 3.8.0) and will be removed once support for the old RBAC API policies will be removed from Neutron. Please use method 'is_service_role' instead.
2026-07-16 08:02:25.730 10 WARNING neutron.scheduler.dhcp_agent_scheduler [None req-7036a3a8-2d72-440f-9c17-84a8f1f37fb5 3c16e09ca97c48abbb60d81debe674d1 71de93269cbc4b9c918ca7e83e197a78 - - default default] No more DHCP agents
2026-07-16 08:02:25.741 10 WARNING neutron.api.rpc.agentnotifiers.dhcp_rpc_agent_api [None req-7036a3a8-2d72-440f-9c17-84a8f1f37fb5 3c16e09ca97c48abbb60d81debe674d1 71de93269cbc4b9c918ca7e83e197a78 - - default default] Unable to schedule network 321750b9-2c15-4a4c-a38d-43383872c714: no agents available; will retry on subsequent port and subnet creation events.
2026-07-16 08:02:25.840 10 INFO neutron.db.ovn_revision_numbers_db [None req-18d49dc8-b6b9-4e60-8efc-27ff6d5433ba 3c16e09ca97c48abbb60d81debe674d1 71de93269cbc4b9c918ca7e83e197a78 - - default default] Successfully bumped revision number for resource 8dc52e90-eabb-40ba-b444-9b5ad1542459 (type: security_groups) to 1
2026-07-16 08:02:25.870 10 INFO neutron.db.ovn_revision_numbers_db [None req-18d49dc8-b6b9-4e60-8efc-27ff6d5433ba 3c16e09ca97c48abbb60d81debe674d1 71de93269cbc4b9c918ca7e83e197a78 - - default default] Successfully bumped revision number for resource 488b7a74-adb2-4b32-b11c-dd4842e002f0 (type: security_group_rules) to 0
2026-07-16 08:02:25.913 10 INFO neutron.db.ovn_revision_numbers_db [None req-18d49dc8-b6b9-4e60-8efc-27ff6d5433ba 3c16e09ca97c48abbb60d81debe674d1 71de93269cbc4b9c918ca7e83e197a78 - - default default] Successfully bumped revision number for resource 4ae0b4a8-d792-47cd-befc-bbeecca27e1f (type: security_group_rules) to 0
2026-07-16 08:02:25.942 10 INFO neutron.db.ovn_revision_numbers_db [None req-18d49dc8-b6b9-4e60-8efc-27ff6d5433ba 3c16e09ca97c48abbb60d81debe674d1 71de93269cbc4b9c918ca7e83e197a78 - - default default] Successfully bumped revision number for resource acf6614b-c2cd-44c2-8a2e-39d7ebc2f832 (type: security_group_rules) to 0
2026-07-16 08:02:25.977 10 INFO neutron.db.ovn_revision_numbers_db [None req-18d49dc8-b6b9-4e60-8efc-27ff6d5433ba 3c16e09ca97c48abbb60d81debe674d1 71de93269cbc4b9c918ca7e83e197a78 - - default default] Successfully bumped revision number for resource b9d48e21-8381-45bd-a726-1cba03f3c8ec (type: security_group_rules) to 0
2026-07-16 08:02:26.023 10 INFO neutron.wsgi [None req-18d49dc8-b6b9-4e60-8efc-27ff6d5433ba 3c16e09ca97c48abbb60d81debe674d1 71de93269cbc4b9c918ca7e83e197a78 - - default default] 10.0.0.144 "GET /v2.0/security-groups?tenant_id=cf9d714c00e044de8434f601cd68375a&name=default HTTP/1.1" status: 200 len: 2996 time: 0.6773334
2026-07-16 08:02:26.029 9 WARNING neutron.scheduler.dhcp_agent_scheduler [None req-80e7c7bb-7d4d-44ed-8b24-eebdd99e26ba 7a1277f5c71b48d1b1602f032fbfd53e 1d53f24ea02e4261b95fd9bfd0a851b6 - - default default] No more DHCP agents
2026-07-16 08:02:26.037 9 WARNING neutron.api.rpc.agentnotifiers.dhcp_rpc_agent_api [None req-80e7c7bb-7d4d-44ed-8b24-eebdd99e26ba 7a1277f5c71b48d1b1602f032fbfd53e 1d53f24ea02e4261b95fd9bfd0a851b6 - - default default] Unable to schedule network e335ddee-de12-4c69-a128-bf424c20a7ac: no agents available; will retry on subsequent port and subnet creation events.
2026-07-16 08:02:26.094 10 INFO neutron.db.ovn_revision_numbers_db [None req-5dc1cbe8-32eb-42df-a8e1-2c9d41ad39b4 3c16e09ca97c48abbb60d81debe674d1 71de93269cbc4b9c918ca7e83e197a78 - - default default] Successfully bumped revision number for resource 5e8ead4e-7339-4b03-86f1-30bc2eb85c45 (type: ports) to 2
2026-07-16 08:02:26.133 10 INFO neutron.db.ovn_revision_numbers_db [None req-5dc1cbe8-32eb-42df-a8e1-2c9d41ad39b4 3c16e09ca97c48abbb60d81debe674d1 71de93269cbc4b9c918ca7e83e197a78 - - default default] Successfully bumped revision number for resource d701a658-f497-4972-8127-2ba220de70fb (type: subnets) to 0
2026-07-16 08:02:26.165 10 INFO neutron.wsgi [None req-5dc1cbe8-32eb-42df-a8e1-2c9d41ad39b4 3c16e09ca97c48abbb60d81debe674d1 71de93269cbc4b9c918ca7e83e197a78 - - default default] 10.0.0.144 "POST /v2.0/subnets HTTP/1.1" status: 201 len: 863 time: 1.2000837
2026-07-16 08:02:26.321 9 INFO neutron.wsgi [None req-07c74968-51b8-4665-ab54-7248210dec83 3c16e09ca97c48abbb60d81debe674d1 71de93269cbc4b9c918ca7e83e197a78 - - default default] 10.0.0.144 "DELETE /v2.0/security-groups/8dc52e90-eabb-40ba-b444-9b5ad1542459 HTTP/1.1" status: 204 len: 168 time: 0.2908976
2026-07-16 08:02:26.471 10 INFO neutron.db.ovn_revision_numbers_db [None req-7036a3a8-2d72-440f-9c17-84a8f1f37fb5 3c16e09ca97c48abbb60d81debe674d1 71de93269cbc4b9c918ca7e83e197a78 - - default default] Successfully bumped revision number for resource ceda3f09-b2ef-4e0a-a0cf-86bf20aa5fbc (type: ports) to 2
2026-07-16 08:02:26.531 10 INFO neutron.db.ovn_revision_numbers_db [None req-7036a3a8-2d72-440f-9c17-84a8f1f37fb5 3c16e09ca97c48abbb60d81debe674d1 71de93269cbc4b9c918ca7e83e197a78 - - default default] Successfully bumped revision number for resource 28454c7f-96c9-462e-b442-595a4739e02e (type: subnets) to 0
2026-07-16 08:02:26.555 10 INFO neutron.wsgi [None req-7036a3a8-2d72-440f-9c17-84a8f1f37fb5 3c16e09ca97c48abbb60d81debe674d1 71de93269cbc4b9c918ca7e83e197a78 - - default default] 10.0.0.144 "POST /v2.0/subnets HTTP/1.1" status: 201 len: 860 time: 1.2628970
2026-07-16 08:02:26.647 9 INFO neutron.db.ovn_revision_numbers_db [None req-80e7c7bb-7d4d-44ed-8b24-eebdd99e26ba 7a1277f5c71b48d1b1602f032fbfd53e 1d53f24ea02e4261b95fd9bfd0a851b6 - - default default] Successfully bumped revision number for resource 8f5cf295-921d-40c1-9f87-d10ac10f5a91 (type: ports) to 2
2026-07-16 08:02:26.698 10 WARNING neutron.scheduler.dhcp_agent_scheduler [None req-d25d39c8-69cb-4796-af80-cc71a1149486 3c16e09ca97c48abbb60d81debe674d1 71de93269cbc4b9c918ca7e83e197a78 - - default default] No more DHCP agents
2026-07-16 08:02:26.700 10 WARNING neutron.api.rpc.agentnotifiers.dhcp_rpc_agent_api [None req-d25d39c8-69cb-4796-af80-cc71a1149486 3c16e09ca97c48abbb60d81debe674d1 71de93269cbc4b9c918ca7e83e197a78 - - default default] Unable to schedule network eb2eed8e-9f13-490c-9010-49ac32b30e05: no agents available; will retry on subsequent port and subnet creation events.
2026-07-16 08:02:26.719 9 INFO neutron.db.ovn_revision_numbers_db [None req-80e7c7bb-7d4d-44ed-8b24-eebdd99e26ba 7a1277f5c71b48d1b1602f032fbfd53e 1d53f24ea02e4261b95fd9bfd0a851b6 - - default default] Successfully bumped revision number for resource a1552e1d-9ab0-4436-8604-7f93fcfc055e (type: subnets) to 0
2026-07-16 08:02:26.760 9 WARNING neutron.scheduler.dhcp_agent_scheduler [None req-80e7c7bb-7d4d-44ed-8b24-eebdd99e26ba 7a1277f5c71b48d1b1602f032fbfd53e 1d53f24ea02e4261b95fd9bfd0a851b6 - - default default] No more DHCP agents
2026-07-16 08:02:26.764 9 WARNING neutron.api.rpc.agentnotifiers.dhcp_rpc_agent_api [None req-80e7c7bb-7d4d-44ed-8b24-eebdd99e26ba 7a1277f5c71b48d1b1602f032fbfd53e 1d53f24ea02e4261b95fd9bfd0a851b6 - - default default] Unable to schedule network c9dfa9c5-2e46-4bb8-916a-d6eb1fc8c5f3: no agents available; will retry on subsequent port and subnet creation events.
2026-07-16 08:02:26.870 10 INFO neutron.db.ovn_revision_numbers_db [None req-d25d39c8-69cb-4796-af80-cc71a1149486 3c16e09ca97c48abbb60d81debe674d1 71de93269cbc4b9c918ca7e83e197a78 - - default default] Successfully bumped revision number for resource b2935e77-cd02-4f73-943a-ed641234390e (type: ports) to 1
2026-07-16 08:02:26.886 9 INFO neutron.wsgi [-] 10.0.0.160 "GET / HTTP/1.1" status: 200 len: 246 time: 0.0014451
2026-07-16 08:02:26.887 9 INFO neutron.wsgi [-] 10.0.0.160 "GET / HTTP/1.1" status: 200 len: 246 time: 0.0009120
2026-07-16 08:02:27.312 9 WARNING neutron.scheduler.dhcp_agent_scheduler [None req-7a5704f9-852f-49da-b618-256f487aaa83 3c16e09ca97c48abbb60d81debe674d1 71de93269cbc4b9c918ca7e83e197a78 - - default default] No more DHCP agents
2026-07-16 08:02:27.317 9 WARNING neutron.api.rpc.agentnotifiers.dhcp_rpc_agent_api [None req-7a5704f9-852f-49da-b618-256f487aaa83 3c16e09ca97c48abbb60d81debe674d1 71de93269cbc4b9c918ca7e83e197a78 - - default default] Unable to schedule network eb2eed8e-9f13-490c-9010-49ac32b30e05: no agents available; will retry on subsequent port and subnet creation events.
2026-07-16 08:02:27.490 9 INFO neutron.plugins.ml2.drivers.ovn.mech_driver.mech_driver [None req-9922bd46-0a33-49c9-aed7-aec754b2273a - - - - - -] OVN reports status up for port: b2935e77-cd02-4f73-943a-ed641234390e
2026-07-16 08:02:27.522 9 INFO neutron.plugins.ml2.plugin [None req-9922bd46-0a33-49c9-aed7-aec754b2273a - - - - - -] Attempt 1 to provision port b2935e77-cd02-4f73-943a-ed641234390e
2026-07-16 08:02:27.524 9 INFO neutron.plugins.ml2.drivers.ovn.mech_driver.ovsdb.ovsdb_monitor [None req-cdf6c8a5-d0a0-4036-9ca1-5573bac1a875 - - - - - -] Router 737d2da3-ef90-4ec7-94e3-4ac233f7bb23 is bound to host instance
2026-07-16 08:02:27.538 10 INFO neutron.db.ovn_revision_numbers_db [None req-d25d39c8-69cb-4796-af80-cc71a1149486 3c16e09ca97c48abbb60d81debe674d1 71de93269cbc4b9c918ca7e83e197a78 - - default default] Successfully bumped revision number for resource b2935e77-cd02-4f73-943a-ed641234390e (type: router_ports) to 1
2026-07-16 08:02:27.572 9 INFO neutron.db.ovn_revision_numbers_db [None req-7a5704f9-852f-49da-b618-256f487aaa83 3c16e09ca97c48abbb60d81debe674d1 71de93269cbc4b9c918ca7e83e197a78 - - default default] Successfully bumped revision number for resource 7688271f-8162-40ec-a7df-1f9103a09b7b (type: ports) to 1
2026-07-16 08:02:27.652 10 INFO neutron.db.ovn_revision_numbers_db [None req-d25d39c8-69cb-4796-af80-cc71a1149486 3c16e09ca97c48abbb60d81debe674d1 71de93269cbc4b9c918ca7e83e197a78 - - default default] Successfully bumped revision number for resource 737d2da3-ef90-4ec7-94e3-4ac233f7bb23 (type: routers) to 2
2026-07-16 08:02:27.673 10 INFO neutron.wsgi [None req-d25d39c8-69cb-4796-af80-cc71a1149486 3c16e09ca97c48abbb60d81debe674d1 71de93269cbc4b9c918ca7e83e197a78 - - default default] 10.0.0.144 "POST /v2.0/routers HTTP/1.1" status: 201 len: 874 time: 1.5014315
2026-07-16 08:02:27.731 9 INFO neutron.db.ovn_revision_numbers_db [None req-80e7c7bb-7d4d-44ed-8b24-eebdd99e26ba 7a1277f5c71b48d1b1602f032fbfd53e 1d53f24ea02e4261b95fd9bfd0a851b6 - - default default] Successfully bumped revision number for resource 8d7d570c-33d3-4547-96ff-e9842cc1464a (type: ports) to 2
2026-07-16 08:02:27.790 9 INFO neutron.db.ovn_revision_numbers_db [None req-80e7c7bb-7d4d-44ed-8b24-eebdd99e26ba 7a1277f5c71b48d1b1602f032fbfd53e 1d53f24ea02e4261b95fd9bfd0a851b6 - - default default] Successfully bumped revision number for resource 36a3e733-3f55-44ca-87b8-3e86a3929fa7 (type: subnets) to 0
2026-07-16 08:02:27.825 9 INFO neutron.wsgi [None req-80e7c7bb-7d4d-44ed-8b24-eebdd99e26ba 7a1277f5c71b48d1b1602f032fbfd53e 1d53f24ea02e4261b95fd9bfd0a851b6 - - default default] 10.0.0.144 "POST /v2.0/subnets HTTP/1.1" status: 201 len: 1426 time: 2.2592506
2026-07-16 08:02:27.896 10 INFO neutron.wsgi [None req-bcbb7801-51e9-4719-a4cd-729cf892e26b 7a1277f5c71b48d1b1602f032fbfd53e 1d53f24ea02e4261b95fd9bfd0a851b6 - - default default] 10.0.0.144 "GET /v2.0/subnets HTTP/1.1" status: 200 len: 2034 time: 0.0650415
2026-07-16 08:02:28.165 10 INFO neutron.wsgi [None req-1bb32a20-8e6e-48a6-8b47-37b9e9723053 7a1277f5c71b48d1b1602f032fbfd53e 1d53f24ea02e4261b95fd9bfd0a851b6 - - default default] 10.0.0.144 "DELETE /v2.0/subnets/a1552e1d-9ab0-4436-8604-7f93fcfc055e HTTP/1.1" status: 204 len: 168 time: 0.2630520
2026-07-16 08:02:28.259 10 WARNING neutron.scheduler.dhcp_agent_scheduler [None req-b0655c7d-d0fb-48e0-9daa-46523ed03752 3c16e09ca97c48abbb60d81debe674d1 71de93269cbc4b9c918ca7e83e197a78 - - default default] No more DHCP agents
2026-07-16 08:02:28.262 10 WARNING neutron.api.rpc.agentnotifiers.dhcp_rpc_agent_api [None req-b0655c7d-d0fb-48e0-9daa-46523ed03752 3c16e09ca97c48abbb60d81debe674d1 71de93269cbc4b9c918ca7e83e197a78 - - default default] Unable to schedule network b902cade-a23f-421e-96e5-5f815ce092bb: no agents available; will retry on subsequent port and subnet creation events.
2026-07-16 08:02:28.323 9 INFO neutron.db.ovn_revision_numbers_db [None req-cdf6c8a5-d0a0-4036-9ca1-5573bac1a875 - - - - - -] Successfully bumped revision number for resource b2935e77-cd02-4f73-943a-ed641234390e (type: ports) to 1
2026-07-16 08:02:28.353 10 INFO neutron.plugins.ml2.drivers.ovn.mech_driver.mech_driver [None req-1fed577b-fa7b-4690-8202-c757e3ffe61d - - - - - -] OVN reports status up for port: 7688271f-8162-40ec-a7df-1f9103a09b7b
2026-07-16 08:02:28.378 10 INFO neutron.plugins.ml2.drivers.ovn.mech_driver.ovsdb.ovsdb_monitor [None req-b1b1c941-bebc-4e4b-aaf6-97469fbdd25d - - - - - -] Router d6bc0352-82ed-4312-ba6e-bb7c82e2dcaa is bound to host instance
2026-07-16 08:02:28.384 10 INFO neutron.plugins.ml2.plugin [None req-1fed577b-fa7b-4690-8202-c757e3ffe61d - - - - - -] Attempt 1 to provision port 7688271f-8162-40ec-a7df-1f9103a09b7b
2026-07-16 08:02:28.396 9 INFO neutron.db.ovn_revision_numbers_db [None req-7a5704f9-852f-49da-b618-256f487aaa83 3c16e09ca97c48abbb60d81debe674d1 71de93269cbc4b9c918ca7e83e197a78 - - default default] Successfully bumped revision number for resource 7688271f-8162-40ec-a7df-1f9103a09b7b (type: router_ports) to 1
2026-07-16 08:02:28.508 9 INFO neutron.db.ovn_revision_numbers_db [None req-7a5704f9-852f-49da-b618-256f487aaa83 3c16e09ca97c48abbb60d81debe674d1 71de93269cbc4b9c918ca7e83e197a78 - - default default] Successfully bumped revision number for resource d6bc0352-82ed-4312-ba6e-bb7c82e2dcaa (type: routers) to 2
2026-07-16 08:02:28.534 9 INFO neutron.wsgi [None req-7a5704f9-852f-49da-b618-256f487aaa83 3c16e09ca97c48abbb60d81debe674d1 71de93269cbc4b9c918ca7e83e197a78 - - default default] 10.0.0.144 "POST /v2.0/routers HTTP/1.1" status: 201 len: 871 time: 1.9719708
2026-07-16 08:02:28.664 9 INFO neutron.db.ovn_revision_numbers_db [None req-cdf6c8a5-d0a0-4036-9ca1-5573bac1a875 - - - - - -] Successfully bumped revision number for resource b2935e77-cd02-4f73-943a-ed641234390e (type: router_ports) to 3
2026-07-16 08:02:28.786 10 INFO neutron.wsgi [None req-fff8a44d-348c-4b53-b387-44fcafc502f8 7a1277f5c71b48d1b1602f032fbfd53e 1d53f24ea02e4261b95fd9bfd0a851b6 - - default default] 10.0.0.144 "DELETE /v2.0/subnets/36a3e733-3f55-44ca-87b8-3e86a3929fa7 HTTP/1.1" status: 204 len: 168 time: 0.6172726
2026-07-16 08:02:28.833 10 INFO neutron.db.ovn_revision_numbers_db [None req-b0655c7d-d0fb-48e0-9daa-46523ed03752 3c16e09ca97c48abbb60d81debe674d1 71de93269cbc4b9c918ca7e83e197a78 - - default default] Successfully bumped revision number for resource 417623ef-a283-4aef-bf28-5ecafd1be44d (type: ports) to 1
2026-07-16 08:02:28.854 10 INFO neutron.wsgi [None req-efd7a580-8deb-45b0-b4dc-f476c3d0c88e 7a1277f5c71b48d1b1602f032fbfd53e 1d53f24ea02e4261b95fd9bfd0a851b6 - - default default] 10.0.0.144 "GET /v2.0/subnets HTTP/1.1" status: 200 len: 820 time: 0.0582860
2026-07-16 08:02:29.082 9 INFO neutron.db.ovn_revision_numbers_db [None req-cdf6c8a5-d0a0-4036-9ca1-5573bac1a875 - - - - - -] Successfully bumped revision number for resource b2935e77-cd02-4f73-943a-ed641234390e (type: ports) to 2
2026-07-16 08:02:29.363 9 WARNING neutron.scheduler.dhcp_agent_scheduler [None req-46b21546-f33e-4dd6-9c61-61e0d9253fe5 3c16e09ca97c48abbb60d81debe674d1 71de93269cbc4b9c918ca7e83e197a78 - - default default] No more DHCP agents
2026-07-16 08:02:29.368 9 WARNING neutron.api.rpc.agentnotifiers.dhcp_rpc_agent_api [None req-46b21546-f33e-4dd6-9c61-61e0d9253fe5 3c16e09ca97c48abbb60d81debe674d1 71de93269cbc4b9c918ca7e83e197a78 - - default default] Unable to schedule network 321750b9-2c15-4a4c-a38d-43383872c714: no agents available; will retry on subsequent port and subnet creation events.
2026-07-16 08:02:29.437 9 INFO neutron.db.ovn_revision_numbers_db [None req-cdf6c8a5-d0a0-4036-9ca1-5573bac1a875 - - - - - -] Successfully bumped revision number for resource b2935e77-cd02-4f73-943a-ed641234390e (type: ports) to 4
2026-07-16 08:02:29.479 10 INFO neutron.services.segments.plugin [-] Segment 6883a7dd-08ac-4ad8-ad72-929156ebd2d6 resource provider aggregate not found
2026-07-16 08:02:29.488 10 INFO neutron.services.segments.plugin [-] Segment 6883a7dd-08ac-4ad8-ad72-929156ebd2d6 resource provider aggregate not found
2026-07-16 08:02:29.507 10 INFO neutron.services.segments.plugin [-] Segment 6883a7dd-08ac-4ad8-ad72-929156ebd2d6 resource provider not found; error: Placement Client Error (4xx): {"errors": [{"status": 404, "title": "Not Found", "detail": "The resource could not be found.\n\n No resource provider with uuid 6883a7dd-08ac-4ad8-ad72-929156ebd2d6 found for delete ", "request_id": "req-9c754eb1-8ca7-46f0-9562-5c0c217e5a64"}]}
2026-07-16 08:02:29.512 10 INFO neutron.services.segments.plugin [-] Segment 6883a7dd-08ac-4ad8-ad72-929156ebd2d6 resource provider not found; error: Placement Client Error (4xx): {"errors": [{"status": 404, "title": "Not Found", "detail": "The resource could not be found.\n\n No resource provider with uuid 6883a7dd-08ac-4ad8-ad72-929156ebd2d6 found for delete ", "request_id": "req-8e255ba9-153a-42ff-9996-d471ef5ecda8"}]}
2026-07-16 08:02:29.559 10 INFO neutron.db.ovn_revision_numbers_db [None req-b1b1c941-bebc-4e4b-aaf6-97469fbdd25d - - - - - -] Successfully bumped revision number for resource 7688271f-8162-40ec-a7df-1f9103a09b7b (type: ports) to 1
2026-07-16 08:02:29.572 10 INFO neutron.wsgi [None req-c7f079d7-bce2-45f7-a12d-f23a7d7faa47 7a1277f5c71b48d1b1602f032fbfd53e 1d53f24ea02e4261b95fd9bfd0a851b6 - - default default] 10.0.0.144 "DELETE /v2.0/networks/c9dfa9c5-2e46-4bb8-916a-d6eb1fc8c5f3 HTTP/1.1" status: 204 len: 168 time: 0.7097340
2026-07-16 08:02:29.620 10 INFO neutron.db.ovn_revision_numbers_db [None req-b0655c7d-d0fb-48e0-9daa-46523ed03752 3c16e09ca97c48abbb60d81debe674d1 71de93269cbc4b9c918ca7e83e197a78 - - default default] Successfully bumped revision number for resource 417623ef-a283-4aef-bf28-5ecafd1be44d (type: router_ports) to 1
2026-07-16 08:02:29.629 9 INFO neutron.db.ovn_revision_numbers_db [None req-46b21546-f33e-4dd6-9c61-61e0d9253fe5 3c16e09ca97c48abbb60d81debe674d1 71de93269cbc4b9c918ca7e83e197a78 - - default default] Successfully bumped revision number for resource afa3cdd8-4440-4c64-ac4e-9398c3e36b2b (type: ports) to 1
2026-07-16 08:02:29.737 9 INFO neutron.db.ovn_revision_numbers_db [None req-cdf6c8a5-d0a0-4036-9ca1-5573bac1a875 - - - - - -] Successfully bumped revision number for resource b2935e77-cd02-4f73-943a-ed641234390e (type: router_ports) to 4
2026-07-16 08:02:29.906 10 INFO neutron.db.ovn_revision_numbers_db [None req-b0655c7d-d0fb-48e0-9daa-46523ed03752 3c16e09ca97c48abbb60d81debe674d1 71de93269cbc4b9c918ca7e83e197a78 - - default default] Successfully bumped revision number for resource 417623ef-a283-4aef-bf28-5ecafd1be44d (type: ports) to 1
2026-07-16 08:02:30.076 9 INFO neutron.db.ovn_revision_numbers_db [None req-46b21546-f33e-4dd6-9c61-61e0d9253fe5 3c16e09ca97c48abbb60d81debe674d1 71de93269cbc4b9c918ca7e83e197a78 - - default default] Successfully bumped revision number for resource afa3cdd8-4440-4c64-ac4e-9398c3e36b2b (type: router_ports) to 1
2026-07-16 08:02:30.237 9 INFO neutron.db.ovn_revision_numbers_db [None req-46b21546-f33e-4dd6-9c61-61e0d9253fe5 3c16e09ca97c48abbb60d81debe674d1 71de93269cbc4b9c918ca7e83e197a78 - - default default] Successfully bumped revision number for resource afa3cdd8-4440-4c64-ac4e-9398c3e36b2b (type: ports) to 1
2026-07-16 08:02:30.272 10 WARNING neutron.scheduler.dhcp_agent_scheduler [None req-b0655c7d-d0fb-48e0-9daa-46523ed03752 3c16e09ca97c48abbb60d81debe674d1 71de93269cbc4b9c918ca7e83e197a78 - - default default] No more DHCP agents
2026-07-16 08:02:30.273 10 INFO neutron.db.ovn_revision_numbers_db [None req-b1b1c941-bebc-4e4b-aaf6-97469fbdd25d - - - - - -] Successfully bumped revision number for resource 7688271f-8162-40ec-a7df-1f9103a09b7b (type: router_ports) to 3
2026-07-16 08:02:30.274 10 WARNING neutron.api.rpc.agentnotifiers.dhcp_rpc_agent_api [None req-b0655c7d-d0fb-48e0-9daa-46523ed03752 3c16e09ca97c48abbb60d81debe674d1 71de93269cbc4b9c918ca7e83e197a78 - - default default] Unable to schedule network b902cade-a23f-421e-96e5-5f815ce092bb: no agents available; will retry on subsequent port and subnet creation events.
2026-07-16 08:02:30.303 9 WARNING neutron.scheduler.dhcp_agent_scheduler [None req-46b21546-f33e-4dd6-9c61-61e0d9253fe5 3c16e09ca97c48abbb60d81debe674d1 71de93269cbc4b9c918ca7e83e197a78 - - default default] No more DHCP agents
2026-07-16 08:02:30.304 9 WARNING neutron.api.rpc.agentnotifiers.dhcp_rpc_agent_api [None req-46b21546-f33e-4dd6-9c61-61e0d9253fe5 3c16e09ca97c48abbb60d81debe674d1 71de93269cbc4b9c918ca7e83e197a78 - - default default] Unable to schedule network 321750b9-2c15-4a4c-a38d-43383872c714: no agents available; will retry on subsequent port and subnet creation events.
2026-07-16 08:02:30.511 10 INFO neutron.wsgi [None req-5879fddf-c9dd-47bb-8774-ebdf3e1595b9 7a1277f5c71b48d1b1602f032fbfd53e 1d53f24ea02e4261b95fd9bfd0a851b6 - - default default] 10.0.0.144 "DELETE /v2.0/networks/e335ddee-de12-4c69-a128-bf424c20a7ac HTTP/1.1" status: 204 len: 168 time: 0.9351640
2026-07-16 08:02:30.610 10 INFO neutron.db.ovn_revision_numbers_db [None req-b1b1c941-bebc-4e4b-aaf6-97469fbdd25d - - - - - -] Successfully bumped revision number for resource 7688271f-8162-40ec-a7df-1f9103a09b7b (type: ports) to 2
2026-07-16 08:02:30.896 10 INFO neutron.wsgi [None req-022046cf-25fd-4afd-a7d9-d79aa97cb93e 2b8642c3b6b140508d03aed91d85fa4c a61184f3db0f4174967d8ab84d42342a - - default default] 10.0.0.144 "POST /v2.0/qos/policies HTTP/1.1" status: 201 len: 558 time: 0.2709591
2026-07-16 08:02:30.898 9 INFO neutron.db.ovn_revision_numbers_db [None req-46b21546-f33e-4dd6-9c61-61e0d9253fe5 3c16e09ca97c48abbb60d81debe674d1 71de93269cbc4b9c918ca7e83e197a78 - - default default] Successfully bumped revision number for resource afa3cdd8-4440-4c64-ac4e-9398c3e36b2b (type: router_ports) to 1
2026-07-16 08:02:30.901 9 INFO neutron.wsgi [None req-46b21546-f33e-4dd6-9c61-61e0d9253fe5 3c16e09ca97c48abbb60d81debe674d1 71de93269cbc4b9c918ca7e83e197a78 - - default default] 10.0.0.144 "PUT /v2.0/routers/d6bc0352-82ed-4312-ba6e-bb7c82e2dcaa/add_router_interface HTTP/1.1" status: 200 len: 503 time: 2.3570068
2026-07-16 08:02:31.025 10 INFO neutron.wsgi [None req-e05cf3cd-5738-4a2a-9d4c-d5217335534e 2b8642c3b6b140508d03aed91d85fa4c a61184f3db0f4174967d8ab84d42342a - - default default] 10.0.0.144 "POST /v2.0/qos/policies HTTP/1.1" status: 201 len: 558 time: 0.1224258
2026-07-16 08:02:31.090 9 INFO neutron.wsgi [None req-f4078db1-a464-4cc6-a642-6e1a9ebcaf72 2b8642c3b6b140508d03aed91d85fa4c a61184f3db0f4174967d8ab84d42342a - - default default] 10.0.0.144 "POST /v2.0/qos/policies HTTP/1.1" status: 201 len: 558 time: 0.0598133
2026-07-16 08:02:31.122 10 INFO neutron.db.ovn_revision_numbers_db [None req-b1b1c941-bebc-4e4b-aaf6-97469fbdd25d - - - - - -] Successfully bumped revision number for resource 7688271f-8162-40ec-a7df-1f9103a09b7b (type: ports) to 4
2026-07-16 08:02:31.133 9 INFO neutron.wsgi [None req-5aa96bd2-7f65-4374-b186-36b876545f21 2b8642c3b6b140508d03aed91d85fa4c a61184f3db0f4174967d8ab84d42342a - - default default] 10.0.0.144 "POST /v2.0/qos/policies HTTP/1.1" status: 201 len: 558 time: 0.0390117
2026-07-16 08:02:31.188 10 INFO neutron.plugins.ml2.drivers.ovn.mech_driver.mech_driver [None req-1fed577b-fa7b-4690-8202-c757e3ffe61d - - - - - -] OVN reports status up for port: 417623ef-a283-4aef-bf28-5ecafd1be44d
2026-07-16 08:02:31.193 9 INFO neutron.wsgi [None req-2da47d45-95e8-4236-be29-0e528a8dc639 2b8642c3b6b140508d03aed91d85fa4c a61184f3db0f4174967d8ab84d42342a - - default default] 10.0.0.144 "POST /v2.0/qos/policies HTTP/1.1" status: 201 len: 558 time: 0.0553412
2026-07-16 08:02:31.228 10 INFO neutron.plugins.ml2.plugin [None req-1fed577b-fa7b-4690-8202-c757e3ffe61d - - - - - -] Attempt 1 to provision port 417623ef-a283-4aef-bf28-5ecafd1be44d
2026-07-16 08:02:31.266 10 INFO neutron.db.ovn_revision_numbers_db [None req-b0655c7d-d0fb-48e0-9daa-46523ed03752 3c16e09ca97c48abbb60d81debe674d1 71de93269cbc4b9c918ca7e83e197a78 - - default default] Successfully bumped revision number for resource 417623ef-a283-4aef-bf28-5ecafd1be44d (type: router_ports) to 1
2026-07-16 08:02:31.269 10 INFO neutron.wsgi [None req-b0655c7d-d0fb-48e0-9daa-46523ed03752 3c16e09ca97c48abbb60d81debe674d1 71de93269cbc4b9c918ca7e83e197a78 - - default default] 10.0.0.144 "PUT /v2.0/routers/737d2da3-ef90-4ec7-94e3-4ac233f7bb23/add_router_interface HTTP/1.1" status: 200 len: 503 time: 3.5911546
2026-07-16 08:02:31.320 9 INFO neutron.wsgi [None req-76e0c307-fea5-4211-9918-e35d5f9b859f 2b8642c3b6b140508d03aed91d85fa4c a61184f3db0f4174967d8ab84d42342a - - default default] 10.0.0.144 "PUT /v2.0/policies/86ea7f38-9226-44ec-92a9-d4c83f846af0/tags HTTP/1.1" status: 200 len: 210 time: 0.1166067
2026-07-16 08:02:31.331 10 INFO neutron.wsgi [None req-03304df5-fcec-4972-9e0c-5b1066a76fca 7a1277f5c71b48d1b1602f032fbfd53e 1d53f24ea02e4261b95fd9bfd0a851b6 - - default default] 10.0.0.144 "DELETE /v2.0/networks/9ae488a0-5af1-4088-a681-28a5de0543a0 HTTP/1.1" status: 204 len: 168 time: 0.8150365
2026-07-16 08:02:31.363 9 INFO neutron.wsgi [None req-9eaea620-9230-40c9-b527-9a60389bafad 2b8642c3b6b140508d03aed91d85fa4c a61184f3db0f4174967d8ab84d42342a - - default default] 10.0.0.144 "PUT /v2.0/policies/80a8b4f6-ac91-4f1c-b19e-e42ed4b45075/tags HTTP/1.1" status: 200 len: 218 time: 0.0383971
2026-07-16 08:02:31.425 10 INFO neutron.wsgi [None req-974362d8-ba4c-42ca-aadc-2c3f0806ad1e 2b8642c3b6b140508d03aed91d85fa4c a61184f3db0f4174967d8ab84d42342a - - default default] 10.0.0.144 "PUT /v2.0/policies/7d8d08c6-0720-4250-a902-2367543ebf75/tags HTTP/1.1" status: 200 len: 227 time: 0.0532100
2026-07-16 08:02:31.459 10 INFO neutron.db.ovn_revision_numbers_db [None req-b1b1c941-bebc-4e4b-aaf6-97469fbdd25d - - - - - -] Successfully bumped revision number for resource 7688271f-8162-40ec-a7df-1f9103a09b7b (type: router_ports) to 4
2026-07-16 08:02:31.469 9 INFO neutron.wsgi [None req-9df21597-0edf-4d1f-8354-0dc0f6e62205 2b8642c3b6b140508d03aed91d85fa4c a61184f3db0f4174967d8ab84d42342a - - default default] 10.0.0.144 "PUT /v2.0/policies/c3cba8c1-89dc-4e78-ac13-ba7adc2d47f7/tags HTTP/1.1" status: 200 len: 212 time: 0.0368090
2026-07-16 08:02:31.470 10 WARNING neutron_lib.context [None req-0b50abf1-5bcc-49cd-8bfb-b6b6a0f4edbc ff33527d33db4af5a55a2c217e0ea5bd 3b9970c0db904ff4b8bc6713951e7617 - - default default] Method 'is_advsvc' is deprecated since 2023.2 release (neutron-lib 3.8.0) and will be removed once support for the old RBAC API policies will be removed from Neutron. Please use method 'is_service_role' instead.
2026-07-16 08:02:31.540 10 INFO neutron.services.segments.plugin [-] Segment f91151ff-1f00-476b-b437-4404ffe08b44 resource provider aggregate not found
2026-07-16 08:02:31.549 10 INFO neutron.services.segments.plugin [-] Segment f91151ff-1f00-476b-b437-4404ffe08b44 resource provider aggregate not found
2026-07-16 08:02:31.572 10 INFO neutron.services.segments.plugin [-] Segment f91151ff-1f00-476b-b437-4404ffe08b44 resource provider not found; error: Placement Client Error (4xx): {"errors": [{"status": 404, "title": "Not Found", "detail": "The resource could not be found.\n\n No resource provider with uuid f91151ff-1f00-476b-b437-4404ffe08b44 found for delete ", "request_id": "req-baefee67-e41e-4bda-926a-7c9e7c2017c3"}]}
2026-07-16 08:02:31.578 10 INFO neutron.services.segments.plugin [-] Segment f91151ff-1f00-476b-b437-4404ffe08b44 resource provider not found; error: Placement Client Error (4xx): {"errors": [{"status": 404, "title": "Not Found", "detail": "The resource could not be found.\n\n No resource provider with uuid f91151ff-1f00-476b-b437-4404ffe08b44 found for delete ", "request_id": "req-a4537ca5-4a3e-4ab2-8f67-6026175ca129"}]}
2026-07-16 08:02:31.602 10 INFO neutron.services.segments.plugin [-] Segment 34fd8703-49b4-4d24-80d2-b9828a88b5e4 resource provider aggregate not found
2026-07-16 08:02:31.608 10 INFO neutron.services.segments.plugin [-] Segment 34fd8703-49b4-4d24-80d2-b9828a88b5e4 resource provider aggregate not found
2026-07-16 08:02:31.634 10 INFO neutron.services.segments.plugin [-] Segment 34fd8703-49b4-4d24-80d2-b9828a88b5e4 resource provider not found; error: Placement Client Error (4xx): {"errors": [{"status": 404, "title": "Not Found", "detail": "The resource could not be found.\n\n No resource provider with uuid 34fd8703-49b4-4d24-80d2-b9828a88b5e4 found for delete ", "request_id": "req-0cd9271c-8734-4548-b449-97bdd0a207e8"}]}
2026-07-16 08:02:31.635 10 INFO neutron.services.segments.plugin [-] Segment 34fd8703-49b4-4d24-80d2-b9828a88b5e4 resource provider not found; error: Placement Client Error (4xx): {"errors": [{"status": 404, "title": "Not Found", "detail": "The resource could not be found.\n\n No resource provider with uuid 34fd8703-49b4-4d24-80d2-b9828a88b5e4 found for delete ", "request_id": "req-898ae11b-3eb3-44b8-9676-a4fc275add4a"}]}
2026-07-16 08:02:31.739 10 INFO neutron.db.ovn_revision_numbers_db [None req-1fed577b-fa7b-4690-8202-c757e3ffe61d - - - - - -] Successfully bumped revision number for resource 417623ef-a283-4aef-bf28-5ecafd1be44d (type: ports) to 2
2026-07-16 08:02:31.742 10 INFO neutron.db.ovn_revision_numbers_db [None req-0b50abf1-5bcc-49cd-8bfb-b6b6a0f4edbc ff33527d33db4af5a55a2c217e0ea5bd 3b9970c0db904ff4b8bc6713951e7617 - - default default] Successfully bumped revision number for resource 91f0c7bd-6767-4ea2-ac85-ab5c7852f537 (type: security_groups) to 1
2026-07-16 08:02:31.745 9 INFO neutron.services.segments.plugin [-] Segment e150d2a5-c483-4d22-8877-c73ee0458efc resource provider aggregate not found
2026-07-16 08:02:31.750 9 INFO neutron.services.segments.plugin [-] Segment e150d2a5-c483-4d22-8877-c73ee0458efc resource provider aggregate not found
2026-07-16 08:02:31.769 9 INFO neutron.services.segments.plugin [-] Segment e150d2a5-c483-4d22-8877-c73ee0458efc resource provider not found; error: Placement Client Error (4xx): {"errors": [{"status": 404, "title": "Not Found", "detail": "The resource could not be found.\n\n No resource provider with uuid e150d2a5-c483-4d22-8877-c73ee0458efc found for delete ", "request_id": "req-f551b722-06f6-4367-a30a-bd3a1a273712"}]}
2026-07-16 08:02:31.772 9 INFO neutron.services.segments.plugin [-] Segment e150d2a5-c483-4d22-8877-c73ee0458efc resource provider not found; error: Placement Client Error (4xx): {"errors": [{"status": 404, "title": "Not Found", "detail": "The resource could not be found.\n\n No resource provider with uuid e150d2a5-c483-4d22-8877-c73ee0458efc found for delete ", "request_id": "req-3c9b7e2e-75e1-49e0-b46c-f67df762b0be"}]}
2026-07-16 08:02:31.784 10 INFO neutron.db.ovn_revision_numbers_db [None req-0b50abf1-5bcc-49cd-8bfb-b6b6a0f4edbc ff33527d33db4af5a55a2c217e0ea5bd 3b9970c0db904ff4b8bc6713951e7617 - - default default] Successfully bumped revision number for resource 131edcd2-22a0-4359-a42f-061ddeb7bafe (type: security_group_rules) to 0
2026-07-16 08:02:31.786 9 INFO neutron.wsgi [None req-7b8fe2c5-68fb-4932-b9cc-8f5ae47613f9 7a1277f5c71b48d1b1602f032fbfd53e 1d53f24ea02e4261b95fd9bfd0a851b6 - - default default] 10.0.0.144 "DELETE /v2.0/networks/fc982568-5a42-40d8-913a-6c72e1b0fb48 HTTP/1.1" status: 204 len: 168 time: 0.4498377
2026-07-16 08:02:31.813 10 INFO neutron.db.ovn_revision_numbers_db [None req-0b50abf1-5bcc-49cd-8bfb-b6b6a0f4edbc ff33527d33db4af5a55a2c217e0ea5bd 3b9970c0db904ff4b8bc6713951e7617 - - default default] Successfully bumped revision number for resource 5b19d8cb-7ce3-40e8-b608-81a2b64bdce7 (type: security_group_rules) to 0
2026-07-16 08:02:31.843 10 INFO neutron.wsgi [None req-0b50abf1-5bcc-49cd-8bfb-b6b6a0f4edbc ff33527d33db4af5a55a2c217e0ea5bd 3b9970c0db904ff4b8bc6713951e7617 - - default default] 10.0.0.144 "POST /v2.0/security-groups HTTP/1.1" status: 201 len: 1796 time: 0.3822820
2026-07-16 08:02:31.847 10 INFO neutron.db.ovn_revision_numbers_db [None req-1fed577b-fa7b-4690-8202-c757e3ffe61d - - - - - -] Successfully bumped revision number for resource 417623ef-a283-4aef-bf28-5ecafd1be44d (type: router_ports) to 2
2026-07-16 08:02:31.854 10 WARNING neutron_lib.context [None req-ffe09adf-a8b8-417a-bbae-6a41989183b8 ff33527d33db4af5a55a2c217e0ea5bd 3b9970c0db904ff4b8bc6713951e7617 - - default default] Method 'is_advsvc' is deprecated since 2023.2 release (neutron-lib 3.8.0) and will be removed once support for the old RBAC API policies will be removed from Neutron. Please use method 'is_service_role' instead.
2026-07-16 08:02:31.973 9 INFO neutron.wsgi [None req-06ce9786-3ade-468c-8fdb-e8c13f58c41b 8a5d3fac2b30457e82d4adaa33a469c7 48d3eb18db7842f7a63523517d76f1b7 - - default default] 10.0.0.144 "GET /v2.0/qos/policies?tags=red HTTP/1.1" status: 200 len: 1296 time: 0.1170874
2026-07-16 08:02:32.002 10 INFO neutron.db.ovn_revision_numbers_db [None req-ffe09adf-a8b8-417a-bbae-6a41989183b8 ff33527d33db4af5a55a2c217e0ea5bd 3b9970c0db904ff4b8bc6713951e7617 - - default default] Successfully bumped revision number for resource ef825672-740a-4297-971e-6cb71ecd1163 (type: security_group_rules) to 0
2026-07-16 08:02:32.029 10 INFO neutron.wsgi [None req-ffe09adf-a8b8-417a-bbae-6a41989183b8 ff33527d33db4af5a55a2c217e0ea5bd 3b9970c0db904ff4b8bc6713951e7617 - - default default] 10.0.0.144 "POST /v2.0/security-group-rules HTTP/1.1" status: 201 len: 764 time: 0.1797009
2026-07-16 08:02:32.038 10 WARNING neutron_lib.context [None req-1368948f-3b14-483c-9c1a-c3435c94534a ff33527d33db4af5a55a2c217e0ea5bd 3b9970c0db904ff4b8bc6713951e7617 - - default default] Method 'is_advsvc' is deprecated since 2023.2 release (neutron-lib 3.8.0) and will be removed once support for the old RBAC API policies will be removed from Neutron. Please use method 'is_service_role' instead.
2026-07-16 08:02:32.039 9 INFO neutron.wsgi [None req-098774d4-c834-4fd7-8161-768f32f7d939 8a5d3fac2b30457e82d4adaa33a469c7 48d3eb18db7842f7a63523517d76f1b7 - - default default] 10.0.0.144 "GET /v2.0/qos/policies?tags=red%2Cblue HTTP/1.1" status: 200 len: 941 time: 0.0605345
2026-07-16 08:02:32.096 9 INFO neutron.wsgi [None req-d6207539-5b47-418f-8546-210819f26e8a 8a5d3fac2b30457e82d4adaa33a469c7 48d3eb18db7842f7a63523517d76f1b7 - - default default] 10.0.0.144 "GET /v2.0/qos/policies?tags-any=blue HTTP/1.1" status: 200 len: 941 time: 0.0525281
