2026-07-16 08:02:58.177 10 INFO neutron.wsgi [None req-1de75f35-d01d-41ad-a0cb-008a7f1f8506 2447e5a4667e4da8858ad18f157efb8e 3ac7f635df1c43e9b74d7fb5ce92457e - - default default] 10.0.0.144 "GET /v2.0/networks?router%3Aexternal=True HTTP/1.1" status: 200 len: 947 time: 0.0950150
2026-07-16 08:02:58.206 10 INFO neutron.wsgi [None req-80e39e24-19d4-4e85-96d1-9f0db9820332 2447e5a4667e4da8858ad18f157efb8e 3ac7f635df1c43e9b74d7fb5ce92457e - - default default] 10.0.0.144 "GET /v2.0/subnets?network_id=eb2eed8e-9f13-490c-9010-49ac32b30e05&cidr=10.100.0.0%2F28 HTTP/1.1" status: 200 len: 207 time: 0.0238228
2026-07-16 08:02:58.213 10 WARNING neutron_lib.context [None req-513b4b63-cccd-40cf-8f7d-01883ed02bb4 56f84d49e2df47d1a4f34177a7c14f43 80716734145a4234af492f7146b7177c - - default default] Method 'is_advsvc' is deprecated since 2023.2 release (neutron-lib 3.8.0) and will be removed once support for the old RBAC API policies will be removed from Neutron. Please use method 'is_service_role' instead.
2026-07-16 08:02:58.318 9 WARNING neutron.scheduler.dhcp_agent_scheduler [None req-ab179b42-15ab-48e4-83f3-cde1aaf1ce1d 504ac76a2e1f4b1fbd4545bbde9de069 652a6f556551458890e5ad75ab51ba41 - - default default] No more DHCP agents
2026-07-16 08:02:58.324 9 WARNING neutron.api.rpc.agentnotifiers.dhcp_rpc_agent_api [None req-ab179b42-15ab-48e4-83f3-cde1aaf1ce1d 504ac76a2e1f4b1fbd4545bbde9de069 652a6f556551458890e5ad75ab51ba41 - - default default] Unable to schedule network abe31433-5d75-4867-b5f4-fd29f5ab0d7a: no agents available; will retry on subsequent port and subnet creation events.
2026-07-16 08:02:58.491 9 INFO neutron.db.ovn_revision_numbers_db [None req-cdf6c8a5-d0a0-4036-9ca1-5573bac1a875 - - - - - -] Successfully bumped revision number for resource 650e50d6-36f8-499c-956d-37616fe2a90a (type: ports) to 1
2026-07-16 08:02:58.498 9 INFO neutron.db.ovn_revision_numbers_db [None req-ab179b42-15ab-48e4-83f3-cde1aaf1ce1d 504ac76a2e1f4b1fbd4545bbde9de069 652a6f556551458890e5ad75ab51ba41 - - default default] Successfully bumped revision number for resource cec7bdc7-b28c-4477-b949-80370535c408 (type: ports) to 1
2026-07-16 08:02:58.529 9 INFO neutron.wsgi [None req-ab179b42-15ab-48e4-83f3-cde1aaf1ce1d 504ac76a2e1f4b1fbd4545bbde9de069 652a6f556551458890e5ad75ab51ba41 - - default default] 10.0.0.144 "POST /v2.0/networks HTTP/1.1" status: 201 len: 831 time: 1.1302998
2026-07-16 08:02:58.540 10 WARNING neutron_lib.context [None req-493c73a1-9200-41b7-b9f0-ce7188917816 504ac76a2e1f4b1fbd4545bbde9de069 652a6f556551458890e5ad75ab51ba41 - - default default] Method 'is_advsvc' is deprecated since 2023.2 release (neutron-lib 3.8.0) and will be removed once support for the old RBAC API policies will be removed from Neutron. Please use method 'is_service_role' instead.
2026-07-16 08:02:58.548 9 INFO neutron.wsgi [None req-b5608e60-e35d-452f-936d-0577c8705b5e 3c16e09ca97c48abbb60d81debe674d1 71de93269cbc4b9c918ca7e83e197a78 - - default default] 10.0.0.144 "DELETE /v2.0/security-groups/f8cf1108-7756-4b77-a0b0-a75d84f315ab HTTP/1.1" status: 204 len: 168 time: 0.4706864
2026-07-16 08:02:58.644 10 INFO neutron.db.ovn_revision_numbers_db [None req-54f1dd02-c1a1-41da-a135-6e098f799bbf 3c16e09ca97c48abbb60d81debe674d1 71de93269cbc4b9c918ca7e83e197a78 - - default default] Successfully bumped revision number for resource 094f690a-08bb-4580-8944-b35e7c9de7ce (type: ports) to 1
2026-07-16 08:02:58.735 9 INFO neutron.db.ovn_revision_numbers_db [None req-cdf6c8a5-d0a0-4036-9ca1-5573bac1a875 - - - - - -] Successfully bumped revision number for resource 650e50d6-36f8-499c-956d-37616fe2a90a (type: router_ports) to 3
2026-07-16 08:02:58.823 10 WARNING neutron.scheduler.dhcp_agent_scheduler [None req-513b4b63-cccd-40cf-8f7d-01883ed02bb4 56f84d49e2df47d1a4f34177a7c14f43 80716734145a4234af492f7146b7177c - - default default] No more DHCP agents
2026-07-16 08:02:58.827 10 WARNING neutron.api.rpc.agentnotifiers.dhcp_rpc_agent_api [None req-513b4b63-cccd-40cf-8f7d-01883ed02bb4 56f84d49e2df47d1a4f34177a7c14f43 80716734145a4234af492f7146b7177c - - default default] Unable to schedule network 1a4963de-c3ab-42b4-8018-e34939fa6be7: no agents available; will retry on subsequent port and subnet creation events.
2026-07-16 08:02:58.895 9 INFO neutron.db.ovn_revision_numbers_db [None req-cdf6c8a5-d0a0-4036-9ca1-5573bac1a875 - - - - - -] Successfully bumped revision number for resource 650e50d6-36f8-499c-956d-37616fe2a90a (type: ports) to 2
2026-07-16 08:02:58.980 10 WARNING neutron.scheduler.dhcp_agent_scheduler [None req-493c73a1-9200-41b7-b9f0-ce7188917816 504ac76a2e1f4b1fbd4545bbde9de069 652a6f556551458890e5ad75ab51ba41 - - default default] No more DHCP agents
2026-07-16 08:02:58.985 10 WARNING neutron.api.rpc.agentnotifiers.dhcp_rpc_agent_api [None req-493c73a1-9200-41b7-b9f0-ce7188917816 504ac76a2e1f4b1fbd4545bbde9de069 652a6f556551458890e5ad75ab51ba41 - - default default] Unable to schedule network abe31433-5d75-4867-b5f4-fd29f5ab0d7a: no agents available; will retry on subsequent port and subnet creation events.
2026-07-16 08:02:59.149 10 INFO neutron.db.ovn_revision_numbers_db [None req-493c73a1-9200-41b7-b9f0-ce7188917816 504ac76a2e1f4b1fbd4545bbde9de069 652a6f556551458890e5ad75ab51ba41 - - default default] Successfully bumped revision number for resource fda6636a-9aee-4914-bcd2-0ed9f3882a35 (type: ports) to 1
2026-07-16 08:02:59.168 9 INFO neutron.db.ovn_revision_numbers_db [None req-cdf6c8a5-d0a0-4036-9ca1-5573bac1a875 - - - - - -] Successfully bumped revision number for resource 650e50d6-36f8-499c-956d-37616fe2a90a (type: ports) to 4
2026-07-16 08:02:59.202 10 INFO neutron.wsgi [None req-493c73a1-9200-41b7-b9f0-ce7188917816 504ac76a2e1f4b1fbd4545bbde9de069 652a6f556551458890e5ad75ab51ba41 - - default default] 10.0.0.144 "POST /v2.0/ports HTTP/1.1" status: 201 len: 942 time: 0.6683407
2026-07-16 08:02:59.215 9 WARNING neutron_lib.context [None req-3bde0fca-9b5f-409d-9a4a-d06671dae87b 504ac76a2e1f4b1fbd4545bbde9de069 652a6f556551458890e5ad75ab51ba41 - - default default] Method 'is_advsvc' is deprecated since 2023.2 release (neutron-lib 3.8.0) and will be removed once support for the old RBAC API policies will be removed from Neutron. Please use method 'is_service_role' instead.
2026-07-16 08:02:59.336 10 INFO neutron.db.ovn_revision_numbers_db [None req-54f1dd02-c1a1-41da-a135-6e098f799bbf 3c16e09ca97c48abbb60d81debe674d1 71de93269cbc4b9c918ca7e83e197a78 - - default default] Successfully bumped revision number for resource 094f690a-08bb-4580-8944-b35e7c9de7ce (type: router_ports) to 1
2026-07-16 08:02:59.448 9 INFO neutron.db.ovn_revision_numbers_db [None req-cdf6c8a5-d0a0-4036-9ca1-5573bac1a875 - - - - - -] Successfully bumped revision number for resource 650e50d6-36f8-499c-956d-37616fe2a90a (type: router_ports) to 4
2026-07-16 08:02:59.498 9 INFO neutron.plugins.ml2.drivers.ovn.mech_driver.ovsdb.ovsdb_monitor [None req-cdf6c8a5-d0a0-4036-9ca1-5573bac1a875 - - - - - -] Router e5953d69-fb21-48a4-8ca4-0c8026184a27 is bound to host instance
2026-07-16 08:02:59.503 9 INFO neutron.wsgi [None req-3bde0fca-9b5f-409d-9a4a-d06671dae87b 504ac76a2e1f4b1fbd4545bbde9de069 652a6f556551458890e5ad75ab51ba41 - - default default] 10.0.0.144 "POST /v2.0/trunks HTTP/1.1" status: 201 len: 608 time: 0.2951455 /var/lib/openstack/lib/python3.10/site-packages/pycadf/identifier.py:71: UserWarning: Invalid uuid: neutron. To ensure interoperability, identifiers should be a valid uuid. warnings.warn(('Invalid uuid: %s. To ensure interoperability, '
2026-07-16 08:02:59.536 10 INFO neutron.db.ovn_revision_numbers_db [None req-54f1dd02-c1a1-41da-a135-6e098f799bbf 3c16e09ca97c48abbb60d81debe674d1 71de93269cbc4b9c918ca7e83e197a78 - - default default] Successfully bumped revision number for resource 094f690a-08bb-4580-8944-b35e7c9de7ce (type: ports) to 1
2026-07-16 08:02:59.558 10 INFO neutron.wsgi [None req-7e294f9c-42f3-4dbb-bd3e-ef853c977c2f 504ac76a2e1f4b1fbd4545bbde9de069 652a6f556551458890e5ad75ab51ba41 - - default default] 10.0.0.144 "PUT /v2.0/trunks/693588b0-dc7d-4ac3-9d67-5f08175d37e3/tags HTTP/1.1" status: 200 len: 210 time: 0.0502453
2026-07-16 08:02:59.594 10 INFO neutron.db.ovn_revision_numbers_db [None req-513b4b63-cccd-40cf-8f7d-01883ed02bb4 56f84d49e2df47d1a4f34177a7c14f43 80716734145a4234af492f7146b7177c - - default default] Successfully bumped revision number for resource adcc2aab-e8ae-43b0-aca7-976c7e87c619 (type: ports) to 2
2026-07-16 08:02:59.628 10 INFO neutron.wsgi [None req-de27b082-c372-4539-89c7-9e31ef3c33f7 504ac76a2e1f4b1fbd4545bbde9de069 652a6f556551458890e5ad75ab51ba41 - - default default] 10.0.0.144 "PUT /v2.0/trunks/71b384ec-5ba8-4a47-b958-e4d9140ae12f/tags HTTP/1.1" status: 200 len: 218 time: 0.0608256
2026-07-16 08:02:59.638 10 WARNING neutron.scheduler.dhcp_agent_scheduler [None req-54f1dd02-c1a1-41da-a135-6e098f799bbf 3c16e09ca97c48abbb60d81debe674d1 71de93269cbc4b9c918ca7e83e197a78 - - default default] No more DHCP agents
2026-07-16 08:02:59.639 10 WARNING neutron.api.rpc.agentnotifiers.dhcp_rpc_agent_api [None req-54f1dd02-c1a1-41da-a135-6e098f799bbf 3c16e09ca97c48abbb60d81debe674d1 71de93269cbc4b9c918ca7e83e197a78 - - default default] Unable to schedule network 0bd4ef25-f200-4dad-9135-1eb1b6ec579b: no agents available; will retry on subsequent port and subnet creation events.
2026-07-16 08:02:59.640 10 INFO neutron.db.ovn_revision_numbers_db [None req-513b4b63-cccd-40cf-8f7d-01883ed02bb4 56f84d49e2df47d1a4f34177a7c14f43 80716734145a4234af492f7146b7177c - - default default] Successfully bumped revision number for resource 3e663163-fe69-4e2a-8537-8da12123d516 (type: subnets) to 0
2026-07-16 08:02:59.665 10 INFO neutron.wsgi [None req-513b4b63-cccd-40cf-8f7d-01883ed02bb4 56f84d49e2df47d1a4f34177a7c14f43 80716734145a4234af492f7146b7177c - - default default] 10.0.0.144 "POST /v2.0/subnets HTTP/1.1" status: 201 len: 831 time: 1.4560425
2026-07-16 08:02:59.676 9 INFO neutron.wsgi [None req-112e7a31-9a15-4467-b1dd-ab43cc9c69df 504ac76a2e1f4b1fbd4545bbde9de069 652a6f556551458890e5ad75ab51ba41 - - default default] 10.0.0.144 "PUT /v2.0/trunks/4a5fa42f-4b96-4ef1-8b16-6881f80fd456/tags HTTP/1.1" status: 200 len: 227 time: 0.0432665
2026-07-16 08:02:59.719 9 INFO neutron.wsgi [None req-bb7e458a-8333-4a82-85f8-1584af236b26 504ac76a2e1f4b1fbd4545bbde9de069 652a6f556551458890e5ad75ab51ba41 - - default default] 10.0.0.144 "PUT /v2.0/trunks/b533f68b-f76d-4151-b507-4d9551f3afe6/tags HTTP/1.1" status: 200 len: 212 time: 0.0383725
2026-07-16 08:02:59.752 9 INFO neutron.wsgi [None req-cade9370-9fd0-497d-b96a-f07f7c827c7f 504ac76a2e1f4b1fbd4545bbde9de069 652a6f556551458890e5ad75ab51ba41 - - default default] 10.0.0.144 "GET /v2.0/trunks?tags=red HTTP/1.1" status: 200 len: 1447 time: 0.0268087
2026-07-16 08:02:59.792 9 INFO neutron.wsgi [None req-e93e901e-a161-469e-8238-eb2762d58be7 504ac76a2e1f4b1fbd4545bbde9de069 652a6f556551458890e5ad75ab51ba41 - - default default] 10.0.0.144 "GET /v2.0/trunks?tags=red%2Cblue HTTP/1.1" status: 200 len: 1041 time: 0.0333760
2026-07-16 08:02:59.844 9 INFO neutron.wsgi [None req-110c273c-128d-4c2e-829d-2fa2a743c3f0 504ac76a2e1f4b1fbd4545bbde9de069 652a6f556551458890e5ad75ab51ba41 - - default default] 10.0.0.144 "GET /v2.0/trunks?tags-any=blue HTTP/1.1" status: 200 len: 1041 time: 0.0461743
2026-07-16 08:02:59.869 9 INFO neutron.plugins.ml2.drivers.ovn.mech_driver.mech_driver [None req-9922bd46-0a33-49c9-aed7-aec754b2273a - - - - - -] OVN reports status up for port: 13200d45-5ca1-4ec7-9000-583f5903d016
2026-07-16 08:02:59.881 9 INFO neutron.plugins.ml2.plugin [None req-9922bd46-0a33-49c9-aed7-aec754b2273a - - - - - -] Attempt 1 to provision port 13200d45-5ca1-4ec7-9000-583f5903d016
2026-07-16 08:02:59.885 10 INFO neutron.wsgi [None req-b4de0927-c34b-4ecd-8366-0077830594f8 504ac76a2e1f4b1fbd4545bbde9de069 652a6f556551458890e5ad75ab51ba41 - - default default] 10.0.0.144 "GET /v2.0/trunks?tags-any=red%2Cblue HTTP/1.1" status: 200 len: 1447 time: 0.0348690
2026-07-16 08:02:59.928 10 INFO neutron.wsgi [None req-de740653-567b-4abd-a0e3-23540b691b85 504ac76a2e1f4b1fbd4545bbde9de069 652a6f556551458890e5ad75ab51ba41 - - default default] 10.0.0.144 "GET /v2.0/trunks?not-tags=red HTTP/1.1" status: 200 len: 1013 time: 0.0359275
2026-07-16 08:02:59.962 9 INFO neutron.plugins.ml2.drivers.ovn.mech_driver.mech_driver [None req-9922bd46-0a33-49c9-aed7-aec754b2273a - - - - - -] OVN reports status up for port: 094f690a-08bb-4580-8944-b35e7c9de7ce
2026-07-16 08:02:59.972 10 INFO neutron.wsgi [None req-78ac312f-3d6e-4047-909c-206569ea28a7 504ac76a2e1f4b1fbd4545bbde9de069 652a6f556551458890e5ad75ab51ba41 - - default default] 10.0.0.144 "GET /v2.0/trunks?not-tags=red%2Cblue HTTP/1.1" status: 200 len: 1419 time: 0.0388746
2026-07-16 08:02:59.996 9 INFO neutron.plugins.ml2.plugin [None req-9922bd46-0a33-49c9-aed7-aec754b2273a - - - - - -] Attempt 1 to provision port 094f690a-08bb-4580-8944-b35e7c9de7ce
2026-07-16 08:03:00.016 9 INFO neutron.wsgi [None req-f40b6c7b-aaf6-4fca-babd-6f56a009c295 504ac76a2e1f4b1fbd4545bbde9de069 652a6f556551458890e5ad75ab51ba41 - - default default] 10.0.0.144 "GET /v2.0/trunks?not-tags-any=blue HTTP/1.1" status: 200 len: 1419 time: 0.0398674
2026-07-16 08:03:00.065 9 INFO neutron.wsgi [None req-27137dc5-9650-4a88-8954-54d6076a9e2a 504ac76a2e1f4b1fbd4545bbde9de069 652a6f556551458890e5ad75ab51ba41 - - default default] 10.0.0.144 "GET /v2.0/trunks?not-tags-any=red%2Cblue HTTP/1.1" status: 200 len: 1013 time: 0.0422461
2026-07-16 08:03:00.103 9 INFO neutron.wsgi [None req-60f40416-24ad-40b9-9dc6-f8136e14dadf 504ac76a2e1f4b1fbd4545bbde9de069 652a6f556551458890e5ad75ab51ba41 - - default default] 10.0.0.144 "GET /v2.0/trunks/693588b0-dc7d-4ac3-9d67-5f08175d37e3 HTTP/1.1" status: 200 len: 608 time: 0.0288634
2026-07-16 08:03:00.179 9 INFO neutron.db.ovn_revision_numbers_db [None req-cdf6c8a5-d0a0-4036-9ca1-5573bac1a875 - - - - - -] Successfully bumped revision number for resource 13200d45-5ca1-4ec7-9000-583f5903d016 (type: ports) to 1
2026-07-16 08:03:00.255 9 INFO neutron.wsgi [None req-4690435a-8b0e-4de8-bf59-50aa3f4b83c1 504ac76a2e1f4b1fbd4545bbde9de069 652a6f556551458890e5ad75ab51ba41 - - default default] 10.0.0.144 "GET /v2.0/ports/52fa6ed2-1adb-4a40-9ae5-d03826708528 HTTP/1.1" status: 200 len: 1020 time: 0.1461198
2026-07-16 08:03:00.439 10 INFO neutron.wsgi [None req-03267ebf-ff71-4008-b31b-a8aa464f43ca 504ac76a2e1f4b1fbd4545bbde9de069 652a6f556551458890e5ad75ab51ba41 - - default default] 10.0.0.144 "DELETE /v2.0/trunks/693588b0-dc7d-4ac3-9d67-5f08175d37e3 HTTP/1.1" status: 204 len: 168 time: 0.1743066
2026-07-16 08:03:00.479 10 INFO neutron.wsgi [None req-848329eb-1179-4f20-ba10-8a17d2f93936 504ac76a2e1f4b1fbd4545bbde9de069 652a6f556551458890e5ad75ab51ba41 - - default default] 10.0.0.144 "GET /v2.0/trunks/71b384ec-5ba8-4a47-b958-e4d9140ae12f HTTP/1.1" status: 200 len: 616 time: 0.0341818
2026-07-16 08:03:00.640 10 INFO neutron.wsgi [None req-d8049b75-9072-47b6-ad48-87cdb71fdc56 504ac76a2e1f4b1fbd4545bbde9de069 652a6f556551458890e5ad75ab51ba41 - - default default] 10.0.0.144 "GET /v2.0/ports/ad73fd2d-68dd-4a20-9dba-acabe3d9ddd1 HTTP/1.1" status: 200 len: 1020 time: 0.1575615
2026-07-16 08:03:00.675 10 INFO neutron.db.ovn_revision_numbers_db [None req-54f1dd02-c1a1-41da-a135-6e098f799bbf 3c16e09ca97c48abbb60d81debe674d1 71de93269cbc4b9c918ca7e83e197a78 - - default default] Successfully bumped revision number for resource 094f690a-08bb-4580-8944-b35e7c9de7ce (type: router_ports) to 1
2026-07-16 08:03:00.677 10 INFO neutron.wsgi [None req-54f1dd02-c1a1-41da-a135-6e098f799bbf 3c16e09ca97c48abbb60d81debe674d1 71de93269cbc4b9c918ca7e83e197a78 - - default default] 10.0.0.144 "PUT /v2.0/routers/98086c1b-d802-41f7-af40-475fec085c40/add_router_interface HTTP/1.1" status: 200 len: 503 time: 3.1881752
2026-07-16 08:03:00.735 10 WARNING neutron.scheduler.dhcp_agent_scheduler [None req-383fa29a-b6b2-448d-92bb-a123637217c8 56f84d49e2df47d1a4f34177a7c14f43 80716734145a4234af492f7146b7177c - - default default] No more DHCP agents
2026-07-16 08:03:00.741 10 WARNING neutron.api.rpc.agentnotifiers.dhcp_rpc_agent_api [None req-383fa29a-b6b2-448d-92bb-a123637217c8 56f84d49e2df47d1a4f34177a7c14f43 80716734145a4234af492f7146b7177c - - default default] Unable to schedule network 1a4963de-c3ab-42b4-8018-e34939fa6be7: no agents available; will retry on subsequent port and subnet creation events.
2026-07-16 08:03:00.763 10 INFO neutron.wsgi [None req-04d8aec8-223a-4487-9358-6f293ebc8bb5 504ac76a2e1f4b1fbd4545bbde9de069 652a6f556551458890e5ad75ab51ba41 - - default default] 10.0.0.144 "DELETE /v2.0/trunks/71b384ec-5ba8-4a47-b958-e4d9140ae12f HTTP/1.1" status: 204 len: 168 time: 0.1167779
2026-07-16 08:03:00.792 10 INFO neutron.wsgi [None req-b39c6db2-5ffa-49e4-80ce-4080a2a11934 504ac76a2e1f4b1fbd4545bbde9de069 652a6f556551458890e5ad75ab51ba41 - - default default] 10.0.0.144 "GET /v2.0/trunks/4a5fa42f-4b96-4ef1-8b16-6881f80fd456 HTTP/1.1" status: 200 len: 625 time: 0.0232053
2026-07-16 08:03:00.901 9 INFO neutron.db.ovn_revision_numbers_db [None req-9922bd46-0a33-49c9-aed7-aec754b2273a - - - - - -] Successfully bumped revision number for resource 094f690a-08bb-4580-8944-b35e7c9de7ce (type: ports) to 2
2026-07-16 08:03:00.912 10 INFO neutron.wsgi [None req-9f0576e1-2dd2-40ab-97ee-a8b97d2d2dee 504ac76a2e1f4b1fbd4545bbde9de069 652a6f556551458890e5ad75ab51ba41 - - default default] 10.0.0.144 "GET /v2.0/ports/20f7ebc2-f724-4d6e-b506-eabdc2e9892d HTTP/1.1" status: 200 len: 1020 time: 0.1144762
2026-07-16 08:03:00.947 9 INFO neutron.db.ovn_revision_numbers_db [None req-cdf6c8a5-d0a0-4036-9ca1-5573bac1a875 - - - - - -] Successfully bumped revision number for resource 13200d45-5ca1-4ec7-9000-583f5903d016 (type: router_ports) to 3
2026-07-16 08:03:00.981 10 INFO neutron.db.ovn_revision_numbers_db [None req-383fa29a-b6b2-448d-92bb-a123637217c8 56f84d49e2df47d1a4f34177a7c14f43 80716734145a4234af492f7146b7177c - - default default] Successfully bumped revision number for resource 62fa32bd-a073-488e-a539-ffef6a39d3b0 (type: ports) to 1
2026-07-16 08:03:01.003 9 INFO neutron.db.ovn_revision_numbers_db [None req-9922bd46-0a33-49c9-aed7-aec754b2273a - - - - - -] Successfully bumped revision number for resource 094f690a-08bb-4580-8944-b35e7c9de7ce (type: router_ports) to 2
2026-07-16 08:03:01.047 10 INFO neutron.wsgi [None req-52f16778-648f-475a-91d8-abeb60a4cf49 504ac76a2e1f4b1fbd4545bbde9de069 652a6f556551458890e5ad75ab51ba41 - - default default] 10.0.0.144 "DELETE /v2.0/trunks/4a5fa42f-4b96-4ef1-8b16-6881f80fd456 HTTP/1.1" status: 204 len: 168 time: 0.1292894
2026-07-16 08:03:01.077 10 INFO neutron.wsgi [None req-4c92be76-3ba0-4904-bebc-d705178a6852 504ac76a2e1f4b1fbd4545bbde9de069 652a6f556551458890e5ad75ab51ba41 - - default default] 10.0.0.144 "GET /v2.0/trunks/b533f68b-f76d-4151-b507-4d9551f3afe6 HTTP/1.1" status: 200 len: 610 time: 0.0264387
2026-07-16 08:03:01.185 9 INFO neutron.db.ovn_revision_numbers_db [None req-cdf6c8a5-d0a0-4036-9ca1-5573bac1a875 - - - - - -] Successfully bumped revision number for resource 13200d45-5ca1-4ec7-9000-583f5903d016 (type: ports) to 2
2026-07-16 08:03:01.200 9 INFO neutron.wsgi [None req-134ad050-d1b3-4d00-a38c-2a95a71ede62 504ac76a2e1f4b1fbd4545bbde9de069 652a6f556551458890e5ad75ab51ba41 - - default default] 10.0.0.144 "GET /v2.0/ports/4d0c9093-c848-441a-81fc-ba831161cf18 HTTP/1.1" status: 200 len: 1020 time: 0.1192422
2026-07-16 08:03:01.297 9 INFO neutron.wsgi [None req-0478abcc-d156-4bc5-b800-5c52a1ec6aa4 504ac76a2e1f4b1fbd4545bbde9de069 652a6f556551458890e5ad75ab51ba41 - - default default] 10.0.0.144 "DELETE /v2.0/trunks/b533f68b-f76d-4151-b507-4d9551f3afe6 HTTP/1.1" status: 204 len: 168 time: 0.0923491
2026-07-16 08:03:01.329 10 INFO neutron.wsgi [None req-6ebab1a8-398d-4fd1-b4b2-3b3fe32dbec0 504ac76a2e1f4b1fbd4545bbde9de069 652a6f556551458890e5ad75ab51ba41 - - default default] 10.0.0.144 "GET /v2.0/trunks/10bcae16-ec29-4f8b-a2b4-fedb3ad097c4 HTTP/1.1" status: 200 len: 603 time: 0.0195363
2026-07-16 08:03:01.461 10 INFO neutron.wsgi [None req-72a8522a-d1fd-4ac4-85ba-44006c9f0074 504ac76a2e1f4b1fbd4545bbde9de069 652a6f556551458890e5ad75ab51ba41 - - default default] 10.0.0.144 "GET /v2.0/ports/fda6636a-9aee-4914-bcd2-0ed9f3882a35 HTTP/1.1" status: 200 len: 1020 time: 0.1255553
2026-07-16 08:03:01.497 9 INFO neutron.db.ovn_revision_numbers_db [None req-cdf6c8a5-d0a0-4036-9ca1-5573bac1a875 - - - - - -] Successfully bumped revision number for resource 13200d45-5ca1-4ec7-9000-583f5903d016 (type: ports) to 4
2026-07-16 08:03:01.567 10 INFO neutron.plugins.ml2.drivers.ovn.mech_driver.mech_driver [None req-1fed577b-fa7b-4690-8202-c757e3ffe61d - - - - - -] OVN reports status up for port: 62fa32bd-a073-488e-a539-ffef6a39d3b0
2026-07-16 08:03:01.590 10 INFO neutron.plugins.ml2.plugin [None req-1fed577b-fa7b-4690-8202-c757e3ffe61d - - - - - -] Attempt 1 to provision port 62fa32bd-a073-488e-a539-ffef6a39d3b0
2026-07-16 08:03:01.601 10 INFO neutron.db.ovn_revision_numbers_db [None req-383fa29a-b6b2-448d-92bb-a123637217c8 56f84d49e2df47d1a4f34177a7c14f43 80716734145a4234af492f7146b7177c - - default default] Successfully bumped revision number for resource 62fa32bd-a073-488e-a539-ffef6a39d3b0 (type: router_ports) to 1
2026-07-16 08:03:01.627 9 INFO neutron.wsgi [None req-14ef7b1c-5421-4791-82f9-b89be4f2fc18 504ac76a2e1f4b1fbd4545bbde9de069 652a6f556551458890e5ad75ab51ba41 - - default default] 10.0.0.144 "DELETE /v2.0/trunks/10bcae16-ec29-4f8b-a2b4-fedb3ad097c4 HTTP/1.1" status: 204 len: 168 time: 0.1605592
2026-07-16 08:03:01.640 10 INFO neutron.wsgi [req-7629f87e-9236-4410-a131-de1b0f566f85 req-f78dc60c-2543-44b9-931a-f529196a7521 408f32999ebc4142aee2eed065318d06 b27b5af2ebef4ce0a5079d4eb13d8d65 - - default default] 10.0.0.18 "GET /v2.0/networks?id=0bd4ef25-f200-4dad-9135-1eb1b6ec579b HTTP/1.1" status: 200 len: 877 time: 0.1190724
2026-07-16 08:03:01.668 10 INFO neutron.wsgi [req-7629f87e-9236-4410-a131-de1b0f566f85 req-6e42b848-a5f0-4ea4-85b5-b188e13c93f9 408f32999ebc4142aee2eed065318d06 b27b5af2ebef4ce0a5079d4eb13d8d65 - - default default] 10.0.0.18 "GET /v2.0/quotas/b27b5af2ebef4ce0a5079d4eb13d8d65 HTTP/1.1" status: 200 len: 386 time: 0.0162551
2026-07-16 08:03:01.708 9 INFO neutron.wsgi [None req-d0b787b2-1bd3-4ef0-bcda-b35921a2d79a be1cf9ba36644950b96b26cd76ae0d90 50c17562213342e9a1f7134caf9263c9 - - default default] 10.0.0.66 "GET /v2.0/extensions HTTP/1.1" status: 200 len: 16980 time: 0.1451213
2026-07-16 08:03:01.848 9 INFO neutron.db.ovn_revision_numbers_db [None req-cdf6c8a5-d0a0-4036-9ca1-5573bac1a875 - - - - - -] Successfully bumped revision number for resource 13200d45-5ca1-4ec7-9000-583f5903d016 (type: router_ports) to 4
2026-07-16 08:03:01.923 9 INFO neutron.wsgi [None req-5f208b91-fe6f-434f-86a8-2a5c3bd73e19 be1cf9ba36644950b96b26cd76ae0d90 50c17562213342e9a1f7134caf9263c9 - - default default] 10.0.0.66 "GET /v2.0/quotas/50c17562213342e9a1f7134caf9263c9/details HTTP/1.1" status: 200 len: 756 time: 0.1929142
2026-07-16 08:03:01.941 9 INFO neutron.wsgi [None req-fec19a35-ea9e-43cf-9680-d853d6b68d7f 504ac76a2e1f4b1fbd4545bbde9de069 652a6f556551458890e5ad75ab51ba41 - - default default] 10.0.0.144 "DELETE /v2.0/ports/52fa6ed2-1adb-4a40-9ae5-d03826708528 HTTP/1.1" status: 204 len: 168 time: 0.3058736
2026-07-16 08:03:02.028 10 INFO neutron.wsgi [req-7629f87e-9236-4410-a131-de1b0f566f85 req-bbd08b48-3623-41df-a2e7-76100dd3d5b9 408f32999ebc4142aee2eed065318d06 b27b5af2ebef4ce0a5079d4eb13d8d65 - - default default] 10.0.0.18 "GET /v2.0/ports?tenant_id=b27b5af2ebef4ce0a5079d4eb13d8d65&fields=id HTTP/1.1" status: 200 len: 302 time: 0.3485506
2026-07-16 08:03:02.107 10 INFO neutron.db.ovn_revision_numbers_db [None req-383fa29a-b6b2-448d-92bb-a123637217c8 56f84d49e2df47d1a4f34177a7c14f43 80716734145a4234af492f7146b7177c - - default default] Successfully bumped revision number for resource 62fa32bd-a073-488e-a539-ffef6a39d3b0 (type: ports) to 1
2026-07-16 08:03:02.145 10 INFO neutron.wsgi [req-7629f87e-9236-4410-a131-de1b0f566f85 req-cc5a70b3-8fa1-42f9-9463-53e17f9cbc8d 2a4125f0616a4005a9a212b780586efb 38193357b44b4330ab3845d1ccfc7347 - - 13524b305ef34f7ba15bc447ba9ff922 13524b305ef34f7ba15bc447ba9ff922] 10.0.0.18 "GET /v2.0/networks/0bd4ef25-f200-4dad-9135-1eb1b6ec579b?fields=segments HTTP/1.1" status: 200 len: 212 time: 0.1058068
2026-07-16 08:03:02.198 9 INFO neutron.wsgi [None req-b691c24a-9f2a-49ac-8fb9-5e6991950563 504ac76a2e1f4b1fbd4545bbde9de069 652a6f556551458890e5ad75ab51ba41 - - default default] 10.0.0.144 "DELETE /v2.0/ports/ad73fd2d-68dd-4a20-9dba-acabe3d9ddd1 HTTP/1.1" status: 204 len: 168 time: 0.2495029
2026-07-16 08:03:02.242 10 WARNING neutron.scheduler.dhcp_agent_scheduler [None req-383fa29a-b6b2-448d-92bb-a123637217c8 56f84d49e2df47d1a4f34177a7c14f43 80716734145a4234af492f7146b7177c - - default default] No more DHCP agents
2026-07-16 08:03:02.252 10 WARNING neutron.api.rpc.agentnotifiers.dhcp_rpc_agent_api [None req-383fa29a-b6b2-448d-92bb-a123637217c8 56f84d49e2df47d1a4f34177a7c14f43 80716734145a4234af492f7146b7177c - - default default] Unable to schedule network 1a4963de-c3ab-42b4-8018-e34939fa6be7: no agents available; will retry on subsequent port and subnet creation events.
2026-07-16 08:03:02.273 10 INFO neutron.wsgi [req-7629f87e-9236-4410-a131-de1b0f566f85 req-eb2b3382-77d2-48a3-bff1-983849d19c28 2a4125f0616a4005a9a212b780586efb 38193357b44b4330ab3845d1ccfc7347 - - 13524b305ef34f7ba15bc447ba9ff922 13524b305ef34f7ba15bc447ba9ff922] 10.0.0.18 "GET /v2.0/networks/0bd4ef25-f200-4dad-9135-1eb1b6ec579b?fields=provider%3Aphysical_network&fields=provider%3Anetwork_type HTTP/1.1" status: 200 len: 277 time: 0.1205220
2026-07-16 08:03:02.287 10 INFO neutron.db.ovn_revision_numbers_db [None req-1fed577b-fa7b-4690-8202-c757e3ffe61d - - - - - -] Successfully bumped revision number for resource 62fa32bd-a073-488e-a539-ffef6a39d3b0 (type: ports) to 2
2026-07-16 08:03:02.442 10 INFO neutron.wsgi [req-ba19bade-7e89-4f00-9d8f-f96b2b2efa46 req-df652d73-2121-42ea-a1c1-c1ff5bbd09e8 408f32999ebc4142aee2eed065318d06 b27b5af2ebef4ce0a5079d4eb13d8d65 - - default default] 10.0.0.18 "GET /v2.0/ports?device_id=9f02eee5-45fd-4243-8e25-81df8360615b HTTP/1.1" status: 200 len: 210 time: 0.0313876
2026-07-16 08:03:02.452 10 INFO neutron.db.ovn_revision_numbers_db [None req-1fed577b-fa7b-4690-8202-c757e3ffe61d - - - - - -] Successfully bumped revision number for resource 62fa32bd-a073-488e-a539-ffef6a39d3b0 (type: router_ports) to 2
2026-07-16 08:03:02.484 9 INFO neutron.wsgi [None req-529daef7-2e2c-40b4-b75c-04f1a07613ee 504ac76a2e1f4b1fbd4545bbde9de069 652a6f556551458890e5ad75ab51ba41 - - default default] 10.0.0.144 "DELETE /v2.0/ports/20f7ebc2-f724-4d6e-b506-eabdc2e9892d HTTP/1.1" status: 204 len: 168 time: 0.2809768
2026-07-16 08:03:02.617 10 INFO neutron.db.ovn_revision_numbers_db [None req-383fa29a-b6b2-448d-92bb-a123637217c8 56f84d49e2df47d1a4f34177a7c14f43 80716734145a4234af492f7146b7177c - - default default] Successfully bumped revision number for resource 62fa32bd-a073-488e-a539-ffef6a39d3b0 (type: router_ports) to 2
2026-07-16 08:03:02.624 10 INFO neutron.wsgi [None req-383fa29a-b6b2-448d-92bb-a123637217c8 56f84d49e2df47d1a4f34177a7c14f43 80716734145a4234af492f7146b7177c - - default default] 10.0.0.144 "PUT /v2.0/routers/e5953d69-fb21-48a4-8ca4-0c8026184a27/add_router_interface HTTP/1.1" status: 200 len: 503 time: 2.9540863
2026-07-16 08:03:02.758 10 INFO neutron.wsgi [None req-7a8cc6db-2067-4581-b732-0de5ca13f768 2447e5a4667e4da8858ad18f157efb8e 3ac7f635df1c43e9b74d7fb5ce92457e - - default default] 10.0.0.144 "GET /v2.0/networks HTTP/1.1" status: 200 len: 7411 time: 0.1239767
2026-07-16 08:03:02.799 9 INFO neutron.wsgi [None req-1810c472-3f6b-43ba-8441-c872f5f81f46 504ac76a2e1f4b1fbd4545bbde9de069 652a6f556551458890e5ad75ab51ba41 - - default default] 10.0.0.144 "DELETE /v2.0/ports/4d0c9093-c848-441a-81fc-ba831161cf18 HTTP/1.1" status: 204 len: 168 time: 0.3084817
2026-07-16 08:03:02.821 10 INFO neutron.wsgi [None req-e797a2af-3575-41e4-ac7e-8b420b228d88 2447e5a4667e4da8858ad18f157efb8e 3ac7f635df1c43e9b74d7fb5ce92457e - - default default] 10.0.0.144 "GET /v2.0/subnets HTTP/1.1" status: 200 len: 2755 time: 0.0540557
2026-07-16 08:03:02.968 10 INFO neutron.wsgi [None req-32f50276-7dbe-468e-8a75-4fbc6a4b19c5 2447e5a4667e4da8858ad18f157efb8e 3ac7f635df1c43e9b74d7fb5ce92457e - - default default] 10.0.0.144 "GET /v2.0/routers HTTP/1.1" status: 200 len: 1555 time: 0.1425452
2026-07-16 08:03:03.034 10 WARNING neutron_lib.context [None req-5798fbd0-320c-4b67-86b7-5315fb33a1c2 56f84d49e2df47d1a4f34177a7c14f43 80716734145a4234af492f7146b7177c - - default default] Method 'is_advsvc' is deprecated since 2023.2 release (neutron-lib 3.8.0) and will be removed once support for the old RBAC API policies will be removed from Neutron. Please use method 'is_service_role' instead.
2026-07-16 08:03:03.090 9 INFO neutron.wsgi [None req-b3775eba-b4c8-4330-af26-63e66ee9c02e 504ac76a2e1f4b1fbd4545bbde9de069 652a6f556551458890e5ad75ab51ba41 - - default default] 10.0.0.144 "DELETE /v2.0/ports/fda6636a-9aee-4914-bcd2-0ed9f3882a35 HTTP/1.1" status: 204 len: 168 time: 0.2852936
2026-07-16 08:03:03.153 10 INFO neutron.db.ovn_revision_numbers_db [None req-5798fbd0-320c-4b67-86b7-5315fb33a1c2 56f84d49e2df47d1a4f34177a7c14f43 80716734145a4234af492f7146b7177c - - default default] Successfully bumped revision number for resource 1cb83e5f-a76a-461b-840a-3881cbfedd09 (type: security_groups) to 1
2026-07-16 08:03:03.174 10 INFO neutron.db.ovn_revision_numbers_db [None req-5798fbd0-320c-4b67-86b7-5315fb33a1c2 56f84d49e2df47d1a4f34177a7c14f43 80716734145a4234af492f7146b7177c - - default default] Successfully bumped revision number for resource 286d7114-7018-4fc9-b1bf-29ba391be549 (type: security_group_rules) to 0
2026-07-16 08:03:03.190 10 INFO neutron.db.ovn_revision_numbers_db [None req-5798fbd0-320c-4b67-86b7-5315fb33a1c2 56f84d49e2df47d1a4f34177a7c14f43 80716734145a4234af492f7146b7177c - - default default] Successfully bumped revision number for resource ee1a9a22-b47d-47be-b4d5-393dff3b95c7 (type: security_group_rules) to 0
2026-07-16 08:03:03.209 10 INFO neutron.wsgi [None req-5798fbd0-320c-4b67-86b7-5315fb33a1c2 56f84d49e2df47d1a4f34177a7c14f43 80716734145a4234af492f7146b7177c - - default default] 10.0.0.144 "POST /v2.0/security-groups HTTP/1.1" status: 201 len: 1809 time: 0.1813354
2026-07-16 08:03:03.223 10 WARNING neutron_lib.context [None req-1d2b93ce-a38f-480d-a2e8-60090b6b314a 56f84d49e2df47d1a4f34177a7c14f43 80716734145a4234af492f7146b7177c - - default default] Method 'is_advsvc' is deprecated since 2023.2 release (neutron-lib 3.8.0) and will be removed once support for the old RBAC API policies will be removed from Neutron. Please use method 'is_service_role' instead.
2026-07-16 08:03:03.238 9 INFO neutron.wsgi [req-7629f87e-9236-4410-a131-de1b0f566f85 req-8885d9be-4aba-44e7-9f95-332eeb083ce0 408f32999ebc4142aee2eed065318d06 b27b5af2ebef4ce0a5079d4eb13d8d65 - - default default] 199.204.45.4 "GET /v2.0/networks?id=0bd4ef25-f200-4dad-9135-1eb1b6ec579b HTTP/1.1" status: 200 len: 877 time: 0.0951457
2026-07-16 08:03:03.249 9 WARNING neutron_lib.context [req-7629f87e-9236-4410-a131-de1b0f566f85 req-68be3faa-4a38-4297-90fd-db72bc85aad1 408f32999ebc4142aee2eed065318d06 b27b5af2ebef4ce0a5079d4eb13d8d65 - - default default] Method 'is_advsvc' is deprecated since 2023.2 release (neutron-lib 3.8.0) and will be removed once support for the old RBAC API policies will be removed from Neutron. Please use method 'is_service_role' instead.
2026-07-16 08:03:03.373 10 INFO neutron.db.ovn_revision_numbers_db [None req-1d2b93ce-a38f-480d-a2e8-60090b6b314a 56f84d49e2df47d1a4f34177a7c14f43 80716734145a4234af492f7146b7177c - - default default] Successfully bumped revision number for resource f20d7611-ee08-4e26-9017-34ef2b5aeaed (type: security_group_rules) to 0
2026-07-16 08:03:03.395 10 INFO neutron.wsgi [None req-1d2b93ce-a38f-480d-a2e8-60090b6b314a 56f84d49e2df47d1a4f34177a7c14f43 80716734145a4234af492f7146b7177c - - default default] 10.0.0.144 "POST /v2.0/security-group-rules HTTP/1.1" status: 201 len: 764 time: 0.1750832
2026-07-16 08:03:03.404 10 WARNING neutron_lib.context [None req-66157cd4-2493-4dc8-a6d9-60e398f8f079 56f84d49e2df47d1a4f34177a7c14f43 80716734145a4234af492f7146b7177c - - default default] Method 'is_advsvc' is deprecated since 2023.2 release (neutron-lib 3.8.0) and will be removed once support for the old RBAC API policies will be removed from Neutron. Please use method 'is_service_role' instead.
2026-07-16 08:03:03.534 10 INFO neutron.wsgi [req-8e8d0975-5832-430b-9e8b-d880d583b486 req-6c0b1212-f5c1-4df3-a203-0c4b6786a402 408f32999ebc4142aee2eed065318d06 b27b5af2ebef4ce0a5079d4eb13d8d65 - - default default] 10.0.0.18 "GET /v2.0/ports?device_id=9f02eee5-45fd-4243-8e25-81df8360615b HTTP/1.1" status: 200 len: 210 time: 0.0238409
2026-07-16 08:03:03.552 10 INFO neutron.db.ovn_revision_numbers_db [None req-66157cd4-2493-4dc8-a6d9-60e398f8f079 56f84d49e2df47d1a4f34177a7c14f43 80716734145a4234af492f7146b7177c - - default default] Successfully bumped revision number for resource 1dd44de3-7f87-4fd0-a4f1-c2da65c8607b (type: security_group_rules) to 0
2026-07-16 08:03:03.581 10 INFO neutron.wsgi [None req-66157cd4-2493-4dc8-a6d9-60e398f8f079 56f84d49e2df47d1a4f34177a7c14f43 80716734145a4234af492f7146b7177c - - default default] 10.0.0.144 "POST /v2.0/security-group-rules HTTP/1.1" status: 201 len: 763 time: 0.1815858
2026-07-16 08:03:03.593 10 WARNING neutron_lib.context [None req-6c4d6b35-4374-41ca-885e-f3d3b17afc69 56f84d49e2df47d1a4f34177a7c14f43 80716734145a4234af492f7146b7177c - - default default] Method 'is_advsvc' is deprecated since 2023.2 release (neutron-lib 3.8.0) and will be removed once support for the old RBAC API policies will be removed from Neutron. Please use method 'is_service_role' instead.
2026-07-16 08:03:03.626 9 INFO neutron.services.segments.plugin [-] Segment 20397158-be0a-45fe-b774-dba4c84664ed resource provider aggregate not found
2026-07-16 08:03:03.632 9 INFO neutron.services.segments.plugin [-] Segment 20397158-be0a-45fe-b774-dba4c84664ed resource provider aggregate not found
2026-07-16 08:03:03.647 9 INFO neutron.services.segments.plugin [-] Segment 20397158-be0a-45fe-b774-dba4c84664ed resource provider not found; error: Placement Client Error (4xx): {"errors": [{"status": 404, "title": "Not Found", "detail": "The resource could not be found.\n\n No resource provider with uuid 20397158-be0a-45fe-b774-dba4c84664ed found for delete ", "request_id": "req-d97e199c-2e52-4b1c-900a-12e20bc8f4f1"}]}
2026-07-16 08:03:03.647 9 INFO neutron.services.segments.plugin [-] Segment 20397158-be0a-45fe-b774-dba4c84664ed resource provider not found; error: Placement Client Error (4xx): {"errors": [{"status": 404, "title": "Not Found", "detail": "The resource could not be found.\n\n No resource provider with uuid 20397158-be0a-45fe-b774-dba4c84664ed found for delete ", "request_id": "req-ae7e8a9f-9743-4ca2-b852-00a1a68db005"}]}
2026-07-16 08:03:03.687 9 INFO neutron.wsgi [None req-8a29575d-bdf7-4492-baa6-a04cbf1e8a36 504ac76a2e1f4b1fbd4545bbde9de069 652a6f556551458890e5ad75ab51ba41 - - default default] 10.0.0.144 "DELETE /v2.0/networks/7868bccd-8020-45e5-b9c7-f4f80a68c550 HTTP/1.1" status: 204 len: 168 time: 0.5913036
2026-07-16 08:03:03.732 9 WARNING neutron.scheduler.dhcp_agent_scheduler [req-7629f87e-9236-4410-a131-de1b0f566f85 req-68be3faa-4a38-4297-90fd-db72bc85aad1 408f32999ebc4142aee2eed065318d06 b27b5af2ebef4ce0a5079d4eb13d8d65 - - default default] No more DHCP agents
2026-07-16 08:03:03.734 9 WARNING neutron.api.rpc.agentnotifiers.dhcp_rpc_agent_api [req-7629f87e-9236-4410-a131-de1b0f566f85 req-68be3faa-4a38-4297-90fd-db72bc85aad1 408f32999ebc4142aee2eed065318d06 b27b5af2ebef4ce0a5079d4eb13d8d65 - - default default] Unable to schedule network 0bd4ef25-f200-4dad-9135-1eb1b6ec579b: no agents available; will retry on subsequent port and subnet creation events.
2026-07-16 08:03:03.753 10 INFO neutron.db.ovn_revision_numbers_db [None req-6c4d6b35-4374-41ca-885e-f3d3b17afc69 56f84d49e2df47d1a4f34177a7c14f43 80716734145a4234af492f7146b7177c - - default default] Successfully bumped revision number for resource 0e4ac53a-07d4-44b7-8982-5f98897fc474 (type: security_group_rules) to 0
2026-07-16 08:03:03.787 10 INFO neutron.wsgi [None req-6c4d6b35-4374-41ca-885e-f3d3b17afc69 56f84d49e2df47d1a4f34177a7c14f43 80716734145a4234af492f7146b7177c - - default default] 10.0.0.144 "POST /v2.0/security-group-rules HTTP/1.1" status: 201 len: 769 time: 0.2013166
2026-07-16 08:03:03.801 10 WARNING neutron_lib.context [None req-3380af6b-a850-44d5-8ab6-eb444a5321ef 56f84d49e2df47d1a4f34177a7c14f43 80716734145a4234af492f7146b7177c - - default default] Method 'is_advsvc' is deprecated since 2023.2 release (neutron-lib 3.8.0) and will be removed once support for the old RBAC API policies will be removed from Neutron. Please use method 'is_service_role' instead.
2026-07-16 08:03:03.981 10 INFO neutron.db.ovn_revision_numbers_db [None req-3380af6b-a850-44d5-8ab6-eb444a5321ef 56f84d49e2df47d1a4f34177a7c14f43 80716734145a4234af492f7146b7177c - - default default] Successfully bumped revision number for resource 93676224-b3ba-4b5e-8c6c-b744d29e8209 (type: security_group_rules) to 0
2026-07-16 08:03:04.027 10 INFO neutron.wsgi [None req-3380af6b-a850-44d5-8ab6-eb444a5321ef 56f84d49e2df47d1a4f34177a7c14f43 80716734145a4234af492f7146b7177c - - default default] 10.0.0.144 "POST /v2.0/security-group-rules HTTP/1.1" status: 201 len: 768 time: 0.2316110
2026-07-16 08:03:04.038 10 WARNING neutron_lib.context [None req-f06ad561-e2b3-46bf-beaf-e4ec95e88d13 56f84d49e2df47d1a4f34177a7c14f43 80716734145a4234af492f7146b7177c - - default default] Method 'is_advsvc' is deprecated since 2023.2 release (neutron-lib 3.8.0) and will be removed once support for the old RBAC API policies will be removed from Neutron. Please use method 'is_service_role' instead.
2026-07-16 08:03:04.062 10 INFO neutron.db.securitygroups_db [None req-f06ad561-e2b3-46bf-beaf-e4ec95e88d13 56f84d49e2df47d1a4f34177a7c14f43 80716734145a4234af492f7146b7177c - - default default] Project 80716734145a4234af492f7146b7177c added a security group rule with legacy IPv6 ICMP protocol name icmp, ipv6-icmp should be used instead. It was automatically converted.
2026-07-16 08:03:04.110 10 INFO neutron.services.segments.plugin [-] Segment f144fd97-075c-4dd3-9734-14ade70a738e resource provider aggregate not found
2026-07-16 08:03:04.118 10 INFO neutron.services.segments.plugin [-] Segment f144fd97-075c-4dd3-9734-14ade70a738e resource provider aggregate not found
2026-07-16 08:03:04.157 10 INFO neutron.services.segments.plugin [-] Segment f144fd97-075c-4dd3-9734-14ade70a738e resource provider not found; error: Placement Client Error (4xx): {"errors": [{"status": 404, "title": "Not Found", "detail": "The resource could not be found.\n\n No resource provider with uuid f144fd97-075c-4dd3-9734-14ade70a738e found for delete ", "request_id": "req-c6542ef8-e1c5-48b8-b6cf-419e08db90aa"}]}
2026-07-16 08:03:04.160 10 INFO neutron.services.segments.plugin [-] Segment f144fd97-075c-4dd3-9734-14ade70a738e resource provider not found; error: Placement Client Error (4xx): {"errors": [{"status": 404, "title": "Not Found", "detail": "The resource could not be found.\n\n No resource provider with uuid f144fd97-075c-4dd3-9734-14ade70a738e found for delete ", "request_id": "req-ed7b30ad-d568-4ffc-b7f9-dd244b53bbdd"}]}
2026-07-16 08:03:04.160 9 INFO neutron.db.ovn_revision_numbers_db [req-7629f87e-9236-4410-a131-de1b0f566f85 req-68be3faa-4a38-4297-90fd-db72bc85aad1 408f32999ebc4142aee2eed065318d06 b27b5af2ebef4ce0a5079d4eb13d8d65 - - default default] Successfully bumped revision number for resource 71e1d24e-b3c1-47b9-bff0-d08005baf2d2 (type: ports) to 1
2026-07-16 08:03:04.182 9 INFO neutron.wsgi [req-7629f87e-9236-4410-a131-de1b0f566f85 req-68be3faa-4a38-4297-90fd-db72bc85aad1 408f32999ebc4142aee2eed065318d06 b27b5af2ebef4ce0a5079d4eb13d8d65 - - default default] 199.204.45.4 "POST /v2.0/ports HTTP/1.1" status: 201 len: 1158 time: 0.9387708
2026-07-16 08:03:04.185 10 INFO neutron.wsgi [None req-0b4e0a7b-3dcd-4026-9bea-e0dfe91bcdbb 504ac76a2e1f4b1fbd4545bbde9de069 652a6f556551458890e5ad75ab51ba41 - - default default] 10.0.0.144 "DELETE /v2.0/networks/6985b5cb-ff38-4ab9-9e79-5c387656e4c2 HTTP/1.1" status: 204 len: 168 time: 0.4911234 /var/lib/openstack/lib/python3.10/site-packages/pycadf/identifier.py:71: UserWarning: Invalid uuid: neutron. To ensure interoperability, identifiers should be a valid uuid. warnings.warn(('Invalid uuid: %s. To ensure interoperability, '
2026-07-16 08:03:04.234 10 INFO neutron.db.ovn_revision_numbers_db [None req-f06ad561-e2b3-46bf-beaf-e4ec95e88d13 56f84d49e2df47d1a4f34177a7c14f43 80716734145a4234af492f7146b7177c - - default default] Successfully bumped revision number for resource 083d165b-fdd5-46c3-88d8-ec8c94ac0403 (type: security_group_rules) to 0
2026-07-16 08:03:04.257 10 INFO neutron.wsgi [None req-f06ad561-e2b3-46bf-beaf-e4ec95e88d13 56f84d49e2df47d1a4f34177a7c14f43 80716734145a4234af492f7146b7177c - - default default] 10.0.0.144 "POST /v2.0/security-group-rules HTTP/1.1" status: 201 len: 774 time: 0.2239594
2026-07-16 08:03:04.266 10 WARNING neutron_lib.context [None req-7844a1e7-50f3-47db-a6c8-fd5b671e996d 56f84d49e2df47d1a4f34177a7c14f43 80716734145a4234af492f7146b7177c - - default default] Method 'is_advsvc' is deprecated since 2023.2 release (neutron-lib 3.8.0) and will be removed once support for the old RBAC API policies will be removed from Neutron. Please use method 'is_service_role' instead.
2026-07-16 08:03:04.283 10 INFO neutron.db.securitygroups_db [None req-7844a1e7-50f3-47db-a6c8-fd5b671e996d 56f84d49e2df47d1a4f34177a7c14f43 80716734145a4234af492f7146b7177c - - default default] Project 80716734145a4234af492f7146b7177c added a security group rule with legacy IPv6 ICMP protocol name icmp, ipv6-icmp should be used instead. It was automatically converted.
2026-07-16 08:03:04.360 10 INFO neutron.wsgi [None req-14e52975-dae5-47fe-9e13-80f0f5ce53c1 be1cf9ba36644950b96b26cd76ae0d90 50c17562213342e9a1f7134caf9263c9 - - default default] 10.0.0.66 "GET /v2.0/extensions HTTP/1.1" status: 200 len: 16980 time: 0.0079501
2026-07-16 08:03:04.420 10 INFO neutron.db.ovn_revision_numbers_db [None req-7844a1e7-50f3-47db-a6c8-fd5b671e996d 56f84d49e2df47d1a4f34177a7c14f43 80716734145a4234af492f7146b7177c - - default default] Successfully bumped revision number for resource 5b68d0cc-97f4-41b9-ba30-cb34e83729a2 (type: security_group_rules) to 0
2026-07-16 08:03:04.454 10 INFO neutron.wsgi [None req-7844a1e7-50f3-47db-a6c8-fd5b671e996d 56f84d49e2df47d1a4f34177a7c14f43 80716734145a4234af492f7146b7177c - - default default] 10.0.0.144 "POST /v2.0/security-group-rules HTTP/1.1" status: 201 len: 773 time: 0.1919596
2026-07-16 08:03:04.593 9 INFO neutron.wsgi [None req-222addaf-7411-45b5-b84c-35ad6611d5f5 be1cf9ba36644950b96b26cd76ae0d90 50c17562213342e9a1f7134caf9263c9 - - default default] 10.0.0.66 "GET /v2.0/quotas/50c17562213342e9a1f7134caf9263c9/details HTTP/1.1" status: 200 len: 756 time: 0.2157838
2026-07-16 08:03:04.674 10 INFO neutron.wsgi [req-8988bd4e-f59c-474c-a0d5-01a35e1d172f req-dc807618-6241-4038-9da2-2d12fe502ada 408f32999ebc4142aee2eed065318d06 b27b5af2ebef4ce0a5079d4eb13d8d65 - - default default] 10.0.0.18 "GET /v2.0/ports?device_id=9f02eee5-45fd-4243-8e25-81df8360615b HTTP/1.1" status: 200 len: 1168 time: 0.0527565
2026-07-16 08:03:04.714 9 INFO neutron.wsgi [None req-3cbffe81-543f-4a36-be7d-23db633c094b 504ac76a2e1f4b1fbd4545bbde9de069 652a6f556551458890e5ad75ab51ba41 - - default default] 10.0.0.144 "DELETE /v2.0/networks/d0416efe-8291-4075-abea-2c0baffa3c1d HTTP/1.1" status: 204 len: 168 time: 0.5233204
2026-07-16 08:03:04.721 10 INFO neutron.wsgi [req-8988bd4e-f59c-474c-a0d5-01a35e1d172f req-0f90cc87-547f-4b24-9894-9c6717e8555b 408f32999ebc4142aee2eed065318d06 b27b5af2ebef4ce0a5079d4eb13d8d65 - - default default] 10.0.0.18 "GET /v2.0/security-groups?id=0cce9ac6-9d47-423a-a2b6-a51571263d3d&fields=id&fields=name HTTP/1.1" status: 200 len: 286 time: 0.0381818 /var/lib/openstack/lib/python3.10/site-packages/pycadf/identifier.py:71: UserWarning: Invalid uuid: neutron. To ensure interoperability, identifiers should be a valid uuid. warnings.warn(('Invalid uuid: %s. To ensure interoperability, '
2026-07-16 08:03:04.786 9 INFO neutron.db.ovn_revision_numbers_db [req-7629f87e-9236-4410-a131-de1b0f566f85 req-6c622aa7-35a8-4bc9-8bef-7dbc6b5d1d45 2a4125f0616a4005a9a212b780586efb 38193357b44b4330ab3845d1ccfc7347 - - 13524b305ef34f7ba15bc447ba9ff922 13524b305ef34f7ba15bc447ba9ff922] Successfully bumped revision number for resource 71e1d24e-b3c1-47b9-bff0-d08005baf2d2 (type: ports) to 2
2026-07-16 08:03:05.009 10 INFO neutron.wsgi [None req-cf5ab0ca-8688-468e-ba09-83fdb5101490 56f84d49e2df47d1a4f34177a7c14f43 80716734145a4234af492f7146b7177c - - default default] 10.0.0.144 "GET /v2.0/networks HTTP/1.1" status: 200 len: 1493 time: 0.1720860
2026-07-16 08:03:05.039 9 INFO neutron.db.ovn_revision_numbers_db [req-7629f87e-9236-4410-a131-de1b0f566f85 req-6c622aa7-35a8-4bc9-8bef-7dbc6b5d1d45 2a4125f0616a4005a9a212b780586efb 38193357b44b4330ab3845d1ccfc7347 - - 13524b305ef34f7ba15bc447ba9ff922 13524b305ef34f7ba15bc447ba9ff922] Successfully bumped revision number for resource 71e1d24e-b3c1-47b9-bff0-d08005baf2d2 (type: ports) to 2
2026-07-16 08:03:05.079 9 INFO neutron.wsgi [req-7629f87e-9236-4410-a131-de1b0f566f85 req-6c622aa7-35a8-4bc9-8bef-7dbc6b5d1d45 2a4125f0616a4005a9a212b780586efb 38193357b44b4330ab3845d1ccfc7347 - - 13524b305ef34f7ba15bc447ba9ff922 13524b305ef34f7ba15bc447ba9ff922] 199.204.45.4 "PUT /v2.0/ports/71e1d24e-b3c1-47b9-bff0-d08005baf2d2 HTTP/1.1" status: 200 len: 1376 time: 0.8901925 /var/lib/openstack/lib/python3.10/site-packages/pycadf/identifier.py:71: UserWarning: Invalid uuid: neutron. To ensure interoperability, identifiers should be a valid uuid. warnings.warn(('Invalid uuid: %s. To ensure interoperability, '
2026-07-16 08:03:05.128 10 INFO neutron.wsgi [req-24b6f509-3b20-478a-9fe4-382b845d0468 req-a13f1a5f-bb0d-48d4-8952-ae8ddbc31b77 56f84d49e2df47d1a4f34177a7c14f43 80716734145a4234af492f7146b7177c - - default default] 10.0.0.18 "GET /v2.0/security-groups?name=tempest-secgroup-smoke-683398868&fields=id&tenant_id=80716734145a4234af492f7146b7177c HTTP/1.1" status: 200 len: 267 time: 0.0471232
2026-07-16 08:03:05.132 9 INFO neutron.notifiers.nova [-] Nova event matching ['req-16692c98-0ad0-447a-8391-26c42ec58249'] response: {'name': 'network-changed', 'server_uuid': '9f02eee5-45fd-4243-8e25-81df8360615b', 'tag': '71e1d24e-b3c1-47b9-bff0-d08005baf2d2', 'status': 'completed', 'code': 200}
2026-07-16 08:03:05.188 9 INFO neutron.wsgi [req-7629f87e-9236-4410-a131-de1b0f566f85 req-d7d97da7-7c2f-4af2-8bc0-f5f8bc5bbd71 2a4125f0616a4005a9a212b780586efb 38193357b44b4330ab3845d1ccfc7347 - - 13524b305ef34f7ba15bc447ba9ff922 13524b305ef34f7ba15bc447ba9ff922] 199.204.45.4 "GET /v2.0/ports?tenant_id=b27b5af2ebef4ce0a5079d4eb13d8d65&device_id=9f02eee5-45fd-4243-8e25-81df8360615b HTTP/1.1" status: 200 len: 1407 time: 0.0712092
2026-07-16 08:03:05.191 9 INFO neutron.wsgi [None req-8e6a4d11-ac0c-49c8-af39-94a0671abfb3 504ac76a2e1f4b1fbd4545bbde9de069 652a6f556551458890e5ad75ab51ba41 - - default default] 10.0.0.144 "DELETE /v2.0/networks/4207abd6-c045-4412-afb1-0d8bd4984484 HTTP/1.1" status: 204 len: 168 time: 0.4692800
2026-07-16 08:03:05.225 9 INFO neutron.wsgi [req-7629f87e-9236-4410-a131-de1b0f566f85 req-1313109c-c868-4aaa-aa8d-007a4f6bcedf 2a4125f0616a4005a9a212b780586efb 38193357b44b4330ab3845d1ccfc7347 - - 13524b305ef34f7ba15bc447ba9ff922 13524b305ef34f7ba15bc447ba9ff922] 199.204.45.4 "GET /v2.0/floatingips?fixed_ip_address=10.100.0.3&port_id=71e1d24e-b3c1-47b9-bff0-d08005baf2d2 HTTP/1.1" status: 200 len: 217 time: 0.0287259
2026-07-16 08:03:05.228 10 INFO neutron.wsgi [req-24b6f509-3b20-478a-9fe4-382b845d0468 req-a9626b2e-6a42-4363-8ef9-cc8fcfd5c0fe 56f84d49e2df47d1a4f34177a7c14f43 80716734145a4234af492f7146b7177c - - default default] 10.0.0.18 "GET /v2.0/networks?id=1a4963de-c3ab-42b4-8018-e34939fa6be7 HTTP/1.1" status: 200 len: 860 time: 0.0912235
2026-07-16 08:03:05.251 10 INFO neutron.wsgi [req-24b6f509-3b20-478a-9fe4-382b845d0468 req-631267ea-9565-4650-b1ff-4c6a39cfbc01 56f84d49e2df47d1a4f34177a7c14f43 80716734145a4234af492f7146b7177c - - default default] 10.0.0.18 "GET /v2.0/quotas/80716734145a4234af492f7146b7177c HTTP/1.1" status: 200 len: 386 time: 0.0155988
2026-07-16 08:03:05.274 9 INFO neutron.wsgi [req-7629f87e-9236-4410-a131-de1b0f566f85 req-efdb138e-075e-431a-8741-22fbb8c73b0d 2a4125f0616a4005a9a212b780586efb 38193357b44b4330ab3845d1ccfc7347 - - 13524b305ef34f7ba15bc447ba9ff922 13524b305ef34f7ba15bc447ba9ff922] 199.204.45.4 "GET /v2.0/subnets?id=f29ab6d7-71d8-42bd-a385-820a5bf3fe25 HTTP/1.1" status: 200 len: 871 time: 0.0416923
2026-07-16 08:03:05.302 9 INFO neutron.wsgi [req-7629f87e-9236-4410-a131-de1b0f566f85 req-3bf71425-42ff-4220-bbec-d00b093b396b 2a4125f0616a4005a9a212b780586efb 38193357b44b4330ab3845d1ccfc7347 - - 13524b305ef34f7ba15bc447ba9ff922 13524b305ef34f7ba15bc447ba9ff922] 199.204.45.4 "GET /v2.0/ports?network_id=0bd4ef25-f200-4dad-9135-1eb1b6ec579b&device_owner=network%3Adhcp HTTP/1.1" status: 200 len: 210 time: 0.0212100
2026-07-16 08:03:05.371 10 INFO neutron.wsgi [req-24b6f509-3b20-478a-9fe4-382b845d0468 req-f510fa34-d2c0-41df-a248-0e0b9d5aaf1c 56f84d49e2df47d1a4f34177a7c14f43 80716734145a4234af492f7146b7177c - - default default] 10.0.0.18 "GET /v2.0/ports?tenant_id=80716734145a4234af492f7146b7177c&fields=id HTTP/1.1" status: 200 len: 302 time: 0.1138294
2026-07-16 08:03:05.383 9 INFO neutron.wsgi [req-7629f87e-9236-4410-a131-de1b0f566f85 req-67405f30-135c-4351-926c-f2dcae66d15b 2a4125f0616a4005a9a212b780586efb 38193357b44b4330ab3845d1ccfc7347 - - 13524b305ef34f7ba15bc447ba9ff922 13524b305ef34f7ba15bc447ba9ff922] 199.204.45.4 "GET /v2.0/networks/0bd4ef25-f200-4dad-9135-1eb1b6ec579b?fields=segments HTTP/1.1" status: 200 len: 212 time: 0.0732348
