2026-07-21 07:54:29.373 10 INFO neutron.wsgi [req-14f0a354-a74f-478d-be67-c3ace9830187 req-dd1cb960-4934-45f8-bb9a-0b5e132dd7e1 1d74486b64fb4c3babbd2979ed0fc07c 0d0b93d28ba445a6bf0ba2786865a82d - - default default] 10.0.0.176 "GET /v2.0/security-groups?id=a7d2e407-6f13-4c84-830d-29f555ee5ccc&fields=id&fields=name HTTP/1.1" status: 200 len: 286 time: 0.0885930
2026-07-21 07:54:29.376 10 INFO neutron.wsgi [req-731bfdd6-126d-402a-9eb9-0b65803186bf req-939e4c22-5c08-48fc-8637-8e185802b94b 97992531e8954f8eacb22a552e62dcec f242d1edc77044fdaafa0bdc197ee93f - - default default] 10.0.0.176 "GET /v2.0/security-groups?id=0eb62145-f4bb-4eaf-9898-b9d7d7258495&fields=id&fields=name HTTP/1.1" status: 200 len: 313 time: 0.0815575
2026-07-21 07:54:29.498 10 INFO neutron.wsgi [req-3a546923-46a8-4a54-a8c6-a2e7aaa4695f req-7e765a92-3f68-422f-b61a-1e76b4f5b23c 97992531e8954f8eacb22a552e62dcec f242d1edc77044fdaafa0bdc197ee93f - - default default] 10.0.0.176 "GET /v2.0/ports?device_id=b262033c-dbd3-4a9f-8da1-3b36476fe856 HTTP/1.1" status: 200 len: 1170 time: 0.0737486
2026-07-21 07:54:29.507 10 INFO neutron.db.ovn_revision_numbers_db [None req-7ba2a3df-a34a-4f54-a750-feabeb611223 39546007ce39487ea9c205c1e6ffd056 69551455491346fdab9712863d36b7f5 - - - -] Successfully bumped revision number for resource 2a48b9e6-01e7-40e2-b0fc-abb751da62bd (type: networks) to 1 /var/lib/openstack/lib/python3.10/site-packages/pycadf/identifier.py:71: UserWarning: Invalid uuid: neutron. To ensure interoperability, identifiers should be a valid uuid. warnings.warn(('Invalid uuid: %s. To ensure interoperability, '
2026-07-21 07:54:29.567 10 WARNING neutron.scheduler.dhcp_agent_scheduler [None req-b0ba8d43-c693-46a3-a163-477537742988 1c57f432f34946ce8a1b9cb8ff4379b5 44b748577c6646b090bcaa6cef2af1bc - - - -] No more DHCP agents
2026-07-21 07:54:29.571 10 WARNING neutron.api.rpc.agentnotifiers.dhcp_rpc_agent_api [None req-b0ba8d43-c693-46a3-a163-477537742988 1c57f432f34946ce8a1b9cb8ff4379b5 44b748577c6646b090bcaa6cef2af1bc - - - -] Unable to schedule network d8ccbcde-fe10-49b6-9350-f9065f3f4cf9: no agents available; will retry on subsequent port and subnet creation events.
2026-07-21 07:54:29.681 10 INFO neutron.db.ovn_revision_numbers_db [None req-b0ba8d43-c693-46a3-a163-477537742988 1c57f432f34946ce8a1b9cb8ff4379b5 44b748577c6646b090bcaa6cef2af1bc - - - -] Successfully bumped revision number for resource 2f648a79-8357-4b67-a55a-57dba05b639f (type: ports) to 1
2026-07-21 07:54:29.727 10 INFO neutron.wsgi [None req-b0ba8d43-c693-46a3-a163-477537742988 1c57f432f34946ce8a1b9cb8ff4379b5 44b748577c6646b090bcaa6cef2af1bc - - - -] 10.0.0.37 "POST /v2.0/networks HTTP/1.1" status: 201 len: 842 time: 1.1677270
2026-07-21 07:54:29.755 10 WARNING neutron.scheduler.dhcp_agent_scheduler [None req-7ba2a3df-a34a-4f54-a750-feabeb611223 39546007ce39487ea9c205c1e6ffd056 69551455491346fdab9712863d36b7f5 - - - -] No more DHCP agents
2026-07-21 07:54:29.758 10 WARNING neutron.api.rpc.agentnotifiers.dhcp_rpc_agent_api [None req-7ba2a3df-a34a-4f54-a750-feabeb611223 39546007ce39487ea9c205c1e6ffd056 69551455491346fdab9712863d36b7f5 - - - -] Unable to schedule network 2a48b9e6-01e7-40e2-b0fc-abb751da62bd: no agents available; will retry on subsequent port and subnet creation events.
2026-07-21 07:54:29.847 10 INFO neutron.db.ovn_revision_numbers_db [None req-7ba2a3df-a34a-4f54-a750-feabeb611223 39546007ce39487ea9c205c1e6ffd056 69551455491346fdab9712863d36b7f5 - - - -] Successfully bumped revision number for resource fd649e19-622e-4113-8900-ca52c41f9597 (type: ports) to 1
2026-07-21 07:54:29.863 9 INFO neutron.db.l3_db [None req-97cfe841-3ec1-4f68-a71b-65e4601d7767 97992531e8954f8eacb22a552e62dcec f242d1edc77044fdaafa0bdc197ee93f - - - -] Floating IP 7b935e06-ed93-4e1a-8a15-716028d061d5 associated. External IP: 10.96.250.220, port: 9e0eb7b3-facc-4387-bd61-5d9f9834508a.
2026-07-21 07:54:29.869 10 INFO neutron.wsgi [None req-7ba2a3df-a34a-4f54-a750-feabeb611223 39546007ce39487ea9c205c1e6ffd056 69551455491346fdab9712863d36b7f5 - - - -] 10.0.0.37 "POST /v2.0/networks HTTP/1.1" status: 201 len: 848 time: 0.7367120
2026-07-21 07:54:29.952 10 INFO neutron.db.segments_db [None req-9dc67fb6-fffa-494d-8771-c2b6f31d3f54 39546007ce39487ea9c205c1e6ffd056 69551455491346fdab9712863d36b7f5 - - - -] Added segment b4e332f6-1214-4339-a1ef-08b3faa68be9 of type geneve for network 2ef2707d-6a9c-4117-80aa-1f7bda70e653
2026-07-21 07:54:30.067 9 INFO neutron.db.ovn_revision_numbers_db [None req-97cfe841-3ec1-4f68-a71b-65e4601d7767 97992531e8954f8eacb22a552e62dcec f242d1edc77044fdaafa0bdc197ee93f - - - -] Successfully bumped revision number for resource 7b935e06-ed93-4e1a-8a15-716028d061d5 (type: floatingips) to 1 /var/lib/openstack/lib/python3.10/site-packages/pycadf/identifier.py:71: UserWarning: Invalid uuid: neutron. To ensure interoperability, identifiers should be a valid uuid. warnings.warn(('Invalid uuid: %s. To ensure interoperability, '
2026-07-21 07:54:30.134 10 INFO neutron.db.ovn_revision_numbers_db [None req-9dc67fb6-fffa-494d-8771-c2b6f31d3f54 39546007ce39487ea9c205c1e6ffd056 69551455491346fdab9712863d36b7f5 - - - -] Successfully bumped revision number for resource 2ef2707d-6a9c-4117-80aa-1f7bda70e653 (type: networks) to 1
2026-07-21 07:54:30.190 10 INFO neutron.wsgi [req-db19db5f-6008-4436-a234-612ea88d1605 req-86e0359a-2b0a-4025-9b09-86eac33cd478 1b6a6b17dc714991a943390189061cea 9796ff7890114c13968851e69adf92a0 - - f75cd953ec1d47d48337cd8ec909d548 f75cd953ec1d47d48337cd8ec909d548] 199.19.213.199 "GET /v2.0/ports?device_id=b262033c-dbd3-4a9f-8da1-3b36476fe856&fields=binding%3Ahost_id&fields=binding%3Avif_type HTTP/1.1" status: 200 len: 265 time: 0.0766621
2026-07-21 07:54:30.289 10 INFO neutron.wsgi [req-db19db5f-6008-4436-a234-612ea88d1605 req-da010706-1a8a-47a8-b379-1d8d9ea82303 1b6a6b17dc714991a943390189061cea 9796ff7890114c13968851e69adf92a0 - - f75cd953ec1d47d48337cd8ec909d548 f75cd953ec1d47d48337cd8ec909d548] 199.19.213.199 "GET /v2.0/ports?tenant_id=f242d1edc77044fdaafa0bdc197ee93f&device_id=b262033c-dbd3-4a9f-8da1-3b36476fe856 HTTP/1.1" status: 200 len: 1361 time: 0.0578952
2026-07-21 07:54:30.323 10 INFO neutron.notifiers.nova [-] Nova event matching ['req-343f45ba-d2a0-4332-884b-1bb3b1cd8b03'] response: {'name': 'network-changed', 'server_uuid': 'b28a54fb-9cbc-4d99-bcf2-a53bd9b163ea', 'tag': '2704dc89-424c-4324-a349-50a453f1d1cd', 'status': 'completed', 'code': 200}
2026-07-21 07:54:30.323 10 INFO neutron.notifiers.nova [-] Nova event matching ['req-343f45ba-d2a0-4332-884b-1bb3b1cd8b03'] response: {'server_uuid': 'b262033c-dbd3-4a9f-8da1-3b36476fe856', 'name': 'network-vif-plugged', 'status': 'completed', 'tag': '9e0eb7b3-facc-4387-bd61-5d9f9834508a', 'code': 200}
2026-07-21 07:54:30.391 10 INFO neutron.wsgi [req-13ffba67-2fdc-40a4-a4d4-71ee60c491de req-fedb05e9-248f-412f-81f3-aa78ba6dc4bf 1b6a6b17dc714991a943390189061cea 9796ff7890114c13968851e69adf92a0 - - f75cd953ec1d47d48337cd8ec909d548 f75cd953ec1d47d48337cd8ec909d548] 199.19.213.199 "GET /v2.0/ports?tenant_id=0d0b93d28ba445a6bf0ba2786865a82d&device_id=b28a54fb-9cbc-4d99-bcf2-a53bd9b163ea HTTP/1.1" status: 200 len: 1361 time: 0.0568657
2026-07-21 07:54:30.418 10 INFO neutron.wsgi [req-db19db5f-6008-4436-a234-612ea88d1605 req-16a948bb-e510-4853-abd1-f4e77a093e00 1b6a6b17dc714991a943390189061cea 9796ff7890114c13968851e69adf92a0 - - f75cd953ec1d47d48337cd8ec909d548 f75cd953ec1d47d48337cd8ec909d548] 199.19.213.199 "GET /v2.0/networks?id=c272ff6c-5194-4479-8e5f-2a5e21a3d785 HTTP/1.1" status: 200 len: 973 time: 0.0968142
2026-07-21 07:54:30.419 9 WARNING neutron.scheduler.dhcp_agent_scheduler [None req-9a3c0570-9d42-430f-bad5-2fa5c8891fd8 1c57f432f34946ce8a1b9cb8ff4379b5 44b748577c6646b090bcaa6cef2af1bc - - - -] No more DHCP agents
2026-07-21 07:54:30.421 9 WARNING neutron.api.rpc.agentnotifiers.dhcp_rpc_agent_api [None req-9a3c0570-9d42-430f-bad5-2fa5c8891fd8 1c57f432f34946ce8a1b9cb8ff4379b5 44b748577c6646b090bcaa6cef2af1bc - - - -] Unable to schedule network d8ccbcde-fe10-49b6-9350-f9065f3f4cf9: no agents available; will retry on subsequent port and subnet creation events.
2026-07-21 07:54:30.463 9 INFO neutron.db.ovn_revision_numbers_db [None req-97cfe841-3ec1-4f68-a71b-65e4601d7767 97992531e8954f8eacb22a552e62dcec f242d1edc77044fdaafa0bdc197ee93f - - - -] Successfully bumped revision number for resource 7b935e06-ed93-4e1a-8a15-716028d061d5 (type: floatingips) to 2
2026-07-21 07:54:30.464 10 WARNING neutron.scheduler.dhcp_agent_scheduler [None req-9dc67fb6-fffa-494d-8771-c2b6f31d3f54 39546007ce39487ea9c205c1e6ffd056 69551455491346fdab9712863d36b7f5 - - - -] No more DHCP agents
2026-07-21 07:54:30.489 10 WARNING neutron.api.rpc.agentnotifiers.dhcp_rpc_agent_api [None req-9dc67fb6-fffa-494d-8771-c2b6f31d3f54 39546007ce39487ea9c205c1e6ffd056 69551455491346fdab9712863d36b7f5 - - - -] Unable to schedule network 2ef2707d-6a9c-4117-80aa-1f7bda70e653: no agents available; will retry on subsequent port and subnet creation events.
2026-07-21 07:54:30.499 9 INFO neutron.wsgi [None req-97cfe841-3ec1-4f68-a71b-65e4601d7767 97992531e8954f8eacb22a552e62dcec f242d1edc77044fdaafa0bdc197ee93f - - - -] 10.0.0.37 "PUT /v2.0/floatingips/7b935e06-ed93-4e1a-8a15-716028d061d5 HTTP/1.1" status: 200 len: 1049 time: 0.9878469
2026-07-21 07:54:30.526 10 INFO neutron.wsgi [req-db19db5f-6008-4436-a234-612ea88d1605 req-53ab31ef-61d6-490b-9e71-5627ce649b21 1b6a6b17dc714991a943390189061cea 9796ff7890114c13968851e69adf92a0 - - f75cd953ec1d47d48337cd8ec909d548 f75cd953ec1d47d48337cd8ec909d548] 199.19.213.199 "GET /v2.0/floatingips?fixed_ip_address=10.100.0.5&port_id=9e0eb7b3-facc-4387-bd61-5d9f9834508a HTTP/1.1" status: 200 len: 1057 time: 0.0998156
2026-07-21 07:54:30.948 10 INFO neutron.wsgi [req-13ffba67-2fdc-40a4-a4d4-71ee60c491de req-ce6bb2df-ea7a-4d6d-843b-9c1057994059 1b6a6b17dc714991a943390189061cea 9796ff7890114c13968851e69adf92a0 - - f75cd953ec1d47d48337cd8ec909d548 f75cd953ec1d47d48337cd8ec909d548] 199.19.213.199 "GET /v2.0/networks?id=47db39bc-46d5-4801-b5b6-94a1985e5f9c HTTP/1.1" status: 200 len: 976 time: 0.5422573
2026-07-21 07:54:30.989 9 INFO neutron.db.ovn_revision_numbers_db [None req-9a3c0570-9d42-430f-bad5-2fa5c8891fd8 1c57f432f34946ce8a1b9cb8ff4379b5 44b748577c6646b090bcaa6cef2af1bc - - - -] Successfully bumped revision number for resource 2f648a79-8357-4b67-a55a-57dba05b639f (type: ports) to 2
2026-07-21 07:54:30.990 10 INFO neutron.wsgi [req-db19db5f-6008-4436-a234-612ea88d1605 req-84d4d8db-4807-46a5-8897-6b6607a267d2 1b6a6b17dc714991a943390189061cea 9796ff7890114c13968851e69adf92a0 - - f75cd953ec1d47d48337cd8ec909d548 f75cd953ec1d47d48337cd8ec909d548] 199.19.213.199 "GET /v2.0/subnets?id=cd304f06-5c90-409d-bc0c-e28b80f0941b HTTP/1.1" status: 200 len: 868 time: 0.4545662
2026-07-21 07:54:31.005 9 INFO neutron.db.ovn_revision_numbers_db [None req-9a3c0570-9d42-430f-bad5-2fa5c8891fd8 1c57f432f34946ce8a1b9cb8ff4379b5 44b748577c6646b090bcaa6cef2af1bc - - - -] Successfully bumped revision number for resource 54d6a060-7e4d-4be5-a373-e81a35de2729 (type: subnets) to 0
2026-07-21 07:54:31.019 10 INFO neutron.db.ovn_revision_numbers_db [None req-9dc67fb6-fffa-494d-8771-c2b6f31d3f54 39546007ce39487ea9c205c1e6ffd056 69551455491346fdab9712863d36b7f5 - - - -] Successfully bumped revision number for resource 17ebb2b7-4213-489d-8ea9-7ec234a67ac6 (type: ports) to 1
2026-07-21 07:54:31.022 10 INFO neutron.wsgi [req-13ffba67-2fdc-40a4-a4d4-71ee60c491de req-6aad3ce5-8d26-4d47-9ca0-d9966212e79a 1b6a6b17dc714991a943390189061cea 9796ff7890114c13968851e69adf92a0 - - f75cd953ec1d47d48337cd8ec909d548 f75cd953ec1d47d48337cd8ec909d548] 199.19.213.199 "GET /v2.0/floatingips?fixed_ip_address=10.100.0.9&port_id=2704dc89-424c-4324-a349-50a453f1d1cd HTTP/1.1" status: 200 len: 217 time: 0.0512261
2026-07-21 07:54:31.027 9 INFO neutron.wsgi [None req-9a3c0570-9d42-430f-bad5-2fa5c8891fd8 1c57f432f34946ce8a1b9cb8ff4379b5 44b748577c6646b090bcaa6cef2af1bc - - - -] 10.0.0.37 "POST /v2.0/subnets HTTP/1.1" status: 201 len: 816 time: 1.2622004
2026-07-21 07:54:31.036 10 INFO neutron.wsgi [req-a3db6f32-d519-46e2-a6b1-b926de834544 req-09d56bf9-b269-4c44-b5e1-4e84efc35aca 1d74486b64fb4c3babbd2979ed0fc07c 0d0b93d28ba445a6bf0ba2786865a82d - - default default] 10.0.0.176 "GET /v2.0/ports?device_id=b28a54fb-9cbc-4d99-bcf2-a53bd9b163ea HTTP/1.1" status: 200 len: 1170 time: 0.5789337
2026-07-21 07:54:31.039 10 INFO neutron.wsgi [req-db19db5f-6008-4436-a234-612ea88d1605 req-3df839ab-9af5-4faf-9778-66360a4567d4 1b6a6b17dc714991a943390189061cea 9796ff7890114c13968851e69adf92a0 - - f75cd953ec1d47d48337cd8ec909d548 f75cd953ec1d47d48337cd8ec909d548] 199.19.213.199 "GET /v2.0/ports?network_id=c272ff6c-5194-4479-8e5f-2a5e21a3d785&device_owner=network%3Adhcp HTTP/1.1" status: 200 len: 210 time: 0.0427887
2026-07-21 07:54:31.083 10 INFO neutron.wsgi [None req-9dc67fb6-fffa-494d-8771-c2b6f31d3f54 39546007ce39487ea9c205c1e6ffd056 69551455491346fdab9712863d36b7f5 - - - -] 10.0.0.37 "POST /v2.0/networks HTTP/1.1" status: 201 len: 849 time: 1.2090702
2026-07-21 07:54:31.095 10 INFO neutron.wsgi [req-13ffba67-2fdc-40a4-a4d4-71ee60c491de req-5ac3f7ee-1cda-4a74-b2a5-3c4a0effae15 1b6a6b17dc714991a943390189061cea 9796ff7890114c13968851e69adf92a0 - - f75cd953ec1d47d48337cd8ec909d548 f75cd953ec1d47d48337cd8ec909d548] 199.19.213.199 "GET /v2.0/subnets?id=cc3a2b23-45f5-4005-8ed8-b5329861cf41 HTTP/1.1" status: 200 len: 871 time: 0.0629661
2026-07-21 07:54:31.119 9 INFO neutron.db.segments_db [None req-141e94f2-9eee-4bc6-8649-dacbe768b042 1c57f432f34946ce8a1b9cb8ff4379b5 44b748577c6646b090bcaa6cef2af1bc - - - -] Added segment 9f461d74-57f0-49b2-abb4-90a376434cb1 of type geneve for network 1ff4e88c-61cb-4f7c-beb3-10e7952472ec
2026-07-21 07:54:31.141 10 INFO neutron.wsgi [req-13ffba67-2fdc-40a4-a4d4-71ee60c491de req-2a995dfd-9b18-4962-b8c0-58bb6c503d69 1b6a6b17dc714991a943390189061cea 9796ff7890114c13968851e69adf92a0 - - f75cd953ec1d47d48337cd8ec909d548 f75cd953ec1d47d48337cd8ec909d548] 199.19.213.199 "GET /v2.0/ports?network_id=47db39bc-46d5-4801-b5b6-94a1985e5f9c&device_owner=network%3Adhcp HTTP/1.1" status: 200 len: 210 time: 0.0390868
2026-07-21 07:54:31.145 10 INFO neutron.wsgi [req-a3db6f32-d519-46e2-a6b1-b926de834544 req-555b7d5b-09de-4a26-8706-6d91f10d1fc1 1d74486b64fb4c3babbd2979ed0fc07c 0d0b93d28ba445a6bf0ba2786865a82d - - default default] 10.0.0.176 "GET /v2.0/security-groups?id=a7d2e407-6f13-4c84-830d-29f555ee5ccc&fields=id&fields=name HTTP/1.1" status: 200 len: 286 time: 0.0969570
2026-07-21 07:54:31.172 10 INFO neutron.wsgi [req-db19db5f-6008-4436-a234-612ea88d1605 req-8c6289b6-abd1-448a-8b1c-2b6fde964a38 1b6a6b17dc714991a943390189061cea 9796ff7890114c13968851e69adf92a0 - - f75cd953ec1d47d48337cd8ec909d548 f75cd953ec1d47d48337cd8ec909d548] 199.19.213.199 "GET /v2.0/networks/c272ff6c-5194-4479-8e5f-2a5e21a3d785?fields=segments HTTP/1.1" status: 200 len: 212 time: 0.1250525
2026-07-21 07:54:31.235 9 INFO neutron.notifiers.nova [-] Nova event matching ['req-0d16cc16-353c-40e3-b96b-42f4d46847b6'] response: {'server_uuid': 'b28a54fb-9cbc-4d99-bcf2-a53bd9b163ea', 'name': 'network-vif-plugged', 'status': 'completed', 'tag': '2704dc89-424c-4324-a349-50a453f1d1cd', 'code': 200}
2026-07-21 07:54:31.236 9 INFO neutron.notifiers.nova [-] Nova event matching ['req-0d16cc16-353c-40e3-b96b-42f4d46847b6'] response: {'name': 'network-changed', 'server_uuid': 'b262033c-dbd3-4a9f-8da1-3b36476fe856', 'tag': '9e0eb7b3-facc-4387-bd61-5d9f9834508a', 'status': 'completed', 'code': 200}
2026-07-21 07:54:31.246 10 INFO neutron.wsgi [req-13ffba67-2fdc-40a4-a4d4-71ee60c491de req-00fe0d96-93aa-46e0-8f2b-299c7761a553 1b6a6b17dc714991a943390189061cea 9796ff7890114c13968851e69adf92a0 - - f75cd953ec1d47d48337cd8ec909d548 f75cd953ec1d47d48337cd8ec909d548] 199.19.213.199 "GET /v2.0/networks/47db39bc-46d5-4801-b5b6-94a1985e5f9c?fields=segments HTTP/1.1" status: 200 len: 212 time: 0.0984485
2026-07-21 07:54:31.272 10 INFO neutron.wsgi [req-db19db5f-6008-4436-a234-612ea88d1605 req-aceae9aa-de10-43de-bc3c-be33b24596bc 1b6a6b17dc714991a943390189061cea 9796ff7890114c13968851e69adf92a0 - - f75cd953ec1d47d48337cd8ec909d548 f75cd953ec1d47d48337cd8ec909d548] 199.19.213.199 "GET /v2.0/networks/c272ff6c-5194-4479-8e5f-2a5e21a3d785?fields=provider%3Aphysical_network&fields=provider%3Anetwork_type HTTP/1.1" status: 200 len: 277 time: 0.0935831
2026-07-21 07:54:31.323 10 INFO neutron.wsgi [req-13ffba67-2fdc-40a4-a4d4-71ee60c491de req-3400f840-f1ba-4cb4-b7ff-3e8f1bfdc793 1b6a6b17dc714991a943390189061cea 9796ff7890114c13968851e69adf92a0 - - f75cd953ec1d47d48337cd8ec909d548 f75cd953ec1d47d48337cd8ec909d548] 199.19.213.199 "GET /v2.0/networks/47db39bc-46d5-4801-b5b6-94a1985e5f9c?fields=provider%3Aphysical_network&fields=provider%3Anetwork_type HTTP/1.1" status: 200 len: 277 time: 0.0733373
2026-07-21 07:54:31.335 9 INFO neutron.db.ovn_revision_numbers_db [None req-141e94f2-9eee-4bc6-8649-dacbe768b042 1c57f432f34946ce8a1b9cb8ff4379b5 44b748577c6646b090bcaa6cef2af1bc - - - -] Successfully bumped revision number for resource 1ff4e88c-61cb-4f7c-beb3-10e7952472ec (type: networks) to 1
2026-07-21 07:54:31.387 10 INFO neutron.wsgi [req-3f895df6-cbdf-4cf9-a585-822c1254629f req-ee540535-8ac0-4345-bf37-c039867864e5 1b6a6b17dc714991a943390189061cea 9796ff7890114c13968851e69adf92a0 - - f75cd953ec1d47d48337cd8ec909d548 f75cd953ec1d47d48337cd8ec909d548] 199.19.213.199 "GET /v2.0/ports?tenant_id=f242d1edc77044fdaafa0bdc197ee93f&device_id=b262033c-dbd3-4a9f-8da1-3b36476fe856 HTTP/1.1" status: 200 len: 1361 time: 0.0400043
2026-07-21 07:54:31.496 10 INFO neutron.wsgi [req-bc9ab289-adad-480e-a689-ef1735a06bf8 req-48e92259-0e98-4b55-9a5a-fb6e9282d87d 1d74486b64fb4c3babbd2979ed0fc07c 0d0b93d28ba445a6bf0ba2786865a82d - - default default] 10.0.0.176 "GET /v2.0/ports?device_id=b28a54fb-9cbc-4d99-bcf2-a53bd9b163ea HTTP/1.1" status: 200 len: 1170 time: 0.0458252
2026-07-21 07:54:31.498 10 INFO neutron.wsgi [req-3f895df6-cbdf-4cf9-a585-822c1254629f req-00dc8c74-f8f4-4f0a-ab0b-1d0bffcf2930 1b6a6b17dc714991a943390189061cea 9796ff7890114c13968851e69adf92a0 - - f75cd953ec1d47d48337cd8ec909d548 f75cd953ec1d47d48337cd8ec909d548] 199.19.213.199 "GET /v2.0/networks?id=c272ff6c-5194-4479-8e5f-2a5e21a3d785 HTTP/1.1" status: 200 len: 973 time: 0.0985231
2026-07-21 07:54:31.524 9 INFO neutron.plugins.ml2.drivers.ovn.mech_driver.mech_driver [None req-1096d1bb-1619-4472-9536-ac3a88dc9fbc - - - - - -] OVN reports status down for port: 2704dc89-424c-4324-a349-50a453f1d1cd
2026-07-21 07:54:31.569 10 INFO neutron.wsgi [req-bc9ab289-adad-480e-a689-ef1735a06bf8 req-03bc7710-a22e-4268-8b4b-c6dd141ba0fe 1d74486b64fb4c3babbd2979ed0fc07c 0d0b93d28ba445a6bf0ba2786865a82d - - default default] 10.0.0.176 "GET /v2.0/security-groups?id=a7d2e407-6f13-4c84-830d-29f555ee5ccc&fields=id&fields=name HTTP/1.1" status: 200 len: 286 time: 0.0639982
2026-07-21 07:54:31.575 10 INFO neutron.wsgi [req-3f895df6-cbdf-4cf9-a585-822c1254629f req-7901b5bc-136a-4d1f-8183-e09a0299bcfe 1b6a6b17dc714991a943390189061cea 9796ff7890114c13968851e69adf92a0 - - f75cd953ec1d47d48337cd8ec909d548 f75cd953ec1d47d48337cd8ec909d548] 199.19.213.199 "GET /v2.0/floatingips?fixed_ip_address=10.100.0.5&port_id=9e0eb7b3-facc-4387-bd61-5d9f9834508a HTTP/1.1" status: 200 len: 1059 time: 0.0683441
2026-07-21 07:54:31.628 10 INFO neutron.wsgi [req-3f895df6-cbdf-4cf9-a585-822c1254629f req-0db387b2-17cf-4bf7-87fe-4587d3ef124b 1b6a6b17dc714991a943390189061cea 9796ff7890114c13968851e69adf92a0 - - f75cd953ec1d47d48337cd8ec909d548 f75cd953ec1d47d48337cd8ec909d548] 199.19.213.199 "GET /v2.0/subnets?id=cd304f06-5c90-409d-bc0c-e28b80f0941b HTTP/1.1" status: 200 len: 868 time: 0.0428715
2026-07-21 07:54:31.682 9 WARNING neutron.scheduler.dhcp_agent_scheduler [None req-141e94f2-9eee-4bc6-8649-dacbe768b042 1c57f432f34946ce8a1b9cb8ff4379b5 44b748577c6646b090bcaa6cef2af1bc - - - -] No more DHCP agents
2026-07-21 07:54:31.683 10 INFO neutron.wsgi [req-3f895df6-cbdf-4cf9-a585-822c1254629f req-9d08e150-53a3-49b4-b431-d1192bc59de5 1b6a6b17dc714991a943390189061cea 9796ff7890114c13968851e69adf92a0 - - f75cd953ec1d47d48337cd8ec909d548 f75cd953ec1d47d48337cd8ec909d548] 199.19.213.199 "GET /v2.0/ports?network_id=c272ff6c-5194-4479-8e5f-2a5e21a3d785&device_owner=network%3Adhcp HTTP/1.1" status: 200 len: 210 time: 0.0465231
2026-07-21 07:54:31.686 9 WARNING neutron.api.rpc.agentnotifiers.dhcp_rpc_agent_api [None req-141e94f2-9eee-4bc6-8649-dacbe768b042 1c57f432f34946ce8a1b9cb8ff4379b5 44b748577c6646b090bcaa6cef2af1bc - - - -] Unable to schedule network 1ff4e88c-61cb-4f7c-beb3-10e7952472ec: no agents available; will retry on subsequent port and subnet creation events.
2026-07-21 07:54:31.759 10 INFO neutron.wsgi [req-3f895df6-cbdf-4cf9-a585-822c1254629f req-26ba2d50-9f9f-4e1b-9d28-6d8b3aad0056 1b6a6b17dc714991a943390189061cea 9796ff7890114c13968851e69adf92a0 - - f75cd953ec1d47d48337cd8ec909d548 f75cd953ec1d47d48337cd8ec909d548] 199.19.213.199 "GET /v2.0/networks/c272ff6c-5194-4479-8e5f-2a5e21a3d785?fields=segments HTTP/1.1" status: 200 len: 212 time: 0.0718489
2026-07-21 07:54:31.790 9 INFO neutron.db.ovn_revision_numbers_db [None req-141e94f2-9eee-4bc6-8649-dacbe768b042 1c57f432f34946ce8a1b9cb8ff4379b5 44b748577c6646b090bcaa6cef2af1bc - - - -] Successfully bumped revision number for resource 472da7df-d768-439d-aec6-f4cc3800ceaf (type: ports) to 1
2026-07-21 07:54:31.844 10 INFO neutron.wsgi [req-3f895df6-cbdf-4cf9-a585-822c1254629f req-e27dcf60-321a-4a4e-8a59-14eaf5018fca 1b6a6b17dc714991a943390189061cea 9796ff7890114c13968851e69adf92a0 - - f75cd953ec1d47d48337cd8ec909d548 f75cd953ec1d47d48337cd8ec909d548] 199.19.213.199 "GET /v2.0/networks/c272ff6c-5194-4479-8e5f-2a5e21a3d785?fields=provider%3Aphysical_network&fields=provider%3Anetwork_type HTTP/1.1" status: 200 len: 277 time: 0.0796700
2026-07-21 07:54:31.848 9 INFO neutron.wsgi [None req-141e94f2-9eee-4bc6-8649-dacbe768b042 1c57f432f34946ce8a1b9cb8ff4379b5 44b748577c6646b090bcaa6cef2af1bc - - - -] 10.0.0.37 "POST /v2.0/networks HTTP/1.1" status: 201 len: 843 time: 0.8114111
2026-07-21 07:54:31.873 9 WARNING neutron.scheduler.dhcp_agent_scheduler [None req-2869ae5a-4bba-46f2-b68c-33a14f6d2a71 39546007ce39487ea9c205c1e6ffd056 69551455491346fdab9712863d36b7f5 - - - -] No more DHCP agents
2026-07-21 07:54:31.876 9 WARNING neutron.api.rpc.agentnotifiers.dhcp_rpc_agent_api [None req-2869ae5a-4bba-46f2-b68c-33a14f6d2a71 39546007ce39487ea9c205c1e6ffd056 69551455491346fdab9712863d36b7f5 - - - -] Unable to schedule network 2a48b9e6-01e7-40e2-b0fc-abb751da62bd: no agents available; will retry on subsequent port and subnet creation events.
2026-07-21 07:54:31.877 10 INFO neutron.wsgi [req-ea89707c-90ee-42ce-9d80-dfd3dcc0bae7 req-902b2919-ceb7-4320-bb83-97897c9456ed 1d74486b64fb4c3babbd2979ed0fc07c 0d0b93d28ba445a6bf0ba2786865a82d - - default default] 199.19.213.199 "GET /v2.0/ports?device_id=b28a54fb-9cbc-4d99-bcf2-a53bd9b163ea HTTP/1.1" status: 200 len: 1168 time: 0.0605884
2026-07-21 07:54:31.986 9 INFO neutron.db.ovn_revision_numbers_db [None req-1096d1bb-1619-4472-9536-ac3a88dc9fbc - - - - - -] Successfully bumped revision number for resource 2704dc89-424c-4324-a349-50a453f1d1cd (type: ports) to 5
2026-07-21 07:54:32.070 10 INFO neutron.db.ovn_revision_numbers_db [None req-802db86d-123f-4953-8cdb-d38d3eb6e24a 1c57f432f34946ce8a1b9cb8ff4379b5 44b748577c6646b090bcaa6cef2af1bc - - - -] Successfully bumped revision number for resource 1ff4e88c-61cb-4f7c-beb3-10e7952472ec (type: networks) to 2
2026-07-21 07:54:32.074 10 INFO neutron.wsgi [None req-802db86d-123f-4953-8cdb-d38d3eb6e24a 1c57f432f34946ce8a1b9cb8ff4379b5 44b748577c6646b090bcaa6cef2af1bc - - - -] 10.0.0.37 "PUT /v2.0/networks/1ff4e88c-61cb-4f7c-beb3-10e7952472ec HTTP/1.1" status: 200 len: 792 time: 0.2169991
2026-07-21 07:54:32.306 10 INFO neutron.wsgi [None req-eb27adeb-95e8-4d13-a2b1-5031bab18b8a 1d74486b64fb4c3babbd2979ed0fc07c 0d0b93d28ba445a6bf0ba2786865a82d - - - -] 199.19.213.199 "DELETE /v2.0/ports/2704dc89-424c-4324-a349-50a453f1d1cd HTTP/1.1" status: 204 len: 173 time: 0.4233146
2026-07-21 07:54:32.365 10 INFO neutron.notifiers.nova [-] Nova event matching ['req-eed2678e-1127-4e2a-a2d2-e6b5475f7284'] response: {'server_uuid': 'b28a54fb-9cbc-4d99-bcf2-a53bd9b163ea', 'name': 'network-vif-deleted', 'tag': '2704dc89-424c-4324-a349-50a453f1d1cd', 'status': 'completed', 'code': 200}
2026-07-21 07:54:32.393 9 INFO neutron.db.ovn_revision_numbers_db [None req-2869ae5a-4bba-46f2-b68c-33a14f6d2a71 39546007ce39487ea9c205c1e6ffd056 69551455491346fdab9712863d36b7f5 - - - -] Successfully bumped revision number for resource fd649e19-622e-4113-8900-ca52c41f9597 (type: ports) to 2
2026-07-21 07:54:32.401 10 WARNING neutron.scheduler.dhcp_agent_scheduler [None req-9924ba01-271e-4697-ba23-9145f1004107 1c57f432f34946ce8a1b9cb8ff4379b5 44b748577c6646b090bcaa6cef2af1bc - - - -] No more DHCP agents
2026-07-21 07:54:32.404 10 WARNING neutron.api.rpc.agentnotifiers.dhcp_rpc_agent_api [None req-9924ba01-271e-4697-ba23-9145f1004107 1c57f432f34946ce8a1b9cb8ff4379b5 44b748577c6646b090bcaa6cef2af1bc - - - -] Unable to schedule network 1ff4e88c-61cb-4f7c-beb3-10e7952472ec: no agents available; will retry on subsequent port and subnet creation events.
2026-07-21 07:54:32.408 9 INFO neutron.db.ovn_revision_numbers_db [None req-2869ae5a-4bba-46f2-b68c-33a14f6d2a71 39546007ce39487ea9c205c1e6ffd056 69551455491346fdab9712863d36b7f5 - - - -] Successfully bumped revision number for resource dbb9dfcb-083c-4665-bd39-b1104e46b4e3 (type: subnets) to 0
2026-07-21 07:54:32.449 9 WARNING neutron.scheduler.dhcp_agent_scheduler [None req-2869ae5a-4bba-46f2-b68c-33a14f6d2a71 39546007ce39487ea9c205c1e6ffd056 69551455491346fdab9712863d36b7f5 - - - -] No more DHCP agents
2026-07-21 07:54:32.451 9 WARNING neutron.api.rpc.agentnotifiers.dhcp_rpc_agent_api [None req-2869ae5a-4bba-46f2-b68c-33a14f6d2a71 39546007ce39487ea9c205c1e6ffd056 69551455491346fdab9712863d36b7f5 - - - -] Unable to schedule network 2ef2707d-6a9c-4117-80aa-1f7bda70e653: no agents available; will retry on subsequent port and subnet creation events.
2026-07-21 07:54:32.699 10 INFO neutron.wsgi [req-9ac8c5a8-1493-437c-b893-ab823955c6d4 req-36731639-0501-42ac-bea5-e639de64f1a0 1d74486b64fb4c3babbd2979ed0fc07c 0d0b93d28ba445a6bf0ba2786865a82d - - default default] 10.0.0.176 "GET /v2.0/ports?device_id=b28a54fb-9cbc-4d99-bcf2-a53bd9b163ea HTTP/1.1" status: 200 len: 210 time: 0.0309472
2026-07-21 07:54:32.907 10 INFO neutron.db.ovn_revision_numbers_db [None req-9924ba01-271e-4697-ba23-9145f1004107 1c57f432f34946ce8a1b9cb8ff4379b5 44b748577c6646b090bcaa6cef2af1bc - - - -] Successfully bumped revision number for resource 472da7df-d768-439d-aec6-f4cc3800ceaf (type: ports) to 2
2026-07-21 07:54:32.923 10 INFO neutron.db.ovn_revision_numbers_db [None req-9924ba01-271e-4697-ba23-9145f1004107 1c57f432f34946ce8a1b9cb8ff4379b5 44b748577c6646b090bcaa6cef2af1bc - - - -] Successfully bumped revision number for resource 8c42812f-7ff4-4dff-ad2a-2fddf59546c8 (type: subnets) to 0
2026-07-21 07:54:32.938 10 INFO neutron.wsgi [None req-9924ba01-271e-4697-ba23-9145f1004107 1c57f432f34946ce8a1b9cb8ff4379b5 44b748577c6646b090bcaa6cef2af1bc - - - -] 10.0.0.37 "POST /v2.0/subnets HTTP/1.1" status: 201 len: 801 time: 0.8577740 /var/lib/openstack/lib/python3.10/site-packages/pycadf/identifier.py:71: UserWarning: Invalid uuid: neutron. To ensure interoperability, identifiers should be a valid uuid. warnings.warn(('Invalid uuid: %s. To ensure interoperability, '
2026-07-21 07:54:32.970 9 INFO neutron.db.ovn_revision_numbers_db [None req-2869ae5a-4bba-46f2-b68c-33a14f6d2a71 39546007ce39487ea9c205c1e6ffd056 69551455491346fdab9712863d36b7f5 - - - -] Successfully bumped revision number for resource 17ebb2b7-4213-489d-8ea9-7ec234a67ac6 (type: ports) to 2
2026-07-21 07:54:32.997 9 INFO neutron.db.ovn_revision_numbers_db [None req-2869ae5a-4bba-46f2-b68c-33a14f6d2a71 39546007ce39487ea9c205c1e6ffd056 69551455491346fdab9712863d36b7f5 - - - -] Successfully bumped revision number for resource 031e3468-877f-4b5a-886c-2bb77a9e406f (type: subnets) to 0
2026-07-21 07:54:33.013 9 INFO neutron.wsgi [None req-2869ae5a-4bba-46f2-b68c-33a14f6d2a71 39546007ce39487ea9c205c1e6ffd056 69551455491346fdab9712863d36b7f5 - - - -] 10.0.0.37 "POST /v2.0/subnets HTTP/1.1" status: 201 len: 1426 time: 1.8918259
2026-07-21 07:54:33.084 10 INFO neutron.wsgi [None req-f6607cf9-2b61-4053-9280-8dce794438b1 39546007ce39487ea9c205c1e6ffd056 69551455491346fdab9712863d36b7f5 - - default default] 10.0.0.37 "GET /v2.0/subnets HTTP/1.1" status: 200 len: 2034 time: 0.0649772
2026-07-21 07:54:33.227 9 INFO neutron.db.ovn_revision_numbers_db [None req-944b76bc-b426-4e01-a7c7-302e413ca55d 1c57f432f34946ce8a1b9cb8ff4379b5 44b748577c6646b090bcaa6cef2af1bc - - - -] Successfully bumped revision number for resource 8c42812f-7ff4-4dff-ad2a-2fddf59546c8 (type: subnets) to 1
2026-07-21 07:54:33.231 9 INFO neutron.wsgi [None req-944b76bc-b426-4e01-a7c7-302e413ca55d 1c57f432f34946ce8a1b9cb8ff4379b5 44b748577c6646b090bcaa6cef2af1bc - - - -] 10.0.0.37 "PUT /v2.0/subnets/8c42812f-7ff4-4dff-ad2a-2fddf59546c8 HTTP/1.1" status: 200 len: 806 time: 0.2865741
2026-07-21 07:54:33.276 9 INFO neutron.notifiers.nova [-] Nova event matching ['req-766a1bcf-9e39-4966-bf69-561786756fed'] response: {'server_uuid': 'b28a54fb-9cbc-4d99-bcf2-a53bd9b163ea', 'name': 'network-vif-unplugged', 'status': 'completed', 'tag': '2704dc89-424c-4324-a349-50a453f1d1cd', 'code': 200}
2026-07-21 07:54:33.276 9 INFO neutron.notifiers.nova [-] Nova event matching ['req-766a1bcf-9e39-4966-bf69-561786756fed'] response: {'server_uuid': 'b28a54fb-9cbc-4d99-bcf2-a53bd9b163ea', 'name': 'network-vif-plugged', 'status': 'completed', 'tag': '2704dc89-424c-4324-a349-50a453f1d1cd', 'code': 200}
2026-07-21 07:54:33.332 10 INFO neutron.wsgi [None req-9a62e059-9a23-4314-a465-030507a15ada 39546007ce39487ea9c205c1e6ffd056 69551455491346fdab9712863d36b7f5 - - - -] 10.0.0.37 "DELETE /v2.0/subnets/dbb9dfcb-083c-4665-bd39-b1104e46b4e3 HTTP/1.1" status: 204 len: 168 time: 0.2431626
2026-07-21 07:54:33.569 9 INFO neutron.wsgi [None req-1f721d21-bd49-4420-a015-796998c89baa 39546007ce39487ea9c205c1e6ffd056 69551455491346fdab9712863d36b7f5 - - - -] 10.0.0.37 "DELETE /v2.0/subnets/031e3468-877f-4b5a-886c-2bb77a9e406f HTTP/1.1" status: 204 len: 168 time: 0.2313869
2026-07-21 07:54:33.647 9 INFO neutron.wsgi [None req-6b48a344-e784-424d-bb33-08e706cc49bc 39546007ce39487ea9c205c1e6ffd056 69551455491346fdab9712863d36b7f5 - - default default] 10.0.0.37 "GET /v2.0/subnets HTTP/1.1" status: 200 len: 820 time: 0.0720279
2026-07-21 07:54:33.917 10 INFO neutron.services.segments.plugin [-] Segment 9f461d74-57f0-49b2-abb4-90a376434cb1 resource provider aggregate not found
2026-07-21 07:54:33.924 10 INFO neutron.services.segments.plugin [-] Segment 9f461d74-57f0-49b2-abb4-90a376434cb1 resource provider aggregate not found
2026-07-21 07:54:33.941 10 INFO neutron.services.segments.plugin [-] Segment 9f461d74-57f0-49b2-abb4-90a376434cb1 resource provider not found; error: Placement Client Error (4xx): {"errors": [{"status": 404, "title": "Not Found", "detail": "The resource could not be found.\n\n No resource provider with uuid 9f461d74-57f0-49b2-abb4-90a376434cb1 found for delete ", "request_id": "req-fe64b8ec-a0a9-4959-9b47-f4b95724c2c6"}]}
2026-07-21 07:54:33.954 10 INFO neutron.services.segments.plugin [-] Segment 9f461d74-57f0-49b2-abb4-90a376434cb1 resource provider not found; error: Placement Client Error (4xx): {"errors": [{"status": 404, "title": "Not Found", "detail": "The resource could not be found.\n\n No resource provider with uuid 9f461d74-57f0-49b2-abb4-90a376434cb1 found for delete ", "request_id": "req-810d0fb6-3661-49d4-b25b-6613c1fd69c4"}]}
2026-07-21 07:54:33.988 10 INFO neutron.wsgi [None req-527350a4-9f91-44f2-842d-729925dac979 1c57f432f34946ce8a1b9cb8ff4379b5 44b748577c6646b090bcaa6cef2af1bc - - - -] 10.0.0.37 "DELETE /v2.0/networks/1ff4e88c-61cb-4f7c-beb3-10e7952472ec HTTP/1.1" status: 204 len: 168 time: 0.7508674
2026-07-21 07:54:34.021 10 INFO neutron.pecan_wsgi.hooks.translation [None req-347a8232-249a-40a9-a2d9-c11250f0b9c1 1c57f432f34946ce8a1b9cb8ff4379b5 44b748577c6646b090bcaa6cef2af1bc - - - -] DELETE failed (client error): The resource could not be found.
2026-07-21 07:54:34.023 10 INFO neutron.wsgi [None req-347a8232-249a-40a9-a2d9-c11250f0b9c1 1c57f432f34946ce8a1b9cb8ff4379b5 44b748577c6646b090bcaa6cef2af1bc - - - -] 10.0.0.37 "DELETE /v2.0/networks/1ff4e88c-61cb-4f7c-beb3-10e7952472ec HTTP/1.1" status: 404 len: 339 time: 0.0252976
2026-07-21 07:54:34.456 10 INFO neutron.wsgi [None req-8e66be3c-5050-4b17-a8ec-30db9dd26032 1c57f432f34946ce8a1b9cb8ff4379b5 44b748577c6646b090bcaa6cef2af1bc - - default default] 10.0.0.37 "GET /v2.0/networks?router%3Aexternal=True HTTP/1.1" status: 200 len: 845 time: 0.4236183
2026-07-21 07:54:34.527 10 INFO neutron.wsgi [None req-d046dade-b9cc-4dbb-b607-2b46a608d634 1c57f432f34946ce8a1b9cb8ff4379b5 44b748577c6646b090bcaa6cef2af1bc - - default default] 10.0.0.37 "GET /v2.0/subnets?network_id=ee61bd7c-4a9e-48db-8d17-5f4dda2b2c94 HTTP/1.1" status: 200 len: 820 time: 0.0633054
2026-07-21 07:54:34.543 9 INFO neutron.wsgi [None req-b90d6a17-5a3d-40b5-80d2-d85f072763d8 1c57f432f34946ce8a1b9cb8ff4379b5 44b748577c6646b090bcaa6cef2af1bc - - default default] 10.0.0.37 "GET /v2.0/extensions HTTP/1.1" status: 200 len: 16520 time: 0.0066078
2026-07-21 07:54:34.556 10 INFO neutron.wsgi [None req-4fdaf046-2233-4631-8caa-a86e6d3da685 39546007ce39487ea9c205c1e6ffd056 69551455491346fdab9712863d36b7f5 - - - -] 10.0.0.37 "DELETE /v2.0/networks/2ef2707d-6a9c-4117-80aa-1f7bda70e653 HTTP/1.1" status: 204 len: 168 time: 0.9004359
2026-07-21 07:54:34.658 9 INFO neutron.wsgi [None req-3b497338-4717-4a60-8fa8-b98e588fa1a7 1c57f432f34946ce8a1b9cb8ff4379b5 44b748577c6646b090bcaa6cef2af1bc - - default default] 10.0.0.37 "GET /v2.0/networks HTTP/1.1" status: 200 len: 1503 time: 0.1094167
2026-07-21 07:54:34.728 10 INFO neutron.wsgi [None req-a0f73c37-4961-4a55-b8b6-5cc0107f7ff9 1c57f432f34946ce8a1b9cb8ff4379b5 44b748577c6646b090bcaa6cef2af1bc - - default default] 10.0.0.37 "GET /v2.0/subnets HTTP/1.1" status: 200 len: 1428 time: 0.0553391
2026-07-21 07:54:34.836 9 INFO neutron.wsgi [None req-c8b7bbda-027d-4262-9c1c-a0258429d2ac 1c57f432f34946ce8a1b9cb8ff4379b5 44b748577c6646b090bcaa6cef2af1bc - - default default] 10.0.0.37 "GET /v2.0/networks/d8ccbcde-fe10-49b6-9350-f9065f3f4cf9 HTTP/1.1" status: 200 len: 862 time: 0.0950689
2026-07-21 07:54:34.910 10 INFO neutron.wsgi [None req-45d5fd24-1cb6-4886-b401-cc8976b2006e 1c57f432f34946ce8a1b9cb8ff4379b5 44b748577c6646b090bcaa6cef2af1bc - - default default] 10.0.0.37 "GET /v2.0/subnets/54d6a060-7e4d-4be5-a373-e81a35de2729 HTTP/1.1" status: 200 len: 811 time: 0.0650253
2026-07-21 07:54:34.944 10 INFO neutron.pecan_wsgi.hooks.translation [None req-42a84fd2-9311-4e95-8cdc-267c6840e6a6 1c57f432f34946ce8a1b9cb8ff4379b5 44b748577c6646b090bcaa6cef2af1bc - - - -] DELETE failed (client error): The resource could not be found.
2026-07-21 07:54:34.947 10 INFO neutron.wsgi [None req-42a84fd2-9311-4e95-8cdc-267c6840e6a6 1c57f432f34946ce8a1b9cb8ff4379b5 44b748577c6646b090bcaa6cef2af1bc - - - -] 10.0.0.37 "DELETE /v2.0/subnets/8c42812f-7ff4-4dff-ad2a-2fddf59546c8 HTTP/1.1" status: 404 len: 337 time: 0.0266197
2026-07-21 07:54:34.967 10 INFO neutron.pecan_wsgi.hooks.translation [None req-5eb1d113-c8f8-477a-882f-06db7c74643e 1c57f432f34946ce8a1b9cb8ff4379b5 44b748577c6646b090bcaa6cef2af1bc - - - -] DELETE failed (client error): The resource could not be found.
2026-07-21 07:54:34.969 10 INFO neutron.wsgi [None req-5eb1d113-c8f8-477a-882f-06db7c74643e 1c57f432f34946ce8a1b9cb8ff4379b5 44b748577c6646b090bcaa6cef2af1bc - - - -] 10.0.0.37 "DELETE /v2.0/networks/1ff4e88c-61cb-4f7c-beb3-10e7952472ec HTTP/1.1" status: 404 len: 339 time: 0.0177500
2026-07-21 07:54:35.058 10 INFO neutron.wsgi [None req-2432500c-bda7-4cdc-bf58-c57cc9987df2 39546007ce39487ea9c205c1e6ffd056 69551455491346fdab9712863d36b7f5 - - - -] 10.0.0.37 "DELETE /v2.0/networks/2a48b9e6-01e7-40e2-b0fc-abb751da62bd HTTP/1.1" status: 204 len: 168 time: 0.4936054
2026-07-21 07:54:35.185 9 INFO neutron.wsgi [None req-4af8ac6d-879b-43a5-b3c0-01c574046587 c559b67c8dc14c6e9bb7fa2452ec7a44 3b5df8bf225349b0ab7bd2b1a0d2c1b1 - - - -] 10.0.0.37 "PUT /v2.0/routers/282a9c96-c4c6-46e2-b7b2-f555cfedae6d/remove_router_interface HTTP/1.1" status: 200 len: 503 time: 1.4264147
2026-07-21 07:54:35.281 10 INFO neutron.wsgi [None req-1451624c-5a55-4d10-a724-fa7184571f69 1c57f432f34946ce8a1b9cb8ff4379b5 44b748577c6646b090bcaa6cef2af1bc - - - -] 10.0.0.37 "DELETE /v2.0/subnets/54d6a060-7e4d-4be5-a373-e81a35de2729 HTTP/1.1" status: 204 len: 168 time: 0.3088734
2026-07-21 07:54:35.291 9 INFO neutron.wsgi [-] 10.0.0.151 "GET / HTTP/1.1" status: 200 len: 246 time: 0.0033429
2026-07-21 07:54:35.294 9 INFO neutron.wsgi [-] 10.0.0.151 "GET / HTTP/1.1" status: 200 len: 246 time: 0.0022080
2026-07-21 07:54:35.713 10 INFO neutron.wsgi [None req-8fbdfb8f-c536-454a-96c8-9605c51848f7 39546007ce39487ea9c205c1e6ffd056 69551455491346fdab9712863d36b7f5 - - - -] 10.0.0.37 "DELETE /v2.0/networks/cd7b6948-4e8d-4160-b1e6-4460ec558385 HTTP/1.1" status: 204 len: 168 time: 0.6476352 /var/lib/openstack/lib/python3.10/site-packages/pycadf/identifier.py:71: UserWarning: Invalid uuid: neutron. To ensure interoperability, identifiers should be a valid uuid. warnings.warn(('Invalid uuid: %s. To ensure interoperability, '
2026-07-21 07:54:35.922 10 INFO neutron.wsgi [None req-89bbc72b-aa4b-4ef4-8b2c-27c8bd1a02da 1c57f432f34946ce8a1b9cb8ff4379b5 44b748577c6646b090bcaa6cef2af1bc - - - -] 10.0.0.37 "DELETE /v2.0/networks/d8ccbcde-fe10-49b6-9350-f9065f3f4cf9 HTTP/1.1" status: 204 len: 168 time: 0.6324248
2026-07-21 07:54:35.969 10 INFO neutron.services.segments.plugin [-] Segment b4e332f6-1214-4339-a1ef-08b3faa68be9 resource provider aggregate not found
2026-07-21 07:54:35.975 10 INFO neutron.services.segments.plugin [-] Segment b4e332f6-1214-4339-a1ef-08b3faa68be9 resource provider aggregate not found
2026-07-21 07:54:35.989 10 INFO neutron.services.segments.plugin [-] Segment b4e332f6-1214-4339-a1ef-08b3faa68be9 resource provider not found; error: Placement Client Error (4xx): {"errors": [{"status": 404, "title": "Not Found", "detail": "The resource could not be found.\n\n No resource provider with uuid b4e332f6-1214-4339-a1ef-08b3faa68be9 found for delete ", "request_id": "req-fa1a8914-9f1c-4013-ba92-a27b89721e2b"}]}
2026-07-21 07:54:35.995 10 INFO neutron.services.segments.plugin [-] Segment b4e332f6-1214-4339-a1ef-08b3faa68be9 resource provider not found; error: Placement Client Error (4xx): {"errors": [{"status": 404, "title": "Not Found", "detail": "The resource could not be found.\n\n No resource provider with uuid b4e332f6-1214-4339-a1ef-08b3faa68be9 found for delete ", "request_id": "req-f58a7cf0-7b5e-4875-b8a1-45fe73650b0f"}]}
2026-07-21 07:54:36.020 10 INFO neutron.services.segments.plugin [-] Segment 28b36ffb-c8c2-4ac8-b239-654af8f3dbf0 resource provider aggregate not found
2026-07-21 07:54:36.024 10 INFO neutron.services.segments.plugin [-] Segment 28b36ffb-c8c2-4ac8-b239-654af8f3dbf0 resource provider aggregate not found
2026-07-21 07:54:36.043 10 INFO neutron.services.segments.plugin [-] Segment 28b36ffb-c8c2-4ac8-b239-654af8f3dbf0 resource provider not found; error: Placement Client Error (4xx): {"errors": [{"status": 404, "title": "Not Found", "detail": "The resource could not be found.\n\n No resource provider with uuid 28b36ffb-c8c2-4ac8-b239-654af8f3dbf0 found for delete ", "request_id": "req-e06b2067-7fd7-4b45-a209-590fae7d1643"}]}
2026-07-21 07:54:36.047 10 INFO neutron.services.segments.plugin [-] Segment 28b36ffb-c8c2-4ac8-b239-654af8f3dbf0 resource provider not found; error: Placement Client Error (4xx): {"errors": [{"status": 404, "title": "Not Found", "detail": "The resource could not be found.\n\n No resource provider with uuid 28b36ffb-c8c2-4ac8-b239-654af8f3dbf0 found for delete ", "request_id": "req-e82b6353-ae13-4d28-908c-4e94a7e1c803"}]}
2026-07-21 07:54:36.074 10 INFO neutron.services.segments.plugin [-] Segment 46867539-1483-4a67-9ecc-bd26b5617328 resource provider aggregate not found
2026-07-21 07:54:36.079 10 INFO neutron.services.segments.plugin [-] Segment 46867539-1483-4a67-9ecc-bd26b5617328 resource provider aggregate not found
2026-07-21 07:54:36.112 10 INFO neutron.services.segments.plugin [-] Segment 46867539-1483-4a67-9ecc-bd26b5617328 resource provider not found; error: Placement Client Error (4xx): {"errors": [{"status": 404, "title": "Not Found", "detail": "The resource could not be found.\n\n No resource provider with uuid 46867539-1483-4a67-9ecc-bd26b5617328 found for delete ", "request_id": "req-0af253b4-6c30-4c59-90a0-d7052c4c04fa"}]}
2026-07-21 07:54:36.117 10 INFO neutron.services.segments.plugin [-] Segment 46867539-1483-4a67-9ecc-bd26b5617328 resource provider not found; error: Placement Client Error (4xx): {"errors": [{"status": 404, "title": "Not Found", "detail": "The resource could not be found.\n\n No resource provider with uuid 46867539-1483-4a67-9ecc-bd26b5617328 found for delete ", "request_id": "req-5160cb1c-ee94-42c1-96fd-e8f9c23ebe0c"}]}
2026-07-21 07:54:36.132 10 INFO neutron.services.segments.plugin [-] Segment d972466e-97ac-4da5-9eaf-db4b9e57f691 resource provider aggregate not found
2026-07-21 07:54:36.137 10 INFO neutron.services.segments.plugin [-] Segment d972466e-97ac-4da5-9eaf-db4b9e57f691 resource provider aggregate not found
2026-07-21 07:54:36.142 9 INFO neutron.services.segments.plugin [-] Segment c93418de-4f7b-418b-b49f-8b7e38a66d29 resource provider aggregate not found
2026-07-21 07:54:36.149 9 INFO neutron.services.segments.plugin [-] Segment c93418de-4f7b-418b-b49f-8b7e38a66d29 resource provider aggregate not found
2026-07-21 07:54:36.150 10 INFO neutron.services.segments.plugin [-] Segment d972466e-97ac-4da5-9eaf-db4b9e57f691 resource provider not found; error: Placement Client Error (4xx): {"errors": [{"status": 404, "title": "Not Found", "detail": "The resource could not be found.\n\n No resource provider with uuid d972466e-97ac-4da5-9eaf-db4b9e57f691 found for delete ", "request_id": "req-c4d4121d-4669-4696-925b-4275279fce44"}]}
2026-07-21 07:54:36.160 10 INFO neutron.wsgi [None req-76ac0a68-0244-435c-9a24-0cdcc0e72e32 c559b67c8dc14c6e9bb7fa2452ec7a44 3b5df8bf225349b0ab7bd2b1a0d2c1b1 - - - -] 10.0.0.37 "DELETE /v2.0/routers/282a9c96-c4c6-46e2-b7b2-f555cfedae6d HTTP/1.1" status: 204 len: 168 time: 0.9716642
2026-07-21 07:54:36.161 10 INFO neutron.services.segments.plugin [-] Segment d972466e-97ac-4da5-9eaf-db4b9e57f691 resource provider not found; error: Placement Client Error (4xx): {"errors": [{"status": 404, "title": "Not Found", "detail": "The resource could not be found.\n\n No resource provider with uuid d972466e-97ac-4da5-9eaf-db4b9e57f691 found for delete ", "request_id": "req-8c3a3ea3-878d-4e81-809d-1b088ab89c9a"}]}
2026-07-21 07:54:36.178 9 INFO neutron.services.segments.plugin [-] Segment c93418de-4f7b-418b-b49f-8b7e38a66d29 resource provider not found; error: Placement Client Error (4xx): {"errors": [{"status": 404, "title": "Not Found", "detail": "The resource could not be found.\n\n No resource provider with uuid c93418de-4f7b-418b-b49f-8b7e38a66d29 found for delete ", "request_id": "req-15f1ac93-a714-48ab-9e1e-c5ba057ddd77"}]}
2026-07-21 07:54:36.179 9 INFO neutron.services.segments.plugin [-] Segment c93418de-4f7b-418b-b49f-8b7e38a66d29 resource provider not found; error: Placement Client Error (4xx): {"errors": [{"status": 404, "title": "Not Found", "detail": "The resource could not be found.\n\n No resource provider with uuid c93418de-4f7b-418b-b49f-8b7e38a66d29 found for delete ", "request_id": "req-531e8d58-0b8a-4171-abc0-fa3188a71326"}]}
2026-07-21 07:54:36.207 9 INFO neutron.wsgi [None req-07a60f5b-40ac-4fe0-afc9-cd35365a446d 39546007ce39487ea9c205c1e6ffd056 69551455491346fdab9712863d36b7f5 - - - -] 10.0.0.37 "DELETE /v2.0/networks/aa9fde27-946d-4660-b43e-049c29f98f4b HTTP/1.1" status: 204 len: 168 time: 0.4886959
2026-07-21 07:54:36.398 10 INFO neutron.wsgi [None req-a5a4d5ca-b7be-4c65-bc14-348ea86ed240 c559b67c8dc14c6e9bb7fa2452ec7a44 3b5df8bf225349b0ab7bd2b1a0d2c1b1 - - - -] 10.0.0.37 "DELETE /v2.0/subnets/cc3a2b23-45f5-4005-8ed8-b5329861cf41 HTTP/1.1" status: 204 len: 168 time: 0.2338319
2026-07-21 07:54:36.706 9 INFO neutron.wsgi [None req-83485d4e-6729-4b99-9a4c-3d9c9bcee2e4 c559b67c8dc14c6e9bb7fa2452ec7a44 3b5df8bf225349b0ab7bd2b1a0d2c1b1 - - default default] 10.0.0.37 "GET /v2.0/security-groups?tenant_id=44b748577c6646b090bcaa6cef2af1bc&name=default HTTP/1.1" status: 200 len: 2996 time: 0.2554498
2026-07-21 07:54:36.758 10 INFO neutron.wsgi [None req-e5fb5dff-b59c-458d-971a-508a76abf441 c559b67c8dc14c6e9bb7fa2452ec7a44 3b5df8bf225349b0ab7bd2b1a0d2c1b1 - - default default] 10.0.0.37 "GET /v2.0/security-groups?tenant_id=69551455491346fdab9712863d36b7f5&name=default HTTP/1.1" status: 200 len: 2996 time: 0.0728519
2026-07-21 07:54:36.820 10 INFO neutron.wsgi [None req-a3aa960b-6b55-4101-bede-7c61933aa6ae c559b67c8dc14c6e9bb7fa2452ec7a44 3b5df8bf225349b0ab7bd2b1a0d2c1b1 - - - -] 10.0.0.37 "DELETE /v2.0/networks/47db39bc-46d5-4801-b5b6-94a1985e5f9c HTTP/1.1" status: 204 len: 168 time: 0.4153945
2026-07-21 07:54:36.982 9 INFO neutron.wsgi [None req-939389f6-3c82-4e8b-b113-1ab8a9ac3b04 c559b67c8dc14c6e9bb7fa2452ec7a44 3b5df8bf225349b0ab7bd2b1a0d2c1b1 - - default default] 10.0.0.37 "GET /v2.0/security-groups?tenant_id=0d0b93d28ba445a6bf0ba2786865a82d&name=default HTTP/1.1" status: 200 len: 2996 time: 0.0304782
2026-07-21 07:54:36.998 9 INFO neutron.wsgi [None req-71ad585a-6b65-4e35-b00e-05f6354fdf11 c559b67c8dc14c6e9bb7fa2452ec7a44 3b5df8bf225349b0ab7bd2b1a0d2c1b1 - - - -] 10.0.0.37 "DELETE /v2.0/security-groups/4a008cd1-d8ef-40c5-a972-855859892811 HTTP/1.1" status: 204 len: 168 time: 0.2866452
2026-07-21 07:54:37.035 9 INFO neutron.wsgi [None req-dd6e4fb4-4d43-4359-9b71-58183648764f c559b67c8dc14c6e9bb7fa2452ec7a44 3b5df8bf225349b0ab7bd2b1a0d2c1b1 - - - -] 10.0.0.37 "DELETE /v2.0/security-groups/3f927d3d-f08a-4067-9db0-1589678d305c HTTP/1.1" status: 204 len: 168 time: 0.2717366
2026-07-21 07:54:37.170 10 INFO neutron.wsgi [None req-1ed85d19-20c4-4476-ab68-ebc0c1d70d6a c559b67c8dc14c6e9bb7fa2452ec7a44 3b5df8bf225349b0ab7bd2b1a0d2c1b1 - - - -] 10.0.0.37 "DELETE /v2.0/security-groups/a7d2e407-6f13-4c84-830d-29f555ee5ccc HTTP/1.1" status: 204 len: 168 time: 0.1834784
2026-07-21 07:54:38.173 10 INFO neutron.services.segments.plugin [-] Segment 66b93ed5-4a59-4077-8a37-ffd14c561e2b resource provider aggregate not found
2026-07-21 07:54:38.186 10 INFO neutron.services.segments.plugin [-] Segment 66b93ed5-4a59-4077-8a37-ffd14c561e2b resource provider aggregate not found
2026-07-21 07:54:38.199 10 INFO neutron.services.segments.plugin [-] Segment 66b93ed5-4a59-4077-8a37-ffd14c561e2b resource provider not found; error: Placement Client Error (4xx): {"errors": [{"status": 404, "title": "Not Found", "detail": "The resource could not be found.\n\n No resource provider with uuid 66b93ed5-4a59-4077-8a37-ffd14c561e2b found for delete ", "request_id": "req-f6714b10-7194-48b3-a8cc-cb200a571535"}]}
2026-07-21 07:54:38.209 10 INFO neutron.services.segments.plugin [-] Segment 66b93ed5-4a59-4077-8a37-ffd14c561e2b resource provider not found; error: Placement Client Error (4xx): {"errors": [{"status": 404, "title": "Not Found", "detail": "The resource could not be found.\n\n No resource provider with uuid 66b93ed5-4a59-4077-8a37-ffd14c561e2b found for delete ", "request_id": "req-3ae85409-327a-4565-9212-90b61dd9f8b6"}]}
2026-07-21 07:54:38.500 9 INFO neutron.wsgi [req-177939a8-52be-4a52-a72c-460536c8f611 req-7c2391f7-72c5-4a96-a201-9ace6c458b4c 1b6a6b17dc714991a943390189061cea 9796ff7890114c13968851e69adf92a0 - - f75cd953ec1d47d48337cd8ec909d548 f75cd953ec1d47d48337cd8ec909d548] 10.0.0.210 "GET /v2.0/ports?device_id=b262033c-dbd3-4a9f-8da1-3b36476fe856 HTTP/1.1" status: 200 len: 1361 time: 0.0357699
2026-07-21 07:54:38.545 9 INFO neutron.wsgi [req-177939a8-52be-4a52-a72c-460536c8f611 req-cf03e578-a954-448e-80ab-58ae4959f8bf 1b6a6b17dc714991a943390189061cea 9796ff7890114c13968851e69adf92a0 - - f75cd953ec1d47d48337cd8ec909d548 f75cd953ec1d47d48337cd8ec909d548] 10.0.0.210 "GET /v2.0/security-groups?id=0eb62145-f4bb-4eaf-9898-b9d7d7258495&fields=id&fields=name HTTP/1.1" status: 200 len: 313 time: 0.0373178
2026-07-21 07:54:39.025 10 INFO neutron.db.ovn_revision_numbers_db [None req-d3031444-cf85-4c2a-a964-f2003d4252b1 b4e0d750f25643208daa3de029a6387f e39c46a7f3b6417a80161f25d04304be - - - -] Successfully bumped revision number for resource 1d41d9ce-9656-427f-bd6f-2c6d1fa51a14 (type: security_groups) to 1
2026-07-21 07:54:39.030 10 INFO neutron.db.ovn_revision_numbers_db [None req-337da104-f726-41e9-be93-1ffb62385f0a 797a8b66dce546b3be9b8f6decfc2afa 96a928c281084dbd83457ee9c1f04f28 - - - -] Successfully bumped revision number for resource a4d36895-b821-4b4b-9996-a954a7cd8611 (type: security_groups) to 1
2026-07-21 07:54:39.083 10 INFO neutron.db.segments_db [None req-d3031444-cf85-4c2a-a964-f2003d4252b1 b4e0d750f25643208daa3de029a6387f e39c46a7f3b6417a80161f25d04304be - - - -] Added segment 258d0350-bb80-4331-95eb-3bc3332f8db1 of type geneve for network d7352ddd-a6cc-4bb8-9013-4c032c15aa0a
2026-07-21 07:54:39.084 10 INFO neutron.db.segments_db [None req-337da104-f726-41e9-be93-1ffb62385f0a 797a8b66dce546b3be9b8f6decfc2afa 96a928c281084dbd83457ee9c1f04f28 - - - -] Added segment 900e22ad-c8c0-42ab-ac5a-18f96e915c29 of type geneve for network 827439e3-f326-4d8a-99fc-d639c82db592
2026-07-21 07:54:39.231 10 INFO neutron.db.ovn_revision_numbers_db [None req-d3031444-cf85-4c2a-a964-f2003d4252b1 b4e0d750f25643208daa3de029a6387f e39c46a7f3b6417a80161f25d04304be - - - -] Successfully bumped revision number for resource d7352ddd-a6cc-4bb8-9013-4c032c15aa0a (type: networks) to 1
