2026-07-21 07:54:20.147 10 INFO neutron.wsgi [None req-e2080060-161f-4920-bb00-1747e456a180 154166114f5f495fb789fc61793e4f78 4a5038b35cf749518fe43bf2ed1b78d9 - - - -] 10.0.0.37 "DELETE /v2.0/floatingips/d9ff74fa-6fa2-44c9-8246-bd7ddf0d9f1b HTTP/1.1" status: 204 len: 168 time: 0.7965150
2026-07-21 07:54:20.163 9 INFO neutron.wsgi [None req-d0580b96-fd41-446a-96bc-82e3160891fc c559b67c8dc14c6e9bb7fa2452ec7a44 3b5df8bf225349b0ab7bd2b1a0d2c1b1 - - - -] 10.0.0.37 "DELETE /v2.0/security-groups/edba2509-59c5-46a5-853e-64bc2f1d7bce HTTP/1.1" status: 204 len: 168 time: 0.2950683
2026-07-21 07:54:20.177 10 INFO neutron.api.v2.resource [None req-0ef215ff-de32-4be0-ac6b-be1e69134ee8 154166114f5f495fb789fc61793e4f78 4a5038b35cf749518fe43bf2ed1b78d9 - - - -] delete failed (client error): The resource could not be found.
2026-07-21 07:54:20.178 10 INFO neutron.wsgi [None req-0ef215ff-de32-4be0-ac6b-be1e69134ee8 154166114f5f495fb789fc61793e4f78 4a5038b35cf749518fe43bf2ed1b78d9 - - - -] 10.0.0.37 "DELETE /v2.0/floatingips/d9ff74fa-6fa2-44c9-8246-bd7ddf0d9f1b HTTP/1.1" status: 404 len: 345 time: 0.0253901
2026-07-21 07:54:20.246 10 INFO neutron.wsgi [req-c04b4f41-bd72-441e-bf91-99b2ae38ebe3 req-dc89ec71-dedc-42da-ba8f-726029f35ba3 97992531e8954f8eacb22a552e62dcec f242d1edc77044fdaafa0bdc197ee93f - - default default] 10.0.0.176 "GET /v2.0/ports?device_id=b262033c-dbd3-4a9f-8da1-3b36476fe856 HTTP/1.1" status: 200 len: 210 time: 0.0261362
2026-07-21 07:54:20.256 9 INFO neutron.db.ovn_revision_numbers_db [None req-4e92c38f-6037-429d-9817-3460903c3fbc - - - - - -] Successfully bumped revision number for resource d52a6b53-30a1-4d02-87ef-3202d3fc7efa (type: ports) to 2
2026-07-21 07:54:20.289 9 INFO neutron.wsgi [-] 10.0.0.151 "GET / HTTP/1.1" status: 200 len: 246 time: 0.0016377
2026-07-21 07:54:20.290 9 INFO neutron.wsgi [-] 10.0.0.151 "GET / HTTP/1.1" status: 200 len: 246 time: 0.0009415
2026-07-21 07:54:20.298 10 WARNING neutron.scheduler.dhcp_agent_scheduler [None req-5e3a3d7f-7811-49fd-8427-dcf9bc862c60 c559b67c8dc14c6e9bb7fa2452ec7a44 3b5df8bf225349b0ab7bd2b1a0d2c1b1 - - default default] No more DHCP agents
2026-07-21 07:54:20.299 10 WARNING neutron.api.rpc.agentnotifiers.dhcp_rpc_agent_api [None req-5e3a3d7f-7811-49fd-8427-dcf9bc862c60 c559b67c8dc14c6e9bb7fa2452ec7a44 3b5df8bf225349b0ab7bd2b1a0d2c1b1 - - default default] Unable to schedule network 47db39bc-46d5-4801-b5b6-94a1985e5f9c: no agents available; will retry on subsequent port and subnet creation events.
2026-07-21 07:54:20.509 9 INFO neutron.db.ovn_revision_numbers_db [None req-4e92c38f-6037-429d-9817-3460903c3fbc - - - - - -] Successfully bumped revision number for resource d52a6b53-30a1-4d02-87ef-3202d3fc7efa (type: ports) to 4
2026-07-21 07:54:20.556 10 INFO neutron.db.ovn_revision_numbers_db [None req-5e3a3d7f-7811-49fd-8427-dcf9bc862c60 c559b67c8dc14c6e9bb7fa2452ec7a44 3b5df8bf225349b0ab7bd2b1a0d2c1b1 - - default default] Successfully bumped revision number for resource a4ff484d-ad9b-4160-b31c-26b490252fd1 (type: ports) to 1
2026-07-21 07:54:20.768 10 INFO neutron.wsgi [None req-df5f704b-58a3-4f7c-9bca-e221f1f49c93 154166114f5f495fb789fc61793e4f78 4a5038b35cf749518fe43bf2ed1b78d9 - - - -] 10.0.0.37 "DELETE /v2.0/ports/c43c0b5a-a5b8-4452-9ddc-88a78022cac8 HTTP/1.1" status: 204 len: 168 time: 0.5742142
2026-07-21 07:54:20.995 9 INFO neutron.db.ovn_revision_numbers_db [None req-4e92c38f-6037-429d-9817-3460903c3fbc - - - - - -] Successfully bumped revision number for resource d52a6b53-30a1-4d02-87ef-3202d3fc7efa (type: router_ports) to 4
2026-07-21 07:54:21.405 10 INFO neutron.wsgi [req-1695d0c6-8558-483c-91bc-b04d276f7658 req-9647224f-ce63-4142-8c5a-0641abe93b37 97992531e8954f8eacb22a552e62dcec f242d1edc77044fdaafa0bdc197ee93f - - default default] 10.0.0.176 "GET /v2.0/ports?device_id=b262033c-dbd3-4a9f-8da1-3b36476fe856 HTTP/1.1" status: 200 len: 210 time: 0.0609913
2026-07-21 07:54:21.449 10 INFO neutron.wsgi [req-19f172d6-f5f7-4405-a83f-027a0b6ccf66 req-54aa3ea7-0b5d-4c9a-906a-346b361e64bb 97992531e8954f8eacb22a552e62dcec f242d1edc77044fdaafa0bdc197ee93f - - default default] 199.19.213.199 "GET /v2.0/networks?id=c272ff6c-5194-4479-8e5f-2a5e21a3d785 HTTP/1.1" status: 200 len: 874 time: 0.1687515
2026-07-21 07:54:21.562 10 INFO neutron.wsgi [req-19f172d6-f5f7-4405-a83f-027a0b6ccf66 req-6fdc5002-c6da-4dae-b7cd-ebfad124f98a 97992531e8954f8eacb22a552e62dcec f242d1edc77044fdaafa0bdc197ee93f - - default default] 199.19.213.199 "GET /v2.0/security-groups?fields=id&fields=name&tenant_id=f242d1edc77044fdaafa0bdc197ee93f HTTP/1.1" status: 200 len: 380 time: 0.0991635
2026-07-21 07:54:21.609 10 INFO neutron.plugins.ml2.drivers.ovn.mech_driver.mech_driver [None req-0a4d5b0c-0275-45c2-92fb-518f62a388a5 - - - - - -] OVN reports status up for port: a4ff484d-ad9b-4160-b31c-26b490252fd1
2026-07-21 07:54:21.651 10 INFO neutron.db.ovn_revision_numbers_db [None req-5e3a3d7f-7811-49fd-8427-dcf9bc862c60 c559b67c8dc14c6e9bb7fa2452ec7a44 3b5df8bf225349b0ab7bd2b1a0d2c1b1 - - default default] Successfully bumped revision number for resource a4ff484d-ad9b-4160-b31c-26b490252fd1 (type: router_ports) to 2
2026-07-21 07:54:21.656 10 INFO neutron.plugins.ml2.plugin [None req-0a4d5b0c-0275-45c2-92fb-518f62a388a5 - - - - - -] Attempt 1 to provision port a4ff484d-ad9b-4160-b31c-26b490252fd1
2026-07-21 07:54:21.850 10 INFO neutron.wsgi [None req-e2f81759-613d-41fe-9d52-5d3dee607efa 154166114f5f495fb789fc61793e4f78 4a5038b35cf749518fe43bf2ed1b78d9 - - - -] 10.0.0.37 "DELETE /v2.0/ports/8e9ebcab-fa84-423b-9a2e-b3ab365d2301 HTTP/1.1" status: 204 len: 168 time: 1.0752463
2026-07-21 07:54:21.945 10 INFO neutron.db.ovn_revision_numbers_db [None req-5e3a3d7f-7811-49fd-8427-dcf9bc862c60 c559b67c8dc14c6e9bb7fa2452ec7a44 3b5df8bf225349b0ab7bd2b1a0d2c1b1 - - default default] Successfully bumped revision number for resource a4ff484d-ad9b-4160-b31c-26b490252fd1 (type: ports) to 2
2026-07-21 07:54:21.969 9 INFO neutron.wsgi [None req-e78e239b-93d4-408d-8af7-23337034caa8 154166114f5f495fb789fc61793e4f78 4a5038b35cf749518fe43bf2ed1b78d9 - - default default] 10.0.0.37 "GET /v2.0/ports?device_id=fd9cee09-087a-4dc5-b132-bcf223f3c920 HTTP/1.1" status: 200 len: 1140 time: 0.1066675
2026-07-21 07:54:22.105 10 WARNING neutron.scheduler.dhcp_agent_scheduler [None req-5e3a3d7f-7811-49fd-8427-dcf9bc862c60 c559b67c8dc14c6e9bb7fa2452ec7a44 3b5df8bf225349b0ab7bd2b1a0d2c1b1 - - default default] No more DHCP agents
2026-07-21 07:54:22.120 10 WARNING neutron.api.rpc.agentnotifiers.dhcp_rpc_agent_api [None req-5e3a3d7f-7811-49fd-8427-dcf9bc862c60 c559b67c8dc14c6e9bb7fa2452ec7a44 3b5df8bf225349b0ab7bd2b1a0d2c1b1 - - default default] Unable to schedule network 47db39bc-46d5-4801-b5b6-94a1985e5f9c: no agents available; will retry on subsequent port and subnet creation events.
2026-07-21 07:54:22.205 10 WARNING neutron.scheduler.dhcp_agent_scheduler [None req-3e4d1e10-6f57-46e5-8ce4-dd0938ac9d34 97992531e8954f8eacb22a552e62dcec f242d1edc77044fdaafa0bdc197ee93f - - - -] No more DHCP agents
2026-07-21 07:54:22.224 10 WARNING neutron.api.rpc.agentnotifiers.dhcp_rpc_agent_api [None req-3e4d1e10-6f57-46e5-8ce4-dd0938ac9d34 97992531e8954f8eacb22a552e62dcec f242d1edc77044fdaafa0bdc197ee93f - - - -] Unable to schedule network c272ff6c-5194-4479-8e5f-2a5e21a3d785: no agents available; will retry on subsequent port and subnet creation events.
2026-07-21 07:54:22.248 10 INFO neutron.db.ovn_revision_numbers_db [None req-0a4d5b0c-0275-45c2-92fb-518f62a388a5 - - - - - -] Successfully bumped revision number for resource a4ff484d-ad9b-4160-b31c-26b490252fd1 (type: ports) to 3
2026-07-21 07:54:22.405 9 INFO neutron.db.ovn_revision_numbers_db [None req-c58b2bb3-ede9-48aa-9c80-05549305b64b 39546007ce39487ea9c205c1e6ffd056 69551455491346fdab9712863d36b7f5 - - - -] Successfully bumped revision number for resource 3f927d3d-f08a-4067-9db0-1589678d305c (type: security_groups) to 1
2026-07-21 07:54:22.474 10 INFO neutron.db.ovn_revision_numbers_db [None req-0a4d5b0c-0275-45c2-92fb-518f62a388a5 - - - - - -] Successfully bumped revision number for resource a4ff484d-ad9b-4160-b31c-26b490252fd1 (type: router_ports) to 3
2026-07-21 07:54:22.481 9 INFO neutron.db.segments_db [None req-c58b2bb3-ede9-48aa-9c80-05549305b64b 39546007ce39487ea9c205c1e6ffd056 69551455491346fdab9712863d36b7f5 - - - -] Added segment 8fd95ecd-8785-46fc-90aa-3077dd01e345 of type geneve for network 27a8a420-303e-4434-b7eb-26d1c33aaf52
2026-07-21 07:54:22.498 10 INFO neutron.db.ovn_revision_numbers_db [None req-3e4d1e10-6f57-46e5-8ce4-dd0938ac9d34 97992531e8954f8eacb22a552e62dcec f242d1edc77044fdaafa0bdc197ee93f - - - -] Successfully bumped revision number for resource 9e0eb7b3-facc-4387-bd61-5d9f9834508a (type: ports) to 1 /var/lib/openstack/lib/python3.10/site-packages/pycadf/identifier.py:71: UserWarning: Invalid uuid: neutron. To ensure interoperability, identifiers should be a valid uuid. warnings.warn(('Invalid uuid: %s. To ensure interoperability, '
2026-07-21 07:54:22.574 10 INFO neutron.wsgi [None req-3e4d1e10-6f57-46e5-8ce4-dd0938ac9d34 97992531e8954f8eacb22a552e62dcec f242d1edc77044fdaafa0bdc197ee93f - - - -] 199.19.213.199 "POST /v2.0/ports HTTP/1.1" status: 201 len: 1158 time: 1.0054078
2026-07-21 07:54:22.581 10 INFO neutron.wsgi [req-e0047dbb-cae2-4543-8629-9c7099f05b6b req-ecf34c5c-c254-4dfa-92c5-19efd6bfce34 97992531e8954f8eacb22a552e62dcec f242d1edc77044fdaafa0bdc197ee93f - - default default] 10.0.0.176 "GET /v2.0/ports?device_id=b262033c-dbd3-4a9f-8da1-3b36476fe856 HTTP/1.1" status: 200 len: 1156 time: 0.0746644
2026-07-21 07:54:22.636 9 INFO neutron.db.segments_db [None req-c58b2bb3-ede9-48aa-9c80-05549305b64b 39546007ce39487ea9c205c1e6ffd056 69551455491346fdab9712863d36b7f5 - - - -] Added segment 3f7dfb10-01d2-4509-89ae-e4bac48cbf9b of type geneve for network 77af873b-d68e-4ddd-a8dc-28c79aa53cc9
2026-07-21 07:54:22.686 10 INFO neutron.wsgi [req-e0047dbb-cae2-4543-8629-9c7099f05b6b req-5c2f3daf-a0fc-4ae0-8032-e2054c50182f 97992531e8954f8eacb22a552e62dcec f242d1edc77044fdaafa0bdc197ee93f - - default default] 10.0.0.176 "GET /v2.0/security-groups?id=0eb62145-f4bb-4eaf-9898-b9d7d7258495&fields=id&fields=name HTTP/1.1" status: 200 len: 313 time: 0.0844996
2026-07-21 07:54:22.804 9 INFO neutron.db.ovn_revision_numbers_db [None req-c58b2bb3-ede9-48aa-9c80-05549305b64b 39546007ce39487ea9c205c1e6ffd056 69551455491346fdab9712863d36b7f5 - - - -] Successfully bumped revision number for resource 27a8a420-303e-4434-b7eb-26d1c33aaf52 (type: networks) to 1
2026-07-21 07:54:22.981 9 WARNING neutron.plugins.ml2.drivers.ovn.mech_driver.ovsdb.ovn_client [None req-1096d1bb-1619-4472-9536-ac3a88dc9fbc - - - - - -] No hosting information found for port 420ee15a-f59f-4df0-943e-c8b7ecb9b395: RuntimeError: No hosting information found for port 420ee15a-f59f-4df0-943e-c8b7ecb9b395
2026-07-21 07:54:23.115 9 INFO neutron.plugins.ml2.drivers.ovn.mech_driver.mech_driver [None req-1096d1bb-1619-4472-9536-ac3a88dc9fbc - - - - - -] OVN reports status up for port: d52a6b53-30a1-4d02-87ef-3202d3fc7efa
2026-07-21 07:54:23.146 9 INFO neutron.plugins.ml2.plugin [None req-1096d1bb-1619-4472-9536-ac3a88dc9fbc - - - - - -] Attempt 1 to provision port d52a6b53-30a1-4d02-87ef-3202d3fc7efa
2026-07-21 07:54:23.291 9 WARNING neutron.scheduler.dhcp_agent_scheduler [None req-c58b2bb3-ede9-48aa-9c80-05549305b64b 39546007ce39487ea9c205c1e6ffd056 69551455491346fdab9712863d36b7f5 - - - -] No more DHCP agents
2026-07-21 07:54:23.293 9 WARNING neutron.api.rpc.agentnotifiers.dhcp_rpc_agent_api [None req-c58b2bb3-ede9-48aa-9c80-05549305b64b 39546007ce39487ea9c205c1e6ffd056 69551455491346fdab9712863d36b7f5 - - - -] Unable to schedule network 27a8a420-303e-4434-b7eb-26d1c33aaf52: no agents available; will retry on subsequent port and subnet creation events.
2026-07-21 07:54:23.421 10 INFO neutron.db.ovn_revision_numbers_db [None req-5e3a3d7f-7811-49fd-8427-dcf9bc862c60 c559b67c8dc14c6e9bb7fa2452ec7a44 3b5df8bf225349b0ab7bd2b1a0d2c1b1 - - - -] Successfully bumped revision number for resource a4ff484d-ad9b-4160-b31c-26b490252fd1 (type: router_ports) to 3
2026-07-21 07:54:23.424 10 INFO neutron.wsgi [None req-5e3a3d7f-7811-49fd-8427-dcf9bc862c60 c559b67c8dc14c6e9bb7fa2452ec7a44 3b5df8bf225349b0ab7bd2b1a0d2c1b1 - - - -] 10.0.0.37 "PUT /v2.0/routers/282a9c96-c4c6-46e2-b7b2-f555cfedae6d/add_router_interface HTTP/1.1" status: 200 len: 503 time: 4.0461884
2026-07-21 07:54:23.449 10 INFO neutron.db.ovn_revision_numbers_db [None req-52e36d0e-1de1-459c-9581-5c4ed1270cb1 1b6a6b17dc714991a943390189061cea 9796ff7890114c13968851e69adf92a0 - - - -] Successfully bumped revision number for resource 9e0eb7b3-facc-4387-bd61-5d9f9834508a (type: ports) to 2
2026-07-21 07:54:23.467 9 INFO neutron.db.ovn_revision_numbers_db [None req-c58b2bb3-ede9-48aa-9c80-05549305b64b 39546007ce39487ea9c205c1e6ffd056 69551455491346fdab9712863d36b7f5 - - - -] Successfully bumped revision number for resource 912a5ac2-f5da-4265-b99d-9772c138632e (type: ports) to 1
2026-07-21 07:54:23.482 9 INFO neutron.wsgi [None req-ea786bcf-ef94-4d6d-9a68-e8fc3274c576 154166114f5f495fb789fc61793e4f78 4a5038b35cf749518fe43bf2ed1b78d9 - - - -] 10.0.0.37 "PUT /v2.0/routers/fd9cee09-087a-4dc5-b132-bcf223f3c920/remove_router_interface HTTP/1.1" status: 200 len: 503 time: 1.5075963 /var/lib/openstack/lib/python3.10/site-packages/pycadf/identifier.py:71: UserWarning: Invalid uuid: neutron. To ensure interoperability, identifiers should be a valid uuid. warnings.warn(('Invalid uuid: %s. To ensure interoperability, '
2026-07-21 07:54:23.533 9 INFO neutron.db.ovn_revision_numbers_db [None req-c58b2bb3-ede9-48aa-9c80-05549305b64b 39546007ce39487ea9c205c1e6ffd056 69551455491346fdab9712863d36b7f5 - - - -] Successfully bumped revision number for resource 77af873b-d68e-4ddd-a8dc-28c79aa53cc9 (type: networks) to 1
2026-07-21 07:54:23.766 10 INFO neutron.db.ovn_revision_numbers_db [None req-52e36d0e-1de1-459c-9581-5c4ed1270cb1 1b6a6b17dc714991a943390189061cea 9796ff7890114c13968851e69adf92a0 - - - -] Successfully bumped revision number for resource 9e0eb7b3-facc-4387-bd61-5d9f9834508a (type: ports) to 2 /var/lib/openstack/lib/python3.10/site-packages/pycadf/identifier.py:71: UserWarning: Invalid uuid: neutron. To ensure interoperability, identifiers should be a valid uuid. warnings.warn(('Invalid uuid: %s. To ensure interoperability, '
2026-07-21 07:54:23.820 10 INFO neutron.wsgi [req-5dc10073-f428-4e7c-84da-f6c7e5b73b8d req-e1f8d98c-fc99-4e31-894c-88f67254b1af 97992531e8954f8eacb22a552e62dcec f242d1edc77044fdaafa0bdc197ee93f - - default default] 10.0.0.176 "GET /v2.0/ports?device_id=b262033c-dbd3-4a9f-8da1-3b36476fe856 HTTP/1.1" status: 200 len: 1168 time: 0.0481699
2026-07-21 07:54:23.823 10 INFO neutron.wsgi [None req-52e36d0e-1de1-459c-9581-5c4ed1270cb1 1b6a6b17dc714991a943390189061cea 9796ff7890114c13968851e69adf92a0 - - - -] 199.19.213.199 "PUT /v2.0/ports/9e0eb7b3-facc-4387-bd61-5d9f9834508a HTTP/1.1" status: 200 len: 1328 time: 1.2390513
2026-07-21 07:54:23.860 10 INFO neutron.notifiers.nova [-] Nova event matching ['req-ec5b99b6-7482-4516-afe8-c7b41db5cf20'] response: {'name': 'network-changed', 'server_uuid': 'b262033c-dbd3-4a9f-8da1-3b36476fe856', 'tag': '9e0eb7b3-facc-4387-bd61-5d9f9834508a', 'status': 'completed', 'code': 200}
2026-07-21 07:54:23.882 10 INFO neutron.wsgi [req-5dc10073-f428-4e7c-84da-f6c7e5b73b8d req-341144cb-6a2a-4732-9f39-bdae7f7ff341 97992531e8954f8eacb22a552e62dcec f242d1edc77044fdaafa0bdc197ee93f - - default default] 10.0.0.176 "GET /v2.0/security-groups?id=0eb62145-f4bb-4eaf-9898-b9d7d7258495&fields=id&fields=name HTTP/1.1" status: 200 len: 313 time: 0.0503380
2026-07-21 07:54:23.912 10 INFO neutron.wsgi [req-19f172d6-f5f7-4405-a83f-027a0b6ccf66 req-de1b7beb-bfe1-4313-9d84-c3f30a756e5e 1b6a6b17dc714991a943390189061cea 9796ff7890114c13968851e69adf92a0 - - f75cd953ec1d47d48337cd8ec909d548 f75cd953ec1d47d48337cd8ec909d548] 199.19.213.199 "GET /v2.0/ports?tenant_id=f242d1edc77044fdaafa0bdc197ee93f&device_id=b262033c-dbd3-4a9f-8da1-3b36476fe856 HTTP/1.1" status: 200 len: 1359 time: 0.0410216
2026-07-21 07:54:23.954 10 INFO neutron.wsgi [req-19f172d6-f5f7-4405-a83f-027a0b6ccf66 req-aa45a31a-af75-4bd9-a4b6-3c0b7f2ef5d3 1b6a6b17dc714991a943390189061cea 9796ff7890114c13968851e69adf92a0 - - f75cd953ec1d47d48337cd8ec909d548 f75cd953ec1d47d48337cd8ec909d548] 199.19.213.199 "GET /v2.0/floatingips?fixed_ip_address=10.100.0.5&port_id=9e0eb7b3-facc-4387-bd61-5d9f9834508a HTTP/1.1" status: 200 len: 217 time: 0.0359123
2026-07-21 07:54:24.027 10 INFO neutron.wsgi [req-19f172d6-f5f7-4405-a83f-027a0b6ccf66 req-7b96eff2-cbad-41c3-95ba-05305c44765a 1b6a6b17dc714991a943390189061cea 9796ff7890114c13968851e69adf92a0 - - f75cd953ec1d47d48337cd8ec909d548 f75cd953ec1d47d48337cd8ec909d548] 199.19.213.199 "GET /v2.0/subnets?id=cd304f06-5c90-409d-bc0c-e28b80f0941b HTTP/1.1" status: 200 len: 868 time: 0.0626700
2026-07-21 07:54:24.065 10 INFO neutron.wsgi [req-19f172d6-f5f7-4405-a83f-027a0b6ccf66 req-324aa1bb-0c94-4e77-be08-46d30bb9900f 1b6a6b17dc714991a943390189061cea 9796ff7890114c13968851e69adf92a0 - - f75cd953ec1d47d48337cd8ec909d548 f75cd953ec1d47d48337cd8ec909d548] 199.19.213.199 "GET /v2.0/ports?network_id=c272ff6c-5194-4479-8e5f-2a5e21a3d785&device_owner=network%3Adhcp HTTP/1.1" status: 200 len: 210 time: 0.0199852
2026-07-21 07:54:24.089 9 WARNING neutron.scheduler.dhcp_agent_scheduler [None req-c58b2bb3-ede9-48aa-9c80-05549305b64b 39546007ce39487ea9c205c1e6ffd056 69551455491346fdab9712863d36b7f5 - - - -] No more DHCP agents
2026-07-21 07:54:24.091 9 WARNING neutron.api.rpc.agentnotifiers.dhcp_rpc_agent_api [None req-c58b2bb3-ede9-48aa-9c80-05549305b64b 39546007ce39487ea9c205c1e6ffd056 69551455491346fdab9712863d36b7f5 - - - -] Unable to schedule network 77af873b-d68e-4ddd-a8dc-28c79aa53cc9: no agents available; will retry on subsequent port and subnet creation events.
2026-07-21 07:54:24.143 10 INFO neutron.wsgi [req-19f172d6-f5f7-4405-a83f-027a0b6ccf66 req-f08138ae-e588-4ef0-97b5-11c4d111efcf 1b6a6b17dc714991a943390189061cea 9796ff7890114c13968851e69adf92a0 - - f75cd953ec1d47d48337cd8ec909d548 f75cd953ec1d47d48337cd8ec909d548] 199.19.213.199 "GET /v2.0/networks/c272ff6c-5194-4479-8e5f-2a5e21a3d785?fields=segments HTTP/1.1" status: 200 len: 212 time: 0.0708315
2026-07-21 07:54:24.157 9 INFO neutron.db.ovn_revision_numbers_db [None req-c58b2bb3-ede9-48aa-9c80-05549305b64b 39546007ce39487ea9c205c1e6ffd056 69551455491346fdab9712863d36b7f5 - - - -] Successfully bumped revision number for resource fe389463-f88a-405a-9792-b5870d5d9c69 (type: ports) to 1
2026-07-21 07:54:24.181 9 INFO neutron.wsgi [None req-c58b2bb3-ede9-48aa-9c80-05549305b64b 39546007ce39487ea9c205c1e6ffd056 69551455491346fdab9712863d36b7f5 - - - -] 10.0.0.37 "POST /v2.0/networks HTTP/1.1" status: 201 len: 1445 time: 2.2057261 /var/lib/openstack/lib/python3.10/site-packages/pycadf/identifier.py:71: UserWarning: Invalid uuid: neutron. To ensure interoperability, identifiers should be a valid uuid. warnings.warn(('Invalid uuid: %s. To ensure interoperability, '
2026-07-21 07:54:24.250 10 INFO neutron.wsgi [req-19f172d6-f5f7-4405-a83f-027a0b6ccf66 req-e5f4e5ef-99e3-4ec7-910f-eb12092a846a 1b6a6b17dc714991a943390189061cea 9796ff7890114c13968851e69adf92a0 - - f75cd953ec1d47d48337cd8ec909d548 f75cd953ec1d47d48337cd8ec909d548] 199.19.213.199 "GET /v2.0/networks/c272ff6c-5194-4479-8e5f-2a5e21a3d785?fields=provider%3Aphysical_network&fields=provider%3Anetwork_type HTTP/1.1" status: 200 len: 277 time: 0.0989799
2026-07-21 07:54:24.302 9 INFO neutron.wsgi [None req-5b49ad4b-f75f-48a7-b2cb-21c389df7c4f 39546007ce39487ea9c205c1e6ffd056 69551455491346fdab9712863d36b7f5 - - default default] 10.0.0.37 "GET /v2.0/networks HTTP/1.1" status: 200 len: 2051 time: 0.1150582
2026-07-21 07:54:24.371 10 INFO neutron.wsgi [req-1e3dcb26-119c-4345-a35e-433f7905c0f2 req-19eaeb0a-9882-4061-8196-ed5fa8c0bac4 1b6a6b17dc714991a943390189061cea 9796ff7890114c13968851e69adf92a0 - - f75cd953ec1d47d48337cd8ec909d548 f75cd953ec1d47d48337cd8ec909d548] 199.19.213.199 "GET /v2.0/ports?tenant_id=f242d1edc77044fdaafa0bdc197ee93f&device_id=b262033c-dbd3-4a9f-8da1-3b36476fe856 HTTP/1.1" status: 200 len: 1359 time: 0.0730758
2026-07-21 07:54:24.491 10 INFO neutron.wsgi [req-32edcf79-4a33-45e5-9460-b62cb250bbf0 req-1fed54b1-c2d4-4f1a-85ce-cc9d623abf78 1d74486b64fb4c3babbd2979ed0fc07c 0d0b93d28ba445a6bf0ba2786865a82d - - default default] 10.0.0.176 "GET /v2.0/networks?id=47db39bc-46d5-4801-b5b6-94a1985e5f9c HTTP/1.1" status: 200 len: 877 time: 0.1694498
2026-07-21 07:54:24.526 10 INFO neutron.wsgi [req-32edcf79-4a33-45e5-9460-b62cb250bbf0 req-3857275d-1a27-4b94-9741-46f4f397b463 1d74486b64fb4c3babbd2979ed0fc07c 0d0b93d28ba445a6bf0ba2786865a82d - - default default] 10.0.0.176 "GET /v2.0/quotas/0d0b93d28ba445a6bf0ba2786865a82d HTTP/1.1" status: 200 len: 386 time: 0.0291231
2026-07-21 07:54:24.530 10 INFO neutron.wsgi [req-1e3dcb26-119c-4345-a35e-433f7905c0f2 req-b85f98ef-137f-4d6c-b30c-0de2c6336439 1b6a6b17dc714991a943390189061cea 9796ff7890114c13968851e69adf92a0 - - f75cd953ec1d47d48337cd8ec909d548 f75cd953ec1d47d48337cd8ec909d548] 199.19.213.199 "GET /v2.0/networks?id=c272ff6c-5194-4479-8e5f-2a5e21a3d785 HTTP/1.1" status: 200 len: 973 time: 0.1421950
2026-07-21 07:54:24.532 10 INFO neutron.wsgi [None req-53c4f616-71fc-4b5b-a1a8-5ab40f268346 154166114f5f495fb789fc61793e4f78 4a5038b35cf749518fe43bf2ed1b78d9 - - - -] 10.0.0.37 "DELETE /v2.0/routers/fd9cee09-087a-4dc5-b132-bcf223f3c920 HTTP/1.1" status: 204 len: 168 time: 1.0425041
2026-07-21 07:54:24.619 10 INFO neutron.wsgi [req-1e3dcb26-119c-4345-a35e-433f7905c0f2 req-41d13219-6dc7-4f96-9d56-21e351c0dff8 1b6a6b17dc714991a943390189061cea 9796ff7890114c13968851e69adf92a0 - - f75cd953ec1d47d48337cd8ec909d548 f75cd953ec1d47d48337cd8ec909d548] 199.19.213.199 "GET /v2.0/floatingips?fixed_ip_address=10.100.0.5&port_id=9e0eb7b3-facc-4387-bd61-5d9f9834508a HTTP/1.1" status: 200 len: 217 time: 0.0741227
2026-07-21 07:54:24.816 9 INFO neutron.services.segments.plugin [-] Segment 8fd95ecd-8785-46fc-90aa-3077dd01e345 resource provider aggregate not found
2026-07-21 07:54:24.822 9 INFO neutron.services.segments.plugin [-] Segment 8fd95ecd-8785-46fc-90aa-3077dd01e345 resource provider aggregate not found
2026-07-21 07:54:24.844 9 INFO neutron.services.segments.plugin [-] Segment 8fd95ecd-8785-46fc-90aa-3077dd01e345 resource provider not found; error: Placement Client Error (4xx): {"errors": [{"status": 404, "title": "Not Found", "detail": "The resource could not be found.\n\n No resource provider with uuid 8fd95ecd-8785-46fc-90aa-3077dd01e345 found for delete ", "request_id": "req-aacd0780-587e-4987-afb4-fac07fb340ef"}]}
2026-07-21 07:54:24.854 9 INFO neutron.services.segments.plugin [-] Segment 8fd95ecd-8785-46fc-90aa-3077dd01e345 resource provider not found; error: Placement Client Error (4xx): {"errors": [{"status": 404, "title": "Not Found", "detail": "The resource could not be found.\n\n No resource provider with uuid 8fd95ecd-8785-46fc-90aa-3077dd01e345 found for delete ", "request_id": "req-7f12ddf5-ac65-4b59-a4a5-244b0f779fe4"}]}
2026-07-21 07:54:24.878 9 INFO neutron.wsgi [None req-f32c44f9-7054-4c28-bfb0-4a2bb737a82b 39546007ce39487ea9c205c1e6ffd056 69551455491346fdab9712863d36b7f5 - - - -] 10.0.0.37 "DELETE /v2.0/networks/27a8a420-303e-4434-b7eb-26d1c33aaf52 HTTP/1.1" status: 204 len: 168 time: 0.5706778
2026-07-21 07:54:25.022 10 INFO neutron.wsgi [req-1e3dcb26-119c-4345-a35e-433f7905c0f2 req-c064897d-7771-49c4-8533-0e4d11f1aaee 1b6a6b17dc714991a943390189061cea 9796ff7890114c13968851e69adf92a0 - - f75cd953ec1d47d48337cd8ec909d548 f75cd953ec1d47d48337cd8ec909d548] 199.19.213.199 "GET /v2.0/subnets?id=cd304f06-5c90-409d-bc0c-e28b80f0941b HTTP/1.1" status: 200 len: 868 time: 0.3942802
2026-07-21 07:54:25.073 10 INFO neutron.wsgi [req-1e3dcb26-119c-4345-a35e-433f7905c0f2 req-b12f3a67-ed72-4c64-8659-39b1d9297555 1b6a6b17dc714991a943390189061cea 9796ff7890114c13968851e69adf92a0 - - f75cd953ec1d47d48337cd8ec909d548 f75cd953ec1d47d48337cd8ec909d548] 199.19.213.199 "GET /v2.0/ports?network_id=c272ff6c-5194-4479-8e5f-2a5e21a3d785&device_owner=network%3Adhcp HTTP/1.1" status: 200 len: 210 time: 0.0419307
2026-07-21 07:54:25.079 10 INFO neutron.wsgi [req-32edcf79-4a33-45e5-9460-b62cb250bbf0 req-511d8242-25cf-4309-9213-687ad46ef8a2 1d74486b64fb4c3babbd2979ed0fc07c 0d0b93d28ba445a6bf0ba2786865a82d - - default default] 10.0.0.176 "GET /v2.0/ports?tenant_id=0d0b93d28ba445a6bf0ba2786865a82d&fields=id HTTP/1.1" status: 200 len: 302 time: 0.5456491
2026-07-21 07:54:25.225 10 INFO neutron.wsgi [req-f72deb81-1932-4b6a-a366-8db491a25fe6 req-fd826839-f31f-4fb7-9ec2-62b1d17503f2 97992531e8954f8eacb22a552e62dcec f242d1edc77044fdaafa0bdc197ee93f - - default default] 10.0.0.176 "GET /v2.0/ports?device_id=b262033c-dbd3-4a9f-8da1-3b36476fe856 HTTP/1.1" status: 200 len: 1168 time: 0.2285924
2026-07-21 07:54:25.226 10 INFO neutron.wsgi [req-32edcf79-4a33-45e5-9460-b62cb250bbf0 req-39761543-f28d-4fae-b066-466fedaec4b4 1b6a6b17dc714991a943390189061cea 9796ff7890114c13968851e69adf92a0 - - f75cd953ec1d47d48337cd8ec909d548 f75cd953ec1d47d48337cd8ec909d548] 10.0.0.176 "GET /v2.0/networks/47db39bc-46d5-4801-b5b6-94a1985e5f9c?fields=segments HTTP/1.1" status: 200 len: 212 time: 0.1301434
2026-07-21 07:54:25.228 10 INFO neutron.wsgi [req-1e3dcb26-119c-4345-a35e-433f7905c0f2 req-dc1593f7-939e-40ab-b81e-d18272e66996 1b6a6b17dc714991a943390189061cea 9796ff7890114c13968851e69adf92a0 - - f75cd953ec1d47d48337cd8ec909d548 f75cd953ec1d47d48337cd8ec909d548] 199.19.213.199 "GET /v2.0/networks/c272ff6c-5194-4479-8e5f-2a5e21a3d785?fields=segments HTTP/1.1" status: 200 len: 212 time: 0.1457787
2026-07-21 07:54:25.260 9 INFO neutron.wsgi [None req-3de4bf65-62c6-4a09-9246-66c7d3a012ff 39546007ce39487ea9c205c1e6ffd056 69551455491346fdab9712863d36b7f5 - - - -] 10.0.0.37 "DELETE /v2.0/networks/77af873b-d68e-4ddd-a8dc-28c79aa53cc9 HTTP/1.1" status: 204 len: 168 time: 0.3742115
2026-07-21 07:54:25.293 10 INFO neutron.wsgi [None req-f15d13d0-eed3-42af-ae82-242dedc74287 154166114f5f495fb789fc61793e4f78 4a5038b35cf749518fe43bf2ed1b78d9 - - - -] 10.0.0.37 "DELETE /v2.0/subnets/20049efc-4690-44b4-95ab-37d2775e09b4 HTTP/1.1" status: 204 len: 168 time: 0.7489941
2026-07-21 07:54:25.337 10 INFO neutron.wsgi [req-f72deb81-1932-4b6a-a366-8db491a25fe6 req-59a382ca-1954-4b6a-8ec0-076f9370681c 97992531e8954f8eacb22a552e62dcec f242d1edc77044fdaafa0bdc197ee93f - - default default] 10.0.0.176 "GET /v2.0/security-groups?id=0eb62145-f4bb-4eaf-9898-b9d7d7258495&fields=id&fields=name HTTP/1.1" status: 200 len: 313 time: 0.1033022
2026-07-21 07:54:25.354 10 INFO neutron.wsgi [req-32edcf79-4a33-45e5-9460-b62cb250bbf0 req-87673584-b5a8-47ab-b747-9e5bafc31c95 1b6a6b17dc714991a943390189061cea 9796ff7890114c13968851e69adf92a0 - - f75cd953ec1d47d48337cd8ec909d548 f75cd953ec1d47d48337cd8ec909d548] 10.0.0.176 "GET /v2.0/networks/47db39bc-46d5-4801-b5b6-94a1985e5f9c?fields=provider%3Aphysical_network&fields=provider%3Anetwork_type HTTP/1.1" status: 200 len: 277 time: 0.1177537
2026-07-21 07:54:25.355 10 INFO neutron.wsgi [req-1e3dcb26-119c-4345-a35e-433f7905c0f2 req-4fb23bf2-cde0-4599-b6f9-4180a1ce625c 1b6a6b17dc714991a943390189061cea 9796ff7890114c13968851e69adf92a0 - - f75cd953ec1d47d48337cd8ec909d548 f75cd953ec1d47d48337cd8ec909d548] 199.19.213.199 "GET /v2.0/networks/c272ff6c-5194-4479-8e5f-2a5e21a3d785?fields=provider%3Aphysical_network&fields=provider%3Anetwork_type HTTP/1.1" status: 200 len: 277 time: 0.1188610
2026-07-21 07:54:25.368 9 INFO neutron.wsgi [None req-fcd01fd4-9d08-4ba9-8789-2eb0bd7e971e 39546007ce39487ea9c205c1e6ffd056 69551455491346fdab9712863d36b7f5 - - default default] 10.0.0.37 "GET /v2.0/networks HTTP/1.1" status: 200 len: 845 time: 0.1007330
2026-07-21 07:54:25.470 10 INFO neutron.db.segments_db [None req-91a1db91-c913-4120-80c8-812bad0901ea 39546007ce39487ea9c205c1e6ffd056 69551455491346fdab9712863d36b7f5 - - - -] Added segment c93418de-4f7b-418b-b49f-8b7e38a66d29 of type geneve for network aa9fde27-946d-4660-b43e-049c29f98f4b
2026-07-21 07:54:25.523 10 INFO neutron.wsgi [req-9fe2c090-e53e-4169-8289-1d8c2a47311a req-52ed4454-3965-42eb-9d5c-5cff87283991 1d74486b64fb4c3babbd2979ed0fc07c 0d0b93d28ba445a6bf0ba2786865a82d - - default default] 10.0.0.176 "GET /v2.0/ports?device_id=b28a54fb-9cbc-4d99-bcf2-a53bd9b163ea HTTP/1.1" status: 200 len: 210 time: 0.0328107
2026-07-21 07:54:25.681 10 INFO neutron.db.ovn_revision_numbers_db [None req-91a1db91-c913-4120-80c8-812bad0901ea 39546007ce39487ea9c205c1e6ffd056 69551455491346fdab9712863d36b7f5 - - - -] Successfully bumped revision number for resource aa9fde27-946d-4660-b43e-049c29f98f4b (type: networks) to 1
2026-07-21 07:54:25.776 9 INFO neutron.wsgi [None req-1c6bcb1a-e3f4-477b-8574-dc0c1774dd48 154166114f5f495fb789fc61793e4f78 4a5038b35cf749518fe43bf2ed1b78d9 - - - -] 10.0.0.37 "DELETE /v2.0/networks/c457e1ce-2b99-4250-9c48-54ed8632c733 HTTP/1.1" status: 204 len: 168 time: 0.4756384
2026-07-21 07:54:25.863 10 WARNING neutron.scheduler.dhcp_agent_scheduler [None req-91a1db91-c913-4120-80c8-812bad0901ea 39546007ce39487ea9c205c1e6ffd056 69551455491346fdab9712863d36b7f5 - - - -] No more DHCP agents
2026-07-21 07:54:25.866 10 WARNING neutron.api.rpc.agentnotifiers.dhcp_rpc_agent_api [None req-91a1db91-c913-4120-80c8-812bad0901ea 39546007ce39487ea9c205c1e6ffd056 69551455491346fdab9712863d36b7f5 - - - -] Unable to schedule network aa9fde27-946d-4660-b43e-049c29f98f4b: no agents available; will retry on subsequent port and subnet creation events.
2026-07-21 07:54:25.943 10 INFO neutron.db.ovn_revision_numbers_db [None req-91a1db91-c913-4120-80c8-812bad0901ea 39546007ce39487ea9c205c1e6ffd056 69551455491346fdab9712863d36b7f5 - - - -] Successfully bumped revision number for resource 2ee8aa4d-3501-4613-a2b2-a8f5299db0eb (type: ports) to 1
2026-07-21 07:54:25.964 10 INFO neutron.wsgi [None req-91a1db91-c913-4120-80c8-812bad0901ea 39546007ce39487ea9c205c1e6ffd056 69551455491346fdab9712863d36b7f5 - - - -] 10.0.0.37 "POST /v2.0/networks HTTP/1.1" status: 201 len: 849 time: 0.5897102
2026-07-21 07:54:26.053 10 INFO neutron.db.segments_db [None req-47bc9b90-1b40-4ff2-9cf3-65d79ebbc985 39546007ce39487ea9c205c1e6ffd056 69551455491346fdab9712863d36b7f5 - - - -] Added segment 46867539-1483-4a67-9ecc-bd26b5617328 of type geneve for network cd7b6948-4e8d-4160-b1e6-4460ec558385
2026-07-21 07:54:26.177 10 INFO neutron.db.ovn_revision_numbers_db [None req-47bc9b90-1b40-4ff2-9cf3-65d79ebbc985 39546007ce39487ea9c205c1e6ffd056 69551455491346fdab9712863d36b7f5 - - - -] Successfully bumped revision number for resource cd7b6948-4e8d-4160-b1e6-4460ec558385 (type: networks) to 1
2026-07-21 07:54:26.298 10 INFO neutron.wsgi [req-32edcf79-4a33-45e5-9460-b62cb250bbf0 req-07b24b8f-f0e3-4483-9b36-e8854f693573 1d74486b64fb4c3babbd2979ed0fc07c 0d0b93d28ba445a6bf0ba2786865a82d - - default default] 199.19.213.199 "GET /v2.0/networks?id=47db39bc-46d5-4801-b5b6-94a1985e5f9c HTTP/1.1" status: 200 len: 877 time: 0.0872049
2026-07-21 07:54:26.432 10 WARNING neutron.scheduler.dhcp_agent_scheduler [None req-47bc9b90-1b40-4ff2-9cf3-65d79ebbc985 39546007ce39487ea9c205c1e6ffd056 69551455491346fdab9712863d36b7f5 - - - -] No more DHCP agents
2026-07-21 07:54:26.440 10 WARNING neutron.api.rpc.agentnotifiers.dhcp_rpc_agent_api [None req-47bc9b90-1b40-4ff2-9cf3-65d79ebbc985 39546007ce39487ea9c205c1e6ffd056 69551455491346fdab9712863d36b7f5 - - - -] Unable to schedule network cd7b6948-4e8d-4160-b1e6-4460ec558385: no agents available; will retry on subsequent port and subnet creation events.
2026-07-21 07:54:26.460 10 INFO neutron.wsgi [req-86080840-23e7-47db-a3e8-399ea99d3b45 req-9c4f8a7f-0746-4b16-a435-b9ed7cb3b221 97992531e8954f8eacb22a552e62dcec f242d1edc77044fdaafa0bdc197ee93f - - default default] 10.0.0.176 "GET /v2.0/ports?device_id=b262033c-dbd3-4a9f-8da1-3b36476fe856 HTTP/1.1" status: 200 len: 1168 time: 0.0559750
2026-07-21 07:54:26.472 9 INFO neutron.wsgi [None req-4eed9b05-8c7e-4631-b17f-f176cef1c3ea c559b67c8dc14c6e9bb7fa2452ec7a44 3b5df8bf225349b0ab7bd2b1a0d2c1b1 - - default default] 10.0.0.37 "GET /v2.0/security-groups?tenant_id=4a5038b35cf749518fe43bf2ed1b78d9&name=default HTTP/1.1" status: 200 len: 2996 time: 0.1430089
2026-07-21 07:54:26.566 10 INFO neutron.wsgi [req-86080840-23e7-47db-a3e8-399ea99d3b45 req-064ceed5-db1a-4dbb-9a53-efb7de3eebda 97992531e8954f8eacb22a552e62dcec f242d1edc77044fdaafa0bdc197ee93f - - default default] 10.0.0.176 "GET /v2.0/security-groups?id=0eb62145-f4bb-4eaf-9898-b9d7d7258495&fields=id&fields=name HTTP/1.1" status: 200 len: 313 time: 0.0941582
2026-07-21 07:54:26.587 10 INFO neutron.db.ovn_revision_numbers_db [None req-47bc9b90-1b40-4ff2-9cf3-65d79ebbc985 39546007ce39487ea9c205c1e6ffd056 69551455491346fdab9712863d36b7f5 - - - -] Successfully bumped revision number for resource 3ca4e3f2-69e5-4fa3-8cc5-69b40971b1d8 (type: ports) to 1
2026-07-21 07:54:26.641 10 INFO neutron.wsgi [req-76164661-3c0b-4b22-8ec9-ab526e369247 req-05bf3b10-cbbc-4be8-b949-67b8fb099cd9 1d74486b64fb4c3babbd2979ed0fc07c 0d0b93d28ba445a6bf0ba2786865a82d - - default default] 10.0.0.176 "GET /v2.0/ports?device_id=b28a54fb-9cbc-4d99-bcf2-a53bd9b163ea HTTP/1.1" status: 200 len: 210 time: 0.0282571
2026-07-21 07:54:26.645 10 INFO neutron.wsgi [None req-47bc9b90-1b40-4ff2-9cf3-65d79ebbc985 39546007ce39487ea9c205c1e6ffd056 69551455491346fdab9712863d36b7f5 - - - -] 10.0.0.37 "POST /v2.0/networks HTTP/1.1" status: 201 len: 848 time: 0.6752868
2026-07-21 07:54:26.751 9 INFO neutron.wsgi [None req-d985b94a-fc2e-45ab-82e8-4eb6762f5e52 c559b67c8dc14c6e9bb7fa2452ec7a44 3b5df8bf225349b0ab7bd2b1a0d2c1b1 - - - -] 10.0.0.37 "DELETE /v2.0/security-groups/5a678c20-004c-4d54-b0ca-cbca9420e1c6 HTTP/1.1" status: 204 len: 168 time: 0.2739944
2026-07-21 07:54:26.834 10 WARNING neutron.scheduler.dhcp_agent_scheduler [None req-ff331512-36f7-4992-a8a0-4af7f4a0a6c4 1d74486b64fb4c3babbd2979ed0fc07c 0d0b93d28ba445a6bf0ba2786865a82d - - - -] No more DHCP agents
2026-07-21 07:54:26.836 10 WARNING neutron.api.rpc.agentnotifiers.dhcp_rpc_agent_api [None req-ff331512-36f7-4992-a8a0-4af7f4a0a6c4 1d74486b64fb4c3babbd2979ed0fc07c 0d0b93d28ba445a6bf0ba2786865a82d - - - -] Unable to schedule network 47db39bc-46d5-4801-b5b6-94a1985e5f9c: no agents available; will retry on subsequent port and subnet creation events.
2026-07-21 07:54:26.864 9 INFO neutron.services.segments.plugin [-] Segment 3f7dfb10-01d2-4509-89ae-e4bac48cbf9b resource provider aggregate not found
2026-07-21 07:54:26.874 9 INFO neutron.services.segments.plugin [-] Segment 3f7dfb10-01d2-4509-89ae-e4bac48cbf9b resource provider aggregate not found
2026-07-21 07:54:26.879 9 INFO neutron.services.segments.plugin [-] Segment 3f7dfb10-01d2-4509-89ae-e4bac48cbf9b resource provider not found; error: Placement Client Error (4xx): {"errors": [{"status": 404, "title": "Not Found", "detail": "The resource could not be found.\n\n No resource provider with uuid 3f7dfb10-01d2-4509-89ae-e4bac48cbf9b found for delete ", "request_id": "req-570db662-ac20-4de0-ac67-391d59d14c90"}]}
2026-07-21 07:54:26.894 9 INFO neutron.services.segments.plugin [-] Segment 3f7dfb10-01d2-4509-89ae-e4bac48cbf9b resource provider not found; error: Placement Client Error (4xx): {"errors": [{"status": 404, "title": "Not Found", "detail": "The resource could not be found.\n\n No resource provider with uuid 3f7dfb10-01d2-4509-89ae-e4bac48cbf9b found for delete ", "request_id": "req-55a82ed5-522b-4652-b284-ec67d53f06bd"}]}
2026-07-21 07:54:26.900 9 INFO neutron.services.segments.plugin [-] Segment f99992a0-6c71-41a0-bb71-9ed1f0ea4a4b resource provider aggregate not found
2026-07-21 07:54:26.908 9 INFO neutron.services.segments.plugin [-] Segment f99992a0-6c71-41a0-bb71-9ed1f0ea4a4b resource provider aggregate not found
2026-07-21 07:54:26.921 9 INFO neutron.services.segments.plugin [-] Segment f99992a0-6c71-41a0-bb71-9ed1f0ea4a4b resource provider not found; error: Placement Client Error (4xx): {"errors": [{"status": 404, "title": "Not Found", "detail": "The resource could not be found.\n\n No resource provider with uuid f99992a0-6c71-41a0-bb71-9ed1f0ea4a4b found for delete ", "request_id": "req-ef88aaa5-9be6-44a9-9c08-29ed68ee0061"}]}
2026-07-21 07:54:26.924 9 INFO neutron.services.segments.plugin [-] Segment f99992a0-6c71-41a0-bb71-9ed1f0ea4a4b resource provider not found; error: Placement Client Error (4xx): {"errors": [{"status": 404, "title": "Not Found", "detail": "The resource could not be found.\n\n No resource provider with uuid f99992a0-6c71-41a0-bb71-9ed1f0ea4a4b found for delete ", "request_id": "req-ccc2d411-fdbb-4f7f-a26b-136779acecf0"}]}
2026-07-21 07:54:27.042 10 INFO neutron.db.ovn_revision_numbers_db [None req-ff331512-36f7-4992-a8a0-4af7f4a0a6c4 1d74486b64fb4c3babbd2979ed0fc07c 0d0b93d28ba445a6bf0ba2786865a82d - - - -] Successfully bumped revision number for resource 2704dc89-424c-4324-a349-50a453f1d1cd (type: ports) to 1
2026-07-21 07:54:27.076 10 INFO neutron.wsgi [None req-ff331512-36f7-4992-a8a0-4af7f4a0a6c4 1d74486b64fb4c3babbd2979ed0fc07c 0d0b93d28ba445a6bf0ba2786865a82d - - - -] 199.19.213.199 "POST /v2.0/ports HTTP/1.1" status: 201 len: 1158 time: 0.7641122 /var/lib/openstack/lib/python3.10/site-packages/pycadf/identifier.py:71: UserWarning: Invalid uuid: neutron. To ensure interoperability, identifiers should be a valid uuid. warnings.warn(('Invalid uuid: %s. To ensure interoperability, '
2026-07-21 07:54:27.316 10 WARNING neutron.scheduler.dhcp_agent_scheduler [None req-81cd5a98-bf52-4d4d-8c6f-7fadb9e594db 39546007ce39487ea9c205c1e6ffd056 69551455491346fdab9712863d36b7f5 - - - -] No more DHCP agents
2026-07-21 07:54:27.321 10 WARNING neutron.api.rpc.agentnotifiers.dhcp_rpc_agent_api [None req-81cd5a98-bf52-4d4d-8c6f-7fadb9e594db 39546007ce39487ea9c205c1e6ffd056 69551455491346fdab9712863d36b7f5 - - - -] Unable to schedule network aa9fde27-946d-4660-b43e-049c29f98f4b: no agents available; will retry on subsequent port and subnet creation events.
2026-07-21 07:54:27.440 10 INFO neutron.db.ovn_revision_numbers_db [None req-81cd5a98-bf52-4d4d-8c6f-7fadb9e594db 39546007ce39487ea9c205c1e6ffd056 69551455491346fdab9712863d36b7f5 - - - -] Successfully bumped revision number for resource 4eef5a67-e055-47d3-b142-372485f34e19 (type: ports) to 1
2026-07-21 07:54:27.479 10 WARNING neutron.scheduler.dhcp_agent_scheduler [None req-81cd5a98-bf52-4d4d-8c6f-7fadb9e594db 39546007ce39487ea9c205c1e6ffd056 69551455491346fdab9712863d36b7f5 - - - -] No more DHCP agents
2026-07-21 07:54:27.484 10 WARNING neutron.api.rpc.agentnotifiers.dhcp_rpc_agent_api [None req-81cd5a98-bf52-4d4d-8c6f-7fadb9e594db 39546007ce39487ea9c205c1e6ffd056 69551455491346fdab9712863d36b7f5 - - - -] Unable to schedule network cd7b6948-4e8d-4160-b1e6-4460ec558385: no agents available; will retry on subsequent port and subnet creation events. /var/lib/openstack/lib/python3.10/site-packages/pycadf/identifier.py:71: UserWarning: Invalid uuid: neutron. To ensure interoperability, identifiers should be a valid uuid. warnings.warn(('Invalid uuid: %s. To ensure interoperability, '
2026-07-21 07:54:28.022 10 WARNING neutron.plugins.ml2.drivers.ovn.mech_driver.ovsdb.ovn_client [None req-0a4d5b0c-0275-45c2-92fb-518f62a388a5 - - - - - -] No hosting information found for port a4ff484d-ad9b-4160-b31c-26b490252fd1: RuntimeError: No hosting information found for port a4ff484d-ad9b-4160-b31c-26b490252fd1
2026-07-21 07:54:28.022 10 INFO neutron.plugins.ml2.drivers.ovn.mech_driver.mech_driver [None req-0a4d5b0c-0275-45c2-92fb-518f62a388a5 - - - - - -] OVN reports status up for port: 9e0eb7b3-facc-4387-bd61-5d9f9834508a
2026-07-21 07:54:28.032 10 INFO neutron.wsgi [req-6c56f123-089f-4dc4-b7c8-4c5f0f2f59cb req-a4bc7f7a-1e43-4c17-a463-b7e111c48dd5 1d74486b64fb4c3babbd2979ed0fc07c 0d0b93d28ba445a6bf0ba2786865a82d - - default default] 10.0.0.176 "GET /v2.0/ports?device_id=b28a54fb-9cbc-4d99-bcf2-a53bd9b163ea HTTP/1.1" status: 200 len: 1168 time: 0.1002696
2026-07-21 07:54:28.039 10 INFO neutron.wsgi [req-2dc3f7d9-b176-40ef-980f-fd9f2357281d req-1cee904e-3db0-40ca-b240-5be76cc5ebc5 97992531e8954f8eacb22a552e62dcec f242d1edc77044fdaafa0bdc197ee93f - - default default] 10.0.0.176 "GET /v2.0/ports?device_id=b262033c-dbd3-4a9f-8da1-3b36476fe856 HTTP/1.1" status: 200 len: 1168 time: 0.1090579
2026-07-21 07:54:28.071 10 INFO neutron.plugins.ml2.plugin [None req-0a4d5b0c-0275-45c2-92fb-518f62a388a5 - - - - - -] Attempt 1 to provision port 9e0eb7b3-facc-4387-bd61-5d9f9834508a
2026-07-21 07:54:28.086 10 INFO neutron.db.ovn_revision_numbers_db [None req-81cd5a98-bf52-4d4d-8c6f-7fadb9e594db 39546007ce39487ea9c205c1e6ffd056 69551455491346fdab9712863d36b7f5 - - - -] Successfully bumped revision number for resource 26314c67-a27a-499e-b43e-16b667b5ba3d (type: ports) to 1
2026-07-21 07:54:28.098 10 INFO neutron.db.ovn_revision_numbers_db [None req-127b1d46-0685-424f-931a-8ed8febd416e 1b6a6b17dc714991a943390189061cea 9796ff7890114c13968851e69adf92a0 - - - -] Successfully bumped revision number for resource 2704dc89-424c-4324-a349-50a453f1d1cd (type: ports) to 2
2026-07-21 07:54:28.115 10 INFO neutron.wsgi [req-6c56f123-089f-4dc4-b7c8-4c5f0f2f59cb req-7746e873-3ded-4135-b5fc-f02ac582fbcf 1d74486b64fb4c3babbd2979ed0fc07c 0d0b93d28ba445a6bf0ba2786865a82d - - default default] 10.0.0.176 "GET /v2.0/security-groups?id=a7d2e407-6f13-4c84-830d-29f555ee5ccc&fields=id&fields=name HTTP/1.1" status: 200 len: 286 time: 0.0712264
2026-07-21 07:54:28.130 10 INFO neutron.wsgi [req-2dc3f7d9-b176-40ef-980f-fd9f2357281d req-2aa72d58-6a47-46ea-b214-09686fa4a4df 97992531e8954f8eacb22a552e62dcec f242d1edc77044fdaafa0bdc197ee93f - - default default] 10.0.0.176 "GET /v2.0/security-groups?id=0eb62145-f4bb-4eaf-9898-b9d7d7258495&fields=id&fields=name HTTP/1.1" status: 200 len: 313 time: 0.0788462
2026-07-21 07:54:28.155 10 INFO neutron.wsgi [None req-81cd5a98-bf52-4d4d-8c6f-7fadb9e594db 39546007ce39487ea9c205c1e6ffd056 69551455491346fdab9712863d36b7f5 - - - -] 10.0.0.37 "POST /v2.0/ports HTTP/1.1" status: 201 len: 1706 time: 1.5041521
2026-07-21 07:54:28.243 10 INFO neutron.notifiers.nova [-] Nova event matching ['req-12b4aa4e-89de-4133-942c-510835210522'] response: {'server_uuid': 'b262033c-dbd3-4a9f-8da1-3b36476fe856', 'name': 'network-vif-plugged', 'status': 'completed', 'tag': '9e0eb7b3-facc-4387-bd61-5d9f9834508a', 'code': 200}
2026-07-21 07:54:28.343 9 INFO neutron.wsgi [None req-70c0218f-f7fb-4208-909c-734bccb4e526 39546007ce39487ea9c205c1e6ffd056 69551455491346fdab9712863d36b7f5 - - default default] 10.0.0.37 "GET /v2.0/ports HTTP/1.1" status: 200 len: 3213 time: 0.1815810
2026-07-21 07:54:28.384 10 INFO neutron.db.ovn_revision_numbers_db [None req-127b1d46-0685-424f-931a-8ed8febd416e 1b6a6b17dc714991a943390189061cea 9796ff7890114c13968851e69adf92a0 - - - -] Successfully bumped revision number for resource 2704dc89-424c-4324-a349-50a453f1d1cd (type: ports) to 2
2026-07-21 07:54:28.411 10 INFO neutron.wsgi [None req-127b1d46-0685-424f-931a-8ed8febd416e 1b6a6b17dc714991a943390189061cea 9796ff7890114c13968851e69adf92a0 - - - -] 199.19.213.199 "PUT /v2.0/ports/2704dc89-424c-4324-a349-50a453f1d1cd HTTP/1.1" status: 200 len: 1328 time: 1.3266406
2026-07-21 07:54:28.431 10 INFO neutron.db.ovn_revision_numbers_db [None req-0a4d5b0c-0275-45c2-92fb-518f62a388a5 - - - - - -] Successfully bumped revision number for resource 9e0eb7b3-facc-4387-bd61-5d9f9834508a (type: ports) to 4 /var/lib/openstack/lib/python3.10/site-packages/pycadf/identifier.py:71: UserWarning: Invalid uuid: neutron. To ensure interoperability, identifiers should be a valid uuid. warnings.warn(('Invalid uuid: %s. To ensure interoperability, '
2026-07-21 07:54:28.522 10 INFO neutron.wsgi [req-32edcf79-4a33-45e5-9460-b62cb250bbf0 req-e53b20d4-a61a-430a-95a6-46b110e75dc0 1b6a6b17dc714991a943390189061cea 9796ff7890114c13968851e69adf92a0 - - f75cd953ec1d47d48337cd8ec909d548 f75cd953ec1d47d48337cd8ec909d548] 199.19.213.199 "GET /v2.0/ports?tenant_id=0d0b93d28ba445a6bf0ba2786865a82d&device_id=b28a54fb-9cbc-4d99-bcf2-a53bd9b163ea HTTP/1.1" status: 200 len: 1359 time: 0.0688727 /var/lib/openstack/lib/python3.10/site-packages/pycadf/identifier.py:71: UserWarning: Invalid uuid: neutron. To ensure interoperability, identifiers should be a valid uuid. warnings.warn(('Invalid uuid: %s. To ensure interoperability, '
2026-07-21 07:54:28.558 10 INFO neutron.wsgi [req-32edcf79-4a33-45e5-9460-b62cb250bbf0 req-af7a679b-885d-46f1-a054-00d45a53b57d 1b6a6b17dc714991a943390189061cea 9796ff7890114c13968851e69adf92a0 - - f75cd953ec1d47d48337cd8ec909d548 f75cd953ec1d47d48337cd8ec909d548] 199.19.213.199 "GET /v2.0/floatingips?fixed_ip_address=10.100.0.9&port_id=2704dc89-424c-4324-a349-50a453f1d1cd HTTP/1.1" status: 200 len: 217 time: 0.0280509
2026-07-21 07:54:28.618 10 INFO neutron.wsgi [req-32edcf79-4a33-45e5-9460-b62cb250bbf0 req-7c59c874-2096-487d-8951-f269fba2ba09 1b6a6b17dc714991a943390189061cea 9796ff7890114c13968851e69adf92a0 - - f75cd953ec1d47d48337cd8ec909d548 f75cd953ec1d47d48337cd8ec909d548] 199.19.213.199 "GET /v2.0/subnets?id=cc3a2b23-45f5-4005-8ed8-b5329861cf41 HTTP/1.1" status: 200 len: 871 time: 0.0504556
2026-07-21 07:54:28.650 10 INFO neutron.wsgi [req-32edcf79-4a33-45e5-9460-b62cb250bbf0 req-53b66d23-c39a-475d-9804-779984cff421 1b6a6b17dc714991a943390189061cea 9796ff7890114c13968851e69adf92a0 - - f75cd953ec1d47d48337cd8ec909d548 f75cd953ec1d47d48337cd8ec909d548] 199.19.213.199 "GET /v2.0/ports?network_id=47db39bc-46d5-4801-b5b6-94a1985e5f9c&device_owner=network%3Adhcp HTTP/1.1" status: 200 len: 210 time: 0.0258348
2026-07-21 07:54:28.672 9 INFO neutron.wsgi [None req-8e5a4dda-fea8-4c7c-845f-7dd5fcc2ffc4 39546007ce39487ea9c205c1e6ffd056 69551455491346fdab9712863d36b7f5 - - - -] 10.0.0.37 "DELETE /v2.0/ports/4eef5a67-e055-47d3-b142-372485f34e19 HTTP/1.1" status: 204 len: 168 time: 0.3191972
2026-07-21 07:54:28.718 10 INFO neutron.wsgi [req-32edcf79-4a33-45e5-9460-b62cb250bbf0 req-bea3e25f-cbe4-4afa-b6dc-b8dd7bd59449 1b6a6b17dc714991a943390189061cea 9796ff7890114c13968851e69adf92a0 - - f75cd953ec1d47d48337cd8ec909d548 f75cd953ec1d47d48337cd8ec909d548] 199.19.213.199 "GET /v2.0/networks/47db39bc-46d5-4801-b5b6-94a1985e5f9c?fields=segments HTTP/1.1" status: 200 len: 212 time: 0.0608900
2026-07-21 07:54:28.787 10 INFO neutron.wsgi [req-32edcf79-4a33-45e5-9460-b62cb250bbf0 req-b7893374-772e-4bc4-aa48-a2a18432b4a1 1b6a6b17dc714991a943390189061cea 9796ff7890114c13968851e69adf92a0 - - f75cd953ec1d47d48337cd8ec909d548 f75cd953ec1d47d48337cd8ec909d548] 199.19.213.199 "GET /v2.0/networks/47db39bc-46d5-4801-b5b6-94a1985e5f9c?fields=provider%3Aphysical_network&fields=provider%3Anetwork_type HTTP/1.1" status: 200 len: 277 time: 0.0647745
2026-07-21 07:54:28.908 10 INFO neutron.db.ovn_revision_numbers_db [None req-b0ba8d43-c693-46a3-a163-477537742988 1c57f432f34946ce8a1b9cb8ff4379b5 44b748577c6646b090bcaa6cef2af1bc - - - -] Successfully bumped revision number for resource 4a008cd1-d8ef-40c5-a972-855859892811 (type: security_groups) to 1
2026-07-21 07:54:28.949 9 INFO neutron.wsgi [None req-4a49d9b8-7d0a-465e-a980-8ad8a01a0657 39546007ce39487ea9c205c1e6ffd056 69551455491346fdab9712863d36b7f5 - - - -] 10.0.0.37 "DELETE /v2.0/ports/26314c67-a27a-499e-b43e-16b667b5ba3d HTTP/1.1" status: 204 len: 168 time: 0.2708118
2026-07-21 07:54:28.986 9 INFO neutron.plugins.ml2.drivers.ovn.mech_driver.mech_driver [None req-1096d1bb-1619-4472-9536-ac3a88dc9fbc - - - - - -] OVN reports status up for port: 2704dc89-424c-4324-a349-50a453f1d1cd
2026-07-21 07:54:29.008 10 INFO neutron.db.segments_db [None req-b0ba8d43-c693-46a3-a163-477537742988 1c57f432f34946ce8a1b9cb8ff4379b5 44b748577c6646b090bcaa6cef2af1bc - - - -] Added segment d972466e-97ac-4da5-9eaf-db4b9e57f691 of type geneve for network d8ccbcde-fe10-49b6-9350-f9065f3f4cf9
2026-07-21 07:54:29.021 9 INFO neutron.plugins.ml2.plugin [None req-1096d1bb-1619-4472-9536-ac3a88dc9fbc - - - - - -] Attempt 1 to provision port 2704dc89-424c-4324-a349-50a453f1d1cd
2026-07-21 07:54:29.123 10 INFO neutron.wsgi [None req-60996e37-86c8-4cef-acfe-676de3518c81 39546007ce39487ea9c205c1e6ffd056 69551455491346fdab9712863d36b7f5 - - default default] 10.0.0.37 "GET /v2.0/ports HTTP/1.1" status: 200 len: 1718 time: 0.1686144
2026-07-21 07:54:29.188 9 INFO neutron.notifiers.nova [-] Nova event matching ['req-6cc0b252-0d4c-4ca1-ba38-0ab0d973f85b'] response: {'server_uuid': 'b28a54fb-9cbc-4d99-bcf2-a53bd9b163ea', 'name': 'network-vif-plugged', 'status': 'completed', 'tag': '2704dc89-424c-4324-a349-50a453f1d1cd', 'code': 200}
2026-07-21 07:54:29.190 10 INFO neutron.db.ovn_revision_numbers_db [None req-b0ba8d43-c693-46a3-a163-477537742988 1c57f432f34946ce8a1b9cb8ff4379b5 44b748577c6646b090bcaa6cef2af1bc - - - -] Successfully bumped revision number for resource d8ccbcde-fe10-49b6-9350-f9065f3f4cf9 (type: networks) to 1
2026-07-21 07:54:29.263 10 INFO neutron.db.segments_db [None req-7ba2a3df-a34a-4f54-a750-feabeb611223 39546007ce39487ea9c205c1e6ffd056 69551455491346fdab9712863d36b7f5 - - - -] Added segment 28b36ffb-c8c2-4ac8-b239-654af8f3dbf0 of type geneve for network 2a48b9e6-01e7-40e2-b0fc-abb751da62bd
2026-07-21 07:54:29.273 10 INFO neutron.wsgi [req-14f0a354-a74f-478d-be67-c3ace9830187 req-01f23678-11e5-430d-8efc-3465d8cb1663 1d74486b64fb4c3babbd2979ed0fc07c 0d0b93d28ba445a6bf0ba2786865a82d - - default default] 10.0.0.176 "GET /v2.0/ports?device_id=b28a54fb-9cbc-4d99-bcf2-a53bd9b163ea HTTP/1.1" status: 200 len: 1170 time: 0.0812454
2026-07-21 07:54:29.283 10 INFO neutron.wsgi [req-731bfdd6-126d-402a-9eb9-0b65803186bf req-daa3494d-3cf2-4245-a0ab-e0a43e1c9a24 97992531e8954f8eacb22a552e62dcec f242d1edc77044fdaafa0bdc197ee93f - - default default] 10.0.0.176 "GET /v2.0/ports?device_id=b262033c-dbd3-4a9f-8da1-3b36476fe856 HTTP/1.1" status: 200 len: 1170 time: 0.0744464
2026-07-21 07:54:29.340 9 INFO neutron.db.ovn_revision_numbers_db [None req-1096d1bb-1619-4472-9536-ac3a88dc9fbc - - - - - -] Successfully bumped revision number for resource 2704dc89-424c-4324-a349-50a453f1d1cd (type: ports) to 4
