2026-07-21 07:54:14.605 9 INFO neutron.wsgi [None req-c8327aa0-110a-4359-b639-a0c4c1e39fd9 c559b67c8dc14c6e9bb7fa2452ec7a44 3b5df8bf225349b0ab7bd2b1a0d2c1b1 - - default default] 10.0.0.170 "GET /v2.0/agents HTTP/1.1" status: 200 len: 997 time: 0.0133851
2026-07-21 07:54:14.618 9 INFO neutron.wsgi [None req-266b8609-5ba8-4b51-8b04-286f50f7a6a5 c559b67c8dc14c6e9bb7fa2452ec7a44 3b5df8bf225349b0ab7bd2b1a0d2c1b1 - - default default] 10.0.0.170 "GET /v2.0/network-ip-availabilities HTTP/1.1" status: 200 len: 2188 time: 0.0121052
2026-07-21 07:54:14.640 10 INFO neutron.db.l3_db [None req-b6c73ffa-359c-40e4-9775-0a7a0721857b 154166114f5f495fb789fc61793e4f78 4a5038b35cf749518fe43bf2ed1b78d9 - - - -] Floating IP 79c6737e-c865-4ff3-99b9-64196563a37a associated. External IP: 10.96.250.218, port: c43c0b5a-a5b8-4452-9ddc-88a78022cac8.
2026-07-21 07:54:14.656 9 INFO neutron.wsgi [None req-037f1694-39ed-4907-8751-2841f2149d2a c559b67c8dc14c6e9bb7fa2452ec7a44 3b5df8bf225349b0ab7bd2b1a0d2c1b1 - - default default] 10.0.0.170 "GET /v2.0/subnets HTTP/1.1" status: 200 len: 2704 time: 0.0361257
2026-07-21 07:54:14.670 9 INFO neutron.wsgi [None req-d184a0dd-9337-4e2c-b6e8-19ed06e8d106 c559b67c8dc14c6e9bb7fa2452ec7a44 3b5df8bf225349b0ab7bd2b1a0d2c1b1 - - default default] 10.0.0.170 "GET /v2.0/subnetpools HTTP/1.1" status: 200 len: 193 time: 0.0125661
2026-07-21 07:54:14.722 9 INFO neutron.wsgi [None req-f90acae6-68d1-4de7-bb33-4f66ce106900 c559b67c8dc14c6e9bb7fa2452ec7a44 3b5df8bf225349b0ab7bd2b1a0d2c1b1 - - default default] 10.0.0.170 "GET /v2.0/floatingips HTTP/1.1" status: 200 len: 1018 time: 0.0512350
2026-07-21 07:54:14.760 9 INFO neutron.wsgi [None req-40cfd98b-eef8-4b77-9531-b3f8a9fde7a3 c559b67c8dc14c6e9bb7fa2452ec7a44 3b5df8bf225349b0ab7bd2b1a0d2c1b1 - - default default] 10.0.0.170 "GET /v2.0/subnets HTTP/1.1" status: 200 len: 2704 time: 0.0357456
2026-07-21 07:54:14.773 10 INFO neutron.db.ovn_revision_numbers_db [None req-0e4c44e6-01d8-426a-94af-de7764428528 c559b67c8dc14c6e9bb7fa2452ec7a44 3b5df8bf225349b0ab7bd2b1a0d2c1b1 - - default default] Successfully bumped revision number for resource 420ee15a-f59f-4df0-943e-c8b7ecb9b395 (type: router_ports) to 2
2026-07-21 07:54:14.845 9 INFO neutron.wsgi [None req-e5bc6af8-aa34-4832-aa8e-39b747c90392 c559b67c8dc14c6e9bb7fa2452ec7a44 3b5df8bf225349b0ab7bd2b1a0d2c1b1 - - default default] 10.0.0.170 "GET /v2.0/routers HTTP/1.1" status: 200 len: 1534 time: 0.0830557
2026-07-21 07:54:14.852 9 INFO neutron.db.ovn_revision_numbers_db [None req-98dc70ba-23f8-47ec-b4da-cca8dde8e103 c559b67c8dc14c6e9bb7fa2452ec7a44 3b5df8bf225349b0ab7bd2b1a0d2c1b1 - - default default] Successfully bumped revision number for resource 867d2e26-f5ef-465d-bc46-123288429181 (type: security_groups) to 1
2026-07-21 07:54:14.866 9 INFO neutron.wsgi [None req-acb1c629-02d4-4079-a09c-2aa77c7b028e c559b67c8dc14c6e9bb7fa2452ec7a44 3b5df8bf225349b0ab7bd2b1a0d2c1b1 - - default default] 10.0.0.170 "GET /v2.0/agents?binary=ovn-controller HTTP/1.1" status: 200 len: 591 time: 0.0189295
2026-07-21 07:54:14.878 9 INFO neutron.wsgi [None req-98dc70ba-23f8-47ec-b4da-cca8dde8e103 c559b67c8dc14c6e9bb7fa2452ec7a44 3b5df8bf225349b0ab7bd2b1a0d2c1b1 - - default default] 10.0.0.37 "GET /v2.0/security-groups?tenant_id=78dd2bbfc4f34b348c1a5ddb57b5274a&name=default HTTP/1.1" status: 200 len: 2996 time: 0.2922597
2026-07-21 07:54:14.928 10 INFO neutron.db.ovn_revision_numbers_db [None req-b6c73ffa-359c-40e4-9775-0a7a0721857b 154166114f5f495fb789fc61793e4f78 4a5038b35cf749518fe43bf2ed1b78d9 - - - -] Successfully bumped revision number for resource 79c6737e-c865-4ff3-99b9-64196563a37a (type: floatingips) to 0
2026-07-21 07:54:14.948 9 INFO neutron.wsgi [None req-0c1c307e-2337-4059-bdb2-9839f4ecf837 c559b67c8dc14c6e9bb7fa2452ec7a44 3b5df8bf225349b0ab7bd2b1a0d2c1b1 - - default default] 10.0.0.170 "GET /v2.0/networks HTTP/1.1" status: 200 len: 3872 time: 0.0772688
2026-07-21 07:54:14.958 10 INFO neutron.db.ovn_revision_numbers_db [None req-54ddabd4-5286-4b04-a7d1-0106615c282d - - - - - -] Successfully bumped revision number for resource 5759571f-7844-44ba-abfe-40abaf317caa (type: ports) to 4
2026-07-21 07:54:15.085 9 INFO neutron.wsgi [None req-fdf3c6e8-1073-47b7-aac7-88c727cc00d5 c559b67c8dc14c6e9bb7fa2452ec7a44 3b5df8bf225349b0ab7bd2b1a0d2c1b1 - - - -] 10.0.0.37 "DELETE /v2.0/security-groups/867d2e26-f5ef-465d-bc46-123288429181 HTTP/1.1" status: 204 len: 168 time: 0.1996899
2026-07-21 07:54:15.363 9 INFO neutron.db.ovn_revision_numbers_db [None req-0b062947-1b62-4055-a0b6-82fff04e6294 c559b67c8dc14c6e9bb7fa2452ec7a44 3b5df8bf225349b0ab7bd2b1a0d2c1b1 - - default default] Successfully bumped revision number for resource fa037ce3-274c-4ebb-948a-db4bb3c66d0d (type: security_groups) to 1
2026-07-21 07:54:15.384 9 INFO neutron.wsgi [None req-0b062947-1b62-4055-a0b6-82fff04e6294 c559b67c8dc14c6e9bb7fa2452ec7a44 3b5df8bf225349b0ab7bd2b1a0d2c1b1 - - default default] 10.0.0.37 "GET /v2.0/security-groups?tenant_id=5282bdab8ac54204b96b941bbda46561&name=default HTTP/1.1" status: 200 len: 2996 time: 0.1420844
2026-07-21 07:54:15.462 10 INFO neutron.db.ovn_revision_numbers_db [None req-0e4c44e6-01d8-426a-94af-de7764428528 c559b67c8dc14c6e9bb7fa2452ec7a44 3b5df8bf225349b0ab7bd2b1a0d2c1b1 - - default default] Successfully bumped revision number for resource 420ee15a-f59f-4df0-943e-c8b7ecb9b395 (type: ports) to 2
2026-07-21 07:54:15.468 10 WARNING neutron.plugins.ml2.drivers.ovn.mech_driver.ovsdb.ovn_client [None req-0a4d5b0c-0275-45c2-92fb-518f62a388a5 - - - - - -] No hosting information found for port 38410478-e470-47bb-97cc-978784daeed2: RuntimeError: No hosting information found for port 38410478-e470-47bb-97cc-978784daeed2
2026-07-21 07:54:15.469 10 INFO neutron.db.ovn_revision_numbers_db [None req-b6c73ffa-359c-40e4-9775-0a7a0721857b 154166114f5f495fb789fc61793e4f78 4a5038b35cf749518fe43bf2ed1b78d9 - - - -] Successfully bumped revision number for resource 79c6737e-c865-4ff3-99b9-64196563a37a (type: floatingips) to 1
2026-07-21 07:54:15.542 9 INFO neutron.db.ovn_revision_numbers_db [None req-383142ee-ec2b-4e29-9b9b-0d3fcf6c7629 c559b67c8dc14c6e9bb7fa2452ec7a44 3b5df8bf225349b0ab7bd2b1a0d2c1b1 - - - -] Successfully bumped revision number for resource a7d2e407-6f13-4c84-830d-29f555ee5ccc (type: security_groups) to 1
2026-07-21 07:54:15.588 10 INFO neutron.wsgi [None req-b6c73ffa-359c-40e4-9775-0a7a0721857b 154166114f5f495fb789fc61793e4f78 4a5038b35cf749518fe43bf2ed1b78d9 - - - -] 10.0.0.37 "POST /v2.0/floatingips HTTP/1.1" status: 201 len: 1039 time: 2.5707724
2026-07-21 07:54:15.610 9 INFO neutron.wsgi [None req-6fd37666-cf74-4b4f-99aa-2b1f42128a93 c559b67c8dc14c6e9bb7fa2452ec7a44 3b5df8bf225349b0ab7bd2b1a0d2c1b1 - - - -] 10.0.0.37 "DELETE /v2.0/security-groups/fa037ce3-274c-4ebb-948a-db4bb3c66d0d HTTP/1.1" status: 204 len: 168 time: 0.2211051
2026-07-21 07:54:15.626 9 INFO neutron.db.segments_db [None req-383142ee-ec2b-4e29-9b9b-0d3fcf6c7629 c559b67c8dc14c6e9bb7fa2452ec7a44 3b5df8bf225349b0ab7bd2b1a0d2c1b1 - - - -] Added segment 66b93ed5-4a59-4077-8a37-ffd14c561e2b of type geneve for network 47db39bc-46d5-4801-b5b6-94a1985e5f9c
2026-07-21 07:54:15.641 10 WARNING neutron.scheduler.dhcp_agent_scheduler [None req-0e4c44e6-01d8-426a-94af-de7764428528 c559b67c8dc14c6e9bb7fa2452ec7a44 3b5df8bf225349b0ab7bd2b1a0d2c1b1 - - default default] No more DHCP agents
2026-07-21 07:54:15.644 10 WARNING neutron.api.rpc.agentnotifiers.dhcp_rpc_agent_api [None req-0e4c44e6-01d8-426a-94af-de7764428528 c559b67c8dc14c6e9bb7fa2452ec7a44 3b5df8bf225349b0ab7bd2b1a0d2c1b1 - - default default] Unable to schedule network c272ff6c-5194-4479-8e5f-2a5e21a3d785: no agents available; will retry on subsequent port and subnet creation events.
2026-07-21 07:54:15.728 10 INFO neutron.db.ovn_revision_numbers_db [None req-54ddabd4-5286-4b04-a7d1-0106615c282d - - - - - -] Successfully bumped revision number for resource 5759571f-7844-44ba-abfe-40abaf317caa (type: router_ports) to 4
2026-07-21 07:54:16.031 9 INFO neutron.db.l3_db [None req-0bd5d938-fc78-4509-bd8e-d75498a8fc96 154166114f5f495fb789fc61793e4f78 4a5038b35cf749518fe43bf2ed1b78d9 - - - -] Floating IP 79c6737e-c865-4ff3-99b9-64196563a37a disassociated. External IP: 10.96.250.218, port: c43c0b5a-a5b8-4452-9ddc-88a78022cac8.
2026-07-21 07:54:16.063 9 INFO neutron.db.ovn_revision_numbers_db [None req-383142ee-ec2b-4e29-9b9b-0d3fcf6c7629 c559b67c8dc14c6e9bb7fa2452ec7a44 3b5df8bf225349b0ab7bd2b1a0d2c1b1 - - - -] Successfully bumped revision number for resource 47db39bc-46d5-4801-b5b6-94a1985e5f9c (type: networks) to 1
2026-07-21 07:54:16.065 9 INFO neutron.db.ovn_revision_numbers_db [None req-0bd5d938-fc78-4509-bd8e-d75498a8fc96 154166114f5f495fb789fc61793e4f78 4a5038b35cf749518fe43bf2ed1b78d9 - - - -] Successfully bumped revision number for resource 79c6737e-c865-4ff3-99b9-64196563a37a (type: floatingips) to 2
2026-07-21 07:54:16.162 9 INFO neutron.wsgi [None req-0bd5d938-fc78-4509-bd8e-d75498a8fc96 154166114f5f495fb789fc61793e4f78 4a5038b35cf749518fe43bf2ed1b78d9 - - - -] 10.0.0.37 "PUT /v2.0/floatingips/79c6737e-c865-4ff3-99b9-64196563a37a HTTP/1.1" status: 200 len: 748 time: 0.5608492
2026-07-21 07:54:16.274 9 WARNING neutron.scheduler.dhcp_agent_scheduler [None req-383142ee-ec2b-4e29-9b9b-0d3fcf6c7629 c559b67c8dc14c6e9bb7fa2452ec7a44 3b5df8bf225349b0ab7bd2b1a0d2c1b1 - - - -] No more DHCP agents
2026-07-21 07:54:16.276 9 WARNING neutron.api.rpc.agentnotifiers.dhcp_rpc_agent_api [None req-383142ee-ec2b-4e29-9b9b-0d3fcf6c7629 c559b67c8dc14c6e9bb7fa2452ec7a44 3b5df8bf225349b0ab7bd2b1a0d2c1b1 - - - -] Unable to schedule network 47db39bc-46d5-4801-b5b6-94a1985e5f9c: no agents available; will retry on subsequent port and subnet creation events.
2026-07-21 07:54:16.296 10 INFO neutron.db.ovn_revision_numbers_db [None req-0e4c44e6-01d8-426a-94af-de7764428528 c559b67c8dc14c6e9bb7fa2452ec7a44 3b5df8bf225349b0ab7bd2b1a0d2c1b1 - - - -] Successfully bumped revision number for resource 420ee15a-f59f-4df0-943e-c8b7ecb9b395 (type: router_ports) to 2
2026-07-21 07:54:16.299 10 INFO neutron.wsgi [None req-0e4c44e6-01d8-426a-94af-de7764428528 c559b67c8dc14c6e9bb7fa2452ec7a44 3b5df8bf225349b0ab7bd2b1a0d2c1b1 - - - -] 10.0.0.37 "PUT /v2.0/routers/9983e02a-d1ad-4efd-a30f-c8fddb8550b2/add_router_interface HTTP/1.1" status: 200 len: 503 time: 3.6561935
2026-07-21 07:54:16.347 9 INFO neutron.db.ovn_revision_numbers_db [None req-383142ee-ec2b-4e29-9b9b-0d3fcf6c7629 c559b67c8dc14c6e9bb7fa2452ec7a44 3b5df8bf225349b0ab7bd2b1a0d2c1b1 - - - -] Successfully bumped revision number for resource a993bd29-8982-4969-b273-1e537553e439 (type: ports) to 1
2026-07-21 07:54:16.383 9 INFO neutron.wsgi [None req-383142ee-ec2b-4e29-9b9b-0d3fcf6c7629 c559b67c8dc14c6e9bb7fa2452ec7a44 3b5df8bf225349b0ab7bd2b1a0d2c1b1 - - - -] 10.0.0.37 "POST /v2.0/networks HTTP/1.1" status: 201 len: 948 time: 1.0786822
2026-07-21 07:54:16.590 10 INFO neutron.wsgi [None req-4117c735-de92-4346-9b21-b18483a6b7e4 154166114f5f495fb789fc61793e4f78 4a5038b35cf749518fe43bf2ed1b78d9 - - - -] 10.0.0.37 "DELETE /v2.0/floatingips/79c6737e-c865-4ff3-99b9-64196563a37a HTTP/1.1" status: 204 len: 168 time: 0.4223475
2026-07-21 07:54:16.594 9 WARNING neutron.scheduler.dhcp_agent_scheduler [None req-f095f310-22df-4f6a-9266-da9e100b60af c559b67c8dc14c6e9bb7fa2452ec7a44 3b5df8bf225349b0ab7bd2b1a0d2c1b1 - - - -] No more DHCP agents
2026-07-21 07:54:16.596 9 WARNING neutron.api.rpc.agentnotifiers.dhcp_rpc_agent_api [None req-f095f310-22df-4f6a-9266-da9e100b60af c559b67c8dc14c6e9bb7fa2452ec7a44 3b5df8bf225349b0ab7bd2b1a0d2c1b1 - - - -] Unable to schedule network 47db39bc-46d5-4801-b5b6-94a1985e5f9c: no agents available; will retry on subsequent port and subnet creation events.
2026-07-21 07:54:16.853 9 WARNING neutron.plugins.ml2.drivers.ovn.mech_driver.ovsdb.ovn_client [None req-1096d1bb-1619-4472-9536-ac3a88dc9fbc - - - - - -] No hosting information found for port f161453b-9f83-4cde-952f-ec89cf2a6b20: RuntimeError: No hosting information found for port f161453b-9f83-4cde-952f-ec89cf2a6b20
2026-07-21 07:54:16.854 9 INFO neutron.plugins.ml2.drivers.ovn.mech_driver.mech_driver [None req-1096d1bb-1619-4472-9536-ac3a88dc9fbc - - - - - -] OVN reports status up for port: 5759571f-7844-44ba-abfe-40abaf317caa
2026-07-21 07:54:16.866 10 WARNING neutron.scheduler.dhcp_agent_scheduler [None req-647e52f7-f0a5-4175-8dee-366574dc8429 154166114f5f495fb789fc61793e4f78 4a5038b35cf749518fe43bf2ed1b78d9 - - - -] No more DHCP agents
2026-07-21 07:54:16.867 10 WARNING neutron.api.rpc.agentnotifiers.dhcp_rpc_agent_api [None req-647e52f7-f0a5-4175-8dee-366574dc8429 154166114f5f495fb789fc61793e4f78 4a5038b35cf749518fe43bf2ed1b78d9 - - - -] Unable to schedule network ee61bd7c-4a9e-48db-8d17-5f4dda2b2c94: no agents available; will retry on subsequent port and subnet creation events.
2026-07-21 07:54:16.868 9 INFO neutron.plugins.ml2.plugin [None req-1096d1bb-1619-4472-9536-ac3a88dc9fbc - - - - - -] Attempt 1 to provision port 5759571f-7844-44ba-abfe-40abaf317caa
2026-07-21 07:54:17.013 9 INFO neutron.plugins.ml2.drivers.ovn.mech_driver.mech_driver [None req-1096d1bb-1619-4472-9536-ac3a88dc9fbc - - - - - -] OVN reports status up for port: 420ee15a-f59f-4df0-943e-c8b7ecb9b395
2026-07-21 07:54:17.034 9 INFO neutron.plugins.ml2.plugin [None req-1096d1bb-1619-4472-9536-ac3a88dc9fbc - - - - - -] Attempt 1 to provision port 420ee15a-f59f-4df0-943e-c8b7ecb9b395
2026-07-21 07:54:17.131 10 INFO neutron.db.ovn_revision_numbers_db [None req-8b4d888d-9eb6-4c36-a8a4-f9ba8a5f8977 97992531e8954f8eacb22a552e62dcec f242d1edc77044fdaafa0bdc197ee93f - - - -] Successfully bumped revision number for resource 0eb62145-f4bb-4eaf-9898-b9d7d7258495 (type: security_groups) to 1
2026-07-21 07:54:17.152 9 INFO neutron.db.ovn_revision_numbers_db [None req-f095f310-22df-4f6a-9266-da9e100b60af c559b67c8dc14c6e9bb7fa2452ec7a44 3b5df8bf225349b0ab7bd2b1a0d2c1b1 - - - -] Successfully bumped revision number for resource a993bd29-8982-4969-b273-1e537553e439 (type: ports) to 2
2026-07-21 07:54:17.172 10 INFO neutron.wsgi [None req-8b4d888d-9eb6-4c36-a8a4-f9ba8a5f8977 97992531e8954f8eacb22a552e62dcec f242d1edc77044fdaafa0bdc197ee93f - - - -] 10.0.0.37 "POST /v2.0/security-groups HTTP/1.1" status: 201 len: 1796 time: 0.1850920
2026-07-21 07:54:17.182 9 INFO neutron.db.ovn_revision_numbers_db [None req-f095f310-22df-4f6a-9266-da9e100b60af c559b67c8dc14c6e9bb7fa2452ec7a44 3b5df8bf225349b0ab7bd2b1a0d2c1b1 - - - -] Successfully bumped revision number for resource cc3a2b23-45f5-4005-8ed8-b5329861cf41 (type: subnets) to 0
2026-07-21 07:54:17.209 9 INFO neutron.wsgi [None req-f095f310-22df-4f6a-9266-da9e100b60af c559b67c8dc14c6e9bb7fa2452ec7a44 3b5df8bf225349b0ab7bd2b1a0d2c1b1 - - - -] 10.0.0.37 "POST /v2.0/subnets HTTP/1.1" status: 201 len: 868 time: 0.8196988
2026-07-21 07:54:17.336 10 INFO neutron.db.ovn_revision_numbers_db [None req-a8835f35-bc7e-448d-9e04-af33357f2e60 97992531e8954f8eacb22a552e62dcec f242d1edc77044fdaafa0bdc197ee93f - - - -] Successfully bumped revision number for resource d2974d42-8d98-4f11-ae7f-a9e1814e6aba (type: security_group_rules) to 0
2026-07-21 07:54:17.372 10 INFO neutron.wsgi [None req-a8835f35-bc7e-448d-9e04-af33357f2e60 97992531e8954f8eacb22a552e62dcec f242d1edc77044fdaafa0bdc197ee93f - - - -] 10.0.0.37 "POST /v2.0/security-group-rules HTTP/1.1" status: 201 len: 764 time: 0.1888556
2026-07-21 07:54:17.375 10 INFO neutron.db.l3_db [None req-647e52f7-f0a5-4175-8dee-366574dc8429 154166114f5f495fb789fc61793e4f78 4a5038b35cf749518fe43bf2ed1b78d9 - - - -] Floating IP d9ff74fa-6fa2-44c9-8246-bd7ddf0d9f1b associated. External IP: 10.96.250.202, port: 8e9ebcab-fa84-423b-9a2e-b3ab365d2301.
2026-07-21 07:54:17.458 9 INFO neutron.db.ovn_revision_numbers_db [None req-1096d1bb-1619-4472-9536-ac3a88dc9fbc - - - - - -] Successfully bumped revision number for resource 420ee15a-f59f-4df0-943e-c8b7ecb9b395 (type: ports) to 3
2026-07-21 07:54:17.486 10 INFO neutron.wsgi [None req-4675e5db-dd9c-49c9-8846-619e686586b6 cf9c8b4ce3644ebdbc8ec4c67636b85a 10f636f6a6dc46d78b1b6be039462ed1 - - default default] 10.0.0.37 "GET /v2.0/extensions HTTP/1.1" status: 200 len: 16520 time: 0.1390862
2026-07-21 07:54:17.512 10 INFO neutron.wsgi [None req-e44a5812-5be0-4568-b008-ba74444bc9de cf9c8b4ce3644ebdbc8ec4c67636b85a 10f636f6a6dc46d78b1b6be039462ed1 - - default default] 10.0.0.37 "GET /v2.0/extensions/address-group HTTP/1.1" status: 200 len: 353 time: 0.0200572
2026-07-21 07:54:17.532 9 INFO neutron.wsgi [None req-ae602260-4204-4d1b-a5e2-68c6a9f6b79b cf9c8b4ce3644ebdbc8ec4c67636b85a 10f636f6a6dc46d78b1b6be039462ed1 - - default default] 10.0.0.37 "GET /v2.0/extensions/address-scope HTTP/1.1" status: 200 len: 357 time: 0.0064249
2026-07-21 07:54:17.549 10 INFO neutron.wsgi [None req-6c3a7da7-547a-42ed-a67e-eb270b609efd cf9c8b4ce3644ebdbc8ec4c67636b85a 10f636f6a6dc46d78b1b6be039462ed1 - - default default] 10.0.0.37 "GET /v2.0/extensions/agent HTTP/1.1" status: 200 len: 347 time: 0.0074136
2026-07-21 07:54:17.574 9 INFO neutron.wsgi [None req-913292c8-8396-4714-ac3c-aeffe88be46e cf9c8b4ce3644ebdbc8ec4c67636b85a 10f636f6a6dc46d78b1b6be039462ed1 - - default default] 10.0.0.37 "GET /v2.0/extensions/allowed-address-pairs HTTP/1.1" status: 200 len: 378 time: 0.0187449
2026-07-21 07:54:17.583 9 INFO neutron.wsgi [None req-08bfd870-85bb-4150-9948-c81d66f60b0f cf9c8b4ce3644ebdbc8ec4c67636b85a 10f636f6a6dc46d78b1b6be039462ed1 - - default default] 10.0.0.37 "GET /v2.0/extensions/auto-allocated-topology HTTP/1.1" status: 200 len: 394 time: 0.0034521 /var/lib/openstack/lib/python3.10/site-packages/pycadf/identifier.py:71: UserWarning: Invalid uuid: neutron. To ensure interoperability, identifiers should be a valid uuid. warnings.warn(('Invalid uuid: %s. To ensure interoperability, '
2026-07-21 07:54:17.597 10 INFO neutron.wsgi [None req-f08c80ee-adfc-4e87-8640-4218ecd95cc8 cf9c8b4ce3644ebdbc8ec4c67636b85a 10f636f6a6dc46d78b1b6be039462ed1 - - default default] 10.0.0.37 "GET /v2.0/extensions/availability_zone HTTP/1.1" status: 200 len: 372 time: 0.0081151
2026-07-21 07:54:17.614 9 INFO neutron.wsgi [None req-afeb8596-8f00-4db9-968b-f7d8b3478754 cf9c8b4ce3644ebdbc8ec4c67636b85a 10f636f6a6dc46d78b1b6be039462ed1 - - default default] 10.0.0.37 "GET /v2.0/extensions/default-subnetpools HTTP/1.1" status: 200 len: 405 time: 0.0087619
2026-07-21 07:54:17.616 10 INFO neutron.db.ovn_revision_numbers_db [None req-647e52f7-f0a5-4175-8dee-366574dc8429 154166114f5f495fb789fc61793e4f78 4a5038b35cf749518fe43bf2ed1b78d9 - - - -] Successfully bumped revision number for resource d9ff74fa-6fa2-44c9-8246-bd7ddf0d9f1b (type: floatingips) to 0
2026-07-21 07:54:17.642 10 INFO neutron.wsgi [None req-01f8b55d-c859-4cb0-b5a7-603dda88343d cf9c8b4ce3644ebdbc8ec4c67636b85a 10f636f6a6dc46d78b1b6be039462ed1 - - default default] 10.0.0.37 "GET /v2.0/extensions/dhcp_agent_scheduler HTTP/1.1" status: 200 len: 381 time: 0.0214062
2026-07-21 07:54:17.648 10 INFO neutron.db.ovn_revision_numbers_db [None req-184cb03b-560f-4a73-b2c4-46e2ef9e8698 97992531e8954f8eacb22a552e62dcec f242d1edc77044fdaafa0bdc197ee93f - - - -] Successfully bumped revision number for resource 2ddd97cc-790e-4fa9-b0d5-fd9ce2166296 (type: security_group_rules) to 0
2026-07-21 07:54:17.666 9 INFO neutron.wsgi [None req-858c5135-5061-425c-af59-4d7c1c965af4 cf9c8b4ce3644ebdbc8ec4c67636b85a 10f636f6a6dc46d78b1b6be039462ed1 - - default default] 10.0.0.37 "GET /v2.0/extensions/dns-integration HTTP/1.1" status: 200 len: 366 time: 0.0183368
2026-07-21 07:54:17.668 9 INFO neutron.db.ovn_revision_numbers_db [None req-1096d1bb-1619-4472-9536-ac3a88dc9fbc - - - - - -] Successfully bumped revision number for resource 420ee15a-f59f-4df0-943e-c8b7ecb9b395 (type: router_ports) to 3
2026-07-21 07:54:17.683 9 INFO neutron.wsgi [None req-e2579338-a763-43b3-b283-00f40e6e42b8 cf9c8b4ce3644ebdbc8ec4c67636b85a 10f636f6a6dc46d78b1b6be039462ed1 - - default default] 10.0.0.37 "GET /v2.0/extensions/dns-domain-ports HTTP/1.1" status: 200 len: 399 time: 0.0120566
2026-07-21 07:54:17.701 10 INFO neutron.wsgi [None req-7bb76dfd-279c-41c1-bdce-3cc793536e23 cf9c8b4ce3644ebdbc8ec4c67636b85a 10f636f6a6dc46d78b1b6be039462ed1 - - default default] 10.0.0.37 "GET /v2.0/extensions/dns-integration-domain-keywords HTTP/1.1" status: 200 len: 477 time: 0.0107737
2026-07-21 07:54:17.711 10 INFO neutron.wsgi [None req-51606b04-9626-4284-81a9-8b26defbb995 cf9c8b4ce3644ebdbc8ec4c67636b85a 10f636f6a6dc46d78b1b6be039462ed1 - - default default] 10.0.0.37 "GET /v2.0/extensions/external-net HTTP/1.1" status: 200 len: 394 time: 0.0046899
2026-07-21 07:54:17.716 10 INFO neutron.wsgi [None req-184cb03b-560f-4a73-b2c4-46e2ef9e8698 97992531e8954f8eacb22a552e62dcec f242d1edc77044fdaafa0bdc197ee93f - - - -] 10.0.0.37 "POST /v2.0/security-group-rules HTTP/1.1" status: 201 len: 769 time: 0.3338609
2026-07-21 07:54:17.724 10 INFO neutron.wsgi [None req-74dd81a1-ea83-4889-82f9-651b1883393c cf9c8b4ce3644ebdbc8ec4c67636b85a 10f636f6a6dc46d78b1b6be039462ed1 - - default default] 10.0.0.37 "GET /v2.0/extensions/extra_dhcp_opt HTTP/1.1" status: 200 len: 498 time: 0.0061135
2026-07-21 07:54:17.738 10 INFO neutron.wsgi [None req-17ca8240-e182-45dd-b954-7777c1ea5cb5 cf9c8b4ce3644ebdbc8ec4c67636b85a 10f636f6a6dc46d78b1b6be039462ed1 - - default default] 10.0.0.37 "GET /v2.0/extensions/extraroute HTTP/1.1" status: 200 len: 375 time: 0.0067823
2026-07-21 07:54:17.746 10 INFO neutron.wsgi [None req-adcb965c-3877-4e07-b23f-f52255edced8 cf9c8b4ce3644ebdbc8ec4c67636b85a 10f636f6a6dc46d78b1b6be039462ed1 - - default default] 10.0.0.37 "GET /v2.0/extensions/filter-validation HTTP/1.1" status: 200 len: 392 time: 0.0045981
2026-07-21 07:54:17.756 10 INFO neutron.wsgi [None req-db472f73-f922-48df-8302-49d276960cdd cf9c8b4ce3644ebdbc8ec4c67636b85a 10f636f6a6dc46d78b1b6be039462ed1 - - default default] 10.0.0.37 "GET /v2.0/extensions/floating-ip-port-forwarding-detail HTTP/1.1" status: 200 len: 465 time: 0.0049610
2026-07-21 07:54:17.757 10 INFO neutron.db.ovn_revision_numbers_db [None req-647e52f7-f0a5-4175-8dee-366574dc8429 154166114f5f495fb789fc61793e4f78 4a5038b35cf749518fe43bf2ed1b78d9 - - - -] Successfully bumped revision number for resource d9ff74fa-6fa2-44c9-8246-bd7ddf0d9f1b (type: floatingips) to 1
2026-07-21 07:54:17.765 10 INFO neutron.wsgi [None req-409606da-9fcc-46e3-8da4-8265f03699e7 cf9c8b4ce3644ebdbc8ec4c67636b85a 10f636f6a6dc46d78b1b6be039462ed1 - - default default] 10.0.0.37 "GET /v2.0/extensions/fip-port-details HTTP/1.1" status: 200 len: 406 time: 0.0047266
2026-07-21 07:54:17.774 10 INFO neutron.wsgi [None req-9152c1d9-8113-49f3-af76-36f1dae29dad cf9c8b4ce3644ebdbc8ec4c67636b85a 10f636f6a6dc46d78b1b6be039462ed1 - - default default] 10.0.0.37 "GET /v2.0/extensions/flavors HTTP/1.1" status: 200 len: 387 time: 0.0052111
2026-07-21 07:54:17.782 10 INFO neutron.wsgi [None req-d58df1af-48e9-444b-88e5-b466b163515c cf9c8b4ce3644ebdbc8ec4c67636b85a 10f636f6a6dc46d78b1b6be039462ed1 - - default default] 10.0.0.37 "GET /v2.0/extensions/floatingip-pools HTTP/1.1" status: 200 len: 382 time: 0.0039594
2026-07-21 07:54:17.792 10 INFO neutron.wsgi [None req-6654033c-7b46-404a-be0a-9edc1c27e086 cf9c8b4ce3644ebdbc8ec4c67636b85a 10f636f6a6dc46d78b1b6be039462ed1 - - default default] 10.0.0.37 "GET /v2.0/extensions/ip_allocation HTTP/1.1" status: 200 len: 356 time: 0.0045819
2026-07-21 07:54:17.805 9 INFO neutron.wsgi [None req-e78a4f48-aadc-4880-9b74-d5099e283748 cf9c8b4ce3644ebdbc8ec4c67636b85a 10f636f6a6dc46d78b1b6be039462ed1 - - default default] 10.0.0.37 "GET /v2.0/extensions/l2_adjacency HTTP/1.1" status: 200 len: 372 time: 0.0067534
2026-07-21 07:54:17.812 10 INFO neutron.wsgi [None req-647e52f7-f0a5-4175-8dee-366574dc8429 154166114f5f495fb789fc61793e4f78 4a5038b35cf749518fe43bf2ed1b78d9 - - - -] 10.0.0.37 "POST /v2.0/floatingips HTTP/1.1" status: 201 len: 1041 time: 1.2144253
2026-07-21 07:54:17.817 10 INFO neutron.wsgi [None req-3d8f342c-7c00-4df4-a97b-169f987a2cdb cf9c8b4ce3644ebdbc8ec4c67636b85a 10f636f6a6dc46d78b1b6be039462ed1 - - default default] 10.0.0.37 "GET /v2.0/extensions/router HTTP/1.1" status: 200 len: 450 time: 0.0083015
2026-07-21 07:54:17.827 10 INFO neutron.wsgi [None req-59017e35-7ae6-4a1b-898d-e405f0fb64f0 cf9c8b4ce3644ebdbc8ec4c67636b85a 10f636f6a6dc46d78b1b6be039462ed1 - - default default] 10.0.0.37 "GET /v2.0/extensions/ext-gw-mode HTTP/1.1" status: 200 len: 462 time: 0.0041347
2026-07-21 07:54:17.841 9 INFO neutron.wsgi [None req-ebe58d90-0fbf-4630-9c0a-ef4328398b8d cf9c8b4ce3644ebdbc8ec4c67636b85a 10f636f6a6dc46d78b1b6be039462ed1 - - default default] 10.0.0.37 "GET /v2.0/extensions/logging HTTP/1.1" status: 200 len: 407 time: 0.0055468
2026-07-21 07:54:17.852 10 INFO neutron.wsgi [None req-bd8cdbf2-615f-481b-81cd-f5737b5efe8f cf9c8b4ce3644ebdbc8ec4c67636b85a 10f636f6a6dc46d78b1b6be039462ed1 - - default default] 10.0.0.37 "GET /v2.0/extensions/multi-provider HTTP/1.1" status: 200 len: 406 time: 0.0051146
2026-07-21 07:54:17.861 10 INFO neutron.wsgi [None req-d00c24d9-f9b8-450d-8ee0-9efa7e27c5a1 cf9c8b4ce3644ebdbc8ec4c67636b85a 10f636f6a6dc46d78b1b6be039462ed1 - - default default] 10.0.0.37 "GET /v2.0/extensions/net-mtu HTTP/1.1" status: 200 len: 370 time: 0.0044141
2026-07-21 07:54:17.867 10 INFO neutron.wsgi [None req-18e5ad16-b00a-4d7b-a370-69da5f961e16 154166114f5f495fb789fc61793e4f78 4a5038b35cf749518fe43bf2ed1b78d9 - - default default] 10.0.0.37 "GET /v2.0/floatingips/d9ff74fa-6fa2-44c9-8246-bd7ddf0d9f1b HTTP/1.1" status: 200 len: 1038 time: 0.0485907
2026-07-21 07:54:17.871 10 INFO neutron.wsgi [None req-2a648098-411d-4fe7-b40e-b4338c2b14c5 cf9c8b4ce3644ebdbc8ec4c67636b85a 10f636f6a6dc46d78b1b6be039462ed1 - - default default] 10.0.0.37 "GET /v2.0/extensions/net-mtu-writable HTTP/1.1" status: 200 len: 401 time: 0.0035272
2026-07-21 07:54:17.886 9 INFO neutron.wsgi [None req-ac302ed4-99ff-4780-b3ee-d486f3662e16 cf9c8b4ce3644ebdbc8ec4c67636b85a 10f636f6a6dc46d78b1b6be039462ed1 - - default default] 10.0.0.37 "GET /v2.0/extensions/network_availability_zone HTTP/1.1" status: 200 len: 394 time: 0.0113287
2026-07-21 07:54:17.901 9 INFO neutron.wsgi [None req-b5ef500a-fe6c-4d07-a9a9-050abc7b3305 cf9c8b4ce3644ebdbc8ec4c67636b85a 10f636f6a6dc46d78b1b6be039462ed1 - - default default] 10.0.0.37 "GET /v2.0/extensions/network-ip-availability HTTP/1.1" status: 200 len: 410 time: 0.0065081
2026-07-21 07:54:17.913 9 INFO neutron.wsgi [None req-e5f63406-c395-484d-99ea-bea82d32025f cf9c8b4ce3644ebdbc8ec4c67636b85a 10f636f6a6dc46d78b1b6be039462ed1 - - default default] 10.0.0.37 "GET /v2.0/extensions/pagination HTTP/1.1" status: 200 len: 386 time: 0.0071867
2026-07-21 07:54:17.929 9 INFO neutron.wsgi [None req-4941b162-74ad-4e50-987c-4207ac396c25 cf9c8b4ce3644ebdbc8ec4c67636b85a 10f636f6a6dc46d78b1b6be039462ed1 - - default default] 10.0.0.37 "GET /v2.0/extensions/port-device-profile HTTP/1.1" status: 200 len: 383 time: 0.0047951
2026-07-21 07:54:17.940 10 INFO neutron.wsgi [None req-4237778e-2f15-434b-b270-12328b414326 cf9c8b4ce3644ebdbc8ec4c67636b85a 10f636f6a6dc46d78b1b6be039462ed1 - - default default] 10.0.0.37 "GET /v2.0/extensions/port-mac-address-regenerate HTTP/1.1" status: 200 len: 403 time: 0.0061138
2026-07-21 07:54:17.944 10 INFO neutron.wsgi [None req-7554733b-f964-4c4b-9aac-3ac9f6d4c065 154166114f5f495fb789fc61793e4f78 4a5038b35cf749518fe43bf2ed1b78d9 - - default default] 10.0.0.37 "GET /v2.0/floatingips HTTP/1.1" status: 200 len: 1041 time: 0.0722904
2026-07-21 07:54:17.948 10 INFO neutron.wsgi [None req-4429eed8-9136-46c9-804c-7f86880ca203 cf9c8b4ce3644ebdbc8ec4c67636b85a 10f636f6a6dc46d78b1b6be039462ed1 - - default default] 10.0.0.37 "GET /v2.0/extensions/port-numa-affinity-policy HTTP/1.1" status: 200 len: 392 time: 0.0036116
2026-07-21 07:54:17.957 10 INFO neutron.wsgi [None req-d5ede506-89d7-46d4-8a7e-1bfbb03f3fee cf9c8b4ce3644ebdbc8ec4c67636b85a 10f636f6a6dc46d78b1b6be039462ed1 - - default default] 10.0.0.37 "GET /v2.0/extensions/port-resource-request HTTP/1.1" status: 200 len: 379 time: 0.0038984
2026-07-21 07:54:17.960 9 WARNING neutron.scheduler.dhcp_agent_scheduler [None req-53b562a2-695b-4bad-99c6-63049ff78c39 c559b67c8dc14c6e9bb7fa2452ec7a44 3b5df8bf225349b0ab7bd2b1a0d2c1b1 - - - -] No more DHCP agents
2026-07-21 07:54:17.965 9 WARNING neutron.api.rpc.agentnotifiers.dhcp_rpc_agent_api [None req-53b562a2-695b-4bad-99c6-63049ff78c39 c559b67c8dc14c6e9bb7fa2452ec7a44 3b5df8bf225349b0ab7bd2b1a0d2c1b1 - - - -] Unable to schedule network ee61bd7c-4a9e-48db-8d17-5f4dda2b2c94: no agents available; will retry on subsequent port and subnet creation events.
2026-07-21 07:54:17.986 9 INFO neutron.wsgi [None req-311899fb-527c-4e1f-aa56-270458c6abe7 cf9c8b4ce3644ebdbc8ec4c67636b85a 10f636f6a6dc46d78b1b6be039462ed1 - - default default] 10.0.0.37 "GET /v2.0/extensions/port-resource-request-groups HTTP/1.1" status: 200 len: 465 time: 0.0054157
2026-07-21 07:54:17.997 10 INFO neutron.wsgi [None req-ee3d495a-61cc-47d1-b032-0f6e20d25db4 cf9c8b4ce3644ebdbc8ec4c67636b85a 10f636f6a6dc46d78b1b6be039462ed1 - - default default] 10.0.0.37 "GET /v2.0/extensions/binding HTTP/1.1" status: 200 len: 387 time: 0.0052295
2026-07-21 07:54:18.008 9 INFO neutron.wsgi [None req-b587dcfd-edd6-44c1-9f6e-210357ee020f cf9c8b4ce3644ebdbc8ec4c67636b85a 10f636f6a6dc46d78b1b6be039462ed1 - - default default] 10.0.0.37 "GET /v2.0/extensions/binding-extended HTTP/1.1" status: 200 len: 406 time: 0.0070848
2026-07-21 07:54:18.017 10 INFO neutron.wsgi [None req-c117d07f-38ef-4cfc-a7b2-59296ed0213a cf9c8b4ce3644ebdbc8ec4c67636b85a 10f636f6a6dc46d78b1b6be039462ed1 - - default default] 10.0.0.37 "GET /v2.0/extensions/port-security HTTP/1.1" status: 200 len: 354 time: 0.0044990
2026-07-21 07:54:18.036 10 INFO neutron.wsgi [None req-ecf8cc7a-53f8-4df6-a7f9-5a46f3c87674 cf9c8b4ce3644ebdbc8ec4c67636b85a 10f636f6a6dc46d78b1b6be039462ed1 - - default default] 10.0.0.37 "GET /v2.0/extensions/project-id HTTP/1.1" status: 200 len: 398 time: 0.0046334
2026-07-21 07:54:18.053 9 INFO neutron.wsgi [None req-4886774b-1d93-4352-9b1c-dea2296fbf56 cf9c8b4ce3644ebdbc8ec4c67636b85a 10f636f6a6dc46d78b1b6be039462ed1 - - default default] 10.0.0.37 "GET /v2.0/extensions/provider HTTP/1.1" status: 200 len: 385 time: 0.0095994
2026-07-21 07:54:18.065 9 INFO neutron.wsgi [None req-d5038707-de73-4b6e-a9bc-ca60f1f0be85 cf9c8b4ce3644ebdbc8ec4c67636b85a 10f636f6a6dc46d78b1b6be039462ed1 - - default default] 10.0.0.37 "GET /v2.0/extensions/qos HTTP/1.1" status: 200 len: 360 time: 0.0042858
2026-07-21 07:54:18.079 10 INFO neutron.wsgi [None req-a3a47313-b44a-49fc-bd8d-cbedae41ccab cf9c8b4ce3644ebdbc8ec4c67636b85a 10f636f6a6dc46d78b1b6be039462ed1 - - default default] 10.0.0.37 "GET /v2.0/extensions/qos-bw-limit-direction HTTP/1.1" status: 200 len: 452 time: 0.0059395
2026-07-21 07:54:18.087 10 INFO neutron.wsgi [None req-77ceb2b1-3171-4580-9c3e-f54e9c32a3fd cf9c8b4ce3644ebdbc8ec4c67636b85a 10f636f6a6dc46d78b1b6be039462ed1 - - default default] 10.0.0.37 "GET /v2.0/extensions/qos-bw-minimum-ingress HTTP/1.1" status: 200 len: 445 time: 0.0045512
2026-07-21 07:54:18.094 10 INFO neutron.wsgi [None req-60352210-ee21-4da7-bbb6-5feb7e5fe3aa cf9c8b4ce3644ebdbc8ec4c67636b85a 10f636f6a6dc46d78b1b6be039462ed1 - - default default] 10.0.0.37 "GET /v2.0/extensions/qos-default HTTP/1.1" status: 200 len: 377 time: 0.0037515
2026-07-21 07:54:18.108 9 INFO neutron.wsgi [None req-7c1315fe-3d87-4e89-99e8-05d1d45150d0 cf9c8b4ce3644ebdbc8ec4c67636b85a 10f636f6a6dc46d78b1b6be039462ed1 - - default default] 10.0.0.37 "GET /v2.0/extensions/qos-fip HTTP/1.1" status: 200 len: 372 time: 0.0070102
2026-07-21 07:54:18.123 10 INFO neutron.wsgi [None req-6b1fe041-5e81-4459-8cfe-25bc41f93fa6 cf9c8b4ce3644ebdbc8ec4c67636b85a 10f636f6a6dc46d78b1b6be039462ed1 - - default default] 10.0.0.37 "GET /v2.0/extensions/qos-gateway-ip HTTP/1.1" status: 200 len: 391 time: 0.0089338
2026-07-21 07:54:18.131 10 INFO neutron.wsgi [None req-c1336267-ab6b-4f09-b707-7af62227e9df cf9c8b4ce3644ebdbc8ec4c67636b85a 10f636f6a6dc46d78b1b6be039462ed1 - - default default] 10.0.0.37 "GET /v2.0/extensions/qos-port-network-policy HTTP/1.1" status: 200 len: 403 time: 0.0034862
2026-07-21 07:54:18.156 9 INFO neutron.wsgi [None req-cf3125cd-75ef-467a-881a-e98f8da43a7a cf9c8b4ce3644ebdbc8ec4c67636b85a 10f636f6a6dc46d78b1b6be039462ed1 - - default default] 10.0.0.37 "GET /v2.0/extensions/qos-pps-minimum HTTP/1.1" status: 200 len: 397 time: 0.0060754
2026-07-21 07:54:18.167 10 INFO neutron.wsgi [None req-73bd5827-04d1-4b3d-8289-b342327bde0a cf9c8b4ce3644ebdbc8ec4c67636b85a 10f636f6a6dc46d78b1b6be039462ed1 - - default default] 10.0.0.37 "GET /v2.0/extensions/qos-pps-minimum-rule-alias HTTP/1.1" status: 200 len: 471 time: 0.0046587
2026-07-21 07:54:18.175 9 WARNING neutron.scheduler.dhcp_agent_scheduler [None req-ada06956-7109-42c5-80b6-ee60b436a721 97992531e8954f8eacb22a552e62dcec f242d1edc77044fdaafa0bdc197ee93f - - - -] No more DHCP agents
2026-07-21 07:54:18.181 9 INFO neutron.wsgi [None req-c2a7ff48-c037-4bb0-beac-2f80163431f7 cf9c8b4ce3644ebdbc8ec4c67636b85a 10f636f6a6dc46d78b1b6be039462ed1 - - default default] 10.0.0.37 "GET /v2.0/extensions/qos-pps HTTP/1.1" status: 200 len: 389 time: 0.0058434
2026-07-21 07:54:18.182 9 WARNING neutron.api.rpc.agentnotifiers.dhcp_rpc_agent_api [None req-ada06956-7109-42c5-80b6-ee60b436a721 97992531e8954f8eacb22a552e62dcec f242d1edc77044fdaafa0bdc197ee93f - - - -] Unable to schedule network ee61bd7c-4a9e-48db-8d17-5f4dda2b2c94: no agents available; will retry on subsequent port and subnet creation events.
2026-07-21 07:54:18.190 9 INFO neutron.wsgi [None req-08acc4a9-0122-44ee-8185-9f03cdcaa08d cf9c8b4ce3644ebdbc8ec4c67636b85a 10f636f6a6dc46d78b1b6be039462ed1 - - default default] 10.0.0.37 "GET /v2.0/extensions/qos-rule-type-details HTTP/1.1" status: 200 len: 423 time: 0.0042841
2026-07-21 07:54:18.206 9 INFO neutron.wsgi [None req-becb80e9-3240-435f-ba2c-1e90f75371b5 cf9c8b4ce3644ebdbc8ec4c67636b85a 10f636f6a6dc46d78b1b6be039462ed1 - - default default] 10.0.0.37 "GET /v2.0/extensions/qos-rule-type-filter HTTP/1.1" status: 200 len: 567 time: 0.0053992
2026-07-21 07:54:18.217 9 INFO neutron.wsgi [None req-9ecade4a-ac5d-46d7-953d-d1d398319eb1 cf9c8b4ce3644ebdbc8ec4c67636b85a 10f636f6a6dc46d78b1b6be039462ed1 - - default default] 10.0.0.37 "GET /v2.0/extensions/qos-rules-alias HTTP/1.1" status: 200 len: 448 time: 0.0049992
2026-07-21 07:54:18.225 9 INFO neutron.wsgi [None req-ec19cf8e-fa21-42ea-b103-0d6111fb189d cf9c8b4ce3644ebdbc8ec4c67636b85a 10f636f6a6dc46d78b1b6be039462ed1 - - default default] 10.0.0.37 "GET /v2.0/extensions/quota-check-limit HTTP/1.1" status: 200 len: 420 time: 0.0034180
2026-07-21 07:54:18.232 9 INFO neutron.db.ovn_revision_numbers_db [None req-53b562a2-695b-4bad-99c6-63049ff78c39 c559b67c8dc14c6e9bb7fa2452ec7a44 3b5df8bf225349b0ab7bd2b1a0d2c1b1 - - - -] Successfully bumped revision number for resource d52a6b53-30a1-4d02-87ef-3202d3fc7efa (type: ports) to 1
2026-07-21 07:54:18.240 9 INFO neutron.wsgi [None req-368fe91f-969e-446c-8731-b4cd31b55f88 cf9c8b4ce3644ebdbc8ec4c67636b85a 10f636f6a6dc46d78b1b6be039462ed1 - - default default] 10.0.0.37 "GET /v2.0/extensions/quotas HTTP/1.1" status: 200 len: 386 time: 0.0058975
2026-07-21 07:54:18.249 9 INFO neutron.wsgi [None req-c883bb31-5779-431f-a55f-ed939073e9c8 cf9c8b4ce3644ebdbc8ec4c67636b85a 10f636f6a6dc46d78b1b6be039462ed1 - - default default] 10.0.0.37 "GET /v2.0/extensions/quota_details HTTP/1.1" status: 200 len: 407 time: 0.0041070
2026-07-21 07:54:18.270 9 INFO neutron.wsgi [None req-83a160ba-c06e-46a4-aea0-fa5b5758a1d9 cf9c8b4ce3644ebdbc8ec4c67636b85a 10f636f6a6dc46d78b1b6be039462ed1 - - default default] 10.0.0.37 "GET /v2.0/extensions/rbac-policies HTTP/1.1" status: 200 len: 417 time: 0.0172350
2026-07-21 07:54:18.289 9 INFO neutron.wsgi [None req-41a13410-a4d6-4046-ac6e-477ac2bf95af cf9c8b4ce3644ebdbc8ec4c67636b85a 10f636f6a6dc46d78b1b6be039462ed1 - - default default] 10.0.0.37 "GET /v2.0/extensions/rbac-address-scope HTTP/1.1" status: 200 len: 384 time: 0.0137405
2026-07-21 07:54:18.298 9 INFO neutron.wsgi [None req-2caeb79f-35e3-4075-9676-4b6fc0864ef3 cf9c8b4ce3644ebdbc8ec4c67636b85a 10f636f6a6dc46d78b1b6be039462ed1 - - default default] 10.0.0.37 "GET /v2.0/extensions/rbac-security-groups HTTP/1.1" status: 200 len: 404 time: 0.0037353
2026-07-21 07:54:18.312 9 INFO neutron.wsgi [None req-1b329bc7-fe66-43ea-af8a-9e97e4b68937 cf9c8b4ce3644ebdbc8ec4c67636b85a 10f636f6a6dc46d78b1b6be039462ed1 - - default default] 10.0.0.37 "GET /v2.0/extensions/revision-if-match HTTP/1.1" status: 200 len: 441 time: 0.0040483
2026-07-21 07:54:18.327 9 INFO neutron.wsgi [None req-76c91247-7e51-4f32-9684-63af72f31def cf9c8b4ce3644ebdbc8ec4c67636b85a 10f636f6a6dc46d78b1b6be039462ed1 - - default default] 10.0.0.37 "GET /v2.0/extensions/standard-attr-revisions HTTP/1.1" status: 200 len: 423 time: 0.0043786
2026-07-21 07:54:18.335 9 INFO neutron.wsgi [None req-109442fb-f02b-4484-b892-4f9a6838997b cf9c8b4ce3644ebdbc8ec4c67636b85a 10f636f6a6dc46d78b1b6be039462ed1 - - default default] 10.0.0.37 "GET /v2.0/extensions/router_availability_zone HTTP/1.1" status: 200 len: 391 time: 0.0051281
2026-07-21 07:54:18.345 9 INFO neutron.wsgi [None req-112c96f9-80b2-4409-927e-17a19a6dc2de cf9c8b4ce3644ebdbc8ec4c67636b85a 10f636f6a6dc46d78b1b6be039462ed1 - - default default] 10.0.0.37 "GET /v2.0/extensions/security-groups-normalized-cidr HTTP/1.1" status: 200 len: 445 time: 0.0045373
2026-07-21 07:54:18.354 9 INFO neutron.wsgi [None req-7708ad8d-9df7-4249-9dcb-5b7174e027bc cf9c8b4ce3644ebdbc8ec4c67636b85a 10f636f6a6dc46d78b1b6be039462ed1 - - default default] 10.0.0.37 "GET /v2.0/extensions/security-groups-remote-address-group HTTP/1.1" status: 200 len: 448 time: 0.0044708
2026-07-21 07:54:18.373 9 INFO neutron.wsgi [None req-3c91a7ca-2ed7-4ec4-98f7-e91fc10be344 cf9c8b4ce3644ebdbc8ec4c67636b85a 10f636f6a6dc46d78b1b6be039462ed1 - - default default] 10.0.0.37 "GET /v2.0/extensions/security-groups-shared-filtering HTTP/1.1" status: 200 len: 435 time: 0.0042083
2026-07-21 07:54:18.578 10 INFO neutron.wsgi [None req-eeed7945-b7af-4fb1-8bd2-4a20287303f8 cf9c8b4ce3644ebdbc8ec4c67636b85a 10f636f6a6dc46d78b1b6be039462ed1 - - default default] 10.0.0.37 "GET /v2.0/extensions/security-group HTTP/1.1" status: 200 len: 364 time: 0.0087190
2026-07-21 07:54:18.597 10 INFO neutron.wsgi [None req-e3040d10-0225-4024-b5de-e9f5e33e4bf0 cf9c8b4ce3644ebdbc8ec4c67636b85a 10f636f6a6dc46d78b1b6be039462ed1 - - default default] 10.0.0.37 "GET /v2.0/extensions/segment HTTP/1.1" status: 200 len: 339 time: 0.0097260
2026-07-21 07:54:18.628 10 INFO neutron.wsgi [None req-a2685a99-3d12-454c-9f9c-73e2375ce1f1 cf9c8b4ce3644ebdbc8ec4c67636b85a 10f636f6a6dc46d78b1b6be039462ed1 - - default default] 10.0.0.37 "GET /v2.0/extensions/segments-peer-subnet-host-routes HTTP/1.1" status: 200 len: 427 time: 0.0072954
2026-07-21 07:54:18.642 10 INFO neutron.wsgi [None req-649e6dd5-c62f-4ff8-9922-4a3779e2a685 cf9c8b4ce3644ebdbc8ec4c67636b85a 10f636f6a6dc46d78b1b6be039462ed1 - - default default] 10.0.0.37 "GET /v2.0/extensions/service-type HTTP/1.1" status: 200 len: 415 time: 0.0051806
2026-07-21 07:54:18.652 10 INFO neutron.db.l3_db [None req-156d8515-667b-4bce-b2bb-e6f3a8a4c3a1 154166114f5f495fb789fc61793e4f78 4a5038b35cf749518fe43bf2ed1b78d9 - - - -] Floating IP d9ff74fa-6fa2-44c9-8246-bd7ddf0d9f1b associated. External IP: 10.96.250.202, port: 8e9ebcab-fa84-423b-9a2e-b3ab365d2301.
2026-07-21 07:54:18.657 10 INFO neutron.wsgi [None req-dd63603b-0286-4423-8d0a-9cd7bb3b6f8e cf9c8b4ce3644ebdbc8ec4c67636b85a 10f636f6a6dc46d78b1b6be039462ed1 - - default default] 10.0.0.37 "GET /v2.0/extensions/sorting HTTP/1.1" status: 200 len: 377 time: 0.0061107
2026-07-21 07:54:18.669 9 INFO neutron.wsgi [None req-1c88950c-dd79-4222-ae50-4196690ed9cd cf9c8b4ce3644ebdbc8ec4c67636b85a 10f636f6a6dc46d78b1b6be039462ed1 - - default default] 10.0.0.37 "GET /v2.0/extensions/standard-attr-segment HTTP/1.1" status: 200 len: 406 time: 0.0060470
2026-07-21 07:54:18.679 9 INFO neutron.wsgi [None req-44eeda09-608e-4c28-9605-c0c4fce5a3e9 cf9c8b4ce3644ebdbc8ec4c67636b85a 10f636f6a6dc46d78b1b6be039462ed1 - - default default] 10.0.0.37 "GET /v2.0/extensions/standard-attr-description HTTP/1.1" status: 200 len: 408 time: 0.0037997
2026-07-21 07:54:18.704 9 INFO neutron.wsgi [None req-13d172d0-1dc3-4c77-be84-62aa86af8113 cf9c8b4ce3644ebdbc8ec4c67636b85a 10f636f6a6dc46d78b1b6be039462ed1 - - default default] 10.0.0.37 "GET /v2.0/extensions/stateful-security-group HTTP/1.1" status: 200 len: 402 time: 0.0052552
2026-07-21 07:54:18.715 10 INFO neutron.wsgi [None req-a168423e-793a-4def-899b-ccc7c02dcd36 cf9c8b4ce3644ebdbc8ec4c67636b85a 10f636f6a6dc46d78b1b6be039462ed1 - - default default] 10.0.0.37 "GET /v2.0/extensions/subnet-dns-publish-fixed-ip HTTP/1.1" status: 200 len: 421 time: 0.0064197
2026-07-21 07:54:18.727 10 INFO neutron.wsgi [None req-8db1dcbe-5d02-4978-a38a-f77a9b5bd94c cf9c8b4ce3644ebdbc8ec4c67636b85a 10f636f6a6dc46d78b1b6be039462ed1 - - default default] 10.0.0.37 "GET /v2.0/extensions/subnet-segmentid-writable HTTP/1.1" status: 200 len: 421 time: 0.0081139
2026-07-21 07:54:18.736 10 INFO neutron.wsgi [None req-403bff95-78ad-4c23-8ec5-cd46dd621fcc cf9c8b4ce3644ebdbc8ec4c67636b85a 10f636f6a6dc46d78b1b6be039462ed1 - - default default] 10.0.0.37 "GET /v2.0/extensions/subnet-service-types HTTP/1.1" status: 200 len: 400 time: 0.0047152
2026-07-21 07:54:18.747 10 INFO neutron.wsgi [None req-2c7501f9-67d6-4e44-8439-7049e39c256d cf9c8b4ce3644ebdbc8ec4c67636b85a 10f636f6a6dc46d78b1b6be039462ed1 - - default default] 10.0.0.37 "GET /v2.0/extensions/subnet_allocation HTTP/1.1" status: 200 len: 388 time: 0.0066278
2026-07-21 07:54:18.762 9 INFO neutron.wsgi [None req-7c739e40-23c6-4ff0-86df-a73d68cb550f cf9c8b4ce3644ebdbc8ec4c67636b85a 10f636f6a6dc46d78b1b6be039462ed1 - - default default] 10.0.0.37 "GET /v2.0/extensions/subnetpool-prefix-ops HTTP/1.1" status: 200 len: 418 time: 0.0075831
2026-07-21 07:54:18.779 10 INFO neutron.wsgi [None req-35c00dce-8e78-43c5-afcb-006a851561b4 cf9c8b4ce3644ebdbc8ec4c67636b85a 10f636f6a6dc46d78b1b6be039462ed1 - - default default] 10.0.0.37 "GET /v2.0/extensions/standard-attr-tag HTTP/1.1" status: 200 len: 537 time: 0.0065224
2026-07-21 07:54:18.788 9 INFO neutron.wsgi [None req-2228752a-e31b-4427-a795-3962c7f7a78c cf9c8b4ce3644ebdbc8ec4c67636b85a 10f636f6a6dc46d78b1b6be039462ed1 - - default default] 10.0.0.37 "GET /v2.0/extensions/standard-attr-timestamp HTTP/1.1" status: 200 len: 449 time: 0.0050600
2026-07-21 07:54:18.801 10 INFO neutron.wsgi [None req-a6d62556-cb51-4d06-940b-b260335bb753 cf9c8b4ce3644ebdbc8ec4c67636b85a 10f636f6a6dc46d78b1b6be039462ed1 - - default default] 10.0.0.37 "GET /v2.0/extensions/trunk HTTP/1.1" status: 200 len: 358 time: 0.0053513
2026-07-21 07:54:18.811 10 INFO neutron.wsgi [None req-2ef352c6-16cb-4c95-95c8-6da317ad46a5 cf9c8b4ce3644ebdbc8ec4c67636b85a 10f636f6a6dc46d78b1b6be039462ed1 - - default default] 10.0.0.37 "GET /v2.0/extensions/trunk-details HTTP/1.1" status: 200 len: 362 time: 0.0043769
2026-07-21 07:54:18.896 10 INFO neutron.db.ovn_revision_numbers_db [None req-156d8515-667b-4bce-b2bb-e6f3a8a4c3a1 154166114f5f495fb789fc61793e4f78 4a5038b35cf749518fe43bf2ed1b78d9 - - - -] Successfully bumped revision number for resource d9ff74fa-6fa2-44c9-8246-bd7ddf0d9f1b (type: floatingips) to 2
2026-07-21 07:54:18.928 9 INFO neutron.db.ovn_revision_numbers_db [None req-ada06956-7109-42c5-80b6-ee60b436a721 97992531e8954f8eacb22a552e62dcec f242d1edc77044fdaafa0bdc197ee93f - - - -] Successfully bumped revision number for resource 7b935e06-ed93-4e1a-8a15-716028d061d5 (type: floatingips) to 0
2026-07-21 07:54:18.947 9 INFO neutron.wsgi [None req-ada06956-7109-42c5-80b6-ee60b436a721 97992531e8954f8eacb22a552e62dcec f242d1edc77044fdaafa0bdc197ee93f - - - -] 10.0.0.37 "POST /v2.0/floatingips HTTP/1.1" status: 201 len: 751 time: 1.2225814
2026-07-21 07:54:18.985 10 INFO neutron.db.ovn_revision_numbers_db [None req-156d8515-667b-4bce-b2bb-e6f3a8a4c3a1 154166114f5f495fb789fc61793e4f78 4a5038b35cf749518fe43bf2ed1b78d9 - - - -] Successfully bumped revision number for resource d9ff74fa-6fa2-44c9-8246-bd7ddf0d9f1b (type: floatingips) to 3
2026-07-21 07:54:19.032 10 INFO neutron.wsgi [None req-156d8515-667b-4bce-b2bb-e6f3a8a4c3a1 154166114f5f495fb789fc61793e4f78 4a5038b35cf749518fe43bf2ed1b78d9 - - - -] 10.0.0.37 "PUT /v2.0/floatingips/d9ff74fa-6fa2-44c9-8246-bd7ddf0d9f1b HTTP/1.1" status: 200 len: 1036 time: 1.0837929
2026-07-21 07:54:19.201 9 INFO neutron.db.l3_db [None req-01903eef-dc51-4349-bd58-083629bac999 154166114f5f495fb789fc61793e4f78 4a5038b35cf749518fe43bf2ed1b78d9 - - - -] Floating IP d9ff74fa-6fa2-44c9-8246-bd7ddf0d9f1b disassociated. External IP: 10.96.250.202, port: c43c0b5a-a5b8-4452-9ddc-88a78022cac8.
2026-07-21 07:54:19.226 9 INFO neutron.db.ovn_revision_numbers_db [None req-01903eef-dc51-4349-bd58-083629bac999 154166114f5f495fb789fc61793e4f78 4a5038b35cf749518fe43bf2ed1b78d9 - - - -] Successfully bumped revision number for resource d9ff74fa-6fa2-44c9-8246-bd7ddf0d9f1b (type: floatingips) to 4
2026-07-21 07:54:19.228 9 INFO neutron.plugins.ml2.drivers.ovn.mech_driver.ovsdb.ovsdb_monitor [None req-4e92c38f-6037-429d-9817-3460903c3fbc - - - - - -] Router 282a9c96-c4c6-46e2-b7b2-f555cfedae6d is bound to host instance
2026-07-21 07:54:19.230 9 INFO neutron.db.ovn_revision_numbers_db [None req-53b562a2-695b-4bad-99c6-63049ff78c39 c559b67c8dc14c6e9bb7fa2452ec7a44 3b5df8bf225349b0ab7bd2b1a0d2c1b1 - - - -] Successfully bumped revision number for resource d52a6b53-30a1-4d02-87ef-3202d3fc7efa (type: router_ports) to 1
2026-07-21 07:54:19.344 9 INFO neutron.wsgi [None req-01903eef-dc51-4349-bd58-083629bac999 154166114f5f495fb789fc61793e4f78 4a5038b35cf749518fe43bf2ed1b78d9 - - - -] 10.0.0.37 "PUT /v2.0/floatingips/d9ff74fa-6fa2-44c9-8246-bd7ddf0d9f1b HTTP/1.1" status: 200 len: 748 time: 0.3070464
2026-07-21 07:54:19.346 9 INFO neutron.db.ovn_revision_numbers_db [None req-53b562a2-695b-4bad-99c6-63049ff78c39 c559b67c8dc14c6e9bb7fa2452ec7a44 3b5df8bf225349b0ab7bd2b1a0d2c1b1 - - - -] Successfully bumped revision number for resource 282a9c96-c4c6-46e2-b7b2-f555cfedae6d (type: routers) to 3 /var/lib/openstack/lib/python3.10/site-packages/pycadf/identifier.py:71: UserWarning: Invalid uuid: neutron. To ensure interoperability, identifiers should be a valid uuid. warnings.warn(('Invalid uuid: %s. To ensure interoperability, '
2026-07-21 07:54:19.360 9 INFO neutron.wsgi [None req-53b562a2-695b-4bad-99c6-63049ff78c39 c559b67c8dc14c6e9bb7fa2452ec7a44 3b5df8bf225349b0ab7bd2b1a0d2c1b1 - - - -] 10.0.0.37 "POST /v2.0/routers HTTP/1.1" status: 201 len: 879 time: 2.1434958
2026-07-21 07:54:19.484 10 INFO neutron.wsgi [req-19f172d6-f5f7-4405-a83f-027a0b6ccf66 req-1ea76a4a-1535-4e56-a346-17bc9d984a1a 97992531e8954f8eacb22a552e62dcec f242d1edc77044fdaafa0bdc197ee93f - - default default] 10.0.0.176 "GET /v2.0/security-groups?name=tempest-securitygroup--2092309656&fields=id&tenant_id=f242d1edc77044fdaafa0bdc197ee93f HTTP/1.1" status: 200 len: 267 time: 0.0974267
2026-07-21 07:54:19.667 10 INFO neutron.wsgi [req-19f172d6-f5f7-4405-a83f-027a0b6ccf66 req-9ad04b41-3ec9-4166-9dc9-dd39cb9b4598 97992531e8954f8eacb22a552e62dcec f242d1edc77044fdaafa0bdc197ee93f - - default default] 10.0.0.176 "GET /v2.0/networks?id=c272ff6c-5194-4479-8e5f-2a5e21a3d785 HTTP/1.1" status: 200 len: 874 time: 0.1758571
2026-07-21 07:54:19.707 10 INFO neutron.wsgi [req-19f172d6-f5f7-4405-a83f-027a0b6ccf66 req-63234503-127c-4e28-8f70-b4df5c66f951 97992531e8954f8eacb22a552e62dcec f242d1edc77044fdaafa0bdc197ee93f - - default default] 10.0.0.176 "GET /v2.0/quotas/f242d1edc77044fdaafa0bdc197ee93f HTTP/1.1" status: 200 len: 386 time: 0.0273335
2026-07-21 07:54:19.800 9 INFO neutron.db.ovn_revision_numbers_db [None req-4e92c38f-6037-429d-9817-3460903c3fbc - - - - - -] Successfully bumped revision number for resource d52a6b53-30a1-4d02-87ef-3202d3fc7efa (type: ports) to 1
2026-07-21 07:54:19.811 10 INFO neutron.db.ovn_revision_numbers_db [None req-e45a5da3-aca7-494f-b84f-cafd8b3b5c96 c559b67c8dc14c6e9bb7fa2452ec7a44 3b5df8bf225349b0ab7bd2b1a0d2c1b1 - - default default] Successfully bumped revision number for resource edba2509-59c5-46a5-853e-64bc2f1d7bce (type: security_groups) to 1
2026-07-21 07:54:19.863 10 INFO neutron.wsgi [None req-e45a5da3-aca7-494f-b84f-cafd8b3b5c96 c559b67c8dc14c6e9bb7fa2452ec7a44 3b5df8bf225349b0ab7bd2b1a0d2c1b1 - - default default] 10.0.0.37 "GET /v2.0/security-groups?tenant_id=10f636f6a6dc46d78b1b6be039462ed1&name=default HTTP/1.1" status: 200 len: 2996 time: 0.5378447
2026-07-21 07:54:19.901 10 INFO neutron.wsgi [req-19f172d6-f5f7-4405-a83f-027a0b6ccf66 req-0c2aa104-c078-4ca5-8e20-7bc34c6e1975 97992531e8954f8eacb22a552e62dcec f242d1edc77044fdaafa0bdc197ee93f - - default default] 10.0.0.176 "GET /v2.0/ports?tenant_id=f242d1edc77044fdaafa0bdc197ee93f&fields=id HTTP/1.1" status: 200 len: 302 time: 0.1881936
2026-07-21 07:54:20.009 10 INFO neutron.wsgi [req-19f172d6-f5f7-4405-a83f-027a0b6ccf66 req-ee9681f9-c33c-487c-82d2-9188ea32f427 1b6a6b17dc714991a943390189061cea 9796ff7890114c13968851e69adf92a0 - - f75cd953ec1d47d48337cd8ec909d548 f75cd953ec1d47d48337cd8ec909d548] 10.0.0.176 "GET /v2.0/networks/c272ff6c-5194-4479-8e5f-2a5e21a3d785?fields=segments HTTP/1.1" status: 200 len: 212 time: 0.0885694
2026-07-21 07:54:20.074 9 INFO neutron.db.ovn_revision_numbers_db [None req-4e92c38f-6037-429d-9817-3460903c3fbc - - - - - -] Successfully bumped revision number for resource d52a6b53-30a1-4d02-87ef-3202d3fc7efa (type: router_ports) to 3
2026-07-21 07:54:20.106 10 INFO neutron.wsgi [req-19f172d6-f5f7-4405-a83f-027a0b6ccf66 req-c595dd51-700f-42b6-809f-475a470a880c 1b6a6b17dc714991a943390189061cea 9796ff7890114c13968851e69adf92a0 - - f75cd953ec1d47d48337cd8ec909d548 f75cd953ec1d47d48337cd8ec909d548] 10.0.0.176 "GET /v2.0/networks/c272ff6c-5194-4479-8e5f-2a5e21a3d785?fields=provider%3Aphysical_network&fields=provider%3Anetwork_type HTTP/1.1" status: 200 len: 277 time: 0.0869939
