2026-07-21 08:00:45.444 9 INFO neutron.wsgi [None req-73bb01aa-3577-4e85-84f0-2eb862aadada c559b67c8dc14c6e9bb7fa2452ec7a44 3b5df8bf225349b0ab7bd2b1a0d2c1b1 - - default default] 199.19.213.199 "GET /v2.0/extensions/dns-integration HTTP/1.1" status: 200 len: 371 time: 0.0074298
2026-07-21 08:00:45.466 9 INFO neutron.wsgi [None req-0f8e9bfb-5d71-49e2-8f1e-68596fb44dd5 c559b67c8dc14c6e9bb7fa2452ec7a44 3b5df8bf225349b0ab7bd2b1a0d2c1b1 - - default default] 199.19.213.199 "GET /v2.0/extensions/qos HTTP/1.1" status: 200 len: 365 time: 0.0111673
2026-07-21 08:00:45.482 10 INFO neutron.wsgi [req-d3e789cc-b294-4994-b4e4-4c6cc6beb230 req-7630cac1-9e89-401a-aea2-7c198c8c7052 1b6a6b17dc714991a943390189061cea 9796ff7890114c13968851e69adf92a0 - - f75cd953ec1d47d48337cd8ec909d548 f75cd953ec1d47d48337cd8ec909d548] 199.19.213.199 "GET /v2.0/networks/1439e38b-a092-4726-8c7f-09e60c502091?fields=provider%3Aphysical_network&fields=provider%3Anetwork_type HTTP/1.1" status: 200 len: 277 time: 0.1671975
2026-07-21 08:00:45.488 9 INFO neutron.wsgi [None req-41a9fc6b-eb52-4857-bb03-0a3d7d6dd175 c559b67c8dc14c6e9bb7fa2452ec7a44 3b5df8bf225349b0ab7bd2b1a0d2c1b1 - - default default] 199.19.213.199 "GET /v2.0/extensions/allowed-address-pairs HTTP/1.1" status: 200 len: 383 time: 0.0098140
2026-07-21 08:00:45.525 10 INFO neutron.wsgi [req-d3e789cc-b294-4994-b4e4-4c6cc6beb230 req-8a4ef48e-0ba0-423e-b3ec-d04f2f394ed2 1b6a6b17dc714991a943390189061cea 9796ff7890114c13968851e69adf92a0 - - f75cd953ec1d47d48337cd8ec909d548 f75cd953ec1d47d48337cd8ec909d548] 199.19.213.199 "GET /v2.0/floatingips?fixed_ip_address=10.1.1.240&port_id=41796453-9e57-4d45-8b88-1b390c78d12e HTTP/1.1" status: 200 len: 217 time: 0.0380886
2026-07-21 08:00:45.534 9 INFO neutron.wsgi [None req-b1b7ed35-3bf5-4f4b-a0c9-1341bfac0b64 c559b67c8dc14c6e9bb7fa2452ec7a44 3b5df8bf225349b0ab7bd2b1a0d2c1b1 - - default default] 199.19.213.199 "GET /v2.0/subnets/d7e0b250-5377-4640-91a1-e3e9819efb73 HTTP/1.1" status: 200 len: 851 time: 0.0391688
2026-07-21 08:00:45.570 10 INFO neutron.wsgi [req-d3e789cc-b294-4994-b4e4-4c6cc6beb230 req-04bfa171-7d5c-4baf-9003-c3e75d584383 1b6a6b17dc714991a943390189061cea 9796ff7890114c13968851e69adf92a0 - - f75cd953ec1d47d48337cd8ec909d548 f75cd953ec1d47d48337cd8ec909d548] 199.19.213.199 "GET /v2.0/subnets?id=d7e0b250-5377-4640-91a1-e3e9819efb73 HTTP/1.1" status: 200 len: 854 time: 0.0362298
2026-07-21 08:00:45.574 9 INFO neutron.wsgi [None req-704d91d8-09e0-40e9-b40c-5066de616a57 c559b67c8dc14c6e9bb7fa2452ec7a44 3b5df8bf225349b0ab7bd2b1a0d2c1b1 - - default default] 199.19.213.199 "GET /v2.0/ports/f36df665-7503-4071-9f49-319b9a2e4492 HTTP/1.1" status: 200 len: 1340 time: 0.0344033
2026-07-21 08:00:45.613 10 INFO neutron.wsgi [req-d3e789cc-b294-4994-b4e4-4c6cc6beb230 req-2bbf1df4-204b-43a1-83d4-f8bab12628d0 1b6a6b17dc714991a943390189061cea 9796ff7890114c13968851e69adf92a0 - - f75cd953ec1d47d48337cd8ec909d548 f75cd953ec1d47d48337cd8ec909d548] 199.19.213.199 "GET /v2.0/ports?network_id=82ca2ee3-8abc-4173-905a-2b7a4dd4e601&device_owner=network%3Adhcp HTTP/1.1" status: 200 len: 210 time: 0.0339124
2026-07-21 08:00:45.621 9 INFO neutron.wsgi [None req-157cfd6b-2f17-4eb2-8a14-83b01fcf563d c559b67c8dc14c6e9bb7fa2452ec7a44 3b5df8bf225349b0ab7bd2b1a0d2c1b1 - - default default] 199.19.213.199 "GET /v2.0/ports/41796453-9e57-4d45-8b88-1b390c78d12e HTTP/1.1" status: 200 len: 1471 time: 0.0388017
2026-07-21 08:00:45.663 9 INFO neutron.wsgi [None req-d35e4be2-7120-4fe8-8249-3da7e691d9da c559b67c8dc14c6e9bb7fa2452ec7a44 3b5df8bf225349b0ab7bd2b1a0d2c1b1 - - default default] 199.19.213.199 "GET /v2.0/subnets/d7e0b250-5377-4640-91a1-e3e9819efb73 HTTP/1.1" status: 200 len: 851 time: 0.0357590
2026-07-21 08:00:45.700 10 INFO neutron.wsgi [req-d3e789cc-b294-4994-b4e4-4c6cc6beb230 req-f2e65ace-298a-4d0d-8c22-a499e469ab4c 1b6a6b17dc714991a943390189061cea 9796ff7890114c13968851e69adf92a0 - - f75cd953ec1d47d48337cd8ec909d548 f75cd953ec1d47d48337cd8ec909d548] 199.19.213.199 "GET /v2.0/networks/82ca2ee3-8abc-4173-905a-2b7a4dd4e601?fields=segments HTTP/1.1" status: 200 len: 212 time: 0.0801873
2026-07-21 08:00:45.732 9 INFO neutron.wsgi [None req-8e155eca-6073-4ee2-8b5a-bfe000c02e05 c559b67c8dc14c6e9bb7fa2452ec7a44 3b5df8bf225349b0ab7bd2b1a0d2c1b1 - - default default] 199.19.213.199 "GET /v2.0/networks/82ca2ee3-8abc-4173-905a-2b7a4dd4e601 HTTP/1.1" status: 200 len: 1001 time: 0.0638528
2026-07-21 08:00:45.784 9 INFO neutron.wsgi [None req-0227e823-31fc-415e-97c9-fcdfcb738eef c559b67c8dc14c6e9bb7fa2452ec7a44 3b5df8bf225349b0ab7bd2b1a0d2c1b1 - - default default] 199.19.213.199 "GET /v2.0/ports/f36df665-7503-4071-9f49-319b9a2e4492 HTTP/1.1" status: 200 len: 1340 time: 0.0474279
2026-07-21 08:00:45.788 10 INFO neutron.wsgi [req-d3e789cc-b294-4994-b4e4-4c6cc6beb230 req-3b7bc3fe-97e9-4b74-ac38-65d70b220b07 1b6a6b17dc714991a943390189061cea 9796ff7890114c13968851e69adf92a0 - - f75cd953ec1d47d48337cd8ec909d548 f75cd953ec1d47d48337cd8ec909d548] 199.19.213.199 "GET /v2.0/networks/82ca2ee3-8abc-4173-905a-2b7a4dd4e601?fields=provider%3Aphysical_network&fields=provider%3Anetwork_type HTTP/1.1" status: 200 len: 277 time: 0.0823958
2026-07-21 08:00:45.824 9 INFO neutron.wsgi [None req-930fda46-7a93-4e78-aafd-4e753b94c16b c559b67c8dc14c6e9bb7fa2452ec7a44 3b5df8bf225349b0ab7bd2b1a0d2c1b1 - - default default] 199.19.213.199 "GET /v2.0/subnets/d7e0b250-5377-4640-91a1-e3e9819efb73 HTTP/1.1" status: 200 len: 851 time: 0.0354884
2026-07-21 08:00:45.830 10 INFO neutron.wsgi [req-d3e789cc-b294-4994-b4e4-4c6cc6beb230 req-efc4a978-d266-46c0-adcd-c8d282db7a50 1b6a6b17dc714991a943390189061cea 9796ff7890114c13968851e69adf92a0 - - f75cd953ec1d47d48337cd8ec909d548 f75cd953ec1d47d48337cd8ec909d548] 199.19.213.199 "GET /v2.0/floatingips?fixed_ip_address=10.2.1.183&port_id=3b6c4134-ac6e-4943-8fbf-960d7728138d HTTP/1.1" status: 200 len: 217 time: 0.0345922
2026-07-21 08:00:45.867 10 INFO neutron.wsgi [req-d3e789cc-b294-4994-b4e4-4c6cc6beb230 req-c0d4a369-e145-4f0a-b915-311c75e4e74f 1b6a6b17dc714991a943390189061cea 9796ff7890114c13968851e69adf92a0 - - f75cd953ec1d47d48337cd8ec909d548 f75cd953ec1d47d48337cd8ec909d548] 199.19.213.199 "GET /v2.0/subnets?id=8d666f3f-09be-4855-a711-e041c8a95206 HTTP/1.1" status: 200 len: 851 time: 0.0301261
2026-07-21 08:00:45.896 10 INFO neutron.wsgi [req-d3e789cc-b294-4994-b4e4-4c6cc6beb230 req-368f7a64-d94e-4547-8700-d18c62bc5bd2 1b6a6b17dc714991a943390189061cea 9796ff7890114c13968851e69adf92a0 - - f75cd953ec1d47d48337cd8ec909d548 f75cd953ec1d47d48337cd8ec909d548] 199.19.213.199 "GET /v2.0/ports?network_id=689084f3-87a2-40c0-b065-557529f2eeba&device_owner=network%3Adhcp HTTP/1.1" status: 200 len: 210 time: 0.0208931
2026-07-21 08:00:45.957 10 INFO neutron.wsgi [req-d3e789cc-b294-4994-b4e4-4c6cc6beb230 req-d9464a30-919e-46de-be02-de5073b5e7f1 1b6a6b17dc714991a943390189061cea 9796ff7890114c13968851e69adf92a0 - - f75cd953ec1d47d48337cd8ec909d548 f75cd953ec1d47d48337cd8ec909d548] 199.19.213.199 "GET /v2.0/networks/689084f3-87a2-40c0-b065-557529f2eeba?fields=segments HTTP/1.1" status: 200 len: 212 time: 0.0557227
2026-07-21 08:00:46.023 10 INFO neutron.wsgi [req-d3e789cc-b294-4994-b4e4-4c6cc6beb230 req-f516220d-b87e-4c11-a832-197b9cd602a3 1b6a6b17dc714991a943390189061cea 9796ff7890114c13968851e69adf92a0 - - f75cd953ec1d47d48337cd8ec909d548 f75cd953ec1d47d48337cd8ec909d548] 199.19.213.199 "GET /v2.0/networks/689084f3-87a2-40c0-b065-557529f2eeba?fields=provider%3Aphysical_network&fields=provider%3Anetwork_type HTTP/1.1" status: 200 len: 277 time: 0.0605402
2026-07-21 08:00:46.042 9 INFO neutron.notifiers.nova [-] Nova event matching ['req-434a007f-eecb-4473-b756-aec774500367'] response: {'server_uuid': '5f5c2e6f-59d0-4f06-85d4-d07565a60d5f', 'name': 'network-vif-unplugged', 'status': 'completed', 'tag': '8012a1fe-7410-4514-978e-1512f412fca5', 'code': 200}
2026-07-21 08:00:46.042 9 INFO neutron.notifiers.nova [-] Nova event matching ['req-434a007f-eecb-4473-b756-aec774500367'] response: {'server_uuid': '5f5c2e6f-59d0-4f06-85d4-d07565a60d5f', 'name': 'network-vif-plugged', 'status': 'completed', 'tag': '8012a1fe-7410-4514-978e-1512f412fca5', 'code': 200}
2026-07-21 08:00:48.405 9 INFO neutron.wsgi [None req-7a67d604-6e9c-4797-b753-05fc2c43b198 c559b67c8dc14c6e9bb7fa2452ec7a44 3b5df8bf225349b0ab7bd2b1a0d2c1b1 - - default default] 199.19.213.199 "GET /v2.0/extensions/security-group HTTP/1.1" status: 200 len: 369 time: 0.0076709
2026-07-21 08:00:48.418 9 INFO neutron.wsgi [None req-8e19cc94-74d3-4113-bd43-d3d37aeec1f0 c559b67c8dc14c6e9bb7fa2452ec7a44 3b5df8bf225349b0ab7bd2b1a0d2c1b1 - - default default] 199.19.213.199 "GET /v2.0/extensions/dns-integration HTTP/1.1" status: 200 len: 371 time: 0.0067158
2026-07-21 08:00:48.428 9 INFO neutron.wsgi [None req-ad8566ff-00fc-45bc-a88c-86251a399463 c559b67c8dc14c6e9bb7fa2452ec7a44 3b5df8bf225349b0ab7bd2b1a0d2c1b1 - - default default] 199.19.213.199 "GET /v2.0/extensions/qos HTTP/1.1" status: 200 len: 365 time: 0.0057528
2026-07-21 08:00:48.444 9 INFO neutron.wsgi [None req-bf8e1e04-647a-4d4d-8f62-d927fb167e53 c559b67c8dc14c6e9bb7fa2452ec7a44 3b5df8bf225349b0ab7bd2b1a0d2c1b1 - - default default] 199.19.213.199 "GET /v2.0/extensions/allowed-address-pairs HTTP/1.1" status: 200 len: 383 time: 0.0095732
2026-07-21 08:00:48.488 9 INFO neutron.wsgi [None req-85bbe577-f2b9-4401-8b1e-2451e573fa81 c559b67c8dc14c6e9bb7fa2452ec7a44 3b5df8bf225349b0ab7bd2b1a0d2c1b1 - - default default] 199.19.213.199 "GET /v2.0/ports?device_id=5f5c2e6f-59d0-4f06-85d4-d07565a60d5f HTTP/1.1" status: 200 len: 3782 time: 0.0379281
2026-07-21 08:00:48.675 9 INFO neutron.wsgi [None req-21cd09fe-caa7-40c7-bb4b-d53bf50c4581 c559b67c8dc14c6e9bb7fa2452ec7a44 3b5df8bf225349b0ab7bd2b1a0d2c1b1 - - default default] 199.19.213.199 "GET /v2.0/extensions/security-group HTTP/1.1" status: 200 len: 369 time: 0.0066087
2026-07-21 08:00:48.686 9 INFO neutron.wsgi [None req-89584113-45b1-496b-95fc-67bb7755702e c559b67c8dc14c6e9bb7fa2452ec7a44 3b5df8bf225349b0ab7bd2b1a0d2c1b1 - - default default] 199.19.213.199 "GET /v2.0/extensions/dns-integration HTTP/1.1" status: 200 len: 371 time: 0.0061338
2026-07-21 08:00:48.696 9 INFO neutron.wsgi [None req-906322f3-502a-4725-8743-7dd923bef5bd c559b67c8dc14c6e9bb7fa2452ec7a44 3b5df8bf225349b0ab7bd2b1a0d2c1b1 - - default default] 199.19.213.199 "GET /v2.0/extensions/qos HTTP/1.1" status: 200 len: 365 time: 0.0053940
2026-07-21 08:00:48.706 9 INFO neutron.wsgi [None req-22fcef70-2fcc-453c-b2f5-2c63117200f1 c559b67c8dc14c6e9bb7fa2452ec7a44 3b5df8bf225349b0ab7bd2b1a0d2c1b1 - - default default] 199.19.213.199 "GET /v2.0/extensions/allowed-address-pairs HTTP/1.1" status: 200 len: 383 time: 0.0047314
2026-07-21 08:00:48.756 9 INFO neutron.wsgi [None req-5f233499-eb9e-4230-9dc9-93e10f25bcbe c559b67c8dc14c6e9bb7fa2452ec7a44 3b5df8bf225349b0ab7bd2b1a0d2c1b1 - - default default] 199.19.213.199 "GET /v2.0/ports/3b6c4134-ac6e-4943-8fbf-960d7728138d HTTP/1.1" status: 200 len: 1358 time: 0.0380638
2026-07-21 08:00:49.180 9 INFO neutron.db.ovn_revision_numbers_db [None req-a8e6e130-f712-4382-adc0-c71757b1748b c559b67c8dc14c6e9bb7fa2452ec7a44 3b5df8bf225349b0ab7bd2b1a0d2c1b1 - - - -] Successfully bumped revision number for resource 3b6c4134-ac6e-4943-8fbf-960d7728138d (type: ports) to 6
2026-07-21 08:00:49.190 9 INFO neutron.wsgi [None req-a8e6e130-f712-4382-adc0-c71757b1748b c559b67c8dc14c6e9bb7fa2452ec7a44 3b5df8bf225349b0ab7bd2b1a0d2c1b1 - - - -] 199.19.213.199 "PUT /v2.0/ports/3b6c4134-ac6e-4943-8fbf-960d7728138d HTTP/1.1" status: 200 len: 1154 time: 0.4293907 /var/lib/openstack/lib/python3.10/site-packages/pycadf/identifier.py:71: UserWarning: Invalid uuid: neutron. To ensure interoperability, identifiers should be a valid uuid. warnings.warn(('Invalid uuid: %s. To ensure interoperability, '
2026-07-21 08:00:49.239 9 INFO neutron.notifiers.nova [-] Nova event matching ['req-c4a7dbda-0e67-46a5-81d2-6ee58b6d83f9'] response: {'name': 'network-changed', 'server_uuid': '5f5c2e6f-59d0-4f06-85d4-d07565a60d5f', 'tag': '3b6c4134-ac6e-4943-8fbf-960d7728138d', 'status': 'completed', 'code': 200}
2026-07-21 08:00:49.267 9 INFO neutron.wsgi [None req-a727a63c-f7ff-4da9-984f-35f047b60d91 c559b67c8dc14c6e9bb7fa2452ec7a44 3b5df8bf225349b0ab7bd2b1a0d2c1b1 - - default default] 199.19.213.199 "GET /v2.0/networks/689084f3-87a2-40c0-b065-557529f2eeba HTTP/1.1" status: 200 len: 999 time: 0.0699780
2026-07-21 08:00:49.292 10 INFO neutron.wsgi [req-1fb3810e-9424-4344-b904-c9d2ecb787b0 req-ebac8de8-1fe4-48ac-9e09-0523b5a3bd83 1b6a6b17dc714991a943390189061cea 9796ff7890114c13968851e69adf92a0 - - f75cd953ec1d47d48337cd8ec909d548 f75cd953ec1d47d48337cd8ec909d548] 199.19.213.199 "GET /v2.0/ports?tenant_id=3b5df8bf225349b0ab7bd2b1a0d2c1b1&device_id=5f5c2e6f-59d0-4f06-85d4-d07565a60d5f HTTP/1.1" status: 200 len: 3607 time: 0.0452142
2026-07-21 08:00:49.310 9 INFO neutron.wsgi [None req-72d034ec-37e7-4d7a-952d-6fd335d2762e c559b67c8dc14c6e9bb7fa2452ec7a44 3b5df8bf225349b0ab7bd2b1a0d2c1b1 - - default default] 199.19.213.199 "GET /v2.0/ports?device_id=5f5c2e6f-59d0-4f06-85d4-d07565a60d5f HTTP/1.1" status: 200 len: 3607 time: 0.0360956
2026-07-21 08:00:49.356 10 INFO neutron.wsgi [req-1fb3810e-9424-4344-b904-c9d2ecb787b0 req-fd26253a-ff2b-46e2-80e7-e9606b48890c 1b6a6b17dc714991a943390189061cea 9796ff7890114c13968851e69adf92a0 - - f75cd953ec1d47d48337cd8ec909d548 f75cd953ec1d47d48337cd8ec909d548] 199.19.213.199 "GET /v2.0/networks?id=689084f3-87a2-40c0-b065-557529f2eeba HTTP/1.1" status: 200 len: 1002 time: 0.0567555
2026-07-21 08:00:49.411 9 INFO neutron.wsgi [None req-dc02a5a9-c1c8-48d8-a8e2-22653b7879fa c559b67c8dc14c6e9bb7fa2452ec7a44 3b5df8bf225349b0ab7bd2b1a0d2c1b1 - - default default] 199.19.213.199 "GET /v2.0/ports?device_id=5f5c2e6f-59d0-4f06-85d4-d07565a60d5f HTTP/1.1" status: 200 len: 3607 time: 0.0367639
2026-07-21 08:00:49.434 10 INFO neutron.wsgi [req-1fb3810e-9424-4344-b904-c9d2ecb787b0 req-748f99ce-2f9a-4f72-8f16-2aff1ad40fbf 1b6a6b17dc714991a943390189061cea 9796ff7890114c13968851e69adf92a0 - - f75cd953ec1d47d48337cd8ec909d548 f75cd953ec1d47d48337cd8ec909d548] 199.19.213.199 "GET /v2.0/networks/689084f3-87a2-40c0-b065-557529f2eeba?fields=segments HTTP/1.1" status: 200 len: 212 time: 0.0691175
2026-07-21 08:00:49.511 10 INFO neutron.wsgi [req-1fb3810e-9424-4344-b904-c9d2ecb787b0 req-1a2930a8-0f37-42b4-9f97-1e9de09cbaf1 1b6a6b17dc714991a943390189061cea 9796ff7890114c13968851e69adf92a0 - - f75cd953ec1d47d48337cd8ec909d548 f75cd953ec1d47d48337cd8ec909d548] 199.19.213.199 "GET /v2.0/networks/689084f3-87a2-40c0-b065-557529f2eeba?fields=provider%3Aphysical_network&fields=provider%3Anetwork_type HTTP/1.1" status: 200 len: 277 time: 0.0722542
2026-07-21 08:00:49.681 9 INFO neutron.plugins.ml2.drivers.ovn.mech_driver.mech_driver [None req-1096d1bb-1619-4472-9536-ac3a88dc9fbc - - - - - -] OVN reports status down for port: 3b6c4134-ac6e-4943-8fbf-960d7728138d
2026-07-21 08:00:49.729 10 INFO neutron.wsgi [req-8022fd61-54a6-47f3-9020-8ecb4b92f37f req-61f6aff8-61df-4949-a054-8cd4e1cb998c 1b6a6b17dc714991a943390189061cea 9796ff7890114c13968851e69adf92a0 - - f75cd953ec1d47d48337cd8ec909d548 f75cd953ec1d47d48337cd8ec909d548] 199.19.213.199 "GET /v2.0/ports/3b6c4134-ac6e-4943-8fbf-960d7728138d HTTP/1.1" status: 200 len: 1182 time: 0.0377951
2026-07-21 08:00:49.931 9 INFO neutron.db.ovn_revision_numbers_db [None req-1096d1bb-1619-4472-9536-ac3a88dc9fbc - - - - - -] Successfully bumped revision number for resource 3b6c4134-ac6e-4943-8fbf-960d7728138d (type: ports) to 7
2026-07-21 08:00:49.991 10 INFO neutron.wsgi [None req-7382ac06-9bfa-4d0e-bce7-f19ed71dcd65 c559b67c8dc14c6e9bb7fa2452ec7a44 3b5df8bf225349b0ab7bd2b1a0d2c1b1 - - - -] 199.19.213.199 "DELETE /v2.0/ports/3b6c4134-ac6e-4943-8fbf-960d7728138d HTTP/1.1" status: 204 len: 173 time: 0.2587094
2026-07-21 08:00:50.031 10 INFO neutron.notifiers.nova [-] Nova event matching ['req-21c6b51a-aca1-484a-b6a0-7205ea480d4c'] response: {'server_uuid': '5f5c2e6f-59d0-4f06-85d4-d07565a60d5f', 'name': 'network-vif-deleted', 'tag': '3b6c4134-ac6e-4943-8fbf-960d7728138d', 'status': 'completed', 'code': 200}
2026-07-21 08:00:50.078 10 INFO neutron.wsgi [req-8022fd61-54a6-47f3-9020-8ecb4b92f37f req-1c9dfeb2-8765-42fc-b63e-c207eae19551 1b6a6b17dc714991a943390189061cea 9796ff7890114c13968851e69adf92a0 - - f75cd953ec1d47d48337cd8ec909d548 f75cd953ec1d47d48337cd8ec909d548] 199.19.213.199 "GET /v2.0/ports?tenant_id=3b5df8bf225349b0ab7bd2b1a0d2c1b1&device_id=5f5c2e6f-59d0-4f06-85d4-d07565a60d5f HTTP/1.1" status: 200 len: 2632 time: 0.0348070
2026-07-21 08:00:50.165 10 INFO neutron.wsgi [req-8022fd61-54a6-47f3-9020-8ecb4b92f37f req-875fd148-e207-4f45-86d7-d7aeb938f15d 1b6a6b17dc714991a943390189061cea 9796ff7890114c13968851e69adf92a0 - - f75cd953ec1d47d48337cd8ec909d548 f75cd953ec1d47d48337cd8ec909d548] 199.19.213.199 "GET /v2.0/networks?id=1439e38b-a092-4726-8c7f-09e60c502091&id=82ca2ee3-8abc-4173-905a-2b7a4dd4e601&id=689084f3-87a2-40c0-b065-557529f2eeba HTTP/1.1" status: 200 len: 2518 time: 0.0772741
2026-07-21 08:00:50.212 10 INFO neutron.wsgi [req-8022fd61-54a6-47f3-9020-8ecb4b92f37f req-50580737-97ae-4a8c-8df0-0276f9a1d6a6 1b6a6b17dc714991a943390189061cea 9796ff7890114c13968851e69adf92a0 - - f75cd953ec1d47d48337cd8ec909d548 f75cd953ec1d47d48337cd8ec909d548] 199.19.213.199 "GET /v2.0/floatingips?fixed_ip_address=172.24.2.188&port_id=d1b40e0e-0d02-483a-b2c0-e99701d92ffc HTTP/1.1" status: 200 len: 217 time: 0.0398726
2026-07-21 08:00:50.257 10 INFO neutron.wsgi [req-8022fd61-54a6-47f3-9020-8ecb4b92f37f req-c255b28d-9f7a-4eef-bca2-04cd772b19c1 1b6a6b17dc714991a943390189061cea 9796ff7890114c13968851e69adf92a0 - - f75cd953ec1d47d48337cd8ec909d548 f75cd953ec1d47d48337cd8ec909d548] 199.19.213.199 "GET /v2.0/subnets?id=8e35f31e-9422-429c-bffe-87a42a246755 HTTP/1.1" status: 200 len: 829 time: 0.0383952
2026-07-21 08:00:50.289 9 INFO neutron.wsgi [-] 10.0.0.151 "GET / HTTP/1.1" status: 200 len: 246 time: 0.0021794
2026-07-21 08:00:50.291 9 INFO neutron.wsgi [-] 10.0.0.151 "GET / HTTP/1.1" status: 200 len: 246 time: 0.0015883
2026-07-21 08:00:50.302 10 INFO neutron.wsgi [req-8022fd61-54a6-47f3-9020-8ecb4b92f37f req-6a7914f3-0a3c-4f88-9982-6b32ea6302b3 1b6a6b17dc714991a943390189061cea 9796ff7890114c13968851e69adf92a0 - - f75cd953ec1d47d48337cd8ec909d548 f75cd953ec1d47d48337cd8ec909d548] 199.19.213.199 "GET /v2.0/ports?network_id=1439e38b-a092-4726-8c7f-09e60c502091&device_owner=network%3Adhcp HTTP/1.1" status: 200 len: 210 time: 0.0378816
2026-07-21 08:00:50.383 10 INFO neutron.wsgi [req-8022fd61-54a6-47f3-9020-8ecb4b92f37f req-83af66a2-c8fe-4a61-9220-936053a83faa 1b6a6b17dc714991a943390189061cea 9796ff7890114c13968851e69adf92a0 - - f75cd953ec1d47d48337cd8ec909d548 f75cd953ec1d47d48337cd8ec909d548] 199.19.213.199 "GET /v2.0/networks/1439e38b-a092-4726-8c7f-09e60c502091?fields=segments HTTP/1.1" status: 200 len: 212 time: 0.0747373
2026-07-21 08:00:50.465 10 INFO neutron.wsgi [req-8022fd61-54a6-47f3-9020-8ecb4b92f37f req-c59e607e-994e-4de7-90af-4a18d5cc79a4 1b6a6b17dc714991a943390189061cea 9796ff7890114c13968851e69adf92a0 - - f75cd953ec1d47d48337cd8ec909d548 f75cd953ec1d47d48337cd8ec909d548] 199.19.213.199 "GET /v2.0/networks/1439e38b-a092-4726-8c7f-09e60c502091?fields=provider%3Aphysical_network&fields=provider%3Anetwork_type HTTP/1.1" status: 200 len: 277 time: 0.0752416
2026-07-21 08:00:50.470 9 INFO neutron.wsgi [None req-0f647ea0-9454-4d4b-b95d-fbe6ad46128c c559b67c8dc14c6e9bb7fa2452ec7a44 3b5df8bf225349b0ab7bd2b1a0d2c1b1 - - default default] 199.19.213.199 "GET /v2.0/ports?device_id=5f5c2e6f-59d0-4f06-85d4-d07565a60d5f HTTP/1.1" status: 200 len: 2632 time: 0.0491939
2026-07-21 08:00:50.496 10 INFO neutron.wsgi [req-8022fd61-54a6-47f3-9020-8ecb4b92f37f req-72823a25-a62f-4b99-b0f0-a7bbddc720e0 1b6a6b17dc714991a943390189061cea 9796ff7890114c13968851e69adf92a0 - - f75cd953ec1d47d48337cd8ec909d548 f75cd953ec1d47d48337cd8ec909d548] 199.19.213.199 "GET /v2.0/floatingips?fixed_ip_address=10.1.1.240&port_id=41796453-9e57-4d45-8b88-1b390c78d12e HTTP/1.1" status: 200 len: 217 time: 0.0251229
2026-07-21 08:00:50.506 9 INFO neutron.pecan_wsgi.hooks.translation [None req-f33383cb-612b-4374-9ce1-ef34853aa0ac c559b67c8dc14c6e9bb7fa2452ec7a44 3b5df8bf225349b0ab7bd2b1a0d2c1b1 - - - -] DELETE failed (client error): The resource could not be found.
2026-07-21 08:00:50.510 9 INFO neutron.wsgi [None req-f33383cb-612b-4374-9ce1-ef34853aa0ac c559b67c8dc14c6e9bb7fa2452ec7a44 3b5df8bf225349b0ab7bd2b1a0d2c1b1 - - - -] 199.19.213.199 "DELETE /v2.0/ports/3b6c4134-ac6e-4943-8fbf-960d7728138d HTTP/1.1" status: 404 len: 338 time: 0.0295179
2026-07-21 08:00:50.581 10 INFO neutron.wsgi [req-8022fd61-54a6-47f3-9020-8ecb4b92f37f req-6c2177e1-454c-4326-97b3-6958a01f1c46 1b6a6b17dc714991a943390189061cea 9796ff7890114c13968851e69adf92a0 - - f75cd953ec1d47d48337cd8ec909d548 f75cd953ec1d47d48337cd8ec909d548] 199.19.213.199 "GET /v2.0/subnets?id=d7e0b250-5377-4640-91a1-e3e9819efb73 HTTP/1.1" status: 200 len: 854 time: 0.0750146
2026-07-21 08:00:50.608 9 INFO neutron.wsgi [None req-a6676396-4823-4954-8516-f9041701d1fa c559b67c8dc14c6e9bb7fa2452ec7a44 3b5df8bf225349b0ab7bd2b1a0d2c1b1 - - default default] 199.19.213.199 "GET /v2.0/extensions/security-group HTTP/1.1" status: 200 len: 369 time: 0.0100973
2026-07-21 08:00:50.623 9 INFO neutron.wsgi [None req-f17ece75-160a-4b88-92e1-d53ffaab94f8 c559b67c8dc14c6e9bb7fa2452ec7a44 3b5df8bf225349b0ab7bd2b1a0d2c1b1 - - default default] 199.19.213.199 "GET /v2.0/extensions/dns-integration HTTP/1.1" status: 200 len: 371 time: 0.0064840
2026-07-21 08:00:50.629 10 INFO neutron.wsgi [req-8022fd61-54a6-47f3-9020-8ecb4b92f37f req-7ea5fc3f-4cd5-4566-9f66-a7b5d7feba8b 1b6a6b17dc714991a943390189061cea 9796ff7890114c13968851e69adf92a0 - - f75cd953ec1d47d48337cd8ec909d548 f75cd953ec1d47d48337cd8ec909d548] 199.19.213.199 "GET /v2.0/ports?network_id=82ca2ee3-8abc-4173-905a-2b7a4dd4e601&device_owner=network%3Adhcp HTTP/1.1" status: 200 len: 210 time: 0.0376041
2026-07-21 08:00:50.639 9 INFO neutron.wsgi [None req-fcf38a9e-c413-4c65-9adf-e7ae93f67a28 c559b67c8dc14c6e9bb7fa2452ec7a44 3b5df8bf225349b0ab7bd2b1a0d2c1b1 - - default default] 199.19.213.199 "GET /v2.0/extensions/qos HTTP/1.1" status: 200 len: 365 time: 0.0103738
2026-07-21 08:00:50.657 9 INFO neutron.wsgi [None req-2ee20d8e-7f75-47a6-9582-8717a1aa1fdc c559b67c8dc14c6e9bb7fa2452ec7a44 3b5df8bf225349b0ab7bd2b1a0d2c1b1 - - default default] 199.19.213.199 "GET /v2.0/extensions/allowed-address-pairs HTTP/1.1" status: 200 len: 383 time: 0.0107801
2026-07-21 08:00:50.712 9 INFO neutron.wsgi [None req-ea9af0b6-077b-429e-8ded-846ea4a6365a c559b67c8dc14c6e9bb7fa2452ec7a44 3b5df8bf225349b0ab7bd2b1a0d2c1b1 - - default default] 199.19.213.199 "GET /v2.0/subnets/d7e0b250-5377-4640-91a1-e3e9819efb73 HTTP/1.1" status: 200 len: 851 time: 0.0469756
2026-07-21 08:00:50.738 10 INFO neutron.wsgi [req-8022fd61-54a6-47f3-9020-8ecb4b92f37f req-8c88adac-7590-4f3c-9422-91aaea45617f 1b6a6b17dc714991a943390189061cea 9796ff7890114c13968851e69adf92a0 - - f75cd953ec1d47d48337cd8ec909d548 f75cd953ec1d47d48337cd8ec909d548] 199.19.213.199 "GET /v2.0/networks/82ca2ee3-8abc-4173-905a-2b7a4dd4e601?fields=segments HTTP/1.1" status: 200 len: 212 time: 0.1013892
2026-07-21 08:00:50.751 9 INFO neutron.wsgi [None req-d5814c11-7e31-41f6-bfcb-982b1a9af4dc c559b67c8dc14c6e9bb7fa2452ec7a44 3b5df8bf225349b0ab7bd2b1a0d2c1b1 - - default default] 199.19.213.199 "GET /v2.0/ports/f36df665-7503-4071-9f49-319b9a2e4492 HTTP/1.1" status: 200 len: 1340 time: 0.0323827
2026-07-21 08:00:50.804 9 INFO neutron.wsgi [None req-08c37437-21f5-4a91-8805-9c3c5a62e998 c559b67c8dc14c6e9bb7fa2452ec7a44 3b5df8bf225349b0ab7bd2b1a0d2c1b1 - - default default] 199.19.213.199 "GET /v2.0/ports/41796453-9e57-4d45-8b88-1b390c78d12e HTTP/1.1" status: 200 len: 1471 time: 0.0440826
2026-07-21 08:00:50.847 9 INFO neutron.wsgi [None req-2d485265-1d8d-44e6-a259-dff9001448df c559b67c8dc14c6e9bb7fa2452ec7a44 3b5df8bf225349b0ab7bd2b1a0d2c1b1 - - default default] 199.19.213.199 "GET /v2.0/subnets/d7e0b250-5377-4640-91a1-e3e9819efb73 HTTP/1.1" status: 200 len: 851 time: 0.0379605
2026-07-21 08:00:50.930 9 INFO neutron.wsgi [None req-abd96a55-36b8-4501-9824-4e2d67d0c98f c559b67c8dc14c6e9bb7fa2452ec7a44 3b5df8bf225349b0ab7bd2b1a0d2c1b1 - - default default] 199.19.213.199 "GET /v2.0/networks/82ca2ee3-8abc-4173-905a-2b7a4dd4e601 HTTP/1.1" status: 200 len: 1001 time: 0.0742371
2026-07-21 08:00:50.970 9 INFO neutron.wsgi [None req-781ed481-cac8-4e02-a3ed-9ab4bfbe67ef c559b67c8dc14c6e9bb7fa2452ec7a44 3b5df8bf225349b0ab7bd2b1a0d2c1b1 - - default default] 199.19.213.199 "GET /v2.0/ports/f36df665-7503-4071-9f49-319b9a2e4492 HTTP/1.1" status: 200 len: 1340 time: 0.0347064
2026-07-21 08:00:51.011 9 INFO neutron.wsgi [None req-75838626-a4de-4e7f-b758-6e2f8ebc5312 c559b67c8dc14c6e9bb7fa2452ec7a44 3b5df8bf225349b0ab7bd2b1a0d2c1b1 - - default default] 199.19.213.199 "GET /v2.0/subnets/d7e0b250-5377-4640-91a1-e3e9819efb73 HTTP/1.1" status: 200 len: 851 time: 0.0366337
2026-07-21 08:00:51.216 10 INFO neutron.wsgi [req-8022fd61-54a6-47f3-9020-8ecb4b92f37f req-78598d3b-95c2-441e-ba27-9ff86af4a378 1b6a6b17dc714991a943390189061cea 9796ff7890114c13968851e69adf92a0 - - f75cd953ec1d47d48337cd8ec909d548 f75cd953ec1d47d48337cd8ec909d548] 199.19.213.199 "GET /v2.0/networks/82ca2ee3-8abc-4173-905a-2b7a4dd4e601?fields=provider%3Aphysical_network&fields=provider%3Anetwork_type HTTP/1.1" status: 200 len: 277 time: 0.4706507
2026-07-21 08:00:51.318 9 INFO neutron.notifiers.nova [-] Nova event matching ['req-02c3b210-91dd-4dd2-9a69-cd47241cc4ba'] response: {'server_uuid': '5f5c2e6f-59d0-4f06-85d4-d07565a60d5f', 'name': 'network-vif-unplugged', 'status': 'completed', 'tag': '3b6c4134-ac6e-4943-8fbf-960d7728138d', 'code': 200}
2026-07-21 08:00:51.319 9 INFO neutron.notifiers.nova [-] Nova event matching ['req-02c3b210-91dd-4dd2-9a69-cd47241cc4ba'] response: {'server_uuid': '5f5c2e6f-59d0-4f06-85d4-d07565a60d5f', 'name': 'network-vif-plugged', 'status': 'completed', 'tag': '3b6c4134-ac6e-4943-8fbf-960d7728138d', 'code': 200}
2026-07-21 08:00:59.965 9 INFO neutron.wsgi [None req-bf7f5c0a-ba0d-467d-957c-75642ec0f085 c559b67c8dc14c6e9bb7fa2452ec7a44 3b5df8bf225349b0ab7bd2b1a0d2c1b1 - - default default] 199.19.213.199 "GET /v2.0/extensions/security-group HTTP/1.1" status: 200 len: 369 time: 0.0832357
2026-07-21 08:00:59.976 9 INFO neutron.wsgi [None req-31ee2bc8-e893-4c7d-8fc9-66fa3b4ec418 c559b67c8dc14c6e9bb7fa2452ec7a44 3b5df8bf225349b0ab7bd2b1a0d2c1b1 - - default default] 199.19.213.199 "GET /v2.0/extensions/dns-integration HTTP/1.1" status: 200 len: 371 time: 0.0052347
2026-07-21 08:00:59.985 9 INFO neutron.wsgi [None req-4bc26dc5-d1c3-48c1-ae27-5c1d114d8830 c559b67c8dc14c6e9bb7fa2452ec7a44 3b5df8bf225349b0ab7bd2b1a0d2c1b1 - - default default] 199.19.213.199 "GET /v2.0/extensions/qos HTTP/1.1" status: 200 len: 365 time: 0.0042951
2026-07-21 08:00:59.996 9 INFO neutron.wsgi [None req-0eb685b8-0c84-4fd6-8bdc-8285b202d47e c559b67c8dc14c6e9bb7fa2452ec7a44 3b5df8bf225349b0ab7bd2b1a0d2c1b1 - - default default] 199.19.213.199 "GET /v2.0/extensions/allowed-address-pairs HTTP/1.1" status: 200 len: 383 time: 0.0052869
2026-07-21 08:01:00.042 9 INFO neutron.wsgi [None req-e41fad45-3569-469d-94bc-8637f9c11ee6 c559b67c8dc14c6e9bb7fa2452ec7a44 3b5df8bf225349b0ab7bd2b1a0d2c1b1 - - default default] 199.19.213.199 "GET /v2.0/security-groups?name=lb-b3ae05a2-8d4b-40af-bb3c-b2a0606390f7 HTTP/1.1" status: 200 len: 2941 time: 0.0393527
2026-07-21 08:01:00.071 9 INFO neutron.wsgi [None req-2d7f4fae-72f1-495f-a121-0b4af7452711 c559b67c8dc14c6e9bb7fa2452ec7a44 3b5df8bf225349b0ab7bd2b1a0d2c1b1 - - default default] 199.19.213.199 "GET /v2.0/security-group-rules?security_group_id=b1c0323a-b552-428f-adb6-c63c56809770 HTTP/1.1" status: 200 len: 2406 time: 0.0221412
2026-07-21 08:01:00.199 9 INFO neutron.wsgi [None req-45ed13c8-2b5b-4b9f-a612-969fb0a4736f c559b67c8dc14c6e9bb7fa2452ec7a44 3b5df8bf225349b0ab7bd2b1a0d2c1b1 - - - -] 199.19.213.199 "DELETE /v2.0/security-group-rules/2c0e51ef-6bb0-4399-a4db-ccb74eabc147 HTTP/1.1" status: 204 len: 173 time: 0.1213803
2026-07-21 08:01:00.342 9 INFO neutron.wsgi [None req-b17bdedf-d87e-483f-90b0-4e80380a7121 c559b67c8dc14c6e9bb7fa2452ec7a44 3b5df8bf225349b0ab7bd2b1a0d2c1b1 - - - -] 199.19.213.199 "DELETE /v2.0/security-group-rules/35855b0b-6d32-4edc-97bf-e89169470292 HTTP/1.1" status: 204 len: 173 time: 0.1318855
2026-07-21 08:01:05.093 10 INFO neutron.db.l3_db [None req-74e142de-64b9-41a5-86fa-c7acb1862fd5 cf04bc3c929c4c15b038789256ccd941 b8f07b0ed8b34e50a1dfd2993e56cb93 - - - -] Floating IP 3e2372df-32b3-4c95-b4df-b3a0afadf178 disassociated (deleted). External IP: 10.96.250.215, port: f36df665-7503-4071-9f49-319b9a2e4492.
2026-07-21 08:01:05.177 10 INFO neutron.wsgi [None req-74e142de-64b9-41a5-86fa-c7acb1862fd5 cf04bc3c929c4c15b038789256ccd941 b8f07b0ed8b34e50a1dfd2993e56cb93 - - - -] 10.0.0.37 "DELETE /v2.0/floatingips/3e2372df-32b3-4c95-b4df-b3a0afadf178 HTTP/1.1" status: 204 len: 168 time: 0.5766122 /var/lib/openstack/lib/python3.10/site-packages/pycadf/identifier.py:71: UserWarning: Invalid uuid: neutron. To ensure interoperability, identifiers should be a valid uuid. warnings.warn(('Invalid uuid: %s. To ensure interoperability, '
2026-07-21 08:01:05.214 10 INFO neutron.api.v2.resource [None req-cb01c347-c4bf-4b4f-9c90-2ddf5f935e0a cf04bc3c929c4c15b038789256ccd941 b8f07b0ed8b34e50a1dfd2993e56cb93 - - default default] show failed (client error): The resource could not be found.
2026-07-21 08:01:05.216 10 INFO neutron.wsgi [None req-cb01c347-c4bf-4b4f-9c90-2ddf5f935e0a cf04bc3c929c4c15b038789256ccd941 b8f07b0ed8b34e50a1dfd2993e56cb93 - - default default] 10.0.0.37 "GET /v2.0/floatingips/3e2372df-32b3-4c95-b4df-b3a0afadf178 HTTP/1.1" status: 404 len: 345 time: 0.0319571
2026-07-21 08:01:05.291 9 INFO neutron.wsgi [-] 10.0.0.151 "GET / HTTP/1.1" status: 200 len: 246 time: 0.0028999
2026-07-21 08:01:05.292 10 INFO neutron.wsgi [-] 10.0.0.151 "GET / HTTP/1.1" status: 200 len: 246 time: 0.0038216
2026-07-21 08:01:05.497 9 INFO neutron.wsgi [None req-cfbe2af5-02fc-4faa-b463-33a7f2a567bf c559b67c8dc14c6e9bb7fa2452ec7a44 3b5df8bf225349b0ab7bd2b1a0d2c1b1 - - default default] 199.19.213.199 "GET /v2.0/extensions/security-group HTTP/1.1" status: 200 len: 369 time: 0.0093379
2026-07-21 08:01:05.509 9 INFO neutron.wsgi [None req-241f2383-dbfe-4890-a8a7-328e3231f8f6 c559b67c8dc14c6e9bb7fa2452ec7a44 3b5df8bf225349b0ab7bd2b1a0d2c1b1 - - default default] 199.19.213.199 "GET /v2.0/extensions/dns-integration HTTP/1.1" status: 200 len: 371 time: 0.0057139
2026-07-21 08:01:05.530 9 INFO neutron.wsgi [None req-ae0a5d59-425f-4662-9a90-bae4bc6940aa c559b67c8dc14c6e9bb7fa2452ec7a44 3b5df8bf225349b0ab7bd2b1a0d2c1b1 - - default default] 199.19.213.199 "GET /v2.0/extensions/qos HTTP/1.1" status: 200 len: 365 time: 0.0138299
2026-07-21 08:01:05.553 9 INFO neutron.wsgi [None req-6f7e42a7-6baa-4042-a5ab-8a93557ce586 c559b67c8dc14c6e9bb7fa2452ec7a44 3b5df8bf225349b0ab7bd2b1a0d2c1b1 - - default default] 199.19.213.199 "GET /v2.0/extensions/allowed-address-pairs HTTP/1.1" status: 200 len: 383 time: 0.0132215
2026-07-21 08:01:05.601 9 INFO neutron.wsgi [None req-795d8950-0dbf-4548-987c-d1c59f5705da c559b67c8dc14c6e9bb7fa2452ec7a44 3b5df8bf225349b0ab7bd2b1a0d2c1b1 - - default default] 199.19.213.199 "GET /v2.0/subnets/d7e0b250-5377-4640-91a1-e3e9819efb73 HTTP/1.1" status: 200 len: 851 time: 0.0393343
2026-07-21 08:01:05.672 9 INFO neutron.wsgi [None req-fdb14f84-ef5b-43cb-842f-d0a0ab1d80db c559b67c8dc14c6e9bb7fa2452ec7a44 3b5df8bf225349b0ab7bd2b1a0d2c1b1 - - default default] 199.19.213.199 "GET /v2.0/ports?device_id=5f5c2e6f-59d0-4f06-85d4-d07565a60d5f HTTP/1.1" status: 200 len: 2632 time: 0.0568600
2026-07-21 08:01:05.720 9 INFO neutron.wsgi [None req-196acda5-6fbc-48b7-8389-8c41341f3bc7 c559b67c8dc14c6e9bb7fa2452ec7a44 3b5df8bf225349b0ab7bd2b1a0d2c1b1 - - default default] 199.19.213.199 "GET /v2.0/ports?device_id=5f5c2e6f-59d0-4f06-85d4-d07565a60d5f HTTP/1.1" status: 200 len: 2632 time: 0.0426502
2026-07-21 08:01:05.849 9 INFO neutron.wsgi [None req-d5d8c473-7dd0-4eda-87b9-355bdd27c581 c559b67c8dc14c6e9bb7fa2452ec7a44 3b5df8bf225349b0ab7bd2b1a0d2c1b1 - - default default] 199.19.213.199 "GET /v2.0/ports?device_id=5f5c2e6f-59d0-4f06-85d4-d07565a60d5f HTTP/1.1" status: 200 len: 2632 time: 0.0377245
2026-07-21 08:01:06.116 9 INFO neutron.plugins.ml2.drivers.ovn.mech_driver.mech_driver [None req-1096d1bb-1619-4472-9536-ac3a88dc9fbc - - - - - -] OVN reports status down for port: f36df665-7503-4071-9f49-319b9a2e4492
2026-07-21 08:01:06.184 10 INFO neutron.wsgi [req-565fb2ee-5be9-49fc-acff-7ead8672f298 req-f0ba9dce-1368-4985-a4cd-6326a24ea5be 1b6a6b17dc714991a943390189061cea 9796ff7890114c13968851e69adf92a0 - - f75cd953ec1d47d48337cd8ec909d548 f75cd953ec1d47d48337cd8ec909d548] 199.19.213.199 "GET /v2.0/ports/41796453-9e57-4d45-8b88-1b390c78d12e HTTP/1.1" status: 200 len: 1471 time: 0.0397551
2026-07-21 08:01:06.225 10 INFO neutron.wsgi [req-565fb2ee-5be9-49fc-acff-7ead8672f298 req-a7c1b58c-e1f3-42fe-88ea-56e4daed9c08 c559b67c8dc14c6e9bb7fa2452ec7a44 3b5df8bf225349b0ab7bd2b1a0d2c1b1 - - default default] 199.19.213.199 "GET /v2.0/ports/41796453-9e57-4d45-8b88-1b390c78d12e?fields=binding%3Aprofile&fields=network_id HTTP/1.1" status: 200 len: 281 time: 0.0361567
2026-07-21 08:01:06.234 9 INFO neutron.plugins.ml2.drivers.ovn.mech_driver.mech_driver [None req-1096d1bb-1619-4472-9536-ac3a88dc9fbc - - - - - -] OVN reports status down for port: 41796453-9e57-4d45-8b88-1b390c78d12e
2026-07-21 08:01:06.303 10 INFO neutron.wsgi [req-565fb2ee-5be9-49fc-acff-7ead8672f298 req-1bb54e6a-8d8f-4d2f-a859-9b080b223593 c559b67c8dc14c6e9bb7fa2452ec7a44 3b5df8bf225349b0ab7bd2b1a0d2c1b1 - - default default] 199.19.213.199 "GET /v2.0/networks/82ca2ee3-8abc-4173-905a-2b7a4dd4e601?fields=dns_domain HTTP/1.1" status: 200 len: 227 time: 0.0738049
2026-07-21 08:01:06.407 9 INFO neutron.notifiers.nova [-] Nova event matching ['req-dc1f0122-2802-4486-a589-02eea380f0d7'] response: {'server_uuid': '5f5c2e6f-59d0-4f06-85d4-d07565a60d5f', 'name': 'network-vif-unplugged', 'status': 'completed', 'tag': '41796453-9e57-4d45-8b88-1b390c78d12e', 'code': 200}
2026-07-21 08:01:06.524 9 INFO neutron.db.ovn_revision_numbers_db [None req-1096d1bb-1619-4472-9536-ac3a88dc9fbc - - - - - -] Successfully bumped revision number for resource 41796453-9e57-4d45-8b88-1b390c78d12e (type: ports) to 7
2026-07-21 08:01:06.700 10 INFO neutron.db.ovn_revision_numbers_db [None req-7703905b-185e-432c-a16b-79daa71fe516 1b6a6b17dc714991a943390189061cea 9796ff7890114c13968851e69adf92a0 - - - -] Successfully bumped revision number for resource 41796453-9e57-4d45-8b88-1b390c78d12e (type: ports) to 8
2026-07-21 08:01:06.722 10 INFO neutron.wsgi [None req-7703905b-185e-432c-a16b-79daa71fe516 1b6a6b17dc714991a943390189061cea 9796ff7890114c13968851e69adf92a0 - - - -] 199.19.213.199 "PUT /v2.0/ports/41796453-9e57-4d45-8b88-1b390c78d12e HTTP/1.1" status: 200 len: 1351 time: 0.4134345 /var/lib/openstack/lib/python3.10/site-packages/pycadf/identifier.py:71: UserWarning: Invalid uuid: neutron. To ensure interoperability, identifiers should be a valid uuid. warnings.warn(('Invalid uuid: %s. To ensure interoperability, '
2026-07-21 08:01:06.821 10 INFO neutron.wsgi [req-565fb2ee-5be9-49fc-acff-7ead8672f298 req-d8a9d137-ce9d-402a-9a36-034945248aad 1b6a6b17dc714991a943390189061cea 9796ff7890114c13968851e69adf92a0 - - f75cd953ec1d47d48337cd8ec909d548 f75cd953ec1d47d48337cd8ec909d548] 199.19.213.199 "GET /v2.0/ports?tenant_id=3b5df8bf225349b0ab7bd2b1a0d2c1b1&device_id=5f5c2e6f-59d0-4f06-85d4-d07565a60d5f HTTP/1.1" status: 200 len: 1369 time: 0.0443940 /var/lib/openstack/lib/python3.10/site-packages/pycadf/identifier.py:71: UserWarning: Invalid uuid: neutron. To ensure interoperability, identifiers should be a valid uuid. warnings.warn(('Invalid uuid: %s. To ensure interoperability, '
2026-07-21 08:01:06.897 9 INFO neutron.wsgi [None req-478b78b8-586c-462a-ae8b-2fc0e7cf1bfd c559b67c8dc14c6e9bb7fa2452ec7a44 3b5df8bf225349b0ab7bd2b1a0d2c1b1 - - default default] 199.19.213.199 "GET /v2.0/ports?device_id=5f5c2e6f-59d0-4f06-85d4-d07565a60d5f HTTP/1.1" status: 200 len: 1369 time: 0.0387061
2026-07-21 08:01:06.904 10 INFO neutron.wsgi [req-565fb2ee-5be9-49fc-acff-7ead8672f298 req-6cfcc4c5-67c2-4d3c-ba5c-97fb6c688da1 1b6a6b17dc714991a943390189061cea 9796ff7890114c13968851e69adf92a0 - - f75cd953ec1d47d48337cd8ec909d548 f75cd953ec1d47d48337cd8ec909d548] 199.19.213.199 "GET /v2.0/networks?id=1439e38b-a092-4726-8c7f-09e60c502091&id=82ca2ee3-8abc-4173-905a-2b7a4dd4e601 HTTP/1.1" status: 200 len: 1729 time: 0.0753045
2026-07-21 08:01:06.948 10 INFO neutron.wsgi [req-565fb2ee-5be9-49fc-acff-7ead8672f298 req-aa8cccf3-7693-4f4e-8f81-491ac90d0629 1b6a6b17dc714991a943390189061cea 9796ff7890114c13968851e69adf92a0 - - f75cd953ec1d47d48337cd8ec909d548 f75cd953ec1d47d48337cd8ec909d548] 199.19.213.199 "GET /v2.0/floatingips?fixed_ip_address=172.24.2.188&port_id=d1b40e0e-0d02-483a-b2c0-e99701d92ffc HTTP/1.1" status: 200 len: 217 time: 0.0321071
2026-07-21 08:01:06.987 10 INFO neutron.wsgi [req-565fb2ee-5be9-49fc-acff-7ead8672f298 req-ee360d9f-bf04-41ab-bd8e-380fd146b8d7 1b6a6b17dc714991a943390189061cea 9796ff7890114c13968851e69adf92a0 - - f75cd953ec1d47d48337cd8ec909d548 f75cd953ec1d47d48337cd8ec909d548] 199.19.213.199 "GET /v2.0/subnets?id=8e35f31e-9422-429c-bffe-87a42a246755 HTTP/1.1" status: 200 len: 829 time: 0.0322225
2026-07-21 08:01:07.023 10 INFO neutron.wsgi [req-565fb2ee-5be9-49fc-acff-7ead8672f298 req-06457895-b7a2-4330-b680-94e5ad713aae 1b6a6b17dc714991a943390189061cea 9796ff7890114c13968851e69adf92a0 - - f75cd953ec1d47d48337cd8ec909d548 f75cd953ec1d47d48337cd8ec909d548] 199.19.213.199 "GET /v2.0/ports?network_id=1439e38b-a092-4726-8c7f-09e60c502091&device_owner=network%3Adhcp HTTP/1.1" status: 200 len: 210 time: 0.0270824
2026-07-21 08:01:07.092 10 INFO neutron.wsgi [req-565fb2ee-5be9-49fc-acff-7ead8672f298 req-daee4184-b7ce-4332-926c-53b7caf5600f 1b6a6b17dc714991a943390189061cea 9796ff7890114c13968851e69adf92a0 - - f75cd953ec1d47d48337cd8ec909d548 f75cd953ec1d47d48337cd8ec909d548] 199.19.213.199 "GET /v2.0/networks/1439e38b-a092-4726-8c7f-09e60c502091?fields=segments HTTP/1.1" status: 200 len: 212 time: 0.0599139
2026-07-21 08:01:07.169 10 INFO neutron.wsgi [req-565fb2ee-5be9-49fc-acff-7ead8672f298 req-da6f0f87-c387-4b87-b713-859574703fbf 1b6a6b17dc714991a943390189061cea 9796ff7890114c13968851e69adf92a0 - - f75cd953ec1d47d48337cd8ec909d548 f75cd953ec1d47d48337cd8ec909d548] 199.19.213.199 "GET /v2.0/networks/1439e38b-a092-4726-8c7f-09e60c502091?fields=provider%3Aphysical_network&fields=provider%3Anetwork_type HTTP/1.1" status: 200 len: 277 time: 0.0675747
2026-07-21 08:01:07.327 9 INFO neutron.db.ovn_revision_numbers_db [None req-a04cdf81-5f3f-4588-8b83-feaea9e0f228 c559b67c8dc14c6e9bb7fa2452ec7a44 3b5df8bf225349b0ab7bd2b1a0d2c1b1 - - - -] Successfully bumped revision number for resource 41796453-9e57-4d45-8b88-1b390c78d12e (type: ports) to 9
2026-07-21 08:01:07.353 9 INFO neutron.wsgi [None req-a04cdf81-5f3f-4588-8b83-feaea9e0f228 c559b67c8dc14c6e9bb7fa2452ec7a44 3b5df8bf225349b0ab7bd2b1a0d2c1b1 - - - -] 199.19.213.199 "PUT /v2.0/ports/41796453-9e57-4d45-8b88-1b390c78d12e HTTP/1.1" status: 200 len: 1290 time: 0.4499440 /var/lib/openstack/lib/python3.10/site-packages/pycadf/identifier.py:71: UserWarning: Invalid uuid: neutron. To ensure interoperability, identifiers should be a valid uuid. warnings.warn(('Invalid uuid: %s. To ensure interoperability, '
2026-07-21 08:01:07.397 9 INFO neutron.wsgi [None req-b9f0acad-aa74-46aa-aa9d-2dc5dae7c2ad c559b67c8dc14c6e9bb7fa2452ec7a44 3b5df8bf225349b0ab7bd2b1a0d2c1b1 - - default default] 199.19.213.199 "GET /v2.0/ports/41796453-9e57-4d45-8b88-1b390c78d12e HTTP/1.1" status: 200 len: 1290 time: 0.0339913
2026-07-21 08:01:08.208 9 INFO neutron.wsgi [None req-f606fe48-ac6f-448f-a84b-bc5b187f658b c559b67c8dc14c6e9bb7fa2452ec7a44 3b5df8bf225349b0ab7bd2b1a0d2c1b1 - - - -] 199.19.213.199 "DELETE /v2.0/ports/41796453-9e57-4d45-8b88-1b390c78d12e HTTP/1.1" status: 204 len: 173 time: 0.8044989
2026-07-21 08:01:08.260 9 INFO neutron.wsgi [None req-6b8324e5-49c2-495f-8aa4-bd31df054805 c559b67c8dc14c6e9bb7fa2452ec7a44 3b5df8bf225349b0ab7bd2b1a0d2c1b1 - - default default] 199.19.213.199 "GET /v2.0/extensions/security-group HTTP/1.1" status: 200 len: 369 time: 0.0080748
2026-07-21 08:01:08.267 9 INFO neutron.wsgi [None req-90d7ad01-79c3-4bac-920e-8ffd6ef6b49e c559b67c8dc14c6e9bb7fa2452ec7a44 3b5df8bf225349b0ab7bd2b1a0d2c1b1 - - default default] 199.19.213.199 "GET /v2.0/extensions/dns-integration HTTP/1.1" status: 200 len: 371 time: 0.0036230
2026-07-21 08:01:08.276 9 INFO neutron.wsgi [None req-62f9671b-2046-409f-a322-6e15950b3591 c559b67c8dc14c6e9bb7fa2452ec7a44 3b5df8bf225349b0ab7bd2b1a0d2c1b1 - - default default] 199.19.213.199 "GET /v2.0/extensions/qos HTTP/1.1" status: 200 len: 365 time: 0.0047328
2026-07-21 08:01:08.285 9 INFO neutron.wsgi [None req-b03c15a3-7695-4c28-b5de-f797fede880e c559b67c8dc14c6e9bb7fa2452ec7a44 3b5df8bf225349b0ab7bd2b1a0d2c1b1 - - default default] 199.19.213.199 "GET /v2.0/extensions/allowed-address-pairs HTTP/1.1" status: 200 len: 383 time: 0.0050104
2026-07-21 08:01:08.318 9 INFO neutron.pecan_wsgi.hooks.translation [None req-57a4b99a-2c85-4cdd-b1ca-f2af31f06a84 c559b67c8dc14c6e9bb7fa2452ec7a44 3b5df8bf225349b0ab7bd2b1a0d2c1b1 - - - -] DELETE failed (client error): The resource could not be found.
2026-07-21 08:01:08.321 9 INFO neutron.wsgi [None req-57a4b99a-2c85-4cdd-b1ca-f2af31f06a84 c559b67c8dc14c6e9bb7fa2452ec7a44 3b5df8bf225349b0ab7bd2b1a0d2c1b1 - - - -] 199.19.213.199 "DELETE /v2.0/ports/41796453-9e57-4d45-8b88-1b390c78d12e HTTP/1.1" status: 404 len: 338 time: 0.0294940
2026-07-21 08:01:08.368 9 INFO neutron.wsgi [None req-a221d01d-31ff-4de4-ace8-de521f855426 c559b67c8dc14c6e9bb7fa2452ec7a44 3b5df8bf225349b0ab7bd2b1a0d2c1b1 - - default default] 199.19.213.199 "GET /v2.0/ports/f36df665-7503-4071-9f49-319b9a2e4492 HTTP/1.1" status: 200 len: 1333 time: 0.0391924
2026-07-21 08:01:08.402 9 INFO neutron.wsgi [None req-febbbc45-c23e-478e-9767-f5ffa48da5ad c559b67c8dc14c6e9bb7fa2452ec7a44 3b5df8bf225349b0ab7bd2b1a0d2c1b1 - - default default] 199.19.213.199 "GET /v2.0/security-groups?name=lb-b3ae05a2-8d4b-40af-bb3c-b2a0606390f7 HTTP/1.1" status: 200 len: 1777 time: 0.0288904
2026-07-21 08:01:08.442 9 INFO neutron.wsgi [None req-c997e954-0310-4832-a0b9-1b250ee83f55 c559b67c8dc14c6e9bb7fa2452ec7a44 3b5df8bf225349b0ab7bd2b1a0d2c1b1 - - default default] 199.19.213.199 "GET /v2.0/ports/f36df665-7503-4071-9f49-319b9a2e4492 HTTP/1.1" status: 200 len: 1333 time: 0.0275075
2026-07-21 08:01:08.457 9 INFO neutron.notifiers.nova [-] Nova event matching ['req-3ce8bfc8-796a-4709-b33d-457004302c23'] response: {'server_uuid': '5f5c2e6f-59d0-4f06-85d4-d07565a60d5f', 'name': 'network-vif-plugged', 'status': 'completed', 'tag': '41796453-9e57-4d45-8b88-1b390c78d12e', 'code': 200}
2026-07-21 08:01:08.831 9 INFO neutron.db.ovn_revision_numbers_db [None req-74b1e7fc-eeae-449a-90c3-724657ab2a72 c559b67c8dc14c6e9bb7fa2452ec7a44 3b5df8bf225349b0ab7bd2b1a0d2c1b1 - - - -] Successfully bumped revision number for resource f36df665-7503-4071-9f49-319b9a2e4492 (type: ports) to 17
2026-07-21 08:01:08.848 9 INFO neutron.wsgi [None req-74b1e7fc-eeae-449a-90c3-724657ab2a72 c559b67c8dc14c6e9bb7fa2452ec7a44 3b5df8bf225349b0ab7bd2b1a0d2c1b1 - - - -] 199.19.213.199 "PUT /v2.0/ports/f36df665-7503-4071-9f49-319b9a2e4492 HTTP/1.1" status: 200 len: 1295 time: 0.3993363
2026-07-21 08:01:08.955 9 INFO neutron.wsgi [None req-1d9481a0-46c7-4352-aeef-dd2ce428c396 c559b67c8dc14c6e9bb7fa2452ec7a44 3b5df8bf225349b0ab7bd2b1a0d2c1b1 - - - -] 199.19.213.199 "DELETE /v2.0/security-groups/b1c0323a-b552-428f-adb6-c63c56809770 HTTP/1.1" status: 204 len: 173 time: 0.1023037
2026-07-21 08:01:09.274 9 INFO neutron.wsgi [None req-1c36174e-5bcb-4a3a-bc5b-c2c877f647ba c559b67c8dc14c6e9bb7fa2452ec7a44 3b5df8bf225349b0ab7bd2b1a0d2c1b1 - - - -] 199.19.213.199 "DELETE /v2.0/ports/f36df665-7503-4071-9f49-319b9a2e4492 HTTP/1.1" status: 204 len: 173 time: 0.3110240
2026-07-21 08:01:09.554 10 INFO neutron.plugins.ml2.drivers.ovn.mech_driver.mech_driver [None req-0a4d5b0c-0275-45c2-92fb-518f62a388a5 - - - - - -] OVN reports status down for port: d1b40e0e-0d02-483a-b2c0-e99701d92ffc
2026-07-21 08:01:09.714 10 INFO neutron.notifiers.nova [-] Nova event matching ['req-3b13f7fe-fc37-4e5e-a2f9-8d7a4b291065'] response: {'server_uuid': '5f5c2e6f-59d0-4f06-85d4-d07565a60d5f', 'name': 'network-vif-unplugged', 'status': 'completed', 'tag': 'd1b40e0e-0d02-483a-b2c0-e99701d92ffc', 'code': 200}
2026-07-21 08:01:09.835 10 INFO neutron.wsgi [req-7642fbb9-d029-4cc4-a5ff-a7c05b3bc68c req-be03089a-cdbb-4bd5-9e41-57303a2277b8 c559b67c8dc14c6e9bb7fa2452ec7a44 3b5df8bf225349b0ab7bd2b1a0d2c1b1 - - default default] 199.19.213.199 "GET /v2.0/ports?device_id=5f5c2e6f-59d0-4f06-85d4-d07565a60d5f HTTP/1.1" status: 200 len: 1367 time: 0.0466266
2026-07-21 08:01:09.874 10 INFO neutron.db.ovn_revision_numbers_db [None req-0a4d5b0c-0275-45c2-92fb-518f62a388a5 - - - - - -] Successfully bumped revision number for resource d1b40e0e-0d02-483a-b2c0-e99701d92ffc (type: ports) to 5
2026-07-21 08:01:10.116 10 INFO neutron.wsgi [None req-2e4790e7-e361-469f-8030-fc58f094bfc0 c559b67c8dc14c6e9bb7fa2452ec7a44 3b5df8bf225349b0ab7bd2b1a0d2c1b1 - - - -] 199.19.213.199 "DELETE /v2.0/ports/d1b40e0e-0d02-483a-b2c0-e99701d92ffc HTTP/1.1" status: 204 len: 173 time: 0.2744896 /var/lib/openstack/lib/python3.10/site-packages/pycadf/identifier.py:71: UserWarning: Invalid uuid: neutron. To ensure interoperability, identifiers should be a valid uuid. warnings.warn(('Invalid uuid: %s. To ensure interoperability, '
2026-07-21 08:01:10.966 10 INFO neutron.db.l3_db [None req-3b98a8f0-2909-462a-a201-ba16062470fa cf04bc3c929c4c15b038789256ccd941 b8f07b0ed8b34e50a1dfd2993e56cb93 - - - -] Floating IP d6991cc2-cc9a-4176-a6ea-d7fa885b0bd0 disassociated (deleted). External IP: 10.96.250.208, port: 3ed0edb6-ad08-4d28-b632-519ff73b5f8b.
2026-07-21 08:01:11.062 10 INFO neutron.wsgi [None req-3b98a8f0-2909-462a-a201-ba16062470fa cf04bc3c929c4c15b038789256ccd941 b8f07b0ed8b34e50a1dfd2993e56cb93 - - - -] 10.0.0.37 "DELETE /v2.0/floatingips/d6991cc2-cc9a-4176-a6ea-d7fa885b0bd0 HTTP/1.1" status: 204 len: 168 time: 0.6129742 /var/lib/openstack/lib/python3.10/site-packages/pycadf/identifier.py:71: UserWarning: Invalid uuid: neutron. To ensure interoperability, identifiers should be a valid uuid. warnings.warn(('Invalid uuid: %s. To ensure interoperability, '
2026-07-21 08:01:11.100 10 INFO neutron.api.v2.resource [None req-7afc061c-5ddf-4b93-a1b0-ff04a6470cca cf04bc3c929c4c15b038789256ccd941 b8f07b0ed8b34e50a1dfd2993e56cb93 - - default default] show failed (client error): The resource could not be found.
2026-07-21 08:01:11.102 10 INFO neutron.wsgi [None req-7afc061c-5ddf-4b93-a1b0-ff04a6470cca cf04bc3c929c4c15b038789256ccd941 b8f07b0ed8b34e50a1dfd2993e56cb93 - - default default] 10.0.0.37 "GET /v2.0/floatingips/d6991cc2-cc9a-4176-a6ea-d7fa885b0bd0 HTTP/1.1" status: 404 len: 345 time: 0.0345578
2026-07-21 08:01:11.336 9 INFO neutron.plugins.ml2.drivers.ovn.mech_driver.mech_driver [None req-1096d1bb-1619-4472-9536-ac3a88dc9fbc - - - - - -] OVN reports status down for port: 3ed0edb6-ad08-4d28-b632-519ff73b5f8b
2026-07-21 08:01:11.405 10 INFO neutron.wsgi [req-6bbe363a-f67b-47e4-af1f-63098ca814fc req-45b5cae7-4628-4250-9a0b-7982e3a416cd cf04bc3c929c4c15b038789256ccd941 b8f07b0ed8b34e50a1dfd2993e56cb93 - - default default] 10.0.0.176 "GET /v2.0/ports?device_id=229ecfd2-e413-4d66-88b3-a40bf1dba3b4 HTTP/1.1" status: 200 len: 1404 time: 0.1218748
2026-07-21 08:01:11.455 10 INFO neutron.wsgi [req-6bbe363a-f67b-47e4-af1f-63098ca814fc req-29281c6f-938e-42da-bee9-8f605e9f7530 cf04bc3c929c4c15b038789256ccd941 b8f07b0ed8b34e50a1dfd2993e56cb93 - - default default] 10.0.0.176 "GET /v2.0/security-groups?id=48638b46-dd11-43c4-b0db-61d7eacbab82&fields=id&fields=name HTTP/1.1" status: 200 len: 311 time: 0.0434093
2026-07-21 08:01:11.461 9 INFO neutron.notifiers.nova [-] Nova event matching ['req-3fdbbf89-7543-4519-a167-c25f44f92926'] response: {'server_uuid': '229ecfd2-e413-4d66-88b3-a40bf1dba3b4', 'name': 'network-vif-unplugged', 'status': 'completed', 'tag': '3ed0edb6-ad08-4d28-b632-519ff73b5f8b', 'code': 200}
2026-07-21 08:01:11.638 9 INFO neutron.db.ovn_revision_numbers_db [None req-1096d1bb-1619-4472-9536-ac3a88dc9fbc - - - - - -] Successfully bumped revision number for resource 3ed0edb6-ad08-4d28-b632-519ff73b5f8b (type: ports) to 5
2026-07-21 08:01:11.686 10 INFO neutron.wsgi [req-a742bbd0-e6c8-4dbf-9b08-48576e3310de req-546f052b-c64a-4573-80fd-7829a7ab63b4 cf04bc3c929c4c15b038789256ccd941 b8f07b0ed8b34e50a1dfd2993e56cb93 - - default default] 199.19.213.199 "GET /v2.0/ports?device_id=229ecfd2-e413-4d66-88b3-a40bf1dba3b4 HTTP/1.1" status: 200 len: 1402 time: 0.0441396
2026-07-21 08:01:11.763 10 INFO neutron.notifiers.nova [-] Nova event matching ['req-6e20288f-eeb9-4baa-b2cb-bea777f735b2'] response: {'server_uuid': '5f5c2e6f-59d0-4f06-85d4-d07565a60d5f', 'name': 'network-vif-plugged', 'status': 'completed', 'tag': 'd1b40e0e-0d02-483a-b2c0-e99701d92ffc', 'code': 200}
2026-07-21 08:01:11.764 10 INFO neutron.notifiers.nova [-] Nova event matching ['req-6e20288f-eeb9-4baa-b2cb-bea777f735b2'] response: {'server_uuid': '5f5c2e6f-59d0-4f06-85d4-d07565a60d5f', 'name': 'network-vif-deleted', 'tag': 'd1b40e0e-0d02-483a-b2c0-e99701d92ffc', 'status': 'completed', 'code': 200}
2026-07-21 08:01:11.764 10 INFO neutron.notifiers.nova [-] Nova event matching ['req-6e20288f-eeb9-4baa-b2cb-bea777f735b2'] response: {'name': 'network-changed', 'server_uuid': '229ecfd2-e413-4d66-88b3-a40bf1dba3b4', 'tag': '3ed0edb6-ad08-4d28-b632-519ff73b5f8b', 'status': 'completed', 'code': 200}
