2026-07-21 07:54:01.177 9 INFO neutron.plugins.ml2.drivers.ovn.mech_driver.mech_driver [None req-1096d1bb-1619-4472-9536-ac3a88dc9fbc - - - - - -] OVN reports status up for port: b6ca2975-3939-477b-a1cd-934912fb23d0
2026-07-21 07:54:01.198 9 INFO neutron.plugins.ml2.plugin [None req-1096d1bb-1619-4472-9536-ac3a88dc9fbc - - - - - -] Attempt 1 to provision port b6ca2975-3939-477b-a1cd-934912fb23d0
2026-07-21 07:54:01.232 10 INFO neutron.wsgi [req-519bdcc8-4157-4b3a-84cd-44302c24679e req-4bd4a64a-1bef-4311-a0fd-5e276ef4aeb3 1b6a6b17dc714991a943390189061cea 9796ff7890114c13968851e69adf92a0 - - f75cd953ec1d47d48337cd8ec909d548 f75cd953ec1d47d48337cd8ec909d548] 199.19.213.199 "GET /v2.0/networks?id=96c1631a-0665-4c13-9dbe-56aa59c7f7a8 HTTP/1.1" status: 200 len: 973 time: 0.0601332
2026-07-21 07:54:01.278 10 INFO neutron.wsgi [req-519bdcc8-4157-4b3a-84cd-44302c24679e req-9a227aa6-7929-4216-9aa1-3cee033dffa6 1b6a6b17dc714991a943390189061cea 9796ff7890114c13968851e69adf92a0 - - f75cd953ec1d47d48337cd8ec909d548 f75cd953ec1d47d48337cd8ec909d548] 199.19.213.199 "GET /v2.0/floatingips?fixed_ip_address=10.100.0.7&port_id=b6ca2975-3939-477b-a1cd-934912fb23d0 HTTP/1.1" status: 200 len: 217 time: 0.0346115
2026-07-21 07:54:01.289 9 INFO neutron.notifiers.nova [-] Nova event matching ['req-290442d4-0783-44a8-b796-543e58ef4038'] response: {'server_uuid': 'cdbf74f5-aa8d-43fb-b746-0d8db67bd073', 'name': 'network-vif-plugged', 'status': 'completed', 'tag': '70c47ed3-84f8-4c7b-857e-27b56b864ac5', 'code': 200}
2026-07-21 07:54:01.320 10 INFO neutron.wsgi [req-519bdcc8-4157-4b3a-84cd-44302c24679e req-8c08e914-a9a7-4e2f-a8a5-0d254e82fb0f 1b6a6b17dc714991a943390189061cea 9796ff7890114c13968851e69adf92a0 - - f75cd953ec1d47d48337cd8ec909d548 f75cd953ec1d47d48337cd8ec909d548] 199.19.213.199 "GET /v2.0/subnets?id=d328e009-4c2c-4ec5-9ead-14d913c4a31a HTTP/1.1" status: 200 len: 868 time: 0.0352829
2026-07-21 07:54:01.360 10 INFO neutron.wsgi [req-519bdcc8-4157-4b3a-84cd-44302c24679e req-7ade1bd6-8aec-43be-9024-4afbf49639e1 1b6a6b17dc714991a943390189061cea 9796ff7890114c13968851e69adf92a0 - - f75cd953ec1d47d48337cd8ec909d548 f75cd953ec1d47d48337cd8ec909d548] 199.19.213.199 "GET /v2.0/ports?network_id=96c1631a-0665-4c13-9dbe-56aa59c7f7a8&device_owner=network%3Adhcp HTTP/1.1" status: 200 len: 210 time: 0.0278161
2026-07-21 07:54:01.436 10 INFO neutron.wsgi [req-519bdcc8-4157-4b3a-84cd-44302c24679e req-3ded029d-9a75-4477-bb20-92ad869dbec6 1b6a6b17dc714991a943390189061cea 9796ff7890114c13968851e69adf92a0 - - f75cd953ec1d47d48337cd8ec909d548 f75cd953ec1d47d48337cd8ec909d548] 199.19.213.199 "GET /v2.0/networks/96c1631a-0665-4c13-9dbe-56aa59c7f7a8?fields=segments HTTP/1.1" status: 200 len: 212 time: 0.0686657
2026-07-21 07:54:01.516 10 INFO neutron.wsgi [req-519bdcc8-4157-4b3a-84cd-44302c24679e req-0607ddc0-c38e-4b6b-9507-198982763c96 1b6a6b17dc714991a943390189061cea 9796ff7890114c13968851e69adf92a0 - - f75cd953ec1d47d48337cd8ec909d548 f75cd953ec1d47d48337cd8ec909d548] 199.19.213.199 "GET /v2.0/networks/96c1631a-0665-4c13-9dbe-56aa59c7f7a8?fields=provider%3Aphysical_network&fields=provider%3Anetwork_type HTTP/1.1" status: 200 len: 277 time: 0.0703599
2026-07-21 07:54:01.545 9 INFO neutron.db.ovn_revision_numbers_db [None req-1096d1bb-1619-4472-9536-ac3a88dc9fbc - - - - - -] Successfully bumped revision number for resource b6ca2975-3939-477b-a1cd-934912fb23d0 (type: ports) to 4
2026-07-21 07:54:01.794 10 INFO neutron.wsgi [None req-0672562d-5220-44f4-aa82-376c53df7d98 0f35c0dcef154d55934311ef9e8bf0fb b4aa2073a0044b998be64480a28e8be2 - - - -] 10.0.0.37 "DELETE /v2.0/security-groups/d0046e3e-21c1-46a6-b8aa-0dfe352f50c6 HTTP/1.1" status: 204 len: 168 time: 0.1645525 /var/lib/openstack/lib/python3.10/site-packages/pycadf/identifier.py:71: UserWarning: Invalid uuid: neutron. To ensure interoperability, identifiers should be a valid uuid. warnings.warn(('Invalid uuid: %s. To ensure interoperability, '
2026-07-21 07:54:01.807 10 INFO neutron.wsgi [req-975ae6de-9b03-40b5-bb1d-881957f65938 req-5cf29523-162e-429a-b7e9-2da5c13d2dfe dd410ea4dd1549c083c634c24f507fea 89e39deea7f54df5b508730494b3535f - - default default] 10.0.0.176 "GET /v2.0/ports?device_id=3fe2449d-1354-4281-8410-9c94fe2f8e1f HTTP/1.1" status: 200 len: 1170 time: 0.0952649
2026-07-21 07:54:01.812 9 INFO neutron.api.v2.resource [None req-d2243482-ca38-4040-9011-d1baf9f6f31f 0f35c0dcef154d55934311ef9e8bf0fb b4aa2073a0044b998be64480a28e8be2 - - default default] show failed (client error): The resource could not be found.
2026-07-21 07:54:01.813 9 INFO neutron.wsgi [None req-d2243482-ca38-4040-9011-d1baf9f6f31f 0f35c0dcef154d55934311ef9e8bf0fb b4aa2073a0044b998be64480a28e8be2 - - default default] 10.0.0.37 "GET /v2.0/security-groups/d0046e3e-21c1-46a6-b8aa-0dfe352f50c6 HTTP/1.1" status: 404 len: 347 time: 0.0112514
2026-07-21 07:54:01.878 10 INFO neutron.wsgi [req-975ae6de-9b03-40b5-bb1d-881957f65938 req-310e5489-52ef-4fe1-b303-723e5890050f dd410ea4dd1549c083c634c24f507fea 89e39deea7f54df5b508730494b3535f - - default default] 10.0.0.176 "GET /v2.0/security-groups?id=ef4e79c0-96a7-4c20-86b0-7848c8285385&fields=id&fields=name HTTP/1.1" status: 200 len: 313 time: 0.0628808
2026-07-21 07:54:02.083 9 INFO neutron.wsgi [None req-631a91c3-fd61-416e-9ffe-7473ea3ce261 c559b67c8dc14c6e9bb7fa2452ec7a44 3b5df8bf225349b0ab7bd2b1a0d2c1b1 - - - -] 10.0.0.37 "PUT /v2.0/routers/41a10e0c-6853-4e6a-a1d4-1fa4439de59e/remove_router_interface HTTP/1.1" status: 200 len: 503 time: 1.4074335 /var/lib/openstack/lib/python3.10/site-packages/pycadf/identifier.py:71: UserWarning: Invalid uuid: neutron. To ensure interoperability, identifiers should be a valid uuid. warnings.warn(('Invalid uuid: %s. To ensure interoperability, '
2026-07-21 07:54:02.417 10 INFO neutron.wsgi [None req-2a5b0527-47d3-4112-a7eb-2fc6e9a852c9 0f35c0dcef154d55934311ef9e8bf0fb b4aa2073a0044b998be64480a28e8be2 - - - -] 10.0.0.37 "DELETE /v2.0/floatingips/04b702cd-138e-4196-90d6-d342a0b28cfd HTTP/1.1" status: 204 len: 168 time: 0.5950015
2026-07-21 07:54:03.007 10 INFO neutron.wsgi [req-ae9407d8-e2e0-4aee-a8b5-63f581997c23 req-e2001c43-9f77-4763-9376-228a2e9f4fa3 dd410ea4dd1549c083c634c24f507fea 89e39deea7f54df5b508730494b3535f - - default default] 10.0.0.176 "GET /v2.0/ports?device_id=3fe2449d-1354-4281-8410-9c94fe2f8e1f HTTP/1.1" status: 200 len: 1170 time: 0.0486715
2026-07-21 07:54:03.026 9 INFO neutron.wsgi [None req-2feef3ac-a94f-4dd1-8bf0-3af7d0f3ec36 c559b67c8dc14c6e9bb7fa2452ec7a44 3b5df8bf225349b0ab7bd2b1a0d2c1b1 - - - -] 10.0.0.37 "DELETE /v2.0/routers/41a10e0c-6853-4e6a-a1d4-1fa4439de59e HTTP/1.1" status: 204 len: 168 time: 0.9290130
2026-07-21 07:54:03.057 10 INFO neutron.wsgi [req-ae9407d8-e2e0-4aee-a8b5-63f581997c23 req-1cf8cb7b-4085-4b0b-b79c-5bdec20e5c08 dd410ea4dd1549c083c634c24f507fea 89e39deea7f54df5b508730494b3535f - - default default] 10.0.0.176 "GET /v2.0/security-groups?id=ef4e79c0-96a7-4c20-86b0-7848c8285385&fields=id&fields=name HTTP/1.1" status: 200 len: 313 time: 0.0372322
2026-07-21 07:54:03.238 9 INFO neutron.wsgi [None req-085d80e8-b694-4aea-9229-de7e6944c441 c559b67c8dc14c6e9bb7fa2452ec7a44 3b5df8bf225349b0ab7bd2b1a0d2c1b1 - - - -] 10.0.0.37 "DELETE /v2.0/subnets/adfe140c-2f62-459d-93c4-40d24c427765 HTTP/1.1" status: 204 len: 168 time: 0.2049537
2026-07-21 07:54:03.352 9 INFO neutron.notifiers.nova [-] Nova event matching ['req-400c180c-79a6-482d-82b8-0d6d4260beb7'] response: {'server_uuid': '3fe2449d-1354-4281-8410-9c94fe2f8e1f', 'name': 'network-vif-plugged', 'status': 'completed', 'tag': 'b6ca2975-3939-477b-a1cd-934912fb23d0', 'code': 200}
2026-07-21 07:54:03.352 9 INFO neutron.notifiers.nova [-] Nova event matching ['req-400c180c-79a6-482d-82b8-0d6d4260beb7'] response: {'server_uuid': '3fe2449d-1354-4281-8410-9c94fe2f8e1f', 'name': 'network-vif-plugged', 'status': 'completed', 'tag': 'b6ca2975-3939-477b-a1cd-934912fb23d0', 'code': 200}
2026-07-21 07:54:03.466 10 INFO neutron.db.ovn_revision_numbers_db [None req-d4f3723e-dace-4db9-b90e-0eaf942fbdd1 c559b67c8dc14c6e9bb7fa2452ec7a44 3b5df8bf225349b0ab7bd2b1a0d2c1b1 - - default default] Successfully bumped revision number for resource ad31edda-128c-4f3b-b2d8-c423c7290810 (type: security_groups) to 1
2026-07-21 07:54:03.488 10 INFO neutron.wsgi [None req-d4f3723e-dace-4db9-b90e-0eaf942fbdd1 c559b67c8dc14c6e9bb7fa2452ec7a44 3b5df8bf225349b0ab7bd2b1a0d2c1b1 - - default default] 10.0.0.37 "GET /v2.0/security-groups?tenant_id=386d4607259a46a1b98803693b275474&name=default HTTP/1.1" status: 200 len: 2996 time: 0.3627422
2026-07-21 07:54:03.615 9 INFO neutron.services.segments.plugin [-] Segment ddce9bb4-411b-460d-ba13-fb3e423459ad resource provider aggregate not found
2026-07-21 07:54:03.630 9 INFO neutron.services.segments.plugin [-] Segment ddce9bb4-411b-460d-ba13-fb3e423459ad resource provider aggregate not found
2026-07-21 07:54:03.652 9 INFO neutron.services.segments.plugin [-] Segment ddce9bb4-411b-460d-ba13-fb3e423459ad resource provider not found; error: Placement Client Error (4xx): {"errors": [{"status": 404, "title": "Not Found", "detail": "The resource could not be found.\n\n No resource provider with uuid ddce9bb4-411b-460d-ba13-fb3e423459ad found for delete ", "request_id": "req-b14ccaaa-de91-4c15-bbc4-9482e9a0c7af"}]}
2026-07-21 07:54:03.668 9 INFO neutron.services.segments.plugin [-] Segment ddce9bb4-411b-460d-ba13-fb3e423459ad resource provider not found; error: Placement Client Error (4xx): {"errors": [{"status": 404, "title": "Not Found", "detail": "The resource could not be found.\n\n No resource provider with uuid ddce9bb4-411b-460d-ba13-fb3e423459ad found for delete ", "request_id": "req-00763a85-551d-480f-9892-752b4ea8c0a1"}]}
2026-07-21 07:54:03.692 9 INFO neutron.wsgi [None req-93e5162f-3b95-48d3-90fa-a5b59cdbe6f8 c559b67c8dc14c6e9bb7fa2452ec7a44 3b5df8bf225349b0ab7bd2b1a0d2c1b1 - - - -] 10.0.0.37 "DELETE /v2.0/networks/ba5d6fb0-f8b7-41fc-8b7e-15d9daf2a7ad HTTP/1.1" status: 204 len: 168 time: 0.4482734
2026-07-21 07:54:03.770 10 INFO neutron.wsgi [None req-455b6565-8d0e-4a6c-9b92-7fbca734a5ab c559b67c8dc14c6e9bb7fa2452ec7a44 3b5df8bf225349b0ab7bd2b1a0d2c1b1 - - - -] 10.0.0.37 "PUT /v2.0/routers/df570cde-100e-4573-bb34-a15587cfe5d2/remove_router_interface HTTP/1.1" status: 200 len: 503 time: 1.2813685 /var/lib/openstack/lib/python3.10/site-packages/pycadf/identifier.py:71: UserWarning: Invalid uuid: neutron. To ensure interoperability, identifiers should be a valid uuid. warnings.warn(('Invalid uuid: %s. To ensure interoperability, '
2026-07-21 07:54:03.849 10 INFO neutron.wsgi [None req-b587cfde-42d1-48a0-8ab0-d27b916def56 c559b67c8dc14c6e9bb7fa2452ec7a44 3b5df8bf225349b0ab7bd2b1a0d2c1b1 - - - -] 10.0.0.37 "DELETE /v2.0/security-groups/ad31edda-128c-4f3b-b2d8-c423c7290810 HTTP/1.1" status: 204 len: 168 time: 0.3524020
2026-07-21 07:54:03.893 10 INFO neutron.wsgi [None req-d74ad85d-454a-4774-be42-8f12f47392fe c559b67c8dc14c6e9bb7fa2452ec7a44 3b5df8bf225349b0ab7bd2b1a0d2c1b1 - - default default] 10.0.0.37 "GET /v2.0/security-groups?tenant_id=9d58eb14cbaa42908194a838f81c9e75&name=default HTTP/1.1" status: 200 len: 2996 time: 0.0423663
2026-07-21 07:54:04.080 9 INFO neutron.wsgi [None req-0c02d502-f437-489c-9e7c-4ba023155f64 c559b67c8dc14c6e9bb7fa2452ec7a44 3b5df8bf225349b0ab7bd2b1a0d2c1b1 - - - -] 10.0.0.37 "DELETE /v2.0/security-groups/50726787-d3fa-4a2e-9402-501fcaeecbd7 HTTP/1.1" status: 204 len: 168 time: 0.1804938
2026-07-21 07:54:04.175 10 INFO neutron.wsgi [req-ee9a727e-b32f-4b4c-b619-bc360e4e23f0 req-33e0ed8a-7b53-44f1-ad6d-201edeb4b4f1 dd410ea4dd1549c083c634c24f507fea 89e39deea7f54df5b508730494b3535f - - default default] 10.0.0.176 "GET /v2.0/ports?device_id=3fe2449d-1354-4281-8410-9c94fe2f8e1f HTTP/1.1" status: 200 len: 1170 time: 0.0430267
2026-07-21 07:54:04.225 10 INFO neutron.wsgi [req-ee9a727e-b32f-4b4c-b619-bc360e4e23f0 req-22580a16-dd2b-488b-9a7b-75d1982b64a3 dd410ea4dd1549c083c634c24f507fea 89e39deea7f54df5b508730494b3535f - - default default] 10.0.0.176 "GET /v2.0/security-groups?id=ef4e79c0-96a7-4c20-86b0-7848c8285385&fields=id&fields=name HTTP/1.1" status: 200 len: 313 time: 0.0424492
2026-07-21 07:54:04.323 10 INFO neutron.wsgi [req-c56c5c6c-b704-45a3-ae90-610908c9644e req-8d700e1e-f798-460b-9382-973f0af8d1be dd410ea4dd1549c083c634c24f507fea 89e39deea7f54df5b508730494b3535f - - default default] 10.0.0.176 "GET /v2.0/ports?device_id=3fe2449d-1354-4281-8410-9c94fe2f8e1f HTTP/1.1" status: 200 len: 1170 time: 0.0375118
2026-07-21 07:54:04.532 10 INFO neutron.wsgi [None req-366d3540-0e0d-4957-bccd-95ec3a48484b c559b67c8dc14c6e9bb7fa2452ec7a44 3b5df8bf225349b0ab7bd2b1a0d2c1b1 - - - -] 10.0.0.37 "DELETE /v2.0/routers/df570cde-100e-4573-bb34-a15587cfe5d2 HTTP/1.1" status: 204 len: 168 time: 0.7510448
2026-07-21 07:54:04.649 9 INFO neutron.db.l3_db [None req-790ccebd-2c33-4fc0-a59e-59dcc89e7b6e dd410ea4dd1549c083c634c24f507fea 89e39deea7f54df5b508730494b3535f - - - -] Floating IP f9912251-c51d-44ba-b3bc-5f0955d75801 associated. External IP: 10.96.250.219, port: b6ca2975-3939-477b-a1cd-934912fb23d0.
2026-07-21 07:54:04.755 10 INFO neutron.wsgi [None req-c579d86b-7b6f-4878-bd1c-a5f5e04ff328 c559b67c8dc14c6e9bb7fa2452ec7a44 3b5df8bf225349b0ab7bd2b1a0d2c1b1 - - - -] 10.0.0.37 "DELETE /v2.0/subnets/d8208dc2-2997-4bf8-bedb-24d6ee76856e HTTP/1.1" status: 204 len: 168 time: 0.2129464
2026-07-21 07:54:04.866 9 INFO neutron.db.ovn_revision_numbers_db [None req-790ccebd-2c33-4fc0-a59e-59dcc89e7b6e dd410ea4dd1549c083c634c24f507fea 89e39deea7f54df5b508730494b3535f - - - -] Successfully bumped revision number for resource f9912251-c51d-44ba-b3bc-5f0955d75801 (type: floatingips) to 1
2026-07-21 07:54:04.969 9 INFO neutron.db.ovn_revision_numbers_db [None req-790ccebd-2c33-4fc0-a59e-59dcc89e7b6e dd410ea4dd1549c083c634c24f507fea 89e39deea7f54df5b508730494b3535f - - - -] Successfully bumped revision number for resource f9912251-c51d-44ba-b3bc-5f0955d75801 (type: floatingips) to 2
2026-07-21 07:54:04.999 9 INFO neutron.wsgi [None req-790ccebd-2c33-4fc0-a59e-59dcc89e7b6e dd410ea4dd1549c083c634c24f507fea 89e39deea7f54df5b508730494b3535f - - - -] 10.0.0.37 "PUT /v2.0/floatingips/f9912251-c51d-44ba-b3bc-5f0955d75801 HTTP/1.1" status: 200 len: 1049 time: 0.6567090 /var/lib/openstack/lib/python3.10/site-packages/pycadf/identifier.py:71: UserWarning: Invalid uuid: neutron. To ensure interoperability, identifiers should be a valid uuid. warnings.warn(('Invalid uuid: %s. To ensure interoperability, '
2026-07-21 07:54:05.096 10 INFO neutron.wsgi [req-246c08e0-7b31-447a-8f13-4125124a657f req-5d3a1e12-716b-4a11-9d66-32fd9fe45e0e dd410ea4dd1549c083c634c24f507fea 89e39deea7f54df5b508730494b3535f - - default default] 10.0.0.176 "GET /v2.0/ports?device_id=3fe2449d-1354-4281-8410-9c94fe2f8e1f HTTP/1.1" status: 200 len: 1170 time: 0.0348408
2026-07-21 07:54:05.149 10 INFO neutron.wsgi [req-246c08e0-7b31-447a-8f13-4125124a657f req-d8e56c19-53c2-4d04-8040-a322e4264711 dd410ea4dd1549c083c634c24f507fea 89e39deea7f54df5b508730494b3535f - - default default] 10.0.0.176 "GET /v2.0/security-groups?id=ef4e79c0-96a7-4c20-86b0-7848c8285385&fields=id&fields=name HTTP/1.1" status: 200 len: 313 time: 0.0454884
2026-07-21 07:54:05.261 10 INFO neutron.services.segments.plugin [-] Segment 25f6a4f8-de8d-4241-9a77-04c80f5ec45f resource provider aggregate not found
2026-07-21 07:54:05.278 10 INFO neutron.services.segments.plugin [-] Segment 25f6a4f8-de8d-4241-9a77-04c80f5ec45f resource provider not found; error: Placement Client Error (4xx): {"errors": [{"status": 404, "title": "Not Found", "detail": "The resource could not be found.\n\n No resource provider with uuid 25f6a4f8-de8d-4241-9a77-04c80f5ec45f found for delete ", "request_id": "req-5b2613dc-964f-4094-a5a6-1bf32e37c4ea"}]}
2026-07-21 07:54:05.278 10 INFO neutron.services.segments.plugin [-] Segment 25f6a4f8-de8d-4241-9a77-04c80f5ec45f resource provider aggregate not found
2026-07-21 07:54:05.288 10 INFO neutron.wsgi [-] 10.0.0.151 "GET / HTTP/1.1" status: 200 len: 246 time: 0.0016773
2026-07-21 07:54:05.290 9 INFO neutron.wsgi [-] 10.0.0.151 "GET / HTTP/1.1" status: 200 len: 246 time: 0.0031009
2026-07-21 07:54:05.302 10 INFO neutron.services.segments.plugin [-] Segment 25f6a4f8-de8d-4241-9a77-04c80f5ec45f resource provider not found; error: Placement Client Error (4xx): {"errors": [{"status": 404, "title": "Not Found", "detail": "The resource could not be found.\n\n No resource provider with uuid 25f6a4f8-de8d-4241-9a77-04c80f5ec45f found for delete ", "request_id": "req-967b6d87-5e85-46aa-90a2-27f43638898a"}]}
2026-07-21 07:54:05.315 10 INFO neutron.wsgi [None req-75098e3b-c67b-4027-b65e-0645e9de99bc c559b67c8dc14c6e9bb7fa2452ec7a44 3b5df8bf225349b0ab7bd2b1a0d2c1b1 - - - -] 10.0.0.37 "DELETE /v2.0/networks/b3129b4a-c6d9-4283-9835-b63892ebee40 HTTP/1.1" status: 204 len: 168 time: 0.5557573
2026-07-21 07:54:05.392 9 INFO neutron.notifiers.nova [-] Nova event matching ['req-01ef4e8d-712d-460a-ae22-ce82a71c98b1'] response: {'name': 'network-changed', 'server_uuid': '3fe2449d-1354-4281-8410-9c94fe2f8e1f', 'tag': 'b6ca2975-3939-477b-a1cd-934912fb23d0', 'status': 'completed', 'code': 200}
2026-07-21 07:54:05.455 9 INFO neutron.plugins.ml2.drivers.ovn.mech_driver.mech_driver [None req-1096d1bb-1619-4472-9536-ac3a88dc9fbc - - - - - -] OVN reports status down for port: b6ca2975-3939-477b-a1cd-934912fb23d0
2026-07-21 07:54:05.468 10 INFO neutron.wsgi [req-3232c8c9-418d-4a66-8def-f1f6aae3cbcb req-524d58c0-1d5c-48e1-9bc9-847b292916f1 dd410ea4dd1549c083c634c24f507fea 89e39deea7f54df5b508730494b3535f - - default default] 10.0.0.176 "GET /v2.0/ports?device_id=3fe2449d-1354-4281-8410-9c94fe2f8e1f HTTP/1.1" status: 200 len: 1170 time: 0.0655277
2026-07-21 07:54:05.477 10 INFO neutron.wsgi [req-e7d28189-1068-4a1a-aea1-958953fd6413 req-307bc705-ef18-4794-8489-73b5a287f50a 1b6a6b17dc714991a943390189061cea 9796ff7890114c13968851e69adf92a0 - - f75cd953ec1d47d48337cd8ec909d548 f75cd953ec1d47d48337cd8ec909d548] 199.19.213.199 "GET /v2.0/ports?tenant_id=89e39deea7f54df5b508730494b3535f&device_id=3fe2449d-1354-4281-8410-9c94fe2f8e1f HTTP/1.1" status: 200 len: 1361 time: 0.0396101
2026-07-21 07:54:05.517 10 INFO neutron.wsgi [req-3232c8c9-418d-4a66-8def-f1f6aae3cbcb req-9fac380b-4e95-45a0-91e6-c92f5cdd7f94 dd410ea4dd1549c083c634c24f507fea 89e39deea7f54df5b508730494b3535f - - default default] 10.0.0.176 "GET /v2.0/security-groups?id=ef4e79c0-96a7-4c20-86b0-7848c8285385&fields=id&fields=name HTTP/1.1" status: 200 len: 313 time: 0.0429296
2026-07-21 07:54:05.530 9 INFO neutron.wsgi [None req-8db33f88-c75e-4cbb-86f2-556e92779e96 c559b67c8dc14c6e9bb7fa2452ec7a44 3b5df8bf225349b0ab7bd2b1a0d2c1b1 - - default default] 10.0.0.37 "GET /v2.0/security-groups?tenant_id=b4aa2073a0044b998be64480a28e8be2&name=default HTTP/1.1" status: 200 len: 2992 time: 0.0676675
2026-07-21 07:54:05.549 10 INFO neutron.wsgi [req-e7d28189-1068-4a1a-aea1-958953fd6413 req-b16b4981-48ee-4233-8d69-a6e01139b663 1b6a6b17dc714991a943390189061cea 9796ff7890114c13968851e69adf92a0 - - f75cd953ec1d47d48337cd8ec909d548 f75cd953ec1d47d48337cd8ec909d548] 199.19.213.199 "GET /v2.0/networks?id=96c1631a-0665-4c13-9dbe-56aa59c7f7a8 HTTP/1.1" status: 200 len: 973 time: 0.0661037
2026-07-21 07:54:05.846 9 INFO neutron.wsgi [None req-66ba23c8-a1da-47a9-99fa-ad72ed801602 c559b67c8dc14c6e9bb7fa2452ec7a44 3b5df8bf225349b0ab7bd2b1a0d2c1b1 - - - -] 10.0.0.37 "DELETE /v2.0/security-groups/e0f8ef43-ab4c-43eb-bf7a-151b5a9d8aa9 HTTP/1.1" status: 204 len: 168 time: 0.3108323
2026-07-21 07:54:05.865 9 INFO neutron.db.ovn_revision_numbers_db [None req-1096d1bb-1619-4472-9536-ac3a88dc9fbc - - - - - -] Successfully bumped revision number for resource b6ca2975-3939-477b-a1cd-934912fb23d0 (type: ports) to 5
2026-07-21 07:54:05.866 10 INFO neutron.wsgi [req-8083c15f-758b-42e6-a85d-aee974a2a0e7 req-bac69d50-2f83-4a16-aa17-ff812939ba8f dd410ea4dd1549c083c634c24f507fea 89e39deea7f54df5b508730494b3535f - - default default] 199.19.213.199 "GET /v2.0/ports?device_id=3fe2449d-1354-4281-8410-9c94fe2f8e1f HTTP/1.1" status: 200 len: 1168 time: 0.0405455
2026-07-21 07:54:05.867 10 INFO neutron.wsgi [req-e7d28189-1068-4a1a-aea1-958953fd6413 req-f0312b65-6350-47f4-a90b-8ee13ba31070 1b6a6b17dc714991a943390189061cea 9796ff7890114c13968851e69adf92a0 - - f75cd953ec1d47d48337cd8ec909d548 f75cd953ec1d47d48337cd8ec909d548] 199.19.213.199 "GET /v2.0/floatingips?fixed_ip_address=10.100.0.7&port_id=b6ca2975-3939-477b-a1cd-934912fb23d0 HTTP/1.1" status: 200 len: 1059 time: 0.3128979
2026-07-21 07:54:05.932 10 INFO neutron.wsgi [req-e7d28189-1068-4a1a-aea1-958953fd6413 req-2c31fb9b-be09-48b8-b251-8e511cc739f4 1b6a6b17dc714991a943390189061cea 9796ff7890114c13968851e69adf92a0 - - f75cd953ec1d47d48337cd8ec909d548 f75cd953ec1d47d48337cd8ec909d548] 199.19.213.199 "GET /v2.0/subnets?id=d328e009-4c2c-4ec5-9ead-14d913c4a31a HTTP/1.1" status: 200 len: 868 time: 0.0539849
2026-07-21 07:54:05.969 10 INFO neutron.wsgi [req-e7d28189-1068-4a1a-aea1-958953fd6413 req-ec7b8eb9-c7e5-41d7-bb59-606c3448c8ca 1b6a6b17dc714991a943390189061cea 9796ff7890114c13968851e69adf92a0 - - f75cd953ec1d47d48337cd8ec909d548 f75cd953ec1d47d48337cd8ec909d548] 199.19.213.199 "GET /v2.0/ports?network_id=96c1631a-0665-4c13-9dbe-56aa59c7f7a8&device_owner=network%3Adhcp HTTP/1.1" status: 200 len: 210 time: 0.0308073
2026-07-21 07:54:06.036 10 INFO neutron.wsgi [req-e7d28189-1068-4a1a-aea1-958953fd6413 req-00816958-3667-4d4b-8e1c-9e9be629635f 1b6a6b17dc714991a943390189061cea 9796ff7890114c13968851e69adf92a0 - - f75cd953ec1d47d48337cd8ec909d548 f75cd953ec1d47d48337cd8ec909d548] 199.19.213.199 "GET /v2.0/networks/96c1631a-0665-4c13-9dbe-56aa59c7f7a8?fields=segments HTTP/1.1" status: 200 len: 212 time: 0.0609393
2026-07-21 07:54:06.147 10 INFO neutron.wsgi [req-e7d28189-1068-4a1a-aea1-958953fd6413 req-97ce2ae6-f5c3-4370-bb8c-aace2a8b7862 1b6a6b17dc714991a943390189061cea 9796ff7890114c13968851e69adf92a0 - - f75cd953ec1d47d48337cd8ec909d548 f75cd953ec1d47d48337cd8ec909d548] 199.19.213.199 "GET /v2.0/networks/96c1631a-0665-4c13-9dbe-56aa59c7f7a8?fields=provider%3Aphysical_network&fields=provider%3Anetwork_type HTTP/1.1" status: 200 len: 277 time: 0.0991328
2026-07-21 07:54:06.284 10 INFO neutron.db.l3_db [None req-d37caa9a-be3a-477a-acd7-846d6cf53b1b dd410ea4dd1549c083c634c24f507fea 89e39deea7f54df5b508730494b3535f - - - -] Floating IP f9912251-c51d-44ba-b3bc-5f0955d75801 disassociated. External IP: 10.96.250.219, port: b6ca2975-3939-477b-a1cd-934912fb23d0.
2026-07-21 07:54:06.317 10 INFO neutron.db.ovn_revision_numbers_db [None req-65e78670-e065-4931-912d-87346a181ce0 154166114f5f495fb789fc61793e4f78 4a5038b35cf749518fe43bf2ed1b78d9 - - - -] Successfully bumped revision number for resource 5a678c20-004c-4d54-b0ca-cbca9420e1c6 (type: security_groups) to 1
2026-07-21 07:54:06.415 10 INFO neutron.db.segments_db [None req-65e78670-e065-4931-912d-87346a181ce0 154166114f5f495fb789fc61793e4f78 4a5038b35cf749518fe43bf2ed1b78d9 - - - -] Added segment f99992a0-6c71-41a0-bb71-9ed1f0ea4a4b of type geneve for network c457e1ce-2b99-4250-9c48-54ed8632c733
2026-07-21 07:54:06.585 10 INFO neutron.db.ovn_revision_numbers_db [None req-65e78670-e065-4931-912d-87346a181ce0 154166114f5f495fb789fc61793e4f78 4a5038b35cf749518fe43bf2ed1b78d9 - - - -] Successfully bumped revision number for resource c457e1ce-2b99-4250-9c48-54ed8632c733 (type: networks) to 1
2026-07-21 07:54:06.613 10 INFO neutron.wsgi [None req-d37caa9a-be3a-477a-acd7-846d6cf53b1b dd410ea4dd1549c083c634c24f507fea 89e39deea7f54df5b508730494b3535f - - - -] 199.19.213.199 "DELETE /v2.0/ports/b6ca2975-3939-477b-a1cd-934912fb23d0 HTTP/1.1" status: 204 len: 173 time: 0.7361724 /var/lib/openstack/lib/python3.10/site-packages/pycadf/identifier.py:71: UserWarning: Invalid uuid: neutron. To ensure interoperability, identifiers should be a valid uuid. warnings.warn(('Invalid uuid: %s. To ensure interoperability, '
2026-07-21 07:54:06.657 10 INFO neutron.notifiers.nova [-] Nova event matching ['req-49f2287b-7208-4701-9d3d-17b1bc6ada3a'] response: {'server_uuid': '3fe2449d-1354-4281-8410-9c94fe2f8e1f', 'name': 'network-vif-deleted', 'tag': 'b6ca2975-3939-477b-a1cd-934912fb23d0', 'status': 'completed', 'code': 200}
2026-07-21 07:54:06.660 10 INFO neutron.wsgi [req-d7c239df-68d8-449c-9dad-5aa208886f51 req-ed4d7391-c374-4e63-b8cc-5403823ff7b8 dd410ea4dd1549c083c634c24f507fea 89e39deea7f54df5b508730494b3535f - - default default] 10.0.0.176 "GET /v2.0/ports?device_id=3fe2449d-1354-4281-8410-9c94fe2f8e1f HTTP/1.1" status: 200 len: 210 time: 0.0410373
2026-07-21 07:54:06.842 10 WARNING neutron.scheduler.dhcp_agent_scheduler [None req-65e78670-e065-4931-912d-87346a181ce0 154166114f5f495fb789fc61793e4f78 4a5038b35cf749518fe43bf2ed1b78d9 - - - -] No more DHCP agents
2026-07-21 07:54:06.848 10 WARNING neutron.api.rpc.agentnotifiers.dhcp_rpc_agent_api [None req-65e78670-e065-4931-912d-87346a181ce0 154166114f5f495fb789fc61793e4f78 4a5038b35cf749518fe43bf2ed1b78d9 - - - -] Unable to schedule network c457e1ce-2b99-4250-9c48-54ed8632c733: no agents available; will retry on subsequent port and subnet creation events.
2026-07-21 07:54:06.955 10 INFO neutron.db.ovn_revision_numbers_db [None req-65e78670-e065-4931-912d-87346a181ce0 154166114f5f495fb789fc61793e4f78 4a5038b35cf749518fe43bf2ed1b78d9 - - - -] Successfully bumped revision number for resource 7babca6a-0776-4fcc-8c36-7b69a6706ce3 (type: ports) to 1
2026-07-21 07:54:07.000 10 INFO neutron.wsgi [None req-65e78670-e065-4931-912d-87346a181ce0 154166114f5f495fb789fc61793e4f78 4a5038b35cf749518fe43bf2ed1b78d9 - - - -] 10.0.0.37 "POST /v2.0/networks HTTP/1.1" status: 201 len: 848 time: 1.1737239
2026-07-21 07:54:07.275 10 WARNING neutron.scheduler.dhcp_agent_scheduler [None req-724231e1-1eb2-4d59-a84b-71858bf70552 154166114f5f495fb789fc61793e4f78 4a5038b35cf749518fe43bf2ed1b78d9 - - - -] No more DHCP agents
2026-07-21 07:54:07.277 10 WARNING neutron.api.rpc.agentnotifiers.dhcp_rpc_agent_api [None req-724231e1-1eb2-4d59-a84b-71858bf70552 154166114f5f495fb789fc61793e4f78 4a5038b35cf749518fe43bf2ed1b78d9 - - - -] Unable to schedule network c457e1ce-2b99-4250-9c48-54ed8632c733: no agents available; will retry on subsequent port and subnet creation events.
2026-07-21 07:54:07.288 10 INFO neutron.db.ovn_revision_numbers_db [None req-724231e1-1eb2-4d59-a84b-71858bf70552 154166114f5f495fb789fc61793e4f78 4a5038b35cf749518fe43bf2ed1b78d9 - - - -] Successfully bumped revision number for resource 20049efc-4690-44b4-95ab-37d2775e09b4 (type: subnets) to 0
2026-07-21 07:54:07.305 10 INFO neutron.wsgi [None req-724231e1-1eb2-4d59-a84b-71858bf70552 154166114f5f495fb789fc61793e4f78 4a5038b35cf749518fe43bf2ed1b78d9 - - - -] 10.0.0.37 "POST /v2.0/subnets HTTP/1.1" status: 201 len: 802 time: 0.2901483
2026-07-21 07:54:07.430 9 INFO neutron.notifiers.nova [-] Nova event matching ['req-ba450548-6c89-4336-9de1-e2497372f11b'] response: {'server_uuid': '3fe2449d-1354-4281-8410-9c94fe2f8e1f', 'name': 'network-vif-unplugged', 'status': 'completed', 'tag': 'b6ca2975-3939-477b-a1cd-934912fb23d0', 'code': 200}
2026-07-21 07:54:07.431 9 INFO neutron.notifiers.nova [-] Nova event matching ['req-ba450548-6c89-4336-9de1-e2497372f11b'] response: {'server_uuid': '3fe2449d-1354-4281-8410-9c94fe2f8e1f', 'name': 'network-vif-plugged', 'status': 'completed', 'tag': 'b6ca2975-3939-477b-a1cd-934912fb23d0', 'code': 200} /var/lib/openstack/lib/python3.10/site-packages/pycadf/identifier.py:71: UserWarning: Invalid uuid: neutron. To ensure interoperability, identifiers should be a valid uuid. warnings.warn(('Invalid uuid: %s. To ensure interoperability, '
2026-07-21 07:54:07.933 9 INFO neutron.wsgi [None req-444d42d5-40c4-4299-93dc-99aee3bc412a dd410ea4dd1549c083c634c24f507fea 89e39deea7f54df5b508730494b3535f - - - -] 10.0.0.37 "DELETE /v2.0/security-groups/ef4e79c0-96a7-4c20-86b0-7848c8285385 HTTP/1.1" status: 204 len: 168 time: 0.1690612
2026-07-21 07:54:07.953 9 INFO neutron.api.v2.resource [None req-d27fcc1c-7cd5-4f6f-9afa-f81a7fad0948 dd410ea4dd1549c083c634c24f507fea 89e39deea7f54df5b508730494b3535f - - default default] show failed (client error): The resource could not be found.
2026-07-21 07:54:07.954 9 INFO neutron.wsgi [None req-d27fcc1c-7cd5-4f6f-9afa-f81a7fad0948 dd410ea4dd1549c083c634c24f507fea 89e39deea7f54df5b508730494b3535f - - default default] 10.0.0.37 "GET /v2.0/security-groups/ef4e79c0-96a7-4c20-86b0-7848c8285385 HTTP/1.1" status: 404 len: 347 time: 0.0155642
2026-07-21 07:54:08.096 9 INFO neutron.db.ovn_revision_numbers_db [None req-b5a06f47-4ee8-4229-b30c-37e7f4c7e0d9 c559b67c8dc14c6e9bb7fa2452ec7a44 3b5df8bf225349b0ab7bd2b1a0d2c1b1 - - - -] Successfully bumped revision number for resource 29c28f96-8f64-412f-8977-e1c25fe0778c (type: security_groups) to 1
2026-07-21 07:54:08.150 10 WARNING neutron.scheduler.dhcp_agent_scheduler [None req-61e314cc-4de3-43cd-af6f-ace91772a091 154166114f5f495fb789fc61793e4f78 4a5038b35cf749518fe43bf2ed1b78d9 - - - -] No more DHCP agents
2026-07-21 07:54:08.151 10 WARNING neutron.api.rpc.agentnotifiers.dhcp_rpc_agent_api [None req-61e314cc-4de3-43cd-af6f-ace91772a091 154166114f5f495fb789fc61793e4f78 4a5038b35cf749518fe43bf2ed1b78d9 - - - -] Unable to schedule network ee61bd7c-4a9e-48db-8d17-5f4dda2b2c94: no agents available; will retry on subsequent port and subnet creation events.
2026-07-21 07:54:08.175 9 INFO neutron.db.segments_db [None req-b5a06f47-4ee8-4229-b30c-37e7f4c7e0d9 c559b67c8dc14c6e9bb7fa2452ec7a44 3b5df8bf225349b0ab7bd2b1a0d2c1b1 - - - -] Added segment 91cecf9f-8a25-4e6b-888a-b5447ac994de of type geneve for network c272ff6c-5194-4479-8e5f-2a5e21a3d785
2026-07-21 07:54:08.297 10 INFO neutron.db.ovn_revision_numbers_db [None req-61e314cc-4de3-43cd-af6f-ace91772a091 154166114f5f495fb789fc61793e4f78 4a5038b35cf749518fe43bf2ed1b78d9 - - - -] Successfully bumped revision number for resource 38410478-e470-47bb-97cc-978784daeed2 (type: ports) to 1
2026-07-21 07:54:08.330 9 INFO neutron.db.ovn_revision_numbers_db [None req-b5a06f47-4ee8-4229-b30c-37e7f4c7e0d9 c559b67c8dc14c6e9bb7fa2452ec7a44 3b5df8bf225349b0ab7bd2b1a0d2c1b1 - - - -] Successfully bumped revision number for resource c272ff6c-5194-4479-8e5f-2a5e21a3d785 (type: networks) to 1
2026-07-21 07:54:08.414 9 INFO neutron.wsgi [None req-a95ca7a2-7ce9-450d-a84c-6dc808c8fe4d dd410ea4dd1549c083c634c24f507fea 89e39deea7f54df5b508730494b3535f - - - -] 10.0.0.37 "DELETE /v2.0/floatingips/f9912251-c51d-44ba-b3bc-5f0955d75801 HTTP/1.1" status: 204 len: 168 time: 0.4561489
2026-07-21 07:54:08.547 9 WARNING neutron.scheduler.dhcp_agent_scheduler [None req-b5a06f47-4ee8-4229-b30c-37e7f4c7e0d9 c559b67c8dc14c6e9bb7fa2452ec7a44 3b5df8bf225349b0ab7bd2b1a0d2c1b1 - - - -] No more DHCP agents
2026-07-21 07:54:08.550 9 WARNING neutron.api.rpc.agentnotifiers.dhcp_rpc_agent_api [None req-b5a06f47-4ee8-4229-b30c-37e7f4c7e0d9 c559b67c8dc14c6e9bb7fa2452ec7a44 3b5df8bf225349b0ab7bd2b1a0d2c1b1 - - - -] Unable to schedule network c272ff6c-5194-4479-8e5f-2a5e21a3d785: no agents available; will retry on subsequent port and subnet creation events.
2026-07-21 07:54:08.676 9 INFO neutron.db.ovn_revision_numbers_db [None req-b5a06f47-4ee8-4229-b30c-37e7f4c7e0d9 c559b67c8dc14c6e9bb7fa2452ec7a44 3b5df8bf225349b0ab7bd2b1a0d2c1b1 - - - -] Successfully bumped revision number for resource ee54d2fb-9cb2-4f06-b3b0-bf2a0a045e26 (type: ports) to 1
2026-07-21 07:54:08.965 10 INFO neutron.plugins.ml2.drivers.ovn.mech_driver.mech_driver [None req-0a4d5b0c-0275-45c2-92fb-518f62a388a5 - - - - - -] OVN reports status up for port: 38410478-e470-47bb-97cc-978784daeed2
2026-07-21 07:54:08.979 10 INFO neutron.plugins.ml2.plugin [None req-0a4d5b0c-0275-45c2-92fb-518f62a388a5 - - - - - -] Attempt 1 to provision port 38410478-e470-47bb-97cc-978784daeed2
2026-07-21 07:54:08.995 10 INFO neutron.db.ovn_revision_numbers_db [None req-61e314cc-4de3-43cd-af6f-ace91772a091 154166114f5f495fb789fc61793e4f78 4a5038b35cf749518fe43bf2ed1b78d9 - - - -] Successfully bumped revision number for resource 38410478-e470-47bb-97cc-978784daeed2 (type: router_ports) to 1
2026-07-21 07:54:08.998 9 INFO neutron.wsgi [None req-b5a06f47-4ee8-4229-b30c-37e7f4c7e0d9 c559b67c8dc14c6e9bb7fa2452ec7a44 3b5df8bf225349b0ab7bd2b1a0d2c1b1 - - - -] 10.0.0.37 "POST /v2.0/networks HTTP/1.1" status: 201 len: 945 time: 1.2755618
2026-07-21 07:54:09.080 10 INFO neutron.db.ovn_revision_numbers_db [None req-61e314cc-4de3-43cd-af6f-ace91772a091 154166114f5f495fb789fc61793e4f78 4a5038b35cf749518fe43bf2ed1b78d9 - - - -] Successfully bumped revision number for resource fd9cee09-087a-4dc5-b132-bcf223f3c920 (type: routers) to 3
2026-07-21 07:54:09.094 10 INFO neutron.wsgi [None req-61e314cc-4de3-43cd-af6f-ace91772a091 154166114f5f495fb789fc61793e4f78 4a5038b35cf749518fe43bf2ed1b78d9 - - - -] 10.0.0.37 "POST /v2.0/routers HTTP/1.1" status: 201 len: 875 time: 1.7846665
2026-07-21 07:54:09.262 9 WARNING neutron.scheduler.dhcp_agent_scheduler [None req-ee796e9d-2486-43cd-bc70-a310c237556e c559b67c8dc14c6e9bb7fa2452ec7a44 3b5df8bf225349b0ab7bd2b1a0d2c1b1 - - - -] No more DHCP agents
2026-07-21 07:54:09.264 9 WARNING neutron.api.rpc.agentnotifiers.dhcp_rpc_agent_api [None req-ee796e9d-2486-43cd-bc70-a310c237556e c559b67c8dc14c6e9bb7fa2452ec7a44 3b5df8bf225349b0ab7bd2b1a0d2c1b1 - - - -] Unable to schedule network c272ff6c-5194-4479-8e5f-2a5e21a3d785: no agents available; will retry on subsequent port and subnet creation events.
2026-07-21 07:54:09.388 10 INFO neutron.db.ovn_revision_numbers_db [None req-b811e6cc-bf8a-4455-afea-c68e0574aeb0 c559b67c8dc14c6e9bb7fa2452ec7a44 3b5df8bf225349b0ab7bd2b1a0d2c1b1 - - default default] Successfully bumped revision number for resource 494a4c93-1f0a-4562-b644-646419a85c0e (type: security_groups) to 1
2026-07-21 07:54:09.411 10 INFO neutron.wsgi [None req-b811e6cc-bf8a-4455-afea-c68e0574aeb0 c559b67c8dc14c6e9bb7fa2452ec7a44 3b5df8bf225349b0ab7bd2b1a0d2c1b1 - - default default] 10.0.0.37 "GET /v2.0/security-groups?tenant_id=71c2424a76e74f169880dfc6ff351f07&name=default HTTP/1.1" status: 200 len: 2996 time: 0.2824914
2026-07-21 07:54:09.741 10 WARNING neutron.scheduler.dhcp_agent_scheduler [None req-2e797b97-0ace-4500-9047-1dbd8418c60b 154166114f5f495fb789fc61793e4f78 4a5038b35cf749518fe43bf2ed1b78d9 - - default default] No more DHCP agents
2026-07-21 07:54:09.745 10 WARNING neutron.api.rpc.agentnotifiers.dhcp_rpc_agent_api [None req-2e797b97-0ace-4500-9047-1dbd8418c60b 154166114f5f495fb789fc61793e4f78 4a5038b35cf749518fe43bf2ed1b78d9 - - default default] Unable to schedule network c457e1ce-2b99-4250-9c48-54ed8632c733: no agents available; will retry on subsequent port and subnet creation events.
2026-07-21 07:54:09.770 10 INFO neutron.wsgi [None req-5303e1bb-9ac9-416e-be25-878385a18bd2 c559b67c8dc14c6e9bb7fa2452ec7a44 3b5df8bf225349b0ab7bd2b1a0d2c1b1 - - - -] 10.0.0.37 "DELETE /v2.0/security-groups/494a4c93-1f0a-4562-b644-646419a85c0e HTTP/1.1" status: 204 len: 168 time: 0.3530071
2026-07-21 07:54:09.913 9 INFO neutron.db.ovn_revision_numbers_db [None req-ee796e9d-2486-43cd-bc70-a310c237556e c559b67c8dc14c6e9bb7fa2452ec7a44 3b5df8bf225349b0ab7bd2b1a0d2c1b1 - - - -] Successfully bumped revision number for resource ee54d2fb-9cb2-4f06-b3b0-bf2a0a045e26 (type: ports) to 2
2026-07-21 07:54:09.917 10 INFO neutron.db.ovn_revision_numbers_db [None req-2e797b97-0ace-4500-9047-1dbd8418c60b 154166114f5f495fb789fc61793e4f78 4a5038b35cf749518fe43bf2ed1b78d9 - - default default] Successfully bumped revision number for resource f161453b-9f83-4cde-952f-ec89cf2a6b20 (type: ports) to 1
2026-07-21 07:54:09.955 9 INFO neutron.db.ovn_revision_numbers_db [None req-ee796e9d-2486-43cd-bc70-a310c237556e c559b67c8dc14c6e9bb7fa2452ec7a44 3b5df8bf225349b0ab7bd2b1a0d2c1b1 - - - -] Successfully bumped revision number for resource cd304f06-5c90-409d-bc0c-e28b80f0941b (type: subnets) to 0
2026-07-21 07:54:09.976 9 INFO neutron.wsgi [None req-ee796e9d-2486-43cd-bc70-a310c237556e c559b67c8dc14c6e9bb7fa2452ec7a44 3b5df8bf225349b0ab7bd2b1a0d2c1b1 - - - -] 10.0.0.37 "POST /v2.0/subnets HTTP/1.1" status: 201 len: 865 time: 0.9634926
2026-07-21 07:54:10.039 9 INFO neutron.db.ovn_revision_numbers_db [None req-ec405efc-ae8e-43a7-ab82-44d453f66df9 c559b67c8dc14c6e9bb7fa2452ec7a44 3b5df8bf225349b0ab7bd2b1a0d2c1b1 - - default default] Successfully bumped revision number for resource 2bdbaaa8-723e-4bab-81a9-5913af8d6e9c (type: security_groups) to 1
2026-07-21 07:54:10.100 9 INFO neutron.wsgi [None req-86daa862-d249-4100-8da5-eeab70d7874b c559b67c8dc14c6e9bb7fa2452ec7a44 3b5df8bf225349b0ab7bd2b1a0d2c1b1 - - - -] 10.0.0.37 "PUT /v2.0/routers/741fb75a-ac3c-4b1b-b0f5-304bb581903b/remove_router_interface HTTP/1.1" status: 200 len: 503 time: 1.6799285
2026-07-21 07:54:10.104 9 INFO neutron.wsgi [None req-ec405efc-ae8e-43a7-ab82-44d453f66df9 c559b67c8dc14c6e9bb7fa2452ec7a44 3b5df8bf225349b0ab7bd2b1a0d2c1b1 - - default default] 10.0.0.37 "GET /v2.0/security-groups?tenant_id=b442016fd65840fbb045cfeea75fc82b&name=default HTTP/1.1" status: 200 len: 2996 time: 0.2192440 /var/lib/openstack/lib/python3.10/site-packages/pycadf/identifier.py:71: UserWarning: Invalid uuid: neutron. To ensure interoperability, identifiers should be a valid uuid. warnings.warn(('Invalid uuid: %s. To ensure interoperability, '
2026-07-21 07:54:10.703 9 INFO neutron.wsgi [None req-d2f48a25-8493-4a6c-ad32-53302cacfac0 c559b67c8dc14c6e9bb7fa2452ec7a44 3b5df8bf225349b0ab7bd2b1a0d2c1b1 - - - -] 10.0.0.37 "DELETE /v2.0/security-groups/2bdbaaa8-723e-4bab-81a9-5913af8d6e9c HTTP/1.1" status: 204 len: 168 time: 0.5888851
2026-07-21 07:54:10.900 9 INFO neutron.plugins.ml2.drivers.ovn.mech_driver.mech_driver [None req-1096d1bb-1619-4472-9536-ac3a88dc9fbc - - - - - -] OVN reports status up for port: f161453b-9f83-4cde-952f-ec89cf2a6b20
2026-07-21 07:54:10.913 10 INFO neutron.db.ovn_revision_numbers_db [None req-2e797b97-0ace-4500-9047-1dbd8418c60b 154166114f5f495fb789fc61793e4f78 4a5038b35cf749518fe43bf2ed1b78d9 - - default default] Successfully bumped revision number for resource f161453b-9f83-4cde-952f-ec89cf2a6b20 (type: router_ports) to 2
2026-07-21 07:54:10.914 10 WARNING neutron.scheduler.dhcp_agent_scheduler [None req-905c956d-0b0e-449b-80fe-8d7251ba4252 c559b67c8dc14c6e9bb7fa2452ec7a44 3b5df8bf225349b0ab7bd2b1a0d2c1b1 - - - -] No more DHCP agents
2026-07-21 07:54:10.916 9 INFO neutron.plugins.ml2.plugin [None req-1096d1bb-1619-4472-9536-ac3a88dc9fbc - - - - - -] Attempt 1 to provision port f161453b-9f83-4cde-952f-ec89cf2a6b20
2026-07-21 07:54:10.927 10 WARNING neutron.api.rpc.agentnotifiers.dhcp_rpc_agent_api [None req-905c956d-0b0e-449b-80fe-8d7251ba4252 c559b67c8dc14c6e9bb7fa2452ec7a44 3b5df8bf225349b0ab7bd2b1a0d2c1b1 - - - -] Unable to schedule network ee61bd7c-4a9e-48db-8d17-5f4dda2b2c94: no agents available; will retry on subsequent port and subnet creation events.
2026-07-21 07:54:11.109 10 INFO neutron.db.ovn_revision_numbers_db [None req-2e797b97-0ace-4500-9047-1dbd8418c60b 154166114f5f495fb789fc61793e4f78 4a5038b35cf749518fe43bf2ed1b78d9 - - default default] Successfully bumped revision number for resource f161453b-9f83-4cde-952f-ec89cf2a6b20 (type: ports) to 2
2026-07-21 07:54:11.116 10 INFO neutron.db.ovn_revision_numbers_db [None req-905c956d-0b0e-449b-80fe-8d7251ba4252 c559b67c8dc14c6e9bb7fa2452ec7a44 3b5df8bf225349b0ab7bd2b1a0d2c1b1 - - - -] Successfully bumped revision number for resource 5759571f-7844-44ba-abfe-40abaf317caa (type: ports) to 1
2026-07-21 07:54:11.150 9 INFO neutron.wsgi [None req-8bdad843-7f73-4ad9-9ca9-f9cfbf413d6e c559b67c8dc14c6e9bb7fa2452ec7a44 3b5df8bf225349b0ab7bd2b1a0d2c1b1 - - - -] 10.0.0.37 "DELETE /v2.0/routers/741fb75a-ac3c-4b1b-b0f5-304bb581903b HTTP/1.1" status: 204 len: 168 time: 1.0428078
2026-07-21 07:54:11.218 10 WARNING neutron.scheduler.dhcp_agent_scheduler [None req-2e797b97-0ace-4500-9047-1dbd8418c60b 154166114f5f495fb789fc61793e4f78 4a5038b35cf749518fe43bf2ed1b78d9 - - default default] No more DHCP agents
2026-07-21 07:54:11.219 10 WARNING neutron.api.rpc.agentnotifiers.dhcp_rpc_agent_api [None req-2e797b97-0ace-4500-9047-1dbd8418c60b 154166114f5f495fb789fc61793e4f78 4a5038b35cf749518fe43bf2ed1b78d9 - - default default] Unable to schedule network c457e1ce-2b99-4250-9c48-54ed8632c733: no agents available; will retry on subsequent port and subnet creation events.
2026-07-21 07:54:11.288 9 INFO neutron.db.ovn_revision_numbers_db [None req-1096d1bb-1619-4472-9536-ac3a88dc9fbc - - - - - -] Successfully bumped revision number for resource f161453b-9f83-4cde-952f-ec89cf2a6b20 (type: ports) to 3
2026-07-21 07:54:11.416 9 INFO neutron.db.ovn_revision_numbers_db [None req-1096d1bb-1619-4472-9536-ac3a88dc9fbc - - - - - -] Successfully bumped revision number for resource f161453b-9f83-4cde-952f-ec89cf2a6b20 (type: router_ports) to 3
2026-07-21 07:54:11.420 9 INFO neutron.wsgi [None req-8d337204-7472-4777-a9e2-b005dd5b1c16 c559b67c8dc14c6e9bb7fa2452ec7a44 3b5df8bf225349b0ab7bd2b1a0d2c1b1 - - - -] 10.0.0.37 "DELETE /v2.0/subnets/d328e009-4c2c-4ec5-9ead-14d913c4a31a HTTP/1.1" status: 204 len: 168 time: 0.2656977
2026-07-21 07:54:11.765 10 INFO neutron.db.ovn_revision_numbers_db [None req-2e797b97-0ace-4500-9047-1dbd8418c60b 154166114f5f495fb789fc61793e4f78 4a5038b35cf749518fe43bf2ed1b78d9 - - - -] Successfully bumped revision number for resource f161453b-9f83-4cde-952f-ec89cf2a6b20 (type: router_ports) to 3
2026-07-21 07:54:11.767 10 INFO neutron.wsgi [None req-2e797b97-0ace-4500-9047-1dbd8418c60b 154166114f5f495fb789fc61793e4f78 4a5038b35cf749518fe43bf2ed1b78d9 - - - -] 10.0.0.37 "PUT /v2.0/routers/fd9cee09-087a-4dc5-b132-bcf223f3c920/add_router_interface HTTP/1.1" status: 200 len: 503 time: 2.6674471
2026-07-21 07:54:12.236 9 WARNING neutron.scheduler.dhcp_agent_scheduler [None req-499bb955-7ff8-4017-a04f-d05431989831 154166114f5f495fb789fc61793e4f78 4a5038b35cf749518fe43bf2ed1b78d9 - - - -] No more DHCP agents
2026-07-21 07:54:12.238 9 WARNING neutron.api.rpc.agentnotifiers.dhcp_rpc_agent_api [None req-499bb955-7ff8-4017-a04f-d05431989831 154166114f5f495fb789fc61793e4f78 4a5038b35cf749518fe43bf2ed1b78d9 - - - -] Unable to schedule network c457e1ce-2b99-4250-9c48-54ed8632c733: no agents available; will retry on subsequent port and subnet creation events.
2026-07-21 07:54:12.366 10 INFO neutron.services.segments.plugin [-] Segment 02a39b1c-7196-4f7c-9f79-1508470dcc0b resource provider aggregate not found
2026-07-21 07:54:12.376 10 INFO neutron.services.segments.plugin [-] Segment 02a39b1c-7196-4f7c-9f79-1508470dcc0b resource provider aggregate not found
2026-07-21 07:54:12.409 10 INFO neutron.services.segments.plugin [-] Segment 02a39b1c-7196-4f7c-9f79-1508470dcc0b resource provider not found; error: Placement Client Error (4xx): {"errors": [{"status": 404, "title": "Not Found", "detail": "The resource could not be found.\n\n No resource provider with uuid 02a39b1c-7196-4f7c-9f79-1508470dcc0b found for delete ", "request_id": "req-c0b776de-8c8d-45b8-aa53-1d74c395fc45"}]}
2026-07-21 07:54:12.410 10 INFO neutron.services.segments.plugin [-] Segment 02a39b1c-7196-4f7c-9f79-1508470dcc0b resource provider not found; error: Placement Client Error (4xx): {"errors": [{"status": 404, "title": "Not Found", "detail": "The resource could not be found.\n\n No resource provider with uuid 02a39b1c-7196-4f7c-9f79-1508470dcc0b found for delete ", "request_id": "req-1cddf3d5-5e38-45cd-b027-2c27b797c3a0"}]}
2026-07-21 07:54:12.415 10 INFO neutron.plugins.ml2.drivers.ovn.mech_driver.ovsdb.ovsdb_monitor [None req-54ddabd4-5286-4b04-a7d1-0106615c282d - - - - - -] Router 9983e02a-d1ad-4efd-a30f-c8fddb8550b2 is bound to host instance
2026-07-21 07:54:12.432 9 INFO neutron.db.ovn_revision_numbers_db [None req-499bb955-7ff8-4017-a04f-d05431989831 154166114f5f495fb789fc61793e4f78 4a5038b35cf749518fe43bf2ed1b78d9 - - - -] Successfully bumped revision number for resource 8e9ebcab-fa84-423b-9a2e-b3ab365d2301 (type: ports) to 1
2026-07-21 07:54:12.459 9 INFO neutron.wsgi [None req-499bb955-7ff8-4017-a04f-d05431989831 154166114f5f495fb789fc61793e4f78 4a5038b35cf749518fe43bf2ed1b78d9 - - - -] 10.0.0.37 "POST /v2.0/ports HTTP/1.1" status: 201 len: 1157 time: 0.6844506
2026-07-21 07:54:12.463 10 INFO neutron.db.ovn_revision_numbers_db [None req-905c956d-0b0e-449b-80fe-8d7251ba4252 c559b67c8dc14c6e9bb7fa2452ec7a44 3b5df8bf225349b0ab7bd2b1a0d2c1b1 - - - -] Successfully bumped revision number for resource 5759571f-7844-44ba-abfe-40abaf317caa (type: router_ports) to 1 /var/lib/openstack/lib/python3.10/site-packages/pycadf/identifier.py:71: UserWarning: Invalid uuid: neutron. To ensure interoperability, identifiers should be a valid uuid. warnings.warn(('Invalid uuid: %s. To ensure interoperability, '
2026-07-21 07:54:12.474 10 INFO neutron.wsgi [None req-3ac9e8de-fc3b-4733-99cd-658b11bed90a c559b67c8dc14c6e9bb7fa2452ec7a44 3b5df8bf225349b0ab7bd2b1a0d2c1b1 - - - -] 10.0.0.37 "DELETE /v2.0/networks/96c1631a-0665-4c13-9dbe-56aa59c7f7a8 HTTP/1.1" status: 204 len: 168 time: 1.0481412
2026-07-21 07:54:12.604 10 INFO neutron.db.ovn_revision_numbers_db [None req-905c956d-0b0e-449b-80fe-8d7251ba4252 c559b67c8dc14c6e9bb7fa2452ec7a44 3b5df8bf225349b0ab7bd2b1a0d2c1b1 - - - -] Successfully bumped revision number for resource 9983e02a-d1ad-4efd-a30f-c8fddb8550b2 (type: routers) to 3
2026-07-21 07:54:12.636 10 INFO neutron.wsgi [None req-905c956d-0b0e-449b-80fe-8d7251ba4252 c559b67c8dc14c6e9bb7fa2452ec7a44 3b5df8bf225349b0ab7bd2b1a0d2c1b1 - - - -] 10.0.0.37 "POST /v2.0/routers HTTP/1.1" status: 201 len: 876 time: 2.6549668
2026-07-21 07:54:12.760 10 INFO neutron.wsgi [None req-0fe89595-a4ea-45b1-8048-85e0d92987ce c559b67c8dc14c6e9bb7fa2452ec7a44 3b5df8bf225349b0ab7bd2b1a0d2c1b1 - - default default] 10.0.0.37 "GET /v2.0/security-groups?tenant_id=89e39deea7f54df5b508730494b3535f&name=default HTTP/1.1" status: 200 len: 2996 time: 0.0573766
2026-07-21 07:54:12.823 9 WARNING neutron.scheduler.dhcp_agent_scheduler [None req-cd684d9c-d382-41d8-a32f-e953d39c4f6d 154166114f5f495fb789fc61793e4f78 4a5038b35cf749518fe43bf2ed1b78d9 - - - -] No more DHCP agents
2026-07-21 07:54:12.827 9 WARNING neutron.api.rpc.agentnotifiers.dhcp_rpc_agent_api [None req-cd684d9c-d382-41d8-a32f-e953d39c4f6d 154166114f5f495fb789fc61793e4f78 4a5038b35cf749518fe43bf2ed1b78d9 - - - -] Unable to schedule network c457e1ce-2b99-4250-9c48-54ed8632c733: no agents available; will retry on subsequent port and subnet creation events.
2026-07-21 07:54:12.989 9 INFO neutron.db.ovn_revision_numbers_db [None req-cd684d9c-d382-41d8-a32f-e953d39c4f6d 154166114f5f495fb789fc61793e4f78 4a5038b35cf749518fe43bf2ed1b78d9 - - - -] Successfully bumped revision number for resource c43c0b5a-a5b8-4452-9ddc-88a78022cac8 (type: ports) to 1
2026-07-21 07:54:13.012 9 INFO neutron.wsgi [None req-cd684d9c-d382-41d8-a32f-e953d39c4f6d 154166114f5f495fb789fc61793e4f78 4a5038b35cf749518fe43bf2ed1b78d9 - - - -] 10.0.0.37 "POST /v2.0/ports HTTP/1.1" status: 201 len: 1152 time: 0.5449233
2026-07-21 07:54:13.320 10 INFO neutron.wsgi [None req-f50ce922-5c1f-436a-acee-0b8f73c52708 c559b67c8dc14c6e9bb7fa2452ec7a44 3b5df8bf225349b0ab7bd2b1a0d2c1b1 - - - -] 10.0.0.37 "DELETE /v2.0/security-groups/9939aaff-70e6-4b68-bca4-840feacd945e HTTP/1.1" status: 204 len: 168 time: 0.5537422
2026-07-21 07:54:13.419 10 INFO neutron.db.ovn_revision_numbers_db [None req-54ddabd4-5286-4b04-a7d1-0106615c282d - - - - - -] Successfully bumped revision number for resource 5759571f-7844-44ba-abfe-40abaf317caa (type: ports) to 1
2026-07-21 07:54:13.421 10 WARNING neutron.scheduler.dhcp_agent_scheduler [None req-0e4c44e6-01d8-426a-94af-de7764428528 c559b67c8dc14c6e9bb7fa2452ec7a44 3b5df8bf225349b0ab7bd2b1a0d2c1b1 - - default default] No more DHCP agents
2026-07-21 07:54:13.424 10 WARNING neutron.api.rpc.agentnotifiers.dhcp_rpc_agent_api [None req-0e4c44e6-01d8-426a-94af-de7764428528 c559b67c8dc14c6e9bb7fa2452ec7a44 3b5df8bf225349b0ab7bd2b1a0d2c1b1 - - default default] Unable to schedule network c272ff6c-5194-4479-8e5f-2a5e21a3d785: no agents available; will retry on subsequent port and subnet creation events.
2026-07-21 07:54:13.570 10 WARNING neutron.scheduler.dhcp_agent_scheduler [None req-b6c73ffa-359c-40e4-9775-0a7a0721857b 154166114f5f495fb789fc61793e4f78 4a5038b35cf749518fe43bf2ed1b78d9 - - - -] No more DHCP agents
2026-07-21 07:54:13.598 10 WARNING neutron.api.rpc.agentnotifiers.dhcp_rpc_agent_api [None req-b6c73ffa-359c-40e4-9775-0a7a0721857b 154166114f5f495fb789fc61793e4f78 4a5038b35cf749518fe43bf2ed1b78d9 - - - -] Unable to schedule network ee61bd7c-4a9e-48db-8d17-5f4dda2b2c94: no agents available; will retry on subsequent port and subnet creation events.
2026-07-21 07:54:13.703 10 INFO neutron.db.ovn_revision_numbers_db [None req-0e4c44e6-01d8-426a-94af-de7764428528 c559b67c8dc14c6e9bb7fa2452ec7a44 3b5df8bf225349b0ab7bd2b1a0d2c1b1 - - default default] Successfully bumped revision number for resource 420ee15a-f59f-4df0-943e-c8b7ecb9b395 (type: ports) to 1
2026-07-21 07:54:14.154 10 INFO neutron.db.ovn_revision_numbers_db [None req-54ddabd4-5286-4b04-a7d1-0106615c282d - - - - - -] Successfully bumped revision number for resource 5759571f-7844-44ba-abfe-40abaf317caa (type: router_ports) to 3
2026-07-21 07:54:14.446 10 INFO neutron.db.ovn_revision_numbers_db [None req-54ddabd4-5286-4b04-a7d1-0106615c282d - - - - - -] Successfully bumped revision number for resource 5759571f-7844-44ba-abfe-40abaf317caa (type: ports) to 2 /var/lib/openstack/lib/python3.10/site-packages/pycadf/identifier.py:71: UserWarning: Invalid uuid: neutron. To ensure interoperability, identifiers should be a valid uuid. warnings.warn(('Invalid uuid: %s. To ensure interoperability, '
2026-07-21 07:54:14.488 9 INFO neutron.wsgi [None req-13e62c30-c971-464a-921d-15c45617baad c559b67c8dc14c6e9bb7fa2452ec7a44 3b5df8bf225349b0ab7bd2b1a0d2c1b1 - - default default] 10.0.0.170 "GET /v2.0/ports HTTP/1.1" status: 200 len: 14455 time: 0.2880638
2026-07-21 07:54:14.582 9 INFO neutron.wsgi [None req-32dec09a-25d0-490e-98df-a85dd514d178 c559b67c8dc14c6e9bb7fa2452ec7a44 3b5df8bf225349b0ab7bd2b1a0d2c1b1 - - default default] 10.0.0.170 "GET /v2.0/security-groups HTTP/1.1" status: 200 len: 22359 time: 0.0840256
