2026-07-21 07:53:17.517 9 WARNING neutron.scheduler.dhcp_agent_scheduler [None req-47bb6ef4-e38c-4ba8-b261-5a911c81dfe1 c559b67c8dc14c6e9bb7fa2452ec7a44 3b5df8bf225349b0ab7bd2b1a0d2c1b1 - - default default] No more DHCP agents
2026-07-21 07:53:17.518 9 INFO neutron.db.ovn_revision_numbers_db [None req-4e92c38f-6037-429d-9817-3460903c3fbc - - - - - -] Successfully bumped revision number for resource 0a2c875c-dda4-4520-a5e0-2b5349fd1f7b (type: ports) to 1
2026-07-21 07:53:17.523 9 WARNING neutron.api.rpc.agentnotifiers.dhcp_rpc_agent_api [None req-47bb6ef4-e38c-4ba8-b261-5a911c81dfe1 c559b67c8dc14c6e9bb7fa2452ec7a44 3b5df8bf225349b0ab7bd2b1a0d2c1b1 - - default default] Unable to schedule network 4dcabe45-d84d-40fc-9e4f-97f7ef4fb6b1: no agents available; will retry on subsequent port and subnet creation events.
2026-07-21 07:53:17.552 10 WARNING neutron.scheduler.dhcp_agent_scheduler [None req-869e1c21-5a18-444f-83bb-aef1cf35003f c559b67c8dc14c6e9bb7fa2452ec7a44 3b5df8bf225349b0ab7bd2b1a0d2c1b1 - - - -] No more DHCP agents
2026-07-21 07:53:17.555 10 WARNING neutron.api.rpc.agentnotifiers.dhcp_rpc_agent_api [None req-869e1c21-5a18-444f-83bb-aef1cf35003f c559b67c8dc14c6e9bb7fa2452ec7a44 3b5df8bf225349b0ab7bd2b1a0d2c1b1 - - - -] Unable to schedule network b3129b4a-c6d9-4283-9835-b63892ebee40: no agents available; will retry on subsequent port and subnet creation events.
2026-07-21 07:53:17.773 9 INFO neutron.db.ovn_revision_numbers_db [None req-47bb6ef4-e38c-4ba8-b261-5a911c81dfe1 c559b67c8dc14c6e9bb7fa2452ec7a44 3b5df8bf225349b0ab7bd2b1a0d2c1b1 - - default default] Successfully bumped revision number for resource c65338c6-d843-43c3-b93c-78dc1d67e7e6 (type: ports) to 1
2026-07-21 07:53:17.919 9 INFO neutron.db.ovn_revision_numbers_db [None req-18e1e26a-8eaf-4441-be48-c60218632818 c559b67c8dc14c6e9bb7fa2452ec7a44 3b5df8bf225349b0ab7bd2b1a0d2c1b1 - - default default] Successfully bumped revision number for resource 1050124b-f6d9-4cf2-9ca5-7c12771a2480 (type: router_ports) to 2
2026-07-21 07:53:17.980 10 INFO neutron.db.ovn_revision_numbers_db [None req-54ddabd4-5286-4b04-a7d1-0106615c282d - - - - - -] Successfully bumped revision number for resource 2e240044-febd-4192-ae4d-180539526810 (type: router_ports) to 4
2026-07-21 07:53:17.990 9 INFO neutron.db.ovn_revision_numbers_db [None req-4e92c38f-6037-429d-9817-3460903c3fbc - - - - - -] Successfully bumped revision number for resource 0a2c875c-dda4-4520-a5e0-2b5349fd1f7b (type: router_ports) to 3
2026-07-21 07:53:18.239 10 INFO neutron.plugins.ml2.drivers.ovn.mech_driver.mech_driver [None req-0a4d5b0c-0275-45c2-92fb-518f62a388a5 - - - - - -] OVN reports status up for port: 6caae009-110c-4941-917f-a44dd01878bf
2026-07-21 07:53:18.254 10 INFO neutron.plugins.ml2.plugin [None req-0a4d5b0c-0275-45c2-92fb-518f62a388a5 - - - - - -] Attempt 1 to provision port 6caae009-110c-4941-917f-a44dd01878bf
2026-07-21 07:53:18.255 10 INFO neutron.db.ovn_revision_numbers_db [None req-9d4d88a1-d384-478f-b676-8b657052cb3b c559b67c8dc14c6e9bb7fa2452ec7a44 3b5df8bf225349b0ab7bd2b1a0d2c1b1 - - default default] Successfully bumped revision number for resource 6caae009-110c-4941-917f-a44dd01878bf (type: router_ports) to 2
2026-07-21 07:53:18.290 9 INFO neutron.db.ovn_revision_numbers_db [None req-18e1e26a-8eaf-4441-be48-c60218632818 c559b67c8dc14c6e9bb7fa2452ec7a44 3b5df8bf225349b0ab7bd2b1a0d2c1b1 - - default default] Successfully bumped revision number for resource 1050124b-f6d9-4cf2-9ca5-7c12771a2480 (type: ports) to 2
2026-07-21 07:53:18.355 9 INFO neutron.db.ovn_revision_numbers_db [None req-4e92c38f-6037-429d-9817-3460903c3fbc - - - - - -] Successfully bumped revision number for resource 0a2c875c-dda4-4520-a5e0-2b5349fd1f7b (type: ports) to 2
2026-07-21 07:53:18.399 9 WARNING neutron.scheduler.dhcp_agent_scheduler [None req-18e1e26a-8eaf-4441-be48-c60218632818 c559b67c8dc14c6e9bb7fa2452ec7a44 3b5df8bf225349b0ab7bd2b1a0d2c1b1 - - default default] No more DHCP agents
2026-07-21 07:53:18.403 9 WARNING neutron.api.rpc.agentnotifiers.dhcp_rpc_agent_api [None req-18e1e26a-8eaf-4441-be48-c60218632818 c559b67c8dc14c6e9bb7fa2452ec7a44 3b5df8bf225349b0ab7bd2b1a0d2c1b1 - - default default] Unable to schedule network da3aa01a-3d07-4fda-8b74-14125090b848: no agents available; will retry on subsequent port and subnet creation events.
2026-07-21 07:53:18.457 10 INFO neutron.db.ovn_revision_numbers_db [None req-9d4d88a1-d384-478f-b676-8b657052cb3b c559b67c8dc14c6e9bb7fa2452ec7a44 3b5df8bf225349b0ab7bd2b1a0d2c1b1 - - default default] Successfully bumped revision number for resource 6caae009-110c-4941-917f-a44dd01878bf (type: ports) to 2
2026-07-21 07:53:18.534 10 INFO neutron.db.ovn_revision_numbers_db [None req-869e1c21-5a18-444f-83bb-aef1cf35003f c559b67c8dc14c6e9bb7fa2452ec7a44 3b5df8bf225349b0ab7bd2b1a0d2c1b1 - - - -] Successfully bumped revision number for resource 65abf443-e5a6-4eb6-8d38-80d59d0df20c (type: ports) to 2
2026-07-21 07:53:18.566 10 INFO neutron.db.ovn_revision_numbers_db [None req-869e1c21-5a18-444f-83bb-aef1cf35003f c559b67c8dc14c6e9bb7fa2452ec7a44 3b5df8bf225349b0ab7bd2b1a0d2c1b1 - - - -] Successfully bumped revision number for resource d8208dc2-2997-4bf8-bedb-24d6ee76856e (type: subnets) to 0
2026-07-21 07:53:18.570 10 WARNING neutron.scheduler.dhcp_agent_scheduler [None req-9d4d88a1-d384-478f-b676-8b657052cb3b c559b67c8dc14c6e9bb7fa2452ec7a44 3b5df8bf225349b0ab7bd2b1a0d2c1b1 - - default default] No more DHCP agents
2026-07-21 07:53:18.574 9 INFO neutron.plugins.ml2.drivers.ovn.mech_driver.mech_driver [None req-1096d1bb-1619-4472-9536-ac3a88dc9fbc - - - - - -] OVN reports status up for port: 7557221f-1d36-453b-9884-884e376124ad
2026-07-21 07:53:18.580 10 WARNING neutron.api.rpc.agentnotifiers.dhcp_rpc_agent_api [None req-9d4d88a1-d384-478f-b676-8b657052cb3b c559b67c8dc14c6e9bb7fa2452ec7a44 3b5df8bf225349b0ab7bd2b1a0d2c1b1 - - default default] Unable to schedule network 36249454-e070-4829-9895-0a2eb8d0f278: no agents available; will retry on subsequent port and subnet creation events.
2026-07-21 07:53:18.604 10 INFO neutron.wsgi [None req-869e1c21-5a18-444f-83bb-aef1cf35003f c559b67c8dc14c6e9bb7fa2452ec7a44 3b5df8bf225349b0ab7bd2b1a0d2c1b1 - - - -] 10.0.0.37 "POST /v2.0/subnets HTTP/1.1" status: 201 len: 873 time: 1.4137592
2026-07-21 07:53:18.607 9 INFO neutron.plugins.ml2.plugin [None req-1096d1bb-1619-4472-9536-ac3a88dc9fbc - - - - - -] Attempt 1 to provision port 7557221f-1d36-453b-9884-884e376124ad
2026-07-21 07:53:18.647 10 INFO neutron.db.ovn_revision_numbers_db [None req-0a4d5b0c-0275-45c2-92fb-518f62a388a5 - - - - - -] Successfully bumped revision number for resource 6caae009-110c-4941-917f-a44dd01878bf (type: ports) to 3
2026-07-21 07:53:18.706 9 INFO neutron.db.ovn_revision_numbers_db [None req-47bb6ef4-e38c-4ba8-b261-5a911c81dfe1 c559b67c8dc14c6e9bb7fa2452ec7a44 3b5df8bf225349b0ab7bd2b1a0d2c1b1 - - default default] Successfully bumped revision number for resource c65338c6-d843-43c3-b93c-78dc1d67e7e6 (type: router_ports) to 2
2026-07-21 07:53:18.943 10 INFO neutron.db.ovn_revision_numbers_db [None req-0a4d5b0c-0275-45c2-92fb-518f62a388a5 - - - - - -] Successfully bumped revision number for resource 6caae009-110c-4941-917f-a44dd01878bf (type: router_ports) to 3
2026-07-21 07:53:19.180 9 INFO neutron.db.ovn_revision_numbers_db [None req-4e92c38f-6037-429d-9817-3460903c3fbc - - - - - -] Successfully bumped revision number for resource 0a2c875c-dda4-4520-a5e0-2b5349fd1f7b (type: ports) to 4
2026-07-21 07:53:19.285 9 INFO neutron.db.ovn_revision_numbers_db [None req-47bb6ef4-e38c-4ba8-b261-5a911c81dfe1 c559b67c8dc14c6e9bb7fa2452ec7a44 3b5df8bf225349b0ab7bd2b1a0d2c1b1 - - default default] Successfully bumped revision number for resource c65338c6-d843-43c3-b93c-78dc1d67e7e6 (type: ports) to 2
2026-07-21 07:53:19.495 10 INFO neutron.db.ovn_revision_numbers_db [None req-9d4d88a1-d384-478f-b676-8b657052cb3b c559b67c8dc14c6e9bb7fa2452ec7a44 3b5df8bf225349b0ab7bd2b1a0d2c1b1 - - - -] Successfully bumped revision number for resource 6caae009-110c-4941-917f-a44dd01878bf (type: router_ports) to 3
2026-07-21 07:53:19.503 10 INFO neutron.wsgi [None req-9d4d88a1-d384-478f-b676-8b657052cb3b c559b67c8dc14c6e9bb7fa2452ec7a44 3b5df8bf225349b0ab7bd2b1a0d2c1b1 - - - -] 10.0.0.37 "PUT /v2.0/routers/08b981dc-c8b1-4f78-8303-7916b39c8877/add_router_interface HTTP/1.1" status: 200 len: 503 time: 3.0935822
2026-07-21 07:53:19.511 9 WARNING neutron.scheduler.dhcp_agent_scheduler [None req-47bb6ef4-e38c-4ba8-b261-5a911c81dfe1 c559b67c8dc14c6e9bb7fa2452ec7a44 3b5df8bf225349b0ab7bd2b1a0d2c1b1 - - default default] No more DHCP agents
2026-07-21 07:53:19.532 9 WARNING neutron.api.rpc.agentnotifiers.dhcp_rpc_agent_api [None req-47bb6ef4-e38c-4ba8-b261-5a911c81dfe1 c559b67c8dc14c6e9bb7fa2452ec7a44 3b5df8bf225349b0ab7bd2b1a0d2c1b1 - - default default] Unable to schedule network 4dcabe45-d84d-40fc-9e4f-97f7ef4fb6b1: no agents available; will retry on subsequent port and subnet creation events.
2026-07-21 07:53:20.115 9 INFO neutron.db.ovn_revision_numbers_db [None req-4e92c38f-6037-429d-9817-3460903c3fbc - - - - - -] Successfully bumped revision number for resource 0a2c875c-dda4-4520-a5e0-2b5349fd1f7b (type: router_ports) to 4
2026-07-21 07:53:20.172 9 INFO neutron.plugins.ml2.drivers.ovn.mech_driver.ovsdb.ovsdb_monitor [None req-4e92c38f-6037-429d-9817-3460903c3fbc - - - - - -] Router 08b981dc-c8b1-4f78-8303-7916b39c8877 is bound to host instance
2026-07-21 07:53:20.235 9 WARNING neutron.scheduler.dhcp_agent_scheduler [None req-8611612a-1da9-4348-81d7-a55a50927b33 c559b67c8dc14c6e9bb7fa2452ec7a44 3b5df8bf225349b0ab7bd2b1a0d2c1b1 - - - -] No more DHCP agents
2026-07-21 07:53:20.242 9 WARNING neutron.api.rpc.agentnotifiers.dhcp_rpc_agent_api [None req-8611612a-1da9-4348-81d7-a55a50927b33 c559b67c8dc14c6e9bb7fa2452ec7a44 3b5df8bf225349b0ab7bd2b1a0d2c1b1 - - - -] Unable to schedule network ee61bd7c-4a9e-48db-8d17-5f4dda2b2c94: no agents available; will retry on subsequent port and subnet creation events.
2026-07-21 07:53:20.289 10 INFO neutron.wsgi [-] 10.0.0.151 "GET / HTTP/1.1" status: 200 len: 246 time: 0.0022223
2026-07-21 07:53:20.291 10 INFO neutron.wsgi [-] 10.0.0.151 "GET / HTTP/1.1" status: 200 len: 246 time: 0.0017278
2026-07-21 07:53:20.551 9 INFO neutron.db.ovn_revision_numbers_db [None req-18e1e26a-8eaf-4441-be48-c60218632818 c559b67c8dc14c6e9bb7fa2452ec7a44 3b5df8bf225349b0ab7bd2b1a0d2c1b1 - - - -] Successfully bumped revision number for resource 1050124b-f6d9-4cf2-9ca5-7c12771a2480 (type: router_ports) to 2
2026-07-21 07:53:20.555 9 INFO neutron.wsgi [None req-18e1e26a-8eaf-4441-be48-c60218632818 c559b67c8dc14c6e9bb7fa2452ec7a44 3b5df8bf225349b0ab7bd2b1a0d2c1b1 - - - -] 10.0.0.37 "PUT /v2.0/routers/e0edb675-d128-4e3b-ba29-24a50006adb5/add_router_interface HTTP/1.1" status: 200 len: 503 time: 5.1444240
2026-07-21 07:53:20.572 9 INFO neutron.db.ovn_revision_numbers_db [None req-8611612a-1da9-4348-81d7-a55a50927b33 c559b67c8dc14c6e9bb7fa2452ec7a44 3b5df8bf225349b0ab7bd2b1a0d2c1b1 - - - -] Successfully bumped revision number for resource c6a6b98b-a260-460f-a380-a8a3c18a4cad (type: ports) to 1
2026-07-21 07:53:20.587 10 INFO neutron.db.ovn_revision_numbers_db [None req-771adade-886a-453f-a19b-d803c141315d 7a772fc023b546e0a52da6647896b3f8 2d07b46e50e14628a01a11ffa91add79 - - - -] Successfully bumped revision number for resource 1adcd3e7-9bd0-4f2e-b974-b987da379fc6 (type: security_groups) to 1
2026-07-21 07:53:20.618 10 INFO neutron.wsgi [None req-771adade-886a-453f-a19b-d803c141315d 7a772fc023b546e0a52da6647896b3f8 2d07b46e50e14628a01a11ffa91add79 - - - -] 10.0.0.176 "POST /v2.0/security-groups HTTP/1.1" status: 201 len: 1825 time: 0.2011921
2026-07-21 07:53:21.060 9 INFO neutron.plugins.ml2.drivers.ovn.mech_driver.mech_driver [None req-1096d1bb-1619-4472-9536-ac3a88dc9fbc - - - - - -] OVN reports status up for port: 1050124b-f6d9-4cf2-9ca5-7c12771a2480
2026-07-21 07:53:21.083 9 INFO neutron.plugins.ml2.plugin [None req-1096d1bb-1619-4472-9536-ac3a88dc9fbc - - - - - -] Attempt 1 to provision port 1050124b-f6d9-4cf2-9ca5-7c12771a2480
2026-07-21 07:53:21.095 10 INFO neutron.wsgi [req-de17e6d4-72bf-441d-808b-021af9e28b0d req-24638e7a-65a9-4c41-953b-f8078cbdb6f2 7a772fc023b546e0a52da6647896b3f8 2d07b46e50e14628a01a11ffa91add79 - - default default] 10.0.0.176 "GET /v2.0/security-groups/1adcd3e7-9bd0-4f2e-b974-b987da379fc6 HTTP/1.1" status: 200 len: 1820 time: 0.1133680
2026-07-21 07:53:21.212 10 INFO neutron.db.ovn_revision_numbers_db [None req-ef468bde-b530-4ac9-a3e7-d72a59e5c537 bbec68f05d784aa882d964c8bec24844 bc987af3feb14e42a567b1669f87f380 - - - -] Successfully bumped revision number for resource 0c7c49b6-f749-4047-b972-c61195c3154e (type: security_groups) to 1
2026-07-21 07:53:21.253 10 INFO neutron.wsgi [None req-ef468bde-b530-4ac9-a3e7-d72a59e5c537 bbec68f05d784aa882d964c8bec24844 bc987af3feb14e42a567b1669f87f380 - - - -] 10.0.0.37 "POST /v2.0/security-groups HTTP/1.1" status: 201 len: 1797 time: 0.1725059
2026-07-21 07:53:21.276 10 INFO neutron.db.ovn_revision_numbers_db [None req-f58ddb15-bbe6-4f26-b898-bacae97deb45 7a772fc023b546e0a52da6647896b3f8 2d07b46e50e14628a01a11ffa91add79 - - - -] Successfully bumped revision number for resource 08c315b2-8354-44e2-b6e1-4ed60fb55ba8 (type: security_group_rules) to 0
2026-07-21 07:53:21.305 10 INFO neutron.wsgi [None req-f58ddb15-bbe6-4f26-b898-bacae97deb45 7a772fc023b546e0a52da6647896b3f8 2d07b46e50e14628a01a11ffa91add79 - - - -] 10.0.0.176 "POST /v2.0/security-group-rules HTTP/1.1" status: 201 len: 786 time: 0.2017946
2026-07-21 07:53:21.394 10 INFO neutron.db.ovn_revision_numbers_db [None req-e502ed25-c24b-494e-909e-88910cd5a1c7 bbec68f05d784aa882d964c8bec24844 bc987af3feb14e42a567b1669f87f380 - - - -] Successfully bumped revision number for resource 1e772841-12d6-4682-ac5b-4afdf0e07950 (type: security_group_rules) to 0
2026-07-21 07:53:21.424 10 INFO neutron.wsgi [None req-e502ed25-c24b-494e-909e-88910cd5a1c7 bbec68f05d784aa882d964c8bec24844 bc987af3feb14e42a567b1669f87f380 - - - -] 10.0.0.37 "POST /v2.0/security-group-rules HTTP/1.1" status: 201 len: 764 time: 0.1651106
2026-07-21 07:53:21.456 10 INFO neutron.db.ovn_revision_numbers_db [None req-972e0f49-f4f4-4542-8270-0198b89bd269 7a772fc023b546e0a52da6647896b3f8 2d07b46e50e14628a01a11ffa91add79 - - - -] Successfully bumped revision number for resource 824fca4d-5a14-4acb-86df-08bd98215ca4 (type: security_groups) to 1
2026-07-21 07:53:21.481 10 INFO neutron.wsgi [None req-972e0f49-f4f4-4542-8270-0198b89bd269 7a772fc023b546e0a52da6647896b3f8 2d07b46e50e14628a01a11ffa91add79 - - - -] 10.0.0.176 "POST /v2.0/security-groups HTTP/1.1" status: 201 len: 1827 time: 0.1380031
2026-07-21 07:53:21.571 10 INFO neutron.wsgi [req-fff5ec25-e92b-4ac4-b6bd-9c6750b43840 req-770d4e0d-f1a2-470f-a048-655964008429 7a772fc023b546e0a52da6647896b3f8 2d07b46e50e14628a01a11ffa91add79 - - default default] 10.0.0.176 "GET /v2.0/security-groups/824fca4d-5a14-4acb-86df-08bd98215ca4 HTTP/1.1" status: 200 len: 1822 time: 0.0602481
2026-07-21 07:53:21.594 10 INFO neutron.db.ovn_revision_numbers_db [None req-52b4eb5f-423e-4176-912b-04db2dd517c5 bbec68f05d784aa882d964c8bec24844 bc987af3feb14e42a567b1669f87f380 - - - -] Successfully bumped revision number for resource 21672a82-ca24-41fb-84bd-1aa70cde3037 (type: security_group_rules) to 0
2026-07-21 07:53:21.638 10 INFO neutron.wsgi [None req-52b4eb5f-423e-4176-912b-04db2dd517c5 bbec68f05d784aa882d964c8bec24844 bc987af3feb14e42a567b1669f87f380 - - - -] 10.0.0.37 "POST /v2.0/security-group-rules HTTP/1.1" status: 201 len: 769 time: 0.2086794
2026-07-21 07:53:21.812 10 INFO neutron.db.ovn_revision_numbers_db [None req-b8a3d42c-64bd-434a-ab34-7720d69d6883 7a772fc023b546e0a52da6647896b3f8 2d07b46e50e14628a01a11ffa91add79 - - - -] Successfully bumped revision number for resource 6e59999f-ae73-4007-af82-cdcea59336ce (type: security_group_rules) to 0
2026-07-21 07:53:21.849 10 INFO neutron.wsgi [None req-b8a3d42c-64bd-434a-ab34-7720d69d6883 7a772fc023b546e0a52da6647896b3f8 2d07b46e50e14628a01a11ffa91add79 - - - -] 10.0.0.176 "POST /v2.0/security-group-rules HTTP/1.1" status: 201 len: 786 time: 0.2640834
2026-07-21 07:53:21.913 9 INFO neutron.db.ovn_revision_numbers_db [None req-4e92c38f-6037-429d-9817-3460903c3fbc - - - - - -] Successfully bumped revision number for resource 7557221f-1d36-453b-9884-884e376124ad (type: ports) to 1
2026-07-21 07:53:21.922 9 INFO neutron.db.ovn_revision_numbers_db [None req-47bb6ef4-e38c-4ba8-b261-5a911c81dfe1 c559b67c8dc14c6e9bb7fa2452ec7a44 3b5df8bf225349b0ab7bd2b1a0d2c1b1 - - - -] Successfully bumped revision number for resource c65338c6-d843-43c3-b93c-78dc1d67e7e6 (type: router_ports) to 2
2026-07-21 07:53:21.924 9 INFO neutron.wsgi [None req-47bb6ef4-e38c-4ba8-b261-5a911c81dfe1 c559b67c8dc14c6e9bb7fa2452ec7a44 3b5df8bf225349b0ab7bd2b1a0d2c1b1 - - - -] 10.0.0.37 "PUT /v2.0/routers/bef1b529-f77e-4c1d-b543-107820bcf655/add_router_interface HTTP/1.1" status: 200 len: 503 time: 5.8788686
2026-07-21 07:53:21.937 9 INFO neutron.db.ovn_revision_numbers_db [None req-1096d1bb-1619-4472-9536-ac3a88dc9fbc - - - - - -] Successfully bumped revision number for resource 1050124b-f6d9-4cf2-9ca5-7c12771a2480 (type: ports) to 3
2026-07-21 07:53:22.056 10 INFO neutron.wsgi [req-48e27b9b-d61e-421e-bae0-4add114ff201 req-7cfdba06-6acb-49dc-9e65-99ced0437dad 7a772fc023b546e0a52da6647896b3f8 2d07b46e50e14628a01a11ffa91add79 - - default default] 10.0.0.176 "GET /v2.0/security-groups/824fca4d-5a14-4acb-86df-08bd98215ca4 HTTP/1.1" status: 200 len: 2415 time: 0.1808662
2026-07-21 07:53:22.139 9 INFO neutron.db.ovn_revision_numbers_db [None req-1096d1bb-1619-4472-9536-ac3a88dc9fbc - - - - - -] Successfully bumped revision number for resource 1050124b-f6d9-4cf2-9ca5-7c12771a2480 (type: router_ports) to 3
2026-07-21 07:53:22.175 10 INFO neutron.plugins.ml2.drivers.ovn.mech_driver.ovsdb.ovsdb_monitor [None req-54ddabd4-5286-4b04-a7d1-0106615c282d - - - - - -] Router df570cde-100e-4573-bb34-a15587cfe5d2 is bound to host instance
2026-07-21 07:53:22.182 10 WARNING neutron.scheduler.dhcp_agent_scheduler [None req-36208a70-fe72-40db-a95e-05dcf7c37547 bbec68f05d784aa882d964c8bec24844 bc987af3feb14e42a567b1669f87f380 - - - -] No more DHCP agents
2026-07-21 07:53:22.184 10 WARNING neutron.api.rpc.agentnotifiers.dhcp_rpc_agent_api [None req-36208a70-fe72-40db-a95e-05dcf7c37547 bbec68f05d784aa882d964c8bec24844 bc987af3feb14e42a567b1669f87f380 - - - -] Unable to schedule network ee61bd7c-4a9e-48db-8d17-5f4dda2b2c94: no agents available; will retry on subsequent port and subnet creation events.
2026-07-21 07:53:22.191 9 INFO neutron.db.ovn_revision_numbers_db [None req-8611612a-1da9-4348-81d7-a55a50927b33 c559b67c8dc14c6e9bb7fa2452ec7a44 3b5df8bf225349b0ab7bd2b1a0d2c1b1 - - - -] Successfully bumped revision number for resource c6a6b98b-a260-460f-a380-a8a3c18a4cad (type: router_ports) to 1
2026-07-21 07:53:22.262 10 INFO neutron.db.ovn_revision_numbers_db [None req-8304d11d-fb61-4215-8922-c38290c2bb50 7a772fc023b546e0a52da6647896b3f8 2d07b46e50e14628a01a11ffa91add79 - - - -] Successfully bumped revision number for resource 6248e7da-ad43-445b-b4e8-c47f1f7963ef (type: security_group_rules) to 0
2026-07-21 07:53:22.293 9 INFO neutron.db.ovn_revision_numbers_db [None req-8611612a-1da9-4348-81d7-a55a50927b33 c559b67c8dc14c6e9bb7fa2452ec7a44 3b5df8bf225349b0ab7bd2b1a0d2c1b1 - - - -] Successfully bumped revision number for resource df570cde-100e-4573-bb34-a15587cfe5d2 (type: routers) to 3
2026-07-21 07:53:22.313 9 INFO neutron.wsgi [None req-8611612a-1da9-4348-81d7-a55a50927b33 c559b67c8dc14c6e9bb7fa2452ec7a44 3b5df8bf225349b0ab7bd2b1a0d2c1b1 - - - -] 10.0.0.37 "POST /v2.0/routers HTTP/1.1" status: 201 len: 884 time: 3.6876349
2026-07-21 07:53:22.326 10 INFO neutron.wsgi [None req-8304d11d-fb61-4215-8922-c38290c2bb50 7a772fc023b546e0a52da6647896b3f8 2d07b46e50e14628a01a11ffa91add79 - - - -] 10.0.0.176 "POST /v2.0/security-group-rules HTTP/1.1" status: 201 len: 791 time: 0.2617607
2026-07-21 07:53:22.481 10 INFO neutron.wsgi [req-19488b26-8273-4e71-97bf-708ab43a433c req-bfefe221-6266-4a19-ba13-8e1c8e4df331 7a772fc023b546e0a52da6647896b3f8 2d07b46e50e14628a01a11ffa91add79 - - default default] 10.0.0.176 "GET /v2.0/security-groups/824fca4d-5a14-4acb-86df-08bd98215ca4 HTTP/1.1" status: 200 len: 3013 time: 0.1152754
2026-07-21 07:53:22.524 9 INFO neutron.db.ovn_revision_numbers_db [None req-4e92c38f-6037-429d-9817-3460903c3fbc - - - - - -] Successfully bumped revision number for resource 7557221f-1d36-453b-9884-884e376124ad (type: router_ports) to 3
2026-07-21 07:53:22.561 10 INFO neutron.wsgi [req-d5a9afc6-4d40-4810-892f-6db6c4bcb1c4 req-9a5e5431-31f8-4cfa-805b-a74a7f748d52 7a772fc023b546e0a52da6647896b3f8 2d07b46e50e14628a01a11ffa91add79 - - default default] 10.0.0.176 "GET /v2.0/security-group-rules/6248e7da-ad43-445b-b4e8-c47f1f7963ef HTTP/1.1" status: 200 len: 783 time: 0.0493596
2026-07-21 07:53:22.675 10 INFO neutron.wsgi [req-d5a9afc6-4d40-4810-892f-6db6c4bcb1c4 req-c15800bc-3b9b-48a9-8ca7-3801e01eee4c 7a772fc023b546e0a52da6647896b3f8 2d07b46e50e14628a01a11ffa91add79 - - default default] 10.0.0.176 "GET /v2.0/security-groups/824fca4d-5a14-4acb-86df-08bd98215ca4 HTTP/1.1" status: 200 len: 3013 time: 0.0897675
2026-07-21 07:53:22.675 9 INFO neutron.db.ovn_revision_numbers_db [None req-4e92c38f-6037-429d-9817-3460903c3fbc - - - - - -] Successfully bumped revision number for resource 7557221f-1d36-453b-9884-884e376124ad (type: ports) to 2
2026-07-21 07:53:22.707 10 INFO neutron.db.ovn_revision_numbers_db [None req-f8fafed2-d10a-48ca-8dd0-29c3bcad0f71 81a9b9f6886a47e9b39c2ac4c725f73d 5363ae1111c14d64976cb476ace150eb - - - -] Successfully bumped revision number for resource 0b4381ba-3388-4229-b5e9-f704d79428ba (type: security_groups) to 1
2026-07-21 07:53:22.766 10 INFO neutron.wsgi [None req-f8fafed2-d10a-48ca-8dd0-29c3bcad0f71 81a9b9f6886a47e9b39c2ac4c725f73d 5363ae1111c14d64976cb476ace150eb - - - -] 10.0.0.176 "POST /v2.0/security-groups HTTP/1.1" status: 201 len: 1823 time: 0.4325006
2026-07-21 07:53:22.928 9 INFO neutron.db.ovn_revision_numbers_db [None req-4e92c38f-6037-429d-9817-3460903c3fbc - - - - - -] Successfully bumped revision number for resource 7557221f-1d36-453b-9884-884e376124ad (type: ports) to 4
2026-07-21 07:53:23.031 10 INFO neutron.db.ovn_revision_numbers_db [None req-36208a70-fe72-40db-a95e-05dcf7c37547 bbec68f05d784aa882d964c8bec24844 bc987af3feb14e42a567b1669f87f380 - - - -] Successfully bumped revision number for resource c77d1acc-5715-4e6a-8928-23fead5238fa (type: floatingips) to 0
2026-07-21 07:53:23.068 10 INFO neutron.wsgi [None req-36208a70-fe72-40db-a95e-05dcf7c37547 bbec68f05d784aa882d964c8bec24844 bc987af3feb14e42a567b1669f87f380 - - - -] 10.0.0.37 "POST /v2.0/floatingips HTTP/1.1" status: 201 len: 751 time: 1.4248946
2026-07-21 07:53:23.192 10 INFO neutron.wsgi [None req-ef41740a-dcea-4a41-a6e0-39fde0fa78c8 7a772fc023b546e0a52da6647896b3f8 2d07b46e50e14628a01a11ffa91add79 - - - -] 10.0.0.176 "DELETE /v2.0/security-group-rules/6248e7da-ad43-445b-b4e8-c47f1f7963ef HTTP/1.1" status: 204 len: 173 time: 0.5090487
2026-07-21 07:53:23.204 9 INFO neutron.db.ovn_revision_numbers_db [None req-4e92c38f-6037-429d-9817-3460903c3fbc - - - - - -] Successfully bumped revision number for resource 7557221f-1d36-453b-9884-884e376124ad (type: router_ports) to 4
2026-07-21 07:53:23.221 10 INFO neutron.db.ovn_revision_numbers_db [None req-0e389c91-5f95-49e6-8772-2e11eb946dab 81a9b9f6886a47e9b39c2ac4c725f73d 5363ae1111c14d64976cb476ace150eb - - - -] Successfully bumped revision number for resource 75366fc7-1a2f-4b70-ab46-98c695607c5e (type: security_groups) to 1
2026-07-21 07:53:23.276 10 INFO neutron.wsgi [None req-0e389c91-5f95-49e6-8772-2e11eb946dab 81a9b9f6886a47e9b39c2ac4c725f73d 5363ae1111c14d64976cb476ace150eb - - - -] 10.0.0.176 "POST /v2.0/security-groups HTTP/1.1" status: 201 len: 1822 time: 0.4726725
2026-07-21 07:53:23.303 10 INFO neutron.wsgi [req-e800899b-8569-472d-b84b-7f7cac957845 req-2e262b45-5591-49a7-a0ee-050472e1c1a9 7a772fc023b546e0a52da6647896b3f8 2d07b46e50e14628a01a11ffa91add79 - - default default] 10.0.0.176 "GET /v2.0/security-groups/824fca4d-5a14-4acb-86df-08bd98215ca4 HTTP/1.1" status: 200 len: 2415 time: 0.0836868
2026-07-21 07:53:23.348 10 INFO neutron.db.ovn_revision_numbers_db [None req-54ddabd4-5286-4b04-a7d1-0106615c282d - - - - - -] Successfully bumped revision number for resource c6a6b98b-a260-460f-a380-a8a3c18a4cad (type: ports) to 1
2026-07-21 07:53:23.391 10 WARNING neutron.scheduler.dhcp_agent_scheduler [None req-a7127fd6-7f93-4cc5-ab90-a9274187fa19 c559b67c8dc14c6e9bb7fa2452ec7a44 3b5df8bf225349b0ab7bd2b1a0d2c1b1 - - default default] No more DHCP agents
2026-07-21 07:53:23.400 10 WARNING neutron.api.rpc.agentnotifiers.dhcp_rpc_agent_api [None req-a7127fd6-7f93-4cc5-ab90-a9274187fa19 c559b67c8dc14c6e9bb7fa2452ec7a44 3b5df8bf225349b0ab7bd2b1a0d2c1b1 - - default default] Unable to schedule network b3129b4a-c6d9-4283-9835-b63892ebee40: no agents available; will retry on subsequent port and subnet creation events.
2026-07-21 07:53:23.573 10 INFO neutron.db.ovn_revision_numbers_db [None req-1443aac0-05d2-44a7-903e-f81e6ac1a58b 81a9b9f6886a47e9b39c2ac4c725f73d 5363ae1111c14d64976cb476ace150eb - - - -] Successfully bumped revision number for resource 87d54a89-6640-4b5c-aec3-b15f14098082 (type: security_groups) to 1
2026-07-21 07:53:23.610 10 INFO neutron.wsgi [None req-1443aac0-05d2-44a7-903e-f81e6ac1a58b 81a9b9f6886a47e9b39c2ac4c725f73d 5363ae1111c14d64976cb476ace150eb - - - -] 10.0.0.176 "POST /v2.0/security-groups HTTP/1.1" status: 201 len: 1823 time: 0.3063195
2026-07-21 07:53:23.625 10 INFO neutron.wsgi [None req-69798199-50cd-4424-b4a7-00537bb37277 7a772fc023b546e0a52da6647896b3f8 2d07b46e50e14628a01a11ffa91add79 - - - -] 10.0.0.176 "DELETE /v2.0/security-groups/824fca4d-5a14-4acb-86df-08bd98215ca4 HTTP/1.1" status: 204 len: 173 time: 0.3096004
2026-07-21 07:53:23.670 10 INFO neutron.db.ovn_revision_numbers_db [None req-a7127fd6-7f93-4cc5-ab90-a9274187fa19 c559b67c8dc14c6e9bb7fa2452ec7a44 3b5df8bf225349b0ab7bd2b1a0d2c1b1 - - default default] Successfully bumped revision number for resource 8f0fbddc-0969-4e06-b868-23d54e71fb84 (type: ports) to 1
2026-07-21 07:53:23.787 10 INFO neutron.wsgi [req-f0a62795-234e-4d68-a2c8-6650d559fcd8 req-ed2a1874-fb1b-4d9b-bb04-b4bbbbe73797 81a9b9f6886a47e9b39c2ac4c725f73d 5363ae1111c14d64976cb476ace150eb - - default default] 10.0.0.176 "GET /v2.0/security-groups?tenant_id=5363ae1111c14d64976cb476ace150eb HTTP/1.1" status: 200 len: 7796 time: 0.1391525
2026-07-21 07:53:23.803 10 INFO neutron.wsgi [req-4f69e265-404d-4194-af08-b1463f171a20 req-25e7cf11-d9f8-4eb3-95a6-d348d03232bf bbec68f05d784aa882d964c8bec24844 bc987af3feb14e42a567b1669f87f380 - - default default] 10.0.0.176 "GET /v2.0/security-groups?name=tempest-securitygroup--1268391131&fields=id&tenant_id=bc987af3feb14e42a567b1669f87f380 HTTP/1.1" status: 200 len: 267 time: 0.0943096
2026-07-21 07:53:23.987 10 WARNING neutron.plugins.ml2.drivers.ovn.mech_driver.ovsdb.ovn_client [None req-0a4d5b0c-0275-45c2-92fb-518f62a388a5 - - - - - -] No hosting information found for port 6caae009-110c-4941-917f-a44dd01878bf: RuntimeError: No hosting information found for port 6caae009-110c-4941-917f-a44dd01878bf
2026-07-21 07:53:23.987 10 INFO neutron.plugins.ml2.drivers.ovn.mech_driver.mech_driver [None req-0a4d5b0c-0275-45c2-92fb-518f62a388a5 - - - - - -] OVN reports status up for port: c65338c6-d843-43c3-b93c-78dc1d67e7e6
2026-07-21 07:53:24.044 10 INFO neutron.db.ovn_revision_numbers_db [None req-54ddabd4-5286-4b04-a7d1-0106615c282d - - - - - -] Successfully bumped revision number for resource c6a6b98b-a260-460f-a380-a8a3c18a4cad (type: router_ports) to 3
2026-07-21 07:53:24.047 10 INFO neutron.wsgi [req-f0a62795-234e-4d68-a2c8-6650d559fcd8 req-b58562a2-04c1-42b9-a323-ad6e2425dc9a 81a9b9f6886a47e9b39c2ac4c725f73d 5363ae1111c14d64976cb476ace150eb - - default default] 10.0.0.176 "GET /v2.0/security-groups/5018d371-ae57-46e0-8044-5394007c0b66 HTTP/1.1" status: 200 len: 2994 time: 0.2514846
2026-07-21 07:53:24.056 10 INFO neutron.plugins.ml2.plugin [None req-0a4d5b0c-0275-45c2-92fb-518f62a388a5 - - - - - -] Attempt 1 to provision port c65338c6-d843-43c3-b93c-78dc1d67e7e6
2026-07-21 07:53:24.118 10 INFO neutron.wsgi [req-4f69e265-404d-4194-af08-b1463f171a20 req-eb4f73da-d61a-4c72-ba05-78fc2b754613 bbec68f05d784aa882d964c8bec24844 bc987af3feb14e42a567b1669f87f380 - - default default] 10.0.0.176 "GET /v2.0/networks?id=da3aa01a-3d07-4fda-8b74-14125090b848 HTTP/1.1" status: 200 len: 869 time: 0.3077722
2026-07-21 07:53:24.168 10 INFO neutron.wsgi [req-4f69e265-404d-4194-af08-b1463f171a20 req-0042be77-b7cf-4eb4-a009-0e33cce00ffb bbec68f05d784aa882d964c8bec24844 bc987af3feb14e42a567b1669f87f380 - - default default] 10.0.0.176 "GET /v2.0/quotas/bc987af3feb14e42a567b1669f87f380 HTTP/1.1" status: 200 len: 386 time: 0.0415640
2026-07-21 07:53:24.172 10 INFO neutron.wsgi [req-f0a62795-234e-4d68-a2c8-6650d559fcd8 req-febfe185-fb9d-4c51-92e2-20d1f1ac8d0b 81a9b9f6886a47e9b39c2ac4c725f73d 5363ae1111c14d64976cb476ace150eb - - default default] 10.0.0.176 "GET /v2.0/security-groups/5018d371-ae57-46e0-8044-5394007c0b66 HTTP/1.1" status: 200 len: 2994 time: 0.0982642
2026-07-21 07:53:24.303 10 INFO neutron.wsgi [req-ed984c0c-277e-48ec-b27d-9ef7a59acc55 req-0c0f06e5-a402-4c77-8071-c8d96725d764 7a772fc023b546e0a52da6647896b3f8 2d07b46e50e14628a01a11ffa91add79 - - default default] 10.0.0.176 "GET /v2.0/security-groups/1adcd3e7-9bd0-4f2e-b974-b987da379fc6 HTTP/1.1" status: 200 len: 2413 time: 0.1150136
2026-07-21 07:53:24.370 10 INFO neutron.db.ovn_revision_numbers_db [None req-54ddabd4-5286-4b04-a7d1-0106615c282d - - - - - -] Successfully bumped revision number for resource c6a6b98b-a260-460f-a380-a8a3c18a4cad (type: ports) to 2
2026-07-21 07:53:24.386 10 INFO neutron.wsgi [req-4f69e265-404d-4194-af08-b1463f171a20 req-f3fc4cf2-02ad-41aa-92e9-5748a9101f1c bbec68f05d784aa882d964c8bec24844 bc987af3feb14e42a567b1669f87f380 - - default default] 10.0.0.176 "GET /v2.0/ports?tenant_id=bc987af3feb14e42a567b1669f87f380&fields=id HTTP/1.1" status: 200 len: 302 time: 0.2105913
2026-07-21 07:53:24.638 10 INFO neutron.wsgi [None req-057c5ec8-53fd-4ee6-9f7e-0124c8dfccd1 7a772fc023b546e0a52da6647896b3f8 2d07b46e50e14628a01a11ffa91add79 - - - -] 10.0.0.176 "DELETE /v2.0/security-groups/1adcd3e7-9bd0-4f2e-b974-b987da379fc6 HTTP/1.1" status: 204 len: 173 time: 0.3236561
2026-07-21 07:53:24.818 10 INFO neutron.db.ovn_revision_numbers_db [None req-0a4d5b0c-0275-45c2-92fb-518f62a388a5 - - - - - -] Successfully bumped revision number for resource c65338c6-d843-43c3-b93c-78dc1d67e7e6 (type: ports) to 3
2026-07-21 07:53:24.877 10 INFO neutron.wsgi [req-4f69e265-404d-4194-af08-b1463f171a20 req-39bc4032-3cff-4fa7-8b9e-f1e5d4ebce91 1b6a6b17dc714991a943390189061cea 9796ff7890114c13968851e69adf92a0 - - f75cd953ec1d47d48337cd8ec909d548 f75cd953ec1d47d48337cd8ec909d548] 10.0.0.176 "GET /v2.0/extensions HTTP/1.1" status: 200 len: 16525 time: 0.0616362
2026-07-21 07:53:24.879 10 INFO neutron.wsgi [req-ce1a5548-bdb5-4cb0-914f-339f07a80e09 req-594634f4-9e46-442d-8d2d-260eaf160477 81a9b9f6886a47e9b39c2ac4c725f73d 5363ae1111c14d64976cb476ace150eb - - default default] 10.0.0.176 "GET /v2.0/security-groups/0b4381ba-3388-4229-b5e9-f704d79428ba HTTP/1.1" status: 200 len: 1818 time: 0.2174063
2026-07-21 07:53:24.917 10 INFO neutron.db.ovn_revision_numbers_db [None req-a7127fd6-7f93-4cc5-ab90-a9274187fa19 c559b67c8dc14c6e9bb7fa2452ec7a44 3b5df8bf225349b0ab7bd2b1a0d2c1b1 - - default default] Successfully bumped revision number for resource 8f0fbddc-0969-4e06-b868-23d54e71fb84 (type: router_ports) to 2
2026-07-21 07:53:25.035 10 INFO neutron.wsgi [req-4f69e265-404d-4194-af08-b1463f171a20 req-fbab5bcb-6a9d-417b-aafe-e51e4b9d672a 1b6a6b17dc714991a943390189061cea 9796ff7890114c13968851e69adf92a0 - - f75cd953ec1d47d48337cd8ec909d548 f75cd953ec1d47d48337cd8ec909d548] 10.0.0.176 "GET /v2.0/networks/da3aa01a-3d07-4fda-8b74-14125090b848?fields=segments HTTP/1.1" status: 200 len: 212 time: 0.1494999
2026-07-21 07:53:25.049 10 INFO neutron.db.ovn_revision_numbers_db [None req-54ddabd4-5286-4b04-a7d1-0106615c282d - - - - - -] Successfully bumped revision number for resource c6a6b98b-a260-460f-a380-a8a3c18a4cad (type: ports) to 4
2026-07-21 07:53:25.072 10 INFO neutron.db.ovn_revision_numbers_db [None req-0a4d5b0c-0275-45c2-92fb-518f62a388a5 - - - - - -] Successfully bumped revision number for resource c65338c6-d843-43c3-b93c-78dc1d67e7e6 (type: router_ports) to 3
2026-07-21 07:53:25.206 10 INFO neutron.wsgi [req-4f69e265-404d-4194-af08-b1463f171a20 req-4221a14d-f189-4e07-9969-68ade882c926 1b6a6b17dc714991a943390189061cea 9796ff7890114c13968851e69adf92a0 - - f75cd953ec1d47d48337cd8ec909d548 f75cd953ec1d47d48337cd8ec909d548] 10.0.0.176 "GET /v2.0/networks/da3aa01a-3d07-4fda-8b74-14125090b848?fields=provider%3Aphysical_network&fields=provider%3Anetwork_type HTTP/1.1" status: 200 len: 277 time: 0.1613472
2026-07-21 07:53:25.277 10 INFO neutron.db.ovn_revision_numbers_db [None req-a7127fd6-7f93-4cc5-ab90-a9274187fa19 c559b67c8dc14c6e9bb7fa2452ec7a44 3b5df8bf225349b0ab7bd2b1a0d2c1b1 - - default default] Successfully bumped revision number for resource 8f0fbddc-0969-4e06-b868-23d54e71fb84 (type: ports) to 2
2026-07-21 07:53:25.309 10 INFO neutron.wsgi [None req-24605368-aadd-479a-b727-6ba10d40071c 81a9b9f6886a47e9b39c2ac4c725f73d 5363ae1111c14d64976cb476ace150eb - - - -] 10.0.0.176 "DELETE /v2.0/security-groups/0b4381ba-3388-4229-b5e9-f704d79428ba HTTP/1.1" status: 204 len: 173 time: 0.4186916
2026-07-21 07:53:25.370 10 INFO neutron.api.v2.resource [req-59ac0bb8-d3ff-4b5a-b90c-394b8cd574f8 req-9930ca0d-d7b0-45dd-beab-4f306bace82b 81a9b9f6886a47e9b39c2ac4c725f73d 5363ae1111c14d64976cb476ace150eb - - default default] show failed (client error): The resource could not be found.
2026-07-21 07:53:25.372 10 INFO neutron.wsgi [req-59ac0bb8-d3ff-4b5a-b90c-394b8cd574f8 req-9930ca0d-d7b0-45dd-beab-4f306bace82b 81a9b9f6886a47e9b39c2ac4c725f73d 5363ae1111c14d64976cb476ace150eb - - default default] 10.0.0.176 "GET /v2.0/security-groups/0b4381ba-3388-4229-b5e9-f704d79428ba HTTP/1.1" status: 404 len: 352 time: 0.0360856
2026-07-21 07:53:25.431 10 WARNING neutron.scheduler.dhcp_agent_scheduler [None req-a7127fd6-7f93-4cc5-ab90-a9274187fa19 c559b67c8dc14c6e9bb7fa2452ec7a44 3b5df8bf225349b0ab7bd2b1a0d2c1b1 - - default default] No more DHCP agents
2026-07-21 07:53:25.447 10 WARNING neutron.api.rpc.agentnotifiers.dhcp_rpc_agent_api [None req-a7127fd6-7f93-4cc5-ab90-a9274187fa19 c559b67c8dc14c6e9bb7fa2452ec7a44 3b5df8bf225349b0ab7bd2b1a0d2c1b1 - - default default] Unable to schedule network b3129b4a-c6d9-4283-9835-b63892ebee40: no agents available; will retry on subsequent port and subnet creation events.
2026-07-21 07:53:25.510 10 INFO neutron.wsgi [req-a4ad06f9-a42e-4710-8535-ff4199bdf10a req-1fd99952-dcb4-4f0d-b058-c0477f07e965 bbec68f05d784aa882d964c8bec24844 bc987af3feb14e42a567b1669f87f380 - - default default] 10.0.0.176 "GET /v2.0/ports?device_id=6fa8794f-9071-4d50-ab60-094735b493c4 HTTP/1.1" status: 200 len: 210 time: 0.0676486
2026-07-21 07:53:25.516 10 INFO neutron.wsgi [req-fa87c49f-1931-45dc-82b5-e4f793a02df9 req-4fa9592e-a44e-446d-9386-3f0767d2fe9a 81a9b9f6886a47e9b39c2ac4c725f73d 5363ae1111c14d64976cb476ace150eb - - default default] 10.0.0.176 "GET /v2.0/security-groups/75366fc7-1a2f-4b70-ab46-98c695607c5e HTTP/1.1" status: 200 len: 1817 time: 0.1065538
2026-07-21 07:53:25.602 10 INFO neutron.db.ovn_revision_numbers_db [None req-54ddabd4-5286-4b04-a7d1-0106615c282d - - - - - -] Successfully bumped revision number for resource c6a6b98b-a260-460f-a380-a8a3c18a4cad (type: router_ports) to 4
2026-07-21 07:53:25.926 10 INFO neutron.wsgi [None req-c556216a-24b7-477b-8316-f5a28379df7c 81a9b9f6886a47e9b39c2ac4c725f73d 5363ae1111c14d64976cb476ace150eb - - - -] 10.0.0.176 "DELETE /v2.0/security-groups/75366fc7-1a2f-4b70-ab46-98c695607c5e HTTP/1.1" status: 204 len: 173 time: 0.3999283
2026-07-21 07:53:25.971 10 INFO neutron.api.v2.resource [req-a8e486ed-2443-409d-ac4f-7dd857a2a25b req-54e6216e-faf2-435e-9af2-f85a65f02a14 81a9b9f6886a47e9b39c2ac4c725f73d 5363ae1111c14d64976cb476ace150eb - - default default] show failed (client error): The resource could not be found.
2026-07-21 07:53:25.972 10 INFO neutron.wsgi [req-a8e486ed-2443-409d-ac4f-7dd857a2a25b req-54e6216e-faf2-435e-9af2-f85a65f02a14 81a9b9f6886a47e9b39c2ac4c725f73d 5363ae1111c14d64976cb476ace150eb - - default default] 10.0.0.176 "GET /v2.0/security-groups/75366fc7-1a2f-4b70-ab46-98c695607c5e HTTP/1.1" status: 404 len: 352 time: 0.0243342
2026-07-21 07:53:26.055 10 INFO neutron.wsgi [req-931d2da9-467b-44d7-abf8-48da59db00ff req-53644f52-9f53-4730-894c-899318287f94 81a9b9f6886a47e9b39c2ac4c725f73d 5363ae1111c14d64976cb476ace150eb - - default default] 10.0.0.176 "GET /v2.0/security-groups/87d54a89-6640-4b5c-aec3-b15f14098082 HTTP/1.1" status: 200 len: 1818 time: 0.0594485
2026-07-21 07:53:26.223 9 INFO neutron.wsgi [None req-d9a6bc4c-ec49-430c-ad82-b03d229957d2 c559b67c8dc14c6e9bb7fa2452ec7a44 3b5df8bf225349b0ab7bd2b1a0d2c1b1 - - - -] 10.0.0.37 "PUT /v2.0/routers/08b981dc-c8b1-4f78-8303-7916b39c8877/remove_router_interface HTTP/1.1" status: 200 len: 503 time: 1.5758755 /var/lib/openstack/lib/python3.10/site-packages/pycadf/identifier.py:71: UserWarning: Invalid uuid: neutron. To ensure interoperability, identifiers should be a valid uuid. warnings.warn(('Invalid uuid: %s. To ensure interoperability, '
2026-07-21 07:53:26.248 10 INFO neutron.wsgi [None req-1ef69585-6530-4c53-b1ab-8ef4b4e08b35 81a9b9f6886a47e9b39c2ac4c725f73d 5363ae1111c14d64976cb476ace150eb - - - -] 10.0.0.176 "DELETE /v2.0/security-groups/87d54a89-6640-4b5c-aec3-b15f14098082 HTTP/1.1" status: 204 len: 173 time: 0.1747859
2026-07-21 07:53:26.299 10 INFO neutron.api.v2.resource [req-b92aa9e2-268b-48ea-981a-5ce289b9bd44 req-efeb9fd4-d052-49d8-a5cc-5951b7d522d2 81a9b9f6886a47e9b39c2ac4c725f73d 5363ae1111c14d64976cb476ace150eb - - default default] show failed (client error): The resource could not be found.
2026-07-21 07:53:26.300 10 INFO neutron.wsgi [req-b92aa9e2-268b-48ea-981a-5ce289b9bd44 req-efeb9fd4-d052-49d8-a5cc-5951b7d522d2 81a9b9f6886a47e9b39c2ac4c725f73d 5363ae1111c14d64976cb476ace150eb - - default default] 10.0.0.176 "GET /v2.0/security-groups/87d54a89-6640-4b5c-aec3-b15f14098082 HTTP/1.1" status: 404 len: 352 time: 0.0288830
2026-07-21 07:53:26.379 10 INFO neutron.wsgi [req-680994ca-289d-4fdf-baa4-94d298ea337b req-d9ba5e06-35e0-4a9b-b000-6c30513c77cb 81a9b9f6886a47e9b39c2ac4c725f73d 5363ae1111c14d64976cb476ace150eb - - default default] 10.0.0.176 "GET /v2.0/security-groups?tenant_id=5363ae1111c14d64976cb476ace150eb HTTP/1.1" status: 200 len: 2997 time: 0.0457413
2026-07-21 07:53:26.443 10 INFO neutron.wsgi [req-680994ca-289d-4fdf-baa4-94d298ea337b req-e26ecdc2-991b-470a-8d49-6a7273730a12 81a9b9f6886a47e9b39c2ac4c725f73d 5363ae1111c14d64976cb476ace150eb - - default default] 10.0.0.176 "GET /v2.0/security-groups/5018d371-ae57-46e0-8044-5394007c0b66 HTTP/1.1" status: 200 len: 2994 time: 0.0532444
2026-07-21 07:53:26.489 10 INFO neutron.wsgi [req-680994ca-289d-4fdf-baa4-94d298ea337b req-a8f38af9-a7de-4dcd-adde-691428f2f343 81a9b9f6886a47e9b39c2ac4c725f73d 5363ae1111c14d64976cb476ace150eb - - default default] 10.0.0.176 "GET /v2.0/security-groups/5018d371-ae57-46e0-8044-5394007c0b66 HTTP/1.1" status: 200 len: 2994 time: 0.0359607
2026-07-21 07:53:26.556 10 INFO neutron.api.v2.resource [req-c05534a7-8bcb-4417-b95f-aea5337878de req-35e59b33-dce5-408a-bd9d-03306fc72964 81a9b9f6886a47e9b39c2ac4c725f73d 5363ae1111c14d64976cb476ace150eb - - default default] show failed (client error): The resource could not be found.
2026-07-21 07:53:26.557 10 INFO neutron.wsgi [req-c05534a7-8bcb-4417-b95f-aea5337878de req-35e59b33-dce5-408a-bd9d-03306fc72964 81a9b9f6886a47e9b39c2ac4c725f73d 5363ae1111c14d64976cb476ace150eb - - default default] 10.0.0.176 "GET /v2.0/security-groups/87d54a89-6640-4b5c-aec3-b15f14098082 HTTP/1.1" status: 404 len: 352 time: 0.0160043
2026-07-21 07:53:26.592 10 INFO neutron.db.ovn_revision_numbers_db [None req-a7127fd6-7f93-4cc5-ab90-a9274187fa19 c559b67c8dc14c6e9bb7fa2452ec7a44 3b5df8bf225349b0ab7bd2b1a0d2c1b1 - - - -] Successfully bumped revision number for resource 8f0fbddc-0969-4e06-b868-23d54e71fb84 (type: router_ports) to 2
2026-07-21 07:53:26.594 10 INFO neutron.wsgi [None req-a7127fd6-7f93-4cc5-ab90-a9274187fa19 c559b67c8dc14c6e9bb7fa2452ec7a44 3b5df8bf225349b0ab7bd2b1a0d2c1b1 - - - -] 10.0.0.37 "PUT /v2.0/routers/df570cde-100e-4573-bb34-a15587cfe5d2/add_router_interface HTTP/1.1" status: 200 len: 503 time: 4.2729561
2026-07-21 07:53:26.606 10 INFO neutron.api.v2.resource [req-aaa40ab8-ecf2-470a-af6b-c7682d934cc5 req-15ae52b1-c519-49b4-b54f-9687fcab2b9d 81a9b9f6886a47e9b39c2ac4c725f73d 5363ae1111c14d64976cb476ace150eb - - default default] show failed (client error): The resource could not be found.
2026-07-21 07:53:26.607 10 INFO neutron.wsgi [req-aaa40ab8-ecf2-470a-af6b-c7682d934cc5 req-15ae52b1-c519-49b4-b54f-9687fcab2b9d 81a9b9f6886a47e9b39c2ac4c725f73d 5363ae1111c14d64976cb476ace150eb - - default default] 10.0.0.176 "GET /v2.0/security-groups/75366fc7-1a2f-4b70-ab46-98c695607c5e HTTP/1.1" status: 404 len: 352 time: 0.0124931
2026-07-21 07:53:26.667 10 INFO neutron.wsgi [req-aba6ae39-0d32-453d-b136-453ed78110ea req-e2b14bbc-865d-4cc4-a0a5-34851a4507d9 bbec68f05d784aa882d964c8bec24844 bc987af3feb14e42a567b1669f87f380 - - default default] 10.0.0.176 "GET /v2.0/ports?device_id=6fa8794f-9071-4d50-ab60-094735b493c4 HTTP/1.1" status: 200 len: 210 time: 0.0294495
2026-07-21 07:53:26.667 10 INFO neutron.api.v2.resource [req-94cdab6b-0a4b-463f-b221-dad307d8439f req-fe6b8b96-8ee0-4f29-bd36-adf9e4b6db1b 81a9b9f6886a47e9b39c2ac4c725f73d 5363ae1111c14d64976cb476ace150eb - - default default] show failed (client error): The resource could not be found.
2026-07-21 07:53:26.668 10 INFO neutron.wsgi [req-94cdab6b-0a4b-463f-b221-dad307d8439f req-fe6b8b96-8ee0-4f29-bd36-adf9e4b6db1b 81a9b9f6886a47e9b39c2ac4c725f73d 5363ae1111c14d64976cb476ace150eb - - default default] 10.0.0.176 "GET /v2.0/security-groups/0b4381ba-3388-4229-b5e9-f704d79428ba HTTP/1.1" status: 404 len: 352 time: 0.0326982
2026-07-21 07:53:26.914 9 INFO neutron.wsgi [None req-97248970-64ce-4c17-85af-76098eab4e7e c559b67c8dc14c6e9bb7fa2452ec7a44 3b5df8bf225349b0ab7bd2b1a0d2c1b1 - - - -] 10.0.0.37 "DELETE /v2.0/routers/08b981dc-c8b1-4f78-8303-7916b39c8877 HTTP/1.1" status: 204 len: 168 time: 0.6844139
2026-07-21 07:53:27.196 10 INFO neutron.wsgi [req-4f69e265-404d-4194-af08-b1463f171a20 req-fb3df591-e473-4d83-9df1-8329a9c630e8 bbec68f05d784aa882d964c8bec24844 bc987af3feb14e42a567b1669f87f380 - - default default] 199.19.213.199 "GET /v2.0/networks?id=da3aa01a-3d07-4fda-8b74-14125090b848 HTTP/1.1" status: 200 len: 869 time: 0.3387954
2026-07-21 07:53:27.264 9 INFO neutron.wsgi [None req-81ff1c47-0ed4-411c-beb7-f7f9c7de3949 c559b67c8dc14c6e9bb7fa2452ec7a44 3b5df8bf225349b0ab7bd2b1a0d2c1b1 - - - -] 10.0.0.37 "DELETE /v2.0/subnets/4000c8d8-367f-4165-9543-342c956fb437 HTTP/1.1" status: 204 len: 168 time: 0.3448558
2026-07-21 07:53:27.312 10 INFO neutron.wsgi [req-4f69e265-404d-4194-af08-b1463f171a20 req-35263e93-34f8-4636-85e8-3d7920343924 bbec68f05d784aa882d964c8bec24844 bc987af3feb14e42a567b1669f87f380 - - default default] 199.19.213.199 "GET /v2.0/security-groups?fields=id&fields=name&tenant_id=bc987af3feb14e42a567b1669f87f380 HTTP/1.1" status: 200 len: 380 time: 0.0795369
2026-07-21 07:53:27.392 10 INFO neutron.db.ovn_revision_numbers_db [None req-6c8a293c-6867-488b-bb38-65212bc87af3 0f35c0dcef154d55934311ef9e8bf0fb b4aa2073a0044b998be64480a28e8be2 - - - -] Successfully bumped revision number for resource d0046e3e-21c1-46a6-b8aa-0dfe352f50c6 (type: security_groups) to 1
2026-07-21 07:53:27.429 10 INFO neutron.wsgi [None req-6c8a293c-6867-488b-bb38-65212bc87af3 0f35c0dcef154d55934311ef9e8bf0fb b4aa2073a0044b998be64480a28e8be2 - - - -] 10.0.0.37 "POST /v2.0/security-groups HTTP/1.1" status: 201 len: 1795 time: 0.2847326
2026-07-21 07:53:27.659 9 INFO neutron.db.ovn_revision_numbers_db [None req-c8fd106f-fb3b-4d81-b8bd-5c5409fef8da 0f35c0dcef154d55934311ef9e8bf0fb b4aa2073a0044b998be64480a28e8be2 - - - -] Successfully bumped revision number for resource 8a636649-25ba-4bf1-8b45-07aabeef4449 (type: security_group_rules) to 0
2026-07-21 07:53:27.749 9 INFO neutron.wsgi [None req-c8fd106f-fb3b-4d81-b8bd-5c5409fef8da 0f35c0dcef154d55934311ef9e8bf0fb b4aa2073a0044b998be64480a28e8be2 - - - -] 10.0.0.37 "POST /v2.0/security-group-rules HTTP/1.1" status: 201 len: 764 time: 0.3130543
2026-07-21 07:53:27.769 9 INFO neutron.wsgi [None req-12a2bf52-dec4-42ec-9289-2628cb7921f3 c559b67c8dc14c6e9bb7fa2452ec7a44 3b5df8bf225349b0ab7bd2b1a0d2c1b1 - - - -] 10.0.0.37 "DELETE /v2.0/networks/36249454-e070-4829-9895-0a2eb8d0f278 HTTP/1.1" status: 204 len: 168 time: 0.5000899
2026-07-21 07:53:27.896 9 INFO neutron.db.ovn_revision_numbers_db [None req-838c8b54-528e-47fd-9917-384ef376025c 0f35c0dcef154d55934311ef9e8bf0fb b4aa2073a0044b998be64480a28e8be2 - - - -] Successfully bumped revision number for resource 431c4b99-1fbe-4e58-ace0-3195ca76eb79 (type: security_group_rules) to 0
2026-07-21 07:53:27.930 9 INFO neutron.wsgi [None req-838c8b54-528e-47fd-9917-384ef376025c 0f35c0dcef154d55934311ef9e8bf0fb b4aa2073a0044b998be64480a28e8be2 - - - -] 10.0.0.37 "POST /v2.0/security-group-rules HTTP/1.1" status: 201 len: 769 time: 0.1759605
2026-07-21 07:53:27.951 10 INFO neutron.wsgi [req-1eb66a08-90f7-4766-8c21-477033b8d8a9 req-9f113e3e-c59e-4c22-8a9c-e2c0d4b14a95 bbec68f05d784aa882d964c8bec24844 bc987af3feb14e42a567b1669f87f380 - - default default] 10.0.0.176 "GET /v2.0/ports?device_id=6fa8794f-9071-4d50-ab60-094735b493c4 HTTP/1.1" status: 200 len: 210 time: 0.0585675
2026-07-21 07:53:27.953 9 INFO neutron.wsgi [None req-9770b7de-f531-4cc1-a7cb-7d09cb97346b c559b67c8dc14c6e9bb7fa2452ec7a44 3b5df8bf225349b0ab7bd2b1a0d2c1b1 - - default default] 10.0.0.37 "GET /v2.0/security-groups?tenant_id=2d07b46e50e14628a01a11ffa91add79&name=default HTTP/1.1" status: 200 len: 2992 time: 0.0426233 /var/lib/openstack/lib/python3.10/site-packages/pycadf/identifier.py:71: UserWarning: Invalid uuid: neutron. To ensure interoperability, identifiers should be a valid uuid. warnings.warn(('Invalid uuid: %s. To ensure interoperability, '
2026-07-21 07:53:28.034 10 WARNING neutron.scheduler.dhcp_agent_scheduler [None req-0576b2e9-52bb-4550-9c2f-0079368762c3 bbec68f05d784aa882d964c8bec24844 bc987af3feb14e42a567b1669f87f380 - - - -] No more DHCP agents
2026-07-21 07:53:28.042 10 WARNING neutron.api.rpc.agentnotifiers.dhcp_rpc_agent_api [None req-0576b2e9-52bb-4550-9c2f-0079368762c3 bbec68f05d784aa882d964c8bec24844 bc987af3feb14e42a567b1669f87f380 - - - -] Unable to schedule network da3aa01a-3d07-4fda-8b74-14125090b848: no agents available; will retry on subsequent port and subnet creation events.
2026-07-21 07:53:28.104 9 WARNING neutron.plugins.ml2.drivers.ovn.mech_driver.ovsdb.ovn_client [None req-1096d1bb-1619-4472-9536-ac3a88dc9fbc - - - - - -] No hosting information found for port 1050124b-f6d9-4cf2-9ca5-7c12771a2480: RuntimeError: No hosting information found for port 1050124b-f6d9-4cf2-9ca5-7c12771a2480
2026-07-21 07:53:28.105 9 INFO neutron.plugins.ml2.drivers.ovn.mech_driver.mech_driver [None req-1096d1bb-1619-4472-9536-ac3a88dc9fbc - - - - - -] OVN reports status up for port: c6a6b98b-a260-460f-a380-a8a3c18a4cad
2026-07-21 07:53:28.132 9 INFO neutron.plugins.ml2.plugin [None req-1096d1bb-1619-4472-9536-ac3a88dc9fbc - - - - - -] Attempt 1 to provision port c6a6b98b-a260-460f-a380-a8a3c18a4cad
2026-07-21 07:53:28.209 9 INFO neutron.services.segments.plugin [-] Segment eb045ba0-dc5a-4978-a114-d612ca1306cc resource provider aggregate not found
2026-07-21 07:53:28.221 9 INFO neutron.services.segments.plugin [-] Segment eb045ba0-dc5a-4978-a114-d612ca1306cc resource provider aggregate not found
2026-07-21 07:53:28.231 9 INFO neutron.services.segments.plugin [-] Segment eb045ba0-dc5a-4978-a114-d612ca1306cc resource provider not found; error: Placement Client Error (4xx): {"errors": [{"status": 404, "title": "Not Found", "detail": "The resource could not be found.\n\n No resource provider with uuid eb045ba0-dc5a-4978-a114-d612ca1306cc found for delete ", "request_id": "req-60c0bc27-60de-4447-b0fb-49098a6f3416"}]}
2026-07-21 07:53:28.239 9 INFO neutron.services.segments.plugin [-] Segment eb045ba0-dc5a-4978-a114-d612ca1306cc resource provider not found; error: Placement Client Error (4xx): {"errors": [{"status": 404, "title": "Not Found", "detail": "The resource could not be found.\n\n No resource provider with uuid eb045ba0-dc5a-4978-a114-d612ca1306cc found for delete ", "request_id": "req-ce11166f-2b34-4a9d-9c19-71e63b0cafe5"}]}
2026-07-21 07:53:28.275 9 INFO neutron.plugins.ml2.drivers.ovn.mech_driver.mech_driver [None req-1096d1bb-1619-4472-9536-ac3a88dc9fbc - - - - - -] OVN reports status up for port: 8f0fbddc-0969-4e06-b868-23d54e71fb84
2026-07-21 07:53:28.297 9 INFO neutron.plugins.ml2.plugin [None req-1096d1bb-1619-4472-9536-ac3a88dc9fbc - - - - - -] Attempt 1 to provision port 8f0fbddc-0969-4e06-b868-23d54e71fb84
2026-07-21 07:53:28.321 9 WARNING neutron.scheduler.dhcp_agent_scheduler [None req-93392cee-5a99-4503-870f-d79923974fe3 0f35c0dcef154d55934311ef9e8bf0fb b4aa2073a0044b998be64480a28e8be2 - - - -] No more DHCP agents
2026-07-21 07:53:28.326 9 WARNING neutron.api.rpc.agentnotifiers.dhcp_rpc_agent_api [None req-93392cee-5a99-4503-870f-d79923974fe3 0f35c0dcef154d55934311ef9e8bf0fb b4aa2073a0044b998be64480a28e8be2 - - - -] Unable to schedule network ee61bd7c-4a9e-48db-8d17-5f4dda2b2c94: no agents available; will retry on subsequent port and subnet creation events.
