2026-07-21 07:55:26.773 10 INFO neutron.wsgi [None req-1c0eecb5-d546-4685-a601-af8d838f1635 f46c3bfa9b1745bda91931579f2624f3 07680b0dbefc42af9848ad32d4cfd6bf - - - -] 10.0.0.37 "POST /v2.0/security-groups HTTP/1.1" status: 201 len: 1737 time: 0.2889721
2026-07-21 07:55:26.815 9 INFO neutron.wsgi [None req-4304aa50-403a-4ea5-804d-925b208bec55 8a07ee4a73734d0aa7d1bad741c9562b 53814e1ab24645daafcbc10990ea3d04 - - - -] 10.0.0.37 "DELETE /v2.0/subnets/b2b51b2a-7e86-4671-a8b1-66b1605f1f56 HTTP/1.1" status: 204 len: 168 time: 0.2137635
2026-07-21 07:55:26.822 9 INFO neutron.wsgi [None req-589ea0e6-199b-4fc5-ae75-f354169bc3c6 f46c3bfa9b1745bda91931579f2624f3 07680b0dbefc42af9848ad32d4cfd6bf - - - -] 10.0.0.37 "PUT /v2.0/security-groups/f8e5c493-2acb-46da-90a6-218bf7f944f4/tags HTTP/1.1" status: 200 len: 210 time: 0.0408206
2026-07-21 07:55:26.859 9 INFO neutron.wsgi [None req-23759b2c-d41d-4e81-b4a0-0e9fc4df012f f46c3bfa9b1745bda91931579f2624f3 07680b0dbefc42af9848ad32d4cfd6bf - - - -] 10.0.0.37 "PUT /v2.0/security-groups/80ab6241-3fe6-40a6-b08d-23b358d14b8b/tags HTTP/1.1" status: 200 len: 218 time: 0.0316682
2026-07-21 07:55:26.891 9 INFO neutron.wsgi [None req-8b08c03f-bf64-47d1-8a7f-b58411772390 f46c3bfa9b1745bda91931579f2624f3 07680b0dbefc42af9848ad32d4cfd6bf - - - -] 10.0.0.37 "PUT /v2.0/security-groups/db692284-afa7-4b87-a5a3-3b17194319ef/tags HTTP/1.1" status: 200 len: 227 time: 0.0257013
2026-07-21 07:55:26.898 10 INFO neutron.wsgi [None req-28f2399c-0e48-4be2-98f2-1a9ff5b868af 8a07ee4a73734d0aa7d1bad741c9562b 53814e1ab24645daafcbc10990ea3d04 - - default default] 10.0.0.37 "GET /v2.0/subnets HTTP/1.1" status: 200 len: 820 time: 0.0749180
2026-07-21 07:55:26.936 9 INFO neutron.wsgi [None req-0e540858-2fd9-4f6c-986e-6827630f2ee6 f46c3bfa9b1745bda91931579f2624f3 07680b0dbefc42af9848ad32d4cfd6bf - - - -] 10.0.0.37 "PUT /v2.0/security-groups/e2f689df-bf00-4ce4-b7fa-14129c7c682d/tags HTTP/1.1" status: 200 len: 212 time: 0.0394733
2026-07-21 07:55:26.957 10 WARNING neutron.scheduler.dhcp_agent_scheduler [None req-7282255d-5340-4f4b-a412-0fc1786e06f4 7cf146058ff841c38c501d82a145312c fa6ea76ecb3e43379a4ecd4da1ac3b14 - - - -] No more DHCP agents
2026-07-21 07:55:26.958 10 WARNING neutron.api.rpc.agentnotifiers.dhcp_rpc_agent_api [None req-7282255d-5340-4f4b-a412-0fc1786e06f4 7cf146058ff841c38c501d82a145312c fa6ea76ecb3e43379a4ecd4da1ac3b14 - - - -] Unable to schedule network d28d1800-055f-42a2-9203-101fdc543a03: no agents available; will retry on subsequent port and subnet creation events.
2026-07-21 07:55:27.012 9 INFO neutron.wsgi [None req-3cc2fd08-8c76-419d-9e01-e2f1c1894da8 f46c3bfa9b1745bda91931579f2624f3 07680b0dbefc42af9848ad32d4cfd6bf - - default default] 10.0.0.37 "GET /v2.0/security-groups?tags=red HTTP/1.1" status: 200 len: 4813 time: 0.0645778
2026-07-21 07:55:27.023 10 INFO neutron.db.ovn_revision_numbers_db [None req-7282255d-5340-4f4b-a412-0fc1786e06f4 7cf146058ff841c38c501d82a145312c fa6ea76ecb3e43379a4ecd4da1ac3b14 - - - -] Successfully bumped revision number for resource 18a12aa0-4c6a-4f47-b46e-4ba8878d2345 (type: ports) to 1
2026-07-21 07:55:27.042 10 INFO neutron.wsgi [None req-7282255d-5340-4f4b-a412-0fc1786e06f4 7cf146058ff841c38c501d82a145312c fa6ea76ecb3e43379a4ecd4da1ac3b14 - - - -] 10.0.0.37 "POST /v2.0/networks HTTP/1.1" status: 201 len: 833 time: 0.6418204
2026-07-21 07:55:27.082 9 INFO neutron.wsgi [None req-d8843f25-6f75-44fd-9e21-2e82482b7d35 f46c3bfa9b1745bda91931579f2624f3 07680b0dbefc42af9848ad32d4cfd6bf - - default default] 10.0.0.37 "GET /v2.0/security-groups?tags=red%2Cblue HTTP/1.1" status: 200 len: 3289 time: 0.0612206
2026-07-21 07:55:27.143 10 INFO neutron.wsgi [None req-565670e6-f8e1-435a-87f7-ade12e325694 f46c3bfa9b1745bda91931579f2624f3 07680b0dbefc42af9848ad32d4cfd6bf - - default default] 10.0.0.37 "GET /v2.0/security-groups?tags-any=blue HTTP/1.1" status: 200 len: 3289 time: 0.0490112
2026-07-21 07:55:27.216 9 INFO neutron.wsgi [None req-a2418bc0-8275-4c20-ac93-cc585a31c30f f46c3bfa9b1745bda91931579f2624f3 07680b0dbefc42af9848ad32d4cfd6bf - - default default] 10.0.0.37 "GET /v2.0/security-groups?tags-any=red%2Cblue HTTP/1.1" status: 200 len: 4813 time: 0.0651760
2026-07-21 07:55:27.298 9 INFO neutron.wsgi [None req-e0cb9cb3-683f-4466-b10a-b50a940ae653 f46c3bfa9b1745bda91931579f2624f3 07680b0dbefc42af9848ad32d4cfd6bf - - default default] 10.0.0.37 "GET /v2.0/security-groups?not-tags=red HTTP/1.1" status: 200 len: 6041 time: 0.0767801
2026-07-21 07:55:27.343 10 WARNING neutron.scheduler.dhcp_agent_scheduler [None req-dfd7d400-061b-45ae-b5ae-05e71387d1fb 7cf146058ff841c38c501d82a145312c fa6ea76ecb3e43379a4ecd4da1ac3b14 - - - -] No more DHCP agents
2026-07-21 07:55:27.347 10 WARNING neutron.api.rpc.agentnotifiers.dhcp_rpc_agent_api [None req-dfd7d400-061b-45ae-b5ae-05e71387d1fb 7cf146058ff841c38c501d82a145312c fa6ea76ecb3e43379a4ecd4da1ac3b14 - - - -] Unable to schedule network d28d1800-055f-42a2-9203-101fdc543a03: no agents available; will retry on subsequent port and subnet creation events.
2026-07-21 07:55:27.360 10 INFO neutron.db.ovn_revision_numbers_db [None req-dfd7d400-061b-45ae-b5ae-05e71387d1fb 7cf146058ff841c38c501d82a145312c fa6ea76ecb3e43379a4ecd4da1ac3b14 - - - -] Successfully bumped revision number for resource 436a79f0-9605-49d1-b770-e4fee11132f5 (type: subnets) to 0
2026-07-21 07:55:27.377 10 INFO neutron.wsgi [None req-dfd7d400-061b-45ae-b5ae-05e71387d1fb 7cf146058ff841c38c501d82a145312c fa6ea76ecb3e43379a4ecd4da1ac3b14 - - - -] 10.0.0.37 "POST /v2.0/subnets HTTP/1.1" status: 201 len: 821 time: 0.3289039
2026-07-21 07:55:27.399 9 INFO neutron.wsgi [None req-c0759f9f-fb77-4119-8497-a3811126d6f2 f46c3bfa9b1745bda91931579f2624f3 07680b0dbefc42af9848ad32d4cfd6bf - - default default] 10.0.0.37 "GET /v2.0/security-groups?not-tags=red%2Cblue HTTP/1.1" status: 200 len: 7565 time: 0.0939834
2026-07-21 07:55:27.421 9 INFO neutron.wsgi [None req-111fa629-081f-4aaa-afbd-baeb1a16288e 8a07ee4a73734d0aa7d1bad741c9562b 53814e1ab24645daafcbc10990ea3d04 - - - -] 10.0.0.37 "DELETE /v2.0/networks/132663b1-12ef-4c3f-8a96-03f103853a2d HTTP/1.1" status: 204 len: 168 time: 0.5167761
2026-07-21 07:55:27.491 10 INFO neutron.wsgi [None req-b32521e9-cc90-488a-8d6b-427ee7ab7358 f46c3bfa9b1745bda91931579f2624f3 07680b0dbefc42af9848ad32d4cfd6bf - - default default] 10.0.0.37 "GET /v2.0/security-groups?not-tags-any=blue HTTP/1.1" status: 200 len: 7565 time: 0.0864830
2026-07-21 07:55:27.584 9 INFO neutron.wsgi [None req-2eae7016-0b94-46ce-acf6-17e0da7fd1de f46c3bfa9b1745bda91931579f2624f3 07680b0dbefc42af9848ad32d4cfd6bf - - default default] 10.0.0.37 "GET /v2.0/security-groups?not-tags-any=red%2Cblue HTTP/1.1" status: 200 len: 6041 time: 0.0863173
2026-07-21 07:55:27.618 10 INFO neutron.db.ovn_revision_numbers_db [None req-c8118ef3-70fe-47a8-9fca-7243a89d5190 7cf146058ff841c38c501d82a145312c fa6ea76ecb3e43379a4ecd4da1ac3b14 - - - -] Successfully bumped revision number for resource 8ef952f4-fd01-4baa-ac39-920ed8bd749e (type: routers) to 1
2026-07-21 07:55:27.636 10 INFO neutron.wsgi [None req-c8118ef3-70fe-47a8-9fca-7243a89d5190 7cf146058ff841c38c501d82a145312c fa6ea76ecb3e43379a4ecd4da1ac3b14 - - - -] 10.0.0.37 "POST /v2.0/routers HTTP/1.1" status: 201 len: 691 time: 0.2524278
2026-07-21 07:55:27.792 10 INFO neutron.wsgi [None req-4a47fbff-b357-4816-89a1-fdcdb66eaef5 f46c3bfa9b1745bda91931579f2624f3 07680b0dbefc42af9848ad32d4cfd6bf - - - -] 10.0.0.37 "DELETE /v2.0/security-groups/f8e5c493-2acb-46da-90a6-218bf7f944f4 HTTP/1.1" status: 204 len: 168 time: 0.1923556
2026-07-21 07:55:28.075 10 WARNING neutron.scheduler.dhcp_agent_scheduler [None req-d4e771f7-cf5d-4b2b-8e08-069959503084 7cf146058ff841c38c501d82a145312c fa6ea76ecb3e43379a4ecd4da1ac3b14 - - default default] No more DHCP agents
2026-07-21 07:55:28.077 10 WARNING neutron.api.rpc.agentnotifiers.dhcp_rpc_agent_api [None req-d4e771f7-cf5d-4b2b-8e08-069959503084 7cf146058ff841c38c501d82a145312c fa6ea76ecb3e43379a4ecd4da1ac3b14 - - default default] Unable to schedule network d28d1800-055f-42a2-9203-101fdc543a03: no agents available; will retry on subsequent port and subnet creation events.
2026-07-21 07:55:28.155 10 INFO neutron.db.ovn_revision_numbers_db [None req-d4e771f7-cf5d-4b2b-8e08-069959503084 7cf146058ff841c38c501d82a145312c fa6ea76ecb3e43379a4ecd4da1ac3b14 - - default default] Successfully bumped revision number for resource 992fae32-cf0e-4d0c-8c90-fa2d8a918a9d (type: ports) to 1
2026-07-21 07:55:28.294 9 WARNING neutron.plugins.ml2.drivers.ovn.mech_driver.ovsdb.ovn_client [None req-1096d1bb-1619-4472-9536-ac3a88dc9fbc - - - - - -] No port found with ID 7dc471f5-c834-44db-92bf-10760d23a753: RuntimeError: No port found with ID 7dc471f5-c834-44db-92bf-10760d23a753
2026-07-21 07:55:28.337 9 INFO neutron.wsgi [None req-0729222c-e251-4164-af31-1eafb7223696 8a07ee4a73734d0aa7d1bad741c9562b 53814e1ab24645daafcbc10990ea3d04 - - - -] 10.0.0.37 "DELETE /v2.0/networks/4fd32d3c-2f6e-490a-a8ad-d799726a3661 HTTP/1.1" status: 204 len: 168 time: 0.9082577 /var/lib/openstack/lib/python3.10/site-packages/pycadf/identifier.py:71: UserWarning: Invalid uuid: neutron. To ensure interoperability, identifiers should be a valid uuid. warnings.warn(('Invalid uuid: %s. To ensure interoperability, '
2026-07-21 07:55:28.383 9 INFO neutron.services.segments.plugin [-] Segment 2edddb17-7301-40b5-891d-91fcc9df3667 resource provider aggregate not found
2026-07-21 07:55:28.390 9 INFO neutron.services.segments.plugin [-] Segment 2edddb17-7301-40b5-891d-91fcc9df3667 resource provider aggregate not found
2026-07-21 07:55:28.411 9 INFO neutron.services.segments.plugin [-] Segment 2edddb17-7301-40b5-891d-91fcc9df3667 resource provider not found; error: Placement Client Error (4xx): {"errors": [{"status": 404, "title": "Not Found", "detail": "The resource could not be found.\n\n No resource provider with uuid 2edddb17-7301-40b5-891d-91fcc9df3667 found for delete ", "request_id": "req-8dc743c3-fcde-4301-8412-6b126a7a6666"}]}
2026-07-21 07:55:28.422 9 INFO neutron.services.segments.plugin [-] Segment 2edddb17-7301-40b5-891d-91fcc9df3667 resource provider not found; error: Placement Client Error (4xx): {"errors": [{"status": 404, "title": "Not Found", "detail": "The resource could not be found.\n\n No resource provider with uuid 2edddb17-7301-40b5-891d-91fcc9df3667 found for delete ", "request_id": "req-93a2b8b1-e2f9-49aa-8522-b04222aa8634"}]}
2026-07-21 07:55:28.441 9 INFO neutron.services.segments.plugin [-] Segment e194b0e7-03d8-4cf7-abce-56d19237ac56 resource provider aggregate not found
2026-07-21 07:55:28.448 9 INFO neutron.services.segments.plugin [-] Segment e194b0e7-03d8-4cf7-abce-56d19237ac56 resource provider aggregate not found
2026-07-21 07:55:28.460 9 INFO neutron.services.segments.plugin [-] Segment e194b0e7-03d8-4cf7-abce-56d19237ac56 resource provider not found; error: Placement Client Error (4xx): {"errors": [{"status": 404, "title": "Not Found", "detail": "The resource could not be found.\n\n No resource provider with uuid e194b0e7-03d8-4cf7-abce-56d19237ac56 found for delete ", "request_id": "req-1a53e650-0673-44e6-8b9d-2a8eb36fe37b"}]}
2026-07-21 07:55:28.471 9 INFO neutron.wsgi [None req-e1d54bc3-ba14-44a9-a421-d890a4a0f1ba f46c3bfa9b1745bda91931579f2624f3 07680b0dbefc42af9848ad32d4cfd6bf - - - -] 10.0.0.37 "DELETE /v2.0/security-groups/80ab6241-3fe6-40a6-b08d-23b358d14b8b HTTP/1.1" status: 204 len: 168 time: 0.6708620
2026-07-21 07:55:28.472 9 INFO neutron.services.segments.plugin [-] Segment e194b0e7-03d8-4cf7-abce-56d19237ac56 resource provider not found; error: Placement Client Error (4xx): {"errors": [{"status": 404, "title": "Not Found", "detail": "The resource could not be found.\n\n No resource provider with uuid e194b0e7-03d8-4cf7-abce-56d19237ac56 found for delete ", "request_id": "req-db6327ee-a596-4955-b73f-b2c8252bf028"}]}
2026-07-21 07:55:28.665 9 INFO neutron.wsgi [None req-4ffc45b6-213c-4f86-a069-9246cf6802dc f46c3bfa9b1745bda91931579f2624f3 07680b0dbefc42af9848ad32d4cfd6bf - - - -] 10.0.0.37 "DELETE /v2.0/security-groups/db692284-afa7-4b87-a5a3-3b17194319ef HTTP/1.1" status: 204 len: 168 time: 0.1881440
2026-07-21 07:55:28.849 9 INFO neutron.wsgi [None req-0c4de6ba-58bd-4bfa-bc60-4dc0da3e6e98 f46c3bfa9b1745bda91931579f2624f3 07680b0dbefc42af9848ad32d4cfd6bf - - - -] 10.0.0.37 "DELETE /v2.0/security-groups/e2f689df-bf00-4ce4-b7fa-14129c7c682d HTTP/1.1" status: 204 len: 168 time: 0.1782694
2026-07-21 07:55:28.869 9 INFO neutron.wsgi [None req-6800567e-b8d3-42ed-9d9d-cc1d52102417 8a07ee4a73734d0aa7d1bad741c9562b 53814e1ab24645daafcbc10990ea3d04 - - - -] 10.0.0.37 "DELETE /v2.0/networks/23e8147b-2f3a-427e-ba30-fb5aa1cc081a HTTP/1.1" status: 204 len: 168 time: 0.5217364
2026-07-21 07:55:28.888 10 INFO neutron.plugins.ml2.drivers.ovn.mech_driver.mech_driver [None req-0a4d5b0c-0275-45c2-92fb-518f62a388a5 - - - - - -] OVN reports status up for port: 992fae32-cf0e-4d0c-8c90-fa2d8a918a9d
2026-07-21 07:55:28.905 10 INFO neutron.plugins.ml2.plugin [None req-0a4d5b0c-0275-45c2-92fb-518f62a388a5 - - - - - -] Attempt 1 to provision port 992fae32-cf0e-4d0c-8c90-fa2d8a918a9d
2026-07-21 07:55:28.907 10 INFO neutron.db.ovn_revision_numbers_db [None req-d4e771f7-cf5d-4b2b-8e08-069959503084 7cf146058ff841c38c501d82a145312c fa6ea76ecb3e43379a4ecd4da1ac3b14 - - default default] Successfully bumped revision number for resource 992fae32-cf0e-4d0c-8c90-fa2d8a918a9d (type: router_ports) to 2
2026-07-21 07:55:28.980 9 INFO neutron.wsgi [None req-3ad77479-66af-4567-a066-4891d2502eca f46c3bfa9b1745bda91931579f2624f3 07680b0dbefc42af9848ad32d4cfd6bf - - - -] 10.0.0.37 "DELETE /v2.0/security-groups/5a724558-dd1c-49b5-9958-b3d5eaefc994 HTTP/1.1" status: 204 len: 168 time: 0.1246986
2026-07-21 07:55:29.066 10 INFO neutron.db.ovn_revision_numbers_db [None req-d4e771f7-cf5d-4b2b-8e08-069959503084 7cf146058ff841c38c501d82a145312c fa6ea76ecb3e43379a4ecd4da1ac3b14 - - default default] Successfully bumped revision number for resource 992fae32-cf0e-4d0c-8c90-fa2d8a918a9d (type: ports) to 2
2026-07-21 07:55:29.257 10 WARNING neutron.scheduler.dhcp_agent_scheduler [None req-d4e771f7-cf5d-4b2b-8e08-069959503084 7cf146058ff841c38c501d82a145312c fa6ea76ecb3e43379a4ecd4da1ac3b14 - - default default] No more DHCP agents
2026-07-21 07:55:29.259 10 WARNING neutron.api.rpc.agentnotifiers.dhcp_rpc_agent_api [None req-d4e771f7-cf5d-4b2b-8e08-069959503084 7cf146058ff841c38c501d82a145312c fa6ea76ecb3e43379a4ecd4da1ac3b14 - - default default] Unable to schedule network d28d1800-055f-42a2-9203-101fdc543a03: no agents available; will retry on subsequent port and subnet creation events.
2026-07-21 07:55:29.412 10 INFO neutron.db.ovn_revision_numbers_db [None req-0a4d5b0c-0275-45c2-92fb-518f62a388a5 - - - - - -] Successfully bumped revision number for resource 992fae32-cf0e-4d0c-8c90-fa2d8a918a9d (type: ports) to 3
2026-07-21 07:55:29.567 10 INFO neutron.services.segments.plugin [-] Segment 514d1f59-00e9-4fe7-91ba-d8a22cf1b1b8 resource provider aggregate not found
2026-07-21 07:55:29.572 10 INFO neutron.services.segments.plugin [-] Segment 514d1f59-00e9-4fe7-91ba-d8a22cf1b1b8 resource provider aggregate not found
2026-07-21 07:55:29.594 10 INFO neutron.services.segments.plugin [-] Segment 514d1f59-00e9-4fe7-91ba-d8a22cf1b1b8 resource provider not found; error: Placement Client Error (4xx): {"errors": [{"status": 404, "title": "Not Found", "detail": "The resource could not be found.\n\n No resource provider with uuid 514d1f59-00e9-4fe7-91ba-d8a22cf1b1b8 found for delete ", "request_id": "req-99dc8168-8908-4e87-84cf-9079e4b9e95d"}]}
2026-07-21 07:55:29.596 10 INFO neutron.db.ovn_revision_numbers_db [None req-d4e771f7-cf5d-4b2b-8e08-069959503084 7cf146058ff841c38c501d82a145312c fa6ea76ecb3e43379a4ecd4da1ac3b14 - - - -] Successfully bumped revision number for resource 992fae32-cf0e-4d0c-8c90-fa2d8a918a9d (type: router_ports) to 3
2026-07-21 07:55:29.598 10 INFO neutron.wsgi [None req-d4e771f7-cf5d-4b2b-8e08-069959503084 7cf146058ff841c38c501d82a145312c fa6ea76ecb3e43379a4ecd4da1ac3b14 - - - -] 10.0.0.37 "PUT /v2.0/routers/8ef952f4-fd01-4baa-ac39-920ed8bd749e/add_router_interface HTTP/1.1" status: 200 len: 503 time: 1.9571950
2026-07-21 07:55:29.599 10 INFO neutron.services.segments.plugin [-] Segment 514d1f59-00e9-4fe7-91ba-d8a22cf1b1b8 resource provider not found; error: Placement Client Error (4xx): {"errors": [{"status": 404, "title": "Not Found", "detail": "The resource could not be found.\n\n No resource provider with uuid 514d1f59-00e9-4fe7-91ba-d8a22cf1b1b8 found for delete ", "request_id": "req-cf5f1545-941e-407a-a3d4-ed6c42aff2b6"}]}
2026-07-21 07:55:29.655 10 INFO neutron.wsgi [None req-e9339c58-6065-4c2e-9759-0bcab345e72e 8a07ee4a73734d0aa7d1bad741c9562b 53814e1ab24645daafcbc10990ea3d04 - - - -] 10.0.0.37 "DELETE /v2.0/networks/1e8f8e73-d3e1-4d8c-b64b-2561d0e08a9b HTTP/1.1" status: 204 len: 168 time: 0.7782817
2026-07-21 07:55:29.709 9 INFO neutron.wsgi [None req-185d930c-7e4d-47c0-a6aa-6f5ef2262f5c 7cf146058ff841c38c501d82a145312c fa6ea76ecb3e43379a4ecd4da1ac3b14 - - default default] 10.0.0.37 "GET /v2.0/ports/992fae32-cf0e-4d0c-8c90-fa2d8a918a9d HTTP/1.1" status: 200 len: 1141 time: 0.1032703
2026-07-21 07:55:29.746 9 INFO neutron.wsgi [None req-186fe641-59f1-44e6-bfa5-7fdfefde18e4 7cf146058ff841c38c501d82a145312c fa6ea76ecb3e43379a4ecd4da1ac3b14 - - default default] 10.0.0.37 "GET /v2.0/ports/992fae32-cf0e-4d0c-8c90-fa2d8a918a9d HTTP/1.1" status: 200 len: 1141 time: 0.0324626
2026-07-21 07:55:30.135 10 INFO neutron.db.ovn_revision_numbers_db [None req-d1dda15e-9dee-4048-9050-09cd737a3e61 c559b67c8dc14c6e9bb7fa2452ec7a44 3b5df8bf225349b0ab7bd2b1a0d2c1b1 - - default default] Successfully bumped revision number for resource 483ae492-da6c-45e9-a9d6-5ac564f4359b (type: security_groups) to 1
2026-07-21 07:55:30.160 10 INFO neutron.wsgi [None req-d1dda15e-9dee-4048-9050-09cd737a3e61 c559b67c8dc14c6e9bb7fa2452ec7a44 3b5df8bf225349b0ab7bd2b1a0d2c1b1 - - default default] 10.0.0.37 "GET /v2.0/security-groups?tenant_id=57078c0fa47d487dbecbd182aff18f19&name=default HTTP/1.1" status: 200 len: 2996 time: 0.3490098
2026-07-21 07:55:30.309 9 INFO neutron.wsgi [None req-fc503438-5ea9-4940-8ba9-4f6d0d3be82e c559b67c8dc14c6e9bb7fa2452ec7a44 3b5df8bf225349b0ab7bd2b1a0d2c1b1 - - default default] 10.0.0.37 "GET /v2.0/security-groups?tenant_id=53814e1ab24645daafcbc10990ea3d04&name=default HTTP/1.1" status: 200 len: 2996 time: 0.1625211
2026-07-21 07:55:30.367 10 INFO neutron.wsgi [None req-c9093823-d06e-4202-916e-e3ff64cb41af c559b67c8dc14c6e9bb7fa2452ec7a44 3b5df8bf225349b0ab7bd2b1a0d2c1b1 - - - -] 10.0.0.37 "DELETE /v2.0/security-groups/483ae492-da6c-45e9-a9d6-5ac564f4359b HTTP/1.1" status: 204 len: 168 time: 0.2017903
2026-07-21 07:55:30.374 9 INFO neutron.wsgi [None req-fd764b3d-7fe1-4b10-b675-3e897f82d7a4 7cf146058ff841c38c501d82a145312c fa6ea76ecb3e43379a4ecd4da1ac3b14 - - - -] 10.0.0.37 "PUT /v2.0/routers/8ef952f4-fd01-4baa-ac39-920ed8bd749e/remove_router_interface HTTP/1.1" status: 200 len: 503 time: 0.6245430 /var/lib/openstack/lib/python3.10/site-packages/pycadf/identifier.py:71: UserWarning: Invalid uuid: neutron. To ensure interoperability, identifiers should be a valid uuid. warnings.warn(('Invalid uuid: %s. To ensure interoperability, '
2026-07-21 07:55:30.404 9 INFO neutron.wsgi [None req-e84a54c3-bc49-4fef-ad7c-be213f5bb1cf 7cf146058ff841c38c501d82a145312c fa6ea76ecb3e43379a4ecd4da1ac3b14 - - default default] 10.0.0.37 "GET /v2.0/ports?device_id=8ef952f4-fd01-4baa-ac39-920ed8bd749e HTTP/1.1" status: 200 len: 205 time: 0.0249681
2026-07-21 07:55:30.494 9 INFO neutron.services.segments.plugin [-] Segment 066ae248-7a7d-4fd4-9c36-a974fd0c179c resource provider aggregate not found
2026-07-21 07:55:30.517 10 INFO neutron.wsgi [None req-92b9c17b-39ab-4f6f-b6ac-bd5ebe7a86c3 c559b67c8dc14c6e9bb7fa2452ec7a44 3b5df8bf225349b0ab7bd2b1a0d2c1b1 - - - -] 10.0.0.37 "DELETE /v2.0/security-groups/533f1679-03b6-4239-9380-975dfc0e3bf9 HTTP/1.1" status: 204 len: 168 time: 0.2030604
2026-07-21 07:55:30.520 9 INFO neutron.services.segments.plugin [-] Segment 066ae248-7a7d-4fd4-9c36-a974fd0c179c resource provider aggregate not found
2026-07-21 07:55:30.525 9 INFO neutron.services.segments.plugin [-] Segment 066ae248-7a7d-4fd4-9c36-a974fd0c179c resource provider not found; error: Placement Client Error (4xx): {"errors": [{"status": 404, "title": "Not Found", "detail": "The resource could not be found.\n\n No resource provider with uuid 066ae248-7a7d-4fd4-9c36-a974fd0c179c found for delete ", "request_id": "req-6f71ed5e-fc70-463a-8966-72cc69255882"}]}
2026-07-21 07:55:30.569 9 INFO neutron.services.segments.plugin [-] Segment 066ae248-7a7d-4fd4-9c36-a974fd0c179c resource provider not found; error: Placement Client Error (4xx): {"errors": [{"status": 404, "title": "Not Found", "detail": "The resource could not be found.\n\n No resource provider with uuid 066ae248-7a7d-4fd4-9c36-a974fd0c179c found for delete ", "request_id": "req-9ae877d9-da71-429b-a15a-fa8228222a47"}]}
2026-07-21 07:55:30.593 10 INFO neutron.db.ovn_revision_numbers_db [None req-9ab53635-5f91-4d0e-8201-4c424e5c5d85 c559b67c8dc14c6e9bb7fa2452ec7a44 3b5df8bf225349b0ab7bd2b1a0d2c1b1 - - default default] Successfully bumped revision number for resource 7515764c-aea1-4bb3-aaa5-4de9ef784139 (type: security_groups) to 1
2026-07-21 07:55:30.628 10 INFO neutron.wsgi [None req-9ab53635-5f91-4d0e-8201-4c424e5c5d85 c559b67c8dc14c6e9bb7fa2452ec7a44 3b5df8bf225349b0ab7bd2b1a0d2c1b1 - - default default] 10.0.0.37 "GET /v2.0/security-groups?tenant_id=71f9c6f8a34348f8821e7ae8adb771e5&name=default HTTP/1.1" status: 200 len: 2996 time: 0.1661522
2026-07-21 07:55:30.695 9 INFO neutron.wsgi [None req-5b8dee24-82ff-4284-8e67-d7e7f4dd197f 7cf146058ff841c38c501d82a145312c fa6ea76ecb3e43379a4ecd4da1ac3b14 - - - -] 10.0.0.37 "DELETE /v2.0/routers/8ef952f4-fd01-4baa-ac39-920ed8bd749e HTTP/1.1" status: 204 len: 168 time: 0.2866025
2026-07-21 07:55:30.871 10 INFO neutron.wsgi [None req-47c518e5-8d7e-45be-825c-2d6dd2c60f7f c559b67c8dc14c6e9bb7fa2452ec7a44 3b5df8bf225349b0ab7bd2b1a0d2c1b1 - - - -] 10.0.0.37 "DELETE /v2.0/security-groups/7515764c-aea1-4bb3-aaa5-4de9ef784139 HTTP/1.1" status: 204 len: 168 time: 0.2374432
2026-07-21 07:55:30.894 10 INFO neutron.wsgi [None req-c909b576-cf10-4435-ab52-d4de7c3fd3c1 7cf146058ff841c38c501d82a145312c fa6ea76ecb3e43379a4ecd4da1ac3b14 - - - -] 10.0.0.37 "DELETE /v2.0/subnets/436a79f0-9605-49d1-b770-e4fee11132f5 HTTP/1.1" status: 204 len: 168 time: 0.1943047
2026-07-21 07:55:31.040 10 INFO neutron.wsgi [req-aea81902-8be9-4012-8097-a8928d3b35df req-db60c232-ebde-4853-92e7-1bfbe43a67e4 1b6a6b17dc714991a943390189061cea 9796ff7890114c13968851e69adf92a0 - - f75cd953ec1d47d48337cd8ec909d548 f75cd953ec1d47d48337cd8ec909d548] 10.0.0.210 "GET /v2.0/ports?device_id=2d0d1514-d17d-450f-9821-5d01ba310a77 HTTP/1.1" status: 200 len: 1361 time: 0.0486133
2026-07-21 07:55:31.096 10 INFO neutron.wsgi [req-aea81902-8be9-4012-8097-a8928d3b35df req-ff2ccec2-e5d3-4e67-9f1c-c175ab86a408 1b6a6b17dc714991a943390189061cea 9796ff7890114c13968851e69adf92a0 - - f75cd953ec1d47d48337cd8ec909d548 f75cd953ec1d47d48337cd8ec909d548] 10.0.0.210 "GET /v2.0/security-groups?id=849f6fbd-251f-4121-92fb-be3cd8a865c2&fields=id&fields=name HTTP/1.1" status: 200 len: 313 time: 0.0471435
2026-07-21 07:55:31.101 9 INFO neutron.wsgi [None req-b44487de-9920-4f57-9739-60f22f0ad0fa c559b67c8dc14c6e9bb7fa2452ec7a44 3b5df8bf225349b0ab7bd2b1a0d2c1b1 - - default default] 10.0.0.37 "GET /v2.0/security-groups?tenant_id=07680b0dbefc42af9848ad32d4cfd6bf&name=default HTTP/1.1" status: 200 len: 2996 time: 0.0313976
2026-07-21 07:55:31.316 9 INFO neutron.wsgi [None req-d1eb1229-0b8a-4111-ac5a-7fb442abf5a0 c559b67c8dc14c6e9bb7fa2452ec7a44 3b5df8bf225349b0ab7bd2b1a0d2c1b1 - - - -] 10.0.0.37 "DELETE /v2.0/security-groups/ca00448c-09ba-4624-a361-ca20128c26cf HTTP/1.1" status: 204 len: 168 time: 0.2109127
2026-07-21 07:55:31.364 10 INFO neutron.wsgi [None req-5d9426e0-0e95-4e02-9d22-97f20bb85c91 7cf146058ff841c38c501d82a145312c fa6ea76ecb3e43379a4ecd4da1ac3b14 - - - -] 10.0.0.37 "DELETE /v2.0/networks/d28d1800-055f-42a2-9203-101fdc543a03 HTTP/1.1" status: 204 len: 168 time: 0.4603395
2026-07-21 07:55:31.620 10 INFO neutron.services.segments.plugin [-] Segment 57d000b7-77c9-412f-8df6-026bb0ddd65a resource provider aggregate not found
2026-07-21 07:55:31.629 10 INFO neutron.services.segments.plugin [-] Segment 57d000b7-77c9-412f-8df6-026bb0ddd65a resource provider aggregate not found
2026-07-21 07:55:31.650 10 INFO neutron.services.segments.plugin [-] Segment 57d000b7-77c9-412f-8df6-026bb0ddd65a resource provider not found; error: Placement Client Error (4xx): {"errors": [{"status": 404, "title": "Not Found", "detail": "The resource could not be found.\n\n No resource provider with uuid 57d000b7-77c9-412f-8df6-026bb0ddd65a found for delete ", "request_id": "req-0f337ca3-d829-4e23-a4ae-e6b1aa6a958f"}]}
2026-07-21 07:55:31.652 10 INFO neutron.services.segments.plugin [-] Segment 57d000b7-77c9-412f-8df6-026bb0ddd65a resource provider not found; error: Placement Client Error (4xx): {"errors": [{"status": 404, "title": "Not Found", "detail": "The resource could not be found.\n\n No resource provider with uuid 57d000b7-77c9-412f-8df6-026bb0ddd65a found for delete ", "request_id": "req-d4d989cd-58f4-43f5-95a7-a123cfd14590"}]}
2026-07-21 07:55:32.196 9 WARNING neutron.scheduler.dhcp_agent_scheduler [None req-c1d86a8b-585f-4f69-aaa6-570fcf6790b0 7cf146058ff841c38c501d82a145312c fa6ea76ecb3e43379a4ecd4da1ac3b14 - - - -] No more DHCP agents
2026-07-21 07:55:32.198 9 WARNING neutron.api.rpc.agentnotifiers.dhcp_rpc_agent_api [None req-c1d86a8b-585f-4f69-aaa6-570fcf6790b0 7cf146058ff841c38c501d82a145312c fa6ea76ecb3e43379a4ecd4da1ac3b14 - - - -] Unable to schedule network ee61bd7c-4a9e-48db-8d17-5f4dda2b2c94: no agents available; will retry on subsequent port and subnet creation events.
2026-07-21 07:55:32.350 9 INFO neutron.db.ovn_revision_numbers_db [None req-c1d86a8b-585f-4f69-aaa6-570fcf6790b0 7cf146058ff841c38c501d82a145312c fa6ea76ecb3e43379a4ecd4da1ac3b14 - - - -] Successfully bumped revision number for resource 5084c2c2-ed1c-4d50-86a4-2fb92f26fee4 (type: ports) to 1
2026-07-21 07:55:32.767 10 INFO neutron.db.ovn_revision_numbers_db [None req-4422d0e4-fdd1-469b-8525-65576fb114ac e5cc3f5ff6734f3e90ebca4371fb332b 5dded1237447455c977c2bc789020cf4 - - - -] Successfully bumped revision number for resource a87e548b-8568-47a6-823f-1d9bef285b6f (type: security_groups) to 1
2026-07-21 07:55:32.827 10 INFO neutron.db.segments_db [None req-4422d0e4-fdd1-469b-8525-65576fb114ac e5cc3f5ff6734f3e90ebca4371fb332b 5dded1237447455c977c2bc789020cf4 - - - -] Added segment a5a75c6d-1db0-4d4e-83a7-a046fa3896d8 of type geneve for network 5bdb65be-7abe-494d-b490-4bb7adb084b4
2026-07-21 07:55:32.949 10 INFO neutron.db.ovn_revision_numbers_db [None req-4422d0e4-fdd1-469b-8525-65576fb114ac e5cc3f5ff6734f3e90ebca4371fb332b 5dded1237447455c977c2bc789020cf4 - - - -] Successfully bumped revision number for resource 5bdb65be-7abe-494d-b490-4bb7adb084b4 (type: networks) to 1
2026-07-21 07:55:33.135 9 INFO neutron.plugins.ml2.drivers.ovn.mech_driver.mech_driver [None req-1096d1bb-1619-4472-9536-ac3a88dc9fbc - - - - - -] OVN reports status up for port: 5084c2c2-ed1c-4d50-86a4-2fb92f26fee4
2026-07-21 07:55:33.145 9 INFO neutron.plugins.ml2.plugin [None req-1096d1bb-1619-4472-9536-ac3a88dc9fbc - - - - - -] Attempt 1 to provision port 5084c2c2-ed1c-4d50-86a4-2fb92f26fee4
2026-07-21 07:55:33.156 9 INFO neutron.db.ovn_revision_numbers_db [None req-c1d86a8b-585f-4f69-aaa6-570fcf6790b0 7cf146058ff841c38c501d82a145312c fa6ea76ecb3e43379a4ecd4da1ac3b14 - - - -] Successfully bumped revision number for resource 5084c2c2-ed1c-4d50-86a4-2fb92f26fee4 (type: router_ports) to 1
2026-07-21 07:55:33.248 9 INFO neutron.db.ovn_revision_numbers_db [None req-c1d86a8b-585f-4f69-aaa6-570fcf6790b0 7cf146058ff841c38c501d82a145312c fa6ea76ecb3e43379a4ecd4da1ac3b14 - - - -] Successfully bumped revision number for resource 6b23eea2-be35-4e60-91d8-ff1ef4c3413b (type: routers) to 3
2026-07-21 07:55:33.268 9 INFO neutron.wsgi [None req-c1d86a8b-585f-4f69-aaa6-570fcf6790b0 7cf146058ff841c38c501d82a145312c fa6ea76ecb3e43379a4ecd4da1ac3b14 - - - -] 10.0.0.37 "POST /v2.0/routers HTTP/1.1" status: 201 len: 871 time: 1.8951249
2026-07-21 07:55:33.347 9 INFO neutron.wsgi [None req-17784694-f6b8-4c4c-b8d4-c534e0b15fe6 7cf146058ff841c38c501d82a145312c fa6ea76ecb3e43379a4ecd4da1ac3b14 - - default default] 10.0.0.37 "GET /v2.0/routers/6b23eea2-be35-4e60-91d8-ff1ef4c3413b HTTP/1.1" status: 200 len: 872 time: 0.0729239
2026-07-21 07:55:33.403 10 WARNING neutron.scheduler.dhcp_agent_scheduler [None req-4422d0e4-fdd1-469b-8525-65576fb114ac e5cc3f5ff6734f3e90ebca4371fb332b 5dded1237447455c977c2bc789020cf4 - - - -] No more DHCP agents
2026-07-21 07:55:33.405 10 WARNING neutron.api.rpc.agentnotifiers.dhcp_rpc_agent_api [None req-4422d0e4-fdd1-469b-8525-65576fb114ac e5cc3f5ff6734f3e90ebca4371fb332b 5dded1237447455c977c2bc789020cf4 - - - -] Unable to schedule network 5bdb65be-7abe-494d-b490-4bb7adb084b4: no agents available; will retry on subsequent port and subnet creation events.
2026-07-21 07:55:33.471 10 INFO neutron.db.ovn_revision_numbers_db [None req-4422d0e4-fdd1-469b-8525-65576fb114ac e5cc3f5ff6734f3e90ebca4371fb332b 5dded1237447455c977c2bc789020cf4 - - - -] Successfully bumped revision number for resource 378bfeb5-5050-4a4f-94c6-5acadac80a81 (type: ports) to 1
2026-07-21 07:55:33.493 10 INFO neutron.wsgi [None req-4422d0e4-fdd1-469b-8525-65576fb114ac e5cc3f5ff6734f3e90ebca4371fb332b 5dded1237447455c977c2bc789020cf4 - - - -] 10.0.0.37 "POST /v2.0/networks HTTP/1.1" status: 201 len: 846 time: 1.1232049
2026-07-21 07:55:33.730 9 INFO neutron.wsgi [None req-52804c7e-4d87-4fa5-9dfe-c47582a6e21c 7cf146058ff841c38c501d82a145312c fa6ea76ecb3e43379a4ecd4da1ac3b14 - - default default] 10.0.0.37 "GET /v2.0/routers HTTP/1.1" status: 200 len: 875 time: 0.3776777
2026-07-21 07:55:33.808 10 WARNING neutron.scheduler.dhcp_agent_scheduler [None req-ab6007e8-51ca-4879-b9ad-48eb474eb65a e5cc3f5ff6734f3e90ebca4371fb332b 5dded1237447455c977c2bc789020cf4 - - - -] No more DHCP agents
2026-07-21 07:55:33.810 10 WARNING neutron.api.rpc.agentnotifiers.dhcp_rpc_agent_api [None req-ab6007e8-51ca-4879-b9ad-48eb474eb65a e5cc3f5ff6734f3e90ebca4371fb332b 5dded1237447455c977c2bc789020cf4 - - - -] Unable to schedule network 5bdb65be-7abe-494d-b490-4bb7adb084b4: no agents available; will retry on subsequent port and subnet creation events.
2026-07-21 07:55:33.891 10 INFO neutron.db.ovn_revision_numbers_db [None req-ab6007e8-51ca-4879-b9ad-48eb474eb65a e5cc3f5ff6734f3e90ebca4371fb332b 5dded1237447455c977c2bc789020cf4 - - - -] Successfully bumped revision number for resource f317c064-9dc0-49b1-aafc-69d5f5b7d592 (type: ports) to 1
2026-07-21 07:55:33.916 10 INFO neutron.wsgi [None req-ab6007e8-51ca-4879-b9ad-48eb474eb65a e5cc3f5ff6734f3e90ebca4371fb332b 5dded1237447455c977c2bc789020cf4 - - - -] 10.0.0.37 "POST /v2.0/ports HTTP/1.1" status: 201 len: 978 time: 0.3986666 /var/lib/openstack/lib/python3.10/site-packages/pycadf/identifier.py:71: UserWarning: Invalid uuid: neutron. To ensure interoperability, identifiers should be a valid uuid. warnings.warn(('Invalid uuid: %s. To ensure interoperability, '
2026-07-21 07:55:33.992 10 INFO neutron.db.segments_db [None req-4d88acb3-ac6b-43f9-915b-4232cc4317d7 e5cc3f5ff6734f3e90ebca4371fb332b 5dded1237447455c977c2bc789020cf4 - - - -] Added segment 265367e7-ed04-4753-a20c-9b66c3728e4a of type geneve for network 9440bd4d-f95e-4a49-a1b8-74a06cbbaddc
2026-07-21 07:55:34.142 10 INFO neutron.db.ovn_revision_numbers_db [None req-4d88acb3-ac6b-43f9-915b-4232cc4317d7 e5cc3f5ff6734f3e90ebca4371fb332b 5dded1237447455c977c2bc789020cf4 - - - -] Successfully bumped revision number for resource 9440bd4d-f95e-4a49-a1b8-74a06cbbaddc (type: networks) to 1
2026-07-21 07:55:34.147 9 INFO neutron.db.ovn_revision_numbers_db [None req-760f789e-3421-47a9-84ac-e830509383bd 7cf146058ff841c38c501d82a145312c fa6ea76ecb3e43379a4ecd4da1ac3b14 - - - -] Successfully bumped revision number for resource 6b23eea2-be35-4e60-91d8-ff1ef4c3413b (type: routers) to 4
2026-07-21 07:55:34.150 9 INFO neutron.wsgi [None req-760f789e-3421-47a9-84ac-e830509383bd 7cf146058ff841c38c501d82a145312c fa6ea76ecb3e43379a4ecd4da1ac3b14 - - - -] 10.0.0.37 "PUT /v2.0/routers/6b23eea2-be35-4e60-91d8-ff1ef4c3413b HTTP/1.1" status: 200 len: 879 time: 0.4133456
2026-07-21 07:55:34.224 9 INFO neutron.wsgi [None req-d70d0938-3ee5-4ef1-8b0e-2ba09b7cbf7f 7cf146058ff841c38c501d82a145312c fa6ea76ecb3e43379a4ecd4da1ac3b14 - - default default] 10.0.0.37 "GET /v2.0/routers/6b23eea2-be35-4e60-91d8-ff1ef4c3413b HTTP/1.1" status: 200 len: 879 time: 0.0691833
2026-07-21 07:55:34.252 9 INFO neutron.wsgi [None req-cbb1e2f6-4c3e-4742-a171-d38cfc8fea7f 7cf146058ff841c38c501d82a145312c fa6ea76ecb3e43379a4ecd4da1ac3b14 - - default default] 10.0.0.37 "GET /v2.0/ports?device_id=6b23eea2-be35-4e60-91d8-ff1ef4c3413b HTTP/1.1" status: 200 len: 205 time: 0.0217927
2026-07-21 07:55:34.345 10 WARNING neutron.scheduler.dhcp_agent_scheduler [None req-4d88acb3-ac6b-43f9-915b-4232cc4317d7 e5cc3f5ff6734f3e90ebca4371fb332b 5dded1237447455c977c2bc789020cf4 - - - -] No more DHCP agents
2026-07-21 07:55:34.348 10 WARNING neutron.api.rpc.agentnotifiers.dhcp_rpc_agent_api [None req-4d88acb3-ac6b-43f9-915b-4232cc4317d7 e5cc3f5ff6734f3e90ebca4371fb332b 5dded1237447455c977c2bc789020cf4 - - - -] Unable to schedule network 9440bd4d-f95e-4a49-a1b8-74a06cbbaddc: no agents available; will retry on subsequent port and subnet creation events.
2026-07-21 07:55:34.411 10 INFO neutron.db.ovn_revision_numbers_db [None req-4d88acb3-ac6b-43f9-915b-4232cc4317d7 e5cc3f5ff6734f3e90ebca4371fb332b 5dded1237447455c977c2bc789020cf4 - - - -] Successfully bumped revision number for resource 5ce61422-7e7b-470e-a350-942f41d9fd70 (type: ports) to 1
2026-07-21 07:55:34.435 10 INFO neutron.wsgi [None req-4d88acb3-ac6b-43f9-915b-4232cc4317d7 e5cc3f5ff6734f3e90ebca4371fb332b 5dded1237447455c977c2bc789020cf4 - - - -] 10.0.0.37 "POST /v2.0/networks HTTP/1.1" status: 201 len: 834 time: 0.5117571
2026-07-21 07:55:34.476 10 WARNING neutron.plugins.ml2.drivers.ovn.mech_driver.ovsdb.ovn_client [None req-0a4d5b0c-0275-45c2-92fb-518f62a388a5 - - - - - -] No port found with ID 992fae32-cf0e-4d0c-8c90-fa2d8a918a9d: RuntimeError: No port found with ID 992fae32-cf0e-4d0c-8c90-fa2d8a918a9d
2026-07-21 07:55:34.757 9 WARNING neutron.scheduler.dhcp_agent_scheduler [None req-c27e0af1-0a32-4dd7-a600-deb42ff3448d e5cc3f5ff6734f3e90ebca4371fb332b 5dded1237447455c977c2bc789020cf4 - - - -] No more DHCP agents
2026-07-21 07:55:34.762 9 WARNING neutron.api.rpc.agentnotifiers.dhcp_rpc_agent_api [None req-c27e0af1-0a32-4dd7-a600-deb42ff3448d e5cc3f5ff6734f3e90ebca4371fb332b 5dded1237447455c977c2bc789020cf4 - - - -] Unable to schedule network 9440bd4d-f95e-4a49-a1b8-74a06cbbaddc: no agents available; will retry on subsequent port and subnet creation events.
2026-07-21 07:55:34.792 9 INFO neutron.db.ovn_revision_numbers_db [None req-c27e0af1-0a32-4dd7-a600-deb42ff3448d e5cc3f5ff6734f3e90ebca4371fb332b 5dded1237447455c977c2bc789020cf4 - - - -] Successfully bumped revision number for resource 72c6b1f7-c587-48f1-ae89-c810fbb56564 (type: subnets) to 0
2026-07-21 07:55:34.829 9 INFO neutron.wsgi [None req-c27e0af1-0a32-4dd7-a600-deb42ff3448d e5cc3f5ff6734f3e90ebca4371fb332b 5dded1237447455c977c2bc789020cf4 - - - -] 10.0.0.37 "POST /v2.0/subnets HTTP/1.1" status: 201 len: 821 time: 0.3887639
2026-07-21 07:55:34.855 10 INFO neutron.db.ovn_revision_numbers_db [None req-f9a581db-d8e7-42c8-8d9b-297b0b22ffea 6e8b80216f224f8fa00bc93827e7820f f1f2679d5c1949caa8de175d4836a247 - - - -] Successfully bumped revision number for resource a4a81af1-b343-499c-98b8-e17c6d69fbd8 (type: security_groups) to 1
2026-07-21 07:55:34.925 10 INFO neutron.db.segments_db [None req-f9a581db-d8e7-42c8-8d9b-297b0b22ffea 6e8b80216f224f8fa00bc93827e7820f f1f2679d5c1949caa8de175d4836a247 - - - -] Added segment b1a9e59e-3675-4bc8-8adf-48d3a05053ac of type geneve for network 1a08e1b1-9f64-49d1-803b-abf63504e4be
2026-07-21 07:55:35.037 9 INFO neutron.wsgi [None req-4eb86260-fa26-4ec4-96cf-c39772051fd3 7cf146058ff841c38c501d82a145312c fa6ea76ecb3e43379a4ecd4da1ac3b14 - - - -] 10.0.0.37 "DELETE /v2.0/routers/6b23eea2-be35-4e60-91d8-ff1ef4c3413b HTTP/1.1" status: 204 len: 168 time: 0.7813065
2026-07-21 07:55:35.041 9 INFO neutron.wsgi [None req-4821661c-c0b7-48a0-9d0a-838f8c4c4430 eaba86c823be4a29806a7c0d68a19e64 78264a47337242cc865766926b1c390e - - default default] 10.0.0.37 "GET /v2.0/ports?project_id=d5058861c79446c3809985be0426dad6&network_id=9bfe8c01-c938-4734-9601-2bf0338f63f1 HTTP/1.1" status: 200 len: 3462 time: 0.0668156
2026-07-21 07:55:35.067 9 INFO neutron.wsgi [None req-16137e32-18b3-4176-8407-baefe0b13caf 7cf146058ff841c38c501d82a145312c fa6ea76ecb3e43379a4ecd4da1ac3b14 - - default default] 10.0.0.37 "GET /v2.0/ports?device_id=6b23eea2-be35-4e60-91d8-ff1ef4c3413b HTTP/1.1" status: 200 len: 205 time: 0.0212288
2026-07-21 07:55:35.098 9 INFO neutron.api.v2.resource [None req-5f8ea19d-acfe-4876-b36c-5761871c09ef 7cf146058ff841c38c501d82a145312c fa6ea76ecb3e43379a4ecd4da1ac3b14 - - - -] delete failed (client error): The resource could not be found.
2026-07-21 07:55:35.099 9 INFO neutron.wsgi [None req-5f8ea19d-acfe-4876-b36c-5761871c09ef 7cf146058ff841c38c501d82a145312c fa6ea76ecb3e43379a4ecd4da1ac3b14 - - - -] 10.0.0.37 "DELETE /v2.0/routers/6b23eea2-be35-4e60-91d8-ff1ef4c3413b HTTP/1.1" status: 404 len: 336 time: 0.0237098
2026-07-21 07:55:35.106 10 INFO neutron.db.ovn_revision_numbers_db [None req-f9a581db-d8e7-42c8-8d9b-297b0b22ffea 6e8b80216f224f8fa00bc93827e7820f f1f2679d5c1949caa8de175d4836a247 - - - -] Successfully bumped revision number for resource 1a08e1b1-9f64-49d1-803b-abf63504e4be (type: networks) to 1
2026-07-21 07:55:35.132 9 INFO neutron.wsgi [None req-5067f951-accd-4361-8727-dfc9baa811fc 7cf146058ff841c38c501d82a145312c fa6ea76ecb3e43379a4ecd4da1ac3b14 - - default default] 10.0.0.37 "GET /v2.0/ports?device_id=8ef952f4-fd01-4baa-ac39-920ed8bd749e HTTP/1.1" status: 200 len: 205 time: 0.0271463
2026-07-21 07:55:35.166 9 INFO neutron.api.v2.resource [None req-4fcf66cc-5752-4330-8299-52fc46b6cf31 7cf146058ff841c38c501d82a145312c fa6ea76ecb3e43379a4ecd4da1ac3b14 - - - -] delete failed (client error): The resource could not be found.
2026-07-21 07:55:35.167 9 INFO neutron.wsgi [None req-4fcf66cc-5752-4330-8299-52fc46b6cf31 7cf146058ff841c38c501d82a145312c fa6ea76ecb3e43379a4ecd4da1ac3b14 - - - -] 10.0.0.37 "DELETE /v2.0/routers/8ef952f4-fd01-4baa-ac39-920ed8bd749e HTTP/1.1" status: 404 len: 336 time: 0.0305779
2026-07-21 07:55:35.190 9 INFO neutron.pecan_wsgi.hooks.translation [None req-8c6f8281-4be3-4660-b91e-63003e0743e2 7cf146058ff841c38c501d82a145312c fa6ea76ecb3e43379a4ecd4da1ac3b14 - - - -] DELETE failed (client error): The resource could not be found.
2026-07-21 07:55:35.193 9 INFO neutron.wsgi [None req-8c6f8281-4be3-4660-b91e-63003e0743e2 7cf146058ff841c38c501d82a145312c fa6ea76ecb3e43379a4ecd4da1ac3b14 - - - -] 10.0.0.37 "DELETE /v2.0/subnets/436a79f0-9605-49d1-b770-e4fee11132f5 HTTP/1.1" status: 404 len: 337 time: 0.0216556
2026-07-21 07:55:35.231 9 INFO neutron.wsgi [None req-cf9d8785-a60f-4987-9c3b-ffd0017d97d1 7cf146058ff841c38c501d82a145312c fa6ea76ecb3e43379a4ecd4da1ac3b14 - - default default] 10.0.0.37 "GET /v2.0/ports?device_id=df0b6aa4-ee98-4e34-acef-8051618af240 HTTP/1.1" status: 200 len: 205 time: 0.0334280
2026-07-21 07:55:35.263 9 INFO neutron.api.v2.resource [None req-d3deb6c2-7c9c-4c2d-9dcc-d54b76ec3ee3 7cf146058ff841c38c501d82a145312c fa6ea76ecb3e43379a4ecd4da1ac3b14 - - - -] delete failed (client error): The resource could not be found.
2026-07-21 07:55:35.264 9 INFO neutron.wsgi [None req-d3deb6c2-7c9c-4c2d-9dcc-d54b76ec3ee3 7cf146058ff841c38c501d82a145312c fa6ea76ecb3e43379a4ecd4da1ac3b14 - - - -] 10.0.0.37 "DELETE /v2.0/routers/df0b6aa4-ee98-4e34-acef-8051618af240 HTTP/1.1" status: 404 len: 336 time: 0.0294774
2026-07-21 07:55:35.287 9 INFO neutron.wsgi [-] 10.0.0.151 "GET / HTTP/1.1" status: 200 len: 246 time: 0.0011475
2026-07-21 07:55:35.289 9 INFO neutron.wsgi [-] 10.0.0.151 "GET / HTTP/1.1" status: 200 len: 246 time: 0.0008631
2026-07-21 07:55:35.290 9 INFO neutron.pecan_wsgi.hooks.translation [None req-664678c6-c6bc-4d34-8eeb-6fcfc0a1c2f7 7cf146058ff841c38c501d82a145312c fa6ea76ecb3e43379a4ecd4da1ac3b14 - - - -] DELETE failed (client error): The resource could not be found.
2026-07-21 07:55:35.292 9 INFO neutron.wsgi [None req-664678c6-c6bc-4d34-8eeb-6fcfc0a1c2f7 7cf146058ff841c38c501d82a145312c fa6ea76ecb3e43379a4ecd4da1ac3b14 - - - -] 10.0.0.37 "DELETE /v2.0/subnets/505ead17-9979-4c56-a936-4c00924444e4 HTTP/1.1" status: 404 len: 337 time: 0.0207939 /var/lib/openstack/lib/python3.10/site-packages/pycadf/identifier.py:71: UserWarning: Invalid uuid: neutron. To ensure interoperability, identifiers should be a valid uuid. warnings.warn(('Invalid uuid: %s. To ensure interoperability, '
2026-07-21 07:55:35.328 10 INFO neutron.wsgi [None req-eea31f7b-b13f-466e-b3f3-5b586eefc87e 7cf146058ff841c38c501d82a145312c fa6ea76ecb3e43379a4ecd4da1ac3b14 - - default default] 10.0.0.37 "GET /v2.0/ports?device_id=c1a5f521-d755-4cc4-afc0-15d25c663255 HTTP/1.1" status: 200 len: 205 time: 0.0322640
2026-07-21 07:55:35.331 9 INFO neutron.wsgi [None req-884f5653-c314-4c2a-820e-12cb6967375c eaba86c823be4a29806a7c0d68a19e64 78264a47337242cc865766926b1c390e - - default default] 10.0.0.37 "GET /v2.0/subnets?network_id=ee61bd7c-4a9e-48db-8d17-5f4dda2b2c94 HTTP/1.1" status: 200 len: 838 time: 0.0388515
2026-07-21 07:55:35.342 10 WARNING neutron.scheduler.dhcp_agent_scheduler [None req-912ed179-35ff-49cc-85f1-e1d2bcd2f94a e5cc3f5ff6734f3e90ebca4371fb332b 5dded1237447455c977c2bc789020cf4 - - - -] No more DHCP agents
2026-07-21 07:55:35.345 10 WARNING neutron.api.rpc.agentnotifiers.dhcp_rpc_agent_api [None req-912ed179-35ff-49cc-85f1-e1d2bcd2f94a e5cc3f5ff6734f3e90ebca4371fb332b 5dded1237447455c977c2bc789020cf4 - - - -] Unable to schedule network 9440bd4d-f95e-4a49-a1b8-74a06cbbaddc: no agents available; will retry on subsequent port and subnet creation events.
2026-07-21 07:55:35.348 10 WARNING neutron.scheduler.dhcp_agent_scheduler [None req-f9a581db-d8e7-42c8-8d9b-297b0b22ffea 6e8b80216f224f8fa00bc93827e7820f f1f2679d5c1949caa8de175d4836a247 - - - -] No more DHCP agents
2026-07-21 07:55:35.357 10 WARNING neutron.api.rpc.agentnotifiers.dhcp_rpc_agent_api [None req-f9a581db-d8e7-42c8-8d9b-297b0b22ffea 6e8b80216f224f8fa00bc93827e7820f f1f2679d5c1949caa8de175d4836a247 - - - -] Unable to schedule network 1a08e1b1-9f64-49d1-803b-abf63504e4be: no agents available; will retry on subsequent port and subnet creation events.
2026-07-21 07:55:35.357 9 INFO neutron.api.v2.resource [None req-242ead11-6ac5-4579-a4da-4ebefcdcf6c3 7cf146058ff841c38c501d82a145312c fa6ea76ecb3e43379a4ecd4da1ac3b14 - - - -] delete failed (client error): The resource could not be found.
2026-07-21 07:55:35.358 9 INFO neutron.wsgi [None req-242ead11-6ac5-4579-a4da-4ebefcdcf6c3 7cf146058ff841c38c501d82a145312c fa6ea76ecb3e43379a4ecd4da1ac3b14 - - - -] 10.0.0.37 "DELETE /v2.0/routers/c1a5f521-d755-4cc4-afc0-15d25c663255 HTTP/1.1" status: 404 len: 336 time: 0.0250826
2026-07-21 07:55:35.381 9 INFO neutron.pecan_wsgi.hooks.translation [None req-6be85665-1f4a-4d5c-bac7-21e1122c9373 7cf146058ff841c38c501d82a145312c fa6ea76ecb3e43379a4ecd4da1ac3b14 - - - -] DELETE failed (client error): The resource could not be found.
2026-07-21 07:55:35.384 9 INFO neutron.wsgi [None req-6be85665-1f4a-4d5c-bac7-21e1122c9373 7cf146058ff841c38c501d82a145312c fa6ea76ecb3e43379a4ecd4da1ac3b14 - - - -] 10.0.0.37 "DELETE /v2.0/subnets/6d346586-b8f3-429b-aeeb-974e4c0e8382 HTTP/1.1" status: 404 len: 337 time: 0.0206578
2026-07-21 07:55:35.407 9 INFO neutron.pecan_wsgi.hooks.translation [None req-d34f049f-b733-4043-8a3b-7440cc3a7a6d 7cf146058ff841c38c501d82a145312c fa6ea76ecb3e43379a4ecd4da1ac3b14 - - - -] DELETE failed (client error): The resource could not be found.
2026-07-21 07:55:35.409 9 INFO neutron.wsgi [None req-d34f049f-b733-4043-8a3b-7440cc3a7a6d 7cf146058ff841c38c501d82a145312c fa6ea76ecb3e43379a4ecd4da1ac3b14 - - - -] 10.0.0.37 "DELETE /v2.0/subnets/4ef53d5f-e045-4656-8a7b-570d73265ed0 HTTP/1.1" status: 404 len: 337 time: 0.0214121
2026-07-21 07:55:35.462 10 INFO neutron.db.ovn_revision_numbers_db [None req-f9a581db-d8e7-42c8-8d9b-297b0b22ffea 6e8b80216f224f8fa00bc93827e7820f f1f2679d5c1949caa8de175d4836a247 - - - -] Successfully bumped revision number for resource b33e16f8-1a31-465f-8fc8-45330f3c27dd (type: ports) to 1
2026-07-21 07:55:35.488 10 INFO neutron.db.ovn_revision_numbers_db [None req-912ed179-35ff-49cc-85f1-e1d2bcd2f94a e5cc3f5ff6734f3e90ebca4371fb332b 5dded1237447455c977c2bc789020cf4 - - - -] Successfully bumped revision number for resource 703fd84e-5f7e-4cd3-9368-03d6d05e280e (type: ports) to 1
2026-07-21 07:55:35.495 10 INFO neutron.wsgi [None req-f9a581db-d8e7-42c8-8d9b-297b0b22ffea 6e8b80216f224f8fa00bc93827e7820f f1f2679d5c1949caa8de175d4836a247 - - - -] 10.0.0.37 "POST /v2.0/networks HTTP/1.1" status: 201 len: 831 time: 0.9338133
2026-07-21 07:55:35.510 10 INFO neutron.wsgi [None req-912ed179-35ff-49cc-85f1-e1d2bcd2f94a e5cc3f5ff6734f3e90ebca4371fb332b 5dded1237447455c977c2bc789020cf4 - - - -] 10.0.0.37 "POST /v2.0/ports HTTP/1.1" status: 201 len: 1165 time: 0.6727087 /var/lib/openstack/lib/python3.10/site-packages/pycadf/identifier.py:71: UserWarning: Invalid uuid: neutron. To ensure interoperability, identifiers should be a valid uuid. warnings.warn(('Invalid uuid: %s. To ensure interoperability, '
2026-07-21 07:55:35.847 10 INFO neutron.wsgi [None req-e4881cf4-a7c0-47da-b0ed-4bf319dfa8a8 e5cc3f5ff6734f3e90ebca4371fb332b 5dded1237447455c977c2bc789020cf4 - - - -] 10.0.0.37 "DELETE /v2.0/ports/703fd84e-5f7e-4cd3-9368-03d6d05e280e HTTP/1.1" status: 204 len: 168 time: 0.3321559
2026-07-21 07:55:35.871 10 INFO neutron.pecan_wsgi.hooks.translation [None req-8250a0ba-aa81-4c17-9609-3dae9c930adc e5cc3f5ff6734f3e90ebca4371fb332b 5dded1237447455c977c2bc789020cf4 - - - -] DELETE failed (client error): The resource could not be found.
2026-07-21 07:55:35.873 10 INFO neutron.wsgi [None req-8250a0ba-aa81-4c17-9609-3dae9c930adc e5cc3f5ff6734f3e90ebca4371fb332b 5dded1237447455c977c2bc789020cf4 - - - -] 10.0.0.37 "DELETE /v2.0/ports/703fd84e-5f7e-4cd3-9368-03d6d05e280e HTTP/1.1" status: 404 len: 333 time: 0.0197494
2026-07-21 07:55:35.901 10 INFO neutron.pecan_wsgi.hooks.translation [None req-450fc89a-e311-4a47-b719-b565ab6cdab4 e5cc3f5ff6734f3e90ebca4371fb332b 5dded1237447455c977c2bc789020cf4 - - default default] GET failed (client error): The resource could not be found.
2026-07-21 07:55:35.903 10 INFO neutron.wsgi [None req-450fc89a-e311-4a47-b719-b565ab6cdab4 e5cc3f5ff6734f3e90ebca4371fb332b 5dded1237447455c977c2bc789020cf4 - - default default] 10.0.0.37 "GET /v2.0/ports/703fd84e-5f7e-4cd3-9368-03d6d05e280e HTTP/1.1" status: 404 len: 333 time: 0.0237095
2026-07-21 07:55:36.038 9 INFO neutron.db.l3_db [None req-ef86441f-4fdb-4314-b6f1-e1c4387fa029 9d6299a5e17a4291b6123ac00e40b41a d5058861c79446c3809985be0426dad6 - - - -] Floating IP 377153e9-8442-4e01-b99e-344f5e7e8e13 disassociated. External IP: 10.96.250.214, port: c059b06f-e37a-406c-9ae0-cf9d25faa5cf.
2026-07-21 07:55:36.061 9 INFO neutron.db.ovn_revision_numbers_db [None req-ef86441f-4fdb-4314-b6f1-e1c4387fa029 9d6299a5e17a4291b6123ac00e40b41a d5058861c79446c3809985be0426dad6 - - - -] Successfully bumped revision number for resource 377153e9-8442-4e01-b99e-344f5e7e8e13 (type: floatingips) to 2
2026-07-21 07:55:36.099 10 INFO neutron.wsgi [None req-c54f3bc4-e0c0-405b-9cde-b45fab791d8b e5cc3f5ff6734f3e90ebca4371fb332b 5dded1237447455c977c2bc789020cf4 - - - -] 10.0.0.37 "DELETE /v2.0/subnets/72c6b1f7-c587-48f1-ae89-c810fbb56564 HTTP/1.1" status: 204 len: 168 time: 0.1863754
2026-07-21 07:55:36.154 9 INFO neutron.wsgi [None req-1c522100-d0d0-4ce2-a00a-f5d3cefc0505 c559b67c8dc14c6e9bb7fa2452ec7a44 3b5df8bf225349b0ab7bd2b1a0d2c1b1 - - default default] 10.0.0.37 "GET /v2.0/security-groups?tenant_id=fa6ea76ecb3e43379a4ecd4da1ac3b14&name=default HTTP/1.1" status: 200 len: 2996 time: 0.1843607
2026-07-21 07:55:36.178 9 INFO neutron.wsgi [None req-ef86441f-4fdb-4314-b6f1-e1c4387fa029 9d6299a5e17a4291b6123ac00e40b41a d5058861c79446c3809985be0426dad6 - - - -] 10.0.0.37 "PUT /v2.0/floatingips/377153e9-8442-4e01-b99e-344f5e7e8e13 HTTP/1.1" status: 200 len: 748 time: 0.6491847
2026-07-21 07:55:36.210 9 WARNING neutron.scheduler.dhcp_agent_scheduler [None req-89b12e74-214d-4b25-b281-16a461457ea8 6e8b80216f224f8fa00bc93827e7820f f1f2679d5c1949caa8de175d4836a247 - - - -] No more DHCP agents
2026-07-21 07:55:36.215 9 WARNING neutron.api.rpc.agentnotifiers.dhcp_rpc_agent_api [None req-89b12e74-214d-4b25-b281-16a461457ea8 6e8b80216f224f8fa00bc93827e7820f f1f2679d5c1949caa8de175d4836a247 - - - -] Unable to schedule network 1a08e1b1-9f64-49d1-803b-abf63504e4be: no agents available; will retry on subsequent port and subnet creation events.
2026-07-21 07:55:36.219 9 INFO neutron.notifiers.nova [-] Nova event matching ['req-42f6b20e-cc8b-4624-b58e-3c94101133e4'] response: {'name': 'network-changed', 'server_uuid': '2d0d1514-d17d-450f-9821-5d01ba310a77', 'tag': 'c059b06f-e37a-406c-9ae0-cf9d25faa5cf', 'status': 'completed', 'code': 200}
2026-07-21 07:55:36.234 10 INFO neutron.wsgi [None req-6c68baf8-f99d-4c4c-9eae-8596f51e05f3 9d6299a5e17a4291b6123ac00e40b41a d5058861c79446c3809985be0426dad6 - - default default] 10.0.0.37 "GET /v2.0/floatingips/377153e9-8442-4e01-b99e-344f5e7e8e13 HTTP/1.1" status: 200 len: 746 time: 0.0508323
