+ COMMAND=start + start + start_ovn + exec neutron-server --config-file /etc/neutron/neutron.conf --config-file /tmp/pod-shared/ovn.ini --config-file /etc/neutron/plugins/ml2/ml2_conf.ini /var/lib/openstack/lib/python3.10/site-packages/munch/__init__.py:24: UserWarning: pkg_resources is deprecated as an API. See https://setuptools.pypa.io/en/latest/pkg_resources.html. The pkg_resources package is slated for removal as early as 2025-11-30. Refrain from using this package or pin to Setuptools<81. import pkg_resources
2026-07-21 07:16:58.342 1 INFO neutron.common.config [-] Logging enabled!
2026-07-21 07:16:58.342 1 INFO neutron.common.config [-] /var/lib/openstack/bin/neutron-server version 21.2.2.dev24
2026-07-21 07:16:58.344 1 INFO neutron.common.config [-] Logging enabled!
2026-07-21 07:16:58.344 1 INFO neutron.common.config [-] /var/lib/openstack/bin/neutron-server version 21.2.2.dev24
2026-07-21 07:16:58.590 1 INFO neutron.manager [-] Loading core plugin: ml2
2026-07-21 07:16:59.353 1 INFO neutron.plugins.ml2.managers [-] Configured type driver names: ['flat', 'vlan', 'geneve']
2026-07-21 07:16:59.356 1 INFO neutron.plugins.ml2.drivers.type_flat [-] Arbitrary flat physical_network names allowed
2026-07-21 07:16:59.358 1 INFO neutron.plugins.ml2.drivers.type_vlan [-] Network VLAN ranges: OrderedDict([('external', [(1, 4094)])])
2026-07-21 07:16:59.358 1 INFO neutron.plugins.ml2.managers [-] Loaded type driver names: ['flat', 'geneve', 'vlan']
2026-07-21 07:16:59.359 1 INFO neutron.plugins.ml2.managers [-] Registered types: dict_keys(['flat', 'geneve', 'vlan'])
2026-07-21 07:16:59.359 1 INFO neutron.plugins.ml2.managers [-] Tenant network_types: ['geneve']
2026-07-21 07:16:59.359 1 INFO neutron.plugins.ml2.managers [-] Configured extension driver names: ['dns_domain_ports', 'port_security', 'qos']
2026-07-21 07:16:59.364 1 INFO neutron.plugins.ml2.managers [-] Loaded extension driver names: ['dns_domain_ports', 'port_security', 'qos']
2026-07-21 07:16:59.364 1 INFO neutron.plugins.ml2.managers [-] Registered extension drivers: ['dns_domain_ports', 'port_security', 'qos']
2026-07-21 07:16:59.364 1 INFO neutron.plugins.ml2.managers [-] Configured mechanism driver names: ['ovn']
2026-07-21 07:16:59.718 1 INFO neutron.plugins.ml2.managers [-] Loaded mechanism driver names: ['ovn']
2026-07-21 07:16:59.718 1 INFO neutron.plugins.ml2.managers [-] Registered mechanism drivers: ['ovn']
2026-07-21 07:16:59.718 1 INFO neutron.plugins.ml2.managers [-] No mechanism drivers provide segment reachability information for agent scheduling.
2026-07-21 07:16:59.738 1 INFO neutron.plugins.ml2.managers [-] Initializing driver for type 'flat'
2026-07-21 07:16:59.738 1 INFO neutron.plugins.ml2.drivers.type_flat [-] ML2 FlatTypeDriver initialization complete
2026-07-21 07:16:59.739 1 INFO neutron.plugins.ml2.managers [-] Initializing driver for type 'geneve'
2026-07-21 07:16:59.739 1 INFO neutron.plugins.ml2.drivers.type_tunnel [-] geneve ID ranges: [(1, 65536)]
2026-07-21 07:17:02.014 1 INFO neutron.plugins.ml2.managers [None req-b7aad0b5-cfc3-4fe5-ac66-0d9e2dabf0f7 - - - - - -] Initializing driver for type 'vlan'
2026-07-21 07:17:02.202 1 INFO neutron.plugins.ml2.drivers.type_vlan [None req-b7aad0b5-cfc3-4fe5-ac66-0d9e2dabf0f7 - - - - - -] VlanTypeDriver initialization complete
2026-07-21 07:17:02.202 1 INFO neutron.plugins.ml2.managers [None req-b7aad0b5-cfc3-4fe5-ac66-0d9e2dabf0f7 - - - - - -] Initializing extension driver 'dns_domain_ports'
2026-07-21 07:17:02.203 1 INFO neutron.plugins.ml2.extensions.dns_integration [None req-b7aad0b5-cfc3-4fe5-ac66-0d9e2dabf0f7 - - - - - -] DNSDomainPortsExtensionDriver initialization complete
2026-07-21 07:17:02.203 1 INFO neutron.plugins.ml2.managers [None req-b7aad0b5-cfc3-4fe5-ac66-0d9e2dabf0f7 - - - - - -] Initializing extension driver 'port_security'
2026-07-21 07:17:02.203 1 INFO neutron.plugins.ml2.extensions.port_security [None req-b7aad0b5-cfc3-4fe5-ac66-0d9e2dabf0f7 - - - - - -] PortSecurityExtensionDriver initialization complete
2026-07-21 07:17:02.203 1 INFO neutron.plugins.ml2.managers [None req-b7aad0b5-cfc3-4fe5-ac66-0d9e2dabf0f7 - - - - - -] Initializing extension driver 'qos'
2026-07-21 07:17:02.203 1 INFO neutron.plugins.ml2.managers [None req-b7aad0b5-cfc3-4fe5-ac66-0d9e2dabf0f7 - - - - - -] Initializing mechanism driver 'ovn'
2026-07-21 07:17:02.204 1 INFO neutron.plugins.ml2.drivers.ovn.mech_driver.mech_driver [None req-b7aad0b5-cfc3-4fe5-ac66-0d9e2dabf0f7 - - - - - -] Starting OVNMechanismDriver
2026-07-21 07:17:02.228 1 INFO neutron.services.logapi.drivers.ovn.driver [None req-b7aad0b5-cfc3-4fe5-ac66-0d9e2dabf0f7 - - - - - -] OVN logging driver registered
2026-07-21 07:17:02.232 1 INFO neutron.quota [None req-b7aad0b5-cfc3-4fe5-ac66-0d9e2dabf0f7 - - - - - -] Loaded quota_driver: .
2026-07-21 07:17:02.233 1 INFO neutron.plugins.ml2.plugin [None req-b7aad0b5-cfc3-4fe5-ac66-0d9e2dabf0f7 - - - - - -] Modular L2 Plugin initialization complete
2026-07-21 07:17:02.233 1 INFO neutron.plugins.ml2.managers [None req-b7aad0b5-cfc3-4fe5-ac66-0d9e2dabf0f7 - - - - - -] Got dns-integration extension from driver 'dns_domain_ports'
2026-07-21 07:17:02.233 1 INFO neutron.plugins.ml2.managers [None req-b7aad0b5-cfc3-4fe5-ac66-0d9e2dabf0f7 - - - - - -] Got dns-domain-ports extension from driver 'dns_domain_ports'
2026-07-21 07:17:02.233 1 INFO neutron.plugins.ml2.managers [None req-b7aad0b5-cfc3-4fe5-ac66-0d9e2dabf0f7 - - - - - -] Got port-security extension from driver 'port_security'
2026-07-21 07:17:02.234 1 INFO neutron.extensions.vlantransparent [None req-b7aad0b5-cfc3-4fe5-ac66-0d9e2dabf0f7 - - - - - -] Disabled vlantransparent extension.
2026-07-21 07:17:02.234 1 INFO neutron.manager [None req-b7aad0b5-cfc3-4fe5-ac66-0d9e2dabf0f7 - - - - - -] Loading Plugin: qos
2026-07-21 07:17:02.243 1 INFO neutron.manager [None req-b7aad0b5-cfc3-4fe5-ac66-0d9e2dabf0f7 - - - - - -] Loading Plugin: ovn-router
2026-07-21 07:17:02.258 1 INFO neutron.services.ovn_l3.plugin [None req-b7aad0b5-cfc3-4fe5-ac66-0d9e2dabf0f7 - - - - - -] Starting OVNL3RouterPlugin
2026-07-21 07:17:02.258 1 INFO neutron.manager [None req-b7aad0b5-cfc3-4fe5-ac66-0d9e2dabf0f7 - - - - - -] Loading Plugin: segments
2026-07-21 07:17:02.335 1 INFO neutron.manager [None req-b7aad0b5-cfc3-4fe5-ac66-0d9e2dabf0f7 - - - - - -] Loading Plugin: trunk
2026-07-21 07:17:02.343 1 INFO neutron.manager [None req-b7aad0b5-cfc3-4fe5-ac66-0d9e2dabf0f7 - - - - - -] Loading Plugin: log
2026-07-21 07:17:02.345 1 INFO neutron.manager [None req-b7aad0b5-cfc3-4fe5-ac66-0d9e2dabf0f7 - - - - - -] Loading Plugin: auto_allocate
2026-07-21 07:17:02.347 1 INFO neutron.manager [None req-b7aad0b5-cfc3-4fe5-ac66-0d9e2dabf0f7 - - - - - -] Loading Plugin: tag
2026-07-21 07:17:02.351 1 INFO neutron.manager [None req-b7aad0b5-cfc3-4fe5-ac66-0d9e2dabf0f7 - - - - - -] Loading Plugin: timestamp
2026-07-21 07:17:02.353 1 INFO neutron.manager [None req-b7aad0b5-cfc3-4fe5-ac66-0d9e2dabf0f7 - - - - - -] Loading Plugin: network_ip_availability
2026-07-21 07:17:02.356 1 INFO neutron.manager [None req-b7aad0b5-cfc3-4fe5-ac66-0d9e2dabf0f7 - - - - - -] Loading Plugin: flavors
2026-07-21 07:17:02.359 1 INFO neutron.manager [None req-b7aad0b5-cfc3-4fe5-ac66-0d9e2dabf0f7 - - - - - -] Loading Plugin: revisions
2026-07-21 07:17:02.361 1 INFO neutron.api.extensions [None req-b7aad0b5-cfc3-4fe5-ac66-0d9e2dabf0f7 - - - - - -] Initializing extension manager.
2026-07-21 07:17:02.362 1 INFO neutron.api.extensions [None req-b7aad0b5-cfc3-4fe5-ac66-0d9e2dabf0f7 - - - - - -] Loaded extension: address-group
2026-07-21 07:17:02.363 1 INFO neutron.api.extensions [None req-b7aad0b5-cfc3-4fe5-ac66-0d9e2dabf0f7 - - - - - -] Loaded extension: address-scope
2026-07-21 07:17:02.363 1 INFO neutron.api.extensions [None req-b7aad0b5-cfc3-4fe5-ac66-0d9e2dabf0f7 - - - - - -] Extension router-admin-state-down-before-update not supported by any of loaded plugins
2026-07-21 07:17:02.364 1 INFO neutron.api.extensions [None req-b7aad0b5-cfc3-4fe5-ac66-0d9e2dabf0f7 - - - - - -] Loaded extension: agent
2026-07-21 07:17:02.364 1 INFO neutron.api.extensions [None req-b7aad0b5-cfc3-4fe5-ac66-0d9e2dabf0f7 - - - - - -] Extension agent-resources-synced not supported by any of loaded plugins
2026-07-21 07:17:02.365 1 INFO neutron.api.extensions [None req-b7aad0b5-cfc3-4fe5-ac66-0d9e2dabf0f7 - - - - - -] Loaded extension: allowed-address-pairs
2026-07-21 07:17:02.366 1 INFO neutron.api.extensions [None req-b7aad0b5-cfc3-4fe5-ac66-0d9e2dabf0f7 - - - - - -] Loaded extension: auto-allocated-topology
2026-07-21 07:17:02.367 1 INFO neutron.api.extensions [None req-b7aad0b5-cfc3-4fe5-ac66-0d9e2dabf0f7 - - - - - -] Loaded extension: availability_zone
2026-07-21 07:17:02.367 1 INFO neutron.api.extensions [None req-b7aad0b5-cfc3-4fe5-ac66-0d9e2dabf0f7 - - - - - -] Extension availability_zone_filter not supported by any of loaded plugins
2026-07-21 07:17:02.368 1 INFO neutron.api.extensions [None req-b7aad0b5-cfc3-4fe5-ac66-0d9e2dabf0f7 - - - - - -] Extension data-plane-status not supported by any of loaded plugins
2026-07-21 07:17:02.368 1 INFO neutron.api.extensions [None req-b7aad0b5-cfc3-4fe5-ac66-0d9e2dabf0f7 - - - - - -] Loaded extension: default-subnetpools
2026-07-21 07:17:02.369 1 INFO neutron.api.extensions [None req-b7aad0b5-cfc3-4fe5-ac66-0d9e2dabf0f7 - - - - - -] Loaded extension: dhcp_agent_scheduler
2026-07-21 07:17:02.370 1 INFO neutron.api.extensions [None req-b7aad0b5-cfc3-4fe5-ac66-0d9e2dabf0f7 - - - - - -] Loaded extension: dns-integration
2026-07-21 07:17:02.370 1 INFO neutron.api.extensions [None req-b7aad0b5-cfc3-4fe5-ac66-0d9e2dabf0f7 - - - - - -] Loaded extension: dns-domain-ports
2026-07-21 07:17:02.371 1 INFO neutron.api.extensions [None req-b7aad0b5-cfc3-4fe5-ac66-0d9e2dabf0f7 - - - - - -] Loaded extension: dns-integration-domain-keywords
2026-07-21 07:17:02.371 1 INFO neutron.api.extensions [None req-b7aad0b5-cfc3-4fe5-ac66-0d9e2dabf0f7 - - - - - -] Extension dvr not supported by any of loaded plugins
2026-07-21 07:17:02.372 1 INFO neutron.api.extensions [None req-b7aad0b5-cfc3-4fe5-ac66-0d9e2dabf0f7 - - - - - -] Extension ecmp_routes not supported by any of loaded plugins
2026-07-21 07:17:02.372 1 INFO neutron.api.extensions [None req-b7aad0b5-cfc3-4fe5-ac66-0d9e2dabf0f7 - - - - - -] Extension empty-string-filtering not supported by any of loaded plugins
2026-07-21 07:17:02.372 1 INFO neutron.api.extensions [None req-b7aad0b5-cfc3-4fe5-ac66-0d9e2dabf0f7 - - - - - -] Extension expose-l3-conntrack-helper not supported by any of loaded plugins
2026-07-21 07:17:02.373 1 INFO neutron.api.extensions [None req-b7aad0b5-cfc3-4fe5-ac66-0d9e2dabf0f7 - - - - - -] Extension expose-port-forwarding-in-fip not supported by any of loaded plugins
2026-07-21 07:17:02.373 1 INFO neutron.api.extensions [None req-b7aad0b5-cfc3-4fe5-ac66-0d9e2dabf0f7 - - - - - -] Loaded extension: external-net
2026-07-21 07:17:02.374 1 INFO neutron.api.extensions [None req-b7aad0b5-cfc3-4fe5-ac66-0d9e2dabf0f7 - - - - - -] Loaded extension: extra_dhcp_opt
2026-07-21 07:17:02.374 1 INFO neutron.api.extensions [None req-b7aad0b5-cfc3-4fe5-ac66-0d9e2dabf0f7 - - - - - -] Loaded extension: extraroute
2026-07-21 07:17:02.375 1 INFO neutron.api.extensions [None req-b7aad0b5-cfc3-4fe5-ac66-0d9e2dabf0f7 - - - - - -] Extension extraroute-atomic not supported by any of loaded plugins
2026-07-21 07:17:02.375 1 INFO neutron.api.extensions [None req-b7aad0b5-cfc3-4fe5-ac66-0d9e2dabf0f7 - - - - - -] Loaded extension: filter-validation
2026-07-21 07:17:02.376 1 INFO neutron.api.extensions [None req-b7aad0b5-cfc3-4fe5-ac66-0d9e2dabf0f7 - - - - - -] Extension floating-ip-port-forwarding-description not supported by any of loaded plugins
2026-07-21 07:17:02.376 1 INFO neutron.api.extensions [None req-b7aad0b5-cfc3-4fe5-ac66-0d9e2dabf0f7 - - - - - -] Loaded extension: floating-ip-port-forwarding-detail
2026-07-21 07:17:02.377 1 INFO neutron.api.extensions [None req-b7aad0b5-cfc3-4fe5-ac66-0d9e2dabf0f7 - - - - - -] Extension floating-ip-port-forwarding-port-ranges not supported by any of loaded plugins
2026-07-21 07:17:02.377 1 INFO neutron.api.extensions [None req-b7aad0b5-cfc3-4fe5-ac66-0d9e2dabf0f7 - - - - - -] Loaded extension: fip-port-details
2026-07-21 07:17:02.378 1 INFO neutron.api.extensions [None req-b7aad0b5-cfc3-4fe5-ac66-0d9e2dabf0f7 - - - - - -] Loaded extension: flavors
2026-07-21 07:17:02.378 1 INFO neutron.api.extensions [None req-b7aad0b5-cfc3-4fe5-ac66-0d9e2dabf0f7 - - - - - -] Extension floating-ip-port-forwarding not supported by any of loaded plugins
2026-07-21 07:17:02.379 1 INFO neutron.api.extensions [None req-b7aad0b5-cfc3-4fe5-ac66-0d9e2dabf0f7 - - - - - -] Loaded extension: floatingip-pools
2026-07-21 07:17:02.379 1 INFO neutron.api.extensions [None req-b7aad0b5-cfc3-4fe5-ac66-0d9e2dabf0f7 - - - - - -] Loaded extension: ip_allocation
2026-07-21 07:17:02.380 1 INFO neutron.api.extensions [None req-b7aad0b5-cfc3-4fe5-ac66-0d9e2dabf0f7 - - - - - -] Extension ip-substring-filtering not supported by any of loaded plugins
2026-07-21 07:17:02.380 1 INFO neutron.api.extensions [None req-b7aad0b5-cfc3-4fe5-ac66-0d9e2dabf0f7 - - - - - -] Loaded extension: l2_adjacency
2026-07-21 07:17:02.381 1 INFO neutron.api.extensions [None req-b7aad0b5-cfc3-4fe5-ac66-0d9e2dabf0f7 - - - - - -] Loaded extension: router
2026-07-21 07:17:02.382 1 INFO neutron.api.extensions [None req-b7aad0b5-cfc3-4fe5-ac66-0d9e2dabf0f7 - - - - - -] Extension l3-conntrack-helper not supported by any of loaded plugins
2026-07-21 07:17:02.383 1 INFO neutron.api.extensions [None req-b7aad0b5-cfc3-4fe5-ac66-0d9e2dabf0f7 - - - - - -] Loaded extension: ext-gw-mode
2026-07-21 07:17:02.383 1 INFO neutron.api.extensions [None req-b7aad0b5-cfc3-4fe5-ac66-0d9e2dabf0f7 - - - - - -] Extension l3-ha not supported by any of loaded plugins
2026-07-21 07:17:02.384 1 INFO neutron.api.extensions [None req-b7aad0b5-cfc3-4fe5-ac66-0d9e2dabf0f7 - - - - - -] Extension l3-ext-ndp-proxy not supported by any of loaded plugins
2026-07-21 07:17:02.385 1 INFO neutron.api.extensions [None req-b7aad0b5-cfc3-4fe5-ac66-0d9e2dabf0f7 - - - - - -] Extension l3-flavors not supported by any of loaded plugins
2026-07-21 07:17:02.385 1 INFO neutron.api.extensions [None req-b7aad0b5-cfc3-4fe5-ac66-0d9e2dabf0f7 - - - - - -] Extension l3-ndp-proxy not supported by any of loaded plugins
2026-07-21 07:17:02.386 1 INFO neutron.api.extensions [None req-b7aad0b5-cfc3-4fe5-ac66-0d9e2dabf0f7 - - - - - -] Extension l3-port-ip-change-not-allowed not supported by any of loaded plugins
2026-07-21 07:17:02.387 1 INFO neutron.api.extensions [None req-b7aad0b5-cfc3-4fe5-ac66-0d9e2dabf0f7 - - - - - -] Extension l3_agent_scheduler not supported by any of loaded plugins
2026-07-21 07:17:02.388 1 INFO neutron.api.extensions [None req-b7aad0b5-cfc3-4fe5-ac66-0d9e2dabf0f7 - - - - - -] Extension local_ip not supported by any of loaded plugins
2026-07-21 07:17:02.389 1 INFO neutron.api.extensions [None req-b7aad0b5-cfc3-4fe5-ac66-0d9e2dabf0f7 - - - - - -] Loaded extension: logging
2026-07-21 07:17:02.390 1 INFO neutron.api.extensions [None req-b7aad0b5-cfc3-4fe5-ac66-0d9e2dabf0f7 - - - - - -] Extension metering not supported by any of loaded plugins
2026-07-21 07:17:02.390 1 INFO neutron.api.extensions [None req-b7aad0b5-cfc3-4fe5-ac66-0d9e2dabf0f7 - - - - - -] Extension metering_source_and_destination_fields not supported by any of loaded plugins
2026-07-21 07:17:02.391 1 INFO neutron.api.extensions [None req-b7aad0b5-cfc3-4fe5-ac66-0d9e2dabf0f7 - - - - - -] Loaded extension: multi-provider
2026-07-21 07:17:02.391 1 INFO neutron.api.extensions [None req-b7aad0b5-cfc3-4fe5-ac66-0d9e2dabf0f7 - - - - - -] Loaded extension: net-mtu
2026-07-21 07:17:02.392 1 INFO neutron.api.extensions [None req-b7aad0b5-cfc3-4fe5-ac66-0d9e2dabf0f7 - - - - - -] Loaded extension: net-mtu-writable
2026-07-21 07:17:02.392 1 INFO neutron.api.extensions [None req-b7aad0b5-cfc3-4fe5-ac66-0d9e2dabf0f7 - - - - - -] Loaded extension: network_availability_zone
2026-07-21 07:17:02.393 1 INFO neutron.api.extensions [None req-b7aad0b5-cfc3-4fe5-ac66-0d9e2dabf0f7 - - - - - -] Loaded extension: network-ip-availability
2026-07-21 07:17:02.393 1 INFO neutron.api.extensions [None req-b7aad0b5-cfc3-4fe5-ac66-0d9e2dabf0f7 - - - - - -] Extension network-segment-range not supported by any of loaded plugins
2026-07-21 07:17:02.394 1 INFO neutron.api.extensions [None req-b7aad0b5-cfc3-4fe5-ac66-0d9e2dabf0f7 - - - - - -] Loaded extension: pagination
2026-07-21 07:17:02.394 1 INFO neutron.api.extensions [None req-b7aad0b5-cfc3-4fe5-ac66-0d9e2dabf0f7 - - - - - -] Loaded extension: port-device-profile
2026-07-21 07:17:02.395 1 INFO neutron.api.extensions [None req-b7aad0b5-cfc3-4fe5-ac66-0d9e2dabf0f7 - - - - - -] Extension port-mac-override not supported by any of loaded plugins
2026-07-21 07:17:02.395 1 INFO neutron.api.extensions [None req-b7aad0b5-cfc3-4fe5-ac66-0d9e2dabf0f7 - - - - - -] Loaded extension: port-mac-address-regenerate
2026-07-21 07:17:02.396 1 INFO neutron.api.extensions [None req-b7aad0b5-cfc3-4fe5-ac66-0d9e2dabf0f7 - - - - - -] Loaded extension: port-numa-affinity-policy
2026-07-21 07:17:02.396 1 INFO neutron.api.extensions [None req-b7aad0b5-cfc3-4fe5-ac66-0d9e2dabf0f7 - - - - - -] Loaded extension: port-resource-request
2026-07-21 07:17:02.396 1 INFO neutron.api.extensions [None req-b7aad0b5-cfc3-4fe5-ac66-0d9e2dabf0f7 - - - - - -] Loaded extension: port-resource-request-groups
2026-07-21 07:17:02.397 1 INFO neutron.api.extensions [None req-b7aad0b5-cfc3-4fe5-ac66-0d9e2dabf0f7 - - - - - -] Loaded extension: binding
2026-07-21 07:17:02.397 1 INFO neutron.api.extensions [None req-b7aad0b5-cfc3-4fe5-ac66-0d9e2dabf0f7 - - - - - -] Loaded extension: binding-extended
2026-07-21 07:17:02.398 1 INFO neutron.api.extensions [None req-b7aad0b5-cfc3-4fe5-ac66-0d9e2dabf0f7 - - - - - -] Loaded extension: port-security
2026-07-21 07:17:02.398 1 INFO neutron.api.extensions [None req-b7aad0b5-cfc3-4fe5-ac66-0d9e2dabf0f7 - - - - - -] Loaded extension: project-id
2026-07-21 07:17:02.399 1 INFO neutron.api.extensions [None req-b7aad0b5-cfc3-4fe5-ac66-0d9e2dabf0f7 - - - - - -] Loaded extension: provider
2026-07-21 07:17:02.400 1 INFO neutron.api.extensions [None req-b7aad0b5-cfc3-4fe5-ac66-0d9e2dabf0f7 - - - - - -] Loaded extension: qos
2026-07-21 07:17:02.401 1 INFO neutron.api.extensions [None req-b7aad0b5-cfc3-4fe5-ac66-0d9e2dabf0f7 - - - - - -] Loaded extension: qos-bw-limit-direction
2026-07-21 07:17:02.401 1 INFO neutron.api.extensions [None req-b7aad0b5-cfc3-4fe5-ac66-0d9e2dabf0f7 - - - - - -] Loaded extension: qos-bw-minimum-ingress
2026-07-21 07:17:02.402 1 INFO neutron.api.extensions [None req-b7aad0b5-cfc3-4fe5-ac66-0d9e2dabf0f7 - - - - - -] Loaded extension: qos-default
2026-07-21 07:17:02.402 1 INFO neutron.api.extensions [None req-b7aad0b5-cfc3-4fe5-ac66-0d9e2dabf0f7 - - - - - -] Loaded extension: qos-fip
2026-07-21 07:17:02.403 1 INFO neutron.api.extensions [None req-b7aad0b5-cfc3-4fe5-ac66-0d9e2dabf0f7 - - - - - -] Extension qos-fip-network-policy not supported by any of loaded plugins
2026-07-21 07:17:02.403 1 INFO neutron.api.extensions [None req-b7aad0b5-cfc3-4fe5-ac66-0d9e2dabf0f7 - - - - - -] Loaded extension: qos-gateway-ip
2026-07-21 07:17:02.404 1 INFO neutron.api.extensions [None req-b7aad0b5-cfc3-4fe5-ac66-0d9e2dabf0f7 - - - - - -] Loaded extension: qos-port-network-policy
2026-07-21 07:17:02.404 1 INFO neutron.api.extensions [None req-b7aad0b5-cfc3-4fe5-ac66-0d9e2dabf0f7 - - - - - -] Loaded extension: qos-pps-minimum
2026-07-21 07:17:02.405 1 INFO neutron.api.extensions [None req-b7aad0b5-cfc3-4fe5-ac66-0d9e2dabf0f7 - - - - - -] Loaded extension: qos-pps-minimum-rule-alias
2026-07-21 07:17:02.405 1 INFO neutron.api.extensions [None req-b7aad0b5-cfc3-4fe5-ac66-0d9e2dabf0f7 - - - - - -] Loaded extension: qos-pps
2026-07-21 07:17:02.406 1 INFO neutron.api.extensions [None req-b7aad0b5-cfc3-4fe5-ac66-0d9e2dabf0f7 - - - - - -] Loaded extension: qos-rule-type-details
2026-07-21 07:17:02.406 1 INFO neutron.api.extensions [None req-b7aad0b5-cfc3-4fe5-ac66-0d9e2dabf0f7 - - - - - -] Loaded extension: qos-rule-type-filter
2026-07-21 07:17:02.406 1 INFO neutron.api.extensions [None req-b7aad0b5-cfc3-4fe5-ac66-0d9e2dabf0f7 - - - - - -] Loaded extension: qos-rules-alias
2026-07-21 07:17:02.407 1 INFO neutron.api.extensions [None req-b7aad0b5-cfc3-4fe5-ac66-0d9e2dabf0f7 - - - - - -] Loaded extension: quota-check-limit
2026-07-21 07:17:02.408 1 INFO neutron.api.extensions [None req-b7aad0b5-cfc3-4fe5-ac66-0d9e2dabf0f7 - - - - - -] Loaded extension: quotas
2026-07-21 07:17:02.409 1 INFO neutron.api.extensions [None req-b7aad0b5-cfc3-4fe5-ac66-0d9e2dabf0f7 - - - - - -] Loaded extension: quota_details
2026-07-21 07:17:02.410 1 INFO neutron.api.extensions [None req-b7aad0b5-cfc3-4fe5-ac66-0d9e2dabf0f7 - - - - - -] Loaded extension: rbac-policies
2026-07-21 07:17:02.411 1 INFO neutron.api.extensions [None req-b7aad0b5-cfc3-4fe5-ac66-0d9e2dabf0f7 - - - - - -] Extension rbac-address-group not supported by any of loaded plugins
2026-07-21 07:17:02.411 1 INFO neutron.api.extensions [None req-b7aad0b5-cfc3-4fe5-ac66-0d9e2dabf0f7 - - - - - -] Loaded extension: rbac-address-scope
2026-07-21 07:17:02.412 1 INFO neutron.api.extensions [None req-b7aad0b5-cfc3-4fe5-ac66-0d9e2dabf0f7 - - - - - -] Loaded extension: rbac-security-groups
2026-07-21 07:17:02.412 1 INFO neutron.api.extensions [None req-b7aad0b5-cfc3-4fe5-ac66-0d9e2dabf0f7 - - - - - -] Extension rbac-subnetpool not supported by any of loaded plugins
2026-07-21 07:17:02.413 1 INFO neutron.api.extensions [None req-b7aad0b5-cfc3-4fe5-ac66-0d9e2dabf0f7 - - - - - -] Loaded extension: revision-if-match
2026-07-21 07:17:02.413 1 INFO neutron.api.extensions [None req-b7aad0b5-cfc3-4fe5-ac66-0d9e2dabf0f7 - - - - - -] Loaded extension: standard-attr-revisions
2026-07-21 07:17:02.414 1 INFO neutron.api.extensions [None req-b7aad0b5-cfc3-4fe5-ac66-0d9e2dabf0f7 - - - - - -] Loaded extension: router_availability_zone
2026-07-21 07:17:02.414 1 INFO neutron.api.extensions [None req-b7aad0b5-cfc3-4fe5-ac66-0d9e2dabf0f7 - - - - - -] Extension router-service-type not supported by any of loaded plugins
2026-07-21 07:17:02.414 1 INFO neutron.api.extensions [None req-b7aad0b5-cfc3-4fe5-ac66-0d9e2dabf0f7 - - - - - -] Loaded extension: security-groups-normalized-cidr
2026-07-21 07:17:02.415 1 INFO neutron.api.extensions [None req-b7aad0b5-cfc3-4fe5-ac66-0d9e2dabf0f7 - - - - - -] Extension port-security-groups-filtering not supported by any of loaded plugins
2026-07-21 07:17:02.415 1 INFO neutron.api.extensions [None req-b7aad0b5-cfc3-4fe5-ac66-0d9e2dabf0f7 - - - - - -] Loaded extension: security-groups-remote-address-group
2026-07-21 07:17:02.416 1 INFO neutron.api.extensions [None req-b7aad0b5-cfc3-4fe5-ac66-0d9e2dabf0f7 - - - - - -] Loaded extension: security-groups-shared-filtering
2026-07-21 07:17:02.422 1 INFO neutron.api.extensions [None req-b7aad0b5-cfc3-4fe5-ac66-0d9e2dabf0f7 - - - - - -] Loaded extension: security-group
2026-07-21 07:17:02.423 1 INFO neutron.api.extensions [None req-b7aad0b5-cfc3-4fe5-ac66-0d9e2dabf0f7 - - - - - -] Loaded extension: segment
2026-07-21 07:17:02.423 1 INFO neutron.api.extensions [None req-b7aad0b5-cfc3-4fe5-ac66-0d9e2dabf0f7 - - - - - -] Loaded extension: segments-peer-subnet-host-routes
2026-07-21 07:17:02.424 1 INFO neutron.api.extensions [None req-b7aad0b5-cfc3-4fe5-ac66-0d9e2dabf0f7 - - - - - -] Loaded extension: service-type
2026-07-21 07:17:02.424 1 INFO neutron.api.extensions [None req-b7aad0b5-cfc3-4fe5-ac66-0d9e2dabf0f7 - - - - - -] Loaded extension: sorting
2026-07-21 07:17:02.424 1 INFO neutron.api.extensions [None req-b7aad0b5-cfc3-4fe5-ac66-0d9e2dabf0f7 - - - - - -] Loaded extension: standard-attr-segment
2026-07-21 07:17:02.425 1 INFO neutron.api.extensions [None req-b7aad0b5-cfc3-4fe5-ac66-0d9e2dabf0f7 - - - - - -] Loaded extension: standard-attr-description
2026-07-21 07:17:02.425 1 INFO neutron.api.extensions [None req-b7aad0b5-cfc3-4fe5-ac66-0d9e2dabf0f7 - - - - - -] Loaded extension: stateful-security-group
2026-07-21 07:17:02.426 1 WARNING neutron.api.extensions [None req-b7aad0b5-cfc3-4fe5-ac66-0d9e2dabf0f7 - - - - - -] Did not find expected name "Stdattrs_common" in /var/lib/openstack/lib/python3.10/site-packages/neutron/extensions/stdattrs_common.py
2026-07-21 07:17:02.426 1 INFO neutron.api.extensions [None req-b7aad0b5-cfc3-4fe5-ac66-0d9e2dabf0f7 - - - - - -] Loaded extension: subnet-dns-publish-fixed-ip
2026-07-21 07:17:02.427 1 INFO neutron.api.extensions [None req-b7aad0b5-cfc3-4fe5-ac66-0d9e2dabf0f7 - - - - - -] Extension subnet_onboard not supported by any of loaded plugins
2026-07-21 07:17:02.427 1 INFO neutron.api.extensions [None req-b7aad0b5-cfc3-4fe5-ac66-0d9e2dabf0f7 - - - - - -] Loaded extension: subnet-segmentid-writable
2026-07-21 07:17:02.428 1 INFO neutron.api.extensions [None req-b7aad0b5-cfc3-4fe5-ac66-0d9e2dabf0f7 - - - - - -] Loaded extension: subnet-service-types
2026-07-21 07:17:02.428 1 INFO neutron.api.extensions [None req-b7aad0b5-cfc3-4fe5-ac66-0d9e2dabf0f7 - - - - - -] Loaded extension: subnet_allocation
2026-07-21 07:17:02.429 1 INFO neutron.api.extensions [None req-b7aad0b5-cfc3-4fe5-ac66-0d9e2dabf0f7 - - - - - -] Loaded extension: subnetpool-prefix-ops
2026-07-21 07:17:02.429 1 INFO neutron.api.extensions [None req-b7aad0b5-cfc3-4fe5-ac66-0d9e2dabf0f7 - - - - - -] Extension tag-ports-during-bulk-creation not supported by any of loaded plugins
2026-07-21 07:17:02.431 1 INFO neutron.api.extensions [None req-b7aad0b5-cfc3-4fe5-ac66-0d9e2dabf0f7 - - - - - -] Loaded extension: standard-attr-tag
2026-07-21 07:17:02.431 1 INFO neutron.api.extensions [None req-b7aad0b5-cfc3-4fe5-ac66-0d9e2dabf0f7 - - - - - -] Loaded extension: standard-attr-timestamp
2026-07-21 07:17:02.432 1 INFO neutron.api.extensions [None req-b7aad0b5-cfc3-4fe5-ac66-0d9e2dabf0f7 - - - - - -] Loaded extension: trunk
2026-07-21 07:17:02.432 1 INFO neutron.api.extensions [None req-b7aad0b5-cfc3-4fe5-ac66-0d9e2dabf0f7 - - - - - -] Loaded extension: trunk-details
2026-07-21 07:17:02.433 1 INFO neutron.api.extensions [None req-b7aad0b5-cfc3-4fe5-ac66-0d9e2dabf0f7 - - - - - -] Extension uplink-status-propagation not supported by any of loaded plugins
2026-07-21 07:17:02.433 1 INFO neutron.api.extensions [None req-b7aad0b5-cfc3-4fe5-ac66-0d9e2dabf0f7 - - - - - -] Extension vlan-transparent not supported by any of loaded plugins
2026-07-21 07:17:02.435 1 INFO neutron.quota.resource_registry [None req-b7aad0b5-cfc3-4fe5-ac66-0d9e2dabf0f7 - - - - - -] Creating instance of TrackedResource for resource:network
2026-07-21 07:17:02.435 1 INFO neutron.quota.resource_registry [None req-b7aad0b5-cfc3-4fe5-ac66-0d9e2dabf0f7 - - - - - -] Creating instance of TrackedResource for resource:subnet
2026-07-21 07:17:02.435 1 INFO neutron.quota.resource_registry [None req-b7aad0b5-cfc3-4fe5-ac66-0d9e2dabf0f7 - - - - - -] Creating instance of TrackedResource for resource:subnetpool
2026-07-21 07:17:02.435 1 INFO neutron.quota.resource_registry [None req-b7aad0b5-cfc3-4fe5-ac66-0d9e2dabf0f7 - - - - - -] Creating instance of TrackedResource for resource:port
2026-07-21 07:17:02.436 1 INFO neutron.quota.resource_registry [None req-b7aad0b5-cfc3-4fe5-ac66-0d9e2dabf0f7 - - - - - -] Creating instance of TrackedResource for resource:router
2026-07-21 07:17:02.436 1 INFO neutron.quota.resource_registry [None req-b7aad0b5-cfc3-4fe5-ac66-0d9e2dabf0f7 - - - - - -] Creating instance of TrackedResource for resource:floatingip
2026-07-21 07:17:02.438 1 INFO neutron.quota.resource_registry [None req-b7aad0b5-cfc3-4fe5-ac66-0d9e2dabf0f7 - - - - - -] Creating instance of CountableResource for resource:rbac_policy
2026-07-21 07:17:02.438 1 INFO neutron.quota.resource_registry [None req-b7aad0b5-cfc3-4fe5-ac66-0d9e2dabf0f7 - - - - - -] Creating instance of TrackedResource for resource:security_group
2026-07-21 07:17:02.438 1 INFO neutron.quota.resource_registry [None req-b7aad0b5-cfc3-4fe5-ac66-0d9e2dabf0f7 - - - - - -] Creating instance of TrackedResource for resource:security_group_rule
2026-07-21 07:17:02.439 1 INFO neutron.quota.resource_registry [None req-b7aad0b5-cfc3-4fe5-ac66-0d9e2dabf0f7 - - - - - -] Creating instance of TrackedResource for resource:subnetpool
2026-07-21 07:17:02.439 1 WARNING neutron.quota.resource_registry [None req-b7aad0b5-cfc3-4fe5-ac66-0d9e2dabf0f7 - - - - - -] subnetpool is already registered
2026-07-21 07:17:02.439 1 INFO neutron.quota.resource_registry [None req-b7aad0b5-cfc3-4fe5-ac66-0d9e2dabf0f7 - - - - - -] Creating instance of CountableResource for resource:trunk
2026-07-21 07:17:02.441 1 INFO neutron.quota.resource_registry [None req-b7aad0b5-cfc3-4fe5-ac66-0d9e2dabf0f7 - - - - - -] Creating instance of TrackedResource for resource:router
2026-07-21 07:17:02.441 1 WARNING neutron.quota.resource_registry [None req-b7aad0b5-cfc3-4fe5-ac66-0d9e2dabf0f7 - - - - - -] router is already registered
2026-07-21 07:17:02.441 1 INFO neutron.quota.resource_registry [None req-b7aad0b5-cfc3-4fe5-ac66-0d9e2dabf0f7 - - - - - -] Creating instance of TrackedResource for resource:floatingip
2026-07-21 07:17:02.442 1 WARNING neutron.quota.resource_registry [None req-b7aad0b5-cfc3-4fe5-ac66-0d9e2dabf0f7 - - - - - -] floatingip is already registered
2026-07-21 07:17:02.442 1 INFO neutron.quota.resource_registry [None req-b7aad0b5-cfc3-4fe5-ac66-0d9e2dabf0f7 - - - - - -] Creating instance of CountableResource for resource:rbac_policy
2026-07-21 07:17:02.442 1 WARNING neutron.quota.resource_registry [None req-b7aad0b5-cfc3-4fe5-ac66-0d9e2dabf0f7 - - - - - -] rbac_policy is already registered
2026-07-21 07:17:02.443 1 INFO neutron.quota.resource_registry [None req-b7aad0b5-cfc3-4fe5-ac66-0d9e2dabf0f7 - - - - - -] Creating instance of TrackedResource for resource:security_group
2026-07-21 07:17:02.443 1 WARNING neutron.quota.resource_registry [None req-b7aad0b5-cfc3-4fe5-ac66-0d9e2dabf0f7 - - - - - -] security_group is already registered
2026-07-21 07:17:02.443 1 INFO neutron.quota.resource_registry [None req-b7aad0b5-cfc3-4fe5-ac66-0d9e2dabf0f7 - - - - - -] Creating instance of TrackedResource for resource:security_group_rule
2026-07-21 07:17:02.443 1 WARNING neutron.quota.resource_registry [None req-b7aad0b5-cfc3-4fe5-ac66-0d9e2dabf0f7 - - - - - -] security_group_rule is already registered
2026-07-21 07:17:02.443 1 INFO neutron.quota.resource_registry [None req-b7aad0b5-cfc3-4fe5-ac66-0d9e2dabf0f7 - - - - - -] Creating instance of TrackedResource for resource:subnetpool
2026-07-21 07:17:02.443 1 WARNING neutron.quota.resource_registry [None req-b7aad0b5-cfc3-4fe5-ac66-0d9e2dabf0f7 - - - - - -] subnetpool is already registered
2026-07-21 07:17:02.444 1 INFO neutron.quota.resource_registry [None req-b7aad0b5-cfc3-4fe5-ac66-0d9e2dabf0f7 - - - - - -] Creating instance of CountableResource for resource:trunk
2026-07-21 07:17:02.444 1 WARNING neutron.quota.resource_registry [None req-b7aad0b5-cfc3-4fe5-ac66-0d9e2dabf0f7 - - - - - -] trunk is already registered
2026-07-21 07:17:02.471 1 WARNING keystonemiddleware._common.config [None req-b7aad0b5-cfc3-4fe5-ac66-0d9e2dabf0f7 - - - - - -] The option "audit_map_file" is not known to keystonemiddleware
2026-07-21 07:17:02.477 1 WARNING oslo_config.cfg [None req-b7aad0b5-cfc3-4fe5-ac66-0d9e2dabf0f7 - - - - - -] Deprecated: Option "auth_uri" from group "keystone_authtoken" is deprecated. Use option "www_authenticate_uri" from group "keystone_authtoken".
2026-07-21 07:17:02.480 1 INFO oslo_service.service [None req-b7aad0b5-cfc3-4fe5-ac66-0d9e2dabf0f7 - - - - - -] Starting 2 workers
2026-07-21 07:17:02.485 1 INFO neutron.service [None req-b7aad0b5-cfc3-4fe5-ac66-0d9e2dabf0f7 - - - - - -] Neutron service started, listening on 0.0.0.0:9696
2026-07-21 07:17:02.505 1 INFO oslo_service.service [None req-b7aad0b5-cfc3-4fe5-ac66-0d9e2dabf0f7 - - - - - -] Starting 2 workers
2026-07-21 07:17:02.512 9 INFO neutron.db.ovn_hash_ring_db [None req-22575669-8490-4897-8338-872336a0d358 - - - - - -] Nodes from host "neutron-server-5668578bbb-9srv4" and group "mechanism_driver" removed from the Hash Ring
2026-07-21 07:17:02.512 1 INFO oslo_service.service [None req-b7aad0b5-cfc3-4fe5-ac66-0d9e2dabf0f7 - - - - - -] Starting 1 workers
2026-07-21 07:17:02.516 1 INFO oslo_service.service [None req-b7aad0b5-cfc3-4fe5-ac66-0d9e2dabf0f7 - - - - - -] Starting 1 workers
2026-07-21 07:17:02.520 1 INFO oslo_service.service [None req-b7aad0b5-cfc3-4fe5-ac66-0d9e2dabf0f7 - - - - - -] Starting 1 workers
2026-07-21 07:17:02.521 9 INFO neutron.db.ovn_hash_ring_db [None req-22575669-8490-4897-8338-872336a0d358 - - - - - -] Node 9834ba64-5583-4d1b-8412-1abe56efed2f from host "neutron-server-5668578bbb-9srv4" and group "mechanism_driver" added to the Hash Ring
2026-07-21 07:17:02.522 9 INFO neutron.plugins.ml2.drivers.ovn.mech_driver.mech_driver [None req-22575669-8490-4897-8338-872336a0d358 - - - - - -] Hash Ring probing thread has started
2026-07-21 07:17:02.523 13 INFO neutron.plugins.ml2.drivers.ovn.mech_driver.ovsdb.impl_idl_ovn [-] Getting OvsdbNbOvnIdl for RpcWorker with retry
2026-07-21 07:17:02.524 9 INFO neutron.plugins.ml2.drivers.ovn.mech_driver.ovsdb.impl_idl_ovn [None req-22575669-8490-4897-8338-872336a0d358 - - - - - -] Getting OvsdbNbOvnIdl for WorkerService with retry
2026-07-21 07:17:02.524 12 INFO neutron.plugins.ml2.drivers.ovn.mech_driver.ovsdb.impl_idl_ovn [-] Getting OvsdbNbOvnIdl for RpcWorker with retry
2026-07-21 07:17:02.529 15 INFO neutron.plugins.ml2.drivers.ovn.mech_driver.ovsdb.impl_idl_ovn [-] Getting OvsdbNbOvnIdl for MaintenanceWorker with retry
2026-07-21 07:17:02.534 1 WARNING oslo_config.cfg [-] Deprecated: Option "auth_uri" from group "keystone_authtoken" is deprecated for removal (The auth_uri option is deprecated in favor of www_authenticate_uri and will be removed in the S release.). Its value may be silently ignored in the future.
2026-07-21 07:17:02.553 10 INFO neutron.db.ovn_hash_ring_db [None req-0eb0efd5-5e5c-4149-9e4e-3064c1783ce4 - - - - - -] Node 11f3307e-c8c6-4118-960d-8741f7fce54d from host "neutron-server-5668578bbb-9srv4" and group "mechanism_driver" added to the Hash Ring
2026-07-21 07:17:02.556 10 INFO neutron.plugins.ml2.drivers.ovn.mech_driver.ovsdb.impl_idl_ovn [None req-0eb0efd5-5e5c-4149-9e4e-3064c1783ce4 - - - - - -] Getting OvsdbNbOvnIdl for WorkerService with retry
2026-07-21 07:17:02.561 9 INFO ovsdbapp.backend.ovs_idl.vlog [None req-22575669-8490-4897-8338-872336a0d358 - - - - - -] tcp:10.111.160.91:6641: connecting...
2026-07-21 07:17:02.561 9 INFO ovsdbapp.backend.ovs_idl.vlog [None req-22575669-8490-4897-8338-872336a0d358 - - - - - -] tcp:10.111.160.91:6641: connected
2026-07-21 07:17:02.568 13 INFO ovsdbapp.backend.ovs_idl.vlog [None req-eb4fcdcf-f882-49fe-b7cb-76802b94dad8 - - - - - -] tcp:10.111.160.91:6641: connecting...
2026-07-21 07:17:02.569 13 INFO ovsdbapp.backend.ovs_idl.vlog [None req-eb4fcdcf-f882-49fe-b7cb-76802b94dad8 - - - - - -] tcp:10.111.160.91:6641: connected
2026-07-21 07:17:02.569 12 INFO ovsdbapp.backend.ovs_idl.vlog [None req-4ec60194-ba04-48a0-a03f-db83256af5b2 - - - - - -] tcp:10.111.160.91:6641: connecting...
2026-07-21 07:17:02.571 12 INFO ovsdbapp.backend.ovs_idl.vlog [None req-4ec60194-ba04-48a0-a03f-db83256af5b2 - - - - - -] tcp:10.111.160.91:6641: connected
2026-07-21 07:17:02.574 15 INFO ovsdbapp.backend.ovs_idl.vlog [-] tcp:10.111.160.91:6641: connecting...
2026-07-21 07:17:02.574 15 INFO ovsdbapp.backend.ovs_idl.vlog [-] tcp:10.111.160.91:6641: connected
2026-07-21 07:17:02.595 10 INFO ovsdbapp.backend.ovs_idl.vlog [None req-0eb0efd5-5e5c-4149-9e4e-3064c1783ce4 - - - - - -] tcp:10.111.160.91:6641: connecting...
2026-07-21 07:17:02.595 10 INFO ovsdbapp.backend.ovs_idl.vlog [None req-0eb0efd5-5e5c-4149-9e4e-3064c1783ce4 - - - - - -] tcp:10.111.160.91:6641: connected
2026-07-21 07:17:02.608 15 INFO neutron.plugins.ml2.drivers.ovn.mech_driver.ovsdb.impl_idl_ovn [-] Getting OvsdbSbOvnIdl for MaintenanceWorker with retry
2026-07-21 07:17:02.614 15 INFO ovsdbapp.backend.ovs_idl.vlog [-] tcp:10.108.69.15:6642: connecting...
2026-07-21 07:17:02.614 15 INFO ovsdbapp.backend.ovs_idl.vlog [-] tcp:10.108.69.15:6642: connected
2026-07-21 07:17:02.624 9 INFO neutron.plugins.ml2.drivers.ovn.mech_driver.ovsdb.impl_idl_ovn [None req-22575669-8490-4897-8338-872336a0d358 - - - - - -] Getting OvsdbSbOvnIdl for WorkerService with retry
2026-07-21 07:17:02.631 13 INFO neutron.plugins.ml2.drivers.ovn.mech_driver.ovsdb.impl_idl_ovn [None req-eb4fcdcf-f882-49fe-b7cb-76802b94dad8 - - - - - -] Getting OvsdbSbOvnIdl for RpcWorker with retry
2026-07-21 07:17:02.632 9 INFO ovsdbapp.backend.ovs_idl.vlog [None req-22575669-8490-4897-8338-872336a0d358 - - - - - -] tcp:10.108.69.15:6642: connecting...
2026-07-21 07:17:02.632 9 INFO ovsdbapp.backend.ovs_idl.vlog [None req-22575669-8490-4897-8338-872336a0d358 - - - - - -] tcp:10.108.69.15:6642: connected
2026-07-21 07:17:02.638 13 INFO ovsdbapp.backend.ovs_idl.vlog [None req-eb4fcdcf-f882-49fe-b7cb-76802b94dad8 - - - - - -] tcp:10.108.69.15:6642: connecting...
2026-07-21 07:17:02.638 13 INFO ovsdbapp.backend.ovs_idl.vlog [None req-eb4fcdcf-f882-49fe-b7cb-76802b94dad8 - - - - - -] tcp:10.108.69.15:6642: connected
2026-07-21 07:17:02.641 12 INFO neutron.plugins.ml2.drivers.ovn.mech_driver.ovsdb.impl_idl_ovn [None req-4ec60194-ba04-48a0-a03f-db83256af5b2 - - - - - -] Getting OvsdbSbOvnIdl for RpcWorker with retry
2026-07-21 07:17:02.648 12 INFO ovsdbapp.backend.ovs_idl.vlog [None req-4ec60194-ba04-48a0-a03f-db83256af5b2 - - - - - -] tcp:10.108.69.15:6642: connecting...
2026-07-21 07:17:02.648 12 INFO ovsdbapp.backend.ovs_idl.vlog [None req-4ec60194-ba04-48a0-a03f-db83256af5b2 - - - - - -] tcp:10.108.69.15:6642: connected
2026-07-21 07:17:02.648 10 INFO neutron.plugins.ml2.drivers.ovn.mech_driver.ovsdb.impl_idl_ovn [None req-0eb0efd5-5e5c-4149-9e4e-3064c1783ce4 - - - - - -] Getting OvsdbSbOvnIdl for WorkerService with retry
2026-07-21 07:17:02.650 15 INFO neutron.plugins.ml2.drivers.ovn.mech_driver.ovsdb.extensions.qos [-] Starting OVNClientQosExtension
2026-07-21 07:17:02.650 15 INFO neutron.plugins.ml2.drivers.ovn.mech_driver.ovsdb.extensions.placement [-] Starting OVNClientPlacementExtension
2026-07-21 07:17:02.650 15 INFO neutron.plugins.ml2.drivers.ovn.mech_driver.ovsdb.extensions.qos [-] Starting OVNClientQosExtension
2026-07-21 07:17:02.657 15 INFO neutron.plugins.ml2.drivers.ovn.mech_driver.mech_driver [-] Maintenance task thread has started
2026-07-21 07:17:02.657 10 INFO ovsdbapp.backend.ovs_idl.vlog [None req-0eb0efd5-5e5c-4149-9e4e-3064c1783ce4 - - - - - -] tcp:10.108.69.15:6642: connecting...
2026-07-21 07:17:02.658 10 INFO ovsdbapp.backend.ovs_idl.vlog [None req-0eb0efd5-5e5c-4149-9e4e-3064c1783ce4 - - - - - -] tcp:10.108.69.15:6642: connected
2026-07-21 07:17:02.680 9 INFO neutron.wsgi [-] (9) wsgi starting up on http://0.0.0.0:9696
2026-07-21 07:17:02.715 10 INFO neutron.wsgi [-] (10) wsgi starting up on http://0.0.0.0:9696
2026-07-21 07:17:02.827 15 INFO neutron.db.ovn_hash_ring_db [None req-df905f63-fbbb-4e3d-a75d-bdb9219f2aa5 - - - - - -] Cleaned up Hash Ring nodes older than 5 days
2026-07-21 07:17:02.876 15 INFO neutron.plugins.ml2.drivers.ovn.mech_driver.ovsdb.extensions.qos [None req-df905f63-fbbb-4e3d-a75d-bdb9219f2aa5 - - - - - -] Starting OVNClientQosExtension
2026-07-21 07:17:05.292 9 INFO neutron.wsgi [-] 10.0.0.151 "GET / HTTP/1.1" status: 200 len: 246 time: 0.0046227 /var/lib/openstack/lib/python3.10/site-packages/memcache.py:1303: SyntaxWarning: "is" with a literal. Did you mean "=="? if key is '': /var/lib/openstack/lib/python3.10/site-packages/memcache.py:1304: SyntaxWarning: "is" with a literal. Did you mean "=="? if key_extra_len is 0: /var/lib/openstack/lib/python3.10/site-packages/pycadf/identifier.py:71: UserWarning: Invalid uuid: unknown. To ensure interoperability, identifiers should be a valid uuid. warnings.warn(('Invalid uuid: %s. To ensure interoperability, '
2026-07-21 07:17:06.782 10 WARNING oslo_policy.policy [None req-8aeb1c67-4781-431f-a7ca-271bca1e438f c559b67c8dc14c6e9bb7fa2452ec7a44 3b5df8bf225349b0ab7bd2b1a0d2c1b1 - - default default] Policies ['delete_port', 'update_port:allowed_address_pairs', 'update_port:allowed_address_pairs:ip_address', 'update_port:allowed_address_pairs:mac_address', 'update_port:fixed_ips', 'update_port:mac_address'] reference a rule that is not defined.
2026-07-21 07:17:07.035 10 INFO neutron.wsgi [None req-8aeb1c67-4781-431f-a7ca-271bca1e438f c559b67c8dc14c6e9bb7fa2452ec7a44 3b5df8bf225349b0ab7bd2b1a0d2c1b1 - - default default] 199.19.213.199,10.0.0.151 "GET /v2.0/networks HTTP/1.1" status: 200 len: 189 time: 0.7721465
2026-07-21 07:17:07.185 10 INFO neutron.plugins.ml2.drivers.ovn.mech_driver.ovsdb.extensions.qos [None req-899f67f6-4dc1-4098-b066-c29a9321643a c559b67c8dc14c6e9bb7fa2452ec7a44 3b5df8bf225349b0ab7bd2b1a0d2c1b1 - - - -] Starting OVNClientQosExtension
2026-07-21 07:17:07.185 10 INFO neutron.plugins.ml2.drivers.ovn.mech_driver.ovsdb.extensions.placement [None req-899f67f6-4dc1-4098-b066-c29a9321643a c559b67c8dc14c6e9bb7fa2452ec7a44 3b5df8bf225349b0ab7bd2b1a0d2c1b1 - - - -] Starting OVNClientPlacementExtension
2026-07-21 07:17:07.214 10 INFO neutron.db.ovn_revision_numbers_db [None req-899f67f6-4dc1-4098-b066-c29a9321643a c559b67c8dc14c6e9bb7fa2452ec7a44 3b5df8bf225349b0ab7bd2b1a0d2c1b1 - - - -] Successfully bumped revision number for resource ff8f6a86-e163-4b3c-99c2-b0caf5fdfea6 (type: security_groups) to 1
2026-07-21 07:17:07.227 10 WARNING neutron.services.revisions.revision_plugin [None req-899f67f6-4dc1-4098-b066-c29a9321643a c559b67c8dc14c6e9bb7fa2452ec7a44 3b5df8bf225349b0ab7bd2b1a0d2c1b1 - - - -] Could not find related network for resource to bump revision.
2026-07-21 07:17:07.281 10 INFO neutron.db.segments_db [None req-899f67f6-4dc1-4098-b066-c29a9321643a c559b67c8dc14c6e9bb7fa2452ec7a44 3b5df8bf225349b0ab7bd2b1a0d2c1b1 - - - -] Added segment 4a9ec862-9c5e-4697-8d04-cd610f077890 of type flat for network ee61bd7c-4a9e-48db-8d17-5f4dda2b2c94
2026-07-21 07:17:07.468 10 INFO neutron.db.ovn_revision_numbers_db [None req-899f67f6-4dc1-4098-b066-c29a9321643a c559b67c8dc14c6e9bb7fa2452ec7a44 3b5df8bf225349b0ab7bd2b1a0d2c1b1 - - - -] Successfully bumped revision number for resource ee61bd7c-4a9e-48db-8d17-5f4dda2b2c94 (type: networks) to 1
2026-07-21 07:17:07.732 10 WARNING neutron.scheduler.dhcp_agent_scheduler [None req-899f67f6-4dc1-4098-b066-c29a9321643a c559b67c8dc14c6e9bb7fa2452ec7a44 3b5df8bf225349b0ab7bd2b1a0d2c1b1 - - - -] No more DHCP agents
2026-07-21 07:17:07.735 10 WARNING neutron.api.rpc.agentnotifiers.dhcp_rpc_agent_api [None req-899f67f6-4dc1-4098-b066-c29a9321643a c559b67c8dc14c6e9bb7fa2452ec7a44 3b5df8bf225349b0ab7bd2b1a0d2c1b1 - - - -] Unable to schedule network ee61bd7c-4a9e-48db-8d17-5f4dda2b2c94: no agents available; will retry on subsequent port and subnet creation events.
2026-07-21 07:17:07.832 10 INFO neutron.db.ovn_revision_numbers_db [None req-899f67f6-4dc1-4098-b066-c29a9321643a c559b67c8dc14c6e9bb7fa2452ec7a44 3b5df8bf225349b0ab7bd2b1a0d2c1b1 - - - -] Successfully bumped revision number for resource 52ca31b6-f8aa-46f2-a9b4-c87d56fb11d2 (type: ports) to 1
2026-07-21 07:17:07.854 10 INFO neutron.wsgi [None req-899f67f6-4dc1-4098-b066-c29a9321643a c559b67c8dc14c6e9bb7fa2452ec7a44 3b5df8bf225349b0ab7bd2b1a0d2c1b1 - - - -] 199.19.213.199,10.0.0.151 "POST /v2.0/networks HTTP/1.1" status: 201 len: 886 time: 0.8144035
2026-07-21 07:17:08.999 10 INFO neutron.wsgi [None req-508981da-9a91-4ba9-a4f3-28b316a0330d c559b67c8dc14c6e9bb7fa2452ec7a44 3b5df8bf225349b0ab7bd2b1a0d2c1b1 - - default default] 199.19.213.199,10.0.0.151 "GET /v2.0/subnets HTTP/1.1" status: 200 len: 188 time: 0.0581434
2026-07-21 07:17:09.064 10 INFO neutron.wsgi [None req-58bbbfb0-c9be-4c71-9eb4-21411f21d7cc c559b67c8dc14c6e9bb7fa2452ec7a44 3b5df8bf225349b0ab7bd2b1a0d2c1b1 - - default default] 199.19.213.199,10.0.0.151 "GET /v2.0/networks HTTP/1.1" status: 200 len: 890 time: 0.0580897
2026-07-21 07:17:09.327 10 WARNING neutron.scheduler.dhcp_agent_scheduler [None req-f42a9aff-b579-49ea-b4c8-93d02db8e412 c559b67c8dc14c6e9bb7fa2452ec7a44 3b5df8bf225349b0ab7bd2b1a0d2c1b1 - - - -] No more DHCP agents
2026-07-21 07:17:09.329 10 WARNING neutron.api.rpc.agentnotifiers.dhcp_rpc_agent_api [None req-f42a9aff-b579-49ea-b4c8-93d02db8e412 c559b67c8dc14c6e9bb7fa2452ec7a44 3b5df8bf225349b0ab7bd2b1a0d2c1b1 - - - -] Unable to schedule network ee61bd7c-4a9e-48db-8d17-5f4dda2b2c94: no agents available; will retry on subsequent port and subnet creation events.
2026-07-21 07:17:09.901 10 INFO neutron.db.ovn_revision_numbers_db [None req-f42a9aff-b579-49ea-b4c8-93d02db8e412 c559b67c8dc14c6e9bb7fa2452ec7a44 3b5df8bf225349b0ab7bd2b1a0d2c1b1 - - - -] Successfully bumped revision number for resource 52ca31b6-f8aa-46f2-a9b4-c87d56fb11d2 (type: ports) to 2
2026-07-21 07:17:09.914 10 INFO neutron.db.ovn_revision_numbers_db [None req-f42a9aff-b579-49ea-b4c8-93d02db8e412 c559b67c8dc14c6e9bb7fa2452ec7a44 3b5df8bf225349b0ab7bd2b1a0d2c1b1 - - - -] Successfully bumped revision number for resource c571fdc2-dca4-45b0-8451-7fbe9aca2dd8 (type: subnets) to 0
2026-07-21 07:17:09.928 10 INFO neutron.wsgi [None req-f42a9aff-b579-49ea-b4c8-93d02db8e412 c559b67c8dc14c6e9bb7fa2452ec7a44 3b5df8bf225349b0ab7bd2b1a0d2c1b1 - - - -] 199.19.213.199,10.0.0.151 "POST /v2.0/subnets HTTP/1.1" status: 201 len: 821 time: 0.8594725
2026-07-21 07:17:13.140 15 INFO neutron.plugins.ml2.drivers.ovn.mech_driver.ovsdb.extensions.qos [None req-9411a541-6d04-42d6-9920-d362109fa3f4 - - - - - -] Starting OVNClientQosExtension
2026-07-21 07:17:13.160 15 INFO neutron.plugins.ml2.drivers.ovn.mech_driver.ovsdb.extensions.qos [None req-9411a541-6d04-42d6-9920-d362109fa3f4 - - - - - -] Starting OVNClientQosExtension
2026-07-21 07:17:20.291 10 INFO neutron.wsgi [-] 10.0.0.151 "GET / HTTP/1.1" status: 200 len: 246 time: 0.0033069
2026-07-21 07:17:35.290 10 INFO neutron.wsgi [-] 10.0.0.151 "GET / HTTP/1.1" status: 200 len: 246 time: 0.0027065
2026-07-21 07:17:50.293 9 INFO neutron.wsgi [-] 10.0.0.151 "GET / HTTP/1.1" status: 200 len: 246 time: 0.0024350
2026-07-21 07:18:05.291 9 INFO neutron.wsgi [-] 10.0.0.151 "GET / HTTP/1.1" status: 200 len: 246 time: 0.0034401
2026-07-21 07:18:05.294 9 INFO neutron.wsgi [-] 10.0.0.151 "GET / HTTP/1.1" status: 200 len: 246 time: 0.0013688
2026-07-21 07:18:20.289 10 INFO neutron.wsgi [-] 10.0.0.151 "GET / HTTP/1.1" status: 200 len: 246 time: 0.0016353
2026-07-21 07:18:20.291 10 INFO neutron.wsgi [-] 10.0.0.151 "GET / HTTP/1.1" status: 200 len: 246 time: 0.0009801
2026-07-21 07:18:35.290 10 INFO neutron.wsgi [-] 10.0.0.151 "GET / HTTP/1.1" status: 200 len: 246 time: 0.0030527
2026-07-21 07:18:35.291 9 INFO neutron.wsgi [-] 10.0.0.151 "GET / HTTP/1.1" status: 200 len: 246 time: 0.0030112
2026-07-21 07:18:50.290 9 INFO neutron.wsgi [-] 10.0.0.151 "GET / HTTP/1.1" status: 200 len: 246 time: 0.0023150
2026-07-21 07:18:50.292 9 INFO neutron.wsgi [-] 10.0.0.151 "GET / HTTP/1.1" status: 200 len: 246 time: 0.0014439
2026-07-21 07:19:05.291 9 INFO neutron.wsgi [-] 10.0.0.151 "GET / HTTP/1.1" status: 200 len: 246 time: 0.0032265
2026-07-21 07:19:05.291 10 INFO neutron.wsgi [-] 10.0.0.151 "GET / HTTP/1.1" status: 200 len: 246 time: 0.0034895
2026-07-21 07:19:20.290 9 INFO neutron.wsgi [-] 10.0.0.151 "GET / HTTP/1.1" status: 200 len: 246 time: 0.0028410
2026-07-21 07:19:20.293 10 INFO neutron.wsgi [-] 10.0.0.151 "GET / HTTP/1.1" status: 200 len: 246 time: 0.0056698
2026-07-21 07:19:35.290 9 INFO neutron.wsgi [-] 10.0.0.151 "GET / HTTP/1.1" status: 200 len: 246 time: 0.0026903
2026-07-21 07:19:35.290 10 INFO neutron.wsgi [-] 10.0.0.151 "GET / HTTP/1.1" status: 200 len: 246 time: 0.0030558
2026-07-21 07:19:50.289 9 INFO neutron.wsgi [-] 10.0.0.151 "GET / HTTP/1.1" status: 200 len: 246 time: 0.0017116
2026-07-21 07:19:50.289 10 INFO neutron.wsgi [-] 10.0.0.151 "GET / HTTP/1.1" status: 200 len: 246 time: 0.0022144
2026-07-21 07:20:05.291 9 INFO neutron.wsgi [-] 10.0.0.151 "GET / HTTP/1.1" status: 200 len: 246 time: 0.0032876
2026-07-21 07:20:05.295 9 INFO neutron.wsgi [-] 10.0.0.151 "GET / HTTP/1.1" status: 200 len: 246 time: 0.0017400
2026-07-21 07:20:20.291 9 INFO neutron.wsgi [-] 10.0.0.151 "GET / HTTP/1.1" status: 200 len: 246 time: 0.0027919
2026-07-21 07:20:20.292 10 INFO neutron.wsgi [-] 10.0.0.151 "GET / HTTP/1.1" status: 200 len: 246 time: 0.0040534
2026-07-21 07:20:35.290 10 INFO neutron.wsgi [-] 10.0.0.151 "GET / HTTP/1.1" status: 200 len: 246 time: 0.0020580
2026-07-21 07:20:35.292 9 INFO neutron.wsgi [-] 10.0.0.151 "GET / HTTP/1.1" status: 200 len: 246 time: 0.0034208
2026-07-21 07:20:50.290 9 INFO neutron.wsgi [-] 10.0.0.151 "GET / HTTP/1.1" status: 200 len: 246 time: 0.0026250
2026-07-21 07:20:50.292 9 INFO neutron.wsgi [-] 10.0.0.151 "GET / HTTP/1.1" status: 200 len: 246 time: 0.0012212
2026-07-21 07:21:05.291 10 INFO neutron.wsgi [-] 10.0.0.151 "GET / HTTP/1.1" status: 200 len: 246 time: 0.0039680
2026-07-21 07:21:05.294 9 INFO neutron.wsgi [-] 10.0.0.151 "GET / HTTP/1.1" status: 200 len: 246 time: 0.0034277
2026-07-21 07:21:20.289 10 INFO neutron.wsgi [-] 10.0.0.151 "GET / HTTP/1.1" status: 200 len: 246 time: 0.0021884
2026-07-21 07:21:20.291 9 INFO neutron.wsgi [-] 10.0.0.151 "GET / HTTP/1.1" status: 200 len: 246 time: 0.0031497
2026-07-21 07:21:35.290 10 INFO neutron.wsgi [-] 10.0.0.151 "GET / HTTP/1.1" status: 200 len: 246 time: 0.0018985
2026-07-21 07:21:35.292 9 INFO neutron.wsgi [-] 10.0.0.151 "GET / HTTP/1.1" status: 200 len: 246 time: 0.0037704
2026-07-21 07:21:50.289 10 INFO neutron.wsgi [-] 10.0.0.151 "GET / HTTP/1.1" status: 200 len: 246 time: 0.0021074
2026-07-21 07:21:50.290 9 INFO neutron.wsgi [-] 10.0.0.151 "GET / HTTP/1.1" status: 200 len: 246 time: 0.0029588
