2026-07-21 07:55:42.673 10 INFO neutron.db.ovn_revision_numbers_db [None req-d82c362c-659b-4d8b-8da3-b5dbc6c58dec 1b6a6b17dc714991a943390189061cea 9796ff7890114c13968851e69adf92a0 - - - -] Successfully bumped revision number for resource adfc077f-f546-4bb2-b607-4ae98586173e (type: ports) to 2
2026-07-21 07:55:42.688 10 INFO neutron.wsgi [req-35004ba6-0bfd-471f-86d9-18f8c561b470 req-cd13298a-cbcf-4c71-a5ef-b2f640262538 9d6299a5e17a4291b6123ac00e40b41a d5058861c79446c3809985be0426dad6 - - default default] 10.0.0.176 "GET /v2.0/security-groups?id=a2adc92a-456f-4451-92fe-c34d2261de6f&fields=id&fields=name HTTP/1.1" status: 200 len: 313 time: 0.0488770
2026-07-21 07:55:42.705 10 INFO neutron.wsgi [None req-d82c362c-659b-4d8b-8da3-b5dbc6c58dec 1b6a6b17dc714991a943390189061cea 9796ff7890114c13968851e69adf92a0 - - - -] 199.19.213.199 "PUT /v2.0/ports/adfc077f-f546-4bb2-b607-4ae98586173e HTTP/1.1" status: 200 len: 1332 time: 1.0597944
2026-07-21 07:55:42.713 9 INFO neutron.wsgi [None req-ca444255-b4bc-4f23-8e41-4e06c2f71345 c559b67c8dc14c6e9bb7fa2452ec7a44 3b5df8bf225349b0ab7bd2b1a0d2c1b1 - - default default] 10.0.0.37 "GET /v2.0/security-groups?tenant_id=5dded1237447455c977c2bc789020cf4&name=default HTTP/1.1" status: 200 len: 2996 time: 0.2505476
2026-07-21 07:55:42.748 10 INFO neutron.notifiers.nova [-] Nova event matching ['req-e0c05a79-ec50-4cf6-a7eb-dc8b5151e2a7'] response: {'name': 'network-changed', 'server_uuid': '76f32c2a-97c7-4b27-8e04-cf6afa53ca73', 'tag': 'adfc077f-f546-4bb2-b607-4ae98586173e', 'status': 'completed', 'code': 200}
2026-07-21 07:55:42.786 10 INFO neutron.wsgi [req-b259caf8-ff39-4f39-9ce6-11ef0cd6bfd4 req-b8aa660f-ebd1-4f32-a527-7fe76a303e79 1b6a6b17dc714991a943390189061cea 9796ff7890114c13968851e69adf92a0 - - f75cd953ec1d47d48337cd8ec909d548 f75cd953ec1d47d48337cd8ec909d548] 199.19.213.199 "GET /v2.0/ports?tenant_id=d5058861c79446c3809985be0426dad6&device_id=76f32c2a-97c7-4b27-8e04-cf6afa53ca73 HTTP/1.1" status: 200 len: 1363 time: 0.0343306
2026-07-21 07:55:42.819 10 INFO neutron.wsgi [req-b259caf8-ff39-4f39-9ce6-11ef0cd6bfd4 req-92ff946a-4dbb-4a0a-a6b3-48d45efeb874 1b6a6b17dc714991a943390189061cea 9796ff7890114c13968851e69adf92a0 - - f75cd953ec1d47d48337cd8ec909d548 f75cd953ec1d47d48337cd8ec909d548] 199.19.213.199 "GET /v2.0/floatingips?fixed_ip_address=10.100.0.13&port_id=adfc077f-f546-4bb2-b607-4ae98586173e HTTP/1.1" status: 200 len: 217 time: 0.0252957
2026-07-21 07:55:42.862 10 INFO neutron.wsgi [req-b259caf8-ff39-4f39-9ce6-11ef0cd6bfd4 req-f68fb362-87af-4086-b4a2-7082d2dd9eec 1b6a6b17dc714991a943390189061cea 9796ff7890114c13968851e69adf92a0 - - f75cd953ec1d47d48337cd8ec909d548 f75cd953ec1d47d48337cd8ec909d548] 199.19.213.199 "GET /v2.0/subnets?id=c8adfd31-2635-4c05-b5d6-eca76e764b05 HTTP/1.1" status: 200 len: 853 time: 0.0367382
2026-07-21 07:55:42.894 10 INFO neutron.wsgi [req-b259caf8-ff39-4f39-9ce6-11ef0cd6bfd4 req-ee1def72-4b67-4b02-a412-da4c63d412bc 1b6a6b17dc714991a943390189061cea 9796ff7890114c13968851e69adf92a0 - - f75cd953ec1d47d48337cd8ec909d548 f75cd953ec1d47d48337cd8ec909d548] 199.19.213.199 "GET /v2.0/ports?network_id=9bfe8c01-c938-4734-9601-2bf0338f63f1&device_owner=network%3Adhcp HTTP/1.1" status: 200 len: 210 time: 0.0237904
2026-07-21 07:55:42.964 10 INFO neutron.wsgi [req-b259caf8-ff39-4f39-9ce6-11ef0cd6bfd4 req-7dbcefaf-0452-4327-b2a5-331964d4ddc8 1b6a6b17dc714991a943390189061cea 9796ff7890114c13968851e69adf92a0 - - f75cd953ec1d47d48337cd8ec909d548 f75cd953ec1d47d48337cd8ec909d548] 199.19.213.199 "GET /v2.0/networks/9bfe8c01-c938-4734-9601-2bf0338f63f1?fields=segments HTTP/1.1" status: 200 len: 212 time: 0.0636261
2026-07-21 07:55:43.061 10 INFO neutron.wsgi [req-b259caf8-ff39-4f39-9ce6-11ef0cd6bfd4 req-6da640ef-6dc7-4fe4-a63a-dca2891dc9f4 1b6a6b17dc714991a943390189061cea 9796ff7890114c13968851e69adf92a0 - - f75cd953ec1d47d48337cd8ec909d548 f75cd953ec1d47d48337cd8ec909d548] 199.19.213.199 "GET /v2.0/networks/9bfe8c01-c938-4734-9601-2bf0338f63f1?fields=provider%3Aphysical_network&fields=provider%3Anetwork_type HTTP/1.1" status: 200 len: 277 time: 0.0888932
2026-07-21 07:55:43.091 10 INFO neutron.wsgi [None req-f3e4ac8a-b124-41ea-aac8-729abf2beb11 c559b67c8dc14c6e9bb7fa2452ec7a44 3b5df8bf225349b0ab7bd2b1a0d2c1b1 - - - -] 10.0.0.37 "DELETE /v2.0/security-groups/a87e548b-8568-47a6-823f-1d9bef285b6f HTTP/1.1" status: 204 len: 168 time: 0.3715689
2026-07-21 07:55:43.167 10 INFO neutron.wsgi [req-86801f99-e1bf-4af0-a302-7cb1a9966fe6 req-dbb9d9c1-63ec-4f0c-9783-222fca6703fe 1b6a6b17dc714991a943390189061cea 9796ff7890114c13968851e69adf92a0 - - f75cd953ec1d47d48337cd8ec909d548 f75cd953ec1d47d48337cd8ec909d548] 199.19.213.199 "GET /v2.0/ports?tenant_id=d5058861c79446c3809985be0426dad6&device_id=76f32c2a-97c7-4b27-8e04-cf6afa53ca73 HTTP/1.1" status: 200 len: 1363 time: 0.0534949
2026-07-21 07:55:43.245 10 INFO neutron.wsgi [req-86801f99-e1bf-4af0-a302-7cb1a9966fe6 req-51a7211a-d18c-486a-a126-0cb051cee7ee 1b6a6b17dc714991a943390189061cea 9796ff7890114c13968851e69adf92a0 - - f75cd953ec1d47d48337cd8ec909d548 f75cd953ec1d47d48337cd8ec909d548] 199.19.213.199 "GET /v2.0/networks?id=9bfe8c01-c938-4734-9601-2bf0338f63f1 HTTP/1.1" status: 200 len: 958 time: 0.0716379
2026-07-21 07:55:43.290 10 INFO neutron.wsgi [req-86801f99-e1bf-4af0-a302-7cb1a9966fe6 req-0440c662-5d65-4534-b91e-2c2ee887efa8 1b6a6b17dc714991a943390189061cea 9796ff7890114c13968851e69adf92a0 - - f75cd953ec1d47d48337cd8ec909d548 f75cd953ec1d47d48337cd8ec909d548] 199.19.213.199 "GET /v2.0/floatingips?fixed_ip_address=10.100.0.13&port_id=adfc077f-f546-4bb2-b607-4ae98586173e HTTP/1.1" status: 200 len: 217 time: 0.0376368
2026-07-21 07:55:43.290 9 INFO neutron.plugins.ml2.drivers.ovn.mech_driver.mech_driver [None req-1096d1bb-1619-4472-9536-ac3a88dc9fbc - - - - - -] OVN reports status up for port: adfc077f-f546-4bb2-b607-4ae98586173e
2026-07-21 07:55:43.304 9 INFO neutron.plugins.ml2.plugin [None req-1096d1bb-1619-4472-9536-ac3a88dc9fbc - - - - - -] Attempt 1 to provision port adfc077f-f546-4bb2-b607-4ae98586173e
2026-07-21 07:55:43.334 10 INFO neutron.wsgi [req-86801f99-e1bf-4af0-a302-7cb1a9966fe6 req-68b03cde-7d76-4adc-8496-8f372d0ccc98 1b6a6b17dc714991a943390189061cea 9796ff7890114c13968851e69adf92a0 - - f75cd953ec1d47d48337cd8ec909d548 f75cd953ec1d47d48337cd8ec909d548] 199.19.213.199 "GET /v2.0/subnets?id=c8adfd31-2635-4c05-b5d6-eca76e764b05 HTTP/1.1" status: 200 len: 853 time: 0.0377543
2026-07-21 07:55:43.370 10 INFO neutron.wsgi [req-86801f99-e1bf-4af0-a302-7cb1a9966fe6 req-9a34118e-e271-48d8-88a5-2dbd57950965 1b6a6b17dc714991a943390189061cea 9796ff7890114c13968851e69adf92a0 - - f75cd953ec1d47d48337cd8ec909d548 f75cd953ec1d47d48337cd8ec909d548] 199.19.213.199 "GET /v2.0/ports?network_id=9bfe8c01-c938-4734-9601-2bf0338f63f1&device_owner=network%3Adhcp HTTP/1.1" status: 200 len: 210 time: 0.0277128
2026-07-21 07:55:43.445 10 INFO neutron.wsgi [req-86801f99-e1bf-4af0-a302-7cb1a9966fe6 req-87412460-4728-4408-a44e-042cfecd33e7 1b6a6b17dc714991a943390189061cea 9796ff7890114c13968851e69adf92a0 - - f75cd953ec1d47d48337cd8ec909d548 f75cd953ec1d47d48337cd8ec909d548] 199.19.213.199 "GET /v2.0/networks/9bfe8c01-c938-4734-9601-2bf0338f63f1?fields=segments HTTP/1.1" status: 200 len: 212 time: 0.0664568
2026-07-21 07:55:43.446 9 INFO neutron.notifiers.nova [-] Nova event matching ['req-78573253-81b7-4d77-b9fd-b03a8b649d36'] response: {'server_uuid': '76f32c2a-97c7-4b27-8e04-cf6afa53ca73', 'name': 'network-vif-plugged', 'status': 'completed', 'tag': 'adfc077f-f546-4bb2-b607-4ae98586173e', 'code': 200}
2026-07-21 07:55:43.514 10 INFO neutron.wsgi [req-86801f99-e1bf-4af0-a302-7cb1a9966fe6 req-2889d839-53d8-4ab5-a8b0-f6e4be83ad92 1b6a6b17dc714991a943390189061cea 9796ff7890114c13968851e69adf92a0 - - f75cd953ec1d47d48337cd8ec909d548 f75cd953ec1d47d48337cd8ec909d548] 199.19.213.199 "GET /v2.0/networks/9bfe8c01-c938-4734-9601-2bf0338f63f1?fields=provider%3Aphysical_network&fields=provider%3Anetwork_type HTTP/1.1" status: 200 len: 277 time: 0.0629129
2026-07-21 07:55:43.601 9 INFO neutron.db.ovn_revision_numbers_db [None req-1096d1bb-1619-4472-9536-ac3a88dc9fbc - - - - - -] Successfully bumped revision number for resource adfc077f-f546-4bb2-b607-4ae98586173e (type: ports) to 4
2026-07-21 07:55:43.805 10 INFO neutron.wsgi [req-79c363a6-5db5-4bbe-86ef-8754c76da079 req-78d5d1f6-79cc-452a-8d32-5faf928a444e 9d6299a5e17a4291b6123ac00e40b41a d5058861c79446c3809985be0426dad6 - - default default] 10.0.0.176 "GET /v2.0/ports?device_id=76f32c2a-97c7-4b27-8e04-cf6afa53ca73 HTTP/1.1" status: 200 len: 1174 time: 0.0414128
2026-07-21 07:55:43.852 10 INFO neutron.wsgi [req-79c363a6-5db5-4bbe-86ef-8754c76da079 req-291cd6c4-43c1-4ec7-a3b0-f1e1d224cd60 9d6299a5e17a4291b6123ac00e40b41a d5058861c79446c3809985be0426dad6 - - default default] 10.0.0.176 "GET /v2.0/security-groups?id=a2adc92a-456f-4451-92fe-c34d2261de6f&fields=id&fields=name HTTP/1.1" status: 200 len: 313 time: 0.0375712
2026-07-21 07:55:44.347 10 INFO neutron.wsgi [None req-70da4dea-f686-4573-a206-87de6af8f857 409aabb08ce149a6a5ed90497c7863e0 3a1b377d0bad4ef98bad7701c0158c1c - - - -] 10.0.0.37 "POST /v2.0/subnetpools HTTP/1.1" status: 201 len: 748 time: 0.3101549
2026-07-21 07:55:44.397 10 INFO neutron.wsgi [None req-5266d4aa-fa57-4db3-93f3-8a0cb0e46fbb 409aabb08ce149a6a5ed90497c7863e0 3a1b377d0bad4ef98bad7701c0158c1c - - default default] 10.0.0.37 "GET /v2.0/subnetpools/f75f42df-81fa-43f0-a428-2008d994847e HTTP/1.1" status: 200 len: 743 time: 0.0320783 /var/lib/openstack/lib/python3.10/site-packages/pycadf/identifier.py:71: UserWarning: Invalid uuid: neutron. To ensure interoperability, identifiers should be a valid uuid. warnings.warn(('Invalid uuid: %s. To ensure interoperability, '
2026-07-21 07:55:44.489 9 INFO neutron.wsgi [None req-7139cb21-1732-48be-9540-e3607cbb5649 409aabb08ce149a6a5ed90497c7863e0 3a1b377d0bad4ef98bad7701c0158c1c - - - -] 10.0.0.37 "PUT /v2.0/subnetpools/f75f42df-81fa-43f0-a428-2008d994847e HTTP/1.1" status: 200 len: 695 time: 0.0827482
2026-07-21 07:55:44.588 10 INFO neutron.db.ovn_revision_numbers_db [None req-fb2592db-9ace-48e4-a0e3-93af027f3291 4bbdc60208cf4c629a28b22303ac15b7 8f87de85b2404eec9c33cff0453dfd51 - - - -] Successfully bumped revision number for resource 4f232683-cfa2-41d4-adb9-69a8ca9893e7 (type: security_groups) to 1
2026-07-21 07:55:44.597 9 INFO neutron.wsgi [None req-59bc49af-1b26-4321-8e8c-e31a7034f35a 409aabb08ce149a6a5ed90497c7863e0 3a1b377d0bad4ef98bad7701c0158c1c - - - -] 10.0.0.37 "DELETE /v2.0/subnetpools/f75f42df-81fa-43f0-a428-2008d994847e HTTP/1.1" status: 204 len: 168 time: 0.0930402
2026-07-21 07:55:44.619 9 INFO neutron.api.v2.resource [None req-7681bc90-b8f2-45a6-8053-016228e3a37a 409aabb08ce149a6a5ed90497c7863e0 3a1b377d0bad4ef98bad7701c0158c1c - - default default] show failed (client error): The resource could not be found.
2026-07-21 07:55:44.621 9 INFO neutron.wsgi [None req-7681bc90-b8f2-45a6-8053-016228e3a37a 409aabb08ce149a6a5ed90497c7863e0 3a1b377d0bad4ef98bad7701c0158c1c - - default default] 10.0.0.37 "GET /v2.0/subnetpools/f75f42df-81fa-43f0-a428-2008d994847e HTTP/1.1" status: 404 len: 346 time: 0.0174222
2026-07-21 07:55:44.646 9 INFO neutron.api.v2.resource [None req-ab2510ce-a427-45fc-9146-b9b875e13c0a 409aabb08ce149a6a5ed90497c7863e0 3a1b377d0bad4ef98bad7701c0158c1c - - - -] delete failed (client error): The resource could not be found.
2026-07-21 07:55:44.647 9 INFO neutron.wsgi [None req-ab2510ce-a427-45fc-9146-b9b875e13c0a 409aabb08ce149a6a5ed90497c7863e0 3a1b377d0bad4ef98bad7701c0158c1c - - - -] 10.0.0.37 "DELETE /v2.0/subnetpools/f75f42df-81fa-43f0-a428-2008d994847e HTTP/1.1" status: 404 len: 346 time: 0.0185318
2026-07-21 07:55:44.661 10 INFO neutron.db.segments_db [None req-fb2592db-9ace-48e4-a0e3-93af027f3291 4bbdc60208cf4c629a28b22303ac15b7 8f87de85b2404eec9c33cff0453dfd51 - - - -] Added segment 8344564f-5acb-4787-83c1-e3189e878951 of type geneve for network 634f9e0d-e058-4fac-9653-179375244257
2026-07-21 07:55:44.792 10 INFO neutron.db.ovn_revision_numbers_db [None req-fb2592db-9ace-48e4-a0e3-93af027f3291 4bbdc60208cf4c629a28b22303ac15b7 8f87de85b2404eec9c33cff0453dfd51 - - - -] Successfully bumped revision number for resource 634f9e0d-e058-4fac-9653-179375244257 (type: networks) to 1
2026-07-21 07:55:45.005 10 WARNING neutron.scheduler.dhcp_agent_scheduler [None req-fb2592db-9ace-48e4-a0e3-93af027f3291 4bbdc60208cf4c629a28b22303ac15b7 8f87de85b2404eec9c33cff0453dfd51 - - - -] No more DHCP agents
2026-07-21 07:55:45.013 10 WARNING neutron.api.rpc.agentnotifiers.dhcp_rpc_agent_api [None req-fb2592db-9ace-48e4-a0e3-93af027f3291 4bbdc60208cf4c629a28b22303ac15b7 8f87de85b2404eec9c33cff0453dfd51 - - - -] Unable to schedule network 634f9e0d-e058-4fac-9653-179375244257: no agents available; will retry on subsequent port and subnet creation events.
2026-07-21 07:55:45.068 10 INFO neutron.wsgi [req-0af095f3-3c2b-46b0-8ab5-f2ea113cb19c req-c9ffb91b-9ccb-4509-b3a6-48b0739964ad 9d6299a5e17a4291b6123ac00e40b41a d5058861c79446c3809985be0426dad6 - - default default] 10.0.0.176 "GET /v2.0/ports?device_id=76f32c2a-97c7-4b27-8e04-cf6afa53ca73 HTTP/1.1" status: 200 len: 1174 time: 0.1267588
2026-07-21 07:55:45.114 10 INFO neutron.db.ovn_revision_numbers_db [None req-fb2592db-9ace-48e4-a0e3-93af027f3291 4bbdc60208cf4c629a28b22303ac15b7 8f87de85b2404eec9c33cff0453dfd51 - - - -] Successfully bumped revision number for resource bb907393-c4e6-4ceb-a864-e82b4b54f42e (type: ports) to 1
2026-07-21 07:55:45.124 10 INFO neutron.wsgi [req-0af095f3-3c2b-46b0-8ab5-f2ea113cb19c req-60646bd1-9b4c-4277-b29b-17604827ab97 9d6299a5e17a4291b6123ac00e40b41a d5058861c79446c3809985be0426dad6 - - default default] 10.0.0.176 "GET /v2.0/security-groups?id=a2adc92a-456f-4451-92fe-c34d2261de6f&fields=id&fields=name HTTP/1.1" status: 200 len: 313 time: 0.0491340
2026-07-21 07:55:45.145 10 INFO neutron.wsgi [None req-fb2592db-9ace-48e4-a0e3-93af027f3291 4bbdc60208cf4c629a28b22303ac15b7 8f87de85b2404eec9c33cff0453dfd51 - - - -] 10.0.0.37 "POST /v2.0/networks HTTP/1.1" status: 201 len: 829 time: 0.7410662
2026-07-21 07:55:45.238 10 INFO neutron.wsgi [req-4efd16ba-1482-4d36-bc7c-762b5223e3ab req-f9e3b8b1-29c3-4519-85c5-ddb40aa29410 9d6299a5e17a4291b6123ac00e40b41a d5058861c79446c3809985be0426dad6 - - default default] 10.0.0.176 "GET /v2.0/ports?device_id=76f32c2a-97c7-4b27-8e04-cf6afa53ca73 HTTP/1.1" status: 200 len: 1174 time: 0.0502543
2026-07-21 07:55:45.299 9 INFO neutron.db.ovn_revision_numbers_db [None req-9aaff34d-da40-4f8a-8107-713781a88f15 a2250870d66f436db002d2fe0c256179 dc9c784cf93f4eb6a92ecf1802fd4fa5 - - - -] Successfully bumped revision number for resource 6a89fa9f-6c3b-4943-8076-5e4871f5df81 (type: security_groups) to 1
2026-07-21 07:55:45.311 10 INFO neutron.wsgi [req-4efd16ba-1482-4d36-bc7c-762b5223e3ab req-47d4ee69-8277-493e-be0b-f3870b893a10 9d6299a5e17a4291b6123ac00e40b41a d5058861c79446c3809985be0426dad6 - - default default] 10.0.0.176 "GET /v2.0/security-groups?id=a2adc92a-456f-4451-92fe-c34d2261de6f&fields=id&fields=name HTTP/1.1" status: 200 len: 313 time: 0.0658100
2026-07-21 07:55:45.364 9 INFO neutron.wsgi [None req-72dd9574-f8e7-4555-b6ae-931578d077a6 eaba86c823be4a29806a7c0d68a19e64 78264a47337242cc865766926b1c390e - - default default] 10.0.0.37 "GET /v2.0/ports?device_id=76f32c2a-97c7-4b27-8e04-cf6afa53ca73 HTTP/1.1" status: 200 len: 1360 time: 0.0306170
2026-07-21 07:55:45.368 9 INFO neutron.db.segments_db [None req-9aaff34d-da40-4f8a-8107-713781a88f15 a2250870d66f436db002d2fe0c256179 dc9c784cf93f4eb6a92ecf1802fd4fa5 - - - -] Added segment ed03134e-6bd5-48f9-8477-4ab67a6ddf05 of type geneve for network e95869a4-0279-42f3-be61-e07041c000f1
2026-07-21 07:55:45.461 9 INFO neutron.db.ovn_revision_numbers_db [None req-e6f8d175-4d8e-44bc-b303-72d3778bd717 c559b67c8dc14c6e9bb7fa2452ec7a44 3b5df8bf225349b0ab7bd2b1a0d2c1b1 - - default default] Successfully bumped revision number for resource 55eaca5d-57fe-479e-b456-f8c346b95886 (type: security_groups) to 1
2026-07-21 07:55:45.472 10 WARNING neutron.scheduler.dhcp_agent_scheduler [None req-64f08dd5-ad85-4c20-b76a-46bca1613b8c 4bbdc60208cf4c629a28b22303ac15b7 8f87de85b2404eec9c33cff0453dfd51 - - - -] No more DHCP agents
2026-07-21 07:55:45.474 10 WARNING neutron.api.rpc.agentnotifiers.dhcp_rpc_agent_api [None req-64f08dd5-ad85-4c20-b76a-46bca1613b8c 4bbdc60208cf4c629a28b22303ac15b7 8f87de85b2404eec9c33cff0453dfd51 - - - -] Unable to schedule network 634f9e0d-e058-4fac-9653-179375244257: no agents available; will retry on subsequent port and subnet creation events.
2026-07-21 07:55:45.493 9 INFO neutron.notifiers.nova [-] Nova event matching ['req-9dceabf7-c481-4fa5-a384-6b94429b61c6'] response: {'server_uuid': '76f32c2a-97c7-4b27-8e04-cf6afa53ca73', 'name': 'network-vif-plugged', 'status': 'completed', 'tag': 'adfc077f-f546-4bb2-b607-4ae98586173e', 'code': 200}
2026-07-21 07:55:45.540 9 INFO neutron.wsgi [None req-e6f8d175-4d8e-44bc-b303-72d3778bd717 c559b67c8dc14c6e9bb7fa2452ec7a44 3b5df8bf225349b0ab7bd2b1a0d2c1b1 - - default default] 10.0.0.37 "GET /v2.0/security-groups?tenant_id=3a1b377d0bad4ef98bad7701c0158c1c&name=default HTTP/1.1" status: 200 len: 2996 time: 0.3451159 /var/lib/openstack/lib/python3.10/site-packages/pycadf/identifier.py:71: UserWarning: Invalid uuid: neutron. To ensure interoperability, identifiers should be a valid uuid. warnings.warn(('Invalid uuid: %s. To ensure interoperability, '
2026-07-21 07:55:45.559 10 INFO neutron.db.ovn_revision_numbers_db [None req-64f08dd5-ad85-4c20-b76a-46bca1613b8c 4bbdc60208cf4c629a28b22303ac15b7 8f87de85b2404eec9c33cff0453dfd51 - - - -] Successfully bumped revision number for resource 06a1244f-024d-4f68-9507-341ed67d1fda (type: ports) to 1
2026-07-21 07:55:45.592 10 INFO neutron.wsgi [None req-64f08dd5-ad85-4c20-b76a-46bca1613b8c 4bbdc60208cf4c629a28b22303ac15b7 8f87de85b2404eec9c33cff0453dfd51 - - - -] 10.0.0.37 "POST /v2.0/ports HTTP/1.1" status: 201 len: 942 time: 0.4387691
2026-07-21 07:55:45.692 9 INFO neutron.db.ovn_revision_numbers_db [None req-9aaff34d-da40-4f8a-8107-713781a88f15 a2250870d66f436db002d2fe0c256179 dc9c784cf93f4eb6a92ecf1802fd4fa5 - - - -] Successfully bumped revision number for resource e95869a4-0279-42f3-be61-e07041c000f1 (type: networks) to 1
2026-07-21 07:55:45.773 9 INFO neutron.db.l3_db [None req-925756a5-0d32-422f-b373-34db1820fed2 9d6299a5e17a4291b6123ac00e40b41a d5058861c79446c3809985be0426dad6 - - - -] Floating IP 377153e9-8442-4e01-b99e-344f5e7e8e13 associated. External IP: 10.96.250.214, port: adfc077f-f546-4bb2-b607-4ae98586173e.
2026-07-21 07:55:45.836 10 INFO neutron.wsgi [None req-1ec2ddc2-4689-4abe-a259-a4a13f0db0b0 c559b67c8dc14c6e9bb7fa2452ec7a44 3b5df8bf225349b0ab7bd2b1a0d2c1b1 - - - -] 10.0.0.37 "DELETE /v2.0/security-groups/55eaca5d-57fe-479e-b456-f8c346b95886 HTTP/1.1" status: 204 len: 168 time: 0.2867303
2026-07-21 07:55:45.849 10 INFO neutron.wsgi [None req-021098aa-1f3a-4d88-b91c-6ce203afa03b 4bbdc60208cf4c629a28b22303ac15b7 8f87de85b2404eec9c33cff0453dfd51 - - - -] 10.0.0.37 "POST /v2.0/trunks HTTP/1.1" status: 201 len: 608 time: 0.2466056
2026-07-21 07:55:45.884 10 INFO neutron.wsgi [None req-6b8f92ec-77f4-4cb0-adf6-8c0969271e1b 4bbdc60208cf4c629a28b22303ac15b7 8f87de85b2404eec9c33cff0453dfd51 - - - -] 10.0.0.37 "PUT /v2.0/trunks/28ad8a1a-879c-4772-bcb5-646930537a69/tags HTTP/1.1" status: 200 len: 218 time: 0.0286911
2026-07-21 07:55:45.903 10 INFO neutron.wsgi [None req-cefcb5b7-6202-4d8b-895f-60f61aa9ab43 4bbdc60208cf4c629a28b22303ac15b7 8f87de85b2404eec9c33cff0453dfd51 - - default default] 10.0.0.37 "GET /v2.0/trunks/28ad8a1a-879c-4772-bcb5-646930537a69/tags HTTP/1.1" status: 200 len: 218 time: 0.0128334
2026-07-21 07:55:45.935 10 INFO neutron.wsgi [None req-c33adb39-e3b5-4e15-a1c4-aafb9e430574 4bbdc60208cf4c629a28b22303ac15b7 8f87de85b2404eec9c33cff0453dfd51 - - - -] 10.0.0.37 "PUT /v2.0/trunks/28ad8a1a-879c-4772-bcb5-646930537a69/tags/green HTTP/1.1" status: 201 len: 201 time: 0.0267131
2026-07-21 07:55:45.952 9 WARNING neutron.scheduler.dhcp_agent_scheduler [None req-9aaff34d-da40-4f8a-8107-713781a88f15 a2250870d66f436db002d2fe0c256179 dc9c784cf93f4eb6a92ecf1802fd4fa5 - - - -] No more DHCP agents
2026-07-21 07:55:45.956 9 WARNING neutron.api.rpc.agentnotifiers.dhcp_rpc_agent_api [None req-9aaff34d-da40-4f8a-8107-713781a88f15 a2250870d66f436db002d2fe0c256179 dc9c784cf93f4eb6a92ecf1802fd4fa5 - - - -] Unable to schedule network e95869a4-0279-42f3-be61-e07041c000f1: no agents available; will retry on subsequent port and subnet creation events.
2026-07-21 07:55:45.963 10 INFO neutron.wsgi [None req-7254b4d9-a57d-43af-9aad-9981099f1210 4bbdc60208cf4c629a28b22303ac15b7 8f87de85b2404eec9c33cff0453dfd51 - - default default] 10.0.0.37 "GET /v2.0/trunks/28ad8a1a-879c-4772-bcb5-646930537a69/tags HTTP/1.1" status: 200 len: 227 time: 0.0195670
2026-07-21 07:55:45.991 10 INFO neutron.wsgi [None req-561b576f-b121-4023-b6ae-faeca8401ca5 4bbdc60208cf4c629a28b22303ac15b7 8f87de85b2404eec9c33cff0453dfd51 - - - -] 10.0.0.37 "PUT /v2.0/trunks/28ad8a1a-879c-4772-bcb5-646930537a69/tags/red HTTP/1.1" status: 201 len: 201 time: 0.0229552
2026-07-21 07:55:46.035 9 INFO neutron.db.ovn_revision_numbers_db [None req-925756a5-0d32-422f-b373-34db1820fed2 9d6299a5e17a4291b6123ac00e40b41a d5058861c79446c3809985be0426dad6 - - - -] Successfully bumped revision number for resource 377153e9-8442-4e01-b99e-344f5e7e8e13 (type: floatingips) to 4
2026-07-21 07:55:46.052 10 INFO neutron.wsgi [None req-8b19e80d-1e84-4c2b-b713-9f98f7150765 4bbdc60208cf4c629a28b22303ac15b7 8f87de85b2404eec9c33cff0453dfd51 - - default default] 10.0.0.37 "GET /v2.0/trunks/28ad8a1a-879c-4772-bcb5-646930537a69/tags HTTP/1.1" status: 200 len: 227 time: 0.0554419 /var/lib/openstack/lib/python3.10/site-packages/pycadf/identifier.py:71: UserWarning: Invalid uuid: neutron. To ensure interoperability, identifiers should be a valid uuid. warnings.warn(('Invalid uuid: %s. To ensure interoperability, '
2026-07-21 07:55:46.072 9 INFO neutron.db.ovn_revision_numbers_db [None req-9aaff34d-da40-4f8a-8107-713781a88f15 a2250870d66f436db002d2fe0c256179 dc9c784cf93f4eb6a92ecf1802fd4fa5 - - - -] Successfully bumped revision number for resource 7bcfebb7-d6de-4c81-a596-cd2dded8c592 (type: ports) to 1
2026-07-21 07:55:46.085 10 INFO neutron.wsgi [None req-28578e36-4516-4f34-8d5e-ae345a104388 4bbdc60208cf4c629a28b22303ac15b7 8f87de85b2404eec9c33cff0453dfd51 - - - -] 10.0.0.37 "PUT /v2.0/trunks/28ad8a1a-879c-4772-bcb5-646930537a69/tags/black.or.white HTTP/1.1" status: 201 len: 201 time: 0.0280411
2026-07-21 07:55:46.106 10 INFO neutron.wsgi [None req-d1b40e0e-b5b0-4d37-97e7-11e9dcc1ea34 4bbdc60208cf4c629a28b22303ac15b7 8f87de85b2404eec9c33cff0453dfd51 - - default default] 10.0.0.37 "GET /v2.0/trunks/28ad8a1a-879c-4772-bcb5-646930537a69/tags HTTP/1.1" status: 200 len: 245 time: 0.0155232
2026-07-21 07:55:46.119 9 INFO neutron.wsgi [None req-9aaff34d-da40-4f8a-8107-713781a88f15 a2250870d66f436db002d2fe0c256179 dc9c784cf93f4eb6a92ecf1802fd4fa5 - - - -] 10.0.0.37 "POST /v2.0/networks HTTP/1.1" status: 201 len: 827 time: 1.1479003
2026-07-21 07:55:46.145 9 INFO neutron.wsgi [None req-07af7d91-8598-466c-ab09-dfd3840aa320 4bbdc60208cf4c629a28b22303ac15b7 8f87de85b2404eec9c33cff0453dfd51 - - - -] 10.0.0.37 "PUT /v2.0/trunks/28ad8a1a-879c-4772-bcb5-646930537a69/tags HTTP/1.1" status: 200 len: 230 time: 0.0348666
2026-07-21 07:55:46.154 9 INFO neutron.db.ovn_revision_numbers_db [None req-925756a5-0d32-422f-b373-34db1820fed2 9d6299a5e17a4291b6123ac00e40b41a d5058861c79446c3809985be0426dad6 - - - -] Successfully bumped revision number for resource 377153e9-8442-4e01-b99e-344f5e7e8e13 (type: floatingips) to 5
2026-07-21 07:55:46.172 10 INFO neutron.wsgi [None req-ee33b1b4-6d10-44f1-a1e6-14ff12a6fdc2 4bbdc60208cf4c629a28b22303ac15b7 8f87de85b2404eec9c33cff0453dfd51 - - default default] 10.0.0.37 "GET /v2.0/trunks/28ad8a1a-879c-4772-bcb5-646930537a69/tags HTTP/1.1" status: 200 len: 230 time: 0.0225642
2026-07-21 07:55:46.176 9 INFO neutron.wsgi [None req-925756a5-0d32-422f-b373-34db1820fed2 9d6299a5e17a4291b6123ac00e40b41a d5058861c79446c3809985be0426dad6 - - - -] 10.0.0.37 "PUT /v2.0/floatingips/377153e9-8442-4e01-b99e-344f5e7e8e13 HTTP/1.1" status: 200 len: 1050 time: 0.8065064
2026-07-21 07:55:46.197 10 INFO neutron.wsgi [None req-d0a58090-498c-4c61-ac2c-a619cf932859 4bbdc60208cf4c629a28b22303ac15b7 8f87de85b2404eec9c33cff0453dfd51 - - default default] 10.0.0.37 "GET /v2.0/trunks/28ad8a1a-879c-4772-bcb5-646930537a69/tags/red HTTP/1.1" status: 204 len: 168 time: 0.0177636
2026-07-21 07:55:46.218 9 INFO neutron.wsgi [None req-f291018b-fb15-4bd7-87d5-c0a0a85bef78 9d6299a5e17a4291b6123ac00e40b41a d5058861c79446c3809985be0426dad6 - - default default] 10.0.0.37 "GET /v2.0/floatingips/377153e9-8442-4e01-b99e-344f5e7e8e13 HTTP/1.1" status: 200 len: 1052 time: 0.0373065
2026-07-21 07:55:46.224 10 INFO neutron.db.segments_db [None req-5672634d-b10d-4c98-a39c-3f41e3df0098 a2250870d66f436db002d2fe0c256179 dc9c784cf93f4eb6a92ecf1802fd4fa5 - - - -] Added segment 4ddb2719-60c6-4879-9b5a-0f2e58819f12 of type geneve for network 205beb81-960a-4bd7-988e-45831de9512e
2026-07-21 07:55:46.225 10 INFO neutron.api.v2.resource [None req-268c8be3-ce02-4d77-9d25-fea1516a74a2 4bbdc60208cf4c629a28b22303ac15b7 8f87de85b2404eec9c33cff0453dfd51 - - default default] show failed (client error): The resource could not be found.
2026-07-21 07:55:46.226 10 INFO neutron.wsgi [None req-268c8be3-ce02-4d77-9d25-fea1516a74a2 4bbdc60208cf4c629a28b22303ac15b7 8f87de85b2404eec9c33cff0453dfd51 - - default default] 10.0.0.37 "GET /v2.0/trunks/28ad8a1a-879c-4772-bcb5-646930537a69/tags/green HTTP/1.1" status: 404 len: 299 time: 0.0230231
2026-07-21 07:55:46.282 10 INFO neutron.wsgi [None req-69e5eecc-a554-43f7-a73a-d0dceb01955f 4bbdc60208cf4c629a28b22303ac15b7 8f87de85b2404eec9c33cff0453dfd51 - - - -] 10.0.0.37 "DELETE /v2.0/trunks/28ad8a1a-879c-4772-bcb5-646930537a69/tags/red HTTP/1.1" status: 204 len: 168 time: 0.0503438
2026-07-21 07:55:46.319 10 INFO neutron.wsgi [None req-9d8fc07e-f1ce-471a-887e-6142554e9ece 4bbdc60208cf4c629a28b22303ac15b7 8f87de85b2404eec9c33cff0453dfd51 - - default default] 10.0.0.37 "GET /v2.0/trunks/28ad8a1a-879c-4772-bcb5-646930537a69/tags HTTP/1.1" status: 200 len: 223 time: 0.0312817
2026-07-21 07:55:46.346 9 INFO neutron.api.v2.resource [None req-fbc357dd-1fbc-452f-9d8b-78cb03a532fe 4bbdc60208cf4c629a28b22303ac15b7 8f87de85b2404eec9c33cff0453dfd51 - - - -] delete failed (client error): The resource could not be found.
2026-07-21 07:55:46.348 9 INFO neutron.wsgi [None req-fbc357dd-1fbc-452f-9d8b-78cb03a532fe 4bbdc60208cf4c629a28b22303ac15b7 8f87de85b2404eec9c33cff0453dfd51 - - - -] 10.0.0.37 "DELETE /v2.0/trunks/28ad8a1a-879c-4772-bcb5-646930537a69/tags/green HTTP/1.1" status: 404 len: 299 time: 0.0210586
2026-07-21 07:55:46.392 10 INFO neutron.db.ovn_revision_numbers_db [None req-5672634d-b10d-4c98-a39c-3f41e3df0098 a2250870d66f436db002d2fe0c256179 dc9c784cf93f4eb6a92ecf1802fd4fa5 - - - -] Successfully bumped revision number for resource 205beb81-960a-4bd7-988e-45831de9512e (type: networks) to 1
2026-07-21 07:55:46.394 9 INFO neutron.wsgi [None req-33f87934-84af-4460-8437-226ceb575c1e 4bbdc60208cf4c629a28b22303ac15b7 8f87de85b2404eec9c33cff0453dfd51 - - - -] 10.0.0.37 "DELETE /v2.0/trunks/28ad8a1a-879c-4772-bcb5-646930537a69/tags HTTP/1.1" status: 204 len: 168 time: 0.0274942
2026-07-21 07:55:46.415 9 INFO neutron.wsgi [None req-bc03b58f-b948-4417-b8e8-cee0ee9cf180 4bbdc60208cf4c629a28b22303ac15b7 8f87de85b2404eec9c33cff0453dfd51 - - default default] 10.0.0.37 "GET /v2.0/trunks/28ad8a1a-879c-4772-bcb5-646930537a69/tags HTTP/1.1" status: 200 len: 205 time: 0.0155942
2026-07-21 07:55:46.464 9 INFO neutron.wsgi [None req-dfb8d27b-52ed-4271-9491-e5ca644bab90 4bbdc60208cf4c629a28b22303ac15b7 8f87de85b2404eec9c33cff0453dfd51 - - default default] 10.0.0.37 "GET /v2.0/trunks/28ad8a1a-879c-4772-bcb5-646930537a69 HTTP/1.1" status: 200 len: 603 time: 0.0292311
2026-07-21 07:55:46.587 9 INFO neutron.wsgi [None req-11c5b614-4448-4cea-be8d-a5df5d1e757f 4bbdc60208cf4c629a28b22303ac15b7 8f87de85b2404eec9c33cff0453dfd51 - - default default] 10.0.0.37 "GET /v2.0/ports/06a1244f-024d-4f68-9507-341ed67d1fda HTTP/1.1" status: 200 len: 1020 time: 0.1179433
2026-07-21 07:55:46.602 10 WARNING neutron.scheduler.dhcp_agent_scheduler [None req-5672634d-b10d-4c98-a39c-3f41e3df0098 a2250870d66f436db002d2fe0c256179 dc9c784cf93f4eb6a92ecf1802fd4fa5 - - - -] No more DHCP agents
2026-07-21 07:55:46.606 10 WARNING neutron.api.rpc.agentnotifiers.dhcp_rpc_agent_api [None req-5672634d-b10d-4c98-a39c-3f41e3df0098 a2250870d66f436db002d2fe0c256179 dc9c784cf93f4eb6a92ecf1802fd4fa5 - - - -] Unable to schedule network 205beb81-960a-4bd7-988e-45831de9512e: no agents available; will retry on subsequent port and subnet creation events.
2026-07-21 07:55:46.679 10 INFO neutron.db.ovn_revision_numbers_db [None req-5672634d-b10d-4c98-a39c-3f41e3df0098 a2250870d66f436db002d2fe0c256179 dc9c784cf93f4eb6a92ecf1802fd4fa5 - - - -] Successfully bumped revision number for resource 8a45f4d2-a89d-423c-b134-9453a85e35eb (type: ports) to 1
2026-07-21 07:55:46.702 10 INFO neutron.wsgi [None req-5672634d-b10d-4c98-a39c-3f41e3df0098 a2250870d66f436db002d2fe0c256179 dc9c784cf93f4eb6a92ecf1802fd4fa5 - - - -] 10.0.0.37 "POST /v2.0/networks HTTP/1.1" status: 201 len: 829 time: 0.5772507
2026-07-21 07:55:46.972 10 WARNING neutron.scheduler.dhcp_agent_scheduler [None req-b7efc28d-9bf5-455a-b20d-59409c14e1ae a2250870d66f436db002d2fe0c256179 dc9c784cf93f4eb6a92ecf1802fd4fa5 - - - -] No more DHCP agents
2026-07-21 07:55:46.975 10 WARNING neutron.api.rpc.agentnotifiers.dhcp_rpc_agent_api [None req-b7efc28d-9bf5-455a-b20d-59409c14e1ae a2250870d66f436db002d2fe0c256179 dc9c784cf93f4eb6a92ecf1802fd4fa5 - - - -] Unable to schedule network e95869a4-0279-42f3-be61-e07041c000f1: no agents available; will retry on subsequent port and subnet creation events.
2026-07-21 07:55:47.031 9 INFO neutron.wsgi [None req-95994c60-8bd4-4dc7-8fec-158ffcabfaef 4bbdc60208cf4c629a28b22303ac15b7 8f87de85b2404eec9c33cff0453dfd51 - - - -] 10.0.0.37 "DELETE /v2.0/trunks/28ad8a1a-879c-4772-bcb5-646930537a69 HTTP/1.1" status: 204 len: 168 time: 0.4378889
2026-07-21 07:55:47.536 9 INFO neutron.notifiers.nova [-] Nova event matching ['req-d0192347-1ce3-45a6-a963-f6f375785312'] response: {'name': 'network-changed', 'server_uuid': '76f32c2a-97c7-4b27-8e04-cf6afa53ca73', 'tag': 'adfc077f-f546-4bb2-b607-4ae98586173e', 'status': 'completed', 'code': 200}
2026-07-21 07:55:47.657 10 INFO neutron.wsgi [req-bb047cc0-ddfe-4238-ad97-34648e9519fc req-bf4067f0-ce24-429c-8f08-e848cb36befa 1b6a6b17dc714991a943390189061cea 9796ff7890114c13968851e69adf92a0 - - f75cd953ec1d47d48337cd8ec909d548 f75cd953ec1d47d48337cd8ec909d548] 199.19.213.199 "GET /v2.0/ports?tenant_id=d5058861c79446c3809985be0426dad6&device_id=76f32c2a-97c7-4b27-8e04-cf6afa53ca73 HTTP/1.1" status: 200 len: 1365 time: 0.0932727
2026-07-21 07:55:47.702 10 INFO neutron.wsgi [None req-01a669b0-4c56-4375-a1b9-44aa99cadae6 4bbdc60208cf4c629a28b22303ac15b7 8f87de85b2404eec9c33cff0453dfd51 - - - -] 10.0.0.37 "DELETE /v2.0/ports/06a1244f-024d-4f68-9507-341ed67d1fda HTTP/1.1" status: 204 len: 168 time: 0.6638474
2026-07-21 07:55:47.753 10 INFO neutron.wsgi [req-bb047cc0-ddfe-4238-ad97-34648e9519fc req-dbfb2cfc-1005-47ae-b510-a489a5bb1a47 1b6a6b17dc714991a943390189061cea 9796ff7890114c13968851e69adf92a0 - - f75cd953ec1d47d48337cd8ec909d548 f75cd953ec1d47d48337cd8ec909d548] 199.19.213.199 "GET /v2.0/networks?id=9bfe8c01-c938-4734-9601-2bf0338f63f1 HTTP/1.1" status: 200 len: 958 time: 0.0867641
2026-07-21 07:55:47.818 10 INFO neutron.wsgi [req-bb047cc0-ddfe-4238-ad97-34648e9519fc req-d433b937-9ac9-4661-8411-8437102bf9ca 1b6a6b17dc714991a943390189061cea 9796ff7890114c13968851e69adf92a0 - - f75cd953ec1d47d48337cd8ec909d548 f75cd953ec1d47d48337cd8ec909d548] 199.19.213.199 "GET /v2.0/floatingips?fixed_ip_address=10.100.0.13&port_id=adfc077f-f546-4bb2-b607-4ae98586173e HTTP/1.1" status: 200 len: 1060 time: 0.0561182
2026-07-21 07:55:47.868 10 INFO neutron.wsgi [req-bb047cc0-ddfe-4238-ad97-34648e9519fc req-7857863c-dccb-4ba0-a96b-b8aa091c379e 1b6a6b17dc714991a943390189061cea 9796ff7890114c13968851e69adf92a0 - - f75cd953ec1d47d48337cd8ec909d548 f75cd953ec1d47d48337cd8ec909d548] 199.19.213.199 "GET /v2.0/subnets?id=c8adfd31-2635-4c05-b5d6-eca76e764b05 HTTP/1.1" status: 200 len: 853 time: 0.0399301
2026-07-21 07:55:47.910 10 INFO neutron.wsgi [req-bb047cc0-ddfe-4238-ad97-34648e9519fc req-df0483ad-381a-4d76-acaf-dc14508d01a3 1b6a6b17dc714991a943390189061cea 9796ff7890114c13968851e69adf92a0 - - f75cd953ec1d47d48337cd8ec909d548 f75cd953ec1d47d48337cd8ec909d548] 199.19.213.199 "GET /v2.0/ports?network_id=9bfe8c01-c938-4734-9601-2bf0338f63f1&device_owner=network%3Adhcp HTTP/1.1" status: 200 len: 210 time: 0.0331268
2026-07-21 07:55:47.949 10 INFO neutron.db.ovn_revision_numbers_db [None req-b7efc28d-9bf5-455a-b20d-59409c14e1ae a2250870d66f436db002d2fe0c256179 dc9c784cf93f4eb6a92ecf1802fd4fa5 - - - -] Successfully bumped revision number for resource 7bcfebb7-d6de-4c81-a596-cd2dded8c592 (type: ports) to 2
2026-07-21 07:55:47.977 10 INFO neutron.db.ovn_revision_numbers_db [None req-b7efc28d-9bf5-455a-b20d-59409c14e1ae a2250870d66f436db002d2fe0c256179 dc9c784cf93f4eb6a92ecf1802fd4fa5 - - - -] Successfully bumped revision number for resource 3599f219-4280-43d7-8305-b6df589c371d (type: subnets) to 0
2026-07-21 07:55:47.994 10 INFO neutron.wsgi [req-bb047cc0-ddfe-4238-ad97-34648e9519fc req-b388ef83-1602-4105-a9cd-7ca56ef25419 1b6a6b17dc714991a943390189061cea 9796ff7890114c13968851e69adf92a0 - - f75cd953ec1d47d48337cd8ec909d548 f75cd953ec1d47d48337cd8ec909d548] 199.19.213.199 "GET /v2.0/networks/9bfe8c01-c938-4734-9601-2bf0338f63f1?fields=segments HTTP/1.1" status: 200 len: 212 time: 0.0724933
2026-07-21 07:55:48.003 10 INFO neutron.wsgi [None req-b7efc28d-9bf5-455a-b20d-59409c14e1ae a2250870d66f436db002d2fe0c256179 dc9c784cf93f4eb6a92ecf1802fd4fa5 - - - -] 10.0.0.37 "POST /v2.0/subnets HTTP/1.1" status: 201 len: 801 time: 1.2957985
2026-07-21 07:55:48.089 9 INFO neutron.services.segments.plugin [-] Segment 8344564f-5acb-4787-83c1-e3189e878951 resource provider aggregate not found
2026-07-21 07:55:48.093 10 INFO neutron.wsgi [req-bb047cc0-ddfe-4238-ad97-34648e9519fc req-fbaacec5-bbbc-4749-ad1e-2897d9390e6d 1b6a6b17dc714991a943390189061cea 9796ff7890114c13968851e69adf92a0 - - f75cd953ec1d47d48337cd8ec909d548 f75cd953ec1d47d48337cd8ec909d548] 199.19.213.199 "GET /v2.0/networks/9bfe8c01-c938-4734-9601-2bf0338f63f1?fields=provider%3Aphysical_network&fields=provider%3Anetwork_type HTTP/1.1" status: 200 len: 277 time: 0.0953574
2026-07-21 07:55:48.095 9 INFO neutron.services.segments.plugin [-] Segment 8344564f-5acb-4787-83c1-e3189e878951 resource provider aggregate not found
2026-07-21 07:55:48.131 9 INFO neutron.services.segments.plugin [-] Segment 8344564f-5acb-4787-83c1-e3189e878951 resource provider not found; error: Placement Client Error (4xx): {"errors": [{"status": 404, "title": "Not Found", "detail": "The resource could not be found.\n\n No resource provider with uuid 8344564f-5acb-4787-83c1-e3189e878951 found for delete ", "request_id": "req-572f2f51-f3dc-4f0d-aefb-5c12036bb03c"}]}
2026-07-21 07:55:48.132 9 INFO neutron.services.segments.plugin [-] Segment 8344564f-5acb-4787-83c1-e3189e878951 resource provider not found; error: Placement Client Error (4xx): {"errors": [{"status": 404, "title": "Not Found", "detail": "The resource could not be found.\n\n No resource provider with uuid 8344564f-5acb-4787-83c1-e3189e878951 found for delete ", "request_id": "req-e6eeb2d4-ba16-4a2c-959d-76e55f84685a"}]}
2026-07-21 07:55:48.165 9 INFO neutron.wsgi [None req-27b0648a-cbab-45fe-a7ad-41a4eaff6c9e 4bbdc60208cf4c629a28b22303ac15b7 8f87de85b2404eec9c33cff0453dfd51 - - - -] 10.0.0.37 "DELETE /v2.0/networks/634f9e0d-e058-4fac-9653-179375244257 HTTP/1.1" status: 204 len: 168 time: 0.4563940
2026-07-21 07:55:48.330 10 WARNING neutron.scheduler.dhcp_agent_scheduler [None req-7cb5349c-2605-427b-a3b8-8b1033dddab0 a2250870d66f436db002d2fe0c256179 dc9c784cf93f4eb6a92ecf1802fd4fa5 - - - -] No more DHCP agents
2026-07-21 07:55:48.334 10 WARNING neutron.api.rpc.agentnotifiers.dhcp_rpc_agent_api [None req-7cb5349c-2605-427b-a3b8-8b1033dddab0 a2250870d66f436db002d2fe0c256179 dc9c784cf93f4eb6a92ecf1802fd4fa5 - - - -] Unable to schedule network 205beb81-960a-4bd7-988e-45831de9512e: no agents available; will retry on subsequent port and subnet creation events.
2026-07-21 07:55:48.833 10 INFO neutron.db.ovn_revision_numbers_db [None req-7cb5349c-2605-427b-a3b8-8b1033dddab0 a2250870d66f436db002d2fe0c256179 dc9c784cf93f4eb6a92ecf1802fd4fa5 - - - -] Successfully bumped revision number for resource 8a45f4d2-a89d-423c-b134-9453a85e35eb (type: ports) to 2
2026-07-21 07:55:48.848 10 INFO neutron.db.ovn_revision_numbers_db [None req-7cb5349c-2605-427b-a3b8-8b1033dddab0 a2250870d66f436db002d2fe0c256179 dc9c784cf93f4eb6a92ecf1802fd4fa5 - - - -] Successfully bumped revision number for resource 55ec2018-1af5-4900-9085-88a738f016b2 (type: subnets) to 0
2026-07-21 07:55:48.865 10 INFO neutron.wsgi [None req-7cb5349c-2605-427b-a3b8-8b1033dddab0 a2250870d66f436db002d2fe0c256179 dc9c784cf93f4eb6a92ecf1802fd4fa5 - - - -] 10.0.0.37 "POST /v2.0/subnets HTTP/1.1" status: 201 len: 801 time: 0.8550513
2026-07-21 07:55:49.094 10 INFO neutron.db.ovn_revision_numbers_db [None req-f20a25ac-ee78-4ba8-aabe-dd626dd46042 a2250870d66f436db002d2fe0c256179 dc9c784cf93f4eb6a92ecf1802fd4fa5 - - - -] Successfully bumped revision number for resource dcb43033-7231-4921-bc58-ca4c66344b38 (type: routers) to 1
2026-07-21 07:55:49.113 10 INFO neutron.wsgi [None req-f20a25ac-ee78-4ba8-aabe-dd626dd46042 a2250870d66f436db002d2fe0c256179 dc9c784cf93f4eb6a92ecf1802fd4fa5 - - - -] 10.0.0.37 "POST /v2.0/routers HTTP/1.1" status: 201 len: 687 time: 0.2388918
2026-07-21 07:55:49.146 9 INFO neutron.wsgi [None req-ba938b5f-49cc-41a9-9426-310c84ef88ea c559b67c8dc14c6e9bb7fa2452ec7a44 3b5df8bf225349b0ab7bd2b1a0d2c1b1 - - default default] 10.0.0.37 "GET /v2.0/security-groups?tenant_id=8f87de85b2404eec9c33cff0453dfd51&name=default HTTP/1.1" status: 200 len: 2996 time: 0.2313769
2026-07-21 07:55:49.371 9 INFO neutron.wsgi [None req-a9ea554e-41aa-4325-9035-57722c3662cd c559b67c8dc14c6e9bb7fa2452ec7a44 3b5df8bf225349b0ab7bd2b1a0d2c1b1 - - - -] 10.0.0.37 "DELETE /v2.0/security-groups/4f232683-cfa2-41d4-adb9-69a8ca9893e7 HTTP/1.1" status: 204 len: 168 time: 0.2188578
2026-07-21 07:55:49.671 10 WARNING neutron.scheduler.dhcp_agent_scheduler [None req-52a90921-52c6-4ad5-b44f-a638f209f676 a2250870d66f436db002d2fe0c256179 dc9c784cf93f4eb6a92ecf1802fd4fa5 - - default default] No more DHCP agents
2026-07-21 07:55:49.673 10 WARNING neutron.api.rpc.agentnotifiers.dhcp_rpc_agent_api [None req-52a90921-52c6-4ad5-b44f-a638f209f676 a2250870d66f436db002d2fe0c256179 dc9c784cf93f4eb6a92ecf1802fd4fa5 - - default default] Unable to schedule network e95869a4-0279-42f3-be61-e07041c000f1: no agents available; will retry on subsequent port and subnet creation events.
2026-07-21 07:55:49.680 9 INFO neutron.db.ovn_revision_numbers_db [None req-b033db8d-24aa-45e5-baa0-9a5e7e3307fd c559b67c8dc14c6e9bb7fa2452ec7a44 3b5df8bf225349b0ab7bd2b1a0d2c1b1 - - default default] Successfully bumped revision number for resource b9139555-1bc7-4325-90a2-2e9d11dc04ff (type: security_groups) to 1
2026-07-21 07:55:49.711 9 INFO neutron.wsgi [None req-b033db8d-24aa-45e5-baa0-9a5e7e3307fd c559b67c8dc14c6e9bb7fa2452ec7a44 3b5df8bf225349b0ab7bd2b1a0d2c1b1 - - default default] 10.0.0.37 "GET /v2.0/security-groups?tenant_id=5c58900293ad4680bc9af8f5c11e5b25&name=default HTTP/1.1" status: 200 len: 2996 time: 0.1635516
2026-07-21 07:55:49.848 10 INFO neutron.db.ovn_revision_numbers_db [None req-52a90921-52c6-4ad5-b44f-a638f209f676 a2250870d66f436db002d2fe0c256179 dc9c784cf93f4eb6a92ecf1802fd4fa5 - - default default] Successfully bumped revision number for resource 6bc2e8c7-4b25-4139-a016-301530b9d392 (type: ports) to 1
2026-07-21 07:55:49.849 9 INFO neutron.db.ovn_revision_numbers_db [None req-8aff337c-6f0c-4621-a5a5-80da67dc80c1 c559b67c8dc14c6e9bb7fa2452ec7a44 3b5df8bf225349b0ab7bd2b1a0d2c1b1 - - default default] Successfully bumped revision number for resource 36e43e0a-8372-4b8b-a650-9e8e9a9127f2 (type: security_groups) to 1
2026-07-21 07:55:49.875 9 INFO neutron.wsgi [None req-8aff337c-6f0c-4621-a5a5-80da67dc80c1 c559b67c8dc14c6e9bb7fa2452ec7a44 3b5df8bf225349b0ab7bd2b1a0d2c1b1 - - default default] 10.0.0.37 "GET /v2.0/security-groups?tenant_id=0e8958fc2aca4adf9762f12a3f05fc7a&name=default HTTP/1.1" status: 200 len: 2996 time: 0.4315093
2026-07-21 07:55:50.015 10 INFO neutron.wsgi [None req-fc012f30-d3d8-4296-bc3c-cefb82750f3a c559b67c8dc14c6e9bb7fa2452ec7a44 3b5df8bf225349b0ab7bd2b1a0d2c1b1 - - - -] 10.0.0.37 "DELETE /v2.0/security-groups/b9139555-1bc7-4325-90a2-2e9d11dc04ff HTTP/1.1" status: 204 len: 168 time: 0.2806323
2026-07-21 07:55:50.062 9 INFO neutron.wsgi [None req-f6c613b5-b93a-46e7-861e-ab312fd0a9b0 c559b67c8dc14c6e9bb7fa2452ec7a44 3b5df8bf225349b0ab7bd2b1a0d2c1b1 - - - -] 10.0.0.37 "DELETE /v2.0/security-groups/36e43e0a-8372-4b8b-a650-9e8e9a9127f2 HTTP/1.1" status: 204 len: 168 time: 0.1798851
2026-07-21 07:55:50.234 10 INFO neutron.plugins.ml2.drivers.ovn.mech_driver.mech_driver [None req-0a4d5b0c-0275-45c2-92fb-518f62a388a5 - - - - - -] OVN reports status up for port: 6bc2e8c7-4b25-4139-a016-301530b9d392
2026-07-21 07:55:50.241 10 INFO neutron.plugins.ml2.plugin [None req-0a4d5b0c-0275-45c2-92fb-518f62a388a5 - - - - - -] Attempt 1 to provision port 6bc2e8c7-4b25-4139-a016-301530b9d392
2026-07-21 07:55:50.243 10 INFO neutron.db.ovn_revision_numbers_db [None req-52a90921-52c6-4ad5-b44f-a638f209f676 a2250870d66f436db002d2fe0c256179 dc9c784cf93f4eb6a92ecf1802fd4fa5 - - default default] Successfully bumped revision number for resource 6bc2e8c7-4b25-4139-a016-301530b9d392 (type: router_ports) to 2
2026-07-21 07:55:50.290 9 INFO neutron.wsgi [-] 10.0.0.151 "GET / HTTP/1.1" status: 200 len: 246 time: 0.0029640
2026-07-21 07:55:50.293 9 INFO neutron.wsgi [-] 10.0.0.151 "GET / HTTP/1.1" status: 200 len: 246 time: 0.0012746
2026-07-21 07:55:50.422 10 INFO neutron.db.ovn_revision_numbers_db [None req-52a90921-52c6-4ad5-b44f-a638f209f676 a2250870d66f436db002d2fe0c256179 dc9c784cf93f4eb6a92ecf1802fd4fa5 - - default default] Successfully bumped revision number for resource 6bc2e8c7-4b25-4139-a016-301530b9d392 (type: ports) to 2
2026-07-21 07:55:50.511 10 WARNING neutron.scheduler.dhcp_agent_scheduler [None req-52a90921-52c6-4ad5-b44f-a638f209f676 a2250870d66f436db002d2fe0c256179 dc9c784cf93f4eb6a92ecf1802fd4fa5 - - default default] No more DHCP agents
2026-07-21 07:55:50.515 10 WARNING neutron.api.rpc.agentnotifiers.dhcp_rpc_agent_api [None req-52a90921-52c6-4ad5-b44f-a638f209f676 a2250870d66f436db002d2fe0c256179 dc9c784cf93f4eb6a92ecf1802fd4fa5 - - default default] Unable to schedule network e95869a4-0279-42f3-be61-e07041c000f1: no agents available; will retry on subsequent port and subnet creation events.
2026-07-21 07:55:50.597 10 INFO neutron.db.ovn_revision_numbers_db [None req-0a4d5b0c-0275-45c2-92fb-518f62a388a5 - - - - - -] Successfully bumped revision number for resource 6bc2e8c7-4b25-4139-a016-301530b9d392 (type: ports) to 3
2026-07-21 07:55:51.063 10 INFO neutron.db.ovn_revision_numbers_db [None req-0a4d5b0c-0275-45c2-92fb-518f62a388a5 - - - - - -] Successfully bumped revision number for resource 6bc2e8c7-4b25-4139-a016-301530b9d392 (type: router_ports) to 3
2026-07-21 07:55:51.086 10 INFO neutron.db.ovn_revision_numbers_db [None req-52a90921-52c6-4ad5-b44f-a638f209f676 a2250870d66f436db002d2fe0c256179 dc9c784cf93f4eb6a92ecf1802fd4fa5 - - - -] Successfully bumped revision number for resource 6bc2e8c7-4b25-4139-a016-301530b9d392 (type: router_ports) to 3
2026-07-21 07:55:51.089 10 INFO neutron.wsgi [None req-52a90921-52c6-4ad5-b44f-a638f209f676 a2250870d66f436db002d2fe0c256179 dc9c784cf93f4eb6a92ecf1802fd4fa5 - - - -] 10.0.0.37 "PUT /v2.0/routers/dcb43033-7231-4921-bc58-ca4c66344b38/add_router_interface HTTP/1.1" status: 200 len: 503 time: 1.9646163
2026-07-21 07:55:51.187 9 INFO neutron.wsgi [None req-6aafe66d-ac08-4e32-8300-bacc8db4bad2 a2250870d66f436db002d2fe0c256179 dc9c784cf93f4eb6a92ecf1802fd4fa5 - - default default] 10.0.0.37 "GET /v2.0/ports/6bc2e8c7-4b25-4139-a016-301530b9d392 HTTP/1.1" status: 200 len: 1137 time: 0.0919557
2026-07-21 07:55:51.745 10 WARNING neutron.scheduler.dhcp_agent_scheduler [None req-166cdab0-561b-4330-86ff-5e29d4c2871a a2250870d66f436db002d2fe0c256179 dc9c784cf93f4eb6a92ecf1802fd4fa5 - - default default] No more DHCP agents
2026-07-21 07:55:51.748 10 WARNING neutron.api.rpc.agentnotifiers.dhcp_rpc_agent_api [None req-166cdab0-561b-4330-86ff-5e29d4c2871a a2250870d66f436db002d2fe0c256179 dc9c784cf93f4eb6a92ecf1802fd4fa5 - - default default] Unable to schedule network 205beb81-960a-4bd7-988e-45831de9512e: no agents available; will retry on subsequent port and subnet creation events.
2026-07-21 07:55:51.895 10 INFO neutron.db.ovn_revision_numbers_db [None req-166cdab0-561b-4330-86ff-5e29d4c2871a a2250870d66f436db002d2fe0c256179 dc9c784cf93f4eb6a92ecf1802fd4fa5 - - default default] Successfully bumped revision number for resource 6791b944-3aac-4647-8f0c-261e3eb68e55 (type: ports) to 1
2026-07-21 07:55:52.340 9 INFO neutron.plugins.ml2.drivers.ovn.mech_driver.mech_driver [None req-1096d1bb-1619-4472-9536-ac3a88dc9fbc - - - - - -] OVN reports status up for port: 6791b944-3aac-4647-8f0c-261e3eb68e55
2026-07-21 07:55:52.346 10 INFO neutron.db.ovn_revision_numbers_db [None req-166cdab0-561b-4330-86ff-5e29d4c2871a a2250870d66f436db002d2fe0c256179 dc9c784cf93f4eb6a92ecf1802fd4fa5 - - default default] Successfully bumped revision number for resource 6791b944-3aac-4647-8f0c-261e3eb68e55 (type: router_ports) to 2
2026-07-21 07:55:52.350 9 INFO neutron.plugins.ml2.plugin [None req-1096d1bb-1619-4472-9536-ac3a88dc9fbc - - - - - -] Attempt 1 to provision port 6791b944-3aac-4647-8f0c-261e3eb68e55
2026-07-21 07:55:52.466 10 INFO neutron.db.ovn_revision_numbers_db [None req-166cdab0-561b-4330-86ff-5e29d4c2871a a2250870d66f436db002d2fe0c256179 dc9c784cf93f4eb6a92ecf1802fd4fa5 - - default default] Successfully bumped revision number for resource 6791b944-3aac-4647-8f0c-261e3eb68e55 (type: ports) to 2
2026-07-21 07:55:52.539 10 WARNING neutron.scheduler.dhcp_agent_scheduler [None req-166cdab0-561b-4330-86ff-5e29d4c2871a a2250870d66f436db002d2fe0c256179 dc9c784cf93f4eb6a92ecf1802fd4fa5 - - default default] No more DHCP agents
2026-07-21 07:55:52.540 10 WARNING neutron.api.rpc.agentnotifiers.dhcp_rpc_agent_api [None req-166cdab0-561b-4330-86ff-5e29d4c2871a a2250870d66f436db002d2fe0c256179 dc9c784cf93f4eb6a92ecf1802fd4fa5 - - default default] Unable to schedule network 205beb81-960a-4bd7-988e-45831de9512e: no agents available; will retry on subsequent port and subnet creation events.
2026-07-21 07:55:52.669 9 INFO neutron.db.ovn_revision_numbers_db [None req-1096d1bb-1619-4472-9536-ac3a88dc9fbc - - - - - -] Successfully bumped revision number for resource 6791b944-3aac-4647-8f0c-261e3eb68e55 (type: ports) to 3
2026-07-21 07:55:52.746 10 INFO neutron.db.ovn_revision_numbers_db [None req-166cdab0-561b-4330-86ff-5e29d4c2871a a2250870d66f436db002d2fe0c256179 dc9c784cf93f4eb6a92ecf1802fd4fa5 - - - -] Successfully bumped revision number for resource 6791b944-3aac-4647-8f0c-261e3eb68e55 (type: router_ports) to 3
2026-07-21 07:55:52.749 10 INFO neutron.wsgi [None req-166cdab0-561b-4330-86ff-5e29d4c2871a a2250870d66f436db002d2fe0c256179 dc9c784cf93f4eb6a92ecf1802fd4fa5 - - - -] 10.0.0.37 "PUT /v2.0/routers/dcb43033-7231-4921-bc58-ca4c66344b38/add_router_interface HTTP/1.1" status: 200 len: 503 time: 1.5520003
2026-07-21 07:55:52.792 10 INFO neutron.wsgi [None req-fdc32cff-5a5f-4647-ad59-a30f19399778 a2250870d66f436db002d2fe0c256179 dc9c784cf93f4eb6a92ecf1802fd4fa5 - - default default] 10.0.0.37 "GET /v2.0/ports/6791b944-3aac-4647-8f0c-261e3eb68e55 HTTP/1.1" status: 200 len: 1137 time: 0.0372262
2026-07-21 07:55:52.836 10 INFO neutron.wsgi [None req-32b1ac49-253b-49cd-8d68-d38858b9be89 a2250870d66f436db002d2fe0c256179 dc9c784cf93f4eb6a92ecf1802fd4fa5 - - default default] 10.0.0.37 "GET /v2.0/ports/6791b944-3aac-4647-8f0c-261e3eb68e55 HTTP/1.1" status: 200 len: 1137 time: 0.0383189
2026-07-21 07:55:53.188 9 INFO neutron.wsgi [None req-dc3fbd65-0bd5-45d1-bc67-dc4e937f6d88 a532eb8ae6504d45882226b57ebca59e a0fd0299ad664b999e2ba15c4ce27cf6 - - default default] 10.0.0.228 "GET /v2.0/extensions HTTP/1.1" status: 200 len: 16525 time: 0.1333876
2026-07-21 07:55:53.355 10 INFO neutron.wsgi [None req-c749636a-09d9-424b-aa2d-434e7e6e2c34 a532eb8ae6504d45882226b57ebca59e a0fd0299ad664b999e2ba15c4ce27cf6 - - default default] 10.0.0.228 "GET /v2.0/quotas/a0fd0299ad664b999e2ba15c4ce27cf6/details HTTP/1.1" status: 200 len: 756 time: 0.1476700
2026-07-21 07:55:53.664 10 INFO neutron.wsgi [None req-c9540323-91d4-44cc-bd03-08d956f106d2 a2250870d66f436db002d2fe0c256179 dc9c784cf93f4eb6a92ecf1802fd4fa5 - - - -] 10.0.0.37 "PUT /v2.0/routers/dcb43033-7231-4921-bc58-ca4c66344b38/remove_router_interface HTTP/1.1" status: 200 len: 503 time: 0.8101897
2026-07-21 07:55:53.705 9 INFO neutron.wsgi [None req-2b1c6352-be53-4013-9ef1-885bd7e26389 a2250870d66f436db002d2fe0c256179 dc9c784cf93f4eb6a92ecf1802fd4fa5 - - default default] 10.0.0.37 "GET /v2.0/ports/6bc2e8c7-4b25-4139-a016-301530b9d392 HTTP/1.1" status: 200 len: 1137 time: 0.0337462
2026-07-21 07:55:54.544 9 INFO neutron.wsgi [None req-9933589a-f56e-415d-b2f7-458e11958bea a2250870d66f436db002d2fe0c256179 dc9c784cf93f4eb6a92ecf1802fd4fa5 - - - -] 10.0.0.37 "PUT /v2.0/routers/dcb43033-7231-4921-bc58-ca4c66344b38/remove_router_interface HTTP/1.1" status: 200 len: 503 time: 0.8328571 /var/lib/openstack/lib/python3.10/site-packages/pycadf/identifier.py:71: UserWarning: Invalid uuid: neutron. To ensure interoperability, identifiers should be a valid uuid. warnings.warn(('Invalid uuid: %s. To ensure interoperability, '
