2026-07-21 08:00:23.964 10 INFO neutron.wsgi [req-035ee309-99bb-4cd7-82b4-ffd1b86d6285 req-49d62d4f-e8af-4362-b3c0-78bf2fc9ea2b 1b6a6b17dc714991a943390189061cea 9796ff7890114c13968851e69adf92a0 - - f75cd953ec1d47d48337cd8ec909d548 f75cd953ec1d47d48337cd8ec909d548] 199.19.213.199 "GET /v2.0/ports?network_id=689084f3-87a2-40c0-b065-557529f2eeba&device_owner=network%3Adhcp HTTP/1.1" status: 200 len: 210 time: 0.0250926
2026-07-21 08:00:24.035 10 INFO neutron.wsgi [req-035ee309-99bb-4cd7-82b4-ffd1b86d6285 req-fab4668b-be7f-4e5c-88b8-b1e1fac37b6c 1b6a6b17dc714991a943390189061cea 9796ff7890114c13968851e69adf92a0 - - f75cd953ec1d47d48337cd8ec909d548 f75cd953ec1d47d48337cd8ec909d548] 199.19.213.199 "GET /v2.0/networks/689084f3-87a2-40c0-b065-557529f2eeba?fields=segments HTTP/1.1" status: 200 len: 212 time: 0.0631936
2026-07-21 08:00:24.105 10 INFO neutron.wsgi [req-035ee309-99bb-4cd7-82b4-ffd1b86d6285 req-75ab83fb-1f9e-4556-a197-1cfa812ea3bd 1b6a6b17dc714991a943390189061cea 9796ff7890114c13968851e69adf92a0 - - f75cd953ec1d47d48337cd8ec909d548 f75cd953ec1d47d48337cd8ec909d548] 199.19.213.199 "GET /v2.0/networks/689084f3-87a2-40c0-b065-557529f2eeba?fields=provider%3Aphysical_network&fields=provider%3Anetwork_type HTTP/1.1" status: 200 len: 277 time: 0.0633376
2026-07-21 08:00:28.087 9 INFO neutron.wsgi [None req-68eee3c0-dc57-4d44-ac8e-94f84c071425 c559b67c8dc14c6e9bb7fa2452ec7a44 3b5df8bf225349b0ab7bd2b1a0d2c1b1 - - default default] 10.0.0.16 "GET /v2.0/extensions/security-group HTTP/1.1" status: 200 len: 369 time: 0.0085902
2026-07-21 08:00:28.099 9 INFO neutron.wsgi [None req-f76451b1-12a0-4fb4-86c9-a4c95cb2bb65 c559b67c8dc14c6e9bb7fa2452ec7a44 3b5df8bf225349b0ab7bd2b1a0d2c1b1 - - default default] 10.0.0.16 "GET /v2.0/extensions/dns-integration HTTP/1.1" status: 200 len: 371 time: 0.0050123
2026-07-21 08:00:28.108 9 INFO neutron.wsgi [None req-3e91fc35-489e-49fb-8c84-dbf5820dad90 c559b67c8dc14c6e9bb7fa2452ec7a44 3b5df8bf225349b0ab7bd2b1a0d2c1b1 - - default default] 10.0.0.16 "GET /v2.0/extensions/qos HTTP/1.1" status: 200 len: 365 time: 0.0050361
2026-07-21 08:00:28.120 9 INFO neutron.wsgi [None req-37d8ec11-a35c-4712-b302-ddc1cfb1382f c559b67c8dc14c6e9bb7fa2452ec7a44 3b5df8bf225349b0ab7bd2b1a0d2c1b1 - - default default] 10.0.0.16 "GET /v2.0/extensions/allowed-address-pairs HTTP/1.1" status: 200 len: 383 time: 0.0061600
2026-07-21 08:00:28.461 9 INFO neutron.wsgi [-] 10.0.0.16 "GET / HTTP/1.1" status: 200 len: 284 time: 0.0030036
2026-07-21 08:00:28.514 10 INFO neutron.wsgi [None req-310f4a7b-3030-4851-9da7-2451847aab3b cf04bc3c929c4c15b038789256ccd941 b8f07b0ed8b34e50a1dfd2993e56cb93 - - default default] 10.0.0.16 "GET /v2.0/subnets/e6313246-2965-4d41-89c2-51d6d3b727c9 HTTP/1.1" status: 200 len: 831 time: 0.0451045
2026-07-21 08:00:28.968 9 INFO neutron.wsgi [None req-b692f9a7-4399-4657-9197-cc542092677b c559b67c8dc14c6e9bb7fa2452ec7a44 3b5df8bf225349b0ab7bd2b1a0d2c1b1 - - default default] 199.19.213.199 "GET /v2.0/extensions/security-group HTTP/1.1" status: 200 len: 369 time: 0.0069854
2026-07-21 08:00:28.977 9 INFO neutron.wsgi [None req-8e2ce679-fba7-482a-ab9a-9f9d434b80c5 c559b67c8dc14c6e9bb7fa2452ec7a44 3b5df8bf225349b0ab7bd2b1a0d2c1b1 - - default default] 199.19.213.199 "GET /v2.0/extensions/dns-integration HTTP/1.1" status: 200 len: 371 time: 0.0037274
2026-07-21 08:00:28.986 9 INFO neutron.wsgi [None req-6c476371-107c-4148-86cb-601a9d72fdd2 c559b67c8dc14c6e9bb7fa2452ec7a44 3b5df8bf225349b0ab7bd2b1a0d2c1b1 - - default default] 199.19.213.199 "GET /v2.0/extensions/qos HTTP/1.1" status: 200 len: 365 time: 0.0050030
2026-07-21 08:00:28.995 9 INFO neutron.wsgi [None req-a6a88228-9b73-4ca1-b841-3b9e1747a027 c559b67c8dc14c6e9bb7fa2452ec7a44 3b5df8bf225349b0ab7bd2b1a0d2c1b1 - - default default] 199.19.213.199 "GET /v2.0/extensions/allowed-address-pairs HTTP/1.1" status: 200 len: 383 time: 0.0041461
2026-07-21 08:00:29.038 9 INFO neutron.wsgi [None req-0e97bf03-569d-4c79-8041-2e2515891b14 c559b67c8dc14c6e9bb7fa2452ec7a44 3b5df8bf225349b0ab7bd2b1a0d2c1b1 - - default default] 199.19.213.199 "GET /v2.0/subnets/8d666f3f-09be-4855-a711-e041c8a95206 HTTP/1.1" status: 200 len: 848 time: 0.0383561
2026-07-21 08:00:29.074 9 INFO neutron.wsgi [None req-b7a7773f-1249-4336-a0a9-fa5a5e0bb37f c559b67c8dc14c6e9bb7fa2452ec7a44 3b5df8bf225349b0ab7bd2b1a0d2c1b1 - - default default] 199.19.213.199 "GET /v2.0/subnets/e6313246-2965-4d41-89c2-51d6d3b727c9 HTTP/1.1" status: 200 len: 849 time: 0.0296943
2026-07-21 08:00:29.113 9 INFO neutron.wsgi [None req-1286aaf4-2257-4f20-9e3a-e8b1eac09be6 c559b67c8dc14c6e9bb7fa2452ec7a44 3b5df8bf225349b0ab7bd2b1a0d2c1b1 - - default default] 199.19.213.199 "GET /v2.0/ports?device_id=5f5c2e6f-59d0-4f06-85d4-d07565a60d5f HTTP/1.1" status: 200 len: 3782 time: 0.0330446
2026-07-21 08:00:29.262 9 INFO neutron.wsgi [None req-cd0c3f5d-59a6-484c-992f-d3ccc77d1710 c559b67c8dc14c6e9bb7fa2452ec7a44 3b5df8bf225349b0ab7bd2b1a0d2c1b1 - - default default] 199.19.213.199 "GET /v2.0/extensions/security-group HTTP/1.1" status: 200 len: 369 time: 0.0084629
2026-07-21 08:00:29.273 9 INFO neutron.wsgi [None req-61a39300-de5c-4b7f-a50d-1b8cea7c4966 c559b67c8dc14c6e9bb7fa2452ec7a44 3b5df8bf225349b0ab7bd2b1a0d2c1b1 - - default default] 199.19.213.199 "GET /v2.0/extensions/dns-integration HTTP/1.1" status: 200 len: 371 time: 0.0044999
2026-07-21 08:00:29.281 9 INFO neutron.wsgi [None req-f630b9a9-bb30-4d25-8534-e29262b24dc4 c559b67c8dc14c6e9bb7fa2452ec7a44 3b5df8bf225349b0ab7bd2b1a0d2c1b1 - - default default] 199.19.213.199 "GET /v2.0/extensions/qos HTTP/1.1" status: 200 len: 365 time: 0.0045812
2026-07-21 08:00:29.291 9 INFO neutron.wsgi [None req-1347add0-75db-433a-a8af-e2e0e56233a4 c559b67c8dc14c6e9bb7fa2452ec7a44 3b5df8bf225349b0ab7bd2b1a0d2c1b1 - - default default] 199.19.213.199 "GET /v2.0/extensions/allowed-address-pairs HTTP/1.1" status: 200 len: 383 time: 0.0046856
2026-07-21 08:00:29.477 10 INFO neutron.wsgi [req-e5a6e05b-e68d-4c81-a24b-aaedc0bd0bf9 req-c4c3ac78-1484-4bd3-b798-e052ef92fd41 1b6a6b17dc714991a943390189061cea 9796ff7890114c13968851e69adf92a0 - - f75cd953ec1d47d48337cd8ec909d548 f75cd953ec1d47d48337cd8ec909d548] 199.19.213.199 "GET /v2.0/networks/ea8b2b69-5447-43e0-b3a4-19a40d6e9b38?fields=segments HTTP/1.1" status: 200 len: 212 time: 0.0752821
2026-07-21 08:00:29.549 10 INFO neutron.wsgi [req-e5a6e05b-e68d-4c81-a24b-aaedc0bd0bf9 req-2b3fd6b3-4c64-4816-ba3c-4465beefd40f 1b6a6b17dc714991a943390189061cea 9796ff7890114c13968851e69adf92a0 - - f75cd953ec1d47d48337cd8ec909d548 f75cd953ec1d47d48337cd8ec909d548] 199.19.213.199 "GET /v2.0/networks/ea8b2b69-5447-43e0-b3a4-19a40d6e9b38?fields=provider%3Aphysical_network&fields=provider%3Anetwork_type HTTP/1.1" status: 200 len: 277 time: 0.0635703
2026-07-21 08:00:29.661 10 INFO neutron.wsgi [req-e5a6e05b-e68d-4c81-a24b-aaedc0bd0bf9 req-44656227-5ae6-4e63-a422-cf616339775b c559b67c8dc14c6e9bb7fa2452ec7a44 3b5df8bf225349b0ab7bd2b1a0d2c1b1 - - default default] 199.19.213.199 "GET /v2.0/networks?id=ea8b2b69-5447-43e0-b3a4-19a40d6e9b38 HTTP/1.1" status: 200 len: 1003 time: 0.0861373
2026-07-21 08:00:30.005 10 WARNING neutron.scheduler.dhcp_agent_scheduler [None req-1440d4bd-6858-42ff-a30f-894a9d8cff42 c559b67c8dc14c6e9bb7fa2452ec7a44 3b5df8bf225349b0ab7bd2b1a0d2c1b1 - - - -] No more DHCP agents
2026-07-21 08:00:30.006 10 WARNING neutron.api.rpc.agentnotifiers.dhcp_rpc_agent_api [None req-1440d4bd-6858-42ff-a30f-894a9d8cff42 c559b67c8dc14c6e9bb7fa2452ec7a44 3b5df8bf225349b0ab7bd2b1a0d2c1b1 - - - -] Unable to schedule network ea8b2b69-5447-43e0-b3a4-19a40d6e9b38: no agents available; will retry on subsequent port and subnet creation events.
2026-07-21 08:00:30.171 10 INFO neutron.db.ovn_revision_numbers_db [None req-1440d4bd-6858-42ff-a30f-894a9d8cff42 c559b67c8dc14c6e9bb7fa2452ec7a44 3b5df8bf225349b0ab7bd2b1a0d2c1b1 - - - -] Successfully bumped revision number for resource 8012a1fe-7410-4514-978e-1512f412fca5 (type: ports) to 1
2026-07-21 08:00:30.194 10 INFO neutron.wsgi [None req-1440d4bd-6858-42ff-a30f-894a9d8cff42 c559b67c8dc14c6e9bb7fa2452ec7a44 3b5df8bf225349b0ab7bd2b1a0d2c1b1 - - - -] 199.19.213.199 "POST /v2.0/ports HTTP/1.1" status: 201 len: 1508 time: 0.5268927 /var/lib/openstack/lib/python3.10/site-packages/pycadf/identifier.py:71: UserWarning: Invalid uuid: neutron. To ensure interoperability, identifiers should be a valid uuid. warnings.warn(('Invalid uuid: %s. To ensure interoperability, '
2026-07-21 08:00:30.679 10 INFO neutron.db.ovn_revision_numbers_db [None req-8555e17b-34d9-4368-83d7-f55cdc4b3b5c 1b6a6b17dc714991a943390189061cea 9796ff7890114c13968851e69adf92a0 - - - -] Successfully bumped revision number for resource 8012a1fe-7410-4514-978e-1512f412fca5 (type: ports) to 2
2026-07-21 08:00:30.864 10 INFO neutron.db.ovn_revision_numbers_db [None req-8555e17b-34d9-4368-83d7-f55cdc4b3b5c 1b6a6b17dc714991a943390189061cea 9796ff7890114c13968851e69adf92a0 - - - -] Successfully bumped revision number for resource 8012a1fe-7410-4514-978e-1512f412fca5 (type: ports) to 2
2026-07-21 08:00:30.880 10 INFO neutron.wsgi [None req-8555e17b-34d9-4368-83d7-f55cdc4b3b5c 1b6a6b17dc714991a943390189061cea 9796ff7890114c13968851e69adf92a0 - - - -] 199.19.213.199 "PUT /v2.0/ports/8012a1fe-7410-4514-978e-1512f412fca5 HTTP/1.1" status: 200 len: 1557 time: 0.6784570 /var/lib/openstack/lib/python3.10/site-packages/pycadf/identifier.py:71: UserWarning: Invalid uuid: neutron. To ensure interoperability, identifiers should be a valid uuid. warnings.warn(('Invalid uuid: %s. To ensure interoperability, '
2026-07-21 08:00:30.935 10 INFO neutron.notifiers.nova [-] Nova event matching ['req-d430f12d-96c1-4dd2-9e48-6872cf17138c'] response: {'name': 'network-changed', 'server_uuid': '5f5c2e6f-59d0-4f06-85d4-d07565a60d5f', 'tag': '8012a1fe-7410-4514-978e-1512f412fca5', 'status': 'completed', 'code': 200}
2026-07-21 08:00:30.972 10 INFO neutron.wsgi [req-e5a6e05b-e68d-4c81-a24b-aaedc0bd0bf9 req-f653fcf6-9cca-4dbe-99a0-8098c39316a3 1b6a6b17dc714991a943390189061cea 9796ff7890114c13968851e69adf92a0 - - f75cd953ec1d47d48337cd8ec909d548 f75cd953ec1d47d48337cd8ec909d548] 199.19.213.199 "GET /v2.0/ports?tenant_id=3b5df8bf225349b0ab7bd2b1a0d2c1b1&device_id=5f5c2e6f-59d0-4f06-85d4-d07565a60d5f HTTP/1.1" status: 200 len: 5159 time: 0.0525386
2026-07-21 08:00:31.012 10 INFO neutron.wsgi [req-e5a6e05b-e68d-4c81-a24b-aaedc0bd0bf9 req-9fed27d4-d341-44a9-b8cb-950facf49742 1b6a6b17dc714991a943390189061cea 9796ff7890114c13968851e69adf92a0 - - f75cd953ec1d47d48337cd8ec909d548 f75cd953ec1d47d48337cd8ec909d548] 199.19.213.199 "GET /v2.0/floatingips?fixed_ip_address=172.24.2.188&port_id=d1b40e0e-0d02-483a-b2c0-e99701d92ffc HTTP/1.1" status: 200 len: 217 time: 0.0301514
2026-07-21 08:00:31.060 10 INFO neutron.wsgi [req-e5a6e05b-e68d-4c81-a24b-aaedc0bd0bf9 req-84bcccce-4b08-4160-b882-592aeb6512f3 1b6a6b17dc714991a943390189061cea 9796ff7890114c13968851e69adf92a0 - - f75cd953ec1d47d48337cd8ec909d548 f75cd953ec1d47d48337cd8ec909d548] 199.19.213.199 "GET /v2.0/subnets?id=8e35f31e-9422-429c-bffe-87a42a246755 HTTP/1.1" status: 200 len: 829 time: 0.0411160
2026-07-21 08:00:31.092 10 INFO neutron.wsgi [req-e5a6e05b-e68d-4c81-a24b-aaedc0bd0bf9 req-4448e6f2-4c25-4efc-8c5c-6b85a0a87a55 1b6a6b17dc714991a943390189061cea 9796ff7890114c13968851e69adf92a0 - - f75cd953ec1d47d48337cd8ec909d548 f75cd953ec1d47d48337cd8ec909d548] 199.19.213.199 "GET /v2.0/ports?network_id=1439e38b-a092-4726-8c7f-09e60c502091&device_owner=network%3Adhcp HTTP/1.1" status: 200 len: 210 time: 0.0222642
2026-07-21 08:00:31.161 10 INFO neutron.wsgi [req-e5a6e05b-e68d-4c81-a24b-aaedc0bd0bf9 req-e7502fbf-052f-449a-a9b1-ea930244e03a 1b6a6b17dc714991a943390189061cea 9796ff7890114c13968851e69adf92a0 - - f75cd953ec1d47d48337cd8ec909d548 f75cd953ec1d47d48337cd8ec909d548] 199.19.213.199 "GET /v2.0/networks/1439e38b-a092-4726-8c7f-09e60c502091?fields=segments HTTP/1.1" status: 200 len: 212 time: 0.0632327
2026-07-21 08:00:31.256 10 INFO neutron.wsgi [req-e5a6e05b-e68d-4c81-a24b-aaedc0bd0bf9 req-043c1435-aedd-4e34-b7d6-352b14eef2bc 1b6a6b17dc714991a943390189061cea 9796ff7890114c13968851e69adf92a0 - - f75cd953ec1d47d48337cd8ec909d548 f75cd953ec1d47d48337cd8ec909d548] 199.19.213.199 "GET /v2.0/networks/1439e38b-a092-4726-8c7f-09e60c502091?fields=provider%3Aphysical_network&fields=provider%3Anetwork_type HTTP/1.1" status: 200 len: 277 time: 0.0855529
2026-07-21 08:00:31.297 10 INFO neutron.wsgi [req-e5a6e05b-e68d-4c81-a24b-aaedc0bd0bf9 req-3033f256-7d6d-4787-bdcb-8ec4b3bc93ae 1b6a6b17dc714991a943390189061cea 9796ff7890114c13968851e69adf92a0 - - f75cd953ec1d47d48337cd8ec909d548 f75cd953ec1d47d48337cd8ec909d548] 199.19.213.199 "GET /v2.0/floatingips?fixed_ip_address=10.1.1.240&port_id=41796453-9e57-4d45-8b88-1b390c78d12e HTTP/1.1" status: 200 len: 217 time: 0.0318875
2026-07-21 08:00:31.353 10 INFO neutron.wsgi [req-e5a6e05b-e68d-4c81-a24b-aaedc0bd0bf9 req-0e772598-6940-437b-b672-888115634055 1b6a6b17dc714991a943390189061cea 9796ff7890114c13968851e69adf92a0 - - f75cd953ec1d47d48337cd8ec909d548 f75cd953ec1d47d48337cd8ec909d548] 199.19.213.199 "GET /v2.0/subnets?id=d7e0b250-5377-4640-91a1-e3e9819efb73 HTTP/1.1" status: 200 len: 854 time: 0.0481665
2026-07-21 08:00:31.387 10 INFO neutron.wsgi [req-e5a6e05b-e68d-4c81-a24b-aaedc0bd0bf9 req-db1bf10b-d839-4d6f-b6c2-e29f6418d6f2 1b6a6b17dc714991a943390189061cea 9796ff7890114c13968851e69adf92a0 - - f75cd953ec1d47d48337cd8ec909d548 f75cd953ec1d47d48337cd8ec909d548] 199.19.213.199 "GET /v2.0/ports?network_id=82ca2ee3-8abc-4173-905a-2b7a4dd4e601&device_owner=network%3Adhcp HTTP/1.1" status: 200 len: 210 time: 0.0275075
2026-07-21 08:00:31.476 10 INFO neutron.wsgi [req-e5a6e05b-e68d-4c81-a24b-aaedc0bd0bf9 req-a7987e42-84e6-4321-bf3d-a58f2279a81c 1b6a6b17dc714991a943390189061cea 9796ff7890114c13968851e69adf92a0 - - f75cd953ec1d47d48337cd8ec909d548 f75cd953ec1d47d48337cd8ec909d548] 199.19.213.199 "GET /v2.0/networks/82ca2ee3-8abc-4173-905a-2b7a4dd4e601?fields=segments HTTP/1.1" status: 200 len: 212 time: 0.0810146
2026-07-21 08:00:31.550 10 INFO neutron.wsgi [req-e5a6e05b-e68d-4c81-a24b-aaedc0bd0bf9 req-526cbe9e-76de-459a-b0f5-0aceece72afd 1b6a6b17dc714991a943390189061cea 9796ff7890114c13968851e69adf92a0 - - f75cd953ec1d47d48337cd8ec909d548 f75cd953ec1d47d48337cd8ec909d548] 199.19.213.199 "GET /v2.0/networks/82ca2ee3-8abc-4173-905a-2b7a4dd4e601?fields=provider%3Aphysical_network&fields=provider%3Anetwork_type HTTP/1.1" status: 200 len: 277 time: 0.0651295
2026-07-21 08:00:31.600 10 INFO neutron.wsgi [req-e5a6e05b-e68d-4c81-a24b-aaedc0bd0bf9 req-ca6d4e79-84f6-4aaf-a596-228c02c646cb 1b6a6b17dc714991a943390189061cea 9796ff7890114c13968851e69adf92a0 - - f75cd953ec1d47d48337cd8ec909d548 f75cd953ec1d47d48337cd8ec909d548] 199.19.213.199 "GET /v2.0/floatingips?fixed_ip_address=10.2.1.183&port_id=3b6c4134-ac6e-4943-8fbf-960d7728138d HTTP/1.1" status: 200 len: 217 time: 0.0404444
2026-07-21 08:00:32.093 10 INFO neutron.wsgi [req-e5a6e05b-e68d-4c81-a24b-aaedc0bd0bf9 req-71e370b1-dc8c-49a3-b953-18d26af3490a 1b6a6b17dc714991a943390189061cea 9796ff7890114c13968851e69adf92a0 - - f75cd953ec1d47d48337cd8ec909d548 f75cd953ec1d47d48337cd8ec909d548] 199.19.213.199 "GET /v2.0/subnets?id=8d666f3f-09be-4855-a711-e041c8a95206 HTTP/1.1" status: 200 len: 851 time: 0.4869902
2026-07-21 08:00:32.122 10 INFO neutron.wsgi [req-e5a6e05b-e68d-4c81-a24b-aaedc0bd0bf9 req-89b49cbc-567f-4b66-8baa-c835bae15d1d 1b6a6b17dc714991a943390189061cea 9796ff7890114c13968851e69adf92a0 - - f75cd953ec1d47d48337cd8ec909d548 f75cd953ec1d47d48337cd8ec909d548] 199.19.213.199 "GET /v2.0/ports?network_id=689084f3-87a2-40c0-b065-557529f2eeba&device_owner=network%3Adhcp HTTP/1.1" status: 200 len: 210 time: 0.0219746
2026-07-21 08:00:32.211 10 INFO neutron.wsgi [req-e5a6e05b-e68d-4c81-a24b-aaedc0bd0bf9 req-5f008cdc-2c15-428a-a35d-a7acf1411f78 1b6a6b17dc714991a943390189061cea 9796ff7890114c13968851e69adf92a0 - - f75cd953ec1d47d48337cd8ec909d548 f75cd953ec1d47d48337cd8ec909d548] 199.19.213.199 "GET /v2.0/networks/689084f3-87a2-40c0-b065-557529f2eeba?fields=segments HTTP/1.1" status: 200 len: 212 time: 0.0823331
2026-07-21 08:00:32.279 10 INFO neutron.wsgi [req-e5a6e05b-e68d-4c81-a24b-aaedc0bd0bf9 req-de850189-4a32-4803-bd22-dd099b9563be 1b6a6b17dc714991a943390189061cea 9796ff7890114c13968851e69adf92a0 - - f75cd953ec1d47d48337cd8ec909d548 f75cd953ec1d47d48337cd8ec909d548] 199.19.213.199 "GET /v2.0/networks/689084f3-87a2-40c0-b065-557529f2eeba?fields=provider%3Aphysical_network&fields=provider%3Anetwork_type HTTP/1.1" status: 200 len: 277 time: 0.0624282
2026-07-21 08:00:32.320 10 INFO neutron.wsgi [req-e5a6e05b-e68d-4c81-a24b-aaedc0bd0bf9 req-4dbd20c5-7661-4537-9566-524f792a5841 1b6a6b17dc714991a943390189061cea 9796ff7890114c13968851e69adf92a0 - - f75cd953ec1d47d48337cd8ec909d548 f75cd953ec1d47d48337cd8ec909d548] 199.19.213.199 "GET /v2.0/floatingips?fixed_ip_address=10.2.2.31&port_id=8012a1fe-7410-4514-978e-1512f412fca5 HTTP/1.1" status: 200 len: 217 time: 0.0305483
2026-07-21 08:00:32.346 10 INFO neutron.wsgi [req-e5a6e05b-e68d-4c81-a24b-aaedc0bd0bf9 req-d1480ce6-a9d6-48bf-9dc3-ed7a29ff6b78 1b6a6b17dc714991a943390189061cea 9796ff7890114c13968851e69adf92a0 - - f75cd953ec1d47d48337cd8ec909d548 f75cd953ec1d47d48337cd8ec909d548] 199.19.213.199 "GET /v2.0/floatingips?fixed_ip_address=fd77%3A1457%3A4cf0%3A26a8%3A%3A374&port_id=8012a1fe-7410-4514-978e-1512f412fca5 HTTP/1.1" status: 200 len: 217 time: 0.0215838
2026-07-21 08:00:32.389 10 INFO neutron.wsgi [req-e5a6e05b-e68d-4c81-a24b-aaedc0bd0bf9 req-393e13b6-3859-433f-aa3e-07f0ce93575b 1b6a6b17dc714991a943390189061cea 9796ff7890114c13968851e69adf92a0 - - f75cd953ec1d47d48337cd8ec909d548 f75cd953ec1d47d48337cd8ec909d548] 199.19.213.199 "GET /v2.0/subnets?id=4456aa4c-2684-45a4-b709-dad3b7e8bce1&id=e6313246-2965-4d41-89c2-51d6d3b727c9 HTTP/1.1" status: 200 len: 1567 time: 0.0350246
2026-07-21 08:00:32.443 10 INFO neutron.wsgi [req-e5a6e05b-e68d-4c81-a24b-aaedc0bd0bf9 req-39ee1404-9a53-4a03-9ef2-eee2a883d3fa 1b6a6b17dc714991a943390189061cea 9796ff7890114c13968851e69adf92a0 - - f75cd953ec1d47d48337cd8ec909d548 f75cd953ec1d47d48337cd8ec909d548] 199.19.213.199 "GET /v2.0/ports?network_id=ea8b2b69-5447-43e0-b3a4-19a40d6e9b38&device_owner=network%3Adhcp HTTP/1.1" status: 200 len: 210 time: 0.0481317
2026-07-21 08:00:32.481 10 INFO neutron.wsgi [req-e5a6e05b-e68d-4c81-a24b-aaedc0bd0bf9 req-5d0f382e-d945-4088-92ba-93de7ba30a90 1b6a6b17dc714991a943390189061cea 9796ff7890114c13968851e69adf92a0 - - f75cd953ec1d47d48337cd8ec909d548 f75cd953ec1d47d48337cd8ec909d548] 199.19.213.199 "GET /v2.0/ports?network_id=ea8b2b69-5447-43e0-b3a4-19a40d6e9b38&device_owner=network%3Adhcp HTTP/1.1" status: 200 len: 210 time: 0.0311575
2026-07-21 08:00:32.554 10 INFO neutron.wsgi [req-e5a6e05b-e68d-4c81-a24b-aaedc0bd0bf9 req-4e5a97ec-04a9-4854-b0e0-58253280d860 1b6a6b17dc714991a943390189061cea 9796ff7890114c13968851e69adf92a0 - - f75cd953ec1d47d48337cd8ec909d548 f75cd953ec1d47d48337cd8ec909d548] 199.19.213.199 "GET /v2.0/networks/ea8b2b69-5447-43e0-b3a4-19a40d6e9b38?fields=segments HTTP/1.1" status: 200 len: 212 time: 0.0644717
2026-07-21 08:00:32.643 10 INFO neutron.wsgi [req-e5a6e05b-e68d-4c81-a24b-aaedc0bd0bf9 req-83191e20-8c1d-4442-aca9-8703e2576846 1b6a6b17dc714991a943390189061cea 9796ff7890114c13968851e69adf92a0 - - f75cd953ec1d47d48337cd8ec909d548 f75cd953ec1d47d48337cd8ec909d548] 199.19.213.199 "GET /v2.0/networks/ea8b2b69-5447-43e0-b3a4-19a40d6e9b38?fields=provider%3Aphysical_network&fields=provider%3Anetwork_type HTTP/1.1" status: 200 len: 277 time: 0.0787263
2026-07-21 08:00:32.741 10 INFO neutron.wsgi [req-f9f1e200-e706-4670-9c84-b2ee39344c25 req-32156818-7c24-48aa-8105-cb914ddbf753 1b6a6b17dc714991a943390189061cea 9796ff7890114c13968851e69adf92a0 - - f75cd953ec1d47d48337cd8ec909d548 f75cd953ec1d47d48337cd8ec909d548] 199.19.213.199 "GET /v2.0/ports?tenant_id=3b5df8bf225349b0ab7bd2b1a0d2c1b1&device_id=5f5c2e6f-59d0-4f06-85d4-d07565a60d5f HTTP/1.1" status: 200 len: 5159 time: 0.0428452
2026-07-21 08:00:32.753 9 INFO neutron.plugins.ml2.drivers.ovn.mech_driver.mech_driver [None req-1096d1bb-1619-4472-9536-ac3a88dc9fbc - - - - - -] OVN reports status up for port: 8012a1fe-7410-4514-978e-1512f412fca5
2026-07-21 08:00:32.776 9 INFO neutron.plugins.ml2.plugin [None req-1096d1bb-1619-4472-9536-ac3a88dc9fbc - - - - - -] Attempt 1 to provision port 8012a1fe-7410-4514-978e-1512f412fca5
2026-07-21 08:00:32.827 10 INFO neutron.wsgi [req-f9f1e200-e706-4670-9c84-b2ee39344c25 req-6f2ffbc6-8e19-4224-8c9e-44a676a0d43d 1b6a6b17dc714991a943390189061cea 9796ff7890114c13968851e69adf92a0 - - f75cd953ec1d47d48337cd8ec909d548 f75cd953ec1d47d48337cd8ec909d548] 199.19.213.199 "GET /v2.0/networks?id=ea8b2b69-5447-43e0-b3a4-19a40d6e9b38 HTTP/1.1" status: 200 len: 1003 time: 0.0754466
2026-07-21 08:00:32.865 10 INFO neutron.wsgi [req-f9f1e200-e706-4670-9c84-b2ee39344c25 req-eabbca36-4c31-4d68-b6de-04737d9ebdeb 1b6a6b17dc714991a943390189061cea 9796ff7890114c13968851e69adf92a0 - - f75cd953ec1d47d48337cd8ec909d548 f75cd953ec1d47d48337cd8ec909d548] 199.19.213.199 "GET /v2.0/floatingips?fixed_ip_address=10.2.2.31&port_id=8012a1fe-7410-4514-978e-1512f412fca5 HTTP/1.1" status: 200 len: 217 time: 0.0304565
2026-07-21 08:00:32.904 10 INFO neutron.wsgi [req-f9f1e200-e706-4670-9c84-b2ee39344c25 req-1550778e-c852-4afc-8b3d-ec0541c1923f 1b6a6b17dc714991a943390189061cea 9796ff7890114c13968851e69adf92a0 - - f75cd953ec1d47d48337cd8ec909d548 f75cd953ec1d47d48337cd8ec909d548] 199.19.213.199 "GET /v2.0/floatingips?fixed_ip_address=fd77%3A1457%3A4cf0%3A26a8%3A%3A374&port_id=8012a1fe-7410-4514-978e-1512f412fca5 HTTP/1.1" status: 200 len: 217 time: 0.0303686
2026-07-21 08:00:32.929 9 INFO neutron.notifiers.nova [-] Nova event matching ['req-b9cb7d2d-748e-446a-9789-a3ed0f6a6f07'] response: {'server_uuid': '5f5c2e6f-59d0-4f06-85d4-d07565a60d5f', 'name': 'network-vif-plugged', 'status': 'completed', 'tag': '8012a1fe-7410-4514-978e-1512f412fca5', 'code': 200}
2026-07-21 08:00:32.957 10 INFO neutron.wsgi [req-f9f1e200-e706-4670-9c84-b2ee39344c25 req-d4476bd5-1ffa-4cca-aa14-e1baa01b2b8a 1b6a6b17dc714991a943390189061cea 9796ff7890114c13968851e69adf92a0 - - f75cd953ec1d47d48337cd8ec909d548 f75cd953ec1d47d48337cd8ec909d548] 199.19.213.199 "GET /v2.0/subnets?id=4456aa4c-2684-45a4-b709-dad3b7e8bce1&id=e6313246-2965-4d41-89c2-51d6d3b727c9 HTTP/1.1" status: 200 len: 1567 time: 0.0476074
2026-07-21 08:00:32.964 10 INFO neutron.wsgi [req-e5a6e05b-e68d-4c81-a24b-aaedc0bd0bf9 req-1f099114-c6d5-4278-b320-a5f014d3b9ff c559b67c8dc14c6e9bb7fa2452ec7a44 3b5df8bf225349b0ab7bd2b1a0d2c1b1 - - default default] 10.0.0.176 "GET /v2.0/ports/8012a1fe-7410-4514-978e-1512f412fca5 HTTP/1.1" status: 200 len: 1587 time: 0.0302536
2026-07-21 08:00:32.986 10 INFO neutron.wsgi [req-f9f1e200-e706-4670-9c84-b2ee39344c25 req-6d2385b2-8375-4b88-ae7d-973c227f5971 1b6a6b17dc714991a943390189061cea 9796ff7890114c13968851e69adf92a0 - - f75cd953ec1d47d48337cd8ec909d548 f75cd953ec1d47d48337cd8ec909d548] 199.19.213.199 "GET /v2.0/ports?network_id=ea8b2b69-5447-43e0-b3a4-19a40d6e9b38&device_owner=network%3Adhcp HTTP/1.1" status: 200 len: 210 time: 0.0223439
2026-07-21 08:00:33.018 10 INFO neutron.wsgi [req-f9f1e200-e706-4670-9c84-b2ee39344c25 req-b4019f77-66e2-4384-9178-dd9a28c95f22 1b6a6b17dc714991a943390189061cea 9796ff7890114c13968851e69adf92a0 - - f75cd953ec1d47d48337cd8ec909d548 f75cd953ec1d47d48337cd8ec909d548] 199.19.213.199 "GET /v2.0/ports?network_id=ea8b2b69-5447-43e0-b3a4-19a40d6e9b38&device_owner=network%3Adhcp HTTP/1.1" status: 200 len: 210 time: 0.0248852
2026-07-21 08:00:33.019 9 INFO neutron.wsgi [None req-0fd6ce1c-87cd-4a1d-94fa-861a931a7e91 c559b67c8dc14c6e9bb7fa2452ec7a44 3b5df8bf225349b0ab7bd2b1a0d2c1b1 - - default default] 199.19.213.199 "GET /v2.0/ports/8012a1fe-7410-4514-978e-1512f412fca5 HTTP/1.1" status: 200 len: 1587 time: 0.0406535
2026-07-21 08:00:33.060 9 INFO neutron.wsgi [None req-d7eeeb19-1da5-46d9-bb72-7f6ab19f158d c559b67c8dc14c6e9bb7fa2452ec7a44 3b5df8bf225349b0ab7bd2b1a0d2c1b1 - - default default] 199.19.213.199 "GET /v2.0/ports/8012a1fe-7410-4514-978e-1512f412fca5 HTTP/1.1" status: 200 len: 1587 time: 0.0337019
2026-07-21 08:00:33.091 10 INFO neutron.wsgi [req-f9f1e200-e706-4670-9c84-b2ee39344c25 req-89378633-1e0e-44fd-9906-9f736db24ea9 1b6a6b17dc714991a943390189061cea 9796ff7890114c13968851e69adf92a0 - - f75cd953ec1d47d48337cd8ec909d548 f75cd953ec1d47d48337cd8ec909d548] 199.19.213.199 "GET /v2.0/networks/ea8b2b69-5447-43e0-b3a4-19a40d6e9b38?fields=segments HTTP/1.1" status: 200 len: 212 time: 0.0608017
2026-07-21 08:00:33.156 9 INFO neutron.db.ovn_revision_numbers_db [None req-1096d1bb-1619-4472-9536-ac3a88dc9fbc - - - - - -] Successfully bumped revision number for resource 8012a1fe-7410-4514-978e-1512f412fca5 (type: ports) to 4
2026-07-21 08:00:33.172 10 INFO neutron.wsgi [req-73b0a3e0-193f-4edb-a62b-a60c99e4724c req-d256f328-6e8e-442b-9d43-f086eb7744be 1b6a6b17dc714991a943390189061cea 9796ff7890114c13968851e69adf92a0 - - f75cd953ec1d47d48337cd8ec909d548 f75cd953ec1d47d48337cd8ec909d548] 199.19.213.199 "GET /v2.0/ports?device_id=e4c823e1-b35d-46d4-a9cb-44c273dba402&fields=binding%3Ahost_id&fields=binding%3Avif_type HTTP/1.1" status: 200 len: 265 time: 0.0626569
2026-07-21 08:00:33.204 10 INFO neutron.wsgi [req-f9f1e200-e706-4670-9c84-b2ee39344c25 req-7161e30d-469e-449f-a0b7-0002dc3c3468 1b6a6b17dc714991a943390189061cea 9796ff7890114c13968851e69adf92a0 - - f75cd953ec1d47d48337cd8ec909d548 f75cd953ec1d47d48337cd8ec909d548] 199.19.213.199 "GET /v2.0/networks/ea8b2b69-5447-43e0-b3a4-19a40d6e9b38?fields=provider%3Aphysical_network&fields=provider%3Anetwork_type HTTP/1.1" status: 200 len: 277 time: 0.1056066
2026-07-21 08:00:33.268 10 INFO neutron.wsgi [req-73b0a3e0-193f-4edb-a62b-a60c99e4724c req-c9a638ab-573a-48d0-8d90-ebcbe4511697 1b6a6b17dc714991a943390189061cea 9796ff7890114c13968851e69adf92a0 - - f75cd953ec1d47d48337cd8ec909d548 f75cd953ec1d47d48337cd8ec909d548] 199.19.213.199 "GET /v2.0/ports?tenant_id=b8f07b0ed8b34e50a1dfd2993e56cb93&device_id=e4c823e1-b35d-46d4-a9cb-44c273dba402 HTTP/1.1" status: 200 len: 1590 time: 0.0528491
2026-07-21 08:00:33.362 10 INFO neutron.wsgi [req-73b0a3e0-193f-4edb-a62b-a60c99e4724c req-427632a4-9933-4357-929a-bcc636be95b4 1b6a6b17dc714991a943390189061cea 9796ff7890114c13968851e69adf92a0 - - f75cd953ec1d47d48337cd8ec909d548 f75cd953ec1d47d48337cd8ec909d548] 199.19.213.199 "GET /v2.0/networks?id=689084f3-87a2-40c0-b065-557529f2eeba HTTP/1.1" status: 200 len: 1002 time: 0.0753989
2026-07-21 08:00:33.415 10 INFO neutron.wsgi [req-73b0a3e0-193f-4edb-a62b-a60c99e4724c req-d46902a0-8e26-43cc-81a5-a355e9ff6aad 1b6a6b17dc714991a943390189061cea 9796ff7890114c13968851e69adf92a0 - - f75cd953ec1d47d48337cd8ec909d548 f75cd953ec1d47d48337cd8ec909d548] 199.19.213.199 "GET /v2.0/floatingips?fixed_ip_address=10.2.1.124&port_id=3ce9a16b-59d7-47fc-988e-d990245b7c90 HTTP/1.1" status: 200 len: 1059 time: 0.0441425
2026-07-21 08:00:33.450 10 INFO neutron.wsgi [req-73b0a3e0-193f-4edb-a62b-a60c99e4724c req-9ac2a892-0b16-445f-96ea-328dea9dbf67 1b6a6b17dc714991a943390189061cea 9796ff7890114c13968851e69adf92a0 - - f75cd953ec1d47d48337cd8ec909d548 f75cd953ec1d47d48337cd8ec909d548] 199.19.213.199 "GET /v2.0/floatingips?fixed_ip_address=fd7b%3Af9f7%3Afff%3A4eca%3A%3A246&port_id=3ce9a16b-59d7-47fc-988e-d990245b7c90 HTTP/1.1" status: 200 len: 217 time: 0.0289605
2026-07-21 08:00:33.502 10 INFO neutron.wsgi [req-73b0a3e0-193f-4edb-a62b-a60c99e4724c req-e1c03cf1-f475-4a22-b299-bce85029286a 1b6a6b17dc714991a943390189061cea 9796ff7890114c13968851e69adf92a0 - - f75cd953ec1d47d48337cd8ec909d548 f75cd953ec1d47d48337cd8ec909d548] 199.19.213.199 "GET /v2.0/subnets?id=8d666f3f-09be-4855-a711-e041c8a95206&id=9a2b17c2-c138-4729-ac2c-d5b113581d9b HTTP/1.1" status: 200 len: 1561 time: 0.0442269
2026-07-21 08:00:33.554 10 INFO neutron.wsgi [req-73b0a3e0-193f-4edb-a62b-a60c99e4724c req-1ba7b5fe-84eb-45ce-b61c-6b2102aac099 1b6a6b17dc714991a943390189061cea 9796ff7890114c13968851e69adf92a0 - - f75cd953ec1d47d48337cd8ec909d548 f75cd953ec1d47d48337cd8ec909d548] 199.19.213.199 "GET /v2.0/ports?network_id=689084f3-87a2-40c0-b065-557529f2eeba&device_owner=network%3Adhcp HTTP/1.1" status: 200 len: 210 time: 0.0418143
2026-07-21 08:00:33.597 10 INFO neutron.wsgi [req-73b0a3e0-193f-4edb-a62b-a60c99e4724c req-2b82faec-aed6-4408-a551-1afceb035ddf 1b6a6b17dc714991a943390189061cea 9796ff7890114c13968851e69adf92a0 - - f75cd953ec1d47d48337cd8ec909d548 f75cd953ec1d47d48337cd8ec909d548] 199.19.213.199 "GET /v2.0/ports?network_id=689084f3-87a2-40c0-b065-557529f2eeba&device_owner=network%3Adhcp HTTP/1.1" status: 200 len: 210 time: 0.0317230
2026-07-21 08:00:33.612 9 INFO neutron.db.ovn_revision_numbers_db [None req-4e672961-4f07-4554-b5b9-a744382092f8 c559b67c8dc14c6e9bb7fa2452ec7a44 3b5df8bf225349b0ab7bd2b1a0d2c1b1 - - - -] Successfully bumped revision number for resource 8012a1fe-7410-4514-978e-1512f412fca5 (type: ports) to 5
2026-07-21 08:00:33.627 9 INFO neutron.wsgi [None req-4e672961-4f07-4554-b5b9-a744382092f8 c559b67c8dc14c6e9bb7fa2452ec7a44 3b5df8bf225349b0ab7bd2b1a0d2c1b1 - - - -] 199.19.213.199 "PUT /v2.0/ports/8012a1fe-7410-4514-978e-1512f412fca5 HTTP/1.1" status: 200 len: 1326 time: 0.5588706 /var/lib/openstack/lib/python3.10/site-packages/pycadf/identifier.py:71: UserWarning: Invalid uuid: neutron. To ensure interoperability, identifiers should be a valid uuid. warnings.warn(('Invalid uuid: %s. To ensure interoperability, '
2026-07-21 08:00:33.668 10 INFO neutron.wsgi [req-73b0a3e0-193f-4edb-a62b-a60c99e4724c req-5624cd7f-da3e-409a-a3e7-511be41c3c1b 1b6a6b17dc714991a943390189061cea 9796ff7890114c13968851e69adf92a0 - - f75cd953ec1d47d48337cd8ec909d548 f75cd953ec1d47d48337cd8ec909d548] 199.19.213.199 "GET /v2.0/networks/689084f3-87a2-40c0-b065-557529f2eeba?fields=segments HTTP/1.1" status: 200 len: 212 time: 0.0644858
2026-07-21 08:00:33.721 9 INFO neutron.wsgi [None req-4dd7cbd9-21df-4733-9490-7cfa271baa26 c559b67c8dc14c6e9bb7fa2452ec7a44 3b5df8bf225349b0ab7bd2b1a0d2c1b1 - - default default] 199.19.213.199 "GET /v2.0/networks/ea8b2b69-5447-43e0-b3a4-19a40d6e9b38 HTTP/1.1" status: 200 len: 1000 time: 0.0907898
2026-07-21 08:00:33.742 10 INFO neutron.wsgi [req-73b0a3e0-193f-4edb-a62b-a60c99e4724c req-3750b48f-7281-46a9-ad1c-be05947b56bd 1b6a6b17dc714991a943390189061cea 9796ff7890114c13968851e69adf92a0 - - f75cd953ec1d47d48337cd8ec909d548 f75cd953ec1d47d48337cd8ec909d548] 199.19.213.199 "GET /v2.0/networks/689084f3-87a2-40c0-b065-557529f2eeba?fields=provider%3Aphysical_network&fields=provider%3Anetwork_type HTTP/1.1" status: 200 len: 277 time: 0.0682275
2026-07-21 08:00:33.767 9 INFO neutron.wsgi [None req-5d7a2f90-dee1-4877-ba79-3a130d4b7633 c559b67c8dc14c6e9bb7fa2452ec7a44 3b5df8bf225349b0ab7bd2b1a0d2c1b1 - - default default] 199.19.213.199 "GET /v2.0/subnets/e6313246-2965-4d41-89c2-51d6d3b727c9 HTTP/1.1" status: 200 len: 849 time: 0.0376792
2026-07-21 08:00:33.871 9 INFO neutron.wsgi [None req-975385b8-fef1-44e6-95e4-a641f066e769 c559b67c8dc14c6e9bb7fa2452ec7a44 3b5df8bf225349b0ab7bd2b1a0d2c1b1 - - default default] 199.19.213.199 "GET /v2.0/extensions/security-group HTTP/1.1" status: 200 len: 369 time: 0.0093834
2026-07-21 08:00:33.881 9 INFO neutron.wsgi [None req-ff82af81-9fd6-4889-b60f-9d21de563e2e c559b67c8dc14c6e9bb7fa2452ec7a44 3b5df8bf225349b0ab7bd2b1a0d2c1b1 - - default default] 199.19.213.199 "GET /v2.0/extensions/dns-integration HTTP/1.1" status: 200 len: 371 time: 0.0051255
2026-07-21 08:00:33.890 9 INFO neutron.wsgi [None req-22f6ff62-c71c-47e2-8ecf-548025aefefd c559b67c8dc14c6e9bb7fa2452ec7a44 3b5df8bf225349b0ab7bd2b1a0d2c1b1 - - default default] 199.19.213.199 "GET /v2.0/extensions/qos HTTP/1.1" status: 200 len: 365 time: 0.0046942
2026-07-21 08:00:33.900 9 INFO neutron.wsgi [None req-7c2bf592-e2f8-4a5f-816e-587e85a93297 c559b67c8dc14c6e9bb7fa2452ec7a44 3b5df8bf225349b0ab7bd2b1a0d2c1b1 - - default default] 199.19.213.199 "GET /v2.0/extensions/allowed-address-pairs HTTP/1.1" status: 200 len: 383 time: 0.0051496
2026-07-21 08:00:33.949 9 INFO neutron.wsgi [None req-e81a66f5-386c-480f-9932-5f4aed1d426d c559b67c8dc14c6e9bb7fa2452ec7a44 3b5df8bf225349b0ab7bd2b1a0d2c1b1 - - default default] 199.19.213.199 "GET /v2.0/subnets/d7e0b250-5377-4640-91a1-e3e9819efb73 HTTP/1.1" status: 200 len: 851 time: 0.0356579
2026-07-21 08:00:33.989 9 INFO neutron.wsgi [None req-cfdf4a03-857f-4254-96df-a2826f106d99 c559b67c8dc14c6e9bb7fa2452ec7a44 3b5df8bf225349b0ab7bd2b1a0d2c1b1 - - default default] 199.19.213.199 "GET /v2.0/ports/f36df665-7503-4071-9f49-319b9a2e4492 HTTP/1.1" status: 200 len: 1340 time: 0.0339599
2026-07-21 08:00:34.028 9 INFO neutron.wsgi [None req-6438cfb1-761d-4cde-b37a-aad9ecb1d27d c559b67c8dc14c6e9bb7fa2452ec7a44 3b5df8bf225349b0ab7bd2b1a0d2c1b1 - - default default] 199.19.213.199 "GET /v2.0/ports/41796453-9e57-4d45-8b88-1b390c78d12e HTTP/1.1" status: 200 len: 1471 time: 0.0322969
2026-07-21 08:00:34.063 9 INFO neutron.wsgi [None req-85eaca47-10fd-4922-9bc5-aa89b414ff98 c559b67c8dc14c6e9bb7fa2452ec7a44 3b5df8bf225349b0ab7bd2b1a0d2c1b1 - - default default] 199.19.213.199 "GET /v2.0/subnets/d7e0b250-5377-4640-91a1-e3e9819efb73 HTTP/1.1" status: 200 len: 851 time: 0.0310497
2026-07-21 08:00:34.132 9 INFO neutron.wsgi [None req-c37c0d70-34b3-45b0-adc1-00b2ab150cf6 c559b67c8dc14c6e9bb7fa2452ec7a44 3b5df8bf225349b0ab7bd2b1a0d2c1b1 - - default default] 199.19.213.199 "GET /v2.0/networks/82ca2ee3-8abc-4173-905a-2b7a4dd4e601 HTTP/1.1" status: 200 len: 1001 time: 0.0630960
2026-07-21 08:00:34.166 9 INFO neutron.wsgi [None req-c2c0597f-626e-49cd-bd27-a7f9bcab5b47 c559b67c8dc14c6e9bb7fa2452ec7a44 3b5df8bf225349b0ab7bd2b1a0d2c1b1 - - default default] 199.19.213.199 "GET /v2.0/ports/f36df665-7503-4071-9f49-319b9a2e4492 HTTP/1.1" status: 200 len: 1340 time: 0.0288236
2026-07-21 08:00:34.205 9 INFO neutron.wsgi [None req-0051baea-d4e9-4b37-81fe-81e5db279e73 c559b67c8dc14c6e9bb7fa2452ec7a44 3b5df8bf225349b0ab7bd2b1a0d2c1b1 - - default default] 199.19.213.199 "GET /v2.0/subnets/d7e0b250-5377-4640-91a1-e3e9819efb73 HTTP/1.1" status: 200 len: 851 time: 0.0325353
2026-07-21 08:00:34.978 9 INFO neutron.notifiers.nova [-] Nova event matching ['req-ace36495-c5c4-4c39-8f6d-cf3101b47226'] response: {'server_uuid': '5f5c2e6f-59d0-4f06-85d4-d07565a60d5f', 'name': 'network-vif-plugged', 'status': 'completed', 'tag': '8012a1fe-7410-4514-978e-1512f412fca5', 'code': 200}
2026-07-21 08:00:34.978 9 INFO neutron.notifiers.nova [-] Nova event matching ['req-ace36495-c5c4-4c39-8f6d-cf3101b47226'] response: {'name': 'network-changed', 'server_uuid': '5f5c2e6f-59d0-4f06-85d4-d07565a60d5f', 'tag': '8012a1fe-7410-4514-978e-1512f412fca5', 'status': 'completed', 'code': 200}
2026-07-21 08:00:35.066 10 INFO neutron.wsgi [req-1ecd82f2-7003-4f01-887b-fac8d4c875a5 req-9cadacda-e457-4a52-9f05-022052b0034c 1b6a6b17dc714991a943390189061cea 9796ff7890114c13968851e69adf92a0 - - f75cd953ec1d47d48337cd8ec909d548 f75cd953ec1d47d48337cd8ec909d548] 199.19.213.199 "GET /v2.0/ports?tenant_id=3b5df8bf225349b0ab7bd2b1a0d2c1b1&device_id=5f5c2e6f-59d0-4f06-85d4-d07565a60d5f HTTP/1.1" status: 200 len: 4928 time: 0.0648220
2026-07-21 08:00:35.138 10 INFO neutron.wsgi [req-1ecd82f2-7003-4f01-887b-fac8d4c875a5 req-d7eaa20c-a5ba-42d7-a722-c5a27341a8d1 1b6a6b17dc714991a943390189061cea 9796ff7890114c13968851e69adf92a0 - - f75cd953ec1d47d48337cd8ec909d548 f75cd953ec1d47d48337cd8ec909d548] 199.19.213.199 "GET /v2.0/networks?id=ea8b2b69-5447-43e0-b3a4-19a40d6e9b38 HTTP/1.1" status: 200 len: 1003 time: 0.0663881
2026-07-21 08:00:35.172 10 INFO neutron.wsgi [req-1ecd82f2-7003-4f01-887b-fac8d4c875a5 req-1818e8f5-64c9-42c8-a74c-454118468a90 1b6a6b17dc714991a943390189061cea 9796ff7890114c13968851e69adf92a0 - - f75cd953ec1d47d48337cd8ec909d548 f75cd953ec1d47d48337cd8ec909d548] 199.19.213.199 "GET /v2.0/floatingips?fixed_ip_address=10.2.2.31&port_id=8012a1fe-7410-4514-978e-1512f412fca5 HTTP/1.1" status: 200 len: 217 time: 0.0280173
2026-07-21 08:00:35.210 10 INFO neutron.wsgi [req-1ecd82f2-7003-4f01-887b-fac8d4c875a5 req-19e9c856-78ee-40b8-ba27-3117e281eac4 1b6a6b17dc714991a943390189061cea 9796ff7890114c13968851e69adf92a0 - - f75cd953ec1d47d48337cd8ec909d548 f75cd953ec1d47d48337cd8ec909d548] 199.19.213.199 "GET /v2.0/subnets?id=e6313246-2965-4d41-89c2-51d6d3b727c9 HTTP/1.1" status: 200 len: 852 time: 0.0329704
2026-07-21 08:00:35.246 10 INFO neutron.wsgi [req-1ecd82f2-7003-4f01-887b-fac8d4c875a5 req-e7ca550c-85a4-43ad-88be-4bc42e41f84b 1b6a6b17dc714991a943390189061cea 9796ff7890114c13968851e69adf92a0 - - f75cd953ec1d47d48337cd8ec909d548 f75cd953ec1d47d48337cd8ec909d548] 199.19.213.199 "GET /v2.0/ports?network_id=ea8b2b69-5447-43e0-b3a4-19a40d6e9b38&device_owner=network%3Adhcp HTTP/1.1" status: 200 len: 210 time: 0.0295293
2026-07-21 08:00:35.290 9 INFO neutron.wsgi [-] 10.0.0.151 "GET / HTTP/1.1" status: 200 len: 246 time: 0.0029368
2026-07-21 08:00:35.294 9 INFO neutron.wsgi [-] 10.0.0.151 "GET / HTTP/1.1" status: 200 len: 246 time: 0.0022025
2026-07-21 08:00:35.318 10 INFO neutron.wsgi [req-1ecd82f2-7003-4f01-887b-fac8d4c875a5 req-d872a1b4-eaf8-409a-90e8-97878118c236 1b6a6b17dc714991a943390189061cea 9796ff7890114c13968851e69adf92a0 - - f75cd953ec1d47d48337cd8ec909d548 f75cd953ec1d47d48337cd8ec909d548] 199.19.213.199 "GET /v2.0/networks/ea8b2b69-5447-43e0-b3a4-19a40d6e9b38?fields=segments HTTP/1.1" status: 200 len: 212 time: 0.0639627
2026-07-21 08:00:35.387 10 INFO neutron.wsgi [req-1ecd82f2-7003-4f01-887b-fac8d4c875a5 req-ce3b80ee-ff8c-400e-bec9-5cdbcdd9b7ca 1b6a6b17dc714991a943390189061cea 9796ff7890114c13968851e69adf92a0 - - f75cd953ec1d47d48337cd8ec909d548 f75cd953ec1d47d48337cd8ec909d548] 199.19.213.199 "GET /v2.0/networks/ea8b2b69-5447-43e0-b3a4-19a40d6e9b38?fields=provider%3Aphysical_network&fields=provider%3Anetwork_type HTTP/1.1" status: 200 len: 277 time: 0.0603611
2026-07-21 08:00:42.851 9 INFO neutron.wsgi [None req-b20b633d-d85f-4e67-85dd-489dc14feaf8 c559b67c8dc14c6e9bb7fa2452ec7a44 3b5df8bf225349b0ab7bd2b1a0d2c1b1 - - default default] 199.19.213.199 "GET /v2.0/extensions/security-group HTTP/1.1" status: 200 len: 369 time: 0.0062494
2026-07-21 08:00:42.863 9 INFO neutron.wsgi [None req-5efe0dc5-e968-4c6b-8381-831285858c62 c559b67c8dc14c6e9bb7fa2452ec7a44 3b5df8bf225349b0ab7bd2b1a0d2c1b1 - - default default] 199.19.213.199 "GET /v2.0/extensions/dns-integration HTTP/1.1" status: 200 len: 371 time: 0.0062726
2026-07-21 08:00:42.872 9 INFO neutron.wsgi [None req-67d1d0d6-8c75-4948-8737-9e70ec86be94 c559b67c8dc14c6e9bb7fa2452ec7a44 3b5df8bf225349b0ab7bd2b1a0d2c1b1 - - default default] 199.19.213.199 "GET /v2.0/extensions/qos HTTP/1.1" status: 200 len: 365 time: 0.0047629
2026-07-21 08:00:42.886 9 INFO neutron.wsgi [None req-19a5c546-8f8a-4b61-b368-764d42c4910d c559b67c8dc14c6e9bb7fa2452ec7a44 3b5df8bf225349b0ab7bd2b1a0d2c1b1 - - default default] 199.19.213.199 "GET /v2.0/extensions/allowed-address-pairs HTTP/1.1" status: 200 len: 383 time: 0.0057137
2026-07-21 08:00:42.938 9 INFO neutron.wsgi [None req-6d2d3251-5c93-43a3-9cbe-1dbcab7a3dfd c559b67c8dc14c6e9bb7fa2452ec7a44 3b5df8bf225349b0ab7bd2b1a0d2c1b1 - - default default] 199.19.213.199 "GET /v2.0/subnets/8d666f3f-09be-4855-a711-e041c8a95206 HTTP/1.1" status: 200 len: 848 time: 0.0416808
2026-07-21 08:00:42.980 9 INFO neutron.wsgi [None req-a4a25a7f-975e-499d-ae76-4a766682a54c c559b67c8dc14c6e9bb7fa2452ec7a44 3b5df8bf225349b0ab7bd2b1a0d2c1b1 - - default default] 199.19.213.199 "GET /v2.0/ports?device_id=5f5c2e6f-59d0-4f06-85d4-d07565a60d5f HTTP/1.1" status: 200 len: 4928 time: 0.0365365
2026-07-21 08:00:43.114 9 INFO neutron.wsgi [None req-f939eaf2-b5cc-4796-b1b0-ec374e70b9ae c559b67c8dc14c6e9bb7fa2452ec7a44 3b5df8bf225349b0ab7bd2b1a0d2c1b1 - - default default] 199.19.213.199 "GET /v2.0/extensions/security-group HTTP/1.1" status: 200 len: 369 time: 0.0083919
2026-07-21 08:00:43.127 9 INFO neutron.wsgi [None req-c4a562be-1ce7-4da3-b712-0f3934009994 c559b67c8dc14c6e9bb7fa2452ec7a44 3b5df8bf225349b0ab7bd2b1a0d2c1b1 - - default default] 199.19.213.199 "GET /v2.0/extensions/dns-integration HTTP/1.1" status: 200 len: 371 time: 0.0075312
2026-07-21 08:00:43.136 9 INFO neutron.wsgi [None req-ef0c5c99-ccaf-4ed6-a55f-6452fd1795f9 c559b67c8dc14c6e9bb7fa2452ec7a44 3b5df8bf225349b0ab7bd2b1a0d2c1b1 - - default default] 199.19.213.199 "GET /v2.0/extensions/qos HTTP/1.1" status: 200 len: 365 time: 0.0039556
2026-07-21 08:00:43.146 9 INFO neutron.wsgi [None req-f3276626-44e1-45d9-9c60-8288d9b27a3a c559b67c8dc14c6e9bb7fa2452ec7a44 3b5df8bf225349b0ab7bd2b1a0d2c1b1 - - default default] 199.19.213.199 "GET /v2.0/extensions/allowed-address-pairs HTTP/1.1" status: 200 len: 383 time: 0.0051906
2026-07-21 08:00:43.180 9 INFO neutron.wsgi [None req-3a6b535f-827a-47b6-97b4-50bffadab270 c559b67c8dc14c6e9bb7fa2452ec7a44 3b5df8bf225349b0ab7bd2b1a0d2c1b1 - - default default] 199.19.213.199 "GET /v2.0/ports/8012a1fe-7410-4514-978e-1512f412fca5 HTTP/1.1" status: 200 len: 1354 time: 0.0285969
2026-07-21 08:00:43.571 9 INFO neutron.db.ovn_revision_numbers_db [None req-683f4e51-a23c-42bb-842c-e5ce4d8329be c559b67c8dc14c6e9bb7fa2452ec7a44 3b5df8bf225349b0ab7bd2b1a0d2c1b1 - - - -] Successfully bumped revision number for resource 8012a1fe-7410-4514-978e-1512f412fca5 (type: ports) to 6
2026-07-21 08:00:43.582 9 INFO neutron.wsgi [None req-683f4e51-a23c-42bb-842c-e5ce4d8329be c559b67c8dc14c6e9bb7fa2452ec7a44 3b5df8bf225349b0ab7bd2b1a0d2c1b1 - - - -] 199.19.213.199 "PUT /v2.0/ports/8012a1fe-7410-4514-978e-1512f412fca5 HTTP/1.1" status: 200 len: 1154 time: 0.3960259 /var/lib/openstack/lib/python3.10/site-packages/pycadf/identifier.py:71: UserWarning: Invalid uuid: neutron. To ensure interoperability, identifiers should be a valid uuid. warnings.warn(('Invalid uuid: %s. To ensure interoperability, '
2026-07-21 08:00:43.692 10 INFO neutron.wsgi [req-c67fc026-3406-4062-af03-cb6d00348dbf req-cb81afad-681b-456d-8579-9e1e61bfa4bd 1b6a6b17dc714991a943390189061cea 9796ff7890114c13968851e69adf92a0 - - f75cd953ec1d47d48337cd8ec909d548 f75cd953ec1d47d48337cd8ec909d548] 199.19.213.199 "GET /v2.0/ports?tenant_id=3b5df8bf225349b0ab7bd2b1a0d2c1b1&device_id=5f5c2e6f-59d0-4f06-85d4-d07565a60d5f HTTP/1.1" status: 200 len: 4757 time: 0.0417964
2026-07-21 08:00:43.794 10 INFO neutron.wsgi [req-c67fc026-3406-4062-af03-cb6d00348dbf req-a6b7eca2-4d48-4a31-b1ed-8096b6db3205 1b6a6b17dc714991a943390189061cea 9796ff7890114c13968851e69adf92a0 - - f75cd953ec1d47d48337cd8ec909d548 f75cd953ec1d47d48337cd8ec909d548] 199.19.213.199 "GET /v2.0/networks?id=ea8b2b69-5447-43e0-b3a4-19a40d6e9b38 HTTP/1.1" status: 200 len: 1003 time: 0.0968463
2026-07-21 08:00:43.870 10 INFO neutron.wsgi [req-c67fc026-3406-4062-af03-cb6d00348dbf req-c28c8f1f-b58a-4bae-8e5b-05ea17cbd4d7 1b6a6b17dc714991a943390189061cea 9796ff7890114c13968851e69adf92a0 - - f75cd953ec1d47d48337cd8ec909d548 f75cd953ec1d47d48337cd8ec909d548] 199.19.213.199 "GET /v2.0/networks/ea8b2b69-5447-43e0-b3a4-19a40d6e9b38?fields=segments HTTP/1.1" status: 200 len: 212 time: 0.0676019
2026-07-21 08:00:43.943 10 INFO neutron.wsgi [req-c67fc026-3406-4062-af03-cb6d00348dbf req-985ce534-b10f-4474-9cc0-77452fec5481 1b6a6b17dc714991a943390189061cea 9796ff7890114c13968851e69adf92a0 - - f75cd953ec1d47d48337cd8ec909d548 f75cd953ec1d47d48337cd8ec909d548] 199.19.213.199 "GET /v2.0/networks/ea8b2b69-5447-43e0-b3a4-19a40d6e9b38?fields=provider%3Aphysical_network&fields=provider%3Anetwork_type HTTP/1.1" status: 200 len: 277 time: 0.0634775
2026-07-21 08:00:43.998 9 INFO neutron.notifiers.nova [-] Nova event matching ['req-85f26264-8bed-4a0d-8135-6bad3935a545'] response: {'name': 'network-changed', 'server_uuid': '5f5c2e6f-59d0-4f06-85d4-d07565a60d5f', 'tag': '8012a1fe-7410-4514-978e-1512f412fca5', 'status': 'completed', 'code': 200}
2026-07-21 08:00:44.019 9 INFO neutron.wsgi [None req-7703a9d2-cea0-4d4e-8d19-cf14e7e6f6f9 c559b67c8dc14c6e9bb7fa2452ec7a44 3b5df8bf225349b0ab7bd2b1a0d2c1b1 - - default default] 199.19.213.199 "GET /v2.0/networks/ea8b2b69-5447-43e0-b3a4-19a40d6e9b38 HTTP/1.1" status: 200 len: 1000 time: 0.4301660
2026-07-21 08:00:44.064 9 INFO neutron.wsgi [None req-ed84f058-b7a0-4baf-bc4b-387f2be7927f c559b67c8dc14c6e9bb7fa2452ec7a44 3b5df8bf225349b0ab7bd2b1a0d2c1b1 - - default default] 199.19.213.199 "GET /v2.0/ports?device_id=5f5c2e6f-59d0-4f06-85d4-d07565a60d5f HTTP/1.1" status: 200 len: 4757 time: 0.0359871
2026-07-21 08:00:44.180 9 INFO neutron.wsgi [None req-db7eea77-6f89-48ba-8ef1-d655e046a36f c559b67c8dc14c6e9bb7fa2452ec7a44 3b5df8bf225349b0ab7bd2b1a0d2c1b1 - - default default] 199.19.213.199 "GET /v2.0/ports?device_id=5f5c2e6f-59d0-4f06-85d4-d07565a60d5f HTTP/1.1" status: 200 len: 4757 time: 0.0360715
2026-07-21 08:00:44.491 9 INFO neutron.plugins.ml2.drivers.ovn.mech_driver.mech_driver [None req-1096d1bb-1619-4472-9536-ac3a88dc9fbc - - - - - -] OVN reports status down for port: 8012a1fe-7410-4514-978e-1512f412fca5
2026-07-21 08:00:44.578 10 INFO neutron.wsgi [req-d3e789cc-b294-4994-b4e4-4c6cc6beb230 req-4a7810d0-46d5-4bff-b76b-d17e7cef1322 1b6a6b17dc714991a943390189061cea 9796ff7890114c13968851e69adf92a0 - - f75cd953ec1d47d48337cd8ec909d548 f75cd953ec1d47d48337cd8ec909d548] 199.19.213.199 "GET /v2.0/ports/8012a1fe-7410-4514-978e-1512f412fca5 HTTP/1.1" status: 200 len: 1182 time: 0.0554667
2026-07-21 08:00:44.814 9 INFO neutron.db.ovn_revision_numbers_db [None req-1096d1bb-1619-4472-9536-ac3a88dc9fbc - - - - - -] Successfully bumped revision number for resource 8012a1fe-7410-4514-978e-1512f412fca5 (type: ports) to 7
2026-07-21 08:00:44.892 10 INFO neutron.wsgi [None req-2faa6874-73bb-4767-94a5-c2c439141995 c559b67c8dc14c6e9bb7fa2452ec7a44 3b5df8bf225349b0ab7bd2b1a0d2c1b1 - - - -] 199.19.213.199 "DELETE /v2.0/ports/8012a1fe-7410-4514-978e-1512f412fca5 HTTP/1.1" status: 204 len: 173 time: 0.3092077
2026-07-21 08:00:44.937 10 INFO neutron.notifiers.nova [-] Nova event matching ['req-039097ca-0cd6-4268-a7c1-7711b3ad8062'] response: {'server_uuid': '5f5c2e6f-59d0-4f06-85d4-d07565a60d5f', 'name': 'network-vif-deleted', 'tag': '8012a1fe-7410-4514-978e-1512f412fca5', 'status': 'completed', 'code': 200}
2026-07-21 08:00:45.003 10 INFO neutron.wsgi [req-d3e789cc-b294-4994-b4e4-4c6cc6beb230 req-f0940c42-163a-44c4-aec2-4c372149c0f1 1b6a6b17dc714991a943390189061cea 9796ff7890114c13968851e69adf92a0 - - f75cd953ec1d47d48337cd8ec909d548 f75cd953ec1d47d48337cd8ec909d548] 199.19.213.199 "GET /v2.0/ports?tenant_id=3b5df8bf225349b0ab7bd2b1a0d2c1b1&device_id=5f5c2e6f-59d0-4f06-85d4-d07565a60d5f HTTP/1.1" status: 200 len: 3782 time: 0.0445411
2026-07-21 08:00:45.107 10 INFO neutron.wsgi [req-d3e789cc-b294-4994-b4e4-4c6cc6beb230 req-007300a0-ec7b-45f7-98e1-4ffc7e067b76 1b6a6b17dc714991a943390189061cea 9796ff7890114c13968851e69adf92a0 - - f75cd953ec1d47d48337cd8ec909d548 f75cd953ec1d47d48337cd8ec909d548] 199.19.213.199 "GET /v2.0/networks?id=1439e38b-a092-4726-8c7f-09e60c502091&id=82ca2ee3-8abc-4173-905a-2b7a4dd4e601&id=689084f3-87a2-40c0-b065-557529f2eeba&id=ea8b2b69-5447-43e0-b3a4-19a40d6e9b38 HTTP/1.1" status: 200 len: 3308 time: 0.0933042
2026-07-21 08:00:45.149 10 INFO neutron.wsgi [req-d3e789cc-b294-4994-b4e4-4c6cc6beb230 req-4cb880d3-01c5-4fd1-887f-e93c30845928 1b6a6b17dc714991a943390189061cea 9796ff7890114c13968851e69adf92a0 - - f75cd953ec1d47d48337cd8ec909d548 f75cd953ec1d47d48337cd8ec909d548] 199.19.213.199 "GET /v2.0/floatingips?fixed_ip_address=172.24.2.188&port_id=d1b40e0e-0d02-483a-b2c0-e99701d92ffc HTTP/1.1" status: 200 len: 217 time: 0.0340300 /var/lib/openstack/lib/python3.10/site-packages/pycadf/identifier.py:71: UserWarning: Invalid uuid: neutron. To ensure interoperability, identifiers should be a valid uuid. warnings.warn(('Invalid uuid: %s. To ensure interoperability, '
2026-07-21 08:00:45.200 10 INFO neutron.wsgi [req-d3e789cc-b294-4994-b4e4-4c6cc6beb230 req-7693b226-d0b2-48b2-b6f4-ac0c69580b2d 1b6a6b17dc714991a943390189061cea 9796ff7890114c13968851e69adf92a0 - - f75cd953ec1d47d48337cd8ec909d548 f75cd953ec1d47d48337cd8ec909d548] 199.19.213.199 "GET /v2.0/subnets?id=8e35f31e-9422-429c-bffe-87a42a246755 HTTP/1.1" status: 200 len: 829 time: 0.0438206
2026-07-21 08:00:45.233 10 INFO neutron.wsgi [req-d3e789cc-b294-4994-b4e4-4c6cc6beb230 req-56df74c8-38ca-4850-9b67-b95b83e9b931 1b6a6b17dc714991a943390189061cea 9796ff7890114c13968851e69adf92a0 - - f75cd953ec1d47d48337cd8ec909d548 f75cd953ec1d47d48337cd8ec909d548] 199.19.213.199 "GET /v2.0/ports?network_id=1439e38b-a092-4726-8c7f-09e60c502091&device_owner=network%3Adhcp HTTP/1.1" status: 200 len: 210 time: 0.0270293
2026-07-21 08:00:45.236 9 INFO neutron.wsgi [None req-4baf3962-65cb-4b74-84d8-c923833cc794 c559b67c8dc14c6e9bb7fa2452ec7a44 3b5df8bf225349b0ab7bd2b1a0d2c1b1 - - default default] 199.19.213.199 "GET /v2.0/ports?device_id=5f5c2e6f-59d0-4f06-85d4-d07565a60d5f HTTP/1.1" status: 200 len: 3782 time: 0.0416551
2026-07-21 08:00:45.271 9 INFO neutron.pecan_wsgi.hooks.translation [None req-42225414-83df-4954-87e9-b206dbc5f65e c559b67c8dc14c6e9bb7fa2452ec7a44 3b5df8bf225349b0ab7bd2b1a0d2c1b1 - - - -] DELETE failed (client error): The resource could not be found.
2026-07-21 08:00:45.273 9 INFO neutron.wsgi [None req-42225414-83df-4954-87e9-b206dbc5f65e c559b67c8dc14c6e9bb7fa2452ec7a44 3b5df8bf225349b0ab7bd2b1a0d2c1b1 - - - -] 199.19.213.199 "DELETE /v2.0/ports/8012a1fe-7410-4514-978e-1512f412fca5 HTTP/1.1" status: 404 len: 338 time: 0.0313904
2026-07-21 08:00:45.307 10 INFO neutron.wsgi [req-d3e789cc-b294-4994-b4e4-4c6cc6beb230 req-5be2e200-f974-4817-867b-99ab262fb417 1b6a6b17dc714991a943390189061cea 9796ff7890114c13968851e69adf92a0 - - f75cd953ec1d47d48337cd8ec909d548 f75cd953ec1d47d48337cd8ec909d548] 199.19.213.199 "GET /v2.0/networks/1439e38b-a092-4726-8c7f-09e60c502091?fields=segments HTTP/1.1" status: 200 len: 212 time: 0.0662222
2026-07-21 08:00:45.432 9 INFO neutron.wsgi [None req-cd536688-8de0-4a20-a8a6-386e8f7fadba c559b67c8dc14c6e9bb7fa2452ec7a44 3b5df8bf225349b0ab7bd2b1a0d2c1b1 - - default default] 199.19.213.199 "GET /v2.0/extensions/security-group HTTP/1.1" status: 200 len: 369 time: 0.0450754
