2026-07-21 07:53:38.626 10 INFO neutron.wsgi [req-e1452453-f28f-4903-8044-284f801fe350 req-a3aecf14-307b-4ba5-a829-6ea8bd163b5c 1b6a6b17dc714991a943390189061cea 9796ff7890114c13968851e69adf92a0 - - f75cd953ec1d47d48337cd8ec909d548 f75cd953ec1d47d48337cd8ec909d548] 199.19.213.199 "GET /v2.0/ports?network_id=b3129b4a-c6d9-4283-9835-b63892ebee40&device_owner=network%3Adhcp HTTP/1.1" status: 200 len: 210 time: 0.0297339
2026-07-21 07:53:38.708 10 INFO neutron.wsgi [req-e1452453-f28f-4903-8044-284f801fe350 req-ab3454d8-261f-4ed5-99c8-f9410c49a1ac 1b6a6b17dc714991a943390189061cea 9796ff7890114c13968851e69adf92a0 - - f75cd953ec1d47d48337cd8ec909d548 f75cd953ec1d47d48337cd8ec909d548] 199.19.213.199 "GET /v2.0/networks/b3129b4a-c6d9-4283-9835-b63892ebee40?fields=segments HTTP/1.1" status: 200 len: 212 time: 0.0721452
2026-07-21 07:53:38.769 9 INFO neutron.db.ovn_revision_numbers_db [None req-4e92c38f-6037-429d-9817-3460903c3fbc - - - - - -] Successfully bumped revision number for resource f329bb48-86e7-4695-82d2-fefbf67ba439 (type: ports) to 1
2026-07-21 07:53:38.774 9 INFO neutron.wsgi [req-f423436d-d07c-4284-9c24-02b0b9b69554 req-d4c3c5a7-99d7-4d92-86be-300dbc8c3832 bbec68f05d784aa882d964c8bec24844 bc987af3feb14e42a567b1669f87f380 - - default default] 199.19.213.199 "GET /v2.0/ports?device_id=6fa8794f-9071-4d50-ab60-094735b493c4 HTTP/1.1" status: 200 len: 1170 time: 0.3334751
2026-07-21 07:53:38.806 10 INFO neutron.wsgi [req-e1452453-f28f-4903-8044-284f801fe350 req-f369c2a2-b4ea-4d71-9345-d17cd469cf66 1b6a6b17dc714991a943390189061cea 9796ff7890114c13968851e69adf92a0 - - f75cd953ec1d47d48337cd8ec909d548 f75cd953ec1d47d48337cd8ec909d548] 199.19.213.199 "GET /v2.0/networks/b3129b4a-c6d9-4283-9835-b63892ebee40?fields=provider%3Aphysical_network&fields=provider%3Anetwork_type HTTP/1.1" status: 200 len: 277 time: 0.0883350
2026-07-21 07:53:39.045 10 WARNING neutron.scheduler.dhcp_agent_scheduler [None req-df8ec4b1-1b7e-47fc-8a71-6ad037297a65 c559b67c8dc14c6e9bb7fa2452ec7a44 3b5df8bf225349b0ab7bd2b1a0d2c1b1 - - default default] No more DHCP agents
2026-07-21 07:53:39.048 10 WARNING neutron.api.rpc.agentnotifiers.dhcp_rpc_agent_api [None req-df8ec4b1-1b7e-47fc-8a71-6ad037297a65 c559b67c8dc14c6e9bb7fa2452ec7a44 3b5df8bf225349b0ab7bd2b1a0d2c1b1 - - default default] Unable to schedule network ba5d6fb0-f8b7-41fc-8b7e-15d9daf2a7ad: no agents available; will retry on subsequent port and subnet creation events.
2026-07-21 07:53:39.161 10 INFO neutron.db.ovn_revision_numbers_db [None req-df8ec4b1-1b7e-47fc-8a71-6ad037297a65 c559b67c8dc14c6e9bb7fa2452ec7a44 3b5df8bf225349b0ab7bd2b1a0d2c1b1 - - default default] Successfully bumped revision number for resource 5f4bf104-88a0-4094-b999-c533e3ffe7dd (type: ports) to 1
2026-07-21 07:53:39.232 9 INFO neutron.db.ovn_revision_numbers_db [None req-4e92c38f-6037-429d-9817-3460903c3fbc - - - - - -] Successfully bumped revision number for resource f329bb48-86e7-4695-82d2-fefbf67ba439 (type: router_ports) to 3
2026-07-21 07:53:39.267 9 INFO neutron.notifiers.nova [-] Nova event matching ['req-2501b7d2-9764-45a5-a801-2d747ac4385e'] response: {'name': 'network-changed', 'server_uuid': '6fa8794f-9071-4d50-ab60-094735b493c4', 'tag': 'b85a8758-8de3-4393-98ad-85a6fa1e0bec', 'status': 'completed', 'code': 200}
2026-07-21 07:53:39.294 9 INFO neutron.db.l3_db [None req-5b524793-12c1-4eb1-92d2-994c7cca6792 bbec68f05d784aa882d964c8bec24844 bc987af3feb14e42a567b1669f87f380 - - - -] Floating IP c77d1acc-5715-4e6a-8928-23fead5238fa disassociated. External IP: 10.96.250.201, port: b85a8758-8de3-4393-98ad-85a6fa1e0bec.
2026-07-21 07:53:39.344 10 INFO neutron.wsgi [req-f0e4afef-eb6d-4f9b-9f9e-42fd18b23743 req-c2bb10c7-e220-4e56-890f-bac70201bca2 1b6a6b17dc714991a943390189061cea 9796ff7890114c13968851e69adf92a0 - - f75cd953ec1d47d48337cd8ec909d548 f75cd953ec1d47d48337cd8ec909d548] 199.19.213.199 "GET /v2.0/ports?tenant_id=bc987af3feb14e42a567b1669f87f380&device_id=6fa8794f-9071-4d50-ab60-094735b493c4 HTTP/1.1" status: 200 len: 1361 time: 0.0535121 /var/lib/openstack/lib/python3.10/site-packages/pycadf/identifier.py:71: UserWarning: Invalid uuid: neutron. To ensure interoperability, identifiers should be a valid uuid. warnings.warn(('Invalid uuid: %s. To ensure interoperability, '
2026-07-21 07:53:39.443 10 INFO neutron.wsgi [req-f0e4afef-eb6d-4f9b-9f9e-42fd18b23743 req-f39fca62-4f16-47aa-a471-f9be6bb5f5cf 1b6a6b17dc714991a943390189061cea 9796ff7890114c13968851e69adf92a0 - - f75cd953ec1d47d48337cd8ec909d548 f75cd953ec1d47d48337cd8ec909d548] 199.19.213.199 "GET /v2.0/networks?id=da3aa01a-3d07-4fda-8b74-14125090b848 HTTP/1.1" status: 200 len: 968 time: 0.0896959
2026-07-21 07:53:39.519 10 INFO neutron.wsgi [req-f0e4afef-eb6d-4f9b-9f9e-42fd18b23743 req-12c91fa3-a47c-42af-b9e1-99740b1eb9e5 1b6a6b17dc714991a943390189061cea 9796ff7890114c13968851e69adf92a0 - - f75cd953ec1d47d48337cd8ec909d548 f75cd953ec1d47d48337cd8ec909d548] 199.19.213.199 "GET /v2.0/floatingips?fixed_ip_address=10.100.0.5&port_id=b85a8758-8de3-4393-98ad-85a6fa1e0bec HTTP/1.1" status: 200 len: 1059 time: 0.0674589
2026-07-21 07:53:39.571 9 INFO neutron.db.ovn_revision_numbers_db [None req-4e92c38f-6037-429d-9817-3460903c3fbc - - - - - -] Successfully bumped revision number for resource f329bb48-86e7-4695-82d2-fefbf67ba439 (type: ports) to 2
2026-07-21 07:53:39.581 10 INFO neutron.wsgi [req-f0e4afef-eb6d-4f9b-9f9e-42fd18b23743 req-c6eca093-de6e-4553-add5-cafad6b43b29 1b6a6b17dc714991a943390189061cea 9796ff7890114c13968851e69adf92a0 - - f75cd953ec1d47d48337cd8ec909d548 f75cd953ec1d47d48337cd8ec909d548] 199.19.213.199 "GET /v2.0/subnets?id=c0ba3be0-bfe5-4e17-b0a2-2e45631e33ff HTTP/1.1" status: 200 len: 863 time: 0.0534866
2026-07-21 07:53:39.635 10 INFO neutron.wsgi [req-f0e4afef-eb6d-4f9b-9f9e-42fd18b23743 req-6b4341f2-f5c2-4090-a7c6-41ba74024900 1b6a6b17dc714991a943390189061cea 9796ff7890114c13968851e69adf92a0 - - f75cd953ec1d47d48337cd8ec909d548 f75cd953ec1d47d48337cd8ec909d548] 199.19.213.199 "GET /v2.0/ports?network_id=da3aa01a-3d07-4fda-8b74-14125090b848&device_owner=network%3Adhcp HTTP/1.1" status: 200 len: 210 time: 0.0327244
2026-07-21 07:53:39.637 9 INFO neutron.db.ovn_revision_numbers_db [None req-d4e2265d-1106-4f67-a427-5f28cb070ba1 c559b67c8dc14c6e9bb7fa2452ec7a44 3b5df8bf225349b0ab7bd2b1a0d2c1b1 - - default default] Successfully bumped revision number for resource 89a9c3d0-8d39-4055-97f1-27ddd1287611 (type: security_groups) to 1
2026-07-21 07:53:39.663 10 INFO neutron.wsgi [req-0aaa6f2c-3f91-4fd8-ae45-966f40e351de req-27fbf79e-8897-4c36-9f3f-68f5572a8165 bbec68f05d784aa882d964c8bec24844 bc987af3feb14e42a567b1669f87f380 - - default default] 10.0.0.176 "GET /v2.0/ports?device_id=6fa8794f-9071-4d50-ab60-094735b493c4 HTTP/1.1" status: 200 len: 210 time: 0.0371397
2026-07-21 07:53:39.677 9 INFO neutron.wsgi [None req-d4e2265d-1106-4f67-a427-5f28cb070ba1 c559b67c8dc14c6e9bb7fa2452ec7a44 3b5df8bf225349b0ab7bd2b1a0d2c1b1 - - default default] 10.0.0.37 "GET /v2.0/security-groups?tenant_id=c97ef6cd4801461795924e1c7d1860a6&name=default HTTP/1.1" status: 200 len: 2996 time: 0.5196767
2026-07-21 07:53:39.685 9 INFO neutron.wsgi [None req-5b524793-12c1-4eb1-92d2-994c7cca6792 bbec68f05d784aa882d964c8bec24844 bc987af3feb14e42a567b1669f87f380 - - - -] 199.19.213.199 "DELETE /v2.0/ports/b85a8758-8de3-4393-98ad-85a6fa1e0bec HTTP/1.1" status: 204 len: 173 time: 0.9039526
2026-07-21 07:53:39.736 10 INFO neutron.wsgi [req-f0e4afef-eb6d-4f9b-9f9e-42fd18b23743 req-2a86d64a-4e2e-4374-88b2-d741643b5420 1b6a6b17dc714991a943390189061cea 9796ff7890114c13968851e69adf92a0 - - f75cd953ec1d47d48337cd8ec909d548 f75cd953ec1d47d48337cd8ec909d548] 199.19.213.199 "GET /v2.0/networks/da3aa01a-3d07-4fda-8b74-14125090b848?fields=segments HTTP/1.1" status: 200 len: 212 time: 0.0844333
2026-07-21 07:53:39.819 10 INFO neutron.wsgi [req-f0e4afef-eb6d-4f9b-9f9e-42fd18b23743 req-99ae4634-7be6-4e21-827a-ed37cf144355 1b6a6b17dc714991a943390189061cea 9796ff7890114c13968851e69adf92a0 - - f75cd953ec1d47d48337cd8ec909d548 f75cd953ec1d47d48337cd8ec909d548] 199.19.213.199 "GET /v2.0/networks/da3aa01a-3d07-4fda-8b74-14125090b848?fields=provider%3Aphysical_network&fields=provider%3Anetwork_type HTTP/1.1" status: 200 len: 277 time: 0.0772753
2026-07-21 07:53:39.820 10 INFO neutron.db.ovn_revision_numbers_db [None req-df8ec4b1-1b7e-47fc-8a71-6ad037297a65 c559b67c8dc14c6e9bb7fa2452ec7a44 3b5df8bf225349b0ab7bd2b1a0d2c1b1 - - default default] Successfully bumped revision number for resource 5f4bf104-88a0-4094-b999-c533e3ffe7dd (type: router_ports) to 2
2026-07-21 07:53:39.907 9 INFO neutron.db.ovn_revision_numbers_db [None req-4e92c38f-6037-429d-9817-3460903c3fbc - - - - - -] Successfully bumped revision number for resource f329bb48-86e7-4695-82d2-fefbf67ba439 (type: ports) to 4
2026-07-21 07:53:39.949 10 INFO neutron.db.ovn_revision_numbers_db [None req-df8ec4b1-1b7e-47fc-8a71-6ad037297a65 c559b67c8dc14c6e9bb7fa2452ec7a44 3b5df8bf225349b0ab7bd2b1a0d2c1b1 - - default default] Successfully bumped revision number for resource 5f4bf104-88a0-4094-b999-c533e3ffe7dd (type: ports) to 2
2026-07-21 07:53:39.961 9 INFO neutron.wsgi [None req-81eb2e4f-731f-4b19-bf01-73c25e5a3e3f c559b67c8dc14c6e9bb7fa2452ec7a44 3b5df8bf225349b0ab7bd2b1a0d2c1b1 - - - -] 10.0.0.37 "DELETE /v2.0/security-groups/89a9c3d0-8d39-4055-97f1-27ddd1287611 HTTP/1.1" status: 204 len: 168 time: 0.2744069
2026-07-21 07:53:40.019 10 WARNING neutron.scheduler.dhcp_agent_scheduler [None req-df8ec4b1-1b7e-47fc-8a71-6ad037297a65 c559b67c8dc14c6e9bb7fa2452ec7a44 3b5df8bf225349b0ab7bd2b1a0d2c1b1 - - default default] No more DHCP agents
2026-07-21 07:53:40.021 10 WARNING neutron.api.rpc.agentnotifiers.dhcp_rpc_agent_api [None req-df8ec4b1-1b7e-47fc-8a71-6ad037297a65 c559b67c8dc14c6e9bb7fa2452ec7a44 3b5df8bf225349b0ab7bd2b1a0d2c1b1 - - default default] Unable to schedule network ba5d6fb0-f8b7-41fc-8b7e-15d9daf2a7ad: no agents available; will retry on subsequent port and subnet creation events.
2026-07-21 07:53:40.216 10 INFO neutron.db.ovn_revision_numbers_db [None req-c3492910-6bec-470a-a93d-3fbe91a038f4 c559b67c8dc14c6e9bb7fa2452ec7a44 3b5df8bf225349b0ab7bd2b1a0d2c1b1 - - default default] Successfully bumped revision number for resource 892d51d8-8b98-4c6c-972c-e276a5c813cb (type: security_groups) to 1
2026-07-21 07:53:40.254 10 INFO neutron.wsgi [None req-c3492910-6bec-470a-a93d-3fbe91a038f4 c559b67c8dc14c6e9bb7fa2452ec7a44 3b5df8bf225349b0ab7bd2b1a0d2c1b1 - - default default] 10.0.0.37 "GET /v2.0/security-groups?tenant_id=0572d6c75e14470c87a6e46372bd2dde&name=default HTTP/1.1" status: 200 len: 2996 time: 0.1628308
2026-07-21 07:53:40.334 9 INFO neutron.db.ovn_revision_numbers_db [None req-4e92c38f-6037-429d-9817-3460903c3fbc - - - - - -] Successfully bumped revision number for resource f329bb48-86e7-4695-82d2-fefbf67ba439 (type: router_ports) to 4
2026-07-21 07:53:40.752 10 INFO neutron.wsgi [None req-12e16a85-8058-42d5-b239-13b42d72ce7e c559b67c8dc14c6e9bb7fa2452ec7a44 3b5df8bf225349b0ab7bd2b1a0d2c1b1 - - - -] 10.0.0.37 "DELETE /v2.0/security-groups/892d51d8-8b98-4c6c-972c-e276a5c813cb HTTP/1.1" status: 204 len: 168 time: 0.4906421
2026-07-21 07:53:40.884 9 INFO neutron.wsgi [None req-29cd396d-02cf-47a6-88c5-ff469f3354b2 bbec68f05d784aa882d964c8bec24844 bc987af3feb14e42a567b1669f87f380 - - - -] 10.0.0.37 "DELETE /v2.0/security-groups/0c7c49b6-f749-4047-b972-c61195c3154e HTTP/1.1" status: 204 len: 168 time: 0.1361594
2026-07-21 07:53:40.902 10 INFO neutron.api.v2.resource [None req-f29adb78-6388-4aca-bf4e-ff06a7aa32e5 bbec68f05d784aa882d964c8bec24844 bc987af3feb14e42a567b1669f87f380 - - default default] show failed (client error): The resource could not be found.
2026-07-21 07:53:40.903 10 INFO neutron.wsgi [None req-f29adb78-6388-4aca-bf4e-ff06a7aa32e5 bbec68f05d784aa882d964c8bec24844 bc987af3feb14e42a567b1669f87f380 - - default default] 10.0.0.37 "GET /v2.0/security-groups/0c7c49b6-f749-4047-b972-c61195c3154e HTTP/1.1" status: 404 len: 347 time: 0.0132318
2026-07-21 07:53:40.923 10 INFO neutron.db.ovn_revision_numbers_db [None req-df8ec4b1-1b7e-47fc-8a71-6ad037297a65 c559b67c8dc14c6e9bb7fa2452ec7a44 3b5df8bf225349b0ab7bd2b1a0d2c1b1 - - - -] Successfully bumped revision number for resource 5f4bf104-88a0-4094-b999-c533e3ffe7dd (type: router_ports) to 2
2026-07-21 07:53:40.926 10 INFO neutron.wsgi [None req-df8ec4b1-1b7e-47fc-8a71-6ad037297a65 c559b67c8dc14c6e9bb7fa2452ec7a44 3b5df8bf225349b0ab7bd2b1a0d2c1b1 - - - -] 10.0.0.37 "PUT /v2.0/routers/41a10e0c-6853-4e6a-a1d4-1fa4439de59e/add_router_interface HTTP/1.1" status: 200 len: 503 time: 2.4810584
2026-07-21 07:53:41.307 9 INFO neutron.notifiers.nova [-] Nova event matching ['req-d4a2b3dc-c33d-4a5d-851d-ecea6df8e098'] response: {'server_uuid': '6fa8794f-9071-4d50-ab60-094735b493c4', 'name': 'network-vif-deleted', 'tag': 'b85a8758-8de3-4393-98ad-85a6fa1e0bec', 'status': 'completed', 'code': 200}
2026-07-21 07:53:41.381 10 INFO neutron.plugins.ml2.drivers.ovn.mech_driver.mech_driver [None req-0a4d5b0c-0275-45c2-92fb-518f62a388a5 - - - - - -] OVN reports status down for port: b85a8758-8de3-4393-98ad-85a6fa1e0bec
2026-07-21 07:53:41.401 10 INFO neutron.plugins.ml2.drivers.ovn.mech_driver.mech_driver [None req-0a4d5b0c-0275-45c2-92fb-518f62a388a5 - - - - - -] OVN reports status up for port: 5f4bf104-88a0-4094-b999-c533e3ffe7dd
2026-07-21 07:53:41.402 9 INFO neutron.wsgi [None req-5d73b26b-34a4-4ed6-a28c-cbba3c533659 bbec68f05d784aa882d964c8bec24844 bc987af3feb14e42a567b1669f87f380 - - - -] 10.0.0.37 "DELETE /v2.0/floatingips/c77d1acc-5715-4e6a-8928-23fead5238fa HTTP/1.1" status: 204 len: 168 time: 0.4928026
2026-07-21 07:53:41.413 10 INFO neutron.plugins.ml2.plugin [None req-0a4d5b0c-0275-45c2-92fb-518f62a388a5 - - - - - -] Attempt 1 to provision port 5f4bf104-88a0-4094-b999-c533e3ffe7dd
2026-07-21 07:53:41.634 9 INFO neutron.db.ovn_revision_numbers_db [None req-7543c2ea-f116-4530-b789-e18719e053cb e6e967ea4fcc472d96af72de39cff0fa 9d58eb14cbaa42908194a838f81c9e75 - - - -] Successfully bumped revision number for resource c148075d-4741-47ee-972f-5352aca4a211 (type: security_groups) to 1
2026-07-21 07:53:41.657 9 INFO neutron.wsgi [None req-7543c2ea-f116-4530-b789-e18719e053cb e6e967ea4fcc472d96af72de39cff0fa 9d58eb14cbaa42908194a838f81c9e75 - - - -] 10.0.0.37 "POST /v2.0/security-groups HTTP/1.1" status: 201 len: 1797 time: 0.1485822
2026-07-21 07:53:41.792 10 INFO neutron.db.ovn_revision_numbers_db [None req-0a4d5b0c-0275-45c2-92fb-518f62a388a5 - - - - - -] Successfully bumped revision number for resource 5f4bf104-88a0-4094-b999-c533e3ffe7dd (type: ports) to 3
2026-07-21 07:53:41.813 9 INFO neutron.db.ovn_revision_numbers_db [None req-25202642-7553-4631-94cc-8ae99effb6af e6e967ea4fcc472d96af72de39cff0fa 9d58eb14cbaa42908194a838f81c9e75 - - - -] Successfully bumped revision number for resource d739d800-b80d-4ef5-8c5e-983c971831d0 (type: security_group_rules) to 0
2026-07-21 07:53:41.866 9 INFO neutron.wsgi [None req-25202642-7553-4631-94cc-8ae99effb6af e6e967ea4fcc472d96af72de39cff0fa 9d58eb14cbaa42908194a838f81c9e75 - - - -] 10.0.0.37 "POST /v2.0/security-group-rules HTTP/1.1" status: 201 len: 764 time: 0.2038565
2026-07-21 07:53:41.962 10 INFO neutron.db.ovn_revision_numbers_db [None req-0a4d5b0c-0275-45c2-92fb-518f62a388a5 - - - - - -] Successfully bumped revision number for resource 5f4bf104-88a0-4094-b999-c533e3ffe7dd (type: router_ports) to 3
2026-07-21 07:53:42.002 9 INFO neutron.db.ovn_revision_numbers_db [None req-4204a100-546d-4dac-aba5-c6290796b43a e6e967ea4fcc472d96af72de39cff0fa 9d58eb14cbaa42908194a838f81c9e75 - - - -] Successfully bumped revision number for resource 260d211c-710b-4e4d-a84d-cf75492f9d9f (type: security_group_rules) to 0
2026-07-21 07:53:42.033 9 INFO neutron.wsgi [None req-4204a100-546d-4dac-aba5-c6290796b43a e6e967ea4fcc472d96af72de39cff0fa 9d58eb14cbaa42908194a838f81c9e75 - - - -] 10.0.0.37 "POST /v2.0/security-group-rules HTTP/1.1" status: 201 len: 769 time: 0.1614373
2026-07-21 07:53:42.294 9 WARNING neutron.scheduler.dhcp_agent_scheduler [None req-a7c9b90d-645f-4d63-8aed-ad51ee104ccf e6e967ea4fcc472d96af72de39cff0fa 9d58eb14cbaa42908194a838f81c9e75 - - - -] No more DHCP agents
2026-07-21 07:53:42.296 9 WARNING neutron.api.rpc.agentnotifiers.dhcp_rpc_agent_api [None req-a7c9b90d-645f-4d63-8aed-ad51ee104ccf e6e967ea4fcc472d96af72de39cff0fa 9d58eb14cbaa42908194a838f81c9e75 - - - -] Unable to schedule network ee61bd7c-4a9e-48db-8d17-5f4dda2b2c94: no agents available; will retry on subsequent port and subnet creation events.
2026-07-21 07:53:42.616 9 INFO neutron.db.ovn_revision_numbers_db [None req-a7c9b90d-645f-4d63-8aed-ad51ee104ccf e6e967ea4fcc472d96af72de39cff0fa 9d58eb14cbaa42908194a838f81c9e75 - - - -] Successfully bumped revision number for resource 91717de3-02da-4486-9a9c-20a7c3739d9d (type: floatingips) to 0
2026-07-21 07:53:42.631 9 INFO neutron.wsgi [None req-a7c9b90d-645f-4d63-8aed-ad51ee104ccf e6e967ea4fcc472d96af72de39cff0fa 9d58eb14cbaa42908194a838f81c9e75 - - - -] 10.0.0.37 "POST /v2.0/floatingips HTTP/1.1" status: 201 len: 751 time: 0.5928233
2026-07-21 07:53:42.751 10 INFO neutron.wsgi [None req-e9b3d640-3e88-451b-94e1-ff945d48acf9 c559b67c8dc14c6e9bb7fa2452ec7a44 3b5df8bf225349b0ab7bd2b1a0d2c1b1 - - - -] 10.0.0.37 "PUT /v2.0/routers/e0edb675-d128-4e3b-ba29-24a50006adb5/remove_router_interface HTTP/1.1" status: 200 len: 503 time: 1.3436916 /var/lib/openstack/lib/python3.10/site-packages/pycadf/identifier.py:71: UserWarning: Invalid uuid: neutron. To ensure interoperability, identifiers should be a valid uuid. warnings.warn(('Invalid uuid: %s. To ensure interoperability, '
2026-07-21 07:53:43.618 10 INFO neutron.wsgi [None req-14863975-5b20-4e4a-aec7-2bf8d916d3d2 c559b67c8dc14c6e9bb7fa2452ec7a44 3b5df8bf225349b0ab7bd2b1a0d2c1b1 - - - -] 10.0.0.37 "DELETE /v2.0/routers/e0edb675-d128-4e3b-ba29-24a50006adb5 HTTP/1.1" status: 204 len: 168 time: 0.8592670
2026-07-21 07:53:43.825 10 INFO neutron.wsgi [None req-61d38c15-b7a6-42bc-a4a9-2187eef08c5a c559b67c8dc14c6e9bb7fa2452ec7a44 3b5df8bf225349b0ab7bd2b1a0d2c1b1 - - - -] 10.0.0.37 "DELETE /v2.0/subnets/c0ba3be0-bfe5-4e17-b0a2-2e45631e33ff HTTP/1.1" status: 204 len: 168 time: 0.1990681
2026-07-21 07:53:44.303 10 INFO neutron.wsgi [None req-a505749e-8dda-4ce0-8536-64c24b3a227b c559b67c8dc14c6e9bb7fa2452ec7a44 3b5df8bf225349b0ab7bd2b1a0d2c1b1 - - - -] 10.0.0.37 "DELETE /v2.0/networks/da3aa01a-3d07-4fda-8b74-14125090b848 HTTP/1.1" status: 204 len: 168 time: 0.4746354
2026-07-21 07:53:44.599 9 INFO neutron.wsgi [None req-b3eee528-f8f2-4a4f-b22f-7a1292844403 c559b67c8dc14c6e9bb7fa2452ec7a44 3b5df8bf225349b0ab7bd2b1a0d2c1b1 - - default default] 10.0.0.37 "GET /v2.0/security-groups?tenant_id=bc987af3feb14e42a567b1669f87f380&name=default HTTP/1.1" status: 200 len: 2992 time: 0.0601974
2026-07-21 07:53:44.778 10 INFO neutron.services.segments.plugin [-] Segment b6e8e6c7-45ff-49b6-9762-fa58fd6db1cc resource provider aggregate not found
2026-07-21 07:53:44.797 9 INFO neutron.wsgi [None req-2ba2f543-6cd8-465b-9143-41c8a357f195 c559b67c8dc14c6e9bb7fa2452ec7a44 3b5df8bf225349b0ab7bd2b1a0d2c1b1 - - - -] 10.0.0.37 "DELETE /v2.0/security-groups/506bf707-5046-4204-8fcd-f576df28b90b HTTP/1.1" status: 204 len: 168 time: 0.1909118
2026-07-21 07:53:44.806 10 INFO neutron.services.segments.plugin [-] Segment b6e8e6c7-45ff-49b6-9762-fa58fd6db1cc resource provider not found; error: Placement Client Error (4xx): {"errors": [{"status": 404, "title": "Not Found", "detail": "The resource could not be found.\n\n No resource provider with uuid b6e8e6c7-45ff-49b6-9762-fa58fd6db1cc found for delete ", "request_id": "req-e2208cc8-8755-4f80-bf7e-c87bf3bcc57d"}]}
2026-07-21 07:53:44.843 10 INFO neutron.services.segments.plugin [-] Segment b6e8e6c7-45ff-49b6-9762-fa58fd6db1cc resource provider aggregate not found
2026-07-21 07:53:44.862 10 INFO neutron.services.segments.plugin [-] Segment b6e8e6c7-45ff-49b6-9762-fa58fd6db1cc resource provider not found; error: Placement Client Error (4xx): {"errors": [{"status": 404, "title": "Not Found", "detail": "The resource could not be found.\n\n No resource provider with uuid b6e8e6c7-45ff-49b6-9762-fa58fd6db1cc found for delete ", "request_id": "req-ad642a79-c4fb-46c7-8bf5-9a8f47f6b7e8"}]}
2026-07-21 07:53:45.149 10 INFO neutron.db.ovn_revision_numbers_db [None req-ddf705ea-bbae-4d76-9c07-c6187e8e33bd c559b67c8dc14c6e9bb7fa2452ec7a44 3b5df8bf225349b0ab7bd2b1a0d2c1b1 - - default default] Successfully bumped revision number for resource 9df48314-82cd-4d95-87f5-48757177aa05 (type: security_groups) to 1
2026-07-21 07:53:45.173 10 INFO neutron.wsgi [None req-ddf705ea-bbae-4d76-9c07-c6187e8e33bd c559b67c8dc14c6e9bb7fa2452ec7a44 3b5df8bf225349b0ab7bd2b1a0d2c1b1 - - default default] 10.0.0.37 "GET /v2.0/security-groups?tenant_id=3578d2e9ab44435089b70c315eb97e23&name=default HTTP/1.1" status: 200 len: 2996 time: 0.2695963
2026-07-21 07:53:45.373 10 INFO neutron.wsgi [None req-cd9394d9-5873-4726-bb20-844898b94cbe c559b67c8dc14c6e9bb7fa2452ec7a44 3b5df8bf225349b0ab7bd2b1a0d2c1b1 - - - -] 10.0.0.37 "DELETE /v2.0/security-groups/9df48314-82cd-4d95-87f5-48757177aa05 HTTP/1.1" status: 204 len: 168 time: 0.1942163
2026-07-21 07:53:45.602 9 INFO neutron.db.ovn_revision_numbers_db [None req-4399e0d1-1a3b-4a8e-96cd-58e9a4c0bd9a c559b67c8dc14c6e9bb7fa2452ec7a44 3b5df8bf225349b0ab7bd2b1a0d2c1b1 - - default default] Successfully bumped revision number for resource 6ae125d0-773b-4d19-8f8c-f7ef3c56085c (type: security_groups) to 1
2026-07-21 07:53:45.633 9 INFO neutron.wsgi [None req-4399e0d1-1a3b-4a8e-96cd-58e9a4c0bd9a c559b67c8dc14c6e9bb7fa2452ec7a44 3b5df8bf225349b0ab7bd2b1a0d2c1b1 - - default default] 10.0.0.37 "GET /v2.0/security-groups?tenant_id=565c74a5dca24fe796f54270ffd30ee0&name=default HTTP/1.1" status: 200 len: 2996 time: 0.1612136
2026-07-21 07:53:45.815 9 INFO neutron.wsgi [None req-25d8f76a-4afe-45b6-9cb8-bf6cc50a121f c559b67c8dc14c6e9bb7fa2452ec7a44 3b5df8bf225349b0ab7bd2b1a0d2c1b1 - - - -] 10.0.0.37 "DELETE /v2.0/security-groups/6ae125d0-773b-4d19-8f8c-f7ef3c56085c HTTP/1.1" status: 204 len: 168 time: 0.1739156
2026-07-21 07:53:46.807 9 INFO neutron.db.ovn_revision_numbers_db [None req-2dcdd386-03a3-4a9f-b9cc-36e57a655916 c559b67c8dc14c6e9bb7fa2452ec7a44 3b5df8bf225349b0ab7bd2b1a0d2c1b1 - - - -] Successfully bumped revision number for resource 9939aaff-70e6-4b68-bca4-840feacd945e (type: security_groups) to 1
2026-07-21 07:53:46.855 9 INFO neutron.db.segments_db [None req-2dcdd386-03a3-4a9f-b9cc-36e57a655916 c559b67c8dc14c6e9bb7fa2452ec7a44 3b5df8bf225349b0ab7bd2b1a0d2c1b1 - - - -] Added segment 02a39b1c-7196-4f7c-9f79-1508470dcc0b of type geneve for network 96c1631a-0665-4c13-9dbe-56aa59c7f7a8
2026-07-21 07:53:46.974 9 INFO neutron.db.ovn_revision_numbers_db [None req-2dcdd386-03a3-4a9f-b9cc-36e57a655916 c559b67c8dc14c6e9bb7fa2452ec7a44 3b5df8bf225349b0ab7bd2b1a0d2c1b1 - - - -] Successfully bumped revision number for resource 96c1631a-0665-4c13-9dbe-56aa59c7f7a8 (type: networks) to 1
2026-07-21 07:53:47.195 9 WARNING neutron.scheduler.dhcp_agent_scheduler [None req-2dcdd386-03a3-4a9f-b9cc-36e57a655916 c559b67c8dc14c6e9bb7fa2452ec7a44 3b5df8bf225349b0ab7bd2b1a0d2c1b1 - - - -] No more DHCP agents
2026-07-21 07:53:47.197 9 WARNING neutron.api.rpc.agentnotifiers.dhcp_rpc_agent_api [None req-2dcdd386-03a3-4a9f-b9cc-36e57a655916 c559b67c8dc14c6e9bb7fa2452ec7a44 3b5df8bf225349b0ab7bd2b1a0d2c1b1 - - - -] Unable to schedule network 96c1631a-0665-4c13-9dbe-56aa59c7f7a8: no agents available; will retry on subsequent port and subnet creation events.
2026-07-21 07:53:47.265 9 INFO neutron.db.ovn_revision_numbers_db [None req-2dcdd386-03a3-4a9f-b9cc-36e57a655916 c559b67c8dc14c6e9bb7fa2452ec7a44 3b5df8bf225349b0ab7bd2b1a0d2c1b1 - - - -] Successfully bumped revision number for resource 0d53f85d-5f79-407e-b43c-dc5ae68a04a5 (type: ports) to 1
2026-07-21 07:53:47.297 9 INFO neutron.wsgi [None req-2dcdd386-03a3-4a9f-b9cc-36e57a655916 c559b67c8dc14c6e9bb7fa2452ec7a44 3b5df8bf225349b0ab7bd2b1a0d2c1b1 - - - -] 10.0.0.37 "POST /v2.0/networks HTTP/1.1" status: 201 len: 945 time: 0.7241116
2026-07-21 07:53:47.490 9 WARNING neutron.scheduler.dhcp_agent_scheduler [None req-db9c24fa-14d2-4ca5-b045-2e7c9cb5a813 c559b67c8dc14c6e9bb7fa2452ec7a44 3b5df8bf225349b0ab7bd2b1a0d2c1b1 - - - -] No more DHCP agents
2026-07-21 07:53:47.493 9 WARNING neutron.api.rpc.agentnotifiers.dhcp_rpc_agent_api [None req-db9c24fa-14d2-4ca5-b045-2e7c9cb5a813 c559b67c8dc14c6e9bb7fa2452ec7a44 3b5df8bf225349b0ab7bd2b1a0d2c1b1 - - - -] Unable to schedule network 96c1631a-0665-4c13-9dbe-56aa59c7f7a8: no agents available; will retry on subsequent port and subnet creation events.
2026-07-21 07:53:47.565 10 WARNING neutron.plugins.ml2.drivers.ovn.mech_driver.ovsdb.ovn_client [None req-0a4d5b0c-0275-45c2-92fb-518f62a388a5 - - - - - -] No hosting information found for port 5f4bf104-88a0-4094-b999-c533e3ffe7dd: RuntimeError: No hosting information found for port 5f4bf104-88a0-4094-b999-c533e3ffe7dd
2026-07-21 07:53:47.957 9 INFO neutron.db.ovn_revision_numbers_db [None req-db9c24fa-14d2-4ca5-b045-2e7c9cb5a813 c559b67c8dc14c6e9bb7fa2452ec7a44 3b5df8bf225349b0ab7bd2b1a0d2c1b1 - - - -] Successfully bumped revision number for resource 0d53f85d-5f79-407e-b43c-dc5ae68a04a5 (type: ports) to 2
2026-07-21 07:53:47.971 9 INFO neutron.db.ovn_revision_numbers_db [None req-db9c24fa-14d2-4ca5-b045-2e7c9cb5a813 c559b67c8dc14c6e9bb7fa2452ec7a44 3b5df8bf225349b0ab7bd2b1a0d2c1b1 - - - -] Successfully bumped revision number for resource d328e009-4c2c-4ec5-9ead-14d913c4a31a (type: subnets) to 0
2026-07-21 07:53:47.985 9 INFO neutron.wsgi [None req-db9c24fa-14d2-4ca5-b045-2e7c9cb5a813 c559b67c8dc14c6e9bb7fa2452ec7a44 3b5df8bf225349b0ab7bd2b1a0d2c1b1 - - - -] 10.0.0.37 "POST /v2.0/subnets HTTP/1.1" status: 201 len: 865 time: 0.6822309
2026-07-21 07:53:48.411 9 WARNING neutron.scheduler.dhcp_agent_scheduler [None req-b0e6cee9-cb8c-404d-8e1e-7ab691f2a19e c559b67c8dc14c6e9bb7fa2452ec7a44 3b5df8bf225349b0ab7bd2b1a0d2c1b1 - - - -] No more DHCP agents
2026-07-21 07:53:48.414 9 WARNING neutron.api.rpc.agentnotifiers.dhcp_rpc_agent_api [None req-b0e6cee9-cb8c-404d-8e1e-7ab691f2a19e c559b67c8dc14c6e9bb7fa2452ec7a44 3b5df8bf225349b0ab7bd2b1a0d2c1b1 - - - -] Unable to schedule network ee61bd7c-4a9e-48db-8d17-5f4dda2b2c94: no agents available; will retry on subsequent port and subnet creation events.
2026-07-21 07:53:48.551 9 INFO neutron.db.ovn_revision_numbers_db [None req-b0e6cee9-cb8c-404d-8e1e-7ab691f2a19e c559b67c8dc14c6e9bb7fa2452ec7a44 3b5df8bf225349b0ab7bd2b1a0d2c1b1 - - - -] Successfully bumped revision number for resource eea2104a-84b0-4e1f-b5d2-cf44f3682824 (type: ports) to 1
2026-07-21 07:53:48.670 10 INFO neutron.wsgi [req-c93dae83-5e79-48c9-9ba7-c93e8dfca7dd req-4c60ec1e-26b1-460f-ab2a-0d83f88d6e0c e6e967ea4fcc472d96af72de39cff0fa 9d58eb14cbaa42908194a838f81c9e75 - - default default] 10.0.0.176 "GET /v2.0/security-groups?name=tempest-securitygroup--1471022850&fields=id&tenant_id=9d58eb14cbaa42908194a838f81c9e75 HTTP/1.1" status: 200 len: 267 time: 0.0572274
2026-07-21 07:53:48.743 10 INFO neutron.wsgi [req-c93dae83-5e79-48c9-9ba7-c93e8dfca7dd req-c345128e-9219-4b92-b6f8-bc0e6acdc4e6 e6e967ea4fcc472d96af72de39cff0fa 9d58eb14cbaa42908194a838f81c9e75 - - default default] 10.0.0.176 "GET /v2.0/networks?id=ba5d6fb0-f8b7-41fc-8b7e-15d9daf2a7ad HTTP/1.1" status: 200 len: 878 time: 0.0646546
2026-07-21 07:53:48.765 10 INFO neutron.wsgi [req-c93dae83-5e79-48c9-9ba7-c93e8dfca7dd req-b6fb318e-0875-440e-a740-11278d0df665 e6e967ea4fcc472d96af72de39cff0fa 9d58eb14cbaa42908194a838f81c9e75 - - default default] 10.0.0.176 "GET /v2.0/quotas/9d58eb14cbaa42908194a838f81c9e75 HTTP/1.1" status: 200 len: 386 time: 0.0148120
2026-07-21 07:53:48.881 10 INFO neutron.wsgi [req-c93dae83-5e79-48c9-9ba7-c93e8dfca7dd req-a06fc762-1997-4dc4-95bc-beacbd60b404 e6e967ea4fcc472d96af72de39cff0fa 9d58eb14cbaa42908194a838f81c9e75 - - default default] 10.0.0.176 "GET /v2.0/ports?tenant_id=9d58eb14cbaa42908194a838f81c9e75&fields=id HTTP/1.1" status: 200 len: 302 time: 0.1104696
2026-07-21 07:53:48.963 10 INFO neutron.wsgi [req-c93dae83-5e79-48c9-9ba7-c93e8dfca7dd req-c96da3eb-693e-4b55-9b87-a51944d9d392 1b6a6b17dc714991a943390189061cea 9796ff7890114c13968851e69adf92a0 - - f75cd953ec1d47d48337cd8ec909d548 f75cd953ec1d47d48337cd8ec909d548] 10.0.0.176 "GET /v2.0/networks/ba5d6fb0-f8b7-41fc-8b7e-15d9daf2a7ad?fields=segments HTTP/1.1" status: 200 len: 212 time: 0.0650125
2026-07-21 07:53:49.028 10 INFO neutron.wsgi [req-c93dae83-5e79-48c9-9ba7-c93e8dfca7dd req-e0579a8f-992d-4aea-a098-c8a4c4b818bb 1b6a6b17dc714991a943390189061cea 9796ff7890114c13968851e69adf92a0 - - f75cd953ec1d47d48337cd8ec909d548 f75cd953ec1d47d48337cd8ec909d548] 10.0.0.176 "GET /v2.0/networks/ba5d6fb0-f8b7-41fc-8b7e-15d9daf2a7ad?fields=provider%3Aphysical_network&fields=provider%3Anetwork_type HTTP/1.1" status: 200 len: 277 time: 0.0565734
2026-07-21 07:53:49.146 9 INFO neutron.wsgi [req-a1dbf98a-3dd1-4aae-8466-01f959f008e9 req-f7c3876a-fbd1-4134-9ec2-cecebab5b3bd 1b6a6b17dc714991a943390189061cea 9796ff7890114c13968851e69adf92a0 - - f75cd953ec1d47d48337cd8ec909d548 f75cd953ec1d47d48337cd8ec909d548] 10.0.0.210 "GET /v2.0/ports?device_id=cdbf74f5-aa8d-43fb-b746-0d8db67bd073 HTTP/1.1" status: 200 len: 1361 time: 0.5988400
2026-07-21 07:53:49.213 9 INFO neutron.wsgi [req-a1dbf98a-3dd1-4aae-8466-01f959f008e9 req-a08d8254-6d3e-403e-90bc-bd8d477dca4f 1b6a6b17dc714991a943390189061cea 9796ff7890114c13968851e69adf92a0 - - f75cd953ec1d47d48337cd8ec909d548 f75cd953ec1d47d48337cd8ec909d548] 10.0.0.210 "GET /v2.0/security-groups?id=d0046e3e-21c1-46a6-b8aa-0dfe352f50c6&fields=id&fields=name HTTP/1.1" status: 200 len: 312 time: 0.0583775
2026-07-21 07:53:49.339 10 INFO neutron.wsgi [req-6adbd2f0-7687-48e3-a3e4-9c17c2f5de46 req-f1de4307-71ba-42b6-9821-12cb5e99e0c4 e6e967ea4fcc472d96af72de39cff0fa 9d58eb14cbaa42908194a838f81c9e75 - - default default] 10.0.0.176 "GET /v2.0/ports?device_id=bcf1773f-6d22-40a4-a1cd-e766b0617463 HTTP/1.1" status: 200 len: 210 time: 0.0304649
2026-07-21 07:53:49.512 9 INFO neutron.plugins.ml2.drivers.ovn.mech_driver.mech_driver [None req-1096d1bb-1619-4472-9536-ac3a88dc9fbc - - - - - -] OVN reports status up for port: eea2104a-84b0-4e1f-b5d2-cf44f3682824
2026-07-21 07:53:49.541 9 INFO neutron.plugins.ml2.plugin [None req-1096d1bb-1619-4472-9536-ac3a88dc9fbc - - - - - -] Attempt 1 to provision port eea2104a-84b0-4e1f-b5d2-cf44f3682824
2026-07-21 07:53:49.544 9 INFO neutron.db.ovn_revision_numbers_db [None req-b0e6cee9-cb8c-404d-8e1e-7ab691f2a19e c559b67c8dc14c6e9bb7fa2452ec7a44 3b5df8bf225349b0ab7bd2b1a0d2c1b1 - - - -] Successfully bumped revision number for resource eea2104a-84b0-4e1f-b5d2-cf44f3682824 (type: router_ports) to 1
2026-07-21 07:53:49.549 10 INFO neutron.plugins.ml2.drivers.ovn.mech_driver.ovsdb.ovsdb_monitor [None req-54ddabd4-5286-4b04-a7d1-0106615c282d - - - - - -] Router 741fb75a-ac3c-4b1b-b0f5-304bb581903b is bound to host instance
2026-07-21 07:53:49.673 9 INFO neutron.db.ovn_revision_numbers_db [None req-b0e6cee9-cb8c-404d-8e1e-7ab691f2a19e c559b67c8dc14c6e9bb7fa2452ec7a44 3b5df8bf225349b0ab7bd2b1a0d2c1b1 - - - -] Successfully bumped revision number for resource 741fb75a-ac3c-4b1b-b0f5-304bb581903b (type: routers) to 3
2026-07-21 07:53:49.696 9 INFO neutron.wsgi [None req-b0e6cee9-cb8c-404d-8e1e-7ab691f2a19e c559b67c8dc14c6e9bb7fa2452ec7a44 3b5df8bf225349b0ab7bd2b1a0d2c1b1 - - - -] 10.0.0.37 "POST /v2.0/routers HTTP/1.1" status: 201 len: 876 time: 1.7052901
2026-07-21 07:53:50.137 10 INFO neutron.wsgi [req-c93dae83-5e79-48c9-9ba7-c93e8dfca7dd req-aa244756-e610-4415-b847-a564b687b9ec e6e967ea4fcc472d96af72de39cff0fa 9d58eb14cbaa42908194a838f81c9e75 - - default default] 199.19.213.199 "GET /v2.0/networks?id=ba5d6fb0-f8b7-41fc-8b7e-15d9daf2a7ad HTTP/1.1" status: 200 len: 878 time: 0.1181126
2026-07-21 07:53:50.230 10 INFO neutron.wsgi [req-c93dae83-5e79-48c9-9ba7-c93e8dfca7dd req-eaf15c6b-d635-4566-87ef-de303a59b1c6 e6e967ea4fcc472d96af72de39cff0fa 9d58eb14cbaa42908194a838f81c9e75 - - default default] 199.19.213.199 "GET /v2.0/security-groups?fields=id&fields=name&tenant_id=9d58eb14cbaa42908194a838f81c9e75 HTTP/1.1" status: 200 len: 380 time: 0.0582314
2026-07-21 07:53:50.290 9 INFO neutron.wsgi [-] 10.0.0.151 "GET / HTTP/1.1" status: 200 len: 246 time: 0.0027924
2026-07-21 07:53:50.293 9 INFO neutron.wsgi [-] 10.0.0.151 "GET / HTTP/1.1" status: 200 len: 246 time: 0.0014286
2026-07-21 07:53:50.377 10 INFO neutron.db.ovn_revision_numbers_db [None req-54ddabd4-5286-4b04-a7d1-0106615c282d - - - - - -] Successfully bumped revision number for resource eea2104a-84b0-4e1f-b5d2-cf44f3682824 (type: ports) to 1
2026-07-21 07:53:50.449 10 WARNING neutron.scheduler.dhcp_agent_scheduler [None req-4fcef121-219c-4fc4-a165-4c46703a1a82 c559b67c8dc14c6e9bb7fa2452ec7a44 3b5df8bf225349b0ab7bd2b1a0d2c1b1 - - default default] No more DHCP agents
2026-07-21 07:53:50.456 10 INFO neutron.wsgi [req-67b2a64b-b85d-4bc8-9038-eb567b780c4e req-bab6a6e1-324e-4f04-926e-c069f0ebf6b1 e6e967ea4fcc472d96af72de39cff0fa 9d58eb14cbaa42908194a838f81c9e75 - - default default] 10.0.0.176 "GET /v2.0/ports?device_id=bcf1773f-6d22-40a4-a1cd-e766b0617463 HTTP/1.1" status: 200 len: 210 time: 0.0449166
2026-07-21 07:53:50.466 10 WARNING neutron.api.rpc.agentnotifiers.dhcp_rpc_agent_api [None req-4fcef121-219c-4fc4-a165-4c46703a1a82 c559b67c8dc14c6e9bb7fa2452ec7a44 3b5df8bf225349b0ab7bd2b1a0d2c1b1 - - default default] Unable to schedule network 96c1631a-0665-4c13-9dbe-56aa59c7f7a8: no agents available; will retry on subsequent port and subnet creation events.
2026-07-21 07:53:51.050 10 INFO neutron.db.ovn_revision_numbers_db [None req-4fcef121-219c-4fc4-a165-4c46703a1a82 c559b67c8dc14c6e9bb7fa2452ec7a44 3b5df8bf225349b0ab7bd2b1a0d2c1b1 - - default default] Successfully bumped revision number for resource 07a978ad-7587-4a45-a250-42a0883dfabf (type: ports) to 1
2026-07-21 07:53:51.124 10 WARNING neutron.scheduler.dhcp_agent_scheduler [None req-77a63f38-a08a-48ae-96fc-069cd4fc3278 e6e967ea4fcc472d96af72de39cff0fa 9d58eb14cbaa42908194a838f81c9e75 - - - -] No more DHCP agents
2026-07-21 07:53:51.128 10 WARNING neutron.api.rpc.agentnotifiers.dhcp_rpc_agent_api [None req-77a63f38-a08a-48ae-96fc-069cd4fc3278 e6e967ea4fcc472d96af72de39cff0fa 9d58eb14cbaa42908194a838f81c9e75 - - - -] Unable to schedule network ba5d6fb0-f8b7-41fc-8b7e-15d9daf2a7ad: no agents available; will retry on subsequent port and subnet creation events.
2026-07-21 07:53:51.192 10 INFO neutron.db.ovn_revision_numbers_db [None req-54ddabd4-5286-4b04-a7d1-0106615c282d - - - - - -] Successfully bumped revision number for resource eea2104a-84b0-4e1f-b5d2-cf44f3682824 (type: router_ports) to 3
2026-07-21 07:53:51.410 10 INFO neutron.db.ovn_revision_numbers_db [None req-77a63f38-a08a-48ae-96fc-069cd4fc3278 e6e967ea4fcc472d96af72de39cff0fa 9d58eb14cbaa42908194a838f81c9e75 - - - -] Successfully bumped revision number for resource 3877db10-3f90-450a-a3b8-3c4999686efe (type: ports) to 1
2026-07-21 07:53:51.461 10 INFO neutron.wsgi [None req-77a63f38-a08a-48ae-96fc-069cd4fc3278 e6e967ea4fcc472d96af72de39cff0fa 9d58eb14cbaa42908194a838f81c9e75 - - - -] 199.19.213.199 "POST /v2.0/ports HTTP/1.1" status: 201 len: 1158 time: 1.2179420 /var/lib/openstack/lib/python3.10/site-packages/pycadf/identifier.py:71: UserWarning: Invalid uuid: neutron. To ensure interoperability, identifiers should be a valid uuid. warnings.warn(('Invalid uuid: %s. To ensure interoperability, '
2026-07-21 07:53:51.476 10 INFO neutron.db.ovn_revision_numbers_db [None req-54ddabd4-5286-4b04-a7d1-0106615c282d - - - - - -] Successfully bumped revision number for resource eea2104a-84b0-4e1f-b5d2-cf44f3682824 (type: ports) to 2
2026-07-21 07:53:51.592 10 INFO neutron.wsgi [req-b85f6b03-b3b6-455d-8585-3870f509707d req-f9ac74ab-568e-4241-aee3-46ada8d79291 e6e967ea4fcc472d96af72de39cff0fa 9d58eb14cbaa42908194a838f81c9e75 - - default default] 10.0.0.176 "GET /v2.0/ports?device_id=bcf1773f-6d22-40a4-a1cd-e766b0617463 HTTP/1.1" status: 200 len: 1156 time: 0.0621147
2026-07-21 07:53:51.685 10 INFO neutron.wsgi [req-b85f6b03-b3b6-455d-8585-3870f509707d req-71d90fde-5dfe-4043-8725-f24ecf524ed3 e6e967ea4fcc472d96af72de39cff0fa 9d58eb14cbaa42908194a838f81c9e75 - - default default] 10.0.0.176 "GET /v2.0/security-groups?id=c148075d-4741-47ee-972f-5352aca4a211&fields=id&fields=name HTTP/1.1" status: 200 len: 313 time: 0.0817041
2026-07-21 07:53:51.869 10 INFO neutron.db.ovn_revision_numbers_db [None req-4fcef121-219c-4fc4-a165-4c46703a1a82 c559b67c8dc14c6e9bb7fa2452ec7a44 3b5df8bf225349b0ab7bd2b1a0d2c1b1 - - default default] Successfully bumped revision number for resource 07a978ad-7587-4a45-a250-42a0883dfabf (type: router_ports) to 2
2026-07-21 07:53:51.995 10 INFO neutron.db.ovn_revision_numbers_db [None req-54ddabd4-5286-4b04-a7d1-0106615c282d - - - - - -] Successfully bumped revision number for resource eea2104a-84b0-4e1f-b5d2-cf44f3682824 (type: ports) to 4
2026-07-21 07:53:52.293 9 INFO neutron.db.ovn_revision_numbers_db [None req-f2e12091-24ba-4756-b6c2-82516598822e c559b67c8dc14c6e9bb7fa2452ec7a44 3b5df8bf225349b0ab7bd2b1a0d2c1b1 - - default default] Successfully bumped revision number for resource a195754d-49cf-45c2-87b4-69b1517acc2c (type: security_groups) to 1
2026-07-21 07:53:52.296 9 INFO neutron.plugins.ml2.drivers.ovn.mech_driver.mech_driver [None req-1096d1bb-1619-4472-9536-ac3a88dc9fbc - - - - - -] OVN reports status up for port: 07a978ad-7587-4a45-a250-42a0883dfabf
2026-07-21 07:53:52.317 9 INFO neutron.plugins.ml2.plugin [None req-1096d1bb-1619-4472-9536-ac3a88dc9fbc - - - - - -] Attempt 1 to provision port 07a978ad-7587-4a45-a250-42a0883dfabf
2026-07-21 07:53:52.336 9 INFO neutron.wsgi [None req-f2e12091-24ba-4756-b6c2-82516598822e c559b67c8dc14c6e9bb7fa2452ec7a44 3b5df8bf225349b0ab7bd2b1a0d2c1b1 - - default default] 10.0.0.37 "GET /v2.0/security-groups?tenant_id=0b2cccab20294ce8b3ead5b83eb0e676&name=default HTTP/1.1" status: 200 len: 2996 time: 0.3446937
2026-07-21 07:53:52.387 10 INFO neutron.db.ovn_revision_numbers_db [None req-4fcef121-219c-4fc4-a165-4c46703a1a82 c559b67c8dc14c6e9bb7fa2452ec7a44 3b5df8bf225349b0ab7bd2b1a0d2c1b1 - - default default] Successfully bumped revision number for resource 07a978ad-7587-4a45-a250-42a0883dfabf (type: ports) to 2
2026-07-21 07:53:52.424 10 INFO neutron.db.ovn_revision_numbers_db [None req-d7662b5c-21c6-4451-bbb9-1140d21adc36 1b6a6b17dc714991a943390189061cea 9796ff7890114c13968851e69adf92a0 - - - -] Successfully bumped revision number for resource 3877db10-3f90-450a-a3b8-3c4999686efe (type: ports) to 2
2026-07-21 07:53:52.509 10 WARNING neutron.scheduler.dhcp_agent_scheduler [None req-4fcef121-219c-4fc4-a165-4c46703a1a82 c559b67c8dc14c6e9bb7fa2452ec7a44 3b5df8bf225349b0ab7bd2b1a0d2c1b1 - - default default] No more DHCP agents
2026-07-21 07:53:52.511 10 WARNING neutron.api.rpc.agentnotifiers.dhcp_rpc_agent_api [None req-4fcef121-219c-4fc4-a165-4c46703a1a82 c559b67c8dc14c6e9bb7fa2452ec7a44 3b5df8bf225349b0ab7bd2b1a0d2c1b1 - - default default] Unable to schedule network 96c1631a-0665-4c13-9dbe-56aa59c7f7a8: no agents available; will retry on subsequent port and subnet creation events.
2026-07-21 07:53:52.622 9 INFO neutron.wsgi [None req-30c2d543-3f1b-468c-a482-8a920bd5da5d c559b67c8dc14c6e9bb7fa2452ec7a44 3b5df8bf225349b0ab7bd2b1a0d2c1b1 - - - -] 10.0.0.37 "DELETE /v2.0/security-groups/a195754d-49cf-45c2-87b4-69b1517acc2c HTTP/1.1" status: 204 len: 168 time: 0.2798116
2026-07-21 07:53:52.626 10 INFO neutron.db.ovn_revision_numbers_db [None req-54ddabd4-5286-4b04-a7d1-0106615c282d - - - - - -] Successfully bumped revision number for resource eea2104a-84b0-4e1f-b5d2-cf44f3682824 (type: router_ports) to 4
2026-07-21 07:53:52.652 9 INFO neutron.db.ovn_revision_numbers_db [None req-1096d1bb-1619-4472-9536-ac3a88dc9fbc - - - - - -] Successfully bumped revision number for resource 07a978ad-7587-4a45-a250-42a0883dfabf (type: ports) to 3
2026-07-21 07:53:52.765 10 INFO neutron.db.ovn_revision_numbers_db [None req-d7662b5c-21c6-4451-bbb9-1140d21adc36 1b6a6b17dc714991a943390189061cea 9796ff7890114c13968851e69adf92a0 - - - -] Successfully bumped revision number for resource 3877db10-3f90-450a-a3b8-3c4999686efe (type: ports) to 2 /var/lib/openstack/lib/python3.10/site-packages/pycadf/identifier.py:71: UserWarning: Invalid uuid: neutron. To ensure interoperability, identifiers should be a valid uuid. warnings.warn(('Invalid uuid: %s. To ensure interoperability, '
2026-07-21 07:53:52.784 9 INFO neutron.db.ovn_revision_numbers_db [None req-1096d1bb-1619-4472-9536-ac3a88dc9fbc - - - - - -] Successfully bumped revision number for resource 07a978ad-7587-4a45-a250-42a0883dfabf (type: router_ports) to 3
2026-07-21 07:53:52.811 10 INFO neutron.wsgi [None req-d7662b5c-21c6-4451-bbb9-1140d21adc36 1b6a6b17dc714991a943390189061cea 9796ff7890114c13968851e69adf92a0 - - - -] 199.19.213.199 "PUT /v2.0/ports/3877db10-3f90-450a-a3b8-3c4999686efe HTTP/1.1" status: 200 len: 1328 time: 1.3417037
2026-07-21 07:53:52.827 10 INFO neutron.wsgi [req-05ec0855-adf0-4828-9776-128a198e9d9d req-f46a1b6f-0be0-4424-8dad-1c67c8b7edb1 e6e967ea4fcc472d96af72de39cff0fa 9d58eb14cbaa42908194a838f81c9e75 - - default default] 10.0.0.176 "GET /v2.0/ports?device_id=bcf1773f-6d22-40a4-a1cd-e766b0617463 HTTP/1.1" status: 200 len: 1168 time: 0.0580430
2026-07-21 07:53:52.879 10 INFO neutron.notifiers.nova [-] Nova event matching ['req-6d3b48d0-7757-4cbd-a133-ecf43320fa45'] response: {'name': 'network-changed', 'server_uuid': 'bcf1773f-6d22-40a4-a1cd-e766b0617463', 'tag': '3877db10-3f90-450a-a3b8-3c4999686efe', 'status': 'completed', 'code': 200}
2026-07-21 07:53:52.892 9 INFO neutron.db.ovn_revision_numbers_db [None req-6d1960ed-24d7-4d8b-b309-f91068e9ed11 c559b67c8dc14c6e9bb7fa2452ec7a44 3b5df8bf225349b0ab7bd2b1a0d2c1b1 - - default default] Successfully bumped revision number for resource 78897cca-fb00-4a3e-a144-9938c8386ff4 (type: security_groups) to 1
2026-07-21 07:53:52.914 10 INFO neutron.wsgi [req-05ec0855-adf0-4828-9776-128a198e9d9d req-9e93d507-51a6-4e30-8511-5a64e343a63c e6e967ea4fcc472d96af72de39cff0fa 9d58eb14cbaa42908194a838f81c9e75 - - default default] 10.0.0.176 "GET /v2.0/security-groups?id=c148075d-4741-47ee-972f-5352aca4a211&fields=id&fields=name HTTP/1.1" status: 200 len: 313 time: 0.0729289
2026-07-21 07:53:52.919 10 INFO neutron.wsgi [req-c93dae83-5e79-48c9-9ba7-c93e8dfca7dd req-ed1a7000-e535-4c9f-bb89-04538ac19128 1b6a6b17dc714991a943390189061cea 9796ff7890114c13968851e69adf92a0 - - f75cd953ec1d47d48337cd8ec909d548 f75cd953ec1d47d48337cd8ec909d548] 199.19.213.199 "GET /v2.0/ports?tenant_id=9d58eb14cbaa42908194a838f81c9e75&device_id=bcf1773f-6d22-40a4-a1cd-e766b0617463 HTTP/1.1" status: 200 len: 1359 time: 0.0523016
2026-07-21 07:53:52.922 9 INFO neutron.wsgi [None req-6d1960ed-24d7-4d8b-b309-f91068e9ed11 c559b67c8dc14c6e9bb7fa2452ec7a44 3b5df8bf225349b0ab7bd2b1a0d2c1b1 - - default default] 10.0.0.37 "GET /v2.0/security-groups?tenant_id=0e7d48cc0dad47fd811b9b0afe891c9b&name=default HTTP/1.1" status: 200 len: 2996 time: 0.1813266
2026-07-21 07:53:52.959 10 INFO neutron.wsgi [req-c93dae83-5e79-48c9-9ba7-c93e8dfca7dd req-8a4e1810-3e57-4fb7-b13e-6440c1803994 1b6a6b17dc714991a943390189061cea 9796ff7890114c13968851e69adf92a0 - - f75cd953ec1d47d48337cd8ec909d548 f75cd953ec1d47d48337cd8ec909d548] 199.19.213.199 "GET /v2.0/floatingips?fixed_ip_address=10.100.0.7&port_id=3877db10-3f90-450a-a3b8-3c4999686efe HTTP/1.1" status: 200 len: 217 time: 0.0337653
2026-07-21 07:53:53.004 10 INFO neutron.wsgi [req-c93dae83-5e79-48c9-9ba7-c93e8dfca7dd req-665bd1ff-60df-4ce3-8895-15462719addd 1b6a6b17dc714991a943390189061cea 9796ff7890114c13968851e69adf92a0 - - f75cd953ec1d47d48337cd8ec909d548 f75cd953ec1d47d48337cd8ec909d548] 199.19.213.199 "GET /v2.0/subnets?id=adfe140c-2f62-459d-93c4-40d24c427765 HTTP/1.1" status: 200 len: 872 time: 0.0402682
2026-07-21 07:53:53.045 10 INFO neutron.wsgi [req-c93dae83-5e79-48c9-9ba7-c93e8dfca7dd req-f706ef29-e351-433f-99c3-2beacb8280be 1b6a6b17dc714991a943390189061cea 9796ff7890114c13968851e69adf92a0 - - f75cd953ec1d47d48337cd8ec909d548 f75cd953ec1d47d48337cd8ec909d548] 199.19.213.199 "GET /v2.0/ports?network_id=ba5d6fb0-f8b7-41fc-8b7e-15d9daf2a7ad&device_owner=network%3Adhcp HTTP/1.1" status: 200 len: 210 time: 0.0287490
2026-07-21 07:53:53.148 10 INFO neutron.wsgi [req-c93dae83-5e79-48c9-9ba7-c93e8dfca7dd req-c7c57f9f-4f1d-4b5a-8910-ea4d29135a2b 1b6a6b17dc714991a943390189061cea 9796ff7890114c13968851e69adf92a0 - - f75cd953ec1d47d48337cd8ec909d548 f75cd953ec1d47d48337cd8ec909d548] 199.19.213.199 "GET /v2.0/networks/ba5d6fb0-f8b7-41fc-8b7e-15d9daf2a7ad?fields=segments HTTP/1.1" status: 200 len: 212 time: 0.0933335
2026-07-21 07:53:53.157 9 INFO neutron.wsgi [None req-c319fba8-7afb-4a9c-a3ad-541c3e12c77e c559b67c8dc14c6e9bb7fa2452ec7a44 3b5df8bf225349b0ab7bd2b1a0d2c1b1 - - - -] 10.0.0.37 "DELETE /v2.0/security-groups/78897cca-fb00-4a3e-a144-9938c8386ff4 HTTP/1.1" status: 204 len: 168 time: 0.2249663
2026-07-21 07:53:53.224 10 INFO neutron.wsgi [req-c93dae83-5e79-48c9-9ba7-c93e8dfca7dd req-b3094ddd-a852-4dbf-9f7d-a3fc37064df6 1b6a6b17dc714991a943390189061cea 9796ff7890114c13968851e69adf92a0 - - f75cd953ec1d47d48337cd8ec909d548 f75cd953ec1d47d48337cd8ec909d548] 199.19.213.199 "GET /v2.0/networks/ba5d6fb0-f8b7-41fc-8b7e-15d9daf2a7ad?fields=provider%3Aphysical_network&fields=provider%3Anetwork_type HTTP/1.1" status: 200 len: 277 time: 0.0694873
2026-07-21 07:53:53.554 10 INFO neutron.plugins.ml2.drivers.ovn.mech_driver.mech_driver [None req-0a4d5b0c-0275-45c2-92fb-518f62a388a5 - - - - - -] OVN reports status up for port: 3877db10-3f90-450a-a3b8-3c4999686efe
2026-07-21 07:53:53.607 10 INFO neutron.plugins.ml2.plugin [None req-0a4d5b0c-0275-45c2-92fb-518f62a388a5 - - - - - -] Attempt 1 to provision port 3877db10-3f90-450a-a3b8-3c4999686efe
2026-07-21 07:53:53.612 10 INFO neutron.wsgi [req-cd9dfb95-2a56-4917-94c6-ed5234bac7f3 req-8c1b68a5-cf26-45a7-8190-44eb3fe62883 1b6a6b17dc714991a943390189061cea 9796ff7890114c13968851e69adf92a0 - - f75cd953ec1d47d48337cd8ec909d548 f75cd953ec1d47d48337cd8ec909d548] 199.19.213.199 "GET /v2.0/ports?tenant_id=9d58eb14cbaa42908194a838f81c9e75&device_id=bcf1773f-6d22-40a4-a1cd-e766b0617463 HTTP/1.1" status: 200 len: 1359 time: 0.3383462
2026-07-21 07:53:53.782 10 INFO neutron.wsgi [req-cd9dfb95-2a56-4917-94c6-ed5234bac7f3 req-2f3c2565-336c-401a-a322-382c278567d6 1b6a6b17dc714991a943390189061cea 9796ff7890114c13968851e69adf92a0 - - f75cd953ec1d47d48337cd8ec909d548 f75cd953ec1d47d48337cd8ec909d548] 199.19.213.199 "GET /v2.0/networks?id=ba5d6fb0-f8b7-41fc-8b7e-15d9daf2a7ad HTTP/1.1" status: 200 len: 977 time: 0.1559882
2026-07-21 07:53:53.786 10 INFO neutron.wsgi [req-3bc2001c-cb59-42fa-b31e-d35f59cb8e20 req-8c45dead-510e-4f96-9f70-69a2bea74858 0f35c0dcef154d55934311ef9e8bf0fb b4aa2073a0044b998be64480a28e8be2 - - default default] 10.0.0.176 "GET /v2.0/ports?device_id=cdbf74f5-aa8d-43fb-b746-0d8db67bd073 HTTP/1.1" status: 200 len: 1170 time: 0.2376585
2026-07-21 07:53:53.821 10 INFO neutron.wsgi [req-cd9dfb95-2a56-4917-94c6-ed5234bac7f3 req-263a70ff-0891-4509-8ceb-7b385e53d3cf 1b6a6b17dc714991a943390189061cea 9796ff7890114c13968851e69adf92a0 - - f75cd953ec1d47d48337cd8ec909d548 f75cd953ec1d47d48337cd8ec909d548] 199.19.213.199 "GET /v2.0/floatingips?fixed_ip_address=10.100.0.7&port_id=3877db10-3f90-450a-a3b8-3c4999686efe HTTP/1.1" status: 200 len: 217 time: 0.0293729
2026-07-21 07:53:53.850 10 INFO neutron.db.ovn_revision_numbers_db [None req-4fcef121-219c-4fc4-a165-4c46703a1a82 c559b67c8dc14c6e9bb7fa2452ec7a44 3b5df8bf225349b0ab7bd2b1a0d2c1b1 - - - -] Successfully bumped revision number for resource 07a978ad-7587-4a45-a250-42a0883dfabf (type: router_ports) to 3
2026-07-21 07:53:53.852 10 INFO neutron.wsgi [None req-4fcef121-219c-4fc4-a165-4c46703a1a82 c559b67c8dc14c6e9bb7fa2452ec7a44 3b5df8bf225349b0ab7bd2b1a0d2c1b1 - - - -] 10.0.0.37 "PUT /v2.0/routers/741fb75a-ac3c-4b1b-b0f5-304bb581903b/add_router_interface HTTP/1.1" status: 200 len: 503 time: 4.1498315
2026-07-21 07:53:53.909 10 INFO neutron.wsgi [req-cd9dfb95-2a56-4917-94c6-ed5234bac7f3 req-27247374-fb07-4f4d-b9c5-f5ecd1023b9a 1b6a6b17dc714991a943390189061cea 9796ff7890114c13968851e69adf92a0 - - f75cd953ec1d47d48337cd8ec909d548 f75cd953ec1d47d48337cd8ec909d548] 199.19.213.199 "GET /v2.0/subnets?id=adfe140c-2f62-459d-93c4-40d24c427765 HTTP/1.1" status: 200 len: 872 time: 0.0757897
2026-07-21 07:53:53.917 10 INFO neutron.wsgi [req-b2783dd5-be65-4ec7-96fe-57b6b1ebeb08 req-3e52d141-2c01-498b-a9ee-5f7c517844ba 0f35c0dcef154d55934311ef9e8bf0fb b4aa2073a0044b998be64480a28e8be2 - - default default] 10.0.0.176 "GET /v2.0/ports/70c47ed3-84f8-4c7b-857e-27b56b864ac5 HTTP/1.1" status: 200 len: 1167 time: 0.0548222
2026-07-21 07:53:53.950 10 INFO neutron.wsgi [req-cd9dfb95-2a56-4917-94c6-ed5234bac7f3 req-4bb91058-205d-4644-8273-b20c45e42d94 1b6a6b17dc714991a943390189061cea 9796ff7890114c13968851e69adf92a0 - - f75cd953ec1d47d48337cd8ec909d548 f75cd953ec1d47d48337cd8ec909d548] 199.19.213.199 "GET /v2.0/ports?network_id=ba5d6fb0-f8b7-41fc-8b7e-15d9daf2a7ad&device_owner=network%3Adhcp HTTP/1.1" status: 200 len: 210 time: 0.0325789
2026-07-21 07:53:54.064 10 INFO neutron.wsgi [req-cd9dfb95-2a56-4917-94c6-ed5234bac7f3 req-3e42251f-9f9f-44bb-b5fe-c511d6ecdf7a 1b6a6b17dc714991a943390189061cea 9796ff7890114c13968851e69adf92a0 - - f75cd953ec1d47d48337cd8ec909d548 f75cd953ec1d47d48337cd8ec909d548] 199.19.213.199 "GET /v2.0/networks/ba5d6fb0-f8b7-41fc-8b7e-15d9daf2a7ad?fields=segments HTTP/1.1" status: 200 len: 212 time: 0.1071131
2026-07-21 07:53:54.145 9 INFO neutron.wsgi [req-99fd59b6-a0b6-45bc-97a0-d1d7e98da4f9 req-f33f10a3-8e88-4fda-b729-3d6e240c1706 0f35c0dcef154d55934311ef9e8bf0fb b4aa2073a0044b998be64480a28e8be2 - - default default] 199.19.213.199 "GET /v2.0/subnets?network_id=b3129b4a-c6d9-4283-9835-b63892ebee40 HTTP/1.1" status: 200 len: 858 time: 0.0683155
