2026-07-21 07:56:56.157 10 INFO neutron.db.ovn_revision_numbers_db [None req-0ccfcff1-aa04-401f-9530-6876feda4611 cf01c077883a408c93b49faa78b14fdc d2a9fdda56894472b1998958f93d356b - - - -] Successfully bumped revision number for resource ab1c72d4-65e8-4cfb-9eee-febbcf52cd22 (type: networks) to 1
2026-07-21 07:56:56.316 9 INFO neutron.wsgi [None req-976fa874-5297-4688-9322-37de96a5d78d c559b67c8dc14c6e9bb7fa2452ec7a44 3b5df8bf225349b0ab7bd2b1a0d2c1b1 - - - -] 10.0.0.37 "DELETE /v2.0/security-groups/fb9c3e2c-9e02-4c94-823b-2a0958d741ae HTTP/1.1" status: 204 len: 168 time: 0.1868448
2026-07-21 07:56:56.365 10 WARNING neutron.scheduler.dhcp_agent_scheduler [None req-0ccfcff1-aa04-401f-9530-6876feda4611 cf01c077883a408c93b49faa78b14fdc d2a9fdda56894472b1998958f93d356b - - - -] No more DHCP agents
2026-07-21 07:56:56.366 10 WARNING neutron.api.rpc.agentnotifiers.dhcp_rpc_agent_api [None req-0ccfcff1-aa04-401f-9530-6876feda4611 cf01c077883a408c93b49faa78b14fdc d2a9fdda56894472b1998958f93d356b - - - -] Unable to schedule network ab1c72d4-65e8-4cfb-9eee-febbcf52cd22: no agents available; will retry on subsequent port and subnet creation events.
2026-07-21 07:56:56.426 10 INFO neutron.db.ovn_revision_numbers_db [None req-0ccfcff1-aa04-401f-9530-6876feda4611 cf01c077883a408c93b49faa78b14fdc d2a9fdda56894472b1998958f93d356b - - - -] Successfully bumped revision number for resource 3f2e2a4c-ceb0-4703-b1c4-b09f5f3511b8 (type: ports) to 1
2026-07-21 07:56:56.448 10 INFO neutron.wsgi [None req-0ccfcff1-aa04-401f-9530-6876feda4611 cf01c077883a408c93b49faa78b14fdc d2a9fdda56894472b1998958f93d356b - - - -] 10.0.0.37 "POST /v2.0/networks HTTP/1.1" status: 201 len: 831 time: 0.6829355
2026-07-21 07:56:56.509 10 INFO neutron.wsgi [None req-34be7d9c-ea87-4f9a-8170-83476c0b22cb c559b67c8dc14c6e9bb7fa2452ec7a44 3b5df8bf225349b0ab7bd2b1a0d2c1b1 - - default default] 10.0.0.37 "GET /v2.0/security-groups?tenant_id=b81c202f17964260b530ebb813e9a79c&name=default HTTP/1.1" status: 200 len: 2996 time: 0.0386488
2026-07-21 07:56:56.560 10 INFO neutron.db.segments_db [None req-a0f3d4e3-d489-4e7d-8643-20336e59b2e5 cf01c077883a408c93b49faa78b14fdc d2a9fdda56894472b1998958f93d356b - - - -] Added segment 595bbbdf-a897-44c9-9685-867d8ab672aa of type geneve for network 2e487891-4264-4970-a2f9-9d220fb614c0
2026-07-21 07:56:56.705 10 INFO neutron.db.ovn_revision_numbers_db [None req-a0f3d4e3-d489-4e7d-8643-20336e59b2e5 cf01c077883a408c93b49faa78b14fdc d2a9fdda56894472b1998958f93d356b - - - -] Successfully bumped revision number for resource 2e487891-4264-4970-a2f9-9d220fb614c0 (type: networks) to 1
2026-07-21 07:56:56.846 10 INFO neutron.wsgi [None req-9599cb1b-adc9-4a6a-a4a4-be63bc487af7 c559b67c8dc14c6e9bb7fa2452ec7a44 3b5df8bf225349b0ab7bd2b1a0d2c1b1 - - - -] 10.0.0.37 "DELETE /v2.0/security-groups/d4b7e752-452f-44e5-a0a0-b9a9ee707dca HTTP/1.1" status: 204 len: 168 time: 0.3314874
2026-07-21 07:56:56.918 10 WARNING neutron.scheduler.dhcp_agent_scheduler [None req-a0f3d4e3-d489-4e7d-8643-20336e59b2e5 cf01c077883a408c93b49faa78b14fdc d2a9fdda56894472b1998958f93d356b - - - -] No more DHCP agents
2026-07-21 07:56:56.920 10 WARNING neutron.api.rpc.agentnotifiers.dhcp_rpc_agent_api [None req-a0f3d4e3-d489-4e7d-8643-20336e59b2e5 cf01c077883a408c93b49faa78b14fdc d2a9fdda56894472b1998958f93d356b - - - -] Unable to schedule network 2e487891-4264-4970-a2f9-9d220fb614c0: no agents available; will retry on subsequent port and subnet creation events.
2026-07-21 07:56:56.990 10 INFO neutron.db.ovn_revision_numbers_db [None req-a0f3d4e3-d489-4e7d-8643-20336e59b2e5 cf01c077883a408c93b49faa78b14fdc d2a9fdda56894472b1998958f93d356b - - - -] Successfully bumped revision number for resource af6ff9db-3389-4e6c-97ca-dab51eafaa38 (type: ports) to 1
2026-07-21 07:56:57.016 10 INFO neutron.wsgi [None req-a0f3d4e3-d489-4e7d-8643-20336e59b2e5 cf01c077883a408c93b49faa78b14fdc d2a9fdda56894472b1998958f93d356b - - - -] 10.0.0.37 "POST /v2.0/networks HTTP/1.1" status: 201 len: 831 time: 0.5626607
2026-07-21 07:56:57.078 10 INFO neutron.wsgi [None req-3a0a36fa-a79f-424d-a350-4764f0d19fda cf01c077883a408c93b49faa78b14fdc d2a9fdda56894472b1998958f93d356b - - - -] 10.0.0.37 "PUT /v2.0/networks/ab1c72d4-65e8-4cfb-9eee-febbcf52cd22/tags HTTP/1.1" status: 200 len: 218 time: 0.0559700
2026-07-21 07:56:57.126 10 INFO neutron.wsgi [None req-1c48cb35-2159-4023-a7f8-db0e57cd356e cf01c077883a408c93b49faa78b14fdc d2a9fdda56894472b1998958f93d356b - - default default] 10.0.0.37 "GET /v2.0/networks/ab1c72d4-65e8-4cfb-9eee-febbcf52cd22/tags HTTP/1.1" status: 200 len: 218 time: 0.0431652
2026-07-21 07:56:57.182 10 INFO neutron.wsgi [None req-cfaa53af-4360-4272-b86c-d1f72f14267f cf01c077883a408c93b49faa78b14fdc d2a9fdda56894472b1998958f93d356b - - - -] 10.0.0.37 "PUT /v2.0/networks/2e487891-4264-4970-a2f9-9d220fb614c0/tags HTTP/1.1" status: 200 len: 210 time: 0.0513234
2026-07-21 07:56:57.277 10 INFO neutron.wsgi [None req-f87879f1-fdcc-45b6-90c2-d0067aad542c cf01c077883a408c93b49faa78b14fdc d2a9fdda56894472b1998958f93d356b - - default default] 10.0.0.37 "GET /v2.0/networks/2e487891-4264-4970-a2f9-9d220fb614c0/tags HTTP/1.1" status: 200 len: 210 time: 0.0779023
2026-07-21 07:56:57.337 10 INFO neutron.wsgi [None req-c0b422ed-3b57-4975-ad42-77fa5ae7d45e cf01c077883a408c93b49faa78b14fdc d2a9fdda56894472b1998958f93d356b - - - -] 10.0.0.37 "PUT /v2.0/networks/2e487891-4264-4970-a2f9-9d220fb614c0/tags HTTP/1.1" status: 200 len: 205 time: 0.0556600
2026-07-21 07:56:57.402 10 INFO neutron.wsgi [None req-69ff0674-47ac-4e0b-bca7-49b282dab994 cf01c077883a408c93b49faa78b14fdc d2a9fdda56894472b1998958f93d356b - - default default] 10.0.0.37 "GET /v2.0/networks/2e487891-4264-4970-a2f9-9d220fb614c0/tags HTTP/1.1" status: 200 len: 205 time: 0.0587122
2026-07-21 07:56:57.446 10 INFO neutron.wsgi [None req-be02ed44-186e-4020-b224-3e8818f97c0c cf01c077883a408c93b49faa78b14fdc d2a9fdda56894472b1998958f93d356b - - default default] 10.0.0.37 "GET /v2.0/networks/ab1c72d4-65e8-4cfb-9eee-febbcf52cd22/tags HTTP/1.1" status: 200 len: 218 time: 0.0394800
2026-07-21 07:56:57.892 10 INFO neutron.services.segments.plugin [-] Segment c388d1aa-5a59-4388-a32c-d81c1c1449ca resource provider aggregate not found
2026-07-21 07:56:57.900 10 INFO neutron.services.segments.plugin [-] Segment c388d1aa-5a59-4388-a32c-d81c1c1449ca resource provider aggregate not found
2026-07-21 07:56:57.923 10 INFO neutron.services.segments.plugin [-] Segment c388d1aa-5a59-4388-a32c-d81c1c1449ca resource provider not found; error: Placement Client Error (4xx): {"errors": [{"status": 404, "title": "Not Found", "detail": "The resource could not be found.\n\n No resource provider with uuid c388d1aa-5a59-4388-a32c-d81c1c1449ca found for delete ", "request_id": "req-69396d53-ecd1-42d4-baed-1957e1b745eb"}]}
2026-07-21 07:56:57.935 10 INFO neutron.services.segments.plugin [-] Segment c388d1aa-5a59-4388-a32c-d81c1c1449ca resource provider not found; error: Placement Client Error (4xx): {"errors": [{"status": 404, "title": "Not Found", "detail": "The resource could not be found.\n\n No resource provider with uuid c388d1aa-5a59-4388-a32c-d81c1c1449ca found for delete ", "request_id": "req-d317e56c-5d92-434a-b7ab-aded8df88f4e"}]}
2026-07-21 07:56:57.950 10 INFO neutron.wsgi [None req-95e39122-f5d5-45bb-8ad7-be84ea03cd1b cf01c077883a408c93b49faa78b14fdc d2a9fdda56894472b1998958f93d356b - - - -] 10.0.0.37 "DELETE /v2.0/networks/ab1c72d4-65e8-4cfb-9eee-febbcf52cd22 HTTP/1.1" status: 204 len: 168 time: 0.4822946
2026-07-21 07:56:58.295 9 INFO neutron.services.segments.plugin [-] Segment 595bbbdf-a897-44c9-9685-867d8ab672aa resource provider aggregate not found
2026-07-21 07:56:58.300 9 INFO neutron.services.segments.plugin [-] Segment 595bbbdf-a897-44c9-9685-867d8ab672aa resource provider aggregate not found
2026-07-21 07:56:58.316 9 INFO neutron.services.segments.plugin [-] Segment 595bbbdf-a897-44c9-9685-867d8ab672aa resource provider not found; error: Placement Client Error (4xx): {"errors": [{"status": 404, "title": "Not Found", "detail": "The resource could not be found.\n\n No resource provider with uuid 595bbbdf-a897-44c9-9685-867d8ab672aa found for delete ", "request_id": "req-57a7510b-b6d8-42e9-9268-5ab92f10b7a5"}]}
2026-07-21 07:56:58.316 9 INFO neutron.services.segments.plugin [-] Segment 595bbbdf-a897-44c9-9685-867d8ab672aa resource provider not found; error: Placement Client Error (4xx): {"errors": [{"status": 404, "title": "Not Found", "detail": "The resource could not be found.\n\n No resource provider with uuid 595bbbdf-a897-44c9-9685-867d8ab672aa found for delete ", "request_id": "req-069ca8e7-e1e1-4a75-81dc-6a840e953ddf"}]}
2026-07-21 07:56:58.344 9 INFO neutron.wsgi [None req-c4fa831f-8746-4418-95c9-6ea193b4b9d5 cf01c077883a408c93b49faa78b14fdc d2a9fdda56894472b1998958f93d356b - - - -] 10.0.0.37 "DELETE /v2.0/networks/2e487891-4264-4970-a2f9-9d220fb614c0 HTTP/1.1" status: 204 len: 168 time: 0.3877196
2026-07-21 07:56:59.087 9 INFO neutron.wsgi [None req-ecf10361-5087-4c9a-b23f-daeeed707132 c559b67c8dc14c6e9bb7fa2452ec7a44 3b5df8bf225349b0ab7bd2b1a0d2c1b1 - - default default] 10.0.0.37 "GET /v2.0/security-groups?tenant_id=d2a9fdda56894472b1998958f93d356b&name=default HTTP/1.1" status: 200 len: 2996 time: 0.0816224
2026-07-21 07:56:59.139 9 INFO neutron.db.ovn_revision_numbers_db [None req-33901158-2005-47a6-bf19-bd81e254e6b6 c559b67c8dc14c6e9bb7fa2452ec7a44 3b5df8bf225349b0ab7bd2b1a0d2c1b1 - - default default] Successfully bumped revision number for resource 0d399359-6b82-4978-8510-0f1ef448ccca (type: security_groups) to 1
2026-07-21 07:56:59.162 9 INFO neutron.wsgi [None req-33901158-2005-47a6-bf19-bd81e254e6b6 c559b67c8dc14c6e9bb7fa2452ec7a44 3b5df8bf225349b0ab7bd2b1a0d2c1b1 - - default default] 10.0.0.37 "GET /v2.0/security-groups?tenant_id=3e0b9594b79f4f7f941f8195fc76c0b7&name=default HTTP/1.1" status: 200 len: 2996 time: 0.2295461
2026-07-21 07:56:59.298 10 INFO neutron.wsgi [None req-fd0f2dfb-5bfd-45b1-8ff6-7ea5cb7fc24c c559b67c8dc14c6e9bb7fa2452ec7a44 3b5df8bf225349b0ab7bd2b1a0d2c1b1 - - - -] 10.0.0.37 "DELETE /v2.0/security-groups/c5c94039-9fc8-45cc-87d4-d9392af31ab5 HTTP/1.1" status: 204 len: 168 time: 0.2043648
2026-07-21 07:56:59.353 9 INFO neutron.wsgi [None req-1ad50c72-3292-47b1-bbf1-916d04627c83 c559b67c8dc14c6e9bb7fa2452ec7a44 3b5df8bf225349b0ab7bd2b1a0d2c1b1 - - - -] 10.0.0.37 "DELETE /v2.0/security-groups/0d399359-6b82-4978-8510-0f1ef448ccca HTTP/1.1" status: 204 len: 168 time: 0.1861124
2026-07-21 07:56:59.545 9 INFO neutron.db.ovn_revision_numbers_db [None req-95ed3090-7b2d-4b15-8c94-ab6dd6a822e6 c559b67c8dc14c6e9bb7fa2452ec7a44 3b5df8bf225349b0ab7bd2b1a0d2c1b1 - - default default] Successfully bumped revision number for resource 4f5d959f-e788-479d-8974-717e03c9832f (type: security_groups) to 1
2026-07-21 07:56:59.573 9 INFO neutron.wsgi [None req-95ed3090-7b2d-4b15-8c94-ab6dd6a822e6 c559b67c8dc14c6e9bb7fa2452ec7a44 3b5df8bf225349b0ab7bd2b1a0d2c1b1 - - default default] 10.0.0.37 "GET /v2.0/security-groups?tenant_id=e8498bf68b2b404f85e77e57ec425644&name=default HTTP/1.1" status: 200 len: 2996 time: 0.1267297
2026-07-21 07:56:59.767 9 INFO neutron.wsgi [None req-543d7084-8a40-45ff-be95-f6a0eab8dbf7 c559b67c8dc14c6e9bb7fa2452ec7a44 3b5df8bf225349b0ab7bd2b1a0d2c1b1 - - - -] 10.0.0.37 "DELETE /v2.0/security-groups/4f5d959f-e788-479d-8974-717e03c9832f HTTP/1.1" status: 204 len: 168 time: 0.1901047
2026-07-21 07:57:00.565 9 WARNING neutron.scheduler.dhcp_agent_scheduler [None req-6ef0203f-7f04-4925-8bfe-eafce78ecef4 46a34db5777a41fdb7cb58731c2c6ea2 bd724c8f108141578e13c2da6d2d1df5 - - - -] No more DHCP agents
2026-07-21 07:57:00.569 9 WARNING neutron.api.rpc.agentnotifiers.dhcp_rpc_agent_api [None req-6ef0203f-7f04-4925-8bfe-eafce78ecef4 46a34db5777a41fdb7cb58731c2c6ea2 bd724c8f108141578e13c2da6d2d1df5 - - - -] Unable to schedule network ee61bd7c-4a9e-48db-8d17-5f4dda2b2c94: no agents available; will retry on subsequent port and subnet creation events.
2026-07-21 07:57:00.940 9 INFO neutron.db.ovn_revision_numbers_db [None req-6ef0203f-7f04-4925-8bfe-eafce78ecef4 46a34db5777a41fdb7cb58731c2c6ea2 bd724c8f108141578e13c2da6d2d1df5 - - - -] Successfully bumped revision number for resource 04ac6a76-97e3-4b23-96e4-32f137030117 (type: floatingips) to 0
2026-07-21 07:57:00.959 9 INFO neutron.wsgi [None req-6ef0203f-7f04-4925-8bfe-eafce78ecef4 46a34db5777a41fdb7cb58731c2c6ea2 bd724c8f108141578e13c2da6d2d1df5 - - - -] 10.0.0.37 "POST /v2.0/floatingips HTTP/1.1" status: 201 len: 751 time: 0.8344657
2026-07-21 07:57:01.026 9 INFO neutron.wsgi [None req-98001311-a189-4233-ae16-68c113a6e2c2 46a34db5777a41fdb7cb58731c2c6ea2 bd724c8f108141578e13c2da6d2d1df5 - - - -] 10.0.0.37 "PUT /v2.0/floatingips/04ac6a76-97e3-4b23-96e4-32f137030117/tags HTTP/1.1" status: 200 len: 218 time: 0.0600035
2026-07-21 07:57:01.071 9 INFO neutron.wsgi [None req-14a22747-a274-43fa-b88f-2115e5087bf1 46a34db5777a41fdb7cb58731c2c6ea2 bd724c8f108141578e13c2da6d2d1df5 - - default default] 10.0.0.37 "GET /v2.0/floatingips/04ac6a76-97e3-4b23-96e4-32f137030117/tags HTTP/1.1" status: 200 len: 218 time: 0.0342298
2026-07-21 07:57:01.124 9 INFO neutron.wsgi [None req-8ca8110b-4672-4480-bf42-50ad73e0a6f5 46a34db5777a41fdb7cb58731c2c6ea2 bd724c8f108141578e13c2da6d2d1df5 - - - -] 10.0.0.37 "PUT /v2.0/floatingips/04ac6a76-97e3-4b23-96e4-32f137030117/tags/green HTTP/1.1" status: 201 len: 201 time: 0.0483272
2026-07-21 07:57:01.179 9 INFO neutron.wsgi [None req-1b3b1c5c-e4f4-431a-911d-e8f1c7c6e5cb 46a34db5777a41fdb7cb58731c2c6ea2 bd724c8f108141578e13c2da6d2d1df5 - - default default] 10.0.0.37 "GET /v2.0/floatingips/04ac6a76-97e3-4b23-96e4-32f137030117/tags HTTP/1.1" status: 200 len: 227 time: 0.0496864
2026-07-21 07:57:01.228 10 INFO neutron.wsgi [None req-c4c242c2-616e-460f-b2e7-0b76de1a9a67 46a34db5777a41fdb7cb58731c2c6ea2 bd724c8f108141578e13c2da6d2d1df5 - - - -] 10.0.0.37 "PUT /v2.0/floatingips/04ac6a76-97e3-4b23-96e4-32f137030117/tags/red HTTP/1.1" status: 201 len: 201 time: 0.0424969
2026-07-21 07:57:01.263 10 INFO neutron.wsgi [None req-52521b3b-a1aa-4f22-be21-15ae53fb94ce 46a34db5777a41fdb7cb58731c2c6ea2 bd724c8f108141578e13c2da6d2d1df5 - - default default] 10.0.0.37 "GET /v2.0/floatingips/04ac6a76-97e3-4b23-96e4-32f137030117/tags HTTP/1.1" status: 200 len: 227 time: 0.0286179
2026-07-21 07:57:01.305 10 INFO neutron.wsgi [None req-d911d163-1086-42b4-a3ba-634b3caa6ff3 46a34db5777a41fdb7cb58731c2c6ea2 bd724c8f108141578e13c2da6d2d1df5 - - - -] 10.0.0.37 "PUT /v2.0/floatingips/04ac6a76-97e3-4b23-96e4-32f137030117/tags/black.or.white HTTP/1.1" status: 201 len: 201 time: 0.0371785
2026-07-21 07:57:01.343 10 INFO neutron.wsgi [None req-cdd09d74-54c4-47b3-aa59-6c876f7878ae 46a34db5777a41fdb7cb58731c2c6ea2 bd724c8f108141578e13c2da6d2d1df5 - - default default] 10.0.0.37 "GET /v2.0/floatingips/04ac6a76-97e3-4b23-96e4-32f137030117/tags HTTP/1.1" status: 200 len: 245 time: 0.0337303
2026-07-21 07:57:01.759 10 INFO neutron.wsgi [None req-b78d0a27-87b0-45a7-b1ac-f13a770a42b3 46a34db5777a41fdb7cb58731c2c6ea2 bd724c8f108141578e13c2da6d2d1df5 - - - -] 10.0.0.37 "PUT /v2.0/floatingips/04ac6a76-97e3-4b23-96e4-32f137030117/tags HTTP/1.1" status: 200 len: 230 time: 0.4108224
2026-07-21 07:57:01.793 10 INFO neutron.wsgi [None req-279a8358-904f-4c30-924a-381b37f47fe5 46a34db5777a41fdb7cb58731c2c6ea2 bd724c8f108141578e13c2da6d2d1df5 - - default default] 10.0.0.37 "GET /v2.0/floatingips/04ac6a76-97e3-4b23-96e4-32f137030117/tags HTTP/1.1" status: 200 len: 230 time: 0.0273163
2026-07-21 07:57:01.827 10 INFO neutron.wsgi [None req-0143a174-092d-4c93-928c-c9871d7204c9 46a34db5777a41fdb7cb58731c2c6ea2 bd724c8f108141578e13c2da6d2d1df5 - - default default] 10.0.0.37 "GET /v2.0/floatingips/04ac6a76-97e3-4b23-96e4-32f137030117/tags/red HTTP/1.1" status: 204 len: 168 time: 0.0300074
2026-07-21 07:57:01.867 10 INFO neutron.api.v2.resource [None req-3ff95817-67eb-409b-ad4e-7cd769910706 46a34db5777a41fdb7cb58731c2c6ea2 bd724c8f108141578e13c2da6d2d1df5 - - default default] show failed (client error): The resource could not be found.
2026-07-21 07:57:01.868 10 INFO neutron.wsgi [None req-3ff95817-67eb-409b-ad4e-7cd769910706 46a34db5777a41fdb7cb58731c2c6ea2 bd724c8f108141578e13c2da6d2d1df5 - - default default] 10.0.0.37 "GET /v2.0/floatingips/04ac6a76-97e3-4b23-96e4-32f137030117/tags/green HTTP/1.1" status: 404 len: 299 time: 0.0333488
2026-07-21 07:57:01.921 10 INFO neutron.wsgi [None req-7abf8be5-0371-4904-9142-4a4b335adfa2 46a34db5777a41fdb7cb58731c2c6ea2 bd724c8f108141578e13c2da6d2d1df5 - - - -] 10.0.0.37 "DELETE /v2.0/floatingips/04ac6a76-97e3-4b23-96e4-32f137030117/tags/red HTTP/1.1" status: 204 len: 168 time: 0.0437272
2026-07-21 07:57:01.956 10 INFO neutron.wsgi [None req-a72879be-aa8b-48df-a56e-60b22ad52a70 46a34db5777a41fdb7cb58731c2c6ea2 bd724c8f108141578e13c2da6d2d1df5 - - default default] 10.0.0.37 "GET /v2.0/floatingips/04ac6a76-97e3-4b23-96e4-32f137030117/tags HTTP/1.1" status: 200 len: 223 time: 0.0287127
2026-07-21 07:57:01.990 10 INFO neutron.api.v2.resource [None req-7c8eabda-4095-410c-874d-925f8a542ffe 46a34db5777a41fdb7cb58731c2c6ea2 bd724c8f108141578e13c2da6d2d1df5 - - - -] delete failed (client error): The resource could not be found.
2026-07-21 07:57:01.991 10 INFO neutron.wsgi [None req-7c8eabda-4095-410c-874d-925f8a542ffe 46a34db5777a41fdb7cb58731c2c6ea2 bd724c8f108141578e13c2da6d2d1df5 - - - -] 10.0.0.37 "DELETE /v2.0/floatingips/04ac6a76-97e3-4b23-96e4-32f137030117/tags/green HTTP/1.1" status: 404 len: 299 time: 0.0311399
2026-07-21 07:57:02.036 10 INFO neutron.wsgi [None req-f14de23d-20b0-4967-a146-2895e1249bb5 46a34db5777a41fdb7cb58731c2c6ea2 bd724c8f108141578e13c2da6d2d1df5 - - - -] 10.0.0.37 "DELETE /v2.0/floatingips/04ac6a76-97e3-4b23-96e4-32f137030117/tags HTTP/1.1" status: 204 len: 168 time: 0.0389528
2026-07-21 07:57:02.069 10 INFO neutron.wsgi [None req-b5c1c5f7-65c7-4ccf-9460-d0de8d2a70f6 46a34db5777a41fdb7cb58731c2c6ea2 bd724c8f108141578e13c2da6d2d1df5 - - default default] 10.0.0.37 "GET /v2.0/floatingips/04ac6a76-97e3-4b23-96e4-32f137030117/tags HTTP/1.1" status: 200 len: 205 time: 0.0280347
2026-07-21 07:57:02.450 10 INFO neutron.wsgi [None req-d02dd933-7ae2-400d-9a6a-5663d711610b 46a34db5777a41fdb7cb58731c2c6ea2 bd724c8f108141578e13c2da6d2d1df5 - - - -] 10.0.0.37 "DELETE /v2.0/floatingips/04ac6a76-97e3-4b23-96e4-32f137030117 HTTP/1.1" status: 204 len: 168 time: 0.3746431
2026-07-21 07:57:03.248 15 INFO neutron.plugins.ml2.drivers.ovn.mech_driver.ovsdb.maintenance [None req-df905f63-fbbb-4e3d-a75d-bdb9219f2aa5 - - - - - -] Maintenance task: Synchronization finished (took 0.30 seconds)
2026-07-21 07:57:03.445 9 INFO neutron.db.ovn_revision_numbers_db [None req-72999489-3154-49e2-af09-785d9a6871bd c559b67c8dc14c6e9bb7fa2452ec7a44 3b5df8bf225349b0ab7bd2b1a0d2c1b1 - - default default] Successfully bumped revision number for resource 997d027f-4b7a-4eeb-9fd9-17d18b196a46 (type: security_groups) to 1
2026-07-21 07:57:03.472 9 INFO neutron.wsgi [None req-72999489-3154-49e2-af09-785d9a6871bd c559b67c8dc14c6e9bb7fa2452ec7a44 3b5df8bf225349b0ab7bd2b1a0d2c1b1 - - default default] 10.0.0.37 "GET /v2.0/security-groups?tenant_id=264a0e69462543ca9f1c2e4191566089&name=default HTTP/1.1" status: 200 len: 2996 time: 0.2962384
2026-07-21 07:57:03.698 9 INFO neutron.wsgi [None req-8e9e1e32-81c1-427a-acfc-a3bba808a676 c559b67c8dc14c6e9bb7fa2452ec7a44 3b5df8bf225349b0ab7bd2b1a0d2c1b1 - - - -] 10.0.0.37 "DELETE /v2.0/security-groups/997d027f-4b7a-4eeb-9fd9-17d18b196a46 HTTP/1.1" status: 204 len: 168 time: 0.2198777
2026-07-21 07:57:03.917 10 INFO neutron.db.ovn_revision_numbers_db [None req-215ab801-100f-43aa-9faf-247f38360956 c559b67c8dc14c6e9bb7fa2452ec7a44 3b5df8bf225349b0ab7bd2b1a0d2c1b1 - - default default] Successfully bumped revision number for resource 6c493ee7-ad64-42f4-9185-8a562274d29d (type: security_groups) to 1
2026-07-21 07:57:03.952 10 INFO neutron.wsgi [None req-215ab801-100f-43aa-9faf-247f38360956 c559b67c8dc14c6e9bb7fa2452ec7a44 3b5df8bf225349b0ab7bd2b1a0d2c1b1 - - default default] 10.0.0.37 "GET /v2.0/security-groups?tenant_id=bd724c8f108141578e13c2da6d2d1df5&name=default HTTP/1.1" status: 200 len: 2996 time: 0.1370697
2026-07-21 07:57:04.162 10 INFO neutron.wsgi [None req-194d22ff-79e7-449a-804d-f2d2da86f5a9 c559b67c8dc14c6e9bb7fa2452ec7a44 3b5df8bf225349b0ab7bd2b1a0d2c1b1 - - - -] 10.0.0.37 "DELETE /v2.0/security-groups/6c493ee7-ad64-42f4-9185-8a562274d29d HTTP/1.1" status: 204 len: 168 time: 0.2034352
2026-07-21 07:57:05.290 9 INFO neutron.wsgi [-] 10.0.0.151 "GET / HTTP/1.1" status: 200 len: 246 time: 0.0031166
2026-07-21 07:57:05.290 10 INFO neutron.wsgi [-] 10.0.0.151 "GET / HTTP/1.1" status: 200 len: 246 time: 0.0031462
2026-07-21 07:57:07.746 10 INFO neutron.wsgi [None req-48b66a1f-676e-45f0-ad74-8b1279625b1f 3b73dd66e35e4e4fade4368b1b1543f3 8f28c76481ed4fa8b9cfc3174f30f946 - - - -] 10.0.0.37 "POST /v2.0/qos/policies HTTP/1.1" status: 201 len: 558 time: 0.2491856
2026-07-21 07:57:07.781 10 INFO neutron.wsgi [None req-476036d2-d5da-48a0-a58e-8aba02f4caec 3b73dd66e35e4e4fade4368b1b1543f3 8f28c76481ed4fa8b9cfc3174f30f946 - - - -] 10.0.0.37 "PUT /v2.0/policies/658bbb34-bb54-4642-bbbe-eb3a8301f4e0/tags HTTP/1.1" status: 200 len: 218 time: 0.0270476
2026-07-21 07:57:07.800 10 INFO neutron.wsgi [None req-047eee98-26b3-42bf-9510-4db8b8271e13 3b73dd66e35e4e4fade4368b1b1543f3 8f28c76481ed4fa8b9cfc3174f30f946 - - default default] 10.0.0.37 "GET /v2.0/policies/658bbb34-bb54-4642-bbbe-eb3a8301f4e0/tags HTTP/1.1" status: 200 len: 218 time: 0.0140097
2026-07-21 07:57:07.828 10 INFO neutron.wsgi [None req-30bf90cd-6e7c-42d6-be9b-ab7b12975bae 3b73dd66e35e4e4fade4368b1b1543f3 8f28c76481ed4fa8b9cfc3174f30f946 - - - -] 10.0.0.37 "PUT /v2.0/policies/658bbb34-bb54-4642-bbbe-eb3a8301f4e0/tags/green HTTP/1.1" status: 201 len: 201 time: 0.0234065
2026-07-21 07:57:07.845 10 INFO neutron.wsgi [None req-6bdf37a4-6f77-47b0-991c-e3251815b4ed 3b73dd66e35e4e4fade4368b1b1543f3 8f28c76481ed4fa8b9cfc3174f30f946 - - default default] 10.0.0.37 "GET /v2.0/policies/658bbb34-bb54-4642-bbbe-eb3a8301f4e0/tags HTTP/1.1" status: 200 len: 227 time: 0.0113254
2026-07-21 07:57:07.859 10 INFO neutron.wsgi [None req-dc15871a-76a3-4459-8dba-626b1adad1b7 3b73dd66e35e4e4fade4368b1b1543f3 8f28c76481ed4fa8b9cfc3174f30f946 - - - -] 10.0.0.37 "PUT /v2.0/policies/658bbb34-bb54-4642-bbbe-eb3a8301f4e0/tags/red HTTP/1.1" status: 201 len: 201 time: 0.0103197
2026-07-21 07:57:07.875 10 INFO neutron.wsgi [None req-98e08035-6dd1-4ed1-a163-b3a638c62fed 3b73dd66e35e4e4fade4368b1b1543f3 8f28c76481ed4fa8b9cfc3174f30f946 - - default default] 10.0.0.37 "GET /v2.0/policies/658bbb34-bb54-4642-bbbe-eb3a8301f4e0/tags HTTP/1.1" status: 200 len: 227 time: 0.0117197
2026-07-21 07:57:07.907 10 INFO neutron.wsgi [None req-aa4b87c0-cbe0-4133-bc68-63b76933ed91 3b73dd66e35e4e4fade4368b1b1543f3 8f28c76481ed4fa8b9cfc3174f30f946 - - - -] 10.0.0.37 "PUT /v2.0/policies/658bbb34-bb54-4642-bbbe-eb3a8301f4e0/tags/black.or.white HTTP/1.1" status: 201 len: 201 time: 0.0265183
2026-07-21 07:57:07.926 10 INFO neutron.wsgi [None req-efbc4d03-2df9-4e51-b849-e934c570c852 3b73dd66e35e4e4fade4368b1b1543f3 8f28c76481ed4fa8b9cfc3174f30f946 - - default default] 10.0.0.37 "GET /v2.0/policies/658bbb34-bb54-4642-bbbe-eb3a8301f4e0/tags HTTP/1.1" status: 200 len: 245 time: 0.0155587
2026-07-21 07:57:07.958 10 INFO neutron.wsgi [None req-50cbf832-12fc-4b80-a899-a1b74b9cc907 3b73dd66e35e4e4fade4368b1b1543f3 8f28c76481ed4fa8b9cfc3174f30f946 - - - -] 10.0.0.37 "PUT /v2.0/policies/658bbb34-bb54-4642-bbbe-eb3a8301f4e0/tags HTTP/1.1" status: 200 len: 230 time: 0.0271847
2026-07-21 07:57:07.981 10 INFO neutron.wsgi [None req-f98b9d20-7c7f-40b4-b84a-8d9a6ada7653 3b73dd66e35e4e4fade4368b1b1543f3 8f28c76481ed4fa8b9cfc3174f30f946 - - default default] 10.0.0.37 "GET /v2.0/policies/658bbb34-bb54-4642-bbbe-eb3a8301f4e0/tags HTTP/1.1" status: 200 len: 230 time: 0.0159945
2026-07-21 07:57:08.020 9 INFO neutron.wsgi [None req-e0c770ed-f452-4e6e-9353-c1adcf0737c1 3b73dd66e35e4e4fade4368b1b1543f3 8f28c76481ed4fa8b9cfc3174f30f946 - - default default] 10.0.0.37 "GET /v2.0/policies/658bbb34-bb54-4642-bbbe-eb3a8301f4e0/tags/red HTTP/1.1" status: 204 len: 168 time: 0.0300000
2026-07-21 07:57:08.045 9 INFO neutron.api.v2.resource [None req-1c325575-f64c-485d-805b-9c99c7d6433e 3b73dd66e35e4e4fade4368b1b1543f3 8f28c76481ed4fa8b9cfc3174f30f946 - - default default] show failed (client error): The resource could not be found.
2026-07-21 07:57:08.046 9 INFO neutron.wsgi [None req-1c325575-f64c-485d-805b-9c99c7d6433e 3b73dd66e35e4e4fade4368b1b1543f3 8f28c76481ed4fa8b9cfc3174f30f946 - - default default] 10.0.0.37 "GET /v2.0/policies/658bbb34-bb54-4642-bbbe-eb3a8301f4e0/tags/green HTTP/1.1" status: 404 len: 299 time: 0.0192473
2026-07-21 07:57:08.084 9 INFO neutron.wsgi [None req-dc26f7a4-3e63-4956-b527-4ffdae7a0c4c 3b73dd66e35e4e4fade4368b1b1543f3 8f28c76481ed4fa8b9cfc3174f30f946 - - - -] 10.0.0.37 "DELETE /v2.0/policies/658bbb34-bb54-4642-bbbe-eb3a8301f4e0/tags/red HTTP/1.1" status: 204 len: 168 time: 0.0314381
2026-07-21 07:57:08.106 9 INFO neutron.wsgi [None req-0e019e0f-47bc-4b61-82ae-8efdf9ab585a 3b73dd66e35e4e4fade4368b1b1543f3 8f28c76481ed4fa8b9cfc3174f30f946 - - default default] 10.0.0.37 "GET /v2.0/policies/658bbb34-bb54-4642-bbbe-eb3a8301f4e0/tags HTTP/1.1" status: 200 len: 223 time: 0.0165861
2026-07-21 07:57:08.125 9 INFO neutron.api.v2.resource [None req-d739761f-485e-4ed9-a541-ad70c60df734 3b73dd66e35e4e4fade4368b1b1543f3 8f28c76481ed4fa8b9cfc3174f30f946 - - - -] delete failed (client error): The resource could not be found.
2026-07-21 07:57:08.127 9 INFO neutron.wsgi [None req-d739761f-485e-4ed9-a541-ad70c60df734 3b73dd66e35e4e4fade4368b1b1543f3 8f28c76481ed4fa8b9cfc3174f30f946 - - - -] 10.0.0.37 "DELETE /v2.0/policies/658bbb34-bb54-4642-bbbe-eb3a8301f4e0/tags/green HTTP/1.1" status: 404 len: 299 time: 0.0163636
2026-07-21 07:57:08.158 9 INFO neutron.wsgi [None req-19dd0c56-0b5c-49c5-ad3b-50705ad99679 3b73dd66e35e4e4fade4368b1b1543f3 8f28c76481ed4fa8b9cfc3174f30f946 - - - -] 10.0.0.37 "DELETE /v2.0/policies/658bbb34-bb54-4642-bbbe-eb3a8301f4e0/tags HTTP/1.1" status: 204 len: 168 time: 0.0265119
2026-07-21 07:57:08.177 9 INFO neutron.wsgi [None req-7255cff1-132c-4dc5-ae85-d6f10630fc01 3b73dd66e35e4e4fade4368b1b1543f3 8f28c76481ed4fa8b9cfc3174f30f946 - - default default] 10.0.0.37 "GET /v2.0/policies/658bbb34-bb54-4642-bbbe-eb3a8301f4e0/tags HTTP/1.1" status: 200 len: 205 time: 0.0133729
2026-07-21 07:57:08.246 9 INFO neutron.wsgi [None req-99c7c6cf-85f2-4509-b7d8-bee5c4db649f 3b73dd66e35e4e4fade4368b1b1543f3 8f28c76481ed4fa8b9cfc3174f30f946 - - - -] 10.0.0.37 "DELETE /v2.0/qos/policies/658bbb34-bb54-4642-bbbe-eb3a8301f4e0 HTTP/1.1" status: 204 len: 168 time: 0.0606260
2026-07-21 07:57:09.100 9 INFO neutron.db.ovn_revision_numbers_db [None req-38c38820-4c18-4f6c-a016-8bf36159e59c c559b67c8dc14c6e9bb7fa2452ec7a44 3b5df8bf225349b0ab7bd2b1a0d2c1b1 - - default default] Successfully bumped revision number for resource cd19fa4f-8eaf-48a1-a1ed-e70e55e617fc (type: security_groups) to 1
2026-07-21 07:57:09.121 9 INFO neutron.wsgi [None req-38c38820-4c18-4f6c-a016-8bf36159e59c c559b67c8dc14c6e9bb7fa2452ec7a44 3b5df8bf225349b0ab7bd2b1a0d2c1b1 - - default default] 10.0.0.37 "GET /v2.0/security-groups?tenant_id=8f28c76481ed4fa8b9cfc3174f30f946&name=default HTTP/1.1" status: 200 len: 2996 time: 0.2162914
2026-07-21 07:57:09.281 9 INFO neutron.wsgi [None req-359e7bf7-d7c6-4261-82fc-75ae5452bd15 c559b67c8dc14c6e9bb7fa2452ec7a44 3b5df8bf225349b0ab7bd2b1a0d2c1b1 - - - -] 10.0.0.37 "DELETE /v2.0/security-groups/cd19fa4f-8eaf-48a1-a1ed-e70e55e617fc HTTP/1.1" status: 204 len: 168 time: 0.1538596
2026-07-21 07:57:09.538 9 INFO neutron.db.ovn_revision_numbers_db [None req-6c63c0e1-96c2-4d5b-a210-9c1a382cbbf4 c559b67c8dc14c6e9bb7fa2452ec7a44 3b5df8bf225349b0ab7bd2b1a0d2c1b1 - - default default] Successfully bumped revision number for resource 9b5e01bc-63e0-402e-9281-75c19676f27b (type: security_groups) to 1
2026-07-21 07:57:09.586 9 INFO neutron.wsgi [None req-6c63c0e1-96c2-4d5b-a210-9c1a382cbbf4 c559b67c8dc14c6e9bb7fa2452ec7a44 3b5df8bf225349b0ab7bd2b1a0d2c1b1 - - default default] 10.0.0.37 "GET /v2.0/security-groups?tenant_id=41f93cdd500c47d496e463ea4487deb6&name=default HTTP/1.1" status: 200 len: 2996 time: 0.1413743
2026-07-21 07:57:09.722 9 INFO neutron.db.ovn_revision_numbers_db [None req-2af1ca30-ff38-4809-85be-65fe0c88cad9 c559b67c8dc14c6e9bb7fa2452ec7a44 3b5df8bf225349b0ab7bd2b1a0d2c1b1 - - default default] Successfully bumped revision number for resource 4860ecea-8ba0-4dfa-87f6-1e1fa06f4366 (type: security_groups) to 1
2026-07-21 07:57:09.744 9 INFO neutron.wsgi [None req-2af1ca30-ff38-4809-85be-65fe0c88cad9 c559b67c8dc14c6e9bb7fa2452ec7a44 3b5df8bf225349b0ab7bd2b1a0d2c1b1 - - default default] 10.0.0.37 "GET /v2.0/security-groups?tenant_id=f03205e2b5334965a2a3ad4b187a608c&name=default HTTP/1.1" status: 200 len: 2996 time: 0.3438206
2026-07-21 07:57:09.804 9 INFO neutron.wsgi [None req-206a2859-3400-4fc2-bd31-91081afc0635 c559b67c8dc14c6e9bb7fa2452ec7a44 3b5df8bf225349b0ab7bd2b1a0d2c1b1 - - - -] 10.0.0.37 "DELETE /v2.0/security-groups/9b5e01bc-63e0-402e-9281-75c19676f27b HTTP/1.1" status: 204 len: 168 time: 0.2133830
2026-07-21 07:57:09.945 10 INFO neutron.wsgi [None req-634355cb-8230-4579-9451-a7cb41f761c3 c559b67c8dc14c6e9bb7fa2452ec7a44 3b5df8bf225349b0ab7bd2b1a0d2c1b1 - - - -] 10.0.0.37 "DELETE /v2.0/security-groups/4860ecea-8ba0-4dfa-87f6-1e1fa06f4366 HTTP/1.1" status: 204 len: 168 time: 0.1940897
2026-07-21 07:57:12.015 9 INFO neutron.db.ovn_revision_numbers_db [None req-6ea79cce-f6bd-47ce-803b-cdd51043a8e3 c559b67c8dc14c6e9bb7fa2452ec7a44 3b5df8bf225349b0ab7bd2b1a0d2c1b1 - - - -] Successfully bumped revision number for resource f634d609-8f36-4e4b-865d-626e73c7d945 (type: security_groups) to 1
2026-07-21 07:57:12.069 9 INFO neutron.db.segments_db [None req-6ea79cce-f6bd-47ce-803b-cdd51043a8e3 c559b67c8dc14c6e9bb7fa2452ec7a44 3b5df8bf225349b0ab7bd2b1a0d2c1b1 - - - -] Added segment 65ae8db9-5219-4f78-94eb-1c9d44b65ac1 of type geneve for network c30790f2-7b69-44ac-bdd4-6e8e624b91a6
2026-07-21 07:57:12.217 9 INFO neutron.db.ovn_revision_numbers_db [None req-6ea79cce-f6bd-47ce-803b-cdd51043a8e3 c559b67c8dc14c6e9bb7fa2452ec7a44 3b5df8bf225349b0ab7bd2b1a0d2c1b1 - - - -] Successfully bumped revision number for resource c30790f2-7b69-44ac-bdd4-6e8e624b91a6 (type: networks) to 1
2026-07-21 07:57:12.395 9 WARNING neutron.scheduler.dhcp_agent_scheduler [None req-6ea79cce-f6bd-47ce-803b-cdd51043a8e3 c559b67c8dc14c6e9bb7fa2452ec7a44 3b5df8bf225349b0ab7bd2b1a0d2c1b1 - - - -] No more DHCP agents
2026-07-21 07:57:12.396 9 WARNING neutron.api.rpc.agentnotifiers.dhcp_rpc_agent_api [None req-6ea79cce-f6bd-47ce-803b-cdd51043a8e3 c559b67c8dc14c6e9bb7fa2452ec7a44 3b5df8bf225349b0ab7bd2b1a0d2c1b1 - - - -] Unable to schedule network c30790f2-7b69-44ac-bdd4-6e8e624b91a6: no agents available; will retry on subsequent port and subnet creation events.
2026-07-21 07:57:12.476 9 INFO neutron.db.ovn_revision_numbers_db [None req-6ea79cce-f6bd-47ce-803b-cdd51043a8e3 c559b67c8dc14c6e9bb7fa2452ec7a44 3b5df8bf225349b0ab7bd2b1a0d2c1b1 - - - -] Successfully bumped revision number for resource 514b5c1d-eb16-4a45-bbb7-7ad1ad423a82 (type: ports) to 1
2026-07-21 07:57:12.496 9 INFO neutron.wsgi [None req-6ea79cce-f6bd-47ce-803b-cdd51043a8e3 c559b67c8dc14c6e9bb7fa2452ec7a44 3b5df8bf225349b0ab7bd2b1a0d2c1b1 - - - -] 10.0.0.37 "POST /v2.0/networks HTTP/1.1" status: 201 len: 942 time: 0.7776098
2026-07-21 07:57:12.681 9 WARNING neutron.scheduler.dhcp_agent_scheduler [None req-c72ad3ab-a44c-4d5a-a779-7d405156542b c559b67c8dc14c6e9bb7fa2452ec7a44 3b5df8bf225349b0ab7bd2b1a0d2c1b1 - - - -] No more DHCP agents
2026-07-21 07:57:12.683 9 WARNING neutron.api.rpc.agentnotifiers.dhcp_rpc_agent_api [None req-c72ad3ab-a44c-4d5a-a779-7d405156542b c559b67c8dc14c6e9bb7fa2452ec7a44 3b5df8bf225349b0ab7bd2b1a0d2c1b1 - - - -] Unable to schedule network c30790f2-7b69-44ac-bdd4-6e8e624b91a6: no agents available; will retry on subsequent port and subnet creation events.
2026-07-21 07:57:13.202 9 INFO neutron.db.ovn_revision_numbers_db [None req-c72ad3ab-a44c-4d5a-a779-7d405156542b c559b67c8dc14c6e9bb7fa2452ec7a44 3b5df8bf225349b0ab7bd2b1a0d2c1b1 - - - -] Successfully bumped revision number for resource 514b5c1d-eb16-4a45-bbb7-7ad1ad423a82 (type: ports) to 2
2026-07-21 07:57:13.242 9 INFO neutron.db.ovn_revision_numbers_db [None req-c72ad3ab-a44c-4d5a-a779-7d405156542b c559b67c8dc14c6e9bb7fa2452ec7a44 3b5df8bf225349b0ab7bd2b1a0d2c1b1 - - - -] Successfully bumped revision number for resource e41ea945-2afe-476f-905f-e27b892fe204 (type: subnets) to 0
2026-07-21 07:57:13.269 9 INFO neutron.wsgi [None req-c72ad3ab-a44c-4d5a-a779-7d405156542b c559b67c8dc14c6e9bb7fa2452ec7a44 3b5df8bf225349b0ab7bd2b1a0d2c1b1 - - - -] 10.0.0.37 "POST /v2.0/subnets HTTP/1.1" status: 201 len: 863 time: 0.7666426
2026-07-21 07:57:13.301 9 INFO neutron.db.ovn_revision_numbers_db [None req-2ff573c4-7aa3-48af-a1f6-22b76123f98a 641f50d8a39848e5a19bac385663c15f c652bad3978d441d9d6d97043dc33e36 - - - -] Successfully bumped revision number for resource 91059b5f-8365-4666-b6ea-fcfe9356f289 (type: routers) to 1
2026-07-21 07:57:13.320 9 INFO neutron.wsgi [None req-2ff573c4-7aa3-48af-a1f6-22b76123f98a 641f50d8a39848e5a19bac385663c15f c652bad3978d441d9d6d97043dc33e36 - - - -] 10.0.0.37 "POST /v2.0/routers HTTP/1.1" status: 201 len: 654 time: 0.3151844
2026-07-21 07:57:13.394 9 INFO neutron.wsgi [None req-e86a4102-d847-4708-a66f-532e97958b1f 641f50d8a39848e5a19bac385663c15f c652bad3978d441d9d6d97043dc33e36 - - - -] 10.0.0.37 "PUT /v2.0/routers/91059b5f-8365-4666-b6ea-fcfe9356f289/tags HTTP/1.1" status: 200 len: 218 time: 0.0677013
2026-07-21 07:57:13.445 9 INFO neutron.wsgi [None req-9f331234-b621-456a-b3da-f0e9ad342bde 641f50d8a39848e5a19bac385663c15f c652bad3978d441d9d6d97043dc33e36 - - default default] 10.0.0.37 "GET /v2.0/routers/91059b5f-8365-4666-b6ea-fcfe9356f289/tags HTTP/1.1" status: 200 len: 218 time: 0.0448391
2026-07-21 07:57:13.500 9 INFO neutron.wsgi [None req-3278d667-9e3c-49f9-b8f4-582910896ebe 641f50d8a39848e5a19bac385663c15f c652bad3978d441d9d6d97043dc33e36 - - - -] 10.0.0.37 "PUT /v2.0/routers/91059b5f-8365-4666-b6ea-fcfe9356f289/tags/green HTTP/1.1" status: 201 len: 201 time: 0.0485501
2026-07-21 07:57:13.552 9 INFO neutron.wsgi [None req-6765462c-9d1a-4361-9007-14b7b8ca7c56 641f50d8a39848e5a19bac385663c15f c652bad3978d441d9d6d97043dc33e36 - - default default] 10.0.0.37 "GET /v2.0/routers/91059b5f-8365-4666-b6ea-fcfe9356f289/tags HTTP/1.1" status: 200 len: 227 time: 0.0477829
2026-07-21 07:57:13.610 9 INFO neutron.wsgi [None req-b15c9fc4-7e94-42ae-8edb-84209420b991 641f50d8a39848e5a19bac385663c15f c652bad3978d441d9d6d97043dc33e36 - - - -] 10.0.0.37 "PUT /v2.0/routers/91059b5f-8365-4666-b6ea-fcfe9356f289/tags/red HTTP/1.1" status: 201 len: 201 time: 0.0512209
2026-07-21 07:57:13.671 9 INFO neutron.wsgi [None req-5a47984a-dc41-4404-aac8-cb65bbc003bf 641f50d8a39848e5a19bac385663c15f c652bad3978d441d9d6d97043dc33e36 - - default default] 10.0.0.37 "GET /v2.0/routers/91059b5f-8365-4666-b6ea-fcfe9356f289/tags HTTP/1.1" status: 200 len: 227 time: 0.0543337
2026-07-21 07:57:13.770 10 WARNING neutron.scheduler.dhcp_agent_scheduler [None req-745f8f97-cce0-4ad2-991f-8fb7e8912ead c559b67c8dc14c6e9bb7fa2452ec7a44 3b5df8bf225349b0ab7bd2b1a0d2c1b1 - - - -] No more DHCP agents
2026-07-21 07:57:13.772 10 WARNING neutron.api.rpc.agentnotifiers.dhcp_rpc_agent_api [None req-745f8f97-cce0-4ad2-991f-8fb7e8912ead c559b67c8dc14c6e9bb7fa2452ec7a44 3b5df8bf225349b0ab7bd2b1a0d2c1b1 - - - -] Unable to schedule network ee61bd7c-4a9e-48db-8d17-5f4dda2b2c94: no agents available; will retry on subsequent port and subnet creation events.
2026-07-21 07:57:13.981 10 INFO neutron.db.ovn_revision_numbers_db [None req-745f8f97-cce0-4ad2-991f-8fb7e8912ead c559b67c8dc14c6e9bb7fa2452ec7a44 3b5df8bf225349b0ab7bd2b1a0d2c1b1 - - - -] Successfully bumped revision number for resource 6fd9b456-72de-4393-a6ed-5b38e1460f58 (type: ports) to 1
2026-07-21 07:57:14.081 9 INFO neutron.wsgi [None req-83ab026a-3504-42b0-92fd-b4fdf4ed0234 641f50d8a39848e5a19bac385663c15f c652bad3978d441d9d6d97043dc33e36 - - - -] 10.0.0.37 "PUT /v2.0/routers/91059b5f-8365-4666-b6ea-fcfe9356f289/tags/black.or.white HTTP/1.1" status: 201 len: 201 time: 0.3931830
2026-07-21 07:57:14.139 9 INFO neutron.wsgi [None req-40f24151-39ba-4946-a984-e562de443934 641f50d8a39848e5a19bac385663c15f c652bad3978d441d9d6d97043dc33e36 - - default default] 10.0.0.37 "GET /v2.0/routers/91059b5f-8365-4666-b6ea-fcfe9356f289/tags HTTP/1.1" status: 200 len: 245 time: 0.0530450
2026-07-21 07:57:14.211 9 INFO neutron.wsgi [None req-e6249544-8754-4f0e-a97f-19fa9a3e7369 641f50d8a39848e5a19bac385663c15f c652bad3978d441d9d6d97043dc33e36 - - - -] 10.0.0.37 "PUT /v2.0/routers/91059b5f-8365-4666-b6ea-fcfe9356f289/tags HTTP/1.1" status: 200 len: 230 time: 0.0665255
2026-07-21 07:57:14.264 9 INFO neutron.wsgi [None req-3a5caa22-1f08-4a3f-91aa-e89a698e0348 c559b67c8dc14c6e9bb7fa2452ec7a44 3b5df8bf225349b0ab7bd2b1a0d2c1b1 - - default default] 10.0.0.170 "GET /v2.0/network-ip-availabilities HTTP/1.1" status: 200 len: 1752 time: 0.0727239
2026-07-21 07:57:14.272 9 INFO neutron.wsgi [None req-f3abd6ae-424f-440b-8c0b-90bb5e1ebf35 641f50d8a39848e5a19bac385663c15f c652bad3978d441d9d6d97043dc33e36 - - default default] 10.0.0.37 "GET /v2.0/routers/91059b5f-8365-4666-b6ea-fcfe9356f289/tags HTTP/1.1" status: 200 len: 230 time: 0.0547609
2026-07-21 07:57:14.297 9 INFO neutron.wsgi [None req-a4e7459b-7ade-4a44-a8d9-cdd595b2102a c559b67c8dc14c6e9bb7fa2452ec7a44 3b5df8bf225349b0ab7bd2b1a0d2c1b1 - - default default] 10.0.0.170 "GET /v2.0/subnets HTTP/1.1" status: 200 len: 2091 time: 0.0311158
2026-07-21 07:57:14.308 9 INFO neutron.wsgi [None req-5f0e7cde-112e-4b51-9d4b-ae04c3554f54 c559b67c8dc14c6e9bb7fa2452ec7a44 3b5df8bf225349b0ab7bd2b1a0d2c1b1 - - default default] 10.0.0.170 "GET /v2.0/subnetpools HTTP/1.1" status: 200 len: 193 time: 0.0101202
2026-07-21 07:57:14.345 10 INFO neutron.wsgi [None req-9dd40d2f-bf43-4992-8985-e767df31b9de 641f50d8a39848e5a19bac385663c15f c652bad3978d441d9d6d97043dc33e36 - - default default] 10.0.0.37 "GET /v2.0/routers/91059b5f-8365-4666-b6ea-fcfe9356f289/tags/red HTTP/1.1" status: 204 len: 168 time: 0.0673692
2026-07-21 07:57:14.407 10 INFO neutron.api.v2.resource [None req-1f0150b4-ebc5-4cc4-ac02-292b0008f889 641f50d8a39848e5a19bac385663c15f c652bad3978d441d9d6d97043dc33e36 - - default default] show failed (client error): The resource could not be found.
2026-07-21 07:57:14.408 10 INFO neutron.wsgi [None req-1f0150b4-ebc5-4cc4-ac02-292b0008f889 641f50d8a39848e5a19bac385663c15f c652bad3978d441d9d6d97043dc33e36 - - default default] 10.0.0.37 "GET /v2.0/routers/91059b5f-8365-4666-b6ea-fcfe9356f289/tags/green HTTP/1.1" status: 404 len: 299 time: 0.0571547
2026-07-21 07:57:14.420 9 INFO neutron.wsgi [None req-41e5e2a7-091c-4d80-a674-07245924c4a9 c559b67c8dc14c6e9bb7fa2452ec7a44 3b5df8bf225349b0ab7bd2b1a0d2c1b1 - - default default] 10.0.0.170 "GET /v2.0/routers HTTP/1.1" status: 200 len: 1330 time: 0.1111672
2026-07-21 07:57:14.439 9 INFO neutron.wsgi [None req-d98027b7-6385-420b-8f51-c8a1c4bc2a50 c559b67c8dc14c6e9bb7fa2452ec7a44 3b5df8bf225349b0ab7bd2b1a0d2c1b1 - - default default] 10.0.0.170 "GET /v2.0/agents?binary=ovn-controller HTTP/1.1" status: 200 len: 591 time: 0.0174124
2026-07-21 07:57:14.452 9 INFO neutron.wsgi [None req-d2158724-c185-4caf-9fee-5f56f842fc9c c559b67c8dc14c6e9bb7fa2452ec7a44 3b5df8bf225349b0ab7bd2b1a0d2c1b1 - - default default] 10.0.0.170 "GET /v2.0/agents HTTP/1.1" status: 200 len: 997 time: 0.0104201
2026-07-21 07:57:14.486 10 INFO neutron.wsgi [None req-18a6c7f7-494b-43c2-bfde-2a5d2009d3cb 641f50d8a39848e5a19bac385663c15f c652bad3978d441d9d6d97043dc33e36 - - - -] 10.0.0.37 "DELETE /v2.0/routers/91059b5f-8365-4666-b6ea-fcfe9356f289/tags/red HTTP/1.1" status: 204 len: 168 time: 0.0730557
2026-07-21 07:57:14.494 9 INFO neutron.wsgi [None req-81f82481-0566-4bbd-aa94-78e96366bf84 c559b67c8dc14c6e9bb7fa2452ec7a44 3b5df8bf225349b0ab7bd2b1a0d2c1b1 - - default default] 10.0.0.170 "GET /v2.0/ports HTTP/1.1" status: 200 len: 7301 time: 0.0400765
2026-07-21 07:57:14.525 9 INFO neutron.wsgi [None req-fa8d6e98-9b2d-40d3-9964-9be049397f80 c559b67c8dc14c6e9bb7fa2452ec7a44 3b5df8bf225349b0ab7bd2b1a0d2c1b1 - - default default] 10.0.0.170 "GET /v2.0/floatingips HTTP/1.1" status: 200 len: 193 time: 0.0278625
2026-07-21 07:57:14.556 10 INFO neutron.wsgi [None req-90db51f6-59a8-4674-a7dd-4445d87520c8 641f50d8a39848e5a19bac385663c15f c652bad3978d441d9d6d97043dc33e36 - - default default] 10.0.0.37 "GET /v2.0/routers/91059b5f-8365-4666-b6ea-fcfe9356f289/tags HTTP/1.1" status: 200 len: 223 time: 0.0632606
2026-07-21 07:57:14.565 9 INFO neutron.wsgi [None req-6ba9e320-1880-4ca9-a60f-0e7c3742a4cb c559b67c8dc14c6e9bb7fa2452ec7a44 3b5df8bf225349b0ab7bd2b1a0d2c1b1 - - default default] 10.0.0.170 "GET /v2.0/subnets HTTP/1.1" status: 200 len: 2091 time: 0.0390635
2026-07-21 07:57:14.643 9 INFO neutron.wsgi [None req-ebacf1b7-9200-4090-a06a-34a5af5b2a64 c559b67c8dc14c6e9bb7fa2452ec7a44 3b5df8bf225349b0ab7bd2b1a0d2c1b1 - - default default] 10.0.0.170 "GET /v2.0/networks HTTP/1.1" status: 200 len: 3107 time: 0.0761058
2026-07-21 07:57:14.722 9 INFO neutron.wsgi [None req-dbe5a3fe-e40d-4cbe-9cb7-65b569730bd9 c559b67c8dc14c6e9bb7fa2452ec7a44 3b5df8bf225349b0ab7bd2b1a0d2c1b1 - - default default] 10.0.0.170 "GET /v2.0/security-groups HTTP/1.1" status: 200 len: 19579 time: 0.0711572
2026-07-21 07:57:15.034 10 INFO neutron.api.v2.resource [None req-10474d6b-95a4-4161-91a3-d5f637d7c05a 641f50d8a39848e5a19bac385663c15f c652bad3978d441d9d6d97043dc33e36 - - - -] delete failed (client error): The resource could not be found.
2026-07-21 07:57:15.035 10 INFO neutron.wsgi [None req-10474d6b-95a4-4161-91a3-d5f637d7c05a 641f50d8a39848e5a19bac385663c15f c652bad3978d441d9d6d97043dc33e36 - - - -] 10.0.0.37 "DELETE /v2.0/routers/91059b5f-8365-4666-b6ea-fcfe9356f289/tags/green HTTP/1.1" status: 404 len: 299 time: 0.4729018
2026-07-21 07:57:15.100 9 INFO neutron.wsgi [None req-4a27948e-3e2f-4c40-a4ab-ee821e57046b 641f50d8a39848e5a19bac385663c15f c652bad3978d441d9d6d97043dc33e36 - - - -] 10.0.0.37 "DELETE /v2.0/routers/91059b5f-8365-4666-b6ea-fcfe9356f289/tags HTTP/1.1" status: 204 len: 168 time: 0.0591295
2026-07-21 07:57:15.115 9 INFO neutron.plugins.ml2.drivers.ovn.mech_driver.mech_driver [None req-1096d1bb-1619-4472-9536-ac3a88dc9fbc - - - - - -] OVN reports status up for port: 6fd9b456-72de-4393-a6ed-5b38e1460f58
2026-07-21 07:57:15.128 9 INFO neutron.plugins.ml2.plugin [None req-1096d1bb-1619-4472-9536-ac3a88dc9fbc - - - - - -] Attempt 1 to provision port 6fd9b456-72de-4393-a6ed-5b38e1460f58
2026-07-21 07:57:15.143 10 INFO neutron.plugins.ml2.drivers.ovn.mech_driver.ovsdb.ovsdb_monitor [None req-54ddabd4-5286-4b04-a7d1-0106615c282d - - - - - -] Router 326018e9-06f9-4aa0-8f57-e6c152c4970d is bound to host instance
2026-07-21 07:57:15.164 10 INFO neutron.db.ovn_revision_numbers_db [None req-745f8f97-cce0-4ad2-991f-8fb7e8912ead c559b67c8dc14c6e9bb7fa2452ec7a44 3b5df8bf225349b0ab7bd2b1a0d2c1b1 - - - -] Successfully bumped revision number for resource 6fd9b456-72de-4393-a6ed-5b38e1460f58 (type: router_ports) to 1
2026-07-21 07:57:15.193 10 INFO neutron.wsgi [None req-45dfdc3f-7dc4-41e8-856b-de453a2db6b5 641f50d8a39848e5a19bac385663c15f c652bad3978d441d9d6d97043dc33e36 - - default default] 10.0.0.37 "GET /v2.0/routers/91059b5f-8365-4666-b6ea-fcfe9356f289/tags HTTP/1.1" status: 200 len: 205 time: 0.0850213
2026-07-21 07:57:15.259 10 INFO neutron.db.ovn_revision_numbers_db [None req-745f8f97-cce0-4ad2-991f-8fb7e8912ead c559b67c8dc14c6e9bb7fa2452ec7a44 3b5df8bf225349b0ab7bd2b1a0d2c1b1 - - - -] Successfully bumped revision number for resource 326018e9-06f9-4aa0-8f57-e6c152c4970d (type: routers) to 3
2026-07-21 07:57:15.263 9 INFO neutron.wsgi [None req-ec4a353b-a0b5-47fa-91c3-c0e05bac7e67 641f50d8a39848e5a19bac385663c15f c652bad3978d441d9d6d97043dc33e36 - - default default] 10.0.0.37 "GET /v2.0/routers/91059b5f-8365-4666-b6ea-fcfe9356f289 HTTP/1.1" status: 200 len: 655 time: 0.0586066
2026-07-21 07:57:15.293 10 INFO neutron.wsgi [None req-745f8f97-cce0-4ad2-991f-8fb7e8912ead c559b67c8dc14c6e9bb7fa2452ec7a44 3b5df8bf225349b0ab7bd2b1a0d2c1b1 - - - -] 10.0.0.37 "POST /v2.0/routers HTTP/1.1" status: 201 len: 874 time: 2.0160058
2026-07-21 07:57:15.662 10 INFO neutron.db.ovn_revision_numbers_db [None req-54ddabd4-5286-4b04-a7d1-0106615c282d - - - - - -] Successfully bumped revision number for resource 6fd9b456-72de-4393-a6ed-5b38e1460f58 (type: ports) to 1
2026-07-21 07:57:15.913 10 INFO neutron.db.ovn_revision_numbers_db [None req-54ddabd4-5286-4b04-a7d1-0106615c282d - - - - - -] Successfully bumped revision number for resource 6fd9b456-72de-4393-a6ed-5b38e1460f58 (type: router_ports) to 3
2026-07-21 07:57:16.043 10 INFO neutron.db.ovn_revision_numbers_db [None req-54ddabd4-5286-4b04-a7d1-0106615c282d - - - - - -] Successfully bumped revision number for resource 6fd9b456-72de-4393-a6ed-5b38e1460f58 (type: ports) to 2
2026-07-21 07:57:16.164 9 INFO neutron.db.ovn_revision_numbers_db [None req-d6dac304-5bbd-4a14-89ad-42c46df567b6 641f50d8a39848e5a19bac385663c15f c652bad3978d441d9d6d97043dc33e36 - - - -] Successfully bumped revision number for resource 91059b5f-8365-4666-b6ea-fcfe9356f289 (type: routers) to 9
2026-07-21 07:57:16.168 9 INFO neutron.wsgi [None req-d6dac304-5bbd-4a14-89ad-42c46df567b6 641f50d8a39848e5a19bac385663c15f c652bad3978d441d9d6d97043dc33e36 - - - -] 10.0.0.37 "PUT /v2.0/routers/91059b5f-8365-4666-b6ea-fcfe9356f289 HTTP/1.1" status: 200 len: 655 time: 0.8978817
2026-07-21 07:57:16.197 10 INFO neutron.wsgi [None req-6fd9d365-d609-46c0-831c-aaf12e75c864 641f50d8a39848e5a19bac385663c15f c652bad3978d441d9d6d97043dc33e36 - - default default] 10.0.0.37 "GET /v2.0/ports?device_id=91059b5f-8365-4666-b6ea-fcfe9356f289 HTTP/1.1" status: 200 len: 205 time: 0.0221374
2026-07-21 07:57:16.288 9 WARNING neutron.scheduler.dhcp_agent_scheduler [None req-92114d9b-4b92-47f3-b000-5ee3cc5bc745 c559b67c8dc14c6e9bb7fa2452ec7a44 3b5df8bf225349b0ab7bd2b1a0d2c1b1 - - default default] No more DHCP agents
2026-07-21 07:57:16.289 9 WARNING neutron.api.rpc.agentnotifiers.dhcp_rpc_agent_api [None req-92114d9b-4b92-47f3-b000-5ee3cc5bc745 c559b67c8dc14c6e9bb7fa2452ec7a44 3b5df8bf225349b0ab7bd2b1a0d2c1b1 - - default default] Unable to schedule network c30790f2-7b69-44ac-bdd4-6e8e624b91a6: no agents available; will retry on subsequent port and subnet creation events.
2026-07-21 07:57:16.324 10 INFO neutron.db.ovn_revision_numbers_db [None req-54ddabd4-5286-4b04-a7d1-0106615c282d - - - - - -] Successfully bumped revision number for resource 6fd9b456-72de-4393-a6ed-5b38e1460f58 (type: ports) to 4
2026-07-21 07:57:16.423 9 INFO neutron.db.ovn_revision_numbers_db [None req-92114d9b-4b92-47f3-b000-5ee3cc5bc745 c559b67c8dc14c6e9bb7fa2452ec7a44 3b5df8bf225349b0ab7bd2b1a0d2c1b1 - - default default] Successfully bumped revision number for resource 31a4888c-1b6a-4688-bf98-242c04270a2b (type: ports) to 1
2026-07-21 07:57:16.489 10 INFO neutron.wsgi [None req-c9862015-0d30-49fe-8102-4811fde834a1 641f50d8a39848e5a19bac385663c15f c652bad3978d441d9d6d97043dc33e36 - - - -] 10.0.0.37 "DELETE /v2.0/routers/91059b5f-8365-4666-b6ea-fcfe9356f289 HTTP/1.1" status: 204 len: 168 time: 0.2854021
2026-07-21 07:57:16.621 10 INFO neutron.db.ovn_revision_numbers_db [None req-54ddabd4-5286-4b04-a7d1-0106615c282d - - - - - -] Successfully bumped revision number for resource 6fd9b456-72de-4393-a6ed-5b38e1460f58 (type: router_ports) to 4
2026-07-21 07:57:16.861 10 INFO neutron.plugins.ml2.drivers.ovn.mech_driver.mech_driver [None req-0a4d5b0c-0275-45c2-92fb-518f62a388a5 - - - - - -] OVN reports status up for port: 31a4888c-1b6a-4688-bf98-242c04270a2b
2026-07-21 07:57:16.868 9 INFO neutron.db.ovn_revision_numbers_db [None req-92114d9b-4b92-47f3-b000-5ee3cc5bc745 c559b67c8dc14c6e9bb7fa2452ec7a44 3b5df8bf225349b0ab7bd2b1a0d2c1b1 - - default default] Successfully bumped revision number for resource 31a4888c-1b6a-4688-bf98-242c04270a2b (type: router_ports) to 2
2026-07-21 07:57:16.872 10 INFO neutron.plugins.ml2.plugin [None req-0a4d5b0c-0275-45c2-92fb-518f62a388a5 - - - - - -] Attempt 1 to provision port 31a4888c-1b6a-4688-bf98-242c04270a2b
2026-07-21 07:57:17.025 9 INFO neutron.db.ovn_revision_numbers_db [None req-92114d9b-4b92-47f3-b000-5ee3cc5bc745 c559b67c8dc14c6e9bb7fa2452ec7a44 3b5df8bf225349b0ab7bd2b1a0d2c1b1 - - default default] Successfully bumped revision number for resource 31a4888c-1b6a-4688-bf98-242c04270a2b (type: ports) to 2
2026-07-21 07:57:17.092 9 WARNING neutron.scheduler.dhcp_agent_scheduler [None req-92114d9b-4b92-47f3-b000-5ee3cc5bc745 c559b67c8dc14c6e9bb7fa2452ec7a44 3b5df8bf225349b0ab7bd2b1a0d2c1b1 - - default default] No more DHCP agents
2026-07-21 07:57:17.094 9 WARNING neutron.api.rpc.agentnotifiers.dhcp_rpc_agent_api [None req-92114d9b-4b92-47f3-b000-5ee3cc5bc745 c559b67c8dc14c6e9bb7fa2452ec7a44 3b5df8bf225349b0ab7bd2b1a0d2c1b1 - - default default] Unable to schedule network c30790f2-7b69-44ac-bdd4-6e8e624b91a6: no agents available; will retry on subsequent port and subnet creation events.
2026-07-21 07:57:17.144 10 INFO neutron.db.ovn_revision_numbers_db [None req-0a4d5b0c-0275-45c2-92fb-518f62a388a5 - - - - - -] Successfully bumped revision number for resource 31a4888c-1b6a-4688-bf98-242c04270a2b (type: ports) to 3
2026-07-21 07:57:17.249 10 INFO neutron.db.ovn_revision_numbers_db [None req-0a4d5b0c-0275-45c2-92fb-518f62a388a5 - - - - - -] Successfully bumped revision number for resource 31a4888c-1b6a-4688-bf98-242c04270a2b (type: router_ports) to 3
2026-07-21 07:57:17.574 9 INFO neutron.db.ovn_revision_numbers_db [None req-92114d9b-4b92-47f3-b000-5ee3cc5bc745 c559b67c8dc14c6e9bb7fa2452ec7a44 3b5df8bf225349b0ab7bd2b1a0d2c1b1 - - - -] Successfully bumped revision number for resource 31a4888c-1b6a-4688-bf98-242c04270a2b (type: router_ports) to 3
