2026-07-21 07:55:36.279 10 INFO neutron.wsgi [req-680df0f0-47df-4d57-9596-735833ac3f92 req-2e847881-9321-4378-8142-849528385ae0 1b6a6b17dc714991a943390189061cea 9796ff7890114c13968851e69adf92a0 - - f75cd953ec1d47d48337cd8ec909d548 f75cd953ec1d47d48337cd8ec909d548] 199.19.213.199 "GET /v2.0/ports?tenant_id=d5058861c79446c3809985be0426dad6&device_id=2d0d1514-d17d-450f-9821-5d01ba310a77 HTTP/1.1" status: 200 len: 1361 time: 0.0414276
2026-07-21 07:55:36.413 10 INFO neutron.wsgi [req-680df0f0-47df-4d57-9596-735833ac3f92 req-f0dca2b2-d47b-4bdb-a279-620c80693861 1b6a6b17dc714991a943390189061cea 9796ff7890114c13968851e69adf92a0 - - f75cd953ec1d47d48337cd8ec909d548 f75cd953ec1d47d48337cd8ec909d548] 199.19.213.199 "GET /v2.0/networks?id=9bfe8c01-c938-4734-9601-2bf0338f63f1 HTTP/1.1" status: 200 len: 958 time: 0.1259675
2026-07-21 07:55:36.450 10 INFO neutron.wsgi [req-680df0f0-47df-4d57-9596-735833ac3f92 req-ade8a760-4944-48ab-881f-6e74ae310ae8 1b6a6b17dc714991a943390189061cea 9796ff7890114c13968851e69adf92a0 - - f75cd953ec1d47d48337cd8ec909d548 f75cd953ec1d47d48337cd8ec909d548] 199.19.213.199 "GET /v2.0/floatingips?fixed_ip_address=10.100.0.8&port_id=c059b06f-e37a-406c-9ae0-cf9d25faa5cf HTTP/1.1" status: 200 len: 217 time: 0.0292947
2026-07-21 07:55:36.513 10 INFO neutron.wsgi [req-680df0f0-47df-4d57-9596-735833ac3f92 req-d67b1764-c0ea-4940-9895-9ebcfa83602f 1b6a6b17dc714991a943390189061cea 9796ff7890114c13968851e69adf92a0 - - f75cd953ec1d47d48337cd8ec909d548 f75cd953ec1d47d48337cd8ec909d548] 199.19.213.199 "GET /v2.0/subnets?id=c8adfd31-2635-4c05-b5d6-eca76e764b05 HTTP/1.1" status: 200 len: 853 time: 0.0537577
2026-07-21 07:55:36.557 10 INFO neutron.wsgi [req-680df0f0-47df-4d57-9596-735833ac3f92 req-27e23a90-50f2-40af-b00a-db56f286db6e 1b6a6b17dc714991a943390189061cea 9796ff7890114c13968851e69adf92a0 - - f75cd953ec1d47d48337cd8ec909d548 f75cd953ec1d47d48337cd8ec909d548] 199.19.213.199 "GET /v2.0/ports?network_id=9bfe8c01-c938-4734-9601-2bf0338f63f1&device_owner=network%3Adhcp HTTP/1.1" status: 200 len: 210 time: 0.0371263
2026-07-21 07:55:36.679 10 INFO neutron.wsgi [req-680df0f0-47df-4d57-9596-735833ac3f92 req-4aece9fe-a8b4-4a3e-8c0b-a05d2908a35b 1b6a6b17dc714991a943390189061cea 9796ff7890114c13968851e69adf92a0 - - f75cd953ec1d47d48337cd8ec909d548 f75cd953ec1d47d48337cd8ec909d548] 199.19.213.199 "GET /v2.0/networks/9bfe8c01-c938-4734-9601-2bf0338f63f1?fields=segments HTTP/1.1" status: 200 len: 212 time: 0.1118178
2026-07-21 07:55:36.683 10 INFO neutron.wsgi [None req-7450970e-55a7-4682-9444-1d26573f0cf4 c559b67c8dc14c6e9bb7fa2452ec7a44 3b5df8bf225349b0ab7bd2b1a0d2c1b1 - - - -] 10.0.0.37 "DELETE /v2.0/security-groups/475355e6-2b4f-4efa-b532-51472096c443 HTTP/1.1" status: 204 len: 168 time: 0.5211349
2026-07-21 07:55:36.747 10 INFO neutron.services.segments.plugin [-] Segment 265367e7-ed04-4753-a20c-9b66c3728e4a resource provider aggregate not found
2026-07-21 07:55:36.752 10 INFO neutron.services.segments.plugin [-] Segment 265367e7-ed04-4753-a20c-9b66c3728e4a resource provider aggregate not found
2026-07-21 07:55:36.779 10 INFO neutron.services.segments.plugin [-] Segment 265367e7-ed04-4753-a20c-9b66c3728e4a resource provider not found; error: Placement Client Error (4xx): {"errors": [{"status": 404, "title": "Not Found", "detail": "The resource could not be found.\n\n No resource provider with uuid 265367e7-ed04-4753-a20c-9b66c3728e4a found for delete ", "request_id": "req-bb4a662d-24f7-4fe2-80d5-ca7c29ca364c"}]}
2026-07-21 07:55:36.785 10 INFO neutron.services.segments.plugin [-] Segment 265367e7-ed04-4753-a20c-9b66c3728e4a resource provider not found; error: Placement Client Error (4xx): {"errors": [{"status": 404, "title": "Not Found", "detail": "The resource could not be found.\n\n No resource provider with uuid 265367e7-ed04-4753-a20c-9b66c3728e4a found for delete ", "request_id": "req-78fd5e53-b666-475f-80b1-b9442f7f933f"}]}
2026-07-21 07:55:36.787 10 INFO neutron.wsgi [req-680df0f0-47df-4d57-9596-735833ac3f92 req-136174a9-61a9-4f5a-b699-adbfa9f4cfba 1b6a6b17dc714991a943390189061cea 9796ff7890114c13968851e69adf92a0 - - f75cd953ec1d47d48337cd8ec909d548 f75cd953ec1d47d48337cd8ec909d548] 199.19.213.199 "GET /v2.0/networks/9bfe8c01-c938-4734-9601-2bf0338f63f1?fields=provider%3Aphysical_network&fields=provider%3Anetwork_type HTTP/1.1" status: 200 len: 277 time: 0.1000814
2026-07-21 07:55:36.794 10 INFO neutron.wsgi [None req-4a08a3cc-67f4-4175-a850-37a361067363 e5cc3f5ff6734f3e90ebca4371fb332b 5dded1237447455c977c2bc789020cf4 - - - -] 10.0.0.37 "DELETE /v2.0/networks/9440bd4d-f95e-4a49-a1b8-74a06cbbaddc HTTP/1.1" status: 204 len: 168 time: 0.6898863
2026-07-21 07:55:36.825 9 INFO neutron.db.ovn_revision_numbers_db [None req-89b12e74-214d-4b25-b281-16a461457ea8 6e8b80216f224f8fa00bc93827e7820f f1f2679d5c1949caa8de175d4836a247 - - - -] Successfully bumped revision number for resource b33e16f8-1a31-465f-8fc8-45330f3c27dd (type: ports) to 2
2026-07-21 07:55:36.850 9 INFO neutron.db.ovn_revision_numbers_db [None req-89b12e74-214d-4b25-b281-16a461457ea8 6e8b80216f224f8fa00bc93827e7820f f1f2679d5c1949caa8de175d4836a247 - - - -] Successfully bumped revision number for resource 917a0ecc-4005-48e4-ba60-286fff3439d3 (type: subnets) to 0
2026-07-21 07:55:36.865 9 INFO neutron.wsgi [None req-89b12e74-214d-4b25-b281-16a461457ea8 6e8b80216f224f8fa00bc93827e7820f f1f2679d5c1949caa8de175d4836a247 - - - -] 10.0.0.37 "POST /v2.0/subnets HTTP/1.1" status: 201 len: 801 time: 1.3645759
2026-07-21 07:55:36.937 9 INFO neutron.db.segments_db [None req-50389eda-6c22-40cd-856e-74314ac1e3d2 e5cc3f5ff6734f3e90ebca4371fb332b 5dded1237447455c977c2bc789020cf4 - - - -] Added segment 8942d3ac-ba69-4f31-8d76-8740330e702a of type geneve for network f0d60b59-9767-4cb8-99a0-b662b1768fc2
2026-07-21 07:55:36.969 9 INFO neutron.wsgi [None req-4a251461-3046-4bc2-8e01-ba453cddf018 6e8b80216f224f8fa00bc93827e7820f f1f2679d5c1949caa8de175d4836a247 - - - -] 10.0.0.37 "PUT /v2.0/subnets/917a0ecc-4005-48e4-ba60-286fff3439d3/tags HTTP/1.1" status: 200 len: 218 time: 0.0969231
2026-07-21 07:55:37.040 9 INFO neutron.wsgi [None req-a45bb484-aa31-478a-b0c9-4a74127d0640 6e8b80216f224f8fa00bc93827e7820f f1f2679d5c1949caa8de175d4836a247 - - default default] 10.0.0.37 "GET /v2.0/subnets/917a0ecc-4005-48e4-ba60-286fff3439d3/tags HTTP/1.1" status: 200 len: 218 time: 0.0637209
2026-07-21 07:55:37.122 9 INFO neutron.wsgi [None req-6686aa50-654f-4874-8500-bcf60e974210 6e8b80216f224f8fa00bc93827e7820f f1f2679d5c1949caa8de175d4836a247 - - - -] 10.0.0.37 "PUT /v2.0/subnets/917a0ecc-4005-48e4-ba60-286fff3439d3/tags/green HTTP/1.1" status: 201 len: 201 time: 0.0756691
2026-07-21 07:55:37.126 9 INFO neutron.db.ovn_revision_numbers_db [None req-50389eda-6c22-40cd-856e-74314ac1e3d2 e5cc3f5ff6734f3e90ebca4371fb332b 5dded1237447455c977c2bc789020cf4 - - - -] Successfully bumped revision number for resource f0d60b59-9767-4cb8-99a0-b662b1768fc2 (type: networks) to 1
2026-07-21 07:55:37.320 9 WARNING neutron.scheduler.dhcp_agent_scheduler [None req-50389eda-6c22-40cd-856e-74314ac1e3d2 e5cc3f5ff6734f3e90ebca4371fb332b 5dded1237447455c977c2bc789020cf4 - - - -] No more DHCP agents
2026-07-21 07:55:37.322 9 WARNING neutron.api.rpc.agentnotifiers.dhcp_rpc_agent_api [None req-50389eda-6c22-40cd-856e-74314ac1e3d2 e5cc3f5ff6734f3e90ebca4371fb332b 5dded1237447455c977c2bc789020cf4 - - - -] Unable to schedule network f0d60b59-9767-4cb8-99a0-b662b1768fc2: no agents available; will retry on subsequent port and subnet creation events.
2026-07-21 07:55:37.396 9 INFO neutron.db.ovn_revision_numbers_db [None req-50389eda-6c22-40cd-856e-74314ac1e3d2 e5cc3f5ff6734f3e90ebca4371fb332b 5dded1237447455c977c2bc789020cf4 - - - -] Successfully bumped revision number for resource b3634328-9666-4eda-8d28-25081d452018 (type: ports) to 1
2026-07-21 07:55:37.419 9 INFO neutron.wsgi [None req-50389eda-6c22-40cd-856e-74314ac1e3d2 e5cc3f5ff6734f3e90ebca4371fb332b 5dded1237447455c977c2bc789020cf4 - - - -] 10.0.0.37 "POST /v2.0/networks HTTP/1.1" status: 201 len: 834 time: 0.6185708
2026-07-21 07:55:37.484 9 INFO neutron.db.ovn_revision_numbers_db [None req-1abc7d24-c32b-4ae7-939b-b60ef20a9adb 9d6299a5e17a4291b6123ac00e40b41a d5058861c79446c3809985be0426dad6 - - - -] Successfully bumped revision number for resource a2adc92a-456f-4451-92fe-c34d2261de6f (type: security_groups) to 1
2026-07-21 07:55:37.520 9 INFO neutron.wsgi [None req-1abc7d24-c32b-4ae7-939b-b60ef20a9adb 9d6299a5e17a4291b6123ac00e40b41a d5058861c79446c3809985be0426dad6 - - - -] 10.0.0.37 "POST /v2.0/security-groups HTTP/1.1" status: 201 len: 1811 time: 0.1857507
2026-07-21 07:55:37.601 10 INFO neutron.wsgi [None req-42be1547-badd-440c-8696-2f180ad8caff 6e8b80216f224f8fa00bc93827e7820f f1f2679d5c1949caa8de175d4836a247 - - default default] 10.0.0.37 "GET /v2.0/subnets/917a0ecc-4005-48e4-ba60-286fff3439d3/tags HTTP/1.1" status: 200 len: 227 time: 0.4722655
2026-07-21 07:55:37.653 10 INFO neutron.wsgi [None req-68f41785-e0e5-411c-98fd-1cd322ff889d 6e8b80216f224f8fa00bc93827e7820f f1f2679d5c1949caa8de175d4836a247 - - - -] 10.0.0.37 "PUT /v2.0/subnets/917a0ecc-4005-48e4-ba60-286fff3439d3/tags/red HTTP/1.1" status: 201 len: 201 time: 0.0473244
2026-07-21 07:55:37.686 10 INFO neutron.wsgi [None req-0065b1b0-0fb4-449c-a6af-a94da9aafd4c 6e8b80216f224f8fa00bc93827e7820f f1f2679d5c1949caa8de175d4836a247 - - default default] 10.0.0.37 "GET /v2.0/subnets/917a0ecc-4005-48e4-ba60-286fff3439d3/tags HTTP/1.1" status: 200 len: 227 time: 0.0283093
2026-07-21 07:55:37.708 9 INFO neutron.db.ovn_revision_numbers_db [None req-47d7d2c5-177e-4f05-8b62-f12c055674af 9d6299a5e17a4291b6123ac00e40b41a d5058861c79446c3809985be0426dad6 - - - -] Successfully bumped revision number for resource 4858753c-c5f8-40a1-8d1a-bbe825fd02f2 (type: security_group_rules) to 0
2026-07-21 07:55:37.736 10 INFO neutron.wsgi [None req-a0a6c5d4-9488-48e2-b0a8-0aad07935a01 6e8b80216f224f8fa00bc93827e7820f f1f2679d5c1949caa8de175d4836a247 - - - -] 10.0.0.37 "PUT /v2.0/subnets/917a0ecc-4005-48e4-ba60-286fff3439d3/tags/black.or.white HTTP/1.1" status: 201 len: 201 time: 0.0458455
2026-07-21 07:55:37.746 9 WARNING neutron.scheduler.dhcp_agent_scheduler [None req-49db2aef-6e43-4a76-92b0-9c69db79989b e5cc3f5ff6734f3e90ebca4371fb332b 5dded1237447455c977c2bc789020cf4 - - - -] No more DHCP agents
2026-07-21 07:55:37.748 9 WARNING neutron.api.rpc.agentnotifiers.dhcp_rpc_agent_api [None req-49db2aef-6e43-4a76-92b0-9c69db79989b e5cc3f5ff6734f3e90ebca4371fb332b 5dded1237447455c977c2bc789020cf4 - - - -] Unable to schedule network f0d60b59-9767-4cb8-99a0-b662b1768fc2: no agents available; will retry on subsequent port and subnet creation events.
2026-07-21 07:55:37.754 9 INFO neutron.wsgi [None req-47d7d2c5-177e-4f05-8b62-f12c055674af 9d6299a5e17a4291b6123ac00e40b41a d5058861c79446c3809985be0426dad6 - - - -] 10.0.0.37 "POST /v2.0/security-group-rules HTTP/1.1" status: 201 len: 764 time: 0.2211931
2026-07-21 07:55:37.767 9 INFO neutron.db.ovn_revision_numbers_db [None req-49db2aef-6e43-4a76-92b0-9c69db79989b e5cc3f5ff6734f3e90ebca4371fb332b 5dded1237447455c977c2bc789020cf4 - - - -] Successfully bumped revision number for resource c50587ec-bf0c-4047-99a7-d3218b38d689 (type: subnets) to 0
2026-07-21 07:55:37.775 10 INFO neutron.wsgi [None req-3e1b030f-0605-4882-9c3c-f088e64d1b08 6e8b80216f224f8fa00bc93827e7820f f1f2679d5c1949caa8de175d4836a247 - - default default] 10.0.0.37 "GET /v2.0/subnets/917a0ecc-4005-48e4-ba60-286fff3439d3/tags HTTP/1.1" status: 200 len: 245 time: 0.0337021
2026-07-21 07:55:37.791 9 INFO neutron.wsgi [None req-49db2aef-6e43-4a76-92b0-9c69db79989b e5cc3f5ff6734f3e90ebca4371fb332b 5dded1237447455c977c2bc789020cf4 - - - -] 10.0.0.37 "POST /v2.0/subnets HTTP/1.1" status: 201 len: 821 time: 0.3635662
2026-07-21 07:55:37.834 9 INFO neutron.wsgi [None req-b6c52aef-e841-4f68-910e-9b4c84badd73 6e8b80216f224f8fa00bc93827e7820f f1f2679d5c1949caa8de175d4836a247 - - - -] 10.0.0.37 "PUT /v2.0/subnets/917a0ecc-4005-48e4-ba60-286fff3439d3/tags HTTP/1.1" status: 200 len: 230 time: 0.0536213
2026-07-21 07:55:37.882 9 INFO neutron.wsgi [None req-3bb18e28-51f5-4f89-94c9-aab9c626724d 6e8b80216f224f8fa00bc93827e7820f f1f2679d5c1949caa8de175d4836a247 - - default default] 10.0.0.37 "GET /v2.0/subnets/917a0ecc-4005-48e4-ba60-286fff3439d3/tags HTTP/1.1" status: 200 len: 230 time: 0.0422297
2026-07-21 07:55:37.922 9 INFO neutron.db.ovn_revision_numbers_db [None req-b730caee-551d-4299-9ba0-fe5a764c455d 9d6299a5e17a4291b6123ac00e40b41a d5058861c79446c3809985be0426dad6 - - - -] Successfully bumped revision number for resource 5618e60b-4622-4409-b998-da083b0a1d58 (type: security_group_rules) to 0
2026-07-21 07:55:37.930 9 INFO neutron.wsgi [None req-af992890-7876-4ed0-8dff-0eb3913a229d 6e8b80216f224f8fa00bc93827e7820f f1f2679d5c1949caa8de175d4836a247 - - default default] 10.0.0.37 "GET /v2.0/subnets/917a0ecc-4005-48e4-ba60-286fff3439d3/tags/red HTTP/1.1" status: 204 len: 168 time: 0.0437558
2026-07-21 07:55:37.965 9 INFO neutron.wsgi [None req-b730caee-551d-4299-9ba0-fe5a764c455d 9d6299a5e17a4291b6123ac00e40b41a d5058861c79446c3809985be0426dad6 - - - -] 10.0.0.37 "POST /v2.0/security-group-rules HTTP/1.1" status: 201 len: 763 time: 0.2047262
2026-07-21 07:55:37.971 9 INFO neutron.api.v2.resource [None req-f927fb64-bdde-4ef5-b7a8-f24e3b85af15 6e8b80216f224f8fa00bc93827e7820f f1f2679d5c1949caa8de175d4836a247 - - default default] show failed (client error): The resource could not be found.
2026-07-21 07:55:37.972 9 INFO neutron.wsgi [None req-f927fb64-bdde-4ef5-b7a8-f24e3b85af15 6e8b80216f224f8fa00bc93827e7820f f1f2679d5c1949caa8de175d4836a247 - - default default] 10.0.0.37 "GET /v2.0/subnets/917a0ecc-4005-48e4-ba60-286fff3439d3/tags/green HTTP/1.1" status: 404 len: 299 time: 0.0337946
2026-07-21 07:55:38.032 9 INFO neutron.wsgi [None req-2970fe45-aa70-4081-95ef-6c99316cbb0e 6e8b80216f224f8fa00bc93827e7820f f1f2679d5c1949caa8de175d4836a247 - - - -] 10.0.0.37 "DELETE /v2.0/subnets/917a0ecc-4005-48e4-ba60-286fff3439d3/tags/red HTTP/1.1" status: 204 len: 168 time: 0.0552747
2026-07-21 07:55:38.072 9 INFO neutron.wsgi [None req-496bc871-1edb-404b-a1af-9b92d18a54be 6e8b80216f224f8fa00bc93827e7820f f1f2679d5c1949caa8de175d4836a247 - - default default] 10.0.0.37 "GET /v2.0/subnets/917a0ecc-4005-48e4-ba60-286fff3439d3/tags HTTP/1.1" status: 200 len: 223 time: 0.0345359
2026-07-21 07:55:38.111 9 INFO neutron.api.v2.resource [None req-1a147335-8325-49e9-a538-9d467cce46c7 6e8b80216f224f8fa00bc93827e7820f f1f2679d5c1949caa8de175d4836a247 - - - -] delete failed (client error): The resource could not be found.
2026-07-21 07:55:38.113 9 INFO neutron.wsgi [None req-1a147335-8325-49e9-a538-9d467cce46c7 6e8b80216f224f8fa00bc93827e7820f f1f2679d5c1949caa8de175d4836a247 - - - -] 10.0.0.37 "DELETE /v2.0/subnets/917a0ecc-4005-48e4-ba60-286fff3439d3/tags/green HTTP/1.1" status: 404 len: 299 time: 0.0363393
2026-07-21 07:55:38.142 10 WARNING neutron.scheduler.dhcp_agent_scheduler [None req-e3a0bd80-1a2f-4e32-98f8-3fb62c05f9d6 e5cc3f5ff6734f3e90ebca4371fb332b 5dded1237447455c977c2bc789020cf4 - - - -] No more DHCP agents
2026-07-21 07:55:38.143 10 WARNING neutron.api.rpc.agentnotifiers.dhcp_rpc_agent_api [None req-e3a0bd80-1a2f-4e32-98f8-3fb62c05f9d6 e5cc3f5ff6734f3e90ebca4371fb332b 5dded1237447455c977c2bc789020cf4 - - - -] Unable to schedule network f0d60b59-9767-4cb8-99a0-b662b1768fc2: no agents available; will retry on subsequent port and subnet creation events.
2026-07-21 07:55:38.145 10 INFO neutron.db.ovn_revision_numbers_db [None req-4280ca4f-921d-4635-9e03-e41a3cdc02f6 9d6299a5e17a4291b6123ac00e40b41a d5058861c79446c3809985be0426dad6 - - - -] Successfully bumped revision number for resource 2fd09dd9-3fd6-43d2-9b60-4eb1742be38c (type: security_group_rules) to 0
2026-07-21 07:55:38.164 9 INFO neutron.wsgi [None req-33ef1dba-bf53-4ac5-8700-91b54fdc8c10 6e8b80216f224f8fa00bc93827e7820f f1f2679d5c1949caa8de175d4836a247 - - - -] 10.0.0.37 "DELETE /v2.0/subnets/917a0ecc-4005-48e4-ba60-286fff3439d3/tags HTTP/1.1" status: 204 len: 168 time: 0.0428619
2026-07-21 07:55:38.189 10 INFO neutron.wsgi [None req-4280ca4f-921d-4635-9e03-e41a3cdc02f6 9d6299a5e17a4291b6123ac00e40b41a d5058861c79446c3809985be0426dad6 - - - -] 10.0.0.37 "POST /v2.0/security-group-rules HTTP/1.1" status: 201 len: 769 time: 0.2191327
2026-07-21 07:55:38.200 9 INFO neutron.wsgi [None req-97f1ecc5-0b35-429a-b4e2-f821f7af9f7c 6e8b80216f224f8fa00bc93827e7820f f1f2679d5c1949caa8de175d4836a247 - - default default] 10.0.0.37 "GET /v2.0/subnets/917a0ecc-4005-48e4-ba60-286fff3439d3/tags HTTP/1.1" status: 200 len: 205 time: 0.0316231
2026-07-21 07:55:38.261 10 INFO neutron.db.ovn_revision_numbers_db [None req-e3a0bd80-1a2f-4e32-98f8-3fb62c05f9d6 e5cc3f5ff6734f3e90ebca4371fb332b 5dded1237447455c977c2bc789020cf4 - - - -] Successfully bumped revision number for resource a00629f8-8205-4c71-bdde-c1f3d94f4ee2 (type: ports) to 1
2026-07-21 07:55:38.290 10 INFO neutron.wsgi [None req-e3a0bd80-1a2f-4e32-98f8-3fb62c05f9d6 e5cc3f5ff6734f3e90ebca4371fb332b 5dded1237447455c977c2bc789020cf4 - - - -] 10.0.0.37 "POST /v2.0/ports HTTP/1.1" status: 201 len: 1126 time: 0.4948769
2026-07-21 07:55:38.345 10 INFO neutron.db.ovn_revision_numbers_db [None req-c341b8a3-91bd-4b4b-94eb-9cc4dcfdf358 9d6299a5e17a4291b6123ac00e40b41a d5058861c79446c3809985be0426dad6 - - - -] Successfully bumped revision number for resource 795b66b9-9327-47ae-9e3f-b5f7a4e285ad (type: security_group_rules) to 0
2026-07-21 07:55:38.383 10 INFO neutron.wsgi [None req-c341b8a3-91bd-4b4b-94eb-9cc4dcfdf358 9d6299a5e17a4291b6123ac00e40b41a d5058861c79446c3809985be0426dad6 - - - -] 10.0.0.37 "POST /v2.0/security-group-rules HTTP/1.1" status: 201 len: 768 time: 0.1863348
2026-07-21 07:55:38.417 9 INFO neutron.db.securitygroups_db [None req-5ce244bc-fb63-4b59-b3e1-abe08f958015 9d6299a5e17a4291b6123ac00e40b41a d5058861c79446c3809985be0426dad6 - - - -] Project d5058861c79446c3809985be0426dad6 added a security group rule with legacy IPv6 ICMP protocol name icmp, ipv6-icmp should be used instead. It was automatically converted.
2026-07-21 07:55:38.427 9 INFO neutron.wsgi [None req-15638beb-fe40-467b-9771-2edba0f32500 6e8b80216f224f8fa00bc93827e7820f f1f2679d5c1949caa8de175d4836a247 - - - -] 10.0.0.37 "DELETE /v2.0/subnets/917a0ecc-4005-48e4-ba60-286fff3439d3 HTTP/1.1" status: 204 len: 168 time: 0.2208667
2026-07-21 07:55:38.510 9 INFO neutron.db.ovn_revision_numbers_db [None req-5ce244bc-fb63-4b59-b3e1-abe08f958015 9d6299a5e17a4291b6123ac00e40b41a d5058861c79446c3809985be0426dad6 - - - -] Successfully bumped revision number for resource 84010319-5ec9-4991-8ed9-081671a9959b (type: security_group_rules) to 0
2026-07-21 07:55:38.541 9 INFO neutron.wsgi [None req-5ce244bc-fb63-4b59-b3e1-abe08f958015 9d6299a5e17a4291b6123ac00e40b41a d5058861c79446c3809985be0426dad6 - - - -] 10.0.0.37 "POST /v2.0/security-group-rules HTTP/1.1" status: 201 len: 774 time: 0.1518409
2026-07-21 07:55:38.580 10 INFO neutron.db.securitygroups_db [None req-a3526d8c-87f2-4cc9-913b-ab458756517a 9d6299a5e17a4291b6123ac00e40b41a d5058861c79446c3809985be0426dad6 - - - -] Project d5058861c79446c3809985be0426dad6 added a security group rule with legacy IPv6 ICMP protocol name icmp, ipv6-icmp should be used instead. It was automatically converted.
2026-07-21 07:55:38.677 9 INFO neutron.db.ovn_revision_numbers_db [None req-45eb156d-ff0a-45e2-b715-9ea100d86dfa 316b8069ada340e0bac3b27f3811ffaf dfad12eee8cb48208cdfa32dcf38034c - - - -] Successfully bumped revision number for resource 858e8b69-9ab5-472f-a029-993e2bc57f03 (type: security_groups) to 1
2026-07-21 07:55:38.734 10 INFO neutron.wsgi [None req-276180da-f621-4dfb-bf2f-07c29a5fc5fa e5cc3f5ff6734f3e90ebca4371fb332b 5dded1237447455c977c2bc789020cf4 - - - -] 10.0.0.37 "DELETE /v2.0/ports/a00629f8-8205-4c71-bdde-c1f3d94f4ee2 HTTP/1.1" status: 204 len: 168 time: 0.4365897
2026-07-21 07:55:38.748 9 INFO neutron.db.ovn_revision_numbers_db [None req-45eb156d-ff0a-45e2-b715-9ea100d86dfa 316b8069ada340e0bac3b27f3811ffaf dfad12eee8cb48208cdfa32dcf38034c - - - -] Successfully bumped revision number for resource bb98786f-3aa1-491b-8f86-0c9ad0fc39f2 (type: security_groups) to 1
2026-07-21 07:55:38.758 9 INFO neutron.pecan_wsgi.hooks.translation [None req-396d2f4f-4d77-4dea-8db8-7b37248ca660 e5cc3f5ff6734f3e90ebca4371fb332b 5dded1237447455c977c2bc789020cf4 - - default default] GET failed (client error): The resource could not be found.
2026-07-21 07:55:38.759 9 INFO neutron.wsgi [None req-396d2f4f-4d77-4dea-8db8-7b37248ca660 e5cc3f5ff6734f3e90ebca4371fb332b 5dded1237447455c977c2bc789020cf4 - - default default] 10.0.0.37 "GET /v2.0/ports/a00629f8-8205-4c71-bdde-c1f3d94f4ee2 HTTP/1.1" status: 404 len: 333 time: 0.0198088
2026-07-21 07:55:38.782 10 INFO neutron.db.ovn_revision_numbers_db [None req-a3526d8c-87f2-4cc9-913b-ab458756517a 9d6299a5e17a4291b6123ac00e40b41a d5058861c79446c3809985be0426dad6 - - - -] Successfully bumped revision number for resource 391c4dd3-85ef-404c-96e4-08de59b8a8ca (type: security_group_rules) to 0
2026-07-21 07:55:38.795 9 INFO neutron.wsgi [None req-45eb156d-ff0a-45e2-b715-9ea100d86dfa 316b8069ada340e0bac3b27f3811ffaf dfad12eee8cb48208cdfa32dcf38034c - - - -] 10.0.0.37 "POST /v2.0/security-groups HTTP/1.1" status: 201 len: 1760 time: 0.4241216
2026-07-21 07:55:38.797 9 WARNING neutron.plugins.ml2.drivers.ovn.mech_driver.ovsdb.ovn_client [None req-1096d1bb-1619-4472-9536-ac3a88dc9fbc - - - - - -] No port found with ID 5084c2c2-ed1c-4d50-86a4-2fb92f26fee4: RuntimeError: No port found with ID 5084c2c2-ed1c-4d50-86a4-2fb92f26fee4
2026-07-21 07:55:38.824 10 INFO neutron.wsgi [None req-a3526d8c-87f2-4cc9-913b-ab458756517a 9d6299a5e17a4291b6123ac00e40b41a d5058861c79446c3809985be0426dad6 - - - -] 10.0.0.37 "POST /v2.0/security-group-rules HTTP/1.1" status: 201 len: 773 time: 0.2787466
2026-07-21 07:55:38.856 10 INFO neutron.wsgi [None req-5dfbb9b0-e6e5-4939-a833-fc2ad8cbfa24 316b8069ada340e0bac3b27f3811ffaf dfad12eee8cb48208cdfa32dcf38034c - - default default] 10.0.0.37 "GET /v2.0/security-groups HTTP/1.1" status: 200 len: 4538 time: 0.0512991
2026-07-21 07:55:38.974 10 INFO neutron.services.segments.plugin [-] Segment b1a9e59e-3675-4bc8-8adf-48d3a05053ac resource provider aggregate not found
2026-07-21 07:55:39.001 10 INFO neutron.services.segments.plugin [-] Segment b1a9e59e-3675-4bc8-8adf-48d3a05053ac resource provider aggregate not found
2026-07-21 07:55:39.006 10 INFO neutron.services.segments.plugin [-] Segment b1a9e59e-3675-4bc8-8adf-48d3a05053ac resource provider not found; error: Placement Client Error (4xx): {"errors": [{"status": 404, "title": "Not Found", "detail": "The resource could not be found.\n\n No resource provider with uuid b1a9e59e-3675-4bc8-8adf-48d3a05053ac found for delete ", "request_id": "req-148ddde5-2cb2-40c6-9f85-4d86443af252"}]}
2026-07-21 07:55:39.010 10 INFO neutron.db.ovn_revision_numbers_db [None req-3e8400a5-941e-4b9e-b91e-52cfd0ea0bd5 316b8069ada340e0bac3b27f3811ffaf dfad12eee8cb48208cdfa32dcf38034c - - - -] Successfully bumped revision number for resource bb98786f-3aa1-491b-8f86-0c9ad0fc39f2 (type: security_groups) to 2
2026-07-21 07:55:39.014 10 INFO neutron.wsgi [None req-3e8400a5-941e-4b9e-b91e-52cfd0ea0bd5 316b8069ada340e0bac3b27f3811ffaf dfad12eee8cb48208cdfa32dcf38034c - - - -] 10.0.0.37 "PUT /v2.0/security-groups/bb98786f-3aa1-491b-8f86-0c9ad0fc39f2 HTTP/1.1" status: 200 len: 1794 time: 0.1477177
2026-07-21 07:55:39.028 9 INFO neutron.wsgi [None req-edda4092-c2f6-4d20-9eb9-a5be579f2e39 e5cc3f5ff6734f3e90ebca4371fb332b 5dded1237447455c977c2bc789020cf4 - - - -] 10.0.0.37 "DELETE /v2.0/subnets/c50587ec-bf0c-4047-99a7-d3218b38d689 HTTP/1.1" status: 204 len: 168 time: 0.2631717
2026-07-21 07:55:39.032 10 INFO neutron.services.segments.plugin [-] Segment b1a9e59e-3675-4bc8-8adf-48d3a05053ac resource provider not found; error: Placement Client Error (4xx): {"errors": [{"status": 404, "title": "Not Found", "detail": "The resource could not be found.\n\n No resource provider with uuid b1a9e59e-3675-4bc8-8adf-48d3a05053ac found for delete ", "request_id": "req-b594ccc0-de72-4db8-af9e-594755d69492"}]} /var/lib/openstack/lib/python3.10/site-packages/pycadf/identifier.py:71: UserWarning: Invalid uuid: neutron. To ensure interoperability, identifiers should be a valid uuid. warnings.warn(('Invalid uuid: %s. To ensure interoperability, '
2026-07-21 07:55:39.052 10 INFO neutron.wsgi [None req-41d7fd54-2bf7-425c-a8b4-3aa8d26e911a 6e8b80216f224f8fa00bc93827e7820f f1f2679d5c1949caa8de175d4836a247 - - - -] 10.0.0.37 "DELETE /v2.0/networks/1a08e1b1-9f64-49d1-803b-abf63504e4be HTTP/1.1" status: 204 len: 168 time: 0.6171455
2026-07-21 07:55:39.065 10 INFO neutron.wsgi [None req-9c6565a2-815e-4cc9-b4c0-6aa259202c99 316b8069ada340e0bac3b27f3811ffaf dfad12eee8cb48208cdfa32dcf38034c - - default default] 10.0.0.37 "GET /v2.0/security-groups/bb98786f-3aa1-491b-8f86-0c9ad0fc39f2 HTTP/1.1" status: 200 len: 1794 time: 0.0434492
2026-07-21 07:55:39.188 10 INFO neutron.wsgi [None req-665ef143-6afd-489f-9427-290916b9ceba 316b8069ada340e0bac3b27f3811ffaf dfad12eee8cb48208cdfa32dcf38034c - - - -] 10.0.0.37 "DELETE /v2.0/security-groups/bb98786f-3aa1-491b-8f86-0c9ad0fc39f2 HTTP/1.1" status: 204 len: 168 time: 0.1184108
2026-07-21 07:55:39.224 10 INFO neutron.wsgi [None req-05c0485c-c2e4-4c24-8c1a-fabc33168d60 316b8069ada340e0bac3b27f3811ffaf dfad12eee8cb48208cdfa32dcf38034c - - default default] 10.0.0.37 "GET /v2.0/security-groups HTTP/1.1" status: 200 len: 2996 time: 0.0301194
2026-07-21 07:55:39.248 10 INFO neutron.api.v2.resource [None req-0fd6d90a-1a13-463f-a200-c2c77186885d 316b8069ada340e0bac3b27f3811ffaf dfad12eee8cb48208cdfa32dcf38034c - - - -] delete failed (client error): The resource could not be found.
2026-07-21 07:55:39.249 10 INFO neutron.wsgi [None req-0fd6d90a-1a13-463f-a200-c2c77186885d 316b8069ada340e0bac3b27f3811ffaf dfad12eee8cb48208cdfa32dcf38034c - - - -] 10.0.0.37 "DELETE /v2.0/security-groups/bb98786f-3aa1-491b-8f86-0c9ad0fc39f2 HTTP/1.1" status: 404 len: 347 time: 0.0115399
2026-07-21 07:55:39.343 10 INFO neutron.db.ovn_revision_numbers_db [None req-c5ba2429-b7c2-47b3-8bfd-0e82e3f971d2 316b8069ada340e0bac3b27f3811ffaf dfad12eee8cb48208cdfa32dcf38034c - - - -] Successfully bumped revision number for resource 45146139-d06f-4c7a-a6a1-698a89fc1051 (type: security_groups) to 1
2026-07-21 07:55:39.374 10 INFO neutron.wsgi [None req-c5ba2429-b7c2-47b3-8bfd-0e82e3f971d2 316b8069ada340e0bac3b27f3811ffaf dfad12eee8cb48208cdfa32dcf38034c - - - -] 10.0.0.37 "POST /v2.0/security-groups HTTP/1.1" status: 201 len: 1760 time: 0.1195345
2026-07-21 07:55:39.467 10 INFO neutron.wsgi [None req-f7d366f0-4df4-4320-aad9-375236ed0d61 9d6299a5e17a4291b6123ac00e40b41a d5058861c79446c3809985be0426dad6 - - default default] 10.0.0.37 "GET /v2.0/networks HTTP/1.1" status: 200 len: 1492 time: 0.2775636
2026-07-21 07:55:39.557 10 INFO neutron.db.ovn_revision_numbers_db [None req-6c469a79-2c64-4871-8885-01ead65bcd05 316b8069ada340e0bac3b27f3811ffaf dfad12eee8cb48208cdfa32dcf38034c - - - -] Successfully bumped revision number for resource 9b46f2dc-49dd-48c7-8904-24487ee3367c (type: security_group_rules) to 0
2026-07-21 07:55:39.598 10 INFO neutron.wsgi [None req-6c469a79-2c64-4871-8885-01ead65bcd05 316b8069ada340e0bac3b27f3811ffaf dfad12eee8cb48208cdfa32dcf38034c - - - -] 10.0.0.37 "POST /v2.0/security-group-rules HTTP/1.1" status: 201 len: 768 time: 0.2179568
2026-07-21 07:55:39.610 10 INFO neutron.wsgi [req-b259caf8-ff39-4f39-9ce6-11ef0cd6bfd4 req-38a36cfe-1327-4201-ada8-8df582fa36fe 9d6299a5e17a4291b6123ac00e40b41a d5058861c79446c3809985be0426dad6 - - default default] 10.0.0.176 "GET /v2.0/security-groups?name=tempest-secgroup-smoke-1971664948&fields=id&tenant_id=d5058861c79446c3809985be0426dad6 HTTP/1.1" status: 200 len: 267 time: 0.0612078
2026-07-21 07:55:39.633 9 INFO neutron.wsgi [None req-78212c39-25f8-48e9-bc72-faa9734b2f8f 316b8069ada340e0bac3b27f3811ffaf dfad12eee8cb48208cdfa32dcf38034c - - default default] 10.0.0.37 "GET /v2.0/security-group-rules/9b46f2dc-49dd-48c7-8904-24487ee3367c HTTP/1.1" status: 200 len: 763 time: 0.0226746
2026-07-21 07:55:39.677 10 INFO neutron.wsgi [req-b259caf8-ff39-4f39-9ce6-11ef0cd6bfd4 req-28815dc4-c8ae-4ce1-ad41-db074a781e41 9d6299a5e17a4291b6123ac00e40b41a d5058861c79446c3809985be0426dad6 - - default default] 10.0.0.176 "GET /v2.0/networks?id=9bfe8c01-c938-4734-9601-2bf0338f63f1 HTTP/1.1" status: 200 len: 859 time: 0.0615470
2026-07-21 07:55:39.690 10 INFO neutron.wsgi [req-b259caf8-ff39-4f39-9ce6-11ef0cd6bfd4 req-1cca670c-5605-420d-a41c-51f0ef04d8b7 9d6299a5e17a4291b6123ac00e40b41a d5058861c79446c3809985be0426dad6 - - default default] 10.0.0.176 "GET /v2.0/quotas/d5058861c79446c3809985be0426dad6 HTTP/1.1" status: 200 len: 386 time: 0.0078182
2026-07-21 07:55:39.691 9 INFO neutron.wsgi [None req-8f0c3681-c6de-421f-9041-c402f02a822d 316b8069ada340e0bac3b27f3811ffaf dfad12eee8cb48208cdfa32dcf38034c - - default default] 10.0.0.37 "GET /v2.0/security-group-rules HTTP/1.1" status: 200 len: 4113 time: 0.0536947
2026-07-21 07:55:39.792 10 INFO neutron.wsgi [req-b259caf8-ff39-4f39-9ce6-11ef0cd6bfd4 req-c139a91b-b256-4516-ae87-0637eabceace 9d6299a5e17a4291b6123ac00e40b41a d5058861c79446c3809985be0426dad6 - - default default] 10.0.0.176 "GET /v2.0/ports?tenant_id=d5058861c79446c3809985be0426dad6&fields=id HTTP/1.1" status: 200 len: 348 time: 0.0957584
2026-07-21 07:55:39.801 9 INFO neutron.services.segments.plugin [-] Segment 8942d3ac-ba69-4f31-8d76-8740330e702a resource provider aggregate not found
2026-07-21 07:55:39.807 9 INFO neutron.services.segments.plugin [-] Segment 8942d3ac-ba69-4f31-8d76-8740330e702a resource provider aggregate not found
2026-07-21 07:55:39.823 9 INFO neutron.services.segments.plugin [-] Segment 8942d3ac-ba69-4f31-8d76-8740330e702a resource provider not found; error: Placement Client Error (4xx): {"errors": [{"status": 404, "title": "Not Found", "detail": "The resource could not be found.\n\n No resource provider with uuid 8942d3ac-ba69-4f31-8d76-8740330e702a found for delete ", "request_id": "req-ea055eeb-d4f0-4780-8130-88302abce1ee"}]}
2026-07-21 07:55:39.837 9 INFO neutron.services.segments.plugin [-] Segment 8942d3ac-ba69-4f31-8d76-8740330e702a resource provider not found; error: Placement Client Error (4xx): {"errors": [{"status": 404, "title": "Not Found", "detail": "The resource could not be found.\n\n No resource provider with uuid 8942d3ac-ba69-4f31-8d76-8740330e702a found for delete ", "request_id": "req-d6a05d54-ad2b-4b6f-b3d5-0d24b8789bd5"}]}
2026-07-21 07:55:39.853 9 INFO neutron.wsgi [None req-dc00d1d3-00a2-4f5b-9325-e8c67ddcaa0a e5cc3f5ff6734f3e90ebca4371fb332b 5dded1237447455c977c2bc789020cf4 - - - -] 10.0.0.37 "DELETE /v2.0/networks/f0d60b59-9767-4cb8-99a0-b662b1768fc2 HTTP/1.1" status: 204 len: 168 time: 0.8192472
2026-07-21 07:55:39.857 10 INFO neutron.wsgi [None req-f9d33627-ec4d-4f12-9b94-5f5e20de49fc 316b8069ada340e0bac3b27f3811ffaf dfad12eee8cb48208cdfa32dcf38034c - - - -] 10.0.0.37 "DELETE /v2.0/security-group-rules/9b46f2dc-49dd-48c7-8904-24487ee3367c HTTP/1.1" status: 204 len: 168 time: 0.1540563
2026-07-21 07:55:39.885 10 INFO neutron.wsgi [req-b259caf8-ff39-4f39-9ce6-11ef0cd6bfd4 req-9ebbc34f-752b-4315-95f6-e5b3926034c2 1b6a6b17dc714991a943390189061cea 9796ff7890114c13968851e69adf92a0 - - f75cd953ec1d47d48337cd8ec909d548 f75cd953ec1d47d48337cd8ec909d548] 10.0.0.176 "GET /v2.0/networks/9bfe8c01-c938-4734-9601-2bf0338f63f1?fields=segments HTTP/1.1" status: 200 len: 212 time: 0.0808563
2026-07-21 07:55:39.908 10 INFO neutron.wsgi [None req-5b5ff968-edfe-4431-98d4-80213502df23 316b8069ada340e0bac3b27f3811ffaf dfad12eee8cb48208cdfa32dcf38034c - - default default] 10.0.0.37 "GET /v2.0/security-group-rules HTTP/1.1" status: 200 len: 3567 time: 0.0441215
2026-07-21 07:55:39.971 10 INFO neutron.wsgi [req-b259caf8-ff39-4f39-9ce6-11ef0cd6bfd4 req-4db9e6d3-1ada-4091-b4c4-02320a6d3611 1b6a6b17dc714991a943390189061cea 9796ff7890114c13968851e69adf92a0 - - f75cd953ec1d47d48337cd8ec909d548 f75cd953ec1d47d48337cd8ec909d548] 10.0.0.176 "GET /v2.0/networks/9bfe8c01-c938-4734-9601-2bf0338f63f1?fields=provider%3Aphysical_network&fields=provider%3Anetwork_type HTTP/1.1" status: 200 len: 277 time: 0.0764992
2026-07-21 07:55:39.976 10 INFO neutron.wsgi [None req-49ba1b26-a05b-4048-8efb-44b4bd484b49 c559b67c8dc14c6e9bb7fa2452ec7a44 3b5df8bf225349b0ab7bd2b1a0d2c1b1 - - default default] 10.0.0.37 "GET /v2.0/security-groups?tenant_id=f1f2679d5c1949caa8de175d4836a247&name=default HTTP/1.1" status: 200 len: 2996 time: 0.2394841
2026-07-21 07:55:40.063 10 INFO neutron.db.ovn_revision_numbers_db [None req-bf42727a-df29-4650-ab91-bbe1e16648d5 316b8069ada340e0bac3b27f3811ffaf dfad12eee8cb48208cdfa32dcf38034c - - - -] Successfully bumped revision number for resource 34670955-96f7-4d7d-ad24-d0f27068d801 (type: security_group_rules) to 0
2026-07-21 07:55:40.088 10 INFO neutron.wsgi [None req-bf42727a-df29-4650-ab91-bbe1e16648d5 316b8069ada340e0bac3b27f3811ffaf dfad12eee8cb48208cdfa32dcf38034c - - - -] 10.0.0.37 "POST /v2.0/security-group-rules HTTP/1.1" status: 201 len: 768 time: 0.1731000
2026-07-21 07:55:40.114 10 INFO neutron.wsgi [None req-97b063ee-f368-4cb1-83a2-1935dd2e9024 316b8069ada340e0bac3b27f3811ffaf dfad12eee8cb48208cdfa32dcf38034c - - default default] 10.0.0.37 "GET /v2.0/security-group-rules/34670955-96f7-4d7d-ad24-d0f27068d801 HTTP/1.1" status: 200 len: 763 time: 0.0206268
2026-07-21 07:55:40.125 10 INFO neutron.wsgi [req-6c8188fa-92eb-45f8-b766-31d4688e8114 req-26dbc651-4a87-4d20-a522-18562af1cb4d 9d6299a5e17a4291b6123ac00e40b41a d5058861c79446c3809985be0426dad6 - - default default] 10.0.0.176 "GET /v2.0/ports?device_id=76f32c2a-97c7-4b27-8e04-cf6afa53ca73 HTTP/1.1" status: 200 len: 210 time: 0.0360069 /var/lib/openstack/lib/python3.10/site-packages/pycadf/identifier.py:71: UserWarning: Invalid uuid: neutron. To ensure interoperability, identifiers should be a valid uuid. warnings.warn(('Invalid uuid: %s. To ensure interoperability, '
2026-07-21 07:55:40.132 9 WARNING neutron.scheduler.dhcp_agent_scheduler [None req-65b925ed-12da-442b-95ff-5b4a85a16622 e5cc3f5ff6734f3e90ebca4371fb332b 5dded1237447455c977c2bc789020cf4 - - - -] No more DHCP agents
2026-07-21 07:55:40.136 9 WARNING neutron.api.rpc.agentnotifiers.dhcp_rpc_agent_api [None req-65b925ed-12da-442b-95ff-5b4a85a16622 e5cc3f5ff6734f3e90ebca4371fb332b 5dded1237447455c977c2bc789020cf4 - - - -] Unable to schedule network 5bdb65be-7abe-494d-b490-4bb7adb084b4: no agents available; will retry on subsequent port and subnet creation events.
2026-07-21 07:55:40.187 9 INFO neutron.wsgi [None req-666c91a0-387e-49c1-9017-b3904d49c29b 316b8069ada340e0bac3b27f3811ffaf dfad12eee8cb48208cdfa32dcf38034c - - default default] 10.0.0.37 "GET /v2.0/security-group-rules HTTP/1.1" status: 200 len: 4113 time: 0.0608671
2026-07-21 07:55:40.225 9 INFO neutron.db.ovn_revision_numbers_db [None req-65b925ed-12da-442b-95ff-5b4a85a16622 e5cc3f5ff6734f3e90ebca4371fb332b 5dded1237447455c977c2bc789020cf4 - - - -] Successfully bumped revision number for resource ead8657a-fef4-40ed-a902-7326bceaf11b (type: ports) to 1
2026-07-21 07:55:40.250 9 INFO neutron.wsgi [None req-65b925ed-12da-442b-95ff-5b4a85a16622 e5cc3f5ff6734f3e90ebca4371fb332b 5dded1237447455c977c2bc789020cf4 - - - -] 10.0.0.37 "POST /v2.0/ports HTTP/1.1" status: 201 len: 978 time: 0.3883202 /var/lib/openstack/lib/python3.10/site-packages/pycadf/identifier.py:71: UserWarning: Invalid uuid: neutron. To ensure interoperability, identifiers should be a valid uuid. warnings.warn(('Invalid uuid: %s. To ensure interoperability, '
2026-07-21 07:55:40.301 9 INFO neutron.wsgi [None req-382a2f39-b9d2-49dd-878b-e7d263c452cc c559b67c8dc14c6e9bb7fa2452ec7a44 3b5df8bf225349b0ab7bd2b1a0d2c1b1 - - - -] 10.0.0.37 "DELETE /v2.0/security-groups/a4a81af1-b343-499c-98b8-e17c6d69fbd8 HTTP/1.1" status: 204 len: 168 time: 0.3201258
2026-07-21 07:55:40.327 10 INFO neutron.wsgi [None req-e466845c-fc4e-4ba4-8416-814630a151f7 316b8069ada340e0bac3b27f3811ffaf dfad12eee8cb48208cdfa32dcf38034c - - - -] 10.0.0.37 "DELETE /v2.0/security-group-rules/34670955-96f7-4d7d-ad24-d0f27068d801 HTTP/1.1" status: 204 len: 168 time: 0.1350825
2026-07-21 07:55:40.365 10 INFO neutron.wsgi [None req-5ef6330e-2075-4492-b54c-0d0c49134ad4 316b8069ada340e0bac3b27f3811ffaf dfad12eee8cb48208cdfa32dcf38034c - - default default] 10.0.0.37 "GET /v2.0/security-group-rules HTTP/1.1" status: 200 len: 3567 time: 0.0324330
2026-07-21 07:55:40.393 10 INFO neutron.db.securitygroups_db [None req-a33f2037-4b30-4bf4-9a74-ad23ca3abcb9 316b8069ada340e0bac3b27f3811ffaf dfad12eee8cb48208cdfa32dcf38034c - - - -] Project dfad12eee8cb48208cdfa32dcf38034c added a security group rule with legacy IPv6 ICMP protocol name icmp, ipv6-icmp should be used instead. It was automatically converted.
2026-07-21 07:55:40.481 9 INFO neutron.db.ovn_revision_numbers_db [None req-5a26fa48-c471-4aad-a933-bd65785de8aa e5cc3f5ff6734f3e90ebca4371fb332b 5dded1237447455c977c2bc789020cf4 - - - -] Successfully bumped revision number for resource ead8657a-fef4-40ed-a902-7326bceaf11b (type: ports) to 2
2026-07-21 07:55:40.492 9 INFO neutron.wsgi [None req-5a26fa48-c471-4aad-a933-bd65785de8aa e5cc3f5ff6734f3e90ebca4371fb332b 5dded1237447455c977c2bc789020cf4 - - - -] 10.0.0.37 "PUT /v2.0/ports/ead8657a-fef4-40ed-a902-7326bceaf11b HTTP/1.1" status: 200 len: 946 time: 0.2359881 /var/lib/openstack/lib/python3.10/site-packages/pycadf/identifier.py:71: UserWarning: Invalid uuid: neutron. To ensure interoperability, identifiers should be a valid uuid. warnings.warn(('Invalid uuid: %s. To ensure interoperability, '
2026-07-21 07:55:40.515 10 INFO neutron.db.ovn_revision_numbers_db [None req-a33f2037-4b30-4bf4-9a74-ad23ca3abcb9 316b8069ada340e0bac3b27f3811ffaf dfad12eee8cb48208cdfa32dcf38034c - - - -] Successfully bumped revision number for resource 77793ebf-7da5-4790-a21d-1d820af78b10 (type: security_group_rules) to 0
2026-07-21 07:55:40.561 10 INFO neutron.wsgi [None req-a33f2037-4b30-4bf4-9a74-ad23ca3abcb9 316b8069ada340e0bac3b27f3811ffaf dfad12eee8cb48208cdfa32dcf38034c - - - -] 10.0.0.37 "POST /v2.0/security-group-rules HTTP/1.1" status: 201 len: 774 time: 0.1906068
2026-07-21 07:55:40.595 10 INFO neutron.wsgi [None req-30f25278-d142-4bff-a493-be3a33e29b7a 316b8069ada340e0bac3b27f3811ffaf dfad12eee8cb48208cdfa32dcf38034c - - default default] 10.0.0.37 "GET /v2.0/security-group-rules/77793ebf-7da5-4790-a21d-1d820af78b10 HTTP/1.1" status: 200 len: 769 time: 0.0254219
2026-07-21 07:55:40.612 10 INFO neutron.db.ovn_revision_numbers_db [None req-16e30fe5-7a38-47a5-bc86-7cf7253c74ad c559b67c8dc14c6e9bb7fa2452ec7a44 3b5df8bf225349b0ab7bd2b1a0d2c1b1 - - default default] Successfully bumped revision number for resource bd71376f-0514-49de-ba24-6de5a4c7f48b (type: security_groups) to 1
2026-07-21 07:55:40.659 10 INFO neutron.wsgi [None req-16e30fe5-7a38-47a5-bc86-7cf7253c74ad c559b67c8dc14c6e9bb7fa2452ec7a44 3b5df8bf225349b0ab7bd2b1a0d2c1b1 - - default default] 10.0.0.37 "GET /v2.0/security-groups?tenant_id=6ad607a0f0e64cbb87becf06c562df60&name=default HTTP/1.1" status: 200 len: 2996 time: 0.2083886
2026-07-21 07:55:40.676 10 INFO neutron.wsgi [None req-2e4d8093-c983-4f08-8256-c89698af2740 316b8069ada340e0bac3b27f3811ffaf dfad12eee8cb48208cdfa32dcf38034c - - default default] 10.0.0.37 "GET /v2.0/security-group-rules HTTP/1.1" status: 200 len: 4119 time: 0.0724821
2026-07-21 07:55:40.795 9 INFO neutron.wsgi [None req-84c25441-17ea-45ce-82e0-2295695ebbed e5cc3f5ff6734f3e90ebca4371fb332b 5dded1237447455c977c2bc789020cf4 - - - -] 10.0.0.37 "DELETE /v2.0/ports/ead8657a-fef4-40ed-a902-7326bceaf11b HTTP/1.1" status: 204 len: 168 time: 0.2975562
2026-07-21 07:55:40.842 9 INFO neutron.wsgi [None req-873c55a7-bc4d-4796-8443-938bad1633ec 316b8069ada340e0bac3b27f3811ffaf dfad12eee8cb48208cdfa32dcf38034c - - - -] 10.0.0.37 "DELETE /v2.0/security-group-rules/77793ebf-7da5-4790-a21d-1d820af78b10 HTTP/1.1" status: 204 len: 168 time: 0.1595132
2026-07-21 07:55:40.878 10 INFO neutron.wsgi [req-b259caf8-ff39-4f39-9ce6-11ef0cd6bfd4 req-e39cf5fb-dff7-4743-ac59-ebd8a3b1791f 9d6299a5e17a4291b6123ac00e40b41a d5058861c79446c3809985be0426dad6 - - default default] 199.19.213.199 "GET /v2.0/networks?id=9bfe8c01-c938-4734-9601-2bf0338f63f1 HTTP/1.1" status: 200 len: 859 time: 0.0902057
2026-07-21 07:55:40.884 9 INFO neutron.wsgi [None req-ddf6dc11-89bc-44f3-966a-2c86269cbcfd 316b8069ada340e0bac3b27f3811ffaf dfad12eee8cb48208cdfa32dcf38034c - - default default] 10.0.0.37 "GET /v2.0/security-group-rules HTTP/1.1" status: 200 len: 3567 time: 0.0349245
2026-07-21 07:55:40.920 10 INFO neutron.wsgi [None req-ffac6e02-9456-4143-8cbb-37e1472c6d25 e5cc3f5ff6734f3e90ebca4371fb332b 5dded1237447455c977c2bc789020cf4 - - default default] 10.0.0.37 "GET /v2.0/ports HTTP/1.1" status: 200 len: 1733 time: 0.1173265
2026-07-21 07:55:40.943 9 INFO neutron.pecan_wsgi.hooks.translation [None req-eb9c7df8-42b4-4583-b6d6-412451027193 e5cc3f5ff6734f3e90ebca4371fb332b 5dded1237447455c977c2bc789020cf4 - - default default] GET failed (client error): The resource could not be found.
2026-07-21 07:55:40.945 9 INFO neutron.wsgi [None req-eb9c7df8-42b4-4583-b6d6-412451027193 e5cc3f5ff6734f3e90ebca4371fb332b 5dded1237447455c977c2bc789020cf4 - - default default] 10.0.0.37 "GET /v2.0/ports/ead8657a-fef4-40ed-a902-7326bceaf11b HTTP/1.1" status: 404 len: 333 time: 0.0193079
2026-07-21 07:55:40.957 10 INFO neutron.wsgi [req-b259caf8-ff39-4f39-9ce6-11ef0cd6bfd4 req-2cd21c58-204a-46bd-a815-8281f080e1f6 9d6299a5e17a4291b6123ac00e40b41a d5058861c79446c3809985be0426dad6 - - default default] 199.19.213.199 "GET /v2.0/security-groups?fields=id&fields=name&tenant_id=d5058861c79446c3809985be0426dad6 HTTP/1.1" status: 200 len: 473 time: 0.0739818
2026-07-21 07:55:40.968 10 INFO neutron.wsgi [None req-46ee8360-b4b5-4df3-9b8e-5f5e95652cd8 c559b67c8dc14c6e9bb7fa2452ec7a44 3b5df8bf225349b0ab7bd2b1a0d2c1b1 - - - -] 10.0.0.37 "DELETE /v2.0/security-groups/bd71376f-0514-49de-ba24-6de5a4c7f48b HTTP/1.1" status: 204 len: 168 time: 0.3034847
2026-07-21 07:55:41.005 10 INFO neutron.wsgi [None req-bbfdbe23-2434-4580-b40c-d523ea14da04 e5cc3f5ff6734f3e90ebca4371fb332b 5dded1237447455c977c2bc789020cf4 - - default default] 10.0.0.37 "GET /v2.0/ports HTTP/1.1" status: 200 len: 1733 time: 0.0530279
2026-07-21 07:55:41.049 9 INFO neutron.wsgi [None req-5d93e5ed-6cd3-4b68-82c4-f4cacc27adec 316b8069ada340e0bac3b27f3811ffaf dfad12eee8cb48208cdfa32dcf38034c - - - -] 10.0.0.37 "DELETE /v2.0/security-groups/45146139-d06f-4c7a-a6a1-698a89fc1051 HTTP/1.1" status: 204 len: 168 time: 0.1528692
2026-07-21 07:55:41.090 10 INFO neutron.wsgi [None req-c28a7b24-c6d6-4181-8486-d1535e7bc2ed 316b8069ada340e0bac3b27f3811ffaf dfad12eee8cb48208cdfa32dcf38034c - - default default] 10.0.0.37 "GET /v2.0/security-groups HTTP/1.1" status: 200 len: 2996 time: 0.0358250
2026-07-21 07:55:41.090 9 INFO neutron.wsgi [None req-f33d354b-ccd6-43f1-bfd5-e6db0ca367f7 e5cc3f5ff6734f3e90ebca4371fb332b 5dded1237447455c977c2bc789020cf4 - - default default] 10.0.0.37 "GET /v2.0/ports/f317c064-9dc0-49b1-aafc-69d5f5b7d592 HTTP/1.1" status: 200 len: 973 time: 0.0741265
2026-07-21 07:55:41.119 10 INFO neutron.pecan_wsgi.hooks.translation [None req-b5bd5421-a610-41ec-844d-def5de333389 e5cc3f5ff6734f3e90ebca4371fb332b 5dded1237447455c977c2bc789020cf4 - - - -] DELETE failed (client error): The resource could not be found.
2026-07-21 07:55:41.122 10 INFO neutron.wsgi [None req-b5bd5421-a610-41ec-844d-def5de333389 e5cc3f5ff6734f3e90ebca4371fb332b 5dded1237447455c977c2bc789020cf4 - - - -] 10.0.0.37 "DELETE /v2.0/ports/a00629f8-8205-4c71-bdde-c1f3d94f4ee2 HTTP/1.1" status: 404 len: 333 time: 0.0241251
2026-07-21 07:55:41.130 9 INFO neutron.wsgi [None req-e38e3825-2e6a-4a9c-b3d7-ea1e27f226e6 316b8069ada340e0bac3b27f3811ffaf dfad12eee8cb48208cdfa32dcf38034c - - default default] 10.0.0.37 "GET /v2.0/security-groups HTTP/1.1" status: 200 len: 2996 time: 0.0343020
2026-07-21 07:55:41.152 9 INFO neutron.pecan_wsgi.hooks.translation [None req-90ace1a8-6063-48c5-81ae-4ce2a7020b4e e5cc3f5ff6734f3e90ebca4371fb332b 5dded1237447455c977c2bc789020cf4 - - - -] DELETE failed (client error): The resource could not be found.
2026-07-21 07:55:41.154 9 INFO neutron.wsgi [None req-90ace1a8-6063-48c5-81ae-4ce2a7020b4e e5cc3f5ff6734f3e90ebca4371fb332b 5dded1237447455c977c2bc789020cf4 - - - -] 10.0.0.37 "DELETE /v2.0/subnets/c50587ec-bf0c-4047-99a7-d3218b38d689 HTTP/1.1" status: 404 len: 337 time: 0.0224166
2026-07-21 07:55:41.185 9 INFO neutron.pecan_wsgi.hooks.translation [None req-28967f75-634c-4015-9417-8e86f04cd006 e5cc3f5ff6734f3e90ebca4371fb332b 5dded1237447455c977c2bc789020cf4 - - - -] DELETE failed (client error): The resource could not be found.
2026-07-21 07:55:41.187 9 INFO neutron.wsgi [None req-28967f75-634c-4015-9417-8e86f04cd006 e5cc3f5ff6734f3e90ebca4371fb332b 5dded1237447455c977c2bc789020cf4 - - - -] 10.0.0.37 "DELETE /v2.0/subnets/72c6b1f7-c587-48f1-ae89-c810fbb56564 HTTP/1.1" status: 404 len: 337 time: 0.0286865
2026-07-21 07:55:41.222 10 INFO neutron.wsgi [req-b1aab638-a1bc-44dc-9eaa-d235dbb828fb req-a0ac7688-1e56-4cc4-aea4-f2bda3ea69d0 9d6299a5e17a4291b6123ac00e40b41a d5058861c79446c3809985be0426dad6 - - default default] 10.0.0.176 "GET /v2.0/ports?device_id=76f32c2a-97c7-4b27-8e04-cf6afa53ca73 HTTP/1.1" status: 200 len: 210 time: 0.0339234
2026-07-21 07:55:41.392 10 WARNING neutron.scheduler.dhcp_agent_scheduler [None req-6af48aef-594c-4e40-9995-77aaf0731f6f 9d6299a5e17a4291b6123ac00e40b41a d5058861c79446c3809985be0426dad6 - - - -] No more DHCP agents
2026-07-21 07:55:41.393 10 WARNING neutron.api.rpc.agentnotifiers.dhcp_rpc_agent_api [None req-6af48aef-594c-4e40-9995-77aaf0731f6f 9d6299a5e17a4291b6123ac00e40b41a d5058861c79446c3809985be0426dad6 - - - -] Unable to schedule network 9bfe8c01-c938-4734-9601-2bf0338f63f1: no agents available; will retry on subsequent port and subnet creation events.
2026-07-21 07:55:41.447 9 INFO neutron.wsgi [None req-d090572f-8c8e-46f9-8c37-e31e032fc186 e5cc3f5ff6734f3e90ebca4371fb332b 5dded1237447455c977c2bc789020cf4 - - - -] 10.0.0.37 "DELETE /v2.0/ports/f317c064-9dc0-49b1-aafc-69d5f5b7d592 HTTP/1.1" status: 204 len: 168 time: 0.2548261
2026-07-21 07:55:41.582 10 INFO neutron.db.ovn_revision_numbers_db [None req-6af48aef-594c-4e40-9995-77aaf0731f6f 9d6299a5e17a4291b6123ac00e40b41a d5058861c79446c3809985be0426dad6 - - - -] Successfully bumped revision number for resource adfc077f-f546-4bb2-b607-4ae98586173e (type: ports) to 1
2026-07-21 07:55:41.617 10 INFO neutron.wsgi [None req-6af48aef-594c-4e40-9995-77aaf0731f6f 9d6299a5e17a4291b6123ac00e40b41a d5058861c79446c3809985be0426dad6 - - - -] 199.19.213.199 "POST /v2.0/ports HTTP/1.1" status: 201 len: 1162 time: 0.6470175 /var/lib/openstack/lib/python3.10/site-packages/pycadf/identifier.py:71: UserWarning: Invalid uuid: neutron. To ensure interoperability, identifiers should be a valid uuid. warnings.warn(('Invalid uuid: %s. To ensure interoperability, '
2026-07-21 07:55:41.852 10 INFO neutron.wsgi [None req-3af4c0cf-0e50-44bb-b18c-8e9bb8841af2 c559b67c8dc14c6e9bb7fa2452ec7a44 3b5df8bf225349b0ab7bd2b1a0d2c1b1 - - default default] 10.0.0.37 "GET /v2.0/security-groups?tenant_id=dfad12eee8cb48208cdfa32dcf38034c&name=default HTTP/1.1" status: 200 len: 2996 time: 0.2053008
2026-07-21 07:55:41.871 9 INFO neutron.services.segments.plugin [-] Segment a5a75c6d-1db0-4d4e-83a7-a046fa3896d8 resource provider aggregate not found
2026-07-21 07:55:41.886 9 INFO neutron.services.segments.plugin [-] Segment a5a75c6d-1db0-4d4e-83a7-a046fa3896d8 resource provider aggregate not found
2026-07-21 07:55:41.913 9 INFO neutron.services.segments.plugin [-] Segment a5a75c6d-1db0-4d4e-83a7-a046fa3896d8 resource provider not found; error: Placement Client Error (4xx): {"errors": [{"status": 404, "title": "Not Found", "detail": "The resource could not be found.\n\n No resource provider with uuid a5a75c6d-1db0-4d4e-83a7-a046fa3896d8 found for delete ", "request_id": "req-8199b38b-d25f-4909-86c3-1395e249f4d6"}]}
2026-07-21 07:55:41.913 9 INFO neutron.services.segments.plugin [-] Segment a5a75c6d-1db0-4d4e-83a7-a046fa3896d8 resource provider not found; error: Placement Client Error (4xx): {"errors": [{"status": 404, "title": "Not Found", "detail": "The resource could not be found.\n\n No resource provider with uuid a5a75c6d-1db0-4d4e-83a7-a046fa3896d8 found for delete ", "request_id": "req-0a7b1562-d299-449c-ab1a-1fc80f84a19f"}]}
2026-07-21 07:55:41.952 9 INFO neutron.wsgi [None req-20524c64-4c7a-4fe7-b652-7990eb07b438 e5cc3f5ff6734f3e90ebca4371fb332b 5dded1237447455c977c2bc789020cf4 - - - -] 10.0.0.37 "DELETE /v2.0/networks/5bdb65be-7abe-494d-b490-4bb7adb084b4 HTTP/1.1" status: 204 len: 168 time: 0.4968488
2026-07-21 07:55:42.171 10 INFO neutron.wsgi [None req-d2319029-5d33-4e6e-9293-3b42dffd1b70 c559b67c8dc14c6e9bb7fa2452ec7a44 3b5df8bf225349b0ab7bd2b1a0d2c1b1 - - - -] 10.0.0.37 "DELETE /v2.0/security-groups/858e8b69-9ab5-472f-a029-993e2bc57f03 HTTP/1.1" status: 204 len: 168 time: 0.3092716
2026-07-21 07:55:42.178 10 INFO neutron.db.ovn_revision_numbers_db [None req-d82c362c-659b-4d8b-8da3-b5dbc6c58dec 1b6a6b17dc714991a943390189061cea 9796ff7890114c13968851e69adf92a0 - - - -] Successfully bumped revision number for resource adfc077f-f546-4bb2-b607-4ae98586173e (type: ports) to 2 /var/lib/openstack/lib/python3.10/site-packages/pycadf/identifier.py:71: UserWarning: Invalid uuid: neutron. To ensure interoperability, identifiers should be a valid uuid. warnings.warn(('Invalid uuid: %s. To ensure interoperability, '
2026-07-21 07:55:42.630 10 INFO neutron.wsgi [req-35004ba6-0bfd-471f-86d9-18f8c561b470 req-66e74964-a6e5-440e-b492-ff66fcacee2f 9d6299a5e17a4291b6123ac00e40b41a d5058861c79446c3809985be0426dad6 - - default default] 10.0.0.176 "GET /v2.0/ports?device_id=76f32c2a-97c7-4b27-8e04-cf6afa53ca73 HTTP/1.1" status: 200 len: 1172 time: 0.3422582
