2026-07-21 07:57:35.141 9 WARNING neutron.scheduler.dhcp_agent_scheduler [None req-0f059e8e-e2ba-4e0c-bc40-d88e78819020 cf04bc3c929c4c15b038789256ccd941 b8f07b0ed8b34e50a1dfd2993e56cb93 - - - -] No more DHCP agents
2026-07-21 07:57:35.143 9 WARNING neutron.api.rpc.agentnotifiers.dhcp_rpc_agent_api [None req-0f059e8e-e2ba-4e0c-bc40-d88e78819020 cf04bc3c929c4c15b038789256ccd941 b8f07b0ed8b34e50a1dfd2993e56cb93 - - - -] Unable to schedule network 689084f3-87a2-40c0-b065-557529f2eeba: no agents available; will retry on subsequent port and subnet creation events.
2026-07-21 07:57:35.205 9 INFO neutron.db.ovn_revision_numbers_db [None req-0f059e8e-e2ba-4e0c-bc40-d88e78819020 cf04bc3c929c4c15b038789256ccd941 b8f07b0ed8b34e50a1dfd2993e56cb93 - - - -] Successfully bumped revision number for resource 5646e00f-cbed-4e6b-863f-b265f2d73f7d (type: ports) to 1
2026-07-21 07:57:35.226 9 INFO neutron.wsgi [None req-0f059e8e-e2ba-4e0c-bc40-d88e78819020 cf04bc3c929c4c15b038789256ccd941 b8f07b0ed8b34e50a1dfd2993e56cb93 - - - -] 10.0.0.37 "POST /v2.0/networks HTTP/1.1" status: 201 len: 837 time: 0.5352700
2026-07-21 07:57:35.291 10 INFO neutron.wsgi [-] 10.0.0.151 "GET / HTTP/1.1" status: 200 len: 246 time: 0.0030668
2026-07-21 07:57:35.294 10 INFO neutron.wsgi [-] 10.0.0.151 "GET / HTTP/1.1" status: 200 len: 246 time: 0.0020542
2026-07-21 07:57:35.499 9 WARNING neutron.scheduler.dhcp_agent_scheduler [None req-ed540f7f-3b63-4f21-97cd-1a9cb74177ff cf04bc3c929c4c15b038789256ccd941 b8f07b0ed8b34e50a1dfd2993e56cb93 - - - -] No more DHCP agents
2026-07-21 07:57:35.502 9 WARNING neutron.api.rpc.agentnotifiers.dhcp_rpc_agent_api [None req-ed540f7f-3b63-4f21-97cd-1a9cb74177ff cf04bc3c929c4c15b038789256ccd941 b8f07b0ed8b34e50a1dfd2993e56cb93 - - - -] Unable to schedule network 689084f3-87a2-40c0-b065-557529f2eeba: no agents available; will retry on subsequent port and subnet creation events.
2026-07-21 07:57:35.917 9 INFO neutron.db.ovn_revision_numbers_db [None req-ed540f7f-3b63-4f21-97cd-1a9cb74177ff cf04bc3c929c4c15b038789256ccd941 b8f07b0ed8b34e50a1dfd2993e56cb93 - - - -] Successfully bumped revision number for resource 5646e00f-cbed-4e6b-863f-b265f2d73f7d (type: ports) to 2
2026-07-21 07:57:35.933 9 INFO neutron.db.ovn_revision_numbers_db [None req-ed540f7f-3b63-4f21-97cd-1a9cb74177ff cf04bc3c929c4c15b038789256ccd941 b8f07b0ed8b34e50a1dfd2993e56cb93 - - - -] Successfully bumped revision number for resource 8d666f3f-09be-4855-a711-e041c8a95206 (type: subnets) to 0
2026-07-21 07:57:35.950 9 INFO neutron.wsgi [None req-ed540f7f-3b63-4f21-97cd-1a9cb74177ff cf04bc3c929c4c15b038789256ccd941 b8f07b0ed8b34e50a1dfd2993e56cb93 - - - -] 10.0.0.37 "POST /v2.0/subnets HTTP/1.1" status: 201 len: 830 time: 0.7176394
2026-07-21 07:57:36.237 9 WARNING neutron.scheduler.dhcp_agent_scheduler [None req-405db58a-5fa9-4b71-9ab3-062b8f025f01 cf04bc3c929c4c15b038789256ccd941 b8f07b0ed8b34e50a1dfd2993e56cb93 - - - -] No more DHCP agents
2026-07-21 07:57:36.239 9 WARNING neutron.api.rpc.agentnotifiers.dhcp_rpc_agent_api [None req-405db58a-5fa9-4b71-9ab3-062b8f025f01 cf04bc3c929c4c15b038789256ccd941 b8f07b0ed8b34e50a1dfd2993e56cb93 - - - -] Unable to schedule network 689084f3-87a2-40c0-b065-557529f2eeba: no agents available; will retry on subsequent port and subnet creation events.
2026-07-21 07:57:36.256 9 INFO neutron.db.ovn_revision_numbers_db [None req-405db58a-5fa9-4b71-9ab3-062b8f025f01 cf04bc3c929c4c15b038789256ccd941 b8f07b0ed8b34e50a1dfd2993e56cb93 - - - -] Successfully bumped revision number for resource 9a2b17c2-c138-4729-ac2c-d5b113581d9b (type: subnets) to 0
2026-07-21 07:57:36.275 9 INFO neutron.wsgi [None req-405db58a-5fa9-4b71-9ab3-062b8f025f01 cf04bc3c929c4c15b038789256ccd941 b8f07b0ed8b34e50a1dfd2993e56cb93 - - - -] 10.0.0.37 "POST /v2.0/subnets HTTP/1.1" status: 201 len: 900 time: 0.3195963
2026-07-21 07:57:36.362 9 INFO neutron.db.segments_db [None req-87b752d0-8133-41a1-89ae-81f8f97ae30b cf04bc3c929c4c15b038789256ccd941 b8f07b0ed8b34e50a1dfd2993e56cb93 - - - -] Added segment d3cac041-50cf-4acb-a569-7e15db19f974 of type geneve for network ea8b2b69-5447-43e0-b3a4-19a40d6e9b38
2026-07-21 07:57:36.505 9 INFO neutron.db.ovn_revision_numbers_db [None req-87b752d0-8133-41a1-89ae-81f8f97ae30b cf04bc3c929c4c15b038789256ccd941 b8f07b0ed8b34e50a1dfd2993e56cb93 - - - -] Successfully bumped revision number for resource ea8b2b69-5447-43e0-b3a4-19a40d6e9b38 (type: networks) to 1
2026-07-21 07:57:36.738 9 WARNING neutron.scheduler.dhcp_agent_scheduler [None req-87b752d0-8133-41a1-89ae-81f8f97ae30b cf04bc3c929c4c15b038789256ccd941 b8f07b0ed8b34e50a1dfd2993e56cb93 - - - -] No more DHCP agents
2026-07-21 07:57:36.740 9 WARNING neutron.api.rpc.agentnotifiers.dhcp_rpc_agent_api [None req-87b752d0-8133-41a1-89ae-81f8f97ae30b cf04bc3c929c4c15b038789256ccd941 b8f07b0ed8b34e50a1dfd2993e56cb93 - - - -] Unable to schedule network ea8b2b69-5447-43e0-b3a4-19a40d6e9b38: no agents available; will retry on subsequent port and subnet creation events.
2026-07-21 07:57:36.810 9 INFO neutron.db.ovn_revision_numbers_db [None req-87b752d0-8133-41a1-89ae-81f8f97ae30b cf04bc3c929c4c15b038789256ccd941 b8f07b0ed8b34e50a1dfd2993e56cb93 - - - -] Successfully bumped revision number for resource b284d247-1a62-40f2-97c0-4a3cec2bcc73 (type: ports) to 1
2026-07-21 07:57:36.833 9 INFO neutron.wsgi [None req-87b752d0-8133-41a1-89ae-81f8f97ae30b cf04bc3c929c4c15b038789256ccd941 b8f07b0ed8b34e50a1dfd2993e56cb93 - - - -] 10.0.0.37 "POST /v2.0/networks HTTP/1.1" status: 201 len: 837 time: 0.5513906
2026-07-21 07:57:37.150 9 WARNING neutron.scheduler.dhcp_agent_scheduler [None req-1766261d-b10c-4ba2-81d3-8c3335301e3c cf04bc3c929c4c15b038789256ccd941 b8f07b0ed8b34e50a1dfd2993e56cb93 - - - -] No more DHCP agents
2026-07-21 07:57:37.152 9 WARNING neutron.api.rpc.agentnotifiers.dhcp_rpc_agent_api [None req-1766261d-b10c-4ba2-81d3-8c3335301e3c cf04bc3c929c4c15b038789256ccd941 b8f07b0ed8b34e50a1dfd2993e56cb93 - - - -] Unable to schedule network ea8b2b69-5447-43e0-b3a4-19a40d6e9b38: no agents available; will retry on subsequent port and subnet creation events.
2026-07-21 07:57:37.693 9 INFO neutron.db.ovn_revision_numbers_db [None req-1766261d-b10c-4ba2-81d3-8c3335301e3c cf04bc3c929c4c15b038789256ccd941 b8f07b0ed8b34e50a1dfd2993e56cb93 - - - -] Successfully bumped revision number for resource b284d247-1a62-40f2-97c0-4a3cec2bcc73 (type: ports) to 2
2026-07-21 07:57:37.710 9 INFO neutron.db.ovn_revision_numbers_db [None req-1766261d-b10c-4ba2-81d3-8c3335301e3c cf04bc3c929c4c15b038789256ccd941 b8f07b0ed8b34e50a1dfd2993e56cb93 - - - -] Successfully bumped revision number for resource e6313246-2965-4d41-89c2-51d6d3b727c9 (type: subnets) to 0
2026-07-21 07:57:37.727 9 INFO neutron.wsgi [None req-1766261d-b10c-4ba2-81d3-8c3335301e3c cf04bc3c929c4c15b038789256ccd941 b8f07b0ed8b34e50a1dfd2993e56cb93 - - - -] 10.0.0.37 "POST /v2.0/subnets HTTP/1.1" status: 201 len: 831 time: 0.8863475
2026-07-21 07:57:38.459 9 WARNING neutron.scheduler.dhcp_agent_scheduler [None req-1399bfd1-8c2c-4a94-9a8e-d33d67ff7c9b cf04bc3c929c4c15b038789256ccd941 b8f07b0ed8b34e50a1dfd2993e56cb93 - - - -] No more DHCP agents
2026-07-21 07:57:38.462 9 WARNING neutron.api.rpc.agentnotifiers.dhcp_rpc_agent_api [None req-1399bfd1-8c2c-4a94-9a8e-d33d67ff7c9b cf04bc3c929c4c15b038789256ccd941 b8f07b0ed8b34e50a1dfd2993e56cb93 - - - -] Unable to schedule network ea8b2b69-5447-43e0-b3a4-19a40d6e9b38: no agents available; will retry on subsequent port and subnet creation events.
2026-07-21 07:57:38.475 9 INFO neutron.db.ovn_revision_numbers_db [None req-1399bfd1-8c2c-4a94-9a8e-d33d67ff7c9b cf04bc3c929c4c15b038789256ccd941 b8f07b0ed8b34e50a1dfd2993e56cb93 - - - -] Successfully bumped revision number for resource 4456aa4c-2684-45a4-b709-dad3b7e8bce1 (type: subnets) to 0
2026-07-21 07:57:38.492 9 INFO neutron.wsgi [None req-1399bfd1-8c2c-4a94-9a8e-d33d67ff7c9b cf04bc3c929c4c15b038789256ccd941 b8f07b0ed8b34e50a1dfd2993e56cb93 - - - -] 10.0.0.37 "POST /v2.0/subnets HTTP/1.1" status: 201 len: 905 time: 0.7588153
2026-07-21 07:57:39.082 9 WARNING neutron.scheduler.dhcp_agent_scheduler [None req-56f37378-b815-4e2e-a96b-f38c63f1a9d5 cf04bc3c929c4c15b038789256ccd941 b8f07b0ed8b34e50a1dfd2993e56cb93 - - - -] No more DHCP agents
2026-07-21 07:57:39.085 9 WARNING neutron.api.rpc.agentnotifiers.dhcp_rpc_agent_api [None req-56f37378-b815-4e2e-a96b-f38c63f1a9d5 cf04bc3c929c4c15b038789256ccd941 b8f07b0ed8b34e50a1dfd2993e56cb93 - - - -] Unable to schedule network ee61bd7c-4a9e-48db-8d17-5f4dda2b2c94: no agents available; will retry on subsequent port and subnet creation events.
2026-07-21 07:57:39.217 9 INFO neutron.db.ovn_revision_numbers_db [None req-56f37378-b815-4e2e-a96b-f38c63f1a9d5 cf04bc3c929c4c15b038789256ccd941 b8f07b0ed8b34e50a1dfd2993e56cb93 - - - -] Successfully bumped revision number for resource 18850ef6-8e6f-4a42-bff8-421fa40acc95 (type: ports) to 1
2026-07-21 07:57:39.855 10 INFO neutron.plugins.ml2.drivers.ovn.mech_driver.mech_driver [None req-0a4d5b0c-0275-45c2-92fb-518f62a388a5 - - - - - -] OVN reports status up for port: 18850ef6-8e6f-4a42-bff8-421fa40acc95
2026-07-21 07:57:39.867 9 INFO neutron.plugins.ml2.drivers.ovn.mech_driver.ovsdb.ovsdb_monitor [None req-4e92c38f-6037-429d-9817-3460903c3fbc - - - - - -] Router 5201195c-9f23-439d-a463-d6c5d1a0086d is bound to host instance
2026-07-21 07:57:39.869 9 INFO neutron.db.ovn_revision_numbers_db [None req-56f37378-b815-4e2e-a96b-f38c63f1a9d5 cf04bc3c929c4c15b038789256ccd941 b8f07b0ed8b34e50a1dfd2993e56cb93 - - - -] Successfully bumped revision number for resource 18850ef6-8e6f-4a42-bff8-421fa40acc95 (type: router_ports) to 1
2026-07-21 07:57:39.877 10 INFO neutron.plugins.ml2.plugin [None req-0a4d5b0c-0275-45c2-92fb-518f62a388a5 - - - - - -] Attempt 1 to provision port 18850ef6-8e6f-4a42-bff8-421fa40acc95
2026-07-21 07:57:39.967 9 INFO neutron.db.ovn_revision_numbers_db [None req-56f37378-b815-4e2e-a96b-f38c63f1a9d5 cf04bc3c929c4c15b038789256ccd941 b8f07b0ed8b34e50a1dfd2993e56cb93 - - - -] Successfully bumped revision number for resource 5201195c-9f23-439d-a463-d6c5d1a0086d (type: routers) to 3
2026-07-21 07:57:39.982 9 INFO neutron.wsgi [None req-56f37378-b815-4e2e-a96b-f38c63f1a9d5 cf04bc3c929c4c15b038789256ccd941 b8f07b0ed8b34e50a1dfd2993e56cb93 - - - -] 10.0.0.37 "POST /v2.0/routers HTTP/1.1" status: 201 len: 865 time: 1.4843082
2026-07-21 07:57:40.420 9 INFO neutron.db.ovn_revision_numbers_db [None req-4e92c38f-6037-429d-9817-3460903c3fbc - - - - - -] Successfully bumped revision number for resource 18850ef6-8e6f-4a42-bff8-421fa40acc95 (type: ports) to 1
2026-07-21 07:57:40.543 10 WARNING neutron.scheduler.dhcp_agent_scheduler [None req-49296914-975a-4ff0-b0ee-97049f093f16 cf04bc3c929c4c15b038789256ccd941 b8f07b0ed8b34e50a1dfd2993e56cb93 - - default default] No more DHCP agents
2026-07-21 07:57:40.546 10 WARNING neutron.api.rpc.agentnotifiers.dhcp_rpc_agent_api [None req-49296914-975a-4ff0-b0ee-97049f093f16 cf04bc3c929c4c15b038789256ccd941 b8f07b0ed8b34e50a1dfd2993e56cb93 - - default default] Unable to schedule network 82ca2ee3-8abc-4173-905a-2b7a4dd4e601: no agents available; will retry on subsequent port and subnet creation events.
2026-07-21 07:57:40.682 9 INFO neutron.db.ovn_revision_numbers_db [None req-4e92c38f-6037-429d-9817-3460903c3fbc - - - - - -] Successfully bumped revision number for resource 18850ef6-8e6f-4a42-bff8-421fa40acc95 (type: router_ports) to 3
2026-07-21 07:57:40.718 10 INFO neutron.db.ovn_revision_numbers_db [None req-49296914-975a-4ff0-b0ee-97049f093f16 cf04bc3c929c4c15b038789256ccd941 b8f07b0ed8b34e50a1dfd2993e56cb93 - - default default] Successfully bumped revision number for resource 52751d2b-f421-421e-8b11-ddc339a746c2 (type: ports) to 1
2026-07-21 07:57:40.837 9 INFO neutron.db.ovn_revision_numbers_db [None req-4e92c38f-6037-429d-9817-3460903c3fbc - - - - - -] Successfully bumped revision number for resource 18850ef6-8e6f-4a42-bff8-421fa40acc95 (type: ports) to 2
2026-07-21 07:57:41.059 9 INFO neutron.db.ovn_revision_numbers_db [None req-4e92c38f-6037-429d-9817-3460903c3fbc - - - - - -] Successfully bumped revision number for resource 18850ef6-8e6f-4a42-bff8-421fa40acc95 (type: ports) to 4
2026-07-21 07:57:41.196 10 INFO neutron.db.ovn_revision_numbers_db [None req-49296914-975a-4ff0-b0ee-97049f093f16 cf04bc3c929c4c15b038789256ccd941 b8f07b0ed8b34e50a1dfd2993e56cb93 - - default default] Successfully bumped revision number for resource 52751d2b-f421-421e-8b11-ddc339a746c2 (type: router_ports) to 2
2026-07-21 07:57:41.212 9 INFO neutron.plugins.ml2.drivers.ovn.mech_driver.mech_driver [None req-1096d1bb-1619-4472-9536-ac3a88dc9fbc - - - - - -] OVN reports status up for port: 52751d2b-f421-421e-8b11-ddc339a746c2
2026-07-21 07:57:41.246 9 INFO neutron.plugins.ml2.plugin [None req-1096d1bb-1619-4472-9536-ac3a88dc9fbc - - - - - -] Attempt 1 to provision port 52751d2b-f421-421e-8b11-ddc339a746c2
2026-07-21 07:57:41.346 10 INFO neutron.db.ovn_revision_numbers_db [None req-49296914-975a-4ff0-b0ee-97049f093f16 cf04bc3c929c4c15b038789256ccd941 b8f07b0ed8b34e50a1dfd2993e56cb93 - - default default] Successfully bumped revision number for resource 52751d2b-f421-421e-8b11-ddc339a746c2 (type: ports) to 2
2026-07-21 07:57:41.455 10 WARNING neutron.scheduler.dhcp_agent_scheduler [None req-49296914-975a-4ff0-b0ee-97049f093f16 cf04bc3c929c4c15b038789256ccd941 b8f07b0ed8b34e50a1dfd2993e56cb93 - - default default] No more DHCP agents
2026-07-21 07:57:41.456 10 WARNING neutron.api.rpc.agentnotifiers.dhcp_rpc_agent_api [None req-49296914-975a-4ff0-b0ee-97049f093f16 cf04bc3c929c4c15b038789256ccd941 b8f07b0ed8b34e50a1dfd2993e56cb93 - - default default] Unable to schedule network 82ca2ee3-8abc-4173-905a-2b7a4dd4e601: no agents available; will retry on subsequent port and subnet creation events.
2026-07-21 07:57:41.733 9 INFO neutron.db.ovn_revision_numbers_db [None req-4e92c38f-6037-429d-9817-3460903c3fbc - - - - - -] Successfully bumped revision number for resource 18850ef6-8e6f-4a42-bff8-421fa40acc95 (type: router_ports) to 4
2026-07-21 07:57:41.818 10 INFO neutron.db.ovn_revision_numbers_db [None req-49296914-975a-4ff0-b0ee-97049f093f16 cf04bc3c929c4c15b038789256ccd941 b8f07b0ed8b34e50a1dfd2993e56cb93 - - - -] Successfully bumped revision number for resource 52751d2b-f421-421e-8b11-ddc339a746c2 (type: router_ports) to 2
2026-07-21 07:57:41.821 10 INFO neutron.wsgi [None req-49296914-975a-4ff0-b0ee-97049f093f16 cf04bc3c929c4c15b038789256ccd941 b8f07b0ed8b34e50a1dfd2993e56cb93 - - - -] 10.0.0.37 "PUT /v2.0/routers/5201195c-9f23-439d-a463-d6c5d1a0086d/add_router_interface HTTP/1.1" status: 200 len: 503 time: 1.8321805
2026-07-21 07:57:41.948 9 INFO neutron.db.ovn_revision_numbers_db [None req-1096d1bb-1619-4472-9536-ac3a88dc9fbc - - - - - -] Successfully bumped revision number for resource 52751d2b-f421-421e-8b11-ddc339a746c2 (type: ports) to 3
2026-07-21 07:57:42.108 9 INFO neutron.db.ovn_revision_numbers_db [None req-1096d1bb-1619-4472-9536-ac3a88dc9fbc - - - - - -] Successfully bumped revision number for resource 52751d2b-f421-421e-8b11-ddc339a746c2 (type: router_ports) to 3
2026-07-21 07:57:42.483 9 WARNING neutron.scheduler.dhcp_agent_scheduler [None req-83dd66de-e2f4-4c89-aba1-af41b2681cd4 cf04bc3c929c4c15b038789256ccd941 b8f07b0ed8b34e50a1dfd2993e56cb93 - - default default] No more DHCP agents
2026-07-21 07:57:42.487 9 WARNING neutron.api.rpc.agentnotifiers.dhcp_rpc_agent_api [None req-83dd66de-e2f4-4c89-aba1-af41b2681cd4 cf04bc3c929c4c15b038789256ccd941 b8f07b0ed8b34e50a1dfd2993e56cb93 - - default default] Unable to schedule network 689084f3-87a2-40c0-b065-557529f2eeba: no agents available; will retry on subsequent port and subnet creation events.
2026-07-21 07:57:42.651 9 INFO neutron.db.ovn_revision_numbers_db [None req-83dd66de-e2f4-4c89-aba1-af41b2681cd4 cf04bc3c929c4c15b038789256ccd941 b8f07b0ed8b34e50a1dfd2993e56cb93 - - default default] Successfully bumped revision number for resource 015bbe2c-1f04-46c1-ac49-dc81866cda85 (type: ports) to 1
2026-07-21 07:57:43.173 10 INFO neutron.plugins.ml2.drivers.ovn.mech_driver.mech_driver [None req-0a4d5b0c-0275-45c2-92fb-518f62a388a5 - - - - - -] OVN reports status up for port: 015bbe2c-1f04-46c1-ac49-dc81866cda85
2026-07-21 07:57:43.180 10 INFO neutron.plugins.ml2.plugin [None req-0a4d5b0c-0275-45c2-92fb-518f62a388a5 - - - - - -] Attempt 1 to provision port 015bbe2c-1f04-46c1-ac49-dc81866cda85
2026-07-21 07:57:43.180 9 INFO neutron.db.ovn_revision_numbers_db [None req-83dd66de-e2f4-4c89-aba1-af41b2681cd4 cf04bc3c929c4c15b038789256ccd941 b8f07b0ed8b34e50a1dfd2993e56cb93 - - default default] Successfully bumped revision number for resource 015bbe2c-1f04-46c1-ac49-dc81866cda85 (type: router_ports) to 2
2026-07-21 07:57:43.315 9 INFO neutron.db.ovn_revision_numbers_db [None req-83dd66de-e2f4-4c89-aba1-af41b2681cd4 cf04bc3c929c4c15b038789256ccd941 b8f07b0ed8b34e50a1dfd2993e56cb93 - - default default] Successfully bumped revision number for resource 015bbe2c-1f04-46c1-ac49-dc81866cda85 (type: ports) to 2
2026-07-21 07:57:43.377 9 WARNING neutron.scheduler.dhcp_agent_scheduler [None req-83dd66de-e2f4-4c89-aba1-af41b2681cd4 cf04bc3c929c4c15b038789256ccd941 b8f07b0ed8b34e50a1dfd2993e56cb93 - - default default] No more DHCP agents
2026-07-21 07:57:43.380 9 WARNING neutron.api.rpc.agentnotifiers.dhcp_rpc_agent_api [None req-83dd66de-e2f4-4c89-aba1-af41b2681cd4 cf04bc3c929c4c15b038789256ccd941 b8f07b0ed8b34e50a1dfd2993e56cb93 - - default default] Unable to schedule network 689084f3-87a2-40c0-b065-557529f2eeba: no agents available; will retry on subsequent port and subnet creation events.
2026-07-21 07:57:43.407 10 INFO neutron.db.ovn_revision_numbers_db [None req-0a4d5b0c-0275-45c2-92fb-518f62a388a5 - - - - - -] Successfully bumped revision number for resource 015bbe2c-1f04-46c1-ac49-dc81866cda85 (type: ports) to 3
2026-07-21 07:57:43.508 10 INFO neutron.db.ovn_revision_numbers_db [None req-0a4d5b0c-0275-45c2-92fb-518f62a388a5 - - - - - -] Successfully bumped revision number for resource 015bbe2c-1f04-46c1-ac49-dc81866cda85 (type: router_ports) to 3
2026-07-21 07:57:43.731 9 INFO neutron.db.ovn_revision_numbers_db [None req-83dd66de-e2f4-4c89-aba1-af41b2681cd4 cf04bc3c929c4c15b038789256ccd941 b8f07b0ed8b34e50a1dfd2993e56cb93 - - - -] Successfully bumped revision number for resource 015bbe2c-1f04-46c1-ac49-dc81866cda85 (type: router_ports) to 3
2026-07-21 07:57:43.735 9 INFO neutron.wsgi [None req-83dd66de-e2f4-4c89-aba1-af41b2681cd4 cf04bc3c929c4c15b038789256ccd941 b8f07b0ed8b34e50a1dfd2993e56cb93 - - - -] 10.0.0.37 "PUT /v2.0/routers/5201195c-9f23-439d-a463-d6c5d1a0086d/add_router_interface HTTP/1.1" status: 200 len: 503 time: 1.8998408
2026-07-21 07:57:44.313 9 WARNING neutron.scheduler.dhcp_agent_scheduler [None req-69d5e158-b797-4787-983c-3ea92e8a30d0 cf04bc3c929c4c15b038789256ccd941 b8f07b0ed8b34e50a1dfd2993e56cb93 - - default default] No more DHCP agents
2026-07-21 07:57:44.316 9 WARNING neutron.api.rpc.agentnotifiers.dhcp_rpc_agent_api [None req-69d5e158-b797-4787-983c-3ea92e8a30d0 cf04bc3c929c4c15b038789256ccd941 b8f07b0ed8b34e50a1dfd2993e56cb93 - - default default] Unable to schedule network ea8b2b69-5447-43e0-b3a4-19a40d6e9b38: no agents available; will retry on subsequent port and subnet creation events.
2026-07-21 07:57:44.464 9 INFO neutron.db.ovn_revision_numbers_db [None req-69d5e158-b797-4787-983c-3ea92e8a30d0 cf04bc3c929c4c15b038789256ccd941 b8f07b0ed8b34e50a1dfd2993e56cb93 - - default default] Successfully bumped revision number for resource ee2ebebc-6572-45a0-92b2-51b384019e50 (type: ports) to 1
2026-07-21 07:57:45.490 9 INFO neutron.db.ovn_revision_numbers_db [None req-69d5e158-b797-4787-983c-3ea92e8a30d0 cf04bc3c929c4c15b038789256ccd941 b8f07b0ed8b34e50a1dfd2993e56cb93 - - default default] Successfully bumped revision number for resource ee2ebebc-6572-45a0-92b2-51b384019e50 (type: router_ports) to 2
2026-07-21 07:57:45.689 9 INFO neutron.db.ovn_revision_numbers_db [None req-69d5e158-b797-4787-983c-3ea92e8a30d0 cf04bc3c929c4c15b038789256ccd941 b8f07b0ed8b34e50a1dfd2993e56cb93 - - default default] Successfully bumped revision number for resource ee2ebebc-6572-45a0-92b2-51b384019e50 (type: ports) to 2
2026-07-21 07:57:45.767 9 WARNING neutron.scheduler.dhcp_agent_scheduler [None req-69d5e158-b797-4787-983c-3ea92e8a30d0 cf04bc3c929c4c15b038789256ccd941 b8f07b0ed8b34e50a1dfd2993e56cb93 - - default default] No more DHCP agents
2026-07-21 07:57:45.769 9 WARNING neutron.api.rpc.agentnotifiers.dhcp_rpc_agent_api [None req-69d5e158-b797-4787-983c-3ea92e8a30d0 cf04bc3c929c4c15b038789256ccd941 b8f07b0ed8b34e50a1dfd2993e56cb93 - - default default] Unable to schedule network ea8b2b69-5447-43e0-b3a4-19a40d6e9b38: no agents available; will retry on subsequent port and subnet creation events.
2026-07-21 07:57:46.070 9 INFO neutron.db.ovn_revision_numbers_db [None req-69d5e158-b797-4787-983c-3ea92e8a30d0 cf04bc3c929c4c15b038789256ccd941 b8f07b0ed8b34e50a1dfd2993e56cb93 - - - -] Successfully bumped revision number for resource ee2ebebc-6572-45a0-92b2-51b384019e50 (type: router_ports) to 2
2026-07-21 07:57:46.073 9 INFO neutron.wsgi [None req-69d5e158-b797-4787-983c-3ea92e8a30d0 cf04bc3c929c4c15b038789256ccd941 b8f07b0ed8b34e50a1dfd2993e56cb93 - - - -] 10.0.0.37 "PUT /v2.0/routers/5201195c-9f23-439d-a463-d6c5d1a0086d/add_router_interface HTTP/1.1" status: 200 len: 503 time: 2.3322289
2026-07-21 07:57:46.242 9 INFO neutron.db.ovn_revision_numbers_db [None req-3c5e72ae-4755-48f9-b003-f85a2684c71f cf04bc3c929c4c15b038789256ccd941 b8f07b0ed8b34e50a1dfd2993e56cb93 - - - -] Successfully bumped revision number for resource 48638b46-dd11-43c4-b0db-61d7eacbab82 (type: security_groups) to 1
2026-07-21 07:57:46.275 9 INFO neutron.wsgi [None req-3c5e72ae-4755-48f9-b003-f85a2684c71f cf04bc3c929c4c15b038789256ccd941 b8f07b0ed8b34e50a1dfd2993e56cb93 - - - -] 10.0.0.37 "POST /v2.0/security-groups HTTP/1.1" status: 201 len: 1766 time: 0.1512725
2026-07-21 07:57:46.393 9 INFO neutron.db.ovn_revision_numbers_db [None req-3403dda2-2408-4140-8991-1b1140b52159 cf04bc3c929c4c15b038789256ccd941 b8f07b0ed8b34e50a1dfd2993e56cb93 - - - -] Successfully bumped revision number for resource 13a0f01d-745c-4709-a710-7def720b4f72 (type: security_group_rules) to 0
2026-07-21 07:57:46.420 9 INFO neutron.wsgi [None req-3403dda2-2408-4140-8991-1b1140b52159 cf04bc3c929c4c15b038789256ccd941 b8f07b0ed8b34e50a1dfd2993e56cb93 - - - -] 10.0.0.37 "POST /v2.0/security-group-rules HTTP/1.1" status: 201 len: 764 time: 0.1390650
2026-07-21 07:57:46.540 9 INFO neutron.db.ovn_revision_numbers_db [None req-df08b72c-89f8-47b4-8a8b-c4fe34fda3fe cf04bc3c929c4c15b038789256ccd941 b8f07b0ed8b34e50a1dfd2993e56cb93 - - - -] Successfully bumped revision number for resource 41801b96-dcc5-4a6c-9e18-2a1cdac7b068 (type: security_group_rules) to 0
2026-07-21 07:57:46.580 9 INFO neutron.wsgi [None req-df08b72c-89f8-47b4-8a8b-c4fe34fda3fe cf04bc3c929c4c15b038789256ccd941 b8f07b0ed8b34e50a1dfd2993e56cb93 - - - -] 10.0.0.37 "POST /v2.0/security-group-rules HTTP/1.1" status: 201 len: 764 time: 0.1551416
2026-07-21 07:57:46.733 9 INFO neutron.db.ovn_revision_numbers_db [None req-3c51283b-53a8-4413-b4f5-11f96be09d9e cf04bc3c929c4c15b038789256ccd941 b8f07b0ed8b34e50a1dfd2993e56cb93 - - - -] Successfully bumped revision number for resource a17f5ae5-8c3c-4b4c-8f61-abe318eb3cb1 (type: security_group_rules) to 0
2026-07-21 07:57:46.758 9 INFO neutron.wsgi [None req-3c51283b-53a8-4413-b4f5-11f96be09d9e cf04bc3c929c4c15b038789256ccd941 b8f07b0ed8b34e50a1dfd2993e56cb93 - - - -] 10.0.0.37 "POST /v2.0/security-group-rules HTTP/1.1" status: 201 len: 766 time: 0.1729081
2026-07-21 07:57:46.890 9 INFO neutron.db.ovn_revision_numbers_db [None req-29f287d9-a67d-4388-b21e-c09ce8175057 cf04bc3c929c4c15b038789256ccd941 b8f07b0ed8b34e50a1dfd2993e56cb93 - - - -] Successfully bumped revision number for resource 47982707-fb97-4467-b28e-eca77c26574a (type: security_group_rules) to 0
2026-07-21 07:57:46.926 9 INFO neutron.wsgi [None req-29f287d9-a67d-4388-b21e-c09ce8175057 cf04bc3c929c4c15b038789256ccd941 b8f07b0ed8b34e50a1dfd2993e56cb93 - - - -] 10.0.0.37 "POST /v2.0/security-group-rules HTTP/1.1" status: 201 len: 768 time: 0.1624980
2026-07-21 07:57:47.060 9 INFO neutron.db.ovn_revision_numbers_db [None req-79a220b4-096e-4819-b1a6-1b03f0f23c8f cf04bc3c929c4c15b038789256ccd941 b8f07b0ed8b34e50a1dfd2993e56cb93 - - - -] Successfully bumped revision number for resource 9b600fa1-d990-4bad-b673-ae962cb15d89 (type: security_group_rules) to 0
2026-07-21 07:57:47.088 9 INFO neutron.wsgi [None req-79a220b4-096e-4819-b1a6-1b03f0f23c8f cf04bc3c929c4c15b038789256ccd941 b8f07b0ed8b34e50a1dfd2993e56cb93 - - - -] 10.0.0.37 "POST /v2.0/security-group-rules HTTP/1.1" status: 201 len: 768 time: 0.1563728
2026-07-21 07:57:47.228 9 INFO neutron.db.ovn_revision_numbers_db [None req-bfc6575e-c641-41a4-be82-1ea65b1dfa5e cf04bc3c929c4c15b038789256ccd941 b8f07b0ed8b34e50a1dfd2993e56cb93 - - - -] Successfully bumped revision number for resource cfc4b34c-fe50-4284-a85d-e83a0648efaa (type: security_group_rules) to 0
2026-07-21 07:57:47.255 9 INFO neutron.wsgi [None req-bfc6575e-c641-41a4-be82-1ea65b1dfa5e cf04bc3c929c4c15b038789256ccd941 b8f07b0ed8b34e50a1dfd2993e56cb93 - - - -] 10.0.0.37 "POST /v2.0/security-group-rules HTTP/1.1" status: 201 len: 764 time: 0.1601608
2026-07-21 07:57:47.350 9 WARNING neutron.plugins.ml2.drivers.ovn.mech_driver.ovsdb.ovn_client [None req-1096d1bb-1619-4472-9536-ac3a88dc9fbc - - - - - -] No hosting information found for port 52751d2b-f421-421e-8b11-ddc339a746c2: RuntimeError: No hosting information found for port 52751d2b-f421-421e-8b11-ddc339a746c2
2026-07-21 07:57:47.350 9 INFO neutron.plugins.ml2.drivers.ovn.mech_driver.mech_driver [None req-1096d1bb-1619-4472-9536-ac3a88dc9fbc - - - - - -] OVN reports status up for port: ee2ebebc-6572-45a0-92b2-51b384019e50
2026-07-21 07:57:47.361 9 INFO neutron.plugins.ml2.plugin [None req-1096d1bb-1619-4472-9536-ac3a88dc9fbc - - - - - -] Attempt 1 to provision port ee2ebebc-6572-45a0-92b2-51b384019e50
2026-07-21 07:57:47.415 9 INFO neutron.db.ovn_revision_numbers_db [None req-3fa4233f-4226-445f-b684-4d07310a1806 cf04bc3c929c4c15b038789256ccd941 b8f07b0ed8b34e50a1dfd2993e56cb93 - - - -] Successfully bumped revision number for resource 69e0c786-808c-4acc-8e72-1ef758550b36 (type: security_group_rules) to 0
2026-07-21 07:57:47.451 9 INFO neutron.wsgi [None req-3fa4233f-4226-445f-b684-4d07310a1806 cf04bc3c929c4c15b038789256ccd941 b8f07b0ed8b34e50a1dfd2993e56cb93 - - - -] 10.0.0.37 "POST /v2.0/security-group-rules HTTP/1.1" status: 201 len: 764 time: 0.1906271
2026-07-21 07:57:47.645 9 INFO neutron.db.ovn_revision_numbers_db [None req-a4f8b1a7-74e8-438b-a782-ab33dcf94d25 cf04bc3c929c4c15b038789256ccd941 b8f07b0ed8b34e50a1dfd2993e56cb93 - - - -] Successfully bumped revision number for resource ee9727fe-dcdf-4c99-a468-73655d8e2287 (type: security_group_rules) to 0
2026-07-21 07:57:47.681 9 INFO neutron.wsgi [None req-a4f8b1a7-74e8-438b-a782-ab33dcf94d25 cf04bc3c929c4c15b038789256ccd941 b8f07b0ed8b34e50a1dfd2993e56cb93 - - - -] 10.0.0.37 "POST /v2.0/security-group-rules HTTP/1.1" status: 201 len: 764 time: 0.2236927
2026-07-21 07:57:47.690 9 INFO neutron.db.ovn_revision_numbers_db [None req-1096d1bb-1619-4472-9536-ac3a88dc9fbc - - - - - -] Successfully bumped revision number for resource ee2ebebc-6572-45a0-92b2-51b384019e50 (type: ports) to 3
2026-07-21 07:57:47.789 10 INFO neutron.db.ovn_revision_numbers_db [None req-b0745a9f-32fd-4582-a67b-21d7a0b13544 cf04bc3c929c4c15b038789256ccd941 b8f07b0ed8b34e50a1dfd2993e56cb93 - - - -] Successfully bumped revision number for resource aa82816f-fbb4-4527-bfda-ee9ce415d885 (type: security_group_rules) to 0
2026-07-21 07:57:47.813 10 INFO neutron.wsgi [None req-b0745a9f-32fd-4582-a67b-21d7a0b13544 cf04bc3c929c4c15b038789256ccd941 b8f07b0ed8b34e50a1dfd2993e56cb93 - - - -] 10.0.0.37 "POST /v2.0/security-group-rules HTTP/1.1" status: 201 len: 766 time: 0.1266882
2026-07-21 07:57:47.834 9 INFO neutron.db.ovn_revision_numbers_db [None req-1096d1bb-1619-4472-9536-ac3a88dc9fbc - - - - - -] Successfully bumped revision number for resource ee2ebebc-6572-45a0-92b2-51b384019e50 (type: router_ports) to 3
2026-07-21 07:57:47.965 10 INFO neutron.db.ovn_revision_numbers_db [None req-4c0c4de4-3e3e-4c98-8836-ddc5c794f262 cf04bc3c929c4c15b038789256ccd941 b8f07b0ed8b34e50a1dfd2993e56cb93 - - - -] Successfully bumped revision number for resource 53a7b901-4362-4853-9ae4-5d4b348f857c (type: security_group_rules) to 0
2026-07-21 07:57:47.997 10 INFO neutron.wsgi [None req-4c0c4de4-3e3e-4c98-8836-ddc5c794f262 cf04bc3c929c4c15b038789256ccd941 b8f07b0ed8b34e50a1dfd2993e56cb93 - - - -] 10.0.0.37 "POST /v2.0/security-group-rules HTTP/1.1" status: 201 len: 768 time: 0.1752365
2026-07-21 07:57:48.126 9 INFO neutron.db.ovn_revision_numbers_db [None req-a08128ed-e3eb-4ae1-bf43-b0c1c2e36fc2 cf04bc3c929c4c15b038789256ccd941 b8f07b0ed8b34e50a1dfd2993e56cb93 - - - -] Successfully bumped revision number for resource a7815d8c-05cf-403e-a27d-39fe4d05e0de (type: security_group_rules) to 0
2026-07-21 07:57:48.151 9 INFO neutron.wsgi [None req-a08128ed-e3eb-4ae1-bf43-b0c1c2e36fc2 cf04bc3c929c4c15b038789256ccd941 b8f07b0ed8b34e50a1dfd2993e56cb93 - - - -] 10.0.0.37 "POST /v2.0/security-group-rules HTTP/1.1" status: 201 len: 764 time: 0.1478839
2026-07-21 07:57:48.526 10 INFO neutron.wsgi [req-41a937b6-9d70-4c54-8371-4fb014234eae req-6f744cc4-2efe-4e2b-8759-2b42c44716da cf04bc3c929c4c15b038789256ccd941 b8f07b0ed8b34e50a1dfd2993e56cb93 - - default default] 10.0.0.176 "GET /v2.0/security-groups?name=tempest-lb_member_SG-1292844668&fields=id&tenant_id=b8f07b0ed8b34e50a1dfd2993e56cb93 HTTP/1.1" status: 200 len: 267 time: 0.0368445
2026-07-21 07:57:48.636 10 WARNING neutron.plugins.ml2.drivers.ovn.mech_driver.ovsdb.ovn_client [None req-0a4d5b0c-0275-45c2-92fb-518f62a388a5 - - - - - -] No hosting information found for port 015bbe2c-1f04-46c1-ac49-dc81866cda85: RuntimeError: No hosting information found for port 015bbe2c-1f04-46c1-ac49-dc81866cda85
2026-07-21 07:57:48.673 10 INFO neutron.wsgi [req-41a937b6-9d70-4c54-8371-4fb014234eae req-78f99842-5852-4c6a-a2c3-9cee672e88bb cf04bc3c929c4c15b038789256ccd941 b8f07b0ed8b34e50a1dfd2993e56cb93 - - default default] 10.0.0.176 "GET /v2.0/networks?id=689084f3-87a2-40c0-b065-557529f2eeba HTTP/1.1" status: 200 len: 904 time: 0.1405356
2026-07-21 07:57:48.694 10 INFO neutron.wsgi [req-41a937b6-9d70-4c54-8371-4fb014234eae req-0239812c-4f41-44a9-a27c-9dc094c39121 cf04bc3c929c4c15b038789256ccd941 b8f07b0ed8b34e50a1dfd2993e56cb93 - - default default] 10.0.0.176 "GET /v2.0/quotas/b8f07b0ed8b34e50a1dfd2993e56cb93 HTTP/1.1" status: 200 len: 386 time: 0.0132461
2026-07-21 07:57:48.905 10 INFO neutron.wsgi [req-41a937b6-9d70-4c54-8371-4fb014234eae req-88a63428-c765-4fa2-b48b-83025a5edb38 cf04bc3c929c4c15b038789256ccd941 b8f07b0ed8b34e50a1dfd2993e56cb93 - - default default] 10.0.0.176 "GET /v2.0/ports?tenant_id=b8f07b0ed8b34e50a1dfd2993e56cb93&fields=id HTTP/1.1" status: 200 len: 486 time: 0.2040973
2026-07-21 07:57:48.989 10 INFO neutron.wsgi [req-41a937b6-9d70-4c54-8371-4fb014234eae req-0aac1bae-7074-4197-b0e9-252f89270ca1 1b6a6b17dc714991a943390189061cea 9796ff7890114c13968851e69adf92a0 - - f75cd953ec1d47d48337cd8ec909d548 f75cd953ec1d47d48337cd8ec909d548] 10.0.0.176 "GET /v2.0/networks/689084f3-87a2-40c0-b065-557529f2eeba?fields=segments HTTP/1.1" status: 200 len: 212 time: 0.0707099
2026-07-21 07:57:49.067 10 INFO neutron.wsgi [req-41a937b6-9d70-4c54-8371-4fb014234eae req-72746ff2-7110-4921-a61c-0f3ba3826530 1b6a6b17dc714991a943390189061cea 9796ff7890114c13968851e69adf92a0 - - f75cd953ec1d47d48337cd8ec909d548 f75cd953ec1d47d48337cd8ec909d548] 10.0.0.176 "GET /v2.0/networks/689084f3-87a2-40c0-b065-557529f2eeba?fields=provider%3Aphysical_network&fields=provider%3Anetwork_type HTTP/1.1" status: 200 len: 277 time: 0.0714662
2026-07-21 07:57:49.210 10 INFO neutron.wsgi [req-7782ddfd-a679-4304-8527-9ff059b4fa6a req-3190860d-7703-439c-9ff4-820c26d6f5db cf04bc3c929c4c15b038789256ccd941 b8f07b0ed8b34e50a1dfd2993e56cb93 - - default default] 10.0.0.176 "GET /v2.0/ports?device_id=e4c823e1-b35d-46d4-a9cb-44c273dba402 HTTP/1.1" status: 200 len: 210 time: 0.0299768
2026-07-21 07:57:49.739 10 INFO neutron.wsgi [req-da0fa039-181c-4ec1-8ee8-6c8e5693b2d9 req-ca69ec6e-e391-4f6a-bcc3-4a95f6a860e6 da3b79eb48c74a86a2a8295a8784ce8f 7f055ca86a274cf9a4d0f4f24d8bbebe - - default default] 10.0.0.176 "GET /v2.0/ports?device_id=3896ea13-d67e-42af-aabb-af591ca0f4bd HTTP/1.1" status: 200 len: 1210 time: 0.0943091
2026-07-21 07:57:49.805 10 INFO neutron.wsgi [req-da0fa039-181c-4ec1-8ee8-6c8e5693b2d9 req-0b790c1c-e799-4c60-9d85-148e730cd171 da3b79eb48c74a86a2a8295a8784ce8f 7f055ca86a274cf9a4d0f4f24d8bbebe - - default default] 10.0.0.176 "GET /v2.0/security-groups?id=a280c94f-da72-414a-80fb-d12b8b2b26a6&id=56269832-489e-42f8-adf6-e1c1ee04c700&fields=id&fields=name HTTP/1.1" status: 200 len: 405 time: 0.0585477
2026-07-21 07:57:50.007 10 INFO neutron.wsgi [None req-82cc0102-2498-481d-ae71-b89f95b7b291 aa14c83405c4460fa3a54b552be1eb7d 3d2b2fadb9be460da5aa09c29ae694e4 - - default default] 10.0.0.37 "GET /v2.0/ports?device_id=3896ea13-d67e-42af-aabb-af591ca0f4bd HTTP/1.1" status: 200 len: 1395 time: 0.1763656
2026-07-21 07:57:50.037 10 INFO neutron.wsgi [req-41a937b6-9d70-4c54-8371-4fb014234eae req-bddb641e-a221-49f9-9dec-19b6887e9388 cf04bc3c929c4c15b038789256ccd941 b8f07b0ed8b34e50a1dfd2993e56cb93 - - default default] 199.19.213.199 "GET /v2.0/networks?id=689084f3-87a2-40c0-b065-557529f2eeba HTTP/1.1" status: 200 len: 904 time: 0.1258166
2026-07-21 07:57:50.085 9 INFO neutron.wsgi [None req-7cf5faff-9988-4569-b4d1-a836c0be34e9 da3b79eb48c74a86a2a8295a8784ce8f 7f055ca86a274cf9a4d0f4f24d8bbebe - - default default] 10.0.0.37 "GET /v2.0/floatingips?floating_network_id=ee61bd7c-4a9e-48db-8d17-5f4dda2b2c94&port_id=a1ed989e-2aea-48a6-aca4-2086ced32741 HTTP/1.1" status: 200 len: 1054 time: 0.0694370
2026-07-21 07:57:50.096 10 INFO neutron.wsgi [req-41a937b6-9d70-4c54-8371-4fb014234eae req-d4c8c5b5-436d-43a4-bf34-a4c2618436bd cf04bc3c929c4c15b038789256ccd941 b8f07b0ed8b34e50a1dfd2993e56cb93 - - default default] 199.19.213.199 "GET /v2.0/security-groups?fields=id&fields=name&tenant_id=b8f07b0ed8b34e50a1dfd2993e56cb93 HTTP/1.1" status: 200 len: 378 time: 0.0497475
2026-07-21 07:57:50.290 9 INFO neutron.wsgi [-] 10.0.0.151 "GET / HTTP/1.1" status: 200 len: 246 time: 0.0034239
2026-07-21 07:57:50.293 9 INFO neutron.wsgi [-] 10.0.0.151 "GET / HTTP/1.1" status: 200 len: 246 time: 0.0015264
2026-07-21 07:57:50.817 10 INFO neutron.wsgi [req-a4df33ea-3648-493a-8f31-b7f19034e216 req-1b8de4c3-a65f-4bd0-81cd-0a7e41319363 1b6a6b17dc714991a943390189061cea 9796ff7890114c13968851e69adf92a0 - - f75cd953ec1d47d48337cd8ec909d548 f75cd953ec1d47d48337cd8ec909d548] 10.0.0.210 "GET /v2.0/ports?device_id=3896ea13-d67e-42af-aabb-af591ca0f4bd HTTP/1.1" status: 200 len: 1400 time: 0.4860668
2026-07-21 07:57:50.886 10 INFO neutron.wsgi [req-a4df33ea-3648-493a-8f31-b7f19034e216 req-014a2bc0-0f8b-41e3-b380-8ee1972c5900 1b6a6b17dc714991a943390189061cea 9796ff7890114c13968851e69adf92a0 - - f75cd953ec1d47d48337cd8ec909d548 f75cd953ec1d47d48337cd8ec909d548] 10.0.0.210 "GET /v2.0/security-groups?id=a280c94f-da72-414a-80fb-d12b8b2b26a6&id=56269832-489e-42f8-adf6-e1c1ee04c700&fields=id&fields=name HTTP/1.1" status: 200 len: 405 time: 0.0594196
2026-07-21 07:57:50.994 10 WARNING neutron.scheduler.dhcp_agent_scheduler [None req-8eea31e8-30f3-42de-9a86-ea8a2abb84b2 cf04bc3c929c4c15b038789256ccd941 b8f07b0ed8b34e50a1dfd2993e56cb93 - - - -] No more DHCP agents
2026-07-21 07:57:50.996 10 WARNING neutron.api.rpc.agentnotifiers.dhcp_rpc_agent_api [None req-8eea31e8-30f3-42de-9a86-ea8a2abb84b2 cf04bc3c929c4c15b038789256ccd941 b8f07b0ed8b34e50a1dfd2993e56cb93 - - - -] Unable to schedule network 689084f3-87a2-40c0-b065-557529f2eeba: no agents available; will retry on subsequent port and subnet creation events.
2026-07-21 07:57:51.206 10 INFO neutron.db.ovn_revision_numbers_db [None req-8eea31e8-30f3-42de-9a86-ea8a2abb84b2 cf04bc3c929c4c15b038789256ccd941 b8f07b0ed8b34e50a1dfd2993e56cb93 - - - -] Successfully bumped revision number for resource 3ce9a16b-59d7-47fc-988e-d990245b7c90 (type: ports) to 1
2026-07-21 07:57:51.231 10 INFO neutron.wsgi [None req-8eea31e8-30f3-42de-9a86-ea8a2abb84b2 cf04bc3c929c4c15b038789256ccd941 b8f07b0ed8b34e50a1dfd2993e56cb93 - - - -] 199.19.213.199 "POST /v2.0/ports HTTP/1.1" status: 201 len: 1388 time: 1.1288707 /var/lib/openstack/lib/python3.10/site-packages/pycadf/identifier.py:71: UserWarning: Invalid uuid: neutron. To ensure interoperability, identifiers should be a valid uuid. warnings.warn(('Invalid uuid: %s. To ensure interoperability, '
2026-07-21 07:57:51.713 10 INFO neutron.db.ovn_revision_numbers_db [None req-72fd3c4e-5d40-46ed-a667-fee46b790a8c 1b6a6b17dc714991a943390189061cea 9796ff7890114c13968851e69adf92a0 - - - -] Successfully bumped revision number for resource 3ce9a16b-59d7-47fc-988e-d990245b7c90 (type: ports) to 2
2026-07-21 07:57:51.958 10 INFO neutron.db.ovn_revision_numbers_db [None req-72fd3c4e-5d40-46ed-a667-fee46b790a8c 1b6a6b17dc714991a943390189061cea 9796ff7890114c13968851e69adf92a0 - - - -] Successfully bumped revision number for resource 3ce9a16b-59d7-47fc-988e-d990245b7c90 (type: ports) to 2
2026-07-21 07:57:51.972 10 INFO neutron.wsgi [None req-72fd3c4e-5d40-46ed-a667-fee46b790a8c 1b6a6b17dc714991a943390189061cea 9796ff7890114c13968851e69adf92a0 - - - -] 199.19.213.199 "PUT /v2.0/ports/3ce9a16b-59d7-47fc-988e-d990245b7c90 HTTP/1.1" status: 200 len: 1557 time: 0.7327261
2026-07-21 07:57:52.009 10 INFO neutron.notifiers.nova [-] Nova event matching ['req-f60d6d4b-a2b7-4f5f-8f09-9a301a5ebc1e'] response: {'name': 'network-changed', 'server_uuid': 'e4c823e1-b35d-46d4-a9cb-44c273dba402', 'tag': '3ce9a16b-59d7-47fc-988e-d990245b7c90', 'status': 'completed', 'code': 200} /var/lib/openstack/lib/python3.10/site-packages/pycadf/identifier.py:71: UserWarning: Invalid uuid: neutron. To ensure interoperability, identifiers should be a valid uuid. warnings.warn(('Invalid uuid: %s. To ensure interoperability, '
2026-07-21 07:57:52.060 10 INFO neutron.wsgi [req-2b02ba4b-cdef-4b8d-9663-016a374b7462 req-7ccbf1ff-dc38-43f8-861b-84a334cfc03c 1b6a6b17dc714991a943390189061cea 9796ff7890114c13968851e69adf92a0 - - f75cd953ec1d47d48337cd8ec909d548 f75cd953ec1d47d48337cd8ec909d548] 199.19.213.199 "GET /v2.0/ports?tenant_id=b8f07b0ed8b34e50a1dfd2993e56cb93&device_id=e4c823e1-b35d-46d4-a9cb-44c273dba402 HTTP/1.1" status: 200 len: 1588 time: 0.0354371
2026-07-21 07:57:52.199 10 INFO neutron.wsgi [req-2b02ba4b-cdef-4b8d-9663-016a374b7462 req-bb72673c-daf2-481f-a2c0-8b935ba09f05 1b6a6b17dc714991a943390189061cea 9796ff7890114c13968851e69adf92a0 - - f75cd953ec1d47d48337cd8ec909d548 f75cd953ec1d47d48337cd8ec909d548] 199.19.213.199 "GET /v2.0/networks?tenant_id=b8f07b0ed8b34e50a1dfd2993e56cb93&shared=False HTTP/1.1" status: 200 len: 2584 time: 0.1340773
2026-07-21 07:57:52.319 10 INFO neutron.wsgi [req-2b02ba4b-cdef-4b8d-9663-016a374b7462 req-171de848-f829-4c7d-a2fd-ac9aa27f2560 1b6a6b17dc714991a943390189061cea 9796ff7890114c13968851e69adf92a0 - - f75cd953ec1d47d48337cd8ec909d548 f75cd953ec1d47d48337cd8ec909d548] 199.19.213.199 "GET /v2.0/networks?shared=True HTTP/1.1" status: 200 len: 952 time: 0.1130781
2026-07-21 07:57:52.391 10 INFO neutron.wsgi [req-41a937b6-9d70-4c54-8371-4fb014234eae req-6d85607a-ed7f-4fe0-ac89-eaf0d23b3486 1b6a6b17dc714991a943390189061cea 9796ff7890114c13968851e69adf92a0 - - f75cd953ec1d47d48337cd8ec909d548 f75cd953ec1d47d48337cd8ec909d548] 199.19.213.199 "GET /v2.0/ports?tenant_id=b8f07b0ed8b34e50a1dfd2993e56cb93&device_id=e4c823e1-b35d-46d4-a9cb-44c273dba402 HTTP/1.1" status: 200 len: 1588 time: 0.0342593
2026-07-21 07:57:52.423 10 INFO neutron.wsgi [req-41a937b6-9d70-4c54-8371-4fb014234eae req-1a48ea3e-9c01-4792-8c1b-f7a5c281285f 1b6a6b17dc714991a943390189061cea 9796ff7890114c13968851e69adf92a0 - - f75cd953ec1d47d48337cd8ec909d548 f75cd953ec1d47d48337cd8ec909d548] 199.19.213.199 "GET /v2.0/floatingips?fixed_ip_address=10.2.1.124&port_id=3ce9a16b-59d7-47fc-988e-d990245b7c90 HTTP/1.1" status: 200 len: 217 time: 0.0245466
2026-07-21 07:57:52.455 10 INFO neutron.wsgi [req-41a937b6-9d70-4c54-8371-4fb014234eae req-7db751d4-5bf0-48f5-80c8-71f9c467006e 1b6a6b17dc714991a943390189061cea 9796ff7890114c13968851e69adf92a0 - - f75cd953ec1d47d48337cd8ec909d548 f75cd953ec1d47d48337cd8ec909d548] 199.19.213.199 "GET /v2.0/floatingips?fixed_ip_address=fd7b%3Af9f7%3Afff%3A4eca%3A%3A246&port_id=3ce9a16b-59d7-47fc-988e-d990245b7c90 HTTP/1.1" status: 200 len: 217 time: 0.0264447
2026-07-21 07:57:52.509 10 INFO neutron.wsgi [req-41a937b6-9d70-4c54-8371-4fb014234eae req-e3f02d27-74b4-458f-9a56-e4128c166fab 1b6a6b17dc714991a943390189061cea 9796ff7890114c13968851e69adf92a0 - - f75cd953ec1d47d48337cd8ec909d548 f75cd953ec1d47d48337cd8ec909d548] 199.19.213.199 "GET /v2.0/subnets?id=8d666f3f-09be-4855-a711-e041c8a95206&id=9a2b17c2-c138-4729-ac2c-d5b113581d9b HTTP/1.1" status: 200 len: 1561 time: 0.0480652
2026-07-21 07:57:52.567 10 INFO neutron.wsgi [req-41a937b6-9d70-4c54-8371-4fb014234eae req-d20bd4df-64d7-4bce-985f-aa99df03554a 1b6a6b17dc714991a943390189061cea 9796ff7890114c13968851e69adf92a0 - - f75cd953ec1d47d48337cd8ec909d548 f75cd953ec1d47d48337cd8ec909d548] 199.19.213.199 "GET /v2.0/ports?network_id=689084f3-87a2-40c0-b065-557529f2eeba&device_owner=network%3Adhcp HTTP/1.1" status: 200 len: 210 time: 0.0451384
2026-07-21 07:57:52.609 10 INFO neutron.wsgi [req-41a937b6-9d70-4c54-8371-4fb014234eae req-46c16fde-8e4f-4e21-945e-d3435c039c91 1b6a6b17dc714991a943390189061cea 9796ff7890114c13968851e69adf92a0 - - f75cd953ec1d47d48337cd8ec909d548 f75cd953ec1d47d48337cd8ec909d548] 199.19.213.199 "GET /v2.0/ports?network_id=689084f3-87a2-40c0-b065-557529f2eeba&device_owner=network%3Adhcp HTTP/1.1" status: 200 len: 210 time: 0.0340657
2026-07-21 07:57:52.686 10 INFO neutron.wsgi [req-41a937b6-9d70-4c54-8371-4fb014234eae req-61d9bd17-9276-46ab-b809-0d226d98704f 1b6a6b17dc714991a943390189061cea 9796ff7890114c13968851e69adf92a0 - - f75cd953ec1d47d48337cd8ec909d548 f75cd953ec1d47d48337cd8ec909d548] 199.19.213.199 "GET /v2.0/networks/689084f3-87a2-40c0-b065-557529f2eeba?fields=segments HTTP/1.1" status: 200 len: 212 time: 0.0657361
2026-07-21 07:57:52.760 10 INFO neutron.wsgi [req-41a937b6-9d70-4c54-8371-4fb014234eae req-816104bd-4362-4eb9-86a4-181b3d06c7bf 1b6a6b17dc714991a943390189061cea 9796ff7890114c13968851e69adf92a0 - - f75cd953ec1d47d48337cd8ec909d548 f75cd953ec1d47d48337cd8ec909d548] 199.19.213.199 "GET /v2.0/networks/689084f3-87a2-40c0-b065-557529f2eeba?fields=provider%3Aphysical_network&fields=provider%3Anetwork_type HTTP/1.1" status: 200 len: 277 time: 0.0662186
2026-07-21 07:57:52.963 9 WARNING neutron.plugins.ml2.drivers.ovn.mech_driver.ovsdb.ovn_client [None req-1096d1bb-1619-4472-9536-ac3a88dc9fbc - - - - - -] No hosting information found for port ee2ebebc-6572-45a0-92b2-51b384019e50: RuntimeError: No hosting information found for port ee2ebebc-6572-45a0-92b2-51b384019e50
2026-07-21 07:57:52.973 10 INFO neutron.plugins.ml2.drivers.ovn.mech_driver.mech_driver [None req-0a4d5b0c-0275-45c2-92fb-518f62a388a5 - - - - - -] OVN reports status up for port: 3ce9a16b-59d7-47fc-988e-d990245b7c90
2026-07-21 07:57:52.987 10 INFO neutron.plugins.ml2.plugin [None req-0a4d5b0c-0275-45c2-92fb-518f62a388a5 - - - - - -] Attempt 1 to provision port 3ce9a16b-59d7-47fc-988e-d990245b7c90
2026-07-21 07:57:53.141 10 INFO neutron.wsgi [req-a2f0b603-c8bb-4b4c-ba47-b0cbccca4fd9 req-8587c531-2229-4e12-825f-9f5b0a51c94d da3b79eb48c74a86a2a8295a8784ce8f 7f055ca86a274cf9a4d0f4f24d8bbebe - - default default] 10.0.0.176 "GET /v2.0/ports?device_id=3896ea13-d67e-42af-aabb-af591ca0f4bd HTTP/1.1" status: 200 len: 1210 time: 0.0579078
2026-07-21 07:57:53.197 10 INFO neutron.wsgi [req-a2f0b603-c8bb-4b4c-ba47-b0cbccca4fd9 req-b2319e53-027f-458b-879d-be54e90e306f da3b79eb48c74a86a2a8295a8784ce8f 7f055ca86a274cf9a4d0f4f24d8bbebe - - default default] 10.0.0.176 "GET /v2.0/security-groups?id=a280c94f-da72-414a-80fb-d12b8b2b26a6&id=56269832-489e-42f8-adf6-e1c1ee04c700&fields=id&fields=name HTTP/1.1" status: 200 len: 405 time: 0.0456085
2026-07-21 07:57:53.335 10 INFO neutron.db.ovn_revision_numbers_db [None req-0a4d5b0c-0275-45c2-92fb-518f62a388a5 - - - - - -] Successfully bumped revision number for resource 3ce9a16b-59d7-47fc-988e-d990245b7c90 (type: ports) to 4
2026-07-21 07:57:53.426 10 INFO neutron.plugins.ml2.drivers.ovn.mech_driver.mech_driver [None req-0a4d5b0c-0275-45c2-92fb-518f62a388a5 - - - - - -] OVN reports status down for port: a1ed989e-2aea-48a6-aca4-2086ced32741
2026-07-21 07:57:53.453 10 INFO neutron.wsgi [req-02c9e797-b8b0-4fe8-9075-ddf6a5e7763e req-307b2c68-5f47-4157-bb3b-909277d6617e da3b79eb48c74a86a2a8295a8784ce8f 7f055ca86a274cf9a4d0f4f24d8bbebe - - default default] 199.19.213.199 "GET /v2.0/ports?device_id=3896ea13-d67e-42af-aabb-af591ca0f4bd HTTP/1.1" status: 200 len: 1210 time: 0.0651424 /var/lib/openstack/lib/python3.10/site-packages/pycadf/identifier.py:71: UserWarning: Invalid uuid: neutron. To ensure interoperability, identifiers should be a valid uuid. warnings.warn(('Invalid uuid: %s. To ensure interoperability, '
2026-07-21 07:57:53.948 10 INFO neutron.db.l3_db [None req-653ce5f5-5551-4e1c-b023-09615d7a9b9b da3b79eb48c74a86a2a8295a8784ce8f 7f055ca86a274cf9a4d0f4f24d8bbebe - - - -] Floating IP d54062e6-24fa-40fc-b095-fff4b9bf9016 disassociated. External IP: 10.96.250.212, port: a1ed989e-2aea-48a6-aca4-2086ced32741.
2026-07-21 07:57:53.951 10 INFO neutron.db.ovn_revision_numbers_db [None req-0a4d5b0c-0275-45c2-92fb-518f62a388a5 - - - - - -] Successfully bumped revision number for resource a1ed989e-2aea-48a6-aca4-2086ced32741 (type: ports) to 5
2026-07-21 07:57:54.066 10 INFO neutron.notifiers.nova [-] Nova event matching ['req-3bcbdf5a-b95a-4d1e-9e4c-d467807539c4'] response: {'server_uuid': 'e4c823e1-b35d-46d4-a9cb-44c273dba402', 'name': 'network-vif-plugged', 'status': 'completed', 'tag': '3ce9a16b-59d7-47fc-988e-d990245b7c90', 'code': 200}
2026-07-21 07:57:54.066 10 INFO neutron.notifiers.nova [-] Nova event matching ['req-3bcbdf5a-b95a-4d1e-9e4c-d467807539c4'] response: {'server_uuid': 'e4c823e1-b35d-46d4-a9cb-44c273dba402', 'name': 'network-vif-plugged', 'status': 'completed', 'tag': '3ce9a16b-59d7-47fc-988e-d990245b7c90', 'code': 200}
2026-07-21 07:57:54.067 10 INFO neutron.notifiers.nova [-] Nova event matching ['req-3bcbdf5a-b95a-4d1e-9e4c-d467807539c4'] response: {'server_uuid': '3896ea13-d67e-42af-aabb-af591ca0f4bd', 'name': 'network-vif-unplugged', 'status': 'completed', 'tag': 'a1ed989e-2aea-48a6-aca4-2086ced32741', 'code': 200}
2026-07-21 07:57:54.067 10 INFO neutron.notifiers.nova [-] Nova event matching ['req-3bcbdf5a-b95a-4d1e-9e4c-d467807539c4'] response: {'server_uuid': '3896ea13-d67e-42af-aabb-af591ca0f4bd', 'name': 'network-vif-plugged', 'status': 'completed', 'tag': 'a1ed989e-2aea-48a6-aca4-2086ced32741', 'code': 200}
2026-07-21 07:57:54.196 10 INFO neutron.wsgi [None req-653ce5f5-5551-4e1c-b023-09615d7a9b9b da3b79eb48c74a86a2a8295a8784ce8f 7f055ca86a274cf9a4d0f4f24d8bbebe - - - -] 199.19.213.199 "DELETE /v2.0/ports/a1ed989e-2aea-48a6-aca4-2086ced32741 HTTP/1.1" status: 204 len: 173 time: 0.7395201 /var/lib/openstack/lib/python3.10/site-packages/pycadf/identifier.py:71: UserWarning: Invalid uuid: neutron. To ensure interoperability, identifiers should be a valid uuid. warnings.warn(('Invalid uuid: %s. To ensure interoperability, '
2026-07-21 07:57:54.325 10 INFO neutron.wsgi [req-16abc31c-40fd-4602-afb2-e7f3464a6eda req-b72877d9-da1d-4ecb-bf6c-bcff06dfe5f1 da3b79eb48c74a86a2a8295a8784ce8f 7f055ca86a274cf9a4d0f4f24d8bbebe - - default default] 10.0.0.176 "GET /v2.0/ports?device_id=3896ea13-d67e-42af-aabb-af591ca0f4bd HTTP/1.1" status: 200 len: 210 time: 0.0398178
2026-07-21 07:57:54.424 10 INFO neutron.wsgi [req-6cb5ab45-4bfc-43e4-8b21-bb84fb149e15 req-ca66c334-dc09-46db-99ee-61056ed5a4e9 cf04bc3c929c4c15b038789256ccd941 b8f07b0ed8b34e50a1dfd2993e56cb93 - - default default] 10.0.0.176 "GET /v2.0/ports?device_id=e4c823e1-b35d-46d4-a9cb-44c273dba402 HTTP/1.1" status: 200 len: 1400 time: 0.1513383
2026-07-21 07:57:54.471 10 INFO neutron.wsgi [req-6cb5ab45-4bfc-43e4-8b21-bb84fb149e15 req-3256590c-3187-493b-a8e7-9f077c4a2365 cf04bc3c929c4c15b038789256ccd941 b8f07b0ed8b34e50a1dfd2993e56cb93 - - default default] 10.0.0.176 "GET /v2.0/security-groups?id=48638b46-dd11-43c4-b0db-61d7eacbab82&fields=id&fields=name HTTP/1.1" status: 200 len: 311 time: 0.0368569
2026-07-21 07:57:55.658 10 INFO neutron.wsgi [None req-e8420077-e262-4731-b6e5-bb9a65be769f da3b79eb48c74a86a2a8295a8784ce8f 7f055ca86a274cf9a4d0f4f24d8bbebe - - - -] 10.0.0.37 "DELETE /v2.0/security-groups/a280c94f-da72-414a-80fb-d12b8b2b26a6 HTTP/1.1" status: 204 len: 168 time: 0.1579471
2026-07-21 07:57:55.675 10 INFO neutron.api.v2.resource [None req-8d926181-4371-4f28-9e67-fb1b8f3e5dbb da3b79eb48c74a86a2a8295a8784ce8f 7f055ca86a274cf9a4d0f4f24d8bbebe - - default default] show failed (client error): The resource could not be found.
2026-07-21 07:57:55.676 10 INFO neutron.wsgi [None req-8d926181-4371-4f28-9e67-fb1b8f3e5dbb da3b79eb48c74a86a2a8295a8784ce8f 7f055ca86a274cf9a4d0f4f24d8bbebe - - default default] 10.0.0.37 "GET /v2.0/security-groups/a280c94f-da72-414a-80fb-d12b8b2b26a6 HTTP/1.1" status: 404 len: 347 time: 0.0135286
2026-07-21 07:57:56.201 10 INFO neutron.notifiers.nova [-] Nova event matching ['req-d788cd43-08ef-4b3f-82ac-a1c4d6c151ff'] response: {'server_uuid': '3896ea13-d67e-42af-aabb-af591ca0f4bd', 'name': 'network-vif-deleted', 'tag': 'a1ed989e-2aea-48a6-aca4-2086ced32741', 'status': 'completed', 'code': 200}
2026-07-21 07:57:56.462 10 INFO neutron.wsgi [None req-582230b2-30b0-4392-b302-bc563b53a567 da3b79eb48c74a86a2a8295a8784ce8f 7f055ca86a274cf9a4d0f4f24d8bbebe - - - -] 10.0.0.37 "DELETE /v2.0/floatingips/d54062e6-24fa-40fc-b095-fff4b9bf9016 HTTP/1.1" status: 204 len: 168 time: 0.7817645
