2026-07-21 07:56:30.236 10 INFO neutron.wsgi [None req-ab28d353-864e-4b21-a0b2-8ec02a2993b0 01627d6b874c45d3b852506d9f4cc876 311fec768c0e4020915b2720f63e2081 - - default default] 10.0.0.37 "GET /v2.0/ports/b50c3969-b688-468c-a5da-783d3f537195 HTTP/1.1" status: 200 len: 1020 time: 0.1110885
2026-07-21 07:56:30.306 9 WARNING neutron.scheduler.dhcp_agent_scheduler [None req-480919a1-7233-4cde-9901-6b7b2ae56800 aaa6151b4ae944008911d133541ac100 90ade86d689549928d978d216f69a4a3 - - - -] No more DHCP agents
2026-07-21 07:56:30.309 9 WARNING neutron.api.rpc.agentnotifiers.dhcp_rpc_agent_api [None req-480919a1-7233-4cde-9901-6b7b2ae56800 aaa6151b4ae944008911d133541ac100 90ade86d689549928d978d216f69a4a3 - - - -] Unable to schedule network cefff2c7-80a6-4c6c-95d3-3a5e48fe244a: no agents available; will retry on subsequent port and subnet creation events.
2026-07-21 07:56:30.338 10 INFO neutron.wsgi [None req-158fdc08-d96a-4d46-8bb3-3fb7728b0cde 01627d6b874c45d3b852506d9f4cc876 311fec768c0e4020915b2720f63e2081 - - - -] 10.0.0.37 "DELETE /v2.0/trunks/c3a19925-6372-480e-8df3-9c87b163218f HTTP/1.1" status: 204 len: 168 time: 0.0958326
2026-07-21 07:56:30.361 10 INFO neutron.wsgi [None req-bf3f6aea-40ac-499a-a26d-29092d993ad6 01627d6b874c45d3b852506d9f4cc876 311fec768c0e4020915b2720f63e2081 - - default default] 10.0.0.37 "GET /v2.0/trunks/4b250b41-101c-4d55-a89e-ecc8f7afd1ed HTTP/1.1" status: 200 len: 616 time: 0.0169444
2026-07-21 07:56:30.392 9 INFO neutron.db.ovn_revision_numbers_db [None req-480919a1-7233-4cde-9901-6b7b2ae56800 aaa6151b4ae944008911d133541ac100 90ade86d689549928d978d216f69a4a3 - - - -] Successfully bumped revision number for resource 574c5310-f6d1-4c36-b111-08f2b902e208 (type: ports) to 1
2026-07-21 07:56:30.788 9 INFO neutron.wsgi [None req-480919a1-7233-4cde-9901-6b7b2ae56800 aaa6151b4ae944008911d133541ac100 90ade86d689549928d978d216f69a4a3 - - - -] 10.0.0.37 "POST /v2.0/networks HTTP/1.1" status: 201 len: 831 time: 1.0096762
2026-07-21 07:56:30.820 9 INFO neutron.wsgi [None req-41c41414-05cd-43b8-a0a4-045c80ac6d2d 01627d6b874c45d3b852506d9f4cc876 311fec768c0e4020915b2720f63e2081 - - default default] 10.0.0.37 "GET /v2.0/ports/ad4a7a29-4691-4bfd-b357-170cc91f149b HTTP/1.1" status: 200 len: 1020 time: 0.4548612
2026-07-21 07:56:30.850 10 INFO neutron.wsgi [None req-a5ef24f1-78f6-446b-8f11-8591be52fae4 aaa6151b4ae944008911d133541ac100 90ade86d689549928d978d216f69a4a3 - - - -] 10.0.0.37 "PUT /v2.0/networks/1b804d5d-6e6b-4177-a3b9-6a4f4cc54c12/tags HTTP/1.1" status: 200 len: 210 time: 0.0549171
2026-07-21 07:56:30.909 10 INFO neutron.wsgi [None req-d133df86-ac4d-4ea9-afda-20a70445757a aaa6151b4ae944008911d133541ac100 90ade86d689549928d978d216f69a4a3 - - - -] 10.0.0.37 "PUT /v2.0/networks/fce15be4-7cd1-4e0a-8de4-8ea58cc42fcc/tags HTTP/1.1" status: 200 len: 218 time: 0.0546741
2026-07-21 07:56:30.913 9 INFO neutron.wsgi [None req-6ae89775-95e0-4e43-ab9e-2b4695b63504 01627d6b874c45d3b852506d9f4cc876 311fec768c0e4020915b2720f63e2081 - - - -] 10.0.0.37 "DELETE /v2.0/trunks/4b250b41-101c-4d55-a89e-ecc8f7afd1ed HTTP/1.1" status: 204 len: 168 time: 0.0858703
2026-07-21 07:56:30.932 9 INFO neutron.wsgi [None req-39c2a40a-c9b2-4165-be63-48a695756cd4 01627d6b874c45d3b852506d9f4cc876 311fec768c0e4020915b2720f63e2081 - - default default] 10.0.0.37 "GET /v2.0/trunks/72594ce7-24d0-4887-824d-434a121a2d5f HTTP/1.1" status: 200 len: 625 time: 0.0157416
2026-07-21 07:56:30.968 10 INFO neutron.wsgi [None req-65395db6-4fd7-4b06-9adb-b65ef94fea31 aaa6151b4ae944008911d133541ac100 90ade86d689549928d978d216f69a4a3 - - - -] 10.0.0.37 "PUT /v2.0/networks/33dd14a6-6f7d-4ab0-95ec-aae1a65ee3c2/tags HTTP/1.1" status: 200 len: 227 time: 0.0540960
2026-07-21 07:56:31.025 10 INFO neutron.wsgi [None req-59962f38-6f6a-4ed6-a555-685d52370085 aaa6151b4ae944008911d133541ac100 90ade86d689549928d978d216f69a4a3 - - - -] 10.0.0.37 "PUT /v2.0/networks/321b9684-0738-4e3a-9104-45bea21b0d1a/tags HTTP/1.1" status: 200 len: 212 time: 0.0522420
2026-07-21 07:56:31.030 9 INFO neutron.wsgi [None req-c0f5938a-0b19-417a-9dc2-90e589cf67c7 01627d6b874c45d3b852506d9f4cc876 311fec768c0e4020915b2720f63e2081 - - default default] 10.0.0.37 "GET /v2.0/ports/83603252-23fb-4eeb-80dc-1c968c6b8ade HTTP/1.1" status: 200 len: 1020 time: 0.0938659
2026-07-21 07:56:31.129 9 INFO neutron.wsgi [None req-19316774-37c4-4cef-a850-5c94d272389a aaa6151b4ae944008911d133541ac100 90ade86d689549928d978d216f69a4a3 - - default default] 10.0.0.37 "GET /v2.0/networks?tags=red HTTP/1.1" status: 200 len: 2070 time: 0.0972772
2026-07-21 07:56:31.131 10 INFO neutron.wsgi [None req-8b2913e6-aeb8-4f7b-b78f-ba3ddee54845 01627d6b874c45d3b852506d9f4cc876 311fec768c0e4020915b2720f63e2081 - - - -] 10.0.0.37 "DELETE /v2.0/trunks/72594ce7-24d0-4887-824d-434a121a2d5f HTTP/1.1" status: 204 len: 168 time: 0.0962226
2026-07-21 07:56:31.153 9 INFO neutron.wsgi [None req-b7df753f-d0ce-4369-84e9-bb485b12ecab 01627d6b874c45d3b852506d9f4cc876 311fec768c0e4020915b2720f63e2081 - - default default] 10.0.0.37 "GET /v2.0/trunks/31d488e9-95f1-4306-90eb-e08f89815202 HTTP/1.1" status: 200 len: 610 time: 0.0175798
2026-07-21 07:56:31.211 10 INFO neutron.wsgi [None req-8c5ab8f2-ec4c-4b11-911d-c680368590a5 aaa6151b4ae944008911d133541ac100 90ade86d689549928d978d216f69a4a3 - - default default] 10.0.0.37 "GET /v2.0/networks?tags=red%2Cblue HTTP/1.1" status: 200 len: 1457 time: 0.0774949
2026-07-21 07:56:31.247 9 INFO neutron.wsgi [None req-ee1b8960-dba5-43f1-b790-7e731d684a03 01627d6b874c45d3b852506d9f4cc876 311fec768c0e4020915b2720f63e2081 - - default default] 10.0.0.37 "GET /v2.0/ports/4239a91a-2985-4436-99fe-976ab1ee1b87 HTTP/1.1" status: 200 len: 1020 time: 0.0896385
2026-07-21 07:56:31.319 10 INFO neutron.wsgi [None req-f6ff33fe-9943-400f-94ae-ef780a1065b0 aaa6151b4ae944008911d133541ac100 90ade86d689549928d978d216f69a4a3 - - default default] 10.0.0.37 "GET /v2.0/networks?tags-any=blue HTTP/1.1" status: 200 len: 1457 time: 0.1019220
2026-07-21 07:56:31.397 10 INFO neutron.wsgi [None req-555c46e4-7024-4359-a215-09d4916f4f0e aaa6151b4ae944008911d133541ac100 90ade86d689549928d978d216f69a4a3 - - default default] 10.0.0.37 "GET /v2.0/networks?tags-any=red%2Cblue HTTP/1.1" status: 200 len: 2070 time: 0.0736785
2026-07-21 07:56:31.460 10 INFO neutron.wsgi [None req-37a2fef1-47e0-4987-91ce-86632d3f0a5b 01627d6b874c45d3b852506d9f4cc876 311fec768c0e4020915b2720f63e2081 - - - -] 10.0.0.37 "DELETE /v2.0/trunks/31d488e9-95f1-4306-90eb-e08f89815202 HTTP/1.1" status: 204 len: 168 time: 0.2073917
2026-07-21 07:56:31.495 9 INFO neutron.wsgi [None req-b5f987dc-f068-4a90-b406-0baf819faa15 01627d6b874c45d3b852506d9f4cc876 311fec768c0e4020915b2720f63e2081 - - default default] 10.0.0.37 "GET /v2.0/trunks/d2d8a52d-eaf9-412e-b5b2-337800f4481f HTTP/1.1" status: 200 len: 603 time: 0.0289969
2026-07-21 07:56:31.616 9 INFO neutron.wsgi [None req-649ab1f2-31dc-4e43-adaa-b2b682ddb1f4 01627d6b874c45d3b852506d9f4cc876 311fec768c0e4020915b2720f63e2081 - - default default] 10.0.0.37 "GET /v2.0/ports/ee62286f-a5b0-44b0-baab-e664a02aff24 HTTP/1.1" status: 200 len: 1020 time: 0.1168928
2026-07-21 07:56:31.723 9 INFO neutron.wsgi [None req-36802bce-7241-4827-a2c6-201c1d6fcb92 01627d6b874c45d3b852506d9f4cc876 311fec768c0e4020915b2720f63e2081 - - - -] 10.0.0.37 "DELETE /v2.0/trunks/d2d8a52d-eaf9-412e-b5b2-337800f4481f HTTP/1.1" status: 204 len: 168 time: 0.1017442
2026-07-21 07:56:31.936 10 INFO neutron.wsgi [None req-82fdfa3d-bc6c-4a01-8e0f-86f20afcbc23 aaa6151b4ae944008911d133541ac100 90ade86d689549928d978d216f69a4a3 - - default default] 10.0.0.37 "GET /v2.0/networks?not-tags=red HTTP/1.1" status: 200 len: 2068 time: 0.5311894
2026-07-21 07:56:31.980 10 INFO neutron.wsgi [req-b2935bf1-629e-4e7d-b073-c9c0fe5dfe8f req-f2771f54-d484-4e66-a3c3-64087848d0d9 b80d349094b94b2883dcb57c7e8f1d26 12403b3656fe47e7926522ccce367ea5 - - default default] 10.0.0.176 "GET /v2.0/networks?id=fa0a395f-f391-498d-aa46-49158896d0b9 HTTP/1.1" status: 200 len: 872 time: 0.4979298
2026-07-21 07:56:32.012 10 INFO neutron.wsgi [req-b2935bf1-629e-4e7d-b073-c9c0fe5dfe8f req-85a9c308-5338-4837-8e90-a6a09aa4168e b80d349094b94b2883dcb57c7e8f1d26 12403b3656fe47e7926522ccce367ea5 - - default default] 10.0.0.176 "GET /v2.0/quotas/12403b3656fe47e7926522ccce367ea5 HTTP/1.1" status: 200 len: 386 time: 0.0259058
2026-07-21 07:56:32.034 9 INFO neutron.wsgi [None req-60071e71-4297-4bd2-b815-b0b12ca96e47 01627d6b874c45d3b852506d9f4cc876 311fec768c0e4020915b2720f63e2081 - - - -] 10.0.0.37 "DELETE /v2.0/ports/b50c3969-b688-468c-a5da-783d3f537195 HTTP/1.1" status: 204 len: 168 time: 0.3057268
2026-07-21 07:56:32.084 9 INFO neutron.wsgi [None req-14c1f7bf-8e29-4a21-8177-e6cc9c4f7aca aaa6151b4ae944008911d133541ac100 90ade86d689549928d978d216f69a4a3 - - default default] 10.0.0.37 "GET /v2.0/networks?not-tags=red%2Cblue HTTP/1.1" status: 200 len: 2681 time: 0.1410742
2026-07-21 07:56:32.137 10 INFO neutron.wsgi [req-b2935bf1-629e-4e7d-b073-c9c0fe5dfe8f req-23294641-77be-43f9-acef-04e1448dc5a6 b80d349094b94b2883dcb57c7e8f1d26 12403b3656fe47e7926522ccce367ea5 - - default default] 10.0.0.176 "GET /v2.0/ports?tenant_id=12403b3656fe47e7926522ccce367ea5&fields=id HTTP/1.1" status: 200 len: 302 time: 0.1150134
2026-07-21 07:56:32.209 10 INFO neutron.wsgi [req-b2935bf1-629e-4e7d-b073-c9c0fe5dfe8f req-770abb8f-d2a7-4ead-be34-8c04c4361e27 1b6a6b17dc714991a943390189061cea 9796ff7890114c13968851e69adf92a0 - - f75cd953ec1d47d48337cd8ec909d548 f75cd953ec1d47d48337cd8ec909d548] 10.0.0.176 "GET /v2.0/networks/fa0a395f-f391-498d-aa46-49158896d0b9?fields=segments HTTP/1.1" status: 200 len: 212 time: 0.0590849
2026-07-21 07:56:32.215 9 INFO neutron.wsgi [None req-3f8c2e08-474b-47a8-83f0-8a550aec5153 aaa6151b4ae944008911d133541ac100 90ade86d689549928d978d216f69a4a3 - - default default] 10.0.0.37 "GET /v2.0/networks?not-tags-any=blue HTTP/1.1" status: 200 len: 2681 time: 0.1256523
2026-07-21 07:56:32.295 10 INFO neutron.wsgi [req-b2935bf1-629e-4e7d-b073-c9c0fe5dfe8f req-0891d6e8-916b-4e2e-a2b5-74ae12d0b8bb 1b6a6b17dc714991a943390189061cea 9796ff7890114c13968851e69adf92a0 - - f75cd953ec1d47d48337cd8ec909d548 f75cd953ec1d47d48337cd8ec909d548] 10.0.0.176 "GET /v2.0/networks/fa0a395f-f391-498d-aa46-49158896d0b9?fields=provider%3Aphysical_network&fields=provider%3Anetwork_type HTTP/1.1" status: 200 len: 277 time: 0.0798483
2026-07-21 07:56:32.356 9 INFO neutron.wsgi [None req-04079cad-63ae-48b2-93f3-a63d421a940c aaa6151b4ae944008911d133541ac100 90ade86d689549928d978d216f69a4a3 - - default default] 10.0.0.37 "GET /v2.0/networks?not-tags-any=red%2Cblue HTTP/1.1" status: 200 len: 2068 time: 0.1349068
2026-07-21 07:56:32.418 9 INFO neutron.wsgi [None req-664525d9-5558-4333-8ee5-8f09bc1b4342 01627d6b874c45d3b852506d9f4cc876 311fec768c0e4020915b2720f63e2081 - - - -] 10.0.0.37 "DELETE /v2.0/ports/ad4a7a29-4691-4bfd-b357-170cc91f149b HTTP/1.1" status: 204 len: 168 time: 0.3776786
2026-07-21 07:56:32.493 10 INFO neutron.wsgi [req-a17590ba-5bf1-4c68-8016-0cfacef795b1 req-e52fe126-57e6-4791-b1ef-caa81f1885f2 b80d349094b94b2883dcb57c7e8f1d26 12403b3656fe47e7926522ccce367ea5 - - default default] 10.0.0.176 "GET /v2.0/ports?device_id=e25ae8d6-727b-4c8e-885b-7949688d872c HTTP/1.1" status: 200 len: 210 time: 0.0223079
2026-07-21 07:56:32.695 9 INFO neutron.wsgi [None req-eb593f83-4e5b-47d5-aeb1-ef5998fcf816 01627d6b874c45d3b852506d9f4cc876 311fec768c0e4020915b2720f63e2081 - - - -] 10.0.0.37 "DELETE /v2.0/ports/83603252-23fb-4eeb-80dc-1c968c6b8ade HTTP/1.1" status: 204 len: 168 time: 0.2719917
2026-07-21 07:56:32.792 10 INFO neutron.services.segments.plugin [-] Segment 18c8efbb-d8fa-4569-8148-3a5d9427e523 resource provider aggregate not found
2026-07-21 07:56:32.815 10 INFO neutron.services.segments.plugin [-] Segment 18c8efbb-d8fa-4569-8148-3a5d9427e523 resource provider aggregate not found
2026-07-21 07:56:32.841 10 INFO neutron.services.segments.plugin [-] Segment 18c8efbb-d8fa-4569-8148-3a5d9427e523 resource provider not found; error: Placement Client Error (4xx): {"errors": [{"status": 404, "title": "Not Found", "detail": "The resource could not be found.\n\n No resource provider with uuid 18c8efbb-d8fa-4569-8148-3a5d9427e523 found for delete ", "request_id": "req-e600132b-b510-4bc4-8db0-83719612516e"}]}
2026-07-21 07:56:32.846 10 INFO neutron.services.segments.plugin [-] Segment 18c8efbb-d8fa-4569-8148-3a5d9427e523 resource provider not found; error: Placement Client Error (4xx): {"errors": [{"status": 404, "title": "Not Found", "detail": "The resource could not be found.\n\n No resource provider with uuid 18c8efbb-d8fa-4569-8148-3a5d9427e523 found for delete ", "request_id": "req-617c426a-2737-4d44-b031-2b45925857f0"}]}
2026-07-21 07:56:32.859 10 INFO neutron.wsgi [None req-c68b4c94-abd4-49fe-813f-24e94c72424f aaa6151b4ae944008911d133541ac100 90ade86d689549928d978d216f69a4a3 - - - -] 10.0.0.37 "DELETE /v2.0/networks/1b804d5d-6e6b-4177-a3b9-6a4f4cc54c12 HTTP/1.1" status: 204 len: 168 time: 0.4933262
2026-07-21 07:56:33.015 9 INFO neutron.wsgi [None req-811a64ab-de5b-4c1c-8a74-e6b7f04ab8aa 01627d6b874c45d3b852506d9f4cc876 311fec768c0e4020915b2720f63e2081 - - - -] 10.0.0.37 "DELETE /v2.0/ports/4239a91a-2985-4436-99fe-976ab1ee1b87 HTTP/1.1" status: 204 len: 168 time: 0.3128924
2026-07-21 07:56:33.281 10 INFO neutron.wsgi [req-b2935bf1-629e-4e7d-b073-c9c0fe5dfe8f req-3a5d2905-c2ab-46f5-9320-e1ee3011eebb b80d349094b94b2883dcb57c7e8f1d26 12403b3656fe47e7926522ccce367ea5 - - default default] 199.19.213.199 "GET /v2.0/networks?id=fa0a395f-f391-498d-aa46-49158896d0b9 HTTP/1.1" status: 200 len: 872 time: 0.1264505
2026-07-21 07:56:33.400 10 INFO neutron.wsgi [None req-b477f5e5-5cae-478c-ae3e-37cef7b14bde 01627d6b874c45d3b852506d9f4cc876 311fec768c0e4020915b2720f63e2081 - - - -] 10.0.0.37 "DELETE /v2.0/ports/ee62286f-a5b0-44b0-baab-e664a02aff24 HTTP/1.1" status: 204 len: 168 time: 0.3803060
2026-07-21 07:56:33.593 10 INFO neutron.wsgi [req-27b2d06a-3970-4401-b581-ed1f02a29ceb req-e8c3ea17-7452-422b-afde-f4b6b579ee35 b80d349094b94b2883dcb57c7e8f1d26 12403b3656fe47e7926522ccce367ea5 - - default default] 10.0.0.176 "GET /v2.0/ports?device_id=e25ae8d6-727b-4c8e-885b-7949688d872c HTTP/1.1" status: 200 len: 210 time: 0.0270224
2026-07-21 07:56:33.649 9 INFO neutron.services.segments.plugin [-] Segment e44c99bd-db7c-41ae-a870-de0b57e1aa71 resource provider aggregate not found
2026-07-21 07:56:33.656 9 INFO neutron.services.segments.plugin [-] Segment e44c99bd-db7c-41ae-a870-de0b57e1aa71 resource provider aggregate not found
2026-07-21 07:56:33.684 9 INFO neutron.services.segments.plugin [-] Segment e44c99bd-db7c-41ae-a870-de0b57e1aa71 resource provider not found; error: Placement Client Error (4xx): {"errors": [{"status": 404, "title": "Not Found", "detail": "The resource could not be found.\n\n No resource provider with uuid e44c99bd-db7c-41ae-a870-de0b57e1aa71 found for delete ", "request_id": "req-f1109e9a-5df6-42c8-9bfc-3a4f7474fb9e"}]}
2026-07-21 07:56:33.685 9 INFO neutron.services.segments.plugin [-] Segment e44c99bd-db7c-41ae-a870-de0b57e1aa71 resource provider not found; error: Placement Client Error (4xx): {"errors": [{"status": 404, "title": "Not Found", "detail": "The resource could not be found.\n\n No resource provider with uuid e44c99bd-db7c-41ae-a870-de0b57e1aa71 found for delete ", "request_id": "req-8dd1f086-6150-48ef-ae0b-dfa9ab29d38c"}]}
2026-07-21 07:56:33.715 9 INFO neutron.wsgi [None req-939913f5-b0f1-4add-8e7f-fb4b423d4b50 aaa6151b4ae944008911d133541ac100 90ade86d689549928d978d216f69a4a3 - - - -] 10.0.0.37 "DELETE /v2.0/networks/fce15be4-7cd1-4e0a-8de4-8ea58cc42fcc HTTP/1.1" status: 204 len: 168 time: 0.8494103
2026-07-21 07:56:33.830 10 WARNING neutron.scheduler.dhcp_agent_scheduler [None req-bba91572-3492-4545-8397-18bedb9dc5be b80d349094b94b2883dcb57c7e8f1d26 12403b3656fe47e7926522ccce367ea5 - - - -] No more DHCP agents
2026-07-21 07:56:33.833 10 WARNING neutron.api.rpc.agentnotifiers.dhcp_rpc_agent_api [None req-bba91572-3492-4545-8397-18bedb9dc5be b80d349094b94b2883dcb57c7e8f1d26 12403b3656fe47e7926522ccce367ea5 - - - -] Unable to schedule network fa0a395f-f391-498d-aa46-49158896d0b9: no agents available; will retry on subsequent port and subnet creation events.
2026-07-21 07:56:34.081 10 INFO neutron.wsgi [None req-b7bf58a6-8372-4d5f-bddf-be72c9323d98 01627d6b874c45d3b852506d9f4cc876 311fec768c0e4020915b2720f63e2081 - - - -] 10.0.0.37 "DELETE /v2.0/networks/359b1342-b77a-446f-b131-f0d7e8893c80 HTTP/1.1" status: 204 len: 168 time: 0.6756566
2026-07-21 07:56:34.105 10 INFO neutron.db.ovn_revision_numbers_db [None req-bba91572-3492-4545-8397-18bedb9dc5be b80d349094b94b2883dcb57c7e8f1d26 12403b3656fe47e7926522ccce367ea5 - - - -] Successfully bumped revision number for resource 2244e8a1-793d-4129-bcbf-536093c34912 (type: ports) to 1
2026-07-21 07:56:34.130 10 INFO neutron.wsgi [None req-bba91572-3492-4545-8397-18bedb9dc5be b80d349094b94b2883dcb57c7e8f1d26 12403b3656fe47e7926522ccce367ea5 - - - -] 199.19.213.199 "POST /v2.0/ports HTTP/1.1" status: 201 len: 1162 time: 0.8428614 /var/lib/openstack/lib/python3.10/site-packages/pycadf/identifier.py:71: UserWarning: Invalid uuid: neutron. To ensure interoperability, identifiers should be a valid uuid. warnings.warn(('Invalid uuid: %s. To ensure interoperability, '
2026-07-21 07:56:34.167 9 INFO neutron.wsgi [None req-4dc2c9ed-faf3-4f13-b4b4-1d96eaebea18 aaa6151b4ae944008911d133541ac100 90ade86d689549928d978d216f69a4a3 - - - -] 10.0.0.37 "DELETE /v2.0/networks/33dd14a6-6f7d-4ab0-95ec-aae1a65ee3c2 HTTP/1.1" status: 204 len: 168 time: 0.4456551
2026-07-21 07:56:34.523 9 INFO neutron.wsgi [None req-8953a0cd-03f7-4614-a6ff-1017bea1ee14 01627d6b874c45d3b852506d9f4cc876 311fec768c0e4020915b2720f63e2081 - - - -] 10.0.0.37 "DELETE /v2.0/networks/a8ab7275-e164-4d6f-b20b-9577efe44173 HTTP/1.1" status: 204 len: 168 time: 0.4327624
2026-07-21 07:56:34.868 10 INFO neutron.wsgi [req-5fcceebd-1ad3-4cd0-b116-b965b13d7f27 req-78be9d1f-4a50-449f-bdca-eac7dd6fabad b80d349094b94b2883dcb57c7e8f1d26 12403b3656fe47e7926522ccce367ea5 - - default default] 10.0.0.176 "GET /v2.0/ports?device_id=e25ae8d6-727b-4c8e-885b-7949688d872c HTTP/1.1" status: 200 len: 1160 time: 0.0937409
2026-07-21 07:56:34.874 10 INFO neutron.services.segments.plugin [-] Segment c87a9ac2-ac04-4ae7-b2ac-54b170460c6f resource provider aggregate not found
2026-07-21 07:56:34.882 10 INFO neutron.services.segments.plugin [-] Segment c87a9ac2-ac04-4ae7-b2ac-54b170460c6f resource provider aggregate not found
2026-07-21 07:56:34.900 10 INFO neutron.services.segments.plugin [-] Segment c87a9ac2-ac04-4ae7-b2ac-54b170460c6f resource provider not found; error: Placement Client Error (4xx): {"errors": [{"status": 404, "title": "Not Found", "detail": "The resource could not be found.\n\n No resource provider with uuid c87a9ac2-ac04-4ae7-b2ac-54b170460c6f found for delete ", "request_id": "req-99305329-c6f3-4c44-a047-eac93f8685c5"}]}
2026-07-21 07:56:34.905 10 INFO neutron.services.segments.plugin [-] Segment c87a9ac2-ac04-4ae7-b2ac-54b170460c6f resource provider not found; error: Placement Client Error (4xx): {"errors": [{"status": 404, "title": "Not Found", "detail": "The resource could not be found.\n\n No resource provider with uuid c87a9ac2-ac04-4ae7-b2ac-54b170460c6f found for delete ", "request_id": "req-d187e558-1afa-4736-9176-dbf1120583f2"}]}
2026-07-21 07:56:34.954 10 INFO neutron.wsgi [req-5fcceebd-1ad3-4cd0-b116-b965b13d7f27 req-b1023424-7435-463c-bf5d-6ac7794be745 b80d349094b94b2883dcb57c7e8f1d26 12403b3656fe47e7926522ccce367ea5 - - default default] 10.0.0.176 "GET /v2.0/security-groups?id=e1c7c67c-e1d5-4895-8870-99ca1ab5b5ca&fields=id&fields=name HTTP/1.1" status: 200 len: 286 time: 0.0681000
2026-07-21 07:56:34.972 9 INFO neutron.wsgi [None req-74c02b40-b479-40e1-b57e-f6a9efe72e92 01627d6b874c45d3b852506d9f4cc876 311fec768c0e4020915b2720f63e2081 - - - -] 10.0.0.37 "DELETE /v2.0/networks/e170090b-3879-4ce3-bb0b-9e95f23eef50 HTTP/1.1" status: 204 len: 168 time: 0.4393585 /var/lib/openstack/lib/python3.10/site-packages/pycadf/identifier.py:71: UserWarning: Invalid uuid: neutron. To ensure interoperability, identifiers should be a valid uuid. warnings.warn(('Invalid uuid: %s. To ensure interoperability, '
2026-07-21 07:56:35.199 10 INFO neutron.db.ovn_revision_numbers_db [None req-d2f54f03-c310-46bf-ae15-1d7ef9191f19 1b6a6b17dc714991a943390189061cea 9796ff7890114c13968851e69adf92a0 - - - -] Successfully bumped revision number for resource 2244e8a1-793d-4129-bcbf-536093c34912 (type: ports) to 2
2026-07-21 07:56:35.234 10 INFO neutron.wsgi [None req-5056acb8-80a1-4cfd-9b34-f285a6da8b31 aaa6151b4ae944008911d133541ac100 90ade86d689549928d978d216f69a4a3 - - - -] 10.0.0.37 "DELETE /v2.0/networks/321b9684-0738-4e3a-9104-45bea21b0d1a HTTP/1.1" status: 204 len: 168 time: 1.0623877
2026-07-21 07:56:35.289 9 INFO neutron.wsgi [-] 10.0.0.151 "GET / HTTP/1.1" status: 200 len: 246 time: 0.0013256
2026-07-21 07:56:35.291 9 INFO neutron.wsgi [-] 10.0.0.151 "GET / HTTP/1.1" status: 200 len: 246 time: 0.0013328
2026-07-21 07:56:35.462 10 INFO neutron.db.ovn_revision_numbers_db [None req-d2f54f03-c310-46bf-ae15-1d7ef9191f19 1b6a6b17dc714991a943390189061cea 9796ff7890114c13968851e69adf92a0 - - - -] Successfully bumped revision number for resource 2244e8a1-793d-4129-bcbf-536093c34912 (type: ports) to 2
2026-07-21 07:56:35.484 10 INFO neutron.wsgi [None req-d2f54f03-c310-46bf-ae15-1d7ef9191f19 1b6a6b17dc714991a943390189061cea 9796ff7890114c13968851e69adf92a0 - - - -] 199.19.213.199 "PUT /v2.0/ports/2244e8a1-793d-4129-bcbf-536093c34912 HTTP/1.1" status: 200 len: 1332 time: 1.3436725
2026-07-21 07:56:35.534 10 INFO neutron.notifiers.nova [-] Nova event matching ['req-fffba2f8-08d8-41e2-9db6-f84ff4120b63'] response: {'name': 'network-changed', 'server_uuid': 'e25ae8d6-727b-4c8e-885b-7949688d872c', 'tag': '2244e8a1-793d-4129-bcbf-536093c34912', 'status': 'completed', 'code': 200} /var/lib/openstack/lib/python3.10/site-packages/pycadf/identifier.py:71: UserWarning: Invalid uuid: neutron. To ensure interoperability, identifiers should be a valid uuid. warnings.warn(('Invalid uuid: %s. To ensure interoperability, '
2026-07-21 07:56:35.617 10 INFO neutron.wsgi [req-b2935bf1-629e-4e7d-b073-c9c0fe5dfe8f req-4f846ed6-c6df-4c82-afd3-67565184378c 1b6a6b17dc714991a943390189061cea 9796ff7890114c13968851e69adf92a0 - - f75cd953ec1d47d48337cd8ec909d548 f75cd953ec1d47d48337cd8ec909d548] 199.19.213.199 "GET /v2.0/ports?tenant_id=12403b3656fe47e7926522ccce367ea5&device_id=e25ae8d6-727b-4c8e-885b-7949688d872c HTTP/1.1" status: 200 len: 1363 time: 0.0841715
2026-07-21 07:56:35.632 10 INFO neutron.wsgi [None req-357334a3-942f-4328-88e0-78a94bc678a9 01627d6b874c45d3b852506d9f4cc876 311fec768c0e4020915b2720f63e2081 - - - -] 10.0.0.37 "DELETE /v2.0/networks/8ac97120-1901-4606-a3c8-8c9b425a879b HTTP/1.1" status: 204 len: 168 time: 0.6532197
2026-07-21 07:56:35.675 10 INFO neutron.wsgi [req-b2935bf1-629e-4e7d-b073-c9c0fe5dfe8f req-b6256b6d-fd59-4495-8293-123834889353 1b6a6b17dc714991a943390189061cea 9796ff7890114c13968851e69adf92a0 - - f75cd953ec1d47d48337cd8ec909d548 f75cd953ec1d47d48337cd8ec909d548] 199.19.213.199 "GET /v2.0/floatingips?fixed_ip_address=10.100.0.12&port_id=2244e8a1-793d-4129-bcbf-536093c34912 HTTP/1.1" status: 200 len: 217 time: 0.0476868
2026-07-21 07:56:35.678 9 INFO neutron.wsgi [None req-2d950cf7-4635-4ca3-a9c7-caf9bf187c74 aaa6151b4ae944008911d133541ac100 90ade86d689549928d978d216f69a4a3 - - - -] 10.0.0.37 "DELETE /v2.0/networks/cefff2c7-80a6-4c6c-95d3-3a5e48fe244a HTTP/1.1" status: 204 len: 168 time: 0.4365675
2026-07-21 07:56:35.706 9 INFO neutron.services.segments.plugin [-] Segment 06cea025-841f-4421-b0f7-cbbea29f5ecb resource provider aggregate not found
2026-07-21 07:56:35.712 9 INFO neutron.services.segments.plugin [-] Segment 06cea025-841f-4421-b0f7-cbbea29f5ecb resource provider aggregate not found
2026-07-21 07:56:35.724 9 INFO neutron.services.segments.plugin [-] Segment 06cea025-841f-4421-b0f7-cbbea29f5ecb resource provider not found; error: Placement Client Error (4xx): {"errors": [{"status": 404, "title": "Not Found", "detail": "The resource could not be found.\n\n No resource provider with uuid 06cea025-841f-4421-b0f7-cbbea29f5ecb found for delete ", "request_id": "req-f9e0ddd6-98a1-4319-a3e0-1a75d976a179"}]}
2026-07-21 07:56:35.731 9 INFO neutron.services.segments.plugin [-] Segment 06cea025-841f-4421-b0f7-cbbea29f5ecb resource provider not found; error: Placement Client Error (4xx): {"errors": [{"status": 404, "title": "Not Found", "detail": "The resource could not be found.\n\n No resource provider with uuid 06cea025-841f-4421-b0f7-cbbea29f5ecb found for delete ", "request_id": "req-87c9a8c4-0daa-4531-94e7-7c016e54d0eb"}]}
2026-07-21 07:56:35.733 10 INFO neutron.wsgi [req-b2935bf1-629e-4e7d-b073-c9c0fe5dfe8f req-d0dd461a-18ac-4fdb-97bf-9159d5af0a02 1b6a6b17dc714991a943390189061cea 9796ff7890114c13968851e69adf92a0 - - f75cd953ec1d47d48337cd8ec909d548 f75cd953ec1d47d48337cd8ec909d548] 199.19.213.199 "GET /v2.0/subnets?id=1a50dbc5-945a-426d-b8bc-cea94014d850 HTTP/1.1" status: 200 len: 866 time: 0.0444436
2026-07-21 07:56:35.740 9 INFO neutron.services.segments.plugin [-] Segment 3cf0449f-9970-4294-9716-d89e4a8f7f5f resource provider aggregate not found
2026-07-21 07:56:35.748 9 INFO neutron.services.segments.plugin [-] Segment 3cf0449f-9970-4294-9716-d89e4a8f7f5f resource provider aggregate not found
2026-07-21 07:56:35.759 9 INFO neutron.services.segments.plugin [-] Segment 3cf0449f-9970-4294-9716-d89e4a8f7f5f resource provider not found; error: Placement Client Error (4xx): {"errors": [{"status": 404, "title": "Not Found", "detail": "The resource could not be found.\n\n No resource provider with uuid 3cf0449f-9970-4294-9716-d89e4a8f7f5f found for delete ", "request_id": "req-45150acc-1dc1-4c39-b9fd-79094e47bc64"}]}
2026-07-21 07:56:35.769 9 INFO neutron.services.segments.plugin [-] Segment 3cf0449f-9970-4294-9716-d89e4a8f7f5f resource provider not found; error: Placement Client Error (4xx): {"errors": [{"status": 404, "title": "Not Found", "detail": "The resource could not be found.\n\n No resource provider with uuid 3cf0449f-9970-4294-9716-d89e4a8f7f5f found for delete ", "request_id": "req-68fd0037-a686-4cf5-bdde-6535fb057300"}]}
2026-07-21 07:56:35.775 9 INFO neutron.services.segments.plugin [-] Segment a0f2f5c2-8e7c-491d-ba4b-1fcf18e61510 resource provider aggregate not found
2026-07-21 07:56:35.776 10 INFO neutron.wsgi [req-b2935bf1-629e-4e7d-b073-c9c0fe5dfe8f req-968df672-a110-4435-83c8-b7a961594d85 1b6a6b17dc714991a943390189061cea 9796ff7890114c13968851e69adf92a0 - - f75cd953ec1d47d48337cd8ec909d548 f75cd953ec1d47d48337cd8ec909d548] 199.19.213.199 "GET /v2.0/ports?network_id=fa0a395f-f391-498d-aa46-49158896d0b9&device_owner=network%3Adhcp HTTP/1.1" status: 200 len: 210 time: 0.0374362
2026-07-21 07:56:35.789 9 INFO neutron.services.segments.plugin [-] Segment a0f2f5c2-8e7c-491d-ba4b-1fcf18e61510 resource provider not found; error: Placement Client Error (4xx): {"errors": [{"status": 404, "title": "Not Found", "detail": "The resource could not be found.\n\n No resource provider with uuid a0f2f5c2-8e7c-491d-ba4b-1fcf18e61510 found for delete ", "request_id": "req-c456b57d-b2ac-45d6-97a4-a4dbf4b8bc3a"}]}
2026-07-21 07:56:35.796 9 INFO neutron.services.segments.plugin [-] Segment a0f2f5c2-8e7c-491d-ba4b-1fcf18e61510 resource provider aggregate not found
2026-07-21 07:56:35.809 9 INFO neutron.services.segments.plugin [-] Segment a0f2f5c2-8e7c-491d-ba4b-1fcf18e61510 resource provider not found; error: Placement Client Error (4xx): {"errors": [{"status": 404, "title": "Not Found", "detail": "The resource could not be found.\n\n No resource provider with uuid a0f2f5c2-8e7c-491d-ba4b-1fcf18e61510 found for delete ", "request_id": "req-66e710a6-a83b-4d55-b329-f02fc6db0340"}]}
2026-07-21 07:56:35.817 9 INFO neutron.services.segments.plugin [-] Segment a67696b0-4209-4b3c-a245-5aca012b6744 resource provider aggregate not found
2026-07-21 07:56:35.828 9 INFO neutron.services.segments.plugin [-] Segment a67696b0-4209-4b3c-a245-5aca012b6744 resource provider aggregate not found
2026-07-21 07:56:35.836 9 INFO neutron.services.segments.plugin [-] Segment a67696b0-4209-4b3c-a245-5aca012b6744 resource provider not found; error: Placement Client Error (4xx): {"errors": [{"status": 404, "title": "Not Found", "detail": "The resource could not be found.\n\n No resource provider with uuid a67696b0-4209-4b3c-a245-5aca012b6744 found for delete ", "request_id": "req-246ae0ef-27d2-41e4-957e-940714e46e9c"}]}
2026-07-21 07:56:35.843 9 INFO neutron.services.segments.plugin [-] Segment a67696b0-4209-4b3c-a245-5aca012b6744 resource provider not found; error: Placement Client Error (4xx): {"errors": [{"status": 404, "title": "Not Found", "detail": "The resource could not be found.\n\n No resource provider with uuid a67696b0-4209-4b3c-a245-5aca012b6744 found for delete ", "request_id": "req-4ab97f12-c6df-4dd5-aefd-1645912cdf0b"}]}
2026-07-21 07:56:35.863 10 INFO neutron.wsgi [req-b2935bf1-629e-4e7d-b073-c9c0fe5dfe8f req-d4c4c8c6-cad6-4a75-9473-b86936d2b9c5 1b6a6b17dc714991a943390189061cea 9796ff7890114c13968851e69adf92a0 - - f75cd953ec1d47d48337cd8ec909d548 f75cd953ec1d47d48337cd8ec909d548] 199.19.213.199 "GET /v2.0/networks/fa0a395f-f391-498d-aa46-49158896d0b9?fields=segments HTTP/1.1" status: 200 len: 212 time: 0.0784626
2026-07-21 07:56:35.937 10 INFO neutron.wsgi [req-b2935bf1-629e-4e7d-b073-c9c0fe5dfe8f req-a0af9281-99eb-4e86-947a-3a01441056ec 1b6a6b17dc714991a943390189061cea 9796ff7890114c13968851e69adf92a0 - - f75cd953ec1d47d48337cd8ec909d548 f75cd953ec1d47d48337cd8ec909d548] 199.19.213.199 "GET /v2.0/networks/fa0a395f-f391-498d-aa46-49158896d0b9?fields=provider%3Aphysical_network&fields=provider%3Anetwork_type HTTP/1.1" status: 200 len: 277 time: 0.0530429
2026-07-21 07:56:36.036 9 WARNING neutron.plugins.ml2.drivers.ovn.mech_driver.ovsdb.ovn_client [None req-1096d1bb-1619-4472-9536-ac3a88dc9fbc - - - - - -] No hosting information found for port 145190af-71d9-42dc-9375-194658e85041: RuntimeError: No hosting information found for port 145190af-71d9-42dc-9375-194658e85041
2026-07-21 07:56:36.053 10 INFO neutron.wsgi [req-a73ceba6-3aec-4366-8316-209613936a10 req-b463ac0e-c208-40ca-835f-e838caac303b 1b6a6b17dc714991a943390189061cea 9796ff7890114c13968851e69adf92a0 - - f75cd953ec1d47d48337cd8ec909d548 f75cd953ec1d47d48337cd8ec909d548] 199.19.213.199 "GET /v2.0/ports?tenant_id=12403b3656fe47e7926522ccce367ea5&device_id=e25ae8d6-727b-4c8e-885b-7949688d872c HTTP/1.1" status: 200 len: 1363 time: 0.0679722
2026-07-21 07:56:36.065 10 INFO neutron.wsgi [req-88e9fea1-420e-4f5b-b293-97b68780e774 req-2cebf905-89c5-4fd2-b3e9-fa00fef5994d b80d349094b94b2883dcb57c7e8f1d26 12403b3656fe47e7926522ccce367ea5 - - default default] 10.0.0.176 "GET /v2.0/ports?device_id=e25ae8d6-727b-4c8e-885b-7949688d872c HTTP/1.1" status: 200 len: 1172 time: 0.0543056
2026-07-21 07:56:36.162 10 INFO neutron.plugins.ml2.drivers.ovn.mech_driver.mech_driver [None req-0a4d5b0c-0275-45c2-92fb-518f62a388a5 - - - - - -] OVN reports status up for port: 2244e8a1-793d-4129-bcbf-536093c34912
2026-07-21 07:56:36.200 10 INFO neutron.wsgi [req-88e9fea1-420e-4f5b-b293-97b68780e774 req-1d014e23-303e-4560-8909-b5568b313c59 b80d349094b94b2883dcb57c7e8f1d26 12403b3656fe47e7926522ccce367ea5 - - default default] 10.0.0.176 "GET /v2.0/security-groups?id=e1c7c67c-e1d5-4895-8870-99ca1ab5b5ca&fields=id&fields=name HTTP/1.1" status: 200 len: 286 time: 0.1210675
2026-07-21 07:56:36.206 10 INFO neutron.wsgi [req-a73ceba6-3aec-4366-8316-209613936a10 req-f044a794-085a-42cc-9628-cbb5235112d1 1b6a6b17dc714991a943390189061cea 9796ff7890114c13968851e69adf92a0 - - f75cd953ec1d47d48337cd8ec909d548 f75cd953ec1d47d48337cd8ec909d548] 199.19.213.199 "GET /v2.0/networks?id=fa0a395f-f391-498d-aa46-49158896d0b9 HTTP/1.1" status: 200 len: 971 time: 0.1469812
2026-07-21 07:56:36.209 10 INFO neutron.plugins.ml2.plugin [None req-0a4d5b0c-0275-45c2-92fb-518f62a388a5 - - - - - -] Attempt 1 to provision port 2244e8a1-793d-4129-bcbf-536093c34912
2026-07-21 07:56:36.261 10 INFO neutron.wsgi [req-a73ceba6-3aec-4366-8316-209613936a10 req-90af2f9f-23d0-4b6f-8f99-a48aa488c006 1b6a6b17dc714991a943390189061cea 9796ff7890114c13968851e69adf92a0 - - f75cd953ec1d47d48337cd8ec909d548 f75cd953ec1d47d48337cd8ec909d548] 199.19.213.199 "GET /v2.0/floatingips?fixed_ip_address=10.100.0.12&port_id=2244e8a1-793d-4129-bcbf-536093c34912 HTTP/1.1" status: 200 len: 217 time: 0.0483537
2026-07-21 07:56:36.280 10 INFO neutron.wsgi [None req-34194c6b-a94c-4b86-ab65-b7ca805b567c 01627d6b874c45d3b852506d9f4cc876 311fec768c0e4020915b2720f63e2081 - - - -] 10.0.0.37 "DELETE /v2.0/networks/893f0374-3f78-491c-9162-469a4b25f18d HTTP/1.1" status: 204 len: 168 time: 0.6269445
2026-07-21 07:56:36.646 10 INFO neutron.wsgi [req-a73ceba6-3aec-4366-8316-209613936a10 req-b6c80172-bc80-4c44-9b2f-bcb7e8da7184 1b6a6b17dc714991a943390189061cea 9796ff7890114c13968851e69adf92a0 - - f75cd953ec1d47d48337cd8ec909d548 f75cd953ec1d47d48337cd8ec909d548] 199.19.213.199 "GET /v2.0/subnets?id=1a50dbc5-945a-426d-b8bc-cea94014d850 HTTP/1.1" status: 200 len: 866 time: 0.3738141
2026-07-21 07:56:36.678 10 INFO neutron.wsgi [req-a73ceba6-3aec-4366-8316-209613936a10 req-8d2c8d86-18d3-405e-b3ba-a41ee88085c7 1b6a6b17dc714991a943390189061cea 9796ff7890114c13968851e69adf92a0 - - f75cd953ec1d47d48337cd8ec909d548 f75cd953ec1d47d48337cd8ec909d548] 199.19.213.199 "GET /v2.0/ports?network_id=fa0a395f-f391-498d-aa46-49158896d0b9&device_owner=network%3Adhcp HTTP/1.1" status: 200 len: 210 time: 0.0226052
2026-07-21 07:56:36.761 10 INFO neutron.wsgi [req-a73ceba6-3aec-4366-8316-209613936a10 req-8d25331f-1574-43af-b08f-acecd554eab7 1b6a6b17dc714991a943390189061cea 9796ff7890114c13968851e69adf92a0 - - f75cd953ec1d47d48337cd8ec909d548 f75cd953ec1d47d48337cd8ec909d548] 199.19.213.199 "GET /v2.0/networks/fa0a395f-f391-498d-aa46-49158896d0b9?fields=segments HTTP/1.1" status: 200 len: 212 time: 0.0771587
2026-07-21 07:56:36.846 10 INFO neutron.wsgi [req-a73ceba6-3aec-4366-8316-209613936a10 req-6a53580e-e441-43d0-8f87-c750548a3432 1b6a6b17dc714991a943390189061cea 9796ff7890114c13968851e69adf92a0 - - f75cd953ec1d47d48337cd8ec909d548 f75cd953ec1d47d48337cd8ec909d548] 199.19.213.199 "GET /v2.0/networks/fa0a395f-f391-498d-aa46-49158896d0b9?fields=provider%3Aphysical_network&fields=provider%3Anetwork_type HTTP/1.1" status: 200 len: 277 time: 0.0786557
2026-07-21 07:56:36.911 9 INFO neutron.db.ovn_revision_numbers_db [None req-134372d0-8fa3-4f61-9107-5f8eacb76307 c559b67c8dc14c6e9bb7fa2452ec7a44 3b5df8bf225349b0ab7bd2b1a0d2c1b1 - - default default] Successfully bumped revision number for resource 54ff69df-9f6a-49a6-bf7a-5c3255a75d7d (type: security_groups) to 1
2026-07-21 07:56:36.921 10 INFO neutron.db.ovn_revision_numbers_db [None req-0a4d5b0c-0275-45c2-92fb-518f62a388a5 - - - - - -] Successfully bumped revision number for resource 2244e8a1-793d-4129-bcbf-536093c34912 (type: ports) to 4
2026-07-21 07:56:36.925 10 INFO neutron.services.segments.plugin [-] Segment be8a788a-1f90-4702-99e5-7cd059e2f33f resource provider aggregate not found
2026-07-21 07:56:36.936 9 INFO neutron.wsgi [None req-134372d0-8fa3-4f61-9107-5f8eacb76307 c559b67c8dc14c6e9bb7fa2452ec7a44 3b5df8bf225349b0ab7bd2b1a0d2c1b1 - - default default] 10.0.0.37 "GET /v2.0/security-groups?tenant_id=ef440f6c03de411e996268a95efd034d&name=default HTTP/1.1" status: 200 len: 2996 time: 0.2793455
2026-07-21 07:56:36.936 10 INFO neutron.services.segments.plugin [-] Segment be8a788a-1f90-4702-99e5-7cd059e2f33f resource provider aggregate not found
2026-07-21 07:56:36.943 10 INFO neutron.services.segments.plugin [-] Segment be8a788a-1f90-4702-99e5-7cd059e2f33f resource provider not found; error: Placement Client Error (4xx): {"errors": [{"status": 404, "title": "Not Found", "detail": "The resource could not be found.\n\n No resource provider with uuid be8a788a-1f90-4702-99e5-7cd059e2f33f found for delete ", "request_id": "req-f90d6c0a-9b37-4e53-9f58-0c354d2475c1"}]}
2026-07-21 07:56:36.954 10 INFO neutron.services.segments.plugin [-] Segment be8a788a-1f90-4702-99e5-7cd059e2f33f resource provider not found; error: Placement Client Error (4xx): {"errors": [{"status": 404, "title": "Not Found", "detail": "The resource could not be found.\n\n No resource provider with uuid be8a788a-1f90-4702-99e5-7cd059e2f33f found for delete ", "request_id": "req-cab672a2-0a25-4253-8901-61401c8f13ed"}]}
2026-07-21 07:56:36.960 10 INFO neutron.services.segments.plugin [-] Segment 43abb315-1ce4-4694-a722-dc5705b490f4 resource provider aggregate not found
2026-07-21 07:56:36.974 10 INFO neutron.services.segments.plugin [-] Segment 43abb315-1ce4-4694-a722-dc5705b490f4 resource provider not found; error: Placement Client Error (4xx): {"errors": [{"status": 404, "title": "Not Found", "detail": "The resource could not be found.\n\n No resource provider with uuid 43abb315-1ce4-4694-a722-dc5705b490f4 found for delete ", "request_id": "req-177039af-c308-43ce-acea-f4c74717f430"}]}
2026-07-21 07:56:36.987 10 INFO neutron.services.segments.plugin [-] Segment 43abb315-1ce4-4694-a722-dc5705b490f4 resource provider aggregate not found
2026-07-21 07:56:37.003 10 INFO neutron.services.segments.plugin [-] Segment 4e3c4b1e-b92f-493e-b371-ac47115a8ee2 resource provider aggregate not found
2026-07-21 07:56:37.011 10 INFO neutron.services.segments.plugin [-] Segment 43abb315-1ce4-4694-a722-dc5705b490f4 resource provider not found; error: Placement Client Error (4xx): {"errors": [{"status": 404, "title": "Not Found", "detail": "The resource could not be found.\n\n No resource provider with uuid 43abb315-1ce4-4694-a722-dc5705b490f4 found for delete ", "request_id": "req-b3e45a95-452e-43dd-954d-cd6505835344"}]}
2026-07-21 07:56:37.016 10 INFO neutron.services.segments.plugin [-] Segment 4e3c4b1e-b92f-493e-b371-ac47115a8ee2 resource provider not found; error: Placement Client Error (4xx): {"errors": [{"status": 404, "title": "Not Found", "detail": "The resource could not be found.\n\n No resource provider with uuid 4e3c4b1e-b92f-493e-b371-ac47115a8ee2 found for delete ", "request_id": "req-23076fc0-f869-43c0-a2f3-da097e4b04c4"}]}
2026-07-21 07:56:37.037 10 INFO neutron.services.segments.plugin [-] Segment 4e3c4b1e-b92f-493e-b371-ac47115a8ee2 resource provider aggregate not found
2026-07-21 07:56:37.058 10 INFO neutron.services.segments.plugin [-] Segment 4e3c4b1e-b92f-493e-b371-ac47115a8ee2 resource provider not found; error: Placement Client Error (4xx): {"errors": [{"status": 404, "title": "Not Found", "detail": "The resource could not be found.\n\n No resource provider with uuid 4e3c4b1e-b92f-493e-b371-ac47115a8ee2 found for delete ", "request_id": "req-89db6b21-4407-4664-ab3b-0af75ba6ea2e"}]}
2026-07-21 07:56:37.115 9 INFO neutron.wsgi [None req-b75b01b6-f1fc-479c-94b4-254d326a6116 c559b67c8dc14c6e9bb7fa2452ec7a44 3b5df8bf225349b0ab7bd2b1a0d2c1b1 - - - -] 10.0.0.37 "DELETE /v2.0/security-groups/54ff69df-9f6a-49a6-bf7a-5c3255a75d7d HTTP/1.1" status: 204 len: 168 time: 0.1734254 /var/lib/openstack/lib/python3.10/site-packages/pycadf/identifier.py:71: UserWarning: Invalid uuid: neutron. To ensure interoperability, identifiers should be a valid uuid. warnings.warn(('Invalid uuid: %s. To ensure interoperability, '
2026-07-21 07:56:37.369 9 INFO neutron.db.ovn_revision_numbers_db [None req-9da5025a-ac39-4fd9-8b99-8f1a63ec9f80 c559b67c8dc14c6e9bb7fa2452ec7a44 3b5df8bf225349b0ab7bd2b1a0d2c1b1 - - default default] Successfully bumped revision number for resource a36bd3bd-1ba8-475e-9df8-4daae12d0dc3 (type: security_groups) to 1
2026-07-21 07:56:37.373 10 INFO neutron.wsgi [req-d8eb1921-7ca2-4cec-8da8-64046909214e req-4c67daf0-db7d-40c6-9c54-7abbb6176d52 b80d349094b94b2883dcb57c7e8f1d26 12403b3656fe47e7926522ccce367ea5 - - default default] 10.0.0.176 "GET /v2.0/ports?device_id=e25ae8d6-727b-4c8e-885b-7949688d872c HTTP/1.1" status: 200 len: 1174 time: 0.1064348
2026-07-21 07:56:37.389 9 INFO neutron.wsgi [None req-9da5025a-ac39-4fd9-8b99-8f1a63ec9f80 c559b67c8dc14c6e9bb7fa2452ec7a44 3b5df8bf225349b0ab7bd2b1a0d2c1b1 - - default default] 10.0.0.37 "GET /v2.0/security-groups?tenant_id=bdc31a2f72294345bc24a768226b08ab&name=default HTTP/1.1" status: 200 len: 2996 time: 0.1192098
2026-07-21 07:56:37.423 10 INFO neutron.wsgi [req-d8eb1921-7ca2-4cec-8da8-64046909214e req-5d8dbd44-488f-4368-8cc2-b144f10f32c2 b80d349094b94b2883dcb57c7e8f1d26 12403b3656fe47e7926522ccce367ea5 - - default default] 10.0.0.176 "GET /v2.0/security-groups?id=e1c7c67c-e1d5-4895-8870-99ca1ab5b5ca&fields=id&fields=name HTTP/1.1" status: 200 len: 286 time: 0.0425920
2026-07-21 07:56:37.481 9 INFO neutron.db.ovn_revision_numbers_db [None req-1010980f-3ec9-4856-ac2c-520aa32b3833 c559b67c8dc14c6e9bb7fa2452ec7a44 3b5df8bf225349b0ab7bd2b1a0d2c1b1 - - default default] Successfully bumped revision number for resource bb23429f-2e8f-43f6-8347-3ffec4f74e32 (type: security_groups) to 1
2026-07-21 07:56:37.501 9 INFO neutron.wsgi [None req-1010980f-3ec9-4856-ac2c-520aa32b3833 c559b67c8dc14c6e9bb7fa2452ec7a44 3b5df8bf225349b0ab7bd2b1a0d2c1b1 - - default default] 10.0.0.37 "GET /v2.0/security-groups?tenant_id=8a7fe06abf6f48f09fdd66b0692f147d&name=default HTTP/1.1" status: 200 len: 2996 time: 0.2764950
2026-07-21 07:56:37.589 10 INFO neutron.notifiers.nova [-] Nova event matching ['req-5fd526ff-dbc7-4c26-8dd9-42af3ca0ab80'] response: {'server_uuid': 'e25ae8d6-727b-4c8e-885b-7949688d872c', 'name': 'network-vif-plugged', 'status': 'completed', 'tag': '2244e8a1-793d-4129-bcbf-536093c34912', 'code': 200}
2026-07-21 07:56:37.589 10 INFO neutron.notifiers.nova [-] Nova event matching ['req-5fd526ff-dbc7-4c26-8dd9-42af3ca0ab80'] response: {'server_uuid': 'e25ae8d6-727b-4c8e-885b-7949688d872c', 'name': 'network-vif-plugged', 'status': 'completed', 'tag': '2244e8a1-793d-4129-bcbf-536093c34912', 'code': 200}
2026-07-21 07:56:37.626 10 INFO neutron.wsgi [None req-dc0f9cfd-8a09-4538-9024-a27503ba744d c559b67c8dc14c6e9bb7fa2452ec7a44 3b5df8bf225349b0ab7bd2b1a0d2c1b1 - - - -] 10.0.0.37 "DELETE /v2.0/security-groups/a36bd3bd-1ba8-475e-9df8-4daae12d0dc3 HTTP/1.1" status: 204 len: 168 time: 0.2306054
2026-07-21 07:56:37.724 9 INFO neutron.wsgi [None req-4abaa604-b452-42b3-8607-1ecc944465e5 c559b67c8dc14c6e9bb7fa2452ec7a44 3b5df8bf225349b0ab7bd2b1a0d2c1b1 - - - -] 10.0.0.37 "DELETE /v2.0/security-groups/bb23429f-2e8f-43f6-8347-3ffec4f74e32 HTTP/1.1" status: 204 len: 168 time: 0.2178516
2026-07-21 07:56:37.800 9 INFO neutron.wsgi [None req-5bb92cae-8ab7-4466-a53a-9361d86dfab0 c559b67c8dc14c6e9bb7fa2452ec7a44 3b5df8bf225349b0ab7bd2b1a0d2c1b1 - - default default] 10.0.0.37 "GET /v2.0/security-groups?tenant_id=90ade86d689549928d978d216f69a4a3&name=default HTTP/1.1" status: 200 len: 2996 time: 0.0411718
2026-07-21 07:56:38.018 9 INFO neutron.wsgi [None req-8b6f88aa-a96c-49d0-9e87-73624baab9da c559b67c8dc14c6e9bb7fa2452ec7a44 3b5df8bf225349b0ab7bd2b1a0d2c1b1 - - - -] 10.0.0.37 "DELETE /v2.0/security-groups/8d941dc2-bb68-40f3-8d1d-daaf96075ef1 HTTP/1.1" status: 204 len: 168 time: 0.2001348
2026-07-21 07:56:38.023 10 INFO neutron.db.ovn_revision_numbers_db [None req-99eaa120-b588-4798-9472-cdacb640303c c559b67c8dc14c6e9bb7fa2452ec7a44 3b5df8bf225349b0ab7bd2b1a0d2c1b1 - - default default] Successfully bumped revision number for resource 0c85cfb6-636b-4fab-bf7e-ae2b325c6035 (type: security_groups) to 1
2026-07-21 07:56:38.045 10 INFO neutron.wsgi [None req-99eaa120-b588-4798-9472-cdacb640303c c559b67c8dc14c6e9bb7fa2452ec7a44 3b5df8bf225349b0ab7bd2b1a0d2c1b1 - - default default] 10.0.0.37 "GET /v2.0/security-groups?tenant_id=8da58fbc29a644a2aa0ada49ee13cad8&name=default HTTP/1.1" status: 200 len: 2996 time: 0.1388202
2026-07-21 07:56:38.255 10 INFO neutron.wsgi [None req-c6edb66b-9b62-4a31-899e-ba6d7611fef6 c559b67c8dc14c6e9bb7fa2452ec7a44 3b5df8bf225349b0ab7bd2b1a0d2c1b1 - - - -] 10.0.0.37 "DELETE /v2.0/security-groups/0c85cfb6-636b-4fab-bf7e-ae2b325c6035 HTTP/1.1" status: 204 len: 168 time: 0.2045078
2026-07-21 07:56:38.490 9 INFO neutron.wsgi [None req-018f1b0e-8138-4106-abe6-1043aeadb564 c559b67c8dc14c6e9bb7fa2452ec7a44 3b5df8bf225349b0ab7bd2b1a0d2c1b1 - - default default] 10.0.0.37 "GET /v2.0/security-groups?tenant_id=311fec768c0e4020915b2720f63e2081&name=default HTTP/1.1" status: 200 len: 2996 time: 0.0347228
2026-07-21 07:56:38.552 10 INFO neutron.wsgi [req-36b41d65-5460-479f-831f-a799f57eba7f req-faea7f85-053b-45e0-9912-fbe38c7b8ffb b80d349094b94b2883dcb57c7e8f1d26 12403b3656fe47e7926522ccce367ea5 - - default default] 10.0.0.176 "GET /v2.0/ports?device_id=e25ae8d6-727b-4c8e-885b-7949688d872c HTTP/1.1" status: 200 len: 1174 time: 0.0525510
2026-07-21 07:56:38.615 10 INFO neutron.wsgi [req-36b41d65-5460-479f-831f-a799f57eba7f req-5c733c57-542c-40bf-8db1-9cddb5ac4837 b80d349094b94b2883dcb57c7e8f1d26 12403b3656fe47e7926522ccce367ea5 - - default default] 10.0.0.176 "GET /v2.0/security-groups?id=e1c7c67c-e1d5-4895-8870-99ca1ab5b5ca&fields=id&fields=name HTTP/1.1" status: 200 len: 286 time: 0.0517907
2026-07-21 07:56:38.747 9 INFO neutron.wsgi [None req-a1ac8faa-dcfd-4662-8753-f6c396757f8d c559b67c8dc14c6e9bb7fa2452ec7a44 3b5df8bf225349b0ab7bd2b1a0d2c1b1 - - - -] 10.0.0.37 "DELETE /v2.0/security-groups/590d9b61-608b-4de3-a627-44cd8101e243 HTTP/1.1" status: 204 len: 168 time: 0.2521713
2026-07-21 07:56:39.119 10 INFO neutron.plugins.ml2.drivers.ovn.mech_driver.mech_driver [None req-0a4d5b0c-0275-45c2-92fb-518f62a388a5 - - - - - -] OVN reports status down for port: 2244e8a1-793d-4129-bcbf-536093c34912
2026-07-21 07:56:39.156 10 INFO neutron.wsgi [req-02749a94-bf35-48c3-913f-1fee5bb9bcd7 req-730c4255-863c-412b-af9a-81ea2deede16 b80d349094b94b2883dcb57c7e8f1d26 12403b3656fe47e7926522ccce367ea5 - - default default] 10.0.0.176 "GET /v2.0/ports?device_id=e25ae8d6-727b-4c8e-885b-7949688d872c HTTP/1.1" status: 200 len: 1174 time: 0.0701578
2026-07-21 07:56:39.203 10 INFO neutron.wsgi [req-02749a94-bf35-48c3-913f-1fee5bb9bcd7 req-2c633b11-f405-4b38-8617-42c76a8828ee b80d349094b94b2883dcb57c7e8f1d26 12403b3656fe47e7926522ccce367ea5 - - default default] 10.0.0.176 "GET /v2.0/security-groups?id=e1c7c67c-e1d5-4895-8870-99ca1ab5b5ca&fields=id&fields=name HTTP/1.1" status: 200 len: 286 time: 0.0365679
2026-07-21 07:56:39.437 10 INFO neutron.wsgi [req-432748b2-307a-43b6-8f67-d611a41e064a req-47e902ed-310f-4c5f-8856-5d3f53e6d355 b80d349094b94b2883dcb57c7e8f1d26 12403b3656fe47e7926522ccce367ea5 - - default default] 199.19.213.199 "GET /v2.0/ports?device_id=e25ae8d6-727b-4c8e-885b-7949688d872c HTTP/1.1" status: 200 len: 1172 time: 0.0410535
2026-07-21 07:56:39.437 10 INFO neutron.db.ovn_revision_numbers_db [None req-0a4d5b0c-0275-45c2-92fb-518f62a388a5 - - - - - -] Successfully bumped revision number for resource 2244e8a1-793d-4129-bcbf-536093c34912 (type: ports) to 5
2026-07-21 07:56:39.630 10 INFO neutron.notifiers.nova [-] Nova event matching ['req-3998d001-09a1-4ff4-90ae-b102e891076e'] response: {'server_uuid': 'e25ae8d6-727b-4c8e-885b-7949688d872c', 'name': 'network-vif-unplugged', 'status': 'completed', 'tag': '2244e8a1-793d-4129-bcbf-536093c34912', 'code': 200}
2026-07-21 07:56:39.631 10 INFO neutron.notifiers.nova [-] Nova event matching ['req-3998d001-09a1-4ff4-90ae-b102e891076e'] response: {'server_uuid': 'e25ae8d6-727b-4c8e-885b-7949688d872c', 'name': 'network-vif-plugged', 'status': 'completed', 'tag': '2244e8a1-793d-4129-bcbf-536093c34912', 'code': 200}
2026-07-21 07:56:39.815 10 INFO neutron.wsgi [None req-f05167db-6757-4aa2-9d41-adb677cbc750 b80d349094b94b2883dcb57c7e8f1d26 12403b3656fe47e7926522ccce367ea5 - - - -] 199.19.213.199 "DELETE /v2.0/ports/2244e8a1-793d-4129-bcbf-536093c34912 HTTP/1.1" status: 204 len: 173 time: 0.3740036 /var/lib/openstack/lib/python3.10/site-packages/pycadf/identifier.py:71: UserWarning: Invalid uuid: neutron. To ensure interoperability, identifiers should be a valid uuid. warnings.warn(('Invalid uuid: %s. To ensure interoperability, '
2026-07-21 07:56:41.684 10 INFO neutron.notifiers.nova [-] Nova event matching ['req-bc951395-1aa0-4108-a5ed-0c09a8ae8f87'] response: {'server_uuid': 'e25ae8d6-727b-4c8e-885b-7949688d872c', 'name': 'network-vif-deleted', 'tag': '2244e8a1-793d-4129-bcbf-536093c34912', 'status': 'completed', 'code': 200}
2026-07-21 07:56:42.439 9 INFO neutron.db.ovn_revision_numbers_db [None req-9b3bed75-aac8-4b17-a374-d5a96c197e44 c02c9556461647d988e9b1253b988c45 271ae70ce6b54444a6066c145ecc305f - - - -] Successfully bumped revision number for resource b566349f-4f9e-4ca8-9d8e-12cc56b9a05d (type: security_groups) to 1
2026-07-21 07:56:42.518 9 INFO neutron.db.segments_db [None req-9b3bed75-aac8-4b17-a374-d5a96c197e44 c02c9556461647d988e9b1253b988c45 271ae70ce6b54444a6066c145ecc305f - - - -] Added segment f2ce9f57-c5d0-47ad-99eb-378b5c531373 of type geneve for network c57928f1-dd6f-40a8-97f7-8d5a22aeca99
2026-07-21 07:56:42.616 10 INFO neutron.wsgi [None req-8da53257-2bda-4b12-834a-a20ad8f6c967 c559b67c8dc14c6e9bb7fa2452ec7a44 3b5df8bf225349b0ab7bd2b1a0d2c1b1 - - - -] 10.0.0.37 "PUT /v2.0/routers/722083b7-fd50-402f-849d-db8b128c383d/remove_router_interface HTTP/1.1" status: 200 len: 503 time: 1.1607642
2026-07-21 07:56:42.635 10 INFO neutron.db.ovn_revision_numbers_db [None req-441724a5-9a5b-4ebb-bace-53518ee2ebcd 7e9c1f09c64a49c5931ea2e30c1c7313 b81c202f17964260b530ebb813e9a79c - - - -] Successfully bumped revision number for resource d4b7e752-452f-44e5-a0a0-b9a9ee707dca (type: security_groups) to 1
2026-07-21 07:56:42.714 10 INFO neutron.db.segments_db [None req-441724a5-9a5b-4ebb-bace-53518ee2ebcd 7e9c1f09c64a49c5931ea2e30c1c7313 b81c202f17964260b530ebb813e9a79c - - - -] Added segment c638b650-c498-4760-9758-6cb38914e80e of type geneve for network 871d8d0c-ef6c-4afd-b54e-e21bd1e63fc2
2026-07-21 07:56:42.733 9 INFO neutron.db.ovn_revision_numbers_db [None req-9b3bed75-aac8-4b17-a374-d5a96c197e44 c02c9556461647d988e9b1253b988c45 271ae70ce6b54444a6066c145ecc305f - - - -] Successfully bumped revision number for resource c57928f1-dd6f-40a8-97f7-8d5a22aeca99 (type: networks) to 1
