2026-07-21 07:57:17.579 9 INFO neutron.wsgi [None req-92114d9b-4b92-47f3-b000-5ee3cc5bc745 c559b67c8dc14c6e9bb7fa2452ec7a44 3b5df8bf225349b0ab7bd2b1a0d2c1b1 - - - -] 10.0.0.37 "PUT /v2.0/routers/326018e9-06f9-4aa0-8f57-e6c152c4970d/add_router_interface HTTP/1.1" status: 200 len: 503 time: 2.2802250
2026-07-21 07:57:17.841 10 INFO neutron.db.ovn_revision_numbers_db [None req-3880337e-3508-4f09-bb69-a002952a5136 c559b67c8dc14c6e9bb7fa2452ec7a44 3b5df8bf225349b0ab7bd2b1a0d2c1b1 - - default default] Successfully bumped revision number for resource 3fc0e9c9-a82c-4a5c-a994-a9233c2e80fe (type: security_groups) to 1
2026-07-21 07:57:17.862 10 INFO neutron.wsgi [None req-3880337e-3508-4f09-bb69-a002952a5136 c559b67c8dc14c6e9bb7fa2452ec7a44 3b5df8bf225349b0ab7bd2b1a0d2c1b1 - - default default] 10.0.0.37 "GET /v2.0/security-groups?tenant_id=c652bad3978d441d9d6d97043dc33e36&name=default HTTP/1.1" status: 200 len: 2996 time: 0.7271607
2026-07-21 07:57:18.050 10 INFO neutron.wsgi [None req-0e62d80d-15d5-4cb0-8966-58fd4cedb4e0 c559b67c8dc14c6e9bb7fa2452ec7a44 3b5df8bf225349b0ab7bd2b1a0d2c1b1 - - - -] 10.0.0.37 "DELETE /v2.0/security-groups/3fc0e9c9-a82c-4a5c-a994-a9233c2e80fe HTTP/1.1" status: 204 len: 168 time: 0.1817260
2026-07-21 07:57:18.280 10 INFO neutron.db.ovn_revision_numbers_db [None req-6b564af7-0954-4db1-b50a-ef694a994840 c559b67c8dc14c6e9bb7fa2452ec7a44 3b5df8bf225349b0ab7bd2b1a0d2c1b1 - - default default] Successfully bumped revision number for resource 8fe4453f-68cf-469a-81da-6340e5cd97f3 (type: security_groups) to 1
2026-07-21 07:57:18.314 10 INFO neutron.wsgi [None req-6b564af7-0954-4db1-b50a-ef694a994840 c559b67c8dc14c6e9bb7fa2452ec7a44 3b5df8bf225349b0ab7bd2b1a0d2c1b1 - - default default] 10.0.0.37 "GET /v2.0/security-groups?tenant_id=c1c06189d9c84363aa98463ad1c10391&name=default HTTP/1.1" status: 200 len: 2996 time: 0.1121259
2026-07-21 07:57:18.487 10 INFO neutron.wsgi [None req-373b16e2-1dd3-4a39-9720-233c36c733b4 c559b67c8dc14c6e9bb7fa2452ec7a44 3b5df8bf225349b0ab7bd2b1a0d2c1b1 - - - -] 10.0.0.37 "DELETE /v2.0/security-groups/8fe4453f-68cf-469a-81da-6340e5cd97f3 HTTP/1.1" status: 204 len: 168 time: 0.1675856
2026-07-21 07:57:18.833 10 INFO neutron.db.ovn_revision_numbers_db [None req-ac26f502-6897-4654-9457-fdf482c179b9 c559b67c8dc14c6e9bb7fa2452ec7a44 3b5df8bf225349b0ab7bd2b1a0d2c1b1 - - - -] Successfully bumped revision number for resource 4b043688-e4f0-4499-a4db-a79a2a101432 (type: security_groups) to 1
2026-07-21 07:57:18.888 10 INFO neutron.db.segments_db [None req-ac26f502-6897-4654-9457-fdf482c179b9 c559b67c8dc14c6e9bb7fa2452ec7a44 3b5df8bf225349b0ab7bd2b1a0d2c1b1 - - - -] Added segment d1ab3334-7600-4c96-b45d-215843cfb699 of type geneve for network f258558a-149f-456e-846e-44637c606333
2026-07-21 07:57:19.018 10 INFO neutron.db.ovn_revision_numbers_db [None req-ac26f502-6897-4654-9457-fdf482c179b9 c559b67c8dc14c6e9bb7fa2452ec7a44 3b5df8bf225349b0ab7bd2b1a0d2c1b1 - - - -] Successfully bumped revision number for resource f258558a-149f-456e-846e-44637c606333 (type: networks) to 1
2026-07-21 07:57:19.174 10 WARNING neutron.scheduler.dhcp_agent_scheduler [None req-ac26f502-6897-4654-9457-fdf482c179b9 c559b67c8dc14c6e9bb7fa2452ec7a44 3b5df8bf225349b0ab7bd2b1a0d2c1b1 - - - -] No more DHCP agents
2026-07-21 07:57:19.177 10 WARNING neutron.api.rpc.agentnotifiers.dhcp_rpc_agent_api [None req-ac26f502-6897-4654-9457-fdf482c179b9 c559b67c8dc14c6e9bb7fa2452ec7a44 3b5df8bf225349b0ab7bd2b1a0d2c1b1 - - - -] Unable to schedule network f258558a-149f-456e-846e-44637c606333: no agents available; will retry on subsequent port and subnet creation events.
2026-07-21 07:57:19.246 10 INFO neutron.db.ovn_revision_numbers_db [None req-ac26f502-6897-4654-9457-fdf482c179b9 c559b67c8dc14c6e9bb7fa2452ec7a44 3b5df8bf225349b0ab7bd2b1a0d2c1b1 - - - -] Successfully bumped revision number for resource 61a9f62a-7752-4167-87cf-2a7086b87acf (type: ports) to 1
2026-07-21 07:57:19.265 10 INFO neutron.wsgi [None req-ac26f502-6897-4654-9457-fdf482c179b9 c559b67c8dc14c6e9bb7fa2452ec7a44 3b5df8bf225349b0ab7bd2b1a0d2c1b1 - - - -] 10.0.0.37 "POST /v2.0/networks HTTP/1.1" status: 201 len: 941 time: 0.5559483
2026-07-21 07:57:19.433 10 WARNING neutron.scheduler.dhcp_agent_scheduler [None req-74c077a8-abec-4402-aeae-ced55c5ec7cb c559b67c8dc14c6e9bb7fa2452ec7a44 3b5df8bf225349b0ab7bd2b1a0d2c1b1 - - - -] No more DHCP agents
2026-07-21 07:57:19.436 10 WARNING neutron.api.rpc.agentnotifiers.dhcp_rpc_agent_api [None req-74c077a8-abec-4402-aeae-ced55c5ec7cb c559b67c8dc14c6e9bb7fa2452ec7a44 3b5df8bf225349b0ab7bd2b1a0d2c1b1 - - - -] Unable to schedule network f258558a-149f-456e-846e-44637c606333: no agents available; will retry on subsequent port and subnet creation events.
2026-07-21 07:57:19.935 10 INFO neutron.db.ovn_revision_numbers_db [None req-74c077a8-abec-4402-aeae-ced55c5ec7cb c559b67c8dc14c6e9bb7fa2452ec7a44 3b5df8bf225349b0ab7bd2b1a0d2c1b1 - - - -] Successfully bumped revision number for resource 61a9f62a-7752-4167-87cf-2a7086b87acf (type: ports) to 2
2026-07-21 07:57:19.950 10 INFO neutron.db.ovn_revision_numbers_db [None req-74c077a8-abec-4402-aeae-ced55c5ec7cb c559b67c8dc14c6e9bb7fa2452ec7a44 3b5df8bf225349b0ab7bd2b1a0d2c1b1 - - - -] Successfully bumped revision number for resource d3212320-efb8-4412-9c8e-35dae5348646 (type: subnets) to 0
2026-07-21 07:57:19.969 10 INFO neutron.wsgi [None req-74c077a8-abec-4402-aeae-ced55c5ec7cb c559b67c8dc14c6e9bb7fa2452ec7a44 3b5df8bf225349b0ab7bd2b1a0d2c1b1 - - - -] 10.0.0.37 "POST /v2.0/subnets HTTP/1.1" status: 201 len: 863 time: 0.6981454
2026-07-21 07:57:20.290 9 INFO neutron.wsgi [-] 10.0.0.151 "GET / HTTP/1.1" status: 200 len: 246 time: 0.0026379
2026-07-21 07:57:20.295 9 INFO neutron.wsgi [-] 10.0.0.151 "GET / HTTP/1.1" status: 200 len: 246 time: 0.0039544
2026-07-21 07:57:20.439 10 WARNING neutron.scheduler.dhcp_agent_scheduler [None req-7f539c23-5e37-4727-8c17-a4c3e9ddabb8 c559b67c8dc14c6e9bb7fa2452ec7a44 3b5df8bf225349b0ab7bd2b1a0d2c1b1 - - - -] No more DHCP agents
2026-07-21 07:57:20.440 10 WARNING neutron.api.rpc.agentnotifiers.dhcp_rpc_agent_api [None req-7f539c23-5e37-4727-8c17-a4c3e9ddabb8 c559b67c8dc14c6e9bb7fa2452ec7a44 3b5df8bf225349b0ab7bd2b1a0d2c1b1 - - - -] Unable to schedule network ee61bd7c-4a9e-48db-8d17-5f4dda2b2c94: no agents available; will retry on subsequent port and subnet creation events.
2026-07-21 07:57:20.636 10 INFO neutron.db.ovn_revision_numbers_db [None req-7f539c23-5e37-4727-8c17-a4c3e9ddabb8 c559b67c8dc14c6e9bb7fa2452ec7a44 3b5df8bf225349b0ab7bd2b1a0d2c1b1 - - - -] Successfully bumped revision number for resource 2b82259f-9d20-4fff-afe4-d8f03fa8ed5f (type: ports) to 1
2026-07-21 07:57:21.261 9 INFO neutron.plugins.ml2.drivers.ovn.mech_driver.mech_driver [None req-1096d1bb-1619-4472-9536-ac3a88dc9fbc - - - - - -] OVN reports status up for port: 2b82259f-9d20-4fff-afe4-d8f03fa8ed5f
2026-07-21 07:57:21.272 9 INFO neutron.plugins.ml2.plugin [None req-1096d1bb-1619-4472-9536-ac3a88dc9fbc - - - - - -] Attempt 1 to provision port 2b82259f-9d20-4fff-afe4-d8f03fa8ed5f
2026-07-21 07:57:21.275 10 INFO neutron.db.ovn_revision_numbers_db [None req-7f539c23-5e37-4727-8c17-a4c3e9ddabb8 c559b67c8dc14c6e9bb7fa2452ec7a44 3b5df8bf225349b0ab7bd2b1a0d2c1b1 - - - -] Successfully bumped revision number for resource 2b82259f-9d20-4fff-afe4-d8f03fa8ed5f (type: router_ports) to 1
2026-07-21 07:57:21.292 9 INFO neutron.plugins.ml2.drivers.ovn.mech_driver.ovsdb.ovsdb_monitor [None req-4e92c38f-6037-429d-9817-3460903c3fbc - - - - - -] Router 1940e492-d9e0-49ed-96ee-020fcb15d3c3 is bound to host instance
2026-07-21 07:57:21.341 10 INFO neutron.db.ovn_revision_numbers_db [None req-7f539c23-5e37-4727-8c17-a4c3e9ddabb8 c559b67c8dc14c6e9bb7fa2452ec7a44 3b5df8bf225349b0ab7bd2b1a0d2c1b1 - - - -] Successfully bumped revision number for resource 1940e492-d9e0-49ed-96ee-020fcb15d3c3 (type: routers) to 3
2026-07-21 07:57:21.353 10 INFO neutron.wsgi [None req-7f539c23-5e37-4727-8c17-a4c3e9ddabb8 c559b67c8dc14c6e9bb7fa2452ec7a44 3b5df8bf225349b0ab7bd2b1a0d2c1b1 - - - -] 10.0.0.37 "POST /v2.0/routers HTTP/1.1" status: 201 len: 874 time: 1.3798945
2026-07-21 07:57:21.827 9 INFO neutron.db.ovn_revision_numbers_db [None req-4e92c38f-6037-429d-9817-3460903c3fbc - - - - - -] Successfully bumped revision number for resource 2b82259f-9d20-4fff-afe4-d8f03fa8ed5f (type: ports) to 1
2026-07-21 07:57:22.080 9 INFO neutron.db.ovn_revision_numbers_db [None req-4e92c38f-6037-429d-9817-3460903c3fbc - - - - - -] Successfully bumped revision number for resource 2b82259f-9d20-4fff-afe4-d8f03fa8ed5f (type: router_ports) to 3
2026-07-21 07:57:22.170 10 WARNING neutron.scheduler.dhcp_agent_scheduler [None req-949184aa-8f15-48f4-ad4a-746087f00e81 c559b67c8dc14c6e9bb7fa2452ec7a44 3b5df8bf225349b0ab7bd2b1a0d2c1b1 - - default default] No more DHCP agents
2026-07-21 07:57:22.173 10 WARNING neutron.api.rpc.agentnotifiers.dhcp_rpc_agent_api [None req-949184aa-8f15-48f4-ad4a-746087f00e81 c559b67c8dc14c6e9bb7fa2452ec7a44 3b5df8bf225349b0ab7bd2b1a0d2c1b1 - - default default] Unable to schedule network f258558a-149f-456e-846e-44637c606333: no agents available; will retry on subsequent port and subnet creation events.
2026-07-21 07:57:22.246 9 INFO neutron.db.ovn_revision_numbers_db [None req-4e92c38f-6037-429d-9817-3460903c3fbc - - - - - -] Successfully bumped revision number for resource 2b82259f-9d20-4fff-afe4-d8f03fa8ed5f (type: ports) to 2
2026-07-21 07:57:22.328 10 INFO neutron.db.ovn_revision_numbers_db [None req-949184aa-8f15-48f4-ad4a-746087f00e81 c559b67c8dc14c6e9bb7fa2452ec7a44 3b5df8bf225349b0ab7bd2b1a0d2c1b1 - - default default] Successfully bumped revision number for resource e85da3c5-974e-4116-a521-6f19ab8a9b9c (type: ports) to 1
2026-07-21 07:57:22.358 10 INFO neutron.db.ovn_revision_numbers_db [None req-a9b5417b-f7fc-4218-beee-8db4ab7be135 c559b67c8dc14c6e9bb7fa2452ec7a44 3b5df8bf225349b0ab7bd2b1a0d2c1b1 - - default default] Successfully bumped revision number for resource 32fbe61e-06a0-4f07-85a7-7914924e20e8 (type: security_groups) to 1
2026-07-21 07:57:22.384 10 INFO neutron.wsgi [None req-a9b5417b-f7fc-4218-beee-8db4ab7be135 c559b67c8dc14c6e9bb7fa2452ec7a44 3b5df8bf225349b0ab7bd2b1a0d2c1b1 - - default default] 10.0.0.37 "GET /v2.0/security-groups?tenant_id=9c027719c97644b6975a82cb8230e13d&name=default HTTP/1.1" status: 200 len: 3000 time: 0.3538504
2026-07-21 07:57:22.472 9 INFO neutron.db.ovn_revision_numbers_db [None req-4e92c38f-6037-429d-9817-3460903c3fbc - - - - - -] Successfully bumped revision number for resource 2b82259f-9d20-4fff-afe4-d8f03fa8ed5f (type: ports) to 4
2026-07-21 07:57:22.699 10 INFO neutron.wsgi [None req-2c723bd5-d2fb-4325-91ce-7c939f3a9cfa c559b67c8dc14c6e9bb7fa2452ec7a44 3b5df8bf225349b0ab7bd2b1a0d2c1b1 - - - -] 10.0.0.37 "DELETE /v2.0/security-groups/32fbe61e-06a0-4f07-85a7-7914924e20e8 HTTP/1.1" status: 204 len: 168 time: 0.3102689
2026-07-21 07:57:22.819 10 INFO neutron.db.ovn_revision_numbers_db [None req-949184aa-8f15-48f4-ad4a-746087f00e81 c559b67c8dc14c6e9bb7fa2452ec7a44 3b5df8bf225349b0ab7bd2b1a0d2c1b1 - - default default] Successfully bumped revision number for resource e85da3c5-974e-4116-a521-6f19ab8a9b9c (type: router_ports) to 2
2026-07-21 07:57:22.896 10 INFO neutron.db.ovn_revision_numbers_db [None req-b7faedb2-5d05-4c03-8008-9574734d91e9 c559b67c8dc14c6e9bb7fa2452ec7a44 3b5df8bf225349b0ab7bd2b1a0d2c1b1 - - default default] Successfully bumped revision number for resource c2c9ca08-ff1f-4f40-af67-780cdfaad3d7 (type: security_groups) to 1
2026-07-21 07:57:22.923 10 INFO neutron.wsgi [None req-b7faedb2-5d05-4c03-8008-9574734d91e9 c559b67c8dc14c6e9bb7fa2452ec7a44 3b5df8bf225349b0ab7bd2b1a0d2c1b1 - - default default] 10.0.0.37 "GET /v2.0/security-groups?tenant_id=2a6dc1c005b748d4932fba00ec6a6461&name=default HTTP/1.1" status: 200 len: 3000 time: 0.1444671
2026-07-21 07:57:22.980 10 INFO neutron.db.ovn_revision_numbers_db [None req-949184aa-8f15-48f4-ad4a-746087f00e81 c559b67c8dc14c6e9bb7fa2452ec7a44 3b5df8bf225349b0ab7bd2b1a0d2c1b1 - - default default] Successfully bumped revision number for resource e85da3c5-974e-4116-a521-6f19ab8a9b9c (type: ports) to 2
2026-07-21 07:57:23.059 10 WARNING neutron.scheduler.dhcp_agent_scheduler [None req-949184aa-8f15-48f4-ad4a-746087f00e81 c559b67c8dc14c6e9bb7fa2452ec7a44 3b5df8bf225349b0ab7bd2b1a0d2c1b1 - - default default] No more DHCP agents
2026-07-21 07:57:23.060 10 WARNING neutron.api.rpc.agentnotifiers.dhcp_rpc_agent_api [None req-949184aa-8f15-48f4-ad4a-746087f00e81 c559b67c8dc14c6e9bb7fa2452ec7a44 3b5df8bf225349b0ab7bd2b1a0d2c1b1 - - default default] Unable to schedule network f258558a-149f-456e-846e-44637c606333: no agents available; will retry on subsequent port and subnet creation events.
2026-07-21 07:57:23.102 9 INFO neutron.db.ovn_revision_numbers_db [None req-4e92c38f-6037-429d-9817-3460903c3fbc - - - - - -] Successfully bumped revision number for resource 2b82259f-9d20-4fff-afe4-d8f03fa8ed5f (type: router_ports) to 4
2026-07-21 07:57:23.199 10 INFO neutron.wsgi [None req-5433ae2c-2ba0-46cd-9672-9619842d6af2 c559b67c8dc14c6e9bb7fa2452ec7a44 3b5df8bf225349b0ab7bd2b1a0d2c1b1 - - - -] 10.0.0.37 "DELETE /v2.0/security-groups/c2c9ca08-ff1f-4f40-af67-780cdfaad3d7 HTTP/1.1" status: 204 len: 168 time: 0.2624815
2026-07-21 07:57:23.412 10 WARNING neutron.plugins.ml2.drivers.ovn.mech_driver.ovsdb.ovn_client [None req-0a4d5b0c-0275-45c2-92fb-518f62a388a5 - - - - - -] No hosting information found for port 31a4888c-1b6a-4688-bf98-242c04270a2b: RuntimeError: No hosting information found for port 31a4888c-1b6a-4688-bf98-242c04270a2b
2026-07-21 07:57:23.660 10 INFO neutron.db.ovn_revision_numbers_db [None req-949184aa-8f15-48f4-ad4a-746087f00e81 c559b67c8dc14c6e9bb7fa2452ec7a44 3b5df8bf225349b0ab7bd2b1a0d2c1b1 - - - -] Successfully bumped revision number for resource e85da3c5-974e-4116-a521-6f19ab8a9b9c (type: router_ports) to 2
2026-07-21 07:57:23.663 10 INFO neutron.wsgi [None req-949184aa-8f15-48f4-ad4a-746087f00e81 c559b67c8dc14c6e9bb7fa2452ec7a44 3b5df8bf225349b0ab7bd2b1a0d2c1b1 - - - -] 10.0.0.37 "PUT /v2.0/routers/1940e492-d9e0-49ed-96ee-020fcb15d3c3/add_router_interface HTTP/1.1" status: 200 len: 503 time: 2.3037148
2026-07-21 07:57:23.885 9 INFO neutron.plugins.ml2.drivers.ovn.mech_driver.mech_driver [None req-1096d1bb-1619-4472-9536-ac3a88dc9fbc - - - - - -] OVN reports status up for port: e85da3c5-974e-4116-a521-6f19ab8a9b9c
2026-07-21 07:57:23.896 9 INFO neutron.plugins.ml2.plugin [None req-1096d1bb-1619-4472-9536-ac3a88dc9fbc - - - - - -] Attempt 1 to provision port e85da3c5-974e-4116-a521-6f19ab8a9b9c
2026-07-21 07:57:24.163 9 INFO neutron.db.ovn_revision_numbers_db [None req-1096d1bb-1619-4472-9536-ac3a88dc9fbc - - - - - -] Successfully bumped revision number for resource e85da3c5-974e-4116-a521-6f19ab8a9b9c (type: ports) to 3
2026-07-21 07:57:24.282 9 INFO neutron.db.ovn_revision_numbers_db [None req-1096d1bb-1619-4472-9536-ac3a88dc9fbc - - - - - -] Successfully bumped revision number for resource e85da3c5-974e-4116-a521-6f19ab8a9b9c (type: router_ports) to 3
2026-07-21 07:57:24.441 9 INFO neutron.db.ovn_revision_numbers_db [None req-9ea52b84-7a71-4fac-8481-6c6ad6aac27e da3b79eb48c74a86a2a8295a8784ce8f 7f055ca86a274cf9a4d0f4f24d8bbebe - - - -] Successfully bumped revision number for resource 56269832-489e-42f8-adf6-e1c1ee04c700 (type: security_groups) to 1
2026-07-21 07:57:24.462 9 INFO neutron.wsgi [None req-9ea52b84-7a71-4fac-8481-6c6ad6aac27e da3b79eb48c74a86a2a8295a8784ce8f 7f055ca86a274cf9a4d0f4f24d8bbebe - - - -] 10.0.0.37 "POST /v2.0/security-groups HTTP/1.1" status: 201 len: 1811 time: 0.1308815
2026-07-21 07:57:24.608 9 INFO neutron.db.ovn_revision_numbers_db [None req-4de6aeeb-87e7-4a9c-8fd9-95b10dee654e da3b79eb48c74a86a2a8295a8784ce8f 7f055ca86a274cf9a4d0f4f24d8bbebe - - - -] Successfully bumped revision number for resource e476c51c-09e5-4d3c-b75e-a71930621f1e (type: security_group_rules) to 0
2026-07-21 07:57:24.639 9 INFO neutron.wsgi [None req-4de6aeeb-87e7-4a9c-8fd9-95b10dee654e da3b79eb48c74a86a2a8295a8784ce8f 7f055ca86a274cf9a4d0f4f24d8bbebe - - - -] 10.0.0.37 "POST /v2.0/security-group-rules HTTP/1.1" status: 201 len: 764 time: 0.1716652
2026-07-21 07:57:24.777 9 INFO neutron.db.ovn_revision_numbers_db [None req-11ad88ea-4e76-4662-92d6-a576d77f9183 da3b79eb48c74a86a2a8295a8784ce8f 7f055ca86a274cf9a4d0f4f24d8bbebe - - - -] Successfully bumped revision number for resource 7c707a7f-bee7-4fe9-b32a-898e602f8111 (type: security_group_rules) to 0
2026-07-21 07:57:24.806 9 INFO neutron.wsgi [None req-11ad88ea-4e76-4662-92d6-a576d77f9183 da3b79eb48c74a86a2a8295a8784ce8f 7f055ca86a274cf9a4d0f4f24d8bbebe - - - -] 10.0.0.37 "POST /v2.0/security-group-rules HTTP/1.1" status: 201 len: 763 time: 0.1571755
2026-07-21 07:57:24.933 9 INFO neutron.db.ovn_revision_numbers_db [None req-8138d2a5-6d21-4e51-af3c-53f9f63da2e1 da3b79eb48c74a86a2a8295a8784ce8f 7f055ca86a274cf9a4d0f4f24d8bbebe - - - -] Successfully bumped revision number for resource e7b1e6d6-c697-48f4-99a1-713dff169b6e (type: security_group_rules) to 0
2026-07-21 07:57:24.958 9 INFO neutron.wsgi [None req-8138d2a5-6d21-4e51-af3c-53f9f63da2e1 da3b79eb48c74a86a2a8295a8784ce8f 7f055ca86a274cf9a4d0f4f24d8bbebe - - - -] 10.0.0.37 "POST /v2.0/security-group-rules HTTP/1.1" status: 201 len: 769 time: 0.1463375
2026-07-21 07:57:25.099 9 INFO neutron.db.ovn_revision_numbers_db [None req-e9ed4ab8-4b81-4ec9-88c2-ce1a616a1f82 da3b79eb48c74a86a2a8295a8784ce8f 7f055ca86a274cf9a4d0f4f24d8bbebe - - - -] Successfully bumped revision number for resource 35f38908-7fbf-4f01-87f9-0b4cdde431a8 (type: security_group_rules) to 0
2026-07-21 07:57:25.135 9 INFO neutron.wsgi [None req-e9ed4ab8-4b81-4ec9-88c2-ce1a616a1f82 da3b79eb48c74a86a2a8295a8784ce8f 7f055ca86a274cf9a4d0f4f24d8bbebe - - - -] 10.0.0.37 "POST /v2.0/security-group-rules HTTP/1.1" status: 201 len: 768 time: 0.1709106
2026-07-21 07:57:25.167 10 INFO neutron.db.securitygroups_db [None req-f95ee680-b1b3-4369-bb5e-9382f017ea6b da3b79eb48c74a86a2a8295a8784ce8f 7f055ca86a274cf9a4d0f4f24d8bbebe - - - -] Project 7f055ca86a274cf9a4d0f4f24d8bbebe added a security group rule with legacy IPv6 ICMP protocol name icmp, ipv6-icmp should be used instead. It was automatically converted.
2026-07-21 07:57:25.263 10 INFO neutron.db.ovn_revision_numbers_db [None req-f95ee680-b1b3-4369-bb5e-9382f017ea6b da3b79eb48c74a86a2a8295a8784ce8f 7f055ca86a274cf9a4d0f4f24d8bbebe - - - -] Successfully bumped revision number for resource ada7d4be-45ed-4280-8d37-75b66e5d8a51 (type: security_group_rules) to 0
2026-07-21 07:57:25.287 10 INFO neutron.wsgi [None req-f95ee680-b1b3-4369-bb5e-9382f017ea6b da3b79eb48c74a86a2a8295a8784ce8f 7f055ca86a274cf9a4d0f4f24d8bbebe - - - -] 10.0.0.37 "POST /v2.0/security-group-rules HTTP/1.1" status: 201 len: 774 time: 0.1451719
2026-07-21 07:57:25.312 10 INFO neutron.db.securitygroups_db [None req-e52fdb2a-0099-4951-9625-659ac9bbdb85 da3b79eb48c74a86a2a8295a8784ce8f 7f055ca86a274cf9a4d0f4f24d8bbebe - - - -] Project 7f055ca86a274cf9a4d0f4f24d8bbebe added a security group rule with legacy IPv6 ICMP protocol name icmp, ipv6-icmp should be used instead. It was automatically converted.
2026-07-21 07:57:25.398 10 INFO neutron.db.ovn_revision_numbers_db [None req-e52fdb2a-0099-4951-9625-659ac9bbdb85 da3b79eb48c74a86a2a8295a8784ce8f 7f055ca86a274cf9a4d0f4f24d8bbebe - - - -] Successfully bumped revision number for resource 9899a102-5a28-45e9-9bd6-d41c2c5d416c (type: security_group_rules) to 0
2026-07-21 07:57:25.421 10 INFO neutron.wsgi [None req-e52fdb2a-0099-4951-9625-659ac9bbdb85 da3b79eb48c74a86a2a8295a8784ce8f 7f055ca86a274cf9a4d0f4f24d8bbebe - - - -] 10.0.0.37 "POST /v2.0/security-group-rules HTTP/1.1" status: 201 len: 773 time: 0.1280229
2026-07-21 07:57:25.967 10 INFO neutron.db.ovn_revision_numbers_db [None req-73a449d4-570b-43de-8258-3f01d5b0e502 da3b79eb48c74a86a2a8295a8784ce8f 7f055ca86a274cf9a4d0f4f24d8bbebe - - - -] Successfully bumped revision number for resource a280c94f-da72-414a-80fb-d12b8b2b26a6 (type: security_groups) to 1
2026-07-21 07:57:25.991 10 INFO neutron.wsgi [None req-73a449d4-570b-43de-8258-3f01d5b0e502 da3b79eb48c74a86a2a8295a8784ce8f 7f055ca86a274cf9a4d0f4f24d8bbebe - - - -] 10.0.0.37 "POST /v2.0/security-groups HTTP/1.1" status: 201 len: 1797 time: 0.1423025
2026-07-21 07:57:26.115 10 INFO neutron.db.ovn_revision_numbers_db [None req-9cdeeae1-aaab-45ce-904b-94f3e79284f3 da3b79eb48c74a86a2a8295a8784ce8f 7f055ca86a274cf9a4d0f4f24d8bbebe - - - -] Successfully bumped revision number for resource 042a3db9-06c3-413c-91cc-a794dcae0ee3 (type: security_group_rules) to 0
2026-07-21 07:57:26.143 10 INFO neutron.wsgi [None req-9cdeeae1-aaab-45ce-904b-94f3e79284f3 da3b79eb48c74a86a2a8295a8784ce8f 7f055ca86a274cf9a4d0f4f24d8bbebe - - - -] 10.0.0.37 "POST /v2.0/security-group-rules HTTP/1.1" status: 201 len: 764 time: 0.1458178
2026-07-21 07:57:26.278 10 INFO neutron.db.ovn_revision_numbers_db [None req-8d487cbb-e6f2-4e65-a7ad-eee7c41d6a03 da3b79eb48c74a86a2a8295a8784ce8f 7f055ca86a274cf9a4d0f4f24d8bbebe - - - -] Successfully bumped revision number for resource 0602f125-d2c6-4833-ad4e-fd6051a7d5e7 (type: security_group_rules) to 0
2026-07-21 07:57:26.303 10 INFO neutron.wsgi [None req-8d487cbb-e6f2-4e65-a7ad-eee7c41d6a03 da3b79eb48c74a86a2a8295a8784ce8f 7f055ca86a274cf9a4d0f4f24d8bbebe - - - -] 10.0.0.37 "POST /v2.0/security-group-rules HTTP/1.1" status: 201 len: 769 time: 0.1539655
2026-07-21 07:57:26.577 10 WARNING neutron.scheduler.dhcp_agent_scheduler [None req-ce2e3b0b-a838-4c2b-93a4-32feb8419ec9 da3b79eb48c74a86a2a8295a8784ce8f 7f055ca86a274cf9a4d0f4f24d8bbebe - - - -] No more DHCP agents
2026-07-21 07:57:26.580 10 WARNING neutron.api.rpc.agentnotifiers.dhcp_rpc_agent_api [None req-ce2e3b0b-a838-4c2b-93a4-32feb8419ec9 da3b79eb48c74a86a2a8295a8784ce8f 7f055ca86a274cf9a4d0f4f24d8bbebe - - - -] Unable to schedule network ee61bd7c-4a9e-48db-8d17-5f4dda2b2c94: no agents available; will retry on subsequent port and subnet creation events.
2026-07-21 07:57:26.954 10 INFO neutron.db.ovn_revision_numbers_db [None req-ce2e3b0b-a838-4c2b-93a4-32feb8419ec9 da3b79eb48c74a86a2a8295a8784ce8f 7f055ca86a274cf9a4d0f4f24d8bbebe - - - -] Successfully bumped revision number for resource d54062e6-24fa-40fc-b095-fff4b9bf9016 (type: floatingips) to 0
2026-07-21 07:57:26.972 10 INFO neutron.wsgi [None req-ce2e3b0b-a838-4c2b-93a4-32feb8419ec9 da3b79eb48c74a86a2a8295a8784ce8f 7f055ca86a274cf9a4d0f4f24d8bbebe - - - -] 10.0.0.37 "POST /v2.0/floatingips HTTP/1.1" status: 201 len: 751 time: 0.6633666
2026-07-21 07:57:27.103 10 INFO neutron.wsgi [req-788f3820-5fc2-427d-92d9-405aa3f69187 req-514b536c-f195-4d92-bf51-cc588b28e6ad da3b79eb48c74a86a2a8295a8784ce8f 7f055ca86a274cf9a4d0f4f24d8bbebe - - default default] 10.0.0.176 "GET /v2.0/security-groups?name=tempest-secgroup-smoke-464555638&fields=id&tenant_id=7f055ca86a274cf9a4d0f4f24d8bbebe HTTP/1.1" status: 200 len: 267 time: 0.0429807
2026-07-21 07:57:27.148 10 INFO neutron.wsgi [req-788f3820-5fc2-427d-92d9-405aa3f69187 req-ff3aff54-0481-4164-9f2f-2d6e4ecc9340 da3b79eb48c74a86a2a8295a8784ce8f 7f055ca86a274cf9a4d0f4f24d8bbebe - - default default] 10.0.0.176 "GET /v2.0/security-groups?name=tempest-securitygroup--1709692482&fields=id&tenant_id=7f055ca86a274cf9a4d0f4f24d8bbebe HTTP/1.1" status: 200 len: 267 time: 0.0367215
2026-07-21 07:57:27.626 10 INFO neutron.wsgi [req-788f3820-5fc2-427d-92d9-405aa3f69187 req-ecc13e11-6531-4b3a-889c-c76bf94eb65f da3b79eb48c74a86a2a8295a8784ce8f 7f055ca86a274cf9a4d0f4f24d8bbebe - - default default] 10.0.0.176 "GET /v2.0/networks?id=c30790f2-7b69-44ac-bdd4-6e8e624b91a6 HTTP/1.1" status: 200 len: 872 time: 0.4680052
2026-07-21 07:57:27.644 10 INFO neutron.wsgi [req-788f3820-5fc2-427d-92d9-405aa3f69187 req-9ebe595d-34ab-49d7-b395-2874e1408ef7 da3b79eb48c74a86a2a8295a8784ce8f 7f055ca86a274cf9a4d0f4f24d8bbebe - - default default] 10.0.0.176 "GET /v2.0/quotas/7f055ca86a274cf9a4d0f4f24d8bbebe HTTP/1.1" status: 200 len: 386 time: 0.0118673
2026-07-21 07:57:27.748 10 INFO neutron.wsgi [req-788f3820-5fc2-427d-92d9-405aa3f69187 req-df858bf4-1a8b-4d8c-9841-9861e552502b da3b79eb48c74a86a2a8295a8784ce8f 7f055ca86a274cf9a4d0f4f24d8bbebe - - default default] 10.0.0.176 "GET /v2.0/ports?tenant_id=7f055ca86a274cf9a4d0f4f24d8bbebe&fields=id HTTP/1.1" status: 200 len: 302 time: 0.0966811
2026-07-21 07:57:27.825 10 INFO neutron.wsgi [req-788f3820-5fc2-427d-92d9-405aa3f69187 req-9ca43655-879a-467b-8a78-b65cbf00f9ec 1b6a6b17dc714991a943390189061cea 9796ff7890114c13968851e69adf92a0 - - f75cd953ec1d47d48337cd8ec909d548 f75cd953ec1d47d48337cd8ec909d548] 10.0.0.176 "GET /v2.0/networks/c30790f2-7b69-44ac-bdd4-6e8e624b91a6?fields=segments HTTP/1.1" status: 200 len: 212 time: 0.0614152
2026-07-21 07:57:27.900 10 INFO neutron.wsgi [req-788f3820-5fc2-427d-92d9-405aa3f69187 req-43b6044c-607e-4ee8-a7d7-e4718bacaa64 1b6a6b17dc714991a943390189061cea 9796ff7890114c13968851e69adf92a0 - - f75cd953ec1d47d48337cd8ec909d548 f75cd953ec1d47d48337cd8ec909d548] 10.0.0.176 "GET /v2.0/networks/c30790f2-7b69-44ac-bdd4-6e8e624b91a6?fields=provider%3Aphysical_network&fields=provider%3Anetwork_type HTTP/1.1" status: 200 len: 277 time: 0.0650766
2026-07-21 07:57:28.062 10 INFO neutron.wsgi [req-a9ea8658-be5f-41e0-b017-6ac5fee8cd2b req-08682668-bd7b-4757-a29a-d29e8949df50 da3b79eb48c74a86a2a8295a8784ce8f 7f055ca86a274cf9a4d0f4f24d8bbebe - - default default] 10.0.0.176 "GET /v2.0/ports?device_id=3896ea13-d67e-42af-aabb-af591ca0f4bd HTTP/1.1" status: 200 len: 210 time: 0.0244591
2026-07-21 07:57:28.779 10 INFO neutron.wsgi [req-788f3820-5fc2-427d-92d9-405aa3f69187 req-b90471a4-9bbb-49c8-98a4-1ccc404d3c7b da3b79eb48c74a86a2a8295a8784ce8f 7f055ca86a274cf9a4d0f4f24d8bbebe - - default default] 199.19.213.199 "GET /v2.0/networks?id=c30790f2-7b69-44ac-bdd4-6e8e624b91a6 HTTP/1.1" status: 200 len: 872 time: 0.0816195
2026-07-21 07:57:28.841 10 INFO neutron.wsgi [req-788f3820-5fc2-427d-92d9-405aa3f69187 req-c165986b-22ac-4c0c-80f5-440bfdecee36 da3b79eb48c74a86a2a8295a8784ce8f 7f055ca86a274cf9a4d0f4f24d8bbebe - - default default] 199.19.213.199 "GET /v2.0/security-groups?fields=id&fields=name&tenant_id=7f055ca86a274cf9a4d0f4f24d8bbebe HTTP/1.1" status: 200 len: 472 time: 0.0539124
2026-07-21 07:57:29.162 10 INFO neutron.wsgi [req-8551e17e-b793-4b5b-b3e9-24fa1f76e0a9 req-c099529e-b0f3-4947-bb8a-b3814937b9fd da3b79eb48c74a86a2a8295a8784ce8f 7f055ca86a274cf9a4d0f4f24d8bbebe - - default default] 10.0.0.176 "GET /v2.0/ports?device_id=3896ea13-d67e-42af-aabb-af591ca0f4bd HTTP/1.1" status: 200 len: 210 time: 0.0243969
2026-07-21 07:57:29.192 10 WARNING neutron.scheduler.dhcp_agent_scheduler [None req-a2ac47c1-5b0e-41d5-8c11-76332f058aec da3b79eb48c74a86a2a8295a8784ce8f 7f055ca86a274cf9a4d0f4f24d8bbebe - - - -] No more DHCP agents
2026-07-21 07:57:29.194 10 WARNING neutron.api.rpc.agentnotifiers.dhcp_rpc_agent_api [None req-a2ac47c1-5b0e-41d5-8c11-76332f058aec da3b79eb48c74a86a2a8295a8784ce8f 7f055ca86a274cf9a4d0f4f24d8bbebe - - - -] Unable to schedule network c30790f2-7b69-44ac-bdd4-6e8e624b91a6: no agents available; will retry on subsequent port and subnet creation events.
2026-07-21 07:57:29.336 10 INFO neutron.db.ovn_revision_numbers_db [None req-a2ac47c1-5b0e-41d5-8c11-76332f058aec da3b79eb48c74a86a2a8295a8784ce8f 7f055ca86a274cf9a4d0f4f24d8bbebe - - - -] Successfully bumped revision number for resource a1ed989e-2aea-48a6-aca4-2086ced32741 (type: ports) to 1
2026-07-21 07:57:29.360 10 INFO neutron.wsgi [None req-a2ac47c1-5b0e-41d5-8c11-76332f058aec da3b79eb48c74a86a2a8295a8784ce8f 7f055ca86a274cf9a4d0f4f24d8bbebe - - - -] 199.19.213.199 "POST /v2.0/ports HTTP/1.1" status: 201 len: 1197 time: 0.4800682 /var/lib/openstack/lib/python3.10/site-packages/pycadf/identifier.py:71: UserWarning: Invalid uuid: neutron. To ensure interoperability, identifiers should be a valid uuid. warnings.warn(('Invalid uuid: %s. To ensure interoperability, '
2026-07-21 07:57:29.582 9 WARNING neutron.plugins.ml2.drivers.ovn.mech_driver.ovsdb.ovn_client [None req-1096d1bb-1619-4472-9536-ac3a88dc9fbc - - - - - -] No hosting information found for port e85da3c5-974e-4116-a521-6f19ab8a9b9c: RuntimeError: No hosting information found for port e85da3c5-974e-4116-a521-6f19ab8a9b9c
2026-07-21 07:57:29.817 10 INFO neutron.db.ovn_revision_numbers_db [None req-85cda376-ce96-4b38-ace6-3efdedf78887 1b6a6b17dc714991a943390189061cea 9796ff7890114c13968851e69adf92a0 - - - -] Successfully bumped revision number for resource a1ed989e-2aea-48a6-aca4-2086ced32741 (type: ports) to 2
2026-07-21 07:57:30.010 10 INFO neutron.db.ovn_revision_numbers_db [None req-85cda376-ce96-4b38-ace6-3efdedf78887 1b6a6b17dc714991a943390189061cea 9796ff7890114c13968851e69adf92a0 - - - -] Successfully bumped revision number for resource a1ed989e-2aea-48a6-aca4-2086ced32741 (type: ports) to 2
2026-07-21 07:57:30.026 10 INFO neutron.wsgi [None req-85cda376-ce96-4b38-ace6-3efdedf78887 1b6a6b17dc714991a943390189061cea 9796ff7890114c13968851e69adf92a0 - - - -] 199.19.213.199 "PUT /v2.0/ports/a1ed989e-2aea-48a6-aca4-2086ced32741 HTTP/1.1" status: 200 len: 1367 time: 0.6586130
2026-07-21 07:57:30.061 10 INFO neutron.notifiers.nova [-] Nova event matching ['req-d36fc42b-ef94-459c-bf5e-3430d3ce8768'] response: {'name': 'network-changed', 'server_uuid': '3896ea13-d67e-42af-aabb-af591ca0f4bd', 'tag': 'a1ed989e-2aea-48a6-aca4-2086ced32741', 'status': 'completed', 'code': 200} /var/lib/openstack/lib/python3.10/site-packages/pycadf/identifier.py:71: UserWarning: Invalid uuid: neutron. To ensure interoperability, identifiers should be a valid uuid. warnings.warn(('Invalid uuid: %s. To ensure interoperability, '
2026-07-21 07:57:30.107 10 INFO neutron.wsgi [req-788f3820-5fc2-427d-92d9-405aa3f69187 req-ca455c05-b9d2-4a41-897a-0195427b4ade 1b6a6b17dc714991a943390189061cea 9796ff7890114c13968851e69adf92a0 - - f75cd953ec1d47d48337cd8ec909d548 f75cd953ec1d47d48337cd8ec909d548] 199.19.213.199 "GET /v2.0/ports?tenant_id=7f055ca86a274cf9a4d0f4f24d8bbebe&device_id=3896ea13-d67e-42af-aabb-af591ca0f4bd HTTP/1.1" status: 200 len: 1398 time: 0.0403817
2026-07-21 07:57:30.143 10 INFO neutron.wsgi [req-788f3820-5fc2-427d-92d9-405aa3f69187 req-013d808f-72c9-48aa-93ac-4c056a422f93 1b6a6b17dc714991a943390189061cea 9796ff7890114c13968851e69adf92a0 - - f75cd953ec1d47d48337cd8ec909d548 f75cd953ec1d47d48337cd8ec909d548] 199.19.213.199 "GET /v2.0/floatingips?fixed_ip_address=10.100.0.7&port_id=a1ed989e-2aea-48a6-aca4-2086ced32741 HTTP/1.1" status: 200 len: 217 time: 0.0271752
2026-07-21 07:57:30.263 10 INFO neutron.wsgi [req-76c89fb0-f28d-42f3-a108-a7bf1303a561 req-e358cabf-34a5-420d-b867-91d80a132c50 da3b79eb48c74a86a2a8295a8784ce8f 7f055ca86a274cf9a4d0f4f24d8bbebe - - default default] 10.0.0.176 "GET /v2.0/ports?device_id=3896ea13-d67e-42af-aabb-af591ca0f4bd HTTP/1.1" status: 200 len: 1208 time: 0.0413013
2026-07-21 07:57:30.337 10 INFO neutron.wsgi [req-76c89fb0-f28d-42f3-a108-a7bf1303a561 req-a3b03c80-5f71-4870-9c4f-6c1cd774c729 da3b79eb48c74a86a2a8295a8784ce8f 7f055ca86a274cf9a4d0f4f24d8bbebe - - default default] 10.0.0.176 "GET /v2.0/security-groups?id=a280c94f-da72-414a-80fb-d12b8b2b26a6&id=56269832-489e-42f8-adf6-e1c1ee04c700&fields=id&fields=name HTTP/1.1" status: 200 len: 405 time: 0.0639937
2026-07-21 07:57:30.349 10 INFO neutron.wsgi [req-788f3820-5fc2-427d-92d9-405aa3f69187 req-66bd7086-2773-4cb9-ad68-9687e464093b 1b6a6b17dc714991a943390189061cea 9796ff7890114c13968851e69adf92a0 - - f75cd953ec1d47d48337cd8ec909d548 f75cd953ec1d47d48337cd8ec909d548] 199.19.213.199 "GET /v2.0/subnets?id=e41ea945-2afe-476f-905f-e27b892fe204 HTTP/1.1" status: 200 len: 866 time: 0.0515869
2026-07-21 07:57:30.384 10 INFO neutron.wsgi [req-788f3820-5fc2-427d-92d9-405aa3f69187 req-3d251332-5495-4516-a112-048fa222b9fc 1b6a6b17dc714991a943390189061cea 9796ff7890114c13968851e69adf92a0 - - f75cd953ec1d47d48337cd8ec909d548 f75cd953ec1d47d48337cd8ec909d548] 199.19.213.199 "GET /v2.0/ports?network_id=c30790f2-7b69-44ac-bdd4-6e8e624b91a6&device_owner=network%3Adhcp HTTP/1.1" status: 200 len: 210 time: 0.0260322
2026-07-21 07:57:30.457 10 INFO neutron.wsgi [req-788f3820-5fc2-427d-92d9-405aa3f69187 req-d2908e76-6f11-4289-9972-8e861db966bc 1b6a6b17dc714991a943390189061cea 9796ff7890114c13968851e69adf92a0 - - f75cd953ec1d47d48337cd8ec909d548 f75cd953ec1d47d48337cd8ec909d548] 199.19.213.199 "GET /v2.0/networks/c30790f2-7b69-44ac-bdd4-6e8e624b91a6?fields=segments HTTP/1.1" status: 200 len: 212 time: 0.0663848
2026-07-21 07:57:30.547 10 INFO neutron.wsgi [req-788f3820-5fc2-427d-92d9-405aa3f69187 req-656cbe0f-d32d-4be2-b243-817f5fe68747 1b6a6b17dc714991a943390189061cea 9796ff7890114c13968851e69adf92a0 - - f75cd953ec1d47d48337cd8ec909d548 f75cd953ec1d47d48337cd8ec909d548] 199.19.213.199 "GET /v2.0/networks/c30790f2-7b69-44ac-bdd4-6e8e624b91a6?fields=provider%3Aphysical_network&fields=provider%3Anetwork_type HTTP/1.1" status: 200 len: 277 time: 0.0828199
2026-07-21 07:57:30.650 10 INFO neutron.wsgi [req-d62b50ee-dc1b-4596-847c-92e4c35cfed4 req-b2b59145-0f77-49e9-8fe1-9cd13535e7d0 1b6a6b17dc714991a943390189061cea 9796ff7890114c13968851e69adf92a0 - - f75cd953ec1d47d48337cd8ec909d548 f75cd953ec1d47d48337cd8ec909d548] 199.19.213.199 "GET /v2.0/ports?tenant_id=7f055ca86a274cf9a4d0f4f24d8bbebe&device_id=3896ea13-d67e-42af-aabb-af591ca0f4bd HTTP/1.1" status: 200 len: 1398 time: 0.0508232
2026-07-21 07:57:30.753 10 INFO neutron.wsgi [req-d62b50ee-dc1b-4596-847c-92e4c35cfed4 req-8ee7cd4d-ea6e-4f5a-8a69-b62dbf1fb919 1b6a6b17dc714991a943390189061cea 9796ff7890114c13968851e69adf92a0 - - f75cd953ec1d47d48337cd8ec909d548 f75cd953ec1d47d48337cd8ec909d548] 199.19.213.199 "GET /v2.0/networks?id=c30790f2-7b69-44ac-bdd4-6e8e624b91a6 HTTP/1.1" status: 200 len: 970 time: 0.0945237
2026-07-21 07:57:30.795 10 INFO neutron.wsgi [req-67790723-b2c0-4c3d-a70c-d9f019bcb2e3 req-0932634d-7c8b-407b-92e8-51d7280c352e 1b6a6b17dc714991a943390189061cea 9796ff7890114c13968851e69adf92a0 - - f75cd953ec1d47d48337cd8ec909d548 f75cd953ec1d47d48337cd8ec909d548] 199.19.213.199 "GET /v2.0/ports?device_id=3896ea13-d67e-42af-aabb-af591ca0f4bd HTTP/1.1" status: 200 len: 1398 time: 0.0659816
2026-07-21 07:57:30.797 10 INFO neutron.wsgi [req-d62b50ee-dc1b-4596-847c-92e4c35cfed4 req-b6b45274-6aa5-417d-9576-97457f252ef5 1b6a6b17dc714991a943390189061cea 9796ff7890114c13968851e69adf92a0 - - f75cd953ec1d47d48337cd8ec909d548 f75cd953ec1d47d48337cd8ec909d548] 199.19.213.199 "GET /v2.0/floatingips?fixed_ip_address=10.100.0.7&port_id=a1ed989e-2aea-48a6-aca4-2086ced32741 HTTP/1.1" status: 200 len: 217 time: 0.0333316
2026-07-21 07:57:30.868 10 INFO neutron.wsgi [req-d62b50ee-dc1b-4596-847c-92e4c35cfed4 req-e2d6b3f8-790c-45bd-a380-e0fd81fc4104 1b6a6b17dc714991a943390189061cea 9796ff7890114c13968851e69adf92a0 - - f75cd953ec1d47d48337cd8ec909d548 f75cd953ec1d47d48337cd8ec909d548] 199.19.213.199 "GET /v2.0/subnets?id=e41ea945-2afe-476f-905f-e27b892fe204 HTTP/1.1" status: 200 len: 866 time: 0.0615373
2026-07-21 07:57:30.874 10 INFO neutron.wsgi [req-67790723-b2c0-4c3d-a70c-d9f019bcb2e3 req-dcb0a25c-8665-4da9-846c-cc682cab26c9 1b6a6b17dc714991a943390189061cea 9796ff7890114c13968851e69adf92a0 - - f75cd953ec1d47d48337cd8ec909d548 f75cd953ec1d47d48337cd8ec909d548] 199.19.213.199 "GET /v2.0/security-groups?id=56269832-489e-42f8-adf6-e1c1ee04c700&id=a280c94f-da72-414a-80fb-d12b8b2b26a6&fields=id&fields=name HTTP/1.1" status: 200 len: 405 time: 0.0690506
2026-07-21 07:57:30.905 10 INFO neutron.wsgi [req-d62b50ee-dc1b-4596-847c-92e4c35cfed4 req-ad650327-de2c-426a-800f-69c19a2ae7d1 1b6a6b17dc714991a943390189061cea 9796ff7890114c13968851e69adf92a0 - - f75cd953ec1d47d48337cd8ec909d548 f75cd953ec1d47d48337cd8ec909d548] 199.19.213.199 "GET /v2.0/ports?network_id=c30790f2-7b69-44ac-bdd4-6e8e624b91a6&device_owner=network%3Adhcp HTTP/1.1" status: 200 len: 210 time: 0.0297437
2026-07-21 07:57:30.987 10 INFO neutron.wsgi [req-d62b50ee-dc1b-4596-847c-92e4c35cfed4 req-75006fd6-4e9c-4a00-aac2-0e6e6c345eba 1b6a6b17dc714991a943390189061cea 9796ff7890114c13968851e69adf92a0 - - f75cd953ec1d47d48337cd8ec909d548 f75cd953ec1d47d48337cd8ec909d548] 199.19.213.199 "GET /v2.0/networks/c30790f2-7b69-44ac-bdd4-6e8e624b91a6?fields=segments HTTP/1.1" status: 200 len: 212 time: 0.0701380
2026-07-21 07:57:30.993 10 INFO neutron.plugins.ml2.drivers.ovn.mech_driver.mech_driver [None req-0a4d5b0c-0275-45c2-92fb-518f62a388a5 - - - - - -] OVN reports status up for port: a1ed989e-2aea-48a6-aca4-2086ced32741
2026-07-21 07:57:31.011 10 INFO neutron.plugins.ml2.plugin [None req-0a4d5b0c-0275-45c2-92fb-518f62a388a5 - - - - - -] Attempt 1 to provision port a1ed989e-2aea-48a6-aca4-2086ced32741
2026-07-21 07:57:31.086 10 INFO neutron.wsgi [req-d62b50ee-dc1b-4596-847c-92e4c35cfed4 req-46d96e6b-ffa1-4623-9679-2097218be53d 1b6a6b17dc714991a943390189061cea 9796ff7890114c13968851e69adf92a0 - - f75cd953ec1d47d48337cd8ec909d548 f75cd953ec1d47d48337cd8ec909d548] 199.19.213.199 "GET /v2.0/networks/c30790f2-7b69-44ac-bdd4-6e8e624b91a6?fields=provider%3Aphysical_network&fields=provider%3Anetwork_type HTTP/1.1" status: 200 len: 277 time: 0.0908782
2026-07-21 07:57:31.278 10 INFO neutron.db.ovn_revision_numbers_db [None req-0a4d5b0c-0275-45c2-92fb-518f62a388a5 - - - - - -] Successfully bumped revision number for resource a1ed989e-2aea-48a6-aca4-2086ced32741 (type: ports) to 4 /var/lib/openstack/lib/python3.10/site-packages/pycadf/identifier.py:71: UserWarning: Invalid uuid: neutron. To ensure interoperability, identifiers should be a valid uuid. warnings.warn(('Invalid uuid: %s. To ensure interoperability, '
2026-07-21 07:57:31.472 10 INFO neutron.wsgi [req-a7bbc75d-da7a-4855-851e-984be0105dac req-4cbe33d3-d48b-4004-b140-d813e19703b0 da3b79eb48c74a86a2a8295a8784ce8f 7f055ca86a274cf9a4d0f4f24d8bbebe - - default default] 10.0.0.176 "GET /v2.0/ports?device_id=3896ea13-d67e-42af-aabb-af591ca0f4bd HTTP/1.1" status: 200 len: 1210 time: 0.0479672
2026-07-21 07:57:31.545 10 INFO neutron.wsgi [req-a7bbc75d-da7a-4855-851e-984be0105dac req-7a4c7430-f36c-4e13-8c37-40fe5fdea6b3 da3b79eb48c74a86a2a8295a8784ce8f 7f055ca86a274cf9a4d0f4f24d8bbebe - - default default] 10.0.0.176 "GET /v2.0/security-groups?id=a280c94f-da72-414a-80fb-d12b8b2b26a6&id=56269832-489e-42f8-adf6-e1c1ee04c700&fields=id&fields=name HTTP/1.1" status: 200 len: 405 time: 0.0667331
2026-07-21 07:57:32.125 10 INFO neutron.notifiers.nova [-] Nova event matching ['req-2a30c0f9-deec-447c-9d70-6284ad0aa0bb'] response: {'server_uuid': '3896ea13-d67e-42af-aabb-af591ca0f4bd', 'name': 'network-vif-plugged', 'status': 'completed', 'tag': 'a1ed989e-2aea-48a6-aca4-2086ced32741', 'code': 200}
2026-07-21 07:57:32.125 10 INFO neutron.notifiers.nova [-] Nova event matching ['req-2a30c0f9-deec-447c-9d70-6284ad0aa0bb'] response: {'server_uuid': '3896ea13-d67e-42af-aabb-af591ca0f4bd', 'name': 'network-vif-plugged', 'status': 'completed', 'tag': 'a1ed989e-2aea-48a6-aca4-2086ced32741', 'code': 200}
2026-07-21 07:57:32.666 10 INFO neutron.wsgi [req-c0da66a1-00cd-4b76-854b-b7ef4d587340 req-ae3ebff1-980d-4da6-8ca3-60eb34df47a7 da3b79eb48c74a86a2a8295a8784ce8f 7f055ca86a274cf9a4d0f4f24d8bbebe - - default default] 10.0.0.176 "GET /v2.0/ports?device_id=3896ea13-d67e-42af-aabb-af591ca0f4bd HTTP/1.1" status: 200 len: 1210 time: 0.0557299
2026-07-21 07:57:32.731 10 INFO neutron.wsgi [req-c0da66a1-00cd-4b76-854b-b7ef4d587340 req-ac63b3ec-ba9d-4b95-aaf4-d9806890a4bf da3b79eb48c74a86a2a8295a8784ce8f 7f055ca86a274cf9a4d0f4f24d8bbebe - - default default] 10.0.0.176 "GET /v2.0/security-groups?id=a280c94f-da72-414a-80fb-d12b8b2b26a6&id=56269832-489e-42f8-adf6-e1c1ee04c700&fields=id&fields=name HTTP/1.1" status: 200 len: 405 time: 0.0494361
2026-07-21 07:57:32.897 9 INFO neutron.db.ovn_revision_numbers_db [None req-b5ed205b-723c-4e93-9b71-e74dce7eb478 cf04bc3c929c4c15b038789256ccd941 b8f07b0ed8b34e50a1dfd2993e56cb93 - - - -] Successfully bumped revision number for resource 02251165-5b55-4dc6-96d4-2ad1f4574ac2 (type: security_groups) to 1
2026-07-21 07:57:32.905 10 INFO neutron.wsgi [req-b5c81abd-38ce-4324-85de-7daaf70ce90c req-bf8874b8-fa6e-4561-947c-fca711af7a86 da3b79eb48c74a86a2a8295a8784ce8f 7f055ca86a274cf9a4d0f4f24d8bbebe - - default default] 10.0.0.176 "GET /v2.0/ports?device_id=3896ea13-d67e-42af-aabb-af591ca0f4bd HTTP/1.1" status: 200 len: 1210 time: 0.1005511
2026-07-21 07:57:32.951 9 INFO neutron.db.segments_db [None req-b5ed205b-723c-4e93-9b71-e74dce7eb478 cf04bc3c929c4c15b038789256ccd941 b8f07b0ed8b34e50a1dfd2993e56cb93 - - - -] Added segment a08bfebf-a07f-47d2-9126-b030f7ddd37b of type geneve for network 82ca2ee3-8abc-4173-905a-2b7a4dd4e601
2026-07-21 07:57:33.089 9 INFO neutron.db.ovn_revision_numbers_db [None req-b5ed205b-723c-4e93-9b71-e74dce7eb478 cf04bc3c929c4c15b038789256ccd941 b8f07b0ed8b34e50a1dfd2993e56cb93 - - - -] Successfully bumped revision number for resource 82ca2ee3-8abc-4173-905a-2b7a4dd4e601 (type: networks) to 1
2026-07-21 07:57:33.278 10 INFO neutron.db.l3_db [None req-84c141c6-64b0-4e91-a295-bd114439e88f da3b79eb48c74a86a2a8295a8784ce8f 7f055ca86a274cf9a4d0f4f24d8bbebe - - - -] Floating IP d54062e6-24fa-40fc-b095-fff4b9bf9016 associated. External IP: 10.96.250.212, port: a1ed989e-2aea-48a6-aca4-2086ced32741.
2026-07-21 07:57:33.309 9 WARNING neutron.scheduler.dhcp_agent_scheduler [None req-b5ed205b-723c-4e93-9b71-e74dce7eb478 cf04bc3c929c4c15b038789256ccd941 b8f07b0ed8b34e50a1dfd2993e56cb93 - - - -] No more DHCP agents
2026-07-21 07:57:33.312 9 WARNING neutron.api.rpc.agentnotifiers.dhcp_rpc_agent_api [None req-b5ed205b-723c-4e93-9b71-e74dce7eb478 cf04bc3c929c4c15b038789256ccd941 b8f07b0ed8b34e50a1dfd2993e56cb93 - - - -] Unable to schedule network 82ca2ee3-8abc-4173-905a-2b7a4dd4e601: no agents available; will retry on subsequent port and subnet creation events.
2026-07-21 07:57:33.380 9 INFO neutron.db.ovn_revision_numbers_db [None req-b5ed205b-723c-4e93-9b71-e74dce7eb478 cf04bc3c929c4c15b038789256ccd941 b8f07b0ed8b34e50a1dfd2993e56cb93 - - - -] Successfully bumped revision number for resource f32cffa5-65bc-4780-9eb2-448771302ee5 (type: ports) to 1
2026-07-21 07:57:33.408 9 INFO neutron.wsgi [None req-b5ed205b-723c-4e93-9b71-e74dce7eb478 cf04bc3c929c4c15b038789256ccd941 b8f07b0ed8b34e50a1dfd2993e56cb93 - - - -] 10.0.0.37 "POST /v2.0/networks HTTP/1.1" status: 201 len: 838 time: 0.8557122
2026-07-21 07:57:33.672 9 WARNING neutron.scheduler.dhcp_agent_scheduler [None req-dc0d1d31-1fc5-47e7-a14a-161a196b3067 cf04bc3c929c4c15b038789256ccd941 b8f07b0ed8b34e50a1dfd2993e56cb93 - - - -] No more DHCP agents
2026-07-21 07:57:33.675 9 WARNING neutron.api.rpc.agentnotifiers.dhcp_rpc_agent_api [None req-dc0d1d31-1fc5-47e7-a14a-161a196b3067 cf04bc3c929c4c15b038789256ccd941 b8f07b0ed8b34e50a1dfd2993e56cb93 - - - -] Unable to schedule network 82ca2ee3-8abc-4173-905a-2b7a4dd4e601: no agents available; will retry on subsequent port and subnet creation events.
2026-07-21 07:57:34.014 10 INFO neutron.db.ovn_revision_numbers_db [None req-84c141c6-64b0-4e91-a295-bd114439e88f da3b79eb48c74a86a2a8295a8784ce8f 7f055ca86a274cf9a4d0f4f24d8bbebe - - - -] Successfully bumped revision number for resource d54062e6-24fa-40fc-b095-fff4b9bf9016 (type: floatingips) to 1
2026-07-21 07:57:34.105 10 INFO neutron.db.ovn_revision_numbers_db [None req-84c141c6-64b0-4e91-a295-bd114439e88f da3b79eb48c74a86a2a8295a8784ce8f 7f055ca86a274cf9a4d0f4f24d8bbebe - - - -] Successfully bumped revision number for resource d54062e6-24fa-40fc-b095-fff4b9bf9016 (type: floatingips) to 2
2026-07-21 07:57:34.148 10 INFO neutron.wsgi [None req-84c141c6-64b0-4e91-a295-bd114439e88f da3b79eb48c74a86a2a8295a8784ce8f 7f055ca86a274cf9a4d0f4f24d8bbebe - - - -] 10.0.0.37 "PUT /v2.0/floatingips/d54062e6-24fa-40fc-b095-fff4b9bf9016 HTTP/1.1" status: 200 len: 1049 time: 1.2266188
2026-07-21 07:57:34.162 9 INFO neutron.db.ovn_revision_numbers_db [None req-dc0d1d31-1fc5-47e7-a14a-161a196b3067 cf04bc3c929c4c15b038789256ccd941 b8f07b0ed8b34e50a1dfd2993e56cb93 - - - -] Successfully bumped revision number for resource f32cffa5-65bc-4780-9eb2-448771302ee5 (type: ports) to 2
2026-07-21 07:57:34.178 9 INFO neutron.db.ovn_revision_numbers_db [None req-dc0d1d31-1fc5-47e7-a14a-161a196b3067 cf04bc3c929c4c15b038789256ccd941 b8f07b0ed8b34e50a1dfd2993e56cb93 - - - -] Successfully bumped revision number for resource d7e0b250-5377-4640-91a1-e3e9819efb73 (type: subnets) to 0
2026-07-21 07:57:34.186 10 INFO neutron.notifiers.nova [-] Nova event matching ['req-69f0b63a-d5e4-4d84-889a-1defc890b793'] response: {'name': 'network-changed', 'server_uuid': '3896ea13-d67e-42af-aabb-af591ca0f4bd', 'tag': 'a1ed989e-2aea-48a6-aca4-2086ced32741', 'status': 'completed', 'code': 200}
2026-07-21 07:57:34.198 9 INFO neutron.wsgi [None req-dc0d1d31-1fc5-47e7-a14a-161a196b3067 cf04bc3c929c4c15b038789256ccd941 b8f07b0ed8b34e50a1dfd2993e56cb93 - - - -] 10.0.0.37 "POST /v2.0/subnets HTTP/1.1" status: 201 len: 833 time: 0.7832012
2026-07-21 07:57:34.257 10 INFO neutron.wsgi [req-e5151574-79bf-42c2-bd1f-b334789ab81e req-6f1bcbe3-a942-485e-b169-8e1818da88c4 1b6a6b17dc714991a943390189061cea 9796ff7890114c13968851e69adf92a0 - - f75cd953ec1d47d48337cd8ec909d548 f75cd953ec1d47d48337cd8ec909d548] 199.19.213.199 "GET /v2.0/ports?tenant_id=7f055ca86a274cf9a4d0f4f24d8bbebe&device_id=3896ea13-d67e-42af-aabb-af591ca0f4bd HTTP/1.1" status: 200 len: 1400 time: 0.0382612 /var/lib/openstack/lib/python3.10/site-packages/pycadf/identifier.py:71: UserWarning: Invalid uuid: neutron. To ensure interoperability, identifiers should be a valid uuid. warnings.warn(('Invalid uuid: %s. To ensure interoperability, '
2026-07-21 07:57:34.305 9 INFO neutron.wsgi [None req-ec96cb3d-b957-4cf8-bdac-05079a9c6a6f 964dc9f088d347b590c1adb12a64e6c2 89aefa3ae1884d1e91409626652e03cc - - default default] 10.0.0.37 "GET /v2.0/subnetpools?name=shared-default-subnetpool-v6 HTTP/1.1" status: 200 len: 212 time: 0.0924957
2026-07-21 07:57:34.335 10 INFO neutron.wsgi [req-e5151574-79bf-42c2-bd1f-b334789ab81e req-8c3b71ec-41f3-437c-b508-b07784187804 1b6a6b17dc714991a943390189061cea 9796ff7890114c13968851e69adf92a0 - - f75cd953ec1d47d48337cd8ec909d548 f75cd953ec1d47d48337cd8ec909d548] 199.19.213.199 "GET /v2.0/networks?id=c30790f2-7b69-44ac-bdd4-6e8e624b91a6 HTTP/1.1" status: 200 len: 970 time: 0.0650663
2026-07-21 07:57:34.398 10 INFO neutron.wsgi [req-e5151574-79bf-42c2-bd1f-b334789ab81e req-33f422cf-ab7e-4f91-9428-bde293a064d3 1b6a6b17dc714991a943390189061cea 9796ff7890114c13968851e69adf92a0 - - f75cd953ec1d47d48337cd8ec909d548 f75cd953ec1d47d48337cd8ec909d548] 199.19.213.199 "GET /v2.0/floatingips?fixed_ip_address=10.100.0.7&port_id=a1ed989e-2aea-48a6-aca4-2086ced32741 HTTP/1.1" status: 200 len: 1059 time: 0.0546498
2026-07-21 07:57:34.434 10 INFO neutron.wsgi [req-e5151574-79bf-42c2-bd1f-b334789ab81e req-84d40f94-a2fb-4bd2-b9ab-c931bec828b3 1b6a6b17dc714991a943390189061cea 9796ff7890114c13968851e69adf92a0 - - f75cd953ec1d47d48337cd8ec909d548 f75cd953ec1d47d48337cd8ec909d548] 199.19.213.199 "GET /v2.0/subnets?id=e41ea945-2afe-476f-905f-e27b892fe204 HTTP/1.1" status: 200 len: 866 time: 0.0269217
2026-07-21 07:57:34.460 10 INFO neutron.wsgi [req-e5151574-79bf-42c2-bd1f-b334789ab81e req-2f91dab6-7108-462f-b2ef-58e4924be473 1b6a6b17dc714991a943390189061cea 9796ff7890114c13968851e69adf92a0 - - f75cd953ec1d47d48337cd8ec909d548 f75cd953ec1d47d48337cd8ec909d548] 199.19.213.199 "GET /v2.0/ports?network_id=c30790f2-7b69-44ac-bdd4-6e8e624b91a6&device_owner=network%3Adhcp HTTP/1.1" status: 200 len: 210 time: 0.0172272
2026-07-21 07:57:34.516 10 INFO neutron.wsgi [req-e5151574-79bf-42c2-bd1f-b334789ab81e req-cffc7749-ed91-4df8-a0d4-5a199807559a 1b6a6b17dc714991a943390189061cea 9796ff7890114c13968851e69adf92a0 - - f75cd953ec1d47d48337cd8ec909d548 f75cd953ec1d47d48337cd8ec909d548] 199.19.213.199 "GET /v2.0/networks/c30790f2-7b69-44ac-bdd4-6e8e624b91a6?fields=segments HTTP/1.1" status: 200 len: 212 time: 0.0503175
2026-07-21 07:57:34.599 10 INFO neutron.wsgi [req-e5151574-79bf-42c2-bd1f-b334789ab81e req-f476b344-b653-4403-9504-1c9cd7b72b74 1b6a6b17dc714991a943390189061cea 9796ff7890114c13968851e69adf92a0 - - f75cd953ec1d47d48337cd8ec909d548 f75cd953ec1d47d48337cd8ec909d548] 199.19.213.199 "GET /v2.0/networks/c30790f2-7b69-44ac-bdd4-6e8e624b91a6?fields=provider%3Aphysical_network&fields=provider%3Anetwork_type HTTP/1.1" status: 200 len: 277 time: 0.0756228
2026-07-21 07:57:34.646 9 WARNING neutron.scheduler.dhcp_agent_scheduler [None req-0d74ff6b-75c0-42a3-a149-18ce34d4292e cf04bc3c929c4c15b038789256ccd941 b8f07b0ed8b34e50a1dfd2993e56cb93 - - - -] No more DHCP agents
2026-07-21 07:57:34.649 9 WARNING neutron.api.rpc.agentnotifiers.dhcp_rpc_agent_api [None req-0d74ff6b-75c0-42a3-a149-18ce34d4292e cf04bc3c929c4c15b038789256ccd941 b8f07b0ed8b34e50a1dfd2993e56cb93 - - - -] Unable to schedule network 82ca2ee3-8abc-4173-905a-2b7a4dd4e601: no agents available; will retry on subsequent port and subnet creation events.
2026-07-21 07:57:34.664 9 INFO neutron.db.ovn_revision_numbers_db [None req-0d74ff6b-75c0-42a3-a149-18ce34d4292e cf04bc3c929c4c15b038789256ccd941 b8f07b0ed8b34e50a1dfd2993e56cb93 - - - -] Successfully bumped revision number for resource 14cbe62e-a2b9-4a48-bded-b431f79791c3 (type: subnets) to 0
2026-07-21 07:57:34.685 9 INFO neutron.wsgi [None req-0d74ff6b-75c0-42a3-a149-18ce34d4292e cf04bc3c929c4c15b038789256ccd941 b8f07b0ed8b34e50a1dfd2993e56cb93 - - - -] 10.0.0.37 "POST /v2.0/subnets HTTP/1.1" status: 201 len: 906 time: 0.3746078
2026-07-21 07:57:34.795 9 INFO neutron.db.segments_db [None req-0f059e8e-e2ba-4e0c-bc40-d88e78819020 cf04bc3c929c4c15b038789256ccd941 b8f07b0ed8b34e50a1dfd2993e56cb93 - - - -] Added segment 8a48632e-1739-4af0-a908-69a7a0e6669e of type geneve for network 689084f3-87a2-40c0-b065-557529f2eeba
2026-07-21 07:57:34.935 9 INFO neutron.db.ovn_revision_numbers_db [None req-0f059e8e-e2ba-4e0c-bc40-d88e78819020 cf04bc3c929c4c15b038789256ccd941 b8f07b0ed8b34e50a1dfd2993e56cb93 - - - -] Successfully bumped revision number for resource 689084f3-87a2-40c0-b065-557529f2eeba (type: networks) to 1
