2026-07-21 07:55:54.589 9 INFO neutron.wsgi [None req-b4df81ea-b0fe-4333-9d6d-a470c16b04c5 a2250870d66f436db002d2fe0c256179 dc9c784cf93f4eb6a92ecf1802fd4fa5 - - default default] 10.0.0.37 "GET /v2.0/ports?device_id=dcb43033-7231-4921-bc58-ca4c66344b38 HTTP/1.1" status: 200 len: 205 time: 0.0382130
2026-07-21 07:55:54.856 9 INFO neutron.wsgi [req-49dafaba-8691-41a8-b95f-3e21bfccdb9d req-2c37aee6-7491-4dbc-a005-6b86222422a5 1b6a6b17dc714991a943390189061cea 9796ff7890114c13968851e69adf92a0 - - f75cd953ec1d47d48337cd8ec909d548 f75cd953ec1d47d48337cd8ec909d548] 10.0.0.210 "GET /v2.0/ports?device_id=76f32c2a-97c7-4b27-8e04-cf6afa53ca73 HTTP/1.1" status: 200 len: 1365 time: 0.0436387
2026-07-21 07:55:54.875 9 INFO neutron.wsgi [None req-89e4cba9-de06-4678-b7e2-8c10eab5e16b a2250870d66f436db002d2fe0c256179 dc9c784cf93f4eb6a92ecf1802fd4fa5 - - - -] 10.0.0.37 "DELETE /v2.0/routers/dcb43033-7231-4921-bc58-ca4c66344b38 HTTP/1.1" status: 204 len: 168 time: 0.2798672
2026-07-21 07:55:54.917 9 INFO neutron.wsgi [req-49dafaba-8691-41a8-b95f-3e21bfccdb9d req-0f4eff0f-6314-4349-89e4-7b35960aefb9 1b6a6b17dc714991a943390189061cea 9796ff7890114c13968851e69adf92a0 - - f75cd953ec1d47d48337cd8ec909d548 f75cd953ec1d47d48337cd8ec909d548] 10.0.0.210 "GET /v2.0/security-groups?id=a2adc92a-456f-4451-92fe-c34d2261de6f&fields=id&fields=name HTTP/1.1" status: 200 len: 313 time: 0.0530868
2026-07-21 07:55:55.083 9 INFO neutron.wsgi [None req-31e683cc-93d0-4777-9208-7e431239fd5c a2250870d66f436db002d2fe0c256179 dc9c784cf93f4eb6a92ecf1802fd4fa5 - - - -] 10.0.0.37 "DELETE /v2.0/subnets/55ec2018-1af5-4900-9085-88a738f016b2 HTTP/1.1" status: 204 len: 168 time: 0.2024307
2026-07-21 07:55:55.325 9 INFO neutron.wsgi [None req-957c6f01-60f6-4dfa-a20d-e126710e73b5 a2250870d66f436db002d2fe0c256179 dc9c784cf93f4eb6a92ecf1802fd4fa5 - - - -] 10.0.0.37 "DELETE /v2.0/subnets/3599f219-4280-43d7-8305-b6df589c371d HTTP/1.1" status: 204 len: 168 time: 0.2343056 /var/lib/openstack/lib/python3.10/site-packages/pycadf/identifier.py:71: UserWarning: Invalid uuid: neutron. To ensure interoperability, identifiers should be a valid uuid. warnings.warn(('Invalid uuid: %s. To ensure interoperability, '
2026-07-21 07:55:55.776 9 INFO neutron.wsgi [None req-90730a6c-3fae-4879-afe2-af6152e9a1fc a532eb8ae6504d45882226b57ebca59e a0fd0299ad664b999e2ba15c4ce27cf6 - - default default] 10.0.0.228 "GET /v2.0/extensions HTTP/1.1" status: 200 len: 16525 time: 0.0085275
2026-07-21 07:55:55.776 10 INFO neutron.services.segments.plugin [-] Segment 4ddb2719-60c6-4879-9b5a-0f2e58819f12 resource provider aggregate not found
2026-07-21 07:55:55.792 10 INFO neutron.services.segments.plugin [-] Segment 4ddb2719-60c6-4879-9b5a-0f2e58819f12 resource provider aggregate not found
2026-07-21 07:55:55.801 10 INFO neutron.services.segments.plugin [-] Segment 4ddb2719-60c6-4879-9b5a-0f2e58819f12 resource provider not found; error: Placement Client Error (4xx): {"errors": [{"status": 404, "title": "Not Found", "detail": "The resource could not be found.\n\n No resource provider with uuid 4ddb2719-60c6-4879-9b5a-0f2e58819f12 found for delete ", "request_id": "req-0d4345a6-1ee1-46c1-b6ff-461438110106"}]}
2026-07-21 07:55:55.809 10 INFO neutron.services.segments.plugin [-] Segment 4ddb2719-60c6-4879-9b5a-0f2e58819f12 resource provider not found; error: Placement Client Error (4xx): {"errors": [{"status": 404, "title": "Not Found", "detail": "The resource could not be found.\n\n No resource provider with uuid 4ddb2719-60c6-4879-9b5a-0f2e58819f12 found for delete ", "request_id": "req-f77ba18a-cbc3-4b88-b75e-b6fe8cd98377"}]}
2026-07-21 07:55:55.833 10 INFO neutron.wsgi [None req-c4affc70-df1a-4612-a4f4-ef8c2c998406 a2250870d66f436db002d2fe0c256179 dc9c784cf93f4eb6a92ecf1802fd4fa5 - - - -] 10.0.0.37 "DELETE /v2.0/networks/205beb81-960a-4bd7-988e-45831de9512e HTTP/1.1" status: 204 len: 168 time: 0.5019712
2026-07-21 07:55:55.920 9 INFO neutron.wsgi [None req-30b55913-f85c-45d6-aedc-bd00ff5d40fb a532eb8ae6504d45882226b57ebca59e a0fd0299ad664b999e2ba15c4ce27cf6 - - default default] 10.0.0.228 "GET /v2.0/quotas/a0fd0299ad664b999e2ba15c4ce27cf6/details HTTP/1.1" status: 200 len: 756 time: 0.1255233
2026-07-21 07:55:56.198 9 INFO neutron.services.segments.plugin [-] Segment ed03134e-6bd5-48f9-8477-4ab67a6ddf05 resource provider aggregate not found
2026-07-21 07:55:56.215 9 INFO neutron.services.segments.plugin [-] Segment ed03134e-6bd5-48f9-8477-4ab67a6ddf05 resource provider aggregate not found
2026-07-21 07:55:56.219 9 INFO neutron.services.segments.plugin [-] Segment ed03134e-6bd5-48f9-8477-4ab67a6ddf05 resource provider not found; error: Placement Client Error (4xx): {"errors": [{"status": 404, "title": "Not Found", "detail": "The resource could not be found.\n\n No resource provider with uuid ed03134e-6bd5-48f9-8477-4ab67a6ddf05 found for delete ", "request_id": "req-f5ac2a55-9809-4701-a540-8938f632bc29"}]}
2026-07-21 07:55:56.229 10 WARNING neutron.plugins.ml2.drivers.ovn.mech_driver.ovsdb.ovn_client [None req-0a4d5b0c-0275-45c2-92fb-518f62a388a5 - - - - - -] No port found with ID 6bc2e8c7-4b25-4139-a016-301530b9d392: RuntimeError: No port found with ID 6bc2e8c7-4b25-4139-a016-301530b9d392
2026-07-21 07:55:56.234 9 INFO neutron.services.segments.plugin [-] Segment ed03134e-6bd5-48f9-8477-4ab67a6ddf05 resource provider not found; error: Placement Client Error (4xx): {"errors": [{"status": 404, "title": "Not Found", "detail": "The resource could not be found.\n\n No resource provider with uuid ed03134e-6bd5-48f9-8477-4ab67a6ddf05 found for delete ", "request_id": "req-e3fac7e3-4f22-4777-aa3f-f08e4a290b9a"}]}
2026-07-21 07:55:56.256 9 INFO neutron.wsgi [None req-fdcf81f0-0eb4-4e34-b976-0c6fce087a54 a2250870d66f436db002d2fe0c256179 dc9c784cf93f4eb6a92ecf1802fd4fa5 - - - -] 10.0.0.37 "DELETE /v2.0/networks/e95869a4-0279-42f3-be61-e07041c000f1 HTTP/1.1" status: 204 len: 168 time: 0.4179728
2026-07-21 07:55:56.350 9 INFO neutron.db.segments_db [None req-c1799af2-581d-41b4-9b06-f224ec518b66 a2250870d66f436db002d2fe0c256179 dc9c784cf93f4eb6a92ecf1802fd4fa5 - - - -] Added segment 56e35c51-0954-47f4-a095-b13e6db5c588 of type geneve for network 8979b6d0-032c-47e2-9fa6-40ff0a908cc0
2026-07-21 07:55:56.479 9 INFO neutron.db.ovn_revision_numbers_db [None req-c1799af2-581d-41b4-9b06-f224ec518b66 a2250870d66f436db002d2fe0c256179 dc9c784cf93f4eb6a92ecf1802fd4fa5 - - - -] Successfully bumped revision number for resource 8979b6d0-032c-47e2-9fa6-40ff0a908cc0 (type: networks) to 1
2026-07-21 07:55:56.716 9 WARNING neutron.scheduler.dhcp_agent_scheduler [None req-c1799af2-581d-41b4-9b06-f224ec518b66 a2250870d66f436db002d2fe0c256179 dc9c784cf93f4eb6a92ecf1802fd4fa5 - - - -] No more DHCP agents
2026-07-21 07:55:56.718 9 WARNING neutron.api.rpc.agentnotifiers.dhcp_rpc_agent_api [None req-c1799af2-581d-41b4-9b06-f224ec518b66 a2250870d66f436db002d2fe0c256179 dc9c784cf93f4eb6a92ecf1802fd4fa5 - - - -] Unable to schedule network 8979b6d0-032c-47e2-9fa6-40ff0a908cc0: no agents available; will retry on subsequent port and subnet creation events.
2026-07-21 07:55:56.741 10 INFO neutron.wsgi [req-55dab55e-54a6-4f39-9561-887269e42d7e req-8851376b-b0eb-40c0-864d-fca4864eaebf 9d6299a5e17a4291b6123ac00e40b41a d5058861c79446c3809985be0426dad6 - - default default] 10.0.0.176 "GET /v2.0/ports?device_id=76f32c2a-97c7-4b27-8e04-cf6afa53ca73 HTTP/1.1" status: 200 len: 1174 time: 0.1108577
2026-07-21 07:55:56.783 9 INFO neutron.db.ovn_revision_numbers_db [None req-c1799af2-581d-41b4-9b06-f224ec518b66 a2250870d66f436db002d2fe0c256179 dc9c784cf93f4eb6a92ecf1802fd4fa5 - - - -] Successfully bumped revision number for resource 3267281d-c1e4-40a2-a925-0eb526de39d8 (type: ports) to 1
2026-07-21 07:55:56.787 10 INFO neutron.wsgi [req-55dab55e-54a6-4f39-9561-887269e42d7e req-80308a85-9d3c-4755-99c3-8bceb6f10cfb 9d6299a5e17a4291b6123ac00e40b41a d5058861c79446c3809985be0426dad6 - - default default] 10.0.0.176 "GET /v2.0/security-groups?id=a2adc92a-456f-4451-92fe-c34d2261de6f&fields=id&fields=name HTTP/1.1" status: 200 len: 313 time: 0.0389354
2026-07-21 07:55:56.809 9 INFO neutron.wsgi [None req-c1799af2-581d-41b4-9b06-f224ec518b66 a2250870d66f436db002d2fe0c256179 dc9c784cf93f4eb6a92ecf1802fd4fa5 - - - -] 10.0.0.37 "POST /v2.0/networks HTTP/1.1" status: 201 len: 828 time: 0.5398357
2026-07-21 07:55:56.985 10 INFO neutron.wsgi [req-9a9911c7-da95-4543-bd1d-15b378374db0 req-7716aee9-0c65-4965-9ae1-1b360b93e6a8 9d6299a5e17a4291b6123ac00e40b41a d5058861c79446c3809985be0426dad6 - - default default] 199.19.213.199 "GET /v2.0/ports?device_id=76f32c2a-97c7-4b27-8e04-cf6afa53ca73 HTTP/1.1" status: 200 len: 1174 time: 0.0502946
2026-07-21 07:55:57.414 9 WARNING neutron.scheduler.dhcp_agent_scheduler [None req-8ec1beff-0aad-488f-8352-ecf03e2565ab a2250870d66f436db002d2fe0c256179 dc9c784cf93f4eb6a92ecf1802fd4fa5 - - - -] No more DHCP agents
2026-07-21 07:55:57.416 9 WARNING neutron.api.rpc.agentnotifiers.dhcp_rpc_agent_api [None req-8ec1beff-0aad-488f-8352-ecf03e2565ab a2250870d66f436db002d2fe0c256179 dc9c784cf93f4eb6a92ecf1802fd4fa5 - - - -] Unable to schedule network 8979b6d0-032c-47e2-9fa6-40ff0a908cc0: no agents available; will retry on subsequent port and subnet creation events.
2026-07-21 07:55:57.694 10 INFO neutron.db.l3_db [None req-2b09a162-af58-43cf-985f-b8f056f378b0 9d6299a5e17a4291b6123ac00e40b41a d5058861c79446c3809985be0426dad6 - - - -] Floating IP 377153e9-8442-4e01-b99e-344f5e7e8e13 disassociated. External IP: 10.96.250.214, port: adfc077f-f546-4bb2-b607-4ae98586173e. /var/lib/openstack/lib/python3.10/site-packages/pycadf/identifier.py:71: UserWarning: Invalid uuid: neutron. To ensure interoperability, identifiers should be a valid uuid. warnings.warn(('Invalid uuid: %s. To ensure interoperability, '
2026-07-21 07:55:57.895 9 INFO neutron.db.ovn_revision_numbers_db [None req-8ec1beff-0aad-488f-8352-ecf03e2565ab a2250870d66f436db002d2fe0c256179 dc9c784cf93f4eb6a92ecf1802fd4fa5 - - - -] Successfully bumped revision number for resource 3267281d-c1e4-40a2-a925-0eb526de39d8 (type: ports) to 2
2026-07-21 07:55:57.909 9 INFO neutron.db.ovn_revision_numbers_db [None req-8ec1beff-0aad-488f-8352-ecf03e2565ab a2250870d66f436db002d2fe0c256179 dc9c784cf93f4eb6a92ecf1802fd4fa5 - - - -] Successfully bumped revision number for resource b9019315-fd92-43b7-9058-a9d56f7a10b6 (type: subnets) to 0
2026-07-21 07:55:57.925 9 INFO neutron.wsgi [None req-8ec1beff-0aad-488f-8352-ecf03e2565ab a2250870d66f436db002d2fe0c256179 dc9c784cf93f4eb6a92ecf1802fd4fa5 - - - -] 10.0.0.37 "POST /v2.0/subnets HTTP/1.1" status: 201 len: 801 time: 1.1110933
2026-07-21 07:55:57.934 10 INFO neutron.wsgi [req-030b5514-c3fc-441d-829d-8fb54d7f8bf6 req-a860b18e-d074-479b-99bc-e5d93ee93a1f 9d6299a5e17a4291b6123ac00e40b41a d5058861c79446c3809985be0426dad6 - - default default] 10.0.0.176 "GET /v2.0/ports?device_id=76f32c2a-97c7-4b27-8e04-cf6afa53ca73 HTTP/1.1" status: 200 len: 1174 time: 0.0657041
2026-07-21 07:55:57.971 10 INFO neutron.wsgi [None req-2b09a162-af58-43cf-985f-b8f056f378b0 9d6299a5e17a4291b6123ac00e40b41a d5058861c79446c3809985be0426dad6 - - - -] 199.19.213.199 "DELETE /v2.0/ports/adfc077f-f546-4bb2-b607-4ae98586173e HTTP/1.1" status: 204 len: 173 time: 0.9814227
2026-07-21 07:55:57.985 10 INFO neutron.wsgi [req-030b5514-c3fc-441d-829d-8fb54d7f8bf6 req-5ebb37b6-cee1-4741-b7b6-fadcc857b723 9d6299a5e17a4291b6123ac00e40b41a d5058861c79446c3809985be0426dad6 - - default default] 10.0.0.176 "GET /v2.0/security-groups?id=a2adc92a-456f-4451-92fe-c34d2261de6f&fields=id&fields=name HTTP/1.1" status: 200 len: 313 time: 0.0455515
2026-07-21 07:55:58.015 10 INFO neutron.notifiers.nova [-] Nova event matching ['req-b782fa9f-417e-4211-984b-d884868f145f'] response: {'server_uuid': '76f32c2a-97c7-4b27-8e04-cf6afa53ca73', 'name': 'network-vif-deleted', 'tag': 'adfc077f-f546-4bb2-b607-4ae98586173e', 'status': 'completed', 'code': 200}
2026-07-21 07:55:58.028 9 WARNING neutron.plugins.ml2.drivers.ovn.mech_driver.ovsdb.ovn_client [None req-1096d1bb-1619-4472-9536-ac3a88dc9fbc - - - - - -] No port found with ID 6791b944-3aac-4647-8f0c-261e3eb68e55: RuntimeError: No port found with ID 6791b944-3aac-4647-8f0c-261e3eb68e55
2026-07-21 07:55:58.028 9 INFO neutron.plugins.ml2.drivers.ovn.mech_driver.mech_driver [None req-1096d1bb-1619-4472-9536-ac3a88dc9fbc - - - - - -] OVN reports status down for port: adfc077f-f546-4bb2-b607-4ae98586173e
2026-07-21 07:55:58.137 9 INFO neutron.db.ovn_revision_numbers_db [None req-d678fbc8-3374-459d-ae11-ee4926080a2c a2250870d66f436db002d2fe0c256179 dc9c784cf93f4eb6a92ecf1802fd4fa5 - - - -] Successfully bumped revision number for resource 7eeb5832-d14a-4e52-85d8-03aef8e97059 (type: routers) to 1
2026-07-21 07:55:58.154 9 INFO neutron.wsgi [None req-d678fbc8-3374-459d-ae11-ee4926080a2c a2250870d66f436db002d2fe0c256179 dc9c784cf93f4eb6a92ecf1802fd4fa5 - - - -] 10.0.0.37 "POST /v2.0/routers HTTP/1.1" status: 201 len: 687 time: 0.2217960
2026-07-21 07:55:58.500 9 WARNING neutron.scheduler.dhcp_agent_scheduler [None req-11250848-2c91-4e99-b48e-270fba4e1c78 a2250870d66f436db002d2fe0c256179 dc9c784cf93f4eb6a92ecf1802fd4fa5 - - - -] No more DHCP agents
2026-07-21 07:55:58.502 9 WARNING neutron.api.rpc.agentnotifiers.dhcp_rpc_agent_api [None req-11250848-2c91-4e99-b48e-270fba4e1c78 a2250870d66f436db002d2fe0c256179 dc9c784cf93f4eb6a92ecf1802fd4fa5 - - - -] Unable to schedule network 8979b6d0-032c-47e2-9fa6-40ff0a908cc0: no agents available; will retry on subsequent port and subnet creation events.
2026-07-21 07:55:58.671 10 INFO neutron.db.ovn_revision_numbers_db [None req-ae5480d0-8c3a-466f-9251-7255c249c319 c559b67c8dc14c6e9bb7fa2452ec7a44 3b5df8bf225349b0ab7bd2b1a0d2c1b1 - - default default] Successfully bumped revision number for resource 72ef616c-c207-4f89-96dc-3903d5582e5a (type: security_groups) to 1
2026-07-21 07:55:58.703 10 INFO neutron.wsgi [None req-ae5480d0-8c3a-466f-9251-7255c249c319 c559b67c8dc14c6e9bb7fa2452ec7a44 3b5df8bf225349b0ab7bd2b1a0d2c1b1 - - default default] 10.0.0.37 "GET /v2.0/security-groups?tenant_id=a0fd0299ad664b999e2ba15c4ce27cf6&name=default HTTP/1.1" status: 200 len: 2996 time: 0.2868142
2026-07-21 07:55:58.709 9 INFO neutron.db.ovn_revision_numbers_db [None req-11250848-2c91-4e99-b48e-270fba4e1c78 a2250870d66f436db002d2fe0c256179 dc9c784cf93f4eb6a92ecf1802fd4fa5 - - - -] Successfully bumped revision number for resource 5b9f4739-8672-4c12-b564-392001caa170 (type: ports) to 1
2026-07-21 07:55:58.736 9 INFO neutron.wsgi [None req-11250848-2c91-4e99-b48e-270fba4e1c78 a2250870d66f436db002d2fe0c256179 dc9c784cf93f4eb6a92ecf1802fd4fa5 - - - -] 10.0.0.37 "POST /v2.0/ports HTTP/1.1" status: 201 len: 1151 time: 0.5691226 /var/lib/openstack/lib/python3.10/site-packages/pycadf/identifier.py:71: UserWarning: Invalid uuid: neutron. To ensure interoperability, identifiers should be a valid uuid. warnings.warn(('Invalid uuid: %s. To ensure interoperability, '
2026-07-21 07:55:58.888 10 INFO neutron.wsgi [None req-4b4fbd83-b362-4707-9fe8-35d2746eaf0c c559b67c8dc14c6e9bb7fa2452ec7a44 3b5df8bf225349b0ab7bd2b1a0d2c1b1 - - - -] 10.0.0.37 "DELETE /v2.0/security-groups/72ef616c-c207-4f89-96dc-3903d5582e5a HTTP/1.1" status: 204 len: 168 time: 0.1810162
2026-07-21 07:55:59.201 10 INFO neutron.plugins.ml2.drivers.ovn.mech_driver.mech_driver [None req-0a4d5b0c-0275-45c2-92fb-518f62a388a5 - - - - - -] OVN reports status up for port: 5b9f4739-8672-4c12-b564-392001caa170
2026-07-21 07:55:59.203 9 INFO neutron.db.ovn_revision_numbers_db [None req-92a47bde-dcb9-4ee8-9591-b2ee20f93f20 a2250870d66f436db002d2fe0c256179 dc9c784cf93f4eb6a92ecf1802fd4fa5 - - default default] Successfully bumped revision number for resource 5b9f4739-8672-4c12-b564-392001caa170 (type: router_ports) to 2
2026-07-21 07:55:59.207 10 INFO neutron.wsgi [None req-55f03df9-9357-4cf9-a37b-f08862fa81e9 9d6299a5e17a4291b6123ac00e40b41a d5058861c79446c3809985be0426dad6 - - - -] 10.0.0.37 "DELETE /v2.0/security-groups/a2adc92a-456f-4451-92fe-c34d2261de6f HTTP/1.1" status: 204 len: 168 time: 0.1523926
2026-07-21 07:55:59.215 10 INFO neutron.plugins.ml2.plugin [None req-0a4d5b0c-0275-45c2-92fb-518f62a388a5 - - - - - -] Attempt 1 to provision port 5b9f4739-8672-4c12-b564-392001caa170 /var/lib/openstack/lib/python3.10/site-packages/pycadf/identifier.py:71: UserWarning: Invalid uuid: neutron. To ensure interoperability, identifiers should be a valid uuid. warnings.warn(('Invalid uuid: %s. To ensure interoperability, '
2026-07-21 07:55:59.520 9 INFO neutron.db.ovn_revision_numbers_db [None req-92a47bde-dcb9-4ee8-9591-b2ee20f93f20 a2250870d66f436db002d2fe0c256179 dc9c784cf93f4eb6a92ecf1802fd4fa5 - - default default] Successfully bumped revision number for resource 5b9f4739-8672-4c12-b564-392001caa170 (type: ports) to 2
2026-07-21 07:55:59.568 10 INFO neutron.db.ovn_revision_numbers_db [None req-0a4d5b0c-0275-45c2-92fb-518f62a388a5 - - - - - -] Successfully bumped revision number for resource 5b9f4739-8672-4c12-b564-392001caa170 (type: ports) to 3
2026-07-21 07:55:59.716 10 INFO neutron.db.ovn_revision_numbers_db [None req-0a4d5b0c-0275-45c2-92fb-518f62a388a5 - - - - - -] Successfully bumped revision number for resource 5b9f4739-8672-4c12-b564-392001caa170 (type: router_ports) to 3
2026-07-21 07:55:59.834 9 INFO neutron.wsgi [None req-34edd023-e9e5-4689-88ee-bc9dad8bde03 9d6299a5e17a4291b6123ac00e40b41a d5058861c79446c3809985be0426dad6 - - - -] 10.0.0.37 "DELETE /v2.0/floatingips/377153e9-8442-4e01-b99e-344f5e7e8e13 HTTP/1.1" status: 204 len: 168 time: 0.5988357 /var/lib/openstack/lib/python3.10/site-packages/pycadf/identifier.py:71: UserWarning: Invalid uuid: neutron. To ensure interoperability, identifiers should be a valid uuid. warnings.warn(('Invalid uuid: %s. To ensure interoperability, '
2026-07-21 07:56:00.030 10 INFO neutron.wsgi [req-c240957c-a7e4-4286-964c-f0045d47e08e req-3aa0e0de-7220-4836-9143-eedd64c81f81 9d6299a5e17a4291b6123ac00e40b41a d5058861c79446c3809985be0426dad6 - - default default] 10.0.0.176 "GET /v2.0/ports?device_id=2d0d1514-d17d-450f-9821-5d01ba310a77 HTTP/1.1" status: 200 len: 1170 time: 0.0485022
2026-07-21 07:56:00.057 9 INFO neutron.plugins.ml2.drivers.ovn.mech_driver.mech_driver [None req-1096d1bb-1619-4472-9536-ac3a88dc9fbc - - - - - -] OVN reports status down for port: c059b06f-e37a-406c-9ae0-cf9d25faa5cf
2026-07-21 07:56:00.078 10 INFO neutron.wsgi [req-c240957c-a7e4-4286-964c-f0045d47e08e req-50cc9822-890b-4a8b-8c89-affde982e844 9d6299a5e17a4291b6123ac00e40b41a d5058861c79446c3809985be0426dad6 - - default default] 10.0.0.176 "GET /v2.0/security-groups?id=849f6fbd-251f-4121-92fb-be3cd8a865c2&fields=id&fields=name HTTP/1.1" status: 200 len: 313 time: 0.0358429
2026-07-21 07:56:00.198 9 INFO neutron.db.ovn_revision_numbers_db [None req-92a47bde-dcb9-4ee8-9591-b2ee20f93f20 a2250870d66f436db002d2fe0c256179 dc9c784cf93f4eb6a92ecf1802fd4fa5 - - default default] Successfully bumped revision number for resource 5b9f4739-8672-4c12-b564-392001caa170 (type: ports) to 4
2026-07-21 07:56:00.229 9 INFO neutron.notifiers.nova [-] Nova event matching ['req-d34cc010-9994-4198-b4cd-508b67f6c29a'] response: {'server_uuid': '2d0d1514-d17d-450f-9821-5d01ba310a77', 'name': 'network-vif-unplugged', 'status': 'completed', 'tag': 'c059b06f-e37a-406c-9ae0-cf9d25faa5cf', 'code': 200}
2026-07-21 07:56:00.298 9 WARNING neutron.scheduler.dhcp_agent_scheduler [None req-92a47bde-dcb9-4ee8-9591-b2ee20f93f20 a2250870d66f436db002d2fe0c256179 dc9c784cf93f4eb6a92ecf1802fd4fa5 - - default default] No more DHCP agents
2026-07-21 07:56:00.301 9 WARNING neutron.api.rpc.agentnotifiers.dhcp_rpc_agent_api [None req-92a47bde-dcb9-4ee8-9591-b2ee20f93f20 a2250870d66f436db002d2fe0c256179 dc9c784cf93f4eb6a92ecf1802fd4fa5 - - default default] Unable to schedule network 8979b6d0-032c-47e2-9fa6-40ff0a908cc0: no agents available; will retry on subsequent port and subnet creation events.
2026-07-21 07:56:00.342 10 INFO neutron.wsgi [req-e0a752c0-b27b-43e6-8146-569912ceaaef req-151c2514-28dd-4e05-96ea-22cccb94eb7d 9d6299a5e17a4291b6123ac00e40b41a d5058861c79446c3809985be0426dad6 - - default default] 199.19.213.199 "GET /v2.0/ports?device_id=2d0d1514-d17d-450f-9821-5d01ba310a77 HTTP/1.1" status: 200 len: 1168 time: 0.0404556
2026-07-21 07:56:00.686 10 INFO neutron.wsgi [None req-3c0a53e4-fba2-4f7c-b9e2-76d5dbb993e1 9d6299a5e17a4291b6123ac00e40b41a d5058861c79446c3809985be0426dad6 - - - -] 199.19.213.199 "DELETE /v2.0/ports/c059b06f-e37a-406c-9ae0-cf9d25faa5cf HTTP/1.1" status: 204 len: 173 time: 0.3384333
2026-07-21 07:56:00.724 10 INFO neutron.notifiers.nova [-] Nova event matching ['req-25874001-d636-4e4f-a3de-171588f6ddb2'] response: {'server_uuid': '2d0d1514-d17d-450f-9821-5d01ba310a77', 'name': 'network-vif-deleted', 'tag': 'c059b06f-e37a-406c-9ae0-cf9d25faa5cf', 'status': 'completed', 'code': 200}
2026-07-21 07:56:00.826 9 ERROR neutron.plugins.ml2.managers [None req-1096d1bb-1619-4472-9536-ac3a88dc9fbc - - - - - -] Mechanism driver 'ovn' failed in update_port_postcommit: ovsdbapp.backend.ovs_idl.idlutils.RowNotFound: Cannot find Logical_Switch_Port with name=c059b06f-e37a-406c-9ae0-cf9d25faa5cf
2026-07-21 07:56:00.826 9 ERROR neutron.plugins.ml2.managers
Traceback (most recent call last):
2026-07-21 07:56:00.826 9 ERROR neutron.plugins.ml2.managers
File "/var/lib/openstack/lib/python3.10/site-packages/neutron/plugins/ml2/managers.py", line 497, in _call_on_drivers
2026-07-21 07:56:00.826 9 ERROR neutron.plugins.ml2.managers getattr(driver.obj, method_name)(context)
2026-07-21 07:56:00.826 9 ERROR neutron.plugins.ml2.managers
File "/var/lib/openstack/lib/python3.10/site-packages/neutron/plugins/ml2/drivers/ovn/mech_driver/mech_driver.py", line 874, in update_port_postcommit
2026-07-21 07:56:00.826 9 ERROR neutron.plugins.ml2.managers self._ovn_update_port(context._plugin_context, port, original_port,
2026-07-21 07:56:00.826 9 ERROR neutron.plugins.ml2.managers
File "/var/lib/openstack/lib/python3.10/site-packages/neutron/plugins/ml2/drivers/ovn/mech_driver/mech_driver.py", line 757, in _ovn_update_port
2026-07-21 07:56:00.826 9 ERROR neutron.plugins.ml2.managers self._ovn_client.update_port(plugin_context, port,
2026-07-21 07:56:00.826 9 ERROR neutron.plugins.ml2.managers
File "/var/lib/openstack/lib/python3.10/site-packages/neutron/plugins/ml2/drivers/ovn/mech_driver/ovsdb/ovn_client.py", line 813, in update_port
2026-07-21 07:56:00.826 9 ERROR neutron.plugins.ml2.managers ovn_port = self._nb_idl.lookup('Logical_Switch_Port', port['id'])
2026-07-21 07:56:00.826 9 ERROR neutron.plugins.ml2.managers
File "/var/lib/openstack/lib/python3.10/site-packages/ovsdbapp/backend/ovs_idl/__init__.py", line 181, in lookup
2026-07-21 07:56:00.826 9 ERROR neutron.plugins.ml2.managers return self._lookup(table, record)
2026-07-21 07:56:00.826 9 ERROR neutron.plugins.ml2.managers
File "/var/lib/openstack/lib/python3.10/site-packages/ovsdbapp/backend/ovs_idl/__init__.py", line 228, in _lookup
2026-07-21 07:56:00.826 9 ERROR neutron.plugins.ml2.managers row = idlutils.row_by_value(self, rl.table, rl.column, record)
2026-07-21 07:56:00.826 9 ERROR neutron.plugins.ml2.managers
File "/var/lib/openstack/lib/python3.10/site-packages/ovsdbapp/backend/ovs_idl/idlutils.py", line 114, in row_by_value
2026-07-21 07:56:00.826 9 ERROR neutron.plugins.ml2.managers raise RowNotFound(table=table, col=column, match=match)
2026-07-21 07:56:00.826 9 ERROR neutron.plugins.ml2.managers ovsdbapp.backend.ovs_idl.idlutils.RowNotFound: Cannot find Logical_Switch_Port with name=c059b06f-e37a-406c-9ae0-cf9d25faa5cf
2026-07-21 07:56:00.826 9 ERROR neutron.plugins.ml2.managers 
2026-07-21 07:56:00.913 9 INFO neutron.db.ovn_revision_numbers_db [None req-92a47bde-dcb9-4ee8-9591-b2ee20f93f20 a2250870d66f436db002d2fe0c256179 dc9c784cf93f4eb6a92ecf1802fd4fa5 - - - -] Successfully bumped revision number for resource 5b9f4739-8672-4c12-b564-392001caa170 (type: router_ports) to 4
2026-07-21 07:56:00.917 9 INFO neutron.wsgi [None req-92a47bde-dcb9-4ee8-9591-b2ee20f93f20 a2250870d66f436db002d2fe0c256179 dc9c784cf93f4eb6a92ecf1802fd4fa5 - - - -] 10.0.0.37 "PUT /v2.0/routers/7eeb5832-d14a-4e52-85d8-03aef8e97059/add_router_interface HTTP/1.1" status: 200 len: 503 time: 2.1742730 /var/lib/openstack/lib/python3.10/site-packages/pycadf/identifier.py:71: UserWarning: Invalid uuid: neutron. To ensure interoperability, identifiers should be a valid uuid. warnings.warn(('Invalid uuid: %s. To ensure interoperability, '
2026-07-21 07:56:00.967 9 INFO neutron.wsgi [None req-dbeac2ee-ca03-4265-953b-fce323751e33 a2250870d66f436db002d2fe0c256179 dc9c784cf93f4eb6a92ecf1802fd4fa5 - - default default] 10.0.0.37 "GET /v2.0/ports/5b9f4739-8672-4c12-b564-392001caa170 HTTP/1.1" status: 200 len: 1209 time: 0.0449343
2026-07-21 07:56:01.260 10 INFO neutron.wsgi [None req-74afbf2e-a9c2-4d6f-a994-03d500dfde39 9d6299a5e17a4291b6123ac00e40b41a d5058861c79446c3809985be0426dad6 - - - -] 10.0.0.37 "DELETE /v2.0/security-groups/849f6fbd-251f-4121-92fb-be3cd8a865c2 HTTP/1.1" status: 204 len: 168 time: 0.1201329
2026-07-21 07:56:01.679 9 INFO neutron.wsgi [None req-c6793438-4e14-4285-99cd-ed274d4ca369 a2250870d66f436db002d2fe0c256179 dc9c784cf93f4eb6a92ecf1802fd4fa5 - - - -] 10.0.0.37 "PUT /v2.0/routers/7eeb5832-d14a-4e52-85d8-03aef8e97059/remove_router_interface HTTP/1.1" status: 200 len: 503 time: 0.7055895
2026-07-21 07:56:01.771 10 INFO neutron.api.v2.resource [None req-3236ed4e-4e08-4fa8-ad98-6681ddef8368 a2250870d66f436db002d2fe0c256179 dc9c784cf93f4eb6a92ecf1802fd4fa5 - - default default] remove_router_interface failed (client error): The resource could not be found.
2026-07-21 07:56:01.773 10 INFO neutron.wsgi [None req-3236ed4e-4e08-4fa8-ad98-6681ddef8368 a2250870d66f436db002d2fe0c256179 dc9c784cf93f4eb6a92ecf1802fd4fa5 - - default default] 10.0.0.37 "PUT /v2.0/routers/7eeb5832-d14a-4e52-85d8-03aef8e97059/remove_router_interface HTTP/1.1" status: 404 len: 398 time: 0.0868483
2026-07-21 07:56:01.821 10 INFO neutron.wsgi [None req-562e7819-b4ce-4277-8acd-d1fd58b0b3e1 a2250870d66f436db002d2fe0c256179 dc9c784cf93f4eb6a92ecf1802fd4fa5 - - default default] 10.0.0.37 "GET /v2.0/ports?device_id=7eeb5832-d14a-4e52-85d8-03aef8e97059 HTTP/1.1" status: 200 len: 205 time: 0.0421040
2026-07-21 07:56:02.117 10 INFO neutron.wsgi [None req-44647f87-894c-4c1d-8b24-413fef2233a6 a2250870d66f436db002d2fe0c256179 dc9c784cf93f4eb6a92ecf1802fd4fa5 - - - -] 10.0.0.37 "DELETE /v2.0/routers/7eeb5832-d14a-4e52-85d8-03aef8e97059 HTTP/1.1" status: 204 len: 168 time: 0.2892690 /var/lib/openstack/lib/python3.10/site-packages/pycadf/identifier.py:71: UserWarning: Invalid uuid: neutron. To ensure interoperability, identifiers should be a valid uuid. warnings.warn(('Invalid uuid: %s. To ensure interoperability, '
2026-07-21 07:56:02.286 9 INFO neutron.notifiers.nova [-] Nova event matching ['req-7a2d31ba-5f9d-47b9-84e5-d1d2ddaef869'] response: {'server_uuid': '2d0d1514-d17d-450f-9821-5d01ba310a77', 'name': 'network-vif-plugged', 'status': 'completed', 'tag': 'c059b06f-e37a-406c-9ae0-cf9d25faa5cf', 'code': 200}
2026-07-21 07:56:02.412 9 INFO neutron.wsgi [None req-a71e2dd0-a2fa-49ed-8cb1-0dec4c2eb6e2 a2250870d66f436db002d2fe0c256179 dc9c784cf93f4eb6a92ecf1802fd4fa5 - - - -] 10.0.0.37 "DELETE /v2.0/subnets/b9019315-fd92-43b7-9058-a9d56f7a10b6 HTTP/1.1" status: 204 len: 168 time: 0.2881486
2026-07-21 07:56:02.536 10 INFO neutron.wsgi [None req-e1cf3455-5940-4fed-90c1-2d23a971a1bb 9d6299a5e17a4291b6123ac00e40b41a d5058861c79446c3809985be0426dad6 - - - -] 10.0.0.37 "PUT /v2.0/routers/34f8213b-c6a9-493f-b947-95d97ff9f430/remove_router_interface HTTP/1.1" status: 200 len: 503 time: 1.2414360 /var/lib/openstack/lib/python3.10/site-packages/pycadf/identifier.py:71: UserWarning: Invalid uuid: neutron. To ensure interoperability, identifiers should be a valid uuid. warnings.warn(('Invalid uuid: %s. To ensure interoperability, '
2026-07-21 07:56:02.811 10 INFO neutron.wsgi [None req-0e8b1c63-854f-45f1-9d03-c04fd04b214e 9d6299a5e17a4291b6123ac00e40b41a d5058861c79446c3809985be0426dad6 - - - -] 10.0.0.37 "DELETE /v2.0/subnets/c8adfd31-2635-4c05-b5d6-eca76e764b05 HTTP/1.1" status: 204 len: 168 time: 0.2636232
2026-07-21 07:56:02.812 9 INFO neutron.services.segments.plugin [-] Segment 56e35c51-0954-47f4-a095-b13e6db5c588 resource provider aggregate not found
2026-07-21 07:56:02.821 9 INFO neutron.services.segments.plugin [-] Segment 56e35c51-0954-47f4-a095-b13e6db5c588 resource provider aggregate not found
2026-07-21 07:56:02.841 9 INFO neutron.services.segments.plugin [-] Segment 56e35c51-0954-47f4-a095-b13e6db5c588 resource provider not found; error: Placement Client Error (4xx): {"errors": [{"status": 404, "title": "Not Found", "detail": "The resource could not be found.\n\n No resource provider with uuid 56e35c51-0954-47f4-a095-b13e6db5c588 found for delete ", "request_id": "req-c0163271-545c-46f9-9da8-d9f1acec4cfc"}]}
2026-07-21 07:56:02.842 9 INFO neutron.services.segments.plugin [-] Segment 56e35c51-0954-47f4-a095-b13e6db5c588 resource provider not found; error: Placement Client Error (4xx): {"errors": [{"status": 404, "title": "Not Found", "detail": "The resource could not be found.\n\n No resource provider with uuid 56e35c51-0954-47f4-a095-b13e6db5c588 found for delete ", "request_id": "req-80d89488-fc24-446c-a4c7-ad8b843d50c3"}]}
2026-07-21 07:56:02.870 9 INFO neutron.wsgi [None req-a53a2cc5-a553-4aed-bb2d-b518d1c5f912 a2250870d66f436db002d2fe0c256179 dc9c784cf93f4eb6a92ecf1802fd4fa5 - - - -] 10.0.0.37 "DELETE /v2.0/networks/8979b6d0-032c-47e2-9fa6-40ff0a908cc0 HTTP/1.1" status: 204 len: 168 time: 0.4519892
2026-07-21 07:56:02.957 9 INFO neutron.db.segments_db [None req-c77f782a-2ca2-445c-b10d-9d03e8fadf06 a2250870d66f436db002d2fe0c256179 dc9c784cf93f4eb6a92ecf1802fd4fa5 - - - -] Added segment 85fa0617-17b3-4617-8801-4ab73d9aa6f5 of type geneve for network 992e0fec-90a0-4230-8989-b0457c3add49
2026-07-21 07:56:03.073 9 INFO neutron.db.ovn_revision_numbers_db [None req-c77f782a-2ca2-445c-b10d-9d03e8fadf06 a2250870d66f436db002d2fe0c256179 dc9c784cf93f4eb6a92ecf1802fd4fa5 - - - -] Successfully bumped revision number for resource 992e0fec-90a0-4230-8989-b0457c3add49 (type: networks) to 1
2026-07-21 07:56:03.290 9 WARNING neutron.scheduler.dhcp_agent_scheduler [None req-c77f782a-2ca2-445c-b10d-9d03e8fadf06 a2250870d66f436db002d2fe0c256179 dc9c784cf93f4eb6a92ecf1802fd4fa5 - - - -] No more DHCP agents
2026-07-21 07:56:03.292 9 WARNING neutron.api.rpc.agentnotifiers.dhcp_rpc_agent_api [None req-c77f782a-2ca2-445c-b10d-9d03e8fadf06 a2250870d66f436db002d2fe0c256179 dc9c784cf93f4eb6a92ecf1802fd4fa5 - - - -] Unable to schedule network 992e0fec-90a0-4230-8989-b0457c3add49: no agents available; will retry on subsequent port and subnet creation events.
2026-07-21 07:56:03.355 9 INFO neutron.db.ovn_revision_numbers_db [None req-c77f782a-2ca2-445c-b10d-9d03e8fadf06 a2250870d66f436db002d2fe0c256179 dc9c784cf93f4eb6a92ecf1802fd4fa5 - - - -] Successfully bumped revision number for resource 6c2226c8-2ab9-4f16-8001-b944517d7e8d (type: ports) to 1
2026-07-21 07:56:03.380 9 INFO neutron.wsgi [None req-c77f782a-2ca2-445c-b10d-9d03e8fadf06 a2250870d66f436db002d2fe0c256179 dc9c784cf93f4eb6a92ecf1802fd4fa5 - - - -] 10.0.0.37 "POST /v2.0/networks HTTP/1.1" status: 201 len: 828 time: 0.4989572
2026-07-21 07:56:03.466 9 INFO neutron.db.ovn_revision_numbers_db [None req-37fb5a08-455e-498f-b7dc-a9b492ab1406 aaa2d514de6646b082d281fda97f2125 176a02594f2746b081793ef729d5346a - - - -] Successfully bumped revision number for resource 0b70ad76-edc4-4567-81d4-83dbd8b16a20 (type: security_groups) to 1
2026-07-21 07:56:03.517 9 INFO neutron.db.segments_db [None req-37fb5a08-455e-498f-b7dc-a9b492ab1406 aaa2d514de6646b082d281fda97f2125 176a02594f2746b081793ef729d5346a - - - -] Added segment 171481f2-dcc9-4927-a605-e08c0e276d11 of type geneve for network e073c4a6-8e0c-4588-b7dd-8258e1d67585
2026-07-21 07:56:03.644 9 INFO neutron.db.ovn_revision_numbers_db [None req-37fb5a08-455e-498f-b7dc-a9b492ab1406 aaa2d514de6646b082d281fda97f2125 176a02594f2746b081793ef729d5346a - - - -] Successfully bumped revision number for resource e073c4a6-8e0c-4588-b7dd-8258e1d67585 (type: networks) to 1
2026-07-21 07:56:03.729 10 WARNING neutron.scheduler.dhcp_agent_scheduler [None req-1eed3b11-0a33-41a4-9449-7634844ac288 a2250870d66f436db002d2fe0c256179 dc9c784cf93f4eb6a92ecf1802fd4fa5 - - - -] No more DHCP agents
2026-07-21 07:56:03.732 10 WARNING neutron.api.rpc.agentnotifiers.dhcp_rpc_agent_api [None req-1eed3b11-0a33-41a4-9449-7634844ac288 a2250870d66f436db002d2fe0c256179 dc9c784cf93f4eb6a92ecf1802fd4fa5 - - - -] Unable to schedule network 992e0fec-90a0-4230-8989-b0457c3add49: no agents available; will retry on subsequent port and subnet creation events.
2026-07-21 07:56:03.836 9 WARNING neutron.scheduler.dhcp_agent_scheduler [None req-37fb5a08-455e-498f-b7dc-a9b492ab1406 aaa2d514de6646b082d281fda97f2125 176a02594f2746b081793ef729d5346a - - - -] No more DHCP agents
2026-07-21 07:56:03.837 9 WARNING neutron.api.rpc.agentnotifiers.dhcp_rpc_agent_api [None req-37fb5a08-455e-498f-b7dc-a9b492ab1406 aaa2d514de6646b082d281fda97f2125 176a02594f2746b081793ef729d5346a - - - -] Unable to schedule network e073c4a6-8e0c-4588-b7dd-8258e1d67585: no agents available; will retry on subsequent port and subnet creation events.
2026-07-21 07:56:03.902 9 INFO neutron.db.ovn_revision_numbers_db [None req-37fb5a08-455e-498f-b7dc-a9b492ab1406 aaa2d514de6646b082d281fda97f2125 176a02594f2746b081793ef729d5346a - - - -] Successfully bumped revision number for resource 427e463a-34c2-4ce2-a634-6bdccbf7f9bc (type: ports) to 1
2026-07-21 07:56:03.923 9 INFO neutron.wsgi [None req-37fb5a08-455e-498f-b7dc-a9b492ab1406 aaa2d514de6646b082d281fda97f2125 176a02594f2746b081793ef729d5346a - - - -] 10.0.0.37 "POST /v2.0/networks HTTP/1.1" status: 201 len: 831 time: 0.7391102
2026-07-21 07:56:03.952 10 INFO neutron.wsgi [None req-f9fc3af4-d4e9-4bab-8f03-5bd620abd179 9d6299a5e17a4291b6123ac00e40b41a d5058861c79446c3809985be0426dad6 - - - -] 10.0.0.37 "DELETE /v2.0/routers/34f8213b-c6a9-493f-b947-95d97ff9f430 HTTP/1.1" status: 204 len: 168 time: 1.1303556
2026-07-21 07:56:04.180 9 WARNING neutron.scheduler.dhcp_agent_scheduler [None req-14c18e09-dbf8-44ef-ba4a-59e79e7263b3 aaa2d514de6646b082d281fda97f2125 176a02594f2746b081793ef729d5346a - - - -] No more DHCP agents
2026-07-21 07:56:04.181 9 WARNING neutron.api.rpc.agentnotifiers.dhcp_rpc_agent_api [None req-14c18e09-dbf8-44ef-ba4a-59e79e7263b3 aaa2d514de6646b082d281fda97f2125 176a02594f2746b081793ef729d5346a - - - -] Unable to schedule network e073c4a6-8e0c-4588-b7dd-8258e1d67585: no agents available; will retry on subsequent port and subnet creation events.
2026-07-21 07:56:04.253 9 INFO neutron.db.ovn_revision_numbers_db [None req-14c18e09-dbf8-44ef-ba4a-59e79e7263b3 aaa2d514de6646b082d281fda97f2125 176a02594f2746b081793ef729d5346a - - - -] Successfully bumped revision number for resource 8e9ca1a0-3b00-4126-b8d5-9f4d9528492b (type: ports) to 1
2026-07-21 07:56:04.274 9 INFO neutron.wsgi [None req-14c18e09-dbf8-44ef-ba4a-59e79e7263b3 aaa2d514de6646b082d281fda97f2125 176a02594f2746b081793ef729d5346a - - - -] 10.0.0.37 "POST /v2.0/ports HTTP/1.1" status: 201 len: 942 time: 0.3456380
2026-07-21 07:56:04.365 10 INFO neutron.db.ovn_revision_numbers_db [None req-1eed3b11-0a33-41a4-9449-7634844ac288 a2250870d66f436db002d2fe0c256179 dc9c784cf93f4eb6a92ecf1802fd4fa5 - - - -] Successfully bumped revision number for resource 6c2226c8-2ab9-4f16-8001-b944517d7e8d (type: ports) to 2
2026-07-21 07:56:04.397 10 INFO neutron.services.segments.plugin [-] Segment 5c47f222-67af-49d7-a424-8f6ab1b28d0e resource provider aggregate not found
2026-07-21 07:56:04.402 10 INFO neutron.services.segments.plugin [-] Segment 5c47f222-67af-49d7-a424-8f6ab1b28d0e resource provider aggregate not found
2026-07-21 07:56:04.419 10 INFO neutron.db.ovn_revision_numbers_db [None req-1eed3b11-0a33-41a4-9449-7634844ac288 a2250870d66f436db002d2fe0c256179 dc9c784cf93f4eb6a92ecf1802fd4fa5 - - - -] Successfully bumped revision number for resource c4a19246-aa05-4b5a-a6f5-e03c8a1dd51a (type: subnets) to 0
2026-07-21 07:56:04.426 10 INFO neutron.db.segments_db [None req-c9044713-9fef-4c68-af3a-1a28fa102bf4 aaa2d514de6646b082d281fda97f2125 176a02594f2746b081793ef729d5346a - - - -] Added segment aa4648e7-f96f-4c5e-a658-ae0407f00056 of type geneve for network 3a7af009-c0b5-4f22-a288-c97a181fff34
2026-07-21 07:56:04.444 10 INFO neutron.services.segments.plugin [-] Segment 5c47f222-67af-49d7-a424-8f6ab1b28d0e resource provider not found; error: Placement Client Error (4xx): {"errors": [{"status": 404, "title": "Not Found", "detail": "The resource could not be found.\n\n No resource provider with uuid 5c47f222-67af-49d7-a424-8f6ab1b28d0e found for delete ", "request_id": "req-168c0f61-286d-45b1-8cc1-91ddcfb49e8b"}]}
2026-07-21 07:56:04.446 10 INFO neutron.services.segments.plugin [-] Segment 5c47f222-67af-49d7-a424-8f6ab1b28d0e resource provider not found; error: Placement Client Error (4xx): {"errors": [{"status": 404, "title": "Not Found", "detail": "The resource could not be found.\n\n No resource provider with uuid 5c47f222-67af-49d7-a424-8f6ab1b28d0e found for delete ", "request_id": "req-cc3b177b-90f7-4d5c-9659-53ebaaa8291a"}]}
2026-07-21 07:56:04.448 10 INFO neutron.wsgi [None req-1eed3b11-0a33-41a4-9449-7634844ac288 a2250870d66f436db002d2fe0c256179 dc9c784cf93f4eb6a92ecf1802fd4fa5 - - - -] 10.0.0.37 "POST /v2.0/subnets HTTP/1.1" status: 201 len: 801 time: 1.0617719 /var/lib/openstack/lib/python3.10/site-packages/pycadf/identifier.py:71: UserWarning: Invalid uuid: neutron. To ensure interoperability, identifiers should be a valid uuid. warnings.warn(('Invalid uuid: %s. To ensure interoperability, '
2026-07-21 07:56:04.463 10 INFO neutron.wsgi [None req-656acda5-6367-4e1d-a061-f0e419c3d8cb 9d6299a5e17a4291b6123ac00e40b41a d5058861c79446c3809985be0426dad6 - - - -] 10.0.0.37 "DELETE /v2.0/networks/9bfe8c01-c938-4734-9601-2bf0338f63f1 HTTP/1.1" status: 204 len: 168 time: 0.5061634
2026-07-21 07:56:04.562 10 INFO neutron.db.ovn_revision_numbers_db [None req-c9044713-9fef-4c68-af3a-1a28fa102bf4 aaa2d514de6646b082d281fda97f2125 176a02594f2746b081793ef729d5346a - - - -] Successfully bumped revision number for resource 3a7af009-c0b5-4f22-a288-c97a181fff34 (type: networks) to 1
2026-07-21 07:56:04.666 9 INFO neutron.db.ovn_revision_numbers_db [None req-b07ce18e-e3c3-4ad9-a5a4-ea45b92b431c a2250870d66f436db002d2fe0c256179 dc9c784cf93f4eb6a92ecf1802fd4fa5 - - - -] Successfully bumped revision number for resource be329b97-7522-4263-bf8b-2e732de5ba6d (type: routers) to 1
2026-07-21 07:56:04.678 9 INFO neutron.wsgi [None req-b07ce18e-e3c3-4ad9-a5a4-ea45b92b431c a2250870d66f436db002d2fe0c256179 dc9c784cf93f4eb6a92ecf1802fd4fa5 - - - -] 10.0.0.37 "POST /v2.0/routers HTTP/1.1" status: 201 len: 686 time: 0.2231522
2026-07-21 07:56:04.763 10 WARNING neutron.scheduler.dhcp_agent_scheduler [None req-c9044713-9fef-4c68-af3a-1a28fa102bf4 aaa2d514de6646b082d281fda97f2125 176a02594f2746b081793ef729d5346a - - - -] No more DHCP agents
2026-07-21 07:56:04.765 10 WARNING neutron.api.rpc.agentnotifiers.dhcp_rpc_agent_api [None req-c9044713-9fef-4c68-af3a-1a28fa102bf4 aaa2d514de6646b082d281fda97f2125 176a02594f2746b081793ef729d5346a - - - -] Unable to schedule network 3a7af009-c0b5-4f22-a288-c97a181fff34: no agents available; will retry on subsequent port and subnet creation events.
2026-07-21 07:56:04.795 10 WARNING neutron.plugins.ml2.drivers.ovn.mech_driver.ovsdb.ovn_client [None req-0a4d5b0c-0275-45c2-92fb-518f62a388a5 - - - - - -] No port found with ID 5b9f4739-8672-4c12-b564-392001caa170: RuntimeError: No port found with ID 5b9f4739-8672-4c12-b564-392001caa170
2026-07-21 07:56:04.894 10 INFO neutron.db.ovn_revision_numbers_db [None req-c9044713-9fef-4c68-af3a-1a28fa102bf4 aaa2d514de6646b082d281fda97f2125 176a02594f2746b081793ef729d5346a - - - -] Successfully bumped revision number for resource ec879479-2e54-48d6-a4c0-26be46422788 (type: ports) to 1
2026-07-21 07:56:04.922 10 INFO neutron.wsgi [None req-c9044713-9fef-4c68-af3a-1a28fa102bf4 aaa2d514de6646b082d281fda97f2125 176a02594f2746b081793ef729d5346a - - - -] 10.0.0.37 "POST /v2.0/networks HTTP/1.1" status: 201 len: 831 time: 0.6430061
2026-07-21 07:56:05.182 9 WARNING neutron.scheduler.dhcp_agent_scheduler [None req-85664880-9b12-4cc0-bf96-9312e246f240 a2250870d66f436db002d2fe0c256179 dc9c784cf93f4eb6a92ecf1802fd4fa5 - - default default] No more DHCP agents
2026-07-21 07:56:05.184 9 WARNING neutron.api.rpc.agentnotifiers.dhcp_rpc_agent_api [None req-85664880-9b12-4cc0-bf96-9312e246f240 a2250870d66f436db002d2fe0c256179 dc9c784cf93f4eb6a92ecf1802fd4fa5 - - default default] Unable to schedule network 992e0fec-90a0-4230-8989-b0457c3add49: no agents available; will retry on subsequent port and subnet creation events.
2026-07-21 07:56:05.207 10 WARNING neutron.scheduler.dhcp_agent_scheduler [None req-3d9087f6-c423-474e-91b4-1b8d0e6d8014 aaa2d514de6646b082d281fda97f2125 176a02594f2746b081793ef729d5346a - - - -] No more DHCP agents
2026-07-21 07:56:05.209 10 WARNING neutron.api.rpc.agentnotifiers.dhcp_rpc_agent_api [None req-3d9087f6-c423-474e-91b4-1b8d0e6d8014 aaa2d514de6646b082d281fda97f2125 176a02594f2746b081793ef729d5346a - - - -] Unable to schedule network 3a7af009-c0b5-4f22-a288-c97a181fff34: no agents available; will retry on subsequent port and subnet creation events.
2026-07-21 07:56:05.287 9 INFO neutron.wsgi [-] 10.0.0.151 "GET / HTTP/1.1" status: 200 len: 246 time: 0.0014024
2026-07-21 07:56:05.289 10 INFO neutron.wsgi [-] 10.0.0.151 "GET / HTTP/1.1" status: 200 len: 246 time: 0.0023537
2026-07-21 07:56:05.290 10 INFO neutron.db.ovn_revision_numbers_db [None req-3d9087f6-c423-474e-91b4-1b8d0e6d8014 aaa2d514de6646b082d281fda97f2125 176a02594f2746b081793ef729d5346a - - - -] Successfully bumped revision number for resource c3cb7533-7f62-4570-ba72-a768d52409ed (type: ports) to 1
2026-07-21 07:56:05.313 10 INFO neutron.wsgi [None req-3d9087f6-c423-474e-91b4-1b8d0e6d8014 aaa2d514de6646b082d281fda97f2125 176a02594f2746b081793ef729d5346a - - - -] 10.0.0.37 "POST /v2.0/ports HTTP/1.1" status: 201 len: 942 time: 0.3845496 /var/lib/openstack/lib/python3.10/site-packages/pycadf/identifier.py:71: UserWarning: Invalid uuid: neutron. To ensure interoperability, identifiers should be a valid uuid. warnings.warn(('Invalid uuid: %s. To ensure interoperability, '
2026-07-21 07:56:05.346 9 INFO neutron.db.ovn_revision_numbers_db [None req-85664880-9b12-4cc0-bf96-9312e246f240 a2250870d66f436db002d2fe0c256179 dc9c784cf93f4eb6a92ecf1802fd4fa5 - - default default] Successfully bumped revision number for resource e7bcd99b-a1a3-468a-b3d6-1f96a7b9d8de (type: ports) to 1
2026-07-21 07:56:05.391 9 INFO neutron.wsgi [None req-a145017f-716b-43e7-adfa-cea6bf9bc583 c559b67c8dc14c6e9bb7fa2452ec7a44 3b5df8bf225349b0ab7bd2b1a0d2c1b1 - - default default] 10.0.0.37 "GET /v2.0/security-groups?tenant_id=d5058861c79446c3809985be0426dad6&name=default HTTP/1.1" status: 200 len: 2996 time: 0.1548469
2026-07-21 07:56:05.398 10 INFO neutron.db.segments_db [None req-791c5285-0c13-44d1-bc68-d78297b269dc aaa2d514de6646b082d281fda97f2125 176a02594f2746b081793ef729d5346a - - - -] Added segment 4ccaff22-a605-4376-9ac3-3b10ccb10053 of type geneve for network 8cf03b35-d7c9-456f-a09c-e957c764f141
2026-07-21 07:56:05.569 10 INFO neutron.db.ovn_revision_numbers_db [None req-791c5285-0c13-44d1-bc68-d78297b269dc aaa2d514de6646b082d281fda97f2125 176a02594f2746b081793ef729d5346a - - - -] Successfully bumped revision number for resource 8cf03b35-d7c9-456f-a09c-e957c764f141 (type: networks) to 1
2026-07-21 07:56:05.740 10 INFO neutron.wsgi [None req-53806df2-2714-4951-b4a6-52834c9675c1 c559b67c8dc14c6e9bb7fa2452ec7a44 3b5df8bf225349b0ab7bd2b1a0d2c1b1 - - - -] 10.0.0.37 "DELETE /v2.0/security-groups/d207ca4e-7d48-4fd2-88d6-1ff260cbc5bf HTTP/1.1" status: 204 len: 168 time: 0.3431141
2026-07-21 07:56:05.776 10 WARNING neutron.scheduler.dhcp_agent_scheduler [None req-791c5285-0c13-44d1-bc68-d78297b269dc aaa2d514de6646b082d281fda97f2125 176a02594f2746b081793ef729d5346a - - - -] No more DHCP agents
2026-07-21 07:56:05.779 10 WARNING neutron.api.rpc.agentnotifiers.dhcp_rpc_agent_api [None req-791c5285-0c13-44d1-bc68-d78297b269dc aaa2d514de6646b082d281fda97f2125 176a02594f2746b081793ef729d5346a - - - -] Unable to schedule network 8cf03b35-d7c9-456f-a09c-e957c764f141: no agents available; will retry on subsequent port and subnet creation events.
2026-07-21 07:56:05.867 10 INFO neutron.db.ovn_revision_numbers_db [None req-791c5285-0c13-44d1-bc68-d78297b269dc aaa2d514de6646b082d281fda97f2125 176a02594f2746b081793ef729d5346a - - - -] Successfully bumped revision number for resource 1a7f2699-7c4c-46d2-9d31-38c17885ce98 (type: ports) to 1
2026-07-21 07:56:05.892 10 INFO neutron.wsgi [None req-791c5285-0c13-44d1-bc68-d78297b269dc aaa2d514de6646b082d281fda97f2125 176a02594f2746b081793ef729d5346a - - - -] 10.0.0.37 "POST /v2.0/networks HTTP/1.1" status: 201 len: 831 time: 0.5747409
2026-07-21 07:56:05.993 10 INFO neutron.db.ovn_revision_numbers_db [None req-fe26e591-bd9b-4e9c-9071-ef3fec568403 c559b67c8dc14c6e9bb7fa2452ec7a44 3b5df8bf225349b0ab7bd2b1a0d2c1b1 - - default default] Successfully bumped revision number for resource e8b9df40-4bf3-45ff-9a82-f4672654effc (type: security_groups) to 1
2026-07-21 07:56:06.036 10 INFO neutron.wsgi [None req-fe26e591-bd9b-4e9c-9071-ef3fec568403 c559b67c8dc14c6e9bb7fa2452ec7a44 3b5df8bf225349b0ab7bd2b1a0d2c1b1 - - default default] 10.0.0.37 "GET /v2.0/security-groups?tenant_id=78264a47337242cc865766926b1c390e&name=default HTTP/1.1" status: 200 len: 2996 time: 0.1893473
2026-07-21 07:56:06.196 9 INFO neutron.plugins.ml2.drivers.ovn.mech_driver.mech_driver [None req-1096d1bb-1619-4472-9536-ac3a88dc9fbc - - - - - -] OVN reports status up for port: e7bcd99b-a1a3-468a-b3d6-1f96a7b9d8de
2026-07-21 07:56:06.205 9 INFO neutron.plugins.ml2.plugin [None req-1096d1bb-1619-4472-9536-ac3a88dc9fbc - - - - - -] Attempt 1 to provision port e7bcd99b-a1a3-468a-b3d6-1f96a7b9d8de
2026-07-21 07:56:06.206 9 INFO neutron.db.ovn_revision_numbers_db [None req-85664880-9b12-4cc0-bf96-9312e246f240 a2250870d66f436db002d2fe0c256179 dc9c784cf93f4eb6a92ecf1802fd4fa5 - - default default] Successfully bumped revision number for resource e7bcd99b-a1a3-468a-b3d6-1f96a7b9d8de (type: router_ports) to 2
2026-07-21 07:56:06.385 9 INFO neutron.db.ovn_revision_numbers_db [None req-85664880-9b12-4cc0-bf96-9312e246f240 a2250870d66f436db002d2fe0c256179 dc9c784cf93f4eb6a92ecf1802fd4fa5 - - default default] Successfully bumped revision number for resource e7bcd99b-a1a3-468a-b3d6-1f96a7b9d8de (type: ports) to 2
2026-07-21 07:56:06.467 10 WARNING neutron.scheduler.dhcp_agent_scheduler [None req-1dc21de7-1489-46ca-b168-9fa5ee460bb4 aaa2d514de6646b082d281fda97f2125 176a02594f2746b081793ef729d5346a - - - -] No more DHCP agents
2026-07-21 07:56:06.472 10 WARNING neutron.api.rpc.agentnotifiers.dhcp_rpc_agent_api [None req-1dc21de7-1489-46ca-b168-9fa5ee460bb4 aaa2d514de6646b082d281fda97f2125 176a02594f2746b081793ef729d5346a - - - -] Unable to schedule network 8cf03b35-d7c9-456f-a09c-e957c764f141: no agents available; will retry on subsequent port and subnet creation events.
2026-07-21 07:56:06.473 9 WARNING neutron.scheduler.dhcp_agent_scheduler [None req-85664880-9b12-4cc0-bf96-9312e246f240 a2250870d66f436db002d2fe0c256179 dc9c784cf93f4eb6a92ecf1802fd4fa5 - - default default] No more DHCP agents
2026-07-21 07:56:06.475 9 WARNING neutron.api.rpc.agentnotifiers.dhcp_rpc_agent_api [None req-85664880-9b12-4cc0-bf96-9312e246f240 a2250870d66f436db002d2fe0c256179 dc9c784cf93f4eb6a92ecf1802fd4fa5 - - default default] Unable to schedule network 992e0fec-90a0-4230-8989-b0457c3add49: no agents available; will retry on subsequent port and subnet creation events.
2026-07-21 07:56:06.527 9 INFO neutron.db.ovn_revision_numbers_db [None req-1096d1bb-1619-4472-9536-ac3a88dc9fbc - - - - - -] Successfully bumped revision number for resource e7bcd99b-a1a3-468a-b3d6-1f96a7b9d8de (type: ports) to 3
2026-07-21 07:56:06.565 10 INFO neutron.db.ovn_revision_numbers_db [None req-1dc21de7-1489-46ca-b168-9fa5ee460bb4 aaa2d514de6646b082d281fda97f2125 176a02594f2746b081793ef729d5346a - - - -] Successfully bumped revision number for resource 2ee96f46-5bdc-4f78-b845-96355d377e01 (type: ports) to 1
2026-07-21 07:56:06.599 10 INFO neutron.wsgi [None req-1dc21de7-1489-46ca-b168-9fa5ee460bb4 aaa2d514de6646b082d281fda97f2125 176a02594f2746b081793ef729d5346a - - - -] 10.0.0.37 "POST /v2.0/ports HTTP/1.1" status: 201 len: 942 time: 0.7004616 /var/lib/openstack/lib/python3.10/site-packages/pycadf/identifier.py:71: UserWarning: Invalid uuid: neutron. To ensure interoperability, identifiers should be a valid uuid. warnings.warn(('Invalid uuid: %s. To ensure interoperability, '
2026-07-21 07:56:06.674 10 INFO neutron.wsgi [None req-ff58cd6f-7be0-462e-a4a6-36525956ddc6 c559b67c8dc14c6e9bb7fa2452ec7a44 3b5df8bf225349b0ab7bd2b1a0d2c1b1 - - - -] 10.0.0.37 "DELETE /v2.0/security-groups/e8b9df40-4bf3-45ff-9a82-f4672654effc HTTP/1.1" status: 204 len: 168 time: 0.6312339
2026-07-21 07:56:06.705 9 INFO neutron.db.ovn_revision_numbers_db [None req-1096d1bb-1619-4472-9536-ac3a88dc9fbc - - - - - -] Successfully bumped revision number for resource e7bcd99b-a1a3-468a-b3d6-1f96a7b9d8de (type: router_ports) to 3
2026-07-21 07:56:06.708 9 INFO neutron.db.ovn_revision_numbers_db [None req-85664880-9b12-4cc0-bf96-9312e246f240 a2250870d66f436db002d2fe0c256179 dc9c784cf93f4eb6a92ecf1802fd4fa5 - - - -] Successfully bumped revision number for resource e7bcd99b-a1a3-468a-b3d6-1f96a7b9d8de (type: router_ports) to 3
2026-07-21 07:56:06.711 9 INFO neutron.wsgi [None req-85664880-9b12-4cc0-bf96-9312e246f240 a2250870d66f436db002d2fe0c256179 dc9c784cf93f4eb6a92ecf1802fd4fa5 - - - -] 10.0.0.37 "PUT /v2.0/routers/be329b97-7522-4263-bf8b-2e732de5ba6d/add_router_interface HTTP/1.1" status: 200 len: 503 time: 2.0275202
