2026-07-21 07:54:49.649 10 INFO neutron.services.segments.plugin [-] Segment 258d0350-bb80-4331-95eb-3bc3332f8db1 resource provider not found; error: Placement Client Error (4xx): {"errors": [{"status": 404, "title": "Not Found", "detail": "The resource could not be found.\n\n No resource provider with uuid 258d0350-bb80-4331-95eb-3bc3332f8db1 found for delete ", "request_id": "req-a1355395-ba86-4193-9933-412276214832"}]}
2026-07-21 07:54:50.012 9 INFO neutron.wsgi [None req-f0af4c49-d50a-45cc-bf93-19e8ee2f4b0e c559b67c8dc14c6e9bb7fa2452ec7a44 3b5df8bf225349b0ab7bd2b1a0d2c1b1 - - default default] 10.0.0.37 "GET /v2.0/security-groups?tenant_id=e39c46a7f3b6417a80161f25d04304be&name=default HTTP/1.1" status: 200 len: 2996 time: 0.1735768
2026-07-21 07:54:50.223 9 INFO neutron.wsgi [None req-32699fe1-4628-4cd4-a2b0-9061fb221381 c559b67c8dc14c6e9bb7fa2452ec7a44 3b5df8bf225349b0ab7bd2b1a0d2c1b1 - - - -] 10.0.0.37 "DELETE /v2.0/security-groups/1d41d9ce-9656-427f-bd6f-2c6d1fa51a14 HTTP/1.1" status: 204 len: 168 time: 0.2048445
2026-07-21 07:54:50.290 9 INFO neutron.wsgi [-] 10.0.0.151 "GET / HTTP/1.1" status: 200 len: 246 time: 0.0021253
2026-07-21 07:54:50.292 10 INFO neutron.wsgi [-] 10.0.0.151 "GET / HTTP/1.1" status: 200 len: 246 time: 0.0042655
2026-07-21 07:54:51.446 10 INFO neutron.db.ovn_revision_numbers_db [None req-0e2f5e99-6db3-43a1-ac8e-f1aeaafe64b7 c559b67c8dc14c6e9bb7fa2452ec7a44 3b5df8bf225349b0ab7bd2b1a0d2c1b1 - - default default] Successfully bumped revision number for resource 29647b29-41ea-468e-a9bc-aa92d885cc24 (type: security_groups) to 1
2026-07-21 07:54:51.467 10 INFO neutron.wsgi [None req-0e2f5e99-6db3-43a1-ac8e-f1aeaafe64b7 c559b67c8dc14c6e9bb7fa2452ec7a44 3b5df8bf225349b0ab7bd2b1a0d2c1b1 - - default default] 10.0.0.37 "GET /v2.0/security-groups?tenant_id=dcbab16a9b9941a5a9d7fc6a37e6fec8&name=default HTTP/1.1" status: 200 len: 2996 time: 0.3615603
2026-07-21 07:54:51.738 10 INFO neutron.wsgi [None req-87a071d8-9fc5-4b27-9e7b-63246620e8db c559b67c8dc14c6e9bb7fa2452ec7a44 3b5df8bf225349b0ab7bd2b1a0d2c1b1 - - - -] 10.0.0.37 "DELETE /v2.0/security-groups/29647b29-41ea-468e-a9bc-aa92d885cc24 HTTP/1.1" status: 204 len: 168 time: 0.2648597
2026-07-21 07:54:51.986 10 INFO neutron.db.ovn_revision_numbers_db [None req-236c9d94-b5df-43de-b4a2-508da55a5441 c559b67c8dc14c6e9bb7fa2452ec7a44 3b5df8bf225349b0ab7bd2b1a0d2c1b1 - - default default] Successfully bumped revision number for resource 32d0562b-5775-4faf-b921-50d90b46d399 (type: security_groups) to 1
2026-07-21 07:54:52.012 10 INFO neutron.wsgi [None req-236c9d94-b5df-43de-b4a2-508da55a5441 c559b67c8dc14c6e9bb7fa2452ec7a44 3b5df8bf225349b0ab7bd2b1a0d2c1b1 - - default default] 10.0.0.37 "GET /v2.0/security-groups?tenant_id=b9acbf7eaa754f0f8c47a59487a6c5cc&name=default HTTP/1.1" status: 200 len: 2996 time: 0.1365516
2026-07-21 07:54:52.222 10 INFO neutron.wsgi [None req-6eaaf2f9-b472-47b3-8f4f-f7c9abc038e3 c559b67c8dc14c6e9bb7fa2452ec7a44 3b5df8bf225349b0ab7bd2b1a0d2c1b1 - - - -] 10.0.0.37 "DELETE /v2.0/security-groups/32d0562b-5775-4faf-b921-50d90b46d399 HTTP/1.1" status: 204 len: 168 time: 0.2038414
2026-07-21 07:54:52.533 10 INFO neutron.db.ovn_revision_numbers_db [None req-f2ae5a8e-53a4-4ff0-b7c4-12434b221394 3b7c0002b40b4ec78fe067d053c33eea 1106f152f965447bad11f2c727f9d3b3 - - - -] Successfully bumped revision number for resource e2b90b53-3304-4557-adf9-d74565b15a0b (type: security_groups) to 1
2026-07-21 07:54:52.615 10 INFO neutron.db.ovn_revision_numbers_db [None req-f2ae5a8e-53a4-4ff0-b7c4-12434b221394 3b7c0002b40b4ec78fe067d053c33eea 1106f152f965447bad11f2c727f9d3b3 - - - -] Successfully bumped revision number for resource cbfcd465-e395-4785-89dc-0830784243ea (type: security_groups) to 1
2026-07-21 07:54:52.638 10 INFO neutron.wsgi [None req-f2ae5a8e-53a4-4ff0-b7c4-12434b221394 3b7c0002b40b4ec78fe067d053c33eea 1106f152f965447bad11f2c727f9d3b3 - - - -] 10.0.0.37 "POST /v2.0/security-groups HTTP/1.1" status: 201 len: 1761 time: 0.4445140
2026-07-21 07:54:52.699 9 INFO neutron.wsgi [None req-e0b9b8bb-10b2-4552-923d-788e3e2b3c0c 3b7c0002b40b4ec78fe067d053c33eea 1106f152f965447bad11f2c727f9d3b3 - - default default] 10.0.0.37 "GET /v2.0/security-groups HTTP/1.1" status: 200 len: 4539 time: 0.0557108
2026-07-21 07:54:52.789 10 INFO neutron.db.ovn_revision_numbers_db [None req-00cf5e70-a751-4a65-ac39-dee50c0cac78 3b7c0002b40b4ec78fe067d053c33eea 1106f152f965447bad11f2c727f9d3b3 - - - -] Successfully bumped revision number for resource cbfcd465-e395-4785-89dc-0830784243ea (type: security_groups) to 2
2026-07-21 07:54:52.793 10 INFO neutron.wsgi [None req-00cf5e70-a751-4a65-ac39-dee50c0cac78 3b7c0002b40b4ec78fe067d053c33eea 1106f152f965447bad11f2c727f9d3b3 - - - -] 10.0.0.37 "PUT /v2.0/security-groups/cbfcd465-e395-4785-89dc-0830784243ea HTTP/1.1" status: 200 len: 1794 time: 0.0903342
2026-07-21 07:54:52.831 10 INFO neutron.wsgi [None req-dc098b3c-3c4b-49a6-9d9a-3a519f380e81 3b7c0002b40b4ec78fe067d053c33eea 1106f152f965447bad11f2c727f9d3b3 - - default default] 10.0.0.37 "GET /v2.0/security-groups/cbfcd465-e395-4785-89dc-0830784243ea HTTP/1.1" status: 200 len: 1794 time: 0.0330675
2026-07-21 07:54:52.968 10 INFO neutron.wsgi [None req-8598f9b4-48ff-4f9b-96fb-e8f0a91776a8 3b7c0002b40b4ec78fe067d053c33eea 1106f152f965447bad11f2c727f9d3b3 - - - -] 10.0.0.37 "DELETE /v2.0/security-groups/cbfcd465-e395-4785-89dc-0830784243ea HTTP/1.1" status: 204 len: 168 time: 0.1283767
2026-07-21 07:54:53.006 10 INFO neutron.wsgi [None req-8c1e26d0-2e6b-48dc-be1f-4ef3d2297d75 3b7c0002b40b4ec78fe067d053c33eea 1106f152f965447bad11f2c727f9d3b3 - - default default] 10.0.0.37 "GET /v2.0/security-groups HTTP/1.1" status: 200 len: 2996 time: 0.0331690
2026-07-21 07:54:53.025 10 INFO neutron.api.v2.resource [None req-ac690a94-cc62-47e6-a352-7943d90df46d 3b7c0002b40b4ec78fe067d053c33eea 1106f152f965447bad11f2c727f9d3b3 - - - -] delete failed (client error): The resource could not be found.
2026-07-21 07:54:53.026 10 INFO neutron.wsgi [None req-ac690a94-cc62-47e6-a352-7943d90df46d 3b7c0002b40b4ec78fe067d053c33eea 1106f152f965447bad11f2c727f9d3b3 - - - -] 10.0.0.37 "DELETE /v2.0/security-groups/cbfcd465-e395-4785-89dc-0830784243ea HTTP/1.1" status: 404 len: 347 time: 0.0148652
2026-07-21 07:54:53.151 10 INFO neutron.db.ovn_revision_numbers_db [None req-7fea705a-ff8d-409a-939d-21ff9e8df147 3b7c0002b40b4ec78fe067d053c33eea 1106f152f965447bad11f2c727f9d3b3 - - - -] Successfully bumped revision number for resource fa65c16e-1b38-4c86-8265-4974de38fd5a (type: security_groups) to 1
2026-07-21 07:54:53.176 10 INFO neutron.wsgi [None req-7fea705a-ff8d-409a-939d-21ff9e8df147 3b7c0002b40b4ec78fe067d053c33eea 1106f152f965447bad11f2c727f9d3b3 - - - -] 10.0.0.37 "POST /v2.0/security-groups HTTP/1.1" status: 201 len: 1760 time: 0.1424689
2026-07-21 07:54:53.636 10 INFO neutron.db.ovn_revision_numbers_db [None req-09a5edea-253e-4a37-88b0-8ebe8e1e7974 3b7c0002b40b4ec78fe067d053c33eea 1106f152f965447bad11f2c727f9d3b3 - - - -] Successfully bumped revision number for resource 1ca3bf5c-3010-4105-939b-cf252a0b060a (type: security_group_rules) to 0
2026-07-21 07:54:53.661 10 INFO neutron.wsgi [None req-09a5edea-253e-4a37-88b0-8ebe8e1e7974 3b7c0002b40b4ec78fe067d053c33eea 1106f152f965447bad11f2c727f9d3b3 - - - -] 10.0.0.37 "POST /v2.0/security-group-rules HTTP/1.1" status: 201 len: 768 time: 0.4800506
2026-07-21 07:54:53.682 10 INFO neutron.wsgi [None req-a022399d-2060-4777-8ca2-2c4862006963 3b7c0002b40b4ec78fe067d053c33eea 1106f152f965447bad11f2c727f9d3b3 - - default default] 10.0.0.37 "GET /v2.0/security-group-rules/1ca3bf5c-3010-4105-939b-cf252a0b060a HTTP/1.1" status: 200 len: 763 time: 0.0152266
2026-07-21 07:54:53.721 10 INFO neutron.wsgi [None req-cb964b68-2f42-42eb-ad59-c3ddd9338c79 3b7c0002b40b4ec78fe067d053c33eea 1106f152f965447bad11f2c727f9d3b3 - - default default] 10.0.0.37 "GET /v2.0/security-group-rules HTTP/1.1" status: 200 len: 4113 time: 0.0336819
2026-07-21 07:54:53.849 10 INFO neutron.wsgi [None req-c7e32e78-2ba1-4744-bbfa-16c4c89dcc93 3b7c0002b40b4ec78fe067d053c33eea 1106f152f965447bad11f2c727f9d3b3 - - - -] 10.0.0.37 "DELETE /v2.0/security-group-rules/1ca3bf5c-3010-4105-939b-cf252a0b060a HTTP/1.1" status: 204 len: 168 time: 0.1235168
2026-07-21 07:54:53.899 10 INFO neutron.wsgi [None req-7af2d83c-cb4c-41de-bf4e-9bf8b7351d7d 3b7c0002b40b4ec78fe067d053c33eea 1106f152f965447bad11f2c727f9d3b3 - - default default] 10.0.0.37 "GET /v2.0/security-group-rules HTTP/1.1" status: 200 len: 3567 time: 0.0375431
2026-07-21 07:54:54.030 10 INFO neutron.db.ovn_revision_numbers_db [None req-88f4ea77-d723-4e8f-88bc-bc23ccdd70d9 3b7c0002b40b4ec78fe067d053c33eea 1106f152f965447bad11f2c727f9d3b3 - - - -] Successfully bumped revision number for resource 7d2fa929-959c-4fdd-8807-bf1c79a847b5 (type: security_group_rules) to 0
2026-07-21 07:54:54.064 10 INFO neutron.wsgi [None req-88f4ea77-d723-4e8f-88bc-bc23ccdd70d9 3b7c0002b40b4ec78fe067d053c33eea 1106f152f965447bad11f2c727f9d3b3 - - - -] 10.0.0.37 "POST /v2.0/security-group-rules HTTP/1.1" status: 201 len: 768 time: 0.1600609
2026-07-21 07:54:54.098 10 INFO neutron.wsgi [None req-1f687055-ffa6-4247-ad28-1e53fc106f20 3b7c0002b40b4ec78fe067d053c33eea 1106f152f965447bad11f2c727f9d3b3 - - default default] 10.0.0.37 "GET /v2.0/security-group-rules/7d2fa929-959c-4fdd-8807-bf1c79a847b5 HTTP/1.1" status: 200 len: 763 time: 0.0276840
2026-07-21 07:54:54.131 10 INFO neutron.wsgi [None req-4044bf1e-f72c-446a-8414-0026c016c201 3b7c0002b40b4ec78fe067d053c33eea 1106f152f965447bad11f2c727f9d3b3 - - default default] 10.0.0.37 "GET /v2.0/security-group-rules HTTP/1.1" status: 200 len: 4113 time: 0.0295162
2026-07-21 07:54:54.232 10 INFO neutron.wsgi [None req-c9ac01f0-b175-417b-bd20-1d50dc9915c4 3b7c0002b40b4ec78fe067d053c33eea 1106f152f965447bad11f2c727f9d3b3 - - - -] 10.0.0.37 "DELETE /v2.0/security-group-rules/7d2fa929-959c-4fdd-8807-bf1c79a847b5 HTTP/1.1" status: 204 len: 168 time: 0.0949903
2026-07-21 07:54:54.276 10 INFO neutron.wsgi [None req-9e9a790a-7725-446d-a896-33eb855072d7 3b7c0002b40b4ec78fe067d053c33eea 1106f152f965447bad11f2c727f9d3b3 - - default default] 10.0.0.37 "GET /v2.0/security-group-rules HTTP/1.1" status: 200 len: 3567 time: 0.0376348
2026-07-21 07:54:54.378 10 INFO neutron.db.ovn_revision_numbers_db [None req-943fcef8-7277-4a0f-86f9-ab5a3af32e7e 3b7c0002b40b4ec78fe067d053c33eea 1106f152f965447bad11f2c727f9d3b3 - - - -] Successfully bumped revision number for resource efcc3ac4-d76f-4dce-a4e0-2f23038dd486 (type: security_group_rules) to 0
2026-07-21 07:54:54.402 10 INFO neutron.wsgi [None req-943fcef8-7277-4a0f-86f9-ab5a3af32e7e 3b7c0002b40b4ec78fe067d053c33eea 1106f152f965447bad11f2c727f9d3b3 - - - -] 10.0.0.37 "POST /v2.0/security-group-rules HTTP/1.1" status: 201 len: 769 time: 0.1202226
2026-07-21 07:54:54.422 10 INFO neutron.wsgi [None req-06a52d41-6902-4547-91fe-e298fee3146f 3b7c0002b40b4ec78fe067d053c33eea 1106f152f965447bad11f2c727f9d3b3 - - default default] 10.0.0.37 "GET /v2.0/security-group-rules/efcc3ac4-d76f-4dce-a4e0-2f23038dd486 HTTP/1.1" status: 200 len: 764 time: 0.0152068
2026-07-21 07:54:54.460 10 INFO neutron.wsgi [None req-75891249-a29d-4789-870b-d842556851f3 3b7c0002b40b4ec78fe067d053c33eea 1106f152f965447bad11f2c727f9d3b3 - - default default] 10.0.0.37 "GET /v2.0/security-group-rules HTTP/1.1" status: 200 len: 4114 time: 0.0318558
2026-07-21 07:54:54.595 10 INFO neutron.wsgi [None req-199ab0a9-c659-4114-a97f-cad00bea898f 3b7c0002b40b4ec78fe067d053c33eea 1106f152f965447bad11f2c727f9d3b3 - - - -] 10.0.0.37 "DELETE /v2.0/security-group-rules/efcc3ac4-d76f-4dce-a4e0-2f23038dd486 HTTP/1.1" status: 204 len: 168 time: 0.1267467
2026-07-21 07:54:54.642 10 INFO neutron.wsgi [None req-6c37120c-0879-4e31-9652-899a28a2a611 3b7c0002b40b4ec78fe067d053c33eea 1106f152f965447bad11f2c727f9d3b3 - - default default] 10.0.0.37 "GET /v2.0/security-group-rules HTTP/1.1" status: 200 len: 3567 time: 0.0383744
2026-07-21 07:54:54.753 10 INFO neutron.wsgi [None req-d5298cb8-a7da-4771-b35a-7c678ef4750c 3b7c0002b40b4ec78fe067d053c33eea 1106f152f965447bad11f2c727f9d3b3 - - - -] 10.0.0.37 "DELETE /v2.0/security-groups/fa65c16e-1b38-4c86-8265-4974de38fd5a HTTP/1.1" status: 204 len: 168 time: 0.1039693
2026-07-21 07:54:54.791 10 INFO neutron.wsgi [None req-0cea11f6-06f6-481d-a7e9-b61650eed688 3b7c0002b40b4ec78fe067d053c33eea 1106f152f965447bad11f2c727f9d3b3 - - default default] 10.0.0.37 "GET /v2.0/security-groups HTTP/1.1" status: 200 len: 2996 time: 0.0312917
2026-07-21 07:54:54.828 10 INFO neutron.wsgi [None req-dfe3b078-e18e-40a2-80c1-a0fbf7530bb3 3b7c0002b40b4ec78fe067d053c33eea 1106f152f965447bad11f2c727f9d3b3 - - default default] 10.0.0.37 "GET /v2.0/security-groups HTTP/1.1" status: 200 len: 2996 time: 0.0298724
2026-07-21 07:54:55.456 10 INFO neutron.wsgi [None req-5c3ff172-89d9-4b2b-a7e3-733f4271fd12 c559b67c8dc14c6e9bb7fa2452ec7a44 3b5df8bf225349b0ab7bd2b1a0d2c1b1 - - default default] 10.0.0.37 "GET /v2.0/security-groups?tenant_id=1106f152f965447bad11f2c727f9d3b3&name=default HTTP/1.1" status: 200 len: 2996 time: 0.1334424
2026-07-21 07:54:55.542 10 INFO neutron.db.ovn_revision_numbers_db [None req-c1a6657f-cada-4c76-b744-af515269e54c c559b67c8dc14c6e9bb7fa2452ec7a44 3b5df8bf225349b0ab7bd2b1a0d2c1b1 - - default default] Successfully bumped revision number for resource 0cb92bfa-a13d-46f2-bb83-52fd3bdfd891 (type: security_groups) to 1
2026-07-21 07:54:55.587 10 INFO neutron.wsgi [None req-c1a6657f-cada-4c76-b744-af515269e54c c559b67c8dc14c6e9bb7fa2452ec7a44 3b5df8bf225349b0ab7bd2b1a0d2c1b1 - - default default] 10.0.0.37 "GET /v2.0/security-groups?tenant_id=63d64dfadbc0428eaee0e0ec2706dbac&name=default HTTP/1.1" status: 200 len: 2996 time: 0.3004293
2026-07-21 07:54:55.680 9 INFO neutron.wsgi [None req-7d45f22b-d82f-4306-a0b4-1eac816f6e82 c559b67c8dc14c6e9bb7fa2452ec7a44 3b5df8bf225349b0ab7bd2b1a0d2c1b1 - - - -] 10.0.0.37 "DELETE /v2.0/security-groups/e2b90b53-3304-4557-adf9-d74565b15a0b HTTP/1.1" status: 204 len: 168 time: 0.2176213
2026-07-21 07:54:55.782 10 INFO neutron.wsgi [None req-fa66b600-1970-4bbf-aa89-78fe8b74febc c559b67c8dc14c6e9bb7fa2452ec7a44 3b5df8bf225349b0ab7bd2b1a0d2c1b1 - - - -] 10.0.0.37 "DELETE /v2.0/security-groups/0cb92bfa-a13d-46f2-bb83-52fd3bdfd891 HTTP/1.1" status: 204 len: 168 time: 0.1862881
2026-07-21 07:54:56.054 10 INFO neutron.db.ovn_revision_numbers_db [None req-d5e93b2a-098b-4df0-bcb6-f32e5994ac7f c559b67c8dc14c6e9bb7fa2452ec7a44 3b5df8bf225349b0ab7bd2b1a0d2c1b1 - - default default] Successfully bumped revision number for resource 2c355ddb-282c-4d85-ba20-2e6fbff4aa4a (type: security_groups) to 1
2026-07-21 07:54:56.081 10 INFO neutron.wsgi [None req-d5e93b2a-098b-4df0-bcb6-f32e5994ac7f c559b67c8dc14c6e9bb7fa2452ec7a44 3b5df8bf225349b0ab7bd2b1a0d2c1b1 - - default default] 10.0.0.37 "GET /v2.0/security-groups?tenant_id=ed4f9f538796443085f660732dc016d1&name=default HTTP/1.1" status: 200 len: 2996 time: 0.1209121
2026-07-21 07:54:56.088 9 INFO neutron.db.ovn_revision_numbers_db [None req-41477176-d6b6-4c59-a81f-b200dad5ae8d c559b67c8dc14c6e9bb7fa2452ec7a44 3b5df8bf225349b0ab7bd2b1a0d2c1b1 - - default default] Successfully bumped revision number for resource c4f58766-f301-4ed8-94bf-9b3b932c625c (type: security_groups) to 1
2026-07-21 07:54:56.116 9 INFO neutron.wsgi [None req-41477176-d6b6-4c59-a81f-b200dad5ae8d c559b67c8dc14c6e9bb7fa2452ec7a44 3b5df8bf225349b0ab7bd2b1a0d2c1b1 - - default default] 10.0.0.37 "GET /v2.0/security-groups?tenant_id=5ed5973986934282af2be8218519862a&name=default HTTP/1.1" status: 200 len: 2996 time: 0.3304603
2026-07-21 07:54:56.276 10 INFO neutron.wsgi [None req-b1f3dc1f-5fa4-4034-8711-9cbe7cb1f09a c559b67c8dc14c6e9bb7fa2452ec7a44 3b5df8bf225349b0ab7bd2b1a0d2c1b1 - - - -] 10.0.0.37 "DELETE /v2.0/security-groups/2c355ddb-282c-4d85-ba20-2e6fbff4aa4a HTTP/1.1" status: 204 len: 168 time: 0.1885021
2026-07-21 07:54:56.303 9 INFO neutron.wsgi [None req-dce342cb-f319-4cce-9f27-f2dcda921128 c559b67c8dc14c6e9bb7fa2452ec7a44 3b5df8bf225349b0ab7bd2b1a0d2c1b1 - - - -] 10.0.0.37 "DELETE /v2.0/security-groups/c4f58766-f301-4ed8-94bf-9b3b932c625c HTTP/1.1" status: 204 len: 168 time: 0.1811821
2026-07-21 07:54:56.766 10 INFO neutron.wsgi [req-564a1448-d085-4d0a-a54b-cced295d6a38 req-f9550561-0618-40d0-b764-c3b1cbc8ee42 1b6a6b17dc714991a943390189061cea 9796ff7890114c13968851e69adf92a0 - - f75cd953ec1d47d48337cd8ec909d548 f75cd953ec1d47d48337cd8ec909d548] 10.0.0.210 "GET /v2.0/ports?device_id=b262033c-dbd3-4a9f-8da1-3b36476fe856 HTTP/1.1" status: 200 len: 1361 time: 0.2501476
2026-07-21 07:54:56.814 10 INFO neutron.wsgi [req-564a1448-d085-4d0a-a54b-cced295d6a38 req-248469b4-4835-4f81-a645-36b422e4045f 1b6a6b17dc714991a943390189061cea 9796ff7890114c13968851e69adf92a0 - - f75cd953ec1d47d48337cd8ec909d548 f75cd953ec1d47d48337cd8ec909d548] 10.0.0.210 "GET /v2.0/security-groups?id=0eb62145-f4bb-4eaf-9898-b9d7d7258495&fields=id&fields=name HTTP/1.1" status: 200 len: 313 time: 0.0384967
2026-07-21 07:54:58.789 9 INFO neutron.db.ovn_revision_numbers_db [None req-a6b4f021-e724-461f-9387-dfefa59785ef c559b67c8dc14c6e9bb7fa2452ec7a44 3b5df8bf225349b0ab7bd2b1a0d2c1b1 - - default default] Successfully bumped revision number for resource 64a88c8b-403e-4a4f-bd7c-5ed0b0e7f0ab (type: security_groups) to 1
2026-07-21 07:54:58.816 9 INFO neutron.wsgi [None req-a6b4f021-e724-461f-9387-dfefa59785ef c559b67c8dc14c6e9bb7fa2452ec7a44 3b5df8bf225349b0ab7bd2b1a0d2c1b1 - - default default] 10.0.0.37 "GET /v2.0/security-groups?tenant_id=6536f62801524f38a48536fa9b7bd574&name=default HTTP/1.1" status: 200 len: 2996 time: 0.2419436
2026-07-21 07:54:59.023 10 INFO neutron.wsgi [None req-21dc9830-7f36-498f-9cd0-e95d4d53daa3 c559b67c8dc14c6e9bb7fa2452ec7a44 3b5df8bf225349b0ab7bd2b1a0d2c1b1 - - - -] 10.0.0.37 "DELETE /v2.0/security-groups/64a88c8b-403e-4a4f-bd7c-5ed0b0e7f0ab HTTP/1.1" status: 204 len: 168 time: 0.2011957
2026-07-21 07:54:59.648 10 INFO neutron.db.ovn_revision_numbers_db [None req-7455cce7-93ba-4f70-9770-5af4ca576086 9d6299a5e17a4291b6123ac00e40b41a d5058861c79446c3809985be0426dad6 - - - -] Successfully bumped revision number for resource d207ca4e-7d48-4fd2-88d6-1ff260cbc5bf (type: security_groups) to 1
2026-07-21 07:54:59.699 10 INFO neutron.db.segments_db [None req-7455cce7-93ba-4f70-9770-5af4ca576086 9d6299a5e17a4291b6123ac00e40b41a d5058861c79446c3809985be0426dad6 - - - -] Added segment 5c47f222-67af-49d7-a424-8f6ab1b28d0e of type geneve for network 9bfe8c01-c938-4734-9601-2bf0338f63f1
2026-07-21 07:54:59.842 10 INFO neutron.wsgi [req-19335b72-f8c9-4a19-9749-be23a2b0821c req-89ab1802-9f2a-4b31-8a83-c4389e6fd705 97992531e8954f8eacb22a552e62dcec f242d1edc77044fdaafa0bdc197ee93f - - default default] 10.0.0.176 "GET /v2.0/ports?device_id=b262033c-dbd3-4a9f-8da1-3b36476fe856 HTTP/1.1" status: 200 len: 1170 time: 0.1446767
2026-07-21 07:54:59.891 10 INFO neutron.db.ovn_revision_numbers_db [None req-7455cce7-93ba-4f70-9770-5af4ca576086 9d6299a5e17a4291b6123ac00e40b41a d5058861c79446c3809985be0426dad6 - - - -] Successfully bumped revision number for resource 9bfe8c01-c938-4734-9601-2bf0338f63f1 (type: networks) to 1
2026-07-21 07:54:59.931 10 INFO neutron.wsgi [req-19335b72-f8c9-4a19-9749-be23a2b0821c req-6ac671e3-13a6-439d-a7b2-55bf7b58d3bc 97992531e8954f8eacb22a552e62dcec f242d1edc77044fdaafa0bdc197ee93f - - default default] 10.0.0.176 "GET /v2.0/security-groups?id=0eb62145-f4bb-4eaf-9898-b9d7d7258495&fields=id&fields=name HTTP/1.1" status: 200 len: 313 time: 0.0785894
2026-07-21 07:55:00.140 10 WARNING neutron.scheduler.dhcp_agent_scheduler [None req-7455cce7-93ba-4f70-9770-5af4ca576086 9d6299a5e17a4291b6123ac00e40b41a d5058861c79446c3809985be0426dad6 - - - -] No more DHCP agents
2026-07-21 07:55:00.145 10 WARNING neutron.api.rpc.agentnotifiers.dhcp_rpc_agent_api [None req-7455cce7-93ba-4f70-9770-5af4ca576086 9d6299a5e17a4291b6123ac00e40b41a d5058861c79446c3809985be0426dad6 - - - -] Unable to schedule network 9bfe8c01-c938-4734-9601-2bf0338f63f1: no agents available; will retry on subsequent port and subnet creation events.
2026-07-21 07:55:00.153 10 INFO neutron.wsgi [req-2604f3ba-fed7-49e7-b87f-561060c1f32d req-bc64f446-084b-4f53-9dd1-04df761a1fd0 97992531e8954f8eacb22a552e62dcec f242d1edc77044fdaafa0bdc197ee93f - - default default] 10.0.0.176 "GET /v2.0/ports?device_id=b262033c-dbd3-4a9f-8da1-3b36476fe856 HTTP/1.1" status: 200 len: 1170 time: 0.0535014
2026-07-21 07:55:00.167 10 INFO neutron.plugins.ml2.drivers.ovn.mech_driver.mech_driver [None req-0a4d5b0c-0275-45c2-92fb-518f62a388a5 - - - - - -] OVN reports status down for port: 9e0eb7b3-facc-4387-bd61-5d9f9834508a
2026-07-21 07:55:00.230 10 INFO neutron.wsgi [req-2604f3ba-fed7-49e7-b87f-561060c1f32d req-8d30773b-c51a-46d2-b1f0-ea0ee87a4a19 97992531e8954f8eacb22a552e62dcec f242d1edc77044fdaafa0bdc197ee93f - - default default] 10.0.0.176 "GET /v2.0/security-groups?id=0eb62145-f4bb-4eaf-9898-b9d7d7258495&fields=id&fields=name HTTP/1.1" status: 200 len: 313 time: 0.0673075
2026-07-21 07:55:00.302 10 INFO neutron.db.ovn_revision_numbers_db [None req-7455cce7-93ba-4f70-9770-5af4ca576086 9d6299a5e17a4291b6123ac00e40b41a d5058861c79446c3809985be0426dad6 - - - -] Successfully bumped revision number for resource 870f59b7-760f-48fe-94ff-99b4923f2ab4 (type: ports) to 1
2026-07-21 07:55:00.335 10 INFO neutron.notifiers.nova [-] Nova event matching ['req-0309d384-87ba-4d6a-868f-308677089ce9'] response: {'server_uuid': 'b262033c-dbd3-4a9f-8da1-3b36476fe856', 'name': 'network-vif-unplugged', 'status': 'completed', 'tag': '9e0eb7b3-facc-4387-bd61-5d9f9834508a', 'code': 200}
2026-07-21 07:55:00.347 10 INFO neutron.wsgi [None req-7455cce7-93ba-4f70-9770-5af4ca576086 9d6299a5e17a4291b6123ac00e40b41a d5058861c79446c3809985be0426dad6 - - - -] 10.0.0.37 "POST /v2.0/networks HTTP/1.1" status: 201 len: 831 time: 1.0961044
2026-07-21 07:55:00.514 10 INFO neutron.wsgi [req-a9da149f-eadd-4fdb-b391-d5226d82d20a req-4e4ddfac-c125-416f-826b-2144df2db1bc 97992531e8954f8eacb22a552e62dcec f242d1edc77044fdaafa0bdc197ee93f - - default default] 199.19.213.199 "GET /v2.0/ports?device_id=b262033c-dbd3-4a9f-8da1-3b36476fe856 HTTP/1.1" status: 200 len: 1168 time: 0.0755396
2026-07-21 07:55:00.638 10 INFO neutron.db.ovn_revision_numbers_db [None req-0a4d5b0c-0275-45c2-92fb-518f62a388a5 - - - - - -] Successfully bumped revision number for resource 9e0eb7b3-facc-4387-bd61-5d9f9834508a (type: ports) to 7
2026-07-21 07:55:01.005 10 INFO neutron.db.l3_db [None req-b28573ec-7b71-4fd8-a395-190878e1cb15 97992531e8954f8eacb22a552e62dcec f242d1edc77044fdaafa0bdc197ee93f - - - -] Floating IP 7b935e06-ed93-4e1a-8a15-716028d061d5 disassociated. External IP: 10.96.250.220, port: 9e0eb7b3-facc-4387-bd61-5d9f9834508a.
2026-07-21 07:55:01.113 9 INFO neutron.db.ovn_revision_numbers_db [None req-15ffe33d-92c2-4206-b42d-973b9000bc49 c559b67c8dc14c6e9bb7fa2452ec7a44 3b5df8bf225349b0ab7bd2b1a0d2c1b1 - - default default] Successfully bumped revision number for resource da14e5ce-2de3-46f8-9d03-0b585960494a (type: security_groups) to 1
2026-07-21 07:55:01.144 9 INFO neutron.wsgi [None req-15ffe33d-92c2-4206-b42d-973b9000bc49 c559b67c8dc14c6e9bb7fa2452ec7a44 3b5df8bf225349b0ab7bd2b1a0d2c1b1 - - default default] 10.0.0.37 "GET /v2.0/security-groups?tenant_id=41f0e146370244d9be614f8228ea2993&name=default HTTP/1.1" status: 200 len: 2996 time: 0.3424571
2026-07-21 07:55:01.228 10 WARNING neutron.scheduler.dhcp_agent_scheduler [None req-fde03b8e-92de-4c10-a15a-cdc8509d796c 9d6299a5e17a4291b6123ac00e40b41a d5058861c79446c3809985be0426dad6 - - - -] No more DHCP agents
2026-07-21 07:55:01.232 10 WARNING neutron.api.rpc.agentnotifiers.dhcp_rpc_agent_api [None req-fde03b8e-92de-4c10-a15a-cdc8509d796c 9d6299a5e17a4291b6123ac00e40b41a d5058861c79446c3809985be0426dad6 - - - -] Unable to schedule network ee61bd7c-4a9e-48db-8d17-5f4dda2b2c94: no agents available; will retry on subsequent port and subnet creation events. /var/lib/openstack/lib/python3.10/site-packages/pycadf/identifier.py:71: UserWarning: Invalid uuid: neutron. To ensure interoperability, identifiers should be a valid uuid. warnings.warn(('Invalid uuid: %s. To ensure interoperability, '
2026-07-21 07:55:01.365 10 INFO neutron.wsgi [req-5c600c1d-05b1-4972-a8ea-4993707bfac3 req-6cfa51b5-8ca1-47ee-9d17-0df29aecc7eb 97992531e8954f8eacb22a552e62dcec f242d1edc77044fdaafa0bdc197ee93f - - default default] 10.0.0.176 "GET /v2.0/ports?device_id=b262033c-dbd3-4a9f-8da1-3b36476fe856 HTTP/1.1" status: 200 len: 210 time: 0.0302560
2026-07-21 07:55:01.378 10 INFO neutron.wsgi [None req-b28573ec-7b71-4fd8-a395-190878e1cb15 97992531e8954f8eacb22a552e62dcec f242d1edc77044fdaafa0bdc197ee93f - - - -] 199.19.213.199 "DELETE /v2.0/ports/9e0eb7b3-facc-4387-bd61-5d9f9834508a HTTP/1.1" status: 204 len: 173 time: 0.8511281
2026-07-21 07:55:01.443 9 INFO neutron.wsgi [None req-c9ba0e1d-7c94-4414-9427-a566f3bd200d c559b67c8dc14c6e9bb7fa2452ec7a44 3b5df8bf225349b0ab7bd2b1a0d2c1b1 - - - -] 10.0.0.37 "DELETE /v2.0/security-groups/da14e5ce-2de3-46f8-9d03-0b585960494a HTTP/1.1" status: 204 len: 168 time: 0.2928233
2026-07-21 07:55:01.469 10 INFO neutron.db.ovn_revision_numbers_db [None req-fde03b8e-92de-4c10-a15a-cdc8509d796c 9d6299a5e17a4291b6123ac00e40b41a d5058861c79446c3809985be0426dad6 - - - -] Successfully bumped revision number for resource 6ad96845-cb11-477d-9e7a-c63bd911a9e3 (type: ports) to 1
2026-07-21 07:55:01.743 9 INFO neutron.db.ovn_revision_numbers_db [None req-69e1e298-4a54-4dec-88b7-7193066c78b9 c559b67c8dc14c6e9bb7fa2452ec7a44 3b5df8bf225349b0ab7bd2b1a0d2c1b1 - - default default] Successfully bumped revision number for resource babdaff2-a36a-4a8f-a1fa-3d514fa1da1f (type: security_groups) to 1
2026-07-21 07:55:01.782 9 INFO neutron.wsgi [None req-69e1e298-4a54-4dec-88b7-7193066c78b9 c559b67c8dc14c6e9bb7fa2452ec7a44 3b5df8bf225349b0ab7bd2b1a0d2c1b1 - - default default] 10.0.0.37 "GET /v2.0/security-groups?tenant_id=4d1f46ce98a54dc3a21d5414d994741f&name=default HTTP/1.1" status: 200 len: 2996 time: 0.1428974
2026-07-21 07:55:02.018 9 INFO neutron.wsgi [None req-1f90713d-b708-4622-bde6-be0e978a6876 c559b67c8dc14c6e9bb7fa2452ec7a44 3b5df8bf225349b0ab7bd2b1a0d2c1b1 - - - -] 10.0.0.37 "DELETE /v2.0/security-groups/babdaff2-a36a-4a8f-a1fa-3d514fa1da1f HTTP/1.1" status: 204 len: 168 time: 0.2307901
2026-07-21 07:55:02.270 10 INFO neutron.db.ovn_revision_numbers_db [None req-d33187a8-710d-432f-9450-8f42b0327cf7 c559b67c8dc14c6e9bb7fa2452ec7a44 3b5df8bf225349b0ab7bd2b1a0d2c1b1 - - default default] Successfully bumped revision number for resource 91a6250c-138c-43b8-b7e9-ef6517b86ba2 (type: security_groups) to 1
2026-07-21 07:55:02.299 10 INFO neutron.wsgi [None req-d33187a8-710d-432f-9450-8f42b0327cf7 c559b67c8dc14c6e9bb7fa2452ec7a44 3b5df8bf225349b0ab7bd2b1a0d2c1b1 - - default default] 10.0.0.37 "GET /v2.0/security-groups?tenant_id=d03efb8c3efa4aa1bd6b4e9d24cb4414&name=default HTTP/1.1" status: 200 len: 2996 time: 0.7653697
2026-07-21 07:55:02.380 10 INFO neutron.notifiers.nova [-] Nova event matching ['req-3a17b30a-bfc9-4957-a9e4-f24ee2bf630d'] response: {'server_uuid': 'b262033c-dbd3-4a9f-8da1-3b36476fe856', 'name': 'network-vif-plugged', 'status': 'completed', 'tag': '9e0eb7b3-facc-4387-bd61-5d9f9834508a', 'code': 200}
2026-07-21 07:55:02.380 10 INFO neutron.notifiers.nova [-] Nova event matching ['req-3a17b30a-bfc9-4957-a9e4-f24ee2bf630d'] response: {'server_uuid': 'b262033c-dbd3-4a9f-8da1-3b36476fe856', 'name': 'network-vif-deleted', 'tag': '9e0eb7b3-facc-4387-bd61-5d9f9834508a', 'status': 'completed', 'code': 200}
2026-07-21 07:55:02.503 10 INFO neutron.plugins.ml2.drivers.ovn.mech_driver.mech_driver [None req-0a4d5b0c-0275-45c2-92fb-518f62a388a5 - - - - - -] OVN reports status up for port: 6ad96845-cb11-477d-9e7a-c63bd911a9e3
2026-07-21 07:55:02.518 10 INFO neutron.plugins.ml2.plugin [None req-0a4d5b0c-0275-45c2-92fb-518f62a388a5 - - - - - -] Attempt 1 to provision port 6ad96845-cb11-477d-9e7a-c63bd911a9e3
2026-07-21 07:55:02.521 10 INFO neutron.db.ovn_revision_numbers_db [None req-fde03b8e-92de-4c10-a15a-cdc8509d796c 9d6299a5e17a4291b6123ac00e40b41a d5058861c79446c3809985be0426dad6 - - - -] Successfully bumped revision number for resource 6ad96845-cb11-477d-9e7a-c63bd911a9e3 (type: router_ports) to 1
2026-07-21 07:55:02.523 9 INFO neutron.wsgi [None req-7114e0ec-75a2-4099-8a50-6e7d02ffacfc c559b67c8dc14c6e9bb7fa2452ec7a44 3b5df8bf225349b0ab7bd2b1a0d2c1b1 - - - -] 10.0.0.37 "DELETE /v2.0/security-groups/91a6250c-138c-43b8-b7e9-ef6517b86ba2 HTTP/1.1" status: 204 len: 168 time: 0.2153969
2026-07-21 07:55:02.526 9 INFO neutron.plugins.ml2.drivers.ovn.mech_driver.ovsdb.ovsdb_monitor [None req-4e92c38f-6037-429d-9817-3460903c3fbc - - - - - -] Router 34f8213b-c6a9-493f-b947-95d97ff9f430 is bound to host instance
2026-07-21 07:55:02.729 10 INFO neutron.db.ovn_revision_numbers_db [None req-fde03b8e-92de-4c10-a15a-cdc8509d796c 9d6299a5e17a4291b6123ac00e40b41a d5058861c79446c3809985be0426dad6 - - - -] Successfully bumped revision number for resource 34f8213b-c6a9-493f-b947-95d97ff9f430 (type: routers) to 3
2026-07-21 07:55:02.761 10 INFO neutron.wsgi [None req-fde03b8e-92de-4c10-a15a-cdc8509d796c 9d6299a5e17a4291b6123ac00e40b41a d5058861c79446c3809985be0426dad6 - - - -] 10.0.0.37 "POST /v2.0/routers HTTP/1.1" status: 201 len: 875 time: 2.4080536
2026-07-21 07:55:02.765 9 INFO neutron.wsgi [None req-db15f7ad-c024-4986-9f28-265fc5c59d86 97992531e8954f8eacb22a552e62dcec f242d1edc77044fdaafa0bdc197ee93f - - - -] 10.0.0.37 "DELETE /v2.0/security-groups/0eb62145-f4bb-4eaf-9898-b9d7d7258495 HTTP/1.1" status: 204 len: 168 time: 0.2992640
2026-07-21 07:55:02.785 10 INFO neutron.api.v2.resource [None req-4877f8e4-df9e-4d09-ad8f-344fb35413ce 97992531e8954f8eacb22a552e62dcec f242d1edc77044fdaafa0bdc197ee93f - - default default] show failed (client error): The resource could not be found.
2026-07-21 07:55:02.786 10 INFO neutron.wsgi [None req-4877f8e4-df9e-4d09-ad8f-344fb35413ce 97992531e8954f8eacb22a552e62dcec f242d1edc77044fdaafa0bdc197ee93f - - default default] 10.0.0.37 "GET /v2.0/security-groups/0eb62145-f4bb-4eaf-9898-b9d7d7258495 HTTP/1.1" status: 404 len: 347 time: 0.0150418
2026-07-21 07:55:02.986 10 INFO neutron.wsgi [None req-4e7f1b18-0c8c-44c3-af6a-228e9aa6e31c eaba86c823be4a29806a7c0d68a19e64 78264a47337242cc865766926b1c390e - - default default] 10.0.0.37 "GET /v2.0/subnets?project_id=d5058861c79446c3809985be0426dad6&cidr=10.100.0.0%2F28 HTTP/1.1" status: 200 len: 207 time: 0.2197704
2026-07-21 07:55:03.120 10 INFO neutron.wsgi [None req-1492acdb-8772-4a3f-9e42-9cfa012534cb eaba86c823be4a29806a7c0d68a19e64 78264a47337242cc865766926b1c390e - - default default] 10.0.0.37 "GET /v2.0/networks?router%3Aexternal=True HTTP/1.1" status: 200 len: 947 time: 0.1285775
2026-07-21 07:55:03.164 10 INFO neutron.wsgi [None req-fd82084f-d81a-472b-bf61-8b63b233d434 eaba86c823be4a29806a7c0d68a19e64 78264a47337242cc865766926b1c390e - - default default] 10.0.0.37 "GET /v2.0/subnets?network_id=ee61bd7c-4a9e-48db-8d17-5f4dda2b2c94&cidr=10.100.0.0%2F28 HTTP/1.1" status: 200 len: 207 time: 0.0380669
2026-07-21 07:55:03.226 9 INFO neutron.db.ovn_revision_numbers_db [None req-4e92c38f-6037-429d-9817-3460903c3fbc - - - - - -] Successfully bumped revision number for resource 6ad96845-cb11-477d-9e7a-c63bd911a9e3 (type: ports) to 1
2026-07-21 07:55:03.348 10 INFO neutron.wsgi [None req-cac9811e-e867-436a-a302-3b3203983f3a 97992531e8954f8eacb22a552e62dcec f242d1edc77044fdaafa0bdc197ee93f - - - -] 10.0.0.37 "DELETE /v2.0/floatingips/7b935e06-ed93-4e1a-8a15-716028d061d5 HTTP/1.1" status: 204 len: 168 time: 0.5574582
2026-07-21 07:55:03.462 9 INFO neutron.db.ovn_revision_numbers_db [None req-4e92c38f-6037-429d-9817-3460903c3fbc - - - - - -] Successfully bumped revision number for resource 6ad96845-cb11-477d-9e7a-c63bd911a9e3 (type: router_ports) to 3
2026-07-21 07:55:03.510 10 WARNING neutron.scheduler.dhcp_agent_scheduler [None req-c45971c8-15ae-47f0-bc25-0f994c3ebade 9d6299a5e17a4291b6123ac00e40b41a d5058861c79446c3809985be0426dad6 - - - -] No more DHCP agents
2026-07-21 07:55:03.520 10 WARNING neutron.api.rpc.agentnotifiers.dhcp_rpc_agent_api [None req-c45971c8-15ae-47f0-bc25-0f994c3ebade 9d6299a5e17a4291b6123ac00e40b41a d5058861c79446c3809985be0426dad6 - - - -] Unable to schedule network 9bfe8c01-c938-4734-9601-2bf0338f63f1: no agents available; will retry on subsequent port and subnet creation events.
2026-07-21 07:55:03.615 9 INFO neutron.db.ovn_revision_numbers_db [None req-4e92c38f-6037-429d-9817-3460903c3fbc - - - - - -] Successfully bumped revision number for resource 6ad96845-cb11-477d-9e7a-c63bd911a9e3 (type: ports) to 2
2026-07-21 07:55:03.829 9 INFO neutron.db.ovn_revision_numbers_db [None req-4e92c38f-6037-429d-9817-3460903c3fbc - - - - - -] Successfully bumped revision number for resource 6ad96845-cb11-477d-9e7a-c63bd911a9e3 (type: ports) to 4
2026-07-21 07:55:03.991 9 INFO neutron.db.ovn_revision_numbers_db [None req-4e92c38f-6037-429d-9817-3460903c3fbc - - - - - -] Successfully bumped revision number for resource 6ad96845-cb11-477d-9e7a-c63bd911a9e3 (type: router_ports) to 4
2026-07-21 07:55:04.148 10 INFO neutron.db.ovn_revision_numbers_db [None req-c45971c8-15ae-47f0-bc25-0f994c3ebade 9d6299a5e17a4291b6123ac00e40b41a d5058861c79446c3809985be0426dad6 - - - -] Successfully bumped revision number for resource 870f59b7-760f-48fe-94ff-99b4923f2ab4 (type: ports) to 2
2026-07-21 07:55:04.167 10 INFO neutron.db.ovn_revision_numbers_db [None req-c45971c8-15ae-47f0-bc25-0f994c3ebade 9d6299a5e17a4291b6123ac00e40b41a d5058861c79446c3809985be0426dad6 - - - -] Successfully bumped revision number for resource c8adfd31-2635-4c05-b5d6-eca76e764b05 (type: subnets) to 0
2026-07-21 07:55:04.221 10 INFO neutron.wsgi [None req-c45971c8-15ae-47f0-bc25-0f994c3ebade 9d6299a5e17a4291b6123ac00e40b41a d5058861c79446c3809985be0426dad6 - - - -] 10.0.0.37 "POST /v2.0/subnets HTTP/1.1" status: 201 len: 832 time: 1.0483806
2026-07-21 07:55:04.737 9 INFO neutron.db.ovn_revision_numbers_db [None req-f911ad82-3259-4095-94a2-8f298b84b075 7cf146058ff841c38c501d82a145312c fa6ea76ecb3e43379a4ecd4da1ac3b14 - - - -] Successfully bumped revision number for resource 475355e6-2b4f-4efa-b532-51472096c443 (type: security_groups) to 1
2026-07-21 07:55:04.773 9 INFO neutron.db.ovn_revision_numbers_db [None req-5a009d9e-1ea0-4f24-94c8-1da824bbb889 c559b67c8dc14c6e9bb7fa2452ec7a44 3b5df8bf225349b0ab7bd2b1a0d2c1b1 - - default default] Successfully bumped revision number for resource c43a4045-5325-40d9-9126-664773c929e0 (type: security_groups) to 1
2026-07-21 07:55:04.821 9 INFO neutron.wsgi [None req-5a009d9e-1ea0-4f24-94c8-1da824bbb889 c559b67c8dc14c6e9bb7fa2452ec7a44 3b5df8bf225349b0ab7bd2b1a0d2c1b1 - - default default] 10.0.0.37 "GET /v2.0/security-groups?tenant_id=f5d1d2a9800347178a0fe3ae6ee88255&name=default HTTP/1.1" status: 200 len: 2996 time: 0.3239737
2026-07-21 07:55:04.824 9 INFO neutron.db.segments_db [None req-f911ad82-3259-4095-94a2-8f298b84b075 7cf146058ff841c38c501d82a145312c fa6ea76ecb3e43379a4ecd4da1ac3b14 - - - -] Added segment 4860e43f-8fbc-4fff-898b-a546b7805bc3 of type geneve for network 29c02712-e87b-4986-8dec-1779651b390e
2026-07-21 07:55:04.986 9 INFO neutron.db.ovn_revision_numbers_db [None req-f911ad82-3259-4095-94a2-8f298b84b075 7cf146058ff841c38c501d82a145312c fa6ea76ecb3e43379a4ecd4da1ac3b14 - - - -] Successfully bumped revision number for resource 29c02712-e87b-4986-8dec-1779651b390e (type: networks) to 1
2026-07-21 07:55:05.187 9 WARNING neutron.scheduler.dhcp_agent_scheduler [None req-f911ad82-3259-4095-94a2-8f298b84b075 7cf146058ff841c38c501d82a145312c fa6ea76ecb3e43379a4ecd4da1ac3b14 - - - -] No more DHCP agents
2026-07-21 07:55:05.189 9 WARNING neutron.api.rpc.agentnotifiers.dhcp_rpc_agent_api [None req-f911ad82-3259-4095-94a2-8f298b84b075 7cf146058ff841c38c501d82a145312c fa6ea76ecb3e43379a4ecd4da1ac3b14 - - - -] Unable to schedule network 29c02712-e87b-4986-8dec-1779651b390e: no agents available; will retry on subsequent port and subnet creation events.
2026-07-21 07:55:05.208 9 INFO neutron.wsgi [None req-aff35f25-6526-44fc-8899-2e002bc1b7fa c559b67c8dc14c6e9bb7fa2452ec7a44 3b5df8bf225349b0ab7bd2b1a0d2c1b1 - - - -] 10.0.0.37 "DELETE /v2.0/security-groups/c43a4045-5325-40d9-9126-664773c929e0 HTTP/1.1" status: 204 len: 168 time: 0.3817189
2026-07-21 07:55:05.215 10 INFO neutron.wsgi [None req-5426cf3f-c2bd-42d6-834d-8c8821a1a9d7 c559b67c8dc14c6e9bb7fa2452ec7a44 3b5df8bf225349b0ab7bd2b1a0d2c1b1 - - - -] 10.0.0.37 "PUT /v2.0/routers/9983e02a-d1ad-4efd-a30f-c8fddb8550b2/remove_router_interface HTTP/1.1" status: 200 len: 503 time: 1.8614354
2026-07-21 07:55:05.289 10 INFO neutron.wsgi [-] 10.0.0.151 "GET / HTTP/1.1" status: 200 len: 246 time: 0.0020278
2026-07-21 07:55:05.291 10 INFO neutron.wsgi [-] 10.0.0.151 "GET / HTTP/1.1" status: 200 len: 246 time: 0.0013716
2026-07-21 07:55:05.321 9 INFO neutron.db.ovn_revision_numbers_db [None req-f911ad82-3259-4095-94a2-8f298b84b075 7cf146058ff841c38c501d82a145312c fa6ea76ecb3e43379a4ecd4da1ac3b14 - - - -] Successfully bumped revision number for resource ca7e4600-34e3-4467-a1be-a6bd0f9523b3 (type: ports) to 1
2026-07-21 07:55:05.391 9 INFO neutron.wsgi [None req-f911ad82-3259-4095-94a2-8f298b84b075 7cf146058ff841c38c501d82a145312c fa6ea76ecb3e43379a4ecd4da1ac3b14 - - - -] 10.0.0.37 "POST /v2.0/networks HTTP/1.1" status: 201 len: 832 time: 1.0348582 /var/lib/openstack/lib/python3.10/site-packages/pycadf/identifier.py:71: UserWarning: Invalid uuid: neutron. To ensure interoperability, identifiers should be a valid uuid. warnings.warn(('Invalid uuid: %s. To ensure interoperability, '
2026-07-21 07:55:05.457 10 WARNING neutron.scheduler.dhcp_agent_scheduler [None req-1f6f0139-cb48-4255-b5c4-a04a34a1eb93 9d6299a5e17a4291b6123ac00e40b41a d5058861c79446c3809985be0426dad6 - - default default] No more DHCP agents
2026-07-21 07:55:05.464 10 WARNING neutron.api.rpc.agentnotifiers.dhcp_rpc_agent_api [None req-1f6f0139-cb48-4255-b5c4-a04a34a1eb93 9d6299a5e17a4291b6123ac00e40b41a d5058861c79446c3809985be0426dad6 - - default default] Unable to schedule network 9bfe8c01-c938-4734-9601-2bf0338f63f1: no agents available; will retry on subsequent port and subnet creation events.
2026-07-21 07:55:05.509 10 INFO neutron.db.segments_db [None req-f17083bb-cf45-4d23-953b-c4cff72ec765 7cf146058ff841c38c501d82a145312c fa6ea76ecb3e43379a4ecd4da1ac3b14 - - - -] Added segment 9e7700e4-80ed-4cfc-95e6-5d2d416203c4 of type geneve for network 15e8894a-d9f0-419e-a76d-c294c921ae20
2026-07-21 07:55:05.714 10 INFO neutron.db.ovn_revision_numbers_db [None req-f17083bb-cf45-4d23-953b-c4cff72ec765 7cf146058ff841c38c501d82a145312c fa6ea76ecb3e43379a4ecd4da1ac3b14 - - - -] Successfully bumped revision number for resource 15e8894a-d9f0-419e-a76d-c294c921ae20 (type: networks) to 1
2026-07-21 07:55:05.720 10 INFO neutron.db.ovn_revision_numbers_db [None req-1f6f0139-cb48-4255-b5c4-a04a34a1eb93 9d6299a5e17a4291b6123ac00e40b41a d5058861c79446c3809985be0426dad6 - - default default] Successfully bumped revision number for resource cf412684-cfde-4468-964f-de889d44db64 (type: ports) to 1
2026-07-21 07:55:05.943 10 WARNING neutron.scheduler.dhcp_agent_scheduler [None req-f17083bb-cf45-4d23-953b-c4cff72ec765 7cf146058ff841c38c501d82a145312c fa6ea76ecb3e43379a4ecd4da1ac3b14 - - - -] No more DHCP agents
2026-07-21 07:55:05.946 10 WARNING neutron.api.rpc.agentnotifiers.dhcp_rpc_agent_api [None req-f17083bb-cf45-4d23-953b-c4cff72ec765 7cf146058ff841c38c501d82a145312c fa6ea76ecb3e43379a4ecd4da1ac3b14 - - - -] Unable to schedule network 15e8894a-d9f0-419e-a76d-c294c921ae20: no agents available; will retry on subsequent port and subnet creation events.
2026-07-21 07:55:06.020 10 INFO neutron.db.ovn_revision_numbers_db [None req-f17083bb-cf45-4d23-953b-c4cff72ec765 7cf146058ff841c38c501d82a145312c fa6ea76ecb3e43379a4ecd4da1ac3b14 - - - -] Successfully bumped revision number for resource b0e1cd00-7803-4fe0-b1e4-155592686e08 (type: ports) to 1
2026-07-21 07:55:06.053 10 INFO neutron.wsgi [None req-f17083bb-cf45-4d23-953b-c4cff72ec765 7cf146058ff841c38c501d82a145312c fa6ea76ecb3e43379a4ecd4da1ac3b14 - - - -] 10.0.0.37 "POST /v2.0/networks HTTP/1.1" status: 201 len: 831 time: 0.6567376
2026-07-21 07:55:06.304 9 INFO neutron.wsgi [None req-771a17f3-e0fd-4063-92ec-867e7eabb195 c559b67c8dc14c6e9bb7fa2452ec7a44 3b5df8bf225349b0ab7bd2b1a0d2c1b1 - - - -] 10.0.0.37 "DELETE /v2.0/routers/9983e02a-d1ad-4efd-a30f-c8fddb8550b2 HTTP/1.1" status: 204 len: 168 time: 1.0820539
2026-07-21 07:55:06.336 10 INFO neutron.plugins.ml2.drivers.ovn.mech_driver.mech_driver [None req-0a4d5b0c-0275-45c2-92fb-518f62a388a5 - - - - - -] OVN reports status up for port: cf412684-cfde-4468-964f-de889d44db64
2026-07-21 07:55:06.344 10 INFO neutron.plugins.ml2.plugin [None req-0a4d5b0c-0275-45c2-92fb-518f62a388a5 - - - - - -] Attempt 1 to provision port cf412684-cfde-4468-964f-de889d44db64
2026-07-21 07:55:06.355 10 INFO neutron.db.ovn_revision_numbers_db [None req-1f6f0139-cb48-4255-b5c4-a04a34a1eb93 9d6299a5e17a4291b6123ac00e40b41a d5058861c79446c3809985be0426dad6 - - default default] Successfully bumped revision number for resource cf412684-cfde-4468-964f-de889d44db64 (type: router_ports) to 2
2026-07-21 07:55:06.396 9 WARNING neutron.scheduler.dhcp_agent_scheduler [None req-c8325fc1-6a73-4603-8d44-65db4e41856d 7cf146058ff841c38c501d82a145312c fa6ea76ecb3e43379a4ecd4da1ac3b14 - - - -] No more DHCP agents
2026-07-21 07:55:06.398 9 WARNING neutron.api.rpc.agentnotifiers.dhcp_rpc_agent_api [None req-c8325fc1-6a73-4603-8d44-65db4e41856d 7cf146058ff841c38c501d82a145312c fa6ea76ecb3e43379a4ecd4da1ac3b14 - - - -] Unable to schedule network 29c02712-e87b-4986-8dec-1779651b390e: no agents available; will retry on subsequent port and subnet creation events.
2026-07-21 07:55:06.412 9 INFO neutron.db.ovn_revision_numbers_db [None req-c8325fc1-6a73-4603-8d44-65db4e41856d 7cf146058ff841c38c501d82a145312c fa6ea76ecb3e43379a4ecd4da1ac3b14 - - - -] Successfully bumped revision number for resource 4ef53d5f-e045-4656-8a7b-570d73265ed0 (type: subnets) to 0
2026-07-21 07:55:06.429 9 INFO neutron.wsgi [None req-c8325fc1-6a73-4603-8d44-65db4e41856d 7cf146058ff841c38c501d82a145312c fa6ea76ecb3e43379a4ecd4da1ac3b14 - - - -] 10.0.0.37 "POST /v2.0/subnets HTTP/1.1" status: 201 len: 821 time: 0.3699090
2026-07-21 07:55:06.642 10 INFO neutron.db.ovn_revision_numbers_db [None req-1f6f0139-cb48-4255-b5c4-a04a34a1eb93 9d6299a5e17a4291b6123ac00e40b41a d5058861c79446c3809985be0426dad6 - - default default] Successfully bumped revision number for resource cf412684-cfde-4468-964f-de889d44db64 (type: ports) to 2
2026-07-21 07:55:06.682 10 INFO neutron.wsgi [None req-d8a13fc9-8bf0-4c26-b6a8-2024395b30c4 c559b67c8dc14c6e9bb7fa2452ec7a44 3b5df8bf225349b0ab7bd2b1a0d2c1b1 - - - -] 10.0.0.37 "DELETE /v2.0/subnets/cd304f06-5c90-409d-bc0c-e28b80f0941b HTTP/1.1" status: 204 len: 168 time: 0.3709934
2026-07-21 07:55:06.740 9 WARNING neutron.scheduler.dhcp_agent_scheduler [None req-289e9b52-dacc-4626-8adc-c703b6762521 7cf146058ff841c38c501d82a145312c fa6ea76ecb3e43379a4ecd4da1ac3b14 - - - -] No more DHCP agents
2026-07-21 07:55:06.741 9 WARNING neutron.api.rpc.agentnotifiers.dhcp_rpc_agent_api [None req-289e9b52-dacc-4626-8adc-c703b6762521 7cf146058ff841c38c501d82a145312c fa6ea76ecb3e43379a4ecd4da1ac3b14 - - - -] Unable to schedule network 15e8894a-d9f0-419e-a76d-c294c921ae20: no agents available; will retry on subsequent port and subnet creation events.
2026-07-21 07:55:06.753 9 INFO neutron.db.ovn_revision_numbers_db [None req-289e9b52-dacc-4626-8adc-c703b6762521 7cf146058ff841c38c501d82a145312c fa6ea76ecb3e43379a4ecd4da1ac3b14 - - - -] Successfully bumped revision number for resource 6d346586-b8f3-429b-aeeb-974e4c0e8382 (type: subnets) to 0
2026-07-21 07:55:06.769 9 INFO neutron.wsgi [None req-289e9b52-dacc-4626-8adc-c703b6762521 7cf146058ff841c38c501d82a145312c fa6ea76ecb3e43379a4ecd4da1ac3b14 - - - -] 10.0.0.37 "POST /v2.0/subnets HTTP/1.1" status: 201 len: 830 time: 0.3346055
2026-07-21 07:55:06.795 10 WARNING neutron.scheduler.dhcp_agent_scheduler [None req-1f6f0139-cb48-4255-b5c4-a04a34a1eb93 9d6299a5e17a4291b6123ac00e40b41a d5058861c79446c3809985be0426dad6 - - default default] No more DHCP agents
2026-07-21 07:55:06.811 10 WARNING neutron.api.rpc.agentnotifiers.dhcp_rpc_agent_api [None req-1f6f0139-cb48-4255-b5c4-a04a34a1eb93 9d6299a5e17a4291b6123ac00e40b41a d5058861c79446c3809985be0426dad6 - - default default] Unable to schedule network 9bfe8c01-c938-4734-9601-2bf0338f63f1: no agents available; will retry on subsequent port and subnet creation events.
2026-07-21 07:55:06.829 10 INFO neutron.db.ovn_revision_numbers_db [None req-0a4d5b0c-0275-45c2-92fb-518f62a388a5 - - - - - -] Successfully bumped revision number for resource cf412684-cfde-4468-964f-de889d44db64 (type: ports) to 3
2026-07-21 07:55:06.982 9 INFO neutron.db.ovn_revision_numbers_db [None req-8c16c891-9741-446a-9f28-f4e3a6481aee 7cf146058ff841c38c501d82a145312c fa6ea76ecb3e43379a4ecd4da1ac3b14 - - - -] Successfully bumped revision number for resource c1a5f521-d755-4cc4-afc0-15d25c663255 (type: routers) to 1
2026-07-21 07:55:07.016 9 INFO neutron.wsgi [None req-8c16c891-9741-446a-9f28-f4e3a6481aee 7cf146058ff841c38c501d82a145312c fa6ea76ecb3e43379a4ecd4da1ac3b14 - - - -] 10.0.0.37 "POST /v2.0/routers HTTP/1.1" status: 201 len: 689 time: 0.2400885
2026-07-21 07:55:07.382 10 INFO neutron.db.ovn_revision_numbers_db [None req-0a4d5b0c-0275-45c2-92fb-518f62a388a5 - - - - - -] Successfully bumped revision number for resource cf412684-cfde-4468-964f-de889d44db64 (type: router_ports) to 3
2026-07-21 07:55:07.529 9 WARNING neutron.scheduler.dhcp_agent_scheduler [None req-051be161-b927-497d-8b45-9c5b6b4b522c 7cf146058ff841c38c501d82a145312c fa6ea76ecb3e43379a4ecd4da1ac3b14 - - default default] No more DHCP agents
2026-07-21 07:55:07.533 9 WARNING neutron.api.rpc.agentnotifiers.dhcp_rpc_agent_api [None req-051be161-b927-497d-8b45-9c5b6b4b522c 7cf146058ff841c38c501d82a145312c fa6ea76ecb3e43379a4ecd4da1ac3b14 - - default default] Unable to schedule network 29c02712-e87b-4986-8dec-1779651b390e: no agents available; will retry on subsequent port and subnet creation events.
2026-07-21 07:55:07.644 10 INFO neutron.services.segments.plugin [-] Segment 91cecf9f-8a25-4e6b-888a-b5447ac994de resource provider aggregate not found
2026-07-21 07:55:07.650 9 INFO neutron.db.ovn_revision_numbers_db [None req-051be161-b927-497d-8b45-9c5b6b4b522c 7cf146058ff841c38c501d82a145312c fa6ea76ecb3e43379a4ecd4da1ac3b14 - - default default] Successfully bumped revision number for resource 670e6487-0fdb-4c83-8d33-2027de7097d6 (type: ports) to 1
2026-07-21 07:55:07.654 10 INFO neutron.services.segments.plugin [-] Segment 91cecf9f-8a25-4e6b-888a-b5447ac994de resource provider aggregate not found
2026-07-21 07:55:07.662 10 INFO neutron.db.ovn_revision_numbers_db [None req-1f6f0139-cb48-4255-b5c4-a04a34a1eb93 9d6299a5e17a4291b6123ac00e40b41a d5058861c79446c3809985be0426dad6 - - - -] Successfully bumped revision number for resource cf412684-cfde-4468-964f-de889d44db64 (type: router_ports) to 3
2026-07-21 07:55:07.665 10 INFO neutron.wsgi [None req-1f6f0139-cb48-4255-b5c4-a04a34a1eb93 9d6299a5e17a4291b6123ac00e40b41a d5058861c79446c3809985be0426dad6 - - - -] 10.0.0.37 "PUT /v2.0/routers/34f8213b-c6a9-493f-b947-95d97ff9f430/add_router_interface HTTP/1.1" status: 200 len: 503 time: 3.4347210
2026-07-21 07:55:07.678 10 INFO neutron.services.segments.plugin [-] Segment 91cecf9f-8a25-4e6b-888a-b5447ac994de resource provider not found; error: Placement Client Error (4xx): {"errors": [{"status": 404, "title": "Not Found", "detail": "The resource could not be found.\n\n No resource provider with uuid 91cecf9f-8a25-4e6b-888a-b5447ac994de found for delete ", "request_id": "req-7e80a130-c9bf-43b5-8107-77bd8bd26eaf"}]}
2026-07-21 07:55:07.680 10 INFO neutron.services.segments.plugin [-] Segment 91cecf9f-8a25-4e6b-888a-b5447ac994de resource provider not found; error: Placement Client Error (4xx): {"errors": [{"status": 404, "title": "Not Found", "detail": "The resource could not be found.\n\n No resource provider with uuid 91cecf9f-8a25-4e6b-888a-b5447ac994de found for delete ", "request_id": "req-54ff0b1e-ccf2-4f73-93c8-b8891749fccd"}]}
2026-07-21 07:55:07.745 10 INFO neutron.wsgi [None req-3f8f5c07-8156-46f0-99c3-c3413741de0d c559b67c8dc14c6e9bb7fa2452ec7a44 3b5df8bf225349b0ab7bd2b1a0d2c1b1 - - - -] 10.0.0.37 "DELETE /v2.0/networks/c272ff6c-5194-4479-8e5f-2a5e21a3d785 HTTP/1.1" status: 204 len: 168 time: 1.0567229
2026-07-21 07:55:07.803 10 INFO neutron.wsgi [None req-60dc3b54-bb7c-4dd5-88a5-09fdac1c5bd3 eaba86c823be4a29806a7c0d68a19e64 78264a47337242cc865766926b1c390e - - default default] 10.0.0.37 "GET /v2.0/networks HTTP/1.1" status: 200 len: 4605 time: 0.1326041
2026-07-21 07:55:07.881 9 INFO neutron.wsgi [None req-0e33618b-7a4b-4a82-883d-74ed504c20ab eaba86c823be4a29806a7c0d68a19e64 78264a47337242cc865766926b1c390e - - default default] 10.0.0.37 "GET /v2.0/subnets HTTP/1.1" status: 200 len: 3366 time: 0.0730493
2026-07-21 07:55:07.931 10 INFO neutron.wsgi [None req-583653ad-8bd4-4d06-a35b-65947ae3596a c559b67c8dc14c6e9bb7fa2452ec7a44 3b5df8bf225349b0ab7bd2b1a0d2c1b1 - - default default] 10.0.0.37 "GET /v2.0/security-groups?tenant_id=f242d1edc77044fdaafa0bdc197ee93f&name=default HTTP/1.1" status: 200 len: 2996 time: 0.0572417
2026-07-21 07:55:08.010 10 INFO neutron.wsgi [None req-59563598-1cb3-4e20-9fb9-b07ed544cebf eaba86c823be4a29806a7c0d68a19e64 78264a47337242cc865766926b1c390e - - default default] 10.0.0.37 "GET /v2.0/routers HTTP/1.1" status: 200 len: 1366 time: 0.1241148
2026-07-21 07:55:08.131 9 INFO neutron.plugins.ml2.drivers.ovn.mech_driver.mech_driver [None req-1096d1bb-1619-4472-9536-ac3a88dc9fbc - - - - - -] OVN reports status up for port: 670e6487-0fdb-4c83-8d33-2027de7097d6
