2026-07-21 07:55:17.906 10 INFO neutron.wsgi [None req-2d9db8ba-89ab-416b-b185-3fe4cb6dc8ad dd477cf0a3b04ba495dcb7f4e57821e1 d075e7e94d9549aa87070925b38d4be2 - - - -] 10.0.0.37 "PUT /v2.0/routers/18ff2963-9648-4adf-928d-ad5052b50f72 HTTP/1.1" status: 200 len: 655 time: 0.9529750
2026-07-21 07:55:17.952 10 INFO neutron.wsgi [None req-9f906d43-825d-459a-9bc5-ffcdd0378bf2 8a07ee4a73734d0aa7d1bad741c9562b 53814e1ab24645daafcbc10990ea3d04 - - default default] 10.0.0.37 "GET /v2.0/networks HTTP/1.1" status: 200 len: 2051 time: 0.1826589
2026-07-21 07:55:17.955 10 INFO neutron.wsgi [None req-60a3a13a-6a63-4ed6-b09a-2f3a69c33b90 dd477cf0a3b04ba495dcb7f4e57821e1 d075e7e94d9549aa87070925b38d4be2 - - default default] 10.0.0.37 "GET /v2.0/ports?device_id=18ff2963-9648-4adf-928d-ad5052b50f72 HTTP/1.1" status: 200 len: 205 time: 0.0410345
2026-07-21 07:55:17.963 10 INFO neutron.wsgi [req-a8f1e536-9e78-4e76-b0d1-b70b31c213e1 req-14727e52-5db5-4049-a43a-78e417e43332 9d6299a5e17a4291b6123ac00e40b41a d5058861c79446c3809985be0426dad6 - - default default] 10.0.0.176 "GET /v2.0/ports?device_id=2d0d1514-d17d-450f-9821-5d01ba310a77 HTTP/1.1" status: 200 len: 1168 time: 0.0539601
2026-07-21 07:55:18.058 10 INFO neutron.wsgi [req-a8f1e536-9e78-4e76-b0d1-b70b31c213e1 req-e9e4c9a5-4373-40f7-8cd3-15e6a6c9d860 9d6299a5e17a4291b6123ac00e40b41a d5058861c79446c3809985be0426dad6 - - default default] 10.0.0.176 "GET /v2.0/security-groups?id=849f6fbd-251f-4121-92fb-be3cd8a865c2&fields=id&fields=name HTTP/1.1" status: 200 len: 313 time: 0.0909381
2026-07-21 07:55:18.128 9 INFO neutron.wsgi [None req-e2abc47a-1470-4d30-8500-96cab1a282d1 7cf146058ff841c38c501d82a145312c fa6ea76ecb3e43379a4ecd4da1ac3b14 - - - -] 10.0.0.37 "DELETE /v2.0/subnets/6d346586-b8f3-429b-aeeb-974e4c0e8382 HTTP/1.1" status: 204 len: 168 time: 0.6074915
2026-07-21 07:55:18.297 10 INFO neutron.wsgi [None req-d52af8e8-25f0-46ea-b29e-257d5be5062b dd477cf0a3b04ba495dcb7f4e57821e1 d075e7e94d9549aa87070925b38d4be2 - - - -] 10.0.0.37 "DELETE /v2.0/routers/18ff2963-9648-4adf-928d-ad5052b50f72 HTTP/1.1" status: 204 len: 168 time: 0.3325732
2026-07-21 07:55:18.353 9 INFO neutron.wsgi [None req-ee53cead-9cba-49f2-b71f-087a4d7a865a 7cf146058ff841c38c501d82a145312c fa6ea76ecb3e43379a4ecd4da1ac3b14 - - - -] 10.0.0.37 "DELETE /v2.0/subnets/4ef53d5f-e045-4656-8a7b-570d73265ed0 HTTP/1.1" status: 204 len: 168 time: 0.2203803
2026-07-21 07:55:18.589 10 INFO neutron.services.segments.plugin [-] Segment b472b93e-9414-427a-8457-bc13b21a9ec7 resource provider aggregate not found
2026-07-21 07:55:18.596 10 INFO neutron.services.segments.plugin [-] Segment b472b93e-9414-427a-8457-bc13b21a9ec7 resource provider aggregate not found
2026-07-21 07:55:18.631 10 INFO neutron.services.segments.plugin [-] Segment b472b93e-9414-427a-8457-bc13b21a9ec7 resource provider not found; error: Placement Client Error (4xx): {"errors": [{"status": 404, "title": "Not Found", "detail": "The resource could not be found.\n\n No resource provider with uuid b472b93e-9414-427a-8457-bc13b21a9ec7 found for delete ", "request_id": "req-fddb55fe-5e28-4cfe-85ca-56d962c5ca13"}]}
2026-07-21 07:55:18.633 10 INFO neutron.services.segments.plugin [-] Segment b472b93e-9414-427a-8457-bc13b21a9ec7 resource provider not found; error: Placement Client Error (4xx): {"errors": [{"status": 404, "title": "Not Found", "detail": "The resource could not be found.\n\n No resource provider with uuid b472b93e-9414-427a-8457-bc13b21a9ec7 found for delete ", "request_id": "req-1fae4642-c0c2-4339-a76f-349bcdb0642d"}]}
2026-07-21 07:55:18.654 10 INFO neutron.wsgi [None req-a2107d20-c033-4a1b-af14-879e3788d5bc 8a07ee4a73734d0aa7d1bad741c9562b 53814e1ab24645daafcbc10990ea3d04 - - - -] 10.0.0.37 "DELETE /v2.0/networks/efcb6f65-c062-4bb6-93f9-7bbf88bea69f HTTP/1.1" status: 204 len: 168 time: 0.6896610
2026-07-21 07:55:18.853 10 INFO neutron.wsgi [None req-70026391-a77d-46b4-b8a6-2aaeb0ee8ba2 7cf146058ff841c38c501d82a145312c fa6ea76ecb3e43379a4ecd4da1ac3b14 - - - -] 10.0.0.37 "DELETE /v2.0/networks/15e8894a-d9f0-419e-a76d-c294c921ae20 HTTP/1.1" status: 204 len: 168 time: 0.4929602
2026-07-21 07:55:19.136 9 INFO neutron.services.segments.plugin [-] Segment ff13fad2-6cbc-4d7a-bb53-ac43fa8e6760 resource provider aggregate not found
2026-07-21 07:55:19.140 9 INFO neutron.services.segments.plugin [-] Segment ff13fad2-6cbc-4d7a-bb53-ac43fa8e6760 resource provider aggregate not found
2026-07-21 07:55:19.161 9 INFO neutron.services.segments.plugin [-] Segment ff13fad2-6cbc-4d7a-bb53-ac43fa8e6760 resource provider not found; error: Placement Client Error (4xx): {"errors": [{"status": 404, "title": "Not Found", "detail": "The resource could not be found.\n\n No resource provider with uuid ff13fad2-6cbc-4d7a-bb53-ac43fa8e6760 found for delete ", "request_id": "req-c7d3aaa3-ade1-48ab-8b48-8329f24aa77f"}]}
2026-07-21 07:55:19.172 10 INFO neutron.wsgi [req-623dbec3-0158-40f5-9cf0-ce5a062c4d6a req-08bffa49-202c-40a0-9a3b-b63c3626e52b 9d6299a5e17a4291b6123ac00e40b41a d5058861c79446c3809985be0426dad6 - - default default] 10.0.0.176 "GET /v2.0/ports?device_id=2d0d1514-d17d-450f-9821-5d01ba310a77 HTTP/1.1" status: 200 len: 1168 time: 0.0397882
2026-07-21 07:55:19.173 9 INFO neutron.services.segments.plugin [-] Segment ff13fad2-6cbc-4d7a-bb53-ac43fa8e6760 resource provider not found; error: Placement Client Error (4xx): {"errors": [{"status": 404, "title": "Not Found", "detail": "The resource could not be found.\n\n No resource provider with uuid ff13fad2-6cbc-4d7a-bb53-ac43fa8e6760 found for delete ", "request_id": "req-cce46210-f620-46f1-9f97-9d12aa56358a"}]}
2026-07-21 07:55:19.210 9 INFO neutron.wsgi [None req-5ec71451-6f83-4116-b456-d78b576acb9b 8a07ee4a73734d0aa7d1bad741c9562b 53814e1ab24645daafcbc10990ea3d04 - - - -] 10.0.0.37 "DELETE /v2.0/networks/9ae62a6d-c6e7-44ac-b939-93c56c35adff HTTP/1.1" status: 204 len: 168 time: 0.5480886
2026-07-21 07:55:19.234 10 INFO neutron.wsgi [req-623dbec3-0158-40f5-9cf0-ce5a062c4d6a req-26c3a75a-2e6b-40f1-a21e-c9ea4357c6d4 9d6299a5e17a4291b6123ac00e40b41a d5058861c79446c3809985be0426dad6 - - default default] 10.0.0.176 "GET /v2.0/security-groups?id=849f6fbd-251f-4121-92fb-be3cd8a865c2&fields=id&fields=name HTTP/1.1" status: 200 len: 313 time: 0.0544114
2026-07-21 07:55:19.282 9 INFO neutron.wsgi [None req-c431dbc2-ad7e-498a-be41-7d0fda62b0c2 8a07ee4a73734d0aa7d1bad741c9562b 53814e1ab24645daafcbc10990ea3d04 - - default default] 10.0.0.37 "GET /v2.0/networks HTTP/1.1" status: 200 len: 845 time: 0.0650809
2026-07-21 07:55:19.347 10 INFO neutron.wsgi [None req-0774bb9a-9871-430b-9f43-5c3af4f514f6 7cf146058ff841c38c501d82a145312c fa6ea76ecb3e43379a4ecd4da1ac3b14 - - - -] 10.0.0.37 "DELETE /v2.0/networks/29c02712-e87b-4986-8dec-1779651b390e HTTP/1.1" status: 204 len: 168 time: 0.4836295
2026-07-21 07:55:19.379 9 INFO neutron.db.segments_db [None req-68295d46-5f5f-4a11-90ab-45017b75b573 8a07ee4a73734d0aa7d1bad741c9562b 53814e1ab24645daafcbc10990ea3d04 - - - -] Added segment 514d1f59-00e9-4fe7-91ba-d8a22cf1b1b8 of type geneve for network 1e8f8e73-d3e1-4d8c-b64b-2561d0e08a9b
2026-07-21 07:55:19.417 10 INFO neutron.db.ovn_revision_numbers_db [None req-3b5f036d-a161-4fb3-8ca6-cff76d08d1c3 c559b67c8dc14c6e9bb7fa2452ec7a44 3b5df8bf225349b0ab7bd2b1a0d2c1b1 - - default default] Successfully bumped revision number for resource 5aa98a24-a5b7-4e64-a6f9-596efd88b0db (type: security_groups) to 1
2026-07-21 07:55:19.443 10 INFO neutron.wsgi [None req-3b5f036d-a161-4fb3-8ca6-cff76d08d1c3 c559b67c8dc14c6e9bb7fa2452ec7a44 3b5df8bf225349b0ab7bd2b1a0d2c1b1 - - default default] 10.0.0.37 "GET /v2.0/security-groups?tenant_id=d075e7e94d9549aa87070925b38d4be2&name=default HTTP/1.1" status: 200 len: 2996 time: 0.2689595
2026-07-21 07:55:19.473 9 INFO neutron.db.segments_db [None req-f9e591f7-5669-4617-86b6-cf494aecda0d 7cf146058ff841c38c501d82a145312c fa6ea76ecb3e43379a4ecd4da1ac3b14 - - - -] Added segment 525984d2-4fff-444b-9edf-d8b2442a1593 of type geneve for network 023b54ba-bb34-48dd-bf94-b414a2918b2a
2026-07-21 07:55:19.566 9 INFO neutron.db.ovn_revision_numbers_db [None req-68295d46-5f5f-4a11-90ab-45017b75b573 8a07ee4a73734d0aa7d1bad741c9562b 53814e1ab24645daafcbc10990ea3d04 - - - -] Successfully bumped revision number for resource 1e8f8e73-d3e1-4d8c-b64b-2561d0e08a9b (type: networks) to 1
2026-07-21 07:55:19.624 10 INFO neutron.wsgi [None req-943f7ef4-364e-488e-bc75-e9e5df5a77bf c559b67c8dc14c6e9bb7fa2452ec7a44 3b5df8bf225349b0ab7bd2b1a0d2c1b1 - - - -] 10.0.0.37 "DELETE /v2.0/security-groups/5aa98a24-a5b7-4e64-a6f9-596efd88b0db HTTP/1.1" status: 204 len: 168 time: 0.1750960
2026-07-21 07:55:19.726 9 INFO neutron.db.ovn_revision_numbers_db [None req-f9e591f7-5669-4617-86b6-cf494aecda0d 7cf146058ff841c38c501d82a145312c fa6ea76ecb3e43379a4ecd4da1ac3b14 - - - -] Successfully bumped revision number for resource 023b54ba-bb34-48dd-bf94-b414a2918b2a (type: networks) to 1
2026-07-21 07:55:19.827 10 INFO neutron.db.ovn_revision_numbers_db [None req-0032aba2-ea4e-4eb6-997c-4270a678c817 c559b67c8dc14c6e9bb7fa2452ec7a44 3b5df8bf225349b0ab7bd2b1a0d2c1b1 - - default default] Successfully bumped revision number for resource 144b7b26-829a-41b4-b90c-2d92a19f337f (type: security_groups) to 1
2026-07-21 07:55:19.852 10 INFO neutron.wsgi [None req-0032aba2-ea4e-4eb6-997c-4270a678c817 c559b67c8dc14c6e9bb7fa2452ec7a44 3b5df8bf225349b0ab7bd2b1a0d2c1b1 - - default default] 10.0.0.37 "GET /v2.0/security-groups?tenant_id=13f4187ee4cb4abeb1d22d955c39fcfd&name=default HTTP/1.1" status: 200 len: 2996 time: 0.1101842
2026-07-21 07:55:19.892 9 WARNING neutron.scheduler.dhcp_agent_scheduler [None req-68295d46-5f5f-4a11-90ab-45017b75b573 8a07ee4a73734d0aa7d1bad741c9562b 53814e1ab24645daafcbc10990ea3d04 - - - -] No more DHCP agents
2026-07-21 07:55:19.896 9 WARNING neutron.api.rpc.agentnotifiers.dhcp_rpc_agent_api [None req-68295d46-5f5f-4a11-90ab-45017b75b573 8a07ee4a73734d0aa7d1bad741c9562b 53814e1ab24645daafcbc10990ea3d04 - - - -] Unable to schedule network 1e8f8e73-d3e1-4d8c-b64b-2561d0e08a9b: no agents available; will retry on subsequent port and subnet creation events.
2026-07-21 07:55:19.979 9 WARNING neutron.scheduler.dhcp_agent_scheduler [None req-f9e591f7-5669-4617-86b6-cf494aecda0d 7cf146058ff841c38c501d82a145312c fa6ea76ecb3e43379a4ecd4da1ac3b14 - - - -] No more DHCP agents
2026-07-21 07:55:19.982 9 WARNING neutron.api.rpc.agentnotifiers.dhcp_rpc_agent_api [None req-f9e591f7-5669-4617-86b6-cf494aecda0d 7cf146058ff841c38c501d82a145312c fa6ea76ecb3e43379a4ecd4da1ac3b14 - - - -] Unable to schedule network 023b54ba-bb34-48dd-bf94-b414a2918b2a: no agents available; will retry on subsequent port and subnet creation events.
2026-07-21 07:55:19.997 9 INFO neutron.db.ovn_revision_numbers_db [None req-68295d46-5f5f-4a11-90ab-45017b75b573 8a07ee4a73734d0aa7d1bad741c9562b 53814e1ab24645daafcbc10990ea3d04 - - - -] Successfully bumped revision number for resource fa3f6885-d237-47bb-b494-a026ba217d6a (type: ports) to 1
2026-07-21 07:55:20.032 10 INFO neutron.wsgi [None req-302aa456-76b0-41d8-9a5b-cde67e1acf95 c559b67c8dc14c6e9bb7fa2452ec7a44 3b5df8bf225349b0ab7bd2b1a0d2c1b1 - - - -] 10.0.0.37 "DELETE /v2.0/security-groups/144b7b26-829a-41b4-b90c-2d92a19f337f HTTP/1.1" status: 204 len: 168 time: 0.1730001
2026-07-21 07:55:20.041 9 INFO neutron.wsgi [None req-68295d46-5f5f-4a11-90ab-45017b75b573 8a07ee4a73734d0aa7d1bad741c9562b 53814e1ab24645daafcbc10990ea3d04 - - - -] 10.0.0.37 "POST /v2.0/networks HTTP/1.1" status: 201 len: 853 time: 0.7532260
2026-07-21 07:55:20.054 9 INFO neutron.db.ovn_revision_numbers_db [None req-f9e591f7-5669-4617-86b6-cf494aecda0d 7cf146058ff841c38c501d82a145312c fa6ea76ecb3e43379a4ecd4da1ac3b14 - - - -] Successfully bumped revision number for resource 48e823e1-974f-466a-b63d-9aeab73b6426 (type: ports) to 1
2026-07-21 07:55:20.079 9 INFO neutron.wsgi [None req-f9e591f7-5669-4617-86b6-cf494aecda0d 7cf146058ff841c38c501d82a145312c fa6ea76ecb3e43379a4ecd4da1ac3b14 - - - -] 10.0.0.37 "POST /v2.0/networks HTTP/1.1" status: 201 len: 832 time: 0.7233245
2026-07-21 07:55:20.138 10 INFO neutron.db.segments_db [None req-f114c395-d988-4fd4-b020-ed6bac6038be 8a07ee4a73734d0aa7d1bad741c9562b 53814e1ab24645daafcbc10990ea3d04 - - - -] Added segment 066ae248-7a7d-4fd4-9c36-a974fd0c179c of type geneve for network 23e8147b-2f3a-427e-ba30-fb5aa1cc081a
2026-07-21 07:55:20.289 9 INFO neutron.wsgi [-] 10.0.0.151 "GET / HTTP/1.1" status: 200 len: 246 time: 0.0016079
2026-07-21 07:55:20.291 9 INFO neutron.wsgi [-] 10.0.0.151 "GET / HTTP/1.1" status: 200 len: 246 time: 0.0017979
2026-07-21 07:55:20.323 10 INFO neutron.db.ovn_revision_numbers_db [None req-f114c395-d988-4fd4-b020-ed6bac6038be 8a07ee4a73734d0aa7d1bad741c9562b 53814e1ab24645daafcbc10990ea3d04 - - - -] Successfully bumped revision number for resource 23e8147b-2f3a-427e-ba30-fb5aa1cc081a (type: networks) to 1
2026-07-21 07:55:20.361 9 WARNING neutron.scheduler.dhcp_agent_scheduler [None req-1f1a67f7-d2e6-4485-8153-e698863a5f0f 7cf146058ff841c38c501d82a145312c fa6ea76ecb3e43379a4ecd4da1ac3b14 - - - -] No more DHCP agents
2026-07-21 07:55:20.363 9 WARNING neutron.api.rpc.agentnotifiers.dhcp_rpc_agent_api [None req-1f1a67f7-d2e6-4485-8153-e698863a5f0f 7cf146058ff841c38c501d82a145312c fa6ea76ecb3e43379a4ecd4da1ac3b14 - - - -] Unable to schedule network 023b54ba-bb34-48dd-bf94-b414a2918b2a: no agents available; will retry on subsequent port and subnet creation events.
2026-07-21 07:55:20.366 10 INFO neutron.wsgi [req-6b4fac9a-ec2b-47cb-9cd5-bc3f0d2292fb req-931b96bb-4429-4cde-a702-955523289e91 9d6299a5e17a4291b6123ac00e40b41a d5058861c79446c3809985be0426dad6 - - default default] 10.0.0.176 "GET /v2.0/ports?device_id=2d0d1514-d17d-450f-9821-5d01ba310a77 HTTP/1.1" status: 200 len: 1168 time: 0.0596566
2026-07-21 07:55:20.374 9 INFO neutron.db.ovn_revision_numbers_db [None req-1f1a67f7-d2e6-4485-8153-e698863a5f0f 7cf146058ff841c38c501d82a145312c fa6ea76ecb3e43379a4ecd4da1ac3b14 - - - -] Successfully bumped revision number for resource 505ead17-9979-4c56-a936-4c00924444e4 (type: subnets) to 0
2026-07-21 07:55:20.391 9 INFO neutron.wsgi [None req-1f1a67f7-d2e6-4485-8153-e698863a5f0f 7cf146058ff841c38c501d82a145312c fa6ea76ecb3e43379a4ecd4da1ac3b14 - - - -] 10.0.0.37 "POST /v2.0/subnets HTTP/1.1" status: 201 len: 821 time: 0.3058968
2026-07-21 07:55:20.433 10 INFO neutron.wsgi [req-6b4fac9a-ec2b-47cb-9cd5-bc3f0d2292fb req-976abd0c-2b3b-4996-9c9a-dd459163286f 9d6299a5e17a4291b6123ac00e40b41a d5058861c79446c3809985be0426dad6 - - default default] 10.0.0.176 "GET /v2.0/security-groups?id=849f6fbd-251f-4121-92fb-be3cd8a865c2&fields=id&fields=name HTTP/1.1" status: 200 len: 313 time: 0.0592325
2026-07-21 07:55:20.437 10 INFO neutron.db.ovn_revision_numbers_db [None req-81371939-1efb-4006-a423-b8bfa141b9b6 c559b67c8dc14c6e9bb7fa2452ec7a44 3b5df8bf225349b0ab7bd2b1a0d2c1b1 - - default default] Successfully bumped revision number for resource b17cf6ad-371e-4d96-a090-1265dd4ee5f9 (type: security_groups) to 1
2026-07-21 07:55:20.477 10 INFO neutron.wsgi [None req-81371939-1efb-4006-a423-b8bfa141b9b6 c559b67c8dc14c6e9bb7fa2452ec7a44 3b5df8bf225349b0ab7bd2b1a0d2c1b1 - - default default] 10.0.0.37 "GET /v2.0/security-groups?tenant_id=c6b8a68578d24093bb1c1d93502a7d05&name=default HTTP/1.1" status: 200 len: 2996 time: 0.2600496
2026-07-21 07:55:20.577 10 WARNING neutron.scheduler.dhcp_agent_scheduler [None req-f114c395-d988-4fd4-b020-ed6bac6038be 8a07ee4a73734d0aa7d1bad741c9562b 53814e1ab24645daafcbc10990ea3d04 - - - -] No more DHCP agents
2026-07-21 07:55:20.579 10 WARNING neutron.api.rpc.agentnotifiers.dhcp_rpc_agent_api [None req-f114c395-d988-4fd4-b020-ed6bac6038be 8a07ee4a73734d0aa7d1bad741c9562b 53814e1ab24645daafcbc10990ea3d04 - - - -] Unable to schedule network 23e8147b-2f3a-427e-ba30-fb5aa1cc081a: no agents available; will retry on subsequent port and subnet creation events.
2026-07-21 07:55:20.596 9 INFO neutron.db.ovn_revision_numbers_db [None req-7e13d7f3-a80f-4674-b625-b9372dce9c5a 7cf146058ff841c38c501d82a145312c fa6ea76ecb3e43379a4ecd4da1ac3b14 - - - -] Successfully bumped revision number for resource df0b6aa4-ee98-4e34-acef-8051618af240 (type: routers) to 1
2026-07-21 07:55:20.607 9 WARNING neutron.plugins.ml2.drivers.ovn.mech_driver.ovsdb.ovn_client [None req-1096d1bb-1619-4472-9536-ac3a88dc9fbc - - - - - -] No port found with ID 42e9b825-2c37-454e-87e4-b820fbe6246d: RuntimeError: No port found with ID 42e9b825-2c37-454e-87e4-b820fbe6246d
2026-07-21 07:55:20.607 9 INFO neutron.plugins.ml2.drivers.ovn.mech_driver.mech_driver [None req-1096d1bb-1619-4472-9536-ac3a88dc9fbc - - - - - -] OVN reports status up for port: c059b06f-e37a-406c-9ae0-cf9d25faa5cf
2026-07-21 07:55:20.631 9 INFO neutron.wsgi [None req-7e13d7f3-a80f-4674-b625-b9372dce9c5a 7cf146058ff841c38c501d82a145312c fa6ea76ecb3e43379a4ecd4da1ac3b14 - - - -] 10.0.0.37 "POST /v2.0/routers HTTP/1.1" status: 201 len: 691 time: 0.2329605
2026-07-21 07:55:20.632 9 INFO neutron.plugins.ml2.plugin [None req-1096d1bb-1619-4472-9536-ac3a88dc9fbc - - - - - -] Attempt 1 to provision port c059b06f-e37a-406c-9ae0-cf9d25faa5cf
2026-07-21 07:55:20.663 10 INFO neutron.services.segments.plugin [-] Segment 9e7700e4-80ed-4cfc-95e6-5d2d416203c4 resource provider aggregate not found
2026-07-21 07:55:20.668 10 INFO neutron.services.segments.plugin [-] Segment 9e7700e4-80ed-4cfc-95e6-5d2d416203c4 resource provider aggregate not found
2026-07-21 07:55:20.707 10 INFO neutron.services.segments.plugin [-] Segment 9e7700e4-80ed-4cfc-95e6-5d2d416203c4 resource provider not found; error: Placement Client Error (4xx): {"errors": [{"status": 404, "title": "Not Found", "detail": "The resource could not be found.\n\n No resource provider with uuid 9e7700e4-80ed-4cfc-95e6-5d2d416203c4 found for delete ", "request_id": "req-4e13a2ed-9c6c-4d19-bb9e-b0c0aa4f916e"}]}
2026-07-21 07:55:20.719 10 INFO neutron.services.segments.plugin [-] Segment 9e7700e4-80ed-4cfc-95e6-5d2d416203c4 resource provider not found; error: Placement Client Error (4xx): {"errors": [{"status": 404, "title": "Not Found", "detail": "The resource could not be found.\n\n No resource provider with uuid 9e7700e4-80ed-4cfc-95e6-5d2d416203c4 found for delete ", "request_id": "req-aedf2b97-4275-4372-a027-b5278041dfd4"}]}
2026-07-21 07:55:20.741 10 INFO neutron.services.segments.plugin [-] Segment 4860e43f-8fbc-4fff-898b-a546b7805bc3 resource provider aggregate not found
2026-07-21 07:55:20.749 10 INFO neutron.services.segments.plugin [-] Segment 4860e43f-8fbc-4fff-898b-a546b7805bc3 resource provider aggregate not found
2026-07-21 07:55:20.763 10 INFO neutron.services.segments.plugin [-] Segment 4860e43f-8fbc-4fff-898b-a546b7805bc3 resource provider not found; error: Placement Client Error (4xx): {"errors": [{"status": 404, "title": "Not Found", "detail": "The resource could not be found.\n\n No resource provider with uuid 4860e43f-8fbc-4fff-898b-a546b7805bc3 found for delete ", "request_id": "req-1b02c8a7-edb0-4551-a266-8b824994eb51"}]}
2026-07-21 07:55:20.766 9 INFO neutron.notifiers.nova [-] Nova event matching ['req-27277092-7bfe-4dbe-bf9b-3a07111ca205'] response: {'server_uuid': '2d0d1514-d17d-450f-9821-5d01ba310a77', 'name': 'network-vif-plugged', 'status': 'completed', 'tag': 'c059b06f-e37a-406c-9ae0-cf9d25faa5cf', 'code': 200}
2026-07-21 07:55:20.768 10 INFO neutron.db.ovn_revision_numbers_db [None req-f114c395-d988-4fd4-b020-ed6bac6038be 8a07ee4a73734d0aa7d1bad741c9562b 53814e1ab24645daafcbc10990ea3d04 - - - -] Successfully bumped revision number for resource cf211f15-6799-42d3-a12d-725d5cf3401a (type: ports) to 1
2026-07-21 07:55:20.779 10 INFO neutron.services.segments.plugin [-] Segment 4860e43f-8fbc-4fff-898b-a546b7805bc3 resource provider not found; error: Placement Client Error (4xx): {"errors": [{"status": 404, "title": "Not Found", "detail": "The resource could not be found.\n\n No resource provider with uuid 4860e43f-8fbc-4fff-898b-a546b7805bc3 found for delete ", "request_id": "req-d3c9e464-eb76-4c4f-b9e6-0f0014876ca5"}]}
2026-07-21 07:55:20.812 10 INFO neutron.wsgi [None req-f114c395-d988-4fd4-b020-ed6bac6038be 8a07ee4a73734d0aa7d1bad741c9562b 53814e1ab24645daafcbc10990ea3d04 - - - -] 10.0.0.37 "POST /v2.0/networks HTTP/1.1" status: 201 len: 853 time: 0.7623010
2026-07-21 07:55:20.953 10 INFO neutron.wsgi [None req-3b34f6fe-889a-4a1e-ae96-374c9e58a0a6 c559b67c8dc14c6e9bb7fa2452ec7a44 3b5df8bf225349b0ab7bd2b1a0d2c1b1 - - - -] 10.0.0.37 "DELETE /v2.0/security-groups/b17cf6ad-371e-4d96-a090-1265dd4ee5f9 HTTP/1.1" status: 204 len: 168 time: 0.4708114
2026-07-21 07:55:20.954 9 INFO neutron.db.ovn_revision_numbers_db [None req-1096d1bb-1619-4472-9536-ac3a88dc9fbc - - - - - -] Successfully bumped revision number for resource c059b06f-e37a-406c-9ae0-cf9d25faa5cf (type: ports) to 4
2026-07-21 07:55:21.227 10 WARNING neutron.scheduler.dhcp_agent_scheduler [None req-c23ced59-a152-4e8c-b13a-a26232e35054 7cf146058ff841c38c501d82a145312c fa6ea76ecb3e43379a4ecd4da1ac3b14 - - - -] No more DHCP agents
2026-07-21 07:55:21.229 10 WARNING neutron.api.rpc.agentnotifiers.dhcp_rpc_agent_api [None req-c23ced59-a152-4e8c-b13a-a26232e35054 7cf146058ff841c38c501d82a145312c fa6ea76ecb3e43379a4ecd4da1ac3b14 - - - -] Unable to schedule network 023b54ba-bb34-48dd-bf94-b414a2918b2a: no agents available; will retry on subsequent port and subnet creation events.
2026-07-21 07:55:21.338 10 INFO neutron.db.ovn_revision_numbers_db [None req-c23ced59-a152-4e8c-b13a-a26232e35054 7cf146058ff841c38c501d82a145312c fa6ea76ecb3e43379a4ecd4da1ac3b14 - - - -] Successfully bumped revision number for resource 7dc471f5-c834-44db-92bf-10760d23a753 (type: ports) to 1
2026-07-21 07:55:21.365 10 INFO neutron.wsgi [None req-c23ced59-a152-4e8c-b13a-a26232e35054 7cf146058ff841c38c501d82a145312c fa6ea76ecb3e43379a4ecd4da1ac3b14 - - - -] 10.0.0.37 "POST /v2.0/ports HTTP/1.1" status: 201 len: 1159 time: 0.7209873 /var/lib/openstack/lib/python3.10/site-packages/pycadf/identifier.py:71: UserWarning: Invalid uuid: neutron. To ensure interoperability, identifiers should be a valid uuid. warnings.warn(('Invalid uuid: %s. To ensure interoperability, ' /var/lib/openstack/lib/python3.10/site-packages/pycadf/identifier.py:71: UserWarning: Invalid uuid: neutron. To ensure interoperability, identifiers should be a valid uuid. warnings.warn(('Invalid uuid: %s. To ensure interoperability, '
2026-07-21 07:55:21.867 10 WARNING neutron.scheduler.dhcp_agent_scheduler [None req-48fdb2d1-ab38-4c44-880b-9da402103c98 8a07ee4a73734d0aa7d1bad741c9562b 53814e1ab24645daafcbc10990ea3d04 - - - -] No more DHCP agents
2026-07-21 07:55:21.891 10 WARNING neutron.api.rpc.agentnotifiers.dhcp_rpc_agent_api [None req-48fdb2d1-ab38-4c44-880b-9da402103c98 8a07ee4a73734d0aa7d1bad741c9562b 53814e1ab24645daafcbc10990ea3d04 - - - -] Unable to schedule network 1e8f8e73-d3e1-4d8c-b64b-2561d0e08a9b: no agents available; will retry on subsequent port and subnet creation events.
2026-07-21 07:55:21.985 10 INFO neutron.wsgi [req-266db408-b36c-4970-968a-a96adf0d2cac req-00f929d9-5ca3-40d5-8f9f-71e8094074eb 9d6299a5e17a4291b6123ac00e40b41a d5058861c79446c3809985be0426dad6 - - default default] 10.0.0.176 "GET /v2.0/ports?device_id=2d0d1514-d17d-450f-9821-5d01ba310a77 HTTP/1.1" status: 200 len: 1170 time: 0.1786864 /var/lib/openstack/lib/python3.10/site-packages/pycadf/identifier.py:71: UserWarning: Invalid uuid: neutron. To ensure interoperability, identifiers should be a valid uuid. warnings.warn(('Invalid uuid: %s. To ensure interoperability, '
2026-07-21 07:55:22.019 10 INFO neutron.db.ovn_revision_numbers_db [None req-48fdb2d1-ab38-4c44-880b-9da402103c98 8a07ee4a73734d0aa7d1bad741c9562b 53814e1ab24645daafcbc10990ea3d04 - - - -] Successfully bumped revision number for resource 6a679c2e-1202-46e0-9e7e-fa67101893c4 (type: ports) to 1
2026-07-21 07:55:22.057 10 INFO neutron.wsgi [req-266db408-b36c-4970-968a-a96adf0d2cac req-c2a23892-08d6-4ad1-aae7-34874193e17e 9d6299a5e17a4291b6123ac00e40b41a d5058861c79446c3809985be0426dad6 - - default default] 10.0.0.176 "GET /v2.0/security-groups?id=849f6fbd-251f-4121-92fb-be3cd8a865c2&fields=id&fields=name HTTP/1.1" status: 200 len: 313 time: 0.0616841
2026-07-21 07:55:22.072 10 WARNING neutron.scheduler.dhcp_agent_scheduler [None req-48fdb2d1-ab38-4c44-880b-9da402103c98 8a07ee4a73734d0aa7d1bad741c9562b 53814e1ab24645daafcbc10990ea3d04 - - - -] No more DHCP agents
2026-07-21 07:55:22.082 10 WARNING neutron.api.rpc.agentnotifiers.dhcp_rpc_agent_api [None req-48fdb2d1-ab38-4c44-880b-9da402103c98 8a07ee4a73734d0aa7d1bad741c9562b 53814e1ab24645daafcbc10990ea3d04 - - - -] Unable to schedule network 23e8147b-2f3a-427e-ba30-fb5aa1cc081a: no agents available; will retry on subsequent port and subnet creation events. /var/lib/openstack/lib/python3.10/site-packages/pycadf/identifier.py:71: UserWarning: Invalid uuid: neutron. To ensure interoperability, identifiers should be a valid uuid. warnings.warn(('Invalid uuid: %s. To ensure interoperability, '
2026-07-21 07:55:22.208 10 INFO neutron.wsgi [req-8e8487b1-d058-4f0e-8344-946c26e49ea5 req-618b6c16-3657-499e-a1fc-fbb9fc31b510 9d6299a5e17a4291b6123ac00e40b41a d5058861c79446c3809985be0426dad6 - - default default] 10.0.0.176 "GET /v2.0/ports?device_id=2d0d1514-d17d-450f-9821-5d01ba310a77 HTTP/1.1" status: 200 len: 1170 time: 0.0776131
2026-07-21 07:55:22.243 10 INFO neutron.db.ovn_revision_numbers_db [None req-48fdb2d1-ab38-4c44-880b-9da402103c98 8a07ee4a73734d0aa7d1bad741c9562b 53814e1ab24645daafcbc10990ea3d04 - - - -] Successfully bumped revision number for resource 2daa19b2-631d-4835-a281-5e4a64cc478f (type: ports) to 1
2026-07-21 07:55:22.281 10 INFO neutron.wsgi [req-8e8487b1-d058-4f0e-8344-946c26e49ea5 req-8169103b-6d68-4898-84c8-bf142ebdad00 9d6299a5e17a4291b6123ac00e40b41a d5058861c79446c3809985be0426dad6 - - default default] 10.0.0.176 "GET /v2.0/security-groups?id=849f6fbd-251f-4121-92fb-be3cd8a865c2&fields=id&fields=name HTTP/1.1" status: 200 len: 313 time: 0.0610249
2026-07-21 07:55:22.287 10 INFO neutron.wsgi [None req-48fdb2d1-ab38-4c44-880b-9da402103c98 8a07ee4a73734d0aa7d1bad741c9562b 53814e1ab24645daafcbc10990ea3d04 - - - -] 10.0.0.37 "POST /v2.0/ports HTTP/1.1" status: 201 len: 1705 time: 1.4665782 /var/lib/openstack/lib/python3.10/site-packages/pycadf/identifier.py:71: UserWarning: Invalid uuid: neutron. To ensure interoperability, identifiers should be a valid uuid. warnings.warn(('Invalid uuid: %s. To ensure interoperability, '
2026-07-21 07:55:22.351 9 INFO neutron.wsgi [None req-b810afef-0049-41b9-b6c1-0cd3c3f99a4d eaba86c823be4a29806a7c0d68a19e64 78264a47337242cc865766926b1c390e - - default default] 10.0.0.37 "GET /v2.0/ports?device_id=2d0d1514-d17d-450f-9821-5d01ba310a77 HTTP/1.1" status: 200 len: 1356 time: 0.0417624
2026-07-21 07:55:22.391 9 INFO neutron.plugins.ml2.drivers.ovn.mech_driver.mech_driver [None req-1096d1bb-1619-4472-9536-ac3a88dc9fbc - - - - - -] OVN reports status up for port: 7dc471f5-c834-44db-92bf-10760d23a753
2026-07-21 07:55:22.408 10 INFO neutron.db.ovn_revision_numbers_db [None req-8c9431c0-baea-4d41-a20f-140dbed87f2e 7cf146058ff841c38c501d82a145312c fa6ea76ecb3e43379a4ecd4da1ac3b14 - - default default] Successfully bumped revision number for resource 7dc471f5-c834-44db-92bf-10760d23a753 (type: router_ports) to 2
2026-07-21 07:55:22.416 9 INFO neutron.plugins.ml2.plugin [None req-1096d1bb-1619-4472-9536-ac3a88dc9fbc - - - - - -] Attempt 1 to provision port 7dc471f5-c834-44db-92bf-10760d23a753
2026-07-21 07:55:22.482 9 INFO neutron.wsgi [None req-47e6eb24-63bb-414b-8c85-001cb4d5f895 8a07ee4a73734d0aa7d1bad741c9562b 53814e1ab24645daafcbc10990ea3d04 - - default default] 10.0.0.37 "GET /v2.0/ports HTTP/1.1" status: 200 len: 3212 time: 0.1877944 /var/lib/openstack/lib/python3.10/site-packages/pycadf/identifier.py:71: UserWarning: Invalid uuid: neutron. To ensure interoperability, identifiers should be a valid uuid. warnings.warn(('Invalid uuid: %s. To ensure interoperability, '
2026-07-21 07:55:22.596 10 INFO neutron.db.ovn_revision_numbers_db [None req-8c9431c0-baea-4d41-a20f-140dbed87f2e 7cf146058ff841c38c501d82a145312c fa6ea76ecb3e43379a4ecd4da1ac3b14 - - default default] Successfully bumped revision number for resource 7dc471f5-c834-44db-92bf-10760d23a753 (type: ports) to 2
2026-07-21 07:55:22.821 9 WARNING neutron.scheduler.dhcp_agent_scheduler [None req-3c06d52e-a36a-4342-ad76-7fa6daa4917a 9d6299a5e17a4291b6123ac00e40b41a d5058861c79446c3809985be0426dad6 - - - -] No more DHCP agents
2026-07-21 07:55:22.826 9 WARNING neutron.api.rpc.agentnotifiers.dhcp_rpc_agent_api [None req-3c06d52e-a36a-4342-ad76-7fa6daa4917a 9d6299a5e17a4291b6123ac00e40b41a d5058861c79446c3809985be0426dad6 - - - -] Unable to schedule network ee61bd7c-4a9e-48db-8d17-5f4dda2b2c94: no agents available; will retry on subsequent port and subnet creation events.
2026-07-21 07:55:22.829 9 INFO neutron.notifiers.nova [-] Nova event matching ['req-63b1e0e3-e3f4-4011-a48f-b26890258f14'] response: {'server_uuid': '2d0d1514-d17d-450f-9821-5d01ba310a77', 'name': 'network-vif-plugged', 'status': 'completed', 'tag': 'c059b06f-e37a-406c-9ae0-cf9d25faa5cf', 'code': 200}
2026-07-21 07:55:22.829 9 INFO neutron.db.ovn_revision_numbers_db [None req-1096d1bb-1619-4472-9536-ac3a88dc9fbc - - - - - -] Successfully bumped revision number for resource 7dc471f5-c834-44db-92bf-10760d23a753 (type: ports) to 3
2026-07-21 07:55:22.836 10 INFO neutron.wsgi [None req-73fce10d-d7ab-4d31-9aa8-83afd882ba77 8a07ee4a73734d0aa7d1bad741c9562b 53814e1ab24645daafcbc10990ea3d04 - - - -] 10.0.0.37 "DELETE /v2.0/ports/6a679c2e-1202-46e0-9e7e-fa67101893c4 HTTP/1.1" status: 204 len: 168 time: 0.3484757
2026-07-21 07:55:22.971 9 INFO neutron.db.ovn_revision_numbers_db [None req-1096d1bb-1619-4472-9536-ac3a88dc9fbc - - - - - -] Successfully bumped revision number for resource 7dc471f5-c834-44db-92bf-10760d23a753 (type: router_ports) to 3
2026-07-21 07:55:23.206 10 INFO neutron.wsgi [None req-8dfa12b5-f60a-403f-8f97-b7e3ad589804 8a07ee4a73734d0aa7d1bad741c9562b 53814e1ab24645daafcbc10990ea3d04 - - - -] 10.0.0.37 "DELETE /v2.0/ports/2daa19b2-631d-4835-a281-5e4a64cc478f HTTP/1.1" status: 204 len: 168 time: 0.3640852 /var/lib/openstack/lib/python3.10/site-packages/pycadf/identifier.py:71: UserWarning: Invalid uuid: neutron. To ensure interoperability, identifiers should be a valid uuid. warnings.warn(('Invalid uuid: %s. To ensure interoperability, '
2026-07-21 07:55:23.307 9 INFO neutron.db.l3_db [None req-3c06d52e-a36a-4342-ad76-7fa6daa4917a 9d6299a5e17a4291b6123ac00e40b41a d5058861c79446c3809985be0426dad6 - - - -] Floating IP 377153e9-8442-4e01-b99e-344f5e7e8e13 associated. External IP: 10.96.250.214, port: c059b06f-e37a-406c-9ae0-cf9d25faa5cf.
2026-07-21 07:55:23.597 10 INFO neutron.db.ovn_revision_numbers_db [None req-8c9431c0-baea-4d41-a20f-140dbed87f2e 7cf146058ff841c38c501d82a145312c fa6ea76ecb3e43379a4ecd4da1ac3b14 - - default default] Successfully bumped revision number for resource 7dc471f5-c834-44db-92bf-10760d23a753 (type: ports) to 4
2026-07-21 07:55:23.638 10 INFO neutron.wsgi [None req-e0a94d7f-82c0-400f-8140-7793e9e51ac1 8a07ee4a73734d0aa7d1bad741c9562b 53814e1ab24645daafcbc10990ea3d04 - - default default] 10.0.0.37 "GET /v2.0/ports HTTP/1.1" status: 200 len: 1718 time: 0.4265680
2026-07-21 07:55:23.711 10 WARNING neutron.scheduler.dhcp_agent_scheduler [None req-8c9431c0-baea-4d41-a20f-140dbed87f2e 7cf146058ff841c38c501d82a145312c fa6ea76ecb3e43379a4ecd4da1ac3b14 - - default default] No more DHCP agents
2026-07-21 07:55:23.713 10 WARNING neutron.api.rpc.agentnotifiers.dhcp_rpc_agent_api [None req-8c9431c0-baea-4d41-a20f-140dbed87f2e 7cf146058ff841c38c501d82a145312c fa6ea76ecb3e43379a4ecd4da1ac3b14 - - default default] Unable to schedule network 023b54ba-bb34-48dd-bf94-b414a2918b2a: no agents available; will retry on subsequent port and subnet creation events.
2026-07-21 07:55:23.774 10 INFO neutron.db.segments_db [None req-3e5d01c2-2e3c-41d1-b981-4ae94a945f2f 8a07ee4a73734d0aa7d1bad741c9562b 53814e1ab24645daafcbc10990ea3d04 - - - -] Added segment e194b0e7-03d8-4cf7-abce-56d19237ac56 of type geneve for network 4fd32d3c-2f6e-490a-a8ad-d799726a3661
2026-07-21 07:55:23.897 9 INFO neutron.db.ovn_revision_numbers_db [None req-3c06d52e-a36a-4342-ad76-7fa6daa4917a 9d6299a5e17a4291b6123ac00e40b41a d5058861c79446c3809985be0426dad6 - - - -] Successfully bumped revision number for resource 377153e9-8442-4e01-b99e-344f5e7e8e13 (type: floatingips) to 0
2026-07-21 07:55:23.928 10 INFO neutron.db.ovn_revision_numbers_db [None req-3e5d01c2-2e3c-41d1-b981-4ae94a945f2f 8a07ee4a73734d0aa7d1bad741c9562b 53814e1ab24645daafcbc10990ea3d04 - - - -] Successfully bumped revision number for resource 4fd32d3c-2f6e-490a-a8ad-d799726a3661 (type: networks) to 1
2026-07-21 07:55:23.961 10 INFO neutron.db.ovn_revision_numbers_db [None req-8c9431c0-baea-4d41-a20f-140dbed87f2e 7cf146058ff841c38c501d82a145312c fa6ea76ecb3e43379a4ecd4da1ac3b14 - - - -] Successfully bumped revision number for resource 7dc471f5-c834-44db-92bf-10760d23a753 (type: router_ports) to 4
2026-07-21 07:55:23.963 10 INFO neutron.wsgi [None req-8c9431c0-baea-4d41-a20f-140dbed87f2e 7cf146058ff841c38c501d82a145312c fa6ea76ecb3e43379a4ecd4da1ac3b14 - - - -] 10.0.0.37 "PUT /v2.0/routers/df0b6aa4-ee98-4e34-acef-8051618af240/add_router_interface HTTP/1.1" status: 200 len: 503 time: 2.5921743 /var/lib/openstack/lib/python3.10/site-packages/pycadf/identifier.py:71: UserWarning: Invalid uuid: neutron. To ensure interoperability, identifiers should be a valid uuid. warnings.warn(('Invalid uuid: %s. To ensure interoperability, '
2026-07-21 07:55:23.997 9 INFO neutron.db.ovn_revision_numbers_db [None req-3c06d52e-a36a-4342-ad76-7fa6daa4917a 9d6299a5e17a4291b6123ac00e40b41a d5058861c79446c3809985be0426dad6 - - - -] Successfully bumped revision number for resource 377153e9-8442-4e01-b99e-344f5e7e8e13 (type: floatingips) to 1
2026-07-21 07:55:24.004 9 INFO neutron.wsgi [None req-823e4533-8894-4773-86cd-a819e5f71ea4 7cf146058ff841c38c501d82a145312c fa6ea76ecb3e43379a4ecd4da1ac3b14 - - default default] 10.0.0.37 "GET /v2.0/ports/7dc471f5-c834-44db-92bf-10760d23a753 HTTP/1.1" status: 200 len: 1217 time: 0.0341184
2026-07-21 07:55:24.064 9 INFO neutron.wsgi [None req-3c06d52e-a36a-4342-ad76-7fa6daa4917a 9d6299a5e17a4291b6123ac00e40b41a d5058861c79446c3809985be0426dad6 - - - -] 10.0.0.37 "POST /v2.0/floatingips HTTP/1.1" status: 201 len: 1054 time: 1.7068589
2026-07-21 07:55:24.158 10 INFO neutron.wsgi [None req-2b5efb63-fe6c-4fab-8716-4e7e9335d829 9d6299a5e17a4291b6123ac00e40b41a d5058861c79446c3809985be0426dad6 - - default default] 10.0.0.37 "GET /v2.0/floatingips/377153e9-8442-4e01-b99e-344f5e7e8e13 HTTP/1.1" status: 200 len: 1051 time: 0.0862615
2026-07-21 07:55:24.166 10 WARNING neutron.scheduler.dhcp_agent_scheduler [None req-3e5d01c2-2e3c-41d1-b981-4ae94a945f2f 8a07ee4a73734d0aa7d1bad741c9562b 53814e1ab24645daafcbc10990ea3d04 - - - -] No more DHCP agents
2026-07-21 07:55:24.168 10 WARNING neutron.api.rpc.agentnotifiers.dhcp_rpc_agent_api [None req-3e5d01c2-2e3c-41d1-b981-4ae94a945f2f 8a07ee4a73734d0aa7d1bad741c9562b 53814e1ab24645daafcbc10990ea3d04 - - - -] Unable to schedule network 4fd32d3c-2f6e-490a-a8ad-d799726a3661: no agents available; will retry on subsequent port and subnet creation events.
2026-07-21 07:55:24.234 10 INFO neutron.db.ovn_revision_numbers_db [None req-3e5d01c2-2e3c-41d1-b981-4ae94a945f2f 8a07ee4a73734d0aa7d1bad741c9562b 53814e1ab24645daafcbc10990ea3d04 - - - -] Successfully bumped revision number for resource ac676f23-1260-4890-916e-57b52cc803f6 (type: ports) to 1
2026-07-21 07:55:24.255 10 INFO neutron.wsgi [None req-3e5d01c2-2e3c-41d1-b981-4ae94a945f2f 8a07ee4a73734d0aa7d1bad741c9562b 53814e1ab24645daafcbc10990ea3d04 - - - -] 10.0.0.37 "POST /v2.0/networks HTTP/1.1" status: 201 len: 852 time: 0.6040745
2026-07-21 07:55:24.369 10 INFO neutron.db.segments_db [None req-152884a0-6df6-484c-8285-a05356ccf482 8a07ee4a73734d0aa7d1bad741c9562b 53814e1ab24645daafcbc10990ea3d04 - - - -] Added segment 2edddb17-7301-40b5-891d-91fcc9df3667 of type geneve for network 132663b1-12ef-4c3f-8a96-03f103853a2d
2026-07-21 07:55:24.508 10 INFO neutron.db.ovn_revision_numbers_db [None req-152884a0-6df6-484c-8285-a05356ccf482 8a07ee4a73734d0aa7d1bad741c9562b 53814e1ab24645daafcbc10990ea3d04 - - - -] Successfully bumped revision number for resource 132663b1-12ef-4c3f-8a96-03f103853a2d (type: networks) to 1
2026-07-21 07:55:24.707 10 WARNING neutron.scheduler.dhcp_agent_scheduler [None req-152884a0-6df6-484c-8285-a05356ccf482 8a07ee4a73734d0aa7d1bad741c9562b 53814e1ab24645daafcbc10990ea3d04 - - - -] No more DHCP agents
2026-07-21 07:55:24.708 10 WARNING neutron.api.rpc.agentnotifiers.dhcp_rpc_agent_api [None req-152884a0-6df6-484c-8285-a05356ccf482 8a07ee4a73734d0aa7d1bad741c9562b 53814e1ab24645daafcbc10990ea3d04 - - - -] Unable to schedule network 132663b1-12ef-4c3f-8a96-03f103853a2d: no agents available; will retry on subsequent port and subnet creation events.
2026-07-21 07:55:24.729 9 INFO neutron.wsgi [None req-292ba240-81f9-441c-9daf-9186e2450dec 7cf146058ff841c38c501d82a145312c fa6ea76ecb3e43379a4ecd4da1ac3b14 - - - -] 10.0.0.37 "PUT /v2.0/routers/df0b6aa4-ee98-4e34-acef-8051618af240/remove_router_interface HTTP/1.1" status: 200 len: 503 time: 0.7186191
2026-07-21 07:55:24.816 10 INFO neutron.db.ovn_revision_numbers_db [None req-152884a0-6df6-484c-8285-a05356ccf482 8a07ee4a73734d0aa7d1bad741c9562b 53814e1ab24645daafcbc10990ea3d04 - - - -] Successfully bumped revision number for resource a3aeabd6-7127-4c30-9579-e906ff28a3b2 (type: ports) to 1
2026-07-21 07:55:24.839 10 INFO neutron.api.v2.resource [None req-cd512f8d-854a-4314-8270-a4da65d0f5f0 7cf146058ff841c38c501d82a145312c fa6ea76ecb3e43379a4ecd4da1ac3b14 - - default default] remove_router_interface failed (client error): The resource could not be found.
2026-07-21 07:55:24.841 10 INFO neutron.wsgi [None req-cd512f8d-854a-4314-8270-a4da65d0f5f0 7cf146058ff841c38c501d82a145312c fa6ea76ecb3e43379a4ecd4da1ac3b14 - - default default] 10.0.0.37 "PUT /v2.0/routers/df0b6aa4-ee98-4e34-acef-8051618af240/remove_router_interface HTTP/1.1" status: 404 len: 398 time: 0.1070662
2026-07-21 07:55:24.853 10 INFO neutron.wsgi [None req-152884a0-6df6-484c-8285-a05356ccf482 8a07ee4a73734d0aa7d1bad741c9562b 53814e1ab24645daafcbc10990ea3d04 - - - -] 10.0.0.37 "POST /v2.0/networks HTTP/1.1" status: 201 len: 852 time: 0.5926497
2026-07-21 07:55:24.868 10 INFO neutron.wsgi [None req-39a52304-c305-40e2-9219-cde6daf1e356 7cf146058ff841c38c501d82a145312c fa6ea76ecb3e43379a4ecd4da1ac3b14 - - default default] 10.0.0.37 "GET /v2.0/ports?device_id=df0b6aa4-ee98-4e34-acef-8051618af240 HTTP/1.1" status: 200 len: 205 time: 0.0225825
2026-07-21 07:55:24.872 9 INFO neutron.notifiers.nova [-] Nova event matching ['req-d4631f15-6048-4c55-9ed0-6e449dab993a'] response: {'name': 'network-changed', 'server_uuid': '2d0d1514-d17d-450f-9821-5d01ba310a77', 'tag': 'c059b06f-e37a-406c-9ae0-cf9d25faa5cf', 'status': 'completed', 'code': 200}
2026-07-21 07:55:24.942 10 INFO neutron.wsgi [req-bef62aba-e2da-4d44-b47d-801276a0c525 req-0f136cb9-7dbc-4568-a189-c46cf98b411a 1b6a6b17dc714991a943390189061cea 9796ff7890114c13968851e69adf92a0 - - f75cd953ec1d47d48337cd8ec909d548 f75cd953ec1d47d48337cd8ec909d548] 199.19.213.199 "GET /v2.0/ports?tenant_id=d5058861c79446c3809985be0426dad6&device_id=2d0d1514-d17d-450f-9821-5d01ba310a77 HTTP/1.1" status: 200 len: 1361 time: 0.0505707
2026-07-21 07:55:25.037 10 INFO neutron.wsgi [req-bef62aba-e2da-4d44-b47d-801276a0c525 req-a153b05f-2693-46c9-b81b-f6e4e092a522 1b6a6b17dc714991a943390189061cea 9796ff7890114c13968851e69adf92a0 - - f75cd953ec1d47d48337cd8ec909d548 f75cd953ec1d47d48337cd8ec909d548] 199.19.213.199 "GET /v2.0/networks?id=9bfe8c01-c938-4734-9601-2bf0338f63f1 HTTP/1.1" status: 200 len: 958 time: 0.0817318
2026-07-21 07:55:25.134 10 INFO neutron.wsgi [req-bef62aba-e2da-4d44-b47d-801276a0c525 req-ac863aae-bc5e-4207-9d8d-fbdd58d88572 1b6a6b17dc714991a943390189061cea 9796ff7890114c13968851e69adf92a0 - - f75cd953ec1d47d48337cd8ec909d548 f75cd953ec1d47d48337cd8ec909d548] 199.19.213.199 "GET /v2.0/floatingips?fixed_ip_address=10.100.0.8&port_id=c059b06f-e37a-406c-9ae0-cf9d25faa5cf HTTP/1.1" status: 200 len: 1059 time: 0.0897634 /var/lib/openstack/lib/python3.10/site-packages/pycadf/identifier.py:71: UserWarning: Invalid uuid: neutron. To ensure interoperability, identifiers should be a valid uuid. warnings.warn(('Invalid uuid: %s. To ensure interoperability, '
2026-07-21 07:55:25.411 10 INFO neutron.wsgi [None req-d0977138-81df-4e98-9982-37fd4c1866cd 7cf146058ff841c38c501d82a145312c fa6ea76ecb3e43379a4ecd4da1ac3b14 - - - -] 10.0.0.37 "DELETE /v2.0/routers/df0b6aa4-ee98-4e34-acef-8051618af240 HTTP/1.1" status: 204 len: 168 time: 0.5292757
2026-07-21 07:55:25.416 10 INFO neutron.wsgi [req-bef62aba-e2da-4d44-b47d-801276a0c525 req-0646179f-47d6-485c-9935-2e69241852a2 1b6a6b17dc714991a943390189061cea 9796ff7890114c13968851e69adf92a0 - - f75cd953ec1d47d48337cd8ec909d548 f75cd953ec1d47d48337cd8ec909d548] 199.19.213.199 "GET /v2.0/subnets?id=c8adfd31-2635-4c05-b5d6-eca76e764b05 HTTP/1.1" status: 200 len: 853 time: 0.2758520
2026-07-21 07:55:25.450 10 INFO neutron.wsgi [req-bef62aba-e2da-4d44-b47d-801276a0c525 req-f1b1c9d1-ea02-41e0-b2c6-1f35a1b84670 1b6a6b17dc714991a943390189061cea 9796ff7890114c13968851e69adf92a0 - - f75cd953ec1d47d48337cd8ec909d548 f75cd953ec1d47d48337cd8ec909d548] 199.19.213.199 "GET /v2.0/ports?network_id=9bfe8c01-c938-4734-9601-2bf0338f63f1&device_owner=network%3Adhcp HTTP/1.1" status: 200 len: 210 time: 0.0271871
2026-07-21 07:55:25.544 10 INFO neutron.wsgi [req-bef62aba-e2da-4d44-b47d-801276a0c525 req-66759e93-bb04-4f24-a8d5-d7e65ca0754c 1b6a6b17dc714991a943390189061cea 9796ff7890114c13968851e69adf92a0 - - f75cd953ec1d47d48337cd8ec909d548 f75cd953ec1d47d48337cd8ec909d548] 199.19.213.199 "GET /v2.0/networks/9bfe8c01-c938-4734-9601-2bf0338f63f1?fields=segments HTTP/1.1" status: 200 len: 212 time: 0.0843005
2026-07-21 07:55:25.622 10 INFO neutron.wsgi [req-bef62aba-e2da-4d44-b47d-801276a0c525 req-59e368fa-9b39-4be2-b33b-1f4e11eddfc6 1b6a6b17dc714991a943390189061cea 9796ff7890114c13968851e69adf92a0 - - f75cd953ec1d47d48337cd8ec909d548 f75cd953ec1d47d48337cd8ec909d548] 199.19.213.199 "GET /v2.0/networks/9bfe8c01-c938-4734-9601-2bf0338f63f1?fields=provider%3Aphysical_network&fields=provider%3Anetwork_type HTTP/1.1" status: 200 len: 277 time: 0.0717354
2026-07-21 07:55:25.652 10 INFO neutron.wsgi [None req-9f7ba50e-c220-48bf-8272-2286ae0f704b 7cf146058ff841c38c501d82a145312c fa6ea76ecb3e43379a4ecd4da1ac3b14 - - - -] 10.0.0.37 "DELETE /v2.0/subnets/505ead17-9979-4c56-a936-4c00924444e4 HTTP/1.1" status: 204 len: 168 time: 0.2354529
2026-07-21 07:55:25.842 9 INFO neutron.db.ovn_revision_numbers_db [None req-de1839ba-7087-4992-98d1-94a44a237bd3 f46c3bfa9b1745bda91931579f2624f3 07680b0dbefc42af9848ad32d4cfd6bf - - - -] Successfully bumped revision number for resource ca00448c-09ba-4624-a361-ca20128c26cf (type: security_groups) to 1
2026-07-21 07:55:26.032 9 INFO neutron.db.ovn_revision_numbers_db [None req-de1839ba-7087-4992-98d1-94a44a237bd3 f46c3bfa9b1745bda91931579f2624f3 07680b0dbefc42af9848ad32d4cfd6bf - - - -] Successfully bumped revision number for resource f8e5c493-2acb-46da-90a6-218bf7f944f4 (type: security_groups) to 1
2026-07-21 07:55:26.067 9 INFO neutron.wsgi [None req-de1839ba-7087-4992-98d1-94a44a237bd3 f46c3bfa9b1745bda91931579f2624f3 07680b0dbefc42af9848ad32d4cfd6bf - - - -] 10.0.0.37 "POST /v2.0/security-groups HTTP/1.1" status: 201 len: 1737 time: 0.7267566
2026-07-21 07:55:26.068 9 WARNING neutron.scheduler.dhcp_agent_scheduler [None req-c1cab927-005b-4ccd-8214-797f5f41783d 8a07ee4a73734d0aa7d1bad741c9562b 53814e1ab24645daafcbc10990ea3d04 - - - -] No more DHCP agents
2026-07-21 07:55:26.071 9 WARNING neutron.api.rpc.agentnotifiers.dhcp_rpc_agent_api [None req-c1cab927-005b-4ccd-8214-797f5f41783d 8a07ee4a73734d0aa7d1bad741c9562b 53814e1ab24645daafcbc10990ea3d04 - - - -] Unable to schedule network 4fd32d3c-2f6e-490a-a8ad-d799726a3661: no agents available; will retry on subsequent port and subnet creation events.
2026-07-21 07:55:26.088 9 INFO neutron.db.ovn_revision_numbers_db [None req-c1cab927-005b-4ccd-8214-797f5f41783d 8a07ee4a73734d0aa7d1bad741c9562b 53814e1ab24645daafcbc10990ea3d04 - - - -] Successfully bumped revision number for resource e7ba822d-8173-47b3-95e0-eea38f70ad28 (type: subnets) to 0
2026-07-21 07:55:26.138 9 WARNING neutron.scheduler.dhcp_agent_scheduler [None req-c1cab927-005b-4ccd-8214-797f5f41783d 8a07ee4a73734d0aa7d1bad741c9562b 53814e1ab24645daafcbc10990ea3d04 - - - -] No more DHCP agents
2026-07-21 07:55:26.143 9 WARNING neutron.api.rpc.agentnotifiers.dhcp_rpc_agent_api [None req-c1cab927-005b-4ccd-8214-797f5f41783d 8a07ee4a73734d0aa7d1bad741c9562b 53814e1ab24645daafcbc10990ea3d04 - - - -] Unable to schedule network 132663b1-12ef-4c3f-8a96-03f103853a2d: no agents available; will retry on subsequent port and subnet creation events.
2026-07-21 07:55:26.168 10 INFO neutron.db.ovn_revision_numbers_db [None req-e6adfbb8-479b-460d-b823-e167a285ab4a f46c3bfa9b1745bda91931579f2624f3 07680b0dbefc42af9848ad32d4cfd6bf - - - -] Successfully bumped revision number for resource 80ab6241-3fe6-40a6-b08d-23b358d14b8b (type: security_groups) to 1
2026-07-21 07:55:26.173 9 INFO neutron.db.ovn_revision_numbers_db [None req-c1cab927-005b-4ccd-8214-797f5f41783d 8a07ee4a73734d0aa7d1bad741c9562b 53814e1ab24645daafcbc10990ea3d04 - - - -] Successfully bumped revision number for resource b2b51b2a-7e86-4671-a8b1-66b1605f1f56 (type: subnets) to 0
2026-07-21 07:55:26.190 10 INFO neutron.wsgi [None req-e6adfbb8-479b-460d-b823-e167a285ab4a f46c3bfa9b1745bda91931579f2624f3 07680b0dbefc42af9848ad32d4cfd6bf - - - -] 10.0.0.37 "POST /v2.0/security-groups HTTP/1.1" status: 201 len: 1737 time: 0.1164808
2026-07-21 07:55:26.205 9 INFO neutron.wsgi [None req-c1cab927-005b-4ccd-8214-797f5f41783d 8a07ee4a73734d0aa7d1bad741c9562b 53814e1ab24645daafcbc10990ea3d04 - - - -] 10.0.0.37 "POST /v2.0/subnets HTTP/1.1" status: 201 len: 1476 time: 0.8663967
2026-07-21 07:55:26.300 10 INFO neutron.db.ovn_revision_numbers_db [None req-3282fb66-a979-4326-ac35-b982f2cd5926 f46c3bfa9b1745bda91931579f2624f3 07680b0dbefc42af9848ad32d4cfd6bf - - - -] Successfully bumped revision number for resource db692284-afa7-4b87-a5a3-3b17194319ef (type: security_groups) to 1
2026-07-21 07:55:26.312 9 INFO neutron.wsgi [None req-a28b917c-8527-4869-b6d1-b30909b1e507 8a07ee4a73734d0aa7d1bad741c9562b 53814e1ab24645daafcbc10990ea3d04 - - default default] 10.0.0.37 "GET /v2.0/subnets HTTP/1.1" status: 200 len: 2084 time: 0.1005569
2026-07-21 07:55:26.313 9 INFO neutron.services.segments.plugin [-] Segment 525984d2-4fff-444b-9edf-d8b2442a1593 resource provider aggregate not found
2026-07-21 07:55:26.323 10 INFO neutron.wsgi [None req-3282fb66-a979-4326-ac35-b982f2cd5926 f46c3bfa9b1745bda91931579f2624f3 07680b0dbefc42af9848ad32d4cfd6bf - - - -] 10.0.0.37 "POST /v2.0/security-groups HTTP/1.1" status: 201 len: 1737 time: 0.1277509
2026-07-21 07:55:26.324 9 INFO neutron.services.segments.plugin [-] Segment 525984d2-4fff-444b-9edf-d8b2442a1593 resource provider aggregate not found
2026-07-21 07:55:26.351 9 INFO neutron.services.segments.plugin [-] Segment 525984d2-4fff-444b-9edf-d8b2442a1593 resource provider not found; error: Placement Client Error (4xx): {"errors": [{"status": 404, "title": "Not Found", "detail": "The resource could not be found.\n\n No resource provider with uuid 525984d2-4fff-444b-9edf-d8b2442a1593 found for delete ", "request_id": "req-fe00d18e-1092-41b2-baa1-aeb84cfa8f86"}]}
2026-07-21 07:55:26.352 9 INFO neutron.services.segments.plugin [-] Segment 525984d2-4fff-444b-9edf-d8b2442a1593 resource provider not found; error: Placement Client Error (4xx): {"errors": [{"status": 404, "title": "Not Found", "detail": "The resource could not be found.\n\n No resource provider with uuid 525984d2-4fff-444b-9edf-d8b2442a1593 found for delete ", "request_id": "req-7d9bf578-85f1-40c6-b129-0a1c259239ac"}]}
2026-07-21 07:55:26.391 9 INFO neutron.wsgi [None req-855ceee6-35c8-43ae-8413-eb652f394878 7cf146058ff841c38c501d82a145312c fa6ea76ecb3e43379a4ecd4da1ac3b14 - - - -] 10.0.0.37 "DELETE /v2.0/networks/023b54ba-bb34-48dd-bf94-b414a2918b2a HTTP/1.1" status: 204 len: 168 time: 0.7308278
2026-07-21 07:55:26.456 9 INFO neutron.db.ovn_revision_numbers_db [None req-c0316be2-4444-4540-a75b-7a1a18dcdf19 f46c3bfa9b1745bda91931579f2624f3 07680b0dbefc42af9848ad32d4cfd6bf - - - -] Successfully bumped revision number for resource e2f689df-bf00-4ce4-b7fa-14129c7c682d (type: security_groups) to 1
2026-07-21 07:55:26.480 9 INFO neutron.wsgi [None req-c0316be2-4444-4540-a75b-7a1a18dcdf19 f46c3bfa9b1745bda91931579f2624f3 07680b0dbefc42af9848ad32d4cfd6bf - - - -] 10.0.0.37 "POST /v2.0/security-groups HTTP/1.1" status: 201 len: 1737 time: 0.1500571
2026-07-21 07:55:26.532 10 INFO neutron.db.segments_db [None req-7282255d-5340-4f4b-a412-0fc1786e06f4 7cf146058ff841c38c501d82a145312c fa6ea76ecb3e43379a4ecd4da1ac3b14 - - - -] Added segment 57d000b7-77c9-412f-8df6-026bb0ddd65a of type geneve for network d28d1800-055f-42a2-9203-101fdc543a03
2026-07-21 07:55:26.595 10 INFO neutron.wsgi [None req-83117084-9bc5-4e12-bcc4-92005028ca28 8a07ee4a73734d0aa7d1bad741c9562b 53814e1ab24645daafcbc10990ea3d04 - - - -] 10.0.0.37 "DELETE /v2.0/subnets/e7ba822d-8173-47b3-95e0-eea38f70ad28 HTTP/1.1" status: 204 len: 168 time: 0.2704499
2026-07-21 07:55:26.726 10 INFO neutron.db.ovn_revision_numbers_db [None req-1c0eecb5-d546-4685-a601-af8d838f1635 f46c3bfa9b1745bda91931579f2624f3 07680b0dbefc42af9848ad32d4cfd6bf - - - -] Successfully bumped revision number for resource 5a724558-dd1c-49b5-9958-b3d5eaefc994 (type: security_groups) to 1
2026-07-21 07:55:26.731 10 INFO neutron.db.ovn_revision_numbers_db [None req-7282255d-5340-4f4b-a412-0fc1786e06f4 7cf146058ff841c38c501d82a145312c fa6ea76ecb3e43379a4ecd4da1ac3b14 - - - -] Successfully bumped revision number for resource d28d1800-055f-42a2-9203-101fdc543a03 (type: networks) to 1
