2026-07-21 07:58:36.683 10 WARNING neutron.api.rpc.agentnotifiers.dhcp_rpc_agent_api [None req-f8b6c291-65b3-4c91-9de8-35e33711f4a7 8fc1e0593b844d5199f6ea9c8dd89b6e 9a831c09b9be432badb50d49126eefef - - - -] Unable to schedule network ee61bd7c-4a9e-48db-8d17-5f4dda2b2c94: no agents available; will retry on subsequent port and subnet creation events.
2026-07-21 07:58:37.027 10 INFO neutron.db.ovn_revision_numbers_db [None req-f8b6c291-65b3-4c91-9de8-35e33711f4a7 8fc1e0593b844d5199f6ea9c8dd89b6e 9a831c09b9be432badb50d49126eefef - - - -] Successfully bumped revision number for resource 8e5bb45d-e314-4f3b-ba0d-289bdd534c5e (type: floatingips) to 0
2026-07-21 07:58:37.043 10 INFO neutron.wsgi [None req-f8b6c291-65b3-4c91-9de8-35e33711f4a7 8fc1e0593b844d5199f6ea9c8dd89b6e 9a831c09b9be432badb50d49126eefef - - - -] 10.0.0.37 "POST /v2.0/floatingips HTTP/1.1" status: 201 len: 751 time: 0.6883774
2026-07-21 07:58:37.340 10 WARNING neutron.scheduler.dhcp_agent_scheduler [None req-4946d155-669b-44c2-9758-5b84ff738cd8 8fc1e0593b844d5199f6ea9c8dd89b6e 9a831c09b9be432badb50d49126eefef - - - -] No more DHCP agents
2026-07-21 07:58:37.344 10 WARNING neutron.api.rpc.agentnotifiers.dhcp_rpc_agent_api [None req-4946d155-669b-44c2-9758-5b84ff738cd8 8fc1e0593b844d5199f6ea9c8dd89b6e 9a831c09b9be432badb50d49126eefef - - - -] Unable to schedule network ee61bd7c-4a9e-48db-8d17-5f4dda2b2c94: no agents available; will retry on subsequent port and subnet creation events.
2026-07-21 07:58:38.009 10 INFO neutron.db.ovn_revision_numbers_db [None req-4946d155-669b-44c2-9758-5b84ff738cd8 8fc1e0593b844d5199f6ea9c8dd89b6e 9a831c09b9be432badb50d49126eefef - - - -] Successfully bumped revision number for resource 990d06ba-e0c2-491b-8a6a-f1038ed6c9a1 (type: floatingips) to 0
2026-07-21 07:58:38.023 10 INFO neutron.wsgi [None req-4946d155-669b-44c2-9758-5b84ff738cd8 8fc1e0593b844d5199f6ea9c8dd89b6e 9a831c09b9be432badb50d49126eefef - - - -] 10.0.0.37 "POST /v2.0/floatingips HTTP/1.1" status: 201 len: 751 time: 0.9725420
2026-07-21 07:58:38.082 10 INFO neutron.wsgi [None req-c1321639-d25b-4d0a-8cfe-71371fc3f769 8fc1e0593b844d5199f6ea9c8dd89b6e 9a831c09b9be432badb50d49126eefef - - - -] 10.0.0.37 "PUT /v2.0/floatingips/3da22383-1fc2-4321-a4de-fad4d28fa06d/tags HTTP/1.1" status: 200 len: 210 time: 0.0523574
2026-07-21 07:58:38.125 10 INFO neutron.wsgi [None req-9e532e91-cb17-44a5-a12e-aa58dc928ad7 8fc1e0593b844d5199f6ea9c8dd89b6e 9a831c09b9be432badb50d49126eefef - - - -] 10.0.0.37 "PUT /v2.0/floatingips/61123137-41b7-415f-b227-af36acf9dbed/tags HTTP/1.1" status: 200 len: 218 time: 0.0372367
2026-07-21 07:58:38.175 10 INFO neutron.wsgi [None req-3cdc998f-4cce-4912-8e4a-4e7d3d187ddd 8fc1e0593b844d5199f6ea9c8dd89b6e 9a831c09b9be432badb50d49126eefef - - - -] 10.0.0.37 "PUT /v2.0/floatingips/213faeed-7ea5-4d36-b739-61a34f45a462/tags HTTP/1.1" status: 200 len: 227 time: 0.0432494
2026-07-21 07:58:38.224 10 INFO neutron.wsgi [None req-d04b36a8-022f-4b76-a46b-ff15a7858820 8fc1e0593b844d5199f6ea9c8dd89b6e 9a831c09b9be432badb50d49126eefef - - - -] 10.0.0.37 "PUT /v2.0/floatingips/8e5bb45d-e314-4f3b-ba0d-289bdd534c5e/tags HTTP/1.1" status: 200 len: 212 time: 0.0430939
2026-07-21 07:58:38.278 10 INFO neutron.wsgi [None req-0abd3779-a0ca-47e9-85c8-7bdd004e78e8 8fc1e0593b844d5199f6ea9c8dd89b6e 9a831c09b9be432badb50d49126eefef - - default default] 10.0.0.37 "GET /v2.0/floatingips?tags=red HTTP/1.1" status: 200 len: 1866 time: 0.0486991
2026-07-21 07:58:38.337 10 INFO neutron.wsgi [None req-7aae3eaf-b27f-4a8c-8303-03441ebae200 8fc1e0593b844d5199f6ea9c8dd89b6e 9a831c09b9be432badb50d49126eefef - - default default] 10.0.0.37 "GET /v2.0/floatingips?tags=red%2Cblue HTTP/1.1" status: 200 len: 1323 time: 0.0543711
2026-07-21 07:58:38.392 9 INFO neutron.wsgi [None req-94d4535e-57c5-4f06-9bf9-90016a53b486 8fc1e0593b844d5199f6ea9c8dd89b6e 9a831c09b9be432badb50d49126eefef - - default default] 10.0.0.37 "GET /v2.0/floatingips?tags-any=blue HTTP/1.1" status: 200 len: 1323 time: 0.0478091
2026-07-21 07:58:38.431 9 INFO neutron.wsgi [None req-b13912e5-df4b-4c34-a702-e1444595a462 8fc1e0593b844d5199f6ea9c8dd89b6e 9a831c09b9be432badb50d49126eefef - - default default] 10.0.0.37 "GET /v2.0/floatingips?tags-any=red%2Cblue HTTP/1.1" status: 200 len: 1866 time: 0.0322120
2026-07-21 07:58:38.490 9 INFO neutron.wsgi [None req-2bb06d4c-f842-4e35-83a4-0808d237c9f1 8fc1e0593b844d5199f6ea9c8dd89b6e 9a831c09b9be432badb50d49126eefef - - default default] 10.0.0.37 "GET /v2.0/floatingips?not-tags=red HTTP/1.1" status: 200 len: 1295 time: 0.0521631
2026-07-21 07:58:38.566 9 INFO neutron.wsgi [None req-8fcbf5de-5de9-4627-b7d8-bdfba70dadae 8fc1e0593b844d5199f6ea9c8dd89b6e 9a831c09b9be432badb50d49126eefef - - default default] 10.0.0.37 "GET /v2.0/floatingips?not-tags=red%2Cblue HTTP/1.1" status: 200 len: 1838 time: 0.0699298
2026-07-21 07:58:38.647 9 INFO neutron.wsgi [None req-47652ce4-3499-4d36-8168-c65e4e11b3d9 8fc1e0593b844d5199f6ea9c8dd89b6e 9a831c09b9be432badb50d49126eefef - - default default] 10.0.0.37 "GET /v2.0/floatingips?not-tags-any=blue HTTP/1.1" status: 200 len: 1838 time: 0.0737467
2026-07-21 07:58:38.693 9 INFO neutron.wsgi [None req-2adb9c07-dd66-4821-be8a-f61776edcb86 8fc1e0593b844d5199f6ea9c8dd89b6e 9a831c09b9be432badb50d49126eefef - - default default] 10.0.0.37 "GET /v2.0/floatingips?not-tags-any=red%2Cblue HTTP/1.1" status: 200 len: 1295 time: 0.0406497
2026-07-21 07:58:39.079 9 INFO neutron.wsgi [None req-00997382-ddb2-4c09-8bde-ec69d90697e4 8fc1e0593b844d5199f6ea9c8dd89b6e 9a831c09b9be432badb50d49126eefef - - - -] 10.0.0.37 "DELETE /v2.0/floatingips/3da22383-1fc2-4321-a4de-fad4d28fa06d HTTP/1.1" status: 204 len: 168 time: 0.3802917
2026-07-21 07:58:39.892 9 INFO neutron.wsgi [None req-c8b5cf0d-e830-41f1-ad86-d637a81ce81e 8fc1e0593b844d5199f6ea9c8dd89b6e 9a831c09b9be432badb50d49126eefef - - - -] 10.0.0.37 "DELETE /v2.0/floatingips/61123137-41b7-415f-b227-af36acf9dbed HTTP/1.1" status: 204 len: 168 time: 0.8060865
2026-07-21 07:58:40.226 9 INFO neutron.wsgi [None req-31329228-158f-4dd6-955a-d6106e051a23 8fc1e0593b844d5199f6ea9c8dd89b6e 9a831c09b9be432badb50d49126eefef - - - -] 10.0.0.37 "DELETE /v2.0/floatingips/213faeed-7ea5-4d36-b739-61a34f45a462 HTTP/1.1" status: 204 len: 168 time: 0.3278654
2026-07-21 07:58:40.582 9 INFO neutron.wsgi [None req-167993bd-9d24-46ea-90e2-5ee0ae9c8928 8fc1e0593b844d5199f6ea9c8dd89b6e 9a831c09b9be432badb50d49126eefef - - - -] 10.0.0.37 "DELETE /v2.0/floatingips/8e5bb45d-e314-4f3b-ba0d-289bdd534c5e HTTP/1.1" status: 204 len: 168 time: 0.3502190
2026-07-21 07:58:40.956 9 INFO neutron.wsgi [None req-5af77ade-9c79-4e94-91c2-17eb6bd35f71 8fc1e0593b844d5199f6ea9c8dd89b6e 9a831c09b9be432badb50d49126eefef - - - -] 10.0.0.37 "DELETE /v2.0/floatingips/990d06ba-e0c2-491b-8a6a-f1038ed6c9a1 HTTP/1.1" status: 204 len: 168 time: 0.3697228
2026-07-21 07:58:41.348 9 INFO neutron.wsgi [req-b6b9e0bc-04bb-4395-875a-5a8d2a5d3a25 req-33e56c34-12d4-45b3-9dc0-338ba084072d 1b6a6b17dc714991a943390189061cea 9796ff7890114c13968851e69adf92a0 - - f75cd953ec1d47d48337cd8ec909d548 f75cd953ec1d47d48337cd8ec909d548] 10.0.0.210 "GET /v2.0/ports?device_id=229ecfd2-e413-4d66-88b3-a40bf1dba3b4 HTTP/1.1" status: 200 len: 1594 time: 0.0491941
2026-07-21 07:58:41.387 9 INFO neutron.wsgi [req-b6b9e0bc-04bb-4395-875a-5a8d2a5d3a25 req-0c3b99f7-a0d2-48a5-a9b0-a059e3f13712 1b6a6b17dc714991a943390189061cea 9796ff7890114c13968851e69adf92a0 - - f75cd953ec1d47d48337cd8ec909d548 f75cd953ec1d47d48337cd8ec909d548] 10.0.0.210 "GET /v2.0/security-groups?id=48638b46-dd11-43c4-b0db-61d7eacbab82&fields=id&fields=name HTTP/1.1" status: 200 len: 311 time: 0.0311327
2026-07-21 07:58:42.168 10 INFO neutron.db.ovn_revision_numbers_db [None req-a9286ea5-b970-49dd-8118-addea4c482dd c559b67c8dc14c6e9bb7fa2452ec7a44 3b5df8bf225349b0ab7bd2b1a0d2c1b1 - - default default] Successfully bumped revision number for resource 8e395c02-d867-4f24-88b9-c4df466dc2fa (type: security_groups) to 1
2026-07-21 07:58:42.192 10 INFO neutron.wsgi [None req-a9286ea5-b970-49dd-8118-addea4c482dd c559b67c8dc14c6e9bb7fa2452ec7a44 3b5df8bf225349b0ab7bd2b1a0d2c1b1 - - default default] 10.0.0.37 "GET /v2.0/security-groups?tenant_id=067206abaeeb49ec8a5977437983acfa&name=default HTTP/1.1" status: 200 len: 3000 time: 0.3546097
2026-07-21 07:58:42.403 10 INFO neutron.wsgi [None req-1d49bebe-565b-43c6-a7fa-7925d4b1033f c559b67c8dc14c6e9bb7fa2452ec7a44 3b5df8bf225349b0ab7bd2b1a0d2c1b1 - - - -] 10.0.0.37 "DELETE /v2.0/security-groups/8e395c02-d867-4f24-88b9-c4df466dc2fa HTTP/1.1" status: 204 len: 168 time: 0.2058108
2026-07-21 07:58:42.639 10 INFO neutron.db.ovn_revision_numbers_db [None req-1aa64302-3507-4afb-8323-296aa4927bac c559b67c8dc14c6e9bb7fa2452ec7a44 3b5df8bf225349b0ab7bd2b1a0d2c1b1 - - default default] Successfully bumped revision number for resource f6118c93-49d9-42e5-b121-b723d7c473a5 (type: security_groups) to 1
2026-07-21 07:58:42.664 10 INFO neutron.wsgi [None req-1aa64302-3507-4afb-8323-296aa4927bac c559b67c8dc14c6e9bb7fa2452ec7a44 3b5df8bf225349b0ab7bd2b1a0d2c1b1 - - default default] 10.0.0.37 "GET /v2.0/security-groups?tenant_id=dfab119dbc454e6d90d345c56ac4d0f5&name=default HTTP/1.1" status: 200 len: 3000 time: 0.1381404
2026-07-21 07:58:42.865 10 INFO neutron.wsgi [None req-253ad391-542b-4751-a047-10958aabb80d c559b67c8dc14c6e9bb7fa2452ec7a44 3b5df8bf225349b0ab7bd2b1a0d2c1b1 - - - -] 10.0.0.37 "DELETE /v2.0/security-groups/f6118c93-49d9-42e5-b121-b723d7c473a5 HTTP/1.1" status: 204 len: 168 time: 0.1944740
2026-07-21 07:58:43.090 10 INFO neutron.db.ovn_revision_numbers_db [None req-cf758202-a816-4b1c-ab34-9e3a89130df6 c559b67c8dc14c6e9bb7fa2452ec7a44 3b5df8bf225349b0ab7bd2b1a0d2c1b1 - - default default] Successfully bumped revision number for resource 0205d209-d944-4728-a499-cf3f500b50f9 (type: security_groups) to 1
2026-07-21 07:58:43.110 10 INFO neutron.wsgi [None req-cf758202-a816-4b1c-ab34-9e3a89130df6 c559b67c8dc14c6e9bb7fa2452ec7a44 3b5df8bf225349b0ab7bd2b1a0d2c1b1 - - default default] 10.0.0.37 "GET /v2.0/security-groups?tenant_id=9a831c09b9be432badb50d49126eefef&name=default HTTP/1.1" status: 200 len: 3000 time: 0.1079550
2026-07-21 07:58:43.509 9 INFO neutron.wsgi [None req-ad16ca30-53cc-4d97-82a8-675e62a088f3 c559b67c8dc14c6e9bb7fa2452ec7a44 3b5df8bf225349b0ab7bd2b1a0d2c1b1 - - - -] 10.0.0.37 "DELETE /v2.0/security-groups/0205d209-d944-4728-a499-cf3f500b50f9 HTTP/1.1" status: 204 len: 168 time: 0.3914278
2026-07-21 07:58:49.339 9 INFO neutron.wsgi [None req-7532055a-c3d9-45db-aef7-4f80dfe639c0 964dc9f088d347b590c1adb12a64e6c2 89aefa3ae1884d1e91409626652e03cc - - default default] 10.0.0.37 "GET /v2.0/subnets/d7e0b250-5377-4640-91a1-e3e9819efb73 HTTP/1.1" status: 200 len: 846 time: 0.0290220
2026-07-21 07:58:50.134 9 INFO neutron.wsgi [None req-5a62f746-d984-4c72-93ed-33c7945c1516 c559b67c8dc14c6e9bb7fa2452ec7a44 3b5df8bf225349b0ab7bd2b1a0d2c1b1 - - default default] 10.0.0.16 "GET /v2.0/extensions/security-group HTTP/1.1" status: 200 len: 369 time: 0.2133234
2026-07-21 07:58:50.145 9 INFO neutron.wsgi [None req-8fd4247f-bff0-4091-818d-53270c47b1be c559b67c8dc14c6e9bb7fa2452ec7a44 3b5df8bf225349b0ab7bd2b1a0d2c1b1 - - default default] 10.0.0.16 "GET /v2.0/extensions/dns-integration HTTP/1.1" status: 200 len: 371 time: 0.0052652
2026-07-21 07:58:50.156 9 INFO neutron.wsgi [None req-f4cea571-4fbf-4c3f-aa13-5dfc1e84ca57 c559b67c8dc14c6e9bb7fa2452ec7a44 3b5df8bf225349b0ab7bd2b1a0d2c1b1 - - default default] 10.0.0.16 "GET /v2.0/extensions/qos HTTP/1.1" status: 200 len: 365 time: 0.0053625
2026-07-21 07:58:50.174 9 INFO neutron.wsgi [None req-c08e96c5-387d-4637-89de-44b6d713ca8f c559b67c8dc14c6e9bb7fa2452ec7a44 3b5df8bf225349b0ab7bd2b1a0d2c1b1 - - default default] 10.0.0.16 "GET /v2.0/extensions/allowed-address-pairs HTTP/1.1" status: 200 len: 383 time: 0.0075760
2026-07-21 07:58:50.291 10 INFO neutron.wsgi [-] 10.0.0.151 "GET / HTTP/1.1" status: 200 len: 246 time: 0.0039375
2026-07-21 07:58:50.296 10 INFO neutron.wsgi [-] 10.0.0.151 "GET / HTTP/1.1" status: 200 len: 246 time: 0.0027320
2026-07-21 07:58:50.685 9 INFO neutron.wsgi [-] 10.0.0.16 "GET / HTTP/1.1" status: 200 len: 284 time: 0.0031817
2026-07-21 07:58:50.728 9 INFO neutron.wsgi [None req-22c83879-9f39-4b3a-9258-fc7930b7d193 cf04bc3c929c4c15b038789256ccd941 b8f07b0ed8b34e50a1dfd2993e56cb93 - - default default] 10.0.0.16 "GET /v2.0/subnets/d7e0b250-5377-4640-91a1-e3e9819efb73 HTTP/1.1" status: 200 len: 833 time: 0.0371141
2026-07-21 07:58:50.741 9 INFO neutron.wsgi [None req-20d546fb-408d-46ee-9d95-79aabbdee8dd c559b67c8dc14c6e9bb7fa2452ec7a44 3b5df8bf225349b0ab7bd2b1a0d2c1b1 - - default default] 10.0.0.16 "GET /v2.0/extensions/security-group HTTP/1.1" status: 200 len: 369 time: 0.0040786
2026-07-21 07:58:50.750 9 INFO neutron.wsgi [None req-b215a949-d861-455a-bee9-cf1f4a7a477c c559b67c8dc14c6e9bb7fa2452ec7a44 3b5df8bf225349b0ab7bd2b1a0d2c1b1 - - default default] 10.0.0.16 "GET /v2.0/extensions/dns-integration HTTP/1.1" status: 200 len: 371 time: 0.0046430
2026-07-21 07:58:50.759 9 INFO neutron.wsgi [None req-a28eb44b-34e9-48f4-8106-1f6dfb8b0345 c559b67c8dc14c6e9bb7fa2452ec7a44 3b5df8bf225349b0ab7bd2b1a0d2c1b1 - - default default] 10.0.0.16 "GET /v2.0/extensions/qos HTTP/1.1" status: 200 len: 365 time: 0.0044372
2026-07-21 07:58:50.769 9 INFO neutron.wsgi [None req-8aaae551-b7db-443c-8c23-8d02c67acda7 c559b67c8dc14c6e9bb7fa2452ec7a44 3b5df8bf225349b0ab7bd2b1a0d2c1b1 - - default default] 10.0.0.16 "GET /v2.0/extensions/allowed-address-pairs HTTP/1.1" status: 200 len: 383 time: 0.0043285
2026-07-21 07:58:50.811 9 INFO neutron.wsgi [None req-bf978e3f-ecd2-4976-8fd3-512cf1ec0f8b c559b67c8dc14c6e9bb7fa2452ec7a44 3b5df8bf225349b0ab7bd2b1a0d2c1b1 - - default default] 10.0.0.16 "GET /v2.0/subnets/d7e0b250-5377-4640-91a1-e3e9819efb73 HTTP/1.1" status: 200 len: 851 time: 0.0352566
2026-07-21 07:58:51.318 9 INFO neutron.wsgi [None req-8c2222b9-8da3-4f63-854c-9adb2f65b26a c559b67c8dc14c6e9bb7fa2452ec7a44 3b5df8bf225349b0ab7bd2b1a0d2c1b1 - - default default] 10.0.0.16 "GET /v2.0/extensions/security-group HTTP/1.1" status: 200 len: 369 time: 0.0101058
2026-07-21 07:58:51.329 9 INFO neutron.wsgi [None req-f2c9a59a-e08b-40ac-9db6-a1973e3a21e8 c559b67c8dc14c6e9bb7fa2452ec7a44 3b5df8bf225349b0ab7bd2b1a0d2c1b1 - - default default] 10.0.0.16 "GET /v2.0/extensions/dns-integration HTTP/1.1" status: 200 len: 371 time: 0.0041919
2026-07-21 07:58:51.337 9 INFO neutron.wsgi [None req-71f8d377-b2df-4139-8573-be8e6afc9fd6 c559b67c8dc14c6e9bb7fa2452ec7a44 3b5df8bf225349b0ab7bd2b1a0d2c1b1 - - default default] 10.0.0.16 "GET /v2.0/extensions/qos HTTP/1.1" status: 200 len: 365 time: 0.0052936
2026-07-21 07:58:51.356 9 INFO neutron.wsgi [None req-51a442e6-bd2b-47db-9f1e-5b29de782f8a c559b67c8dc14c6e9bb7fa2452ec7a44 3b5df8bf225349b0ab7bd2b1a0d2c1b1 - - default default] 10.0.0.16 "GET /v2.0/extensions/allowed-address-pairs HTTP/1.1" status: 200 len: 383 time: 0.0099826
2026-07-21 07:58:51.431 9 INFO neutron.wsgi [None req-1e3f1304-0575-4525-8249-4c3ef44c9bfa c559b67c8dc14c6e9bb7fa2452ec7a44 3b5df8bf225349b0ab7bd2b1a0d2c1b1 - - default default] 10.0.0.16 "GET /v2.0/networks/82ca2ee3-8abc-4173-905a-2b7a4dd4e601 HTTP/1.1" status: 200 len: 1001 time: 0.0646152
2026-07-21 07:58:51.445 9 INFO neutron.wsgi [None req-33f15210-baf1-472d-9ade-7fc10f891aa2 c559b67c8dc14c6e9bb7fa2452ec7a44 3b5df8bf225349b0ab7bd2b1a0d2c1b1 - - default default] 10.0.0.16 "GET /v2.0/extensions/project-id HTTP/1.1" status: 200 len: 403 time: 0.0055735
2026-07-21 07:58:51.523 10 INFO neutron.wsgi [None req-e329b183-926e-4543-b65c-550b7117c5ce 355a537ad90942c7a5cbb0ea2d9f5a33 bb1713a219224438b17c04c942c67d69 - - - -] 10.0.0.37 "POST /v2.0/qos/policies HTTP/1.1" status: 201 len: 558 time: 0.9798071
2026-07-21 07:58:52.052 9 INFO neutron.wsgi [None req-a1eb36a4-440f-4698-a6a6-78c60ae4058d 355a537ad90942c7a5cbb0ea2d9f5a33 bb1713a219224438b17c04c942c67d69 - - - -] 10.0.0.37 "POST /v2.0/qos/policies HTTP/1.1" status: 201 len: 558 time: 0.5196688
2026-07-21 07:58:52.108 10 INFO neutron.wsgi [None req-dbc377dd-f25c-47e7-95b0-2dfb4ff028ff 355a537ad90942c7a5cbb0ea2d9f5a33 bb1713a219224438b17c04c942c67d69 - - - -] 10.0.0.37 "POST /v2.0/qos/policies HTTP/1.1" status: 201 len: 558 time: 0.0469313
2026-07-21 07:58:52.166 10 INFO neutron.wsgi [None req-108bcf31-3f0b-4c10-b8e7-2f6c333f4c97 355a537ad90942c7a5cbb0ea2d9f5a33 bb1713a219224438b17c04c942c67d69 - - - -] 10.0.0.37 "POST /v2.0/qos/policies HTTP/1.1" status: 201 len: 558 time: 0.0459559
2026-07-21 07:58:52.220 10 INFO neutron.wsgi [None req-937bb8e1-b0e6-46a0-9deb-91685ef4de85 355a537ad90942c7a5cbb0ea2d9f5a33 bb1713a219224438b17c04c942c67d69 - - - -] 10.0.0.37 "POST /v2.0/qos/policies HTTP/1.1" status: 201 len: 558 time: 0.0471463
2026-07-21 07:58:52.252 9 WARNING neutron.scheduler.dhcp_agent_scheduler [None req-ffcdb965-ad88-4c76-aa96-a04f2e49891f c559b67c8dc14c6e9bb7fa2452ec7a44 3b5df8bf225349b0ab7bd2b1a0d2c1b1 - - - -] No more DHCP agents
2026-07-21 07:58:52.255 9 WARNING neutron.api.rpc.agentnotifiers.dhcp_rpc_agent_api [None req-ffcdb965-ad88-4c76-aa96-a04f2e49891f c559b67c8dc14c6e9bb7fa2452ec7a44 3b5df8bf225349b0ab7bd2b1a0d2c1b1 - - - -] Unable to schedule network 82ca2ee3-8abc-4173-905a-2b7a4dd4e601: no agents available; will retry on subsequent port and subnet creation events.
2026-07-21 07:58:52.268 10 INFO neutron.wsgi [None req-5cb1d7ca-79a5-4e00-8007-2511867ba6bd 355a537ad90942c7a5cbb0ea2d9f5a33 bb1713a219224438b17c04c942c67d69 - - - -] 10.0.0.37 "PUT /v2.0/policies/d6c60bf3-e2be-4318-8947-626d69d9a83b/tags HTTP/1.1" status: 200 len: 210 time: 0.0413644
2026-07-21 07:58:52.302 10 INFO neutron.wsgi [None req-2fc000ff-0657-4e9a-99d5-f965b9af6395 355a537ad90942c7a5cbb0ea2d9f5a33 bb1713a219224438b17c04c942c67d69 - - - -] 10.0.0.37 "PUT /v2.0/policies/8af4dcbb-4dab-4f01-b1d3-8c940548ff49/tags HTTP/1.1" status: 200 len: 218 time: 0.0271187
2026-07-21 07:58:52.336 10 INFO neutron.wsgi [None req-478e6643-f3cf-42f5-8842-c10f4a474dd2 355a537ad90942c7a5cbb0ea2d9f5a33 bb1713a219224438b17c04c942c67d69 - - - -] 10.0.0.37 "PUT /v2.0/policies/93bc6a58-aaaf-4fa5-8423-42079177fb18/tags HTTP/1.1" status: 200 len: 227 time: 0.0270061
2026-07-21 07:58:52.362 10 INFO neutron.wsgi [None req-9be859ee-46b6-41f8-8177-53d74d66a197 355a537ad90942c7a5cbb0ea2d9f5a33 bb1713a219224438b17c04c942c67d69 - - - -] 10.0.0.37 "PUT /v2.0/policies/becaf1be-7c36-4b76-83bc-adc431b1ee9e/tags HTTP/1.1" status: 200 len: 212 time: 0.0206392
2026-07-21 07:58:52.417 9 INFO neutron.db.ovn_revision_numbers_db [None req-ffcdb965-ad88-4c76-aa96-a04f2e49891f c559b67c8dc14c6e9bb7fa2452ec7a44 3b5df8bf225349b0ab7bd2b1a0d2c1b1 - - - -] Successfully bumped revision number for resource f36df665-7503-4071-9f49-319b9a2e4492 (type: ports) to 1
2026-07-21 07:58:52.441 9 INFO neutron.wsgi [None req-ffcdb965-ad88-4c76-aa96-a04f2e49891f c559b67c8dc14c6e9bb7fa2452ec7a44 3b5df8bf225349b0ab7bd2b1a0d2c1b1 - - - -] 10.0.0.16 "POST /v2.0/ports HTTP/1.1" status: 201 len: 1337 time: 0.9922459 /var/lib/openstack/lib/python3.10/site-packages/pycadf/identifier.py:71: UserWarning: Invalid uuid: neutron. To ensure interoperability, identifiers should be a valid uuid. warnings.warn(('Invalid uuid: %s. To ensure interoperability, '
2026-07-21 07:58:52.921 9 INFO neutron.wsgi [None req-28fa2fc2-1018-41d3-8b25-0e534e3cfdcd c17407dfe8f948f39e02733a36e16c34 857356e22348436aaa7aee9f95575431 - - default default] 10.0.0.37 "GET /v2.0/qos/policies?tags=red HTTP/1.1" status: 200 len: 1296 time: 0.1507671
2026-07-21 07:58:53.007 9 INFO neutron.wsgi [None req-1c88ed64-54a2-47e8-b752-d9faa4ffb237 c17407dfe8f948f39e02733a36e16c34 857356e22348436aaa7aee9f95575431 - - default default] 10.0.0.37 "GET /v2.0/qos/policies?tags=red%2Cblue HTTP/1.1" status: 200 len: 941 time: 0.0798252
2026-07-21 07:58:53.140 10 INFO neutron.wsgi [None req-09c4c251-3dbb-45ac-b696-4bf375150905 c17407dfe8f948f39e02733a36e16c34 857356e22348436aaa7aee9f95575431 - - default default] 10.0.0.37 "GET /v2.0/qos/policies?tags-any=blue HTTP/1.1" status: 200 len: 941 time: 0.1052432
2026-07-21 07:58:53.228 9 INFO neutron.wsgi [None req-a8ebe13a-5c22-48a1-8e97-0eb8fd31a1c0 c17407dfe8f948f39e02733a36e16c34 857356e22348436aaa7aee9f95575431 - - default default] 10.0.0.37 "GET /v2.0/qos/policies?tags-any=red%2Cblue HTTP/1.1" status: 200 len: 1296 time: 0.0717261
2026-07-21 07:58:53.287 9 INFO neutron.wsgi [None req-5a82646d-2063-4054-9b16-7a6fffad8476 c17407dfe8f948f39e02733a36e16c34 857356e22348436aaa7aee9f95575431 - - default default] 10.0.0.37 "GET /v2.0/qos/policies?not-tags=red HTTP/1.1" status: 200 len: 913 time: 0.0535798
2026-07-21 07:58:53.364 9 INFO neutron.wsgi [None req-4e214ee8-b45f-4add-9a20-093c770dfd90 c17407dfe8f948f39e02733a36e16c34 857356e22348436aaa7aee9f95575431 - - default default] 10.0.0.37 "GET /v2.0/qos/policies?not-tags=red%2Cblue HTTP/1.1" status: 200 len: 1268 time: 0.0718908
2026-07-21 07:58:53.456 9 INFO neutron.wsgi [None req-37dab67f-d581-42d5-b554-b79e94b556f6 c17407dfe8f948f39e02733a36e16c34 857356e22348436aaa7aee9f95575431 - - default default] 10.0.0.37 "GET /v2.0/qos/policies?not-tags-any=blue HTTP/1.1" status: 200 len: 1268 time: 0.0857806
2026-07-21 07:58:53.512 9 INFO neutron.wsgi [None req-5eebd9b5-ec64-422b-bae1-7d0a313fed3a c17407dfe8f948f39e02733a36e16c34 857356e22348436aaa7aee9f95575431 - - default default] 10.0.0.37 "GET /v2.0/qos/policies?not-tags-any=red%2Cblue HTTP/1.1" status: 200 len: 913 time: 0.0459785
2026-07-21 07:58:53.597 9 INFO neutron.wsgi [None req-fd067c3b-b599-4812-88ec-47d60579852d 355a537ad90942c7a5cbb0ea2d9f5a33 bb1713a219224438b17c04c942c67d69 - - - -] 10.0.0.37 "DELETE /v2.0/qos/policies/d6c60bf3-e2be-4318-8947-626d69d9a83b HTTP/1.1" status: 204 len: 168 time: 0.0776258
2026-07-21 07:58:53.676 9 INFO neutron.wsgi [None req-9f4c4a80-444e-4187-ae3c-4d5e757eeca3 355a537ad90942c7a5cbb0ea2d9f5a33 bb1713a219224438b17c04c942c67d69 - - - -] 10.0.0.37 "DELETE /v2.0/qos/policies/8af4dcbb-4dab-4f01-b1d3-8c940548ff49 HTTP/1.1" status: 204 len: 168 time: 0.0719573
2026-07-21 07:58:53.744 10 INFO neutron.wsgi [None req-5ef10a96-8b0b-4722-960e-7ffd42c1f68e 355a537ad90942c7a5cbb0ea2d9f5a33 bb1713a219224438b17c04c942c67d69 - - - -] 10.0.0.37 "DELETE /v2.0/qos/policies/93bc6a58-aaaf-4fa5-8423-42079177fb18 HTTP/1.1" status: 204 len: 168 time: 0.0610907
2026-07-21 07:58:53.804 10 INFO neutron.wsgi [None req-d3663918-dd8e-4753-ad01-e5f1ff622d30 355a537ad90942c7a5cbb0ea2d9f5a33 bb1713a219224438b17c04c942c67d69 - - - -] 10.0.0.37 "DELETE /v2.0/qos/policies/becaf1be-7c36-4b76-83bc-adc431b1ee9e HTTP/1.1" status: 204 len: 168 time: 0.0544991
2026-07-21 07:58:53.890 10 INFO neutron.wsgi [None req-a51f9635-0873-448d-8510-22aca5775fb9 355a537ad90942c7a5cbb0ea2d9f5a33 bb1713a219224438b17c04c942c67d69 - - - -] 10.0.0.37 "DELETE /v2.0/qos/policies/f6d3bac2-51ea-43b5-be5c-b5cd8213d3ce HTTP/1.1" status: 204 len: 168 time: 0.0775030
2026-07-21 07:58:54.326 9 INFO neutron.wsgi [None req-448a8a1f-90cd-4a2a-b752-3dbce6f62c2a c559b67c8dc14c6e9bb7fa2452ec7a44 3b5df8bf225349b0ab7bd2b1a0d2c1b1 - - default default] 199.19.213.199 "GET /v2.0/extensions/security-group HTTP/1.1" status: 200 len: 369 time: 0.2390144
2026-07-21 07:58:54.335 9 INFO neutron.wsgi [None req-7bc24e83-3a30-4ccb-86d0-c6c9b95d6f03 c559b67c8dc14c6e9bb7fa2452ec7a44 3b5df8bf225349b0ab7bd2b1a0d2c1b1 - - default default] 199.19.213.199 "GET /v2.0/extensions/dns-integration HTTP/1.1" status: 200 len: 371 time: 0.0044296
2026-07-21 07:58:54.343 9 INFO neutron.wsgi [None req-76f067d4-506c-4602-8183-6da1926cb4e0 c559b67c8dc14c6e9bb7fa2452ec7a44 3b5df8bf225349b0ab7bd2b1a0d2c1b1 - - default default] 199.19.213.199 "GET /v2.0/extensions/qos HTTP/1.1" status: 200 len: 365 time: 0.0041809
2026-07-21 07:58:54.351 9 INFO neutron.wsgi [None req-6377432c-ba2d-4e16-a454-8f060e346e82 c559b67c8dc14c6e9bb7fa2452ec7a44 3b5df8bf225349b0ab7bd2b1a0d2c1b1 - - default default] 199.19.213.199 "GET /v2.0/extensions/allowed-address-pairs HTTP/1.1" status: 200 len: 383 time: 0.0034494
2026-07-21 07:58:54.385 9 INFO neutron.wsgi [None req-453120e4-9be6-4565-9055-503d0fe5ec7f c559b67c8dc14c6e9bb7fa2452ec7a44 3b5df8bf225349b0ab7bd2b1a0d2c1b1 - - default default] 199.19.213.199 "GET /v2.0/ports/f36df665-7503-4071-9f49-319b9a2e4492 HTTP/1.1" status: 200 len: 1332 time: 0.0291741
2026-07-21 07:58:54.496 9 INFO neutron.wsgi [None req-52495859-7e17-44b2-8815-86e2371f384d c559b67c8dc14c6e9bb7fa2452ec7a44 3b5df8bf225349b0ab7bd2b1a0d2c1b1 - - default default] 199.19.213.199 "GET /v2.0/extensions/security-group HTTP/1.1" status: 200 len: 369 time: 0.0077162
2026-07-21 07:58:54.508 9 INFO neutron.wsgi [None req-50be70af-24ce-423b-9a0d-dd1c4f39d44d c559b67c8dc14c6e9bb7fa2452ec7a44 3b5df8bf225349b0ab7bd2b1a0d2c1b1 - - default default] 199.19.213.199 "GET /v2.0/extensions/dns-integration HTTP/1.1" status: 200 len: 371 time: 0.0060644
2026-07-21 07:58:54.515 9 INFO neutron.wsgi [None req-9a995a83-6f90-4f65-9a63-80bb618b496b c559b67c8dc14c6e9bb7fa2452ec7a44 3b5df8bf225349b0ab7bd2b1a0d2c1b1 - - default default] 199.19.213.199 "GET /v2.0/extensions/qos HTTP/1.1" status: 200 len: 365 time: 0.0032158
2026-07-21 07:58:54.525 9 INFO neutron.wsgi [None req-ed2d43ee-bf5b-464b-9e9c-b299b7f3cba6 c559b67c8dc14c6e9bb7fa2452ec7a44 3b5df8bf225349b0ab7bd2b1a0d2c1b1 - - default default] 199.19.213.199 "GET /v2.0/extensions/allowed-address-pairs HTTP/1.1" status: 200 len: 383 time: 0.0049388
2026-07-21 07:58:54.556 9 INFO neutron.wsgi [None req-c98c728f-b58d-4766-b07c-5543c4f9cc98 c559b67c8dc14c6e9bb7fa2452ec7a44 3b5df8bf225349b0ab7bd2b1a0d2c1b1 - - default default] 199.19.213.199 "GET /v2.0/security-groups?name=lb-b3ae05a2-8d4b-40af-bb3c-b2a0606390f7 HTTP/1.1" status: 200 len: 221 time: 0.0259469
2026-07-21 07:58:54.661 9 INFO neutron.db.ovn_revision_numbers_db [None req-3baeed13-b64b-473a-bce3-458c1ed7afdb c559b67c8dc14c6e9bb7fa2452ec7a44 3b5df8bf225349b0ab7bd2b1a0d2c1b1 - - - -] Successfully bumped revision number for resource b1c0323a-b552-428f-adb6-c63c56809770 (type: security_groups) to 1
2026-07-21 07:58:54.687 9 INFO neutron.wsgi [None req-3baeed13-b64b-473a-bce3-458c1ed7afdb c559b67c8dc14c6e9bb7fa2452ec7a44 3b5df8bf225349b0ab7bd2b1a0d2c1b1 - - - -] 199.19.213.199 "POST /v2.0/security-groups HTTP/1.1" status: 201 len: 1779 time: 0.1257222
2026-07-21 07:58:54.724 9 INFO neutron.wsgi [None req-8c36c31b-599a-42de-9569-ac760345bfbb c559b67c8dc14c6e9bb7fa2452ec7a44 3b5df8bf225349b0ab7bd2b1a0d2c1b1 - - default default] 199.19.213.199 "GET /v2.0/security-group-rules?security_group_id=b1c0323a-b552-428f-adb6-c63c56809770 HTTP/1.1" status: 200 len: 1318 time: 0.0300066
2026-07-21 07:58:54.978 10 INFO neutron.db.ovn_revision_numbers_db [None req-a25c2804-99d8-46ba-858b-5722b63cb39f c559b67c8dc14c6e9bb7fa2452ec7a44 3b5df8bf225349b0ab7bd2b1a0d2c1b1 - - default default] Successfully bumped revision number for resource 15928e53-b523-431c-8c03-3c8253c36f3e (type: security_groups) to 1
2026-07-21 07:58:55.002 10 INFO neutron.wsgi [None req-a25c2804-99d8-46ba-858b-5722b63cb39f c559b67c8dc14c6e9bb7fa2452ec7a44 3b5df8bf225349b0ab7bd2b1a0d2c1b1 - - default default] 10.0.0.37 "GET /v2.0/security-groups?tenant_id=857356e22348436aaa7aee9f95575431&name=default HTTP/1.1" status: 200 len: 3000 time: 0.2776110
2026-07-21 07:58:55.068 9 INFO neutron.db.ovn_revision_numbers_db [None req-a56ee581-f18a-4158-9b7e-56d4199285d0 c559b67c8dc14c6e9bb7fa2452ec7a44 3b5df8bf225349b0ab7bd2b1a0d2c1b1 - - - -] Successfully bumped revision number for resource f36df665-7503-4071-9f49-319b9a2e4492 (type: ports) to 2
2026-07-21 07:58:55.077 9 INFO neutron.wsgi [None req-a56ee581-f18a-4158-9b7e-56d4199285d0 c559b67c8dc14c6e9bb7fa2452ec7a44 3b5df8bf225349b0ab7bd2b1a0d2c1b1 - - - -] 199.19.213.199 "PUT /v2.0/ports/f36df665-7503-4071-9f49-319b9a2e4492 HTTP/1.1" status: 200 len: 1332 time: 0.3465285 /var/lib/openstack/lib/python3.10/site-packages/pycadf/identifier.py:71: UserWarning: Invalid uuid: neutron. To ensure interoperability, identifiers should be a valid uuid. warnings.warn(('Invalid uuid: %s. To ensure interoperability, '
2026-07-21 07:58:55.098 9 INFO neutron.wsgi [None req-761bb7e0-1ee0-4561-9215-d1452137fb4d c559b67c8dc14c6e9bb7fa2452ec7a44 3b5df8bf225349b0ab7bd2b1a0d2c1b1 - - default default] 199.19.213.199 "GET /v2.0/extensions/security-group HTTP/1.1" status: 200 len: 369 time: 0.0086412
2026-07-21 07:58:55.105 9 INFO neutron.wsgi [None req-fbcc96bf-452c-4953-a135-a53de8b09282 c559b67c8dc14c6e9bb7fa2452ec7a44 3b5df8bf225349b0ab7bd2b1a0d2c1b1 - - default default] 199.19.213.199 "GET /v2.0/extensions/dns-integration HTTP/1.1" status: 200 len: 371 time: 0.0033782
2026-07-21 07:58:55.112 9 INFO neutron.wsgi [None req-fe6486b6-4745-4145-b8b8-2473f25afeab c559b67c8dc14c6e9bb7fa2452ec7a44 3b5df8bf225349b0ab7bd2b1a0d2c1b1 - - default default] 199.19.213.199 "GET /v2.0/extensions/qos HTTP/1.1" status: 200 len: 365 time: 0.0031927
2026-07-21 07:58:55.120 9 INFO neutron.wsgi [None req-3c5fe7da-dbc5-44c0-995b-6f86c631edc9 c559b67c8dc14c6e9bb7fa2452ec7a44 3b5df8bf225349b0ab7bd2b1a0d2c1b1 - - default default] 199.19.213.199 "GET /v2.0/extensions/allowed-address-pairs HTTP/1.1" status: 200 len: 383 time: 0.0033846
2026-07-21 07:58:55.153 9 INFO neutron.wsgi [None req-fbda6c9d-57f3-438b-9543-b7a15b192aa1 c559b67c8dc14c6e9bb7fa2452ec7a44 3b5df8bf225349b0ab7bd2b1a0d2c1b1 - - default default] 199.19.213.199 "GET /v2.0/subnets/d7e0b250-5377-4640-91a1-e3e9819efb73 HTTP/1.1" status: 200 len: 851 time: 0.0280480
2026-07-21 07:58:55.198 10 INFO neutron.wsgi [None req-7298ebf4-83db-443a-a684-2b2c114ae0f3 c559b67c8dc14c6e9bb7fa2452ec7a44 3b5df8bf225349b0ab7bd2b1a0d2c1b1 - - - -] 10.0.0.37 "DELETE /v2.0/security-groups/15928e53-b523-431c-8c03-3c8253c36f3e HTTP/1.1" status: 204 len: 168 time: 0.1897357
2026-07-21 07:58:55.419 10 INFO neutron.db.ovn_revision_numbers_db [None req-b39037d4-c46e-4c8f-98cc-70bcf92e7d27 c559b67c8dc14c6e9bb7fa2452ec7a44 3b5df8bf225349b0ab7bd2b1a0d2c1b1 - - default default] Successfully bumped revision number for resource d280f275-2cbb-461a-94b0-eaa90f1fe262 (type: security_groups) to 1
2026-07-21 07:58:55.445 10 INFO neutron.wsgi [None req-b39037d4-c46e-4c8f-98cc-70bcf92e7d27 c559b67c8dc14c6e9bb7fa2452ec7a44 3b5df8bf225349b0ab7bd2b1a0d2c1b1 - - default default] 10.0.0.37 "GET /v2.0/security-groups?tenant_id=1395dc8a3e1643f5b02b78bef9edca4a&name=default HTTP/1.1" status: 200 len: 3000 time: 0.1421893
2026-07-21 07:58:55.673 10 INFO neutron.wsgi [None req-84f21e13-b160-4530-92a0-14868f2703df c559b67c8dc14c6e9bb7fa2452ec7a44 3b5df8bf225349b0ab7bd2b1a0d2c1b1 - - - -] 10.0.0.37 "DELETE /v2.0/security-groups/d280f275-2cbb-461a-94b0-eaa90f1fe262 HTTP/1.1" status: 204 len: 168 time: 0.2217963
2026-07-21 07:58:55.950 9 INFO neutron.db.ovn_revision_numbers_db [None req-c8c1bc20-97e8-4714-bbd7-b3ad8625002d c559b67c8dc14c6e9bb7fa2452ec7a44 3b5df8bf225349b0ab7bd2b1a0d2c1b1 - - default default] Successfully bumped revision number for resource d4e0e1f9-5e8c-4d7e-b0ad-7b76d2c53523 (type: security_groups) to 1
2026-07-21 07:58:55.980 9 INFO neutron.wsgi [None req-c8c1bc20-97e8-4714-bbd7-b3ad8625002d c559b67c8dc14c6e9bb7fa2452ec7a44 3b5df8bf225349b0ab7bd2b1a0d2c1b1 - - default default] 10.0.0.37 "GET /v2.0/security-groups?tenant_id=bb1713a219224438b17c04c942c67d69&name=default HTTP/1.1" status: 200 len: 3000 time: 0.1420009
2026-07-21 07:58:56.214 9 INFO neutron.wsgi [None req-4e74a599-99e8-4505-900c-69802a50507f c559b67c8dc14c6e9bb7fa2452ec7a44 3b5df8bf225349b0ab7bd2b1a0d2c1b1 - - - -] 10.0.0.37 "DELETE /v2.0/security-groups/d4e0e1f9-5e8c-4d7e-b0ad-7b76d2c53523 HTTP/1.1" status: 204 len: 168 time: 0.2283061
2026-07-21 07:59:00.633 10 INFO neutron.wsgi [None req-0edc8a92-e587-449f-bfeb-a79a4a04f2ba 520400a612804c17a4536e4d22c70a32 43cfd59ec1754103a3bb260080f95da4 - - - -] 10.0.0.37 "POST /v2.0/subnetpools HTTP/1.1" status: 201 len: 715 time: 0.2596984
2026-07-21 07:59:00.693 10 INFO neutron.wsgi [None req-c6d146be-59fe-4748-88f8-7e42d038323c 520400a612804c17a4536e4d22c70a32 43cfd59ec1754103a3bb260080f95da4 - - - -] 10.0.0.37 "POST /v2.0/subnetpools HTTP/1.1" status: 201 len: 715 time: 0.0523691
2026-07-21 07:59:00.761 10 INFO neutron.wsgi [None req-a992f7c1-1281-44a1-92fb-4249ce8d68f3 520400a612804c17a4536e4d22c70a32 43cfd59ec1754103a3bb260080f95da4 - - - -] 10.0.0.37 "POST /v2.0/subnetpools HTTP/1.1" status: 201 len: 715 time: 0.0622063
2026-07-21 07:59:00.823 10 INFO neutron.wsgi [None req-42cf77d7-d697-43c1-b0e3-416a06be6aaa 520400a612804c17a4536e4d22c70a32 43cfd59ec1754103a3bb260080f95da4 - - - -] 10.0.0.37 "POST /v2.0/subnetpools HTTP/1.1" status: 201 len: 715 time: 0.0559711
2026-07-21 07:59:00.879 10 INFO neutron.wsgi [None req-7f171161-338e-4914-8ee9-d80e1567990d 520400a612804c17a4536e4d22c70a32 43cfd59ec1754103a3bb260080f95da4 - - - -] 10.0.0.37 "POST /v2.0/subnetpools HTTP/1.1" status: 201 len: 715 time: 0.0496688
2026-07-21 07:59:00.920 10 INFO neutron.wsgi [None req-98512507-3a19-4b44-a840-cb19bfe01732 520400a612804c17a4536e4d22c70a32 43cfd59ec1754103a3bb260080f95da4 - - - -] 10.0.0.37 "PUT /v2.0/subnetpools/737e9458-c263-4131-bf6b-c162d6597ac6/tags HTTP/1.1" status: 200 len: 210 time: 0.0343378
2026-07-21 07:59:00.973 9 INFO neutron.wsgi [None req-8a33f555-b0c0-43d2-9d9e-f3d8e4ce709d 520400a612804c17a4536e4d22c70a32 43cfd59ec1754103a3bb260080f95da4 - - - -] 10.0.0.37 "PUT /v2.0/subnetpools/e0978fb8-cd19-4c22-aa9c-0ded2f2e3a13/tags HTTP/1.1" status: 200 len: 218 time: 0.0476339
2026-07-21 07:59:01.010 9 INFO neutron.wsgi [None req-71a9f2fc-0ba2-4b1b-9c3b-dcb0928debf9 520400a612804c17a4536e4d22c70a32 43cfd59ec1754103a3bb260080f95da4 - - - -] 10.0.0.37 "PUT /v2.0/subnetpools/1888cfd4-7acb-403d-81b4-a94d48e2df93/tags HTTP/1.1" status: 200 len: 227 time: 0.0316617
2026-07-21 07:59:01.043 9 INFO neutron.wsgi [None req-117b4c2c-5913-4afa-b8b5-a89dceee62df 520400a612804c17a4536e4d22c70a32 43cfd59ec1754103a3bb260080f95da4 - - - -] 10.0.0.37 "PUT /v2.0/subnetpools/6d5054e5-356d-4499-9064-2ea1c8572e4f/tags HTTP/1.1" status: 200 len: 212 time: 0.0264609
2026-07-21 07:59:01.084 9 INFO neutron.wsgi [None req-fbbbe314-f3be-487f-8b69-9be539712866 520400a612804c17a4536e4d22c70a32 43cfd59ec1754103a3bb260080f95da4 - - default default] 10.0.0.37 "GET /v2.0/subnetpools?tags=red HTTP/1.1" status: 200 len: 1758 time: 0.0350287
2026-07-21 07:59:01.123 9 INFO neutron.wsgi [None req-0a33f158-8e09-4812-bf51-1ad01479f919 520400a612804c17a4536e4d22c70a32 43cfd59ec1754103a3bb260080f95da4 - - default default] 10.0.0.37 "GET /v2.0/subnetpools?tags=red%2Cblue HTTP/1.1" status: 200 len: 1251 time: 0.0343277
2026-07-21 07:59:01.163 9 INFO neutron.wsgi [None req-14c28cb9-752b-4823-acc5-dfbbbe5321ff 520400a612804c17a4536e4d22c70a32 43cfd59ec1754103a3bb260080f95da4 - - default default] 10.0.0.37 "GET /v2.0/subnetpools?tags-any=blue HTTP/1.1" status: 200 len: 1251 time: 0.0345345
2026-07-21 07:59:01.203 10 INFO neutron.wsgi [None req-7953c4cf-d95a-404f-a642-e6d7d59efd53 520400a612804c17a4536e4d22c70a32 43cfd59ec1754103a3bb260080f95da4 - - default default] 10.0.0.37 "GET /v2.0/subnetpools?tags-any=red%2Cblue HTTP/1.1" status: 200 len: 1758 time: 0.0342493
2026-07-21 07:59:01.251 10 INFO neutron.wsgi [None req-5f760920-5227-43f3-9b3a-3808a286c45e 520400a612804c17a4536e4d22c70a32 43cfd59ec1754103a3bb260080f95da4 - - default default] 10.0.0.37 "GET /v2.0/subnetpools?not-tags=red HTTP/1.1" status: 200 len: 1223 time: 0.0428932
2026-07-21 07:59:01.289 10 INFO neutron.wsgi [None req-a7e1eb3c-1af8-40f2-a7ff-a7439a3d3aee 520400a612804c17a4536e4d22c70a32 43cfd59ec1754103a3bb260080f95da4 - - default default] 10.0.0.37 "GET /v2.0/subnetpools?not-tags=red%2Cblue HTTP/1.1" status: 200 len: 1730 time: 0.0320439
2026-07-21 07:59:01.334 10 INFO neutron.wsgi [None req-68821deb-0af9-438d-8a98-3be62a381fec 520400a612804c17a4536e4d22c70a32 43cfd59ec1754103a3bb260080f95da4 - - default default] 10.0.0.37 "GET /v2.0/subnetpools?not-tags-any=blue HTTP/1.1" status: 200 len: 1730 time: 0.0380478
2026-07-21 07:59:01.361 10 INFO neutron.wsgi [None req-2f458d24-1242-48bb-83ed-c20678365ebf 520400a612804c17a4536e4d22c70a32 43cfd59ec1754103a3bb260080f95da4 - - default default] 10.0.0.37 "GET /v2.0/subnetpools?not-tags-any=red%2Cblue HTTP/1.1" status: 200 len: 1223 time: 0.0225070
2026-07-21 07:59:01.433 10 INFO neutron.wsgi [None req-49674394-0934-4a2f-b5fd-85ff75d1c3b2 520400a612804c17a4536e4d22c70a32 43cfd59ec1754103a3bb260080f95da4 - - - -] 10.0.0.37 "DELETE /v2.0/subnetpools/737e9458-c263-4131-bf6b-c162d6597ac6 HTTP/1.1" status: 204 len: 168 time: 0.0664098
2026-07-21 07:59:01.485 10 INFO neutron.wsgi [None req-14b7dcd4-2ae4-40fb-8425-5aa74faf078a 520400a612804c17a4536e4d22c70a32 43cfd59ec1754103a3bb260080f95da4 - - - -] 10.0.0.37 "DELETE /v2.0/subnetpools/e0978fb8-cd19-4c22-aa9c-0ded2f2e3a13 HTTP/1.1" status: 204 len: 168 time: 0.0454679
2026-07-21 07:59:01.571 9 INFO neutron.wsgi [None req-0cec3c82-a630-4368-bb3a-b2756af70836 520400a612804c17a4536e4d22c70a32 43cfd59ec1754103a3bb260080f95da4 - - - -] 10.0.0.37 "DELETE /v2.0/subnetpools/1888cfd4-7acb-403d-81b4-a94d48e2df93 HTTP/1.1" status: 204 len: 168 time: 0.0809317
2026-07-21 07:59:01.633 9 INFO neutron.wsgi [None req-365e43dd-021b-4c21-9412-72dd5816078d 520400a612804c17a4536e4d22c70a32 43cfd59ec1754103a3bb260080f95da4 - - - -] 10.0.0.37 "DELETE /v2.0/subnetpools/6d5054e5-356d-4499-9064-2ea1c8572e4f HTTP/1.1" status: 204 len: 168 time: 0.0560746
2026-07-21 07:59:01.709 10 INFO neutron.wsgi [None req-d7bf0e16-dade-417d-b3ea-1250fe645dec 520400a612804c17a4536e4d22c70a32 43cfd59ec1754103a3bb260080f95da4 - - - -] 10.0.0.37 "DELETE /v2.0/subnetpools/f8db06d8-9541-43a8-b35a-b7c1170654c3 HTTP/1.1" status: 204 len: 168 time: 0.0682104
2026-07-21 07:59:02.834 10 INFO neutron.db.ovn_revision_numbers_db [None req-956d004c-ed0d-4a8d-8c58-bcb635bfc4be c559b67c8dc14c6e9bb7fa2452ec7a44 3b5df8bf225349b0ab7bd2b1a0d2c1b1 - - default default] Successfully bumped revision number for resource 6f8047c4-7835-49f6-a301-af6bfa1807c5 (type: security_groups) to 1
2026-07-21 07:59:02.840 10 INFO neutron.wsgi [req-28764fed-1aaa-45c0-81be-33f2bbcfaf0a req-ca3be96b-e598-483d-9d28-df5848816479 c559b67c8dc14c6e9bb7fa2452ec7a44 3b5df8bf225349b0ab7bd2b1a0d2c1b1 - - default default] 10.0.0.176 "GET /v2.0/security-groups?id=5e3999d2-63ec-46b5-a725-cc40bbc70e67&fields=id HTTP/1.1" status: 200 len: 267 time: 0.0371280
2026-07-21 07:59:02.861 10 INFO neutron.wsgi [None req-956d004c-ed0d-4a8d-8c58-bcb635bfc4be c559b67c8dc14c6e9bb7fa2452ec7a44 3b5df8bf225349b0ab7bd2b1a0d2c1b1 - - default default] 10.0.0.37 "GET /v2.0/security-groups?tenant_id=b15557b59a9e422c926ba25680083416&name=default HTTP/1.1" status: 200 len: 3000 time: 0.2771165
2026-07-21 07:59:02.939 10 INFO neutron.wsgi [req-28764fed-1aaa-45c0-81be-33f2bbcfaf0a req-2337454e-6230-4721-9726-b18072d134ab c559b67c8dc14c6e9bb7fa2452ec7a44 3b5df8bf225349b0ab7bd2b1a0d2c1b1 - - default default] 10.0.0.176 "GET /v2.0/networks?id=1439e38b-a092-4726-8c7f-09e60c502091 HTTP/1.1" status: 200 len: 937 time: 0.0887783
2026-07-21 07:59:02.963 10 INFO neutron.wsgi [req-28764fed-1aaa-45c0-81be-33f2bbcfaf0a req-fb9930b1-8a48-4bfe-b558-cb3e9aebd869 c559b67c8dc14c6e9bb7fa2452ec7a44 3b5df8bf225349b0ab7bd2b1a0d2c1b1 - - default default] 10.0.0.176 "GET /v2.0/quotas/3b5df8bf225349b0ab7bd2b1a0d2c1b1 HTTP/1.1" status: 200 len: 385 time: 0.0156450
2026-07-21 07:59:03.029 10 INFO neutron.wsgi [req-28764fed-1aaa-45c0-81be-33f2bbcfaf0a req-a59c9582-a478-4be3-bdea-f8dc10a094f7 c559b67c8dc14c6e9bb7fa2452ec7a44 3b5df8bf225349b0ab7bd2b1a0d2c1b1 - - default default] 10.0.0.176 "GET /v2.0/ports?tenant_id=3b5df8bf225349b0ab7bd2b1a0d2c1b1&fields=id HTTP/1.1" status: 200 len: 348 time: 0.0563457
2026-07-21 07:59:03.141 10 INFO neutron.wsgi [None req-a12045a9-fe18-4e11-963f-f4d28db49d5b c559b67c8dc14c6e9bb7fa2452ec7a44 3b5df8bf225349b0ab7bd2b1a0d2c1b1 - - - -] 10.0.0.37 "DELETE /v2.0/security-groups/6f8047c4-7835-49f6-a301-af6bfa1807c5 HTTP/1.1" status: 204 len: 168 time: 0.2730796
2026-07-21 07:59:03.179 10 INFO neutron.wsgi [req-28764fed-1aaa-45c0-81be-33f2bbcfaf0a req-6869ee83-24e9-4d49-a216-e1472b353401 1b6a6b17dc714991a943390189061cea 9796ff7890114c13968851e69adf92a0 - - f75cd953ec1d47d48337cd8ec909d548 f75cd953ec1d47d48337cd8ec909d548] 10.0.0.176 "GET /v2.0/networks/1439e38b-a092-4726-8c7f-09e60c502091?fields=segments HTTP/1.1" status: 200 len: 212 time: 0.1356945
2026-07-21 07:59:03.260 10 INFO neutron.wsgi [req-28764fed-1aaa-45c0-81be-33f2bbcfaf0a req-ba6a8820-20cf-47bc-b743-5d7b49e52e9a 1b6a6b17dc714991a943390189061cea 9796ff7890114c13968851e69adf92a0 - - f75cd953ec1d47d48337cd8ec909d548 f75cd953ec1d47d48337cd8ec909d548] 10.0.0.176 "GET /v2.0/networks/1439e38b-a092-4726-8c7f-09e60c502091?fields=provider%3Aphysical_network&fields=provider%3Anetwork_type HTTP/1.1" status: 200 len: 277 time: 0.0730090
2026-07-21 07:59:03.340 9 INFO neutron.db.ovn_revision_numbers_db [None req-d7794e05-e87f-48e9-84f3-02282ca5b5f7 c559b67c8dc14c6e9bb7fa2452ec7a44 3b5df8bf225349b0ab7bd2b1a0d2c1b1 - - default default] Successfully bumped revision number for resource 2751864d-0af5-441a-817c-32caf6eb117f (type: security_groups) to 1
2026-07-21 07:59:03.369 9 INFO neutron.wsgi [None req-d7794e05-e87f-48e9-84f3-02282ca5b5f7 c559b67c8dc14c6e9bb7fa2452ec7a44 3b5df8bf225349b0ab7bd2b1a0d2c1b1 - - default default] 10.0.0.37 "GET /v2.0/security-groups?tenant_id=43cfd59ec1754103a3bb260080f95da4&name=default HTTP/1.1" status: 200 len: 3000 time: 0.1217601
2026-07-21 07:59:03.568 9 INFO neutron.wsgi [None req-f19cb7c4-98a1-4de0-8b5d-39c93cf9f5a8 c559b67c8dc14c6e9bb7fa2452ec7a44 3b5df8bf225349b0ab7bd2b1a0d2c1b1 - - - -] 10.0.0.37 "DELETE /v2.0/security-groups/2751864d-0af5-441a-817c-32caf6eb117f HTTP/1.1" status: 204 len: 168 time: 0.1936612
2026-07-21 07:59:03.643 10 INFO neutron.wsgi [req-3ed2cd6f-7315-449b-9f0b-a04da91e494b req-99272fc7-e0f6-4ab3-802f-320798570fc0 c559b67c8dc14c6e9bb7fa2452ec7a44 3b5df8bf225349b0ab7bd2b1a0d2c1b1 - - default default] 10.0.0.176 "GET /v2.0/ports?device_id=5f5c2e6f-59d0-4f06-85d4-d07565a60d5f HTTP/1.1" status: 200 len: 210 time: 0.0298457
2026-07-21 07:59:03.721 10 INFO neutron.wsgi [req-d9315424-9b80-4a42-a299-9c3b49ec71ed req-ab19e8df-1b31-42c4-81d7-e1be67bfaa0d c559b67c8dc14c6e9bb7fa2452ec7a44 3b5df8bf225349b0ab7bd2b1a0d2c1b1 - - default default] 10.0.0.176 "GET /v2.0/ports?device_id=5f5c2e6f-59d0-4f06-85d4-d07565a60d5f HTTP/1.1" status: 200 len: 210 time: 0.0263703
2026-07-21 07:59:03.838 9 INFO neutron.db.ovn_revision_numbers_db [None req-d39dced5-bab1-4896-ba46-d84d419ff57d c559b67c8dc14c6e9bb7fa2452ec7a44 3b5df8bf225349b0ab7bd2b1a0d2c1b1 - - default default] Successfully bumped revision number for resource da0fc583-8f30-431f-b1c9-767ea5151003 (type: security_groups) to 1
2026-07-21 07:59:03.862 9 INFO neutron.wsgi [None req-d39dced5-bab1-4896-ba46-d84d419ff57d c559b67c8dc14c6e9bb7fa2452ec7a44 3b5df8bf225349b0ab7bd2b1a0d2c1b1 - - default default] 10.0.0.37 "GET /v2.0/security-groups?tenant_id=323edf8f49e04352a827114e4ba360e1&name=default HTTP/1.1" status: 200 len: 3000 time: 0.1269066
2026-07-21 07:59:04.039 9 INFO neutron.wsgi [None req-206ac877-6c55-423e-8f49-2f07ba0b7542 c559b67c8dc14c6e9bb7fa2452ec7a44 3b5df8bf225349b0ab7bd2b1a0d2c1b1 - - - -] 10.0.0.37 "DELETE /v2.0/security-groups/da0fc583-8f30-431f-b1c9-767ea5151003 HTTP/1.1" status: 204 len: 168 time: 0.1711338
2026-07-21 07:59:04.629 10 INFO neutron.wsgi [req-28764fed-1aaa-45c0-81be-33f2bbcfaf0a req-ea315938-c753-4c90-ac55-a5f8428692b8 c559b67c8dc14c6e9bb7fa2452ec7a44 3b5df8bf225349b0ab7bd2b1a0d2c1b1 - - default default] 199.19.213.199 "GET /v2.0/networks?id=1439e38b-a092-4726-8c7f-09e60c502091 HTTP/1.1" status: 200 len: 937 time: 0.0886159
2026-07-21 07:59:04.703 10 INFO neutron.wsgi [req-28764fed-1aaa-45c0-81be-33f2bbcfaf0a req-12692d00-2b6e-45df-a125-fd113d19fc53 c559b67c8dc14c6e9bb7fa2452ec7a44 3b5df8bf225349b0ab7bd2b1a0d2c1b1 - - default default] 199.19.213.199 "GET /v2.0/security-groups?fields=id&fields=name&tenant_id=3b5df8bf225349b0ab7bd2b1a0d2c1b1 HTTP/1.1" status: 200 len: 542 time: 0.0701966
2026-07-21 07:59:05.015 10 WARNING neutron.scheduler.dhcp_agent_scheduler [None req-d0eff2db-0a31-4504-aa0b-bdd5e69445ed c559b67c8dc14c6e9bb7fa2452ec7a44 3b5df8bf225349b0ab7bd2b1a0d2c1b1 - - - -] No more DHCP agents
2026-07-21 07:59:05.017 10 WARNING neutron.api.rpc.agentnotifiers.dhcp_rpc_agent_api [None req-d0eff2db-0a31-4504-aa0b-bdd5e69445ed c559b67c8dc14c6e9bb7fa2452ec7a44 3b5df8bf225349b0ab7bd2b1a0d2c1b1 - - - -] Unable to schedule network 1439e38b-a092-4726-8c7f-09e60c502091: no agents available; will retry on subsequent port and subnet creation events.
2026-07-21 07:59:05.176 10 INFO neutron.db.ovn_revision_numbers_db [None req-d0eff2db-0a31-4504-aa0b-bdd5e69445ed c559b67c8dc14c6e9bb7fa2452ec7a44 3b5df8bf225349b0ab7bd2b1a0d2c1b1 - - - -] Successfully bumped revision number for resource d1b40e0e-0d02-483a-b2c0-e99701d92ffc (type: ports) to 1
2026-07-21 07:59:05.197 10 INFO neutron.wsgi [None req-d0eff2db-0a31-4504-aa0b-bdd5e69445ed c559b67c8dc14c6e9bb7fa2452ec7a44 3b5df8bf225349b0ab7bd2b1a0d2c1b1 - - - -] 199.19.213.199 "POST /v2.0/ports HTTP/1.1" status: 201 len: 1287 time: 0.4909077 /var/lib/openstack/lib/python3.10/site-packages/pycadf/identifier.py:71: UserWarning: Invalid uuid: neutron. To ensure interoperability, identifiers should be a valid uuid. warnings.warn(('Invalid uuid: %s. To ensure interoperability, '
2026-07-21 07:59:05.291 9 INFO neutron.wsgi [-] 10.0.0.151 "GET / HTTP/1.1" status: 200 len: 246 time: 0.0032511
2026-07-21 07:59:05.294 9 INFO neutron.wsgi [-] 10.0.0.151 "GET / HTTP/1.1" status: 200 len: 246 time: 0.0020924
2026-07-21 07:59:05.696 10 INFO neutron.db.ovn_revision_numbers_db [None req-29d95046-7949-4077-bccd-b97ade301049 1b6a6b17dc714991a943390189061cea 9796ff7890114c13968851e69adf92a0 - - - -] Successfully bumped revision number for resource d1b40e0e-0d02-483a-b2c0-e99701d92ffc (type: ports) to 2 /var/lib/openstack/lib/python3.10/site-packages/pycadf/identifier.py:71: UserWarning: Invalid uuid: neutron. To ensure interoperability, identifiers should be a valid uuid. warnings.warn(('Invalid uuid: %s. To ensure interoperability, '
2026-07-21 07:59:06.224 10 INFO neutron.wsgi [req-271b97a4-dc76-402b-8c18-b646078a820a req-ba4aaaa6-a3b3-4563-aec8-b74ae9f513a6 c559b67c8dc14c6e9bb7fa2452ec7a44 3b5df8bf225349b0ab7bd2b1a0d2c1b1 - - default default] 10.0.0.176 "GET /v2.0/ports?device_id=5f5c2e6f-59d0-4f06-85d4-d07565a60d5f HTTP/1.1" status: 200 len: 1367 time: 0.0436156
2026-07-21 07:59:06.256 10 INFO neutron.db.ovn_revision_numbers_db [None req-29d95046-7949-4077-bccd-b97ade301049 1b6a6b17dc714991a943390189061cea 9796ff7890114c13968851e69adf92a0 - - - -] Successfully bumped revision number for resource d1b40e0e-0d02-483a-b2c0-e99701d92ffc (type: ports) to 2
2026-07-21 07:59:06.267 10 INFO neutron.wsgi [req-271b97a4-dc76-402b-8c18-b646078a820a req-24c5bcd7-55cb-48f1-ac7e-133d07e5238f c559b67c8dc14c6e9bb7fa2452ec7a44 3b5df8bf225349b0ab7bd2b1a0d2c1b1 - - default default] 10.0.0.176 "GET /v2.0/security-groups?id=5e3999d2-63ec-46b5-a725-cc40bbc70e67&fields=id&fields=name HTTP/1.1" status: 200 len: 294 time: 0.0347545
2026-07-21 07:59:06.275 10 INFO neutron.wsgi [None req-29d95046-7949-4077-bccd-b97ade301049 1b6a6b17dc714991a943390189061cea 9796ff7890114c13968851e69adf92a0 - - - -] 199.19.213.199 "PUT /v2.0/ports/d1b40e0e-0d02-483a-b2c0-e99701d92ffc HTTP/1.1" status: 200 len: 1336 time: 1.0692582
2026-07-21 07:59:06.314 10 INFO neutron.notifiers.nova [-] Nova event matching ['req-966ceda7-a293-4565-934a-e6a1938f97b2'] response: {'name': 'network-changed', 'server_uuid': '5f5c2e6f-59d0-4f06-85d4-d07565a60d5f', 'tag': 'd1b40e0e-0d02-483a-b2c0-e99701d92ffc', 'status': 'completed', 'code': 200}
2026-07-21 07:59:06.347 10 INFO neutron.wsgi [req-28764fed-1aaa-45c0-81be-33f2bbcfaf0a req-5e89b095-e5d3-4409-9d17-0032e5ab6da8 1b6a6b17dc714991a943390189061cea 9796ff7890114c13968851e69adf92a0 - - f75cd953ec1d47d48337cd8ec909d548 f75cd953ec1d47d48337cd8ec909d548] 199.19.213.199 "GET /v2.0/ports?tenant_id=3b5df8bf225349b0ab7bd2b1a0d2c1b1&device_id=5f5c2e6f-59d0-4f06-85d4-d07565a60d5f HTTP/1.1" status: 200 len: 1367 time: 0.0315146
2026-07-21 07:59:06.383 10 INFO neutron.wsgi [req-28764fed-1aaa-45c0-81be-33f2bbcfaf0a req-461c1f7e-9cd0-4354-a1f6-d192ff4492de 1b6a6b17dc714991a943390189061cea 9796ff7890114c13968851e69adf92a0 - - f75cd953ec1d47d48337cd8ec909d548 f75cd953ec1d47d48337cd8ec909d548] 199.19.213.199 "GET /v2.0/floatingips?fixed_ip_address=172.24.2.188&port_id=d1b40e0e-0d02-483a-b2c0-e99701d92ffc HTTP/1.1" status: 200 len: 217 time: 0.0270965
2026-07-21 07:59:06.390 10 INFO neutron.wsgi [req-8bd51bcc-e4d7-474d-921c-50c646d8289b req-39bb8133-e0d0-40c5-8b61-9bc03c5567ab c559b67c8dc14c6e9bb7fa2452ec7a44 3b5df8bf225349b0ab7bd2b1a0d2c1b1 - - default default] 10.0.0.176 "GET /v2.0/ports?device_id=5f5c2e6f-59d0-4f06-85d4-d07565a60d5f HTTP/1.1" status: 200 len: 1367 time: 0.0400608
2026-07-21 07:59:06.422 10 INFO neutron.wsgi [req-28764fed-1aaa-45c0-81be-33f2bbcfaf0a req-a60204a1-0159-4e61-8466-dfc514ffa1a4 1b6a6b17dc714991a943390189061cea 9796ff7890114c13968851e69adf92a0 - - f75cd953ec1d47d48337cd8ec909d548 f75cd953ec1d47d48337cd8ec909d548] 199.19.213.199 "GET /v2.0/subnets?id=8e35f31e-9422-429c-bffe-87a42a246755 HTTP/1.1" status: 200 len: 829 time: 0.0311158
2026-07-21 07:59:06.451 10 INFO neutron.wsgi [req-28764fed-1aaa-45c0-81be-33f2bbcfaf0a req-0b5eda50-9b3f-4223-8e48-1f19a8723d01 1b6a6b17dc714991a943390189061cea 9796ff7890114c13968851e69adf92a0 - - f75cd953ec1d47d48337cd8ec909d548 f75cd953ec1d47d48337cd8ec909d548] 199.19.213.199 "GET /v2.0/ports?network_id=1439e38b-a092-4726-8c7f-09e60c502091&device_owner=network%3Adhcp HTTP/1.1" status: 200 len: 210 time: 0.0213814
2026-07-21 07:59:06.503 10 INFO neutron.wsgi [req-28764fed-1aaa-45c0-81be-33f2bbcfaf0a req-4477aca8-e9cf-4688-b18d-1f59c74dfdba 1b6a6b17dc714991a943390189061cea 9796ff7890114c13968851e69adf92a0 - - f75cd953ec1d47d48337cd8ec909d548 f75cd953ec1d47d48337cd8ec909d548] 199.19.213.199 "GET /v2.0/networks/1439e38b-a092-4726-8c7f-09e60c502091?fields=segments HTTP/1.1" status: 200 len: 212 time: 0.0465267
