2026-07-21 07:56:16.847 8 INFO placement.requestlog [None req-7cb9a336-1cec-44d7-946c-4007ac399013 1b6a6b17dc714991a943390189061cea 9796ff7890114c13968851e69adf92a0 - - f75cd953ec1d47d48337cd8ec909d548 f75cd953ec1d47d48337cd8ec909d548] 10.0.0.26 "DELETE /resource_providers/84a21bcc-a44f-4eb4-90df-056504c066b0" status: 404 len: 246 microversion: 1.1 [pid: 8|app: 0|req: 476/950] 10.0.0.26 () {34 vars in 824 bytes} [Tue Jul 21 07:56:16 2026] DELETE /resource_providers/84a21bcc-a44f-4eb4-90df-056504c066b0 => generated 246 bytes in 10 msecs (HTTP/1.1 404) 6 headers in 231 bytes (1 switches on core 0)
2026-07-21 07:56:19.271 7 INFO placement.requestlog [None req-ff76a2bc-e778-4b14-b0b7-fe5f8a77ba3c - - - - - -] 10.0.0.151 "GET /" status: 200 len: 136 microversion: 1.0
2026-07-21 07:56:19.272 8 INFO placement.requestlog [None req-ecb97707-1ee0-46e6-9d13-30ade32a7c23 - - - - - -] 10.0.0.151 "GET /" status: 200 len: 136 microversion: 1.0
2026-07-21 07:56:19.302 7 INFO placement.requestlog [None req-76e7fcc6-f4ac-4012-bc2e-543f41e19df3 1b6a6b17dc714991a943390189061cea 9796ff7890114c13968851e69adf92a0 - - f75cd953ec1d47d48337cd8ec909d548 f75cd953ec1d47d48337cd8ec909d548] 10.0.0.26 "GET /resource_providers/76a29a25-98ee-45e0-939a-2ed7f1c7e0f0/aggregates" status: 404 len: 235 microversion: 1.1 [pid: 7|app: 0|req: 476/953] 10.0.0.26 () {32 vars in 824 bytes} [Tue Jul 21 07:56:19 2026] GET /resource_providers/76a29a25-98ee-45e0-939a-2ed7f1c7e0f0/aggregates => generated 235 bytes in 10 msecs (HTTP/1.1 404) 5 headers in 202 bytes (1 switches on core 0)
2026-07-21 07:56:19.306 8 INFO placement.requestlog [None req-1d15f846-552c-450c-88ab-97763a50dcbc 1b6a6b17dc714991a943390189061cea 9796ff7890114c13968851e69adf92a0 - - f75cd953ec1d47d48337cd8ec909d548 f75cd953ec1d47d48337cd8ec909d548] 10.0.0.26 "GET /resource_providers/76a29a25-98ee-45e0-939a-2ed7f1c7e0f0/aggregates" status: 404 len: 235 microversion: 1.1 [pid: 8|app: 0|req: 478/954] 10.0.0.26 () {32 vars in 824 bytes} [Tue Jul 21 07:56:19 2026] GET /resource_providers/76a29a25-98ee-45e0-939a-2ed7f1c7e0f0/aggregates => generated 235 bytes in 14 msecs (HTTP/1.1 404) 5 headers in 202 bytes (1 switches on core 0)
2026-07-21 07:56:19.323 7 INFO placement.requestlog [None req-6a2153bb-a53d-4840-ae11-009cacf5972f 1b6a6b17dc714991a943390189061cea 9796ff7890114c13968851e69adf92a0 - - f75cd953ec1d47d48337cd8ec909d548 f75cd953ec1d47d48337cd8ec909d548] 10.0.0.26 "DELETE /resource_providers/76a29a25-98ee-45e0-939a-2ed7f1c7e0f0" status: 404 len: 246 microversion: 1.1 [pid: 7|app: 0|req: 477/955] 10.0.0.26 () {34 vars in 824 bytes} [Tue Jul 21 07:56:19 2026] DELETE /resource_providers/76a29a25-98ee-45e0-939a-2ed7f1c7e0f0 => generated 246 bytes in 11 msecs (HTTP/1.1 404) 6 headers in 231 bytes (1 switches on core 0)
2026-07-21 07:56:19.349 8 INFO placement.requestlog [None req-f3bf96cf-1479-4863-b531-d8d316e3201a 1b6a6b17dc714991a943390189061cea 9796ff7890114c13968851e69adf92a0 - - f75cd953ec1d47d48337cd8ec909d548 f75cd953ec1d47d48337cd8ec909d548] 10.0.0.26 "DELETE /resource_providers/76a29a25-98ee-45e0-939a-2ed7f1c7e0f0" status: 404 len: 246 microversion: 1.1 [pid: 8|app: 0|req: 479/956] 10.0.0.26 () {34 vars in 824 bytes} [Tue Jul 21 07:56:19 2026] DELETE /resource_providers/76a29a25-98ee-45e0-939a-2ed7f1c7e0f0 => generated 246 bytes in 13 msecs (HTTP/1.1 404) 6 headers in 231 bytes (1 switches on core 0)
2026-07-21 07:56:28.342 7 INFO placement.requestlog [req-05e9e6ab-fcf8-4285-8ff6-0fda996faf1e req-4b6c6e28-8630-4800-8ee0-895f6fe9a4b3 d9534eb76236442bbde6c69ffefeed5b 9796ff7890114c13968851e69adf92a0 - - f75cd953ec1d47d48337cd8ec909d548 f75cd953ec1d47d48337cd8ec909d548] 199.19.213.199 "GET /resource_providers/22ea1791-8165-48d4-b8e5-560ec5a4f617/allocations" status: 200 len: 55 microversion: 1.0 [pid: 7|app: 0|req: 478/957] 199.19.213.199 () {32 vars in 857 bytes} [Tue Jul 21 07:56:28 2026] GET /resource_providers/22ea1791-8165-48d4-b8e5-560ec5a4f617/allocations => generated 55 bytes in 27 msecs (HTTP/1.1 200) 6 headers in 223 bytes (1 switches on core 0)
2026-07-21 07:56:28.394 8 INFO placement.requestlog [req-05e9e6ab-fcf8-4285-8ff6-0fda996faf1e req-a612fd94-03f5-42af-956a-b30a6a998b14 d9534eb76236442bbde6c69ffefeed5b 9796ff7890114c13968851e69adf92a0 - - f75cd953ec1d47d48337cd8ec909d548 f75cd953ec1d47d48337cd8ec909d548] 199.19.213.199 "GET /resource_providers/22ea1791-8165-48d4-b8e5-560ec5a4f617/allocations" status: 200 len: 55 microversion: 1.0 [pid: 8|app: 0|req: 480/958] 199.19.213.199 () {32 vars in 857 bytes} [Tue Jul 21 07:56:28 2026] GET /resource_providers/22ea1791-8165-48d4-b8e5-560ec5a4f617/allocations => generated 55 bytes in 17 msecs (HTTP/1.1 200) 6 headers in 223 bytes (1 switches on core 0)
2026-07-21 07:56:29.271 7 INFO placement.requestlog [None req-e2f39ede-306d-4657-abdc-d65750f33ee4 - - - - - -] 10.0.0.151 "GET /" status: 200 len: 136 microversion: 1.0
2026-07-21 07:56:29.272 8 INFO placement.requestlog [None req-2b198518-c4bf-43db-bd07-66797de6ae9f - - - - - -] 10.0.0.151 "GET /" status: 200 len: 136 microversion: 1.0
2026-07-21 07:56:32.501 7 INFO placement.requestlog [req-b2935bf1-629e-4e7d-b073-c9c0fe5dfe8f req-4e3a40e1-b288-48c6-8c40-e318b6badbc1 d9534eb76236442bbde6c69ffefeed5b 9796ff7890114c13968851e69adf92a0 - - f75cd953ec1d47d48337cd8ec909d548 f75cd953ec1d47d48337cd8ec909d548] 10.0.0.44 "GET /allocation_candidates?limit=1000&resources=DISK_GB%3A1%2CMEMORY_MB%3A512%2CVCPU%3A1&root_required=%21COMPUTE_STATUS_DISABLED" status: 200 len: 2147 microversion: 1.36 [pid: 7|app: 0|req: 480/961] 10.0.0.44 () {34 vars in 1011 bytes} [Tue Jul 21 07:56:32 2026] GET /allocation_candidates?limit=1000&resources=DISK_GB%3A1%2CMEMORY_MB%3A512%2CVCPU%3A1&root_required=%21COMPUTE_STATUS_DISABLED => generated 2147 bytes in 50 msecs (HTTP/1.1 200) 8 headers in 297 bytes (1 switches on core 0)
2026-07-21 07:56:32.537 8 INFO placement.requestlog [req-b2935bf1-629e-4e7d-b073-c9c0fe5dfe8f req-85434d04-7246-45f0-87ab-388f13edb655 d9534eb76236442bbde6c69ffefeed5b 9796ff7890114c13968851e69adf92a0 - - f75cd953ec1d47d48337cd8ec909d548 f75cd953ec1d47d48337cd8ec909d548] 10.0.0.44 "GET /allocations/e25ae8d6-727b-4c8e-885b-7949688d872c" status: 200 len: 19 microversion: 1.28 [pid: 8|app: 0|req: 482/962] 10.0.0.44 () {34 vars in 860 bytes} [Tue Jul 21 07:56:32 2026] GET /allocations/e25ae8d6-727b-4c8e-885b-7949688d872c => generated 19 bytes in 12 msecs (HTTP/1.1 200) 8 headers in 295 bytes (1 switches on core 0)
2026-07-21 07:56:32.626 7 INFO placement.requestlog [req-b2935bf1-629e-4e7d-b073-c9c0fe5dfe8f req-25dc81ea-a180-4947-8fa9-1c57031c3a0f d9534eb76236442bbde6c69ffefeed5b 9796ff7890114c13968851e69adf92a0 - - f75cd953ec1d47d48337cd8ec909d548 f75cd953ec1d47d48337cd8ec909d548] 10.0.0.44 "PUT /allocations/e25ae8d6-727b-4c8e-885b-7949688d872c" status: 204 len: 0 microversion: 1.36 [pid: 7|app: 0|req: 481/963] 10.0.0.44 () {38 vars in 913 bytes} [Tue Jul 21 07:56:32 2026] PUT /allocations/e25ae8d6-727b-4c8e-885b-7949688d872c => generated 0 bytes in 79 msecs (HTTP/1.1 204) 5 headers in 199 bytes (1 switches on core 0)
2026-07-21 07:56:32.790 8 INFO placement.requestlog [None req-c9cc08b0-51af-4e1f-bd7f-1164e103d550 1b6a6b17dc714991a943390189061cea 9796ff7890114c13968851e69adf92a0 - - f75cd953ec1d47d48337cd8ec909d548 f75cd953ec1d47d48337cd8ec909d548] 10.0.0.26 "GET /resource_providers/18c8efbb-d8fa-4569-8148-3a5d9427e523/aggregates" status: 404 len: 235 microversion: 1.1 [pid: 8|app: 0|req: 483/964] 10.0.0.26 () {32 vars in 824 bytes} [Tue Jul 21 07:56:32 2026] GET /resource_providers/18c8efbb-d8fa-4569-8148-3a5d9427e523/aggregates => generated 235 bytes in 16 msecs (HTTP/1.1 404) 5 headers in 202 bytes (1 switches on core 0)
2026-07-21 07:56:32.795 7 INFO placement.requestlog [None req-185f2cd6-daf7-4178-a713-52c400cdb4b4 1b6a6b17dc714991a943390189061cea 9796ff7890114c13968851e69adf92a0 - - f75cd953ec1d47d48337cd8ec909d548 f75cd953ec1d47d48337cd8ec909d548] 10.0.0.26 "GET /resource_providers/18c8efbb-d8fa-4569-8148-3a5d9427e523/aggregates" status: 404 len: 235 microversion: 1.1 [pid: 7|app: 0|req: 482/965] 10.0.0.26 () {32 vars in 824 bytes} [Tue Jul 21 07:56:32 2026] GET /resource_providers/18c8efbb-d8fa-4569-8148-3a5d9427e523/aggregates => generated 235 bytes in 13 msecs (HTTP/1.1 404) 5 headers in 202 bytes (1 switches on core 0)
2026-07-21 07:56:32.838 7 INFO placement.requestlog [None req-e600132b-b510-4bc4-8db0-83719612516e 1b6a6b17dc714991a943390189061cea 9796ff7890114c13968851e69adf92a0 - - f75cd953ec1d47d48337cd8ec909d548 f75cd953ec1d47d48337cd8ec909d548] 10.0.0.26 "DELETE /resource_providers/18c8efbb-d8fa-4569-8148-3a5d9427e523" status: 404 len: 246 microversion: 1.1 [pid: 7|app: 0|req: 483/966] 10.0.0.26 () {34 vars in 824 bytes} [Tue Jul 21 07:56:32 2026] DELETE /resource_providers/18c8efbb-d8fa-4569-8148-3a5d9427e523 => generated 246 bytes in 17 msecs (HTTP/1.1 404) 6 headers in 231 bytes (1 switches on core 0)
2026-07-21 07:56:32.844 8 INFO placement.requestlog [None req-617c426a-2737-4d44-b031-2b45925857f0 1b6a6b17dc714991a943390189061cea 9796ff7890114c13968851e69adf92a0 - - f75cd953ec1d47d48337cd8ec909d548 f75cd953ec1d47d48337cd8ec909d548] 10.0.0.26 "DELETE /resource_providers/18c8efbb-d8fa-4569-8148-3a5d9427e523" status: 404 len: 246 microversion: 1.1 [pid: 8|app: 0|req: 484/967] 10.0.0.26 () {34 vars in 824 bytes} [Tue Jul 21 07:56:32 2026] DELETE /resource_providers/18c8efbb-d8fa-4569-8148-3a5d9427e523 => generated 246 bytes in 23 msecs (HTTP/1.1 404) 6 headers in 231 bytes (1 switches on core 0)
2026-07-21 07:56:32.906 7 INFO placement.requestlog [req-b2935bf1-629e-4e7d-b073-c9c0fe5dfe8f req-9e4a23ad-161b-4d11-bb0c-7fda305569d8 d9534eb76236442bbde6c69ffefeed5b 9796ff7890114c13968851e69adf92a0 - - f75cd953ec1d47d48337cd8ec909d548 f75cd953ec1d47d48337cd8ec909d548] 199.19.213.199 "GET /allocations/e25ae8d6-727b-4c8e-885b-7949688d872c" status: 200 len: 258 microversion: 1.28 [pid: 7|app: 0|req: 484/968] 199.19.213.199 () {34 vars in 863 bytes} [Tue Jul 21 07:56:32 2026] GET /allocations/e25ae8d6-727b-4c8e-885b-7949688d872c => generated 258 bytes in 14 msecs (HTTP/1.1 200) 8 headers in 296 bytes (1 switches on core 0)
2026-07-21 07:56:33.032 8 INFO placement.requestlog [req-b2935bf1-629e-4e7d-b073-c9c0fe5dfe8f req-a473eb63-6791-40e3-9837-e7adc1e17430 d9534eb76236442bbde6c69ffefeed5b 9796ff7890114c13968851e69adf92a0 - - f75cd953ec1d47d48337cd8ec909d548 f75cd953ec1d47d48337cd8ec909d548] 199.19.213.199 "GET /resource_providers/22ea1791-8165-48d4-b8e5-560ec5a4f617/allocations" status: 200 len: 153 microversion: 1.0 [pid: 8|app: 0|req: 485/969] 199.19.213.199 () {32 vars in 857 bytes} [Tue Jul 21 07:56:33 2026] GET /resource_providers/22ea1791-8165-48d4-b8e5-560ec5a4f617/allocations => generated 153 bytes in 17 msecs (HTTP/1.1 200) 6 headers in 224 bytes (1 switches on core 0)
2026-07-21 07:56:33.066 7 INFO placement.requestlog [req-b2935bf1-629e-4e7d-b073-c9c0fe5dfe8f req-5faa86b3-c8f0-4259-9fe7-d4dada156c89 d9534eb76236442bbde6c69ffefeed5b 9796ff7890114c13968851e69adf92a0 - - f75cd953ec1d47d48337cd8ec909d548 f75cd953ec1d47d48337cd8ec909d548] 199.19.213.199 "GET /allocations/e25ae8d6-727b-4c8e-885b-7949688d872c" status: 200 len: 258 microversion: 1.28 [pid: 7|app: 0|req: 485/970] 199.19.213.199 () {34 vars in 863 bytes} [Tue Jul 21 07:56:33 2026] GET /allocations/e25ae8d6-727b-4c8e-885b-7949688d872c => generated 258 bytes in 25 msecs (HTTP/1.1 200) 8 headers in 296 bytes (1 switches on core 0)
2026-07-21 07:56:33.640 8 INFO placement.requestlog [None req-672a6746-c8b7-4c02-95ec-11f07b0fa901 1b6a6b17dc714991a943390189061cea 9796ff7890114c13968851e69adf92a0 - - f75cd953ec1d47d48337cd8ec909d548 f75cd953ec1d47d48337cd8ec909d548] 10.0.0.26 "GET /resource_providers/e44c99bd-db7c-41ae-a870-de0b57e1aa71/aggregates" status: 404 len: 235 microversion: 1.1 [pid: 8|app: 0|req: 486/971] 10.0.0.26 () {32 vars in 824 bytes} [Tue Jul 21 07:56:33 2026] GET /resource_providers/e44c99bd-db7c-41ae-a870-de0b57e1aa71/aggregates => generated 235 bytes in 18 msecs (HTTP/1.1 404) 5 headers in 202 bytes (1 switches on core 0)
2026-07-21 07:56:33.643 7 INFO placement.requestlog [None req-b2d1a99b-f024-415b-9503-0517f1ac1a17 1b6a6b17dc714991a943390189061cea 9796ff7890114c13968851e69adf92a0 - - f75cd953ec1d47d48337cd8ec909d548 f75cd953ec1d47d48337cd8ec909d548] 10.0.0.26 "GET /resource_providers/e44c99bd-db7c-41ae-a870-de0b57e1aa71/aggregates" status: 404 len: 235 microversion: 1.1 [pid: 7|app: 0|req: 486/972] 10.0.0.26 () {32 vars in 824 bytes} [Tue Jul 21 07:56:33 2026] GET /resource_providers/e44c99bd-db7c-41ae-a870-de0b57e1aa71/aggregates => generated 235 bytes in 20 msecs (HTTP/1.1 404) 5 headers in 202 bytes (1 switches on core 0)
2026-07-21 07:56:33.674 8 INFO placement.requestlog [None req-8dd1f086-6150-48ef-ae0b-dfa9ab29d38c 1b6a6b17dc714991a943390189061cea 9796ff7890114c13968851e69adf92a0 - - f75cd953ec1d47d48337cd8ec909d548 f75cd953ec1d47d48337cd8ec909d548] 10.0.0.26 "DELETE /resource_providers/e44c99bd-db7c-41ae-a870-de0b57e1aa71" status: 404 len: 246 microversion: 1.1 [pid: 8|app: 0|req: 487/973] 10.0.0.26 () {34 vars in 824 bytes} [Tue Jul 21 07:56:33 2026] DELETE /resource_providers/e44c99bd-db7c-41ae-a870-de0b57e1aa71 => generated 246 bytes in 14 msecs (HTTP/1.1 404) 6 headers in 231 bytes (1 switches on core 0)
2026-07-21 07:56:33.675 7 INFO placement.requestlog [None req-f1109e9a-5df6-42c8-9bfc-3a4f7474fb9e 1b6a6b17dc714991a943390189061cea 9796ff7890114c13968851e69adf92a0 - - f75cd953ec1d47d48337cd8ec909d548 f75cd953ec1d47d48337cd8ec909d548] 10.0.0.26 "DELETE /resource_providers/e44c99bd-db7c-41ae-a870-de0b57e1aa71" status: 404 len: 246 microversion: 1.1 [pid: 7|app: 0|req: 487/974] 10.0.0.26 () {34 vars in 824 bytes} [Tue Jul 21 07:56:33 2026] DELETE /resource_providers/e44c99bd-db7c-41ae-a870-de0b57e1aa71 => generated 246 bytes in 16 msecs (HTTP/1.1 404) 6 headers in 231 bytes (1 switches on core 0)
2026-07-21 07:56:34.872 8 INFO placement.requestlog [None req-be83cb5c-0972-40a6-845e-5a1d4cf22002 1b6a6b17dc714991a943390189061cea 9796ff7890114c13968851e69adf92a0 - - f75cd953ec1d47d48337cd8ec909d548 f75cd953ec1d47d48337cd8ec909d548] 10.0.0.26 "GET /resource_providers/c87a9ac2-ac04-4ae7-b2ac-54b170460c6f/aggregates" status: 404 len: 235 microversion: 1.1 [pid: 8|app: 0|req: 488/975] 10.0.0.26 () {32 vars in 824 bytes} [Tue Jul 21 07:56:34 2026] GET /resource_providers/c87a9ac2-ac04-4ae7-b2ac-54b170460c6f/aggregates => generated 235 bytes in 21 msecs (HTTP/1.1 404) 5 headers in 202 bytes (1 switches on core 0)
2026-07-21 07:56:34.875 7 INFO placement.requestlog [None req-64523c1a-1826-459f-b49f-e2dfead01f45 1b6a6b17dc714991a943390189061cea 9796ff7890114c13968851e69adf92a0 - - f75cd953ec1d47d48337cd8ec909d548 f75cd953ec1d47d48337cd8ec909d548] 10.0.0.26 "GET /resource_providers/c87a9ac2-ac04-4ae7-b2ac-54b170460c6f/aggregates" status: 404 len: 235 microversion: 1.1 [pid: 7|app: 0|req: 488/976] 10.0.0.26 () {32 vars in 824 bytes} [Tue Jul 21 07:56:34 2026] GET /resource_providers/c87a9ac2-ac04-4ae7-b2ac-54b170460c6f/aggregates => generated 235 bytes in 13 msecs (HTTP/1.1 404) 5 headers in 202 bytes (1 switches on core 0)
2026-07-21 07:56:34.897 7 INFO placement.requestlog [None req-99305329-c6f3-4c44-a047-eac93f8685c5 1b6a6b17dc714991a943390189061cea 9796ff7890114c13968851e69adf92a0 - - f75cd953ec1d47d48337cd8ec909d548 f75cd953ec1d47d48337cd8ec909d548] 10.0.0.26 "DELETE /resource_providers/c87a9ac2-ac04-4ae7-b2ac-54b170460c6f" status: 404 len: 246 microversion: 1.1 [pid: 7|app: 0|req: 489/977] 10.0.0.26 () {34 vars in 824 bytes} [Tue Jul 21 07:56:34 2026] DELETE /resource_providers/c87a9ac2-ac04-4ae7-b2ac-54b170460c6f => generated 246 bytes in 10 msecs (HTTP/1.1 404) 6 headers in 231 bytes (1 switches on core 0)
2026-07-21 07:56:34.899 8 INFO placement.requestlog [None req-d187e558-1afa-4736-9176-dbf1120583f2 1b6a6b17dc714991a943390189061cea 9796ff7890114c13968851e69adf92a0 - - f75cd953ec1d47d48337cd8ec909d548 f75cd953ec1d47d48337cd8ec909d548] 10.0.0.26 "DELETE /resource_providers/c87a9ac2-ac04-4ae7-b2ac-54b170460c6f" status: 404 len: 246 microversion: 1.1 [pid: 8|app: 0|req: 489/978] 10.0.0.26 () {34 vars in 824 bytes} [Tue Jul 21 07:56:34 2026] DELETE /resource_providers/c87a9ac2-ac04-4ae7-b2ac-54b170460c6f => generated 246 bytes in 14 msecs (HTTP/1.1 404) 6 headers in 231 bytes (1 switches on core 0)
2026-07-21 07:56:35.704 8 INFO placement.requestlog [None req-f0b8fe4f-8aeb-4d06-bfa3-407a8703ed3e 1b6a6b17dc714991a943390189061cea 9796ff7890114c13968851e69adf92a0 - - f75cd953ec1d47d48337cd8ec909d548 f75cd953ec1d47d48337cd8ec909d548] 10.0.0.26 "GET /resource_providers/06cea025-841f-4421-b0f7-cbbea29f5ecb/aggregates" status: 404 len: 235 microversion: 1.1 [pid: 8|app: 0|req: 490/979] 10.0.0.26 () {32 vars in 824 bytes} [Tue Jul 21 07:56:35 2026] GET /resource_providers/06cea025-841f-4421-b0f7-cbbea29f5ecb/aggregates => generated 235 bytes in 12 msecs (HTTP/1.1 404) 5 headers in 202 bytes (1 switches on core 0)
2026-07-21 07:56:35.705 7 INFO placement.requestlog [None req-7f6c2e3a-d66f-487a-b216-4f5ffda9dbb6 1b6a6b17dc714991a943390189061cea 9796ff7890114c13968851e69adf92a0 - - f75cd953ec1d47d48337cd8ec909d548 f75cd953ec1d47d48337cd8ec909d548] 10.0.0.26 "GET /resource_providers/06cea025-841f-4421-b0f7-cbbea29f5ecb/aggregates" status: 404 len: 235 microversion: 1.1 [pid: 7|app: 0|req: 490/980] 10.0.0.26 () {32 vars in 824 bytes} [Tue Jul 21 07:56:35 2026] GET /resource_providers/06cea025-841f-4421-b0f7-cbbea29f5ecb/aggregates => generated 235 bytes in 13 msecs (HTTP/1.1 404) 5 headers in 202 bytes (1 switches on core 0)
2026-07-21 07:56:35.723 8 INFO placement.requestlog [None req-f9e0ddd6-98a1-4319-a3e0-1a75d976a179 1b6a6b17dc714991a943390189061cea 9796ff7890114c13968851e69adf92a0 - - f75cd953ec1d47d48337cd8ec909d548 f75cd953ec1d47d48337cd8ec909d548] 10.0.0.26 "DELETE /resource_providers/06cea025-841f-4421-b0f7-cbbea29f5ecb" status: 404 len: 246 microversion: 1.1 [pid: 8|app: 0|req: 491/981] 10.0.0.26 () {34 vars in 824 bytes} [Tue Jul 21 07:56:35 2026] DELETE /resource_providers/06cea025-841f-4421-b0f7-cbbea29f5ecb => generated 246 bytes in 12 msecs (HTTP/1.1 404) 6 headers in 231 bytes (1 switches on core 0)
2026-07-21 07:56:35.729 7 INFO placement.requestlog [None req-87c9a8c4-0daa-4531-94e7-7c016e54d0eb 1b6a6b17dc714991a943390189061cea 9796ff7890114c13968851e69adf92a0 - - f75cd953ec1d47d48337cd8ec909d548 f75cd953ec1d47d48337cd8ec909d548] 10.0.0.26 "DELETE /resource_providers/06cea025-841f-4421-b0f7-cbbea29f5ecb" status: 404 len: 246 microversion: 1.1 [pid: 7|app: 0|req: 491/982] 10.0.0.26 () {34 vars in 824 bytes} [Tue Jul 21 07:56:35 2026] DELETE /resource_providers/06cea025-841f-4421-b0f7-cbbea29f5ecb => generated 246 bytes in 12 msecs (HTTP/1.1 404) 6 headers in 231 bytes (1 switches on core 0)
2026-07-21 07:56:35.740 8 INFO placement.requestlog [None req-7563af8c-eefc-4556-aebc-4edccee71e09 1b6a6b17dc714991a943390189061cea 9796ff7890114c13968851e69adf92a0 - - f75cd953ec1d47d48337cd8ec909d548 f75cd953ec1d47d48337cd8ec909d548] 10.0.0.26 "GET /resource_providers/3cf0449f-9970-4294-9716-d89e4a8f7f5f/aggregates" status: 404 len: 235 microversion: 1.1 [pid: 8|app: 0|req: 492/983] 10.0.0.26 () {32 vars in 824 bytes} [Tue Jul 21 07:56:35 2026] GET /resource_providers/3cf0449f-9970-4294-9716-d89e4a8f7f5f/aggregates => generated 235 bytes in 9 msecs (HTTP/1.1 404) 5 headers in 202 bytes (1 switches on core 0)
2026-07-21 07:56:35.747 7 INFO placement.requestlog [None req-47daf217-a62f-4719-b2af-99843312f753 1b6a6b17dc714991a943390189061cea 9796ff7890114c13968851e69adf92a0 - - f75cd953ec1d47d48337cd8ec909d548 f75cd953ec1d47d48337cd8ec909d548] 10.0.0.26 "GET /resource_providers/3cf0449f-9970-4294-9716-d89e4a8f7f5f/aggregates" status: 404 len: 235 microversion: 1.1 [pid: 7|app: 0|req: 492/984] 10.0.0.26 () {32 vars in 824 bytes} [Tue Jul 21 07:56:35 2026] GET /resource_providers/3cf0449f-9970-4294-9716-d89e4a8f7f5f/aggregates => generated 235 bytes in 12 msecs (HTTP/1.1 404) 5 headers in 202 bytes (1 switches on core 0)
2026-07-21 07:56:35.757 8 INFO placement.requestlog [None req-45150acc-1dc1-4c39-b9fd-79094e47bc64 1b6a6b17dc714991a943390189061cea 9796ff7890114c13968851e69adf92a0 - - f75cd953ec1d47d48337cd8ec909d548 f75cd953ec1d47d48337cd8ec909d548] 10.0.0.26 "DELETE /resource_providers/3cf0449f-9970-4294-9716-d89e4a8f7f5f" status: 404 len: 246 microversion: 1.1 [pid: 8|app: 0|req: 493/985] 10.0.0.26 () {34 vars in 824 bytes} [Tue Jul 21 07:56:35 2026] DELETE /resource_providers/3cf0449f-9970-4294-9716-d89e4a8f7f5f => generated 246 bytes in 10 msecs (HTTP/1.1 404) 6 headers in 231 bytes (1 switches on core 0)
2026-07-21 07:56:35.768 7 INFO placement.requestlog [None req-68fd0037-a686-4cf5-bdde-6535fb057300 1b6a6b17dc714991a943390189061cea 9796ff7890114c13968851e69adf92a0 - - f75cd953ec1d47d48337cd8ec909d548 f75cd953ec1d47d48337cd8ec909d548] 10.0.0.26 "DELETE /resource_providers/3cf0449f-9970-4294-9716-d89e4a8f7f5f" status: 404 len: 246 microversion: 1.1 [pid: 7|app: 0|req: 493/986] 10.0.0.26 () {34 vars in 824 bytes} [Tue Jul 21 07:56:35 2026] DELETE /resource_providers/3cf0449f-9970-4294-9716-d89e4a8f7f5f => generated 246 bytes in 12 msecs (HTTP/1.1 404) 6 headers in 231 bytes (1 switches on core 0)
2026-07-21 07:56:35.774 8 INFO placement.requestlog [None req-91989c8f-9633-4fe6-93f6-ebd518e76383 1b6a6b17dc714991a943390189061cea 9796ff7890114c13968851e69adf92a0 - - f75cd953ec1d47d48337cd8ec909d548 f75cd953ec1d47d48337cd8ec909d548] 10.0.0.26 "GET /resource_providers/a0f2f5c2-8e7c-491d-ba4b-1fcf18e61510/aggregates" status: 404 len: 235 microversion: 1.1 [pid: 8|app: 0|req: 494/987] 10.0.0.26 () {32 vars in 824 bytes} [Tue Jul 21 07:56:35 2026] GET /resource_providers/a0f2f5c2-8e7c-491d-ba4b-1fcf18e61510/aggregates => generated 235 bytes in 9 msecs (HTTP/1.1 404) 5 headers in 202 bytes (1 switches on core 0)
2026-07-21 07:56:35.788 8 INFO placement.requestlog [None req-c456b57d-b2ac-45d6-97a4-a4dbf4b8bc3a 1b6a6b17dc714991a943390189061cea 9796ff7890114c13968851e69adf92a0 - - f75cd953ec1d47d48337cd8ec909d548 f75cd953ec1d47d48337cd8ec909d548] 10.0.0.26 "DELETE /resource_providers/a0f2f5c2-8e7c-491d-ba4b-1fcf18e61510" status: 404 len: 246 microversion: 1.1 [pid: 8|app: 0|req: 495/988] 10.0.0.26 () {34 vars in 824 bytes} [Tue Jul 21 07:56:35 2026] DELETE /resource_providers/a0f2f5c2-8e7c-491d-ba4b-1fcf18e61510 => generated 246 bytes in 8 msecs (HTTP/1.1 404) 6 headers in 231 bytes (1 switches on core 0)
2026-07-21 07:56:35.792 7 INFO placement.requestlog [None req-8d5c43ab-39d0-42bd-a05e-e48a9ead836e 1b6a6b17dc714991a943390189061cea 9796ff7890114c13968851e69adf92a0 - - f75cd953ec1d47d48337cd8ec909d548 f75cd953ec1d47d48337cd8ec909d548] 10.0.0.26 "GET /resource_providers/a0f2f5c2-8e7c-491d-ba4b-1fcf18e61510/aggregates" status: 404 len: 235 microversion: 1.1 [pid: 7|app: 0|req: 494/989] 10.0.0.26 () {32 vars in 824 bytes} [Tue Jul 21 07:56:35 2026] GET /resource_providers/a0f2f5c2-8e7c-491d-ba4b-1fcf18e61510/aggregates => generated 235 bytes in 12 msecs (HTTP/1.1 404) 5 headers in 202 bytes (1 switches on core 0)
2026-07-21 07:56:35.808 7 INFO placement.requestlog [None req-66e710a6-a83b-4d55-b329-f02fc6db0340 1b6a6b17dc714991a943390189061cea 9796ff7890114c13968851e69adf92a0 - - f75cd953ec1d47d48337cd8ec909d548 f75cd953ec1d47d48337cd8ec909d548] 10.0.0.26 "DELETE /resource_providers/a0f2f5c2-8e7c-491d-ba4b-1fcf18e61510" status: 404 len: 246 microversion: 1.1 [pid: 7|app: 0|req: 495/990] 10.0.0.26 () {34 vars in 824 bytes} [Tue Jul 21 07:56:35 2026] DELETE /resource_providers/a0f2f5c2-8e7c-491d-ba4b-1fcf18e61510 => generated 246 bytes in 7 msecs (HTTP/1.1 404) 6 headers in 231 bytes (1 switches on core 0)
2026-07-21 07:56:35.809 8 INFO placement.requestlog [None req-5acf5ced-bf83-4abc-ac3e-f518796b8aaf 1b6a6b17dc714991a943390189061cea 9796ff7890114c13968851e69adf92a0 - - f75cd953ec1d47d48337cd8ec909d548 f75cd953ec1d47d48337cd8ec909d548] 10.0.0.26 "GET /resource_providers/a67696b0-4209-4b3c-a245-5aca012b6744/aggregates" status: 404 len: 235 microversion: 1.1 [pid: 8|app: 0|req: 496/991] 10.0.0.26 () {32 vars in 824 bytes} [Tue Jul 21 07:56:35 2026] GET /resource_providers/a67696b0-4209-4b3c-a245-5aca012b6744/aggregates => generated 235 bytes in 8 msecs (HTTP/1.1 404) 5 headers in 202 bytes (1 switches on core 0)
2026-07-21 07:56:35.827 7 INFO placement.requestlog [None req-46bd05e9-d8af-4fb1-b981-1a491b738575 1b6a6b17dc714991a943390189061cea 9796ff7890114c13968851e69adf92a0 - - f75cd953ec1d47d48337cd8ec909d548 f75cd953ec1d47d48337cd8ec909d548] 10.0.0.26 "GET /resource_providers/a67696b0-4209-4b3c-a245-5aca012b6744/aggregates" status: 404 len: 235 microversion: 1.1 [pid: 7|app: 0|req: 496/992] 10.0.0.26 () {32 vars in 824 bytes} [Tue Jul 21 07:56:35 2026] GET /resource_providers/a67696b0-4209-4b3c-a245-5aca012b6744/aggregates => generated 235 bytes in 11 msecs (HTTP/1.1 404) 5 headers in 202 bytes (1 switches on core 0)
2026-07-21 07:56:35.835 8 INFO placement.requestlog [None req-246ae0ef-27d2-41e4-957e-940714e46e9c 1b6a6b17dc714991a943390189061cea 9796ff7890114c13968851e69adf92a0 - - f75cd953ec1d47d48337cd8ec909d548 f75cd953ec1d47d48337cd8ec909d548] 10.0.0.26 "DELETE /resource_providers/a67696b0-4209-4b3c-a245-5aca012b6744" status: 404 len: 246 microversion: 1.1 [pid: 8|app: 0|req: 497/993] 10.0.0.26 () {34 vars in 824 bytes} [Tue Jul 21 07:56:35 2026] DELETE /resource_providers/a67696b0-4209-4b3c-a245-5aca012b6744 => generated 246 bytes in 11 msecs (HTTP/1.1 404) 6 headers in 231 bytes (1 switches on core 0)
2026-07-21 07:56:35.842 7 INFO placement.requestlog [None req-4ab97f12-c6df-4dd5-aefd-1645912cdf0b 1b6a6b17dc714991a943390189061cea 9796ff7890114c13968851e69adf92a0 - - f75cd953ec1d47d48337cd8ec909d548 f75cd953ec1d47d48337cd8ec909d548] 10.0.0.26 "DELETE /resource_providers/a67696b0-4209-4b3c-a245-5aca012b6744" status: 404 len: 246 microversion: 1.1 [pid: 7|app: 0|req: 497/994] 10.0.0.26 () {34 vars in 824 bytes} [Tue Jul 21 07:56:35 2026] DELETE /resource_providers/a67696b0-4209-4b3c-a245-5aca012b6744 => generated 246 bytes in 9 msecs (HTTP/1.1 404) 6 headers in 231 bytes (1 switches on core 0)
2026-07-21 07:56:36.923 8 INFO placement.requestlog [None req-bdcb4d37-a44b-4b08-933b-b60d44c9ef73 1b6a6b17dc714991a943390189061cea 9796ff7890114c13968851e69adf92a0 - - f75cd953ec1d47d48337cd8ec909d548 f75cd953ec1d47d48337cd8ec909d548] 10.0.0.26 "GET /resource_providers/be8a788a-1f90-4702-99e5-7cd059e2f33f/aggregates" status: 404 len: 235 microversion: 1.1 [pid: 8|app: 0|req: 498/995] 10.0.0.26 () {32 vars in 824 bytes} [Tue Jul 21 07:56:36 2026] GET /resource_providers/be8a788a-1f90-4702-99e5-7cd059e2f33f/aggregates => generated 235 bytes in 12 msecs (HTTP/1.1 404) 5 headers in 202 bytes (1 switches on core 0)
2026-07-21 07:56:36.932 7 INFO placement.requestlog [None req-956ffbd9-653d-42e1-9752-ba3fb3c1ca8b 1b6a6b17dc714991a943390189061cea 9796ff7890114c13968851e69adf92a0 - - f75cd953ec1d47d48337cd8ec909d548 f75cd953ec1d47d48337cd8ec909d548] 10.0.0.26 "GET /resource_providers/be8a788a-1f90-4702-99e5-7cd059e2f33f/aggregates" status: 404 len: 235 microversion: 1.1 [pid: 7|app: 0|req: 498/996] 10.0.0.26 () {32 vars in 824 bytes} [Tue Jul 21 07:56:36 2026] GET /resource_providers/be8a788a-1f90-4702-99e5-7cd059e2f33f/aggregates => generated 235 bytes in 15 msecs (HTTP/1.1 404) 5 headers in 202 bytes (1 switches on core 0)
2026-07-21 07:56:36.939 8 INFO placement.requestlog [None req-f90d6c0a-9b37-4e53-9f58-0c354d2475c1 1b6a6b17dc714991a943390189061cea 9796ff7890114c13968851e69adf92a0 - - f75cd953ec1d47d48337cd8ec909d548 f75cd953ec1d47d48337cd8ec909d548] 10.0.0.26 "DELETE /resource_providers/be8a788a-1f90-4702-99e5-7cd059e2f33f" status: 404 len: 246 microversion: 1.1 [pid: 8|app: 0|req: 499/997] 10.0.0.26 () {34 vars in 824 bytes} [Tue Jul 21 07:56:36 2026] DELETE /resource_providers/be8a788a-1f90-4702-99e5-7cd059e2f33f => generated 246 bytes in 8 msecs (HTTP/1.1 404) 6 headers in 231 bytes (1 switches on core 0)
2026-07-21 07:56:36.952 7 INFO placement.requestlog [None req-cab672a2-0a25-4253-8901-61401c8f13ed 1b6a6b17dc714991a943390189061cea 9796ff7890114c13968851e69adf92a0 - - f75cd953ec1d47d48337cd8ec909d548 f75cd953ec1d47d48337cd8ec909d548] 10.0.0.26 "DELETE /resource_providers/be8a788a-1f90-4702-99e5-7cd059e2f33f" status: 404 len: 246 microversion: 1.1 [pid: 7|app: 0|req: 499/998] 10.0.0.26 () {34 vars in 824 bytes} [Tue Jul 21 07:56:36 2026] DELETE /resource_providers/be8a788a-1f90-4702-99e5-7cd059e2f33f => generated 246 bytes in 11 msecs (HTTP/1.1 404) 6 headers in 231 bytes (1 switches on core 0)
2026-07-21 07:56:36.958 8 INFO placement.requestlog [None req-c85dd40b-6a8a-4f23-ad3d-d9d8a64022c2 1b6a6b17dc714991a943390189061cea 9796ff7890114c13968851e69adf92a0 - - f75cd953ec1d47d48337cd8ec909d548 f75cd953ec1d47d48337cd8ec909d548] 10.0.0.26 "GET /resource_providers/43abb315-1ce4-4694-a722-dc5705b490f4/aggregates" status: 404 len: 235 microversion: 1.1 [pid: 8|app: 0|req: 500/999] 10.0.0.26 () {32 vars in 824 bytes} [Tue Jul 21 07:56:36 2026] GET /resource_providers/43abb315-1ce4-4694-a722-dc5705b490f4/aggregates => generated 235 bytes in 10 msecs (HTTP/1.1 404) 5 headers in 202 bytes (1 switches on core 0)
2026-07-21 07:56:36.971 8 INFO placement.requestlog [None req-177039af-c308-43ce-acea-f4c74717f430 1b6a6b17dc714991a943390189061cea 9796ff7890114c13968851e69adf92a0 - - f75cd953ec1d47d48337cd8ec909d548 f75cd953ec1d47d48337cd8ec909d548] 10.0.0.26 "DELETE /resource_providers/43abb315-1ce4-4694-a722-dc5705b490f4" status: 404 len: 246 microversion: 1.1 [pid: 8|app: 0|req: 501/1000] 10.0.0.26 () {34 vars in 824 bytes} [Tue Jul 21 07:56:36 2026] DELETE /resource_providers/43abb315-1ce4-4694-a722-dc5705b490f4 => generated 246 bytes in 8 msecs (HTTP/1.1 404) 6 headers in 231 bytes (1 switches on core 0)
2026-07-21 07:56:36.975 7 INFO placement.requestlog [None req-c3520f2b-b41f-428e-9418-da734225b9c5 1b6a6b17dc714991a943390189061cea 9796ff7890114c13968851e69adf92a0 - - f75cd953ec1d47d48337cd8ec909d548 f75cd953ec1d47d48337cd8ec909d548] 10.0.0.26 "GET /resource_providers/43abb315-1ce4-4694-a722-dc5705b490f4/aggregates" status: 404 len: 235 microversion: 1.1 [pid: 7|app: 0|req: 500/1001] 10.0.0.26 () {32 vars in 824 bytes} [Tue Jul 21 07:56:36 2026] GET /resource_providers/43abb315-1ce4-4694-a722-dc5705b490f4/aggregates => generated 235 bytes in 11 msecs (HTTP/1.1 404) 5 headers in 202 bytes (1 switches on core 0)
2026-07-21 07:56:37.001 8 INFO placement.requestlog [None req-8f1f9178-48a5-442c-8c54-2f6344b54b33 1b6a6b17dc714991a943390189061cea 9796ff7890114c13968851e69adf92a0 - - f75cd953ec1d47d48337cd8ec909d548 f75cd953ec1d47d48337cd8ec909d548] 10.0.0.26 "GET /resource_providers/4e3c4b1e-b92f-493e-b371-ac47115a8ee2/aggregates" status: 404 len: 235 microversion: 1.1 [pid: 8|app: 0|req: 502/1002] 10.0.0.26 () {32 vars in 824 bytes} [Tue Jul 21 07:56:36 2026] GET /resource_providers/4e3c4b1e-b92f-493e-b371-ac47115a8ee2/aggregates => generated 235 bytes in 9 msecs (HTTP/1.1 404) 5 headers in 202 bytes (1 switches on core 0)
2026-07-21 07:56:37.008 7 INFO placement.requestlog [None req-b3e45a95-452e-43dd-954d-cd6505835344 1b6a6b17dc714991a943390189061cea 9796ff7890114c13968851e69adf92a0 - - f75cd953ec1d47d48337cd8ec909d548 f75cd953ec1d47d48337cd8ec909d548] 10.0.0.26 "DELETE /resource_providers/43abb315-1ce4-4694-a722-dc5705b490f4" status: 404 len: 246 microversion: 1.1 [pid: 7|app: 0|req: 501/1003] 10.0.0.26 () {34 vars in 824 bytes} [Tue Jul 21 07:56:36 2026] DELETE /resource_providers/43abb315-1ce4-4694-a722-dc5705b490f4 => generated 246 bytes in 14 msecs (HTTP/1.1 404) 6 headers in 231 bytes (1 switches on core 0)
2026-07-21 07:56:37.014 8 INFO placement.requestlog [None req-23076fc0-f869-43c0-a2f3-da097e4b04c4 1b6a6b17dc714991a943390189061cea 9796ff7890114c13968851e69adf92a0 - - f75cd953ec1d47d48337cd8ec909d548 f75cd953ec1d47d48337cd8ec909d548] 10.0.0.26 "DELETE /resource_providers/4e3c4b1e-b92f-493e-b371-ac47115a8ee2" status: 404 len: 246 microversion: 1.1 [pid: 8|app: 0|req: 503/1004] 10.0.0.26 () {34 vars in 824 bytes} [Tue Jul 21 07:56:37 2026] DELETE /resource_providers/4e3c4b1e-b92f-493e-b371-ac47115a8ee2 => generated 246 bytes in 7 msecs (HTTP/1.1 404) 6 headers in 231 bytes (1 switches on core 0)
2026-07-21 07:56:37.035 7 INFO placement.requestlog [None req-9f0a097d-a10b-4fb6-8091-6efad74e43ae 1b6a6b17dc714991a943390189061cea 9796ff7890114c13968851e69adf92a0 - - f75cd953ec1d47d48337cd8ec909d548 f75cd953ec1d47d48337cd8ec909d548] 10.0.0.26 "GET /resource_providers/4e3c4b1e-b92f-493e-b371-ac47115a8ee2/aggregates" status: 404 len: 235 microversion: 1.1 [pid: 7|app: 0|req: 502/1005] 10.0.0.26 () {32 vars in 824 bytes} [Tue Jul 21 07:56:37 2026] GET /resource_providers/4e3c4b1e-b92f-493e-b371-ac47115a8ee2/aggregates => generated 235 bytes in 18 msecs (HTTP/1.1 404) 5 headers in 202 bytes (1 switches on core 0)
2026-07-21 07:56:37.056 8 INFO placement.requestlog [None req-89db6b21-4407-4664-ab3b-0af75ba6ea2e 1b6a6b17dc714991a943390189061cea 9796ff7890114c13968851e69adf92a0 - - f75cd953ec1d47d48337cd8ec909d548 f75cd953ec1d47d48337cd8ec909d548] 10.0.0.26 "DELETE /resource_providers/4e3c4b1e-b92f-493e-b371-ac47115a8ee2" status: 404 len: 246 microversion: 1.1 [pid: 8|app: 0|req: 504/1006] 10.0.0.26 () {34 vars in 824 bytes} [Tue Jul 21 07:56:37 2026] DELETE /resource_providers/4e3c4b1e-b92f-493e-b371-ac47115a8ee2 => generated 246 bytes in 14 msecs (HTTP/1.1 404) 6 headers in 231 bytes (1 switches on core 0)
2026-07-21 07:56:39.271 7 INFO placement.requestlog [None req-e488ad71-27c3-40be-9acc-adc3d5c7bed6 - - - - - -] 10.0.0.151 "GET /" status: 200 len: 136 microversion: 1.0
2026-07-21 07:56:39.272 8 INFO placement.requestlog [None req-a39ecf1e-f391-4457-accd-3ad6611c6aaf - - - - - -] 10.0.0.151 "GET /" status: 200 len: 136 microversion: 1.0
2026-07-21 07:56:39.949 7 INFO placement.requestlog [req-432748b2-307a-43b6-8f67-d611a41e064a req-72f3ced7-f657-4194-97d5-75218726062f d9534eb76236442bbde6c69ffefeed5b 9796ff7890114c13968851e69adf92a0 - - f75cd953ec1d47d48337cd8ec909d548 f75cd953ec1d47d48337cd8ec909d548] 199.19.213.199 "GET /resource_providers/22ea1791-8165-48d4-b8e5-560ec5a4f617/allocations" status: 200 len: 153 microversion: 1.0 [pid: 7|app: 0|req: 504/1009] 199.19.213.199 () {32 vars in 857 bytes} [Tue Jul 21 07:56:39 2026] GET /resource_providers/22ea1791-8165-48d4-b8e5-560ec5a4f617/allocations => generated 153 bytes in 17 msecs (HTTP/1.1 200) 6 headers in 224 bytes (1 switches on core 0)
2026-07-21 07:56:39.978 8 INFO placement.requestlog [req-432748b2-307a-43b6-8f67-d611a41e064a req-00789269-7935-40f7-a4e0-fdaca2f4d7ef d9534eb76236442bbde6c69ffefeed5b 9796ff7890114c13968851e69adf92a0 - - f75cd953ec1d47d48337cd8ec909d548 f75cd953ec1d47d48337cd8ec909d548] 199.19.213.199 "GET /allocations/e25ae8d6-727b-4c8e-885b-7949688d872c" status: 200 len: 258 microversion: 1.28 [pid: 8|app: 0|req: 506/1010] 199.19.213.199 () {34 vars in 863 bytes} [Tue Jul 21 07:56:39 2026] GET /allocations/e25ae8d6-727b-4c8e-885b-7949688d872c => generated 258 bytes in 19 msecs (HTTP/1.1 200) 8 headers in 296 bytes (1 switches on core 0)
2026-07-21 07:56:40.031 7 INFO placement.requestlog [req-432748b2-307a-43b6-8f67-d611a41e064a req-f69b8226-86d1-43d1-a262-3dfcf52214ec d9534eb76236442bbde6c69ffefeed5b 9796ff7890114c13968851e69adf92a0 - - f75cd953ec1d47d48337cd8ec909d548 f75cd953ec1d47d48337cd8ec909d548] 199.19.213.199 "DELETE /allocations/e25ae8d6-727b-4c8e-885b-7949688d872c" status: 204 len: 0 microversion: 1.0 [pid: 7|app: 0|req: 505/1011] 199.19.213.199 () {34 vars in 841 bytes} [Tue Jul 21 07:56:40 2026] DELETE /allocations/e25ae8d6-727b-4c8e-885b-7949688d872c => generated 0 bytes in 37 msecs (HTTP/1.1 204) 5 headers in 198 bytes (1 switches on core 0)
2026-07-21 07:56:44.666 7 INFO placement.requestlog [None req-4a4b2992-ad55-4702-a6e2-cebb7bd66875 1b6a6b17dc714991a943390189061cea 9796ff7890114c13968851e69adf92a0 - - f75cd953ec1d47d48337cd8ec909d548 f75cd953ec1d47d48337cd8ec909d548] 10.0.0.26 "GET /resource_providers/b6a70d5a-307f-4ea4-8be8-26edb950dcc9/aggregates" status: 404 len: 235 microversion: 1.1 [pid: 7|app: 0|req: 506/1012] 10.0.0.26 () {32 vars in 824 bytes} [Tue Jul 21 07:56:44 2026] GET /resource_providers/b6a70d5a-307f-4ea4-8be8-26edb950dcc9/aggregates => generated 235 bytes in 14 msecs (HTTP/1.1 404) 5 headers in 202 bytes (1 switches on core 0)
2026-07-21 07:56:44.675 8 INFO placement.requestlog [None req-8de4a99d-91d9-49ca-9dd8-5c9d2967ea7e 1b6a6b17dc714991a943390189061cea 9796ff7890114c13968851e69adf92a0 - - f75cd953ec1d47d48337cd8ec909d548 f75cd953ec1d47d48337cd8ec909d548] 10.0.0.26 "GET /resource_providers/b6a70d5a-307f-4ea4-8be8-26edb950dcc9/aggregates" status: 404 len: 235 microversion: 1.1 [pid: 8|app: 0|req: 507/1013] 10.0.0.26 () {32 vars in 824 bytes} [Tue Jul 21 07:56:44 2026] GET /resource_providers/b6a70d5a-307f-4ea4-8be8-26edb950dcc9/aggregates => generated 235 bytes in 30 msecs (HTTP/1.1 404) 5 headers in 202 bytes (1 switches on core 0)
2026-07-21 07:56:44.701 7 INFO placement.requestlog [None req-50070252-c3f3-43bb-80dc-48077af900a6 1b6a6b17dc714991a943390189061cea 9796ff7890114c13968851e69adf92a0 - - f75cd953ec1d47d48337cd8ec909d548 f75cd953ec1d47d48337cd8ec909d548] 10.0.0.26 "DELETE /resource_providers/b6a70d5a-307f-4ea4-8be8-26edb950dcc9" status: 404 len: 246 microversion: 1.1 [pid: 7|app: 0|req: 507/1014] 10.0.0.26 () {34 vars in 824 bytes} [Tue Jul 21 07:56:44 2026] DELETE /resource_providers/b6a70d5a-307f-4ea4-8be8-26edb950dcc9 => generated 246 bytes in 14 msecs (HTTP/1.1 404) 6 headers in 231 bytes (1 switches on core 0)
2026-07-21 07:56:44.712 8 INFO placement.requestlog [None req-fec18bf8-7752-43d1-a09a-4dafb7643ea6 1b6a6b17dc714991a943390189061cea 9796ff7890114c13968851e69adf92a0 - - f75cd953ec1d47d48337cd8ec909d548 f75cd953ec1d47d48337cd8ec909d548] 10.0.0.26 "DELETE /resource_providers/b6a70d5a-307f-4ea4-8be8-26edb950dcc9" status: 404 len: 246 microversion: 1.1 [pid: 8|app: 0|req: 508/1015] 10.0.0.26 () {34 vars in 824 bytes} [Tue Jul 21 07:56:44 2026] DELETE /resource_providers/b6a70d5a-307f-4ea4-8be8-26edb950dcc9 => generated 246 bytes in 15 msecs (HTTP/1.1 404) 6 headers in 231 bytes (1 switches on core 0)
2026-07-21 07:56:45.086 8 INFO placement.requestlog [None req-5b38bb20-37c8-4e59-9540-243b46e0983b 1b6a6b17dc714991a943390189061cea 9796ff7890114c13968851e69adf92a0 - - f75cd953ec1d47d48337cd8ec909d548 f75cd953ec1d47d48337cd8ec909d548] 10.0.0.26 "GET /resource_providers/f2ce9f57-c5d0-47ad-99eb-378b5c531373/aggregates" status: 404 len: 235 microversion: 1.1 [pid: 8|app: 0|req: 509/1016] 10.0.0.26 () {32 vars in 824 bytes} [Tue Jul 21 07:56:45 2026] GET /resource_providers/f2ce9f57-c5d0-47ad-99eb-378b5c531373/aggregates => generated 235 bytes in 10 msecs (HTTP/1.1 404) 5 headers in 202 bytes (1 switches on core 0)
2026-07-21 07:56:45.093 7 INFO placement.requestlog [None req-f12292b4-f14b-44ac-98fe-394aaa03b684 1b6a6b17dc714991a943390189061cea 9796ff7890114c13968851e69adf92a0 - - f75cd953ec1d47d48337cd8ec909d548 f75cd953ec1d47d48337cd8ec909d548] 10.0.0.26 "GET /resource_providers/f2ce9f57-c5d0-47ad-99eb-378b5c531373/aggregates" status: 404 len: 235 microversion: 1.1 [pid: 7|app: 0|req: 508/1017] 10.0.0.26 () {32 vars in 824 bytes} [Tue Jul 21 07:56:45 2026] GET /resource_providers/f2ce9f57-c5d0-47ad-99eb-378b5c531373/aggregates => generated 235 bytes in 17 msecs (HTTP/1.1 404) 5 headers in 202 bytes (1 switches on core 0)
2026-07-21 07:56:45.113 8 INFO placement.requestlog [None req-b80cda6f-3449-4484-9cf9-e256ec01fdb3 1b6a6b17dc714991a943390189061cea 9796ff7890114c13968851e69adf92a0 - - f75cd953ec1d47d48337cd8ec909d548 f75cd953ec1d47d48337cd8ec909d548] 10.0.0.26 "DELETE /resource_providers/f2ce9f57-c5d0-47ad-99eb-378b5c531373" status: 404 len: 246 microversion: 1.1 [pid: 8|app: 0|req: 510/1018] 10.0.0.26 () {34 vars in 824 bytes} [Tue Jul 21 07:56:45 2026] DELETE /resource_providers/f2ce9f57-c5d0-47ad-99eb-378b5c531373 => generated 246 bytes in 14 msecs (HTTP/1.1 404) 6 headers in 231 bytes (1 switches on core 0)
2026-07-21 07:56:45.117 7 INFO placement.requestlog [None req-e35250c0-05f8-4328-b51d-dc52356f97a3 1b6a6b17dc714991a943390189061cea 9796ff7890114c13968851e69adf92a0 - - f75cd953ec1d47d48337cd8ec909d548 f75cd953ec1d47d48337cd8ec909d548] 10.0.0.26 "DELETE /resource_providers/f2ce9f57-c5d0-47ad-99eb-378b5c531373" status: 404 len: 246 microversion: 1.1 [pid: 7|app: 0|req: 509/1019] 10.0.0.26 () {34 vars in 824 bytes} [Tue Jul 21 07:56:45 2026] DELETE /resource_providers/f2ce9f57-c5d0-47ad-99eb-378b5c531373 => generated 246 bytes in 14 msecs (HTTP/1.1 404) 6 headers in 231 bytes (1 switches on core 0)
2026-07-21 07:56:49.271 8 INFO placement.requestlog [None req-9dc740e4-2de5-4b09-aab5-b9d77b2e5d46 - - - - - -] 10.0.0.151 "GET /" status: 200 len: 136 microversion: 1.0
2026-07-21 07:56:49.271 7 INFO placement.requestlog [None req-df5f7d68-f1da-4f16-8ac7-7121ebb723e8 - - - - - -] 10.0.0.151 "GET /" status: 200 len: 136 microversion: 1.0
2026-07-21 07:56:52.761 8 INFO placement.requestlog [None req-f3aaf040-90cb-4882-82a1-b27dd89e4a33 1b6a6b17dc714991a943390189061cea 9796ff7890114c13968851e69adf92a0 - - f75cd953ec1d47d48337cd8ec909d548 f75cd953ec1d47d48337cd8ec909d548] 10.0.0.26 "GET /resource_providers/c638b650-c498-4760-9758-6cb38914e80e/aggregates" status: 404 len: 235 microversion: 1.1 [pid: 8|app: 0|req: 512/1022] 10.0.0.26 () {32 vars in 824 bytes} [Tue Jul 21 07:56:52 2026] GET /resource_providers/c638b650-c498-4760-9758-6cb38914e80e/aggregates => generated 235 bytes in 12 msecs (HTTP/1.1 404) 5 headers in 202 bytes (1 switches on core 0)
2026-07-21 07:56:52.770 7 INFO placement.requestlog [None req-ca466052-bc68-4200-93f0-d6d8929d4bff 1b6a6b17dc714991a943390189061cea 9796ff7890114c13968851e69adf92a0 - - f75cd953ec1d47d48337cd8ec909d548 f75cd953ec1d47d48337cd8ec909d548] 10.0.0.26 "GET /resource_providers/c638b650-c498-4760-9758-6cb38914e80e/aggregates" status: 404 len: 235 microversion: 1.1 [pid: 7|app: 0|req: 511/1023] 10.0.0.26 () {32 vars in 824 bytes} [Tue Jul 21 07:56:52 2026] GET /resource_providers/c638b650-c498-4760-9758-6cb38914e80e/aggregates => generated 235 bytes in 17 msecs (HTTP/1.1 404) 5 headers in 202 bytes (1 switches on core 0)
2026-07-21 07:56:52.787 8 INFO placement.requestlog [None req-9239b4b0-dd5a-4a1e-b2cf-ce1173602d3f 1b6a6b17dc714991a943390189061cea 9796ff7890114c13968851e69adf92a0 - - f75cd953ec1d47d48337cd8ec909d548 f75cd953ec1d47d48337cd8ec909d548] 10.0.0.26 "DELETE /resource_providers/c638b650-c498-4760-9758-6cb38914e80e" status: 404 len: 246 microversion: 1.1 [pid: 8|app: 0|req: 513/1024] 10.0.0.26 () {34 vars in 824 bytes} [Tue Jul 21 07:56:52 2026] DELETE /resource_providers/c638b650-c498-4760-9758-6cb38914e80e => generated 246 bytes in 12 msecs (HTTP/1.1 404) 6 headers in 231 bytes (1 switches on core 0)
2026-07-21 07:56:52.799 7 INFO placement.requestlog [None req-ffff32e8-37ed-4574-b910-fa6478dbb6e6 1b6a6b17dc714991a943390189061cea 9796ff7890114c13968851e69adf92a0 - - f75cd953ec1d47d48337cd8ec909d548 f75cd953ec1d47d48337cd8ec909d548] 10.0.0.26 "DELETE /resource_providers/c638b650-c498-4760-9758-6cb38914e80e" status: 404 len: 246 microversion: 1.1 [pid: 7|app: 0|req: 512/1025] 10.0.0.26 () {34 vars in 824 bytes} [Tue Jul 21 07:56:52 2026] DELETE /resource_providers/c638b650-c498-4760-9758-6cb38914e80e => generated 246 bytes in 22 msecs (HTTP/1.1 404) 6 headers in 231 bytes (1 switches on core 0)
2026-07-21 07:56:53.210 7 INFO placement.requestlog [None req-9c9a0ef1-9ab9-414f-8ed7-b6dc1bec9e80 1b6a6b17dc714991a943390189061cea 9796ff7890114c13968851e69adf92a0 - - f75cd953ec1d47d48337cd8ec909d548 f75cd953ec1d47d48337cd8ec909d548] 10.0.0.26 "GET /resource_providers/8a9546c6-9b3f-4213-a5f7-8cb065c50f44/aggregates" status: 404 len: 235 microversion: 1.1 [pid: 7|app: 0|req: 513/1026] 10.0.0.26 () {32 vars in 824 bytes} [Tue Jul 21 07:56:53 2026] GET /resource_providers/8a9546c6-9b3f-4213-a5f7-8cb065c50f44/aggregates => generated 235 bytes in 21 msecs (HTTP/1.1 404) 5 headers in 202 bytes (1 switches on core 0)
2026-07-21 07:56:53.217 8 INFO placement.requestlog [None req-2297e9c5-0a9d-4c9a-85cc-6780475fa063 1b6a6b17dc714991a943390189061cea 9796ff7890114c13968851e69adf92a0 - - f75cd953ec1d47d48337cd8ec909d548 f75cd953ec1d47d48337cd8ec909d548] 10.0.0.26 "GET /resource_providers/8a9546c6-9b3f-4213-a5f7-8cb065c50f44/aggregates" status: 404 len: 235 microversion: 1.1 [pid: 8|app: 0|req: 514/1027] 10.0.0.26 () {32 vars in 824 bytes} [Tue Jul 21 07:56:53 2026] GET /resource_providers/8a9546c6-9b3f-4213-a5f7-8cb065c50f44/aggregates => generated 235 bytes in 29 msecs (HTTP/1.1 404) 5 headers in 202 bytes (1 switches on core 0)
2026-07-21 07:56:53.237 7 INFO placement.requestlog [None req-02c07571-c732-4f1c-aac7-5d2a5bed18d0 1b6a6b17dc714991a943390189061cea 9796ff7890114c13968851e69adf92a0 - - f75cd953ec1d47d48337cd8ec909d548 f75cd953ec1d47d48337cd8ec909d548] 10.0.0.26 "DELETE /resource_providers/8a9546c6-9b3f-4213-a5f7-8cb065c50f44" status: 404 len: 246 microversion: 1.1 [pid: 7|app: 0|req: 514/1028] 10.0.0.26 () {34 vars in 824 bytes} [Tue Jul 21 07:56:53 2026] DELETE /resource_providers/8a9546c6-9b3f-4213-a5f7-8cb065c50f44 => generated 246 bytes in 18 msecs (HTTP/1.1 404) 6 headers in 231 bytes (1 switches on core 0)
2026-07-21 07:56:53.246 8 INFO placement.requestlog [None req-a81b44d8-070f-4db2-a04c-5aa194eec1e8 1b6a6b17dc714991a943390189061cea 9796ff7890114c13968851e69adf92a0 - - f75cd953ec1d47d48337cd8ec909d548 f75cd953ec1d47d48337cd8ec909d548] 10.0.0.26 "DELETE /resource_providers/8a9546c6-9b3f-4213-a5f7-8cb065c50f44" status: 404 len: 246 microversion: 1.1 [pid: 8|app: 0|req: 515/1029] 10.0.0.26 () {34 vars in 824 bytes} [Tue Jul 21 07:56:53 2026] DELETE /resource_providers/8a9546c6-9b3f-4213-a5f7-8cb065c50f44 => generated 246 bytes in 22 msecs (HTTP/1.1 404) 6 headers in 231 bytes (1 switches on core 0)
2026-07-21 07:56:54.820 7 INFO placement.requestlog [None req-92d15002-8fcd-4e12-ac5c-c3f27836cc0b 1b6a6b17dc714991a943390189061cea 9796ff7890114c13968851e69adf92a0 - - f75cd953ec1d47d48337cd8ec909d548 f75cd953ec1d47d48337cd8ec909d548] 10.0.0.26 "GET /resource_providers/307b3218-1fae-4593-9b00-c211e70acdbd/aggregates" status: 404 len: 235 microversion: 1.1 [pid: 7|app: 0|req: 515/1030] 10.0.0.26 () {32 vars in 824 bytes} [Tue Jul 21 07:56:54 2026] GET /resource_providers/307b3218-1fae-4593-9b00-c211e70acdbd/aggregates => generated 235 bytes in 13 msecs (HTTP/1.1 404) 5 headers in 202 bytes (1 switches on core 0)
2026-07-21 07:56:54.824 8 INFO placement.requestlog [None req-173dd1b5-3ae0-4da5-8c00-b8ad56853edc 1b6a6b17dc714991a943390189061cea 9796ff7890114c13968851e69adf92a0 - - f75cd953ec1d47d48337cd8ec909d548 f75cd953ec1d47d48337cd8ec909d548] 10.0.0.26 "GET /resource_providers/307b3218-1fae-4593-9b00-c211e70acdbd/aggregates" status: 404 len: 235 microversion: 1.1 [pid: 8|app: 0|req: 516/1031] 10.0.0.26 () {32 vars in 824 bytes} [Tue Jul 21 07:56:54 2026] GET /resource_providers/307b3218-1fae-4593-9b00-c211e70acdbd/aggregates => generated 235 bytes in 11 msecs (HTTP/1.1 404) 5 headers in 202 bytes (1 switches on core 0)
2026-07-21 07:56:54.836 7 INFO placement.requestlog [None req-ba623fb0-d64a-4be2-951a-eec9b1b5b203 1b6a6b17dc714991a943390189061cea 9796ff7890114c13968851e69adf92a0 - - f75cd953ec1d47d48337cd8ec909d548 f75cd953ec1d47d48337cd8ec909d548] 10.0.0.26 "DELETE /resource_providers/307b3218-1fae-4593-9b00-c211e70acdbd" status: 404 len: 246 microversion: 1.1 [pid: 7|app: 0|req: 516/1032] 10.0.0.26 () {34 vars in 824 bytes} [Tue Jul 21 07:56:54 2026] DELETE /resource_providers/307b3218-1fae-4593-9b00-c211e70acdbd => generated 246 bytes in 9 msecs (HTTP/1.1 404) 6 headers in 231 bytes (1 switches on core 0)
2026-07-21 07:56:54.847 8 INFO placement.requestlog [None req-bddbe61a-ef2e-4383-b8a3-92dc9db383f6 1b6a6b17dc714991a943390189061cea 9796ff7890114c13968851e69adf92a0 - - f75cd953ec1d47d48337cd8ec909d548 f75cd953ec1d47d48337cd8ec909d548] 10.0.0.26 "DELETE /resource_providers/307b3218-1fae-4593-9b00-c211e70acdbd" status: 404 len: 246 microversion: 1.1 [pid: 8|app: 0|req: 517/1033] 10.0.0.26 () {34 vars in 824 bytes} [Tue Jul 21 07:56:54 2026] DELETE /resource_providers/307b3218-1fae-4593-9b00-c211e70acdbd => generated 246 bytes in 13 msecs (HTTP/1.1 404) 6 headers in 231 bytes (1 switches on core 0)
2026-07-21 07:56:54.856 7 INFO placement.requestlog [None req-c9b0cf3f-9594-4458-9b2b-2e9eeab58ba8 1b6a6b17dc714991a943390189061cea 9796ff7890114c13968851e69adf92a0 - - f75cd953ec1d47d48337cd8ec909d548 f75cd953ec1d47d48337cd8ec909d548] 10.0.0.26 "GET /resource_providers/6201761f-520d-4c07-ab14-d478ca1dd5ba/aggregates" status: 404 len: 235 microversion: 1.1 [pid: 7|app: 0|req: 517/1034] 10.0.0.26 () {32 vars in 824 bytes} [Tue Jul 21 07:56:54 2026] GET /resource_providers/6201761f-520d-4c07-ab14-d478ca1dd5ba/aggregates => generated 235 bytes in 9 msecs (HTTP/1.1 404) 5 headers in 202 bytes (1 switches on core 0)
2026-07-21 07:56:54.867 8 INFO placement.requestlog [None req-591d4422-eccc-4e27-95bb-daa49dd5e08b 1b6a6b17dc714991a943390189061cea 9796ff7890114c13968851e69adf92a0 - - f75cd953ec1d47d48337cd8ec909d548 f75cd953ec1d47d48337cd8ec909d548] 10.0.0.26 "GET /resource_providers/6201761f-520d-4c07-ab14-d478ca1dd5ba/aggregates" status: 404 len: 235 microversion: 1.1 [pid: 8|app: 0|req: 518/1035] 10.0.0.26 () {32 vars in 824 bytes} [Tue Jul 21 07:56:54 2026] GET /resource_providers/6201761f-520d-4c07-ab14-d478ca1dd5ba/aggregates => generated 235 bytes in 10 msecs (HTTP/1.1 404) 5 headers in 202 bytes (1 switches on core 0)
