2026-07-21 07:56:54.870 7 INFO placement.requestlog [None req-d48d70bb-eefa-4ed9-8041-e6cd6b4e0920 1b6a6b17dc714991a943390189061cea 9796ff7890114c13968851e69adf92a0 - - f75cd953ec1d47d48337cd8ec909d548 f75cd953ec1d47d48337cd8ec909d548] 10.0.0.26 "DELETE /resource_providers/6201761f-520d-4c07-ab14-d478ca1dd5ba" status: 404 len: 246 microversion: 1.1 [pid: 7|app: 0|req: 518/1036] 10.0.0.26 () {34 vars in 824 bytes} [Tue Jul 21 07:56:54 2026] DELETE /resource_providers/6201761f-520d-4c07-ab14-d478ca1dd5ba => generated 246 bytes in 9 msecs (HTTP/1.1 404) 6 headers in 231 bytes (1 switches on core 0)
2026-07-21 07:56:54.887 8 INFO placement.requestlog [None req-e91b4704-2684-4007-b41a-89d250ef4a10 1b6a6b17dc714991a943390189061cea 9796ff7890114c13968851e69adf92a0 - - f75cd953ec1d47d48337cd8ec909d548 f75cd953ec1d47d48337cd8ec909d548] 10.0.0.26 "DELETE /resource_providers/6201761f-520d-4c07-ab14-d478ca1dd5ba" status: 404 len: 246 microversion: 1.1 [pid: 8|app: 0|req: 519/1037] 10.0.0.26 () {34 vars in 824 bytes} [Tue Jul 21 07:56:54 2026] DELETE /resource_providers/6201761f-520d-4c07-ab14-d478ca1dd5ba => generated 246 bytes in 13 msecs (HTTP/1.1 404) 6 headers in 231 bytes (1 switches on core 0)
2026-07-21 07:56:55.264 7 INFO placement.requestlog [None req-6c59aea1-440e-4cda-9fbe-dd99367cdf59 1b6a6b17dc714991a943390189061cea 9796ff7890114c13968851e69adf92a0 - - f75cd953ec1d47d48337cd8ec909d548 f75cd953ec1d47d48337cd8ec909d548] 10.0.0.26 "GET /resource_providers/2ed38d7d-43df-4326-b649-37658e6c29ee/aggregates" status: 404 len: 235 microversion: 1.1 [pid: 7|app: 0|req: 519/1038] 10.0.0.26 () {32 vars in 824 bytes} [Tue Jul 21 07:56:55 2026] GET /resource_providers/2ed38d7d-43df-4326-b649-37658e6c29ee/aggregates => generated 235 bytes in 12 msecs (HTTP/1.1 404) 5 headers in 202 bytes (1 switches on core 0)
2026-07-21 07:56:55.273 8 INFO placement.requestlog [None req-dd96e3ab-aba7-44dc-b712-41569441481b 1b6a6b17dc714991a943390189061cea 9796ff7890114c13968851e69adf92a0 - - f75cd953ec1d47d48337cd8ec909d548 f75cd953ec1d47d48337cd8ec909d548] 10.0.0.26 "GET /resource_providers/2ed38d7d-43df-4326-b649-37658e6c29ee/aggregates" status: 404 len: 235 microversion: 1.1 [pid: 8|app: 0|req: 520/1039] 10.0.0.26 () {32 vars in 824 bytes} [Tue Jul 21 07:56:55 2026] GET /resource_providers/2ed38d7d-43df-4326-b649-37658e6c29ee/aggregates => generated 235 bytes in 13 msecs (HTTP/1.1 404) 5 headers in 202 bytes (1 switches on core 0)
2026-07-21 07:56:55.278 7 INFO placement.requestlog [None req-caae3412-777d-4c5b-91e3-2ae8d18eeddd 1b6a6b17dc714991a943390189061cea 9796ff7890114c13968851e69adf92a0 - - f75cd953ec1d47d48337cd8ec909d548 f75cd953ec1d47d48337cd8ec909d548] 10.0.0.26 "DELETE /resource_providers/2ed38d7d-43df-4326-b649-37658e6c29ee" status: 404 len: 246 microversion: 1.1 [pid: 7|app: 0|req: 520/1040] 10.0.0.26 () {34 vars in 824 bytes} [Tue Jul 21 07:56:55 2026] DELETE /resource_providers/2ed38d7d-43df-4326-b649-37658e6c29ee => generated 246 bytes in 8 msecs (HTTP/1.1 404) 6 headers in 231 bytes (1 switches on core 0)
2026-07-21 07:56:55.290 8 INFO placement.requestlog [None req-074c018d-4c2e-4830-a6d7-b2079e214279 1b6a6b17dc714991a943390189061cea 9796ff7890114c13968851e69adf92a0 - - f75cd953ec1d47d48337cd8ec909d548 f75cd953ec1d47d48337cd8ec909d548] 10.0.0.26 "DELETE /resource_providers/2ed38d7d-43df-4326-b649-37658e6c29ee" status: 404 len: 246 microversion: 1.1 [pid: 8|app: 0|req: 521/1041] 10.0.0.26 () {34 vars in 824 bytes} [Tue Jul 21 07:56:55 2026] DELETE /resource_providers/2ed38d7d-43df-4326-b649-37658e6c29ee => generated 246 bytes in 12 msecs (HTTP/1.1 404) 6 headers in 231 bytes (1 switches on core 0)
2026-07-21 07:56:57.889 7 INFO placement.requestlog [None req-1c21274c-dbba-4e0e-9af3-3e1b4a086c97 1b6a6b17dc714991a943390189061cea 9796ff7890114c13968851e69adf92a0 - - f75cd953ec1d47d48337cd8ec909d548 f75cd953ec1d47d48337cd8ec909d548] 10.0.0.26 "GET /resource_providers/c388d1aa-5a59-4388-a32c-d81c1c1449ca/aggregates" status: 404 len: 235 microversion: 1.1 [pid: 7|app: 0|req: 521/1042] 10.0.0.26 () {32 vars in 824 bytes} [Tue Jul 21 07:56:57 2026] GET /resource_providers/c388d1aa-5a59-4388-a32c-d81c1c1449ca/aggregates => generated 235 bytes in 10 msecs (HTTP/1.1 404) 5 headers in 202 bytes (1 switches on core 0)
2026-07-21 07:56:57.898 8 INFO placement.requestlog [None req-42119351-927f-433f-a9f9-51cc48ae6e05 1b6a6b17dc714991a943390189061cea 9796ff7890114c13968851e69adf92a0 - - f75cd953ec1d47d48337cd8ec909d548 f75cd953ec1d47d48337cd8ec909d548] 10.0.0.26 "GET /resource_providers/c388d1aa-5a59-4388-a32c-d81c1c1449ca/aggregates" status: 404 len: 235 microversion: 1.1 [pid: 8|app: 0|req: 522/1043] 10.0.0.26 () {32 vars in 824 bytes} [Tue Jul 21 07:56:57 2026] GET /resource_providers/c388d1aa-5a59-4388-a32c-d81c1c1449ca/aggregates => generated 235 bytes in 13 msecs (HTTP/1.1 404) 5 headers in 202 bytes (1 switches on core 0)
2026-07-21 07:56:57.910 7 INFO placement.requestlog [None req-69396d53-ecd1-42d4-baed-1957e1b745eb 1b6a6b17dc714991a943390189061cea 9796ff7890114c13968851e69adf92a0 - - f75cd953ec1d47d48337cd8ec909d548 f75cd953ec1d47d48337cd8ec909d548] 10.0.0.26 "DELETE /resource_providers/c388d1aa-5a59-4388-a32c-d81c1c1449ca" status: 404 len: 246 microversion: 1.1 [pid: 7|app: 0|req: 522/1044] 10.0.0.26 () {34 vars in 824 bytes} [Tue Jul 21 07:56:57 2026] DELETE /resource_providers/c388d1aa-5a59-4388-a32c-d81c1c1449ca => generated 246 bytes in 11 msecs (HTTP/1.1 404) 6 headers in 231 bytes (1 switches on core 0)
2026-07-21 07:56:57.934 8 INFO placement.requestlog [None req-d317e56c-5d92-434a-b7ab-aded8df88f4e 1b6a6b17dc714991a943390189061cea 9796ff7890114c13968851e69adf92a0 - - f75cd953ec1d47d48337cd8ec909d548 f75cd953ec1d47d48337cd8ec909d548] 10.0.0.26 "DELETE /resource_providers/c388d1aa-5a59-4388-a32c-d81c1c1449ca" status: 404 len: 246 microversion: 1.1 [pid: 8|app: 0|req: 523/1045] 10.0.0.26 () {34 vars in 824 bytes} [Tue Jul 21 07:56:57 2026] DELETE /resource_providers/c388d1aa-5a59-4388-a32c-d81c1c1449ca => generated 246 bytes in 11 msecs (HTTP/1.1 404) 6 headers in 231 bytes (1 switches on core 0)
2026-07-21 07:56:58.294 8 INFO placement.requestlog [None req-d982c494-c476-4888-a408-5bacf18118ac 1b6a6b17dc714991a943390189061cea 9796ff7890114c13968851e69adf92a0 - - f75cd953ec1d47d48337cd8ec909d548 f75cd953ec1d47d48337cd8ec909d548] 10.0.0.26 "GET /resource_providers/595bbbdf-a897-44c9-9685-867d8ab672aa/aggregates" status: 404 len: 235 microversion: 1.1 [pid: 8|app: 0|req: 524/1046] 10.0.0.26 () {32 vars in 824 bytes} [Tue Jul 21 07:56:58 2026] GET /resource_providers/595bbbdf-a897-44c9-9685-867d8ab672aa/aggregates => generated 235 bytes in 11 msecs (HTTP/1.1 404) 5 headers in 202 bytes (1 switches on core 0)
2026-07-21 07:56:58.295 7 INFO placement.requestlog [None req-0e98a8ce-0fc6-4549-a754-4026ae9d11b6 1b6a6b17dc714991a943390189061cea 9796ff7890114c13968851e69adf92a0 - - f75cd953ec1d47d48337cd8ec909d548 f75cd953ec1d47d48337cd8ec909d548] 10.0.0.26 "GET /resource_providers/595bbbdf-a897-44c9-9685-867d8ab672aa/aggregates" status: 404 len: 235 microversion: 1.1 [pid: 7|app: 0|req: 523/1047] 10.0.0.26 () {32 vars in 824 bytes} [Tue Jul 21 07:56:58 2026] GET /resource_providers/595bbbdf-a897-44c9-9685-867d8ab672aa/aggregates => generated 235 bytes in 14 msecs (HTTP/1.1 404) 5 headers in 202 bytes (1 switches on core 0)
2026-07-21 07:56:58.312 7 INFO placement.requestlog [None req-57a7510b-b6d8-42e9-9268-5ab92f10b7a5 1b6a6b17dc714991a943390189061cea 9796ff7890114c13968851e69adf92a0 - - f75cd953ec1d47d48337cd8ec909d548 f75cd953ec1d47d48337cd8ec909d548] 10.0.0.26 "DELETE /resource_providers/595bbbdf-a897-44c9-9685-867d8ab672aa" status: 404 len: 246 microversion: 1.1 [pid: 7|app: 0|req: 524/1048] 10.0.0.26 () {34 vars in 824 bytes} [Tue Jul 21 07:56:58 2026] DELETE /resource_providers/595bbbdf-a897-44c9-9685-867d8ab672aa => generated 246 bytes in 9 msecs (HTTP/1.1 404) 6 headers in 231 bytes (1 switches on core 0)
2026-07-21 07:56:58.313 8 INFO placement.requestlog [None req-069ca8e7-e1e1-4a75-81dc-6a840e953ddf 1b6a6b17dc714991a943390189061cea 9796ff7890114c13968851e69adf92a0 - - f75cd953ec1d47d48337cd8ec909d548 f75cd953ec1d47d48337cd8ec909d548] 10.0.0.26 "DELETE /resource_providers/595bbbdf-a897-44c9-9685-867d8ab672aa" status: 404 len: 246 microversion: 1.1 [pid: 8|app: 0|req: 525/1049] 10.0.0.26 () {34 vars in 824 bytes} [Tue Jul 21 07:56:58 2026] DELETE /resource_providers/595bbbdf-a897-44c9-9685-867d8ab672aa => generated 246 bytes in 11 msecs (HTTP/1.1 404) 6 headers in 231 bytes (1 switches on core 0)
2026-07-21 07:56:59.271 8 INFO placement.requestlog [None req-f8783327-a650-4464-84bd-23ddda04348f - - - - - -] 10.0.0.151 "GET /" status: 200 len: 136 microversion: 1.0
2026-07-21 07:56:59.271 7 INFO placement.requestlog [None req-6ef19cdf-102a-4b46-b403-fe4a18607413 - - - - - -] 10.0.0.151 "GET /" status: 200 len: 136 microversion: 1.0
2026-07-21 07:57:09.271 7 INFO placement.requestlog [None req-616a8f3e-1514-460f-86aa-32097552d405 - - - - - -] 10.0.0.151 "GET /" status: 200 len: 136 microversion: 1.0
2026-07-21 07:57:09.271 8 INFO placement.requestlog [None req-3ef52dea-ceea-4e93-874b-68133f72379c - - - - - -] 10.0.0.151 "GET /" status: 200 len: 136 microversion: 1.0
2026-07-21 07:57:19.272 8 INFO placement.requestlog [None req-849413f7-de8d-4b5b-9747-f1619d7158af - - - - - -] 10.0.0.151 "GET /" status: 200 len: 136 microversion: 1.0
2026-07-21 07:57:19.272 7 INFO placement.requestlog [None req-6efc5589-fedd-4e8f-b9a1-1be475904e9f - - - - - -] 10.0.0.151 "GET /" status: 200 len: 136 microversion: 1.0
2026-07-21 07:57:28.076 7 INFO placement.requestlog [req-788f3820-5fc2-427d-92d9-405aa3f69187 req-2f4065cd-1a33-446c-b7fc-4a9bb927448d d9534eb76236442bbde6c69ffefeed5b 9796ff7890114c13968851e69adf92a0 - - f75cd953ec1d47d48337cd8ec909d548 f75cd953ec1d47d48337cd8ec909d548] 10.0.0.44 "GET /allocation_candidates?limit=1000&resources=DISK_GB%3A1%2CMEMORY_MB%3A512%2CVCPU%3A1&root_required=%21COMPUTE_STATUS_DISABLED" status: 200 len: 2147 microversion: 1.36 [pid: 7|app: 0|req: 528/1056] 10.0.0.44 () {34 vars in 1011 bytes} [Tue Jul 21 07:57:28 2026] GET /allocation_candidates?limit=1000&resources=DISK_GB%3A1%2CMEMORY_MB%3A512%2CVCPU%3A1&root_required=%21COMPUTE_STATUS_DISABLED => generated 2147 bytes in 49 msecs (HTTP/1.1 200) 8 headers in 297 bytes (1 switches on core 0)
2026-07-21 07:57:28.116 8 INFO placement.requestlog [req-788f3820-5fc2-427d-92d9-405aa3f69187 req-65e47ed4-9013-4bb7-bb1c-06dc007aa61d d9534eb76236442bbde6c69ffefeed5b 9796ff7890114c13968851e69adf92a0 - - f75cd953ec1d47d48337cd8ec909d548 f75cd953ec1d47d48337cd8ec909d548] 10.0.0.44 "GET /allocations/3896ea13-d67e-42af-aabb-af591ca0f4bd" status: 200 len: 19 microversion: 1.28 [pid: 8|app: 0|req: 529/1057] 10.0.0.44 () {34 vars in 860 bytes} [Tue Jul 21 07:57:28 2026] GET /allocations/3896ea13-d67e-42af-aabb-af591ca0f4bd => generated 19 bytes in 15 msecs (HTTP/1.1 200) 8 headers in 295 bytes (1 switches on core 0)
2026-07-21 07:57:28.197 7 INFO placement.requestlog [req-788f3820-5fc2-427d-92d9-405aa3f69187 req-01df3077-f730-4cc6-8a71-c7cd66ba163a d9534eb76236442bbde6c69ffefeed5b 9796ff7890114c13968851e69adf92a0 - - f75cd953ec1d47d48337cd8ec909d548 f75cd953ec1d47d48337cd8ec909d548] 10.0.0.44 "PUT /allocations/3896ea13-d67e-42af-aabb-af591ca0f4bd" status: 204 len: 0 microversion: 1.36 [pid: 7|app: 0|req: 529/1058] 10.0.0.44 () {38 vars in 913 bytes} [Tue Jul 21 07:57:28 2026] PUT /allocations/3896ea13-d67e-42af-aabb-af591ca0f4bd => generated 0 bytes in 71 msecs (HTTP/1.1 204) 5 headers in 199 bytes (1 switches on core 0)
2026-07-21 07:57:28.434 8 INFO placement.requestlog [req-788f3820-5fc2-427d-92d9-405aa3f69187 req-ae755455-e9fc-4786-896f-51b55f23f3f5 d9534eb76236442bbde6c69ffefeed5b 9796ff7890114c13968851e69adf92a0 - - f75cd953ec1d47d48337cd8ec909d548 f75cd953ec1d47d48337cd8ec909d548] 199.19.213.199 "GET /allocations/3896ea13-d67e-42af-aabb-af591ca0f4bd" status: 200 len: 258 microversion: 1.28 [pid: 8|app: 0|req: 530/1059] 199.19.213.199 () {34 vars in 863 bytes} [Tue Jul 21 07:57:28 2026] GET /allocations/3896ea13-d67e-42af-aabb-af591ca0f4bd => generated 258 bytes in 12 msecs (HTTP/1.1 200) 8 headers in 296 bytes (1 switches on core 0)
2026-07-21 07:57:28.575 7 INFO placement.requestlog [req-788f3820-5fc2-427d-92d9-405aa3f69187 req-c7cd54da-81a2-4f27-b6a2-7c720db32eaa d9534eb76236442bbde6c69ffefeed5b 9796ff7890114c13968851e69adf92a0 - - f75cd953ec1d47d48337cd8ec909d548 f75cd953ec1d47d48337cd8ec909d548] 199.19.213.199 "GET /resource_providers/22ea1791-8165-48d4-b8e5-560ec5a4f617/allocations" status: 200 len: 153 microversion: 1.0 [pid: 7|app: 0|req: 530/1060] 199.19.213.199 () {32 vars in 857 bytes} [Tue Jul 21 07:57:28 2026] GET /resource_providers/22ea1791-8165-48d4-b8e5-560ec5a4f617/allocations => generated 153 bytes in 24 msecs (HTTP/1.1 200) 6 headers in 224 bytes (1 switches on core 0)
2026-07-21 07:57:28.598 8 INFO placement.requestlog [req-788f3820-5fc2-427d-92d9-405aa3f69187 req-cefce292-c1a1-4dcd-b988-a116ac1cf291 d9534eb76236442bbde6c69ffefeed5b 9796ff7890114c13968851e69adf92a0 - - f75cd953ec1d47d48337cd8ec909d548 f75cd953ec1d47d48337cd8ec909d548] 199.19.213.199 "GET /allocations/3896ea13-d67e-42af-aabb-af591ca0f4bd" status: 200 len: 258 microversion: 1.28 [pid: 8|app: 0|req: 531/1061] 199.19.213.199 () {34 vars in 863 bytes} [Tue Jul 21 07:57:28 2026] GET /allocations/3896ea13-d67e-42af-aabb-af591ca0f4bd => generated 258 bytes in 15 msecs (HTTP/1.1 200) 8 headers in 296 bytes (1 switches on core 0)
2026-07-21 07:57:29.271 7 INFO placement.requestlog [None req-33ff42f3-4ee6-4db8-b49e-053a69048d45 - - - - - -] 10.0.0.151 "GET /" status: 200 len: 136 microversion: 1.0
2026-07-21 07:57:29.272 8 INFO placement.requestlog [None req-fdd22e0a-5ee2-4e0e-954a-8f25dc8ade53 - - - - - -] 10.0.0.151 "GET /" status: 200 len: 136 microversion: 1.0
2026-07-21 07:57:30.378 7 INFO placement.requestlog [req-051ede9b-45ae-4ab1-b71d-a27fce846e9b req-f260becd-e853-4ab7-9d69-464ad735cb34 d9534eb76236442bbde6c69ffefeed5b 9796ff7890114c13968851e69adf92a0 - - f75cd953ec1d47d48337cd8ec909d548 f75cd953ec1d47d48337cd8ec909d548] 199.19.213.199 "GET /resource_providers/22ea1791-8165-48d4-b8e5-560ec5a4f617/allocations" status: 200 len: 153 microversion: 1.0 [pid: 7|app: 0|req: 532/1064] 199.19.213.199 () {32 vars in 857 bytes} [Tue Jul 21 07:57:30 2026] GET /resource_providers/22ea1791-8165-48d4-b8e5-560ec5a4f617/allocations => generated 153 bytes in 21 msecs (HTTP/1.1 200) 6 headers in 224 bytes (1 switches on core 0)
2026-07-21 07:57:30.432 8 INFO placement.requestlog [req-051ede9b-45ae-4ab1-b71d-a27fce846e9b req-c5fa5bbd-8e81-4b29-95a5-d10cafc3482a d9534eb76236442bbde6c69ffefeed5b 9796ff7890114c13968851e69adf92a0 - - f75cd953ec1d47d48337cd8ec909d548 f75cd953ec1d47d48337cd8ec909d548] 199.19.213.199 "GET /resource_providers/22ea1791-8165-48d4-b8e5-560ec5a4f617/allocations" status: 200 len: 153 microversion: 1.0 [pid: 8|app: 0|req: 533/1065] 199.19.213.199 () {32 vars in 857 bytes} [Tue Jul 21 07:57:30 2026] GET /resource_providers/22ea1791-8165-48d4-b8e5-560ec5a4f617/allocations => generated 153 bytes in 18 msecs (HTTP/1.1 200) 6 headers in 224 bytes (1 switches on core 0)
2026-07-21 07:57:30.460 7 INFO placement.requestlog [req-051ede9b-45ae-4ab1-b71d-a27fce846e9b req-64341ebe-89be-4d75-b9a1-9a22674dc83b d9534eb76236442bbde6c69ffefeed5b 9796ff7890114c13968851e69adf92a0 - - f75cd953ec1d47d48337cd8ec909d548 f75cd953ec1d47d48337cd8ec909d548] 199.19.213.199 "GET /allocations/3896ea13-d67e-42af-aabb-af591ca0f4bd" status: 200 len: 258 microversion: 1.28 [pid: 7|app: 0|req: 533/1066] 199.19.213.199 () {34 vars in 863 bytes} [Tue Jul 21 07:57:30 2026] GET /allocations/3896ea13-d67e-42af-aabb-af591ca0f4bd => generated 258 bytes in 14 msecs (HTTP/1.1 200) 8 headers in 296 bytes (1 switches on core 0)
2026-07-21 07:57:39.271 7 INFO placement.requestlog [None req-628362a2-f41a-44e6-8043-4ca08d5caadd - - - - - -] 10.0.0.151 "GET /" status: 200 len: 136 microversion: 1.0
2026-07-21 07:57:39.272 8 INFO placement.requestlog [None req-38794741-4ed1-4f37-bd11-74752c70ad8b - - - - - -] 10.0.0.151 "GET /" status: 200 len: 136 microversion: 1.0
2026-07-21 07:57:49.226 7 INFO placement.requestlog [req-41a937b6-9d70-4c54-8371-4fb014234eae req-07ad0b3d-9c6a-4b6e-b41f-4116d3f4901c d9534eb76236442bbde6c69ffefeed5b 9796ff7890114c13968851e69adf92a0 - - f75cd953ec1d47d48337cd8ec909d548 f75cd953ec1d47d48337cd8ec909d548] 10.0.0.44 "GET /allocation_candidates?limit=1000&resources=DISK_GB%3A1%2CMEMORY_MB%3A512%2CVCPU%3A1&root_required=%21COMPUTE_STATUS_DISABLED" status: 200 len: 2149 microversion: 1.36 [pid: 7|app: 0|req: 535/1069] 10.0.0.44 () {34 vars in 1011 bytes} [Tue Jul 21 07:57:49 2026] GET /allocation_candidates?limit=1000&resources=DISK_GB%3A1%2CMEMORY_MB%3A512%2CVCPU%3A1&root_required=%21COMPUTE_STATUS_DISABLED => generated 2149 bytes in 48 msecs (HTTP/1.1 200) 8 headers in 297 bytes (1 switches on core 0)
2026-07-21 07:57:49.260 8 INFO placement.requestlog [req-41a937b6-9d70-4c54-8371-4fb014234eae req-19daf489-9272-40bd-a38b-27493f107a31 d9534eb76236442bbde6c69ffefeed5b 9796ff7890114c13968851e69adf92a0 - - f75cd953ec1d47d48337cd8ec909d548 f75cd953ec1d47d48337cd8ec909d548] 10.0.0.44 "GET /allocations/e4c823e1-b35d-46d4-a9cb-44c273dba402" status: 200 len: 19 microversion: 1.28 [pid: 8|app: 0|req: 535/1070] 10.0.0.44 () {34 vars in 860 bytes} [Tue Jul 21 07:57:49 2026] GET /allocations/e4c823e1-b35d-46d4-a9cb-44c273dba402 => generated 19 bytes in 14 msecs (HTTP/1.1 200) 8 headers in 295 bytes (1 switches on core 0)
2026-07-21 07:57:49.271 8 INFO placement.requestlog [None req-9a30fca5-ea61-49ed-845c-052c955055ea - - - - - -] 10.0.0.151 "GET /" status: 200 len: 136 microversion: 1.0
2026-07-21 07:57:49.273 8 INFO placement.requestlog [None req-c6b29adb-830d-4414-88d5-3bc36f5e3531 - - - - - -] 10.0.0.151 "GET /" status: 200 len: 136 microversion: 1.0
2026-07-21 07:57:49.336 7 INFO placement.requestlog [req-41a937b6-9d70-4c54-8371-4fb014234eae req-2ac6333c-0072-4cb1-9f11-de18c468ecec d9534eb76236442bbde6c69ffefeed5b 9796ff7890114c13968851e69adf92a0 - - f75cd953ec1d47d48337cd8ec909d548 f75cd953ec1d47d48337cd8ec909d548] 10.0.0.44 "PUT /allocations/e4c823e1-b35d-46d4-a9cb-44c273dba402" status: 204 len: 0 microversion: 1.36 [pid: 7|app: 0|req: 536/1073] 10.0.0.44 () {38 vars in 913 bytes} [Tue Jul 21 07:57:49 2026] PUT /allocations/e4c823e1-b35d-46d4-a9cb-44c273dba402 => generated 0 bytes in 69 msecs (HTTP/1.1 204) 5 headers in 199 bytes (1 switches on core 0)
2026-07-21 07:57:49.622 8 INFO placement.requestlog [req-41a937b6-9d70-4c54-8371-4fb014234eae req-f4cb2f9b-1a34-4ddb-b4cc-a2d7acd4050e d9534eb76236442bbde6c69ffefeed5b 9796ff7890114c13968851e69adf92a0 - - f75cd953ec1d47d48337cd8ec909d548 f75cd953ec1d47d48337cd8ec909d548] 199.19.213.199 "GET /allocations/e4c823e1-b35d-46d4-a9cb-44c273dba402" status: 200 len: 258 microversion: 1.28 [pid: 8|app: 0|req: 538/1074] 199.19.213.199 () {34 vars in 863 bytes} [Tue Jul 21 07:57:49 2026] GET /allocations/e4c823e1-b35d-46d4-a9cb-44c273dba402 => generated 258 bytes in 26 msecs (HTTP/1.1 200) 8 headers in 296 bytes (1 switches on core 0)
2026-07-21 07:57:49.774 7 INFO placement.requestlog [req-41a937b6-9d70-4c54-8371-4fb014234eae req-4fd4f705-80c8-4e8b-9eeb-4301b4a054f0 d9534eb76236442bbde6c69ffefeed5b 9796ff7890114c13968851e69adf92a0 - - f75cd953ec1d47d48337cd8ec909d548 f75cd953ec1d47d48337cd8ec909d548] 199.19.213.199 "GET /resource_providers/22ea1791-8165-48d4-b8e5-560ec5a4f617/allocations" status: 200 len: 253 microversion: 1.0 [pid: 7|app: 0|req: 537/1075] 199.19.213.199 () {32 vars in 857 bytes} [Tue Jul 21 07:57:49 2026] GET /resource_providers/22ea1791-8165-48d4-b8e5-560ec5a4f617/allocations => generated 253 bytes in 25 msecs (HTTP/1.1 200) 6 headers in 224 bytes (1 switches on core 0)
2026-07-21 07:57:49.803 8 INFO placement.requestlog [req-41a937b6-9d70-4c54-8371-4fb014234eae req-2f5874a0-8971-438a-aff1-a3a7adb69f01 d9534eb76236442bbde6c69ffefeed5b 9796ff7890114c13968851e69adf92a0 - - f75cd953ec1d47d48337cd8ec909d548 f75cd953ec1d47d48337cd8ec909d548] 199.19.213.199 "GET /allocations/e4c823e1-b35d-46d4-a9cb-44c273dba402" status: 200 len: 258 microversion: 1.28 [pid: 8|app: 0|req: 539/1076] 199.19.213.199 () {34 vars in 863 bytes} [Tue Jul 21 07:57:49 2026] GET /allocations/e4c823e1-b35d-46d4-a9cb-44c273dba402 => generated 258 bytes in 21 msecs (HTTP/1.1 200) 8 headers in 296 bytes (1 switches on core 0)
2026-07-21 07:57:49.827 7 INFO placement.requestlog [req-41a937b6-9d70-4c54-8371-4fb014234eae req-7f3b155b-54e7-487d-bfe7-7e233581913b d9534eb76236442bbde6c69ffefeed5b 9796ff7890114c13968851e69adf92a0 - - f75cd953ec1d47d48337cd8ec909d548 f75cd953ec1d47d48337cd8ec909d548] 199.19.213.199 "GET /allocations/3896ea13-d67e-42af-aabb-af591ca0f4bd" status: 200 len: 258 microversion: 1.28 [pid: 7|app: 0|req: 538/1077] 199.19.213.199 () {34 vars in 863 bytes} [Tue Jul 21 07:57:49 2026] GET /allocations/3896ea13-d67e-42af-aabb-af591ca0f4bd => generated 258 bytes in 17 msecs (HTTP/1.1 200) 8 headers in 296 bytes (1 switches on core 0)
2026-07-21 07:57:54.342 8 INFO placement.requestlog [req-02c9e797-b8b0-4fe8-9075-ddf6a5e7763e req-89950ae3-7275-4738-ab50-3cd8ba02d210 d9534eb76236442bbde6c69ffefeed5b 9796ff7890114c13968851e69adf92a0 - - f75cd953ec1d47d48337cd8ec909d548 f75cd953ec1d47d48337cd8ec909d548] 199.19.213.199 "GET /resource_providers/22ea1791-8165-48d4-b8e5-560ec5a4f617/allocations" status: 200 len: 253 microversion: 1.0 [pid: 8|app: 0|req: 540/1078] 199.19.213.199 () {32 vars in 857 bytes} [Tue Jul 21 07:57:54 2026] GET /resource_providers/22ea1791-8165-48d4-b8e5-560ec5a4f617/allocations => generated 253 bytes in 26 msecs (HTTP/1.1 200) 6 headers in 224 bytes (1 switches on core 0)
2026-07-21 07:57:54.372 7 INFO placement.requestlog [req-02c9e797-b8b0-4fe8-9075-ddf6a5e7763e req-1bef6c92-8e13-4699-9019-6ace15ee6eed d9534eb76236442bbde6c69ffefeed5b 9796ff7890114c13968851e69adf92a0 - - f75cd953ec1d47d48337cd8ec909d548 f75cd953ec1d47d48337cd8ec909d548] 199.19.213.199 "GET /allocations/e4c823e1-b35d-46d4-a9cb-44c273dba402" status: 200 len: 258 microversion: 1.28 [pid: 7|app: 0|req: 539/1079] 199.19.213.199 () {34 vars in 863 bytes} [Tue Jul 21 07:57:54 2026] GET /allocations/e4c823e1-b35d-46d4-a9cb-44c273dba402 => generated 258 bytes in 19 msecs (HTTP/1.1 200) 8 headers in 296 bytes (1 switches on core 0)
2026-07-21 07:57:54.403 8 INFO placement.requestlog [req-02c9e797-b8b0-4fe8-9075-ddf6a5e7763e req-dd50de03-17f0-42af-97f6-463dd3a153d7 d9534eb76236442bbde6c69ffefeed5b 9796ff7890114c13968851e69adf92a0 - - f75cd953ec1d47d48337cd8ec909d548 f75cd953ec1d47d48337cd8ec909d548] 199.19.213.199 "GET /allocations/3896ea13-d67e-42af-aabb-af591ca0f4bd" status: 200 len: 258 microversion: 1.28 [pid: 8|app: 0|req: 541/1080] 199.19.213.199 () {34 vars in 863 bytes} [Tue Jul 21 07:57:54 2026] GET /allocations/3896ea13-d67e-42af-aabb-af591ca0f4bd => generated 258 bytes in 24 msecs (HTTP/1.1 200) 8 headers in 296 bytes (1 switches on core 0)
2026-07-21 07:57:54.470 7 INFO placement.requestlog [req-02c9e797-b8b0-4fe8-9075-ddf6a5e7763e req-8e59f2b6-5dc1-4044-ae61-9b644c3e17fc d9534eb76236442bbde6c69ffefeed5b 9796ff7890114c13968851e69adf92a0 - - f75cd953ec1d47d48337cd8ec909d548 f75cd953ec1d47d48337cd8ec909d548] 199.19.213.199 "DELETE /allocations/3896ea13-d67e-42af-aabb-af591ca0f4bd" status: 204 len: 0 microversion: 1.0 [pid: 7|app: 0|req: 540/1081] 199.19.213.199 () {34 vars in 841 bytes} [Tue Jul 21 07:57:54 2026] DELETE /allocations/3896ea13-d67e-42af-aabb-af591ca0f4bd => generated 0 bytes in 35 msecs (HTTP/1.1 204) 5 headers in 198 bytes (1 switches on core 0)
2026-07-21 07:57:59.272 8 INFO placement.requestlog [None req-debe4a1f-ae61-43b7-a1f0-84de353d9b08 - - - - - -] 10.0.0.151 "GET /" status: 200 len: 136 microversion: 1.0
2026-07-21 07:57:59.272 7 INFO placement.requestlog [None req-5409c846-65f9-4b66-a347-9872054159a9 - - - - - -] 10.0.0.151 "GET /" status: 200 len: 136 microversion: 1.0
2026-07-21 07:58:09.270 7 INFO placement.requestlog [None req-460b2ab6-3bca-41b8-9f50-179efb84031c - - - - - -] 10.0.0.151 "GET /" status: 200 len: 136 microversion: 1.0
2026-07-21 07:58:09.271 8 INFO placement.requestlog [None req-12486a38-fdab-4b32-b05d-98c2d30bfcff - - - - - -] 10.0.0.151 "GET /" status: 200 len: 136 microversion: 1.0
2026-07-21 07:58:09.345 7 INFO placement.requestlog [req-3846cea0-7b33-4654-9ab6-2f985e80c982 req-e0a427b3-cb27-4432-b69f-573a091d7128 d9534eb76236442bbde6c69ffefeed5b 9796ff7890114c13968851e69adf92a0 - - f75cd953ec1d47d48337cd8ec909d548 f75cd953ec1d47d48337cd8ec909d548] 10.0.0.44 "GET /allocation_candidates?limit=1000&resources=DISK_GB%3A1%2CMEMORY_MB%3A512%2CVCPU%3A1&root_required=%21COMPUTE_STATUS_DISABLED" status: 200 len: 2149 microversion: 1.36 [pid: 7|app: 0|req: 543/1086] 10.0.0.44 () {34 vars in 1011 bytes} [Tue Jul 21 07:58:09 2026] GET /allocation_candidates?limit=1000&resources=DISK_GB%3A1%2CMEMORY_MB%3A512%2CVCPU%3A1&root_required=%21COMPUTE_STATUS_DISABLED => generated 2149 bytes in 49 msecs (HTTP/1.1 200) 8 headers in 297 bytes (1 switches on core 0)
2026-07-21 07:58:09.377 8 INFO placement.requestlog [req-3846cea0-7b33-4654-9ab6-2f985e80c982 req-8d432c54-607d-4b4b-a5f1-b8b23880eda3 d9534eb76236442bbde6c69ffefeed5b 9796ff7890114c13968851e69adf92a0 - - f75cd953ec1d47d48337cd8ec909d548 f75cd953ec1d47d48337cd8ec909d548] 10.0.0.44 "GET /allocations/229ecfd2-e413-4d66-88b3-a40bf1dba3b4" status: 200 len: 19 microversion: 1.28 [pid: 8|app: 0|req: 544/1087] 10.0.0.44 () {34 vars in 860 bytes} [Tue Jul 21 07:58:09 2026] GET /allocations/229ecfd2-e413-4d66-88b3-a40bf1dba3b4 => generated 19 bytes in 11 msecs (HTTP/1.1 200) 8 headers in 295 bytes (1 switches on core 0)
2026-07-21 07:58:09.441 7 INFO placement.requestlog [req-3846cea0-7b33-4654-9ab6-2f985e80c982 req-a1e2ae84-08d9-4be0-8014-384da9d01c6f d9534eb76236442bbde6c69ffefeed5b 9796ff7890114c13968851e69adf92a0 - - f75cd953ec1d47d48337cd8ec909d548 f75cd953ec1d47d48337cd8ec909d548] 10.0.0.44 "PUT /allocations/229ecfd2-e413-4d66-88b3-a40bf1dba3b4" status: 204 len: 0 microversion: 1.36 [pid: 7|app: 0|req: 544/1088] 10.0.0.44 () {38 vars in 913 bytes} [Tue Jul 21 07:58:09 2026] PUT /allocations/229ecfd2-e413-4d66-88b3-a40bf1dba3b4 => generated 0 bytes in 57 msecs (HTTP/1.1 204) 5 headers in 199 bytes (1 switches on core 0)
2026-07-21 07:58:09.556 7 INFO placement.requestlog [None req-8dc98152-639d-4d8c-9c72-ee6938f04c39 1b6a6b17dc714991a943390189061cea 9796ff7890114c13968851e69adf92a0 - - f75cd953ec1d47d48337cd8ec909d548 f75cd953ec1d47d48337cd8ec909d548] 10.0.0.26 "GET /resource_providers/65ae8db9-5219-4f78-94eb-1c9d44b65ac1/aggregates" status: 404 len: 235 microversion: 1.1 [pid: 7|app: 0|req: 545/1089] 10.0.0.26 () {32 vars in 824 bytes} [Tue Jul 21 07:58:09 2026] GET /resource_providers/65ae8db9-5219-4f78-94eb-1c9d44b65ac1/aggregates => generated 235 bytes in 14 msecs (HTTP/1.1 404) 5 headers in 202 bytes (1 switches on core 0)
2026-07-21 07:58:09.558 8 INFO placement.requestlog [None req-96b4c688-bdc0-4be6-85d1-949d76d640d3 1b6a6b17dc714991a943390189061cea 9796ff7890114c13968851e69adf92a0 - - f75cd953ec1d47d48337cd8ec909d548 f75cd953ec1d47d48337cd8ec909d548] 10.0.0.26 "GET /resource_providers/65ae8db9-5219-4f78-94eb-1c9d44b65ac1/aggregates" status: 404 len: 235 microversion: 1.1 [pid: 8|app: 0|req: 545/1090] 10.0.0.26 () {32 vars in 824 bytes} [Tue Jul 21 07:58:09 2026] GET /resource_providers/65ae8db9-5219-4f78-94eb-1c9d44b65ac1/aggregates => generated 235 bytes in 17 msecs (HTTP/1.1 404) 5 headers in 202 bytes (1 switches on core 0)
2026-07-21 07:58:09.592 7 INFO placement.requestlog [None req-edfd8a40-5783-42a8-b1e9-0b3501108473 1b6a6b17dc714991a943390189061cea 9796ff7890114c13968851e69adf92a0 - - f75cd953ec1d47d48337cd8ec909d548 f75cd953ec1d47d48337cd8ec909d548] 10.0.0.26 "DELETE /resource_providers/65ae8db9-5219-4f78-94eb-1c9d44b65ac1" status: 404 len: 246 microversion: 1.1
2026-07-21 07:58:09.593 8 INFO placement.requestlog [None req-91f38b08-4b1e-471e-971a-c49db2d26c5d 1b6a6b17dc714991a943390189061cea 9796ff7890114c13968851e69adf92a0 - - f75cd953ec1d47d48337cd8ec909d548 f75cd953ec1d47d48337cd8ec909d548] 10.0.0.26 "DELETE /resource_providers/65ae8db9-5219-4f78-94eb-1c9d44b65ac1" status: 404 len: 246 microversion: 1.1 [pid: 8|app: 0|req: 546/1091] 10.0.0.26 () {34 vars in 824 bytes} [Tue Jul 21 07:58:09 2026] DELETE /resource_providers/65ae8db9-5219-4f78-94eb-1c9d44b65ac1 => generated 246 bytes in 14 msecs (HTTP/1.1 404) 6 headers in 231 bytes (1 switches on core 0) [pid: 7|app: 0|req: 546/1092] 10.0.0.26 () {34 vars in 824 bytes} [Tue Jul 21 07:58:09 2026] DELETE /resource_providers/65ae8db9-5219-4f78-94eb-1c9d44b65ac1 => generated 246 bytes in 15 msecs (HTTP/1.1 404) 6 headers in 231 bytes (1 switches on core 0)
2026-07-21 07:58:09.780 8 INFO placement.requestlog [req-3846cea0-7b33-4654-9ab6-2f985e80c982 req-957238c9-118e-42df-9863-0177863c3d04 d9534eb76236442bbde6c69ffefeed5b 9796ff7890114c13968851e69adf92a0 - - f75cd953ec1d47d48337cd8ec909d548 f75cd953ec1d47d48337cd8ec909d548] 199.19.213.199 "GET /allocations/229ecfd2-e413-4d66-88b3-a40bf1dba3b4" status: 200 len: 258 microversion: 1.28 [pid: 8|app: 0|req: 547/1093] 199.19.213.199 () {34 vars in 863 bytes} [Tue Jul 21 07:58:09 2026] GET /allocations/229ecfd2-e413-4d66-88b3-a40bf1dba3b4 => generated 258 bytes in 20 msecs (HTTP/1.1 200) 8 headers in 296 bytes (1 switches on core 0)
2026-07-21 07:58:09.936 7 INFO placement.requestlog [req-3846cea0-7b33-4654-9ab6-2f985e80c982 req-4e453d5b-8353-4f5c-bdb3-eed6a22cccad d9534eb76236442bbde6c69ffefeed5b 9796ff7890114c13968851e69adf92a0 - - f75cd953ec1d47d48337cd8ec909d548 f75cd953ec1d47d48337cd8ec909d548] 199.19.213.199 "GET /resource_providers/22ea1791-8165-48d4-b8e5-560ec5a4f617/allocations" status: 200 len: 253 microversion: 1.0 [pid: 7|app: 0|req: 547/1094] 199.19.213.199 () {32 vars in 857 bytes} [Tue Jul 21 07:58:09 2026] GET /resource_providers/22ea1791-8165-48d4-b8e5-560ec5a4f617/allocations => generated 253 bytes in 25 msecs (HTTP/1.1 200) 6 headers in 224 bytes (1 switches on core 0)
2026-07-21 07:58:09.958 8 INFO placement.requestlog [req-3846cea0-7b33-4654-9ab6-2f985e80c982 req-25f0857a-4770-48e3-a793-5efcacaa481d d9534eb76236442bbde6c69ffefeed5b 9796ff7890114c13968851e69adf92a0 - - f75cd953ec1d47d48337cd8ec909d548 f75cd953ec1d47d48337cd8ec909d548] 199.19.213.199 "GET /allocations/e4c823e1-b35d-46d4-a9cb-44c273dba402" status: 200 len: 258 microversion: 1.28 [pid: 8|app: 0|req: 548/1095] 199.19.213.199 () {34 vars in 863 bytes} [Tue Jul 21 07:58:09 2026] GET /allocations/e4c823e1-b35d-46d4-a9cb-44c273dba402 => generated 258 bytes in 14 msecs (HTTP/1.1 200) 8 headers in 296 bytes (1 switches on core 0)
2026-07-21 07:58:09.986 7 INFO placement.requestlog [req-3846cea0-7b33-4654-9ab6-2f985e80c982 req-5635ac74-83b2-41f4-b31c-185022edd104 d9534eb76236442bbde6c69ffefeed5b 9796ff7890114c13968851e69adf92a0 - - f75cd953ec1d47d48337cd8ec909d548 f75cd953ec1d47d48337cd8ec909d548] 199.19.213.199 "GET /allocations/229ecfd2-e413-4d66-88b3-a40bf1dba3b4" status: 200 len: 258 microversion: 1.28 [pid: 7|app: 0|req: 548/1096] 199.19.213.199 () {34 vars in 863 bytes} [Tue Jul 21 07:58:09 2026] GET /allocations/229ecfd2-e413-4d66-88b3-a40bf1dba3b4 => generated 258 bytes in 19 msecs (HTTP/1.1 200) 8 headers in 296 bytes (1 switches on core 0)
2026-07-21 07:58:19.271 7 INFO placement.requestlog [None req-367324b6-146e-448e-b4b0-3ed72f55ffda - - - - - -] 10.0.0.151 "GET /" status: 200 len: 136 microversion: 1.0
2026-07-21 07:58:19.272 8 INFO placement.requestlog [None req-ebef0eca-6627-44a6-9565-bfb13263c2df - - - - - -] 10.0.0.151 "GET /" status: 200 len: 136 microversion: 1.0
2026-07-21 07:58:28.487 8 INFO placement.requestlog [None req-000c36e4-e997-4600-bd54-9b03d2295d00 1b6a6b17dc714991a943390189061cea 9796ff7890114c13968851e69adf92a0 - - f75cd953ec1d47d48337cd8ec909d548 f75cd953ec1d47d48337cd8ec909d548] 10.0.0.26 "GET /resource_providers/d1ab3334-7600-4c96-b45d-215843cfb699/aggregates" status: 404 len: 235 microversion: 1.1 [pid: 8|app: 0|req: 550/1099] 10.0.0.26 () {32 vars in 824 bytes} [Tue Jul 21 07:58:28 2026] GET /resource_providers/d1ab3334-7600-4c96-b45d-215843cfb699/aggregates => generated 235 bytes in 197 msecs (HTTP/1.1 404) 5 headers in 202 bytes (1 switches on core 0)
2026-07-21 07:58:28.490 7 INFO placement.requestlog [None req-b7775cd6-cc56-408d-a8de-e91b13bbdd44 1b6a6b17dc714991a943390189061cea 9796ff7890114c13968851e69adf92a0 - - f75cd953ec1d47d48337cd8ec909d548 f75cd953ec1d47d48337cd8ec909d548] 10.0.0.26 "GET /resource_providers/d1ab3334-7600-4c96-b45d-215843cfb699/aggregates" status: 404 len: 235 microversion: 1.1 [pid: 7|app: 0|req: 550/1100] 10.0.0.26 () {32 vars in 824 bytes} [Tue Jul 21 07:58:28 2026] GET /resource_providers/d1ab3334-7600-4c96-b45d-215843cfb699/aggregates => generated 235 bytes in 207 msecs (HTTP/1.1 404) 5 headers in 202 bytes (1 switches on core 0)
2026-07-21 07:58:28.518 8 INFO placement.requestlog [None req-5ba97216-0dcf-4804-befe-f30a8fa86bd2 1b6a6b17dc714991a943390189061cea 9796ff7890114c13968851e69adf92a0 - - f75cd953ec1d47d48337cd8ec909d548 f75cd953ec1d47d48337cd8ec909d548] 10.0.0.26 "DELETE /resource_providers/d1ab3334-7600-4c96-b45d-215843cfb699" status: 404 len: 246 microversion: 1.1 [pid: 8|app: 0|req: 551/1101] 10.0.0.26 () {34 vars in 824 bytes} [Tue Jul 21 07:58:28 2026] DELETE /resource_providers/d1ab3334-7600-4c96-b45d-215843cfb699 => generated 246 bytes in 11 msecs (HTTP/1.1 404) 6 headers in 231 bytes (1 switches on core 0)
2026-07-21 07:58:28.520 7 INFO placement.requestlog [None req-20e9b57a-b557-40fe-adff-42aa9171ee51 1b6a6b17dc714991a943390189061cea 9796ff7890114c13968851e69adf92a0 - - f75cd953ec1d47d48337cd8ec909d548 f75cd953ec1d47d48337cd8ec909d548] 10.0.0.26 "DELETE /resource_providers/d1ab3334-7600-4c96-b45d-215843cfb699" status: 404 len: 246 microversion: 1.1 [pid: 7|app: 0|req: 551/1102] 10.0.0.26 () {34 vars in 824 bytes} [Tue Jul 21 07:58:28 2026] DELETE /resource_providers/d1ab3334-7600-4c96-b45d-215843cfb699 => generated 246 bytes in 14 msecs (HTTP/1.1 404) 6 headers in 231 bytes (1 switches on core 0)
2026-07-21 07:58:29.272 8 INFO placement.requestlog [None req-671e58e3-b337-430c-b35a-5abe534ae386 - - - - - -] 10.0.0.151 "GET /" status: 200 len: 136 microversion: 1.0
2026-07-21 07:58:29.273 7 INFO placement.requestlog [None req-2eb71ff2-79ad-423e-b86f-fd2b624e8e5a - - - - - -] 10.0.0.151 "GET /" status: 200 len: 136 microversion: 1.0
2026-07-21 07:58:30.654 8 INFO placement.requestlog [req-88e1f4f2-a5a5-45df-afa1-bc4d14d19347 req-d9e4aba3-4b61-4ae3-821f-a87cc85f7b96 d9534eb76236442bbde6c69ffefeed5b 9796ff7890114c13968851e69adf92a0 - - f75cd953ec1d47d48337cd8ec909d548 f75cd953ec1d47d48337cd8ec909d548] 199.19.213.199 "GET /resource_providers/22ea1791-8165-48d4-b8e5-560ec5a4f617/allocations" status: 200 len: 253 microversion: 1.0 [pid: 8|app: 0|req: 553/1105] 199.19.213.199 () {32 vars in 857 bytes} [Tue Jul 21 07:58:30 2026] GET /resource_providers/22ea1791-8165-48d4-b8e5-560ec5a4f617/allocations => generated 253 bytes in 20 msecs (HTTP/1.1 200) 6 headers in 224 bytes (1 switches on core 0)
2026-07-21 07:58:30.714 7 INFO placement.requestlog [req-88e1f4f2-a5a5-45df-afa1-bc4d14d19347 req-76c477ef-031c-4cb1-8fac-68438c002e6b d9534eb76236442bbde6c69ffefeed5b 9796ff7890114c13968851e69adf92a0 - - f75cd953ec1d47d48337cd8ec909d548 f75cd953ec1d47d48337cd8ec909d548] 199.19.213.199 "GET /resource_providers/22ea1791-8165-48d4-b8e5-560ec5a4f617/allocations" status: 200 len: 253 microversion: 1.0 [pid: 7|app: 0|req: 553/1106] 199.19.213.199 () {32 vars in 857 bytes} [Tue Jul 21 07:58:30 2026] GET /resource_providers/22ea1791-8165-48d4-b8e5-560ec5a4f617/allocations => generated 253 bytes in 19 msecs (HTTP/1.1 200) 6 headers in 224 bytes (1 switches on core 0)
2026-07-21 07:58:30.742 8 INFO placement.requestlog [req-88e1f4f2-a5a5-45df-afa1-bc4d14d19347 req-a8635085-9a86-4438-83fe-6ef348c50521 d9534eb76236442bbde6c69ffefeed5b 9796ff7890114c13968851e69adf92a0 - - f75cd953ec1d47d48337cd8ec909d548 f75cd953ec1d47d48337cd8ec909d548] 199.19.213.199 "GET /allocations/e4c823e1-b35d-46d4-a9cb-44c273dba402" status: 200 len: 258 microversion: 1.28 [pid: 8|app: 0|req: 554/1107] 199.19.213.199 () {34 vars in 863 bytes} [Tue Jul 21 07:58:30 2026] GET /allocations/e4c823e1-b35d-46d4-a9cb-44c273dba402 => generated 258 bytes in 16 msecs (HTTP/1.1 200) 8 headers in 296 bytes (1 switches on core 0)
2026-07-21 07:58:30.765 7 INFO placement.requestlog [req-88e1f4f2-a5a5-45df-afa1-bc4d14d19347 req-030d9aa4-93a5-408c-9876-0cb60793a71c d9534eb76236442bbde6c69ffefeed5b 9796ff7890114c13968851e69adf92a0 - - f75cd953ec1d47d48337cd8ec909d548 f75cd953ec1d47d48337cd8ec909d548] 199.19.213.199 "GET /allocations/229ecfd2-e413-4d66-88b3-a40bf1dba3b4" status: 200 len: 258 microversion: 1.28 [pid: 7|app: 0|req: 554/1108] 199.19.213.199 () {34 vars in 863 bytes} [Tue Jul 21 07:58:30 2026] GET /allocations/229ecfd2-e413-4d66-88b3-a40bf1dba3b4 => generated 258 bytes in 14 msecs (HTTP/1.1 200) 8 headers in 296 bytes (1 switches on core 0)
2026-07-21 07:58:39.449 8 INFO placement.requestlog [None req-7a9e75ff-f13c-413a-b7ae-b135f79a4350 - - - - - -] 10.0.0.151 "GET /" status: 200 len: 136 microversion: 1.0
2026-07-21 07:58:39.450 7 INFO placement.requestlog [None req-dbcd85fd-e35e-47f4-8fe9-8c8395236904 - - - - - -] 10.0.0.151 "GET /" status: 200 len: 136 microversion: 1.0
2026-07-21 07:58:49.271 8 INFO placement.requestlog [None req-b79f06ba-e6d6-4938-be74-07546712c206 - - - - - -] 10.0.0.151 "GET /" status: 200 len: 136 microversion: 1.0
2026-07-21 07:58:49.271 7 INFO placement.requestlog [None req-bc9c696f-9975-4754-8b01-b0a05ab3e4ab - - - - - -] 10.0.0.151 "GET /" status: 200 len: 136 microversion: 1.0
2026-07-21 07:58:59.273 8 INFO placement.requestlog [None req-958fa8d1-f6e1-4348-b927-a6db386908c6 - - - - - -] 10.0.0.151 "GET /" status: 200 len: 136 microversion: 1.0
2026-07-21 07:58:59.274 7 INFO placement.requestlog [None req-7bd9c554-7668-4f97-a350-8947c2da0bba - - - - - -] 10.0.0.151 "GET /" status: 200 len: 136 microversion: 1.0
2026-07-21 07:59:03.770 8 INFO placement.requestlog [req-28764fed-1aaa-45c0-81be-33f2bbcfaf0a req-ba53b99e-57fa-4239-a68a-7f5829dec75d d9534eb76236442bbde6c69ffefeed5b 9796ff7890114c13968851e69adf92a0 - - f75cd953ec1d47d48337cd8ec909d548 f75cd953ec1d47d48337cd8ec909d548] 10.0.0.44 "GET /allocation_candidates?limit=1000&resources=MEMORY_MB%3A2048%2CVCPU%3A2&root_required=%21COMPUTE_STATUS_DISABLED" status: 200 len: 2137 microversion: 1.36 [pid: 8|app: 0|req: 558/1115] 10.0.0.44 () {34 vars in 985 bytes} [Tue Jul 21 07:59:03 2026] GET /allocation_candidates?limit=1000&resources=MEMORY_MB%3A2048%2CVCPU%3A2&root_required=%21COMPUTE_STATUS_DISABLED => generated 2137 bytes in 208 msecs (HTTP/1.1 200) 8 headers in 297 bytes (1 switches on core 0)
2026-07-21 07:59:03.810 7 INFO placement.requestlog [req-28764fed-1aaa-45c0-81be-33f2bbcfaf0a req-70bd1ed6-4903-4e1f-9a0c-d58659969cf6 d9534eb76236442bbde6c69ffefeed5b 9796ff7890114c13968851e69adf92a0 - - f75cd953ec1d47d48337cd8ec909d548 f75cd953ec1d47d48337cd8ec909d548] 10.0.0.44 "GET /allocations/5f5c2e6f-59d0-4f06-85d4-d07565a60d5f" status: 200 len: 19 microversion: 1.28 [pid: 7|app: 0|req: 558/1116] 10.0.0.44 () {34 vars in 860 bytes} [Tue Jul 21 07:59:03 2026] GET /allocations/5f5c2e6f-59d0-4f06-85d4-d07565a60d5f => generated 19 bytes in 15 msecs (HTTP/1.1 200) 8 headers in 295 bytes (1 switches on core 0)
2026-07-21 07:59:03.888 8 INFO placement.requestlog [req-28764fed-1aaa-45c0-81be-33f2bbcfaf0a req-1ff94cd2-151e-45d8-9ca2-141047107524 d9534eb76236442bbde6c69ffefeed5b 9796ff7890114c13968851e69adf92a0 - - f75cd953ec1d47d48337cd8ec909d548 f75cd953ec1d47d48337cd8ec909d548] 10.0.0.44 "PUT /allocations/5f5c2e6f-59d0-4f06-85d4-d07565a60d5f" status: 204 len: 0 microversion: 1.36 [pid: 8|app: 0|req: 559/1117] 10.0.0.44 () {38 vars in 913 bytes} [Tue Jul 21 07:59:03 2026] PUT /allocations/5f5c2e6f-59d0-4f06-85d4-d07565a60d5f => generated 0 bytes in 68 msecs (HTTP/1.1 204) 5 headers in 199 bytes (1 switches on core 0)
2026-07-21 07:59:04.203 7 INFO placement.requestlog [req-28764fed-1aaa-45c0-81be-33f2bbcfaf0a req-34f3e818-5aa2-4304-888c-7ab7444d6f55 d9534eb76236442bbde6c69ffefeed5b 9796ff7890114c13968851e69adf92a0 - - f75cd953ec1d47d48337cd8ec909d548 f75cd953ec1d47d48337cd8ec909d548] 199.19.213.199 "GET /allocations/5f5c2e6f-59d0-4f06-85d4-d07565a60d5f" status: 200 len: 245 microversion: 1.28 [pid: 7|app: 0|req: 559/1118] 199.19.213.199 () {34 vars in 863 bytes} [Tue Jul 21 07:59:04 2026] GET /allocations/5f5c2e6f-59d0-4f06-85d4-d07565a60d5f => generated 245 bytes in 13 msecs (HTTP/1.1 200) 8 headers in 296 bytes (1 switches on core 0)
2026-07-21 07:59:04.363 8 INFO placement.requestlog [req-28764fed-1aaa-45c0-81be-33f2bbcfaf0a req-37327883-3195-4887-a25b-ac841574cc41 d9534eb76236442bbde6c69ffefeed5b 9796ff7890114c13968851e69adf92a0 - - f75cd953ec1d47d48337cd8ec909d548 f75cd953ec1d47d48337cd8ec909d548] 199.19.213.199 "GET /resource_providers/22ea1791-8165-48d4-b8e5-560ec5a4f617/allocations" status: 200 len: 340 microversion: 1.0 [pid: 8|app: 0|req: 560/1119] 199.19.213.199 () {32 vars in 857 bytes} [Tue Jul 21 07:59:04 2026] GET /resource_providers/22ea1791-8165-48d4-b8e5-560ec5a4f617/allocations => generated 340 bytes in 25 msecs (HTTP/1.1 200) 6 headers in 224 bytes (1 switches on core 0)
2026-07-21 07:59:04.390 7 INFO placement.requestlog [req-28764fed-1aaa-45c0-81be-33f2bbcfaf0a req-d85f41c0-cdf6-4633-bf07-b3a40bfaadd1 d9534eb76236442bbde6c69ffefeed5b 9796ff7890114c13968851e69adf92a0 - - f75cd953ec1d47d48337cd8ec909d548 f75cd953ec1d47d48337cd8ec909d548] 199.19.213.199 "GET /allocations/e4c823e1-b35d-46d4-a9cb-44c273dba402" status: 200 len: 258 microversion: 1.28 [pid: 7|app: 0|req: 560/1120] 199.19.213.199 () {34 vars in 863 bytes} [Tue Jul 21 07:59:04 2026] GET /allocations/e4c823e1-b35d-46d4-a9cb-44c273dba402 => generated 258 bytes in 16 msecs (HTTP/1.1 200) 8 headers in 296 bytes (1 switches on core 0)
2026-07-21 07:59:04.424 8 INFO placement.requestlog [req-28764fed-1aaa-45c0-81be-33f2bbcfaf0a req-11bf35f0-a1dc-4fe2-be19-9ab7f7715b80 d9534eb76236442bbde6c69ffefeed5b 9796ff7890114c13968851e69adf92a0 - - f75cd953ec1d47d48337cd8ec909d548 f75cd953ec1d47d48337cd8ec909d548] 199.19.213.199 "GET /allocations/229ecfd2-e413-4d66-88b3-a40bf1dba3b4" status: 200 len: 258 microversion: 1.28 [pid: 8|app: 0|req: 561/1121] 199.19.213.199 () {34 vars in 863 bytes} [Tue Jul 21 07:59:04 2026] GET /allocations/229ecfd2-e413-4d66-88b3-a40bf1dba3b4 => generated 258 bytes in 20 msecs (HTTP/1.1 200) 8 headers in 296 bytes (1 switches on core 0)
2026-07-21 07:59:04.450 7 INFO placement.requestlog [req-28764fed-1aaa-45c0-81be-33f2bbcfaf0a req-e25a74df-846d-4a9f-9371-29d03663abad d9534eb76236442bbde6c69ffefeed5b 9796ff7890114c13968851e69adf92a0 - - f75cd953ec1d47d48337cd8ec909d548 f75cd953ec1d47d48337cd8ec909d548] 199.19.213.199 "GET /allocations/5f5c2e6f-59d0-4f06-85d4-d07565a60d5f" status: 200 len: 245 microversion: 1.28 [pid: 7|app: 0|req: 561/1122] 199.19.213.199 () {34 vars in 863 bytes} [Tue Jul 21 07:59:04 2026] GET /allocations/5f5c2e6f-59d0-4f06-85d4-d07565a60d5f => generated 245 bytes in 13 msecs (HTTP/1.1 200) 8 headers in 296 bytes (1 switches on core 0)
2026-07-21 07:59:09.271 8 INFO placement.requestlog [None req-238c803e-5d7e-4468-85eb-8991af5fb70c - - - - - -] 10.0.0.151 "GET /" status: 200 len: 136 microversion: 1.0
2026-07-21 07:59:09.272 7 INFO placement.requestlog [None req-244ff679-509e-4267-8ae4-140a75fa45b3 - - - - - -] 10.0.0.151 "GET /" status: 200 len: 136 microversion: 1.0
2026-07-21 07:59:10.550 7 INFO placement.requestlog [None req-cccc3ba6-1903-4fc4-91e7-9b62748dd9ea 1b6a6b17dc714991a943390189061cea 9796ff7890114c13968851e69adf92a0 - - f75cd953ec1d47d48337cd8ec909d548 f75cd953ec1d47d48337cd8ec909d548] 10.0.0.26 "GET /resource_providers/78d4b1ea-e97a-479a-865c-24dc6273c2be/aggregates" status: 404 len: 235 microversion: 1.1 [pid: 7|app: 0|req: 563/1125] 10.0.0.26 () {32 vars in 824 bytes} [Tue Jul 21 07:59:10 2026] GET /resource_providers/78d4b1ea-e97a-479a-865c-24dc6273c2be/aggregates => generated 235 bytes in 17 msecs (HTTP/1.1 404) 5 headers in 202 bytes (1 switches on core 0)
2026-07-21 07:59:10.560 8 INFO placement.requestlog [None req-6b1e54bb-594f-4429-9936-6c4322b7f807 1b6a6b17dc714991a943390189061cea 9796ff7890114c13968851e69adf92a0 - - f75cd953ec1d47d48337cd8ec909d548 f75cd953ec1d47d48337cd8ec909d548] 10.0.0.26 "GET /resource_providers/78d4b1ea-e97a-479a-865c-24dc6273c2be/aggregates" status: 404 len: 235 microversion: 1.1 [pid: 8|app: 0|req: 563/1126] 10.0.0.26 () {32 vars in 824 bytes} [Tue Jul 21 07:59:10 2026] GET /resource_providers/78d4b1ea-e97a-479a-865c-24dc6273c2be/aggregates => generated 235 bytes in 28 msecs (HTTP/1.1 404) 5 headers in 202 bytes (1 switches on core 0)
2026-07-21 07:59:10.577 7 INFO placement.requestlog [None req-6901bbe8-e1b6-4a14-8333-5ff6494aecc5 1b6a6b17dc714991a943390189061cea 9796ff7890114c13968851e69adf92a0 - - f75cd953ec1d47d48337cd8ec909d548 f75cd953ec1d47d48337cd8ec909d548] 10.0.0.26 "DELETE /resource_providers/78d4b1ea-e97a-479a-865c-24dc6273c2be" status: 404 len: 246 microversion: 1.1 [pid: 7|app: 0|req: 564/1127] 10.0.0.26 () {34 vars in 824 bytes} [Tue Jul 21 07:59:10 2026] DELETE /resource_providers/78d4b1ea-e97a-479a-865c-24dc6273c2be => generated 246 bytes in 12 msecs (HTTP/1.1 404) 6 headers in 231 bytes (1 switches on core 0)
2026-07-21 07:59:10.587 8 INFO placement.requestlog [None req-0301d252-57c2-4882-9050-33700fac6718 1b6a6b17dc714991a943390189061cea 9796ff7890114c13968851e69adf92a0 - - f75cd953ec1d47d48337cd8ec909d548 f75cd953ec1d47d48337cd8ec909d548] 10.0.0.26 "DELETE /resource_providers/78d4b1ea-e97a-479a-865c-24dc6273c2be" status: 404 len: 246 microversion: 1.1 [pid: 8|app: 0|req: 564/1128] 10.0.0.26 () {34 vars in 824 bytes} [Tue Jul 21 07:59:10 2026] DELETE /resource_providers/78d4b1ea-e97a-479a-865c-24dc6273c2be => generated 246 bytes in 15 msecs (HTTP/1.1 404) 6 headers in 231 bytes (1 switches on core 0)
2026-07-21 07:59:19.272 7 INFO placement.requestlog [None req-8ae1999e-d506-49f1-b1d4-51e565690a9d - - - - - -] 10.0.0.151 "GET /" status: 200 len: 136 microversion: 1.0
2026-07-21 07:59:19.272 8 INFO placement.requestlog [None req-48648fc6-8fd0-4e88-bf28-712c782801e0 - - - - - -] 10.0.0.151 "GET /" status: 200 len: 136 microversion: 1.0
2026-07-21 07:59:29.271 8 INFO placement.requestlog [None req-cf7d13eb-96f9-4f31-9c2a-0f3e19f2aeaa - - - - - -] 10.0.0.151 "GET /" status: 200 len: 136 microversion: 1.0
2026-07-21 07:59:29.271 7 INFO placement.requestlog [None req-8fd18d21-1d4b-4957-9dfd-16f213506a72 - - - - - -] 10.0.0.151 "GET /" status: 200 len: 136 microversion: 1.0
2026-07-21 07:59:31.906 8 INFO placement.requestlog [req-d88ee68b-bc41-48ec-977a-eb47f47cc88f req-f8f923b2-4af6-4bdb-95b7-97643bae9978 d9534eb76236442bbde6c69ffefeed5b 9796ff7890114c13968851e69adf92a0 - - f75cd953ec1d47d48337cd8ec909d548 f75cd953ec1d47d48337cd8ec909d548] 199.19.213.199 "GET /resource_providers/22ea1791-8165-48d4-b8e5-560ec5a4f617/allocations" status: 200 len: 340 microversion: 1.0 [pid: 8|app: 0|req: 567/1133] 199.19.213.199 () {32 vars in 857 bytes} [Tue Jul 21 07:59:31 2026] GET /resource_providers/22ea1791-8165-48d4-b8e5-560ec5a4f617/allocations => generated 340 bytes in 173 msecs (HTTP/1.1 200) 6 headers in 224 bytes (1 switches on core 0)
2026-07-21 07:59:31.975 7 INFO placement.requestlog [req-d88ee68b-bc41-48ec-977a-eb47f47cc88f req-668a8da1-de48-47c7-bd5c-d792e7bdbd06 d9534eb76236442bbde6c69ffefeed5b 9796ff7890114c13968851e69adf92a0 - - f75cd953ec1d47d48337cd8ec909d548 f75cd953ec1d47d48337cd8ec909d548] 199.19.213.199 "GET /resource_providers?in_tree=22ea1791-8165-48d4-b8e5-560ec5a4f617" status: 200 len: 798 microversion: 1.14 [pid: 7|app: 0|req: 567/1134] 199.19.213.199 () {34 vars in 892 bytes} [Tue Jul 21 07:59:31 2026] GET /resource_providers?in_tree=22ea1791-8165-48d4-b8e5-560ec5a4f617 => generated 798 bytes in 20 msecs (HTTP/1.1 200) 6 headers in 225 bytes (1 switches on core 0)
2026-07-21 07:59:32.001 8 INFO placement.requestlog [req-d88ee68b-bc41-48ec-977a-eb47f47cc88f req-cf5998a5-72cc-4ace-985c-972ed0c726e1 d9534eb76236442bbde6c69ffefeed5b 9796ff7890114c13968851e69adf92a0 - - f75cd953ec1d47d48337cd8ec909d548 f75cd953ec1d47d48337cd8ec909d548] 199.19.213.199 "GET /resource_providers/22ea1791-8165-48d4-b8e5-560ec5a4f617/inventories" status: 200 len: 401 microversion: 1.0 [pid: 8|app: 0|req: 568/1135] 199.19.213.199 () {32 vars in 857 bytes} [Tue Jul 21 07:59:31 2026] GET /resource_providers/22ea1791-8165-48d4-b8e5-560ec5a4f617/inventories => generated 401 bytes in 15 msecs (HTTP/1.1 200) 6 headers in 224 bytes (1 switches on core 0)
2026-07-21 07:59:32.028 7 INFO placement.requestlog [req-d88ee68b-bc41-48ec-977a-eb47f47cc88f req-d575ff77-54ce-4824-8d72-d2ad987ca5a5 d9534eb76236442bbde6c69ffefeed5b 9796ff7890114c13968851e69adf92a0 - - f75cd953ec1d47d48337cd8ec909d548 f75cd953ec1d47d48337cd8ec909d548] 199.19.213.199 "GET /resource_providers/22ea1791-8165-48d4-b8e5-560ec5a4f617/aggregates" status: 200 len: 54 microversion: 1.19 [pid: 7|app: 0|req: 568/1136] 199.19.213.199 () {34 vars in 899 bytes} [Tue Jul 21 07:59:32 2026] GET /resource_providers/22ea1791-8165-48d4-b8e5-560ec5a4f617/aggregates => generated 54 bytes in 14 msecs (HTTP/1.1 200) 8 headers in 295 bytes (1 switches on core 0)
