2026-07-21 07:54:05.260 7 INFO placement.requestlog [None req-5df17e3d-8791-4816-bb56-b2e3755c6961 1b6a6b17dc714991a943390189061cea 9796ff7890114c13968851e69adf92a0 - - f75cd953ec1d47d48337cd8ec909d548 f75cd953ec1d47d48337cd8ec909d548] 10.0.0.26 "GET /resource_providers/25f6a4f8-de8d-4241-9a77-04c80f5ec45f/aggregates" status: 404 len: 235 microversion: 1.1 [pid: 7|app: 0|req: 344/691] 10.0.0.26 () {32 vars in 824 bytes} [Tue Jul 21 07:54:05 2026] GET /resource_providers/25f6a4f8-de8d-4241-9a77-04c80f5ec45f/aggregates => generated 235 bytes in 12 msecs (HTTP/1.1 404) 5 headers in 202 bytes (1 switches on core 0)
2026-07-21 07:54:05.268 8 INFO placement.requestlog [None req-ad8406ac-fdd5-4704-904a-425ad6b8895b 1b6a6b17dc714991a943390189061cea 9796ff7890114c13968851e69adf92a0 - - f75cd953ec1d47d48337cd8ec909d548 f75cd953ec1d47d48337cd8ec909d548] 10.0.0.26 "GET /resource_providers/25f6a4f8-de8d-4241-9a77-04c80f5ec45f/aggregates" status: 404 len: 235 microversion: 1.1 [pid: 8|app: 0|req: 348/692] 10.0.0.26 () {32 vars in 824 bytes} [Tue Jul 21 07:54:05 2026] GET /resource_providers/25f6a4f8-de8d-4241-9a77-04c80f5ec45f/aggregates => generated 235 bytes in 13 msecs (HTTP/1.1 404) 5 headers in 202 bytes (1 switches on core 0)
2026-07-21 07:54:05.274 7 INFO placement.requestlog [None req-5b2613dc-964f-4094-a5a6-1bf32e37c4ea 1b6a6b17dc714991a943390189061cea 9796ff7890114c13968851e69adf92a0 - - f75cd953ec1d47d48337cd8ec909d548 f75cd953ec1d47d48337cd8ec909d548] 10.0.0.26 "DELETE /resource_providers/25f6a4f8-de8d-4241-9a77-04c80f5ec45f" status: 404 len: 246 microversion: 1.1 [pid: 7|app: 0|req: 345/693] 10.0.0.26 () {34 vars in 824 bytes} [Tue Jul 21 07:54:05 2026] DELETE /resource_providers/25f6a4f8-de8d-4241-9a77-04c80f5ec45f => generated 246 bytes in 8 msecs (HTTP/1.1 404) 6 headers in 231 bytes (1 switches on core 0)
2026-07-21 07:54:05.300 8 INFO placement.requestlog [None req-967b6d87-5e85-46aa-90a2-27f43638898a 1b6a6b17dc714991a943390189061cea 9796ff7890114c13968851e69adf92a0 - - f75cd953ec1d47d48337cd8ec909d548 f75cd953ec1d47d48337cd8ec909d548] 10.0.0.26 "DELETE /resource_providers/25f6a4f8-de8d-4241-9a77-04c80f5ec45f" status: 404 len: 246 microversion: 1.1 [pid: 8|app: 0|req: 349/694] 10.0.0.26 () {34 vars in 824 bytes} [Tue Jul 21 07:54:05 2026] DELETE /resource_providers/25f6a4f8-de8d-4241-9a77-04c80f5ec45f => generated 246 bytes in 15 msecs (HTTP/1.1 404) 6 headers in 231 bytes (1 switches on core 0)
2026-07-21 07:54:06.746 7 INFO placement.requestlog [req-8083c15f-758b-42e6-a85d-aee974a2a0e7 req-2d51e0f3-ad5e-4f05-bdfe-2c57363c86bf d9534eb76236442bbde6c69ffefeed5b 9796ff7890114c13968851e69adf92a0 - - f75cd953ec1d47d48337cd8ec909d548 f75cd953ec1d47d48337cd8ec909d548] 199.19.213.199 "GET /resource_providers/22ea1791-8165-48d4-b8e5-560ec5a4f617/allocations" status: 200 len: 152 microversion: 1.0 [pid: 7|app: 0|req: 346/695] 199.19.213.199 () {32 vars in 857 bytes} [Tue Jul 21 07:54:06 2026] GET /resource_providers/22ea1791-8165-48d4-b8e5-560ec5a4f617/allocations => generated 152 bytes in 15 msecs (HTTP/1.1 200) 6 headers in 224 bytes (1 switches on core 0)
2026-07-21 07:54:06.773 8 INFO placement.requestlog [req-8083c15f-758b-42e6-a85d-aee974a2a0e7 req-68779177-971f-405b-9032-62132ac43f52 d9534eb76236442bbde6c69ffefeed5b 9796ff7890114c13968851e69adf92a0 - - f75cd953ec1d47d48337cd8ec909d548 f75cd953ec1d47d48337cd8ec909d548] 199.19.213.199 "GET /allocations/3fe2449d-1354-4281-8410-9c94fe2f8e1f" status: 200 len: 257 microversion: 1.28 [pid: 8|app: 0|req: 350/696] 199.19.213.199 () {34 vars in 863 bytes} [Tue Jul 21 07:54:06 2026] GET /allocations/3fe2449d-1354-4281-8410-9c94fe2f8e1f => generated 257 bytes in 15 msecs (HTTP/1.1 200) 8 headers in 296 bytes (1 switches on core 0)
2026-07-21 07:54:06.838 7 INFO placement.requestlog [req-8083c15f-758b-42e6-a85d-aee974a2a0e7 req-d874159f-544d-45e3-ae0e-897ec23f59ad d9534eb76236442bbde6c69ffefeed5b 9796ff7890114c13968851e69adf92a0 - - f75cd953ec1d47d48337cd8ec909d548 f75cd953ec1d47d48337cd8ec909d548] 199.19.213.199 "DELETE /allocations/3fe2449d-1354-4281-8410-9c94fe2f8e1f" status: 204 len: 0 microversion: 1.0 [pid: 7|app: 0|req: 347/697] 199.19.213.199 () {34 vars in 841 bytes} [Tue Jul 21 07:54:06 2026] DELETE /allocations/3fe2449d-1354-4281-8410-9c94fe2f8e1f => generated 0 bytes in 33 msecs (HTTP/1.1 204) 5 headers in 198 bytes (1 switches on core 0)
2026-07-21 07:54:09.271 7 INFO placement.requestlog [None req-b9463f93-69c0-464e-adf1-5136b7e61940 - - - - - -] 10.0.0.151 "GET /" status: 200 len: 136 microversion: 1.0
2026-07-21 07:54:09.271 8 INFO placement.requestlog [None req-dce6dad5-966d-49b2-9bdf-a3305ae72450 - - - - - -] 10.0.0.151 "GET /" status: 200 len: 136 microversion: 1.0
2026-07-21 07:54:12.364 7 INFO placement.requestlog [None req-1c6b9827-dbd8-457a-9048-7c1b44f77f9f 1b6a6b17dc714991a943390189061cea 9796ff7890114c13968851e69adf92a0 - - f75cd953ec1d47d48337cd8ec909d548 f75cd953ec1d47d48337cd8ec909d548] 10.0.0.26 "GET /resource_providers/02a39b1c-7196-4f7c-9f79-1508470dcc0b/aggregates" status: 404 len: 235 microversion: 1.1 [pid: 7|app: 0|req: 349/700] 10.0.0.26 () {32 vars in 824 bytes} [Tue Jul 21 07:54:12 2026] GET /resource_providers/02a39b1c-7196-4f7c-9f79-1508470dcc0b/aggregates => generated 235 bytes in 12 msecs (HTTP/1.1 404) 5 headers in 202 bytes (1 switches on core 0)
2026-07-21 07:54:12.371 8 INFO placement.requestlog [None req-0caf122e-e273-4c84-91af-dd8ac8cbada8 1b6a6b17dc714991a943390189061cea 9796ff7890114c13968851e69adf92a0 - - f75cd953ec1d47d48337cd8ec909d548 f75cd953ec1d47d48337cd8ec909d548] 10.0.0.26 "GET /resource_providers/02a39b1c-7196-4f7c-9f79-1508470dcc0b/aggregates" status: 404 len: 235 microversion: 1.1 [pid: 8|app: 0|req: 352/701] 10.0.0.26 () {32 vars in 824 bytes} [Tue Jul 21 07:54:12 2026] GET /resource_providers/02a39b1c-7196-4f7c-9f79-1508470dcc0b/aggregates => generated 235 bytes in 13 msecs (HTTP/1.1 404) 5 headers in 202 bytes (1 switches on core 0)
2026-07-21 07:54:12.397 7 INFO placement.requestlog [None req-c0b776de-8c8d-45b8-aa53-1d74c395fc45 1b6a6b17dc714991a943390189061cea 9796ff7890114c13968851e69adf92a0 - - f75cd953ec1d47d48337cd8ec909d548 f75cd953ec1d47d48337cd8ec909d548] 10.0.0.26 "DELETE /resource_providers/02a39b1c-7196-4f7c-9f79-1508470dcc0b" status: 404 len: 246 microversion: 1.1 [pid: 7|app: 0|req: 350/702] 10.0.0.26 () {34 vars in 824 bytes} [Tue Jul 21 07:54:12 2026] DELETE /resource_providers/02a39b1c-7196-4f7c-9f79-1508470dcc0b => generated 246 bytes in 12 msecs (HTTP/1.1 404) 6 headers in 231 bytes (1 switches on core 0)
2026-07-21 07:54:12.398 8 INFO placement.requestlog [None req-1cddf3d5-5e38-45cd-b027-2c27b797c3a0 1b6a6b17dc714991a943390189061cea 9796ff7890114c13968851e69adf92a0 - - f75cd953ec1d47d48337cd8ec909d548 f75cd953ec1d47d48337cd8ec909d548] 10.0.0.26 "DELETE /resource_providers/02a39b1c-7196-4f7c-9f79-1508470dcc0b" status: 404 len: 246 microversion: 1.1 [pid: 8|app: 0|req: 353/703] 10.0.0.26 () {34 vars in 824 bytes} [Tue Jul 21 07:54:12 2026] DELETE /resource_providers/02a39b1c-7196-4f7c-9f79-1508470dcc0b => generated 246 bytes in 12 msecs (HTTP/1.1 404) 6 headers in 231 bytes (1 switches on core 0)
2026-07-21 07:54:19.271 7 INFO placement.requestlog [None req-7200235e-3a7a-48fe-82f1-ade4b6f89c4c - - - - - -] 10.0.0.151 "GET /" status: 200 len: 136 microversion: 1.0
2026-07-21 07:54:19.272 8 INFO placement.requestlog [None req-f2632c7b-4c74-4675-b65c-61f890f2292b - - - - - -] 10.0.0.151 "GET /" status: 200 len: 136 microversion: 1.0
2026-07-21 07:54:20.265 7 INFO placement.requestlog [req-19f172d6-f5f7-4405-a83f-027a0b6ccf66 req-18f2cb32-67eb-4f06-bc48-dd94ec7446ec d9534eb76236442bbde6c69ffefeed5b 9796ff7890114c13968851e69adf92a0 - - f75cd953ec1d47d48337cd8ec909d548 f75cd953ec1d47d48337cd8ec909d548] 10.0.0.44 "GET /allocation_candidates?limit=1000&resources=DISK_GB%3A1%2CMEMORY_MB%3A512%2CVCPU%3A1&root_required=%21COMPUTE_STATUS_DISABLED" status: 200 len: 2147 microversion: 1.36 [pid: 7|app: 0|req: 352/706] 10.0.0.44 () {34 vars in 1011 bytes} [Tue Jul 21 07:54:20 2026] GET /allocation_candidates?limit=1000&resources=DISK_GB%3A1%2CMEMORY_MB%3A512%2CVCPU%3A1&root_required=%21COMPUTE_STATUS_DISABLED => generated 2147 bytes in 51 msecs (HTTP/1.1 200) 8 headers in 297 bytes (1 switches on core 0)
2026-07-21 07:54:20.304 8 INFO placement.requestlog [req-19f172d6-f5f7-4405-a83f-027a0b6ccf66 req-84f9a51b-859b-4c78-855e-04c21ef242b5 d9534eb76236442bbde6c69ffefeed5b 9796ff7890114c13968851e69adf92a0 - - f75cd953ec1d47d48337cd8ec909d548 f75cd953ec1d47d48337cd8ec909d548] 10.0.0.44 "GET /allocations/b262033c-dbd3-4a9f-8da1-3b36476fe856" status: 200 len: 19 microversion: 1.28 [pid: 8|app: 0|req: 355/707] 10.0.0.44 () {34 vars in 860 bytes} [Tue Jul 21 07:54:20 2026] GET /allocations/b262033c-dbd3-4a9f-8da1-3b36476fe856 => generated 19 bytes in 19 msecs (HTTP/1.1 200) 8 headers in 295 bytes (1 switches on core 0)
2026-07-21 07:54:20.421 7 INFO placement.requestlog [req-19f172d6-f5f7-4405-a83f-027a0b6ccf66 req-17637041-dafa-4c0b-a049-d3af92a1ba0d d9534eb76236442bbde6c69ffefeed5b 9796ff7890114c13968851e69adf92a0 - - f75cd953ec1d47d48337cd8ec909d548 f75cd953ec1d47d48337cd8ec909d548] 10.0.0.44 "PUT /allocations/b262033c-dbd3-4a9f-8da1-3b36476fe856" status: 204 len: 0 microversion: 1.36 [pid: 7|app: 0|req: 353/708] 10.0.0.44 () {38 vars in 913 bytes} [Tue Jul 21 07:54:20 2026] PUT /allocations/b262033c-dbd3-4a9f-8da1-3b36476fe856 => generated 0 bytes in 107 msecs (HTTP/1.1 204) 5 headers in 199 bytes (1 switches on core 0)
2026-07-21 07:54:20.747 8 INFO placement.requestlog [req-19f172d6-f5f7-4405-a83f-027a0b6ccf66 req-2bcc1860-4ce9-4fb3-8ea5-8ef04623ae0e d9534eb76236442bbde6c69ffefeed5b 9796ff7890114c13968851e69adf92a0 - - f75cd953ec1d47d48337cd8ec909d548 f75cd953ec1d47d48337cd8ec909d548] 199.19.213.199 "GET /allocations/b262033c-dbd3-4a9f-8da1-3b36476fe856" status: 200 len: 257 microversion: 1.28 [pid: 8|app: 0|req: 356/709] 199.19.213.199 () {34 vars in 863 bytes} [Tue Jul 21 07:54:20 2026] GET /allocations/b262033c-dbd3-4a9f-8da1-3b36476fe856 => generated 257 bytes in 15 msecs (HTTP/1.1 200) 8 headers in 296 bytes (1 switches on core 0)
2026-07-21 07:54:20.871 7 INFO placement.requestlog [req-19f172d6-f5f7-4405-a83f-027a0b6ccf66 req-f6bae059-feaa-4849-babb-687e7511ca43 d9534eb76236442bbde6c69ffefeed5b 9796ff7890114c13968851e69adf92a0 - - f75cd953ec1d47d48337cd8ec909d548 f75cd953ec1d47d48337cd8ec909d548] 199.19.213.199 "GET /resource_providers/22ea1791-8165-48d4-b8e5-560ec5a4f617/allocations" status: 200 len: 152 microversion: 1.0 [pid: 7|app: 0|req: 354/710] 199.19.213.199 () {32 vars in 857 bytes} [Tue Jul 21 07:54:20 2026] GET /resource_providers/22ea1791-8165-48d4-b8e5-560ec5a4f617/allocations => generated 152 bytes in 17 msecs (HTTP/1.1 200) 6 headers in 224 bytes (1 switches on core 0)
2026-07-21 07:54:20.891 8 INFO placement.requestlog [req-19f172d6-f5f7-4405-a83f-027a0b6ccf66 req-549589a6-f30d-4fe3-80ef-5945bece56b2 d9534eb76236442bbde6c69ffefeed5b 9796ff7890114c13968851e69adf92a0 - - f75cd953ec1d47d48337cd8ec909d548 f75cd953ec1d47d48337cd8ec909d548] 199.19.213.199 "GET /allocations/b262033c-dbd3-4a9f-8da1-3b36476fe856" status: 200 len: 257 microversion: 1.28 [pid: 8|app: 0|req: 357/711] 199.19.213.199 () {34 vars in 863 bytes} [Tue Jul 21 07:54:20 2026] GET /allocations/b262033c-dbd3-4a9f-8da1-3b36476fe856 => generated 257 bytes in 13 msecs (HTTP/1.1 200) 8 headers in 296 bytes (1 switches on core 0)
2026-07-21 07:54:24.815 8 INFO placement.requestlog [None req-9dc2d81a-2176-47e6-b760-931d53da6b68 1b6a6b17dc714991a943390189061cea 9796ff7890114c13968851e69adf92a0 - - f75cd953ec1d47d48337cd8ec909d548 f75cd953ec1d47d48337cd8ec909d548] 10.0.0.26 "GET /resource_providers/8fd95ecd-8785-46fc-90aa-3077dd01e345/aggregates" status: 404 len: 235 microversion: 1.1 [pid: 8|app: 0|req: 358/712] 10.0.0.26 () {32 vars in 824 bytes} [Tue Jul 21 07:54:24 2026] GET /resource_providers/8fd95ecd-8785-46fc-90aa-3077dd01e345/aggregates => generated 235 bytes in 12 msecs (HTTP/1.1 404) 5 headers in 202 bytes (1 switches on core 0)
2026-07-21 07:54:24.820 7 INFO placement.requestlog [None req-8c2b6d68-c4c2-480f-9585-bf3010b94ac8 1b6a6b17dc714991a943390189061cea 9796ff7890114c13968851e69adf92a0 - - f75cd953ec1d47d48337cd8ec909d548 f75cd953ec1d47d48337cd8ec909d548] 10.0.0.26 "GET /resource_providers/8fd95ecd-8785-46fc-90aa-3077dd01e345/aggregates" status: 404 len: 235 microversion: 1.1 [pid: 7|app: 0|req: 355/713] 10.0.0.26 () {32 vars in 824 bytes} [Tue Jul 21 07:54:24 2026] GET /resource_providers/8fd95ecd-8785-46fc-90aa-3077dd01e345/aggregates => generated 235 bytes in 17 msecs (HTTP/1.1 404) 5 headers in 202 bytes (1 switches on core 0)
2026-07-21 07:54:24.837 8 INFO placement.requestlog [None req-aacd0780-587e-4987-afb4-fac07fb340ef 1b6a6b17dc714991a943390189061cea 9796ff7890114c13968851e69adf92a0 - - f75cd953ec1d47d48337cd8ec909d548 f75cd953ec1d47d48337cd8ec909d548] 10.0.0.26 "DELETE /resource_providers/8fd95ecd-8785-46fc-90aa-3077dd01e345" status: 404 len: 246 microversion: 1.1 [pid: 8|app: 0|req: 359/714] 10.0.0.26 () {34 vars in 824 bytes} [Tue Jul 21 07:54:24 2026] DELETE /resource_providers/8fd95ecd-8785-46fc-90aa-3077dd01e345 => generated 246 bytes in 11 msecs (HTTP/1.1 404) 6 headers in 231 bytes (1 switches on core 0)
2026-07-21 07:54:24.853 7 INFO placement.requestlog [None req-7f12ddf5-ac65-4b59-a4a5-244b0f779fe4 1b6a6b17dc714991a943390189061cea 9796ff7890114c13968851e69adf92a0 - - f75cd953ec1d47d48337cd8ec909d548 f75cd953ec1d47d48337cd8ec909d548] 10.0.0.26 "DELETE /resource_providers/8fd95ecd-8785-46fc-90aa-3077dd01e345" status: 404 len: 246 microversion: 1.1 [pid: 7|app: 0|req: 356/715] 10.0.0.26 () {34 vars in 824 bytes} [Tue Jul 21 07:54:24 2026] DELETE /resource_providers/8fd95ecd-8785-46fc-90aa-3077dd01e345 => generated 246 bytes in 10 msecs (HTTP/1.1 404) 6 headers in 231 bytes (1 switches on core 0)
2026-07-21 07:54:25.514 8 INFO placement.requestlog [req-32edcf79-4a33-45e5-9460-b62cb250bbf0 req-ca68a332-66a8-472b-9eb0-0c456665d661 d9534eb76236442bbde6c69ffefeed5b 9796ff7890114c13968851e69adf92a0 - - f75cd953ec1d47d48337cd8ec909d548 f75cd953ec1d47d48337cd8ec909d548] 10.0.0.44 "GET /allocation_candidates?limit=1000&resources=DISK_GB%3A1%2CMEMORY_MB%3A512%2CVCPU%3A1&root_required=%21COMPUTE_STATUS_DISABLED" status: 200 len: 2149 microversion: 1.36 [pid: 8|app: 0|req: 360/716] 10.0.0.44 () {34 vars in 1011 bytes} [Tue Jul 21 07:54:25 2026] GET /allocation_candidates?limit=1000&resources=DISK_GB%3A1%2CMEMORY_MB%3A512%2CVCPU%3A1&root_required=%21COMPUTE_STATUS_DISABLED => generated 2149 bytes in 46 msecs (HTTP/1.1 200) 8 headers in 297 bytes (1 switches on core 0)
2026-07-21 07:54:25.552 8 INFO placement.requestlog [req-32edcf79-4a33-45e5-9460-b62cb250bbf0 req-9fdb1b4a-cbd8-47d7-a43b-da73bbc10a86 d9534eb76236442bbde6c69ffefeed5b 9796ff7890114c13968851e69adf92a0 - - f75cd953ec1d47d48337cd8ec909d548 f75cd953ec1d47d48337cd8ec909d548] 10.0.0.44 "GET /allocations/b28a54fb-9cbc-4d99-bcf2-a53bd9b163ea" status: 200 len: 19 microversion: 1.28 [pid: 8|app: 0|req: 361/717] 10.0.0.44 () {34 vars in 860 bytes} [Tue Jul 21 07:54:25 2026] GET /allocations/b28a54fb-9cbc-4d99-bcf2-a53bd9b163ea => generated 19 bytes in 14 msecs (HTTP/1.1 200) 8 headers in 295 bytes (1 switches on core 0)
2026-07-21 07:54:25.642 8 INFO placement.requestlog [req-32edcf79-4a33-45e5-9460-b62cb250bbf0 req-0cd6fddb-6711-4bf4-8f41-2274ded16952 d9534eb76236442bbde6c69ffefeed5b 9796ff7890114c13968851e69adf92a0 - - f75cd953ec1d47d48337cd8ec909d548 f75cd953ec1d47d48337cd8ec909d548] 10.0.0.44 "PUT /allocations/b28a54fb-9cbc-4d99-bcf2-a53bd9b163ea" status: 204 len: 0 microversion: 1.36 [pid: 8|app: 0|req: 362/718] 10.0.0.44 () {38 vars in 913 bytes} [Tue Jul 21 07:54:25 2026] PUT /allocations/b28a54fb-9cbc-4d99-bcf2-a53bd9b163ea => generated 0 bytes in 80 msecs (HTTP/1.1 204) 5 headers in 199 bytes (1 switches on core 0)
2026-07-21 07:54:25.713 7 INFO placement.requestlog [req-a1d1518f-63f3-48c8-aa40-ead39038798f req-88e67e4f-9991-495c-bcda-8501bc56e08a d9534eb76236442bbde6c69ffefeed5b 9796ff7890114c13968851e69adf92a0 - - f75cd953ec1d47d48337cd8ec909d548 f75cd953ec1d47d48337cd8ec909d548] 199.19.213.199 "GET /resource_providers/22ea1791-8165-48d4-b8e5-560ec5a4f617/allocations" status: 200 len: 252 microversion: 1.0 [pid: 7|app: 0|req: 357/719] 199.19.213.199 () {32 vars in 857 bytes} [Tue Jul 21 07:54:25 2026] GET /resource_providers/22ea1791-8165-48d4-b8e5-560ec5a4f617/allocations => generated 252 bytes in 185 msecs (HTTP/1.1 200) 6 headers in 224 bytes (1 switches on core 0)
2026-07-21 07:54:25.789 8 INFO placement.requestlog [req-a1d1518f-63f3-48c8-aa40-ead39038798f req-d4fbe693-f46a-47dd-917b-eb43a1771038 d9534eb76236442bbde6c69ffefeed5b 9796ff7890114c13968851e69adf92a0 - - f75cd953ec1d47d48337cd8ec909d548 f75cd953ec1d47d48337cd8ec909d548] 199.19.213.199 "GET /resource_providers?in_tree=22ea1791-8165-48d4-b8e5-560ec5a4f617" status: 200 len: 797 microversion: 1.14 [pid: 8|app: 0|req: 363/720] 199.19.213.199 () {34 vars in 892 bytes} [Tue Jul 21 07:54:25 2026] GET /resource_providers?in_tree=22ea1791-8165-48d4-b8e5-560ec5a4f617 => generated 797 bytes in 17 msecs (HTTP/1.1 200) 6 headers in 225 bytes (1 switches on core 0)
2026-07-21 07:54:25.815 7 INFO placement.requestlog [req-a1d1518f-63f3-48c8-aa40-ead39038798f req-b2ebd7c7-28ac-4d37-85dc-61b0d9977775 d9534eb76236442bbde6c69ffefeed5b 9796ff7890114c13968851e69adf92a0 - - f75cd953ec1d47d48337cd8ec909d548 f75cd953ec1d47d48337cd8ec909d548] 199.19.213.199 "GET /resource_providers/22ea1791-8165-48d4-b8e5-560ec5a4f617/inventories" status: 200 len: 400 microversion: 1.0 [pid: 7|app: 0|req: 358/721] 199.19.213.199 () {32 vars in 857 bytes} [Tue Jul 21 07:54:25 2026] GET /resource_providers/22ea1791-8165-48d4-b8e5-560ec5a4f617/inventories => generated 400 bytes in 16 msecs (HTTP/1.1 200) 6 headers in 224 bytes (1 switches on core 0)
2026-07-21 07:54:25.841 8 INFO placement.requestlog [req-a1d1518f-63f3-48c8-aa40-ead39038798f req-d0cd5fa8-b2ee-4bbb-b144-421af7782d8e d9534eb76236442bbde6c69ffefeed5b 9796ff7890114c13968851e69adf92a0 - - f75cd953ec1d47d48337cd8ec909d548 f75cd953ec1d47d48337cd8ec909d548] 199.19.213.199 "GET /resource_providers/22ea1791-8165-48d4-b8e5-560ec5a4f617/aggregates" status: 200 len: 53 microversion: 1.19 [pid: 8|app: 0|req: 364/722] 199.19.213.199 () {34 vars in 899 bytes} [Tue Jul 21 07:54:25 2026] GET /resource_providers/22ea1791-8165-48d4-b8e5-560ec5a4f617/aggregates => generated 53 bytes in 17 msecs (HTTP/1.1 200) 8 headers in 295 bytes (1 switches on core 0)
2026-07-21 07:54:25.870 7 INFO placement.requestlog [req-a1d1518f-63f3-48c8-aa40-ead39038798f req-c4811443-7007-4429-a5dd-f1f52961d6d6 d9534eb76236442bbde6c69ffefeed5b 9796ff7890114c13968851e69adf92a0 - - f75cd953ec1d47d48337cd8ec909d548 f75cd953ec1d47d48337cd8ec909d548] 199.19.213.199 "GET /resource_providers/22ea1791-8165-48d4-b8e5-560ec5a4f617/traits" status: 200 len: 1682 microversion: 1.6 [pid: 7|app: 0|req: 359/723] 199.19.213.199 () {34 vars in 890 bytes} [Tue Jul 21 07:54:25 2026] GET /resource_providers/22ea1791-8165-48d4-b8e5-560ec5a4f617/traits => generated 1682 bytes in 22 msecs (HTTP/1.1 200) 6 headers in 225 bytes (1 switches on core 0)
2026-07-21 07:54:25.897 8 INFO placement.requestlog [req-a1d1518f-63f3-48c8-aa40-ead39038798f req-0c8d6443-7234-4910-9d0a-5e4e0203af4a d9534eb76236442bbde6c69ffefeed5b 9796ff7890114c13968851e69adf92a0 - - f75cd953ec1d47d48337cd8ec909d548 f75cd953ec1d47d48337cd8ec909d548] 199.19.213.199 "GET /resource_providers/22ea1791-8165-48d4-b8e5-560ec5a4f617/allocations" status: 200 len: 252 microversion: 1.0 [pid: 8|app: 0|req: 365/724] 199.19.213.199 () {32 vars in 857 bytes} [Tue Jul 21 07:54:25 2026] GET /resource_providers/22ea1791-8165-48d4-b8e5-560ec5a4f617/allocations => generated 252 bytes in 18 msecs (HTTP/1.1 200) 6 headers in 224 bytes (1 switches on core 0)
2026-07-21 07:54:25.902 7 INFO placement.requestlog [req-32edcf79-4a33-45e5-9460-b62cb250bbf0 req-f1da5969-c5d4-437b-a06d-c7011f490389 d9534eb76236442bbde6c69ffefeed5b 9796ff7890114c13968851e69adf92a0 - - f75cd953ec1d47d48337cd8ec909d548 f75cd953ec1d47d48337cd8ec909d548] 199.19.213.199 "GET /allocations/b28a54fb-9cbc-4d99-bcf2-a53bd9b163ea" status: 200 len: 257 microversion: 1.28 [pid: 7|app: 0|req: 360/725] 199.19.213.199 () {34 vars in 863 bytes} [Tue Jul 21 07:54:25 2026] GET /allocations/b28a54fb-9cbc-4d99-bcf2-a53bd9b163ea => generated 257 bytes in 16 msecs (HTTP/1.1 200) 8 headers in 296 bytes (1 switches on core 0)
2026-07-21 07:54:25.918 8 INFO placement.requestlog [req-a1d1518f-63f3-48c8-aa40-ead39038798f req-f41e8867-03e8-42e2-9e4a-4fbc98bbd2c8 d9534eb76236442bbde6c69ffefeed5b 9796ff7890114c13968851e69adf92a0 - - f75cd953ec1d47d48337cd8ec909d548 f75cd953ec1d47d48337cd8ec909d548] 199.19.213.199 "GET /allocations/b28a54fb-9cbc-4d99-bcf2-a53bd9b163ea" status: 200 len: 257 microversion: 1.28 [pid: 8|app: 0|req: 366/726] 199.19.213.199 () {34 vars in 863 bytes} [Tue Jul 21 07:54:25 2026] GET /allocations/b28a54fb-9cbc-4d99-bcf2-a53bd9b163ea => generated 257 bytes in 14 msecs (HTTP/1.1 200) 8 headers in 296 bytes (1 switches on core 0)
2026-07-21 07:54:25.941 7 INFO placement.requestlog [req-a1d1518f-63f3-48c8-aa40-ead39038798f req-17319af4-f238-4fed-8d3c-56cefeecf255 d9534eb76236442bbde6c69ffefeed5b 9796ff7890114c13968851e69adf92a0 - - f75cd953ec1d47d48337cd8ec909d548 f75cd953ec1d47d48337cd8ec909d548] 199.19.213.199 "GET /allocations/b262033c-dbd3-4a9f-8da1-3b36476fe856" status: 200 len: 257 microversion: 1.28 [pid: 7|app: 0|req: 361/727] 199.19.213.199 () {34 vars in 863 bytes} [Tue Jul 21 07:54:25 2026] GET /allocations/b262033c-dbd3-4a9f-8da1-3b36476fe856 => generated 257 bytes in 17 msecs (HTTP/1.1 200) 8 headers in 296 bytes (1 switches on core 0)
2026-07-21 07:54:26.081 8 INFO placement.requestlog [req-32edcf79-4a33-45e5-9460-b62cb250bbf0 req-a2cdd9ec-659e-473c-bfc2-79e3c3a9cc60 d9534eb76236442bbde6c69ffefeed5b 9796ff7890114c13968851e69adf92a0 - - f75cd953ec1d47d48337cd8ec909d548 f75cd953ec1d47d48337cd8ec909d548] 199.19.213.199 "GET /resource_providers/22ea1791-8165-48d4-b8e5-560ec5a4f617/allocations" status: 200 len: 252 microversion: 1.0 [pid: 8|app: 0|req: 367/728] 199.19.213.199 () {32 vars in 857 bytes} [Tue Jul 21 07:54:26 2026] GET /resource_providers/22ea1791-8165-48d4-b8e5-560ec5a4f617/allocations => generated 252 bytes in 17 msecs (HTTP/1.1 200) 6 headers in 224 bytes (1 switches on core 0)
2026-07-21 07:54:26.106 7 INFO placement.requestlog [req-32edcf79-4a33-45e5-9460-b62cb250bbf0 req-05b657cf-5613-4bfe-893b-e98ea714ebf1 d9534eb76236442bbde6c69ffefeed5b 9796ff7890114c13968851e69adf92a0 - - f75cd953ec1d47d48337cd8ec909d548 f75cd953ec1d47d48337cd8ec909d548] 199.19.213.199 "GET /allocations/b28a54fb-9cbc-4d99-bcf2-a53bd9b163ea" status: 200 len: 257 microversion: 1.28 [pid: 7|app: 0|req: 362/729] 199.19.213.199 () {34 vars in 863 bytes} [Tue Jul 21 07:54:26 2026] GET /allocations/b28a54fb-9cbc-4d99-bcf2-a53bd9b163ea => generated 257 bytes in 18 msecs (HTTP/1.1 200) 8 headers in 296 bytes (1 switches on core 0)
2026-07-21 07:54:26.128 8 INFO placement.requestlog [req-32edcf79-4a33-45e5-9460-b62cb250bbf0 req-6b17626a-e8a5-412b-8158-47e2fb8fd6aa d9534eb76236442bbde6c69ffefeed5b 9796ff7890114c13968851e69adf92a0 - - f75cd953ec1d47d48337cd8ec909d548 f75cd953ec1d47d48337cd8ec909d548] 199.19.213.199 "GET /allocations/b262033c-dbd3-4a9f-8da1-3b36476fe856" status: 200 len: 257 microversion: 1.28 [pid: 8|app: 0|req: 368/730] 199.19.213.199 () {34 vars in 863 bytes} [Tue Jul 21 07:54:26 2026] GET /allocations/b262033c-dbd3-4a9f-8da1-3b36476fe856 => generated 257 bytes in 15 msecs (HTTP/1.1 200) 8 headers in 296 bytes (1 switches on core 0)
2026-07-21 07:54:26.862 7 INFO placement.requestlog [None req-f191b7c7-bea6-4db4-975c-df1431512c6a 1b6a6b17dc714991a943390189061cea 9796ff7890114c13968851e69adf92a0 - - f75cd953ec1d47d48337cd8ec909d548 f75cd953ec1d47d48337cd8ec909d548] 10.0.0.26 "GET /resource_providers/3f7dfb10-01d2-4509-89ae-e4bac48cbf9b/aggregates" status: 404 len: 235 microversion: 1.1 [pid: 7|app: 0|req: 363/731] 10.0.0.26 () {32 vars in 824 bytes} [Tue Jul 21 07:54:26 2026] GET /resource_providers/3f7dfb10-01d2-4509-89ae-e4bac48cbf9b/aggregates => generated 235 bytes in 11 msecs (HTTP/1.1 404) 5 headers in 202 bytes (1 switches on core 0)
2026-07-21 07:54:26.873 8 INFO placement.requestlog [None req-60245eb7-a8bc-42ab-b006-0057de043921 1b6a6b17dc714991a943390189061cea 9796ff7890114c13968851e69adf92a0 - - f75cd953ec1d47d48337cd8ec909d548 f75cd953ec1d47d48337cd8ec909d548] 10.0.0.26 "GET /resource_providers/3f7dfb10-01d2-4509-89ae-e4bac48cbf9b/aggregates" status: 404 len: 235 microversion: 1.1 [pid: 8|app: 0|req: 369/732] 10.0.0.26 () {32 vars in 824 bytes} [Tue Jul 21 07:54:26 2026] GET /resource_providers/3f7dfb10-01d2-4509-89ae-e4bac48cbf9b/aggregates => generated 235 bytes in 13 msecs (HTTP/1.1 404) 5 headers in 202 bytes (1 switches on core 0)
2026-07-21 07:54:26.877 7 INFO placement.requestlog [None req-570db662-ac20-4de0-ac67-391d59d14c90 1b6a6b17dc714991a943390189061cea 9796ff7890114c13968851e69adf92a0 - - f75cd953ec1d47d48337cd8ec909d548 f75cd953ec1d47d48337cd8ec909d548] 10.0.0.26 "DELETE /resource_providers/3f7dfb10-01d2-4509-89ae-e4bac48cbf9b" status: 404 len: 246 microversion: 1.1 [pid: 7|app: 0|req: 364/733] 10.0.0.26 () {34 vars in 824 bytes} [Tue Jul 21 07:54:26 2026] DELETE /resource_providers/3f7dfb10-01d2-4509-89ae-e4bac48cbf9b => generated 246 bytes in 9 msecs (HTTP/1.1 404) 6 headers in 231 bytes (1 switches on core 0)
2026-07-21 07:54:26.893 8 INFO placement.requestlog [None req-55a82ed5-522b-4652-b284-ec67d53f06bd 1b6a6b17dc714991a943390189061cea 9796ff7890114c13968851e69adf92a0 - - f75cd953ec1d47d48337cd8ec909d548 f75cd953ec1d47d48337cd8ec909d548] 10.0.0.26 "DELETE /resource_providers/3f7dfb10-01d2-4509-89ae-e4bac48cbf9b" status: 404 len: 246 microversion: 1.1 [pid: 8|app: 0|req: 370/734] 10.0.0.26 () {34 vars in 824 bytes} [Tue Jul 21 07:54:26 2026] DELETE /resource_providers/3f7dfb10-01d2-4509-89ae-e4bac48cbf9b => generated 246 bytes in 7 msecs (HTTP/1.1 404) 6 headers in 231 bytes (1 switches on core 0)
2026-07-21 07:54:26.897 7 INFO placement.requestlog [None req-f0a7ccaf-e1d2-427b-9a3f-b27e0a35413c 1b6a6b17dc714991a943390189061cea 9796ff7890114c13968851e69adf92a0 - - f75cd953ec1d47d48337cd8ec909d548 f75cd953ec1d47d48337cd8ec909d548] 10.0.0.26 "GET /resource_providers/f99992a0-6c71-41a0-bb71-9ed1f0ea4a4b/aggregates" status: 404 len: 235 microversion: 1.1 [pid: 7|app: 0|req: 365/735] 10.0.0.26 () {32 vars in 824 bytes} [Tue Jul 21 07:54:26 2026] GET /resource_providers/f99992a0-6c71-41a0-bb71-9ed1f0ea4a4b/aggregates => generated 235 bytes in 11 msecs (HTTP/1.1 404) 5 headers in 202 bytes (1 switches on core 0)
2026-07-21 07:54:26.907 8 INFO placement.requestlog [None req-0e191c26-ba53-4bbc-a070-018d4a85aa58 1b6a6b17dc714991a943390189061cea 9796ff7890114c13968851e69adf92a0 - - f75cd953ec1d47d48337cd8ec909d548 f75cd953ec1d47d48337cd8ec909d548] 10.0.0.26 "GET /resource_providers/f99992a0-6c71-41a0-bb71-9ed1f0ea4a4b/aggregates" status: 404 len: 235 microversion: 1.1 [pid: 8|app: 0|req: 371/736] 10.0.0.26 () {32 vars in 824 bytes} [Tue Jul 21 07:54:26 2026] GET /resource_providers/f99992a0-6c71-41a0-bb71-9ed1f0ea4a4b/aggregates => generated 235 bytes in 8 msecs (HTTP/1.1 404) 5 headers in 202 bytes (1 switches on core 0)
2026-07-21 07:54:26.920 7 INFO placement.requestlog [None req-ef88aaa5-9be6-44a9-9c08-29ed68ee0061 1b6a6b17dc714991a943390189061cea 9796ff7890114c13968851e69adf92a0 - - f75cd953ec1d47d48337cd8ec909d548 f75cd953ec1d47d48337cd8ec909d548] 10.0.0.26 "DELETE /resource_providers/f99992a0-6c71-41a0-bb71-9ed1f0ea4a4b" status: 404 len: 246 microversion: 1.1 [pid: 7|app: 0|req: 366/737] 10.0.0.26 () {34 vars in 824 bytes} [Tue Jul 21 07:54:26 2026] DELETE /resource_providers/f99992a0-6c71-41a0-bb71-9ed1f0ea4a4b => generated 246 bytes in 14 msecs (HTTP/1.1 404) 6 headers in 231 bytes (1 switches on core 0)
2026-07-21 07:54:26.923 8 INFO placement.requestlog [None req-ccc2d411-fdbb-4f7f-a26b-136779acecf0 1b6a6b17dc714991a943390189061cea 9796ff7890114c13968851e69adf92a0 - - f75cd953ec1d47d48337cd8ec909d548 f75cd953ec1d47d48337cd8ec909d548] 10.0.0.26 "DELETE /resource_providers/f99992a0-6c71-41a0-bb71-9ed1f0ea4a4b" status: 404 len: 246 microversion: 1.1 [pid: 8|app: 0|req: 372/738] 10.0.0.26 () {34 vars in 824 bytes} [Tue Jul 21 07:54:26 2026] DELETE /resource_providers/f99992a0-6c71-41a0-bb71-9ed1f0ea4a4b => generated 246 bytes in 12 msecs (HTTP/1.1 404) 6 headers in 231 bytes (1 switches on core 0)
2026-07-21 07:54:29.275 7 INFO placement.requestlog [None req-c14f10e9-e188-404f-9b4b-6a9c23f5643a - - - - - -] 10.0.0.151 "GET /" status: 200 len: 136 microversion: 1.0
2026-07-21 07:54:29.275 8 INFO placement.requestlog [None req-258d725e-520d-45d6-bd63-2678650c57d0 - - - - - -] 10.0.0.151 "GET /" status: 200 len: 136 microversion: 1.0
2026-07-21 07:54:32.480 7 INFO placement.requestlog [req-ea89707c-90ee-42ce-9d80-dfd3dcc0bae7 req-68cc0f23-7ce8-4d37-9531-b35361b72aa0 d9534eb76236442bbde6c69ffefeed5b 9796ff7890114c13968851e69adf92a0 - - f75cd953ec1d47d48337cd8ec909d548 f75cd953ec1d47d48337cd8ec909d548] 199.19.213.199 "GET /resource_providers/22ea1791-8165-48d4-b8e5-560ec5a4f617/allocations" status: 200 len: 252 microversion: 1.0 [pid: 7|app: 0|req: 368/741] 199.19.213.199 () {32 vars in 857 bytes} [Tue Jul 21 07:54:32 2026] GET /resource_providers/22ea1791-8165-48d4-b8e5-560ec5a4f617/allocations => generated 252 bytes in 21 msecs (HTTP/1.1 200) 6 headers in 224 bytes (1 switches on core 0)
2026-07-21 07:54:32.507 8 INFO placement.requestlog [req-ea89707c-90ee-42ce-9d80-dfd3dcc0bae7 req-b3208e75-26a5-4c74-ba49-aa74156d113a d9534eb76236442bbde6c69ffefeed5b 9796ff7890114c13968851e69adf92a0 - - f75cd953ec1d47d48337cd8ec909d548 f75cd953ec1d47d48337cd8ec909d548] 199.19.213.199 "GET /allocations/b28a54fb-9cbc-4d99-bcf2-a53bd9b163ea" status: 200 len: 257 microversion: 1.28 [pid: 8|app: 0|req: 374/742] 199.19.213.199 () {34 vars in 863 bytes} [Tue Jul 21 07:54:32 2026] GET /allocations/b28a54fb-9cbc-4d99-bcf2-a53bd9b163ea => generated 257 bytes in 18 msecs (HTTP/1.1 200) 8 headers in 296 bytes (1 switches on core 0)
2026-07-21 07:54:32.547 7 INFO placement.requestlog [req-ea89707c-90ee-42ce-9d80-dfd3dcc0bae7 req-4e5a7908-8e96-4848-abdd-d60381a2bdd4 d9534eb76236442bbde6c69ffefeed5b 9796ff7890114c13968851e69adf92a0 - - f75cd953ec1d47d48337cd8ec909d548 f75cd953ec1d47d48337cd8ec909d548] 199.19.213.199 "GET /allocations/b262033c-dbd3-4a9f-8da1-3b36476fe856" status: 200 len: 257 microversion: 1.28 [pid: 7|app: 0|req: 369/743] 199.19.213.199 () {34 vars in 863 bytes} [Tue Jul 21 07:54:32 2026] GET /allocations/b262033c-dbd3-4a9f-8da1-3b36476fe856 => generated 257 bytes in 28 msecs (HTTP/1.1 200) 8 headers in 296 bytes (1 switches on core 0)
2026-07-21 07:54:32.603 8 INFO placement.requestlog [req-ea89707c-90ee-42ce-9d80-dfd3dcc0bae7 req-ca259891-a55e-4b68-914b-2a10bd2c0abc d9534eb76236442bbde6c69ffefeed5b 9796ff7890114c13968851e69adf92a0 - - f75cd953ec1d47d48337cd8ec909d548 f75cd953ec1d47d48337cd8ec909d548] 199.19.213.199 "DELETE /allocations/b28a54fb-9cbc-4d99-bcf2-a53bd9b163ea" status: 204 len: 0 microversion: 1.0 [pid: 8|app: 0|req: 375/744] 199.19.213.199 () {34 vars in 841 bytes} [Tue Jul 21 07:54:32 2026] DELETE /allocations/b28a54fb-9cbc-4d99-bcf2-a53bd9b163ea => generated 0 bytes in 24 msecs (HTTP/1.1 204) 5 headers in 198 bytes (1 switches on core 0)
2026-07-21 07:54:33.914 8 INFO placement.requestlog [None req-08ceee7d-ca69-413c-aa39-012d6e1ce61e 1b6a6b17dc714991a943390189061cea 9796ff7890114c13968851e69adf92a0 - - f75cd953ec1d47d48337cd8ec909d548 f75cd953ec1d47d48337cd8ec909d548] 10.0.0.26 "GET /resource_providers/9f461d74-57f0-49b2-abb4-90a376434cb1/aggregates" status: 404 len: 235 microversion: 1.1 [pid: 8|app: 0|req: 376/745] 10.0.0.26 () {32 vars in 824 bytes} [Tue Jul 21 07:54:33 2026] GET /resource_providers/9f461d74-57f0-49b2-abb4-90a376434cb1/aggregates => generated 235 bytes in 10 msecs (HTTP/1.1 404) 5 headers in 202 bytes (1 switches on core 0)
2026-07-21 07:54:33.916 7 INFO placement.requestlog [None req-1da849c5-6518-4cce-aee2-10ebaabedfed 1b6a6b17dc714991a943390189061cea 9796ff7890114c13968851e69adf92a0 - - f75cd953ec1d47d48337cd8ec909d548 f75cd953ec1d47d48337cd8ec909d548] 10.0.0.26 "GET /resource_providers/9f461d74-57f0-49b2-abb4-90a376434cb1/aggregates" status: 404 len: 235 microversion: 1.1 [pid: 7|app: 0|req: 370/746] 10.0.0.26 () {32 vars in 824 bytes} [Tue Jul 21 07:54:33 2026] GET /resource_providers/9f461d74-57f0-49b2-abb4-90a376434cb1/aggregates => generated 235 bytes in 12 msecs (HTTP/1.1 404) 5 headers in 202 bytes (1 switches on core 0)
2026-07-21 07:54:33.938 8 INFO placement.requestlog [None req-fe64b8ec-a0a9-4959-9b47-f4b95724c2c6 1b6a6b17dc714991a943390189061cea 9796ff7890114c13968851e69adf92a0 - - f75cd953ec1d47d48337cd8ec909d548 f75cd953ec1d47d48337cd8ec909d548] 10.0.0.26 "DELETE /resource_providers/9f461d74-57f0-49b2-abb4-90a376434cb1" status: 404 len: 246 microversion: 1.1 [pid: 8|app: 0|req: 377/747] 10.0.0.26 () {34 vars in 824 bytes} [Tue Jul 21 07:54:33 2026] DELETE /resource_providers/9f461d74-57f0-49b2-abb4-90a376434cb1 => generated 246 bytes in 10 msecs (HTTP/1.1 404) 6 headers in 231 bytes (1 switches on core 0)
2026-07-21 07:54:33.952 7 INFO placement.requestlog [None req-810d0fb6-3661-49d4-b25b-6613c1fd69c4 1b6a6b17dc714991a943390189061cea 9796ff7890114c13968851e69adf92a0 - - f75cd953ec1d47d48337cd8ec909d548 f75cd953ec1d47d48337cd8ec909d548] 10.0.0.26 "DELETE /resource_providers/9f461d74-57f0-49b2-abb4-90a376434cb1" status: 404 len: 246 microversion: 1.1 [pid: 7|app: 0|req: 371/748] 10.0.0.26 () {34 vars in 824 bytes} [Tue Jul 21 07:54:33 2026] DELETE /resource_providers/9f461d74-57f0-49b2-abb4-90a376434cb1 => generated 246 bytes in 13 msecs (HTTP/1.1 404) 6 headers in 231 bytes (1 switches on core 0)
2026-07-21 07:54:35.968 8 INFO placement.requestlog [None req-f9e78cb6-3ff4-4550-be8a-2a0cbcc9669f 1b6a6b17dc714991a943390189061cea 9796ff7890114c13968851e69adf92a0 - - f75cd953ec1d47d48337cd8ec909d548 f75cd953ec1d47d48337cd8ec909d548] 10.0.0.26 "GET /resource_providers/b4e332f6-1214-4339-a1ef-08b3faa68be9/aggregates" status: 404 len: 235 microversion: 1.1 [pid: 8|app: 0|req: 378/749] 10.0.0.26 () {32 vars in 824 bytes} [Tue Jul 21 07:54:35 2026] GET /resource_providers/b4e332f6-1214-4339-a1ef-08b3faa68be9/aggregates => generated 235 bytes in 13 msecs (HTTP/1.1 404) 5 headers in 202 bytes (1 switches on core 0)
2026-07-21 07:54:35.973 7 INFO placement.requestlog [None req-69688f39-96ce-4d03-af2f-38dced5624cb 1b6a6b17dc714991a943390189061cea 9796ff7890114c13968851e69adf92a0 - - f75cd953ec1d47d48337cd8ec909d548 f75cd953ec1d47d48337cd8ec909d548] 10.0.0.26 "GET /resource_providers/b4e332f6-1214-4339-a1ef-08b3faa68be9/aggregates" status: 404 len: 235 microversion: 1.1 [pid: 7|app: 0|req: 372/750] 10.0.0.26 () {32 vars in 824 bytes} [Tue Jul 21 07:54:35 2026] GET /resource_providers/b4e332f6-1214-4339-a1ef-08b3faa68be9/aggregates => generated 235 bytes in 13 msecs (HTTP/1.1 404) 5 headers in 202 bytes (1 switches on core 0)
2026-07-21 07:54:35.988 8 INFO placement.requestlog [None req-fa1a8914-9f1c-4013-ba92-a27b89721e2b 1b6a6b17dc714991a943390189061cea 9796ff7890114c13968851e69adf92a0 - - f75cd953ec1d47d48337cd8ec909d548 f75cd953ec1d47d48337cd8ec909d548] 10.0.0.26 "DELETE /resource_providers/b4e332f6-1214-4339-a1ef-08b3faa68be9" status: 404 len: 246 microversion: 1.1 [pid: 8|app: 0|req: 379/751] 10.0.0.26 () {34 vars in 824 bytes} [Tue Jul 21 07:54:35 2026] DELETE /resource_providers/b4e332f6-1214-4339-a1ef-08b3faa68be9 => generated 246 bytes in 14 msecs (HTTP/1.1 404) 6 headers in 231 bytes (1 switches on core 0)
2026-07-21 07:54:35.988 7 INFO placement.requestlog [None req-f58a7cf0-7b5e-4875-b8a1-45fe73650b0f 1b6a6b17dc714991a943390189061cea 9796ff7890114c13968851e69adf92a0 - - f75cd953ec1d47d48337cd8ec909d548 f75cd953ec1d47d48337cd8ec909d548] 10.0.0.26 "DELETE /resource_providers/b4e332f6-1214-4339-a1ef-08b3faa68be9" status: 404 len: 246 microversion: 1.1 [pid: 7|app: 0|req: 373/752] 10.0.0.26 () {34 vars in 824 bytes} [Tue Jul 21 07:54:35 2026] DELETE /resource_providers/b4e332f6-1214-4339-a1ef-08b3faa68be9 => generated 246 bytes in 9 msecs (HTTP/1.1 404) 6 headers in 231 bytes (1 switches on core 0)
2026-07-21 07:54:36.011 8 INFO placement.requestlog [None req-a17db601-0144-43dd-870e-9536a02b19e6 1b6a6b17dc714991a943390189061cea 9796ff7890114c13968851e69adf92a0 - - f75cd953ec1d47d48337cd8ec909d548 f75cd953ec1d47d48337cd8ec909d548] 10.0.0.26 "GET /resource_providers/28b36ffb-c8c2-4ac8-b239-654af8f3dbf0/aggregates" status: 404 len: 235 microversion: 1.1 [pid: 8|app: 0|req: 380/753] 10.0.0.26 () {32 vars in 824 bytes} [Tue Jul 21 07:54:35 2026] GET /resource_providers/28b36ffb-c8c2-4ac8-b239-654af8f3dbf0/aggregates => generated 235 bytes in 12 msecs (HTTP/1.1 404) 5 headers in 202 bytes (1 switches on core 0)
2026-07-21 07:54:36.016 7 INFO placement.requestlog [None req-bb550f26-3261-45d4-b25f-8672366bb18e 1b6a6b17dc714991a943390189061cea 9796ff7890114c13968851e69adf92a0 - - f75cd953ec1d47d48337cd8ec909d548 f75cd953ec1d47d48337cd8ec909d548] 10.0.0.26 "GET /resource_providers/28b36ffb-c8c2-4ac8-b239-654af8f3dbf0/aggregates" status: 404 len: 235 microversion: 1.1 [pid: 7|app: 0|req: 374/754] 10.0.0.26 () {32 vars in 824 bytes} [Tue Jul 21 07:54:35 2026] GET /resource_providers/28b36ffb-c8c2-4ac8-b239-654af8f3dbf0/aggregates => generated 235 bytes in 17 msecs (HTTP/1.1 404) 5 headers in 202 bytes (1 switches on core 0)
2026-07-21 07:54:36.036 7 INFO placement.requestlog [None req-e82b6353-ae13-4d28-908c-4e94a7e1c803 1b6a6b17dc714991a943390189061cea 9796ff7890114c13968851e69adf92a0 - - f75cd953ec1d47d48337cd8ec909d548 f75cd953ec1d47d48337cd8ec909d548] 10.0.0.26 "DELETE /resource_providers/28b36ffb-c8c2-4ac8-b239-654af8f3dbf0" status: 404 len: 246 microversion: 1.1 [pid: 7|app: 0|req: 375/755] 10.0.0.26 () {34 vars in 824 bytes} [Tue Jul 21 07:54:36 2026] DELETE /resource_providers/28b36ffb-c8c2-4ac8-b239-654af8f3dbf0 => generated 246 bytes in 8 msecs (HTTP/1.1 404) 6 headers in 231 bytes (1 switches on core 0)
2026-07-21 07:54:36.039 8 INFO placement.requestlog [None req-e06b2067-7fd7-4b45-a209-590fae7d1643 1b6a6b17dc714991a943390189061cea 9796ff7890114c13968851e69adf92a0 - - f75cd953ec1d47d48337cd8ec909d548 f75cd953ec1d47d48337cd8ec909d548] 10.0.0.26 "DELETE /resource_providers/28b36ffb-c8c2-4ac8-b239-654af8f3dbf0" status: 404 len: 246 microversion: 1.1 [pid: 8|app: 0|req: 381/756] 10.0.0.26 () {34 vars in 824 bytes} [Tue Jul 21 07:54:36 2026] DELETE /resource_providers/28b36ffb-c8c2-4ac8-b239-654af8f3dbf0 => generated 246 bytes in 10 msecs (HTTP/1.1 404) 6 headers in 231 bytes (1 switches on core 0)
2026-07-21 07:54:36.065 7 INFO placement.requestlog [None req-ca43b578-cac1-4462-9fda-d8fb7920cdbb 1b6a6b17dc714991a943390189061cea 9796ff7890114c13968851e69adf92a0 - - f75cd953ec1d47d48337cd8ec909d548 f75cd953ec1d47d48337cd8ec909d548] 10.0.0.26 "GET /resource_providers/46867539-1483-4a67-9ecc-bd26b5617328/aggregates" status: 404 len: 235 microversion: 1.1 [pid: 7|app: 0|req: 376/757] 10.0.0.26 () {32 vars in 824 bytes} [Tue Jul 21 07:54:36 2026] GET /resource_providers/46867539-1483-4a67-9ecc-bd26b5617328/aggregates => generated 235 bytes in 9 msecs (HTTP/1.1 404) 5 headers in 202 bytes (1 switches on core 0)
2026-07-21 07:54:36.067 8 INFO placement.requestlog [None req-604a36e9-687f-4cc0-93ad-f0233098ff52 1b6a6b17dc714991a943390189061cea 9796ff7890114c13968851e69adf92a0 - - f75cd953ec1d47d48337cd8ec909d548 f75cd953ec1d47d48337cd8ec909d548] 10.0.0.26 "GET /resource_providers/46867539-1483-4a67-9ecc-bd26b5617328/aggregates" status: 404 len: 235 microversion: 1.1 [pid: 8|app: 0|req: 382/758] 10.0.0.26 () {32 vars in 824 bytes} [Tue Jul 21 07:54:36 2026] GET /resource_providers/46867539-1483-4a67-9ecc-bd26b5617328/aggregates => generated 235 bytes in 12 msecs (HTTP/1.1 404) 5 headers in 202 bytes (1 switches on core 0)
2026-07-21 07:54:36.095 7 INFO placement.requestlog [None req-0af253b4-6c30-4c59-90a0-d7052c4c04fa 1b6a6b17dc714991a943390189061cea 9796ff7890114c13968851e69adf92a0 - - f75cd953ec1d47d48337cd8ec909d548 f75cd953ec1d47d48337cd8ec909d548] 10.0.0.26 "DELETE /resource_providers/46867539-1483-4a67-9ecc-bd26b5617328" status: 404 len: 246 microversion: 1.1 [pid: 7|app: 0|req: 377/759] 10.0.0.26 () {34 vars in 824 bytes} [Tue Jul 21 07:54:36 2026] DELETE /resource_providers/46867539-1483-4a67-9ecc-bd26b5617328 => generated 246 bytes in 11 msecs (HTTP/1.1 404) 6 headers in 231 bytes (1 switches on core 0)
2026-07-21 07:54:36.096 8 INFO placement.requestlog [None req-5160cb1c-ee94-42c1-96fd-e8f9c23ebe0c 1b6a6b17dc714991a943390189061cea 9796ff7890114c13968851e69adf92a0 - - f75cd953ec1d47d48337cd8ec909d548 f75cd953ec1d47d48337cd8ec909d548] 10.0.0.26 "DELETE /resource_providers/46867539-1483-4a67-9ecc-bd26b5617328" status: 404 len: 246 microversion: 1.1 [pid: 8|app: 0|req: 383/760] 10.0.0.26 () {34 vars in 824 bytes} [Tue Jul 21 07:54:36 2026] DELETE /resource_providers/46867539-1483-4a67-9ecc-bd26b5617328 => generated 246 bytes in 11 msecs (HTTP/1.1 404) 6 headers in 231 bytes (1 switches on core 0)
2026-07-21 07:54:36.131 7 INFO placement.requestlog [None req-ef046304-d7ea-4591-a78a-637ace335bcd 1b6a6b17dc714991a943390189061cea 9796ff7890114c13968851e69adf92a0 - - f75cd953ec1d47d48337cd8ec909d548 f75cd953ec1d47d48337cd8ec909d548] 10.0.0.26 "GET /resource_providers/d972466e-97ac-4da5-9eaf-db4b9e57f691/aggregates" status: 404 len: 235 microversion: 1.1 [pid: 7|app: 0|req: 378/761] 10.0.0.26 () {32 vars in 824 bytes} [Tue Jul 21 07:54:36 2026] GET /resource_providers/d972466e-97ac-4da5-9eaf-db4b9e57f691/aggregates => generated 235 bytes in 10 msecs (HTTP/1.1 404) 5 headers in 202 bytes (1 switches on core 0)
2026-07-21 07:54:36.132 8 INFO placement.requestlog [None req-93a35a58-3595-4ebf-95b7-fcc8ac568df1 1b6a6b17dc714991a943390189061cea 9796ff7890114c13968851e69adf92a0 - - f75cd953ec1d47d48337cd8ec909d548 f75cd953ec1d47d48337cd8ec909d548] 10.0.0.26 "GET /resource_providers/d972466e-97ac-4da5-9eaf-db4b9e57f691/aggregates" status: 404 len: 235 microversion: 1.1 [pid: 8|app: 0|req: 384/762] 10.0.0.26 () {32 vars in 824 bytes} [Tue Jul 21 07:54:36 2026] GET /resource_providers/d972466e-97ac-4da5-9eaf-db4b9e57f691/aggregates => generated 235 bytes in 10 msecs (HTTP/1.1 404) 5 headers in 202 bytes (1 switches on core 0)
2026-07-21 07:54:36.137 7 INFO placement.requestlog [None req-ba4e3d05-e62c-42a4-92d3-52617a26171b 1b6a6b17dc714991a943390189061cea 9796ff7890114c13968851e69adf92a0 - - f75cd953ec1d47d48337cd8ec909d548 f75cd953ec1d47d48337cd8ec909d548] 10.0.0.26 "GET /resource_providers/c93418de-4f7b-418b-b49f-8b7e38a66d29/aggregates" status: 404 len: 235 microversion: 1.1 [pid: 7|app: 0|req: 379/763] 10.0.0.26 () {32 vars in 824 bytes} [Tue Jul 21 07:54:36 2026] GET /resource_providers/c93418de-4f7b-418b-b49f-8b7e38a66d29/aggregates => generated 235 bytes in 6 msecs (HTTP/1.1 404) 5 headers in 202 bytes (1 switches on core 0)
2026-07-21 07:54:36.138 8 INFO placement.requestlog [None req-901ac38d-63f8-4e57-8a19-24279da4d71a 1b6a6b17dc714991a943390189061cea 9796ff7890114c13968851e69adf92a0 - - f75cd953ec1d47d48337cd8ec909d548 f75cd953ec1d47d48337cd8ec909d548] 10.0.0.26 "GET /resource_providers/c93418de-4f7b-418b-b49f-8b7e38a66d29/aggregates" status: 404 len: 235 microversion: 1.1 [pid: 8|app: 0|req: 385/764] 10.0.0.26 () {32 vars in 824 bytes} [Tue Jul 21 07:54:36 2026] GET /resource_providers/c93418de-4f7b-418b-b49f-8b7e38a66d29/aggregates => generated 235 bytes in 6 msecs (HTTP/1.1 404) 5 headers in 202 bytes (1 switches on core 0)
2026-07-21 07:54:36.149 8 INFO placement.requestlog [None req-c4d4121d-4669-4696-925b-4275279fce44 1b6a6b17dc714991a943390189061cea 9796ff7890114c13968851e69adf92a0 - - f75cd953ec1d47d48337cd8ec909d548 f75cd953ec1d47d48337cd8ec909d548] 10.0.0.26 "DELETE /resource_providers/d972466e-97ac-4da5-9eaf-db4b9e57f691" status: 404 len: 246 microversion: 1.1 [pid: 8|app: 0|req: 386/765] 10.0.0.26 () {34 vars in 824 bytes} [Tue Jul 21 07:54:36 2026] DELETE /resource_providers/d972466e-97ac-4da5-9eaf-db4b9e57f691 => generated 246 bytes in 6 msecs (HTTP/1.1 404) 6 headers in 231 bytes (1 switches on core 0)
2026-07-21 07:54:36.157 7 INFO placement.requestlog [None req-8c3a3ea3-878d-4e81-809d-1b088ab89c9a 1b6a6b17dc714991a943390189061cea 9796ff7890114c13968851e69adf92a0 - - f75cd953ec1d47d48337cd8ec909d548 f75cd953ec1d47d48337cd8ec909d548] 10.0.0.26 "DELETE /resource_providers/d972466e-97ac-4da5-9eaf-db4b9e57f691" status: 404 len: 246 microversion: 1.1 [pid: 7|app: 0|req: 380/766] 10.0.0.26 () {34 vars in 824 bytes} [Tue Jul 21 07:54:36 2026] DELETE /resource_providers/d972466e-97ac-4da5-9eaf-db4b9e57f691 => generated 246 bytes in 16 msecs (HTTP/1.1 404) 6 headers in 231 bytes (1 switches on core 0)
2026-07-21 07:54:36.166 7 INFO placement.requestlog [None req-531e8d58-0b8a-4171-abc0-fa3188a71326 1b6a6b17dc714991a943390189061cea 9796ff7890114c13968851e69adf92a0 - - f75cd953ec1d47d48337cd8ec909d548 f75cd953ec1d47d48337cd8ec909d548] 10.0.0.26 "DELETE /resource_providers/c93418de-4f7b-418b-b49f-8b7e38a66d29" status: 404 len: 246 microversion: 1.1 [pid: 7|app: 0|req: 381/767] 10.0.0.26 () {34 vars in 824 bytes} [Tue Jul 21 07:54:36 2026] DELETE /resource_providers/c93418de-4f7b-418b-b49f-8b7e38a66d29 => generated 246 bytes in 8 msecs (HTTP/1.1 404) 6 headers in 231 bytes (1 switches on core 0)
2026-07-21 07:54:36.169 8 INFO placement.requestlog [None req-15f1ac93-a714-48ab-9e1e-c5ba057ddd77 1b6a6b17dc714991a943390189061cea 9796ff7890114c13968851e69adf92a0 - - f75cd953ec1d47d48337cd8ec909d548 f75cd953ec1d47d48337cd8ec909d548] 10.0.0.26 "DELETE /resource_providers/c93418de-4f7b-418b-b49f-8b7e38a66d29" status: 404 len: 246 microversion: 1.1 [pid: 8|app: 0|req: 387/768] 10.0.0.26 () {34 vars in 824 bytes} [Tue Jul 21 07:54:36 2026] DELETE /resource_providers/c93418de-4f7b-418b-b49f-8b7e38a66d29 => generated 246 bytes in 16 msecs (HTTP/1.1 404) 6 headers in 231 bytes (1 switches on core 0)
2026-07-21 07:54:38.172 7 INFO placement.requestlog [None req-701171a2-abbf-4947-b6d3-de8a7f3bcc15 1b6a6b17dc714991a943390189061cea 9796ff7890114c13968851e69adf92a0 - - f75cd953ec1d47d48337cd8ec909d548 f75cd953ec1d47d48337cd8ec909d548] 10.0.0.26 "GET /resource_providers/66b93ed5-4a59-4077-8a37-ffd14c561e2b/aggregates" status: 404 len: 235 microversion: 1.1 [pid: 7|app: 0|req: 382/769] 10.0.0.26 () {32 vars in 824 bytes} [Tue Jul 21 07:54:38 2026] GET /resource_providers/66b93ed5-4a59-4077-8a37-ffd14c561e2b/aggregates => generated 235 bytes in 14 msecs (HTTP/1.1 404) 5 headers in 202 bytes (1 switches on core 0)
2026-07-21 07:54:38.184 8 INFO placement.requestlog [None req-11d7baab-6b2c-4501-ad88-dd2724534975 1b6a6b17dc714991a943390189061cea 9796ff7890114c13968851e69adf92a0 - - f75cd953ec1d47d48337cd8ec909d548 f75cd953ec1d47d48337cd8ec909d548] 10.0.0.26 "GET /resource_providers/66b93ed5-4a59-4077-8a37-ffd14c561e2b/aggregates" status: 404 len: 235 microversion: 1.1 [pid: 8|app: 0|req: 388/770] 10.0.0.26 () {32 vars in 824 bytes} [Tue Jul 21 07:54:38 2026] GET /resource_providers/66b93ed5-4a59-4077-8a37-ffd14c561e2b/aggregates => generated 235 bytes in 14 msecs (HTTP/1.1 404) 5 headers in 202 bytes (1 switches on core 0)
2026-07-21 07:54:38.196 7 INFO placement.requestlog [None req-f6714b10-7194-48b3-a8cc-cb200a571535 1b6a6b17dc714991a943390189061cea 9796ff7890114c13968851e69adf92a0 - - f75cd953ec1d47d48337cd8ec909d548 f75cd953ec1d47d48337cd8ec909d548] 10.0.0.26 "DELETE /resource_providers/66b93ed5-4a59-4077-8a37-ffd14c561e2b" status: 404 len: 246 microversion: 1.1 [pid: 7|app: 0|req: 383/771] 10.0.0.26 () {34 vars in 824 bytes} [Tue Jul 21 07:54:38 2026] DELETE /resource_providers/66b93ed5-4a59-4077-8a37-ffd14c561e2b => generated 246 bytes in 18 msecs (HTTP/1.1 404) 6 headers in 231 bytes (1 switches on core 0)
2026-07-21 07:54:38.208 8 INFO placement.requestlog [None req-3ae85409-327a-4565-9212-90b61dd9f8b6 1b6a6b17dc714991a943390189061cea 9796ff7890114c13968851e69adf92a0 - - f75cd953ec1d47d48337cd8ec909d548 f75cd953ec1d47d48337cd8ec909d548] 10.0.0.26 "DELETE /resource_providers/66b93ed5-4a59-4077-8a37-ffd14c561e2b" status: 404 len: 246 microversion: 1.1 [pid: 8|app: 0|req: 389/772] 10.0.0.26 () {34 vars in 824 bytes} [Tue Jul 21 07:54:38 2026] DELETE /resource_providers/66b93ed5-4a59-4077-8a37-ffd14c561e2b => generated 246 bytes in 12 msecs (HTTP/1.1 404) 6 headers in 231 bytes (1 switches on core 0)
2026-07-21 07:54:39.271 8 INFO placement.requestlog [None req-934460e9-f935-4244-bf74-81afbfcbc13c - - - - - -] 10.0.0.151 "GET /" status: 200 len: 136 microversion: 1.0
2026-07-21 07:54:39.271 7 INFO placement.requestlog [None req-0539b1b3-1442-4b1a-b10f-00bdaf626cb7 - - - - - -] 10.0.0.151 "GET /" status: 200 len: 136 microversion: 1.0
2026-07-21 07:54:43.623 7 INFO placement.requestlog [None req-b5215049-14a0-4675-af0a-85fad704991e 1b6a6b17dc714991a943390189061cea 9796ff7890114c13968851e69adf92a0 - - f75cd953ec1d47d48337cd8ec909d548 f75cd953ec1d47d48337cd8ec909d548] 10.0.0.26 "GET /resource_providers/f749434b-5d1e-4092-b4e0-da5f7811275a/aggregates" status: 404 len: 235 microversion: 1.1 [pid: 7|app: 0|req: 385/775] 10.0.0.26 () {32 vars in 824 bytes} [Tue Jul 21 07:54:43 2026] GET /resource_providers/f749434b-5d1e-4092-b4e0-da5f7811275a/aggregates => generated 235 bytes in 14 msecs (HTTP/1.1 404) 5 headers in 202 bytes (1 switches on core 0)
