2026-07-15 00:13:35.850 9 INFO neutron.api.wsgi [req-2a979416-c55f-43c6-b57d-68f7f3bfed73 req-d508b317-f02c-4b95-96e3-6fa706f43f96 d5ae2cf065ab44848f923adf2beddf32 4a149269de794c39877fe605b8c6d58d - - f0d5bd53a426406e954dc45cfa6f09c6 f0d5bd53a426406e954dc45cfa6f09c6] 199.19.213.73 "GET /v2.0/ports?tenant_id=e5b400080edf41d491a733278747ae22&device_id=ad59e520-f544-423d-a033-b2178bb91133 HTTP/1.1" status: 200 len: 1590 time: 0.0307095
2026-07-15 00:13:35.854 9 WARNING neutron_lib.context [None req-68370a90-66a2-4a26-b495-2a6678441a92 52bca0e2d7db4b99869dcb1d34280605 ffa1154696dc4003a1f0148d4814c45a - - default default] Method 'is_advsvc' is deprecated since 2023.2 release (neutron-lib 3.8.0) and will be removed once support for the old RBAC API policies will be removed from Neutron. Please use method 'is_service_role' instead.
2026-07-15 00:13:35.914 9 INFO neutron.api.wsgi [req-2a979416-c55f-43c6-b57d-68f7f3bfed73 req-224717bd-2814-475d-b6cf-4c8b3b62037b d5ae2cf065ab44848f923adf2beddf32 4a149269de794c39877fe605b8c6d58d - - f0d5bd53a426406e954dc45cfa6f09c6 f0d5bd53a426406e954dc45cfa6f09c6] 199.19.213.73 "GET /v2.0/networks?id=73bba3e6-2532-4fe5-b732-f029c94a638d HTTP/1.1" status: 200 len: 982 time: 0.0571671
2026-07-15 00:13:35.937 9 INFO neutron.api.wsgi [req-2a979416-c55f-43c6-b57d-68f7f3bfed73 req-94a4836c-10ef-4449-930c-6f8bfa9c7908 d5ae2cf065ab44848f923adf2beddf32 4a149269de794c39877fe605b8c6d58d - - f0d5bd53a426406e954dc45cfa6f09c6 f0d5bd53a426406e954dc45cfa6f09c6] 199.19.213.73 "GET /v2.0/floatingips?fixed_ip_address=10.100.0.13&port_id=4a42108a-8e63-4d81-a04b-d3e2bfa7a1d8 HTTP/1.1" status: 200 len: 217 time: 0.0167654
2026-07-15 00:13:35.998 9 INFO neutron.api.wsgi [req-2a979416-c55f-43c6-b57d-68f7f3bfed73 req-d44aea66-ef4d-41e0-8200-34fa6ebec541 d5ae2cf065ab44848f923adf2beddf32 4a149269de794c39877fe605b8c6d58d - - f0d5bd53a426406e954dc45cfa6f09c6 f0d5bd53a426406e954dc45cfa6f09c6] 199.19.213.73 "GET /v2.0/floatingips?fixed_ip_address=10.100.0.8&port_id=4a42108a-8e63-4d81-a04b-d3e2bfa7a1d8 HTTP/1.1" status: 200 len: 1059 time: 0.0532730
2026-07-15 00:13:36.037 9 INFO neutron.db.ovn_revision_numbers_db [None req-68370a90-66a2-4a26-b495-2a6678441a92 52bca0e2d7db4b99869dcb1d34280605 ffa1154696dc4003a1f0148d4814c45a - - default default] Successfully bumped revision number for resource 2421a605-7950-4b1b-91b1-be02bf02b48f (type: security_group_rules) to 0
2026-07-15 00:13:36.043 9 INFO neutron.api.wsgi [req-2a979416-c55f-43c6-b57d-68f7f3bfed73 req-7a13894a-f974-4228-bcc6-f0b502ac158c d5ae2cf065ab44848f923adf2beddf32 4a149269de794c39877fe605b8c6d58d - - f0d5bd53a426406e954dc45cfa6f09c6 f0d5bd53a426406e954dc45cfa6f09c6] 199.19.213.73 "GET /v2.0/subnets?id=8b00f527-8607-4bcc-b051-9c1a28fec54c HTTP/1.1" status: 200 len: 901 time: 0.0378509
2026-07-15 00:13:36.064 9 INFO neutron.api.wsgi [req-2a979416-c55f-43c6-b57d-68f7f3bfed73 req-d60267dc-e79c-4b35-93d0-d10e8efce343 d5ae2cf065ab44848f923adf2beddf32 4a149269de794c39877fe605b8c6d58d - - f0d5bd53a426406e954dc45cfa6f09c6 f0d5bd53a426406e954dc45cfa6f09c6] 199.19.213.73 "GET /v2.0/ports?network_id=73bba3e6-2532-4fe5-b732-f029c94a638d&device_owner=network%3Adhcp HTTP/1.1" status: 200 len: 210 time: 0.0147221
2026-07-15 00:13:36.088 9 INFO neutron.api.wsgi [None req-68370a90-66a2-4a26-b495-2a6678441a92 52bca0e2d7db4b99869dcb1d34280605 ffa1154696dc4003a1f0148d4814c45a - - default default] 10.0.0.197 "POST /v2.0/security-group-rules HTTP/1.1" status: 201 len: 801 time: 0.2367122
2026-07-15 00:13:36.096 9 WARNING neutron_lib.context [None req-24c103ed-ef5d-47ea-ac74-00c3292d4d76 52bca0e2d7db4b99869dcb1d34280605 ffa1154696dc4003a1f0148d4814c45a - - default default] Method 'is_advsvc' is deprecated since 2023.2 release (neutron-lib 3.8.0) and will be removed once support for the old RBAC API policies will be removed from Neutron. Please use method 'is_service_role' instead.
2026-07-15 00:13:36.129 9 INFO neutron.api.wsgi [req-2a979416-c55f-43c6-b57d-68f7f3bfed73 req-4a27b860-c38d-44c8-8288-a35cae7f7b73 d5ae2cf065ab44848f923adf2beddf32 4a149269de794c39877fe605b8c6d58d - - f0d5bd53a426406e954dc45cfa6f09c6 f0d5bd53a426406e954dc45cfa6f09c6] 199.19.213.73 "GET /v2.0/networks/73bba3e6-2532-4fe5-b732-f029c94a638d?fields=segments HTTP/1.1" status: 200 len: 212 time: 0.0608399
2026-07-15 00:13:36.180 9 INFO neutron.api.wsgi [req-2a979416-c55f-43c6-b57d-68f7f3bfed73 req-4001743a-3236-46d4-b38b-130122e7e898 d5ae2cf065ab44848f923adf2beddf32 4a149269de794c39877fe605b8c6d58d - - f0d5bd53a426406e954dc45cfa6f09c6 f0d5bd53a426406e954dc45cfa6f09c6] 199.19.213.73 "GET /v2.0/networks/73bba3e6-2532-4fe5-b732-f029c94a638d?fields=provider%3Aphysical_network&fields=provider%3Anetwork_type HTTP/1.1" status: 200 len: 277 time: 0.0456772
2026-07-15 00:13:36.306 9 WARNING neutron.scheduler.dhcp_agent_scheduler [None req-24c103ed-ef5d-47ea-ac74-00c3292d4d76 52bca0e2d7db4b99869dcb1d34280605 ffa1154696dc4003a1f0148d4814c45a - - default default] No more DHCP agents
2026-07-15 00:13:36.307 9 WARNING neutron.api.rpc.agentnotifiers.dhcp_rpc_agent_api [None req-24c103ed-ef5d-47ea-ac74-00c3292d4d76 52bca0e2d7db4b99869dcb1d34280605 ffa1154696dc4003a1f0148d4814c45a - - default default] Unable to schedule network 11c62d4d-75c2-42dc-a014-8b9c456f30a2: no agents available; will retry on subsequent port and subnet creation events.
2026-07-15 00:13:36.329 10 INFO neutron.api.wsgi [req-93345921-f5e5-4341-85b8-fcc2c59158ec req-8ef2f9a5-49b4-4e24-a933-1cda1ecb7dc0 682e8349a6264ba9a7f0189fc5a4f691 f4d7ab641c9545ca8053a9f86bc56c70 - - default default] 10.0.0.184 "GET /v2.0/ports?device_id=61fe8ed8-4492-4874-b6c8-656b7d5fe533 HTTP/1.1" status: 200 len: 1170 time: 0.0713251
2026-07-15 00:13:36.386 10 INFO neutron.api.wsgi [req-93345921-f5e5-4341-85b8-fcc2c59158ec req-50c03b06-5aaf-4b33-80c6-345e40f020a0 682e8349a6264ba9a7f0189fc5a4f691 f4d7ab641c9545ca8053a9f86bc56c70 - - default default] 10.0.0.184 "GET /v2.0/security-groups?id=c1ca8542-566d-45a9-9348-a1e3953fb306&fields=id&fields=name HTTP/1.1" status: 200 len: 313 time: 0.0455942
2026-07-15 00:13:36.555 9 INFO neutron.api.wsgi [None req-24c103ed-ef5d-47ea-ac74-00c3292d4d76 52bca0e2d7db4b99869dcb1d34280605 ffa1154696dc4003a1f0148d4814c45a - - default default] 10.0.0.197 "POST /v2.0/floatingips HTTP/1.1" status: 201 len: 751 time: 0.4620748
2026-07-15 00:13:37.030 10 INFO neutron.api.wsgi [req-efb98566-7918-463a-abe7-3aed1c603c12 req-d6034ecf-1329-4ef3-878b-c0838fa3e51b 52bca0e2d7db4b99869dcb1d34280605 ffa1154696dc4003a1f0148d4814c45a - - default default] 10.0.0.184 "GET /v2.0/security-groups?name=tempest-securitygroup--1614675466&fields=id&tenant_id=ffa1154696dc4003a1f0148d4814c45a HTTP/1.1" status: 200 len: 267 time: 0.0330002
2026-07-15 00:13:37.074 10 INFO neutron.api.wsgi [req-efb98566-7918-463a-abe7-3aed1c603c12 req-d7172c2c-2783-46a7-8b94-085b1d76d5a3 52bca0e2d7db4b99869dcb1d34280605 ffa1154696dc4003a1f0148d4814c45a - - default default] 10.0.0.184 "GET /v2.0/networks?id=883e84a3-1c40-4688-83f5-113a52d1dd15 HTTP/1.1" status: 200 len: 868 time: 0.0370767
2026-07-15 00:13:37.086 10 INFO neutron.api.wsgi [req-efb98566-7918-463a-abe7-3aed1c603c12 req-6e966fa1-cf7d-4714-a2a7-dbb6f03895e1 52bca0e2d7db4b99869dcb1d34280605 ffa1154696dc4003a1f0148d4814c45a - - default default] 10.0.0.184 "GET /v2.0/quotas/ffa1154696dc4003a1f0148d4814c45a HTTP/1.1" status: 200 len: 491 time: 0.0075939
2026-07-15 00:13:37.152 10 INFO neutron.api.wsgi [req-efb98566-7918-463a-abe7-3aed1c603c12 req-0fbf8b5a-2d89-4e6f-bffd-82ee8443dd08 52bca0e2d7db4b99869dcb1d34280605 ffa1154696dc4003a1f0148d4814c45a - - default default] 10.0.0.184 "GET /v2.0/ports?tenant_id=ffa1154696dc4003a1f0148d4814c45a&fields=id HTTP/1.1" status: 200 len: 302 time: 0.0614552
2026-07-15 00:13:37.203 10 INFO neutron.api.wsgi [req-efb98566-7918-463a-abe7-3aed1c603c12 req-f92cd161-5d6c-423d-bcd6-0d620619baed d5ae2cf065ab44848f923adf2beddf32 4a149269de794c39877fe605b8c6d58d - - f0d5bd53a426406e954dc45cfa6f09c6 f0d5bd53a426406e954dc45cfa6f09c6] 10.0.0.184 "GET /v2.0/networks/883e84a3-1c40-4688-83f5-113a52d1dd15?fields=segments HTTP/1.1" status: 200 len: 212 time: 0.0370524
2026-07-15 00:13:37.228 9 INFO neutron.api.wsgi [req-976f1542-dcc9-4560-aed7-cb3e2c0f84c2 req-a9ef1cf5-1525-4f94-8480-50c13180d509 d5ae2cf065ab44848f923adf2beddf32 4a149269de794c39877fe605b8c6d58d - - f0d5bd53a426406e954dc45cfa6f09c6 f0d5bd53a426406e954dc45cfa6f09c6] 199.19.213.73 "GET /v2.0/ports?tenant_id=e5b400080edf41d491a733278747ae22&device_id=ad59e520-f544-423d-a033-b2178bb91133 HTTP/1.1" status: 200 len: 1590 time: 0.0282578
2026-07-15 00:13:37.250 10 INFO neutron.api.wsgi [req-5e792a55-cafe-4dfe-8c08-39897502904d req-cf5a440c-6430-49fb-9e56-415284516b96 94380dc1e3b548a7af5ded48087c32be e5b400080edf41d491a733278747ae22 - - default default] 10.0.0.184 "GET /v2.0/ports?device_id=ad59e520-f544-423d-a033-b2178bb91133 HTTP/1.1" status: 200 len: 1352 time: 0.0320842
2026-07-15 00:13:37.258 10 INFO neutron.api.wsgi [req-efb98566-7918-463a-abe7-3aed1c603c12 req-80a2f5cf-32f2-49dd-aae5-1bad2c1aa502 d5ae2cf065ab44848f923adf2beddf32 4a149269de794c39877fe605b8c6d58d - - f0d5bd53a426406e954dc45cfa6f09c6 f0d5bd53a426406e954dc45cfa6f09c6] 10.0.0.184 "GET /v2.0/networks/883e84a3-1c40-4688-83f5-113a52d1dd15?fields=provider%3Aphysical_network&fields=provider%3Anetwork_type HTTP/1.1" status: 200 len: 277 time: 0.0492516
2026-07-15 00:13:37.269 9 INFO neutron.api.wsgi [req-976f1542-dcc9-4560-aed7-cb3e2c0f84c2 req-280ca913-51fc-4be5-88c1-36862ec998b5 d5ae2cf065ab44848f923adf2beddf32 4a149269de794c39877fe605b8c6d58d - - f0d5bd53a426406e954dc45cfa6f09c6 f0d5bd53a426406e954dc45cfa6f09c6] 199.19.213.73 "GET /v2.0/networks?id=73bba3e6-2532-4fe5-b732-f029c94a638d HTTP/1.1" status: 200 len: 982 time: 0.0369503
2026-07-15 00:13:37.290 10 INFO neutron.api.wsgi [req-5e792a55-cafe-4dfe-8c08-39897502904d req-f051168b-b6aa-4662-92f8-ae92c08976a4 94380dc1e3b548a7af5ded48087c32be e5b400080edf41d491a733278747ae22 - - default default] 10.0.0.184 "GET /v2.0/security-groups?id=120b0043-569b-438e-b462-1dbffd4e7f25&fields=id&fields=name HTTP/1.1" status: 200 len: 312 time: 0.0313551
2026-07-15 00:13:37.291 9 INFO neutron.api.wsgi [req-976f1542-dcc9-4560-aed7-cb3e2c0f84c2 req-abfe7f9e-6856-4b4e-a7b4-a9ef2254f7c2 d5ae2cf065ab44848f923adf2beddf32 4a149269de794c39877fe605b8c6d58d - - f0d5bd53a426406e954dc45cfa6f09c6 f0d5bd53a426406e954dc45cfa6f09c6] 199.19.213.73 "GET /v2.0/floatingips?fixed_ip_address=10.100.0.13&port_id=4a42108a-8e63-4d81-a04b-d3e2bfa7a1d8 HTTP/1.1" status: 200 len: 217 time: 0.0137336
2026-07-15 00:13:37.333 9 INFO neutron.api.wsgi [req-976f1542-dcc9-4560-aed7-cb3e2c0f84c2 req-677df47e-694e-4ad7-84ef-8dcef1056ecf d5ae2cf065ab44848f923adf2beddf32 4a149269de794c39877fe605b8c6d58d - - f0d5bd53a426406e954dc45cfa6f09c6 f0d5bd53a426406e954dc45cfa6f09c6] 199.19.213.73 "GET /v2.0/floatingips?fixed_ip_address=10.100.0.8&port_id=4a42108a-8e63-4d81-a04b-d3e2bfa7a1d8 HTTP/1.1" status: 200 len: 1059 time: 0.0369549
2026-07-15 00:13:37.370 9 INFO neutron.api.wsgi [req-976f1542-dcc9-4560-aed7-cb3e2c0f84c2 req-c58624ef-4f34-482d-9f89-241110cdc658 d5ae2cf065ab44848f923adf2beddf32 4a149269de794c39877fe605b8c6d58d - - f0d5bd53a426406e954dc45cfa6f09c6 f0d5bd53a426406e954dc45cfa6f09c6] 199.19.213.73 "GET /v2.0/subnets?id=8b00f527-8607-4bcc-b051-9c1a28fec54c HTTP/1.1" status: 200 len: 901 time: 0.0289731
2026-07-15 00:13:37.387 10 INFO neutron.api.wsgi [req-5ae44149-e942-4e22-9adb-ac03bb2d29a2 req-50f6837b-ab3a-4b9a-882e-6fed44e52a64 52bca0e2d7db4b99869dcb1d34280605 ffa1154696dc4003a1f0148d4814c45a - - default default] 10.0.0.184 "GET /v2.0/ports?device_id=88a8b99e-c7ae-4b23-ba1e-09cca90d4451 HTTP/1.1" status: 200 len: 210 time: 0.0163660
2026-07-15 00:13:37.389 9 INFO neutron.api.wsgi [req-976f1542-dcc9-4560-aed7-cb3e2c0f84c2 req-0c4e3893-56a7-4c9f-a882-ae7641fcf958 d5ae2cf065ab44848f923adf2beddf32 4a149269de794c39877fe605b8c6d58d - - f0d5bd53a426406e954dc45cfa6f09c6 f0d5bd53a426406e954dc45cfa6f09c6] 199.19.213.73 "GET /v2.0/ports?network_id=73bba3e6-2532-4fe5-b732-f029c94a638d&device_owner=network%3Adhcp HTTP/1.1" status: 200 len: 210 time: 0.0143049
2026-07-15 00:13:37.444 9 INFO neutron.api.wsgi [req-976f1542-dcc9-4560-aed7-cb3e2c0f84c2 req-bae2f4d4-0f7b-4cb5-ac87-0352e0bd2841 d5ae2cf065ab44848f923adf2beddf32 4a149269de794c39877fe605b8c6d58d - - f0d5bd53a426406e954dc45cfa6f09c6 f0d5bd53a426406e954dc45cfa6f09c6] 199.19.213.73 "GET /v2.0/networks/73bba3e6-2532-4fe5-b732-f029c94a638d?fields=segments HTTP/1.1" status: 200 len: 212 time: 0.0503182
2026-07-15 00:13:37.473 10 INFO neutron.api.wsgi [req-e8affbdf-6d0b-4874-9413-0c8851ddf512 req-b0227249-b1f2-4b8f-874d-6a34218be0ed 682e8349a6264ba9a7f0189fc5a4f691 f4d7ab641c9545ca8053a9f86bc56c70 - - default default] 10.0.0.184 "GET /v2.0/ports?device_id=61fe8ed8-4492-4874-b6c8-656b7d5fe533 HTTP/1.1" status: 200 len: 1170 time: 0.0267990
2026-07-15 00:13:37.482 9 INFO neutron.api.wsgi [req-976f1542-dcc9-4560-aed7-cb3e2c0f84c2 req-46cdc15d-599a-464a-bec2-bbac84727cea d5ae2cf065ab44848f923adf2beddf32 4a149269de794c39877fe605b8c6d58d - - f0d5bd53a426406e954dc45cfa6f09c6 f0d5bd53a426406e954dc45cfa6f09c6] 199.19.213.73 "GET /v2.0/networks/73bba3e6-2532-4fe5-b732-f029c94a638d?fields=provider%3Aphysical_network&fields=provider%3Anetwork_type HTTP/1.1" status: 200 len: 277 time: 0.0324807
2026-07-15 00:13:37.503 10 INFO neutron.api.wsgi [req-e8affbdf-6d0b-4874-9413-0c8851ddf512 req-23946e65-5a0f-418a-aad0-14f55a31ab4c 682e8349a6264ba9a7f0189fc5a4f691 f4d7ab641c9545ca8053a9f86bc56c70 - - default default] 10.0.0.184 "GET /v2.0/security-groups?id=c1ca8542-566d-45a9-9348-a1e3953fb306&fields=id&fields=name HTTP/1.1" status: 200 len: 313 time: 0.0277951
2026-07-15 00:13:37.634 10 INFO neutron.db.ovn_revision_numbers_db [None req-968e9ea4-fd52-4a03-a21f-8980e96fdbbd 06bbd1ce37784b188c8b912a4d9ab8b3 960b28e35ccd47e99505804431eb5e67 - - default default] Successfully bumped revision number for resource 135cc234-45b7-459f-9b49-d7fd642bb599 (type: security_groups) to 1
2026-07-15 00:13:37.646 10 INFO neutron.db.ovn_revision_numbers_db [None req-968e9ea4-fd52-4a03-a21f-8980e96fdbbd 06bbd1ce37784b188c8b912a4d9ab8b3 960b28e35ccd47e99505804431eb5e67 - - default default] Successfully bumped revision number for resource 5e5a1c95-253c-4237-8785-43ac90544e06 (type: security_group_rules) to 0
2026-07-15 00:13:37.657 10 INFO neutron.db.ovn_revision_numbers_db [None req-968e9ea4-fd52-4a03-a21f-8980e96fdbbd 06bbd1ce37784b188c8b912a4d9ab8b3 960b28e35ccd47e99505804431eb5e67 - - default default] Successfully bumped revision number for resource 7f81c149-351e-4da1-b334-706c63067c00 (type: security_group_rules) to 0
2026-07-15 00:13:37.669 10 INFO neutron.db.ovn_revision_numbers_db [None req-968e9ea4-fd52-4a03-a21f-8980e96fdbbd 06bbd1ce37784b188c8b912a4d9ab8b3 960b28e35ccd47e99505804431eb5e67 - - default default] Successfully bumped revision number for resource f0cba679-0f17-4a97-9a15-850388d2ac82 (type: security_group_rules) to 0
2026-07-15 00:13:37.681 10 INFO neutron.db.ovn_revision_numbers_db [None req-968e9ea4-fd52-4a03-a21f-8980e96fdbbd 06bbd1ce37784b188c8b912a4d9ab8b3 960b28e35ccd47e99505804431eb5e67 - - default default] Successfully bumped revision number for resource fbd7b630-3634-4914-9a12-b0baa512364e (type: security_group_rules) to 0
2026-07-15 00:13:37.714 10 INFO neutron.api.wsgi [None req-968e9ea4-fd52-4a03-a21f-8980e96fdbbd 06bbd1ce37784b188c8b912a4d9ab8b3 960b28e35ccd47e99505804431eb5e67 - - default default] 10.0.0.197 "GET /v2.0/security-groups?tenant_id=7d70b2321604499aa46e64e8409a6332&name=default HTTP/1.1" status: 200 len: 3120 time: 0.3364441
2026-07-15 00:13:37.903 10 INFO neutron.api.wsgi [None req-e188c0d1-7546-4b56-b88b-0fede0a269f1 06bbd1ce37784b188c8b912a4d9ab8b3 960b28e35ccd47e99505804431eb5e67 - - default default] 10.0.0.197 "DELETE /v2.0/security-groups/135cc234-45b7-459f-9b49-d7fd642bb599 HTTP/1.1" status: 204 len: 168 time: 0.1834044
2026-07-15 00:13:38.060 9 INFO neutron.api.wsgi [req-d3d33d0a-4149-48e2-8fd4-3fb2e0defbb6 req-7ee45054-b976-4087-8360-2447750de47d 94380dc1e3b548a7af5ded48087c32be e5b400080edf41d491a733278747ae22 - - default default] 199.19.213.73 "GET /v2.0/ports?device_id=ad59e520-f544-423d-a033-b2178bb91133&device_owner=compute%3Anova&fixed_ips=ip_address%3D10.100.0.13 HTTP/1.1" status: 200 len: 1352 time: 0.0500274
2026-07-15 00:13:38.115 10 INFO neutron.db.ovn_revision_numbers_db [None req-ae5b07bd-2ece-4635-8b27-2fe767785e18 06bbd1ce37784b188c8b912a4d9ab8b3 960b28e35ccd47e99505804431eb5e67 - - default default] Successfully bumped revision number for resource cb7836b1-9bdd-4ead-a692-a7fd501981b8 (type: security_groups) to 1
2026-07-15 00:13:38.137 10 INFO neutron.db.ovn_revision_numbers_db [None req-ae5b07bd-2ece-4635-8b27-2fe767785e18 06bbd1ce37784b188c8b912a4d9ab8b3 960b28e35ccd47e99505804431eb5e67 - - default default] Successfully bumped revision number for resource ac306cb1-d466-4c00-9887-a3d77028eb41 (type: security_group_rules) to 0
2026-07-15 00:13:38.155 10 INFO neutron.db.ovn_revision_numbers_db [None req-ae5b07bd-2ece-4635-8b27-2fe767785e18 06bbd1ce37784b188c8b912a4d9ab8b3 960b28e35ccd47e99505804431eb5e67 - - default default] Successfully bumped revision number for resource bf7aa2f0-2c47-4249-a183-b0c4a5b36aa9 (type: security_group_rules) to 0
2026-07-15 00:13:38.170 10 INFO neutron.db.ovn_revision_numbers_db [None req-ae5b07bd-2ece-4635-8b27-2fe767785e18 06bbd1ce37784b188c8b912a4d9ab8b3 960b28e35ccd47e99505804431eb5e67 - - default default] Successfully bumped revision number for resource c1baa393-5fbf-4ff6-9806-e7f17f0f456d (type: security_group_rules) to 0
2026-07-15 00:13:38.182 10 INFO neutron.db.ovn_revision_numbers_db [None req-ae5b07bd-2ece-4635-8b27-2fe767785e18 06bbd1ce37784b188c8b912a4d9ab8b3 960b28e35ccd47e99505804431eb5e67 - - default default] Successfully bumped revision number for resource d43156d8-4e6c-4bd6-b804-707ca72f579e (type: security_group_rules) to 0
2026-07-15 00:13:38.233 10 INFO neutron.api.wsgi [None req-ae5b07bd-2ece-4635-8b27-2fe767785e18 06bbd1ce37784b188c8b912a4d9ab8b3 960b28e35ccd47e99505804431eb5e67 - - default default] 10.0.0.197 "GET /v2.0/security-groups?tenant_id=12ca78e3d3374e3db91d053fc76922ac&name=default HTTP/1.1" status: 200 len: 3120 time: 0.2324669
2026-07-15 00:13:38.462 10 INFO neutron.api.wsgi [req-19a9495c-2f73-4212-b99b-c9753b1cd279 req-4010a438-5229-4be9-881f-98abe797ade9 52bca0e2d7db4b99869dcb1d34280605 ffa1154696dc4003a1f0148d4814c45a - - default default] 10.0.0.184 "GET /v2.0/ports?device_id=88a8b99e-c7ae-4b23-ba1e-09cca90d4451 HTTP/1.1" status: 200 len: 210 time: 0.0169036
2026-07-15 00:13:38.473 10 INFO neutron.api.wsgi [None req-1426984b-132b-429f-a372-9dc2dfcf35cb 06bbd1ce37784b188c8b912a4d9ab8b3 960b28e35ccd47e99505804431eb5e67 - - default default] 10.0.0.197 "DELETE /v2.0/security-groups/cb7836b1-9bdd-4ead-a692-a7fd501981b8 HTTP/1.1" status: 204 len: 168 time: 0.2352700
2026-07-15 00:13:38.605 9 INFO neutron.db.ovn_revision_numbers_db [req-d3d33d0a-4149-48e2-8fd4-3fb2e0defbb6 req-0cac50f0-5fde-42f4-be32-9e11b851925a 94380dc1e3b548a7af5ded48087c32be e5b400080edf41d491a733278747ae22 - - default default] Successfully bumped revision number for resource 4a42108a-8e63-4d81-a04b-d3e2bfa7a1d8 (type: ports) to 7
2026-07-15 00:13:38.607 10 INFO neutron.api.wsgi [req-1ceceb6f-c505-434a-a0fd-5451291abfe3 req-41b3aabb-5201-48ad-88b8-ed3f6eceadeb 682e8349a6264ba9a7f0189fc5a4f691 f4d7ab641c9545ca8053a9f86bc56c70 - - default default] 10.0.0.184 "GET /v2.0/ports?device_id=61fe8ed8-4492-4874-b6c8-656b7d5fe533 HTTP/1.1" status: 200 len: 1170 time: 0.0414233
2026-07-15 00:13:38.618 9 INFO neutron.api.wsgi [req-d3d33d0a-4149-48e2-8fd4-3fb2e0defbb6 req-0cac50f0-5fde-42f4-be32-9e11b851925a 94380dc1e3b548a7af5ded48087c32be e5b400080edf41d491a733278747ae22 - - default default] 199.19.213.73 "PUT /v2.0/ports/4a42108a-8e63-4d81-a04b-d3e2bfa7a1d8 HTTP/1.1" status: 200 len: 1167 time: 0.5555880
2026-07-15 00:13:38.658 10 INFO neutron.api.wsgi [req-1ceceb6f-c505-434a-a0fd-5451291abfe3 req-7b4dccf2-df00-49e2-bb01-799868589650 682e8349a6264ba9a7f0189fc5a4f691 f4d7ab641c9545ca8053a9f86bc56c70 - - default default] 10.0.0.184 "GET /v2.0/security-groups?id=c1ca8542-566d-45a9-9348-a1e3953fb306&fields=id&fields=name HTTP/1.1" status: 200 len: 313 time: 0.0470836
2026-07-15 00:13:38.660 9 INFO neutron.notifiers.nova [-] Nova event matching ['req-792300dc-5511-4f70-892f-c162b9350cf0'] response: {'name': 'network-changed', 'server_uuid': 'ad59e520-f544-423d-a033-b2178bb91133', 'tag': '4a42108a-8e63-4d81-a04b-d3e2bfa7a1d8', 'status': 'completed', 'code': 200} /var/lib/openstack/lib/python3.12/site-packages/pycadf/identifier.py:71: UserWarning: Invalid uuid: neutron. To ensure interoperability, identifiers should be a valid uuid. warnings.warn(('Invalid uuid: %s. To ensure interoperability, '
2026-07-15 00:13:39.163 9 INFO neutron.api.wsgi [req-d3d33d0a-4149-48e2-8fd4-3fb2e0defbb6 req-d8b06a8d-deac-4179-a945-988f41206d54 d5ae2cf065ab44848f923adf2beddf32 4a149269de794c39877fe605b8c6d58d - - f0d5bd53a426406e954dc45cfa6f09c6 f0d5bd53a426406e954dc45cfa6f09c6] 199.19.213.73 "GET /v2.0/ports?tenant_id=e5b400080edf41d491a733278747ae22&device_id=ad59e520-f544-423d-a033-b2178bb91133 HTTP/1.1" status: 200 len: 1409 time: 0.0326731
2026-07-15 00:13:39.203 9 INFO neutron.api.wsgi [req-d3d33d0a-4149-48e2-8fd4-3fb2e0defbb6 req-0cadd9df-7d6b-47bd-8206-6379bb38ff49 d5ae2cf065ab44848f923adf2beddf32 4a149269de794c39877fe605b8c6d58d - - f0d5bd53a426406e954dc45cfa6f09c6 f0d5bd53a426406e954dc45cfa6f09c6] 199.19.213.73 "GET /v2.0/networks?id=73bba3e6-2532-4fe5-b732-f029c94a638d HTTP/1.1" status: 200 len: 982 time: 0.0366714
2026-07-15 00:13:39.256 9 INFO neutron.api.wsgi [req-d3d33d0a-4149-48e2-8fd4-3fb2e0defbb6 req-8412cd81-dbf3-458f-84d6-d314f0e12080 d5ae2cf065ab44848f923adf2beddf32 4a149269de794c39877fe605b8c6d58d - - f0d5bd53a426406e954dc45cfa6f09c6 f0d5bd53a426406e954dc45cfa6f09c6] 199.19.213.73 "GET /v2.0/floatingips?fixed_ip_address=10.100.0.8&port_id=4a42108a-8e63-4d81-a04b-d3e2bfa7a1d8 HTTP/1.1" status: 200 len: 1059 time: 0.0454993
2026-07-15 00:13:39.281 9 INFO neutron.api.wsgi [req-d3d33d0a-4149-48e2-8fd4-3fb2e0defbb6 req-52ac46e6-2236-4c45-a027-404c4d43f391 d5ae2cf065ab44848f923adf2beddf32 4a149269de794c39877fe605b8c6d58d - - f0d5bd53a426406e954dc45cfa6f09c6 f0d5bd53a426406e954dc45cfa6f09c6] 199.19.213.73 "GET /v2.0/subnets?id=8b00f527-8607-4bcc-b051-9c1a28fec54c HTTP/1.1" status: 200 len: 901 time: 0.0196929
2026-07-15 00:13:39.304 9 INFO neutron.api.wsgi [req-d3d33d0a-4149-48e2-8fd4-3fb2e0defbb6 req-1fed76b5-8f71-4ff7-a806-d88a25cfd56d d5ae2cf065ab44848f923adf2beddf32 4a149269de794c39877fe605b8c6d58d - - f0d5bd53a426406e954dc45cfa6f09c6 f0d5bd53a426406e954dc45cfa6f09c6] 199.19.213.73 "GET /v2.0/ports?network_id=73bba3e6-2532-4fe5-b732-f029c94a638d&device_owner=network%3Adhcp HTTP/1.1" status: 200 len: 210 time: 0.0153439
2026-07-15 00:13:39.349 9 INFO neutron.api.wsgi [req-d3d33d0a-4149-48e2-8fd4-3fb2e0defbb6 req-6f7f7207-16eb-437a-8939-a589e0912ff0 d5ae2cf065ab44848f923adf2beddf32 4a149269de794c39877fe605b8c6d58d - - f0d5bd53a426406e954dc45cfa6f09c6 f0d5bd53a426406e954dc45cfa6f09c6] 199.19.213.73 "GET /v2.0/networks/73bba3e6-2532-4fe5-b732-f029c94a638d?fields=segments HTTP/1.1" status: 200 len: 212 time: 0.0367188
2026-07-15 00:13:39.414 9 INFO neutron.api.wsgi [req-d3d33d0a-4149-48e2-8fd4-3fb2e0defbb6 req-1afea014-d5e1-4568-a94b-25b2e8b6dc18 d5ae2cf065ab44848f923adf2beddf32 4a149269de794c39877fe605b8c6d58d - - f0d5bd53a426406e954dc45cfa6f09c6 f0d5bd53a426406e954dc45cfa6f09c6] 199.19.213.73 "GET /v2.0/networks/73bba3e6-2532-4fe5-b732-f029c94a638d?fields=provider%3Aphysical_network&fields=provider%3Anetwork_type HTTP/1.1" status: 200 len: 277 time: 0.0599594
2026-07-15 00:13:39.551 9 WARNING neutron.plugins.ml2.drivers.ovn.mech_driver.ovsdb.ovn_client [None req-7cb912b5-1801-4e68-bd9e-ffba4d12dc61 - - - - - -] No hosting information found for port 9824eff1-4730-495e-b9ed-0d70f1964fcb: RuntimeError: No hosting information found for port 9824eff1-4730-495e-b9ed-0d70f1964fcb
2026-07-15 00:13:39.558 10 INFO neutron.api.wsgi [req-e8f80597-f0a2-498b-a551-13f719ae328f req-b46f7812-bfd0-404d-9cad-32aeca077cdb 52bca0e2d7db4b99869dcb1d34280605 ffa1154696dc4003a1f0148d4814c45a - - default default] 10.0.0.184 "GET /v2.0/ports?device_id=88a8b99e-c7ae-4b23-ba1e-09cca90d4451 HTTP/1.1" status: 200 len: 210 time: 0.0311973
2026-07-15 00:13:39.626 9 INFO neutron.db.ovn_revision_numbers_db [None req-7cb912b5-1801-4e68-bd9e-ffba4d12dc61 - - - - - -] Successfully bumped revision number for resource 9824eff1-4730-495e-b9ed-0d70f1964fcb (type: router_ports) to 2
2026-07-15 00:13:39.627 9 INFO neutron.plugins.ml2.drivers.ovn.mech_driver.mech_driver [None req-7cb912b5-1801-4e68-bd9e-ffba4d12dc61 - - - - - -] OVN reports status down for port: ebcb66ec-de9b-4620-9dcc-78229dcc1605
2026-07-15 00:13:39.660 10 INFO neutron.api.wsgi [req-3af1e3dd-469e-4d93-a214-5e338e61f0fa req-83da5ee6-28c6-4f9a-9b71-d1673b48a435 94380dc1e3b548a7af5ded48087c32be e5b400080edf41d491a733278747ae22 - - default default] 10.0.0.184 "GET /v2.0/ports?device_id=ad59e520-f544-423d-a033-b2178bb91133 HTTP/1.1" status: 200 len: 1170 time: 0.0679736
2026-07-15 00:13:39.698 10 INFO neutron.api.wsgi [req-3af1e3dd-469e-4d93-a214-5e338e61f0fa req-c4f5f490-f8e6-4401-959a-a1c62a3dc1bb 94380dc1e3b548a7af5ded48087c32be e5b400080edf41d491a733278747ae22 - - default default] 10.0.0.184 "GET /v2.0/security-groups?id=120b0043-569b-438e-b462-1dbffd4e7f25&fields=id&fields=name HTTP/1.1" status: 200 len: 312 time: 0.0319664
2026-07-15 00:13:39.756 10 INFO neutron.api.wsgi [req-8bfc7480-dc31-4daf-8dc3-2c49ab474486 req-24520dc5-15bf-4fcc-bc34-73063588bdf0 682e8349a6264ba9a7f0189fc5a4f691 f4d7ab641c9545ca8053a9f86bc56c70 - - default default] 10.0.0.184 "GET /v2.0/ports?device_id=61fe8ed8-4492-4874-b6c8-656b7d5fe533 HTTP/1.1" status: 200 len: 1168 time: 0.0377586
2026-07-15 00:13:39.800 10 INFO neutron.api.wsgi [req-8bfc7480-dc31-4daf-8dc3-2c49ab474486 req-daad620d-48d8-4932-b2f3-c6f0f8b30e70 682e8349a6264ba9a7f0189fc5a4f691 f4d7ab641c9545ca8053a9f86bc56c70 - - default default] 10.0.0.184 "GET /v2.0/security-groups?id=c1ca8542-566d-45a9-9348-a1e3953fb306&fields=id&fields=name HTTP/1.1" status: 200 len: 313 time: 0.0386782
2026-07-15 00:13:39.834 9 INFO neutron.db.ovn_revision_numbers_db [None req-7cb912b5-1801-4e68-bd9e-ffba4d12dc61 - - - - - -] Successfully bumped revision number for resource ebcb66ec-de9b-4620-9dcc-78229dcc1605 (type: ports) to 6
2026-07-15 00:13:39.872 9 WARNING neutron.plugins.ml2.drivers.ovn.mech_driver.ovsdb.ovn_client [None req-f993a647-59bf-439f-9766-e0887239ba86 - - - - - -] Logical_Switch_Port %s host information not removed, the port state is up
2026-07-15 00:13:39.873 9 INFO neutron.plugins.ml2.drivers.ovn.mech_driver.mech_driver [None req-f993a647-59bf-439f-9766-e0887239ba86 - - - - - -] OVN reports status up for port: ebcb66ec-de9b-4620-9dcc-78229dcc1605
2026-07-15 00:13:39.882 9 INFO neutron.plugins.ml2.plugin [None req-f993a647-59bf-439f-9766-e0887239ba86 - - - - - -] Attempt 1 to provision port ebcb66ec-de9b-4620-9dcc-78229dcc1605
2026-07-15 00:13:40.101 9 INFO neutron.db.ovn_revision_numbers_db [None req-f993a647-59bf-439f-9766-e0887239ba86 - - - - - -] Successfully bumped revision number for resource ebcb66ec-de9b-4620-9dcc-78229dcc1605 (type: ports) to 7
2026-07-15 00:13:40.162 10 INFO neutron.plugins.ml2.drivers.ovn.mech_driver.mech_driver [None req-2b30488f-cd60-4fe7-8710-df2f8924c953 - - - - - -] OVN reports status down for port: 4a42108a-8e63-4d81-a04b-d3e2bfa7a1d8
2026-07-15 00:13:40.337 10 INFO neutron.notifiers.nova [-] Nova event matching ['req-5acde5a5-9c2f-4014-a395-84ed48a7e19f'] response: {'server_uuid': 'ad59e520-f544-423d-a033-b2178bb91133', 'name': 'network-vif-unplugged', 'status': 'completed', 'tag': '4a42108a-8e63-4d81-a04b-d3e2bfa7a1d8', 'code': 200}
2026-07-15 00:13:40.423 10 INFO neutron.db.ovn_revision_numbers_db [None req-2b30488f-cd60-4fe7-8710-df2f8924c953 - - - - - -] Successfully bumped revision number for resource 4a42108a-8e63-4d81-a04b-d3e2bfa7a1d8 (type: ports) to 8 /var/lib/openstack/lib/python3.12/site-packages/pycadf/identifier.py:71: UserWarning: Invalid uuid: neutron. To ensure interoperability, identifiers should be a valid uuid. warnings.warn(('Invalid uuid: %s. To ensure interoperability, '
2026-07-15 00:13:40.444 9 WARNING neutron_lib.context [None req-348773f8-47dc-4214-a055-a4f26369bb88 3a474efd54bd4a8a8129054f7b22e60d 270beab1b2394e72823e9182e5b2f4eb - - default default] Method 'is_advsvc' is deprecated since 2023.2 release (neutron-lib 3.8.0) and will be removed once support for the old RBAC API policies will be removed from Neutron. Please use method 'is_service_role' instead.
2026-07-15 00:13:40.468 9 INFO neutron.api.wsgi [req-e45bd3ff-fac6-4dd8-a235-5a486ef97d4d req-9c45596f-34a8-437a-b4a9-48b981efdfc2 d5ae2cf065ab44848f923adf2beddf32 4a149269de794c39877fe605b8c6d58d - - f0d5bd53a426406e954dc45cfa6f09c6 f0d5bd53a426406e954dc45cfa6f09c6] 199.19.213.73 "GET /v2.0/ports?tenant_id=e5b400080edf41d491a733278747ae22&device_id=ad59e520-f544-423d-a033-b2178bb91133 HTTP/1.1" status: 200 len: 1407 time: 0.0372300
2026-07-15 00:13:40.518 9 INFO neutron.api.wsgi [req-e45bd3ff-fac6-4dd8-a235-5a486ef97d4d req-3c95f3d0-c7b9-4015-9e20-9d75cff55051 d5ae2cf065ab44848f923adf2beddf32 4a149269de794c39877fe605b8c6d58d - - f0d5bd53a426406e954dc45cfa6f09c6 f0d5bd53a426406e954dc45cfa6f09c6] 199.19.213.73 "GET /v2.0/networks?id=73bba3e6-2532-4fe5-b732-f029c94a638d HTTP/1.1" status: 200 len: 982 time: 0.0445256
2026-07-15 00:13:40.560 9 INFO neutron.api.wsgi [req-e45bd3ff-fac6-4dd8-a235-5a486ef97d4d req-31d4b599-6fc1-4e0f-b696-e77c55f2f744 d5ae2cf065ab44848f923adf2beddf32 4a149269de794c39877fe605b8c6d58d - - f0d5bd53a426406e954dc45cfa6f09c6 f0d5bd53a426406e954dc45cfa6f09c6] 199.19.213.73 "GET /v2.0/floatingips?fixed_ip_address=10.100.0.8&port_id=4a42108a-8e63-4d81-a04b-d3e2bfa7a1d8 HTTP/1.1" status: 200 len: 1057 time: 0.0361569
2026-07-15 00:13:40.591 9 INFO neutron.api.wsgi [req-e45bd3ff-fac6-4dd8-a235-5a486ef97d4d req-2ef183d2-e3d7-4c2a-a52b-fc2a40ba0972 d5ae2cf065ab44848f923adf2beddf32 4a149269de794c39877fe605b8c6d58d - - f0d5bd53a426406e954dc45cfa6f09c6 f0d5bd53a426406e954dc45cfa6f09c6] 199.19.213.73 "GET /v2.0/subnets?id=8b00f527-8607-4bcc-b051-9c1a28fec54c HTTP/1.1" status: 200 len: 901 time: 0.0270247
2026-07-15 00:13:40.611 9 INFO neutron.db.ovn_revision_numbers_db [None req-348773f8-47dc-4214-a055-a4f26369bb88 3a474efd54bd4a8a8129054f7b22e60d 270beab1b2394e72823e9182e5b2f4eb - - default default] Successfully bumped revision number for resource 45f6a023-ba1d-4439-ad40-18ca40c3a964 (type: security_groups) to 1
2026-07-15 00:13:40.614 9 INFO neutron.api.wsgi [req-e45bd3ff-fac6-4dd8-a235-5a486ef97d4d req-69532109-e5fc-4a82-8eb0-c76496ca947d d5ae2cf065ab44848f923adf2beddf32 4a149269de794c39877fe605b8c6d58d - - f0d5bd53a426406e954dc45cfa6f09c6 f0d5bd53a426406e954dc45cfa6f09c6] 199.19.213.73 "GET /v2.0/ports?network_id=73bba3e6-2532-4fe5-b732-f029c94a638d&device_owner=network%3Adhcp HTTP/1.1" status: 200 len: 210 time: 0.0176404 /var/lib/openstack/lib/python3.12/site-packages/pycadf/identifier.py:71: UserWarning: Invalid uuid: neutron. To ensure interoperability, identifiers should be a valid uuid. warnings.warn(('Invalid uuid: %s. To ensure interoperability, '
2026-07-15 00:13:40.628 9 INFO neutron.db.ovn_revision_numbers_db [None req-348773f8-47dc-4214-a055-a4f26369bb88 3a474efd54bd4a8a8129054f7b22e60d 270beab1b2394e72823e9182e5b2f4eb - - default default] Successfully bumped revision number for resource bc65cda8-93ac-4cdb-817c-6242eedf1c8c (type: security_group_rules) to 0
2026-07-15 00:13:40.630 10 INFO neutron.api.wsgi [req-726b6913-e624-4de0-8af4-0be19dace881 req-76a229ff-e4f7-4928-b27b-39ed20be8f5b 52bca0e2d7db4b99869dcb1d34280605 ffa1154696dc4003a1f0148d4814c45a - - default default] 10.0.0.184 "GET /v2.0/ports?device_id=88a8b99e-c7ae-4b23-ba1e-09cca90d4451 HTTP/1.1" status: 200 len: 210 time: 0.0186138
2026-07-15 00:13:40.641 9 INFO neutron.db.ovn_revision_numbers_db [None req-348773f8-47dc-4214-a055-a4f26369bb88 3a474efd54bd4a8a8129054f7b22e60d 270beab1b2394e72823e9182e5b2f4eb - - default default] Successfully bumped revision number for resource cbb152be-4a84-443e-a48c-ca56cceddc63 (type: security_group_rules) to 0
2026-07-15 00:13:40.654 9 INFO neutron.api.wsgi [req-e45bd3ff-fac6-4dd8-a235-5a486ef97d4d req-d96c25a2-c270-47b7-89e9-1622f0375e6c d5ae2cf065ab44848f923adf2beddf32 4a149269de794c39877fe605b8c6d58d - - f0d5bd53a426406e954dc45cfa6f09c6 f0d5bd53a426406e954dc45cfa6f09c6] 199.19.213.73 "GET /v2.0/networks/73bba3e6-2532-4fe5-b732-f029c94a638d?fields=segments HTTP/1.1" status: 200 len: 212 time: 0.0360477
2026-07-15 00:13:40.666 9 INFO neutron.db.ovn_revision_numbers_db [None req-348773f8-47dc-4214-a055-a4f26369bb88 3a474efd54bd4a8a8129054f7b22e60d 270beab1b2394e72823e9182e5b2f4eb - - default default] Successfully bumped revision number for resource d7a77b8b-86fa-4397-a023-c7069f81a58c (type: security_group_rules) to 0
2026-07-15 00:13:40.684 9 INFO neutron.db.ovn_revision_numbers_db [None req-348773f8-47dc-4214-a055-a4f26369bb88 3a474efd54bd4a8a8129054f7b22e60d 270beab1b2394e72823e9182e5b2f4eb - - default default] Successfully bumped revision number for resource f3c0f029-47c6-4465-ae76-ca0efba085b5 (type: security_group_rules) to 0
2026-07-15 00:13:40.702 9 INFO neutron.api.wsgi [req-e45bd3ff-fac6-4dd8-a235-5a486ef97d4d req-8887c8b2-f380-4c55-94d2-96b9a94a87fd d5ae2cf065ab44848f923adf2beddf32 4a149269de794c39877fe605b8c6d58d - - f0d5bd53a426406e954dc45cfa6f09c6 f0d5bd53a426406e954dc45cfa6f09c6] 199.19.213.73 "GET /v2.0/networks/73bba3e6-2532-4fe5-b732-f029c94a638d?fields=provider%3Aphysical_network&fields=provider%3Anetwork_type HTTP/1.1" status: 200 len: 277 time: 0.0443923
2026-07-15 00:13:40.713 9 INFO neutron.notifiers.nova [-] Nova event matching ['req-fcd14f65-cd4b-4018-9b58-732be50d65f5'] response: {'server_uuid': '61fe8ed8-4492-4874-b6c8-656b7d5fe533', 'name': 'network-vif-unplugged', 'status': 'completed', 'tag': 'ebcb66ec-de9b-4620-9dcc-78229dcc1605', 'code': 200}
2026-07-15 00:13:40.713 9 INFO neutron.notifiers.nova [-] Nova event matching ['req-fcd14f65-cd4b-4018-9b58-732be50d65f5'] response: {'server_uuid': '61fe8ed8-4492-4874-b6c8-656b7d5fe533', 'name': 'network-vif-unplugged', 'status': 'completed', 'tag': 'ebcb66ec-de9b-4620-9dcc-78229dcc1605', 'code': 200}
2026-07-15 00:13:40.713 9 INFO neutron.notifiers.nova [-] Nova event matching ['req-fcd14f65-cd4b-4018-9b58-732be50d65f5'] response: {'server_uuid': '61fe8ed8-4492-4874-b6c8-656b7d5fe533', 'name': 'network-vif-plugged', 'status': 'completed', 'tag': 'ebcb66ec-de9b-4620-9dcc-78229dcc1605', 'code': 200}
2026-07-15 00:13:40.713 9 INFO neutron.notifiers.nova [-] Nova event matching ['req-fcd14f65-cd4b-4018-9b58-732be50d65f5'] response: {'server_uuid': '61fe8ed8-4492-4874-b6c8-656b7d5fe533', 'name': 'network-vif-plugged', 'status': 'completed', 'tag': 'ebcb66ec-de9b-4620-9dcc-78229dcc1605', 'code': 200}
2026-07-15 00:13:40.747 9 INFO neutron.db.segments_db [None req-348773f8-47dc-4214-a055-a4f26369bb88 3a474efd54bd4a8a8129054f7b22e60d 270beab1b2394e72823e9182e5b2f4eb - - default default] Added segment 4867e91c-4364-4175-93d2-f74d391ff927 of type geneve for network af19c976-2173-4fea-ab58-a89a54e79bc1
2026-07-15 00:13:40.812 10 INFO neutron.api.wsgi [req-3087472c-de59-4940-b110-6c607d7bac37 req-d52aa6b0-434d-4428-9c5a-adb858655e3e 94380dc1e3b548a7af5ded48087c32be e5b400080edf41d491a733278747ae22 - - default default] 10.0.0.184 "GET /v2.0/ports?device_id=ad59e520-f544-423d-a033-b2178bb91133 HTTP/1.1" status: 200 len: 1168 time: 0.0422094
2026-07-15 00:13:40.845 10 INFO neutron.api.wsgi [req-3087472c-de59-4940-b110-6c607d7bac37 req-4987aadb-eab3-4d5d-b716-ec85b9a63fcd 94380dc1e3b548a7af5ded48087c32be e5b400080edf41d491a733278747ae22 - - default default] 10.0.0.184 "GET /v2.0/security-groups?id=120b0043-569b-438e-b462-1dbffd4e7f25&fields=id&fields=name HTTP/1.1" status: 200 len: 312 time: 0.0274975
2026-07-15 00:13:40.897 9 INFO neutron.db.ovn_revision_numbers_db [None req-348773f8-47dc-4214-a055-a4f26369bb88 3a474efd54bd4a8a8129054f7b22e60d 270beab1b2394e72823e9182e5b2f4eb - - default default] Successfully bumped revision number for resource af19c976-2173-4fea-ab58-a89a54e79bc1 (type: networks) to 1
2026-07-15 00:13:41.096 9 WARNING neutron.scheduler.dhcp_agent_scheduler [None req-348773f8-47dc-4214-a055-a4f26369bb88 3a474efd54bd4a8a8129054f7b22e60d 270beab1b2394e72823e9182e5b2f4eb - - default default] No more DHCP agents
2026-07-15 00:13:41.097 9 WARNING neutron.api.rpc.agentnotifiers.dhcp_rpc_agent_api [None req-348773f8-47dc-4214-a055-a4f26369bb88 3a474efd54bd4a8a8129054f7b22e60d 270beab1b2394e72823e9182e5b2f4eb - - default default] Unable to schedule network af19c976-2173-4fea-ab58-a89a54e79bc1: no agents available; will retry on subsequent port and subnet creation events.
2026-07-15 00:13:41.172 9 INFO neutron.db.ovn_revision_numbers_db [None req-348773f8-47dc-4214-a055-a4f26369bb88 3a474efd54bd4a8a8129054f7b22e60d 270beab1b2394e72823e9182e5b2f4eb - - default default] Successfully bumped revision number for resource 09857e71-6cd2-4176-ab50-78cf91455bab (type: ports) to 1
2026-07-15 00:13:41.198 9 INFO neutron.api.wsgi [None req-348773f8-47dc-4214-a055-a4f26369bb88 3a474efd54bd4a8a8129054f7b22e60d 270beab1b2394e72823e9182e5b2f4eb - - default default] 10.0.0.197 "POST /v2.0/networks HTTP/1.1" status: 201 len: 847 time: 0.9622874
2026-07-15 00:13:41.212 9 WARNING neutron_lib.context [None req-17158b67-c6d6-468d-b8b0-54f224f35133 3a474efd54bd4a8a8129054f7b22e60d 270beab1b2394e72823e9182e5b2f4eb - - default default] Method 'is_advsvc' is deprecated since 2023.2 release (neutron-lib 3.8.0) and will be removed once support for the old RBAC API policies will be removed from Neutron. Please use method 'is_service_role' instead. /var/lib/openstack/lib/python3.12/site-packages/pycadf/identifier.py:71: UserWarning: Invalid uuid: neutron. To ensure interoperability, identifiers should be a valid uuid. warnings.warn(('Invalid uuid: %s. To ensure interoperability, '
2026-07-15 00:13:41.412 9 WARNING neutron.scheduler.dhcp_agent_scheduler [None req-17158b67-c6d6-468d-b8b0-54f224f35133 3a474efd54bd4a8a8129054f7b22e60d 270beab1b2394e72823e9182e5b2f4eb - - default default] No more DHCP agents
2026-07-15 00:13:41.415 9 WARNING neutron.api.rpc.agentnotifiers.dhcp_rpc_agent_api [None req-17158b67-c6d6-468d-b8b0-54f224f35133 3a474efd54bd4a8a8129054f7b22e60d 270beab1b2394e72823e9182e5b2f4eb - - default default] Unable to schedule network af19c976-2173-4fea-ab58-a89a54e79bc1: no agents available; will retry on subsequent port and subnet creation events.
2026-07-15 00:13:41.423 9 INFO neutron.api.wsgi [req-291e32b1-6aa8-4c4c-98df-63e6357d5e82 req-33f454b8-d5ed-4f68-87ec-a64ff64a88da 94380dc1e3b548a7af5ded48087c32be e5b400080edf41d491a733278747ae22 - - default default] 199.19.213.73 "GET /v2.0/ports?device_id=ad59e520-f544-423d-a033-b2178bb91133 HTTP/1.1" status: 200 len: 1168 time: 0.0732138 /var/lib/openstack/lib/python3.12/site-packages/pycadf/identifier.py:71: UserWarning: Invalid uuid: neutron. To ensure interoperability, identifiers should be a valid uuid. warnings.warn(('Invalid uuid: %s. To ensure interoperability, '
2026-07-15 00:13:41.503 9 INFO neutron.db.ovn_revision_numbers_db [None req-17158b67-c6d6-468d-b8b0-54f224f35133 3a474efd54bd4a8a8129054f7b22e60d 270beab1b2394e72823e9182e5b2f4eb - - default default] Successfully bumped revision number for resource 5673acbb-2c65-4cb0-80c3-fe7deee33f0c (type: ports) to 1
2026-07-15 00:13:41.529 9 INFO neutron.api.wsgi [None req-17158b67-c6d6-468d-b8b0-54f224f35133 3a474efd54bd4a8a8129054f7b22e60d 270beab1b2394e72823e9182e5b2f4eb - - default default] 10.0.0.197 "POST /v2.0/ports HTTP/1.1" status: 201 len: 976 time: 0.3232453
2026-07-15 00:13:41.542 10 WARNING neutron_lib.context [None req-3e35e3cf-cfb8-4f94-98d4-07549588cd88 3a474efd54bd4a8a8129054f7b22e60d 270beab1b2394e72823e9182e5b2f4eb - - default default] Method 'is_advsvc' is deprecated since 2023.2 release (neutron-lib 3.8.0) and will be removed once support for the old RBAC API policies will be removed from Neutron. Please use method 'is_service_role' instead.
2026-07-15 00:13:41.624 10 INFO neutron.db.segments_db [None req-3e35e3cf-cfb8-4f94-98d4-07549588cd88 3a474efd54bd4a8a8129054f7b22e60d 270beab1b2394e72823e9182e5b2f4eb - - default default] Added segment c791015f-d6aa-47f4-a4a6-3c7945020c64 of type geneve for network 699408f0-9231-4ba3-b863-e6326a9e58dc
2026-07-15 00:13:41.717 10 INFO neutron.api.wsgi [req-a3be8370-d52f-4149-98fd-b067251d2054 req-78a77c50-af4a-42a2-a135-a1bdcf070616 52bca0e2d7db4b99869dcb1d34280605 ffa1154696dc4003a1f0148d4814c45a - - default default] 10.0.0.184 "GET /v2.0/ports?device_id=88a8b99e-c7ae-4b23-ba1e-09cca90d4451 HTTP/1.1" status: 200 len: 210 time: 0.0218070
2026-07-15 00:13:41.719 9 INFO neutron.db.l3_db [req-291e32b1-6aa8-4c4c-98df-63e6357d5e82 req-55d07e0d-8c46-4b47-bd78-9c18d4b2269d 94380dc1e3b548a7af5ded48087c32be e5b400080edf41d491a733278747ae22 - - default default] Floating IP 22ff38e2-b3e6-4fe7-b79c-d0b59c1fce8c disassociated. External IP: 10.96.250.201, port: 4a42108a-8e63-4d81-a04b-d3e2bfa7a1d8.
2026-07-15 00:13:41.732 10 INFO neutron.api.wsgi [req-efb98566-7918-463a-abe7-3aed1c603c12 req-20fb6d7f-8707-4e6f-95cf-5f0578a49a3c 52bca0e2d7db4b99869dcb1d34280605 ffa1154696dc4003a1f0148d4814c45a - - default default] 199.19.213.73 "GET /v2.0/networks?id=883e84a3-1c40-4688-83f5-113a52d1dd15 HTTP/1.1" status: 200 len: 868 time: 0.0589893
2026-07-15 00:13:41.759 10 INFO neutron.db.ovn_revision_numbers_db [None req-3e35e3cf-cfb8-4f94-98d4-07549588cd88 3a474efd54bd4a8a8129054f7b22e60d 270beab1b2394e72823e9182e5b2f4eb - - default default] Successfully bumped revision number for resource 699408f0-9231-4ba3-b863-e6326a9e58dc (type: networks) to 1
2026-07-15 00:13:41.796 10 INFO neutron.api.wsgi [req-efb98566-7918-463a-abe7-3aed1c603c12 req-d7ab525e-43b6-49a5-a26a-673644b964d4 52bca0e2d7db4b99869dcb1d34280605 ffa1154696dc4003a1f0148d4814c45a - - default default] 199.19.213.73 "GET /v2.0/security-groups?fields=id&fields=name&tenant_id=ffa1154696dc4003a1f0148d4814c45a HTTP/1.1" status: 200 len: 380 time: 0.0554957
2026-07-15 00:13:41.806 10 WARNING neutron_lib.context [req-efb98566-7918-463a-abe7-3aed1c603c12 req-257eb463-1579-474a-824a-42cccb022ded 52bca0e2d7db4b99869dcb1d34280605 ffa1154696dc4003a1f0148d4814c45a - - default default] Method 'is_advsvc' is deprecated since 2023.2 release (neutron-lib 3.8.0) and will be removed once support for the old RBAC API policies will be removed from Neutron. Please use method 'is_service_role' instead.
2026-07-15 00:13:41.813 9 INFO neutron.api.wsgi [req-291e32b1-6aa8-4c4c-98df-63e6357d5e82 req-55d07e0d-8c46-4b47-bd78-9c18d4b2269d 94380dc1e3b548a7af5ded48087c32be e5b400080edf41d491a733278747ae22 - - default default] 199.19.213.73 "DELETE /v2.0/ports/4a42108a-8e63-4d81-a04b-d3e2bfa7a1d8 HTTP/1.1" status: 204 len: 173 time: 0.3841164
2026-07-15 00:13:41.938 10 INFO neutron.api.wsgi [req-363a9c88-008f-4c43-85ec-0450ae4c36dd req-77248810-d4ac-4907-a672-1b62091c3401 94380dc1e3b548a7af5ded48087c32be e5b400080edf41d491a733278747ae22 - - default default] 10.0.0.184 "GET /v2.0/ports?device_id=ad59e520-f544-423d-a033-b2178bb91133 HTTP/1.1" status: 200 len: 210 time: 0.0305164
2026-07-15 00:13:41.990 10 WARNING neutron.scheduler.dhcp_agent_scheduler [None req-3e35e3cf-cfb8-4f94-98d4-07549588cd88 3a474efd54bd4a8a8129054f7b22e60d 270beab1b2394e72823e9182e5b2f4eb - - default default] No more DHCP agents
2026-07-15 00:13:41.991 10 WARNING neutron.api.rpc.agentnotifiers.dhcp_rpc_agent_api [None req-3e35e3cf-cfb8-4f94-98d4-07549588cd88 3a474efd54bd4a8a8129054f7b22e60d 270beab1b2394e72823e9182e5b2f4eb - - default default] Unable to schedule network 699408f0-9231-4ba3-b863-e6326a9e58dc: no agents available; will retry on subsequent port and subnet creation events.
2026-07-15 00:13:42.059 10 INFO neutron.db.ovn_revision_numbers_db [None req-3e35e3cf-cfb8-4f94-98d4-07549588cd88 3a474efd54bd4a8a8129054f7b22e60d 270beab1b2394e72823e9182e5b2f4eb - - default default] Successfully bumped revision number for resource 5d8f924e-194f-41bf-9353-706f7f1ddb0f (type: ports) to 1
2026-07-15 00:13:42.087 10 INFO neutron.api.wsgi [None req-3e35e3cf-cfb8-4f94-98d4-07549588cd88 3a474efd54bd4a8a8129054f7b22e60d 270beab1b2394e72823e9182e5b2f4eb - - default default] 10.0.0.197 "POST /v2.0/networks HTTP/1.1" status: 201 len: 835 time: 0.5512013 /var/lib/openstack/lib/python3.12/site-packages/pycadf/identifier.py:71: UserWarning: Invalid uuid: neutron. To ensure interoperability, identifiers should be a valid uuid. warnings.warn(('Invalid uuid: %s. To ensure interoperability, '
2026-07-15 00:13:42.095 10 WARNING neutron_lib.context [None req-bb274f46-1192-4deb-b37e-def2b2ee813f 3a474efd54bd4a8a8129054f7b22e60d 270beab1b2394e72823e9182e5b2f4eb - - default default] Method 'is_advsvc' is deprecated since 2023.2 release (neutron-lib 3.8.0) and will be removed once support for the old RBAC API policies will be removed from Neutron. Please use method 'is_service_role' instead.
2026-07-15 00:13:42.135 10 WARNING neutron.scheduler.dhcp_agent_scheduler [req-efb98566-7918-463a-abe7-3aed1c603c12 req-257eb463-1579-474a-824a-42cccb022ded 52bca0e2d7db4b99869dcb1d34280605 ffa1154696dc4003a1f0148d4814c45a - - default default] No more DHCP agents
2026-07-15 00:13:42.137 10 WARNING neutron.api.rpc.agentnotifiers.dhcp_rpc_agent_api [req-efb98566-7918-463a-abe7-3aed1c603c12 req-257eb463-1579-474a-824a-42cccb022ded 52bca0e2d7db4b99869dcb1d34280605 ffa1154696dc4003a1f0148d4814c45a - - default default] Unable to schedule network 883e84a3-1c40-4688-83f5-113a52d1dd15: no agents available; will retry on subsequent port and subnet creation events.
2026-07-15 00:13:42.251 10 INFO neutron.db.ovn_revision_numbers_db [req-efb98566-7918-463a-abe7-3aed1c603c12 req-257eb463-1579-474a-824a-42cccb022ded 52bca0e2d7db4b99869dcb1d34280605 ffa1154696dc4003a1f0148d4814c45a - - default default] Successfully bumped revision number for resource caba954d-4155-44af-a028-82f9a608e7fe (type: ports) to 1
2026-07-15 00:13:42.274 10 INFO neutron.api.wsgi [req-efb98566-7918-463a-abe7-3aed1c603c12 req-257eb463-1579-474a-824a-42cccb022ded 52bca0e2d7db4b99869dcb1d34280605 ffa1154696dc4003a1f0148d4814c45a - - default default] 199.19.213.73 "POST /v2.0/ports HTTP/1.1" status: 201 len: 1162 time: 0.4722548 /var/lib/openstack/lib/python3.12/site-packages/pycadf/identifier.py:71: UserWarning: Invalid uuid: neutron. To ensure interoperability, identifiers should be a valid uuid. warnings.warn(('Invalid uuid: %s. To ensure interoperability, '
2026-07-15 00:13:42.300 10 WARNING neutron.scheduler.dhcp_agent_scheduler [None req-bb274f46-1192-4deb-b37e-def2b2ee813f 3a474efd54bd4a8a8129054f7b22e60d 270beab1b2394e72823e9182e5b2f4eb - - default default] No more DHCP agents
2026-07-15 00:13:42.303 10 WARNING neutron.api.rpc.agentnotifiers.dhcp_rpc_agent_api [None req-bb274f46-1192-4deb-b37e-def2b2ee813f 3a474efd54bd4a8a8129054f7b22e60d 270beab1b2394e72823e9182e5b2f4eb - - default default] Unable to schedule network 699408f0-9231-4ba3-b863-e6326a9e58dc: no agents available; will retry on subsequent port and subnet creation events.
2026-07-15 00:13:42.333 10 INFO neutron.db.ovn_revision_numbers_db [None req-bb274f46-1192-4deb-b37e-def2b2ee813f 3a474efd54bd4a8a8129054f7b22e60d 270beab1b2394e72823e9182e5b2f4eb - - default default] Successfully bumped revision number for resource 7be29526-bf40-4b91-bb33-a05813c8fb0d (type: subnets) to 0
2026-07-15 00:13:42.356 10 INFO neutron.api.wsgi [None req-bb274f46-1192-4deb-b37e-def2b2ee813f 3a474efd54bd4a8a8129054f7b22e60d 270beab1b2394e72823e9182e5b2f4eb - - default default] 10.0.0.197 "POST /v2.0/subnets HTTP/1.1" status: 201 len: 845 time: 0.2635067 /var/lib/openstack/lib/python3.12/site-packages/pycadf/identifier.py:71: UserWarning: Invalid uuid: neutron. To ensure interoperability, identifiers should be a valid uuid. warnings.warn(('Invalid uuid: %s. To ensure interoperability, '
2026-07-15 00:13:42.367 9 WARNING neutron_lib.context [None req-4435c891-3dce-4425-a189-def819910f39 3a474efd54bd4a8a8129054f7b22e60d 270beab1b2394e72823e9182e5b2f4eb - - default default] Method 'is_advsvc' is deprecated since 2023.2 release (neutron-lib 3.8.0) and will be removed once support for the old RBAC API policies will be removed from Neutron. Please use method 'is_service_role' instead.
2026-07-15 00:13:42.371 10 INFO neutron.notifiers.nova [-] Nova event matching ['req-99a85173-1369-48f9-b021-c816bf673df7'] response: {'server_uuid': 'ad59e520-f544-423d-a033-b2178bb91133', 'name': 'network-vif-unplugged', 'status': 'completed', 'tag': '4a42108a-8e63-4d81-a04b-d3e2bfa7a1d8', 'code': 200}
2026-07-15 00:13:42.631 10 INFO neutron.db.ovn_revision_numbers_db [req-efb98566-7918-463a-abe7-3aed1c603c12 req-147ed899-9995-428a-9f2a-2f28ebb119e2 d5ae2cf065ab44848f923adf2beddf32 4a149269de794c39877fe605b8c6d58d - - f0d5bd53a426406e954dc45cfa6f09c6 f0d5bd53a426406e954dc45cfa6f09c6] Successfully bumped revision number for resource caba954d-4155-44af-a028-82f9a608e7fe (type: ports) to 2
2026-07-15 00:13:42.693 9 WARNING neutron.scheduler.dhcp_agent_scheduler [None req-4435c891-3dce-4425-a189-def819910f39 3a474efd54bd4a8a8129054f7b22e60d 270beab1b2394e72823e9182e5b2f4eb - - default default] No more DHCP agents
2026-07-15 00:13:42.695 9 WARNING neutron.api.rpc.agentnotifiers.dhcp_rpc_agent_api [None req-4435c891-3dce-4425-a189-def819910f39 3a474efd54bd4a8a8129054f7b22e60d 270beab1b2394e72823e9182e5b2f4eb - - default default] Unable to schedule network 699408f0-9231-4ba3-b863-e6326a9e58dc: no agents available; will retry on subsequent port and subnet creation events.
2026-07-15 00:13:42.698 10 INFO neutron.api.wsgi [-] 10.0.0.116 "GET / HTTP/1.1" status: 200 len: 247 time: 0.0023630
