2026-07-15 00:16:33.649 9 INFO neutron.api.wsgi [None req-61e7991f-e309-40c3-8fa0-29fc2152bdef 06bbd1ce37784b188c8b912a4d9ab8b3 960b28e35ccd47e99505804431eb5e67 - - default default] 10.0.0.197 "DELETE /v2.0/security-groups/08afe2dc-e5b1-4d98-8f5a-ce7a111c82e2 HTTP/1.1" status: 204 len: 168 time: 0.2084112
2026-07-15 00:16:33.838 10 INFO neutron.db.ovn_revision_numbers_db [None req-c776835b-9ff9-482a-84b4-e6912e02dd9b - - - - - -] Successfully bumped revision number for resource d3223ed7-d734-4003-a7d6-3e124e05b694 (type: router_ports) to 1
2026-07-15 00:16:33.923 10 INFO neutron.api.wsgi [req-ade0a92e-2107-4ccb-be18-61418f5e254c req-730c726f-61b8-4292-9958-69f0bd46995a 8bd1d0dbd4144d8c96089255b3d8cae4 228a82b523ff483cadd613db699c5278 - - default default] 10.0.0.184 "GET /v2.0/ports?device_id=b0fd59b5-21f1-4fb7-acff-d7c70d054885 HTTP/1.1" status: 200 len: 1212 time: 0.0321336
2026-07-15 00:16:33.969 10 INFO neutron.api.wsgi [req-ade0a92e-2107-4ccb-be18-61418f5e254c req-7c426807-aac7-4073-bb4c-763d78afb59e 8bd1d0dbd4144d8c96089255b3d8cae4 228a82b523ff483cadd613db699c5278 - - default default] 10.0.0.184 "GET /v2.0/security-groups?id=eac2c0d7-4e2b-45bd-8013-2fd6a435b2b5&id=f3b4685d-4479-4986-b583-0d583393eacd&fields=id&fields=name HTTP/1.1" status: 200 len: 405 time: 0.0415232
2026-07-15 00:16:34.077 10 WARNING neutron.scheduler.dhcp_agent_scheduler [None req-c776835b-9ff9-482a-84b4-e6912e02dd9b - - - - - -] No more DHCP agents
2026-07-15 00:16:34.078 10 WARNING neutron.api.rpc.agentnotifiers.dhcp_rpc_agent_api [None req-c776835b-9ff9-482a-84b4-e6912e02dd9b - - - - - -] Unable to schedule network 34d3c9e6-4c18-4c20-b6a3-52775527f114: no agents available; will retry on subsequent port and subnet creation events.
2026-07-15 00:16:34.198 10 INFO neutron.db.ovn_revision_numbers_db [None req-c776835b-9ff9-482a-84b4-e6912e02dd9b - - - - - -] Successfully bumped revision number for resource a4066ad8-092b-43bb-8352-37560afb4414 (type: ports) to 1
2026-07-15 00:16:34.386 10 INFO neutron.db.ovn_revision_numbers_db [None req-c776835b-9ff9-482a-84b4-e6912e02dd9b - - - - - -] Successfully bumped revision number for resource a4066ad8-092b-43bb-8352-37560afb4414 (type: ports) to 3
2026-07-15 00:16:34.575 10 INFO neutron.api.wsgi [None req-6bd958c8-45bc-4822-9900-8aa68bbd23b1 b6f1cc05148e49bc93c3627c975805bd 8609fbc5d5da4972872048efefb8272a - - default default] 10.0.0.197 "POST /v2.0/vpn/vpnservices HTTP/1.1" status: 201 len: 656 time: 4.1631978
2026-07-15 00:16:34.584 10 WARNING neutron_lib.context [None req-108f7ef5-47d6-461d-8b2c-89292c624319 b6f1cc05148e49bc93c3627c975805bd 8609fbc5d5da4972872048efefb8272a - - default default] Method 'is_advsvc' is deprecated since 2023.2 release (neutron-lib 3.8.0) and will be removed once support for the old RBAC API policies will be removed from Neutron. Please use method 'is_service_role' instead.
2026-07-15 00:16:34.915 10 INFO neutron.api.wsgi [None req-108f7ef5-47d6-461d-8b2c-89292c624319 b6f1cc05148e49bc93c3627c975805bd 8609fbc5d5da4972872048efefb8272a - - default default] 10.0.0.197 "POST /v2.0/vpn/vpnservices HTTP/1.1" status: 201 len: 623 time: 0.3346803
2026-07-15 00:16:34.929 10 WARNING neutron_lib.context [None req-e89a2066-690f-4358-990d-d5281091634a b6f1cc05148e49bc93c3627c975805bd 8609fbc5d5da4972872048efefb8272a - - default default] Method 'is_advsvc' is deprecated since 2023.2 release (neutron-lib 3.8.0) and will be removed once support for the old RBAC API policies will be removed from Neutron. Please use method 'is_service_role' instead.
2026-07-15 00:16:34.975 10 INFO neutron.api.wsgi [None req-e89a2066-690f-4358-990d-d5281091634a b6f1cc05148e49bc93c3627c975805bd 8609fbc5d5da4972872048efefb8272a - - default default] 10.0.0.197 "POST /v2.0/vpn/ikepolicies HTTP/1.1" status: 201 len: 603 time: 0.0541306
2026-07-15 00:16:34.984 10 WARNING neutron_lib.context [None req-9dc56f86-422e-4a38-8e80-c2febb2cdff1 b6f1cc05148e49bc93c3627c975805bd 8609fbc5d5da4972872048efefb8272a - - default default] Method 'is_advsvc' is deprecated since 2023.2 release (neutron-lib 3.8.0) and will be removed once support for the old RBAC API policies will be removed from Neutron. Please use method 'is_service_role' instead.
2026-07-15 00:16:35.023 10 INFO neutron.api.wsgi [None req-9dc56f86-422e-4a38-8e80-c2febb2cdff1 b6f1cc05148e49bc93c3627c975805bd 8609fbc5d5da4972872048efefb8272a - - default default] 10.0.0.197 "POST /v2.0/vpn/ipsecpolicies HTTP/1.1" status: 201 len: 612 time: 0.0434966
2026-07-15 00:16:35.034 9 WARNING neutron_lib.context [None req-9647254a-a662-4efd-97f9-b332d1013547 b6f1cc05148e49bc93c3627c975805bd 8609fbc5d5da4972872048efefb8272a - - default default] Method 'is_advsvc' is deprecated since 2023.2 release (neutron-lib 3.8.0) and will be removed once support for the old RBAC API policies will be removed from Neutron. Please use method 'is_service_role' instead.
2026-07-15 00:16:35.050 10 INFO neutron.api.wsgi [req-b002a79f-c3f8-4579-8e47-af3841a1ae2c req-d1751c36-bf58-48e7-abf8-a6984c18dfa5 8bd1d0dbd4144d8c96089255b3d8cae4 228a82b523ff483cadd613db699c5278 - - default default] 10.0.0.184 "GET /v2.0/ports?device_id=b0fd59b5-21f1-4fb7-acff-d7c70d054885 HTTP/1.1" status: 200 len: 1212 time: 0.0248568
2026-07-15 00:16:35.084 10 INFO neutron.api.wsgi [req-b002a79f-c3f8-4579-8e47-af3841a1ae2c req-c900c4db-dad6-4438-9c10-3bc252f3fcbc 8bd1d0dbd4144d8c96089255b3d8cae4 228a82b523ff483cadd613db699c5278 - - default default] 10.0.0.184 "GET /v2.0/security-groups?id=eac2c0d7-4e2b-45bd-8013-2fd6a435b2b5&id=f3b4685d-4479-4986-b583-0d583393eacd&fields=id&fields=name HTTP/1.1" status: 200 len: 405 time: 0.0275795
2026-07-15 00:16:35.101 9 INFO neutron.api.wsgi [None req-9647254a-a662-4efd-97f9-b332d1013547 b6f1cc05148e49bc93c3627c975805bd 8609fbc5d5da4972872048efefb8272a - - default default] 10.0.0.197 "POST /v2.0/vpn/endpoint-groups HTTP/1.1" status: 201 len: 526 time: 0.0725675
2026-07-15 00:16:35.114 9 WARNING neutron_lib.context [None req-13daa9bc-01d2-4672-8380-4c0cecb43111 b6f1cc05148e49bc93c3627c975805bd 8609fbc5d5da4972872048efefb8272a - - default default] Method 'is_advsvc' is deprecated since 2023.2 release (neutron-lib 3.8.0) and will be removed once support for the old RBAC API policies will be removed from Neutron. Please use method 'is_service_role' instead.
2026-07-15 00:16:35.149 9 INFO neutron.api.wsgi [None req-13daa9bc-01d2-4672-8380-4c0cecb43111 b6f1cc05148e49bc93c3627c975805bd 8609fbc5d5da4972872048efefb8272a - - default default] 10.0.0.197 "POST /v2.0/vpn/endpoint-groups HTTP/1.1" status: 201 len: 519 time: 0.0412364
2026-07-15 00:16:35.156 9 WARNING neutron_lib.context [None req-af75def6-f7b5-4df6-ac44-c438b15a8a37 b6f1cc05148e49bc93c3627c975805bd 8609fbc5d5da4972872048efefb8272a - - default default] Method 'is_advsvc' is deprecated since 2023.2 release (neutron-lib 3.8.0) and will be removed once support for the old RBAC API policies will be removed from Neutron. Please use method 'is_service_role' instead.
2026-07-15 00:16:35.799 9 INFO neutron.db.ovn_revision_numbers_db [None req-af75def6-f7b5-4df6-ac44-c438b15a8a37 b6f1cc05148e49bc93c3627c975805bd 8609fbc5d5da4972872048efefb8272a - - default default] Successfully bumped revision number for resource b142d607-ee7e-4822-9349-49526bcd6a43 (type: routers) to 5
2026-07-15 00:16:35.829 9 INFO neutron.api.wsgi [None req-af75def6-f7b5-4df6-ac44-c438b15a8a37 b6f1cc05148e49bc93c3627c975805bd 8609fbc5d5da4972872048efefb8272a - - default default] 10.0.0.197 "POST /v2.0/vpn/ipsec-site-connections HTTP/1.1" status: 201 len: 1002 time: 0.6764622
2026-07-15 00:16:35.838 9 WARNING neutron_lib.context [None req-7345e066-570d-492d-baae-6cef45148358 b6f1cc05148e49bc93c3627c975805bd 8609fbc5d5da4972872048efefb8272a - - default default] Method 'is_advsvc' is deprecated since 2023.2 release (neutron-lib 3.8.0) and will be removed once support for the old RBAC API policies will be removed from Neutron. Please use method 'is_service_role' instead.
2026-07-15 00:16:35.878 9 INFO neutron.api.wsgi [None req-7345e066-570d-492d-baae-6cef45148358 b6f1cc05148e49bc93c3627c975805bd 8609fbc5d5da4972872048efefb8272a - - default default] 10.0.0.197 "POST /v2.0/vpn/endpoint-groups HTTP/1.1" status: 201 len: 489 time: 0.0440526
2026-07-15 00:16:35.914 9 INFO neutron.api.wsgi [None req-ec4dfc82-9945-4685-9f5c-c1b3b764bdac b6f1cc05148e49bc93c3627c975805bd 8609fbc5d5da4972872048efefb8272a - - default default] 10.0.0.197 "DELETE /v2.0/vpn/endpoint-groups/f371c4c8-c8d8-4199-a305-0043999d69ea HTTP/1.1" status: 204 len: 168 time: 0.0314274
2026-07-15 00:16:35.933 9 INFO neutron.api.wsgi [None req-2e39e72a-48da-4346-b114-8a6d50d3e4a4 b6f1cc05148e49bc93c3627c975805bd 8609fbc5d5da4972872048efefb8272a - - default default] 10.0.0.197 "GET /v2.0/vpn/endpoint-groups HTTP/1.1" status: 200 len: 826 time: 0.0142119
2026-07-15 00:16:35.947 9 INFO neutron.api.wsgi [None req-b53e8514-d923-4082-bfbd-cd73bdefe000 b6f1cc05148e49bc93c3627c975805bd 8609fbc5d5da4972872048efefb8272a - - default default] 10.0.0.197 "GET /v2.0/vpn/endpoint-groups HTTP/1.1" status: 200 len: 826 time: 0.0087881
2026-07-15 00:16:36.173 10 INFO neutron.api.wsgi [req-988076bf-7a6d-4323-a7d4-8c28aceb9d34 req-9259edda-1785-4675-90ce-2a9b5ae39748 8bd1d0dbd4144d8c96089255b3d8cae4 228a82b523ff483cadd613db699c5278 - - default default] 10.0.0.184 "GET /v2.0/ports?device_id=b0fd59b5-21f1-4fb7-acff-d7c70d054885 HTTP/1.1" status: 200 len: 1212 time: 0.0345788
2026-07-15 00:16:36.212 10 INFO neutron.api.wsgi [req-988076bf-7a6d-4323-a7d4-8c28aceb9d34 req-96a66f35-7392-457b-802a-30e34d20cd1a 8bd1d0dbd4144d8c96089255b3d8cae4 228a82b523ff483cadd613db699c5278 - - default default] 10.0.0.184 "GET /v2.0/security-groups?id=eac2c0d7-4e2b-45bd-8013-2fd6a435b2b5&id=f3b4685d-4479-4986-b583-0d583393eacd&fields=id&fields=name HTTP/1.1" status: 200 len: 405 time: 0.0343089
2026-07-15 00:16:36.510 10 INFO neutron.api.wsgi [None req-11559d7d-2038-4fa1-be40-84483aa7fa1f e4e0ae2bd11d4bed880aed6c83c0b0cd 79094eb1c4164051a98ae6aa8e3ce0ec - - default default] 10.0.0.197 "POST /v2.0/vpn/ikepolicies HTTP/1.1" status: 201 len: 601 time: 0.2097108
2026-07-15 00:16:36.529 10 INFO neutron.api.wsgi [None req-b182e1ee-bcc2-4502-88fc-9e227102f445 b6f1cc05148e49bc93c3627c975805bd 8609fbc5d5da4972872048efefb8272a - - default default] 10.0.0.197 "GET /v2.0/vpn/ikepolicies HTTP/1.1" status: 200 len: 991 time: 0.0144892
2026-07-15 00:16:36.565 9 INFO neutron.api.wsgi [None req-d76374c5-d825-443b-b132-6beec15090af e4e0ae2bd11d4bed880aed6c83c0b0cd 79094eb1c4164051a98ae6aa8e3ce0ec - - default default] 10.0.0.197 "DELETE /v2.0/vpn/ikepolicies/1a6926a6-5cbe-47d7-8cf0-1b28fbcd74ec HTTP/1.1" status: 204 len: 168 time: 0.0312645
2026-07-15 00:16:36.619 9 INFO neutron.api.wsgi [None req-28087e0a-1b21-43af-9aa2-3cf0f404fb03 e4e0ae2bd11d4bed880aed6c83c0b0cd 79094eb1c4164051a98ae6aa8e3ce0ec - - default default] 10.0.0.197 "POST /v2.0/vpn/ipsecpolicies HTTP/1.1" status: 201 len: 611 time: 0.0445688
2026-07-15 00:16:36.633 9 INFO neutron.api.wsgi [None req-88b68950-14c0-4df3-89e5-394e5f3ac31c b6f1cc05148e49bc93c3627c975805bd 8609fbc5d5da4972872048efefb8272a - - default default] 10.0.0.197 "GET /v2.0/vpn/ipsecpolicies HTTP/1.1" status: 200 len: 1008 time: 0.0100031
2026-07-15 00:16:36.663 9 INFO neutron.api.wsgi [None req-811c5232-98cc-4e06-8005-164caf431f56 e4e0ae2bd11d4bed880aed6c83c0b0cd 79094eb1c4164051a98ae6aa8e3ce0ec - - default default] 10.0.0.197 "DELETE /v2.0/vpn/ipsecpolicies/69cc8596-b7f9-41eb-8fe7-68cf52ccc873 HTTP/1.1" status: 204 len: 168 time: 0.0265245
2026-07-15 00:16:36.673 9 WARNING neutron_lib.context [None req-56652c31-b7b5-4410-9873-647c0df4cf73 b6f1cc05148e49bc93c3627c975805bd 8609fbc5d5da4972872048efefb8272a - - default default] Method 'is_advsvc' is deprecated since 2023.2 release (neutron-lib 3.8.0) and will be removed once support for the old RBAC API policies will be removed from Neutron. Please use method 'is_service_role' instead.
2026-07-15 00:16:36.740 9 INFO neutron.db.segments_db [None req-56652c31-b7b5-4410-9873-647c0df4cf73 b6f1cc05148e49bc93c3627c975805bd 8609fbc5d5da4972872048efefb8272a - - default default] Added segment ba03ce0b-c9b9-4af0-97dc-01ad9545b46a of type geneve for network 167b0798-220e-4f2b-ace1-2c7a4ece7f1b
2026-07-15 00:16:36.838 9 INFO neutron.db.ovn_revision_numbers_db [None req-56652c31-b7b5-4410-9873-647c0df4cf73 b6f1cc05148e49bc93c3627c975805bd 8609fbc5d5da4972872048efefb8272a - - default default] Successfully bumped revision number for resource 167b0798-220e-4f2b-ace1-2c7a4ece7f1b (type: networks) to 1
2026-07-15 00:16:37.018 9 WARNING neutron.scheduler.dhcp_agent_scheduler [None req-56652c31-b7b5-4410-9873-647c0df4cf73 b6f1cc05148e49bc93c3627c975805bd 8609fbc5d5da4972872048efefb8272a - - default default] No more DHCP agents
2026-07-15 00:16:37.020 9 WARNING neutron.api.rpc.agentnotifiers.dhcp_rpc_agent_api [None req-56652c31-b7b5-4410-9873-647c0df4cf73 b6f1cc05148e49bc93c3627c975805bd 8609fbc5d5da4972872048efefb8272a - - default default] Unable to schedule network 167b0798-220e-4f2b-ace1-2c7a4ece7f1b: no agents available; will retry on subsequent port and subnet creation events.
2026-07-15 00:16:37.077 9 INFO neutron.db.ovn_revision_numbers_db [None req-56652c31-b7b5-4410-9873-647c0df4cf73 b6f1cc05148e49bc93c3627c975805bd 8609fbc5d5da4972872048efefb8272a - - default default] Successfully bumped revision number for resource ada47157-614d-4858-85fc-cd7af8414ce9 (type: ports) to 1
2026-07-15 00:16:37.096 9 INFO neutron.api.wsgi [None req-56652c31-b7b5-4410-9873-647c0df4cf73 b6f1cc05148e49bc93c3627c975805bd 8609fbc5d5da4972872048efefb8272a - - default default] 10.0.0.197 "POST /v2.0/networks HTTP/1.1" status: 201 len: 830 time: 0.4265568
2026-07-15 00:16:37.104 9 WARNING neutron_lib.context [None req-02a1c71b-41fa-47ca-8d64-4759becbf622 b6f1cc05148e49bc93c3627c975805bd 8609fbc5d5da4972872048efefb8272a - - default default] Method 'is_advsvc' is deprecated since 2023.2 release (neutron-lib 3.8.0) and will be removed once support for the old RBAC API policies will be removed from Neutron. Please use method 'is_service_role' instead.
2026-07-15 00:16:37.268 9 WARNING neutron.scheduler.dhcp_agent_scheduler [None req-02a1c71b-41fa-47ca-8d64-4759becbf622 b6f1cc05148e49bc93c3627c975805bd 8609fbc5d5da4972872048efefb8272a - - default default] No more DHCP agents
2026-07-15 00:16:37.270 9 WARNING neutron.api.rpc.agentnotifiers.dhcp_rpc_agent_api [None req-02a1c71b-41fa-47ca-8d64-4759becbf622 b6f1cc05148e49bc93c3627c975805bd 8609fbc5d5da4972872048efefb8272a - - default default] Unable to schedule network 167b0798-220e-4f2b-ace1-2c7a4ece7f1b: no agents available; will retry on subsequent port and subnet creation events.
2026-07-15 00:16:37.345 10 INFO neutron.api.wsgi [req-c876b86f-6f30-4317-9da6-1b7e835a0b37 req-1e1a2821-8553-48eb-901d-cdc5734dc016 8bd1d0dbd4144d8c96089255b3d8cae4 228a82b523ff483cadd613db699c5278 - - default default] 10.0.0.184 "GET /v2.0/ports?device_id=b0fd59b5-21f1-4fb7-acff-d7c70d054885 HTTP/1.1" status: 200 len: 1212 time: 0.0638313
2026-07-15 00:16:37.386 10 INFO neutron.api.wsgi [req-c876b86f-6f30-4317-9da6-1b7e835a0b37 req-dd77e128-9acb-4f28-b57c-807143af82e5 8bd1d0dbd4144d8c96089255b3d8cae4 228a82b523ff483cadd613db699c5278 - - default default] 10.0.0.184 "GET /v2.0/security-groups?id=eac2c0d7-4e2b-45bd-8013-2fd6a435b2b5&id=f3b4685d-4479-4986-b583-0d583393eacd&fields=id&fields=name HTTP/1.1" status: 200 len: 405 time: 0.0349321
2026-07-15 00:16:37.645 9 WARNING neutron_lib.context [None req-825f4b6e-3103-41d5-ae15-6236ea3ca7f8 3730bf38e92842abbd7421b2695bea44 53ce62b68e3a420ea9cc0e63a1be8b4f - - default default] Method 'is_advsvc' is deprecated since 2023.2 release (neutron-lib 3.8.0) and will be removed once support for the old RBAC API policies will be removed from Neutron. Please use method 'is_service_role' instead.
2026-07-15 00:16:37.677 9 INFO neutron.db.ovn_revision_numbers_db [None req-8fd767eb-82f2-447b-ba3e-ed37e55ff1ca - - - - - -] Successfully bumped revision number for resource ada47157-614d-4858-85fc-cd7af8414ce9 (type: ports) to 2
2026-07-15 00:16:37.709 9 INFO neutron.db.ovn_revision_numbers_db [None req-8fd767eb-82f2-447b-ba3e-ed37e55ff1ca - - - - - -] Successfully bumped revision number for resource 819fb36f-9c11-4b3e-81a8-82fdf1a4558e (type: subnets) to 0
2026-07-15 00:16:37.723 9 INFO neutron.api.wsgi [None req-02a1c71b-41fa-47ca-8d64-4759becbf622 b6f1cc05148e49bc93c3627c975805bd 8609fbc5d5da4972872048efefb8272a - - default default] 10.0.0.197 "POST /v2.0/subnets HTTP/1.1" status: 201 len: 828 time: 0.6226156
2026-07-15 00:16:37.736 10 WARNING neutron_lib.context [None req-3fec4a27-83ab-418b-a6ea-e36932b753b6 b6f1cc05148e49bc93c3627c975805bd 8609fbc5d5da4972872048efefb8272a - - default default] Method 'is_advsvc' is deprecated since 2023.2 release (neutron-lib 3.8.0) and will be removed once support for the old RBAC API policies will be removed from Neutron. Please use method 'is_service_role' instead.
2026-07-15 00:16:37.772 9 INFO neutron.db.ovn_revision_numbers_db [None req-825f4b6e-3103-41d5-ae15-6236ea3ca7f8 3730bf38e92842abbd7421b2695bea44 53ce62b68e3a420ea9cc0e63a1be8b4f - - default default] Successfully bumped revision number for resource 93b6a17d-7efc-4c7c-8e00-19c2c8877a84 (type: security_groups) to 1
2026-07-15 00:16:37.784 9 INFO neutron.db.ovn_revision_numbers_db [None req-825f4b6e-3103-41d5-ae15-6236ea3ca7f8 3730bf38e92842abbd7421b2695bea44 53ce62b68e3a420ea9cc0e63a1be8b4f - - default default] Successfully bumped revision number for resource 6f76a88c-5725-42da-a4cb-2f9e8c999009 (type: security_group_rules) to 0
2026-07-15 00:16:37.795 9 INFO neutron.db.ovn_revision_numbers_db [None req-825f4b6e-3103-41d5-ae15-6236ea3ca7f8 3730bf38e92842abbd7421b2695bea44 53ce62b68e3a420ea9cc0e63a1be8b4f - - default default] Successfully bumped revision number for resource ad1c4e61-2ade-46ef-b750-d57b9f317cf9 (type: security_group_rules) to 0
2026-07-15 00:16:37.806 9 INFO neutron.db.ovn_revision_numbers_db [None req-825f4b6e-3103-41d5-ae15-6236ea3ca7f8 3730bf38e92842abbd7421b2695bea44 53ce62b68e3a420ea9cc0e63a1be8b4f - - default default] Successfully bumped revision number for resource cc2eb77c-bec5-43cf-9c21-791494b4c091 (type: security_group_rules) to 0
2026-07-15 00:16:37.818 9 INFO neutron.db.ovn_revision_numbers_db [None req-825f4b6e-3103-41d5-ae15-6236ea3ca7f8 3730bf38e92842abbd7421b2695bea44 53ce62b68e3a420ea9cc0e63a1be8b4f - - default default] Successfully bumped revision number for resource ceb3a7df-f91a-4b38-840b-41dfe0212f43 (type: security_group_rules) to 0
2026-07-15 00:16:37.885 9 INFO neutron.db.segments_db [None req-825f4b6e-3103-41d5-ae15-6236ea3ca7f8 3730bf38e92842abbd7421b2695bea44 53ce62b68e3a420ea9cc0e63a1be8b4f - - default default] Added segment 305624e0-6c65-4727-9ab6-1bbb0b0f75e3 of type geneve for network 6ff9ba83-5199-4781-89e2-d918fd2bbf43
2026-07-15 00:16:37.999 9 INFO neutron.db.ovn_revision_numbers_db [None req-825f4b6e-3103-41d5-ae15-6236ea3ca7f8 3730bf38e92842abbd7421b2695bea44 53ce62b68e3a420ea9cc0e63a1be8b4f - - default default] Successfully bumped revision number for resource 6ff9ba83-5199-4781-89e2-d918fd2bbf43 (type: networks) to 1
2026-07-15 00:16:38.127 10 WARNING neutron.scheduler.dhcp_agent_scheduler [None req-3fec4a27-83ab-418b-a6ea-e36932b753b6 b6f1cc05148e49bc93c3627c975805bd 8609fbc5d5da4972872048efefb8272a - - default default] No more DHCP agents
2026-07-15 00:16:38.129 10 WARNING neutron.api.rpc.agentnotifiers.dhcp_rpc_agent_api [None req-3fec4a27-83ab-418b-a6ea-e36932b753b6 b6f1cc05148e49bc93c3627c975805bd 8609fbc5d5da4972872048efefb8272a - - default default] Unable to schedule network 11c62d4d-75c2-42dc-a014-8b9c456f30a2: no agents available; will retry on subsequent port and subnet creation events.
2026-07-15 00:16:38.135 9 WARNING neutron.scheduler.dhcp_agent_scheduler [None req-825f4b6e-3103-41d5-ae15-6236ea3ca7f8 3730bf38e92842abbd7421b2695bea44 53ce62b68e3a420ea9cc0e63a1be8b4f - - default default] No more DHCP agents
2026-07-15 00:16:38.137 9 WARNING neutron.api.rpc.agentnotifiers.dhcp_rpc_agent_api [None req-825f4b6e-3103-41d5-ae15-6236ea3ca7f8 3730bf38e92842abbd7421b2695bea44 53ce62b68e3a420ea9cc0e63a1be8b4f - - default default] Unable to schedule network 6ff9ba83-5199-4781-89e2-d918fd2bbf43: no agents available; will retry on subsequent port and subnet creation events.
2026-07-15 00:16:38.190 9 INFO neutron.db.ovn_revision_numbers_db [None req-825f4b6e-3103-41d5-ae15-6236ea3ca7f8 3730bf38e92842abbd7421b2695bea44 53ce62b68e3a420ea9cc0e63a1be8b4f - - default default] Successfully bumped revision number for resource badc4bdc-ad1b-462d-a461-03f3bf7a8d20 (type: ports) to 1
2026-07-15 00:16:38.213 9 INFO neutron.api.wsgi [None req-825f4b6e-3103-41d5-ae15-6236ea3ca7f8 3730bf38e92842abbd7421b2695bea44 53ce62b68e3a420ea9cc0e63a1be8b4f - - default default] 10.0.0.197 "POST /v2.0/networks HTTP/1.1" status: 201 len: 831 time: 0.7199719
2026-07-15 00:16:38.220 10 WARNING neutron_lib.context [None req-021be3b0-3657-4a5a-b8ed-4e26ada03ebd 3730bf38e92842abbd7421b2695bea44 53ce62b68e3a420ea9cc0e63a1be8b4f - - default default] Method 'is_advsvc' is deprecated since 2023.2 release (neutron-lib 3.8.0) and will be removed once support for the old RBAC API policies will be removed from Neutron. Please use method 'is_service_role' instead.
2026-07-15 00:16:38.237 10 INFO neutron.db.ovn_revision_numbers_db [None req-3fec4a27-83ab-418b-a6ea-e36932b753b6 b6f1cc05148e49bc93c3627c975805bd 8609fbc5d5da4972872048efefb8272a - - default default] Successfully bumped revision number for resource 32bb7a47-3f90-4cb3-9e0c-b92b7a6e340e (type: ports) to 1
2026-07-15 00:16:38.317 10 INFO neutron.db.segments_db [None req-021be3b0-3657-4a5a-b8ed-4e26ada03ebd 3730bf38e92842abbd7421b2695bea44 53ce62b68e3a420ea9cc0e63a1be8b4f - - default default] Added segment f18d4ea8-b28a-439b-b609-33fef71c0394 of type geneve for network a6659273-6e57-4b82-8a3f-dc2376acdadb
2026-07-15 00:16:38.500 10 INFO neutron.db.ovn_revision_numbers_db [None req-021be3b0-3657-4a5a-b8ed-4e26ada03ebd 3730bf38e92842abbd7421b2695bea44 53ce62b68e3a420ea9cc0e63a1be8b4f - - default default] Successfully bumped revision number for resource a6659273-6e57-4b82-8a3f-dc2376acdadb (type: networks) to 1
2026-07-15 00:16:38.510 10 INFO neutron.api.wsgi [req-b94fe062-fede-4a82-8016-0b003415dacd req-7a6b6b15-72f4-4081-8443-93b4e10e82ee 8bd1d0dbd4144d8c96089255b3d8cae4 228a82b523ff483cadd613db699c5278 - - default default] 10.0.0.184 "GET /v2.0/ports?device_id=b0fd59b5-21f1-4fb7-acff-d7c70d054885 HTTP/1.1" status: 200 len: 1212 time: 0.0515339
2026-07-15 00:16:38.581 10 INFO neutron.api.wsgi [req-b94fe062-fede-4a82-8016-0b003415dacd req-a17789dc-f12d-478c-965e-3618aaa1694f 8bd1d0dbd4144d8c96089255b3d8cae4 228a82b523ff483cadd613db699c5278 - - default default] 10.0.0.184 "GET /v2.0/security-groups?id=eac2c0d7-4e2b-45bd-8013-2fd6a435b2b5&id=f3b4685d-4479-4986-b583-0d583393eacd&fields=id&fields=name HTTP/1.1" status: 200 len: 405 time: 0.0650816
2026-07-15 00:16:38.715 10 WARNING neutron.scheduler.dhcp_agent_scheduler [None req-021be3b0-3657-4a5a-b8ed-4e26ada03ebd 3730bf38e92842abbd7421b2695bea44 53ce62b68e3a420ea9cc0e63a1be8b4f - - default default] No more DHCP agents
2026-07-15 00:16:38.717 10 WARNING neutron.api.rpc.agentnotifiers.dhcp_rpc_agent_api [None req-021be3b0-3657-4a5a-b8ed-4e26ada03ebd 3730bf38e92842abbd7421b2695bea44 53ce62b68e3a420ea9cc0e63a1be8b4f - - default default] Unable to schedule network a6659273-6e57-4b82-8a3f-dc2376acdadb: no agents available; will retry on subsequent port and subnet creation events.
2026-07-15 00:16:38.785 10 INFO neutron.db.ovn_revision_numbers_db [None req-021be3b0-3657-4a5a-b8ed-4e26ada03ebd 3730bf38e92842abbd7421b2695bea44 53ce62b68e3a420ea9cc0e63a1be8b4f - - default default] Successfully bumped revision number for resource ea170592-86a4-4b0a-a938-5cccef7ea99b (type: ports) to 1
2026-07-15 00:16:38.808 10 INFO neutron.api.wsgi [None req-021be3b0-3657-4a5a-b8ed-4e26ada03ebd 3730bf38e92842abbd7421b2695bea44 53ce62b68e3a420ea9cc0e63a1be8b4f - - default default] 10.0.0.197 "POST /v2.0/networks HTTP/1.1" status: 201 len: 831 time: 0.5907793
2026-07-15 00:16:38.817 10 WARNING neutron_lib.context [None req-2d0b39e4-4d7c-4080-9a23-7a9544a1662d 3730bf38e92842abbd7421b2695bea44 53ce62b68e3a420ea9cc0e63a1be8b4f - - default default] Method 'is_advsvc' is deprecated since 2023.2 release (neutron-lib 3.8.0) and will be removed once support for the old RBAC API policies will be removed from Neutron. Please use method 'is_service_role' instead.
2026-07-15 00:16:38.908 10 WARNING neutron.plugins.ml2.drivers.ovn.mech_driver.ovsdb.ovn_client [None req-89755bee-a3a6-4445-b2de-1537cf836a4e - - - - - -] No hosting information found for port 06e4a1b9-6267-480e-b6f1-bcecf496ff8f: RuntimeError: No hosting information found for port 06e4a1b9-6267-480e-b6f1-bcecf496ff8f
2026-07-15 00:16:38.928 10 INFO neutron.db.segments_db [None req-2d0b39e4-4d7c-4080-9a23-7a9544a1662d 3730bf38e92842abbd7421b2695bea44 53ce62b68e3a420ea9cc0e63a1be8b4f - - default default] Added segment 4430608d-9b02-4752-8466-6e0f59d8ac01 of type geneve for network 2cda216f-aa94-49f1-a0c0-9540a650cb54
2026-07-15 00:16:38.961 10 INFO neutron.plugins.ml2.drivers.ovn.mech_driver.ovsdb.commands [None req-47bf4066-411c-49b4-847c-ca9b78bbc9c4 - - - - - -] Schedule LRP lrp-32bb7a47-3f90-4cb3-9e0c-b92b7a6e340e on gateway 6d7a156e-887f-4b2d-b245-af521f6d44f8 with priority 1
2026-07-15 00:16:39.028 10 INFO neutron.db.ovn_revision_numbers_db [None req-3fec4a27-83ab-418b-a6ea-e36932b753b6 b6f1cc05148e49bc93c3627c975805bd 8609fbc5d5da4972872048efefb8272a - - default default] Successfully bumped revision number for resource 32bb7a47-3f90-4cb3-9e0c-b92b7a6e340e (type: router_ports) to 1
2026-07-15 00:16:39.062 10 INFO neutron.db.ovn_revision_numbers_db [None req-89755bee-a3a6-4445-b2de-1537cf836a4e - - - - - -] Successfully bumped revision number for resource 06e4a1b9-6267-480e-b6f1-bcecf496ff8f (type: router_ports) to 2
2026-07-15 00:16:39.062 10 INFO neutron.plugins.ml2.drivers.ovn.mech_driver.mech_driver [None req-89755bee-a3a6-4445-b2de-1537cf836a4e - - - - - -] OVN reports status up for port: 9310b6ec-de56-4f8e-af44-076466153fab
2026-07-15 00:16:39.073 10 INFO neutron.plugins.ml2.plugin [None req-89755bee-a3a6-4445-b2de-1537cf836a4e - - - - - -] Attempt 1 to provision port 9310b6ec-de56-4f8e-af44-076466153fab
2026-07-15 00:16:39.108 10 INFO neutron.db.ovn_revision_numbers_db [None req-3fec4a27-83ab-418b-a6ea-e36932b753b6 b6f1cc05148e49bc93c3627c975805bd 8609fbc5d5da4972872048efefb8272a - - default default] Successfully bumped revision number for resource a5869654-0a9a-4482-86bc-8daef412f003 (type: routers) to 2
2026-07-15 00:16:39.111 10 INFO neutron.db.ovn_revision_numbers_db [None req-2d0b39e4-4d7c-4080-9a23-7a9544a1662d 3730bf38e92842abbd7421b2695bea44 53ce62b68e3a420ea9cc0e63a1be8b4f - - default default] Successfully bumped revision number for resource 2cda216f-aa94-49f1-a0c0-9540a650cb54 (type: networks) to 1
2026-07-15 00:16:39.127 10 INFO neutron.api.wsgi [None req-3fec4a27-83ab-418b-a6ea-e36932b753b6 b6f1cc05148e49bc93c3627c975805bd 8609fbc5d5da4972872048efefb8272a - - default default] 10.0.0.197 "POST /v2.0/routers HTTP/1.1" status: 201 len: 1135 time: 1.3976855
2026-07-15 00:16:39.205 10 INFO neutron.notifiers.nova [-] Nova event matching ['req-80556211-b983-48f3-ae2c-32a5ad9e4e96'] response: {'server_uuid': 'b0fd59b5-21f1-4fb7-acff-d7c70d054885', 'name': 'network-vif-plugged', 'status': 'completed', 'tag': '9310b6ec-de56-4f8e-af44-076466153fab', 'code': 200}
2026-07-15 00:16:39.606 10 WARNING neutron.scheduler.dhcp_agent_scheduler [None req-2d0b39e4-4d7c-4080-9a23-7a9544a1662d 3730bf38e92842abbd7421b2695bea44 53ce62b68e3a420ea9cc0e63a1be8b4f - - default default] No more DHCP agents
2026-07-15 00:16:39.608 10 WARNING neutron.api.rpc.agentnotifiers.dhcp_rpc_agent_api [None req-2d0b39e4-4d7c-4080-9a23-7a9544a1662d 3730bf38e92842abbd7421b2695bea44 53ce62b68e3a420ea9cc0e63a1be8b4f - - default default] Unable to schedule network 2cda216f-aa94-49f1-a0c0-9540a650cb54: no agents available; will retry on subsequent port and subnet creation events.
2026-07-15 00:16:39.636 9 WARNING neutron.scheduler.dhcp_agent_scheduler [None req-03954bf7-b3cd-4b4e-a0c2-dfc815cde065 b6f1cc05148e49bc93c3627c975805bd 8609fbc5d5da4972872048efefb8272a - - default default] No more DHCP agents
2026-07-15 00:16:39.637 9 WARNING neutron.api.rpc.agentnotifiers.dhcp_rpc_agent_api [None req-03954bf7-b3cd-4b4e-a0c2-dfc815cde065 b6f1cc05148e49bc93c3627c975805bd 8609fbc5d5da4972872048efefb8272a - - default default] Unable to schedule network 167b0798-220e-4f2b-ace1-2c7a4ece7f1b: no agents available; will retry on subsequent port and subnet creation events.
2026-07-15 00:16:39.644 10 INFO neutron.db.ovn_revision_numbers_db [None req-89755bee-a3a6-4445-b2de-1537cf836a4e - - - - - -] Successfully bumped revision number for resource 9310b6ec-de56-4f8e-af44-076466153fab (type: ports) to 5
2026-07-15 00:16:39.712 10 INFO neutron.api.wsgi [req-63e94365-60c0-4cd0-90cd-26b5f75ca9fd req-ba4ca679-6af6-42a7-a00e-22c5f61f49e1 8bd1d0dbd4144d8c96089255b3d8cae4 228a82b523ff483cadd613db699c5278 - - default default] 10.0.0.184 "GET /v2.0/ports?device_id=b0fd59b5-21f1-4fb7-acff-d7c70d054885 HTTP/1.1" status: 200 len: 1214 time: 0.0560977
2026-07-15 00:16:39.725 10 INFO neutron.db.ovn_revision_numbers_db [None req-2d0b39e4-4d7c-4080-9a23-7a9544a1662d 3730bf38e92842abbd7421b2695bea44 53ce62b68e3a420ea9cc0e63a1be8b4f - - default default] Successfully bumped revision number for resource 03d511c6-8d23-4fea-9371-5ef1b7066596 (type: ports) to 1 /var/lib/openstack/lib/python3.12/site-packages/pycadf/identifier.py:71: UserWarning: Invalid uuid: neutron. To ensure interoperability, identifiers should be a valid uuid. warnings.warn(('Invalid uuid: %s. To ensure interoperability, '
2026-07-15 00:16:39.754 10 INFO neutron.api.wsgi [None req-2d0b39e4-4d7c-4080-9a23-7a9544a1662d 3730bf38e92842abbd7421b2695bea44 53ce62b68e3a420ea9cc0e63a1be8b4f - - default default] 10.0.0.197 "POST /v2.0/networks HTTP/1.1" status: 201 len: 829 time: 0.9403694
2026-07-15 00:16:39.760 10 INFO neutron.plugins.ml2.drivers.ovn.mech_driver.mech_driver [None req-c1ad1aa0-01ce-4108-9f5c-c965bb238fe1 - - - - - -] OVN reports status up for port: d3223ed7-d734-4003-a7d6-3e124e05b694
2026-07-15 00:16:39.766 10 INFO neutron.api.wsgi [req-63e94365-60c0-4cd0-90cd-26b5f75ca9fd req-9537dc15-9b4a-476d-90b6-5bbcd7d8b1d5 8bd1d0dbd4144d8c96089255b3d8cae4 228a82b523ff483cadd613db699c5278 - - default default] 10.0.0.184 "GET /v2.0/security-groups?id=eac2c0d7-4e2b-45bd-8013-2fd6a435b2b5&id=f3b4685d-4479-4986-b583-0d583393eacd&fields=id&fields=name HTTP/1.1" status: 200 len: 405 time: 0.0484030
2026-07-15 00:16:39.770 10 WARNING neutron_lib.context [None req-fe90bddc-5578-4812-87e8-ebf7555041a8 3730bf38e92842abbd7421b2695bea44 53ce62b68e3a420ea9cc0e63a1be8b4f - - default default] Method 'is_advsvc' is deprecated since 2023.2 release (neutron-lib 3.8.0) and will be removed once support for the old RBAC API policies will be removed from Neutron. Please use method 'is_service_role' instead.
2026-07-15 00:16:39.775 10 INFO neutron.plugins.ml2.plugin [None req-c1ad1aa0-01ce-4108-9f5c-c965bb238fe1 - - - - - -] Attempt 1 to provision port d3223ed7-d734-4003-a7d6-3e124e05b694
2026-07-15 00:16:39.782 9 INFO neutron.db.ovn_revision_numbers_db [None req-03954bf7-b3cd-4b4e-a0c2-dfc815cde065 b6f1cc05148e49bc93c3627c975805bd 8609fbc5d5da4972872048efefb8272a - - default default] Successfully bumped revision number for resource e05ad8fe-ea34-4cb7-8a94-b09dd46ac265 (type: ports) to 1
2026-07-15 00:16:39.849 10 INFO neutron.db.segments_db [None req-fe90bddc-5578-4812-87e8-ebf7555041a8 3730bf38e92842abbd7421b2695bea44 53ce62b68e3a420ea9cc0e63a1be8b4f - - default default] Added segment 8b577195-b58b-4b59-af37-8ad40410e55f of type geneve for network caeae432-efa9-4513-a221-f6f22191a9b4
2026-07-15 00:16:40.005 10 INFO neutron.db.ovn_revision_numbers_db [None req-fe90bddc-5578-4812-87e8-ebf7555041a8 3730bf38e92842abbd7421b2695bea44 53ce62b68e3a420ea9cc0e63a1be8b4f - - default default] Successfully bumped revision number for resource caeae432-efa9-4513-a221-f6f22191a9b4 (type: networks) to 1
2026-07-15 00:16:40.176 10 WARNING neutron.scheduler.dhcp_agent_scheduler [None req-fe90bddc-5578-4812-87e8-ebf7555041a8 3730bf38e92842abbd7421b2695bea44 53ce62b68e3a420ea9cc0e63a1be8b4f - - default default] No more DHCP agents
2026-07-15 00:16:40.178 10 WARNING neutron.api.rpc.agentnotifiers.dhcp_rpc_agent_api [None req-fe90bddc-5578-4812-87e8-ebf7555041a8 3730bf38e92842abbd7421b2695bea44 53ce62b68e3a420ea9cc0e63a1be8b4f - - default default] Unable to schedule network caeae432-efa9-4513-a221-f6f22191a9b4: no agents available; will retry on subsequent port and subnet creation events.
2026-07-15 00:16:40.205 10 INFO neutron.db.ovn_revision_numbers_db [None req-c1ad1aa0-01ce-4108-9f5c-c965bb238fe1 - - - - - -] Successfully bumped revision number for resource d3223ed7-d734-4003-a7d6-3e124e05b694 (type: ports) to 2
2026-07-15 00:16:40.283 10 INFO neutron.db.ovn_revision_numbers_db [None req-fe90bddc-5578-4812-87e8-ebf7555041a8 3730bf38e92842abbd7421b2695bea44 53ce62b68e3a420ea9cc0e63a1be8b4f - - default default] Successfully bumped revision number for resource 68d6fc6c-cb1d-45c3-9980-ac746a55e14f (type: ports) to 1
2026-07-15 00:16:40.322 10 INFO neutron.api.wsgi [None req-fe90bddc-5578-4812-87e8-ebf7555041a8 3730bf38e92842abbd7421b2695bea44 53ce62b68e3a420ea9cc0e63a1be8b4f - - default default] 10.0.0.197 "POST /v2.0/networks HTTP/1.1" status: 201 len: 831 time: 0.5587842
2026-07-15 00:16:40.331 10 WARNING neutron_lib.context [None req-919fbb81-5749-45b4-9d94-affcd5d10544 3730bf38e92842abbd7421b2695bea44 53ce62b68e3a420ea9cc0e63a1be8b4f - - default default] Method 'is_advsvc' is deprecated since 2023.2 release (neutron-lib 3.8.0) and will be removed once support for the old RBAC API policies will be removed from Neutron. Please use method 'is_service_role' instead.
2026-07-15 00:16:40.388 9 INFO neutron.db.ovn_revision_numbers_db [None req-03954bf7-b3cd-4b4e-a0c2-dfc815cde065 b6f1cc05148e49bc93c3627c975805bd 8609fbc5d5da4972872048efefb8272a - - default default] Successfully bumped revision number for resource e05ad8fe-ea34-4cb7-8a94-b09dd46ac265 (type: ports) to 1
2026-07-15 00:16:40.406 10 INFO neutron.db.segments_db [None req-919fbb81-5749-45b4-9d94-affcd5d10544 3730bf38e92842abbd7421b2695bea44 53ce62b68e3a420ea9cc0e63a1be8b4f - - default default] Added segment b77048e9-a9a2-4341-91b1-75b29efdc71f of type geneve for network 43aaa248-5998-4b8f-a2f0-2218d0c83786
2026-07-15 00:16:40.438 9 WARNING neutron.scheduler.dhcp_agent_scheduler [None req-03954bf7-b3cd-4b4e-a0c2-dfc815cde065 b6f1cc05148e49bc93c3627c975805bd 8609fbc5d5da4972872048efefb8272a - - default default] No more DHCP agents
2026-07-15 00:16:40.438 9 WARNING neutron.api.rpc.agentnotifiers.dhcp_rpc_agent_api [None req-03954bf7-b3cd-4b4e-a0c2-dfc815cde065 b6f1cc05148e49bc93c3627c975805bd 8609fbc5d5da4972872048efefb8272a - - default default] Unable to schedule network 167b0798-220e-4f2b-ace1-2c7a4ece7f1b: no agents available; will retry on subsequent port and subnet creation events.
2026-07-15 00:16:40.551 10 INFO neutron.db.ovn_revision_numbers_db [None req-919fbb81-5749-45b4-9d94-affcd5d10544 3730bf38e92842abbd7421b2695bea44 53ce62b68e3a420ea9cc0e63a1be8b4f - - default default] Successfully bumped revision number for resource 43aaa248-5998-4b8f-a2f0-2218d0c83786 (type: networks) to 1
2026-07-15 00:16:40.691 10 WARNING neutron.scheduler.dhcp_agent_scheduler [None req-919fbb81-5749-45b4-9d94-affcd5d10544 3730bf38e92842abbd7421b2695bea44 53ce62b68e3a420ea9cc0e63a1be8b4f - - default default] No more DHCP agents
2026-07-15 00:16:40.692 10 WARNING neutron.api.rpc.agentnotifiers.dhcp_rpc_agent_api [None req-919fbb81-5749-45b4-9d94-affcd5d10544 3730bf38e92842abbd7421b2695bea44 53ce62b68e3a420ea9cc0e63a1be8b4f - - default default] Unable to schedule network 43aaa248-5998-4b8f-a2f0-2218d0c83786: no agents available; will retry on subsequent port and subnet creation events.
2026-07-15 00:16:40.756 9 INFO neutron.db.ovn_revision_numbers_db [None req-03954bf7-b3cd-4b4e-a0c2-dfc815cde065 b6f1cc05148e49bc93c3627c975805bd 8609fbc5d5da4972872048efefb8272a - - default default] Successfully bumped revision number for resource e05ad8fe-ea34-4cb7-8a94-b09dd46ac265 (type: router_ports) to 1
2026-07-15 00:16:40.762 9 INFO neutron.api.wsgi [None req-03954bf7-b3cd-4b4e-a0c2-dfc815cde065 b6f1cc05148e49bc93c3627c975805bd 8609fbc5d5da4972872048efefb8272a - - default default] 10.0.0.197 "PUT /v2.0/routers/a5869654-0a9a-4482-86bc-8daef412f003/add_router_interface HTTP/1.1" status: 200 len: 503 time: 1.6253827
2026-07-15 00:16:40.792 10 INFO neutron.db.ovn_revision_numbers_db [None req-919fbb81-5749-45b4-9d94-affcd5d10544 3730bf38e92842abbd7421b2695bea44 53ce62b68e3a420ea9cc0e63a1be8b4f - - default default] Successfully bumped revision number for resource c1e9d0f5-1dbf-4ddf-9a5b-d2ff1daf9437 (type: ports) to 1
2026-07-15 00:16:40.846 10 INFO neutron.api.wsgi [None req-919fbb81-5749-45b4-9d94-affcd5d10544 3730bf38e92842abbd7421b2695bea44 53ce62b68e3a420ea9cc0e63a1be8b4f - - default default] 10.0.0.197 "POST /v2.0/networks HTTP/1.1" status: 201 len: 831 time: 0.5189385
2026-07-15 00:16:40.881 10 INFO neutron.api.wsgi [req-ff172223-da69-47eb-93d8-991c5b2731b2 req-b4f76f26-d906-42ea-a14b-ef94bf8610e8 8bd1d0dbd4144d8c96089255b3d8cae4 228a82b523ff483cadd613db699c5278 - - default default] 10.0.0.184 "GET /v2.0/ports?device_id=b0fd59b5-21f1-4fb7-acff-d7c70d054885 HTTP/1.1" status: 200 len: 1214 time: 0.0337307
2026-07-15 00:16:40.925 10 INFO neutron.api.wsgi [req-ff172223-da69-47eb-93d8-991c5b2731b2 req-00b6ab30-4902-41df-82c9-1cd6b95890d8 8bd1d0dbd4144d8c96089255b3d8cae4 228a82b523ff483cadd613db699c5278 - - default default] 10.0.0.184 "GET /v2.0/security-groups?id=eac2c0d7-4e2b-45bd-8013-2fd6a435b2b5&id=f3b4685d-4479-4986-b583-0d583393eacd&fields=id&fields=name HTTP/1.1" status: 200 len: 405 time: 0.0353067
2026-07-15 00:16:40.937 9 INFO neutron.api.wsgi [None req-32dbc283-a4e8-4485-bfa9-7bb24c5b9047 3730bf38e92842abbd7421b2695bea44 53ce62b68e3a420ea9cc0e63a1be8b4f - - default default] 10.0.0.197 "PUT /v2.0/networks/6ff9ba83-5199-4781-89e2-d918fd2bbf43/tags HTTP/1.1" status: 200 len: 210 time: 0.0838828
2026-07-15 00:16:40.995 10 INFO neutron.api.wsgi [None req-0ffeefbc-c9ce-4667-94f7-ca493cd1b8c1 3730bf38e92842abbd7421b2695bea44 53ce62b68e3a420ea9cc0e63a1be8b4f - - default default] 10.0.0.197 "PUT /v2.0/networks/a6659273-6e57-4b82-8a3f-dc2376acdadb/tags HTTP/1.1" status: 200 len: 218 time: 0.0525684
2026-07-15 00:16:41.026 10 INFO neutron.api.wsgi [req-0aedd38f-b51a-4c44-9055-21cb1a0444ab req-5d770e1c-490b-45f6-bae8-7ceb761818f1 8bd1d0dbd4144d8c96089255b3d8cae4 228a82b523ff483cadd613db699c5278 - - default default] 10.0.0.184 "GET /v2.0/ports?device_id=b0fd59b5-21f1-4fb7-acff-d7c70d054885 HTTP/1.1" status: 200 len: 1214 time: 0.0305252
2026-07-15 00:16:41.055 9 INFO neutron.api.wsgi [None req-4c660d22-dd78-4bd0-a632-c102a5979aea 3730bf38e92842abbd7421b2695bea44 53ce62b68e3a420ea9cc0e63a1be8b4f - - default default] 10.0.0.197 "PUT /v2.0/networks/2cda216f-aa94-49f1-a0c0-9540a650cb54/tags HTTP/1.1" status: 200 len: 227 time: 0.0532477
2026-07-15 00:16:41.120 10 INFO neutron.api.wsgi [None req-583e4fc6-4b97-4301-bf28-e39cc75c85d2 3730bf38e92842abbd7421b2695bea44 53ce62b68e3a420ea9cc0e63a1be8b4f - - default default] 10.0.0.197 "PUT /v2.0/networks/caeae432-efa9-4513-a221-f6f22191a9b4/tags HTTP/1.1" status: 200 len: 212 time: 0.0578227
2026-07-15 00:16:41.174 9 INFO neutron.api.wsgi [None req-dada61d5-8bb9-4c6b-8954-5c093d6b3753 3730bf38e92842abbd7421b2695bea44 53ce62b68e3a420ea9cc0e63a1be8b4f - - default default] 10.0.0.197 "GET /v2.0/networks?tags=red HTTP/1.1" status: 200 len: 2068 time: 0.0448532
2026-07-15 00:16:41.226 9 INFO neutron.api.wsgi [None req-a3a8ed10-f0a6-4623-a4ad-751e71252de5 3730bf38e92842abbd7421b2695bea44 53ce62b68e3a420ea9cc0e63a1be8b4f - - default default] 10.0.0.197 "GET /v2.0/networks?tags=red%2Cblue HTTP/1.1" status: 200 len: 1455 time: 0.0443099
2026-07-15 00:16:41.248 10 INFO neutron.notifiers.nova [-] Nova event matching ['req-eac754fb-c853-4bcb-be8b-adc2fcc7462e'] response: {'server_uuid': 'b0fd59b5-21f1-4fb7-acff-d7c70d054885', 'name': 'network-vif-plugged', 'status': 'completed', 'tag': '9310b6ec-de56-4f8e-af44-076466153fab', 'code': 200}
2026-07-15 00:16:41.283 10 INFO neutron.api.wsgi [None req-d307adab-8284-4851-ac28-b26436c2ec6f 3730bf38e92842abbd7421b2695bea44 53ce62b68e3a420ea9cc0e63a1be8b4f - - default default] 10.0.0.197 "GET /v2.0/networks?tags-any=blue HTTP/1.1" status: 200 len: 1455 time: 0.0524721
2026-07-15 00:16:41.351 9 INFO neutron.api.wsgi [None req-a2719297-6dbb-493b-a579-b0181d40abed 3730bf38e92842abbd7421b2695bea44 53ce62b68e3a420ea9cc0e63a1be8b4f - - default default] 10.0.0.197 "GET /v2.0/networks?tags-any=red%2Cblue HTTP/1.1" status: 200 len: 2068 time: 0.0607247
2026-07-15 00:16:41.437 9 INFO neutron.api.wsgi [None req-bb04614d-e36d-482b-806b-4afbce76755c 3730bf38e92842abbd7421b2695bea44 53ce62b68e3a420ea9cc0e63a1be8b4f - - default default] 10.0.0.197 "GET /v2.0/networks?not-tags=red HTTP/1.1" status: 200 len: 2069 time: 0.0801349
2026-07-15 00:16:41.443 9 WARNING neutron.scheduler.dhcp_agent_scheduler [None req-ffe80e7c-84df-4263-8a43-420deb9789e0 - - - - - -] No more DHCP agents
2026-07-15 00:16:41.450 9 WARNING neutron.api.rpc.agentnotifiers.dhcp_rpc_agent_api [None req-ffe80e7c-84df-4263-8a43-420deb9789e0 - - - - - -] Unable to schedule network 11c62d4d-75c2-42dc-a014-8b9c456f30a2: no agents available; will retry on subsequent port and subnet creation events.
2026-07-15 00:16:41.475 9 INFO neutron.plugins.ml2.drivers.ovn.mech_driver.mech_driver [None req-fc882f27-6688-4e17-875c-c5eea007b654 - - - - - -] OVN reports status up for port: a4066ad8-092b-43bb-8352-37560afb4414
2026-07-15 00:16:41.495 9 INFO neutron.plugins.ml2.plugin [None req-fc882f27-6688-4e17-875c-c5eea007b654 - - - - - -] Attempt 1 to provision port a4066ad8-092b-43bb-8352-37560afb4414
2026-07-15 00:16:41.528 9 INFO neutron.api.wsgi [None req-b280eda9-5143-4910-8fa0-7eb0f31efac5 3730bf38e92842abbd7421b2695bea44 53ce62b68e3a420ea9cc0e63a1be8b4f - - default default] 10.0.0.197 "GET /v2.0/networks?not-tags=red%2Cblue HTTP/1.1" status: 200 len: 2682 time: 0.0845921
2026-07-15 00:16:41.613 10 INFO neutron.api.wsgi [None req-f858ed97-ff63-4119-a1c8-11ebd5b3da8d 3730bf38e92842abbd7421b2695bea44 53ce62b68e3a420ea9cc0e63a1be8b4f - - default default] 10.0.0.197 "GET /v2.0/networks?not-tags-any=blue HTTP/1.1" status: 200 len: 2682 time: 0.0798180
2026-07-15 00:16:41.648 9 INFO neutron.db.ovn_revision_numbers_db [None req-ffe80e7c-84df-4263-8a43-420deb9789e0 - - - - - -] Successfully bumped revision number for resource 2475bf48-006f-40ee-9c9d-8a3e567e6189 (type: ports) to 1
2026-07-15 00:16:41.666 10 INFO neutron.db.ovn_revision_numbers_db [None req-73b6799b-41d4-4c02-b992-36f4444c3681 8bd1d0dbd4144d8c96089255b3d8cae4 228a82b523ff483cadd613db699c5278 - - default default] Successfully bumped revision number for resource a7161a18-7d78-43d7-a745-eb7224a8902e (type: floatingips) to 1
2026-07-15 00:16:41.696 9 INFO neutron.api.wsgi [None req-5af0eb8d-269a-4c90-b47e-ede11e950b45 3730bf38e92842abbd7421b2695bea44 53ce62b68e3a420ea9cc0e63a1be8b4f - - default default] 10.0.0.197 "GET /v2.0/networks?not-tags-any=red%2Cblue HTTP/1.1" status: 200 len: 2069 time: 0.0764520
2026-07-15 00:16:41.770 10 INFO neutron.db.ovn_revision_numbers_db [None req-73b6799b-41d4-4c02-b992-36f4444c3681 8bd1d0dbd4144d8c96089255b3d8cae4 228a82b523ff483cadd613db699c5278 - - default default] Successfully bumped revision number for resource a7161a18-7d78-43d7-a745-eb7224a8902e (type: floatingips) to 2
2026-07-15 00:16:41.770 10 INFO neutron.db.l3_db [None req-73b6799b-41d4-4c02-b992-36f4444c3681 8bd1d0dbd4144d8c96089255b3d8cae4 228a82b523ff483cadd613db699c5278 - - default default] Floating IP a7161a18-7d78-43d7-a745-eb7224a8902e associated. External IP: 10.96.250.208, port: 9310b6ec-de56-4f8e-af44-076466153fab.
2026-07-15 00:16:41.795 10 INFO neutron.api.wsgi [None req-73b6799b-41d4-4c02-b992-36f4444c3681 8bd1d0dbd4144d8c96089255b3d8cae4 228a82b523ff483cadd613db699c5278 - - default default] 10.0.0.197 "PUT /v2.0/floatingips/a7161a18-7d78-43d7-a745-eb7224a8902e HTTP/1.1" status: 200 len: 1050 time: 0.7581184
2026-07-15 00:16:41.823 9 INFO neutron.db.ovn_revision_numbers_db [None req-fc882f27-6688-4e17-875c-c5eea007b654 - - - - - -] Successfully bumped revision number for resource a4066ad8-092b-43bb-8352-37560afb4414 (type: ports) to 4
2026-07-15 00:16:42.402 9 INFO neutron.db.ovn_revision_numbers_db [None req-ffe80e7c-84df-4263-8a43-420deb9789e0 - - - - - -] Successfully bumped revision number for resource 2475bf48-006f-40ee-9c9d-8a3e567e6189 (type: ports) to 3
2026-07-15 00:16:42.457 9 INFO neutron.db.segments_db [None req-ffe80e7c-84df-4263-8a43-420deb9789e0 - - - - - -] Added segment 6704fd13-c3a7-40fe-b6a4-665e760e295c of type geneve for network c5e79a3a-de74-4d75-80d6-9eef054c2020
2026-07-15 00:16:42.505 9 INFO neutron.services.segments.plugin [-] Segment 305624e0-6c65-4727-9ab6-1bbb0b0f75e3 resource provider aggregate not found
2026-07-15 00:16:42.509 9 INFO neutron.services.segments.plugin [-] Segment 305624e0-6c65-4727-9ab6-1bbb0b0f75e3 resource provider aggregate not found
2026-07-15 00:16:42.517 9 INFO neutron.services.segments.plugin [-] Segment 305624e0-6c65-4727-9ab6-1bbb0b0f75e3 resource provider not found; error: Placement Client Error (4xx): {"errors": [{"status": 404, "title": "Not Found", "detail": "The resource could not be found.\n\n No resource provider with uuid 305624e0-6c65-4727-9ab6-1bbb0b0f75e3 found for delete ", "request_id": "req-1ec0a6dd-95c3-4c41-95bb-e8c836cb1ae4"}]}
2026-07-15 00:16:42.526 9 INFO neutron.services.segments.plugin [-] Segment 305624e0-6c65-4727-9ab6-1bbb0b0f75e3 resource provider not found; error: Placement Client Error (4xx): {"errors": [{"status": 404, "title": "Not Found", "detail": "The resource could not be found.\n\n No resource provider with uuid 305624e0-6c65-4727-9ab6-1bbb0b0f75e3 found for delete ", "request_id": "req-b7b8e227-2efa-452e-a5cd-5bcfde95bfe4"}]}
2026-07-15 00:16:42.548 9 INFO neutron.api.wsgi [None req-0a3eddb0-52b7-4d54-b7e1-8da8508ac03d 3730bf38e92842abbd7421b2695bea44 53ce62b68e3a420ea9cc0e63a1be8b4f - - default default] 10.0.0.197 "DELETE /v2.0/networks/6ff9ba83-5199-4781-89e2-d918fd2bbf43 HTTP/1.1" status: 204 len: 168 time: 0.8426366
2026-07-15 00:16:42.589 9 INFO neutron.db.ovn_revision_numbers_db [None req-64710183-0bb9-4f22-bb69-260e28a49c61 - - - - - -] Successfully bumped revision number for resource c5e79a3a-de74-4d75-80d6-9eef054c2020 (type: networks) to 1
2026-07-15 00:16:42.697 9 INFO neutron.api.wsgi [-] 10.0.0.116 "GET / HTTP/1.1" status: 200 len: 247 time: 0.0011878
2026-07-15 00:16:42.699 9 INFO neutron.api.wsgi [-] 10.0.0.116 "GET / HTTP/1.1" status: 200 len: 247 time: 0.0008626
2026-07-15 00:16:42.706 9 WARNING neutron.scheduler.dhcp_agent_scheduler [None req-64710183-0bb9-4f22-bb69-260e28a49c61 - - - - - -] No more DHCP agents
2026-07-15 00:16:42.707 9 WARNING neutron.api.rpc.agentnotifiers.dhcp_rpc_agent_api [None req-64710183-0bb9-4f22-bb69-260e28a49c61 - - - - - -] Unable to schedule network c5e79a3a-de74-4d75-80d6-9eef054c2020: no agents available; will retry on subsequent port and subnet creation events.
2026-07-15 00:16:42.785 9 INFO neutron.db.ovn_revision_numbers_db [None req-64710183-0bb9-4f22-bb69-260e28a49c61 - - - - - -] Successfully bumped revision number for resource 9dff6a70-7baf-48cf-8f28-33891f4777db (type: ports) to 1
2026-07-15 00:16:42.893 10 INFO neutron.services.segments.plugin [-] Segment f18d4ea8-b28a-439b-b609-33fef71c0394 resource provider aggregate not found
2026-07-15 00:16:42.897 10 INFO neutron.services.segments.plugin [-] Segment f18d4ea8-b28a-439b-b609-33fef71c0394 resource provider aggregate not found
2026-07-15 00:16:42.904 10 INFO neutron.services.segments.plugin [-] Segment f18d4ea8-b28a-439b-b609-33fef71c0394 resource provider not found; error: Placement Client Error (4xx): {"errors": [{"status": 404, "title": "Not Found", "detail": "The resource could not be found.\n\n No resource provider with uuid f18d4ea8-b28a-439b-b609-33fef71c0394 found for delete ", "request_id": "req-93305f90-20d3-48ed-a9e0-a84e6dd8a14e"}]}
2026-07-15 00:16:42.912 10 INFO neutron.services.segments.plugin [-] Segment f18d4ea8-b28a-439b-b609-33fef71c0394 resource provider not found; error: Placement Client Error (4xx): {"errors": [{"status": 404, "title": "Not Found", "detail": "The resource could not be found.\n\n No resource provider with uuid f18d4ea8-b28a-439b-b609-33fef71c0394 found for delete ", "request_id": "req-39147ad2-36d2-4a24-bb6e-b5cd67f2ef54"}]}
2026-07-15 00:16:42.924 9 WARNING neutron.scheduler.dhcp_agent_scheduler [None req-64710183-0bb9-4f22-bb69-260e28a49c61 - - - - - -] No more DHCP agents
2026-07-15 00:16:42.926 9 WARNING neutron.api.rpc.agentnotifiers.dhcp_rpc_agent_api [None req-64710183-0bb9-4f22-bb69-260e28a49c61 - - - - - -] Unable to schedule network c5e79a3a-de74-4d75-80d6-9eef054c2020: no agents available; will retry on subsequent port and subnet creation events.
2026-07-15 00:16:42.940 10 INFO neutron.api.wsgi [None req-c609ffaa-6dcb-44e2-8cdd-d146cb525692 3730bf38e92842abbd7421b2695bea44 53ce62b68e3a420ea9cc0e63a1be8b4f - - default default] 10.0.0.197 "DELETE /v2.0/networks/a6659273-6e57-4b82-8a3f-dc2376acdadb HTTP/1.1" status: 204 len: 168 time: 0.3875301
2026-07-15 00:16:42.965 9 INFO neutron.db.ovn_revision_numbers_db [None req-64710183-0bb9-4f22-bb69-260e28a49c61 - - - - - -] Successfully bumped revision number for resource 8852e73c-af5b-4904-9ce7-dc7245f50258 (type: subnets) to 0
