2026-07-15 00:14:00.207 10 INFO neutron.api.wsgi [req-3836c288-4126-402c-9261-f0aafbd4f3ef req-7f796f21-7892-47da-9e41-2c86dbf6decf 806d022ebbd64aaf924ab32dc0dbcf51 1e66239ffd134df0b5e0f27aeec3132a - - default default] 10.0.0.184 "GET /v2.0/ports?device_id=e534ea01-6212-479c-bf46-055b0d275e2f HTTP/1.1" status: 200 len: 210 time: 0.0187740
2026-07-15 00:14:00.356 10 INFO neutron.api.wsgi [req-417c188a-a6fa-4470-826c-4386290d8483 req-a0830cb0-1cc9-4fda-b438-4374c81ba471 682e8349a6264ba9a7f0189fc5a4f691 f4d7ab641c9545ca8053a9f86bc56c70 - - default default] 10.0.0.184 "GET /v2.0/ports?device_id=61fe8ed8-4492-4874-b6c8-656b7d5fe533 HTTP/1.1" status: 200 len: 210 time: 0.0167341
2026-07-15 00:14:00.829 10 INFO neutron.api.wsgi [None req-0154d232-bcb2-4075-a12b-5e2e8da5d537 6142015d0a1344e1b19a43cb150746a0 cfc21a9e08e043d1990bb51e10f88c7f - - default default] 10.0.0.197 "GET /v2.0/ports/0de6f702-8367-4962-8969-101721acf3fc HTTP/1.1" status: 200 len: 1135 time: 0.0465055
2026-07-15 00:14:01.274 10 INFO neutron.api.wsgi [req-34d409f7-b188-48ce-9e72-a162cf47ae98 req-870a535d-8fc2-4bec-91ab-c7a0e0a0cb22 806d022ebbd64aaf924ab32dc0dbcf51 1e66239ffd134df0b5e0f27aeec3132a - - default default] 10.0.0.184 "GET /v2.0/ports?device_id=e534ea01-6212-479c-bf46-055b0d275e2f HTTP/1.1" status: 200 len: 210 time: 0.0148690
2026-07-15 00:14:01.426 10 INFO neutron.api.wsgi [req-30dccb24-a5eb-4ff8-8f6b-3374ab6db22d req-c086068b-bf2c-42f8-85cf-3a3ab217b1b1 682e8349a6264ba9a7f0189fc5a4f691 f4d7ab641c9545ca8053a9f86bc56c70 - - default default] 10.0.0.184 "GET /v2.0/ports?device_id=61fe8ed8-4492-4874-b6c8-656b7d5fe533 HTTP/1.1" status: 200 len: 210 time: 0.0133181
2026-07-15 00:14:01.872 10 INFO neutron.api.wsgi [None req-e500847b-f262-4264-b200-b8e7975191db 6142015d0a1344e1b19a43cb150746a0 cfc21a9e08e043d1990bb51e10f88c7f - - default default] 10.0.0.197 "GET /v2.0/ports/0de6f702-8367-4962-8969-101721acf3fc HTTP/1.1" status: 200 len: 1135 time: 0.0378554
2026-07-15 00:14:02.350 10 INFO neutron.api.wsgi [req-657f75d3-e929-4c37-8b30-b8476bafa21b req-35b8760f-337f-48ef-8b7d-0f141874c98d 806d022ebbd64aaf924ab32dc0dbcf51 1e66239ffd134df0b5e0f27aeec3132a - - default default] 10.0.0.184 "GET /v2.0/ports?device_id=e534ea01-6212-479c-bf46-055b0d275e2f HTTP/1.1" status: 200 len: 210 time: 0.0213869
2026-07-15 00:14:02.498 10 INFO neutron.api.wsgi [req-fb22330a-411d-46f9-a446-8d46b7c2d230 req-2ae59e83-5ea4-43d6-8533-2bcbbe3e249d 806d022ebbd64aaf924ab32dc0dbcf51 1e66239ffd134df0b5e0f27aeec3132a - - default default] 199.19.213.73 "GET /v2.0/networks?id=7eec5ec0-8d09-4e3c-a422-9aad10a0c633 HTTP/1.1" status: 200 len: 874 time: 0.0540323
2026-07-15 00:14:02.507 10 INFO neutron.api.wsgi [req-80c21e30-ad27-4590-ac31-8fe491d871c7 req-53ee0981-b8e5-4097-9a33-e8da3334ee82 682e8349a6264ba9a7f0189fc5a4f691 f4d7ab641c9545ca8053a9f86bc56c70 - - default default] 10.0.0.184 "GET /v2.0/ports?device_id=61fe8ed8-4492-4874-b6c8-656b7d5fe533 HTTP/1.1" status: 200 len: 210 time: 0.0213325
2026-07-15 00:14:02.531 10 INFO neutron.api.wsgi [req-fb22330a-411d-46f9-a446-8d46b7c2d230 req-6a34c289-1a0b-432c-a3b4-6c9f51dfea07 806d022ebbd64aaf924ab32dc0dbcf51 1e66239ffd134df0b5e0f27aeec3132a - - default default] 199.19.213.73 "GET /v2.0/security-groups?fields=id&fields=name&tenant_id=1e66239ffd134df0b5e0f27aeec3132a HTTP/1.1" status: 200 len: 380 time: 0.0290406
2026-07-15 00:14:02.539 10 WARNING neutron_lib.context [req-fb22330a-411d-46f9-a446-8d46b7c2d230 req-54f57324-a17c-4d1f-889a-81321296ae05 806d022ebbd64aaf924ab32dc0dbcf51 1e66239ffd134df0b5e0f27aeec3132a - - default default] Method 'is_advsvc' is deprecated since 2023.2 release (neutron-lib 3.8.0) and will be removed once support for the old RBAC API policies will be removed from Neutron. Please use method 'is_service_role' instead.
2026-07-15 00:14:02.807 10 WARNING neutron.scheduler.dhcp_agent_scheduler [req-fb22330a-411d-46f9-a446-8d46b7c2d230 req-54f57324-a17c-4d1f-889a-81321296ae05 806d022ebbd64aaf924ab32dc0dbcf51 1e66239ffd134df0b5e0f27aeec3132a - - default default] No more DHCP agents
2026-07-15 00:14:02.808 10 WARNING neutron.api.rpc.agentnotifiers.dhcp_rpc_agent_api [req-fb22330a-411d-46f9-a446-8d46b7c2d230 req-54f57324-a17c-4d1f-889a-81321296ae05 806d022ebbd64aaf924ab32dc0dbcf51 1e66239ffd134df0b5e0f27aeec3132a - - default default] Unable to schedule network 7eec5ec0-8d09-4e3c-a422-9aad10a0c633: no agents available; will retry on subsequent port and subnet creation events.
2026-07-15 00:14:02.870 9 INFO neutron.db.ovn_revision_numbers_db [None req-603c8381-c893-45fa-9104-1d9de19f3f8d 06bbd1ce37784b188c8b912a4d9ab8b3 960b28e35ccd47e99505804431eb5e67 - - default default] Successfully bumped revision number for resource 1cf04a06-dea2-42e1-a89d-8c60130b1448 (type: security_groups) to 1
2026-07-15 00:14:02.893 9 INFO neutron.db.ovn_revision_numbers_db [None req-603c8381-c893-45fa-9104-1d9de19f3f8d 06bbd1ce37784b188c8b912a4d9ab8b3 960b28e35ccd47e99505804431eb5e67 - - default default] Successfully bumped revision number for resource 25457fe5-d754-4944-a07b-12dd08ff1480 (type: security_group_rules) to 0
2026-07-15 00:14:02.910 9 INFO neutron.db.ovn_revision_numbers_db [None req-603c8381-c893-45fa-9104-1d9de19f3f8d 06bbd1ce37784b188c8b912a4d9ab8b3 960b28e35ccd47e99505804431eb5e67 - - default default] Successfully bumped revision number for resource 5efa9b7c-5c1c-4a60-89b3-026d6f56f2d7 (type: security_group_rules) to 0
2026-07-15 00:14:02.928 9 INFO neutron.db.ovn_revision_numbers_db [None req-603c8381-c893-45fa-9104-1d9de19f3f8d 06bbd1ce37784b188c8b912a4d9ab8b3 960b28e35ccd47e99505804431eb5e67 - - default default] Successfully bumped revision number for resource a2ffc9ea-99ed-425a-a92c-c40c413f17ba (type: security_group_rules) to 0
2026-07-15 00:14:02.940 10 INFO neutron.db.ovn_revision_numbers_db [req-fb22330a-411d-46f9-a446-8d46b7c2d230 req-54f57324-a17c-4d1f-889a-81321296ae05 806d022ebbd64aaf924ab32dc0dbcf51 1e66239ffd134df0b5e0f27aeec3132a - - default default] Successfully bumped revision number for resource 20397503-eb5e-44de-a6ba-9a6519ff3130 (type: ports) to 1
2026-07-15 00:14:02.945 9 INFO neutron.db.ovn_revision_numbers_db [None req-603c8381-c893-45fa-9104-1d9de19f3f8d 06bbd1ce37784b188c8b912a4d9ab8b3 960b28e35ccd47e99505804431eb5e67 - - default default] Successfully bumped revision number for resource beeb75f3-979e-4dca-87c1-72cc6285516b (type: security_group_rules) to 0
2026-07-15 00:14:02.964 10 INFO neutron.api.wsgi [req-fb22330a-411d-46f9-a446-8d46b7c2d230 req-54f57324-a17c-4d1f-889a-81321296ae05 806d022ebbd64aaf924ab32dc0dbcf51 1e66239ffd134df0b5e0f27aeec3132a - - default default] 199.19.213.73 "POST /v2.0/ports HTTP/1.1" status: 201 len: 1158 time: 0.4299419
2026-07-15 00:14:02.970 9 INFO neutron.api.wsgi [None req-12a595f8-6173-41d1-af84-b2d59e088242 6142015d0a1344e1b19a43cb150746a0 cfc21a9e08e043d1990bb51e10f88c7f - - default default] 10.0.0.197 "GET /v2.0/ports/0de6f702-8367-4962-8969-101721acf3fc HTTP/1.1" status: 200 len: 1135 time: 0.0907519 /var/lib/openstack/lib/python3.12/site-packages/pycadf/identifier.py:71: UserWarning: Invalid uuid: neutron. To ensure interoperability, identifiers should be a valid uuid. warnings.warn(('Invalid uuid: %s. To ensure interoperability, '
2026-07-15 00:14:02.990 9 INFO neutron.api.wsgi [None req-603c8381-c893-45fa-9104-1d9de19f3f8d 06bbd1ce37784b188c8b912a4d9ab8b3 960b28e35ccd47e99505804431eb5e67 - - default default] 10.0.0.197 "GET /v2.0/security-groups?tenant_id=77099fec6ed94d8ea06ce5136c6ac307&name=default HTTP/1.1" status: 200 len: 3120 time: 0.3600621
2026-07-15 00:14:03.195 9 INFO neutron.api.wsgi [None req-99350c11-bbd1-401b-9c11-562d24992f66 06bbd1ce37784b188c8b912a4d9ab8b3 960b28e35ccd47e99505804431eb5e67 - - default default] 10.0.0.197 "DELETE /v2.0/security-groups/1cf04a06-dea2-42e1-a89d-8c60130b1448 HTTP/1.1" status: 204 len: 168 time: 0.1993597
2026-07-15 00:14:03.308 10 INFO neutron.db.ovn_revision_numbers_db [req-fb22330a-411d-46f9-a446-8d46b7c2d230 req-6b6306bf-e2e3-4fc4-9b8e-d9309787b4b1 d5ae2cf065ab44848f923adf2beddf32 4a149269de794c39877fe605b8c6d58d - - f0d5bd53a426406e954dc45cfa6f09c6 f0d5bd53a426406e954dc45cfa6f09c6] Successfully bumped revision number for resource 20397503-eb5e-44de-a6ba-9a6519ff3130 (type: ports) to 2
2026-07-15 00:14:03.376 9 INFO neutron.db.ovn_revision_numbers_db [None req-2ca2b665-699f-4933-af7f-e2d83ac8a54e 06bbd1ce37784b188c8b912a4d9ab8b3 960b28e35ccd47e99505804431eb5e67 - - default default] Successfully bumped revision number for resource 6fa18527-fd47-4a90-a03c-41e72effb140 (type: security_groups) to 1
2026-07-15 00:14:03.387 9 INFO neutron.db.ovn_revision_numbers_db [None req-2ca2b665-699f-4933-af7f-e2d83ac8a54e 06bbd1ce37784b188c8b912a4d9ab8b3 960b28e35ccd47e99505804431eb5e67 - - default default] Successfully bumped revision number for resource 43060a1d-7698-4953-99a9-024637ea162f (type: security_group_rules) to 0
2026-07-15 00:14:03.400 9 INFO neutron.db.ovn_revision_numbers_db [None req-2ca2b665-699f-4933-af7f-e2d83ac8a54e 06bbd1ce37784b188c8b912a4d9ab8b3 960b28e35ccd47e99505804431eb5e67 - - default default] Successfully bumped revision number for resource 9b5c52d3-1d30-46f5-a514-e62908d6f77d (type: security_group_rules) to 0 /var/lib/openstack/lib/python3.12/site-packages/pycadf/identifier.py:71: UserWarning: Invalid uuid: neutron. To ensure interoperability, identifiers should be a valid uuid. warnings.warn(('Invalid uuid: %s. To ensure interoperability, '
2026-07-15 00:14:03.414 9 INFO neutron.db.ovn_revision_numbers_db [None req-2ca2b665-699f-4933-af7f-e2d83ac8a54e 06bbd1ce37784b188c8b912a4d9ab8b3 960b28e35ccd47e99505804431eb5e67 - - default default] Successfully bumped revision number for resource d8ebde31-319d-4361-8391-bd6d23e3d9da (type: security_group_rules) to 0
2026-07-15 00:14:03.427 9 INFO neutron.db.ovn_revision_numbers_db [None req-2ca2b665-699f-4933-af7f-e2d83ac8a54e 06bbd1ce37784b188c8b912a4d9ab8b3 960b28e35ccd47e99505804431eb5e67 - - default default] Successfully bumped revision number for resource e67bef9b-ba43-4cb3-a4bb-3df4140f11fa (type: security_group_rules) to 0
2026-07-15 00:14:03.472 9 INFO neutron.api.wsgi [None req-2ca2b665-699f-4933-af7f-e2d83ac8a54e 06bbd1ce37784b188c8b912a4d9ab8b3 960b28e35ccd47e99505804431eb5e67 - - default default] 10.0.0.197 "GET /v2.0/security-groups?tenant_id=1364e5f6be644d3f81685417fd0c067f&name=default HTTP/1.1" status: 200 len: 3120 time: 0.1963978
2026-07-15 00:14:03.472 10 INFO neutron.api.wsgi [req-d1646032-5d3b-4f1f-9c80-015f686d9326 req-372ee4cf-4283-401b-92d9-70bab1fce4e6 806d022ebbd64aaf924ab32dc0dbcf51 1e66239ffd134df0b5e0f27aeec3132a - - default default] 10.0.0.184 "GET /v2.0/ports?device_id=e534ea01-6212-479c-bf46-055b0d275e2f HTTP/1.1" status: 200 len: 1168 time: 0.0687239 /var/lib/openstack/lib/python3.12/site-packages/pycadf/identifier.py:71: UserWarning: Invalid uuid: neutron. To ensure interoperability, identifiers should be a valid uuid. warnings.warn(('Invalid uuid: %s. To ensure interoperability, '
2026-07-15 00:14:03.516 10 INFO neutron.api.wsgi [req-d1646032-5d3b-4f1f-9c80-015f686d9326 req-46c578f0-44e4-4ac7-8c8b-2118c66c3a5a 806d022ebbd64aaf924ab32dc0dbcf51 1e66239ffd134df0b5e0f27aeec3132a - - default default] 10.0.0.184 "GET /v2.0/security-groups?id=438b816a-f7f4-44fb-814e-8d1536878d56&fields=id&fields=name HTTP/1.1" status: 200 len: 313 time: 0.0390887
2026-07-15 00:14:03.523 10 INFO neutron.db.ovn_revision_numbers_db [req-fb22330a-411d-46f9-a446-8d46b7c2d230 req-6b6306bf-e2e3-4fc4-9b8e-d9309787b4b1 d5ae2cf065ab44848f923adf2beddf32 4a149269de794c39877fe605b8c6d58d - - f0d5bd53a426406e954dc45cfa6f09c6 f0d5bd53a426406e954dc45cfa6f09c6] Successfully bumped revision number for resource 20397503-eb5e-44de-a6ba-9a6519ff3130 (type: ports) to 4
2026-07-15 00:14:03.537 10 INFO neutron.api.wsgi [req-fb22330a-411d-46f9-a446-8d46b7c2d230 req-6b6306bf-e2e3-4fc4-9b8e-d9309787b4b1 d5ae2cf065ab44848f923adf2beddf32 4a149269de794c39877fe605b8c6d58d - - f0d5bd53a426406e954dc45cfa6f09c6 f0d5bd53a426406e954dc45cfa6f09c6] 199.19.213.73 "PUT /v2.0/ports/20397503-eb5e-44de-a6ba-9a6519ff3130 HTTP/1.1" status: 200 len: 1404 time: 0.5676506
2026-07-15 00:14:03.563 10 INFO neutron.notifiers.nova [-] Nova event matching ['req-329e5f19-229b-487a-a8d0-8c66c0917856'] response: {'name': 'network-changed', 'server_uuid': 'e534ea01-6212-479c-bf46-055b0d275e2f', 'tag': '20397503-eb5e-44de-a6ba-9a6519ff3130', 'status': 'completed', 'code': 200}
2026-07-15 00:14:03.585 10 INFO neutron.api.wsgi [req-dff3f13e-f797-446b-b38a-0dc1cbcad7d6 req-4bdbbafc-7bd1-4c1f-a299-33564243a049 682e8349a6264ba9a7f0189fc5a4f691 f4d7ab641c9545ca8053a9f86bc56c70 - - default default] 10.0.0.184 "GET /v2.0/ports?device_id=61fe8ed8-4492-4874-b6c8-656b7d5fe533 HTTP/1.1" status: 200 len: 210 time: 0.0202858
2026-07-15 00:14:03.644 9 INFO neutron.api.wsgi [None req-6eab6fc7-7c06-45c2-b71b-337e04603155 06bbd1ce37784b188c8b912a4d9ab8b3 960b28e35ccd47e99505804431eb5e67 - - default default] 10.0.0.197 "DELETE /v2.0/security-groups/6fa18527-fd47-4a90-a03c-41e72effb140 HTTP/1.1" status: 204 len: 168 time: 0.1670918
2026-07-15 00:14:04.011 9 INFO neutron.api.wsgi [None req-a680f73e-f7fb-41fd-96af-dd5428c0ee11 6142015d0a1344e1b19a43cb150746a0 cfc21a9e08e043d1990bb51e10f88c7f - - default default] 10.0.0.197 "GET /v2.0/ports/0de6f702-8367-4962-8969-101721acf3fc HTTP/1.1" status: 200 len: 1135 time: 0.0341644
2026-07-15 00:14:04.099 10 INFO neutron.api.wsgi [req-10d5dc28-b720-4b28-8bfd-bae464438b11 req-e1bab299-6787-4f99-b22e-0e9be3637850 d5ae2cf065ab44848f923adf2beddf32 4a149269de794c39877fe605b8c6d58d - - f0d5bd53a426406e954dc45cfa6f09c6 f0d5bd53a426406e954dc45cfa6f09c6] 199.19.213.73 "GET /v2.0/ports?tenant_id=1e66239ffd134df0b5e0f27aeec3132a&device_id=e534ea01-6212-479c-bf46-055b0d275e2f HTTP/1.1" status: 200 len: 1407 time: 0.0242143
2026-07-15 00:14:04.136 10 INFO neutron.api.wsgi [req-10d5dc28-b720-4b28-8bfd-bae464438b11 req-429929e9-fe39-4aec-b160-741e253ac359 d5ae2cf065ab44848f923adf2beddf32 4a149269de794c39877fe605b8c6d58d - - f0d5bd53a426406e954dc45cfa6f09c6 f0d5bd53a426406e954dc45cfa6f09c6] 199.19.213.73 "GET /v2.0/networks?tenant_id=1e66239ffd134df0b5e0f27aeec3132a&shared=False HTTP/1.1" status: 200 len: 972 time: 0.0312231
2026-07-15 00:14:04.175 10 INFO neutron.api.wsgi [req-10d5dc28-b720-4b28-8bfd-bae464438b11 req-895fe1bb-9d57-4264-b625-0cf344262f68 d5ae2cf065ab44848f923adf2beddf32 4a149269de794c39877fe605b8c6d58d - - f0d5bd53a426406e954dc45cfa6f09c6 f0d5bd53a426406e954dc45cfa6f09c6] 199.19.213.73 "GET /v2.0/networks?shared=True HTTP/1.1" status: 200 len: 952 time: 0.0320237
2026-07-15 00:14:04.611 10 INFO neutron.api.wsgi [req-6179bdbe-d711-41fe-aee9-ef65625ab3ab req-cc2f4e84-a706-48f0-92ff-744edead5522 806d022ebbd64aaf924ab32dc0dbcf51 1e66239ffd134df0b5e0f27aeec3132a - - default default] 10.0.0.184 "GET /v2.0/ports?device_id=e534ea01-6212-479c-bf46-055b0d275e2f HTTP/1.1" status: 200 len: 1168 time: 0.0373235
2026-07-15 00:14:04.678 10 INFO neutron.api.wsgi [req-6179bdbe-d711-41fe-aee9-ef65625ab3ab req-e6997775-a2ae-4aac-8988-c76f9d1e52c8 806d022ebbd64aaf924ab32dc0dbcf51 1e66239ffd134df0b5e0f27aeec3132a - - default default] 10.0.0.184 "GET /v2.0/security-groups?id=438b816a-f7f4-44fb-814e-8d1536878d56&fields=id&fields=name HTTP/1.1" status: 200 len: 313 time: 0.0619848
2026-07-15 00:14:04.782 9 INFO neutron.api.wsgi [None req-b6a706c4-a23b-4386-8d70-a78fcb05feb1 682e8349a6264ba9a7f0189fc5a4f691 f4d7ab641c9545ca8053a9f86bc56c70 - - default default] 10.0.0.197 "DELETE /v2.0/security-groups/c1ca8542-566d-45a9-9348-a1e3953fb306 HTTP/1.1" status: 204 len: 168 time: 0.1211944
2026-07-15 00:14:04.794 9 INFO neutron.api.v2.resource [None req-6f550250-f724-45b8-98bf-bbd9a19dcbda 682e8349a6264ba9a7f0189fc5a4f691 f4d7ab641c9545ca8053a9f86bc56c70 - - default default] show failed (client error): The resource could not be found.
2026-07-15 00:14:04.795 9 INFO neutron.api.wsgi [None req-6f550250-f724-45b8-98bf-bbd9a19dcbda 682e8349a6264ba9a7f0189fc5a4f691 f4d7ab641c9545ca8053a9f86bc56c70 - - default default] 10.0.0.197 "GET /v2.0/security-groups/c1ca8542-566d-45a9-9348-a1e3953fb306 HTTP/1.1" status: 404 len: 347 time: 0.0085549
2026-07-15 00:14:05.067 9 INFO neutron.api.wsgi [None req-1551af4c-7bbd-41b8-95a5-3d273e75ddab 682e8349a6264ba9a7f0189fc5a4f691 f4d7ab641c9545ca8053a9f86bc56c70 - - default default] 10.0.0.197 "DELETE /v2.0/floatingips/99cb9b20-8c7c-4f7d-95ff-ea799c07158b HTTP/1.1" status: 204 len: 168 time: 0.2685218
2026-07-15 00:14:05.069 9 WARNING neutron.plugins.ml2.drivers.ovn.mech_driver.ovsdb.ovn_client [None req-1a013780-7157-4c88-9d42-c0cdac71bbaf - - - - - -] No hosting information found for port 28906ead-b58b-4123-9efb-13a068cdb050: RuntimeError: No hosting information found for port 28906ead-b58b-4123-9efb-13a068cdb050
2026-07-15 00:14:05.080 10 INFO neutron.api.wsgi [None req-9989948a-fcdd-4170-a8e9-91a9c8f5feed 6142015d0a1344e1b19a43cb150746a0 cfc21a9e08e043d1990bb51e10f88c7f - - default default] 10.0.0.197 "GET /v2.0/ports/0de6f702-8367-4962-8969-101721acf3fc HTTP/1.1" status: 200 len: 1135 time: 0.0639186
2026-07-15 00:14:05.163 9 INFO neutron.db.ovn_revision_numbers_db [None req-1a013780-7157-4c88-9d42-c0cdac71bbaf - - - - - -] Successfully bumped revision number for resource 28906ead-b58b-4123-9efb-13a068cdb050 (type: router_ports) to 2
2026-07-15 00:14:05.225 10 INFO neutron.api.wsgi [req-fb22330a-411d-46f9-a446-8d46b7c2d230 req-1e5420a2-b7c1-40a7-9f7d-aeb6d499492e d5ae2cf065ab44848f923adf2beddf32 4a149269de794c39877fe605b8c6d58d - - f0d5bd53a426406e954dc45cfa6f09c6 f0d5bd53a426406e954dc45cfa6f09c6] 199.19.213.73 "GET /v2.0/ports?tenant_id=1e66239ffd134df0b5e0f27aeec3132a&device_id=e534ea01-6212-479c-bf46-055b0d275e2f HTTP/1.1" status: 200 len: 1407 time: 0.0366426
2026-07-15 00:14:05.239 9 INFO neutron.db.ovn_revision_numbers_db [None req-1a013780-7157-4c88-9d42-c0cdac71bbaf - - - - - -] Successfully bumped revision number for resource 4f6b562e-6f22-4ce2-90ec-d77cd5641eb0 (type: router_ports) to 2
2026-07-15 00:14:05.240 9 INFO neutron.plugins.ml2.drivers.ovn.mech_driver.mech_driver [None req-1a013780-7157-4c88-9d42-c0cdac71bbaf - - - - - -] OVN reports status up for port: 0de6f702-8367-4962-8969-101721acf3fc
2026-07-15 00:14:05.246 9 INFO neutron.plugins.ml2.plugin [None req-1a013780-7157-4c88-9d42-c0cdac71bbaf - - - - - -] Attempt 1 to provision port 0de6f702-8367-4962-8969-101721acf3fc
2026-07-15 00:14:05.247 10 INFO neutron.api.wsgi [req-fb22330a-411d-46f9-a446-8d46b7c2d230 req-412a3548-3aad-4291-b887-7238070c923d d5ae2cf065ab44848f923adf2beddf32 4a149269de794c39877fe605b8c6d58d - - f0d5bd53a426406e954dc45cfa6f09c6 f0d5bd53a426406e954dc45cfa6f09c6] 199.19.213.73 "GET /v2.0/floatingips?fixed_ip_address=10.100.0.5&port_id=20397503-eb5e-44de-a6ba-9a6519ff3130 HTTP/1.1" status: 200 len: 217 time: 0.0162890
2026-07-15 00:14:05.275 10 INFO neutron.api.wsgi [req-fb22330a-411d-46f9-a446-8d46b7c2d230 req-2e3c909b-48b9-4b65-aeba-f61ca5ea9506 d5ae2cf065ab44848f923adf2beddf32 4a149269de794c39877fe605b8c6d58d - - f0d5bd53a426406e954dc45cfa6f09c6 f0d5bd53a426406e954dc45cfa6f09c6] 199.19.213.73 "GET /v2.0/subnets?id=5bb6e8fb-c109-45b9-95be-772c0658856d HTTP/1.1" status: 200 len: 892 time: 0.0222924
2026-07-15 00:14:05.294 10 INFO neutron.api.wsgi [req-fb22330a-411d-46f9-a446-8d46b7c2d230 req-b507eb4c-474e-4411-9623-4504cdbbff66 d5ae2cf065ab44848f923adf2beddf32 4a149269de794c39877fe605b8c6d58d - - f0d5bd53a426406e954dc45cfa6f09c6 f0d5bd53a426406e954dc45cfa6f09c6] 199.19.213.73 "GET /v2.0/ports?network_id=7eec5ec0-8d09-4e3c-a422-9aad10a0c633&device_owner=network%3Adhcp HTTP/1.1" status: 200 len: 210 time: 0.0135074
2026-07-15 00:14:05.342 10 INFO neutron.api.wsgi [req-fb22330a-411d-46f9-a446-8d46b7c2d230 req-862bd4ce-4de1-44ef-974c-5d740c5e481c d5ae2cf065ab44848f923adf2beddf32 4a149269de794c39877fe605b8c6d58d - - f0d5bd53a426406e954dc45cfa6f09c6 f0d5bd53a426406e954dc45cfa6f09c6] 199.19.213.73 "GET /v2.0/networks/7eec5ec0-8d09-4e3c-a422-9aad10a0c633?fields=segments HTTP/1.1" status: 200 len: 212 time: 0.0408523
2026-07-15 00:14:05.395 10 INFO neutron.api.wsgi [req-fb22330a-411d-46f9-a446-8d46b7c2d230 req-85e03a79-f520-40bd-9911-6809c971a022 d5ae2cf065ab44848f923adf2beddf32 4a149269de794c39877fe605b8c6d58d - - f0d5bd53a426406e954dc45cfa6f09c6 f0d5bd53a426406e954dc45cfa6f09c6] 199.19.213.73 "GET /v2.0/networks/7eec5ec0-8d09-4e3c-a422-9aad10a0c633?fields=provider%3Aphysical_network&fields=provider%3Anetwork_type HTTP/1.1" status: 200 len: 277 time: 0.0407364
2026-07-15 00:14:05.566 9 INFO neutron.db.ovn_revision_numbers_db [None req-1a013780-7157-4c88-9d42-c0cdac71bbaf - - - - - -] Successfully bumped revision number for resource 0de6f702-8367-4962-8969-101721acf3fc (type: ports) to 2
2026-07-15 00:14:05.770 10 INFO neutron.api.wsgi [req-8193d6f8-1bf7-424a-b3f7-9c450f46e167 req-37d10356-743a-4eba-8f8d-e0634523a952 806d022ebbd64aaf924ab32dc0dbcf51 1e66239ffd134df0b5e0f27aeec3132a - - default default] 10.0.0.184 "GET /v2.0/ports?device_id=e534ea01-6212-479c-bf46-055b0d275e2f HTTP/1.1" status: 200 len: 1168 time: 0.0348697
2026-07-15 00:14:05.801 10 INFO neutron.api.wsgi [req-8193d6f8-1bf7-424a-b3f7-9c450f46e167 req-fdb56200-fd5e-4d75-8ab9-ee4661a72e96 806d022ebbd64aaf924ab32dc0dbcf51 1e66239ffd134df0b5e0f27aeec3132a - - default default] 10.0.0.184 "GET /v2.0/security-groups?id=438b816a-f7f4-44fb-814e-8d1536878d56&fields=id&fields=name HTTP/1.1" status: 200 len: 313 time: 0.0260637
2026-07-15 00:14:06.059 9 INFO neutron.api.wsgi [None req-5c5ecf89-3e3f-4d4e-9b60-193f1d212bfe 06bbd1ce37784b188c8b912a4d9ab8b3 960b28e35ccd47e99505804431eb5e67 - - default default] 10.0.0.197 "PUT /v2.0/routers/fbbb8725-f5b1-464a-b508-a6877e07445a/remove_router_interface HTTP/1.1" status: 200 len: 503 time: 0.9877372 /var/lib/openstack/lib/python3.12/site-packages/pycadf/identifier.py:71: UserWarning: Invalid uuid: neutron. To ensure interoperability, identifiers should be a valid uuid. warnings.warn(('Invalid uuid: %s. To ensure interoperability, '
2026-07-15 00:14:06.119 9 INFO neutron.api.wsgi [None req-dfc8d9fe-e304-4c06-8e16-0a2749ee2756 6142015d0a1344e1b19a43cb150746a0 cfc21a9e08e043d1990bb51e10f88c7f - - default default] 10.0.0.197 "GET /v2.0/ports/0de6f702-8367-4962-8969-101721acf3fc HTTP/1.1" status: 200 len: 1137 time: 0.0334921
2026-07-15 00:14:06.671 10 INFO neutron.api.wsgi [None req-2ea5211b-5664-4756-a7e7-c3fc3acf87e9 6142015d0a1344e1b19a43cb150746a0 cfc21a9e08e043d1990bb51e10f88c7f - - default default] 10.0.0.197 "PUT /v2.0/routers/175d3c3b-53f1-49e5-905e-d48540ebbbac/remove_router_interface HTTP/1.1" status: 200 len: 503 time: 0.5463190
2026-07-15 00:14:06.681 9 INFO neutron.api.wsgi [None req-2d8afe7f-5b9a-4f2a-9115-bad8325ab802 06bbd1ce37784b188c8b912a4d9ab8b3 960b28e35ccd47e99505804431eb5e67 - - default default] 10.0.0.197 "DELETE /v2.0/routers/fbbb8725-f5b1-464a-b508-a6877e07445a HTTP/1.1" status: 204 len: 168 time: 0.6176560 /var/lib/openstack/lib/python3.12/site-packages/pycadf/identifier.py:71: UserWarning: Invalid uuid: neutron. To ensure interoperability, identifiers should be a valid uuid. warnings.warn(('Invalid uuid: %s. To ensure interoperability, '
2026-07-15 00:14:06.755 10 INFO neutron.api.wsgi [None req-6e6dca60-c986-417a-ad37-78dbdb611e92 6142015d0a1344e1b19a43cb150746a0 cfc21a9e08e043d1990bb51e10f88c7f - - default default] 10.0.0.197 "GET /v2.0/ports/28906ead-b58b-4123-9efb-13a068cdb050 HTTP/1.1" status: 200 len: 1137 time: 0.0732636
2026-07-15 00:14:06.843 9 INFO neutron.api.wsgi [None req-54c6d26b-1c0e-4cd7-b9fc-e2b4231933f1 06bbd1ce37784b188c8b912a4d9ab8b3 960b28e35ccd47e99505804431eb5e67 - - default default] 10.0.0.197 "DELETE /v2.0/subnets/696933bd-f817-4c33-b998-74796f77575f HTTP/1.1" status: 204 len: 168 time: 0.1573160
2026-07-15 00:14:06.909 10 INFO neutron.api.wsgi [req-ffab6234-3ab8-4e71-805a-9b051b4b300b req-d2c74eed-af45-4500-a999-ea54bf0cc77e 806d022ebbd64aaf924ab32dc0dbcf51 1e66239ffd134df0b5e0f27aeec3132a - - default default] 10.0.0.184 "GET /v2.0/ports?device_id=e534ea01-6212-479c-bf46-055b0d275e2f HTTP/1.1" status: 200 len: 1168 time: 0.0474908
2026-07-15 00:14:06.971 10 INFO neutron.api.wsgi [req-ffab6234-3ab8-4e71-805a-9b051b4b300b req-1f282a32-5d69-4197-a355-8533817157cd 806d022ebbd64aaf924ab32dc0dbcf51 1e66239ffd134df0b5e0f27aeec3132a - - default default] 10.0.0.184 "GET /v2.0/security-groups?id=438b816a-f7f4-44fb-814e-8d1536878d56&fields=id&fields=name HTTP/1.1" status: 200 len: 313 time: 0.0560825
2026-07-15 00:14:07.212 10 INFO neutron.services.segments.plugin [-] Segment 2ce36c43-ffc4-48f7-948b-179f4f1cd9b8 resource provider aggregate not found
2026-07-15 00:14:07.219 10 INFO neutron.services.segments.plugin [-] Segment 2ce36c43-ffc4-48f7-948b-179f4f1cd9b8 resource provider aggregate not found
2026-07-15 00:14:07.225 10 INFO neutron.services.segments.plugin [-] Segment 2ce36c43-ffc4-48f7-948b-179f4f1cd9b8 resource provider not found; error: Placement Client Error (4xx): {"errors": [{"status": 404, "title": "Not Found", "detail": "The resource could not be found.\n\n No resource provider with uuid 2ce36c43-ffc4-48f7-948b-179f4f1cd9b8 found for delete ", "request_id": "req-4e8e69c1-158d-46e6-92eb-5187a2698d2b"}]}
2026-07-15 00:14:07.230 9 INFO neutron.db.ovn_revision_numbers_db [None req-74b58528-18db-4ee8-8298-22d01e13eeec 06bbd1ce37784b188c8b912a4d9ab8b3 960b28e35ccd47e99505804431eb5e67 - - default default] Successfully bumped revision number for resource 27bd8fda-3844-461a-b38c-2894d9e4d047 (type: security_groups) to 1
2026-07-15 00:14:07.234 10 INFO neutron.services.segments.plugin [-] Segment 2ce36c43-ffc4-48f7-948b-179f4f1cd9b8 resource provider not found; error: Placement Client Error (4xx): {"errors": [{"status": 404, "title": "Not Found", "detail": "The resource could not be found.\n\n No resource provider with uuid 2ce36c43-ffc4-48f7-948b-179f4f1cd9b8 found for delete ", "request_id": "req-b8931627-e198-4024-9112-743cade0f5dc"}]}
2026-07-15 00:14:07.246 9 INFO neutron.db.ovn_revision_numbers_db [None req-74b58528-18db-4ee8-8298-22d01e13eeec 06bbd1ce37784b188c8b912a4d9ab8b3 960b28e35ccd47e99505804431eb5e67 - - default default] Successfully bumped revision number for resource 206e4211-5ce7-4423-9155-f987672ef795 (type: security_group_rules) to 0
2026-07-15 00:14:07.258 10 INFO neutron.api.wsgi [None req-4db3398f-5157-4408-94c7-8e571c35470c 06bbd1ce37784b188c8b912a4d9ab8b3 960b28e35ccd47e99505804431eb5e67 - - default default] 10.0.0.197 "DELETE /v2.0/networks/aeab2104-80f5-4146-bacf-81703f276616 HTTP/1.1" status: 204 len: 168 time: 0.4094160
2026-07-15 00:14:07.258 9 INFO neutron.db.ovn_revision_numbers_db [None req-74b58528-18db-4ee8-8298-22d01e13eeec 06bbd1ce37784b188c8b912a4d9ab8b3 960b28e35ccd47e99505804431eb5e67 - - default default] Successfully bumped revision number for resource 5b3d07ab-0bc9-46ab-906a-38a8dae2b571 (type: security_group_rules) to 0
2026-07-15 00:14:07.275 9 INFO neutron.db.ovn_revision_numbers_db [None req-74b58528-18db-4ee8-8298-22d01e13eeec 06bbd1ce37784b188c8b912a4d9ab8b3 960b28e35ccd47e99505804431eb5e67 - - default default] Successfully bumped revision number for resource 96847bff-f80c-4f78-9c84-d56b718408b6 (type: security_group_rules) to 0
2026-07-15 00:14:07.287 9 INFO neutron.db.ovn_revision_numbers_db [None req-74b58528-18db-4ee8-8298-22d01e13eeec 06bbd1ce37784b188c8b912a4d9ab8b3 960b28e35ccd47e99505804431eb5e67 - - default default] Successfully bumped revision number for resource 9d52fd96-6976-4a99-989b-7a83053e5fd1 (type: security_group_rules) to 0
2026-07-15 00:14:07.338 9 INFO neutron.api.wsgi [None req-74b58528-18db-4ee8-8298-22d01e13eeec 06bbd1ce37784b188c8b912a4d9ab8b3 960b28e35ccd47e99505804431eb5e67 - - default default] 10.0.0.197 "GET /v2.0/security-groups?tenant_id=2bafce4be0a749b5ac187690af12f2d5&name=default HTTP/1.1" status: 200 len: 3120 time: 0.3728790
2026-07-15 00:14:07.380 10 INFO neutron.api.wsgi [None req-50313e5b-c714-4d10-96b6-fa5209a73758 6142015d0a1344e1b19a43cb150746a0 cfc21a9e08e043d1990bb51e10f88c7f - - default default] 10.0.0.197 "PUT /v2.0/routers/175d3c3b-53f1-49e5-905e-d48540ebbbac/remove_router_interface HTTP/1.1" status: 200 len: 503 time: 0.6196434 /var/lib/openstack/lib/python3.12/site-packages/pycadf/identifier.py:71: UserWarning: Invalid uuid: neutron. To ensure interoperability, identifiers should be a valid uuid. warnings.warn(('Invalid uuid: %s. To ensure interoperability, '
2026-07-15 00:14:07.396 9 INFO neutron.api.wsgi [None req-1b79074f-b374-467c-9081-c7ba118b49b3 06bbd1ce37784b188c8b912a4d9ab8b3 960b28e35ccd47e99505804431eb5e67 - - default default] 10.0.0.197 "GET /v2.0/security-groups?tenant_id=f4d7ab641c9545ca8053a9f86bc56c70&name=default HTTP/1.1" status: 200 len: 3116 time: 0.0404847
2026-07-15 00:14:07.403 10 INFO neutron.api.wsgi [None req-2e1ba904-159d-42a5-b352-ce06ffa8ed33 6142015d0a1344e1b19a43cb150746a0 cfc21a9e08e043d1990bb51e10f88c7f - - default default] 10.0.0.197 "GET /v2.0/ports?device_id=175d3c3b-53f1-49e5-905e-d48540ebbbac HTTP/1.1" status: 200 len: 205 time: 0.0151784
2026-07-15 00:14:07.534 10 INFO neutron.plugins.ml2.drivers.ovn.mech_driver.mech_driver [None req-ca1df64a-209f-467f-97b6-5f3372e50cb8 - - - - - -] OVN reports status up for port: 20397503-eb5e-44de-a6ba-9a6519ff3130
2026-07-15 00:14:07.552 10 INFO neutron.plugins.ml2.plugin [None req-ca1df64a-209f-467f-97b6-5f3372e50cb8 - - - - - -] Attempt 1 to provision port 20397503-eb5e-44de-a6ba-9a6519ff3130
2026-07-15 00:14:07.614 10 INFO neutron.api.wsgi [None req-19a84252-3b47-4a6d-bdd9-5d9af2f5b42c 6142015d0a1344e1b19a43cb150746a0 cfc21a9e08e043d1990bb51e10f88c7f - - default default] 10.0.0.197 "DELETE /v2.0/routers/175d3c3b-53f1-49e5-905e-d48540ebbbac HTTP/1.1" status: 204 len: 168 time: 0.2066193
2026-07-15 00:14:07.644 9 INFO neutron.api.wsgi [None req-56373ac7-d783-4235-842b-c2dfcd209520 06bbd1ce37784b188c8b912a4d9ab8b3 960b28e35ccd47e99505804431eb5e67 - - default default] 10.0.0.197 "DELETE /v2.0/security-groups/27bd8fda-3844-461a-b38c-2894d9e4d047 HTTP/1.1" status: 204 len: 168 time: 0.3002329
2026-07-15 00:14:07.682 9 INFO neutron.api.wsgi [None req-b86247ef-44e2-41cf-9e73-9bf0cde8286c 06bbd1ce37784b188c8b912a4d9ab8b3 960b28e35ccd47e99505804431eb5e67 - - default default] 10.0.0.197 "DELETE /v2.0/security-groups/3a8fac83-3191-43f5-915e-f02ef00a712a HTTP/1.1" status: 204 len: 168 time: 0.2787685
2026-07-15 00:14:07.695 10 INFO neutron.notifiers.nova [-] Nova event matching ['req-ba9f246b-7fb2-4c2a-9d74-9de2866fdf4f'] response: {'server_uuid': 'e534ea01-6212-479c-bf46-055b0d275e2f', 'name': 'network-vif-plugged', 'status': 'completed', 'tag': '20397503-eb5e-44de-a6ba-9a6519ff3130', 'code': 200}
2026-07-15 00:14:07.805 10 INFO neutron.db.ovn_revision_numbers_db [None req-ca1df64a-209f-467f-97b6-5f3372e50cb8 - - - - - -] Successfully bumped revision number for resource 20397503-eb5e-44de-a6ba-9a6519ff3130 (type: ports) to 5
2026-07-15 00:14:07.820 9 INFO neutron.api.wsgi [None req-6735514c-d03f-4a13-a7a4-8ab575413d16 6142015d0a1344e1b19a43cb150746a0 cfc21a9e08e043d1990bb51e10f88c7f - - default default] 10.0.0.197 "DELETE /v2.0/subnets/5eaedad1-cb4b-4b87-b76e-0ee21d81581c HTTP/1.1" status: 204 len: 168 time: 0.1983335
2026-07-15 00:14:07.972 9 INFO neutron.db.ovn_revision_numbers_db [None req-3e891dc7-da41-44bc-a8d6-e286cfe1d7be 06bbd1ce37784b188c8b912a4d9ab8b3 960b28e35ccd47e99505804431eb5e67 - - default default] Successfully bumped revision number for resource e4e2b814-15bf-40c6-a360-c5d3d3f9ffb3 (type: security_groups) to 1
2026-07-15 00:14:07.988 9 INFO neutron.db.ovn_revision_numbers_db [None req-3e891dc7-da41-44bc-a8d6-e286cfe1d7be 06bbd1ce37784b188c8b912a4d9ab8b3 960b28e35ccd47e99505804431eb5e67 - - default default] Successfully bumped revision number for resource 15d7e71c-7cf8-4252-8cc1-86ff363e17b2 (type: security_group_rules) to 0
2026-07-15 00:14:08.006 9 INFO neutron.db.ovn_revision_numbers_db [None req-3e891dc7-da41-44bc-a8d6-e286cfe1d7be 06bbd1ce37784b188c8b912a4d9ab8b3 960b28e35ccd47e99505804431eb5e67 - - default default] Successfully bumped revision number for resource 20bcf30a-54ad-48ca-98b4-30aac9e3acea (type: security_group_rules) to 0
2026-07-15 00:14:08.023 9 INFO neutron.db.ovn_revision_numbers_db [None req-3e891dc7-da41-44bc-a8d6-e286cfe1d7be 06bbd1ce37784b188c8b912a4d9ab8b3 960b28e35ccd47e99505804431eb5e67 - - default default] Successfully bumped revision number for resource 5e9b95b9-3254-4a32-952f-63872f7d8c7e (type: security_group_rules) to 0
2026-07-15 00:14:08.028 9 INFO neutron.api.wsgi [None req-d09cb963-7201-4c4c-8418-29f54cb01548 6142015d0a1344e1b19a43cb150746a0 cfc21a9e08e043d1990bb51e10f88c7f - - default default] 10.0.0.197 "DELETE /v2.0/subnets/fd993210-7ff3-42a4-8048-89d16716896b HTTP/1.1" status: 204 len: 168 time: 0.2036002 /var/lib/openstack/lib/python3.12/site-packages/pycadf/identifier.py:71: UserWarning: Invalid uuid: neutron. To ensure interoperability, identifiers should be a valid uuid. warnings.warn(('Invalid uuid: %s. To ensure interoperability, '
2026-07-15 00:14:08.054 9 INFO neutron.db.ovn_revision_numbers_db [None req-3e891dc7-da41-44bc-a8d6-e286cfe1d7be 06bbd1ce37784b188c8b912a4d9ab8b3 960b28e35ccd47e99505804431eb5e67 - - default default] Successfully bumped revision number for resource e3db75ea-9922-40d4-9263-dbe2602cec09 (type: security_group_rules) to 0
2026-07-15 00:14:08.062 10 INFO neutron.api.wsgi [req-6de36a68-f862-408a-81c0-0cb3987cb4d1 req-0523bb41-049c-4100-87d8-01c9259e0a2b 806d022ebbd64aaf924ab32dc0dbcf51 1e66239ffd134df0b5e0f27aeec3132a - - default default] 10.0.0.184 "GET /v2.0/ports?device_id=e534ea01-6212-479c-bf46-055b0d275e2f HTTP/1.1" status: 200 len: 1170 time: 0.0367773
2026-07-15 00:14:08.095 9 INFO neutron.api.wsgi [None req-3e891dc7-da41-44bc-a8d6-e286cfe1d7be 06bbd1ce37784b188c8b912a4d9ab8b3 960b28e35ccd47e99505804431eb5e67 - - default default] 10.0.0.197 "GET /v2.0/security-groups?tenant_id=4a1892224e6143689c5066a13610a838&name=default HTTP/1.1" status: 200 len: 3120 time: 0.2813756
2026-07-15 00:14:08.096 10 INFO neutron.api.wsgi [req-6de36a68-f862-408a-81c0-0cb3987cb4d1 req-ccb56647-aff1-4fe4-ab59-07c8c4914872 806d022ebbd64aaf924ab32dc0dbcf51 1e66239ffd134df0b5e0f27aeec3132a - - default default] 10.0.0.184 "GET /v2.0/security-groups?id=438b816a-f7f4-44fb-814e-8d1536878d56&fields=id&fields=name HTTP/1.1" status: 200 len: 313 time: 0.0276976
2026-07-15 00:14:08.281 10 INFO neutron.api.wsgi [None req-2e163782-5238-434f-a505-a4d0fda5a7fc 06bbd1ce37784b188c8b912a4d9ab8b3 960b28e35ccd47e99505804431eb5e67 - - default default] 10.0.0.197 "DELETE /v2.0/security-groups/e4e2b814-15bf-40c6-a360-c5d3d3f9ffb3 HTTP/1.1" status: 204 len: 168 time: 0.1818423
2026-07-15 00:14:08.343 9 INFO neutron.services.segments.plugin [-] Segment 61661f13-2e80-49af-82d2-1e7de64afc80 resource provider aggregate not found
2026-07-15 00:14:08.350 9 INFO neutron.services.segments.plugin [-] Segment 61661f13-2e80-49af-82d2-1e7de64afc80 resource provider aggregate not found
2026-07-15 00:14:08.356 9 INFO neutron.services.segments.plugin [-] Segment 61661f13-2e80-49af-82d2-1e7de64afc80 resource provider not found; error: Placement Client Error (4xx): {"errors": [{"status": 404, "title": "Not Found", "detail": "The resource could not be found.\n\n No resource provider with uuid 61661f13-2e80-49af-82d2-1e7de64afc80 found for delete ", "request_id": "req-e0e409cd-d2ba-4df0-b67d-1e4eaa010132"}]}
2026-07-15 00:14:08.360 9 INFO neutron.services.segments.plugin [-] Segment 61661f13-2e80-49af-82d2-1e7de64afc80 resource provider not found; error: Placement Client Error (4xx): {"errors": [{"status": 404, "title": "Not Found", "detail": "The resource could not be found.\n\n No resource provider with uuid 61661f13-2e80-49af-82d2-1e7de64afc80 found for delete ", "request_id": "req-b8246fd7-73db-4886-a8dc-702ef1156c38"}]}
2026-07-15 00:14:08.372 9 INFO neutron.api.wsgi [None req-e9a887d4-773a-43d9-bfe4-8ff590b35aaf 6142015d0a1344e1b19a43cb150746a0 cfc21a9e08e043d1990bb51e10f88c7f - - default default] 10.0.0.197 "DELETE /v2.0/networks/d174387c-e150-4bb4-a127-054dc8719184 HTTP/1.1" status: 204 len: 168 time: 0.3369703
2026-07-15 00:14:08.684 9 INFO neutron.api.wsgi [None req-64a0ace5-9baa-4005-b34c-2680815f7d7f 6142015d0a1344e1b19a43cb150746a0 cfc21a9e08e043d1990bb51e10f88c7f - - default default] 10.0.0.197 "DELETE /v2.0/networks/1c696b68-3da1-4e52-bac9-869cc7596204 HTTP/1.1" status: 204 len: 168 time: 0.3049169
2026-07-15 00:14:08.695 9 WARNING neutron_lib.context [None req-cb80972a-4283-426b-86ea-b24fb49ec370 6142015d0a1344e1b19a43cb150746a0 cfc21a9e08e043d1990bb51e10f88c7f - - default default] Method 'is_advsvc' is deprecated since 2023.2 release (neutron-lib 3.8.0) and will be removed once support for the old RBAC API policies will be removed from Neutron. Please use method 'is_service_role' instead.
2026-07-15 00:14:09.043 9 INFO neutron.db.segments_db [None req-cb80972a-4283-426b-86ea-b24fb49ec370 6142015d0a1344e1b19a43cb150746a0 cfc21a9e08e043d1990bb51e10f88c7f - - default default] Added segment 9e61db2c-31ea-4832-843b-7340fe2702bb of type geneve for network b37cd6db-e93d-4eef-90cf-91d55d9471db
2026-07-15 00:14:09.154 9 INFO neutron.db.ovn_revision_numbers_db [None req-cb80972a-4283-426b-86ea-b24fb49ec370 6142015d0a1344e1b19a43cb150746a0 cfc21a9e08e043d1990bb51e10f88c7f - - default default] Successfully bumped revision number for resource b37cd6db-e93d-4eef-90cf-91d55d9471db (type: networks) to 1
2026-07-15 00:14:09.253 10 INFO neutron.api.wsgi [req-3a899e98-31f3-4042-926b-ced537e21449 req-50cdfe13-6f9b-43a0-90a7-c3ad52f1f513 806d022ebbd64aaf924ab32dc0dbcf51 1e66239ffd134df0b5e0f27aeec3132a - - default default] 10.0.0.184 "GET /v2.0/ports?device_id=e534ea01-6212-479c-bf46-055b0d275e2f HTTP/1.1" status: 200 len: 1170 time: 0.0829279
2026-07-15 00:14:09.302 10 INFO neutron.api.wsgi [req-3a899e98-31f3-4042-926b-ced537e21449 req-575f1103-37f3-4f44-94a9-9e695f2528f0 806d022ebbd64aaf924ab32dc0dbcf51 1e66239ffd134df0b5e0f27aeec3132a - - default default] 10.0.0.184 "GET /v2.0/security-groups?id=438b816a-f7f4-44fb-814e-8d1536878d56&fields=id&fields=name HTTP/1.1" status: 200 len: 313 time: 0.0372458
2026-07-15 00:14:09.345 9 WARNING neutron.scheduler.dhcp_agent_scheduler [None req-cb80972a-4283-426b-86ea-b24fb49ec370 6142015d0a1344e1b19a43cb150746a0 cfc21a9e08e043d1990bb51e10f88c7f - - default default] No more DHCP agents
2026-07-15 00:14:09.346 9 WARNING neutron.api.rpc.agentnotifiers.dhcp_rpc_agent_api [None req-cb80972a-4283-426b-86ea-b24fb49ec370 6142015d0a1344e1b19a43cb150746a0 cfc21a9e08e043d1990bb51e10f88c7f - - default default] Unable to schedule network b37cd6db-e93d-4eef-90cf-91d55d9471db: no agents available; will retry on subsequent port and subnet creation events.
2026-07-15 00:14:09.422 9 INFO neutron.db.ovn_revision_numbers_db [None req-cb80972a-4283-426b-86ea-b24fb49ec370 6142015d0a1344e1b19a43cb150746a0 cfc21a9e08e043d1990bb51e10f88c7f - - default default] Successfully bumped revision number for resource 5e088464-d569-425f-9843-3f71e154b29b (type: ports) to 1
2026-07-15 00:14:09.442 9 INFO neutron.api.wsgi [None req-cb80972a-4283-426b-86ea-b24fb49ec370 6142015d0a1344e1b19a43cb150746a0 cfc21a9e08e043d1990bb51e10f88c7f - - default default] 10.0.0.197 "POST /v2.0/networks HTTP/1.1" status: 201 len: 828 time: 0.7514963
2026-07-15 00:14:09.452 10 WARNING neutron_lib.context [None req-b38f5032-0733-4541-8662-6c901de138ff 6142015d0a1344e1b19a43cb150746a0 cfc21a9e08e043d1990bb51e10f88c7f - - default default] Method 'is_advsvc' is deprecated since 2023.2 release (neutron-lib 3.8.0) and will be removed once support for the old RBAC API policies will be removed from Neutron. Please use method 'is_service_role' instead.
2026-07-15 00:14:09.652 10 WARNING neutron.scheduler.dhcp_agent_scheduler [None req-b38f5032-0733-4541-8662-6c901de138ff 6142015d0a1344e1b19a43cb150746a0 cfc21a9e08e043d1990bb51e10f88c7f - - default default] No more DHCP agents
2026-07-15 00:14:09.653 10 WARNING neutron.api.rpc.agentnotifiers.dhcp_rpc_agent_api [None req-b38f5032-0733-4541-8662-6c901de138ff 6142015d0a1344e1b19a43cb150746a0 cfc21a9e08e043d1990bb51e10f88c7f - - default default] Unable to schedule network b37cd6db-e93d-4eef-90cf-91d55d9471db: no agents available; will retry on subsequent port and subnet creation events.
2026-07-15 00:14:09.670 10 INFO neutron.db.ovn_revision_numbers_db [None req-71ce1663-57f8-4d3b-9f6d-5443d878be22 06bbd1ce37784b188c8b912a4d9ab8b3 960b28e35ccd47e99505804431eb5e67 - - default default] Successfully bumped revision number for resource cde271e1-02b2-4d9a-90c9-374d8a5be2ea (type: security_groups) to 1
2026-07-15 00:14:09.687 10 INFO neutron.db.ovn_revision_numbers_db [None req-71ce1663-57f8-4d3b-9f6d-5443d878be22 06bbd1ce37784b188c8b912a4d9ab8b3 960b28e35ccd47e99505804431eb5e67 - - default default] Successfully bumped revision number for resource 79ef311d-d3b6-4118-a61f-eda7fca50214 (type: security_group_rules) to 0
2026-07-15 00:14:09.704 10 INFO neutron.db.ovn_revision_numbers_db [None req-71ce1663-57f8-4d3b-9f6d-5443d878be22 06bbd1ce37784b188c8b912a4d9ab8b3 960b28e35ccd47e99505804431eb5e67 - - default default] Successfully bumped revision number for resource bb92d256-d9b6-48d7-802b-f31c380c0fa5 (type: security_group_rules) to 0
2026-07-15 00:14:09.728 10 INFO neutron.db.ovn_revision_numbers_db [None req-71ce1663-57f8-4d3b-9f6d-5443d878be22 06bbd1ce37784b188c8b912a4d9ab8b3 960b28e35ccd47e99505804431eb5e67 - - default default] Successfully bumped revision number for resource bc451923-632a-4e43-a624-70b097746cd6 (type: security_group_rules) to 0
2026-07-15 00:14:09.731 10 INFO neutron.notifiers.nova [-] Nova event matching ['req-843d7f3a-784e-49a4-b392-d81b243d938f'] response: {'server_uuid': 'e534ea01-6212-479c-bf46-055b0d275e2f', 'name': 'network-vif-plugged', 'status': 'completed', 'tag': '20397503-eb5e-44de-a6ba-9a6519ff3130', 'code': 200}
2026-07-15 00:14:09.747 10 INFO neutron.db.ovn_revision_numbers_db [None req-71ce1663-57f8-4d3b-9f6d-5443d878be22 06bbd1ce37784b188c8b912a4d9ab8b3 960b28e35ccd47e99505804431eb5e67 - - default default] Successfully bumped revision number for resource d17c17bb-044f-4758-ac3e-d1cf154c2b86 (type: security_group_rules) to 0
2026-07-15 00:14:09.822 10 INFO neutron.db.segments_db [None req-71ce1663-57f8-4d3b-9f6d-5443d878be22 06bbd1ce37784b188c8b912a4d9ab8b3 960b28e35ccd47e99505804431eb5e67 - - default default] Added segment d37ffd78-2233-4070-87d8-be1b230ff757 of type geneve for network 4500305c-5524-4ae4-b0fd-dadadd79fda9
2026-07-15 00:14:09.991 10 INFO neutron.db.ovn_revision_numbers_db [None req-71ce1663-57f8-4d3b-9f6d-5443d878be22 06bbd1ce37784b188c8b912a4d9ab8b3 960b28e35ccd47e99505804431eb5e67 - - default default] Successfully bumped revision number for resource 4500305c-5524-4ae4-b0fd-dadadd79fda9 (type: networks) to 1
2026-07-15 00:14:10.125 9 WARNING neutron.plugins.ml2.drivers.ovn.mech_driver.ovsdb.ovn_client [None req-3b547208-1251-4b4c-89f4-9e9833ae1701 - - - - - -] No port found with ID 0de6f702-8367-4962-8969-101721acf3fc: RuntimeError: No port found with ID 0de6f702-8367-4962-8969-101721acf3fc
2026-07-15 00:14:10.131 9 INFO neutron.plugins.ml2.drivers.ovn.mech_driver.mech_driver [None req-3b547208-1251-4b4c-89f4-9e9833ae1701 - - - - - -] OVN reports status down for port: ebcb66ec-de9b-4620-9dcc-78229dcc1605
2026-07-15 00:14:10.152 10 WARNING neutron.scheduler.dhcp_agent_scheduler [None req-71ce1663-57f8-4d3b-9f6d-5443d878be22 06bbd1ce37784b188c8b912a4d9ab8b3 960b28e35ccd47e99505804431eb5e67 - - default default] No more DHCP agents
2026-07-15 00:14:10.153 10 WARNING neutron.api.rpc.agentnotifiers.dhcp_rpc_agent_api [None req-71ce1663-57f8-4d3b-9f6d-5443d878be22 06bbd1ce37784b188c8b912a4d9ab8b3 960b28e35ccd47e99505804431eb5e67 - - default default] Unable to schedule network 4500305c-5524-4ae4-b0fd-dadadd79fda9: no agents available; will retry on subsequent port and subnet creation events.
2026-07-15 00:14:10.156 10 INFO neutron.db.ovn_revision_numbers_db [None req-4acabc20-f493-4992-95a9-96259ab4b5fb - - - - - -] Successfully bumped revision number for resource 5e088464-d569-425f-9843-3f71e154b29b (type: ports) to 2
2026-07-15 00:14:10.190 10 INFO neutron.db.ovn_revision_numbers_db [None req-4acabc20-f493-4992-95a9-96259ab4b5fb - - - - - -] Successfully bumped revision number for resource e3ea1862-b0ab-4958-a676-2e3d64b72d95 (type: subnets) to 0
2026-07-15 00:14:10.219 10 INFO neutron.api.wsgi [None req-b38f5032-0733-4541-8662-6c901de138ff 6142015d0a1344e1b19a43cb150746a0 cfc21a9e08e043d1990bb51e10f88c7f - - default default] 10.0.0.197 "POST /v2.0/subnets HTTP/1.1" status: 201 len: 825 time: 0.7726555
2026-07-15 00:14:10.227 10 INFO neutron.db.ovn_revision_numbers_db [None req-71ce1663-57f8-4d3b-9f6d-5443d878be22 06bbd1ce37784b188c8b912a4d9ab8b3 960b28e35ccd47e99505804431eb5e67 - - default default] Successfully bumped revision number for resource 56b30f78-0c29-431c-b830-9a364ff15f01 (type: ports) to 1
2026-07-15 00:14:10.231 9 WARNING neutron_lib.context [None req-a94ccbaa-d042-4eb6-847a-0f4a69bcd501 6142015d0a1344e1b19a43cb150746a0 cfc21a9e08e043d1990bb51e10f88c7f - - default default] Method 'is_advsvc' is deprecated since 2023.2 release (neutron-lib 3.8.0) and will be removed once support for the old RBAC API policies will be removed from Neutron. Please use method 'is_service_role' instead.
2026-07-15 00:14:10.245 10 INFO neutron.api.wsgi [None req-71ce1663-57f8-4d3b-9f6d-5443d878be22 06bbd1ce37784b188c8b912a4d9ab8b3 960b28e35ccd47e99505804431eb5e67 - - default default] 10.0.0.197 "POST /v2.0/networks HTTP/1.1" status: 201 len: 947 time: 0.8711658
2026-07-15 00:14:10.348 9 INFO neutron.db.ovn_revision_numbers_db [None req-a94ccbaa-d042-4eb6-847a-0f4a69bcd501 6142015d0a1344e1b19a43cb150746a0 cfc21a9e08e043d1990bb51e10f88c7f - - default default] Successfully bumped revision number for resource 3f5522f8-e070-455e-80c4-494f73592957 (type: routers) to 1
2026-07-15 00:14:10.367 9 INFO neutron.api.wsgi [None req-a94ccbaa-d042-4eb6-847a-0f4a69bcd501 6142015d0a1344e1b19a43cb150746a0 cfc21a9e08e043d1990bb51e10f88c7f - - default default] 10.0.0.197 "POST /v2.0/routers HTTP/1.1" status: 201 len: 801 time: 0.1449318
2026-07-15 00:14:10.375 9 INFO neutron.services.segments.plugin [-] Segment ba3b60ff-f229-4e09-888d-62a4ae089d2c resource provider aggregate not found
2026-07-15 00:14:10.388 10 WARNING neutron_lib.context [None req-84c6c64d-4367-4ec8-a812-095fe76896a6 6142015d0a1344e1b19a43cb150746a0 cfc21a9e08e043d1990bb51e10f88c7f - - default default] Method 'is_advsvc' is deprecated since 2023.2 release (neutron-lib 3.8.0) and will be removed once support for the old RBAC API policies will be removed from Neutron. Please use method 'is_service_role' instead.
2026-07-15 00:14:10.390 9 INFO neutron.services.segments.plugin [-] Segment ba3b60ff-f229-4e09-888d-62a4ae089d2c resource provider aggregate not found
2026-07-15 00:14:10.400 9 INFO neutron.services.segments.plugin [-] Segment ba3b60ff-f229-4e09-888d-62a4ae089d2c resource provider not found; error: Placement Client Error (4xx): {"errors": [{"status": 404, "title": "Not Found", "detail": "The resource could not be found.\n\n No resource provider with uuid ba3b60ff-f229-4e09-888d-62a4ae089d2c found for delete ", "request_id": "req-4f9849e8-f146-4960-874c-7a3d3de7ab6c"}]}
2026-07-15 00:14:10.411 9 INFO neutron.services.segments.plugin [-] Segment ba3b60ff-f229-4e09-888d-62a4ae089d2c resource provider not found; error: Placement Client Error (4xx): {"errors": [{"status": 404, "title": "Not Found", "detail": "The resource could not be found.\n\n No resource provider with uuid ba3b60ff-f229-4e09-888d-62a4ae089d2c found for delete ", "request_id": "req-51dea470-c7d8-4498-826b-969739f2ea9c"}]}
2026-07-15 00:14:10.437 9 WARNING neutron.scheduler.dhcp_agent_scheduler [None req-93520fde-c4d2-4fd1-98ea-e2c55bc09a54 06bbd1ce37784b188c8b912a4d9ab8b3 960b28e35ccd47e99505804431eb5e67 - - default default] No more DHCP agents
2026-07-15 00:14:10.440 9 WARNING neutron.api.rpc.agentnotifiers.dhcp_rpc_agent_api [None req-93520fde-c4d2-4fd1-98ea-e2c55bc09a54 06bbd1ce37784b188c8b912a4d9ab8b3 960b28e35ccd47e99505804431eb5e67 - - default default] Unable to schedule network 4500305c-5524-4ae4-b0fd-dadadd79fda9: no agents available; will retry on subsequent port and subnet creation events.
2026-07-15 00:14:10.444 10 INFO neutron.api.wsgi [req-16f51f1e-f243-4769-8371-fbc29d3ab90c req-da1a5d2a-f55b-4a00-ba5c-0ed69cbaf960 806d022ebbd64aaf924ab32dc0dbcf51 1e66239ffd134df0b5e0f27aeec3132a - - default default] 10.0.0.184 "GET /v2.0/ports?device_id=e534ea01-6212-479c-bf46-055b0d275e2f HTTP/1.1" status: 200 len: 1170 time: 0.0598423
2026-07-15 00:14:10.486 10 INFO neutron.api.wsgi [req-16f51f1e-f243-4769-8371-fbc29d3ab90c req-7c48eb3b-d3aa-473e-9037-ba8ea044580d 806d022ebbd64aaf924ab32dc0dbcf51 1e66239ffd134df0b5e0f27aeec3132a - - default default] 10.0.0.184 "GET /v2.0/security-groups?id=438b816a-f7f4-44fb-814e-8d1536878d56&fields=id&fields=name HTTP/1.1" status: 200 len: 313 time: 0.0349183
2026-07-15 00:14:10.579 10 INFO neutron.api.wsgi [req-6424b589-947d-49a5-8a89-e953ae58338f req-3f28c84d-03de-463e-888c-842b67e37602 806d022ebbd64aaf924ab32dc0dbcf51 1e66239ffd134df0b5e0f27aeec3132a - - default default] 10.0.0.184 "GET /v2.0/ports?device_id=e534ea01-6212-479c-bf46-055b0d275e2f HTTP/1.1" status: 200 len: 1170 time: 0.0343218
2026-07-15 00:14:10.759 10 WARNING neutron.scheduler.dhcp_agent_scheduler [None req-84c6c64d-4367-4ec8-a812-095fe76896a6 6142015d0a1344e1b19a43cb150746a0 cfc21a9e08e043d1990bb51e10f88c7f - - default default] No more DHCP agents
2026-07-15 00:14:10.760 10 WARNING neutron.api.rpc.agentnotifiers.dhcp_rpc_agent_api [None req-84c6c64d-4367-4ec8-a812-095fe76896a6 6142015d0a1344e1b19a43cb150746a0 cfc21a9e08e043d1990bb51e10f88c7f - - default default] Unable to schedule network b37cd6db-e93d-4eef-90cf-91d55d9471db: no agents available; will retry on subsequent port and subnet creation events.
