2026-07-15 00:15:08.370 9 INFO neutron.plugins.ml2.plugin [None req-634511d2-673f-48d4-8493-c8e86b2d7867 - - - - - -] Attempt 1 to provision port f9362276-6703-46dd-a60a-aef529a88bc3
2026-07-15 00:15:08.393 9 INFO neutron.api.wsgi [None req-b7797ccc-1434-4be6-a324-8edcf4a40d5e 793f3cc2c43948668590f0228b59b647 6a9a6d8e8a26421796f09806a972d1bb - - default default] 10.0.0.197 "POST /v2.0/ports HTTP/1.1" status: 201 len: 942 time: 0.3683250
2026-07-15 00:15:08.404 10 WARNING neutron_lib.context [None req-337c439e-5ada-4843-b475-48f0ded4e321 793f3cc2c43948668590f0228b59b647 6a9a6d8e8a26421796f09806a972d1bb - - default default] Method 'is_advsvc' is deprecated since 2023.2 release (neutron-lib 3.8.0) and will be removed once support for the old RBAC API policies will be removed from Neutron. Please use method 'is_service_role' instead.
2026-07-15 00:15:08.445 9 WARNING neutron.scheduler.dhcp_agent_scheduler [None req-31c085a8-c3e0-496b-84c1-2c0923a70be5 9787459586334360a411254748747b9d a3390160662441a6936ffdb54a087ea4 - - default default] No more DHCP agents
2026-07-15 00:15:08.446 9 WARNING neutron.api.rpc.agentnotifiers.dhcp_rpc_agent_api [None req-31c085a8-c3e0-496b-84c1-2c0923a70be5 9787459586334360a411254748747b9d a3390160662441a6936ffdb54a087ea4 - - default default] Unable to schedule network 11c62d4d-75c2-42dc-a014-8b9c456f30a2: no agents available; will retry on subsequent port and subnet creation events.
2026-07-15 00:15:08.483 10 INFO neutron.db.segments_db [None req-337c439e-5ada-4843-b475-48f0ded4e321 793f3cc2c43948668590f0228b59b647 6a9a6d8e8a26421796f09806a972d1bb - - default default] Added segment 7ba2b968-4b5f-4489-8ef3-2b19bf893e03 of type geneve for network 9a919091-e714-45bd-a73d-2ec2cbc9dc0c
2026-07-15 00:15:08.591 10 INFO neutron.db.ovn_revision_numbers_db [None req-337c439e-5ada-4843-b475-48f0ded4e321 793f3cc2c43948668590f0228b59b647 6a9a6d8e8a26421796f09806a972d1bb - - default default] Successfully bumped revision number for resource 9a919091-e714-45bd-a73d-2ec2cbc9dc0c (type: networks) to 1
2026-07-15 00:15:08.604 10 INFO neutron.notifiers.nova [-] Nova event matching ['req-397e4e77-540e-431e-a553-3b3bf6e324a8'] response: {'server_uuid': '58a21cdc-7c28-4c0a-b794-54da1ab125ed', 'name': 'network-vif-plugged', 'status': 'completed', 'tag': '68e0fe09-a06e-47ca-a375-47f2ab19cb5c', 'code': 200}
2026-07-15 00:15:08.745 10 WARNING neutron.scheduler.dhcp_agent_scheduler [None req-337c439e-5ada-4843-b475-48f0ded4e321 793f3cc2c43948668590f0228b59b647 6a9a6d8e8a26421796f09806a972d1bb - - default default] No more DHCP agents
2026-07-15 00:15:08.746 10 WARNING neutron.api.rpc.agentnotifiers.dhcp_rpc_agent_api [None req-337c439e-5ada-4843-b475-48f0ded4e321 793f3cc2c43948668590f0228b59b647 6a9a6d8e8a26421796f09806a972d1bb - - default default] Unable to schedule network 9a919091-e714-45bd-a73d-2ec2cbc9dc0c: no agents available; will retry on subsequent port and subnet creation events.
2026-07-15 00:15:08.800 10 INFO neutron.db.ovn_revision_numbers_db [None req-337c439e-5ada-4843-b475-48f0ded4e321 793f3cc2c43948668590f0228b59b647 6a9a6d8e8a26421796f09806a972d1bb - - default default] Successfully bumped revision number for resource 15098798-27f6-4bfa-abfd-4e3d6b7220df (type: ports) to 1
2026-07-15 00:15:08.813 9 INFO neutron.db.ovn_revision_numbers_db [None req-634511d2-673f-48d4-8493-c8e86b2d7867 - - - - - -] Successfully bumped revision number for resource f9362276-6703-46dd-a60a-aef529a88bc3 (type: ports) to 2
2026-07-15 00:15:08.817 10 INFO neutron.api.wsgi [None req-337c439e-5ada-4843-b475-48f0ded4e321 793f3cc2c43948668590f0228b59b647 6a9a6d8e8a26421796f09806a972d1bb - - default default] 10.0.0.197 "POST /v2.0/networks HTTP/1.1" status: 201 len: 831 time: 0.4181337
2026-07-15 00:15:08.826 10 WARNING neutron_lib.context [None req-48f72ccf-a1fd-48bc-b0bd-f2fe1a91f07a 793f3cc2c43948668590f0228b59b647 6a9a6d8e8a26421796f09806a972d1bb - - default default] Method 'is_advsvc' is deprecated since 2023.2 release (neutron-lib 3.8.0) and will be removed once support for the old RBAC API policies will be removed from Neutron. Please use method 'is_service_role' instead.
2026-07-15 00:15:09.028 10 WARNING neutron.scheduler.dhcp_agent_scheduler [None req-48f72ccf-a1fd-48bc-b0bd-f2fe1a91f07a 793f3cc2c43948668590f0228b59b647 6a9a6d8e8a26421796f09806a972d1bb - - default default] No more DHCP agents
2026-07-15 00:15:09.029 10 WARNING neutron.api.rpc.agentnotifiers.dhcp_rpc_agent_api [None req-48f72ccf-a1fd-48bc-b0bd-f2fe1a91f07a 793f3cc2c43948668590f0228b59b647 6a9a6d8e8a26421796f09806a972d1bb - - default default] Unable to schedule network 9a919091-e714-45bd-a73d-2ec2cbc9dc0c: no agents available; will retry on subsequent port and subnet creation events.
2026-07-15 00:15:09.092 9 INFO neutron.db.ovn_revision_numbers_db [None req-31c085a8-c3e0-496b-84c1-2c0923a70be5 9787459586334360a411254748747b9d a3390160662441a6936ffdb54a087ea4 - - default default] Successfully bumped revision number for resource 1c1c4a42-7a65-4be1-b4b6-d6bd96f8d474 (type: floatingips) to -1
2026-07-15 00:15:09.150 10 INFO neutron.db.ovn_revision_numbers_db [None req-48f72ccf-a1fd-48bc-b0bd-f2fe1a91f07a 793f3cc2c43948668590f0228b59b647 6a9a6d8e8a26421796f09806a972d1bb - - default default] Successfully bumped revision number for resource 278cffa7-116a-4e28-beec-720832796e09 (type: ports) to 1
2026-07-15 00:15:09.192 10 INFO neutron.api.wsgi [None req-48f72ccf-a1fd-48bc-b0bd-f2fe1a91f07a 793f3cc2c43948668590f0228b59b647 6a9a6d8e8a26421796f09806a972d1bb - - default default] 10.0.0.197 "POST /v2.0/ports HTTP/1.1" status: 201 len: 942 time: 0.3698835 /var/lib/openstack/lib/python3.12/site-packages/pycadf/identifier.py:71: UserWarning: Invalid uuid: neutron. To ensure interoperability, identifiers should be a valid uuid. warnings.warn(('Invalid uuid: %s. To ensure interoperability, '
2026-07-15 00:15:09.201 10 WARNING neutron_lib.context [None req-54fcb307-f0f0-4993-a284-591f3fb747cb 793f3cc2c43948668590f0228b59b647 6a9a6d8e8a26421796f09806a972d1bb - - default default] Method 'is_advsvc' is deprecated since 2023.2 release (neutron-lib 3.8.0) and will be removed once support for the old RBAC API policies will be removed from Neutron. Please use method 'is_service_role' instead.
2026-07-15 00:15:09.240 10 INFO neutron.api.wsgi [req-5b8341e2-4116-49d4-b23d-a6f32a4b7b8e req-5ddb3a21-d17a-4dce-b12f-3a5a8db8afbc cf11d30b59ba49899071e9c562350fa9 c36199a27b1945d88c54cee2631c5154 - - default default] 10.0.0.184 "GET /v2.0/ports?device_id=58a21cdc-7c28-4c0a-b794-54da1ab125ed HTTP/1.1" status: 200 len: 1170 time: 0.0359969
2026-07-15 00:15:09.254 9 INFO neutron.db.ovn_revision_numbers_db [None req-31c085a8-c3e0-496b-84c1-2c0923a70be5 9787459586334360a411254748747b9d a3390160662441a6936ffdb54a087ea4 - - default default] Successfully bumped revision number for resource 1c1c4a42-7a65-4be1-b4b6-d6bd96f8d474 (type: floatingips) to 1
2026-07-15 00:15:09.254 9 INFO neutron.db.l3_db [None req-31c085a8-c3e0-496b-84c1-2c0923a70be5 9787459586334360a411254748747b9d a3390160662441a6936ffdb54a087ea4 - - default default] Floating IP 1c1c4a42-7a65-4be1-b4b6-d6bd96f8d474 associated. External IP: 10.96.250.217, port: 5893773c-87fd-4d6d-886c-b1684cad8da7.
2026-07-15 00:15:09.290 10 INFO neutron.api.wsgi [req-5b8341e2-4116-49d4-b23d-a6f32a4b7b8e req-dba677ff-2d73-43fe-b11d-883bab256432 cf11d30b59ba49899071e9c562350fa9 c36199a27b1945d88c54cee2631c5154 - - default default] 10.0.0.184 "GET /v2.0/security-groups?id=98cc9f1a-a894-4c70-be1a-5fc36a3774f8&fields=id&fields=name HTTP/1.1" status: 200 len: 312 time: 0.0437968
2026-07-15 00:15:09.296 9 INFO neutron.api.wsgi [None req-31c085a8-c3e0-496b-84c1-2c0923a70be5 9787459586334360a411254748747b9d a3390160662441a6936ffdb54a087ea4 - - default default] 10.0.0.197 "POST /v2.0/floatingips HTTP/1.1" status: 201 len: 1041 time: 1.1067615 /var/lib/openstack/lib/python3.12/site-packages/pycadf/identifier.py:71: UserWarning: Invalid uuid: neutron. To ensure interoperability, identifiers should be a valid uuid. warnings.warn(('Invalid uuid: %s. To ensure interoperability, '
2026-07-15 00:15:09.328 10 INFO neutron.db.segments_db [None req-54fcb307-f0f0-4993-a284-591f3fb747cb 793f3cc2c43948668590f0228b59b647 6a9a6d8e8a26421796f09806a972d1bb - - default default] Added segment 4b34f7e3-9235-4d2d-9370-bce6be1a9732 of type geneve for network 6ac1ecb7-15b0-4b72-aa21-a3908c2fd6d2
2026-07-15 00:15:09.337 9 INFO neutron.api.wsgi [None req-de584112-86b5-43ae-9d67-6f2475cb3219 9787459586334360a411254748747b9d a3390160662441a6936ffdb54a087ea4 - - default default] 10.0.0.197 "GET /v2.0/floatingips/1c1c4a42-7a65-4be1-b4b6-d6bd96f8d474 HTTP/1.1" status: 200 len: 1038 time: 0.0300758
2026-07-15 00:15:09.390 10 INFO neutron.api.wsgi [req-973bf304-25cc-4c4d-bc05-4b0e665f29d7 req-cd137557-08d6-447a-8332-7aa21bf4bb08 cf11d30b59ba49899071e9c562350fa9 c36199a27b1945d88c54cee2631c5154 - - default default] 10.0.0.184 "GET /v2.0/ports?device_id=58a21cdc-7c28-4c0a-b794-54da1ab125ed HTTP/1.1" status: 200 len: 1170 time: 0.0404253
2026-07-15 00:15:09.391 9 INFO neutron.api.wsgi [None req-8899bb01-f37c-4380-a9e4-9472da0bb8df 9787459586334360a411254748747b9d a3390160662441a6936ffdb54a087ea4 - - default default] 10.0.0.197 "GET /v2.0/floatingips HTTP/1.1" status: 200 len: 1041 time: 0.0482876
2026-07-15 00:15:09.432 10 INFO neutron.api.wsgi [req-973bf304-25cc-4c4d-bc05-4b0e665f29d7 req-e078dc55-b354-4f26-9cb1-3799e372e1af cf11d30b59ba49899071e9c562350fa9 c36199a27b1945d88c54cee2631c5154 - - default default] 10.0.0.184 "GET /v2.0/security-groups?id=98cc9f1a-a894-4c70-be1a-5fc36a3774f8&fields=id&fields=name HTTP/1.1" status: 200 len: 312 time: 0.0392070
2026-07-15 00:15:09.474 10 INFO neutron.db.ovn_revision_numbers_db [None req-54fcb307-f0f0-4993-a284-591f3fb747cb 793f3cc2c43948668590f0228b59b647 6a9a6d8e8a26421796f09806a972d1bb - - default default] Successfully bumped revision number for resource 6ac1ecb7-15b0-4b72-aa21-a3908c2fd6d2 (type: networks) to 1
2026-07-15 00:15:09.487 9 INFO neutron.api.wsgi [None req-284555c0-0c79-494b-a4c8-a230693b19d9 a2ef91583a6640dca84be436d3bea3e8 9701e589360443a198ecd7198f6e00ef - - default default] 10.0.0.197 "GET /v2.0/ports?device_id=58a21cdc-7c28-4c0a-b794-54da1ab125ed HTTP/1.1" status: 200 len: 1404 time: 0.0311832
2026-07-15 00:15:09.494 9 WARNING neutron_lib.context [None req-9463e98d-2c49-4e9a-814d-a41039b0aad5 cf11d30b59ba49899071e9c562350fa9 c36199a27b1945d88c54cee2631c5154 - - default default] Method 'is_advsvc' is deprecated since 2023.2 release (neutron-lib 3.8.0) and will be removed once support for the old RBAC API policies will be removed from Neutron. Please use method 'is_service_role' instead.
2026-07-15 00:15:09.617 10 WARNING neutron.scheduler.dhcp_agent_scheduler [None req-54fcb307-f0f0-4993-a284-591f3fb747cb 793f3cc2c43948668590f0228b59b647 6a9a6d8e8a26421796f09806a972d1bb - - default default] No more DHCP agents
2026-07-15 00:15:09.619 10 WARNING neutron.api.rpc.agentnotifiers.dhcp_rpc_agent_api [None req-54fcb307-f0f0-4993-a284-591f3fb747cb 793f3cc2c43948668590f0228b59b647 6a9a6d8e8a26421796f09806a972d1bb - - default default] Unable to schedule network 6ac1ecb7-15b0-4b72-aa21-a3908c2fd6d2: no agents available; will retry on subsequent port and subnet creation events.
2026-07-15 00:15:09.686 10 INFO neutron.db.ovn_revision_numbers_db [None req-54fcb307-f0f0-4993-a284-591f3fb747cb 793f3cc2c43948668590f0228b59b647 6a9a6d8e8a26421796f09806a972d1bb - - default default] Successfully bumped revision number for resource 5488adfc-9b5e-4111-9e2a-54c618ab5cd4 (type: ports) to 1
2026-07-15 00:15:09.705 10 INFO neutron.api.wsgi [None req-54fcb307-f0f0-4993-a284-591f3fb747cb 793f3cc2c43948668590f0228b59b647 6a9a6d8e8a26421796f09806a972d1bb - - default default] 10.0.0.197 "POST /v2.0/networks HTTP/1.1" status: 201 len: 830 time: 0.5081108
2026-07-15 00:15:09.714 10 WARNING neutron_lib.context [None req-9dea91fa-4d00-4542-ae3e-b00d0ed75c04 793f3cc2c43948668590f0228b59b647 6a9a6d8e8a26421796f09806a972d1bb - - default default] Method 'is_advsvc' is deprecated since 2023.2 release (neutron-lib 3.8.0) and will be removed once support for the old RBAC API policies will be removed from Neutron. Please use method 'is_service_role' instead.
2026-07-15 00:15:09.789 9 WARNING neutron.scheduler.dhcp_agent_scheduler [None req-9463e98d-2c49-4e9a-814d-a41039b0aad5 cf11d30b59ba49899071e9c562350fa9 c36199a27b1945d88c54cee2631c5154 - - default default] No more DHCP agents
2026-07-15 00:15:09.790 9 WARNING neutron.api.rpc.agentnotifiers.dhcp_rpc_agent_api [None req-9463e98d-2c49-4e9a-814d-a41039b0aad5 cf11d30b59ba49899071e9c562350fa9 c36199a27b1945d88c54cee2631c5154 - - default default] Unable to schedule network 11c62d4d-75c2-42dc-a014-8b9c456f30a2: no agents available; will retry on subsequent port and subnet creation events.
2026-07-15 00:15:09.878 10 WARNING neutron.scheduler.dhcp_agent_scheduler [None req-9dea91fa-4d00-4542-ae3e-b00d0ed75c04 793f3cc2c43948668590f0228b59b647 6a9a6d8e8a26421796f09806a972d1bb - - default default] No more DHCP agents
2026-07-15 00:15:09.879 10 WARNING neutron.api.rpc.agentnotifiers.dhcp_rpc_agent_api [None req-9dea91fa-4d00-4542-ae3e-b00d0ed75c04 793f3cc2c43948668590f0228b59b647 6a9a6d8e8a26421796f09806a972d1bb - - default default] Unable to schedule network 6ac1ecb7-15b0-4b72-aa21-a3908c2fd6d2: no agents available; will retry on subsequent port and subnet creation events.
2026-07-15 00:15:09.932 10 INFO neutron.db.ovn_revision_numbers_db [None req-9dea91fa-4d00-4542-ae3e-b00d0ed75c04 793f3cc2c43948668590f0228b59b647 6a9a6d8e8a26421796f09806a972d1bb - - default default] Successfully bumped revision number for resource 9353a7d5-7264-4044-ba07-8e0358722671 (type: ports) to 1
2026-07-15 00:15:09.956 10 INFO neutron.api.wsgi [None req-9dea91fa-4d00-4542-ae3e-b00d0ed75c04 793f3cc2c43948668590f0228b59b647 6a9a6d8e8a26421796f09806a972d1bb - - default default] 10.0.0.197 "POST /v2.0/ports HTTP/1.1" status: 201 len: 942 time: 0.2456286 /var/lib/openstack/lib/python3.12/site-packages/pycadf/identifier.py:71: UserWarning: Invalid uuid: neutron. To ensure interoperability, identifiers should be a valid uuid. warnings.warn(('Invalid uuid: %s. To ensure interoperability, '
2026-07-15 00:15:09.993 10 INFO neutron.api.wsgi [None req-f535b212-4b5b-4548-a63c-ab9d2f3c7ce0 793f3cc2c43948668590f0228b59b647 6a9a6d8e8a26421796f09806a972d1bb - - default default] 10.0.0.197 "PUT /v2.0/ports/d41e8e48-afd2-43b8-93e8-4ff36cb7e7f3/tags HTTP/1.1" status: 200 len: 210 time: 0.0308824
2026-07-15 00:15:10.062 9 INFO neutron.db.ovn_revision_numbers_db [None req-82f79cdb-6171-4454-b603-1d05716f2915 9787459586334360a411254748747b9d a3390160662441a6936ffdb54a087ea4 - - default default] Successfully bumped revision number for resource 1c1c4a42-7a65-4be1-b4b6-d6bd96f8d474 (type: floatingips) to 2
2026-07-15 00:15:10.084 10 INFO neutron.api.wsgi [None req-07a9fa2f-7baa-4a0b-9e93-21d4d0c9a4ce 793f3cc2c43948668590f0228b59b647 6a9a6d8e8a26421796f09806a972d1bb - - default default] 10.0.0.197 "PUT /v2.0/ports/d4c037ee-40bd-44fd-b991-c945f19a41b8/tags HTTP/1.1" status: 200 len: 218 time: 0.0877335 /var/lib/openstack/lib/python3.12/site-packages/pycadf/identifier.py:71: UserWarning: Invalid uuid: neutron. To ensure interoperability, identifiers should be a valid uuid. warnings.warn(('Invalid uuid: %s. To ensure interoperability, '
2026-07-15 00:15:10.126 10 INFO neutron.api.wsgi [None req-90760f9f-e207-4e7a-90fb-381d755fdaa7 793f3cc2c43948668590f0228b59b647 6a9a6d8e8a26421796f09806a972d1bb - - default default] 10.0.0.197 "PUT /v2.0/ports/63b6558f-d0d2-4d04-9073-456913c4bf62/tags HTTP/1.1" status: 200 len: 227 time: 0.0385985
2026-07-15 00:15:10.162 10 INFO neutron.api.wsgi [None req-638af0fa-d612-499e-a67d-ba6ad6052caa 793f3cc2c43948668590f0228b59b647 6a9a6d8e8a26421796f09806a972d1bb - - default default] 10.0.0.197 "PUT /v2.0/ports/278cffa7-116a-4e28-beec-720832796e09/tags HTTP/1.1" status: 200 len: 212 time: 0.0309153
2026-07-15 00:15:10.179 9 INFO neutron.db.ovn_revision_numbers_db [None req-82f79cdb-6171-4454-b603-1d05716f2915 9787459586334360a411254748747b9d a3390160662441a6936ffdb54a087ea4 - - default default] Successfully bumped revision number for resource 1c1c4a42-7a65-4be1-b4b6-d6bd96f8d474 (type: floatingips) to 2
2026-07-15 00:15:10.179 9 INFO neutron.db.l3_db [None req-82f79cdb-6171-4454-b603-1d05716f2915 9787459586334360a411254748747b9d a3390160662441a6936ffdb54a087ea4 - - default default] Floating IP 1c1c4a42-7a65-4be1-b4b6-d6bd96f8d474 associated. External IP: 10.96.250.217, port: 5893773c-87fd-4d6d-886c-b1684cad8da7.
2026-07-15 00:15:10.231 9 INFO neutron.api.wsgi [None req-82f79cdb-6171-4454-b603-1d05716f2915 9787459586334360a411254748747b9d a3390160662441a6936ffdb54a087ea4 - - default default] 10.0.0.197 "PUT /v2.0/floatingips/1c1c4a42-7a65-4be1-b4b6-d6bd96f8d474 HTTP/1.1" status: 200 len: 1039 time: 0.8362045
2026-07-15 00:15:10.300 10 INFO neutron.api.wsgi [None req-baf8013b-f99e-4107-b529-b78794ab1ff5 793f3cc2c43948668590f0228b59b647 6a9a6d8e8a26421796f09806a972d1bb - - default default] 10.0.0.197 "GET /v2.0/ports?tags=red HTTP/1.1" status: 200 len: 2448 time: 0.1330335
2026-07-15 00:15:10.367 10 INFO neutron.api.wsgi [None req-98aac7ea-8632-4c44-9f17-266f173a0888 793f3cc2c43948668590f0228b59b647 6a9a6d8e8a26421796f09806a972d1bb - - default default] 10.0.0.197 "GET /v2.0/ports?tags=red%2Cblue HTTP/1.1" status: 200 len: 1708 time: 0.0567713
2026-07-15 00:15:10.404 9 INFO neutron.db.ovn_revision_numbers_db [None req-9e0ea63c-eaa5-48a7-90b4-718f1c539585 9787459586334360a411254748747b9d a3390160662441a6936ffdb54a087ea4 - - default default] Successfully bumped revision number for resource 1c1c4a42-7a65-4be1-b4b6-d6bd96f8d474 (type: floatingips) to 3
2026-07-15 00:15:10.461 9 INFO neutron.db.l3_db [None req-9e0ea63c-eaa5-48a7-90b4-718f1c539585 9787459586334360a411254748747b9d a3390160662441a6936ffdb54a087ea4 - - default default] Floating IP 1c1c4a42-7a65-4be1-b4b6-d6bd96f8d474 disassociated. External IP: 10.96.250.217, port: c49ac2bb-1fba-4659-857c-39bc3268b104.
2026-07-15 00:15:10.504 9 INFO neutron.api.wsgi [None req-9e0ea63c-eaa5-48a7-90b4-718f1c539585 9787459586334360a411254748747b9d a3390160662441a6936ffdb54a087ea4 - - default default] 10.0.0.197 "PUT /v2.0/floatingips/1c1c4a42-7a65-4be1-b4b6-d6bd96f8d474 HTTP/1.1" status: 200 len: 748 time: 0.2692134 /var/lib/openstack/lib/python3.12/site-packages/pycadf/identifier.py:71: UserWarning: Invalid uuid: neutron. To ensure interoperability, identifiers should be a valid uuid. warnings.warn(('Invalid uuid: %s. To ensure interoperability, '
2026-07-15 00:15:10.523 9 INFO neutron.api.wsgi [None req-72787582-fb1e-4d62-9f24-279b18345ecc 793f3cc2c43948668590f0228b59b647 6a9a6d8e8a26421796f09806a972d1bb - - default default] 10.0.0.197 "GET /v2.0/ports?tags-any=blue HTTP/1.1" status: 200 len: 1708 time: 0.1491258
2026-07-15 00:15:10.598 9 INFO neutron.api.wsgi [None req-2ecc517b-4be3-4818-8b95-e2bcf59e48b6 793f3cc2c43948668590f0228b59b647 6a9a6d8e8a26421796f09806a972d1bb - - default default] 10.0.0.197 "GET /v2.0/ports?tags-any=red%2Cblue HTTP/1.1" status: 200 len: 2448 time: 0.0689685
2026-07-15 00:15:10.711 9 INFO neutron.db.ovn_revision_numbers_db [None req-9463e98d-2c49-4e9a-814d-a41039b0aad5 cf11d30b59ba49899071e9c562350fa9 c36199a27b1945d88c54cee2631c5154 - - default default] Successfully bumped revision number for resource 7f20f8b0-f0b4-4d69-a0c9-477b6b71fab3 (type: floatingips) to -1
2026-07-15 00:15:10.795 9 INFO neutron.api.wsgi [None req-a5f82d98-763b-4e34-9c0b-80a60fdafe45 793f3cc2c43948668590f0228b59b647 6a9a6d8e8a26421796f09806a972d1bb - - default default] 10.0.0.197 "GET /v2.0/ports?not-tags=red HTTP/1.1" status: 200 len: 5463 time: 0.1893079
2026-07-15 00:15:10.845 10 INFO neutron.api.wsgi [None req-bc2198b5-8fa6-4226-ae8c-4c9a3d4c2333 9787459586334360a411254748747b9d a3390160662441a6936ffdb54a087ea4 - - default default] 10.0.0.197 "DELETE /v2.0/floatingips/1c1c4a42-7a65-4be1-b4b6-d6bd96f8d474 HTTP/1.1" status: 204 len: 168 time: 0.3357017 /var/lib/openstack/lib/python3.12/site-packages/pycadf/identifier.py:71: UserWarning: Invalid uuid: neutron. To ensure interoperability, identifiers should be a valid uuid. warnings.warn(('Invalid uuid: %s. To ensure interoperability, '
2026-07-15 00:15:10.873 10 INFO neutron.api.v2.resource [None req-259f2af3-8350-4440-baba-84b3998342bb 9787459586334360a411254748747b9d a3390160662441a6936ffdb54a087ea4 - - default default] delete failed (client error): The resource could not be found.
2026-07-15 00:15:10.875 10 INFO neutron.api.wsgi [None req-259f2af3-8350-4440-baba-84b3998342bb 9787459586334360a411254748747b9d a3390160662441a6936ffdb54a087ea4 - - default default] 10.0.0.197 "DELETE /v2.0/floatingips/1c1c4a42-7a65-4be1-b4b6-d6bd96f8d474 HTTP/1.1" status: 404 len: 345 time: 0.0253723
2026-07-15 00:15:11.145 9 INFO neutron.api.wsgi [None req-0cee6bdd-916d-4b1e-81fe-a0dd3e23fcbc 793f3cc2c43948668590f0228b59b647 6a9a6d8e8a26421796f09806a972d1bb - - default default] 10.0.0.197 "GET /v2.0/ports?not-tags=red%2Cblue HTTP/1.1" status: 200 len: 6203 time: 0.3449252
2026-07-15 00:15:11.173 9 INFO neutron.db.ovn_revision_numbers_db [None req-9463e98d-2c49-4e9a-814d-a41039b0aad5 cf11d30b59ba49899071e9c562350fa9 c36199a27b1945d88c54cee2631c5154 - - default default] Successfully bumped revision number for resource 7f20f8b0-f0b4-4d69-a0c9-477b6b71fab3 (type: floatingips) to 1
2026-07-15 00:15:11.174 9 INFO neutron.db.l3_db [None req-9463e98d-2c49-4e9a-814d-a41039b0aad5 cf11d30b59ba49899071e9c562350fa9 c36199a27b1945d88c54cee2631c5154 - - default default] Floating IP 7f20f8b0-f0b4-4d69-a0c9-477b6b71fab3 associated. External IP: 10.96.250.208, port: 68e0fe09-a06e-47ca-a375-47f2ab19cb5c.
2026-07-15 00:15:11.230 9 INFO neutron.api.wsgi [None req-9463e98d-2c49-4e9a-814d-a41039b0aad5 cf11d30b59ba49899071e9c562350fa9 c36199a27b1945d88c54cee2631c5154 - - default default] 10.0.0.197 "POST /v2.0/floatingips HTTP/1.1" status: 201 len: 1054 time: 1.7389300
2026-07-15 00:15:11.268 9 INFO neutron.notifiers.nova [-] Nova event matching ['req-66fbce75-1f0a-40d1-8fb2-9415f135154a'] response: {'name': 'network-changed', 'server_uuid': '58a21cdc-7c28-4c0a-b794-54da1ab125ed', 'tag': '68e0fe09-a06e-47ca-a375-47f2ab19cb5c', 'status': 'completed', 'code': 200}
2026-07-15 00:15:11.303 10 INFO neutron.api.wsgi [None req-622da2b4-7712-4c0a-b0da-7353d0546fee cf11d30b59ba49899071e9c562350fa9 c36199a27b1945d88c54cee2631c5154 - - default default] 10.0.0.197 "GET /v2.0/floatingips/7f20f8b0-f0b4-4d69-a0c9-477b6b71fab3 HTTP/1.1" status: 200 len: 1051 time: 0.0680728
2026-07-15 00:15:11.346 10 INFO neutron.api.wsgi [None req-2668f30b-604a-47c6-827f-ce4b01c4e5e7 793f3cc2c43948668590f0228b59b647 6a9a6d8e8a26421796f09806a972d1bb - - default default] 10.0.0.197 "GET /v2.0/ports?not-tags-any=blue HTTP/1.1" status: 200 len: 6203 time: 0.1955318
2026-07-15 00:15:11.354 10 INFO neutron.api.wsgi [None req-54c73ef9-2edb-4385-974e-b489fdb34c70 9787459586334360a411254748747b9d a3390160662441a6936ffdb54a087ea4 - - default default] 10.0.0.197 "DELETE /v2.0/ports/c49ac2bb-1fba-4659-857c-39bc3268b104 HTTP/1.1" status: 204 len: 168 time: 0.4735067
2026-07-15 00:15:11.415 10 INFO neutron.api.wsgi [None req-d5c3339c-29bb-4ce7-b833-5ef82542b750 793f3cc2c43948668590f0228b59b647 6a9a6d8e8a26421796f09806a972d1bb - - default default] 10.0.0.197 "GET /v2.0/ports?not-tags-any=red%2Cblue HTTP/1.1" status: 200 len: 5463 time: 0.0483434
2026-07-15 00:15:11.635 9 INFO neutron.api.wsgi [None req-80caebb2-45dc-483a-b467-5dbb0297809f 793f3cc2c43948668590f0228b59b647 6a9a6d8e8a26421796f09806a972d1bb - - default default] 10.0.0.197 "DELETE /v2.0/ports/d41e8e48-afd2-43b8-93e8-4ff36cb7e7f3 HTTP/1.1" status: 204 len: 168 time: 0.2126982
2026-07-15 00:15:11.637 10 INFO neutron.api.wsgi [None req-13a892e3-7a58-42a7-ac81-0528ce70d754 9787459586334360a411254748747b9d a3390160662441a6936ffdb54a087ea4 - - default default] 10.0.0.197 "DELETE /v2.0/ports/5893773c-87fd-4d6d-886c-b1684cad8da7 HTTP/1.1" status: 204 len: 168 time: 0.2786767
2026-07-15 00:15:11.671 10 INFO neutron.api.wsgi [None req-aaf47131-366a-40b4-87d7-d256a9f3adb6 9787459586334360a411254748747b9d a3390160662441a6936ffdb54a087ea4 - - default default] 10.0.0.197 "GET /v2.0/ports?device_id=1e6f49da-1305-4020-87bd-897b26c36742 HTTP/1.1" status: 200 len: 1140 time: 0.0289660
2026-07-15 00:15:11.816 10 INFO neutron.api.wsgi [req-ad7039c0-8cdd-4272-87d9-06ac6cfaaa64 req-8c867096-ed69-40c8-94f7-e8b9f7979aef d5ae2cf065ab44848f923adf2beddf32 4a149269de794c39877fe605b8c6d58d - - f0d5bd53a426406e954dc45cfa6f09c6 f0d5bd53a426406e954dc45cfa6f09c6] 199.19.213.73 "GET /v2.0/ports?tenant_id=c36199a27b1945d88c54cee2631c5154&device_id=58a21cdc-7c28-4c0a-b794-54da1ab125ed HTTP/1.1" status: 200 len: 1409 time: 0.0403664
2026-07-15 00:15:11.862 9 INFO neutron.api.wsgi [None req-2d8996ae-7069-4b4e-be3e-9469105cb9ac 793f3cc2c43948668590f0228b59b647 6a9a6d8e8a26421796f09806a972d1bb - - default default] 10.0.0.197 "DELETE /v2.0/ports/d4c037ee-40bd-44fd-b991-c945f19a41b8 HTTP/1.1" status: 204 len: 168 time: 0.2228777
2026-07-15 00:15:11.881 10 INFO neutron.api.wsgi [req-ad7039c0-8cdd-4272-87d9-06ac6cfaaa64 req-07aae8b1-24e1-4999-aa56-612a02f4f139 d5ae2cf065ab44848f923adf2beddf32 4a149269de794c39877fe605b8c6d58d - - f0d5bd53a426406e954dc45cfa6f09c6 f0d5bd53a426406e954dc45cfa6f09c6] 199.19.213.73 "GET /v2.0/networks?id=5cf2398c-6b82-4d5a-a63a-affdd4527556 HTTP/1.1" status: 200 len: 958 time: 0.0592976
2026-07-15 00:15:12.042 9 INFO neutron.api.wsgi [None req-dadd0857-9ee1-4dae-a92a-d53688b0f49e 793f3cc2c43948668590f0228b59b647 6a9a6d8e8a26421796f09806a972d1bb - - default default] 10.0.0.197 "DELETE /v2.0/ports/63b6558f-d0d2-4d04-9073-456913c4bf62 HTTP/1.1" status: 204 len: 168 time: 0.1761820
2026-07-15 00:15:12.138 10 INFO neutron.api.wsgi [req-ad7039c0-8cdd-4272-87d9-06ac6cfaaa64 req-5bf1b7f2-7048-4a49-8caa-3cd4e1b478e7 d5ae2cf065ab44848f923adf2beddf32 4a149269de794c39877fe605b8c6d58d - - f0d5bd53a426406e954dc45cfa6f09c6 f0d5bd53a426406e954dc45cfa6f09c6] 199.19.213.73 "GET /v2.0/floatingips?fixed_ip_address=10.100.0.7&port_id=68e0fe09-a06e-47ca-a375-47f2ab19cb5c HTTP/1.1" status: 200 len: 1059 time: 0.2496150
2026-07-15 00:15:12.172 10 INFO neutron.api.wsgi [req-ad7039c0-8cdd-4272-87d9-06ac6cfaaa64 req-1924c9a5-175a-42ba-8ca2-abd82dd826c0 d5ae2cf065ab44848f923adf2beddf32 4a149269de794c39877fe605b8c6d58d - - f0d5bd53a426406e954dc45cfa6f09c6 f0d5bd53a426406e954dc45cfa6f09c6] 199.19.213.73 "GET /v2.0/subnets?id=42d870ba-103c-4a3a-904c-1d11977b012f HTTP/1.1" status: 200 len: 877 time: 0.0283530
2026-07-15 00:15:12.191 10 INFO neutron.api.wsgi [req-ad7039c0-8cdd-4272-87d9-06ac6cfaaa64 req-6a5a42cb-247a-4c44-b41e-6156ebba17da d5ae2cf065ab44848f923adf2beddf32 4a149269de794c39877fe605b8c6d58d - - f0d5bd53a426406e954dc45cfa6f09c6 f0d5bd53a426406e954dc45cfa6f09c6] 199.19.213.73 "GET /v2.0/ports?network_id=5cf2398c-6b82-4d5a-a63a-affdd4527556&device_owner=network%3Adhcp HTTP/1.1" status: 200 len: 210 time: 0.0140133
2026-07-15 00:15:12.238 9 INFO neutron.api.wsgi [None req-127a7fd4-163e-4078-bc90-b2adbcf421c6 793f3cc2c43948668590f0228b59b647 6a9a6d8e8a26421796f09806a972d1bb - - default default] 10.0.0.197 "DELETE /v2.0/ports/278cffa7-116a-4e28-beec-720832796e09 HTTP/1.1" status: 204 len: 168 time: 0.1922596
2026-07-15 00:15:12.248 10 INFO neutron.api.wsgi [req-ad7039c0-8cdd-4272-87d9-06ac6cfaaa64 req-5d88e45d-52cb-4d68-beb9-bde9d3d884fb d5ae2cf065ab44848f923adf2beddf32 4a149269de794c39877fe605b8c6d58d - - f0d5bd53a426406e954dc45cfa6f09c6 f0d5bd53a426406e954dc45cfa6f09c6] 199.19.213.73 "GET /v2.0/networks/5cf2398c-6b82-4d5a-a63a-affdd4527556?fields=segments HTTP/1.1" status: 200 len: 212 time: 0.0506084
2026-07-15 00:15:12.295 10 INFO neutron.api.wsgi [req-ad7039c0-8cdd-4272-87d9-06ac6cfaaa64 req-cfe078d0-4b2d-4a67-b97b-3339add5f4f6 d5ae2cf065ab44848f923adf2beddf32 4a149269de794c39877fe605b8c6d58d - - f0d5bd53a426406e954dc45cfa6f09c6 f0d5bd53a426406e954dc45cfa6f09c6] 199.19.213.73 "GET /v2.0/networks/5cf2398c-6b82-4d5a-a63a-affdd4527556?fields=provider%3Aphysical_network&fields=provider%3Anetwork_type HTTP/1.1" status: 200 len: 277 time: 0.0365543
2026-07-15 00:15:12.427 9 INFO neutron.api.wsgi [None req-0b882c1e-b3c7-4476-9941-3edad5b663e9 793f3cc2c43948668590f0228b59b647 6a9a6d8e8a26421796f09806a972d1bb - - default default] 10.0.0.197 "DELETE /v2.0/ports/9353a7d5-7264-4044-ba07-8e0358722671 HTTP/1.1" status: 204 len: 168 time: 0.1834619
2026-07-15 00:15:12.669 9 INFO neutron.services.segments.plugin [-] Segment 1accfca2-d3f1-4047-9b84-f584b870e7ea resource provider aggregate not found
2026-07-15 00:15:12.672 9 INFO neutron.services.segments.plugin [-] Segment 1accfca2-d3f1-4047-9b84-f584b870e7ea resource provider aggregate not found
2026-07-15 00:15:12.673 10 INFO neutron.api.wsgi [None req-8a197262-fa8c-434e-9bdb-d5f400ab75db 9787459586334360a411254748747b9d a3390160662441a6936ffdb54a087ea4 - - default default] 10.0.0.197 "PUT /v2.0/routers/1e6f49da-1305-4020-87bd-897b26c36742/remove_router_interface HTTP/1.1" status: 200 len: 503 time: 0.9967470
2026-07-15 00:15:12.682 9 INFO neutron.services.segments.plugin [-] Segment 1accfca2-d3f1-4047-9b84-f584b870e7ea resource provider not found; error: Placement Client Error (4xx): {"errors": [{"status": 404, "title": "Not Found", "detail": "The resource could not be found.\n\n No resource provider with uuid 1accfca2-d3f1-4047-9b84-f584b870e7ea found for delete ", "request_id": "req-e66ab476-ef34-4356-ac1a-d2ddd1e575d9"}]}
2026-07-15 00:15:12.683 9 INFO neutron.services.segments.plugin [-] Segment 1accfca2-d3f1-4047-9b84-f584b870e7ea resource provider not found; error: Placement Client Error (4xx): {"errors": [{"status": 404, "title": "Not Found", "detail": "The resource could not be found.\n\n No resource provider with uuid 1accfca2-d3f1-4047-9b84-f584b870e7ea found for delete ", "request_id": "req-0277c0cd-338a-4cde-b685-27510f82ba7f"}]} /var/lib/openstack/lib/python3.12/site-packages/pycadf/identifier.py:71: UserWarning: Invalid uuid: neutron. To ensure interoperability, identifiers should be a valid uuid. warnings.warn(('Invalid uuid: %s. To ensure interoperability, '
2026-07-15 00:15:12.693 9 INFO neutron.api.wsgi [None req-17906a03-5e07-4067-a366-9f3025e7cc24 793f3cc2c43948668590f0228b59b647 6a9a6d8e8a26421796f09806a972d1bb - - default default] 10.0.0.197 "DELETE /v2.0/networks/a102005e-336d-430f-acaa-0bffccc5a8cd HTTP/1.1" status: 204 len: 168 time: 0.2608557
2026-07-15 00:15:12.697 9 INFO neutron.api.wsgi [-] 10.0.0.116 "GET / HTTP/1.1" status: 200 len: 247 time: 0.0011129
2026-07-15 00:15:12.698 9 INFO neutron.api.wsgi [-] 10.0.0.116 "GET / HTTP/1.1" status: 200 len: 247 time: 0.0008836
2026-07-15 00:15:13.046 10 INFO neutron.services.segments.plugin [-] Segment 7d731d0b-9a18-4999-92a2-c11e3fade64a resource provider aggregate not found
2026-07-15 00:15:13.049 10 INFO neutron.services.segments.plugin [-] Segment 7d731d0b-9a18-4999-92a2-c11e3fade64a resource provider aggregate not found
2026-07-15 00:15:13.062 10 INFO neutron.services.segments.plugin [-] Segment 7d731d0b-9a18-4999-92a2-c11e3fade64a resource provider not found; error: Placement Client Error (4xx): {"errors": [{"status": 404, "title": "Not Found", "detail": "The resource could not be found.\n\n No resource provider with uuid 7d731d0b-9a18-4999-92a2-c11e3fade64a found for delete ", "request_id": "req-1110204b-f340-4692-ab66-bc4d38b70c73"}]}
2026-07-15 00:15:13.064 10 INFO neutron.services.segments.plugin [-] Segment 7d731d0b-9a18-4999-92a2-c11e3fade64a resource provider not found; error: Placement Client Error (4xx): {"errors": [{"status": 404, "title": "Not Found", "detail": "The resource could not be found.\n\n No resource provider with uuid 7d731d0b-9a18-4999-92a2-c11e3fade64a found for delete ", "request_id": "req-89b4a91c-63f5-408c-b293-f156d9c4a69a"}]}
2026-07-15 00:15:13.087 10 INFO neutron.api.wsgi [None req-61cce245-6c3e-4532-876d-5e53d8aa49f8 793f3cc2c43948668590f0228b59b647 6a9a6d8e8a26421796f09806a972d1bb - - default default] 10.0.0.197 "DELETE /v2.0/networks/27493b1a-a97e-4ae4-9156-298bfcb0067c HTTP/1.1" status: 204 len: 168 time: 0.3881524
2026-07-15 00:15:13.358 10 INFO neutron.api.wsgi [None req-4a08c209-c89f-45e7-8f52-80c484d0c4be 9787459586334360a411254748747b9d a3390160662441a6936ffdb54a087ea4 - - default default] 10.0.0.197 "DELETE /v2.0/routers/1e6f49da-1305-4020-87bd-897b26c36742 HTTP/1.1" status: 204 len: 168 time: 0.6788580
2026-07-15 00:15:13.370 9 INFO neutron.api.wsgi [None req-0fd250e3-1253-436d-8d2b-9ebde073cb9c 793f3cc2c43948668590f0228b59b647 6a9a6d8e8a26421796f09806a972d1bb - - default default] 10.0.0.197 "DELETE /v2.0/networks/fc8e66a2-1bbd-4c8d-a30b-6bda6a8ea4d0 HTTP/1.1" status: 204 len: 168 time: 0.2774508
2026-07-15 00:15:13.472 10 INFO neutron.api.wsgi [None req-9bdf393e-9326-44a4-ad08-03a4236d624c 9787459586334360a411254748747b9d a3390160662441a6936ffdb54a087ea4 - - default default] 10.0.0.197 "DELETE /v2.0/subnets/9995bfe7-95aa-4fff-aa94-3d9b5a3eaa93 HTTP/1.1" status: 204 len: 168 time: 0.1108160
2026-07-15 00:15:13.628 9 INFO neutron.api.wsgi [None req-b3ec72e0-6cc3-4dab-b5a1-8c7e0b9cf56d 793f3cc2c43948668590f0228b59b647 6a9a6d8e8a26421796f09806a972d1bb - - default default] 10.0.0.197 "DELETE /v2.0/networks/9a919091-e714-45bd-a73d-2ec2cbc9dc0c HTTP/1.1" status: 204 len: 168 time: 0.2538829
2026-07-15 00:15:13.731 10 INFO neutron.api.wsgi [None req-7bed172d-db7d-413e-b5c9-2bbfbd48f406 9787459586334360a411254748747b9d a3390160662441a6936ffdb54a087ea4 - - default default] 10.0.0.197 "DELETE /v2.0/networks/6f2d313e-d7fa-4739-a4fa-9839dd2073b9 HTTP/1.1" status: 204 len: 168 time: 0.2538810
2026-07-15 00:15:13.789 9 WARNING neutron.plugins.ml2.drivers.ovn.mech_driver.ovsdb.ovn_client [None req-7911e254-82ec-400f-8fbf-3ffebfd1529c - - - - - -] No port found with ID f9362276-6703-46dd-a60a-aef529a88bc3: RuntimeError: No port found with ID f9362276-6703-46dd-a60a-aef529a88bc3
2026-07-15 00:15:13.954 9 INFO neutron.api.wsgi [None req-518bc78d-4c0a-4a64-b31c-1cca3ca5ba6e 793f3cc2c43948668590f0228b59b647 6a9a6d8e8a26421796f09806a972d1bb - - default default] 10.0.0.197 "DELETE /v2.0/networks/6ac1ecb7-15b0-4b72-aa21-a3908c2fd6d2 HTTP/1.1" status: 204 len: 168 time: 0.3204794
2026-07-15 00:15:14.402 10 INFO neutron.api.wsgi [None req-f91b9d74-da94-49f8-9c3e-1ed640b59b0b 06bbd1ce37784b188c8b912a4d9ab8b3 960b28e35ccd47e99505804431eb5e67 - - default default] 10.0.0.197 "GET /v2.0/security-groups?tenant_id=a3390160662441a6936ffdb54a087ea4&name=default HTTP/1.1" status: 200 len: 3120 time: 0.1680870
2026-07-15 00:15:14.599 10 INFO neutron.api.wsgi [None req-649d6fc8-fa0b-4f79-b989-7d78e9e09401 06bbd1ce37784b188c8b912a4d9ab8b3 960b28e35ccd47e99505804431eb5e67 - - default default] 10.0.0.197 "DELETE /v2.0/security-groups/c2bdad28-76ce-4a10-8805-4c299b6576eb HTTP/1.1" status: 204 len: 168 time: 0.1928871
2026-07-15 00:15:14.699 9 INFO neutron.services.segments.plugin [-] Segment bf5c76a2-c745-4f73-879f-fb1605e705dd resource provider aggregate not found
2026-07-15 00:15:14.703 9 INFO neutron.services.segments.plugin [-] Segment bf5c76a2-c745-4f73-879f-fb1605e705dd resource provider aggregate not found
2026-07-15 00:15:14.711 9 INFO neutron.services.segments.plugin [-] Segment bf5c76a2-c745-4f73-879f-fb1605e705dd resource provider not found; error: Placement Client Error (4xx): {"errors": [{"status": 404, "title": "Not Found", "detail": "The resource could not be found.\n\n No resource provider with uuid bf5c76a2-c745-4f73-879f-fb1605e705dd found for delete ", "request_id": "req-e14c2bd1-f0cc-4d67-8164-e5273288af37"}]}
2026-07-15 00:15:14.716 9 INFO neutron.services.segments.plugin [-] Segment bf5c76a2-c745-4f73-879f-fb1605e705dd resource provider not found; error: Placement Client Error (4xx): {"errors": [{"status": 404, "title": "Not Found", "detail": "The resource could not be found.\n\n No resource provider with uuid bf5c76a2-c745-4f73-879f-fb1605e705dd found for delete ", "request_id": "req-b3658734-2f4d-4c0a-811b-ac0a2d6e3780"}]}
2026-07-15 00:15:14.721 9 INFO neutron.services.segments.plugin [-] Segment 7ba2b968-4b5f-4489-8ef3-2b19bf893e03 resource provider aggregate not found
2026-07-15 00:15:14.727 9 INFO neutron.services.segments.plugin [-] Segment 7ba2b968-4b5f-4489-8ef3-2b19bf893e03 resource provider aggregate not found
2026-07-15 00:15:14.733 9 INFO neutron.services.segments.plugin [-] Segment 7ba2b968-4b5f-4489-8ef3-2b19bf893e03 resource provider not found; error: Placement Client Error (4xx): {"errors": [{"status": 404, "title": "Not Found", "detail": "The resource could not be found.\n\n No resource provider with uuid 7ba2b968-4b5f-4489-8ef3-2b19bf893e03 found for delete ", "request_id": "req-7b117c79-53b2-45fc-a01e-29c0d32af0c5"}]}
2026-07-15 00:15:14.739 9 INFO neutron.services.segments.plugin [-] Segment 7ba2b968-4b5f-4489-8ef3-2b19bf893e03 resource provider not found; error: Placement Client Error (4xx): {"errors": [{"status": 404, "title": "Not Found", "detail": "The resource could not be found.\n\n No resource provider with uuid 7ba2b968-4b5f-4489-8ef3-2b19bf893e03 found for delete ", "request_id": "req-e7e0a97f-c4ee-4158-b4db-9bfd52d62b22"}]}
2026-07-15 00:15:14.745 9 INFO neutron.services.segments.plugin [-] Segment 4b34f7e3-9235-4d2d-9370-bce6be1a9732 resource provider aggregate not found
2026-07-15 00:15:14.750 9 INFO neutron.services.segments.plugin [-] Segment 4b34f7e3-9235-4d2d-9370-bce6be1a9732 resource provider aggregate not found
2026-07-15 00:15:14.754 9 INFO neutron.services.segments.plugin [-] Segment 4b34f7e3-9235-4d2d-9370-bce6be1a9732 resource provider not found; error: Placement Client Error (4xx): {"errors": [{"status": 404, "title": "Not Found", "detail": "The resource could not be found.\n\n No resource provider with uuid 4b34f7e3-9235-4d2d-9370-bce6be1a9732 found for delete ", "request_id": "req-2563afb7-adf1-4e6d-b926-4693501f3da9"}]}
2026-07-15 00:15:14.762 9 INFO neutron.services.segments.plugin [-] Segment 4b34f7e3-9235-4d2d-9370-bce6be1a9732 resource provider not found; error: Placement Client Error (4xx): {"errors": [{"status": 404, "title": "Not Found", "detail": "The resource could not be found.\n\n No resource provider with uuid 4b34f7e3-9235-4d2d-9370-bce6be1a9732 found for delete ", "request_id": "req-500a5e71-938e-42b3-b41c-1663e82a1bf4"}]}
2026-07-15 00:15:14.874 10 INFO neutron.db.ovn_revision_numbers_db [None req-a3d09da4-1853-4c94-a8df-d49b7546e187 06bbd1ce37784b188c8b912a4d9ab8b3 960b28e35ccd47e99505804431eb5e67 - - default default] Successfully bumped revision number for resource a95911c4-f594-4443-9017-490ad309937d (type: security_groups) to 1
2026-07-15 00:15:14.888 10 INFO neutron.db.ovn_revision_numbers_db [None req-a3d09da4-1853-4c94-a8df-d49b7546e187 06bbd1ce37784b188c8b912a4d9ab8b3 960b28e35ccd47e99505804431eb5e67 - - default default] Successfully bumped revision number for resource 3c57c3f9-981e-4513-aea8-f3f991a5c6fe (type: security_group_rules) to 0
2026-07-15 00:15:14.902 10 INFO neutron.db.ovn_revision_numbers_db [None req-a3d09da4-1853-4c94-a8df-d49b7546e187 06bbd1ce37784b188c8b912a4d9ab8b3 960b28e35ccd47e99505804431eb5e67 - - default default] Successfully bumped revision number for resource 48e8c928-ccf8-42c0-9316-e39252dcf8f0 (type: security_group_rules) to 0
2026-07-15 00:15:14.916 10 INFO neutron.db.ovn_revision_numbers_db [None req-a3d09da4-1853-4c94-a8df-d49b7546e187 06bbd1ce37784b188c8b912a4d9ab8b3 960b28e35ccd47e99505804431eb5e67 - - default default] Successfully bumped revision number for resource 6065d804-b097-4f7e-8571-a2f8cd2f847e (type: security_group_rules) to 0
2026-07-15 00:15:14.930 10 INFO neutron.db.ovn_revision_numbers_db [None req-a3d09da4-1853-4c94-a8df-d49b7546e187 06bbd1ce37784b188c8b912a4d9ab8b3 960b28e35ccd47e99505804431eb5e67 - - default default] Successfully bumped revision number for resource 6742a469-1e7a-417f-9826-634522d01a8d (type: security_group_rules) to 0
2026-07-15 00:15:14.968 10 INFO neutron.api.wsgi [None req-a3d09da4-1853-4c94-a8df-d49b7546e187 06bbd1ce37784b188c8b912a4d9ab8b3 960b28e35ccd47e99505804431eb5e67 - - default default] 10.0.0.197 "GET /v2.0/security-groups?tenant_id=cb6cd96e51414adcb46b7d1bb76ae58e&name=default HTTP/1.1" status: 200 len: 3120 time: 0.2778091 /var/lib/openstack/lib/python3.12/site-packages/pycadf/identifier.py:71: UserWarning: Invalid uuid: neutron. To ensure interoperability, identifiers should be a valid uuid. warnings.warn(('Invalid uuid: %s. To ensure interoperability, '
2026-07-15 00:15:15.078 10 INFO neutron.services.segments.plugin [-] Segment 4a30ef54-0228-4a4c-9167-5af579c7e252 resource provider aggregate not found
2026-07-15 00:15:15.082 10 INFO neutron.services.segments.plugin [-] Segment 4a30ef54-0228-4a4c-9167-5af579c7e252 resource provider aggregate not found
2026-07-15 00:15:15.089 10 INFO neutron.services.segments.plugin [-] Segment 4a30ef54-0228-4a4c-9167-5af579c7e252 resource provider not found; error: Placement Client Error (4xx): {"errors": [{"status": 404, "title": "Not Found", "detail": "The resource could not be found.\n\n No resource provider with uuid 4a30ef54-0228-4a4c-9167-5af579c7e252 found for delete ", "request_id": "req-1e4103ff-7dda-4756-a9e9-d668133eb850"}]}
2026-07-15 00:15:15.093 10 INFO neutron.services.segments.plugin [-] Segment 4a30ef54-0228-4a4c-9167-5af579c7e252 resource provider not found; error: Placement Client Error (4xx): {"errors": [{"status": 404, "title": "Not Found", "detail": "The resource could not be found.\n\n No resource provider with uuid 4a30ef54-0228-4a4c-9167-5af579c7e252 found for delete ", "request_id": "req-38f3b5b6-026b-4831-b797-42984f69f51d"}]}
2026-07-15 00:15:15.176 9 INFO neutron.api.wsgi [None req-67d2ec51-9d03-45ea-8c76-2691f87b5362 06bbd1ce37784b188c8b912a4d9ab8b3 960b28e35ccd47e99505804431eb5e67 - - default default] 10.0.0.197 "DELETE /v2.0/security-groups/a95911c4-f594-4443-9017-490ad309937d HTTP/1.1" status: 204 len: 168 time: 0.1997385
2026-07-15 00:15:15.345 9 INFO neutron.db.ovn_revision_numbers_db [None req-47c5be39-656c-4092-9de7-5323e5a6032b 06bbd1ce37784b188c8b912a4d9ab8b3 960b28e35ccd47e99505804431eb5e67 - - default default] Successfully bumped revision number for resource dda9fe06-2bed-4fd2-816d-2c40498798c2 (type: security_groups) to 1
2026-07-15 00:15:15.355 9 INFO neutron.db.ovn_revision_numbers_db [None req-47c5be39-656c-4092-9de7-5323e5a6032b 06bbd1ce37784b188c8b912a4d9ab8b3 960b28e35ccd47e99505804431eb5e67 - - default default] Successfully bumped revision number for resource 4de3c52f-beb1-4945-bd99-ac4cc86d3941 (type: security_group_rules) to 0
2026-07-15 00:15:15.367 9 INFO neutron.db.ovn_revision_numbers_db [None req-47c5be39-656c-4092-9de7-5323e5a6032b 06bbd1ce37784b188c8b912a4d9ab8b3 960b28e35ccd47e99505804431eb5e67 - - default default] Successfully bumped revision number for resource 7280b6bd-1d61-4265-a2d3-8b72d621e12c (type: security_group_rules) to 0
2026-07-15 00:15:15.379 9 INFO neutron.db.ovn_revision_numbers_db [None req-47c5be39-656c-4092-9de7-5323e5a6032b 06bbd1ce37784b188c8b912a4d9ab8b3 960b28e35ccd47e99505804431eb5e67 - - default default] Successfully bumped revision number for resource 900d05ee-6199-48ed-91dd-3928a8528c72 (type: security_group_rules) to 0
2026-07-15 00:15:15.390 9 INFO neutron.db.ovn_revision_numbers_db [None req-47c5be39-656c-4092-9de7-5323e5a6032b 06bbd1ce37784b188c8b912a4d9ab8b3 960b28e35ccd47e99505804431eb5e67 - - default default] Successfully bumped revision number for resource fa653359-4c95-46f2-ac8d-f7b6daeaeb51 (type: security_group_rules) to 0
2026-07-15 00:15:15.422 9 INFO neutron.api.wsgi [None req-47c5be39-656c-4092-9de7-5323e5a6032b 06bbd1ce37784b188c8b912a4d9ab8b3 960b28e35ccd47e99505804431eb5e67 - - default default] 10.0.0.197 "GET /v2.0/security-groups?tenant_id=a56475616ae1403bb95592fcecee300e&name=default HTTP/1.1" status: 200 len: 3120 time: 0.1757421
2026-07-15 00:15:15.618 9 INFO neutron.api.wsgi [None req-cb820d53-5851-44ef-a0d7-be75ef15efa6 06bbd1ce37784b188c8b912a4d9ab8b3 960b28e35ccd47e99505804431eb5e67 - - default default] 10.0.0.197 "DELETE /v2.0/security-groups/dda9fe06-2bed-4fd2-816d-2c40498798c2 HTTP/1.1" status: 204 len: 168 time: 0.1918545
2026-07-15 00:15:15.783 10 INFO neutron.api.wsgi [None req-9b5d351d-f429-4ebe-8d23-ceee214f6473 06bbd1ce37784b188c8b912a4d9ab8b3 960b28e35ccd47e99505804431eb5e67 - - default default] 10.0.0.197 "GET /v2.0/security-groups?tenant_id=6a9a6d8e8a26421796f09806a972d1bb&name=default HTTP/1.1" status: 200 len: 3120 time: 0.0416696
2026-07-15 00:15:16.072 10 INFO neutron.api.wsgi [None req-5dacabf5-82b9-4644-9ee1-c6b3c408de05 06bbd1ce37784b188c8b912a4d9ab8b3 960b28e35ccd47e99505804431eb5e67 - - default default] 10.0.0.197 "DELETE /v2.0/security-groups/f151d175-6267-4bd0-92ce-14a3212073fa HTTP/1.1" status: 204 len: 168 time: 0.2848306
2026-07-15 00:15:16.843 10 WARNING neutron_lib.context [None req-cf0867a9-7f3e-414c-8c81-c9b933a80715 f178fad556844a63b972de02f8d18a3c fc937f6b08f945cfbbd0d78f23aee742 - - default default] Method 'is_advsvc' is deprecated since 2023.2 release (neutron-lib 3.8.0) and will be removed once support for the old RBAC API policies will be removed from Neutron. Please use method 'is_service_role' instead.
2026-07-15 00:15:16.843 10 WARNING neutron_lib.context [None req-cf0867a9-7f3e-414c-8c81-c9b933a80715 f178fad556844a63b972de02f8d18a3c fc937f6b08f945cfbbd0d78f23aee742 - - default default] Method 'is_advsvc' is deprecated since 2023.2 release (neutron-lib 3.8.0) and will be removed once support for the old RBAC API policies will be removed from Neutron. Please use method 'is_service_role' instead.
2026-07-15 00:15:16.981 10 INFO neutron.db.ovn_revision_numbers_db [None req-cf0867a9-7f3e-414c-8c81-c9b933a80715 f178fad556844a63b972de02f8d18a3c fc937f6b08f945cfbbd0d78f23aee742 - - default default] Successfully bumped revision number for resource dc1a0f34-18ab-44f9-a525-549abff99105 (type: security_groups) to 1
2026-07-15 00:15:16.996 10 INFO neutron.db.ovn_revision_numbers_db [None req-cf0867a9-7f3e-414c-8c81-c9b933a80715 f178fad556844a63b972de02f8d18a3c fc937f6b08f945cfbbd0d78f23aee742 - - default default] Successfully bumped revision number for resource 312f3633-d081-4ee8-b411-977dbcbc07cf (type: security_group_rules) to 0
2026-07-15 00:15:17.007 10 INFO neutron.db.ovn_revision_numbers_db [None req-cf0867a9-7f3e-414c-8c81-c9b933a80715 f178fad556844a63b972de02f8d18a3c fc937f6b08f945cfbbd0d78f23aee742 - - default default] Successfully bumped revision number for resource 92e32145-e191-4d36-8bb9-e555ee794545 (type: security_group_rules) to 0
2026-07-15 00:15:17.018 10 INFO neutron.db.ovn_revision_numbers_db [None req-cf0867a9-7f3e-414c-8c81-c9b933a80715 f178fad556844a63b972de02f8d18a3c fc937f6b08f945cfbbd0d78f23aee742 - - default default] Successfully bumped revision number for resource 9e425d03-16d2-4979-9e29-9e64e2fdbeb8 (type: security_group_rules) to 0
2026-07-15 00:15:17.030 10 INFO neutron.db.ovn_revision_numbers_db [None req-cf0867a9-7f3e-414c-8c81-c9b933a80715 f178fad556844a63b972de02f8d18a3c fc937f6b08f945cfbbd0d78f23aee742 - - default default] Successfully bumped revision number for resource c42ecc41-c611-46c8-9ea2-c103aff35dfd (type: security_group_rules) to 0
2026-07-15 00:15:17.119 10 INFO neutron.db.segments_db [None req-cf0867a9-7f3e-414c-8c81-c9b933a80715 f178fad556844a63b972de02f8d18a3c fc937f6b08f945cfbbd0d78f23aee742 - - default default] Added segment e36f12a2-76e6-4f27-9f9a-9c681fe206be of type geneve for network 032f4bbd-9e4e-4aaf-92b2-262c000a9c93
2026-07-15 00:15:17.204 10 INFO neutron.db.segments_db [None req-cf0867a9-7f3e-414c-8c81-c9b933a80715 f178fad556844a63b972de02f8d18a3c fc937f6b08f945cfbbd0d78f23aee742 - - default default] Added segment 1bf02f70-4d05-481f-a12d-5fdafe8afb9a of type geneve for network f29195ff-4de5-4336-871e-7d454575d595
2026-07-15 00:15:17.310 10 INFO neutron.db.ovn_revision_numbers_db [None req-cf0867a9-7f3e-414c-8c81-c9b933a80715 f178fad556844a63b972de02f8d18a3c fc937f6b08f945cfbbd0d78f23aee742 - - default default] Successfully bumped revision number for resource 032f4bbd-9e4e-4aaf-92b2-262c000a9c93 (type: networks) to 1
2026-07-15 00:15:17.471 10 WARNING neutron.scheduler.dhcp_agent_scheduler [None req-cf0867a9-7f3e-414c-8c81-c9b933a80715 f178fad556844a63b972de02f8d18a3c fc937f6b08f945cfbbd0d78f23aee742 - - default default] No more DHCP agents
2026-07-15 00:15:17.472 10 WARNING neutron.api.rpc.agentnotifiers.dhcp_rpc_agent_api [None req-cf0867a9-7f3e-414c-8c81-c9b933a80715 f178fad556844a63b972de02f8d18a3c fc937f6b08f945cfbbd0d78f23aee742 - - default default] Unable to schedule network 032f4bbd-9e4e-4aaf-92b2-262c000a9c93: no agents available; will retry on subsequent port and subnet creation events.
2026-07-15 00:15:17.535 10 INFO neutron.db.ovn_revision_numbers_db [None req-cf0867a9-7f3e-414c-8c81-c9b933a80715 f178fad556844a63b972de02f8d18a3c fc937f6b08f945cfbbd0d78f23aee742 - - default default] Successfully bumped revision number for resource d2c4fe18-8596-4b64-b713-facace662580 (type: ports) to 1
2026-07-15 00:15:17.604 10 INFO neutron.db.ovn_revision_numbers_db [None req-cf0867a9-7f3e-414c-8c81-c9b933a80715 f178fad556844a63b972de02f8d18a3c fc937f6b08f945cfbbd0d78f23aee742 - - default default] Successfully bumped revision number for resource f29195ff-4de5-4336-871e-7d454575d595 (type: networks) to 1
2026-07-15 00:15:17.776 10 WARNING neutron.scheduler.dhcp_agent_scheduler [None req-cf0867a9-7f3e-414c-8c81-c9b933a80715 f178fad556844a63b972de02f8d18a3c fc937f6b08f945cfbbd0d78f23aee742 - - default default] No more DHCP agents
2026-07-15 00:15:17.778 10 WARNING neutron.api.rpc.agentnotifiers.dhcp_rpc_agent_api [None req-cf0867a9-7f3e-414c-8c81-c9b933a80715 f178fad556844a63b972de02f8d18a3c fc937f6b08f945cfbbd0d78f23aee742 - - default default] Unable to schedule network f29195ff-4de5-4336-871e-7d454575d595: no agents available; will retry on subsequent port and subnet creation events.
