2026-07-15 00:13:51.318 9 WARNING neutron.api.rpc.agentnotifiers.dhcp_rpc_agent_api [None req-51c5fd3e-fe71-4f07-9568-b60c4f1c87a1 6142015d0a1344e1b19a43cb150746a0 cfc21a9e08e043d1990bb51e10f88c7f - - default default] Unable to schedule network 1c696b68-3da1-4e52-bac9-869cc7596204: no agents available; will retry on subsequent port and subnet creation events.
2026-07-15 00:13:51.327 10 INFO neutron.api.wsgi [req-da121025-c1cf-465c-821c-c2be55a73b6c req-8819badc-63a5-4f52-b434-a8f614924ba2 d5ae2cf065ab44848f923adf2beddf32 4a149269de794c39877fe605b8c6d58d - - f0d5bd53a426406e954dc45cfa6f09c6 f0d5bd53a426406e954dc45cfa6f09c6] 199.19.213.73 "GET /v2.0/floatingips?fixed_ip_address=10.100.0.12&port_id=caba954d-4155-44af-a028-82f9a608e7fe HTTP/1.1" status: 200 len: 1058 time: 0.0335526
2026-07-15 00:13:51.355 10 INFO neutron.api.wsgi [req-da121025-c1cf-465c-821c-c2be55a73b6c req-63ec97c1-a5a5-4283-b725-28db24192888 d5ae2cf065ab44848f923adf2beddf32 4a149269de794c39877fe605b8c6d58d - - f0d5bd53a426406e954dc45cfa6f09c6 f0d5bd53a426406e954dc45cfa6f09c6] 199.19.213.73 "GET /v2.0/subnets?id=9713f5af-8a3a-4eb3-b235-7c133ee64f15 HTTP/1.1" status: 200 len: 886 time: 0.0227225
2026-07-15 00:13:51.358 9 WARNING neutron.scheduler.dhcp_agent_scheduler [None req-d6a3971e-33ad-46f8-ae36-436c08cc45c8 06bbd1ce37784b188c8b912a4d9ab8b3 960b28e35ccd47e99505804431eb5e67 - - default default] No more DHCP agents
2026-07-15 00:13:51.359 9 WARNING neutron.api.rpc.agentnotifiers.dhcp_rpc_agent_api [None req-d6a3971e-33ad-46f8-ae36-436c08cc45c8 06bbd1ce37784b188c8b912a4d9ab8b3 960b28e35ccd47e99505804431eb5e67 - - default default] Unable to schedule network 7eec5ec0-8d09-4e3c-a422-9aad10a0c633: no agents available; will retry on subsequent port and subnet creation events.
2026-07-15 00:13:51.393 10 INFO neutron.api.wsgi [req-da121025-c1cf-465c-821c-c2be55a73b6c req-ab996ff1-bd07-45ac-ac41-2a840c67ae3a d5ae2cf065ab44848f923adf2beddf32 4a149269de794c39877fe605b8c6d58d - - f0d5bd53a426406e954dc45cfa6f09c6 f0d5bd53a426406e954dc45cfa6f09c6] 199.19.213.73 "GET /v2.0/ports?network_id=883e84a3-1c40-4688-83f5-113a52d1dd15&device_owner=network%3Adhcp HTTP/1.1" status: 200 len: 210 time: 0.0308709
2026-07-15 00:13:51.403 9 INFO neutron.db.ovn_revision_numbers_db [None req-51c5fd3e-fe71-4f07-9568-b60c4f1c87a1 6142015d0a1344e1b19a43cb150746a0 cfc21a9e08e043d1990bb51e10f88c7f - - default default] Successfully bumped revision number for resource d6ed75e5-2bf3-49fa-9776-ec9524f44972 (type: ports) to 1
2026-07-15 00:13:51.430 9 INFO neutron.api.wsgi [None req-51c5fd3e-fe71-4f07-9568-b60c4f1c87a1 6142015d0a1344e1b19a43cb150746a0 cfc21a9e08e043d1990bb51e10f88c7f - - default default] 10.0.0.197 "POST /v2.0/networks HTTP/1.1" status: 201 len: 829 time: 0.8976924
2026-07-15 00:13:51.435 10 INFO neutron.api.wsgi [req-da121025-c1cf-465c-821c-c2be55a73b6c req-4253db3c-b2ae-4564-91d0-99ae5123c74c d5ae2cf065ab44848f923adf2beddf32 4a149269de794c39877fe605b8c6d58d - - f0d5bd53a426406e954dc45cfa6f09c6 f0d5bd53a426406e954dc45cfa6f09c6] 199.19.213.73 "GET /v2.0/networks/883e84a3-1c40-4688-83f5-113a52d1dd15?fields=segments HTTP/1.1" status: 200 len: 212 time: 0.0378053
2026-07-15 00:13:51.439 9 WARNING neutron_lib.context [None req-309ac9f3-fd70-479a-ac7b-2fb3a10a1bd5 6142015d0a1344e1b19a43cb150746a0 cfc21a9e08e043d1990bb51e10f88c7f - - default default] Method 'is_advsvc' is deprecated since 2023.2 release (neutron-lib 3.8.0) and will be removed once support for the old RBAC API policies will be removed from Neutron. Please use method 'is_service_role' instead.
2026-07-15 00:13:51.442 9 INFO neutron.db.ovn_revision_numbers_db [None req-d6a3971e-33ad-46f8-ae36-436c08cc45c8 06bbd1ce37784b188c8b912a4d9ab8b3 960b28e35ccd47e99505804431eb5e67 - - default default] Successfully bumped revision number for resource c4762beb-aed5-49a0-abf1-a0d50a14241f (type: ports) to 1
2026-07-15 00:13:51.462 9 INFO neutron.api.wsgi [None req-d6a3971e-33ad-46f8-ae36-436c08cc45c8 06bbd1ce37784b188c8b912a4d9ab8b3 960b28e35ccd47e99505804431eb5e67 - - default default] 10.0.0.197 "POST /v2.0/networks HTTP/1.1" status: 201 len: 944 time: 0.9719973
2026-07-15 00:13:51.486 10 INFO neutron.api.wsgi [req-da121025-c1cf-465c-821c-c2be55a73b6c req-9c1164f5-9e3d-4370-9333-dcce7ae7509b d5ae2cf065ab44848f923adf2beddf32 4a149269de794c39877fe605b8c6d58d - - f0d5bd53a426406e954dc45cfa6f09c6 f0d5bd53a426406e954dc45cfa6f09c6] 199.19.213.73 "GET /v2.0/networks/883e84a3-1c40-4688-83f5-113a52d1dd15?fields=provider%3Aphysical_network&fields=provider%3Anetwork_type HTTP/1.1" status: 200 len: 277 time: 0.0421696
2026-07-15 00:13:51.523 9 INFO neutron.db.segments_db [None req-309ac9f3-fd70-479a-ac7b-2fb3a10a1bd5 6142015d0a1344e1b19a43cb150746a0 cfc21a9e08e043d1990bb51e10f88c7f - - default default] Added segment 61661f13-2e80-49af-82d2-1e7de64afc80 of type geneve for network d174387c-e150-4bb4-a127-054dc8719184
2026-07-15 00:13:51.610 9 WARNING neutron.scheduler.dhcp_agent_scheduler [None req-f6dc7754-0493-4804-8cc1-0995bb33e74c 06bbd1ce37784b188c8b912a4d9ab8b3 960b28e35ccd47e99505804431eb5e67 - - default default] No more DHCP agents
2026-07-15 00:13:51.613 9 WARNING neutron.api.rpc.agentnotifiers.dhcp_rpc_agent_api [None req-f6dc7754-0493-4804-8cc1-0995bb33e74c 06bbd1ce37784b188c8b912a4d9ab8b3 960b28e35ccd47e99505804431eb5e67 - - default default] Unable to schedule network 7eec5ec0-8d09-4e3c-a422-9aad10a0c633: no agents available; will retry on subsequent port and subnet creation events.
2026-07-15 00:13:51.667 9 INFO neutron.db.ovn_revision_numbers_db [None req-309ac9f3-fd70-479a-ac7b-2fb3a10a1bd5 6142015d0a1344e1b19a43cb150746a0 cfc21a9e08e043d1990bb51e10f88c7f - - default default] Successfully bumped revision number for resource d174387c-e150-4bb4-a127-054dc8719184 (type: networks) to 1
2026-07-15 00:13:51.706 10 INFO neutron.api.wsgi [req-79b8266f-8341-4111-b826-6f3b3f671580 req-02be699e-1220-48e4-9ad7-df786a1ec432 52bca0e2d7db4b99869dcb1d34280605 ffa1154696dc4003a1f0148d4814c45a - - default default] 199.19.213.73 "GET /v2.0/ports?device_id=88a8b99e-c7ae-4b23-ba1e-09cca90d4451 HTTP/1.1" status: 200 len: 1172 time: 0.0302684
2026-07-15 00:13:51.825 9 WARNING neutron.scheduler.dhcp_agent_scheduler [None req-309ac9f3-fd70-479a-ac7b-2fb3a10a1bd5 6142015d0a1344e1b19a43cb150746a0 cfc21a9e08e043d1990bb51e10f88c7f - - default default] No more DHCP agents
2026-07-15 00:13:51.827 9 WARNING neutron.api.rpc.agentnotifiers.dhcp_rpc_agent_api [None req-309ac9f3-fd70-479a-ac7b-2fb3a10a1bd5 6142015d0a1344e1b19a43cb150746a0 cfc21a9e08e043d1990bb51e10f88c7f - - default default] Unable to schedule network d174387c-e150-4bb4-a127-054dc8719184: no agents available; will retry on subsequent port and subnet creation events.
2026-07-15 00:13:51.907 9 INFO neutron.db.ovn_revision_numbers_db [None req-309ac9f3-fd70-479a-ac7b-2fb3a10a1bd5 6142015d0a1344e1b19a43cb150746a0 cfc21a9e08e043d1990bb51e10f88c7f - - default default] Successfully bumped revision number for resource 1c5549be-ca25-4868-baa4-8443ab555ef6 (type: ports) to 1
2026-07-15 00:13:51.934 9 INFO neutron.api.wsgi [None req-309ac9f3-fd70-479a-ac7b-2fb3a10a1bd5 6142015d0a1344e1b19a43cb150746a0 cfc21a9e08e043d1990bb51e10f88c7f - - default default] 10.0.0.197 "POST /v2.0/networks HTTP/1.1" status: 201 len: 829 time: 0.4983664
2026-07-15 00:13:51.944 9 WARNING neutron_lib.context [None req-99cfac23-a3cf-4d01-8853-29cf0bf2569c 6142015d0a1344e1b19a43cb150746a0 cfc21a9e08e043d1990bb51e10f88c7f - - default default] Method 'is_advsvc' is deprecated since 2023.2 release (neutron-lib 3.8.0) and will be removed once support for the old RBAC API policies will be removed from Neutron. Please use method 'is_service_role' instead.
2026-07-15 00:13:52.065 10 INFO neutron.db.l3_db [req-79b8266f-8341-4111-b826-6f3b3f671580 req-713b5db3-87d2-49a2-b12e-ed56c195bc3d 52bca0e2d7db4b99869dcb1d34280605 ffa1154696dc4003a1f0148d4814c45a - - default default] Floating IP e68a24ce-b871-4ba3-9ed6-97722d48c499 disassociated. External IP: 10.96.250.210, port: caba954d-4155-44af-a028-82f9a608e7fe.
2026-07-15 00:13:52.155 9 INFO neutron.db.ovn_revision_numbers_db [None req-0ff73b1e-3c91-4f64-857e-cd408209ea48 - - - - - -] Successfully bumped revision number for resource c4762beb-aed5-49a0-abf1-a0d50a14241f (type: ports) to 2
2026-07-15 00:13:52.166 10 INFO neutron.api.wsgi [req-79b8266f-8341-4111-b826-6f3b3f671580 req-713b5db3-87d2-49a2-b12e-ed56c195bc3d 52bca0e2d7db4b99869dcb1d34280605 ffa1154696dc4003a1f0148d4814c45a - - default default] 199.19.213.73 "DELETE /v2.0/ports/caba954d-4155-44af-a028-82f9a608e7fe HTTP/1.1" status: 204 len: 173 time: 0.4561830
2026-07-15 00:13:52.190 9 WARNING neutron.scheduler.dhcp_agent_scheduler [None req-99cfac23-a3cf-4d01-8853-29cf0bf2569c 6142015d0a1344e1b19a43cb150746a0 cfc21a9e08e043d1990bb51e10f88c7f - - default default] No more DHCP agents
2026-07-15 00:13:52.193 9 WARNING neutron.api.rpc.agentnotifiers.dhcp_rpc_agent_api [None req-99cfac23-a3cf-4d01-8853-29cf0bf2569c 6142015d0a1344e1b19a43cb150746a0 cfc21a9e08e043d1990bb51e10f88c7f - - default default] Unable to schedule network 1c696b68-3da1-4e52-bac9-869cc7596204: no agents available; will retry on subsequent port and subnet creation events.
2026-07-15 00:13:52.204 9 INFO neutron.db.ovn_revision_numbers_db [None req-0ff73b1e-3c91-4f64-857e-cd408209ea48 - - - - - -] Successfully bumped revision number for resource 5bb6e8fb-c109-45b9-95be-772c0658856d (type: subnets) to 0
2026-07-15 00:13:52.228 9 INFO neutron.api.wsgi [None req-f6dc7754-0493-4804-8cc1-0995bb33e74c 06bbd1ce37784b188c8b912a4d9ab8b3 960b28e35ccd47e99505804431eb5e67 - - default default] 10.0.0.197 "POST /v2.0/subnets HTTP/1.1" status: 201 len: 889 time: 0.7616017 /var/lib/openstack/lib/python3.12/site-packages/pycadf/identifier.py:71: UserWarning: Invalid uuid: neutron. To ensure interoperability, identifiers should be a valid uuid. warnings.warn(('Invalid uuid: %s. To ensure interoperability, '
2026-07-15 00:13:52.251 10 INFO neutron.api.wsgi [req-0bfbbd60-d419-4257-bd07-640a3d1ba1dc req-82dc0ac7-634c-4c5e-8f01-2a64d7a6934f 52bca0e2d7db4b99869dcb1d34280605 ffa1154696dc4003a1f0148d4814c45a - - default default] 10.0.0.184 "GET /v2.0/ports?device_id=88a8b99e-c7ae-4b23-ba1e-09cca90d4451 HTTP/1.1" status: 200 len: 210 time: 0.0191047
2026-07-15 00:13:52.650 9 WARNING neutron.scheduler.dhcp_agent_scheduler [None req-cf1c1987-89d5-42b1-afa6-f33fec2ef0cd 06bbd1ce37784b188c8b912a4d9ab8b3 960b28e35ccd47e99505804431eb5e67 - - default default] No more DHCP agents
2026-07-15 00:13:52.651 9 WARNING neutron.api.rpc.agentnotifiers.dhcp_rpc_agent_api [None req-cf1c1987-89d5-42b1-afa6-f33fec2ef0cd 06bbd1ce37784b188c8b912a4d9ab8b3 960b28e35ccd47e99505804431eb5e67 - - default default] Unable to schedule network 11c62d4d-75c2-42dc-a014-8b9c456f30a2: no agents available; will retry on subsequent port and subnet creation events.
2026-07-15 00:13:52.698 9 INFO neutron.db.ovn_revision_numbers_db [None req-b1d07ace-7536-40df-aa7f-aa096a39c3d3 - - - - - -] Successfully bumped revision number for resource d6ed75e5-2bf3-49fa-9776-ec9524f44972 (type: ports) to 2
2026-07-15 00:13:52.725 10 INFO neutron.notifiers.nova [-] Nova event matching ['req-23dc0a03-4b9e-4dda-b30e-d65b86e4ea49'] response: {'server_uuid': '88a8b99e-c7ae-4b23-ba1e-09cca90d4451', 'name': 'network-vif-unplugged', 'status': 'completed', 'tag': 'caba954d-4155-44af-a028-82f9a608e7fe', 'code': 200}
2026-07-15 00:13:52.725 10 INFO neutron.notifiers.nova [-] Nova event matching ['req-23dc0a03-4b9e-4dda-b30e-d65b86e4ea49'] response: {'server_uuid': '88a8b99e-c7ae-4b23-ba1e-09cca90d4451', 'name': 'network-vif-unplugged', 'status': 'completed', 'tag': 'caba954d-4155-44af-a028-82f9a608e7fe', 'code': 200}
2026-07-15 00:13:52.725 10 INFO neutron.notifiers.nova [-] Nova event matching ['req-23dc0a03-4b9e-4dda-b30e-d65b86e4ea49'] response: {'server_uuid': '88a8b99e-c7ae-4b23-ba1e-09cca90d4451', 'name': 'network-vif-deleted', 'tag': 'caba954d-4155-44af-a028-82f9a608e7fe', 'status': 'completed', 'code': 200}
2026-07-15 00:13:52.730 9 INFO neutron.db.ovn_revision_numbers_db [None req-b1d07ace-7536-40df-aa7f-aa096a39c3d3 - - - - - -] Successfully bumped revision number for resource fd993210-7ff3-42a4-8048-89d16716896b (type: subnets) to 0
2026-07-15 00:13:52.743 9 INFO neutron.api.wsgi [None req-99cfac23-a3cf-4d01-8853-29cf0bf2569c 6142015d0a1344e1b19a43cb150746a0 cfc21a9e08e043d1990bb51e10f88c7f - - default default] 10.0.0.197 "POST /v2.0/subnets HTTP/1.1" status: 201 len: 825 time: 0.8039653
2026-07-15 00:13:52.755 10 WARNING neutron_lib.context [None req-bb0eb237-71f7-4b01-ac72-9788ae97e17b 6142015d0a1344e1b19a43cb150746a0 cfc21a9e08e043d1990bb51e10f88c7f - - default default] Method 'is_advsvc' is deprecated since 2023.2 release (neutron-lib 3.8.0) and will be removed once support for the old RBAC API policies will be removed from Neutron. Please use method 'is_service_role' instead.
2026-07-15 00:13:52.768 9 INFO neutron.db.ovn_revision_numbers_db [None req-cf1c1987-89d5-42b1-afa6-f33fec2ef0cd 06bbd1ce37784b188c8b912a4d9ab8b3 960b28e35ccd47e99505804431eb5e67 - - default default] Successfully bumped revision number for resource 284208ae-6a6a-45f9-8d6d-cf0bdc294865 (type: ports) to 1
2026-07-15 00:13:52.930 10 WARNING neutron.scheduler.dhcp_agent_scheduler [None req-bb0eb237-71f7-4b01-ac72-9788ae97e17b 6142015d0a1344e1b19a43cb150746a0 cfc21a9e08e043d1990bb51e10f88c7f - - default default] No more DHCP agents
2026-07-15 00:13:52.931 10 WARNING neutron.api.rpc.agentnotifiers.dhcp_rpc_agent_api [None req-bb0eb237-71f7-4b01-ac72-9788ae97e17b 6142015d0a1344e1b19a43cb150746a0 cfc21a9e08e043d1990bb51e10f88c7f - - default default] Unable to schedule network d174387c-e150-4bb4-a127-054dc8719184: no agents available; will retry on subsequent port and subnet creation events.
2026-07-15 00:13:53.284 9 INFO neutron.plugins.ml2.drivers.ovn.mech_driver.ovsdb.commands [None req-fd6af830-0d0c-4bb7-96ba-1b28fd6c3f5e - - - - - -] Schedule LRP lrp-284208ae-6a6a-45f9-8d6d-cf0bdc294865 on gateway 6d7a156e-887f-4b2d-b245-af521f6d44f8 with priority 1
2026-07-15 00:13:53.288 10 INFO neutron.api.wsgi [req-5952fdbb-9e2b-4080-b02a-946aa916cc9b req-b66074f5-19f6-4039-8dee-e21438bd027c d5ae2cf065ab44848f923adf2beddf32 4a149269de794c39877fe605b8c6d58d - - f0d5bd53a426406e954dc45cfa6f09c6 f0d5bd53a426406e954dc45cfa6f09c6] 199.19.213.73 "GET /v2.0/ports?device_id=61fe8ed8-4492-4874-b6c8-656b7d5fe533&fields=binding%3Ahost_id&fields=binding%3Avif_type HTTP/1.1" status: 200 len: 265 time: 0.0460687
2026-07-15 00:13:53.293 10 INFO neutron.plugins.ml2.drivers.ovn.mech_driver.mech_driver [None req-ca1df64a-209f-467f-97b6-5f3372e50cb8 - - - - - -] OVN reports status up for port: 284208ae-6a6a-45f9-8d6d-cf0bdc294865
2026-07-15 00:13:53.301 10 INFO neutron.plugins.ml2.plugin [None req-ca1df64a-209f-467f-97b6-5f3372e50cb8 - - - - - -] Attempt 1 to provision port 284208ae-6a6a-45f9-8d6d-cf0bdc294865
2026-07-15 00:13:53.305 9 INFO neutron.plugins.ml2.drivers.ovn.mech_driver.ovsdb.ovsdb_monitor [None req-0843e9f8-2778-43c7-b047-7eb5b28fd92e - - - - - -] Router 37b35ee5-2b18-44b3-a633-6f1cb5cfd2d7 is bound to host instance
2026-07-15 00:13:53.315 10 INFO neutron.db.ovn_revision_numbers_db [None req-28edef11-96fa-467a-824a-9014a8d149f8 - - - - - -] Successfully bumped revision number for resource 1c5549be-ca25-4868-baa4-8443ab555ef6 (type: ports) to 2
2026-07-15 00:13:53.332 9 INFO neutron.db.ovn_revision_numbers_db [None req-cf1c1987-89d5-42b1-afa6-f33fec2ef0cd 06bbd1ce37784b188c8b912a4d9ab8b3 960b28e35ccd47e99505804431eb5e67 - - default default] Successfully bumped revision number for resource 284208ae-6a6a-45f9-8d6d-cf0bdc294865 (type: router_ports) to 1
2026-07-15 00:13:53.336 10 INFO neutron.api.wsgi [req-c3503407-6cea-4c0b-95b4-4c398f80987a req-e2b9b22f-95e2-4121-834c-2cb2839e8c0f 52bca0e2d7db4b99869dcb1d34280605 ffa1154696dc4003a1f0148d4814c45a - - default default] 10.0.0.184 "GET /v2.0/ports?device_id=88a8b99e-c7ae-4b23-ba1e-09cca90d4451 HTTP/1.1" status: 200 len: 210 time: 0.0197148
2026-07-15 00:13:53.353 10 INFO neutron.db.ovn_revision_numbers_db [None req-28edef11-96fa-467a-824a-9014a8d149f8 - - - - - -] Successfully bumped revision number for resource 5eaedad1-cb4b-4b87-b76e-0ee21d81581c (type: subnets) to 0
2026-07-15 00:13:53.366 10 INFO neutron.api.wsgi [None req-bb0eb237-71f7-4b01-ac72-9788ae97e17b 6142015d0a1344e1b19a43cb150746a0 cfc21a9e08e043d1990bb51e10f88c7f - - default default] 10.0.0.197 "POST /v2.0/subnets HTTP/1.1" status: 201 len: 825 time: 0.6151178
2026-07-15 00:13:53.376 10 WARNING neutron_lib.context [None req-4775c905-7991-45d5-947e-adfbe8ca0e4b 6142015d0a1344e1b19a43cb150746a0 cfc21a9e08e043d1990bb51e10f88c7f - - default default] Method 'is_advsvc' is deprecated since 2023.2 release (neutron-lib 3.8.0) and will be removed once support for the old RBAC API policies will be removed from Neutron. Please use method 'is_service_role' instead.
2026-07-15 00:13:53.399 9 INFO neutron.db.ovn_revision_numbers_db [None req-cf1c1987-89d5-42b1-afa6-f33fec2ef0cd 06bbd1ce37784b188c8b912a4d9ab8b3 960b28e35ccd47e99505804431eb5e67 - - default default] Successfully bumped revision number for resource 37b35ee5-2b18-44b3-a633-6f1cb5cfd2d7 (type: routers) to 2
2026-07-15 00:13:53.414 9 INFO neutron.api.wsgi [None req-cf1c1987-89d5-42b1-afa6-f33fec2ef0cd 06bbd1ce37784b188c8b912a4d9ab8b3 960b28e35ccd47e99505804431eb5e67 - - default default] 10.0.0.197 "POST /v2.0/routers HTTP/1.1" status: 201 len: 1167 time: 1.1778185
2026-07-15 00:13:53.481 10 INFO neutron.db.ovn_revision_numbers_db [None req-4775c905-7991-45d5-947e-adfbe8ca0e4b 6142015d0a1344e1b19a43cb150746a0 cfc21a9e08e043d1990bb51e10f88c7f - - default default] Successfully bumped revision number for resource 175d3c3b-53f1-49e5-905e-d48540ebbbac (type: routers) to 1
2026-07-15 00:13:53.504 10 INFO neutron.api.wsgi [None req-4775c905-7991-45d5-947e-adfbe8ca0e4b 6142015d0a1344e1b19a43cb150746a0 cfc21a9e08e043d1990bb51e10f88c7f - - default default] 10.0.0.197 "POST /v2.0/routers HTTP/1.1" status: 201 len: 800 time: 0.1316361
2026-07-15 00:13:53.786 9 INFO neutron.db.ovn_revision_numbers_db [None req-1d8ba4fb-1487-4066-954b-3c17573ec282 - - - - - -] Successfully bumped revision number for resource 284208ae-6a6a-45f9-8d6d-cf0bdc294865 (type: ports) to 1
2026-07-15 00:13:53.821 10 WARNING neutron.scheduler.dhcp_agent_scheduler [None req-853326df-6209-4ce8-b336-9d12c27c39bf 06bbd1ce37784b188c8b912a4d9ab8b3 960b28e35ccd47e99505804431eb5e67 - - default default] No more DHCP agents
2026-07-15 00:13:53.823 10 WARNING neutron.api.rpc.agentnotifiers.dhcp_rpc_agent_api [None req-853326df-6209-4ce8-b336-9d12c27c39bf 06bbd1ce37784b188c8b912a4d9ab8b3 960b28e35ccd47e99505804431eb5e67 - - default default] Unable to schedule network 7eec5ec0-8d09-4e3c-a422-9aad10a0c633: no agents available; will retry on subsequent port and subnet creation events.
2026-07-15 00:13:53.885 9 WARNING neutron.scheduler.dhcp_agent_scheduler [None req-84cbf01e-28d1-409c-8894-af45095ad492 6142015d0a1344e1b19a43cb150746a0 cfc21a9e08e043d1990bb51e10f88c7f - - default default] No more DHCP agents
2026-07-15 00:13:53.887 9 WARNING neutron.api.rpc.agentnotifiers.dhcp_rpc_agent_api [None req-84cbf01e-28d1-409c-8894-af45095ad492 6142015d0a1344e1b19a43cb150746a0 cfc21a9e08e043d1990bb51e10f88c7f - - default default] Unable to schedule network 1c696b68-3da1-4e52-bac9-869cc7596204: no agents available; will retry on subsequent port and subnet creation events.
2026-07-15 00:13:53.957 10 INFO neutron.db.ovn_revision_numbers_db [None req-853326df-6209-4ce8-b336-9d12c27c39bf 06bbd1ce37784b188c8b912a4d9ab8b3 960b28e35ccd47e99505804431eb5e67 - - default default] Successfully bumped revision number for resource 4f6b562e-6f22-4ce2-90ec-d77cd5641eb0 (type: ports) to 1
2026-07-15 00:13:54.036 9 INFO neutron.db.ovn_revision_numbers_db [None req-84cbf01e-28d1-409c-8894-af45095ad492 6142015d0a1344e1b19a43cb150746a0 cfc21a9e08e043d1990bb51e10f88c7f - - default default] Successfully bumped revision number for resource 28906ead-b58b-4123-9efb-13a068cdb050 (type: ports) to 1
2026-07-15 00:13:54.158 9 INFO neutron.db.ovn_revision_numbers_db [None req-1d8ba4fb-1487-4066-954b-3c17573ec282 - - - - - -] Successfully bumped revision number for resource 284208ae-6a6a-45f9-8d6d-cf0bdc294865 (type: ports) to 4
2026-07-15 00:13:54.331 10 INFO neutron.api.wsgi [req-5952fdbb-9e2b-4080-b02a-946aa916cc9b req-aa58f751-6a43-4083-bb6b-7a3cc34ecabf d5ae2cf065ab44848f923adf2beddf32 4a149269de794c39877fe605b8c6d58d - - f0d5bd53a426406e954dc45cfa6f09c6 f0d5bd53a426406e954dc45cfa6f09c6] 199.19.213.73 "GET /v2.0/ports?tenant_id=f4d7ab641c9545ca8053a9f86bc56c70&device_id=61fe8ed8-4492-4874-b6c8-656b7d5fe533 HTTP/1.1" status: 200 len: 1409 time: 0.0321414
2026-07-15 00:13:54.414 10 INFO neutron.api.wsgi [req-81a1ee41-73cd-4e60-86c0-ad9b789103de req-5741e298-4a39-4532-b26f-f0e4a514f0d6 52bca0e2d7db4b99869dcb1d34280605 ffa1154696dc4003a1f0148d4814c45a - - default default] 10.0.0.184 "GET /v2.0/ports?device_id=88a8b99e-c7ae-4b23-ba1e-09cca90d4451 HTTP/1.1" status: 200 len: 210 time: 0.0161798
2026-07-15 00:13:54.511 9 INFO neutron.plugins.ml2.drivers.ovn.mech_driver.mech_driver [None req-06f142b4-e7a6-4ca2-a20a-0fab547789c5 - - - - - -] OVN reports status up for port: 4f6b562e-6f22-4ce2-90ec-d77cd5641eb0
2026-07-15 00:13:54.520 9 INFO neutron.plugins.ml2.plugin [None req-06f142b4-e7a6-4ca2-a20a-0fab547789c5 - - - - - -] Attempt 1 to provision port 4f6b562e-6f22-4ce2-90ec-d77cd5641eb0
2026-07-15 00:13:54.527 10 INFO neutron.db.ovn_revision_numbers_db [None req-853326df-6209-4ce8-b336-9d12c27c39bf 06bbd1ce37784b188c8b912a4d9ab8b3 960b28e35ccd47e99505804431eb5e67 - - default default] Successfully bumped revision number for resource 4f6b562e-6f22-4ce2-90ec-d77cd5641eb0 (type: ports) to 1
2026-07-15 00:13:54.574 10 WARNING neutron.scheduler.dhcp_agent_scheduler [None req-853326df-6209-4ce8-b336-9d12c27c39bf 06bbd1ce37784b188c8b912a4d9ab8b3 960b28e35ccd47e99505804431eb5e67 - - default default] No more DHCP agents
2026-07-15 00:13:54.575 10 WARNING neutron.api.rpc.agentnotifiers.dhcp_rpc_agent_api [None req-853326df-6209-4ce8-b336-9d12c27c39bf 06bbd1ce37784b188c8b912a4d9ab8b3 960b28e35ccd47e99505804431eb5e67 - - default default] Unable to schedule network 7eec5ec0-8d09-4e3c-a422-9aad10a0c633: no agents available; will retry on subsequent port and subnet creation events.
2026-07-15 00:13:54.762 9 INFO neutron.db.ovn_revision_numbers_db [None req-1d8ba4fb-1487-4066-954b-3c17573ec282 - - - - - -] Successfully bumped revision number for resource 284208ae-6a6a-45f9-8d6d-cf0bdc294865 (type: ports) to 5
2026-07-15 00:13:54.809 9 INFO neutron.db.ovn_revision_numbers_db [None req-84cbf01e-28d1-409c-8894-af45095ad492 6142015d0a1344e1b19a43cb150746a0 cfc21a9e08e043d1990bb51e10f88c7f - - default default] Successfully bumped revision number for resource 28906ead-b58b-4123-9efb-13a068cdb050 (type: ports) to 1
2026-07-15 00:13:54.883 9 WARNING neutron.scheduler.dhcp_agent_scheduler [None req-84cbf01e-28d1-409c-8894-af45095ad492 6142015d0a1344e1b19a43cb150746a0 cfc21a9e08e043d1990bb51e10f88c7f - - default default] No more DHCP agents
2026-07-15 00:13:54.885 9 WARNING neutron.api.rpc.agentnotifiers.dhcp_rpc_agent_api [None req-84cbf01e-28d1-409c-8894-af45095ad492 6142015d0a1344e1b19a43cb150746a0 cfc21a9e08e043d1990bb51e10f88c7f - - default default] Unable to schedule network 1c696b68-3da1-4e52-bac9-869cc7596204: no agents available; will retry on subsequent port and subnet creation events.
2026-07-15 00:13:54.901 10 INFO neutron.api.wsgi [req-5952fdbb-9e2b-4080-b02a-946aa916cc9b req-7873efb3-4932-44da-9a5e-2fc5cc9aaa2b d5ae2cf065ab44848f923adf2beddf32 4a149269de794c39877fe605b8c6d58d - - f0d5bd53a426406e954dc45cfa6f09c6 f0d5bd53a426406e954dc45cfa6f09c6] 199.19.213.73 "GET /v2.0/networks?id=aeab2104-80f5-4146-bacf-81703f276616 HTTP/1.1" status: 200 len: 974 time: 0.0595763
2026-07-15 00:13:54.948 10 INFO neutron.api.wsgi [req-5952fdbb-9e2b-4080-b02a-946aa916cc9b req-819fb4ea-4164-4771-ab55-310a9775a14a d5ae2cf065ab44848f923adf2beddf32 4a149269de794c39877fe605b8c6d58d - - f0d5bd53a426406e954dc45cfa6f09c6 f0d5bd53a426406e954dc45cfa6f09c6] 199.19.213.73 "GET /v2.0/floatingips?fixed_ip_address=10.100.0.8&port_id=ebcb66ec-de9b-4620-9dcc-78229dcc1605 HTTP/1.1" status: 200 len: 1059 time: 0.0377872
2026-07-15 00:13:54.952 9 INFO neutron.db.ovn_revision_numbers_db [None req-06f142b4-e7a6-4ca2-a20a-0fab547789c5 - - - - - -] Successfully bumped revision number for resource 4f6b562e-6f22-4ce2-90ec-d77cd5641eb0 (type: ports) to 2
2026-07-15 00:13:54.989 10 INFO neutron.api.wsgi [req-5952fdbb-9e2b-4080-b02a-946aa916cc9b req-086191f4-cbc8-4f0e-8f12-eaacc7f4cec5 d5ae2cf065ab44848f923adf2beddf32 4a149269de794c39877fe605b8c6d58d - - f0d5bd53a426406e954dc45cfa6f09c6 f0d5bd53a426406e954dc45cfa6f09c6] 199.19.213.73 "GET /v2.0/subnets?id=696933bd-f817-4c33-b998-74796f77575f HTTP/1.1" status: 200 len: 893 time: 0.0343509
2026-07-15 00:13:55.013 10 INFO neutron.api.wsgi [req-5952fdbb-9e2b-4080-b02a-946aa916cc9b req-783fd0f7-452d-47f7-8f18-5fb63d29a551 d5ae2cf065ab44848f923adf2beddf32 4a149269de794c39877fe605b8c6d58d - - f0d5bd53a426406e954dc45cfa6f09c6 f0d5bd53a426406e954dc45cfa6f09c6] 199.19.213.73 "GET /v2.0/ports?network_id=aeab2104-80f5-4146-bacf-81703f276616&device_owner=network%3Adhcp HTTP/1.1" status: 200 len: 210 time: 0.0188997
2026-07-15 00:13:55.070 10 INFO neutron.api.wsgi [req-5952fdbb-9e2b-4080-b02a-946aa916cc9b req-7c05b023-fbba-4c09-84d7-3637b7890122 d5ae2cf065ab44848f923adf2beddf32 4a149269de794c39877fe605b8c6d58d - - f0d5bd53a426406e954dc45cfa6f09c6 f0d5bd53a426406e954dc45cfa6f09c6] 199.19.213.73 "GET /v2.0/networks/aeab2104-80f5-4146-bacf-81703f276616?fields=segments HTTP/1.1" status: 200 len: 212 time: 0.0517590
2026-07-15 00:13:55.089 9 INFO neutron.db.ovn_revision_numbers_db [None req-84cbf01e-28d1-409c-8894-af45095ad492 6142015d0a1344e1b19a43cb150746a0 cfc21a9e08e043d1990bb51e10f88c7f - - default default] Successfully bumped revision number for resource 28906ead-b58b-4123-9efb-13a068cdb050 (type: router_ports) to 1
2026-07-15 00:13:55.095 9 INFO neutron.api.wsgi [None req-84cbf01e-28d1-409c-8894-af45095ad492 6142015d0a1344e1b19a43cb150746a0 cfc21a9e08e043d1990bb51e10f88c7f - - default default] 10.0.0.197 "PUT /v2.0/routers/175d3c3b-53f1-49e5-905e-d48540ebbbac/add_router_interface HTTP/1.1" status: 200 len: 503 time: 1.5842853
2026-07-15 00:13:55.116 10 INFO neutron.api.wsgi [req-5952fdbb-9e2b-4080-b02a-946aa916cc9b req-81a915c1-86e7-4c04-8ac0-15d49da76d62 d5ae2cf065ab44848f923adf2beddf32 4a149269de794c39877fe605b8c6d58d - - f0d5bd53a426406e954dc45cfa6f09c6 f0d5bd53a426406e954dc45cfa6f09c6] 199.19.213.73 "GET /v2.0/networks/aeab2104-80f5-4146-bacf-81703f276616?fields=provider%3Aphysical_network&fields=provider%3Anetwork_type HTTP/1.1" status: 200 len: 277 time: 0.0412731
2026-07-15 00:13:55.126 9 INFO neutron.api.wsgi [None req-9f22cfcd-93e4-413e-a218-3b5323b3cc2d 6142015d0a1344e1b19a43cb150746a0 cfc21a9e08e043d1990bb51e10f88c7f - - default default] 10.0.0.197 "GET /v2.0/ports/28906ead-b58b-4123-9efb-13a068cdb050 HTTP/1.1" status: 200 len: 1135 time: 0.0263152
2026-07-15 00:13:55.210 10 INFO neutron.db.ovn_revision_numbers_db [None req-853326df-6209-4ce8-b336-9d12c27c39bf 06bbd1ce37784b188c8b912a4d9ab8b3 960b28e35ccd47e99505804431eb5e67 - - default default] Successfully bumped revision number for resource 4f6b562e-6f22-4ce2-90ec-d77cd5641eb0 (type: router_ports) to 1
2026-07-15 00:13:55.215 10 INFO neutron.api.wsgi [None req-853326df-6209-4ce8-b336-9d12c27c39bf 06bbd1ce37784b188c8b912a4d9ab8b3 960b28e35ccd47e99505804431eb5e67 - - default default] 10.0.0.197 "PUT /v2.0/routers/37b35ee5-2b18-44b3-a633-6f1cb5cfd2d7/add_router_interface HTTP/1.1" status: 200 len: 503 time: 1.7941344
2026-07-15 00:13:55.472 10 INFO neutron.api.wsgi [req-cbd9bc04-16ec-4582-841d-b0e3f8d77a36 req-0657d767-193a-45f3-8dcc-e89388044f3e 682e8349a6264ba9a7f0189fc5a4f691 f4d7ab641c9545ca8053a9f86bc56c70 - - default default] 10.0.0.184 "GET /v2.0/ports?device_id=61fe8ed8-4492-4874-b6c8-656b7d5fe533 HTTP/1.1" status: 200 len: 1170 time: 0.0687330
2026-07-15 00:13:55.508 10 INFO neutron.api.wsgi [req-cbd9bc04-16ec-4582-841d-b0e3f8d77a36 req-1168a331-30c2-4474-a5b3-4c92ff924e48 682e8349a6264ba9a7f0189fc5a4f691 f4d7ab641c9545ca8053a9f86bc56c70 - - default default] 10.0.0.184 "GET /v2.0/security-groups?id=c1ca8542-566d-45a9-9348-a1e3953fb306&fields=id&fields=name HTTP/1.1" status: 200 len: 313 time: 0.0309947
2026-07-15 00:13:55.552 9 WARNING neutron.scheduler.dhcp_agent_scheduler [None req-9ec8e8f4-d66c-4317-9840-12114893d33d 6142015d0a1344e1b19a43cb150746a0 cfc21a9e08e043d1990bb51e10f88c7f - - default default] No more DHCP agents
2026-07-15 00:13:55.554 9 WARNING neutron.api.rpc.agentnotifiers.dhcp_rpc_agent_api [None req-9ec8e8f4-d66c-4317-9840-12114893d33d 6142015d0a1344e1b19a43cb150746a0 cfc21a9e08e043d1990bb51e10f88c7f - - default default] Unable to schedule network d174387c-e150-4bb4-a127-054dc8719184: no agents available; will retry on subsequent port and subnet creation events.
2026-07-15 00:13:55.620 9 INFO neutron.api.wsgi [None req-693e805a-d6b2-49b7-9f2a-675958d589ad 52bca0e2d7db4b99869dcb1d34280605 ffa1154696dc4003a1f0148d4814c45a - - default default] 10.0.0.197 "DELETE /v2.0/security-groups/88f3af57-0211-4088-a0b7-475f596c16c8 HTTP/1.1" status: 204 len: 168 time: 0.1322415
2026-07-15 00:13:55.634 10 INFO neutron.api.v2.resource [None req-0a7c4951-29f6-4122-947e-93f76e7633e7 52bca0e2d7db4b99869dcb1d34280605 ffa1154696dc4003a1f0148d4814c45a - - default default] show failed (client error): The resource could not be found.
2026-07-15 00:13:55.635 10 INFO neutron.api.wsgi [None req-0a7c4951-29f6-4122-947e-93f76e7633e7 52bca0e2d7db4b99869dcb1d34280605 ffa1154696dc4003a1f0148d4814c45a - - default default] 10.0.0.197 "GET /v2.0/security-groups/88f3af57-0211-4088-a0b7-475f596c16c8 HTTP/1.1" status: 404 len: 347 time: 0.0098820
2026-07-15 00:13:55.675 9 INFO neutron.db.ovn_revision_numbers_db [None req-9ec8e8f4-d66c-4317-9840-12114893d33d 6142015d0a1344e1b19a43cb150746a0 cfc21a9e08e043d1990bb51e10f88c7f - - default default] Successfully bumped revision number for resource 0de6f702-8367-4962-8969-101721acf3fc (type: ports) to 1
2026-07-15 00:13:55.731 9 WARNING neutron_lib.context [None req-0c5a2c65-be89-40f4-9371-d8ef8968ee70 806d022ebbd64aaf924ab32dc0dbcf51 1e66239ffd134df0b5e0f27aeec3132a - - default default] Method 'is_advsvc' is deprecated since 2023.2 release (neutron-lib 3.8.0) and will be removed once support for the old RBAC API policies will be removed from Neutron. Please use method 'is_service_role' instead.
2026-07-15 00:13:55.842 10 INFO neutron.api.wsgi [req-22d2620f-cf94-4b4b-b502-314774b733ed req-f5403cbe-e857-4407-b7b3-0a9dca2238af 682e8349a6264ba9a7f0189fc5a4f691 f4d7ab641c9545ca8053a9f86bc56c70 - - default default] 10.0.0.184 "GET /v2.0/ports?device_id=61fe8ed8-4492-4874-b6c8-656b7d5fe533 HTTP/1.1" status: 200 len: 1170 time: 0.0347347
2026-07-15 00:13:55.867 9 INFO neutron.db.ovn_revision_numbers_db [None req-0c5a2c65-be89-40f4-9371-d8ef8968ee70 806d022ebbd64aaf924ab32dc0dbcf51 1e66239ffd134df0b5e0f27aeec3132a - - default default] Successfully bumped revision number for resource 438b816a-f7f4-44fb-814e-8d1536878d56 (type: security_groups) to 1
2026-07-15 00:13:55.890 10 INFO neutron.api.wsgi [req-22d2620f-cf94-4b4b-b502-314774b733ed req-a81146bd-87f4-4028-b068-4fc049bbcdda 682e8349a6264ba9a7f0189fc5a4f691 f4d7ab641c9545ca8053a9f86bc56c70 - - default default] 10.0.0.184 "GET /v2.0/security-groups?id=c1ca8542-566d-45a9-9348-a1e3953fb306&fields=id&fields=name HTTP/1.1" status: 200 len: 313 time: 0.0422370
2026-07-15 00:13:55.897 9 INFO neutron.db.ovn_revision_numbers_db [None req-0c5a2c65-be89-40f4-9371-d8ef8968ee70 806d022ebbd64aaf924ab32dc0dbcf51 1e66239ffd134df0b5e0f27aeec3132a - - default default] Successfully bumped revision number for resource 4c7c2476-e8c2-45cc-bc7d-1b77cda940d4 (type: security_group_rules) to 0
2026-07-15 00:13:55.926 9 INFO neutron.db.ovn_revision_numbers_db [None req-0c5a2c65-be89-40f4-9371-d8ef8968ee70 806d022ebbd64aaf924ab32dc0dbcf51 1e66239ffd134df0b5e0f27aeec3132a - - default default] Successfully bumped revision number for resource addfca87-2398-4d30-aa1b-71c87520df84 (type: security_group_rules) to 0
2026-07-15 00:13:55.933 10 INFO neutron.api.wsgi [None req-390e1464-f545-409f-8da6-8ee5b855c8b7 52bca0e2d7db4b99869dcb1d34280605 ffa1154696dc4003a1f0148d4814c45a - - default default] 10.0.0.197 "DELETE /v2.0/floatingips/e68a24ce-b871-4ba3-9ed6-97722d48c499 HTTP/1.1" status: 204 len: 168 time: 0.2940269
2026-07-15 00:13:55.980 9 INFO neutron.api.wsgi [None req-0c5a2c65-be89-40f4-9371-d8ef8968ee70 806d022ebbd64aaf924ab32dc0dbcf51 1e66239ffd134df0b5e0f27aeec3132a - - default default] 10.0.0.197 "POST /v2.0/security-groups HTTP/1.1" status: 201 len: 1861 time: 0.2525544
2026-07-15 00:13:55.992 10 WARNING neutron_lib.context [None req-607ad6df-5347-4d29-b56f-04231ff70097 806d022ebbd64aaf924ab32dc0dbcf51 1e66239ffd134df0b5e0f27aeec3132a - - default default] Method 'is_advsvc' is deprecated since 2023.2 release (neutron-lib 3.8.0) and will be removed once support for the old RBAC API policies will be removed from Neutron. Please use method 'is_service_role' instead.
2026-07-15 00:13:56.137 10 INFO neutron.db.ovn_revision_numbers_db [None req-607ad6df-5347-4d29-b56f-04231ff70097 806d022ebbd64aaf924ab32dc0dbcf51 1e66239ffd134df0b5e0f27aeec3132a - - default default] Successfully bumped revision number for resource 414bd55f-6917-4642-8946-9ee2844bd51e (type: security_group_rules) to 0
2026-07-15 00:13:56.172 10 INFO neutron.api.wsgi [None req-607ad6df-5347-4d29-b56f-04231ff70097 806d022ebbd64aaf924ab32dc0dbcf51 1e66239ffd134df0b5e0f27aeec3132a - - default default] 10.0.0.197 "POST /v2.0/security-group-rules HTTP/1.1" status: 201 len: 796 time: 0.1842880
2026-07-15 00:13:56.180 10 WARNING neutron_lib.context [None req-261598d3-895a-4421-8f34-d658dce26664 806d022ebbd64aaf924ab32dc0dbcf51 1e66239ffd134df0b5e0f27aeec3132a - - default default] Method 'is_advsvc' is deprecated since 2023.2 release (neutron-lib 3.8.0) and will be removed once support for the old RBAC API policies will be removed from Neutron. Please use method 'is_service_role' instead.
2026-07-15 00:13:56.242 9 INFO neutron.db.ovn_revision_numbers_db [None req-9ec8e8f4-d66c-4317-9840-12114893d33d 6142015d0a1344e1b19a43cb150746a0 cfc21a9e08e043d1990bb51e10f88c7f - - default default] Successfully bumped revision number for resource 0de6f702-8367-4962-8969-101721acf3fc (type: ports) to 1
2026-07-15 00:13:56.288 9 WARNING neutron.scheduler.dhcp_agent_scheduler [None req-9ec8e8f4-d66c-4317-9840-12114893d33d 6142015d0a1344e1b19a43cb150746a0 cfc21a9e08e043d1990bb51e10f88c7f - - default default] No more DHCP agents
2026-07-15 00:13:56.289 9 WARNING neutron.api.rpc.agentnotifiers.dhcp_rpc_agent_api [None req-9ec8e8f4-d66c-4317-9840-12114893d33d 6142015d0a1344e1b19a43cb150746a0 cfc21a9e08e043d1990bb51e10f88c7f - - default default] Unable to schedule network d174387c-e150-4bb4-a127-054dc8719184: no agents available; will retry on subsequent port and subnet creation events.
2026-07-15 00:13:56.330 10 INFO neutron.db.ovn_revision_numbers_db [None req-261598d3-895a-4421-8f34-d658dce26664 806d022ebbd64aaf924ab32dc0dbcf51 1e66239ffd134df0b5e0f27aeec3132a - - default default] Successfully bumped revision number for resource fda5ea11-3b37-4997-98b0-5b8d51b31710 (type: security_group_rules) to 0
2026-07-15 00:13:56.365 10 INFO neutron.api.wsgi [None req-261598d3-895a-4421-8f34-d658dce26664 806d022ebbd64aaf924ab32dc0dbcf51 1e66239ffd134df0b5e0f27aeec3132a - - default default] 10.0.0.197 "POST /v2.0/security-group-rules HTTP/1.1" status: 201 len: 801 time: 0.1882410
2026-07-15 00:13:56.374 10 WARNING neutron_lib.context [None req-8b8fcd81-1e6e-4bcf-9f7e-abf8b1189710 806d022ebbd64aaf924ab32dc0dbcf51 1e66239ffd134df0b5e0f27aeec3132a - - default default] Method 'is_advsvc' is deprecated since 2023.2 release (neutron-lib 3.8.0) and will be removed once support for the old RBAC API policies will be removed from Neutron. Please use method 'is_service_role' instead.
2026-07-15 00:13:56.492 9 INFO neutron.db.ovn_revision_numbers_db [None req-9ec8e8f4-d66c-4317-9840-12114893d33d 6142015d0a1344e1b19a43cb150746a0 cfc21a9e08e043d1990bb51e10f88c7f - - default default] Successfully bumped revision number for resource 0de6f702-8367-4962-8969-101721acf3fc (type: router_ports) to 1
2026-07-15 00:13:56.498 9 INFO neutron.api.wsgi [None req-9ec8e8f4-d66c-4317-9840-12114893d33d 6142015d0a1344e1b19a43cb150746a0 cfc21a9e08e043d1990bb51e10f88c7f - - default default] 10.0.0.197 "PUT /v2.0/routers/175d3c3b-53f1-49e5-905e-d48540ebbbac/add_router_interface HTTP/1.1" status: 200 len: 503 time: 1.3683972
2026-07-15 00:13:56.574 9 INFO neutron.api.wsgi [None req-d46907b6-c4c6-43b3-8684-378b4a88ecd3 6142015d0a1344e1b19a43cb150746a0 cfc21a9e08e043d1990bb51e10f88c7f - - default default] 10.0.0.197 "GET /v2.0/ports/0de6f702-8367-4962-8969-101721acf3fc HTTP/1.1" status: 200 len: 1135 time: 0.0710154
2026-07-15 00:13:56.617 9 INFO neutron.api.wsgi [None req-d9cebeca-d0a4-4a69-819d-7b49a1df94b4 6142015d0a1344e1b19a43cb150746a0 cfc21a9e08e043d1990bb51e10f88c7f - - default default] 10.0.0.197 "GET /v2.0/ports/0de6f702-8367-4962-8969-101721acf3fc HTTP/1.1" status: 200 len: 1135 time: 0.0364056
2026-07-15 00:13:56.622 10 WARNING neutron.scheduler.dhcp_agent_scheduler [None req-8b8fcd81-1e6e-4bcf-9f7e-abf8b1189710 806d022ebbd64aaf924ab32dc0dbcf51 1e66239ffd134df0b5e0f27aeec3132a - - default default] No more DHCP agents
2026-07-15 00:13:56.623 10 WARNING neutron.api.rpc.agentnotifiers.dhcp_rpc_agent_api [None req-8b8fcd81-1e6e-4bcf-9f7e-abf8b1189710 806d022ebbd64aaf924ab32dc0dbcf51 1e66239ffd134df0b5e0f27aeec3132a - - default default] Unable to schedule network 11c62d4d-75c2-42dc-a014-8b9c456f30a2: no agents available; will retry on subsequent port and subnet creation events.
2026-07-15 00:13:57.003 10 INFO neutron.api.wsgi [req-fde0302c-2abc-4466-a0b5-b48d2c560510 req-5a96fc7a-baf2-42b2-a64d-af45efe36844 682e8349a6264ba9a7f0189fc5a4f691 f4d7ab641c9545ca8053a9f86bc56c70 - - default default] 10.0.0.184 "GET /v2.0/ports?device_id=61fe8ed8-4492-4874-b6c8-656b7d5fe533 HTTP/1.1" status: 200 len: 1170 time: 0.0363359
2026-07-15 00:13:57.019 10 INFO neutron.api.wsgi [None req-8b8fcd81-1e6e-4bcf-9f7e-abf8b1189710 806d022ebbd64aaf924ab32dc0dbcf51 1e66239ffd134df0b5e0f27aeec3132a - - default default] 10.0.0.197 "POST /v2.0/floatingips HTTP/1.1" status: 201 len: 751 time: 0.6482551
2026-07-15 00:13:57.050 10 INFO neutron.api.wsgi [req-fde0302c-2abc-4466-a0b5-b48d2c560510 req-f5824b17-b566-430f-8e7e-3a909b6a2a50 682e8349a6264ba9a7f0189fc5a4f691 f4d7ab641c9545ca8053a9f86bc56c70 - - default default] 10.0.0.184 "GET /v2.0/security-groups?id=c1ca8542-566d-45a9-9348-a1e3953fb306&fields=id&fields=name HTTP/1.1" status: 200 len: 313 time: 0.0411775
2026-07-15 00:13:57.128 10 INFO neutron.api.wsgi [None req-6ece6406-c63e-4e02-b964-0515377229c2 06bbd1ce37784b188c8b912a4d9ab8b3 960b28e35ccd47e99505804431eb5e67 - - default default] 10.0.0.197 "PUT /v2.0/routers/727910e4-2d88-46d5-a54e-c271d82760ad/remove_router_interface HTTP/1.1" status: 200 len: 503 time: 1.1886108 /var/lib/openstack/lib/python3.12/site-packages/pycadf/identifier.py:71: UserWarning: Invalid uuid: neutron. To ensure interoperability, identifiers should be a valid uuid. warnings.warn(('Invalid uuid: %s. To ensure interoperability, '
2026-07-15 00:13:57.417 10 INFO neutron.api.wsgi [req-fb22330a-411d-46f9-a446-8d46b7c2d230 req-377c4c41-e970-44e8-a997-b735c3729746 806d022ebbd64aaf924ab32dc0dbcf51 1e66239ffd134df0b5e0f27aeec3132a - - default default] 10.0.0.184 "GET /v2.0/security-groups?name=tempest-securitygroup--1377027810&fields=id&tenant_id=1e66239ffd134df0b5e0f27aeec3132a HTTP/1.1" status: 200 len: 267 time: 0.0323400
2026-07-15 00:13:57.468 10 INFO neutron.api.wsgi [req-fb22330a-411d-46f9-a446-8d46b7c2d230 req-2626e835-4fc8-4de0-82ce-7d534c71a005 806d022ebbd64aaf924ab32dc0dbcf51 1e66239ffd134df0b5e0f27aeec3132a - - default default] 10.0.0.184 "GET /v2.0/networks?id=7eec5ec0-8d09-4e3c-a422-9aad10a0c633 HTTP/1.1" status: 200 len: 874 time: 0.0441327
2026-07-15 00:13:57.488 10 INFO neutron.api.wsgi [req-fb22330a-411d-46f9-a446-8d46b7c2d230 req-ede78d9d-efd3-48f8-946c-0ddd0e9589ae 806d022ebbd64aaf924ab32dc0dbcf51 1e66239ffd134df0b5e0f27aeec3132a - - default default] 10.0.0.184 "GET /v2.0/quotas/1e66239ffd134df0b5e0f27aeec3132a HTTP/1.1" status: 200 len: 491 time: 0.0137146
2026-07-15 00:13:57.654 9 INFO neutron.api.wsgi [None req-be47cb07-e263-4eba-a28e-71057db7d0d3 6142015d0a1344e1b19a43cb150746a0 cfc21a9e08e043d1990bb51e10f88c7f - - default default] 10.0.0.197 "GET /v2.0/ports/0de6f702-8367-4962-8969-101721acf3fc HTTP/1.1" status: 200 len: 1135 time: 0.0308371
2026-07-15 00:13:57.699 9 INFO neutron.api.wsgi [-] 10.0.0.116 "GET / HTTP/1.1" status: 200 len: 247 time: 0.0024111
2026-07-15 00:13:57.702 9 INFO neutron.api.wsgi [-] 10.0.0.116 "GET / HTTP/1.1" status: 200 len: 247 time: 0.0019817
2026-07-15 00:13:57.762 10 INFO neutron.api.wsgi [req-fb22330a-411d-46f9-a446-8d46b7c2d230 req-21155fb9-2a0c-4867-9857-a9901f77cfee 806d022ebbd64aaf924ab32dc0dbcf51 1e66239ffd134df0b5e0f27aeec3132a - - default default] 10.0.0.184 "GET /v2.0/ports?tenant_id=1e66239ffd134df0b5e0f27aeec3132a&fields=id HTTP/1.1" status: 200 len: 302 time: 0.2712550
2026-07-15 00:13:57.822 10 INFO neutron.api.wsgi [req-fb22330a-411d-46f9-a446-8d46b7c2d230 req-3d03c30a-5a9a-40f9-856b-eb49ddbd689e d5ae2cf065ab44848f923adf2beddf32 4a149269de794c39877fe605b8c6d58d - - f0d5bd53a426406e954dc45cfa6f09c6 f0d5bd53a426406e954dc45cfa6f09c6] 10.0.0.184 "GET /v2.0/networks/7eec5ec0-8d09-4e3c-a422-9aad10a0c633?fields=segments HTTP/1.1" status: 200 len: 212 time: 0.0485356
2026-07-15 00:13:57.900 10 INFO neutron.api.wsgi [req-fb22330a-411d-46f9-a446-8d46b7c2d230 req-31e226b5-87c6-4cb5-a6c2-8d77e5439446 d5ae2cf065ab44848f923adf2beddf32 4a149269de794c39877fe605b8c6d58d - - f0d5bd53a426406e954dc45cfa6f09c6 f0d5bd53a426406e954dc45cfa6f09c6] 10.0.0.184 "GET /v2.0/networks/7eec5ec0-8d09-4e3c-a422-9aad10a0c633?fields=provider%3Aphysical_network&fields=provider%3Anetwork_type HTTP/1.1" status: 200 len: 277 time: 0.0719008
2026-07-15 00:13:58.041 10 INFO neutron.api.wsgi [None req-8376eedc-782f-4765-b7d4-60a065a28fe5 06bbd1ce37784b188c8b912a4d9ab8b3 960b28e35ccd47e99505804431eb5e67 - - default default] 10.0.0.197 "DELETE /v2.0/routers/727910e4-2d88-46d5-a54e-c271d82760ad HTTP/1.1" status: 204 len: 168 time: 0.9083211
2026-07-15 00:13:58.051 10 INFO neutron.api.wsgi [req-c28c4ebe-e964-481e-89f8-9993e1b3e01a req-4f409d1d-9b65-4ae6-88ca-4fb475319b5b 682e8349a6264ba9a7f0189fc5a4f691 f4d7ab641c9545ca8053a9f86bc56c70 - - default default] 199.19.213.73 "GET /v2.0/ports?device_id=61fe8ed8-4492-4874-b6c8-656b7d5fe533 HTTP/1.1" status: 200 len: 1170 time: 0.0566335
2026-07-15 00:13:58.053 10 INFO neutron.api.wsgi [req-224ce21e-be14-4d5b-aae3-c53e1ae04099 req-f6d8ad91-619a-4b49-b58e-a3dbd71544bf 806d022ebbd64aaf924ab32dc0dbcf51 1e66239ffd134df0b5e0f27aeec3132a - - default default] 10.0.0.184 "GET /v2.0/ports?device_id=e534ea01-6212-479c-bf46-055b0d275e2f HTTP/1.1" status: 200 len: 210 time: 0.0262077
2026-07-15 00:13:58.146 10 INFO neutron.api.wsgi [req-d457896c-5dbe-434b-98a4-a8be408c713c req-c09fd4db-1db9-4298-9810-45be60042a4c 682e8349a6264ba9a7f0189fc5a4f691 f4d7ab641c9545ca8053a9f86bc56c70 - - default default] 10.0.0.184 "GET /v2.0/ports?device_id=61fe8ed8-4492-4874-b6c8-656b7d5fe533 HTTP/1.1" status: 200 len: 1170 time: 0.0356359
2026-07-15 00:13:58.186 10 INFO neutron.api.wsgi [req-d457896c-5dbe-434b-98a4-a8be408c713c req-e8faba00-20ba-4d8e-bed6-c21dca04bf82 682e8349a6264ba9a7f0189fc5a4f691 f4d7ab641c9545ca8053a9f86bc56c70 - - default default] 10.0.0.184 "GET /v2.0/security-groups?id=c1ca8542-566d-45a9-9348-a1e3953fb306&fields=id&fields=name HTTP/1.1" status: 200 len: 313 time: 0.0340841
2026-07-15 00:13:58.191 9 INFO neutron.api.wsgi [None req-290e6a21-bb94-4c3d-8212-682bae1cc5f1 06bbd1ce37784b188c8b912a4d9ab8b3 960b28e35ccd47e99505804431eb5e67 - - default default] 10.0.0.197 "DELETE /v2.0/subnets/9713f5af-8a3a-4eb3-b235-7c133ee64f15 HTTP/1.1" status: 204 len: 168 time: 0.1449683
2026-07-15 00:13:58.362 10 INFO neutron.db.l3_db [req-c28c4ebe-e964-481e-89f8-9993e1b3e01a req-f06752d6-6588-4e97-916e-400c04a0de7d 682e8349a6264ba9a7f0189fc5a4f691 f4d7ab641c9545ca8053a9f86bc56c70 - - default default] Floating IP 99cb9b20-8c7c-4f7d-95ff-ea799c07158b disassociated. External IP: 10.96.250.204, port: ebcb66ec-de9b-4620-9dcc-78229dcc1605.
2026-07-15 00:13:58.450 9 INFO neutron.services.segments.plugin [-] Segment 79b66516-0cf2-4f8b-bc39-5ed1b85cca66 resource provider aggregate not found
2026-07-15 00:13:58.457 9 INFO neutron.services.segments.plugin [-] Segment 79b66516-0cf2-4f8b-bc39-5ed1b85cca66 resource provider aggregate not found
2026-07-15 00:13:58.461 9 INFO neutron.services.segments.plugin [-] Segment 79b66516-0cf2-4f8b-bc39-5ed1b85cca66 resource provider not found; error: Placement Client Error (4xx): {"errors": [{"status": 404, "title": "Not Found", "detail": "The resource could not be found.\n\n No resource provider with uuid 79b66516-0cf2-4f8b-bc39-5ed1b85cca66 found for delete ", "request_id": "req-e2646ad0-6d93-4ada-902f-accbf60293e0"}]}
2026-07-15 00:13:58.466 10 INFO neutron.api.wsgi [req-c28c4ebe-e964-481e-89f8-9993e1b3e01a req-f06752d6-6588-4e97-916e-400c04a0de7d 682e8349a6264ba9a7f0189fc5a4f691 f4d7ab641c9545ca8053a9f86bc56c70 - - default default] 199.19.213.73 "DELETE /v2.0/ports/ebcb66ec-de9b-4620-9dcc-78229dcc1605 HTTP/1.1" status: 204 len: 173 time: 0.4099236
2026-07-15 00:13:58.468 9 INFO neutron.services.segments.plugin [-] Segment 79b66516-0cf2-4f8b-bc39-5ed1b85cca66 resource provider not found; error: Placement Client Error (4xx): {"errors": [{"status": 404, "title": "Not Found", "detail": "The resource could not be found.\n\n No resource provider with uuid 79b66516-0cf2-4f8b-bc39-5ed1b85cca66 found for delete ", "request_id": "req-8d580903-d407-4b2b-9466-46b70dca63ed"}]}
2026-07-15 00:13:58.491 9 INFO neutron.api.wsgi [None req-ff9943b9-01b7-4b44-aad5-f09991321bc5 06bbd1ce37784b188c8b912a4d9ab8b3 960b28e35ccd47e99505804431eb5e67 - - default default] 10.0.0.197 "DELETE /v2.0/networks/883e84a3-1c40-4688-83f5-113a52d1dd15 HTTP/1.1" status: 204 len: 168 time: 0.2949851
2026-07-15 00:13:58.495 10 INFO neutron.notifiers.nova [-] Nova event matching ['req-8078a0df-87df-44a0-a908-9accc70b8be2'] response: {'server_uuid': '61fe8ed8-4492-4874-b6c8-656b7d5fe533', 'name': 'network-vif-deleted', 'tag': 'ebcb66ec-de9b-4620-9dcc-78229dcc1605', 'status': 'completed', 'code': 200} /var/lib/openstack/lib/python3.12/site-packages/pycadf/identifier.py:71: UserWarning: Invalid uuid: neutron. To ensure interoperability, identifiers should be a valid uuid. warnings.warn(('Invalid uuid: %s. To ensure interoperability, '
2026-07-15 00:13:58.612 10 INFO neutron.api.wsgi [None req-49ac014f-c376-44ff-81d9-b7f1f307dcc1 06bbd1ce37784b188c8b912a4d9ab8b3 960b28e35ccd47e99505804431eb5e67 - - default default] 10.0.0.197 "GET /v2.0/security-groups?tenant_id=ffa1154696dc4003a1f0148d4814c45a&name=default HTTP/1.1" status: 200 len: 3120 time: 0.0349329
2026-07-15 00:13:58.738 10 INFO neutron.api.wsgi [None req-d596801b-b9eb-4ae7-b33c-0b69409eb163 6142015d0a1344e1b19a43cb150746a0 cfc21a9e08e043d1990bb51e10f88c7f - - default default] 10.0.0.197 "GET /v2.0/ports/0de6f702-8367-4962-8969-101721acf3fc HTTP/1.1" status: 200 len: 1135 time: 0.0789225
2026-07-15 00:13:58.826 10 INFO neutron.api.wsgi [None req-0177c3d7-9d92-4cf2-bc9a-d37cb0a24ea2 06bbd1ce37784b188c8b912a4d9ab8b3 960b28e35ccd47e99505804431eb5e67 - - default default] 10.0.0.197 "DELETE /v2.0/security-groups/9465acb1-ba14-4d27-9cad-33280274fd14 HTTP/1.1" status: 204 len: 168 time: 0.2092993
2026-07-15 00:13:59.131 10 INFO neutron.api.wsgi [req-7b06a739-4244-4899-9a75-21924248b3b7 req-20e274ca-5d1b-4893-8314-d36986d64637 806d022ebbd64aaf924ab32dc0dbcf51 1e66239ffd134df0b5e0f27aeec3132a - - default default] 10.0.0.184 "GET /v2.0/ports?device_id=e534ea01-6212-479c-bf46-055b0d275e2f HTTP/1.1" status: 200 len: 210 time: 0.0210588
2026-07-15 00:13:59.278 10 INFO neutron.api.wsgi [req-8882ba97-af36-4724-b08b-698343eb8f29 req-58772424-9f1e-4da7-9183-30cc650cffc7 682e8349a6264ba9a7f0189fc5a4f691 f4d7ab641c9545ca8053a9f86bc56c70 - - default default] 10.0.0.184 "GET /v2.0/ports?device_id=61fe8ed8-4492-4874-b6c8-656b7d5fe533 HTTP/1.1" status: 200 len: 210 time: 0.0181203
2026-07-15 00:13:59.279 9 WARNING neutron.plugins.ml2.drivers.ovn.mech_driver.ovsdb.ovn_client [None req-cb25f68c-0a84-469f-acbc-5e32d88301b3 - - - - - -] No hosting information found for port 4f6b562e-6f22-4ce2-90ec-d77cd5641eb0: RuntimeError: No hosting information found for port 4f6b562e-6f22-4ce2-90ec-d77cd5641eb0
2026-07-15 00:13:59.279 9 INFO neutron.plugins.ml2.drivers.ovn.mech_driver.mech_driver [None req-cb25f68c-0a84-469f-acbc-5e32d88301b3 - - - - - -] OVN reports status up for port: 28906ead-b58b-4123-9efb-13a068cdb050
2026-07-15 00:13:59.287 9 INFO neutron.plugins.ml2.plugin [None req-cb25f68c-0a84-469f-acbc-5e32d88301b3 - - - - - -] Attempt 1 to provision port 28906ead-b58b-4123-9efb-13a068cdb050
2026-07-15 00:13:59.600 9 INFO neutron.db.ovn_revision_numbers_db [None req-cb25f68c-0a84-469f-acbc-5e32d88301b3 - - - - - -] Successfully bumped revision number for resource 28906ead-b58b-4123-9efb-13a068cdb050 (type: ports) to 2
2026-07-15 00:13:59.775 9 INFO neutron.api.wsgi [None req-fd7ceca0-045d-4b88-a86c-e5ad9a05f6d3 6142015d0a1344e1b19a43cb150746a0 cfc21a9e08e043d1990bb51e10f88c7f - - default default] 10.0.0.197 "GET /v2.0/ports/0de6f702-8367-4962-8969-101721acf3fc HTTP/1.1" status: 200 len: 1135 time: 0.0312731
