2026-07-15 00:14:33.446 9 INFO neutron.db.securitygroups_db [None req-69becedd-6b81-49e3-aaf5-fab4ad24b456 52fcc9fe900243408ce0473fbc804f08 bbec544cdd0146c0b489bbec4dd4c9bc - - default default] Project bbec544cdd0146c0b489bbec4dd4c9bc added a security group rule with legacy IPv6 ICMP protocol name icmp, ipv6-icmp should be used instead. It was automatically converted.
2026-07-15 00:14:33.530 9 INFO neutron.db.ovn_revision_numbers_db [None req-69becedd-6b81-49e3-aaf5-fab4ad24b456 52fcc9fe900243408ce0473fbc804f08 bbec544cdd0146c0b489bbec4dd4c9bc - - default default] Successfully bumped revision number for resource b38349d6-e9d2-4a09-8c52-9228fbb28aac (type: security_group_rules) to 0
2026-07-15 00:14:33.562 9 INFO neutron.api.wsgi [None req-69becedd-6b81-49e3-aaf5-fab4ad24b456 52fcc9fe900243408ce0473fbc804f08 bbec544cdd0146c0b489bbec4dd4c9bc - - default default] 10.0.0.197 "POST /v2.0/security-group-rules HTTP/1.1" status: 201 len: 806 time: 0.1532025
2026-07-15 00:14:33.592 9 INFO neutron.api.wsgi [None req-50b15265-3ec1-4cfd-968d-9641447c2ec8 52fcc9fe900243408ce0473fbc804f08 bbec544cdd0146c0b489bbec4dd4c9bc - - default default] 10.0.0.197 "GET /v2.0/security-group-rules/b38349d6-e9d2-4a09-8c52-9228fbb28aac HTTP/1.1" status: 200 len: 801 time: 0.0229750
2026-07-15 00:14:33.650 9 INFO neutron.api.wsgi [None req-bed5e8b5-ae16-487e-996c-48092c0ece41 52fcc9fe900243408ce0473fbc804f08 bbec544cdd0146c0b489bbec4dd4c9bc - - default default] 10.0.0.197 "GET /v2.0/security-group-rules HTTP/1.1" status: 200 len: 4339 time: 0.0528722
2026-07-15 00:14:33.684 9 WARNING neutron.scheduler.dhcp_agent_scheduler [None req-4f0a1111-b799-4bd4-a9d6-c8e407a70dbb 305f50acc5f447819dfbfdab9879bfa8 7a6892361988445ebb5a476708f2ccb7 - - default default] No more DHCP agents
2026-07-15 00:14:33.685 9 WARNING neutron.api.rpc.agentnotifiers.dhcp_rpc_agent_api [None req-4f0a1111-b799-4bd4-a9d6-c8e407a70dbb 305f50acc5f447819dfbfdab9879bfa8 7a6892361988445ebb5a476708f2ccb7 - - default default] Unable to schedule network becd8bcf-c484-40eb-8e3d-c456c02a03f1: no agents available; will retry on subsequent port and subnet creation events.
2026-07-15 00:14:33.691 10 INFO neutron.api.wsgi [req-6ba24637-bc58-438d-ac00-51460494f2aa req-bba2498b-5cf0-4f77-8c90-b913734a98f3 cd8355ce737242abbd67a95a52e1185f 6c523a8fd9a140a6aea6f916d3973701 - - default default] 10.0.0.184 "GET /v2.0/ports?device_id=a5b3c2cc-1d32-468a-9662-16b06da0c415 HTTP/1.1" status: 200 len: 210 time: 0.0243666
2026-07-15 00:14:33.694 10 WARNING neutron.scheduler.dhcp_agent_scheduler [None req-9c043f61-df32-47e9-8ee0-d6f2e5250604 cef67e2043744f07be993b562d045d78 ffe5bc38e6ca48eabc6c50cc764ac196 - - default default] No more DHCP agents
2026-07-15 00:14:33.697 10 WARNING neutron.api.rpc.agentnotifiers.dhcp_rpc_agent_api [None req-9c043f61-df32-47e9-8ee0-d6f2e5250604 cef67e2043744f07be993b562d045d78 ffe5bc38e6ca48eabc6c50cc764ac196 - - default default] Unable to schedule network 5c847b80-13ec-4bbc-8ee4-1ee0e4ce2440: no agents available; will retry on subsequent port and subnet creation events.
2026-07-15 00:14:33.715 10 INFO neutron.api.wsgi [req-51023fb5-cc8f-44b3-abc9-092f6c7a0759 req-2a0e11b0-27ee-4073-9245-30ddac8d5309 cd8355ce737242abbd67a95a52e1185f 6c523a8fd9a140a6aea6f916d3973701 - - default default] 199.19.213.73 "DELETE /v2.0/ports/b19f067d-e3b3-4fda-917f-21c60fa5e685 HTTP/1.1" status: 204 len: 173 time: 0.5751801
2026-07-15 00:14:33.764 10 INFO neutron.db.ovn_revision_numbers_db [None req-9c043f61-df32-47e9-8ee0-d6f2e5250604 cef67e2043744f07be993b562d045d78 ffe5bc38e6ca48eabc6c50cc764ac196 - - default default] Successfully bumped revision number for resource d1ff5a3a-e4f0-424d-9784-30145853072f (type: ports) to 1
2026-07-15 00:14:33.781 10 INFO neutron.api.wsgi [None req-9c043f61-df32-47e9-8ee0-d6f2e5250604 cef67e2043744f07be993b562d045d78 ffe5bc38e6ca48eabc6c50cc764ac196 - - default default] 10.0.0.197 "POST /v2.0/networks HTTP/1.1" status: 201 len: 842 time: 1.2317150
2026-07-15 00:14:33.784 10 INFO neutron.api.wsgi [None req-d40e9071-0ba5-450e-97a2-c75609c69ae2 52fcc9fe900243408ce0473fbc804f08 bbec544cdd0146c0b489bbec4dd4c9bc - - default default] 10.0.0.197 "DELETE /v2.0/security-group-rules/b38349d6-e9d2-4a09-8c52-9228fbb28aac HTTP/1.1" status: 204 len: 168 time: 0.1303601
2026-07-15 00:14:33.817 9 WARNING neutron_lib.context [None req-d34b18a1-a2e4-4b32-8cce-e546b77ab3db cef67e2043744f07be993b562d045d78 ffe5bc38e6ca48eabc6c50cc764ac196 - - default default] Method 'is_advsvc' is deprecated since 2023.2 release (neutron-lib 3.8.0) and will be removed once support for the old RBAC API policies will be removed from Neutron. Please use method 'is_service_role' instead.
2026-07-15 00:14:33.836 10 INFO neutron.api.wsgi [None req-fb591d37-116d-4bee-9dff-b346bd508bb1 52fcc9fe900243408ce0473fbc804f08 bbec544cdd0146c0b489bbec4dd4c9bc - - default default] 10.0.0.197 "GET /v2.0/security-group-rules HTTP/1.1" status: 200 len: 3755 time: 0.0461140
2026-07-15 00:14:33.942 10 INFO neutron.api.wsgi [None req-c91565a2-3275-45ce-9487-d79e24d342fa 52fcc9fe900243408ce0473fbc804f08 bbec544cdd0146c0b489bbec4dd4c9bc - - default default] 10.0.0.197 "DELETE /v2.0/security-groups/fa867ebd-c515-42e9-8d03-e8502e4702eb HTTP/1.1" status: 204 len: 168 time: 0.1017005
2026-07-15 00:14:33.979 10 INFO neutron.api.wsgi [None req-fdf90f6a-a6a4-46f8-8d99-c5fca3d7a92e 52fcc9fe900243408ce0473fbc804f08 bbec544cdd0146c0b489bbec4dd4c9bc - - default default] 10.0.0.197 "GET /v2.0/security-groups HTTP/1.1" status: 200 len: 3120 time: 0.0323529
2026-07-15 00:14:34.009 10 INFO neutron.api.wsgi [None req-0497996e-2dc7-4385-8bdf-320bfdf1489b 52fcc9fe900243408ce0473fbc804f08 bbec544cdd0146c0b489bbec4dd4c9bc - - default default] 10.0.0.197 "GET /v2.0/security-groups HTTP/1.1" status: 200 len: 3120 time: 0.0249007
2026-07-15 00:14:34.044 9 WARNING neutron.scheduler.dhcp_agent_scheduler [None req-d34b18a1-a2e4-4b32-8cce-e546b77ab3db cef67e2043744f07be993b562d045d78 ffe5bc38e6ca48eabc6c50cc764ac196 - - default default] No more DHCP agents
2026-07-15 00:14:34.045 9 WARNING neutron.api.rpc.agentnotifiers.dhcp_rpc_agent_api [None req-d34b18a1-a2e4-4b32-8cce-e546b77ab3db cef67e2043744f07be993b562d045d78 ffe5bc38e6ca48eabc6c50cc764ac196 - - default default] Unable to schedule network 5c847b80-13ec-4bbc-8ee4-1ee0e4ce2440: no agents available; will retry on subsequent port and subnet creation events.
2026-07-15 00:14:34.142 9 INFO neutron.db.ovn_revision_numbers_db [None req-a2ffce9a-d2e1-4604-b3eb-028d5625b5ad - - - - - -] Successfully bumped revision number for resource a9e9bc47-727c-40f7-a4c1-0ca83182e280 (type: ports) to 2
2026-07-15 00:14:34.173 9 INFO neutron.db.ovn_revision_numbers_db [None req-a2ffce9a-d2e1-4604-b3eb-028d5625b5ad - - - - - -] Successfully bumped revision number for resource c4d5aa0b-7f63-402f-9d16-dbf5e2e56752 (type: subnets) to 0
2026-07-15 00:14:34.220 9 WARNING neutron.scheduler.dhcp_agent_scheduler [None req-4f0a1111-b799-4bd4-a9d6-c8e407a70dbb 305f50acc5f447819dfbfdab9879bfa8 7a6892361988445ebb5a476708f2ccb7 - - default default] No more DHCP agents
2026-07-15 00:14:34.223 9 WARNING neutron.api.rpc.agentnotifiers.dhcp_rpc_agent_api [None req-4f0a1111-b799-4bd4-a9d6-c8e407a70dbb 305f50acc5f447819dfbfdab9879bfa8 7a6892361988445ebb5a476708f2ccb7 - - default default] Unable to schedule network a8fbe9f0-19e5-4d9b-a54d-b54254cdba9b: no agents available; will retry on subsequent port and subnet creation events.
2026-07-15 00:14:34.585 10 INFO neutron.api.wsgi [None req-7df59530-1fa4-46a1-9d2c-e0415ef51542 06bbd1ce37784b188c8b912a4d9ab8b3 960b28e35ccd47e99505804431eb5e67 - - default default] 10.0.0.197 "GET /v2.0/security-groups?tenant_id=bbec544cdd0146c0b489bbec4dd4c9bc&name=default HTTP/1.1" status: 200 len: 3120 time: 0.1097105
2026-07-15 00:14:34.714 9 INFO neutron.db.ovn_revision_numbers_db [None req-3b808bce-b423-443e-998c-2dcf943231ab - - - - - -] Successfully bumped revision number for resource d1ff5a3a-e4f0-424d-9784-30145853072f (type: ports) to 2
2026-07-15 00:14:34.741 9 INFO neutron.db.ovn_revision_numbers_db [None req-3b808bce-b423-443e-998c-2dcf943231ab - - - - - -] Successfully bumped revision number for resource 218850f8-3386-43a0-ac0f-ee0c64629d54 (type: subnets) to 0
2026-07-15 00:14:34.757 9 INFO neutron.api.wsgi [None req-d34b18a1-a2e4-4b32-8cce-e546b77ab3db cef67e2043744f07be993b562d045d78 ffe5bc38e6ca48eabc6c50cc764ac196 - - default default] 10.0.0.197 "POST /v2.0/subnets HTTP/1.1" status: 201 len: 840 time: 0.9440532
2026-07-15 00:14:34.768 9 WARNING neutron_lib.context [None req-e67577a6-766e-47f6-8c50-32bb9d3fcf3a cef67e2043744f07be993b562d045d78 ffe5bc38e6ca48eabc6c50cc764ac196 - - default default] Method 'is_advsvc' is deprecated since 2023.2 release (neutron-lib 3.8.0) and will be removed once support for the old RBAC API policies will be removed from Neutron. Please use method 'is_service_role' instead.
2026-07-15 00:14:34.776 10 INFO neutron.api.wsgi [None req-680e59ff-23a4-4cd8-8d1b-1f1c3d4e660a 06bbd1ce37784b188c8b912a4d9ab8b3 960b28e35ccd47e99505804431eb5e67 - - default default] 10.0.0.197 "DELETE /v2.0/security-groups/12037327-bafd-4839-8644-d1fd2d9c25a3 HTTP/1.1" status: 204 len: 168 time: 0.1857741
2026-07-15 00:14:34.794 10 INFO neutron.api.wsgi [req-4cd20a41-047b-4929-b7d9-cf3ac31ef58f req-2bd53bd9-5466-4c1a-bea8-d39c0cbc32e4 cd8355ce737242abbd67a95a52e1185f 6c523a8fd9a140a6aea6f916d3973701 - - default default] 10.0.0.184 "GET /v2.0/ports?device_id=a5b3c2cc-1d32-468a-9662-16b06da0c415 HTTP/1.1" status: 200 len: 210 time: 0.0147471
2026-07-15 00:14:34.850 9 INFO neutron.db.segments_db [None req-e67577a6-766e-47f6-8c50-32bb9d3fcf3a cef67e2043744f07be993b562d045d78 ffe5bc38e6ca48eabc6c50cc764ac196 - - default default] Added segment 3b135b75-53a3-4544-bf1a-935f932cb1ec of type geneve for network 08cc0244-0694-4bee-a76b-010847ba62a7
2026-07-15 00:14:34.872 9 INFO neutron.db.ovn_revision_numbers_db [None req-a35af44d-a12e-41fc-a722-39169c36e0ca - - - - - -] Successfully bumped revision number for resource 907e1f63-34d8-403f-ad09-b9dddca7f32a (type: ports) to 2
2026-07-15 00:14:34.919 9 INFO neutron.db.ovn_revision_numbers_db [None req-a35af44d-a12e-41fc-a722-39169c36e0ca - - - - - -] Successfully bumped revision number for resource 9ef54607-69a7-48b8-8288-dd897793ba7f (type: subnets) to 0
2026-07-15 00:14:34.940 9 INFO neutron.api.wsgi [None req-4f0a1111-b799-4bd4-a9d6-c8e407a70dbb 305f50acc5f447819dfbfdab9879bfa8 7a6892361988445ebb5a476708f2ccb7 - - default default] 10.0.0.197 "POST /v2.0/subnets HTTP/1.1" status: 201 len: 1473 time: 1.5980392
2026-07-15 00:14:34.990 10 INFO neutron.api.wsgi [None req-ed39697d-3d63-4ce4-86eb-9b243d7daaac 305f50acc5f447819dfbfdab9879bfa8 7a6892361988445ebb5a476708f2ccb7 - - default default] 10.0.0.197 "GET /v2.0/subnets HTTP/1.1" status: 200 len: 2104 time: 0.0453475
2026-07-15 00:14:34.993 9 INFO neutron.db.ovn_revision_numbers_db [None req-e67577a6-766e-47f6-8c50-32bb9d3fcf3a cef67e2043744f07be993b562d045d78 ffe5bc38e6ca48eabc6c50cc764ac196 - - default default] Successfully bumped revision number for resource 08cc0244-0694-4bee-a76b-010847ba62a7 (type: networks) to 1
2026-07-15 00:14:35.124 10 INFO neutron.api.wsgi [None req-d32e3029-192d-4a37-a479-575706a06e46 305f50acc5f447819dfbfdab9879bfa8 7a6892361988445ebb5a476708f2ccb7 - - default default] 10.0.0.197 "DELETE /v2.0/subnets/c4d5aa0b-7f63-402f-9d16-dbf5e2e56752 HTTP/1.1" status: 204 len: 168 time: 0.1253142
2026-07-15 00:14:35.148 9 WARNING neutron.scheduler.dhcp_agent_scheduler [None req-e67577a6-766e-47f6-8c50-32bb9d3fcf3a cef67e2043744f07be993b562d045d78 ffe5bc38e6ca48eabc6c50cc764ac196 - - default default] No more DHCP agents
2026-07-15 00:14:35.149 9 WARNING neutron.api.rpc.agentnotifiers.dhcp_rpc_agent_api [None req-e67577a6-766e-47f6-8c50-32bb9d3fcf3a cef67e2043744f07be993b562d045d78 ffe5bc38e6ca48eabc6c50cc764ac196 - - default default] Unable to schedule network 08cc0244-0694-4bee-a76b-010847ba62a7: no agents available; will retry on subsequent port and subnet creation events.
2026-07-15 00:14:35.228 9 INFO neutron.db.ovn_revision_numbers_db [None req-e67577a6-766e-47f6-8c50-32bb9d3fcf3a cef67e2043744f07be993b562d045d78 ffe5bc38e6ca48eabc6c50cc764ac196 - - default default] Successfully bumped revision number for resource e75d56f9-de1a-45b2-84a4-40f47882d47a (type: ports) to 1
2026-07-15 00:14:35.250 9 INFO neutron.api.wsgi [None req-e67577a6-766e-47f6-8c50-32bb9d3fcf3a cef67e2043744f07be993b562d045d78 ffe5bc38e6ca48eabc6c50cc764ac196 - - default default] 10.0.0.197 "POST /v2.0/networks HTTP/1.1" status: 201 len: 841 time: 0.4858470
2026-07-15 00:14:35.250 10 INFO neutron.api.wsgi [None req-a8764614-7fa8-43ba-a134-40cd708089be 305f50acc5f447819dfbfdab9879bfa8 7a6892361988445ebb5a476708f2ccb7 - - default default] 10.0.0.197 "DELETE /v2.0/subnets/9ef54607-69a7-48b8-8288-dd897793ba7f HTTP/1.1" status: 204 len: 168 time: 0.1211557
2026-07-15 00:14:35.271 10 INFO neutron.api.wsgi [None req-701b30ad-56bc-4255-a277-2458b47dd27e 305f50acc5f447819dfbfdab9879bfa8 7a6892361988445ebb5a476708f2ccb7 - - default default] 10.0.0.197 "GET /v2.0/subnets HTTP/1.1" status: 200 len: 843 time: 0.0162671
2026-07-15 00:14:35.381 9 INFO neutron.db.ovn_revision_numbers_db [None req-fb436590-f4cb-49d1-a137-aeb566332655 cef67e2043744f07be993b562d045d78 ffe5bc38e6ca48eabc6c50cc764ac196 - - default default] Successfully bumped revision number for resource 08cc0244-0694-4bee-a76b-010847ba62a7 (type: networks) to 2
2026-07-15 00:14:35.384 9 INFO neutron.api.wsgi [None req-fb436590-f4cb-49d1-a137-aeb566332655 cef67e2043744f07be993b562d045d78 ffe5bc38e6ca48eabc6c50cc764ac196 - - default default] 10.0.0.197 "PUT /v2.0/networks/08cc0244-0694-4bee-a76b-010847ba62a7 HTTP/1.1" status: 200 len: 792 time: 0.1283035
2026-07-15 00:14:35.385 10 INFO neutron.notifiers.nova [-] Nova event matching ['req-545c14f6-8627-443b-a02a-54a7fef21d78'] response: {'server_uuid': 'a5b3c2cc-1d32-468a-9662-16b06da0c415', 'name': 'network-vif-deleted', 'tag': 'b19f067d-e3b3-4fda-917f-21c60fa5e685', 'status': 'completed', 'code': 200}
2026-07-15 00:14:35.394 10 WARNING neutron_lib.context [None req-c62b133e-9e7a-4440-a74e-ba61084588ad cef67e2043744f07be993b562d045d78 ffe5bc38e6ca48eabc6c50cc764ac196 - - default default] Method 'is_advsvc' is deprecated since 2023.2 release (neutron-lib 3.8.0) and will be removed once support for the old RBAC API policies will be removed from Neutron. Please use method 'is_service_role' instead.
2026-07-15 00:14:35.549 10 INFO neutron.services.segments.plugin [-] Segment abf0b15b-c71f-4bf0-836e-c7697339cf48 resource provider aggregate not found
2026-07-15 00:14:35.554 10 INFO neutron.services.segments.plugin [-] Segment abf0b15b-c71f-4bf0-836e-c7697339cf48 resource provider aggregate not found
2026-07-15 00:14:35.562 10 INFO neutron.services.segments.plugin [-] Segment abf0b15b-c71f-4bf0-836e-c7697339cf48 resource provider not found; error: Placement Client Error (4xx): {"errors": [{"status": 404, "title": "Not Found", "detail": "The resource could not be found.\n\n No resource provider with uuid abf0b15b-c71f-4bf0-836e-c7697339cf48 found for delete ", "request_id": "req-f7588f3a-b2d9-4b4f-b4c5-5dbdf19e6b9b"}]}
2026-07-15 00:14:35.564 10 INFO neutron.services.segments.plugin [-] Segment abf0b15b-c71f-4bf0-836e-c7697339cf48 resource provider not found; error: Placement Client Error (4xx): {"errors": [{"status": 404, "title": "Not Found", "detail": "The resource could not be found.\n\n No resource provider with uuid abf0b15b-c71f-4bf0-836e-c7697339cf48 found for delete ", "request_id": "req-83e0ac7c-2538-474c-bd33-26e40f48586c"}]}
2026-07-15 00:14:35.592 10 INFO neutron.api.wsgi [None req-7734d46d-e7e7-4d9d-a4e7-504e9626f6d7 305f50acc5f447819dfbfdab9879bfa8 7a6892361988445ebb5a476708f2ccb7 - - default default] 10.0.0.197 "DELETE /v2.0/networks/a8fbe9f0-19e5-4d9b-a54d-b54254cdba9b HTTP/1.1" status: 204 len: 168 time: 0.3159096
2026-07-15 00:14:35.597 10 WARNING neutron.scheduler.dhcp_agent_scheduler [None req-c62b133e-9e7a-4440-a74e-ba61084588ad cef67e2043744f07be993b562d045d78 ffe5bc38e6ca48eabc6c50cc764ac196 - - default default] No more DHCP agents
2026-07-15 00:14:35.603 10 WARNING neutron.api.rpc.agentnotifiers.dhcp_rpc_agent_api [None req-c62b133e-9e7a-4440-a74e-ba61084588ad cef67e2043744f07be993b562d045d78 ffe5bc38e6ca48eabc6c50cc764ac196 - - default default] Unable to schedule network 08cc0244-0694-4bee-a76b-010847ba62a7: no agents available; will retry on subsequent port and subnet creation events.
2026-07-15 00:14:35.881 10 INFO neutron.api.wsgi [req-a8f889b7-7cb8-4672-a657-f0c720f3bd04 req-14dafd02-d6ea-4bca-a824-981ab6180dac cd8355ce737242abbd67a95a52e1185f 6c523a8fd9a140a6aea6f916d3973701 - - default default] 10.0.0.184 "GET /v2.0/ports?device_id=a5b3c2cc-1d32-468a-9662-16b06da0c415 HTTP/1.1" status: 200 len: 210 time: 0.0229161
2026-07-15 00:14:35.954 10 INFO neutron.api.wsgi [None req-660cb847-175f-4e66-a6bf-dd86ca581f8f 305f50acc5f447819dfbfdab9879bfa8 7a6892361988445ebb5a476708f2ccb7 - - default default] 10.0.0.197 "DELETE /v2.0/networks/becd8bcf-c484-40eb-8e3d-c456c02a03f1 HTTP/1.1" status: 204 len: 168 time: 0.3559883
2026-07-15 00:14:36.069 10 INFO neutron.db.ovn_revision_numbers_db [None req-0d716dc4-4126-4930-b676-225f5699e543 - - - - - -] Successfully bumped revision number for resource e75d56f9-de1a-45b2-84a4-40f47882d47a (type: ports) to 2
2026-07-15 00:14:36.096 10 INFO neutron.db.ovn_revision_numbers_db [None req-0d716dc4-4126-4930-b676-225f5699e543 - - - - - -] Successfully bumped revision number for resource 34c60610-3f3b-433b-af49-ac13cb3de1e2 (type: subnets) to 0
2026-07-15 00:14:36.108 10 INFO neutron.api.wsgi [None req-c62b133e-9e7a-4440-a74e-ba61084588ad cef67e2043744f07be993b562d045d78 ffe5bc38e6ca48eabc6c50cc764ac196 - - default default] 10.0.0.197 "POST /v2.0/subnets HTTP/1.1" status: 201 len: 825 time: 0.7176757
2026-07-15 00:14:36.251 9 INFO neutron.services.segments.plugin [-] Segment bcc75960-f24f-4356-867a-2a579bd4549e resource provider aggregate not found
2026-07-15 00:14:36.254 9 INFO neutron.services.segments.plugin [-] Segment bcc75960-f24f-4356-867a-2a579bd4549e resource provider aggregate not found
2026-07-15 00:14:36.260 9 INFO neutron.services.segments.plugin [-] Segment bcc75960-f24f-4356-867a-2a579bd4549e resource provider not found; error: Placement Client Error (4xx): {"errors": [{"status": 404, "title": "Not Found", "detail": "The resource could not be found.\n\n No resource provider with uuid bcc75960-f24f-4356-867a-2a579bd4549e found for delete ", "request_id": "req-06209d46-3b30-49d8-899f-a375b60263a9"}]}
2026-07-15 00:14:36.268 9 INFO neutron.services.segments.plugin [-] Segment bcc75960-f24f-4356-867a-2a579bd4549e resource provider not found; error: Placement Client Error (4xx): {"errors": [{"status": 404, "title": "Not Found", "detail": "The resource could not be found.\n\n No resource provider with uuid bcc75960-f24f-4356-867a-2a579bd4549e found for delete ", "request_id": "req-10d62342-ff78-4e5f-ab55-954d58b39f3b"}]}
2026-07-15 00:14:36.289 9 INFO neutron.api.wsgi [None req-767a5b5e-52dd-4c02-9a86-579648760d96 305f50acc5f447819dfbfdab9879bfa8 7a6892361988445ebb5a476708f2ccb7 - - default default] 10.0.0.197 "DELETE /v2.0/networks/7c58f3c2-b331-4229-96ea-4bf98eba4f10 HTTP/1.1" status: 204 len: 168 time: 0.3278098
2026-07-15 00:14:36.365 9 INFO neutron.db.ovn_revision_numbers_db [None req-4baa70ca-4ea2-4043-8b10-b252a4b2e1f5 cef67e2043744f07be993b562d045d78 ffe5bc38e6ca48eabc6c50cc764ac196 - - default default] Successfully bumped revision number for resource 34c60610-3f3b-433b-af49-ac13cb3de1e2 (type: subnets) to 1
2026-07-15 00:14:36.367 9 INFO neutron.api.wsgi [None req-4baa70ca-4ea2-4043-8b10-b252a4b2e1f5 cef67e2043744f07be993b562d045d78 ffe5bc38e6ca48eabc6c50cc764ac196 - - default default] 10.0.0.197 "PUT /v2.0/subnets/34c60610-3f3b-433b-af49-ac13cb3de1e2 HTTP/1.1" status: 200 len: 830 time: 0.2534621
2026-07-15 00:14:36.566 10 INFO neutron.api.wsgi [None req-4b0b106b-a070-4a0d-a701-209538a95337 305f50acc5f447819dfbfdab9879bfa8 7a6892361988445ebb5a476708f2ccb7 - - default default] 10.0.0.197 "DELETE /v2.0/networks/d6c0e6a1-a7ca-4efb-ac83-22340507b99f HTTP/1.1" status: 204 len: 168 time: 0.2728336
2026-07-15 00:14:36.782 9 INFO neutron.api.wsgi [None req-f20bc8c4-5e7e-440b-921c-db0e1ccb60a0 cef67e2043744f07be993b562d045d78 ffe5bc38e6ca48eabc6c50cc764ac196 - - default default] 10.0.0.197 "DELETE /v2.0/networks/08cc0244-0694-4bee-a76b-010847ba62a7 HTTP/1.1" status: 204 len: 168 time: 0.4084911
2026-07-15 00:14:36.797 9 INFO neutron.pecan_wsgi.hooks.translation [None req-e9439f0a-e1e0-4d66-ad37-e4490e89499a cef67e2043744f07be993b562d045d78 ffe5bc38e6ca48eabc6c50cc764ac196 - - default default] DELETE failed (client error): The resource could not be found.
2026-07-15 00:14:36.799 9 INFO neutron.api.wsgi [None req-e9439f0a-e1e0-4d66-ad37-e4490e89499a cef67e2043744f07be993b562d045d78 ffe5bc38e6ca48eabc6c50cc764ac196 - - default default] 10.0.0.197 "DELETE /v2.0/networks/08cc0244-0694-4bee-a76b-010847ba62a7 HTTP/1.1" status: 404 len: 339 time: 0.0122237
2026-07-15 00:14:36.860 9 INFO neutron.api.wsgi [None req-88ed63f5-89cc-4675-82bd-ffa9354beea3 cef67e2043744f07be993b562d045d78 ffe5bc38e6ca48eabc6c50cc764ac196 - - default default] 10.0.0.197 "GET /v2.0/networks?router%3Aexternal=True HTTP/1.1" status: 200 len: 845 time: 0.0534968
2026-07-15 00:14:36.891 9 INFO neutron.api.wsgi [None req-d8cccd47-9ed8-4721-9f3a-742b6ad50866 cef67e2043744f07be993b562d045d78 ffe5bc38e6ca48eabc6c50cc764ac196 - - default default] 10.0.0.197 "GET /v2.0/subnets?network_id=11c62d4d-75c2-42dc-a014-8b9c456f30a2 HTTP/1.1" status: 200 len: 843 time: 0.0266078
2026-07-15 00:14:36.903 9 INFO neutron.api.wsgi [None req-aa5548df-c1a5-45cc-bda7-55fac1df9b44 cef67e2043744f07be993b562d045d78 ffe5bc38e6ca48eabc6c50cc764ac196 - - default default] 10.0.0.197 "GET /v2.0/extensions HTTP/1.1" status: 200 len: 19293 time: 0.0062129
2026-07-15 00:14:36.965 9 INFO neutron.api.wsgi [None req-2777dba0-b05f-43c5-ab3e-16c7fbf1df66 cef67e2043744f07be993b562d045d78 ffe5bc38e6ca48eabc6c50cc764ac196 - - default default] 10.0.0.197 "GET /v2.0/networks HTTP/1.1" status: 200 len: 1503 time: 0.0525892
2026-07-15 00:14:37.007 9 INFO neutron.api.wsgi [None req-7c4456db-1565-4b73-93ed-721581691d04 cef67e2043744f07be993b562d045d78 ffe5bc38e6ca48eabc6c50cc764ac196 - - default default] 10.0.0.197 "GET /v2.0/subnets HTTP/1.1" status: 200 len: 1475 time: 0.0336854
2026-07-15 00:14:37.054 9 INFO neutron.api.wsgi [None req-a21d5926-bb18-4888-ac35-ad18e2d3e2cf cef67e2043744f07be993b562d045d78 ffe5bc38e6ca48eabc6c50cc764ac196 - - default default] 10.0.0.197 "GET /v2.0/networks/5c847b80-13ec-4bbc-8ee4-1ee0e4ce2440 HTTP/1.1" status: 200 len: 862 time: 0.0405195
2026-07-15 00:14:37.083 9 INFO neutron.api.wsgi [None req-29aeb124-a8c2-42af-b653-1ef9af75284e cef67e2043744f07be993b562d045d78 ffe5bc38e6ca48eabc6c50cc764ac196 - - default default] 10.0.0.197 "GET /v2.0/subnets/218850f8-3386-43a0-ac0f-ee0c64629d54 HTTP/1.1" status: 200 len: 835 time: 0.0223444
2026-07-15 00:14:37.110 10 INFO neutron.pecan_wsgi.hooks.translation [None req-c18011d7-d173-457b-ab6f-a613a65f05b0 cef67e2043744f07be993b562d045d78 ffe5bc38e6ca48eabc6c50cc764ac196 - - default default] DELETE failed (client error): The resource could not be found.
2026-07-15 00:14:37.113 10 INFO neutron.api.wsgi [None req-c18011d7-d173-457b-ab6f-a613a65f05b0 cef67e2043744f07be993b562d045d78 ffe5bc38e6ca48eabc6c50cc764ac196 - - default default] 10.0.0.197 "DELETE /v2.0/subnets/34c60610-3f3b-433b-af49-ac13cb3de1e2 HTTP/1.1" status: 404 len: 337 time: 0.0196288
2026-07-15 00:14:37.134 9 INFO neutron.pecan_wsgi.hooks.translation [None req-11d03153-f8df-4a6c-a0f2-9757fca2cfa2 cef67e2043744f07be993b562d045d78 ffe5bc38e6ca48eabc6c50cc764ac196 - - default default] DELETE failed (client error): The resource could not be found.
2026-07-15 00:14:37.137 9 INFO neutron.api.wsgi [None req-11d03153-f8df-4a6c-a0f2-9757fca2cfa2 cef67e2043744f07be993b562d045d78 ffe5bc38e6ca48eabc6c50cc764ac196 - - default default] 10.0.0.197 "DELETE /v2.0/networks/08cc0244-0694-4bee-a76b-010847ba62a7 HTTP/1.1" status: 404 len: 339 time: 0.0171425
2026-07-15 00:14:37.192 10 INFO neutron.api.wsgi [None req-7647a171-5754-45d6-9e38-a21825368436 06bbd1ce37784b188c8b912a4d9ab8b3 960b28e35ccd47e99505804431eb5e67 - - default default] 10.0.0.197 "GET /v2.0/security-groups?tenant_id=7a6892361988445ebb5a476708f2ccb7&name=default HTTP/1.1" status: 200 len: 3120 time: 0.1987293
2026-07-15 00:14:37.326 9 INFO neutron.api.wsgi [None req-ea9ff4a0-3c6a-4ad0-bf13-2130ec7ff904 cef67e2043744f07be993b562d045d78 ffe5bc38e6ca48eabc6c50cc764ac196 - - default default] 10.0.0.197 "DELETE /v2.0/subnets/218850f8-3386-43a0-ac0f-ee0c64629d54 HTTP/1.1" status: 204 len: 168 time: 0.1836903
2026-07-15 00:14:37.426 9 INFO neutron.api.wsgi [None req-cace5c78-9169-43fb-a2ea-451fb2c36b08 06bbd1ce37784b188c8b912a4d9ab8b3 960b28e35ccd47e99505804431eb5e67 - - default default] 10.0.0.197 "DELETE /v2.0/security-groups/dca3a50f-b8f9-4e73-bb97-a19cb38c9308 HTTP/1.1" status: 204 len: 168 time: 0.2289064
2026-07-15 00:14:37.575 10 INFO neutron.services.segments.plugin [-] Segment f5f8947f-92e6-4998-a6c8-34cd0798e376 resource provider aggregate not found
2026-07-15 00:14:37.581 10 INFO neutron.services.segments.plugin [-] Segment f5f8947f-92e6-4998-a6c8-34cd0798e376 resource provider aggregate not found
2026-07-15 00:14:37.586 10 INFO neutron.services.segments.plugin [-] Segment f5f8947f-92e6-4998-a6c8-34cd0798e376 resource provider not found; error: Placement Client Error (4xx): {"errors": [{"status": 404, "title": "Not Found", "detail": "The resource could not be found.\n\n No resource provider with uuid f5f8947f-92e6-4998-a6c8-34cd0798e376 found for delete ", "request_id": "req-95e2763e-8ac0-4381-81dc-f6d8421df9da"}]}
2026-07-15 00:14:37.593 10 INFO neutron.services.segments.plugin [-] Segment f5f8947f-92e6-4998-a6c8-34cd0798e376 resource provider not found; error: Placement Client Error (4xx): {"errors": [{"status": 404, "title": "Not Found", "detail": "The resource could not be found.\n\n No resource provider with uuid f5f8947f-92e6-4998-a6c8-34cd0798e376 found for delete ", "request_id": "req-ba06d6a0-a013-409c-a39f-4c4f19f7a6e1"}]}
2026-07-15 00:14:37.595 10 INFO neutron.services.segments.plugin [-] Segment 25a58b51-e2fd-487f-b6b3-5532e112c50e resource provider aggregate not found
2026-07-15 00:14:37.605 10 INFO neutron.services.segments.plugin [-] Segment 25a58b51-e2fd-487f-b6b3-5532e112c50e resource provider aggregate not found
2026-07-15 00:14:37.608 10 INFO neutron.services.segments.plugin [-] Segment 25a58b51-e2fd-487f-b6b3-5532e112c50e resource provider not found; error: Placement Client Error (4xx): {"errors": [{"status": 404, "title": "Not Found", "detail": "The resource could not be found.\n\n No resource provider with uuid 25a58b51-e2fd-487f-b6b3-5532e112c50e found for delete ", "request_id": "req-efeb2215-23df-46cf-9253-8082abfd956d"}]}
2026-07-15 00:14:37.615 10 INFO neutron.services.segments.plugin [-] Segment 25a58b51-e2fd-487f-b6b3-5532e112c50e resource provider not found; error: Placement Client Error (4xx): {"errors": [{"status": 404, "title": "Not Found", "detail": "The resource could not be found.\n\n No resource provider with uuid 25a58b51-e2fd-487f-b6b3-5532e112c50e found for delete ", "request_id": "req-29c11c61-600d-4d50-8174-024960d6e038"}]}
2026-07-15 00:14:37.619 9 INFO neutron.api.wsgi [None req-7ffd0115-ffe3-4ca4-8c64-ff0a519f27a4 cef67e2043744f07be993b562d045d78 ffe5bc38e6ca48eabc6c50cc764ac196 - - default default] 10.0.0.197 "DELETE /v2.0/networks/5c847b80-13ec-4bbc-8ee4-1ee0e4ce2440 HTTP/1.1" status: 204 len: 168 time: 0.2858641
2026-07-15 00:14:37.825 10 INFO neutron.api.wsgi [None req-47d42e28-738a-4f02-961d-add1bbb2623e 06bbd1ce37784b188c8b912a4d9ab8b3 960b28e35ccd47e99505804431eb5e67 - - default default] 10.0.0.197 "PUT /v2.0/routers/22c3fc65-ccce-47dd-b70a-a3b59b0b996f/remove_router_interface HTTP/1.1" status: 200 len: 503 time: 0.8812423 /var/lib/openstack/lib/python3.12/site-packages/pycadf/identifier.py:71: UserWarning: Invalid uuid: neutron. To ensure interoperability, identifiers should be a valid uuid. warnings.warn(('Invalid uuid: %s. To ensure interoperability, '
2026-07-15 00:14:38.185 9 INFO neutron.api.wsgi [None req-c8bb8d07-e06c-4db7-b2aa-3c9c86354c37 06bbd1ce37784b188c8b912a4d9ab8b3 960b28e35ccd47e99505804431eb5e67 - - default default] 10.0.0.197 "GET /v2.0/security-groups?tenant_id=ffe5bc38e6ca48eabc6c50cc764ac196&name=default HTTP/1.1" status: 200 len: 3120 time: 0.1317837
2026-07-15 00:14:38.280 9 INFO neutron.services.segments.plugin [-] Segment 3b135b75-53a3-4544-bf1a-935f932cb1ec resource provider aggregate not found
2026-07-15 00:14:38.282 9 INFO neutron.services.segments.plugin [-] Segment 3b135b75-53a3-4544-bf1a-935f932cb1ec resource provider aggregate not found
2026-07-15 00:14:38.293 9 INFO neutron.services.segments.plugin [-] Segment 3b135b75-53a3-4544-bf1a-935f932cb1ec resource provider not found; error: Placement Client Error (4xx): {"errors": [{"status": 404, "title": "Not Found", "detail": "The resource could not be found.\n\n No resource provider with uuid 3b135b75-53a3-4544-bf1a-935f932cb1ec found for delete ", "request_id": "req-03090510-e201-4884-bcf6-43ffe05bfd08"}]}
2026-07-15 00:14:38.305 9 INFO neutron.services.segments.plugin [-] Segment 3b135b75-53a3-4544-bf1a-935f932cb1ec resource provider not found; error: Placement Client Error (4xx): {"errors": [{"status": 404, "title": "Not Found", "detail": "The resource could not be found.\n\n No resource provider with uuid 3b135b75-53a3-4544-bf1a-935f932cb1ec found for delete ", "request_id": "req-03feba56-dc5c-41a8-8f38-bc525fdafa8a"}]}
2026-07-15 00:14:38.310 9 INFO neutron.services.segments.plugin [-] Segment 119aae5b-2fda-4ee5-812b-f62a4a23d16c resource provider aggregate not found
2026-07-15 00:14:38.319 9 INFO neutron.services.segments.plugin [-] Segment 119aae5b-2fda-4ee5-812b-f62a4a23d16c resource provider aggregate not found
2026-07-15 00:14:38.322 9 INFO neutron.services.segments.plugin [-] Segment 119aae5b-2fda-4ee5-812b-f62a4a23d16c resource provider not found; error: Placement Client Error (4xx): {"errors": [{"status": 404, "title": "Not Found", "detail": "The resource could not be found.\n\n No resource provider with uuid 119aae5b-2fda-4ee5-812b-f62a4a23d16c found for delete ", "request_id": "req-58421e7b-f81b-40a3-a80f-4cce13f399e2"}]}
2026-07-15 00:14:38.329 9 INFO neutron.services.segments.plugin [-] Segment 119aae5b-2fda-4ee5-812b-f62a4a23d16c resource provider not found; error: Placement Client Error (4xx): {"errors": [{"status": 404, "title": "Not Found", "detail": "The resource could not be found.\n\n No resource provider with uuid 119aae5b-2fda-4ee5-812b-f62a4a23d16c found for delete ", "request_id": "req-a019e0f9-8a6e-46ee-a47c-ed21f529a437"}]}
2026-07-15 00:14:38.411 9 INFO neutron.api.wsgi [None req-bdba18aa-0e71-4c40-977e-a5e2563eafc2 06bbd1ce37784b188c8b912a4d9ab8b3 960b28e35ccd47e99505804431eb5e67 - - default default] 10.0.0.197 "DELETE /v2.0/security-groups/d8821443-719d-4b70-8875-238f2e5f84c7 HTTP/1.1" status: 204 len: 168 time: 0.2207618
2026-07-15 00:14:38.441 10 INFO neutron.api.wsgi [None req-7e80495f-9b09-4a4d-bd1d-594946b5c22d 06bbd1ce37784b188c8b912a4d9ab8b3 960b28e35ccd47e99505804431eb5e67 - - default default] 10.0.0.197 "DELETE /v2.0/routers/22c3fc65-ccce-47dd-b70a-a3b59b0b996f HTTP/1.1" status: 204 len: 168 time: 0.6122229
2026-07-15 00:14:38.572 10 INFO neutron.api.wsgi [None req-8ddf35e3-8cd2-415e-8cac-0b49d2ee1373 06bbd1ce37784b188c8b912a4d9ab8b3 960b28e35ccd47e99505804431eb5e67 - - default default] 10.0.0.197 "DELETE /v2.0/subnets/6a6384de-bbf5-4c39-8265-4365d20de9a1 HTTP/1.1" status: 204 len: 168 time: 0.1269612
2026-07-15 00:14:38.828 10 INFO neutron.api.wsgi [None req-84ac8f72-1ea7-4d2d-84f3-386e04b0e442 06bbd1ce37784b188c8b912a4d9ab8b3 960b28e35ccd47e99505804431eb5e67 - - default default] 10.0.0.197 "DELETE /v2.0/networks/4500305c-5524-4ae4-b0fd-dadadd79fda9 HTTP/1.1" status: 204 len: 168 time: 0.2501075
2026-07-15 00:14:39.000 10 INFO neutron.api.wsgi [None req-adddde27-446e-4dda-b799-fe84d8108488 06bbd1ce37784b188c8b912a4d9ab8b3 960b28e35ccd47e99505804431eb5e67 - - default default] 10.0.0.197 "GET /v2.0/security-groups?tenant_id=6c523a8fd9a140a6aea6f916d3973701&name=default HTTP/1.1" status: 200 len: 3120 time: 0.0263925
2026-07-15 00:14:39.195 10 INFO neutron.api.wsgi [None req-f74f4528-6f92-471c-8319-cc54f9dac062 06bbd1ce37784b188c8b912a4d9ab8b3 960b28e35ccd47e99505804431eb5e67 - - default default] 10.0.0.197 "DELETE /v2.0/security-groups/cde271e1-02b2-4d9a-90c9-374d8a5be2ea HTTP/1.1" status: 204 len: 168 time: 0.1917946
2026-07-15 00:14:39.411 9 WARNING neutron_lib.context [None req-b47e62db-1470-4989-add7-0b0886c1f235 b7e78f45c1c04f1399506a263c0eb882 e068d254ef874deb9bc2293291027ac3 - - default default] Method 'is_advsvc' is deprecated since 2023.2 release (neutron-lib 3.8.0) and will be removed once support for the old RBAC API policies will be removed from Neutron. Please use method 'is_service_role' instead.
2026-07-15 00:14:39.504 10 INFO neutron.db.ovn_revision_numbers_db [None req-d47280d5-b2f1-462c-b134-d27e83746178 06bbd1ce37784b188c8b912a4d9ab8b3 960b28e35ccd47e99505804431eb5e67 - - default default] Successfully bumped revision number for resource ad2f4546-8d9c-4480-ad54-e03129a2d026 (type: security_groups) to 1
2026-07-15 00:14:39.519 10 INFO neutron.db.ovn_revision_numbers_db [None req-d47280d5-b2f1-462c-b134-d27e83746178 06bbd1ce37784b188c8b912a4d9ab8b3 960b28e35ccd47e99505804431eb5e67 - - default default] Successfully bumped revision number for resource 0b4c1b66-59f4-40d3-a070-00a952aa5104 (type: security_group_rules) to 0
2026-07-15 00:14:39.534 10 INFO neutron.db.ovn_revision_numbers_db [None req-d47280d5-b2f1-462c-b134-d27e83746178 06bbd1ce37784b188c8b912a4d9ab8b3 960b28e35ccd47e99505804431eb5e67 - - default default] Successfully bumped revision number for resource 303333ff-7006-49e5-841a-77437b4bff59 (type: security_group_rules) to 0
2026-07-15 00:14:39.555 9 INFO neutron.db.ovn_revision_numbers_db [None req-b47e62db-1470-4989-add7-0b0886c1f235 b7e78f45c1c04f1399506a263c0eb882 e068d254ef874deb9bc2293291027ac3 - - default default] Successfully bumped revision number for resource 3be9fff8-ea59-4d88-a5e1-6b9f21a9121a (type: security_groups) to 1
2026-07-15 00:14:39.555 10 INFO neutron.db.ovn_revision_numbers_db [None req-d47280d5-b2f1-462c-b134-d27e83746178 06bbd1ce37784b188c8b912a4d9ab8b3 960b28e35ccd47e99505804431eb5e67 - - default default] Successfully bumped revision number for resource 32450a1a-676d-4dc3-9e1d-1334365e28bb (type: security_group_rules) to 0
2026-07-15 00:14:39.569 10 INFO neutron.db.ovn_revision_numbers_db [None req-d47280d5-b2f1-462c-b134-d27e83746178 06bbd1ce37784b188c8b912a4d9ab8b3 960b28e35ccd47e99505804431eb5e67 - - default default] Successfully bumped revision number for resource dae748df-cdcd-4719-82f3-ad2c07ec9313 (type: security_group_rules) to 0
2026-07-15 00:14:39.570 9 INFO neutron.db.ovn_revision_numbers_db [None req-b47e62db-1470-4989-add7-0b0886c1f235 b7e78f45c1c04f1399506a263c0eb882 e068d254ef874deb9bc2293291027ac3 - - default default] Successfully bumped revision number for resource 325d644a-5b1b-4873-85b8-32d9f146ad22 (type: security_group_rules) to 0
2026-07-15 00:14:39.582 9 INFO neutron.db.ovn_revision_numbers_db [None req-b47e62db-1470-4989-add7-0b0886c1f235 b7e78f45c1c04f1399506a263c0eb882 e068d254ef874deb9bc2293291027ac3 - - default default] Successfully bumped revision number for resource 6306fa2e-6573-4425-88c8-db758531fda9 (type: security_group_rules) to 0
2026-07-15 00:14:39.595 9 INFO neutron.db.ovn_revision_numbers_db [None req-b47e62db-1470-4989-add7-0b0886c1f235 b7e78f45c1c04f1399506a263c0eb882 e068d254ef874deb9bc2293291027ac3 - - default default] Successfully bumped revision number for resource 84551635-355c-4248-8fca-390a0a31f970 (type: security_group_rules) to 0
2026-07-15 00:14:39.606 9 INFO neutron.db.ovn_revision_numbers_db [None req-b47e62db-1470-4989-add7-0b0886c1f235 b7e78f45c1c04f1399506a263c0eb882 e068d254ef874deb9bc2293291027ac3 - - default default] Successfully bumped revision number for resource f0165a38-47a9-4be9-a2c8-90227e8f2d83 (type: security_group_rules) to 0
2026-07-15 00:14:39.617 10 INFO neutron.api.wsgi [None req-d47280d5-b2f1-462c-b134-d27e83746178 06bbd1ce37784b188c8b912a4d9ab8b3 960b28e35ccd47e99505804431eb5e67 - - default default] 10.0.0.197 "GET /v2.0/security-groups?tenant_id=5805085afabb48cd88117c6fe8103b0e&name=default HTTP/1.1" status: 200 len: 3120 time: 0.3984940
2026-07-15 00:14:39.629 10 INFO neutron.services.segments.plugin [-] Segment d37ffd78-2233-4070-87d8-be1b230ff757 resource provider aggregate not found
2026-07-15 00:14:39.634 10 INFO neutron.services.segments.plugin [-] Segment d37ffd78-2233-4070-87d8-be1b230ff757 resource provider aggregate not found
2026-07-15 00:14:39.645 10 INFO neutron.services.segments.plugin [-] Segment d37ffd78-2233-4070-87d8-be1b230ff757 resource provider not found; error: Placement Client Error (4xx): {"errors": [{"status": 404, "title": "Not Found", "detail": "The resource could not be found.\n\n No resource provider with uuid d37ffd78-2233-4070-87d8-be1b230ff757 found for delete ", "request_id": "req-126054f1-3286-40ff-bbf7-12691fb7209e"}]}
2026-07-15 00:14:39.650 10 INFO neutron.services.segments.plugin [-] Segment d37ffd78-2233-4070-87d8-be1b230ff757 resource provider not found; error: Placement Client Error (4xx): {"errors": [{"status": 404, "title": "Not Found", "detail": "The resource could not be found.\n\n No resource provider with uuid d37ffd78-2233-4070-87d8-be1b230ff757 found for delete ", "request_id": "req-b4d6186d-6992-405c-a6c7-66ca0be3d7e5"}]}
2026-07-15 00:14:39.694 9 INFO neutron.db.ovn_revision_numbers_db [None req-b47e62db-1470-4989-add7-0b0886c1f235 b7e78f45c1c04f1399506a263c0eb882 e068d254ef874deb9bc2293291027ac3 - - default default] Successfully bumped revision number for resource 01fb236d-05b0-4c86-9c4f-94c549291270 (type: security_groups) to 1
2026-07-15 00:14:39.706 9 INFO neutron.db.ovn_revision_numbers_db [None req-b47e62db-1470-4989-add7-0b0886c1f235 b7e78f45c1c04f1399506a263c0eb882 e068d254ef874deb9bc2293291027ac3 - - default default] Successfully bumped revision number for resource 1cb16bbe-e3ae-4cb7-b78d-91e7d5b98c80 (type: security_group_rules) to 0
2026-07-15 00:14:39.718 9 INFO neutron.db.ovn_revision_numbers_db [None req-b47e62db-1470-4989-add7-0b0886c1f235 b7e78f45c1c04f1399506a263c0eb882 e068d254ef874deb9bc2293291027ac3 - - default default] Successfully bumped revision number for resource 850f48d9-0111-4c96-a65a-7a1fffcbe3ec (type: security_group_rules) to 0
2026-07-15 00:14:39.747 9 INFO neutron.api.wsgi [None req-b47e62db-1470-4989-add7-0b0886c1f235 b7e78f45c1c04f1399506a263c0eb882 e068d254ef874deb9bc2293291027ac3 - - default default] 10.0.0.197 "POST /v2.0/security-groups HTTP/1.1" status: 201 len: 1825 time: 0.4774168
2026-07-15 00:14:39.813 10 INFO neutron.api.wsgi [None req-875f7da9-d7ca-4cf1-8656-047870d4f842 06bbd1ce37784b188c8b912a4d9ab8b3 960b28e35ccd47e99505804431eb5e67 - - default default] 10.0.0.197 "DELETE /v2.0/security-groups/ad2f4546-8d9c-4480-ad54-e03129a2d026 HTTP/1.1" status: 204 len: 168 time: 0.1897328
2026-07-15 00:14:39.816 10 INFO neutron.api.wsgi [None req-776d1efd-4d2e-4b46-9b05-d0e8dc3738c0 b7e78f45c1c04f1399506a263c0eb882 e068d254ef874deb9bc2293291027ac3 - - default default] 10.0.0.197 "GET /v2.0/security-groups HTTP/1.1" status: 200 len: 4725 time: 0.0515578
2026-07-15 00:14:39.920 10 INFO neutron.db.ovn_revision_numbers_db [None req-17fec86e-cb7f-49a7-b540-fb6ad42dbcae b7e78f45c1c04f1399506a263c0eb882 e068d254ef874deb9bc2293291027ac3 - - default default] Successfully bumped revision number for resource 01fb236d-05b0-4c86-9c4f-94c549291270 (type: security_groups) to 2
2026-07-15 00:14:39.964 10 INFO neutron.api.wsgi [None req-17fec86e-cb7f-49a7-b540-fb6ad42dbcae b7e78f45c1c04f1399506a263c0eb882 e068d254ef874deb9bc2293291027ac3 - - default default] 10.0.0.197 "PUT /v2.0/security-groups/01fb236d-05b0-4c86-9c4f-94c549291270 HTTP/1.1" status: 200 len: 1859 time: 0.1419373
2026-07-15 00:14:40.006 9 INFO neutron.api.wsgi [None req-97e53134-f7e6-4f02-9c34-5074b3b152df b7e78f45c1c04f1399506a263c0eb882 e068d254ef874deb9bc2293291027ac3 - - default default] 10.0.0.197 "GET /v2.0/security-groups/01fb236d-05b0-4c86-9c4f-94c549291270 HTTP/1.1" status: 200 len: 1859 time: 0.0367913
2026-07-15 00:14:40.112 9 INFO neutron.db.ovn_revision_numbers_db [None req-7e8f97e2-2098-4f3e-9ab5-715c75eb7c24 06bbd1ce37784b188c8b912a4d9ab8b3 960b28e35ccd47e99505804431eb5e67 - - default default] Successfully bumped revision number for resource d070e09f-5eb3-4869-8f40-5299b84104cf (type: security_groups) to 1
2026-07-15 00:14:40.125 9 INFO neutron.db.ovn_revision_numbers_db [None req-7e8f97e2-2098-4f3e-9ab5-715c75eb7c24 06bbd1ce37784b188c8b912a4d9ab8b3 960b28e35ccd47e99505804431eb5e67 - - default default] Successfully bumped revision number for resource 1996e854-f85f-4b0a-86d1-ffd47aaf6b0d (type: security_group_rules) to 0
2026-07-15 00:14:40.142 9 INFO neutron.db.ovn_revision_numbers_db [None req-7e8f97e2-2098-4f3e-9ab5-715c75eb7c24 06bbd1ce37784b188c8b912a4d9ab8b3 960b28e35ccd47e99505804431eb5e67 - - default default] Successfully bumped revision number for resource 735b6f95-4c29-47c4-abfc-9397ba86f848 (type: security_group_rules) to 0
2026-07-15 00:14:40.146 10 INFO neutron.api.wsgi [None req-ec0301f5-15d0-476f-8d4c-241ffac0fb78 b7e78f45c1c04f1399506a263c0eb882 e068d254ef874deb9bc2293291027ac3 - - default default] 10.0.0.197 "DELETE /v2.0/security-groups/01fb236d-05b0-4c86-9c4f-94c549291270 HTTP/1.1" status: 204 len: 168 time: 0.1347668
2026-07-15 00:14:40.163 9 INFO neutron.db.ovn_revision_numbers_db [None req-7e8f97e2-2098-4f3e-9ab5-715c75eb7c24 06bbd1ce37784b188c8b912a4d9ab8b3 960b28e35ccd47e99505804431eb5e67 - - default default] Successfully bumped revision number for resource bbb06776-6161-4686-9fc8-17e25401ff62 (type: security_group_rules) to 0
2026-07-15 00:14:40.177 9 INFO neutron.db.ovn_revision_numbers_db [None req-7e8f97e2-2098-4f3e-9ab5-715c75eb7c24 06bbd1ce37784b188c8b912a4d9ab8b3 960b28e35ccd47e99505804431eb5e67 - - default default] Successfully bumped revision number for resource c7214ad2-babf-46f7-a550-60bb5cb11bb6 (type: security_group_rules) to 0
2026-07-15 00:14:40.180 10 INFO neutron.api.wsgi [None req-7221311a-5b45-43c7-b526-98a3515c5dd8 b7e78f45c1c04f1399506a263c0eb882 e068d254ef874deb9bc2293291027ac3 - - default default] 10.0.0.197 "GET /v2.0/security-groups HTTP/1.1" status: 200 len: 3120 time: 0.0289903
2026-07-15 00:14:40.195 10 INFO neutron.api.v2.resource [None req-f4663bd8-c38f-4cf0-9358-4c31736964d8 b7e78f45c1c04f1399506a263c0eb882 e068d254ef874deb9bc2293291027ac3 - - default default] delete failed (client error): The resource could not be found.
2026-07-15 00:14:40.196 10 INFO neutron.api.wsgi [None req-f4663bd8-c38f-4cf0-9358-4c31736964d8 b7e78f45c1c04f1399506a263c0eb882 e068d254ef874deb9bc2293291027ac3 - - default default] 10.0.0.197 "DELETE /v2.0/security-groups/01fb236d-05b0-4c86-9c4f-94c549291270 HTTP/1.1" status: 404 len: 347 time: 0.0113351
2026-07-15 00:14:40.205 10 WARNING neutron_lib.context [None req-5007f8e4-13bb-442c-bd05-e758005ef9a7 b7e78f45c1c04f1399506a263c0eb882 e068d254ef874deb9bc2293291027ac3 - - default default] Method 'is_advsvc' is deprecated since 2023.2 release (neutron-lib 3.8.0) and will be removed once support for the old RBAC API policies will be removed from Neutron. Please use method 'is_service_role' instead.
2026-07-15 00:14:40.214 9 INFO neutron.api.wsgi [None req-7e8f97e2-2098-4f3e-9ab5-715c75eb7c24 06bbd1ce37784b188c8b912a4d9ab8b3 960b28e35ccd47e99505804431eb5e67 - - default default] 10.0.0.197 "GET /v2.0/security-groups?tenant_id=73bb4bcaab2a42d4ae92dea1d2bef5c0&name=default HTTP/1.1" status: 200 len: 3120 time: 0.2553389
2026-07-15 00:14:40.322 10 WARNING neutron_lib.context [None req-5b607315-1924-4e27-8674-08e8c796d863 09c5fb97cb464d15bee8acd4c5e4418a 58351c5233da440797acedf9e54962a0 - - default default] Method 'is_advsvc' is deprecated since 2023.2 release (neutron-lib 3.8.0) and will be removed once support for the old RBAC API policies will be removed from Neutron. Please use method 'is_service_role' instead.
2026-07-15 00:14:40.337 10 INFO neutron.db.ovn_revision_numbers_db [None req-5007f8e4-13bb-442c-bd05-e758005ef9a7 b7e78f45c1c04f1399506a263c0eb882 e068d254ef874deb9bc2293291027ac3 - - default default] Successfully bumped revision number for resource 378b96e7-8180-47e3-9f7a-1395e791a734 (type: security_groups) to 1
2026-07-15 00:14:40.354 10 INFO neutron.db.ovn_revision_numbers_db [None req-5007f8e4-13bb-442c-bd05-e758005ef9a7 b7e78f45c1c04f1399506a263c0eb882 e068d254ef874deb9bc2293291027ac3 - - default default] Successfully bumped revision number for resource 7498c5d6-e6d9-4068-91cc-ffcf9257fb26 (type: security_group_rules) to 0
2026-07-15 00:14:40.378 10 INFO neutron.db.ovn_revision_numbers_db [None req-5007f8e4-13bb-442c-bd05-e758005ef9a7 b7e78f45c1c04f1399506a263c0eb882 e068d254ef874deb9bc2293291027ac3 - - default default] Successfully bumped revision number for resource 7deb4e82-7f92-481e-a8b6-614f7afbb706 (type: security_group_rules) to 0
2026-07-15 00:14:40.417 10 INFO neutron.api.wsgi [None req-5007f8e4-13bb-442c-bd05-e758005ef9a7 b7e78f45c1c04f1399506a263c0eb882 e068d254ef874deb9bc2293291027ac3 - - default default] 10.0.0.197 "POST /v2.0/security-groups HTTP/1.1" status: 201 len: 1824 time: 0.2161002
2026-07-15 00:14:40.420 9 INFO neutron.api.wsgi [None req-9101338b-8eac-4659-ac8d-ecb771cb1ffe 06bbd1ce37784b188c8b912a4d9ab8b3 960b28e35ccd47e99505804431eb5e67 - - default default] 10.0.0.197 "DELETE /v2.0/security-groups/d070e09f-5eb3-4869-8f40-5299b84104cf HTTP/1.1" status: 204 len: 168 time: 0.2010810
2026-07-15 00:14:40.427 9 WARNING neutron_lib.context [None req-e9eb3e65-706b-42ab-9f69-bcf92cf9cfc7 b7e78f45c1c04f1399506a263c0eb882 e068d254ef874deb9bc2293291027ac3 - - default default] Method 'is_advsvc' is deprecated since 2023.2 release (neutron-lib 3.8.0) and will be removed once support for the old RBAC API policies will be removed from Neutron. Please use method 'is_service_role' instead.
2026-07-15 00:14:40.467 10 INFO neutron.db.ovn_revision_numbers_db [None req-5b607315-1924-4e27-8674-08e8c796d863 09c5fb97cb464d15bee8acd4c5e4418a 58351c5233da440797acedf9e54962a0 - - default default] Successfully bumped revision number for resource 23f09b4f-0121-49cd-b843-f71162e3e958 (type: security_groups) to 1
2026-07-15 00:14:40.478 10 INFO neutron.db.ovn_revision_numbers_db [None req-5b607315-1924-4e27-8674-08e8c796d863 09c5fb97cb464d15bee8acd4c5e4418a 58351c5233da440797acedf9e54962a0 - - default default] Successfully bumped revision number for resource d0c63245-2aff-49b1-9920-eec0a5452045 (type: security_group_rules) to 0
2026-07-15 00:14:40.490 10 INFO neutron.db.ovn_revision_numbers_db [None req-5b607315-1924-4e27-8674-08e8c796d863 09c5fb97cb464d15bee8acd4c5e4418a 58351c5233da440797acedf9e54962a0 - - default default] Successfully bumped revision number for resource d5d4d28f-f3d2-4e57-be25-8a151814b3d1 (type: security_group_rules) to 0
2026-07-15 00:14:40.501 10 INFO neutron.db.ovn_revision_numbers_db [None req-5b607315-1924-4e27-8674-08e8c796d863 09c5fb97cb464d15bee8acd4c5e4418a 58351c5233da440797acedf9e54962a0 - - default default] Successfully bumped revision number for resource ec39c7d0-2aa5-40f5-9862-88727c34861d (type: security_group_rules) to 0
2026-07-15 00:14:40.519 10 INFO neutron.db.ovn_revision_numbers_db [None req-5b607315-1924-4e27-8674-08e8c796d863 09c5fb97cb464d15bee8acd4c5e4418a 58351c5233da440797acedf9e54962a0 - - default default] Successfully bumped revision number for resource f91a94d5-5c7b-4639-b95c-058110b9f1fa (type: security_group_rules) to 0
2026-07-15 00:14:40.568 9 INFO neutron.db.ovn_revision_numbers_db [None req-e9eb3e65-706b-42ab-9f69-bcf92cf9cfc7 b7e78f45c1c04f1399506a263c0eb882 e068d254ef874deb9bc2293291027ac3 - - default default] Successfully bumped revision number for resource 4192ef1b-739d-41bb-af35-989cf784cb9f (type: security_group_rules) to 0
2026-07-15 00:14:40.593 10 INFO neutron.db.segments_db [None req-5b607315-1924-4e27-8674-08e8c796d863 09c5fb97cb464d15bee8acd4c5e4418a 58351c5233da440797acedf9e54962a0 - - default default] Added segment 19ae3897-e6b2-4257-91cf-a0a2f8f2806e of type geneve for network e74bedd4-4b37-4ce4-af8f-78b52f6fa7ff
2026-07-15 00:14:40.597 9 INFO neutron.api.wsgi [None req-e9eb3e65-706b-42ab-9f69-bcf92cf9cfc7 b7e78f45c1c04f1399506a263c0eb882 e068d254ef874deb9bc2293291027ac3 - - default default] 10.0.0.197 "POST /v2.0/security-group-rules HTTP/1.1" status: 201 len: 800 time: 0.1747682
2026-07-15 00:14:40.614 9 INFO neutron.api.wsgi [None req-a5acee8b-9815-45ff-9421-9b245f5fbf10 b7e78f45c1c04f1399506a263c0eb882 e068d254ef874deb9bc2293291027ac3 - - default default] 10.0.0.197 "GET /v2.0/security-group-rules/4192ef1b-739d-41bb-af35-989cf784cb9f HTTP/1.1" status: 200 len: 795 time: 0.0128052
2026-07-15 00:14:40.691 9 INFO neutron.api.wsgi [None req-83beb7db-8666-489f-af63-c65437e931c6 b7e78f45c1c04f1399506a263c0eb882 e068d254ef874deb9bc2293291027ac3 - - default default] 10.0.0.197 "GET /v2.0/security-group-rules HTTP/1.1" status: 200 len: 4333 time: 0.0721896
2026-07-15 00:14:40.704 10 INFO neutron.db.ovn_revision_numbers_db [None req-5b607315-1924-4e27-8674-08e8c796d863 09c5fb97cb464d15bee8acd4c5e4418a 58351c5233da440797acedf9e54962a0 - - default default] Successfully bumped revision number for resource e74bedd4-4b37-4ce4-af8f-78b52f6fa7ff (type: networks) to 1
