2026-07-15 00:14:28.797 9 INFO neutron.services.segments.plugin [-] Segment 1d6c7d3e-cafb-4a18-9980-e3e23a692380 resource provider not found; error: Placement Client Error (4xx): {"errors": [{"status": 404, "title": "Not Found", "detail": "The resource could not be found.\n\n No resource provider with uuid 1d6c7d3e-cafb-4a18-9980-e3e23a692380 found for delete ", "request_id": "req-64af10aa-762c-4c4b-a774-8172693b009f"}]}
2026-07-15 00:14:28.803 9 INFO neutron.services.segments.plugin [-] Segment 1d6c7d3e-cafb-4a18-9980-e3e23a692380 resource provider aggregate not found
2026-07-15 00:14:28.826 9 INFO neutron.api.wsgi [None req-fffffbab-5e36-4d1f-b668-1ce6c708ccd8 06bbd1ce37784b188c8b912a4d9ab8b3 960b28e35ccd47e99505804431eb5e67 - - default default] 10.0.0.215 "GET /v2.0/security-groups HTTP/1.1" status: 200 len: 29190 time: 0.0765631
2026-07-15 00:14:28.827 9 INFO neutron.services.segments.plugin [-] Segment 1d6c7d3e-cafb-4a18-9980-e3e23a692380 resource provider not found; error: Placement Client Error (4xx): {"errors": [{"status": 404, "title": "Not Found", "detail": "The resource could not be found.\n\n No resource provider with uuid 1d6c7d3e-cafb-4a18-9980-e3e23a692380 found for delete ", "request_id": "req-23eb4e1f-470f-4202-a9ec-99ecdc515262"}]}
2026-07-15 00:14:28.834 10 INFO neutron.db.ovn_revision_numbers_db [None req-103195cd-bb38-4717-8cdf-f9c1771a33ee 305f50acc5f447819dfbfdab9879bfa8 7a6892361988445ebb5a476708f2ccb7 - - default default] Successfully bumped revision number for resource 3ff59417-0344-4f30-bc66-846c3485a10a (type: ports) to 1
2026-07-15 00:14:28.839 9 INFO neutron.api.wsgi [None req-e192c7c8-a773-4da5-8c9c-adb43c1df968 d8768f8583234bcb9f92f12ef38d3cd2 30534d3727ff4c45b5ea2699003f454a - - default default] 10.0.0.197 "DELETE /v2.0/networks/31e49968-36e5-4fce-b8e3-9c165eb75742 HTTP/1.1" status: 204 len: 168 time: 0.5398736
2026-07-15 00:14:28.857 10 INFO neutron.pecan_wsgi.hooks.translation [None req-6392aeee-c0d6-485f-9d83-b7fd17913f02 d8768f8583234bcb9f92f12ef38d3cd2 30534d3727ff4c45b5ea2699003f454a - - default default] DELETE failed (client error): The resource could not be found.
2026-07-15 00:14:28.859 10 INFO neutron.api.wsgi [None req-6392aeee-c0d6-485f-9d83-b7fd17913f02 d8768f8583234bcb9f92f12ef38d3cd2 30534d3727ff4c45b5ea2699003f454a - - default default] 10.0.0.197 "DELETE /v2.0/networks/31e49968-36e5-4fce-b8e3-9c165eb75742 HTTP/1.1" status: 404 len: 339 time: 0.0160539
2026-07-15 00:14:28.911 9 INFO neutron.api.wsgi [None req-77d43e90-6c04-4d32-977e-98ae93dad842 06bbd1ce37784b188c8b912a4d9ab8b3 960b28e35ccd47e99505804431eb5e67 - - default default] 10.0.0.215 "GET /v2.0/ports HTTP/1.1" status: 200 len: 11525 time: 0.0748909
2026-07-15 00:14:28.919 10 INFO neutron.db.ovn_revision_numbers_db [None req-103195cd-bb38-4717-8cdf-f9c1771a33ee 305f50acc5f447819dfbfdab9879bfa8 7a6892361988445ebb5a476708f2ccb7 - - default default] Successfully bumped revision number for resource f58aa3b8-53a8-45fa-a6ab-5517e1823cf0 (type: networks) to 1
2026-07-15 00:14:28.924 10 INFO neutron.api.wsgi [None req-331a8b68-0e9a-42ae-b17f-a095574cfcaf d8768f8583234bcb9f92f12ef38d3cd2 30534d3727ff4c45b5ea2699003f454a - - default default] 10.0.0.197 "GET /v2.0/networks?router%3Aexternal=True HTTP/1.1" status: 200 len: 845 time: 0.0541697
2026-07-15 00:14:28.979 9 INFO neutron.api.wsgi [None req-76520c68-42ab-4ee7-94ee-1bd9d3f9b341 d8768f8583234bcb9f92f12ef38d3cd2 30534d3727ff4c45b5ea2699003f454a - - default default] 10.0.0.197 "GET /v2.0/subnets?network_id=11c62d4d-75c2-42dc-a014-8b9c456f30a2 HTTP/1.1" status: 200 len: 843 time: 0.0493577
2026-07-15 00:14:28.990 10 INFO neutron.api.wsgi [None req-da3bbe91-1604-4f1c-bda1-9a3ccd7ebb12 d8768f8583234bcb9f92f12ef38d3cd2 30534d3727ff4c45b5ea2699003f454a - - default default] 10.0.0.197 "GET /v2.0/extensions HTTP/1.1" status: 200 len: 19293 time: 0.0046525
2026-07-15 00:14:29.018 9 INFO neutron.api.wsgi [None req-e94530f4-30dc-4b64-82a7-c70132fd1de3 06bbd1ce37784b188c8b912a4d9ab8b3 960b28e35ccd47e99505804431eb5e67 - - default default] 10.0.0.215 "GET /v2.0/routers HTTP/1.1" status: 200 len: 1154 time: 0.0983572
2026-07-15 00:14:29.034 9 INFO neutron.api.wsgi [None req-ff0debad-a08a-472e-ae91-1b3217cace9b 06bbd1ce37784b188c8b912a4d9ab8b3 960b28e35ccd47e99505804431eb5e67 - - default default] 10.0.0.215 "GET /v2.0/agents?binary=ovn-controller HTTP/1.1" status: 200 len: 591 time: 0.0153275
2026-07-15 00:14:29.041 10 WARNING neutron.plugins.ml2.drivers.ovn.mech_driver.ovsdb.ovn_client [None req-243ad359-eabc-41e8-8b8c-3ee21275708e - - - - - -] No port found with ID 137c4df3-5db3-44f4-92af-2bcac5f4b4c1: RuntimeError: No port found with ID 137c4df3-5db3-44f4-92af-2bcac5f4b4c1
2026-07-15 00:14:29.055 9 INFO neutron.api.wsgi [None req-b2ebb83d-b5d4-44f2-8573-1fd7b05d2ec6 06bbd1ce37784b188c8b912a4d9ab8b3 960b28e35ccd47e99505804431eb5e67 - - default default] 10.0.0.215 "GET /v2.0/network-ip-availabilities HTTP/1.1" status: 200 len: 2758 time: 0.0171528
2026-07-15 00:14:29.072 10 INFO neutron.api.wsgi [None req-dca59e12-362c-4c2e-9498-e928686f3cd5 d8768f8583234bcb9f92f12ef38d3cd2 30534d3727ff4c45b5ea2699003f454a - - default default] 10.0.0.197 "GET /v2.0/networks HTTP/1.1" status: 200 len: 1508 time: 0.0747485
2026-07-15 00:14:29.096 10 WARNING neutron.scheduler.dhcp_agent_scheduler [None req-103195cd-bb38-4717-8cdf-f9c1771a33ee 305f50acc5f447819dfbfdab9879bfa8 7a6892361988445ebb5a476708f2ccb7 - - default default] No more DHCP agents
2026-07-15 00:14:29.098 10 WARNING neutron.api.rpc.agentnotifiers.dhcp_rpc_agent_api [None req-103195cd-bb38-4717-8cdf-f9c1771a33ee 305f50acc5f447819dfbfdab9879bfa8 7a6892361988445ebb5a476708f2ccb7 - - default default] Unable to schedule network f58aa3b8-53a8-45fa-a6ab-5517e1823cf0: no agents available; will retry on subsequent port and subnet creation events.
2026-07-15 00:14:29.103 10 INFO neutron.plugins.ml2.drivers.ovn.mech_driver.mech_driver [None req-243ad359-eabc-41e8-8b8c-3ee21275708e - - - - - -] OVN reports status up for port: b19f067d-e3b3-4fda-917f-21c60fa5e685
2026-07-15 00:14:29.113 10 INFO neutron.plugins.ml2.plugin [None req-243ad359-eabc-41e8-8b8c-3ee21275708e - - - - - -] Attempt 1 to provision port b19f067d-e3b3-4fda-917f-21c60fa5e685
2026-07-15 00:14:29.118 9 INFO neutron.api.wsgi [None req-49b94ed6-9c91-462d-afd5-7d4290c6ac0c d8768f8583234bcb9f92f12ef38d3cd2 30534d3727ff4c45b5ea2699003f454a - - default default] 10.0.0.197 "GET /v2.0/subnets HTTP/1.1" status: 200 len: 1507 time: 0.0379274
2026-07-15 00:14:29.128 9 INFO neutron.api.wsgi [None req-407606e5-6e74-419c-9c98-f310ee684da2 06bbd1ce37784b188c8b912a4d9ab8b3 960b28e35ccd47e99505804431eb5e67 - - default default] 10.0.0.215 "GET /v2.0/networks HTTP/1.1" status: 200 len: 5274 time: 0.0716255
2026-07-15 00:14:29.153 9 INFO neutron.api.wsgi [None req-af72419a-7afa-45d3-ba87-e19c0a87d6ac 06bbd1ce37784b188c8b912a4d9ab8b3 960b28e35ccd47e99505804431eb5e67 - - default default] 10.0.0.215 "GET /v2.0/agents HTTP/1.1" status: 200 len: 1390 time: 0.0174859
2026-07-15 00:14:29.182 10 INFO neutron.db.ovn_revision_numbers_db [None req-103195cd-bb38-4717-8cdf-f9c1771a33ee 305f50acc5f447819dfbfdab9879bfa8 7a6892361988445ebb5a476708f2ccb7 - - default default] Successfully bumped revision number for resource a71d5e80-b8c4-4b7f-b234-55f789847b3d (type: ports) to 1
2026-07-15 00:14:29.196 10 INFO neutron.api.wsgi [None req-857a14ce-dd7a-4abd-8a4d-57f1e14d4033 d8768f8583234bcb9f92f12ef38d3cd2 30534d3727ff4c45b5ea2699003f454a - - default default] 10.0.0.197 "GET /v2.0/networks/ac203421-e30c-44bb-a911-7f443ec5904a HTTP/1.1" status: 200 len: 867 time: 0.0705171
2026-07-15 00:14:29.208 10 INFO neutron.api.wsgi [None req-103195cd-bb38-4717-8cdf-f9c1771a33ee 305f50acc5f447819dfbfdab9879bfa8 7a6892361988445ebb5a476708f2ccb7 - - default default] 10.0.0.197 "POST /v2.0/networks HTTP/1.1" status: 201 len: 1444 time: 1.3195302
2026-07-15 00:14:29.242 9 INFO neutron.api.wsgi [None req-26241acd-3172-4610-8418-46dd14aca4bb d8768f8583234bcb9f92f12ef38d3cd2 30534d3727ff4c45b5ea2699003f454a - - default default] 10.0.0.197 "GET /v2.0/subnets/6f09578d-0cab-4d63-95ee-e0e07926cc2d HTTP/1.1" status: 200 len: 867 time: 0.0409329
2026-07-15 00:14:29.250 10 INFO neutron.notifiers.nova [-] Nova event matching ['req-a68bca95-a428-4b30-bb20-7e31729958d7'] response: {'server_uuid': 'a5b3c2cc-1d32-468a-9662-16b06da0c415', 'name': 'network-vif-plugged', 'status': 'completed', 'tag': 'b19f067d-e3b3-4fda-917f-21c60fa5e685', 'code': 200}
2026-07-15 00:14:29.257 10 INFO neutron.api.wsgi [None req-c723c102-67b6-4137-9885-329c1a9a9f54 06bbd1ce37784b188c8b912a4d9ab8b3 960b28e35ccd47e99505804431eb5e67 - - default default] 10.0.0.197 "GET /v2.0/security-groups?tenant_id=cfc21a9e08e043d1990bb51e10f88c7f&name=default HTTP/1.1" status: 200 len: 3120 time: 0.1102431
2026-07-15 00:14:29.274 9 INFO neutron.pecan_wsgi.hooks.translation [None req-1c347fa1-544b-4929-8839-bcd25d84005b d8768f8583234bcb9f92f12ef38d3cd2 30534d3727ff4c45b5ea2699003f454a - - default default] DELETE failed (client error): The resource could not be found.
2026-07-15 00:14:29.279 9 INFO neutron.api.wsgi [None req-1c347fa1-544b-4929-8839-bcd25d84005b d8768f8583234bcb9f92f12ef38d3cd2 30534d3727ff4c45b5ea2699003f454a - - default default] 10.0.0.197 "DELETE /v2.0/subnets/8e8932fb-3921-4259-ab8c-35158a1a0b89 HTTP/1.1" status: 404 len: 337 time: 0.0299020
2026-07-15 00:14:29.297 9 INFO neutron.pecan_wsgi.hooks.translation [None req-f98c7000-f189-404e-9758-fdbde76e538a d8768f8583234bcb9f92f12ef38d3cd2 30534d3727ff4c45b5ea2699003f454a - - default default] DELETE failed (client error): The resource could not be found.
2026-07-15 00:14:29.299 9 INFO neutron.api.wsgi [None req-f98c7000-f189-404e-9758-fdbde76e538a d8768f8583234bcb9f92f12ef38d3cd2 30534d3727ff4c45b5ea2699003f454a - - default default] 10.0.0.197 "DELETE /v2.0/networks/31e49968-36e5-4fce-b8e3-9c165eb75742 HTTP/1.1" status: 404 len: 339 time: 0.0146594
2026-07-15 00:14:29.306 9 INFO neutron.api.wsgi [None req-cd1f5e7b-2d2e-48cf-bb87-52db57fe2bbf 305f50acc5f447819dfbfdab9879bfa8 7a6892361988445ebb5a476708f2ccb7 - - default default] 10.0.0.197 "GET /v2.0/networks HTTP/1.1" status: 200 len: 2050 time: 0.0922430
2026-07-15 00:14:29.424 10 INFO neutron.db.ovn_revision_numbers_db [None req-243ad359-eabc-41e8-8b8c-3ee21275708e - - - - - -] Successfully bumped revision number for resource b19f067d-e3b3-4fda-917f-21c60fa5e685 (type: ports) to 5
2026-07-15 00:14:29.430 9 INFO neutron.api.wsgi [None req-e86bf81d-903f-4070-9794-a9189bde4c08 d8768f8583234bcb9f92f12ef38d3cd2 30534d3727ff4c45b5ea2699003f454a - - default default] 10.0.0.197 "DELETE /v2.0/subnets/6f09578d-0cab-4d63-95ee-e0e07926cc2d HTTP/1.1" status: 204 len: 168 time: 0.1237342
2026-07-15 00:14:29.498 10 INFO neutron.plugins.ml2.drivers.ovn.mech_driver.mech_driver [None req-144f193a-c462-426d-8a5d-40b434281a03 - - - - - -] OVN reports status up for port: fa3f457f-f6f6-40a8-8eb7-e78d7cde3ce5
2026-07-15 00:14:29.519 10 INFO neutron.api.wsgi [None req-4376f7fb-1c1f-49e5-8cc3-b083715ec663 06bbd1ce37784b188c8b912a4d9ab8b3 960b28e35ccd47e99505804431eb5e67 - - default default] 10.0.0.197 "DELETE /v2.0/security-groups/3e3b1f2f-f80b-4392-90ac-3d895c4bbd41 HTTP/1.1" status: 204 len: 168 time: 0.2561884
2026-07-15 00:14:29.660 10 INFO neutron.services.segments.plugin [-] Segment 1652c288-2dd5-465a-ac63-d29b1b63bfb3 resource provider aggregate not found
2026-07-15 00:14:29.665 10 INFO neutron.services.segments.plugin [-] Segment 1652c288-2dd5-465a-ac63-d29b1b63bfb3 resource provider aggregate not found
2026-07-15 00:14:29.673 10 INFO neutron.services.segments.plugin [-] Segment 1652c288-2dd5-465a-ac63-d29b1b63bfb3 resource provider not found; error: Placement Client Error (4xx): {"errors": [{"status": 404, "title": "Not Found", "detail": "The resource could not be found.\n\n No resource provider with uuid 1652c288-2dd5-465a-ac63-d29b1b63bfb3 found for delete ", "request_id": "req-64f13850-df76-4b5b-a941-0e3c5652e85a"}]}
2026-07-15 00:14:29.677 10 INFO neutron.services.segments.plugin [-] Segment 1652c288-2dd5-465a-ac63-d29b1b63bfb3 resource provider not found; error: Placement Client Error (4xx): {"errors": [{"status": 404, "title": "Not Found", "detail": "The resource could not be found.\n\n No resource provider with uuid 1652c288-2dd5-465a-ac63-d29b1b63bfb3 found for delete ", "request_id": "req-08db00b4-876b-42c8-9008-cef1541ee778"}]}
2026-07-15 00:14:29.706 10 INFO neutron.api.wsgi [None req-bfa36526-3b23-443e-aecc-b73b54a6ef2f 305f50acc5f447819dfbfdab9879bfa8 7a6892361988445ebb5a476708f2ccb7 - - default default] 10.0.0.197 "DELETE /v2.0/networks/070dffca-847f-41bb-8cd5-c71c014addfe HTTP/1.1" status: 204 len: 168 time: 0.3944426 /var/lib/openstack/lib/python3.12/site-packages/pycadf/identifier.py:71: UserWarning: Invalid uuid: neutron. To ensure interoperability, identifiers should be a valid uuid. warnings.warn(('Invalid uuid: %s. To ensure interoperability, '
2026-07-15 00:14:29.748 9 INFO neutron.api.wsgi [None req-7c108b48-d029-4c36-826f-bf9865c174fd d8768f8583234bcb9f92f12ef38d3cd2 30534d3727ff4c45b5ea2699003f454a - - default default] 10.0.0.197 "DELETE /v2.0/networks/ac203421-e30c-44bb-a911-7f443ec5904a HTTP/1.1" status: 204 len: 168 time: 0.3107378
2026-07-15 00:14:29.890 10 INFO neutron.api.wsgi [req-0a349f47-4048-4047-b19c-1ffc24e64900 req-abca8ec2-59cf-48e4-a642-96de87f60755 cd8355ce737242abbd67a95a52e1185f 6c523a8fd9a140a6aea6f916d3973701 - - default default] 10.0.0.184 "GET /v2.0/ports?device_id=a5b3c2cc-1d32-468a-9662-16b06da0c415 HTTP/1.1" status: 200 len: 1174 time: 0.0477188
2026-07-15 00:14:29.938 10 INFO neutron.api.wsgi [req-0a349f47-4048-4047-b19c-1ffc24e64900 req-876633f4-66b2-4c7d-aa22-ab6fd7cf8fe3 cd8355ce737242abbd67a95a52e1185f 6c523a8fd9a140a6aea6f916d3973701 - - default default] 10.0.0.184 "GET /v2.0/security-groups?id=cde271e1-02b2-4d9a-90c9-374d8a5be2ea&fields=id&fields=name HTTP/1.1" status: 200 len: 286 time: 0.0434613
2026-07-15 00:14:30.050 10 INFO neutron.api.wsgi [None req-263175ab-2ae3-43fa-b8df-b2c8ec1a24e5 305f50acc5f447819dfbfdab9879bfa8 7a6892361988445ebb5a476708f2ccb7 - - default default] 10.0.0.197 "DELETE /v2.0/networks/f58aa3b8-53a8-45fa-a6ab-5517e1823cf0 HTTP/1.1" status: 204 len: 168 time: 0.3398061
2026-07-15 00:14:30.095 10 INFO neutron.api.wsgi [None req-0860cc08-f4e7-4818-a9d6-f4c452d241d3 305f50acc5f447819dfbfdab9879bfa8 7a6892361988445ebb5a476708f2ccb7 - - default default] 10.0.0.197 "GET /v2.0/networks HTTP/1.1" status: 200 len: 845 time: 0.0417376
2026-07-15 00:14:30.106 10 WARNING neutron_lib.context [None req-e97344f8-4ee6-4fe1-898e-f01e4f5771ab 305f50acc5f447819dfbfdab9879bfa8 7a6892361988445ebb5a476708f2ccb7 - - default default] Method 'is_advsvc' is deprecated since 2023.2 release (neutron-lib 3.8.0) and will be removed once support for the old RBAC API policies will be removed from Neutron. Please use method 'is_service_role' instead.
2026-07-15 00:14:30.176 10 INFO neutron.db.segments_db [None req-e97344f8-4ee6-4fe1-898e-f01e4f5771ab 305f50acc5f447819dfbfdab9879bfa8 7a6892361988445ebb5a476708f2ccb7 - - default default] Added segment 25a58b51-e2fd-487f-b6b3-5532e112c50e of type geneve for network d6c0e6a1-a7ca-4efb-ac83-22340507b99f
2026-07-15 00:14:30.310 10 INFO neutron.db.ovn_revision_numbers_db [None req-e97344f8-4ee6-4fe1-898e-f01e4f5771ab 305f50acc5f447819dfbfdab9879bfa8 7a6892361988445ebb5a476708f2ccb7 - - default default] Successfully bumped revision number for resource d6c0e6a1-a7ca-4efb-ac83-22340507b99f (type: networks) to 1
2026-07-15 00:14:30.481 10 WARNING neutron.scheduler.dhcp_agent_scheduler [None req-e97344f8-4ee6-4fe1-898e-f01e4f5771ab 305f50acc5f447819dfbfdab9879bfa8 7a6892361988445ebb5a476708f2ccb7 - - default default] No more DHCP agents
2026-07-15 00:14:30.482 10 WARNING neutron.api.rpc.agentnotifiers.dhcp_rpc_agent_api [None req-e97344f8-4ee6-4fe1-898e-f01e4f5771ab 305f50acc5f447819dfbfdab9879bfa8 7a6892361988445ebb5a476708f2ccb7 - - default default] Unable to schedule network d6c0e6a1-a7ca-4efb-ac83-22340507b99f: no agents available; will retry on subsequent port and subnet creation events.
2026-07-15 00:14:30.547 10 INFO neutron.db.ovn_revision_numbers_db [None req-e97344f8-4ee6-4fe1-898e-f01e4f5771ab 305f50acc5f447819dfbfdab9879bfa8 7a6892361988445ebb5a476708f2ccb7 - - default default] Successfully bumped revision number for resource 3c256c2b-ed72-48ef-b463-07947328464a (type: ports) to 1
2026-07-15 00:14:30.562 9 INFO neutron.api.wsgi [None req-54f9ddc7-840a-47f3-91a3-97ba67b7a9c2 06bbd1ce37784b188c8b912a4d9ab8b3 960b28e35ccd47e99505804431eb5e67 - - default default] 10.0.0.197 "GET /v2.0/security-groups?tenant_id=30534d3727ff4c45b5ea2699003f454a&name=default HTTP/1.1" status: 200 len: 3120 time: 0.1913993
2026-07-15 00:14:30.570 10 INFO neutron.api.wsgi [None req-e97344f8-4ee6-4fe1-898e-f01e4f5771ab 305f50acc5f447819dfbfdab9879bfa8 7a6892361988445ebb5a476708f2ccb7 - - default default] 10.0.0.197 "POST /v2.0/networks HTTP/1.1" status: 201 len: 848 time: 0.4676211
2026-07-15 00:14:30.580 10 WARNING neutron_lib.context [None req-6054cccd-d015-4390-90ff-9e20b8ef914c 305f50acc5f447819dfbfdab9879bfa8 7a6892361988445ebb5a476708f2ccb7 - - default default] Method 'is_advsvc' is deprecated since 2023.2 release (neutron-lib 3.8.0) and will be removed once support for the old RBAC API policies will be removed from Neutron. Please use method 'is_service_role' instead.
2026-07-15 00:14:30.671 10 INFO neutron.db.segments_db [None req-6054cccd-d015-4390-90ff-9e20b8ef914c 305f50acc5f447819dfbfdab9879bfa8 7a6892361988445ebb5a476708f2ccb7 - - default default] Added segment bcc75960-f24f-4356-867a-2a579bd4549e of type geneve for network 7c58f3c2-b331-4229-96ea-4bf98eba4f10
2026-07-15 00:14:30.766 10 INFO neutron.db.ovn_revision_numbers_db [None req-6054cccd-d015-4390-90ff-9e20b8ef914c 305f50acc5f447819dfbfdab9879bfa8 7a6892361988445ebb5a476708f2ccb7 - - default default] Successfully bumped revision number for resource 7c58f3c2-b331-4229-96ea-4bf98eba4f10 (type: networks) to 1
2026-07-15 00:14:30.791 9 INFO neutron.api.wsgi [None req-d0fcec37-f716-4d01-abf2-8102b8590d72 06bbd1ce37784b188c8b912a4d9ab8b3 960b28e35ccd47e99505804431eb5e67 - - default default] 10.0.0.197 "DELETE /v2.0/security-groups/7d6835ac-b794-410b-9b30-000963b26381 HTTP/1.1" status: 204 len: 168 time: 0.2210627
2026-07-15 00:14:30.820 9 INFO neutron.services.segments.plugin [-] Segment 99a11f5e-551c-4414-a53c-824e984af4ca resource provider aggregate not found
2026-07-15 00:14:30.838 9 INFO neutron.services.segments.plugin [-] Segment 99a11f5e-551c-4414-a53c-824e984af4ca resource provider aggregate not found
2026-07-15 00:14:30.841 9 INFO neutron.services.segments.plugin [-] Segment 99a11f5e-551c-4414-a53c-824e984af4ca resource provider not found; error: Placement Client Error (4xx): {"errors": [{"status": 404, "title": "Not Found", "detail": "The resource could not be found.\n\n No resource provider with uuid 99a11f5e-551c-4414-a53c-824e984af4ca found for delete ", "request_id": "req-82036e5f-c769-4946-918f-3aee75522b38"}]}
2026-07-15 00:14:30.849 9 INFO neutron.services.segments.plugin [-] Segment 99a11f5e-551c-4414-a53c-824e984af4ca resource provider not found; error: Placement Client Error (4xx): {"errors": [{"status": 404, "title": "Not Found", "detail": "The resource could not be found.\n\n No resource provider with uuid 99a11f5e-551c-4414-a53c-824e984af4ca found for delete ", "request_id": "req-ea5003e4-082e-4d37-8f81-30494f2c8e51"}]}
2026-07-15 00:14:30.919 10 WARNING neutron.scheduler.dhcp_agent_scheduler [None req-6054cccd-d015-4390-90ff-9e20b8ef914c 305f50acc5f447819dfbfdab9879bfa8 7a6892361988445ebb5a476708f2ccb7 - - default default] No more DHCP agents
2026-07-15 00:14:30.920 10 WARNING neutron.api.rpc.agentnotifiers.dhcp_rpc_agent_api [None req-6054cccd-d015-4390-90ff-9e20b8ef914c 305f50acc5f447819dfbfdab9879bfa8 7a6892361988445ebb5a476708f2ccb7 - - default default] Unable to schedule network 7c58f3c2-b331-4229-96ea-4bf98eba4f10: no agents available; will retry on subsequent port and subnet creation events.
2026-07-15 00:14:30.990 10 INFO neutron.db.ovn_revision_numbers_db [None req-6054cccd-d015-4390-90ff-9e20b8ef914c 305f50acc5f447819dfbfdab9879bfa8 7a6892361988445ebb5a476708f2ccb7 - - default default] Successfully bumped revision number for resource cb4747c4-25a8-4330-9144-2496a103d5d8 (type: ports) to 1
2026-07-15 00:14:31.024 10 INFO neutron.api.wsgi [None req-6054cccd-d015-4390-90ff-9e20b8ef914c 305f50acc5f447819dfbfdab9879bfa8 7a6892361988445ebb5a476708f2ccb7 - - default default] 10.0.0.197 "POST /v2.0/networks HTTP/1.1" status: 201 len: 847 time: 0.4486022
2026-07-15 00:14:31.030 10 INFO neutron.api.wsgi [req-277e4406-4acc-4291-a313-0ed1a8b89032 req-5bcb737c-1583-4746-b423-21767757e4cc cd8355ce737242abbd67a95a52e1185f 6c523a8fd9a140a6aea6f916d3973701 - - default default] 10.0.0.184 "GET /v2.0/ports?device_id=a5b3c2cc-1d32-468a-9662-16b06da0c415 HTTP/1.1" status: 200 len: 1174 time: 0.0280590
2026-07-15 00:14:31.031 9 WARNING neutron_lib.context [None req-d2a25ec4-833f-4493-9138-846fd1a5e04f 305f50acc5f447819dfbfdab9879bfa8 7a6892361988445ebb5a476708f2ccb7 - - default default] Method 'is_advsvc' is deprecated since 2023.2 release (neutron-lib 3.8.0) and will be removed once support for the old RBAC API policies will be removed from Neutron. Please use method 'is_service_role' instead.
2026-07-15 00:14:31.055 9 WARNING neutron_lib.context [None req-d2a25ec4-833f-4493-9138-846fd1a5e04f 305f50acc5f447819dfbfdab9879bfa8 7a6892361988445ebb5a476708f2ccb7 - - default default] Method 'is_advsvc' is deprecated since 2023.2 release (neutron-lib 3.8.0) and will be removed once support for the old RBAC API policies will be removed from Neutron. Please use method 'is_service_role' instead.
2026-07-15 00:14:31.070 10 INFO neutron.api.wsgi [req-277e4406-4acc-4291-a313-0ed1a8b89032 req-a52a0cae-311e-4401-b3e3-18ef93760809 cd8355ce737242abbd67a95a52e1185f 6c523a8fd9a140a6aea6f916d3973701 - - default default] 10.0.0.184 "GET /v2.0/security-groups?id=cde271e1-02b2-4d9a-90c9-374d8a5be2ea&fields=id&fields=name HTTP/1.1" status: 200 len: 286 time: 0.0332766
2026-07-15 00:14:31.282 10 INFO neutron.notifiers.nova [-] Nova event matching ['req-3d2b5841-2821-45b1-950a-8f6677a644d6'] response: {'server_uuid': 'a5b3c2cc-1d32-468a-9662-16b06da0c415', 'name': 'network-vif-plugged', 'status': 'completed', 'tag': 'b19f067d-e3b3-4fda-917f-21c60fa5e685', 'code': 200}
2026-07-15 00:14:31.346 9 WARNING neutron.scheduler.dhcp_agent_scheduler [None req-d2a25ec4-833f-4493-9138-846fd1a5e04f 305f50acc5f447819dfbfdab9879bfa8 7a6892361988445ebb5a476708f2ccb7 - - default default] No more DHCP agents
2026-07-15 00:14:31.346 9 WARNING neutron.api.rpc.agentnotifiers.dhcp_rpc_agent_api [None req-d2a25ec4-833f-4493-9138-846fd1a5e04f 305f50acc5f447819dfbfdab9879bfa8 7a6892361988445ebb5a476708f2ccb7 - - default default] Unable to schedule network d6c0e6a1-a7ca-4efb-ac83-22340507b99f: no agents available; will retry on subsequent port and subnet creation events.
2026-07-15 00:14:31.400 10 INFO neutron.api.wsgi [req-37ba4174-57ef-4ca0-8c42-017e903b7275 req-e1b92c0d-bc72-4a61-9443-712b89a5f538 cd8355ce737242abbd67a95a52e1185f 6c523a8fd9a140a6aea6f916d3973701 - - default default] 10.0.0.184 "GET /v2.0/ports?device_id=a5b3c2cc-1d32-468a-9662-16b06da0c415 HTTP/1.1" status: 200 len: 1174 time: 0.0399902
2026-07-15 00:14:31.407 9 INFO neutron.db.ovn_revision_numbers_db [None req-d2a25ec4-833f-4493-9138-846fd1a5e04f 305f50acc5f447819dfbfdab9879bfa8 7a6892361988445ebb5a476708f2ccb7 - - default default] Successfully bumped revision number for resource 7c79245c-37d0-4280-a1d7-f5bb9eda7a8d (type: ports) to 1
2026-07-15 00:14:31.438 10 INFO neutron.api.wsgi [req-37ba4174-57ef-4ca0-8c42-017e903b7275 req-96aaf93a-83bf-44cd-b49b-387e3097ee42 cd8355ce737242abbd67a95a52e1185f 6c523a8fd9a140a6aea6f916d3973701 - - default default] 10.0.0.184 "GET /v2.0/security-groups?id=cde271e1-02b2-4d9a-90c9-374d8a5be2ea&fields=id&fields=name HTTP/1.1" status: 200 len: 286 time: 0.0315869
2026-07-15 00:14:31.440 9 WARNING neutron.scheduler.dhcp_agent_scheduler [None req-d2a25ec4-833f-4493-9138-846fd1a5e04f 305f50acc5f447819dfbfdab9879bfa8 7a6892361988445ebb5a476708f2ccb7 - - default default] No more DHCP agents
2026-07-15 00:14:31.441 9 WARNING neutron.api.rpc.agentnotifiers.dhcp_rpc_agent_api [None req-d2a25ec4-833f-4493-9138-846fd1a5e04f 305f50acc5f447819dfbfdab9879bfa8 7a6892361988445ebb5a476708f2ccb7 - - default default] Unable to schedule network 7c58f3c2-b331-4229-96ea-4bf98eba4f10: no agents available; will retry on subsequent port and subnet creation events.
2026-07-15 00:14:31.506 9 INFO neutron.db.ovn_revision_numbers_db [None req-d2a25ec4-833f-4493-9138-846fd1a5e04f 305f50acc5f447819dfbfdab9879bfa8 7a6892361988445ebb5a476708f2ccb7 - - default default] Successfully bumped revision number for resource 5b7485fe-2e67-4608-a3f4-3d108891edaf (type: ports) to 1
2026-07-15 00:14:31.528 10 WARNING neutron_lib.context [None req-488665c0-09bb-48e1-a8b9-178e9112ac80 52fcc9fe900243408ce0473fbc804f08 bbec544cdd0146c0b489bbec4dd4c9bc - - default default] Method 'is_advsvc' is deprecated since 2023.2 release (neutron-lib 3.8.0) and will be removed once support for the old RBAC API policies will be removed from Neutron. Please use method 'is_service_role' instead.
2026-07-15 00:14:31.533 9 INFO neutron.api.wsgi [None req-d2a25ec4-833f-4493-9138-846fd1a5e04f 305f50acc5f447819dfbfdab9879bfa8 7a6892361988445ebb5a476708f2ccb7 - - default default] 10.0.0.197 "POST /v2.0/ports HTTP/1.1" status: 201 len: 1705 time: 0.5056212 /var/lib/openstack/lib/python3.12/site-packages/pycadf/identifier.py:71: UserWarning: Invalid uuid: neutron. To ensure interoperability, identifiers should be a valid uuid. warnings.warn(('Invalid uuid: %s. To ensure interoperability, '
2026-07-15 00:14:31.642 9 INFO neutron.api.wsgi [None req-8a339494-be47-4e51-bdb6-19382eb1b021 305f50acc5f447819dfbfdab9879bfa8 7a6892361988445ebb5a476708f2ccb7 - - default default] 10.0.0.197 "GET /v2.0/ports HTTP/1.1" status: 200 len: 3212 time: 0.1055202
2026-07-15 00:14:31.644 10 INFO neutron.db.ovn_revision_numbers_db [None req-488665c0-09bb-48e1-a8b9-178e9112ac80 52fcc9fe900243408ce0473fbc804f08 bbec544cdd0146c0b489bbec4dd4c9bc - - default default] Successfully bumped revision number for resource 12037327-bafd-4839-8644-d1fd2d9c25a3 (type: security_groups) to 1
2026-07-15 00:14:31.670 10 INFO neutron.db.ovn_revision_numbers_db [None req-488665c0-09bb-48e1-a8b9-178e9112ac80 52fcc9fe900243408ce0473fbc804f08 bbec544cdd0146c0b489bbec4dd4c9bc - - default default] Successfully bumped revision number for resource 67ae0435-4fbc-4a45-ba43-0282a401e184 (type: security_group_rules) to 0
2026-07-15 00:14:31.690 10 INFO neutron.services.segments.plugin [-] Segment 482c4b1d-442a-44c5-a799-3cdc61b52ab0 resource provider aggregate not found
2026-07-15 00:14:31.695 10 INFO neutron.services.segments.plugin [-] Segment 482c4b1d-442a-44c5-a799-3cdc61b52ab0 resource provider aggregate not found
2026-07-15 00:14:31.700 10 INFO neutron.db.ovn_revision_numbers_db [None req-488665c0-09bb-48e1-a8b9-178e9112ac80 52fcc9fe900243408ce0473fbc804f08 bbec544cdd0146c0b489bbec4dd4c9bc - - default default] Successfully bumped revision number for resource 70f5611c-9625-4392-b565-ce4acec36ad0 (type: security_group_rules) to 0
2026-07-15 00:14:31.705 10 INFO neutron.services.segments.plugin [-] Segment 482c4b1d-442a-44c5-a799-3cdc61b52ab0 resource provider not found; error: Placement Client Error (4xx): {"errors": [{"status": 404, "title": "Not Found", "detail": "The resource could not be found.\n\n No resource provider with uuid 482c4b1d-442a-44c5-a799-3cdc61b52ab0 found for delete ", "request_id": "req-dd07046f-7b34-446c-8c8d-2a2c3eab24df"}]}
2026-07-15 00:14:31.707 10 INFO neutron.services.segments.plugin [-] Segment 482c4b1d-442a-44c5-a799-3cdc61b52ab0 resource provider not found; error: Placement Client Error (4xx): {"errors": [{"status": 404, "title": "Not Found", "detail": "The resource could not be found.\n\n No resource provider with uuid 482c4b1d-442a-44c5-a799-3cdc61b52ab0 found for delete ", "request_id": "req-f1d4c910-dbaa-411d-8d55-85d55bbd33ae"}]}
2026-07-15 00:14:31.729 10 INFO neutron.db.ovn_revision_numbers_db [None req-488665c0-09bb-48e1-a8b9-178e9112ac80 52fcc9fe900243408ce0473fbc804f08 bbec544cdd0146c0b489bbec4dd4c9bc - - default default] Successfully bumped revision number for resource 87d76211-6c8e-4da6-93d9-e307fe0f3239 (type: security_group_rules) to 0
2026-07-15 00:14:31.746 10 INFO neutron.db.ovn_revision_numbers_db [None req-488665c0-09bb-48e1-a8b9-178e9112ac80 52fcc9fe900243408ce0473fbc804f08 bbec544cdd0146c0b489bbec4dd4c9bc - - default default] Successfully bumped revision number for resource daed0bad-b567-4605-bb98-9e5f4451d184 (type: security_group_rules) to 0
2026-07-15 00:14:31.861 10 INFO neutron.db.ovn_revision_numbers_db [None req-488665c0-09bb-48e1-a8b9-178e9112ac80 52fcc9fe900243408ce0473fbc804f08 bbec544cdd0146c0b489bbec4dd4c9bc - - default default] Successfully bumped revision number for resource 666f1e91-ab56-4c19-9327-3e8f5490467f (type: security_groups) to 1
2026-07-15 00:14:31.884 10 INFO neutron.db.ovn_revision_numbers_db [None req-488665c0-09bb-48e1-a8b9-178e9112ac80 52fcc9fe900243408ce0473fbc804f08 bbec544cdd0146c0b489bbec4dd4c9bc - - default default] Successfully bumped revision number for resource 34925008-cd67-4860-8893-5695a08be4f3 (type: security_group_rules) to 0
2026-07-15 00:14:31.889 10 INFO neutron.plugins.ml2.drivers.ovn.mech_driver.mech_driver [None req-144f193a-c462-426d-8a5d-40b434281a03 - - - - - -] OVN reports status down for port: b19f067d-e3b3-4fda-917f-21c60fa5e685
2026-07-15 00:14:31.912 10 INFO neutron.db.ovn_revision_numbers_db [None req-488665c0-09bb-48e1-a8b9-178e9112ac80 52fcc9fe900243408ce0473fbc804f08 bbec544cdd0146c0b489bbec4dd4c9bc - - default default] Successfully bumped revision number for resource 7733c275-a588-417a-8d80-26e704e2e24d (type: security_group_rules) to 0
2026-07-15 00:14:31.944 10 INFO neutron.api.wsgi [None req-ab93840e-d5a6-4a59-80d0-f97f7b75629d 305f50acc5f447819dfbfdab9879bfa8 7a6892361988445ebb5a476708f2ccb7 - - default default] 10.0.0.197 "DELETE /v2.0/ports/7c79245c-37d0-4280-a1d7-f5bb9eda7a8d HTTP/1.1" status: 204 len: 168 time: 0.2963717
2026-07-15 00:14:31.957 10 INFO neutron.api.wsgi [None req-488665c0-09bb-48e1-a8b9-178e9112ac80 52fcc9fe900243408ce0473fbc804f08 bbec544cdd0146c0b489bbec4dd4c9bc - - default default] 10.0.0.197 "POST /v2.0/security-groups HTTP/1.1" status: 201 len: 1825 time: 0.6539226
2026-07-15 00:14:32.023 10 INFO neutron.api.wsgi [None req-8722aff6-53ee-411f-8200-85279b6ed9af 52fcc9fe900243408ce0473fbc804f08 bbec544cdd0146c0b489bbec4dd4c9bc - - default default] 10.0.0.197 "GET /v2.0/security-groups HTTP/1.1" status: 200 len: 4725 time: 0.0613949
2026-07-15 00:14:32.111 9 INFO neutron.db.ovn_revision_numbers_db [None req-2624eca0-26c1-4d74-a7df-e7894cb92276 52fcc9fe900243408ce0473fbc804f08 bbec544cdd0146c0b489bbec4dd4c9bc - - default default] Successfully bumped revision number for resource 666f1e91-ab56-4c19-9327-3e8f5490467f (type: security_groups) to 2
2026-07-15 00:14:32.128 9 INFO neutron.api.wsgi [None req-2624eca0-26c1-4d74-a7df-e7894cb92276 52fcc9fe900243408ce0473fbc804f08 bbec544cdd0146c0b489bbec4dd4c9bc - - default default] 10.0.0.197 "PUT /v2.0/security-groups/666f1e91-ab56-4c19-9327-3e8f5490467f HTTP/1.1" status: 200 len: 1858 time: 0.1010833
2026-07-15 00:14:32.164 10 INFO neutron.db.ovn_revision_numbers_db [None req-144f193a-c462-426d-8a5d-40b434281a03 - - - - - -] Successfully bumped revision number for resource b19f067d-e3b3-4fda-917f-21c60fa5e685 (type: ports) to 6
2026-07-15 00:14:32.167 9 INFO neutron.api.wsgi [None req-7dca6d0f-6a47-414b-96b8-f12a533b88dc 52fcc9fe900243408ce0473fbc804f08 bbec544cdd0146c0b489bbec4dd4c9bc - - default default] 10.0.0.197 "GET /v2.0/security-groups/666f1e91-ab56-4c19-9327-3e8f5490467f HTTP/1.1" status: 200 len: 1858 time: 0.0303278
2026-07-15 00:14:32.201 9 INFO neutron.api.wsgi [None req-9a67cf11-b525-4d76-b0b9-fee9824fdeba 305f50acc5f447819dfbfdab9879bfa8 7a6892361988445ebb5a476708f2ccb7 - - default default] 10.0.0.197 "DELETE /v2.0/ports/5b7485fe-2e67-4608-a3f4-3d108891edaf HTTP/1.1" status: 204 len: 168 time: 0.2509854
2026-07-15 00:14:32.240 9 INFO neutron.api.wsgi [None req-b8694e6d-558d-4609-8249-649de5476f73 305f50acc5f447819dfbfdab9879bfa8 7a6892361988445ebb5a476708f2ccb7 - - default default] 10.0.0.197 "GET /v2.0/ports HTTP/1.1" status: 200 len: 1718 time: 0.0339184
2026-07-15 00:14:32.249 9 WARNING neutron_lib.context [None req-513f8d66-a368-4478-8e83-0eb2e2452533 305f50acc5f447819dfbfdab9879bfa8 7a6892361988445ebb5a476708f2ccb7 - - default default] Method 'is_advsvc' is deprecated since 2023.2 release (neutron-lib 3.8.0) and will be removed once support for the old RBAC API policies will be removed from Neutron. Please use method 'is_service_role' instead.
2026-07-15 00:14:32.300 9 INFO neutron.api.wsgi [None req-97dcd9a4-1dba-4f6c-9812-7f22ebe85ba9 52fcc9fe900243408ce0473fbc804f08 bbec544cdd0146c0b489bbec4dd4c9bc - - default default] 10.0.0.197 "DELETE /v2.0/security-groups/666f1e91-ab56-4c19-9327-3e8f5490467f HTTP/1.1" status: 204 len: 168 time: 0.1290507
2026-07-15 00:14:32.326 9 INFO neutron.db.segments_db [None req-513f8d66-a368-4478-8e83-0eb2e2452533 305f50acc5f447819dfbfdab9879bfa8 7a6892361988445ebb5a476708f2ccb7 - - default default] Added segment f5f8947f-92e6-4998-a6c8-34cd0798e376 of type geneve for network becd8bcf-c484-40eb-8e3d-c456c02a03f1
2026-07-15 00:14:32.354 9 INFO neutron.api.wsgi [None req-66e9ad68-85e3-4c1f-badb-56404f89d238 52fcc9fe900243408ce0473fbc804f08 bbec544cdd0146c0b489bbec4dd4c9bc - - default default] 10.0.0.197 "GET /v2.0/security-groups HTTP/1.1" status: 200 len: 3120 time: 0.0502510 /var/lib/openstack/lib/python3.12/site-packages/pycadf/identifier.py:71: UserWarning: Invalid uuid: neutron. To ensure interoperability, identifiers should be a valid uuid. warnings.warn(('Invalid uuid: %s. To ensure interoperability, '
2026-07-15 00:14:32.378 10 INFO neutron.api.v2.resource [None req-cb823ca5-62d1-45a9-b319-085a26639430 52fcc9fe900243408ce0473fbc804f08 bbec544cdd0146c0b489bbec4dd4c9bc - - default default] delete failed (client error): The resource could not be found.
2026-07-15 00:14:32.379 10 INFO neutron.api.wsgi [None req-cb823ca5-62d1-45a9-b319-085a26639430 52fcc9fe900243408ce0473fbc804f08 bbec544cdd0146c0b489bbec4dd4c9bc - - default default] 10.0.0.197 "DELETE /v2.0/security-groups/666f1e91-ab56-4c19-9327-3e8f5490467f HTTP/1.1" status: 404 len: 347 time: 0.0186803
2026-07-15 00:14:32.395 9 WARNING neutron_lib.context [None req-449ca95d-d6e6-432e-b287-f330c71eeeec 52fcc9fe900243408ce0473fbc804f08 bbec544cdd0146c0b489bbec4dd4c9bc - - default default] Method 'is_advsvc' is deprecated since 2023.2 release (neutron-lib 3.8.0) and will be removed once support for the old RBAC API policies will be removed from Neutron. Please use method 'is_service_role' instead.
2026-07-15 00:14:32.483 9 INFO neutron.db.ovn_revision_numbers_db [None req-513f8d66-a368-4478-8e83-0eb2e2452533 305f50acc5f447819dfbfdab9879bfa8 7a6892361988445ebb5a476708f2ccb7 - - default default] Successfully bumped revision number for resource becd8bcf-c484-40eb-8e3d-c456c02a03f1 (type: networks) to 1
2026-07-15 00:14:32.529 9 INFO neutron.db.ovn_revision_numbers_db [None req-449ca95d-d6e6-432e-b287-f330c71eeeec 52fcc9fe900243408ce0473fbc804f08 bbec544cdd0146c0b489bbec4dd4c9bc - - default default] Successfully bumped revision number for resource fa867ebd-c515-42e9-8d03-e8502e4702eb (type: security_groups) to 1
2026-07-15 00:14:32.545 9 INFO neutron.db.ovn_revision_numbers_db [None req-449ca95d-d6e6-432e-b287-f330c71eeeec 52fcc9fe900243408ce0473fbc804f08 bbec544cdd0146c0b489bbec4dd4c9bc - - default default] Successfully bumped revision number for resource 0725e4b6-2c02-4ded-8c2b-c93475281330 (type: security_group_rules) to 0
2026-07-15 00:14:32.561 9 INFO neutron.db.ovn_revision_numbers_db [None req-449ca95d-d6e6-432e-b287-f330c71eeeec 52fcc9fe900243408ce0473fbc804f08 bbec544cdd0146c0b489bbec4dd4c9bc - - default default] Successfully bumped revision number for resource 5775ea5f-afcd-4d5f-a621-a665454cb7c5 (type: security_group_rules) to 0
2026-07-15 00:14:32.561 10 INFO neutron.api.wsgi [req-3397b098-56ce-4898-94e4-ed3d4a0d1d4d req-6994fefd-dd81-4590-81af-c4639b563b56 cd8355ce737242abbd67a95a52e1185f 6c523a8fd9a140a6aea6f916d3973701 - - default default] 10.0.0.184 "GET /v2.0/ports?device_id=a5b3c2cc-1d32-468a-9662-16b06da0c415 HTTP/1.1" status: 200 len: 1172 time: 0.0661848
2026-07-15 00:14:32.592 9 INFO neutron.api.wsgi [None req-449ca95d-d6e6-432e-b287-f330c71eeeec 52fcc9fe900243408ce0473fbc804f08 bbec544cdd0146c0b489bbec4dd4c9bc - - default default] 10.0.0.197 "POST /v2.0/security-groups HTTP/1.1" status: 201 len: 1824 time: 0.2035356
2026-07-15 00:14:32.604 9 WARNING neutron_lib.context [None req-365b8395-359b-4ff1-8075-a318fd1de0a8 52fcc9fe900243408ce0473fbc804f08 bbec544cdd0146c0b489bbec4dd4c9bc - - default default] Method 'is_advsvc' is deprecated since 2023.2 release (neutron-lib 3.8.0) and will be removed once support for the old RBAC API policies will be removed from Neutron. Please use method 'is_service_role' instead.
2026-07-15 00:14:32.604 10 INFO neutron.api.wsgi [req-3397b098-56ce-4898-94e4-ed3d4a0d1d4d req-9d4d6478-d6d9-48a0-9ecf-620805a2463b cd8355ce737242abbd67a95a52e1185f 6c523a8fd9a140a6aea6f916d3973701 - - default default] 10.0.0.184 "GET /v2.0/security-groups?id=cde271e1-02b2-4d9a-90c9-374d8a5be2ea&fields=id&fields=name HTTP/1.1" status: 200 len: 286 time: 0.0367475
2026-07-15 00:14:32.641 9 WARNING neutron.scheduler.dhcp_agent_scheduler [None req-513f8d66-a368-4478-8e83-0eb2e2452533 305f50acc5f447819dfbfdab9879bfa8 7a6892361988445ebb5a476708f2ccb7 - - default default] No more DHCP agents
2026-07-15 00:14:32.643 9 WARNING neutron.api.rpc.agentnotifiers.dhcp_rpc_agent_api [None req-513f8d66-a368-4478-8e83-0eb2e2452533 305f50acc5f447819dfbfdab9879bfa8 7a6892361988445ebb5a476708f2ccb7 - - default default] Unable to schedule network becd8bcf-c484-40eb-8e3d-c456c02a03f1: no agents available; will retry on subsequent port and subnet creation events.
2026-07-15 00:14:32.709 9 INFO neutron.db.ovn_revision_numbers_db [None req-513f8d66-a368-4478-8e83-0eb2e2452533 305f50acc5f447819dfbfdab9879bfa8 7a6892361988445ebb5a476708f2ccb7 - - default default] Successfully bumped revision number for resource a9e9bc47-727c-40f7-a4c1-0ca83182e280 (type: ports) to 1
2026-07-15 00:14:32.725 9 INFO neutron.db.ovn_revision_numbers_db [None req-365b8395-359b-4ff1-8075-a318fd1de0a8 52fcc9fe900243408ce0473fbc804f08 bbec544cdd0146c0b489bbec4dd4c9bc - - default default] Successfully bumped revision number for resource cf2d5e08-0867-4b0c-8503-330a582ff00e (type: security_group_rules) to 0
2026-07-15 00:14:32.730 9 INFO neutron.api.wsgi [None req-513f8d66-a368-4478-8e83-0eb2e2452533 305f50acc5f447819dfbfdab9879bfa8 7a6892361988445ebb5a476708f2ccb7 - - default default] 10.0.0.197 "POST /v2.0/networks HTTP/1.1" status: 201 len: 849 time: 0.4847054
2026-07-15 00:14:32.741 10 WARNING neutron_lib.context [None req-73087b53-55e4-4f3d-8d9a-701c84b64405 305f50acc5f447819dfbfdab9879bfa8 7a6892361988445ebb5a476708f2ccb7 - - default default] Method 'is_advsvc' is deprecated since 2023.2 release (neutron-lib 3.8.0) and will be removed once support for the old RBAC API policies will be removed from Neutron. Please use method 'is_service_role' instead.
2026-07-15 00:14:32.752 9 INFO neutron.api.wsgi [None req-365b8395-359b-4ff1-8075-a318fd1de0a8 52fcc9fe900243408ce0473fbc804f08 bbec544cdd0146c0b489bbec4dd4c9bc - - default default] 10.0.0.197 "POST /v2.0/security-group-rules HTTP/1.1" status: 201 len: 800 time: 0.1527896
2026-07-15 00:14:32.755 10 WARNING neutron_lib.context [None req-9c043f61-df32-47e9-8ee0-d6f2e5250604 cef67e2043744f07be993b562d045d78 ffe5bc38e6ca48eabc6c50cc764ac196 - - default default] Method 'is_advsvc' is deprecated since 2023.2 release (neutron-lib 3.8.0) and will be removed once support for the old RBAC API policies will be removed from Neutron. Please use method 'is_service_role' instead.
2026-07-15 00:14:32.793 10 INFO neutron.api.wsgi [None req-fe2d6acc-f707-4ad6-9ec3-c62d638b9576 52fcc9fe900243408ce0473fbc804f08 bbec544cdd0146c0b489bbec4dd4c9bc - - default default] 10.0.0.197 "GET /v2.0/security-group-rules/cf2d5e08-0867-4b0c-8503-330a582ff00e HTTP/1.1" status: 200 len: 795 time: 0.0355043
2026-07-15 00:14:32.828 10 INFO neutron.db.segments_db [None req-73087b53-55e4-4f3d-8d9a-701c84b64405 305f50acc5f447819dfbfdab9879bfa8 7a6892361988445ebb5a476708f2ccb7 - - default default] Added segment abf0b15b-c71f-4bf0-836e-c7697339cf48 of type geneve for network a8fbe9f0-19e5-4d9b-a54d-b54254cdba9b
2026-07-15 00:14:32.864 9 INFO neutron.api.wsgi [None req-bb05d3a5-6aca-4f62-bb0e-2f955a5c5392 52fcc9fe900243408ce0473fbc804f08 bbec544cdd0146c0b489bbec4dd4c9bc - - default default] 10.0.0.197 "GET /v2.0/security-group-rules HTTP/1.1" status: 200 len: 4333 time: 0.0665076
2026-07-15 00:14:32.926 10 INFO neutron.db.ovn_revision_numbers_db [None req-9c043f61-df32-47e9-8ee0-d6f2e5250604 cef67e2043744f07be993b562d045d78 ffe5bc38e6ca48eabc6c50cc764ac196 - - default default] Successfully bumped revision number for resource d8821443-719d-4b70-8875-238f2e5f84c7 (type: security_groups) to 1
2026-07-15 00:14:32.940 10 INFO neutron.db.ovn_revision_numbers_db [None req-9c043f61-df32-47e9-8ee0-d6f2e5250604 cef67e2043744f07be993b562d045d78 ffe5bc38e6ca48eabc6c50cc764ac196 - - default default] Successfully bumped revision number for resource 0b480197-fab9-4f2c-8be7-3b99f4dcd60f (type: security_group_rules) to 0
2026-07-15 00:14:32.960 10 INFO neutron.db.ovn_revision_numbers_db [None req-9c043f61-df32-47e9-8ee0-d6f2e5250604 cef67e2043744f07be993b562d045d78 ffe5bc38e6ca48eabc6c50cc764ac196 - - default default] Successfully bumped revision number for resource 7908b09b-4561-46a4-92b3-fab17be84092 (type: security_group_rules) to 0
2026-07-15 00:14:32.978 9 INFO neutron.api.wsgi [None req-5f0be78d-b6b9-4550-90ca-00ec6bcb9e41 52fcc9fe900243408ce0473fbc804f08 bbec544cdd0146c0b489bbec4dd4c9bc - - default default] 10.0.0.197 "DELETE /v2.0/security-group-rules/cf2d5e08-0867-4b0c-8503-330a582ff00e HTTP/1.1" status: 204 len: 168 time: 0.1095402
2026-07-15 00:14:32.978 10 INFO neutron.db.ovn_revision_numbers_db [None req-9c043f61-df32-47e9-8ee0-d6f2e5250604 cef67e2043744f07be993b562d045d78 ffe5bc38e6ca48eabc6c50cc764ac196 - - default default] Successfully bumped revision number for resource e37a89f2-908f-4f7d-8a64-28bf0947f25a (type: security_group_rules) to 0
2026-07-15 00:14:32.980 10 INFO neutron.db.ovn_revision_numbers_db [None req-73087b53-55e4-4f3d-8d9a-701c84b64405 305f50acc5f447819dfbfdab9879bfa8 7a6892361988445ebb5a476708f2ccb7 - - default default] Successfully bumped revision number for resource a8fbe9f0-19e5-4d9b-a54d-b54254cdba9b (type: networks) to 1
2026-07-15 00:14:32.993 10 INFO neutron.db.ovn_revision_numbers_db [None req-9c043f61-df32-47e9-8ee0-d6f2e5250604 cef67e2043744f07be993b562d045d78 ffe5bc38e6ca48eabc6c50cc764ac196 - - default default] Successfully bumped revision number for resource fbccc0b2-2abb-45be-8f8e-ed97fd6d99d2 (type: security_group_rules) to 0
2026-07-15 00:14:33.027 9 INFO neutron.api.wsgi [None req-0fc1218e-7b35-44f3-919e-414d803ee444 52fcc9fe900243408ce0473fbc804f08 bbec544cdd0146c0b489bbec4dd4c9bc - - default default] 10.0.0.197 "GET /v2.0/security-group-rules HTTP/1.1" status: 200 len: 3755 time: 0.0450969
2026-07-15 00:14:33.034 9 WARNING neutron_lib.context [None req-4519826e-4133-48af-ad52-8a3f6b1c7658 52fcc9fe900243408ce0473fbc804f08 bbec544cdd0146c0b489bbec4dd4c9bc - - default default] Method 'is_advsvc' is deprecated since 2023.2 release (neutron-lib 3.8.0) and will be removed once support for the old RBAC API policies will be removed from Neutron. Please use method 'is_service_role' instead.
2026-07-15 00:14:33.063 10 INFO neutron.db.segments_db [None req-9c043f61-df32-47e9-8ee0-d6f2e5250604 cef67e2043744f07be993b562d045d78 ffe5bc38e6ca48eabc6c50cc764ac196 - - default default] Added segment 119aae5b-2fda-4ee5-812b-f62a4a23d16c of type geneve for network 5c847b80-13ec-4bbc-8ee4-1ee0e4ce2440
2026-07-15 00:14:33.122 9 INFO neutron.db.ovn_revision_numbers_db [None req-4519826e-4133-48af-ad52-8a3f6b1c7658 52fcc9fe900243408ce0473fbc804f08 bbec544cdd0146c0b489bbec4dd4c9bc - - default default] Successfully bumped revision number for resource 70074af0-9f49-4d70-b4ed-96fc1fdac5b7 (type: security_group_rules) to 0
2026-07-15 00:14:33.135 10 INFO neutron.api.wsgi [req-51023fb5-cc8f-44b3-abc9-092f6c7a0759 req-657757d0-d631-439e-80e0-5c2ac274aef7 cd8355ce737242abbd67a95a52e1185f 6c523a8fd9a140a6aea6f916d3973701 - - default default] 199.19.213.73 "GET /v2.0/ports?device_id=a5b3c2cc-1d32-468a-9662-16b06da0c415 HTTP/1.1" status: 200 len: 1172 time: 0.0461276
2026-07-15 00:14:33.148 9 INFO neutron.api.wsgi [None req-4519826e-4133-48af-ad52-8a3f6b1c7658 52fcc9fe900243408ce0473fbc804f08 bbec544cdd0146c0b489bbec4dd4c9bc - - default default] 10.0.0.197 "POST /v2.0/security-group-rules HTTP/1.1" status: 201 len: 800 time: 0.1168771
2026-07-15 00:14:33.163 10 WARNING neutron.scheduler.dhcp_agent_scheduler [None req-73087b53-55e4-4f3d-8d9a-701c84b64405 305f50acc5f447819dfbfdab9879bfa8 7a6892361988445ebb5a476708f2ccb7 - - default default] No more DHCP agents
2026-07-15 00:14:33.165 10 WARNING neutron.api.rpc.agentnotifiers.dhcp_rpc_agent_api [None req-73087b53-55e4-4f3d-8d9a-701c84b64405 305f50acc5f447819dfbfdab9879bfa8 7a6892361988445ebb5a476708f2ccb7 - - default default] Unable to schedule network a8fbe9f0-19e5-4d9b-a54d-b54254cdba9b: no agents available; will retry on subsequent port and subnet creation events.
2026-07-15 00:14:33.166 9 INFO neutron.api.wsgi [None req-311fa9de-c062-4924-880c-e33b9bd0a288 52fcc9fe900243408ce0473fbc804f08 bbec544cdd0146c0b489bbec4dd4c9bc - - default default] 10.0.0.197 "GET /v2.0/security-group-rules/70074af0-9f49-4d70-b4ed-96fc1fdac5b7 HTTP/1.1" status: 200 len: 795 time: 0.0140927
2026-07-15 00:14:33.214 9 INFO neutron.api.wsgi [None req-f03338f0-96f7-454e-a5f8-0e3709c91345 52fcc9fe900243408ce0473fbc804f08 bbec544cdd0146c0b489bbec4dd4c9bc - - default default] 10.0.0.197 "GET /v2.0/security-group-rules HTTP/1.1" status: 200 len: 4333 time: 0.0452886
2026-07-15 00:14:33.221 10 INFO neutron.db.ovn_revision_numbers_db [None req-9c043f61-df32-47e9-8ee0-d6f2e5250604 cef67e2043744f07be993b562d045d78 ffe5bc38e6ca48eabc6c50cc764ac196 - - default default] Successfully bumped revision number for resource 5c847b80-13ec-4bbc-8ee4-1ee0e4ce2440 (type: networks) to 1
2026-07-15 00:14:33.258 10 INFO neutron.db.ovn_revision_numbers_db [None req-73087b53-55e4-4f3d-8d9a-701c84b64405 305f50acc5f447819dfbfdab9879bfa8 7a6892361988445ebb5a476708f2ccb7 - - default default] Successfully bumped revision number for resource 907e1f63-34d8-403f-ad09-b9dddca7f32a (type: ports) to 1
2026-07-15 00:14:33.297 9 INFO neutron.api.wsgi [None req-67ba27a1-86a6-4179-bc1a-29747f00065b 52fcc9fe900243408ce0473fbc804f08 bbec544cdd0146c0b489bbec4dd4c9bc - - default default] 10.0.0.197 "DELETE /v2.0/security-group-rules/70074af0-9f49-4d70-b4ed-96fc1fdac5b7 HTTP/1.1" status: 204 len: 168 time: 0.0796888
2026-07-15 00:14:33.300 10 INFO neutron.api.wsgi [None req-73087b53-55e4-4f3d-8d9a-701c84b64405 305f50acc5f447819dfbfdab9879bfa8 7a6892361988445ebb5a476708f2ccb7 - - default default] 10.0.0.197 "POST /v2.0/networks HTTP/1.1" status: 201 len: 849 time: 0.5636375
2026-07-15 00:14:33.348 9 WARNING neutron_lib.context [None req-4f0a1111-b799-4bd4-a9d6-c8e407a70dbb 305f50acc5f447819dfbfdab9879bfa8 7a6892361988445ebb5a476708f2ccb7 - - default default] Method 'is_advsvc' is deprecated since 2023.2 release (neutron-lib 3.8.0) and will be removed once support for the old RBAC API policies will be removed from Neutron. Please use method 'is_service_role' instead.
2026-07-15 00:14:33.349 10 INFO neutron.notifiers.nova [-] Nova event matching ['req-1240a070-9a05-4bb9-90af-262adc514d26'] response: {'server_uuid': 'a5b3c2cc-1d32-468a-9662-16b06da0c415', 'name': 'network-vif-unplugged', 'status': 'completed', 'tag': 'b19f067d-e3b3-4fda-917f-21c60fa5e685', 'code': 200}
2026-07-15 00:14:33.349 10 INFO neutron.notifiers.nova [-] Nova event matching ['req-1240a070-9a05-4bb9-90af-262adc514d26'] response: {'server_uuid': 'a5b3c2cc-1d32-468a-9662-16b06da0c415', 'name': 'network-vif-unplugged', 'status': 'completed', 'tag': 'b19f067d-e3b3-4fda-917f-21c60fa5e685', 'code': 200}
2026-07-15 00:14:33.368 9 WARNING neutron_lib.context [None req-4f0a1111-b799-4bd4-a9d6-c8e407a70dbb 305f50acc5f447819dfbfdab9879bfa8 7a6892361988445ebb5a476708f2ccb7 - - default default] Method 'is_advsvc' is deprecated since 2023.2 release (neutron-lib 3.8.0) and will be removed once support for the old RBAC API policies will be removed from Neutron. Please use method 'is_service_role' instead.
2026-07-15 00:14:33.405 10 INFO neutron.api.wsgi [None req-4802faed-23fb-4896-a786-4db472ec464b 52fcc9fe900243408ce0473fbc804f08 bbec544cdd0146c0b489bbec4dd4c9bc - - default default] 10.0.0.197 "GET /v2.0/security-group-rules HTTP/1.1" status: 200 len: 3755 time: 0.1021068
2026-07-15 00:14:33.414 9 WARNING neutron_lib.context [None req-69becedd-6b81-49e3-aaf5-fab4ad24b456 52fcc9fe900243408ce0473fbc804f08 bbec544cdd0146c0b489bbec4dd4c9bc - - default default] Method 'is_advsvc' is deprecated since 2023.2 release (neutron-lib 3.8.0) and will be removed once support for the old RBAC API policies will be removed from Neutron. Please use method 'is_service_role' instead.
