2026-07-15 00:13:03.749 10 INFO neutron.api.wsgi [req-ed02cfd7-c5f7-49df-8443-f274552a63bd req-3073caf7-bb64-4ce6-9922-49e2e4be5f45 94380dc1e3b548a7af5ded48087c32be e5b400080edf41d491a733278747ae22 - - default default] 10.0.0.184 "GET /v2.0/ports?device_id=ad59e520-f544-423d-a033-b2178bb91133 HTTP/1.1" status: 200 len: 210 time: 0.0214868
2026-07-15 00:13:03.759 10 INFO neutron.api.wsgi [req-82a202c0-1db3-40f8-b6de-41930912b58e req-b2504413-3683-46b6-88cf-b59078c09c7e 682e8349a6264ba9a7f0189fc5a4f691 f4d7ab641c9545ca8053a9f86bc56c70 - - default default] 10.0.0.184 "GET /v2.0/ports?device_id=61fe8ed8-4492-4874-b6c8-656b7d5fe533 HTTP/1.1" status: 200 len: 1156 time: 0.0841568
2026-07-15 00:13:03.770 9 INFO neutron.db.ovn_revision_numbers_db [req-d747e986-5fa7-473c-a583-9c7971946072 req-a4e748ac-91db-4391-b1e8-4c9e6e3c59b6 682e8349a6264ba9a7f0189fc5a4f691 f4d7ab641c9545ca8053a9f86bc56c70 - - default default] Successfully bumped revision number for resource ebcb66ec-de9b-4620-9dcc-78229dcc1605 (type: ports) to 1
2026-07-15 00:13:03.791 9 INFO neutron.api.wsgi [req-d747e986-5fa7-473c-a583-9c7971946072 req-a4e748ac-91db-4391-b1e8-4c9e6e3c59b6 682e8349a6264ba9a7f0189fc5a4f691 f4d7ab641c9545ca8053a9f86bc56c70 - - default default] 199.19.213.73 "POST /v2.0/ports HTTP/1.1" status: 201 len: 1158 time: 0.6726315 /var/lib/openstack/lib/python3.12/site-packages/pycadf/identifier.py:71: UserWarning: Invalid uuid: neutron. To ensure interoperability, identifiers should be a valid uuid. warnings.warn(('Invalid uuid: %s. To ensure interoperability, '
2026-07-15 00:13:03.800 9 INFO neutron.api.wsgi [req-d747e986-5fa7-473c-a583-9c7971946072 req-aa4ea0d6-caeb-40dd-8ecc-b3a1f45674b7 682e8349a6264ba9a7f0189fc5a4f691 f4d7ab641c9545ca8053a9f86bc56c70 - - default default] 199.19.213.73 "GET /v2.0/extensions HTTP/1.1" status: 200 len: 19298 time: 0.0059311
2026-07-15 00:13:03.805 10 INFO neutron.api.wsgi [req-82a202c0-1db3-40f8-b6de-41930912b58e req-33c24ab4-f83c-4671-9956-7a80352cced6 682e8349a6264ba9a7f0189fc5a4f691 f4d7ab641c9545ca8053a9f86bc56c70 - - default default] 10.0.0.184 "GET /v2.0/security-groups?id=c1ca8542-566d-45a9-9348-a1e3953fb306&fields=id&fields=name HTTP/1.1" status: 200 len: 313 time: 0.0386298
2026-07-15 00:13:03.850 10 INFO neutron.api.wsgi [req-3b2b4c96-94e1-460e-b4ec-a535ee6049f7 req-d92ca87d-dd12-4fa3-914d-1f07b429b8ce a3c2eea498774aa2ad3f896adf14ce4f 256aea4b083741ca84fb93f404a49b56 - - default default] 10.0.0.184 "GET /v2.0/ports?device_id=1c4b1828-1c60-4ad3-bf69-32d135d2a6fe HTTP/1.1" status: 200 len: 210 time: 0.0178812
2026-07-15 00:13:04.536 9 INFO neutron.db.ovn_revision_numbers_db [req-d747e986-5fa7-473c-a583-9c7971946072 req-35cff285-83a1-4f9f-97ec-052b5985d55f d5ae2cf065ab44848f923adf2beddf32 4a149269de794c39877fe605b8c6d58d - - f0d5bd53a426406e954dc45cfa6f09c6 f0d5bd53a426406e954dc45cfa6f09c6] Successfully bumped revision number for resource ebcb66ec-de9b-4620-9dcc-78229dcc1605 (type: ports) to 2
2026-07-15 00:13:04.727 9 INFO neutron.db.ovn_revision_numbers_db [req-d747e986-5fa7-473c-a583-9c7971946072 req-35cff285-83a1-4f9f-97ec-052b5985d55f d5ae2cf065ab44848f923adf2beddf32 4a149269de794c39877fe605b8c6d58d - - f0d5bd53a426406e954dc45cfa6f09c6 f0d5bd53a426406e954dc45cfa6f09c6] Successfully bumped revision number for resource ebcb66ec-de9b-4620-9dcc-78229dcc1605 (type: ports) to 4
2026-07-15 00:13:04.749 9 INFO neutron.api.wsgi [req-d747e986-5fa7-473c-a583-9c7971946072 req-35cff285-83a1-4f9f-97ec-052b5985d55f d5ae2cf065ab44848f923adf2beddf32 4a149269de794c39877fe605b8c6d58d - - f0d5bd53a426406e954dc45cfa6f09c6 f0d5bd53a426406e954dc45cfa6f09c6] 199.19.213.73 "PUT /v2.0/ports/ebcb66ec-de9b-4620-9dcc-78229dcc1605 HTTP/1.1" status: 200 len: 1404 time: 0.5651398
2026-07-15 00:13:04.774 10 INFO neutron.api.wsgi [req-e777efb0-1a30-4813-b259-535f81d31f0f req-36d14710-2e3f-452d-bb69-85bea9d9fcc1 94380dc1e3b548a7af5ded48087c32be e5b400080edf41d491a733278747ae22 - - default default] 199.19.213.73 "GET /v2.0/networks?id=73bba3e6-2532-4fe5-b732-f029c94a638d HTTP/1.1" status: 200 len: 883 time: 0.0429268
2026-07-15 00:13:04.813 10 INFO neutron.api.wsgi [req-e777efb0-1a30-4813-b259-535f81d31f0f req-dace105b-62d4-4cdb-995a-b0d635779609 94380dc1e3b548a7af5ded48087c32be e5b400080edf41d491a733278747ae22 - - default default] 199.19.213.73 "GET /v2.0/security-groups?fields=id&fields=name&tenant_id=e5b400080edf41d491a733278747ae22 HTTP/1.1" status: 200 len: 379 time: 0.0354321
2026-07-15 00:13:04.822 10 WARNING neutron_lib.context [req-e777efb0-1a30-4813-b259-535f81d31f0f req-ebce8195-bb29-4f56-affc-9556598a8fd7 94380dc1e3b548a7af5ded48087c32be e5b400080edf41d491a733278747ae22 - - default default] Method 'is_advsvc' is deprecated since 2023.2 release (neutron-lib 3.8.0) and will be removed once support for the old RBAC API policies will be removed from Neutron. Please use method 'is_service_role' instead.
2026-07-15 00:13:04.833 10 INFO neutron.api.wsgi [req-9952b399-dbc9-454f-8397-4e818c0a9be6 req-108da341-5529-46c4-9b7c-b3633eacb7b2 94380dc1e3b548a7af5ded48087c32be e5b400080edf41d491a733278747ae22 - - default default] 10.0.0.184 "GET /v2.0/ports?device_id=ad59e520-f544-423d-a033-b2178bb91133 HTTP/1.1" status: 200 len: 210 time: 0.0199792
2026-07-15 00:13:04.905 10 INFO neutron.api.wsgi [req-71e72ff4-125a-4a98-b892-e4df1fabe7fb req-e026be4f-7ffa-419c-ac72-fd16042df0bb 682e8349a6264ba9a7f0189fc5a4f691 f4d7ab641c9545ca8053a9f86bc56c70 - - default default] 10.0.0.184 "GET /v2.0/ports?device_id=61fe8ed8-4492-4874-b6c8-656b7d5fe533 HTTP/1.1" status: 200 len: 1168 time: 0.0462587
2026-07-15 00:13:04.980 10 INFO neutron.api.wsgi [req-7f5a573e-9121-42b5-a51a-7d2fd10baf4d req-d7dcfa06-7909-4e4c-b742-b21120be10ea a3c2eea498774aa2ad3f896adf14ce4f 256aea4b083741ca84fb93f404a49b56 - - default default] 10.0.0.184 "GET /v2.0/ports?device_id=1c4b1828-1c60-4ad3-bf69-32d135d2a6fe HTTP/1.1" status: 200 len: 210 time: 0.0417817
2026-07-15 00:13:05.016 10 INFO neutron.api.wsgi [req-71e72ff4-125a-4a98-b892-e4df1fabe7fb req-bb590f55-0b25-4cd5-a618-2214a848d2ac 682e8349a6264ba9a7f0189fc5a4f691 f4d7ab641c9545ca8053a9f86bc56c70 - - default default] 10.0.0.184 "GET /v2.0/security-groups?id=c1ca8542-566d-45a9-9348-a1e3953fb306&fields=id&fields=name HTTP/1.1" status: 200 len: 313 time: 0.1033792 /var/lib/openstack/lib/python3.12/site-packages/pycadf/identifier.py:71: UserWarning: Invalid uuid: neutron. To ensure interoperability, identifiers should be a valid uuid. warnings.warn(('Invalid uuid: %s. To ensure interoperability, '
2026-07-15 00:13:05.209 10 WARNING neutron.scheduler.dhcp_agent_scheduler [req-e777efb0-1a30-4813-b259-535f81d31f0f req-ebce8195-bb29-4f56-affc-9556598a8fd7 94380dc1e3b548a7af5ded48087c32be e5b400080edf41d491a733278747ae22 - - default default] No more DHCP agents
2026-07-15 00:13:05.210 10 WARNING neutron.api.rpc.agentnotifiers.dhcp_rpc_agent_api [req-e777efb0-1a30-4813-b259-535f81d31f0f req-ebce8195-bb29-4f56-affc-9556598a8fd7 94380dc1e3b548a7af5ded48087c32be e5b400080edf41d491a733278747ae22 - - default default] Unable to schedule network 73bba3e6-2532-4fe5-b732-f029c94a638d: no agents available; will retry on subsequent port and subnet creation events.
2026-07-15 00:13:05.244 9 INFO neutron.notifiers.nova [-] Nova event matching ['req-6ed172ec-81f6-4c10-a046-40f398a14d14'] response: {'name': 'network-changed', 'server_uuid': '61fe8ed8-4492-4874-b6c8-656b7d5fe533', 'tag': 'ebcb66ec-de9b-4620-9dcc-78229dcc1605', 'status': 'completed', 'code': 200}
2026-07-15 00:13:05.292 9 INFO neutron.db.ovn_revision_numbers_db [None req-23f9a1dd-b2c1-4ac4-8d6f-d8fb32a04dac 06bbd1ce37784b188c8b912a4d9ab8b3 960b28e35ccd47e99505804431eb5e67 - - default default] Successfully bumped revision number for resource 1291901b-5b7e-4be8-b8a3-dd2696340763 (type: security_groups) to 1
2026-07-15 00:13:05.302 10 INFO neutron.db.ovn_revision_numbers_db [req-e777efb0-1a30-4813-b259-535f81d31f0f req-ebce8195-bb29-4f56-affc-9556598a8fd7 94380dc1e3b548a7af5ded48087c32be e5b400080edf41d491a733278747ae22 - - default default] Successfully bumped revision number for resource 4a42108a-8e63-4d81-a04b-d3e2bfa7a1d8 (type: ports) to 1
2026-07-15 00:13:05.304 9 INFO neutron.db.ovn_revision_numbers_db [None req-23f9a1dd-b2c1-4ac4-8d6f-d8fb32a04dac 06bbd1ce37784b188c8b912a4d9ab8b3 960b28e35ccd47e99505804431eb5e67 - - default default] Successfully bumped revision number for resource 57c01e34-b51a-4e04-bbaa-36fd59cc8cb2 (type: security_group_rules) to 0
2026-07-15 00:13:05.316 9 INFO neutron.db.ovn_revision_numbers_db [None req-23f9a1dd-b2c1-4ac4-8d6f-d8fb32a04dac 06bbd1ce37784b188c8b912a4d9ab8b3 960b28e35ccd47e99505804431eb5e67 - - default default] Successfully bumped revision number for resource 80361247-2b66-44dc-b646-fde73723527b (type: security_group_rules) to 0
2026-07-15 00:13:05.323 10 INFO neutron.api.wsgi [req-e777efb0-1a30-4813-b259-535f81d31f0f req-ebce8195-bb29-4f56-affc-9556598a8fd7 94380dc1e3b548a7af5ded48087c32be e5b400080edf41d491a733278747ae22 - - default default] 199.19.213.73 "POST /v2.0/ports HTTP/1.1" status: 201 len: 1158 time: 0.5040767
2026-07-15 00:13:05.329 9 INFO neutron.db.ovn_revision_numbers_db [None req-23f9a1dd-b2c1-4ac4-8d6f-d8fb32a04dac 06bbd1ce37784b188c8b912a4d9ab8b3 960b28e35ccd47e99505804431eb5e67 - - default default] Successfully bumped revision number for resource 8e5ce4b6-5b01-4bac-989d-433ba89bfda7 (type: security_group_rules) to 0 /var/lib/openstack/lib/python3.12/site-packages/pycadf/identifier.py:71: UserWarning: Invalid uuid: neutron. To ensure interoperability, identifiers should be a valid uuid. warnings.warn(('Invalid uuid: %s. To ensure interoperability, '
2026-07-15 00:13:05.343 9 INFO neutron.db.ovn_revision_numbers_db [None req-23f9a1dd-b2c1-4ac4-8d6f-d8fb32a04dac 06bbd1ce37784b188c8b912a4d9ab8b3 960b28e35ccd47e99505804431eb5e67 - - default default] Successfully bumped revision number for resource c28f59b7-b493-4fb4-ae58-cd0cf56d4f6f (type: security_group_rules) to 0
2026-07-15 00:13:05.416 9 INFO neutron.db.segments_db [None req-23f9a1dd-b2c1-4ac4-8d6f-d8fb32a04dac 06bbd1ce37784b188c8b912a4d9ab8b3 960b28e35ccd47e99505804431eb5e67 - - default default] Added segment ec8c038a-5391-437a-b73c-aeea550f07a2 of type geneve for network 7eb1d599-b7ed-43ac-9386-c513011f4d51
2026-07-15 00:13:05.525 9 INFO neutron.db.ovn_revision_numbers_db [None req-23f9a1dd-b2c1-4ac4-8d6f-d8fb32a04dac 06bbd1ce37784b188c8b912a4d9ab8b3 960b28e35ccd47e99505804431eb5e67 - - default default] Successfully bumped revision number for resource 7eb1d599-b7ed-43ac-9386-c513011f4d51 (type: networks) to 1
2026-07-15 00:13:05.618 10 INFO neutron.db.ovn_revision_numbers_db [req-e777efb0-1a30-4813-b259-535f81d31f0f req-a83850b5-b9c5-4128-bbfa-8695e86eb962 d5ae2cf065ab44848f923adf2beddf32 4a149269de794c39877fe605b8c6d58d - - f0d5bd53a426406e954dc45cfa6f09c6 f0d5bd53a426406e954dc45cfa6f09c6] Successfully bumped revision number for resource 4a42108a-8e63-4d81-a04b-d3e2bfa7a1d8 (type: ports) to 2
2026-07-15 00:13:05.654 9 WARNING neutron.scheduler.dhcp_agent_scheduler [None req-23f9a1dd-b2c1-4ac4-8d6f-d8fb32a04dac 06bbd1ce37784b188c8b912a4d9ab8b3 960b28e35ccd47e99505804431eb5e67 - - default default] No more DHCP agents
2026-07-15 00:13:05.655 9 WARNING neutron.api.rpc.agentnotifiers.dhcp_rpc_agent_api [None req-23f9a1dd-b2c1-4ac4-8d6f-d8fb32a04dac 06bbd1ce37784b188c8b912a4d9ab8b3 960b28e35ccd47e99505804431eb5e67 - - default default] Unable to schedule network 7eb1d599-b7ed-43ac-9386-c513011f4d51: no agents available; will retry on subsequent port and subnet creation events.
2026-07-15 00:13:05.732 9 INFO neutron.db.ovn_revision_numbers_db [None req-23f9a1dd-b2c1-4ac4-8d6f-d8fb32a04dac 06bbd1ce37784b188c8b912a4d9ab8b3 960b28e35ccd47e99505804431eb5e67 - - default default] Successfully bumped revision number for resource 886ec19d-bf97-4eae-b3b4-6fea68b3d193 (type: ports) to 1
2026-07-15 00:13:05.752 9 INFO neutron.api.wsgi [None req-23f9a1dd-b2c1-4ac4-8d6f-d8fb32a04dac 06bbd1ce37784b188c8b912a4d9ab8b3 960b28e35ccd47e99505804431eb5e67 - - default default] 10.0.0.197 "POST /v2.0/networks HTTP/1.1" status: 201 len: 946 time: 0.6797137 /var/lib/openstack/lib/python3.12/site-packages/pycadf/identifier.py:71: UserWarning: Invalid uuid: neutron. To ensure interoperability, identifiers should be a valid uuid. warnings.warn(('Invalid uuid: %s. To ensure interoperability, '
2026-07-15 00:13:05.831 9 INFO neutron.api.wsgi [req-d747e986-5fa7-473c-a583-9c7971946072 req-45dd1f01-3b44-4e0a-b80e-fcda22f0acc6 d5ae2cf065ab44848f923adf2beddf32 4a149269de794c39877fe605b8c6d58d - - f0d5bd53a426406e954dc45cfa6f09c6 f0d5bd53a426406e954dc45cfa6f09c6] 199.19.213.73 "GET /v2.0/ports?tenant_id=f4d7ab641c9545ca8053a9f86bc56c70&device_id=61fe8ed8-4492-4874-b6c8-656b7d5fe533 HTTP/1.1" status: 200 len: 1407 time: 0.0580757
2026-07-15 00:13:05.844 10 INFO neutron.db.ovn_revision_numbers_db [req-e777efb0-1a30-4813-b259-535f81d31f0f req-a83850b5-b9c5-4128-bbfa-8695e86eb962 d5ae2cf065ab44848f923adf2beddf32 4a149269de794c39877fe605b8c6d58d - - f0d5bd53a426406e954dc45cfa6f09c6 f0d5bd53a426406e954dc45cfa6f09c6] Successfully bumped revision number for resource 4a42108a-8e63-4d81-a04b-d3e2bfa7a1d8 (type: ports) to 4
2026-07-15 00:13:05.870 9 INFO neutron.api.wsgi [req-d747e986-5fa7-473c-a583-9c7971946072 req-7991ef77-8088-40d2-8a03-09454485935c d5ae2cf065ab44848f923adf2beddf32 4a149269de794c39877fe605b8c6d58d - - f0d5bd53a426406e954dc45cfa6f09c6 f0d5bd53a426406e954dc45cfa6f09c6] 199.19.213.73 "GET /v2.0/floatingips?fixed_ip_address=10.100.0.8&port_id=ebcb66ec-de9b-4620-9dcc-78229dcc1605 HTTP/1.1" status: 200 len: 217 time: 0.0339544
2026-07-15 00:13:05.875 10 INFO neutron.api.wsgi [req-e777efb0-1a30-4813-b259-535f81d31f0f req-a83850b5-b9c5-4128-bbfa-8695e86eb962 d5ae2cf065ab44848f923adf2beddf32 4a149269de794c39877fe605b8c6d58d - - f0d5bd53a426406e954dc45cfa6f09c6 f0d5bd53a426406e954dc45cfa6f09c6] 199.19.213.73 "PUT /v2.0/ports/4a42108a-8e63-4d81-a04b-d3e2bfa7a1d8 HTTP/1.1" status: 200 len: 1404 time: 0.5469432
2026-07-15 00:13:05.907 9 INFO neutron.api.wsgi [req-d747e986-5fa7-473c-a583-9c7971946072 req-4d230245-3d74-42f9-87f2-7748d688c6c8 d5ae2cf065ab44848f923adf2beddf32 4a149269de794c39877fe605b8c6d58d - - f0d5bd53a426406e954dc45cfa6f09c6 f0d5bd53a426406e954dc45cfa6f09c6] 199.19.213.73 "GET /v2.0/subnets?id=696933bd-f817-4c33-b998-74796f77575f HTTP/1.1" status: 200 len: 893 time: 0.0327544
2026-07-15 00:13:05.936 10 WARNING neutron.scheduler.dhcp_agent_scheduler [None req-68781f35-7d11-439b-9c59-3964131c677c 06bbd1ce37784b188c8b912a4d9ab8b3 960b28e35ccd47e99505804431eb5e67 - - default default] No more DHCP agents
2026-07-15 00:13:05.938 9 INFO neutron.api.wsgi [req-d747e986-5fa7-473c-a583-9c7971946072 req-137a531a-1bb5-4d73-b3f5-fd13687c0d87 d5ae2cf065ab44848f923adf2beddf32 4a149269de794c39877fe605b8c6d58d - - f0d5bd53a426406e954dc45cfa6f09c6 f0d5bd53a426406e954dc45cfa6f09c6] 199.19.213.73 "GET /v2.0/ports?network_id=aeab2104-80f5-4146-bacf-81703f276616&device_owner=network%3Adhcp HTTP/1.1" status: 200 len: 210 time: 0.0270476
2026-07-15 00:13:05.940 10 WARNING neutron.api.rpc.agentnotifiers.dhcp_rpc_agent_api [None req-68781f35-7d11-439b-9c59-3964131c677c 06bbd1ce37784b188c8b912a4d9ab8b3 960b28e35ccd47e99505804431eb5e67 - - default default] Unable to schedule network 7eb1d599-b7ed-43ac-9386-c513011f4d51: no agents available; will retry on subsequent port and subnet creation events.
2026-07-15 00:13:05.984 9 INFO neutron.api.wsgi [req-d747e986-5fa7-473c-a583-9c7971946072 req-e5fad590-876b-4119-b0fd-1230c2c9240a d5ae2cf065ab44848f923adf2beddf32 4a149269de794c39877fe605b8c6d58d - - f0d5bd53a426406e954dc45cfa6f09c6 f0d5bd53a426406e954dc45cfa6f09c6] 199.19.213.73 "GET /v2.0/networks/aeab2104-80f5-4146-bacf-81703f276616?fields=segments HTTP/1.1" status: 200 len: 212 time: 0.0405407
2026-07-15 00:13:06.031 10 INFO neutron.api.wsgi [req-afbce2b4-bcba-4ed5-997e-a6072ee048fd req-d395d09e-3786-449b-8c33-ecea369bbb49 94380dc1e3b548a7af5ded48087c32be e5b400080edf41d491a733278747ae22 - - default default] 10.0.0.184 "GET /v2.0/ports?device_id=ad59e520-f544-423d-a033-b2178bb91133 HTTP/1.1" status: 200 len: 1168 time: 0.1293316
2026-07-15 00:13:06.039 10 WARNING neutron.plugins.ml2.drivers.ovn.mech_driver.ovsdb.ovn_client [None req-19c313b9-73c7-4a4d-a285-c210471534f8 - - - - - -] No hosting information found for port 6f2b5602-c45c-464c-9469-23afad951c6e: RuntimeError: No hosting information found for port 6f2b5602-c45c-464c-9469-23afad951c6e
2026-07-15 00:13:06.045 9 INFO neutron.api.wsgi [req-d747e986-5fa7-473c-a583-9c7971946072 req-a8a2b37e-39a6-409e-a486-18b10a7c7130 d5ae2cf065ab44848f923adf2beddf32 4a149269de794c39877fe605b8c6d58d - - f0d5bd53a426406e954dc45cfa6f09c6 f0d5bd53a426406e954dc45cfa6f09c6] 199.19.213.73 "GET /v2.0/networks/aeab2104-80f5-4146-bacf-81703f276616?fields=provider%3Aphysical_network&fields=provider%3Anetwork_type HTTP/1.1" status: 200 len: 277 time: 0.0558128
2026-07-15 00:13:06.089 10 INFO neutron.api.wsgi [req-7dee44d0-2172-4069-9d0e-d793d3760a28 req-908a05a8-7b56-4b07-8eab-6a2cc5ca7a47 a3c2eea498774aa2ad3f896adf14ce4f 256aea4b083741ca84fb93f404a49b56 - - default default] 10.0.0.184 "GET /v2.0/ports?device_id=1c4b1828-1c60-4ad3-bf69-32d135d2a6fe HTTP/1.1" status: 200 len: 210 time: 0.0322924
2026-07-15 00:13:06.128 10 INFO neutron.api.wsgi [req-afbce2b4-bcba-4ed5-997e-a6072ee048fd req-538d9759-1907-4079-aec1-cb736d1e5de8 94380dc1e3b548a7af5ded48087c32be e5b400080edf41d491a733278747ae22 - - default default] 10.0.0.184 "GET /v2.0/security-groups?id=120b0043-569b-438e-b462-1dbffd4e7f25&fields=id&fields=name HTTP/1.1" status: 200 len: 312 time: 0.0859993
2026-07-15 00:13:06.177 10 INFO neutron.api.wsgi [req-32224053-6995-4a55-8e5d-67285d8a0a26 req-672a1a73-1ec0-49a7-95c8-14df20eb58b4 682e8349a6264ba9a7f0189fc5a4f691 f4d7ab641c9545ca8053a9f86bc56c70 - - default default] 10.0.0.184 "GET /v2.0/ports?device_id=61fe8ed8-4492-4874-b6c8-656b7d5fe533 HTTP/1.1" status: 200 len: 1168 time: 0.0416257
2026-07-15 00:13:06.189 10 INFO neutron.db.ovn_revision_numbers_db [None req-19c313b9-73c7-4a4d-a285-c210471534f8 - - - - - -] Successfully bumped revision number for resource 729e4d61-54c0-4696-a7d7-f88465dc3fc2 (type: router_ports) to 2
2026-07-15 00:13:06.255 10 INFO neutron.api.wsgi [req-32224053-6995-4a55-8e5d-67285d8a0a26 req-4b566195-f1b8-4cb0-8e84-5c46eb4a32d8 682e8349a6264ba9a7f0189fc5a4f691 f4d7ab641c9545ca8053a9f86bc56c70 - - default default] 10.0.0.184 "GET /v2.0/security-groups?id=c1ca8542-566d-45a9-9348-a1e3953fb306&fields=id&fields=name HTTP/1.1" status: 200 len: 313 time: 0.0734591
2026-07-15 00:13:06.308 10 INFO neutron.db.ovn_revision_numbers_db [None req-19c313b9-73c7-4a4d-a285-c210471534f8 - - - - - -] Successfully bumped revision number for resource 6f2b5602-c45c-464c-9469-23afad951c6e (type: router_ports) to 2
2026-07-15 00:13:06.345 10 INFO neutron.notifiers.nova [-] Nova event matching ['req-42387fdf-09d9-4df6-ab0a-2ffeac1bd981'] response: {'name': 'network-changed', 'server_uuid': 'ad59e520-f544-423d-a033-b2178bb91133', 'tag': '4a42108a-8e63-4d81-a04b-d3e2bfa7a1d8', 'status': 'completed', 'code': 200}
2026-07-15 00:13:06.351 10 INFO neutron.plugins.ml2.drivers.ovn.mech_driver.mech_driver [None req-19c313b9-73c7-4a4d-a285-c210471534f8 - - - - - -] OVN reports status up for port: 6d8241ad-edf9-41f5-9827-a14e442a72db
2026-07-15 00:13:06.491 10 INFO neutron.db.ovn_revision_numbers_db [None req-77ec5fbd-39b2-4338-a744-f3762a5f2e4a - - - - - -] Successfully bumped revision number for resource 886ec19d-bf97-4eae-b3b4-6fea68b3d193 (type: ports) to 2
2026-07-15 00:13:06.516 10 INFO neutron.db.ovn_revision_numbers_db [None req-77ec5fbd-39b2-4338-a744-f3762a5f2e4a - - - - - -] Successfully bumped revision number for resource 352f1508-5bab-414e-8bdd-cd01475e02b9 (type: subnets) to 0
2026-07-15 00:13:06.529 10 INFO neutron.api.wsgi [None req-68781f35-7d11-439b-9c59-3964131c677c 06bbd1ce37784b188c8b912a4d9ab8b3 960b28e35ccd47e99505804431eb5e67 - - default default] 10.0.0.197 "POST /v2.0/subnets HTTP/1.1" status: 201 len: 891 time: 0.7708917
2026-07-15 00:13:06.876 9 INFO neutron.api.wsgi [req-21a98d2c-d045-4150-87a6-7d64fac631af req-b8cb1e5a-b2b6-4eaa-a21c-21415a04f345 d5ae2cf065ab44848f923adf2beddf32 4a149269de794c39877fe605b8c6d58d - - f0d5bd53a426406e954dc45cfa6f09c6 f0d5bd53a426406e954dc45cfa6f09c6] 199.19.213.73 "GET /v2.0/ports?tenant_id=e5b400080edf41d491a733278747ae22&device_id=ad59e520-f544-423d-a033-b2178bb91133 HTTP/1.1" status: 200 len: 1407 time: 0.0280614
2026-07-15 00:13:06.906 10 WARNING neutron.scheduler.dhcp_agent_scheduler [None req-17842988-900f-4e60-9ca3-4c32a4773504 06bbd1ce37784b188c8b912a4d9ab8b3 960b28e35ccd47e99505804431eb5e67 - - default default] No more DHCP agents
2026-07-15 00:13:06.908 10 WARNING neutron.api.rpc.agentnotifiers.dhcp_rpc_agent_api [None req-17842988-900f-4e60-9ca3-4c32a4773504 06bbd1ce37784b188c8b912a4d9ab8b3 960b28e35ccd47e99505804431eb5e67 - - default default] Unable to schedule network 11c62d4d-75c2-42dc-a014-8b9c456f30a2: no agents available; will retry on subsequent port and subnet creation events.
2026-07-15 00:13:06.917 10 INFO neutron.api.wsgi [req-22bb1648-a8e2-43f4-9ade-73558230c335 req-cfb00674-3d72-430d-8c2f-3b3428e25fbb a3c2eea498774aa2ad3f896adf14ce4f 256aea4b083741ca84fb93f404a49b56 - - default default] 199.19.213.73 "GET /v2.0/networks?id=b5179a46-a9c3-476c-8d1c-066dbdeaea80 HTTP/1.1" status: 200 len: 878 time: 0.0603921
2026-07-15 00:13:06.920 9 INFO neutron.api.wsgi [req-21a98d2c-d045-4150-87a6-7d64fac631af req-3756197c-aa25-4620-b04d-72f50793f657 d5ae2cf065ab44848f923adf2beddf32 4a149269de794c39877fe605b8c6d58d - - f0d5bd53a426406e954dc45cfa6f09c6 f0d5bd53a426406e954dc45cfa6f09c6] 199.19.213.73 "GET /v2.0/networks?tenant_id=e5b400080edf41d491a733278747ae22&shared=False HTTP/1.1" status: 200 len: 982 time: 0.0408599
2026-07-15 00:13:06.954 10 INFO neutron.api.wsgi [req-22bb1648-a8e2-43f4-9ade-73558230c335 req-8fdb94b3-83e2-4968-b7a8-222171302d08 a3c2eea498774aa2ad3f896adf14ce4f 256aea4b083741ca84fb93f404a49b56 - - default default] 199.19.213.73 "GET /v2.0/security-groups?fields=id&fields=name&tenant_id=256aea4b083741ca84fb93f404a49b56 HTTP/1.1" status: 200 len: 379 time: 0.0340397
2026-07-15 00:13:06.960 10 WARNING neutron_lib.context [req-22bb1648-a8e2-43f4-9ade-73558230c335 req-b4a6030a-9063-4ac8-a722-259a63f3d43c a3c2eea498774aa2ad3f896adf14ce4f 256aea4b083741ca84fb93f404a49b56 - - default default] Method 'is_advsvc' is deprecated since 2023.2 release (neutron-lib 3.8.0) and will be removed once support for the old RBAC API policies will be removed from Neutron. Please use method 'is_service_role' instead.
2026-07-15 00:13:06.962 9 INFO neutron.api.wsgi [req-21a98d2c-d045-4150-87a6-7d64fac631af req-077105fd-faa1-481b-92cf-63fa35040ca8 d5ae2cf065ab44848f923adf2beddf32 4a149269de794c39877fe605b8c6d58d - - f0d5bd53a426406e954dc45cfa6f09c6 f0d5bd53a426406e954dc45cfa6f09c6] 199.19.213.73 "GET /v2.0/networks?shared=True HTTP/1.1" status: 200 len: 952 time: 0.0399418
2026-07-15 00:13:07.020 10 INFO neutron.db.ovn_revision_numbers_db [None req-17842988-900f-4e60-9ca3-4c32a4773504 06bbd1ce37784b188c8b912a4d9ab8b3 960b28e35ccd47e99505804431eb5e67 - - default default] Successfully bumped revision number for resource 6d928eba-56ca-4bff-ba8b-1910082107e6 (type: ports) to 1
2026-07-15 00:13:07.083 9 INFO neutron.api.wsgi [req-be97b354-5711-4ac0-988c-e4f2e6d8ea1c req-134e89a7-46fa-40f9-abfc-e3c0234ab225 d5ae2cf065ab44848f923adf2beddf32 4a149269de794c39877fe605b8c6d58d - - f0d5bd53a426406e954dc45cfa6f09c6 f0d5bd53a426406e954dc45cfa6f09c6] 199.19.213.73 "GET /v2.0/ports?tenant_id=f4d7ab641c9545ca8053a9f86bc56c70&device_id=61fe8ed8-4492-4874-b6c8-656b7d5fe533 HTTP/1.1" status: 200 len: 1407 time: 0.0260189
2026-07-15 00:13:07.139 9 INFO neutron.api.wsgi [req-be97b354-5711-4ac0-988c-e4f2e6d8ea1c req-27d597c4-45ff-4edd-becd-e95c91b2949b d5ae2cf065ab44848f923adf2beddf32 4a149269de794c39877fe605b8c6d58d - - f0d5bd53a426406e954dc45cfa6f09c6 f0d5bd53a426406e954dc45cfa6f09c6] 199.19.213.73 "GET /v2.0/networks?id=aeab2104-80f5-4146-bacf-81703f276616 HTTP/1.1" status: 200 len: 974 time: 0.0498798
2026-07-15 00:13:07.155 9 INFO neutron.api.wsgi [req-be97b354-5711-4ac0-988c-e4f2e6d8ea1c req-eec463c4-ed06-4254-89aa-4411f114c048 d5ae2cf065ab44848f923adf2beddf32 4a149269de794c39877fe605b8c6d58d - - f0d5bd53a426406e954dc45cfa6f09c6 f0d5bd53a426406e954dc45cfa6f09c6] 199.19.213.73 "GET /v2.0/floatingips?fixed_ip_address=10.100.0.8&port_id=ebcb66ec-de9b-4620-9dcc-78229dcc1605 HTTP/1.1" status: 200 len: 217 time: 0.0129344
2026-07-15 00:13:07.177 10 INFO neutron.api.wsgi [req-232303fa-cd37-483e-b4dd-2fa752f4c788 req-d958ead0-057b-4e5a-9fb7-06593640ec81 a3c2eea498774aa2ad3f896adf14ce4f 256aea4b083741ca84fb93f404a49b56 - - default default] 10.0.0.184 "GET /v2.0/ports?device_id=1c4b1828-1c60-4ad3-bf69-32d135d2a6fe HTTP/1.1" status: 200 len: 210 time: 0.0269389
2026-07-15 00:13:07.187 9 INFO neutron.api.wsgi [req-be97b354-5711-4ac0-988c-e4f2e6d8ea1c req-806553f9-1293-4d86-a3f4-39c74f4fcb4e d5ae2cf065ab44848f923adf2beddf32 4a149269de794c39877fe605b8c6d58d - - f0d5bd53a426406e954dc45cfa6f09c6 f0d5bd53a426406e954dc45cfa6f09c6] 199.19.213.73 "GET /v2.0/subnets?id=696933bd-f817-4c33-b998-74796f77575f HTTP/1.1" status: 200 len: 893 time: 0.0265217
2026-07-15 00:13:07.217 9 INFO neutron.api.wsgi [req-be97b354-5711-4ac0-988c-e4f2e6d8ea1c req-440b6089-e96c-4fe1-a724-0415f3da0fe0 d5ae2cf065ab44848f923adf2beddf32 4a149269de794c39877fe605b8c6d58d - - f0d5bd53a426406e954dc45cfa6f09c6 f0d5bd53a426406e954dc45cfa6f09c6] 199.19.213.73 "GET /v2.0/ports?network_id=aeab2104-80f5-4146-bacf-81703f276616&device_owner=network%3Adhcp HTTP/1.1" status: 200 len: 210 time: 0.0134199
2026-07-15 00:13:07.247 10 INFO neutron.api.wsgi [req-2c56727a-02b9-44da-9a60-0668970f28a8 req-d2cc13b0-8332-4d60-bae7-35b76ed45117 94380dc1e3b548a7af5ded48087c32be e5b400080edf41d491a733278747ae22 - - default default] 10.0.0.184 "GET /v2.0/ports?device_id=ad59e520-f544-423d-a033-b2178bb91133 HTTP/1.1" status: 200 len: 1168 time: 0.0642505 /var/lib/openstack/lib/python3.12/site-packages/pycadf/identifier.py:71: UserWarning: Invalid uuid: neutron. To ensure interoperability, identifiers should be a valid uuid. warnings.warn(('Invalid uuid: %s. To ensure interoperability, '
2026-07-15 00:13:07.257 9 INFO neutron.api.wsgi [req-be97b354-5711-4ac0-988c-e4f2e6d8ea1c req-8001be51-188f-4109-9531-9d680fddb98f d5ae2cf065ab44848f923adf2beddf32 4a149269de794c39877fe605b8c6d58d - - f0d5bd53a426406e954dc45cfa6f09c6 f0d5bd53a426406e954dc45cfa6f09c6] 199.19.213.73 "GET /v2.0/networks/aeab2104-80f5-4146-bacf-81703f276616?fields=segments HTTP/1.1" status: 200 len: 212 time: 0.0341251
2026-07-15 00:13:07.302 10 INFO neutron.api.wsgi [req-2c56727a-02b9-44da-9a60-0668970f28a8 req-08d0fc3b-e396-4441-94c8-3af0b9a3c6bb 94380dc1e3b548a7af5ded48087c32be e5b400080edf41d491a733278747ae22 - - default default] 10.0.0.184 "GET /v2.0/security-groups?id=120b0043-569b-438e-b462-1dbffd4e7f25&fields=id&fields=name HTTP/1.1" status: 200 len: 312 time: 0.0505288
2026-07-15 00:13:07.303 9 INFO neutron.api.wsgi [req-be97b354-5711-4ac0-988c-e4f2e6d8ea1c req-c1934774-8cdf-4ed4-a802-23822305ac3d d5ae2cf065ab44848f923adf2beddf32 4a149269de794c39877fe605b8c6d58d - - f0d5bd53a426406e954dc45cfa6f09c6 f0d5bd53a426406e954dc45cfa6f09c6] 199.19.213.73 "GET /v2.0/networks/aeab2104-80f5-4146-bacf-81703f276616?fields=provider%3Aphysical_network&fields=provider%3Anetwork_type HTTP/1.1" status: 200 len: 277 time: 0.0405812
2026-07-15 00:13:07.312 10 WARNING neutron.scheduler.dhcp_agent_scheduler [req-22bb1648-a8e2-43f4-9ade-73558230c335 req-b4a6030a-9063-4ac8-a722-259a63f3d43c a3c2eea498774aa2ad3f896adf14ce4f 256aea4b083741ca84fb93f404a49b56 - - default default] No more DHCP agents
2026-07-15 00:13:07.314 10 WARNING neutron.api.rpc.agentnotifiers.dhcp_rpc_agent_api [req-22bb1648-a8e2-43f4-9ade-73558230c335 req-b4a6030a-9063-4ac8-a722-259a63f3d43c a3c2eea498774aa2ad3f896adf14ce4f 256aea4b083741ca84fb93f404a49b56 - - default default] Unable to schedule network b5179a46-a9c3-476c-8d1c-066dbdeaea80: no agents available; will retry on subsequent port and subnet creation events. /var/lib/openstack/lib/python3.12/site-packages/pycadf/identifier.py:71: UserWarning: Invalid uuid: neutron. To ensure interoperability, identifiers should be a valid uuid. warnings.warn(('Invalid uuid: %s. To ensure interoperability, '
2026-07-15 00:13:07.516 10 INFO neutron.api.wsgi [req-d5c385f6-0302-4d47-b1f6-39e97a3c88c8 req-e705fff8-a322-4f22-b64b-63ed4d47f3cd 682e8349a6264ba9a7f0189fc5a4f691 f4d7ab641c9545ca8053a9f86bc56c70 - - default default] 10.0.0.184 "GET /v2.0/ports?device_id=61fe8ed8-4492-4874-b6c8-656b7d5fe533 HTTP/1.1" status: 200 len: 1168 time: 0.1881566
2026-07-15 00:13:07.566 9 INFO neutron.api.wsgi [req-e777efb0-1a30-4813-b259-535f81d31f0f req-e143abfe-980d-460a-88c1-91badd77ec2b d5ae2cf065ab44848f923adf2beddf32 4a149269de794c39877fe605b8c6d58d - - f0d5bd53a426406e954dc45cfa6f09c6 f0d5bd53a426406e954dc45cfa6f09c6] 199.19.213.73 "GET /v2.0/ports?tenant_id=e5b400080edf41d491a733278747ae22&device_id=ad59e520-f544-423d-a033-b2178bb91133 HTTP/1.1" status: 200 len: 1407 time: 0.0455227
2026-07-15 00:13:07.568 10 INFO neutron.api.wsgi [req-d5c385f6-0302-4d47-b1f6-39e97a3c88c8 req-109852c5-719c-46d2-b85d-95c8b8ea4c62 682e8349a6264ba9a7f0189fc5a4f691 f4d7ab641c9545ca8053a9f86bc56c70 - - default default] 10.0.0.184 "GET /v2.0/security-groups?id=c1ca8542-566d-45a9-9348-a1e3953fb306&fields=id&fields=name HTTP/1.1" status: 200 len: 313 time: 0.0454292
2026-07-15 00:13:07.590 9 INFO neutron.api.wsgi [req-e777efb0-1a30-4813-b259-535f81d31f0f req-ef5ecc83-b788-41d3-9ca9-a9cb42d5e5c8 d5ae2cf065ab44848f923adf2beddf32 4a149269de794c39877fe605b8c6d58d - - f0d5bd53a426406e954dc45cfa6f09c6 f0d5bd53a426406e954dc45cfa6f09c6] 199.19.213.73 "GET /v2.0/floatingips?fixed_ip_address=10.100.0.8&port_id=4a42108a-8e63-4d81-a04b-d3e2bfa7a1d8 HTTP/1.1" status: 200 len: 217 time: 0.0178266
2026-07-15 00:13:07.612 10 INFO neutron.db.ovn_revision_numbers_db [req-22bb1648-a8e2-43f4-9ade-73558230c335 req-b4a6030a-9063-4ac8-a722-259a63f3d43c a3c2eea498774aa2ad3f896adf14ce4f 256aea4b083741ca84fb93f404a49b56 - - default default] Successfully bumped revision number for resource e52f04fa-fcb7-4c05-a72b-c51f33c4a026 (type: ports) to 1
2026-07-15 00:13:07.641 10 INFO neutron.api.wsgi [req-22bb1648-a8e2-43f4-9ade-73558230c335 req-b4a6030a-9063-4ac8-a722-259a63f3d43c a3c2eea498774aa2ad3f896adf14ce4f 256aea4b083741ca84fb93f404a49b56 - - default default] 199.19.213.73 "POST /v2.0/ports HTTP/1.1" status: 201 len: 1162 time: 0.6855173
2026-07-15 00:13:07.647 9 INFO neutron.api.wsgi [req-e777efb0-1a30-4813-b259-535f81d31f0f req-2a363992-eaf9-4ecb-b5de-7382cd42f717 d5ae2cf065ab44848f923adf2beddf32 4a149269de794c39877fe605b8c6d58d - - f0d5bd53a426406e954dc45cfa6f09c6 f0d5bd53a426406e954dc45cfa6f09c6] 199.19.213.73 "GET /v2.0/subnets?id=8b00f527-8607-4bcc-b051-9c1a28fec54c HTTP/1.1" status: 200 len: 901 time: 0.0248199
2026-07-15 00:13:07.677 9 INFO neutron.api.wsgi [req-e777efb0-1a30-4813-b259-535f81d31f0f req-07044c04-a203-4d99-95f1-af4681189430 d5ae2cf065ab44848f923adf2beddf32 4a149269de794c39877fe605b8c6d58d - - f0d5bd53a426406e954dc45cfa6f09c6 f0d5bd53a426406e954dc45cfa6f09c6] 199.19.213.73 "GET /v2.0/ports?network_id=73bba3e6-2532-4fe5-b732-f029c94a638d&device_owner=network%3Adhcp HTTP/1.1" status: 200 len: 210 time: 0.0199695
2026-07-15 00:13:07.732 9 INFO neutron.api.wsgi [req-e777efb0-1a30-4813-b259-535f81d31f0f req-eeb683e6-8482-4397-83c2-c071dc70f879 d5ae2cf065ab44848f923adf2beddf32 4a149269de794c39877fe605b8c6d58d - - f0d5bd53a426406e954dc45cfa6f09c6 f0d5bd53a426406e954dc45cfa6f09c6] 199.19.213.73 "GET /v2.0/networks/73bba3e6-2532-4fe5-b732-f029c94a638d?fields=segments HTTP/1.1" status: 200 len: 212 time: 0.0478373
2026-07-15 00:13:07.773 9 INFO neutron.api.wsgi [req-e777efb0-1a30-4813-b259-535f81d31f0f req-ccd242ea-499c-426d-aca8-ce29843a7bb4 d5ae2cf065ab44848f923adf2beddf32 4a149269de794c39877fe605b8c6d58d - - f0d5bd53a426406e954dc45cfa6f09c6 f0d5bd53a426406e954dc45cfa6f09c6] 199.19.213.73 "GET /v2.0/networks/73bba3e6-2532-4fe5-b732-f029c94a638d?fields=provider%3Aphysical_network&fields=provider%3Anetwork_type HTTP/1.1" status: 200 len: 277 time: 0.0374186
2026-07-15 00:13:07.864 10 INFO neutron.plugins.ml2.drivers.ovn.mech_driver.ovsdb.commands [None req-47bf4066-411c-49b4-847c-ca9b78bbc9c4 - - - - - -] Schedule LRP lrp-6d928eba-56ca-4bff-ba8b-1910082107e6 on gateway 6d7a156e-887f-4b2d-b245-af521f6d44f8 with priority 1
2026-07-15 00:13:07.889 9 INFO neutron.plugins.ml2.drivers.ovn.mech_driver.mech_driver [None req-5a205af7-0461-483f-a752-e0cba8779ddf - - - - - -] OVN reports status up for port: 6d928eba-56ca-4bff-ba8b-1910082107e6
2026-07-15 00:13:07.901 9 INFO neutron.plugins.ml2.drivers.ovn.mech_driver.ovsdb.ovsdb_monitor [None req-7369b1a2-8916-489d-a826-1dca7a35b26a - - - - - -] Router 7010fa7a-2667-40bb-87e6-ec744a9f4447 is bound to host instance
2026-07-15 00:13:07.905 9 INFO neutron.plugins.ml2.plugin [None req-5a205af7-0461-483f-a752-e0cba8779ddf - - - - - -] Attempt 1 to provision port 6d928eba-56ca-4bff-ba8b-1910082107e6
2026-07-15 00:13:07.933 10 INFO neutron.db.ovn_revision_numbers_db [None req-17842988-900f-4e60-9ca3-4c32a4773504 06bbd1ce37784b188c8b912a4d9ab8b3 960b28e35ccd47e99505804431eb5e67 - - default default] Successfully bumped revision number for resource 6d928eba-56ca-4bff-ba8b-1910082107e6 (type: router_ports) to 1
2026-07-15 00:13:08.013 10 INFO neutron.db.ovn_revision_numbers_db [None req-17842988-900f-4e60-9ca3-4c32a4773504 06bbd1ce37784b188c8b912a4d9ab8b3 960b28e35ccd47e99505804431eb5e67 - - default default] Successfully bumped revision number for resource 7010fa7a-2667-40bb-87e6-ec744a9f4447 (type: routers) to 2
2026-07-15 00:13:08.035 10 INFO neutron.api.wsgi [None req-17842988-900f-4e60-9ca3-4c32a4773504 06bbd1ce37784b188c8b912a4d9ab8b3 960b28e35ccd47e99505804431eb5e67 - - default default] 10.0.0.197 "POST /v2.0/routers HTTP/1.1" status: 201 len: 1169 time: 1.4999652 /var/lib/openstack/lib/python3.12/site-packages/pycadf/identifier.py:71: UserWarning: Invalid uuid: neutron. To ensure interoperability, identifiers should be a valid uuid. warnings.warn(('Invalid uuid: %s. To ensure interoperability, '
2026-07-15 00:13:08.064 10 INFO neutron.db.ovn_revision_numbers_db [req-22bb1648-a8e2-43f4-9ade-73558230c335 req-413e4438-a720-4851-97c7-437003fbfea8 d5ae2cf065ab44848f923adf2beddf32 4a149269de794c39877fe605b8c6d58d - - f0d5bd53a426406e954dc45cfa6f09c6 f0d5bd53a426406e954dc45cfa6f09c6] Successfully bumped revision number for resource e52f04fa-fcb7-4c05-a72b-c51f33c4a026 (type: ports) to 2 /var/lib/openstack/lib/python3.12/site-packages/pycadf/identifier.py:71: UserWarning: Invalid uuid: neutron. To ensure interoperability, identifiers should be a valid uuid. warnings.warn(('Invalid uuid: %s. To ensure interoperability, '
2026-07-15 00:13:08.336 10 INFO neutron.db.ovn_revision_numbers_db [req-22bb1648-a8e2-43f4-9ade-73558230c335 req-413e4438-a720-4851-97c7-437003fbfea8 d5ae2cf065ab44848f923adf2beddf32 4a149269de794c39877fe605b8c6d58d - - f0d5bd53a426406e954dc45cfa6f09c6 f0d5bd53a426406e954dc45cfa6f09c6] Successfully bumped revision number for resource e52f04fa-fcb7-4c05-a72b-c51f33c4a026 (type: ports) to 4
2026-07-15 00:13:08.365 9 INFO neutron.db.ovn_revision_numbers_db [None req-03f54143-3995-4b3f-98b7-e9b497ad3ff3 - - - - - -] Successfully bumped revision number for resource 6d928eba-56ca-4bff-ba8b-1910082107e6 (type: ports) to 1
2026-07-15 00:13:08.401 10 INFO neutron.api.wsgi [req-192902f5-d4fb-4f4b-84d1-2e010cafb57e req-cc10e580-5ab4-44f6-b900-f4690f25ed44 a3c2eea498774aa2ad3f896adf14ce4f 256aea4b083741ca84fb93f404a49b56 - - default default] 10.0.0.184 "GET /v2.0/ports?device_id=1c4b1828-1c60-4ad3-bf69-32d135d2a6fe HTTP/1.1" status: 200 len: 1172 time: 0.1439598
2026-07-15 00:13:08.410 10 INFO neutron.api.wsgi [req-22bb1648-a8e2-43f4-9ade-73558230c335 req-413e4438-a720-4851-97c7-437003fbfea8 d5ae2cf065ab44848f923adf2beddf32 4a149269de794c39877fe605b8c6d58d - - f0d5bd53a426406e954dc45cfa6f09c6 f0d5bd53a426406e954dc45cfa6f09c6] 199.19.213.73 "PUT /v2.0/ports/e52f04fa-fcb7-4c05-a72b-c51f33c4a026 HTTP/1.1" status: 200 len: 1408 time: 0.7528493
2026-07-15 00:13:08.428 10 INFO neutron.api.wsgi [req-89f08e84-3f18-42af-84bc-1dd96abe179c req-1aaf8366-bd9f-4c47-8fa9-e7386ff230f0 94380dc1e3b548a7af5ded48087c32be e5b400080edf41d491a733278747ae22 - - default default] 10.0.0.184 "GET /v2.0/ports?device_id=ad59e520-f544-423d-a033-b2178bb91133 HTTP/1.1" status: 200 len: 1168 time: 0.0651169
2026-07-15 00:13:08.472 10 INFO neutron.api.wsgi [req-192902f5-d4fb-4f4b-84d1-2e010cafb57e req-619022d3-ca47-4baa-b562-02379a385768 a3c2eea498774aa2ad3f896adf14ce4f 256aea4b083741ca84fb93f404a49b56 - - default default] 10.0.0.184 "GET /v2.0/security-groups?id=d6f88298-60e3-4857-a5c5-ecd9521a697d&fields=id&fields=name HTTP/1.1" status: 200 len: 312 time: 0.0615618
2026-07-15 00:13:08.484 10 INFO neutron.api.wsgi [req-89f08e84-3f18-42af-84bc-1dd96abe179c req-9478b9c7-57a2-4402-891f-ae2808bd6b00 94380dc1e3b548a7af5ded48087c32be e5b400080edf41d491a733278747ae22 - - default default] 10.0.0.184 "GET /v2.0/security-groups?id=120b0043-569b-438e-b462-1dbffd4e7f25&fields=id&fields=name HTTP/1.1" status: 200 len: 312 time: 0.0486262
2026-07-15 00:13:08.516 10 INFO neutron.notifiers.nova [-] Nova event matching ['req-6cdc3a02-fcf5-4757-84cc-cc8e8312e96f'] response: {'name': 'network-changed', 'server_uuid': '1c4b1828-1c60-4ad3-bf69-32d135d2a6fe', 'tag': 'e52f04fa-fcb7-4c05-a72b-c51f33c4a026', 'status': 'completed', 'code': 200}
2026-07-15 00:13:08.587 10 WARNING neutron.scheduler.dhcp_agent_scheduler [None req-9ab63d51-cd99-42f7-a6f0-c66fa289d551 06bbd1ce37784b188c8b912a4d9ab8b3 960b28e35ccd47e99505804431eb5e67 - - default default] No more DHCP agents
2026-07-15 00:13:08.588 10 WARNING neutron.api.rpc.agentnotifiers.dhcp_rpc_agent_api [None req-9ab63d51-cd99-42f7-a6f0-c66fa289d551 06bbd1ce37784b188c8b912a4d9ab8b3 960b28e35ccd47e99505804431eb5e67 - - default default] Unable to schedule network 7eb1d599-b7ed-43ac-9386-c513011f4d51: no agents available; will retry on subsequent port and subnet creation events.
2026-07-15 00:13:08.662 10 INFO neutron.api.wsgi [req-ff342b78-29cc-48bd-992d-8e6635a1e4f6 req-341e11dc-5360-4a98-8142-7b390abaab14 682e8349a6264ba9a7f0189fc5a4f691 f4d7ab641c9545ca8053a9f86bc56c70 - - default default] 10.0.0.184 "GET /v2.0/ports?device_id=61fe8ed8-4492-4874-b6c8-656b7d5fe533 HTTP/1.1" status: 200 len: 1168 time: 0.0330040
2026-07-15 00:13:08.694 9 INFO neutron.db.ovn_revision_numbers_db [None req-03f54143-3995-4b3f-98b7-e9b497ad3ff3 - - - - - -] Successfully bumped revision number for resource 6d928eba-56ca-4bff-ba8b-1910082107e6 (type: ports) to 4
2026-07-15 00:13:08.700 10 INFO neutron.api.wsgi [req-ff342b78-29cc-48bd-992d-8e6635a1e4f6 req-1aa193b1-06e4-42b0-8469-4b363d4b8910 682e8349a6264ba9a7f0189fc5a4f691 f4d7ab641c9545ca8053a9f86bc56c70 - - default default] 10.0.0.184 "GET /v2.0/security-groups?id=c1ca8542-566d-45a9-9348-a1e3953fb306&fields=id&fields=name HTTP/1.1" status: 200 len: 313 time: 0.0312202
2026-07-15 00:13:08.726 10 INFO neutron.db.ovn_revision_numbers_db [None req-9ab63d51-cd99-42f7-a6f0-c66fa289d551 06bbd1ce37784b188c8b912a4d9ab8b3 960b28e35ccd47e99505804431eb5e67 - - default default] Successfully bumped revision number for resource 52badab5-b0de-4bf0-bcc6-f49858630c26 (type: ports) to 1
2026-07-15 00:13:08.944 9 INFO neutron.db.ovn_revision_numbers_db [None req-03f54143-3995-4b3f-98b7-e9b497ad3ff3 - - - - - -] Successfully bumped revision number for resource 6d928eba-56ca-4bff-ba8b-1910082107e6 (type: ports) to 5
2026-07-15 00:13:09.064 10 INFO neutron.api.wsgi [req-b5681012-3e82-4ad1-a41f-132d46d42817 req-2ac929bc-ae86-45c8-9a4b-2a89df33a41c d5ae2cf065ab44848f923adf2beddf32 4a149269de794c39877fe605b8c6d58d - - f0d5bd53a426406e954dc45cfa6f09c6 f0d5bd53a426406e954dc45cfa6f09c6] 199.19.213.73 "GET /v2.0/ports?tenant_id=256aea4b083741ca84fb93f404a49b56&device_id=1c4b1828-1c60-4ad3-bf69-32d135d2a6fe HTTP/1.1" status: 200 len: 1411 time: 0.0446336
2026-07-15 00:13:09.107 10 INFO neutron.api.wsgi [req-b5681012-3e82-4ad1-a41f-132d46d42817 req-ce7d44a9-e5f1-48dd-97e4-8b1acbe6f381 d5ae2cf065ab44848f923adf2beddf32 4a149269de794c39877fe605b8c6d58d - - f0d5bd53a426406e954dc45cfa6f09c6 f0d5bd53a426406e954dc45cfa6f09c6] 199.19.213.73 "GET /v2.0/networks?tenant_id=256aea4b083741ca84fb93f404a49b56&shared=False HTTP/1.1" status: 200 len: 976 time: 0.0387354
2026-07-15 00:13:09.166 10 INFO neutron.api.wsgi [req-b5681012-3e82-4ad1-a41f-132d46d42817 req-95e0b5ed-1da3-4317-8d8b-2f8ac56e9303 d5ae2cf065ab44848f923adf2beddf32 4a149269de794c39877fe605b8c6d58d - - f0d5bd53a426406e954dc45cfa6f09c6 f0d5bd53a426406e954dc45cfa6f09c6] 199.19.213.73 "GET /v2.0/networks?shared=True HTTP/1.1" status: 200 len: 952 time: 0.0539496
2026-07-15 00:13:09.196 10 INFO neutron.plugins.ml2.drivers.ovn.mech_driver.mech_driver [None req-19c313b9-73c7-4a4d-a285-c210471534f8 - - - - - -] OVN reports status up for port: 52badab5-b0de-4bf0-bcc6-f49858630c26
2026-07-15 00:13:09.203 10 INFO neutron.plugins.ml2.plugin [None req-19c313b9-73c7-4a4d-a285-c210471534f8 - - - - - -] Attempt 1 to provision port 52badab5-b0de-4bf0-bcc6-f49858630c26
2026-07-15 00:13:09.213 10 INFO neutron.db.ovn_revision_numbers_db [None req-9ab63d51-cd99-42f7-a6f0-c66fa289d551 06bbd1ce37784b188c8b912a4d9ab8b3 960b28e35ccd47e99505804431eb5e67 - - default default] Successfully bumped revision number for resource 52badab5-b0de-4bf0-bcc6-f49858630c26 (type: ports) to 1
2026-07-15 00:13:09.263 10 WARNING neutron.scheduler.dhcp_agent_scheduler [None req-9ab63d51-cd99-42f7-a6f0-c66fa289d551 06bbd1ce37784b188c8b912a4d9ab8b3 960b28e35ccd47e99505804431eb5e67 - - default default] No more DHCP agents
2026-07-15 00:13:09.266 10 WARNING neutron.api.rpc.agentnotifiers.dhcp_rpc_agent_api [None req-9ab63d51-cd99-42f7-a6f0-c66fa289d551 06bbd1ce37784b188c8b912a4d9ab8b3 960b28e35ccd47e99505804431eb5e67 - - default default] Unable to schedule network 7eb1d599-b7ed-43ac-9386-c513011f4d51: no agents available; will retry on subsequent port and subnet creation events.
2026-07-15 00:13:09.591 10 INFO neutron.api.wsgi [req-2d033177-b84b-4eb5-a930-652a4da9cf78 req-1e70b5d4-6736-43b4-bd63-8d46d826680e a3c2eea498774aa2ad3f896adf14ce4f 256aea4b083741ca84fb93f404a49b56 - - default default] 10.0.0.184 "GET /v2.0/ports?device_id=1c4b1828-1c60-4ad3-bf69-32d135d2a6fe HTTP/1.1" status: 200 len: 1172 time: 0.0594730
2026-07-15 00:13:09.603 10 INFO neutron.api.wsgi [req-980e0e44-38bd-4256-852c-e482825f11e4 req-b7ae610f-c585-48df-b026-abe9b2f9c42c 94380dc1e3b548a7af5ded48087c32be e5b400080edf41d491a733278747ae22 - - default default] 10.0.0.184 "GET /v2.0/ports?device_id=ad59e520-f544-423d-a033-b2178bb91133 HTTP/1.1" status: 200 len: 1168 time: 0.0554981
2026-07-15 00:13:09.616 10 INFO neutron.db.ovn_revision_numbers_db [None req-19c313b9-73c7-4a4d-a285-c210471534f8 - - - - - -] Successfully bumped revision number for resource 52badab5-b0de-4bf0-bcc6-f49858630c26 (type: ports) to 2
2026-07-15 00:13:09.679 10 INFO neutron.api.wsgi [req-2d033177-b84b-4eb5-a930-652a4da9cf78 req-2dc50086-26df-4922-81c7-df857604a56b a3c2eea498774aa2ad3f896adf14ce4f 256aea4b083741ca84fb93f404a49b56 - - default default] 10.0.0.184 "GET /v2.0/security-groups?id=d6f88298-60e3-4857-a5c5-ecd9521a697d&fields=id&fields=name HTTP/1.1" status: 200 len: 312 time: 0.0802188
2026-07-15 00:13:09.690 10 INFO neutron.api.wsgi [req-980e0e44-38bd-4256-852c-e482825f11e4 req-ee609063-dd55-475a-b269-1c723c4518ff 94380dc1e3b548a7af5ded48087c32be e5b400080edf41d491a733278747ae22 - - default default] 10.0.0.184 "GET /v2.0/security-groups?id=120b0043-569b-438e-b462-1dbffd4e7f25&fields=id&fields=name HTTP/1.1" status: 200 len: 312 time: 0.0795839
2026-07-15 00:13:09.847 10 INFO neutron.api.wsgi [req-8a5e43a6-23d4-4527-8b17-d35776530db0 req-9a362ce6-fc65-435e-a3d4-6617a14eeecd 682e8349a6264ba9a7f0189fc5a4f691 f4d7ab641c9545ca8053a9f86bc56c70 - - default default] 10.0.0.184 "GET /v2.0/ports?device_id=61fe8ed8-4492-4874-b6c8-656b7d5fe533 HTTP/1.1" status: 200 len: 1168 time: 0.0875540
2026-07-15 00:13:09.888 10 INFO neutron.api.wsgi [req-8a5e43a6-23d4-4527-8b17-d35776530db0 req-4aaed66a-7494-42e8-86b7-447e5f8bfc71 682e8349a6264ba9a7f0189fc5a4f691 f4d7ab641c9545ca8053a9f86bc56c70 - - default default] 10.0.0.184 "GET /v2.0/security-groups?id=c1ca8542-566d-45a9-9348-a1e3953fb306&fields=id&fields=name HTTP/1.1" status: 200 len: 313 time: 0.0353794
2026-07-15 00:13:10.153 10 INFO neutron.db.ovn_revision_numbers_db [None req-9ab63d51-cd99-42f7-a6f0-c66fa289d551 06bbd1ce37784b188c8b912a4d9ab8b3 960b28e35ccd47e99505804431eb5e67 - - default default] Successfully bumped revision number for resource 52badab5-b0de-4bf0-bcc6-f49858630c26 (type: router_ports) to 1
2026-07-15 00:13:10.159 10 INFO neutron.api.wsgi [None req-9ab63d51-cd99-42f7-a6f0-c66fa289d551 06bbd1ce37784b188c8b912a4d9ab8b3 960b28e35ccd47e99505804431eb5e67 - - default default] 10.0.0.197 "PUT /v2.0/routers/7010fa7a-2667-40bb-87e6-ec744a9f4447/add_router_interface HTTP/1.1" status: 200 len: 503 time: 2.1201062
2026-07-15 00:13:10.213 10 INFO neutron.api.wsgi [req-22bb1648-a8e2-43f4-9ade-73558230c335 req-cbdce82b-43aa-423f-ad3a-1841744abf97 d5ae2cf065ab44848f923adf2beddf32 4a149269de794c39877fe605b8c6d58d - - f0d5bd53a426406e954dc45cfa6f09c6 f0d5bd53a426406e954dc45cfa6f09c6] 199.19.213.73 "GET /v2.0/ports?tenant_id=256aea4b083741ca84fb93f404a49b56&device_id=1c4b1828-1c60-4ad3-bf69-32d135d2a6fe HTTP/1.1" status: 200 len: 1411 time: 0.0357420
2026-07-15 00:13:10.274 10 INFO neutron.api.wsgi [req-22bb1648-a8e2-43f4-9ade-73558230c335 req-e3bd2dff-0e08-484a-acaf-c3a2f71d7a5a d5ae2cf065ab44848f923adf2beddf32 4a149269de794c39877fe605b8c6d58d - - f0d5bd53a426406e954dc45cfa6f09c6 f0d5bd53a426406e954dc45cfa6f09c6] 199.19.213.73 "GET /v2.0/floatingips?fixed_ip_address=10.100.0.14&port_id=e52f04fa-fcb7-4c05-a72b-c51f33c4a026 HTTP/1.1" status: 200 len: 217 time: 0.0540102
2026-07-15 00:13:10.311 10 INFO neutron.api.wsgi [req-22bb1648-a8e2-43f4-9ade-73558230c335 req-e8ccfa93-1d58-4098-8058-29673b738576 d5ae2cf065ab44848f923adf2beddf32 4a149269de794c39877fe605b8c6d58d - - f0d5bd53a426406e954dc45cfa6f09c6 f0d5bd53a426406e954dc45cfa6f09c6] 199.19.213.73 "GET /v2.0/subnets?id=3bb15f91-81ac-4340-a3f3-c29bf32ba6f4 HTTP/1.1" status: 200 len: 896 time: 0.0298901
2026-07-15 00:13:10.347 10 INFO neutron.api.wsgi [req-22bb1648-a8e2-43f4-9ade-73558230c335 req-d1d22dd4-71a0-47e8-bdd6-dab1906840ba d5ae2cf065ab44848f923adf2beddf32 4a149269de794c39877fe605b8c6d58d - - f0d5bd53a426406e954dc45cfa6f09c6 f0d5bd53a426406e954dc45cfa6f09c6] 199.19.213.73 "GET /v2.0/ports?network_id=b5179a46-a9c3-476c-8d1c-066dbdeaea80&device_owner=network%3Adhcp HTTP/1.1" status: 200 len: 210 time: 0.0289247
2026-07-15 00:13:10.715 10 WARNING neutron_lib.context [req-38949546-5701-45bc-a638-be5ddf5b9932 req-75174aa8-f17e-40b0-a40c-e7e0dbd88fe3 92a6a695feaa45c998800a7b69021843 ea4e942d0a0345dbb4c1338fe852b6b0 - - default default] Method 'is_advsvc' is deprecated since 2023.2 release (neutron-lib 3.8.0) and will be removed once support for the old RBAC API policies will be removed from Neutron. Please use method 'is_service_role' instead.
2026-07-15 00:13:10.773 10 INFO neutron.api.wsgi [req-22bb1648-a8e2-43f4-9ade-73558230c335 req-1ddfaefd-b36e-466c-a6d3-cdb81274ff2f d5ae2cf065ab44848f923adf2beddf32 4a149269de794c39877fe605b8c6d58d - - f0d5bd53a426406e954dc45cfa6f09c6 f0d5bd53a426406e954dc45cfa6f09c6] 199.19.213.73 "GET /v2.0/networks/b5179a46-a9c3-476c-8d1c-066dbdeaea80?fields=segments HTTP/1.1" status: 200 len: 212 time: 0.4210870
2026-07-15 00:13:10.797 10 INFO neutron.api.wsgi [req-cd9ae390-91a2-4d8b-ac0d-b2340a47af23 req-60f33a92-c3ba-4967-acbd-db0c327faa13 a3c2eea498774aa2ad3f896adf14ce4f 256aea4b083741ca84fb93f404a49b56 - - default default] 10.0.0.184 "GET /v2.0/ports?device_id=1c4b1828-1c60-4ad3-bf69-32d135d2a6fe HTTP/1.1" status: 200 len: 1172 time: 0.0592051
2026-07-15 00:13:10.847 10 INFO neutron.api.wsgi [req-22bb1648-a8e2-43f4-9ade-73558230c335 req-67db6c4d-eaf9-4661-94a0-f5fd68fcf67c d5ae2cf065ab44848f923adf2beddf32 4a149269de794c39877fe605b8c6d58d - - f0d5bd53a426406e954dc45cfa6f09c6 f0d5bd53a426406e954dc45cfa6f09c6] 199.19.213.73 "GET /v2.0/networks/b5179a46-a9c3-476c-8d1c-066dbdeaea80?fields=provider%3Aphysical_network&fields=provider%3Anetwork_type HTTP/1.1" status: 200 len: 277 time: 0.0688682
2026-07-15 00:13:10.852 10 INFO neutron.api.wsgi [req-cd9ae390-91a2-4d8b-ac0d-b2340a47af23 req-3c539e1d-1aa7-4c1e-962c-faa28f96e3cb a3c2eea498774aa2ad3f896adf14ce4f 256aea4b083741ca84fb93f404a49b56 - - default default] 10.0.0.184 "GET /v2.0/security-groups?id=d6f88298-60e3-4857-a5c5-ecd9521a697d&fields=id&fields=name HTTP/1.1" status: 200 len: 312 time: 0.0458970
2026-07-15 00:13:10.891 10 INFO neutron.db.ovn_revision_numbers_db [req-38949546-5701-45bc-a638-be5ddf5b9932 req-75174aa8-f17e-40b0-a40c-e7e0dbd88fe3 92a6a695feaa45c998800a7b69021843 ea4e942d0a0345dbb4c1338fe852b6b0 - - default default] Successfully bumped revision number for resource c0576e14-9075-4498-b14c-752ee5b2be67 (type: security_groups) to 1
2026-07-15 00:13:10.913 10 INFO neutron.db.ovn_revision_numbers_db [req-38949546-5701-45bc-a638-be5ddf5b9932 req-75174aa8-f17e-40b0-a40c-e7e0dbd88fe3 92a6a695feaa45c998800a7b69021843 ea4e942d0a0345dbb4c1338fe852b6b0 - - default default] Successfully bumped revision number for resource 1a5523bd-04bd-4a88-883e-99b204da9f65 (type: security_group_rules) to 0
2026-07-15 00:13:10.929 10 INFO neutron.db.ovn_revision_numbers_db [req-38949546-5701-45bc-a638-be5ddf5b9932 req-75174aa8-f17e-40b0-a40c-e7e0dbd88fe3 92a6a695feaa45c998800a7b69021843 ea4e942d0a0345dbb4c1338fe852b6b0 - - default default] Successfully bumped revision number for resource edbb7b29-d3eb-4e56-b0cb-be0879c6b5b5 (type: security_group_rules) to 0
