2026-07-15 00:15:01.400 10 INFO neutron.api.wsgi [None req-9ffa199c-3421-40be-9891-dc524574b093 06bbd1ce37784b188c8b912a4d9ab8b3 960b28e35ccd47e99505804431eb5e67 - - default default] 10.0.0.197 "GET /v2.0/security-groups?tenant_id=bc6789f94f554246b737738925af780f&name=default HTTP/1.1" status: 200 len: 3120 time: 0.3664601 /var/lib/openstack/lib/python3.12/site-packages/pycadf/identifier.py:71: UserWarning: Invalid uuid: neutron. To ensure interoperability, identifiers should be a valid uuid. warnings.warn(('Invalid uuid: %s. To ensure interoperability, '
2026-07-15 00:15:01.437 10 WARNING neutron_lib.context [None req-4060050e-55c0-4cbd-9bc6-70d533e556f0 9787459586334360a411254748747b9d a3390160662441a6936ffdb54a087ea4 - - default default] Method 'is_advsvc' is deprecated since 2023.2 release (neutron-lib 3.8.0) and will be removed once support for the old RBAC API policies will be removed from Neutron. Please use method 'is_service_role' instead.
2026-07-15 00:15:01.469 10 WARNING neutron.scheduler.dhcp_agent_scheduler [req-c8c6de82-1c9f-455c-9c26-5c1e05a1f292 req-5022a483-a8a3-4ce3-af48-dba7ce6a9649 cf11d30b59ba49899071e9c562350fa9 c36199a27b1945d88c54cee2631c5154 - - default default] No more DHCP agents
2026-07-15 00:15:01.472 10 WARNING neutron.api.rpc.agentnotifiers.dhcp_rpc_agent_api [req-c8c6de82-1c9f-455c-9c26-5c1e05a1f292 req-5022a483-a8a3-4ce3-af48-dba7ce6a9649 cf11d30b59ba49899071e9c562350fa9 c36199a27b1945d88c54cee2631c5154 - - default default] Unable to schedule network 5cf2398c-6b82-4d5a-a63a-affdd4527556: no agents available; will retry on subsequent port and subnet creation events.
2026-07-15 00:15:01.596 9 INFO neutron.api.wsgi [None req-d2a7258f-c5d6-45e6-a8d5-ed7b3dae4aa9 06bbd1ce37784b188c8b912a4d9ab8b3 960b28e35ccd47e99505804431eb5e67 - - default default] 10.0.0.197 "DELETE /v2.0/security-groups/775f07a9-57c3-4b30-83e8-78d9821e2637 HTTP/1.1" status: 204 len: 168 time: 0.1898510
2026-07-15 00:15:01.605 10 INFO neutron.db.ovn_revision_numbers_db [None req-4060050e-55c0-4cbd-9bc6-70d533e556f0 9787459586334360a411254748747b9d a3390160662441a6936ffdb54a087ea4 - - default default] Successfully bumped revision number for resource c2bdad28-76ce-4a10-8805-4c299b6576eb (type: security_groups) to 1
2026-07-15 00:15:01.620 10 INFO neutron.db.ovn_revision_numbers_db [None req-4060050e-55c0-4cbd-9bc6-70d533e556f0 9787459586334360a411254748747b9d a3390160662441a6936ffdb54a087ea4 - - default default] Successfully bumped revision number for resource 65a69567-1c52-4886-983c-6773062861ea (type: security_group_rules) to 0
2026-07-15 00:15:01.621 10 INFO neutron.db.ovn_revision_numbers_db [req-c8c6de82-1c9f-455c-9c26-5c1e05a1f292 req-5022a483-a8a3-4ce3-af48-dba7ce6a9649 cf11d30b59ba49899071e9c562350fa9 c36199a27b1945d88c54cee2631c5154 - - default default] Successfully bumped revision number for resource 68e0fe09-a06e-47ca-a375-47f2ab19cb5c (type: ports) to 1
2026-07-15 00:15:01.641 10 INFO neutron.db.ovn_revision_numbers_db [None req-4060050e-55c0-4cbd-9bc6-70d533e556f0 9787459586334360a411254748747b9d a3390160662441a6936ffdb54a087ea4 - - default default] Successfully bumped revision number for resource 9545bbb5-ee38-4df5-9037-5ab53a35cf04 (type: security_group_rules) to 0
2026-07-15 00:15:01.649 10 INFO neutron.api.wsgi [req-c8c6de82-1c9f-455c-9c26-5c1e05a1f292 req-5022a483-a8a3-4ce3-af48-dba7ce6a9649 cf11d30b59ba49899071e9c562350fa9 c36199a27b1945d88c54cee2631c5154 - - default default] 199.19.213.73 "POST /v2.0/ports HTTP/1.1" status: 201 len: 1158 time: 0.5248406 /var/lib/openstack/lib/python3.12/site-packages/pycadf/identifier.py:71: UserWarning: Invalid uuid: neutron. To ensure interoperability, identifiers should be a valid uuid. warnings.warn(('Invalid uuid: %s. To ensure interoperability, '
2026-07-15 00:15:01.660 10 INFO neutron.db.ovn_revision_numbers_db [None req-4060050e-55c0-4cbd-9bc6-70d533e556f0 9787459586334360a411254748747b9d a3390160662441a6936ffdb54a087ea4 - - default default] Successfully bumped revision number for resource d58bfb08-2673-4d71-b158-125beb1cccfa (type: security_group_rules) to 0
2026-07-15 00:15:01.684 10 INFO neutron.db.ovn_revision_numbers_db [None req-4060050e-55c0-4cbd-9bc6-70d533e556f0 9787459586334360a411254748747b9d a3390160662441a6936ffdb54a087ea4 - - default default] Successfully bumped revision number for resource e5d70384-a7c9-4e60-b5de-d699f5e635ec (type: security_group_rules) to 0
2026-07-15 00:15:01.759 10 INFO neutron.db.segments_db [None req-4060050e-55c0-4cbd-9bc6-70d533e556f0 9787459586334360a411254748747b9d a3390160662441a6936ffdb54a087ea4 - - default default] Added segment 4a30ef54-0228-4a4c-9167-5af579c7e252 of type geneve for network 6f2d313e-d7fa-4739-a4fa-9839dd2073b9
2026-07-15 00:15:01.874 10 INFO neutron.db.ovn_revision_numbers_db [None req-4060050e-55c0-4cbd-9bc6-70d533e556f0 9787459586334360a411254748747b9d a3390160662441a6936ffdb54a087ea4 - - default default] Successfully bumped revision number for resource 6f2d313e-d7fa-4739-a4fa-9839dd2073b9 (type: networks) to 1
2026-07-15 00:15:02.013 9 INFO neutron.api.wsgi [-] 10.0.0.197 "GET / HTTP/1.1" status: 200 len: 279 time: 0.0024087
2026-07-15 00:15:02.046 10 INFO neutron.db.ovn_revision_numbers_db [req-c8c6de82-1c9f-455c-9c26-5c1e05a1f292 req-78bef8bd-22f5-4b3b-af02-741cac82eddb d5ae2cf065ab44848f923adf2beddf32 4a149269de794c39877fe605b8c6d58d - - f0d5bd53a426406e954dc45cfa6f09c6 f0d5bd53a426406e954dc45cfa6f09c6] Successfully bumped revision number for resource 68e0fe09-a06e-47ca-a375-47f2ab19cb5c (type: ports) to 2
2026-07-15 00:15:02.059 10 WARNING neutron.scheduler.dhcp_agent_scheduler [None req-4060050e-55c0-4cbd-9bc6-70d533e556f0 9787459586334360a411254748747b9d a3390160662441a6936ffdb54a087ea4 - - default default] No more DHCP agents
2026-07-15 00:15:02.061 10 WARNING neutron.api.rpc.agentnotifiers.dhcp_rpc_agent_api [None req-4060050e-55c0-4cbd-9bc6-70d533e556f0 9787459586334360a411254748747b9d a3390160662441a6936ffdb54a087ea4 - - default default] Unable to schedule network 6f2d313e-d7fa-4739-a4fa-9839dd2073b9: no agents available; will retry on subsequent port and subnet creation events.
2026-07-15 00:15:02.129 10 INFO neutron.db.ovn_revision_numbers_db [None req-4060050e-55c0-4cbd-9bc6-70d533e556f0 9787459586334360a411254748747b9d a3390160662441a6936ffdb54a087ea4 - - default default] Successfully bumped revision number for resource f8dd17b7-4d10-4a4f-9b7f-4eec0f285503 (type: ports) to 1
2026-07-15 00:15:02.160 10 INFO neutron.api.wsgi [None req-4060050e-55c0-4cbd-9bc6-70d533e556f0 9787459586334360a411254748747b9d a3390160662441a6936ffdb54a087ea4 - - default default] 10.0.0.197 "POST /v2.0/networks HTTP/1.1" status: 201 len: 849 time: 0.8214669 /var/lib/openstack/lib/python3.12/site-packages/pycadf/identifier.py:71: UserWarning: Invalid uuid: neutron. To ensure interoperability, identifiers should be a valid uuid. warnings.warn(('Invalid uuid: %s. To ensure interoperability, '
2026-07-15 00:15:02.169 9 WARNING neutron_lib.context [None req-d22670d9-17cb-4112-84f6-4268f92e66dd 9787459586334360a411254748747b9d a3390160662441a6936ffdb54a087ea4 - - default default] Method 'is_advsvc' is deprecated since 2023.2 release (neutron-lib 3.8.0) and will be removed once support for the old RBAC API policies will be removed from Neutron. Please use method 'is_service_role' instead.
2026-07-15 00:15:02.170 10 INFO neutron.api.wsgi [None req-fc4d8a83-a0d7-484d-97d4-19a3e8c55241 0067618295f84cebb69d5119ba95324d 9b4a7dd1f9174a4f8d4a5dce2f4ed825 - - default default] 10.0.0.197 "GET /v2.0/ HTTP/1.1" status: 200 len: 826 time: 0.1521358 /var/lib/openstack/lib/python3.12/site-packages/pycadf/identifier.py:71: UserWarning: Invalid uuid: neutron. To ensure interoperability, identifiers should be a valid uuid. warnings.warn(('Invalid uuid: %s. To ensure interoperability, '
2026-07-15 00:15:02.277 10 INFO neutron.db.ovn_revision_numbers_db [req-c8c6de82-1c9f-455c-9c26-5c1e05a1f292 req-78bef8bd-22f5-4b3b-af02-741cac82eddb d5ae2cf065ab44848f923adf2beddf32 4a149269de794c39877fe605b8c6d58d - - f0d5bd53a426406e954dc45cfa6f09c6 f0d5bd53a426406e954dc45cfa6f09c6] Successfully bumped revision number for resource 68e0fe09-a06e-47ca-a375-47f2ab19cb5c (type: ports) to 4
2026-07-15 00:15:02.295 10 INFO neutron.api.wsgi [req-c8c6de82-1c9f-455c-9c26-5c1e05a1f292 req-78bef8bd-22f5-4b3b-af02-741cac82eddb d5ae2cf065ab44848f923adf2beddf32 4a149269de794c39877fe605b8c6d58d - - f0d5bd53a426406e954dc45cfa6f09c6 f0d5bd53a426406e954dc45cfa6f09c6] 199.19.213.73 "PUT /v2.0/ports/68e0fe09-a06e-47ca-a375-47f2ab19cb5c HTTP/1.1" status: 200 len: 1404 time: 0.6401372
2026-07-15 00:15:02.313 10 INFO neutron.api.wsgi [req-84c58c48-9678-4c17-a4f8-5cdefd9bb290 req-85a37a43-befd-4e49-8154-5ad996825d5d cf11d30b59ba49899071e9c562350fa9 c36199a27b1945d88c54cee2631c5154 - - default default] 10.0.0.184 "GET /v2.0/ports?device_id=58a21cdc-7c28-4c0a-b794-54da1ab125ed HTTP/1.1" status: 200 len: 1168 time: 0.0762162
2026-07-15 00:15:02.334 10 INFO neutron.notifiers.nova [-] Nova event matching ['req-77abdd2b-7a58-406f-8227-d04d79991e90'] response: {'name': 'network-changed', 'server_uuid': '58a21cdc-7c28-4c0a-b794-54da1ab125ed', 'tag': '68e0fe09-a06e-47ca-a375-47f2ab19cb5c', 'status': 'completed', 'code': 200}
2026-07-15 00:15:02.343 10 INFO neutron.api.wsgi [req-84c58c48-9678-4c17-a4f8-5cdefd9bb290 req-5e7fe284-6801-44f2-970e-e81bb463c8e3 cf11d30b59ba49899071e9c562350fa9 c36199a27b1945d88c54cee2631c5154 - - default default] 10.0.0.184 "GET /v2.0/security-groups?id=98cc9f1a-a894-4c70-be1a-5fc36a3774f8&fields=id&fields=name HTTP/1.1" status: 200 len: 312 time: 0.0255506
2026-07-15 00:15:02.366 9 WARNING neutron.scheduler.dhcp_agent_scheduler [None req-d22670d9-17cb-4112-84f6-4268f92e66dd 9787459586334360a411254748747b9d a3390160662441a6936ffdb54a087ea4 - - default default] No more DHCP agents
2026-07-15 00:15:02.367 9 WARNING neutron.api.rpc.agentnotifiers.dhcp_rpc_agent_api [None req-d22670d9-17cb-4112-84f6-4268f92e66dd 9787459586334360a411254748747b9d a3390160662441a6936ffdb54a087ea4 - - default default] Unable to schedule network 6f2d313e-d7fa-4739-a4fa-9839dd2073b9: no agents available; will retry on subsequent port and subnet creation events.
2026-07-15 00:15:02.388 9 INFO neutron.db.ovn_revision_numbers_db [None req-d22670d9-17cb-4112-84f6-4268f92e66dd 9787459586334360a411254748747b9d a3390160662441a6936ffdb54a087ea4 - - default default] Successfully bumped revision number for resource 9995bfe7-95aa-4fff-aa94-3d9b5a3eaa93 (type: subnets) to 0
2026-07-15 00:15:02.400 9 INFO neutron.api.wsgi [None req-d22670d9-17cb-4112-84f6-4268f92e66dd 9787459586334360a411254748747b9d a3390160662441a6936ffdb54a087ea4 - - default default] 10.0.0.197 "POST /v2.0/subnets HTTP/1.1" status: 201 len: 826 time: 0.2356791
2026-07-15 00:15:02.410 9 WARNING neutron_lib.context [None req-dbb42028-0a39-41ba-a6c2-3b3377e5f4d1 9787459586334360a411254748747b9d a3390160662441a6936ffdb54a087ea4 - - default default] Method 'is_advsvc' is deprecated since 2023.2 release (neutron-lib 3.8.0) and will be removed once support for the old RBAC API policies will be removed from Neutron. Please use method 'is_service_role' instead.
2026-07-15 00:15:02.819 9 WARNING neutron.scheduler.dhcp_agent_scheduler [None req-dbb42028-0a39-41ba-a6c2-3b3377e5f4d1 9787459586334360a411254748747b9d a3390160662441a6936ffdb54a087ea4 - - default default] No more DHCP agents
2026-07-15 00:15:02.821 9 WARNING neutron.api.rpc.agentnotifiers.dhcp_rpc_agent_api [None req-dbb42028-0a39-41ba-a6c2-3b3377e5f4d1 9787459586334360a411254748747b9d a3390160662441a6936ffdb54a087ea4 - - default default] Unable to schedule network 11c62d4d-75c2-42dc-a014-8b9c456f30a2: no agents available; will retry on subsequent port and subnet creation events.
2026-07-15 00:15:02.886 10 INFO neutron.api.wsgi [req-da2d4784-a915-4fba-9050-97596c9834f6 req-f4d04279-80f0-42ce-a1d4-1c8f7cec5cf4 d5ae2cf065ab44848f923adf2beddf32 4a149269de794c39877fe605b8c6d58d - - f0d5bd53a426406e954dc45cfa6f09c6 f0d5bd53a426406e954dc45cfa6f09c6] 199.19.213.73 "GET /v2.0/ports?tenant_id=c36199a27b1945d88c54cee2631c5154&device_id=58a21cdc-7c28-4c0a-b794-54da1ab125ed HTTP/1.1" status: 200 len: 1407 time: 0.0443182
2026-07-15 00:15:02.928 9 INFO neutron.db.ovn_revision_numbers_db [None req-a88a99dd-232f-443e-8978-caa3cbf26b9b 06bbd1ce37784b188c8b912a4d9ab8b3 960b28e35ccd47e99505804431eb5e67 - - default default] Successfully bumped revision number for resource a5537ea5-dd72-4638-8c5c-a701dd0e90a7 (type: security_groups) to 1
2026-07-15 00:15:02.950 10 INFO neutron.api.wsgi [req-da2d4784-a915-4fba-9050-97596c9834f6 req-b2bf54e4-1915-4c5b-9ca8-198cf317f6bd d5ae2cf065ab44848f923adf2beddf32 4a149269de794c39877fe605b8c6d58d - - f0d5bd53a426406e954dc45cfa6f09c6 f0d5bd53a426406e954dc45cfa6f09c6] 199.19.213.73 "GET /v2.0/networks?tenant_id=c36199a27b1945d88c54cee2631c5154&shared=False HTTP/1.1" status: 200 len: 958 time: 0.0570955
2026-07-15 00:15:02.958 9 INFO neutron.db.ovn_revision_numbers_db [None req-a88a99dd-232f-443e-8978-caa3cbf26b9b 06bbd1ce37784b188c8b912a4d9ab8b3 960b28e35ccd47e99505804431eb5e67 - - default default] Successfully bumped revision number for resource 039748cc-9694-4016-9122-b2a249b2c5ef (type: security_group_rules) to 0
2026-07-15 00:15:02.974 9 INFO neutron.db.ovn_revision_numbers_db [None req-dbb42028-0a39-41ba-a6c2-3b3377e5f4d1 9787459586334360a411254748747b9d a3390160662441a6936ffdb54a087ea4 - - default default] Successfully bumped revision number for resource 60be4736-63af-4d71-b7e0-b0e0e922a62e (type: ports) to 1
2026-07-15 00:15:02.976 9 INFO neutron.db.ovn_revision_numbers_db [None req-a88a99dd-232f-443e-8978-caa3cbf26b9b 06bbd1ce37784b188c8b912a4d9ab8b3 960b28e35ccd47e99505804431eb5e67 - - default default] Successfully bumped revision number for resource 0d18a910-ee61-4d31-b17d-e20ac9c8ab5d (type: security_group_rules) to 0
2026-07-15 00:15:02.997 9 INFO neutron.db.ovn_revision_numbers_db [None req-a88a99dd-232f-443e-8978-caa3cbf26b9b 06bbd1ce37784b188c8b912a4d9ab8b3 960b28e35ccd47e99505804431eb5e67 - - default default] Successfully bumped revision number for resource 776a0869-f9b9-478f-90d2-65876a943062 (type: security_group_rules) to 0
2026-07-15 00:15:03.010 10 INFO neutron.api.wsgi [req-da2d4784-a915-4fba-9050-97596c9834f6 req-294e0afa-ceca-45ea-b305-300c4396b522 d5ae2cf065ab44848f923adf2beddf32 4a149269de794c39877fe605b8c6d58d - - f0d5bd53a426406e954dc45cfa6f09c6 f0d5bd53a426406e954dc45cfa6f09c6] 199.19.213.73 "GET /v2.0/networks?shared=True HTTP/1.1" status: 200 len: 952 time: 0.0549426
2026-07-15 00:15:03.015 9 INFO neutron.db.ovn_revision_numbers_db [None req-a88a99dd-232f-443e-8978-caa3cbf26b9b 06bbd1ce37784b188c8b912a4d9ab8b3 960b28e35ccd47e99505804431eb5e67 - - default default] Successfully bumped revision number for resource c7ef948f-a366-4b48-98d5-dc370d5c7dca (type: security_group_rules) to 0
2026-07-15 00:15:03.057 9 INFO neutron.api.wsgi [None req-a88a99dd-232f-443e-8978-caa3cbf26b9b 06bbd1ce37784b188c8b912a4d9ab8b3 960b28e35ccd47e99505804431eb5e67 - - default default] 10.0.0.197 "GET /v2.0/security-groups?tenant_id=9b4a7dd1f9174a4f8d4a5dce2f4ed825&name=default HTTP/1.1" status: 200 len: 3120 time: 0.4176691
2026-07-15 00:15:03.276 9 INFO neutron.api.wsgi [None req-07bdfdda-0fb2-48cc-9440-da3402c4b8ef 06bbd1ce37784b188c8b912a4d9ab8b3 960b28e35ccd47e99505804431eb5e67 - - default default] 10.0.0.197 "DELETE /v2.0/security-groups/a5537ea5-dd72-4638-8c5c-a701dd0e90a7 HTTP/1.1" status: 204 len: 168 time: 0.2134342
2026-07-15 00:15:03.437 10 INFO neutron.api.wsgi [req-a482b8dd-7cc0-4d59-bb2c-e4de52932053 req-1193e4f9-8616-40c0-a36e-bdcec81552bc cf11d30b59ba49899071e9c562350fa9 c36199a27b1945d88c54cee2631c5154 - - default default] 10.0.0.184 "GET /v2.0/ports?device_id=58a21cdc-7c28-4c0a-b794-54da1ab125ed HTTP/1.1" status: 200 len: 1168 time: 0.0353014
2026-07-15 00:15:03.470 10 INFO neutron.api.wsgi [req-a482b8dd-7cc0-4d59-bb2c-e4de52932053 req-ffdea00e-d75c-4e5b-b0f6-eab5d59f5127 cf11d30b59ba49899071e9c562350fa9 c36199a27b1945d88c54cee2631c5154 - - default default] 10.0.0.184 "GET /v2.0/security-groups?id=98cc9f1a-a894-4c70-be1a-5fc36a3774f8&fields=id&fields=name HTTP/1.1" status: 200 len: 312 time: 0.0303328
2026-07-15 00:15:03.521 9 INFO neutron.plugins.ml2.drivers.ovn.mech_driver.ovsdb.commands [None req-fd6af830-0d0c-4bb7-96ba-1b28fd6c3f5e - - - - - -] Schedule LRP lrp-60be4736-63af-4d71-b7e0-b0e0e922a62e on gateway 6d7a156e-887f-4b2d-b245-af521f6d44f8 with priority 1
2026-07-15 00:15:03.529 9 INFO neutron.plugins.ml2.drivers.ovn.mech_driver.mech_driver [None req-634511d2-673f-48d4-8493-c8e86b2d7867 - - - - - -] OVN reports status up for port: 60be4736-63af-4d71-b7e0-b0e0e922a62e
2026-07-15 00:15:03.548 9 INFO neutron.plugins.ml2.plugin [None req-634511d2-673f-48d4-8493-c8e86b2d7867 - - - - - -] Attempt 1 to provision port 60be4736-63af-4d71-b7e0-b0e0e922a62e
2026-07-15 00:15:03.557 9 INFO neutron.db.ovn_revision_numbers_db [None req-dbb42028-0a39-41ba-a6c2-3b3377e5f4d1 9787459586334360a411254748747b9d a3390160662441a6936ffdb54a087ea4 - - default default] Successfully bumped revision number for resource 60be4736-63af-4d71-b7e0-b0e0e922a62e (type: router_ports) to 1
2026-07-15 00:15:03.614 9 INFO neutron.db.ovn_revision_numbers_db [None req-dbb42028-0a39-41ba-a6c2-3b3377e5f4d1 9787459586334360a411254748747b9d a3390160662441a6936ffdb54a087ea4 - - default default] Successfully bumped revision number for resource 1e6f49da-1305-4020-87bd-897b26c36742 (type: routers) to 2
2026-07-15 00:15:03.628 9 INFO neutron.api.wsgi [None req-dbb42028-0a39-41ba-a6c2-3b3377e5f4d1 9787459586334360a411254748747b9d a3390160662441a6936ffdb54a087ea4 - - default default] 10.0.0.197 "POST /v2.0/routers HTTP/1.1" status: 201 len: 1154 time: 1.2218578
2026-07-15 00:15:04.066 10 INFO neutron.api.wsgi [req-c8c6de82-1c9f-455c-9c26-5c1e05a1f292 req-3d09f9e3-d9ce-4f34-9d89-67b94ef6f019 d5ae2cf065ab44848f923adf2beddf32 4a149269de794c39877fe605b8c6d58d - - f0d5bd53a426406e954dc45cfa6f09c6 f0d5bd53a426406e954dc45cfa6f09c6] 199.19.213.73 "GET /v2.0/ports?tenant_id=c36199a27b1945d88c54cee2631c5154&device_id=58a21cdc-7c28-4c0a-b794-54da1ab125ed HTTP/1.1" status: 200 len: 1407 time: 0.0439668
2026-07-15 00:15:04.084 10 INFO neutron.api.wsgi [req-c8c6de82-1c9f-455c-9c26-5c1e05a1f292 req-ab666556-22c1-463d-9377-1f2e29f4ab0b d5ae2cf065ab44848f923adf2beddf32 4a149269de794c39877fe605b8c6d58d - - f0d5bd53a426406e954dc45cfa6f09c6 f0d5bd53a426406e954dc45cfa6f09c6] 199.19.213.73 "GET /v2.0/floatingips?fixed_ip_address=10.100.0.7&port_id=68e0fe09-a06e-47ca-a375-47f2ab19cb5c HTTP/1.1" status: 200 len: 217 time: 0.0148821
2026-07-15 00:15:04.117 10 INFO neutron.api.wsgi [req-c8c6de82-1c9f-455c-9c26-5c1e05a1f292 req-edaf006c-01d6-44c1-a192-a03cc2d9d42e d5ae2cf065ab44848f923adf2beddf32 4a149269de794c39877fe605b8c6d58d - - f0d5bd53a426406e954dc45cfa6f09c6 f0d5bd53a426406e954dc45cfa6f09c6] 199.19.213.73 "GET /v2.0/subnets?id=42d870ba-103c-4a3a-904c-1d11977b012f HTTP/1.1" status: 200 len: 877 time: 0.0268121
2026-07-15 00:15:04.130 9 WARNING neutron.scheduler.dhcp_agent_scheduler [None req-b87b08da-451d-4c0f-b02b-93a6115c9c6c 9787459586334360a411254748747b9d a3390160662441a6936ffdb54a087ea4 - - default default] No more DHCP agents
2026-07-15 00:15:04.132 9 WARNING neutron.api.rpc.agentnotifiers.dhcp_rpc_agent_api [None req-b87b08da-451d-4c0f-b02b-93a6115c9c6c 9787459586334360a411254748747b9d a3390160662441a6936ffdb54a087ea4 - - default default] Unable to schedule network 6f2d313e-d7fa-4739-a4fa-9839dd2073b9: no agents available; will retry on subsequent port and subnet creation events.
2026-07-15 00:15:04.142 10 INFO neutron.api.wsgi [req-c8c6de82-1c9f-455c-9c26-5c1e05a1f292 req-e8d7e7b8-f6fc-4468-931a-aa6506cf3dbb d5ae2cf065ab44848f923adf2beddf32 4a149269de794c39877fe605b8c6d58d - - f0d5bd53a426406e954dc45cfa6f09c6 f0d5bd53a426406e954dc45cfa6f09c6] 199.19.213.73 "GET /v2.0/ports?network_id=5cf2398c-6b82-4d5a-a63a-affdd4527556&device_owner=network%3Adhcp HTTP/1.1" status: 200 len: 210 time: 0.0201168
2026-07-15 00:15:04.185 10 INFO neutron.api.wsgi [req-c8c6de82-1c9f-455c-9c26-5c1e05a1f292 req-4f3e971d-14c8-4946-b9dc-658daac6184f d5ae2cf065ab44848f923adf2beddf32 4a149269de794c39877fe605b8c6d58d - - f0d5bd53a426406e954dc45cfa6f09c6 f0d5bd53a426406e954dc45cfa6f09c6] 199.19.213.73 "GET /v2.0/networks/5cf2398c-6b82-4d5a-a63a-affdd4527556?fields=segments HTTP/1.1" status: 200 len: 212 time: 0.0360949
2026-07-15 00:15:04.241 10 INFO neutron.api.wsgi [req-c8c6de82-1c9f-455c-9c26-5c1e05a1f292 req-15fde996-f31c-4932-8111-b39dc5d47976 d5ae2cf065ab44848f923adf2beddf32 4a149269de794c39877fe605b8c6d58d - - f0d5bd53a426406e954dc45cfa6f09c6 f0d5bd53a426406e954dc45cfa6f09c6] 199.19.213.73 "GET /v2.0/networks/5cf2398c-6b82-4d5a-a63a-affdd4527556?fields=provider%3Aphysical_network&fields=provider%3Anetwork_type HTTP/1.1" status: 200 len: 277 time: 0.0516756
2026-07-15 00:15:04.248 9 INFO neutron.db.ovn_revision_numbers_db [None req-b87b08da-451d-4c0f-b02b-93a6115c9c6c 9787459586334360a411254748747b9d a3390160662441a6936ffdb54a087ea4 - - default default] Successfully bumped revision number for resource f9362276-6703-46dd-a60a-aef529a88bc3 (type: ports) to 1
2026-07-15 00:15:04.555 10 INFO neutron.api.wsgi [req-3644cdd8-32eb-4b20-9ed4-c379934c9580 req-3c3bf239-683b-4d33-a50f-1143713459b0 cf11d30b59ba49899071e9c562350fa9 c36199a27b1945d88c54cee2631c5154 - - default default] 10.0.0.184 "GET /v2.0/ports?device_id=58a21cdc-7c28-4c0a-b794-54da1ab125ed HTTP/1.1" status: 200 len: 1168 time: 0.0301621
2026-07-15 00:15:04.598 10 INFO neutron.api.wsgi [req-3644cdd8-32eb-4b20-9ed4-c379934c9580 req-c1a5b03d-875f-4783-97d5-f10f56d252e0 cf11d30b59ba49899071e9c562350fa9 c36199a27b1945d88c54cee2631c5154 - - default default] 10.0.0.184 "GET /v2.0/security-groups?id=98cc9f1a-a894-4c70-be1a-5fc36a3774f8&fields=id&fields=name HTTP/1.1" status: 200 len: 312 time: 0.0337784
2026-07-15 00:15:04.799 9 INFO neutron.db.ovn_revision_numbers_db [None req-b87b08da-451d-4c0f-b02b-93a6115c9c6c 9787459586334360a411254748747b9d a3390160662441a6936ffdb54a087ea4 - - default default] Successfully bumped revision number for resource f9362276-6703-46dd-a60a-aef529a88bc3 (type: ports) to 1
2026-07-15 00:15:04.844 9 WARNING neutron.scheduler.dhcp_agent_scheduler [None req-b87b08da-451d-4c0f-b02b-93a6115c9c6c 9787459586334360a411254748747b9d a3390160662441a6936ffdb54a087ea4 - - default default] No more DHCP agents
2026-07-15 00:15:04.845 9 WARNING neutron.api.rpc.agentnotifiers.dhcp_rpc_agent_api [None req-b87b08da-451d-4c0f-b02b-93a6115c9c6c 9787459586334360a411254748747b9d a3390160662441a6936ffdb54a087ea4 - - default default] Unable to schedule network 6f2d313e-d7fa-4739-a4fa-9839dd2073b9: no agents available; will retry on subsequent port and subnet creation events.
2026-07-15 00:15:05.408 9 INFO neutron.db.ovn_revision_numbers_db [None req-b87b08da-451d-4c0f-b02b-93a6115c9c6c 9787459586334360a411254748747b9d a3390160662441a6936ffdb54a087ea4 - - default default] Successfully bumped revision number for resource f9362276-6703-46dd-a60a-aef529a88bc3 (type: router_ports) to 1
2026-07-15 00:15:05.413 9 INFO neutron.api.wsgi [None req-b87b08da-451d-4c0f-b02b-93a6115c9c6c 9787459586334360a411254748747b9d a3390160662441a6936ffdb54a087ea4 - - default default] 10.0.0.197 "PUT /v2.0/routers/1e6f49da-1305-4020-87bd-897b26c36742/add_router_interface HTTP/1.1" status: 200 len: 503 time: 1.7815783
2026-07-15 00:15:05.423 9 WARNING neutron_lib.context [None req-7d26cfb3-e8f4-40e7-a1cd-5de87157566f 9787459586334360a411254748747b9d a3390160662441a6936ffdb54a087ea4 - - default default] Method 'is_advsvc' is deprecated since 2023.2 release (neutron-lib 3.8.0) and will be removed once support for the old RBAC API policies will be removed from Neutron. Please use method 'is_service_role' instead.
2026-07-15 00:15:05.703 10 INFO neutron.api.wsgi [req-73db037e-1fd0-4615-97d3-28e90be08a04 req-97b8bb81-53eb-465a-800d-2463e7521024 cf11d30b59ba49899071e9c562350fa9 c36199a27b1945d88c54cee2631c5154 - - default default] 10.0.0.184 "GET /v2.0/ports?device_id=58a21cdc-7c28-4c0a-b794-54da1ab125ed HTTP/1.1" status: 200 len: 1168 time: 0.0473738
2026-07-15 00:15:05.742 9 WARNING neutron.scheduler.dhcp_agent_scheduler [None req-7d26cfb3-e8f4-40e7-a1cd-5de87157566f 9787459586334360a411254748747b9d a3390160662441a6936ffdb54a087ea4 - - default default] No more DHCP agents
2026-07-15 00:15:05.746 9 WARNING neutron.api.rpc.agentnotifiers.dhcp_rpc_agent_api [None req-7d26cfb3-e8f4-40e7-a1cd-5de87157566f 9787459586334360a411254748747b9d a3390160662441a6936ffdb54a087ea4 - - default default] Unable to schedule network 6f2d313e-d7fa-4739-a4fa-9839dd2073b9: no agents available; will retry on subsequent port and subnet creation events.
2026-07-15 00:15:05.748 10 INFO neutron.api.wsgi [req-73db037e-1fd0-4615-97d3-28e90be08a04 req-dedd7302-6939-4ec7-93e0-2d02ddb5dd83 cf11d30b59ba49899071e9c562350fa9 c36199a27b1945d88c54cee2631c5154 - - default default] 10.0.0.184 "GET /v2.0/security-groups?id=98cc9f1a-a894-4c70-be1a-5fc36a3774f8&fields=id&fields=name HTTP/1.1" status: 200 len: 312 time: 0.0378058 /var/lib/openstack/lib/python3.12/site-packages/pycadf/identifier.py:71: UserWarning: Invalid uuid: neutron. To ensure interoperability, identifiers should be a valid uuid. warnings.warn(('Invalid uuid: %s. To ensure interoperability, '
2026-07-15 00:15:05.840 9 WARNING neutron_lib.context [None req-d1ca25a1-1ac9-40bc-b137-91006e63c0bd 793f3cc2c43948668590f0228b59b647 6a9a6d8e8a26421796f09806a972d1bb - - default default] Method 'is_advsvc' is deprecated since 2023.2 release (neutron-lib 3.8.0) and will be removed once support for the old RBAC API policies will be removed from Neutron. Please use method 'is_service_role' instead.
2026-07-15 00:15:05.903 9 INFO neutron.db.ovn_revision_numbers_db [None req-7d26cfb3-e8f4-40e7-a1cd-5de87157566f 9787459586334360a411254748747b9d a3390160662441a6936ffdb54a087ea4 - - default default] Successfully bumped revision number for resource 5893773c-87fd-4d6d-886c-b1684cad8da7 (type: ports) to 1
2026-07-15 00:15:05.935 9 INFO neutron.api.wsgi [None req-7d26cfb3-e8f4-40e7-a1cd-5de87157566f 9787459586334360a411254748747b9d a3390160662441a6936ffdb54a087ea4 - - default default] 10.0.0.197 "POST /v2.0/ports HTTP/1.1" status: 201 len: 1154 time: 0.5147581
2026-07-15 00:15:05.946 10 WARNING neutron_lib.context [None req-4c73c1a2-cc06-492e-b781-cf36e9ca2c7b 9787459586334360a411254748747b9d a3390160662441a6936ffdb54a087ea4 - - default default] Method 'is_advsvc' is deprecated since 2023.2 release (neutron-lib 3.8.0) and will be removed once support for the old RBAC API policies will be removed from Neutron. Please use method 'is_service_role' instead.
2026-07-15 00:15:06.023 9 INFO neutron.db.ovn_revision_numbers_db [None req-d1ca25a1-1ac9-40bc-b137-91006e63c0bd 793f3cc2c43948668590f0228b59b647 6a9a6d8e8a26421796f09806a972d1bb - - default default] Successfully bumped revision number for resource f151d175-6267-4bd0-92ce-14a3212073fa (type: security_groups) to 1
2026-07-15 00:15:06.044 9 INFO neutron.db.ovn_revision_numbers_db [None req-d1ca25a1-1ac9-40bc-b137-91006e63c0bd 793f3cc2c43948668590f0228b59b647 6a9a6d8e8a26421796f09806a972d1bb - - default default] Successfully bumped revision number for resource 7cc3b245-1e72-4f72-ad8d-5e856d49fba6 (type: security_group_rules) to 0
2026-07-15 00:15:06.059 9 INFO neutron.db.ovn_revision_numbers_db [None req-d1ca25a1-1ac9-40bc-b137-91006e63c0bd 793f3cc2c43948668590f0228b59b647 6a9a6d8e8a26421796f09806a972d1bb - - default default] Successfully bumped revision number for resource 7f61b4e1-35cd-403b-966c-51532d2ac409 (type: security_group_rules) to 0
2026-07-15 00:15:06.075 9 INFO neutron.db.ovn_revision_numbers_db [None req-d1ca25a1-1ac9-40bc-b137-91006e63c0bd 793f3cc2c43948668590f0228b59b647 6a9a6d8e8a26421796f09806a972d1bb - - default default] Successfully bumped revision number for resource 8475b65e-2984-46f4-b7af-4cbf4b79117b (type: security_group_rules) to 0
2026-07-15 00:15:06.098 9 INFO neutron.db.ovn_revision_numbers_db [None req-d1ca25a1-1ac9-40bc-b137-91006e63c0bd 793f3cc2c43948668590f0228b59b647 6a9a6d8e8a26421796f09806a972d1bb - - default default] Successfully bumped revision number for resource d5ab280d-a077-47e6-bfdd-03dad65a1120 (type: security_group_rules) to 0
2026-07-15 00:15:06.169 9 INFO neutron.db.segments_db [None req-d1ca25a1-1ac9-40bc-b137-91006e63c0bd 793f3cc2c43948668590f0228b59b647 6a9a6d8e8a26421796f09806a972d1bb - - default default] Added segment 1accfca2-d3f1-4047-9b84-f584b870e7ea of type geneve for network a102005e-336d-430f-acaa-0bffccc5a8cd
2026-07-15 00:15:06.288 10 WARNING neutron.scheduler.dhcp_agent_scheduler [None req-4c73c1a2-cc06-492e-b781-cf36e9ca2c7b 9787459586334360a411254748747b9d a3390160662441a6936ffdb54a087ea4 - - default default] No more DHCP agents
2026-07-15 00:15:06.289 10 WARNING neutron.api.rpc.agentnotifiers.dhcp_rpc_agent_api [None req-4c73c1a2-cc06-492e-b781-cf36e9ca2c7b 9787459586334360a411254748747b9d a3390160662441a6936ffdb54a087ea4 - - default default] Unable to schedule network 6f2d313e-d7fa-4739-a4fa-9839dd2073b9: no agents available; will retry on subsequent port and subnet creation events.
2026-07-15 00:15:06.298 9 INFO neutron.db.ovn_revision_numbers_db [None req-d1ca25a1-1ac9-40bc-b137-91006e63c0bd 793f3cc2c43948668590f0228b59b647 6a9a6d8e8a26421796f09806a972d1bb - - default default] Successfully bumped revision number for resource a102005e-336d-430f-acaa-0bffccc5a8cd (type: networks) to 1
2026-07-15 00:15:06.406 10 INFO neutron.plugins.ml2.drivers.ovn.mech_driver.mech_driver [None req-2bb8a838-b23f-4752-a4fb-ce3d5217c9f5 - - - - - -] OVN reports status up for port: 68e0fe09-a06e-47ca-a375-47f2ab19cb5c
2026-07-15 00:15:06.421 10 INFO neutron.plugins.ml2.plugin [None req-2bb8a838-b23f-4752-a4fb-ce3d5217c9f5 - - - - - -] Attempt 1 to provision port 68e0fe09-a06e-47ca-a375-47f2ab19cb5c
2026-07-15 00:15:06.468 9 WARNING neutron.scheduler.dhcp_agent_scheduler [None req-d1ca25a1-1ac9-40bc-b137-91006e63c0bd 793f3cc2c43948668590f0228b59b647 6a9a6d8e8a26421796f09806a972d1bb - - default default] No more DHCP agents
2026-07-15 00:15:06.469 9 WARNING neutron.api.rpc.agentnotifiers.dhcp_rpc_agent_api [None req-d1ca25a1-1ac9-40bc-b137-91006e63c0bd 793f3cc2c43948668590f0228b59b647 6a9a6d8e8a26421796f09806a972d1bb - - default default] Unable to schedule network a102005e-336d-430f-acaa-0bffccc5a8cd: no agents available; will retry on subsequent port and subnet creation events.
2026-07-15 00:15:06.476 10 INFO neutron.db.ovn_revision_numbers_db [None req-4c73c1a2-cc06-492e-b781-cf36e9ca2c7b 9787459586334360a411254748747b9d a3390160662441a6936ffdb54a087ea4 - - default default] Successfully bumped revision number for resource c49ac2bb-1fba-4659-857c-39bc3268b104 (type: ports) to 1
2026-07-15 00:15:06.498 10 INFO neutron.api.wsgi [None req-4c73c1a2-cc06-492e-b781-cf36e9ca2c7b 9787459586334360a411254748747b9d a3390160662441a6936ffdb54a087ea4 - - default default] 10.0.0.197 "POST /v2.0/ports HTTP/1.1" status: 201 len: 1158 time: 0.5573876 /var/lib/openstack/lib/python3.12/site-packages/pycadf/identifier.py:71: UserWarning: Invalid uuid: neutron. To ensure interoperability, identifiers should be a valid uuid. warnings.warn(('Invalid uuid: %s. To ensure interoperability, '
2026-07-15 00:15:06.507 10 WARNING neutron_lib.context [None req-eba342ff-42e7-4244-b9d7-201a9829b4a7 9787459586334360a411254748747b9d a3390160662441a6936ffdb54a087ea4 - - default default] Method 'is_advsvc' is deprecated since 2023.2 release (neutron-lib 3.8.0) and will be removed once support for the old RBAC API policies will be removed from Neutron. Please use method 'is_service_role' instead.
2026-07-15 00:15:06.520 9 INFO neutron.db.ovn_revision_numbers_db [None req-d1ca25a1-1ac9-40bc-b137-91006e63c0bd 793f3cc2c43948668590f0228b59b647 6a9a6d8e8a26421796f09806a972d1bb - - default default] Successfully bumped revision number for resource 5ded5cd5-5227-49e6-9433-f5c359c31026 (type: ports) to 1
2026-07-15 00:15:06.546 9 INFO neutron.api.wsgi [None req-d1ca25a1-1ac9-40bc-b137-91006e63c0bd 793f3cc2c43948668590f0228b59b647 6a9a6d8e8a26421796f09806a972d1bb - - default default] 10.0.0.197 "POST /v2.0/networks HTTP/1.1" status: 201 len: 830 time: 0.8260393
2026-07-15 00:15:06.565 9 WARNING neutron_lib.context [None req-ab204c51-0e6c-4a4c-891f-a92ec6f879e9 793f3cc2c43948668590f0228b59b647 6a9a6d8e8a26421796f09806a972d1bb - - default default] Method 'is_advsvc' is deprecated since 2023.2 release (neutron-lib 3.8.0) and will be removed once support for the old RBAC API policies will be removed from Neutron. Please use method 'is_service_role' instead.
2026-07-15 00:15:06.566 10 INFO neutron.notifiers.nova [-] Nova event matching ['req-21a86be3-1c74-458d-b6c6-368e09d65a0f'] response: {'server_uuid': '58a21cdc-7c28-4c0a-b794-54da1ab125ed', 'name': 'network-vif-plugged', 'status': 'completed', 'tag': '68e0fe09-a06e-47ca-a375-47f2ab19cb5c', 'code': 200}
2026-07-15 00:15:06.730 10 INFO neutron.db.ovn_revision_numbers_db [None req-2bb8a838-b23f-4752-a4fb-ce3d5217c9f5 - - - - - -] Successfully bumped revision number for resource 68e0fe09-a06e-47ca-a375-47f2ab19cb5c (type: ports) to 5
2026-07-15 00:15:06.756 10 WARNING neutron.scheduler.dhcp_agent_scheduler [None req-eba342ff-42e7-4244-b9d7-201a9829b4a7 9787459586334360a411254748747b9d a3390160662441a6936ffdb54a087ea4 - - default default] No more DHCP agents
2026-07-15 00:15:06.757 10 WARNING neutron.api.rpc.agentnotifiers.dhcp_rpc_agent_api [None req-eba342ff-42e7-4244-b9d7-201a9829b4a7 9787459586334360a411254748747b9d a3390160662441a6936ffdb54a087ea4 - - default default] Unable to schedule network 11c62d4d-75c2-42dc-a014-8b9c456f30a2: no agents available; will retry on subsequent port and subnet creation events.
2026-07-15 00:15:06.761 9 WARNING neutron.scheduler.dhcp_agent_scheduler [None req-ab204c51-0e6c-4a4c-891f-a92ec6f879e9 793f3cc2c43948668590f0228b59b647 6a9a6d8e8a26421796f09806a972d1bb - - default default] No more DHCP agents
2026-07-15 00:15:06.762 9 WARNING neutron.api.rpc.agentnotifiers.dhcp_rpc_agent_api [None req-ab204c51-0e6c-4a4c-891f-a92ec6f879e9 793f3cc2c43948668590f0228b59b647 6a9a6d8e8a26421796f09806a972d1bb - - default default] Unable to schedule network a102005e-336d-430f-acaa-0bffccc5a8cd: no agents available; will retry on subsequent port and subnet creation events.
2026-07-15 00:15:06.811 9 INFO neutron.db.ovn_revision_numbers_db [None req-ab204c51-0e6c-4a4c-891f-a92ec6f879e9 793f3cc2c43948668590f0228b59b647 6a9a6d8e8a26421796f09806a972d1bb - - default default] Successfully bumped revision number for resource d41e8e48-afd2-43b8-93e8-4ff36cb7e7f3 (type: ports) to 1 /var/lib/openstack/lib/python3.12/site-packages/pycadf/identifier.py:71: UserWarning: Invalid uuid: neutron. To ensure interoperability, identifiers should be a valid uuid. warnings.warn(('Invalid uuid: %s. To ensure interoperability, '
2026-07-15 00:15:06.828 9 INFO neutron.api.wsgi [None req-ab204c51-0e6c-4a4c-891f-a92ec6f879e9 793f3cc2c43948668590f0228b59b647 6a9a6d8e8a26421796f09806a972d1bb - - default default] 10.0.0.197 "POST /v2.0/ports HTTP/1.1" status: 201 len: 942 time: 0.2740784 /var/lib/openstack/lib/python3.12/site-packages/pycadf/identifier.py:71: UserWarning: Invalid uuid: neutron. To ensure interoperability, identifiers should be a valid uuid. warnings.warn(('Invalid uuid: %s. To ensure interoperability, '
2026-07-15 00:15:06.841 9 WARNING neutron_lib.context [None req-39091800-ce56-4912-9f9f-7f90b74cea5e 793f3cc2c43948668590f0228b59b647 6a9a6d8e8a26421796f09806a972d1bb - - default default] Method 'is_advsvc' is deprecated since 2023.2 release (neutron-lib 3.8.0) and will be removed once support for the old RBAC API policies will be removed from Neutron. Please use method 'is_service_role' instead.
2026-07-15 00:15:06.850 10 INFO neutron.api.wsgi [req-423c1f58-71ac-4228-b111-5ee93c7292b6 req-3d352917-3667-4a54-9aa1-8c5167181e76 cf11d30b59ba49899071e9c562350fa9 c36199a27b1945d88c54cee2631c5154 - - default default] 10.0.0.184 "GET /v2.0/ports?device_id=58a21cdc-7c28-4c0a-b794-54da1ab125ed HTTP/1.1" status: 200 len: 1170 time: 0.0330422
2026-07-15 00:15:06.903 10 INFO neutron.api.wsgi [req-423c1f58-71ac-4228-b111-5ee93c7292b6 req-2a27b9de-5f40-48d0-adc9-5199e768bb2c cf11d30b59ba49899071e9c562350fa9 c36199a27b1945d88c54cee2631c5154 - - default default] 10.0.0.184 "GET /v2.0/security-groups?id=98cc9f1a-a894-4c70-be1a-5fc36a3774f8&fields=id&fields=name HTTP/1.1" status: 200 len: 312 time: 0.0467687
2026-07-15 00:15:06.926 9 INFO neutron.db.segments_db [None req-39091800-ce56-4912-9f9f-7f90b74cea5e 793f3cc2c43948668590f0228b59b647 6a9a6d8e8a26421796f09806a972d1bb - - default default] Added segment 7d731d0b-9a18-4999-92a2-c11e3fade64a of type geneve for network 27493b1a-a97e-4ae4-9156-298bfcb0067c
2026-07-15 00:15:07.039 9 INFO neutron.db.ovn_revision_numbers_db [None req-39091800-ce56-4912-9f9f-7f90b74cea5e 793f3cc2c43948668590f0228b59b647 6a9a6d8e8a26421796f09806a972d1bb - - default default] Successfully bumped revision number for resource 27493b1a-a97e-4ae4-9156-298bfcb0067c (type: networks) to 1
2026-07-15 00:15:07.066 9 INFO neutron.db.ovn_revision_numbers_db [None req-b0f09315-cbae-4d97-99f3-11a531654f4f 06bbd1ce37784b188c8b912a4d9ab8b3 960b28e35ccd47e99505804431eb5e67 - - default default] Successfully bumped revision number for resource d53682a4-50aa-4895-be96-5fff33900c29 (type: security_groups) to 1
2026-07-15 00:15:07.081 9 INFO neutron.db.ovn_revision_numbers_db [None req-b0f09315-cbae-4d97-99f3-11a531654f4f 06bbd1ce37784b188c8b912a4d9ab8b3 960b28e35ccd47e99505804431eb5e67 - - default default] Successfully bumped revision number for resource 0e9e2423-ccf7-4b6b-9f90-262f23bcff3f (type: security_group_rules) to 0
2026-07-15 00:15:07.097 9 INFO neutron.db.ovn_revision_numbers_db [None req-b0f09315-cbae-4d97-99f3-11a531654f4f 06bbd1ce37784b188c8b912a4d9ab8b3 960b28e35ccd47e99505804431eb5e67 - - default default] Successfully bumped revision number for resource 6472e47a-261c-4c1b-945f-0346a8b2409e (type: security_group_rules) to 0
2026-07-15 00:15:07.111 9 INFO neutron.db.ovn_revision_numbers_db [None req-b0f09315-cbae-4d97-99f3-11a531654f4f 06bbd1ce37784b188c8b912a4d9ab8b3 960b28e35ccd47e99505804431eb5e67 - - default default] Successfully bumped revision number for resource 9bb90dee-f00e-4e38-bb7b-08dd5c91013c (type: security_group_rules) to 0
2026-07-15 00:15:07.123 9 INFO neutron.db.ovn_revision_numbers_db [None req-b0f09315-cbae-4d97-99f3-11a531654f4f 06bbd1ce37784b188c8b912a4d9ab8b3 960b28e35ccd47e99505804431eb5e67 - - default default] Successfully bumped revision number for resource b0a46edc-626b-4b4d-b1fd-b2dc979d808c (type: security_group_rules) to 0
2026-07-15 00:15:07.157 9 INFO neutron.api.wsgi [None req-b0f09315-cbae-4d97-99f3-11a531654f4f 06bbd1ce37784b188c8b912a4d9ab8b3 960b28e35ccd47e99505804431eb5e67 - - default default] 10.0.0.197 "GET /v2.0/security-groups?tenant_id=c3ce78ce1ca947079dc0681b06c97b47&name=default HTTP/1.1" status: 200 len: 3120 time: 0.3232477
2026-07-15 00:15:07.181 9 WARNING neutron.scheduler.dhcp_agent_scheduler [None req-39091800-ce56-4912-9f9f-7f90b74cea5e 793f3cc2c43948668590f0228b59b647 6a9a6d8e8a26421796f09806a972d1bb - - default default] No more DHCP agents
2026-07-15 00:15:07.182 9 WARNING neutron.api.rpc.agentnotifiers.dhcp_rpc_agent_api [None req-39091800-ce56-4912-9f9f-7f90b74cea5e 793f3cc2c43948668590f0228b59b647 6a9a6d8e8a26421796f09806a972d1bb - - default default] Unable to schedule network 27493b1a-a97e-4ae4-9156-298bfcb0067c: no agents available; will retry on subsequent port and subnet creation events.
2026-07-15 00:15:07.238 9 INFO neutron.db.ovn_revision_numbers_db [None req-39091800-ce56-4912-9f9f-7f90b74cea5e 793f3cc2c43948668590f0228b59b647 6a9a6d8e8a26421796f09806a972d1bb - - default default] Successfully bumped revision number for resource 331643a4-e3f7-43f2-8cd0-b0dc9d19411a (type: ports) to 1
2026-07-15 00:15:07.256 9 INFO neutron.api.wsgi [None req-39091800-ce56-4912-9f9f-7f90b74cea5e 793f3cc2c43948668590f0228b59b647 6a9a6d8e8a26421796f09806a972d1bb - - default default] 10.0.0.197 "POST /v2.0/networks HTTP/1.1" status: 201 len: 830 time: 0.4234467
2026-07-15 00:15:07.268 9 WARNING neutron_lib.context [None req-35d3712f-5c60-4a77-9d8a-b783be0c2a5f 793f3cc2c43948668590f0228b59b647 6a9a6d8e8a26421796f09806a972d1bb - - default default] Method 'is_advsvc' is deprecated since 2023.2 release (neutron-lib 3.8.0) and will be removed once support for the old RBAC API policies will be removed from Neutron. Please use method 'is_service_role' instead.
2026-07-15 00:15:07.392 10 INFO neutron.db.ovn_revision_numbers_db [None req-eba342ff-42e7-4244-b9d7-201a9829b4a7 9787459586334360a411254748747b9d a3390160662441a6936ffdb54a087ea4 - - default default] Successfully bumped revision number for resource 9ff2693c-6956-43a6-a52d-0e514d17680c (type: floatingips) to -1
2026-07-15 00:15:07.408 10 INFO neutron.api.wsgi [None req-ebaaf268-111f-4fe5-ae95-428941dda092 06bbd1ce37784b188c8b912a4d9ab8b3 960b28e35ccd47e99505804431eb5e67 - - default default] 10.0.0.197 "DELETE /v2.0/security-groups/d53682a4-50aa-4895-be96-5fff33900c29 HTTP/1.1" status: 204 len: 168 time: 0.2452917
2026-07-15 00:15:07.473 9 WARNING neutron.scheduler.dhcp_agent_scheduler [None req-35d3712f-5c60-4a77-9d8a-b783be0c2a5f 793f3cc2c43948668590f0228b59b647 6a9a6d8e8a26421796f09806a972d1bb - - default default] No more DHCP agents
2026-07-15 00:15:07.474 9 WARNING neutron.api.rpc.agentnotifiers.dhcp_rpc_agent_api [None req-35d3712f-5c60-4a77-9d8a-b783be0c2a5f 793f3cc2c43948668590f0228b59b647 6a9a6d8e8a26421796f09806a972d1bb - - default default] Unable to schedule network 27493b1a-a97e-4ae4-9156-298bfcb0067c: no agents available; will retry on subsequent port and subnet creation events.
2026-07-15 00:15:07.519 10 INFO neutron.db.ovn_revision_numbers_db [None req-eba342ff-42e7-4244-b9d7-201a9829b4a7 9787459586334360a411254748747b9d a3390160662441a6936ffdb54a087ea4 - - default default] Successfully bumped revision number for resource 9ff2693c-6956-43a6-a52d-0e514d17680c (type: floatingips) to 1
2026-07-15 00:15:07.520 10 INFO neutron.db.l3_db [None req-eba342ff-42e7-4244-b9d7-201a9829b4a7 9787459586334360a411254748747b9d a3390160662441a6936ffdb54a087ea4 - - default default] Floating IP 9ff2693c-6956-43a6-a52d-0e514d17680c associated. External IP: 10.96.250.202, port: c49ac2bb-1fba-4659-857c-39bc3268b104.
2026-07-15 00:15:07.529 9 INFO neutron.db.ovn_revision_numbers_db [None req-35d3712f-5c60-4a77-9d8a-b783be0c2a5f 793f3cc2c43948668590f0228b59b647 6a9a6d8e8a26421796f09806a972d1bb - - default default] Successfully bumped revision number for resource d4c037ee-40bd-44fd-b991-c945f19a41b8 (type: ports) to 1
2026-07-15 00:15:07.551 9 INFO neutron.api.wsgi [None req-35d3712f-5c60-4a77-9d8a-b783be0c2a5f 793f3cc2c43948668590f0228b59b647 6a9a6d8e8a26421796f09806a972d1bb - - default default] 10.0.0.197 "POST /v2.0/ports HTTP/1.1" status: 201 len: 942 time: 0.2870445
2026-07-15 00:15:07.561 10 INFO neutron.api.wsgi [None req-eba342ff-42e7-4244-b9d7-201a9829b4a7 9787459586334360a411254748747b9d a3390160662441a6936ffdb54a087ea4 - - default default] 10.0.0.197 "POST /v2.0/floatingips HTTP/1.1" status: 201 len: 1042 time: 1.0575933 /var/lib/openstack/lib/python3.12/site-packages/pycadf/identifier.py:71: UserWarning: Invalid uuid: neutron. To ensure interoperability, identifiers should be a valid uuid. warnings.warn(('Invalid uuid: %s. To ensure interoperability, '
2026-07-15 00:15:07.564 9 WARNING neutron_lib.context [None req-ca642f6c-0562-4f68-89f8-7f173ab9dbcc 793f3cc2c43948668590f0228b59b647 6a9a6d8e8a26421796f09806a972d1bb - - default default] Method 'is_advsvc' is deprecated since 2023.2 release (neutron-lib 3.8.0) and will be removed once support for the old RBAC API policies will be removed from Neutron. Please use method 'is_service_role' instead.
2026-07-15 00:15:07.641 9 INFO neutron.db.segments_db [None req-ca642f6c-0562-4f68-89f8-7f173ab9dbcc 793f3cc2c43948668590f0228b59b647 6a9a6d8e8a26421796f09806a972d1bb - - default default] Added segment bf5c76a2-c745-4f73-879f-fb1605e705dd of type geneve for network fc8e66a2-1bbd-4c8d-a30b-6bda6a8ea4d0
2026-07-15 00:15:07.698 10 INFO neutron.db.ovn_revision_numbers_db [None req-1133ec9c-06c6-4245-a1d6-08b61f98ab68 9787459586334360a411254748747b9d a3390160662441a6936ffdb54a087ea4 - - default default] Successfully bumped revision number for resource 9ff2693c-6956-43a6-a52d-0e514d17680c (type: floatingips) to 2
2026-07-15 00:15:07.745 9 INFO neutron.db.ovn_revision_numbers_db [None req-ca642f6c-0562-4f68-89f8-7f173ab9dbcc 793f3cc2c43948668590f0228b59b647 6a9a6d8e8a26421796f09806a972d1bb - - default default] Successfully bumped revision number for resource fc8e66a2-1bbd-4c8d-a30b-6bda6a8ea4d0 (type: networks) to 1
2026-07-15 00:15:07.745 10 INFO neutron.db.l3_db [None req-1133ec9c-06c6-4245-a1d6-08b61f98ab68 9787459586334360a411254748747b9d a3390160662441a6936ffdb54a087ea4 - - default default] Floating IP 9ff2693c-6956-43a6-a52d-0e514d17680c disassociated. External IP: 10.96.250.202, port: c49ac2bb-1fba-4659-857c-39bc3268b104.
2026-07-15 00:15:07.786 10 INFO neutron.api.wsgi [None req-1133ec9c-06c6-4245-a1d6-08b61f98ab68 9787459586334360a411254748747b9d a3390160662441a6936ffdb54a087ea4 - - default default] 10.0.0.197 "PUT /v2.0/floatingips/9ff2693c-6956-43a6-a52d-0e514d17680c HTTP/1.1" status: 200 len: 748 time: 0.2196472
2026-07-15 00:15:07.909 9 WARNING neutron.scheduler.dhcp_agent_scheduler [None req-ca642f6c-0562-4f68-89f8-7f173ab9dbcc 793f3cc2c43948668590f0228b59b647 6a9a6d8e8a26421796f09806a972d1bb - - default default] No more DHCP agents
2026-07-15 00:15:07.910 9 WARNING neutron.api.rpc.agentnotifiers.dhcp_rpc_agent_api [None req-ca642f6c-0562-4f68-89f8-7f173ab9dbcc 793f3cc2c43948668590f0228b59b647 6a9a6d8e8a26421796f09806a972d1bb - - default default] Unable to schedule network fc8e66a2-1bbd-4c8d-a30b-6bda6a8ea4d0: no agents available; will retry on subsequent port and subnet creation events.
2026-07-15 00:15:08.002 9 INFO neutron.db.ovn_revision_numbers_db [None req-ca642f6c-0562-4f68-89f8-7f173ab9dbcc 793f3cc2c43948668590f0228b59b647 6a9a6d8e8a26421796f09806a972d1bb - - default default] Successfully bumped revision number for resource acfa3afb-2180-4291-9733-6d6847b445f2 (type: ports) to 1
2026-07-15 00:15:08.020 9 INFO neutron.api.wsgi [None req-ca642f6c-0562-4f68-89f8-7f173ab9dbcc 793f3cc2c43948668590f0228b59b647 6a9a6d8e8a26421796f09806a972d1bb - - default default] 10.0.0.197 "POST /v2.0/networks HTTP/1.1" status: 201 len: 831 time: 0.4592428
2026-07-15 00:15:08.029 9 WARNING neutron_lib.context [None req-b7797ccc-1434-4be6-a324-8edcf4a40d5e 793f3cc2c43948668590f0228b59b647 6a9a6d8e8a26421796f09806a972d1bb - - default default] Method 'is_advsvc' is deprecated since 2023.2 release (neutron-lib 3.8.0) and will be removed once support for the old RBAC API policies will be removed from Neutron. Please use method 'is_service_role' instead.
2026-07-15 00:15:08.066 10 INFO neutron.api.wsgi [req-1abba8db-1e81-4b90-a9a8-cf0b2a644144 req-3feb97d8-1590-4bd7-bc97-319be316d773 cf11d30b59ba49899071e9c562350fa9 c36199a27b1945d88c54cee2631c5154 - - default default] 10.0.0.184 "GET /v2.0/ports?device_id=58a21cdc-7c28-4c0a-b794-54da1ab125ed HTTP/1.1" status: 200 len: 1170 time: 0.0950186
2026-07-15 00:15:08.129 10 INFO neutron.api.wsgi [req-1abba8db-1e81-4b90-a9a8-cf0b2a644144 req-b081564a-9f02-459d-8c34-5a6418c30292 cf11d30b59ba49899071e9c562350fa9 c36199a27b1945d88c54cee2631c5154 - - default default] 10.0.0.184 "GET /v2.0/security-groups?id=98cc9f1a-a894-4c70-be1a-5fc36a3774f8&fields=id&fields=name HTTP/1.1" status: 200 len: 312 time: 0.0509403
2026-07-15 00:15:08.183 10 INFO neutron.api.wsgi [None req-19ee1c68-24c8-455c-94fd-de22da337848 9787459586334360a411254748747b9d a3390160662441a6936ffdb54a087ea4 - - default default] 10.0.0.197 "DELETE /v2.0/floatingips/9ff2693c-6956-43a6-a52d-0e514d17680c HTTP/1.1" status: 204 len: 168 time: 0.3908501
2026-07-15 00:15:08.193 9 WARNING neutron_lib.context [None req-31c085a8-c3e0-496b-84c1-2c0923a70be5 9787459586334360a411254748747b9d a3390160662441a6936ffdb54a087ea4 - - default default] Method 'is_advsvc' is deprecated since 2023.2 release (neutron-lib 3.8.0) and will be removed once support for the old RBAC API policies will be removed from Neutron. Please use method 'is_service_role' instead.
2026-07-15 00:15:08.272 9 WARNING neutron.scheduler.dhcp_agent_scheduler [None req-b7797ccc-1434-4be6-a324-8edcf4a40d5e 793f3cc2c43948668590f0228b59b647 6a9a6d8e8a26421796f09806a972d1bb - - default default] No more DHCP agents
2026-07-15 00:15:08.276 9 WARNING neutron.api.rpc.agentnotifiers.dhcp_rpc_agent_api [None req-b7797ccc-1434-4be6-a324-8edcf4a40d5e 793f3cc2c43948668590f0228b59b647 6a9a6d8e8a26421796f09806a972d1bb - - default default] Unable to schedule network fc8e66a2-1bbd-4c8d-a30b-6bda6a8ea4d0: no agents available; will retry on subsequent port and subnet creation events.
2026-07-15 00:15:08.355 9 INFO neutron.db.ovn_revision_numbers_db [None req-b7797ccc-1434-4be6-a324-8edcf4a40d5e 793f3cc2c43948668590f0228b59b647 6a9a6d8e8a26421796f09806a972d1bb - - default default] Successfully bumped revision number for resource 63b6558f-d0d2-4d04-9073-456913c4bf62 (type: ports) to 1
2026-07-15 00:15:08.357 9 WARNING neutron.plugins.ml2.drivers.ovn.mech_driver.ovsdb.ovn_client [None req-634511d2-673f-48d4-8493-c8e86b2d7867 - - - - - -] No hosting information found for port 60be4736-63af-4d71-b7e0-b0e0e922a62e: RuntimeError: No hosting information found for port 60be4736-63af-4d71-b7e0-b0e0e922a62e
2026-07-15 00:15:08.357 9 INFO neutron.plugins.ml2.drivers.ovn.mech_driver.mech_driver [None req-634511d2-673f-48d4-8493-c8e86b2d7867 - - - - - -] OVN reports status up for port: f9362276-6703-46dd-a60a-aef529a88bc3
