2026-07-15 00:15:17.831 10 INFO neutron.db.ovn_revision_numbers_db [None req-cf0867a9-7f3e-414c-8c81-c9b933a80715 f178fad556844a63b972de02f8d18a3c fc937f6b08f945cfbbd0d78f23aee742 - - default default] Successfully bumped revision number for resource 3518ae60-6fc9-49bb-ada5-db5a49752a38 (type: ports) to 1
2026-07-15 00:15:17.854 10 INFO neutron.api.wsgi [None req-cf0867a9-7f3e-414c-8c81-c9b933a80715 f178fad556844a63b972de02f8d18a3c fc937f6b08f945cfbbd0d78f23aee742 - - default default] 10.0.0.197 "POST /v2.0/networks HTTP/1.1" status: 201 len: 1445 time: 1.3678868
2026-07-15 00:15:17.906 10 INFO neutron.api.wsgi [None req-a1c2c9a6-5173-425c-9f7e-68ffd85b13a7 f178fad556844a63b972de02f8d18a3c fc937f6b08f945cfbbd0d78f23aee742 - - default default] 10.0.0.197 "GET /v2.0/networks HTTP/1.1" status: 200 len: 2051 time: 0.0493848
2026-07-15 00:15:18.197 9 INFO neutron.services.segments.plugin [-] Segment e36f12a2-76e6-4f27-9f9a-9c681fe206be resource provider aggregate not found
2026-07-15 00:15:18.200 9 INFO neutron.services.segments.plugin [-] Segment e36f12a2-76e6-4f27-9f9a-9c681fe206be resource provider aggregate not found
2026-07-15 00:15:18.217 9 INFO neutron.services.segments.plugin [-] Segment e36f12a2-76e6-4f27-9f9a-9c681fe206be resource provider not found; error: Placement Client Error (4xx): {"errors": [{"status": 404, "title": "Not Found", "detail": "The resource could not be found.\n\n No resource provider with uuid e36f12a2-76e6-4f27-9f9a-9c681fe206be found for delete ", "request_id": "req-394915f1-c726-43dd-a1e9-93ddd1e638de"}]}
2026-07-15 00:15:18.219 9 INFO neutron.services.segments.plugin [-] Segment e36f12a2-76e6-4f27-9f9a-9c681fe206be resource provider not found; error: Placement Client Error (4xx): {"errors": [{"status": 404, "title": "Not Found", "detail": "The resource could not be found.\n\n No resource provider with uuid e36f12a2-76e6-4f27-9f9a-9c681fe206be found for delete ", "request_id": "req-cf0f074c-bcee-4a46-a326-22034ae27470"}]}
2026-07-15 00:15:18.225 9 INFO neutron.api.wsgi [None req-40728aa3-1d7f-4214-a006-5dbbfbe61da1 f178fad556844a63b972de02f8d18a3c fc937f6b08f945cfbbd0d78f23aee742 - - default default] 10.0.0.197 "DELETE /v2.0/networks/032f4bbd-9e4e-4aaf-92b2-262c000a9c93 HTTP/1.1" status: 204 len: 168 time: 0.3135276
2026-07-15 00:15:18.529 9 INFO neutron.api.wsgi [None req-faf3c65b-5246-4faa-83fc-b288fe6608c0 f178fad556844a63b972de02f8d18a3c fc937f6b08f945cfbbd0d78f23aee742 - - default default] 10.0.0.197 "DELETE /v2.0/networks/f29195ff-4de5-4336-871e-7d454575d595 HTTP/1.1" status: 204 len: 168 time: 0.2999947
2026-07-15 00:15:18.569 9 INFO neutron.api.wsgi [None req-0d203f26-b4cc-45a2-8c26-abe7dee5933f f178fad556844a63b972de02f8d18a3c fc937f6b08f945cfbbd0d78f23aee742 - - default default] 10.0.0.197 "GET /v2.0/networks HTTP/1.1" status: 200 len: 845 time: 0.0350320
2026-07-15 00:15:18.578 9 WARNING neutron_lib.context [None req-d2333a2d-d69f-4cb8-a4c0-a0dfb8ed79ae f178fad556844a63b972de02f8d18a3c fc937f6b08f945cfbbd0d78f23aee742 - - default default] Method 'is_advsvc' is deprecated since 2023.2 release (neutron-lib 3.8.0) and will be removed once support for the old RBAC API policies will be removed from Neutron. Please use method 'is_service_role' instead.
2026-07-15 00:15:18.654 9 INFO neutron.db.segments_db [None req-d2333a2d-d69f-4cb8-a4c0-a0dfb8ed79ae f178fad556844a63b972de02f8d18a3c fc937f6b08f945cfbbd0d78f23aee742 - - default default] Added segment ba72f096-198c-46fe-9f4e-65659502933d of type geneve for network 4a85c3ec-00e0-4e1f-8cb3-b4ba44c99d71
2026-07-15 00:15:18.750 9 INFO neutron.api.wsgi [req-1a06d295-48ca-4bc0-a290-6d54763f21b9 req-16a7e19c-7b11-4a07-bfc1-c8d339db6bc5 d5ae2cf065ab44848f923adf2beddf32 4a149269de794c39877fe605b8c6d58d - - f0d5bd53a426406e954dc45cfa6f09c6 f0d5bd53a426406e954dc45cfa6f09c6] 10.0.0.54 "GET /v2.0/ports?device_id=58a21cdc-7c28-4c0a-b794-54da1ab125ed HTTP/1.1" status: 200 len: 1409 time: 0.2827294
2026-07-15 00:15:18.784 9 INFO neutron.db.ovn_revision_numbers_db [None req-d2333a2d-d69f-4cb8-a4c0-a0dfb8ed79ae f178fad556844a63b972de02f8d18a3c fc937f6b08f945cfbbd0d78f23aee742 - - default default] Successfully bumped revision number for resource 4a85c3ec-00e0-4e1f-8cb3-b4ba44c99d71 (type: networks) to 1
2026-07-15 00:15:18.795 9 INFO neutron.api.wsgi [req-1a06d295-48ca-4bc0-a290-6d54763f21b9 req-cb828864-5280-44ea-9ae6-82847e514f4d d5ae2cf065ab44848f923adf2beddf32 4a149269de794c39877fe605b8c6d58d - - f0d5bd53a426406e954dc45cfa6f09c6 f0d5bd53a426406e954dc45cfa6f09c6] 10.0.0.54 "GET /v2.0/security-groups?id=98cc9f1a-a894-4c70-be1a-5fc36a3774f8&fields=id&fields=name HTTP/1.1" status: 200 len: 312 time: 0.0403440
2026-07-15 00:15:18.946 9 WARNING neutron.scheduler.dhcp_agent_scheduler [None req-d2333a2d-d69f-4cb8-a4c0-a0dfb8ed79ae f178fad556844a63b972de02f8d18a3c fc937f6b08f945cfbbd0d78f23aee742 - - default default] No more DHCP agents
2026-07-15 00:15:18.949 9 WARNING neutron.api.rpc.agentnotifiers.dhcp_rpc_agent_api [None req-d2333a2d-d69f-4cb8-a4c0-a0dfb8ed79ae f178fad556844a63b972de02f8d18a3c fc937f6b08f945cfbbd0d78f23aee742 - - default default] Unable to schedule network 4a85c3ec-00e0-4e1f-8cb3-b4ba44c99d71: no agents available; will retry on subsequent port and subnet creation events.
2026-07-15 00:15:19.064 9 INFO neutron.db.ovn_revision_numbers_db [None req-d2333a2d-d69f-4cb8-a4c0-a0dfb8ed79ae f178fad556844a63b972de02f8d18a3c fc937f6b08f945cfbbd0d78f23aee742 - - default default] Successfully bumped revision number for resource a76402a2-77db-4f36-a620-7de29cb7691f (type: ports) to 1
2026-07-15 00:15:19.084 9 INFO neutron.api.wsgi [None req-d2333a2d-d69f-4cb8-a4c0-a0dfb8ed79ae f178fad556844a63b972de02f8d18a3c fc937f6b08f945cfbbd0d78f23aee742 - - default default] 10.0.0.197 "POST /v2.0/networks HTTP/1.1" status: 201 len: 852 time: 0.5094206
2026-07-15 00:15:19.095 9 WARNING neutron_lib.context [None req-d9f12426-50cb-4672-b23f-cf42320a1b35 f178fad556844a63b972de02f8d18a3c fc937f6b08f945cfbbd0d78f23aee742 - - default default] Method 'is_advsvc' is deprecated since 2023.2 release (neutron-lib 3.8.0) and will be removed once support for the old RBAC API policies will be removed from Neutron. Please use method 'is_service_role' instead.
2026-07-15 00:15:19.172 9 INFO neutron.db.segments_db [None req-d9f12426-50cb-4672-b23f-cf42320a1b35 f178fad556844a63b972de02f8d18a3c fc937f6b08f945cfbbd0d78f23aee742 - - default default] Added segment 043f98fc-0be6-4aff-aa39-63abf6ee22fa of type geneve for network 43ad1721-d4ed-458e-a0ef-8ecce73e833c
2026-07-15 00:15:19.224 10 WARNING neutron_lib.context [None req-abc96aad-9795-4635-a386-f88583d5ec7c 5b0df4c6413747a7b60c9b6bde864d94 8ca00156b276408cb68481db6da37e1c - - default default] Method 'is_advsvc' is deprecated since 2023.2 release (neutron-lib 3.8.0) and will be removed once support for the old RBAC API policies will be removed from Neutron. Please use method 'is_service_role' instead.
2026-07-15 00:15:19.279 9 INFO neutron.db.ovn_revision_numbers_db [None req-d9f12426-50cb-4672-b23f-cf42320a1b35 f178fad556844a63b972de02f8d18a3c fc937f6b08f945cfbbd0d78f23aee742 - - default default] Successfully bumped revision number for resource 43ad1721-d4ed-458e-a0ef-8ecce73e833c (type: networks) to 1
2026-07-15 00:15:19.351 10 INFO neutron.db.ovn_revision_numbers_db [None req-abc96aad-9795-4635-a386-f88583d5ec7c 5b0df4c6413747a7b60c9b6bde864d94 8ca00156b276408cb68481db6da37e1c - - default default] Successfully bumped revision number for resource f44e76e0-1fb2-41f3-a0f5-883bec35b3cf (type: security_groups) to 1
2026-07-15 00:15:19.365 10 INFO neutron.db.ovn_revision_numbers_db [None req-abc96aad-9795-4635-a386-f88583d5ec7c 5b0df4c6413747a7b60c9b6bde864d94 8ca00156b276408cb68481db6da37e1c - - default default] Successfully bumped revision number for resource 167dce3c-29e1-45d6-bc58-f28a9c5dafc2 (type: security_group_rules) to 0
2026-07-15 00:15:19.380 10 INFO neutron.db.ovn_revision_numbers_db [None req-abc96aad-9795-4635-a386-f88583d5ec7c 5b0df4c6413747a7b60c9b6bde864d94 8ca00156b276408cb68481db6da37e1c - - default default] Successfully bumped revision number for resource 2f47fa8b-47f4-4dea-a767-dda49ede96f3 (type: security_group_rules) to 0
2026-07-15 00:15:19.390 10 INFO neutron.db.ovn_revision_numbers_db [None req-abc96aad-9795-4635-a386-f88583d5ec7c 5b0df4c6413747a7b60c9b6bde864d94 8ca00156b276408cb68481db6da37e1c - - default default] Successfully bumped revision number for resource 4e363697-944b-465e-a8b8-98eeae8f7396 (type: security_group_rules) to 0
2026-07-15 00:15:19.404 10 INFO neutron.db.ovn_revision_numbers_db [None req-abc96aad-9795-4635-a386-f88583d5ec7c 5b0df4c6413747a7b60c9b6bde864d94 8ca00156b276408cb68481db6da37e1c - - default default] Successfully bumped revision number for resource 949b56d0-a6ef-44c0-a7dd-63a27f09d28e (type: security_group_rules) to 0
2026-07-15 00:15:19.419 9 WARNING neutron.scheduler.dhcp_agent_scheduler [None req-d9f12426-50cb-4672-b23f-cf42320a1b35 f178fad556844a63b972de02f8d18a3c fc937f6b08f945cfbbd0d78f23aee742 - - default default] No more DHCP agents
2026-07-15 00:15:19.420 9 WARNING neutron.api.rpc.agentnotifiers.dhcp_rpc_agent_api [None req-d9f12426-50cb-4672-b23f-cf42320a1b35 f178fad556844a63b972de02f8d18a3c fc937f6b08f945cfbbd0d78f23aee742 - - default default] Unable to schedule network 43ad1721-d4ed-458e-a0ef-8ecce73e833c: no agents available; will retry on subsequent port and subnet creation events.
2026-07-15 00:15:19.464 10 INFO neutron.db.segments_db [None req-abc96aad-9795-4635-a386-f88583d5ec7c 5b0df4c6413747a7b60c9b6bde864d94 8ca00156b276408cb68481db6da37e1c - - default default] Added segment fe98a0cf-f688-4cf2-ab80-292986d55799 of type geneve for network 0c21af58-d807-431e-a97c-aa9393a2bb31
2026-07-15 00:15:19.468 9 INFO neutron.db.ovn_revision_numbers_db [None req-d9f12426-50cb-4672-b23f-cf42320a1b35 f178fad556844a63b972de02f8d18a3c fc937f6b08f945cfbbd0d78f23aee742 - - default default] Successfully bumped revision number for resource 666968a0-dae3-4e3b-9e0b-6932b0f82652 (type: ports) to 1
2026-07-15 00:15:19.501 9 INFO neutron.api.wsgi [None req-d9f12426-50cb-4672-b23f-cf42320a1b35 f178fad556844a63b972de02f8d18a3c fc937f6b08f945cfbbd0d78f23aee742 - - default default] 10.0.0.197 "POST /v2.0/networks HTTP/1.1" status: 201 len: 853 time: 0.4106443
2026-07-15 00:15:19.510 9 WARNING neutron_lib.context [None req-d06189e1-859a-4de1-8832-76ef881bb5b1 f178fad556844a63b972de02f8d18a3c fc937f6b08f945cfbbd0d78f23aee742 - - default default] Method 'is_advsvc' is deprecated since 2023.2 release (neutron-lib 3.8.0) and will be removed once support for the old RBAC API policies will be removed from Neutron. Please use method 'is_service_role' instead.
2026-07-15 00:15:19.528 9 WARNING neutron_lib.context [None req-d06189e1-859a-4de1-8832-76ef881bb5b1 f178fad556844a63b972de02f8d18a3c fc937f6b08f945cfbbd0d78f23aee742 - - default default] Method 'is_advsvc' is deprecated since 2023.2 release (neutron-lib 3.8.0) and will be removed once support for the old RBAC API policies will be removed from Neutron. Please use method 'is_service_role' instead.
2026-07-15 00:15:19.559 10 INFO neutron.db.ovn_revision_numbers_db [None req-abc96aad-9795-4635-a386-f88583d5ec7c 5b0df4c6413747a7b60c9b6bde864d94 8ca00156b276408cb68481db6da37e1c - - default default] Successfully bumped revision number for resource 0c21af58-d807-431e-a97c-aa9393a2bb31 (type: networks) to 1
2026-07-15 00:15:19.747 10 WARNING neutron.scheduler.dhcp_agent_scheduler [None req-abc96aad-9795-4635-a386-f88583d5ec7c 5b0df4c6413747a7b60c9b6bde864d94 8ca00156b276408cb68481db6da37e1c - - default default] No more DHCP agents
2026-07-15 00:15:19.749 10 WARNING neutron.api.rpc.agentnotifiers.dhcp_rpc_agent_api [None req-abc96aad-9795-4635-a386-f88583d5ec7c 5b0df4c6413747a7b60c9b6bde864d94 8ca00156b276408cb68481db6da37e1c - - default default] Unable to schedule network 0c21af58-d807-431e-a97c-aa9393a2bb31: no agents available; will retry on subsequent port and subnet creation events.
2026-07-15 00:15:19.817 10 INFO neutron.db.ovn_revision_numbers_db [None req-abc96aad-9795-4635-a386-f88583d5ec7c 5b0df4c6413747a7b60c9b6bde864d94 8ca00156b276408cb68481db6da37e1c - - default default] Successfully bumped revision number for resource fff30251-e1f4-4bca-9158-8c192309fec1 (type: ports) to 1
2026-07-15 00:15:19.837 10 INFO neutron.api.wsgi [None req-abc96aad-9795-4635-a386-f88583d5ec7c 5b0df4c6413747a7b60c9b6bde864d94 8ca00156b276408cb68481db6da37e1c - - default default] 10.0.0.197 "POST /v2.0/networks HTTP/1.1" status: 201 len: 830 time: 0.6434126
2026-07-15 00:15:19.849 10 WARNING neutron_lib.context [None req-68a60827-18c1-4ba8-8436-1b1710b8fa0b 5b0df4c6413747a7b60c9b6bde864d94 8ca00156b276408cb68481db6da37e1c - - default default] Method 'is_advsvc' is deprecated since 2023.2 release (neutron-lib 3.8.0) and will be removed once support for the old RBAC API policies will be removed from Neutron. Please use method 'is_service_role' instead.
2026-07-15 00:15:19.893 9 WARNING neutron.scheduler.dhcp_agent_scheduler [None req-d06189e1-859a-4de1-8832-76ef881bb5b1 f178fad556844a63b972de02f8d18a3c fc937f6b08f945cfbbd0d78f23aee742 - - default default] No more DHCP agents
2026-07-15 00:15:19.894 9 WARNING neutron.api.rpc.agentnotifiers.dhcp_rpc_agent_api [None req-d06189e1-859a-4de1-8832-76ef881bb5b1 f178fad556844a63b972de02f8d18a3c fc937f6b08f945cfbbd0d78f23aee742 - - default default] Unable to schedule network 4a85c3ec-00e0-4e1f-8cb3-b4ba44c99d71: no agents available; will retry on subsequent port and subnet creation events.
2026-07-15 00:15:19.973 9 INFO neutron.db.ovn_revision_numbers_db [None req-d06189e1-859a-4de1-8832-76ef881bb5b1 f178fad556844a63b972de02f8d18a3c fc937f6b08f945cfbbd0d78f23aee742 - - default default] Successfully bumped revision number for resource ab9ddb6d-5f23-4b3e-a2b3-b16d19d88937 (type: ports) to 1
2026-07-15 00:15:20.015 9 WARNING neutron.scheduler.dhcp_agent_scheduler [None req-d06189e1-859a-4de1-8832-76ef881bb5b1 f178fad556844a63b972de02f8d18a3c fc937f6b08f945cfbbd0d78f23aee742 - - default default] No more DHCP agents
2026-07-15 00:15:20.016 9 WARNING neutron.api.rpc.agentnotifiers.dhcp_rpc_agent_api [None req-d06189e1-859a-4de1-8832-76ef881bb5b1 f178fad556844a63b972de02f8d18a3c fc937f6b08f945cfbbd0d78f23aee742 - - default default] Unable to schedule network 43ad1721-d4ed-458e-a0ef-8ecce73e833c: no agents available; will retry on subsequent port and subnet creation events.
2026-07-15 00:15:20.079 9 INFO neutron.db.ovn_revision_numbers_db [None req-d06189e1-859a-4de1-8832-76ef881bb5b1 f178fad556844a63b972de02f8d18a3c fc937f6b08f945cfbbd0d78f23aee742 - - default default] Successfully bumped revision number for resource 1b9b3152-5585-4d6e-afa2-1802b598c8c7 (type: ports) to 1
2026-07-15 00:15:20.100 9 INFO neutron.api.wsgi [None req-d06189e1-859a-4de1-8832-76ef881bb5b1 f178fad556844a63b972de02f8d18a3c fc937f6b08f945cfbbd0d78f23aee742 - - default default] 10.0.0.197 "POST /v2.0/ports HTTP/1.1" status: 201 len: 1704 time: 0.5934167
2026-07-15 00:15:20.102 10 WARNING neutron.scheduler.dhcp_agent_scheduler [None req-68a60827-18c1-4ba8-8436-1b1710b8fa0b 5b0df4c6413747a7b60c9b6bde864d94 8ca00156b276408cb68481db6da37e1c - - default default] No more DHCP agents
2026-07-15 00:15:20.103 10 WARNING neutron.api.rpc.agentnotifiers.dhcp_rpc_agent_api [None req-68a60827-18c1-4ba8-8436-1b1710b8fa0b 5b0df4c6413747a7b60c9b6bde864d94 8ca00156b276408cb68481db6da37e1c - - default default] Unable to schedule network 0c21af58-d807-431e-a97c-aa9393a2bb31: no agents available; will retry on subsequent port and subnet creation events. /var/lib/openstack/lib/python3.12/site-packages/pycadf/identifier.py:71: UserWarning: Invalid uuid: neutron. To ensure interoperability, identifiers should be a valid uuid. warnings.warn(('Invalid uuid: %s. To ensure interoperability, '
2026-07-15 00:15:20.172 10 INFO neutron.db.ovn_revision_numbers_db [None req-68a60827-18c1-4ba8-8436-1b1710b8fa0b 5b0df4c6413747a7b60c9b6bde864d94 8ca00156b276408cb68481db6da37e1c - - default default] Successfully bumped revision number for resource a90b9784-8aca-44b2-b312-1aa5d61fc6b3 (type: ports) to 1
2026-07-15 00:15:20.188 10 INFO neutron.api.wsgi [None req-68a60827-18c1-4ba8-8436-1b1710b8fa0b 5b0df4c6413747a7b60c9b6bde864d94 8ca00156b276408cb68481db6da37e1c - - default default] 10.0.0.197 "POST /v2.0/ports HTTP/1.1" status: 201 len: 942 time: 0.3424833 /var/lib/openstack/lib/python3.12/site-packages/pycadf/identifier.py:71: UserWarning: Invalid uuid: neutron. To ensure interoperability, identifiers should be a valid uuid. warnings.warn(('Invalid uuid: %s. To ensure interoperability, '
2026-07-15 00:15:20.200 9 INFO neutron.api.wsgi [None req-bfc27de5-5331-4da0-9c47-08a5f22f8255 f178fad556844a63b972de02f8d18a3c fc937f6b08f945cfbbd0d78f23aee742 - - default default] 10.0.0.197 "GET /v2.0/ports HTTP/1.1" status: 200 len: 3211 time: 0.0847127
2026-07-15 00:15:20.232 10 INFO neutron.api.wsgi [None req-7ef4c0e3-e139-43ac-bcc0-f1b6110676be 5b0df4c6413747a7b60c9b6bde864d94 8ca00156b276408cb68481db6da37e1c - - default default] 10.0.0.197 "PUT /v2.0/ports/a90b9784-8aca-44b2-b312-1aa5d61fc6b3/tags HTTP/1.1" status: 200 len: 218 time: 0.0388880
2026-07-15 00:15:20.238 9 INFO neutron.services.segments.plugin [-] Segment 1bf02f70-4d05-481f-a12d-5fdafe8afb9a resource provider aggregate not found
2026-07-15 00:15:20.253 9 INFO neutron.services.segments.plugin [-] Segment 1bf02f70-4d05-481f-a12d-5fdafe8afb9a resource provider aggregate not found
2026-07-15 00:15:20.258 9 INFO neutron.services.segments.plugin [-] Segment 1bf02f70-4d05-481f-a12d-5fdafe8afb9a resource provider not found; error: Placement Client Error (4xx): {"errors": [{"status": 404, "title": "Not Found", "detail": "The resource could not be found.\n\n No resource provider with uuid 1bf02f70-4d05-481f-a12d-5fdafe8afb9a found for delete ", "request_id": "req-055f6a22-e40c-468a-9d96-bdc76ef43782"}]}
2026-07-15 00:15:20.265 9 INFO neutron.services.segments.plugin [-] Segment 1bf02f70-4d05-481f-a12d-5fdafe8afb9a resource provider not found; error: Placement Client Error (4xx): {"errors": [{"status": 404, "title": "Not Found", "detail": "The resource could not be found.\n\n No resource provider with uuid 1bf02f70-4d05-481f-a12d-5fdafe8afb9a found for delete ", "request_id": "req-931b849a-2495-459a-b43b-74b93e3fbe76"}]}
2026-07-15 00:15:20.270 10 INFO neutron.api.wsgi [None req-9ceceb7b-eeb2-48be-be65-6f4eb9e5eb35 5b0df4c6413747a7b60c9b6bde864d94 8ca00156b276408cb68481db6da37e1c - - default default] 10.0.0.197 "GET /v2.0/ports/a90b9784-8aca-44b2-b312-1aa5d61fc6b3/tags HTTP/1.1" status: 200 len: 218 time: 0.0335753
2026-07-15 00:15:20.314 9 INFO neutron.api.wsgi [None req-8a7d47d1-a4b7-4f60-901f-3a4548c58daf 5b0df4c6413747a7b60c9b6bde864d94 8ca00156b276408cb68481db6da37e1c - - default default] 10.0.0.197 "PUT /v2.0/ports/a90b9784-8aca-44b2-b312-1aa5d61fc6b3/tags/green HTTP/1.1" status: 201 len: 201 time: 0.0387576
2026-07-15 00:15:20.338 9 INFO neutron.api.wsgi [None req-7b3a75ee-1438-4c80-a9b2-e03b6f081403 5b0df4c6413747a7b60c9b6bde864d94 8ca00156b276408cb68481db6da37e1c - - default default] 10.0.0.197 "GET /v2.0/ports/a90b9784-8aca-44b2-b312-1aa5d61fc6b3/tags HTTP/1.1" status: 200 len: 227 time: 0.0199649
2026-07-15 00:15:20.365 9 INFO neutron.api.wsgi [None req-bf3f7143-033c-4b51-9650-668cbf91848d 5b0df4c6413747a7b60c9b6bde864d94 8ca00156b276408cb68481db6da37e1c - - default default] 10.0.0.197 "PUT /v2.0/ports/a90b9784-8aca-44b2-b312-1aa5d61fc6b3/tags/red HTTP/1.1" status: 201 len: 201 time: 0.0216129
2026-07-15 00:15:20.389 9 INFO neutron.api.wsgi [None req-d962285a-c216-451f-9636-f4f9d571287d 5b0df4c6413747a7b60c9b6bde864d94 8ca00156b276408cb68481db6da37e1c - - default default] 10.0.0.197 "GET /v2.0/ports/a90b9784-8aca-44b2-b312-1aa5d61fc6b3/tags HTTP/1.1" status: 200 len: 227 time: 0.0190575
2026-07-15 00:15:20.427 9 INFO neutron.api.wsgi [None req-25648bf7-85b5-4640-9a6f-1cc7705be237 5b0df4c6413747a7b60c9b6bde864d94 8ca00156b276408cb68481db6da37e1c - - default default] 10.0.0.197 "PUT /v2.0/ports/a90b9784-8aca-44b2-b312-1aa5d61fc6b3/tags/black.or.white HTTP/1.1" status: 201 len: 201 time: 0.0340240
2026-07-15 00:15:20.427 10 INFO neutron.api.wsgi [None req-bb814063-c446-464b-81a0-323a91baf014 f178fad556844a63b972de02f8d18a3c fc937f6b08f945cfbbd0d78f23aee742 - - default default] 10.0.0.197 "DELETE /v2.0/ports/ab9ddb6d-5f23-4b3e-a2b3-b16d19d88937 HTTP/1.1" status: 204 len: 168 time: 0.2221677
2026-07-15 00:15:20.451 9 INFO neutron.api.wsgi [None req-05325d66-5774-403f-8b17-90f3675de479 5b0df4c6413747a7b60c9b6bde864d94 8ca00156b276408cb68481db6da37e1c - - default default] 10.0.0.197 "GET /v2.0/ports/a90b9784-8aca-44b2-b312-1aa5d61fc6b3/tags HTTP/1.1" status: 200 len: 245 time: 0.0195405
2026-07-15 00:15:20.489 9 INFO neutron.api.wsgi [None req-5eaa16be-5f02-40e6-8997-cc6f474d4fb9 5b0df4c6413747a7b60c9b6bde864d94 8ca00156b276408cb68481db6da37e1c - - default default] 10.0.0.197 "PUT /v2.0/ports/a90b9784-8aca-44b2-b312-1aa5d61fc6b3/tags HTTP/1.1" status: 200 len: 230 time: 0.0322769
2026-07-15 00:15:20.516 9 INFO neutron.api.wsgi [None req-348d6079-1dd8-4c75-b060-aff7b3bc6764 5b0df4c6413747a7b60c9b6bde864d94 8ca00156b276408cb68481db6da37e1c - - default default] 10.0.0.197 "GET /v2.0/ports/a90b9784-8aca-44b2-b312-1aa5d61fc6b3/tags HTTP/1.1" status: 200 len: 230 time: 0.0233259
2026-07-15 00:15:20.551 9 INFO neutron.api.wsgi [None req-26c5de57-166b-4a72-935e-c9679b82789a 5b0df4c6413747a7b60c9b6bde864d94 8ca00156b276408cb68481db6da37e1c - - default default] 10.0.0.197 "GET /v2.0/ports/a90b9784-8aca-44b2-b312-1aa5d61fc6b3/tags/red HTTP/1.1" status: 204 len: 168 time: 0.0312042
2026-07-15 00:15:20.563 10 INFO neutron.api.wsgi [None req-db57dc68-3ab1-4254-95ba-fdd9e4916832 a2ef91583a6640dca84be436d3bea3e8 9701e589360443a198ecd7198f6e00ef - - default default] 10.0.0.197 "GET /v2.0/ports?project_id=c36199a27b1945d88c54cee2631c5154&network_id=5cf2398c-6b82-4d5a-a63a-affdd4527556 HTTP/1.1" status: 200 len: 3510 time: 0.0602574
2026-07-15 00:15:20.585 9 INFO neutron.api.v2.resource [None req-ab096f8b-b408-4365-a3ab-6a5ebf05f40d 5b0df4c6413747a7b60c9b6bde864d94 8ca00156b276408cb68481db6da37e1c - - default default] show failed (client error): The resource could not be found.
2026-07-15 00:15:20.586 9 INFO neutron.api.wsgi [None req-ab096f8b-b408-4365-a3ab-6a5ebf05f40d 5b0df4c6413747a7b60c9b6bde864d94 8ca00156b276408cb68481db6da37e1c - - default default] 10.0.0.197 "GET /v2.0/ports/a90b9784-8aca-44b2-b312-1aa5d61fc6b3/tags/green HTTP/1.1" status: 404 len: 299 time: 0.0320301
2026-07-15 00:15:20.625 9 INFO neutron.api.wsgi [None req-0e4e0143-1480-403c-8622-b828f7a8b397 5b0df4c6413747a7b60c9b6bde864d94 8ca00156b276408cb68481db6da37e1c - - default default] 10.0.0.197 "DELETE /v2.0/ports/a90b9784-8aca-44b2-b312-1aa5d61fc6b3/tags/red HTTP/1.1" status: 204 len: 168 time: 0.0350983
2026-07-15 00:15:20.657 9 INFO neutron.api.wsgi [None req-8692200b-4eaa-4a15-af9f-163ed7c89f8a 5b0df4c6413747a7b60c9b6bde864d94 8ca00156b276408cb68481db6da37e1c - - default default] 10.0.0.197 "GET /v2.0/ports/a90b9784-8aca-44b2-b312-1aa5d61fc6b3/tags HTTP/1.1" status: 200 len: 223 time: 0.0260971
2026-07-15 00:15:20.698 10 INFO neutron.api.wsgi [None req-80c7b48a-a854-4204-8f5e-2f9d2f7d8819 f178fad556844a63b972de02f8d18a3c fc937f6b08f945cfbbd0d78f23aee742 - - default default] 10.0.0.197 "DELETE /v2.0/ports/1b9b3152-5585-4d6e-afa2-1802b598c8c7 HTTP/1.1" status: 204 len: 168 time: 0.2665544
2026-07-15 00:15:20.708 9 INFO neutron.api.v2.resource [None req-8b9ad673-8960-4046-90a6-53e7bbf7fb51 5b0df4c6413747a7b60c9b6bde864d94 8ca00156b276408cb68481db6da37e1c - - default default] delete failed (client error): The resource could not be found.
2026-07-15 00:15:20.709 9 INFO neutron.api.wsgi [None req-8b9ad673-8960-4046-90a6-53e7bbf7fb51 5b0df4c6413747a7b60c9b6bde864d94 8ca00156b276408cb68481db6da37e1c - - default default] 10.0.0.197 "DELETE /v2.0/ports/a90b9784-8aca-44b2-b312-1aa5d61fc6b3/tags/green HTTP/1.1" status: 404 len: 299 time: 0.0470695
2026-07-15 00:15:20.741 9 INFO neutron.api.wsgi [None req-9739be26-7df0-47cd-b9e4-602001cc7fac f178fad556844a63b972de02f8d18a3c fc937f6b08f945cfbbd0d78f23aee742 - - default default] 10.0.0.197 "GET /v2.0/ports HTTP/1.1" status: 200 len: 1718 time: 0.0381088
2026-07-15 00:15:20.751 9 WARNING neutron_lib.context [None req-9f56c270-90d6-4377-a1f8-ed94618e8245 f178fad556844a63b972de02f8d18a3c fc937f6b08f945cfbbd0d78f23aee742 - - default default] Method 'is_advsvc' is deprecated since 2023.2 release (neutron-lib 3.8.0) and will be removed once support for the old RBAC API policies will be removed from Neutron. Please use method 'is_service_role' instead.
2026-07-15 00:15:20.759 10 INFO neutron.api.wsgi [None req-826d8f13-b3ed-4cf2-b5e1-cb277cd89e22 5b0df4c6413747a7b60c9b6bde864d94 8ca00156b276408cb68481db6da37e1c - - default default] 10.0.0.197 "DELETE /v2.0/ports/a90b9784-8aca-44b2-b312-1aa5d61fc6b3/tags HTTP/1.1" status: 204 len: 168 time: 0.0453951
2026-07-15 00:15:20.795 9 INFO neutron.api.wsgi [None req-4c899e33-5548-4519-90a5-b47119bc6b72 5b0df4c6413747a7b60c9b6bde864d94 8ca00156b276408cb68481db6da37e1c - - default default] 10.0.0.197 "GET /v2.0/ports/a90b9784-8aca-44b2-b312-1aa5d61fc6b3/tags HTTP/1.1" status: 200 len: 205 time: 0.0321548
2026-07-15 00:15:20.796 10 INFO neutron.api.wsgi [None req-756035a2-795d-4230-ab3a-5c0108e3ad72 a2ef91583a6640dca84be436d3bea3e8 9701e589360443a198ecd7198f6e00ef - - default default] 10.0.0.197 "GET /v2.0/subnets?network_id=11c62d4d-75c2-42dc-a014-8b9c456f30a2 HTTP/1.1" status: 200 len: 861 time: 0.0279906
2026-07-15 00:15:20.838 9 INFO neutron.db.segments_db [None req-9f56c270-90d6-4377-a1f8-ed94618e8245 f178fad556844a63b972de02f8d18a3c fc937f6b08f945cfbbd0d78f23aee742 - - default default] Added segment 28b833e3-ed89-405c-944f-e00535c75991 of type geneve for network 3cd3c66b-81f8-4928-9314-1c94979a3004
2026-07-15 00:15:20.981 9 INFO neutron.db.ovn_revision_numbers_db [None req-9f56c270-90d6-4377-a1f8-ed94618e8245 f178fad556844a63b972de02f8d18a3c fc937f6b08f945cfbbd0d78f23aee742 - - default default] Successfully bumped revision number for resource 3cd3c66b-81f8-4928-9314-1c94979a3004 (type: networks) to 1
2026-07-15 00:15:21.130 9 INFO neutron.api.wsgi [None req-fecee1ed-0a9b-466d-9bba-91f1ed6a2960 5b0df4c6413747a7b60c9b6bde864d94 8ca00156b276408cb68481db6da37e1c - - default default] 10.0.0.197 "DELETE /v2.0/ports/a90b9784-8aca-44b2-b312-1aa5d61fc6b3 HTTP/1.1" status: 204 len: 168 time: 0.3296671 /var/lib/openstack/lib/python3.12/site-packages/pycadf/identifier.py:71: UserWarning: Invalid uuid: neutron. To ensure interoperability, identifiers should be a valid uuid. warnings.warn(('Invalid uuid: %s. To ensure interoperability, '
2026-07-15 00:15:21.142 10 INFO neutron.db.ovn_revision_numbers_db [None req-b9dd9776-cd2d-4204-88d3-679c739ee0f5 cf11d30b59ba49899071e9c562350fa9 c36199a27b1945d88c54cee2631c5154 - - default default] Successfully bumped revision number for resource 7f20f8b0-f0b4-4d69-a0c9-477b6b71fab3 (type: floatingips) to 2
2026-07-15 00:15:21.199 9 WARNING neutron.scheduler.dhcp_agent_scheduler [None req-9f56c270-90d6-4377-a1f8-ed94618e8245 f178fad556844a63b972de02f8d18a3c fc937f6b08f945cfbbd0d78f23aee742 - - default default] No more DHCP agents
2026-07-15 00:15:21.201 9 WARNING neutron.api.rpc.agentnotifiers.dhcp_rpc_agent_api [None req-9f56c270-90d6-4377-a1f8-ed94618e8245 f178fad556844a63b972de02f8d18a3c fc937f6b08f945cfbbd0d78f23aee742 - - default default] Unable to schedule network 3cd3c66b-81f8-4928-9314-1c94979a3004: no agents available; will retry on subsequent port and subnet creation events.
2026-07-15 00:15:21.223 10 INFO neutron.db.l3_db [None req-b9dd9776-cd2d-4204-88d3-679c739ee0f5 cf11d30b59ba49899071e9c562350fa9 c36199a27b1945d88c54cee2631c5154 - - default default] Floating IP 7f20f8b0-f0b4-4d69-a0c9-477b6b71fab3 disassociated. External IP: 10.96.250.208, port: 68e0fe09-a06e-47ca-a375-47f2ab19cb5c.
2026-07-15 00:15:21.251 10 INFO neutron.api.wsgi [None req-b9dd9776-cd2d-4204-88d3-679c739ee0f5 cf11d30b59ba49899071e9c562350fa9 c36199a27b1945d88c54cee2631c5154 - - default default] 10.0.0.197 "PUT /v2.0/floatingips/7f20f8b0-f0b4-4d69-a0c9-477b6b71fab3 HTTP/1.1" status: 200 len: 748 time: 0.3205872
2026-07-15 00:15:21.264 9 INFO neutron.db.ovn_revision_numbers_db [None req-9f56c270-90d6-4377-a1f8-ed94618e8245 f178fad556844a63b972de02f8d18a3c fc937f6b08f945cfbbd0d78f23aee742 - - default default] Successfully bumped revision number for resource 535ea298-0ad0-442e-9c0a-10e8cb7d1b0e (type: ports) to 1
2026-07-15 00:15:21.283 10 INFO neutron.api.wsgi [None req-c617d98c-2d1e-4983-b95d-937046a0f1d5 cf11d30b59ba49899071e9c562350fa9 c36199a27b1945d88c54cee2631c5154 - - default default] 10.0.0.197 "GET /v2.0/floatingips/7f20f8b0-f0b4-4d69-a0c9-477b6b71fab3 HTTP/1.1" status: 200 len: 746 time: 0.0245991
2026-07-15 00:15:21.287 9 INFO neutron.api.wsgi [None req-9f56c270-90d6-4377-a1f8-ed94618e8245 f178fad556844a63b972de02f8d18a3c fc937f6b08f945cfbbd0d78f23aee742 - - default default] 10.0.0.197 "POST /v2.0/networks HTTP/1.1" status: 201 len: 853 time: 0.5402207
2026-07-15 00:15:21.291 10 INFO neutron.notifiers.nova [-] Nova event matching ['req-012631ac-b26d-4a68-a32c-9540c72e023d'] response: {'name': 'network-changed', 'server_uuid': '58a21cdc-7c28-4c0a-b794-54da1ab125ed', 'tag': '68e0fe09-a06e-47ca-a375-47f2ab19cb5c', 'status': 'completed', 'code': 200}
2026-07-15 00:15:21.301 9 WARNING neutron_lib.context [None req-9480814b-1a9e-4f31-addd-f41cc8cd7fee f178fad556844a63b972de02f8d18a3c fc937f6b08f945cfbbd0d78f23aee742 - - default default] Method 'is_advsvc' is deprecated since 2023.2 release (neutron-lib 3.8.0) and will be removed once support for the old RBAC API policies will be removed from Neutron. Please use method 'is_service_role' instead.
2026-07-15 00:15:21.385 9 INFO neutron.db.segments_db [None req-9480814b-1a9e-4f31-addd-f41cc8cd7fee f178fad556844a63b972de02f8d18a3c fc937f6b08f945cfbbd0d78f23aee742 - - default default] Added segment 44ad45c2-ef9d-46ff-911f-0cc00a458cb9 of type geneve for network 6d73f6de-d334-4223-b757-f1b2279e45ae
2026-07-15 00:15:21.443 10 INFO neutron.services.segments.plugin [-] Segment fe98a0cf-f688-4cf2-ab80-292986d55799 resource provider aggregate not found
2026-07-15 00:15:21.447 10 INFO neutron.services.segments.plugin [-] Segment fe98a0cf-f688-4cf2-ab80-292986d55799 resource provider aggregate not found
2026-07-15 00:15:21.459 10 INFO neutron.services.segments.plugin [-] Segment fe98a0cf-f688-4cf2-ab80-292986d55799 resource provider not found; error: Placement Client Error (4xx): {"errors": [{"status": 404, "title": "Not Found", "detail": "The resource could not be found.\n\n No resource provider with uuid fe98a0cf-f688-4cf2-ab80-292986d55799 found for delete ", "request_id": "req-ec8f9425-5b91-4e69-a725-41d7ef532773"}]}
2026-07-15 00:15:21.460 10 INFO neutron.services.segments.plugin [-] Segment fe98a0cf-f688-4cf2-ab80-292986d55799 resource provider not found; error: Placement Client Error (4xx): {"errors": [{"status": 404, "title": "Not Found", "detail": "The resource could not be found.\n\n No resource provider with uuid fe98a0cf-f688-4cf2-ab80-292986d55799 found for delete ", "request_id": "req-ac3f837d-b358-4520-a9fe-07c64e43e2f3"}]}
2026-07-15 00:15:21.476 10 INFO neutron.api.wsgi [None req-2a2ede88-7a8b-432c-a96a-901b36ca0bd9 5b0df4c6413747a7b60c9b6bde864d94 8ca00156b276408cb68481db6da37e1c - - default default] 10.0.0.197 "DELETE /v2.0/networks/0c21af58-d807-431e-a97c-aa9393a2bb31 HTTP/1.1" status: 204 len: 168 time: 0.3418205
2026-07-15 00:15:21.493 9 INFO neutron.db.ovn_revision_numbers_db [None req-9480814b-1a9e-4f31-addd-f41cc8cd7fee f178fad556844a63b972de02f8d18a3c fc937f6b08f945cfbbd0d78f23aee742 - - default default] Successfully bumped revision number for resource 6d73f6de-d334-4223-b757-f1b2279e45ae (type: networks) to 1
2026-07-15 00:15:21.575 9 INFO neutron.db.ovn_revision_numbers_db [None req-ff2d06d3-ad88-4a68-b9a3-954e5fa66933 06bbd1ce37784b188c8b912a4d9ab8b3 960b28e35ccd47e99505804431eb5e67 - - default default] Successfully bumped revision number for resource f2774f0f-c026-492e-bdca-96c17ab67479 (type: security_groups) to 1
2026-07-15 00:15:21.594 9 INFO neutron.db.ovn_revision_numbers_db [None req-ff2d06d3-ad88-4a68-b9a3-954e5fa66933 06bbd1ce37784b188c8b912a4d9ab8b3 960b28e35ccd47e99505804431eb5e67 - - default default] Successfully bumped revision number for resource 53f3bf3a-495a-42d8-87bc-e1f90469df56 (type: security_group_rules) to 0
2026-07-15 00:15:21.610 9 INFO neutron.db.ovn_revision_numbers_db [None req-ff2d06d3-ad88-4a68-b9a3-954e5fa66933 06bbd1ce37784b188c8b912a4d9ab8b3 960b28e35ccd47e99505804431eb5e67 - - default default] Successfully bumped revision number for resource 96b9097f-57e9-4d97-a676-2fe9657c3611 (type: security_group_rules) to 0
2026-07-15 00:15:21.623 9 INFO neutron.db.ovn_revision_numbers_db [None req-ff2d06d3-ad88-4a68-b9a3-954e5fa66933 06bbd1ce37784b188c8b912a4d9ab8b3 960b28e35ccd47e99505804431eb5e67 - - default default] Successfully bumped revision number for resource e7957301-6f8e-4865-89fc-2e1d2db652d0 (type: security_group_rules) to 0
2026-07-15 00:15:21.640 9 INFO neutron.db.ovn_revision_numbers_db [None req-ff2d06d3-ad88-4a68-b9a3-954e5fa66933 06bbd1ce37784b188c8b912a4d9ab8b3 960b28e35ccd47e99505804431eb5e67 - - default default] Successfully bumped revision number for resource f31b7aa7-5dba-4264-ac1a-70ae6e482a64 (type: security_group_rules) to 0
2026-07-15 00:15:21.664 9 WARNING neutron.scheduler.dhcp_agent_scheduler [None req-9480814b-1a9e-4f31-addd-f41cc8cd7fee f178fad556844a63b972de02f8d18a3c fc937f6b08f945cfbbd0d78f23aee742 - - default default] No more DHCP agents
2026-07-15 00:15:21.667 9 WARNING neutron.api.rpc.agentnotifiers.dhcp_rpc_agent_api [None req-9480814b-1a9e-4f31-addd-f41cc8cd7fee f178fad556844a63b972de02f8d18a3c fc937f6b08f945cfbbd0d78f23aee742 - - default default] Unable to schedule network 6d73f6de-d334-4223-b757-f1b2279e45ae: no agents available; will retry on subsequent port and subnet creation events.
2026-07-15 00:15:21.674 9 INFO neutron.api.wsgi [None req-ff2d06d3-ad88-4a68-b9a3-954e5fa66933 06bbd1ce37784b188c8b912a4d9ab8b3 960b28e35ccd47e99505804431eb5e67 - - default default] 10.0.0.197 "GET /v2.0/security-groups?tenant_id=b463f0bf0bca4c7296fa5dcd638e40d0&name=default HTTP/1.1" status: 200 len: 3120 time: 0.3088453
2026-07-15 00:15:21.714 9 INFO neutron.db.ovn_revision_numbers_db [None req-9480814b-1a9e-4f31-addd-f41cc8cd7fee f178fad556844a63b972de02f8d18a3c fc937f6b08f945cfbbd0d78f23aee742 - - default default] Successfully bumped revision number for resource 3a70c8fc-0175-4af3-87b8-06b5795f405c (type: ports) to 1
2026-07-15 00:15:21.731 9 INFO neutron.api.wsgi [None req-9480814b-1a9e-4f31-addd-f41cc8cd7fee f178fad556844a63b972de02f8d18a3c fc937f6b08f945cfbbd0d78f23aee742 - - default default] 10.0.0.197 "POST /v2.0/networks HTTP/1.1" status: 201 len: 852 time: 0.4356279
2026-07-15 00:15:21.830 10 INFO neutron.api.wsgi [None req-40ad1f27-7e7b-4fdc-a375-52bc2e8faceb 06bbd1ce37784b188c8b912a4d9ab8b3 960b28e35ccd47e99505804431eb5e67 - - default default] 10.0.0.197 "DELETE /v2.0/security-groups/f2774f0f-c026-492e-bdca-96c17ab67479 HTTP/1.1" status: 204 len: 168 time: 0.1494036
2026-07-15 00:15:21.834 10 INFO neutron.api.wsgi [req-97abf009-55dd-4d88-92a8-a10709a7bd56 req-17ffbc81-b82c-422e-ad78-55849ec81e0f d5ae2cf065ab44848f923adf2beddf32 4a149269de794c39877fe605b8c6d58d - - f0d5bd53a426406e954dc45cfa6f09c6 f0d5bd53a426406e954dc45cfa6f09c6] 199.19.213.73 "GET /v2.0/ports?tenant_id=c36199a27b1945d88c54cee2631c5154&device_id=58a21cdc-7c28-4c0a-b794-54da1ab125ed HTTP/1.1" status: 200 len: 1409 time: 0.0313680
2026-07-15 00:15:21.878 10 INFO neutron.api.wsgi [req-97abf009-55dd-4d88-92a8-a10709a7bd56 req-239ef117-0cfa-4d01-a4f6-ec23eeb3384b d5ae2cf065ab44848f923adf2beddf32 4a149269de794c39877fe605b8c6d58d - - f0d5bd53a426406e954dc45cfa6f09c6 f0d5bd53a426406e954dc45cfa6f09c6] 199.19.213.73 "GET /v2.0/networks?id=5cf2398c-6b82-4d5a-a63a-affdd4527556 HTTP/1.1" status: 200 len: 958 time: 0.0385005
2026-07-15 00:15:21.901 10 INFO neutron.api.wsgi [req-97abf009-55dd-4d88-92a8-a10709a7bd56 req-ab943016-8e0e-4d6f-b0d0-fbf58ffcb53b d5ae2cf065ab44848f923adf2beddf32 4a149269de794c39877fe605b8c6d58d - - f0d5bd53a426406e954dc45cfa6f09c6 f0d5bd53a426406e954dc45cfa6f09c6] 199.19.213.73 "GET /v2.0/floatingips?fixed_ip_address=10.100.0.7&port_id=68e0fe09-a06e-47ca-a375-47f2ab19cb5c HTTP/1.1" status: 200 len: 217 time: 0.0145259
2026-07-15 00:15:21.925 10 INFO neutron.api.wsgi [req-97abf009-55dd-4d88-92a8-a10709a7bd56 req-08dc050a-9eab-41f4-81dc-33be3d0724b9 d5ae2cf065ab44848f923adf2beddf32 4a149269de794c39877fe605b8c6d58d - - f0d5bd53a426406e954dc45cfa6f09c6 f0d5bd53a426406e954dc45cfa6f09c6] 199.19.213.73 "GET /v2.0/subnets?id=42d870ba-103c-4a3a-904c-1d11977b012f HTTP/1.1" status: 200 len: 877 time: 0.0186841
2026-07-15 00:15:21.946 10 INFO neutron.api.wsgi [req-97abf009-55dd-4d88-92a8-a10709a7bd56 req-9e1ffab1-a6bd-406c-a8db-bf7c948c05ba d5ae2cf065ab44848f923adf2beddf32 4a149269de794c39877fe605b8c6d58d - - f0d5bd53a426406e954dc45cfa6f09c6 f0d5bd53a426406e954dc45cfa6f09c6] 199.19.213.73 "GET /v2.0/ports?network_id=5cf2398c-6b82-4d5a-a63a-affdd4527556&device_owner=network%3Adhcp HTTP/1.1" status: 200 len: 210 time: 0.0168781
2026-07-15 00:15:21.993 10 INFO neutron.api.wsgi [req-97abf009-55dd-4d88-92a8-a10709a7bd56 req-cfa7cdda-7830-462b-a161-f4ebc8fee266 d5ae2cf065ab44848f923adf2beddf32 4a149269de794c39877fe605b8c6d58d - - f0d5bd53a426406e954dc45cfa6f09c6 f0d5bd53a426406e954dc45cfa6f09c6] 199.19.213.73 "GET /v2.0/networks/5cf2398c-6b82-4d5a-a63a-affdd4527556?fields=segments HTTP/1.1" status: 200 len: 212 time: 0.0422742
2026-07-15 00:15:22.043 10 INFO neutron.api.wsgi [req-97abf009-55dd-4d88-92a8-a10709a7bd56 req-eefa24b7-a767-475e-8708-b192b67b046e d5ae2cf065ab44848f923adf2beddf32 4a149269de794c39877fe605b8c6d58d - - f0d5bd53a426406e954dc45cfa6f09c6 f0d5bd53a426406e954dc45cfa6f09c6] 199.19.213.73 "GET /v2.0/networks/5cf2398c-6b82-4d5a-a63a-affdd4527556?fields=provider%3Aphysical_network&fields=provider%3Anetwork_type HTTP/1.1" status: 200 len: 277 time: 0.0432487
2026-07-15 00:15:22.214 10 WARNING neutron_lib.context [None req-456923b5-dadc-41da-889d-6ebf69dfc6b8 f178fad556844a63b972de02f8d18a3c fc937f6b08f945cfbbd0d78f23aee742 - - default default] Method 'is_advsvc' is deprecated since 2023.2 release (neutron-lib 3.8.0) and will be removed once support for the old RBAC API policies will be removed from Neutron. Please use method 'is_service_role' instead.
2026-07-15 00:15:22.236 10 WARNING neutron_lib.context [None req-456923b5-dadc-41da-889d-6ebf69dfc6b8 f178fad556844a63b972de02f8d18a3c fc937f6b08f945cfbbd0d78f23aee742 - - default default] Method 'is_advsvc' is deprecated since 2023.2 release (neutron-lib 3.8.0) and will be removed once support for the old RBAC API policies will be removed from Neutron. Please use method 'is_service_role' instead.
2026-07-15 00:15:22.245 9 INFO neutron.db.ovn_revision_numbers_db [None req-e183dd5c-0a0d-4699-a33e-f06b46d1af50 06bbd1ce37784b188c8b912a4d9ab8b3 960b28e35ccd47e99505804431eb5e67 - - default default] Successfully bumped revision number for resource edcc1032-dd49-461d-b1c4-ad03609065d8 (type: security_groups) to 1
2026-07-15 00:15:22.259 9 INFO neutron.db.ovn_revision_numbers_db [None req-e183dd5c-0a0d-4699-a33e-f06b46d1af50 06bbd1ce37784b188c8b912a4d9ab8b3 960b28e35ccd47e99505804431eb5e67 - - default default] Successfully bumped revision number for resource 3f37e344-ab9d-4eb6-90ba-b9ee2a5ec54a (type: security_group_rules) to 0
2026-07-15 00:15:22.274 9 INFO neutron.db.ovn_revision_numbers_db [None req-e183dd5c-0a0d-4699-a33e-f06b46d1af50 06bbd1ce37784b188c8b912a4d9ab8b3 960b28e35ccd47e99505804431eb5e67 - - default default] Successfully bumped revision number for resource 523fc21c-fb7f-4df6-8224-2dd7b8de3355 (type: security_group_rules) to 0
2026-07-15 00:15:22.286 9 INFO neutron.db.ovn_revision_numbers_db [None req-e183dd5c-0a0d-4699-a33e-f06b46d1af50 06bbd1ce37784b188c8b912a4d9ab8b3 960b28e35ccd47e99505804431eb5e67 - - default default] Successfully bumped revision number for resource 8834fded-f35a-4619-a73d-aeb61471e87b (type: security_group_rules) to 0
2026-07-15 00:15:22.299 9 INFO neutron.db.ovn_revision_numbers_db [None req-e183dd5c-0a0d-4699-a33e-f06b46d1af50 06bbd1ce37784b188c8b912a4d9ab8b3 960b28e35ccd47e99505804431eb5e67 - - default default] Successfully bumped revision number for resource f51fe41c-e0d4-4252-b804-8d89e99e0b97 (type: security_group_rules) to 0
2026-07-15 00:15:22.336 9 INFO neutron.api.wsgi [None req-e183dd5c-0a0d-4699-a33e-f06b46d1af50 06bbd1ce37784b188c8b912a4d9ab8b3 960b28e35ccd47e99505804431eb5e67 - - default default] 10.0.0.197 "GET /v2.0/security-groups?tenant_id=6793ec5b8a184a5b87e6f1957ba88a80&name=default HTTP/1.1" status: 200 len: 3120 time: 0.3107595
2026-07-15 00:15:22.342 9 WARNING neutron_lib.context [None req-0b9301ec-001b-480e-81ac-6de5d5f2688d cf11d30b59ba49899071e9c562350fa9 c36199a27b1945d88c54cee2631c5154 - - default default] Method 'is_advsvc' is deprecated since 2023.2 release (neutron-lib 3.8.0) and will be removed once support for the old RBAC API policies will be removed from Neutron. Please use method 'is_service_role' instead.
2026-07-15 00:15:22.444 9 INFO neutron.db.ovn_revision_numbers_db [None req-0b9301ec-001b-480e-81ac-6de5d5f2688d cf11d30b59ba49899071e9c562350fa9 c36199a27b1945d88c54cee2631c5154 - - default default] Successfully bumped revision number for resource 0f5f5f30-ce5e-4b52-9669-370731fdb0e7 (type: security_groups) to 1
2026-07-15 00:15:22.456 9 INFO neutron.db.ovn_revision_numbers_db [None req-0b9301ec-001b-480e-81ac-6de5d5f2688d cf11d30b59ba49899071e9c562350fa9 c36199a27b1945d88c54cee2631c5154 - - default default] Successfully bumped revision number for resource 5711c6a4-5e3f-4afd-9b54-225c12c72f49 (type: security_group_rules) to 0
2026-07-15 00:15:22.470 9 INFO neutron.db.ovn_revision_numbers_db [None req-0b9301ec-001b-480e-81ac-6de5d5f2688d cf11d30b59ba49899071e9c562350fa9 c36199a27b1945d88c54cee2631c5154 - - default default] Successfully bumped revision number for resource a0a4deb8-47b7-4974-bfb9-52f0db8a8c3f (type: security_group_rules) to 0
2026-07-15 00:15:22.501 9 INFO neutron.api.wsgi [None req-0b9301ec-001b-480e-81ac-6de5d5f2688d cf11d30b59ba49899071e9c562350fa9 c36199a27b1945d88c54cee2631c5154 - - default default] 10.0.0.197 "POST /v2.0/security-groups HTTP/1.1" status: 201 len: 1875 time: 0.1621041
2026-07-15 00:15:22.510 9 WARNING neutron_lib.context [None req-f46ba74f-65aa-4dda-9a6e-25c0061c329a cf11d30b59ba49899071e9c562350fa9 c36199a27b1945d88c54cee2631c5154 - - default default] Method 'is_advsvc' is deprecated since 2023.2 release (neutron-lib 3.8.0) and will be removed once support for the old RBAC API policies will be removed from Neutron. Please use method 'is_service_role' instead.
2026-07-15 00:15:22.552 10 WARNING neutron.scheduler.dhcp_agent_scheduler [None req-456923b5-dadc-41da-889d-6ebf69dfc6b8 f178fad556844a63b972de02f8d18a3c fc937f6b08f945cfbbd0d78f23aee742 - - default default] No more DHCP agents
2026-07-15 00:15:22.553 10 WARNING neutron.api.rpc.agentnotifiers.dhcp_rpc_agent_api [None req-456923b5-dadc-41da-889d-6ebf69dfc6b8 f178fad556844a63b972de02f8d18a3c fc937f6b08f945cfbbd0d78f23aee742 - - default default] Unable to schedule network 3cd3c66b-81f8-4928-9314-1c94979a3004: no agents available; will retry on subsequent port and subnet creation events.
2026-07-15 00:15:22.562 10 INFO neutron.api.wsgi [None req-00d119e2-43f3-4eb8-9256-4677da491275 06bbd1ce37784b188c8b912a4d9ab8b3 960b28e35ccd47e99505804431eb5e67 - - default default] 10.0.0.197 "DELETE /v2.0/security-groups/edcc1032-dd49-461d-b1c4-ad03609065d8 HTTP/1.1" status: 204 len: 168 time: 0.2221513
2026-07-15 00:15:22.578 10 INFO neutron.db.ovn_revision_numbers_db [None req-456923b5-dadc-41da-889d-6ebf69dfc6b8 f178fad556844a63b972de02f8d18a3c fc937f6b08f945cfbbd0d78f23aee742 - - default default] Successfully bumped revision number for resource 60311797-cf5d-4d48-ac54-ec2758a42c42 (type: subnets) to 0
2026-07-15 00:15:22.606 10 WARNING neutron.scheduler.dhcp_agent_scheduler [None req-456923b5-dadc-41da-889d-6ebf69dfc6b8 f178fad556844a63b972de02f8d18a3c fc937f6b08f945cfbbd0d78f23aee742 - - default default] No more DHCP agents
2026-07-15 00:15:22.606 10 WARNING neutron.api.rpc.agentnotifiers.dhcp_rpc_agent_api [None req-456923b5-dadc-41da-889d-6ebf69dfc6b8 f178fad556844a63b972de02f8d18a3c fc937f6b08f945cfbbd0d78f23aee742 - - default default] Unable to schedule network 6d73f6de-d334-4223-b757-f1b2279e45ae: no agents available; will retry on subsequent port and subnet creation events.
2026-07-15 00:15:22.611 9 INFO neutron.db.ovn_revision_numbers_db [None req-f46ba74f-65aa-4dda-9a6e-25c0061c329a cf11d30b59ba49899071e9c562350fa9 c36199a27b1945d88c54cee2631c5154 - - default default] Successfully bumped revision number for resource a881ff2e-5eeb-4556-ba10-d4eecfbf7cb8 (type: security_group_rules) to 0
2026-07-15 00:15:22.628 10 INFO neutron.db.ovn_revision_numbers_db [None req-456923b5-dadc-41da-889d-6ebf69dfc6b8 f178fad556844a63b972de02f8d18a3c fc937f6b08f945cfbbd0d78f23aee742 - - default default] Successfully bumped revision number for resource 92f0cf91-d626-44a9-8ba5-142ae9a4b571 (type: subnets) to 0
2026-07-15 00:15:22.642 9 INFO neutron.api.wsgi [None req-f46ba74f-65aa-4dda-9a6e-25c0061c329a cf11d30b59ba49899071e9c562350fa9 c36199a27b1945d88c54cee2631c5154 - - default default] 10.0.0.197 "POST /v2.0/security-group-rules HTTP/1.1" status: 201 len: 796 time: 0.1358268
2026-07-15 00:15:22.643 10 INFO neutron.api.wsgi [None req-456923b5-dadc-41da-889d-6ebf69dfc6b8 f178fad556844a63b972de02f8d18a3c fc937f6b08f945cfbbd0d78f23aee742 - - default default] 10.0.0.197 "POST /v2.0/subnets HTTP/1.1" status: 201 len: 1524 time: 0.4335916
2026-07-15 00:15:22.651 9 WARNING neutron_lib.context [None req-ce830766-6b8d-431d-93c3-573f6ae2a72e cf11d30b59ba49899071e9c562350fa9 c36199a27b1945d88c54cee2631c5154 - - default default] Method 'is_advsvc' is deprecated since 2023.2 release (neutron-lib 3.8.0) and will be removed once support for the old RBAC API policies will be removed from Neutron. Please use method 'is_service_role' instead.
2026-07-15 00:15:22.673 10 INFO neutron.api.wsgi [None req-326ccec5-091b-408a-a570-19dc410665b5 f178fad556844a63b972de02f8d18a3c fc937f6b08f945cfbbd0d78f23aee742 - - default default] 10.0.0.197 "GET /v2.0/subnets HTTP/1.1" status: 200 len: 2155 time: 0.0253553
2026-07-15 00:15:22.684 9 INFO neutron.api.wsgi [None req-fd78fb1b-c206-4709-92ed-f7590590c645 06bbd1ce37784b188c8b912a4d9ab8b3 960b28e35ccd47e99505804431eb5e67 - - default default] 10.0.0.197 "GET /v2.0/security-groups?tenant_id=8ca00156b276408cb68481db6da37e1c&name=default HTTP/1.1" status: 200 len: 3120 time: 0.0315051
2026-07-15 00:15:22.781 9 INFO neutron.db.ovn_revision_numbers_db [None req-ce830766-6b8d-431d-93c3-573f6ae2a72e cf11d30b59ba49899071e9c562350fa9 c36199a27b1945d88c54cee2631c5154 - - default default] Successfully bumped revision number for resource 2ab7d9a6-357a-4041-9bfa-2dcbeaca0a0d (type: security_group_rules) to 0
2026-07-15 00:15:22.801 10 INFO neutron.api.wsgi [None req-809807fa-1925-4846-b420-bdeaad76b17b f178fad556844a63b972de02f8d18a3c fc937f6b08f945cfbbd0d78f23aee742 - - default default] 10.0.0.197 "DELETE /v2.0/subnets/60311797-cf5d-4d48-ac54-ec2758a42c42 HTTP/1.1" status: 204 len: 168 time: 0.1152861
2026-07-15 00:15:22.809 9 INFO neutron.api.wsgi [None req-ce830766-6b8d-431d-93c3-573f6ae2a72e cf11d30b59ba49899071e9c562350fa9 c36199a27b1945d88c54cee2631c5154 - - default default] 10.0.0.197 "POST /v2.0/security-group-rules HTTP/1.1" status: 201 len: 795 time: 0.1617546
2026-07-15 00:15:22.821 9 WARNING neutron_lib.context [None req-dcf8bf55-961e-4cad-93df-c9c7c12c2ffb cf11d30b59ba49899071e9c562350fa9 c36199a27b1945d88c54cee2631c5154 - - default default] Method 'is_advsvc' is deprecated since 2023.2 release (neutron-lib 3.8.0) and will be removed once support for the old RBAC API policies will be removed from Neutron. Please use method 'is_service_role' instead.
2026-07-15 00:15:22.912 9 INFO neutron.api.wsgi [None req-d9d540f7-c963-4eff-8309-9611ed3f95fa 06bbd1ce37784b188c8b912a4d9ab8b3 960b28e35ccd47e99505804431eb5e67 - - default default] 10.0.0.197 "DELETE /v2.0/security-groups/f44e76e0-1fb2-41f3-a0f5-883bec35b3cf HTTP/1.1" status: 204 len: 168 time: 0.2228973
2026-07-15 00:15:22.943 10 INFO neutron.api.wsgi [None req-629d299f-5bb4-46dc-94bf-e2f802462b6d f178fad556844a63b972de02f8d18a3c fc937f6b08f945cfbbd0d78f23aee742 - - default default] 10.0.0.197 "DELETE /v2.0/subnets/92f0cf91-d626-44a9-8ba5-142ae9a4b571 HTTP/1.1" status: 204 len: 168 time: 0.1367691
2026-07-15 00:15:22.973 9 INFO neutron.db.ovn_revision_numbers_db [None req-dcf8bf55-961e-4cad-93df-c9c7c12c2ffb cf11d30b59ba49899071e9c562350fa9 c36199a27b1945d88c54cee2631c5154 - - default default] Successfully bumped revision number for resource 602eb99d-c45a-4074-b193-2505bb01ef19 (type: security_group_rules) to 0
2026-07-15 00:15:23.005 9 INFO neutron.api.wsgi [None req-22d253e3-43fe-4b6e-b1cc-ef93c7bc41b5 f178fad556844a63b972de02f8d18a3c fc937f6b08f945cfbbd0d78f23aee742 - - default default] 10.0.0.197 "GET /v2.0/subnets HTTP/1.1" status: 200 len: 843 time: 0.0554545
2026-07-15 00:15:23.024 9 INFO neutron.api.wsgi [None req-dcf8bf55-961e-4cad-93df-c9c7c12c2ffb cf11d30b59ba49899071e9c562350fa9 c36199a27b1945d88c54cee2631c5154 - - default default] 10.0.0.197 "POST /v2.0/security-group-rules HTTP/1.1" status: 201 len: 801 time: 0.2088521
