2026-07-15 00:16:51.892 9 INFO neutron.api.wsgi [None req-996976da-f876-4140-a135-4f2d29e0c4b6 5ffb257a61e64b5480319c41a82c6722 38af83e9779e4c3ba26f8162a93d5b5e - - default default] 10.0.0.197 "GET /v2.0/routers?tags-any=blue HTTP/1.1" status: 200 len: 1375 time: 0.0518680
2026-07-15 00:16:51.899 10 INFO neutron.api.wsgi [None req-ce1b5f22-e2d3-4871-86da-8f116a6d0fc2 b6f1cc05148e49bc93c3627c975805bd 8609fbc5d5da4972872048efefb8272a - - default default] 10.0.0.197 "PUT /v2.0/vpn/ikepolicies/f0bbf01c-0874-4520-8dbb-83515ce21999 HTTP/1.1" status: 200 len: 612 time: 0.0255210
2026-07-15 00:16:51.919 9 INFO neutron.api.wsgi [None req-749275e8-553d-4416-9154-96b1ca480ebe b6f1cc05148e49bc93c3627c975805bd 8609fbc5d5da4972872048efefb8272a - - default default] 10.0.0.197 "GET /v2.0/vpn/ikepolicies/f0bbf01c-0874-4520-8dbb-83515ce21999 HTTP/1.1" status: 200 len: 612 time: 0.0153942
2026-07-15 00:16:51.933 9 INFO neutron.api.wsgi [None req-06539f26-6f29-416b-b412-7d7fcc96fe3a 5ffb257a61e64b5480319c41a82c6722 38af83e9779e4c3ba26f8162a93d5b5e - - default default] 10.0.0.197 "GET /v2.0/routers?tags-any=red%2Cblue HTTP/1.1" status: 200 len: 1946 time: 0.0369949
2026-07-15 00:16:51.964 10 INFO neutron.api.wsgi [None req-d1590bbf-7294-464f-bd28-40acecb401bb b6f1cc05148e49bc93c3627c975805bd 8609fbc5d5da4972872048efefb8272a - - default default] 10.0.0.197 "DELETE /v2.0/vpn/ikepolicies/f0bbf01c-0874-4520-8dbb-83515ce21999 HTTP/1.1" status: 204 len: 168 time: 0.0401433
2026-07-15 00:16:51.990 10 INFO neutron.api.wsgi [None req-c0e67ec2-b46e-40de-93f9-bb469eff2e30 b6f1cc05148e49bc93c3627c975805bd 8609fbc5d5da4972872048efefb8272a - - default default] 10.0.0.197 "GET /v2.0/vpn/ikepolicies HTTP/1.1" status: 200 len: 602 time: 0.0188124
2026-07-15 00:16:52.006 9 INFO neutron.api.wsgi [None req-8e60d172-45c8-42f6-9829-748432293736 5ffb257a61e64b5480319c41a82c6722 38af83e9779e4c3ba26f8162a93d5b5e - - default default] 10.0.0.197 "GET /v2.0/routers?not-tags=red HTTP/1.1" status: 200 len: 1347 time: 0.0678008
2026-07-15 00:16:52.008 9 INFO neutron.api.wsgi [None req-7f8dbbf7-fb8e-4cda-8cd0-4651190bae4f b6f1cc05148e49bc93c3627c975805bd 8609fbc5d5da4972872048efefb8272a - - default default] 10.0.0.197 "GET /v2.0/vpn/ikepolicies HTTP/1.1" status: 200 len: 602 time: 0.0116103
2026-07-15 00:16:52.015 9 WARNING neutron_lib.context [None req-b4cc22a0-27bf-4a06-b6d2-8c7b7d6fed2e b6f1cc05148e49bc93c3627c975805bd 8609fbc5d5da4972872048efefb8272a - - default default] Method 'is_advsvc' is deprecated since 2023.2 release (neutron-lib 3.8.0) and will be removed once support for the old RBAC API policies will be removed from Neutron. Please use method 'is_service_role' instead.
2026-07-15 00:16:52.039 9 INFO neutron.api.wsgi [None req-b4cc22a0-27bf-4a06-b6d2-8c7b7d6fed2e b6f1cc05148e49bc93c3627c975805bd 8609fbc5d5da4972872048efefb8272a - - default default] 10.0.0.197 "POST /v2.0/vpn/ipsecpolicies HTTP/1.1" status: 201 len: 611 time: 0.0265067
2026-07-15 00:16:52.058 9 INFO neutron.api.wsgi [None req-9e249965-3f1a-4d8f-93f3-bd3e7bb275a1 b6f1cc05148e49bc93c3627c975805bd 8609fbc5d5da4972872048efefb8272a - - default default] 10.0.0.197 "PUT /v2.0/vpn/ipsecpolicies/c73df035-9894-4d0a-9411-3328a46f8d64 HTTP/1.1" status: 200 len: 624 time: 0.0143781
2026-07-15 00:16:52.071 10 INFO neutron.api.wsgi [None req-389d57c9-f785-4cec-9426-4b6607a2dae2 5ffb257a61e64b5480319c41a82c6722 38af83e9779e4c3ba26f8162a93d5b5e - - default default] 10.0.0.197 "GET /v2.0/routers?not-tags=red%2Cblue HTTP/1.1" status: 200 len: 1918 time: 0.0573490
2026-07-15 00:16:52.095 9 INFO neutron.api.wsgi [None req-ebd87f49-3f17-458c-bd04-dd327197544c b6f1cc05148e49bc93c3627c975805bd 8609fbc5d5da4972872048efefb8272a - - default default] 10.0.0.197 "DELETE /v2.0/vpn/ipsecpolicies/c73df035-9894-4d0a-9411-3328a46f8d64 HTTP/1.1" status: 204 len: 168 time: 0.0331912
2026-07-15 00:16:52.110 10 INFO neutron.api.v2.resource [None req-65b1c3a9-71a5-49d5-a811-2e0c4b34101b b6f1cc05148e49bc93c3627c975805bd 8609fbc5d5da4972872048efefb8272a - - default default] delete failed (client error): The resource could not be found.
2026-07-15 00:16:52.112 10 INFO neutron.api.wsgi [None req-65b1c3a9-71a5-49d5-a811-2e0c4b34101b b6f1cc05148e49bc93c3627c975805bd 8609fbc5d5da4972872048efefb8272a - - default default] 10.0.0.197 "DELETE /v2.0/vpn/ipsecpolicies/c73df035-9894-4d0a-9411-3328a46f8d64 HTTP/1.1" status: 404 len: 346 time: 0.0112588
2026-07-15 00:16:52.117 9 INFO neutron.api.wsgi [None req-c379bfce-b91b-4675-85e1-d36828bb0668 5ffb257a61e64b5480319c41a82c6722 38af83e9779e4c3ba26f8162a93d5b5e - - default default] 10.0.0.197 "GET /v2.0/routers?not-tags-any=blue HTTP/1.1" status: 200 len: 1918 time: 0.0413718
2026-07-15 00:16:52.141 10 INFO neutron.api.v2.resource [None req-4e822b74-f1e0-4f9e-beb7-7ced65da8891 b6f1cc05148e49bc93c3627c975805bd 8609fbc5d5da4972872048efefb8272a - - default default] delete failed (client error): The resource could not be found.
2026-07-15 00:16:52.141 10 INFO neutron.api.wsgi [None req-4e822b74-f1e0-4f9e-beb7-7ced65da8891 b6f1cc05148e49bc93c3627c975805bd 8609fbc5d5da4972872048efefb8272a - - default default] 10.0.0.197 "DELETE /v2.0/vpn/ipsecpolicies/c73df035-9894-4d0a-9411-3328a46f8d64 HTTP/1.1" status: 404 len: 346 time: 0.0257485
2026-07-15 00:16:52.149 9 WARNING neutron_lib.context [None req-b1a53396-a433-4358-ae0d-06107936c8d9 b6f1cc05148e49bc93c3627c975805bd 8609fbc5d5da4972872048efefb8272a - - default default] Method 'is_advsvc' is deprecated since 2023.2 release (neutron-lib 3.8.0) and will be removed once support for the old RBAC API policies will be removed from Neutron. Please use method 'is_service_role' instead.
2026-07-15 00:16:52.167 10 INFO neutron.api.wsgi [None req-ac0a4ff6-da92-46fe-af51-88ca5fd405ac 5ffb257a61e64b5480319c41a82c6722 38af83e9779e4c3ba26f8162a93d5b5e - - default default] 10.0.0.197 "GET /v2.0/routers?not-tags-any=red%2Cblue HTTP/1.1" status: 200 len: 1347 time: 0.0453608
2026-07-15 00:16:52.218 9 INFO neutron.db.segments_db [None req-b1a53396-a433-4358-ae0d-06107936c8d9 b6f1cc05148e49bc93c3627c975805bd 8609fbc5d5da4972872048efefb8272a - - default default] Added segment cf09e886-e88c-4adc-b996-d864037fb219 of type geneve for network fc87a59a-cd32-4d38-865c-b415eb9bed96
2026-07-15 00:16:52.220 10 INFO neutron.api.wsgi [None req-3d182c41-79bc-4756-b43d-f74e67f11063 5ffb257a61e64b5480319c41a82c6722 38af83e9779e4c3ba26f8162a93d5b5e - - default default] 10.0.0.197 "GET /v2.0/routers/37cd3558-a0cf-4109-90f8-3a26b1c5979c HTTP/1.1" status: 200 len: 775 time: 0.0432014
2026-07-15 00:16:52.382 9 INFO neutron.db.ovn_revision_numbers_db [None req-b1a53396-a433-4358-ae0d-06107936c8d9 b6f1cc05148e49bc93c3627c975805bd 8609fbc5d5da4972872048efefb8272a - - default default] Successfully bumped revision number for resource fc87a59a-cd32-4d38-865c-b415eb9bed96 (type: networks) to 1
2026-07-15 00:16:52.489 9 INFO neutron.db.ovn_revision_numbers_db [None req-081111a7-755e-4d09-bf51-7a6566c19b52 5ffb257a61e64b5480319c41a82c6722 38af83e9779e4c3ba26f8162a93d5b5e - - default default] Successfully bumped revision number for resource 37cd3558-a0cf-4109-90f8-3a26b1c5979c (type: routers) to 2
2026-07-15 00:16:52.494 9 INFO neutron.api.wsgi [None req-081111a7-755e-4d09-bf51-7a6566c19b52 5ffb257a61e64b5480319c41a82c6722 38af83e9779e4c3ba26f8162a93d5b5e - - default default] 10.0.0.197 "PUT /v2.0/routers/37cd3558-a0cf-4109-90f8-3a26b1c5979c HTTP/1.1" status: 200 len: 775 time: 0.2685754
2026-07-15 00:16:52.527 9 INFO neutron.api.wsgi [None req-dd051b97-b4d9-44a5-9fb6-0852f2abc8e7 5ffb257a61e64b5480319c41a82c6722 38af83e9779e4c3ba26f8162a93d5b5e - - default default] 10.0.0.197 "GET /v2.0/ports?device_id=37cd3558-a0cf-4109-90f8-3a26b1c5979c HTTP/1.1" status: 200 len: 205 time: 0.0274744
2026-07-15 00:16:52.571 9 WARNING neutron.scheduler.dhcp_agent_scheduler [None req-b1a53396-a433-4358-ae0d-06107936c8d9 b6f1cc05148e49bc93c3627c975805bd 8609fbc5d5da4972872048efefb8272a - - default default] No more DHCP agents
2026-07-15 00:16:52.572 9 WARNING neutron.api.rpc.agentnotifiers.dhcp_rpc_agent_api [None req-b1a53396-a433-4358-ae0d-06107936c8d9 b6f1cc05148e49bc93c3627c975805bd 8609fbc5d5da4972872048efefb8272a - - default default] Unable to schedule network fc87a59a-cd32-4d38-865c-b415eb9bed96: no agents available; will retry on subsequent port and subnet creation events.
2026-07-15 00:16:52.616 9 INFO neutron.db.ovn_revision_numbers_db [None req-b1a53396-a433-4358-ae0d-06107936c8d9 b6f1cc05148e49bc93c3627c975805bd 8609fbc5d5da4972872048efefb8272a - - default default] Successfully bumped revision number for resource cfe4209b-6d3b-488c-abde-961201431e4f (type: ports) to 1
2026-07-15 00:16:52.634 9 INFO neutron.api.wsgi [None req-b1a53396-a433-4358-ae0d-06107936c8d9 b6f1cc05148e49bc93c3627c975805bd 8609fbc5d5da4972872048efefb8272a - - default default] 10.0.0.197 "POST /v2.0/networks HTTP/1.1" status: 201 len: 831 time: 0.4876690
2026-07-15 00:16:52.643 9 WARNING neutron_lib.context [None req-30a042a5-30cb-442e-a874-5c0ab9590992 b6f1cc05148e49bc93c3627c975805bd 8609fbc5d5da4972872048efefb8272a - - default default] Method 'is_advsvc' is deprecated since 2023.2 release (neutron-lib 3.8.0) and will be removed once support for the old RBAC API policies will be removed from Neutron. Please use method 'is_service_role' instead.
2026-07-15 00:16:52.731 10 INFO neutron.api.wsgi [None req-c5508ed2-4fe6-4ae0-a726-3e4ef1dd0f39 5ffb257a61e64b5480319c41a82c6722 38af83e9779e4c3ba26f8162a93d5b5e - - default default] 10.0.0.197 "DELETE /v2.0/routers/37cd3558-a0cf-4109-90f8-3a26b1c5979c HTTP/1.1" status: 204 len: 168 time: 0.1973519
2026-07-15 00:16:52.767 10 INFO neutron.api.wsgi [None req-a49d1bf7-7b17-4110-a918-646a3f86f39f 5ffb257a61e64b5480319c41a82c6722 38af83e9779e4c3ba26f8162a93d5b5e - - default default] 10.0.0.197 "GET /v2.0/routers/db8b2557-0ebd-4664-95e0-a6d4e33d6365 HTTP/1.1" status: 200 len: 783 time: 0.0314469
2026-07-15 00:16:52.780 9 WARNING neutron.scheduler.dhcp_agent_scheduler [None req-30a042a5-30cb-442e-a874-5c0ab9590992 b6f1cc05148e49bc93c3627c975805bd 8609fbc5d5da4972872048efefb8272a - - default default] No more DHCP agents
2026-07-15 00:16:52.782 9 WARNING neutron.api.rpc.agentnotifiers.dhcp_rpc_agent_api [None req-30a042a5-30cb-442e-a874-5c0ab9590992 b6f1cc05148e49bc93c3627c975805bd 8609fbc5d5da4972872048efefb8272a - - default default] Unable to schedule network fc87a59a-cd32-4d38-865c-b415eb9bed96: no agents available; will retry on subsequent port and subnet creation events.
2026-07-15 00:16:53.049 10 INFO neutron.db.ovn_revision_numbers_db [None req-b8251508-0bc0-41c9-97c6-c1070b09154a 5ffb257a61e64b5480319c41a82c6722 38af83e9779e4c3ba26f8162a93d5b5e - - default default] Successfully bumped revision number for resource db8b2557-0ebd-4664-95e0-a6d4e33d6365 (type: routers) to 2
2026-07-15 00:16:53.053 10 INFO neutron.api.wsgi [None req-b8251508-0bc0-41c9-97c6-c1070b09154a 5ffb257a61e64b5480319c41a82c6722 38af83e9779e4c3ba26f8162a93d5b5e - - default default] 10.0.0.197 "PUT /v2.0/routers/db8b2557-0ebd-4664-95e0-a6d4e33d6365 HTTP/1.1" status: 200 len: 783 time: 0.2830691
2026-07-15 00:16:53.074 10 INFO neutron.api.wsgi [None req-42a42188-5045-4bc0-a250-917a6726374b 5ffb257a61e64b5480319c41a82c6722 38af83e9779e4c3ba26f8162a93d5b5e - - default default] 10.0.0.197 "GET /v2.0/ports?device_id=db8b2557-0ebd-4664-95e0-a6d4e33d6365 HTTP/1.1" status: 200 len: 205 time: 0.0154023
2026-07-15 00:16:53.165 9 INFO neutron.db.ovn_revision_numbers_db [None req-a3154b05-5e39-43ff-8dfd-590fec7811e9 - - - - - -] Successfully bumped revision number for resource cfe4209b-6d3b-488c-abde-961201431e4f (type: ports) to 2
2026-07-15 00:16:53.209 9 INFO neutron.db.ovn_revision_numbers_db [None req-a3154b05-5e39-43ff-8dfd-590fec7811e9 - - - - - -] Successfully bumped revision number for resource ebcc9f28-aa7b-4918-a05d-0aeb382e8517 (type: subnets) to 0
2026-07-15 00:16:53.225 9 INFO neutron.api.wsgi [None req-30a042a5-30cb-442e-a874-5c0ab9590992 b6f1cc05148e49bc93c3627c975805bd 8609fbc5d5da4972872048efefb8272a - - default default] 10.0.0.197 "POST /v2.0/subnets HTTP/1.1" status: 201 len: 828 time: 0.5848284
2026-07-15 00:16:53.234 9 WARNING neutron_lib.context [None req-1e9ef80a-d66f-4b5a-b770-21cd5b4c4ce2 b6f1cc05148e49bc93c3627c975805bd 8609fbc5d5da4972872048efefb8272a - - default default] Method 'is_advsvc' is deprecated since 2023.2 release (neutron-lib 3.8.0) and will be removed once support for the old RBAC API policies will be removed from Neutron. Please use method 'is_service_role' instead.
2026-07-15 00:16:53.245 9 INFO neutron.api.wsgi [None req-6d212226-25bb-4546-abff-ff1d6d4fd467 5ffb257a61e64b5480319c41a82c6722 38af83e9779e4c3ba26f8162a93d5b5e - - default default] 10.0.0.197 "DELETE /v2.0/routers/db8b2557-0ebd-4664-95e0-a6d4e33d6365 HTTP/1.1" status: 204 len: 168 time: 0.1617434
2026-07-15 00:16:53.277 9 INFO neutron.api.wsgi [None req-9fea914c-9867-4f9c-8060-07cf10e91ee0 5ffb257a61e64b5480319c41a82c6722 38af83e9779e4c3ba26f8162a93d5b5e - - default default] 10.0.0.197 "GET /v2.0/routers/d2b8b8fe-220d-4b45-88b7-e0edf710ac75 HTTP/1.1" status: 200 len: 792 time: 0.0277951
2026-07-15 00:16:53.521 10 INFO neutron.db.ovn_revision_numbers_db [None req-3611d78c-1750-4af4-bf5c-cd987cc111c3 5ffb257a61e64b5480319c41a82c6722 38af83e9779e4c3ba26f8162a93d5b5e - - default default] Successfully bumped revision number for resource d2b8b8fe-220d-4b45-88b7-e0edf710ac75 (type: routers) to 2
2026-07-15 00:16:53.526 10 INFO neutron.api.wsgi [None req-3611d78c-1750-4af4-bf5c-cd987cc111c3 5ffb257a61e64b5480319c41a82c6722 38af83e9779e4c3ba26f8162a93d5b5e - - default default] 10.0.0.197 "PUT /v2.0/routers/d2b8b8fe-220d-4b45-88b7-e0edf710ac75 HTTP/1.1" status: 200 len: 792 time: 0.2446828
2026-07-15 00:16:53.533 9 WARNING neutron.scheduler.dhcp_agent_scheduler [None req-1e9ef80a-d66f-4b5a-b770-21cd5b4c4ce2 b6f1cc05148e49bc93c3627c975805bd 8609fbc5d5da4972872048efefb8272a - - default default] No more DHCP agents
2026-07-15 00:16:53.534 9 WARNING neutron.api.rpc.agentnotifiers.dhcp_rpc_agent_api [None req-1e9ef80a-d66f-4b5a-b770-21cd5b4c4ce2 b6f1cc05148e49bc93c3627c975805bd 8609fbc5d5da4972872048efefb8272a - - default default] Unable to schedule network 11c62d4d-75c2-42dc-a014-8b9c456f30a2: no agents available; will retry on subsequent port and subnet creation events.
2026-07-15 00:16:53.545 10 INFO neutron.api.wsgi [None req-f8294693-d2c6-40c4-8342-c6642c623219 5ffb257a61e64b5480319c41a82c6722 38af83e9779e4c3ba26f8162a93d5b5e - - default default] 10.0.0.197 "GET /v2.0/ports?device_id=d2b8b8fe-220d-4b45-88b7-e0edf710ac75 HTTP/1.1" status: 200 len: 205 time: 0.0136526
2026-07-15 00:16:53.686 9 INFO neutron.db.ovn_revision_numbers_db [None req-1e9ef80a-d66f-4b5a-b770-21cd5b4c4ce2 b6f1cc05148e49bc93c3627c975805bd 8609fbc5d5da4972872048efefb8272a - - default default] Successfully bumped revision number for resource 7f2bf2f6-3920-4264-864d-9b78804caa6a (type: ports) to 1
2026-07-15 00:16:53.692 9 INFO neutron.api.wsgi [None req-1aedffc7-e005-4aa2-84f0-1975b5f441c7 5ffb257a61e64b5480319c41a82c6722 38af83e9779e4c3ba26f8162a93d5b5e - - default default] 10.0.0.197 "DELETE /v2.0/routers/d2b8b8fe-220d-4b45-88b7-e0edf710ac75 HTTP/1.1" status: 204 len: 168 time: 0.1428752
2026-07-15 00:16:53.724 10 INFO neutron.api.wsgi [None req-5d4f64f7-90aa-4f64-bc88-a1e0efb6f9f1 5ffb257a61e64b5480319c41a82c6722 38af83e9779e4c3ba26f8162a93d5b5e - - default default] 10.0.0.197 "GET /v2.0/routers/d061e48d-a514-467d-9537-a99a29b615f9 HTTP/1.1" status: 200 len: 777 time: 0.0285587
2026-07-15 00:16:54.022 10 INFO neutron.db.ovn_revision_numbers_db [None req-c79f331c-b8b4-433b-98d5-35863df1411d 5ffb257a61e64b5480319c41a82c6722 38af83e9779e4c3ba26f8162a93d5b5e - - default default] Successfully bumped revision number for resource d061e48d-a514-467d-9537-a99a29b615f9 (type: routers) to 2
2026-07-15 00:16:54.028 10 INFO neutron.api.wsgi [None req-c79f331c-b8b4-433b-98d5-35863df1411d 5ffb257a61e64b5480319c41a82c6722 38af83e9779e4c3ba26f8162a93d5b5e - - default default] 10.0.0.197 "PUT /v2.0/routers/d061e48d-a514-467d-9537-a99a29b615f9 HTTP/1.1" status: 200 len: 777 time: 0.2987297
2026-07-15 00:16:54.046 9 INFO neutron.api.wsgi [None req-b5d83fd9-0b86-492b-b0ba-19d5c8c6f6d8 5ffb257a61e64b5480319c41a82c6722 38af83e9779e4c3ba26f8162a93d5b5e - - default default] 10.0.0.197 "GET /v2.0/ports?device_id=d061e48d-a514-467d-9537-a99a29b615f9 HTTP/1.1" status: 200 len: 205 time: 0.0139894
2026-07-15 00:16:54.152 9 INFO neutron.plugins.ml2.drivers.ovn.mech_driver.ovsdb.commands [None req-fd6af830-0d0c-4bb7-96ba-1b28fd6c3f5e - - - - - -] Schedule LRP lrp-7f2bf2f6-3920-4264-864d-9b78804caa6a on gateway 6d7a156e-887f-4b2d-b245-af521f6d44f8 with priority 1
2026-07-15 00:16:54.170 9 INFO neutron.plugins.ml2.drivers.ovn.mech_driver.mech_driver [None req-a3b97fe3-3359-4d73-a6f7-204e6f4c66de - - - - - -] OVN reports status up for port: 7f2bf2f6-3920-4264-864d-9b78804caa6a
2026-07-15 00:16:54.177 9 INFO neutron.plugins.ml2.plugin [None req-a3b97fe3-3359-4d73-a6f7-204e6f4c66de - - - - - -] Attempt 1 to provision port 7f2bf2f6-3920-4264-864d-9b78804caa6a
2026-07-15 00:16:54.190 9 INFO neutron.db.ovn_revision_numbers_db [None req-1e9ef80a-d66f-4b5a-b770-21cd5b4c4ce2 b6f1cc05148e49bc93c3627c975805bd 8609fbc5d5da4972872048efefb8272a - - default default] Successfully bumped revision number for resource 7f2bf2f6-3920-4264-864d-9b78804caa6a (type: router_ports) to 1
2026-07-15 00:16:54.246 9 INFO neutron.db.ovn_revision_numbers_db [None req-1e9ef80a-d66f-4b5a-b770-21cd5b4c4ce2 b6f1cc05148e49bc93c3627c975805bd 8609fbc5d5da4972872048efefb8272a - - default default] Successfully bumped revision number for resource 9db4e6ba-7616-47a3-a805-c24fe08048f0 (type: routers) to 2
2026-07-15 00:16:54.260 9 INFO neutron.api.wsgi [None req-1e9ef80a-d66f-4b5a-b770-21cd5b4c4ce2 b6f1cc05148e49bc93c3627c975805bd 8609fbc5d5da4972872048efefb8272a - - default default] 10.0.0.197 "POST /v2.0/routers HTTP/1.1" status: 201 len: 1135 time: 1.0290434
2026-07-15 00:16:54.516 10 INFO neutron.api.wsgi [None req-433f0d50-2c93-4431-a429-acd28386176e 5ffb257a61e64b5480319c41a82c6722 38af83e9779e4c3ba26f8162a93d5b5e - - default default] 10.0.0.197 "DELETE /v2.0/routers/d061e48d-a514-467d-9537-a99a29b615f9 HTTP/1.1" status: 204 len: 168 time: 0.4652047
2026-07-15 00:16:54.551 10 INFO neutron.api.wsgi [None req-1352aff4-7357-435a-adea-f9e70360f022 5ffb257a61e64b5480319c41a82c6722 38af83e9779e4c3ba26f8162a93d5b5e - - default default] 10.0.0.197 "GET /v2.0/routers/993ad9f3-270c-48ee-a2c7-dc502c893cd7 HTTP/1.1" status: 200 len: 770 time: 0.0308003
2026-07-15 00:16:54.682 9 WARNING neutron.scheduler.dhcp_agent_scheduler [None req-16aa9e7c-dcbc-49a5-b547-913aa815f8c7 b6f1cc05148e49bc93c3627c975805bd 8609fbc5d5da4972872048efefb8272a - - default default] No more DHCP agents
2026-07-15 00:16:54.684 9 WARNING neutron.api.rpc.agentnotifiers.dhcp_rpc_agent_api [None req-16aa9e7c-dcbc-49a5-b547-913aa815f8c7 b6f1cc05148e49bc93c3627c975805bd 8609fbc5d5da4972872048efefb8272a - - default default] Unable to schedule network fc87a59a-cd32-4d38-865c-b415eb9bed96: no agents available; will retry on subsequent port and subnet creation events.
2026-07-15 00:16:54.779 10 INFO neutron.api.wsgi [None req-21eedff5-5689-4d3c-a410-6caa7bc0535d 5ffb257a61e64b5480319c41a82c6722 38af83e9779e4c3ba26f8162a93d5b5e - - default default] 10.0.0.197 "PUT /v2.0/routers/993ad9f3-270c-48ee-a2c7-dc502c893cd7 HTTP/1.1" status: 200 len: 770 time: 0.2229831
2026-07-15 00:16:54.792 9 INFO neutron.db.ovn_revision_numbers_db [None req-16aa9e7c-dcbc-49a5-b547-913aa815f8c7 b6f1cc05148e49bc93c3627c975805bd 8609fbc5d5da4972872048efefb8272a - - default default] Successfully bumped revision number for resource 7cbd142c-18dc-4c1b-a68b-1afe2304f208 (type: ports) to 1
2026-07-15 00:16:54.797 10 INFO neutron.api.wsgi [None req-0775b56a-4ffe-4cb6-b050-0c028a16376f 5ffb257a61e64b5480319c41a82c6722 38af83e9779e4c3ba26f8162a93d5b5e - - default default] 10.0.0.197 "GET /v2.0/ports?device_id=993ad9f3-270c-48ee-a2c7-dc502c893cd7 HTTP/1.1" status: 200 len: 205 time: 0.0133169
2026-07-15 00:16:54.979 9 INFO neutron.api.wsgi [None req-ddaf4922-fc5e-4639-8fb3-65f8580ef3cb 5ffb257a61e64b5480319c41a82c6722 38af83e9779e4c3ba26f8162a93d5b5e - - default default] 10.0.0.197 "DELETE /v2.0/routers/993ad9f3-270c-48ee-a2c7-dc502c893cd7 HTTP/1.1" status: 204 len: 168 time: 0.1783252
2026-07-15 00:16:55.710 9 INFO neutron.db.ovn_revision_numbers_db [None req-16aa9e7c-dcbc-49a5-b547-913aa815f8c7 b6f1cc05148e49bc93c3627c975805bd 8609fbc5d5da4972872048efefb8272a - - default default] Successfully bumped revision number for resource 7cbd142c-18dc-4c1b-a68b-1afe2304f208 (type: ports) to 1
2026-07-15 00:16:55.750 9 WARNING neutron.scheduler.dhcp_agent_scheduler [None req-16aa9e7c-dcbc-49a5-b547-913aa815f8c7 b6f1cc05148e49bc93c3627c975805bd 8609fbc5d5da4972872048efefb8272a - - default default] No more DHCP agents
2026-07-15 00:16:55.751 9 WARNING neutron.api.rpc.agentnotifiers.dhcp_rpc_agent_api [None req-16aa9e7c-dcbc-49a5-b547-913aa815f8c7 b6f1cc05148e49bc93c3627c975805bd 8609fbc5d5da4972872048efefb8272a - - default default] Unable to schedule network fc87a59a-cd32-4d38-865c-b415eb9bed96: no agents available; will retry on subsequent port and subnet creation events.
2026-07-15 00:16:55.989 10 INFO neutron.db.ovn_revision_numbers_db [None req-da548893-f54f-46d6-82bf-246866b2ffdc 06bbd1ce37784b188c8b912a4d9ab8b3 960b28e35ccd47e99505804431eb5e67 - - default default] Successfully bumped revision number for resource 5f6454c5-c108-4392-981d-235453b20e43 (type: security_groups) to 1
2026-07-15 00:16:56.001 10 INFO neutron.db.ovn_revision_numbers_db [None req-da548893-f54f-46d6-82bf-246866b2ffdc 06bbd1ce37784b188c8b912a4d9ab8b3 960b28e35ccd47e99505804431eb5e67 - - default default] Successfully bumped revision number for resource 2b8e6ed6-59e1-4b5e-9d8c-6442803cd0fe (type: security_group_rules) to 0
2026-07-15 00:16:56.015 10 INFO neutron.db.ovn_revision_numbers_db [None req-da548893-f54f-46d6-82bf-246866b2ffdc 06bbd1ce37784b188c8b912a4d9ab8b3 960b28e35ccd47e99505804431eb5e67 - - default default] Successfully bumped revision number for resource b911043d-4964-486b-8cbd-0111cec67e93 (type: security_group_rules) to 0
2026-07-15 00:16:56.039 10 INFO neutron.db.ovn_revision_numbers_db [None req-da548893-f54f-46d6-82bf-246866b2ffdc 06bbd1ce37784b188c8b912a4d9ab8b3 960b28e35ccd47e99505804431eb5e67 - - default default] Successfully bumped revision number for resource d07fc97e-bc28-4c7e-8d08-2d5750f084c6 (type: security_group_rules) to 0
2026-07-15 00:16:56.061 10 INFO neutron.db.ovn_revision_numbers_db [None req-da548893-f54f-46d6-82bf-246866b2ffdc 06bbd1ce37784b188c8b912a4d9ab8b3 960b28e35ccd47e99505804431eb5e67 - - default default] Successfully bumped revision number for resource dba8333a-48c0-4079-917f-b89caf37803a (type: security_group_rules) to 0
2026-07-15 00:16:56.105 9 INFO neutron.db.ovn_revision_numbers_db [None req-16aa9e7c-dcbc-49a5-b547-913aa815f8c7 b6f1cc05148e49bc93c3627c975805bd 8609fbc5d5da4972872048efefb8272a - - default default] Successfully bumped revision number for resource 7cbd142c-18dc-4c1b-a68b-1afe2304f208 (type: router_ports) to 1
2026-07-15 00:16:56.109 9 INFO neutron.api.wsgi [None req-16aa9e7c-dcbc-49a5-b547-913aa815f8c7 b6f1cc05148e49bc93c3627c975805bd 8609fbc5d5da4972872048efefb8272a - - default default] 10.0.0.197 "PUT /v2.0/routers/9db4e6ba-7616-47a3-a805-c24fe08048f0/add_router_interface HTTP/1.1" status: 200 len: 503 time: 1.8450398
2026-07-15 00:16:56.118 9 WARNING neutron_lib.context [None req-604856a1-ce2e-46b0-be0c-b1395fe68d13 b6f1cc05148e49bc93c3627c975805bd 8609fbc5d5da4972872048efefb8272a - - default default] Method 'is_advsvc' is deprecated since 2023.2 release (neutron-lib 3.8.0) and will be removed once support for the old RBAC API policies will be removed from Neutron. Please use method 'is_service_role' instead.
2026-07-15 00:16:56.150 10 INFO neutron.api.wsgi [None req-da548893-f54f-46d6-82bf-246866b2ffdc 06bbd1ce37784b188c8b912a4d9ab8b3 960b28e35ccd47e99505804431eb5e67 - - default default] 10.0.0.197 "GET /v2.0/security-groups?tenant_id=36137445c7de407cba6b71c4f723d2e4&name=default HTTP/1.1" status: 200 len: 3124 time: 0.4384305
2026-07-15 00:16:56.356 10 INFO neutron.api.wsgi [None req-3d1967c2-374b-4c6e-be28-bd3133133b4f 06bbd1ce37784b188c8b912a4d9ab8b3 960b28e35ccd47e99505804431eb5e67 - - default default] 10.0.0.197 "DELETE /v2.0/security-groups/5f6454c5-c108-4392-981d-235453b20e43 HTTP/1.1" status: 204 len: 168 time: 0.1997545
2026-07-15 00:16:56.490 9 WARNING neutron.scheduler.dhcp_agent_scheduler [None req-0274ea60-258f-41f4-8bb2-5bb44bb95410 - - - - - -] No more DHCP agents
2026-07-15 00:16:56.491 9 WARNING neutron.api.rpc.agentnotifiers.dhcp_rpc_agent_api [None req-0274ea60-258f-41f4-8bb2-5bb44bb95410 - - - - - -] Unable to schedule network 11c62d4d-75c2-42dc-a014-8b9c456f30a2: no agents available; will retry on subsequent port and subnet creation events.
2026-07-15 00:16:56.574 10 INFO neutron.db.ovn_revision_numbers_db [None req-ace336d3-e542-49f4-ab8a-25220fdfa558 06bbd1ce37784b188c8b912a4d9ab8b3 960b28e35ccd47e99505804431eb5e67 - - default default] Successfully bumped revision number for resource e70b3629-c2ec-430b-b51e-3977720640fa (type: security_groups) to 1
2026-07-15 00:16:56.588 10 INFO neutron.db.ovn_revision_numbers_db [None req-ace336d3-e542-49f4-ab8a-25220fdfa558 06bbd1ce37784b188c8b912a4d9ab8b3 960b28e35ccd47e99505804431eb5e67 - - default default] Successfully bumped revision number for resource 06358ec8-a508-4a1d-a9bd-0802375226dc (type: security_group_rules) to 0
2026-07-15 00:16:56.608 10 INFO neutron.db.ovn_revision_numbers_db [None req-ace336d3-e542-49f4-ab8a-25220fdfa558 06bbd1ce37784b188c8b912a4d9ab8b3 960b28e35ccd47e99505804431eb5e67 - - default default] Successfully bumped revision number for resource 934cce86-8b9f-41c5-ba82-36afe5c86637 (type: security_group_rules) to 0
2026-07-15 00:16:56.623 10 INFO neutron.db.ovn_revision_numbers_db [None req-ace336d3-e542-49f4-ab8a-25220fdfa558 06bbd1ce37784b188c8b912a4d9ab8b3 960b28e35ccd47e99505804431eb5e67 - - default default] Successfully bumped revision number for resource 974bccfb-e50a-4b03-8dcb-a89c37bd4791 (type: security_group_rules) to 0
2026-07-15 00:16:56.624 9 INFO neutron.db.ovn_revision_numbers_db [None req-0274ea60-258f-41f4-8bb2-5bb44bb95410 - - - - - -] Successfully bumped revision number for resource 47160f9a-4e50-468c-812e-82478b200dd2 (type: ports) to 1
2026-07-15 00:16:56.638 10 INFO neutron.db.ovn_revision_numbers_db [None req-ace336d3-e542-49f4-ab8a-25220fdfa558 06bbd1ce37784b188c8b912a4d9ab8b3 960b28e35ccd47e99505804431eb5e67 - - default default] Successfully bumped revision number for resource cad4eef6-7c30-4c40-a811-3b773738717f (type: security_group_rules) to 0
2026-07-15 00:16:56.679 10 INFO neutron.api.wsgi [None req-ace336d3-e542-49f4-ab8a-25220fdfa558 06bbd1ce37784b188c8b912a4d9ab8b3 960b28e35ccd47e99505804431eb5e67 - - default default] 10.0.0.197 "GET /v2.0/security-groups?tenant_id=345c5fcb8f684571836709c6dd49139e&name=default HTTP/1.1" status: 200 len: 3124 time: 0.2342856
2026-07-15 00:16:56.746 10 WARNING neutron.plugins.ml2.drivers.ovn.mech_driver.ovsdb.ovn_client [None req-1c6e4abf-f7b6-4223-b5fb-78ecbdb9b1ed - - - - - -] No hosting information found for port e05ad8fe-ea34-4cb7-8a94-b09dd46ac265: RuntimeError: No hosting information found for port e05ad8fe-ea34-4cb7-8a94-b09dd46ac265
2026-07-15 00:16:56.746 10 INFO neutron.plugins.ml2.drivers.ovn.mech_driver.mech_driver [None req-1c6e4abf-f7b6-4223-b5fb-78ecbdb9b1ed - - - - - -] OVN reports status up for port: 9831ada1-f12d-408c-91b7-5ba172bcff25
2026-07-15 00:16:56.763 10 INFO neutron.plugins.ml2.plugin [None req-1c6e4abf-f7b6-4223-b5fb-78ecbdb9b1ed - - - - - -] Attempt 1 to provision port 9831ada1-f12d-408c-91b7-5ba172bcff25
2026-07-15 00:16:56.903 9 INFO neutron.db.ovn_revision_numbers_db [None req-0274ea60-258f-41f4-8bb2-5bb44bb95410 - - - - - -] Successfully bumped revision number for resource 47160f9a-4e50-468c-812e-82478b200dd2 (type: ports) to 3
2026-07-15 00:16:56.932 9 INFO neutron.api.wsgi [None req-0d21b85d-5331-4745-b1d6-c1e58ed856bc 06bbd1ce37784b188c8b912a4d9ab8b3 960b28e35ccd47e99505804431eb5e67 - - default default] 10.0.0.197 "DELETE /v2.0/security-groups/e70b3629-c2ec-430b-b51e-3977720640fa HTTP/1.1" status: 204 len: 168 time: 0.2500229
2026-07-15 00:16:56.977 9 INFO neutron.db.segments_db [None req-0274ea60-258f-41f4-8bb2-5bb44bb95410 - - - - - -] Added segment fc114373-22bf-4b98-a88a-28992c3a30e9 of type geneve for network 3fdafc35-6d7b-488a-943c-0b7bc70ee52d
2026-07-15 00:16:57.019 10 INFO neutron.db.ovn_revision_numbers_db [None req-1c6e4abf-f7b6-4223-b5fb-78ecbdb9b1ed - - - - - -] Successfully bumped revision number for resource 9831ada1-f12d-408c-91b7-5ba172bcff25 (type: ports) to 4
2026-07-15 00:16:57.134 9 INFO neutron.db.ovn_revision_numbers_db [None req-22bc434d-31ec-4ddd-ad92-38f0c380b7e0 - - - - - -] Successfully bumped revision number for resource 3fdafc35-6d7b-488a-943c-0b7bc70ee52d (type: networks) to 1
2026-07-15 00:16:57.222 10 INFO neutron.db.ovn_revision_numbers_db [None req-69230bbb-a294-4d3d-aa70-be17599cb502 - - - - - -] Successfully bumped revision number for resource e05ad8fe-ea34-4cb7-8a94-b09dd46ac265 (type: router_ports) to 2
2026-07-15 00:16:57.245 10 INFO neutron.plugins.ml2.drivers.ovn.mech_driver.mech_driver [None req-69230bbb-a294-4d3d-aa70-be17599cb502 - - - - - -] OVN reports status up for port: 4db553d3-c6f0-449c-96b3-55b1122c1396
2026-07-15 00:16:57.272 9 WARNING neutron.scheduler.dhcp_agent_scheduler [None req-22bc434d-31ec-4ddd-ad92-38f0c380b7e0 - - - - - -] No more DHCP agents
2026-07-15 00:16:57.277 10 INFO neutron.db.ovn_revision_numbers_db [None req-589939c7-f141-4d5c-8ce5-e6c9af36544c 06bbd1ce37784b188c8b912a4d9ab8b3 960b28e35ccd47e99505804431eb5e67 - - default default] Successfully bumped revision number for resource c94e4357-c607-4647-bdd7-576ce9261895 (type: security_groups) to 1
2026-07-15 00:16:57.280 9 WARNING neutron.api.rpc.agentnotifiers.dhcp_rpc_agent_api [None req-22bc434d-31ec-4ddd-ad92-38f0c380b7e0 - - - - - -] Unable to schedule network 3fdafc35-6d7b-488a-943c-0b7bc70ee52d: no agents available; will retry on subsequent port and subnet creation events.
2026-07-15 00:16:57.302 10 INFO neutron.db.ovn_revision_numbers_db [None req-589939c7-f141-4d5c-8ce5-e6c9af36544c 06bbd1ce37784b188c8b912a4d9ab8b3 960b28e35ccd47e99505804431eb5e67 - - default default] Successfully bumped revision number for resource bcb89917-554b-4b4a-8842-a19012017d4b (type: security_group_rules) to 0
2026-07-15 00:16:57.319 10 INFO neutron.plugins.ml2.drivers.ovn.mech_driver.mech_driver [None req-69230bbb-a294-4d3d-aa70-be17599cb502 - - - - - -] OVN reports status up for port: 7cbd142c-18dc-4c1b-a68b-1afe2304f208
2026-07-15 00:16:57.320 10 INFO neutron.db.ovn_revision_numbers_db [None req-589939c7-f141-4d5c-8ce5-e6c9af36544c 06bbd1ce37784b188c8b912a4d9ab8b3 960b28e35ccd47e99505804431eb5e67 - - default default] Successfully bumped revision number for resource be81b41e-34ac-4ceb-b8dc-baf49c42036c (type: security_group_rules) to 0
2026-07-15 00:16:57.328 10 INFO neutron.plugins.ml2.plugin [None req-69230bbb-a294-4d3d-aa70-be17599cb502 - - - - - -] Attempt 1 to provision port 7cbd142c-18dc-4c1b-a68b-1afe2304f208
2026-07-15 00:16:57.331 10 INFO neutron.db.ovn_revision_numbers_db [None req-589939c7-f141-4d5c-8ce5-e6c9af36544c 06bbd1ce37784b188c8b912a4d9ab8b3 960b28e35ccd47e99505804431eb5e67 - - default default] Successfully bumped revision number for resource de95bfbe-e05c-4d14-8fd8-2edc0ea50b3c (type: security_group_rules) to 0
2026-07-15 00:16:57.344 10 INFO neutron.db.ovn_revision_numbers_db [None req-589939c7-f141-4d5c-8ce5-e6c9af36544c 06bbd1ce37784b188c8b912a4d9ab8b3 960b28e35ccd47e99505804431eb5e67 - - default default] Successfully bumped revision number for resource fe489675-ad99-47f0-ac00-e70782fd612c (type: security_group_rules) to 0
2026-07-15 00:16:57.353 9 INFO neutron.db.ovn_revision_numbers_db [None req-22bc434d-31ec-4ddd-ad92-38f0c380b7e0 - - - - - -] Successfully bumped revision number for resource 5a7a431f-e648-4a40-99fe-8986ebac997a (type: ports) to 1
2026-07-15 00:16:57.382 10 INFO neutron.api.wsgi [None req-589939c7-f141-4d5c-8ce5-e6c9af36544c 06bbd1ce37784b188c8b912a4d9ab8b3 960b28e35ccd47e99505804431eb5e67 - - default default] 10.0.0.197 "GET /v2.0/security-groups?tenant_id=38af83e9779e4c3ba26f8162a93d5b5e&name=default HTTP/1.1" status: 200 len: 3124 time: 0.2738163 /var/lib/openstack/lib/python3.12/site-packages/pycadf/identifier.py:71: UserWarning: Invalid uuid: neutron. To ensure interoperability, identifiers should be a valid uuid. warnings.warn(('Invalid uuid: %s. To ensure interoperability, '
2026-07-15 00:16:57.481 9 WARNING neutron.scheduler.dhcp_agent_scheduler [None req-22bc434d-31ec-4ddd-ad92-38f0c380b7e0 - - - - - -] No more DHCP agents
2026-07-15 00:16:57.482 9 WARNING neutron.api.rpc.agentnotifiers.dhcp_rpc_agent_api [None req-22bc434d-31ec-4ddd-ad92-38f0c380b7e0 - - - - - -] Unable to schedule network 3fdafc35-6d7b-488a-943c-0b7bc70ee52d: no agents available; will retry on subsequent port and subnet creation events.
2026-07-15 00:16:57.505 9 INFO neutron.db.ovn_revision_numbers_db [None req-22bc434d-31ec-4ddd-ad92-38f0c380b7e0 - - - - - -] Successfully bumped revision number for resource c711bf22-4b1a-4c69-93ce-9f54954838f1 (type: subnets) to 0
2026-07-15 00:16:57.538 10 INFO neutron.api.wsgi [req-63ac2090-6712-432a-8ded-27aad233186d req-4c908c72-3e08-47ab-9a20-7d69f6d01ac8 8bd1d0dbd4144d8c96089255b3d8cae4 228a82b523ff483cadd613db699c5278 - - default default] 10.0.0.184 "GET /v2.0/ports?device_id=b0fd59b5-21f1-4fb7-acff-d7c70d054885 HTTP/1.1" status: 200 len: 1214 time: 0.0939214
2026-07-15 00:16:57.588 10 INFO neutron.api.wsgi [req-63ac2090-6712-432a-8ded-27aad233186d req-f41d265e-1902-4c9a-a40d-701577b9142f 8bd1d0dbd4144d8c96089255b3d8cae4 228a82b523ff483cadd613db699c5278 - - default default] 10.0.0.184 "GET /v2.0/security-groups?id=eac2c0d7-4e2b-45bd-8013-2fd6a435b2b5&id=f3b4685d-4479-4986-b583-0d583393eacd&fields=id&fields=name HTTP/1.1" status: 200 len: 405 time: 0.0437942
2026-07-15 00:16:57.633 10 INFO neutron.api.wsgi [None req-23170742-84ce-4198-8ba1-52b46c934d78 06bbd1ce37784b188c8b912a4d9ab8b3 960b28e35ccd47e99505804431eb5e67 - - default default] 10.0.0.197 "DELETE /v2.0/security-groups/c94e4357-c607-4647-bdd7-576ce9261895 HTTP/1.1" status: 204 len: 168 time: 0.2460525
2026-07-15 00:16:57.701 9 INFO neutron.api.wsgi [-] 10.0.0.116 "GET / HTTP/1.1" status: 200 len: 247 time: 0.0017030
2026-07-15 00:16:57.702 9 INFO neutron.api.wsgi [-] 10.0.0.116 "GET / HTTP/1.1" status: 200 len: 247 time: 0.0012341
2026-07-15 00:16:57.748 10 INFO neutron.db.ovn_revision_numbers_db [None req-69230bbb-a294-4d3d-aa70-be17599cb502 - - - - - -] Successfully bumped revision number for resource 7cbd142c-18dc-4c1b-a68b-1afe2304f208 (type: ports) to 2
2026-07-15 00:16:57.795 9 INFO neutron.api.wsgi [None req-28691ca5-43e1-41b4-97b7-5ca166799a4b 93f2a734e9424ed98fde7825f5d06b8f 0ac5da583b6d4df9b280d1b7471611f0 - - default default] 10.0.0.197 "GET /v2.0/ports?device_id=b0fd59b5-21f1-4fb7-acff-d7c70d054885 HTTP/1.1" status: 200 len: 1447 time: 0.1809621
2026-07-15 00:16:57.868 9 INFO neutron.api.wsgi [None req-d2571cfa-7c7b-44c5-9ca5-8620f8ee4733 8bd1d0dbd4144d8c96089255b3d8cae4 228a82b523ff483cadd613db699c5278 - - default default] 10.0.0.197 "GET /v2.0/floatingips?floating_network_id=11c62d4d-75c2-42dc-a014-8b9c456f30a2&port_id=9310b6ec-de56-4f8e-af44-076466153fab HTTP/1.1" status: 200 len: 1055 time: 0.0654025
2026-07-15 00:16:57.888 9 WARNING neutron.scheduler.dhcp_agent_scheduler [None req-22bc434d-31ec-4ddd-ad92-38f0c380b7e0 - - - - - -] No more DHCP agents
2026-07-15 00:16:57.889 9 WARNING neutron.api.rpc.agentnotifiers.dhcp_rpc_agent_api [None req-22bc434d-31ec-4ddd-ad92-38f0c380b7e0 - - - - - -] Unable to schedule network 3fdafc35-6d7b-488a-943c-0b7bc70ee52d: no agents available; will retry on subsequent port and subnet creation events.
2026-07-15 00:16:58.010 9 INFO neutron.db.ovn_revision_numbers_db [None req-22bc434d-31ec-4ddd-ad92-38f0c380b7e0 - - - - - -] Successfully bumped revision number for resource 9047f4bb-5ea5-43b5-a512-c549d0340f28 (type: ports) to 1
2026-07-15 00:16:58.128 9 INFO neutron.api.wsgi [req-aa14676c-4687-4f79-9d86-e702557e0979 req-bacd7153-1220-4e99-8877-137ecafa7f84 d5ae2cf065ab44848f923adf2beddf32 4a149269de794c39877fe605b8c6d58d - - f0d5bd53a426406e954dc45cfa6f09c6 f0d5bd53a426406e954dc45cfa6f09c6] 10.0.0.54 "GET /v2.0/ports?device_id=b0fd59b5-21f1-4fb7-acff-d7c70d054885 HTTP/1.1" status: 200 len: 1452 time: 0.0333724
2026-07-15 00:16:58.180 9 INFO neutron.api.wsgi [req-aa14676c-4687-4f79-9d86-e702557e0979 req-ee2682a7-d7f2-4749-bf5f-e5f1e070dbf7 d5ae2cf065ab44848f923adf2beddf32 4a149269de794c39877fe605b8c6d58d - - f0d5bd53a426406e954dc45cfa6f09c6 f0d5bd53a426406e954dc45cfa6f09c6] 10.0.0.54 "GET /v2.0/security-groups?id=eac2c0d7-4e2b-45bd-8013-2fd6a435b2b5&id=f3b4685d-4479-4986-b583-0d583393eacd&fields=id&fields=name HTTP/1.1" status: 200 len: 405 time: 0.0422266
2026-07-15 00:16:58.533 9 INFO neutron.db.ovn_revision_numbers_db [None req-22bc434d-31ec-4ddd-ad92-38f0c380b7e0 - - - - - -] Successfully bumped revision number for resource 9047f4bb-5ea5-43b5-a512-c549d0340f28 (type: ports) to 1
2026-07-15 00:16:58.578 9 WARNING neutron.scheduler.dhcp_agent_scheduler [None req-22bc434d-31ec-4ddd-ad92-38f0c380b7e0 - - - - - -] No more DHCP agents
2026-07-15 00:16:58.579 9 WARNING neutron.api.rpc.agentnotifiers.dhcp_rpc_agent_api [None req-22bc434d-31ec-4ddd-ad92-38f0c380b7e0 - - - - - -] Unable to schedule network 3fdafc35-6d7b-488a-943c-0b7bc70ee52d: no agents available; will retry on subsequent port and subnet creation events.
2026-07-15 00:16:58.817 9 WARNING neutron.plugins.ml2.drivers.ovn.mech_driver.ovsdb.ovn_client [None req-a3b97fe3-3359-4d73-a6f7-204e6f4c66de - - - - - -] No hosting information found for port 7f2bf2f6-3920-4264-864d-9b78804caa6a: RuntimeError: No hosting information found for port 7f2bf2f6-3920-4264-864d-9b78804caa6a
2026-07-15 00:16:58.817 9 INFO neutron.plugins.ml2.drivers.ovn.mech_driver.mech_driver [None req-a3b97fe3-3359-4d73-a6f7-204e6f4c66de - - - - - -] OVN reports status up for port: 9047f4bb-5ea5-43b5-a512-c549d0340f28
2026-07-15 00:16:58.824 9 INFO neutron.plugins.ml2.plugin [None req-a3b97fe3-3359-4d73-a6f7-204e6f4c66de - - - - - -] Attempt 1 to provision port 9047f4bb-5ea5-43b5-a512-c549d0340f28
2026-07-15 00:16:59.228 9 INFO neutron.db.ovn_revision_numbers_db [None req-a3b97fe3-3359-4d73-a6f7-204e6f4c66de - - - - - -] Successfully bumped revision number for resource 9047f4bb-5ea5-43b5-a512-c549d0340f28 (type: ports) to 2
2026-07-15 00:16:59.473 9 INFO neutron.db.ovn_revision_numbers_db [None req-22bc434d-31ec-4ddd-ad92-38f0c380b7e0 - - - - - -] Successfully bumped revision number for resource 9047f4bb-5ea5-43b5-a512-c549d0340f28 (type: router_ports) to 1
2026-07-15 00:16:59.677 9 WARNING neutron.scheduler.dhcp_agent_scheduler [None req-22bc434d-31ec-4ddd-ad92-38f0c380b7e0 - - - - - -] No more DHCP agents
2026-07-15 00:16:59.683 9 WARNING neutron.api.rpc.agentnotifiers.dhcp_rpc_agent_api [None req-22bc434d-31ec-4ddd-ad92-38f0c380b7e0 - - - - - -] Unable to schedule network 3fdafc35-6d7b-488a-943c-0b7bc70ee52d: no agents available; will retry on subsequent port and subnet creation events.
2026-07-15 00:16:59.857 9 INFO neutron.db.ovn_revision_numbers_db [None req-22bc434d-31ec-4ddd-ad92-38f0c380b7e0 - - - - - -] Successfully bumped revision number for resource 737eb9f8-7836-457a-82e9-ba0ef5243e19 (type: ports) to 1
2026-07-15 00:17:00.075 9 INFO neutron.db.ovn_revision_numbers_db [None req-22bc434d-31ec-4ddd-ad92-38f0c380b7e0 - - - - - -] Successfully bumped revision number for resource 737eb9f8-7836-457a-82e9-ba0ef5243e19 (type: ports) to 3
2026-07-15 00:17:00.151 12 ERROR oslo_messaging.rpc.server [None req-269eaa9a-4d10-43fb-bbe3-7ef780f7d31f b6f1cc05148e49bc93c3627c975805bd 8609fbc5d5da4972872048efefb8272a - - default default] Exception during message handling: sqlalchemy.exc.PendingRollbackError: This Session's transaction has been rolled back due to a previous exception during flush. To begin a new transaction with this Session, first issue Session.rollback(). Original exception was: (pymysql.err.IntegrityError) (1062, "Duplicate entry '9db4e6ba-7616-47a3-a805-c24fe08048f0-8a708bc0-29aa-55aa-a7eb-660' for key 'routervpnagentbindings.PRIMARY'") [SQL: INSERT INTO routervpnagentbindings (router_id, vpn_agent_id) VALUES (%(router_id)s, %(vpn_agent_id)s)] [parameters: {'router_id': '9db4e6ba-7616-47a3-a805-c24fe08048f0', 'vpn_agent_id': '8a708bc0-29aa-55aa-a7eb-6606f61e7b8a'}] (Background on this error at: https://sqlalche.me/e/20/gkpj) (Background on this error at: https://sqlalche.me/e/20/7s2a)
2026-07-15 00:17:00.151 12 ERROR oslo_messaging.rpc.server
Traceback (most recent call last):
2026-07-15 00:17:00.151 12 ERROR oslo_messaging.rpc.server
File "/var/lib/openstack/lib/python3.12/site-packages/oslo_messaging/rpc/server.py", line 172, in _process_incoming
2026-07-15 00:17:00.151 12 ERROR oslo_messaging.rpc.server res = self.dispatcher.dispatch(message)
2026-07-15 00:17:00.151 12 ERROR oslo_messaging.rpc.server ^^^^^^^^^^^^^^^^^^^^^^^^^^^^^^^^^
2026-07-15 00:17:00.151 12 ERROR oslo_messaging.rpc.server
File "/var/lib/openstack/lib/python3.12/site-packages/oslo_messaging/rpc/dispatcher.py", line 309, in dispatch
2026-07-15 00:17:00.151 12 ERROR oslo_messaging.rpc.server return self._do_dispatch(endpoint, method, ctxt, args)
2026-07-15 00:17:00.151 12 ERROR oslo_messaging.rpc.server ^^^^^^^^^^^^^^^^^^^^^^^^^^^^^^^^^^^^^^^^^^^^^^^
2026-07-15 00:17:00.151 12 ERROR oslo_messaging.rpc.server
File "/var/lib/openstack/lib/python3.12/site-packages/oslo_messaging/rpc/dispatcher.py", line 229, in _do_dispatch
2026-07-15 00:17:00.151 12 ERROR oslo_messaging.rpc.server result = func(ctxt, **new_args)
2026-07-15 00:17:00.151 12 ERROR oslo_messaging.rpc.server ^^^^^^^^^^^^^^^^^^^^^^
2026-07-15 00:17:00.151 12 ERROR oslo_messaging.rpc.server
File "/var/lib/openstack/lib/python3.12/site-packages/oslo_db/sqlalchemy/enginefacade.py", line 998, in wrapper
2026-07-15 00:17:00.151 12 ERROR oslo_messaging.rpc.server return fn(*args, **kwargs)
2026-07-15 00:17:00.151 12 ERROR oslo_messaging.rpc.server ^^^^^^^^^^^^^^^^^^^
2026-07-15 00:17:00.151 12 ERROR oslo_messaging.rpc.server
File "/var/lib/openstack/lib/python3.12/site-packages/neutron_vpnaas/services/vpn/service_drivers/base_ipsec.py", line 80, in get_vpn_services_on_host
2026-07-15 00:17:00.151 12 ERROR oslo_messaging.rpc.server local_cidr_map = plugin._build_local_subnet_cidr_map(context)
2026-07-15 00:17:00.151 12 ERROR oslo_messaging.rpc.server ^^^^^^^^^^^^^^^^^^^^^^^^^^^^^^^^^^^^^^^^^^^^
2026-07-15 00:17:00.151 12 ERROR oslo_messaging.rpc.server
File "/var/lib/openstack/lib/python3.12/site-packages/neutron_vpnaas/db/vpn/vpn_db.py", line 731, in _build_local_subnet_cidr_map
2026-07-15 00:17:00.151 12 ERROR oslo_messaging.rpc.server return {sn.id: sn.cidr for sn in query.all()}
2026-07-15 00:17:00.151 12 ERROR oslo_messaging.rpc.server ^^^^^^^^^^^
2026-07-15 00:17:00.151 12 ERROR oslo_messaging.rpc.server
File "/var/lib/openstack/lib/python3.12/site-packages/sqlalchemy/orm/query.py", line 2673, in all
2026-07-15 00:17:00.151 12 ERROR oslo_messaging.rpc.server return self._iter().all() # type: ignore
2026-07-15 00:17:00.151 12 ERROR oslo_messaging.rpc.server ^^^^^^^^^^^^
2026-07-15 00:17:00.151 12 ERROR oslo_messaging.rpc.server
File "/var/lib/openstack/lib/python3.12/site-packages/sqlalchemy/orm/query.py", line 2827, in _iter
2026-07-15 00:17:00.151 12 ERROR oslo_messaging.rpc.server result: Union[ScalarResult[_T], Result[_T]] = self.session.execute(
2026-07-15 00:17:00.151 12 ERROR oslo_messaging.rpc.server ^^^^^^^^^^^^^^^^^^^^^
2026-07-15 00:17:00.151 12 ERROR oslo_messaging.rpc.server
File "/var/lib/openstack/lib/python3.12/site-packages/sqlalchemy/orm/session.py", line 2362, in execute
2026-07-15 00:17:00.151 12 ERROR oslo_messaging.rpc.server return self._execute_internal(
2026-07-15 00:17:00.151 12 ERROR oslo_messaging.rpc.server ^^^^^^^^^^^^^^^^^^^^^^^
2026-07-15 00:17:00.151 12 ERROR oslo_messaging.rpc.server
File "/var/lib/openstack/lib/python3.12/site-packages/sqlalchemy/orm/session.py", line 2237, in _execute_internal
2026-07-15 00:17:00.151 12 ERROR oslo_messaging.rpc.server conn = self._connection_for_bind(bind)
2026-07-15 00:17:00.151 12 ERROR oslo_messaging.rpc.server ^^^^^^^^^^^^^^^^^^^^^^^^^^^^^^^
2026-07-15 00:17:00.151 12 ERROR oslo_messaging.rpc.server
File "/var/lib/openstack/lib/python3.12/site-packages/sqlalchemy/orm/session.py", line 2106, in _connection_for_bind
2026-07-15 00:17:00.151 12 ERROR oslo_messaging.rpc.server return trans._connection_for_bind(engine, execution_options)
2026-07-15 00:17:00.151 12 ERROR oslo_messaging.rpc.server ^^^^^^^^^^^^^^^^^^^^^^^^^^^^^^^^^^^^^^^^^^^^^^^^^^^^^
2026-07-15 00:17:00.151 12 ERROR oslo_messaging.rpc.server File "", line 2, in _connection_for_bind
2026-07-15 00:17:00.151 12 ERROR oslo_messaging.rpc.server
File "/var/lib/openstack/lib/python3.12/site-packages/sqlalchemy/orm/state_changes.py", line 103, in _go
2026-07-15 00:17:00.151 12 ERROR oslo_messaging.rpc.server self._raise_for_prerequisite_state(fn.__name__, current_state)
2026-07-15 00:17:00.151 12 ERROR oslo_messaging.rpc.server
File "/var/lib/openstack/lib/python3.12/site-packages/sqlalchemy/orm/session.py", line 973, in _raise_for_prerequisite_state
2026-07-15 00:17:00.151 12 ERROR oslo_messaging.rpc.server raise sa_exc.PendingRollbackError(
2026-07-15 00:17:00.151 12 ERROR oslo_messaging.rpc.server sqlalchemy.exc.PendingRollbackError: This Session's transaction has been rolled back due to a previous exception during flush. To begin a new transaction with this Session, first issue Session.rollback(). Original exception was: (pymysql.err.IntegrityError) (1062, "Duplicate entry '9db4e6ba-7616-47a3-a805-c24fe08048f0-8a708bc0-29aa-55aa-a7eb-660' for key 'routervpnagentbindings.PRIMARY'")
2026-07-15 00:17:00.151 12 ERROR oslo_messaging.rpc.server [SQL: INSERT INTO routervpnagentbindings (router_id, vpn_agent_id) VALUES (%(router_id)s, %(vpn_agent_id)s)]
2026-07-15 00:17:00.151 12 ERROR oslo_messaging.rpc.server [parameters: {'router_id': '9db4e6ba-7616-47a3-a805-c24fe08048f0', 'vpn_agent_id': '8a708bc0-29aa-55aa-a7eb-6606f61e7b8a'}]
2026-07-15 00:17:00.151 12 ERROR oslo_messaging.rpc.server (Background on this error at: https://sqlalche.me/e/20/gkpj) (Background on this error at: https://sqlalche.me/e/20/7s2a)
2026-07-15 00:17:00.151 12 ERROR oslo_messaging.rpc.server
2026-07-15 00:17:00.218 10 INFO neutron.api.wsgi [req-45a17d6e-ddfa-483e-9777-df8bff4a2aa7 req-27c023e4-5b53-459f-b79f-8f51675f6697 8bd1d0dbd4144d8c96089255b3d8cae4 228a82b523ff483cadd613db699c5278 - - default default] 10.0.0.184 "GET /v2.0/ports?device_id=b0fd59b5-21f1-4fb7-acff-d7c70d054885 HTTP/1.1" status: 200 len: 1214 time: 0.0348034
2026-07-15 00:17:00.252 10 INFO neutron.api.wsgi [req-45a17d6e-ddfa-483e-9777-df8bff4a2aa7 req-6fb18bbf-4890-47bc-8144-6af9c8b06bfa 8bd1d0dbd4144d8c96089255b3d8cae4 228a82b523ff483cadd613db699c5278 - - default default] 10.0.0.184 "GET /v2.0/security-groups?id=eac2c0d7-4e2b-45bd-8013-2fd6a435b2b5&id=f3b4685d-4479-4986-b583-0d583393eacd&fields=id&fields=name HTTP/1.1" status: 200 len: 405 time: 0.0305879
2026-07-15 00:17:00.261 9 INFO neutron.api.wsgi [None req-604856a1-ce2e-46b0-be0c-b1395fe68d13 b6f1cc05148e49bc93c3627c975805bd 8609fbc5d5da4972872048efefb8272a - - default default] 10.0.0.197 "POST /v2.0/vpn/vpnservices HTTP/1.1" status: 201 len: 658 time: 4.1461234
2026-07-15 00:17:00.274 9 INFO neutron.api.wsgi [None req-6a40aa6f-4a40-4ac4-ab5c-ab6c0fb692b3 b6f1cc05148e49bc93c3627c975805bd 8609fbc5d5da4972872048efefb8272a - - default default] 10.0.0.197 "GET /v2.0/vpn/vpnservices HTTP/1.1" status: 200 len: 1502 time: 0.0106180
2026-07-15 00:17:01.345 10 INFO neutron.api.wsgi [req-99927c03-0e16-4d6c-9ce4-9a254d7c2fca req-c0138e91-8777-4c4b-b339-8a73edfd5e9b 8bd1d0dbd4144d8c96089255b3d8cae4 228a82b523ff483cadd613db699c5278 - - default default] 10.0.0.184 "GET /v2.0/ports?device_id=b0fd59b5-21f1-4fb7-acff-d7c70d054885 HTTP/1.1" status: 200 len: 1214 time: 0.0292504
2026-07-15 00:17:01.385 10 INFO neutron.api.wsgi [req-99927c03-0e16-4d6c-9ce4-9a254d7c2fca req-24025b76-ccdd-4ed4-9872-1a721e4ae9f7 8bd1d0dbd4144d8c96089255b3d8cae4 228a82b523ff483cadd613db699c5278 - - default default] 10.0.0.184 "GET /v2.0/security-groups?id=eac2c0d7-4e2b-45bd-8013-2fd6a435b2b5&id=f3b4685d-4479-4986-b583-0d583393eacd&fields=id&fields=name HTTP/1.1" status: 200 len: 405 time: 0.0367913
2026-07-15 00:17:01.730 10 WARNING neutron_lib.context [None req-105310f7-4953-41fb-8acb-7b95d9f7979c 73263554838348be930d88fa39bbd4b8 1f8b48bac8534a779921c747d4801eaa - - default default] Method 'is_advsvc' is deprecated since 2023.2 release (neutron-lib 3.8.0) and will be removed once support for the old RBAC API policies will be removed from Neutron. Please use method 'is_service_role' instead.
2026-07-15 00:17:01.850 10 INFO neutron.db.ovn_revision_numbers_db [None req-105310f7-4953-41fb-8acb-7b95d9f7979c 73263554838348be930d88fa39bbd4b8 1f8b48bac8534a779921c747d4801eaa - - default default] Successfully bumped revision number for resource 272229c8-8189-4bf3-98cb-791f0236a825 (type: security_groups) to 1
2026-07-15 00:17:01.863 10 INFO neutron.db.ovn_revision_numbers_db [None req-105310f7-4953-41fb-8acb-7b95d9f7979c 73263554838348be930d88fa39bbd4b8 1f8b48bac8534a779921c747d4801eaa - - default default] Successfully bumped revision number for resource 13891b58-f4f3-4f39-b2e1-28886d089b8a (type: security_group_rules) to 0
