2026-07-15 00:17:06.977 10 WARNING neutron_lib.context [None req-ce423ea3-c66c-4d3e-bc48-11616f00857e 73263554838348be930d88fa39bbd4b8 1f8b48bac8534a779921c747d4801eaa - - default default] Method 'is_advsvc' is deprecated since 2023.2 release (neutron-lib 3.8.0) and will be removed once support for the old RBAC API policies will be removed from Neutron. Please use method 'is_service_role' instead.
2026-07-15 00:17:06.988 9 INFO neutron.api.wsgi [None req-e0b7a3a4-e227-414d-af0b-ee4e634ee3dc b6f1cc05148e49bc93c3627c975805bd 8609fbc5d5da4972872048efefb8272a - - default default] 10.0.0.197 "GET /v2.0/vpn/ikepolicies HTTP/1.1" status: 200 len: 602 time: 0.0131450
2026-07-15 00:17:07.003 9 INFO neutron.api.wsgi [None req-1aa2230e-c231-452e-82c3-9bc7c28b5618 b6f1cc05148e49bc93c3627c975805bd 8609fbc5d5da4972872048efefb8272a - - default default] 10.0.0.197 "GET /v2.0/vpn/ipsecpolicies HTTP/1.1" status: 200 len: 611 time: 0.0098929
2026-07-15 00:17:07.015 9 INFO neutron.api.wsgi [None req-6a30aef8-2337-4bb5-bc95-e4bdee3a4158 b6f1cc05148e49bc93c3627c975805bd 8609fbc5d5da4972872048efefb8272a - - default default] 10.0.0.197 "GET /v2.0/vpn/ipsec-site-connections HTTP/1.1" status: 200 len: 990 time: 0.0078068
2026-07-15 00:17:07.030 10 INFO neutron.api.wsgi [None req-b6e54fda-77a0-4db0-914b-a1c14764d929 b6f1cc05148e49bc93c3627c975805bd 8609fbc5d5da4972872048efefb8272a - - default default] 10.0.0.197 "GET /v2.0/vpn/vpnservices HTTP/1.1" status: 200 len: 1056 time: 0.0119236
2026-07-15 00:17:07.043 10 INFO neutron.api.wsgi [None req-7afd5458-e864-4a8e-a390-f6e0af1e1ab6 b6f1cc05148e49bc93c3627c975805bd 8609fbc5d5da4972872048efefb8272a - - default default] 10.0.0.197 "GET /v2.0/vpn/endpoint-groups/490abc2f-4ee8-42e9-8d85-4d3821d21654 HTTP/1.1" status: 200 len: 521 time: 0.0082061
2026-07-15 00:17:07.055 10 INFO neutron.api.wsgi [None req-416c9cde-9b8f-4156-8f20-bb97fd8f4de7 b6f1cc05148e49bc93c3627c975805bd 8609fbc5d5da4972872048efefb8272a - - default default] 10.0.0.197 "GET /v2.0/vpn/endpoint-groups/c811711d-3813-44ba-9255-3ecaf6a322e1 HTTP/1.1" status: 200 len: 514 time: 0.0082746
2026-07-15 00:17:07.067 10 INFO neutron.api.wsgi [None req-f2298a85-d39e-4f55-807e-12064a5a9b47 b6f1cc05148e49bc93c3627c975805bd 8609fbc5d5da4972872048efefb8272a - - default default] 10.0.0.197 "GET /v2.0/vpn/ikepolicies/512db0dd-5c42-4e68-86f7-81cb67d8b68c HTTP/1.1" status: 200 len: 598 time: 0.0090601
2026-07-15 00:17:07.089 10 INFO neutron.api.wsgi [None req-f53a2fe9-30f9-413e-93c7-05e912e899b9 b6f1cc05148e49bc93c3627c975805bd 8609fbc5d5da4972872048efefb8272a - - default default] 10.0.0.197 "GET /v2.0/vpn/ipsecpolicies/792aa52d-9573-4182-993b-d625d26827e8 HTTP/1.1" status: 200 len: 607 time: 0.0117419
2026-07-15 00:17:07.103 9 INFO neutron.api.wsgi [None req-dd690b93-9a21-4878-806a-b723614e8603 b6f1cc05148e49bc93c3627c975805bd 8609fbc5d5da4972872048efefb8272a - - default default] 10.0.0.197 "GET /v2.0/vpn/vpnservices/88a83bf4-9bc5-4185-b369-b7694f6695b1 HTTP/1.1" status: 200 len: 643 time: 0.0084388
2026-07-15 00:17:07.181 10 WARNING neutron.scheduler.dhcp_agent_scheduler [None req-ce423ea3-c66c-4d3e-bc48-11616f00857e 73263554838348be930d88fa39bbd4b8 1f8b48bac8534a779921c747d4801eaa - - default default] No more DHCP agents
2026-07-15 00:17:07.183 10 WARNING neutron.api.rpc.agentnotifiers.dhcp_rpc_agent_api [None req-ce423ea3-c66c-4d3e-bc48-11616f00857e 73263554838348be930d88fa39bbd4b8 1f8b48bac8534a779921c747d4801eaa - - default default] Unable to schedule network bc1f5de6-aa9c-44a6-9836-9557306dc740: no agents available; will retry on subsequent port and subnet creation events.
2026-07-15 00:17:07.706 9 INFO neutron.api.wsgi [None req-20d37e7e-05a7-480b-ab13-faadee8b00d5 06bbd1ce37784b188c8b912a4d9ab8b3 960b28e35ccd47e99505804431eb5e67 - - default default] 10.0.0.197 "PUT /v2.0/routers/1f72ca42-59c4-490d-bd60-cb640921c72e/remove_router_interface HTTP/1.1" status: 200 len: 503 time: 1.2433753 /var/lib/openstack/lib/python3.12/site-packages/pycadf/identifier.py:71: UserWarning: Invalid uuid: neutron. To ensure interoperability, identifiers should be a valid uuid. warnings.warn(('Invalid uuid: %s. To ensure interoperability, '
2026-07-15 00:17:07.918 10 INFO neutron.db.ovn_revision_numbers_db [None req-a299cfb3-ead2-4c58-b68c-dd08770be40b b6f1cc05148e49bc93c3627c975805bd 8609fbc5d5da4972872048efefb8272a - - default default] Successfully bumped revision number for resource b142d607-ee7e-4822-9349-49526bcd6a43 (type: routers) to 10
2026-07-15 00:17:07.922 10 INFO neutron.db.ovn_revision_numbers_db [None req-ced2a38a-3203-4be8-93ab-bdb0326b4e72 - - - - - -] Successfully bumped revision number for resource cd42e51c-3e5c-4174-b649-8d57e8a63361 (type: ports) to 2
2026-07-15 00:17:07.962 10 INFO neutron.api.wsgi [None req-a299cfb3-ead2-4c58-b68c-dd08770be40b b6f1cc05148e49bc93c3627c975805bd 8609fbc5d5da4972872048efefb8272a - - default default] 10.0.0.197 "DELETE /v2.0/vpn/ipsec-site-connections/38669f14-d651-416e-9d8a-b132abdc6a34 HTTP/1.1" status: 204 len: 168 time: 0.8460104
2026-07-15 00:17:07.968 10 INFO neutron.db.ovn_revision_numbers_db [None req-ced2a38a-3203-4be8-93ab-bdb0326b4e72 - - - - - -] Successfully bumped revision number for resource 0b1883fa-f4e8-4909-ae0d-757292001c02 (type: subnets) to 0
2026-07-15 00:17:07.985 10 INFO neutron.api.wsgi [None req-ce423ea3-c66c-4d3e-bc48-11616f00857e 73263554838348be930d88fa39bbd4b8 1f8b48bac8534a779921c747d4801eaa - - default default] 10.0.0.197 "POST /v2.0/subnets HTTP/1.1" status: 201 len: 828 time: 1.0143182
2026-07-15 00:17:07.998 9 INFO neutron.api.wsgi [None req-c8bf381f-cdb2-4905-b7af-a4b24e288938 b6f1cc05148e49bc93c3627c975805bd 8609fbc5d5da4972872048efefb8272a - - default default] 10.0.0.197 "DELETE /v2.0/vpn/endpoint-groups/490abc2f-4ee8-42e9-8d85-4d3821d21654 HTTP/1.1" status: 204 len: 168 time: 0.0296130
2026-07-15 00:17:08.025 9 INFO neutron.api.wsgi [None req-5a59e472-5df4-4cbb-a2f8-dbd46d66d894 b6f1cc05148e49bc93c3627c975805bd 8609fbc5d5da4972872048efefb8272a - - default default] 10.0.0.197 "DELETE /v2.0/vpn/endpoint-groups/c811711d-3813-44ba-9255-3ecaf6a322e1 HTTP/1.1" status: 204 len: 168 time: 0.0231719
2026-07-15 00:17:08.033 10 INFO neutron.api.wsgi [None req-46ecb41b-0f70-4a25-949a-4d04fbc0e442 73263554838348be930d88fa39bbd4b8 1f8b48bac8534a779921c747d4801eaa - - default default] 10.0.0.197 "PUT /v2.0/subnets/7c5819f8-5fc5-4e6e-9bfc-c862eb75005e/tags HTTP/1.1" status: 200 len: 210 time: 0.0425107
2026-07-15 00:17:08.056 9 INFO neutron.api.wsgi [None req-8ab3398e-b440-4a3a-8477-44ff0a17f914 b6f1cc05148e49bc93c3627c975805bd 8609fbc5d5da4972872048efefb8272a - - default default] 10.0.0.197 "DELETE /v2.0/vpn/ipsecpolicies/792aa52d-9573-4182-993b-d625d26827e8 HTTP/1.1" status: 204 len: 168 time: 0.0273271
2026-07-15 00:17:08.078 10 INFO neutron.api.wsgi [None req-8de5ea65-4b86-47b6-b762-13a357f1bd43 73263554838348be930d88fa39bbd4b8 1f8b48bac8534a779921c747d4801eaa - - default default] 10.0.0.197 "PUT /v2.0/subnets/65fdb9e3-f47e-4913-aa07-d478a5e2fbe8/tags HTTP/1.1" status: 200 len: 218 time: 0.0406420
2026-07-15 00:17:08.083 10 INFO neutron.api.wsgi [None req-15c3a6e4-825c-4166-86df-81414bbd6921 b6f1cc05148e49bc93c3627c975805bd 8609fbc5d5da4972872048efefb8272a - - default default] 10.0.0.197 "DELETE /v2.0/vpn/ikepolicies/512db0dd-5c42-4e68-86f7-81cb67d8b68c HTTP/1.1" status: 204 len: 168 time: 0.0228722
2026-07-15 00:17:08.133 10 INFO neutron.api.wsgi [None req-f517564f-98f2-4edc-9950-a53d22be2fa0 b6f1cc05148e49bc93c3627c975805bd 8609fbc5d5da4972872048efefb8272a - - default default] 10.0.0.197 "DELETE /v2.0/vpn/vpnservices/88a83bf4-9bc5-4185-b369-b7694f6695b1 HTTP/1.1" status: 204 len: 168 time: 0.0462770
2026-07-15 00:17:08.133 9 INFO neutron.api.wsgi [None req-7d074343-8b37-4c05-99f1-bf594bafd04f 73263554838348be930d88fa39bbd4b8 1f8b48bac8534a779921c747d4801eaa - - default default] 10.0.0.197 "PUT /v2.0/subnets/965b97b7-6a09-4864-985f-ee4c855cce7e/tags HTTP/1.1" status: 200 len: 227 time: 0.0504792
2026-07-15 00:17:08.184 9 INFO neutron.api.wsgi [None req-c6426ae8-b014-4b40-827e-07e84d33f3da 73263554838348be930d88fa39bbd4b8 1f8b48bac8534a779921c747d4801eaa - - default default] 10.0.0.197 "PUT /v2.0/subnets/136fe8c9-07aa-4550-9bf6-95be9f725987/tags HTTP/1.1" status: 200 len: 212 time: 0.0463741
2026-07-15 00:17:08.226 9 INFO neutron.api.wsgi [None req-ab881748-98ec-488d-b5ee-79a56c6ea1ba 73263554838348be930d88fa39bbd4b8 1f8b48bac8534a779921c747d4801eaa - - default default] 10.0.0.197 "GET /v2.0/subnets?tags=red HTTP/1.1" status: 200 len: 2099 time: 0.0365708
2026-07-15 00:17:08.278 9 INFO neutron.api.wsgi [None req-01f3a44d-45f1-4f42-83b8-ca313bf65c18 73263554838348be930d88fa39bbd4b8 1f8b48bac8534a779921c747d4801eaa - - default default] 10.0.0.197 "GET /v2.0/subnets?tags=red%2Cblue HTTP/1.1" status: 200 len: 1478 time: 0.0464730
2026-07-15 00:17:08.320 10 INFO neutron.api.wsgi [None req-6b654477-5022-4759-9839-6a4524d112bb 73263554838348be930d88fa39bbd4b8 1f8b48bac8534a779921c747d4801eaa - - default default] 10.0.0.197 "GET /v2.0/subnets?tags-any=blue HTTP/1.1" status: 200 len: 1478 time: 0.0364773
2026-07-15 00:17:08.355 10 INFO neutron.api.wsgi [None req-9b5df832-e5df-4429-a82e-b46302f9e709 73263554838348be930d88fa39bbd4b8 1f8b48bac8534a779921c747d4801eaa - - default default] 10.0.0.197 "GET /v2.0/subnets?tags-any=red%2Cblue HTTP/1.1" status: 200 len: 2099 time: 0.0301881
2026-07-15 00:17:08.399 10 INFO neutron.api.wsgi [None req-9e2b8ce8-1636-46e7-8c12-93f1630fb1cf 73263554838348be930d88fa39bbd4b8 1f8b48bac8534a779921c747d4801eaa - - default default] 10.0.0.197 "GET /v2.0/subnets?not-tags=red HTTP/1.1" status: 200 len: 2089 time: 0.0392849
2026-07-15 00:17:08.402 9 INFO neutron.api.wsgi [None req-7b0128b9-9f38-4c46-848d-c3b4febf40a1 06bbd1ce37784b188c8b912a4d9ab8b3 960b28e35ccd47e99505804431eb5e67 - - default default] 10.0.0.197 "DELETE /v2.0/routers/1f72ca42-59c4-490d-bd60-cb640921c72e HTTP/1.1" status: 204 len: 168 time: 0.6894212
2026-07-15 00:17:08.455 10 INFO neutron.api.wsgi [None req-a0db7351-1754-48a0-9400-cc13748123f5 73263554838348be930d88fa39bbd4b8 1f8b48bac8534a779921c747d4801eaa - - default default] 10.0.0.197 "GET /v2.0/subnets?not-tags=red%2Cblue HTTP/1.1" status: 200 len: 2710 time: 0.0483437
2026-07-15 00:17:08.502 9 INFO neutron.api.wsgi [None req-4967739b-d2e8-4099-9a56-dba8f65cfb85 73263554838348be930d88fa39bbd4b8 1f8b48bac8534a779921c747d4801eaa - - default default] 10.0.0.197 "GET /v2.0/subnets?not-tags-any=blue HTTP/1.1" status: 200 len: 2710 time: 0.0422909
2026-07-15 00:17:08.532 9 INFO neutron.api.wsgi [None req-132aec49-4d47-4237-bb7c-265347862831 73263554838348be930d88fa39bbd4b8 1f8b48bac8534a779921c747d4801eaa - - default default] 10.0.0.197 "GET /v2.0/subnets?not-tags-any=red%2Cblue HTTP/1.1" status: 200 len: 2089 time: 0.0250649
2026-07-15 00:17:08.576 9 INFO neutron.api.wsgi [None req-d84cf1ca-2d2c-44e0-96ec-ac4fa0ce96ba 06bbd1ce37784b188c8b912a4d9ab8b3 960b28e35ccd47e99505804431eb5e67 - - default default] 10.0.0.197 "DELETE /v2.0/subnets/0ee5aba0-4d99-4d68-9641-9fa60e5fe3d2 HTTP/1.1" status: 204 len: 168 time: 0.1684930
2026-07-15 00:17:08.670 9 INFO neutron.api.wsgi [None req-ebae2a9a-38f4-4a90-b48e-7e91bcca42e3 73263554838348be930d88fa39bbd4b8 1f8b48bac8534a779921c747d4801eaa - - default default] 10.0.0.197 "DELETE /v2.0/subnets/7c5819f8-5fc5-4e6e-9bfc-c862eb75005e HTTP/1.1" status: 204 len: 168 time: 0.1337616
2026-07-15 00:17:08.810 9 INFO neutron.api.wsgi [None req-1570a024-0618-4ca2-bb1b-da5d125c7799 73263554838348be930d88fa39bbd4b8 1f8b48bac8534a779921c747d4801eaa - - default default] 10.0.0.197 "DELETE /v2.0/subnets/65fdb9e3-f47e-4913-aa07-d478a5e2fbe8 HTTP/1.1" status: 204 len: 168 time: 0.1360252
2026-07-15 00:17:08.953 9 INFO neutron.api.wsgi [None req-625c756c-f4e0-43d3-ae85-f65f9ec1a871 73263554838348be930d88fa39bbd4b8 1f8b48bac8534a779921c747d4801eaa - - default default] 10.0.0.197 "DELETE /v2.0/subnets/965b97b7-6a09-4864-985f-ee4c855cce7e HTTP/1.1" status: 204 len: 168 time: 0.1339030
2026-07-15 00:17:08.980 10 INFO neutron.services.segments.plugin [-] Segment 66eac6c3-4f89-4a8b-a525-574fbaefe8d8 resource provider aggregate not found
2026-07-15 00:17:08.984 10 INFO neutron.services.segments.plugin [-] Segment 66eac6c3-4f89-4a8b-a525-574fbaefe8d8 resource provider aggregate not found
2026-07-15 00:17:09.009 10 INFO neutron.services.segments.plugin [-] Segment 66eac6c3-4f89-4a8b-a525-574fbaefe8d8 resource provider not found; error: Placement Client Error (4xx): {"errors": [{"status": 404, "title": "Not Found", "detail": "The resource could not be found.\n\n No resource provider with uuid 66eac6c3-4f89-4a8b-a525-574fbaefe8d8 found for delete ", "request_id": "req-cf3c8b1f-a72a-47cf-acd0-061651dc69ce"}]}
2026-07-15 00:17:09.009 10 INFO neutron.services.segments.plugin [-] Segment 66eac6c3-4f89-4a8b-a525-574fbaefe8d8 resource provider not found; error: Placement Client Error (4xx): {"errors": [{"status": 404, "title": "Not Found", "detail": "The resource could not be found.\n\n No resource provider with uuid 66eac6c3-4f89-4a8b-a525-574fbaefe8d8 found for delete ", "request_id": "req-a8373f6a-bd74-41ba-ad1e-39bf97cc661a"}]}
2026-07-15 00:17:09.051 10 INFO neutron.api.wsgi [None req-658889c1-8b87-4d53-b894-d8f72921922b 06bbd1ce37784b188c8b912a4d9ab8b3 960b28e35ccd47e99505804431eb5e67 - - default default] 10.0.0.197 "DELETE /v2.0/networks/0e336d4f-50a4-486a-bd49-f378d97a0e41 HTTP/1.1" status: 204 len: 168 time: 0.4689629
2026-07-15 00:17:09.124 9 INFO neutron.api.wsgi [None req-96d27957-d862-4014-94b8-e5100abab9c7 73263554838348be930d88fa39bbd4b8 1f8b48bac8534a779921c747d4801eaa - - default default] 10.0.0.197 "DELETE /v2.0/subnets/136fe8c9-07aa-4550-9bf6-95be9f725987 HTTP/1.1" status: 204 len: 168 time: 0.1666782
2026-07-15 00:17:09.359 10 INFO neutron.api.wsgi [None req-a085f6be-c0d9-4b7f-a71a-42a07e75d007 73263554838348be930d88fa39bbd4b8 1f8b48bac8534a779921c747d4801eaa - - default default] 10.0.0.197 "DELETE /v2.0/subnets/0b1883fa-f4e8-4909-ae0d-757292001c02 HTTP/1.1" status: 204 len: 168 time: 0.2302697
2026-07-15 00:17:09.644 9 INFO neutron.services.segments.plugin [-] Segment 88a50d3d-a9b4-4fff-96da-0b2b77cf1690 resource provider aggregate not found
2026-07-15 00:17:09.648 9 INFO neutron.services.segments.plugin [-] Segment 88a50d3d-a9b4-4fff-96da-0b2b77cf1690 resource provider aggregate not found
2026-07-15 00:17:09.663 9 INFO neutron.services.segments.plugin [-] Segment 88a50d3d-a9b4-4fff-96da-0b2b77cf1690 resource provider not found; error: Placement Client Error (4xx): {"errors": [{"status": 404, "title": "Not Found", "detail": "The resource could not be found.\n\n No resource provider with uuid 88a50d3d-a9b4-4fff-96da-0b2b77cf1690 found for delete ", "request_id": "req-98cb2d21-148a-4b89-8bf7-24f2978fda86"}]}
2026-07-15 00:17:09.665 9 INFO neutron.services.segments.plugin [-] Segment 88a50d3d-a9b4-4fff-96da-0b2b77cf1690 resource provider not found; error: Placement Client Error (4xx): {"errors": [{"status": 404, "title": "Not Found", "detail": "The resource could not be found.\n\n No resource provider with uuid 88a50d3d-a9b4-4fff-96da-0b2b77cf1690 found for delete ", "request_id": "req-eff8c0e8-913c-4f9b-afa3-60396d24d8d7"}]}
2026-07-15 00:17:09.688 9 INFO neutron.api.wsgi [None req-8af9bf4a-016a-495d-bcfd-09591c532e0d 73263554838348be930d88fa39bbd4b8 1f8b48bac8534a779921c747d4801eaa - - default default] 10.0.0.197 "DELETE /v2.0/networks/8cb446f6-73ea-49a4-a76e-cc53679e1277 HTTP/1.1" status: 204 len: 168 time: 0.3215938
2026-07-15 00:17:09.981 9 INFO neutron.api.wsgi [None req-ee2d8ed4-7ae0-4da5-8402-f4842c8a966a 73263554838348be930d88fa39bbd4b8 1f8b48bac8534a779921c747d4801eaa - - default default] 10.0.0.197 "DELETE /v2.0/networks/466d4df8-4ce0-4a39-a551-13ef03e9c489 HTTP/1.1" status: 204 len: 168 time: 0.2880487
2026-07-15 00:17:10.274 9 INFO neutron.api.wsgi [None req-3011719d-233c-4886-9379-dd8ba226e448 73263554838348be930d88fa39bbd4b8 1f8b48bac8534a779921c747d4801eaa - - default default] 10.0.0.197 "DELETE /v2.0/networks/ab6cbb17-e26b-4d83-ae68-bd1475c6f41f HTTP/1.1" status: 204 len: 168 time: 0.2879162
2026-07-15 00:17:10.477 10 INFO neutron.api.wsgi [None req-5a9d9540-7ea4-4cbe-85c3-11c0190aab3f 06bbd1ce37784b188c8b912a4d9ab8b3 960b28e35ccd47e99505804431eb5e67 - - default default] 10.0.0.197 "PUT /v2.0/routers/5c8b72d2-6c31-4083-8c3b-28db46b5204c/remove_router_interface HTTP/1.1" status: 200 len: 503 time: 1.4190035
2026-07-15 00:17:10.575 9 INFO neutron.api.wsgi [None req-2af87ae7-917b-49d8-a0f5-1e449ed6da85 73263554838348be930d88fa39bbd4b8 1f8b48bac8534a779921c747d4801eaa - - default default] 10.0.0.197 "DELETE /v2.0/networks/872ab450-2a97-4058-a888-93828a092bce HTTP/1.1" status: 204 len: 168 time: 0.2986064
2026-07-15 00:17:10.603 10 WARNING neutron.plugins.ml2.drivers.ovn.mech_driver.ovsdb.ovn_client [None req-cd729dda-1a0e-4e91-b1b2-1e729f03cb93 - - - - - -] No port found with ID 0fb3ba5d-ece2-4519-8a30-ff92145adbdf: RuntimeError: No port found with ID 0fb3ba5d-ece2-4519-8a30-ff92145adbdf
2026-07-15 00:17:10.778 10 INFO neutron.api.wsgi [None req-22a2e2a7-67f4-4ef5-aea2-c14dcb600350 b6f1cc05148e49bc93c3627c975805bd 8609fbc5d5da4972872048efefb8272a - - default default] 10.0.0.197 "DELETE /v2.0/vpn/vpnservices/38979238-fa0f-45f9-8233-d1ec5fd7dd50 HTTP/1.1" status: 204 len: 168 time: 2.6419885 /var/lib/openstack/lib/python3.12/site-packages/pycadf/identifier.py:71: UserWarning: Invalid uuid: neutron. To ensure interoperability, identifiers should be a valid uuid. warnings.warn(('Invalid uuid: %s. To ensure interoperability, '
2026-07-15 00:17:10.843 10 INFO neutron.api.wsgi [None req-61a663d9-0d4d-48f8-8a49-a958cd8efc05 b6f1cc05148e49bc93c3627c975805bd 8609fbc5d5da4972872048efefb8272a - - default default] 10.0.0.197 "GET /v2.0/routers/b142d607-ee7e-4822-9349-49526bcd6a43 HTTP/1.1" status: 200 len: 1136 time: 0.0576060
2026-07-15 00:17:10.942 9 INFO neutron.api.wsgi [None req-77f86c5e-d7e9-4ad4-a055-70811497642e 73263554838348be930d88fa39bbd4b8 1f8b48bac8534a779921c747d4801eaa - - default default] 10.0.0.197 "DELETE /v2.0/networks/bc1f5de6-aa9c-44a6-9836-9557306dc740 HTTP/1.1" status: 204 len: 168 time: 0.3627632
2026-07-15 00:17:11.026 10 INFO neutron.services.segments.plugin [-] Segment e3ad12b1-299c-46ce-9fa0-140c91cbcf61 resource provider aggregate not found
2026-07-15 00:17:11.031 10 INFO neutron.services.segments.plugin [-] Segment e3ad12b1-299c-46ce-9fa0-140c91cbcf61 resource provider aggregate not found
2026-07-15 00:17:11.052 10 INFO neutron.services.segments.plugin [-] Segment e3ad12b1-299c-46ce-9fa0-140c91cbcf61 resource provider not found; error: Placement Client Error (4xx): {"errors": [{"status": 404, "title": "Not Found", "detail": "The resource could not be found.\n\n No resource provider with uuid e3ad12b1-299c-46ce-9fa0-140c91cbcf61 found for delete ", "request_id": "req-35759784-01d5-4880-acb9-f39a84940e98"}]}
2026-07-15 00:17:11.053 10 INFO neutron.services.segments.plugin [-] Segment e3ad12b1-299c-46ce-9fa0-140c91cbcf61 resource provider not found; error: Placement Client Error (4xx): {"errors": [{"status": 404, "title": "Not Found", "detail": "The resource could not be found.\n\n No resource provider with uuid e3ad12b1-299c-46ce-9fa0-140c91cbcf61 found for delete ", "request_id": "req-459459cd-ab40-41ad-9e8f-b81f5e1a4cfb"}]}
2026-07-15 00:17:11.238 9 INFO neutron.api.wsgi [None req-0c4056aa-dcd8-4004-ad54-5a6f41e20ae4 06bbd1ce37784b188c8b912a4d9ab8b3 960b28e35ccd47e99505804431eb5e67 - - default default] 10.0.0.197 "DELETE /v2.0/routers/5c8b72d2-6c31-4083-8c3b-28db46b5204c HTTP/1.1" status: 204 len: 168 time: 0.7527194
2026-07-15 00:17:11.393 9 INFO neutron.api.wsgi [None req-5c271055-7382-4000-b7df-f9ad54a6a276 06bbd1ce37784b188c8b912a4d9ab8b3 960b28e35ccd47e99505804431eb5e67 - - default default] 10.0.0.197 "DELETE /v2.0/subnets/a29a9d74-02b4-4232-ab6e-936cbcdaa6ff HTTP/1.1" status: 204 len: 168 time: 0.1501079
2026-07-15 00:17:11.685 9 INFO neutron.services.segments.plugin [-] Segment e746dfd7-db8e-4b44-9d1c-0feceafd37d0 resource provider aggregate not found
2026-07-15 00:17:11.691 9 INFO neutron.services.segments.plugin [-] Segment e746dfd7-db8e-4b44-9d1c-0feceafd37d0 resource provider aggregate not found
2026-07-15 00:17:11.704 9 INFO neutron.api.wsgi [None req-073fc041-d9bd-49fd-a197-a6787b9054c7 06bbd1ce37784b188c8b912a4d9ab8b3 960b28e35ccd47e99505804431eb5e67 - - default default] 10.0.0.197 "DELETE /v2.0/networks/6e8e3a71-8c63-43a0-a753-392e4388967e HTTP/1.1" status: 204 len: 168 time: 0.3036296
2026-07-15 00:17:11.705 9 INFO neutron.services.segments.plugin [-] Segment e746dfd7-db8e-4b44-9d1c-0feceafd37d0 resource provider not found; error: Placement Client Error (4xx): {"errors": [{"status": 404, "title": "Not Found", "detail": "The resource could not be found.\n\n No resource provider with uuid e746dfd7-db8e-4b44-9d1c-0feceafd37d0 found for delete ", "request_id": "req-ba676209-c054-4a2d-985d-240abf4490d1"}]}
2026-07-15 00:17:11.709 9 INFO neutron.services.segments.plugin [-] Segment e746dfd7-db8e-4b44-9d1c-0feceafd37d0 resource provider not found; error: Placement Client Error (4xx): {"errors": [{"status": 404, "title": "Not Found", "detail": "The resource could not be found.\n\n No resource provider with uuid e746dfd7-db8e-4b44-9d1c-0feceafd37d0 found for delete ", "request_id": "req-25ba29a4-0259-41b9-9367-e7e7656ef7cf"}]}
2026-07-15 00:17:11.719 9 INFO neutron.services.segments.plugin [-] Segment 02bf37ef-d320-4da3-8bd3-25a0bc588e51 resource provider aggregate not found
2026-07-15 00:17:11.723 9 INFO neutron.services.segments.plugin [-] Segment 02bf37ef-d320-4da3-8bd3-25a0bc588e51 resource provider aggregate not found
2026-07-15 00:17:11.737 9 INFO neutron.services.segments.plugin [-] Segment 02bf37ef-d320-4da3-8bd3-25a0bc588e51 resource provider not found; error: Placement Client Error (4xx): {"errors": [{"status": 404, "title": "Not Found", "detail": "The resource could not be found.\n\n No resource provider with uuid 02bf37ef-d320-4da3-8bd3-25a0bc588e51 found for delete ", "request_id": "req-506b9fd0-56d7-42d1-8311-741866facdee"}]}
2026-07-15 00:17:11.745 9 INFO neutron.services.segments.plugin [-] Segment 02bf37ef-d320-4da3-8bd3-25a0bc588e51 resource provider not found; error: Placement Client Error (4xx): {"errors": [{"status": 404, "title": "Not Found", "detail": "The resource could not be found.\n\n No resource provider with uuid 02bf37ef-d320-4da3-8bd3-25a0bc588e51 found for delete ", "request_id": "req-211dd623-c1b4-45c0-8e78-0da375727222"}]}
2026-07-15 00:17:11.750 9 INFO neutron.services.segments.plugin [-] Segment 7427d5e6-c6bc-4aff-bc2f-b27a094ce9bf resource provider aggregate not found
2026-07-15 00:17:11.758 9 INFO neutron.services.segments.plugin [-] Segment 7427d5e6-c6bc-4aff-bc2f-b27a094ce9bf resource provider aggregate not found
2026-07-15 00:17:11.763 9 INFO neutron.services.segments.plugin [-] Segment 7427d5e6-c6bc-4aff-bc2f-b27a094ce9bf resource provider not found; error: Placement Client Error (4xx): {"errors": [{"status": 404, "title": "Not Found", "detail": "The resource could not be found.\n\n No resource provider with uuid 7427d5e6-c6bc-4aff-bc2f-b27a094ce9bf found for delete ", "request_id": "req-43836a39-fe77-4080-815a-643fccc7775a"}]}
2026-07-15 00:17:11.777 9 INFO neutron.services.segments.plugin [-] Segment 953e0848-eb74-48f5-9455-1d51a342c2a8 resource provider aggregate not found
2026-07-15 00:17:11.781 9 INFO neutron.services.segments.plugin [-] Segment 7427d5e6-c6bc-4aff-bc2f-b27a094ce9bf resource provider not found; error: Placement Client Error (4xx): {"errors": [{"status": 404, "title": "Not Found", "detail": "The resource could not be found.\n\n No resource provider with uuid 7427d5e6-c6bc-4aff-bc2f-b27a094ce9bf found for delete ", "request_id": "req-48f597b7-3698-4bcb-91c6-2be7d1876981"}]}
2026-07-15 00:17:11.793 9 INFO neutron.services.segments.plugin [-] Segment 953e0848-eb74-48f5-9455-1d51a342c2a8 resource provider not found; error: Placement Client Error (4xx): {"errors": [{"status": 404, "title": "Not Found", "detail": "The resource could not be found.\n\n No resource provider with uuid 953e0848-eb74-48f5-9455-1d51a342c2a8 found for delete ", "request_id": "req-9c723a58-c941-4c05-bdeb-b14a4f8689df"}]}
2026-07-15 00:17:11.797 9 INFO neutron.services.segments.plugin [-] Segment 953e0848-eb74-48f5-9455-1d51a342c2a8 resource provider aggregate not found
2026-07-15 00:17:11.812 9 INFO neutron.services.segments.plugin [-] Segment 953e0848-eb74-48f5-9455-1d51a342c2a8 resource provider not found; error: Placement Client Error (4xx): {"errors": [{"status": 404, "title": "Not Found", "detail": "The resource could not be found.\n\n No resource provider with uuid 953e0848-eb74-48f5-9455-1d51a342c2a8 found for delete ", "request_id": "req-90312be6-a89b-466b-98b6-fdf9f5b9b8a4"}]}
2026-07-15 00:17:11.818 9 INFO neutron.services.segments.plugin [-] Segment cef79e9e-b4d5-4fb7-b11e-a507b876078c resource provider aggregate not found
2026-07-15 00:17:11.827 9 INFO neutron.services.segments.plugin [-] Segment cef79e9e-b4d5-4fb7-b11e-a507b876078c resource provider not found; error: Placement Client Error (4xx): {"errors": [{"status": 404, "title": "Not Found", "detail": "The resource could not be found.\n\n No resource provider with uuid cef79e9e-b4d5-4fb7-b11e-a507b876078c found for delete ", "request_id": "req-0f9bb63d-3ef3-420f-bbb9-f5c545f48b94"}]}
2026-07-15 00:17:11.830 9 INFO neutron.services.segments.plugin [-] Segment cef79e9e-b4d5-4fb7-b11e-a507b876078c resource provider aggregate not found
2026-07-15 00:17:11.839 9 INFO neutron.services.segments.plugin [-] Segment cef79e9e-b4d5-4fb7-b11e-a507b876078c resource provider not found; error: Placement Client Error (4xx): {"errors": [{"status": 404, "title": "Not Found", "detail": "The resource could not be found.\n\n No resource provider with uuid cef79e9e-b4d5-4fb7-b11e-a507b876078c found for delete ", "request_id": "req-d53ede55-4729-4296-a8ba-1db2465ed98f"}]}
2026-07-15 00:17:11.851 10 INFO neutron.db.ovn_revision_numbers_db [None req-d1060a80-9182-4743-b58a-5ee698dc35c6 b6f1cc05148e49bc93c3627c975805bd 8609fbc5d5da4972872048efefb8272a - - default default] Successfully bumped revision number for resource b142d607-ee7e-4822-9349-49526bcd6a43 (type: routers) to 11
2026-07-15 00:17:11.857 10 INFO neutron.api.wsgi [None req-d1060a80-9182-4743-b58a-5ee698dc35c6 b6f1cc05148e49bc93c3627c975805bd 8609fbc5d5da4972872048efefb8272a - - default default] 10.0.0.197 "PUT /v2.0/routers/b142d607-ee7e-4822-9349-49526bcd6a43 HTTP/1.1" status: 200 len: 1136 time: 1.0090437
2026-07-15 00:17:11.943 10 INFO neutron.api.wsgi [None req-537b6c07-dd56-4c00-b4e0-d4dc683670d7 b6f1cc05148e49bc93c3627c975805bd 8609fbc5d5da4972872048efefb8272a - - default default] 10.0.0.197 "GET /v2.0/ports?device_id=b142d607-ee7e-4822-9349-49526bcd6a43 HTTP/1.1" status: 200 len: 1140 time: 0.0808380
2026-07-15 00:17:12.053 10 INFO neutron.api.wsgi [None req-e1c3fddb-831c-4a9f-a862-58307d1c9800 06bbd1ce37784b188c8b912a4d9ab8b3 960b28e35ccd47e99505804431eb5e67 - - default default] 10.0.0.197 "GET /v2.0/security-groups?tenant_id=0ac5da583b6d4df9b280d1b7471611f0&name=default HTTP/1.1" status: 200 len: 3120 time: 0.0232146
2026-07-15 00:17:12.167 9 INFO neutron.db.ovn_revision_numbers_db [None req-86b8ca56-a86c-4d92-bfc5-32be51c89921 06bbd1ce37784b188c8b912a4d9ab8b3 960b28e35ccd47e99505804431eb5e67 - - default default] Successfully bumped revision number for resource 7b661764-776b-4adf-97f7-d5415a22f572 (type: security_groups) to 1
2026-07-15 00:17:12.189 9 INFO neutron.db.ovn_revision_numbers_db [None req-86b8ca56-a86c-4d92-bfc5-32be51c89921 06bbd1ce37784b188c8b912a4d9ab8b3 960b28e35ccd47e99505804431eb5e67 - - default default] Successfully bumped revision number for resource 85722a90-f59e-452d-bb1a-4df91a304be5 (type: security_group_rules) to 0
2026-07-15 00:17:12.206 9 INFO neutron.db.ovn_revision_numbers_db [None req-86b8ca56-a86c-4d92-bfc5-32be51c89921 06bbd1ce37784b188c8b912a4d9ab8b3 960b28e35ccd47e99505804431eb5e67 - - default default] Successfully bumped revision number for resource 897af97e-5f65-447f-af42-18cad15706e9 (type: security_group_rules) to 0
2026-07-15 00:17:12.217 10 INFO neutron.api.wsgi [None req-5a89c0f1-faec-4a88-957f-0f3c0b5a6d87 06bbd1ce37784b188c8b912a4d9ab8b3 960b28e35ccd47e99505804431eb5e67 - - default default] 10.0.0.197 "DELETE /v2.0/security-groups/79d25149-07e6-47a9-a088-dde924d2bdc4 HTTP/1.1" status: 204 len: 168 time: 0.1597207
2026-07-15 00:17:12.219 9 INFO neutron.db.ovn_revision_numbers_db [None req-86b8ca56-a86c-4d92-bfc5-32be51c89921 06bbd1ce37784b188c8b912a4d9ab8b3 960b28e35ccd47e99505804431eb5e67 - - default default] Successfully bumped revision number for resource b7226847-5ca0-4cf7-897f-45a8b97459da (type: security_group_rules) to 0
2026-07-15 00:17:12.236 9 INFO neutron.db.ovn_revision_numbers_db [None req-86b8ca56-a86c-4d92-bfc5-32be51c89921 06bbd1ce37784b188c8b912a4d9ab8b3 960b28e35ccd47e99505804431eb5e67 - - default default] Successfully bumped revision number for resource cf213c28-882e-45f1-9d7f-6a0ab2ba10c9 (type: security_group_rules) to 0
2026-07-15 00:17:12.271 9 INFO neutron.api.wsgi [None req-86b8ca56-a86c-4d92-bfc5-32be51c89921 06bbd1ce37784b188c8b912a4d9ab8b3 960b28e35ccd47e99505804431eb5e67 - - default default] 10.0.0.197 "GET /v2.0/security-groups?tenant_id=e50d2756bd1f473e91de25e3df562ed1&name=default HTTP/1.1" status: 200 len: 3124 time: 0.5101166
2026-07-15 00:17:12.364 10 INFO neutron.api.wsgi [None req-b9ff509c-c54c-42b5-b0b9-2841c5edddf3 06bbd1ce37784b188c8b912a4d9ab8b3 960b28e35ccd47e99505804431eb5e67 - - default default] 10.0.0.197 "GET /v2.0/security-groups?tenant_id=228a82b523ff483cadd613db699c5278&name=default HTTP/1.1" status: 200 len: 3120 time: 0.0249374
2026-07-15 00:17:12.514 9 INFO neutron.api.wsgi [None req-8268142a-2ad2-4f0e-b766-34b100414ad7 06bbd1ce37784b188c8b912a4d9ab8b3 960b28e35ccd47e99505804431eb5e67 - - default default] 10.0.0.197 "DELETE /v2.0/security-groups/7b661764-776b-4adf-97f7-d5415a22f572 HTTP/1.1" status: 204 len: 168 time: 0.2323582
2026-07-15 00:17:12.534 10 INFO neutron.api.wsgi [None req-e0c9bd65-b475-4267-884c-06315f3abe56 06bbd1ce37784b188c8b912a4d9ab8b3 960b28e35ccd47e99505804431eb5e67 - - default default] 10.0.0.197 "DELETE /v2.0/security-groups/dd00e79c-186b-474f-91fc-23ce88b3f7c6 HTTP/1.1" status: 204 len: 168 time: 0.1642015
2026-07-15 00:17:12.690 10 INFO neutron.api.wsgi [None req-b0369501-542a-45c4-960a-a38f7eedbf7e 06bbd1ce37784b188c8b912a4d9ab8b3 960b28e35ccd47e99505804431eb5e67 - - default default] 10.0.0.197 "GET /v2.0/security-groups?tenant_id=1f8b48bac8534a779921c747d4801eaa&name=default HTTP/1.1" status: 200 len: 3124 time: 0.0419133
2026-07-15 00:17:12.697 9 INFO neutron.api.wsgi [-] 10.0.0.116 "GET / HTTP/1.1" status: 200 len: 247 time: 0.0012562
2026-07-15 00:17:12.699 9 INFO neutron.api.wsgi [-] 10.0.0.116 "GET / HTTP/1.1" status: 200 len: 247 time: 0.0010414
2026-07-15 00:17:12.759 9 INFO neutron.api.wsgi [None req-ef4f2aea-2e49-4290-9491-ce748a68365c b6f1cc05148e49bc93c3627c975805bd 8609fbc5d5da4972872048efefb8272a - - default default] 10.0.0.197 "PUT /v2.0/routers/b142d607-ee7e-4822-9349-49526bcd6a43/remove_router_interface HTTP/1.1" status: 200 len: 503 time: 0.8099370 /var/lib/openstack/lib/python3.12/site-packages/pycadf/identifier.py:71: UserWarning: Invalid uuid: neutron. To ensure interoperability, identifiers should be a valid uuid. warnings.warn(('Invalid uuid: %s. To ensure interoperability, '
2026-07-15 00:17:12.886 10 INFO neutron.api.wsgi [None req-013582ed-24d0-43d5-97ba-830c42e065fb 06bbd1ce37784b188c8b912a4d9ab8b3 960b28e35ccd47e99505804431eb5e67 - - default default] 10.0.0.197 "DELETE /v2.0/security-groups/272229c8-8189-4bf3-98cb-791f0236a825 HTTP/1.1" status: 204 len: 168 time: 0.1917024
2026-07-15 00:17:13.145 10 INFO neutron.db.ovn_revision_numbers_db [None req-c5a9d50a-a66f-43da-b10e-628897bb715a 06bbd1ce37784b188c8b912a4d9ab8b3 960b28e35ccd47e99505804431eb5e67 - - default default] Successfully bumped revision number for resource 91da3986-62a3-4567-837c-71289698f1b2 (type: security_groups) to 1
2026-07-15 00:17:13.155 10 INFO neutron.db.ovn_revision_numbers_db [None req-c5a9d50a-a66f-43da-b10e-628897bb715a 06bbd1ce37784b188c8b912a4d9ab8b3 960b28e35ccd47e99505804431eb5e67 - - default default] Successfully bumped revision number for resource 1876493b-1842-4ada-b900-51181a7c99de (type: security_group_rules) to 0
2026-07-15 00:17:13.167 10 INFO neutron.db.ovn_revision_numbers_db [None req-c5a9d50a-a66f-43da-b10e-628897bb715a 06bbd1ce37784b188c8b912a4d9ab8b3 960b28e35ccd47e99505804431eb5e67 - - default default] Successfully bumped revision number for resource 3de66592-7158-4b6f-9765-7cf52f8dccd9 (type: security_group_rules) to 0
2026-07-15 00:17:13.179 10 INFO neutron.db.ovn_revision_numbers_db [None req-c5a9d50a-a66f-43da-b10e-628897bb715a 06bbd1ce37784b188c8b912a4d9ab8b3 960b28e35ccd47e99505804431eb5e67 - - default default] Successfully bumped revision number for resource bcf7135b-60f0-4571-939b-0ed90b2f29c4 (type: security_group_rules) to 0
2026-07-15 00:17:13.190 10 INFO neutron.db.ovn_revision_numbers_db [None req-c5a9d50a-a66f-43da-b10e-628897bb715a 06bbd1ce37784b188c8b912a4d9ab8b3 960b28e35ccd47e99505804431eb5e67 - - default default] Successfully bumped revision number for resource e1b4f76e-7c51-433d-95e6-c99730300f43 (type: security_group_rules) to 0
2026-07-15 00:17:13.217 10 INFO neutron.api.wsgi [None req-c5a9d50a-a66f-43da-b10e-628897bb715a 06bbd1ce37784b188c8b912a4d9ab8b3 960b28e35ccd47e99505804431eb5e67 - - default default] 10.0.0.197 "GET /v2.0/security-groups?tenant_id=78bc83f1b93b4078bca7ef0d07c37749&name=default HTTP/1.1" status: 200 len: 3124 time: 0.1755209
2026-07-15 00:17:13.352 9 INFO neutron.api.wsgi [None req-63221ec3-f5e7-4d2d-b66b-234e639b72fa b6f1cc05148e49bc93c3627c975805bd 8609fbc5d5da4972872048efefb8272a - - default default] 10.0.0.197 "DELETE /v2.0/routers/b142d607-ee7e-4822-9349-49526bcd6a43 HTTP/1.1" status: 204 len: 168 time: 0.5883484
2026-07-15 00:17:13.435 10 INFO neutron.api.wsgi [None req-0f0842f6-3e15-402b-adf6-a751c69eeba6 06bbd1ce37784b188c8b912a4d9ab8b3 960b28e35ccd47e99505804431eb5e67 - - default default] 10.0.0.197 "DELETE /v2.0/security-groups/91da3986-62a3-4567-837c-71289698f1b2 HTTP/1.1" status: 204 len: 168 time: 0.2133503
2026-07-15 00:17:13.438 9 INFO neutron.api.wsgi [None req-a9c06c66-3170-41b3-9f2b-de7fef9ec1b8 b6f1cc05148e49bc93c3627c975805bd 8609fbc5d5da4972872048efefb8272a - - default default] 10.0.0.197 "GET /v2.0/routers/a5869654-0a9a-4482-86bc-8daef412f003 HTTP/1.1" status: 200 len: 1136 time: 0.0817506
2026-07-15 00:17:14.095 9 INFO neutron.db.ovn_revision_numbers_db [None req-ab66f187-c624-4b13-bc1b-3cba26bd75b3 b6f1cc05148e49bc93c3627c975805bd 8609fbc5d5da4972872048efefb8272a - - default default] Successfully bumped revision number for resource a5869654-0a9a-4482-86bc-8daef412f003 (type: routers) to 5
2026-07-15 00:17:14.101 9 INFO neutron.api.wsgi [None req-ab66f187-c624-4b13-bc1b-3cba26bd75b3 b6f1cc05148e49bc93c3627c975805bd 8609fbc5d5da4972872048efefb8272a - - default default] 10.0.0.197 "PUT /v2.0/routers/a5869654-0a9a-4482-86bc-8daef412f003 HTTP/1.1" status: 200 len: 1136 time: 0.6565495
2026-07-15 00:17:14.177 9 INFO neutron.api.wsgi [None req-21bb90a4-3861-4e72-9a1a-4e1b4b42f461 b6f1cc05148e49bc93c3627c975805bd 8609fbc5d5da4972872048efefb8272a - - default default] 10.0.0.197 "GET /v2.0/ports?device_id=a5869654-0a9a-4482-86bc-8daef412f003 HTTP/1.1" status: 200 len: 1144 time: 0.0714376
2026-07-15 00:17:14.937 9 INFO neutron.api.wsgi [None req-8f615f37-d8c9-4a05-83b5-1720deb16280 b6f1cc05148e49bc93c3627c975805bd 8609fbc5d5da4972872048efefb8272a - - default default] 10.0.0.197 "PUT /v2.0/routers/a5869654-0a9a-4482-86bc-8daef412f003/remove_router_interface HTTP/1.1" status: 200 len: 503 time: 0.7555895
2026-07-15 00:17:15.684 10 INFO neutron.api.wsgi [None req-f029948e-48b1-4dda-a138-2fe3a0d2cdd7 b6f1cc05148e49bc93c3627c975805bd 8609fbc5d5da4972872048efefb8272a - - default default] 10.0.0.197 "DELETE /v2.0/routers/a5869654-0a9a-4482-86bc-8daef412f003 HTTP/1.1" status: 204 len: 168 time: 0.7405968
2026-07-15 00:17:15.753 10 INFO neutron.api.wsgi [None req-3752f6f8-7bd1-4c3a-8651-6b025a036fc4 b6f1cc05148e49bc93c3627c975805bd 8609fbc5d5da4972872048efefb8272a - - default default] 10.0.0.197 "GET /v2.0/routers/9db4e6ba-7616-47a3-a805-c24fe08048f0 HTTP/1.1" status: 200 len: 1136 time: 0.0627861
2026-07-15 00:17:16.445 10 INFO neutron.db.ovn_revision_numbers_db [None req-1d0136ab-34b6-4db5-8092-1d9cacbdb9f8 b6f1cc05148e49bc93c3627c975805bd 8609fbc5d5da4972872048efefb8272a - - default default] Successfully bumped revision number for resource 9db4e6ba-7616-47a3-a805-c24fe08048f0 (type: routers) to 5
2026-07-15 00:17:16.452 10 INFO neutron.api.wsgi [None req-1d0136ab-34b6-4db5-8092-1d9cacbdb9f8 b6f1cc05148e49bc93c3627c975805bd 8609fbc5d5da4972872048efefb8272a - - default default] 10.0.0.197 "PUT /v2.0/routers/9db4e6ba-7616-47a3-a805-c24fe08048f0 HTTP/1.1" status: 200 len: 1136 time: 0.6941531
2026-07-15 00:17:16.554 10 INFO neutron.api.wsgi [None req-b9cd4382-ab01-4794-a973-a1a1c102f9a5 b6f1cc05148e49bc93c3627c975805bd 8609fbc5d5da4972872048efefb8272a - - default default] 10.0.0.197 "GET /v2.0/ports?device_id=9db4e6ba-7616-47a3-a805-c24fe08048f0 HTTP/1.1" status: 200 len: 1144 time: 0.0964983 /var/lib/openstack/lib/python3.12/site-packages/pycadf/identifier.py:71: UserWarning: Invalid uuid: neutron. To ensure interoperability, identifiers should be a valid uuid. warnings.warn(('Invalid uuid: %s. To ensure interoperability, '
2026-07-15 00:17:16.692 9 WARNING neutron_lib.context [None req-b1034902-670c-4c75-a070-ea0b65326173 f7caa4afdd8e4bec809eb3a5af04247c 2678ad69cf884fc78c21fdd1c065f338 - - default default] Method 'is_advsvc' is deprecated since 2023.2 release (neutron-lib 3.8.0) and will be removed once support for the old RBAC API policies will be removed from Neutron. Please use method 'is_service_role' instead.
2026-07-15 00:17:16.700 9 INFO neutron.api.wsgi [None req-510cd62c-9263-437c-8053-6f1537e613f5 6aed35b4231144fcaeb7f526e54efcdb 78c2293a92c040a2937039366cdb8c51 - - default default] 10.0.0.197 "POST /v2.0/qos/policies HTTP/1.1" status: 201 len: 558 time: 0.1103978
2026-07-15 00:17:16.743 9 INFO neutron.api.wsgi [None req-1ff21d68-9150-4361-9ccd-16c0f9f1accd 6aed35b4231144fcaeb7f526e54efcdb 78c2293a92c040a2937039366cdb8c51 - - default default] 10.0.0.197 "POST /v2.0/qos/policies HTTP/1.1" status: 201 len: 558 time: 0.0376613
2026-07-15 00:17:16.785 9 INFO neutron.api.wsgi [None req-55a9c873-bfee-4c33-9396-966eaace1b3b 6aed35b4231144fcaeb7f526e54efcdb 78c2293a92c040a2937039366cdb8c51 - - default default] 10.0.0.197 "POST /v2.0/qos/policies HTTP/1.1" status: 201 len: 558 time: 0.0363612
2026-07-15 00:17:16.822 9 INFO neutron.api.wsgi [None req-1bf7762f-3696-422b-b84f-8dfc21371736 6aed35b4231144fcaeb7f526e54efcdb 78c2293a92c040a2937039366cdb8c51 - - default default] 10.0.0.197 "POST /v2.0/qos/policies HTTP/1.1" status: 201 len: 558 time: 0.0327682
2026-07-15 00:17:16.831 9 INFO neutron.db.ovn_revision_numbers_db [None req-b1034902-670c-4c75-a070-ea0b65326173 f7caa4afdd8e4bec809eb3a5af04247c 2678ad69cf884fc78c21fdd1c065f338 - - default default] Successfully bumped revision number for resource eebe15ec-5eb9-493e-9abc-60ad3b7a2cca (type: security_groups) to 1
2026-07-15 00:17:16.845 9 INFO neutron.db.ovn_revision_numbers_db [None req-b1034902-670c-4c75-a070-ea0b65326173 f7caa4afdd8e4bec809eb3a5af04247c 2678ad69cf884fc78c21fdd1c065f338 - - default default] Successfully bumped revision number for resource 26713e77-6b06-4942-8c67-ffb671817258 (type: security_group_rules) to 0
2026-07-15 00:17:16.863 9 INFO neutron.api.wsgi [None req-4214c67f-a2f4-4144-ab13-c23b58dc2f92 6aed35b4231144fcaeb7f526e54efcdb 78c2293a92c040a2937039366cdb8c51 - - default default] 10.0.0.197 "POST /v2.0/qos/policies HTTP/1.1" status: 201 len: 558 time: 0.0362914
2026-07-15 00:17:16.866 9 INFO neutron.db.ovn_revision_numbers_db [None req-b1034902-670c-4c75-a070-ea0b65326173 f7caa4afdd8e4bec809eb3a5af04247c 2678ad69cf884fc78c21fdd1c065f338 - - default default] Successfully bumped revision number for resource 46a0d77f-6b72-47d3-a167-29ef59b2b6e5 (type: security_group_rules) to 0
2026-07-15 00:17:16.891 9 INFO neutron.db.ovn_revision_numbers_db [None req-b1034902-670c-4c75-a070-ea0b65326173 f7caa4afdd8e4bec809eb3a5af04247c 2678ad69cf884fc78c21fdd1c065f338 - - default default] Successfully bumped revision number for resource 5a6e2bb6-120f-4fbe-ad55-19beae2efe8c (type: security_group_rules) to 0
2026-07-15 00:17:16.900 9 INFO neutron.api.wsgi [None req-743dccb2-1fe3-4b3a-84bd-c7d654a27469 6aed35b4231144fcaeb7f526e54efcdb 78c2293a92c040a2937039366cdb8c51 - - default default] 10.0.0.197 "PUT /v2.0/policies/d7a91772-6656-41a2-b673-4755b2c55bfa/tags HTTP/1.1" status: 200 len: 210 time: 0.0307567
2026-07-15 00:17:16.910 9 INFO neutron.db.ovn_revision_numbers_db [None req-b1034902-670c-4c75-a070-ea0b65326173 f7caa4afdd8e4bec809eb3a5af04247c 2678ad69cf884fc78c21fdd1c065f338 - - default default] Successfully bumped revision number for resource a8479e83-0b38-4644-acc9-fbeb02d528fa (type: security_group_rules) to 0
2026-07-15 00:17:16.950 9 INFO neutron.api.wsgi [None req-db4e64f7-db09-4e9e-ad78-5c5bd7a3eab3 6aed35b4231144fcaeb7f526e54efcdb 78c2293a92c040a2937039366cdb8c51 - - default default] 10.0.0.197 "PUT /v2.0/policies/2de388ed-aa81-4941-9bb8-b03e2b18eee6/tags HTTP/1.1" status: 200 len: 218 time: 0.0450256
2026-07-15 00:17:16.997 9 INFO neutron.api.wsgi [None req-594fea52-a568-4cc7-9857-01ec4f31143f 6aed35b4231144fcaeb7f526e54efcdb 78c2293a92c040a2937039366cdb8c51 - - default default] 10.0.0.197 "PUT /v2.0/policies/e3fdee96-070b-439e-bba6-d460342f78af/tags HTTP/1.1" status: 200 len: 227 time: 0.0416720
2026-07-15 00:17:17.001 9 INFO neutron.db.segments_db [None req-b1034902-670c-4c75-a070-ea0b65326173 f7caa4afdd8e4bec809eb3a5af04247c 2678ad69cf884fc78c21fdd1c065f338 - - default default] Added segment f745cb54-d67f-4f32-ac78-8601d112133f of type geneve for network 113c1fd4-0657-46c2-8fb2-a31ba1095394
2026-07-15 00:17:17.026 9 INFO neutron.api.wsgi [None req-d44784f4-ce42-4d34-bcdd-9bfade55cabb 6aed35b4231144fcaeb7f526e54efcdb 78c2293a92c040a2937039366cdb8c51 - - default default] 10.0.0.197 "PUT /v2.0/policies/edcf0ddb-9455-4fbf-af7a-28138779f354/tags HTTP/1.1" status: 200 len: 212 time: 0.0236146
2026-07-15 00:17:17.106 9 INFO neutron.db.ovn_revision_numbers_db [None req-b1034902-670c-4c75-a070-ea0b65326173 f7caa4afdd8e4bec809eb3a5af04247c 2678ad69cf884fc78c21fdd1c065f338 - - default default] Successfully bumped revision number for resource 113c1fd4-0657-46c2-8fb2-a31ba1095394 (type: networks) to 1
2026-07-15 00:17:17.229 10 INFO neutron.api.wsgi [None req-82ac8954-36af-4384-a6c5-ea9bb0e400d5 b6f1cc05148e49bc93c3627c975805bd 8609fbc5d5da4972872048efefb8272a - - default default] 10.0.0.197 "PUT /v2.0/routers/9db4e6ba-7616-47a3-a805-c24fe08048f0/remove_router_interface HTTP/1.1" status: 200 len: 503 time: 0.6708829 /var/lib/openstack/lib/python3.12/site-packages/pycadf/identifier.py:71: UserWarning: Invalid uuid: neutron. To ensure interoperability, identifiers should be a valid uuid. warnings.warn(('Invalid uuid: %s. To ensure interoperability, '
2026-07-15 00:17:17.259 9 WARNING neutron.scheduler.dhcp_agent_scheduler [None req-b1034902-670c-4c75-a070-ea0b65326173 f7caa4afdd8e4bec809eb3a5af04247c 2678ad69cf884fc78c21fdd1c065f338 - - default default] No more DHCP agents
2026-07-15 00:17:17.260 9 WARNING neutron.api.rpc.agentnotifiers.dhcp_rpc_agent_api [None req-b1034902-670c-4c75-a070-ea0b65326173 f7caa4afdd8e4bec809eb3a5af04247c 2678ad69cf884fc78c21fdd1c065f338 - - default default] Unable to schedule network 113c1fd4-0657-46c2-8fb2-a31ba1095394: no agents available; will retry on subsequent port and subnet creation events.
2026-07-15 00:17:17.327 9 INFO neutron.db.ovn_revision_numbers_db [None req-b1034902-670c-4c75-a070-ea0b65326173 f7caa4afdd8e4bec809eb3a5af04247c 2678ad69cf884fc78c21fdd1c065f338 - - default default] Successfully bumped revision number for resource 70c328ee-5412-42a5-a2ed-0f0189fab789 (type: ports) to 1
2026-07-15 00:17:17.347 9 INFO neutron.api.wsgi [None req-b1034902-670c-4c75-a070-ea0b65326173 f7caa4afdd8e4bec809eb3a5af04247c 2678ad69cf884fc78c21fdd1c065f338 - - default default] 10.0.0.197 "POST /v2.0/networks HTTP/1.1" status: 201 len: 830 time: 0.6960895
2026-07-15 00:17:17.393 9 INFO neutron.api.wsgi [None req-aa306484-f50c-4360-b935-1774871e0858 f7caa4afdd8e4bec809eb3a5af04247c 2678ad69cf884fc78c21fdd1c065f338 - - default default] 10.0.0.197 "PUT /v2.0/networks/113c1fd4-0657-46c2-8fb2-a31ba1095394/tags HTTP/1.1" status: 200 len: 218 time: 0.0396636
2026-07-15 00:17:17.445 10 INFO neutron.api.wsgi [None req-c49a23ad-133e-46d7-9ee2-ff4537b7579a f7caa4afdd8e4bec809eb3a5af04247c 2678ad69cf884fc78c21fdd1c065f338 - - default default] 10.0.0.197 "GET /v2.0/networks/113c1fd4-0657-46c2-8fb2-a31ba1095394/tags HTTP/1.1" status: 200 len: 218 time: 0.0470364
2026-07-15 00:17:17.488 9 INFO neutron.api.wsgi [None req-e3d2d4fd-0d8f-42f8-837c-008c74e482ed f7caa4afdd8e4bec809eb3a5af04247c 2678ad69cf884fc78c21fdd1c065f338 - - default default] 10.0.0.197 "PUT /v2.0/networks/113c1fd4-0657-46c2-8fb2-a31ba1095394/tags/green HTTP/1.1" status: 201 len: 201 time: 0.0378151
2026-07-15 00:17:17.505 10 INFO neutron.api.wsgi [None req-94a175b3-3db1-4847-b10c-04704ad70ee5 ac9cc6c0b7eb47c180adbb2cf0695148 1c31dcc68a174ae2a125da1b69edd02e - - default default] 10.0.0.197 "GET /v2.0/qos/policies?tags=red HTTP/1.1" status: 200 len: 1296 time: 0.1260643
2026-07-15 00:17:17.530 9 INFO neutron.api.wsgi [None req-c931e48e-24b7-46fc-adbe-c9a83bb58dd3 f7caa4afdd8e4bec809eb3a5af04247c 2678ad69cf884fc78c21fdd1c065f338 - - default default] 10.0.0.197 "GET /v2.0/networks/113c1fd4-0657-46c2-8fb2-a31ba1095394/tags HTTP/1.1" status: 200 len: 227 time: 0.0353286
2026-07-15 00:17:17.562 9 INFO neutron.api.wsgi [None req-7209afb4-79f1-48db-b9ea-daf64104c9d9 f7caa4afdd8e4bec809eb3a5af04247c 2678ad69cf884fc78c21fdd1c065f338 - - default default] 10.0.0.197 "PUT /v2.0/networks/113c1fd4-0657-46c2-8fb2-a31ba1095394/tags/red HTTP/1.1" status: 201 len: 201 time: 0.0250928
2026-07-15 00:17:17.572 9 INFO neutron.api.wsgi [None req-2a321b99-60e7-42bf-8c5c-528a6784aaea ac9cc6c0b7eb47c180adbb2cf0695148 1c31dcc68a174ae2a125da1b69edd02e - - default default] 10.0.0.197 "GET /v2.0/qos/policies?tags=red%2Cblue HTTP/1.1" status: 200 len: 941 time: 0.0618906
2026-07-15 00:17:17.588 9 INFO neutron.api.wsgi [None req-f8653201-0036-4908-9c87-03db628aa12f f7caa4afdd8e4bec809eb3a5af04247c 2678ad69cf884fc78c21fdd1c065f338 - - default default] 10.0.0.197 "GET /v2.0/networks/113c1fd4-0657-46c2-8fb2-a31ba1095394/tags HTTP/1.1" status: 200 len: 227 time: 0.0216365
2026-07-15 00:17:17.627 9 INFO neutron.api.wsgi [None req-954b5483-210b-4a21-9609-156876bd1266 f7caa4afdd8e4bec809eb3a5af04247c 2678ad69cf884fc78c21fdd1c065f338 - - default default] 10.0.0.197 "PUT /v2.0/networks/113c1fd4-0657-46c2-8fb2-a31ba1095394/tags/black.or.white HTTP/1.1" status: 201 len: 201 time: 0.0344849
2026-07-15 00:17:17.638 10 INFO neutron.api.wsgi [None req-de3cbc6a-5f8d-4e38-8f91-d4762375eceb ac9cc6c0b7eb47c180adbb2cf0695148 1c31dcc68a174ae2a125da1b69edd02e - - default default] 10.0.0.197 "GET /v2.0/qos/policies?tags-any=blue HTTP/1.1" status: 200 len: 941 time: 0.0605142
2026-07-15 00:17:17.665 9 INFO neutron.api.wsgi [None req-20dbc358-3a79-4dff-8593-d14b89a4867d f7caa4afdd8e4bec809eb3a5af04247c 2678ad69cf884fc78c21fdd1c065f338 - - default default] 10.0.0.197 "GET /v2.0/networks/113c1fd4-0657-46c2-8fb2-a31ba1095394/tags HTTP/1.1" status: 200 len: 245 time: 0.0344772
2026-07-15 00:17:17.716 9 INFO neutron.api.wsgi [None req-b85d01f5-c986-4793-b0be-658156876f62 ac9cc6c0b7eb47c180adbb2cf0695148 1c31dcc68a174ae2a125da1b69edd02e - - default default] 10.0.0.197 "GET /v2.0/qos/policies?tags-any=red%2Cblue HTTP/1.1" status: 200 len: 1296 time: 0.0727816
2026-07-15 00:17:17.718 9 INFO neutron.api.wsgi [None req-6063da61-9a2c-4041-82af-c083fcffe2c2 f7caa4afdd8e4bec809eb3a5af04247c 2678ad69cf884fc78c21fdd1c065f338 - - default default] 10.0.0.197 "PUT /v2.0/networks/113c1fd4-0657-46c2-8fb2-a31ba1095394/tags HTTP/1.1" status: 200 len: 230 time: 0.0443428
2026-07-15 00:17:17.754 9 INFO neutron.api.wsgi [None req-fe6957d2-a505-4a1d-9c5d-4d981b0d0d2a f7caa4afdd8e4bec809eb3a5af04247c 2678ad69cf884fc78c21fdd1c065f338 - - default default] 10.0.0.197 "GET /v2.0/networks/113c1fd4-0657-46c2-8fb2-a31ba1095394/tags HTTP/1.1" status: 200 len: 230 time: 0.0278978
2026-07-15 00:17:17.773 9 INFO neutron.api.wsgi [None req-0256098c-d900-4956-9a46-49ad9658202a ac9cc6c0b7eb47c180adbb2cf0695148 1c31dcc68a174ae2a125da1b69edd02e - - default default] 10.0.0.197 "GET /v2.0/qos/policies?not-tags=red HTTP/1.1" status: 200 len: 913 time: 0.0521498
2026-07-15 00:17:17.793 9 INFO neutron.api.wsgi [None req-5c81ad3e-7a02-47d8-81be-7e49c6207d88 f7caa4afdd8e4bec809eb3a5af04247c 2678ad69cf884fc78c21fdd1c065f338 - - default default] 10.0.0.197 "GET /v2.0/networks/113c1fd4-0657-46c2-8fb2-a31ba1095394/tags/red HTTP/1.1" status: 204 len: 168 time: 0.0352826
2026-07-15 00:17:17.825 9 INFO neutron.api.v2.resource [None req-77187916-a19d-450f-8499-2e5065bed11a f7caa4afdd8e4bec809eb3a5af04247c 2678ad69cf884fc78c21fdd1c065f338 - - default default] show failed (client error): The resource could not be found.
2026-07-15 00:17:17.826 9 INFO neutron.api.wsgi [None req-77187916-a19d-450f-8499-2e5065bed11a f7caa4afdd8e4bec809eb3a5af04247c 2678ad69cf884fc78c21fdd1c065f338 - - default default] 10.0.0.197 "GET /v2.0/networks/113c1fd4-0657-46c2-8fb2-a31ba1095394/tags/green HTTP/1.1" status: 404 len: 299 time: 0.0276091
