2026-07-15 00:14:48.670 10 INFO neutron.db.ovn_revision_numbers_db [None req-a200f9c4-ac3a-4d15-a15b-6261603839e4 09c5fb97cb464d15bee8acd4c5e4418a 58351c5233da440797acedf9e54962a0 - - default default] Successfully bumped revision number for resource b999956d-f9ef-4704-8c1d-bfa5cc9a30cb (type: ports) to 2
2026-07-15 00:14:49.271 9 WARNING neutron.plugins.ml2.drivers.ovn.mech_driver.ovsdb.ovn_client [None req-62d77ac9-c25e-4627-bfa8-a9c3dbff5920 - - - - - -] No port found with ID 6758a2d8-88e3-45c3-a1f6-ef11d261cc1d: RuntimeError: No port found with ID 6758a2d8-88e3-45c3-a1f6-ef11d261cc1d
2026-07-15 00:14:49.283 9 WARNING neutron_lib.context [None req-ba78aeb6-69ac-4b7b-8af0-37d36fd79f4f cf11d30b59ba49899071e9c562350fa9 c36199a27b1945d88c54cee2631c5154 - - default default] Method 'is_advsvc' is deprecated since 2023.2 release (neutron-lib 3.8.0) and will be removed once support for the old RBAC API policies will be removed from Neutron. Please use method 'is_service_role' instead.
2026-07-15 00:14:49.330 10 INFO neutron.db.ovn_revision_numbers_db [None req-f6d26af2-7198-4d67-b4d9-bb64a26d4892 - - - - - -] Successfully bumped revision number for resource b999956d-f9ef-4704-8c1d-bfa5cc9a30cb (type: ports) to 3
2026-07-15 00:14:49.434 9 INFO neutron.db.ovn_revision_numbers_db [None req-ba78aeb6-69ac-4b7b-8af0-37d36fd79f4f cf11d30b59ba49899071e9c562350fa9 c36199a27b1945d88c54cee2631c5154 - - default default] Successfully bumped revision number for resource 86c07bd4-dcdc-47b6-ba8b-bf2062623cdc (type: security_groups) to 1
2026-07-15 00:14:49.449 9 INFO neutron.db.ovn_revision_numbers_db [None req-ba78aeb6-69ac-4b7b-8af0-37d36fd79f4f cf11d30b59ba49899071e9c562350fa9 c36199a27b1945d88c54cee2631c5154 - - default default] Successfully bumped revision number for resource 0b2ae699-4120-4446-a184-a247c5651540 (type: security_group_rules) to 0
2026-07-15 00:14:49.462 9 INFO neutron.db.ovn_revision_numbers_db [None req-ba78aeb6-69ac-4b7b-8af0-37d36fd79f4f cf11d30b59ba49899071e9c562350fa9 c36199a27b1945d88c54cee2631c5154 - - default default] Successfully bumped revision number for resource 40e0b0b6-3970-4d01-8b9f-e7a17af1a1e3 (type: security_group_rules) to 0
2026-07-15 00:14:49.476 9 INFO neutron.db.ovn_revision_numbers_db [None req-ba78aeb6-69ac-4b7b-8af0-37d36fd79f4f cf11d30b59ba49899071e9c562350fa9 c36199a27b1945d88c54cee2631c5154 - - default default] Successfully bumped revision number for resource a5d20333-8fca-4a93-b5cb-3caf36ed862c (type: security_group_rules) to 0
2026-07-15 00:14:49.488 9 INFO neutron.db.ovn_revision_numbers_db [None req-ba78aeb6-69ac-4b7b-8af0-37d36fd79f4f cf11d30b59ba49899071e9c562350fa9 c36199a27b1945d88c54cee2631c5154 - - default default] Successfully bumped revision number for resource e42d52e4-8cbe-4830-9462-80d33a759950 (type: security_group_rules) to 0
2026-07-15 00:14:49.493 10 INFO neutron.db.ovn_revision_numbers_db [None req-a200f9c4-ac3a-4d15-a15b-6261603839e4 09c5fb97cb464d15bee8acd4c5e4418a 58351c5233da440797acedf9e54962a0 - - default default] Successfully bumped revision number for resource b999956d-f9ef-4704-8c1d-bfa5cc9a30cb (type: ports) to 3
2026-07-15 00:14:49.548 9 INFO neutron.db.segments_db [None req-ba78aeb6-69ac-4b7b-8af0-37d36fd79f4f cf11d30b59ba49899071e9c562350fa9 c36199a27b1945d88c54cee2631c5154 - - default default] Added segment 9fea2c69-18a6-47fe-8f87-32fdbc9b9b41 of type geneve for network 5cf2398c-6b82-4d5a-a63a-affdd4527556
2026-07-15 00:14:49.551 10 WARNING neutron.scheduler.dhcp_agent_scheduler [None req-a200f9c4-ac3a-4d15-a15b-6261603839e4 09c5fb97cb464d15bee8acd4c5e4418a 58351c5233da440797acedf9e54962a0 - - default default] No more DHCP agents
2026-07-15 00:14:49.552 10 WARNING neutron.api.rpc.agentnotifiers.dhcp_rpc_agent_api [None req-a200f9c4-ac3a-4d15-a15b-6261603839e4 09c5fb97cb464d15bee8acd4c5e4418a 58351c5233da440797acedf9e54962a0 - - default default] Unable to schedule network 42e7ced4-8280-4dc3-b784-a18b824d2d87: no agents available; will retry on subsequent port and subnet creation events. /var/lib/openstack/lib/python3.12/site-packages/pycadf/identifier.py:71: UserWarning: Invalid uuid: neutron. To ensure interoperability, identifiers should be a valid uuid. warnings.warn(('Invalid uuid: %s. To ensure interoperability, '
2026-07-15 00:14:49.650 9 INFO neutron.db.ovn_revision_numbers_db [None req-ba78aeb6-69ac-4b7b-8af0-37d36fd79f4f cf11d30b59ba49899071e9c562350fa9 c36199a27b1945d88c54cee2631c5154 - - default default] Successfully bumped revision number for resource 5cf2398c-6b82-4d5a-a63a-affdd4527556 (type: networks) to 1
2026-07-15 00:14:49.749 10 INFO neutron.db.ovn_revision_numbers_db [None req-63304a4f-12d5-43cf-a748-670c42ec9d77 06bbd1ce37784b188c8b912a4d9ab8b3 960b28e35ccd47e99505804431eb5e67 - - default default] Successfully bumped revision number for resource 5811f2a7-a2d0-43db-b98a-7e7d9fe9f5dc (type: security_groups) to 1
2026-07-15 00:14:49.763 10 INFO neutron.db.ovn_revision_numbers_db [None req-63304a4f-12d5-43cf-a748-670c42ec9d77 06bbd1ce37784b188c8b912a4d9ab8b3 960b28e35ccd47e99505804431eb5e67 - - default default] Successfully bumped revision number for resource 376bb309-ec7b-4d1e-bba6-669174a73903 (type: security_group_rules) to 0
2026-07-15 00:14:49.779 10 INFO neutron.db.ovn_revision_numbers_db [None req-63304a4f-12d5-43cf-a748-670c42ec9d77 06bbd1ce37784b188c8b912a4d9ab8b3 960b28e35ccd47e99505804431eb5e67 - - default default] Successfully bumped revision number for resource 6ebed842-f84c-46e4-aea7-e75d4e5d3c72 (type: security_group_rules) to 0
2026-07-15 00:14:49.793 10 INFO neutron.db.ovn_revision_numbers_db [None req-a200f9c4-ac3a-4d15-a15b-6261603839e4 09c5fb97cb464d15bee8acd4c5e4418a 58351c5233da440797acedf9e54962a0 - - default default] Successfully bumped revision number for resource b999956d-f9ef-4704-8c1d-bfa5cc9a30cb (type: router_ports) to 3
2026-07-15 00:14:49.798 10 INFO neutron.api.wsgi [None req-a200f9c4-ac3a-4d15-a15b-6261603839e4 09c5fb97cb464d15bee8acd4c5e4418a 58351c5233da440797acedf9e54962a0 - - default default] 10.0.0.197 "PUT /v2.0/routers/dcfd398d-1eec-4b97-8f5b-172b9b547815/add_router_interface HTTP/1.1" status: 200 len: 503 time: 1.5750191
2026-07-15 00:14:49.799 10 INFO neutron.db.ovn_revision_numbers_db [None req-63304a4f-12d5-43cf-a748-670c42ec9d77 06bbd1ce37784b188c8b912a4d9ab8b3 960b28e35ccd47e99505804431eb5e67 - - default default] Successfully bumped revision number for resource 78b1de8c-19ce-4f44-a0e4-5c52f911d686 (type: security_group_rules) to 0
2026-07-15 00:14:49.819 10 INFO neutron.db.ovn_revision_numbers_db [None req-63304a4f-12d5-43cf-a748-670c42ec9d77 06bbd1ce37784b188c8b912a4d9ab8b3 960b28e35ccd47e99505804431eb5e67 - - default default] Successfully bumped revision number for resource db93f7ac-0389-405c-8908-402a170c1020 (type: security_group_rules) to 0
2026-07-15 00:14:49.829 9 WARNING neutron.scheduler.dhcp_agent_scheduler [None req-ba78aeb6-69ac-4b7b-8af0-37d36fd79f4f cf11d30b59ba49899071e9c562350fa9 c36199a27b1945d88c54cee2631c5154 - - default default] No more DHCP agents
2026-07-15 00:14:49.832 9 WARNING neutron.api.rpc.agentnotifiers.dhcp_rpc_agent_api [None req-ba78aeb6-69ac-4b7b-8af0-37d36fd79f4f cf11d30b59ba49899071e9c562350fa9 c36199a27b1945d88c54cee2631c5154 - - default default] Unable to schedule network 5cf2398c-6b82-4d5a-a63a-affdd4527556: no agents available; will retry on subsequent port and subnet creation events.
2026-07-15 00:14:49.833 10 INFO neutron.api.wsgi [None req-f5467a17-1519-48b0-bbcc-b0b5dc7b2e2f 09c5fb97cb464d15bee8acd4c5e4418a 58351c5233da440797acedf9e54962a0 - - default default] 10.0.0.197 "GET /v2.0/ports/b999956d-f9ef-4704-8c1d-bfa5cc9a30cb HTTP/1.1" status: 200 len: 1220 time: 0.0306768
2026-07-15 00:14:49.854 10 INFO neutron.api.wsgi [None req-63304a4f-12d5-43cf-a748-670c42ec9d77 06bbd1ce37784b188c8b912a4d9ab8b3 960b28e35ccd47e99505804431eb5e67 - - default default] 10.0.0.197 "GET /v2.0/security-groups?tenant_id=6d1abd81fa1b4e2aa71938e5f9c2197a&name=default HTTP/1.1" status: 200 len: 3120 time: 0.4109142
2026-07-15 00:14:49.967 9 INFO neutron.db.ovn_revision_numbers_db [None req-ba78aeb6-69ac-4b7b-8af0-37d36fd79f4f cf11d30b59ba49899071e9c562350fa9 c36199a27b1945d88c54cee2631c5154 - - default default] Successfully bumped revision number for resource a484e3b4-8cea-4b5d-acf4-7499bc0ae6f6 (type: ports) to 1
2026-07-15 00:14:50.013 9 INFO neutron.api.wsgi [None req-ba78aeb6-69ac-4b7b-8af0-37d36fd79f4f cf11d30b59ba49899071e9c562350fa9 c36199a27b1945d88c54cee2631c5154 - - default default] 10.0.0.197 "POST /v2.0/networks HTTP/1.1" status: 201 len: 831 time: 0.9196339
2026-07-15 00:14:50.028 10 WARNING neutron_lib.context [None req-d25563ac-55d4-4282-813f-f9647cfde4ab cf11d30b59ba49899071e9c562350fa9 c36199a27b1945d88c54cee2631c5154 - - default default] Method 'is_advsvc' is deprecated since 2023.2 release (neutron-lib 3.8.0) and will be removed once support for the old RBAC API policies will be removed from Neutron. Please use method 'is_service_role' instead.
2026-07-15 00:14:50.086 10 INFO neutron.api.wsgi [None req-078fdc62-adbc-4cdb-92aa-597c5ecb998e 06bbd1ce37784b188c8b912a4d9ab8b3 960b28e35ccd47e99505804431eb5e67 - - default default] 10.0.0.197 "DELETE /v2.0/security-groups/5811f2a7-a2d0-43db-b98a-7e7d9fe9f5dc HTTP/1.1" status: 204 len: 168 time: 0.2270827
2026-07-15 00:14:50.440 10 WARNING neutron.scheduler.dhcp_agent_scheduler [None req-d25563ac-55d4-4282-813f-f9647cfde4ab cf11d30b59ba49899071e9c562350fa9 c36199a27b1945d88c54cee2631c5154 - - default default] No more DHCP agents
2026-07-15 00:14:50.441 10 WARNING neutron.api.rpc.agentnotifiers.dhcp_rpc_agent_api [None req-d25563ac-55d4-4282-813f-f9647cfde4ab cf11d30b59ba49899071e9c562350fa9 c36199a27b1945d88c54cee2631c5154 - - default default] Unable to schedule network 11c62d4d-75c2-42dc-a014-8b9c456f30a2: no agents available; will retry on subsequent port and subnet creation events.
2026-07-15 00:14:50.472 9 INFO neutron.api.wsgi [None req-06fb6f66-bccb-4e8c-b847-fee649394938 09c5fb97cb464d15bee8acd4c5e4418a 58351c5233da440797acedf9e54962a0 - - default default] 10.0.0.197 "PUT /v2.0/routers/dcfd398d-1eec-4b97-8f5b-172b9b547815/remove_router_interface HTTP/1.1" status: 200 len: 503 time: 0.6337235 /var/lib/openstack/lib/python3.12/site-packages/pycadf/identifier.py:71: UserWarning: Invalid uuid: neutron. To ensure interoperability, identifiers should be a valid uuid. warnings.warn(('Invalid uuid: %s. To ensure interoperability, '
2026-07-15 00:14:50.515 9 INFO neutron.api.v2.resource [None req-57f76fd6-fc51-4d13-8042-86a36c673b43 09c5fb97cb464d15bee8acd4c5e4418a 58351c5233da440797acedf9e54962a0 - - default default] remove_router_interface failed (client error): The resource could not be found.
2026-07-15 00:14:50.516 9 INFO neutron.api.wsgi [None req-57f76fd6-fc51-4d13-8042-86a36c673b43 09c5fb97cb464d15bee8acd4c5e4418a 58351c5233da440797acedf9e54962a0 - - default default] 10.0.0.197 "PUT /v2.0/routers/dcfd398d-1eec-4b97-8f5b-172b9b547815/remove_router_interface HTTP/1.1" status: 404 len: 398 time: 0.0384443
2026-07-15 00:14:50.532 9 INFO neutron.api.wsgi [None req-2d4b365b-1688-4d74-8628-df1500d6e11e 09c5fb97cb464d15bee8acd4c5e4418a 58351c5233da440797acedf9e54962a0 - - default default] 10.0.0.197 "GET /v2.0/ports?device_id=dcfd398d-1eec-4b97-8f5b-172b9b547815 HTTP/1.1" status: 200 len: 205 time: 0.0121183
2026-07-15 00:14:50.545 10 INFO neutron.db.ovn_revision_numbers_db [None req-d25563ac-55d4-4282-813f-f9647cfde4ab cf11d30b59ba49899071e9c562350fa9 c36199a27b1945d88c54cee2631c5154 - - default default] Successfully bumped revision number for resource 75fae300-5876-4c70-a3f8-9204641efa26 (type: ports) to 1
2026-07-15 00:14:50.707 9 INFO neutron.api.wsgi [None req-97ff260c-00ad-4439-b976-ad4f9267172b 09c5fb97cb464d15bee8acd4c5e4418a 58351c5233da440797acedf9e54962a0 - - default default] 10.0.0.197 "DELETE /v2.0/routers/dcfd398d-1eec-4b97-8f5b-172b9b547815 HTTP/1.1" status: 204 len: 168 time: 0.1719072
2026-07-15 00:14:50.848 9 INFO neutron.api.wsgi [None req-4a817a2c-4044-4806-a11b-ef3c9f64efb2 09c5fb97cb464d15bee8acd4c5e4418a 58351c5233da440797acedf9e54962a0 - - default default] 10.0.0.197 "DELETE /v2.0/subnets/cd3ee834-10d7-4919-933a-3a86dcd9cbb8 HTTP/1.1" status: 204 len: 168 time: 0.1342621
2026-07-15 00:14:51.122 10 INFO neutron.plugins.ml2.drivers.ovn.mech_driver.ovsdb.commands [None req-47bf4066-411c-49b4-847c-ca9b78bbc9c4 - - - - - -] Schedule LRP lrp-75fae300-5876-4c70-a3f8-9204641efa26 on gateway 6d7a156e-887f-4b2d-b245-af521f6d44f8 with priority 1
2026-07-15 00:14:51.138 9 INFO neutron.plugins.ml2.drivers.ovn.mech_driver.mech_driver [None req-62d77ac9-c25e-4627-bfa8-a9c3dbff5920 - - - - - -] OVN reports status up for port: 75fae300-5876-4c70-a3f8-9204641efa26
2026-07-15 00:14:51.146 10 INFO neutron.plugins.ml2.drivers.ovn.mech_driver.ovsdb.ovsdb_monitor [None req-87835d9c-d810-4935-a9f8-ccc4c9faa3cd - - - - - -] Router 20468e84-20b7-4683-a1c2-99c0a2b73281 is bound to host instance
2026-07-15 00:14:51.149 9 INFO neutron.plugins.ml2.plugin [None req-62d77ac9-c25e-4627-bfa8-a9c3dbff5920 - - - - - -] Attempt 1 to provision port 75fae300-5876-4c70-a3f8-9204641efa26
2026-07-15 00:14:51.155 9 INFO neutron.services.segments.plugin [-] Segment 4622209d-7ca1-4755-8adf-6e3910bba38b resource provider aggregate not found
2026-07-15 00:14:51.169 9 INFO neutron.services.segments.plugin [-] Segment 4622209d-7ca1-4755-8adf-6e3910bba38b resource provider aggregate not found
2026-07-15 00:14:51.175 10 INFO neutron.db.ovn_revision_numbers_db [None req-d25563ac-55d4-4282-813f-f9647cfde4ab cf11d30b59ba49899071e9c562350fa9 c36199a27b1945d88c54cee2631c5154 - - default default] Successfully bumped revision number for resource 75fae300-5876-4c70-a3f8-9204641efa26 (type: router_ports) to 1
2026-07-15 00:14:51.178 9 INFO neutron.services.segments.plugin [-] Segment 4622209d-7ca1-4755-8adf-6e3910bba38b resource provider not found; error: Placement Client Error (4xx): {"errors": [{"status": 404, "title": "Not Found", "detail": "The resource could not be found.\n\n No resource provider with uuid 4622209d-7ca1-4755-8adf-6e3910bba38b found for delete ", "request_id": "req-b1a4cd2c-fdae-44cc-bb4c-c2a543f8f995"}]}
2026-07-15 00:14:51.191 9 INFO neutron.services.segments.plugin [-] Segment 4622209d-7ca1-4755-8adf-6e3910bba38b resource provider not found; error: Placement Client Error (4xx): {"errors": [{"status": 404, "title": "Not Found", "detail": "The resource could not be found.\n\n No resource provider with uuid 4622209d-7ca1-4755-8adf-6e3910bba38b found for delete ", "request_id": "req-e610a96e-307d-47fa-9cd5-f43177ae2929"}]}
2026-07-15 00:14:51.197 9 INFO neutron.api.wsgi [None req-e379ab25-d0d1-493d-9b0d-84501a9c7032 09c5fb97cb464d15bee8acd4c5e4418a 58351c5233da440797acedf9e54962a0 - - default default] 10.0.0.197 "DELETE /v2.0/networks/42e7ced4-8280-4dc3-b784-a18b824d2d87 HTTP/1.1" status: 204 len: 168 time: 0.3446949
2026-07-15 00:14:51.208 9 WARNING neutron_lib.context [None req-958e30c2-6ced-4afc-b7cd-5c0cf396d924 09c5fb97cb464d15bee8acd4c5e4418a 58351c5233da440797acedf9e54962a0 - - default default] Method 'is_advsvc' is deprecated since 2023.2 release (neutron-lib 3.8.0) and will be removed once support for the old RBAC API policies will be removed from Neutron. Please use method 'is_service_role' instead.
2026-07-15 00:14:51.270 10 INFO neutron.db.ovn_revision_numbers_db [None req-d25563ac-55d4-4282-813f-f9647cfde4ab cf11d30b59ba49899071e9c562350fa9 c36199a27b1945d88c54cee2631c5154 - - default default] Successfully bumped revision number for resource 20468e84-20b7-4683-a1c2-99c0a2b73281 (type: routers) to 2
2026-07-15 00:14:51.278 9 INFO neutron.db.segments_db [None req-958e30c2-6ced-4afc-b7cd-5c0cf396d924 09c5fb97cb464d15bee8acd4c5e4418a 58351c5233da440797acedf9e54962a0 - - default default] Added segment ccbbff54-0983-4b3c-b9c0-a4a502da6b25 of type geneve for network 41fbd86f-63f8-4a81-9dc4-cb851a10d2bd
2026-07-15 00:14:51.286 10 INFO neutron.api.wsgi [None req-d25563ac-55d4-4282-813f-f9647cfde4ab cf11d30b59ba49899071e9c562350fa9 c36199a27b1945d88c54cee2631c5154 - - default default] 10.0.0.197 "POST /v2.0/routers HTTP/1.1" status: 201 len: 1153 time: 1.2631769
2026-07-15 00:14:51.376 9 INFO neutron.db.ovn_revision_numbers_db [None req-958e30c2-6ced-4afc-b7cd-5c0cf396d924 09c5fb97cb464d15bee8acd4c5e4418a 58351c5233da440797acedf9e54962a0 - - default default] Successfully bumped revision number for resource 41fbd86f-63f8-4a81-9dc4-cb851a10d2bd (type: networks) to 1
2026-07-15 00:14:51.507 10 INFO neutron.api.wsgi [None req-491deec4-310d-4673-b8d9-47fb54908b3f a2ef91583a6640dca84be436d3bea3e8 9701e589360443a198ecd7198f6e00ef - - default default] 10.0.0.197 "GET /v2.0/subnets?project_id=c36199a27b1945d88c54cee2631c5154&cidr=10.100.0.0%2F28 HTTP/1.1" status: 200 len: 207 time: 0.2124643
2026-07-15 00:14:51.513 9 WARNING neutron.scheduler.dhcp_agent_scheduler [None req-958e30c2-6ced-4afc-b7cd-5c0cf396d924 09c5fb97cb464d15bee8acd4c5e4418a 58351c5233da440797acedf9e54962a0 - - default default] No more DHCP agents
2026-07-15 00:14:51.525 9 WARNING neutron.api.rpc.agentnotifiers.dhcp_rpc_agent_api [None req-958e30c2-6ced-4afc-b7cd-5c0cf396d924 09c5fb97cb464d15bee8acd4c5e4418a 58351c5233da440797acedf9e54962a0 - - default default] Unable to schedule network 41fbd86f-63f8-4a81-9dc4-cb851a10d2bd: no agents available; will retry on subsequent port and subnet creation events.
2026-07-15 00:14:51.567 9 INFO neutron.api.wsgi [None req-15ad0f74-fd56-4ea3-80f5-335f90a1f22c a2ef91583a6640dca84be436d3bea3e8 9701e589360443a198ecd7198f6e00ef - - default default] 10.0.0.197 "GET /v2.0/networks?router%3Aexternal=True HTTP/1.1" status: 200 len: 947 time: 0.0551529
2026-07-15 00:14:51.588 10 INFO neutron.db.ovn_revision_numbers_db [None req-29daed50-b329-4eae-a7d2-dda11129a80d - - - - - -] Successfully bumped revision number for resource 75fae300-5876-4c70-a3f8-9204641efa26 (type: ports) to 1
2026-07-15 00:14:51.591 9 INFO neutron.api.wsgi [None req-f3ef6008-1135-49a4-b893-d5430afb16cf a2ef91583a6640dca84be436d3bea3e8 9701e589360443a198ecd7198f6e00ef - - default default] 10.0.0.197 "GET /v2.0/subnets?network_id=11c62d4d-75c2-42dc-a014-8b9c456f30a2&cidr=10.100.0.0%2F28 HTTP/1.1" status: 200 len: 207 time: 0.0174398
2026-07-15 00:14:51.600 9 WARNING neutron_lib.context [None req-5296b669-e582-4656-9ea1-513ce2f726c1 cf11d30b59ba49899071e9c562350fa9 c36199a27b1945d88c54cee2631c5154 - - default default] Method 'is_advsvc' is deprecated since 2023.2 release (neutron-lib 3.8.0) and will be removed once support for the old RBAC API policies will be removed from Neutron. Please use method 'is_service_role' instead.
2026-07-15 00:14:51.606 9 INFO neutron.db.ovn_revision_numbers_db [None req-958e30c2-6ced-4afc-b7cd-5c0cf396d924 09c5fb97cb464d15bee8acd4c5e4418a 58351c5233da440797acedf9e54962a0 - - default default] Successfully bumped revision number for resource 87287403-e915-4f5d-b048-dfa731b55600 (type: ports) to 1
2026-07-15 00:14:51.645 9 INFO neutron.api.wsgi [None req-958e30c2-6ced-4afc-b7cd-5c0cf396d924 09c5fb97cb464d15bee8acd4c5e4418a 58351c5233da440797acedf9e54962a0 - - default default] 10.0.0.197 "POST /v2.0/networks HTTP/1.1" status: 201 len: 833 time: 0.4402528
2026-07-15 00:14:51.660 9 WARNING neutron_lib.context [None req-6fcc17d5-d216-4e23-9404-d37b47561910 09c5fb97cb464d15bee8acd4c5e4418a 58351c5233da440797acedf9e54962a0 - - default default] Method 'is_advsvc' is deprecated since 2023.2 release (neutron-lib 3.8.0) and will be removed once support for the old RBAC API policies will be removed from Neutron. Please use method 'is_service_role' instead.
2026-07-15 00:14:51.824 9 WARNING neutron.scheduler.dhcp_agent_scheduler [None req-5296b669-e582-4656-9ea1-513ce2f726c1 cf11d30b59ba49899071e9c562350fa9 c36199a27b1945d88c54cee2631c5154 - - default default] No more DHCP agents
2026-07-15 00:14:51.827 9 WARNING neutron.api.rpc.agentnotifiers.dhcp_rpc_agent_api [None req-5296b669-e582-4656-9ea1-513ce2f726c1 cf11d30b59ba49899071e9c562350fa9 c36199a27b1945d88c54cee2631c5154 - - default default] Unable to schedule network 5cf2398c-6b82-4d5a-a63a-affdd4527556: no agents available; will retry on subsequent port and subnet creation events.
2026-07-15 00:14:51.892 10 INFO neutron.db.ovn_revision_numbers_db [None req-29daed50-b329-4eae-a7d2-dda11129a80d - - - - - -] Successfully bumped revision number for resource 75fae300-5876-4c70-a3f8-9204641efa26 (type: ports) to 4
2026-07-15 00:14:51.931 9 WARNING neutron.scheduler.dhcp_agent_scheduler [None req-6fcc17d5-d216-4e23-9404-d37b47561910 09c5fb97cb464d15bee8acd4c5e4418a 58351c5233da440797acedf9e54962a0 - - default default] No more DHCP agents
2026-07-15 00:14:51.932 9 WARNING neutron.api.rpc.agentnotifiers.dhcp_rpc_agent_api [None req-6fcc17d5-d216-4e23-9404-d37b47561910 09c5fb97cb464d15bee8acd4c5e4418a 58351c5233da440797acedf9e54962a0 - - default default] Unable to schedule network 41fbd86f-63f8-4a81-9dc4-cb851a10d2bd: no agents available; will retry on subsequent port and subnet creation events.
2026-07-15 00:14:51.979 9 INFO neutron.db.ovn_revision_numbers_db [None req-6fcc17d5-d216-4e23-9404-d37b47561910 09c5fb97cb464d15bee8acd4c5e4418a 58351c5233da440797acedf9e54962a0 - - default default] Successfully bumped revision number for resource 379979ac-4321-480f-b417-b8c826393636 (type: subnets) to 0
2026-07-15 00:14:52.006 9 INFO neutron.api.wsgi [None req-6fcc17d5-d216-4e23-9404-d37b47561910 09c5fb97cb464d15bee8acd4c5e4418a 58351c5233da440797acedf9e54962a0 - - default default] 10.0.0.197 "POST /v2.0/subnets HTTP/1.1" status: 201 len: 845 time: 0.3490944
2026-07-15 00:14:52.019 10 WARNING neutron_lib.context [None req-5ced6e3b-8ec3-4cd9-9181-811f5844bf81 09c5fb97cb464d15bee8acd4c5e4418a 58351c5233da440797acedf9e54962a0 - - default default] Method 'is_advsvc' is deprecated since 2023.2 release (neutron-lib 3.8.0) and will be removed once support for the old RBAC API policies will be removed from Neutron. Please use method 'is_service_role' instead.
2026-07-15 00:14:52.102 10 INFO neutron.db.ovn_revision_numbers_db [None req-5ced6e3b-8ec3-4cd9-9181-811f5844bf81 09c5fb97cb464d15bee8acd4c5e4418a 58351c5233da440797acedf9e54962a0 - - default default] Successfully bumped revision number for resource 55c9ad77-6efa-48ab-8e6b-802317f2cd83 (type: routers) to 1
2026-07-15 00:14:52.114 10 INFO neutron.api.wsgi [None req-5ced6e3b-8ec3-4cd9-9181-811f5844bf81 09c5fb97cb464d15bee8acd4c5e4418a 58351c5233da440797acedf9e54962a0 - - default default] 10.0.0.197 "POST /v2.0/routers HTTP/1.1" status: 201 len: 805 time: 0.1027117
2026-07-15 00:14:52.228 10 INFO neutron.db.ovn_revision_numbers_db [None req-29daed50-b329-4eae-a7d2-dda11129a80d - - - - - -] Successfully bumped revision number for resource 75fae300-5876-4c70-a3f8-9204641efa26 (type: ports) to 5
2026-07-15 00:14:52.441 10 WARNING neutron.scheduler.dhcp_agent_scheduler [None req-d2841897-bbd2-463b-8b95-562c032fd5e7 09c5fb97cb464d15bee8acd4c5e4418a 58351c5233da440797acedf9e54962a0 - - default default] No more DHCP agents
2026-07-15 00:14:52.442 10 WARNING neutron.api.rpc.agentnotifiers.dhcp_rpc_agent_api [None req-d2841897-bbd2-463b-8b95-562c032fd5e7 09c5fb97cb464d15bee8acd4c5e4418a 58351c5233da440797acedf9e54962a0 - - default default] Unable to schedule network 41fbd86f-63f8-4a81-9dc4-cb851a10d2bd: no agents available; will retry on subsequent port and subnet creation events.
2026-07-15 00:14:52.532 10 INFO neutron.db.ovn_revision_numbers_db [None req-d2841897-bbd2-463b-8b95-562c032fd5e7 09c5fb97cb464d15bee8acd4c5e4418a 58351c5233da440797acedf9e54962a0 - - default default] Successfully bumped revision number for resource 1739ff6b-629d-4e9b-ab26-29acdc7e33d0 (type: ports) to 1
2026-07-15 00:14:52.634 9 INFO neutron.db.ovn_revision_numbers_db [None req-124884e9-2767-4b06-9c23-899ed87fadb4 - - - - - -] Successfully bumped revision number for resource a484e3b4-8cea-4b5d-acf4-7499bc0ae6f6 (type: ports) to 2
2026-07-15 00:14:52.660 9 INFO neutron.db.ovn_revision_numbers_db [None req-124884e9-2767-4b06-9c23-899ed87fadb4 - - - - - -] Successfully bumped revision number for resource 42d870ba-103c-4a3a-904c-1d11977b012f (type: subnets) to 0
2026-07-15 00:14:52.674 9 INFO neutron.api.wsgi [None req-5296b669-e582-4656-9ea1-513ce2f726c1 cf11d30b59ba49899071e9c562350fa9 c36199a27b1945d88c54cee2631c5154 - - default default] 10.0.0.197 "POST /v2.0/subnets HTTP/1.1" status: 201 len: 856 time: 1.0783629
2026-07-15 00:14:52.733 10 INFO neutron.db.ovn_revision_numbers_db [None req-b657302d-be18-4c7b-899b-bd1a51df86b6 06bbd1ce37784b188c8b912a4d9ab8b3 960b28e35ccd47e99505804431eb5e67 - - default default] Successfully bumped revision number for resource 0c3d96e5-8aaf-46c8-9bf7-a9e48619764c (type: security_groups) to 1
2026-07-15 00:14:52.746 10 INFO neutron.db.ovn_revision_numbers_db [None req-b657302d-be18-4c7b-899b-bd1a51df86b6 06bbd1ce37784b188c8b912a4d9ab8b3 960b28e35ccd47e99505804431eb5e67 - - default default] Successfully bumped revision number for resource 444e2e36-86e3-4242-9aea-20e6b2017636 (type: security_group_rules) to 0
2026-07-15 00:14:52.759 10 INFO neutron.db.ovn_revision_numbers_db [None req-b657302d-be18-4c7b-899b-bd1a51df86b6 06bbd1ce37784b188c8b912a4d9ab8b3 960b28e35ccd47e99505804431eb5e67 - - default default] Successfully bumped revision number for resource a20d1d6f-cf39-4dd0-b431-8b19730fd111 (type: security_group_rules) to 0
2026-07-15 00:14:52.780 10 INFO neutron.db.ovn_revision_numbers_db [None req-b657302d-be18-4c7b-899b-bd1a51df86b6 06bbd1ce37784b188c8b912a4d9ab8b3 960b28e35ccd47e99505804431eb5e67 - - default default] Successfully bumped revision number for resource df7ef9f9-bd39-464c-b713-866c5ba0b1d2 (type: security_group_rules) to 0
2026-07-15 00:14:52.795 10 INFO neutron.db.ovn_revision_numbers_db [None req-b657302d-be18-4c7b-899b-bd1a51df86b6 06bbd1ce37784b188c8b912a4d9ab8b3 960b28e35ccd47e99505804431eb5e67 - - default default] Successfully bumped revision number for resource ff20d235-b40b-4cac-beca-376760f034ed (type: security_group_rules) to 0
2026-07-15 00:14:52.831 10 INFO neutron.api.wsgi [None req-b657302d-be18-4c7b-899b-bd1a51df86b6 06bbd1ce37784b188c8b912a4d9ab8b3 960b28e35ccd47e99505804431eb5e67 - - default default] 10.0.0.197 "GET /v2.0/security-groups?tenant_id=a58bc5480a9a4127b94c54c6057b0e08&name=default HTTP/1.1" status: 200 len: 3120 time: 0.3553727
2026-07-15 00:14:52.958 10 INFO neutron.db.ovn_revision_numbers_db [None req-d2841897-bbd2-463b-8b95-562c032fd5e7 09c5fb97cb464d15bee8acd4c5e4418a 58351c5233da440797acedf9e54962a0 - - default default] Successfully bumped revision number for resource 1739ff6b-629d-4e9b-ab26-29acdc7e33d0 (type: ports) to 1
2026-07-15 00:14:53.004 10 WARNING neutron.scheduler.dhcp_agent_scheduler [None req-d2841897-bbd2-463b-8b95-562c032fd5e7 09c5fb97cb464d15bee8acd4c5e4418a 58351c5233da440797acedf9e54962a0 - - default default] No more DHCP agents
2026-07-15 00:14:53.005 10 WARNING neutron.api.rpc.agentnotifiers.dhcp_rpc_agent_api [None req-d2841897-bbd2-463b-8b95-562c032fd5e7 09c5fb97cb464d15bee8acd4c5e4418a 58351c5233da440797acedf9e54962a0 - - default default] Unable to schedule network 41fbd86f-63f8-4a81-9dc4-cb851a10d2bd: no agents available; will retry on subsequent port and subnet creation events.
2026-07-15 00:14:53.116 9 INFO neutron.api.wsgi [None req-617d6127-7f5f-4227-a983-6be7c74d8090 06bbd1ce37784b188c8b912a4d9ab8b3 960b28e35ccd47e99505804431eb5e67 - - default default] 10.0.0.197 "DELETE /v2.0/security-groups/0c3d96e5-8aaf-46c8-9bf7-a9e48619764c HTTP/1.1" status: 204 len: 168 time: 0.2787676
2026-07-15 00:14:53.183 10 INFO neutron.db.ovn_revision_numbers_db [None req-d2841897-bbd2-463b-8b95-562c032fd5e7 09c5fb97cb464d15bee8acd4c5e4418a 58351c5233da440797acedf9e54962a0 - - default default] Successfully bumped revision number for resource 1739ff6b-629d-4e9b-ab26-29acdc7e33d0 (type: router_ports) to 1
2026-07-15 00:14:53.187 10 INFO neutron.api.wsgi [None req-d2841897-bbd2-463b-8b95-562c032fd5e7 09c5fb97cb464d15bee8acd4c5e4418a 58351c5233da440797acedf9e54962a0 - - default default] 10.0.0.197 "PUT /v2.0/routers/55c9ad77-6efa-48ab-8e6b-802317f2cd83/add_router_interface HTTP/1.1" status: 200 len: 503 time: 1.0690112
2026-07-15 00:14:53.227 9 INFO neutron.api.wsgi [None req-a18676db-cc93-426b-803b-33d3cee0ece3 09c5fb97cb464d15bee8acd4c5e4418a 58351c5233da440797acedf9e54962a0 - - default default] 10.0.0.197 "GET /v2.0/ports/1739ff6b-629d-4e9b-ab26-29acdc7e33d0 HTTP/1.1" status: 200 len: 1139 time: 0.0344737
2026-07-15 00:14:53.257 9 WARNING neutron.scheduler.dhcp_agent_scheduler [None req-adfe6a90-ae15-46b6-92d8-9c1de779f5d5 cf11d30b59ba49899071e9c562350fa9 c36199a27b1945d88c54cee2631c5154 - - default default] No more DHCP agents
2026-07-15 00:14:53.258 9 WARNING neutron.api.rpc.agentnotifiers.dhcp_rpc_agent_api [None req-adfe6a90-ae15-46b6-92d8-9c1de779f5d5 cf11d30b59ba49899071e9c562350fa9 c36199a27b1945d88c54cee2631c5154 - - default default] Unable to schedule network 5cf2398c-6b82-4d5a-a63a-affdd4527556: no agents available; will retry on subsequent port and subnet creation events.
2026-07-15 00:14:53.290 10 INFO neutron.api.wsgi [None req-6300d146-c310-4faf-a4b5-4cabfb91a0dc 09c5fb97cb464d15bee8acd4c5e4418a 58351c5233da440797acedf9e54962a0 - - default default] 10.0.0.197 "GET /v2.0/ports/1739ff6b-629d-4e9b-ab26-29acdc7e33d0 HTTP/1.1" status: 200 len: 1139 time: 0.0570314
2026-07-15 00:14:53.365 9 INFO neutron.db.ovn_revision_numbers_db [None req-adfe6a90-ae15-46b6-92d8-9c1de779f5d5 cf11d30b59ba49899071e9c562350fa9 c36199a27b1945d88c54cee2631c5154 - - default default] Successfully bumped revision number for resource 757187e0-aa89-41a8-8a8b-50c42d8e4ecb (type: ports) to 1
2026-07-15 00:14:53.883 9 INFO neutron.plugins.ml2.drivers.ovn.mech_driver.mech_driver [None req-62d77ac9-c25e-4627-bfa8-a9c3dbff5920 - - - - - -] OVN reports status up for port: 757187e0-aa89-41a8-8a8b-50c42d8e4ecb
2026-07-15 00:14:53.895 9 INFO neutron.plugins.ml2.plugin [None req-62d77ac9-c25e-4627-bfa8-a9c3dbff5920 - - - - - -] Attempt 1 to provision port 757187e0-aa89-41a8-8a8b-50c42d8e4ecb
2026-07-15 00:14:53.921 9 INFO neutron.db.ovn_revision_numbers_db [None req-adfe6a90-ae15-46b6-92d8-9c1de779f5d5 cf11d30b59ba49899071e9c562350fa9 c36199a27b1945d88c54cee2631c5154 - - default default] Successfully bumped revision number for resource 757187e0-aa89-41a8-8a8b-50c42d8e4ecb (type: ports) to 1
2026-07-15 00:14:53.985 9 WARNING neutron.scheduler.dhcp_agent_scheduler [None req-adfe6a90-ae15-46b6-92d8-9c1de779f5d5 cf11d30b59ba49899071e9c562350fa9 c36199a27b1945d88c54cee2631c5154 - - default default] No more DHCP agents
2026-07-15 00:14:53.988 9 WARNING neutron.api.rpc.agentnotifiers.dhcp_rpc_agent_api [None req-adfe6a90-ae15-46b6-92d8-9c1de779f5d5 cf11d30b59ba49899071e9c562350fa9 c36199a27b1945d88c54cee2631c5154 - - default default] Unable to schedule network 5cf2398c-6b82-4d5a-a63a-affdd4527556: no agents available; will retry on subsequent port and subnet creation events.
2026-07-15 00:14:54.279 9 INFO neutron.db.ovn_revision_numbers_db [None req-62d77ac9-c25e-4627-bfa8-a9c3dbff5920 - - - - - -] Successfully bumped revision number for resource 757187e0-aa89-41a8-8a8b-50c42d8e4ecb (type: ports) to 2
2026-07-15 00:14:54.324 10 INFO neutron.api.wsgi [None req-6b56cb7e-1c38-4621-984b-5bc04e6dbe46 09c5fb97cb464d15bee8acd4c5e4418a 58351c5233da440797acedf9e54962a0 - - default default] 10.0.0.197 "GET /v2.0/ports/1739ff6b-629d-4e9b-ab26-29acdc7e33d0 HTTP/1.1" status: 200 len: 1139 time: 0.0288703
2026-07-15 00:14:54.365 9 INFO neutron.db.ovn_revision_numbers_db [None req-adfe6a90-ae15-46b6-92d8-9c1de779f5d5 cf11d30b59ba49899071e9c562350fa9 c36199a27b1945d88c54cee2631c5154 - - default default] Successfully bumped revision number for resource 757187e0-aa89-41a8-8a8b-50c42d8e4ecb (type: router_ports) to 1
2026-07-15 00:14:54.369 9 INFO neutron.api.wsgi [None req-adfe6a90-ae15-46b6-92d8-9c1de779f5d5 cf11d30b59ba49899071e9c562350fa9 c36199a27b1945d88c54cee2631c5154 - - default default] 10.0.0.197 "PUT /v2.0/routers/20468e84-20b7-4683-a1c2-99c0a2b73281/add_router_interface HTTP/1.1" status: 200 len: 503 time: 1.6866646
2026-07-15 00:14:54.423 9 INFO neutron.api.wsgi [None req-c7c8218a-456c-46f6-88b1-7bef34443a0c a2ef91583a6640dca84be436d3bea3e8 9701e589360443a198ecd7198f6e00ef - - default default] 10.0.0.197 "GET /v2.0/networks HTTP/1.1" status: 200 len: 3859 time: 0.0492334
2026-07-15 00:14:54.464 10 WARNING neutron.plugins.ml2.drivers.ovn.mech_driver.ovsdb.ovn_client [None req-cf0ebd96-e943-4cce-9785-45582234cfbd - - - - - -] No port found with ID b999956d-f9ef-4704-8c1d-bfa5cc9a30cb: RuntimeError: No port found with ID b999956d-f9ef-4704-8c1d-bfa5cc9a30cb
2026-07-15 00:14:54.464 9 INFO neutron.api.wsgi [None req-fdcfc15d-61ab-43a4-934a-cd865d92c72d a2ef91583a6640dca84be436d3bea3e8 9701e589360443a198ecd7198f6e00ef - - default default] 10.0.0.197 "GET /v2.0/subnets HTTP/1.1" status: 200 len: 2822 time: 0.0328767
2026-07-15 00:14:54.474 10 INFO neutron.plugins.ml2.drivers.ovn.mech_driver.mech_driver [None req-cf0ebd96-e943-4cce-9785-45582234cfbd - - - - - -] OVN reports status up for port: 1739ff6b-629d-4e9b-ab26-29acdc7e33d0
2026-07-15 00:14:54.479 10 INFO neutron.plugins.ml2.plugin [None req-cf0ebd96-e943-4cce-9785-45582234cfbd - - - - - -] Attempt 1 to provision port 1739ff6b-629d-4e9b-ab26-29acdc7e33d0
2026-07-15 00:14:54.524 9 INFO neutron.api.wsgi [None req-40b3c4db-6ca3-43b6-bc96-9ca5b23644db a2ef91583a6640dca84be436d3bea3e8 9701e589360443a198ecd7198f6e00ef - - default default] 10.0.0.197 "GET /v2.0/routers HTTP/1.1" status: 200 len: 1784 time: 0.0548890
2026-07-15 00:14:54.580 9 WARNING neutron_lib.context [None req-e11b02cd-53b6-4dd2-959b-cf5ee903f794 cf11d30b59ba49899071e9c562350fa9 c36199a27b1945d88c54cee2631c5154 - - default default] Method 'is_advsvc' is deprecated since 2023.2 release (neutron-lib 3.8.0) and will be removed once support for the old RBAC API policies will be removed from Neutron. Please use method 'is_service_role' instead.
2026-07-15 00:14:54.675 9 INFO neutron.db.ovn_revision_numbers_db [None req-e11b02cd-53b6-4dd2-959b-cf5ee903f794 cf11d30b59ba49899071e9c562350fa9 c36199a27b1945d88c54cee2631c5154 - - default default] Successfully bumped revision number for resource 98cc9f1a-a894-4c70-be1a-5fc36a3774f8 (type: security_groups) to 1
2026-07-15 00:14:54.687 9 INFO neutron.db.ovn_revision_numbers_db [None req-e11b02cd-53b6-4dd2-959b-cf5ee903f794 cf11d30b59ba49899071e9c562350fa9 c36199a27b1945d88c54cee2631c5154 - - default default] Successfully bumped revision number for resource 5f90ef1c-cc7c-4412-a16f-832582e8613f (type: security_group_rules) to 0
2026-07-15 00:14:54.696 9 INFO neutron.db.ovn_revision_numbers_db [None req-e11b02cd-53b6-4dd2-959b-cf5ee903f794 cf11d30b59ba49899071e9c562350fa9 c36199a27b1945d88c54cee2631c5154 - - default default] Successfully bumped revision number for resource ee492a12-3585-4206-acf8-e43f9bcc1f26 (type: security_group_rules) to 0
2026-07-15 00:14:54.729 9 INFO neutron.api.wsgi [None req-e11b02cd-53b6-4dd2-959b-cf5ee903f794 cf11d30b59ba49899071e9c562350fa9 c36199a27b1945d88c54cee2631c5154 - - default default] 10.0.0.197 "POST /v2.0/security-groups HTTP/1.1" status: 201 len: 1873 time: 0.1552854
2026-07-15 00:14:54.740 10 WARNING neutron_lib.context [None req-b217dba9-7161-411d-b91a-8f19374b82e5 cf11d30b59ba49899071e9c562350fa9 c36199a27b1945d88c54cee2631c5154 - - default default] Method 'is_advsvc' is deprecated since 2023.2 release (neutron-lib 3.8.0) and will be removed once support for the old RBAC API policies will be removed from Neutron. Please use method 'is_service_role' instead.
2026-07-15 00:14:54.779 10 INFO neutron.db.ovn_revision_numbers_db [None req-cf0ebd96-e943-4cce-9785-45582234cfbd - - - - - -] Successfully bumped revision number for resource 1739ff6b-629d-4e9b-ab26-29acdc7e33d0 (type: ports) to 2
2026-07-15 00:14:54.907 10 INFO neutron.db.ovn_revision_numbers_db [None req-b217dba9-7161-411d-b91a-8f19374b82e5 cf11d30b59ba49899071e9c562350fa9 c36199a27b1945d88c54cee2631c5154 - - default default] Successfully bumped revision number for resource 57bc0109-46cc-46a6-bd14-280c18bd3989 (type: security_group_rules) to 0
2026-07-15 00:14:54.943 10 INFO neutron.api.wsgi [None req-b217dba9-7161-411d-b91a-8f19374b82e5 cf11d30b59ba49899071e9c562350fa9 c36199a27b1945d88c54cee2631c5154 - - default default] 10.0.0.197 "POST /v2.0/security-group-rules HTTP/1.1" status: 201 len: 796 time: 0.2089159
2026-07-15 00:14:54.951 10 WARNING neutron_lib.context [None req-f33bbfce-27e5-4b91-bbf3-4b1dfd87d5c6 cf11d30b59ba49899071e9c562350fa9 c36199a27b1945d88c54cee2631c5154 - - default default] Method 'is_advsvc' is deprecated since 2023.2 release (neutron-lib 3.8.0) and will be removed once support for the old RBAC API policies will be removed from Neutron. Please use method 'is_service_role' instead.
2026-07-15 00:14:55.053 10 INFO neutron.db.ovn_revision_numbers_db [None req-f33bbfce-27e5-4b91-bbf3-4b1dfd87d5c6 cf11d30b59ba49899071e9c562350fa9 c36199a27b1945d88c54cee2631c5154 - - default default] Successfully bumped revision number for resource 7cdb09c7-e309-4ee2-8eda-fcf330650fa7 (type: security_group_rules) to 0
2026-07-15 00:14:55.084 10 INFO neutron.api.wsgi [None req-f33bbfce-27e5-4b91-bbf3-4b1dfd87d5c6 cf11d30b59ba49899071e9c562350fa9 c36199a27b1945d88c54cee2631c5154 - - default default] 10.0.0.197 "POST /v2.0/security-group-rules HTTP/1.1" status: 201 len: 795 time: 0.1364238
2026-07-15 00:14:55.086 9 INFO neutron.db.ovn_revision_numbers_db [None req-f74e1de8-00ac-4264-b708-71f91a742bf2 06bbd1ce37784b188c8b912a4d9ab8b3 960b28e35ccd47e99505804431eb5e67 - - default default] Successfully bumped revision number for resource 99704652-8643-45af-8189-d38d9f01ddd7 (type: security_groups) to 1
2026-07-15 00:14:55.093 9 WARNING neutron_lib.context [None req-ef154637-238f-44d4-b47e-4480d5c859a8 cf11d30b59ba49899071e9c562350fa9 c36199a27b1945d88c54cee2631c5154 - - default default] Method 'is_advsvc' is deprecated since 2023.2 release (neutron-lib 3.8.0) and will be removed once support for the old RBAC API policies will be removed from Neutron. Please use method 'is_service_role' instead.
2026-07-15 00:14:55.106 9 INFO neutron.db.ovn_revision_numbers_db [None req-f74e1de8-00ac-4264-b708-71f91a742bf2 06bbd1ce37784b188c8b912a4d9ab8b3 960b28e35ccd47e99505804431eb5e67 - - default default] Successfully bumped revision number for resource 716e85ed-e249-4014-b5c7-80ed328e8894 (type: security_group_rules) to 0
2026-07-15 00:14:55.121 9 INFO neutron.db.ovn_revision_numbers_db [None req-f74e1de8-00ac-4264-b708-71f91a742bf2 06bbd1ce37784b188c8b912a4d9ab8b3 960b28e35ccd47e99505804431eb5e67 - - default default] Successfully bumped revision number for resource 7783d81c-e749-41fe-8c7f-7e81111bd12c (type: security_group_rules) to 0
2026-07-15 00:14:55.134 9 INFO neutron.db.ovn_revision_numbers_db [None req-f74e1de8-00ac-4264-b708-71f91a742bf2 06bbd1ce37784b188c8b912a4d9ab8b3 960b28e35ccd47e99505804431eb5e67 - - default default] Successfully bumped revision number for resource a4f17292-35af-4931-9ffd-c15c13980fcd (type: security_group_rules) to 0
2026-07-15 00:14:55.148 9 INFO neutron.db.ovn_revision_numbers_db [None req-f74e1de8-00ac-4264-b708-71f91a742bf2 06bbd1ce37784b188c8b912a4d9ab8b3 960b28e35ccd47e99505804431eb5e67 - - default default] Successfully bumped revision number for resource d0b509dd-8c4e-4982-94ef-60b1fd97e498 (type: security_group_rules) to 0
2026-07-15 00:14:55.181 9 INFO neutron.api.wsgi [None req-f74e1de8-00ac-4264-b708-71f91a742bf2 06bbd1ce37784b188c8b912a4d9ab8b3 960b28e35ccd47e99505804431eb5e67 - - default default] 10.0.0.197 "GET /v2.0/security-groups?tenant_id=72d0e843cd524b8983c1612f367c9a0b&name=default HTTP/1.1" status: 200 len: 3120 time: 0.5533125
2026-07-15 00:14:55.211 9 INFO neutron.db.ovn_revision_numbers_db [None req-ef154637-238f-44d4-b47e-4480d5c859a8 cf11d30b59ba49899071e9c562350fa9 c36199a27b1945d88c54cee2631c5154 - - default default] Successfully bumped revision number for resource ef2f31b4-8450-441b-95df-f568776581ef (type: security_group_rules) to 0
2026-07-15 00:14:55.237 9 INFO neutron.api.wsgi [None req-ef154637-238f-44d4-b47e-4480d5c859a8 cf11d30b59ba49899071e9c562350fa9 c36199a27b1945d88c54cee2631c5154 - - default default] 10.0.0.197 "POST /v2.0/security-group-rules HTTP/1.1" status: 201 len: 801 time: 0.1487460
2026-07-15 00:14:55.246 9 WARNING neutron_lib.context [None req-106d3980-0b11-4c97-be1c-44dddd2d0e73 cf11d30b59ba49899071e9c562350fa9 c36199a27b1945d88c54cee2631c5154 - - default default] Method 'is_advsvc' is deprecated since 2023.2 release (neutron-lib 3.8.0) and will be removed once support for the old RBAC API policies will be removed from Neutron. Please use method 'is_service_role' instead.
2026-07-15 00:14:55.346 9 INFO neutron.db.ovn_revision_numbers_db [None req-106d3980-0b11-4c97-be1c-44dddd2d0e73 cf11d30b59ba49899071e9c562350fa9 c36199a27b1945d88c54cee2631c5154 - - default default] Successfully bumped revision number for resource b59ac787-2a41-4efb-b83d-63b5afa76e7e (type: security_group_rules) to 0
2026-07-15 00:14:55.358 10 INFO neutron.api.wsgi [None req-49f36d1f-ff42-4a69-86fc-5bb84e9904a7 09c5fb97cb464d15bee8acd4c5e4418a 58351c5233da440797acedf9e54962a0 - - default default] 10.0.0.197 "GET /v2.0/ports/1739ff6b-629d-4e9b-ab26-29acdc7e33d0 HTTP/1.1" status: 200 len: 1141 time: 0.0270188
2026-07-15 00:14:55.373 9 INFO neutron.api.wsgi [None req-106d3980-0b11-4c97-be1c-44dddd2d0e73 cf11d30b59ba49899071e9c562350fa9 c36199a27b1945d88c54cee2631c5154 - - default default] 10.0.0.197 "POST /v2.0/security-group-rules HTTP/1.1" status: 201 len: 800 time: 0.1304216
2026-07-15 00:14:55.380 9 WARNING neutron_lib.context [None req-f283d262-3442-449f-8d8b-b82e4a889c01 cf11d30b59ba49899071e9c562350fa9 c36199a27b1945d88c54cee2631c5154 - - default default] Method 'is_advsvc' is deprecated since 2023.2 release (neutron-lib 3.8.0) and will be removed once support for the old RBAC API policies will be removed from Neutron. Please use method 'is_service_role' instead.
2026-07-15 00:14:55.400 10 INFO neutron.api.wsgi [None req-3bd9ac22-f829-4790-8530-a9565909abdd 06bbd1ce37784b188c8b912a4d9ab8b3 960b28e35ccd47e99505804431eb5e67 - - default default] 10.0.0.197 "DELETE /v2.0/security-groups/99704652-8643-45af-8189-d38d9f01ddd7 HTTP/1.1" status: 204 len: 168 time: 0.2132492
2026-07-15 00:14:55.409 9 INFO neutron.db.securitygroups_db [None req-f283d262-3442-449f-8d8b-b82e4a889c01 cf11d30b59ba49899071e9c562350fa9 c36199a27b1945d88c54cee2631c5154 - - default default] Project c36199a27b1945d88c54cee2631c5154 added a security group rule with legacy IPv6 ICMP protocol name icmp, ipv6-icmp should be used instead. It was automatically converted.
2026-07-15 00:14:55.503 9 INFO neutron.db.ovn_revision_numbers_db [None req-f283d262-3442-449f-8d8b-b82e4a889c01 cf11d30b59ba49899071e9c562350fa9 c36199a27b1945d88c54cee2631c5154 - - default default] Successfully bumped revision number for resource d1d70d40-6a05-43aa-9c37-9f75b6b29ace (type: security_group_rules) to 0
2026-07-15 00:14:55.539 9 INFO neutron.api.wsgi [None req-f283d262-3442-449f-8d8b-b82e4a889c01 cf11d30b59ba49899071e9c562350fa9 c36199a27b1945d88c54cee2631c5154 - - default default] 10.0.0.197 "POST /v2.0/security-group-rules HTTP/1.1" status: 201 len: 806 time: 0.1626298
2026-07-15 00:14:55.549 9 WARNING neutron_lib.context [None req-a9366be9-a789-4404-887a-c06b1f1632c0 cf11d30b59ba49899071e9c562350fa9 c36199a27b1945d88c54cee2631c5154 - - default default] Method 'is_advsvc' is deprecated since 2023.2 release (neutron-lib 3.8.0) and will be removed once support for the old RBAC API policies will be removed from Neutron. Please use method 'is_service_role' instead.
2026-07-15 00:14:55.586 9 INFO neutron.db.securitygroups_db [None req-a9366be9-a789-4404-887a-c06b1f1632c0 cf11d30b59ba49899071e9c562350fa9 c36199a27b1945d88c54cee2631c5154 - - default default] Project c36199a27b1945d88c54cee2631c5154 added a security group rule with legacy IPv6 ICMP protocol name icmp, ipv6-icmp should be used instead. It was automatically converted.
2026-07-15 00:14:55.617 9 INFO neutron.db.ovn_revision_numbers_db [None req-ec59350a-6aec-4e6e-b22d-e52bac9b895f 06bbd1ce37784b188c8b912a4d9ab8b3 960b28e35ccd47e99505804431eb5e67 - - default default] Successfully bumped revision number for resource b8d47082-e75c-4013-a22d-cb119f6bb56d (type: security_groups) to 1
2026-07-15 00:14:55.631 9 INFO neutron.db.ovn_revision_numbers_db [None req-ec59350a-6aec-4e6e-b22d-e52bac9b895f 06bbd1ce37784b188c8b912a4d9ab8b3 960b28e35ccd47e99505804431eb5e67 - - default default] Successfully bumped revision number for resource 8e5daed7-c97a-4d34-be3e-9600d8c9c9a1 (type: security_group_rules) to 0
2026-07-15 00:14:55.645 9 INFO neutron.db.ovn_revision_numbers_db [None req-ec59350a-6aec-4e6e-b22d-e52bac9b895f 06bbd1ce37784b188c8b912a4d9ab8b3 960b28e35ccd47e99505804431eb5e67 - - default default] Successfully bumped revision number for resource bf02e5ad-ad48-4b70-a272-3574da86fa81 (type: security_group_rules) to 0
2026-07-15 00:14:55.662 9 INFO neutron.db.ovn_revision_numbers_db [None req-ec59350a-6aec-4e6e-b22d-e52bac9b895f 06bbd1ce37784b188c8b912a4d9ab8b3 960b28e35ccd47e99505804431eb5e67 - - default default] Successfully bumped revision number for resource c1b7e750-2bd5-49e6-b76a-9474c7bc6d11 (type: security_group_rules) to 0
2026-07-15 00:14:55.674 9 INFO neutron.db.ovn_revision_numbers_db [None req-ec59350a-6aec-4e6e-b22d-e52bac9b895f 06bbd1ce37784b188c8b912a4d9ab8b3 960b28e35ccd47e99505804431eb5e67 - - default default] Successfully bumped revision number for resource e0d3855c-2e1e-4d52-b90d-43e6c940c9de (type: security_group_rules) to 0
2026-07-15 00:14:55.676 9 INFO neutron.db.ovn_revision_numbers_db [None req-a9366be9-a789-4404-887a-c06b1f1632c0 cf11d30b59ba49899071e9c562350fa9 c36199a27b1945d88c54cee2631c5154 - - default default] Successfully bumped revision number for resource adee2216-7226-41c9-a512-9c4ae24c218e (type: security_group_rules) to 0
2026-07-15 00:14:55.707 9 INFO neutron.api.wsgi [None req-a9366be9-a789-4404-887a-c06b1f1632c0 cf11d30b59ba49899071e9c562350fa9 c36199a27b1945d88c54cee2631c5154 - - default default] 10.0.0.197 "POST /v2.0/security-group-rules HTTP/1.1" status: 201 len: 805 time: 0.1635015
2026-07-15 00:14:55.721 9 INFO neutron.api.wsgi [None req-ec59350a-6aec-4e6e-b22d-e52bac9b895f 06bbd1ce37784b188c8b912a4d9ab8b3 960b28e35ccd47e99505804431eb5e67 - - default default] 10.0.0.197 "GET /v2.0/security-groups?tenant_id=317b49112920496d8dedc1d84b577beb&name=default HTTP/1.1" status: 200 len: 3120 time: 0.2283096
2026-07-15 00:14:55.903 9 INFO neutron.api.wsgi [None req-a7209615-d94e-4ac0-b972-f4a95a7d7dec 06bbd1ce37784b188c8b912a4d9ab8b3 960b28e35ccd47e99505804431eb5e67 - - default default] 10.0.0.197 "DELETE /v2.0/security-groups/b8d47082-e75c-4013-a22d-cb119f6bb56d HTTP/1.1" status: 204 len: 168 time: 0.1767402
2026-07-15 00:14:55.906 10 INFO neutron.api.wsgi [None req-bc7f4d8d-089d-41eb-9c64-825c161bed77 09c5fb97cb464d15bee8acd4c5e4418a 58351c5233da440797acedf9e54962a0 - - default default] 10.0.0.197 "PUT /v2.0/routers/55c9ad77-6efa-48ab-8e6b-802317f2cd83/remove_router_interface HTTP/1.1" status: 200 len: 503 time: 0.5428042
2026-07-15 00:14:55.924 9 INFO neutron.api.wsgi [None req-4cc659ee-d927-4b38-a1be-7a5f3a76da29 09c5fb97cb464d15bee8acd4c5e4418a 58351c5233da440797acedf9e54962a0 - - default default] 10.0.0.197 "GET /v2.0/ports?device_id=55c9ad77-6efa-48ab-8e6b-802317f2cd83 HTTP/1.1" status: 200 len: 205 time: 0.0149660
2026-07-15 00:14:56.087 9 INFO neutron.api.wsgi [None req-379439f9-2d6c-4660-9206-67bdececf9d1 09c5fb97cb464d15bee8acd4c5e4418a 58351c5233da440797acedf9e54962a0 - - default default] 10.0.0.197 "DELETE /v2.0/routers/55c9ad77-6efa-48ab-8e6b-802317f2cd83 HTTP/1.1" status: 204 len: 168 time: 0.1593864
2026-07-15 00:14:56.200 9 INFO neutron.api.wsgi [None req-f83ec844-21d8-4b48-b767-22e4f8d42217 09c5fb97cb464d15bee8acd4c5e4418a 58351c5233da440797acedf9e54962a0 - - default default] 10.0.0.197 "DELETE /v2.0/subnets/379979ac-4321-480f-b417-b8c826393636 HTTP/1.1" status: 204 len: 168 time: 0.1070430 /var/lib/openstack/lib/python3.12/site-packages/pycadf/identifier.py:71: UserWarning: Invalid uuid: neutron. To ensure interoperability, identifiers should be a valid uuid. warnings.warn(('Invalid uuid: %s. To ensure interoperability, '
2026-07-15 00:14:56.219 9 INFO neutron.api.wsgi [None req-2800a2f4-daa9-4462-a168-5df819544494 cf11d30b59ba49899071e9c562350fa9 c36199a27b1945d88c54cee2631c5154 - - default default] 10.0.0.197 "GET /v2.0/networks HTTP/1.1" status: 200 len: 1492 time: 0.1447823
2026-07-15 00:14:56.351 10 INFO neutron.api.wsgi [req-c8c6de82-1c9f-455c-9c26-5c1e05a1f292 req-b7fe6a32-b8be-4d4d-9a8c-a17700cdb754 cf11d30b59ba49899071e9c562350fa9 c36199a27b1945d88c54cee2631c5154 - - default default] 10.0.0.184 "GET /v2.0/security-groups?name=tempest-secgroup-smoke-352607864&fields=id&tenant_id=c36199a27b1945d88c54cee2631c5154 HTTP/1.1" status: 200 len: 267 time: 0.0424857
2026-07-15 00:14:56.403 10 INFO neutron.api.wsgi [req-c8c6de82-1c9f-455c-9c26-5c1e05a1f292 req-98f25ab9-ad93-40ab-a188-373741196baa cf11d30b59ba49899071e9c562350fa9 c36199a27b1945d88c54cee2631c5154 - - default default] 10.0.0.184 "GET /v2.0/networks?id=5cf2398c-6b82-4d5a-a63a-affdd4527556 HTTP/1.1" status: 200 len: 859 time: 0.0449650
2026-07-15 00:14:56.419 10 INFO neutron.api.wsgi [req-c8c6de82-1c9f-455c-9c26-5c1e05a1f292 req-c47493b0-9cd1-4161-8675-85f955589b82 cf11d30b59ba49899071e9c562350fa9 c36199a27b1945d88c54cee2631c5154 - - default default] 10.0.0.184 "GET /v2.0/quotas/c36199a27b1945d88c54cee2631c5154 HTTP/1.1" status: 200 len: 491 time: 0.0079086
2026-07-15 00:14:56.506 10 INFO neutron.api.wsgi [req-c8c6de82-1c9f-455c-9c26-5c1e05a1f292 req-67ecf77f-e6af-4287-9c8a-740264a1a13f cf11d30b59ba49899071e9c562350fa9 c36199a27b1945d88c54cee2631c5154 - - default default] 10.0.0.184 "GET /v2.0/ports?tenant_id=c36199a27b1945d88c54cee2631c5154&fields=id HTTP/1.1" status: 200 len: 302 time: 0.0810132
