2026-07-15 00:15:23.034 10 WARNING neutron_lib.context [None req-a905af6d-bb66-47df-8ac9-6e9239e53c3b cf11d30b59ba49899071e9c562350fa9 c36199a27b1945d88c54cee2631c5154 - - default default] Method 'is_advsvc' is deprecated since 2023.2 release (neutron-lib 3.8.0) and will be removed once support for the old RBAC API policies will be removed from Neutron. Please use method 'is_service_role' instead.
2026-07-15 00:15:23.161 10 INFO neutron.db.ovn_revision_numbers_db [None req-a905af6d-bb66-47df-8ac9-6e9239e53c3b cf11d30b59ba49899071e9c562350fa9 c36199a27b1945d88c54cee2631c5154 - - default default] Successfully bumped revision number for resource 3ca2fff0-0901-447f-9ef5-cc95e7a07976 (type: security_group_rules) to 0
2026-07-15 00:15:23.193 10 INFO neutron.api.wsgi [None req-a905af6d-bb66-47df-8ac9-6e9239e53c3b cf11d30b59ba49899071e9c562350fa9 c36199a27b1945d88c54cee2631c5154 - - default default] 10.0.0.197 "POST /v2.0/security-group-rules HTTP/1.1" status: 201 len: 800 time: 0.1635249
2026-07-15 00:15:23.201 10 WARNING neutron_lib.context [None req-09477d2e-2e72-4bf6-a5ee-6d4907caa59d cf11d30b59ba49899071e9c562350fa9 c36199a27b1945d88c54cee2631c5154 - - default default] Method 'is_advsvc' is deprecated since 2023.2 release (neutron-lib 3.8.0) and will be removed once support for the old RBAC API policies will be removed from Neutron. Please use method 'is_service_role' instead.
2026-07-15 00:15:23.234 10 INFO neutron.db.securitygroups_db [None req-09477d2e-2e72-4bf6-a5ee-6d4907caa59d cf11d30b59ba49899071e9c562350fa9 c36199a27b1945d88c54cee2631c5154 - - default default] Project c36199a27b1945d88c54cee2631c5154 added a security group rule with legacy IPv6 ICMP protocol name icmp, ipv6-icmp should be used instead. It was automatically converted.
2026-07-15 00:15:23.264 9 INFO neutron.services.segments.plugin [-] Segment 44ad45c2-ef9d-46ff-911f-0cc00a458cb9 resource provider aggregate not found
2026-07-15 00:15:23.268 9 INFO neutron.services.segments.plugin [-] Segment 44ad45c2-ef9d-46ff-911f-0cc00a458cb9 resource provider aggregate not found
2026-07-15 00:15:23.272 9 INFO neutron.services.segments.plugin [-] Segment 44ad45c2-ef9d-46ff-911f-0cc00a458cb9 resource provider not found; error: Placement Client Error (4xx): {"errors": [{"status": 404, "title": "Not Found", "detail": "The resource could not be found.\n\n No resource provider with uuid 44ad45c2-ef9d-46ff-911f-0cc00a458cb9 found for delete ", "request_id": "req-c766dcd7-750e-4afa-9d70-0e64720d057a"}]}
2026-07-15 00:15:23.285 9 INFO neutron.services.segments.plugin [-] Segment 44ad45c2-ef9d-46ff-911f-0cc00a458cb9 resource provider not found; error: Placement Client Error (4xx): {"errors": [{"status": 404, "title": "Not Found", "detail": "The resource could not be found.\n\n No resource provider with uuid 44ad45c2-ef9d-46ff-911f-0cc00a458cb9 found for delete ", "request_id": "req-3ee313c0-279f-40e0-91d0-ea6675eeadb9"}]}
2026-07-15 00:15:23.296 9 INFO neutron.api.wsgi [None req-cb9cc5fc-0af3-4446-ba61-5d7148aef8d2 f178fad556844a63b972de02f8d18a3c fc937f6b08f945cfbbd0d78f23aee742 - - default default] 10.0.0.197 "DELETE /v2.0/networks/6d73f6de-d334-4223-b757-f1b2279e45ae HTTP/1.1" status: 204 len: 168 time: 0.2844262
2026-07-15 00:15:23.318 10 INFO neutron.db.ovn_revision_numbers_db [None req-09477d2e-2e72-4bf6-a5ee-6d4907caa59d cf11d30b59ba49899071e9c562350fa9 c36199a27b1945d88c54cee2631c5154 - - default default] Successfully bumped revision number for resource 05a3a7d2-8299-40cf-b793-75c52bbc6f6d (type: security_group_rules) to 0
2026-07-15 00:15:23.365 10 INFO neutron.api.wsgi [None req-09477d2e-2e72-4bf6-a5ee-6d4907caa59d cf11d30b59ba49899071e9c562350fa9 c36199a27b1945d88c54cee2631c5154 - - default default] 10.0.0.197 "POST /v2.0/security-group-rules HTTP/1.1" status: 201 len: 806 time: 0.1687021
2026-07-15 00:15:23.375 10 WARNING neutron_lib.context [None req-8bfb5ec5-7943-49f9-8ec9-3df2a31f4bca cf11d30b59ba49899071e9c562350fa9 c36199a27b1945d88c54cee2631c5154 - - default default] Method 'is_advsvc' is deprecated since 2023.2 release (neutron-lib 3.8.0) and will be removed once support for the old RBAC API policies will be removed from Neutron. Please use method 'is_service_role' instead.
2026-07-15 00:15:23.418 10 INFO neutron.db.securitygroups_db [None req-8bfb5ec5-7943-49f9-8ec9-3df2a31f4bca cf11d30b59ba49899071e9c562350fa9 c36199a27b1945d88c54cee2631c5154 - - default default] Project c36199a27b1945d88c54cee2631c5154 added a security group rule with legacy IPv6 ICMP protocol name icmp, ipv6-icmp should be used instead. It was automatically converted.
2026-07-15 00:15:23.516 10 INFO neutron.db.ovn_revision_numbers_db [None req-8bfb5ec5-7943-49f9-8ec9-3df2a31f4bca cf11d30b59ba49899071e9c562350fa9 c36199a27b1945d88c54cee2631c5154 - - default default] Successfully bumped revision number for resource 6f0449af-51b1-44f5-a7df-a682a159db57 (type: security_group_rules) to 0
2026-07-15 00:15:23.542 10 INFO neutron.api.wsgi [None req-8bfb5ec5-7943-49f9-8ec9-3df2a31f4bca cf11d30b59ba49899071e9c562350fa9 c36199a27b1945d88c54cee2631c5154 - - default default] 10.0.0.197 "POST /v2.0/security-group-rules HTTP/1.1" status: 201 len: 805 time: 0.1715262
2026-07-15 00:15:23.571 9 INFO neutron.api.wsgi [None req-98e8ecba-7b90-4535-ae1d-462757ce1e71 f178fad556844a63b972de02f8d18a3c fc937f6b08f945cfbbd0d78f23aee742 - - default default] 10.0.0.197 "DELETE /v2.0/networks/3cd3c66b-81f8-4928-9314-1c94979a3004 HTTP/1.1" status: 204 len: 168 time: 0.2682717
2026-07-15 00:15:23.815 10 INFO neutron.services.segments.plugin [-] Segment 043f98fc-0be6-4aff-aa39-63abf6ee22fa resource provider aggregate not found
2026-07-15 00:15:23.818 10 INFO neutron.services.segments.plugin [-] Segment 043f98fc-0be6-4aff-aa39-63abf6ee22fa resource provider aggregate not found
2026-07-15 00:15:23.832 10 INFO neutron.services.segments.plugin [-] Segment 043f98fc-0be6-4aff-aa39-63abf6ee22fa resource provider not found; error: Placement Client Error (4xx): {"errors": [{"status": 404, "title": "Not Found", "detail": "The resource could not be found.\n\n No resource provider with uuid 043f98fc-0be6-4aff-aa39-63abf6ee22fa found for delete ", "request_id": "req-4a75ac30-b27d-4b33-b6b6-52e56b1f56a4"}]}
2026-07-15 00:15:23.833 10 INFO neutron.services.segments.plugin [-] Segment 043f98fc-0be6-4aff-aa39-63abf6ee22fa resource provider not found; error: Placement Client Error (4xx): {"errors": [{"status": 404, "title": "Not Found", "detail": "The resource could not be found.\n\n No resource provider with uuid 043f98fc-0be6-4aff-aa39-63abf6ee22fa found for delete ", "request_id": "req-2fdfabf0-e0d2-4229-a7db-6aec082ea0e4"}]}
2026-07-15 00:15:23.844 10 INFO neutron.api.wsgi [None req-9d0f0c98-aa17-4795-8634-e4fb9a0df64d f178fad556844a63b972de02f8d18a3c fc937f6b08f945cfbbd0d78f23aee742 - - default default] 10.0.0.197 "DELETE /v2.0/networks/43ad1721-d4ed-458e-a0ef-8ecce73e833c HTTP/1.1" status: 204 len: 168 time: 0.2683361
2026-07-15 00:15:24.030 10 INFO neutron.api.wsgi [None req-d0e666f1-7cce-4eee-880e-5497f371f883 cf11d30b59ba49899071e9c562350fa9 c36199a27b1945d88c54cee2631c5154 - - default default] 10.0.0.197 "GET /v2.0/networks HTTP/1.1" status: 200 len: 1492 time: 0.1488767
2026-07-15 00:15:24.130 10 INFO neutron.api.wsgi [req-f9bdd92b-4a4a-4643-b96f-4e79e8545f0d req-194079ae-bc4b-45f2-a3cf-d54c15a3b3dc cf11d30b59ba49899071e9c562350fa9 c36199a27b1945d88c54cee2631c5154 - - default default] 10.0.0.184 "GET /v2.0/security-groups?name=tempest-secgroup-smoke-2069241247&fields=id&tenant_id=c36199a27b1945d88c54cee2631c5154 HTTP/1.1" status: 200 len: 267 time: 0.0337107
2026-07-15 00:15:24.172 10 INFO neutron.api.wsgi [req-f9bdd92b-4a4a-4643-b96f-4e79e8545f0d req-9d207c06-f349-4944-8415-6c6905632ab9 cf11d30b59ba49899071e9c562350fa9 c36199a27b1945d88c54cee2631c5154 - - default default] 10.0.0.184 "GET /v2.0/networks?id=5cf2398c-6b82-4d5a-a63a-affdd4527556 HTTP/1.1" status: 200 len: 859 time: 0.0352726
2026-07-15 00:15:24.176 10 INFO neutron.api.wsgi [None req-07e88bc5-591a-4a07-9fc5-2cf03de7de6a f178fad556844a63b972de02f8d18a3c fc937f6b08f945cfbbd0d78f23aee742 - - default default] 10.0.0.197 "DELETE /v2.0/networks/4a85c3ec-00e0-4e1f-8cb3-b4ba44c99d71 HTTP/1.1" status: 204 len: 168 time: 0.3243599
2026-07-15 00:15:24.184 10 INFO neutron.api.wsgi [req-f9bdd92b-4a4a-4643-b96f-4e79e8545f0d req-3067b00a-df3f-4ae7-bb24-c011478e6840 cf11d30b59ba49899071e9c562350fa9 c36199a27b1945d88c54cee2631c5154 - - default default] 10.0.0.184 "GET /v2.0/quotas/c36199a27b1945d88c54cee2631c5154 HTTP/1.1" status: 200 len: 491 time: 0.0062618
2026-07-15 00:15:24.253 10 INFO neutron.api.wsgi [req-f9bdd92b-4a4a-4643-b96f-4e79e8545f0d req-2330a37f-4feb-41d9-bf35-667a7beee019 cf11d30b59ba49899071e9c562350fa9 c36199a27b1945d88c54cee2631c5154 - - default default] 10.0.0.184 "GET /v2.0/ports?tenant_id=c36199a27b1945d88c54cee2631c5154&fields=id HTTP/1.1" status: 200 len: 348 time: 0.0639513
2026-07-15 00:15:24.319 10 INFO neutron.api.wsgi [req-f9bdd92b-4a4a-4643-b96f-4e79e8545f0d req-4bf7be04-4bd2-4356-a6df-5ea2f6095b85 d5ae2cf065ab44848f923adf2beddf32 4a149269de794c39877fe605b8c6d58d - - f0d5bd53a426406e954dc45cfa6f09c6 f0d5bd53a426406e954dc45cfa6f09c6] 10.0.0.184 "GET /v2.0/networks/5cf2398c-6b82-4d5a-a63a-affdd4527556?fields=segments HTTP/1.1" status: 200 len: 212 time: 0.0545418
2026-07-15 00:15:24.366 10 INFO neutron.api.wsgi [req-f9bdd92b-4a4a-4643-b96f-4e79e8545f0d req-4d34509f-de36-4eb4-ae16-1870e2478bb2 d5ae2cf065ab44848f923adf2beddf32 4a149269de794c39877fe605b8c6d58d - - f0d5bd53a426406e954dc45cfa6f09c6 f0d5bd53a426406e954dc45cfa6f09c6] 10.0.0.184 "GET /v2.0/networks/5cf2398c-6b82-4d5a-a63a-affdd4527556?fields=provider%3Aphysical_network&fields=provider%3Anetwork_type HTTP/1.1" status: 200 len: 277 time: 0.0397112
2026-07-15 00:15:24.480 10 INFO neutron.api.wsgi [req-63aab31b-1d4b-41b6-84e0-0fc9aeb6a960 req-8cc63983-54ea-46fe-9ada-0422f60700fb cf11d30b59ba49899071e9c562350fa9 c36199a27b1945d88c54cee2631c5154 - - default default] 10.0.0.184 "GET /v2.0/ports?device_id=cc827665-90f7-4f81-b679-4379ce60666a HTTP/1.1" status: 200 len: 210 time: 0.0193994
2026-07-15 00:15:24.795 10 INFO neutron.api.wsgi [None req-3238d4cd-7e37-4688-be66-957b7c209ecb 06bbd1ce37784b188c8b912a4d9ab8b3 960b28e35ccd47e99505804431eb5e67 - - default default] 10.0.0.197 "GET /v2.0/security-groups?tenant_id=fc937f6b08f945cfbbd0d78f23aee742&name=default HTTP/1.1" status: 200 len: 3120 time: 0.1308036
2026-07-15 00:15:24.988 10 INFO neutron.api.wsgi [None req-3eed8120-27f6-4636-9158-6f6a921359cb 06bbd1ce37784b188c8b912a4d9ab8b3 960b28e35ccd47e99505804431eb5e67 - - default default] 10.0.0.197 "DELETE /v2.0/security-groups/dc1a0f34-18ab-44f9-a525-549abff99105 HTTP/1.1" status: 204 len: 168 time: 0.1883910
2026-07-15 00:15:25.291 9 INFO neutron.services.segments.plugin [-] Segment 28b833e3-ed89-405c-944f-e00535c75991 resource provider aggregate not found
2026-07-15 00:15:25.303 9 INFO neutron.services.segments.plugin [-] Segment 28b833e3-ed89-405c-944f-e00535c75991 resource provider aggregate not found
2026-07-15 00:15:25.307 9 INFO neutron.services.segments.plugin [-] Segment 28b833e3-ed89-405c-944f-e00535c75991 resource provider not found; error: Placement Client Error (4xx): {"errors": [{"status": 404, "title": "Not Found", "detail": "The resource could not be found.\n\n No resource provider with uuid 28b833e3-ed89-405c-944f-e00535c75991 found for delete ", "request_id": "req-39bc476a-ff36-4fd9-aa91-f86a05df04e2"}]}
2026-07-15 00:15:25.313 9 INFO neutron.services.segments.plugin [-] Segment 28b833e3-ed89-405c-944f-e00535c75991 resource provider not found; error: Placement Client Error (4xx): {"errors": [{"status": 404, "title": "Not Found", "detail": "The resource could not be found.\n\n No resource provider with uuid 28b833e3-ed89-405c-944f-e00535c75991 found for delete ", "request_id": "req-8d027cb5-698f-4c38-ad6a-7a493e20d6cc"}]}
2026-07-15 00:15:25.546 10 INFO neutron.api.wsgi [req-aef45310-89b2-4d48-9bbc-9d1a6bc3de42 req-318706f9-3bef-493c-b2fd-e83cbc894c82 cf11d30b59ba49899071e9c562350fa9 c36199a27b1945d88c54cee2631c5154 - - default default] 10.0.0.184 "GET /v2.0/ports?device_id=cc827665-90f7-4f81-b679-4379ce60666a HTTP/1.1" status: 200 len: 210 time: 0.0178912
2026-07-15 00:15:25.848 10 INFO neutron.services.segments.plugin [-] Segment ba72f096-198c-46fe-9f4e-65659502933d resource provider aggregate not found
2026-07-15 00:15:25.851 10 INFO neutron.services.segments.plugin [-] Segment ba72f096-198c-46fe-9f4e-65659502933d resource provider aggregate not found
2026-07-15 00:15:25.865 10 INFO neutron.services.segments.plugin [-] Segment ba72f096-198c-46fe-9f4e-65659502933d resource provider not found; error: Placement Client Error (4xx): {"errors": [{"status": 404, "title": "Not Found", "detail": "The resource could not be found.\n\n No resource provider with uuid ba72f096-198c-46fe-9f4e-65659502933d found for delete ", "request_id": "req-debe6c35-e782-4911-ae69-86ca169ac821"}]}
2026-07-15 00:15:25.867 10 INFO neutron.services.segments.plugin [-] Segment ba72f096-198c-46fe-9f4e-65659502933d resource provider not found; error: Placement Client Error (4xx): {"errors": [{"status": 404, "title": "Not Found", "detail": "The resource could not be found.\n\n No resource provider with uuid ba72f096-198c-46fe-9f4e-65659502933d found for delete ", "request_id": "req-bef73998-81bb-49b5-9811-198ca3c87101"}]}
2026-07-15 00:15:25.926 9 INFO neutron.db.ovn_revision_numbers_db [None req-4b53be9f-b771-45f6-840c-be983798c3d8 64d5b709d87d40029c5379fe2ff533b8 45ae53b9cb6f48eeab0f73ca380aff95 - - default default] Successfully bumped revision number for resource be9cd030-927a-4011-8ede-564c99e49e4d (type: security_groups) to 1
2026-07-15 00:15:25.941 9 INFO neutron.db.ovn_revision_numbers_db [None req-4b53be9f-b771-45f6-840c-be983798c3d8 64d5b709d87d40029c5379fe2ff533b8 45ae53b9cb6f48eeab0f73ca380aff95 - - default default] Successfully bumped revision number for resource 4508c61e-9ce3-454a-80da-e95cd05c62bb (type: security_group_rules) to 0
2026-07-15 00:15:25.955 9 INFO neutron.db.ovn_revision_numbers_db [None req-4b53be9f-b771-45f6-840c-be983798c3d8 64d5b709d87d40029c5379fe2ff533b8 45ae53b9cb6f48eeab0f73ca380aff95 - - default default] Successfully bumped revision number for resource 5cd6c6a5-deff-42ac-8aa9-e4ed3559fa2a (type: security_group_rules) to 0
2026-07-15 00:15:25.971 9 INFO neutron.db.ovn_revision_numbers_db [None req-4b53be9f-b771-45f6-840c-be983798c3d8 64d5b709d87d40029c5379fe2ff533b8 45ae53b9cb6f48eeab0f73ca380aff95 - - default default] Successfully bumped revision number for resource 8133f46f-271d-4f69-8059-a4bc5d902361 (type: security_group_rules) to 0
2026-07-15 00:15:25.985 9 INFO neutron.db.ovn_revision_numbers_db [None req-4b53be9f-b771-45f6-840c-be983798c3d8 64d5b709d87d40029c5379fe2ff533b8 45ae53b9cb6f48eeab0f73ca380aff95 - - default default] Successfully bumped revision number for resource f9235417-1bc8-4c3e-8b0f-ff9c78f60d5d (type: security_group_rules) to 0
2026-07-15 00:15:26.061 9 INFO neutron.db.segments_db [None req-4b53be9f-b771-45f6-840c-be983798c3d8 64d5b709d87d40029c5379fe2ff533b8 45ae53b9cb6f48eeab0f73ca380aff95 - - default default] Added segment 55db0acf-baf3-4ca5-a03a-520b2a9fb499 of type geneve for network 33147fe4-8cf2-439a-b4cc-7cfce2a1914c
2026-07-15 00:15:26.162 9 WARNING neutron_lib.context [None req-8b7941c7-a92e-4dbb-9b4d-17b4a203451b 59fbc6011bdd486188c145ea9d9b843a 4aa20b07c86640dab03bb52a5d7057fe - - default default] Method 'is_advsvc' is deprecated since 2023.2 release (neutron-lib 3.8.0) and will be removed once support for the old RBAC API policies will be removed from Neutron. Please use method 'is_service_role' instead.
2026-07-15 00:15:26.165 9 INFO neutron.db.ovn_revision_numbers_db [None req-4b53be9f-b771-45f6-840c-be983798c3d8 64d5b709d87d40029c5379fe2ff533b8 45ae53b9cb6f48eeab0f73ca380aff95 - - default default] Successfully bumped revision number for resource 33147fe4-8cf2-439a-b4cc-7cfce2a1914c (type: networks) to 1
2026-07-15 00:15:26.266 9 INFO neutron.db.ovn_revision_numbers_db [None req-8b7941c7-a92e-4dbb-9b4d-17b4a203451b 59fbc6011bdd486188c145ea9d9b843a 4aa20b07c86640dab03bb52a5d7057fe - - default default] Successfully bumped revision number for resource f2edad44-4a4c-41de-8c55-008f34e31578 (type: routers) to 1
2026-07-15 00:15:26.279 9 INFO neutron.api.wsgi [None req-8b7941c7-a92e-4dbb-9b4d-17b4a203451b 59fbc6011bdd486188c145ea9d9b843a 4aa20b07c86640dab03bb52a5d7057fe - - default default] 10.0.0.197 "POST /v2.0/routers HTTP/1.1" status: 201 len: 769 time: 0.2703474
2026-07-15 00:15:26.322 9 WARNING neutron.scheduler.dhcp_agent_scheduler [None req-4b53be9f-b771-45f6-840c-be983798c3d8 64d5b709d87d40029c5379fe2ff533b8 45ae53b9cb6f48eeab0f73ca380aff95 - - default default] No more DHCP agents
2026-07-15 00:15:26.323 9 WARNING neutron.api.rpc.agentnotifiers.dhcp_rpc_agent_api [None req-4b53be9f-b771-45f6-840c-be983798c3d8 64d5b709d87d40029c5379fe2ff533b8 45ae53b9cb6f48eeab0f73ca380aff95 - - default default] Unable to schedule network 33147fe4-8cf2-439a-b4cc-7cfce2a1914c: no agents available; will retry on subsequent port and subnet creation events.
2026-07-15 00:15:26.330 10 INFO neutron.api.wsgi [None req-1c787a12-ddb7-4251-9613-f29c8a6fd3bc 59fbc6011bdd486188c145ea9d9b843a 4aa20b07c86640dab03bb52a5d7057fe - - default default] 10.0.0.197 "PUT /v2.0/routers/f2edad44-4a4c-41de-8c55-008f34e31578/tags HTTP/1.1" status: 200 len: 218 time: 0.0432715
2026-07-15 00:15:26.367 10 INFO neutron.api.wsgi [None req-1efccc30-37e9-41ce-8ff6-2252c224c308 59fbc6011bdd486188c145ea9d9b843a 4aa20b07c86640dab03bb52a5d7057fe - - default default] 10.0.0.197 "GET /v2.0/routers/f2edad44-4a4c-41de-8c55-008f34e31578/tags HTTP/1.1" status: 200 len: 218 time: 0.0336535
2026-07-15 00:15:26.381 9 INFO neutron.db.ovn_revision_numbers_db [None req-4b53be9f-b771-45f6-840c-be983798c3d8 64d5b709d87d40029c5379fe2ff533b8 45ae53b9cb6f48eeab0f73ca380aff95 - - default default] Successfully bumped revision number for resource 86a62eb0-f4f1-4376-8ff6-eb59cf0b75b4 (type: ports) to 1
2026-07-15 00:15:26.401 9 INFO neutron.api.wsgi [None req-4b53be9f-b771-45f6-840c-be983798c3d8 64d5b709d87d40029c5379fe2ff533b8 45ae53b9cb6f48eeab0f73ca380aff95 - - default default] 10.0.0.197 "POST /v2.0/networks HTTP/1.1" status: 201 len: 928 time: 0.6711359
2026-07-15 00:15:26.414 10 INFO neutron.api.wsgi [None req-2917e05a-6606-49e9-9d77-a9135adf7bba 59fbc6011bdd486188c145ea9d9b843a 4aa20b07c86640dab03bb52a5d7057fe - - default default] 10.0.0.197 "PUT /v2.0/routers/f2edad44-4a4c-41de-8c55-008f34e31578/tags/green HTTP/1.1" status: 201 len: 201 time: 0.0421467
2026-07-15 00:15:26.453 9 INFO neutron.api.wsgi [None req-02356a56-e9ab-43ab-98eb-b91166ff5081 59fbc6011bdd486188c145ea9d9b843a 4aa20b07c86640dab03bb52a5d7057fe - - default default] 10.0.0.197 "GET /v2.0/routers/f2edad44-4a4c-41de-8c55-008f34e31578/tags HTTP/1.1" status: 200 len: 227 time: 0.0337279
2026-07-15 00:15:26.515 9 INFO neutron.api.wsgi [None req-dfe14790-d608-4ff9-964d-686d05e7fb90 59fbc6011bdd486188c145ea9d9b843a 4aa20b07c86640dab03bb52a5d7057fe - - default default] 10.0.0.197 "PUT /v2.0/routers/f2edad44-4a4c-41de-8c55-008f34e31578/tags/red HTTP/1.1" status: 201 len: 201 time: 0.0577044
2026-07-15 00:15:26.557 10 WARNING neutron.scheduler.dhcp_agent_scheduler [None req-3d8a41b6-b700-4bb2-83d3-727f9c47d593 64d5b709d87d40029c5379fe2ff533b8 45ae53b9cb6f48eeab0f73ca380aff95 - - default default] No more DHCP agents
2026-07-15 00:15:26.558 10 WARNING neutron.api.rpc.agentnotifiers.dhcp_rpc_agent_api [None req-3d8a41b6-b700-4bb2-83d3-727f9c47d593 64d5b709d87d40029c5379fe2ff533b8 45ae53b9cb6f48eeab0f73ca380aff95 - - default default] Unable to schedule network 33147fe4-8cf2-439a-b4cc-7cfce2a1914c: no agents available; will retry on subsequent port and subnet creation events.
2026-07-15 00:15:26.559 9 INFO neutron.api.wsgi [None req-139d515f-844c-46de-9981-a7bce8982786 59fbc6011bdd486188c145ea9d9b843a 4aa20b07c86640dab03bb52a5d7057fe - - default default] 10.0.0.197 "GET /v2.0/routers/f2edad44-4a4c-41de-8c55-008f34e31578/tags HTTP/1.1" status: 200 len: 227 time: 0.0387397
2026-07-15 00:15:26.611 10 INFO neutron.api.wsgi [req-5f13fda5-627c-4ba4-9f78-f4fe4739813f req-f3e12d08-66af-44ed-8b5f-327197c414fb cf11d30b59ba49899071e9c562350fa9 c36199a27b1945d88c54cee2631c5154 - - default default] 10.0.0.184 "GET /v2.0/ports?device_id=cc827665-90f7-4f81-b679-4379ce60666a HTTP/1.1" status: 200 len: 210 time: 0.0175064
2026-07-15 00:15:26.615 9 INFO neutron.api.wsgi [None req-08ac7b6d-918a-459d-b811-e083b74e2a2c 59fbc6011bdd486188c145ea9d9b843a 4aa20b07c86640dab03bb52a5d7057fe - - default default] 10.0.0.197 "PUT /v2.0/routers/f2edad44-4a4c-41de-8c55-008f34e31578/tags/black.or.white HTTP/1.1" status: 201 len: 201 time: 0.0513208
2026-07-15 00:15:26.667 9 INFO neutron.api.wsgi [None req-6efcdc9d-4dd7-4c6e-8028-d98f1c5642e0 59fbc6011bdd486188c145ea9d9b843a 4aa20b07c86640dab03bb52a5d7057fe - - default default] 10.0.0.197 "GET /v2.0/routers/f2edad44-4a4c-41de-8c55-008f34e31578/tags HTTP/1.1" status: 200 len: 245 time: 0.0461078
2026-07-15 00:15:26.706 10 WARNING neutron_lib.context [None req-aca5f681-16e2-4b72-a4d6-6752e882ad06 04897a9040d44591b58baa525531e8e9 a5c6603fabf8457784e3bce7f77747fc - - default default] Method 'is_advsvc' is deprecated since 2023.2 release (neutron-lib 3.8.0) and will be removed once support for the old RBAC API policies will be removed from Neutron. Please use method 'is_service_role' instead.
2026-07-15 00:15:26.738 9 INFO neutron.api.wsgi [None req-99f0a67c-b649-40a5-b2ed-00d13775d4ed 59fbc6011bdd486188c145ea9d9b843a 4aa20b07c86640dab03bb52a5d7057fe - - default default] 10.0.0.197 "PUT /v2.0/routers/f2edad44-4a4c-41de-8c55-008f34e31578/tags HTTP/1.1" status: 200 len: 230 time: 0.0657420
2026-07-15 00:15:26.776 9 INFO neutron.api.wsgi [None req-d52cf35d-57ae-4c1a-b167-4aac87d32345 59fbc6011bdd486188c145ea9d9b843a 4aa20b07c86640dab03bb52a5d7057fe - - default default] 10.0.0.197 "GET /v2.0/routers/f2edad44-4a4c-41de-8c55-008f34e31578/tags HTTP/1.1" status: 200 len: 230 time: 0.0335841
2026-07-15 00:15:26.812 9 INFO neutron.api.wsgi [None req-2922593e-bd28-45a2-891a-773709745b92 59fbc6011bdd486188c145ea9d9b843a 4aa20b07c86640dab03bb52a5d7057fe - - default default] 10.0.0.197 "GET /v2.0/routers/f2edad44-4a4c-41de-8c55-008f34e31578/tags/red HTTP/1.1" status: 204 len: 168 time: 0.0315108
2026-07-15 00:15:26.849 10 INFO neutron.db.ovn_revision_numbers_db [None req-aca5f681-16e2-4b72-a4d6-6752e882ad06 04897a9040d44591b58baa525531e8e9 a5c6603fabf8457784e3bce7f77747fc - - default default] Successfully bumped revision number for resource 80a06a64-9353-4a6e-bffb-ebb3b0e51cae (type: security_groups) to 1
2026-07-15 00:15:26.868 10 INFO neutron.db.ovn_revision_numbers_db [None req-aca5f681-16e2-4b72-a4d6-6752e882ad06 04897a9040d44591b58baa525531e8e9 a5c6603fabf8457784e3bce7f77747fc - - default default] Successfully bumped revision number for resource 13fbffb1-7aa3-4ef1-bc46-c8623d3fbc10 (type: security_group_rules) to 0
2026-07-15 00:15:26.888 10 INFO neutron.db.ovn_revision_numbers_db [None req-aca5f681-16e2-4b72-a4d6-6752e882ad06 04897a9040d44591b58baa525531e8e9 a5c6603fabf8457784e3bce7f77747fc - - default default] Successfully bumped revision number for resource 7b1a53ab-d4ef-4a76-b5bb-fc8ab438a138 (type: security_group_rules) to 0
2026-07-15 00:15:26.897 9 INFO neutron.api.v2.resource [None req-282f4412-bd8f-416d-8235-91f0aa47c9f0 59fbc6011bdd486188c145ea9d9b843a 4aa20b07c86640dab03bb52a5d7057fe - - default default] show failed (client error): The resource could not be found.
2026-07-15 00:15:26.899 9 INFO neutron.api.wsgi [None req-282f4412-bd8f-416d-8235-91f0aa47c9f0 59fbc6011bdd486188c145ea9d9b843a 4aa20b07c86640dab03bb52a5d7057fe - - default default] 10.0.0.197 "GET /v2.0/routers/f2edad44-4a4c-41de-8c55-008f34e31578/tags/green HTTP/1.1" status: 404 len: 299 time: 0.0833876
2026-07-15 00:15:26.902 10 INFO neutron.db.ovn_revision_numbers_db [None req-aca5f681-16e2-4b72-a4d6-6752e882ad06 04897a9040d44591b58baa525531e8e9 a5c6603fabf8457784e3bce7f77747fc - - default default] Successfully bumped revision number for resource 7e33725f-477f-4a3c-b2a2-b62b07dd4562 (type: security_group_rules) to 0
2026-07-15 00:15:26.921 10 INFO neutron.db.ovn_revision_numbers_db [None req-aca5f681-16e2-4b72-a4d6-6752e882ad06 04897a9040d44591b58baa525531e8e9 a5c6603fabf8457784e3bce7f77747fc - - default default] Successfully bumped revision number for resource b5e547ad-889e-4360-929d-3c475def25ab (type: security_group_rules) to 0
2026-07-15 00:15:26.965 9 INFO neutron.api.wsgi [None req-9dd6270a-caa0-4fae-bc45-e6006d1cbb10 59fbc6011bdd486188c145ea9d9b843a 4aa20b07c86640dab03bb52a5d7057fe - - default default] 10.0.0.197 "DELETE /v2.0/routers/f2edad44-4a4c-41de-8c55-008f34e31578/tags/red HTTP/1.1" status: 204 len: 168 time: 0.0544062
2026-07-15 00:15:27.013 10 INFO neutron.api.wsgi [None req-b3592340-54a1-47a3-a56d-d904d819d668 59fbc6011bdd486188c145ea9d9b843a 4aa20b07c86640dab03bb52a5d7057fe - - default default] 10.0.0.197 "GET /v2.0/routers/f2edad44-4a4c-41de-8c55-008f34e31578/tags HTTP/1.1" status: 200 len: 223 time: 0.0438151
2026-07-15 00:15:27.016 10 INFO neutron.db.segments_db [None req-aca5f681-16e2-4b72-a4d6-6752e882ad06 04897a9040d44591b58baa525531e8e9 a5c6603fabf8457784e3bce7f77747fc - - default default] Added segment 878aae5b-0f3e-45a0-8fda-01aed59ff003 of type geneve for network 526f602c-8f99-46b7-a943-d8d582650804
2026-07-15 00:15:27.029 10 INFO neutron.db.ovn_revision_numbers_db [None req-d50113c6-a541-4fa0-9f26-0c25fc270758 - - - - - -] Successfully bumped revision number for resource 86a62eb0-f4f1-4376-8ff6-eb59cf0b75b4 (type: ports) to 2
2026-07-15 00:15:27.067 9 INFO neutron.api.v2.resource [None req-2b40189a-142a-4f16-b1fa-f4946fe70fb5 59fbc6011bdd486188c145ea9d9b843a 4aa20b07c86640dab03bb52a5d7057fe - - default default] delete failed (client error): The resource could not be found.
2026-07-15 00:15:27.069 10 INFO neutron.db.ovn_revision_numbers_db [None req-d50113c6-a541-4fa0-9f26-0c25fc270758 - - - - - -] Successfully bumped revision number for resource c72dc520-cbb2-4016-a97e-3608afdf0cbb (type: subnets) to 0
2026-07-15 00:15:27.069 9 INFO neutron.api.wsgi [None req-2b40189a-142a-4f16-b1fa-f4946fe70fb5 59fbc6011bdd486188c145ea9d9b843a 4aa20b07c86640dab03bb52a5d7057fe - - default default] 10.0.0.197 "DELETE /v2.0/routers/f2edad44-4a4c-41de-8c55-008f34e31578/tags/green HTTP/1.1" status: 404 len: 299 time: 0.0499585
2026-07-15 00:15:27.086 10 INFO neutron.api.wsgi [None req-3d8a41b6-b700-4bb2-83d3-727f9c47d593 64d5b709d87d40029c5379fe2ff533b8 45ae53b9cb6f48eeab0f73ca380aff95 - - default default] 10.0.0.197 "POST /v2.0/subnets HTTP/1.1" status: 201 len: 843 time: 0.6789083
2026-07-15 00:15:27.098 10 WARNING neutron.api.v2.base [None req-fa4ce87a-eee8-4522-beb2-034a564786d3 64d5b709d87d40029c5379fe2ff533b8 45ae53b9cb6f48eeab0f73ca380aff95 - - default default] An exception happened while processing the request body. The exception message is [Invalid input for target_tenant. Reason: 'None' is not a valid string.].: webob.exc.HTTPBadRequest: Invalid input for target_tenant. Reason: 'None' is not a valid string.
2026-07-15 00:15:27.099 10 INFO neutron.api.v2.resource [None req-fa4ce87a-eee8-4522-beb2-034a564786d3 64d5b709d87d40029c5379fe2ff533b8 45ae53b9cb6f48eeab0f73ca380aff95 - - default default] create failed (client error): Invalid input for target_tenant. Reason: 'None' is not a valid string.
2026-07-15 00:15:27.100 10 INFO neutron.api.wsgi [None req-fa4ce87a-eee8-4522-beb2-034a564786d3 64d5b709d87d40029c5379fe2ff533b8 45ae53b9cb6f48eeab0f73ca380aff95 - - default default] 10.0.0.197 "POST /v2.0/rbac-policies HTTP/1.1" status: 400 len: 346 time: 0.0104966
2026-07-15 00:15:27.122 9 INFO neutron.api.wsgi [None req-f8d32316-2b56-414f-89f4-8680309dd2a0 59fbc6011bdd486188c145ea9d9b843a 4aa20b07c86640dab03bb52a5d7057fe - - default default] 10.0.0.197 "DELETE /v2.0/routers/f2edad44-4a4c-41de-8c55-008f34e31578/tags HTTP/1.1" status: 204 len: 168 time: 0.0446949
2026-07-15 00:15:27.157 10 INFO neutron.db.ovn_revision_numbers_db [None req-aca5f681-16e2-4b72-a4d6-6752e882ad06 04897a9040d44591b58baa525531e8e9 a5c6603fabf8457784e3bce7f77747fc - - default default] Successfully bumped revision number for resource 526f602c-8f99-46b7-a943-d8d582650804 (type: networks) to 1
2026-07-15 00:15:27.163 9 INFO neutron.api.wsgi [None req-a8c70b93-f3de-4bdf-8bf5-33d334a3cf20 59fbc6011bdd486188c145ea9d9b843a 4aa20b07c86640dab03bb52a5d7057fe - - default default] 10.0.0.197 "GET /v2.0/routers/f2edad44-4a4c-41de-8c55-008f34e31578/tags HTTP/1.1" status: 200 len: 205 time: 0.0379164
2026-07-15 00:15:27.203 9 INFO neutron.api.wsgi [None req-215c41fc-928b-4f88-89de-91b5c54638f4 59fbc6011bdd486188c145ea9d9b843a 4aa20b07c86640dab03bb52a5d7057fe - - default default] 10.0.0.197 "GET /v2.0/routers/f2edad44-4a4c-41de-8c55-008f34e31578 HTTP/1.1" status: 200 len: 770 time: 0.0352666
2026-07-15 00:15:27.321 10 WARNING neutron.scheduler.dhcp_agent_scheduler [None req-aca5f681-16e2-4b72-a4d6-6752e882ad06 04897a9040d44591b58baa525531e8e9 a5c6603fabf8457784e3bce7f77747fc - - default default] No more DHCP agents
2026-07-15 00:15:27.323 10 WARNING neutron.api.rpc.agentnotifiers.dhcp_rpc_agent_api [None req-aca5f681-16e2-4b72-a4d6-6752e882ad06 04897a9040d44591b58baa525531e8e9 a5c6603fabf8457784e3bce7f77747fc - - default default] Unable to schedule network 526f602c-8f99-46b7-a943-d8d582650804: no agents available; will retry on subsequent port and subnet creation events.
2026-07-15 00:15:27.394 10 INFO neutron.db.ovn_revision_numbers_db [None req-aca5f681-16e2-4b72-a4d6-6752e882ad06 04897a9040d44591b58baa525531e8e9 a5c6603fabf8457784e3bce7f77747fc - - default default] Successfully bumped revision number for resource 32700c1d-73ff-4c0f-9694-92ae86c59386 (type: ports) to 1
2026-07-15 00:15:27.415 10 INFO neutron.api.wsgi [None req-aca5f681-16e2-4b72-a4d6-6752e882ad06 04897a9040d44591b58baa525531e8e9 a5c6603fabf8457784e3bce7f77747fc - - default default] 10.0.0.197 "POST /v2.0/networks HTTP/1.1" status: 201 len: 843 time: 0.8011050
2026-07-15 00:15:27.424 10 WARNING neutron_lib.context [None req-5f936dc7-dedd-4bac-b0a9-8a5fc9326b6f 04897a9040d44591b58baa525531e8e9 a5c6603fabf8457784e3bce7f77747fc - - default default] Method 'is_advsvc' is deprecated since 2023.2 release (neutron-lib 3.8.0) and will be removed once support for the old RBAC API policies will be removed from Neutron. Please use method 'is_service_role' instead.
2026-07-15 00:15:27.463 9 INFO neutron.db.ovn_revision_numbers_db [None req-6ebb0662-9489-4c7d-9988-ddf972a9aa4a 59fbc6011bdd486188c145ea9d9b843a 4aa20b07c86640dab03bb52a5d7057fe - - default default] Successfully bumped revision number for resource f2edad44-4a4c-41de-8c55-008f34e31578 (type: routers) to 7
2026-07-15 00:15:27.470 9 INFO neutron.api.wsgi [None req-6ebb0662-9489-4c7d-9988-ddf972a9aa4a 59fbc6011bdd486188c145ea9d9b843a 4aa20b07c86640dab03bb52a5d7057fe - - default default] 10.0.0.197 "PUT /v2.0/routers/f2edad44-4a4c-41de-8c55-008f34e31578 HTTP/1.1" status: 200 len: 770 time: 0.2642806
2026-07-15 00:15:27.497 9 INFO neutron.api.wsgi [None req-afdc89ba-da73-4f90-a250-36f4608a43e3 59fbc6011bdd486188c145ea9d9b843a 4aa20b07c86640dab03bb52a5d7057fe - - default default] 10.0.0.197 "GET /v2.0/ports?device_id=f2edad44-4a4c-41de-8c55-008f34e31578 HTTP/1.1" status: 200 len: 205 time: 0.0205450
2026-07-15 00:15:27.623 10 INFO neutron.api.wsgi [None req-b47f8aea-1c2c-4531-b3db-01057ce1125e 64d5b709d87d40029c5379fe2ff533b8 45ae53b9cb6f48eeab0f73ca380aff95 - - default default] 10.0.0.197 "DELETE /v2.0/networks/33147fe4-8cf2-439a-b4cc-7cfce2a1914c HTTP/1.1" status: 204 len: 168 time: 0.5199795 /var/lib/openstack/lib/python3.12/site-packages/pycadf/identifier.py:71: UserWarning: Invalid uuid: neutron. To ensure interoperability, identifiers should be a valid uuid. warnings.warn(('Invalid uuid: %s. To ensure interoperability, '
2026-07-15 00:15:27.644 10 WARNING neutron.scheduler.dhcp_agent_scheduler [None req-5f936dc7-dedd-4bac-b0a9-8a5fc9326b6f 04897a9040d44591b58baa525531e8e9 a5c6603fabf8457784e3bce7f77747fc - - default default] No more DHCP agents
2026-07-15 00:15:27.648 10 WARNING neutron.api.rpc.agentnotifiers.dhcp_rpc_agent_api [None req-5f936dc7-dedd-4bac-b0a9-8a5fc9326b6f 04897a9040d44591b58baa525531e8e9 a5c6603fabf8457784e3bce7f77747fc - - default default] Unable to schedule network 526f602c-8f99-46b7-a943-d8d582650804: no agents available; will retry on subsequent port and subnet creation events.
2026-07-15 00:15:27.663 9 INFO neutron.api.wsgi [None req-4f26c6f9-f06c-4d6d-99ac-6dd002b3385d 59fbc6011bdd486188c145ea9d9b843a 4aa20b07c86640dab03bb52a5d7057fe - - default default] 10.0.0.197 "DELETE /v2.0/routers/f2edad44-4a4c-41de-8c55-008f34e31578 HTTP/1.1" status: 204 len: 168 time: 0.1620753 /var/lib/openstack/lib/python3.12/site-packages/pycadf/identifier.py:71: UserWarning: Invalid uuid: neutron. To ensure interoperability, identifiers should be a valid uuid. warnings.warn(('Invalid uuid: %s. To ensure interoperability, '
2026-07-15 00:15:27.698 9 INFO neutron.api.wsgi [-] 10.0.0.116 "GET / HTTP/1.1" status: 200 len: 247 time: 0.0012660
2026-07-15 00:15:27.699 9 INFO neutron.api.wsgi [-] 10.0.0.116 "GET / HTTP/1.1" status: 200 len: 247 time: 0.0009198
2026-07-15 00:15:27.701 10 INFO neutron.api.wsgi [req-5173631d-5e6c-4ac9-a359-0daf2e3f05d6 req-98862955-97ac-4873-ba2c-02e0e83f18bc cf11d30b59ba49899071e9c562350fa9 c36199a27b1945d88c54cee2631c5154 - - default default] 10.0.0.184 "GET /v2.0/ports?device_id=cc827665-90f7-4f81-b679-4379ce60666a HTTP/1.1" status: 200 len: 210 time: 0.0195284
2026-07-15 00:15:27.710 10 INFO neutron.db.segments_db [None req-bc794178-913d-4283-9024-2d037020b1f8 64d5b709d87d40029c5379fe2ff533b8 45ae53b9cb6f48eeab0f73ca380aff95 - - default default] Added segment 63e8262b-f43c-480f-9c9e-060521b12e90 of type geneve for network 17a883ec-be0e-4be4-82d9-528780cb0705
2026-07-15 00:15:27.714 10 INFO neutron.db.ovn_revision_numbers_db [None req-5f936dc7-dedd-4bac-b0a9-8a5fc9326b6f 04897a9040d44591b58baa525531e8e9 a5c6603fabf8457784e3bce7f77747fc - - default default] Successfully bumped revision number for resource 175a4a67-f05a-4f5e-b895-aaaa00452860 (type: ports) to 1
2026-07-15 00:15:27.733 10 INFO neutron.api.wsgi [None req-5f936dc7-dedd-4bac-b0a9-8a5fc9326b6f 04897a9040d44591b58baa525531e8e9 a5c6603fabf8457784e3bce7f77747fc - - default default] 10.0.0.197 "POST /v2.0/ports HTTP/1.1" status: 201 len: 974 time: 0.3122482
2026-07-15 00:15:27.754 9 WARNING neutron_lib.context [None req-e065eabc-363c-4110-899c-82f537ecdb14 04897a9040d44591b58baa525531e8e9 a5c6603fabf8457784e3bce7f77747fc - - default default] Method 'is_advsvc' is deprecated since 2023.2 release (neutron-lib 3.8.0) and will be removed once support for the old RBAC API policies will be removed from Neutron. Please use method 'is_service_role' instead.
2026-07-15 00:15:27.817 10 INFO neutron.db.ovn_revision_numbers_db [None req-bc794178-913d-4283-9024-2d037020b1f8 64d5b709d87d40029c5379fe2ff533b8 45ae53b9cb6f48eeab0f73ca380aff95 - - default default] Successfully bumped revision number for resource 17a883ec-be0e-4be4-82d9-528780cb0705 (type: networks) to 1
2026-07-15 00:15:27.852 9 INFO neutron.db.segments_db [None req-e065eabc-363c-4110-899c-82f537ecdb14 04897a9040d44591b58baa525531e8e9 a5c6603fabf8457784e3bce7f77747fc - - default default] Added segment 0e980290-4396-4fcc-8346-e486ba803788 of type geneve for network 0f41142a-ff49-4f3b-81b1-8581d5ccc03a
2026-07-15 00:15:27.890 10 INFO neutron.services.segments.plugin [-] Segment 55db0acf-baf3-4ca5-a03a-520b2a9fb499 resource provider aggregate not found
2026-07-15 00:15:27.894 10 INFO neutron.services.segments.plugin [-] Segment 55db0acf-baf3-4ca5-a03a-520b2a9fb499 resource provider aggregate not found
2026-07-15 00:15:27.904 10 INFO neutron.services.segments.plugin [-] Segment 55db0acf-baf3-4ca5-a03a-520b2a9fb499 resource provider not found; error: Placement Client Error (4xx): {"errors": [{"status": 404, "title": "Not Found", "detail": "The resource could not be found.\n\n No resource provider with uuid 55db0acf-baf3-4ca5-a03a-520b2a9fb499 found for delete ", "request_id": "req-c261e1a1-45c1-4f5c-91bd-c1c67a617f3a"}]}
2026-07-15 00:15:27.909 10 INFO neutron.services.segments.plugin [-] Segment 55db0acf-baf3-4ca5-a03a-520b2a9fb499 resource provider not found; error: Placement Client Error (4xx): {"errors": [{"status": 404, "title": "Not Found", "detail": "The resource could not be found.\n\n No resource provider with uuid 55db0acf-baf3-4ca5-a03a-520b2a9fb499 found for delete ", "request_id": "req-5eb8c506-694a-42d4-bdc7-d3f96764cc0f"}]}
2026-07-15 00:15:27.964 9 INFO neutron.db.ovn_revision_numbers_db [None req-e065eabc-363c-4110-899c-82f537ecdb14 04897a9040d44591b58baa525531e8e9 a5c6603fabf8457784e3bce7f77747fc - - default default] Successfully bumped revision number for resource 0f41142a-ff49-4f3b-81b1-8581d5ccc03a (type: networks) to 1
2026-07-15 00:15:27.993 10 WARNING neutron.scheduler.dhcp_agent_scheduler [None req-bc794178-913d-4283-9024-2d037020b1f8 64d5b709d87d40029c5379fe2ff533b8 45ae53b9cb6f48eeab0f73ca380aff95 - - default default] No more DHCP agents
2026-07-15 00:15:27.994 10 WARNING neutron.api.rpc.agentnotifiers.dhcp_rpc_agent_api [None req-bc794178-913d-4283-9024-2d037020b1f8 64d5b709d87d40029c5379fe2ff533b8 45ae53b9cb6f48eeab0f73ca380aff95 - - default default] Unable to schedule network 17a883ec-be0e-4be4-82d9-528780cb0705: no agents available; will retry on subsequent port and subnet creation events.
2026-07-15 00:15:28.054 10 INFO neutron.db.ovn_revision_numbers_db [None req-bc794178-913d-4283-9024-2d037020b1f8 64d5b709d87d40029c5379fe2ff533b8 45ae53b9cb6f48eeab0f73ca380aff95 - - default default] Successfully bumped revision number for resource 62f829b9-f681-47b4-ae8d-5b9f1a4fa70b (type: ports) to 1
2026-07-15 00:15:28.075 10 INFO neutron.api.wsgi [None req-bc794178-913d-4283-9024-2d037020b1f8 64d5b709d87d40029c5379fe2ff533b8 45ae53b9cb6f48eeab0f73ca380aff95 - - default default] 10.0.0.197 "POST /v2.0/networks HTTP/1.1" status: 201 len: 928 time: 0.4473181
2026-07-15 00:15:28.125 9 WARNING neutron.scheduler.dhcp_agent_scheduler [None req-e065eabc-363c-4110-899c-82f537ecdb14 04897a9040d44591b58baa525531e8e9 a5c6603fabf8457784e3bce7f77747fc - - default default] No more DHCP agents
2026-07-15 00:15:28.126 9 WARNING neutron.api.rpc.agentnotifiers.dhcp_rpc_agent_api [None req-e065eabc-363c-4110-899c-82f537ecdb14 04897a9040d44591b58baa525531e8e9 a5c6603fabf8457784e3bce7f77747fc - - default default] Unable to schedule network 0f41142a-ff49-4f3b-81b1-8581d5ccc03a: no agents available; will retry on subsequent port and subnet creation events.
2026-07-15 00:15:28.183 9 INFO neutron.db.ovn_revision_numbers_db [None req-e065eabc-363c-4110-899c-82f537ecdb14 04897a9040d44591b58baa525531e8e9 a5c6603fabf8457784e3bce7f77747fc - - default default] Successfully bumped revision number for resource 487a89cf-be35-4dde-868c-37f02776aa6b (type: ports) to 1
2026-07-15 00:15:28.210 9 INFO neutron.api.wsgi [None req-e065eabc-363c-4110-899c-82f537ecdb14 04897a9040d44591b58baa525531e8e9 a5c6603fabf8457784e3bce7f77747fc - - default default] 10.0.0.197 "POST /v2.0/networks HTTP/1.1" status: 201 len: 831 time: 0.4700904
2026-07-15 00:15:28.216 10 WARNING neutron.scheduler.dhcp_agent_scheduler [None req-6237ebc1-f523-498e-900e-f5e0a95b353c 64d5b709d87d40029c5379fe2ff533b8 45ae53b9cb6f48eeab0f73ca380aff95 - - default default] No more DHCP agents
2026-07-15 00:15:28.218 10 WARNING neutron.api.rpc.agentnotifiers.dhcp_rpc_agent_api [None req-6237ebc1-f523-498e-900e-f5e0a95b353c 64d5b709d87d40029c5379fe2ff533b8 45ae53b9cb6f48eeab0f73ca380aff95 - - default default] Unable to schedule network 17a883ec-be0e-4be4-82d9-528780cb0705: no agents available; will retry on subsequent port and subnet creation events.
2026-07-15 00:15:28.221 9 WARNING neutron_lib.context [None req-49cf0eff-57bd-490b-b434-44f4d2178f53 04897a9040d44591b58baa525531e8e9 a5c6603fabf8457784e3bce7f77747fc - - default default] Method 'is_advsvc' is deprecated since 2023.2 release (neutron-lib 3.8.0) and will be removed once support for the old RBAC API policies will be removed from Neutron. Please use method 'is_service_role' instead.
2026-07-15 00:15:28.430 9 WARNING neutron.scheduler.dhcp_agent_scheduler [None req-49cf0eff-57bd-490b-b434-44f4d2178f53 04897a9040d44591b58baa525531e8e9 a5c6603fabf8457784e3bce7f77747fc - - default default] No more DHCP agents
2026-07-15 00:15:28.431 9 WARNING neutron.api.rpc.agentnotifiers.dhcp_rpc_agent_api [None req-49cf0eff-57bd-490b-b434-44f4d2178f53 04897a9040d44591b58baa525531e8e9 a5c6603fabf8457784e3bce7f77747fc - - default default] Unable to schedule network 0f41142a-ff49-4f3b-81b1-8581d5ccc03a: no agents available; will retry on subsequent port and subnet creation events.
2026-07-15 00:15:28.546 10 INFO neutron.db.ovn_revision_numbers_db [None req-1b09531c-2dde-4c3a-b694-b84a5ba4fb13 06bbd1ce37784b188c8b912a4d9ab8b3 960b28e35ccd47e99505804431eb5e67 - - default default] Successfully bumped revision number for resource 107bd189-7f9f-49af-9e8c-1be96206053e (type: security_groups) to 1
2026-07-15 00:15:28.560 10 INFO neutron.db.ovn_revision_numbers_db [None req-1b09531c-2dde-4c3a-b694-b84a5ba4fb13 06bbd1ce37784b188c8b912a4d9ab8b3 960b28e35ccd47e99505804431eb5e67 - - default default] Successfully bumped revision number for resource 3d31512a-cbdd-4970-9b39-5170213affb3 (type: security_group_rules) to 0
2026-07-15 00:15:28.592 10 INFO neutron.db.ovn_revision_numbers_db [None req-1b09531c-2dde-4c3a-b694-b84a5ba4fb13 06bbd1ce37784b188c8b912a4d9ab8b3 960b28e35ccd47e99505804431eb5e67 - - default default] Successfully bumped revision number for resource 547ed909-acd2-4d8c-8aba-248603367ca0 (type: security_group_rules) to 0
2026-07-15 00:15:28.628 10 INFO neutron.db.ovn_revision_numbers_db [None req-a3270caf-5605-4d48-ad50-57c9c39cae98 - - - - - -] Successfully bumped revision number for resource 62f829b9-f681-47b4-ae8d-5b9f1a4fa70b (type: ports) to 2
2026-07-15 00:15:28.640 10 INFO neutron.db.ovn_revision_numbers_db [None req-1b09531c-2dde-4c3a-b694-b84a5ba4fb13 06bbd1ce37784b188c8b912a4d9ab8b3 960b28e35ccd47e99505804431eb5e67 - - default default] Successfully bumped revision number for resource 95cc0312-b74f-4e96-aba4-ec4fc05a6b16 (type: security_group_rules) to 0
2026-07-15 00:15:28.692 10 INFO neutron.db.ovn_revision_numbers_db [None req-1b09531c-2dde-4c3a-b694-b84a5ba4fb13 06bbd1ce37784b188c8b912a4d9ab8b3 960b28e35ccd47e99505804431eb5e67 - - default default] Successfully bumped revision number for resource cea0e264-3605-48c4-b00d-8bd3880be65f (type: security_group_rules) to 0
2026-07-15 00:15:28.706 10 INFO neutron.db.ovn_revision_numbers_db [None req-a3270caf-5605-4d48-ad50-57c9c39cae98 - - - - - -] Successfully bumped revision number for resource 6d3bc385-9d54-414b-951a-7adff553a69f (type: subnets) to 0
2026-07-15 00:15:28.727 10 INFO neutron.api.wsgi [None req-6237ebc1-f523-498e-900e-f5e0a95b353c 64d5b709d87d40029c5379fe2ff533b8 45ae53b9cb6f48eeab0f73ca380aff95 - - default default] 10.0.0.197 "POST /v2.0/subnets HTTP/1.1" status: 201 len: 846 time: 0.6439705
2026-07-15 00:15:28.738 9 INFO neutron.api.wsgi [None req-e5f102c4-5d8c-4ae9-9381-8961c6e34dac 06bbd1ce37784b188c8b912a4d9ab8b3 960b28e35ccd47e99505804431eb5e67 - - default default] 10.0.0.215 "GET /v2.0/agents HTTP/1.1" status: 200 len: 1390 time: 0.0948997
2026-07-15 00:15:28.740 10 WARNING neutron.api.v2.base [None req-c025102b-a592-4bf6-9fb6-0f8d1d04b99a 64d5b709d87d40029c5379fe2ff533b8 45ae53b9cb6f48eeab0f73ca380aff95 - - default default] An exception happened while processing the request body. The exception message is [Invalid input for target_tenant. Reason: '1234123412341234123412341234123412341234123412341234123412341234123412341234123412341234123412341234123412341234123412341234123412341234123412341234123412341234123412341234123412341234123412341234123412341234123412341234123412341234123412341234123412341234123412341234123412341234123412341234123412341234123412341234123412341234123412341234123412341234123412341234123412341234123412341234123412341234' exceeds maximum length of 255.].: webob.exc.HTTPBadRequest: Invalid input for target_tenant. Reason: '1234123412341234123412341234123412341234123412341234123412341234123412341234123412341234123412341234123412341234123412341234123412341234123412341234123412341234123412341234123412341234123412341234123412341234123412341234123412341234123412341234123412341234123412341234123412341234123412341234123412341234123412341234123412341234123412341234123412341234123412341234123412341234123412341234123412341234' exceeds maximum length of 255.
2026-07-15 00:15:28.740 10 INFO neutron.api.v2.resource [None req-c025102b-a592-4bf6-9fb6-0f8d1d04b99a 64d5b709d87d40029c5379fe2ff533b8 45ae53b9cb6f48eeab0f73ca380aff95 - - default default] create failed (client error): Invalid input for target_tenant. Reason: '1234123412341234123412341234123412341234123412341234123412341234123412341234123412341234123412341234123412341234123412341234123412341234123412341234123412341234123412341234123412341234123412341234123412341234123412341234123412341234123412341234123412341234123412341234123412341234123412341234123412341234123412341234123412341234123412341234123412341234123412341234123412341234123412341234123412341234' exceeds maximum length of 255.
2026-07-15 00:15:28.741 10 INFO neutron.api.wsgi [None req-c025102b-a592-4bf6-9fb6-0f8d1d04b99a 64d5b709d87d40029c5379fe2ff533b8 45ae53b9cb6f48eeab0f73ca380aff95 - - default default] 10.0.0.197 "POST /v2.0/rbac-policies HTTP/1.1" status: 400 len: 750 time: 0.0050645
2026-07-15 00:15:28.747 10 INFO neutron.api.wsgi [None req-1b09531c-2dde-4c3a-b694-b84a5ba4fb13 06bbd1ce37784b188c8b912a4d9ab8b3 960b28e35ccd47e99505804431eb5e67 - - default default] 10.0.0.197 "GET /v2.0/security-groups?tenant_id=4aa20b07c86640dab03bb52a5d7057fe&name=default HTTP/1.1" status: 200 len: 3120 time: 0.3835311
2026-07-15 00:15:28.776 10 INFO neutron.api.wsgi [req-3417e3ac-7cf7-44a2-9563-6255b98e437b req-850d2306-76d2-4edd-9bb8-9a521aa4df62 cf11d30b59ba49899071e9c562350fa9 c36199a27b1945d88c54cee2631c5154 - - default default] 10.0.0.184 "GET /v2.0/ports?device_id=cc827665-90f7-4f81-b679-4379ce60666a HTTP/1.1" status: 200 len: 210 time: 0.0186429
2026-07-15 00:15:28.789 10 INFO neutron.api.wsgi [req-f9bdd92b-4a4a-4643-b96f-4e79e8545f0d req-d03662b3-c598-409f-8d69-c2d5a1718ecb cf11d30b59ba49899071e9c562350fa9 c36199a27b1945d88c54cee2631c5154 - - default default] 199.19.213.73 "GET /v2.0/networks?id=5cf2398c-6b82-4d5a-a63a-affdd4527556 HTTP/1.1" status: 200 len: 859 time: 0.0715299
2026-07-15 00:15:28.814 9 INFO neutron.api.wsgi [None req-000d24da-45b8-4d62-b94e-3c13cddac6f9 06bbd1ce37784b188c8b912a4d9ab8b3 960b28e35ccd47e99505804431eb5e67 - - default default] 10.0.0.215 "GET /v2.0/security-groups HTTP/1.1" status: 200 len: 39872 time: 0.0718708
2026-07-15 00:15:28.839 10 INFO neutron.api.wsgi [req-f9bdd92b-4a4a-4643-b96f-4e79e8545f0d req-2a4d8a63-fad0-468b-9116-437496fe21cf cf11d30b59ba49899071e9c562350fa9 c36199a27b1945d88c54cee2631c5154 - - default default] 199.19.213.73 "GET /v2.0/security-groups?fields=id&fields=name&tenant_id=c36199a27b1945d88c54cee2631c5154 HTTP/1.1" status: 200 len: 472 time: 0.0426850
2026-07-15 00:15:28.847 10 WARNING neutron_lib.context [req-f9bdd92b-4a4a-4643-b96f-4e79e8545f0d req-108bcfac-7c0c-432d-90ea-5e5a8df79e91 cf11d30b59ba49899071e9c562350fa9 c36199a27b1945d88c54cee2631c5154 - - default default] Method 'is_advsvc' is deprecated since 2023.2 release (neutron-lib 3.8.0) and will be removed once support for the old RBAC API policies will be removed from Neutron. Please use method 'is_service_role' instead.
2026-07-15 00:15:28.860 9 INFO neutron.api.wsgi [None req-8a3db321-f926-4c8c-bcb3-6a8cceddf7c4 06bbd1ce37784b188c8b912a4d9ab8b3 960b28e35ccd47e99505804431eb5e67 - - default default] 10.0.0.215 "GET /v2.0/subnets HTTP/1.1" status: 200 len: 3420 time: 0.0323694
2026-07-15 00:15:28.957 9 INFO neutron.api.wsgi [None req-87ee3c0b-bc1d-4062-8151-5e989622e246 06bbd1ce37784b188c8b912a4d9ab8b3 960b28e35ccd47e99505804431eb5e67 - - default default] 10.0.0.215 "GET /v2.0/ports HTTP/1.1" status: 200 len: 14634 time: 0.0954654
2026-07-15 00:15:29.016 10 INFO neutron.api.wsgi [None req-5a3c56b4-c33b-49c1-bf09-8691c66d8b42 06bbd1ce37784b188c8b912a4d9ab8b3 960b28e35ccd47e99505804431eb5e67 - - default default] 10.0.0.197 "DELETE /v2.0/security-groups/107bd189-7f9f-49af-9e8c-1be96206053e HTTP/1.1" status: 204 len: 168 time: 0.2651155
2026-07-15 00:15:29.027 9 INFO neutron.db.ovn_revision_numbers_db [None req-64d3cadb-c92f-4f2c-b71f-9bf2cfe15392 - - - - - -] Successfully bumped revision number for resource 487a89cf-be35-4dde-868c-37f02776aa6b (type: ports) to 2
2026-07-15 00:15:29.040 9 INFO neutron.api.wsgi [None req-b002860c-5a96-4587-8e5b-49064a095a38 06bbd1ce37784b188c8b912a4d9ab8b3 960b28e35ccd47e99505804431eb5e67 - - default default] 10.0.0.215 "GET /v2.0/networks HTTP/1.1" status: 200 len: 5301 time: 0.0707023
2026-07-15 00:15:29.059 9 INFO neutron.api.wsgi [None req-73d3df41-1403-47c6-a985-d5e02f19c626 06bbd1ce37784b188c8b912a4d9ab8b3 960b28e35ccd47e99505804431eb5e67 - - default default] 10.0.0.215 "GET /v2.0/network-ip-availabilities HTTP/1.1" status: 200 len: 2836 time: 0.0143821
2026-07-15 00:15:29.102 9 INFO neutron.db.ovn_revision_numbers_db [None req-64d3cadb-c92f-4f2c-b71f-9bf2cfe15392 - - - - - -] Successfully bumped revision number for resource 3eff7460-e24c-4505-9cb1-05a3b49fd88b (type: subnets) to 0 /var/lib/openstack/lib/python3.12/site-packages/pycadf/identifier.py:71: UserWarning: Invalid uuid: neutron. To ensure interoperability, identifiers should be a valid uuid. warnings.warn(('Invalid uuid: %s. To ensure interoperability, '
