2026-07-15 00:14:56.518 10 INFO neutron.services.segments.plugin [-] Segment ccbbff54-0983-4b3c-b9c0-a4a502da6b25 resource provider aggregate not found
2026-07-15 00:14:56.528 10 INFO neutron.services.segments.plugin [-] Segment ccbbff54-0983-4b3c-b9c0-a4a502da6b25 resource provider aggregate not found
2026-07-15 00:14:56.533 10 INFO neutron.services.segments.plugin [-] Segment ccbbff54-0983-4b3c-b9c0-a4a502da6b25 resource provider not found; error: Placement Client Error (4xx): {"errors": [{"status": 404, "title": "Not Found", "detail": "The resource could not be found.\n\n No resource provider with uuid ccbbff54-0983-4b3c-b9c0-a4a502da6b25 found for delete ", "request_id": "req-d234f0df-dd0f-474f-9884-33b3a171d69d"}]}
2026-07-15 00:14:56.548 10 INFO neutron.services.segments.plugin [-] Segment ccbbff54-0983-4b3c-b9c0-a4a502da6b25 resource provider not found; error: Placement Client Error (4xx): {"errors": [{"status": 404, "title": "Not Found", "detail": "The resource could not be found.\n\n No resource provider with uuid ccbbff54-0983-4b3c-b9c0-a4a502da6b25 found for delete ", "request_id": "req-9957e137-3d1a-49ea-b124-4c60daee8862"}]}
2026-07-15 00:14:56.564 10 INFO neutron.api.wsgi [None req-e9a53e9c-7f64-4979-bb0d-9310eb251feb 09c5fb97cb464d15bee8acd4c5e4418a 58351c5233da440797acedf9e54962a0 - - default default] 10.0.0.197 "DELETE /v2.0/networks/41fbd86f-63f8-4a81-9dc4-cb851a10d2bd HTTP/1.1" status: 204 len: 168 time: 0.3561532
2026-07-15 00:14:56.569 10 INFO neutron.api.wsgi [None req-b8d63f5a-d653-4cab-bfe1-71226c50bd86 e49053de90464d71af63dea62e196b84 bc6789f94f554246b737738925af780f - - default default] 10.0.0.76 "GET /v2.0/extensions HTTP/1.1" status: 200 len: 19298 time: 0.0464139
2026-07-15 00:14:56.575 10 WARNING neutron_lib.context [None req-f60783d1-4a8c-4062-8b6e-ace6212e8558 09c5fb97cb464d15bee8acd4c5e4418a 58351c5233da440797acedf9e54962a0 - - default default] Method 'is_advsvc' is deprecated since 2023.2 release (neutron-lib 3.8.0) and will be removed once support for the old RBAC API policies will be removed from Neutron. Please use method 'is_service_role' instead.
2026-07-15 00:14:56.583 10 INFO neutron.api.wsgi [req-c8c6de82-1c9f-455c-9c26-5c1e05a1f292 req-a0cad8a6-5be3-44f1-ab60-2670bac6d115 d5ae2cf065ab44848f923adf2beddf32 4a149269de794c39877fe605b8c6d58d - - f0d5bd53a426406e954dc45cfa6f09c6 f0d5bd53a426406e954dc45cfa6f09c6] 10.0.0.184 "GET /v2.0/networks/5cf2398c-6b82-4d5a-a63a-affdd4527556?fields=segments HTTP/1.1" status: 200 len: 212 time: 0.0616696
2026-07-15 00:14:56.691 10 INFO neutron.api.wsgi [req-c8c6de82-1c9f-455c-9c26-5c1e05a1f292 req-3fb6d635-c52d-407f-9dad-6218bbb754de d5ae2cf065ab44848f923adf2beddf32 4a149269de794c39877fe605b8c6d58d - - f0d5bd53a426406e954dc45cfa6f09c6 f0d5bd53a426406e954dc45cfa6f09c6] 10.0.0.184 "GET /v2.0/networks/5cf2398c-6b82-4d5a-a63a-affdd4527556?fields=provider%3Aphysical_network&fields=provider%3Anetwork_type HTTP/1.1" status: 200 len: 277 time: 0.0913701
2026-07-15 00:14:56.705 9 INFO neutron.api.wsgi [None req-64c4e033-1632-4768-af04-ed2c229b6f2e e49053de90464d71af63dea62e196b84 bc6789f94f554246b737738925af780f - - default default] 10.0.0.76 "GET /v2.0/quotas/bc6789f94f554246b737738925af780f/details HTTP/1.1" status: 200 len: 1046 time: 0.1235363
2026-07-15 00:14:56.812 10 INFO neutron.api.wsgi [req-0a379802-ab19-45a0-a0f1-1c0863303b9c req-c3fbb7fc-0e8e-4dd3-a5db-9acab817788e cf11d30b59ba49899071e9c562350fa9 c36199a27b1945d88c54cee2631c5154 - - default default] 10.0.0.184 "GET /v2.0/ports?device_id=58a21cdc-7c28-4c0a-b794-54da1ab125ed HTTP/1.1" status: 200 len: 210 time: 0.0159113
2026-07-15 00:14:57.014 10 WARNING neutron.scheduler.dhcp_agent_scheduler [None req-f60783d1-4a8c-4062-8b6e-ace6212e8558 09c5fb97cb464d15bee8acd4c5e4418a 58351c5233da440797acedf9e54962a0 - - default default] No more DHCP agents
2026-07-15 00:14:57.016 10 WARNING neutron.api.rpc.agentnotifiers.dhcp_rpc_agent_api [None req-f60783d1-4a8c-4062-8b6e-ace6212e8558 09c5fb97cb464d15bee8acd4c5e4418a 58351c5233da440797acedf9e54962a0 - - default default] Unable to schedule network 11c62d4d-75c2-42dc-a014-8b9c456f30a2: no agents available; will retry on subsequent port and subnet creation events.
2026-07-15 00:14:57.123 10 INFO neutron.db.ovn_revision_numbers_db [None req-f60783d1-4a8c-4062-8b6e-ace6212e8558 09c5fb97cb464d15bee8acd4c5e4418a 58351c5233da440797acedf9e54962a0 - - default default] Successfully bumped revision number for resource 8ec1d1e2-4af1-4a2f-b931-fab09940ff62 (type: ports) to 1
2026-07-15 00:14:57.699 9 INFO neutron.api.wsgi [-] 10.0.0.116 "GET / HTTP/1.1" status: 200 len: 247 time: 0.0026312
2026-07-15 00:14:57.702 9 INFO neutron.api.wsgi [-] 10.0.0.116 "GET / HTTP/1.1" status: 200 len: 247 time: 0.0021052
2026-07-15 00:14:57.730 9 INFO neutron.api.wsgi [None req-a7351b34-5645-47f1-92e1-4fe6d0aaa115 f7573fbe010e45a090c86508d8f2feec 569dac5273ab4ffcbb10f36e565e162e - - default default] 10.0.0.197 "GET /v2.0/extensions HTTP/1.1" status: 200 len: 19293 time: 0.1814072
2026-07-15 00:14:57.743 10 INFO neutron.api.wsgi [None req-dbfb0f99-5f9f-4f7a-888f-0b7a325d563b f7573fbe010e45a090c86508d8f2feec 569dac5273ab4ffcbb10f36e565e162e - - default default] 10.0.0.197 "GET /v2.0/extensions/address-group HTTP/1.1" status: 200 len: 353 time: 0.0072463
2026-07-15 00:14:57.753 9 INFO neutron.api.wsgi [None req-c0817522-9e98-41a7-b43c-27b6684f6047 f7573fbe010e45a090c86508d8f2feec 569dac5273ab4ffcbb10f36e565e162e - - default default] 10.0.0.197 "GET /v2.0/extensions/address-scope HTTP/1.1" status: 200 len: 357 time: 0.0061078
2026-07-15 00:14:57.760 9 INFO neutron.api.wsgi [None req-03cd0d56-bcc9-4bfa-88ab-5dfe6c58c8eb f7573fbe010e45a090c86508d8f2feec 569dac5273ab4ffcbb10f36e565e162e - - default default] 10.0.0.197 "GET /v2.0/extensions/agent HTTP/1.1" status: 200 len: 347 time: 0.0037234
2026-07-15 00:14:57.767 9 INFO neutron.api.wsgi [None req-67d4d136-def0-435e-b8d2-4cee5427b1e4 f7573fbe010e45a090c86508d8f2feec 569dac5273ab4ffcbb10f36e565e162e - - default default] 10.0.0.197 "GET /v2.0/extensions/allowed-address-pairs HTTP/1.1" status: 200 len: 378 time: 0.0042913
2026-07-15 00:14:57.775 9 INFO neutron.api.wsgi [None req-41df30a3-b9ee-4acf-9e9b-a47a846c5577 f7573fbe010e45a090c86508d8f2feec 569dac5273ab4ffcbb10f36e565e162e - - default default] 10.0.0.197 "GET /v2.0/extensions/auto-allocated-topology HTTP/1.1" status: 200 len: 394 time: 0.0043535
2026-07-15 00:14:57.781 9 INFO neutron.api.wsgi [None req-4e4be2ab-631a-478e-b386-29f45ed18ac0 f7573fbe010e45a090c86508d8f2feec 569dac5273ab4ffcbb10f36e565e162e - - default default] 10.0.0.197 "GET /v2.0/extensions/availability_zone HTTP/1.1" status: 200 len: 372 time: 0.0031400
2026-07-15 00:14:57.790 10 INFO neutron.api.wsgi [None req-c4a86380-db1f-436d-8651-f144615eabff f7573fbe010e45a090c86508d8f2feec 569dac5273ab4ffcbb10f36e565e162e - - default default] 10.0.0.197 "GET /v2.0/extensions/default-subnetpools HTTP/1.1" status: 200 len: 405 time: 0.0061347
2026-07-15 00:14:57.797 9 INFO neutron.api.wsgi [None req-16144e67-8c38-4e59-befe-fbf5e1bc4d24 f7573fbe010e45a090c86508d8f2feec 569dac5273ab4ffcbb10f36e565e162e - - default default] 10.0.0.197 "GET /v2.0/extensions/dhcp_agent_scheduler HTTP/1.1" status: 200 len: 381 time: 0.0037949
2026-07-15 00:14:57.807 9 INFO neutron.api.wsgi [None req-5adb0c55-a87d-44f9-83d4-44170487e399 f7573fbe010e45a090c86508d8f2feec 569dac5273ab4ffcbb10f36e565e162e - - default default] 10.0.0.197 "GET /v2.0/extensions/dns-integration HTTP/1.1" status: 200 len: 366 time: 0.0059283
2026-07-15 00:14:57.815 9 INFO neutron.api.wsgi [None req-2dc0e509-8ba9-4e3f-86d8-7b44fc3374cd f7573fbe010e45a090c86508d8f2feec 569dac5273ab4ffcbb10f36e565e162e - - default default] 10.0.0.197 "GET /v2.0/extensions/dns-domain-ports HTTP/1.1" status: 200 len: 399 time: 0.0050855
2026-07-15 00:14:57.821 9 INFO neutron.api.wsgi [None req-55bb7e36-652a-48c2-838a-4ca5f6dffbc6 f7573fbe010e45a090c86508d8f2feec 569dac5273ab4ffcbb10f36e565e162e - - default default] 10.0.0.197 "GET /v2.0/extensions/dns-integration-domain-keywords HTTP/1.1" status: 200 len: 477 time: 0.0025363
2026-07-15 00:14:57.827 9 INFO neutron.api.wsgi [None req-1d6dea7c-4e42-4f53-ac10-e6102210839f f7573fbe010e45a090c86508d8f2feec 569dac5273ab4ffcbb10f36e565e162e - - default default] 10.0.0.197 "GET /v2.0/extensions/empty-string-filtering HTTP/1.1" status: 200 len: 413 time: 0.0034001
2026-07-15 00:14:57.833 9 INFO neutron.api.wsgi [None req-d99f8650-0cf4-47e8-85e0-b53a0236010f f7573fbe010e45a090c86508d8f2feec 569dac5273ab4ffcbb10f36e565e162e - - default default] 10.0.0.197 "GET /v2.0/extensions/external-net HTTP/1.1" status: 200 len: 394 time: 0.0034146
2026-07-15 00:14:57.839 10 INFO neutron.api.wsgi [None req-d0e6ba9d-1b5e-4621-ba73-dba9f312ecf9 f7573fbe010e45a090c86508d8f2feec 569dac5273ab4ffcbb10f36e565e162e - - default default] 10.0.0.197 "GET /v2.0/extensions/extra_dhcp_opt HTTP/1.1" status: 200 len: 498 time: 0.0031021
2026-07-15 00:14:57.847 10 INFO neutron.api.wsgi [None req-0cc01d96-4116-493e-83d8-e8f39d0c3bf3 f7573fbe010e45a090c86508d8f2feec 569dac5273ab4ffcbb10f36e565e162e - - default default] 10.0.0.197 "GET /v2.0/extensions/extraroute HTTP/1.1" status: 200 len: 375 time: 0.0050957
2026-07-15 00:14:57.854 10 INFO neutron.api.wsgi [None req-d68c4141-7831-4e3f-8045-c33d7bb15cf1 f7573fbe010e45a090c86508d8f2feec 569dac5273ab4ffcbb10f36e565e162e - - default default] 10.0.0.197 "GET /v2.0/extensions/floating-ip-port-forwarding-detail HTTP/1.1" status: 200 len: 465 time: 0.0039582
2026-07-15 00:14:57.862 10 INFO neutron.api.wsgi [None req-9638d529-d95d-41c2-95cd-fca7199b611a f7573fbe010e45a090c86508d8f2feec 569dac5273ab4ffcbb10f36e565e162e - - default default] 10.0.0.197 "GET /v2.0/extensions/fip-port-details HTTP/1.1" status: 200 len: 406 time: 0.0036995
2026-07-15 00:14:57.869 9 INFO neutron.api.wsgi [None req-afcf5ce2-d33e-4a55-a9d1-2b8b032f99b7 f7573fbe010e45a090c86508d8f2feec 569dac5273ab4ffcbb10f36e565e162e - - default default] 10.0.0.197 "GET /v2.0/extensions/flavors HTTP/1.1" status: 200 len: 387 time: 0.0042531
2026-07-15 00:14:57.876 9 INFO neutron.api.wsgi [None req-6664a8ee-5ffb-45a1-8a6d-4bd55440addd f7573fbe010e45a090c86508d8f2feec 569dac5273ab4ffcbb10f36e565e162e - - default default] 10.0.0.197 "GET /v2.0/extensions/floatingip-pools HTTP/1.1" status: 200 len: 382 time: 0.0036633
2026-07-15 00:14:57.885 9 INFO neutron.api.wsgi [None req-feeefd61-85c8-46ea-8fc5-5ea684744c3d f7573fbe010e45a090c86508d8f2feec 569dac5273ab4ffcbb10f36e565e162e - - default default] 10.0.0.197 "GET /v2.0/extensions/ip_allocation HTTP/1.1" status: 200 len: 356 time: 0.0057814
2026-07-15 00:14:57.894 9 INFO neutron.api.wsgi [None req-5037014c-4971-4632-ac09-aaccee188600 f7573fbe010e45a090c86508d8f2feec 569dac5273ab4ffcbb10f36e565e162e - - default default] 10.0.0.197 "GET /v2.0/extensions/l2_adjacency HTTP/1.1" status: 200 len: 372 time: 0.0053928
2026-07-15 00:14:57.901 9 INFO neutron.api.wsgi [None req-9bf4608a-3285-4c5c-9e63-84e6859d3fcf f7573fbe010e45a090c86508d8f2feec 569dac5273ab4ffcbb10f36e565e162e - - default default] 10.0.0.197 "GET /v2.0/extensions/router HTTP/1.1" status: 200 len: 450 time: 0.0051596
2026-07-15 00:14:57.902 10 INFO neutron.api.wsgi [req-2ff5cb17-346e-4dba-84dd-ee697eaff1fb req-8846694d-df5d-46c9-a466-461de731e961 cf11d30b59ba49899071e9c562350fa9 c36199a27b1945d88c54cee2631c5154 - - default default] 10.0.0.184 "GET /v2.0/ports?device_id=58a21cdc-7c28-4c0a-b794-54da1ab125ed HTTP/1.1" status: 200 len: 210 time: 0.0169237
2026-07-15 00:14:57.908 9 INFO neutron.api.wsgi [None req-b6aa4815-8897-412b-bf35-40151b84cc59 f7573fbe010e45a090c86508d8f2feec 569dac5273ab4ffcbb10f36e565e162e - - default default] 10.0.0.197 "GET /v2.0/extensions/enable-default-route-bfd HTTP/1.1" status: 200 len: 406 time: 0.0036569
2026-07-15 00:14:57.922 9 INFO neutron.api.wsgi [None req-5f94f53f-f563-4fc0-83a8-9a1df2ea2089 f7573fbe010e45a090c86508d8f2feec 569dac5273ab4ffcbb10f36e565e162e - - default default] 10.0.0.197 "GET /v2.0/extensions/enable-default-route-ecmp HTTP/1.1" status: 200 len: 409 time: 0.0045252
2026-07-15 00:14:57.928 9 INFO neutron.api.wsgi [None req-fd8d2ba2-b45e-4ab1-ab1a-ac9887c89795 f7573fbe010e45a090c86508d8f2feec 569dac5273ab4ffcbb10f36e565e162e - - default default] 10.0.0.197 "GET /v2.0/extensions/ext-gw-mode HTTP/1.1" status: 200 len: 462 time: 0.0041478
2026-07-15 00:14:57.936 9 INFO neutron.api.wsgi [None req-80f74a7a-8a39-4d54-9056-051904a39b86 f7573fbe010e45a090c86508d8f2feec 569dac5273ab4ffcbb10f36e565e162e - - default default] 10.0.0.197 "GET /v2.0/extensions/l3-ha HTTP/1.1" status: 200 len: 360 time: 0.0044081
2026-07-15 00:14:57.938 10 INFO neutron.plugins.ml2.drivers.ovn.mech_driver.ovsdb.commands [None req-47bf4066-411c-49b4-847c-ca9b78bbc9c4 - - - - - -] Schedule LRP lrp-8ec1d1e2-4af1-4a2f-b931-fab09940ff62 on gateway 6d7a156e-887f-4b2d-b245-af521f6d44f8 with priority 1
2026-07-15 00:14:57.948 9 INFO neutron.api.wsgi [None req-679019c2-2453-41e1-ba27-c5718ddec4c3 f7573fbe010e45a090c86508d8f2feec 569dac5273ab4ffcbb10f36e565e162e - - default default] 10.0.0.197 "GET /v2.0/extensions/external-gateway-multihoming HTTP/1.1" status: 200 len: 421 time: 0.0095043
2026-07-15 00:14:57.957 9 INFO neutron.api.wsgi [None req-3f714787-0afd-419e-b56e-475d4becbd4a f7573fbe010e45a090c86508d8f2feec 569dac5273ab4ffcbb10f36e565e162e - - default default] 10.0.0.197 "GET /v2.0/extensions/l3-flavors HTTP/1.1" status: 200 len: 366 time: 0.0036440
2026-07-15 00:14:57.963 9 INFO neutron.api.wsgi [None req-34510fba-32ce-43a9-a790-acb6b5be1b1e f7573fbe010e45a090c86508d8f2feec 569dac5273ab4ffcbb10f36e565e162e - - default default] 10.0.0.197 "GET /v2.0/extensions/logging HTTP/1.1" status: 200 len: 407 time: 0.0029385
2026-07-15 00:14:57.969 9 INFO neutron.api.wsgi [None req-c041c5df-22a4-40ce-a281-ae15d284c590 f7573fbe010e45a090c86508d8f2feec 569dac5273ab4ffcbb10f36e565e162e - - default default] 10.0.0.197 "GET /v2.0/extensions/multi-provider HTTP/1.1" status: 200 len: 406 time: 0.0026960
2026-07-15 00:14:57.976 9 INFO neutron.api.wsgi [None req-ddfbdf56-ca32-49c6-86dd-3a97fd271987 f7573fbe010e45a090c86508d8f2feec 569dac5273ab4ffcbb10f36e565e162e - - default default] 10.0.0.197 "GET /v2.0/extensions/net-mtu HTTP/1.1" status: 200 len: 370 time: 0.0039735
2026-07-15 00:14:57.978 10 INFO neutron.db.ovn_revision_numbers_db [None req-f60783d1-4a8c-4062-8b6e-ace6212e8558 09c5fb97cb464d15bee8acd4c5e4418a 58351c5233da440797acedf9e54962a0 - - default default] Successfully bumped revision number for resource 8ec1d1e2-4af1-4a2f-b931-fab09940ff62 (type: router_ports) to 1
2026-07-15 00:14:57.984 9 INFO neutron.api.wsgi [None req-cecc7357-dce8-432a-80bb-4d2b1f9f659a f7573fbe010e45a090c86508d8f2feec 569dac5273ab4ffcbb10f36e565e162e - - default default] 10.0.0.197 "GET /v2.0/extensions/net-mtu-writable HTTP/1.1" status: 200 len: 401 time: 0.0029650
2026-07-15 00:14:57.992 9 INFO neutron.api.wsgi [None req-4ab6026a-8c28-497a-823f-42a65ae0136d f7573fbe010e45a090c86508d8f2feec 569dac5273ab4ffcbb10f36e565e162e - - default default] 10.0.0.197 "GET /v2.0/extensions/network_availability_zone HTTP/1.1" status: 200 len: 394 time: 0.0047972
2026-07-15 00:14:57.999 10 INFO neutron.api.wsgi [None req-b64dca2b-7a39-484d-84a7-a0aa7733dc32 f7573fbe010e45a090c86508d8f2feec 569dac5273ab4ffcbb10f36e565e162e - - default default] 10.0.0.197 "GET /v2.0/extensions/network-ip-availability HTTP/1.1" status: 200 len: 410 time: 0.0041268
2026-07-15 00:14:58.009 10 INFO neutron.api.wsgi [None req-06d851f6-497f-4bcc-83a5-b3d87a54cac0 f7573fbe010e45a090c86508d8f2feec 569dac5273ab4ffcbb10f36e565e162e - - default default] 10.0.0.197 "GET /v2.0/extensions/pagination HTTP/1.1" status: 200 len: 386 time: 0.0051303
2026-07-15 00:14:58.015 10 INFO neutron.api.wsgi [None req-02bb4813-077d-44fe-8765-c393c6595a3e f7573fbe010e45a090c86508d8f2feec 569dac5273ab4ffcbb10f36e565e162e - - default default] 10.0.0.197 "GET /v2.0/extensions/port-device-profile HTTP/1.1" status: 200 len: 383 time: 0.0027628
2026-07-15 00:14:58.025 9 INFO neutron.api.wsgi [None req-632ad0fb-337e-43a9-bdde-c1028b5fefea f7573fbe010e45a090c86508d8f2feec 569dac5273ab4ffcbb10f36e565e162e - - default default] 10.0.0.197 "GET /v2.0/extensions/port-mac-address-regenerate HTTP/1.1" status: 200 len: 403 time: 0.0066376
2026-07-15 00:14:58.031 9 INFO neutron.api.wsgi [None req-e7117ef3-cfb4-4170-8002-3a0207f34b61 f7573fbe010e45a090c86508d8f2feec 569dac5273ab4ffcbb10f36e565e162e - - default default] 10.0.0.197 "GET /v2.0/extensions/port-numa-affinity-policy HTTP/1.1" status: 200 len: 392 time: 0.0028162
2026-07-15 00:14:58.040 9 INFO neutron.api.wsgi [None req-28cc32e0-e392-454a-b704-e9d5dd0e0dd5 f7573fbe010e45a090c86508d8f2feec 569dac5273ab4ffcbb10f36e565e162e - - default default] 10.0.0.197 "GET /v2.0/extensions/port-numa-affinity-policy-socket HTTP/1.1" status: 200 len: 434 time: 0.0035410
2026-07-15 00:14:58.047 9 INFO neutron.api.wsgi [None req-409a029f-0337-4b3c-a459-f1d7e44ce1ca f7573fbe010e45a090c86508d8f2feec 569dac5273ab4ffcbb10f36e565e162e - - default default] 10.0.0.197 "GET /v2.0/extensions/port-resource-request HTTP/1.1" status: 200 len: 379 time: 0.0037913
2026-07-15 00:14:58.054 9 INFO neutron.api.wsgi [None req-1a9a64c6-cc0b-4fd5-812f-1228f5913ffb f7573fbe010e45a090c86508d8f2feec 569dac5273ab4ffcbb10f36e565e162e - - default default] 10.0.0.197 "GET /v2.0/extensions/port-resource-request-groups HTTP/1.1" status: 200 len: 465 time: 0.0041220
2026-07-15 00:14:58.054 10 INFO neutron.db.ovn_revision_numbers_db [None req-f60783d1-4a8c-4062-8b6e-ace6212e8558 09c5fb97cb464d15bee8acd4c5e4418a 58351c5233da440797acedf9e54962a0 - - default default] Successfully bumped revision number for resource 341f354e-aaae-497a-83bf-dfc5a5f34229 (type: routers) to 2
2026-07-15 00:14:58.061 9 INFO neutron.api.wsgi [None req-147c91b3-4813-4857-b62e-64bbe0a48462 f7573fbe010e45a090c86508d8f2feec 569dac5273ab4ffcbb10f36e565e162e - - default default] 10.0.0.197 "GET /v2.0/extensions/binding HTTP/1.1" status: 200 len: 387 time: 0.0028365
2026-07-15 00:14:58.066 9 INFO neutron.api.wsgi [None req-56526728-d950-4a34-bfd0-551232280f42 f7573fbe010e45a090c86508d8f2feec 569dac5273ab4ffcbb10f36e565e162e - - default default] 10.0.0.197 "GET /v2.0/extensions/binding-extended HTTP/1.1" status: 200 len: 406 time: 0.0026474
2026-07-15 00:14:58.067 10 INFO neutron.api.wsgi [None req-f60783d1-4a8c-4062-8b6e-ace6212e8558 09c5fb97cb464d15bee8acd4c5e4418a 58351c5233da440797acedf9e54962a0 - - default default] 10.0.0.197 "POST /v2.0/routers HTTP/1.1" status: 201 len: 1151 time: 1.4950843
2026-07-15 00:14:58.072 9 INFO neutron.api.wsgi [None req-de625cb8-0200-4983-958a-40c60477d270 f7573fbe010e45a090c86508d8f2feec 569dac5273ab4ffcbb10f36e565e162e - - default default] 10.0.0.197 "GET /v2.0/extensions/port-security HTTP/1.1" status: 200 len: 354 time: 0.0037425
2026-07-15 00:14:58.079 10 INFO neutron.api.wsgi [None req-a4085015-b70a-4ee4-ad5b-7de0e8042e1f f7573fbe010e45a090c86508d8f2feec 569dac5273ab4ffcbb10f36e565e162e - - default default] 10.0.0.197 "GET /v2.0/extensions/project-id HTTP/1.1" status: 200 len: 398 time: 0.0037849
2026-07-15 00:14:58.085 9 INFO neutron.api.wsgi [None req-7edaa746-3a2c-4104-b62f-ab8a2f9f50e3 f7573fbe010e45a090c86508d8f2feec 569dac5273ab4ffcbb10f36e565e162e - - default default] 10.0.0.197 "GET /v2.0/extensions/provider HTTP/1.1" status: 200 len: 385 time: 0.0034926
2026-07-15 00:14:58.091 9 INFO neutron.api.wsgi [None req-79dc5646-7ee4-402c-93f7-e5329d92af82 f7573fbe010e45a090c86508d8f2feec 569dac5273ab4ffcbb10f36e565e162e - - default default] 10.0.0.197 "GET /v2.0/extensions/qos HTTP/1.1" status: 200 len: 360 time: 0.0039012
2026-07-15 00:14:58.097 9 INFO neutron.api.wsgi [None req-2864878c-b77d-4d6a-9102-3e27dddd53c5 f7573fbe010e45a090c86508d8f2feec 569dac5273ab4ffcbb10f36e565e162e - - default default] 10.0.0.197 "GET /v2.0/extensions/qos-bw-limit-direction HTTP/1.1" status: 200 len: 452 time: 0.0025222
2026-07-15 00:14:58.107 9 INFO neutron.api.wsgi [None req-4f5f81cd-e9a7-4147-b7c4-0a4879dc0bba f7573fbe010e45a090c86508d8f2feec 569dac5273ab4ffcbb10f36e565e162e - - default default] 10.0.0.197 "GET /v2.0/extensions/qos-bw-minimum-ingress HTTP/1.1" status: 200 len: 445 time: 0.0050869
2026-07-15 00:14:58.113 9 INFO neutron.api.wsgi [None req-e1b1ef04-d680-4e17-9c8f-38b73284394f f7573fbe010e45a090c86508d8f2feec 569dac5273ab4ffcbb10f36e565e162e - - default default] 10.0.0.197 "GET /v2.0/extensions/qos-default HTTP/1.1" status: 200 len: 377 time: 0.0033920
2026-07-15 00:14:58.121 9 INFO neutron.api.wsgi [None req-72f43698-cb8f-46bf-9268-1720e34cc6f1 f7573fbe010e45a090c86508d8f2feec 569dac5273ab4ffcbb10f36e565e162e - - default default] 10.0.0.197 "GET /v2.0/extensions/qos-fip HTTP/1.1" status: 200 len: 372 time: 0.0035856
2026-07-15 00:14:58.122 10 INFO neutron.api.wsgi [None req-045b0ca3-26d6-4d9a-839c-8a03f1e2a613 09c5fb97cb464d15bee8acd4c5e4418a 58351c5233da440797acedf9e54962a0 - - default default] 10.0.0.197 "GET /v2.0/routers/341f354e-aaae-497a-83bf-dfc5a5f34229 HTTP/1.1" status: 200 len: 1152 time: 0.0511169
2026-07-15 00:14:58.128 9 INFO neutron.api.wsgi [None req-0ca6cca8-4796-494c-9f0a-5be9f122d9af f7573fbe010e45a090c86508d8f2feec 569dac5273ab4ffcbb10f36e565e162e - - default default] 10.0.0.197 "GET /v2.0/extensions/qos-gateway-ip HTTP/1.1" status: 200 len: 391 time: 0.0043337
2026-07-15 00:14:58.136 9 INFO neutron.api.wsgi [None req-1b4b2901-4f7e-4897-9342-36a132f66427 f7573fbe010e45a090c86508d8f2feec 569dac5273ab4ffcbb10f36e565e162e - - default default] 10.0.0.197 "GET /v2.0/extensions/qos-port-network-policy HTTP/1.1" status: 200 len: 403 time: 0.0035508
2026-07-15 00:14:58.143 10 INFO neutron.api.wsgi [None req-ac11fe32-7e9f-4173-bb3c-66ca573483e1 f7573fbe010e45a090c86508d8f2feec 569dac5273ab4ffcbb10f36e565e162e - - default default] 10.0.0.197 "GET /v2.0/extensions/qos-pps-minimum HTTP/1.1" status: 200 len: 397 time: 0.0035439
2026-07-15 00:14:58.153 9 INFO neutron.api.wsgi [None req-1f026886-7d3e-4f2e-911e-60a870915599 f7573fbe010e45a090c86508d8f2feec 569dac5273ab4ffcbb10f36e565e162e - - default default] 10.0.0.197 "GET /v2.0/extensions/qos-pps-minimum-rule-alias HTTP/1.1" status: 200 len: 471 time: 0.0068996
2026-07-15 00:14:58.159 9 INFO neutron.api.wsgi [None req-1dcf3ce0-5031-4570-9e15-a27e79d7d1c8 f7573fbe010e45a090c86508d8f2feec 569dac5273ab4ffcbb10f36e565e162e - - default default] 10.0.0.197 "GET /v2.0/extensions/qos-pps HTTP/1.1" status: 200 len: 389 time: 0.0027285
2026-07-15 00:14:58.166 9 INFO neutron.api.wsgi [None req-5c246f6a-3635-40a5-b423-bb975b676dba f7573fbe010e45a090c86508d8f2feec 569dac5273ab4ffcbb10f36e565e162e - - default default] 10.0.0.197 "GET /v2.0/extensions/qos-rule-type-details HTTP/1.1" status: 200 len: 423 time: 0.0034747
2026-07-15 00:14:58.176 9 INFO neutron.api.wsgi [None req-4b9aa474-7dbf-46f9-bec1-6a247dd17e99 f7573fbe010e45a090c86508d8f2feec 569dac5273ab4ffcbb10f36e565e162e - - default default] 10.0.0.197 "GET /v2.0/extensions/qos-rule-type-filter HTTP/1.1" status: 200 len: 567 time: 0.0071619
2026-07-15 00:14:58.183 9 INFO neutron.api.wsgi [None req-66892bc3-bcfd-4664-bbb6-c45213abdb56 f7573fbe010e45a090c86508d8f2feec 569dac5273ab4ffcbb10f36e565e162e - - default default] 10.0.0.197 "GET /v2.0/extensions/qos-rules-alias HTTP/1.1" status: 200 len: 448 time: 0.0034647
2026-07-15 00:14:58.187 10 INFO neutron.api.wsgi [None req-8b0bbd76-2327-4fe4-bece-de9024d63cd3 09c5fb97cb464d15bee8acd4c5e4418a 58351c5233da440797acedf9e54962a0 - - default default] 10.0.0.197 "GET /v2.0/routers HTTP/1.1" status: 200 len: 1155 time: 0.0613461
2026-07-15 00:14:58.189 9 INFO neutron.api.wsgi [None req-f02e5fb3-4664-4ed2-9b7d-cbd53747cf35 f7573fbe010e45a090c86508d8f2feec 569dac5273ab4ffcbb10f36e565e162e - - default default] 10.0.0.197 "GET /v2.0/extensions/quota-check-limit HTTP/1.1" status: 200 len: 420 time: 0.0034089
2026-07-15 00:14:58.195 10 INFO neutron.api.wsgi [None req-452b89b9-4dfd-485c-9ea0-726948deeaab f7573fbe010e45a090c86508d8f2feec 569dac5273ab4ffcbb10f36e565e162e - - default default] 10.0.0.197 "GET /v2.0/extensions/quotas HTTP/1.1" status: 200 len: 386 time: 0.0030661
2026-07-15 00:14:58.202 10 INFO neutron.api.wsgi [None req-9a1fe923-3f64-462f-9585-92273bb451a6 f7573fbe010e45a090c86508d8f2feec 569dac5273ab4ffcbb10f36e565e162e - - default default] 10.0.0.197 "GET /v2.0/extensions/quota_details HTTP/1.1" status: 200 len: 407 time: 0.0035591
2026-07-15 00:14:58.208 10 INFO neutron.api.wsgi [None req-f6cd6898-2c53-400b-8139-d5a89084a296 f7573fbe010e45a090c86508d8f2feec 569dac5273ab4ffcbb10f36e565e162e - - default default] 10.0.0.197 "GET /v2.0/extensions/rbac-policies HTTP/1.1" status: 200 len: 417 time: 0.0035086
2026-07-15 00:14:58.216 10 INFO neutron.api.wsgi [None req-39c4909c-fe35-4d74-9f38-5b8b0d2a4614 f7573fbe010e45a090c86508d8f2feec 569dac5273ab4ffcbb10f36e565e162e - - default default] 10.0.0.197 "GET /v2.0/extensions/rbac-address-scope HTTP/1.1" status: 200 len: 384 time: 0.0044942
2026-07-15 00:14:58.222 10 INFO neutron.api.wsgi [None req-dd3af17c-10f7-4650-8fcd-2c527f2e4325 f7573fbe010e45a090c86508d8f2feec 569dac5273ab4ffcbb10f36e565e162e - - default default] 10.0.0.197 "GET /v2.0/extensions/rbac-security-groups HTTP/1.1" status: 200 len: 404 time: 0.0035579
2026-07-15 00:14:58.228 9 INFO neutron.api.wsgi [None req-1424c8a5-a667-43f7-a033-342a211fe12d f7573fbe010e45a090c86508d8f2feec 569dac5273ab4ffcbb10f36e565e162e - - default default] 10.0.0.197 "GET /v2.0/extensions/revision-if-match HTTP/1.1" status: 200 len: 441 time: 0.0034373
2026-07-15 00:14:58.235 10 INFO neutron.api.wsgi [None req-cce936ab-8fbb-4557-b189-dea15a81d3b8 f7573fbe010e45a090c86508d8f2feec 569dac5273ab4ffcbb10f36e565e162e - - default default] 10.0.0.197 "GET /v2.0/extensions/standard-attr-revisions HTTP/1.1" status: 200 len: 423 time: 0.0036855
2026-07-15 00:14:58.255 9 INFO neutron.api.wsgi [None req-43b2fb86-00e9-494a-b135-eb6aa1f325b2 f7573fbe010e45a090c86508d8f2feec 569dac5273ab4ffcbb10f36e565e162e - - default default] 10.0.0.197 "GET /v2.0/extensions/router_availability_zone HTTP/1.1" status: 200 len: 391 time: 0.0133271
2026-07-15 00:14:58.266 10 INFO neutron.api.wsgi [None req-f96a2b4c-5ac4-4313-a74e-4e4845ef5208 f7573fbe010e45a090c86508d8f2feec 569dac5273ab4ffcbb10f36e565e162e - - default default] 10.0.0.197 "GET /v2.0/extensions/security-groups-default-rules HTTP/1.1" status: 200 len: 456 time: 0.0055094
2026-07-15 00:14:58.273 10 INFO neutron.api.wsgi [None req-bd77833e-7b09-4b72-bbad-2885a9111c0b f7573fbe010e45a090c86508d8f2feec 569dac5273ab4ffcbb10f36e565e162e - - default default] 10.0.0.197 "GET /v2.0/extensions/security-groups-normalized-cidr HTTP/1.1" status: 200 len: 445 time: 0.0039852
2026-07-15 00:14:58.279 10 INFO neutron.api.wsgi [None req-2de384e3-2ad2-450f-9c29-adb361072b58 f7573fbe010e45a090c86508d8f2feec 569dac5273ab4ffcbb10f36e565e162e - - default default] 10.0.0.197 "GET /v2.0/extensions/security-groups-remote-address-group HTTP/1.1" status: 200 len: 448 time: 0.0040016
2026-07-15 00:14:58.288 10 INFO neutron.api.wsgi [None req-eb385da8-1620-4098-8511-7190f330a125 f7573fbe010e45a090c86508d8f2feec 569dac5273ab4ffcbb10f36e565e162e - - default default] 10.0.0.197 "GET /v2.0/extensions/security-groups-rules-belongs-to-default-sg HTTP/1.1" status: 200 len: 508 time: 0.0052593
2026-07-15 00:14:58.294 10 INFO neutron.api.wsgi [None req-a5d6d762-1916-4395-995e-d2ebb0c20632 f7573fbe010e45a090c86508d8f2feec 569dac5273ab4ffcbb10f36e565e162e - - default default] 10.0.0.197 "GET /v2.0/extensions/security-groups-shared-filtering HTTP/1.1" status: 200 len: 435 time: 0.0036409
2026-07-15 00:14:58.301 10 INFO neutron.api.wsgi [None req-2b5dc48a-500e-4bdd-8853-1fc173038fd9 f7573fbe010e45a090c86508d8f2feec 569dac5273ab4ffcbb10f36e565e162e - - default default] 10.0.0.197 "GET /v2.0/extensions/security-group HTTP/1.1" status: 200 len: 364 time: 0.0038772
2026-07-15 00:14:58.307 10 INFO neutron.api.wsgi [None req-a0e31cfb-5764-4bae-bd17-9b910d3a7e87 f7573fbe010e45a090c86508d8f2feec 569dac5273ab4ffcbb10f36e565e162e - - default default] 10.0.0.197 "GET /v2.0/extensions/segment HTTP/1.1" status: 200 len: 339 time: 0.0031044
2026-07-15 00:14:58.315 10 INFO neutron.api.wsgi [None req-424f6e8e-bdd9-445b-9dc5-d4fb415d4489 f7573fbe010e45a090c86508d8f2feec 569dac5273ab4ffcbb10f36e565e162e - - default default] 10.0.0.197 "GET /v2.0/extensions/segments-peer-subnet-host-routes HTTP/1.1" status: 200 len: 427 time: 0.0051825
2026-07-15 00:14:58.322 10 INFO neutron.api.wsgi [None req-0b044400-ac80-4164-8bcd-a19764864bb1 f7573fbe010e45a090c86508d8f2feec 569dac5273ab4ffcbb10f36e565e162e - - default default] 10.0.0.197 "GET /v2.0/extensions/service-type HTTP/1.1" status: 200 len: 415 time: 0.0038078
2026-07-15 00:14:58.330 10 INFO neutron.api.wsgi [None req-d981c62c-4810-4c4e-ae59-b79293f017a3 f7573fbe010e45a090c86508d8f2feec 569dac5273ab4ffcbb10f36e565e162e - - default default] 10.0.0.197 "GET /v2.0/extensions/sorting HTTP/1.1" status: 200 len: 377 time: 0.0053296
2026-07-15 00:14:58.337 10 INFO neutron.api.wsgi [None req-913d2f14-560d-4472-81f3-e84cd700b5df f7573fbe010e45a090c86508d8f2feec 569dac5273ab4ffcbb10f36e565e162e - - default default] 10.0.0.197 "GET /v2.0/extensions/standard-attr-segment HTTP/1.1" status: 200 len: 406 time: 0.0037947
2026-07-15 00:14:58.343 10 INFO neutron.api.wsgi [None req-571190f2-a481-4e18-ac1a-796f71ce21a8 f7573fbe010e45a090c86508d8f2feec 569dac5273ab4ffcbb10f36e565e162e - - default default] 10.0.0.197 "GET /v2.0/extensions/standard-attr-description HTTP/1.1" status: 200 len: 408 time: 0.0035689
2026-07-15 00:14:58.350 10 INFO neutron.api.wsgi [None req-e35aa30c-bc4d-42f8-a536-13a4c025e441 f7573fbe010e45a090c86508d8f2feec 569dac5273ab4ffcbb10f36e565e162e - - default default] 10.0.0.197 "GET /v2.0/extensions/stateful-security-group HTTP/1.1" status: 200 len: 402 time: 0.0042706
2026-07-15 00:14:58.357 10 INFO neutron.api.wsgi [None req-37564dd9-7e5b-4a31-b1b1-10a4340c8c43 f7573fbe010e45a090c86508d8f2feec 569dac5273ab4ffcbb10f36e565e162e - - default default] 10.0.0.197 "GET /v2.0/extensions/subnet-dns-publish-fixed-ip HTTP/1.1" status: 200 len: 421 time: 0.0038869
2026-07-15 00:14:58.364 10 INFO neutron.api.wsgi [None req-139907eb-eb2d-42e1-86b1-66f9e782e68a f7573fbe010e45a090c86508d8f2feec 569dac5273ab4ffcbb10f36e565e162e - - default default] 10.0.0.197 "GET /v2.0/extensions/subnet-external-network HTTP/1.1" status: 200 len: 418 time: 0.0043263
2026-07-15 00:14:58.371 10 INFO neutron.api.wsgi [None req-79ea3fa6-dc9b-44bc-9276-6507933e20f1 f7573fbe010e45a090c86508d8f2feec 569dac5273ab4ffcbb10f36e565e162e - - default default] 10.0.0.197 "GET /v2.0/extensions/subnet-segmentid-writable HTTP/1.1" status: 200 len: 421 time: 0.0038869
2026-07-15 00:14:58.378 10 INFO neutron.api.wsgi [None req-2dff73ff-2913-4889-907f-b94eee89d654 f7573fbe010e45a090c86508d8f2feec 569dac5273ab4ffcbb10f36e565e162e - - default default] 10.0.0.197 "GET /v2.0/extensions/subnet-service-types HTTP/1.1" status: 200 len: 400 time: 0.0035999
2026-07-15 00:14:58.390 10 INFO neutron.api.wsgi [None req-ab69f110-a12b-4702-a747-6dd1b2f90843 f7573fbe010e45a090c86508d8f2feec 569dac5273ab4ffcbb10f36e565e162e - - default default] 10.0.0.197 "GET /v2.0/extensions/subnet_allocation HTTP/1.1" status: 200 len: 388 time: 0.0064487
2026-07-15 00:14:58.397 10 INFO neutron.api.wsgi [None req-a31b813e-4b7c-442d-b2c0-aa15ca7a1bb2 f7573fbe010e45a090c86508d8f2feec 569dac5273ab4ffcbb10f36e565e162e - - default default] 10.0.0.197 "GET /v2.0/extensions/subnetpool-prefix-ops HTTP/1.1" status: 200 len: 418 time: 0.0043969
2026-07-15 00:14:58.405 10 INFO neutron.api.wsgi [None req-c223d638-1112-41a7-b934-0c4570e005d6 f7573fbe010e45a090c86508d8f2feec 569dac5273ab4ffcbb10f36e565e162e - - default default] 10.0.0.197 "GET /v2.0/extensions/tag-creation HTTP/1.1" status: 200 len: 384 time: 0.0040622
2026-07-15 00:14:58.413 9 INFO neutron.api.wsgi [None req-645aef20-c352-421f-b9da-e63edda0f959 f7573fbe010e45a090c86508d8f2feec 569dac5273ab4ffcbb10f36e565e162e - - default default] 10.0.0.197 "GET /v2.0/extensions/standard-attr-tag HTTP/1.1" status: 200 len: 537 time: 0.0051408
2026-07-15 00:14:58.423 10 INFO neutron.api.wsgi [None req-39b45c3c-0530-4b02-9a52-100486d51aac f7573fbe010e45a090c86508d8f2feec 569dac5273ab4ffcbb10f36e565e162e - - default default] 10.0.0.197 "GET /v2.0/extensions/standard-attr-timestamp HTTP/1.1" status: 200 len: 449 time: 0.0066020
2026-07-15 00:14:58.429 10 INFO neutron.api.wsgi [None req-511063f3-5084-45f4-a2f5-15bab0559276 f7573fbe010e45a090c86508d8f2feec 569dac5273ab4ffcbb10f36e565e162e - - default default] 10.0.0.197 "GET /v2.0/extensions/trunk HTTP/1.1" status: 200 len: 358 time: 0.0034282
2026-07-15 00:14:58.437 10 INFO neutron.api.wsgi [None req-829fdfaa-68c2-4a71-93e5-c942eefe1900 f7573fbe010e45a090c86508d8f2feec 569dac5273ab4ffcbb10f36e565e162e - - default default] 10.0.0.197 "GET /v2.0/extensions/trunk-details HTTP/1.1" status: 200 len: 362 time: 0.0042377
2026-07-15 00:14:58.444 10 INFO neutron.api.wsgi [None req-5476e8ec-c084-48cb-bc41-6801da1331ee f7573fbe010e45a090c86508d8f2feec 569dac5273ab4ffcbb10f36e565e162e - - default default] 10.0.0.197 "GET /v2.0/extensions/vpn-agent-scheduler HTTP/1.1" status: 200 len: 393 time: 0.0039117
2026-07-15 00:14:58.452 10 INFO neutron.api.wsgi [None req-5f998489-4087-4395-b4e3-f191965fae27 f7573fbe010e45a090c86508d8f2feec 569dac5273ab4ffcbb10f36e565e162e - - default default] 10.0.0.197 "GET /v2.0/extensions/vpn-endpoint-groups HTTP/1.1" status: 200 len: 371 time: 0.0045829
2026-07-15 00:14:58.460 10 INFO neutron.api.wsgi [None req-d209288a-2cfb-4f03-b4d3-047fdd3395fb f7573fbe010e45a090c86508d8f2feec 569dac5273ab4ffcbb10f36e565e162e - - default default] 10.0.0.197 "GET /v2.0/extensions/vpn-flavors HTTP/1.1" status: 200 len: 376 time: 0.0044925
2026-07-15 00:14:58.468 10 INFO neutron.api.wsgi [None req-26bdb715-6642-40a2-a15b-db67834f4583 f7573fbe010e45a090c86508d8f2feec 569dac5273ab4ffcbb10f36e565e162e - - default default] 10.0.0.197 "GET /v2.0/extensions/vpnaas HTTP/1.1" status: 200 len: 348 time: 0.0043910
2026-07-15 00:14:58.573 9 INFO neutron.db.ovn_revision_numbers_db [None req-41f0e328-dc24-4391-aca3-174b1386d1ca 09c5fb97cb464d15bee8acd4c5e4418a 58351c5233da440797acedf9e54962a0 - - default default] Successfully bumped revision number for resource 341f354e-aaae-497a-83bf-dfc5a5f34229 (type: routers) to 3
2026-07-15 00:14:58.577 9 INFO neutron.api.wsgi [None req-41f0e328-dc24-4391-aca3-174b1386d1ca 09c5fb97cb464d15bee8acd4c5e4418a 58351c5233da440797acedf9e54962a0 - - default default] 10.0.0.197 "PUT /v2.0/routers/341f354e-aaae-497a-83bf-dfc5a5f34229 HTTP/1.1" status: 200 len: 1159 time: 0.3871758
2026-07-15 00:14:58.636 9 INFO neutron.api.wsgi [None req-3e37819d-eab6-4f44-93f7-96cfa6f28e1c 09c5fb97cb464d15bee8acd4c5e4418a 58351c5233da440797acedf9e54962a0 - - default default] 10.0.0.197 "GET /v2.0/routers/341f354e-aaae-497a-83bf-dfc5a5f34229 HTTP/1.1" status: 200 len: 1159 time: 0.0546675
2026-07-15 00:14:58.655 9 INFO neutron.api.wsgi [None req-68ad2f61-fabf-4a78-b5eb-125109841370 09c5fb97cb464d15bee8acd4c5e4418a 58351c5233da440797acedf9e54962a0 - - default default] 10.0.0.197 "GET /v2.0/ports?device_id=341f354e-aaae-497a-83bf-dfc5a5f34229 HTTP/1.1" status: 200 len: 205 time: 0.0145986
2026-07-15 00:14:58.734 10 INFO neutron.api.wsgi [None req-0275b5e0-9ec5-4c08-891a-1befd3f0adcf e49053de90464d71af63dea62e196b84 bc6789f94f554246b737738925af780f - - default default] 10.0.0.76 "GET /v2.0/extensions HTTP/1.1" status: 200 len: 19298 time: 0.0102811
2026-07-15 00:14:58.853 10 INFO neutron.api.wsgi [None req-c4fd8b46-5357-49a3-a26c-79319bb8a88b e49053de90464d71af63dea62e196b84 bc6789f94f554246b737738925af780f - - default default] 10.0.0.76 "GET /v2.0/quotas/bc6789f94f554246b737738925af780f/details HTTP/1.1" status: 200 len: 1046 time: 0.1053421
2026-07-15 00:14:58.984 10 INFO neutron.api.wsgi [req-ce7acb6a-5f8e-4af4-8642-8dc449bb2350 req-df6b4c25-ece0-41b8-b1bd-4cdebc12c9a5 cf11d30b59ba49899071e9c562350fa9 c36199a27b1945d88c54cee2631c5154 - - default default] 10.0.0.184 "GET /v2.0/ports?device_id=58a21cdc-7c28-4c0a-b794-54da1ab125ed HTTP/1.1" status: 200 len: 210 time: 0.0228114
2026-07-15 00:14:59.181 10 INFO neutron.db.ovn_revision_numbers_db [None req-a2af4929-9ec7-4b7c-b319-e633e2db72f9 06bbd1ce37784b188c8b912a4d9ab8b3 960b28e35ccd47e99505804431eb5e67 - - default default] Successfully bumped revision number for resource fa0ed161-a564-4f32-9cf0-1cf8b5ff43d6 (type: security_groups) to 1
2026-07-15 00:14:59.206 10 INFO neutron.db.ovn_revision_numbers_db [None req-a2af4929-9ec7-4b7c-b319-e633e2db72f9 06bbd1ce37784b188c8b912a4d9ab8b3 960b28e35ccd47e99505804431eb5e67 - - default default] Successfully bumped revision number for resource 22885461-cb4c-4907-9cc8-119278c4434f (type: security_group_rules) to 0
2026-07-15 00:14:59.222 10 INFO neutron.db.ovn_revision_numbers_db [None req-a2af4929-9ec7-4b7c-b319-e633e2db72f9 06bbd1ce37784b188c8b912a4d9ab8b3 960b28e35ccd47e99505804431eb5e67 - - default default] Successfully bumped revision number for resource a0e51e42-6190-4dff-b222-cdb85193cabe (type: security_group_rules) to 0
2026-07-15 00:14:59.234 10 INFO neutron.db.ovn_revision_numbers_db [None req-a2af4929-9ec7-4b7c-b319-e633e2db72f9 06bbd1ce37784b188c8b912a4d9ab8b3 960b28e35ccd47e99505804431eb5e67 - - default default] Successfully bumped revision number for resource efad85fb-6f8d-414e-8db8-ef00d246a6b7 (type: security_group_rules) to 0
2026-07-15 00:14:59.251 10 INFO neutron.db.ovn_revision_numbers_db [None req-a2af4929-9ec7-4b7c-b319-e633e2db72f9 06bbd1ce37784b188c8b912a4d9ab8b3 960b28e35ccd47e99505804431eb5e67 - - default default] Successfully bumped revision number for resource fcedc9ac-704c-46b2-af4a-7d9d35414533 (type: security_group_rules) to 0
2026-07-15 00:14:59.295 10 INFO neutron.api.wsgi [None req-a2af4929-9ec7-4b7c-b319-e633e2db72f9 06bbd1ce37784b188c8b912a4d9ab8b3 960b28e35ccd47e99505804431eb5e67 - - default default] 10.0.0.197 "GET /v2.0/security-groups?tenant_id=569dac5273ab4ffcbb10f36e565e162e&name=default HTTP/1.1" status: 200 len: 3120 time: 0.3146183
2026-07-15 00:14:59.305 9 INFO neutron.api.wsgi [None req-510d6269-e1ae-40dd-8dfe-4520e6264d23 09c5fb97cb464d15bee8acd4c5e4418a 58351c5233da440797acedf9e54962a0 - - default default] 10.0.0.197 "DELETE /v2.0/routers/341f354e-aaae-497a-83bf-dfc5a5f34229 HTTP/1.1" status: 204 len: 168 time: 0.6472578
2026-07-15 00:14:59.327 10 INFO neutron.api.wsgi [None req-a7b1d5a4-4cbf-48c9-b186-9c9e45890275 09c5fb97cb464d15bee8acd4c5e4418a 58351c5233da440797acedf9e54962a0 - - default default] 10.0.0.197 "GET /v2.0/ports?device_id=341f354e-aaae-497a-83bf-dfc5a5f34229 HTTP/1.1" status: 200 len: 205 time: 0.0164189
2026-07-15 00:14:59.347 9 INFO neutron.api.v2.resource [None req-90f400b9-fed4-4cfb-9a19-5aec1c274162 09c5fb97cb464d15bee8acd4c5e4418a 58351c5233da440797acedf9e54962a0 - - default default] delete failed (client error): The resource could not be found.
2026-07-15 00:14:59.348 9 INFO neutron.api.wsgi [None req-90f400b9-fed4-4cfb-9a19-5aec1c274162 09c5fb97cb464d15bee8acd4c5e4418a 58351c5233da440797acedf9e54962a0 - - default default] 10.0.0.197 "DELETE /v2.0/routers/341f354e-aaae-497a-83bf-dfc5a5f34229 HTTP/1.1" status: 404 len: 336 time: 0.0158644
2026-07-15 00:14:59.390 9 INFO neutron.api.wsgi [None req-e65ef38f-e576-4622-9672-5c7c6ee29fcf 09c5fb97cb464d15bee8acd4c5e4418a 58351c5233da440797acedf9e54962a0 - - default default] 10.0.0.197 "GET /v2.0/ports?device_id=55c9ad77-6efa-48ab-8e6b-802317f2cd83 HTTP/1.1" status: 200 len: 205 time: 0.0385556
2026-07-15 00:14:59.414 9 INFO neutron.api.v2.resource [None req-09eaa0e0-783b-4a7c-b4ce-916026ca5f7c 09c5fb97cb464d15bee8acd4c5e4418a 58351c5233da440797acedf9e54962a0 - - default default] delete failed (client error): The resource could not be found.
2026-07-15 00:14:59.415 9 INFO neutron.api.wsgi [None req-09eaa0e0-783b-4a7c-b4ce-916026ca5f7c 09c5fb97cb464d15bee8acd4c5e4418a 58351c5233da440797acedf9e54962a0 - - default default] 10.0.0.197 "DELETE /v2.0/routers/55c9ad77-6efa-48ab-8e6b-802317f2cd83 HTTP/1.1" status: 404 len: 336 time: 0.0191381
2026-07-15 00:14:59.432 10 INFO neutron.pecan_wsgi.hooks.translation [None req-7813bbe8-f81e-44f7-8bfe-82724fcc4dca 09c5fb97cb464d15bee8acd4c5e4418a 58351c5233da440797acedf9e54962a0 - - default default] DELETE failed (client error): The resource could not be found.
2026-07-15 00:14:59.433 10 INFO neutron.api.wsgi [None req-7813bbe8-f81e-44f7-8bfe-82724fcc4dca 09c5fb97cb464d15bee8acd4c5e4418a 58351c5233da440797acedf9e54962a0 - - default default] 10.0.0.197 "DELETE /v2.0/subnets/379979ac-4321-480f-b417-b8c826393636 HTTP/1.1" status: 404 len: 337 time: 0.0136137
2026-07-15 00:14:59.455 10 INFO neutron.api.wsgi [None req-dd8b5d60-bd52-4488-ad21-0f8ea021448b 09c5fb97cb464d15bee8acd4c5e4418a 58351c5233da440797acedf9e54962a0 - - default default] 10.0.0.197 "GET /v2.0/ports?device_id=dcfd398d-1eec-4b97-8f5b-172b9b547815 HTTP/1.1" status: 200 len: 205 time: 0.0173154
2026-07-15 00:14:59.481 9 INFO neutron.api.v2.resource [None req-4fef907c-bbc7-40d7-b624-f503ac1411d3 09c5fb97cb464d15bee8acd4c5e4418a 58351c5233da440797acedf9e54962a0 - - default default] delete failed (client error): The resource could not be found.
2026-07-15 00:14:59.482 9 INFO neutron.api.wsgi [None req-4fef907c-bbc7-40d7-b624-f503ac1411d3 09c5fb97cb464d15bee8acd4c5e4418a 58351c5233da440797acedf9e54962a0 - - default default] 10.0.0.197 "DELETE /v2.0/routers/dcfd398d-1eec-4b97-8f5b-172b9b547815 HTTP/1.1" status: 404 len: 336 time: 0.0172675
2026-07-15 00:14:59.498 9 INFO neutron.pecan_wsgi.hooks.translation [None req-d047cc18-2f83-43c0-8b4a-abba571e1002 09c5fb97cb464d15bee8acd4c5e4418a 58351c5233da440797acedf9e54962a0 - - default default] DELETE failed (client error): The resource could not be found.
2026-07-15 00:14:59.500 9 INFO neutron.api.wsgi [None req-d047cc18-2f83-43c0-8b4a-abba571e1002 09c5fb97cb464d15bee8acd4c5e4418a 58351c5233da440797acedf9e54962a0 - - default default] 10.0.0.197 "DELETE /v2.0/subnets/cd3ee834-10d7-4919-933a-3a86dcd9cbb8 HTTP/1.1" status: 404 len: 337 time: 0.0140972
2026-07-15 00:14:59.522 9 INFO neutron.api.wsgi [None req-d32e2739-18bf-4666-a751-c14add04d947 09c5fb97cb464d15bee8acd4c5e4418a 58351c5233da440797acedf9e54962a0 - - default default] 10.0.0.197 "GET /v2.0/ports?device_id=9c466200-fdef-4785-aad3-9bf9683f7194 HTTP/1.1" status: 200 len: 205 time: 0.0178928
2026-07-15 00:14:59.537 10 INFO neutron.api.wsgi [None req-61df45ba-161e-40a8-ba4d-67b335d348dd 06bbd1ce37784b188c8b912a4d9ab8b3 960b28e35ccd47e99505804431eb5e67 - - default default] 10.0.0.197 "DELETE /v2.0/security-groups/fa0ed161-a564-4f32-9cf0-1cf8b5ff43d6 HTTP/1.1" status: 204 len: 168 time: 0.2344420
2026-07-15 00:14:59.539 9 INFO neutron.api.v2.resource [None req-709e8a0c-f950-44fd-b4fd-e33145727eb7 09c5fb97cb464d15bee8acd4c5e4418a 58351c5233da440797acedf9e54962a0 - - default default] delete failed (client error): The resource could not be found.
2026-07-15 00:14:59.539 9 INFO neutron.api.wsgi [None req-709e8a0c-f950-44fd-b4fd-e33145727eb7 09c5fb97cb464d15bee8acd4c5e4418a 58351c5233da440797acedf9e54962a0 - - default default] 10.0.0.197 "DELETE /v2.0/routers/9c466200-fdef-4785-aad3-9bf9683f7194 HTTP/1.1" status: 404 len: 336 time: 0.0130200
2026-07-15 00:14:59.551 9 INFO neutron.pecan_wsgi.hooks.translation [None req-792d2a29-7784-4c75-ab25-00acfbc6829e 09c5fb97cb464d15bee8acd4c5e4418a 58351c5233da440797acedf9e54962a0 - - default default] DELETE failed (client error): The resource could not be found.
2026-07-15 00:14:59.553 9 INFO neutron.api.wsgi [None req-792d2a29-7784-4c75-ab25-00acfbc6829e 09c5fb97cb464d15bee8acd4c5e4418a 58351c5233da440797acedf9e54962a0 - - default default] 10.0.0.197 "DELETE /v2.0/subnets/e33b1b86-9289-4c72-b433-297da77198d9 HTTP/1.1" status: 404 len: 337 time: 0.0105731
2026-07-15 00:14:59.567 10 INFO neutron.pecan_wsgi.hooks.translation [None req-5b42b402-8da6-4c66-aacf-05521069e4a3 09c5fb97cb464d15bee8acd4c5e4418a 58351c5233da440797acedf9e54962a0 - - default default] DELETE failed (client error): The resource could not be found.
2026-07-15 00:14:59.569 10 INFO neutron.api.wsgi [None req-5b42b402-8da6-4c66-aacf-05521069e4a3 09c5fb97cb464d15bee8acd4c5e4418a 58351c5233da440797acedf9e54962a0 - - default default] 10.0.0.197 "DELETE /v2.0/subnets/c82b3935-dd2a-48f4-bb1d-a97beffeee5b HTTP/1.1" status: 404 len: 337 time: 0.0126925
2026-07-15 00:14:59.691 9 WARNING neutron.plugins.ml2.drivers.ovn.mech_driver.ovsdb.ovn_client [None req-634511d2-673f-48d4-8493-c8e86b2d7867 - - - - - -] No hosting information found for port 757187e0-aa89-41a8-8a8b-50c42d8e4ecb: RuntimeError: No hosting information found for port 757187e0-aa89-41a8-8a8b-50c42d8e4ecb
2026-07-15 00:14:59.776 9 INFO neutron.db.ovn_revision_numbers_db [None req-634511d2-673f-48d4-8493-c8e86b2d7867 - - - - - -] Successfully bumped revision number for resource 757187e0-aa89-41a8-8a8b-50c42d8e4ecb (type: router_ports) to 2
2026-07-15 00:14:59.776 9 INFO neutron.plugins.ml2.drivers.ovn.mech_driver.mech_driver [None req-634511d2-673f-48d4-8493-c8e86b2d7867 - - - - - -] OVN reports status up for port: 8ec1d1e2-4af1-4a2f-b931-fab09940ff62
2026-07-15 00:14:59.840 10 WARNING neutron.plugins.ml2.drivers.ovn.mech_driver.ovsdb.ovn_client [None req-2bb8a838-b23f-4752-a4fb-ce3d5217c9f5 - - - - - -] No port found with ID 1739ff6b-629d-4e9b-ab26-29acdc7e33d0: RuntimeError: No port found with ID 1739ff6b-629d-4e9b-ab26-29acdc7e33d0
2026-07-15 00:15:00.090 10 INFO neutron.api.wsgi [req-f2bade96-507d-4a83-803b-86df3e3a7ffe req-30ab69e3-e74c-4927-b892-6d96a59fcb31 cf11d30b59ba49899071e9c562350fa9 c36199a27b1945d88c54cee2631c5154 - - default default] 10.0.0.184 "GET /v2.0/ports?device_id=58a21cdc-7c28-4c0a-b794-54da1ab125ed HTTP/1.1" status: 200 len: 210 time: 0.0274563
2026-07-15 00:15:00.174 9 INFO neutron.api.wsgi [None req-96cdf51b-30c7-4b8f-9b3c-cf1b2e60407a 06bbd1ce37784b188c8b912a4d9ab8b3 960b28e35ccd47e99505804431eb5e67 - - default default] 10.0.0.197 "GET /v2.0/security-groups?tenant_id=58351c5233da440797acedf9e54962a0&name=default HTTP/1.1" status: 200 len: 3120 time: 0.1445799
2026-07-15 00:15:00.377 9 INFO neutron.api.wsgi [None req-0feed769-3774-42d0-a441-d30ce325317f 06bbd1ce37784b188c8b912a4d9ab8b3 960b28e35ccd47e99505804431eb5e67 - - default default] 10.0.0.197 "DELETE /v2.0/security-groups/23f09b4f-0121-49cd-b843-f71162e3e958 HTTP/1.1" status: 204 len: 168 time: 0.1968377
2026-07-15 00:15:01.088 10 INFO neutron.api.wsgi [req-c8c6de82-1c9f-455c-9c26-5c1e05a1f292 req-bd161bcc-c946-4de5-a8c2-aebe4a40e63f cf11d30b59ba49899071e9c562350fa9 c36199a27b1945d88c54cee2631c5154 - - default default] 199.19.213.73 "GET /v2.0/networks?id=5cf2398c-6b82-4d5a-a63a-affdd4527556 HTTP/1.1" status: 200 len: 859 time: 0.0528927
2026-07-15 00:15:01.121 10 INFO neutron.api.wsgi [req-c8c6de82-1c9f-455c-9c26-5c1e05a1f292 req-9ca3ad6f-8deb-4d97-82cf-89de8fc0430d cf11d30b59ba49899071e9c562350fa9 c36199a27b1945d88c54cee2631c5154 - - default default] 199.19.213.73 "GET /v2.0/security-groups?fields=id&fields=name&tenant_id=c36199a27b1945d88c54cee2631c5154 HTTP/1.1" status: 200 len: 379 time: 0.0289693
2026-07-15 00:15:01.128 10 WARNING neutron_lib.context [req-c8c6de82-1c9f-455c-9c26-5c1e05a1f292 req-5022a483-a8a3-4ce3-af48-dba7ce6a9649 cf11d30b59ba49899071e9c562350fa9 c36199a27b1945d88c54cee2631c5154 - - default default] Method 'is_advsvc' is deprecated since 2023.2 release (neutron-lib 3.8.0) and will be removed once support for the old RBAC API policies will be removed from Neutron. Please use method 'is_service_role' instead.
2026-07-15 00:15:01.168 10 INFO neutron.api.wsgi [req-b47bca49-730e-48ee-81dd-5f9549c65ee9 req-5d926c41-c4e2-40a6-872c-c92a71617381 cf11d30b59ba49899071e9c562350fa9 c36199a27b1945d88c54cee2631c5154 - - default default] 10.0.0.184 "GET /v2.0/ports?device_id=58a21cdc-7c28-4c0a-b794-54da1ab125ed HTTP/1.1" status: 200 len: 210 time: 0.0184395
2026-07-15 00:15:01.279 10 INFO neutron.db.ovn_revision_numbers_db [None req-9ffa199c-3421-40be-9891-dc524574b093 06bbd1ce37784b188c8b912a4d9ab8b3 960b28e35ccd47e99505804431eb5e67 - - default default] Successfully bumped revision number for resource 775f07a9-57c3-4b30-83e8-78d9821e2637 (type: security_groups) to 1
2026-07-15 00:15:01.295 10 INFO neutron.db.ovn_revision_numbers_db [None req-9ffa199c-3421-40be-9891-dc524574b093 06bbd1ce37784b188c8b912a4d9ab8b3 960b28e35ccd47e99505804431eb5e67 - - default default] Successfully bumped revision number for resource 5b0688d6-3f0a-4670-b968-89a6247af08b (type: security_group_rules) to 0
2026-07-15 00:15:01.309 10 INFO neutron.db.ovn_revision_numbers_db [None req-9ffa199c-3421-40be-9891-dc524574b093 06bbd1ce37784b188c8b912a4d9ab8b3 960b28e35ccd47e99505804431eb5e67 - - default default] Successfully bumped revision number for resource 79fadf82-a6b6-4f95-9639-5617de9f9a3b (type: security_group_rules) to 0
2026-07-15 00:15:01.325 10 INFO neutron.db.ovn_revision_numbers_db [None req-9ffa199c-3421-40be-9891-dc524574b093 06bbd1ce37784b188c8b912a4d9ab8b3 960b28e35ccd47e99505804431eb5e67 - - default default] Successfully bumped revision number for resource b7a507ae-c8a1-4666-808a-791f9d16b020 (type: security_group_rules) to 0
2026-07-15 00:15:01.344 10 INFO neutron.db.ovn_revision_numbers_db [None req-9ffa199c-3421-40be-9891-dc524574b093 06bbd1ce37784b188c8b912a4d9ab8b3 960b28e35ccd47e99505804431eb5e67 - - default default] Successfully bumped revision number for resource f72e5f97-181c-4e88-91fc-76b99f71d0b9 (type: security_group_rules) to 0
