2026-07-15 00:16:14.560 10 INFO neutron.api.wsgi [None req-6370169a-776d-4844-921d-7fd1e6c1b429 a90a9c482c7c4cdd918103786a51e719 2cab39ba41544afabe179ec85a1a6005 - - default default] 10.0.0.197 "PUT /v2.0/subnetpools/709050b9-f667-408d-b48b-f0e4d63e351d/tags/green HTTP/1.1" status: 201 len: 201 time: 0.0320175
2026-07-15 00:16:14.584 10 INFO neutron.api.wsgi [None req-bf37aac8-78d7-4a84-8e3a-cb7187ee21fe a90a9c482c7c4cdd918103786a51e719 2cab39ba41544afabe179ec85a1a6005 - - default default] 10.0.0.197 "GET /v2.0/subnetpools/709050b9-f667-408d-b48b-f0e4d63e351d/tags HTTP/1.1" status: 200 len: 227 time: 0.0195887
2026-07-15 00:16:14.612 10 INFO neutron.api.wsgi [None req-b377995e-f9ef-425f-a03b-ac6b0bf2083f a90a9c482c7c4cdd918103786a51e719 2cab39ba41544afabe179ec85a1a6005 - - default default] 10.0.0.197 "PUT /v2.0/subnetpools/709050b9-f667-408d-b48b-f0e4d63e351d/tags/red HTTP/1.1" status: 201 len: 201 time: 0.0244658
2026-07-15 00:16:14.630 10 INFO neutron.api.wsgi [None req-a14cd687-0ea8-4821-a090-d1c4304310b6 a90a9c482c7c4cdd918103786a51e719 2cab39ba41544afabe179ec85a1a6005 - - default default] 10.0.0.197 "GET /v2.0/subnetpools/709050b9-f667-408d-b48b-f0e4d63e351d/tags HTTP/1.1" status: 200 len: 227 time: 0.0142891
2026-07-15 00:16:14.669 10 INFO neutron.api.wsgi [None req-e0dad824-5cb3-43d2-a2d0-cb15426f5e65 a90a9c482c7c4cdd918103786a51e719 2cab39ba41544afabe179ec85a1a6005 - - default default] 10.0.0.197 "PUT /v2.0/subnetpools/709050b9-f667-408d-b48b-f0e4d63e351d/tags/black.or.white HTTP/1.1" status: 201 len: 201 time: 0.0348229
2026-07-15 00:16:14.690 10 INFO neutron.api.wsgi [None req-3c398b05-7e67-4b32-bdd7-b7ff02451488 a90a9c482c7c4cdd918103786a51e719 2cab39ba41544afabe179ec85a1a6005 - - default default] 10.0.0.197 "GET /v2.0/subnetpools/709050b9-f667-408d-b48b-f0e4d63e351d/tags HTTP/1.1" status: 200 len: 245 time: 0.0174868
2026-07-15 00:16:14.724 10 INFO neutron.api.wsgi [None req-e2fcf3b6-35dd-4cce-aec9-1320aea5da9b a90a9c482c7c4cdd918103786a51e719 2cab39ba41544afabe179ec85a1a6005 - - default default] 10.0.0.197 "PUT /v2.0/subnetpools/709050b9-f667-408d-b48b-f0e4d63e351d/tags HTTP/1.1" status: 200 len: 230 time: 0.0300777
2026-07-15 00:16:14.742 10 INFO neutron.api.wsgi [None req-0638b1e1-5a45-4510-9079-c9d1f25689dd a90a9c482c7c4cdd918103786a51e719 2cab39ba41544afabe179ec85a1a6005 - - default default] 10.0.0.197 "GET /v2.0/subnetpools/709050b9-f667-408d-b48b-f0e4d63e351d/tags HTTP/1.1" status: 200 len: 230 time: 0.0155165
2026-07-15 00:16:14.762 10 INFO neutron.api.wsgi [None req-aa75ca6c-a4a6-4209-a526-338820e7cf15 a90a9c482c7c4cdd918103786a51e719 2cab39ba41544afabe179ec85a1a6005 - - default default] 10.0.0.197 "GET /v2.0/subnetpools/709050b9-f667-408d-b48b-f0e4d63e351d/tags/red HTTP/1.1" status: 204 len: 168 time: 0.0158231
2026-07-15 00:16:14.781 10 INFO neutron.api.v2.resource [None req-e1f1de1c-1d04-42e0-bda5-0b74cd5d85c5 a90a9c482c7c4cdd918103786a51e719 2cab39ba41544afabe179ec85a1a6005 - - default default] show failed (client error): The resource could not be found.
2026-07-15 00:16:14.782 10 INFO neutron.api.wsgi [None req-e1f1de1c-1d04-42e0-bda5-0b74cd5d85c5 a90a9c482c7c4cdd918103786a51e719 2cab39ba41544afabe179ec85a1a6005 - - default default] 10.0.0.197 "GET /v2.0/subnetpools/709050b9-f667-408d-b48b-f0e4d63e351d/tags/green HTTP/1.1" status: 404 len: 299 time: 0.0165541
2026-07-15 00:16:14.824 10 INFO neutron.api.wsgi [None req-f9c1c106-7035-458b-8aef-0d688ef8a2d2 a90a9c482c7c4cdd918103786a51e719 2cab39ba41544afabe179ec85a1a6005 - - default default] 10.0.0.197 "DELETE /v2.0/subnetpools/709050b9-f667-408d-b48b-f0e4d63e351d/tags/red HTTP/1.1" status: 204 len: 168 time: 0.0373375
2026-07-15 00:16:14.843 10 INFO neutron.api.wsgi [None req-7374823f-d139-4994-aef5-d740226ba4c4 a90a9c482c7c4cdd918103786a51e719 2cab39ba41544afabe179ec85a1a6005 - - default default] 10.0.0.197 "GET /v2.0/subnetpools/709050b9-f667-408d-b48b-f0e4d63e351d/tags HTTP/1.1" status: 200 len: 223 time: 0.0154459
2026-07-15 00:16:14.869 10 INFO neutron.api.v2.resource [None req-f1a15ab9-2927-4280-bf66-f0085e1388da a90a9c482c7c4cdd918103786a51e719 2cab39ba41544afabe179ec85a1a6005 - - default default] delete failed (client error): The resource could not be found.
2026-07-15 00:16:14.870 10 INFO neutron.api.wsgi [None req-f1a15ab9-2927-4280-bf66-f0085e1388da a90a9c482c7c4cdd918103786a51e719 2cab39ba41544afabe179ec85a1a6005 - - default default] 10.0.0.197 "DELETE /v2.0/subnetpools/709050b9-f667-408d-b48b-f0e4d63e351d/tags/green HTTP/1.1" status: 404 len: 299 time: 0.0216384
2026-07-15 00:16:14.911 10 INFO neutron.api.wsgi [None req-973c3f09-845a-4d89-9e6b-7aa75910a9f2 a90a9c482c7c4cdd918103786a51e719 2cab39ba41544afabe179ec85a1a6005 - - default default] 10.0.0.197 "DELETE /v2.0/subnetpools/709050b9-f667-408d-b48b-f0e4d63e351d/tags HTTP/1.1" status: 204 len: 168 time: 0.0333335
2026-07-15 00:16:14.938 10 INFO neutron.api.wsgi [None req-89021f42-c7d8-44db-97ad-f2634130bea8 a90a9c482c7c4cdd918103786a51e719 2cab39ba41544afabe179ec85a1a6005 - - default default] 10.0.0.197 "GET /v2.0/subnetpools/709050b9-f667-408d-b48b-f0e4d63e351d/tags HTTP/1.1" status: 200 len: 205 time: 0.0185771
2026-07-15 00:16:14.991 10 INFO neutron.api.wsgi [None req-c6e15257-6647-4f83-9e6b-311e7ec25702 a90a9c482c7c4cdd918103786a51e719 2cab39ba41544afabe179ec85a1a6005 - - default default] 10.0.0.197 "DELETE /v2.0/subnetpools/709050b9-f667-408d-b48b-f0e4d63e351d HTTP/1.1" status: 204 len: 168 time: 0.0435748
2026-07-15 00:16:15.091 9 INFO neutron.db.ovn_revision_numbers_db [None req-9d7c9edd-b232-43c9-97f3-d70084e50072 - - - - - -] Successfully bumped revision number for resource e24c84fe-475e-4e2f-9569-9d7b93c021f8 (type: ports) to 1
2026-07-15 00:16:15.203 9 WARNING neutron.scheduler.dhcp_agent_scheduler [None req-b93aba37-fab2-4d2c-8b79-473fd9d9d14e 06bbd1ce37784b188c8b912a4d9ab8b3 960b28e35ccd47e99505804431eb5e67 - - default default] No more DHCP agents
2026-07-15 00:16:15.205 9 WARNING neutron.api.rpc.agentnotifiers.dhcp_rpc_agent_api [None req-b93aba37-fab2-4d2c-8b79-473fd9d9d14e 06bbd1ce37784b188c8b912a4d9ab8b3 960b28e35ccd47e99505804431eb5e67 - - default default] Unable to schedule network 6e8e3a71-8c63-43a0-a753-392e4388967e: no agents available; will retry on subsequent port and subnet creation events.
2026-07-15 00:16:15.331 9 INFO neutron.db.ovn_revision_numbers_db [None req-b93aba37-fab2-4d2c-8b79-473fd9d9d14e 06bbd1ce37784b188c8b912a4d9ab8b3 960b28e35ccd47e99505804431eb5e67 - - default default] Successfully bumped revision number for resource 2785cedf-cd88-485f-a588-c8c63dfad007 (type: ports) to 1
2026-07-15 00:16:15.418 9 INFO neutron.db.ovn_revision_numbers_db [None req-9d7c9edd-b232-43c9-97f3-d70084e50072 - - - - - -] Successfully bumped revision number for resource e24c84fe-475e-4e2f-9569-9d7b93c021f8 (type: ports) to 4
2026-07-15 00:16:15.723 9 INFO neutron.db.ovn_revision_numbers_db [None req-9d7c9edd-b232-43c9-97f3-d70084e50072 - - - - - -] Successfully bumped revision number for resource e24c84fe-475e-4e2f-9569-9d7b93c021f8 (type: ports) to 5
2026-07-15 00:16:15.797 10 INFO neutron.db.ovn_revision_numbers_db [None req-7d44b509-9e0a-45ba-85fd-ddd7f7b265e8 06bbd1ce37784b188c8b912a4d9ab8b3 960b28e35ccd47e99505804431eb5e67 - - default default] Successfully bumped revision number for resource dcec0ba5-f8ae-44eb-8de7-358e5d394083 (type: security_groups) to 1
2026-07-15 00:16:15.812 10 INFO neutron.db.ovn_revision_numbers_db [None req-7d44b509-9e0a-45ba-85fd-ddd7f7b265e8 06bbd1ce37784b188c8b912a4d9ab8b3 960b28e35ccd47e99505804431eb5e67 - - default default] Successfully bumped revision number for resource 2476fb48-2da6-4c23-a00c-23969c7c7509 (type: security_group_rules) to 0
2026-07-15 00:16:15.826 10 INFO neutron.db.ovn_revision_numbers_db [None req-7d44b509-9e0a-45ba-85fd-ddd7f7b265e8 06bbd1ce37784b188c8b912a4d9ab8b3 960b28e35ccd47e99505804431eb5e67 - - default default] Successfully bumped revision number for resource 42fc7568-2e7b-47ac-a602-85df34ecd8a6 (type: security_group_rules) to 0
2026-07-15 00:16:15.841 10 INFO neutron.db.ovn_revision_numbers_db [None req-7d44b509-9e0a-45ba-85fd-ddd7f7b265e8 06bbd1ce37784b188c8b912a4d9ab8b3 960b28e35ccd47e99505804431eb5e67 - - default default] Successfully bumped revision number for resource a31f055a-0bd3-475c-b4ff-004f36bfdda2 (type: security_group_rules) to 0
2026-07-15 00:16:15.858 10 INFO neutron.db.ovn_revision_numbers_db [None req-7d44b509-9e0a-45ba-85fd-ddd7f7b265e8 06bbd1ce37784b188c8b912a4d9ab8b3 960b28e35ccd47e99505804431eb5e67 - - default default] Successfully bumped revision number for resource b13aea78-3917-4088-92f9-d55f11e108fa (type: security_group_rules) to 0
2026-07-15 00:16:15.864 9 INFO neutron.db.ovn_revision_numbers_db [None req-b93aba37-fab2-4d2c-8b79-473fd9d9d14e 06bbd1ce37784b188c8b912a4d9ab8b3 960b28e35ccd47e99505804431eb5e67 - - default default] Successfully bumped revision number for resource 2785cedf-cd88-485f-a588-c8c63dfad007 (type: ports) to 1
2026-07-15 00:16:15.894 10 INFO neutron.api.wsgi [None req-7d44b509-9e0a-45ba-85fd-ddd7f7b265e8 06bbd1ce37784b188c8b912a4d9ab8b3 960b28e35ccd47e99505804431eb5e67 - - default default] 10.0.0.197 "GET /v2.0/security-groups?tenant_id=2cab39ba41544afabe179ec85a1a6005&name=default HTTP/1.1" status: 200 len: 3120 time: 0.2816625
2026-07-15 00:16:15.934 9 WARNING neutron.scheduler.dhcp_agent_scheduler [None req-b93aba37-fab2-4d2c-8b79-473fd9d9d14e 06bbd1ce37784b188c8b912a4d9ab8b3 960b28e35ccd47e99505804431eb5e67 - - default default] No more DHCP agents
2026-07-15 00:16:15.936 9 WARNING neutron.api.rpc.agentnotifiers.dhcp_rpc_agent_api [None req-b93aba37-fab2-4d2c-8b79-473fd9d9d14e 06bbd1ce37784b188c8b912a4d9ab8b3 960b28e35ccd47e99505804431eb5e67 - - default default] Unable to schedule network 6e8e3a71-8c63-43a0-a753-392e4388967e: no agents available; will retry on subsequent port and subnet creation events.
2026-07-15 00:16:15.939 9 WARNING neutron.plugins.ml2.drivers.ovn.mech_driver.ovsdb.ovn_client [None req-8d137c09-d680-49aa-a05d-9eb44dfa5207 - - - - - -] No hosting information found for port 803a45b1-0706-4b0e-b51c-eddde236c750: RuntimeError: No hosting information found for port 803a45b1-0706-4b0e-b51c-eddde236c750
2026-07-15 00:16:16.056 9 INFO neutron.db.ovn_revision_numbers_db [None req-8d137c09-d680-49aa-a05d-9eb44dfa5207 - - - - - -] Successfully bumped revision number for resource 803a45b1-0706-4b0e-b51c-eddde236c750 (type: router_ports) to 2
2026-07-15 00:16:16.056 9 INFO neutron.plugins.ml2.drivers.ovn.mech_driver.mech_driver [None req-8d137c09-d680-49aa-a05d-9eb44dfa5207 - - - - - -] OVN reports status up for port: 2785cedf-cd88-485f-a588-c8c63dfad007
2026-07-15 00:16:16.064 9 INFO neutron.plugins.ml2.plugin [None req-8d137c09-d680-49aa-a05d-9eb44dfa5207 - - - - - -] Attempt 1 to provision port 2785cedf-cd88-485f-a588-c8c63dfad007
2026-07-15 00:16:16.099 10 INFO neutron.api.wsgi [None req-b70e5860-de8a-4f1a-be68-7bba1707e0a5 06bbd1ce37784b188c8b912a4d9ab8b3 960b28e35ccd47e99505804431eb5e67 - - default default] 10.0.0.197 "DELETE /v2.0/security-groups/dcec0ba5-f8ae-44eb-8de7-358e5d394083 HTTP/1.1" status: 204 len: 168 time: 0.1996415
2026-07-15 00:16:16.320 10 INFO neutron.db.ovn_revision_numbers_db [None req-a74f4c82-e2b7-45cf-9795-fe17fd8cfea0 06bbd1ce37784b188c8b912a4d9ab8b3 960b28e35ccd47e99505804431eb5e67 - - default default] Successfully bumped revision number for resource e7a4ea60-3eb5-4ca3-aa0b-4aac03bbb877 (type: security_groups) to 1
2026-07-15 00:16:16.333 10 INFO neutron.db.ovn_revision_numbers_db [None req-a74f4c82-e2b7-45cf-9795-fe17fd8cfea0 06bbd1ce37784b188c8b912a4d9ab8b3 960b28e35ccd47e99505804431eb5e67 - - default default] Successfully bumped revision number for resource 43a12b59-872e-4b64-a187-19fc4703016a (type: security_group_rules) to 0
2026-07-15 00:16:16.343 10 INFO neutron.db.ovn_revision_numbers_db [None req-a74f4c82-e2b7-45cf-9795-fe17fd8cfea0 06bbd1ce37784b188c8b912a4d9ab8b3 960b28e35ccd47e99505804431eb5e67 - - default default] Successfully bumped revision number for resource 5b27fcba-f19c-4de1-9a24-1c4a6b53bd5e (type: security_group_rules) to 0
2026-07-15 00:16:16.355 10 INFO neutron.db.ovn_revision_numbers_db [None req-a74f4c82-e2b7-45cf-9795-fe17fd8cfea0 06bbd1ce37784b188c8b912a4d9ab8b3 960b28e35ccd47e99505804431eb5e67 - - default default] Successfully bumped revision number for resource 741a3d3f-ba98-445b-a0d6-bf707a53a81d (type: security_group_rules) to 0
2026-07-15 00:16:16.368 10 INFO neutron.db.ovn_revision_numbers_db [None req-a74f4c82-e2b7-45cf-9795-fe17fd8cfea0 06bbd1ce37784b188c8b912a4d9ab8b3 960b28e35ccd47e99505804431eb5e67 - - default default] Successfully bumped revision number for resource f54ebcb7-ad66-45ff-b749-6d5402d5df40 (type: security_group_rules) to 0
2026-07-15 00:16:16.400 10 INFO neutron.api.wsgi [None req-a74f4c82-e2b7-45cf-9795-fe17fd8cfea0 06bbd1ce37784b188c8b912a4d9ab8b3 960b28e35ccd47e99505804431eb5e67 - - default default] 10.0.0.197 "GET /v2.0/security-groups?tenant_id=0d475be9ce404a1690414ef25505a329&name=default HTTP/1.1" status: 200 len: 3120 time: 0.2014830
2026-07-15 00:16:16.479 9 INFO neutron.db.ovn_revision_numbers_db [None req-8d137c09-d680-49aa-a05d-9eb44dfa5207 - - - - - -] Successfully bumped revision number for resource 2785cedf-cd88-485f-a588-c8c63dfad007 (type: ports) to 2
2026-07-15 00:16:16.597 10 INFO neutron.api.wsgi [None req-081881f6-8231-494a-b71b-94a93e51676e 06bbd1ce37784b188c8b912a4d9ab8b3 960b28e35ccd47e99505804431eb5e67 - - default default] 10.0.0.197 "DELETE /v2.0/security-groups/e7a4ea60-3eb5-4ca3-aa0b-4aac03bbb877 HTTP/1.1" status: 204 len: 168 time: 0.1925321
2026-07-15 00:16:16.607 9 INFO neutron.db.ovn_revision_numbers_db [None req-b93aba37-fab2-4d2c-8b79-473fd9d9d14e 06bbd1ce37784b188c8b912a4d9ab8b3 960b28e35ccd47e99505804431eb5e67 - - default default] Successfully bumped revision number for resource 2785cedf-cd88-485f-a588-c8c63dfad007 (type: router_ports) to 1
2026-07-15 00:16:16.611 9 INFO neutron.api.wsgi [None req-b93aba37-fab2-4d2c-8b79-473fd9d9d14e 06bbd1ce37784b188c8b912a4d9ab8b3 960b28e35ccd47e99505804431eb5e67 - - default default] 10.0.0.197 "PUT /v2.0/routers/5c8b72d2-6c31-4083-8c3b-28db46b5204c/add_router_interface HTTP/1.1" status: 200 len: 503 time: 2.1703956
2026-07-15 00:16:17.232 10 WARNING neutron_lib.context [None req-53d696ec-7ca1-4e4a-97b4-3950e2480094 8bd1d0dbd4144d8c96089255b3d8cae4 228a82b523ff483cadd613db699c5278 - - default default] Method 'is_advsvc' is deprecated since 2023.2 release (neutron-lib 3.8.0) and will be removed once support for the old RBAC API policies will be removed from Neutron. Please use method 'is_service_role' instead.
2026-07-15 00:16:17.356 10 INFO neutron.db.ovn_revision_numbers_db [None req-53d696ec-7ca1-4e4a-97b4-3950e2480094 8bd1d0dbd4144d8c96089255b3d8cae4 228a82b523ff483cadd613db699c5278 - - default default] Successfully bumped revision number for resource eac2c0d7-4e2b-45bd-8013-2fd6a435b2b5 (type: security_groups) to 1
2026-07-15 00:16:17.369 10 INFO neutron.db.ovn_revision_numbers_db [None req-53d696ec-7ca1-4e4a-97b4-3950e2480094 8bd1d0dbd4144d8c96089255b3d8cae4 228a82b523ff483cadd613db699c5278 - - default default] Successfully bumped revision number for resource b036f012-3868-4201-986a-ea7a32be6e17 (type: security_group_rules) to 0
2026-07-15 00:16:17.381 10 INFO neutron.db.ovn_revision_numbers_db [None req-53d696ec-7ca1-4e4a-97b4-3950e2480094 8bd1d0dbd4144d8c96089255b3d8cae4 228a82b523ff483cadd613db699c5278 - - default default] Successfully bumped revision number for resource c82bfb6b-4886-4404-b0fb-1d86ee777683 (type: security_group_rules) to 0
2026-07-15 00:16:17.415 10 INFO neutron.api.wsgi [None req-53d696ec-7ca1-4e4a-97b4-3950e2480094 8bd1d0dbd4144d8c96089255b3d8cae4 228a82b523ff483cadd613db699c5278 - - default default] 10.0.0.197 "POST /v2.0/security-groups HTTP/1.1" status: 201 len: 1873 time: 0.1890419
2026-07-15 00:16:17.425 10 WARNING neutron_lib.context [None req-6db43517-a57b-4600-947e-cd45adcec06d 8bd1d0dbd4144d8c96089255b3d8cae4 228a82b523ff483cadd613db699c5278 - - default default] Method 'is_advsvc' is deprecated since 2023.2 release (neutron-lib 3.8.0) and will be removed once support for the old RBAC API policies will be removed from Neutron. Please use method 'is_service_role' instead.
2026-07-15 00:16:17.543 10 INFO neutron.db.ovn_revision_numbers_db [None req-6db43517-a57b-4600-947e-cd45adcec06d 8bd1d0dbd4144d8c96089255b3d8cae4 228a82b523ff483cadd613db699c5278 - - default default] Successfully bumped revision number for resource 8060b329-8293-4cdc-b79c-e3ce558ee703 (type: security_group_rules) to 0
2026-07-15 00:16:17.573 10 INFO neutron.api.wsgi [None req-6db43517-a57b-4600-947e-cd45adcec06d 8bd1d0dbd4144d8c96089255b3d8cae4 228a82b523ff483cadd613db699c5278 - - default default] 10.0.0.197 "POST /v2.0/security-group-rules HTTP/1.1" status: 201 len: 796 time: 0.1527431
2026-07-15 00:16:17.584 10 WARNING neutron_lib.context [None req-6d7c66ba-9ed9-4ea0-9658-106a10ab1a1c 8bd1d0dbd4144d8c96089255b3d8cae4 228a82b523ff483cadd613db699c5278 - - default default] Method 'is_advsvc' is deprecated since 2023.2 release (neutron-lib 3.8.0) and will be removed once support for the old RBAC API policies will be removed from Neutron. Please use method 'is_service_role' instead.
2026-07-15 00:16:17.683 10 INFO neutron.db.ovn_revision_numbers_db [None req-6d7c66ba-9ed9-4ea0-9658-106a10ab1a1c 8bd1d0dbd4144d8c96089255b3d8cae4 228a82b523ff483cadd613db699c5278 - - default default] Successfully bumped revision number for resource 7980eb6d-e2ed-4f1d-8289-b3ec8337e74d (type: security_group_rules) to 0
2026-07-15 00:16:17.707 10 INFO neutron.api.wsgi [None req-6d7c66ba-9ed9-4ea0-9658-106a10ab1a1c 8bd1d0dbd4144d8c96089255b3d8cae4 228a82b523ff483cadd613db699c5278 - - default default] 10.0.0.197 "POST /v2.0/security-group-rules HTTP/1.1" status: 201 len: 795 time: 0.1276488
2026-07-15 00:16:17.716 10 WARNING neutron_lib.context [None req-fec118a6-2280-4524-bbb7-65e28ade3703 8bd1d0dbd4144d8c96089255b3d8cae4 228a82b523ff483cadd613db699c5278 - - default default] Method 'is_advsvc' is deprecated since 2023.2 release (neutron-lib 3.8.0) and will be removed once support for the old RBAC API policies will be removed from Neutron. Please use method 'is_service_role' instead.
2026-07-15 00:16:17.823 10 INFO neutron.db.ovn_revision_numbers_db [None req-fec118a6-2280-4524-bbb7-65e28ade3703 8bd1d0dbd4144d8c96089255b3d8cae4 228a82b523ff483cadd613db699c5278 - - default default] Successfully bumped revision number for resource 3265881f-d542-40e9-961e-5c9efe2267e7 (type: security_group_rules) to 0
2026-07-15 00:16:17.849 10 INFO neutron.api.wsgi [None req-fec118a6-2280-4524-bbb7-65e28ade3703 8bd1d0dbd4144d8c96089255b3d8cae4 228a82b523ff483cadd613db699c5278 - - default default] 10.0.0.197 "POST /v2.0/security-group-rules HTTP/1.1" status: 201 len: 801 time: 0.1368399
2026-07-15 00:16:17.859 10 WARNING neutron_lib.context [None req-37bd607e-5e60-4a1e-9e43-e54db644d777 8bd1d0dbd4144d8c96089255b3d8cae4 228a82b523ff483cadd613db699c5278 - - default default] Method 'is_advsvc' is deprecated since 2023.2 release (neutron-lib 3.8.0) and will be removed once support for the old RBAC API policies will be removed from Neutron. Please use method 'is_service_role' instead.
2026-07-15 00:16:17.990 10 INFO neutron.db.ovn_revision_numbers_db [None req-37bd607e-5e60-4a1e-9e43-e54db644d777 8bd1d0dbd4144d8c96089255b3d8cae4 228a82b523ff483cadd613db699c5278 - - default default] Successfully bumped revision number for resource 8dfbe262-0cd2-47aa-bee2-9591e59fdab5 (type: security_group_rules) to 0
2026-07-15 00:16:18.016 10 INFO neutron.api.wsgi [None req-37bd607e-5e60-4a1e-9e43-e54db644d777 8bd1d0dbd4144d8c96089255b3d8cae4 228a82b523ff483cadd613db699c5278 - - default default] 10.0.0.197 "POST /v2.0/security-group-rules HTTP/1.1" status: 201 len: 800 time: 0.1603134
2026-07-15 00:16:18.026 9 WARNING neutron_lib.context [None req-4e7e5485-925e-4cc4-8cd9-5b9a863a50d9 8bd1d0dbd4144d8c96089255b3d8cae4 228a82b523ff483cadd613db699c5278 - - default default] Method 'is_advsvc' is deprecated since 2023.2 release (neutron-lib 3.8.0) and will be removed once support for the old RBAC API policies will be removed from Neutron. Please use method 'is_service_role' instead.
2026-07-15 00:16:18.065 9 INFO neutron.db.securitygroups_db [None req-4e7e5485-925e-4cc4-8cd9-5b9a863a50d9 8bd1d0dbd4144d8c96089255b3d8cae4 228a82b523ff483cadd613db699c5278 - - default default] Project 228a82b523ff483cadd613db699c5278 added a security group rule with legacy IPv6 ICMP protocol name icmp, ipv6-icmp should be used instead. It was automatically converted.
2026-07-15 00:16:18.147 9 INFO neutron.db.ovn_revision_numbers_db [None req-4e7e5485-925e-4cc4-8cd9-5b9a863a50d9 8bd1d0dbd4144d8c96089255b3d8cae4 228a82b523ff483cadd613db699c5278 - - default default] Successfully bumped revision number for resource 645f739e-61ce-4942-b24a-9f148d8695c8 (type: security_group_rules) to 0
2026-07-15 00:16:18.175 9 INFO neutron.api.wsgi [None req-4e7e5485-925e-4cc4-8cd9-5b9a863a50d9 8bd1d0dbd4144d8c96089255b3d8cae4 228a82b523ff483cadd613db699c5278 - - default default] 10.0.0.197 "POST /v2.0/security-group-rules HTTP/1.1" status: 201 len: 806 time: 0.1534019
2026-07-15 00:16:18.185 10 WARNING neutron_lib.context [None req-4bd092c1-1a6d-42e4-b9a3-d36ad1bb0c5b 8bd1d0dbd4144d8c96089255b3d8cae4 228a82b523ff483cadd613db699c5278 - - default default] Method 'is_advsvc' is deprecated since 2023.2 release (neutron-lib 3.8.0) and will be removed once support for the old RBAC API policies will be removed from Neutron. Please use method 'is_service_role' instead.
2026-07-15 00:16:18.461 10 INFO neutron.db.securitygroups_db [None req-4bd092c1-1a6d-42e4-b9a3-d36ad1bb0c5b 8bd1d0dbd4144d8c96089255b3d8cae4 228a82b523ff483cadd613db699c5278 - - default default] Project 228a82b523ff483cadd613db699c5278 added a security group rule with legacy IPv6 ICMP protocol name icmp, ipv6-icmp should be used instead. It was automatically converted.
2026-07-15 00:16:18.550 10 INFO neutron.db.ovn_revision_numbers_db [None req-4bd092c1-1a6d-42e4-b9a3-d36ad1bb0c5b 8bd1d0dbd4144d8c96089255b3d8cae4 228a82b523ff483cadd613db699c5278 - - default default] Successfully bumped revision number for resource f46a51f1-3bcc-4075-8add-5f2beae2e875 (type: security_group_rules) to 0
2026-07-15 00:16:18.574 10 INFO neutron.api.wsgi [None req-4bd092c1-1a6d-42e4-b9a3-d36ad1bb0c5b 8bd1d0dbd4144d8c96089255b3d8cae4 228a82b523ff483cadd613db699c5278 - - default default] 10.0.0.197 "POST /v2.0/security-group-rules HTTP/1.1" status: 201 len: 805 time: 0.3934567
2026-07-15 00:16:19.001 10 WARNING neutron_lib.context [None req-d4179209-82a9-4184-8d26-3a052a3106f1 8bd1d0dbd4144d8c96089255b3d8cae4 228a82b523ff483cadd613db699c5278 - - default default] Method 'is_advsvc' is deprecated since 2023.2 release (neutron-lib 3.8.0) and will be removed once support for the old RBAC API policies will be removed from Neutron. Please use method 'is_service_role' instead.
2026-07-15 00:16:19.102 10 INFO neutron.db.ovn_revision_numbers_db [None req-d4179209-82a9-4184-8d26-3a052a3106f1 8bd1d0dbd4144d8c96089255b3d8cae4 228a82b523ff483cadd613db699c5278 - - default default] Successfully bumped revision number for resource f3b4685d-4479-4986-b583-0d583393eacd (type: security_groups) to 1
2026-07-15 00:16:19.114 10 INFO neutron.db.ovn_revision_numbers_db [None req-d4179209-82a9-4184-8d26-3a052a3106f1 8bd1d0dbd4144d8c96089255b3d8cae4 228a82b523ff483cadd613db699c5278 - - default default] Successfully bumped revision number for resource d364711f-cc04-4437-b2db-e073c4627c15 (type: security_group_rules) to 0
2026-07-15 00:16:19.126 10 INFO neutron.db.ovn_revision_numbers_db [None req-d4179209-82a9-4184-8d26-3a052a3106f1 8bd1d0dbd4144d8c96089255b3d8cae4 228a82b523ff483cadd613db699c5278 - - default default] Successfully bumped revision number for resource d7bc83d8-24a6-47f0-bb56-f174189a49fd (type: security_group_rules) to 0
2026-07-15 00:16:19.158 10 INFO neutron.api.wsgi [None req-d4179209-82a9-4184-8d26-3a052a3106f1 8bd1d0dbd4144d8c96089255b3d8cae4 228a82b523ff483cadd613db699c5278 - - default default] 10.0.0.197 "POST /v2.0/security-groups HTTP/1.1" status: 201 len: 1861 time: 0.1634150
2026-07-15 00:16:19.168 10 WARNING neutron_lib.context [None req-9309a45b-ee18-4a6d-96fa-8a70afc7144e 8bd1d0dbd4144d8c96089255b3d8cae4 228a82b523ff483cadd613db699c5278 - - default default] Method 'is_advsvc' is deprecated since 2023.2 release (neutron-lib 3.8.0) and will be removed once support for the old RBAC API policies will be removed from Neutron. Please use method 'is_service_role' instead.
2026-07-15 00:16:19.271 10 INFO neutron.db.ovn_revision_numbers_db [None req-9309a45b-ee18-4a6d-96fa-8a70afc7144e 8bd1d0dbd4144d8c96089255b3d8cae4 228a82b523ff483cadd613db699c5278 - - default default] Successfully bumped revision number for resource c3a5b6c0-c784-447e-bce1-19de6254d6e0 (type: security_group_rules) to 0
2026-07-15 00:16:19.295 10 INFO neutron.api.wsgi [None req-9309a45b-ee18-4a6d-96fa-8a70afc7144e 8bd1d0dbd4144d8c96089255b3d8cae4 228a82b523ff483cadd613db699c5278 - - default default] 10.0.0.197 "POST /v2.0/security-group-rules HTTP/1.1" status: 201 len: 796 time: 0.1318223
2026-07-15 00:16:19.304 10 WARNING neutron_lib.context [None req-871d1036-cc0e-41f0-8e07-c8266194a853 8bd1d0dbd4144d8c96089255b3d8cae4 228a82b523ff483cadd613db699c5278 - - default default] Method 'is_advsvc' is deprecated since 2023.2 release (neutron-lib 3.8.0) and will be removed once support for the old RBAC API policies will be removed from Neutron. Please use method 'is_service_role' instead.
2026-07-15 00:16:19.404 10 INFO neutron.db.ovn_revision_numbers_db [None req-871d1036-cc0e-41f0-8e07-c8266194a853 8bd1d0dbd4144d8c96089255b3d8cae4 228a82b523ff483cadd613db699c5278 - - default default] Successfully bumped revision number for resource 06054849-a482-489a-990b-ecddfd3c7cab (type: security_group_rules) to 0
2026-07-15 00:16:19.431 10 INFO neutron.api.wsgi [None req-871d1036-cc0e-41f0-8e07-c8266194a853 8bd1d0dbd4144d8c96089255b3d8cae4 228a82b523ff483cadd613db699c5278 - - default default] 10.0.0.197 "POST /v2.0/security-group-rules HTTP/1.1" status: 201 len: 801 time: 0.1302307
2026-07-15 00:16:19.440 10 WARNING neutron_lib.context [None req-9cb94529-cce0-466c-ba5d-71ec0350f269 8bd1d0dbd4144d8c96089255b3d8cae4 228a82b523ff483cadd613db699c5278 - - default default] Method 'is_advsvc' is deprecated since 2023.2 release (neutron-lib 3.8.0) and will be removed once support for the old RBAC API policies will be removed from Neutron. Please use method 'is_service_role' instead.
2026-07-15 00:16:19.628 10 WARNING neutron.scheduler.dhcp_agent_scheduler [None req-9cb94529-cce0-466c-ba5d-71ec0350f269 8bd1d0dbd4144d8c96089255b3d8cae4 228a82b523ff483cadd613db699c5278 - - default default] No more DHCP agents
2026-07-15 00:16:19.629 10 WARNING neutron.api.rpc.agentnotifiers.dhcp_rpc_agent_api [None req-9cb94529-cce0-466c-ba5d-71ec0350f269 8bd1d0dbd4144d8c96089255b3d8cae4 228a82b523ff483cadd613db699c5278 - - default default] Unable to schedule network 11c62d4d-75c2-42dc-a014-8b9c456f30a2: no agents available; will retry on subsequent port and subnet creation events.
2026-07-15 00:16:19.746 9 WARNING neutron_lib.context [None req-a1798d7a-b81f-4e57-950c-dba0edaad8ef 8cf05aaf6d57463f91bd7ae5f4060eda 752bec6dcd81447a9fecc78df36f776e - - default default] Method 'is_advsvc' is deprecated since 2023.2 release (neutron-lib 3.8.0) and will be removed once support for the old RBAC API policies will be removed from Neutron. Please use method 'is_service_role' instead.
2026-07-15 00:16:19.858 9 INFO neutron.db.ovn_revision_numbers_db [None req-a1798d7a-b81f-4e57-950c-dba0edaad8ef 8cf05aaf6d57463f91bd7ae5f4060eda 752bec6dcd81447a9fecc78df36f776e - - default default] Successfully bumped revision number for resource c428155b-b663-4b46-a5dd-39d60fe42ce7 (type: security_groups) to 1
2026-07-15 00:16:19.870 9 INFO neutron.db.ovn_revision_numbers_db [None req-a1798d7a-b81f-4e57-950c-dba0edaad8ef 8cf05aaf6d57463f91bd7ae5f4060eda 752bec6dcd81447a9fecc78df36f776e - - default default] Successfully bumped revision number for resource 710ba85a-727b-4720-a717-73de3e226522 (type: security_group_rules) to 0
2026-07-15 00:16:19.894 9 INFO neutron.db.ovn_revision_numbers_db [None req-a1798d7a-b81f-4e57-950c-dba0edaad8ef 8cf05aaf6d57463f91bd7ae5f4060eda 752bec6dcd81447a9fecc78df36f776e - - default default] Successfully bumped revision number for resource ae9d077c-4f9b-45cb-bc36-af8bff8ea154 (type: security_group_rules) to 0
2026-07-15 00:16:19.901 10 INFO neutron.api.wsgi [None req-9cb94529-cce0-466c-ba5d-71ec0350f269 8bd1d0dbd4144d8c96089255b3d8cae4 228a82b523ff483cadd613db699c5278 - - default default] 10.0.0.197 "POST /v2.0/floatingips HTTP/1.1" status: 201 len: 751 time: 0.4649634
2026-07-15 00:16:19.910 9 INFO neutron.db.ovn_revision_numbers_db [None req-a1798d7a-b81f-4e57-950c-dba0edaad8ef 8cf05aaf6d57463f91bd7ae5f4060eda 752bec6dcd81447a9fecc78df36f776e - - default default] Successfully bumped revision number for resource d3bd529f-15f6-410e-a7a3-e1844f66ea25 (type: security_group_rules) to 0
2026-07-15 00:16:19.933 9 INFO neutron.db.ovn_revision_numbers_db [None req-a1798d7a-b81f-4e57-950c-dba0edaad8ef 8cf05aaf6d57463f91bd7ae5f4060eda 752bec6dcd81447a9fecc78df36f776e - - default default] Successfully bumped revision number for resource dc534c6d-499a-433d-8fdd-34fc9f68622a (type: security_group_rules) to 0
2026-07-15 00:16:19.994 9 INFO neutron.db.segments_db [None req-a1798d7a-b81f-4e57-950c-dba0edaad8ef 8cf05aaf6d57463f91bd7ae5f4060eda 752bec6dcd81447a9fecc78df36f776e - - default default] Added segment 60849ba0-1580-4f5e-ba9c-ff7b7c5ae7f1 of type geneve for network f4aa17eb-2d35-475e-9d40-91cda8716d9f
2026-07-15 00:16:20.003 10 INFO neutron.api.wsgi [req-e0bdb558-9516-40e3-9464-c45eeb4d8bbc req-218602f4-ecaf-4a52-a039-df03b357b2b9 8bd1d0dbd4144d8c96089255b3d8cae4 228a82b523ff483cadd613db699c5278 - - default default] 10.0.0.184 "GET /v2.0/security-groups?name=tempest-secgroup-smoke-668985949&fields=id&tenant_id=228a82b523ff483cadd613db699c5278 HTTP/1.1" status: 200 len: 267 time: 0.0344427
2026-07-15 00:16:20.043 10 INFO neutron.api.wsgi [req-e0bdb558-9516-40e3-9464-c45eeb4d8bbc req-39f5ce1b-22b1-49e8-bfa0-cef8aba13c1c 8bd1d0dbd4144d8c96089255b3d8cae4 228a82b523ff483cadd613db699c5278 - - default default] 10.0.0.184 "GET /v2.0/security-groups?name=tempest-securitygroup--1722213401&fields=id&tenant_id=228a82b523ff483cadd613db699c5278 HTTP/1.1" status: 200 len: 267 time: 0.0364075
2026-07-15 00:16:20.097 10 INFO neutron.api.wsgi [req-e0bdb558-9516-40e3-9464-c45eeb4d8bbc req-8875f375-8b4a-435c-a016-9433db3d4d8a 8bd1d0dbd4144d8c96089255b3d8cae4 228a82b523ff483cadd613db699c5278 - - default default] 10.0.0.184 "GET /v2.0/networks?id=0e336d4f-50a4-486a-bd49-f378d97a0e41 HTTP/1.1" status: 200 len: 871 time: 0.0511618
2026-07-15 00:16:20.106 9 INFO neutron.db.ovn_revision_numbers_db [None req-a1798d7a-b81f-4e57-950c-dba0edaad8ef 8cf05aaf6d57463f91bd7ae5f4060eda 752bec6dcd81447a9fecc78df36f776e - - default default] Successfully bumped revision number for resource f4aa17eb-2d35-475e-9d40-91cda8716d9f (type: networks) to 1
2026-07-15 00:16:20.107 10 INFO neutron.api.wsgi [req-e0bdb558-9516-40e3-9464-c45eeb4d8bbc req-fa6f8fbf-2ed0-4914-b8bb-9186c5883f35 8bd1d0dbd4144d8c96089255b3d8cae4 228a82b523ff483cadd613db699c5278 - - default default] 10.0.0.184 "GET /v2.0/quotas/228a82b523ff483cadd613db699c5278 HTTP/1.1" status: 200 len: 491 time: 0.0074708
2026-07-15 00:16:20.158 10 INFO neutron.api.wsgi [req-e0bdb558-9516-40e3-9464-c45eeb4d8bbc req-d36123ee-4586-4df4-b2a1-1247d4656055 8bd1d0dbd4144d8c96089255b3d8cae4 228a82b523ff483cadd613db699c5278 - - default default] 10.0.0.184 "GET /v2.0/ports?tenant_id=228a82b523ff483cadd613db699c5278&fields=id HTTP/1.1" status: 200 len: 302 time: 0.0484996
2026-07-15 00:16:20.195 10 INFO neutron.api.wsgi [req-e0bdb558-9516-40e3-9464-c45eeb4d8bbc req-5c8fc9ab-33cf-4c9b-91d5-4a3fa0afd020 d5ae2cf065ab44848f923adf2beddf32 4a149269de794c39877fe605b8c6d58d - - f0d5bd53a426406e954dc45cfa6f09c6 f0d5bd53a426406e954dc45cfa6f09c6] 10.0.0.184 "GET /v2.0/networks/0e336d4f-50a4-486a-bd49-f378d97a0e41?fields=segments HTTP/1.1" status: 200 len: 212 time: 0.0293176
2026-07-15 00:16:20.241 10 INFO neutron.api.wsgi [req-e0bdb558-9516-40e3-9464-c45eeb4d8bbc req-261c9249-e241-406a-8fc7-668cb59b09df d5ae2cf065ab44848f923adf2beddf32 4a149269de794c39877fe605b8c6d58d - - f0d5bd53a426406e954dc45cfa6f09c6 f0d5bd53a426406e954dc45cfa6f09c6] 10.0.0.184 "GET /v2.0/networks/0e336d4f-50a4-486a-bd49-f378d97a0e41?fields=provider%3Aphysical_network&fields=provider%3Anetwork_type HTTP/1.1" status: 200 len: 277 time: 0.0363972
2026-07-15 00:16:20.244 9 WARNING neutron.scheduler.dhcp_agent_scheduler [None req-a1798d7a-b81f-4e57-950c-dba0edaad8ef 8cf05aaf6d57463f91bd7ae5f4060eda 752bec6dcd81447a9fecc78df36f776e - - default default] No more DHCP agents
2026-07-15 00:16:20.245 9 WARNING neutron.api.rpc.agentnotifiers.dhcp_rpc_agent_api [None req-a1798d7a-b81f-4e57-950c-dba0edaad8ef 8cf05aaf6d57463f91bd7ae5f4060eda 752bec6dcd81447a9fecc78df36f776e - - default default] Unable to schedule network f4aa17eb-2d35-475e-9d40-91cda8716d9f: no agents available; will retry on subsequent port and subnet creation events.
2026-07-15 00:16:20.311 9 INFO neutron.db.ovn_revision_numbers_db [None req-a1798d7a-b81f-4e57-950c-dba0edaad8ef 8cf05aaf6d57463f91bd7ae5f4060eda 752bec6dcd81447a9fecc78df36f776e - - default default] Successfully bumped revision number for resource 2693104a-dd67-4af1-b015-9d1d2e9b6175 (type: ports) to 1
2026-07-15 00:16:20.334 9 INFO neutron.api.wsgi [None req-a1798d7a-b81f-4e57-950c-dba0edaad8ef 8cf05aaf6d57463f91bd7ae5f4060eda 752bec6dcd81447a9fecc78df36f776e - - default default] 10.0.0.197 "POST /v2.0/networks HTTP/1.1" status: 201 len: 830 time: 0.6973345
2026-07-15 00:16:20.344 9 WARNING neutron_lib.context [None req-cd8380b6-5919-4893-9ac9-e613646ce4f6 8cf05aaf6d57463f91bd7ae5f4060eda 752bec6dcd81447a9fecc78df36f776e - - default default] Method 'is_advsvc' is deprecated since 2023.2 release (neutron-lib 3.8.0) and will be removed once support for the old RBAC API policies will be removed from Neutron. Please use method 'is_service_role' instead.
2026-07-15 00:16:20.378 10 INFO neutron.api.wsgi [req-46e9cc93-05da-4c76-ab2e-4598404b3e3d req-e753fdac-e884-4e2d-ac1c-56ef71409ae9 8bd1d0dbd4144d8c96089255b3d8cae4 228a82b523ff483cadd613db699c5278 - - default default] 10.0.0.184 "GET /v2.0/ports?device_id=b0fd59b5-21f1-4fb7-acff-d7c70d054885 HTTP/1.1" status: 200 len: 210 time: 0.0165708
2026-07-15 00:16:20.431 9 INFO neutron.db.segments_db [None req-cd8380b6-5919-4893-9ac9-e613646ce4f6 8cf05aaf6d57463f91bd7ae5f4060eda 752bec6dcd81447a9fecc78df36f776e - - default default] Added segment 1fe34865-9670-4949-b574-8ff25cd51747 of type geneve for network 8c6d1351-a337-451e-ad84-8d80f53facdb
2026-07-15 00:16:20.535 9 INFO neutron.db.ovn_revision_numbers_db [None req-cd8380b6-5919-4893-9ac9-e613646ce4f6 8cf05aaf6d57463f91bd7ae5f4060eda 752bec6dcd81447a9fecc78df36f776e - - default default] Successfully bumped revision number for resource 8c6d1351-a337-451e-ad84-8d80f53facdb (type: networks) to 1
2026-07-15 00:16:20.711 9 WARNING neutron.scheduler.dhcp_agent_scheduler [None req-cd8380b6-5919-4893-9ac9-e613646ce4f6 8cf05aaf6d57463f91bd7ae5f4060eda 752bec6dcd81447a9fecc78df36f776e - - default default] No more DHCP agents
2026-07-15 00:16:20.712 9 WARNING neutron.api.rpc.agentnotifiers.dhcp_rpc_agent_api [None req-cd8380b6-5919-4893-9ac9-e613646ce4f6 8cf05aaf6d57463f91bd7ae5f4060eda 752bec6dcd81447a9fecc78df36f776e - - default default] Unable to schedule network 8c6d1351-a337-451e-ad84-8d80f53facdb: no agents available; will retry on subsequent port and subnet creation events.
2026-07-15 00:16:20.771 9 INFO neutron.db.ovn_revision_numbers_db [None req-cd8380b6-5919-4893-9ac9-e613646ce4f6 8cf05aaf6d57463f91bd7ae5f4060eda 752bec6dcd81447a9fecc78df36f776e - - default default] Successfully bumped revision number for resource 4a94b5aa-19ee-440b-962b-93c7a1ecd093 (type: ports) to 1
2026-07-15 00:16:20.795 9 INFO neutron.api.wsgi [None req-cd8380b6-5919-4893-9ac9-e613646ce4f6 8cf05aaf6d57463f91bd7ae5f4060eda 752bec6dcd81447a9fecc78df36f776e - - default default] 10.0.0.197 "POST /v2.0/networks HTTP/1.1" status: 201 len: 830 time: 0.4556253
2026-07-15 00:16:20.837 9 INFO neutron.api.wsgi [None req-47cd6295-3872-4b7d-a41e-a61f8c9212da 8cf05aaf6d57463f91bd7ae5f4060eda 752bec6dcd81447a9fecc78df36f776e - - default default] 10.0.0.197 "PUT /v2.0/networks/f4aa17eb-2d35-475e-9d40-91cda8716d9f/tags HTTP/1.1" status: 200 len: 218 time: 0.0359001
2026-07-15 00:16:20.865 9 INFO neutron.api.wsgi [None req-52163312-7e3e-434e-a6c3-e023b35486f8 8cf05aaf6d57463f91bd7ae5f4060eda 752bec6dcd81447a9fecc78df36f776e - - default default] 10.0.0.197 "GET /v2.0/networks/f4aa17eb-2d35-475e-9d40-91cda8716d9f/tags HTTP/1.1" status: 200 len: 218 time: 0.0233490
2026-07-15 00:16:20.909 10 INFO neutron.api.wsgi [None req-0d50626f-6bdb-4f3c-bf20-6619fc56dd2d 8cf05aaf6d57463f91bd7ae5f4060eda 752bec6dcd81447a9fecc78df36f776e - - default default] 10.0.0.197 "PUT /v2.0/networks/8c6d1351-a337-451e-ad84-8d80f53facdb/tags HTTP/1.1" status: 200 len: 210 time: 0.0382838
2026-07-15 00:16:20.940 10 INFO neutron.api.wsgi [None req-27d83520-5838-455d-bb59-7cc2cef0b531 8cf05aaf6d57463f91bd7ae5f4060eda 752bec6dcd81447a9fecc78df36f776e - - default default] 10.0.0.197 "GET /v2.0/networks/8c6d1351-a337-451e-ad84-8d80f53facdb/tags HTTP/1.1" status: 200 len: 210 time: 0.0265791
2026-07-15 00:16:20.983 10 INFO neutron.api.wsgi [None req-0bb64068-9714-4fe8-9597-67ec296feba3 8cf05aaf6d57463f91bd7ae5f4060eda 752bec6dcd81447a9fecc78df36f776e - - default default] 10.0.0.197 "PUT /v2.0/networks/8c6d1351-a337-451e-ad84-8d80f53facdb/tags HTTP/1.1" status: 200 len: 205 time: 0.0383780
2026-07-15 00:16:21.016 10 INFO neutron.api.wsgi [None req-f79fcf32-59fc-46f2-b972-de870a1491cc 8cf05aaf6d57463f91bd7ae5f4060eda 752bec6dcd81447a9fecc78df36f776e - - default default] 10.0.0.197 "GET /v2.0/networks/8c6d1351-a337-451e-ad84-8d80f53facdb/tags HTTP/1.1" status: 200 len: 205 time: 0.0220706
2026-07-15 00:16:21.050 10 INFO neutron.api.wsgi [None req-b58e6261-0280-46d3-b58e-3f7a345031c9 8cf05aaf6d57463f91bd7ae5f4060eda 752bec6dcd81447a9fecc78df36f776e - - default default] 10.0.0.197 "GET /v2.0/networks/f4aa17eb-2d35-475e-9d40-91cda8716d9f/tags HTTP/1.1" status: 200 len: 218 time: 0.0295167
2026-07-15 00:16:21.331 10 INFO neutron.services.segments.plugin [-] Segment 60849ba0-1580-4f5e-ba9c-ff7b7c5ae7f1 resource provider aggregate not found
2026-07-15 00:16:21.335 10 INFO neutron.services.segments.plugin [-] Segment 60849ba0-1580-4f5e-ba9c-ff7b7c5ae7f1 resource provider aggregate not found
2026-07-15 00:16:21.339 10 INFO neutron.services.segments.plugin [-] Segment 60849ba0-1580-4f5e-ba9c-ff7b7c5ae7f1 resource provider not found; error: Placement Client Error (4xx): {"errors": [{"status": 404, "title": "Not Found", "detail": "The resource could not be found.\n\n No resource provider with uuid 60849ba0-1580-4f5e-ba9c-ff7b7c5ae7f1 found for delete ", "request_id": "req-a4b9d8b8-9799-4c87-84e1-7a55672ccabb"}]}
2026-07-15 00:16:21.344 10 INFO neutron.services.segments.plugin [-] Segment 60849ba0-1580-4f5e-ba9c-ff7b7c5ae7f1 resource provider not found; error: Placement Client Error (4xx): {"errors": [{"status": 404, "title": "Not Found", "detail": "The resource could not be found.\n\n No resource provider with uuid 60849ba0-1580-4f5e-ba9c-ff7b7c5ae7f1 found for delete ", "request_id": "req-6075e251-7268-47fe-9f1e-63ac488c7427"}]}
2026-07-15 00:16:21.365 10 INFO neutron.api.wsgi [None req-05c1b249-24b9-46d6-b418-afc4519e29d7 8cf05aaf6d57463f91bd7ae5f4060eda 752bec6dcd81447a9fecc78df36f776e - - default default] 10.0.0.197 "DELETE /v2.0/networks/f4aa17eb-2d35-475e-9d40-91cda8716d9f HTTP/1.1" status: 204 len: 168 time: 0.3051391
2026-07-15 00:16:21.444 10 INFO neutron.api.wsgi [req-63407bcf-d350-45c6-91c7-de05b4850283 req-95222afe-dea6-4626-8223-213d53c78241 8bd1d0dbd4144d8c96089255b3d8cae4 228a82b523ff483cadd613db699c5278 - - default default] 10.0.0.184 "GET /v2.0/ports?device_id=b0fd59b5-21f1-4fb7-acff-d7c70d054885 HTTP/1.1" status: 200 len: 210 time: 0.0184238
2026-07-15 00:16:21.591 9 WARNING neutron.plugins.ml2.drivers.ovn.mech_driver.ovsdb.ovn_client [None req-fc882f27-6688-4e17-875c-c5eea007b654 - - - - - -] No hosting information found for port 2785cedf-cd88-485f-a588-c8c63dfad007: RuntimeError: No hosting information found for port 2785cedf-cd88-485f-a588-c8c63dfad007
2026-07-15 00:16:21.634 10 INFO neutron.api.wsgi [None req-4ac0345c-714e-46a2-bf07-8413822c3369 8cf05aaf6d57463f91bd7ae5f4060eda 752bec6dcd81447a9fecc78df36f776e - - default default] 10.0.0.197 "DELETE /v2.0/networks/8c6d1351-a337-451e-ad84-8d80f53facdb HTTP/1.1" status: 204 len: 168 time: 0.2639287
2026-07-15 00:16:21.639 9 INFO neutron.db.ovn_revision_numbers_db [None req-fc882f27-6688-4e17-875c-c5eea007b654 - - - - - -] Successfully bumped revision number for resource 2785cedf-cd88-485f-a588-c8c63dfad007 (type: router_ports) to 2
2026-07-15 00:16:22.425 9 INFO neutron.api.wsgi [None req-72c5b1b5-21c0-4b66-8830-1732cb55b78a 06bbd1ce37784b188c8b912a4d9ab8b3 960b28e35ccd47e99505804431eb5e67 - - default default] 10.0.0.197 "GET /v2.0/security-groups?tenant_id=752bec6dcd81447a9fecc78df36f776e&name=default HTTP/1.1" status: 200 len: 3120 time: 0.1937754
2026-07-15 00:16:22.510 10 INFO neutron.api.wsgi [req-08228d77-0e20-4766-ade6-13bf0fdc09b4 req-7b3f659c-0b59-41c0-a39c-dd55d57a5140 8bd1d0dbd4144d8c96089255b3d8cae4 228a82b523ff483cadd613db699c5278 - - default default] 10.0.0.184 "GET /v2.0/ports?device_id=b0fd59b5-21f1-4fb7-acff-d7c70d054885 HTTP/1.1" status: 200 len: 210 time: 0.0142658
2026-07-15 00:16:22.548 9 INFO neutron.db.ovn_revision_numbers_db [None req-929b9cce-6856-4029-a22c-6b56eafc9065 06bbd1ce37784b188c8b912a4d9ab8b3 960b28e35ccd47e99505804431eb5e67 - - default default] Successfully bumped revision number for resource 69e029a9-7f92-43ec-a966-571f1a27ea83 (type: security_groups) to 1
2026-07-15 00:16:22.559 9 INFO neutron.db.ovn_revision_numbers_db [None req-929b9cce-6856-4029-a22c-6b56eafc9065 06bbd1ce37784b188c8b912a4d9ab8b3 960b28e35ccd47e99505804431eb5e67 - - default default] Successfully bumped revision number for resource 870b4f2b-4a73-4e01-bcf9-7172b723a488 (type: security_group_rules) to 0
2026-07-15 00:16:22.571 9 INFO neutron.db.ovn_revision_numbers_db [None req-929b9cce-6856-4029-a22c-6b56eafc9065 06bbd1ce37784b188c8b912a4d9ab8b3 960b28e35ccd47e99505804431eb5e67 - - default default] Successfully bumped revision number for resource bdf0bfaf-1f9b-4d87-8f06-2ba7c13940ef (type: security_group_rules) to 0
2026-07-15 00:16:22.584 9 INFO neutron.db.ovn_revision_numbers_db [None req-929b9cce-6856-4029-a22c-6b56eafc9065 06bbd1ce37784b188c8b912a4d9ab8b3 960b28e35ccd47e99505804431eb5e67 - - default default] Successfully bumped revision number for resource e8c06383-c626-4c78-9a8b-5bcccd22154f (type: security_group_rules) to 0
2026-07-15 00:16:22.595 9 INFO neutron.db.ovn_revision_numbers_db [None req-929b9cce-6856-4029-a22c-6b56eafc9065 06bbd1ce37784b188c8b912a4d9ab8b3 960b28e35ccd47e99505804431eb5e67 - - default default] Successfully bumped revision number for resource fc9c29f1-a67c-490a-b39d-4de460369a36 (type: security_group_rules) to 0
2026-07-15 00:16:22.622 10 INFO neutron.api.wsgi [None req-19c4f24c-db1f-47ed-aeb0-5f23e932cda4 06bbd1ce37784b188c8b912a4d9ab8b3 960b28e35ccd47e99505804431eb5e67 - - default default] 10.0.0.197 "DELETE /v2.0/security-groups/c428155b-b663-4b46-a5dd-39d60fe42ce7 HTTP/1.1" status: 204 len: 168 time: 0.1916575
2026-07-15 00:16:22.629 9 INFO neutron.api.wsgi [None req-929b9cce-6856-4029-a22c-6b56eafc9065 06bbd1ce37784b188c8b912a4d9ab8b3 960b28e35ccd47e99505804431eb5e67 - - default default] 10.0.0.197 "GET /v2.0/security-groups?tenant_id=179822b8d7ef4fc886d3d348aba705d7&name=default HTTP/1.1" status: 200 len: 3120 time: 0.2478042
2026-07-15 00:16:22.814 9 INFO neutron.db.ovn_revision_numbers_db [None req-8d3b3820-acaf-4b93-8c6e-d7e1ed25f963 06bbd1ce37784b188c8b912a4d9ab8b3 960b28e35ccd47e99505804431eb5e67 - - default default] Successfully bumped revision number for resource 5b2cd1dc-c51f-4353-bd9b-1a0b97bb19f8 (type: security_groups) to 1
2026-07-15 00:16:22.827 9 INFO neutron.db.ovn_revision_numbers_db [None req-8d3b3820-acaf-4b93-8c6e-d7e1ed25f963 06bbd1ce37784b188c8b912a4d9ab8b3 960b28e35ccd47e99505804431eb5e67 - - default default] Successfully bumped revision number for resource 482c1df5-3b2e-4d61-9ba0-c59246917748 (type: security_group_rules) to 0
2026-07-15 00:16:22.833 9 INFO neutron.api.wsgi [None req-410a240e-a414-4ccb-a21f-d183c96846c1 06bbd1ce37784b188c8b912a4d9ab8b3 960b28e35ccd47e99505804431eb5e67 - - default default] 10.0.0.197 "DELETE /v2.0/security-groups/69e029a9-7f92-43ec-a966-571f1a27ea83 HTTP/1.1" status: 204 len: 168 time: 0.2004101
2026-07-15 00:16:22.841 9 INFO neutron.db.ovn_revision_numbers_db [None req-8d3b3820-acaf-4b93-8c6e-d7e1ed25f963 06bbd1ce37784b188c8b912a4d9ab8b3 960b28e35ccd47e99505804431eb5e67 - - default default] Successfully bumped revision number for resource 7995a965-f435-477f-8705-7eb9ea3fa46e (type: security_group_rules) to 0
2026-07-15 00:16:22.851 9 INFO neutron.db.ovn_revision_numbers_db [None req-8d3b3820-acaf-4b93-8c6e-d7e1ed25f963 06bbd1ce37784b188c8b912a4d9ab8b3 960b28e35ccd47e99505804431eb5e67 - - default default] Successfully bumped revision number for resource a2cc6280-3f26-4c53-b33c-c4c7767c5b8c (type: security_group_rules) to 0
2026-07-15 00:16:22.865 9 INFO neutron.db.ovn_revision_numbers_db [None req-8d3b3820-acaf-4b93-8c6e-d7e1ed25f963 06bbd1ce37784b188c8b912a4d9ab8b3 960b28e35ccd47e99505804431eb5e67 - - default default] Successfully bumped revision number for resource b96f6875-8cbb-4e69-bed4-fcb3b4685426 (type: security_group_rules) to 0
2026-07-15 00:16:22.902 9 INFO neutron.api.wsgi [None req-8d3b3820-acaf-4b93-8c6e-d7e1ed25f963 06bbd1ce37784b188c8b912a4d9ab8b3 960b28e35ccd47e99505804431eb5e67 - - default default] 10.0.0.197 "GET /v2.0/security-groups?tenant_id=ff8433651bd744048747411a3f646a82&name=default HTTP/1.1" status: 200 len: 3120 time: 0.1975145
2026-07-15 00:16:23.109 9 INFO neutron.api.wsgi [None req-54513b1a-e7b8-4309-bc19-17157badeaa8 06bbd1ce37784b188c8b912a4d9ab8b3 960b28e35ccd47e99505804431eb5e67 - - default default] 10.0.0.197 "DELETE /v2.0/security-groups/5b2cd1dc-c51f-4353-bd9b-1a0b97bb19f8 HTTP/1.1" status: 204 len: 168 time: 0.2020550
2026-07-15 00:16:23.362 10 INFO neutron.services.segments.plugin [-] Segment 1fe34865-9670-4949-b574-8ff25cd51747 resource provider aggregate not found
2026-07-15 00:16:23.367 10 INFO neutron.services.segments.plugin [-] Segment 1fe34865-9670-4949-b574-8ff25cd51747 resource provider aggregate not found
2026-07-15 00:16:23.372 10 INFO neutron.services.segments.plugin [-] Segment 1fe34865-9670-4949-b574-8ff25cd51747 resource provider not found; error: Placement Client Error (4xx): {"errors": [{"status": 404, "title": "Not Found", "detail": "The resource could not be found.\n\n No resource provider with uuid 1fe34865-9670-4949-b574-8ff25cd51747 found for delete ", "request_id": "req-026f871c-e51d-44dc-998c-04279d30e245"}]}
2026-07-15 00:16:23.379 10 INFO neutron.services.segments.plugin [-] Segment 1fe34865-9670-4949-b574-8ff25cd51747 resource provider not found; error: Placement Client Error (4xx): {"errors": [{"status": 404, "title": "Not Found", "detail": "The resource could not be found.\n\n No resource provider with uuid 1fe34865-9670-4949-b574-8ff25cd51747 found for delete ", "request_id": "req-46479ace-7ca4-43e9-84e0-5104beaf4875"}]}
2026-07-15 00:16:23.592 10 INFO neutron.api.wsgi [req-9b8093ac-991c-473b-9f9a-99fdef4d7924 req-7a1396d7-c95e-4d6b-aca5-ac55bd320012 8bd1d0dbd4144d8c96089255b3d8cae4 228a82b523ff483cadd613db699c5278 - - default default] 10.0.0.184 "GET /v2.0/ports?device_id=b0fd59b5-21f1-4fb7-acff-d7c70d054885 HTTP/1.1" status: 200 len: 210 time: 0.0235798
2026-07-15 00:16:24.657 10 INFO neutron.api.wsgi [req-8d476a3b-cdb5-412d-bd79-3221cfce95ed req-36082a97-f019-40d3-843c-af09ccbd7d3a 8bd1d0dbd4144d8c96089255b3d8cae4 228a82b523ff483cadd613db699c5278 - - default default] 10.0.0.184 "GET /v2.0/ports?device_id=b0fd59b5-21f1-4fb7-acff-d7c70d054885 HTTP/1.1" status: 200 len: 210 time: 0.0162399
2026-07-15 00:16:24.667 10 INFO neutron.api.wsgi [req-e0bdb558-9516-40e3-9464-c45eeb4d8bbc req-86e08051-e0fa-4dc6-9457-35e942b7c148 8bd1d0dbd4144d8c96089255b3d8cae4 228a82b523ff483cadd613db699c5278 - - default default] 199.19.213.73 "GET /v2.0/networks?id=0e336d4f-50a4-486a-bd49-f378d97a0e41 HTTP/1.1" status: 200 len: 871 time: 0.0506625
2026-07-15 00:16:24.715 10 INFO neutron.api.wsgi [req-e0bdb558-9516-40e3-9464-c45eeb4d8bbc req-20322162-ac98-47cb-8506-781ff72afed4 8bd1d0dbd4144d8c96089255b3d8cae4 228a82b523ff483cadd613db699c5278 - - default default] 199.19.213.73 "GET /v2.0/security-groups?fields=id&fields=name&tenant_id=228a82b523ff483cadd613db699c5278 HTTP/1.1" status: 200 len: 472 time: 0.0374205
2026-07-15 00:16:24.722 10 WARNING neutron_lib.context [req-e0bdb558-9516-40e3-9464-c45eeb4d8bbc req-ba7f03e7-1650-4a5f-a93f-1c2b049f8dc2 8bd1d0dbd4144d8c96089255b3d8cae4 228a82b523ff483cadd613db699c5278 - - default default] Method 'is_advsvc' is deprecated since 2023.2 release (neutron-lib 3.8.0) and will be removed once support for the old RBAC API policies will be removed from Neutron. Please use method 'is_service_role' instead.
2026-07-15 00:16:25.025 10 WARNING neutron.scheduler.dhcp_agent_scheduler [req-e0bdb558-9516-40e3-9464-c45eeb4d8bbc req-ba7f03e7-1650-4a5f-a93f-1c2b049f8dc2 8bd1d0dbd4144d8c96089255b3d8cae4 228a82b523ff483cadd613db699c5278 - - default default] No more DHCP agents
