2026-07-15 00:17:01.884 10 INFO neutron.db.ovn_revision_numbers_db [None req-105310f7-4953-41fb-8acb-7b95d9f7979c 73263554838348be930d88fa39bbd4b8 1f8b48bac8534a779921c747d4801eaa - - default default] Successfully bumped revision number for resource 30f40354-4ee8-44a7-8e0f-f57d40000a9b (type: security_group_rules) to 0
2026-07-15 00:17:01.894 10 INFO neutron.db.ovn_revision_numbers_db [None req-105310f7-4953-41fb-8acb-7b95d9f7979c 73263554838348be930d88fa39bbd4b8 1f8b48bac8534a779921c747d4801eaa - - default default] Successfully bumped revision number for resource 9cc15cd2-9177-4f50-a0d4-069897db371b (type: security_group_rules) to 0
2026-07-15 00:17:01.907 10 INFO neutron.db.ovn_revision_numbers_db [None req-105310f7-4953-41fb-8acb-7b95d9f7979c 73263554838348be930d88fa39bbd4b8 1f8b48bac8534a779921c747d4801eaa - - default default] Successfully bumped revision number for resource d9287975-377b-48fb-a9e9-b43caf0908ee (type: security_group_rules) to 0
2026-07-15 00:17:01.962 10 INFO neutron.api.wsgi [req-68b4372d-367e-4268-bda4-532227c459c9 req-9d36c84e-dc3c-48cf-8b16-11a3d58856fb 8bd1d0dbd4144d8c96089255b3d8cae4 228a82b523ff483cadd613db699c5278 - - default default] 199.19.213.73 "GET /v2.0/ports?device_id=b0fd59b5-21f1-4fb7-acff-d7c70d054885 HTTP/1.1" status: 200 len: 1214 time: 0.0402210
2026-07-15 00:17:02.007 10 INFO neutron.db.segments_db [None req-105310f7-4953-41fb-8acb-7b95d9f7979c 73263554838348be930d88fa39bbd4b8 1f8b48bac8534a779921c747d4801eaa - - default default] Added segment 88a50d3d-a9b4-4fff-96da-0b2b77cf1690 of type geneve for network 8cb446f6-73ea-49a4-a76e-cc53679e1277
2026-07-15 00:17:02.132 10 INFO neutron.db.ovn_revision_numbers_db [None req-105310f7-4953-41fb-8acb-7b95d9f7979c 73263554838348be930d88fa39bbd4b8 1f8b48bac8534a779921c747d4801eaa - - default default] Successfully bumped revision number for resource 8cb446f6-73ea-49a4-a76e-cc53679e1277 (type: networks) to 1
2026-07-15 00:17:02.326 9 INFO neutron.services.segments.plugin [-] Segment fc114373-22bf-4b98-a88a-28992c3a30e9 resource provider aggregate not found
2026-07-15 00:17:02.331 9 INFO neutron.services.segments.plugin [-] Segment fc114373-22bf-4b98-a88a-28992c3a30e9 resource provider aggregate not found
2026-07-15 00:17:02.344 10 INFO neutron.db.l3_db [req-68b4372d-367e-4268-bda4-532227c459c9 req-bb4aa915-5d0a-4d05-973f-12ef96c93d5f 8bd1d0dbd4144d8c96089255b3d8cae4 228a82b523ff483cadd613db699c5278 - - default default] Floating IP a7161a18-7d78-43d7-a745-eb7224a8902e disassociated. External IP: 10.96.250.208, port: 9310b6ec-de56-4f8e-af44-076466153fab.
2026-07-15 00:17:02.346 9 INFO neutron.services.segments.plugin [-] Segment fc114373-22bf-4b98-a88a-28992c3a30e9 resource provider not found; error: Placement Client Error (4xx): {"errors": [{"status": 404, "title": "Not Found", "detail": "The resource could not be found.\n\n No resource provider with uuid fc114373-22bf-4b98-a88a-28992c3a30e9 found for delete ", "request_id": "req-6d8e9616-7db8-412a-9333-004be010af6c"}]}
2026-07-15 00:17:02.346 9 INFO neutron.services.segments.plugin [-] Segment fc114373-22bf-4b98-a88a-28992c3a30e9 resource provider not found; error: Placement Client Error (4xx): {"errors": [{"status": 404, "title": "Not Found", "detail": "The resource could not be found.\n\n No resource provider with uuid fc114373-22bf-4b98-a88a-28992c3a30e9 found for delete ", "request_id": "req-01b96c73-aa66-42d6-8d2e-9369b36aaa99"}]}
2026-07-15 00:17:02.367 10 WARNING neutron.scheduler.dhcp_agent_scheduler [None req-105310f7-4953-41fb-8acb-7b95d9f7979c 73263554838348be930d88fa39bbd4b8 1f8b48bac8534a779921c747d4801eaa - - default default] No more DHCP agents
2026-07-15 00:17:02.368 9 INFO neutron.api.wsgi [None req-f9a8ec80-8986-4339-961b-90419df0be2e b6f1cc05148e49bc93c3627c975805bd 8609fbc5d5da4972872048efefb8272a - - default default] 10.0.0.197 "DELETE /v2.0/vpn/vpnservices/3685c5e6-49db-4421-a64f-ec63f4f1f312 HTTP/1.1" status: 204 len: 168 time: 2.0907357
2026-07-15 00:17:02.369 10 WARNING neutron.api.rpc.agentnotifiers.dhcp_rpc_agent_api [None req-105310f7-4953-41fb-8acb-7b95d9f7979c 73263554838348be930d88fa39bbd4b8 1f8b48bac8534a779921c747d4801eaa - - default default] Unable to schedule network 8cb446f6-73ea-49a4-a76e-cc53679e1277: no agents available; will retry on subsequent port and subnet creation events.
2026-07-15 00:17:02.390 10 INFO neutron.api.wsgi [None req-08e4120d-6aa5-4cda-b714-368ef4135d77 b6f1cc05148e49bc93c3627c975805bd 8609fbc5d5da4972872048efefb8272a - - default default] 10.0.0.197 "GET /v2.0/vpn/vpnservices HTTP/1.1" status: 200 len: 1056 time: 0.0164847 /var/lib/openstack/lib/python3.12/site-packages/pycadf/identifier.py:71: UserWarning: Invalid uuid: neutron. To ensure interoperability, identifiers should be a valid uuid. warnings.warn(('Invalid uuid: %s. To ensure interoperability, '
2026-07-15 00:17:02.405 9 WARNING neutron_lib.context [None req-de1ad48b-c624-4481-8857-acecc18201b0 b6f1cc05148e49bc93c3627c975805bd 8609fbc5d5da4972872048efefb8272a - - default default] Method 'is_advsvc' is deprecated since 2023.2 release (neutron-lib 3.8.0) and will be removed once support for the old RBAC API policies will be removed from Neutron. Please use method 'is_service_role' instead.
2026-07-15 00:17:02.443 10 INFO neutron.db.ovn_revision_numbers_db [None req-105310f7-4953-41fb-8acb-7b95d9f7979c 73263554838348be930d88fa39bbd4b8 1f8b48bac8534a779921c747d4801eaa - - default default] Successfully bumped revision number for resource 99271b3c-1ec2-4e93-8a83-de4bfc52961e (type: ports) to 1
2026-07-15 00:17:02.461 9 INFO neutron.api.v2.resource [None req-de1ad48b-c624-4481-8857-acecc18201b0 b6f1cc05148e49bc93c3627c975805bd 8609fbc5d5da4972872048efefb8272a - - default default] create failed (client error): The server could not comply with the request since it is either malformed or otherwise incorrect.
2026-07-15 00:17:02.462 9 INFO neutron.api.wsgi [None req-de1ad48b-c624-4481-8857-acecc18201b0 b6f1cc05148e49bc93c3627c975805bd 8609fbc5d5da4972872048efefb8272a - - default default] 10.0.0.197 "POST /v2.0/vpn/ipsec-site-connections HTTP/1.1" status: 400 len: 330 time: 0.0655544
2026-07-15 00:17:02.467 10 INFO neutron.api.wsgi [req-47b0583c-7ba7-4859-814e-39e646b4c079 req-47ee8d9f-2b7d-43e7-9b11-e83e1bd2cbe7 8bd1d0dbd4144d8c96089255b3d8cae4 228a82b523ff483cadd613db699c5278 - - default default] 10.0.0.184 "GET /v2.0/ports?device_id=b0fd59b5-21f1-4fb7-acff-d7c70d054885 HTTP/1.1" status: 200 len: 210 time: 0.0152688
2026-07-15 00:17:02.471 10 INFO neutron.api.wsgi [None req-105310f7-4953-41fb-8acb-7b95d9f7979c 73263554838348be930d88fa39bbd4b8 1f8b48bac8534a779921c747d4801eaa - - default default] 10.0.0.197 "POST /v2.0/networks HTTP/1.1" status: 201 len: 831 time: 0.9036791
2026-07-15 00:17:02.476 10 INFO neutron.api.wsgi [req-68b4372d-367e-4268-bda4-532227c459c9 req-bb4aa915-5d0a-4d05-973f-12ef96c93d5f 8bd1d0dbd4144d8c96089255b3d8cae4 228a82b523ff483cadd613db699c5278 - - default default] 199.19.213.73 "DELETE /v2.0/ports/9310b6ec-de56-4f8e-af44-076466153fab HTTP/1.1" status: 204 len: 173 time: 0.5086315
2026-07-15 00:17:02.477 9 WARNING neutron_lib.context [None req-2e974a9e-4df4-4728-9eda-9d9095f11aa8 b6f1cc05148e49bc93c3627c975805bd 8609fbc5d5da4972872048efefb8272a - - default default] Method 'is_advsvc' is deprecated since 2023.2 release (neutron-lib 3.8.0) and will be removed once support for the old RBAC API policies will be removed from Neutron. Please use method 'is_service_role' instead.
2026-07-15 00:17:02.483 9 WARNING neutron_lib.context [None req-5529f786-484c-43ac-9b29-b65359b8269c 73263554838348be930d88fa39bbd4b8 1f8b48bac8534a779921c747d4801eaa - - default default] Method 'is_advsvc' is deprecated since 2023.2 release (neutron-lib 3.8.0) and will be removed once support for the old RBAC API policies will be removed from Neutron. Please use method 'is_service_role' instead.
2026-07-15 00:17:02.511 10 INFO neutron.notifiers.nova [-] Nova event matching ['req-e9a4fc04-2eb4-4e0c-980b-602dd06e7761'] response: {'server_uuid': 'b0fd59b5-21f1-4fb7-acff-d7c70d054885', 'name': 'network-vif-deleted', 'tag': '9310b6ec-de56-4f8e-af44-076466153fab', 'status': 'completed', 'code': 200}
2026-07-15 00:17:02.530 9 INFO neutron.api.v2.resource [None req-2e974a9e-4df4-4728-9eda-9d9095f11aa8 b6f1cc05148e49bc93c3627c975805bd 8609fbc5d5da4972872048efefb8272a - - default default] create failed (client error): The server could not comply with the request since it is either malformed or otherwise incorrect.
2026-07-15 00:17:02.531 9 INFO neutron.api.wsgi [None req-2e974a9e-4df4-4728-9eda-9d9095f11aa8 b6f1cc05148e49bc93c3627c975805bd 8609fbc5d5da4972872048efefb8272a - - default default] 10.0.0.197 "POST /v2.0/vpn/ipsec-site-connections HTTP/1.1" status: 400 len: 339 time: 0.0611117
2026-07-15 00:17:02.541 9 WARNING neutron.api.v2.base [None req-4db19b1a-c361-4e6d-ab6e-b3552aa509f9 b6f1cc05148e49bc93c3627c975805bd 8609fbc5d5da4972872048efefb8272a - - default default] An exception happened while processing the request body. The exception message is [Invalid input for dpd. Reason: '59' is not a dictionary.].: webob.exc.HTTPBadRequest: Invalid input for dpd. Reason: '59' is not a dictionary.
2026-07-15 00:17:02.541 9 INFO neutron.api.v2.resource [None req-4db19b1a-c361-4e6d-ab6e-b3552aa509f9 b6f1cc05148e49bc93c3627c975805bd 8609fbc5d5da4972872048efefb8272a - - default default] create failed (client error): Invalid input for dpd. Reason: '59' is not a dictionary.
2026-07-15 00:17:02.542 9 INFO neutron.api.wsgi [None req-4db19b1a-c361-4e6d-ab6e-b3552aa509f9 b6f1cc05148e49bc93c3627c975805bd 8609fbc5d5da4972872048efefb8272a - - default default] 10.0.0.197 "POST /v2.0/vpn/ipsec-site-connections HTTP/1.1" status: 400 len: 332 time: 0.0049076
2026-07-15 00:17:02.551 10 WARNING neutron_lib.context [None req-63b07b60-9d66-4f1e-ae94-0bc37e3d5877 b6f1cc05148e49bc93c3627c975805bd 8609fbc5d5da4972872048efefb8272a - - default default] Method 'is_advsvc' is deprecated since 2023.2 release (neutron-lib 3.8.0) and will be removed once support for the old RBAC API policies will be removed from Neutron. Please use method 'is_service_role' instead.
2026-07-15 00:17:02.582 10 INFO neutron.api.wsgi [None req-63b07b60-9d66-4f1e-ae94-0bc37e3d5877 b6f1cc05148e49bc93c3627c975805bd 8609fbc5d5da4972872048efefb8272a - - default default] 10.0.0.197 "POST /v2.0/vpn/endpoint-groups HTTP/1.1" status: 201 len: 493 time: 0.0361240
2026-07-15 00:17:02.590 10 WARNING neutron_lib.context [None req-178b8f55-740e-4474-8018-324a9b99552d b6f1cc05148e49bc93c3627c975805bd 8609fbc5d5da4972872048efefb8272a - - default default] Method 'is_advsvc' is deprecated since 2023.2 release (neutron-lib 3.8.0) and will be removed once support for the old RBAC API policies will be removed from Neutron. Please use method 'is_service_role' instead.
2026-07-15 00:17:02.621 10 INFO neutron.api.v2.resource [None req-178b8f55-740e-4474-8018-324a9b99552d b6f1cc05148e49bc93c3627c975805bd 8609fbc5d5da4972872048efefb8272a - - default default] create failed (client error): The server could not comply with the request since it is either malformed or otherwise incorrect.
2026-07-15 00:17:02.623 10 INFO neutron.api.wsgi [None req-178b8f55-740e-4474-8018-324a9b99552d b6f1cc05148e49bc93c3627c975805bd 8609fbc5d5da4972872048efefb8272a - - default default] 10.0.0.197 "POST /v2.0/vpn/ipsec-site-connections HTTP/1.1" status: 400 len: 352 time: 0.0360224
2026-07-15 00:17:02.640 9 INFO neutron.api.wsgi [None req-3676ef1e-1a8d-4a9c-86af-ed6b3e78c915 b6f1cc05148e49bc93c3627c975805bd 8609fbc5d5da4972872048efefb8272a - - default default] 10.0.0.197 "GET /v2.0/vpn/endpoint-groups HTTP/1.1" status: 200 len: 1102 time: 0.0122893
2026-07-15 00:17:02.655 9 WARNING neutron.scheduler.dhcp_agent_scheduler [None req-5529f786-484c-43ac-9b29-b65359b8269c 73263554838348be930d88fa39bbd4b8 1f8b48bac8534a779921c747d4801eaa - - default default] No more DHCP agents
2026-07-15 00:17:02.657 9 WARNING neutron.api.rpc.agentnotifiers.dhcp_rpc_agent_api [None req-5529f786-484c-43ac-9b29-b65359b8269c 73263554838348be930d88fa39bbd4b8 1f8b48bac8534a779921c747d4801eaa - - default default] Unable to schedule network 8cb446f6-73ea-49a4-a76e-cc53679e1277: no agents available; will retry on subsequent port and subnet creation events.
2026-07-15 00:17:02.667 10 INFO neutron.api.wsgi [None req-4ca139ee-4640-49a6-97de-3a4e2f69cf36 b6f1cc05148e49bc93c3627c975805bd 8609fbc5d5da4972872048efefb8272a - - default default] 10.0.0.197 "DELETE /v2.0/vpn/endpoint-groups/eebac07c-5f8d-49b9-9409-be791f9e0853 HTTP/1.1" status: 204 len: 168 time: 0.0227146
2026-07-15 00:17:02.682 10 INFO neutron.api.wsgi [None req-917ecaed-6410-43f9-8724-e3a84ae5474a b6f1cc05148e49bc93c3627c975805bd 8609fbc5d5da4972872048efefb8272a - - default default] 10.0.0.197 "GET /v2.0/vpn/endpoint-groups HTTP/1.1" status: 200 len: 826 time: 0.0080175
2026-07-15 00:17:02.691 10 WARNING neutron_lib.context [None req-ca2285bf-a44b-4c5f-bd8a-cddd3fb15acf b6f1cc05148e49bc93c3627c975805bd 8609fbc5d5da4972872048efefb8272a - - default default] Method 'is_advsvc' is deprecated since 2023.2 release (neutron-lib 3.8.0) and will be removed once support for the old RBAC API policies will be removed from Neutron. Please use method 'is_service_role' instead.
2026-07-15 00:17:02.734 10 INFO neutron.api.wsgi [None req-ca2285bf-a44b-4c5f-bd8a-cddd3fb15acf b6f1cc05148e49bc93c3627c975805bd 8609fbc5d5da4972872048efefb8272a - - default default] 10.0.0.197 "POST /v2.0/vpn/endpoint-groups HTTP/1.1" status: 201 len: 501 time: 0.0467410
2026-07-15 00:17:02.743 10 WARNING neutron_lib.context [None req-4289ba38-9fde-4fca-8965-5c41e0bb0795 b6f1cc05148e49bc93c3627c975805bd 8609fbc5d5da4972872048efefb8272a - - default default] Method 'is_advsvc' is deprecated since 2023.2 release (neutron-lib 3.8.0) and will be removed once support for the old RBAC API policies will be removed from Neutron. Please use method 'is_service_role' instead.
2026-07-15 00:17:02.775 10 INFO neutron.api.v2.resource [None req-4289ba38-9fde-4fca-8965-5c41e0bb0795 b6f1cc05148e49bc93c3627c975805bd 8609fbc5d5da4972872048efefb8272a - - default default] create failed (client error): The server could not comply with the request since it is either malformed or otherwise incorrect.
2026-07-15 00:17:02.776 10 INFO neutron.api.wsgi [None req-4289ba38-9fde-4fca-8965-5c41e0bb0795 b6f1cc05148e49bc93c3627c975805bd 8609fbc5d5da4972872048efefb8272a - - default default] 10.0.0.197 "POST /v2.0/vpn/ipsec-site-connections HTTP/1.1" status: 400 len: 351 time: 0.0368736
2026-07-15 00:17:02.788 10 INFO neutron.api.wsgi [None req-2881dc06-1322-4425-8dde-58c4d16500f3 b6f1cc05148e49bc93c3627c975805bd 8609fbc5d5da4972872048efefb8272a - - default default] 10.0.0.197 "GET /v2.0/vpn/endpoint-groups HTTP/1.1" status: 200 len: 1110 time: 0.0080624
2026-07-15 00:17:02.810 10 INFO neutron.api.wsgi [None req-e7e0e2be-49fd-4d18-a363-1879f82038eb b6f1cc05148e49bc93c3627c975805bd 8609fbc5d5da4972872048efefb8272a - - default default] 10.0.0.197 "DELETE /v2.0/vpn/endpoint-groups/bc918432-c4d6-4563-a19d-0b531df07bc7 HTTP/1.1" status: 204 len: 168 time: 0.0194495
2026-07-15 00:17:02.822 10 INFO neutron.api.wsgi [None req-d5973315-0dec-4df9-a6c9-f57968af4c72 b6f1cc05148e49bc93c3627c975805bd 8609fbc5d5da4972872048efefb8272a - - default default] 10.0.0.197 "GET /v2.0/vpn/endpoint-groups HTTP/1.1" status: 200 len: 826 time: 0.0074875
2026-07-15 00:17:02.829 10 WARNING neutron.api.v2.base [None req-979ac5fa-df07-4feb-ab63-c8ddb5396f63 b6f1cc05148e49bc93c3627c975805bd 8609fbc5d5da4972872048efefb8272a - - default default] An exception happened while processing the request body. The exception message is [Invalid input for peer_cidrs. Reason: '1.0.0.0/33' is not a valid IP subnet.].: webob.exc.HTTPBadRequest: Invalid input for peer_cidrs. Reason: '1.0.0.0/33' is not a valid IP subnet.
2026-07-15 00:17:02.829 10 INFO neutron.api.v2.resource [None req-979ac5fa-df07-4feb-ab63-c8ddb5396f63 b6f1cc05148e49bc93c3627c975805bd 8609fbc5d5da4972872048efefb8272a - - default default] create failed (client error): Invalid input for peer_cidrs. Reason: '1.0.0.0/33' is not a valid IP subnet.
2026-07-15 00:17:02.830 10 INFO neutron.api.wsgi [None req-979ac5fa-df07-4feb-ab63-c8ddb5396f63 b6f1cc05148e49bc93c3627c975805bd 8609fbc5d5da4972872048efefb8272a - - default default] 10.0.0.197 "POST /v2.0/vpn/ipsec-site-connections HTTP/1.1" status: 400 len: 352 time: 0.0046284
2026-07-15 00:17:02.839 9 WARNING neutron_lib.context [None req-8d79cb97-4542-4ae2-9aa9-aad1b0c3873d b6f1cc05148e49bc93c3627c975805bd 8609fbc5d5da4972872048efefb8272a - - default default] Method 'is_advsvc' is deprecated since 2023.2 release (neutron-lib 3.8.0) and will be removed once support for the old RBAC API policies will be removed from Neutron. Please use method 'is_service_role' instead.
2026-07-15 00:17:02.928 9 INFO neutron.db.segments_db [None req-8d79cb97-4542-4ae2-9aa9-aad1b0c3873d b6f1cc05148e49bc93c3627c975805bd 8609fbc5d5da4972872048efefb8272a - - default default] Added segment b1aee191-8c9e-40ac-9f8d-dc9585f5c6d2 of type geneve for network f4ff35e0-4772-457a-8bc2-16b7363dd61a
2026-07-15 00:17:03.059 10 WARNING neutron.plugins.ml2.drivers.ovn.mech_driver.ovsdb.ovn_client [None req-cd729dda-1a0e-4e91-b1b2-1e729f03cb93 - - - - - -] No hosting information found for port 7cbd142c-18dc-4c1b-a68b-1afe2304f208: RuntimeError: No hosting information found for port 7cbd142c-18dc-4c1b-a68b-1afe2304f208
2026-07-15 00:17:03.092 9 INFO neutron.db.ovn_revision_numbers_db [None req-8d79cb97-4542-4ae2-9aa9-aad1b0c3873d b6f1cc05148e49bc93c3627c975805bd 8609fbc5d5da4972872048efefb8272a - - default default] Successfully bumped revision number for resource f4ff35e0-4772-457a-8bc2-16b7363dd61a (type: networks) to 1
2026-07-15 00:17:03.116 10 INFO neutron.db.ovn_revision_numbers_db [None req-cd729dda-1a0e-4e91-b1b2-1e729f03cb93 - - - - - -] Successfully bumped revision number for resource 7cbd142c-18dc-4c1b-a68b-1afe2304f208 (type: router_ports) to 2
2026-07-15 00:17:03.153 10 INFO neutron.plugins.ml2.drivers.ovn.mech_driver.mech_driver [None req-cd729dda-1a0e-4e91-b1b2-1e729f03cb93 - - - - - -] OVN reports status down for port: 9310b6ec-de56-4f8e-af44-076466153fab
2026-07-15 00:17:03.162 9 INFO neutron.db.ovn_revision_numbers_db [None req-cd989f8c-0fe2-47d6-a20a-01b019142881 - - - - - -] Successfully bumped revision number for resource 99271b3c-1ec2-4e93-8a83-de4bfc52961e (type: ports) to 2
2026-07-15 00:17:03.212 9 INFO neutron.db.ovn_revision_numbers_db [None req-cd989f8c-0fe2-47d6-a20a-01b019142881 - - - - - -] Successfully bumped revision number for resource 7c5819f8-5fc5-4e6e-9bfc-c862eb75005e (type: subnets) to 0
2026-07-15 00:17:03.229 9 INFO neutron.api.wsgi [None req-5529f786-484c-43ac-9b29-b65359b8269c 73263554838348be930d88fa39bbd4b8 1f8b48bac8534a779921c747d4801eaa - - default default] 10.0.0.197 "POST /v2.0/subnets HTTP/1.1" status: 201 len: 825 time: 0.7496283
2026-07-15 00:17:03.239 9 WARNING neutron_lib.context [None req-dc769ec5-af98-4565-b3df-a2176537a603 73263554838348be930d88fa39bbd4b8 1f8b48bac8534a779921c747d4801eaa - - default default] Method 'is_advsvc' is deprecated since 2023.2 release (neutron-lib 3.8.0) and will be removed once support for the old RBAC API policies will be removed from Neutron. Please use method 'is_service_role' instead.
2026-07-15 00:17:03.281 9 WARNING neutron.scheduler.dhcp_agent_scheduler [None req-8d79cb97-4542-4ae2-9aa9-aad1b0c3873d b6f1cc05148e49bc93c3627c975805bd 8609fbc5d5da4972872048efefb8272a - - default default] No more DHCP agents
2026-07-15 00:17:03.284 9 WARNING neutron.api.rpc.agentnotifiers.dhcp_rpc_agent_api [None req-8d79cb97-4542-4ae2-9aa9-aad1b0c3873d b6f1cc05148e49bc93c3627c975805bd 8609fbc5d5da4972872048efefb8272a - - default default] Unable to schedule network f4ff35e0-4772-457a-8bc2-16b7363dd61a: no agents available; will retry on subsequent port and subnet creation events.
2026-07-15 00:17:03.329 9 INFO neutron.db.segments_db [None req-dc769ec5-af98-4565-b3df-a2176537a603 73263554838348be930d88fa39bbd4b8 1f8b48bac8534a779921c747d4801eaa - - default default] Added segment e746dfd7-db8e-4b44-9d1c-0feceafd37d0 of type geneve for network 466d4df8-4ce0-4a39-a551-13ef03e9c489
2026-07-15 00:17:03.359 9 INFO neutron.db.ovn_revision_numbers_db [None req-8d79cb97-4542-4ae2-9aa9-aad1b0c3873d b6f1cc05148e49bc93c3627c975805bd 8609fbc5d5da4972872048efefb8272a - - default default] Successfully bumped revision number for resource 3c84f6c5-0701-4b27-ad62-32a4682f0e0f (type: ports) to 1
2026-07-15 00:17:03.396 9 INFO neutron.api.wsgi [None req-8d79cb97-4542-4ae2-9aa9-aad1b0c3873d b6f1cc05148e49bc93c3627c975805bd 8609fbc5d5da4972872048efefb8272a - - default default] 10.0.0.197 "POST /v2.0/networks HTTP/1.1" status: 201 len: 830 time: 0.5618896
2026-07-15 00:17:03.403 9 WARNING neutron_lib.context [None req-8fc359dd-00e0-4f76-ad16-be3007cba0cc b6f1cc05148e49bc93c3627c975805bd 8609fbc5d5da4972872048efefb8272a - - default default] Method 'is_advsvc' is deprecated since 2023.2 release (neutron-lib 3.8.0) and will be removed once support for the old RBAC API policies will be removed from Neutron. Please use method 'is_service_role' instead.
2026-07-15 00:17:03.455 9 INFO neutron.db.ovn_revision_numbers_db [None req-dc769ec5-af98-4565-b3df-a2176537a603 73263554838348be930d88fa39bbd4b8 1f8b48bac8534a779921c747d4801eaa - - default default] Successfully bumped revision number for resource 466d4df8-4ce0-4a39-a551-13ef03e9c489 (type: networks) to 1 /var/lib/openstack/lib/python3.12/site-packages/pycadf/identifier.py:71: UserWarning: Invalid uuid: neutron. To ensure interoperability, identifiers should be a valid uuid. warnings.warn(('Invalid uuid: %s. To ensure interoperability, '
2026-07-15 00:17:03.554 10 INFO neutron.api.wsgi [req-1fcd668d-7104-43ab-bb8f-3774e19080e4 req-ab877111-c7b1-47a6-8254-4950ca6e1521 8bd1d0dbd4144d8c96089255b3d8cae4 228a82b523ff483cadd613db699c5278 - - default default] 10.0.0.184 "GET /v2.0/ports?device_id=b0fd59b5-21f1-4fb7-acff-d7c70d054885 HTTP/1.1" status: 200 len: 210 time: 0.0205665
2026-07-15 00:17:03.615 9 WARNING neutron.scheduler.dhcp_agent_scheduler [None req-dc769ec5-af98-4565-b3df-a2176537a603 73263554838348be930d88fa39bbd4b8 1f8b48bac8534a779921c747d4801eaa - - default default] No more DHCP agents
2026-07-15 00:17:03.617 9 WARNING neutron.scheduler.dhcp_agent_scheduler [None req-8fc359dd-00e0-4f76-ad16-be3007cba0cc b6f1cc05148e49bc93c3627c975805bd 8609fbc5d5da4972872048efefb8272a - - default default] No more DHCP agents
2026-07-15 00:17:03.617 9 WARNING neutron.api.rpc.agentnotifiers.dhcp_rpc_agent_api [None req-dc769ec5-af98-4565-b3df-a2176537a603 73263554838348be930d88fa39bbd4b8 1f8b48bac8534a779921c747d4801eaa - - default default] Unable to schedule network 466d4df8-4ce0-4a39-a551-13ef03e9c489: no agents available; will retry on subsequent port and subnet creation events.
2026-07-15 00:17:03.619 9 WARNING neutron.api.rpc.agentnotifiers.dhcp_rpc_agent_api [None req-8fc359dd-00e0-4f76-ad16-be3007cba0cc b6f1cc05148e49bc93c3627c975805bd 8609fbc5d5da4972872048efefb8272a - - default default] Unable to schedule network f4ff35e0-4772-457a-8bc2-16b7363dd61a: no agents available; will retry on subsequent port and subnet creation events.
2026-07-15 00:17:03.686 9 INFO neutron.db.ovn_revision_numbers_db [None req-dc769ec5-af98-4565-b3df-a2176537a603 73263554838348be930d88fa39bbd4b8 1f8b48bac8534a779921c747d4801eaa - - default default] Successfully bumped revision number for resource dbaad48e-a717-4fa1-ae7b-db0a81d5bbcf (type: ports) to 1
2026-07-15 00:17:03.710 9 INFO neutron.api.wsgi [None req-dc769ec5-af98-4565-b3df-a2176537a603 73263554838348be930d88fa39bbd4b8 1f8b48bac8534a779921c747d4801eaa - - default default] 10.0.0.197 "POST /v2.0/networks HTTP/1.1" status: 201 len: 831 time: 0.4742999
2026-07-15 00:17:03.720 10 WARNING neutron_lib.context [None req-0c5b21f6-b259-40d6-92c1-8d7cf104a122 73263554838348be930d88fa39bbd4b8 1f8b48bac8534a779921c747d4801eaa - - default default] Method 'is_advsvc' is deprecated since 2023.2 release (neutron-lib 3.8.0) and will be removed once support for the old RBAC API policies will be removed from Neutron. Please use method 'is_service_role' instead.
2026-07-15 00:17:03.903 10 WARNING neutron.scheduler.dhcp_agent_scheduler [None req-0c5b21f6-b259-40d6-92c1-8d7cf104a122 73263554838348be930d88fa39bbd4b8 1f8b48bac8534a779921c747d4801eaa - - default default] No more DHCP agents
2026-07-15 00:17:03.903 10 WARNING neutron.api.rpc.agentnotifiers.dhcp_rpc_agent_api [None req-0c5b21f6-b259-40d6-92c1-8d7cf104a122 73263554838348be930d88fa39bbd4b8 1f8b48bac8534a779921c747d4801eaa - - default default] Unable to schedule network 466d4df8-4ce0-4a39-a551-13ef03e9c489: no agents available; will retry on subsequent port and subnet creation events.
2026-07-15 00:17:04.017 9 INFO neutron.db.ovn_revision_numbers_db [None req-3c6f8fc0-6503-45a1-918c-b9916af7e96b - - - - - -] Successfully bumped revision number for resource 3c84f6c5-0701-4b27-ad62-32a4682f0e0f (type: ports) to 2
2026-07-15 00:17:04.045 9 INFO neutron.db.ovn_revision_numbers_db [None req-3c6f8fc0-6503-45a1-918c-b9916af7e96b - - - - - -] Successfully bumped revision number for resource 1e13e6f2-688f-4f44-9532-f0a22c6c4137 (type: subnets) to 0
2026-07-15 00:17:04.059 9 INFO neutron.api.wsgi [None req-8fc359dd-00e0-4f76-ad16-be3007cba0cc b6f1cc05148e49bc93c3627c975805bd 8609fbc5d5da4972872048efefb8272a - - default default] 10.0.0.197 "POST /v2.0/subnets HTTP/1.1" status: 201 len: 828 time: 0.6590264
2026-07-15 00:17:04.068 10 WARNING neutron_lib.context [None req-b68f9c95-738a-400c-8b6c-2564be2c367e b6f1cc05148e49bc93c3627c975805bd 8609fbc5d5da4972872048efefb8272a - - default default] Method 'is_advsvc' is deprecated since 2023.2 release (neutron-lib 3.8.0) and will be removed once support for the old RBAC API policies will be removed from Neutron. Please use method 'is_service_role' instead.
2026-07-15 00:17:04.367 10 INFO neutron.db.ovn_revision_numbers_db [None req-1225211b-3b11-4727-a777-d28c173ea40b - - - - - -] Successfully bumped revision number for resource dbaad48e-a717-4fa1-ae7b-db0a81d5bbcf (type: ports) to 2
2026-07-15 00:17:04.401 10 INFO neutron.db.ovn_revision_numbers_db [None req-1225211b-3b11-4727-a777-d28c173ea40b - - - - - -] Successfully bumped revision number for resource 65fdb9e3-f47e-4913-aa07-d478a5e2fbe8 (type: subnets) to 0
2026-07-15 00:17:04.418 10 INFO neutron.api.wsgi [None req-0c5b21f6-b259-40d6-92c1-8d7cf104a122 73263554838348be930d88fa39bbd4b8 1f8b48bac8534a779921c747d4801eaa - - default default] 10.0.0.197 "POST /v2.0/subnets HTTP/1.1" status: 201 len: 828 time: 0.7025163
2026-07-15 00:17:04.427 9 WARNING neutron_lib.context [None req-1066bae8-7892-4efd-b578-c3e31bbb5bba 73263554838348be930d88fa39bbd4b8 1f8b48bac8534a779921c747d4801eaa - - default default] Method 'is_advsvc' is deprecated since 2023.2 release (neutron-lib 3.8.0) and will be removed once support for the old RBAC API policies will be removed from Neutron. Please use method 'is_service_role' instead.
2026-07-15 00:17:04.475 10 WARNING neutron.scheduler.dhcp_agent_scheduler [None req-b68f9c95-738a-400c-8b6c-2564be2c367e b6f1cc05148e49bc93c3627c975805bd 8609fbc5d5da4972872048efefb8272a - - default default] No more DHCP agents
2026-07-15 00:17:04.476 10 WARNING neutron.api.rpc.agentnotifiers.dhcp_rpc_agent_api [None req-b68f9c95-738a-400c-8b6c-2564be2c367e b6f1cc05148e49bc93c3627c975805bd 8609fbc5d5da4972872048efefb8272a - - default default] Unable to schedule network 11c62d4d-75c2-42dc-a014-8b9c456f30a2: no agents available; will retry on subsequent port and subnet creation events.
2026-07-15 00:17:04.496 9 INFO neutron.db.segments_db [None req-1066bae8-7892-4efd-b578-c3e31bbb5bba 73263554838348be930d88fa39bbd4b8 1f8b48bac8534a779921c747d4801eaa - - default default] Added segment 02bf37ef-d320-4da3-8bd3-25a0bc588e51 of type geneve for network ab6cbb17-e26b-4d83-ae68-bd1475c6f41f
2026-07-15 00:17:04.527 9 WARNING neutron.plugins.ml2.drivers.ovn.mech_driver.ovsdb.ovn_client [None req-b06118c8-05ca-4893-b149-e16bbe1b28b2 - - - - - -] No port found with ID 9047f4bb-5ea5-43b5-a512-c549d0340f28: RuntimeError: No port found with ID 9047f4bb-5ea5-43b5-a512-c549d0340f28
2026-07-15 00:17:04.583 10 INFO neutron.db.ovn_revision_numbers_db [None req-b68f9c95-738a-400c-8b6c-2564be2c367e b6f1cc05148e49bc93c3627c975805bd 8609fbc5d5da4972872048efefb8272a - - default default] Successfully bumped revision number for resource 0fb3ba5d-ece2-4519-8a30-ff92145adbdf (type: ports) to 1
2026-07-15 00:17:04.598 9 INFO neutron.db.ovn_revision_numbers_db [None req-1066bae8-7892-4efd-b578-c3e31bbb5bba 73263554838348be930d88fa39bbd4b8 1f8b48bac8534a779921c747d4801eaa - - default default] Successfully bumped revision number for resource ab6cbb17-e26b-4d83-ae68-bd1475c6f41f (type: networks) to 1
2026-07-15 00:17:04.637 10 INFO neutron.api.wsgi [req-30912a18-8e58-4508-b751-47240e56e440 req-0d74ebef-6e29-4499-9231-b6e08a3b717c 8bd1d0dbd4144d8c96089255b3d8cae4 228a82b523ff483cadd613db699c5278 - - default default] 10.0.0.184 "GET /v2.0/ports?device_id=b0fd59b5-21f1-4fb7-acff-d7c70d054885 HTTP/1.1" status: 200 len: 210 time: 0.0170860
2026-07-15 00:17:04.723 9 WARNING neutron.scheduler.dhcp_agent_scheduler [None req-1066bae8-7892-4efd-b578-c3e31bbb5bba 73263554838348be930d88fa39bbd4b8 1f8b48bac8534a779921c747d4801eaa - - default default] No more DHCP agents
2026-07-15 00:17:04.724 9 WARNING neutron.api.rpc.agentnotifiers.dhcp_rpc_agent_api [None req-1066bae8-7892-4efd-b578-c3e31bbb5bba 73263554838348be930d88fa39bbd4b8 1f8b48bac8534a779921c747d4801eaa - - default default] Unable to schedule network ab6cbb17-e26b-4d83-ae68-bd1475c6f41f: no agents available; will retry on subsequent port and subnet creation events.
2026-07-15 00:17:04.781 9 INFO neutron.db.ovn_revision_numbers_db [None req-1066bae8-7892-4efd-b578-c3e31bbb5bba 73263554838348be930d88fa39bbd4b8 1f8b48bac8534a779921c747d4801eaa - - default default] Successfully bumped revision number for resource 66567cb6-e3b8-44ff-9e09-31605a4f6ca7 (type: ports) to 1
2026-07-15 00:17:04.803 9 INFO neutron.api.wsgi [None req-1066bae8-7892-4efd-b578-c3e31bbb5bba 73263554838348be930d88fa39bbd4b8 1f8b48bac8534a779921c747d4801eaa - - default default] 10.0.0.197 "POST /v2.0/networks HTTP/1.1" status: 201 len: 831 time: 0.3797112
2026-07-15 00:17:04.812 9 WARNING neutron_lib.context [None req-71a0366b-fe21-4189-9c41-00088f9b9577 73263554838348be930d88fa39bbd4b8 1f8b48bac8534a779921c747d4801eaa - - default default] Method 'is_advsvc' is deprecated since 2023.2 release (neutron-lib 3.8.0) and will be removed once support for the old RBAC API policies will be removed from Neutron. Please use method 'is_service_role' instead.
2026-07-15 00:17:04.961 9 WARNING neutron.scheduler.dhcp_agent_scheduler [None req-71a0366b-fe21-4189-9c41-00088f9b9577 73263554838348be930d88fa39bbd4b8 1f8b48bac8534a779921c747d4801eaa - - default default] No more DHCP agents
2026-07-15 00:17:04.963 9 WARNING neutron.api.rpc.agentnotifiers.dhcp_rpc_agent_api [None req-71a0366b-fe21-4189-9c41-00088f9b9577 73263554838348be930d88fa39bbd4b8 1f8b48bac8534a779921c747d4801eaa - - default default] Unable to schedule network ab6cbb17-e26b-4d83-ae68-bd1475c6f41f: no agents available; will retry on subsequent port and subnet creation events.
2026-07-15 00:17:05.144 10 INFO neutron.plugins.ml2.drivers.ovn.mech_driver.ovsdb.commands [None req-47bf4066-411c-49b4-847c-ca9b78bbc9c4 - - - - - -] Schedule LRP lrp-0fb3ba5d-ece2-4519-8a30-ff92145adbdf on gateway 6d7a156e-887f-4b2d-b245-af521f6d44f8 with priority 1
2026-07-15 00:17:05.153 10 INFO neutron.plugins.ml2.drivers.ovn.mech_driver.mech_driver [None req-cd729dda-1a0e-4e91-b1b2-1e729f03cb93 - - - - - -] OVN reports status up for port: 0fb3ba5d-ece2-4519-8a30-ff92145adbdf
2026-07-15 00:17:05.167 10 INFO neutron.plugins.ml2.plugin [None req-cd729dda-1a0e-4e91-b1b2-1e729f03cb93 - - - - - -] Attempt 1 to provision port 0fb3ba5d-ece2-4519-8a30-ff92145adbdf
2026-07-15 00:17:05.184 10 INFO neutron.db.ovn_revision_numbers_db [None req-b68f9c95-738a-400c-8b6c-2564be2c367e b6f1cc05148e49bc93c3627c975805bd 8609fbc5d5da4972872048efefb8272a - - default default] Successfully bumped revision number for resource 0fb3ba5d-ece2-4519-8a30-ff92145adbdf (type: router_ports) to 1
2026-07-15 00:17:05.261 10 INFO neutron.db.ovn_revision_numbers_db [None req-b68f9c95-738a-400c-8b6c-2564be2c367e b6f1cc05148e49bc93c3627c975805bd 8609fbc5d5da4972872048efefb8272a - - default default] Successfully bumped revision number for resource a91ff176-d496-4a3c-a1d4-0c013a731500 (type: routers) to 2
2026-07-15 00:17:05.278 10 INFO neutron.api.wsgi [None req-b68f9c95-738a-400c-8b6c-2564be2c367e b6f1cc05148e49bc93c3627c975805bd 8609fbc5d5da4972872048efefb8272a - - default default] 10.0.0.197 "POST /v2.0/routers HTTP/1.1" status: 201 len: 1135 time: 1.2153966
2026-07-15 00:17:05.301 9 INFO neutron.db.ovn_revision_numbers_db [None req-e37ef068-79b4-44be-a5f5-737ebe8c3aab - - - - - -] Successfully bumped revision number for resource 66567cb6-e3b8-44ff-9e09-31605a4f6ca7 (type: ports) to 2
2026-07-15 00:17:05.332 9 INFO neutron.db.ovn_revision_numbers_db [None req-e37ef068-79b4-44be-a5f5-737ebe8c3aab - - - - - -] Successfully bumped revision number for resource 965b97b7-6a09-4864-985f-ee4c855cce7e (type: subnets) to 0
2026-07-15 00:17:05.345 9 INFO neutron.api.wsgi [None req-71a0366b-fe21-4189-9c41-00088f9b9577 73263554838348be930d88fa39bbd4b8 1f8b48bac8534a779921c747d4801eaa - - default default] 10.0.0.197 "POST /v2.0/subnets HTTP/1.1" status: 201 len: 828 time: 0.5358837
2026-07-15 00:17:05.354 9 WARNING neutron_lib.context [None req-47fa2572-74eb-480a-8a9c-bcc895c82138 73263554838348be930d88fa39bbd4b8 1f8b48bac8534a779921c747d4801eaa - - default default] Method 'is_advsvc' is deprecated since 2023.2 release (neutron-lib 3.8.0) and will be removed once support for the old RBAC API policies will be removed from Neutron. Please use method 'is_service_role' instead.
2026-07-15 00:17:05.390 10 INFO neutron.api.v2.resource [None req-fc1ce638-37c5-4ec3-a9a6-7b036e92ec2f e4e0ae2bd11d4bed880aed6c83c0b0cd 79094eb1c4164051a98ae6aa8e3ce0ec - - default default] create failed (client error): The server could not comply with the request since it is either malformed or otherwise incorrect.
2026-07-15 00:17:05.391 10 INFO neutron.api.wsgi [None req-fc1ce638-37c5-4ec3-a9a6-7b036e92ec2f e4e0ae2bd11d4bed880aed6c83c0b0cd 79094eb1c4164051a98ae6aa8e3ce0ec - - default default] 10.0.0.197 "POST /v2.0/vpn/vpnservices HTTP/1.1" status: 400 len: 397 time: 0.1083362
2026-07-15 00:17:05.431 9 INFO neutron.db.segments_db [None req-47fa2572-74eb-480a-8a9c-bcc895c82138 73263554838348be930d88fa39bbd4b8 1f8b48bac8534a779921c747d4801eaa - - default default] Added segment 7427d5e6-c6bc-4aff-bc2f-b27a094ce9bf of type geneve for network 872ab450-2a97-4058-a888-93828a092bce
2026-07-15 00:17:05.545 9 INFO neutron.db.ovn_revision_numbers_db [None req-47fa2572-74eb-480a-8a9c-bcc895c82138 73263554838348be930d88fa39bbd4b8 1f8b48bac8534a779921c747d4801eaa - - default default] Successfully bumped revision number for resource 872ab450-2a97-4058-a888-93828a092bce (type: networks) to 1
2026-07-15 00:17:05.697 9 WARNING neutron.scheduler.dhcp_agent_scheduler [None req-47fa2572-74eb-480a-8a9c-bcc895c82138 73263554838348be930d88fa39bbd4b8 1f8b48bac8534a779921c747d4801eaa - - default default] No more DHCP agents
2026-07-15 00:17:05.697 9 WARNING neutron.api.rpc.agentnotifiers.dhcp_rpc_agent_api [None req-47fa2572-74eb-480a-8a9c-bcc895c82138 73263554838348be930d88fa39bbd4b8 1f8b48bac8534a779921c747d4801eaa - - default default] Unable to schedule network 872ab450-2a97-4058-a888-93828a092bce: no agents available; will retry on subsequent port and subnet creation events.
2026-07-15 00:17:05.768 9 INFO neutron.db.ovn_revision_numbers_db [None req-47fa2572-74eb-480a-8a9c-bcc895c82138 73263554838348be930d88fa39bbd4b8 1f8b48bac8534a779921c747d4801eaa - - default default] Successfully bumped revision number for resource 7c9d0631-1a4d-4009-8312-bd72d4dd6173 (type: ports) to 1
2026-07-15 00:17:05.813 9 INFO neutron.api.wsgi [None req-47fa2572-74eb-480a-8a9c-bcc895c82138 73263554838348be930d88fa39bbd4b8 1f8b48bac8534a779921c747d4801eaa - - default default] 10.0.0.197 "POST /v2.0/networks HTTP/1.1" status: 201 len: 831 time: 0.4622898
2026-07-15 00:17:05.823 10 WARNING neutron_lib.context [None req-b6fd3a12-3342-452e-a759-3678722055e2 73263554838348be930d88fa39bbd4b8 1f8b48bac8534a779921c747d4801eaa - - default default] Method 'is_advsvc' is deprecated since 2023.2 release (neutron-lib 3.8.0) and will be removed once support for the old RBAC API policies will be removed from Neutron. Please use method 'is_service_role' instead.
2026-07-15 00:17:05.876 9 INFO neutron.services.segments.plugin [-] Segment b1aee191-8c9e-40ac-9f8d-dc9585f5c6d2 resource provider aggregate not found
2026-07-15 00:17:05.880 9 INFO neutron.services.segments.plugin [-] Segment b1aee191-8c9e-40ac-9f8d-dc9585f5c6d2 resource provider aggregate not found
2026-07-15 00:17:05.886 9 INFO neutron.services.segments.plugin [-] Segment b1aee191-8c9e-40ac-9f8d-dc9585f5c6d2 resource provider not found; error: Placement Client Error (4xx): {"errors": [{"status": 404, "title": "Not Found", "detail": "The resource could not be found.\n\n No resource provider with uuid b1aee191-8c9e-40ac-9f8d-dc9585f5c6d2 found for delete ", "request_id": "req-4a7c8e51-6cf5-47c2-bacb-7a5823214a48"}]}
2026-07-15 00:17:05.894 9 INFO neutron.services.segments.plugin [-] Segment b1aee191-8c9e-40ac-9f8d-dc9585f5c6d2 resource provider not found; error: Placement Client Error (4xx): {"errors": [{"status": 404, "title": "Not Found", "detail": "The resource could not be found.\n\n No resource provider with uuid b1aee191-8c9e-40ac-9f8d-dc9585f5c6d2 found for delete ", "request_id": "req-80049bae-3cf3-4211-bd70-335e5b032be0"}]}
2026-07-15 00:17:05.909 9 INFO neutron.api.wsgi [None req-58e7635e-d7d9-4acd-a65b-44a0fae2b219 e4e0ae2bd11d4bed880aed6c83c0b0cd 79094eb1c4164051a98ae6aa8e3ce0ec - - default default] 10.0.0.197 "DELETE /v2.0/networks/f4ff35e0-4772-457a-8bc2-16b7363dd61a HTTP/1.1" status: 204 len: 168 time: 0.5077643
2026-07-15 00:17:05.911 9 INFO neutron.api.wsgi [None req-cffd619e-016f-4c66-96b2-6609c394d128 8bd1d0dbd4144d8c96089255b3d8cae4 228a82b523ff483cadd613db699c5278 - - default default] 10.0.0.197 "DELETE /v2.0/security-groups/f3b4685d-4479-4986-b583-0d583393eacd HTTP/1.1" status: 204 len: 168 time: 0.1439965
2026-07-15 00:17:05.925 10 INFO neutron.api.v2.resource [None req-05dd1716-030a-4b04-bf1c-fd8dc4fd948f 8bd1d0dbd4144d8c96089255b3d8cae4 228a82b523ff483cadd613db699c5278 - - default default] show failed (client error): The resource could not be found.
2026-07-15 00:17:05.926 10 INFO neutron.api.wsgi [None req-05dd1716-030a-4b04-bf1c-fd8dc4fd948f 8bd1d0dbd4144d8c96089255b3d8cae4 228a82b523ff483cadd613db699c5278 - - default default] 10.0.0.197 "GET /v2.0/security-groups/f3b4685d-4479-4986-b583-0d583393eacd HTTP/1.1" status: 404 len: 347 time: 0.0100791
2026-07-15 00:17:06.047 10 WARNING neutron.scheduler.dhcp_agent_scheduler [None req-b6fd3a12-3342-452e-a759-3678722055e2 73263554838348be930d88fa39bbd4b8 1f8b48bac8534a779921c747d4801eaa - - default default] No more DHCP agents
2026-07-15 00:17:06.048 10 WARNING neutron.api.rpc.agentnotifiers.dhcp_rpc_agent_api [None req-b6fd3a12-3342-452e-a759-3678722055e2 73263554838348be930d88fa39bbd4b8 1f8b48bac8534a779921c747d4801eaa - - default default] Unable to schedule network 872ab450-2a97-4058-a888-93828a092bce: no agents available; will retry on subsequent port and subnet creation events.
2026-07-15 00:17:06.276 10 INFO neutron.api.wsgi [None req-a084a13f-e9f2-4650-9a82-7df0239de896 8bd1d0dbd4144d8c96089255b3d8cae4 228a82b523ff483cadd613db699c5278 - - default default] 10.0.0.197 "DELETE /v2.0/floatingips/a7161a18-7d78-43d7-a745-eb7224a8902e HTTP/1.1" status: 204 len: 168 time: 0.3400586
2026-07-15 00:17:06.430 10 INFO neutron.api.wsgi [None req-46038445-1db3-431d-8fef-97cd9fdf2c77 8bd1d0dbd4144d8c96089255b3d8cae4 228a82b523ff483cadd613db699c5278 - - default default] 10.0.0.197 "DELETE /v2.0/security-groups/eac2c0d7-4e2b-45bd-8013-2fd6a435b2b5 HTTP/1.1" status: 204 len: 168 time: 0.1486793
2026-07-15 00:17:06.485 10 INFO neutron.db.ovn_revision_numbers_db [None req-3e6c7d4c-3e91-45c6-b63f-e04cf3d3bdff - - - - - -] Successfully bumped revision number for resource 7c9d0631-1a4d-4009-8312-bd72d4dd6173 (type: ports) to 2
2026-07-15 00:17:06.510 10 INFO neutron.db.ovn_revision_numbers_db [None req-3e6c7d4c-3e91-45c6-b63f-e04cf3d3bdff - - - - - -] Successfully bumped revision number for resource 136fe8c9-07aa-4550-9bf6-95be9f725987 (type: subnets) to 0
2026-07-15 00:17:06.523 10 INFO neutron.api.wsgi [None req-b6fd3a12-3342-452e-a759-3678722055e2 73263554838348be930d88fa39bbd4b8 1f8b48bac8534a779921c747d4801eaa - - default default] 10.0.0.197 "POST /v2.0/subnets HTTP/1.1" status: 201 len: 828 time: 0.7035737
2026-07-15 00:17:06.532 10 WARNING neutron_lib.context [None req-f46f55c7-7648-4016-bbf0-a7aba35497f3 73263554838348be930d88fa39bbd4b8 1f8b48bac8534a779921c747d4801eaa - - default default] Method 'is_advsvc' is deprecated since 2023.2 release (neutron-lib 3.8.0) and will be removed once support for the old RBAC API policies will be removed from Neutron. Please use method 'is_service_role' instead.
2026-07-15 00:17:06.613 10 INFO neutron.db.segments_db [None req-f46f55c7-7648-4016-bbf0-a7aba35497f3 73263554838348be930d88fa39bbd4b8 1f8b48bac8534a779921c747d4801eaa - - default default] Added segment 953e0848-eb74-48f5-9455-1d51a342c2a8 of type geneve for network bc1f5de6-aa9c-44a6-9836-9557306dc740
2026-07-15 00:17:06.725 10 INFO neutron.db.ovn_revision_numbers_db [None req-f46f55c7-7648-4016-bbf0-a7aba35497f3 73263554838348be930d88fa39bbd4b8 1f8b48bac8534a779921c747d4801eaa - - default default] Successfully bumped revision number for resource bc1f5de6-aa9c-44a6-9836-9557306dc740 (type: networks) to 1
2026-07-15 00:17:06.798 9 INFO neutron.api.wsgi [None req-1224a485-a0c1-4728-bac4-5475b6d472e5 e4e0ae2bd11d4bed880aed6c83c0b0cd 79094eb1c4164051a98ae6aa8e3ce0ec - - default default] 10.0.0.197 "DELETE /v2.0/routers/a91ff176-d496-4a3c-a1d4-0c013a731500 HTTP/1.1" status: 204 len: 168 time: 0.8845842
2026-07-15 00:17:06.810 10 WARNING neutron.api.v2.base [None req-39bc9d31-a8f8-4430-b954-72f668da6c41 b6f1cc05148e49bc93c3627c975805bd 8609fbc5d5da4972872048efefb8272a - - default default] An exception happened while processing the request body. The exception message is [Invalid input for description. Reason: 'yyyyyyyyyyyyyyyyyyyyyyyyyyyyyyyyyyyyyyyyyyyyyyyyyyyyyyyyyyyyyyyyyyyyyyyyyyyyyyyyyyyyyyyyyyyyyyyyyyyyyyyyyyyyyyyyyyyyyyyyyyyyyyyyyyyyyyyyyyyyyyyyyyyyyyyyyyyyyyyyyyyyyyyyyyyyyyyyyyyyyyyyyyyyyyyyyyyyyyyyyyyyyyyyyyyyyyyyyyyyyyyyyyyyyyyyyyyyyyyyyyyyyyyyyyyyyyyy' exceeds maximum length of 255.].: webob.exc.HTTPBadRequest: Invalid input for description. Reason: 'yyyyyyyyyyyyyyyyyyyyyyyyyyyyyyyyyyyyyyyyyyyyyyyyyyyyyyyyyyyyyyyyyyyyyyyyyyyyyyyyyyyyyyyyyyyyyyyyyyyyyyyyyyyyyyyyyyyyyyyyyyyyyyyyyyyyyyyyyyyyyyyyyyyyyyyyyyyyyyyyyyyyyyyyyyyyyyyyyyyyyyyyyyyyyyyyyyyyyyyyyyyyyyyyyyyyyyyyyyyyyyyyyyyyyyyyyyyyyyyyyyyyyyyyyyyyyyyy' exceeds maximum length of 255.
2026-07-15 00:17:06.810 10 INFO neutron.api.v2.resource [None req-39bc9d31-a8f8-4430-b954-72f668da6c41 b6f1cc05148e49bc93c3627c975805bd 8609fbc5d5da4972872048efefb8272a - - default default] create failed (client error): Invalid input for description. Reason: 'yyyyyyyyyyyyyyyyyyyyyyyyyyyyyyyyyyyyyyyyyyyyyyyyyyyyyyyyyyyyyyyyyyyyyyyyyyyyyyyyyyyyyyyyyyyyyyyyyyyyyyyyyyyyyyyyyyyyyyyyyyyyyyyyyyyyyyyyyyyyyyyyyyyyyyyyyyyyyyyyyyyyyyyyyyyyyyyyyyyyyyyyyyyyyyyyyyyyyyyyyyyyyyyyyyyyyyyyyyyyyyyyyyyyyyyyyyyyyyyyyyyyyyyyyyyyyyyy' exceeds maximum length of 255.
2026-07-15 00:17:06.811 10 INFO neutron.api.wsgi [None req-39bc9d31-a8f8-4430-b954-72f668da6c41 b6f1cc05148e49bc93c3627c975805bd 8609fbc5d5da4972872048efefb8272a - - default default] 10.0.0.197 "POST /v2.0/vpn/vpnservices HTTP/1.1" status: 400 len: 604 time: 0.0053587
2026-07-15 00:17:06.819 9 WARNING neutron.api.v2.base [None req-b40d9069-6372-400c-be3d-c9118a91c203 b6f1cc05148e49bc93c3627c975805bd 8609fbc5d5da4972872048efefb8272a - - default default] An exception happened while processing the request body. The exception message is [Invalid input for name. Reason: 'xxxxxxxxxxxxxxxxxxxxxxxxxxxxxxxxxxxxxxxxxxxxxxxxxxxxxxxxxxxxxxxxxxxxxxxxxxxxxxxxxxxxxxxxxxxxxxxxxxxxxxxxxxxxxxxxxxxxxxxxxxxxxxxxxxxxxxxxxxxxxxxxxxxxxxxxxxxxxxxxxxxxxxxxxxxxxxxxxxxxxxxxxxxxxxxxxxxxxxxxxxxxxxxxxxxxxxxxxxxxxxxxxxxxxxxxxxxxxxxxxxxxxxxxxxxxxxxx' exceeds maximum length of 255.].: webob.exc.HTTPBadRequest: Invalid input for name. Reason: 'xxxxxxxxxxxxxxxxxxxxxxxxxxxxxxxxxxxxxxxxxxxxxxxxxxxxxxxxxxxxxxxxxxxxxxxxxxxxxxxxxxxxxxxxxxxxxxxxxxxxxxxxxxxxxxxxxxxxxxxxxxxxxxxxxxxxxxxxxxxxxxxxxxxxxxxxxxxxxxxxxxxxxxxxxxxxxxxxxxxxxxxxxxxxxxxxxxxxxxxxxxxxxxxxxxxxxxxxxxxxxxxxxxxxxxxxxxxxxxxxxxxxxxxxxxxxxxxx' exceeds maximum length of 255.
2026-07-15 00:17:06.819 9 INFO neutron.api.v2.resource [None req-b40d9069-6372-400c-be3d-c9118a91c203 b6f1cc05148e49bc93c3627c975805bd 8609fbc5d5da4972872048efefb8272a - - default default] create failed (client error): Invalid input for name. Reason: 'xxxxxxxxxxxxxxxxxxxxxxxxxxxxxxxxxxxxxxxxxxxxxxxxxxxxxxxxxxxxxxxxxxxxxxxxxxxxxxxxxxxxxxxxxxxxxxxxxxxxxxxxxxxxxxxxxxxxxxxxxxxxxxxxxxxxxxxxxxxxxxxxxxxxxxxxxxxxxxxxxxxxxxxxxxxxxxxxxxxxxxxxxxxxxxxxxxxxxxxxxxxxxxxxxxxxxxxxxxxxxxxxxxxxxxxxxxxxxxxxxxxxxxxxxxxxxxxx' exceeds maximum length of 255.
2026-07-15 00:17:06.820 9 INFO neutron.api.wsgi [None req-b40d9069-6372-400c-be3d-c9118a91c203 b6f1cc05148e49bc93c3627c975805bd 8609fbc5d5da4972872048efefb8272a - - default default] 10.0.0.197 "POST /v2.0/vpn/vpnservices HTTP/1.1" status: 400 len: 597 time: 0.0047767
2026-07-15 00:17:06.829 10 WARNING neutron_lib.context [None req-4a30f2cc-b76d-4603-b222-ac2b414d76dd b6f1cc05148e49bc93c3627c975805bd 8609fbc5d5da4972872048efefb8272a - - default default] Method 'is_advsvc' is deprecated since 2023.2 release (neutron-lib 3.8.0) and will be removed once support for the old RBAC API policies will be removed from Neutron. Please use method 'is_service_role' instead.
2026-07-15 00:17:06.858 10 INFO neutron.api.v2.resource [None req-4a30f2cc-b76d-4603-b222-ac2b414d76dd b6f1cc05148e49bc93c3627c975805bd 8609fbc5d5da4972872048efefb8272a - - default default] create failed (client error): The server could not comply with the request since it is either malformed or otherwise incorrect.
2026-07-15 00:17:06.859 10 INFO neutron.api.wsgi [None req-4a30f2cc-b76d-4603-b222-ac2b414d76dd b6f1cc05148e49bc93c3627c975805bd 8609fbc5d5da4972872048efefb8272a - - default default] 10.0.0.197 "POST /v2.0/vpn/endpoint-groups HTTP/1.1" status: 400 len: 386 time: 0.0340762
2026-07-15 00:17:06.869 9 WARNING neutron_lib.context [None req-b7bca154-7c74-403f-8f4e-f185b1ad20a4 b6f1cc05148e49bc93c3627c975805bd 8609fbc5d5da4972872048efefb8272a - - default default] Method 'is_advsvc' is deprecated since 2023.2 release (neutron-lib 3.8.0) and will be removed once support for the old RBAC API policies will be removed from Neutron. Please use method 'is_service_role' instead.
2026-07-15 00:17:06.879 10 WARNING neutron.scheduler.dhcp_agent_scheduler [None req-f46f55c7-7648-4016-bbf0-a7aba35497f3 73263554838348be930d88fa39bbd4b8 1f8b48bac8534a779921c747d4801eaa - - default default] No more DHCP agents
2026-07-15 00:17:06.880 10 WARNING neutron.api.rpc.agentnotifiers.dhcp_rpc_agent_api [None req-f46f55c7-7648-4016-bbf0-a7aba35497f3 73263554838348be930d88fa39bbd4b8 1f8b48bac8534a779921c747d4801eaa - - default default] Unable to schedule network bc1f5de6-aa9c-44a6-9836-9557306dc740: no agents available; will retry on subsequent port and subnet creation events.
2026-07-15 00:17:06.916 9 INFO neutron.api.v2.resource [None req-b7bca154-7c74-403f-8f4e-f185b1ad20a4 b6f1cc05148e49bc93c3627c975805bd 8609fbc5d5da4972872048efefb8272a - - default default] create failed (client error): The server could not comply with the request since it is either malformed or otherwise incorrect.
2026-07-15 00:17:06.917 9 INFO neutron.api.wsgi [None req-b7bca154-7c74-403f-8f4e-f185b1ad20a4 b6f1cc05148e49bc93c3627c975805bd 8609fbc5d5da4972872048efefb8272a - - default default] 10.0.0.197 "POST /v2.0/vpn/endpoint-groups HTTP/1.1" status: 400 len: 363 time: 0.0527656
2026-07-15 00:17:06.934 9 WARNING neutron_lib.context [None req-bf721e71-9b48-465f-9c8f-34250b8a5894 b6f1cc05148e49bc93c3627c975805bd 8609fbc5d5da4972872048efefb8272a - - default default] Method 'is_advsvc' is deprecated since 2023.2 release (neutron-lib 3.8.0) and will be removed once support for the old RBAC API policies will be removed from Neutron. Please use method 'is_service_role' instead.
2026-07-15 00:17:06.947 10 INFO neutron.db.ovn_revision_numbers_db [None req-f46f55c7-7648-4016-bbf0-a7aba35497f3 73263554838348be930d88fa39bbd4b8 1f8b48bac8534a779921c747d4801eaa - - default default] Successfully bumped revision number for resource cd42e51c-3e5c-4174-b649-8d57e8a63361 (type: ports) to 1
2026-07-15 00:17:06.966 10 INFO neutron.api.wsgi [None req-f46f55c7-7648-4016-bbf0-a7aba35497f3 73263554838348be930d88fa39bbd4b8 1f8b48bac8534a779921c747d4801eaa - - default default] 10.0.0.197 "POST /v2.0/networks HTTP/1.1" status: 201 len: 830 time: 0.4383800
2026-07-15 00:17:06.970 9 INFO neutron.api.v2.resource [None req-bf721e71-9b48-465f-9c8f-34250b8a5894 b6f1cc05148e49bc93c3627c975805bd 8609fbc5d5da4972872048efefb8272a - - default default] create failed (client error): The server could not comply with the request since it is either malformed or otherwise incorrect.
2026-07-15 00:17:06.971 9 INFO neutron.api.wsgi [None req-bf721e71-9b48-465f-9c8f-34250b8a5894 b6f1cc05148e49bc93c3627c975805bd 8609fbc5d5da4972872048efefb8272a - - default default] 10.0.0.197 "POST /v2.0/vpn/endpoint-groups HTTP/1.1" status: 400 len: 357 time: 0.0416167
