2026-07-15 00:12:54.918 9 INFO neutron.api.wsgi [None req-94a78ce8-4bd3-4ec2-96c8-68c283738a1c 06bbd1ce37784b188c8b912a4d9ab8b3 960b28e35ccd47e99505804431eb5e67 - - default default] 10.0.0.197 "PUT /v2.0/routers/350bba97-2a6f-46fc-8a55-df99544fa4bd/add_router_interface HTTP/1.1" status: 200 len: 503 time: 2.6702194
2026-07-15 00:12:54.922 9 WARNING neutron_lib.context [None req-d06b858f-bd62-47b7-9481-4e16c9776ee2 a3c2eea498774aa2ad3f896adf14ce4f 256aea4b083741ca84fb93f404a49b56 - - default default] Method 'is_advsvc' is deprecated since 2023.2 release (neutron-lib 3.8.0) and will be removed once support for the old RBAC API policies will be removed from Neutron. Please use method 'is_service_role' instead.
2026-07-15 00:12:55.012 9 INFO neutron.db.ovn_revision_numbers_db [None req-2a901cd2-6453-413c-b2e8-f4cbc0c610d3 682e8349a6264ba9a7f0189fc5a4f691 f4d7ab641c9545ca8053a9f86bc56c70 - - default default] Successfully bumped revision number for resource c1ca8542-566d-45a9-9348-a1e3953fb306 (type: security_groups) to 1
2026-07-15 00:12:55.021 9 INFO neutron.db.ovn_revision_numbers_db [None req-2a901cd2-6453-413c-b2e8-f4cbc0c610d3 682e8349a6264ba9a7f0189fc5a4f691 f4d7ab641c9545ca8053a9f86bc56c70 - - default default] Successfully bumped revision number for resource 89d24dfe-edf5-4937-8313-2a22bf8558f3 (type: security_group_rules) to 0
2026-07-15 00:12:55.034 9 INFO neutron.db.ovn_revision_numbers_db [None req-2a901cd2-6453-413c-b2e8-f4cbc0c610d3 682e8349a6264ba9a7f0189fc5a4f691 f4d7ab641c9545ca8053a9f86bc56c70 - - default default] Successfully bumped revision number for resource 93ece80e-9c55-42d2-b483-41db26a1e51b (type: security_group_rules) to 0
2026-07-15 00:12:55.036 9 INFO neutron.db.ovn_revision_numbers_db [None req-d06b858f-bd62-47b7-9481-4e16c9776ee2 a3c2eea498774aa2ad3f896adf14ce4f 256aea4b083741ca84fb93f404a49b56 - - default default] Successfully bumped revision number for resource d6f88298-60e3-4857-a5c5-ecd9521a697d (type: security_groups) to 1
2026-07-15 00:12:55.049 9 INFO neutron.db.ovn_revision_numbers_db [None req-d06b858f-bd62-47b7-9481-4e16c9776ee2 a3c2eea498774aa2ad3f896adf14ce4f 256aea4b083741ca84fb93f404a49b56 - - default default] Successfully bumped revision number for resource 2acf13cc-da62-40cb-8a7e-d09fd6746897 (type: security_group_rules) to 0
2026-07-15 00:12:55.063 9 INFO neutron.api.wsgi [None req-2a901cd2-6453-413c-b2e8-f4cbc0c610d3 682e8349a6264ba9a7f0189fc5a4f691 f4d7ab641c9545ca8053a9f86bc56c70 - - default default] 10.0.0.197 "POST /v2.0/security-groups HTTP/1.1" status: 201 len: 1861 time: 0.2263012
2026-07-15 00:12:55.067 9 INFO neutron.db.ovn_revision_numbers_db [None req-d06b858f-bd62-47b7-9481-4e16c9776ee2 a3c2eea498774aa2ad3f896adf14ce4f 256aea4b083741ca84fb93f404a49b56 - - default default] Successfully bumped revision number for resource 7b3714a6-a4b4-44b5-8896-de054237a5fc (type: security_group_rules) to 0
2026-07-15 00:12:55.069 10 INFO neutron.db.ovn_revision_numbers_db [None req-229ad10e-412a-42db-9166-aed9847f5f8d - - - - - -] Successfully bumped revision number for resource 729e4d61-54c0-4696-a7d7-f88465dc3fc2 (type: ports) to 2
2026-07-15 00:12:55.071 9 WARNING neutron_lib.context [None req-72b75ad2-d8e5-45ee-bb47-26d2755fc01b 682e8349a6264ba9a7f0189fc5a4f691 f4d7ab641c9545ca8053a9f86bc56c70 - - default default] Method 'is_advsvc' is deprecated since 2023.2 release (neutron-lib 3.8.0) and will be removed once support for the old RBAC API policies will be removed from Neutron. Please use method 'is_service_role' instead.
2026-07-15 00:12:55.116 9 INFO neutron.api.wsgi [None req-d06b858f-bd62-47b7-9481-4e16c9776ee2 a3c2eea498774aa2ad3f896adf14ce4f 256aea4b083741ca84fb93f404a49b56 - - default default] 10.0.0.197 "POST /v2.0/security-groups HTTP/1.1" status: 201 len: 1860 time: 0.2046268
2026-07-15 00:12:55.123 9 WARNING neutron_lib.context [None req-4b5ebd4e-68c2-45c8-a7be-4e3a6d988eac a3c2eea498774aa2ad3f896adf14ce4f 256aea4b083741ca84fb93f404a49b56 - - default default] Method 'is_advsvc' is deprecated since 2023.2 release (neutron-lib 3.8.0) and will be removed once support for the old RBAC API policies will be removed from Neutron. Please use method 'is_service_role' instead.
2026-07-15 00:12:55.204 9 INFO neutron.db.ovn_revision_numbers_db [None req-72b75ad2-d8e5-45ee-bb47-26d2755fc01b 682e8349a6264ba9a7f0189fc5a4f691 f4d7ab641c9545ca8053a9f86bc56c70 - - default default] Successfully bumped revision number for resource 290f0b25-87ab-4351-bb89-6bf4eafe718d (type: security_group_rules) to 0
2026-07-15 00:12:55.235 9 INFO neutron.api.wsgi [None req-72b75ad2-d8e5-45ee-bb47-26d2755fc01b 682e8349a6264ba9a7f0189fc5a4f691 f4d7ab641c9545ca8053a9f86bc56c70 - - default default] 10.0.0.197 "POST /v2.0/security-group-rules HTTP/1.1" status: 201 len: 796 time: 0.1663239
2026-07-15 00:12:55.243 9 WARNING neutron_lib.context [None req-d38bc78c-963f-4a8b-9f24-15f3a38f70b3 682e8349a6264ba9a7f0189fc5a4f691 f4d7ab641c9545ca8053a9f86bc56c70 - - default default] Method 'is_advsvc' is deprecated since 2023.2 release (neutron-lib 3.8.0) and will be removed once support for the old RBAC API policies will be removed from Neutron. Please use method 'is_service_role' instead.
2026-07-15 00:12:55.263 9 INFO neutron.db.ovn_revision_numbers_db [None req-4b5ebd4e-68c2-45c8-a7be-4e3a6d988eac a3c2eea498774aa2ad3f896adf14ce4f 256aea4b083741ca84fb93f404a49b56 - - default default] Successfully bumped revision number for resource 2cafbac5-3b97-40bc-b007-c0428005b602 (type: security_group_rules) to 0
2026-07-15 00:12:55.289 9 INFO neutron.api.wsgi [None req-4b5ebd4e-68c2-45c8-a7be-4e3a6d988eac a3c2eea498774aa2ad3f896adf14ce4f 256aea4b083741ca84fb93f404a49b56 - - default default] 10.0.0.197 "POST /v2.0/security-group-rules HTTP/1.1" status: 201 len: 796 time: 0.1682534
2026-07-15 00:12:55.297 9 WARNING neutron_lib.context [None req-21801bfc-2119-44cf-97c5-ada4bd1f9c38 a3c2eea498774aa2ad3f896adf14ce4f 256aea4b083741ca84fb93f404a49b56 - - default default] Method 'is_advsvc' is deprecated since 2023.2 release (neutron-lib 3.8.0) and will be removed once support for the old RBAC API policies will be removed from Neutron. Please use method 'is_service_role' instead.
2026-07-15 00:12:55.353 10 WARNING neutron_lib.context [None req-975d553f-716a-4e7a-85a4-804fab41b27d 94380dc1e3b548a7af5ded48087c32be e5b400080edf41d491a733278747ae22 - - default default] Method 'is_advsvc' is deprecated since 2023.2 release (neutron-lib 3.8.0) and will be removed once support for the old RBAC API policies will be removed from Neutron. Please use method 'is_service_role' instead.
2026-07-15 00:12:55.366 9 INFO neutron.db.ovn_revision_numbers_db [None req-d38bc78c-963f-4a8b-9f24-15f3a38f70b3 682e8349a6264ba9a7f0189fc5a4f691 f4d7ab641c9545ca8053a9f86bc56c70 - - default default] Successfully bumped revision number for resource ebe0e2a1-4619-41c3-a50c-cc6dccb5b452 (type: security_group_rules) to 0
2026-07-15 00:12:55.393 10 INFO neutron.plugins.ml2.drivers.ovn.mech_driver.ovsdb.commands [None req-47bf4066-411c-49b4-847c-ca9b78bbc9c4 - - - - - -] Schedule LRP lrp-95087992-aead-4059-8df7-b6ab85c3e33f on gateway 6d7a156e-887f-4b2d-b245-af521f6d44f8 with priority 1
2026-07-15 00:12:55.404 9 INFO neutron.api.wsgi [None req-d38bc78c-963f-4a8b-9f24-15f3a38f70b3 682e8349a6264ba9a7f0189fc5a4f691 f4d7ab641c9545ca8053a9f86bc56c70 - - default default] 10.0.0.197 "POST /v2.0/security-group-rules HTTP/1.1" status: 201 len: 801 time: 0.1635728
2026-07-15 00:12:55.415 9 WARNING neutron_lib.context [None req-6d2928fe-7c24-40d5-9312-dd28a0798fca 682e8349a6264ba9a7f0189fc5a4f691 f4d7ab641c9545ca8053a9f86bc56c70 - - default default] Method 'is_advsvc' is deprecated since 2023.2 release (neutron-lib 3.8.0) and will be removed once support for the old RBAC API policies will be removed from Neutron. Please use method 'is_service_role' instead.
2026-07-15 00:12:55.422 9 INFO neutron.plugins.ml2.drivers.ovn.mech_driver.ovsdb.ovsdb_monitor [-] Router c1e30499-273e-4f9d-b129-058147c9c97e is bound to host instance
2026-07-15 00:12:55.450 10 INFO neutron.db.ovn_revision_numbers_db [None req-77552bd2-e9bb-44fc-9c1c-6565f1f30b79 06bbd1ce37784b188c8b912a4d9ab8b3 960b28e35ccd47e99505804431eb5e67 - - default default] Successfully bumped revision number for resource 95087992-aead-4059-8df7-b6ab85c3e33f (type: router_ports) to 1
2026-07-15 00:12:55.451 9 INFO neutron.db.ovn_revision_numbers_db [None req-21801bfc-2119-44cf-97c5-ada4bd1f9c38 a3c2eea498774aa2ad3f896adf14ce4f 256aea4b083741ca84fb93f404a49b56 - - default default] Successfully bumped revision number for resource 882da4b8-08ea-443b-bb48-c399a9e596b2 (type: security_group_rules) to 0
2026-07-15 00:12:55.454 10 INFO neutron.db.ovn_revision_numbers_db [None req-87835d9c-d810-4935-a9f8-ccc4c9faa3cd - - - - - -] Successfully bumped revision number for resource 6cda3e67-3f76-41fe-bff6-b1297a2995eb (type: ports) to 1
2026-07-15 00:12:55.513 9 INFO neutron.api.wsgi [None req-21801bfc-2119-44cf-97c5-ada4bd1f9c38 a3c2eea498774aa2ad3f896adf14ce4f 256aea4b083741ca84fb93f404a49b56 - - default default] 10.0.0.197 "POST /v2.0/security-group-rules HTTP/1.1" status: 201 len: 801 time: 0.2201905
2026-07-15 00:12:55.528 9 WARNING neutron_lib.context [None req-795474ba-6707-4412-bbae-4c06e87d0140 a3c2eea498774aa2ad3f896adf14ce4f 256aea4b083741ca84fb93f404a49b56 - - default default] Method 'is_advsvc' is deprecated since 2023.2 release (neutron-lib 3.8.0) and will be removed once support for the old RBAC API policies will be removed from Neutron. Please use method 'is_service_role' instead.
2026-07-15 00:12:55.787 10 INFO neutron.db.ovn_revision_numbers_db [None req-77552bd2-e9bb-44fc-9c1c-6565f1f30b79 06bbd1ce37784b188c8b912a4d9ab8b3 960b28e35ccd47e99505804431eb5e67 - - default default] Successfully bumped revision number for resource c1e30499-273e-4f9d-b129-058147c9c97e (type: routers) to 2
2026-07-15 00:12:55.798 9 WARNING neutron.scheduler.dhcp_agent_scheduler [None req-6d2928fe-7c24-40d5-9312-dd28a0798fca 682e8349a6264ba9a7f0189fc5a4f691 f4d7ab641c9545ca8053a9f86bc56c70 - - default default] No more DHCP agents
2026-07-15 00:12:55.798 10 INFO neutron.db.ovn_revision_numbers_db [None req-975d553f-716a-4e7a-85a4-804fab41b27d 94380dc1e3b548a7af5ded48087c32be e5b400080edf41d491a733278747ae22 - - default default] Successfully bumped revision number for resource 120b0043-569b-438e-b462-1dbffd4e7f25 (type: security_groups) to 1
2026-07-15 00:12:55.801 9 WARNING neutron.api.rpc.agentnotifiers.dhcp_rpc_agent_api [None req-6d2928fe-7c24-40d5-9312-dd28a0798fca 682e8349a6264ba9a7f0189fc5a4f691 f4d7ab641c9545ca8053a9f86bc56c70 - - default default] Unable to schedule network 11c62d4d-75c2-42dc-a014-8b9c456f30a2: no agents available; will retry on subsequent port and subnet creation events.
2026-07-15 00:12:55.821 10 INFO neutron.api.wsgi [None req-77552bd2-e9bb-44fc-9c1c-6565f1f30b79 06bbd1ce37784b188c8b912a4d9ab8b3 960b28e35ccd47e99505804431eb5e67 - - default default] 10.0.0.197 "POST /v2.0/routers HTTP/1.1" status: 201 len: 1172 time: 2.0437882
2026-07-15 00:12:55.835 10 INFO neutron.db.ovn_revision_numbers_db [None req-975d553f-716a-4e7a-85a4-804fab41b27d 94380dc1e3b548a7af5ded48087c32be e5b400080edf41d491a733278747ae22 - - default default] Successfully bumped revision number for resource 4e29b1b9-28b1-4aa7-a380-abae0639011f (type: security_group_rules) to 0
2026-07-15 00:12:55.853 10 INFO neutron.db.ovn_revision_numbers_db [None req-975d553f-716a-4e7a-85a4-804fab41b27d 94380dc1e3b548a7af5ded48087c32be e5b400080edf41d491a733278747ae22 - - default default] Successfully bumped revision number for resource 822c4b96-1d52-48b7-8d12-ac42081a9d9e (type: security_group_rules) to 0
2026-07-15 00:12:55.901 10 INFO neutron.api.wsgi [None req-975d553f-716a-4e7a-85a4-804fab41b27d 94380dc1e3b548a7af5ded48087c32be e5b400080edf41d491a733278747ae22 - - default default] 10.0.0.197 "POST /v2.0/security-groups HTTP/1.1" status: 201 len: 1859 time: 0.5538659
2026-07-15 00:12:55.911 10 WARNING neutron_lib.context [None req-72529061-4149-428f-8bec-ee959d9f1f3d 94380dc1e3b548a7af5ded48087c32be e5b400080edf41d491a733278747ae22 - - default default] Method 'is_advsvc' is deprecated since 2023.2 release (neutron-lib 3.8.0) and will be removed once support for the old RBAC API policies will be removed from Neutron. Please use method 'is_service_role' instead.
2026-07-15 00:12:55.922 9 WARNING neutron.scheduler.dhcp_agent_scheduler [None req-795474ba-6707-4412-bbae-4c06e87d0140 a3c2eea498774aa2ad3f896adf14ce4f 256aea4b083741ca84fb93f404a49b56 - - default default] No more DHCP agents
2026-07-15 00:12:55.928 9 WARNING neutron.api.rpc.agentnotifiers.dhcp_rpc_agent_api [None req-795474ba-6707-4412-bbae-4c06e87d0140 a3c2eea498774aa2ad3f896adf14ce4f 256aea4b083741ca84fb93f404a49b56 - - default default] Unable to schedule network 11c62d4d-75c2-42dc-a014-8b9c456f30a2: no agents available; will retry on subsequent port and subnet creation events.
2026-07-15 00:12:56.092 10 INFO neutron.db.ovn_revision_numbers_db [None req-72529061-4149-428f-8bec-ee959d9f1f3d 94380dc1e3b548a7af5ded48087c32be e5b400080edf41d491a733278747ae22 - - default default] Successfully bumped revision number for resource 25ff0741-5938-43f1-a167-154ab5882b6d (type: security_group_rules) to 0
2026-07-15 00:12:56.126 10 INFO neutron.api.wsgi [None req-72529061-4149-428f-8bec-ee959d9f1f3d 94380dc1e3b548a7af5ded48087c32be e5b400080edf41d491a733278747ae22 - - default default] 10.0.0.197 "POST /v2.0/security-group-rules HTTP/1.1" status: 201 len: 796 time: 0.2197640
2026-07-15 00:12:56.132 10 INFO neutron.db.ovn_revision_numbers_db [None req-87835d9c-d810-4935-a9f8-ccc4c9faa3cd - - - - - -] Successfully bumped revision number for resource 6cda3e67-3f76-41fe-bff6-b1297a2995eb (type: ports) to 4
2026-07-15 00:12:56.136 10 WARNING neutron_lib.context [None req-bccd262d-f9e5-4b2f-acc5-be90c1fd047c 94380dc1e3b548a7af5ded48087c32be e5b400080edf41d491a733278747ae22 - - default default] Method 'is_advsvc' is deprecated since 2023.2 release (neutron-lib 3.8.0) and will be removed once support for the old RBAC API policies will be removed from Neutron. Please use method 'is_service_role' instead.
2026-07-15 00:12:56.245 10 INFO neutron.db.ovn_revision_numbers_db [None req-bccd262d-f9e5-4b2f-acc5-be90c1fd047c 94380dc1e3b548a7af5ded48087c32be e5b400080edf41d491a733278747ae22 - - default default] Successfully bumped revision number for resource a400e06a-8b0e-49da-a2e9-30f7c52ccff5 (type: security_group_rules) to 0
2026-07-15 00:12:56.274 10 INFO neutron.api.wsgi [None req-bccd262d-f9e5-4b2f-acc5-be90c1fd047c 94380dc1e3b548a7af5ded48087c32be e5b400080edf41d491a733278747ae22 - - default default] 10.0.0.197 "POST /v2.0/security-group-rules HTTP/1.1" status: 201 len: 801 time: 0.1426008
2026-07-15 00:12:56.283 10 WARNING neutron_lib.context [None req-2b7df6a5-1429-4111-b75b-58584620f7cc 94380dc1e3b548a7af5ded48087c32be e5b400080edf41d491a733278747ae22 - - default default] Method 'is_advsvc' is deprecated since 2023.2 release (neutron-lib 3.8.0) and will be removed once support for the old RBAC API policies will be removed from Neutron. Please use method 'is_service_role' instead.
2026-07-15 00:12:56.318 9 INFO neutron.db.ovn_revision_numbers_db [None req-7369b1a2-8916-489d-a826-1dca7a35b26a - - - - - -] Successfully bumped revision number for resource 95087992-aead-4059-8df7-b6ab85c3e33f (type: ports) to 1
2026-07-15 00:12:56.433 10 INFO neutron.db.ovn_revision_numbers_db [None req-87835d9c-d810-4935-a9f8-ccc4c9faa3cd - - - - - -] Successfully bumped revision number for resource 6cda3e67-3f76-41fe-bff6-b1297a2995eb (type: ports) to 5
2026-07-15 00:12:56.436 9 INFO neutron.api.wsgi [None req-6d2928fe-7c24-40d5-9312-dd28a0798fca 682e8349a6264ba9a7f0189fc5a4f691 f4d7ab641c9545ca8053a9f86bc56c70 - - default default] 10.0.0.197 "POST /v2.0/floatingips HTTP/1.1" status: 201 len: 751 time: 1.0242822
2026-07-15 00:12:56.480 10 WARNING neutron.scheduler.dhcp_agent_scheduler [None req-2b7df6a5-1429-4111-b75b-58584620f7cc 94380dc1e3b548a7af5ded48087c32be e5b400080edf41d491a733278747ae22 - - default default] No more DHCP agents
2026-07-15 00:12:56.482 10 WARNING neutron.api.rpc.agentnotifiers.dhcp_rpc_agent_api [None req-2b7df6a5-1429-4111-b75b-58584620f7cc 94380dc1e3b548a7af5ded48087c32be e5b400080edf41d491a733278747ae22 - - default default] Unable to schedule network 11c62d4d-75c2-42dc-a014-8b9c456f30a2: no agents available; will retry on subsequent port and subnet creation events.
2026-07-15 00:12:56.539 9 INFO neutron.api.wsgi [None req-795474ba-6707-4412-bbae-4c06e87d0140 a3c2eea498774aa2ad3f896adf14ce4f 256aea4b083741ca84fb93f404a49b56 - - default default] 10.0.0.197 "POST /v2.0/floatingips HTTP/1.1" status: 201 len: 751 time: 1.0164301
2026-07-15 00:12:56.682 9 WARNING neutron.scheduler.dhcp_agent_scheduler [None req-0a73feeb-244b-4b0f-a2b2-2922bcdd5122 06bbd1ce37784b188c8b912a4d9ab8b3 960b28e35ccd47e99505804431eb5e67 - - default default] No more DHCP agents
2026-07-15 00:12:56.683 9 WARNING neutron.api.rpc.agentnotifiers.dhcp_rpc_agent_api [None req-0a73feeb-244b-4b0f-a2b2-2922bcdd5122 06bbd1ce37784b188c8b912a4d9ab8b3 960b28e35ccd47e99505804431eb5e67 - - default default] Unable to schedule network 2c077561-547b-4bfa-bdee-6db63472b502: no agents available; will retry on subsequent port and subnet creation events.
2026-07-15 00:12:56.733 9 INFO neutron.db.ovn_revision_numbers_db [None req-7369b1a2-8916-489d-a826-1dca7a35b26a - - - - - -] Successfully bumped revision number for resource 95087992-aead-4059-8df7-b6ab85c3e33f (type: ports) to 4
2026-07-15 00:12:56.773 10 INFO neutron.api.wsgi [None req-2b7df6a5-1429-4111-b75b-58584620f7cc 94380dc1e3b548a7af5ded48087c32be e5b400080edf41d491a733278747ae22 - - default default] 10.0.0.197 "POST /v2.0/floatingips HTTP/1.1" status: 201 len: 751 time: 0.4946396
2026-07-15 00:12:56.784 9 INFO neutron.db.ovn_revision_numbers_db [None req-0a73feeb-244b-4b0f-a2b2-2922bcdd5122 06bbd1ce37784b188c8b912a4d9ab8b3 960b28e35ccd47e99505804431eb5e67 - - default default] Successfully bumped revision number for resource 6d8241ad-edf9-41f5-9827-a14e442a72db (type: ports) to 1
2026-07-15 00:12:56.997 9 INFO neutron.plugins.ml2.drivers.ovn.mech_driver.mech_driver [None req-6941fd52-dfe3-472f-8ad2-e7cb7e9188d5 - - - - - -] OVN reports status up for port: ed4109cd-42d4-4d15-92a8-845a501234e8
2026-07-15 00:12:57.011 9 INFO neutron.plugins.ml2.plugin [None req-6941fd52-dfe3-472f-8ad2-e7cb7e9188d5 - - - - - -] Attempt 1 to provision port ed4109cd-42d4-4d15-92a8-845a501234e8
2026-07-15 00:12:57.107 9 INFO neutron.db.ovn_revision_numbers_db [None req-7369b1a2-8916-489d-a826-1dca7a35b26a - - - - - -] Successfully bumped revision number for resource 95087992-aead-4059-8df7-b6ab85c3e33f (type: ports) to 5
2026-07-15 00:12:57.318 10 INFO neutron.api.wsgi [req-d747e986-5fa7-473c-a583-9c7971946072 req-799dd90d-e9f8-44e1-9274-f3a1f66a9d5f 682e8349a6264ba9a7f0189fc5a4f691 f4d7ab641c9545ca8053a9f86bc56c70 - - default default] 10.0.0.184 "GET /v2.0/security-groups?name=tempest-securitygroup--2011159787&fields=id&tenant_id=f4d7ab641c9545ca8053a9f86bc56c70 HTTP/1.1" status: 200 len: 267 time: 0.0436025
2026-07-15 00:12:57.365 10 INFO neutron.api.wsgi [req-d747e986-5fa7-473c-a583-9c7971946072 req-2fe97ee4-9402-4bce-bdb2-1b432b6855f1 682e8349a6264ba9a7f0189fc5a4f691 f4d7ab641c9545ca8053a9f86bc56c70 - - default default] 10.0.0.184 "GET /v2.0/networks?id=aeab2104-80f5-4146-bacf-81703f276616 HTTP/1.1" status: 200 len: 875 time: 0.0428028
2026-07-15 00:12:57.376 10 INFO neutron.api.wsgi [req-d747e986-5fa7-473c-a583-9c7971946072 req-10bb3ec6-7e03-4f85-bae3-bf4da220d146 682e8349a6264ba9a7f0189fc5a4f691 f4d7ab641c9545ca8053a9f86bc56c70 - - default default] 10.0.0.184 "GET /v2.0/quotas/f4d7ab641c9545ca8053a9f86bc56c70 HTTP/1.1" status: 200 len: 491 time: 0.0073054
2026-07-15 00:12:57.466 10 INFO neutron.api.wsgi [req-d747e986-5fa7-473c-a583-9c7971946072 req-ff104e18-0bb4-4780-9ea7-53fc4fc316d2 682e8349a6264ba9a7f0189fc5a4f691 f4d7ab641c9545ca8053a9f86bc56c70 - - default default] 10.0.0.184 "GET /v2.0/ports?tenant_id=f4d7ab641c9545ca8053a9f86bc56c70&fields=id HTTP/1.1" status: 200 len: 302 time: 0.0874145
2026-07-15 00:12:57.522 10 INFO neutron.api.wsgi [req-e777efb0-1a30-4813-b259-535f81d31f0f req-8a8ed256-99fd-4a77-97ca-d4b00fe37bc1 94380dc1e3b548a7af5ded48087c32be e5b400080edf41d491a733278747ae22 - - default default] 10.0.0.184 "GET /v2.0/security-groups?name=tempest-securitygroup--407979400&fields=id&tenant_id=e5b400080edf41d491a733278747ae22 HTTP/1.1" status: 200 len: 267 time: 0.0298169
2026-07-15 00:12:57.546 9 INFO neutron.db.ovn_revision_numbers_db [None req-6941fd52-dfe3-472f-8ad2-e7cb7e9188d5 - - - - - -] Successfully bumped revision number for resource ed4109cd-42d4-4d15-92a8-845a501234e8 (type: ports) to 2
2026-07-15 00:12:57.548 9 INFO neutron.db.ovn_revision_numbers_db [None req-0a73feeb-244b-4b0f-a2b2-2922bcdd5122 06bbd1ce37784b188c8b912a4d9ab8b3 960b28e35ccd47e99505804431eb5e67 - - default default] Successfully bumped revision number for resource 6d8241ad-edf9-41f5-9827-a14e442a72db (type: ports) to 1
2026-07-15 00:12:57.571 10 INFO neutron.api.wsgi [req-e777efb0-1a30-4813-b259-535f81d31f0f req-6179af11-0e89-4552-9fbe-3f5e6895e91d 94380dc1e3b548a7af5ded48087c32be e5b400080edf41d491a733278747ae22 - - default default] 10.0.0.184 "GET /v2.0/networks?id=73bba3e6-2532-4fe5-b732-f029c94a638d HTTP/1.1" status: 200 len: 883 time: 0.0417230
2026-07-15 00:12:57.584 10 INFO neutron.api.wsgi [req-e777efb0-1a30-4813-b259-535f81d31f0f req-d805f1a6-2c72-43cf-991e-3178c228a3cd 94380dc1e3b548a7af5ded48087c32be e5b400080edf41d491a733278747ae22 - - default default] 10.0.0.184 "GET /v2.0/quotas/e5b400080edf41d491a733278747ae22 HTTP/1.1" status: 200 len: 491 time: 0.0075986
2026-07-15 00:12:57.598 9 WARNING neutron.scheduler.dhcp_agent_scheduler [None req-0a73feeb-244b-4b0f-a2b2-2922bcdd5122 06bbd1ce37784b188c8b912a4d9ab8b3 960b28e35ccd47e99505804431eb5e67 - - default default] No more DHCP agents
2026-07-15 00:12:57.601 9 WARNING neutron.api.rpc.agentnotifiers.dhcp_rpc_agent_api [None req-0a73feeb-244b-4b0f-a2b2-2922bcdd5122 06bbd1ce37784b188c8b912a4d9ab8b3 960b28e35ccd47e99505804431eb5e67 - - default default] Unable to schedule network 2c077561-547b-4bfa-bdee-6db63472b502: no agents available; will retry on subsequent port and subnet creation events.
2026-07-15 00:12:57.649 10 INFO neutron.api.wsgi [req-e777efb0-1a30-4813-b259-535f81d31f0f req-44cedcf7-759f-4eda-886f-47cdca2a8a72 94380dc1e3b548a7af5ded48087c32be e5b400080edf41d491a733278747ae22 - - default default] 10.0.0.184 "GET /v2.0/ports?tenant_id=e5b400080edf41d491a733278747ae22&fields=id HTTP/1.1" status: 200 len: 302 time: 0.0600088
2026-07-15 00:12:57.699 9 INFO neutron.api.wsgi [-] 10.0.0.116 "GET / HTTP/1.1" status: 200 len: 247 time: 0.0012643
2026-07-15 00:12:57.699 10 INFO neutron.api.wsgi [-] 10.0.0.116 "GET / HTTP/1.1" status: 200 len: 247 time: 0.0016601
2026-07-15 00:12:57.907 10 INFO neutron.api.wsgi [req-d747e986-5fa7-473c-a583-9c7971946072 req-f23f237e-9796-4744-9060-3fbfafa3caac d5ae2cf065ab44848f923adf2beddf32 4a149269de794c39877fe605b8c6d58d - - f0d5bd53a426406e954dc45cfa6f09c6 f0d5bd53a426406e954dc45cfa6f09c6] 10.0.0.184 "GET /v2.0/extensions HTTP/1.1" status: 200 len: 19298 time: 0.0533912
2026-07-15 00:12:57.976 10 INFO neutron.api.wsgi [req-d747e986-5fa7-473c-a583-9c7971946072 req-c236d9e5-117a-4e67-bf0c-c2d12dc2148b d5ae2cf065ab44848f923adf2beddf32 4a149269de794c39877fe605b8c6d58d - - f0d5bd53a426406e954dc45cfa6f09c6 f0d5bd53a426406e954dc45cfa6f09c6] 10.0.0.184 "GET /v2.0/networks/aeab2104-80f5-4146-bacf-81703f276616?fields=segments HTTP/1.1" status: 200 len: 212 time: 0.0636947
2026-07-15 00:12:58.019 10 INFO neutron.api.wsgi [req-d747e986-5fa7-473c-a583-9c7971946072 req-8f568e9b-7d6f-4854-bce5-d15aba91406d d5ae2cf065ab44848f923adf2beddf32 4a149269de794c39877fe605b8c6d58d - - f0d5bd53a426406e954dc45cfa6f09c6 f0d5bd53a426406e954dc45cfa6f09c6] 10.0.0.184 "GET /v2.0/networks/aeab2104-80f5-4146-bacf-81703f276616?fields=provider%3Aphysical_network&fields=provider%3Anetwork_type HTTP/1.1" status: 200 len: 277 time: 0.0373971
2026-07-15 00:12:58.027 10 INFO neutron.api.wsgi [req-e777efb0-1a30-4813-b259-535f81d31f0f req-9dd76534-ad1e-457e-9499-844162960692 d5ae2cf065ab44848f923adf2beddf32 4a149269de794c39877fe605b8c6d58d - - f0d5bd53a426406e954dc45cfa6f09c6 f0d5bd53a426406e954dc45cfa6f09c6] 10.0.0.184 "GET /v2.0/extensions HTTP/1.1" status: 200 len: 19298 time: 0.0330114
2026-07-15 00:12:58.071 10 INFO neutron.api.wsgi [req-e777efb0-1a30-4813-b259-535f81d31f0f req-99449194-db2f-48f9-a33f-282735719208 d5ae2cf065ab44848f923adf2beddf32 4a149269de794c39877fe605b8c6d58d - - f0d5bd53a426406e954dc45cfa6f09c6 f0d5bd53a426406e954dc45cfa6f09c6] 10.0.0.184 "GET /v2.0/networks/73bba3e6-2532-4fe5-b732-f029c94a638d?fields=segments HTTP/1.1" status: 200 len: 212 time: 0.0359714
2026-07-15 00:12:58.109 10 INFO neutron.api.wsgi [req-e777efb0-1a30-4813-b259-535f81d31f0f req-1a522d81-f5c5-4ae0-89ad-41d8861dde30 d5ae2cf065ab44848f923adf2beddf32 4a149269de794c39877fe605b8c6d58d - - f0d5bd53a426406e954dc45cfa6f09c6 f0d5bd53a426406e954dc45cfa6f09c6] 10.0.0.184 "GET /v2.0/networks/73bba3e6-2532-4fe5-b732-f029c94a638d?fields=provider%3Aphysical_network&fields=provider%3Anetwork_type HTTP/1.1" status: 200 len: 277 time: 0.0324190
2026-07-15 00:12:58.201 10 INFO neutron.api.wsgi [req-1436d1b4-3346-47c9-878c-416e26131351 req-275e652f-f3a5-47a6-a4de-3017f0f763b8 682e8349a6264ba9a7f0189fc5a4f691 f4d7ab641c9545ca8053a9f86bc56c70 - - default default] 10.0.0.184 "GET /v2.0/ports?device_id=61fe8ed8-4492-4874-b6c8-656b7d5fe533 HTTP/1.1" status: 200 len: 210 time: 0.0452929
2026-07-15 00:12:58.260 10 INFO neutron.api.wsgi [req-acc78d34-635a-4d20-b6e8-bdd8cdc142e1 req-65dab978-7c58-496b-a1b7-2a2df0273b13 94380dc1e3b548a7af5ded48087c32be e5b400080edf41d491a733278747ae22 - - default default] 10.0.0.184 "GET /v2.0/ports?device_id=ad59e520-f544-423d-a033-b2178bb91133 HTTP/1.1" status: 200 len: 210 time: 0.0164189
2026-07-15 00:12:58.297 9 INFO neutron.db.ovn_revision_numbers_db [None req-0a73feeb-244b-4b0f-a2b2-2922bcdd5122 06bbd1ce37784b188c8b912a4d9ab8b3 960b28e35ccd47e99505804431eb5e67 - - default default] Successfully bumped revision number for resource 6d8241ad-edf9-41f5-9827-a14e442a72db (type: router_ports) to 1
2026-07-15 00:12:58.302 9 INFO neutron.api.wsgi [None req-0a73feeb-244b-4b0f-a2b2-2922bcdd5122 06bbd1ce37784b188c8b912a4d9ab8b3 960b28e35ccd47e99505804431eb5e67 - - default default] 10.0.0.197 "PUT /v2.0/routers/c1e30499-273e-4f9d-b129-058147c9c97e/add_router_interface HTTP/1.1" status: 200 len: 503 time: 2.4751637
2026-07-15 00:12:58.728 10 WARNING neutron_lib.context [req-905199e5-5557-404b-8673-e613f50e49d3 req-5daf631a-ff4b-4027-b9ed-0aebb5f442f6 791a5ab5a72d4e6b99b9823472dfe8ec b2dabcf71cff4b6eb3205451275637c4 - - default default] Method 'is_advsvc' is deprecated since 2023.2 release (neutron-lib 3.8.0) and will be removed once support for the old RBAC API policies will be removed from Neutron. Please use method 'is_service_role' instead.
2026-07-15 00:12:58.821 10 INFO neutron.db.ovn_revision_numbers_db [req-905199e5-5557-404b-8673-e613f50e49d3 req-5daf631a-ff4b-4027-b9ed-0aebb5f442f6 791a5ab5a72d4e6b99b9823472dfe8ec b2dabcf71cff4b6eb3205451275637c4 - - default default] Successfully bumped revision number for resource c5d38c50-df73-4c02-a927-8f3e26767a36 (type: security_groups) to 1
2026-07-15 00:12:58.836 10 INFO neutron.db.ovn_revision_numbers_db [req-905199e5-5557-404b-8673-e613f50e49d3 req-5daf631a-ff4b-4027-b9ed-0aebb5f442f6 791a5ab5a72d4e6b99b9823472dfe8ec b2dabcf71cff4b6eb3205451275637c4 - - default default] Successfully bumped revision number for resource 1cbe6b83-4382-4d30-9a2b-1ca1f155f48d (type: security_group_rules) to 0
2026-07-15 00:12:58.849 10 INFO neutron.db.ovn_revision_numbers_db [req-905199e5-5557-404b-8673-e613f50e49d3 req-5daf631a-ff4b-4027-b9ed-0aebb5f442f6 791a5ab5a72d4e6b99b9823472dfe8ec b2dabcf71cff4b6eb3205451275637c4 - - default default] Successfully bumped revision number for resource ba000a56-2a1b-4639-88c3-14f10f2b02fc (type: security_group_rules) to 0
2026-07-15 00:12:58.902 10 INFO neutron.api.wsgi [req-905199e5-5557-404b-8673-e613f50e49d3 req-5daf631a-ff4b-4027-b9ed-0aebb5f442f6 791a5ab5a72d4e6b99b9823472dfe8ec b2dabcf71cff4b6eb3205451275637c4 - - default default] 10.0.0.184 "POST /v2.0/security-groups HTTP/1.1" status: 201 len: 1888 time: 0.1780260
2026-07-15 00:12:58.958 10 INFO neutron.api.wsgi [req-dfcf3ab5-6b9b-4430-8802-fbb34076309d req-eb996af5-f46a-4858-b908-6812ee48c2bc 791a5ab5a72d4e6b99b9823472dfe8ec b2dabcf71cff4b6eb3205451275637c4 - - default default] 10.0.0.184 "GET /v2.0/security-groups/c5d38c50-df73-4c02-a927-8f3e26767a36 HTTP/1.1" status: 200 len: 1883 time: 0.0290794
2026-07-15 00:12:58.972 10 WARNING neutron_lib.context [req-dfcf3ab5-6b9b-4430-8802-fbb34076309d req-79f535da-6947-42a3-90cc-c6544ce082e8 791a5ab5a72d4e6b99b9823472dfe8ec b2dabcf71cff4b6eb3205451275637c4 - - default default] Method 'is_advsvc' is deprecated since 2023.2 release (neutron-lib 3.8.0) and will be removed once support for the old RBAC API policies will be removed from Neutron. Please use method 'is_service_role' instead.
2026-07-15 00:12:59.083 10 INFO neutron.db.ovn_revision_numbers_db [req-dfcf3ab5-6b9b-4430-8802-fbb34076309d req-79f535da-6947-42a3-90cc-c6544ce082e8 791a5ab5a72d4e6b99b9823472dfe8ec b2dabcf71cff4b6eb3205451275637c4 - - default default] Successfully bumped revision number for resource 844e1041-2baf-4d6c-9142-b50e91a77eb5 (type: security_group_rules) to 0
2026-07-15 00:12:59.110 10 INFO neutron.api.wsgi [req-dfcf3ab5-6b9b-4430-8802-fbb34076309d req-79f535da-6947-42a3-90cc-c6544ce082e8 791a5ab5a72d4e6b99b9823472dfe8ec b2dabcf71cff4b6eb3205451275637c4 - - default default] 10.0.0.184 "POST /v2.0/security-group-rules HTTP/1.1" status: 201 len: 818 time: 0.1445920
2026-07-15 00:12:59.140 10 WARNING neutron_lib.context [req-62581d66-fc98-482b-b9e8-18120877284e req-0cc0dc7a-fd2b-40dc-ac9f-f8f6dcdc982f 791a5ab5a72d4e6b99b9823472dfe8ec b2dabcf71cff4b6eb3205451275637c4 - - default default] Method 'is_advsvc' is deprecated since 2023.2 release (neutron-lib 3.8.0) and will be removed once support for the old RBAC API policies will be removed from Neutron. Please use method 'is_service_role' instead.
2026-07-15 00:12:59.249 10 INFO neutron.db.ovn_revision_numbers_db [req-62581d66-fc98-482b-b9e8-18120877284e req-0cc0dc7a-fd2b-40dc-ac9f-f8f6dcdc982f 791a5ab5a72d4e6b99b9823472dfe8ec b2dabcf71cff4b6eb3205451275637c4 - - default default] Successfully bumped revision number for resource 29a9acd1-47ff-4f55-a42a-8da0ba68db38 (type: security_groups) to 1
2026-07-15 00:12:59.259 10 INFO neutron.db.ovn_revision_numbers_db [req-62581d66-fc98-482b-b9e8-18120877284e req-0cc0dc7a-fd2b-40dc-ac9f-f8f6dcdc982f 791a5ab5a72d4e6b99b9823472dfe8ec b2dabcf71cff4b6eb3205451275637c4 - - default default] Successfully bumped revision number for resource 58564044-fa31-4022-b45e-0f7688efd090 (type: security_group_rules) to 0
2026-07-15 00:12:59.270 10 INFO neutron.db.ovn_revision_numbers_db [req-62581d66-fc98-482b-b9e8-18120877284e req-0cc0dc7a-fd2b-40dc-ac9f-f8f6dcdc982f 791a5ab5a72d4e6b99b9823472dfe8ec b2dabcf71cff4b6eb3205451275637c4 - - default default] Successfully bumped revision number for resource cfd75e81-e2d3-4c4e-ab9e-17ee2091d52e (type: security_group_rules) to 0
2026-07-15 00:12:59.311 10 INFO neutron.api.wsgi [req-62581d66-fc98-482b-b9e8-18120877284e req-0cc0dc7a-fd2b-40dc-ac9f-f8f6dcdc982f 791a5ab5a72d4e6b99b9823472dfe8ec b2dabcf71cff4b6eb3205451275637c4 - - default default] 10.0.0.184 "POST /v2.0/security-groups HTTP/1.1" status: 201 len: 1891 time: 0.1762903
2026-07-15 00:12:59.312 10 INFO neutron.api.wsgi [req-5999b3b1-bb0c-4a21-8f3d-e1b688d4a29e req-bf55cc26-63e7-451f-8ab2-184b7dc14314 682e8349a6264ba9a7f0189fc5a4f691 f4d7ab641c9545ca8053a9f86bc56c70 - - default default] 10.0.0.184 "GET /v2.0/ports?device_id=61fe8ed8-4492-4874-b6c8-656b7d5fe533 HTTP/1.1" status: 200 len: 210 time: 0.0207372
2026-07-15 00:12:59.357 10 INFO neutron.api.wsgi [req-f646fdbc-0325-466e-9e44-4c9c0c2a5222 req-3c022564-160a-40ae-aded-c1f4c3346ca4 791a5ab5a72d4e6b99b9823472dfe8ec b2dabcf71cff4b6eb3205451275637c4 - - default default] 10.0.0.184 "GET /v2.0/security-groups/29a9acd1-47ff-4f55-a42a-8da0ba68db38 HTTP/1.1" status: 200 len: 1886 time: 0.0223570
2026-07-15 00:12:59.369 10 WARNING neutron_lib.context [req-f646fdbc-0325-466e-9e44-4c9c0c2a5222 req-ea1f5482-3486-4175-8c9f-81e8aa73a4ed 791a5ab5a72d4e6b99b9823472dfe8ec b2dabcf71cff4b6eb3205451275637c4 - - default default] Method 'is_advsvc' is deprecated since 2023.2 release (neutron-lib 3.8.0) and will be removed once support for the old RBAC API policies will be removed from Neutron. Please use method 'is_service_role' instead.
2026-07-15 00:12:59.390 10 INFO neutron.api.wsgi [req-b7403a89-51b0-4654-a558-a45f70787571 req-3d43be46-964a-45af-a3c0-792b1325d094 94380dc1e3b548a7af5ded48087c32be e5b400080edf41d491a733278747ae22 - - default default] 10.0.0.184 "GET /v2.0/ports?device_id=ad59e520-f544-423d-a033-b2178bb91133 HTTP/1.1" status: 200 len: 210 time: 0.0141053
2026-07-15 00:12:59.484 10 INFO neutron.db.ovn_revision_numbers_db [req-f646fdbc-0325-466e-9e44-4c9c0c2a5222 req-ea1f5482-3486-4175-8c9f-81e8aa73a4ed 791a5ab5a72d4e6b99b9823472dfe8ec b2dabcf71cff4b6eb3205451275637c4 - - default default] Successfully bumped revision number for resource 22b7cf4f-6c2c-4ae1-a97a-9ccedf32726c (type: security_group_rules) to 0
2026-07-15 00:12:59.510 10 INFO neutron.api.wsgi [req-f646fdbc-0325-466e-9e44-4c9c0c2a5222 req-ea1f5482-3486-4175-8c9f-81e8aa73a4ed 791a5ab5a72d4e6b99b9823472dfe8ec b2dabcf71cff4b6eb3205451275637c4 - - default default] 10.0.0.184 "POST /v2.0/security-group-rules HTTP/1.1" status: 201 len: 818 time: 0.1477571
2026-07-15 00:12:59.561 10 INFO neutron.api.wsgi [req-de1c3916-fcb1-44ac-9155-9d3d1ae58e56 req-80b3d036-691c-451d-adb5-ab5e2eef1501 791a5ab5a72d4e6b99b9823472dfe8ec b2dabcf71cff4b6eb3205451275637c4 - - default default] 10.0.0.184 "GET /v2.0/security-groups/29a9acd1-47ff-4f55-a42a-8da0ba68db38 HTTP/1.1" status: 200 len: 2511 time: 0.0307817
2026-07-15 00:12:59.572 10 WARNING neutron_lib.context [req-de1c3916-fcb1-44ac-9155-9d3d1ae58e56 req-b52c73a7-b1d6-4d6d-b286-fc8958982932 791a5ab5a72d4e6b99b9823472dfe8ec b2dabcf71cff4b6eb3205451275637c4 - - default default] Method 'is_advsvc' is deprecated since 2023.2 release (neutron-lib 3.8.0) and will be removed once support for the old RBAC API policies will be removed from Neutron. Please use method 'is_service_role' instead.
2026-07-15 00:12:59.682 10 INFO neutron.db.ovn_revision_numbers_db [req-de1c3916-fcb1-44ac-9155-9d3d1ae58e56 req-b52c73a7-b1d6-4d6d-b286-fc8958982932 791a5ab5a72d4e6b99b9823472dfe8ec b2dabcf71cff4b6eb3205451275637c4 - - default default] Successfully bumped revision number for resource 7d5fa3a3-e814-47d6-832f-d85ffdedaab2 (type: security_group_rules) to 0
2026-07-15 00:12:59.707 10 INFO neutron.api.wsgi [req-de1c3916-fcb1-44ac-9155-9d3d1ae58e56 req-b52c73a7-b1d6-4d6d-b286-fc8958982932 791a5ab5a72d4e6b99b9823472dfe8ec b2dabcf71cff4b6eb3205451275637c4 - - default default] 10.0.0.184 "POST /v2.0/security-group-rules HTTP/1.1" status: 201 len: 823 time: 0.1392393
2026-07-15 00:12:59.753 10 INFO neutron.api.wsgi [req-2491cbf3-927b-4537-a8b9-106fbf8ebf5f req-70d95356-8178-439f-998d-ccdd12233c45 791a5ab5a72d4e6b99b9823472dfe8ec b2dabcf71cff4b6eb3205451275637c4 - - default default] 10.0.0.184 "GET /v2.0/security-groups/29a9acd1-47ff-4f55-a42a-8da0ba68db38 HTTP/1.1" status: 200 len: 3141 time: 0.0260820
2026-07-15 00:12:59.792 10 INFO neutron.api.wsgi [req-457f525b-bf08-447a-a600-a364528ea109 req-f4fef23c-3095-44e4-b9bc-864e119641f1 791a5ab5a72d4e6b99b9823472dfe8ec b2dabcf71cff4b6eb3205451275637c4 - - default default] 10.0.0.184 "GET /v2.0/security-group-rules/7d5fa3a3-e814-47d6-832f-d85ffdedaab2 HTTP/1.1" status: 200 len: 815 time: 0.0181682
2026-07-15 00:12:59.825 10 INFO neutron.api.wsgi [req-457f525b-bf08-447a-a600-a364528ea109 req-12b4b527-98ad-4b48-8c84-eb66c1fe9f1e 791a5ab5a72d4e6b99b9823472dfe8ec b2dabcf71cff4b6eb3205451275637c4 - - default default] 10.0.0.184 "GET /v2.0/security-groups/29a9acd1-47ff-4f55-a42a-8da0ba68db38 HTTP/1.1" status: 200 len: 3141 time: 0.0271955
2026-07-15 00:12:59.965 10 WARNING neutron.plugins.ml2.drivers.ovn.mech_driver.ovsdb.ovn_client [None req-789cc812-1b4d-4ebb-8a86-d0e826c14771 - - - - - -] No hosting information found for port 729e4d61-54c0-4696-a7d7-f88465dc3fc2: RuntimeError: No hosting information found for port 729e4d61-54c0-4696-a7d7-f88465dc3fc2
2026-07-15 00:12:59.965 10 INFO neutron.plugins.ml2.drivers.ovn.mech_driver.mech_driver [None req-789cc812-1b4d-4ebb-8a86-d0e826c14771 - - - - - -] OVN reports status up for port: 6f2b5602-c45c-464c-9469-23afad951c6e
2026-07-15 00:12:59.970 10 INFO neutron.plugins.ml2.plugin [None req-789cc812-1b4d-4ebb-8a86-d0e826c14771 - - - - - -] Attempt 1 to provision port 6f2b5602-c45c-464c-9469-23afad951c6e
2026-07-15 00:12:59.984 10 INFO neutron.api.wsgi [req-457f525b-bf08-447a-a600-a364528ea109 req-13aaeccb-6a3f-4052-b19c-a9b892907c13 791a5ab5a72d4e6b99b9823472dfe8ec b2dabcf71cff4b6eb3205451275637c4 - - default default] 10.0.0.184 "DELETE /v2.0/security-group-rules/7d5fa3a3-e814-47d6-832f-d85ffdedaab2 HTTP/1.1" status: 204 len: 173 time: 0.1530478
2026-07-15 00:13:00.029 10 INFO neutron.api.wsgi [req-09c754d6-4dd0-4455-af57-f617cfb3bdf4 req-1385e6bb-9936-457b-8952-15d45a72af0c 791a5ab5a72d4e6b99b9823472dfe8ec b2dabcf71cff4b6eb3205451275637c4 - - default default] 10.0.0.184 "GET /v2.0/security-groups/29a9acd1-47ff-4f55-a42a-8da0ba68db38 HTTP/1.1" status: 200 len: 2511 time: 0.0270855
2026-07-15 00:13:00.170 10 INFO neutron.api.wsgi [req-09c754d6-4dd0-4455-af57-f617cfb3bdf4 req-e187bc8c-efb6-40f9-bbd6-910bfd749231 791a5ab5a72d4e6b99b9823472dfe8ec b2dabcf71cff4b6eb3205451275637c4 - - default default] 10.0.0.184 "DELETE /v2.0/security-groups/29a9acd1-47ff-4f55-a42a-8da0ba68db38 HTTP/1.1" status: 204 len: 173 time: 0.1345854
2026-07-15 00:13:00.224 10 INFO neutron.api.wsgi [req-f5d8062d-2a3e-415a-9913-1462974fa6f5 req-c27247a2-4778-418c-82c6-28513a5ac578 791a5ab5a72d4e6b99b9823472dfe8ec b2dabcf71cff4b6eb3205451275637c4 - - default default] 10.0.0.184 "GET /v2.0/security-groups/c5d38c50-df73-4c02-a927-8f3e26767a36 HTTP/1.1" status: 200 len: 2508 time: 0.0346959
2026-07-15 00:13:00.467 10 INFO neutron.api.wsgi [req-21d08a74-d480-4ab3-9be5-5cba0909286c req-26444b3f-2959-453b-b889-c27daaa0ac8e 682e8349a6264ba9a7f0189fc5a4f691 f4d7ab641c9545ca8053a9f86bc56c70 - - default default] 10.0.0.184 "GET /v2.0/ports?device_id=61fe8ed8-4492-4874-b6c8-656b7d5fe533 HTTP/1.1" status: 200 len: 210 time: 0.0176618
2026-07-15 00:13:00.529 10 INFO neutron.api.wsgi [req-8d762a76-a208-49db-917d-bae47af60aa9 req-ffa198c5-6237-4eff-883c-bd1d184f060c 94380dc1e3b548a7af5ded48087c32be e5b400080edf41d491a733278747ae22 - - default default] 10.0.0.184 "GET /v2.0/ports?device_id=ad59e520-f544-423d-a033-b2178bb91133 HTTP/1.1" status: 200 len: 210 time: 0.0165725
2026-07-15 00:13:00.550 10 INFO neutron.api.wsgi [req-f5d8062d-2a3e-415a-9913-1462974fa6f5 req-c4daac9f-4249-4eff-8225-cb4f9990c30c 791a5ab5a72d4e6b99b9823472dfe8ec b2dabcf71cff4b6eb3205451275637c4 - - default default] 10.0.0.184 "DELETE /v2.0/security-groups/c5d38c50-df73-4c02-a927-8f3e26767a36 HTTP/1.1" status: 204 len: 173 time: 0.3217459
2026-07-15 00:13:00.551 10 INFO neutron.db.ovn_revision_numbers_db [None req-789cc812-1b4d-4ebb-8a86-d0e826c14771 - - - - - -] Successfully bumped revision number for resource 6f2b5602-c45c-464c-9469-23afad951c6e (type: ports) to 2
2026-07-15 00:13:01.178 10 INFO neutron.api.wsgi [req-22bb1648-a8e2-43f4-9ade-73558230c335 req-73e4bcb0-4bbb-4db9-858c-f285e0e723ad a3c2eea498774aa2ad3f896adf14ce4f 256aea4b083741ca84fb93f404a49b56 - - default default] 10.0.0.184 "GET /v2.0/security-groups?name=tempest-securitygroup--911613351&fields=id&tenant_id=256aea4b083741ca84fb93f404a49b56 HTTP/1.1" status: 200 len: 267 time: 0.0455425
2026-07-15 00:13:01.236 10 INFO neutron.api.wsgi [req-22bb1648-a8e2-43f4-9ade-73558230c335 req-d73f7cc3-9d08-4906-a56b-b6de35e4adac a3c2eea498774aa2ad3f896adf14ce4f 256aea4b083741ca84fb93f404a49b56 - - default default] 10.0.0.184 "GET /v2.0/networks?id=b5179a46-a9c3-476c-8d1c-066dbdeaea80 HTTP/1.1" status: 200 len: 878 time: 0.0535388
2026-07-15 00:13:01.250 10 INFO neutron.api.wsgi [req-22bb1648-a8e2-43f4-9ade-73558230c335 req-b917d54d-fa58-46f4-9b72-ba24d14edbeb a3c2eea498774aa2ad3f896adf14ce4f 256aea4b083741ca84fb93f404a49b56 - - default default] 10.0.0.184 "GET /v2.0/quotas/256aea4b083741ca84fb93f404a49b56 HTTP/1.1" status: 200 len: 491 time: 0.0107279
2026-07-15 00:13:01.330 10 INFO neutron.api.wsgi [req-22bb1648-a8e2-43f4-9ade-73558230c335 req-501b4254-1a81-4d51-881f-17d522331eba a3c2eea498774aa2ad3f896adf14ce4f 256aea4b083741ca84fb93f404a49b56 - - default default] 10.0.0.184 "GET /v2.0/ports?tenant_id=256aea4b083741ca84fb93f404a49b56&fields=id HTTP/1.1" status: 200 len: 302 time: 0.0762036
2026-07-15 00:13:01.383 10 INFO neutron.api.wsgi [req-22bb1648-a8e2-43f4-9ade-73558230c335 req-3da93653-b159-43cb-8812-039a08d9354f d5ae2cf065ab44848f923adf2beddf32 4a149269de794c39877fe605b8c6d58d - - f0d5bd53a426406e954dc45cfa6f09c6 f0d5bd53a426406e954dc45cfa6f09c6] 10.0.0.184 "GET /v2.0/networks/b5179a46-a9c3-476c-8d1c-066dbdeaea80?fields=segments HTTP/1.1" status: 200 len: 212 time: 0.0429244
2026-07-15 00:13:01.436 10 INFO neutron.api.wsgi [req-22bb1648-a8e2-43f4-9ade-73558230c335 req-ea478fa7-e01c-48b4-b8f6-c714bc5b1332 d5ae2cf065ab44848f923adf2beddf32 4a149269de794c39877fe605b8c6d58d - - f0d5bd53a426406e954dc45cfa6f09c6 f0d5bd53a426406e954dc45cfa6f09c6] 10.0.0.184 "GET /v2.0/networks/b5179a46-a9c3-476c-8d1c-066dbdeaea80?fields=provider%3Aphysical_network&fields=provider%3Anetwork_type HTTP/1.1" status: 200 len: 277 time: 0.0475576
2026-07-15 00:13:01.540 10 INFO neutron.api.wsgi [req-fc58c1de-e9fa-4bde-866c-8bb5766a7366 req-2958d428-c8f6-41dc-aab1-109181047c1b 682e8349a6264ba9a7f0189fc5a4f691 f4d7ab641c9545ca8053a9f86bc56c70 - - default default] 10.0.0.184 "GET /v2.0/ports?device_id=61fe8ed8-4492-4874-b6c8-656b7d5fe533 HTTP/1.1" status: 200 len: 210 time: 0.0166926
2026-07-15 00:13:01.604 10 INFO neutron.api.wsgi [req-1ef5ac5f-e435-4a26-8fa2-d0ef8a56dc60 req-0681cf2e-3d0f-455d-bbc1-8e20f555d70d 94380dc1e3b548a7af5ded48087c32be e5b400080edf41d491a733278747ae22 - - default default] 10.0.0.184 "GET /v2.0/ports?device_id=ad59e520-f544-423d-a033-b2178bb91133 HTTP/1.1" status: 200 len: 210 time: 0.0160561
2026-07-15 00:13:01.694 10 INFO neutron.api.wsgi [req-26c7902b-5315-41a1-a6f9-7c558ca49d1f req-ebaf0a63-5ea1-49c7-a416-ce28cfa04dea a3c2eea498774aa2ad3f896adf14ce4f 256aea4b083741ca84fb93f404a49b56 - - default default] 10.0.0.184 "GET /v2.0/ports?device_id=1c4b1828-1c60-4ad3-bf69-32d135d2a6fe HTTP/1.1" status: 200 len: 210 time: 0.0158093
2026-07-15 00:13:01.778 10 INFO neutron.api.wsgi [None req-806d74f0-8d1f-41e7-831d-04f7bd39a346 06bbd1ce37784b188c8b912a4d9ab8b3 960b28e35ccd47e99505804431eb5e67 - - default default] 10.0.0.197 "PUT /v2.0/routers/c1e30499-273e-4f9d-b129-058147c9c97e/remove_router_interface HTTP/1.1" status: 200 len: 503 time: 1.2201717 /var/lib/openstack/lib/python3.12/site-packages/pycadf/identifier.py:71: UserWarning: Invalid uuid: neutron. To ensure interoperability, identifiers should be a valid uuid. warnings.warn(('Invalid uuid: %s. To ensure interoperability, '
2026-07-15 00:13:02.385 10 INFO neutron.api.wsgi [None req-db97a33e-a788-41ab-9987-5878fed46e7e 06bbd1ce37784b188c8b912a4d9ab8b3 960b28e35ccd47e99505804431eb5e67 - - default default] 10.0.0.197 "DELETE /v2.0/routers/c1e30499-273e-4f9d-b129-058147c9c97e HTTP/1.1" status: 204 len: 168 time: 0.6022751
2026-07-15 00:13:02.540 9 INFO neutron.api.wsgi [None req-3715a710-bb76-4189-9fe8-d6dc11252937 06bbd1ce37784b188c8b912a4d9ab8b3 960b28e35ccd47e99505804431eb5e67 - - default default] 10.0.0.197 "DELETE /v2.0/subnets/0f863fa2-a514-4ca9-9f0a-85513bd7284d HTTP/1.1" status: 204 len: 168 time: 0.1502926
2026-07-15 00:13:02.613 10 INFO neutron.api.wsgi [req-cde40546-c78d-4918-bb8c-c7b23c8b2c18 req-64c80141-59bf-445c-b256-5d0c3dd0fa2a 682e8349a6264ba9a7f0189fc5a4f691 f4d7ab641c9545ca8053a9f86bc56c70 - - default default] 10.0.0.184 "GET /v2.0/ports?device_id=61fe8ed8-4492-4874-b6c8-656b7d5fe533 HTTP/1.1" status: 200 len: 210 time: 0.0176468
2026-07-15 00:13:02.670 10 INFO neutron.api.wsgi [req-ac33fd93-ff1f-4c61-aac7-51b643f79c6f req-b9093733-21ba-4978-b691-667a32b9861b 94380dc1e3b548a7af5ded48087c32be e5b400080edf41d491a733278747ae22 - - default default] 10.0.0.184 "GET /v2.0/ports?device_id=ad59e520-f544-423d-a033-b2178bb91133 HTTP/1.1" status: 200 len: 210 time: 0.0164604
2026-07-15 00:13:02.769 10 INFO neutron.api.wsgi [req-4c6389b5-2668-40db-80ed-685af7993597 req-141057dd-9020-4268-8d47-35c1fa5577ab a3c2eea498774aa2ad3f896adf14ce4f 256aea4b083741ca84fb93f404a49b56 - - default default] 10.0.0.184 "GET /v2.0/ports?device_id=1c4b1828-1c60-4ad3-bf69-32d135d2a6fe HTTP/1.1" status: 200 len: 210 time: 0.0157008
2026-07-15 00:13:02.905 9 INFO neutron.api.wsgi [None req-7e01058a-e80c-4a4b-9483-de966356baa1 06bbd1ce37784b188c8b912a4d9ab8b3 960b28e35ccd47e99505804431eb5e67 - - default default] 10.0.0.197 "DELETE /v2.0/networks/2c077561-547b-4bfa-bdee-6db63472b502 HTTP/1.1" status: 204 len: 168 time: 0.3591185
2026-07-15 00:13:03.042 9 INFO neutron.api.wsgi [req-d747e986-5fa7-473c-a583-9c7971946072 req-e401b472-f4b3-4454-b883-69af5bda61e1 682e8349a6264ba9a7f0189fc5a4f691 f4d7ab641c9545ca8053a9f86bc56c70 - - default default] 199.19.213.73 "GET /v2.0/networks?id=aeab2104-80f5-4146-bacf-81703f276616 HTTP/1.1" status: 200 len: 875 time: 0.0883968
2026-07-15 00:13:03.090 9 INFO neutron.api.wsgi [None req-a2ebd2f2-bd90-4bdd-8c42-54aca0e6afda 06bbd1ce37784b188c8b912a4d9ab8b3 960b28e35ccd47e99505804431eb5e67 - - default default] 10.0.0.197 "GET /v2.0/security-groups?tenant_id=b2dabcf71cff4b6eb3205451275637c4&name=default HTTP/1.1" status: 200 len: 3116 time: 0.0409069
2026-07-15 00:13:03.105 9 WARNING neutron.plugins.ml2.drivers.ovn.mech_driver.ovsdb.ovn_client [None req-5a205af7-0461-483f-a752-e0cba8779ddf - - - - - -] No hosting information found for port ed4109cd-42d4-4d15-92a8-845a501234e8: RuntimeError: No hosting information found for port ed4109cd-42d4-4d15-92a8-845a501234e8
2026-07-15 00:13:03.108 9 INFO neutron.api.wsgi [req-d747e986-5fa7-473c-a583-9c7971946072 req-c8a77819-54dd-4645-9f63-9c015e0d1f86 682e8349a6264ba9a7f0189fc5a4f691 f4d7ab641c9545ca8053a9f86bc56c70 - - default default] 199.19.213.73 "GET /v2.0/security-groups?fields=id&fields=name&tenant_id=f4d7ab641c9545ca8053a9f86bc56c70 HTTP/1.1" status: 200 len: 380 time: 0.0491130
2026-07-15 00:13:03.127 9 WARNING neutron_lib.context [req-d747e986-5fa7-473c-a583-9c7971946072 req-a4e748ac-91db-4391-b1e8-4c9e6e3c59b6 682e8349a6264ba9a7f0189fc5a4f691 f4d7ab641c9545ca8053a9f86bc56c70 - - default default] Method 'is_advsvc' is deprecated since 2023.2 release (neutron-lib 3.8.0) and will be removed once support for the old RBAC API policies will be removed from Neutron. Please use method 'is_service_role' instead.
2026-07-15 00:13:03.196 9 INFO neutron.db.ovn_revision_numbers_db [None req-5a205af7-0461-483f-a752-e0cba8779ddf - - - - - -] Successfully bumped revision number for resource ed4109cd-42d4-4d15-92a8-845a501234e8 (type: router_ports) to 2
2026-07-15 00:13:03.196 9 INFO neutron.plugins.ml2.drivers.ovn.mech_driver.mech_driver [None req-5a205af7-0461-483f-a752-e0cba8779ddf - - - - - -] OVN reports status up for port: 95087992-aead-4059-8df7-b6ab85c3e33f
2026-07-15 00:13:03.365 9 INFO neutron.services.segments.plugin [-] Segment 9f27918b-a66a-4872-92f5-c72d87ae14e6 resource provider aggregate not found
2026-07-15 00:13:03.371 9 INFO neutron.services.segments.plugin [-] Segment 9f27918b-a66a-4872-92f5-c72d87ae14e6 resource provider aggregate not found
2026-07-15 00:13:03.379 9 INFO neutron.services.segments.plugin [-] Segment 9f27918b-a66a-4872-92f5-c72d87ae14e6 resource provider not found; error: Placement Client Error (4xx): {"errors": [{"status": 404, "title": "Not Found", "detail": "The resource could not be found.\n\n No resource provider with uuid 9f27918b-a66a-4872-92f5-c72d87ae14e6 found for delete ", "request_id": "req-fe308940-6a72-453d-8f72-0028f641d8c7"}]}
2026-07-15 00:13:03.383 9 INFO neutron.services.segments.plugin [-] Segment 9f27918b-a66a-4872-92f5-c72d87ae14e6 resource provider not found; error: Placement Client Error (4xx): {"errors": [{"status": 404, "title": "Not Found", "detail": "The resource could not be found.\n\n No resource provider with uuid 9f27918b-a66a-4872-92f5-c72d87ae14e6 found for delete ", "request_id": "req-68f85504-55f3-49fd-8ac3-c7e672ee1277"}]}
2026-07-15 00:13:03.411 10 INFO neutron.api.wsgi [None req-d17cd7e6-8f15-462b-9c0b-e6f249e99a9c 06bbd1ce37784b188c8b912a4d9ab8b3 960b28e35ccd47e99505804431eb5e67 - - default default] 10.0.0.197 "DELETE /v2.0/security-groups/712d7deb-fedf-4cb3-9e59-363722e9deaf HTTP/1.1" status: 204 len: 168 time: 0.3158617
2026-07-15 00:13:03.637 9 WARNING neutron.scheduler.dhcp_agent_scheduler [req-d747e986-5fa7-473c-a583-9c7971946072 req-a4e748ac-91db-4391-b1e8-4c9e6e3c59b6 682e8349a6264ba9a7f0189fc5a4f691 f4d7ab641c9545ca8053a9f86bc56c70 - - default default] No more DHCP agents
2026-07-15 00:13:03.639 9 WARNING neutron.api.rpc.agentnotifiers.dhcp_rpc_agent_api [req-d747e986-5fa7-473c-a583-9c7971946072 req-a4e748ac-91db-4391-b1e8-4c9e6e3c59b6 682e8349a6264ba9a7f0189fc5a4f691 f4d7ab641c9545ca8053a9f86bc56c70 - - default default] Unable to schedule network aeab2104-80f5-4146-bacf-81703f276616: no agents available; will retry on subsequent port and subnet creation events.
