2026-07-15 00:14:10.854 9 INFO neutron.db.ovn_revision_numbers_db [None req-1b284605-a6e1-41d3-8d16-d9b5d1c56123 - - - - - -] Successfully bumped revision number for resource 56b30f78-0c29-431c-b830-9a364ff15f01 (type: ports) to 2
2026-07-15 00:14:10.882 9 INFO neutron.db.ovn_revision_numbers_db [None req-1b284605-a6e1-41d3-8d16-d9b5d1c56123 - - - - - -] Successfully bumped revision number for resource 6a6384de-bbf5-4c39-8265-4365d20de9a1 (type: subnets) to 0
2026-07-15 00:14:10.896 9 INFO neutron.api.wsgi [None req-93520fde-c4d2-4fd1-98ea-e2c55bc09a54 06bbd1ce37784b188c8b912a4d9ab8b3 960b28e35ccd47e99505804431eb5e67 - - default default] 10.0.0.197 "POST /v2.0/subnets HTTP/1.1" status: 201 len: 891 time: 0.6449304
2026-07-15 00:14:10.985 10 INFO neutron.db.ovn_revision_numbers_db [None req-84c6c64d-4367-4ec8-a812-095fe76896a6 6142015d0a1344e1b19a43cb150746a0 cfc21a9e08e043d1990bb51e10f88c7f - - default default] Successfully bumped revision number for resource ee0e4815-fd07-494f-b0da-86fef95f469b (type: ports) to 1
2026-07-15 00:14:11.019 10 INFO neutron.api.wsgi [None req-84c6c64d-4367-4ec8-a812-095fe76896a6 6142015d0a1344e1b19a43cb150746a0 cfc21a9e08e043d1990bb51e10f88c7f - - default default] 10.0.0.197 "POST /v2.0/ports HTTP/1.1" status: 201 len: 1147 time: 0.6405952 /var/lib/openstack/lib/python3.12/site-packages/pycadf/identifier.py:71: UserWarning: Invalid uuid: neutron. To ensure interoperability, identifiers should be a valid uuid. warnings.warn(('Invalid uuid: %s. To ensure interoperability, '
2026-07-15 00:14:11.121 10 INFO neutron.db.ovn_revision_numbers_db [None req-091a7e1d-5ab0-4750-a9a0-96005a03b6b2 806d022ebbd64aaf924ab32dc0dbcf51 1e66239ffd134df0b5e0f27aeec3132a - - default default] Successfully bumped revision number for resource 1f80e88b-d9c0-49d3-bf14-32148dee91f9 (type: floatingips) to 1
2026-07-15 00:14:11.259 10 INFO neutron.db.ovn_revision_numbers_db [None req-091a7e1d-5ab0-4750-a9a0-96005a03b6b2 806d022ebbd64aaf924ab32dc0dbcf51 1e66239ffd134df0b5e0f27aeec3132a - - default default] Successfully bumped revision number for resource 1f80e88b-d9c0-49d3-bf14-32148dee91f9 (type: floatingips) to 2
2026-07-15 00:14:11.259 10 INFO neutron.db.l3_db [None req-091a7e1d-5ab0-4750-a9a0-96005a03b6b2 806d022ebbd64aaf924ab32dc0dbcf51 1e66239ffd134df0b5e0f27aeec3132a - - default default] Floating IP 1f80e88b-d9c0-49d3-bf14-32148dee91f9 associated. External IP: 10.96.250.205, port: 20397503-eb5e-44de-a6ba-9a6519ff3130.
2026-07-15 00:14:11.283 10 INFO neutron.api.wsgi [None req-091a7e1d-5ab0-4750-a9a0-96005a03b6b2 806d022ebbd64aaf924ab32dc0dbcf51 1e66239ffd134df0b5e0f27aeec3132a - - default default] 10.0.0.197 "PUT /v2.0/floatingips/1f80e88b-d9c0-49d3-bf14-32148dee91f9 HTTP/1.1" status: 200 len: 1049 time: 0.6950657 /var/lib/openstack/lib/python3.12/site-packages/pycadf/identifier.py:71: UserWarning: Invalid uuid: neutron. To ensure interoperability, identifiers should be a valid uuid. warnings.warn(('Invalid uuid: %s. To ensure interoperability, '
2026-07-15 00:14:11.383 9 WARNING neutron.scheduler.dhcp_agent_scheduler [None req-88e9d0ff-7cc8-41fb-a151-96d730494ca8 06bbd1ce37784b188c8b912a4d9ab8b3 960b28e35ccd47e99505804431eb5e67 - - default default] No more DHCP agents
2026-07-15 00:14:11.385 9 WARNING neutron.api.rpc.agentnotifiers.dhcp_rpc_agent_api [None req-88e9d0ff-7cc8-41fb-a151-96d730494ca8 06bbd1ce37784b188c8b912a4d9ab8b3 960b28e35ccd47e99505804431eb5e67 - - default default] Unable to schedule network 11c62d4d-75c2-42dc-a014-8b9c456f30a2: no agents available; will retry on subsequent port and subnet creation events.
2026-07-15 00:14:11.394 10 INFO neutron.api.wsgi [req-52944734-4bc2-4bbf-b75f-0e5deda910e1 req-fd8d73ed-f4d9-4664-a5a9-c3ed2829525e 806d022ebbd64aaf924ab32dc0dbcf51 1e66239ffd134df0b5e0f27aeec3132a - - default default] 10.0.0.184 "GET /v2.0/ports?device_id=e534ea01-6212-479c-bf46-055b0d275e2f HTTP/1.1" status: 200 len: 1170 time: 0.0733619
2026-07-15 00:14:11.436 10 INFO neutron.api.wsgi [req-52944734-4bc2-4bbf-b75f-0e5deda910e1 req-0d0075c8-2f5c-4fc2-a719-aa3df63ed70b 806d022ebbd64aaf924ab32dc0dbcf51 1e66239ffd134df0b5e0f27aeec3132a - - default default] 10.0.0.184 "GET /v2.0/security-groups?id=438b816a-f7f4-44fb-814e-8d1536878d56&fields=id&fields=name HTTP/1.1" status: 200 len: 313 time: 0.0339375
2026-07-15 00:14:11.497 9 INFO neutron.db.ovn_revision_numbers_db [None req-88e9d0ff-7cc8-41fb-a151-96d730494ca8 06bbd1ce37784b188c8b912a4d9ab8b3 960b28e35ccd47e99505804431eb5e67 - - default default] Successfully bumped revision number for resource ac94d145-5063-4f12-8d36-ba6d0d2b90dd (type: ports) to 1
2026-07-15 00:14:11.563 10 INFO neutron.plugins.ml2.drivers.ovn.mech_driver.mech_driver [None req-b9d948ce-43d0-4c64-b1f2-554753166adf - - - - - -] OVN reports status up for port: ee0e4815-fd07-494f-b0da-86fef95f469b
2026-07-15 00:14:11.577 10 INFO neutron.plugins.ml2.plugin [None req-b9d948ce-43d0-4c64-b1f2-554753166adf - - - - - -] Attempt 1 to provision port ee0e4815-fd07-494f-b0da-86fef95f469b
2026-07-15 00:14:11.597 10 INFO neutron.db.ovn_revision_numbers_db [None req-d69d22d4-2f15-4820-abd7-4e49ebceb8c7 6142015d0a1344e1b19a43cb150746a0 cfc21a9e08e043d1990bb51e10f88c7f - - default default] Successfully bumped revision number for resource ee0e4815-fd07-494f-b0da-86fef95f469b (type: ports) to 2 /var/lib/openstack/lib/python3.12/site-packages/pycadf/identifier.py:71: UserWarning: Invalid uuid: neutron. To ensure interoperability, identifiers should be a valid uuid. warnings.warn(('Invalid uuid: %s. To ensure interoperability, '
2026-07-15 00:14:11.699 10 INFO neutron.api.wsgi [req-c5f73c91-0e26-4555-95d2-f44df80943d2 req-401fcd4b-32b5-45c0-b1e1-5bdea9153189 806d022ebbd64aaf924ab32dc0dbcf51 1e66239ffd134df0b5e0f27aeec3132a - - default default] 10.0.0.184 "GET /v2.0/ports?device_id=e534ea01-6212-479c-bf46-055b0d275e2f HTTP/1.1" status: 200 len: 1170 time: 0.0582566
2026-07-15 00:14:11.766 10 INFO neutron.api.wsgi [req-c5f73c91-0e26-4555-95d2-f44df80943d2 req-9722e705-30a3-45c5-8070-afb67e882e09 806d022ebbd64aaf924ab32dc0dbcf51 1e66239ffd134df0b5e0f27aeec3132a - - default default] 10.0.0.184 "GET /v2.0/security-groups?id=438b816a-f7f4-44fb-814e-8d1536878d56&fields=id&fields=name HTTP/1.1" status: 200 len: 313 time: 0.0607374
2026-07-15 00:14:11.998 10 INFO neutron.notifiers.nova [-] Nova event matching ['req-7491d2a5-021b-41c8-acf7-860af38c1811'] response: {'name': 'network-changed', 'server_uuid': 'e534ea01-6212-479c-bf46-055b0d275e2f', 'tag': '20397503-eb5e-44de-a6ba-9a6519ff3130', 'status': 'completed', 'code': 200}
2026-07-15 00:14:12.041 9 INFO neutron.plugins.ml2.drivers.ovn.mech_driver.ovsdb.commands [None req-fd6af830-0d0c-4bb7-96ba-1b28fd6c3f5e - - - - - -] Schedule LRP lrp-ac94d145-5063-4f12-8d36-ba6d0d2b90dd on gateway 6d7a156e-887f-4b2d-b245-af521f6d44f8 with priority 1
2026-07-15 00:14:12.049 9 INFO neutron.plugins.ml2.drivers.ovn.mech_driver.mech_driver [None req-3b547208-1251-4b4c-89f4-9e9833ae1701 - - - - - -] OVN reports status up for port: ac94d145-5063-4f12-8d36-ba6d0d2b90dd
2026-07-15 00:14:12.063 9 INFO neutron.plugins.ml2.plugin [None req-3b547208-1251-4b4c-89f4-9e9833ae1701 - - - - - -] Attempt 1 to provision port ac94d145-5063-4f12-8d36-ba6d0d2b90dd
2026-07-15 00:14:12.070 9 INFO neutron.plugins.ml2.drivers.ovn.mech_driver.ovsdb.ovsdb_monitor [None req-1d8ba4fb-1487-4066-954b-3c17573ec282 - - - - - -] Router 22c3fc65-ccce-47dd-b70a-a3b59b0b996f is bound to host instance
2026-07-15 00:14:12.087 9 INFO neutron.db.ovn_revision_numbers_db [None req-88e9d0ff-7cc8-41fb-a151-96d730494ca8 06bbd1ce37784b188c8b912a4d9ab8b3 960b28e35ccd47e99505804431eb5e67 - - default default] Successfully bumped revision number for resource ac94d145-5063-4f12-8d36-ba6d0d2b90dd (type: router_ports) to 1
2026-07-15 00:14:12.162 9 INFO neutron.db.ovn_revision_numbers_db [None req-88e9d0ff-7cc8-41fb-a151-96d730494ca8 06bbd1ce37784b188c8b912a4d9ab8b3 960b28e35ccd47e99505804431eb5e67 - - default default] Successfully bumped revision number for resource 22c3fc65-ccce-47dd-b70a-a3b59b0b996f (type: routers) to 2
2026-07-15 00:14:12.180 9 INFO neutron.api.wsgi [None req-88e9d0ff-7cc8-41fb-a151-96d730494ca8 06bbd1ce37784b188c8b912a4d9ab8b3 960b28e35ccd47e99505804431eb5e67 - - default default] 10.0.0.197 "POST /v2.0/routers HTTP/1.1" status: 201 len: 1169 time: 1.2766628
2026-07-15 00:14:12.229 10 INFO neutron.db.ovn_revision_numbers_db [None req-b9d948ce-43d0-4c64-b1f2-554753166adf - - - - - -] Successfully bumped revision number for resource ee0e4815-fd07-494f-b0da-86fef95f469b (type: ports) to 3 /var/lib/openstack/lib/python3.12/site-packages/pycadf/identifier.py:71: UserWarning: Invalid uuid: neutron. To ensure interoperability, identifiers should be a valid uuid. warnings.warn(('Invalid uuid: %s. To ensure interoperability, '
2026-07-15 00:14:12.335 10 INFO neutron.api.wsgi [req-d1bef287-0851-408d-9c3e-bfa1bdd0d5b6 req-ff8110da-650e-4517-b1cf-e8772095d7b9 d5ae2cf065ab44848f923adf2beddf32 4a149269de794c39877fe605b8c6d58d - - f0d5bd53a426406e954dc45cfa6f09c6 f0d5bd53a426406e954dc45cfa6f09c6] 199.19.213.73 "GET /v2.0/ports?tenant_id=1e66239ffd134df0b5e0f27aeec3132a&device_id=e534ea01-6212-479c-bf46-055b0d275e2f HTTP/1.1" status: 200 len: 1409 time: 0.0394154
2026-07-15 00:14:12.390 10 INFO neutron.api.wsgi [req-d1bef287-0851-408d-9c3e-bfa1bdd0d5b6 req-0d2c1fb6-910b-4e90-ac2b-d92bec049c9d d5ae2cf065ab44848f923adf2beddf32 4a149269de794c39877fe605b8c6d58d - - f0d5bd53a426406e954dc45cfa6f09c6 f0d5bd53a426406e954dc45cfa6f09c6] 199.19.213.73 "GET /v2.0/networks?id=7eec5ec0-8d09-4e3c-a422-9aad10a0c633 HTTP/1.1" status: 200 len: 972 time: 0.0490849
2026-07-15 00:14:12.430 10 INFO neutron.api.wsgi [req-d1bef287-0851-408d-9c3e-bfa1bdd0d5b6 req-76f8bd6d-4401-450a-ba1d-1307d8ea6bfc d5ae2cf065ab44848f923adf2beddf32 4a149269de794c39877fe605b8c6d58d - - f0d5bd53a426406e954dc45cfa6f09c6 f0d5bd53a426406e954dc45cfa6f09c6] 199.19.213.73 "GET /v2.0/floatingips?fixed_ip_address=10.100.0.5&port_id=20397503-eb5e-44de-a6ba-9a6519ff3130 HTTP/1.1" status: 200 len: 1059 time: 0.0316429
2026-07-15 00:14:12.458 10 INFO neutron.db.ovn_revision_numbers_db [None req-d69d22d4-2f15-4820-abd7-4e49ebceb8c7 6142015d0a1344e1b19a43cb150746a0 cfc21a9e08e043d1990bb51e10f88c7f - - default default] Successfully bumped revision number for resource ee0e4815-fd07-494f-b0da-86fef95f469b (type: ports) to 3
2026-07-15 00:14:12.466 10 INFO neutron.api.wsgi [req-d1bef287-0851-408d-9c3e-bfa1bdd0d5b6 req-1ac21863-2141-4a70-b5f2-7cd64d936c36 d5ae2cf065ab44848f923adf2beddf32 4a149269de794c39877fe605b8c6d58d - - f0d5bd53a426406e954dc45cfa6f09c6 f0d5bd53a426406e954dc45cfa6f09c6] 199.19.213.73 "GET /v2.0/subnets?id=5bb6e8fb-c109-45b9-95be-772c0658856d HTTP/1.1" status: 200 len: 892 time: 0.0292289
2026-07-15 00:14:12.495 10 INFO neutron.api.wsgi [req-d1bef287-0851-408d-9c3e-bfa1bdd0d5b6 req-65c096ed-1a6c-478d-8ff5-2f8178560c10 d5ae2cf065ab44848f923adf2beddf32 4a149269de794c39877fe605b8c6d58d - - f0d5bd53a426406e954dc45cfa6f09c6 f0d5bd53a426406e954dc45cfa6f09c6] 199.19.213.73 "GET /v2.0/ports?network_id=7eec5ec0-8d09-4e3c-a422-9aad10a0c633&device_owner=network%3Adhcp HTTP/1.1" status: 200 len: 210 time: 0.0257246
2026-07-15 00:14:12.529 10 WARNING neutron.scheduler.dhcp_agent_scheduler [None req-d69d22d4-2f15-4820-abd7-4e49ebceb8c7 6142015d0a1344e1b19a43cb150746a0 cfc21a9e08e043d1990bb51e10f88c7f - - default default] No more DHCP agents
2026-07-15 00:14:12.530 10 WARNING neutron.api.rpc.agentnotifiers.dhcp_rpc_agent_api [None req-d69d22d4-2f15-4820-abd7-4e49ebceb8c7 6142015d0a1344e1b19a43cb150746a0 cfc21a9e08e043d1990bb51e10f88c7f - - default default] Unable to schedule network b37cd6db-e93d-4eef-90cf-91d55d9471db: no agents available; will retry on subsequent port and subnet creation events.
2026-07-15 00:14:12.545 10 INFO neutron.api.wsgi [req-d1bef287-0851-408d-9c3e-bfa1bdd0d5b6 req-08541172-2920-434f-90b2-0bdc6b7ea972 d5ae2cf065ab44848f923adf2beddf32 4a149269de794c39877fe605b8c6d58d - - f0d5bd53a426406e954dc45cfa6f09c6 f0d5bd53a426406e954dc45cfa6f09c6] 199.19.213.73 "GET /v2.0/networks/7eec5ec0-8d09-4e3c-a422-9aad10a0c633?fields=segments HTTP/1.1" status: 200 len: 212 time: 0.0441108
2026-07-15 00:14:12.563 9 INFO neutron.db.ovn_revision_numbers_db [None req-669429c3-5f1b-4f0e-b12b-b2c49156e06f - - - - - -] Successfully bumped revision number for resource ac94d145-5063-4f12-8d36-ba6d0d2b90dd (type: ports) to 1
2026-07-15 00:14:12.603 10 INFO neutron.api.wsgi [req-d1bef287-0851-408d-9c3e-bfa1bdd0d5b6 req-dfd7294f-9093-49a8-b601-a3faa8f3b782 d5ae2cf065ab44848f923adf2beddf32 4a149269de794c39877fe605b8c6d58d - - f0d5bd53a426406e954dc45cfa6f09c6 f0d5bd53a426406e954dc45cfa6f09c6] 199.19.213.73 "GET /v2.0/networks/7eec5ec0-8d09-4e3c-a422-9aad10a0c633?fields=provider%3Aphysical_network&fields=provider%3Anetwork_type HTTP/1.1" status: 200 len: 277 time: 0.0530713
2026-07-15 00:14:12.691 9 WARNING neutron.scheduler.dhcp_agent_scheduler [None req-53b2a557-7ed7-48bc-98aa-936b0c2b1ca8 06bbd1ce37784b188c8b912a4d9ab8b3 960b28e35ccd47e99505804431eb5e67 - - default default] No more DHCP agents
2026-07-15 00:14:12.693 9 WARNING neutron.api.rpc.agentnotifiers.dhcp_rpc_agent_api [None req-53b2a557-7ed7-48bc-98aa-936b0c2b1ca8 06bbd1ce37784b188c8b912a4d9ab8b3 960b28e35ccd47e99505804431eb5e67 - - default default] Unable to schedule network 4500305c-5524-4ae4-b0fd-dadadd79fda9: no agents available; will retry on subsequent port and subnet creation events.
2026-07-15 00:14:12.698 10 INFO neutron.api.wsgi [-] 10.0.0.116 "GET / HTTP/1.1" status: 200 len: 247 time: 0.0015714
2026-07-15 00:14:12.700 10 INFO neutron.api.wsgi [-] 10.0.0.116 "GET / HTTP/1.1" status: 200 len: 247 time: 0.0014687
2026-07-15 00:14:12.715 10 INFO neutron.db.ovn_revision_numbers_db [None req-d69d22d4-2f15-4820-abd7-4e49ebceb8c7 6142015d0a1344e1b19a43cb150746a0 cfc21a9e08e043d1990bb51e10f88c7f - - default default] Successfully bumped revision number for resource ee0e4815-fd07-494f-b0da-86fef95f469b (type: router_ports) to 3
2026-07-15 00:14:12.720 10 INFO neutron.api.wsgi [None req-d69d22d4-2f15-4820-abd7-4e49ebceb8c7 6142015d0a1344e1b19a43cb150746a0 cfc21a9e08e043d1990bb51e10f88c7f - - default default] 10.0.0.197 "PUT /v2.0/routers/3f5522f8-e070-455e-80c4-494f73592957/add_router_interface HTTP/1.1" status: 200 len: 503 time: 1.6951346
2026-07-15 00:14:12.750 10 INFO neutron.api.wsgi [None req-da88d738-c595-4aeb-92dd-71d44da81807 6142015d0a1344e1b19a43cb150746a0 cfc21a9e08e043d1990bb51e10f88c7f - - default default] 10.0.0.197 "GET /v2.0/ports/ee0e4815-fd07-494f-b0da-86fef95f469b HTTP/1.1" status: 200 len: 1205 time: 0.0251567
2026-07-15 00:14:12.818 9 INFO neutron.db.ovn_revision_numbers_db [None req-53b2a557-7ed7-48bc-98aa-936b0c2b1ca8 06bbd1ce37784b188c8b912a4d9ab8b3 960b28e35ccd47e99505804431eb5e67 - - default default] Successfully bumped revision number for resource ab8480fd-d21f-4599-b9fe-baa42fb2c07f (type: ports) to 1
2026-07-15 00:14:12.874 10 INFO neutron.api.wsgi [req-8a8d4250-ed1e-4bf9-b4ee-310aa4096e74 req-37a7a878-2331-4cc0-ae4b-cd29f4c039db 806d022ebbd64aaf924ab32dc0dbcf51 1e66239ffd134df0b5e0f27aeec3132a - - default default] 10.0.0.184 "GET /v2.0/ports?device_id=e534ea01-6212-479c-bf46-055b0d275e2f HTTP/1.1" status: 200 len: 1170 time: 0.0551479 /var/lib/openstack/lib/python3.12/site-packages/pycadf/identifier.py:71: UserWarning: Invalid uuid: neutron. To ensure interoperability, identifiers should be a valid uuid. warnings.warn(('Invalid uuid: %s. To ensure interoperability, '
2026-07-15 00:14:12.917 9 INFO neutron.db.ovn_revision_numbers_db [None req-669429c3-5f1b-4f0e-b12b-b2c49156e06f - - - - - -] Successfully bumped revision number for resource ac94d145-5063-4f12-8d36-ba6d0d2b90dd (type: ports) to 4
2026-07-15 00:14:12.921 10 INFO neutron.api.wsgi [req-8a8d4250-ed1e-4bf9-b4ee-310aa4096e74 req-da9dc636-3853-4e8c-a239-f92fac72f601 806d022ebbd64aaf924ab32dc0dbcf51 1e66239ffd134df0b5e0f27aeec3132a - - default default] 10.0.0.184 "GET /v2.0/security-groups?id=438b816a-f7f4-44fb-814e-8d1536878d56&fields=id&fields=name HTTP/1.1" status: 200 len: 313 time: 0.0368490
2026-07-15 00:14:13.230 9 INFO neutron.db.ovn_revision_numbers_db [None req-669429c3-5f1b-4f0e-b12b-b2c49156e06f - - - - - -] Successfully bumped revision number for resource ac94d145-5063-4f12-8d36-ba6d0d2b90dd (type: ports) to 5
2026-07-15 00:14:13.250 10 INFO neutron.api.wsgi [None req-15ac792a-8f4c-4c8b-8feb-0623f9538f25 6142015d0a1344e1b19a43cb150746a0 cfc21a9e08e043d1990bb51e10f88c7f - - default default] 10.0.0.197 "PUT /v2.0/routers/3f5522f8-e070-455e-80c4-494f73592957/remove_router_interface HTTP/1.1" status: 200 len: 503 time: 0.4955096 /var/lib/openstack/lib/python3.12/site-packages/pycadf/identifier.py:71: UserWarning: Invalid uuid: neutron. To ensure interoperability, identifiers should be a valid uuid. warnings.warn(('Invalid uuid: %s. To ensure interoperability, '
2026-07-15 00:14:13.304 10 INFO neutron.api.v2.resource [None req-6183b69c-7c2d-4d05-9e12-2c83a1d8238b 6142015d0a1344e1b19a43cb150746a0 cfc21a9e08e043d1990bb51e10f88c7f - - default default] remove_router_interface failed (client error): The resource could not be found.
2026-07-15 00:14:13.305 10 INFO neutron.api.wsgi [None req-6183b69c-7c2d-4d05-9e12-2c83a1d8238b 6142015d0a1344e1b19a43cb150746a0 cfc21a9e08e043d1990bb51e10f88c7f - - default default] 10.0.0.197 "PUT /v2.0/routers/3f5522f8-e070-455e-80c4-494f73592957/remove_router_interface HTTP/1.1" status: 404 len: 398 time: 0.0497479
2026-07-15 00:14:13.329 10 INFO neutron.api.wsgi [None req-fd226361-40bf-4c98-a1ac-4d6e74b22a78 6142015d0a1344e1b19a43cb150746a0 cfc21a9e08e043d1990bb51e10f88c7f - - default default] 10.0.0.197 "GET /v2.0/ports?device_id=3f5522f8-e070-455e-80c4-494f73592957 HTTP/1.1" status: 200 len: 205 time: 0.0180614
2026-07-15 00:14:13.370 9 INFO neutron.db.ovn_revision_numbers_db [None req-53b2a557-7ed7-48bc-98aa-936b0c2b1ca8 06bbd1ce37784b188c8b912a4d9ab8b3 960b28e35ccd47e99505804431eb5e67 - - default default] Successfully bumped revision number for resource ab8480fd-d21f-4599-b9fe-baa42fb2c07f (type: ports) to 1
2026-07-15 00:14:13.413 9 WARNING neutron.scheduler.dhcp_agent_scheduler [None req-53b2a557-7ed7-48bc-98aa-936b0c2b1ca8 06bbd1ce37784b188c8b912a4d9ab8b3 960b28e35ccd47e99505804431eb5e67 - - default default] No more DHCP agents
2026-07-15 00:14:13.414 9 WARNING neutron.api.rpc.agentnotifiers.dhcp_rpc_agent_api [None req-53b2a557-7ed7-48bc-98aa-936b0c2b1ca8 06bbd1ce37784b188c8b912a4d9ab8b3 960b28e35ccd47e99505804431eb5e67 - - default default] Unable to schedule network 4500305c-5524-4ae4-b0fd-dadadd79fda9: no agents available; will retry on subsequent port and subnet creation events.
2026-07-15 00:14:13.441 10 INFO neutron.api.wsgi [req-c0ae6398-f3dd-4747-99ad-ef57408b96db req-982d2a0c-9d00-444d-b1fc-0ee06f42e8ac 806d022ebbd64aaf924ab32dc0dbcf51 1e66239ffd134df0b5e0f27aeec3132a - - default default] 199.19.213.73 "GET /v2.0/ports?device_id=e534ea01-6212-479c-bf46-055b0d275e2f HTTP/1.1" status: 200 len: 1170 time: 0.0555947
2026-07-15 00:14:13.532 10 INFO neutron.api.wsgi [None req-971c0248-c353-4f2d-9ee3-5b4c43f80dad 6142015d0a1344e1b19a43cb150746a0 cfc21a9e08e043d1990bb51e10f88c7f - - default default] 10.0.0.197 "DELETE /v2.0/routers/3f5522f8-e070-455e-80c4-494f73592957 HTTP/1.1" status: 204 len: 168 time: 0.1989257
2026-07-15 00:14:13.705 9 INFO neutron.api.wsgi [None req-665f3a04-6f11-4e63-87a7-937780f08d8e 6142015d0a1344e1b19a43cb150746a0 cfc21a9e08e043d1990bb51e10f88c7f - - default default] 10.0.0.197 "DELETE /v2.0/subnets/e3ea1862-b0ab-4958-a676-2e3d64b72d95 HTTP/1.1" status: 204 len: 168 time: 0.1658726
2026-07-15 00:14:13.741 10 INFO neutron.db.l3_db [req-c0ae6398-f3dd-4747-99ad-ef57408b96db req-7015a5cf-5dfc-4eaa-9b3c-59b4f88017b6 806d022ebbd64aaf924ab32dc0dbcf51 1e66239ffd134df0b5e0f27aeec3132a - - default default] Floating IP 1f80e88b-d9c0-49d3-bf14-32148dee91f9 disassociated. External IP: 10.96.250.205, port: 20397503-eb5e-44de-a6ba-9a6519ff3130.
2026-07-15 00:14:13.838 10 INFO neutron.api.wsgi [req-c0ae6398-f3dd-4747-99ad-ef57408b96db req-7015a5cf-5dfc-4eaa-9b3c-59b4f88017b6 806d022ebbd64aaf924ab32dc0dbcf51 1e66239ffd134df0b5e0f27aeec3132a - - default default] 199.19.213.73 "DELETE /v2.0/ports/20397503-eb5e-44de-a6ba-9a6519ff3130 HTTP/1.1" status: 204 len: 173 time: 0.3933079
2026-07-15 00:14:13.899 9 INFO neutron.db.ovn_revision_numbers_db [None req-53b2a557-7ed7-48bc-98aa-936b0c2b1ca8 06bbd1ce37784b188c8b912a4d9ab8b3 960b28e35ccd47e99505804431eb5e67 - - default default] Successfully bumped revision number for resource ab8480fd-d21f-4599-b9fe-baa42fb2c07f (type: router_ports) to 1
2026-07-15 00:14:13.903 9 INFO neutron.api.wsgi [None req-53b2a557-7ed7-48bc-98aa-936b0c2b1ca8 06bbd1ce37784b188c8b912a4d9ab8b3 960b28e35ccd47e99505804431eb5e67 - - default default] 10.0.0.197 "PUT /v2.0/routers/22c3fc65-ccce-47dd-b70a-a3b59b0b996f/add_router_interface HTTP/1.1" status: 200 len: 503 time: 1.7100170
2026-07-15 00:14:13.992 10 INFO neutron.api.wsgi [req-143703e5-eab2-48cf-bcc1-7d45e983729d req-86aacfc5-6969-4af9-b5fb-73480813734f 806d022ebbd64aaf924ab32dc0dbcf51 1e66239ffd134df0b5e0f27aeec3132a - - default default] 10.0.0.184 "GET /v2.0/ports?device_id=e534ea01-6212-479c-bf46-055b0d275e2f HTTP/1.1" status: 200 len: 210 time: 0.0186231
2026-07-15 00:14:14.029 10 INFO neutron.notifiers.nova [-] Nova event matching ['req-24c969a8-2e6a-4939-a781-3363ae10ed5b'] response: {'server_uuid': 'e534ea01-6212-479c-bf46-055b0d275e2f', 'name': 'network-vif-deleted', 'tag': '20397503-eb5e-44de-a6ba-9a6519ff3130', 'status': 'completed', 'code': 200}
2026-07-15 00:14:14.047 9 INFO neutron.services.segments.plugin [-] Segment 9e61db2c-31ea-4832-843b-7340fe2702bb resource provider aggregate not found
2026-07-15 00:14:14.053 9 INFO neutron.services.segments.plugin [-] Segment 9e61db2c-31ea-4832-843b-7340fe2702bb resource provider aggregate not found
2026-07-15 00:14:14.059 9 INFO neutron.services.segments.plugin [-] Segment 9e61db2c-31ea-4832-843b-7340fe2702bb resource provider not found; error: Placement Client Error (4xx): {"errors": [{"status": 404, "title": "Not Found", "detail": "The resource could not be found.\n\n No resource provider with uuid 9e61db2c-31ea-4832-843b-7340fe2702bb found for delete ", "request_id": "req-1ce34012-831e-4822-8527-52baa95a1420"}]}
2026-07-15 00:14:14.064 9 INFO neutron.services.segments.plugin [-] Segment 9e61db2c-31ea-4832-843b-7340fe2702bb resource provider not found; error: Placement Client Error (4xx): {"errors": [{"status": 404, "title": "Not Found", "detail": "The resource could not be found.\n\n No resource provider with uuid 9e61db2c-31ea-4832-843b-7340fe2702bb found for delete ", "request_id": "req-86ed2d83-182c-495d-adc6-5d319c8612f4"}]}
2026-07-15 00:14:14.089 9 INFO neutron.api.wsgi [None req-746da31b-42e0-48d3-bd2e-8a82a491a535 6142015d0a1344e1b19a43cb150746a0 cfc21a9e08e043d1990bb51e10f88c7f - - default default] 10.0.0.197 "DELETE /v2.0/networks/b37cd6db-e93d-4eef-90cf-91d55d9471db HTTP/1.1" status: 204 len: 168 time: 0.3793743
2026-07-15 00:14:14.099 9 WARNING neutron_lib.context [None req-5dc15a1b-5ea5-41e6-a99d-6db6d08f5470 6142015d0a1344e1b19a43cb150746a0 cfc21a9e08e043d1990bb51e10f88c7f - - default default] Method 'is_advsvc' is deprecated since 2023.2 release (neutron-lib 3.8.0) and will be removed once support for the old RBAC API policies will be removed from Neutron. Please use method 'is_service_role' instead.
2026-07-15 00:14:14.176 9 INFO neutron.db.segments_db [None req-5dc15a1b-5ea5-41e6-a99d-6db6d08f5470 6142015d0a1344e1b19a43cb150746a0 cfc21a9e08e043d1990bb51e10f88c7f - - default default] Added segment c22c34ca-8e6e-4fca-a0f8-e41ff18f9efa of type geneve for network c73d4b60-3d9e-48c7-9556-d60c1acc3e9d
2026-07-15 00:14:14.272 9 INFO neutron.db.ovn_revision_numbers_db [None req-5dc15a1b-5ea5-41e6-a99d-6db6d08f5470 6142015d0a1344e1b19a43cb150746a0 cfc21a9e08e043d1990bb51e10f88c7f - - default default] Successfully bumped revision number for resource c73d4b60-3d9e-48c7-9556-d60c1acc3e9d (type: networks) to 1
2026-07-15 00:14:14.288 10 INFO neutron.db.ovn_revision_numbers_db [None req-1817e112-ccaf-455d-b6a9-6b57db914d55 06bbd1ce37784b188c8b912a4d9ab8b3 960b28e35ccd47e99505804431eb5e67 - - default default] Successfully bumped revision number for resource 13511130-2c56-4c81-9282-363e9a5b95bb (type: security_groups) to 1
2026-07-15 00:14:14.300 10 INFO neutron.db.ovn_revision_numbers_db [None req-1817e112-ccaf-455d-b6a9-6b57db914d55 06bbd1ce37784b188c8b912a4d9ab8b3 960b28e35ccd47e99505804431eb5e67 - - default default] Successfully bumped revision number for resource 0f5e67f1-638c-41c5-8c89-98decde3026f (type: security_group_rules) to 0
2026-07-15 00:14:14.313 10 INFO neutron.db.ovn_revision_numbers_db [None req-1817e112-ccaf-455d-b6a9-6b57db914d55 06bbd1ce37784b188c8b912a4d9ab8b3 960b28e35ccd47e99505804431eb5e67 - - default default] Successfully bumped revision number for resource 1458f307-4f90-451e-8ecb-dde31997d85f (type: security_group_rules) to 0
2026-07-15 00:14:14.327 10 INFO neutron.db.ovn_revision_numbers_db [None req-1817e112-ccaf-455d-b6a9-6b57db914d55 06bbd1ce37784b188c8b912a4d9ab8b3 960b28e35ccd47e99505804431eb5e67 - - default default] Successfully bumped revision number for resource 6c17579a-e6bb-40db-9503-e4ae7e60c49c (type: security_group_rules) to 0
2026-07-15 00:14:14.346 10 INFO neutron.db.ovn_revision_numbers_db [None req-1817e112-ccaf-455d-b6a9-6b57db914d55 06bbd1ce37784b188c8b912a4d9ab8b3 960b28e35ccd47e99505804431eb5e67 - - default default] Successfully bumped revision number for resource f8cc08a9-f7e7-491f-941d-398cfadfcdb4 (type: security_group_rules) to 0
2026-07-15 00:14:14.378 10 INFO neutron.api.wsgi [None req-1817e112-ccaf-455d-b6a9-6b57db914d55 06bbd1ce37784b188c8b912a4d9ab8b3 960b28e35ccd47e99505804431eb5e67 - - default default] 10.0.0.197 "GET /v2.0/security-groups?tenant_id=da9df8033ca74f6dbfed11233edc89cb&name=default HTTP/1.1" status: 200 len: 3120 time: 0.3416452
2026-07-15 00:14:14.422 9 WARNING neutron.scheduler.dhcp_agent_scheduler [None req-5dc15a1b-5ea5-41e6-a99d-6db6d08f5470 6142015d0a1344e1b19a43cb150746a0 cfc21a9e08e043d1990bb51e10f88c7f - - default default] No more DHCP agents
2026-07-15 00:14:14.423 9 WARNING neutron.api.rpc.agentnotifiers.dhcp_rpc_agent_api [None req-5dc15a1b-5ea5-41e6-a99d-6db6d08f5470 6142015d0a1344e1b19a43cb150746a0 cfc21a9e08e043d1990bb51e10f88c7f - - default default] Unable to schedule network c73d4b60-3d9e-48c7-9556-d60c1acc3e9d: no agents available; will retry on subsequent port and subnet creation events.
2026-07-15 00:14:14.476 9 INFO neutron.db.ovn_revision_numbers_db [None req-5dc15a1b-5ea5-41e6-a99d-6db6d08f5470 6142015d0a1344e1b19a43cb150746a0 cfc21a9e08e043d1990bb51e10f88c7f - - default default] Successfully bumped revision number for resource ea800192-4b65-4899-ac4b-209fed53947b (type: ports) to 1
2026-07-15 00:14:14.498 9 INFO neutron.api.wsgi [None req-5dc15a1b-5ea5-41e6-a99d-6db6d08f5470 6142015d0a1344e1b19a43cb150746a0 cfc21a9e08e043d1990bb51e10f88c7f - - default default] 10.0.0.197 "POST /v2.0/networks HTTP/1.1" status: 201 len: 828 time: 0.4025390
2026-07-15 00:14:14.511 9 WARNING neutron_lib.context [None req-06aee2ab-0c6f-46de-b16f-b35c2c0e1149 6142015d0a1344e1b19a43cb150746a0 cfc21a9e08e043d1990bb51e10f88c7f - - default default] Method 'is_advsvc' is deprecated since 2023.2 release (neutron-lib 3.8.0) and will be removed once support for the old RBAC API policies will be removed from Neutron. Please use method 'is_service_role' instead.
2026-07-15 00:14:14.569 10 INFO neutron.api.wsgi [None req-34117ef9-edfb-48e5-ad89-dfc8308af1f2 06bbd1ce37784b188c8b912a4d9ab8b3 960b28e35ccd47e99505804431eb5e67 - - default default] 10.0.0.197 "DELETE /v2.0/security-groups/13511130-2c56-4c81-9282-363e9a5b95bb HTTP/1.1" status: 204 len: 168 time: 0.1849790
2026-07-15 00:14:14.689 9 WARNING neutron.scheduler.dhcp_agent_scheduler [None req-06aee2ab-0c6f-46de-b16f-b35c2c0e1149 6142015d0a1344e1b19a43cb150746a0 cfc21a9e08e043d1990bb51e10f88c7f - - default default] No more DHCP agents
2026-07-15 00:14:14.690 9 WARNING neutron.api.rpc.agentnotifiers.dhcp_rpc_agent_api [None req-06aee2ab-0c6f-46de-b16f-b35c2c0e1149 6142015d0a1344e1b19a43cb150746a0 cfc21a9e08e043d1990bb51e10f88c7f - - default default] Unable to schedule network c73d4b60-3d9e-48c7-9556-d60c1acc3e9d: no agents available; will retry on subsequent port and subnet creation events.
2026-07-15 00:14:14.784 9 INFO neutron.db.ovn_revision_numbers_db [None req-ff752f0c-d337-4069-8f61-3143e21e32e4 06bbd1ce37784b188c8b912a4d9ab8b3 960b28e35ccd47e99505804431eb5e67 - - default default] Successfully bumped revision number for resource e21545bc-7d04-4041-a414-440fa70450de (type: security_groups) to 1
2026-07-15 00:14:14.798 9 INFO neutron.db.ovn_revision_numbers_db [None req-ff752f0c-d337-4069-8f61-3143e21e32e4 06bbd1ce37784b188c8b912a4d9ab8b3 960b28e35ccd47e99505804431eb5e67 - - default default] Successfully bumped revision number for resource 21199bb0-529f-4f2c-ba9d-6652bb442f4c (type: security_group_rules) to 0
2026-07-15 00:14:14.814 9 INFO neutron.db.ovn_revision_numbers_db [None req-ff752f0c-d337-4069-8f61-3143e21e32e4 06bbd1ce37784b188c8b912a4d9ab8b3 960b28e35ccd47e99505804431eb5e67 - - default default] Successfully bumped revision number for resource 3f7c36e2-f9a8-420b-bb89-caa0cb463158 (type: security_group_rules) to 0
2026-07-15 00:14:14.832 9 INFO neutron.db.ovn_revision_numbers_db [None req-ff752f0c-d337-4069-8f61-3143e21e32e4 06bbd1ce37784b188c8b912a4d9ab8b3 960b28e35ccd47e99505804431eb5e67 - - default default] Successfully bumped revision number for resource 4705a90a-55e7-4b67-bf2f-d6ff3028084e (type: security_group_rules) to 0
2026-07-15 00:14:14.848 9 INFO neutron.db.ovn_revision_numbers_db [None req-ff752f0c-d337-4069-8f61-3143e21e32e4 06bbd1ce37784b188c8b912a4d9ab8b3 960b28e35ccd47e99505804431eb5e67 - - default default] Successfully bumped revision number for resource ef0226f5-0566-48c4-ba1e-6693a41bf5ca (type: security_group_rules) to 0
2026-07-15 00:14:14.881 10 INFO neutron.api.wsgi [req-65e5fffb-99a8-4d39-aca6-acd7db3d8a9e req-62e6db28-354e-45ce-a303-a2daf8dabc0f cd8355ce737242abbd67a95a52e1185f 6c523a8fd9a140a6aea6f916d3973701 - - default default] 10.0.0.184 "GET /v2.0/networks?id=4500305c-5524-4ae4-b0fd-dadadd79fda9 HTTP/1.1" status: 200 len: 876 time: 0.0408976
2026-07-15 00:14:14.890 9 INFO neutron.api.wsgi [None req-ff752f0c-d337-4069-8f61-3143e21e32e4 06bbd1ce37784b188c8b912a4d9ab8b3 960b28e35ccd47e99505804431eb5e67 - - default default] 10.0.0.197 "GET /v2.0/security-groups?tenant_id=db0459e5dd584c3792f66c93f8c65880&name=default HTTP/1.1" status: 200 len: 3120 time: 0.2306423
2026-07-15 00:14:14.896 10 INFO neutron.api.wsgi [req-65e5fffb-99a8-4d39-aca6-acd7db3d8a9e req-2d0cd880-61ad-4d9c-87bf-d03b3281eb86 cd8355ce737242abbd67a95a52e1185f 6c523a8fd9a140a6aea6f916d3973701 - - default default] 10.0.0.184 "GET /v2.0/quotas/6c523a8fd9a140a6aea6f916d3973701 HTTP/1.1" status: 200 len: 491 time: 0.0095515
2026-07-15 00:14:14.975 10 INFO neutron.api.wsgi [req-65e5fffb-99a8-4d39-aca6-acd7db3d8a9e req-8d658cf1-f0f4-4071-a93c-0acf8f1dd516 cd8355ce737242abbd67a95a52e1185f 6c523a8fd9a140a6aea6f916d3973701 - - default default] 10.0.0.184 "GET /v2.0/ports?tenant_id=6c523a8fd9a140a6aea6f916d3973701&fields=id HTTP/1.1" status: 200 len: 302 time: 0.0735779
2026-07-15 00:14:15.017 10 INFO neutron.api.wsgi [req-65e5fffb-99a8-4d39-aca6-acd7db3d8a9e req-0d683fbb-a9ee-4293-be73-f43430dedd6b d5ae2cf065ab44848f923adf2beddf32 4a149269de794c39877fe605b8c6d58d - - f0d5bd53a426406e954dc45cfa6f09c6 f0d5bd53a426406e954dc45cfa6f09c6] 10.0.0.184 "GET /v2.0/networks/4500305c-5524-4ae4-b0fd-dadadd79fda9?fields=segments HTTP/1.1" status: 200 len: 212 time: 0.0334382
2026-07-15 00:14:15.072 10 INFO neutron.api.wsgi [req-65e5fffb-99a8-4d39-aca6-acd7db3d8a9e req-be0525db-db63-470b-9752-af0d0ab31179 d5ae2cf065ab44848f923adf2beddf32 4a149269de794c39877fe605b8c6d58d - - f0d5bd53a426406e954dc45cfa6f09c6 f0d5bd53a426406e954dc45cfa6f09c6] 10.0.0.184 "GET /v2.0/networks/4500305c-5524-4ae4-b0fd-dadadd79fda9?fields=provider%3Aphysical_network&fields=provider%3Anetwork_type HTTP/1.1" status: 200 len: 277 time: 0.0474005
2026-07-15 00:14:15.084 10 INFO neutron.api.wsgi [req-75de24c0-be2b-4f0e-bb03-46dbf5f810ba req-1aefac90-6317-4d11-8131-dc22efddad78 806d022ebbd64aaf924ab32dc0dbcf51 1e66239ffd134df0b5e0f27aeec3132a - - default default] 10.0.0.184 "GET /v2.0/ports?device_id=e534ea01-6212-479c-bf46-055b0d275e2f HTTP/1.1" status: 200 len: 210 time: 0.0161629
2026-07-15 00:14:15.130 9 INFO neutron.api.wsgi [None req-71f054f3-4921-4904-9522-a243145059ff 06bbd1ce37784b188c8b912a4d9ab8b3 960b28e35ccd47e99505804431eb5e67 - - default default] 10.0.0.197 "DELETE /v2.0/security-groups/e21545bc-7d04-4041-a414-440fa70450de HTTP/1.1" status: 204 len: 168 time: 0.2343013
2026-07-15 00:14:15.142 9 INFO neutron.db.ovn_revision_numbers_db [None req-fb130933-9eca-45ae-af38-29f5d093b1e8 - - - - - -] Successfully bumped revision number for resource ea800192-4b65-4899-ac4b-209fed53947b (type: ports) to 2
2026-07-15 00:14:15.170 9 INFO neutron.db.ovn_revision_numbers_db [None req-fb130933-9eca-45ae-af38-29f5d093b1e8 - - - - - -] Successfully bumped revision number for resource 734952f1-f5e2-4a6c-8e22-66c553bd6b96 (type: subnets) to 0
2026-07-15 00:14:15.184 10 INFO neutron.api.wsgi [req-079fea8a-2169-4d40-bd45-2fbbeaf43ebd req-a6205470-aad7-4c83-b0dd-f32a362249cc cd8355ce737242abbd67a95a52e1185f 6c523a8fd9a140a6aea6f916d3973701 - - default default] 10.0.0.184 "GET /v2.0/ports?device_id=a5b3c2cc-1d32-468a-9662-16b06da0c415 HTTP/1.1" status: 200 len: 210 time: 0.0177071
2026-07-15 00:14:15.184 9 INFO neutron.api.wsgi [None req-06aee2ab-0c6f-46de-b16f-b35c2c0e1149 6142015d0a1344e1b19a43cb150746a0 cfc21a9e08e043d1990bb51e10f88c7f - - default default] 10.0.0.197 "POST /v2.0/subnets HTTP/1.1" status: 201 len: 825 time: 0.6766343
2026-07-15 00:14:15.193 9 WARNING neutron_lib.context [None req-d4723a63-fe31-4ec5-ba40-a0ed9c6ffe28 6142015d0a1344e1b19a43cb150746a0 cfc21a9e08e043d1990bb51e10f88c7f - - default default] Method 'is_advsvc' is deprecated since 2023.2 release (neutron-lib 3.8.0) and will be removed once support for the old RBAC API policies will be removed from Neutron. Please use method 'is_service_role' instead.
2026-07-15 00:14:15.278 9 INFO neutron.db.ovn_revision_numbers_db [None req-d4723a63-fe31-4ec5-ba40-a0ed9c6ffe28 6142015d0a1344e1b19a43cb150746a0 cfc21a9e08e043d1990bb51e10f88c7f - - default default] Successfully bumped revision number for resource 847b1a96-b955-476c-b020-f204f3cf596d (type: routers) to 1
2026-07-15 00:14:15.291 9 INFO neutron.api.wsgi [None req-d4723a63-fe31-4ec5-ba40-a0ed9c6ffe28 6142015d0a1344e1b19a43cb150746a0 cfc21a9e08e043d1990bb51e10f88c7f - - default default] 10.0.0.197 "POST /v2.0/routers HTTP/1.1" status: 201 len: 801 time: 0.1017134
2026-07-15 00:14:15.606 9 WARNING neutron.scheduler.dhcp_agent_scheduler [None req-fbf89b88-e664-4f45-be70-7ffc3bb15220 6142015d0a1344e1b19a43cb150746a0 cfc21a9e08e043d1990bb51e10f88c7f - - default default] No more DHCP agents
2026-07-15 00:14:15.607 9 WARNING neutron.api.rpc.agentnotifiers.dhcp_rpc_agent_api [None req-fbf89b88-e664-4f45-be70-7ffc3bb15220 6142015d0a1344e1b19a43cb150746a0 cfc21a9e08e043d1990bb51e10f88c7f - - default default] Unable to schedule network c73d4b60-3d9e-48c7-9556-d60c1acc3e9d: no agents available; will retry on subsequent port and subnet creation events.
2026-07-15 00:14:15.720 9 INFO neutron.db.ovn_revision_numbers_db [None req-fbf89b88-e664-4f45-be70-7ffc3bb15220 6142015d0a1344e1b19a43cb150746a0 cfc21a9e08e043d1990bb51e10f88c7f - - default default] Successfully bumped revision number for resource 137c4df3-5db3-44f4-92af-2bcac5f4b4c1 (type: ports) to 1
2026-07-15 00:14:16.164 10 INFO neutron.api.wsgi [req-232bfd6d-3543-4ef4-8a2a-d387730ea673 req-55caaffb-49a7-465c-9685-af0135ee9d6a 806d022ebbd64aaf924ab32dc0dbcf51 1e66239ffd134df0b5e0f27aeec3132a - - default default] 10.0.0.184 "GET /v2.0/ports?device_id=e534ea01-6212-479c-bf46-055b0d275e2f HTTP/1.1" status: 200 len: 210 time: 0.0178421
2026-07-15 00:14:16.255 10 INFO neutron.api.wsgi [req-00b3d44a-1181-4d46-87a1-e2f81f783c9e req-3a31c56e-7c52-47ca-bdc8-6dd83e4cddd0 cd8355ce737242abbd67a95a52e1185f 6c523a8fd9a140a6aea6f916d3973701 - - default default] 10.0.0.184 "GET /v2.0/ports?device_id=a5b3c2cc-1d32-468a-9662-16b06da0c415 HTTP/1.1" status: 200 len: 210 time: 0.0169148
2026-07-15 00:14:16.408 9 INFO neutron.db.ovn_revision_numbers_db [None req-fbf89b88-e664-4f45-be70-7ffc3bb15220 6142015d0a1344e1b19a43cb150746a0 cfc21a9e08e043d1990bb51e10f88c7f - - default default] Successfully bumped revision number for resource 137c4df3-5db3-44f4-92af-2bcac5f4b4c1 (type: ports) to 1
2026-07-15 00:14:16.455 9 WARNING neutron.scheduler.dhcp_agent_scheduler [None req-fbf89b88-e664-4f45-be70-7ffc3bb15220 6142015d0a1344e1b19a43cb150746a0 cfc21a9e08e043d1990bb51e10f88c7f - - default default] No more DHCP agents
2026-07-15 00:14:16.457 9 WARNING neutron.api.rpc.agentnotifiers.dhcp_rpc_agent_api [None req-fbf89b88-e664-4f45-be70-7ffc3bb15220 6142015d0a1344e1b19a43cb150746a0 cfc21a9e08e043d1990bb51e10f88c7f - - default default] Unable to schedule network c73d4b60-3d9e-48c7-9556-d60c1acc3e9d: no agents available; will retry on subsequent port and subnet creation events.
2026-07-15 00:14:16.642 9 INFO neutron.db.ovn_revision_numbers_db [None req-fbf89b88-e664-4f45-be70-7ffc3bb15220 6142015d0a1344e1b19a43cb150746a0 cfc21a9e08e043d1990bb51e10f88c7f - - default default] Successfully bumped revision number for resource 137c4df3-5db3-44f4-92af-2bcac5f4b4c1 (type: router_ports) to 1
2026-07-15 00:14:16.647 9 INFO neutron.api.wsgi [None req-fbf89b88-e664-4f45-be70-7ffc3bb15220 6142015d0a1344e1b19a43cb150746a0 cfc21a9e08e043d1990bb51e10f88c7f - - default default] 10.0.0.197 "PUT /v2.0/routers/847b1a96-b955-476c-b020-f204f3cf596d/add_router_interface HTTP/1.1" status: 200 len: 503 time: 1.3516586
2026-07-15 00:14:16.682 9 INFO neutron.api.wsgi [None req-2c402869-ec90-4b9d-bc89-c2ba1aff2a52 6142015d0a1344e1b19a43cb150746a0 cfc21a9e08e043d1990bb51e10f88c7f - - default default] 10.0.0.197 "GET /v2.0/ports/137c4df3-5db3-44f4-92af-2bcac5f4b4c1 HTTP/1.1" status: 200 len: 1135 time: 0.0277944
2026-07-15 00:14:16.719 9 INFO neutron.api.wsgi [None req-61efe6e6-22a8-4fec-a629-4a5529c1ad60 6142015d0a1344e1b19a43cb150746a0 cfc21a9e08e043d1990bb51e10f88c7f - - default default] 10.0.0.197 "GET /v2.0/ports/137c4df3-5db3-44f4-92af-2bcac5f4b4c1 HTTP/1.1" status: 200 len: 1135 time: 0.0337892
2026-07-15 00:14:17.350 10 INFO neutron.api.wsgi [req-cb155412-94e0-4f9e-bc98-8c9290fc9b20 req-31968ede-ed4d-4771-9da6-e12c73343194 cd8355ce737242abbd67a95a52e1185f 6c523a8fd9a140a6aea6f916d3973701 - - default default] 10.0.0.184 "GET /v2.0/ports?device_id=a5b3c2cc-1d32-468a-9662-16b06da0c415 HTTP/1.1" status: 200 len: 210 time: 0.0177307
2026-07-15 00:14:17.363 9 INFO neutron.api.wsgi [None req-a9375142-6908-4656-bd61-99a72feecb62 806d022ebbd64aaf924ab32dc0dbcf51 1e66239ffd134df0b5e0f27aeec3132a - - default default] 10.0.0.197 "DELETE /v2.0/security-groups/438b816a-f7f4-44fb-814e-8d1536878d56 HTTP/1.1" status: 204 len: 168 time: 0.1271577
2026-07-15 00:14:17.377 9 INFO neutron.api.v2.resource [None req-0e07a791-9df3-4747-9dcf-2768ee71c134 806d022ebbd64aaf924ab32dc0dbcf51 1e66239ffd134df0b5e0f27aeec3132a - - default default] show failed (client error): The resource could not be found.
2026-07-15 00:14:17.378 9 INFO neutron.api.wsgi [None req-0e07a791-9df3-4747-9dcf-2768ee71c134 806d022ebbd64aaf924ab32dc0dbcf51 1e66239ffd134df0b5e0f27aeec3132a - - default default] 10.0.0.197 "GET /v2.0/security-groups/438b816a-f7f4-44fb-814e-8d1536878d56 HTTP/1.1" status: 404 len: 347 time: 0.0098374
2026-07-15 00:14:17.645 9 INFO neutron.api.wsgi [None req-d47f79ef-a7d7-4215-be25-0cf5d194b158 806d022ebbd64aaf924ab32dc0dbcf51 1e66239ffd134df0b5e0f27aeec3132a - - default default] 10.0.0.197 "DELETE /v2.0/floatingips/1f80e88b-d9c0-49d3-bf14-32148dee91f9 HTTP/1.1" status: 204 len: 168 time: 0.2640615
2026-07-15 00:14:17.682 9 INFO neutron.db.ovn_revision_numbers_db [None req-944453a1-40df-42f9-ac86-d46907c5de18 06bbd1ce37784b188c8b912a4d9ab8b3 960b28e35ccd47e99505804431eb5e67 - - default default] Successfully bumped revision number for resource f1cbf632-f404-477d-b0b3-18b618ef2c5d (type: security_groups) to 1
2026-07-15 00:14:17.696 9 INFO neutron.db.ovn_revision_numbers_db [None req-944453a1-40df-42f9-ac86-d46907c5de18 06bbd1ce37784b188c8b912a4d9ab8b3 960b28e35ccd47e99505804431eb5e67 - - default default] Successfully bumped revision number for resource 12021541-180b-477f-8616-8f2ce02a54e6 (type: security_group_rules) to 0
2026-07-15 00:14:17.715 9 INFO neutron.db.ovn_revision_numbers_db [None req-944453a1-40df-42f9-ac86-d46907c5de18 06bbd1ce37784b188c8b912a4d9ab8b3 960b28e35ccd47e99505804431eb5e67 - - default default] Successfully bumped revision number for resource 545d5f0b-59d4-446b-b53f-df837b019e84 (type: security_group_rules) to 0
2026-07-15 00:14:17.733 9 INFO neutron.db.ovn_revision_numbers_db [None req-944453a1-40df-42f9-ac86-d46907c5de18 06bbd1ce37784b188c8b912a4d9ab8b3 960b28e35ccd47e99505804431eb5e67 - - default default] Successfully bumped revision number for resource 6a1e7402-0cbf-4ace-ab53-a577dcc21c88 (type: security_group_rules) to 0
2026-07-15 00:14:17.755 9 INFO neutron.db.ovn_revision_numbers_db [None req-944453a1-40df-42f9-ac86-d46907c5de18 06bbd1ce37784b188c8b912a4d9ab8b3 960b28e35ccd47e99505804431eb5e67 - - default default] Successfully bumped revision number for resource e7eee829-e8fe-498a-a4f5-f6b001db112c (type: security_group_rules) to 0
2026-07-15 00:14:17.792 9 INFO neutron.api.wsgi [None req-944453a1-40df-42f9-ac86-d46907c5de18 06bbd1ce37784b188c8b912a4d9ab8b3 960b28e35ccd47e99505804431eb5e67 - - default default] 10.0.0.197 "GET /v2.0/security-groups?tenant_id=8873f02775824f66af6bc630c39f8c52&name=default HTTP/1.1" status: 200 len: 3120 time: 0.3925071
2026-07-15 00:14:17.800 10 INFO neutron.api.wsgi [None req-1657e94a-52d6-41ef-b055-a650cab4b704 6142015d0a1344e1b19a43cb150746a0 cfc21a9e08e043d1990bb51e10f88c7f - - default default] 10.0.0.197 "GET /v2.0/ports/137c4df3-5db3-44f4-92af-2bcac5f4b4c1 HTTP/1.1" status: 200 len: 1135 time: 0.0738101
2026-07-15 00:14:18.055 9 INFO neutron.api.wsgi [None req-f8bf6a65-f919-4bc1-8dd2-6e9aac683c5d 06bbd1ce37784b188c8b912a4d9ab8b3 960b28e35ccd47e99505804431eb5e67 - - default default] 10.0.0.197 "DELETE /v2.0/security-groups/f1cbf632-f404-477d-b0b3-18b618ef2c5d HTTP/1.1" status: 204 len: 168 time: 0.2563117
2026-07-15 00:14:18.144 10 WARNING neutron.plugins.ml2.drivers.ovn.mech_driver.ovsdb.ovn_client [None req-ff103aea-9497-4142-bdbe-e26e50153e0c - - - - - -] No port found with ID ee0e4815-fd07-494f-b0da-86fef95f469b: RuntimeError: No port found with ID ee0e4815-fd07-494f-b0da-86fef95f469b
2026-07-15 00:14:18.144 10 INFO neutron.plugins.ml2.drivers.ovn.mech_driver.mech_driver [None req-ff103aea-9497-4142-bdbe-e26e50153e0c - - - - - -] OVN reports status down for port: 20397503-eb5e-44de-a6ba-9a6519ff3130
2026-07-15 00:14:18.161 10 INFO neutron.plugins.ml2.drivers.ovn.mech_driver.mech_driver [None req-ff103aea-9497-4142-bdbe-e26e50153e0c - - - - - -] OVN reports status up for port: ab8480fd-d21f-4599-b9fe-baa42fb2c07f
2026-07-15 00:14:18.175 10 INFO neutron.plugins.ml2.plugin [None req-ff103aea-9497-4142-bdbe-e26e50153e0c - - - - - -] Attempt 1 to provision port ab8480fd-d21f-4599-b9fe-baa42fb2c07f
2026-07-15 00:14:18.432 10 INFO neutron.api.wsgi [req-6a19e1ce-5337-4682-9df3-1ff57df0fc93 req-a98cc210-f0c2-41dc-be8b-541b803677ac cd8355ce737242abbd67a95a52e1185f 6c523a8fd9a140a6aea6f916d3973701 - - default default] 10.0.0.184 "GET /v2.0/ports?device_id=a5b3c2cc-1d32-468a-9662-16b06da0c415 HTTP/1.1" status: 200 len: 210 time: 0.0223138
2026-07-15 00:14:18.589 10 INFO neutron.db.ovn_revision_numbers_db [None req-ff103aea-9497-4142-bdbe-e26e50153e0c - - - - - -] Successfully bumped revision number for resource ab8480fd-d21f-4599-b9fe-baa42fb2c07f (type: ports) to 2
2026-07-15 00:14:18.643 9 INFO neutron.api.wsgi [None req-c872cf49-2070-4e74-bac6-d31af2d68d16 06bbd1ce37784b188c8b912a4d9ab8b3 960b28e35ccd47e99505804431eb5e67 - - default default] 10.0.0.197 "PUT /v2.0/routers/37b35ee5-2b18-44b3-a633-6f1cb5cfd2d7/remove_router_interface HTTP/1.1" status: 200 len: 503 time: 0.9926651 /var/lib/openstack/lib/python3.12/site-packages/pycadf/identifier.py:71: UserWarning: Invalid uuid: neutron. To ensure interoperability, identifiers should be a valid uuid. warnings.warn(('Invalid uuid: %s. To ensure interoperability, '
2026-07-15 00:14:18.843 9 INFO neutron.api.wsgi [None req-ae40c7da-c0c2-413f-986a-3bba8d70e063 6142015d0a1344e1b19a43cb150746a0 cfc21a9e08e043d1990bb51e10f88c7f - - default default] 10.0.0.197 "GET /v2.0/ports/137c4df3-5db3-44f4-92af-2bcac5f4b4c1 HTTP/1.1" status: 200 len: 1135 time: 0.0310771
2026-07-15 00:14:19.305 9 INFO neutron.api.wsgi [None req-8bc89526-6643-412c-9b13-f6386b3d5a79 06bbd1ce37784b188c8b912a4d9ab8b3 960b28e35ccd47e99505804431eb5e67 - - default default] 10.0.0.197 "DELETE /v2.0/routers/37b35ee5-2b18-44b3-a633-6f1cb5cfd2d7 HTTP/1.1" status: 204 len: 168 time: 0.6572230
2026-07-15 00:14:19.435 10 INFO neutron.api.wsgi [req-65e5fffb-99a8-4d39-aca6-acd7db3d8a9e req-802620ec-16e2-4b9f-9008-51c6c44daebb cd8355ce737242abbd67a95a52e1185f 6c523a8fd9a140a6aea6f916d3973701 - - default default] 199.19.213.73 "GET /v2.0/networks?id=4500305c-5524-4ae4-b0fd-dadadd79fda9 HTTP/1.1" status: 200 len: 876 time: 0.0589266
2026-07-15 00:14:19.444 10 WARNING neutron_lib.context [req-65e5fffb-99a8-4d39-aca6-acd7db3d8a9e req-6535d3d8-5227-4f9c-ad7f-6b69d1b4cdac cd8355ce737242abbd67a95a52e1185f 6c523a8fd9a140a6aea6f916d3973701 - - default default] Method 'is_advsvc' is deprecated since 2023.2 release (neutron-lib 3.8.0) and will be removed once support for the old RBAC API policies will be removed from Neutron. Please use method 'is_service_role' instead.
2026-07-15 00:14:19.501 10 INFO neutron.api.wsgi [req-839e968a-fc20-4e7e-9b09-6795d6938b54 req-fb2e56a5-f64b-44fa-957c-ff438025cc94 cd8355ce737242abbd67a95a52e1185f 6c523a8fd9a140a6aea6f916d3973701 - - default default] 10.0.0.184 "GET /v2.0/ports?device_id=a5b3c2cc-1d32-468a-9662-16b06da0c415 HTTP/1.1" status: 200 len: 210 time: 0.0179877
2026-07-15 00:14:19.517 10 INFO neutron.api.wsgi [None req-5da82bdc-8097-4aa9-a745-2f166d3e671c 06bbd1ce37784b188c8b912a4d9ab8b3 960b28e35ccd47e99505804431eb5e67 - - default default] 10.0.0.197 "DELETE /v2.0/subnets/5bb6e8fb-c109-45b9-95be-772c0658856d HTTP/1.1" status: 204 len: 168 time: 0.2066460
2026-07-15 00:14:19.780 10 WARNING neutron.scheduler.dhcp_agent_scheduler [req-65e5fffb-99a8-4d39-aca6-acd7db3d8a9e req-6535d3d8-5227-4f9c-ad7f-6b69d1b4cdac cd8355ce737242abbd67a95a52e1185f 6c523a8fd9a140a6aea6f916d3973701 - - default default] No more DHCP agents
2026-07-15 00:14:19.782 10 WARNING neutron.api.rpc.agentnotifiers.dhcp_rpc_agent_api [req-65e5fffb-99a8-4d39-aca6-acd7db3d8a9e req-6535d3d8-5227-4f9c-ad7f-6b69d1b4cdac cd8355ce737242abbd67a95a52e1185f 6c523a8fd9a140a6aea6f916d3973701 - - default default] Unable to schedule network 4500305c-5524-4ae4-b0fd-dadadd79fda9: no agents available; will retry on subsequent port and subnet creation events.
2026-07-15 00:14:19.817 9 INFO neutron.services.segments.plugin [-] Segment 8ffd4d9a-dd44-4689-96c3-47c963f87543 resource provider aggregate not found
2026-07-15 00:14:19.821 9 INFO neutron.services.segments.plugin [-] Segment 8ffd4d9a-dd44-4689-96c3-47c963f87543 resource provider aggregate not found
2026-07-15 00:14:19.834 9 INFO neutron.services.segments.plugin [-] Segment 8ffd4d9a-dd44-4689-96c3-47c963f87543 resource provider not found; error: Placement Client Error (4xx): {"errors": [{"status": 404, "title": "Not Found", "detail": "The resource could not be found.\n\n No resource provider with uuid 8ffd4d9a-dd44-4689-96c3-47c963f87543 found for delete ", "request_id": "req-6af71adb-af19-4173-adb7-5ffef92133f5"}]}
2026-07-15 00:14:19.835 9 INFO neutron.services.segments.plugin [-] Segment 8ffd4d9a-dd44-4689-96c3-47c963f87543 resource provider not found; error: Placement Client Error (4xx): {"errors": [{"status": 404, "title": "Not Found", "detail": "The resource could not be found.\n\n No resource provider with uuid 8ffd4d9a-dd44-4689-96c3-47c963f87543 found for delete ", "request_id": "req-250bf240-b9d9-47d8-91a5-78359c102cf7"}]}
2026-07-15 00:14:19.873 9 INFO neutron.api.wsgi [None req-e79c44e8-f525-469f-8a08-f0a7639be275 06bbd1ce37784b188c8b912a4d9ab8b3 960b28e35ccd47e99505804431eb5e67 - - default default] 10.0.0.197 "DELETE /v2.0/networks/7eec5ec0-8d09-4e3c-a422-9aad10a0c633 HTTP/1.1" status: 204 len: 168 time: 0.3493609
2026-07-15 00:14:19.946 10 INFO neutron.db.ovn_revision_numbers_db [req-65e5fffb-99a8-4d39-aca6-acd7db3d8a9e req-6535d3d8-5227-4f9c-ad7f-6b69d1b4cdac cd8355ce737242abbd67a95a52e1185f 6c523a8fd9a140a6aea6f916d3973701 - - default default] Successfully bumped revision number for resource b19f067d-e3b3-4fda-917f-21c60fa5e685 (type: ports) to 1
2026-07-15 00:14:19.951 9 INFO neutron.api.wsgi [None req-9aabc864-d526-465a-8465-167975596792 6142015d0a1344e1b19a43cb150746a0 cfc21a9e08e043d1990bb51e10f88c7f - - default default] 10.0.0.197 "GET /v2.0/ports/137c4df3-5db3-44f4-92af-2bcac5f4b4c1 HTTP/1.1" status: 200 len: 1135 time: 0.1011565
2026-07-15 00:14:19.997 10 INFO neutron.api.wsgi [req-65e5fffb-99a8-4d39-aca6-acd7db3d8a9e req-6535d3d8-5227-4f9c-ad7f-6b69d1b4cdac cd8355ce737242abbd67a95a52e1185f 6c523a8fd9a140a6aea6f916d3973701 - - default default] 199.19.213.73 "POST /v2.0/ports HTTP/1.1" status: 201 len: 1162 time: 0.5580451 /var/lib/openstack/lib/python3.12/site-packages/pycadf/identifier.py:71: UserWarning: Invalid uuid: neutron. To ensure interoperability, identifiers should be a valid uuid. warnings.warn(('Invalid uuid: %s. To ensure interoperability, '
