2026-07-15 00:16:03.698 10 INFO neutron.api.wsgi [None req-100836ae-6060-4c30-b589-ed9db3297417 599b97f18d6e423aadeed6cc4d1d8cc4 9c8a3a24c04641eaafd58abab362b4fb - - default default] 10.0.0.197 "DELETE /v2.0/networks/db4bd749-59f3-4695-93c3-e30e4f479377 HTTP/1.1" status: 204 len: 168 time: 0.2923026
2026-07-15 00:16:03.882 9 INFO neutron.api.wsgi [None req-1f666cc0-3e02-4c7b-91a0-d4d257e1f896 cf11d30b59ba49899071e9c562350fa9 c36199a27b1945d88c54cee2631c5154 - - default default] 10.0.0.197 "DELETE /v2.0/networks/5cf2398c-6b82-4d5a-a63a-affdd4527556 HTTP/1.1" status: 204 len: 168 time: 0.2781932
2026-07-15 00:16:04.092 10 INFO neutron.api.wsgi [req-f261ea3a-b574-47f0-9ef0-6e0f691d50e0 req-5195560a-57ed-4e7c-817a-949feae482fa 11ff971d2ccb4c509025486cb27ed0da eb801f677b7c46758d9b3a273545868a - - default default] 199.19.213.73 "GET /v2.0/ports?device_id=852001f7-68e6-449e-99be-9336dd844c98 HTTP/1.1" status: 200 len: 1168 time: 0.0286274
2026-07-15 00:16:04.296 10 INFO neutron.api.wsgi [req-f261ea3a-b574-47f0-9ef0-6e0f691d50e0 req-ac2017b5-f63e-45e0-afad-940849fa4ed2 11ff971d2ccb4c509025486cb27ed0da eb801f677b7c46758d9b3a273545868a - - default default] 199.19.213.73 "DELETE /v2.0/ports/6a78ef32-e614-4b2b-8ca2-d2ff3a169cd0 HTTP/1.1" status: 204 len: 173 time: 0.2005236
2026-07-15 00:16:04.445 10 INFO neutron.services.segments.plugin [-] Segment 9307f71e-dac5-4a7c-9876-1ef378703160 resource provider aggregate not found
2026-07-15 00:16:04.454 10 INFO neutron.services.segments.plugin [-] Segment 9307f71e-dac5-4a7c-9876-1ef378703160 resource provider aggregate not found
2026-07-15 00:16:04.460 10 INFO neutron.services.segments.plugin [-] Segment 9307f71e-dac5-4a7c-9876-1ef378703160 resource provider not found; error: Placement Client Error (4xx): {"errors": [{"status": 404, "title": "Not Found", "detail": "The resource could not be found.\n\n No resource provider with uuid 9307f71e-dac5-4a7c-9876-1ef378703160 found for delete ", "request_id": "req-c9c10c3c-a701-4d7d-8e18-3ebafa32b7c5"}]}
2026-07-15 00:16:04.471 10 INFO neutron.services.segments.plugin [-] Segment c7e6ef32-5868-419f-8812-58584167c327 resource provider aggregate not found
2026-07-15 00:16:04.475 10 INFO neutron.services.segments.plugin [-] Segment 9307f71e-dac5-4a7c-9876-1ef378703160 resource provider not found; error: Placement Client Error (4xx): {"errors": [{"status": 404, "title": "Not Found", "detail": "The resource could not be found.\n\n No resource provider with uuid 9307f71e-dac5-4a7c-9876-1ef378703160 found for delete ", "request_id": "req-c63a8ac9-299f-4558-86b7-0a3f426eb405"}]}
2026-07-15 00:16:04.487 10 INFO neutron.services.segments.plugin [-] Segment c7e6ef32-5868-419f-8812-58584167c327 resource provider aggregate not found
2026-07-15 00:16:04.491 10 INFO neutron.services.segments.plugin [-] Segment c7e6ef32-5868-419f-8812-58584167c327 resource provider not found; error: Placement Client Error (4xx): {"errors": [{"status": 404, "title": "Not Found", "detail": "The resource could not be found.\n\n No resource provider with uuid c7e6ef32-5868-419f-8812-58584167c327 found for delete ", "request_id": "req-3b0cebbf-1f86-4ef4-8b45-d3c20e5a4767"}]}
2026-07-15 00:16:04.502 10 INFO neutron.services.segments.plugin [-] Segment c7e6ef32-5868-419f-8812-58584167c327 resource provider not found; error: Placement Client Error (4xx): {"errors": [{"status": 404, "title": "Not Found", "detail": "The resource could not be found.\n\n No resource provider with uuid c7e6ef32-5868-419f-8812-58584167c327 found for delete ", "request_id": "req-c8aeaeb8-7167-4778-b34b-e3d0455c77b9"}]}
2026-07-15 00:16:04.505 10 INFO neutron.services.segments.plugin [-] Segment 2bf33e7d-da96-45e4-b51f-9feba7888b37 resource provider aggregate not found
2026-07-15 00:16:04.512 10 INFO neutron.services.segments.plugin [-] Segment 2bf33e7d-da96-45e4-b51f-9feba7888b37 resource provider aggregate not found
2026-07-15 00:16:04.515 10 INFO neutron.services.segments.plugin [-] Segment 2bf33e7d-da96-45e4-b51f-9feba7888b37 resource provider not found; error: Placement Client Error (4xx): {"errors": [{"status": 404, "title": "Not Found", "detail": "The resource could not be found.\n\n No resource provider with uuid 2bf33e7d-da96-45e4-b51f-9feba7888b37 found for delete ", "request_id": "req-134e62d0-a013-4e47-9841-1e7722e20985"}]}
2026-07-15 00:16:04.522 10 INFO neutron.services.segments.plugin [-] Segment 2bf33e7d-da96-45e4-b51f-9feba7888b37 resource provider not found; error: Placement Client Error (4xx): {"errors": [{"status": 404, "title": "Not Found", "detail": "The resource could not be found.\n\n No resource provider with uuid 2bf33e7d-da96-45e4-b51f-9feba7888b37 found for delete ", "request_id": "req-12c64990-5a6f-49b4-9278-efd63514c272"}]}
2026-07-15 00:16:04.630 10 INFO neutron.api.wsgi [req-9beaa66a-6d81-4ba4-99d0-34719f1ed4fc req-7275bbc6-2dbd-4e99-a87b-10d2491b0228 11ff971d2ccb4c509025486cb27ed0da eb801f677b7c46758d9b3a273545868a - - default default] 10.0.0.184 "GET /v2.0/ports?device_id=852001f7-68e6-449e-99be-9336dd844c98 HTTP/1.1" status: 200 len: 210 time: 0.0219278
2026-07-15 00:16:04.637 9 INFO neutron.db.ovn_revision_numbers_db [None req-c0c9d456-fb2e-4a68-bce7-3f1c643a8a9a 06bbd1ce37784b188c8b912a4d9ab8b3 960b28e35ccd47e99505804431eb5e67 - - default default] Successfully bumped revision number for resource 8785f11a-ed13-4cfd-b24c-a373c53566db (type: security_groups) to 1
2026-07-15 00:16:04.651 9 INFO neutron.db.ovn_revision_numbers_db [None req-c0c9d456-fb2e-4a68-bce7-3f1c643a8a9a 06bbd1ce37784b188c8b912a4d9ab8b3 960b28e35ccd47e99505804431eb5e67 - - default default] Successfully bumped revision number for resource 3ca3d8d8-d182-4637-8616-50fe14e79287 (type: security_group_rules) to 0
2026-07-15 00:16:04.665 9 INFO neutron.db.ovn_revision_numbers_db [None req-eb1bee43-0441-4e1e-a14b-d90a05a14032 06bbd1ce37784b188c8b912a4d9ab8b3 960b28e35ccd47e99505804431eb5e67 - - default default] Successfully bumped revision number for resource c0dfd990-ccbf-4cdc-97eb-8f521876a592 (type: security_groups) to 1
2026-07-15 00:16:04.668 9 INFO neutron.db.ovn_revision_numbers_db [None req-c0c9d456-fb2e-4a68-bce7-3f1c643a8a9a 06bbd1ce37784b188c8b912a4d9ab8b3 960b28e35ccd47e99505804431eb5e67 - - default default] Successfully bumped revision number for resource 5b1b4ff1-1b07-4042-b3ed-39ff1110a78b (type: security_group_rules) to 0
2026-07-15 00:16:04.679 9 INFO neutron.db.ovn_revision_numbers_db [None req-eb1bee43-0441-4e1e-a14b-d90a05a14032 06bbd1ce37784b188c8b912a4d9ab8b3 960b28e35ccd47e99505804431eb5e67 - - default default] Successfully bumped revision number for resource 41971cbc-31dc-4ef2-8b1f-ec60c4a8ddc0 (type: security_group_rules) to 0
2026-07-15 00:16:04.683 9 INFO neutron.db.ovn_revision_numbers_db [None req-c0c9d456-fb2e-4a68-bce7-3f1c643a8a9a 06bbd1ce37784b188c8b912a4d9ab8b3 960b28e35ccd47e99505804431eb5e67 - - default default] Successfully bumped revision number for resource d8a05a68-dd7c-45e8-875e-9bba99b52c1d (type: security_group_rules) to 0
2026-07-15 00:16:04.691 9 INFO neutron.db.ovn_revision_numbers_db [None req-eb1bee43-0441-4e1e-a14b-d90a05a14032 06bbd1ce37784b188c8b912a4d9ab8b3 960b28e35ccd47e99505804431eb5e67 - - default default] Successfully bumped revision number for resource 64b74333-427f-45fe-a004-ee757d349f68 (type: security_group_rules) to 0
2026-07-15 00:16:04.698 9 INFO neutron.db.ovn_revision_numbers_db [None req-c0c9d456-fb2e-4a68-bce7-3f1c643a8a9a 06bbd1ce37784b188c8b912a4d9ab8b3 960b28e35ccd47e99505804431eb5e67 - - default default] Successfully bumped revision number for resource f6b1e1f3-4f33-47b3-a344-4c8abf468264 (type: security_group_rules) to 0
2026-07-15 00:16:04.705 9 INFO neutron.db.ovn_revision_numbers_db [None req-eb1bee43-0441-4e1e-a14b-d90a05a14032 06bbd1ce37784b188c8b912a4d9ab8b3 960b28e35ccd47e99505804431eb5e67 - - default default] Successfully bumped revision number for resource 71e7ffb8-877d-492d-8b38-2d23502e3fc6 (type: security_group_rules) to 0
2026-07-15 00:16:04.720 9 INFO neutron.db.ovn_revision_numbers_db [None req-eb1bee43-0441-4e1e-a14b-d90a05a14032 06bbd1ce37784b188c8b912a4d9ab8b3 960b28e35ccd47e99505804431eb5e67 - - default default] Successfully bumped revision number for resource f380685b-a47a-4d5d-bec0-3ababf7d374e (type: security_group_rules) to 0
2026-07-15 00:16:04.731 9 INFO neutron.api.wsgi [None req-c0c9d456-fb2e-4a68-bce7-3f1c643a8a9a 06bbd1ce37784b188c8b912a4d9ab8b3 960b28e35ccd47e99505804431eb5e67 - - default default] 10.0.0.197 "GET /v2.0/security-groups?tenant_id=106f0c7542b8405ca21abf8512eea09e&name=default HTTP/1.1" status: 200 len: 3120 time: 0.2749531
2026-07-15 00:16:04.760 9 INFO neutron.api.wsgi [None req-eb1bee43-0441-4e1e-a14b-d90a05a14032 06bbd1ce37784b188c8b912a4d9ab8b3 960b28e35ccd47e99505804431eb5e67 - - default default] 10.0.0.197 "GET /v2.0/security-groups?tenant_id=9701e589360443a198ecd7198f6e00ef&name=default HTTP/1.1" status: 200 len: 3120 time: 0.3071666
2026-07-15 00:16:04.940 10 INFO neutron.api.wsgi [None req-6a8f812a-7325-4417-97ec-f39b3f61556f 06bbd1ce37784b188c8b912a4d9ab8b3 960b28e35ccd47e99505804431eb5e67 - - default default] 10.0.0.197 "DELETE /v2.0/security-groups/8785f11a-ed13-4cfd-b24c-a373c53566db HTTP/1.1" status: 204 len: 168 time: 0.2037315
2026-07-15 00:16:04.974 9 INFO neutron.api.wsgi [None req-c36f9550-ad59-4923-b98b-b61f924a6e49 06bbd1ce37784b188c8b912a4d9ab8b3 960b28e35ccd47e99505804431eb5e67 - - default default] 10.0.0.197 "DELETE /v2.0/security-groups/c0dfd990-ccbf-4cdc-97eb-8f521876a592 HTTP/1.1" status: 204 len: 168 time: 0.2098925
2026-07-15 00:16:05.024 10 INFO neutron.notifiers.nova [-] Nova event matching ['req-18c11e5f-279e-4347-a356-22971992570a'] response: {'server_uuid': '852001f7-68e6-449e-99be-9336dd844c98', 'name': 'network-vif-unplugged', 'status': 'completed', 'tag': '6a78ef32-e614-4b2b-8ca2-d2ff3a169cd0', 'code': 200}
2026-07-15 00:16:05.025 10 INFO neutron.notifiers.nova [-] Nova event matching ['req-18c11e5f-279e-4347-a356-22971992570a'] response: {'server_uuid': '852001f7-68e6-449e-99be-9336dd844c98', 'name': 'network-vif-deleted', 'tag': '6a78ef32-e614-4b2b-8ca2-d2ff3a169cd0', 'status': 'completed', 'code': 200}
2026-07-15 00:16:05.102 10 INFO neutron.api.wsgi [None req-a55e5127-2403-4e5a-96cf-2c31b673b18b 06bbd1ce37784b188c8b912a4d9ab8b3 960b28e35ccd47e99505804431eb5e67 - - default default] 10.0.0.197 "GET /v2.0/security-groups?tenant_id=c36199a27b1945d88c54cee2631c5154&name=default HTTP/1.1" status: 200 len: 3120 time: 0.0329587
2026-07-15 00:16:05.151 9 INFO neutron.db.ovn_revision_numbers_db [None req-487ce0d9-6e59-46ec-854e-fcea25e1a8c2 06bbd1ce37784b188c8b912a4d9ab8b3 960b28e35ccd47e99505804431eb5e67 - - default default] Successfully bumped revision number for resource 21ced8ba-2b59-496f-b384-0ad2e0bf99ba (type: security_groups) to 1
2026-07-15 00:16:05.163 9 INFO neutron.db.ovn_revision_numbers_db [None req-487ce0d9-6e59-46ec-854e-fcea25e1a8c2 06bbd1ce37784b188c8b912a4d9ab8b3 960b28e35ccd47e99505804431eb5e67 - - default default] Successfully bumped revision number for resource 0e1bd092-c05d-4bd3-8231-e665a876f870 (type: security_group_rules) to 0
2026-07-15 00:16:05.174 9 INFO neutron.db.ovn_revision_numbers_db [None req-487ce0d9-6e59-46ec-854e-fcea25e1a8c2 06bbd1ce37784b188c8b912a4d9ab8b3 960b28e35ccd47e99505804431eb5e67 - - default default] Successfully bumped revision number for resource 2a41504a-69c1-4c59-a3fe-10415cebcf0a (type: security_group_rules) to 0
2026-07-15 00:16:05.185 9 INFO neutron.db.ovn_revision_numbers_db [None req-487ce0d9-6e59-46ec-854e-fcea25e1a8c2 06bbd1ce37784b188c8b912a4d9ab8b3 960b28e35ccd47e99505804431eb5e67 - - default default] Successfully bumped revision number for resource 8c877970-cec7-40bb-ab6c-944abd146138 (type: security_group_rules) to 0
2026-07-15 00:16:05.196 9 INFO neutron.db.ovn_revision_numbers_db [None req-487ce0d9-6e59-46ec-854e-fcea25e1a8c2 06bbd1ce37784b188c8b912a4d9ab8b3 960b28e35ccd47e99505804431eb5e67 - - default default] Successfully bumped revision number for resource ecf9bf74-7900-49fd-9544-ee2d272a6851 (type: security_group_rules) to 0
2026-07-15 00:16:05.229 9 INFO neutron.api.wsgi [None req-487ce0d9-6e59-46ec-854e-fcea25e1a8c2 06bbd1ce37784b188c8b912a4d9ab8b3 960b28e35ccd47e99505804431eb5e67 - - default default] 10.0.0.197 "GET /v2.0/security-groups?tenant_id=1c395d6cf5444afc9c73eec0653c18bf&name=default HTTP/1.1" status: 200 len: 3120 time: 0.1880836
2026-07-15 00:16:05.292 10 INFO neutron.api.wsgi [None req-d4fa266f-b1f0-4bf0-8368-e47570e1920b 06bbd1ce37784b188c8b912a4d9ab8b3 960b28e35ccd47e99505804431eb5e67 - - default default] 10.0.0.197 "DELETE /v2.0/security-groups/86c07bd4-dcdc-47b6-ba8b-bf2062623cdc HTTP/1.1" status: 204 len: 168 time: 0.1851506
2026-07-15 00:16:05.407 9 INFO neutron.api.wsgi [None req-fe644784-96db-4178-ae14-420c4dc9760f 06bbd1ce37784b188c8b912a4d9ab8b3 960b28e35ccd47e99505804431eb5e67 - - default default] 10.0.0.197 "DELETE /v2.0/security-groups/21ced8ba-2b59-496f-b384-0ad2e0bf99ba HTTP/1.1" status: 204 len: 168 time: 0.1737065
2026-07-15 00:16:05.409 9 INFO neutron.services.segments.plugin [-] Segment 9fea2c69-18a6-47fe-8f87-32fdbc9b9b41 resource provider aggregate not found
2026-07-15 00:16:05.417 9 INFO neutron.services.segments.plugin [-] Segment 9fea2c69-18a6-47fe-8f87-32fdbc9b9b41 resource provider aggregate not found
2026-07-15 00:16:05.419 9 INFO neutron.services.segments.plugin [-] Segment 9fea2c69-18a6-47fe-8f87-32fdbc9b9b41 resource provider not found; error: Placement Client Error (4xx): {"errors": [{"status": 404, "title": "Not Found", "detail": "The resource could not be found.\n\n No resource provider with uuid 9fea2c69-18a6-47fe-8f87-32fdbc9b9b41 found for delete ", "request_id": "req-dbdbc289-a2c6-4f24-a0f4-89d802c5abcc"}]}
2026-07-15 00:16:05.425 9 INFO neutron.services.segments.plugin [-] Segment 9fea2c69-18a6-47fe-8f87-32fdbc9b9b41 resource provider not found; error: Placement Client Error (4xx): {"errors": [{"status": 404, "title": "Not Found", "detail": "The resource could not be found.\n\n No resource provider with uuid 9fea2c69-18a6-47fe-8f87-32fdbc9b9b41 found for delete ", "request_id": "req-35b8f792-4007-48be-8100-26bba2e0f7e6"}]}
2026-07-15 00:16:05.551 9 INFO neutron.api.wsgi [None req-27580a31-30a7-4369-b103-52dda7d52f34 06bbd1ce37784b188c8b912a4d9ab8b3 960b28e35ccd47e99505804431eb5e67 - - default default] 10.0.0.197 "GET /v2.0/security-groups?tenant_id=9c8a3a24c04641eaafd58abab362b4fb&name=default HTTP/1.1" status: 200 len: 3120 time: 0.0248153
2026-07-15 00:16:05.710 10 INFO neutron.api.wsgi [req-a69ea4f1-22fd-4d29-8ad3-8bc6cbbd1fe4 req-b8e6c69d-63ff-49c2-beaa-f1a84527a934 11ff971d2ccb4c509025486cb27ed0da eb801f677b7c46758d9b3a273545868a - - default default] 10.0.0.184 "GET /v2.0/ports?device_id=852001f7-68e6-449e-99be-9336dd844c98 HTTP/1.1" status: 200 len: 210 time: 0.0177519
2026-07-15 00:16:05.721 9 INFO neutron.api.wsgi [None req-6fb94949-7bc4-464c-8e58-056ed41abbec 06bbd1ce37784b188c8b912a4d9ab8b3 960b28e35ccd47e99505804431eb5e67 - - default default] 10.0.0.197 "DELETE /v2.0/security-groups/3271e28b-1557-41c2-9ba4-639410df754b HTTP/1.1" status: 204 len: 168 time: 0.1644201
2026-07-15 00:16:06.793 10 INFO neutron.api.wsgi [req-4a27d88c-fb18-48ec-889b-835b65fbe829 req-14f42568-2e29-41e9-8994-05500dcb3b07 11ff971d2ccb4c509025486cb27ed0da eb801f677b7c46758d9b3a273545868a - - default default] 10.0.0.184 "GET /v2.0/ports?device_id=852001f7-68e6-449e-99be-9336dd844c98 HTTP/1.1" status: 200 len: 210 time: 0.0166986
2026-07-15 00:16:07.310 10 INFO neutron.db.ovn_revision_numbers_db [None req-9baf99a4-e8f3-40ad-b94c-2423ec23c7ed 06bbd1ce37784b188c8b912a4d9ab8b3 960b28e35ccd47e99505804431eb5e67 - - default default] Successfully bumped revision number for resource dd00e79c-186b-474f-91fc-23ce88b3f7c6 (type: security_groups) to 1
2026-07-15 00:16:07.322 10 INFO neutron.db.ovn_revision_numbers_db [None req-9baf99a4-e8f3-40ad-b94c-2423ec23c7ed 06bbd1ce37784b188c8b912a4d9ab8b3 960b28e35ccd47e99505804431eb5e67 - - default default] Successfully bumped revision number for resource 38099e77-175d-4496-bf7d-b9316dd0699f (type: security_group_rules) to 0
2026-07-15 00:16:07.339 10 INFO neutron.db.ovn_revision_numbers_db [None req-9baf99a4-e8f3-40ad-b94c-2423ec23c7ed 06bbd1ce37784b188c8b912a4d9ab8b3 960b28e35ccd47e99505804431eb5e67 - - default default] Successfully bumped revision number for resource 794872a7-10d7-4aa3-b221-5509907cc5e6 (type: security_group_rules) to 0
2026-07-15 00:16:07.350 10 INFO neutron.db.ovn_revision_numbers_db [None req-9baf99a4-e8f3-40ad-b94c-2423ec23c7ed 06bbd1ce37784b188c8b912a4d9ab8b3 960b28e35ccd47e99505804431eb5e67 - - default default] Successfully bumped revision number for resource b29f64de-0e8e-4c5f-a450-3c6e89a8f752 (type: security_group_rules) to 0
2026-07-15 00:16:07.361 10 INFO neutron.db.ovn_revision_numbers_db [None req-9baf99a4-e8f3-40ad-b94c-2423ec23c7ed 06bbd1ce37784b188c8b912a4d9ab8b3 960b28e35ccd47e99505804431eb5e67 - - default default] Successfully bumped revision number for resource dd6b562e-527d-4e98-b930-3c01d402a83b (type: security_group_rules) to 0
2026-07-15 00:16:07.423 10 INFO neutron.db.segments_db [None req-9baf99a4-e8f3-40ad-b94c-2423ec23c7ed 06bbd1ce37784b188c8b912a4d9ab8b3 960b28e35ccd47e99505804431eb5e67 - - default default] Added segment 66eac6c3-4f89-4a8b-a525-574fbaefe8d8 of type geneve for network 0e336d4f-50a4-486a-bd49-f378d97a0e41
2026-07-15 00:16:07.517 10 INFO neutron.db.ovn_revision_numbers_db [None req-9baf99a4-e8f3-40ad-b94c-2423ec23c7ed 06bbd1ce37784b188c8b912a4d9ab8b3 960b28e35ccd47e99505804431eb5e67 - - default default] Successfully bumped revision number for resource 0e336d4f-50a4-486a-bd49-f378d97a0e41 (type: networks) to 1
2026-07-15 00:16:07.637 10 WARNING neutron.scheduler.dhcp_agent_scheduler [None req-9baf99a4-e8f3-40ad-b94c-2423ec23c7ed 06bbd1ce37784b188c8b912a4d9ab8b3 960b28e35ccd47e99505804431eb5e67 - - default default] No more DHCP agents
2026-07-15 00:16:07.639 10 WARNING neutron.api.rpc.agentnotifiers.dhcp_rpc_agent_api [None req-9baf99a4-e8f3-40ad-b94c-2423ec23c7ed 06bbd1ce37784b188c8b912a4d9ab8b3 960b28e35ccd47e99505804431eb5e67 - - default default] Unable to schedule network 0e336d4f-50a4-486a-bd49-f378d97a0e41: no agents available; will retry on subsequent port and subnet creation events.
2026-07-15 00:16:07.688 10 INFO neutron.db.ovn_revision_numbers_db [None req-9baf99a4-e8f3-40ad-b94c-2423ec23c7ed 06bbd1ce37784b188c8b912a4d9ab8b3 960b28e35ccd47e99505804431eb5e67 - - default default] Successfully bumped revision number for resource c9f962d5-b49c-4455-9b96-9c306c2a994b (type: ports) to 1
2026-07-15 00:16:07.704 10 INFO neutron.api.wsgi [None req-9baf99a4-e8f3-40ad-b94c-2423ec23c7ed 06bbd1ce37784b188c8b912a4d9ab8b3 960b28e35ccd47e99505804431eb5e67 - - default default] 10.0.0.197 "POST /v2.0/networks HTTP/1.1" status: 201 len: 942 time: 0.6937306
2026-07-15 00:16:07.814 10 WARNING neutron.scheduler.dhcp_agent_scheduler [None req-849f92ec-3819-425b-9afb-1398ad822dde 06bbd1ce37784b188c8b912a4d9ab8b3 960b28e35ccd47e99505804431eb5e67 - - default default] No more DHCP agents
2026-07-15 00:16:07.815 10 WARNING neutron.api.rpc.agentnotifiers.dhcp_rpc_agent_api [None req-849f92ec-3819-425b-9afb-1398ad822dde 06bbd1ce37784b188c8b912a4d9ab8b3 960b28e35ccd47e99505804431eb5e67 - - default default] Unable to schedule network 0e336d4f-50a4-486a-bd49-f378d97a0e41: no agents available; will retry on subsequent port and subnet creation events.
2026-07-15 00:16:07.879 10 INFO neutron.api.wsgi [req-949f27f5-5d5e-48f4-90ad-a250716b637c req-4b277177-097b-4e24-bc9e-58ab28694ec0 11ff971d2ccb4c509025486cb27ed0da eb801f677b7c46758d9b3a273545868a - - default default] 10.0.0.184 "GET /v2.0/ports?device_id=852001f7-68e6-449e-99be-9336dd844c98 HTTP/1.1" status: 200 len: 210 time: 0.0179400
2026-07-15 00:16:08.209 10 INFO neutron.db.ovn_revision_numbers_db [None req-1ed79954-2be1-46e6-adcc-9b58e40f3dd0 - - - - - -] Successfully bumped revision number for resource c9f962d5-b49c-4455-9b96-9c306c2a994b (type: ports) to 2
2026-07-15 00:16:08.234 10 INFO neutron.db.ovn_revision_numbers_db [None req-1ed79954-2be1-46e6-adcc-9b58e40f3dd0 - - - - - -] Successfully bumped revision number for resource 0ee5aba0-4d99-4d68-9641-9fa60e5fe3d2 (type: subnets) to 0
2026-07-15 00:16:08.252 10 INFO neutron.api.wsgi [None req-849f92ec-3819-425b-9afb-1398ad822dde 06bbd1ce37784b188c8b912a4d9ab8b3 960b28e35ccd47e99505804431eb5e67 - - default default] 10.0.0.197 "POST /v2.0/subnets HTTP/1.1" status: 201 len: 886 time: 0.5431089
2026-07-15 00:16:08.640 9 WARNING neutron.scheduler.dhcp_agent_scheduler [None req-da3cf35e-76dd-42d0-b877-7765edd8efd8 06bbd1ce37784b188c8b912a4d9ab8b3 960b28e35ccd47e99505804431eb5e67 - - default default] No more DHCP agents
2026-07-15 00:16:08.643 9 WARNING neutron.api.rpc.agentnotifiers.dhcp_rpc_agent_api [None req-da3cf35e-76dd-42d0-b877-7765edd8efd8 06bbd1ce37784b188c8b912a4d9ab8b3 960b28e35ccd47e99505804431eb5e67 - - default default] Unable to schedule network 11c62d4d-75c2-42dc-a014-8b9c456f30a2: no agents available; will retry on subsequent port and subnet creation events.
2026-07-15 00:16:08.753 9 INFO neutron.db.ovn_revision_numbers_db [None req-da3cf35e-76dd-42d0-b877-7765edd8efd8 06bbd1ce37784b188c8b912a4d9ab8b3 960b28e35ccd47e99505804431eb5e67 - - default default] Successfully bumped revision number for resource 402fdba2-b30f-423c-9a62-5f1bdd905b50 (type: ports) to 1
2026-07-15 00:16:08.812 9 INFO neutron.api.wsgi [None req-1beaa3f1-228c-440a-b442-78e1e3318c36 50a3fdc9b2364bcfbe4931bbd8ee53ca ecacbae117054b9f9728535d669603d4 - - default default] 10.0.0.197 "POST /v2.0/qos/policies HTTP/1.1" status: 201 len: 558 time: 0.1918762
2026-07-15 00:16:08.853 10 INFO neutron.api.wsgi [None req-c3d64cbc-c84f-4d6b-bbcd-fd30e4177078 50a3fdc9b2364bcfbe4931bbd8ee53ca ecacbae117054b9f9728535d669603d4 - - default default] 10.0.0.197 "PUT /v2.0/policies/7e06c79d-58cb-446c-8319-96c225226fd9/tags HTTP/1.1" status: 200 len: 218 time: 0.0358624
2026-07-15 00:16:08.876 10 INFO neutron.api.wsgi [None req-ca774290-72bd-454b-96c6-7d5b48f8a452 50a3fdc9b2364bcfbe4931bbd8ee53ca ecacbae117054b9f9728535d669603d4 - - default default] 10.0.0.197 "GET /v2.0/policies/7e06c79d-58cb-446c-8319-96c225226fd9/tags HTTP/1.1" status: 200 len: 218 time: 0.0150750
2026-07-15 00:16:08.920 10 INFO neutron.api.wsgi [None req-f5f1f9b7-0a4e-4791-8864-835934dce3a1 50a3fdc9b2364bcfbe4931bbd8ee53ca ecacbae117054b9f9728535d669603d4 - - default default] 10.0.0.197 "PUT /v2.0/policies/7e06c79d-58cb-446c-8319-96c225226fd9/tags/green HTTP/1.1" status: 201 len: 201 time: 0.0370505
2026-07-15 00:16:08.951 10 INFO neutron.api.wsgi [None req-6df1fa7e-fe0a-4da5-abc4-1016c29c63bb 50a3fdc9b2364bcfbe4931bbd8ee53ca ecacbae117054b9f9728535d669603d4 - - default default] 10.0.0.197 "GET /v2.0/policies/7e06c79d-58cb-446c-8319-96c225226fd9/tags HTTP/1.1" status: 200 len: 227 time: 0.0255253
2026-07-15 00:16:08.968 10 INFO neutron.api.wsgi [None req-5fc9bf65-d333-40f7-b03e-6174ec1577c1 50a3fdc9b2364bcfbe4931bbd8ee53ca ecacbae117054b9f9728535d669603d4 - - default default] 10.0.0.197 "PUT /v2.0/policies/7e06c79d-58cb-446c-8319-96c225226fd9/tags/red HTTP/1.1" status: 201 len: 201 time: 0.0142577
2026-07-15 00:16:09.004 9 INFO neutron.api.wsgi [None req-7a916d56-7719-43d1-8dad-a98139282e48 50a3fdc9b2364bcfbe4931bbd8ee53ca ecacbae117054b9f9728535d669603d4 - - default default] 10.0.0.197 "GET /v2.0/policies/7e06c79d-58cb-446c-8319-96c225226fd9/tags HTTP/1.1" status: 200 len: 227 time: 0.0317340
2026-07-15 00:16:09.038 10 INFO neutron.api.wsgi [None req-c07c8669-b190-4636-b0fa-a4853e89297d 50a3fdc9b2364bcfbe4931bbd8ee53ca ecacbae117054b9f9728535d669603d4 - - default default] 10.0.0.197 "PUT /v2.0/policies/7e06c79d-58cb-446c-8319-96c225226fd9/tags/black.or.white HTTP/1.1" status: 201 len: 201 time: 0.0304658
2026-07-15 00:16:09.066 10 INFO neutron.api.wsgi [None req-6249b569-a68d-4721-9bc1-c4eddc2f6c81 50a3fdc9b2364bcfbe4931bbd8ee53ca ecacbae117054b9f9728535d669603d4 - - default default] 10.0.0.197 "GET /v2.0/policies/7e06c79d-58cb-446c-8319-96c225226fd9/tags HTTP/1.1" status: 200 len: 245 time: 0.0239332
2026-07-15 00:16:09.097 10 INFO neutron.api.wsgi [None req-0c8d446b-df81-4823-804e-0ef37edf29ed 50a3fdc9b2364bcfbe4931bbd8ee53ca ecacbae117054b9f9728535d669603d4 - - default default] 10.0.0.197 "PUT /v2.0/policies/7e06c79d-58cb-446c-8319-96c225226fd9/tags HTTP/1.1" status: 200 len: 230 time: 0.0270710
2026-07-15 00:16:09.119 10 INFO neutron.api.wsgi [None req-c587b2f4-8a15-4caf-80c5-426073838025 50a3fdc9b2364bcfbe4931bbd8ee53ca ecacbae117054b9f9728535d669603d4 - - default default] 10.0.0.197 "GET /v2.0/policies/7e06c79d-58cb-446c-8319-96c225226fd9/tags HTTP/1.1" status: 200 len: 230 time: 0.0165415
2026-07-15 00:16:09.147 9 INFO neutron.api.wsgi [None req-fb6ada37-629c-4821-966b-c08f0454f512 50a3fdc9b2364bcfbe4931bbd8ee53ca ecacbae117054b9f9728535d669603d4 - - default default] 10.0.0.197 "GET /v2.0/policies/7e06c79d-58cb-446c-8319-96c225226fd9/tags/red HTTP/1.1" status: 204 len: 168 time: 0.0244963
2026-07-15 00:16:09.163 10 INFO neutron.api.v2.resource [None req-0cc729d6-54f8-41bf-9ae7-74fe809dfc77 50a3fdc9b2364bcfbe4931bbd8ee53ca ecacbae117054b9f9728535d669603d4 - - default default] show failed (client error): The resource could not be found.
2026-07-15 00:16:09.164 10 INFO neutron.api.wsgi [None req-0cc729d6-54f8-41bf-9ae7-74fe809dfc77 50a3fdc9b2364bcfbe4931bbd8ee53ca ecacbae117054b9f9728535d669603d4 - - default default] 10.0.0.197 "GET /v2.0/policies/7e06c79d-58cb-446c-8319-96c225226fd9/tags/green HTTP/1.1" status: 404 len: 299 time: 0.0129056
2026-07-15 00:16:09.200 9 INFO neutron.api.wsgi [None req-b39be34a-0935-4de2-8926-ce32fc104167 50a3fdc9b2364bcfbe4931bbd8ee53ca ecacbae117054b9f9728535d669603d4 - - default default] 10.0.0.197 "DELETE /v2.0/policies/7e06c79d-58cb-446c-8319-96c225226fd9/tags/red HTTP/1.1" status: 204 len: 168 time: 0.0325973
2026-07-15 00:16:09.225 10 INFO neutron.api.wsgi [None req-0920d3f3-b635-4fab-a0f9-7ead004a5c6b 50a3fdc9b2364bcfbe4931bbd8ee53ca ecacbae117054b9f9728535d669603d4 - - default default] 10.0.0.197 "GET /v2.0/policies/7e06c79d-58cb-446c-8319-96c225226fd9/tags HTTP/1.1" status: 200 len: 223 time: 0.0195844
2026-07-15 00:16:09.243 10 INFO neutron.api.v2.resource [None req-3134a361-3b68-4229-b054-cb5b5dc42581 50a3fdc9b2364bcfbe4931bbd8ee53ca ecacbae117054b9f9728535d669603d4 - - default default] delete failed (client error): The resource could not be found.
2026-07-15 00:16:09.245 10 INFO neutron.api.wsgi [None req-3134a361-3b68-4229-b054-cb5b5dc42581 50a3fdc9b2364bcfbe4931bbd8ee53ca ecacbae117054b9f9728535d669603d4 - - default default] 10.0.0.197 "DELETE /v2.0/policies/7e06c79d-58cb-446c-8319-96c225226fd9/tags/green HTTP/1.1" status: 404 len: 299 time: 0.0162649
2026-07-15 00:16:09.276 10 INFO neutron.api.wsgi [None req-85f78da0-71c0-49b3-b03a-d177c4b1983a 50a3fdc9b2364bcfbe4931bbd8ee53ca ecacbae117054b9f9728535d669603d4 - - default default] 10.0.0.197 "DELETE /v2.0/policies/7e06c79d-58cb-446c-8319-96c225226fd9/tags HTTP/1.1" status: 204 len: 168 time: 0.0266626
2026-07-15 00:16:09.293 10 INFO neutron.api.wsgi [None req-a4e2bb7c-3d45-4fb4-b9b7-2be846efb0f2 50a3fdc9b2364bcfbe4931bbd8ee53ca ecacbae117054b9f9728535d669603d4 - - default default] 10.0.0.197 "GET /v2.0/policies/7e06c79d-58cb-446c-8319-96c225226fd9/tags HTTP/1.1" status: 200 len: 205 time: 0.0129097
2026-07-15 00:16:09.330 9 INFO neutron.plugins.ml2.drivers.ovn.mech_driver.ovsdb.commands [None req-fd6af830-0d0c-4bb7-96ba-1b28fd6c3f5e - - - - - -] Schedule LRP lrp-402fdba2-b30f-423c-9a62-5f1bdd905b50 on gateway 6d7a156e-887f-4b2d-b245-af521f6d44f8 with priority 1
2026-07-15 00:16:09.336 10 INFO neutron.plugins.ml2.drivers.ovn.mech_driver.mech_driver [None req-09b108f9-cb4f-469e-825a-452fc6408759 - - - - - -] OVN reports status up for port: 402fdba2-b30f-423c-9a62-5f1bdd905b50
2026-07-15 00:16:09.351 10 INFO neutron.plugins.ml2.plugin [None req-09b108f9-cb4f-469e-825a-452fc6408759 - - - - - -] Attempt 1 to provision port 402fdba2-b30f-423c-9a62-5f1bdd905b50
2026-07-15 00:16:09.358 10 INFO neutron.plugins.ml2.drivers.ovn.mech_driver.ovsdb.ovsdb_monitor [None req-498f3d9e-7b30-4777-add8-b14452ff87d7 - - - - - -] Router 1f72ca42-59c4-490d-bd60-cb640921c72e is bound to host instance
2026-07-15 00:16:09.362 9 INFO neutron.db.ovn_revision_numbers_db [None req-da3cf35e-76dd-42d0-b877-7765edd8efd8 06bbd1ce37784b188c8b912a4d9ab8b3 960b28e35ccd47e99505804431eb5e67 - - default default] Successfully bumped revision number for resource 402fdba2-b30f-423c-9a62-5f1bdd905b50 (type: router_ports) to 1
2026-07-15 00:16:09.385 10 INFO neutron.api.wsgi [None req-59262fc6-bd6e-44ab-88f1-fc9b2b169f61 50a3fdc9b2364bcfbe4931bbd8ee53ca ecacbae117054b9f9728535d669603d4 - - default default] 10.0.0.197 "DELETE /v2.0/qos/policies/7e06c79d-58cb-446c-8319-96c225226fd9 HTTP/1.1" status: 204 len: 168 time: 0.0855234
2026-07-15 00:16:09.418 9 INFO neutron.db.ovn_revision_numbers_db [None req-da3cf35e-76dd-42d0-b877-7765edd8efd8 06bbd1ce37784b188c8b912a4d9ab8b3 960b28e35ccd47e99505804431eb5e67 - - default default] Successfully bumped revision number for resource 1f72ca42-59c4-490d-bd60-cb640921c72e (type: routers) to 2
2026-07-15 00:16:09.433 9 INFO neutron.api.wsgi [None req-da3cf35e-76dd-42d0-b877-7765edd8efd8 06bbd1ce37784b188c8b912a4d9ab8b3 960b28e35ccd47e99505804431eb5e67 - - default default] 10.0.0.197 "POST /v2.0/routers HTTP/1.1" status: 201 len: 1164 time: 1.1721299
2026-07-15 00:16:09.822 10 INFO neutron.db.ovn_revision_numbers_db [None req-98a53724-f249-41be-8b04-d546db6abf9c - - - - - -] Successfully bumped revision number for resource 402fdba2-b30f-423c-9a62-5f1bdd905b50 (type: ports) to 1
2026-07-15 00:16:09.875 10 WARNING neutron.scheduler.dhcp_agent_scheduler [None req-3390cf7f-47f3-412b-beaa-1000cac89d41 06bbd1ce37784b188c8b912a4d9ab8b3 960b28e35ccd47e99505804431eb5e67 - - default default] No more DHCP agents
2026-07-15 00:16:09.879 10 WARNING neutron.api.rpc.agentnotifiers.dhcp_rpc_agent_api [None req-3390cf7f-47f3-412b-beaa-1000cac89d41 06bbd1ce37784b188c8b912a4d9ab8b3 960b28e35ccd47e99505804431eb5e67 - - default default] Unable to schedule network 0e336d4f-50a4-486a-bd49-f378d97a0e41: no agents available; will retry on subsequent port and subnet creation events.
2026-07-15 00:16:10.025 10 INFO neutron.db.ovn_revision_numbers_db [None req-3390cf7f-47f3-412b-beaa-1000cac89d41 06bbd1ce37784b188c8b912a4d9ab8b3 960b28e35ccd47e99505804431eb5e67 - - default default] Successfully bumped revision number for resource 803a45b1-0706-4b0e-b51c-eddde236c750 (type: ports) to 1
2026-07-15 00:16:10.180 10 INFO neutron.db.ovn_revision_numbers_db [None req-98a53724-f249-41be-8b04-d546db6abf9c - - - - - -] Successfully bumped revision number for resource 402fdba2-b30f-423c-9a62-5f1bdd905b50 (type: ports) to 4
2026-07-15 00:16:10.194 9 INFO neutron.db.ovn_revision_numbers_db [None req-f562ed38-1d58-44c3-b0d3-bc24f422c1f5 06bbd1ce37784b188c8b912a4d9ab8b3 960b28e35ccd47e99505804431eb5e67 - - default default] Successfully bumped revision number for resource ce3e7da1-d451-440e-8905-cb7e0b9eab8b (type: security_groups) to 1
2026-07-15 00:16:10.215 9 INFO neutron.db.ovn_revision_numbers_db [None req-f562ed38-1d58-44c3-b0d3-bc24f422c1f5 06bbd1ce37784b188c8b912a4d9ab8b3 960b28e35ccd47e99505804431eb5e67 - - default default] Successfully bumped revision number for resource 05106fe0-e6e6-4ec3-89da-56bcda06b712 (type: security_group_rules) to 0
2026-07-15 00:16:10.233 9 INFO neutron.db.ovn_revision_numbers_db [None req-f562ed38-1d58-44c3-b0d3-bc24f422c1f5 06bbd1ce37784b188c8b912a4d9ab8b3 960b28e35ccd47e99505804431eb5e67 - - default default] Successfully bumped revision number for resource 2bf1f0fe-2c38-4f9a-afa5-611c3a14729b (type: security_group_rules) to 0
2026-07-15 00:16:10.245 9 INFO neutron.db.ovn_revision_numbers_db [None req-f562ed38-1d58-44c3-b0d3-bc24f422c1f5 06bbd1ce37784b188c8b912a4d9ab8b3 960b28e35ccd47e99505804431eb5e67 - - default default] Successfully bumped revision number for resource 65b4f768-6458-41e8-b7ad-a70d7ebcd177 (type: security_group_rules) to 0
2026-07-15 00:16:10.263 9 INFO neutron.db.ovn_revision_numbers_db [None req-f562ed38-1d58-44c3-b0d3-bc24f422c1f5 06bbd1ce37784b188c8b912a4d9ab8b3 960b28e35ccd47e99505804431eb5e67 - - default default] Successfully bumped revision number for resource da566911-7f52-4d7f-851f-dd8cedeb2718 (type: security_group_rules) to 0
2026-07-15 00:16:10.302 9 INFO neutron.api.wsgi [None req-f562ed38-1d58-44c3-b0d3-bc24f422c1f5 06bbd1ce37784b188c8b912a4d9ab8b3 960b28e35ccd47e99505804431eb5e67 - - default default] 10.0.0.197 "GET /v2.0/security-groups?tenant_id=ecacbae117054b9f9728535d669603d4&name=default HTTP/1.1" status: 200 len: 3120 time: 0.3071218
2026-07-15 00:16:10.473 10 INFO neutron.db.ovn_revision_numbers_db [None req-98a53724-f249-41be-8b04-d546db6abf9c - - - - - -] Successfully bumped revision number for resource 402fdba2-b30f-423c-9a62-5f1bdd905b50 (type: ports) to 5
2026-07-15 00:16:10.538 9 INFO neutron.api.wsgi [None req-6ec0b5a3-899b-4adb-9cdd-56daf356e41c 06bbd1ce37784b188c8b912a4d9ab8b3 960b28e35ccd47e99505804431eb5e67 - - default default] 10.0.0.197 "DELETE /v2.0/security-groups/ce3e7da1-d451-440e-8905-cb7e0b9eab8b HTTP/1.1" status: 204 len: 168 time: 0.2281528
2026-07-15 00:16:10.581 9 INFO neutron.plugins.ml2.drivers.ovn.mech_driver.mech_driver [None req-8788664b-a0f3-478b-9aeb-56eb433ed2bc - - - - - -] OVN reports status up for port: 803a45b1-0706-4b0e-b51c-eddde236c750
2026-07-15 00:16:10.587 9 INFO neutron.plugins.ml2.plugin [None req-8788664b-a0f3-478b-9aeb-56eb433ed2bc - - - - - -] Attempt 1 to provision port 803a45b1-0706-4b0e-b51c-eddde236c750
2026-07-15 00:16:10.593 10 INFO neutron.db.ovn_revision_numbers_db [None req-3390cf7f-47f3-412b-beaa-1000cac89d41 06bbd1ce37784b188c8b912a4d9ab8b3 960b28e35ccd47e99505804431eb5e67 - - default default] Successfully bumped revision number for resource 803a45b1-0706-4b0e-b51c-eddde236c750 (type: ports) to 1
2026-07-15 00:16:10.637 10 WARNING neutron.scheduler.dhcp_agent_scheduler [None req-3390cf7f-47f3-412b-beaa-1000cac89d41 06bbd1ce37784b188c8b912a4d9ab8b3 960b28e35ccd47e99505804431eb5e67 - - default default] No more DHCP agents
2026-07-15 00:16:10.638 10 WARNING neutron.api.rpc.agentnotifiers.dhcp_rpc_agent_api [None req-3390cf7f-47f3-412b-beaa-1000cac89d41 06bbd1ce37784b188c8b912a4d9ab8b3 960b28e35ccd47e99505804431eb5e67 - - default default] Unable to schedule network 0e336d4f-50a4-486a-bd49-f378d97a0e41: no agents available; will retry on subsequent port and subnet creation events.
2026-07-15 00:16:10.794 10 INFO neutron.db.ovn_revision_numbers_db [None req-f59afdc3-da6b-48ed-ab69-8c9918704c50 06bbd1ce37784b188c8b912a4d9ab8b3 960b28e35ccd47e99505804431eb5e67 - - default default] Successfully bumped revision number for resource 1323e430-e498-48b0-9691-3d64f3eaa503 (type: security_groups) to 1
2026-07-15 00:16:10.810 10 INFO neutron.db.ovn_revision_numbers_db [None req-f59afdc3-da6b-48ed-ab69-8c9918704c50 06bbd1ce37784b188c8b912a4d9ab8b3 960b28e35ccd47e99505804431eb5e67 - - default default] Successfully bumped revision number for resource 02e47abe-76c5-48a0-b4c8-65d86c3ad5b4 (type: security_group_rules) to 0
2026-07-15 00:16:10.833 10 INFO neutron.db.ovn_revision_numbers_db [None req-f59afdc3-da6b-48ed-ab69-8c9918704c50 06bbd1ce37784b188c8b912a4d9ab8b3 960b28e35ccd47e99505804431eb5e67 - - default default] Successfully bumped revision number for resource 1c84fea6-4b4a-4b2f-ac15-b5a8bc0ccdbb (type: security_group_rules) to 0
2026-07-15 00:16:10.853 10 INFO neutron.db.ovn_revision_numbers_db [None req-f59afdc3-da6b-48ed-ab69-8c9918704c50 06bbd1ce37784b188c8b912a4d9ab8b3 960b28e35ccd47e99505804431eb5e67 - - default default] Successfully bumped revision number for resource 3bcb5862-ae94-4ab5-8394-f21a31bb6183 (type: security_group_rules) to 0
2026-07-15 00:16:10.868 10 INFO neutron.db.ovn_revision_numbers_db [None req-f59afdc3-da6b-48ed-ab69-8c9918704c50 06bbd1ce37784b188c8b912a4d9ab8b3 960b28e35ccd47e99505804431eb5e67 - - default default] Successfully bumped revision number for resource 83f5108a-65da-497d-8cf0-f4690aa3c7cc (type: security_group_rules) to 0
2026-07-15 00:16:10.906 10 INFO neutron.api.wsgi [None req-f59afdc3-da6b-48ed-ab69-8c9918704c50 06bbd1ce37784b188c8b912a4d9ab8b3 960b28e35ccd47e99505804431eb5e67 - - default default] 10.0.0.197 "GET /v2.0/security-groups?tenant_id=167607e5bc974b18ba989a312da07ad5&name=default HTTP/1.1" status: 200 len: 3120 time: 0.2369266
2026-07-15 00:16:11.031 9 INFO neutron.db.ovn_revision_numbers_db [None req-8788664b-a0f3-478b-9aeb-56eb433ed2bc - - - - - -] Successfully bumped revision number for resource 803a45b1-0706-4b0e-b51c-eddde236c750 (type: ports) to 2
2026-07-15 00:16:11.134 10 INFO neutron.api.wsgi [None req-3673362f-c6aa-4a1c-b9d9-5fb1efff7f90 06bbd1ce37784b188c8b912a4d9ab8b3 960b28e35ccd47e99505804431eb5e67 - - default default] 10.0.0.197 "DELETE /v2.0/security-groups/1323e430-e498-48b0-9691-3d64f3eaa503 HTTP/1.1" status: 204 len: 168 time: 0.2215517
2026-07-15 00:16:11.138 10 INFO neutron.db.ovn_revision_numbers_db [None req-3390cf7f-47f3-412b-beaa-1000cac89d41 06bbd1ce37784b188c8b912a4d9ab8b3 960b28e35ccd47e99505804431eb5e67 - - default default] Successfully bumped revision number for resource 803a45b1-0706-4b0e-b51c-eddde236c750 (type: router_ports) to 1
2026-07-15 00:16:11.142 10 INFO neutron.api.wsgi [None req-3390cf7f-47f3-412b-beaa-1000cac89d41 06bbd1ce37784b188c8b912a4d9ab8b3 960b28e35ccd47e99505804431eb5e67 - - default default] 10.0.0.197 "PUT /v2.0/routers/1f72ca42-59c4-490d-bd60-cb640921c72e/add_router_interface HTTP/1.1" status: 200 len: 503 time: 1.7039030
2026-07-15 00:16:11.212 9 INFO neutron.api.wsgi [None req-cda3d2da-c33b-4ff3-8ec0-dff284ffacd1 06bbd1ce37784b188c8b912a4d9ab8b3 960b28e35ccd47e99505804431eb5e67 - - default default] 10.0.0.197 "PUT /v2.0/routers/3619f3b0-87ca-4267-b681-f06602b3e48b/remove_router_interface HTTP/1.1" status: 200 len: 503 time: 1.1193838
2026-07-15 00:16:11.795 10 INFO neutron.api.wsgi [None req-a7a13f7b-1b5d-475d-a9cf-d90cd72bbe63 06bbd1ce37784b188c8b912a4d9ab8b3 960b28e35ccd47e99505804431eb5e67 - - default default] 10.0.0.197 "DELETE /v2.0/routers/3619f3b0-87ca-4267-b681-f06602b3e48b HTTP/1.1" status: 204 len: 168 time: 0.5797768
2026-07-15 00:16:11.988 10 INFO neutron.api.wsgi [None req-9eb2974e-b683-49b4-a870-6a9af47fbd32 06bbd1ce37784b188c8b912a4d9ab8b3 960b28e35ccd47e99505804431eb5e67 - - default default] 10.0.0.197 "DELETE /v2.0/subnets/34489c21-0a18-4f2b-834d-0e3ab12918a7 HTTP/1.1" status: 204 len: 168 time: 0.1878932 /var/lib/openstack/lib/python3.12/site-packages/pycadf/identifier.py:71: UserWarning: Invalid uuid: neutron. To ensure interoperability, identifiers should be a valid uuid. warnings.warn(('Invalid uuid: %s. To ensure interoperability, '
2026-07-15 00:16:12.265 9 INFO neutron.db.ovn_revision_numbers_db [None req-bf5f6884-a590-469f-a0ac-13be76c663e8 06bbd1ce37784b188c8b912a4d9ab8b3 960b28e35ccd47e99505804431eb5e67 - - default default] Successfully bumped revision number for resource 79d25149-07e6-47a9-a088-dde924d2bdc4 (type: security_groups) to 1
2026-07-15 00:16:12.273 9 INFO neutron.db.ovn_revision_numbers_db [None req-bf5f6884-a590-469f-a0ac-13be76c663e8 06bbd1ce37784b188c8b912a4d9ab8b3 960b28e35ccd47e99505804431eb5e67 - - default default] Successfully bumped revision number for resource 446e4cc6-08fd-440b-b2ed-ee4478153df3 (type: security_group_rules) to 0
2026-07-15 00:16:12.278 10 INFO neutron.services.segments.plugin [-] Segment 764031a1-042e-42b7-ae39-075559cb3403 resource provider aggregate not found
2026-07-15 00:16:12.293 10 INFO neutron.services.segments.plugin [-] Segment 764031a1-042e-42b7-ae39-075559cb3403 resource provider aggregate not found
2026-07-15 00:16:12.298 10 INFO neutron.services.segments.plugin [-] Segment 764031a1-042e-42b7-ae39-075559cb3403 resource provider not found; error: Placement Client Error (4xx): {"errors": [{"status": 404, "title": "Not Found", "detail": "The resource could not be found.\n\n No resource provider with uuid 764031a1-042e-42b7-ae39-075559cb3403 found for delete ", "request_id": "req-676a9b8b-5b83-4d6d-82e4-ee2bad25e9bb"}]}
2026-07-15 00:16:12.299 9 INFO neutron.db.ovn_revision_numbers_db [None req-bf5f6884-a590-469f-a0ac-13be76c663e8 06bbd1ce37784b188c8b912a4d9ab8b3 960b28e35ccd47e99505804431eb5e67 - - default default] Successfully bumped revision number for resource 7c11f485-16a4-40dd-a4fd-fc078554e900 (type: security_group_rules) to 0
2026-07-15 00:16:12.305 10 INFO neutron.services.segments.plugin [-] Segment 764031a1-042e-42b7-ae39-075559cb3403 resource provider not found; error: Placement Client Error (4xx): {"errors": [{"status": 404, "title": "Not Found", "detail": "The resource could not be found.\n\n No resource provider with uuid 764031a1-042e-42b7-ae39-075559cb3403 found for delete ", "request_id": "req-5d1dfbdd-8915-4c4c-b093-c5d8bef9e0ef"}]}
2026-07-15 00:16:12.313 9 INFO neutron.db.ovn_revision_numbers_db [None req-bf5f6884-a590-469f-a0ac-13be76c663e8 06bbd1ce37784b188c8b912a4d9ab8b3 960b28e35ccd47e99505804431eb5e67 - - default default] Successfully bumped revision number for resource 8d98fd42-8db4-4bc2-a275-2a3066e1ff17 (type: security_group_rules) to 0
2026-07-15 00:16:12.324 10 INFO neutron.api.wsgi [None req-3723a9ad-120f-43e7-b24b-27b8736605d0 06bbd1ce37784b188c8b912a4d9ab8b3 960b28e35ccd47e99505804431eb5e67 - - default default] 10.0.0.197 "DELETE /v2.0/networks/176587e7-11a7-435d-8b5e-7c6e7c34f1fb HTTP/1.1" status: 204 len: 168 time: 0.3320057
2026-07-15 00:16:12.325 9 INFO neutron.db.ovn_revision_numbers_db [None req-bf5f6884-a590-469f-a0ac-13be76c663e8 06bbd1ce37784b188c8b912a4d9ab8b3 960b28e35ccd47e99505804431eb5e67 - - default default] Successfully bumped revision number for resource fcba2c5d-7f0a-4274-9900-85c5f16f361b (type: security_group_rules) to 0
2026-07-15 00:16:12.380 9 INFO neutron.db.segments_db [None req-bf5f6884-a590-469f-a0ac-13be76c663e8 06bbd1ce37784b188c8b912a4d9ab8b3 960b28e35ccd47e99505804431eb5e67 - - default default] Added segment cef79e9e-b4d5-4fb7-b11e-a507b876078c of type geneve for network 6e8e3a71-8c63-43a0-a753-392e4388967e
2026-07-15 00:16:12.473 9 INFO neutron.db.ovn_revision_numbers_db [None req-bf5f6884-a590-469f-a0ac-13be76c663e8 06bbd1ce37784b188c8b912a4d9ab8b3 960b28e35ccd47e99505804431eb5e67 - - default default] Successfully bumped revision number for resource 6e8e3a71-8c63-43a0-a753-392e4388967e (type: networks) to 1
2026-07-15 00:16:12.483 10 INFO neutron.api.wsgi [None req-6d5e5e75-ab18-4813-a73f-8652d637d634 06bbd1ce37784b188c8b912a4d9ab8b3 960b28e35ccd47e99505804431eb5e67 - - default default] 10.0.0.197 "GET /v2.0/security-groups?tenant_id=eb801f677b7c46758d9b3a273545868a&name=default HTTP/1.1" status: 200 len: 3120 time: 0.0299232
2026-07-15 00:16:12.654 9 WARNING neutron.scheduler.dhcp_agent_scheduler [None req-bf5f6884-a590-469f-a0ac-13be76c663e8 06bbd1ce37784b188c8b912a4d9ab8b3 960b28e35ccd47e99505804431eb5e67 - - default default] No more DHCP agents
2026-07-15 00:16:12.655 9 WARNING neutron.api.rpc.agentnotifiers.dhcp_rpc_agent_api [None req-bf5f6884-a590-469f-a0ac-13be76c663e8 06bbd1ce37784b188c8b912a4d9ab8b3 960b28e35ccd47e99505804431eb5e67 - - default default] Unable to schedule network 6e8e3a71-8c63-43a0-a753-392e4388967e: no agents available; will retry on subsequent port and subnet creation events.
2026-07-15 00:16:12.698 9 INFO neutron.api.wsgi [-] 10.0.0.116 "GET / HTTP/1.1" status: 200 len: 247 time: 0.0014930
2026-07-15 00:16:12.700 9 INFO neutron.api.wsgi [-] 10.0.0.116 "GET / HTTP/1.1" status: 200 len: 247 time: 0.0010617
2026-07-15 00:16:12.726 9 INFO neutron.db.ovn_revision_numbers_db [None req-bf5f6884-a590-469f-a0ac-13be76c663e8 06bbd1ce37784b188c8b912a4d9ab8b3 960b28e35ccd47e99505804431eb5e67 - - default default] Successfully bumped revision number for resource bd875ae3-8696-4857-8c1e-c63fe40c9275 (type: ports) to 1
2026-07-15 00:16:12.755 9 INFO neutron.api.wsgi [None req-bf5f6884-a590-469f-a0ac-13be76c663e8 06bbd1ce37784b188c8b912a4d9ab8b3 960b28e35ccd47e99505804431eb5e67 - - default default] 10.0.0.197 "POST /v2.0/networks HTTP/1.1" status: 201 len: 941 time: 0.6484458
2026-07-15 00:16:12.769 9 INFO neutron.api.wsgi [None req-4b09f9d6-0a5c-4915-a69a-72c0bfe73a9f 06bbd1ce37784b188c8b912a4d9ab8b3 960b28e35ccd47e99505804431eb5e67 - - default default] 10.0.0.197 "DELETE /v2.0/security-groups/3beda16b-197e-41db-b262-53a5506547de HTTP/1.1" status: 204 len: 168 time: 0.2825630
2026-07-15 00:16:12.868 9 WARNING neutron.scheduler.dhcp_agent_scheduler [None req-c09dcda3-c41a-46b5-9fa4-45ab326959c5 06bbd1ce37784b188c8b912a4d9ab8b3 960b28e35ccd47e99505804431eb5e67 - - default default] No more DHCP agents
2026-07-15 00:16:12.869 9 WARNING neutron.api.rpc.agentnotifiers.dhcp_rpc_agent_api [None req-c09dcda3-c41a-46b5-9fa4-45ab326959c5 06bbd1ce37784b188c8b912a4d9ab8b3 960b28e35ccd47e99505804431eb5e67 - - default default] Unable to schedule network 6e8e3a71-8c63-43a0-a753-392e4388967e: no agents available; will retry on subsequent port and subnet creation events.
2026-07-15 00:16:13.267 9 INFO neutron.db.ovn_revision_numbers_db [None req-e0c5bafc-71c5-43f7-a01a-9d83f26bf967 - - - - - -] Successfully bumped revision number for resource bd875ae3-8696-4857-8c1e-c63fe40c9275 (type: ports) to 2
2026-07-15 00:16:13.298 9 INFO neutron.db.ovn_revision_numbers_db [None req-e0c5bafc-71c5-43f7-a01a-9d83f26bf967 - - - - - -] Successfully bumped revision number for resource a29a9d74-02b4-4232-ab6e-936cbcdaa6ff (type: subnets) to 0
2026-07-15 00:16:13.312 9 INFO neutron.api.wsgi [None req-c09dcda3-c41a-46b5-9fa4-45ab326959c5 06bbd1ce37784b188c8b912a4d9ab8b3 960b28e35ccd47e99505804431eb5e67 - - default default] 10.0.0.197 "POST /v2.0/subnets HTTP/1.1" status: 201 len: 886 time: 0.5525162
2026-07-15 00:16:13.659 9 WARNING neutron.scheduler.dhcp_agent_scheduler [None req-b74185b1-6653-4e41-ad5d-250bbcc4e2b2 06bbd1ce37784b188c8b912a4d9ab8b3 960b28e35ccd47e99505804431eb5e67 - - default default] No more DHCP agents
2026-07-15 00:16:13.661 9 WARNING neutron.api.rpc.agentnotifiers.dhcp_rpc_agent_api [None req-b74185b1-6653-4e41-ad5d-250bbcc4e2b2 06bbd1ce37784b188c8b912a4d9ab8b3 960b28e35ccd47e99505804431eb5e67 - - default default] Unable to schedule network 11c62d4d-75c2-42dc-a014-8b9c456f30a2: no agents available; will retry on subsequent port and subnet creation events.
2026-07-15 00:16:13.781 9 INFO neutron.db.ovn_revision_numbers_db [None req-b74185b1-6653-4e41-ad5d-250bbcc4e2b2 06bbd1ce37784b188c8b912a4d9ab8b3 960b28e35ccd47e99505804431eb5e67 - - default default] Successfully bumped revision number for resource e24c84fe-475e-4e2f-9569-9d7b93c021f8 (type: ports) to 1
2026-07-15 00:16:14.302 9 INFO neutron.plugins.ml2.drivers.ovn.mech_driver.ovsdb.commands [None req-fd6af830-0d0c-4bb7-96ba-1b28fd6c3f5e - - - - - -] Schedule LRP lrp-e24c84fe-475e-4e2f-9569-9d7b93c021f8 on gateway 6d7a156e-887f-4b2d-b245-af521f6d44f8 with priority 1
2026-07-15 00:16:14.318 10 INFO neutron.plugins.ml2.drivers.ovn.mech_driver.mech_driver [None req-09b108f9-cb4f-469e-825a-452fc6408759 - - - - - -] OVN reports status up for port: e24c84fe-475e-4e2f-9569-9d7b93c021f8
2026-07-15 00:16:14.327 10 INFO neutron.plugins.ml2.plugin [None req-09b108f9-cb4f-469e-825a-452fc6408759 - - - - - -] Attempt 1 to provision port e24c84fe-475e-4e2f-9569-9d7b93c021f8
2026-07-15 00:16:14.329 9 INFO neutron.plugins.ml2.drivers.ovn.mech_driver.ovsdb.ovsdb_monitor [None req-669429c3-5f1b-4f0e-b12b-b2c49156e06f - - - - - -] Router 5c8b72d2-6c31-4083-8c3b-28db46b5204c is bound to host instance
2026-07-15 00:16:14.351 9 INFO neutron.db.ovn_revision_numbers_db [None req-b74185b1-6653-4e41-ad5d-250bbcc4e2b2 06bbd1ce37784b188c8b912a4d9ab8b3 960b28e35ccd47e99505804431eb5e67 - - default default] Successfully bumped revision number for resource e24c84fe-475e-4e2f-9569-9d7b93c021f8 (type: router_ports) to 1
2026-07-15 00:16:14.419 9 INFO neutron.db.ovn_revision_numbers_db [None req-b74185b1-6653-4e41-ad5d-250bbcc4e2b2 06bbd1ce37784b188c8b912a4d9ab8b3 960b28e35ccd47e99505804431eb5e67 - - default default] Successfully bumped revision number for resource 5c8b72d2-6c31-4083-8c3b-28db46b5204c (type: routers) to 2
2026-07-15 00:16:14.419 10 WARNING neutron_lib.context [None req-7d3ef071-6b4d-48f2-8411-a9e2d852e289 a90a9c482c7c4cdd918103786a51e719 2cab39ba41544afabe179ec85a1a6005 - - default default] Method 'is_advsvc' is deprecated since 2023.2 release (neutron-lib 3.8.0) and will be removed once support for the old RBAC API policies will be removed from Neutron. Please use method 'is_service_role' instead.
2026-07-15 00:16:14.436 9 INFO neutron.api.wsgi [None req-b74185b1-6653-4e41-ad5d-250bbcc4e2b2 06bbd1ce37784b188c8b912a4d9ab8b3 960b28e35ccd47e99505804431eb5e67 - - default default] 10.0.0.197 "POST /v2.0/routers HTTP/1.1" status: 201 len: 1164 time: 1.1214521
2026-07-15 00:16:14.461 10 INFO neutron.api.wsgi [None req-7d3ef071-6b4d-48f2-8411-a9e2d852e289 a90a9c482c7c4cdd918103786a51e719 2cab39ba41544afabe179ec85a1a6005 - - default default] 10.0.0.197 "POST /v2.0/subnetpools HTTP/1.1" status: 201 len: 715 time: 0.2162681
2026-07-15 00:16:14.498 10 INFO neutron.api.wsgi [None req-32d88e76-6e27-4284-bd63-d118e0be7b57 a90a9c482c7c4cdd918103786a51e719 2cab39ba41544afabe179ec85a1a6005 - - default default] 10.0.0.197 "PUT /v2.0/subnetpools/709050b9-f667-408d-b48b-f0e4d63e351d/tags HTTP/1.1" status: 200 len: 218 time: 0.0264411
2026-07-15 00:16:14.523 10 INFO neutron.api.wsgi [None req-01002a84-0584-43d8-912c-a6cd7eb27501 a90a9c482c7c4cdd918103786a51e719 2cab39ba41544afabe179ec85a1a6005 - - default default] 10.0.0.197 "GET /v2.0/subnetpools/709050b9-f667-408d-b48b-f0e4d63e351d/tags HTTP/1.1" status: 200 len: 218 time: 0.0208380
