2026-07-21 14:24:05.060 8 INFO cinder.volume.api [None req-cbf7c84b-e4d0-41c5-915c-31390bc8dcb3 73727c77de8545feaf69bc13749b4143 d325001a338a4a64b9b78d020e485d33 - - default default] Get all snapshots completed successfully.
2026-07-21 14:24:05.060 8 INFO cinder.api.openstack.wsgi [None req-cbf7c84b-e4d0-41c5-915c-31390bc8dcb3 73727c77de8545feaf69bc13749b4143 d325001a338a4a64b9b78d020e485d33 - - default default] http://cinder-api.openstack.svc.cluster.local:8776/v3/d325001a338a4a64b9b78d020e485d33/snapshots?all_tenants=true returned with HTTP 200 [pid: 8|app: 0|req: 350/702] 10.0.0.72 () {28 vars in 673 bytes} [Tue Jul 21 14:24:05 2026] GET /v3/d325001a338a4a64b9b78d020e485d33/snapshots?all_tenants=true => generated 17 bytes in 17 msecs (HTTP/1.1 200) 7 headers in 284 bytes (1 switches on core 0)
2026-07-21 14:24:05.071 7 INFO cinder.api.openstack.wsgi [None req-e3a935e2-2934-4499-ac4f-4027cd96e22c 73727c77de8545feaf69bc13749b4143 d325001a338a4a64b9b78d020e485d33 - - default default] GET http://cinder-api.openstack.svc.cluster.local:8776/v3/d325001a338a4a64b9b78d020e485d33/volumes/detail?all_tenants=true
2026-07-21 14:24:05.082 7 INFO cinder.volume.api [None req-e3a935e2-2934-4499-ac4f-4027cd96e22c 73727c77de8545feaf69bc13749b4143 d325001a338a4a64b9b78d020e485d33 - - default default] Get all volumes completed successfully.
2026-07-21 14:24:05.084 7 INFO cinder.api.openstack.wsgi [None req-e3a935e2-2934-4499-ac4f-4027cd96e22c 73727c77de8545feaf69bc13749b4143 d325001a338a4a64b9b78d020e485d33 - - default default] http://cinder-api.openstack.svc.cluster.local:8776/v3/d325001a338a4a64b9b78d020e485d33/volumes/detail?all_tenants=true returned with HTTP 200 [pid: 7|app: 0|req: 353/703] 10.0.0.72 () {28 vars in 683 bytes} [Tue Jul 21 14:24:05 2026] GET /v3/d325001a338a4a64b9b78d020e485d33/volumes/detail?all_tenants=true => generated 15 bytes in 20 msecs (HTTP/1.1 200) 7 headers in 284 bytes (1 switches on core 0)
2026-07-21 14:24:05.099 8 INFO cinder.api.openstack.wsgi [None req-05a1e245-5fb7-4cc9-bf86-f5e1a9e199d4 73727c77de8545feaf69bc13749b4143 d325001a338a4a64b9b78d020e485d33 - - default default] GET http://cinder-api.openstack.svc.cluster.local:8776/v3/d325001a338a4a64b9b78d020e485d33/scheduler-stats/get_pools?detail=true
2026-07-21 14:24:05.120 8 INFO cinder.api.openstack.wsgi [None req-05a1e245-5fb7-4cc9-bf86-f5e1a9e199d4 73727c77de8545feaf69bc13749b4143 d325001a338a4a64b9b78d020e485d33 - - default default] http://cinder-api.openstack.svc.cluster.local:8776/v3/d325001a338a4a64b9b78d020e485d33/scheduler-stats/get_pools?detail=true returned with HTTP 200 [pid: 8|app: 0|req: 351/704] 10.0.0.72 () {28 vars in 695 bytes} [Tue Jul 21 14:24:05 2026] GET /v3/d325001a338a4a64b9b78d020e485d33/scheduler-stats/get_pools?detail=true => generated 670 bytes in 34 msecs (HTTP/1.1 200) 7 headers in 285 bytes (1 switches on core 0)
2026-07-21 14:24:05.132 7 INFO cinder.api.openstack.wsgi [None req-dccc17a0-ac57-4116-bdf4-9c2bb94406ff 73727c77de8545feaf69bc13749b4143 d325001a338a4a64b9b78d020e485d33 - - default default] GET http://cinder-api.openstack.svc.cluster.local:8776/v3/d325001a338a4a64b9b78d020e485d33/volumes/detail?all_tenants=true
2026-07-21 14:24:05.142 7 INFO cinder.volume.api [None req-dccc17a0-ac57-4116-bdf4-9c2bb94406ff 73727c77de8545feaf69bc13749b4143 d325001a338a4a64b9b78d020e485d33 - - default default] Get all volumes completed successfully.
2026-07-21 14:24:05.144 7 INFO cinder.api.openstack.wsgi [None req-dccc17a0-ac57-4116-bdf4-9c2bb94406ff 73727c77de8545feaf69bc13749b4143 d325001a338a4a64b9b78d020e485d33 - - default default] http://cinder-api.openstack.svc.cluster.local:8776/v3/d325001a338a4a64b9b78d020e485d33/volumes/detail?all_tenants=true returned with HTTP 200 [pid: 7|app: 0|req: 354/705] 10.0.0.72 () {28 vars in 683 bytes} [Tue Jul 21 14:24:05 2026] GET /v3/d325001a338a4a64b9b78d020e485d33/volumes/detail?all_tenants=true => generated 15 bytes in 20 msecs (HTTP/1.1 200) 7 headers in 284 bytes (1 switches on core 0)
2026-07-21 14:24:05.157 8 INFO cinder.api.openstack.wsgi [None req-633175f5-80a3-4e85-83c3-5473cac91dda 73727c77de8545feaf69bc13749b4143 d325001a338a4a64b9b78d020e485d33 - - default default] GET http://cinder-api.openstack.svc.cluster.local:8776/v3/d325001a338a4a64b9b78d020e485d33/os-services
2026-07-21 14:24:05.164 8 INFO cinder.api.openstack.wsgi [None req-633175f5-80a3-4e85-83c3-5473cac91dda 73727c77de8545feaf69bc13749b4143 d325001a338a4a64b9b78d020e485d33 - - default default] http://cinder-api.openstack.svc.cluster.local:8776/v3/d325001a338a4a64b9b78d020e485d33/os-services returned with HTTP 200 [pid: 8|app: 0|req: 352/706] 10.0.0.72 () {28 vars in 644 bytes} [Tue Jul 21 14:24:05 2026] GET /v3/d325001a338a4a64b9b78d020e485d33/os-services => generated 646 bytes in 16 msecs (HTTP/1.1 200) 7 headers in 285 bytes (1 switches on core 0)
2026-07-21 14:24:08.692 8 INFO cinder.api.openstack.wsgi [None req-633175f5-80a3-4e85-83c3-5473cac91dda 73727c77de8545feaf69bc13749b4143 d325001a338a4a64b9b78d020e485d33 - - default default] GET http://10.0.0.135:8776/
2026-07-21 14:24:08.692 7 INFO cinder.api.openstack.wsgi [None req-dccc17a0-ac57-4116-bdf4-9c2bb94406ff 73727c77de8545feaf69bc13749b4143 d325001a338a4a64b9b78d020e485d33 - - default default] GET http://10.0.0.135:8776/
2026-07-21 14:24:08.693 8 INFO cinder.api.openstack.wsgi [None req-633175f5-80a3-4e85-83c3-5473cac91dda 73727c77de8545feaf69bc13749b4143 d325001a338a4a64b9b78d020e485d33 - - default default] http://10.0.0.135:8776/ returned with HTTP 300
2026-07-21 14:24:08.694 7 INFO cinder.api.openstack.wsgi [None req-dccc17a0-ac57-4116-bdf4-9c2bb94406ff 73727c77de8545feaf69bc13749b4143 d325001a338a4a64b9b78d020e485d33 - - default default] http://10.0.0.135:8776/ returned with HTTP 300
2026-07-21 14:24:16.335 8 INFO cinder.api.openstack.wsgi [None req-a1fde340-e51c-4bb9-badc-d0fa4c9a0374 73727c77de8545feaf69bc13749b4143 d325001a338a4a64b9b78d020e485d33 - - default default] GET http://cinder-api.openstack.svc.cluster.local:8776/v3/d325001a338a4a64b9b78d020e485d33/snapshots
2026-07-21 14:24:16.350 8 INFO cinder.volume.api [None req-a1fde340-e51c-4bb9-badc-d0fa4c9a0374 73727c77de8545feaf69bc13749b4143 d325001a338a4a64b9b78d020e485d33 - - default default] Get all snapshots completed successfully.
2026-07-21 14:24:16.350 8 INFO cinder.api.openstack.wsgi [None req-a1fde340-e51c-4bb9-badc-d0fa4c9a0374 73727c77de8545feaf69bc13749b4143 d325001a338a4a64b9b78d020e485d33 - - default default] http://cinder-api.openstack.svc.cluster.local:8776/v3/d325001a338a4a64b9b78d020e485d33/snapshots returned with HTTP 200 [pid: 8|app: 0|req: 354/709] 10.0.0.3 () {32 vars in 703 bytes} [Tue Jul 21 14:24:16 2026] GET /v3/d325001a338a4a64b9b78d020e485d33/snapshots => generated 17 bytes in 23 msecs (HTTP/1.1 200) 7 headers in 284 bytes (1 switches on core 0)
2026-07-21 14:24:16.365 7 INFO cinder.api.openstack.wsgi [None req-55e9c36e-6274-4ea0-a818-5fed2235a855 73727c77de8545feaf69bc13749b4143 d325001a338a4a64b9b78d020e485d33 - - default default] GET http://cinder-api.openstack.svc.cluster.local:8776/v3/d325001a338a4a64b9b78d020e485d33/volumes
2026-07-21 14:24:16.394 7 INFO cinder.volume.api [None req-55e9c36e-6274-4ea0-a818-5fed2235a855 73727c77de8545feaf69bc13749b4143 d325001a338a4a64b9b78d020e485d33 - - default default] Get all volumes completed successfully.
2026-07-21 14:24:16.395 7 INFO cinder.api.openstack.wsgi [None req-55e9c36e-6274-4ea0-a818-5fed2235a855 73727c77de8545feaf69bc13749b4143 d325001a338a4a64b9b78d020e485d33 - - default default] http://cinder-api.openstack.svc.cluster.local:8776/v3/d325001a338a4a64b9b78d020e485d33/volumes returned with HTTP 200 [pid: 7|app: 0|req: 356/710] 10.0.0.3 () {32 vars in 699 bytes} [Tue Jul 21 14:24:16 2026] GET /v3/d325001a338a4a64b9b78d020e485d33/volumes => generated 15 bytes in 38 msecs (HTTP/1.1 200) 7 headers in 284 bytes (1 switches on core 0)
2026-07-21 14:24:18.693 7 INFO cinder.api.openstack.wsgi [None req-55e9c36e-6274-4ea0-a818-5fed2235a855 73727c77de8545feaf69bc13749b4143 d325001a338a4a64b9b78d020e485d33 - - default default] GET http://10.0.0.135:8776/
2026-07-21 14:24:18.695 7 INFO cinder.api.openstack.wsgi [None req-55e9c36e-6274-4ea0-a818-5fed2235a855 73727c77de8545feaf69bc13749b4143 d325001a338a4a64b9b78d020e485d33 - - default default] http://10.0.0.135:8776/ returned with HTTP 300
2026-07-21 14:24:18.692 8 INFO cinder.api.openstack.wsgi [None req-a1fde340-e51c-4bb9-badc-d0fa4c9a0374 73727c77de8545feaf69bc13749b4143 d325001a338a4a64b9b78d020e485d33 - - default default] GET http://10.0.0.135:8776/
2026-07-21 14:24:18.696 8 INFO cinder.api.openstack.wsgi [None req-a1fde340-e51c-4bb9-badc-d0fa4c9a0374 73727c77de8545feaf69bc13749b4143 d325001a338a4a64b9b78d020e485d33 - - default default] http://10.0.0.135:8776/ returned with HTTP 300
2026-07-21 14:24:28.692 7 INFO cinder.api.openstack.wsgi [None req-55e9c36e-6274-4ea0-a818-5fed2235a855 73727c77de8545feaf69bc13749b4143 d325001a338a4a64b9b78d020e485d33 - - default default] GET http://10.0.0.135:8776/
2026-07-21 14:24:28.692 8 INFO cinder.api.openstack.wsgi [None req-a1fde340-e51c-4bb9-badc-d0fa4c9a0374 73727c77de8545feaf69bc13749b4143 d325001a338a4a64b9b78d020e485d33 - - default default] GET http://10.0.0.135:8776/
2026-07-21 14:24:28.693 7 INFO cinder.api.openstack.wsgi [None req-55e9c36e-6274-4ea0-a818-5fed2235a855 73727c77de8545feaf69bc13749b4143 d325001a338a4a64b9b78d020e485d33 - - default default] http://10.0.0.135:8776/ returned with HTTP 300
2026-07-21 14:24:28.694 8 INFO cinder.api.openstack.wsgi [None req-a1fde340-e51c-4bb9-badc-d0fa4c9a0374 73727c77de8545feaf69bc13749b4143 d325001a338a4a64b9b78d020e485d33 - - default default] http://10.0.0.135:8776/ returned with HTTP 300
2026-07-21 14:24:38.692 7 INFO cinder.api.openstack.wsgi [None req-55e9c36e-6274-4ea0-a818-5fed2235a855 73727c77de8545feaf69bc13749b4143 d325001a338a4a64b9b78d020e485d33 - - default default] GET http://10.0.0.135:8776/
2026-07-21 14:24:38.694 7 INFO cinder.api.openstack.wsgi [None req-55e9c36e-6274-4ea0-a818-5fed2235a855 73727c77de8545feaf69bc13749b4143 d325001a338a4a64b9b78d020e485d33 - - default default] http://10.0.0.135:8776/ returned with HTTP 300
2026-07-21 14:24:38.693 8 INFO cinder.api.openstack.wsgi [None req-a1fde340-e51c-4bb9-badc-d0fa4c9a0374 73727c77de8545feaf69bc13749b4143 d325001a338a4a64b9b78d020e485d33 - - default default] GET http://10.0.0.135:8776/
2026-07-21 14:24:38.696 8 INFO cinder.api.openstack.wsgi [None req-a1fde340-e51c-4bb9-badc-d0fa4c9a0374 73727c77de8545feaf69bc13749b4143 d325001a338a4a64b9b78d020e485d33 - - default default] http://10.0.0.135:8776/ returned with HTTP 300
2026-07-21 14:24:41.588 7 INFO cinder.api.openstack.wsgi [None req-e4bf0310-da4e-43fc-9e3c-4972fe32998a a7294db8b5e045998be27a7111a053a1 c9b6a52e2be24871a6e80a8202770fc0 - - default default] POST http://cinder-api.openstack.svc.cluster.local:8776/v3/c9b6a52e2be24871a6e80a8202770fc0/volumes
2026-07-21 14:24:42.417 7 INFO cinder.api.v3.volumes [None req-e4bf0310-da4e-43fc-9e3c-4972fe32998a a7294db8b5e045998be27a7111a053a1 c9b6a52e2be24871a6e80a8202770fc0 - - default default] Create volume of 1 GB
2026-07-21 14:24:42.441 7 INFO cinder.volume.api [None req-e4bf0310-da4e-43fc-9e3c-4972fe32998a a7294db8b5e045998be27a7111a053a1 c9b6a52e2be24871a6e80a8202770fc0 - - default default] Availability Zones retrieved successfully. /var/lib/openstack/lib/python3.10/site-packages/taskflow/engines/action_engine/process_executor.py:17: DeprecationWarning: The asyncore module is deprecated and will be removed in Python 3.12. The recommended replacement is asyncio import asyncore
2026-07-21 14:24:42.849 7 INFO cinder.volume.api [None req-e4bf0310-da4e-43fc-9e3c-4972fe32998a a7294db8b5e045998be27a7111a053a1 c9b6a52e2be24871a6e80a8202770fc0 - - default default] Create volume request issued successfully.
2026-07-21 14:24:42.851 7 INFO cinder.api.openstack.wsgi [None req-e4bf0310-da4e-43fc-9e3c-4972fe32998a a7294db8b5e045998be27a7111a053a1 c9b6a52e2be24871a6e80a8202770fc0 - - default default] http://cinder-api.openstack.svc.cluster.local:8776/v3/c9b6a52e2be24871a6e80a8202770fc0/volumes returned with HTTP 202 [pid: 7|app: 0|req: 360/717] 10.0.0.3 () {34 vars in 721 bytes} [Tue Jul 21 14:24:41 2026] POST /v3/c9b6a52e2be24871a6e80a8202770fc0/volumes => generated 865 bytes in 1284 msecs (HTTP/1.1 202) 7 headers in 291 bytes (1 switches on core 0)
2026-07-21 14:24:42.875 8 INFO cinder.api.openstack.wsgi [None req-f1367494-5e9a-403f-908d-d27eb976da26 a7294db8b5e045998be27a7111a053a1 c9b6a52e2be24871a6e80a8202770fc0 - - default default] GET http://cinder-api.openstack.svc.cluster.local:8776/v3/c9b6a52e2be24871a6e80a8202770fc0/volumes/6b924171-b2cc-4a28-a43d-f61f23bbcea0 /var/lib/openstack/lib/python3.10/site-packages/oslo_context/context.py:100: DeprecationWarning: Policy enforcement is depending on the value of is_admin. This key is deprecated. Please update your policy file to use the standard policy values. warnings.warn('Policy enforcement is depending on the value of '
2026-07-21 14:24:42.912 8 INFO cinder.volume.api [None req-f1367494-5e9a-403f-908d-d27eb976da26 a7294db8b5e045998be27a7111a053a1 c9b6a52e2be24871a6e80a8202770fc0 - - default default] Volume info retrieved successfully.
2026-07-21 14:24:42.921 8 INFO cinder.api.openstack.wsgi [None req-f1367494-5e9a-403f-908d-d27eb976da26 a7294db8b5e045998be27a7111a053a1 c9b6a52e2be24871a6e80a8202770fc0 - - default default] http://cinder-api.openstack.svc.cluster.local:8776/v3/c9b6a52e2be24871a6e80a8202770fc0/volumes/6b924171-b2cc-4a28-a43d-f61f23bbcea0 returned with HTTP 200 [pid: 8|app: 0|req: 358/718] 10.0.0.3 () {32 vars in 773 bytes} [Tue Jul 21 14:24:42 2026] GET /v3/c9b6a52e2be24871a6e80a8202770fc0/volumes/6b924171-b2cc-4a28-a43d-f61f23bbcea0 => generated 933 bytes in 52 msecs (HTTP/1.1 200) 7 headers in 285 bytes (1 switches on core 0) /var/lib/openstack/lib/python3.10/site-packages/pycadf/identifier.py:71: UserWarning: Invalid uuid: cinderv3. To ensure interoperability, identifiers should be a valid uuid. warnings.warn(('Invalid uuid: %s. To ensure interoperability, '
2026-07-21 14:24:43.948 7 INFO cinder.api.openstack.wsgi [None req-3c6baef8-c03f-4c83-b445-1bacfd4a6f53 a7294db8b5e045998be27a7111a053a1 c9b6a52e2be24871a6e80a8202770fc0 - - default default] GET http://cinder-api.openstack.svc.cluster.local:8776/v3/c9b6a52e2be24871a6e80a8202770fc0/volumes/6b924171-b2cc-4a28-a43d-f61f23bbcea0 /var/lib/openstack/lib/python3.10/site-packages/oslo_context/context.py:100: DeprecationWarning: Policy enforcement is depending on the value of is_admin. This key is deprecated. Please update your policy file to use the standard policy values. warnings.warn('Policy enforcement is depending on the value of '
2026-07-21 14:24:43.985 7 INFO cinder.volume.api [None req-3c6baef8-c03f-4c83-b445-1bacfd4a6f53 a7294db8b5e045998be27a7111a053a1 c9b6a52e2be24871a6e80a8202770fc0 - - default default] Volume info retrieved successfully.
2026-07-21 14:24:43.997 7 INFO cinder.api.openstack.wsgi [None req-3c6baef8-c03f-4c83-b445-1bacfd4a6f53 a7294db8b5e045998be27a7111a053a1 c9b6a52e2be24871a6e80a8202770fc0 - - default default] http://cinder-api.openstack.svc.cluster.local:8776/v3/c9b6a52e2be24871a6e80a8202770fc0/volumes/6b924171-b2cc-4a28-a43d-f61f23bbcea0 returned with HTTP 200 [pid: 7|app: 0|req: 361/719] 10.0.0.3 () {32 vars in 773 bytes} [Tue Jul 21 14:24:43 2026] GET /v3/c9b6a52e2be24871a6e80a8202770fc0/volumes/6b924171-b2cc-4a28-a43d-f61f23bbcea0 => generated 957 bytes in 61 msecs (HTTP/1.1 200) 7 headers in 285 bytes (1 switches on core 0) /var/lib/openstack/lib/python3.10/site-packages/pycadf/identifier.py:71: UserWarning: Invalid uuid: cinderv3. To ensure interoperability, identifiers should be a valid uuid. warnings.warn(('Invalid uuid: %s. To ensure interoperability, '
2026-07-21 14:24:45.026 8 INFO cinder.api.openstack.wsgi [None req-6b3b19ed-b97e-46c4-a9c9-8245c7a2762c a7294db8b5e045998be27a7111a053a1 c9b6a52e2be24871a6e80a8202770fc0 - - default default] GET http://cinder-api.openstack.svc.cluster.local:8776/v3/c9b6a52e2be24871a6e80a8202770fc0/volumes/6b924171-b2cc-4a28-a43d-f61f23bbcea0 /var/lib/openstack/lib/python3.10/site-packages/oslo_context/context.py:100: DeprecationWarning: Policy enforcement is depending on the value of is_admin. This key is deprecated. Please update your policy file to use the standard policy values. warnings.warn('Policy enforcement is depending on the value of '
2026-07-21 14:24:45.044 8 INFO cinder.volume.api [None req-6b3b19ed-b97e-46c4-a9c9-8245c7a2762c a7294db8b5e045998be27a7111a053a1 c9b6a52e2be24871a6e80a8202770fc0 - - default default] Volume info retrieved successfully.
2026-07-21 14:24:45.049 8 INFO cinder.api.openstack.wsgi [None req-6b3b19ed-b97e-46c4-a9c9-8245c7a2762c a7294db8b5e045998be27a7111a053a1 c9b6a52e2be24871a6e80a8202770fc0 - - default default] http://cinder-api.openstack.svc.cluster.local:8776/v3/c9b6a52e2be24871a6e80a8202770fc0/volumes/6b924171-b2cc-4a28-a43d-f61f23bbcea0 returned with HTTP 200 [pid: 8|app: 0|req: 359/720] 10.0.0.3 () {32 vars in 773 bytes} [Tue Jul 21 14:24:45 2026] GET /v3/c9b6a52e2be24871a6e80a8202770fc0/volumes/6b924171-b2cc-4a28-a43d-f61f23bbcea0 => generated 957 bytes in 32 msecs (HTTP/1.1 200) 7 headers in 285 bytes (1 switches on core 0) /var/lib/openstack/lib/python3.10/site-packages/pycadf/identifier.py:71: UserWarning: Invalid uuid: cinderv3. To ensure interoperability, identifiers should be a valid uuid. warnings.warn(('Invalid uuid: %s. To ensure interoperability, '
2026-07-21 14:24:46.072 7 INFO cinder.api.openstack.wsgi [None req-2c6d7706-bb47-4514-bd15-6098baea22d9 a7294db8b5e045998be27a7111a053a1 c9b6a52e2be24871a6e80a8202770fc0 - - default default] GET http://cinder-api.openstack.svc.cluster.local:8776/v3/c9b6a52e2be24871a6e80a8202770fc0/volumes/6b924171-b2cc-4a28-a43d-f61f23bbcea0 /var/lib/openstack/lib/python3.10/site-packages/oslo_context/context.py:100: DeprecationWarning: Policy enforcement is depending on the value of is_admin. This key is deprecated. Please update your policy file to use the standard policy values. warnings.warn('Policy enforcement is depending on the value of '
2026-07-21 14:24:46.094 7 INFO cinder.volume.api [None req-2c6d7706-bb47-4514-bd15-6098baea22d9 a7294db8b5e045998be27a7111a053a1 c9b6a52e2be24871a6e80a8202770fc0 - - default default] Volume info retrieved successfully.
2026-07-21 14:24:46.100 7 INFO cinder.api.openstack.wsgi [None req-2c6d7706-bb47-4514-bd15-6098baea22d9 a7294db8b5e045998be27a7111a053a1 c9b6a52e2be24871a6e80a8202770fc0 - - default default] http://cinder-api.openstack.svc.cluster.local:8776/v3/c9b6a52e2be24871a6e80a8202770fc0/volumes/6b924171-b2cc-4a28-a43d-f61f23bbcea0 returned with HTTP 200 [pid: 7|app: 0|req: 362/721] 10.0.0.3 () {32 vars in 773 bytes} [Tue Jul 21 14:24:46 2026] GET /v3/c9b6a52e2be24871a6e80a8202770fc0/volumes/6b924171-b2cc-4a28-a43d-f61f23bbcea0 => generated 1342 bytes in 34 msecs (HTTP/1.1 200) 7 headers in 286 bytes (1 switches on core 0) /var/lib/openstack/lib/python3.10/site-packages/pycadf/identifier.py:71: UserWarning: Invalid uuid: cinderv3. To ensure interoperability, identifiers should be a valid uuid. warnings.warn(('Invalid uuid: %s. To ensure interoperability, '
2026-07-21 14:24:46.185 8 INFO cinder.api.openstack.wsgi [req-16da957d-c71e-49d9-860f-975d47556692 req-3d21a07c-8802-47c4-82c3-518eb87ea2ab a7294db8b5e045998be27a7111a053a1 c9b6a52e2be24871a6e80a8202770fc0 - - default default] GET http://cinder-api.openstack.svc.cluster.local:8776/v3/c9b6a52e2be24871a6e80a8202770fc0/volumes/6b924171-b2cc-4a28-a43d-f61f23bbcea0 /var/lib/openstack/lib/python3.10/site-packages/oslo_context/context.py:100: DeprecationWarning: Policy enforcement is depending on the value of is_admin. This key is deprecated. Please update your policy file to use the standard policy values. warnings.warn('Policy enforcement is depending on the value of '
2026-07-21 14:24:46.204 8 INFO cinder.volume.api [req-16da957d-c71e-49d9-860f-975d47556692 req-3d21a07c-8802-47c4-82c3-518eb87ea2ab a7294db8b5e045998be27a7111a053a1 c9b6a52e2be24871a6e80a8202770fc0 - - default default] Volume info retrieved successfully.
2026-07-21 14:24:46.214 8 INFO cinder.api.openstack.wsgi [req-16da957d-c71e-49d9-860f-975d47556692 req-3d21a07c-8802-47c4-82c3-518eb87ea2ab a7294db8b5e045998be27a7111a053a1 c9b6a52e2be24871a6e80a8202770fc0 - - default default] http://cinder-api.openstack.svc.cluster.local:8776/v3/c9b6a52e2be24871a6e80a8202770fc0/volumes/6b924171-b2cc-4a28-a43d-f61f23bbcea0 returned with HTTP 200 [pid: 8|app: 0|req: 360/722] 10.0.0.42 () {34 vars in 1027 bytes} [Tue Jul 21 14:24:46 2026] GET /v3/c9b6a52e2be24871a6e80a8202770fc0/volumes/6b924171-b2cc-4a28-a43d-f61f23bbcea0 => generated 1342 bytes in 38 msecs (HTTP/1.1 200) 7 headers in 286 bytes (1 switches on core 0)
2026-07-21 14:24:48.692 7 INFO cinder.api.openstack.wsgi [None req-2c6d7706-bb47-4514-bd15-6098baea22d9 a7294db8b5e045998be27a7111a053a1 c9b6a52e2be24871a6e80a8202770fc0 - - default default] GET http://10.0.0.135:8776/
2026-07-21 14:24:48.693 7 INFO cinder.api.openstack.wsgi [None req-2c6d7706-bb47-4514-bd15-6098baea22d9 a7294db8b5e045998be27a7111a053a1 c9b6a52e2be24871a6e80a8202770fc0 - - default default] http://10.0.0.135:8776/ returned with HTTP 300
2026-07-21 14:24:48.694 8 INFO cinder.api.openstack.wsgi [req-16da957d-c71e-49d9-860f-975d47556692 req-3d21a07c-8802-47c4-82c3-518eb87ea2ab a7294db8b5e045998be27a7111a053a1 c9b6a52e2be24871a6e80a8202770fc0 - - default default] GET http://10.0.0.135:8776/
2026-07-21 14:24:48.695 8 INFO cinder.api.openstack.wsgi [req-16da957d-c71e-49d9-860f-975d47556692 req-3d21a07c-8802-47c4-82c3-518eb87ea2ab a7294db8b5e045998be27a7111a053a1 c9b6a52e2be24871a6e80a8202770fc0 - - default default] http://10.0.0.135:8776/ returned with HTTP 300 /var/lib/openstack/lib/python3.10/site-packages/pycadf/identifier.py:71: UserWarning: Invalid uuid: cinderv3. To ensure interoperability, identifiers should be a valid uuid. warnings.warn(('Invalid uuid: %s. To ensure interoperability, '
2026-07-21 14:24:49.373 7 INFO cinder.api.openstack.wsgi [req-16da957d-c71e-49d9-860f-975d47556692 req-9b613148-ecbd-4f9e-84c5-70e70efa38ae a7294db8b5e045998be27a7111a053a1 c9b6a52e2be24871a6e80a8202770fc0 - - default default] GET http://cinder-api.openstack.svc.cluster.local:8776/v3/c9b6a52e2be24871a6e80a8202770fc0/volumes/6b924171-b2cc-4a28-a43d-f61f23bbcea0 /var/lib/openstack/lib/python3.10/site-packages/oslo_context/context.py:100: DeprecationWarning: Policy enforcement is depending on the value of is_admin. This key is deprecated. Please update your policy file to use the standard policy values. warnings.warn('Policy enforcement is depending on the value of '
2026-07-21 14:24:49.388 7 INFO cinder.volume.api [req-16da957d-c71e-49d9-860f-975d47556692 req-9b613148-ecbd-4f9e-84c5-70e70efa38ae a7294db8b5e045998be27a7111a053a1 c9b6a52e2be24871a6e80a8202770fc0 - - default default] Volume info retrieved successfully.
2026-07-21 14:24:49.402 7 INFO cinder.api.openstack.wsgi [req-16da957d-c71e-49d9-860f-975d47556692 req-9b613148-ecbd-4f9e-84c5-70e70efa38ae a7294db8b5e045998be27a7111a053a1 c9b6a52e2be24871a6e80a8202770fc0 - - default default] http://cinder-api.openstack.svc.cluster.local:8776/v3/c9b6a52e2be24871a6e80a8202770fc0/volumes/6b924171-b2cc-4a28-a43d-f61f23bbcea0 returned with HTTP 200 [pid: 7|app: 0|req: 364/725] 10.0.0.42 () {34 vars in 1027 bytes} [Tue Jul 21 14:24:49 2026] GET /v3/c9b6a52e2be24871a6e80a8202770fc0/volumes/6b924171-b2cc-4a28-a43d-f61f23bbcea0 => generated 1342 bytes in 35 msecs (HTTP/1.1 200) 7 headers in 286 bytes (1 switches on core 0)
2026-07-21 14:24:49.411 8 INFO cinder.api.openstack.wsgi [req-16da957d-c71e-49d9-860f-975d47556692 req-3d21a07c-8802-47c4-82c3-518eb87ea2ab a7294db8b5e045998be27a7111a053a1 c9b6a52e2be24871a6e80a8202770fc0 - - default default] GET http://cinder-api.openstack.svc.cluster.local:8776/
2026-07-21 14:24:49.412 8 INFO cinder.api.openstack.wsgi [req-16da957d-c71e-49d9-860f-975d47556692 req-3d21a07c-8802-47c4-82c3-518eb87ea2ab a7294db8b5e045998be27a7111a053a1 c9b6a52e2be24871a6e80a8202770fc0 - - default default] http://cinder-api.openstack.svc.cluster.local:8776/ returned with HTTP 300 [pid: 8|app: 0|req: 362/726] 10.0.0.42 () {32 vars in 828 bytes} [Tue Jul 21 14:24:49 2026] GET / => generated 411 bytes in 2 msecs (HTTP/1.1 300) 5 headers in 169 bytes (1 switches on core 0) /var/lib/openstack/lib/python3.10/site-packages/pycadf/identifier.py:71: UserWarning: Invalid uuid: cinderv3. To ensure interoperability, identifiers should be a valid uuid. warnings.warn(('Invalid uuid: %s. To ensure interoperability, '
2026-07-21 14:24:49.422 7 INFO cinder.api.openstack.wsgi [req-16da957d-c71e-49d9-860f-975d47556692 req-3a26fd45-9109-4773-9ffd-2d4bdbf4eb8a a7294db8b5e045998be27a7111a053a1 c9b6a52e2be24871a6e80a8202770fc0 - - default default] POST http://cinder-api.openstack.svc.cluster.local:8776/v3/c9b6a52e2be24871a6e80a8202770fc0/attachments /var/lib/openstack/lib/python3.10/site-packages/oslo_context/context.py:100: DeprecationWarning: Policy enforcement is depending on the value of is_admin. This key is deprecated. Please update your policy file to use the standard policy values. warnings.warn('Policy enforcement is depending on the value of '
2026-07-21 14:24:49.500 7 INFO cinder.api.openstack.wsgi [req-16da957d-c71e-49d9-860f-975d47556692 req-3a26fd45-9109-4773-9ffd-2d4bdbf4eb8a a7294db8b5e045998be27a7111a053a1 c9b6a52e2be24871a6e80a8202770fc0 - - default default] http://cinder-api.openstack.svc.cluster.local:8776/v3/c9b6a52e2be24871a6e80a8202770fc0/attachments returned with HTTP 200 [pid: 7|app: 0|req: 365/727] 10.0.0.42 () {40 vars in 1056 bytes} [Tue Jul 21 14:24:49 2026] POST /v3/c9b6a52e2be24871a6e80a8202770fc0/attachments => generated 273 bytes in 85 msecs (HTTP/1.1 200) 7 headers in 286 bytes (1 switches on core 0)
2026-07-21 14:24:51.140 8 INFO cinder.api.openstack.wsgi [req-16da957d-c71e-49d9-860f-975d47556692 req-3d21a07c-8802-47c4-82c3-518eb87ea2ab a7294db8b5e045998be27a7111a053a1 c9b6a52e2be24871a6e80a8202770fc0 - - default default] GET http://cinder-api.openstack.svc.cluster.local:8776/
2026-07-21 14:24:51.143 8 INFO cinder.api.openstack.wsgi [req-16da957d-c71e-49d9-860f-975d47556692 req-3d21a07c-8802-47c4-82c3-518eb87ea2ab a7294db8b5e045998be27a7111a053a1 c9b6a52e2be24871a6e80a8202770fc0 - - default default] http://cinder-api.openstack.svc.cluster.local:8776/ returned with HTTP 300 [pid: 8|app: 0|req: 363/728] 199.19.213.83 () {32 vars in 839 bytes} [Tue Jul 21 14:24:51 2026] GET / => generated 411 bytes in 5 msecs (HTTP/1.1 300) 5 headers in 169 bytes (1 switches on core 0) /var/lib/openstack/lib/python3.10/site-packages/pycadf/identifier.py:71: UserWarning: Invalid uuid: cinderv3. To ensure interoperability, identifiers should be a valid uuid. warnings.warn(('Invalid uuid: %s. To ensure interoperability, '
2026-07-21 14:24:51.186 7 INFO cinder.api.openstack.wsgi [req-16da957d-c71e-49d9-860f-975d47556692 req-81557536-8800-4c41-b588-ff6bd970857f a7294db8b5e045998be27a7111a053a1 c9b6a52e2be24871a6e80a8202770fc0 - - default default] GET http://cinder-api.openstack.svc.cluster.local:8776/v3/c9b6a52e2be24871a6e80a8202770fc0/volumes/6b924171-b2cc-4a28-a43d-f61f23bbcea0 /var/lib/openstack/lib/python3.10/site-packages/oslo_context/context.py:100: DeprecationWarning: Policy enforcement is depending on the value of is_admin. This key is deprecated. Please update your policy file to use the standard policy values. warnings.warn('Policy enforcement is depending on the value of '
2026-07-21 14:24:51.211 7 INFO cinder.volume.api [req-16da957d-c71e-49d9-860f-975d47556692 req-81557536-8800-4c41-b588-ff6bd970857f a7294db8b5e045998be27a7111a053a1 c9b6a52e2be24871a6e80a8202770fc0 - - default default] Volume info retrieved successfully.
2026-07-21 14:24:51.222 7 INFO cinder.api.openstack.wsgi [req-16da957d-c71e-49d9-860f-975d47556692 req-81557536-8800-4c41-b588-ff6bd970857f a7294db8b5e045998be27a7111a053a1 c9b6a52e2be24871a6e80a8202770fc0 - - default default] http://cinder-api.openstack.svc.cluster.local:8776/v3/c9b6a52e2be24871a6e80a8202770fc0/volumes/6b924171-b2cc-4a28-a43d-f61f23bbcea0 returned with HTTP 200 [pid: 7|app: 0|req: 366/729] 199.19.213.83 () {36 vars in 1072 bytes} [Tue Jul 21 14:24:51 2026] GET /v3/c9b6a52e2be24871a6e80a8202770fc0/volumes/6b924171-b2cc-4a28-a43d-f61f23bbcea0 => generated 1440 bytes in 46 msecs (HTTP/1.1 200) 7 headers in 287 bytes (1 switches on core 0) /var/lib/openstack/lib/python3.10/site-packages/pycadf/identifier.py:71: UserWarning: Invalid uuid: cinderv3. To ensure interoperability, identifiers should be a valid uuid. warnings.warn(('Invalid uuid: %s. To ensure interoperability, '
2026-07-21 14:24:53.381 8 INFO cinder.api.openstack.wsgi [req-16da957d-c71e-49d9-860f-975d47556692 req-12dce20e-82b0-4594-87bd-f3f53764628e a7294db8b5e045998be27a7111a053a1 c9b6a52e2be24871a6e80a8202770fc0 - - default default] PUT http://cinder-api.openstack.svc.cluster.local:8776/v3/c9b6a52e2be24871a6e80a8202770fc0/attachments/3185e022-9b8b-4926-9daa-9c8f6ae113b7 /var/lib/openstack/lib/python3.10/site-packages/oslo_context/context.py:100: DeprecationWarning: Policy enforcement is depending on the value of is_admin. This key is deprecated. Please update your policy file to use the standard policy values. warnings.warn('Policy enforcement is depending on the value of '
2026-07-21 14:24:54.142 8 INFO cinder.api.openstack.wsgi [req-16da957d-c71e-49d9-860f-975d47556692 req-12dce20e-82b0-4594-87bd-f3f53764628e a7294db8b5e045998be27a7111a053a1 c9b6a52e2be24871a6e80a8202770fc0 - - default default] http://cinder-api.openstack.svc.cluster.local:8776/v3/c9b6a52e2be24871a6e80a8202770fc0/attachments/3185e022-9b8b-4926-9daa-9c8f6ae113b7 returned with HTTP 200 [pid: 8|app: 0|req: 364/730] 199.19.213.83 () {40 vars in 1133 bytes} [Tue Jul 21 14:24:53 2026] PUT /v3/c9b6a52e2be24871a6e80a8202770fc0/attachments/3185e022-9b8b-4926-9daa-9c8f6ae113b7 => generated 775 bytes in 774 msecs (HTTP/1.1 200) 7 headers in 286 bytes (1 switches on core 0) /var/lib/openstack/lib/python3.10/site-packages/pycadf/identifier.py:71: UserWarning: Invalid uuid: cinderv3. To ensure interoperability, identifiers should be a valid uuid. warnings.warn(('Invalid uuid: %s. To ensure interoperability, '
2026-07-21 14:24:54.206 7 INFO cinder.api.openstack.wsgi [req-16da957d-c71e-49d9-860f-975d47556692 req-ca0a95af-c30b-401d-a0ae-f95aa9ef05ee a7294db8b5e045998be27a7111a053a1 c9b6a52e2be24871a6e80a8202770fc0 - - default default] POST http://cinder-api.openstack.svc.cluster.local:8776/v3/c9b6a52e2be24871a6e80a8202770fc0/attachments/3185e022-9b8b-4926-9daa-9c8f6ae113b7/action /var/lib/openstack/lib/python3.10/site-packages/oslo_context/context.py:100: DeprecationWarning: Policy enforcement is depending on the value of is_admin. This key is deprecated. Please update your policy file to use the standard policy values. warnings.warn('Policy enforcement is depending on the value of '
2026-07-21 14:24:54.284 7 INFO cinder.api.openstack.wsgi [req-16da957d-c71e-49d9-860f-975d47556692 req-ca0a95af-c30b-401d-a0ae-f95aa9ef05ee a7294db8b5e045998be27a7111a053a1 c9b6a52e2be24871a6e80a8202770fc0 - - default default] http://cinder-api.openstack.svc.cluster.local:8776/v3/c9b6a52e2be24871a6e80a8202770fc0/attachments/3185e022-9b8b-4926-9daa-9c8f6ae113b7/action returned with HTTP 204 [pid: 7|app: 0|req: 367/731] 199.19.213.83 () {40 vars in 1147 bytes} [Tue Jul 21 14:24:54 2026] POST /v3/c9b6a52e2be24871a6e80a8202770fc0/attachments/3185e022-9b8b-4926-9daa-9c8f6ae113b7/action => generated 0 bytes in 94 msecs (HTTP/1.1 204) 7 headers in 292 bytes (1 switches on core 0)
2026-07-21 14:24:58.691 8 INFO cinder.api.openstack.wsgi [req-16da957d-c71e-49d9-860f-975d47556692 req-12dce20e-82b0-4594-87bd-f3f53764628e a7294db8b5e045998be27a7111a053a1 c9b6a52e2be24871a6e80a8202770fc0 - - default default] GET http://10.0.0.135:8776/
2026-07-21 14:24:58.692 8 INFO cinder.api.openstack.wsgi [req-16da957d-c71e-49d9-860f-975d47556692 req-12dce20e-82b0-4594-87bd-f3f53764628e a7294db8b5e045998be27a7111a053a1 c9b6a52e2be24871a6e80a8202770fc0 - - default default] http://10.0.0.135:8776/ returned with HTTP 300
2026-07-21 14:24:58.692 7 INFO cinder.api.openstack.wsgi [req-16da957d-c71e-49d9-860f-975d47556692 req-ca0a95af-c30b-401d-a0ae-f95aa9ef05ee a7294db8b5e045998be27a7111a053a1 c9b6a52e2be24871a6e80a8202770fc0 - - default default] GET http://10.0.0.135:8776/
2026-07-21 14:24:58.693 7 INFO cinder.api.openstack.wsgi [req-16da957d-c71e-49d9-860f-975d47556692 req-ca0a95af-c30b-401d-a0ae-f95aa9ef05ee a7294db8b5e045998be27a7111a053a1 c9b6a52e2be24871a6e80a8202770fc0 - - default default] http://10.0.0.135:8776/ returned with HTTP 300 /var/lib/openstack/lib/python3.10/site-packages/pycadf/identifier.py:71: UserWarning: Invalid uuid: cinderv3. To ensure interoperability, identifiers should be a valid uuid. warnings.warn(('Invalid uuid: %s. To ensure interoperability, '
2026-07-21 14:25:00.361 8 INFO cinder.api.openstack.wsgi [req-1e74924b-7ed4-48d7-8ae1-2e6ed297945e req-e8f4a32a-81d8-4400-a791-28f4485324d9 a7294db8b5e045998be27a7111a053a1 c9b6a52e2be24871a6e80a8202770fc0 - - default default] DELETE http://cinder-api.openstack.svc.cluster.local:8776/v3/c9b6a52e2be24871a6e80a8202770fc0/attachments/3185e022-9b8b-4926-9daa-9c8f6ae113b7 /var/lib/openstack/lib/python3.10/site-packages/oslo_context/context.py:100: DeprecationWarning: Policy enforcement is depending on the value of is_admin. This key is deprecated. Please update your policy file to use the standard policy values. warnings.warn('Policy enforcement is depending on the value of '
2026-07-21 14:25:00.452 8 INFO cinder.api.openstack.wsgi [req-1e74924b-7ed4-48d7-8ae1-2e6ed297945e req-e8f4a32a-81d8-4400-a791-28f4485324d9 a7294db8b5e045998be27a7111a053a1 c9b6a52e2be24871a6e80a8202770fc0 - - default default] http://cinder-api.openstack.svc.cluster.local:8776/v3/c9b6a52e2be24871a6e80a8202770fc0/attachments/3185e022-9b8b-4926-9daa-9c8f6ae113b7 returned with HTTP 200 [pid: 8|app: 0|req: 366/734] 199.19.213.83 () {38 vars in 1102 bytes} [Tue Jul 21 14:25:00 2026] DELETE /v3/c9b6a52e2be24871a6e80a8202770fc0/attachments/3185e022-9b8b-4926-9daa-9c8f6ae113b7 => generated 19 bytes in 98 msecs (HTTP/1.1 200) 7 headers in 285 bytes (1 switches on core 0) /var/lib/openstack/lib/python3.10/site-packages/pycadf/identifier.py:71: UserWarning: Invalid uuid: cinderv3. To ensure interoperability, identifiers should be a valid uuid. warnings.warn(('Invalid uuid: %s. To ensure interoperability, '
2026-07-21 14:25:00.470 7 INFO cinder.api.openstack.wsgi [req-1e74924b-7ed4-48d7-8ae1-2e6ed297945e req-5e3def5b-1d6b-4b3f-b61c-bbbd816e9dc4 a7294db8b5e045998be27a7111a053a1 c9b6a52e2be24871a6e80a8202770fc0 - - default default] DELETE http://cinder-api.openstack.svc.cluster.local:8776/v3/c9b6a52e2be24871a6e80a8202770fc0/volumes/6b924171-b2cc-4a28-a43d-f61f23bbcea0
2026-07-21 14:25:00.470 7 INFO cinder.api.v3.volumes [req-1e74924b-7ed4-48d7-8ae1-2e6ed297945e req-5e3def5b-1d6b-4b3f-b61c-bbbd816e9dc4 a7294db8b5e045998be27a7111a053a1 c9b6a52e2be24871a6e80a8202770fc0 - - default default] Delete volume with id: 6b924171-b2cc-4a28-a43d-f61f23bbcea0  /var/lib/openstack/lib/python3.10/site-packages/oslo_context/context.py:100: DeprecationWarning: Policy enforcement is depending on the value of is_admin. This key is deprecated. Please update your policy file to use the standard policy values. warnings.warn('Policy enforcement is depending on the value of '
2026-07-21 14:25:00.486 7 INFO cinder.volume.api [req-1e74924b-7ed4-48d7-8ae1-2e6ed297945e req-5e3def5b-1d6b-4b3f-b61c-bbbd816e9dc4 a7294db8b5e045998be27a7111a053a1 c9b6a52e2be24871a6e80a8202770fc0 - - default default] Volume info retrieved successfully.
2026-07-21 14:25:00.525 7 INFO cinder.volume.api [req-1e74924b-7ed4-48d7-8ae1-2e6ed297945e req-5e3def5b-1d6b-4b3f-b61c-bbbd816e9dc4 a7294db8b5e045998be27a7111a053a1 c9b6a52e2be24871a6e80a8202770fc0 - - default default] Delete volume request issued successfully.
2026-07-21 14:25:00.525 7 INFO cinder.api.openstack.wsgi [req-1e74924b-7ed4-48d7-8ae1-2e6ed297945e req-5e3def5b-1d6b-4b3f-b61c-bbbd816e9dc4 a7294db8b5e045998be27a7111a053a1 c9b6a52e2be24871a6e80a8202770fc0 - - default default] http://cinder-api.openstack.svc.cluster.local:8776/v3/c9b6a52e2be24871a6e80a8202770fc0/volumes/6b924171-b2cc-4a28-a43d-f61f23bbcea0 returned with HTTP 202 [pid: 7|app: 0|req: 369/735] 199.19.213.83 () {36 vars in 1053 bytes} [Tue Jul 21 14:25:00 2026] DELETE /v3/c9b6a52e2be24871a6e80a8202770fc0/volumes/6b924171-b2cc-4a28-a43d-f61f23bbcea0 => generated 0 bytes in 64 msecs (HTTP/1.1 202) 6 headers in 233 bytes (1 switches on core 0) /var/lib/openstack/lib/python3.10/site-packages/pycadf/identifier.py:71: UserWarning: Invalid uuid: cinderv3. To ensure interoperability, identifiers should be a valid uuid. warnings.warn(('Invalid uuid: %s. To ensure interoperability, '
2026-07-21 14:25:05.060 8 INFO cinder.api.openstack.wsgi [None req-fd0b5f15-f4fc-4c17-b825-6e77bfbbec66 73727c77de8545feaf69bc13749b4143 d325001a338a4a64b9b78d020e485d33 - - default default] GET http://cinder-api.openstack.svc.cluster.local:8776/v3/d325001a338a4a64b9b78d020e485d33/scheduler-stats/get_pools?detail=true /var/lib/openstack/lib/python3.10/site-packages/oslo_context/context.py:100: DeprecationWarning: Policy enforcement is depending on the value of is_admin. This key is deprecated. Please update your policy file to use the standard policy values. warnings.warn('Policy enforcement is depending on the value of '
2026-07-21 14:25:05.088 8 INFO cinder.api.openstack.wsgi [None req-fd0b5f15-f4fc-4c17-b825-6e77bfbbec66 73727c77de8545feaf69bc13749b4143 d325001a338a4a64b9b78d020e485d33 - - default default] http://cinder-api.openstack.svc.cluster.local:8776/v3/d325001a338a4a64b9b78d020e485d33/scheduler-stats/get_pools?detail=true returned with HTTP 200 [pid: 8|app: 0|req: 367/736] 10.0.0.72 () {28 vars in 695 bytes} [Tue Jul 21 14:25:04 2026] GET /v3/d325001a338a4a64b9b78d020e485d33/scheduler-stats/get_pools?detail=true => generated 670 bytes in 218 msecs (HTTP/1.1 200) 7 headers in 285 bytes (1 switches on core 0) /var/lib/openstack/lib/python3.10/site-packages/pycadf/identifier.py:71: UserWarning: Invalid uuid: cinderv3. To ensure interoperability, identifiers should be a valid uuid. warnings.warn(('Invalid uuid: %s. To ensure interoperability, '
2026-07-21 14:25:05.099 7 INFO cinder.api.openstack.wsgi [None req-d3f8aae4-0054-4234-aebd-9d7736930d3e 73727c77de8545feaf69bc13749b4143 d325001a338a4a64b9b78d020e485d33 - - default default] GET http://cinder-api.openstack.svc.cluster.local:8776/v3/d325001a338a4a64b9b78d020e485d33/volumes/detail?all_tenants=true
2026-07-21 14:25:05.112 7 INFO cinder.volume.api [None req-d3f8aae4-0054-4234-aebd-9d7736930d3e 73727c77de8545feaf69bc13749b4143 d325001a338a4a64b9b78d020e485d33 - - default default] Get all volumes completed successfully.
2026-07-21 14:25:05.116 7 INFO cinder.api.openstack.wsgi [None req-d3f8aae4-0054-4234-aebd-9d7736930d3e 73727c77de8545feaf69bc13749b4143 d325001a338a4a64b9b78d020e485d33 - - default default] http://cinder-api.openstack.svc.cluster.local:8776/v3/d325001a338a4a64b9b78d020e485d33/volumes/detail?all_tenants=true returned with HTTP 200 [pid: 7|app: 0|req: 370/737] 10.0.0.72 () {28 vars in 683 bytes} [Tue Jul 21 14:25:05 2026] GET /v3/d325001a338a4a64b9b78d020e485d33/volumes/detail?all_tenants=true => generated 15 bytes in 25 msecs (HTTP/1.1 200) 7 headers in 284 bytes (1 switches on core 0)
2026-07-21 14:25:05.131 8 INFO cinder.api.openstack.wsgi [None req-d621110f-bd46-4da9-a5b3-cdb4e4c5810c 73727c77de8545feaf69bc13749b4143 d325001a338a4a64b9b78d020e485d33 - - default default] GET http://cinder-api.openstack.svc.cluster.local:8776/v3/d325001a338a4a64b9b78d020e485d33/volumes/detail?all_tenants=true
2026-07-21 14:25:05.145 8 INFO cinder.volume.api [None req-d621110f-bd46-4da9-a5b3-cdb4e4c5810c 73727c77de8545feaf69bc13749b4143 d325001a338a4a64b9b78d020e485d33 - - default default] Get all volumes completed successfully.
2026-07-21 14:25:05.148 8 INFO cinder.api.openstack.wsgi [None req-d621110f-bd46-4da9-a5b3-cdb4e4c5810c 73727c77de8545feaf69bc13749b4143 d325001a338a4a64b9b78d020e485d33 - - default default] http://cinder-api.openstack.svc.cluster.local:8776/v3/d325001a338a4a64b9b78d020e485d33/volumes/detail?all_tenants=true returned with HTTP 200 [pid: 8|app: 0|req: 368/738] 10.0.0.72 () {28 vars in 683 bytes} [Tue Jul 21 14:25:05 2026] GET /v3/d325001a338a4a64b9b78d020e485d33/volumes/detail?all_tenants=true => generated 15 bytes in 28 msecs (HTTP/1.1 200) 7 headers in 284 bytes (1 switches on core 0)
2026-07-21 14:25:05.162 7 INFO cinder.api.openstack.wsgi [None req-fc79e360-3650-49a1-a786-2a68220afbfd 73727c77de8545feaf69bc13749b4143 d325001a338a4a64b9b78d020e485d33 - - default default] GET http://cinder-api.openstack.svc.cluster.local:8776/v3/d325001a338a4a64b9b78d020e485d33/snapshots?all_tenants=true
2026-07-21 14:25:05.169 7 INFO cinder.volume.api [None req-fc79e360-3650-49a1-a786-2a68220afbfd 73727c77de8545feaf69bc13749b4143 d325001a338a4a64b9b78d020e485d33 - - default default] Get all snapshots completed successfully.
2026-07-21 14:25:05.170 7 INFO cinder.api.openstack.wsgi [None req-fc79e360-3650-49a1-a786-2a68220afbfd 73727c77de8545feaf69bc13749b4143 d325001a338a4a64b9b78d020e485d33 - - default default] http://cinder-api.openstack.svc.cluster.local:8776/v3/d325001a338a4a64b9b78d020e485d33/snapshots?all_tenants=true returned with HTTP 200 [pid: 7|app: 0|req: 371/739] 10.0.0.72 () {28 vars in 673 bytes} [Tue Jul 21 14:25:05 2026] GET /v3/d325001a338a4a64b9b78d020e485d33/snapshots?all_tenants=true => generated 17 bytes in 16 msecs (HTTP/1.1 200) 7 headers in 284 bytes (1 switches on core 0)
2026-07-21 14:25:05.182 8 INFO cinder.api.openstack.wsgi [None req-d30a21e1-fe7f-4039-ad4a-ebd41c943968 73727c77de8545feaf69bc13749b4143 d325001a338a4a64b9b78d020e485d33 - - default default] GET http://cinder-api.openstack.svc.cluster.local:8776/v3/d325001a338a4a64b9b78d020e485d33/os-services
2026-07-21 14:25:05.193 8 INFO cinder.api.openstack.wsgi [None req-d30a21e1-fe7f-4039-ad4a-ebd41c943968 73727c77de8545feaf69bc13749b4143 d325001a338a4a64b9b78d020e485d33 - - default default] http://cinder-api.openstack.svc.cluster.local:8776/v3/d325001a338a4a64b9b78d020e485d33/os-services returned with HTTP 200 [pid: 8|app: 0|req: 369/740] 10.0.0.72 () {28 vars in 644 bytes} [Tue Jul 21 14:25:05 2026] GET /v3/d325001a338a4a64b9b78d020e485d33/os-services => generated 646 bytes in 18 msecs (HTTP/1.1 200) 7 headers in 285 bytes (1 switches on core 0)
2026-07-21 14:25:05.238 7 INFO cinder.api.openstack.wsgi [None req-281b7fbb-d00a-4d74-8015-526a854ee535 73727c77de8545feaf69bc13749b4143 d325001a338a4a64b9b78d020e485d33 - - default default] GET http://cinder-api.openstack.svc.cluster.local:8776/v3/d325001a338a4a64b9b78d020e485d33/os-quota-sets/348d6ed73c0c4a50b14cf248129d846b?usage=true
2026-07-21 14:25:05.285 7 INFO cinder.api.openstack.wsgi [None req-281b7fbb-d00a-4d74-8015-526a854ee535 73727c77de8545feaf69bc13749b4143 d325001a338a4a64b9b78d020e485d33 - - default default] http://cinder-api.openstack.svc.cluster.local:8776/v3/d325001a338a4a64b9b78d020e485d33/os-quota-sets/348d6ed73c0c4a50b14cf248129d846b?usage=true returned with HTTP 200 [pid: 7|app: 0|req: 372/741] 10.0.0.72 () {28 vars in 735 bytes} [Tue Jul 21 14:25:05 2026] GET /v3/d325001a338a4a64b9b78d020e485d33/os-quota-sets/348d6ed73c0c4a50b14cf248129d846b?usage=true => generated 847 bytes in 55 msecs (HTTP/1.1 200) 7 headers in 285 bytes (1 switches on core 0)
2026-07-21 14:25:05.297 8 INFO cinder.api.openstack.wsgi [None req-cbae51b7-add0-4fa0-8327-f6c7ad42c013 73727c77de8545feaf69bc13749b4143 d325001a338a4a64b9b78d020e485d33 - - default default] GET http://cinder-api.openstack.svc.cluster.local:8776/v3/d325001a338a4a64b9b78d020e485d33/os-quota-sets/c5015e9b793f4267958d2dd6023a016f?usage=true
2026-07-21 14:25:05.331 8 INFO cinder.api.openstack.wsgi [None req-cbae51b7-add0-4fa0-8327-f6c7ad42c013 73727c77de8545feaf69bc13749b4143 d325001a338a4a64b9b78d020e485d33 - - default default] http://cinder-api.openstack.svc.cluster.local:8776/v3/d325001a338a4a64b9b78d020e485d33/os-quota-sets/c5015e9b793f4267958d2dd6023a016f?usage=true returned with HTTP 200 [pid: 8|app: 0|req: 370/742] 10.0.0.72 () {28 vars in 735 bytes} [Tue Jul 21 14:25:05 2026] GET /v3/d325001a338a4a64b9b78d020e485d33/os-quota-sets/c5015e9b793f4267958d2dd6023a016f?usage=true => generated 847 bytes in 42 msecs (HTTP/1.1 200) 7 headers in 285 bytes (1 switches on core 0)
2026-07-21 14:25:05.345 7 INFO cinder.api.openstack.wsgi [None req-e9c1e20a-e12e-431b-ad73-61b6a04f25e4 73727c77de8545feaf69bc13749b4143 d325001a338a4a64b9b78d020e485d33 - - default default] GET http://cinder-api.openstack.svc.cluster.local:8776/v3/d325001a338a4a64b9b78d020e485d33/os-quota-sets/c9b6a52e2be24871a6e80a8202770fc0?usage=true
2026-07-21 14:25:05.381 7 INFO cinder.api.openstack.wsgi [None req-e9c1e20a-e12e-431b-ad73-61b6a04f25e4 73727c77de8545feaf69bc13749b4143 d325001a338a4a64b9b78d020e485d33 - - default default] http://cinder-api.openstack.svc.cluster.local:8776/v3/d325001a338a4a64b9b78d020e485d33/os-quota-sets/c9b6a52e2be24871a6e80a8202770fc0?usage=true returned with HTTP 200 [pid: 7|app: 0|req: 373/743] 10.0.0.72 () {28 vars in 735 bytes} [Tue Jul 21 14:25:05 2026] GET /v3/d325001a338a4a64b9b78d020e485d33/os-quota-sets/c9b6a52e2be24871a6e80a8202770fc0?usage=true => generated 847 bytes in 44 msecs (HTTP/1.1 200) 7 headers in 285 bytes (1 switches on core 0)
2026-07-21 14:25:05.397 8 INFO cinder.api.openstack.wsgi [None req-cbd208ff-ee11-401b-a087-6b16b61dd744 73727c77de8545feaf69bc13749b4143 d325001a338a4a64b9b78d020e485d33 - - default default] GET http://cinder-api.openstack.svc.cluster.local:8776/v3/d325001a338a4a64b9b78d020e485d33/os-quota-sets/cc67d9629012435db88901ecb6f6dbfa?usage=true
2026-07-21 14:25:05.424 8 INFO cinder.api.openstack.wsgi [None req-cbd208ff-ee11-401b-a087-6b16b61dd744 73727c77de8545feaf69bc13749b4143 d325001a338a4a64b9b78d020e485d33 - - default default] http://cinder-api.openstack.svc.cluster.local:8776/v3/d325001a338a4a64b9b78d020e485d33/os-quota-sets/cc67d9629012435db88901ecb6f6dbfa?usage=true returned with HTTP 200 [pid: 8|app: 0|req: 371/744] 10.0.0.72 () {28 vars in 735 bytes} [Tue Jul 21 14:25:05 2026] GET /v3/d325001a338a4a64b9b78d020e485d33/os-quota-sets/cc67d9629012435db88901ecb6f6dbfa?usage=true => generated 845 bytes in 38 msecs (HTTP/1.1 200) 7 headers in 285 bytes (1 switches on core 0)
2026-07-21 14:25:05.438 7 INFO cinder.api.openstack.wsgi [None req-4e00ee66-79ae-429a-afb8-23c66d4cbbf1 73727c77de8545feaf69bc13749b4143 d325001a338a4a64b9b78d020e485d33 - - default default] GET http://cinder-api.openstack.svc.cluster.local:8776/v3/d325001a338a4a64b9b78d020e485d33/os-quota-sets/d325001a338a4a64b9b78d020e485d33?usage=true
2026-07-21 14:25:05.479 7 INFO cinder.api.openstack.wsgi [None req-4e00ee66-79ae-429a-afb8-23c66d4cbbf1 73727c77de8545feaf69bc13749b4143 d325001a338a4a64b9b78d020e485d33 - - default default] http://cinder-api.openstack.svc.cluster.local:8776/v3/d325001a338a4a64b9b78d020e485d33/os-quota-sets/d325001a338a4a64b9b78d020e485d33?usage=true returned with HTTP 200 [pid: 7|app: 0|req: 374/745] 10.0.0.72 () {28 vars in 735 bytes} [Tue Jul 21 14:25:05 2026] GET /v3/d325001a338a4a64b9b78d020e485d33/os-quota-sets/d325001a338a4a64b9b78d020e485d33?usage=true => generated 845 bytes in 51 msecs (HTTP/1.1 200) 7 headers in 285 bytes (1 switches on core 0)
2026-07-21 14:25:05.493 8 INFO cinder.api.openstack.wsgi [None req-a86e0dbe-2700-4991-bf6e-f78002bbbb2a 73727c77de8545feaf69bc13749b4143 d325001a338a4a64b9b78d020e485d33 - - default default] GET http://cinder-api.openstack.svc.cluster.local:8776/v3/d325001a338a4a64b9b78d020e485d33/os-quota-sets/deddc177d45d48488fd6a7a3ad29f657?usage=true
2026-07-21 14:25:05.549 8 INFO cinder.api.openstack.wsgi [None req-a86e0dbe-2700-4991-bf6e-f78002bbbb2a 73727c77de8545feaf69bc13749b4143 d325001a338a4a64b9b78d020e485d33 - - default default] http://cinder-api.openstack.svc.cluster.local:8776/v3/d325001a338a4a64b9b78d020e485d33/os-quota-sets/deddc177d45d48488fd6a7a3ad29f657?usage=true returned with HTTP 200 [pid: 8|app: 0|req: 372/746] 10.0.0.72 () {28 vars in 735 bytes} [Tue Jul 21 14:25:05 2026] GET /v3/d325001a338a4a64b9b78d020e485d33/os-quota-sets/deddc177d45d48488fd6a7a3ad29f657?usage=true => generated 847 bytes in 66 msecs (HTTP/1.1 200) 7 headers in 285 bytes (1 switches on core 0)
2026-07-21 14:25:05.574 7 INFO cinder.api.openstack.wsgi [None req-4cfe1bf1-e731-40fa-98fd-d16ab9f94411 73727c77de8545feaf69bc13749b4143 d325001a338a4a64b9b78d020e485d33 - - default default] GET http://cinder-api.openstack.svc.cluster.local:8776/v3/d325001a338a4a64b9b78d020e485d33/os-quota-sets/ea9bc29365f74137b40cb14fe10f9ff3?usage=true
2026-07-21 14:25:05.633 7 INFO cinder.api.openstack.wsgi [None req-4cfe1bf1-e731-40fa-98fd-d16ab9f94411 73727c77de8545feaf69bc13749b4143 d325001a338a4a64b9b78d020e485d33 - - default default] http://cinder-api.openstack.svc.cluster.local:8776/v3/d325001a338a4a64b9b78d020e485d33/os-quota-sets/ea9bc29365f74137b40cb14fe10f9ff3?usage=true returned with HTTP 200 [pid: 7|app: 0|req: 375/747] 10.0.0.72 () {28 vars in 735 bytes} [Tue Jul 21 14:25:05 2026] GET /v3/d325001a338a4a64b9b78d020e485d33/os-quota-sets/ea9bc29365f74137b40cb14fe10f9ff3?usage=true => generated 847 bytes in 73 msecs (HTTP/1.1 200) 7 headers in 285 bytes (1 switches on core 0)
2026-07-21 14:25:08.693 8 INFO cinder.api.openstack.wsgi [None req-a86e0dbe-2700-4991-bf6e-f78002bbbb2a 73727c77de8545feaf69bc13749b4143 d325001a338a4a64b9b78d020e485d33 - - default default] GET http://10.0.0.135:8776/
2026-07-21 14:25:08.694 8 INFO cinder.api.openstack.wsgi [None req-a86e0dbe-2700-4991-bf6e-f78002bbbb2a 73727c77de8545feaf69bc13749b4143 d325001a338a4a64b9b78d020e485d33 - - default default] http://10.0.0.135:8776/ returned with HTTP 300
