Sep 23 13:33:42.973960 np0000193812 devstack@neutron-api.service[101879]: DEBUG neutron_lib.callbacks.manager [None req-82e4b72e-d1ee-48b0-aa27-64b97891e4e5 None None] Subscribe: > security_group after_create 55550000, False {{(pid=101879) subscribe /opt/stack/data/venv/lib/python3.12/site-packages/neutron_lib/callbacks/manager.py:52}}
Sep 23 13:33:42.974116 np0000193812 devstack@neutron-api.service[101879]: DEBUG neutron_lib.callbacks.manager [None req-82e4b72e-d1ee-48b0-aa27-64b97891e4e5 None None] Subscribe: > security_group after_update 55550000, False {{(pid=101879) subscribe /opt/stack/data/venv/lib/python3.12/site-packages/neutron_lib/callbacks/manager.py:52}}
Sep 23 13:33:42.974116 np0000193812 devstack@neutron-api.service[101879]: DEBUG neutron_lib.callbacks.manager [None req-82e4b72e-d1ee-48b0-aa27-64b97891e4e5 None None] Subscribe: > security_group after_delete 55550000, False {{(pid=101879) subscribe /opt/stack/data/venv/lib/python3.12/site-packages/neutron_lib/callbacks/manager.py:52}}
Sep 23 13:33:42.974341 np0000193812 devstack@neutron-api.service[101879]: DEBUG neutron_lib.callbacks.manager [None req-82e4b72e-d1ee-48b0-aa27-64b97891e4e5 None None] Subscribe: > security_group_rule after_create 55550000, False {{(pid=101879) subscribe /opt/stack/data/venv/lib/python3.12/site-packages/neutron_lib/callbacks/manager.py:52}}
Sep 23 13:33:42.974341 np0000193812 devstack@neutron-api.service[101879]: DEBUG neutron_lib.callbacks.manager [None req-82e4b72e-d1ee-48b0-aa27-64b97891e4e5 None None] Subscribe: > security_group_rule after_update 55550000, False {{(pid=101879) subscribe /opt/stack/data/venv/lib/python3.12/site-packages/neutron_lib/callbacks/manager.py:52}}
Sep 23 13:33:42.974562 np0000193812 devstack@neutron-api.service[101879]: DEBUG neutron_lib.callbacks.manager [None req-82e4b72e-d1ee-48b0-aa27-64b97891e4e5 None None] Subscribe: > security_group_rule after_delete 55550000, False {{(pid=101879) subscribe /opt/stack/data/venv/lib/python3.12/site-packages/neutron_lib/callbacks/manager.py:52}}
Sep 23 13:33:42.974562 np0000193812 devstack@neutron-api.service[101879]: DEBUG neutron_lib.callbacks.manager [None req-82e4b72e-d1ee-48b0-aa27-64b97891e4e5 None None] Subscribe: > address_group after_create 55550000, False {{(pid=101879) subscribe /opt/stack/data/venv/lib/python3.12/site-packages/neutron_lib/callbacks/manager.py:52}}
Sep 23 13:33:42.974562 np0000193812 devstack@neutron-api.service[101879]: DEBUG neutron_lib.callbacks.manager [None req-82e4b72e-d1ee-48b0-aa27-64b97891e4e5 None None] Subscribe: > address_group after_update 55550000, False {{(pid=101879) subscribe /opt/stack/data/venv/lib/python3.12/site-packages/neutron_lib/callbacks/manager.py:52}}
Sep 23 13:33:42.974775 np0000193812 devstack@neutron-api.service[101879]: DEBUG neutron_lib.callbacks.manager [None req-82e4b72e-d1ee-48b0-aa27-64b97891e4e5 None None] Subscribe: > address_group after_delete 55550000, False {{(pid=101879) subscribe /opt/stack/data/venv/lib/python3.12/site-packages/neutron_lib/callbacks/manager.py:52}}
Sep 23 13:33:42.974775 np0000193812 devstack@neutron-api.service[101879]: DEBUG neutron.plugins.ml2.ovo_rpc [None req-82e4b72e-d1ee-48b0-aa27-64b97891e4e5 None None] ML2 OVO RPC backend initialized. {{(pid=101879) __init__ /opt/stack/neutron/neutron/plugins/ml2/ovo_rpc.py:117}}
Sep 23 13:33:42.975743 np0000193812 devstack@neutron-api.service[101879]: INFO neutron.quota [None req-82e4b72e-d1ee-48b0-aa27-64b97891e4e5 None None] Loaded quota_driver: .
Sep 23 13:33:42.975743 np0000193812 devstack@neutron-api.service[101879]: INFO neutron.plugins.ml2.plugin [None req-82e4b72e-d1ee-48b0-aa27-64b97891e4e5 None None] Modular L2 Plugin initialization complete
Sep 23 13:33:42.975960 np0000193812 devstack@neutron-api.service[101879]: DEBUG neutron.manager [None req-82e4b72e-d1ee-48b0-aa27-64b97891e4e5 None None] Loading services supported by the core plugin {{(pid=101879) _load_services_from_core_plugin /opt/stack/neutron/neutron/manager.py:167}}
Sep 23 13:33:42.976116 np0000193812 devstack@neutron-api.service[101881]: DEBUG neutron.services.provider_configuration [None req-151f00c3-1147-4c86-a278-da669be323ec None None] Service providers = [] {{(pid=101881) parse_service_provider_opt /opt/stack/neutron/neutron/services/provider_configuration.py:170}}
Sep 23 13:33:42.976272 np0000193812 devstack@neutron-api.service[101879]: INFO neutron.plugins.ml2.managers [None req-82e4b72e-d1ee-48b0-aa27-64b97891e4e5 None None] Got port-security extension from driver 'port_security'
Sep 23 13:33:42.976375 np0000193812 devstack@neutron-api.service[101881]: DEBUG neutron.db.servicetype_db [None req-151f00c3-1147-4c86-a278-da669be323ec None None] Adding provider configuration for service L3_ROUTER_NAT {{(pid=101881) add_provider_configuration /opt/stack/neutron/neutron/db/servicetype_db.py:45}}
Sep 23 13:33:42.976485 np0000193812 devstack@neutron-api.service[101879]: DEBUG neutron.manager [None req-82e4b72e-d1ee-48b0-aa27-64b97891e4e5 None None] Loading service plugins: ['ovn-router', 'auto_allocate', 'tag', 'timestamp', 'network_ip_availability', 'flavors', 'revisions'] {{(pid=101879) _load_service_plugins /opt/stack/neutron/neutron/manager.py:192}}
Sep 23 13:33:42.976485 np0000193812 devstack@neutron-api.service[101879]: INFO neutron.manager [None req-82e4b72e-d1ee-48b0-aa27-64b97891e4e5 None None] Loading Plugin: ovn-router
Sep 23 13:33:42.977123 np0000193812 devstack@neutron-api.service[101881]: DEBUG neutron_lib.callbacks.manager [None req-151f00c3-1147-4c86-a278-da669be323ec None None] Subscribe: > router precommit_create 55549900, False {{(pid=101881) subscribe /opt/stack/data/venv/lib/python3.12/site-packages/neutron_lib/callbacks/manager.py:52}}
Sep 23 13:33:42.977123 np0000193812 devstack@neutron-api.service[101881]: DEBUG neutron_lib.callbacks.manager [None req-151f00c3-1147-4c86-a278-da669be323ec None None] Subscribe: > router_interface after_create 55550000, False {{(pid=101881) subscribe /opt/stack/data/venv/lib/python3.12/site-packages/neutron_lib/callbacks/manager.py:52}}
Sep 23 13:33:42.977305 np0000193812 devstack@neutron-api.service[101881]: DEBUG neutron_lib.callbacks.manager [None req-151f00c3-1147-4c86-a278-da669be323ec None None] Subscribe: > floatingip after_create 55550000, False {{(pid=101881) subscribe /opt/stack/data/venv/lib/python3.12/site-packages/neutron_lib/callbacks/manager.py:52}}
Sep 23 13:33:42.977305 np0000193812 devstack@neutron-api.service[101881]: DEBUG neutron_lib.callbacks.manager [None req-151f00c3-1147-4c86-a278-da669be323ec None None] Subscribe: > floatingip precommit_create 55550000, False {{(pid=101881) subscribe /opt/stack/data/venv/lib/python3.12/site-packages/neutron_lib/callbacks/manager.py:52}}
Sep 23 13:33:42.977461 np0000193812 devstack@neutron-api.service[101881]: DEBUG neutron_lib.callbacks.manager [None req-151f00c3-1147-4c86-a278-da669be323ec None None] Subscribe: > floatingip precommit_update 55550000, False {{(pid=101881) subscribe /opt/stack/data/venv/lib/python3.12/site-packages/neutron_lib/callbacks/manager.py:52}}
Sep 23 13:33:42.977579 np0000193812 devstack@neutron-api.service[101881]: DEBUG neutron_lib.callbacks.manager [None req-151f00c3-1147-4c86-a278-da669be323ec None None] Subscribe: > floatingip after_delete 55550000, False {{(pid=101881) subscribe /opt/stack/data/venv/lib/python3.12/site-packages/neutron_lib/callbacks/manager.py:52}}
Sep 23 13:33:42.977579 np0000193812 devstack@neutron-api.service[101881]: DEBUG neutron_lib.callbacks.manager [None req-151f00c3-1147-4c86-a278-da669be323ec None None] Subscribe: > floatingip after_status_update 55550000, False {{(pid=101881) subscribe /opt/stack/data/venv/lib/python3.12/site-packages/neutron_lib/callbacks/manager.py:52}}
Sep 23 13:33:42.977730 np0000193812 devstack@neutron-api.service[101881]: DEBUG neutron_lib.callbacks.manager [None req-151f00c3-1147-4c86-a278-da669be323ec None None] Subscribe: > floatingip after_update 55550000, False {{(pid=101881) subscribe /opt/stack/data/venv/lib/python3.12/site-packages/neutron_lib/callbacks/manager.py:52}}
Sep 23 13:33:42.977859 np0000193812 devstack@neutron-api.service[101881]: DEBUG neutron_lib.callbacks.manager [None req-151f00c3-1147-4c86-a278-da669be323ec None None] Subscribe: > port_forwarding after_create 55550000, False {{(pid=101881) subscribe /opt/stack/data/venv/lib/python3.12/site-packages/neutron_lib/callbacks/manager.py:52}}
Sep 23 13:33:42.977859 np0000193812 devstack@neutron-api.service[101881]: DEBUG neutron_lib.callbacks.manager [None req-151f00c3-1147-4c86-a278-da669be323ec None None] Subscribe: > router_interface after_delete 55550000, False {{(pid=101881) subscribe /opt/stack/data/venv/lib/python3.12/site-packages/neutron_lib/callbacks/manager.py:52}}
Sep 23 13:33:42.978026 np0000193812 devstack@neutron-api.service[101881]: DEBUG neutron_lib.callbacks.manager [None req-151f00c3-1147-4c86-a278-da669be323ec None None] Subscribe: > router after_create 55550000, False {{(pid=101881) subscribe /opt/stack/data/venv/lib/python3.12/site-packages/neutron_lib/callbacks/manager.py:52}}
Sep 23 13:33:42.978160 np0000193812 devstack@neutron-api.service[101881]: DEBUG neutron_lib.callbacks.manager [None req-151f00c3-1147-4c86-a278-da669be323ec None None] Subscribe: > router precommit_create 55550000, False {{(pid=101881) subscribe /opt/stack/data/venv/lib/python3.12/site-packages/neutron_lib/callbacks/manager.py:52}}
Sep 23 13:33:42.978160 np0000193812 devstack@neutron-api.service[101881]: DEBUG neutron_lib.callbacks.manager [None req-151f00c3-1147-4c86-a278-da669be323ec None None] Subscribe: > router after_delete 55550000, False {{(pid=101881) subscribe /opt/stack/data/venv/lib/python3.12/site-packages/neutron_lib/callbacks/manager.py:52}}
Sep 23 13:33:42.978330 np0000193812 devstack@neutron-api.service[101881]: DEBUG neutron_lib.callbacks.manager [None req-151f00c3-1147-4c86-a278-da669be323ec None None] Subscribe: > router after_update 55550000, False {{(pid=101881) subscribe /opt/stack/data/venv/lib/python3.12/site-packages/neutron_lib/callbacks/manager.py:52}}
Sep 23 13:33:42.978439 np0000193812 devstack@neutron-api.service[101881]: DEBUG neutron.services.service_base [None req-151f00c3-1147-4c86-a278-da669be323ec None None] Loaded 'neutron.services.ovn_l3.service_providers.ovn.OvnDriver' provider for service L3_ROUTER_NAT {{(pid=101881) load_drivers /opt/stack/neutron/neutron/services/service_base.py:49}}
Sep 23 13:33:42.978549 np0000193812 devstack@neutron-api.service[101881]: DEBUG neutron_lib.callbacks.manager [None req-151f00c3-1147-4c86-a278-da669be323ec None None] Subscribe: > process after_init 55550001, True {{(pid=101881) subscribe /opt/stack/data/venv/lib/python3.12/site-packages/neutron_lib/callbacks/manager.py:52}}
Sep 23 13:33:42.978653 np0000193812 devstack@neutron-api.service[101881]: DEBUG neutron.manager [None req-151f00c3-1147-4c86-a278-da669be323ec None None] Successfully loaded L3_ROUTER_NAT plugin. Description: L3 Router Service Plugin for basic L3 forwarding using OVN {{(pid=101881) _create_and_add_service_plugin /opt/stack/neutron/neutron/manager.py:236}}
Sep 23 13:33:42.978653 np0000193812 devstack@neutron-api.service[101881]: INFO neutron.manager [None req-151f00c3-1147-4c86-a278-da669be323ec None None] Loading Plugin: auto_allocate
Sep 23 13:33:42.979625 np0000193812 devstack@neutron-api.service[101881]: DEBUG neutron_lib.callbacks.manager [None req-151f00c3-1147-4c86-a278-da669be323ec None None] Subscribe: network precommit_update 55550000, False {{(pid=101881) subscribe /opt/stack/data/venv/lib/python3.12/site-packages/neutron_lib/callbacks/manager.py:52}}
Sep 23 13:33:42.979752 np0000193812 devstack@neutron-api.service[101881]: DEBUG neutron_lib.callbacks.manager [None req-151f00c3-1147-4c86-a278-da669be323ec None None] Subscribe: network precommit_create 55550000, False {{(pid=101881) subscribe /opt/stack/data/venv/lib/python3.12/site-packages/neutron_lib/callbacks/manager.py:52}}
Sep 23 13:33:42.979930 np0000193812 devstack@neutron-api.service[101881]: DEBUG neutron.manager [None req-151f00c3-1147-4c86-a278-da669be323ec None None] Successfully loaded auto-allocated-topology plugin. Description: Auto Allocated Topology - aka get me a network. {{(pid=101881) _create_and_add_service_plugin /opt/stack/neutron/neutron/manager.py:236}}
Sep 23 13:33:42.980129 np0000193812 devstack@neutron-api.service[101881]: INFO neutron.manager [None req-151f00c3-1147-4c86-a278-da669be323ec None None] Loading Plugin: tag
Sep 23 13:33:42.983082 np0000193812 devstack@neutron-api.service[101881]: DEBUG neutron.manager [None req-151f00c3-1147-4c86-a278-da669be323ec None None] Successfully loaded TAG plugin. Description: Tag support {{(pid=101881) _create_and_add_service_plugin /opt/stack/neutron/neutron/manager.py:236}}
Sep 23 13:33:42.983082 np0000193812 devstack@neutron-api.service[101881]: INFO neutron.manager [None req-151f00c3-1147-4c86-a278-da669be323ec None None] Loading Plugin: timestamp
Sep 23 13:33:42.984108 np0000193812 devstack@neutron-api.service[101881]: DEBUG neutron.manager [None req-151f00c3-1147-4c86-a278-da669be323ec None None] Successfully loaded timestamp plugin. Description: Adds timestamps to Neutron resources with standard attributes {{(pid=101881) _create_and_add_service_plugin /opt/stack/neutron/neutron/manager.py:236}}
Sep 23 13:33:42.984108 np0000193812 devstack@neutron-api.service[101881]: INFO neutron.manager [None req-151f00c3-1147-4c86-a278-da669be323ec None None] Loading Plugin: network_ip_availability
Sep 23 13:33:42.985749 np0000193812 devstack@neutron-api.service[101881]: DEBUG neutron.manager [None req-151f00c3-1147-4c86-a278-da669be323ec None None] Successfully loaded network-ip-availability plugin. Description: Provides IP availability data for each network and subnet. {{(pid=101881) _create_and_add_service_plugin /opt/stack/neutron/neutron/manager.py:236}}
Sep 23 13:33:42.985749 np0000193812 devstack@neutron-api.service[101881]: INFO neutron.manager [None req-151f00c3-1147-4c86-a278-da669be323ec None None] Loading Plugin: flavors
Sep 23 13:33:42.986579 np0000193812 devstack@neutron-api.service[101881]: DEBUG neutron.manager [None req-151f00c3-1147-4c86-a278-da669be323ec None None] Successfully loaded FLAVORS plugin. Description: Neutron Flavors and Service Profiles manager plugin {{(pid=101881) _create_and_add_service_plugin /opt/stack/neutron/neutron/manager.py:236}}
Sep 23 13:33:42.986579 np0000193812 devstack@neutron-api.service[101881]: INFO neutron.manager [None req-151f00c3-1147-4c86-a278-da669be323ec None None] Loading Plugin: revisions
Sep 23 13:33:42.987580 np0000193812 devstack@neutron-api.service[101879]: DEBUG neutron_lib.callbacks.manager [None req-82e4b72e-d1ee-48b0-aa27-64b97891e4e5 None None] Subscribe: > router before_delete 55550000, False {{(pid=101879) subscribe /opt/stack/data/venv/lib/python3.12/site-packages/neutron_lib/callbacks/manager.py:52}}
Sep 23 13:33:42.987840 np0000193812 devstack@neutron-api.service[101881]: DEBUG neutron.manager [None req-151f00c3-1147-4c86-a278-da669be323ec None None] Successfully loaded revision_plugin plugin. Description: Adds revision numbers to resources. {{(pid=101881) _create_and_add_service_plugin /opt/stack/neutron/neutron/manager.py:236}}
Sep 23 13:33:42.987914 np0000193812 devstack@neutron-api.service[101879]: DEBUG neutron_lib.callbacks.manager [None req-82e4b72e-d1ee-48b0-aa27-64b97891e4e5 None None] Subscribe: port before_update 55550000, False {{(pid=101879) subscribe /opt/stack/data/venv/lib/python3.12/site-packages/neutron_lib/callbacks/manager.py:52}}
Sep 23 13:33:42.987968 np0000193812 devstack@neutron-api.service[101881]: DEBUG oslo_concurrency.lockutils [None req-151f00c3-1147-4c86-a278-da669be323ec None None] Lock "manager" "released" by "neutron.manager.NeutronManager._create_instance" :: held 5.312s {{(pid=101881) inner /opt/stack/data/venv/lib/python3.12/site-packages/oslo_concurrency/lockutils.py:544}}
Sep 23 13:33:42.988028 np0000193812 devstack@neutron-api.service[101879]: DEBUG neutron_lib.callbacks.manager [None req-82e4b72e-d1ee-48b0-aa27-64b97891e4e5 None None] Subscribe: port after_update 55550000, False {{(pid=101879) subscribe /opt/stack/data/venv/lib/python3.12/site-packages/neutron_lib/callbacks/manager.py:52}}
Sep 23 13:33:42.988028 np0000193812 devstack@neutron-api.service[101879]: DEBUG neutron_lib.callbacks.manager [None req-82e4b72e-d1ee-48b0-aa27-64b97891e4e5 None None] Subscribe: > port precommit_delete 55550000, False {{(pid=101879) subscribe /opt/stack/data/venv/lib/python3.12/site-packages/neutron_lib/callbacks/manager.py:52}}
Sep 23 13:33:42.988102 np0000193812 devstack@neutron-api.service[101881]: DEBUG neutron.api.extensions [None req-151f00c3-1147-4c86-a278-da669be323ec None None] get_extension_paths = OrderedDict({'/opt/stack/neutron/neutron/extensions': 1}) {{(pid=101881) get_extensions_path /opt/stack/neutron/neutron/api/extensions.py:640}}
Sep 23 13:33:42.988174 np0000193812 devstack@neutron-api.service[101879]: DEBUG neutron_lib.callbacks.manager [None req-82e4b72e-d1ee-48b0-aa27-64b97891e4e5 None None] Subscribe: port before_update 55550000, False {{(pid=101879) subscribe /opt/stack/data/venv/lib/python3.12/site-packages/neutron_lib/callbacks/manager.py:52}}
Sep 23 13:33:42.988230 np0000193812 devstack@neutron-api.service[101881]: INFO neutron.api.extensions [None req-151f00c3-1147-4c86-a278-da669be323ec None None] Initializing extension manager.
Sep 23 13:33:42.988402 np0000193812 devstack@neutron-api.service[101879]: DEBUG neutron_lib.callbacks.manager [None req-82e4b72e-d1ee-48b0-aa27-64b97891e4e5 None None] Subscribe: port before_delete 55550000, False {{(pid=101879) subscribe /opt/stack/data/venv/lib/python3.12/site-packages/neutron_lib/callbacks/manager.py:52}}
Sep 23 13:33:42.988402 np0000193812 devstack@neutron-api.service[101879]: DEBUG neutron_lib.callbacks.manager [None req-82e4b72e-d1ee-48b0-aa27-64b97891e4e5 None None] Subscribe: > router precommit_create 55550000, False {{(pid=101879) subscribe /opt/stack/data/venv/lib/python3.12/site-packages/neutron_lib/callbacks/manager.py:52}}
Sep 23 13:33:42.988534 np0000193812 devstack@neutron-api.service[101881]: DEBUG neutron.api.extensions [None req-151f00c3-1147-4c86-a278-da669be323ec None None] Loading extension file: __init__.py {{(pid=101881) _load_all_extensions_from_path /opt/stack/neutron/neutron/api/extensions.py:449}}
Sep 23 13:33:42.988592 np0000193812 devstack@neutron-api.service[101879]: DEBUG neutron_lib.callbacks.manager [None req-82e4b72e-d1ee-48b0-aa27-64b97891e4e5 None None] Subscribe: > router precommit_create 55550000, False {{(pid=101879) subscribe /opt/stack/data/venv/lib/python3.12/site-packages/neutron_lib/callbacks/manager.py:52}}
Sep 23 13:33:42.988644 np0000193812 devstack@neutron-api.service[101881]: DEBUG neutron.api.extensions [None req-151f00c3-1147-4c86-a278-da669be323ec None None] Loading extension file: __pycache__ {{(pid=101881) _load_all_extensions_from_path /opt/stack/neutron/neutron/api/extensions.py:449}}
Sep 23 13:33:42.988695 np0000193812 devstack@neutron-api.service[101879]: DEBUG neutron_lib.callbacks.manager [None req-82e4b72e-d1ee-48b0-aa27-64b97891e4e5 None None] Subscribe: > router precommit_update 55550000, False {{(pid=101879) subscribe /opt/stack/data/venv/lib/python3.12/site-packages/neutron_lib/callbacks/manager.py:52}}
Sep 23 13:33:42.988751 np0000193812 devstack@neutron-api.service[101881]: DEBUG neutron.api.extensions [None req-151f00c3-1147-4c86-a278-da669be323ec None None] Loading extension file: aap_reject_multicast.py {{(pid=101881) _load_all_extensions_from_path /opt/stack/neutron/neutron/api/extensions.py:449}}
Sep 23 13:33:42.988825 np0000193812 devstack@neutron-api.service[101879]: DEBUG neutron_lib.callbacks.manager [None req-82e4b72e-d1ee-48b0-aa27-64b97891e4e5 None None] Subscribe: subnet after_update 55550000, False {{(pid=101879) subscribe /opt/stack/data/venv/lib/python3.12/site-packages/neutron_lib/callbacks/manager.py:52}}
Sep 23 13:33:42.988825 np0000193812 devstack@neutron-api.service[101879]: DEBUG neutron.quota.resource_registry [None req-82e4b72e-d1ee-48b0-aa27-64b97891e4e5 None None] Tracking information for resource: router configured {{(pid=101879) set_tracked_resource /opt/stack/neutron/neutron/quota/resource_registry.py:203}}
Sep 23 13:33:42.988896 np0000193812 devstack@neutron-api.service[101881]: DEBUG neutron.api.extensions [None req-151f00c3-1147-4c86-a278-da669be323ec None None] Ext name="Allowed address pairs reject multicast extension" alias="aap-reject-multicast" description="Reject multicast addresses in Allowed Address Pairs" updated="2026-04-01T00:00:00-00:00" {{(pid=101881) _check_extension /opt/stack/neutron/neutron/api/extensions.py:415}}
Sep 23 13:33:42.988949 np0000193812 devstack@neutron-api.service[101879]: DEBUG neutron.quota.resource_registry [None req-82e4b72e-d1ee-48b0-aa27-64b97891e4e5 None None] Tracking information for resource: floatingip configured {{(pid=101879) set_tracked_resource /opt/stack/neutron/neutron/quota/resource_registry.py:203}}
Sep 23 13:33:42.988949 np0000193812 devstack@neutron-api.service[101879]: INFO neutron.services.ovn_l3.plugin [None req-82e4b72e-d1ee-48b0-aa27-64b97891e4e5 None None] Starting OVNL3RouterPlugin
Sep 23 13:33:42.989022 np0000193812 devstack@neutron-api.service[101881]: INFO neutron.api.extensions [None req-151f00c3-1147-4c86-a278-da669be323ec None None] Extension aap-reject-multicast not supported by any of loaded plugins
Sep 23 13:33:42.989022 np0000193812 devstack@neutron-api.service[101881]: DEBUG neutron.api.extensions [None req-151f00c3-1147-4c86-a278-da669be323ec None None] Loading extension file: address_group.py {{(pid=101881) _load_all_extensions_from_path /opt/stack/neutron/neutron/api/extensions.py:449}}
Sep 23 13:33:42.989093 np0000193812 devstack@neutron-api.service[101879]: DEBUG neutron_lib.callbacks.manager [None req-82e4b72e-d1ee-48b0-aa27-64b97891e4e5 None None] Subscribe: > port_forwarding_plugin after_init 55550000, False {{(pid=101879) subscribe /opt/stack/data/venv/lib/python3.12/site-packages/neutron_lib/callbacks/manager.py:52}}
Sep 23 13:33:42.989188 np0000193812 devstack@neutron-api.service[101879]: DEBUG neutron_lib.callbacks.manager [None req-82e4b72e-d1ee-48b0-aa27-64b97891e4e5 None None] Subscribe: > router before_create 55550100, False {{(pid=101879) subscribe /opt/stack/data/venv/lib/python3.12/site-packages/neutron_lib/callbacks/manager.py:52}}
Sep 23 13:33:42.989242 np0000193812 devstack@neutron-api.service[101881]: DEBUG neutron.api.extensions [None req-151f00c3-1147-4c86-a278-da669be323ec None None] Ext name="Address group" alias="address-group" description="Support address group" updated="2020-07-15T10:00:00-00:00" {{(pid=101881) _check_extension /opt/stack/neutron/neutron/api/extensions.py:415}}
Sep 23 13:33:42.989298 np0000193812 devstack@neutron-api.service[101879]: DEBUG neutron_lib.callbacks.manager [None req-82e4b72e-d1ee-48b0-aa27-64b97891e4e5 None None] Subscribe: > router precommit_delete 55550100, False {{(pid=101879) subscribe /opt/stack/data/venv/lib/python3.12/site-packages/neutron_lib/callbacks/manager.py:52}}
Sep 23 13:33:42.989378 np0000193812 devstack@neutron-api.service[101879]: DEBUG neutron_lib.callbacks.manager [None req-82e4b72e-d1ee-48b0-aa27-64b97891e4e5 None None] Subscribe: > router precommit_create 55550100, False {{(pid=101879) subscribe /opt/stack/data/venv/lib/python3.12/site-packages/neutron_lib/callbacks/manager.py:52}}
Sep 23 13:33:42.989429 np0000193812 devstack@neutron-api.service[101881]: INFO neutron.api.extensions [None req-151f00c3-1147-4c86-a278-da669be323ec None None] Loaded extension: address-group
Sep 23 13:33:42.989485 np0000193812 devstack@neutron-api.service[101879]: DEBUG neutron_lib.callbacks.manager [None req-82e4b72e-d1ee-48b0-aa27-64b97891e4e5 None None] Subscribe: > router precommit_update 55550100, False {{(pid=101879) subscribe /opt/stack/data/venv/lib/python3.12/site-packages/neutron_lib/callbacks/manager.py:52}}
Sep 23 13:33:42.989561 np0000193812 devstack@neutron-api.service[101881]: DEBUG neutron.api.extensions [None req-151f00c3-1147-4c86-a278-da669be323ec None None] Loading extension file: address_scope.py {{(pid=101881) _load_all_extensions_from_path /opt/stack/neutron/neutron/api/extensions.py:449}}
Sep 23 13:33:42.989875 np0000193812 devstack@neutron-api.service[101881]: DEBUG neutron.api.extensions [None req-151f00c3-1147-4c86-a278-da669be323ec None None] Ext name="Address scope" alias="address-scope" description="Address scopes extension." updated="2015-07-26T10:00:00-00:00" {{(pid=101881) _check_extension /opt/stack/neutron/neutron/api/extensions.py:415}}
Sep 23 13:33:42.989982 np0000193812 devstack@neutron-api.service[101881]: INFO neutron.api.extensions [None req-151f00c3-1147-4c86-a278-da669be323ec None None] Loaded extension: address-scope
Sep 23 13:33:42.990066 np0000193812 devstack@neutron-api.service[101881]: DEBUG neutron.api.extensions [None req-151f00c3-1147-4c86-a278-da669be323ec None None] Loading extension file: admin_state_down_before_update.py {{(pid=101881) _load_all_extensions_from_path /opt/stack/neutron/neutron/api/extensions.py:449}}
Sep 23 13:33:42.990892 np0000193812 devstack@neutron-api.service[101881]: DEBUG neutron.api.extensions [None req-151f00c3-1147-4c86-a278-da669be323ec None None] Ext name="Enforce Router's Admin State Down Before Update Extension" alias="router-admin-state-down-before-update" description="Ensure that the admin state of a router is DOWN (admin_state_up=False) before updating the distributed attribute" updated="2019-07-02T15:56:00" {{(pid=101881) _check_extension /opt/stack/neutron/neutron/api/extensions.py:415}}
Sep 23 13:33:42.990892 np0000193812 devstack@neutron-api.service[101881]: INFO neutron.api.extensions [None req-151f00c3-1147-4c86-a278-da669be323ec None None] Extension router-admin-state-down-before-update not supported by any of loaded plugins
Sep 23 13:33:42.990892 np0000193812 devstack@neutron-api.service[101881]: DEBUG neutron.api.extensions [None req-151f00c3-1147-4c86-a278-da669be323ec None None] Loading extension file: agent.py {{(pid=101881) _load_all_extensions_from_path /opt/stack/neutron/neutron/api/extensions.py:449}}
Sep 23 13:33:42.990892 np0000193812 devstack@neutron-api.service[101881]: DEBUG neutron.api.extensions [None req-151f00c3-1147-4c86-a278-da669be323ec None None] Ext name="agent" alias="agent" description="The agent management extension." updated="2013-02-03T10:00:00-00:00" {{(pid=101881) _check_extension /opt/stack/neutron/neutron/api/extensions.py:415}}
Sep 23 13:33:42.991167 np0000193812 devstack@neutron-api.service[101881]: INFO neutron.api.extensions [None req-151f00c3-1147-4c86-a278-da669be323ec None None] Loaded extension: agent
Sep 23 13:33:42.991167 np0000193812 devstack@neutron-api.service[101881]: DEBUG neutron.api.extensions [None req-151f00c3-1147-4c86-a278-da669be323ec None None] Loading extension file: agent_resources_synced.py {{(pid=101881) _load_all_extensions_from_path /opt/stack/neutron/neutron/api/extensions.py:449}}
Sep 23 13:33:42.991389 np0000193812 devstack@neutron-api.service[101881]: DEBUG neutron.api.extensions [None req-151f00c3-1147-4c86-a278-da669be323ec None None] Ext name="Agent's Resource View Synced to Placement" alias="agent-resources-synced" description="Stores success/failure of last sync to Placement" updated="2018-12-19T00:00:00-00:00" {{(pid=101881) _check_extension /opt/stack/neutron/neutron/api/extensions.py:415}}
Sep 23 13:33:42.991552 np0000193812 devstack@neutron-api.service[101881]: INFO neutron.api.extensions [None req-151f00c3-1147-4c86-a278-da669be323ec None None] Extension agent-resources-synced not supported by any of loaded plugins
Sep 23 13:33:42.991552 np0000193812 devstack@neutron-api.service[101881]: DEBUG neutron.api.extensions [None req-151f00c3-1147-4c86-a278-da669be323ec None None] Loading extension file: agent_sort_key.py {{(pid=101881) _load_all_extensions_from_path /opt/stack/neutron/neutron/api/extensions.py:449}}
Sep 23 13:33:42.991901 np0000193812 devstack@neutron-api.service[101881]: DEBUG neutron.api.extensions [None req-151f00c3-1147-4c86-a278-da669be323ec None None] Ext name="Agents Sort Key" alias="agent_sort_key" description="Enabling the keyword sort_key for sorting in agents." updated="2013-02-03T10:00:00-00:00" {{(pid=101881) _check_extension /opt/stack/neutron/neutron/api/extensions.py:415}}
Sep 23 13:33:42.992064 np0000193812 devstack@neutron-api.service[101881]: INFO neutron.api.extensions [None req-151f00c3-1147-4c86-a278-da669be323ec None None] Extension agent_sort_key not supported by any of loaded plugins
Sep 23 13:33:42.992064 np0000193812 devstack@neutron-api.service[101881]: DEBUG neutron.api.extensions [None req-151f00c3-1147-4c86-a278-da669be323ec None None] Loading extension file: allowedaddresspairs.py {{(pid=101881) _load_all_extensions_from_path /opt/stack/neutron/neutron/api/extensions.py:449}}
Sep 23 13:33:42.992711 np0000193812 devstack@neutron-api.service[101881]: DEBUG neutron.api.extensions [None req-151f00c3-1147-4c86-a278-da669be323ec None None] Ext name="Allowed Address Pairs" alias="allowed-address-pairs" description="Provides allowed address pairs" updated="2013-07-23T10:00:00-00:00" {{(pid=101881) _check_extension /opt/stack/neutron/neutron/api/extensions.py:415}}
Sep 23 13:33:42.992941 np0000193812 devstack@neutron-api.service[101881]: INFO neutron.api.extensions [None req-151f00c3-1147-4c86-a278-da669be323ec None None] Loaded extension: allowed-address-pairs
Sep 23 13:33:42.992941 np0000193812 devstack@neutron-api.service[101881]: DEBUG neutron.api.extensions [None req-151f00c3-1147-4c86-a278-da669be323ec None None] Loading extension file: auto_allocated_topology.py {{(pid=101881) _load_all_extensions_from_path /opt/stack/neutron/neutron/api/extensions.py:449}}
Sep 23 13:33:42.993267 np0000193812 devstack@neutron-api.service[101881]: DEBUG neutron.api.extensions [None req-151f00c3-1147-4c86-a278-da669be323ec None None] Ext name="Auto Allocated Topology Services" alias="auto-allocated-topology" description="Auto Allocated Topology Services." updated="2016-01-01T00:00:00-00:00" {{(pid=101881) _check_extension /opt/stack/neutron/neutron/api/extensions.py:415}}
Sep 23 13:33:42.993425 np0000193812 devstack@neutron-api.service[101879]: DEBUG neutron.services.provider_configuration [None req-82e4b72e-d1ee-48b0-aa27-64b97891e4e5 None None] Service providers = [] {{(pid=101879) parse_service_provider_opt /opt/stack/neutron/neutron/services/provider_configuration.py:170}}
Sep 23 13:33:42.993530 np0000193812 devstack@neutron-api.service[101881]: INFO neutron.api.extensions [None req-151f00c3-1147-4c86-a278-da669be323ec None None] Loaded extension: auto-allocated-topology
Sep 23 13:33:42.993691 np0000193812 devstack@neutron-api.service[101879]: DEBUG neutron.db.servicetype_db [None req-82e4b72e-d1ee-48b0-aa27-64b97891e4e5 None None] Adding provider configuration for service L3_ROUTER_NAT {{(pid=101879) add_provider_configuration /opt/stack/neutron/neutron/db/servicetype_db.py:45}}
Sep 23 13:33:42.993806 np0000193812 devstack@neutron-api.service[101881]: DEBUG neutron.api.extensions [None req-151f00c3-1147-4c86-a278-da669be323ec None None] Loading extension file: availability_zone.py {{(pid=101881) _load_all_extensions_from_path /opt/stack/neutron/neutron/api/extensions.py:449}}
Sep 23 13:33:42.993806 np0000193812 devstack@neutron-api.service[101881]: DEBUG neutron.api.extensions [None req-151f00c3-1147-4c86-a278-da669be323ec None None] Ext name="Availability Zone" alias="availability_zone" description="The availability zone extension." updated="2015-01-01T10:00:00-00:00" {{(pid=101881) _check_extension /opt/stack/neutron/neutron/api/extensions.py:415}}
Sep 23 13:33:42.994021 np0000193812 devstack@neutron-api.service[101881]: INFO neutron.api.extensions [None req-151f00c3-1147-4c86-a278-da669be323ec None None] Loaded extension: availability_zone
Sep 23 13:33:42.994197 np0000193812 devstack@neutron-api.service[101881]: DEBUG neutron.api.extensions [None req-151f00c3-1147-4c86-a278-da669be323ec None None] Loading extension file: availability_zone_filter.py {{(pid=101881) _load_all_extensions_from_path /opt/stack/neutron/neutron/api/extensions.py:449}}
Sep 23 13:33:42.994369 np0000193812 devstack@neutron-api.service[101881]: DEBUG neutron.api.extensions [None req-151f00c3-1147-4c86-a278-da669be323ec None None] Ext name="Availability Zone Filter Extension" alias="availability_zone_filter" description="Add filter parameters to AvailabilityZone resource" updated="2018-06-22T10:00:00-00:00" {{(pid=101881) _check_extension /opt/stack/neutron/neutron/api/extensions.py:415}}
Sep 23 13:33:42.994508 np0000193812 devstack@neutron-api.service[101881]: INFO neutron.api.extensions [None req-151f00c3-1147-4c86-a278-da669be323ec None None] Extension availability_zone_filter not supported by any of loaded plugins
Sep 23 13:33:42.994508 np0000193812 devstack@neutron-api.service[101881]: DEBUG neutron.api.extensions [None req-151f00c3-1147-4c86-a278-da669be323ec None None] Loading extension file: data_plane_status.py {{(pid=101881) _load_all_extensions_from_path /opt/stack/neutron/neutron/api/extensions.py:449}}
Sep 23 13:33:42.994586 np0000193812 devstack@neutron-api.service[101879]: DEBUG neutron_lib.callbacks.manager [None req-82e4b72e-d1ee-48b0-aa27-64b97891e4e5 None None] Subscribe: > router precommit_create 55549900, False {{(pid=101879) subscribe /opt/stack/data/venv/lib/python3.12/site-packages/neutron_lib/callbacks/manager.py:52}}
Sep 23 13:33:42.994681 np0000193812 devstack@neutron-api.service[101879]: DEBUG neutron_lib.callbacks.manager [None req-82e4b72e-d1ee-48b0-aa27-64b97891e4e5 None None] Subscribe: > router_interface after_create 55550000, False {{(pid=101879) subscribe /opt/stack/data/venv/lib/python3.12/site-packages/neutron_lib/callbacks/manager.py:52}}
Sep 23 13:33:42.994767 np0000193812 devstack@neutron-api.service[101881]: DEBUG neutron.api.extensions [None req-151f00c3-1147-4c86-a278-da669be323ec None None] Ext name="Port data plane status extension" alias="data-plane-status" description="Expose status of underlying data plane" updated="2017-01-24T10:00:00-00:00" {{(pid=101881) _check_extension /opt/stack/neutron/neutron/api/extensions.py:415}}
Sep 23 13:33:42.994828 np0000193812 devstack@neutron-api.service[101879]: DEBUG neutron_lib.callbacks.manager [None req-82e4b72e-d1ee-48b0-aa27-64b97891e4e5 None None] Subscribe: > floatingip after_create 55550000, False {{(pid=101879) subscribe /opt/stack/data/venv/lib/python3.12/site-packages/neutron_lib/callbacks/manager.py:52}}
Sep 23 13:33:42.994879 np0000193812 devstack@neutron-api.service[101879]: DEBUG neutron_lib.callbacks.manager [None req-82e4b72e-d1ee-48b0-aa27-64b97891e4e5 None None] Subscribe: > floatingip precommit_create 55550000, False {{(pid=101879) subscribe /opt/stack/data/venv/lib/python3.12/site-packages/neutron_lib/callbacks/manager.py:52}}
Sep 23 13:33:42.994958 np0000193812 devstack@neutron-api.service[101881]: INFO neutron.api.extensions [None req-151f00c3-1147-4c86-a278-da669be323ec None None] Extension data-plane-status not supported by any of loaded plugins
Sep 23 13:33:42.995010 np0000193812 devstack@neutron-api.service[101879]: DEBUG neutron_lib.callbacks.manager [None req-82e4b72e-d1ee-48b0-aa27-64b97891e4e5 None None] Subscribe: > floatingip precommit_update 55550000, False {{(pid=101879) subscribe /opt/stack/data/venv/lib/python3.12/site-packages/neutron_lib/callbacks/manager.py:52}}
Sep 23 13:33:42.995086 np0000193812 devstack@neutron-api.service[101881]: DEBUG neutron.api.extensions [None req-151f00c3-1147-4c86-a278-da669be323ec None None] Loading extension file: default_subnetpools.py {{(pid=101881) _load_all_extensions_from_path /opt/stack/neutron/neutron/api/extensions.py:449}}
Sep 23 13:33:42.995326 np0000193812 devstack@neutron-api.service[101879]: DEBUG neutron_lib.callbacks.manager [None req-82e4b72e-d1ee-48b0-aa27-64b97891e4e5 None None] Subscribe: > floatingip after_delete 55550000, False {{(pid=101879) subscribe /opt/stack/data/venv/lib/python3.12/site-packages/neutron_lib/callbacks/manager.py:52}}
Sep 23 13:33:42.995326 np0000193812 devstack@neutron-api.service[101879]: DEBUG neutron_lib.callbacks.manager [None req-82e4b72e-d1ee-48b0-aa27-64b97891e4e5 None None] Subscribe: > floatingip after_status_update 55550000, False {{(pid=101879) subscribe /opt/stack/data/venv/lib/python3.12/site-packages/neutron_lib/callbacks/manager.py:52}}
Sep 23 13:33:42.995549 np0000193812 devstack@neutron-api.service[101881]: DEBUG neutron.api.extensions [None req-151f00c3-1147-4c86-a278-da669be323ec None None] Ext name="Default Subnetpools" alias="default-subnetpools" description="Provides ability to mark and use a subnetpool as the default." updated="2016-02-18T18:00:00-00:00" {{(pid=101881) _check_extension /opt/stack/neutron/neutron/api/extensions.py:415}}
Sep 23 13:33:42.995655 np0000193812 devstack@neutron-api.service[101879]: DEBUG neutron_lib.callbacks.manager [None req-82e4b72e-d1ee-48b0-aa27-64b97891e4e5 None None] Subscribe: > floatingip after_update 55550000, False {{(pid=101879) subscribe /opt/stack/data/venv/lib/python3.12/site-packages/neutron_lib/callbacks/manager.py:52}}
Sep 23 13:33:42.995843 np0000193812 devstack@neutron-api.service[101881]: INFO neutron.api.extensions [None req-151f00c3-1147-4c86-a278-da669be323ec None None] Loaded extension: default-subnetpools
Sep 23 13:33:42.995951 np0000193812 devstack@neutron-api.service[101879]: DEBUG neutron_lib.callbacks.manager [None req-82e4b72e-d1ee-48b0-aa27-64b97891e4e5 None None] Subscribe: > port_forwarding after_create 55550000, False {{(pid=101879) subscribe /opt/stack/data/venv/lib/python3.12/site-packages/neutron_lib/callbacks/manager.py:52}}
Sep 23 13:33:42.996058 np0000193812 devstack@neutron-api.service[101881]: DEBUG neutron.api.extensions [None req-151f00c3-1147-4c86-a278-da669be323ec None None] Loading extension file: dhcpagentscheduler.py {{(pid=101881) _load_all_extensions_from_path /opt/stack/neutron/neutron/api/extensions.py:449}}
Sep 23 13:33:42.996181 np0000193812 devstack@neutron-api.service[101879]: DEBUG neutron_lib.callbacks.manager [None req-82e4b72e-d1ee-48b0-aa27-64b97891e4e5 None None] Subscribe: > router_interface after_delete 55550000, False {{(pid=101879) subscribe /opt/stack/data/venv/lib/python3.12/site-packages/neutron_lib/callbacks/manager.py:52}}
Sep 23 13:33:42.996181 np0000193812 devstack@neutron-api.service[101879]: DEBUG neutron_lib.callbacks.manager [None req-82e4b72e-d1ee-48b0-aa27-64b97891e4e5 None None] Subscribe: > router after_create 55550000, False {{(pid=101879) subscribe /opt/stack/data/venv/lib/python3.12/site-packages/neutron_lib/callbacks/manager.py:52}}
Sep 23 13:33:42.996181 np0000193812 devstack@neutron-api.service[101879]: DEBUG neutron_lib.callbacks.manager [None req-82e4b72e-d1ee-48b0-aa27-64b97891e4e5 None None] Subscribe: > router precommit_create 55550000, False {{(pid=101879) subscribe /opt/stack/data/venv/lib/python3.12/site-packages/neutron_lib/callbacks/manager.py:52}}
Sep 23 13:33:42.996181 np0000193812 devstack@neutron-api.service[101879]: DEBUG neutron_lib.callbacks.manager [None req-82e4b72e-d1ee-48b0-aa27-64b97891e4e5 None None] Subscribe: > router after_delete 55550000, False {{(pid=101879) subscribe /opt/stack/data/venv/lib/python3.12/site-packages/neutron_lib/callbacks/manager.py:52}}
Sep 23 13:33:42.996489 np0000193812 devstack@neutron-api.service[101881]: DEBUG neutron.api.extensions [None req-151f00c3-1147-4c86-a278-da669be323ec None None] Ext name="DHCP Agent Scheduler" alias="dhcp_agent_scheduler" description="Schedule networks among dhcp agents" updated="2013-02-07T10:00:00-00:00" {{(pid=101881) _check_extension /opt/stack/neutron/neutron/api/extensions.py:415}}
Sep 23 13:33:42.996581 np0000193812 devstack@neutron-api.service[101879]: DEBUG neutron_lib.callbacks.manager [None req-82e4b72e-d1ee-48b0-aa27-64b97891e4e5 None None] Subscribe: > router after_update 55550000, False {{(pid=101879) subscribe /opt/stack/data/venv/lib/python3.12/site-packages/neutron_lib/callbacks/manager.py:52}}
Sep 23 13:33:42.996635 np0000193812 devstack@neutron-api.service[101881]: INFO neutron.api.extensions [None req-151f00c3-1147-4c86-a278-da669be323ec None None] Loaded extension: dhcp_agent_scheduler
Sep 23 13:33:42.996684 np0000193812 devstack@neutron-api.service[101879]: DEBUG neutron.services.service_base [None req-82e4b72e-d1ee-48b0-aa27-64b97891e4e5 None None] Loaded 'neutron.services.ovn_l3.service_providers.ovn.OvnDriver' provider for service L3_ROUTER_NAT {{(pid=101879) load_drivers /opt/stack/neutron/neutron/services/service_base.py:49}}
Sep 23 13:33:42.996751 np0000193812 devstack@neutron-api.service[101881]: DEBUG neutron.api.extensions [None req-151f00c3-1147-4c86-a278-da669be323ec None None] Loading extension file: dns.py {{(pid=101881) _load_all_extensions_from_path /opt/stack/neutron/neutron/api/extensions.py:449}}
Sep 23 13:33:42.996818 np0000193812 devstack@neutron-api.service[101879]: DEBUG neutron_lib.callbacks.manager [None req-82e4b72e-d1ee-48b0-aa27-64b97891e4e5 None None] Subscribe: > process after_init 55550001, True {{(pid=101879) subscribe /opt/stack/data/venv/lib/python3.12/site-packages/neutron_lib/callbacks/manager.py:52}}
Sep 23 13:33:42.996866 np0000193812 devstack@neutron-api.service[101881]: DEBUG neutron.api.extensions [None req-151f00c3-1147-4c86-a278-da669be323ec None None] Ext name="DNS Integration" alias="dns-integration" description="Provides integration with DNS." updated="2015-08-15T18:00:00-00:00" {{(pid=101881) _check_extension /opt/stack/neutron/neutron/api/extensions.py:415}}
Sep 23 13:33:42.996915 np0000193812 devstack@neutron-api.service[101879]: DEBUG neutron.manager [None req-82e4b72e-d1ee-48b0-aa27-64b97891e4e5 None None] Successfully loaded L3_ROUTER_NAT plugin. Description: L3 Router Service Plugin for basic L3 forwarding using OVN {{(pid=101879) _create_and_add_service_plugin /opt/stack/neutron/neutron/manager.py:236}}
Sep 23 13:33:42.996915 np0000193812 devstack@neutron-api.service[101879]: INFO neutron.manager [None req-82e4b72e-d1ee-48b0-aa27-64b97891e4e5 None None] Loading Plugin: auto_allocate
Sep 23 13:33:42.997007 np0000193812 devstack@neutron-api.service[101881]: INFO neutron.api.extensions [None req-151f00c3-1147-4c86-a278-da669be323ec None None] Loaded extension: dns-integration
Sep 23 13:33:42.997007 np0000193812 devstack@neutron-api.service[101881]: DEBUG neutron.api.extensions [None req-151f00c3-1147-4c86-a278-da669be323ec None None] Loading extension file: dns_domain_ports.py {{(pid=101881) _load_all_extensions_from_path /opt/stack/neutron/neutron/api/extensions.py:449}}
Sep 23 13:33:42.997007 np0000193812 devstack@neutron-api.service[101881]: DEBUG neutron.api.extensions [None req-151f00c3-1147-4c86-a278-da669be323ec None None] Ext name="dns_domain for ports" alias="dns-domain-ports" description="Allows the DNS domain to be specified for a network port." updated="2017-04-24T10:00:00-00:00" {{(pid=101881) _check_extension /opt/stack/neutron/neutron/api/extensions.py:415}}
Sep 23 13:33:42.997007 np0000193812 devstack@neutron-api.service[101881]: INFO neutron.api.extensions [None req-151f00c3-1147-4c86-a278-da669be323ec None None] Loaded extension: dns-domain-ports
Sep 23 13:33:42.997007 np0000193812 devstack@neutron-api.service[101881]: DEBUG neutron.api.extensions [None req-151f00c3-1147-4c86-a278-da669be323ec None None] Loading extension file: dns_integration_domain_keywords.py {{(pid=101881) _load_all_extensions_from_path /opt/stack/neutron/neutron/api/extensions.py:449}}
Sep 23 13:33:42.997253 np0000193812 devstack@neutron-api.service[101881]: DEBUG neutron.api.extensions [None req-151f00c3-1147-4c86-a278-da669be323ec None None] Ext name="DNS domain names with keywords allowed" alias="dns-integration-domain-keywords" description="Allows to use keywords like , , and as DNS domain name" updated="2020-06-15T18:00:00-00:00" {{(pid=101881) _check_extension /opt/stack/neutron/neutron/api/extensions.py:415}}
Sep 23 13:33:42.997399 np0000193812 devstack@neutron-api.service[101879]: DEBUG neutron_lib.callbacks.manager [None req-82e4b72e-d1ee-48b0-aa27-64b97891e4e5 None None] Subscribe: network precommit_update 55550000, False {{(pid=101879) subscribe /opt/stack/data/venv/lib/python3.12/site-packages/neutron_lib/callbacks/manager.py:52}}
Sep 23 13:33:42.997489 np0000193812 devstack@neutron-api.service[101881]: INFO neutron.api.extensions [None req-151f00c3-1147-4c86-a278-da669be323ec None None] Loaded extension: dns-integration-domain-keywords
Sep 23 13:33:42.997489 np0000193812 devstack@neutron-api.service[101881]: DEBUG neutron.api.extensions [None req-151f00c3-1147-4c86-a278-da669be323ec None None] Loading extension file: dvr.py {{(pid=101881) _load_all_extensions_from_path /opt/stack/neutron/neutron/api/extensions.py:449}}
Sep 23 13:33:42.997618 np0000193812 devstack@neutron-api.service[101879]: DEBUG neutron_lib.callbacks.manager [None req-82e4b72e-d1ee-48b0-aa27-64b97891e4e5 None None] Subscribe: network precommit_create 55550000, False {{(pid=101879) subscribe /opt/stack/data/venv/lib/python3.12/site-packages/neutron_lib/callbacks/manager.py:52}}
Sep 23 13:33:42.997702 np0000193812 devstack@neutron-api.service[101879]: DEBUG neutron.manager [None req-82e4b72e-d1ee-48b0-aa27-64b97891e4e5 None None] Successfully loaded auto-allocated-topology plugin. Description: Auto Allocated Topology - aka get me a network. {{(pid=101879) _create_and_add_service_plugin /opt/stack/neutron/neutron/manager.py:236}}
Sep 23 13:33:42.997833 np0000193812 devstack@neutron-api.service[101881]: DEBUG neutron.api.extensions [None req-151f00c3-1147-4c86-a278-da669be323ec None None] Ext name="Distributed Virtual Router" alias="dvr" description="Enables configuration of Distributed Virtual Routers." updated="2014-06-1T10:00:00-00:00" {{(pid=101881) _check_extension /opt/stack/neutron/neutron/api/extensions.py:415}}
Sep 23 13:33:42.997890 np0000193812 devstack@neutron-api.service[101879]: INFO neutron.manager [None req-82e4b72e-d1ee-48b0-aa27-64b97891e4e5 None None] Loading Plugin: tag
Sep 23 13:33:42.997944 np0000193812 devstack@neutron-api.service[101881]: INFO neutron.api.extensions [None req-151f00c3-1147-4c86-a278-da669be323ec None None] Extension dvr not supported by any of loaded plugins
Sep 23 13:33:42.997944 np0000193812 devstack@neutron-api.service[101881]: DEBUG neutron.api.extensions [None req-151f00c3-1147-4c86-a278-da669be323ec None None] Loading extension file: ecmp_routes.py {{(pid=101881) _load_all_extensions_from_path /opt/stack/neutron/neutron/api/extensions.py:449}}
Sep 23 13:33:42.998183 np0000193812 devstack@neutron-api.service[101881]: DEBUG neutron.api.extensions [None req-151f00c3-1147-4c86-a278-da669be323ec None None] Ext name="Equal Cost Multipath Routing" alias="ecmp_routes" description="Allows traffic to reach thesame destination via multiple different links " updated="2020-11-26T18:00:00-00:00" {{(pid=101881) _check_extension /opt/stack/neutron/neutron/api/extensions.py:415}}
Sep 23 13:33:42.998362 np0000193812 devstack@neutron-api.service[101881]: INFO neutron.api.extensions [None req-151f00c3-1147-4c86-a278-da669be323ec None None] Extension ecmp_routes not supported by any of loaded plugins
Sep 23 13:33:42.998499 np0000193812 devstack@neutron-api.service[101881]: DEBUG neutron.api.extensions [None req-151f00c3-1147-4c86-a278-da669be323ec None None] Loading extension file: empty_string_filtering.py {{(pid=101881) _load_all_extensions_from_path /opt/stack/neutron/neutron/api/extensions.py:449}}
Sep 23 13:33:42.998645 np0000193812 devstack@neutron-api.service[101881]: DEBUG neutron.api.extensions [None req-151f00c3-1147-4c86-a278-da669be323ec None None] Ext name="Empty String Filtering Extension" alias="empty-string-filtering" description="Allow filtering by attributes with empty string value" updated="2018-05-01T10:00:00-00:00" {{(pid=101881) _check_extension /opt/stack/neutron/neutron/api/extensions.py:415}}
Sep 23 13:33:42.998828 np0000193812 devstack@neutron-api.service[101881]: INFO neutron.api.extensions [None req-151f00c3-1147-4c86-a278-da669be323ec None None] Loaded extension: empty-string-filtering
Sep 23 13:33:42.998885 np0000193812 devstack@neutron-api.service[101881]: DEBUG neutron.api.extensions [None req-151f00c3-1147-4c86-a278-da669be323ec None None] Loading extension file: evpn.py {{(pid=101881) _load_all_extensions_from_path /opt/stack/neutron/neutron/api/extensions.py:449}}
Sep 23 13:33:42.999786 np0000193812 devstack@neutron-api.service[101881]: DEBUG neutron.api.extensions [None req-151f00c3-1147-4c86-a278-da669be323ec None None] Ext name="EVPN" alias="evpn" description="Router extension to support EVPN Type-5 route advertisement" updated="2026-04-28T00:00:00-00:00" {{(pid=101881) _check_extension /opt/stack/neutron/neutron/api/extensions.py:415}}
Sep 23 13:33:42.999786 np0000193812 devstack@neutron-api.service[101881]: INFO neutron.api.extensions [None req-151f00c3-1147-4c86-a278-da669be323ec None None] Extension evpn not supported by any of loaded plugins
Sep 23 13:33:42.999786 np0000193812 devstack@neutron-api.service[101881]: DEBUG neutron.api.extensions [None req-151f00c3-1147-4c86-a278-da669be323ec None None] Loading extension file: expose_l3_conntrack_helper.py {{(pid=101881) _load_all_extensions_from_path /opt/stack/neutron/neutron/api/extensions.py:449}}
