2026-07-14 18:42:11.740 8 INFO placement.requestlog [None req-dcfde86c-dedf-4675-ab57-505b1772dea7 - - - - - -] 10.0.0.183 "GET /" status: 200 len: 136 microversion: 1.0
2026-07-14 18:42:11.740 7 INFO placement.requestlog [None req-51831706-7d02-42b0-afa1-f94ed54901f6 - - - - - -] 10.0.0.183 "GET /" status: 200 len: 136 microversion: 1.0
2026-07-14 18:42:21.740 8 INFO placement.requestlog [None req-d956bcfd-ed1a-47f5-bfca-d863660d95dc - - - - - -] 10.0.0.183 "GET /" status: 200 len: 136 microversion: 1.0
2026-07-14 18:42:21.740 7 INFO placement.requestlog [None req-d2e0f1e2-925d-4ea3-ae0b-2e9a3293a01d - - - - - -] 10.0.0.183 "GET /" status: 200 len: 136 microversion: 1.0
2026-07-14 18:42:31.740 7 INFO placement.requestlog [None req-035b722f-6dd8-4665-984a-3da2ba9c6417 - - - - - -] 10.0.0.183 "GET /" status: 200 len: 136 microversion: 1.0
2026-07-14 18:42:31.740 8 INFO placement.requestlog [None req-322e9b42-637e-4e0b-a063-bd67b8dfdb48 - - - - - -] 10.0.0.183 "GET /" status: 200 len: 136 microversion: 1.0
2026-07-14 18:42:36.005 7 INFO placement.requestlog [req-f080f0e7-e0bb-4a99-896a-32cbfc26c65e req-4aab33fb-efe7-46f0-906a-ff7ab47c651f 1623d4c0f3c14414a298c352d98bdb5f 6ac8087fe6b2430bb1593861b128c16b - - c6f06777e3464adab0a1555a6d76545d c6f06777e3464adab0a1555a6d76545d] 199.204.45.242 "GET /resource_providers/628669fd-dac8-4c18-8fcc-2b70b31d664f/allocations" status: 200 len: 54 microversion: 1.0 [pid: 7|app: 0|req: 295/590] 199.204.45.242 () {32 vars in 857 bytes} [Tue Jul 14 18:42:35 2026] GET /resource_providers/628669fd-dac8-4c18-8fcc-2b70b31d664f/allocations => generated 54 bytes in 11 msecs (HTTP/1.1 200) 6 headers in 223 bytes (1 switches on core 0)
2026-07-14 18:42:36.033 8 INFO placement.requestlog [req-f080f0e7-e0bb-4a99-896a-32cbfc26c65e req-96659b4e-16a4-4f36-ba85-96df3d358294 1623d4c0f3c14414a298c352d98bdb5f 6ac8087fe6b2430bb1593861b128c16b - - c6f06777e3464adab0a1555a6d76545d c6f06777e3464adab0a1555a6d76545d] 199.204.45.242 "GET /resource_providers/628669fd-dac8-4c18-8fcc-2b70b31d664f/allocations" status: 200 len: 54 microversion: 1.0 [pid: 8|app: 0|req: 296/591] 199.204.45.242 () {32 vars in 857 bytes} [Tue Jul 14 18:42:36 2026] GET /resource_providers/628669fd-dac8-4c18-8fcc-2b70b31d664f/allocations => generated 54 bytes in 14 msecs (HTTP/1.1 200) 6 headers in 223 bytes (1 switches on core 0)
2026-07-14 18:42:41.739 7 INFO placement.requestlog [None req-5438f25e-d602-4fa5-a18d-e9881a63eec3 - - - - - -] 10.0.0.183 "GET /" status: 200 len: 136 microversion: 1.0
2026-07-14 18:42:41.740 8 INFO placement.requestlog [None req-47a5a641-5712-4003-b794-acd759ea33b6 - - - - - -] 10.0.0.183 "GET /" status: 200 len: 136 microversion: 1.0
2026-07-14 18:42:51.740 7 INFO placement.requestlog [None req-2b19bb02-c756-4699-a2d9-7cc84f47267c - - - - - -] 10.0.0.183 "GET /" status: 200 len: 136 microversion: 1.0
2026-07-14 18:42:51.740 8 INFO placement.requestlog [None req-859cf917-97a7-4d80-9c8f-2ae711a44e62 - - - - - -] 10.0.0.183 "GET /" status: 200 len: 136 microversion: 1.0
2026-07-14 18:43:01.740 7 INFO placement.requestlog [None req-e7e4cd68-400e-4f58-9410-8a5353fa878c - - - - - -] 10.0.0.183 "GET /" status: 200 len: 136 microversion: 1.0
2026-07-14 18:43:01.741 8 INFO placement.requestlog [None req-7583f75c-9997-412c-8ace-6c4f8f076e0f - - - - - -] 10.0.0.183 "GET /" status: 200 len: 136 microversion: 1.0
2026-07-14 18:43:11.740 7 INFO placement.requestlog [None req-990e4e2c-68c2-4663-82fd-537f786b1e96 - - - - - -] 10.0.0.183 "GET /" status: 200 len: 136 microversion: 1.0
2026-07-14 18:43:11.740 8 INFO placement.requestlog [None req-5c6abbc0-c8d0-4ae0-8222-f3cf0403ac9d - - - - - -] 10.0.0.183 "GET /" status: 200 len: 136 microversion: 1.0
2026-07-14 18:43:21.740 7 INFO placement.requestlog [None req-eb044263-059f-4403-85e7-135d6b5159e3 - - - - - -] 10.0.0.183 "GET /" status: 200 len: 136 microversion: 1.0
2026-07-14 18:43:21.740 8 INFO placement.requestlog [None req-a40ca610-6d40-4fa9-b0d4-c659e7a35b5a - - - - - -] 10.0.0.183 "GET /" status: 200 len: 136 microversion: 1.0
2026-07-14 18:43:31.740 7 INFO placement.requestlog [None req-5aa0fb00-0f84-4f41-8d35-35b64ea3e9f3 - - - - - -] 10.0.0.183 "GET /" status: 200 len: 136 microversion: 1.0
2026-07-14 18:43:31.741 8 INFO placement.requestlog [None req-98365387-e54c-4a53-938d-b5786e9e0fb3 - - - - - -] 10.0.0.183 "GET /" status: 200 len: 136 microversion: 1.0
2026-07-14 18:43:37.999 7 INFO placement.requestlog [req-962846bc-0e89-458e-acf1-d8cd68bcfce2 req-b964ceba-9342-49ce-8a2d-f006004e0a1d 1623d4c0f3c14414a298c352d98bdb5f 6ac8087fe6b2430bb1593861b128c16b - - c6f06777e3464adab0a1555a6d76545d c6f06777e3464adab0a1555a6d76545d] 199.204.45.242 "GET /resource_providers/628669fd-dac8-4c18-8fcc-2b70b31d664f/allocations" status: 200 len: 54 microversion: 1.0 [pid: 7|app: 0|req: 302/604] 199.204.45.242 () {32 vars in 857 bytes} [Tue Jul 14 18:43:37 2026] GET /resource_providers/628669fd-dac8-4c18-8fcc-2b70b31d664f/allocations => generated 54 bytes in 137 msecs (HTTP/1.1 200) 6 headers in 223 bytes (1 switches on core 0)
2026-07-14 18:43:38.031 8 INFO placement.requestlog [req-962846bc-0e89-458e-acf1-d8cd68bcfce2 req-63548d80-7930-44c7-96f5-cddfa35ab740 1623d4c0f3c14414a298c352d98bdb5f 6ac8087fe6b2430bb1593861b128c16b - - c6f06777e3464adab0a1555a6d76545d c6f06777e3464adab0a1555a6d76545d] 199.204.45.242 "GET /resource_providers?in_tree=628669fd-dac8-4c18-8fcc-2b70b31d664f" status: 200 len: 797 microversion: 1.14 [pid: 8|app: 0|req: 303/605] 199.204.45.242 () {34 vars in 892 bytes} [Tue Jul 14 18:43:38 2026] GET /resource_providers?in_tree=628669fd-dac8-4c18-8fcc-2b70b31d664f => generated 797 bytes in 25 msecs (HTTP/1.1 200) 6 headers in 225 bytes (1 switches on core 0)
2026-07-14 18:43:38.075 7 INFO placement.requestlog [req-962846bc-0e89-458e-acf1-d8cd68bcfce2 req-5573517d-a140-4f69-b825-33368f141a6d 1623d4c0f3c14414a298c352d98bdb5f 6ac8087fe6b2430bb1593861b128c16b - - c6f06777e3464adab0a1555a6d76545d c6f06777e3464adab0a1555a6d76545d] 199.204.45.242 "GET /resource_providers/628669fd-dac8-4c18-8fcc-2b70b31d664f/inventories" status: 200 len: 400 microversion: 1.0 [pid: 7|app: 0|req: 303/606] 199.204.45.242 () {32 vars in 857 bytes} [Tue Jul 14 18:43:38 2026] GET /resource_providers/628669fd-dac8-4c18-8fcc-2b70b31d664f/inventories => generated 400 bytes in 38 msecs (HTTP/1.1 200) 6 headers in 224 bytes (1 switches on core 0)
2026-07-14 18:43:38.098 8 INFO placement.requestlog [req-962846bc-0e89-458e-acf1-d8cd68bcfce2 req-08a096bf-acdb-47b9-b48a-b518266bd327 1623d4c0f3c14414a298c352d98bdb5f 6ac8087fe6b2430bb1593861b128c16b - - c6f06777e3464adab0a1555a6d76545d c6f06777e3464adab0a1555a6d76545d] 199.204.45.242 "GET /resource_providers/628669fd-dac8-4c18-8fcc-2b70b31d664f/aggregates" status: 200 len: 53 microversion: 1.19 [pid: 8|app: 0|req: 304/607] 199.204.45.242 () {34 vars in 899 bytes} [Tue Jul 14 18:43:38 2026] GET /resource_providers/628669fd-dac8-4c18-8fcc-2b70b31d664f/aggregates => generated 53 bytes in 16 msecs (HTTP/1.1 200) 8 headers in 295 bytes (1 switches on core 0)
2026-07-14 18:43:38.125 7 INFO placement.requestlog [req-962846bc-0e89-458e-acf1-d8cd68bcfce2 req-b46b8470-0dfb-4cab-a8bb-2cb25135c25a 1623d4c0f3c14414a298c352d98bdb5f 6ac8087fe6b2430bb1593861b128c16b - - c6f06777e3464adab0a1555a6d76545d c6f06777e3464adab0a1555a6d76545d] 199.204.45.242 "GET /resource_providers/628669fd-dac8-4c18-8fcc-2b70b31d664f/traits" status: 200 len: 2316 microversion: 1.6 [pid: 7|app: 0|req: 304/608] 199.204.45.242 () {34 vars in 890 bytes} [Tue Jul 14 18:43:38 2026] GET /resource_providers/628669fd-dac8-4c18-8fcc-2b70b31d664f/traits => generated 2316 bytes in 20 msecs (HTTP/1.1 200) 6 headers in 225 bytes (1 switches on core 0)
2026-07-14 18:43:38.150 8 INFO placement.requestlog [req-962846bc-0e89-458e-acf1-d8cd68bcfce2 req-06cb1fad-cea5-4302-a8ae-ddc0fa2ec7a5 1623d4c0f3c14414a298c352d98bdb5f 6ac8087fe6b2430bb1593861b128c16b - - c6f06777e3464adab0a1555a6d76545d c6f06777e3464adab0a1555a6d76545d] 199.204.45.242 "GET /resource_providers/628669fd-dac8-4c18-8fcc-2b70b31d664f/allocations" status: 200 len: 54 microversion: 1.0 [pid: 8|app: 0|req: 305/609] 199.204.45.242 () {32 vars in 857 bytes} [Tue Jul 14 18:43:38 2026] GET /resource_providers/628669fd-dac8-4c18-8fcc-2b70b31d664f/allocations => generated 54 bytes in 20 msecs (HTTP/1.1 200) 6 headers in 223 bytes (1 switches on core 0)
2026-07-14 18:43:41.740 7 INFO placement.requestlog [None req-89c8094f-380e-4f69-a951-f57e9a470834 - - - - - -] 10.0.0.183 "GET /" status: 200 len: 136 microversion: 1.0
2026-07-14 18:43:41.740 8 INFO placement.requestlog [None req-ac72442e-2116-4189-936f-4660a50a5fc9 - - - - - -] 10.0.0.183 "GET /" status: 200 len: 136 microversion: 1.0
2026-07-14 18:43:51.740 8 INFO placement.requestlog [None req-6815792e-4af1-4d10-a8f2-e2738f05f9ad - - - - - -] 10.0.0.183 "GET /" status: 200 len: 136 microversion: 1.0
2026-07-14 18:43:51.740 7 INFO placement.requestlog [None req-51ce2c98-5870-42e5-a942-9f50c826b3a7 - - - - - -] 10.0.0.183 "GET /" status: 200 len: 136 microversion: 1.0
2026-07-14 18:44:01.744 8 INFO placement.requestlog [None req-04014a50-2340-40ac-8621-b0fb87e7b899 - - - - - -] 10.0.0.183 "GET /" status: 200 len: 136 microversion: 1.0
2026-07-14 18:44:01.744 7 INFO placement.requestlog [None req-903267aa-60fd-4ef5-bc4c-17a7f9175b80 - - - - - -] 10.0.0.183 "GET /" status: 200 len: 136 microversion: 1.0
2026-07-14 18:44:11.740 8 INFO placement.requestlog [None req-f6a6e9cf-c65c-4093-a54c-3c678c885f05 - - - - - -] 10.0.0.183 "GET /" status: 200 len: 136 microversion: 1.0
2026-07-14 18:44:11.740 7 INFO placement.requestlog [None req-b4044083-5805-4b89-b42d-2d7ab811515a - - - - - -] 10.0.0.183 "GET /" status: 200 len: 136 microversion: 1.0
2026-07-14 18:44:21.741 8 INFO placement.requestlog [None req-a50cf305-6dcd-4147-9a51-d56cea8cca0c - - - - - -] 10.0.0.183 "GET /" status: 200 len: 136 microversion: 1.0
2026-07-14 18:44:21.742 7 INFO placement.requestlog [None req-041c2552-5e2b-4ae4-aa8a-11781d4aadfc - - - - - -] 10.0.0.183 "GET /" status: 200 len: 136 microversion: 1.0
2026-07-14 18:44:31.739 8 INFO placement.requestlog [None req-6219ad6d-180e-4831-b0e1-77014f87678e - - - - - -] 10.0.0.183 "GET /" status: 200 len: 136 microversion: 1.0
2026-07-14 18:44:31.739 7 INFO placement.requestlog [None req-2f4fc332-3f26-4433-8548-680f4dbb4035 - - - - - -] 10.0.0.183 "GET /" status: 200 len: 136 microversion: 1.0
2026-07-14 18:44:39.889 8 INFO placement.requestlog [req-468af252-5137-42b6-8ef7-525025ce2499 req-ba8228a1-7817-42ae-b85b-745b2124455d 1623d4c0f3c14414a298c352d98bdb5f 6ac8087fe6b2430bb1593861b128c16b - - c6f06777e3464adab0a1555a6d76545d c6f06777e3464adab0a1555a6d76545d] 199.204.45.242 "GET /resource_providers/628669fd-dac8-4c18-8fcc-2b70b31d664f/allocations" status: 200 len: 54 microversion: 1.0 [pid: 8|app: 0|req: 312/622] 199.204.45.242 () {32 vars in 857 bytes} [Tue Jul 14 18:44:39 2026] GET /resource_providers/628669fd-dac8-4c18-8fcc-2b70b31d664f/allocations => generated 54 bytes in 23 msecs (HTTP/1.1 200) 6 headers in 223 bytes (1 switches on core 0)
2026-07-14 18:44:39.917 7 INFO placement.requestlog [req-468af252-5137-42b6-8ef7-525025ce2499 req-3ba398fd-018b-4f65-979b-7eb945ab85a5 1623d4c0f3c14414a298c352d98bdb5f 6ac8087fe6b2430bb1593861b128c16b - - c6f06777e3464adab0a1555a6d76545d c6f06777e3464adab0a1555a6d76545d] 199.204.45.242 "GET /resource_providers/628669fd-dac8-4c18-8fcc-2b70b31d664f/allocations" status: 200 len: 54 microversion: 1.0 [pid: 7|app: 0|req: 311/623] 199.204.45.242 () {32 vars in 857 bytes} [Tue Jul 14 18:44:39 2026] GET /resource_providers/628669fd-dac8-4c18-8fcc-2b70b31d664f/allocations => generated 54 bytes in 20 msecs (HTTP/1.1 200) 6 headers in 223 bytes (1 switches on core 0)
2026-07-14 18:44:41.739 7 INFO placement.requestlog [None req-2f85a2a9-3e72-4637-bbd2-13686b792f18 - - - - - -] 10.0.0.183 "GET /" status: 200 len: 136 microversion: 1.0
2026-07-14 18:44:41.741 8 INFO placement.requestlog [None req-0fe644b2-bcfc-4077-9edf-8bd4386962ff - - - - - -] 10.0.0.183 "GET /" status: 200 len: 136 microversion: 1.0
2026-07-14 18:44:51.740 7 INFO placement.requestlog [None req-f7694bf9-1abe-446e-8948-3dd5c3dc7563 - - - - - -] 10.0.0.183 "GET /" status: 200 len: 136 microversion: 1.0
2026-07-14 18:44:51.741 8 INFO placement.requestlog [None req-758c2716-6caa-4014-987b-7f8d09284101 - - - - - -] 10.0.0.183 "GET /" status: 200 len: 136 microversion: 1.0
2026-07-14 18:45:01.743 7 INFO placement.requestlog [None req-b0d2fe18-de01-46bc-976f-770f62a0fb29 - - - - - -] 10.0.0.183 "GET /" status: 200 len: 136 microversion: 1.0
2026-07-14 18:45:01.744 8 INFO placement.requestlog [None req-708308d6-6cea-4b38-bc17-58aef8b68d85 - - - - - -] 10.0.0.183 "GET /" status: 200 len: 136 microversion: 1.0
2026-07-14 18:45:11.740 8 INFO placement.requestlog [None req-460b8533-8381-45e4-bff6-87ca4175898f - - - - - -] 10.0.0.183 "GET /" status: 200 len: 136 microversion: 1.0
2026-07-14 18:45:11.740 7 INFO placement.requestlog [None req-be4fb72f-ca2b-4e68-b2ca-8eaa52e9c012 - - - - - -] 10.0.0.183 "GET /" status: 200 len: 136 microversion: 1.0
2026-07-14 18:45:21.740 8 INFO placement.requestlog [None req-0bff7f22-61b8-4dc1-96f4-ce8460766217 - - - - - -] 10.0.0.183 "GET /" status: 200 len: 136 microversion: 1.0
2026-07-14 18:45:21.742 7 INFO placement.requestlog [None req-8c177e56-e090-4213-9432-1a4dd9bfefe0 - - - - - -] 10.0.0.183 "GET /" status: 200 len: 136 microversion: 1.0
2026-07-14 18:45:31.739 8 INFO placement.requestlog [None req-13489984-52bd-4013-899a-0e8837fcfef7 - - - - - -] 10.0.0.183 "GET /" status: 200 len: 136 microversion: 1.0
2026-07-14 18:45:31.739 7 INFO placement.requestlog [None req-ef1bd26a-2cd4-40a8-ac5f-d2aef8663673 - - - - - -] 10.0.0.183 "GET /" status: 200 len: 136 microversion: 1.0
2026-07-14 18:45:40.004 8 INFO placement.requestlog [req-f8cfeac1-8e6e-4139-8cf5-d464d3a0d96d req-a39115ce-7f90-4421-bb1c-b366991a3a43 1623d4c0f3c14414a298c352d98bdb5f 6ac8087fe6b2430bb1593861b128c16b - - c6f06777e3464adab0a1555a6d76545d c6f06777e3464adab0a1555a6d76545d] 199.204.45.242 "GET /resource_providers/628669fd-dac8-4c18-8fcc-2b70b31d664f/allocations" status: 200 len: 54 microversion: 1.0 [pid: 8|app: 0|req: 319/636] 199.204.45.242 () {32 vars in 857 bytes} [Tue Jul 14 18:45:39 2026] GET /resource_providers/628669fd-dac8-4c18-8fcc-2b70b31d664f/allocations => generated 54 bytes in 13 msecs (HTTP/1.1 200) 6 headers in 223 bytes (1 switches on core 0)
2026-07-14 18:45:40.023 7 INFO placement.requestlog [req-f8cfeac1-8e6e-4139-8cf5-d464d3a0d96d req-f5408d3e-2de3-4e1c-a428-c5073086697a 1623d4c0f3c14414a298c352d98bdb5f 6ac8087fe6b2430bb1593861b128c16b - - c6f06777e3464adab0a1555a6d76545d c6f06777e3464adab0a1555a6d76545d] 199.204.45.242 "GET /resource_providers/628669fd-dac8-4c18-8fcc-2b70b31d664f/allocations" status: 200 len: 54 microversion: 1.0 [pid: 7|app: 0|req: 318/637] 199.204.45.242 () {32 vars in 857 bytes} [Tue Jul 14 18:45:40 2026] GET /resource_providers/628669fd-dac8-4c18-8fcc-2b70b31d664f/allocations => generated 54 bytes in 13 msecs (HTTP/1.1 200) 6 headers in 223 bytes (1 switches on core 0)
2026-07-14 18:45:41.740 8 INFO placement.requestlog [None req-19537a74-f266-413a-b8f5-8b7c3ab5137b - - - - - -] 10.0.0.183 "GET /" status: 200 len: 136 microversion: 1.0
2026-07-14 18:45:41.740 7 INFO placement.requestlog [None req-f1acbce1-37fc-4fbe-99cd-00f091c06f5a - - - - - -] 10.0.0.183 "GET /" status: 200 len: 136 microversion: 1.0
2026-07-14 18:45:51.740 7 INFO placement.requestlog [None req-9cd96894-bf98-4b2e-914d-927e4c5bc1a0 - - - - - -] 10.0.0.183 "GET /" status: 200 len: 136 microversion: 1.0
2026-07-14 18:45:51.740 8 INFO placement.requestlog [None req-c7711feb-5fd3-45bb-80ee-7796850c85f1 - - - - - -] 10.0.0.183 "GET /" status: 200 len: 136 microversion: 1.0
2026-07-14 18:46:01.739 7 INFO placement.requestlog [None req-ef4c176d-2c25-45f4-9f5b-49c8d625482e - - - - - -] 10.0.0.183 "GET /" status: 200 len: 136 microversion: 1.0
2026-07-14 18:46:01.740 8 INFO placement.requestlog [None req-7585b8ea-811e-4afa-bc16-0f9fe245356e - - - - - -] 10.0.0.183 "GET /" status: 200 len: 136 microversion: 1.0
2026-07-14 18:46:11.740 7 INFO placement.requestlog [None req-fc662f7a-ca9b-4a42-8103-d579357a70d8 - - - - - -] 10.0.0.183 "GET /" status: 200 len: 136 microversion: 1.0
2026-07-14 18:46:11.740 8 INFO placement.requestlog [None req-ff629517-9f22-4004-950c-954815ec8858 - - - - - -] 10.0.0.183 "GET /" status: 200 len: 136 microversion: 1.0
2026-07-14 18:46:21.740 8 INFO placement.requestlog [None req-54f9f703-5cec-49e3-b488-4ea59b7f3439 - - - - - -] 10.0.0.183 "GET /" status: 200 len: 136 microversion: 1.0
2026-07-14 18:46:21.740 7 INFO placement.requestlog [None req-2f032170-c6ac-4275-a951-a7d5eae67e86 - - - - - -] 10.0.0.183 "GET /" status: 200 len: 136 microversion: 1.0
2026-07-14 18:46:31.740 7 INFO placement.requestlog [None req-20ce2a97-9d22-440e-a678-b210dea5a24b - - - - - -] 10.0.0.183 "GET /" status: 200 len: 136 microversion: 1.0
2026-07-14 18:46:31.740 8 INFO placement.requestlog [None req-89379592-2804-4401-afec-2cb690327826 - - - - - -] 10.0.0.183 "GET /" status: 200 len: 136 microversion: 1.0
2026-07-14 18:46:40.892 7 INFO placement.requestlog [req-0a85d288-aae3-4c94-bf77-15737aa898dc req-3e060850-3d67-4231-9cf8-a76f31e6a029 1623d4c0f3c14414a298c352d98bdb5f 6ac8087fe6b2430bb1593861b128c16b - - c6f06777e3464adab0a1555a6d76545d c6f06777e3464adab0a1555a6d76545d] 199.204.45.242 "GET /resource_providers/628669fd-dac8-4c18-8fcc-2b70b31d664f/allocations" status: 200 len: 54 microversion: 1.0 [pid: 7|app: 0|req: 325/650] 199.204.45.242 () {32 vars in 857 bytes} [Tue Jul 14 18:46:40 2026] GET /resource_providers/628669fd-dac8-4c18-8fcc-2b70b31d664f/allocations => generated 54 bytes in 14 msecs (HTTP/1.1 200) 6 headers in 223 bytes (1 switches on core 0)
2026-07-14 18:46:40.907 8 INFO placement.requestlog [req-0a85d288-aae3-4c94-bf77-15737aa898dc req-3eca8619-be99-41db-a7dc-a95a2268b32c 1623d4c0f3c14414a298c352d98bdb5f 6ac8087fe6b2430bb1593861b128c16b - - c6f06777e3464adab0a1555a6d76545d c6f06777e3464adab0a1555a6d76545d] 199.204.45.242 "GET /resource_providers/628669fd-dac8-4c18-8fcc-2b70b31d664f/allocations" status: 200 len: 54 microversion: 1.0 [pid: 8|app: 0|req: 326/651] 199.204.45.242 () {32 vars in 857 bytes} [Tue Jul 14 18:46:40 2026] GET /resource_providers/628669fd-dac8-4c18-8fcc-2b70b31d664f/allocations => generated 54 bytes in 10 msecs (HTTP/1.1 200) 6 headers in 223 bytes (1 switches on core 0)
2026-07-14 18:46:41.739 8 INFO placement.requestlog [None req-b91875ca-4f30-4b1f-975f-4d8c54e29928 - - - - - -] 10.0.0.183 "GET /" status: 200 len: 136 microversion: 1.0
2026-07-14 18:46:41.739 7 INFO placement.requestlog [None req-52327b85-55ab-4757-9aea-45e90bdb6260 - - - - - -] 10.0.0.183 "GET /" status: 200 len: 136 microversion: 1.0
2026-07-14 18:46:51.739 8 INFO placement.requestlog [None req-dd74c87f-ae8e-44ff-a82c-f9df23705676 - - - - - -] 10.0.0.183 "GET /" status: 200 len: 136 microversion: 1.0
2026-07-14 18:46:51.739 7 INFO placement.requestlog [None req-cf37fa30-ab08-4fc5-a246-804f3f1e8588 - - - - - -] 10.0.0.183 "GET /" status: 200 len: 136 microversion: 1.0
2026-07-14 18:47:01.740 8 INFO placement.requestlog [None req-70e858ae-b556-4bfe-b81e-a2be81384bdb - - - - - -] 10.0.0.183 "GET /" status: 200 len: 136 microversion: 1.0
2026-07-14 18:47:01.748 7 INFO placement.requestlog [None req-26bfd058-027e-4b3c-981d-e8cfe8f1f2d6 - - - - - -] 10.0.0.183 "GET /" status: 200 len: 136 microversion: 1.0
2026-07-14 18:47:11.740 8 INFO placement.requestlog [None req-6e6c0901-1ade-4746-a4ed-70cb0a756d22 - - - - - -] 10.0.0.183 "GET /" status: 200 len: 136 microversion: 1.0
2026-07-14 18:47:11.741 7 INFO placement.requestlog [None req-93756ccb-0b96-4a75-9ad9-1406c4247512 - - - - - -] 10.0.0.183 "GET /" status: 200 len: 136 microversion: 1.0
2026-07-14 18:47:21.739 7 INFO placement.requestlog [None req-5d201839-fb48-4e84-bc8e-c6d228310ccd - - - - - -] 10.0.0.183 "GET /" status: 200 len: 136 microversion: 1.0
2026-07-14 18:47:21.740 8 INFO placement.requestlog [None req-a95cc25d-3de0-4cf4-9fe3-d1771859afd8 - - - - - -] 10.0.0.183 "GET /" status: 200 len: 136 microversion: 1.0
2026-07-14 18:47:31.740 7 INFO placement.requestlog [None req-db86fe1e-330b-4aca-9404-00f1c9ecca46 - - - - - -] 10.0.0.183 "GET /" status: 200 len: 136 microversion: 1.0
2026-07-14 18:47:31.740 8 INFO placement.requestlog [None req-66170fbb-c921-4c96-a371-3a7c99b57bdb - - - - - -] 10.0.0.183 "GET /" status: 200 len: 136 microversion: 1.0
2026-07-14 18:47:41.740 7 INFO placement.requestlog [None req-b544acc9-77dd-4a8c-821e-38f42c3a1b8f - - - - - -] 10.0.0.183 "GET /" status: 200 len: 136 microversion: 1.0
2026-07-14 18:47:41.740 8 INFO placement.requestlog [None req-04ccc8cc-c3c2-41d9-a55e-b470ccc97bfc - - - - - -] 10.0.0.183 "GET /" status: 200 len: 136 microversion: 1.0
2026-07-14 18:47:42.921 7 INFO placement.requestlog [req-ccb38da8-6288-4f49-b6ec-3852776239dd req-850d240b-89e6-494c-a74a-513abb99e8c2 1623d4c0f3c14414a298c352d98bdb5f 6ac8087fe6b2430bb1593861b128c16b - - c6f06777e3464adab0a1555a6d76545d c6f06777e3464adab0a1555a6d76545d] 199.204.45.242 "GET /resource_providers/628669fd-dac8-4c18-8fcc-2b70b31d664f/allocations" status: 200 len: 54 microversion: 1.0 [pid: 7|app: 0|req: 333/666] 199.204.45.242 () {32 vars in 857 bytes} [Tue Jul 14 18:47:42 2026] GET /resource_providers/628669fd-dac8-4c18-8fcc-2b70b31d664f/allocations => generated 54 bytes in 17 msecs (HTTP/1.1 200) 6 headers in 223 bytes (1 switches on core 0)
2026-07-14 18:47:42.946 8 INFO placement.requestlog [req-ccb38da8-6288-4f49-b6ec-3852776239dd req-121453fc-5399-4fc8-9148-458b559d0e4a 1623d4c0f3c14414a298c352d98bdb5f 6ac8087fe6b2430bb1593861b128c16b - - c6f06777e3464adab0a1555a6d76545d c6f06777e3464adab0a1555a6d76545d] 199.204.45.242 "GET /resource_providers/628669fd-dac8-4c18-8fcc-2b70b31d664f/allocations" status: 200 len: 54 microversion: 1.0 [pid: 8|app: 0|req: 334/667] 199.204.45.242 () {32 vars in 857 bytes} [Tue Jul 14 18:47:42 2026] GET /resource_providers/628669fd-dac8-4c18-8fcc-2b70b31d664f/allocations => generated 54 bytes in 18 msecs (HTTP/1.1 200) 6 headers in 223 bytes (1 switches on core 0)
2026-07-14 18:47:50.638 7 INFO placement.requestlog [req-2e962644-92d1-49a1-9f9b-85a4363ec4c2 req-456a0b64-ddfd-4773-b26e-99e8e55f0aaf 1623d4c0f3c14414a298c352d98bdb5f 6ac8087fe6b2430bb1593861b128c16b - - c6f06777e3464adab0a1555a6d76545d c6f06777e3464adab0a1555a6d76545d] 10.0.0.128 "GET /allocation_candidates?limit=1000&resources=DISK_GB%3A1%2CMEMORY_MB%3A512%2CVCPU%3A1&root_required=%21COMPUTE_STATUS_DISABLED" status: 200 len: 2781 microversion: 1.36 [pid: 7|app: 0|req: 334/668] 10.0.0.128 () {34 vars in 1012 bytes} [Tue Jul 14 18:47:50 2026] GET /allocation_candidates?limit=1000&resources=DISK_GB%3A1%2CMEMORY_MB%3A512%2CVCPU%3A1&root_required=%21COMPUTE_STATUS_DISABLED => generated 2781 bytes in 166 msecs (HTTP/1.1 200) 8 headers in 297 bytes (1 switches on core 0)
2026-07-14 18:47:50.692 8 INFO placement.requestlog [req-2e962644-92d1-49a1-9f9b-85a4363ec4c2 req-24480848-ad40-4416-95c3-965c06b1efaf 1623d4c0f3c14414a298c352d98bdb5f 6ac8087fe6b2430bb1593861b128c16b - - c6f06777e3464adab0a1555a6d76545d c6f06777e3464adab0a1555a6d76545d] 10.0.0.128 "GET /allocations/5d3f8d6f-1830-4d20-980a-bd540461ddec" status: 200 len: 19 microversion: 1.28 [pid: 8|app: 0|req: 335/669] 10.0.0.128 () {34 vars in 861 bytes} [Tue Jul 14 18:47:50 2026] GET /allocations/5d3f8d6f-1830-4d20-980a-bd540461ddec => generated 19 bytes in 10 msecs (HTTP/1.1 200) 8 headers in 295 bytes (1 switches on core 0)
2026-07-14 18:47:50.764 7 INFO placement.requestlog [req-2e962644-92d1-49a1-9f9b-85a4363ec4c2 req-c0027ec8-ffd1-4df3-a5c1-f0683395e77a 1623d4c0f3c14414a298c352d98bdb5f 6ac8087fe6b2430bb1593861b128c16b - - c6f06777e3464adab0a1555a6d76545d c6f06777e3464adab0a1555a6d76545d] 10.0.0.128 "PUT /allocations/5d3f8d6f-1830-4d20-980a-bd540461ddec" status: 204 len: 0 microversion: 1.36 [pid: 7|app: 0|req: 335/670] 10.0.0.128 () {38 vars in 914 bytes} [Tue Jul 14 18:47:50 2026] PUT /allocations/5d3f8d6f-1830-4d20-980a-bd540461ddec => generated 0 bytes in 67 msecs (HTTP/1.1 204) 5 headers in 199 bytes (1 switches on core 0)
2026-07-14 18:47:51.740 8 INFO placement.requestlog [None req-dd530d42-768d-463d-a481-400cf7aa9bb7 - - - - - -] 10.0.0.183 "GET /" status: 200 len: 136 microversion: 1.0
2026-07-14 18:47:51.740 7 INFO placement.requestlog [None req-b907ece5-f6ce-40a2-a025-0c0b4a5fac34 - - - - - -] 10.0.0.183 "GET /" status: 200 len: 136 microversion: 1.0
2026-07-14 18:47:52.394 8 INFO placement.requestlog [req-2e962644-92d1-49a1-9f9b-85a4363ec4c2 req-2951c965-a226-4321-9fc4-2eab0c225a94 1623d4c0f3c14414a298c352d98bdb5f 6ac8087fe6b2430bb1593861b128c16b - - c6f06777e3464adab0a1555a6d76545d c6f06777e3464adab0a1555a6d76545d] 199.204.45.242 "GET /allocations/5d3f8d6f-1830-4d20-980a-bd540461ddec" status: 200 len: 257 microversion: 1.28 [pid: 8|app: 0|req: 337/673] 199.204.45.242 () {34 vars in 863 bytes} [Tue Jul 14 18:47:52 2026] GET /allocations/5d3f8d6f-1830-4d20-980a-bd540461ddec => generated 257 bytes in 13 msecs (HTTP/1.1 200) 8 headers in 296 bytes (1 switches on core 0)
2026-07-14 18:47:53.435 7 INFO placement.requestlog [req-2e962644-92d1-49a1-9f9b-85a4363ec4c2 req-604b0acb-215f-4332-8ade-ab5ef8f7c60d 1623d4c0f3c14414a298c352d98bdb5f 6ac8087fe6b2430bb1593861b128c16b - - c6f06777e3464adab0a1555a6d76545d c6f06777e3464adab0a1555a6d76545d] 199.204.45.242 "GET /resource_providers/628669fd-dac8-4c18-8fcc-2b70b31d664f/allocations" status: 200 len: 152 microversion: 1.0 [pid: 7|app: 0|req: 337/674] 199.204.45.242 () {32 vars in 857 bytes} [Tue Jul 14 18:47:53 2026] GET /resource_providers/628669fd-dac8-4c18-8fcc-2b70b31d664f/allocations => generated 152 bytes in 17 msecs (HTTP/1.1 200) 6 headers in 224 bytes (1 switches on core 0)
2026-07-14 18:47:53.454 8 INFO placement.requestlog [req-2e962644-92d1-49a1-9f9b-85a4363ec4c2 req-5df9b44a-7f45-433b-ab31-3e01655a4835 1623d4c0f3c14414a298c352d98bdb5f 6ac8087fe6b2430bb1593861b128c16b - - c6f06777e3464adab0a1555a6d76545d c6f06777e3464adab0a1555a6d76545d] 199.204.45.242 "GET /allocations/5d3f8d6f-1830-4d20-980a-bd540461ddec" status: 200 len: 257 microversion: 1.28 [pid: 8|app: 0|req: 338/675] 199.204.45.242 () {34 vars in 863 bytes} [Tue Jul 14 18:47:53 2026] GET /allocations/5d3f8d6f-1830-4d20-980a-bd540461ddec => generated 257 bytes in 13 msecs (HTTP/1.1 200) 8 headers in 296 bytes (1 switches on core 0)
2026-07-14 18:47:54.470 7 INFO placement.requestlog [None req-665f4cb3-5999-4810-9f75-e384d9b5fe8c c3729fd80dbd47efb8aea3e4be0bdee1 6ac8087fe6b2430bb1593861b128c16b - - c6f06777e3464adab0a1555a6d76545d c6f06777e3464adab0a1555a6d76545d] 10.0.0.207 "GET /resource_providers/cef19264-842f-434a-b708-2aa0ed7d1d29/aggregates" status: 404 len: 235 microversion: 1.1 [pid: 7|app: 0|req: 338/676] 10.0.0.207 () {32 vars in 816 bytes} [Tue Jul 14 18:47:54 2026] GET /resource_providers/cef19264-842f-434a-b708-2aa0ed7d1d29/aggregates => generated 235 bytes in 40 msecs (HTTP/1.1 404) 5 headers in 202 bytes (1 switches on core 0)
2026-07-14 18:47:54.494 7 INFO placement.requestlog [None req-c521b6e2-1888-40a0-ad3c-9a15d5e4bfe6 c3729fd80dbd47efb8aea3e4be0bdee1 6ac8087fe6b2430bb1593861b128c16b - - c6f06777e3464adab0a1555a6d76545d c6f06777e3464adab0a1555a6d76545d] 10.0.0.207 "DELETE /resource_providers/cef19264-842f-434a-b708-2aa0ed7d1d29" status: 404 len: 246 microversion: 1.1 [pid: 7|app: 0|req: 339/677] 10.0.0.207 () {34 vars in 816 bytes} [Tue Jul 14 18:47:54 2026] DELETE /resource_providers/cef19264-842f-434a-b708-2aa0ed7d1d29 => generated 246 bytes in 12 msecs (HTTP/1.1 404) 6 headers in 231 bytes (1 switches on core 0)
2026-07-14 18:47:54.502 8 INFO placement.requestlog [None req-9d22ee03-86b2-4398-b2cf-5aa9baa55c84 c3729fd80dbd47efb8aea3e4be0bdee1 6ac8087fe6b2430bb1593861b128c16b - - c6f06777e3464adab0a1555a6d76545d c6f06777e3464adab0a1555a6d76545d] 10.0.0.207 "GET /resource_providers/cef19264-842f-434a-b708-2aa0ed7d1d29/aggregates" status: 404 len: 235 microversion: 1.1 [pid: 8|app: 0|req: 339/678] 10.0.0.207 () {32 vars in 816 bytes} [Tue Jul 14 18:47:54 2026] GET /resource_providers/cef19264-842f-434a-b708-2aa0ed7d1d29/aggregates => generated 235 bytes in 70 msecs (HTTP/1.1 404) 5 headers in 202 bytes (1 switches on core 0)
2026-07-14 18:47:54.521 7 INFO placement.requestlog [None req-75a6cea4-1468-454e-b2cc-a053baa8173c c3729fd80dbd47efb8aea3e4be0bdee1 6ac8087fe6b2430bb1593861b128c16b - - c6f06777e3464adab0a1555a6d76545d c6f06777e3464adab0a1555a6d76545d] 10.0.0.207 "DELETE /resource_providers/cef19264-842f-434a-b708-2aa0ed7d1d29" status: 404 len: 246 microversion: 1.1 [pid: 7|app: 0|req: 340/679] 10.0.0.207 () {34 vars in 816 bytes} [Tue Jul 14 18:47:54 2026] DELETE /resource_providers/cef19264-842f-434a-b708-2aa0ed7d1d29 => generated 246 bytes in 7 msecs (HTTP/1.1 404) 6 headers in 231 bytes (1 switches on core 0)
2026-07-14 18:47:54.948 7 INFO placement.requestlog [None req-2b096f3b-333d-439b-b884-7ac9e65cc874 c3729fd80dbd47efb8aea3e4be0bdee1 6ac8087fe6b2430bb1593861b128c16b - - c6f06777e3464adab0a1555a6d76545d c6f06777e3464adab0a1555a6d76545d] 10.0.0.207 "GET /resource_providers/00081d09-5734-4a86-9082-fc1c317ba35e/aggregates" status: 404 len: 235 microversion: 1.1 [pid: 7|app: 0|req: 341/680] 10.0.0.207 () {32 vars in 816 bytes} [Tue Jul 14 18:47:54 2026] GET /resource_providers/00081d09-5734-4a86-9082-fc1c317ba35e/aggregates => generated 235 bytes in 52 msecs (HTTP/1.1 404) 5 headers in 202 bytes (1 switches on core 0)
2026-07-14 18:47:54.951 8 INFO placement.requestlog [None req-0904e7ff-515a-4565-8ea7-03bb2a7d38ff c3729fd80dbd47efb8aea3e4be0bdee1 6ac8087fe6b2430bb1593861b128c16b - - c6f06777e3464adab0a1555a6d76545d c6f06777e3464adab0a1555a6d76545d] 10.0.0.207 "GET /resource_providers/00081d09-5734-4a86-9082-fc1c317ba35e/aggregates" status: 404 len: 235 microversion: 1.1 [pid: 8|app: 0|req: 340/681] 10.0.0.207 () {32 vars in 816 bytes} [Tue Jul 14 18:47:54 2026] GET /resource_providers/00081d09-5734-4a86-9082-fc1c317ba35e/aggregates => generated 235 bytes in 67 msecs (HTTP/1.1 404) 5 headers in 202 bytes (1 switches on core 0)
2026-07-14 18:47:54.991 7 INFO placement.requestlog [None req-2eb615aa-4d7b-4be7-8732-59c540cae1c3 c3729fd80dbd47efb8aea3e4be0bdee1 6ac8087fe6b2430bb1593861b128c16b - - c6f06777e3464adab0a1555a6d76545d c6f06777e3464adab0a1555a6d76545d] 10.0.0.207 "DELETE /resource_providers/00081d09-5734-4a86-9082-fc1c317ba35e" status: 404 len: 246 microversion: 1.1 [pid: 7|app: 0|req: 342/682] 10.0.0.207 () {34 vars in 816 bytes} [Tue Jul 14 18:47:54 2026] DELETE /resource_providers/00081d09-5734-4a86-9082-fc1c317ba35e => generated 246 bytes in 9 msecs (HTTP/1.1 404) 6 headers in 231 bytes (1 switches on core 0)
2026-07-14 18:47:54.997 8 INFO placement.requestlog [None req-0e885535-0ee9-448d-a3aa-c394e93c4620 c3729fd80dbd47efb8aea3e4be0bdee1 6ac8087fe6b2430bb1593861b128c16b - - c6f06777e3464adab0a1555a6d76545d c6f06777e3464adab0a1555a6d76545d] 10.0.0.207 "DELETE /resource_providers/00081d09-5734-4a86-9082-fc1c317ba35e" status: 404 len: 246 microversion: 1.1 [pid: 8|app: 0|req: 341/683] 10.0.0.207 () {34 vars in 816 bytes} [Tue Jul 14 18:47:54 2026] DELETE /resource_providers/00081d09-5734-4a86-9082-fc1c317ba35e => generated 246 bytes in 11 msecs (HTTP/1.1 404) 6 headers in 231 bytes (1 switches on core 0)
2026-07-14 18:47:56.595 7 INFO placement.requestlog [req-a205f9ec-05bd-4242-930a-ac508eaf7ce2 req-2b9ffd32-ab78-43b5-b2f5-1d7fc82f6d68 1623d4c0f3c14414a298c352d98bdb5f 6ac8087fe6b2430bb1593861b128c16b - - c6f06777e3464adab0a1555a6d76545d c6f06777e3464adab0a1555a6d76545d] 10.0.0.128 "GET /allocation_candidates?limit=1000&resources=DISK_GB%3A1%2CMEMORY_MB%3A512%2CVCPU%3A1&root_required=%21COMPUTE_STATUS_DISABLED" status: 200 len: 2783 microversion: 1.36 [pid: 7|app: 0|req: 343/684] 10.0.0.128 () {34 vars in 1012 bytes} [Tue Jul 14 18:47:56 2026] GET /allocation_candidates?limit=1000&resources=DISK_GB%3A1%2CMEMORY_MB%3A512%2CVCPU%3A1&root_required=%21COMPUTE_STATUS_DISABLED => generated 2783 bytes in 46 msecs (HTTP/1.1 200) 8 headers in 297 bytes (1 switches on core 0)
2026-07-14 18:47:56.642 8 INFO placement.requestlog [req-a205f9ec-05bd-4242-930a-ac508eaf7ce2 req-52d59435-c956-4133-8771-7a6d8d579002 1623d4c0f3c14414a298c352d98bdb5f 6ac8087fe6b2430bb1593861b128c16b - - c6f06777e3464adab0a1555a6d76545d c6f06777e3464adab0a1555a6d76545d] 10.0.0.128 "GET /allocations/aab78eb1-1be8-425b-8847-60c6e9997a97" status: 200 len: 19 microversion: 1.28 [pid: 8|app: 0|req: 342/685] 10.0.0.128 () {34 vars in 861 bytes} [Tue Jul 14 18:47:56 2026] GET /allocations/aab78eb1-1be8-425b-8847-60c6e9997a97 => generated 19 bytes in 9 msecs (HTTP/1.1 200) 8 headers in 295 bytes (1 switches on core 0)
2026-07-14 18:47:56.714 7 INFO placement.requestlog [req-a205f9ec-05bd-4242-930a-ac508eaf7ce2 req-d2d71d3d-ad4d-49db-b060-77ee9e6823af 1623d4c0f3c14414a298c352d98bdb5f 6ac8087fe6b2430bb1593861b128c16b - - c6f06777e3464adab0a1555a6d76545d c6f06777e3464adab0a1555a6d76545d] 10.0.0.128 "PUT /allocations/aab78eb1-1be8-425b-8847-60c6e9997a97" status: 204 len: 0 microversion: 1.36 [pid: 7|app: 0|req: 344/686] 10.0.0.128 () {38 vars in 914 bytes} [Tue Jul 14 18:47:56 2026] PUT /allocations/aab78eb1-1be8-425b-8847-60c6e9997a97 => generated 0 bytes in 67 msecs (HTTP/1.1 204) 5 headers in 199 bytes (1 switches on core 0)
2026-07-14 18:47:57.022 7 INFO placement.requestlog [None req-803b2294-b7ab-41cd-95bc-ad2092c462c0 c3729fd80dbd47efb8aea3e4be0bdee1 6ac8087fe6b2430bb1593861b128c16b - - c6f06777e3464adab0a1555a6d76545d c6f06777e3464adab0a1555a6d76545d] 10.0.0.207 "GET /resource_providers/237243f5-73cd-4930-b35d-abea3f1e4736/aggregates" status: 404 len: 235 microversion: 1.1 [pid: 7|app: 0|req: 345/687] 10.0.0.207 () {32 vars in 816 bytes} [Tue Jul 14 18:47:57 2026] GET /resource_providers/237243f5-73cd-4930-b35d-abea3f1e4736/aggregates => generated 235 bytes in 6 msecs (HTTP/1.1 404) 5 headers in 202 bytes (1 switches on core 0)
2026-07-14 18:47:57.027 8 INFO placement.requestlog [None req-d1f5a38b-3a76-405e-9d9a-08893e90f8f1 c3729fd80dbd47efb8aea3e4be0bdee1 6ac8087fe6b2430bb1593861b128c16b - - c6f06777e3464adab0a1555a6d76545d c6f06777e3464adab0a1555a6d76545d] 10.0.0.207 "GET /resource_providers/237243f5-73cd-4930-b35d-abea3f1e4736/aggregates" status: 404 len: 235 microversion: 1.1 [pid: 8|app: 0|req: 343/688] 10.0.0.207 () {32 vars in 816 bytes} [Tue Jul 14 18:47:57 2026] GET /resource_providers/237243f5-73cd-4930-b35d-abea3f1e4736/aggregates => generated 235 bytes in 15 msecs (HTTP/1.1 404) 5 headers in 202 bytes (1 switches on core 0)
2026-07-14 18:47:57.040 7 INFO placement.requestlog [None req-3c693257-347a-400d-81ad-84f337ac313e c3729fd80dbd47efb8aea3e4be0bdee1 6ac8087fe6b2430bb1593861b128c16b - - c6f06777e3464adab0a1555a6d76545d c6f06777e3464adab0a1555a6d76545d] 10.0.0.207 "DELETE /resource_providers/237243f5-73cd-4930-b35d-abea3f1e4736" status: 404 len: 246 microversion: 1.1 [pid: 7|app: 0|req: 346/689] 10.0.0.207 () {34 vars in 816 bytes} [Tue Jul 14 18:47:57 2026] DELETE /resource_providers/237243f5-73cd-4930-b35d-abea3f1e4736 => generated 246 bytes in 11 msecs (HTTP/1.1 404) 6 headers in 231 bytes (1 switches on core 0)
2026-07-14 18:47:57.061 8 INFO placement.requestlog [None req-0288175d-d10f-4dd1-89fb-21d0c11a2f00 c3729fd80dbd47efb8aea3e4be0bdee1 6ac8087fe6b2430bb1593861b128c16b - - c6f06777e3464adab0a1555a6d76545d c6f06777e3464adab0a1555a6d76545d] 10.0.0.207 "DELETE /resource_providers/237243f5-73cd-4930-b35d-abea3f1e4736" status: 404 len: 246 microversion: 1.1 [pid: 8|app: 0|req: 344/690] 10.0.0.207 () {34 vars in 816 bytes} [Tue Jul 14 18:47:57 2026] DELETE /resource_providers/237243f5-73cd-4930-b35d-abea3f1e4736 => generated 246 bytes in 25 msecs (HTTP/1.1 404) 6 headers in 231 bytes (1 switches on core 0)
2026-07-14 18:47:57.063 7 INFO placement.requestlog [None req-0529f39f-985e-4c6b-8943-3ac649231867 c3729fd80dbd47efb8aea3e4be0bdee1 6ac8087fe6b2430bb1593861b128c16b - - c6f06777e3464adab0a1555a6d76545d c6f06777e3464adab0a1555a6d76545d] 10.0.0.207 "GET /resource_providers/b2ed0852-d311-40c4-a538-c93d48ca21af/aggregates" status: 404 len: 235 microversion: 1.1 [pid: 7|app: 0|req: 347/691] 10.0.0.207 () {32 vars in 816 bytes} [Tue Jul 14 18:47:57 2026] GET /resource_providers/b2ed0852-d311-40c4-a538-c93d48ca21af/aggregates => generated 235 bytes in 16 msecs (HTTP/1.1 404) 5 headers in 202 bytes (1 switches on core 0)
2026-07-14 18:47:57.086 8 INFO placement.requestlog [None req-a738c26f-e932-42a9-ae84-93a2d626d414 c3729fd80dbd47efb8aea3e4be0bdee1 6ac8087fe6b2430bb1593861b128c16b - - c6f06777e3464adab0a1555a6d76545d c6f06777e3464adab0a1555a6d76545d] 10.0.0.207 "GET /resource_providers/b2ed0852-d311-40c4-a538-c93d48ca21af/aggregates" status: 404 len: 235 microversion: 1.1 [pid: 8|app: 0|req: 345/692] 10.0.0.207 () {32 vars in 816 bytes} [Tue Jul 14 18:47:57 2026] GET /resource_providers/b2ed0852-d311-40c4-a538-c93d48ca21af/aggregates => generated 235 bytes in 11 msecs (HTTP/1.1 404) 5 headers in 202 bytes (1 switches on core 0)
2026-07-14 18:47:57.090 7 INFO placement.requestlog [None req-016736c3-0605-4544-a422-ea01ceaf6979 c3729fd80dbd47efb8aea3e4be0bdee1 6ac8087fe6b2430bb1593861b128c16b - - c6f06777e3464adab0a1555a6d76545d c6f06777e3464adab0a1555a6d76545d] 10.0.0.207 "DELETE /resource_providers/b2ed0852-d311-40c4-a538-c93d48ca21af" status: 404 len: 246 microversion: 1.1 [pid: 7|app: 0|req: 348/693] 10.0.0.207 () {34 vars in 816 bytes} [Tue Jul 14 18:47:57 2026] DELETE /resource_providers/b2ed0852-d311-40c4-a538-c93d48ca21af => generated 246 bytes in 14 msecs (HTTP/1.1 404) 6 headers in 231 bytes (1 switches on core 0)
2026-07-14 18:47:57.116 8 INFO placement.requestlog [None req-8e90be38-e5ba-4620-914b-368b6493341b c3729fd80dbd47efb8aea3e4be0bdee1 6ac8087fe6b2430bb1593861b128c16b - - c6f06777e3464adab0a1555a6d76545d c6f06777e3464adab0a1555a6d76545d] 10.0.0.207 "DELETE /resource_providers/b2ed0852-d311-40c4-a538-c93d48ca21af" status: 404 len: 246 microversion: 1.1 [pid: 8|app: 0|req: 346/694] 10.0.0.207 () {34 vars in 816 bytes} [Tue Jul 14 18:47:57 2026] DELETE /resource_providers/b2ed0852-d311-40c4-a538-c93d48ca21af => generated 246 bytes in 13 msecs (HTTP/1.1 404) 6 headers in 231 bytes (1 switches on core 0)
2026-07-14 18:47:58.234 7 INFO placement.requestlog [req-a205f9ec-05bd-4242-930a-ac508eaf7ce2 req-5f0cf05f-5a8b-4109-b30c-261b2fea923d 1623d4c0f3c14414a298c352d98bdb5f 6ac8087fe6b2430bb1593861b128c16b - - c6f06777e3464adab0a1555a6d76545d c6f06777e3464adab0a1555a6d76545d] 199.204.45.242 "GET /allocations/aab78eb1-1be8-425b-8847-60c6e9997a97" status: 200 len: 257 microversion: 1.28 [pid: 7|app: 0|req: 349/695] 199.204.45.242 () {34 vars in 863 bytes} [Tue Jul 14 18:47:58 2026] GET /allocations/aab78eb1-1be8-425b-8847-60c6e9997a97 => generated 257 bytes in 16 msecs (HTTP/1.1 200) 8 headers in 296 bytes (1 switches on core 0)
2026-07-14 18:47:59.278 8 INFO placement.requestlog [req-a205f9ec-05bd-4242-930a-ac508eaf7ce2 req-1d86fcfd-fcee-4859-a658-21fe0e82e9e5 1623d4c0f3c14414a298c352d98bdb5f 6ac8087fe6b2430bb1593861b128c16b - - c6f06777e3464adab0a1555a6d76545d c6f06777e3464adab0a1555a6d76545d] 199.204.45.242 "GET /resource_providers/628669fd-dac8-4c18-8fcc-2b70b31d664f/allocations" status: 200 len: 252 microversion: 1.0 [pid: 8|app: 0|req: 347/696] 199.204.45.242 () {32 vars in 857 bytes} [Tue Jul 14 18:47:59 2026] GET /resource_providers/628669fd-dac8-4c18-8fcc-2b70b31d664f/allocations => generated 252 bytes in 16 msecs (HTTP/1.1 200) 6 headers in 224 bytes (1 switches on core 0)
2026-07-14 18:47:59.297 7 INFO placement.requestlog [req-a205f9ec-05bd-4242-930a-ac508eaf7ce2 req-6a5d6ca0-acdc-48dc-9cd2-3d6fc7b8960c 1623d4c0f3c14414a298c352d98bdb5f 6ac8087fe6b2430bb1593861b128c16b - - c6f06777e3464adab0a1555a6d76545d c6f06777e3464adab0a1555a6d76545d] 199.204.45.242 "GET /allocations/5d3f8d6f-1830-4d20-980a-bd540461ddec" status: 200 len: 257 microversion: 1.28 [pid: 7|app: 0|req: 350/697] 199.204.45.242 () {34 vars in 863 bytes} [Tue Jul 14 18:47:59 2026] GET /allocations/5d3f8d6f-1830-4d20-980a-bd540461ddec => generated 257 bytes in 12 msecs (HTTP/1.1 200) 8 headers in 296 bytes (1 switches on core 0)
2026-07-14 18:47:59.314 8 INFO placement.requestlog [req-a205f9ec-05bd-4242-930a-ac508eaf7ce2 req-2ca7c87e-3fc1-4fc9-80c1-4ccc26cc74d8 1623d4c0f3c14414a298c352d98bdb5f 6ac8087fe6b2430bb1593861b128c16b - - c6f06777e3464adab0a1555a6d76545d c6f06777e3464adab0a1555a6d76545d] 199.204.45.242 "GET /allocations/aab78eb1-1be8-425b-8847-60c6e9997a97" status: 200 len: 257 microversion: 1.28 [pid: 8|app: 0|req: 348/698] 199.204.45.242 () {34 vars in 863 bytes} [Tue Jul 14 18:47:59 2026] GET /allocations/aab78eb1-1be8-425b-8847-60c6e9997a97 => generated 257 bytes in 13 msecs (HTTP/1.1 200) 8 headers in 296 bytes (1 switches on core 0)
2026-07-14 18:48:01.740 7 INFO placement.requestlog [None req-36df91ac-95f4-4532-8865-abf277e5fa86 - - - - - -] 10.0.0.183 "GET /" status: 200 len: 136 microversion: 1.0
2026-07-14 18:48:01.740 8 INFO placement.requestlog [None req-dbc4e3f1-884d-4208-986d-7809888dbc96 - - - - - -] 10.0.0.183 "GET /" status: 200 len: 136 microversion: 1.0
2026-07-14 18:48:04.525 7 INFO placement.requestlog [req-c2d2c22c-9c73-439e-9192-0f8dbfaf7c80 req-9eaaf4d7-6cc7-4d9c-be4a-9967ae17232a 1623d4c0f3c14414a298c352d98bdb5f 6ac8087fe6b2430bb1593861b128c16b - - c6f06777e3464adab0a1555a6d76545d c6f06777e3464adab0a1555a6d76545d] 10.0.0.128 "GET /allocation_candidates?limit=1000&resources=DISK_GB%3A1%2CMEMORY_MB%3A512%2CVCPU%3A1&root_required=%21COMPUTE_STATUS_DISABLED" status: 200 len: 2784 microversion: 1.36 [pid: 7|app: 0|req: 352/701] 10.0.0.128 () {34 vars in 1012 bytes} [Tue Jul 14 18:48:04 2026] GET /allocation_candidates?limit=1000&resources=DISK_GB%3A1%2CMEMORY_MB%3A512%2CVCPU%3A1&root_required=%21COMPUTE_STATUS_DISABLED => generated 2784 bytes in 65 msecs (HTTP/1.1 200) 8 headers in 297 bytes (1 switches on core 0)
2026-07-14 18:48:04.559 8 INFO placement.requestlog [req-c2d2c22c-9c73-439e-9192-0f8dbfaf7c80 req-99e17b23-48ae-42c3-bee6-cd5d68286903 1623d4c0f3c14414a298c352d98bdb5f 6ac8087fe6b2430bb1593861b128c16b - - c6f06777e3464adab0a1555a6d76545d c6f06777e3464adab0a1555a6d76545d] 10.0.0.128 "GET /allocations/627bc95c-d2b9-4591-8dc1-dcfbd2095db6" status: 200 len: 19 microversion: 1.28 [pid: 8|app: 0|req: 350/702] 10.0.0.128 () {34 vars in 861 bytes} [Tue Jul 14 18:48:04 2026] GET /allocations/627bc95c-d2b9-4591-8dc1-dcfbd2095db6 => generated 19 bytes in 12 msecs (HTTP/1.1 200) 8 headers in 295 bytes (1 switches on core 0)
2026-07-14 18:48:04.648 7 INFO placement.requestlog [req-c2d2c22c-9c73-439e-9192-0f8dbfaf7c80 req-206f848e-4ff2-4652-8ec5-fcf463ca6781 1623d4c0f3c14414a298c352d98bdb5f 6ac8087fe6b2430bb1593861b128c16b - - c6f06777e3464adab0a1555a6d76545d c6f06777e3464adab0a1555a6d76545d] 10.0.0.128 "PUT /allocations/627bc95c-d2b9-4591-8dc1-dcfbd2095db6" status: 204 len: 0 microversion: 1.36 [pid: 7|app: 0|req: 353/703] 10.0.0.128 () {38 vars in 914 bytes} [Tue Jul 14 18:48:04 2026] PUT /allocations/627bc95c-d2b9-4591-8dc1-dcfbd2095db6 => generated 0 bytes in 81 msecs (HTTP/1.1 204) 5 headers in 199 bytes (1 switches on core 0)
2026-07-14 18:48:06.130 8 INFO placement.requestlog [req-c2d2c22c-9c73-439e-9192-0f8dbfaf7c80 req-5a5fab23-6b57-4936-a573-25ffb2af0c89 1623d4c0f3c14414a298c352d98bdb5f 6ac8087fe6b2430bb1593861b128c16b - - c6f06777e3464adab0a1555a6d76545d c6f06777e3464adab0a1555a6d76545d] 199.204.45.242 "GET /allocations/627bc95c-d2b9-4591-8dc1-dcfbd2095db6" status: 200 len: 257 microversion: 1.28 [pid: 8|app: 0|req: 351/704] 199.204.45.242 () {34 vars in 863 bytes} [Tue Jul 14 18:48:06 2026] GET /allocations/627bc95c-d2b9-4591-8dc1-dcfbd2095db6 => generated 257 bytes in 15 msecs (HTTP/1.1 200) 8 headers in 296 bytes (1 switches on core 0)
2026-07-14 18:48:07.187 7 INFO placement.requestlog [req-c2d2c22c-9c73-439e-9192-0f8dbfaf7c80 req-9697c90c-c5ed-4346-83e4-6ed21dd73c55 1623d4c0f3c14414a298c352d98bdb5f 6ac8087fe6b2430bb1593861b128c16b - - c6f06777e3464adab0a1555a6d76545d c6f06777e3464adab0a1555a6d76545d] 199.204.45.242 "GET /resource_providers/628669fd-dac8-4c18-8fcc-2b70b31d664f/allocations" status: 200 len: 352 microversion: 1.0 [pid: 7|app: 0|req: 354/705] 199.204.45.242 () {32 vars in 857 bytes} [Tue Jul 14 18:48:07 2026] GET /resource_providers/628669fd-dac8-4c18-8fcc-2b70b31d664f/allocations => generated 352 bytes in 16 msecs (HTTP/1.1 200) 6 headers in 224 bytes (1 switches on core 0)
2026-07-14 18:48:07.218 8 INFO placement.requestlog [req-c2d2c22c-9c73-439e-9192-0f8dbfaf7c80 req-d1933af2-a79c-41ed-b36f-ce393a25a301 1623d4c0f3c14414a298c352d98bdb5f 6ac8087fe6b2430bb1593861b128c16b - - c6f06777e3464adab0a1555a6d76545d c6f06777e3464adab0a1555a6d76545d] 199.204.45.242 "GET /allocations/5d3f8d6f-1830-4d20-980a-bd540461ddec" status: 200 len: 257 microversion: 1.28 [pid: 8|app: 0|req: 352/706] 199.204.45.242 () {34 vars in 863 bytes} [Tue Jul 14 18:48:07 2026] GET /allocations/5d3f8d6f-1830-4d20-980a-bd540461ddec => generated 257 bytes in 21 msecs (HTTP/1.1 200) 8 headers in 296 bytes (1 switches on core 0)
2026-07-14 18:48:07.243 7 INFO placement.requestlog [req-c2d2c22c-9c73-439e-9192-0f8dbfaf7c80 req-1db3e2e4-3330-4e7a-bd96-926a08503d07 1623d4c0f3c14414a298c352d98bdb5f 6ac8087fe6b2430bb1593861b128c16b - - c6f06777e3464adab0a1555a6d76545d c6f06777e3464adab0a1555a6d76545d] 199.204.45.242 "GET /allocations/aab78eb1-1be8-425b-8847-60c6e9997a97" status: 200 len: 257 microversion: 1.28 [pid: 7|app: 0|req: 355/707] 199.204.45.242 () {34 vars in 863 bytes} [Tue Jul 14 18:48:07 2026] GET /allocations/aab78eb1-1be8-425b-8847-60c6e9997a97 => generated 257 bytes in 19 msecs (HTTP/1.1 200) 8 headers in 296 bytes (1 switches on core 0)
2026-07-14 18:48:07.261 8 INFO placement.requestlog [req-c2d2c22c-9c73-439e-9192-0f8dbfaf7c80 req-5dd27864-6914-468f-bbd2-eeb7eea397fe 1623d4c0f3c14414a298c352d98bdb5f 6ac8087fe6b2430bb1593861b128c16b - - c6f06777e3464adab0a1555a6d76545d c6f06777e3464adab0a1555a6d76545d] 199.204.45.242 "GET /allocations/627bc95c-d2b9-4591-8dc1-dcfbd2095db6" status: 200 len: 257 microversion: 1.28 [pid: 8|app: 0|req: 353/708] 199.204.45.242 () {34 vars in 863 bytes} [Tue Jul 14 18:48:07 2026] GET /allocations/627bc95c-d2b9-4591-8dc1-dcfbd2095db6 => generated 257 bytes in 13 msecs (HTTP/1.1 200) 8 headers in 296 bytes (1 switches on core 0)
2026-07-14 18:48:08.992 7 INFO placement.requestlog [req-e73bd1a4-9a61-4d7e-be76-fa715bef0346 req-9bc83a5e-fdde-4661-b142-9c5b43c9de79 1623d4c0f3c14414a298c352d98bdb5f 6ac8087fe6b2430bb1593861b128c16b - - c6f06777e3464adab0a1555a6d76545d c6f06777e3464adab0a1555a6d76545d] 10.0.0.128 "GET /allocation_candidates?limit=1000&resources=MEMORY_MB%3A512%2CVCPU%3A1&root_required=%21COMPUTE_STATUS_DISABLED" status: 200 len: 2770 microversion: 1.36 [pid: 7|app: 0|req: 356/709] 10.0.0.128 () {34 vars in 984 bytes} [Tue Jul 14 18:48:08 2026] GET /allocation_candidates?limit=1000&resources=MEMORY_MB%3A512%2CVCPU%3A1&root_required=%21COMPUTE_STATUS_DISABLED => generated 2770 bytes in 42 msecs (HTTP/1.1 200) 8 headers in 297 bytes (1 switches on core 0)
2026-07-14 18:48:09.047 8 INFO placement.requestlog [req-e73bd1a4-9a61-4d7e-be76-fa715bef0346 req-dde604c8-ed21-470c-8257-ff30941f3b06 1623d4c0f3c14414a298c352d98bdb5f 6ac8087fe6b2430bb1593861b128c16b - - c6f06777e3464adab0a1555a6d76545d c6f06777e3464adab0a1555a6d76545d] 10.0.0.128 "GET /allocations/adaf6090-f55c-4cc6-8c3f-bc2a7a493238" status: 200 len: 19 microversion: 1.28 [pid: 8|app: 0|req: 354/710] 10.0.0.128 () {34 vars in 861 bytes} [Tue Jul 14 18:48:09 2026] GET /allocations/adaf6090-f55c-4cc6-8c3f-bc2a7a493238 => generated 19 bytes in 14 msecs (HTTP/1.1 200) 8 headers in 295 bytes (1 switches on core 0)
2026-07-14 18:48:09.176 7 INFO placement.requestlog [req-e73bd1a4-9a61-4d7e-be76-fa715bef0346 req-5bf41833-5d19-411c-bbd8-d96f98be7850 1623d4c0f3c14414a298c352d98bdb5f 6ac8087fe6b2430bb1593861b128c16b - - c6f06777e3464adab0a1555a6d76545d c6f06777e3464adab0a1555a6d76545d] 10.0.0.128 "PUT /allocations/adaf6090-f55c-4cc6-8c3f-bc2a7a493238" status: 204 len: 0 microversion: 1.36 [pid: 7|app: 0|req: 357/711] 10.0.0.128 () {38 vars in 914 bytes} [Tue Jul 14 18:48:09 2026] PUT /allocations/adaf6090-f55c-4cc6-8c3f-bc2a7a493238 => generated 0 bytes in 121 msecs (HTTP/1.1 204) 5 headers in 199 bytes (1 switches on core 0)
2026-07-14 18:48:10.853 8 INFO placement.requestlog [req-e73bd1a4-9a61-4d7e-be76-fa715bef0346 req-3e66f7d0-68c2-425a-831c-f5f70f821cbb 1623d4c0f3c14414a298c352d98bdb5f 6ac8087fe6b2430bb1593861b128c16b - - c6f06777e3464adab0a1555a6d76545d c6f06777e3464adab0a1555a6d76545d] 199.204.45.242 "GET /allocations/adaf6090-f55c-4cc6-8c3f-bc2a7a493238" status: 200 len: 243 microversion: 1.28 [pid: 8|app: 0|req: 355/712] 199.204.45.242 () {34 vars in 863 bytes} [Tue Jul 14 18:48:10 2026] GET /allocations/adaf6090-f55c-4cc6-8c3f-bc2a7a493238 => generated 243 bytes in 8 msecs (HTTP/1.1 200) 8 headers in 296 bytes (1 switches on core 0)
2026-07-14 18:48:11.740 7 INFO placement.requestlog [None req-ed9fcfdf-8b94-4869-82ee-57ac59abfaf8 - - - - - -] 10.0.0.183 "GET /" status: 200 len: 136 microversion: 1.0
2026-07-14 18:48:11.740 8 INFO placement.requestlog [None req-832420ff-0fa2-4707-b60a-023fe1852e0c - - - - - -] 10.0.0.183 "GET /" status: 200 len: 136 microversion: 1.0
