2026-07-17 19:17:35.199 6 INFO placement.requestlog [None req-e518266d-073e-4f69-9bff-ceeaae47fa3f 9dd0c4a644db436a8d1d662c222b828d eb87e5487b9b49bca2cd4e664673b2b8 - - 0385a326869642ebbac66b2dd9c07a65 0385a326869642ebbac66b2dd9c07a65] 10.0.0.28 "DELETE /resource_providers/a7a08495-6033-4bae-b35f-e907515527ff" status: 404 len: 246 microversion: 1.1 [pid: 6|app: 0|req: 421/840] 10.0.0.28 () {34 vars in 815 bytes} [Fri Jul 17 19:17:35 2026] DELETE /resource_providers/a7a08495-6033-4bae-b35f-e907515527ff => generated 246 bytes in 9 msecs (HTTP/1.1 404) 6 headers in 231 bytes (1 switches on core 0)
2026-07-17 19:17:35.837 6 INFO placement.requestlog [None req-40ffb3d3-e6b2-4e5a-b009-f00f272a827d 9dd0c4a644db436a8d1d662c222b828d eb87e5487b9b49bca2cd4e664673b2b8 - - 0385a326869642ebbac66b2dd9c07a65 0385a326869642ebbac66b2dd9c07a65] 10.0.0.28 "GET /resource_providers/b612055d-71d6-4c60-a1ca-a291b8900138/aggregates" status: 404 len: 235 microversion: 1.1 [pid: 6|app: 0|req: 422/841] 10.0.0.28 () {32 vars in 815 bytes} [Fri Jul 17 19:17:35 2026] GET /resource_providers/b612055d-71d6-4c60-a1ca-a291b8900138/aggregates => generated 235 bytes in 8 msecs (HTTP/1.1 404) 5 headers in 202 bytes (1 switches on core 0)
2026-07-17 19:17:35.837 7 INFO placement.requestlog [None req-125d1540-fd16-4884-bccf-65ee01705035 9dd0c4a644db436a8d1d662c222b828d eb87e5487b9b49bca2cd4e664673b2b8 - - 0385a326869642ebbac66b2dd9c07a65 0385a326869642ebbac66b2dd9c07a65] 10.0.0.28 "GET /resource_providers/b612055d-71d6-4c60-a1ca-a291b8900138/aggregates" status: 404 len: 235 microversion: 1.1 [pid: 7|app: 0|req: 420/842] 10.0.0.28 () {32 vars in 815 bytes} [Fri Jul 17 19:17:35 2026] GET /resource_providers/b612055d-71d6-4c60-a1ca-a291b8900138/aggregates => generated 235 bytes in 9 msecs (HTTP/1.1 404) 5 headers in 202 bytes (1 switches on core 0)
2026-07-17 19:17:35.869 6 INFO placement.requestlog [None req-4dd09a25-240a-4a91-a8de-382266145fdf 9dd0c4a644db436a8d1d662c222b828d eb87e5487b9b49bca2cd4e664673b2b8 - - 0385a326869642ebbac66b2dd9c07a65 0385a326869642ebbac66b2dd9c07a65] 10.0.0.28 "DELETE /resource_providers/b612055d-71d6-4c60-a1ca-a291b8900138" status: 404 len: 246 microversion: 1.1 [pid: 6|app: 0|req: 423/843] 10.0.0.28 () {34 vars in 815 bytes} [Fri Jul 17 19:17:35 2026] DELETE /resource_providers/b612055d-71d6-4c60-a1ca-a291b8900138 => generated 246 bytes in 11 msecs (HTTP/1.1 404) 6 headers in 231 bytes (1 switches on core 0)
2026-07-17 19:17:35.889 7 INFO placement.requestlog [None req-5cb51dac-469d-4c62-bb44-ae7a92f7399f 9dd0c4a644db436a8d1d662c222b828d eb87e5487b9b49bca2cd4e664673b2b8 - - 0385a326869642ebbac66b2dd9c07a65 0385a326869642ebbac66b2dd9c07a65] 10.0.0.28 "DELETE /resource_providers/b612055d-71d6-4c60-a1ca-a291b8900138" status: 404 len: 246 microversion: 1.1 [pid: 7|app: 0|req: 421/844] 10.0.0.28 () {34 vars in 815 bytes} [Fri Jul 17 19:17:35 2026] DELETE /resource_providers/b612055d-71d6-4c60-a1ca-a291b8900138 => generated 246 bytes in 13 msecs (HTTP/1.1 404) 6 headers in 231 bytes (1 switches on core 0)
2026-07-17 19:17:36.883 6 INFO placement.requestlog [None req-b6b9301b-fb5e-414f-b933-292ce391b435 - - - - - -] 10.0.0.12 "GET /" status: 200 len: 136 microversion: 1.0
2026-07-17 19:17:36.885 7 INFO placement.requestlog [None req-5ab72af6-1d12-4a62-b237-bd7f582b7c6d - - - - - -] 10.0.0.12 "GET /" status: 200 len: 136 microversion: 1.0
2026-07-17 19:17:37.892 6 INFO placement.requestlog [None req-b40af898-ef1f-4bfe-a680-4b7b8b191d1d 9dd0c4a644db436a8d1d662c222b828d eb87e5487b9b49bca2cd4e664673b2b8 - - 0385a326869642ebbac66b2dd9c07a65 0385a326869642ebbac66b2dd9c07a65] 10.0.0.28 "GET /resource_providers/5ca451a0-df76-4cc5-ac05-035b6bcf4734/aggregates" status: 404 len: 235 microversion: 1.1 [pid: 6|app: 0|req: 425/847] 10.0.0.28 () {32 vars in 815 bytes} [Fri Jul 17 19:17:37 2026] GET /resource_providers/5ca451a0-df76-4cc5-ac05-035b6bcf4734/aggregates => generated 235 bytes in 10 msecs (HTTP/1.1 404) 5 headers in 202 bytes (1 switches on core 0)
2026-07-17 19:17:37.914 7 INFO placement.requestlog [None req-753c8ef2-8954-4bba-8be5-659493668116 9dd0c4a644db436a8d1d662c222b828d eb87e5487b9b49bca2cd4e664673b2b8 - - 0385a326869642ebbac66b2dd9c07a65 0385a326869642ebbac66b2dd9c07a65] 10.0.0.28 "GET /resource_providers/5ca451a0-df76-4cc5-ac05-035b6bcf4734/aggregates" status: 404 len: 235 microversion: 1.1 [pid: 7|app: 0|req: 423/848] 10.0.0.28 () {32 vars in 815 bytes} [Fri Jul 17 19:17:37 2026] GET /resource_providers/5ca451a0-df76-4cc5-ac05-035b6bcf4734/aggregates => generated 235 bytes in 9 msecs (HTTP/1.1 404) 5 headers in 202 bytes (1 switches on core 0)
2026-07-17 19:17:37.915 6 INFO placement.requestlog [None req-2216941a-0e28-470b-a8eb-dccc60268d47 9dd0c4a644db436a8d1d662c222b828d eb87e5487b9b49bca2cd4e664673b2b8 - - 0385a326869642ebbac66b2dd9c07a65 0385a326869642ebbac66b2dd9c07a65] 10.0.0.28 "DELETE /resource_providers/5ca451a0-df76-4cc5-ac05-035b6bcf4734" status: 404 len: 246 microversion: 1.1 [pid: 6|app: 0|req: 426/849] 10.0.0.28 () {34 vars in 815 bytes} [Fri Jul 17 19:17:37 2026] DELETE /resource_providers/5ca451a0-df76-4cc5-ac05-035b6bcf4734 => generated 246 bytes in 8 msecs (HTTP/1.1 404) 6 headers in 231 bytes (1 switches on core 0)
2026-07-17 19:17:37.965 7 INFO placement.requestlog [None req-72e6b5f6-ea55-455e-bf2b-e97737a5083e 9dd0c4a644db436a8d1d662c222b828d eb87e5487b9b49bca2cd4e664673b2b8 - - 0385a326869642ebbac66b2dd9c07a65 0385a326869642ebbac66b2dd9c07a65] 10.0.0.28 "DELETE /resource_providers/5ca451a0-df76-4cc5-ac05-035b6bcf4734" status: 404 len: 246 microversion: 1.1 [pid: 7|app: 0|req: 424/850] 10.0.0.28 () {34 vars in 815 bytes} [Fri Jul 17 19:17:37 2026] DELETE /resource_providers/5ca451a0-df76-4cc5-ac05-035b6bcf4734 => generated 246 bytes in 14 msecs (HTTP/1.1 404) 6 headers in 231 bytes (1 switches on core 0)
2026-07-17 19:17:38.941 6 INFO placement.requestlog [None req-20904e1d-d07e-4195-950e-9105edfbe2da 9dd0c4a644db436a8d1d662c222b828d eb87e5487b9b49bca2cd4e664673b2b8 - - 0385a326869642ebbac66b2dd9c07a65 0385a326869642ebbac66b2dd9c07a65] 10.0.0.28 "GET /resource_providers/7d40de3b-4caa-4e55-9e52-f0564c5f0fec/aggregates" status: 404 len: 235 microversion: 1.1 [pid: 6|app: 0|req: 427/851] 10.0.0.28 () {32 vars in 815 bytes} [Fri Jul 17 19:17:38 2026] GET /resource_providers/7d40de3b-4caa-4e55-9e52-f0564c5f0fec/aggregates => generated 235 bytes in 10 msecs (HTTP/1.1 404) 5 headers in 202 bytes (1 switches on core 0)
2026-07-17 19:17:38.946 7 INFO placement.requestlog [None req-8b833e28-5ba3-48b0-843d-f5cd6f2ac537 9dd0c4a644db436a8d1d662c222b828d eb87e5487b9b49bca2cd4e664673b2b8 - - 0385a326869642ebbac66b2dd9c07a65 0385a326869642ebbac66b2dd9c07a65] 10.0.0.28 "GET /resource_providers/7d40de3b-4caa-4e55-9e52-f0564c5f0fec/aggregates" status: 404 len: 235 microversion: 1.1 [pid: 7|app: 0|req: 425/852] 10.0.0.28 () {32 vars in 815 bytes} [Fri Jul 17 19:17:38 2026] GET /resource_providers/7d40de3b-4caa-4e55-9e52-f0564c5f0fec/aggregates => generated 235 bytes in 12 msecs (HTTP/1.1 404) 5 headers in 202 bytes (1 switches on core 0)
2026-07-17 19:17:38.959 6 INFO placement.requestlog [None req-8907ab43-d21f-42ae-8eeb-587c2823ddbc 9dd0c4a644db436a8d1d662c222b828d eb87e5487b9b49bca2cd4e664673b2b8 - - 0385a326869642ebbac66b2dd9c07a65 0385a326869642ebbac66b2dd9c07a65] 10.0.0.28 "DELETE /resource_providers/7d40de3b-4caa-4e55-9e52-f0564c5f0fec" status: 404 len: 246 microversion: 1.1 [pid: 6|app: 0|req: 428/853] 10.0.0.28 () {34 vars in 815 bytes} [Fri Jul 17 19:17:38 2026] DELETE /resource_providers/7d40de3b-4caa-4e55-9e52-f0564c5f0fec => generated 246 bytes in 13 msecs (HTTP/1.1 404) 6 headers in 231 bytes (1 switches on core 0)
2026-07-17 19:17:38.967 7 INFO placement.requestlog [None req-15df4942-c66b-4bda-b4f1-0b0ee2577c83 9dd0c4a644db436a8d1d662c222b828d eb87e5487b9b49bca2cd4e664673b2b8 - - 0385a326869642ebbac66b2dd9c07a65 0385a326869642ebbac66b2dd9c07a65] 10.0.0.28 "DELETE /resource_providers/7d40de3b-4caa-4e55-9e52-f0564c5f0fec" status: 404 len: 246 microversion: 1.1 [pid: 7|app: 0|req: 426/854] 10.0.0.28 () {34 vars in 815 bytes} [Fri Jul 17 19:17:38 2026] DELETE /resource_providers/7d40de3b-4caa-4e55-9e52-f0564c5f0fec => generated 246 bytes in 9 msecs (HTTP/1.1 404) 6 headers in 231 bytes (1 switches on core 0)
2026-07-17 19:17:42.365 6 INFO placement.requestlog [None req-ff286584-e3e2-4543-9883-46394ecf598f 9dd0c4a644db436a8d1d662c222b828d eb87e5487b9b49bca2cd4e664673b2b8 - - 0385a326869642ebbac66b2dd9c07a65 0385a326869642ebbac66b2dd9c07a65] 10.0.0.28 "GET /resource_providers/656cb95d-0a1f-4c61-b156-ed4d354c6672/aggregates" status: 404 len: 235 microversion: 1.1 [pid: 6|app: 0|req: 429/855] 10.0.0.28 () {32 vars in 815 bytes} [Fri Jul 17 19:17:42 2026] GET /resource_providers/656cb95d-0a1f-4c61-b156-ed4d354c6672/aggregates => generated 235 bytes in 7 msecs (HTTP/1.1 404) 5 headers in 202 bytes (1 switches on core 0)
2026-07-17 19:17:42.370 6 INFO placement.requestlog [None req-24e729da-de4d-4687-8aa2-10b70a14d459 9dd0c4a644db436a8d1d662c222b828d eb87e5487b9b49bca2cd4e664673b2b8 - - 0385a326869642ebbac66b2dd9c07a65 0385a326869642ebbac66b2dd9c07a65] 10.0.0.28 "GET /resource_providers/0e480312-30c7-43ae-a762-517de072957e/aggregates" status: 404 len: 235 microversion: 1.1 [pid: 6|app: 0|req: 430/856] 10.0.0.28 () {32 vars in 815 bytes} [Fri Jul 17 19:17:42 2026] GET /resource_providers/0e480312-30c7-43ae-a762-517de072957e/aggregates => generated 235 bytes in 4 msecs (HTTP/1.1 404) 5 headers in 202 bytes (1 switches on core 0)
2026-07-17 19:17:42.370 7 INFO placement.requestlog [None req-b5b82247-d12c-4f7f-b7c8-5f73f29c91d3 9dd0c4a644db436a8d1d662c222b828d eb87e5487b9b49bca2cd4e664673b2b8 - - 0385a326869642ebbac66b2dd9c07a65 0385a326869642ebbac66b2dd9c07a65] 10.0.0.28 "GET /resource_providers/656cb95d-0a1f-4c61-b156-ed4d354c6672/aggregates" status: 404 len: 235 microversion: 1.1 [pid: 7|app: 0|req: 427/857] 10.0.0.28 () {32 vars in 815 bytes} [Fri Jul 17 19:17:42 2026] GET /resource_providers/656cb95d-0a1f-4c61-b156-ed4d354c6672/aggregates => generated 235 bytes in 12 msecs (HTTP/1.1 404) 5 headers in 202 bytes (1 switches on core 0)
2026-07-17 19:17:42.376 6 INFO placement.requestlog [None req-82fa943a-621b-466a-9ff3-d8daa31860ec 9dd0c4a644db436a8d1d662c222b828d eb87e5487b9b49bca2cd4e664673b2b8 - - 0385a326869642ebbac66b2dd9c07a65 0385a326869642ebbac66b2dd9c07a65] 10.0.0.28 "GET /resource_providers/0e480312-30c7-43ae-a762-517de072957e/aggregates" status: 404 len: 235 microversion: 1.1 [pid: 6|app: 0|req: 431/858] 10.0.0.28 () {32 vars in 815 bytes} [Fri Jul 17 19:17:42 2026] GET /resource_providers/0e480312-30c7-43ae-a762-517de072957e/aggregates => generated 235 bytes in 5 msecs (HTTP/1.1 404) 5 headers in 202 bytes (1 switches on core 0)
2026-07-17 19:17:42.387 7 INFO placement.requestlog [None req-eaf69e7d-30d7-4ceb-ba37-26bddabf6fc3 9dd0c4a644db436a8d1d662c222b828d eb87e5487b9b49bca2cd4e664673b2b8 - - 0385a326869642ebbac66b2dd9c07a65 0385a326869642ebbac66b2dd9c07a65] 10.0.0.28 "DELETE /resource_providers/656cb95d-0a1f-4c61-b156-ed4d354c6672" status: 404 len: 246 microversion: 1.1 [pid: 7|app: 0|req: 428/859] 10.0.0.28 () {34 vars in 815 bytes} [Fri Jul 17 19:17:42 2026] DELETE /resource_providers/656cb95d-0a1f-4c61-b156-ed4d354c6672 => generated 246 bytes in 7 msecs (HTTP/1.1 404) 6 headers in 231 bytes (1 switches on core 0)
2026-07-17 19:17:42.389 6 INFO placement.requestlog [None req-798ad420-8da2-45a8-8ff7-ff2a21b7204f 9dd0c4a644db436a8d1d662c222b828d eb87e5487b9b49bca2cd4e664673b2b8 - - 0385a326869642ebbac66b2dd9c07a65 0385a326869642ebbac66b2dd9c07a65] 10.0.0.28 "DELETE /resource_providers/656cb95d-0a1f-4c61-b156-ed4d354c6672" status: 404 len: 246 microversion: 1.1 [pid: 6|app: 0|req: 432/860] 10.0.0.28 () {34 vars in 815 bytes} [Fri Jul 17 19:17:42 2026] DELETE /resource_providers/656cb95d-0a1f-4c61-b156-ed4d354c6672 => generated 246 bytes in 7 msecs (HTTP/1.1 404) 6 headers in 231 bytes (1 switches on core 0)
2026-07-17 19:17:42.395 7 INFO placement.requestlog [None req-bdcdca7a-820d-4104-aceb-1d81bdb1542c 9dd0c4a644db436a8d1d662c222b828d eb87e5487b9b49bca2cd4e664673b2b8 - - 0385a326869642ebbac66b2dd9c07a65 0385a326869642ebbac66b2dd9c07a65] 10.0.0.28 "DELETE /resource_providers/0e480312-30c7-43ae-a762-517de072957e" status: 404 len: 246 microversion: 1.1 [pid: 7|app: 0|req: 429/861] 10.0.0.28 () {34 vars in 815 bytes} [Fri Jul 17 19:17:42 2026] DELETE /resource_providers/0e480312-30c7-43ae-a762-517de072957e => generated 246 bytes in 8 msecs (HTTP/1.1 404) 6 headers in 231 bytes (1 switches on core 0)
2026-07-17 19:17:42.405 6 INFO placement.requestlog [None req-2c2fa896-d017-43e7-bacf-08183463eb29 9dd0c4a644db436a8d1d662c222b828d eb87e5487b9b49bca2cd4e664673b2b8 - - 0385a326869642ebbac66b2dd9c07a65 0385a326869642ebbac66b2dd9c07a65] 10.0.0.28 "DELETE /resource_providers/0e480312-30c7-43ae-a762-517de072957e" status: 404 len: 246 microversion: 1.1 [pid: 6|app: 0|req: 433/862] 10.0.0.28 () {34 vars in 815 bytes} [Fri Jul 17 19:17:42 2026] DELETE /resource_providers/0e480312-30c7-43ae-a762-517de072957e => generated 246 bytes in 8 msecs (HTTP/1.1 404) 6 headers in 231 bytes (1 switches on core 0)
2026-07-17 19:17:44.413 7 INFO placement.requestlog [None req-2702a289-1a7b-45a0-acea-93a0603243a5 9dd0c4a644db436a8d1d662c222b828d eb87e5487b9b49bca2cd4e664673b2b8 - - 0385a326869642ebbac66b2dd9c07a65 0385a326869642ebbac66b2dd9c07a65] 10.0.0.28 "GET /resource_providers/4b7134a8-1126-44f4-ab27-c3349fa66faf/aggregates" status: 404 len: 235 microversion: 1.1 [pid: 7|app: 0|req: 430/863] 10.0.0.28 () {32 vars in 815 bytes} [Fri Jul 17 19:17:44 2026] GET /resource_providers/4b7134a8-1126-44f4-ab27-c3349fa66faf/aggregates => generated 235 bytes in 10 msecs (HTTP/1.1 404) 5 headers in 202 bytes (1 switches on core 0)
2026-07-17 19:17:44.415 6 INFO placement.requestlog [None req-a3ff4483-1852-42c7-9333-fa37d15a8a42 9dd0c4a644db436a8d1d662c222b828d eb87e5487b9b49bca2cd4e664673b2b8 - - 0385a326869642ebbac66b2dd9c07a65 0385a326869642ebbac66b2dd9c07a65] 10.0.0.28 "GET /resource_providers/4b7134a8-1126-44f4-ab27-c3349fa66faf/aggregates" status: 404 len: 235 microversion: 1.1 [pid: 6|app: 0|req: 434/864] 10.0.0.28 () {32 vars in 815 bytes} [Fri Jul 17 19:17:44 2026] GET /resource_providers/4b7134a8-1126-44f4-ab27-c3349fa66faf/aggregates => generated 235 bytes in 8 msecs (HTTP/1.1 404) 5 headers in 202 bytes (1 switches on core 0)
2026-07-17 19:17:44.433 7 INFO placement.requestlog [None req-11c410ca-68fc-4e7e-bf81-596ee961a30e 9dd0c4a644db436a8d1d662c222b828d eb87e5487b9b49bca2cd4e664673b2b8 - - 0385a326869642ebbac66b2dd9c07a65 0385a326869642ebbac66b2dd9c07a65] 10.0.0.28 "DELETE /resource_providers/4b7134a8-1126-44f4-ab27-c3349fa66faf" status: 404 len: 246 microversion: 1.1 [pid: 7|app: 0|req: 431/865] 10.0.0.28 () {34 vars in 815 bytes} [Fri Jul 17 19:17:44 2026] DELETE /resource_providers/4b7134a8-1126-44f4-ab27-c3349fa66faf => generated 246 bytes in 9 msecs (HTTP/1.1 404) 6 headers in 231 bytes (1 switches on core 0)
2026-07-17 19:17:44.439 6 INFO placement.requestlog [None req-9bfedf4a-012e-44ec-bb08-890735d4826d 9dd0c4a644db436a8d1d662c222b828d eb87e5487b9b49bca2cd4e664673b2b8 - - 0385a326869642ebbac66b2dd9c07a65 0385a326869642ebbac66b2dd9c07a65] 10.0.0.28 "DELETE /resource_providers/4b7134a8-1126-44f4-ab27-c3349fa66faf" status: 404 len: 246 microversion: 1.1 [pid: 6|app: 0|req: 435/866] 10.0.0.28 () {34 vars in 815 bytes} [Fri Jul 17 19:17:44 2026] DELETE /resource_providers/4b7134a8-1126-44f4-ab27-c3349fa66faf => generated 246 bytes in 9 msecs (HTTP/1.1 404) 6 headers in 231 bytes (1 switches on core 0)
2026-07-17 19:17:46.448 7 INFO placement.requestlog [None req-2cdc29e3-1798-47cc-8563-bd39447b6621 9dd0c4a644db436a8d1d662c222b828d eb87e5487b9b49bca2cd4e664673b2b8 - - 0385a326869642ebbac66b2dd9c07a65 0385a326869642ebbac66b2dd9c07a65] 10.0.0.28 "GET /resource_providers/211d2f6b-90e2-42ba-b166-1c21725c9a25/aggregates" status: 404 len: 235 microversion: 1.1 [pid: 7|app: 0|req: 432/867] 10.0.0.28 () {32 vars in 815 bytes} [Fri Jul 17 19:17:46 2026] GET /resource_providers/211d2f6b-90e2-42ba-b166-1c21725c9a25/aggregates => generated 235 bytes in 7 msecs (HTTP/1.1 404) 5 headers in 202 bytes (1 switches on core 0)
2026-07-17 19:17:46.463 6 INFO placement.requestlog [None req-e913564f-f298-4a56-a617-061473549a75 9dd0c4a644db436a8d1d662c222b828d eb87e5487b9b49bca2cd4e664673b2b8 - - 0385a326869642ebbac66b2dd9c07a65 0385a326869642ebbac66b2dd9c07a65] 10.0.0.28 "GET /resource_providers/211d2f6b-90e2-42ba-b166-1c21725c9a25/aggregates" status: 404 len: 235 microversion: 1.1 [pid: 6|app: 0|req: 436/868] 10.0.0.28 () {32 vars in 815 bytes} [Fri Jul 17 19:17:46 2026] GET /resource_providers/211d2f6b-90e2-42ba-b166-1c21725c9a25/aggregates => generated 235 bytes in 9 msecs (HTTP/1.1 404) 5 headers in 202 bytes (1 switches on core 0)
2026-07-17 19:17:46.464 7 INFO placement.requestlog [None req-b1d736dc-3bc3-45d6-b712-e67fbd25ce4d 9dd0c4a644db436a8d1d662c222b828d eb87e5487b9b49bca2cd4e664673b2b8 - - 0385a326869642ebbac66b2dd9c07a65 0385a326869642ebbac66b2dd9c07a65] 10.0.0.28 "DELETE /resource_providers/211d2f6b-90e2-42ba-b166-1c21725c9a25" status: 404 len: 246 microversion: 1.1 [pid: 7|app: 0|req: 433/869] 10.0.0.28 () {34 vars in 815 bytes} [Fri Jul 17 19:17:46 2026] DELETE /resource_providers/211d2f6b-90e2-42ba-b166-1c21725c9a25 => generated 246 bytes in 8 msecs (HTTP/1.1 404) 6 headers in 231 bytes (1 switches on core 0)
2026-07-17 19:17:46.479 6 INFO placement.requestlog [None req-0450ee29-04b0-440e-af4b-d118d16b755f 9dd0c4a644db436a8d1d662c222b828d eb87e5487b9b49bca2cd4e664673b2b8 - - 0385a326869642ebbac66b2dd9c07a65 0385a326869642ebbac66b2dd9c07a65] 10.0.0.28 "DELETE /resource_providers/211d2f6b-90e2-42ba-b166-1c21725c9a25" status: 404 len: 246 microversion: 1.1 [pid: 6|app: 0|req: 437/870] 10.0.0.28 () {34 vars in 815 bytes} [Fri Jul 17 19:17:46 2026] DELETE /resource_providers/211d2f6b-90e2-42ba-b166-1c21725c9a25 => generated 246 bytes in 8 msecs (HTTP/1.1 404) 6 headers in 231 bytes (1 switches on core 0)
2026-07-17 19:17:46.885 6 INFO placement.requestlog [None req-135371ba-f459-46eb-be0d-f104f66b2181 - - - - - -] 10.0.0.12 "GET /" status: 200 len: 136 microversion: 1.0
2026-07-17 19:17:46.885 7 INFO placement.requestlog [None req-b8d96e15-7173-4adb-b034-ab4e24520f5c - - - - - -] 10.0.0.12 "GET /" status: 200 len: 136 microversion: 1.0
2026-07-17 19:17:47.696 6 INFO placement.requestlog [None req-ce1fa5f5-bf8f-4e6e-b18b-ef6e4aeeec9a 9dd0c4a644db436a8d1d662c222b828d eb87e5487b9b49bca2cd4e664673b2b8 - - 0385a326869642ebbac66b2dd9c07a65 0385a326869642ebbac66b2dd9c07a65] 10.0.0.28 "GET /resource_providers/84aecea2-9bdc-400f-8d1b-388704324528/aggregates" status: 404 len: 235 microversion: 1.1 [pid: 6|app: 0|req: 439/873] 10.0.0.28 () {32 vars in 815 bytes} [Fri Jul 17 19:17:47 2026] GET /resource_providers/84aecea2-9bdc-400f-8d1b-388704324528/aggregates => generated 235 bytes in 10 msecs (HTTP/1.1 404) 5 headers in 202 bytes (1 switches on core 0)
2026-07-17 19:17:47.700 7 INFO placement.requestlog [None req-c9aee91d-e9c5-44fc-9706-a260dbe5ee12 9dd0c4a644db436a8d1d662c222b828d eb87e5487b9b49bca2cd4e664673b2b8 - - 0385a326869642ebbac66b2dd9c07a65 0385a326869642ebbac66b2dd9c07a65] 10.0.0.28 "GET /resource_providers/84aecea2-9bdc-400f-8d1b-388704324528/aggregates" status: 404 len: 235 microversion: 1.1 [pid: 7|app: 0|req: 435/874] 10.0.0.28 () {32 vars in 815 bytes} [Fri Jul 17 19:17:47 2026] GET /resource_providers/84aecea2-9bdc-400f-8d1b-388704324528/aggregates => generated 235 bytes in 12 msecs (HTTP/1.1 404) 5 headers in 202 bytes (1 switches on core 0)
2026-07-17 19:17:47.720 6 INFO placement.requestlog [None req-53b013da-40d3-479c-b2ce-414f32b663af 9dd0c4a644db436a8d1d662c222b828d eb87e5487b9b49bca2cd4e664673b2b8 - - 0385a326869642ebbac66b2dd9c07a65 0385a326869642ebbac66b2dd9c07a65] 10.0.0.28 "DELETE /resource_providers/84aecea2-9bdc-400f-8d1b-388704324528" status: 404 len: 246 microversion: 1.1 [pid: 6|app: 0|req: 440/875] 10.0.0.28 () {34 vars in 815 bytes} [Fri Jul 17 19:17:47 2026] DELETE /resource_providers/84aecea2-9bdc-400f-8d1b-388704324528 => generated 246 bytes in 8 msecs (HTTP/1.1 404) 6 headers in 231 bytes (1 switches on core 0)
2026-07-17 19:17:47.726 7 INFO placement.requestlog [None req-92c96e39-86ea-4c99-bcdb-e6eb6365a08e 9dd0c4a644db436a8d1d662c222b828d eb87e5487b9b49bca2cd4e664673b2b8 - - 0385a326869642ebbac66b2dd9c07a65 0385a326869642ebbac66b2dd9c07a65] 10.0.0.28 "DELETE /resource_providers/84aecea2-9bdc-400f-8d1b-388704324528" status: 404 len: 246 microversion: 1.1 [pid: 7|app: 0|req: 436/876] 10.0.0.28 () {34 vars in 815 bytes} [Fri Jul 17 19:17:47 2026] DELETE /resource_providers/84aecea2-9bdc-400f-8d1b-388704324528 => generated 246 bytes in 10 msecs (HTTP/1.1 404) 6 headers in 231 bytes (1 switches on core 0)
2026-07-17 19:17:56.883 6 INFO placement.requestlog [None req-bba404ce-1d35-4059-9d06-c844419dd24d - - - - - -] 10.0.0.12 "GET /" status: 200 len: 136 microversion: 1.0
2026-07-17 19:17:56.884 7 INFO placement.requestlog [None req-550c6d8d-c1e4-47d7-8c38-37b0802c7fb7 - - - - - -] 10.0.0.12 "GET /" status: 200 len: 136 microversion: 1.0
2026-07-17 19:17:59.863 6 INFO placement.requestlog [req-544ce303-d534-404c-9601-c3555ad06487 req-14c92afe-0d4f-4c15-8613-19719c5355a6 219925b5f2f5421b98d68a974036d2ca eb87e5487b9b49bca2cd4e664673b2b8 - - 0385a326869642ebbac66b2dd9c07a65 0385a326869642ebbac66b2dd9c07a65] 10.0.0.140 "GET /allocation_candidates?limit=1000&resources=DISK_GB%3A1%2CMEMORY_MB%3A512%2CVCPU%3A1&root_required=%21COMPUTE_STATUS_DISABLED" status: 200 len: 2640 microversion: 1.36 [pid: 6|app: 0|req: 442/879] 10.0.0.140 () {34 vars in 1012 bytes} [Fri Jul 17 19:17:59 2026] GET /allocation_candidates?limit=1000&resources=DISK_GB%3A1%2CMEMORY_MB%3A512%2CVCPU%3A1&root_required=%21COMPUTE_STATUS_DISABLED => generated 2640 bytes in 119 msecs (HTTP/1.1 200) 8 headers in 297 bytes (1 switches on core 0)
2026-07-17 19:17:59.887 7 INFO placement.requestlog [req-544ce303-d534-404c-9601-c3555ad06487 req-a778cd22-ace9-4b51-bb8e-3b205a8128b3 219925b5f2f5421b98d68a974036d2ca eb87e5487b9b49bca2cd4e664673b2b8 - - 0385a326869642ebbac66b2dd9c07a65 0385a326869642ebbac66b2dd9c07a65] 10.0.0.140 "GET /allocations/9ea3c350-d1c7-4eff-a02d-91f989d05c37" status: 200 len: 19 microversion: 1.28 [pid: 7|app: 0|req: 438/880] 10.0.0.140 () {34 vars in 861 bytes} [Fri Jul 17 19:17:59 2026] GET /allocations/9ea3c350-d1c7-4eff-a02d-91f989d05c37 => generated 19 bytes in 9 msecs (HTTP/1.1 200) 8 headers in 295 bytes (1 switches on core 0)
2026-07-17 19:17:59.945 6 INFO placement.requestlog [req-544ce303-d534-404c-9601-c3555ad06487 req-2e79c52c-00ee-409a-8e61-ee3ac3099f13 219925b5f2f5421b98d68a974036d2ca eb87e5487b9b49bca2cd4e664673b2b8 - - 0385a326869642ebbac66b2dd9c07a65 0385a326869642ebbac66b2dd9c07a65] 10.0.0.140 "PUT /allocations/9ea3c350-d1c7-4eff-a02d-91f989d05c37" status: 204 len: 0 microversion: 1.36 [pid: 6|app: 0|req: 443/881] 10.0.0.140 () {38 vars in 914 bytes} [Fri Jul 17 19:17:59 2026] PUT /allocations/9ea3c350-d1c7-4eff-a02d-91f989d05c37 => generated 0 bytes in 56 msecs (HTTP/1.1 204) 5 headers in 199 bytes (1 switches on core 0)
2026-07-17 19:18:00.583 6 INFO placement.requestlog [None req-da127196-ffa8-4827-9345-c4be52a2276f 9dd0c4a644db436a8d1d662c222b828d eb87e5487b9b49bca2cd4e664673b2b8 - - 0385a326869642ebbac66b2dd9c07a65 0385a326869642ebbac66b2dd9c07a65] 10.0.0.28 "GET /resource_providers/8c15446f-f8af-45f9-8270-10bfb1940654/aggregates" status: 404 len: 235 microversion: 1.1 [pid: 6|app: 0|req: 444/882] 10.0.0.28 () {32 vars in 815 bytes} [Fri Jul 17 19:18:00 2026] GET /resource_providers/8c15446f-f8af-45f9-8270-10bfb1940654/aggregates => generated 235 bytes in 10 msecs (HTTP/1.1 404) 5 headers in 202 bytes (1 switches on core 0)
2026-07-17 19:18:00.585 7 INFO placement.requestlog [None req-b318fc74-408d-450a-adbf-c8d875c4b413 9dd0c4a644db436a8d1d662c222b828d eb87e5487b9b49bca2cd4e664673b2b8 - - 0385a326869642ebbac66b2dd9c07a65 0385a326869642ebbac66b2dd9c07a65] 10.0.0.28 "GET /resource_providers/8c15446f-f8af-45f9-8270-10bfb1940654/aggregates" status: 404 len: 235 microversion: 1.1 [pid: 7|app: 0|req: 439/883] 10.0.0.28 () {32 vars in 815 bytes} [Fri Jul 17 19:18:00 2026] GET /resource_providers/8c15446f-f8af-45f9-8270-10bfb1940654/aggregates => generated 235 bytes in 13 msecs (HTTP/1.1 404) 5 headers in 202 bytes (1 switches on core 0)
2026-07-17 19:18:00.602 6 INFO placement.requestlog [None req-6b87b957-b767-4464-ba77-4dd52a83cf88 9dd0c4a644db436a8d1d662c222b828d eb87e5487b9b49bca2cd4e664673b2b8 - - 0385a326869642ebbac66b2dd9c07a65 0385a326869642ebbac66b2dd9c07a65] 10.0.0.28 "DELETE /resource_providers/8c15446f-f8af-45f9-8270-10bfb1940654" status: 404 len: 246 microversion: 1.1 [pid: 6|app: 0|req: 445/884] 10.0.0.28 () {34 vars in 815 bytes} [Fri Jul 17 19:18:00 2026] DELETE /resource_providers/8c15446f-f8af-45f9-8270-10bfb1940654 => generated 246 bytes in 6 msecs (HTTP/1.1 404) 6 headers in 231 bytes (1 switches on core 0)
2026-07-17 19:18:00.604 7 INFO placement.requestlog [None req-a9c0e49f-425b-4bfb-a863-3ff06844da3d 9dd0c4a644db436a8d1d662c222b828d eb87e5487b9b49bca2cd4e664673b2b8 - - 0385a326869642ebbac66b2dd9c07a65 0385a326869642ebbac66b2dd9c07a65] 10.0.0.28 "DELETE /resource_providers/8c15446f-f8af-45f9-8270-10bfb1940654" status: 404 len: 246 microversion: 1.1 [pid: 7|app: 0|req: 440/885] 10.0.0.28 () {34 vars in 815 bytes} [Fri Jul 17 19:18:00 2026] DELETE /resource_providers/8c15446f-f8af-45f9-8270-10bfb1940654 => generated 246 bytes in 7 msecs (HTTP/1.1 404) 6 headers in 231 bytes (1 switches on core 0)
2026-07-17 19:18:01.443 6 INFO placement.requestlog [req-544ce303-d534-404c-9601-c3555ad06487 req-13a60cc8-e00a-4581-b399-4ff2cac713d7 219925b5f2f5421b98d68a974036d2ca eb87e5487b9b49bca2cd4e664673b2b8 - - 0385a326869642ebbac66b2dd9c07a65 0385a326869642ebbac66b2dd9c07a65] 199.204.45.205 "GET /allocations/9ea3c350-d1c7-4eff-a02d-91f989d05c37" status: 200 len: 257 microversion: 1.28 [pid: 6|app: 0|req: 446/886] 199.204.45.205 () {34 vars in 863 bytes} [Fri Jul 17 19:18:01 2026] GET /allocations/9ea3c350-d1c7-4eff-a02d-91f989d05c37 => generated 257 bytes in 50 msecs (HTTP/1.1 200) 8 headers in 296 bytes (1 switches on core 0)
2026-07-17 19:18:02.475 7 INFO placement.requestlog [req-544ce303-d534-404c-9601-c3555ad06487 req-0f372bb8-6fe1-4ac4-b4ca-9340a1f17735 219925b5f2f5421b98d68a974036d2ca eb87e5487b9b49bca2cd4e664673b2b8 - - 0385a326869642ebbac66b2dd9c07a65 0385a326869642ebbac66b2dd9c07a65] 199.204.45.205 "GET /resource_providers/010c00b6-73a8-4bd5-a364-19337262af05/allocations" status: 200 len: 152 microversion: 1.0 [pid: 7|app: 0|req: 441/887] 199.204.45.205 () {32 vars in 857 bytes} [Fri Jul 17 19:18:02 2026] GET /resource_providers/010c00b6-73a8-4bd5-a364-19337262af05/allocations => generated 152 bytes in 11 msecs (HTTP/1.1 200) 6 headers in 224 bytes (1 switches on core 0)
2026-07-17 19:18:02.496 6 INFO placement.requestlog [req-544ce303-d534-404c-9601-c3555ad06487 req-1cbf7e6c-516b-4c2c-9780-e36402c35ee3 219925b5f2f5421b98d68a974036d2ca eb87e5487b9b49bca2cd4e664673b2b8 - - 0385a326869642ebbac66b2dd9c07a65 0385a326869642ebbac66b2dd9c07a65] 199.204.45.205 "GET /allocations/9ea3c350-d1c7-4eff-a02d-91f989d05c37" status: 200 len: 257 microversion: 1.28 [pid: 6|app: 0|req: 447/888] 199.204.45.205 () {34 vars in 863 bytes} [Fri Jul 17 19:18:02 2026] GET /allocations/9ea3c350-d1c7-4eff-a02d-91f989d05c37 => generated 257 bytes in 13 msecs (HTTP/1.1 200) 8 headers in 296 bytes (1 switches on core 0)
2026-07-17 19:18:05.022 7 INFO placement.requestlog [None req-526bc87d-a3c1-40fb-a0c2-a94fb2b17dc0 9dd0c4a644db436a8d1d662c222b828d eb87e5487b9b49bca2cd4e664673b2b8 - - 0385a326869642ebbac66b2dd9c07a65 0385a326869642ebbac66b2dd9c07a65] 10.0.0.28 "GET /resource_providers/ff17c9f4-f8d5-4bd9-aa42-eab56a403ade/aggregates" status: 404 len: 235 microversion: 1.1 [pid: 7|app: 0|req: 442/889] 10.0.0.28 () {32 vars in 815 bytes} [Fri Jul 17 19:18:05 2026] GET /resource_providers/ff17c9f4-f8d5-4bd9-aa42-eab56a403ade/aggregates => generated 235 bytes in 13 msecs (HTTP/1.1 404) 5 headers in 202 bytes (1 switches on core 0)
2026-07-17 19:18:05.026 6 INFO placement.requestlog [None req-cead4870-2645-4fab-affc-cd4beacd819c 9dd0c4a644db436a8d1d662c222b828d eb87e5487b9b49bca2cd4e664673b2b8 - - 0385a326869642ebbac66b2dd9c07a65 0385a326869642ebbac66b2dd9c07a65] 10.0.0.28 "GET /resource_providers/ff17c9f4-f8d5-4bd9-aa42-eab56a403ade/aggregates" status: 404 len: 235 microversion: 1.1 [pid: 6|app: 0|req: 448/890] 10.0.0.28 () {32 vars in 815 bytes} [Fri Jul 17 19:18:05 2026] GET /resource_providers/ff17c9f4-f8d5-4bd9-aa42-eab56a403ade/aggregates => generated 235 bytes in 13 msecs (HTTP/1.1 404) 5 headers in 202 bytes (1 switches on core 0)
2026-07-17 19:18:05.043 7 INFO placement.requestlog [None req-fc8555ec-6158-4887-9a5d-826c43ef9b9a 9dd0c4a644db436a8d1d662c222b828d eb87e5487b9b49bca2cd4e664673b2b8 - - 0385a326869642ebbac66b2dd9c07a65 0385a326869642ebbac66b2dd9c07a65] 10.0.0.28 "DELETE /resource_providers/ff17c9f4-f8d5-4bd9-aa42-eab56a403ade" status: 404 len: 246 microversion: 1.1 [pid: 7|app: 0|req: 443/891] 10.0.0.28 () {34 vars in 815 bytes} [Fri Jul 17 19:18:05 2026] DELETE /resource_providers/ff17c9f4-f8d5-4bd9-aa42-eab56a403ade => generated 246 bytes in 10 msecs (HTTP/1.1 404) 6 headers in 231 bytes (1 switches on core 0)
2026-07-17 19:18:05.052 6 INFO placement.requestlog [None req-e04e2095-43d9-40c0-b9ac-2ed735a62eae 9dd0c4a644db436a8d1d662c222b828d eb87e5487b9b49bca2cd4e664673b2b8 - - 0385a326869642ebbac66b2dd9c07a65 0385a326869642ebbac66b2dd9c07a65] 10.0.0.28 "DELETE /resource_providers/ff17c9f4-f8d5-4bd9-aa42-eab56a403ade" status: 404 len: 246 microversion: 1.1 [pid: 6|app: 0|req: 449/892] 10.0.0.28 () {34 vars in 815 bytes} [Fri Jul 17 19:18:05 2026] DELETE /resource_providers/ff17c9f4-f8d5-4bd9-aa42-eab56a403ade => generated 246 bytes in 19 msecs (HTTP/1.1 404) 6 headers in 231 bytes (1 switches on core 0)
2026-07-17 19:18:05.997 7 INFO placement.requestlog [None req-d3a8d166-b3a2-4c22-8cfb-7a16ee390559 9dd0c4a644db436a8d1d662c222b828d eb87e5487b9b49bca2cd4e664673b2b8 - - 0385a326869642ebbac66b2dd9c07a65 0385a326869642ebbac66b2dd9c07a65] 10.0.0.28 "GET /resource_providers/2a0704d9-1fa5-4819-8cb4-d48ef321772e/aggregates" status: 404 len: 235 microversion: 1.1 [pid: 7|app: 0|req: 444/893] 10.0.0.28 () {32 vars in 815 bytes} [Fri Jul 17 19:18:05 2026] GET /resource_providers/2a0704d9-1fa5-4819-8cb4-d48ef321772e/aggregates => generated 235 bytes in 21 msecs (HTTP/1.1 404) 5 headers in 202 bytes (1 switches on core 0)
2026-07-17 19:18:06.004 6 INFO placement.requestlog [None req-66d0b2ff-93f9-401e-8d09-ebeec9ae4240 9dd0c4a644db436a8d1d662c222b828d eb87e5487b9b49bca2cd4e664673b2b8 - - 0385a326869642ebbac66b2dd9c07a65 0385a326869642ebbac66b2dd9c07a65] 10.0.0.28 "GET /resource_providers/2a0704d9-1fa5-4819-8cb4-d48ef321772e/aggregates" status: 404 len: 235 microversion: 1.1 [pid: 6|app: 0|req: 450/894] 10.0.0.28 () {32 vars in 815 bytes} [Fri Jul 17 19:18:05 2026] GET /resource_providers/2a0704d9-1fa5-4819-8cb4-d48ef321772e/aggregates => generated 235 bytes in 26 msecs (HTTP/1.1 404) 5 headers in 202 bytes (1 switches on core 0)
2026-07-17 19:18:06.030 7 INFO placement.requestlog [None req-fff879ce-7316-44e6-8a3c-46846f825e65 9dd0c4a644db436a8d1d662c222b828d eb87e5487b9b49bca2cd4e664673b2b8 - - 0385a326869642ebbac66b2dd9c07a65 0385a326869642ebbac66b2dd9c07a65] 10.0.0.28 "DELETE /resource_providers/2a0704d9-1fa5-4819-8cb4-d48ef321772e" status: 404 len: 246 microversion: 1.1 [pid: 7|app: 0|req: 445/895] 10.0.0.28 () {34 vars in 815 bytes} [Fri Jul 17 19:18:06 2026] DELETE /resource_providers/2a0704d9-1fa5-4819-8cb4-d48ef321772e => generated 246 bytes in 14 msecs (HTTP/1.1 404) 6 headers in 231 bytes (1 switches on core 0)
2026-07-17 19:18:06.041 6 INFO placement.requestlog [None req-c69b621d-eaf1-4508-a50c-259fecf68e5f 9dd0c4a644db436a8d1d662c222b828d eb87e5487b9b49bca2cd4e664673b2b8 - - 0385a326869642ebbac66b2dd9c07a65 0385a326869642ebbac66b2dd9c07a65] 10.0.0.28 "DELETE /resource_providers/2a0704d9-1fa5-4819-8cb4-d48ef321772e" status: 404 len: 246 microversion: 1.1 [pid: 6|app: 0|req: 451/896] 10.0.0.28 () {34 vars in 815 bytes} [Fri Jul 17 19:18:06 2026] DELETE /resource_providers/2a0704d9-1fa5-4819-8cb4-d48ef321772e => generated 246 bytes in 23 msecs (HTTP/1.1 404) 6 headers in 231 bytes (1 switches on core 0)
2026-07-17 19:18:06.884 7 INFO placement.requestlog [None req-932f9887-4260-4520-92e9-2724f91ba0d2 - - - - - -] 10.0.0.12 "GET /" status: 200 len: 136 microversion: 1.0
2026-07-17 19:18:06.884 6 INFO placement.requestlog [None req-13d73d8d-f15e-438f-a1c5-cb34a527deea - - - - - -] 10.0.0.12 "GET /" status: 200 len: 136 microversion: 1.0
2026-07-17 19:18:16.884 7 INFO placement.requestlog [None req-f2d997c6-b718-4b49-9b8d-ce419a685fec - - - - - -] 10.0.0.12 "GET /" status: 200 len: 136 microversion: 1.0
2026-07-17 19:18:16.885 6 INFO placement.requestlog [None req-5501ca35-41b2-4fd8-978e-b94a9e254833 - - - - - -] 10.0.0.12 "GET /" status: 200 len: 136 microversion: 1.0
2026-07-17 19:18:17.611 7 INFO placement.requestlog [req-af61d60c-b34d-4e47-a1d9-427137a8003f req-762b6ee9-ad58-476f-a221-9ed894f5b056 219925b5f2f5421b98d68a974036d2ca eb87e5487b9b49bca2cd4e664673b2b8 - - 0385a326869642ebbac66b2dd9c07a65 0385a326869642ebbac66b2dd9c07a65] 199.204.45.205 "GET /resource_providers/010c00b6-73a8-4bd5-a364-19337262af05/allocations" status: 200 len: 152 microversion: 1.0 [pid: 7|app: 0|req: 448/901] 199.204.45.205 () {32 vars in 857 bytes} [Fri Jul 17 19:18:17 2026] GET /resource_providers/010c00b6-73a8-4bd5-a364-19337262af05/allocations => generated 152 bytes in 18 msecs (HTTP/1.1 200) 6 headers in 224 bytes (1 switches on core 0)
2026-07-17 19:18:17.630 6 INFO placement.requestlog [req-af61d60c-b34d-4e47-a1d9-427137a8003f req-1cba82b6-2121-4913-aea2-32360cd36b57 219925b5f2f5421b98d68a974036d2ca eb87e5487b9b49bca2cd4e664673b2b8 - - 0385a326869642ebbac66b2dd9c07a65 0385a326869642ebbac66b2dd9c07a65] 199.204.45.205 "GET /allocations/9ea3c350-d1c7-4eff-a02d-91f989d05c37" status: 200 len: 257 microversion: 1.28 [pid: 6|app: 0|req: 454/902] 199.204.45.205 () {34 vars in 863 bytes} [Fri Jul 17 19:18:17 2026] GET /allocations/9ea3c350-d1c7-4eff-a02d-91f989d05c37 => generated 257 bytes in 11 msecs (HTTP/1.1 200) 8 headers in 296 bytes (1 switches on core 0)
2026-07-17 19:18:18.671 7 INFO placement.requestlog [req-af61d60c-b34d-4e47-a1d9-427137a8003f req-b521b65f-4341-4faa-9a61-a69b88272998 219925b5f2f5421b98d68a974036d2ca eb87e5487b9b49bca2cd4e664673b2b8 - - 0385a326869642ebbac66b2dd9c07a65 0385a326869642ebbac66b2dd9c07a65] 199.204.45.205 "DELETE /allocations/9ea3c350-d1c7-4eff-a02d-91f989d05c37" status: 204 len: 0 microversion: 1.0 [pid: 7|app: 0|req: 449/903] 199.204.45.205 () {34 vars in 841 bytes} [Fri Jul 17 19:18:18 2026] DELETE /allocations/9ea3c350-d1c7-4eff-a02d-91f989d05c37 => generated 0 bytes in 22 msecs (HTTP/1.1 204) 5 headers in 198 bytes (1 switches on core 0)
2026-07-17 19:18:20.443 6 INFO placement.requestlog [req-4ff6e2d6-2d08-499a-b12a-23930ad1c017 req-e46a656b-82db-469b-9331-b6305e41f679 219925b5f2f5421b98d68a974036d2ca eb87e5487b9b49bca2cd4e664673b2b8 - - 0385a326869642ebbac66b2dd9c07a65 0385a326869642ebbac66b2dd9c07a65] 199.204.45.205 "GET /resource_providers/010c00b6-73a8-4bd5-a364-19337262af05/allocations" status: 200 len: 54 microversion: 1.0 [pid: 6|app: 0|req: 455/904] 199.204.45.205 () {32 vars in 857 bytes} [Fri Jul 17 19:18:20 2026] GET /resource_providers/010c00b6-73a8-4bd5-a364-19337262af05/allocations => generated 54 bytes in 12 msecs (HTTP/1.1 200) 6 headers in 223 bytes (1 switches on core 0)
2026-07-17 19:18:20.468 7 INFO placement.requestlog [req-4ff6e2d6-2d08-499a-b12a-23930ad1c017 req-e6ee2c31-92a0-4c9c-a205-95911cc217cf 219925b5f2f5421b98d68a974036d2ca eb87e5487b9b49bca2cd4e664673b2b8 - - 0385a326869642ebbac66b2dd9c07a65 0385a326869642ebbac66b2dd9c07a65] 199.204.45.205 "GET /resource_providers/010c00b6-73a8-4bd5-a364-19337262af05/allocations" status: 200 len: 54 microversion: 1.0 [pid: 7|app: 0|req: 450/905] 199.204.45.205 () {32 vars in 857 bytes} [Fri Jul 17 19:18:20 2026] GET /resource_providers/010c00b6-73a8-4bd5-a364-19337262af05/allocations => generated 54 bytes in 18 msecs (HTTP/1.1 200) 6 headers in 223 bytes (1 switches on core 0)
2026-07-17 19:18:23.726 6 INFO placement.requestlog [None req-11dd6b3d-0973-42d1-bbd9-2b338b81e986 9dd0c4a644db436a8d1d662c222b828d eb87e5487b9b49bca2cd4e664673b2b8 - - 0385a326869642ebbac66b2dd9c07a65 0385a326869642ebbac66b2dd9c07a65] 10.0.0.28 "GET /resource_providers/d3861cff-0878-4e2a-befe-53fcfcf43f58/aggregates" status: 404 len: 235 microversion: 1.1 [pid: 6|app: 0|req: 456/906] 10.0.0.28 () {32 vars in 815 bytes} [Fri Jul 17 19:18:23 2026] GET /resource_providers/d3861cff-0878-4e2a-befe-53fcfcf43f58/aggregates => generated 235 bytes in 9 msecs (HTTP/1.1 404) 5 headers in 202 bytes (1 switches on core 0)
2026-07-17 19:18:23.729 7 INFO placement.requestlog [None req-6de3a301-743a-4d12-b600-363abcced6ae 9dd0c4a644db436a8d1d662c222b828d eb87e5487b9b49bca2cd4e664673b2b8 - - 0385a326869642ebbac66b2dd9c07a65 0385a326869642ebbac66b2dd9c07a65] 10.0.0.28 "GET /resource_providers/d3861cff-0878-4e2a-befe-53fcfcf43f58/aggregates" status: 404 len: 235 microversion: 1.1 [pid: 7|app: 0|req: 451/907] 10.0.0.28 () {32 vars in 815 bytes} [Fri Jul 17 19:18:23 2026] GET /resource_providers/d3861cff-0878-4e2a-befe-53fcfcf43f58/aggregates => generated 235 bytes in 9 msecs (HTTP/1.1 404) 5 headers in 202 bytes (1 switches on core 0)
2026-07-17 19:18:23.752 6 INFO placement.requestlog [None req-36f9612f-0876-4ba6-978f-d0e297a09411 9dd0c4a644db436a8d1d662c222b828d eb87e5487b9b49bca2cd4e664673b2b8 - - 0385a326869642ebbac66b2dd9c07a65 0385a326869642ebbac66b2dd9c07a65] 10.0.0.28 "DELETE /resource_providers/d3861cff-0878-4e2a-befe-53fcfcf43f58" status: 404 len: 246 microversion: 1.1 [pid: 6|app: 0|req: 457/908] 10.0.0.28 () {34 vars in 815 bytes} [Fri Jul 17 19:18:23 2026] DELETE /resource_providers/d3861cff-0878-4e2a-befe-53fcfcf43f58 => generated 246 bytes in 10 msecs (HTTP/1.1 404) 6 headers in 231 bytes (1 switches on core 0)
2026-07-17 19:18:23.755 7 INFO placement.requestlog [None req-08777bdf-eb81-4cd6-adf9-0540437035f1 9dd0c4a644db436a8d1d662c222b828d eb87e5487b9b49bca2cd4e664673b2b8 - - 0385a326869642ebbac66b2dd9c07a65 0385a326869642ebbac66b2dd9c07a65] 10.0.0.28 "DELETE /resource_providers/d3861cff-0878-4e2a-befe-53fcfcf43f58" status: 404 len: 246 microversion: 1.1 [pid: 7|app: 0|req: 452/909] 10.0.0.28 () {34 vars in 815 bytes} [Fri Jul 17 19:18:23 2026] DELETE /resource_providers/d3861cff-0878-4e2a-befe-53fcfcf43f58 => generated 246 bytes in 11 msecs (HTTP/1.1 404) 6 headers in 231 bytes (1 switches on core 0)
2026-07-17 19:18:26.884 7 INFO placement.requestlog [None req-d30f9985-7423-44c0-9bdb-368aac404235 - - - - - -] 10.0.0.12 "GET /" status: 200 len: 136 microversion: 1.0
2026-07-17 19:18:26.885 6 INFO placement.requestlog [None req-a7d09187-d83d-4c83-acbd-b7ad28bbf651 - - - - - -] 10.0.0.12 "GET /" status: 200 len: 136 microversion: 1.0
2026-07-17 19:18:36.215 7 INFO placement.requestlog [None req-1b128208-9fee-4f44-a5ae-9f1924f7c07c 9dd0c4a644db436a8d1d662c222b828d eb87e5487b9b49bca2cd4e664673b2b8 - - 0385a326869642ebbac66b2dd9c07a65 0385a326869642ebbac66b2dd9c07a65] 10.0.0.28 "GET /resource_providers/6db52350-70bb-4ac7-be83-bb590e9e1203/aggregates" status: 404 len: 235 microversion: 1.1 [pid: 7|app: 0|req: 454/912] 10.0.0.28 () {32 vars in 815 bytes} [Fri Jul 17 19:18:36 2026] GET /resource_providers/6db52350-70bb-4ac7-be83-bb590e9e1203/aggregates => generated 235 bytes in 11 msecs (HTTP/1.1 404) 5 headers in 202 bytes (1 switches on core 0)
2026-07-17 19:18:36.219 6 INFO placement.requestlog [None req-a95ac748-d895-4385-bde4-59f5338a8c8d 9dd0c4a644db436a8d1d662c222b828d eb87e5487b9b49bca2cd4e664673b2b8 - - 0385a326869642ebbac66b2dd9c07a65 0385a326869642ebbac66b2dd9c07a65] 10.0.0.28 "GET /resource_providers/6db52350-70bb-4ac7-be83-bb590e9e1203/aggregates" status: 404 len: 235 microversion: 1.1 [pid: 6|app: 0|req: 459/913] 10.0.0.28 () {32 vars in 815 bytes} [Fri Jul 17 19:18:36 2026] GET /resource_providers/6db52350-70bb-4ac7-be83-bb590e9e1203/aggregates => generated 235 bytes in 15 msecs (HTTP/1.1 404) 5 headers in 202 bytes (1 switches on core 0)
2026-07-17 19:18:36.231 7 INFO placement.requestlog [None req-550cf5a3-8984-4f47-a2d5-24e297ac0737 9dd0c4a644db436a8d1d662c222b828d eb87e5487b9b49bca2cd4e664673b2b8 - - 0385a326869642ebbac66b2dd9c07a65 0385a326869642ebbac66b2dd9c07a65] 10.0.0.28 "DELETE /resource_providers/6db52350-70bb-4ac7-be83-bb590e9e1203" status: 404 len: 246 microversion: 1.1 [pid: 7|app: 0|req: 455/914] 10.0.0.28 () {34 vars in 815 bytes} [Fri Jul 17 19:18:36 2026] DELETE /resource_providers/6db52350-70bb-4ac7-be83-bb590e9e1203 => generated 246 bytes in 5 msecs (HTTP/1.1 404) 6 headers in 231 bytes (1 switches on core 0)
2026-07-17 19:18:36.239 6 INFO placement.requestlog [None req-b5abb612-436c-4657-a34b-78237fdf299a 9dd0c4a644db436a8d1d662c222b828d eb87e5487b9b49bca2cd4e664673b2b8 - - 0385a326869642ebbac66b2dd9c07a65 0385a326869642ebbac66b2dd9c07a65] 10.0.0.28 "DELETE /resource_providers/6db52350-70bb-4ac7-be83-bb590e9e1203" status: 404 len: 246 microversion: 1.1 [pid: 6|app: 0|req: 460/915] 10.0.0.28 () {34 vars in 815 bytes} [Fri Jul 17 19:18:36 2026] DELETE /resource_providers/6db52350-70bb-4ac7-be83-bb590e9e1203 => generated 246 bytes in 8 msecs (HTTP/1.1 404) 6 headers in 231 bytes (1 switches on core 0)
2026-07-17 19:18:36.884 7 INFO placement.requestlog [None req-127c99fe-0f02-485f-96a8-85c91afd5229 - - - - - -] 10.0.0.12 "GET /" status: 200 len: 136 microversion: 1.0
2026-07-17 19:18:36.886 6 INFO placement.requestlog [None req-7f258851-2a8c-48a7-9646-5286fed87e51 - - - - - -] 10.0.0.12 "GET /" status: 200 len: 136 microversion: 1.0
2026-07-17 19:18:38.258 7 INFO placement.requestlog [None req-574482c0-91f5-485f-83b2-1557dce0b9dc 9dd0c4a644db436a8d1d662c222b828d eb87e5487b9b49bca2cd4e664673b2b8 - - 0385a326869642ebbac66b2dd9c07a65 0385a326869642ebbac66b2dd9c07a65] 10.0.0.28 "GET /resource_providers/9bbaf493-86db-495e-bfb1-735b286913c6/aggregates" status: 404 len: 235 microversion: 1.1
2026-07-17 19:18:38.258 6 INFO placement.requestlog [None req-8da31e68-7758-44d9-ac9f-08443d6e706c 9dd0c4a644db436a8d1d662c222b828d eb87e5487b9b49bca2cd4e664673b2b8 - - 0385a326869642ebbac66b2dd9c07a65 0385a326869642ebbac66b2dd9c07a65] 10.0.0.28 "GET /resource_providers/9bbaf493-86db-495e-bfb1-735b286913c6/aggregates" status: 404 len: 235 microversion: 1.1 [pid: 7|app: 0|req: 457/918] 10.0.0.28 () {32 vars in 815 bytes} [Fri Jul 17 19:18:38 2026] GET /resource_providers/9bbaf493-86db-495e-bfb1-735b286913c6/aggregates => generated 235 bytes in 7 msecs (HTTP/1.1 404) 5 headers in 202 bytes (1 switches on core 0) [pid: 6|app: 0|req: 462/919] 10.0.0.28 () {32 vars in 815 bytes} [Fri Jul 17 19:18:38 2026] GET /resource_providers/9bbaf493-86db-495e-bfb1-735b286913c6/aggregates => generated 235 bytes in 7 msecs (HTTP/1.1 404) 5 headers in 202 bytes (1 switches on core 0)
2026-07-17 19:18:38.276 7 INFO placement.requestlog [None req-a95c1f02-3e2d-44c2-8515-3091124c3955 9dd0c4a644db436a8d1d662c222b828d eb87e5487b9b49bca2cd4e664673b2b8 - - 0385a326869642ebbac66b2dd9c07a65 0385a326869642ebbac66b2dd9c07a65] 10.0.0.28 "DELETE /resource_providers/9bbaf493-86db-495e-bfb1-735b286913c6" status: 404 len: 246 microversion: 1.1
2026-07-17 19:18:38.276 6 INFO placement.requestlog [None req-2c8f7ce3-2f63-4c02-9d43-a0a56be71b7c 9dd0c4a644db436a8d1d662c222b828d eb87e5487b9b49bca2cd4e664673b2b8 - - 0385a326869642ebbac66b2dd9c07a65 0385a326869642ebbac66b2dd9c07a65] 10.0.0.28 "DELETE /resource_providers/9bbaf493-86db-495e-bfb1-735b286913c6" status: 404 len: 246 microversion: 1.1 [pid: 7|app: 0|req: 458/920] 10.0.0.28 () {34 vars in 815 bytes} [Fri Jul 17 19:18:38 2026] DELETE /resource_providers/9bbaf493-86db-495e-bfb1-735b286913c6 => generated 246 bytes in 7 msecs (HTTP/1.1 404) 6 headers in 231 bytes (1 switches on core 0) [pid: 6|app: 0|req: 463/921] 10.0.0.28 () {34 vars in 815 bytes} [Fri Jul 17 19:18:38 2026] DELETE /resource_providers/9bbaf493-86db-495e-bfb1-735b286913c6 => generated 246 bytes in 6 msecs (HTTP/1.1 404) 6 headers in 231 bytes (1 switches on core 0)
2026-07-17 19:18:38.303 7 INFO placement.requestlog [None req-fa3a8aaf-e6ad-450a-80bd-3eac7b7076e0 9dd0c4a644db436a8d1d662c222b828d eb87e5487b9b49bca2cd4e664673b2b8 - - 0385a326869642ebbac66b2dd9c07a65 0385a326869642ebbac66b2dd9c07a65] 10.0.0.28 "GET /resource_providers/b94db405-82a9-428a-bb00-ab3dbf7cbb2d/aggregates" status: 404 len: 235 microversion: 1.1 [pid: 7|app: 0|req: 459/922] 10.0.0.28 () {32 vars in 815 bytes} [Fri Jul 17 19:18:38 2026] GET /resource_providers/b94db405-82a9-428a-bb00-ab3dbf7cbb2d/aggregates => generated 235 bytes in 6 msecs (HTTP/1.1 404) 5 headers in 202 bytes (1 switches on core 0)
2026-07-17 19:18:38.304 6 INFO placement.requestlog [None req-9f818005-fb3e-457f-b66c-3464ada92ca6 9dd0c4a644db436a8d1d662c222b828d eb87e5487b9b49bca2cd4e664673b2b8 - - 0385a326869642ebbac66b2dd9c07a65 0385a326869642ebbac66b2dd9c07a65] 10.0.0.28 "GET /resource_providers/b94db405-82a9-428a-bb00-ab3dbf7cbb2d/aggregates" status: 404 len: 235 microversion: 1.1 [pid: 6|app: 0|req: 464/923] 10.0.0.28 () {32 vars in 815 bytes} [Fri Jul 17 19:18:38 2026] GET /resource_providers/b94db405-82a9-428a-bb00-ab3dbf7cbb2d/aggregates => generated 235 bytes in 6 msecs (HTTP/1.1 404) 5 headers in 202 bytes (1 switches on core 0)
2026-07-17 19:18:38.332 7 INFO placement.requestlog [None req-59b48c8e-5823-433f-a97e-73e8074920b1 9dd0c4a644db436a8d1d662c222b828d eb87e5487b9b49bca2cd4e664673b2b8 - - 0385a326869642ebbac66b2dd9c07a65 0385a326869642ebbac66b2dd9c07a65] 10.0.0.28 "DELETE /resource_providers/b94db405-82a9-428a-bb00-ab3dbf7cbb2d" status: 404 len: 246 microversion: 1.1 [pid: 7|app: 0|req: 460/924] 10.0.0.28 () {34 vars in 815 bytes} [Fri Jul 17 19:18:38 2026] DELETE /resource_providers/b94db405-82a9-428a-bb00-ab3dbf7cbb2d => generated 246 bytes in 5 msecs (HTTP/1.1 404) 6 headers in 231 bytes (1 switches on core 0)
2026-07-17 19:18:38.357 6 INFO placement.requestlog [None req-1ee7abb0-7c1a-4236-ab27-8f64e1fa05d7 9dd0c4a644db436a8d1d662c222b828d eb87e5487b9b49bca2cd4e664673b2b8 - - 0385a326869642ebbac66b2dd9c07a65 0385a326869642ebbac66b2dd9c07a65] 10.0.0.28 "DELETE /resource_providers/b94db405-82a9-428a-bb00-ab3dbf7cbb2d" status: 404 len: 246 microversion: 1.1 [pid: 6|app: 0|req: 465/925] 10.0.0.28 () {34 vars in 815 bytes} [Fri Jul 17 19:18:38 2026] DELETE /resource_providers/b94db405-82a9-428a-bb00-ab3dbf7cbb2d => generated 246 bytes in 11 msecs (HTTP/1.1 404) 6 headers in 231 bytes (1 switches on core 0)
2026-07-17 19:18:38.362 7 INFO placement.requestlog [None req-66e9c81e-06ea-4a20-9b41-8737e18a2e16 9dd0c4a644db436a8d1d662c222b828d eb87e5487b9b49bca2cd4e664673b2b8 - - 0385a326869642ebbac66b2dd9c07a65 0385a326869642ebbac66b2dd9c07a65] 10.0.0.28 "GET /resource_providers/8e4a4fc1-4d6a-44f0-a08c-bcc9349039a6/aggregates" status: 404 len: 235 microversion: 1.1 [pid: 7|app: 0|req: 461/926] 10.0.0.28 () {32 vars in 815 bytes} [Fri Jul 17 19:18:38 2026] GET /resource_providers/8e4a4fc1-4d6a-44f0-a08c-bcc9349039a6/aggregates => generated 235 bytes in 9 msecs (HTTP/1.1 404) 5 headers in 202 bytes (1 switches on core 0)
2026-07-17 19:18:38.377 6 INFO placement.requestlog [None req-bebcc1c5-226e-4e64-a6e7-11138c3d9615 9dd0c4a644db436a8d1d662c222b828d eb87e5487b9b49bca2cd4e664673b2b8 - - 0385a326869642ebbac66b2dd9c07a65 0385a326869642ebbac66b2dd9c07a65] 10.0.0.28 "GET /resource_providers/8e4a4fc1-4d6a-44f0-a08c-bcc9349039a6/aggregates" status: 404 len: 235 microversion: 1.1 [pid: 6|app: 0|req: 466/927] 10.0.0.28 () {32 vars in 815 bytes} [Fri Jul 17 19:18:38 2026] GET /resource_providers/8e4a4fc1-4d6a-44f0-a08c-bcc9349039a6/aggregates => generated 235 bytes in 10 msecs (HTTP/1.1 404) 5 headers in 202 bytes (1 switches on core 0)
2026-07-17 19:18:38.382 7 INFO placement.requestlog [None req-6c0739f0-5a29-417c-8960-af326f232cc8 9dd0c4a644db436a8d1d662c222b828d eb87e5487b9b49bca2cd4e664673b2b8 - - 0385a326869642ebbac66b2dd9c07a65 0385a326869642ebbac66b2dd9c07a65] 10.0.0.28 "DELETE /resource_providers/8e4a4fc1-4d6a-44f0-a08c-bcc9349039a6" status: 404 len: 246 microversion: 1.1 [pid: 7|app: 0|req: 462/928] 10.0.0.28 () {34 vars in 815 bytes} [Fri Jul 17 19:18:38 2026] DELETE /resource_providers/8e4a4fc1-4d6a-44f0-a08c-bcc9349039a6 => generated 246 bytes in 9 msecs (HTTP/1.1 404) 6 headers in 231 bytes (1 switches on core 0)
2026-07-17 19:18:38.402 7 INFO placement.requestlog [None req-3b00ee25-b2ab-4402-ac62-f8ec0d324e53 9dd0c4a644db436a8d1d662c222b828d eb87e5487b9b49bca2cd4e664673b2b8 - - 0385a326869642ebbac66b2dd9c07a65 0385a326869642ebbac66b2dd9c07a65] 10.0.0.28 "GET /resource_providers/251680ff-8d92-47e4-8b4f-7aee203015f2/aggregates" status: 404 len: 235 microversion: 1.1 [pid: 7|app: 0|req: 463/929] 10.0.0.28 () {32 vars in 815 bytes} [Fri Jul 17 19:18:38 2026] GET /resource_providers/251680ff-8d92-47e4-8b4f-7aee203015f2/aggregates => generated 235 bytes in 6 msecs (HTTP/1.1 404) 5 headers in 202 bytes (1 switches on core 0)
2026-07-17 19:18:38.405 6 INFO placement.requestlog [None req-3a2b3466-f378-4ea1-8665-e4035e84aaef 9dd0c4a644db436a8d1d662c222b828d eb87e5487b9b49bca2cd4e664673b2b8 - - 0385a326869642ebbac66b2dd9c07a65 0385a326869642ebbac66b2dd9c07a65] 10.0.0.28 "DELETE /resource_providers/8e4a4fc1-4d6a-44f0-a08c-bcc9349039a6" status: 404 len: 246 microversion: 1.1 [pid: 6|app: 0|req: 467/930] 10.0.0.28 () {34 vars in 815 bytes} [Fri Jul 17 19:18:38 2026] DELETE /resource_providers/8e4a4fc1-4d6a-44f0-a08c-bcc9349039a6 => generated 246 bytes in 9 msecs (HTTP/1.1 404) 6 headers in 231 bytes (1 switches on core 0)
