2026-07-17 19:21:28.042 6 INFO placement.requestlog [None req-30dee483-8c6a-4bae-aca4-968205e73681 9dd0c4a644db436a8d1d662c222b828d eb87e5487b9b49bca2cd4e664673b2b8 - - 0385a326869642ebbac66b2dd9c07a65 0385a326869642ebbac66b2dd9c07a65] 10.0.0.28 "DELETE /resource_providers/71adf8b1-68a6-4979-9f73-3cd36cb4999e" status: 404 len: 246 microversion: 1.1 [pid: 6|app: 0|req: 561/1114] 10.0.0.28 () {34 vars in 815 bytes} [Fri Jul 17 19:21:28 2026] DELETE /resource_providers/71adf8b1-68a6-4979-9f73-3cd36cb4999e => generated 246 bytes in 13 msecs (HTTP/1.1 404) 6 headers in 231 bytes (1 switches on core 0)
2026-07-17 19:21:34.339 6 INFO placement.requestlog [None req-eb5b1a05-7d32-4ae4-a624-dac59cd18582 9dd0c4a644db436a8d1d662c222b828d eb87e5487b9b49bca2cd4e664673b2b8 - - 0385a326869642ebbac66b2dd9c07a65 0385a326869642ebbac66b2dd9c07a65] 10.0.0.28 "GET /resource_providers/233d4772-b7f0-41d6-b777-8f177f476192/aggregates" status: 404 len: 235 microversion: 1.1 [pid: 6|app: 0|req: 562/1115] 10.0.0.28 () {32 vars in 815 bytes} [Fri Jul 17 19:21:34 2026] GET /resource_providers/233d4772-b7f0-41d6-b777-8f177f476192/aggregates => generated 235 bytes in 9 msecs (HTTP/1.1 404) 5 headers in 202 bytes (1 switches on core 0)
2026-07-17 19:21:34.340 7 INFO placement.requestlog [None req-17628273-e78e-4b31-9b00-cdd73789ecde 9dd0c4a644db436a8d1d662c222b828d eb87e5487b9b49bca2cd4e664673b2b8 - - 0385a326869642ebbac66b2dd9c07a65 0385a326869642ebbac66b2dd9c07a65] 10.0.0.28 "GET /resource_providers/233d4772-b7f0-41d6-b777-8f177f476192/aggregates" status: 404 len: 235 microversion: 1.1 [pid: 7|app: 0|req: 554/1116] 10.0.0.28 () {32 vars in 815 bytes} [Fri Jul 17 19:21:34 2026] GET /resource_providers/233d4772-b7f0-41d6-b777-8f177f476192/aggregates => generated 235 bytes in 10 msecs (HTTP/1.1 404) 5 headers in 202 bytes (1 switches on core 0)
2026-07-17 19:21:34.362 6 INFO placement.requestlog [None req-ec3308db-95d0-486b-b539-1e6e06d142dc 9dd0c4a644db436a8d1d662c222b828d eb87e5487b9b49bca2cd4e664673b2b8 - - 0385a326869642ebbac66b2dd9c07a65 0385a326869642ebbac66b2dd9c07a65] 10.0.0.28 "DELETE /resource_providers/233d4772-b7f0-41d6-b777-8f177f476192" status: 404 len: 246 microversion: 1.1 [pid: 6|app: 0|req: 563/1117] 10.0.0.28 () {34 vars in 815 bytes} [Fri Jul 17 19:21:34 2026] DELETE /resource_providers/233d4772-b7f0-41d6-b777-8f177f476192 => generated 246 bytes in 9 msecs (HTTP/1.1 404) 6 headers in 231 bytes (1 switches on core 0)
2026-07-17 19:21:34.364 7 INFO placement.requestlog [None req-9e10e65b-587d-42c0-8716-e97c2e6faf5e 9dd0c4a644db436a8d1d662c222b828d eb87e5487b9b49bca2cd4e664673b2b8 - - 0385a326869642ebbac66b2dd9c07a65 0385a326869642ebbac66b2dd9c07a65] 10.0.0.28 "DELETE /resource_providers/233d4772-b7f0-41d6-b777-8f177f476192" status: 404 len: 246 microversion: 1.1 [pid: 7|app: 0|req: 555/1118] 10.0.0.28 () {34 vars in 815 bytes} [Fri Jul 17 19:21:34 2026] DELETE /resource_providers/233d4772-b7f0-41d6-b777-8f177f476192 => generated 246 bytes in 10 msecs (HTTP/1.1 404) 6 headers in 231 bytes (1 switches on core 0)
2026-07-17 19:21:34.712 6 INFO placement.requestlog [None req-fcf45f0f-23f0-4865-918a-709148720985 9dd0c4a644db436a8d1d662c222b828d eb87e5487b9b49bca2cd4e664673b2b8 - - 0385a326869642ebbac66b2dd9c07a65 0385a326869642ebbac66b2dd9c07a65] 10.0.0.28 "GET /resource_providers/ecbf00f3-b96e-4b80-a591-86db7d76e69b/aggregates" status: 404 len: 235 microversion: 1.1 [pid: 6|app: 0|req: 564/1119] 10.0.0.28 () {32 vars in 815 bytes} [Fri Jul 17 19:21:34 2026] GET /resource_providers/ecbf00f3-b96e-4b80-a591-86db7d76e69b/aggregates => generated 235 bytes in 7 msecs (HTTP/1.1 404) 5 headers in 202 bytes (1 switches on core 0)
2026-07-17 19:21:34.719 7 INFO placement.requestlog [None req-8c98e312-db81-4b70-95da-438a22f32876 9dd0c4a644db436a8d1d662c222b828d eb87e5487b9b49bca2cd4e664673b2b8 - - 0385a326869642ebbac66b2dd9c07a65 0385a326869642ebbac66b2dd9c07a65] 10.0.0.28 "GET /resource_providers/ecbf00f3-b96e-4b80-a591-86db7d76e69b/aggregates" status: 404 len: 235 microversion: 1.1 [pid: 7|app: 0|req: 556/1120] 10.0.0.28 () {32 vars in 815 bytes} [Fri Jul 17 19:21:34 2026] GET /resource_providers/ecbf00f3-b96e-4b80-a591-86db7d76e69b/aggregates => generated 235 bytes in 11 msecs (HTTP/1.1 404) 5 headers in 202 bytes (1 switches on core 0)
2026-07-17 19:21:34.736 6 INFO placement.requestlog [None req-cbab2560-4736-4b81-8730-a6fe6ee6c7ed 9dd0c4a644db436a8d1d662c222b828d eb87e5487b9b49bca2cd4e664673b2b8 - - 0385a326869642ebbac66b2dd9c07a65 0385a326869642ebbac66b2dd9c07a65] 10.0.0.28 "DELETE /resource_providers/ecbf00f3-b96e-4b80-a591-86db7d76e69b" status: 404 len: 246 microversion: 1.1 [pid: 6|app: 0|req: 565/1121] 10.0.0.28 () {34 vars in 815 bytes} [Fri Jul 17 19:21:34 2026] DELETE /resource_providers/ecbf00f3-b96e-4b80-a591-86db7d76e69b => generated 246 bytes in 9 msecs (HTTP/1.1 404) 6 headers in 231 bytes (1 switches on core 0)
2026-07-17 19:21:34.737 7 INFO placement.requestlog [None req-3a8fbf84-168b-4f4e-9e27-139c043d849c 9dd0c4a644db436a8d1d662c222b828d eb87e5487b9b49bca2cd4e664673b2b8 - - 0385a326869642ebbac66b2dd9c07a65 0385a326869642ebbac66b2dd9c07a65] 10.0.0.28 "DELETE /resource_providers/ecbf00f3-b96e-4b80-a591-86db7d76e69b" status: 404 len: 246 microversion: 1.1 [pid: 7|app: 0|req: 557/1122] 10.0.0.28 () {34 vars in 815 bytes} [Fri Jul 17 19:21:34 2026] DELETE /resource_providers/ecbf00f3-b96e-4b80-a591-86db7d76e69b => generated 246 bytes in 7 msecs (HTTP/1.1 404) 6 headers in 231 bytes (1 switches on core 0)
2026-07-17 19:21:36.884 7 INFO placement.requestlog [None req-e2934ab3-ebc0-4181-b592-b383ba39d67b - - - - - -] 10.0.0.12 "GET /" status: 200 len: 136 microversion: 1.0
2026-07-17 19:21:36.885 6 INFO placement.requestlog [None req-374748b4-cc97-4e60-aa6a-928b819be4fc - - - - - -] 10.0.0.12 "GET /" status: 200 len: 136 microversion: 1.0
2026-07-17 19:21:41.186 7 INFO placement.requestlog [req-6f9d3094-6375-475f-a1aa-657c8bdd00cb req-b1729f3f-f6c1-47e0-b3e2-d2d6661229b9 219925b5f2f5421b98d68a974036d2ca eb87e5487b9b49bca2cd4e664673b2b8 - - 0385a326869642ebbac66b2dd9c07a65 0385a326869642ebbac66b2dd9c07a65] 10.0.0.140 "GET /allocation_candidates?limit=1000&resources=MEMORY_MB%3A2048%2CVCPU%3A2&root_required=%21COMPUTE_STATUS_DISABLED" status: 200 len: 2630 microversion: 1.36 [pid: 7|app: 0|req: 559/1125] 10.0.0.140 () {34 vars in 986 bytes} [Fri Jul 17 19:21:41 2026] GET /allocation_candidates?limit=1000&resources=MEMORY_MB%3A2048%2CVCPU%3A2&root_required=%21COMPUTE_STATUS_DISABLED => generated 2630 bytes in 45 msecs (HTTP/1.1 200) 8 headers in 297 bytes (1 switches on core 0)
2026-07-17 19:21:41.211 6 INFO placement.requestlog [req-6f9d3094-6375-475f-a1aa-657c8bdd00cb req-28a08e27-fb16-42fb-b9ca-6005e2942aa3 219925b5f2f5421b98d68a974036d2ca eb87e5487b9b49bca2cd4e664673b2b8 - - 0385a326869642ebbac66b2dd9c07a65 0385a326869642ebbac66b2dd9c07a65] 10.0.0.140 "GET /allocations/609a716c-e282-46a8-8e08-bc7644fceed2" status: 200 len: 19 microversion: 1.28 [pid: 6|app: 0|req: 567/1126] 10.0.0.140 () {34 vars in 861 bytes} [Fri Jul 17 19:21:41 2026] GET /allocations/609a716c-e282-46a8-8e08-bc7644fceed2 => generated 19 bytes in 12 msecs (HTTP/1.1 200) 8 headers in 295 bytes (1 switches on core 0)
2026-07-17 19:21:41.270 7 INFO placement.requestlog [req-6f9d3094-6375-475f-a1aa-657c8bdd00cb req-7be3e084-7e3a-49ed-91ba-2d4da1b23f95 219925b5f2f5421b98d68a974036d2ca eb87e5487b9b49bca2cd4e664673b2b8 - - 0385a326869642ebbac66b2dd9c07a65 0385a326869642ebbac66b2dd9c07a65] 10.0.0.140 "PUT /allocations/609a716c-e282-46a8-8e08-bc7644fceed2" status: 204 len: 0 microversion: 1.36 [pid: 7|app: 0|req: 560/1127] 10.0.0.140 () {38 vars in 914 bytes} [Fri Jul 17 19:21:41 2026] PUT /allocations/609a716c-e282-46a8-8e08-bc7644fceed2 => generated 0 bytes in 53 msecs (HTTP/1.1 204) 5 headers in 199 bytes (1 switches on core 0)
2026-07-17 19:21:42.779 6 INFO placement.requestlog [req-6f9d3094-6375-475f-a1aa-657c8bdd00cb req-bb673d56-4139-448e-bc2d-13f1b83fce1a 219925b5f2f5421b98d68a974036d2ca eb87e5487b9b49bca2cd4e664673b2b8 - - 0385a326869642ebbac66b2dd9c07a65 0385a326869642ebbac66b2dd9c07a65] 199.204.45.205 "GET /allocations/609a716c-e282-46a8-8e08-bc7644fceed2" status: 200 len: 245 microversion: 1.28 [pid: 6|app: 0|req: 568/1128] 199.204.45.205 () {34 vars in 863 bytes} [Fri Jul 17 19:21:42 2026] GET /allocations/609a716c-e282-46a8-8e08-bc7644fceed2 => generated 245 bytes in 13 msecs (HTTP/1.1 200) 8 headers in 296 bytes (1 switches on core 0)
2026-07-17 19:21:43.829 7 INFO placement.requestlog [req-6f9d3094-6375-475f-a1aa-657c8bdd00cb req-9e130d43-fbe6-4cf4-bfc3-7880f1c9aa14 219925b5f2f5421b98d68a974036d2ca eb87e5487b9b49bca2cd4e664673b2b8 - - 0385a326869642ebbac66b2dd9c07a65 0385a326869642ebbac66b2dd9c07a65] 199.204.45.205 "GET /resource_providers/010c00b6-73a8-4bd5-a364-19337262af05/allocations" status: 200 len: 340 microversion: 1.0 [pid: 7|app: 0|req: 561/1129] 199.204.45.205 () {32 vars in 857 bytes} [Fri Jul 17 19:21:43 2026] GET /resource_providers/010c00b6-73a8-4bd5-a364-19337262af05/allocations => generated 340 bytes in 26 msecs (HTTP/1.1 200) 6 headers in 224 bytes (1 switches on core 0)
2026-07-17 19:21:43.848 6 INFO placement.requestlog [req-6f9d3094-6375-475f-a1aa-657c8bdd00cb req-f3aa1a04-5976-4fcf-ad59-a6d9827182f6 219925b5f2f5421b98d68a974036d2ca eb87e5487b9b49bca2cd4e664673b2b8 - - 0385a326869642ebbac66b2dd9c07a65 0385a326869642ebbac66b2dd9c07a65] 199.204.45.205 "GET /allocations/609a716c-e282-46a8-8e08-bc7644fceed2" status: 200 len: 245 microversion: 1.28 [pid: 6|app: 0|req: 569/1130] 199.204.45.205 () {34 vars in 863 bytes} [Fri Jul 17 19:21:43 2026] GET /allocations/609a716c-e282-46a8-8e08-bc7644fceed2 => generated 245 bytes in 11 msecs (HTTP/1.1 200) 8 headers in 296 bytes (1 switches on core 0)
2026-07-17 19:21:43.867 7 INFO placement.requestlog [req-6f9d3094-6375-475f-a1aa-657c8bdd00cb req-49f4c5f3-0c36-4a55-b129-be015f2e5605 219925b5f2f5421b98d68a974036d2ca eb87e5487b9b49bca2cd4e664673b2b8 - - 0385a326869642ebbac66b2dd9c07a65 0385a326869642ebbac66b2dd9c07a65] 199.204.45.205 "GET /allocations/0a277a69-3c5c-4fba-9279-f8124ef8984a" status: 200 len: 258 microversion: 1.28 [pid: 7|app: 0|req: 562/1131] 199.204.45.205 () {34 vars in 863 bytes} [Fri Jul 17 19:21:43 2026] GET /allocations/0a277a69-3c5c-4fba-9279-f8124ef8984a => generated 258 bytes in 12 msecs (HTTP/1.1 200) 8 headers in 296 bytes (1 switches on core 0)
2026-07-17 19:21:43.886 6 INFO placement.requestlog [req-6f9d3094-6375-475f-a1aa-657c8bdd00cb req-5c9788c2-5d0f-4fc2-adc2-ac686f01dc44 219925b5f2f5421b98d68a974036d2ca eb87e5487b9b49bca2cd4e664673b2b8 - - 0385a326869642ebbac66b2dd9c07a65 0385a326869642ebbac66b2dd9c07a65] 199.204.45.205 "GET /allocations/a7d8de53-9f62-4651-884b-9422d04618b0" status: 200 len: 258 microversion: 1.28 [pid: 6|app: 0|req: 570/1132] 199.204.45.205 () {34 vars in 863 bytes} [Fri Jul 17 19:21:43 2026] GET /allocations/a7d8de53-9f62-4651-884b-9422d04618b0 => generated 258 bytes in 11 msecs (HTTP/1.1 200) 8 headers in 296 bytes (1 switches on core 0)
2026-07-17 19:21:46.884 7 INFO placement.requestlog [None req-4ead43ef-0352-46f8-8e3b-63d9a3a6a203 - - - - - -] 10.0.0.12 "GET /" status: 200 len: 136 microversion: 1.0
2026-07-17 19:21:46.886 6 INFO placement.requestlog [None req-1d1b1d8c-2fa9-4144-9ffa-da0d36c8e33c - - - - - -] 10.0.0.12 "GET /" status: 200 len: 136 microversion: 1.0
2026-07-17 19:21:56.885 7 INFO placement.requestlog [None req-ae4f9b02-875c-49b2-844a-57137746d8bd - - - - - -] 10.0.0.12 "GET /" status: 200 len: 136 microversion: 1.0
2026-07-17 19:21:56.885 6 INFO placement.requestlog [None req-c993f942-335a-4dd7-966e-1810255d9c8a - - - - - -] 10.0.0.12 "GET /" status: 200 len: 136 microversion: 1.0
2026-07-17 19:22:06.884 6 INFO placement.requestlog [None req-0dc6a380-4ba3-40ee-a420-09f640568d83 - - - - - -] 10.0.0.12 "GET /" status: 200 len: 136 microversion: 1.0
2026-07-17 19:22:06.884 7 INFO placement.requestlog [None req-86be8cd6-86e1-4308-b7ca-d55fa502624f - - - - - -] 10.0.0.12 "GET /" status: 200 len: 136 microversion: 1.0
2026-07-17 19:22:16.884 7 INFO placement.requestlog [None req-f2606397-fa8b-4fa7-8047-dcc3aa5eac11 - - - - - -] 10.0.0.12 "GET /" status: 200 len: 136 microversion: 1.0
2026-07-17 19:22:16.885 6 INFO placement.requestlog [None req-13247b39-616d-4d70-aaa2-429392ba9ae6 - - - - - -] 10.0.0.12 "GET /" status: 200 len: 136 microversion: 1.0
2026-07-17 19:22:24.433 7 INFO placement.requestlog [req-6ff8baf5-0196-472a-b74d-1fdbf7d8e8c5 req-37347632-95ab-4645-ac91-ca066cc996b9 219925b5f2f5421b98d68a974036d2ca eb87e5487b9b49bca2cd4e664673b2b8 - - 0385a326869642ebbac66b2dd9c07a65 0385a326869642ebbac66b2dd9c07a65] 199.204.45.205 "GET /resource_providers/010c00b6-73a8-4bd5-a364-19337262af05/allocations" status: 200 len: 340 microversion: 1.0 [pid: 7|app: 0|req: 567/1141] 199.204.45.205 () {32 vars in 857 bytes} [Fri Jul 17 19:22:24 2026] GET /resource_providers/010c00b6-73a8-4bd5-a364-19337262af05/allocations => generated 340 bytes in 13 msecs (HTTP/1.1 200) 6 headers in 224 bytes (1 switches on core 0)
2026-07-17 19:22:24.460 6 INFO placement.requestlog [req-6ff8baf5-0196-472a-b74d-1fdbf7d8e8c5 req-99573c71-e8d6-4104-b90b-402b7a3d5adb 219925b5f2f5421b98d68a974036d2ca eb87e5487b9b49bca2cd4e664673b2b8 - - 0385a326869642ebbac66b2dd9c07a65 0385a326869642ebbac66b2dd9c07a65] 199.204.45.205 "GET /resource_providers/010c00b6-73a8-4bd5-a364-19337262af05/allocations" status: 200 len: 340 microversion: 1.0 [pid: 6|app: 0|req: 575/1142] 199.204.45.205 () {32 vars in 857 bytes} [Fri Jul 17 19:22:24 2026] GET /resource_providers/010c00b6-73a8-4bd5-a364-19337262af05/allocations => generated 340 bytes in 19 msecs (HTTP/1.1 200) 6 headers in 224 bytes (1 switches on core 0)
2026-07-17 19:22:24.483 7 INFO placement.requestlog [req-6ff8baf5-0196-472a-b74d-1fdbf7d8e8c5 req-52d6a2ce-b7ab-49f3-95ec-4ac5c4899d0a 219925b5f2f5421b98d68a974036d2ca eb87e5487b9b49bca2cd4e664673b2b8 - - 0385a326869642ebbac66b2dd9c07a65 0385a326869642ebbac66b2dd9c07a65] 199.204.45.205 "GET /allocations/609a716c-e282-46a8-8e08-bc7644fceed2" status: 200 len: 245 microversion: 1.28 [pid: 7|app: 0|req: 568/1143] 199.204.45.205 () {34 vars in 863 bytes} [Fri Jul 17 19:22:24 2026] GET /allocations/609a716c-e282-46a8-8e08-bc7644fceed2 => generated 245 bytes in 15 msecs (HTTP/1.1 200) 8 headers in 296 bytes (1 switches on core 0)
2026-07-17 19:22:24.502 6 INFO placement.requestlog [req-6ff8baf5-0196-472a-b74d-1fdbf7d8e8c5 req-2f6f5d89-10a3-4e50-b512-30a818d83f10 219925b5f2f5421b98d68a974036d2ca eb87e5487b9b49bca2cd4e664673b2b8 - - 0385a326869642ebbac66b2dd9c07a65 0385a326869642ebbac66b2dd9c07a65] 199.204.45.205 "GET /allocations/0a277a69-3c5c-4fba-9279-f8124ef8984a" status: 200 len: 258 microversion: 1.28 [pid: 6|app: 0|req: 576/1144] 199.204.45.205 () {34 vars in 863 bytes} [Fri Jul 17 19:22:24 2026] GET /allocations/0a277a69-3c5c-4fba-9279-f8124ef8984a => generated 258 bytes in 11 msecs (HTTP/1.1 200) 8 headers in 296 bytes (1 switches on core 0)
2026-07-17 19:22:24.526 7 INFO placement.requestlog [req-6ff8baf5-0196-472a-b74d-1fdbf7d8e8c5 req-85d37060-1f8a-4728-abc4-486ec0ca578a 219925b5f2f5421b98d68a974036d2ca eb87e5487b9b49bca2cd4e664673b2b8 - - 0385a326869642ebbac66b2dd9c07a65 0385a326869642ebbac66b2dd9c07a65] 199.204.45.205 "GET /allocations/a7d8de53-9f62-4651-884b-9422d04618b0" status: 200 len: 258 microversion: 1.28 [pid: 7|app: 0|req: 569/1145] 199.204.45.205 () {34 vars in 863 bytes} [Fri Jul 17 19:22:24 2026] GET /allocations/a7d8de53-9f62-4651-884b-9422d04618b0 => generated 258 bytes in 16 msecs (HTTP/1.1 200) 8 headers in 296 bytes (1 switches on core 0)
2026-07-17 19:22:26.885 7 INFO placement.requestlog [None req-77b2b133-08ad-47c7-b117-c0a124e2dda9 - - - - - -] 10.0.0.12 "GET /" status: 200 len: 136 microversion: 1.0
2026-07-17 19:22:26.885 6 INFO placement.requestlog [None req-cc28c38f-724c-42ca-a0c1-57a1d916ab57 - - - - - -] 10.0.0.12 "GET /" status: 200 len: 136 microversion: 1.0
2026-07-17 19:22:36.884 7 INFO placement.requestlog [None req-23dccbd4-104a-49ee-a21d-d85356360e0d - - - - - -] 10.0.0.12 "GET /" status: 200 len: 136 microversion: 1.0
2026-07-17 19:22:36.884 6 INFO placement.requestlog [None req-70a82eca-1ddd-44f8-b33e-a868fd290753 - - - - - -] 10.0.0.12 "GET /" status: 200 len: 136 microversion: 1.0
2026-07-17 19:22:46.884 7 INFO placement.requestlog [None req-97fe974d-777f-4f4b-8ae0-4c00f8704455 - - - - - -] 10.0.0.12 "GET /" status: 200 len: 136 microversion: 1.0
2026-07-17 19:22:46.884 6 INFO placement.requestlog [None req-35fbfc8a-74be-4449-a6de-3edd74deb640 - - - - - -] 10.0.0.12 "GET /" status: 200 len: 136 microversion: 1.0
2026-07-17 19:22:56.884 7 INFO placement.requestlog [None req-bcbd7069-3209-4cff-b429-46c2a6fd193c - - - - - -] 10.0.0.12 "GET /" status: 200 len: 136 microversion: 1.0
2026-07-17 19:22:56.884 6 INFO placement.requestlog [None req-9f5a1578-432a-44b0-b868-a9822f487dbd - - - - - -] 10.0.0.12 "GET /" status: 200 len: 136 microversion: 1.0
2026-07-17 19:23:06.884 7 INFO placement.requestlog [None req-5a33f5c4-6470-41dc-913f-be205d6f299c - - - - - -] 10.0.0.12 "GET /" status: 200 len: 136 microversion: 1.0
2026-07-17 19:23:06.884 6 INFO placement.requestlog [None req-7f86c628-21f7-4447-b100-c2830639c0fe - - - - - -] 10.0.0.12 "GET /" status: 200 len: 136 microversion: 1.0
2026-07-17 19:23:16.884 7 INFO placement.requestlog [None req-b4540bd2-789a-4d63-9fa3-50d9afceb105 - - - - - -] 10.0.0.12 "GET /" status: 200 len: 136 microversion: 1.0
2026-07-17 19:23:16.884 6 INFO placement.requestlog [None req-243c2d3f-908a-460e-9957-446989fd51df - - - - - -] 10.0.0.12 "GET /" status: 200 len: 136 microversion: 1.0
2026-07-17 19:23:23.732 7 INFO placement.requestlog [req-5b90dc63-81ce-42df-ac35-13ee2cbf1f7c req-bc4a9977-0545-4669-add8-98c7bf6f6d46 219925b5f2f5421b98d68a974036d2ca eb87e5487b9b49bca2cd4e664673b2b8 - - 0385a326869642ebbac66b2dd9c07a65 0385a326869642ebbac66b2dd9c07a65] 199.204.45.205 "GET /resource_providers/010c00b6-73a8-4bd5-a364-19337262af05/allocations" status: 200 len: 340 microversion: 1.0 [pid: 7|app: 0|req: 576/1158] 199.204.45.205 () {32 vars in 857 bytes} [Fri Jul 17 19:23:23 2026] GET /resource_providers/010c00b6-73a8-4bd5-a364-19337262af05/allocations => generated 340 bytes in 17 msecs (HTTP/1.1 200) 6 headers in 224 bytes (1 switches on core 0)
2026-07-17 19:23:23.760 6 INFO placement.requestlog [req-5b90dc63-81ce-42df-ac35-13ee2cbf1f7c req-a0dfdf62-a851-4c49-8a33-04827e4ddac8 219925b5f2f5421b98d68a974036d2ca eb87e5487b9b49bca2cd4e664673b2b8 - - 0385a326869642ebbac66b2dd9c07a65 0385a326869642ebbac66b2dd9c07a65] 199.204.45.205 "GET /resource_providers/010c00b6-73a8-4bd5-a364-19337262af05/allocations" status: 200 len: 340 microversion: 1.0 [pid: 6|app: 0|req: 583/1159] 199.204.45.205 () {32 vars in 857 bytes} [Fri Jul 17 19:23:23 2026] GET /resource_providers/010c00b6-73a8-4bd5-a364-19337262af05/allocations => generated 340 bytes in 20 msecs (HTTP/1.1 200) 6 headers in 224 bytes (1 switches on core 0)
2026-07-17 19:23:23.777 7 INFO placement.requestlog [req-5b90dc63-81ce-42df-ac35-13ee2cbf1f7c req-ddb5d386-c4d7-4e3a-83a7-1ee6a0fb178a 219925b5f2f5421b98d68a974036d2ca eb87e5487b9b49bca2cd4e664673b2b8 - - 0385a326869642ebbac66b2dd9c07a65 0385a326869642ebbac66b2dd9c07a65] 199.204.45.205 "GET /allocations/609a716c-e282-46a8-8e08-bc7644fceed2" status: 200 len: 245 microversion: 1.28 [pid: 7|app: 0|req: 577/1160] 199.204.45.205 () {34 vars in 863 bytes} [Fri Jul 17 19:23:23 2026] GET /allocations/609a716c-e282-46a8-8e08-bc7644fceed2 => generated 245 bytes in 13 msecs (HTTP/1.1 200) 8 headers in 296 bytes (1 switches on core 0)
2026-07-17 19:23:23.795 6 INFO placement.requestlog [req-5b90dc63-81ce-42df-ac35-13ee2cbf1f7c req-f5668160-645b-4ba7-ae5b-d3d2950e6fa7 219925b5f2f5421b98d68a974036d2ca eb87e5487b9b49bca2cd4e664673b2b8 - - 0385a326869642ebbac66b2dd9c07a65 0385a326869642ebbac66b2dd9c07a65] 199.204.45.205 "GET /allocations/0a277a69-3c5c-4fba-9279-f8124ef8984a" status: 200 len: 258 microversion: 1.28 [pid: 6|app: 0|req: 584/1161] 199.204.45.205 () {34 vars in 863 bytes} [Fri Jul 17 19:23:23 2026] GET /allocations/0a277a69-3c5c-4fba-9279-f8124ef8984a => generated 258 bytes in 14 msecs (HTTP/1.1 200) 8 headers in 296 bytes (1 switches on core 0)
2026-07-17 19:23:23.813 7 INFO placement.requestlog [req-5b90dc63-81ce-42df-ac35-13ee2cbf1f7c req-48cf38e4-72cb-45c9-bb30-ab81acf6717d 219925b5f2f5421b98d68a974036d2ca eb87e5487b9b49bca2cd4e664673b2b8 - - 0385a326869642ebbac66b2dd9c07a65 0385a326869642ebbac66b2dd9c07a65] 199.204.45.205 "GET /allocations/a7d8de53-9f62-4651-884b-9422d04618b0" status: 200 len: 258 microversion: 1.28 [pid: 7|app: 0|req: 578/1162] 199.204.45.205 () {34 vars in 863 bytes} [Fri Jul 17 19:23:23 2026] GET /allocations/a7d8de53-9f62-4651-884b-9422d04618b0 => generated 258 bytes in 12 msecs (HTTP/1.1 200) 8 headers in 296 bytes (1 switches on core 0)
2026-07-17 19:23:26.884 6 INFO placement.requestlog [None req-3c2c291f-f32d-4957-adc9-fe85713f4c7a - - - - - -] 10.0.0.12 "GET /" status: 200 len: 136 microversion: 1.0
2026-07-17 19:23:26.884 7 INFO placement.requestlog [None req-8c5d74f1-8547-488b-ba5a-3b293f12ffef - - - - - -] 10.0.0.12 "GET /" status: 200 len: 136 microversion: 1.0
2026-07-17 19:23:36.884 6 INFO placement.requestlog [None req-890b6626-6386-4ca1-9465-6fc61558e975 - - - - - -] 10.0.0.12 "GET /" status: 200 len: 136 microversion: 1.0
2026-07-17 19:23:36.884 7 INFO placement.requestlog [None req-e0166e81-99d7-4d3e-accd-da445b762252 - - - - - -] 10.0.0.12 "GET /" status: 200 len: 136 microversion: 1.0
2026-07-17 19:23:46.884 7 INFO placement.requestlog [None req-c30bbcb0-9888-4c18-abb4-0cae56f00369 - - - - - -] 10.0.0.12 "GET /" status: 200 len: 136 microversion: 1.0
2026-07-17 19:23:46.884 6 INFO placement.requestlog [None req-19423c0d-723b-4986-896e-038d596f9a80 - - - - - -] 10.0.0.12 "GET /" status: 200 len: 136 microversion: 1.0
2026-07-17 19:23:56.884 6 INFO placement.requestlog [None req-f5c3b870-df09-4a99-b90c-8df673b57b0d - - - - - -] 10.0.0.12 "GET /" status: 200 len: 136 microversion: 1.0
2026-07-17 19:23:56.885 7 INFO placement.requestlog [None req-a70e868c-78f4-4a82-b31a-9b3ed9ef91d4 - - - - - -] 10.0.0.12 "GET /" status: 200 len: 136 microversion: 1.0
2026-07-17 19:24:06.885 7 INFO placement.requestlog [None req-b9e7ba9f-cc7b-4223-b2c3-a30fb82ffd37 - - - - - -] 10.0.0.12 "GET /" status: 200 len: 136 microversion: 1.0
2026-07-17 19:24:06.885 6 INFO placement.requestlog [None req-541a91d3-0f51-419e-afcc-56cbb7ab0eea - - - - - -] 10.0.0.12 "GET /" status: 200 len: 136 microversion: 1.0
2026-07-17 19:24:16.884 7 INFO placement.requestlog [None req-ae4f5f4b-8093-4231-8daa-4388ada89c59 - - - - - -] 10.0.0.12 "GET /" status: 200 len: 136 microversion: 1.0
2026-07-17 19:24:16.884 6 INFO placement.requestlog [None req-6d8f7f5d-af87-47de-9594-a3a0a86c7d70 - - - - - -] 10.0.0.12 "GET /" status: 200 len: 136 microversion: 1.0
2026-07-17 19:24:23.613 7 INFO placement.requestlog [req-6f7fa1fd-8e07-495f-b00e-b5c62f147e1e req-b2a98253-a0cf-41d9-9a67-61daf04762c5 219925b5f2f5421b98d68a974036d2ca eb87e5487b9b49bca2cd4e664673b2b8 - - 0385a326869642ebbac66b2dd9c07a65 0385a326869642ebbac66b2dd9c07a65] 199.204.45.205 "GET /resource_providers/010c00b6-73a8-4bd5-a364-19337262af05/allocations" status: 200 len: 340 microversion: 1.0 [pid: 7|app: 0|req: 585/1175] 199.204.45.205 () {32 vars in 857 bytes} [Fri Jul 17 19:24:23 2026] GET /resource_providers/010c00b6-73a8-4bd5-a364-19337262af05/allocations => generated 340 bytes in 14 msecs (HTTP/1.1 200) 6 headers in 224 bytes (1 switches on core 0)
2026-07-17 19:24:23.636 6 INFO placement.requestlog [req-6f7fa1fd-8e07-495f-b00e-b5c62f147e1e req-023db14a-8692-4052-b5db-3bf9e8ffb2c2 219925b5f2f5421b98d68a974036d2ca eb87e5487b9b49bca2cd4e664673b2b8 - - 0385a326869642ebbac66b2dd9c07a65 0385a326869642ebbac66b2dd9c07a65] 199.204.45.205 "GET /resource_providers/010c00b6-73a8-4bd5-a364-19337262af05/allocations" status: 200 len: 340 microversion: 1.0 [pid: 6|app: 0|req: 591/1176] 199.204.45.205 () {32 vars in 857 bytes} [Fri Jul 17 19:24:23 2026] GET /resource_providers/010c00b6-73a8-4bd5-a364-19337262af05/allocations => generated 340 bytes in 15 msecs (HTTP/1.1 200) 6 headers in 224 bytes (1 switches on core 0)
2026-07-17 19:24:23.652 7 INFO placement.requestlog [req-6f7fa1fd-8e07-495f-b00e-b5c62f147e1e req-6cff97ea-c27b-4344-9d0d-62d31377dbc9 219925b5f2f5421b98d68a974036d2ca eb87e5487b9b49bca2cd4e664673b2b8 - - 0385a326869642ebbac66b2dd9c07a65 0385a326869642ebbac66b2dd9c07a65] 199.204.45.205 "GET /allocations/609a716c-e282-46a8-8e08-bc7644fceed2" status: 200 len: 245 microversion: 1.28 [pid: 7|app: 0|req: 586/1177] 199.204.45.205 () {34 vars in 863 bytes} [Fri Jul 17 19:24:23 2026] GET /allocations/609a716c-e282-46a8-8e08-bc7644fceed2 => generated 245 bytes in 10 msecs (HTTP/1.1 200) 8 headers in 296 bytes (1 switches on core 0)
2026-07-17 19:24:23.666 6 INFO placement.requestlog [req-6f7fa1fd-8e07-495f-b00e-b5c62f147e1e req-294c9f30-75e4-4a8d-8b4b-fc4e5ab59da8 219925b5f2f5421b98d68a974036d2ca eb87e5487b9b49bca2cd4e664673b2b8 - - 0385a326869642ebbac66b2dd9c07a65 0385a326869642ebbac66b2dd9c07a65] 199.204.45.205 "GET /allocations/0a277a69-3c5c-4fba-9279-f8124ef8984a" status: 200 len: 258 microversion: 1.28 [pid: 6|app: 0|req: 592/1178] 199.204.45.205 () {34 vars in 863 bytes} [Fri Jul 17 19:24:23 2026] GET /allocations/0a277a69-3c5c-4fba-9279-f8124ef8984a => generated 258 bytes in 10 msecs (HTTP/1.1 200) 8 headers in 296 bytes (1 switches on core 0)
2026-07-17 19:24:23.684 7 INFO placement.requestlog [req-6f7fa1fd-8e07-495f-b00e-b5c62f147e1e req-3a4e85a0-4948-41d4-abaa-31488500c73a 219925b5f2f5421b98d68a974036d2ca eb87e5487b9b49bca2cd4e664673b2b8 - - 0385a326869642ebbac66b2dd9c07a65 0385a326869642ebbac66b2dd9c07a65] 199.204.45.205 "GET /allocations/a7d8de53-9f62-4651-884b-9422d04618b0" status: 200 len: 258 microversion: 1.28 [pid: 7|app: 0|req: 587/1179] 199.204.45.205 () {34 vars in 863 bytes} [Fri Jul 17 19:24:23 2026] GET /allocations/a7d8de53-9f62-4651-884b-9422d04618b0 => generated 258 bytes in 13 msecs (HTTP/1.1 200) 8 headers in 296 bytes (1 switches on core 0)
2026-07-17 19:24:26.885 6 INFO placement.requestlog [None req-be485024-ba7d-4a47-a2c5-126f5efd0b0a - - - - - -] 10.0.0.12 "GET /" status: 200 len: 136 microversion: 1.0
2026-07-17 19:24:26.885 7 INFO placement.requestlog [None req-65c42e77-3905-428c-bfc6-c322731ae9a6 - - - - - -] 10.0.0.12 "GET /" status: 200 len: 136 microversion: 1.0
2026-07-17 19:24:34.410 6 INFO placement.requestlog [req-ba635f6b-e3b9-40d6-8a4f-00320387c469 req-dedb94eb-7ebe-45d3-9d8b-b15d57ec3d00 219925b5f2f5421b98d68a974036d2ca eb87e5487b9b49bca2cd4e664673b2b8 - - 0385a326869642ebbac66b2dd9c07a65 0385a326869642ebbac66b2dd9c07a65] 199.204.45.205 "GET /resource_providers/010c00b6-73a8-4bd5-a364-19337262af05/allocations" status: 200 len: 340 microversion: 1.0 [pid: 6|app: 0|req: 594/1182] 199.204.45.205 () {32 vars in 857 bytes} [Fri Jul 17 19:24:34 2026] GET /resource_providers/010c00b6-73a8-4bd5-a364-19337262af05/allocations => generated 340 bytes in 14 msecs (HTTP/1.1 200) 6 headers in 224 bytes (1 switches on core 0)
2026-07-17 19:24:34.428 7 INFO placement.requestlog [req-ba635f6b-e3b9-40d6-8a4f-00320387c469 req-568baa95-5b71-43ad-bfc9-75aa2814d54f 219925b5f2f5421b98d68a974036d2ca eb87e5487b9b49bca2cd4e664673b2b8 - - 0385a326869642ebbac66b2dd9c07a65 0385a326869642ebbac66b2dd9c07a65] 199.204.45.205 "GET /allocations/609a716c-e282-46a8-8e08-bc7644fceed2" status: 200 len: 245 microversion: 1.28 [pid: 7|app: 0|req: 589/1183] 199.204.45.205 () {34 vars in 863 bytes} [Fri Jul 17 19:24:34 2026] GET /allocations/609a716c-e282-46a8-8e08-bc7644fceed2 => generated 245 bytes in 13 msecs (HTTP/1.1 200) 8 headers in 296 bytes (1 switches on core 0)
2026-07-17 19:24:34.444 6 INFO placement.requestlog [req-ba635f6b-e3b9-40d6-8a4f-00320387c469 req-44eda99f-7dd9-47dd-8ebf-a2b585baec0e 219925b5f2f5421b98d68a974036d2ca eb87e5487b9b49bca2cd4e664673b2b8 - - 0385a326869642ebbac66b2dd9c07a65 0385a326869642ebbac66b2dd9c07a65] 199.204.45.205 "GET /allocations/0a277a69-3c5c-4fba-9279-f8124ef8984a" status: 200 len: 258 microversion: 1.28 [pid: 6|app: 0|req: 595/1184] 199.204.45.205 () {34 vars in 863 bytes} [Fri Jul 17 19:24:34 2026] GET /allocations/0a277a69-3c5c-4fba-9279-f8124ef8984a => generated 258 bytes in 12 msecs (HTTP/1.1 200) 8 headers in 296 bytes (1 switches on core 0)
2026-07-17 19:24:34.461 7 INFO placement.requestlog [req-ba635f6b-e3b9-40d6-8a4f-00320387c469 req-d41440f3-d66f-4cfe-86d3-3505201efb7c 219925b5f2f5421b98d68a974036d2ca eb87e5487b9b49bca2cd4e664673b2b8 - - 0385a326869642ebbac66b2dd9c07a65 0385a326869642ebbac66b2dd9c07a65] 199.204.45.205 "GET /allocations/a7d8de53-9f62-4651-884b-9422d04618b0" status: 200 len: 258 microversion: 1.28 [pid: 7|app: 0|req: 590/1185] 199.204.45.205 () {34 vars in 863 bytes} [Fri Jul 17 19:24:34 2026] GET /allocations/a7d8de53-9f62-4651-884b-9422d04618b0 => generated 258 bytes in 12 msecs (HTTP/1.1 200) 8 headers in 296 bytes (1 switches on core 0)
2026-07-17 19:24:35.523 6 INFO placement.requestlog [req-ba635f6b-e3b9-40d6-8a4f-00320387c469 req-5184e9f8-7ed1-4eb8-8f28-1a79850edbf4 219925b5f2f5421b98d68a974036d2ca eb87e5487b9b49bca2cd4e664673b2b8 - - 0385a326869642ebbac66b2dd9c07a65 0385a326869642ebbac66b2dd9c07a65] 199.204.45.205 "DELETE /allocations/609a716c-e282-46a8-8e08-bc7644fceed2" status: 204 len: 0 microversion: 1.0 [pid: 6|app: 0|req: 596/1186] 199.204.45.205 () {34 vars in 841 bytes} [Fri Jul 17 19:24:35 2026] DELETE /allocations/609a716c-e282-46a8-8e08-bc7644fceed2 => generated 0 bytes in 23 msecs (HTTP/1.1 204) 5 headers in 198 bytes (1 switches on core 0)
2026-07-17 19:24:36.884 6 INFO placement.requestlog [None req-f90655fa-2c90-4905-a411-1dfb70d4d0a6 - - - - - -] 10.0.0.12 "GET /" status: 200 len: 136 microversion: 1.0
2026-07-17 19:24:36.884 7 INFO placement.requestlog [None req-f9940f90-eb42-401a-a04b-44b9e819096c - - - - - -] 10.0.0.12 "GET /" status: 200 len: 136 microversion: 1.0
2026-07-17 19:24:38.146 6 INFO placement.requestlog [req-b700ab43-ef29-40cf-8182-beeea956e041 req-c75c9c17-297d-421e-8cee-fbf8178aeda7 219925b5f2f5421b98d68a974036d2ca eb87e5487b9b49bca2cd4e664673b2b8 - - 0385a326869642ebbac66b2dd9c07a65 0385a326869642ebbac66b2dd9c07a65] 199.204.45.205 "GET /resource_providers/010c00b6-73a8-4bd5-a364-19337262af05/allocations" status: 200 len: 253 microversion: 1.0 [pid: 6|app: 0|req: 598/1189] 199.204.45.205 () {32 vars in 857 bytes} [Fri Jul 17 19:24:38 2026] GET /resource_providers/010c00b6-73a8-4bd5-a364-19337262af05/allocations => generated 253 bytes in 16 msecs (HTTP/1.1 200) 6 headers in 224 bytes (1 switches on core 0)
2026-07-17 19:24:38.168 7 INFO placement.requestlog [req-b700ab43-ef29-40cf-8182-beeea956e041 req-77675372-b901-4f7d-828b-2f4e588f60ae 219925b5f2f5421b98d68a974036d2ca eb87e5487b9b49bca2cd4e664673b2b8 - - 0385a326869642ebbac66b2dd9c07a65 0385a326869642ebbac66b2dd9c07a65] 199.204.45.205 "GET /allocations/0a277a69-3c5c-4fba-9279-f8124ef8984a" status: 200 len: 258 microversion: 1.28 [pid: 7|app: 0|req: 592/1190] 199.204.45.205 () {34 vars in 863 bytes} [Fri Jul 17 19:24:38 2026] GET /allocations/0a277a69-3c5c-4fba-9279-f8124ef8984a => generated 258 bytes in 16 msecs (HTTP/1.1 200) 8 headers in 296 bytes (1 switches on core 0)
2026-07-17 19:24:38.186 6 INFO placement.requestlog [req-b700ab43-ef29-40cf-8182-beeea956e041 req-f4c10377-b51f-41f0-ae05-cd887f989512 219925b5f2f5421b98d68a974036d2ca eb87e5487b9b49bca2cd4e664673b2b8 - - 0385a326869642ebbac66b2dd9c07a65 0385a326869642ebbac66b2dd9c07a65] 199.204.45.205 "GET /allocations/a7d8de53-9f62-4651-884b-9422d04618b0" status: 200 len: 258 microversion: 1.28 [pid: 6|app: 0|req: 599/1191] 199.204.45.205 () {34 vars in 863 bytes} [Fri Jul 17 19:24:38 2026] GET /allocations/a7d8de53-9f62-4651-884b-9422d04618b0 => generated 258 bytes in 11 msecs (HTTP/1.1 200) 8 headers in 296 bytes (1 switches on core 0)
2026-07-17 19:24:39.233 7 INFO placement.requestlog [req-b700ab43-ef29-40cf-8182-beeea956e041 req-04861d93-2b74-41da-a64d-655241d81265 219925b5f2f5421b98d68a974036d2ca eb87e5487b9b49bca2cd4e664673b2b8 - - 0385a326869642ebbac66b2dd9c07a65 0385a326869642ebbac66b2dd9c07a65] 199.204.45.205 "DELETE /allocations/0a277a69-3c5c-4fba-9279-f8124ef8984a" status: 204 len: 0 microversion: 1.0 [pid: 7|app: 0|req: 593/1192] 199.204.45.205 () {34 vars in 841 bytes} [Fri Jul 17 19:24:39 2026] DELETE /allocations/0a277a69-3c5c-4fba-9279-f8124ef8984a => generated 0 bytes in 24 msecs (HTTP/1.1 204) 5 headers in 198 bytes (1 switches on core 0)
2026-07-17 19:24:46.884 7 INFO placement.requestlog [None req-65e78aa6-d8d6-4277-a9b2-5532a6734ed9 - - - - - -] 10.0.0.12 "GET /" status: 200 len: 136 microversion: 1.0
2026-07-17 19:24:46.884 6 INFO placement.requestlog [None req-335811a6-07a3-46bf-8f99-a2596a5a2c7f - - - - - -] 10.0.0.12 "GET /" status: 200 len: 136 microversion: 1.0
2026-07-17 19:24:48.955 7 INFO placement.requestlog [req-d27270e2-b06b-472c-a2ac-be721a9c3620 req-d9058c83-e20d-40dc-a7d5-603c6e0b4731 219925b5f2f5421b98d68a974036d2ca eb87e5487b9b49bca2cd4e664673b2b8 - - 0385a326869642ebbac66b2dd9c07a65 0385a326869642ebbac66b2dd9c07a65] 199.204.45.205 "GET /resource_providers/010c00b6-73a8-4bd5-a364-19337262af05/allocations" status: 200 len: 153 microversion: 1.0 [pid: 7|app: 0|req: 595/1195] 199.204.45.205 () {32 vars in 857 bytes} [Fri Jul 17 19:24:48 2026] GET /resource_providers/010c00b6-73a8-4bd5-a364-19337262af05/allocations => generated 153 bytes in 13 msecs (HTTP/1.1 200) 6 headers in 224 bytes (1 switches on core 0)
2026-07-17 19:24:48.966 6 INFO placement.requestlog [req-d27270e2-b06b-472c-a2ac-be721a9c3620 req-3999b70b-aafc-4243-a262-24549969e08c 219925b5f2f5421b98d68a974036d2ca eb87e5487b9b49bca2cd4e664673b2b8 - - 0385a326869642ebbac66b2dd9c07a65 0385a326869642ebbac66b2dd9c07a65] 199.204.45.205 "GET /allocations/a7d8de53-9f62-4651-884b-9422d04618b0" status: 200 len: 258 microversion: 1.28 [pid: 6|app: 0|req: 601/1196] 199.204.45.205 () {34 vars in 863 bytes} [Fri Jul 17 19:24:48 2026] GET /allocations/a7d8de53-9f62-4651-884b-9422d04618b0 => generated 258 bytes in 8 msecs (HTTP/1.1 200) 8 headers in 296 bytes (1 switches on core 0)
2026-07-17 19:24:50.015 7 INFO placement.requestlog [req-d27270e2-b06b-472c-a2ac-be721a9c3620 req-31059925-0a79-453a-a1b5-05fe9fa8b5bf 219925b5f2f5421b98d68a974036d2ca eb87e5487b9b49bca2cd4e664673b2b8 - - 0385a326869642ebbac66b2dd9c07a65 0385a326869642ebbac66b2dd9c07a65] 199.204.45.205 "DELETE /allocations/a7d8de53-9f62-4651-884b-9422d04618b0" status: 204 len: 0 microversion: 1.0 [pid: 7|app: 0|req: 596/1197] 199.204.45.205 () {34 vars in 841 bytes} [Fri Jul 17 19:24:49 2026] DELETE /allocations/a7d8de53-9f62-4651-884b-9422d04618b0 => generated 0 bytes in 27 msecs (HTTP/1.1 204) 5 headers in 198 bytes (1 switches on core 0)
2026-07-17 19:24:56.884 7 INFO placement.requestlog [None req-b8cc2347-8ced-4c6c-8ab7-08aee34b8721 - - - - - -] 10.0.0.12 "GET /" status: 200 len: 136 microversion: 1.0
2026-07-17 19:24:56.884 6 INFO placement.requestlog [None req-3fc16b27-277a-403c-87a8-5f02ee632c54 - - - - - -] 10.0.0.12 "GET /" status: 200 len: 136 microversion: 1.0
2026-07-17 19:25:00.956 6 INFO placement.requestlog [None req-18103683-6a15-4a82-9e05-ff249bdfc803 9dd0c4a644db436a8d1d662c222b828d eb87e5487b9b49bca2cd4e664673b2b8 - - 0385a326869642ebbac66b2dd9c07a65 0385a326869642ebbac66b2dd9c07a65] 10.0.0.28 "GET /resource_providers/11babe54-1d09-4a92-b51b-35554a571650/aggregates" status: 404 len: 235 microversion: 1.1 [pid: 6|app: 0|req: 603/1200] 10.0.0.28 () {32 vars in 815 bytes} [Fri Jul 17 19:25:00 2026] GET /resource_providers/11babe54-1d09-4a92-b51b-35554a571650/aggregates => generated 235 bytes in 8 msecs (HTTP/1.1 404) 5 headers in 202 bytes (1 switches on core 0)
2026-07-17 19:25:00.956 7 INFO placement.requestlog [None req-9014b59c-2563-46b5-8e1a-d097391af67f 9dd0c4a644db436a8d1d662c222b828d eb87e5487b9b49bca2cd4e664673b2b8 - - 0385a326869642ebbac66b2dd9c07a65 0385a326869642ebbac66b2dd9c07a65] 10.0.0.28 "GET /resource_providers/11babe54-1d09-4a92-b51b-35554a571650/aggregates" status: 404 len: 235 microversion: 1.1 [pid: 7|app: 0|req: 598/1201] 10.0.0.28 () {32 vars in 815 bytes} [Fri Jul 17 19:25:00 2026] GET /resource_providers/11babe54-1d09-4a92-b51b-35554a571650/aggregates => generated 235 bytes in 9 msecs (HTTP/1.1 404) 5 headers in 202 bytes (1 switches on core 0)
2026-07-17 19:25:00.969 6 INFO placement.requestlog [None req-2de6aa22-5bdc-42e0-a62d-4fab0743cc83 9dd0c4a644db436a8d1d662c222b828d eb87e5487b9b49bca2cd4e664673b2b8 - - 0385a326869642ebbac66b2dd9c07a65 0385a326869642ebbac66b2dd9c07a65] 10.0.0.28 "DELETE /resource_providers/11babe54-1d09-4a92-b51b-35554a571650" status: 404 len: 246 microversion: 1.1 [pid: 6|app: 0|req: 604/1202] 10.0.0.28 () {34 vars in 815 bytes} [Fri Jul 17 19:25:00 2026] DELETE /resource_providers/11babe54-1d09-4a92-b51b-35554a571650 => generated 246 bytes in 7 msecs (HTTP/1.1 404) 6 headers in 231 bytes (1 switches on core 0)
2026-07-17 19:25:00.974 7 INFO placement.requestlog [None req-d2752129-f9b8-4540-a521-00dbd666b376 9dd0c4a644db436a8d1d662c222b828d eb87e5487b9b49bca2cd4e664673b2b8 - - 0385a326869642ebbac66b2dd9c07a65 0385a326869642ebbac66b2dd9c07a65] 10.0.0.28 "DELETE /resource_providers/11babe54-1d09-4a92-b51b-35554a571650" status: 404 len: 246 microversion: 1.1 [pid: 7|app: 0|req: 599/1203] 10.0.0.28 () {34 vars in 815 bytes} [Fri Jul 17 19:25:00 2026] DELETE /resource_providers/11babe54-1d09-4a92-b51b-35554a571650 => generated 246 bytes in 10 msecs (HTTP/1.1 404) 6 headers in 231 bytes (1 switches on core 0)
2026-07-17 19:25:02.995 7 INFO placement.requestlog [None req-87d7d11a-117b-43ee-a672-24e7852f2499 9dd0c4a644db436a8d1d662c222b828d eb87e5487b9b49bca2cd4e664673b2b8 - - 0385a326869642ebbac66b2dd9c07a65 0385a326869642ebbac66b2dd9c07a65] 10.0.0.28 "GET /resource_providers/aebfb442-76ab-4032-ab5a-7065e934f39a/aggregates" status: 404 len: 235 microversion: 1.1 [pid: 7|app: 0|req: 600/1204] 10.0.0.28 () {32 vars in 815 bytes} [Fri Jul 17 19:25:02 2026] GET /resource_providers/aebfb442-76ab-4032-ab5a-7065e934f39a/aggregates => generated 235 bytes in 12 msecs (HTTP/1.1 404) 5 headers in 202 bytes (1 switches on core 0)
2026-07-17 19:25:02.999 6 INFO placement.requestlog [None req-eb5d49a1-1dca-4940-805b-95efc13da2e6 9dd0c4a644db436a8d1d662c222b828d eb87e5487b9b49bca2cd4e664673b2b8 - - 0385a326869642ebbac66b2dd9c07a65 0385a326869642ebbac66b2dd9c07a65] 10.0.0.28 "GET /resource_providers/aebfb442-76ab-4032-ab5a-7065e934f39a/aggregates" status: 404 len: 235 microversion: 1.1 [pid: 6|app: 0|req: 605/1205] 10.0.0.28 () {32 vars in 815 bytes} [Fri Jul 17 19:25:02 2026] GET /resource_providers/aebfb442-76ab-4032-ab5a-7065e934f39a/aggregates => generated 235 bytes in 17 msecs (HTTP/1.1 404) 5 headers in 202 bytes (1 switches on core 0)
2026-07-17 19:25:03.012 7 INFO placement.requestlog [None req-b1de040d-66e3-4386-b1be-c25bae7ae18e 9dd0c4a644db436a8d1d662c222b828d eb87e5487b9b49bca2cd4e664673b2b8 - - 0385a326869642ebbac66b2dd9c07a65 0385a326869642ebbac66b2dd9c07a65] 10.0.0.28 "DELETE /resource_providers/aebfb442-76ab-4032-ab5a-7065e934f39a" status: 404 len: 246 microversion: 1.1 [pid: 7|app: 0|req: 601/1206] 10.0.0.28 () {34 vars in 815 bytes} [Fri Jul 17 19:25:03 2026] DELETE /resource_providers/aebfb442-76ab-4032-ab5a-7065e934f39a => generated 246 bytes in 7 msecs (HTTP/1.1 404) 6 headers in 231 bytes (1 switches on core 0)
2026-07-17 19:25:03.021 6 INFO placement.requestlog [None req-74824ca5-4d72-4548-98f6-304f6b68a229 9dd0c4a644db436a8d1d662c222b828d eb87e5487b9b49bca2cd4e664673b2b8 - - 0385a326869642ebbac66b2dd9c07a65 0385a326869642ebbac66b2dd9c07a65] 10.0.0.28 "DELETE /resource_providers/aebfb442-76ab-4032-ab5a-7065e934f39a" status: 404 len: 246 microversion: 1.1 [pid: 6|app: 0|req: 606/1207] 10.0.0.28 () {34 vars in 815 bytes} [Fri Jul 17 19:25:03 2026] DELETE /resource_providers/aebfb442-76ab-4032-ab5a-7065e934f39a => generated 246 bytes in 14 msecs (HTTP/1.1 404) 6 headers in 231 bytes (1 switches on core 0)
2026-07-17 19:25:03.027 7 INFO placement.requestlog [None req-6310d531-7cf2-4ccc-8e12-5b03fdec47f4 9dd0c4a644db436a8d1d662c222b828d eb87e5487b9b49bca2cd4e664673b2b8 - - 0385a326869642ebbac66b2dd9c07a65 0385a326869642ebbac66b2dd9c07a65] 10.0.0.28 "GET /resource_providers/1b5a7f93-7d08-4aba-a8e5-5371fe0559a4/aggregates" status: 404 len: 235 microversion: 1.1 [pid: 7|app: 0|req: 602/1208] 10.0.0.28 () {32 vars in 815 bytes} [Fri Jul 17 19:25:03 2026] GET /resource_providers/1b5a7f93-7d08-4aba-a8e5-5371fe0559a4/aggregates => generated 235 bytes in 7 msecs (HTTP/1.1 404) 5 headers in 202 bytes (1 switches on core 0)
2026-07-17 19:25:03.036 6 INFO placement.requestlog [None req-8ff4467a-3446-437b-8e00-7cc6f0d112a1 9dd0c4a644db436a8d1d662c222b828d eb87e5487b9b49bca2cd4e664673b2b8 - - 0385a326869642ebbac66b2dd9c07a65 0385a326869642ebbac66b2dd9c07a65] 10.0.0.28 "GET /resource_providers/1b5a7f93-7d08-4aba-a8e5-5371fe0559a4/aggregates" status: 404 len: 235 microversion: 1.1 [pid: 6|app: 0|req: 607/1209] 10.0.0.28 () {32 vars in 815 bytes} [Fri Jul 17 19:25:03 2026] GET /resource_providers/1b5a7f93-7d08-4aba-a8e5-5371fe0559a4/aggregates => generated 235 bytes in 10 msecs (HTTP/1.1 404) 5 headers in 202 bytes (1 switches on core 0)
2026-07-17 19:25:03.045 7 INFO placement.requestlog [None req-c0bd997f-25d9-4051-873e-7b17b05dcb80 9dd0c4a644db436a8d1d662c222b828d eb87e5487b9b49bca2cd4e664673b2b8 - - 0385a326869642ebbac66b2dd9c07a65 0385a326869642ebbac66b2dd9c07a65] 10.0.0.28 "DELETE /resource_providers/1b5a7f93-7d08-4aba-a8e5-5371fe0559a4" status: 404 len: 246 microversion: 1.1 [pid: 7|app: 0|req: 603/1210] 10.0.0.28 () {34 vars in 815 bytes} [Fri Jul 17 19:25:03 2026] DELETE /resource_providers/1b5a7f93-7d08-4aba-a8e5-5371fe0559a4 => generated 246 bytes in 11 msecs (HTTP/1.1 404) 6 headers in 231 bytes (1 switches on core 0)
2026-07-17 19:25:03.055 6 INFO placement.requestlog [None req-b01aad75-eeaa-40e1-8a8c-ff72aa172c79 9dd0c4a644db436a8d1d662c222b828d eb87e5487b9b49bca2cd4e664673b2b8 - - 0385a326869642ebbac66b2dd9c07a65 0385a326869642ebbac66b2dd9c07a65] 10.0.0.28 "DELETE /resource_providers/1b5a7f93-7d08-4aba-a8e5-5371fe0559a4" status: 404 len: 246 microversion: 1.1 [pid: 6|app: 0|req: 608/1211] 10.0.0.28 () {34 vars in 815 bytes} [Fri Jul 17 19:25:03 2026] DELETE /resource_providers/1b5a7f93-7d08-4aba-a8e5-5371fe0559a4 => generated 246 bytes in 12 msecs (HTTP/1.1 404) 6 headers in 231 bytes (1 switches on core 0)
2026-07-17 19:25:06.883 7 INFO placement.requestlog [None req-7624cf2b-18cc-4b66-bc74-07b0c791d82d - - - - - -] 10.0.0.12 "GET /" status: 200 len: 136 microversion: 1.0
2026-07-17 19:25:06.884 6 INFO placement.requestlog [None req-e2ba8177-9183-4c5c-a2ca-78a3f15141dd - - - - - -] 10.0.0.12 "GET /" status: 200 len: 136 microversion: 1.0
2026-07-17 19:25:16.883 7 INFO placement.requestlog [None req-43d94be6-aee1-483a-80c2-52654a3d71f7 - - - - - -] 10.0.0.12 "GET /" status: 200 len: 136 microversion: 1.0
2026-07-17 19:25:16.883 6 INFO placement.requestlog [None req-ca00f500-fe31-413d-8a9d-204147dd2e40 - - - - - -] 10.0.0.12 "GET /" status: 200 len: 136 microversion: 1.0
2026-07-17 19:25:22.567 7 INFO placement.requestlog [req-f4cf9836-84ca-45ce-b394-c18af970fbcf req-34efde61-e18b-4e7c-b001-d3441cce0758 219925b5f2f5421b98d68a974036d2ca eb87e5487b9b49bca2cd4e664673b2b8 - - 0385a326869642ebbac66b2dd9c07a65 0385a326869642ebbac66b2dd9c07a65] 199.204.45.205 "GET /resource_providers/010c00b6-73a8-4bd5-a364-19337262af05/allocations" status: 200 len: 55 microversion: 1.0 [pid: 7|app: 0|req: 606/1216] 199.204.45.205 () {32 vars in 857 bytes} [Fri Jul 17 19:25:22 2026] GET /resource_providers/010c00b6-73a8-4bd5-a364-19337262af05/allocations => generated 55 bytes in 122 msecs (HTTP/1.1 200) 6 headers in 223 bytes (1 switches on core 0)
2026-07-17 19:25:22.593 6 INFO placement.requestlog [req-f4cf9836-84ca-45ce-b394-c18af970fbcf req-d863236f-5c19-4132-a78b-6963da96d884 219925b5f2f5421b98d68a974036d2ca eb87e5487b9b49bca2cd4e664673b2b8 - - 0385a326869642ebbac66b2dd9c07a65 0385a326869642ebbac66b2dd9c07a65] 199.204.45.205 "GET /resource_providers?in_tree=010c00b6-73a8-4bd5-a364-19337262af05" status: 200 len: 798 microversion: 1.14 [pid: 6|app: 0|req: 611/1217] 199.204.45.205 () {34 vars in 892 bytes} [Fri Jul 17 19:25:22 2026] GET /resource_providers?in_tree=010c00b6-73a8-4bd5-a364-19337262af05 => generated 798 bytes in 18 msecs (HTTP/1.1 200) 6 headers in 225 bytes (1 switches on core 0)
2026-07-17 19:25:22.616 7 INFO placement.requestlog [req-f4cf9836-84ca-45ce-b394-c18af970fbcf req-f7543cb7-1fc6-403c-9fef-e7eabcf747d9 219925b5f2f5421b98d68a974036d2ca eb87e5487b9b49bca2cd4e664673b2b8 - - 0385a326869642ebbac66b2dd9c07a65 0385a326869642ebbac66b2dd9c07a65] 199.204.45.205 "GET /resource_providers/010c00b6-73a8-4bd5-a364-19337262af05/inventories" status: 200 len: 401 microversion: 1.0 [pid: 7|app: 0|req: 607/1218] 199.204.45.205 () {32 vars in 857 bytes} [Fri Jul 17 19:25:22 2026] GET /resource_providers/010c00b6-73a8-4bd5-a364-19337262af05/inventories => generated 401 bytes in 16 msecs (HTTP/1.1 200) 6 headers in 224 bytes (1 switches on core 0)
2026-07-17 19:25:22.642 6 INFO placement.requestlog [req-f4cf9836-84ca-45ce-b394-c18af970fbcf req-2d849960-0726-4a4e-bc45-3f643487457f 219925b5f2f5421b98d68a974036d2ca eb87e5487b9b49bca2cd4e664673b2b8 - - 0385a326869642ebbac66b2dd9c07a65 0385a326869642ebbac66b2dd9c07a65] 199.204.45.205 "GET /resource_providers/010c00b6-73a8-4bd5-a364-19337262af05/aggregates" status: 200 len: 54 microversion: 1.19 [pid: 6|app: 0|req: 612/1219] 199.204.45.205 () {34 vars in 899 bytes} [Fri Jul 17 19:25:22 2026] GET /resource_providers/010c00b6-73a8-4bd5-a364-19337262af05/aggregates => generated 54 bytes in 21 msecs (HTTP/1.1 200) 8 headers in 295 bytes (1 switches on core 0)
2026-07-17 19:25:22.665 7 INFO placement.requestlog [req-f4cf9836-84ca-45ce-b394-c18af970fbcf req-17727fad-04f3-4258-a933-260c4760d970 219925b5f2f5421b98d68a974036d2ca eb87e5487b9b49bca2cd4e664673b2b8 - - 0385a326869642ebbac66b2dd9c07a65 0385a326869642ebbac66b2dd9c07a65] 199.204.45.205 "GET /resource_providers/010c00b6-73a8-4bd5-a364-19337262af05/traits" status: 200 len: 2176 microversion: 1.6 [pid: 7|app: 0|req: 608/1220] 199.204.45.205 () {34 vars in 890 bytes} [Fri Jul 17 19:25:22 2026] GET /resource_providers/010c00b6-73a8-4bd5-a364-19337262af05/traits => generated 2176 bytes in 16 msecs (HTTP/1.1 200) 6 headers in 225 bytes (1 switches on core 0)
2026-07-17 19:25:22.683 6 INFO placement.requestlog [req-f4cf9836-84ca-45ce-b394-c18af970fbcf req-ebc9ffae-fede-4cfa-836c-814132831620 219925b5f2f5421b98d68a974036d2ca eb87e5487b9b49bca2cd4e664673b2b8 - - 0385a326869642ebbac66b2dd9c07a65 0385a326869642ebbac66b2dd9c07a65] 199.204.45.205 "GET /resource_providers/010c00b6-73a8-4bd5-a364-19337262af05/allocations" status: 200 len: 55 microversion: 1.0 [pid: 6|app: 0|req: 613/1221] 199.204.45.205 () {32 vars in 857 bytes} [Fri Jul 17 19:25:22 2026] GET /resource_providers/010c00b6-73a8-4bd5-a364-19337262af05/allocations => generated 55 bytes in 11 msecs (HTTP/1.1 200) 6 headers in 223 bytes (1 switches on core 0)
2026-07-17 19:25:26.885 7 INFO placement.requestlog [None req-8e8f825c-e839-4d9f-842c-744f93d76c09 - - - - - -] 10.0.0.12 "GET /" status: 200 len: 136 microversion: 1.0
2026-07-17 19:25:26.887 6 INFO placement.requestlog [None req-d0073441-4aa1-4890-9508-2ba61c5fa78b - - - - - -] 10.0.0.12 "GET /" status: 200 len: 136 microversion: 1.0
2026-07-17 19:25:36.886 6 INFO placement.requestlog [None req-44e839e7-d9ed-4890-a993-16d8cc631130 - - - - - -] 10.0.0.12 "GET /" status: 200 len: 136 microversion: 1.0
2026-07-17 19:25:36.886 7 INFO placement.requestlog [None req-1857ab69-dfbb-41eb-9979-1863f039d919 - - - - - -] 10.0.0.12 "GET /" status: 200 len: 136 microversion: 1.0
2026-07-17 19:25:46.884 6 INFO placement.requestlog [None req-3242f2c7-ca86-4329-85b4-23069ce25966 - - - - - -] 10.0.0.12 "GET /" status: 200 len: 136 microversion: 1.0
2026-07-17 19:25:46.885 7 INFO placement.requestlog [None req-1e35d7fc-8a2d-49d7-9bc4-230780605f58 - - - - - -] 10.0.0.12 "GET /" status: 200 len: 136 microversion: 1.0
2026-07-17 19:25:56.884 7 INFO placement.requestlog [None req-dbfe8d33-031d-4f44-a26f-bffad72cbdaa - - - - - -] 10.0.0.12 "GET /" status: 200 len: 136 microversion: 1.0
2026-07-17 19:25:56.885 6 INFO placement.requestlog [None req-3e24e975-5e89-4eed-a29a-5547bbb52c9a - - - - - -] 10.0.0.12 "GET /" status: 200 len: 136 microversion: 1.0
2026-07-17 19:26:06.884 7 INFO placement.requestlog [None req-6efa9887-12fd-4395-87fe-ae6f1154a66b - - - - - -] 10.0.0.12 "GET /" status: 200 len: 136 microversion: 1.0
2026-07-17 19:26:06.884 6 INFO placement.requestlog [None req-8bb1c3c2-4bdf-4765-9a3f-3089cb978647 - - - - - -] 10.0.0.12 "GET /" status: 200 len: 136 microversion: 1.0
2026-07-17 19:26:16.883 6 INFO placement.requestlog [None req-038b5d67-657c-41e0-b39a-4f3a4a25ae0f - - - - - -] 10.0.0.12 "GET /" status: 200 len: 136 microversion: 1.0
2026-07-17 19:26:16.884 7 INFO placement.requestlog [None req-028befbf-bea3-455a-9947-150fb8525099 - - - - - -] 10.0.0.12 "GET /" status: 200 len: 136 microversion: 1.0
2026-07-17 19:26:22.555 6 INFO placement.requestlog [req-5a86730c-6057-406c-8171-4d47d851b6cc req-0f6775ef-de22-4039-a710-08374962f4ea 219925b5f2f5421b98d68a974036d2ca eb87e5487b9b49bca2cd4e664673b2b8 - - 0385a326869642ebbac66b2dd9c07a65 0385a326869642ebbac66b2dd9c07a65] 199.204.45.205 "GET /resource_providers/010c00b6-73a8-4bd5-a364-19337262af05/allocations" status: 200 len: 55 microversion: 1.0 [pid: 6|app: 0|req: 620/1234] 199.204.45.205 () {32 vars in 857 bytes} [Fri Jul 17 19:26:22 2026] GET /resource_providers/010c00b6-73a8-4bd5-a364-19337262af05/allocations => generated 55 bytes in 16 msecs (HTTP/1.1 200) 6 headers in 223 bytes (1 switches on core 0)
