+ COMMAND=start + start + for KEYSTONE_WSGI_SCRIPT in keystone-wsgi-public ++ type -p keystone-wsgi-public + cp -a /var/lib/openstack/bin/keystone-wsgi-public /var/www/cgi-bin/keystone/ + '[' -f /etc/apache2/envvars ']' + source /etc/apache2/envvars ++ unset HOME ++ '[' '' '!=' '' ']' ++ SUFFIX= ++ export APACHE_RUN_USER=www-data ++ APACHE_RUN_USER=www-data ++ export APACHE_RUN_GROUP=www-data ++ APACHE_RUN_GROUP=www-data ++ export APACHE_PID_FILE=/var/run/apache2/apache2.pid ++ APACHE_PID_FILE=/var/run/apache2/apache2.pid ++ export APACHE_RUN_DIR=/var/run/apache2 ++ APACHE_RUN_DIR=/var/run/apache2 ++ export APACHE_LOCK_DIR=/var/lock/apache2 ++ APACHE_LOCK_DIR=/var/lock/apache2 ++ export APACHE_LOG_DIR=/var/log/apache2 ++ APACHE_LOG_DIR=/var/log/apache2 ++ export LANG=C ++ LANG=C ++ export LANG + '[' -f /var/run/apache2/apache2.pid ']' + exec apache2 -DFOREGROUND AH00558: apache2: Could not reliably determine the server's fully qualified domain name, using 10.0.0.133. Set the 'ServerName' directive globally to suppress this message AH00558: apache2: Could not reliably determine the server's fully qualified domain name, using 10.0.0.133. Set the 'ServerName' directive globally to suppress this message
[Sat Jul 18 14:25:56.679526 2026] [mpm_event:notice] [pid 1:tid 140681865598848] AH00489: Apache/2.4.58 (Ubuntu) mod_wsgi/5.0.0 Python/3.12 configured -- resuming normal operations
[Sat Jul 18 14:25:56.679667 2026] [core:notice] [pid 1:tid 140681865598848] AH00094: Command line: 'apache2 -D FOREGROUND'
[Sat Jul 18 14:26:55.509694 2026] [wsgi:error] [pid 11:tid 140681227777728] /var/lib/openstack/lib/python3.12/site-packages/oslo_utils/importutils.py:77: EventletDeprecationWarning:
[Sat Jul 18 14:26:55.509733 2026] [wsgi:error] [pid 11:tid 140681227777728] Eventlet is deprecated. It is currently being maintained in bugfix mode, and
[Sat Jul 18 14:26:55.509735 2026] [wsgi:error] [pid 11:tid 140681227777728] we strongly recommend against using it for new projects.
[Sat Jul 18 14:26:55.509736 2026] [wsgi:error] [pid 11:tid 140681227777728]
[Sat Jul 18 14:26:55.509737 2026] [wsgi:error] [pid 11:tid 140681227777728] If you are already using Eventlet, we recommend migrating to a different
[Sat Jul 18 14:26:55.509739 2026] [wsgi:error] [pid 11:tid 140681227777728] framework. For more detail see
[Sat Jul 18 14:26:55.509740 2026] [wsgi:error] [pid 11:tid 140681227777728] https://eventlet.readthedocs.io/en/latest/asyncio/migration.html
[Sat Jul 18 14:26:55.509741 2026] [wsgi:error] [pid 11:tid 140681227777728]
[Sat Jul 18 14:26:55.509742 2026] [wsgi:error] [pid 11:tid 140681227777728] __import__(import_str)
[Sat Jul 18 14:26:55.519099 2026] [wsgi:error] [pid 9:tid 140681227777728] /var/lib/openstack/lib/python3.12/site-packages/oslo_utils/importutils.py:77: EventletDeprecationWarning:
[Sat Jul 18 14:26:55.519140 2026] [wsgi:error] [pid 9:tid 140681227777728] Eventlet is deprecated. It is currently being maintained in bugfix mode, and
[Sat Jul 18 14:26:55.519142 2026] [wsgi:error] [pid 9:tid 140681227777728] we strongly recommend against using it for new projects.
[Sat Jul 18 14:26:55.519143 2026] [wsgi:error] [pid 9:tid 140681227777728]
[Sat Jul 18 14:26:55.519144 2026] [wsgi:error] [pid 9:tid 140681227777728] If you are already using Eventlet, we recommend migrating to a different
[Sat Jul 18 14:26:55.519146 2026] [wsgi:error] [pid 9:tid 140681227777728] framework. For more detail see
[Sat Jul 18 14:26:55.519147 2026] [wsgi:error] [pid 9:tid 140681227777728] https://eventlet.readthedocs.io/en/latest/asyncio/migration.html
[Sat Jul 18 14:26:55.519148 2026] [wsgi:error] [pid 9:tid 140681227777728]
[Sat Jul 18 14:26:55.519149 2026] [wsgi:error] [pid 9:tid 140681227777728] __import__(import_str) 10.0.0.86 - - [18/Jul/2026:14:26:54 +0000] "GET /v3/ HTTP/1.1" 200 250 10.0.0.86 - - [18/Jul/2026:14:26:54 +0000] "GET /v3/ HTTP/1.1" 200 250
[Sat Jul 18 14:27:00.877671 2026] [wsgi:error] [pid 10:tid 140681227777728] /var/lib/openstack/lib/python3.12/site-packages/oslo_utils/importutils.py:77: EventletDeprecationWarning:
[Sat Jul 18 14:27:00.877707 2026] [wsgi:error] [pid 10:tid 140681227777728] Eventlet is deprecated. It is currently being maintained in bugfix mode, and
[Sat Jul 18 14:27:00.877709 2026] [wsgi:error] [pid 10:tid 140681227777728] we strongly recommend against using it for new projects.
[Sat Jul 18 14:27:00.877710 2026] [wsgi:error] [pid 10:tid 140681227777728]
[Sat Jul 18 14:27:00.877711 2026] [wsgi:error] [pid 10:tid 140681227777728] If you are already using Eventlet, we recommend migrating to a different
[Sat Jul 18 14:27:00.877712 2026] [wsgi:error] [pid 10:tid 140681227777728] framework. For more detail see
[Sat Jul 18 14:27:00.877713 2026] [wsgi:error] [pid 10:tid 140681227777728] https://eventlet.readthedocs.io/en/latest/asyncio/migration.html
[Sat Jul 18 14:27:00.877715 2026] [wsgi:error] [pid 10:tid 140681227777728]
[Sat Jul 18 14:27:00.877716 2026] [wsgi:error] [pid 10:tid 140681227777728] __import__(import_str) 10.0.0.86 - - [18/Jul/2026:14:27:00 +0000] "GET /v3/ HTTP/1.1" 200 250
[Sat Jul 18 14:27:08.506327 2026] [wsgi:error] [pid 12:tid 140681227777728] /var/lib/openstack/lib/python3.12/site-packages/oslo_utils/importutils.py:77: EventletDeprecationWarning:
[Sat Jul 18 14:27:08.506361 2026] [wsgi:error] [pid 12:tid 140681227777728] Eventlet is deprecated. It is currently being maintained in bugfix mode, and
[Sat Jul 18 14:27:08.506363 2026] [wsgi:error] [pid 12:tid 140681227777728] we strongly recommend against using it for new projects.
[Sat Jul 18 14:27:08.506365 2026] [wsgi:error] [pid 12:tid 140681227777728]
[Sat Jul 18 14:27:08.506366 2026] [wsgi:error] [pid 12:tid 140681227777728] If you are already using Eventlet, we recommend migrating to a different
[Sat Jul 18 14:27:08.506367 2026] [wsgi:error] [pid 12:tid 140681227777728] framework. For more detail see
[Sat Jul 18 14:27:08.506368 2026] [wsgi:error] [pid 12:tid 140681227777728] https://eventlet.readthedocs.io/en/latest/asyncio/migration.html
[Sat Jul 18 14:27:08.506370 2026] [wsgi:error] [pid 12:tid 140681227777728]
[Sat Jul 18 14:27:08.506371 2026] [wsgi:error] [pid 12:tid 140681227777728] __import__(import_str) 10.0.0.163 - - [18/Jul/2026:14:27:07 +0000] "GET / HTTP/1.1" 300 295
[Sat Jul 18 14:27:13.210395 2026] [wsgi:error] [pid 11:tid 140681227777728] [remote 10.0.0.163:49080] 2026-07-18 14:27:13.206 11 WARNING keystone.identity.core [None req-74b21d9c-8f99-4bd4-b8fc-33f8196ddb62 - - - - - -] Invalid domain name (atmosphere) found in config file name: keystone.exception.DomainNotFound: Could not find domain: atmosphere.
[Sat Jul 18 14:27:13.266971 2026] [wsgi:error] [pid 11:tid 140681227777728] [remote 10.0.0.163:49080] 2026-07-18 14:27:13.266 11 WARNING keystone.common.password_hashing [None req-74b21d9c-8f99-4bd4-b8fc-33f8196ddb62 - - - - - -] Truncating password to algorithm specific maximum length 72 characters.
[Sat Jul 18 14:27:13.549463 2026] [wsgi:error] [pid 11:tid 140681227777728] [remote 10.0.0.163:49080] 2026-07-18 14:27:13.549 11 WARNING keystone.common.fernet_utils [None req-74b21d9c-8f99-4bd4-b8fc-33f8196ddb62 - - - - - -] key_repository is world readable: /etc/keystone/fernet-keys/ 10.0.0.163 - - [18/Jul/2026:14:27:13 +0000] "POST /v3/auth/tokens HTTP/1.1" 201 1360
[Sat Jul 18 14:27:13.930318 2026] [wsgi:error] [pid 9:tid 140681227777728] [remote 10.0.0.163:49080] 2026-07-18 14:27:13.927 9 WARNING keystone.identity.core [None req-9726f6ba-8c6c-4f48-b47c-779e95675cbc - - - - - -] Invalid domain name (atmosphere) found in config file name: keystone.exception.DomainNotFound: Could not find domain: atmosphere. 10.0.0.163 - - [18/Jul/2026:14:27:13 +0000] "POST /v3/domains HTTP/1.1" 201 261 10.0.0.141 - - [18/Jul/2026:14:27:24 +0000] "GET / HTTP/1.1" 300 295
[Sat Jul 18 14:27:25.325555 2026] [wsgi:error] [pid 12:tid 140681227777728] [remote 10.0.0.141:50386] 2026-07-18 14:27:25.324 12 WARNING keystone.common.password_hashing [None req-f24a80e0-5a53-43bb-99f5-dd2eafc6d031 - - - - - -] Truncating password to algorithm specific maximum length 72 characters.
[Sat Jul 18 14:27:25.599273 2026] [wsgi:error] [pid 12:tid 140681227777728] [remote 10.0.0.141:50386] 2026-07-18 14:27:25.598 12 WARNING keystone.common.fernet_utils [None req-f24a80e0-5a53-43bb-99f5-dd2eafc6d031 - - - - - -] key_repository is world readable: /etc/keystone/fernet-keys/ 10.0.0.141 - - [18/Jul/2026:14:27:25 +0000] "POST /v3/auth/tokens HTTP/1.1" 201 1360 10.0.0.141 - - [18/Jul/2026:14:27:25 +0000] "GET /v3/roles/admin HTTP/1.1" 404 83
[Sat Jul 18 14:27:25.844514 2026] [wsgi:error] [pid 9:tid 140681227777728] [remote 10.0.0.141:50386] 2026-07-18 14:27:25.844 9 WARNING keystone.common.rbac_enforcer.enforcer [None req-3933cca8-a565-4549-bbf6-5d60b64207c7 fce366b9634949fe811a27aeba2ddb32 82cb3c7e09e74656835c2cb41cf39d3e - - default default] Deprecated policy rules found. Use oslopolicy-policy-generator and oslopolicy-policy-upgrade to detect and resolve deprecated policies in your configuration. 10.0.0.141 - - [18/Jul/2026:14:27:25 +0000] "GET /v3/roles?name=admin HTTP/1.1" 200 389
[Sat Jul 18 14:27:26.328466 2026] [wsgi:error] [pid 10:tid 140681227777728] [remote 10.0.0.141:50386] 2026-07-18 14:27:26.328 10 WARNING keystone.common.rbac_enforcer.enforcer [None req-02e95038-658c-4853-80fd-f5f97cdec658 fce366b9634949fe811a27aeba2ddb32 82cb3c7e09e74656835c2cb41cf39d3e - - default default] Deprecated policy rules found. Use oslopolicy-policy-generator and oslopolicy-policy-upgrade to detect and resolve deprecated policies in your configuration. 10.0.0.141 - - [18/Jul/2026:14:27:25 +0000] "GET /v3/users/admin-RegionOne HTTP/1.1" 404 93
[Sat Jul 18 14:27:26.480050 2026] [wsgi:error] [pid 12:tid 140681227777728] [remote 10.0.0.141:50386] 2026-07-18 14:27:26.479 12 WARNING keystone.common.rbac_enforcer.enforcer [None req-6fd384e9-b246-459e-837c-59c487ab53d3 fce366b9634949fe811a27aeba2ddb32 82cb3c7e09e74656835c2cb41cf39d3e - - default default] Deprecated policy rules found. Use oslopolicy-policy-generator and oslopolicy-policy-upgrade to detect and resolve deprecated policies in your configuration. 10.0.0.141 - - [18/Jul/2026:14:27:26 +0000] "GET /v3/users?name=admin-RegionOne HTTP/1.1" 200 422
[Sat Jul 18 14:27:26.635080 2026] [wsgi:error] [pid 11:tid 140681227777728] [remote 10.0.0.141:50386] 2026-07-18 14:27:26.634 11 WARNING keystone.common.rbac_enforcer.enforcer [None req-342be0a9-c59d-46a1-85eb-20eda3cdc889 fce366b9634949fe811a27aeba2ddb32 82cb3c7e09e74656835c2cb41cf39d3e - - default default] Deprecated policy rules found. Use oslopolicy-policy-generator and oslopolicy-policy-upgrade to detect and resolve deprecated policies in your configuration. 10.0.0.141 - - [18/Jul/2026:14:27:26 +0000] "GET /v3/domains/default HTTP/1.1" 200 224 10.0.0.141 - - [18/Jul/2026:14:27:26 +0000] "PUT /v3/domains/default/users/fce366b9634949fe811a27aeba2ddb32/roles/d8973ce516234311b420a4a91f758cf6 HTTP/1.1" 204 - 10.0.0.86 - - [18/Jul/2026:14:27:36 +0000] "GET / HTTP/1.1" 300 281 10.0.0.86 - - [18/Jul/2026:14:27:38 +0000] "GET /v3 HTTP/1.1" 200 266
[Sat Jul 18 14:27:38.332182 2026] [wsgi:error] [pid 11:tid 140681227777728] [remote 10.0.0.86:45598] 2026-07-18 14:27:38.331 11 WARNING keystone.common.password_hashing [None req-44b0e335-f12f-4616-a851-4790b240965e - - - - - -] Truncating password to algorithm specific maximum length 72 characters.
[Sat Jul 18 14:27:38.607565 2026] [wsgi:error] [pid 11:tid 140681227777728] [remote 10.0.0.86:45598] 2026-07-18 14:27:38.607 11 WARNING keystone.common.fernet_utils [None req-44b0e335-f12f-4616-a851-4790b240965e - - - - - -] key_repository is world readable: /etc/keystone/fernet-keys/ 10.0.0.86 - - [18/Jul/2026:14:27:38 +0000] "POST /v3/auth/tokens HTTP/1.1" 201 1360 10.0.0.86 - - [18/Jul/2026:14:27:38 +0000] "GET / HTTP/1.1" 300 281 10.0.0.86 - - [18/Jul/2026:14:27:38 +0000] "GET /v3/domains/atmosphere HTTP/1.1" 404 90 10.0.0.86 - - [18/Jul/2026:14:27:38 +0000] "GET /v3/domains?name=atmosphere HTTP/1.1" 200 370 10.0.0.86 - - [18/Jul/2026:14:27:38 +0000] "GET /v3/domains/6e9f056604de4dffbca36a7757e97747 HTTP/1.1" 200 247 10.0.0.86 - - [18/Jul/2026:14:27:39 +0000] "GET /v3 HTTP/1.1" 200 266
[Sat Jul 18 14:27:39.722827 2026] [wsgi:error] [pid 10:tid 140681227777728] [remote 10.0.0.86:45594] 2026-07-18 14:27:39.722 10 WARNING keystone.common.password_hashing [None req-eb80fc0d-4ab6-4d45-91e1-3b4f92a1e3d1 - - - - - -] Truncating password to algorithm specific maximum length 72 characters.
[Sat Jul 18 14:27:40.009840 2026] [wsgi:error] [pid 10:tid 140681227777728] [remote 10.0.0.86:45594] 2026-07-18 14:27:40.009 10 WARNING keystone.common.fernet_utils [None req-eb80fc0d-4ab6-4d45-91e1-3b4f92a1e3d1 - - - - - -] key_repository is world readable: /etc/keystone/fernet-keys/ 10.0.0.86 - - [18/Jul/2026:14:27:39 +0000] "POST /v3/auth/tokens HTTP/1.1" 201 1360 10.0.0.86 - - [18/Jul/2026:14:27:40 +0000] "GET / HTTP/1.1" 300 281 10.0.0.86 - - [18/Jul/2026:14:27:40 +0000] "GET /v3/OS-FEDERATION/identity_providers/atmosphere HTTP/1.1" 404 101 10.0.0.86 - - [18/Jul/2026:14:27:40 +0000] "GET /v3/OS-FEDERATION/identity_providers HTTP/1.1" 200 156 10.0.0.86 - - [18/Jul/2026:14:27:40 +0000] "PUT /v3/OS-FEDERATION/identity_providers/atmosphere HTTP/1.1" 201 342 10.0.0.86 - - [18/Jul/2026:14:27:40 +0000] "GET /v3 HTTP/1.1" 200 266
[Sat Jul 18 14:27:40.834356 2026] [wsgi:error] [pid 11:tid 140681227777728] [remote 10.0.0.86:45598] 2026-07-18 14:27:40.834 11 WARNING keystone.common.password_hashing [None req-ad962786-0cd5-4467-9586-3888ab9c5cbc - - - - - -] Truncating password to algorithm specific maximum length 72 characters.
[Sat Jul 18 14:27:41.112448 2026] [wsgi:error] [pid 11:tid 140681227777728] [remote 10.0.0.86:45598] 2026-07-18 14:27:41.112 11 WARNING keystone.common.fernet_utils [None req-ad962786-0cd5-4467-9586-3888ab9c5cbc - - - - - -] key_repository is world readable: /etc/keystone/fernet-keys/ 10.0.0.86 - - [18/Jul/2026:14:27:40 +0000] "POST /v3/auth/tokens HTTP/1.1" 201 1360 10.0.0.86 - - [18/Jul/2026:14:27:41 +0000] "GET / HTTP/1.1" 300 281 10.0.0.86 - - [18/Jul/2026:14:27:41 +0000] "GET /v3/OS-FEDERATION/mappings/atmosphere-openid HTTP/1.1" 404 98 10.0.0.86 - - [18/Jul/2026:14:27:41 +0000] "GET /v3/OS-FEDERATION/mappings HTTP/1.1" 200 136 10.0.0.86 - - [18/Jul/2026:14:27:41 +0000] "PUT /v3/OS-FEDERATION/mappings/atmosphere-openid HTTP/1.1" 201 357 10.0.0.86 - - [18/Jul/2026:14:27:41 +0000] "GET /v3 HTTP/1.1" 200 266
[Sat Jul 18 14:27:41.917652 2026] [wsgi:error] [pid 10:tid 140681227777728] [remote 10.0.0.86:45594] 2026-07-18 14:27:41.917 10 WARNING keystone.common.password_hashing [None req-12d24391-c156-4b23-95ea-413e9155bb27 - - - - - -] Truncating password to algorithm specific maximum length 72 characters.
[Sat Jul 18 14:27:42.191289 2026] [wsgi:error] [pid 10:tid 140681227777728] [remote 10.0.0.86:45594] 2026-07-18 14:27:42.191 10 WARNING keystone.common.fernet_utils [None req-12d24391-c156-4b23-95ea-413e9155bb27 - - - - - -] key_repository is world readable: /etc/keystone/fernet-keys/ 10.0.0.86 - - [18/Jul/2026:14:27:41 +0000] "POST /v3/auth/tokens HTTP/1.1" 201 1360 10.0.0.86 - - [18/Jul/2026:14:27:42 +0000] "GET / HTTP/1.1" 300 281 10.0.0.86 - - [18/Jul/2026:14:27:42 +0000] "GET /v3/OS-FEDERATION/identity_providers/atmosphere/protocols/openid?idp_id=atmosphere HTTP/1.1" 404 131 10.0.0.86 - - [18/Jul/2026:14:27:42 +0000] "GET /v3/OS-FEDERATION/identity_providers/atmosphere/protocols HTTP/1.1" 200 168 10.0.0.86 - - [18/Jul/2026:14:27:42 +0000] "PUT /v3/OS-FEDERATION/identity_providers/atmosphere/protocols/openid HTTP/1.1" 201 224 10.0.0.86 - - [18/Jul/2026:14:27:54 +0000] "GET /v3/ HTTP/1.1" 200 250 10.0.0.86 - - [18/Jul/2026:14:27:54 +0000] "GET /v3/ HTTP/1.1" 200 250 10.0.0.86 - - [18/Jul/2026:14:28:54 +0000] "GET /v3/ HTTP/1.1" 200 250 10.0.0.86 - - [18/Jul/2026:14:28:54 +0000] "GET /v3/ HTTP/1.1" 200 250 10.0.0.251 - - [18/Jul/2026:14:29:04 +0000] "GET / HTTP/1.1" 300 295
[Sat Jul 18 14:29:04.817432 2026] [wsgi:error] [pid 11:tid 140681227777728] [remote 10.0.0.251:46506] 2026-07-18 14:29:04.817 11 WARNING keystone.common.password_hashing [None req-3ef3dc8e-baaf-4ee5-b280-d87e675551a7 - - - - - -] Truncating password to algorithm specific maximum length 72 characters.
[Sat Jul 18 14:29:05.087939 2026] [wsgi:error] [pid 11:tid 140681227777728] [remote 10.0.0.251:46506] 2026-07-18 14:29:05.087 11 WARNING keystone.common.fernet_utils [None req-3ef3dc8e-baaf-4ee5-b280-d87e675551a7 - - - - - -] key_repository is world readable: /etc/keystone/fernet-keys/ 10.0.0.251 - - [18/Jul/2026:14:29:04 +0000] "POST /v3/auth/tokens HTTP/1.1" 201 1360 10.0.0.251 - - [18/Jul/2026:14:29:05 +0000] "GET /v3/services HTTP/1.1" 200 355 10.0.0.251 - - [18/Jul/2026:14:29:08 +0000] "GET / HTTP/1.1" 300 295
[Sat Jul 18 14:29:08.719252 2026] [wsgi:error] [pid 12:tid 140681227777728] [remote 10.0.0.251:46508] 2026-07-18 14:29:08.719 12 WARNING keystone.common.password_hashing [None req-54ce6e13-8e1e-4231-bade-b6fecd855a12 - - - - - -] Truncating password to algorithm specific maximum length 72 characters.
[Sat Jul 18 14:29:09.027248 2026] [wsgi:error] [pid 12:tid 140681227777728] [remote 10.0.0.251:46508] 2026-07-18 14:29:09.027 12 WARNING keystone.common.fernet_utils [None req-54ce6e13-8e1e-4231-bade-b6fecd855a12 - - - - - -] key_repository is world readable: /etc/keystone/fernet-keys/ 10.0.0.251 - - [18/Jul/2026:14:29:08 +0000] "POST /v3/auth/tokens HTTP/1.1" 201 1360 10.0.0.251 - - [18/Jul/2026:14:29:09 +0000] "GET /v3/services HTTP/1.1" 200 355 10.0.0.251 - - [18/Jul/2026:14:29:12 +0000] "GET / HTTP/1.1" 300 295
[Sat Jul 18 14:29:12.672129 2026] [wsgi:error] [pid 9:tid 140681227777728] [remote 10.0.0.251:40000] 2026-07-18 14:29:12.671 9 WARNING keystone.common.password_hashing [None req-f17bdbd5-9810-4bbe-b543-c645785e04dd - - - - - -] Truncating password to algorithm specific maximum length 72 characters.
[Sat Jul 18 14:29:12.967889 2026] [wsgi:error] [pid 9:tid 140681227777728] [remote 10.0.0.251:40000] 2026-07-18 14:29:12.967 9 WARNING keystone.common.fernet_utils [None req-f17bdbd5-9810-4bbe-b543-c645785e04dd - - - - - -] key_repository is world readable: /etc/keystone/fernet-keys/ 10.0.0.251 - - [18/Jul/2026:14:29:12 +0000] "POST /v3/auth/tokens HTTP/1.1" 201 1360 10.0.0.251 - - [18/Jul/2026:14:29:13 +0000] "GET /v3/services HTTP/1.1" 200 355 10.0.0.251 - - [18/Jul/2026:14:29:16 +0000] "GET / HTTP/1.1" 300 295
[Sat Jul 18 14:29:16.539665 2026] [wsgi:error] [pid 10:tid 140681227777728] [remote 10.0.0.251:40010] 2026-07-18 14:29:16.539 10 WARNING keystone.common.password_hashing [None req-09fe4f4b-217e-43a6-91b1-3f86b3b48af8 - - - - - -] Truncating password to algorithm specific maximum length 72 characters.
[Sat Jul 18 14:29:16.822920 2026] [wsgi:error] [pid 10:tid 140681227777728] [remote 10.0.0.251:40010] 2026-07-18 14:29:16.822 10 WARNING keystone.common.fernet_utils [None req-09fe4f4b-217e-43a6-91b1-3f86b3b48af8 - - - - - -] key_repository is world readable: /etc/keystone/fernet-keys/ 10.0.0.251 - - [18/Jul/2026:14:29:16 +0000] "POST /v3/auth/tokens HTTP/1.1" 201 1360 10.0.0.251 - - [18/Jul/2026:14:29:16 +0000] "POST /v3/services HTTP/1.1" 201 296 10.0.0.34 - - [18/Jul/2026:14:29:27 +0000] "GET / HTTP/1.1" 300 295
[Sat Jul 18 14:29:28.001746 2026] [wsgi:error] [pid 11:tid 140681227777728] [remote 10.0.0.34:55932] 2026-07-18 14:29:28.001 11 WARNING keystone.common.password_hashing [None req-93745eea-6510-4413-b596-8714eada5772 - - - - - -] Truncating password to algorithm specific maximum length 72 characters. 10.0.0.34 - - [18/Jul/2026:14:29:28 +0000] "GET / HTTP/1.1" 300 295
[Sat Jul 18 14:29:28.190370 2026] [wsgi:error] [pid 9:tid 140681227777728] [remote 10.0.0.34:55942] 2026-07-18 14:29:28.190 9 WARNING keystone.common.password_hashing [None req-04185ccb-9222-4954-b209-060c40f7b613 - - - - - -] Truncating password to algorithm specific maximum length 72 characters. 10.0.0.34 - - [18/Jul/2026:14:29:28 +0000] "GET / HTTP/1.1" 300 295
[Sat Jul 18 14:29:28.283308 2026] [wsgi:error] [pid 11:tid 140681227777728] [remote 10.0.0.34:55932] 2026-07-18 14:29:28.283 11 WARNING keystone.common.fernet_utils [None req-93745eea-6510-4413-b596-8714eada5772 - - - - - -] key_repository is world readable: /etc/keystone/fernet-keys/ 10.0.0.34 - - [18/Jul/2026:14:29:27 +0000] "POST /v3/auth/tokens HTTP/1.1" 201 1464
[Sat Jul 18 14:29:28.297794 2026] [wsgi:error] [pid 10:tid 140681227777728] [remote 10.0.0.34:55956] 2026-07-18 14:29:28.297 10 WARNING keystone.common.password_hashing [None req-9873316f-f1c7-4f0f-9477-723f3646088b - - - - - -] Truncating password to algorithm specific maximum length 72 characters. 10.0.0.34 - - [18/Jul/2026:14:29:28 +0000] "GET /v3/services HTTP/1.1" 200 639
[Sat Jul 18 14:29:28.467214 2026] [wsgi:error] [pid 9:tid 140681227777728] [remote 10.0.0.34:55942] 2026-07-18 14:29:28.467 9 WARNING keystone.common.fernet_utils [None req-04185ccb-9222-4954-b209-060c40f7b613 - - - - - -] key_repository is world readable: /etc/keystone/fernet-keys/ 10.0.0.34 - - [18/Jul/2026:14:29:28 +0000] "POST /v3/auth/tokens HTTP/1.1" 201 1464
[Sat Jul 18 14:29:28.574696 2026] [wsgi:error] [pid 10:tid 140681227777728] [remote 10.0.0.34:55956] 2026-07-18 14:29:28.574 10 WARNING keystone.common.fernet_utils [None req-9873316f-f1c7-4f0f-9477-723f3646088b - - - - - -] key_repository is world readable: /etc/keystone/fernet-keys/ 10.0.0.34 - - [18/Jul/2026:14:29:28 +0000] "POST /v3/auth/tokens HTTP/1.1" 201 1464 10.0.0.34 - - [18/Jul/2026:14:29:28 +0000] "GET /v3/services HTTP/1.1" 200 639 10.0.0.34 - - [18/Jul/2026:14:29:28 +0000] "GET /v3/services HTTP/1.1" 200 639 10.0.0.34 - - [18/Jul/2026:14:29:29 +0000] "GET / HTTP/1.1" 300 295
[Sat Jul 18 14:29:29.994019 2026] [wsgi:error] [pid 10:tid 140681227777728] [remote 10.0.0.34:55960] 2026-07-18 14:29:29.993 10 WARNING keystone.common.password_hashing [None req-016ce226-5141-4450-8bf8-1d4b857ffbcf - - - - - -] Truncating password to algorithm specific maximum length 72 characters. 10.0.0.34 - - [18/Jul/2026:14:29:30 +0000] "GET / HTTP/1.1" 300 295
[Sat Jul 18 14:29:30.148853 2026] [wsgi:error] [pid 12:tid 140681227777728] [remote 10.0.0.34:55970] 2026-07-18 14:29:30.148 12 WARNING keystone.common.password_hashing [None req-baf30ebf-bd84-423a-a1c2-7e7fd5c56b0e - - - - - -] Truncating password to algorithm specific maximum length 72 characters. 10.0.0.34 - - [18/Jul/2026:14:29:30 +0000] "GET / HTTP/1.1" 300 295
[Sat Jul 18 14:29:30.173922 2026] [wsgi:error] [pid 11:tid 140681227777728] [remote 10.0.0.34:55978] 2026-07-18 14:29:30.173 11 WARNING keystone.common.password_hashing [None req-7f415948-82f2-4351-870e-3429c754f558 - - - - - -] Truncating password to algorithm specific maximum length 72 characters.
[Sat Jul 18 14:29:30.272677 2026] [wsgi:error] [pid 10:tid 140681227777728] [remote 10.0.0.34:55960] 2026-07-18 14:29:30.272 10 WARNING keystone.common.fernet_utils [None req-016ce226-5141-4450-8bf8-1d4b857ffbcf - - - - - -] key_repository is world readable: /etc/keystone/fernet-keys/ 10.0.0.34 - - [18/Jul/2026:14:29:29 +0000] "POST /v3/auth/tokens HTTP/1.1" 201 1464 10.0.0.34 - - [18/Jul/2026:14:29:30 +0000] "GET /v3/endpoints HTTP/1.1" 200 1227 10.0.0.34 - - [18/Jul/2026:14:29:30 +0000] "GET /v3/services/1501470231584ed7b0a215f2d74a624d HTTP/1.1" 200 233
[Sat Jul 18 14:29:30.421317 2026] [wsgi:error] [pid 12:tid 140681227777728] [remote 10.0.0.34:55970] 2026-07-18 14:29:30.421 12 WARNING keystone.common.fernet_utils [None req-baf30ebf-bd84-423a-a1c2-7e7fd5c56b0e - - - - - -] key_repository is world readable: /etc/keystone/fernet-keys/ 10.0.0.34 - - [18/Jul/2026:14:29:30 +0000] "GET /v3/services/1501470231584ed7b0a215f2d74a624d HTTP/1.1" 200 233 10.0.0.34 - - [18/Jul/2026:14:29:30 +0000] "POST /v3/auth/tokens HTTP/1.1" 201 1464
[Sat Jul 18 14:29:30.444888 2026] [wsgi:error] [pid 11:tid 140681227777728] [remote 10.0.0.34:55978] 2026-07-18 14:29:30.444 11 WARNING keystone.common.fernet_utils [None req-7f415948-82f2-4351-870e-3429c754f558 - - - - - -] key_repository is world readable: /etc/keystone/fernet-keys/ 10.0.0.34 - - [18/Jul/2026:14:29:30 +0000] "GET /v3/services/1501470231584ed7b0a215f2d74a624d HTTP/1.1" 200 233 10.0.0.34 - - [18/Jul/2026:14:29:30 +0000] "POST /v3/auth/tokens HTTP/1.1" 201 1464 10.0.0.34 - - [18/Jul/2026:14:29:30 +0000] "GET /v3/endpoints HTTP/1.1" 200 1227 10.0.0.34 - - [18/Jul/2026:14:29:30 +0000] "GET /v3/services/1501470231584ed7b0a215f2d74a624d HTTP/1.1" 200 233 10.0.0.34 - - [18/Jul/2026:14:29:30 +0000] "GET /v3/services/1501470231584ed7b0a215f2d74a624d HTTP/1.1" 200 233 10.0.0.34 - - [18/Jul/2026:14:29:30 +0000] "GET /v3/services/1501470231584ed7b0a215f2d74a624d HTTP/1.1" 200 233 10.0.0.34 - - [18/Jul/2026:14:29:30 +0000] "GET /v3/endpoints HTTP/1.1" 200 1227 10.0.0.34 - - [18/Jul/2026:14:29:30 +0000] "GET /v3/services/1501470231584ed7b0a215f2d74a624d HTTP/1.1" 200 233 10.0.0.34 - - [18/Jul/2026:14:29:30 +0000] "GET /v3/services/1501470231584ed7b0a215f2d74a624d HTTP/1.1" 200 233 10.0.0.34 - - [18/Jul/2026:14:29:30 +0000] "GET /v3/services/1501470231584ed7b0a215f2d74a624d HTTP/1.1" 200 233 10.0.0.34 - - [18/Jul/2026:14:29:31 +0000] "GET / HTTP/1.1" 300 295
[Sat Jul 18 14:29:31.992926 2026] [wsgi:error] [pid 12:tid 140681227777728] [remote 10.0.0.34:55980] 2026-07-18 14:29:31.992 12 WARNING keystone.common.password_hashing [None req-16fe8533-57b8-4776-83a8-d7ff29837983 - - - - - -] Truncating password to algorithm specific maximum length 72 characters. 10.0.0.34 - - [18/Jul/2026:14:29:32 +0000] "GET / HTTP/1.1" 300 295
[Sat Jul 18 14:29:32.078926 2026] [wsgi:error] [pid 9:tid 140681227777728] [remote 10.0.0.34:55986] 2026-07-18 14:29:32.078 9 WARNING keystone.common.password_hashing [None req-f5d917f9-5027-4219-8a80-3a3c0f2e949e - - - - - -] Truncating password to algorithm specific maximum length 72 characters. 10.0.0.34 - - [18/Jul/2026:14:29:32 +0000] "GET / HTTP/1.1" 300 295
[Sat Jul 18 14:29:32.155455 2026] [wsgi:error] [pid 10:tid 140681227777728] [remote 10.0.0.34:56002] 2026-07-18 14:29:32.155 10 WARNING keystone.common.password_hashing [None req-b07eefd9-33eb-498f-939e-d49c75241cbf - - - - - -] Truncating password to algorithm specific maximum length 72 characters.
[Sat Jul 18 14:29:32.264854 2026] [wsgi:error] [pid 12:tid 140681227777728] [remote 10.0.0.34:55980] 2026-07-18 14:29:32.264 12 WARNING keystone.common.fernet_utils [None req-16fe8533-57b8-4776-83a8-d7ff29837983 - - - - - -] key_repository is world readable: /etc/keystone/fernet-keys/ 10.0.0.34 - - [18/Jul/2026:14:29:31 +0000] "POST /v3/auth/tokens HTTP/1.1" 201 1464
[Sat Jul 18 14:29:32.353274 2026] [wsgi:error] [pid 9:tid 140681227777728] [remote 10.0.0.34:55986] 2026-07-18 14:29:32.353 9 WARNING keystone.common.fernet_utils [None req-f5d917f9-5027-4219-8a80-3a3c0f2e949e - - - - - -] key_repository is world readable: /etc/keystone/fernet-keys/ 10.0.0.34 - - [18/Jul/2026:14:29:32 +0000] "POST /v3/auth/tokens HTTP/1.1" 201 1464 10.0.0.34 - - [18/Jul/2026:14:29:32 +0000] "GET /v3/services/9f7d778220514e12a2ba2232c0b08f01 HTTP/1.1" 200 296 10.0.0.34 - - [18/Jul/2026:14:29:32 +0000] "GET /v3/regions/RegionOne HTTP/1.1" 200 173
[Sat Jul 18 14:29:32.433160 2026] [wsgi:error] [pid 10:tid 140681227777728] [remote 10.0.0.34:56002] 2026-07-18 14:29:32.432 10 WARNING keystone.common.fernet_utils [None req-b07eefd9-33eb-498f-939e-d49c75241cbf - - - - - -] key_repository is world readable: /etc/keystone/fernet-keys/ 10.0.0.34 - - [18/Jul/2026:14:29:32 +0000] "POST /v3/auth/tokens HTTP/1.1" 201 1464 10.0.0.34 - - [18/Jul/2026:14:29:32 +0000] "POST /v3/endpoints HTTP/1.1" 201 380 10.0.0.34 - - [18/Jul/2026:14:29:32 +0000] "GET /v3/services/9f7d778220514e12a2ba2232c0b08f01 HTTP/1.1" 200 296 10.0.0.34 - - [18/Jul/2026:14:29:32 +0000] "GET /v3/regions/RegionOne HTTP/1.1" 200 173 10.0.0.34 - - [18/Jul/2026:14:29:32 +0000] "GET /v3/services/9f7d778220514e12a2ba2232c0b08f01 HTTP/1.1" 200 296 10.0.0.34 - - [18/Jul/2026:14:29:32 +0000] "GET /v3/regions/RegionOne HTTP/1.1" 200 173 10.0.0.34 - - [18/Jul/2026:14:29:32 +0000] "POST /v3/endpoints HTTP/1.1" 201 383 10.0.0.34 - - [18/Jul/2026:14:29:32 +0000] "POST /v3/endpoints HTTP/1.1" 201 370 10.0.0.34 - - [18/Jul/2026:14:29:33 +0000] "GET / HTTP/1.1" 300 295
[Sat Jul 18 14:29:33.855340 2026] [wsgi:error] [pid 11:tid 140681227777728] [remote 10.0.0.34:59616] 2026-07-18 14:29:33.855 11 WARNING keystone.common.password_hashing [None req-44ecb649-a97f-4eb0-83de-d306aaf5b5b6 - - - - - -] Truncating password to algorithm specific maximum length 72 characters.
[Sat Jul 18 14:29:34.136031 2026] [wsgi:error] [pid 11:tid 140681227777728] [remote 10.0.0.34:59616] 2026-07-18 14:29:34.135 11 WARNING keystone.common.fernet_utils [None req-44ecb649-a97f-4eb0-83de-d306aaf5b5b6 - - - - - -] key_repository is world readable: /etc/keystone/fernet-keys/ 10.0.0.34 - - [18/Jul/2026:14:29:34 +0000] "GET / HTTP/1.1" 300 295 10.0.0.34 - - [18/Jul/2026:14:29:33 +0000] "POST /v3/auth/tokens HTTP/1.1" 201 1992
[Sat Jul 18 14:29:34.154381 2026] [wsgi:error] [pid 12:tid 140681227777728] [remote 10.0.0.34:59626] 2026-07-18 14:29:34.154 12 WARNING keystone.common.password_hashing [None req-eccc741b-1d44-490a-bd44-ca07ef146008 - - - - - -] Truncating password to algorithm specific maximum length 72 characters. 10.0.0.34 - - [18/Jul/2026:14:29:34 +0000] "GET / HTTP/1.1" 300 295
[Sat Jul 18 14:29:34.226016 2026] [wsgi:error] [pid 10:tid 140681227777728] [remote 10.0.0.34:59636] 2026-07-18 14:29:34.225 10 WARNING keystone.common.password_hashing [None req-7daefb48-dfda-4179-869b-b5bc1ecf68f6 - - - - - -] Truncating password to algorithm specific maximum length 72 characters. 10.0.0.34 - - [18/Jul/2026:14:29:34 +0000] "GET /v3/endpoints/3a7061d87f184ae1bf27d636e8a4c9e7 HTTP/1.1" 200 380 10.0.0.34 - - [18/Jul/2026:14:29:34 +0000] "GET /v3/services/9f7d778220514e12a2ba2232c0b08f01 HTTP/1.1" 200 296
[Sat Jul 18 14:29:34.439581 2026] [wsgi:error] [pid 12:tid 140681227777728] [remote 10.0.0.34:59626] 2026-07-18 14:29:34.439 12 WARNING keystone.common.fernet_utils [None req-eccc741b-1d44-490a-bd44-ca07ef146008 - - - - - -] key_repository is world readable: /etc/keystone/fernet-keys/ 10.0.0.34 - - [18/Jul/2026:14:29:34 +0000] "POST /v3/auth/tokens HTTP/1.1" 201 1992
[Sat Jul 18 14:29:34.505616 2026] [wsgi:error] [pid 10:tid 140681227777728] [remote 10.0.0.34:59636] 2026-07-18 14:29:34.505 10 WARNING keystone.common.fernet_utils [None req-7daefb48-dfda-4179-869b-b5bc1ecf68f6 - - - - - -] key_repository is world readable: /etc/keystone/fernet-keys/ 10.0.0.34 - - [18/Jul/2026:14:29:34 +0000] "POST /v3/auth/tokens HTTP/1.1" 201 1992 10.0.0.34 - - [18/Jul/2026:14:29:34 +0000] "GET /v3/endpoints/00f9ec8a6f2c4226a35456f006451ff1 HTTP/1.1" 200 383 10.0.0.34 - - [18/Jul/2026:14:29:34 +0000] "GET /v3/services/9f7d778220514e12a2ba2232c0b08f01 HTTP/1.1" 200 296 10.0.0.34 - - [18/Jul/2026:14:29:34 +0000] "GET /v3/endpoints/eeccdd113c564f958103ad3599941212 HTTP/1.1" 200 370 10.0.0.34 - - [18/Jul/2026:14:29:34 +0000] "GET /v3/services/9f7d778220514e12a2ba2232c0b08f01 HTTP/1.1" 200 296 10.0.0.130 - - [18/Jul/2026:14:29:46 +0000] "GET / HTTP/1.1" 300 295
[Sat Jul 18 14:29:46.063674 2026] [wsgi:error] [pid 9:tid 140681227777728] [remote 10.0.0.130:37432] 2026-07-18 14:29:46.063 9 WARNING keystone.common.password_hashing [None req-665d82bc-9e56-4c07-bd80-fa9b477b25ae - - - - - -] Truncating password to algorithm specific maximum length 72 characters.
[Sat Jul 18 14:29:46.343893 2026] [wsgi:error] [pid 9:tid 140681227777728] [remote 10.0.0.130:37432] 2026-07-18 14:29:46.343 9 WARNING keystone.common.fernet_utils [None req-665d82bc-9e56-4c07-bd80-fa9b477b25ae - - - - - -] key_repository is world readable: /etc/keystone/fernet-keys/ 10.0.0.130 - - [18/Jul/2026:14:29:46 +0000] "POST /v3/auth/tokens HTTP/1.1" 201 1992 10.0.0.130 - - [18/Jul/2026:14:29:46 +0000] "POST /v3/domains HTTP/1.1" 201 284 10.0.0.130 - - [18/Jul/2026:14:29:47 +0000] "GET / HTTP/1.1" 300 295
[Sat Jul 18 14:29:47.985599 2026] [wsgi:error] [pid 11:tid 140681227777728] [remote 10.0.0.130:37448] 2026-07-18 14:29:47.985 11 WARNING keystone.common.password_hashing [None req-734d3956-c916-42b6-ae28-214a71554c1c - - - - - -] Truncating password to algorithm specific maximum length 72 characters.
[Sat Jul 18 14:29:48.264495 2026] [wsgi:error] [pid 11:tid 140681227777728] [remote 10.0.0.130:37448] 2026-07-18 14:29:48.264 11 WARNING keystone.common.fernet_utils [None req-734d3956-c916-42b6-ae28-214a71554c1c - - - - - -] key_repository is world readable: /etc/keystone/fernet-keys/ 10.0.0.130 - - [18/Jul/2026:14:29:47 +0000] "POST /v3/auth/tokens HTTP/1.1" 201 1992
[Sat Jul 18 14:29:48.435229 2026] [wsgi:error] [pid 9:tid 140681227777728] [remote 10.0.0.130:37448] 2026-07-18 14:29:48.421 9 ERROR keystone.server.flask.application [None req-78272152-dfe9-4e80-b2d4-4f1b84b2509c fce366b9634949fe811a27aeba2ddb32 82cb3c7e09e74656835c2cb41cf39d3e - - default default] Conflict occurred attempting to store project - it is not permitted to have two projects acting as domains with the same name: service.: keystone.exception.Conflict: Conflict occurred attempting to store project - it is not permitted to have two projects acting as domains with the same name: service.
[Sat Jul 18 14:29:48.435251 2026] [wsgi:error] [pid 9:tid 140681227777728] [remote 10.0.0.130:37448] 2026-07-18 14:29:48.421 9 ERROR keystone.server.flask.application
Traceback (most recent call last):
[Sat Jul 18 14:29:48.435253 2026] [wsgi:error] [pid 9:tid 140681227777728] [remote 10.0.0.130:37448] 2026-07-18 14:29:48.421 9 ERROR keystone.server.flask.application
File "/var/lib/openstack/lib/python3.12/site-packages/sqlalchemy/engine/base.py", line 1969, in _exec_single_context
[Sat Jul 18 14:29:48.435254 2026] [wsgi:error] [pid 9:tid 140681227777728] [remote 10.0.0.130:37448] 2026-07-18 14:29:48.421 9 ERROR keystone.server.flask.application self.dialect.do_execute(
[Sat Jul 18 14:29:48.435256 2026] [wsgi:error] [pid 9:tid 140681227777728] [remote 10.0.0.130:37448] 2026-07-18 14:29:48.421 9 ERROR keystone.server.flask.application
File "/var/lib/openstack/lib/python3.12/site-packages/sqlalchemy/engine/default.py", line 952, in do_execute
[Sat Jul 18 14:29:48.435257 2026] [wsgi:error] [pid 9:tid 140681227777728] [remote 10.0.0.130:37448] 2026-07-18 14:29:48.421 9 ERROR keystone.server.flask.application cursor.execute(statement, parameters)
[Sat Jul 18 14:29:48.435259 2026] [wsgi:error] [pid 9:tid 140681227777728] [remote 10.0.0.130:37448] 2026-07-18 14:29:48.421 9 ERROR keystone.server.flask.application
File "/var/lib/openstack/lib/python3.12/site-packages/pymysql/cursors.py", line 159, in execute
[Sat Jul 18 14:29:48.435260 2026] [wsgi:error] [pid 9:tid 140681227777728] [remote 10.0.0.130:37448] 2026-07-18 14:29:48.421 9 ERROR keystone.server.flask.application result = self._query(query)
[Sat Jul 18 14:29:48.435262 2026] [wsgi:error] [pid 9:tid 140681227777728] [remote 10.0.0.130:37448] 2026-07-18 14:29:48.421 9 ERROR keystone.server.flask.application ^^^^^^^^^^^^^^^^^^
[Sat Jul 18 14:29:48.435263 2026] [wsgi:error] [pid 9:tid 140681227777728] [remote 10.0.0.130:37448] 2026-07-18 14:29:48.421 9 ERROR keystone.server.flask.application
File "/var/lib/openstack/lib/python3.12/site-packages/pymysql/cursors.py", line 330, in _query
[Sat Jul 18 14:29:48.435265 2026] [wsgi:error] [pid 9:tid 140681227777728] [remote 10.0.0.130:37448] 2026-07-18 14:29:48.421 9 ERROR keystone.server.flask.application conn.query(q)
[Sat Jul 18 14:29:48.435266 2026] [wsgi:error] [pid 9:tid 140681227777728] [remote 10.0.0.130:37448] 2026-07-18 14:29:48.421 9 ERROR keystone.server.flask.application
File "/var/lib/openstack/lib/python3.12/site-packages/pymysql/connections.py", line 582, in query
[Sat Jul 18 14:29:48.435267 2026] [wsgi:error] [pid 9:tid 140681227777728] [remote 10.0.0.130:37448] 2026-07-18 14:29:48.421 9 ERROR keystone.server.flask.application self._affected_rows = self._read_query_result(unbuffered=unbuffered)
[Sat Jul 18 14:29:48.435269 2026] [wsgi:error] [pid 9:tid 140681227777728] [remote 10.0.0.130:37448] 2026-07-18 14:29:48.421 9 ERROR keystone.server.flask.application ^^^^^^^^^^^^^^^^^^^^^^^^^^^^^^^^^^^^^^^^^^^^^^
[Sat Jul 18 14:29:48.435270 2026] [wsgi:error] [pid 9:tid 140681227777728] [remote 10.0.0.130:37448] 2026-07-18 14:29:48.421 9 ERROR keystone.server.flask.application
File "/var/lib/openstack/lib/python3.12/site-packages/pymysql/connections.py", line 847, in _read_query_result
[Sat Jul 18 14:29:48.435272 2026] [wsgi:error] [pid 9:tid 140681227777728] [remote 10.0.0.130:37448] 2026-07-18 14:29:48.421 9 ERROR keystone.server.flask.application result.read()
[Sat Jul 18 14:29:48.435275 2026] [wsgi:error] [pid 9:tid 140681227777728] [remote 10.0.0.130:37448] 2026-07-18 14:29:48.421 9 ERROR keystone.server.flask.application
File "/var/lib/openstack/lib/python3.12/site-packages/pymysql/connections.py", line 1245, in read
[Sat Jul 18 14:29:48.435276 2026] [wsgi:error] [pid 9:tid 140681227777728] [remote 10.0.0.130:37448] 2026-07-18 14:29:48.421 9 ERROR keystone.server.flask.application first_packet = self.connection._read_packet()
[Sat Jul 18 14:29:48.435277 2026] [wsgi:error] [pid 9:tid 140681227777728] [remote 10.0.0.130:37448] 2026-07-18 14:29:48.421 9 ERROR keystone.server.flask.application ^^^^^^^^^^^^^^^^^^^^^^^^^^^^^^
[Sat Jul 18 14:29:48.435279 2026] [wsgi:error] [pid 9:tid 140681227777728] [remote 10.0.0.130:37448] 2026-07-18 14:29:48.421 9 ERROR keystone.server.flask.application
File "/var/lib/openstack/lib/python3.12/site-packages/pymysql/connections.py", line 803, in _read_packet
[Sat Jul 18 14:29:48.435280 2026] [wsgi:error] [pid 9:tid 140681227777728] [remote 10.0.0.130:37448] 2026-07-18 14:29:48.421 9 ERROR keystone.server.flask.application packet.raise_for_error()
[Sat Jul 18 14:29:48.435281 2026] [wsgi:error] [pid 9:tid 140681227777728] [remote 10.0.0.130:37448] 2026-07-18 14:29:48.421 9 ERROR keystone.server.flask.application
File "/var/lib/openstack/lib/python3.12/site-packages/pymysql/protocol.py", line 219, in raise_for_error
[Sat Jul 18 14:29:48.435283 2026] [wsgi:error] [pid 9:tid 140681227777728] [remote 10.0.0.130:37448] 2026-07-18 14:29:48.421 9 ERROR keystone.server.flask.application err.raise_mysql_exception(self._data)
[Sat Jul 18 14:29:48.435284 2026] [wsgi:error] [pid 9:tid 140681227777728] [remote 10.0.0.130:37448] 2026-07-18 14:29:48.421 9 ERROR keystone.server.flask.application
File "/var/lib/openstack/lib/python3.12/site-packages/pymysql/err.py", line 154, in raise_mysql_exception
[Sat Jul 18 14:29:48.435286 2026] [wsgi:error] [pid 9:tid 140681227777728] [remote 10.0.0.130:37448] 2026-07-18 14:29:48.421 9 ERROR keystone.server.flask.application raise errorclass(errno, errval, sqlstate=sqlstate)
[Sat Jul 18 14:29:48.435287 2026] [wsgi:error] [pid 9:tid 140681227777728] [remote 10.0.0.130:37448] 2026-07-18 14:29:48.421 9 ERROR keystone.server.flask.application pymysql.err.IntegrityError: (1062, "Duplicate entry '<>-service' for key 'project.ixu_project_name_domain_id'")
[Sat Jul 18 14:29:48.435289 2026] [wsgi:error] [pid 9:tid 140681227777728] [remote 10.0.0.130:37448] 2026-07-18 14:29:48.421 9 ERROR keystone.server.flask.application
[Sat Jul 18 14:29:48.435290 2026] [wsgi:error] [pid 9:tid 140681227777728] [remote 10.0.0.130:37448] 2026-07-18 14:29:48.421 9 ERROR keystone.server.flask.application The above exception was the direct cause of the following exception:
[Sat Jul 18 14:29:48.435291 2026] [wsgi:error] [pid 9:tid 140681227777728] [remote 10.0.0.130:37448] 2026-07-18 14:29:48.421 9 ERROR keystone.server.flask.application
[Sat Jul 18 14:29:48.435292 2026] [wsgi:error] [pid 9:tid 140681227777728] [remote 10.0.0.130:37448] 2026-07-18 14:29:48.421 9 ERROR keystone.server.flask.application
Traceback (most recent call last):
[Sat Jul 18 14:29:48.435294 2026] [wsgi:error] [pid 9:tid 140681227777728] [remote 10.0.0.130:37448] 2026-07-18 14:29:48.421 9 ERROR keystone.server.flask.application
File "/var/lib/openstack/lib/python3.12/site-packages/keystone/common/sql/core.py", line 575, in wrapper
[Sat Jul 18 14:29:48.435295 2026] [wsgi:error] [pid 9:tid 140681227777728] [remote 10.0.0.130:37448] 2026-07-18 14:29:48.421 9 ERROR keystone.server.flask.application return method(*args, **kwargs)
[Sat Jul 18 14:29:48.435296 2026] [wsgi:error] [pid 9:tid 140681227777728] [remote 10.0.0.130:37448] 2026-07-18 14:29:48.421 9 ERROR keystone.server.flask.application ^^^^^^^^^^^^^^^^^^^^^^^
[Sat Jul 18 14:29:48.435298 2026] [wsgi:error] [pid 9:tid 140681227777728] [remote 10.0.0.130:37448] 2026-07-18 14:29:48.421 9 ERROR keystone.server.flask.application
File "/var/lib/openstack/lib/python3.12/site-packages/keystone/resource/backends/sql.py", line 278, in create_project
[Sat Jul 18 14:29:48.435301 2026] [wsgi:error] [pid 9:tid 140681227777728] [remote 10.0.0.130:37448] 2026-07-18 14:29:48.421 9 ERROR keystone.server.flask.application with sql.session_for_write() as session:
[Sat Jul 18 14:29:48.435302 2026] [wsgi:error] [pid 9:tid 140681227777728] [remote 10.0.0.130:37448] 2026-07-18 14:29:48.421 9 ERROR keystone.server.flask.application
File "/usr/lib/python3.12/contextlib.py", line 144, in __exit__
[Sat Jul 18 14:29:48.435303 2026] [wsgi:error] [pid 9:tid 140681227777728] [remote 10.0.0.130:37448] 2026-07-18 14:29:48.421 9 ERROR keystone.server.flask.application next(self.gen)
[Sat Jul 18 14:29:48.435305 2026] [wsgi:error] [pid 9:tid 140681227777728] [remote 10.0.0.130:37448] 2026-07-18 14:29:48.421 9 ERROR keystone.server.flask.application
File "/var/lib/openstack/lib/python3.12/site-packages/oslo_db/sqlalchemy/enginefacade.py", line 1175, in _transaction_scope
[Sat Jul 18 14:29:48.435306 2026] [wsgi:error] [pid 9:tid 140681227777728] [remote 10.0.0.130:37448] 2026-07-18 14:29:48.421 9 ERROR keystone.server.flask.application with current._produce_block(
[Sat Jul 18 14:29:48.435307 2026] [wsgi:error] [pid 9:tid 140681227777728] [remote 10.0.0.130:37448] 2026-07-18 14:29:48.421 9 ERROR keystone.server.flask.application
File "/usr/lib/python3.12/contextlib.py", line 144, in __exit__
[Sat Jul 18 14:29:48.435309 2026] [wsgi:error] [pid 9:tid 140681227777728] [remote 10.0.0.130:37448] 2026-07-18 14:29:48.421 9 ERROR keystone.server.flask.application next(self.gen)
[Sat Jul 18 14:29:48.435310 2026] [wsgi:error] [pid 9:tid 140681227777728] [remote 10.0.0.130:37448] 2026-07-18 14:29:48.421 9 ERROR keystone.server.flask.application
File "/var/lib/openstack/lib/python3.12/site-packages/oslo_db/sqlalchemy/enginefacade.py", line 837, in _session
[Sat Jul 18 14:29:48.435312 2026] [wsgi:error] [pid 9:tid 140681227777728] [remote 10.0.0.130:37448] 2026-07-18 14:29:48.421 9 ERROR keystone.server.flask.application with excutils.save_and_reraise_exception():
[Sat Jul 18 14:29:48.435313 2026] [wsgi:error] [pid 9:tid 140681227777728] [remote 10.0.0.130:37448] 2026-07-18 14:29:48.421 9 ERROR keystone.server.flask.application
File "/var/lib/openstack/lib/python3.12/site-packages/oslo_utils/excutils.py", line 266, in __exit__
[Sat Jul 18 14:29:48.435314 2026] [wsgi:error] [pid 9:tid 140681227777728] [remote 10.0.0.130:37448] 2026-07-18 14:29:48.421 9 ERROR keystone.server.flask.application self.force_reraise()
[Sat Jul 18 14:29:48.435316 2026] [wsgi:error] [pid 9:tid 140681227777728] [remote 10.0.0.130:37448] 2026-07-18 14:29:48.421 9 ERROR keystone.server.flask.application
File "/var/lib/openstack/lib/python3.12/site-packages/oslo_utils/excutils.py", line 232, in force_reraise
[Sat Jul 18 14:29:48.435317 2026] [wsgi:error] [pid 9:tid 140681227777728] [remote 10.0.0.130:37448] 2026-07-18 14:29:48.421 9 ERROR keystone.server.flask.application raise self.value
[Sat Jul 18 14:29:48.435318 2026] [wsgi:error] [pid 9:tid 140681227777728] [remote 10.0.0.130:37448] 2026-07-18 14:29:48.421 9 ERROR keystone.server.flask.application
File "/var/lib/openstack/lib/python3.12/site-packages/oslo_db/sqlalchemy/enginefacade.py", line 835, in _session
[Sat Jul 18 14:29:48.435320 2026] [wsgi:error] [pid 9:tid 140681227777728] [remote 10.0.0.130:37448] 2026-07-18 14:29:48.421 9 ERROR keystone.server.flask.application self._end_session_transaction(self.session)
[Sat Jul 18 14:29:48.435321 2026] [wsgi:error] [pid 9:tid 140681227777728] [remote 10.0.0.130:37448] 2026-07-18 14:29:48.421 9 ERROR keystone.server.flask.application
File "/var/lib/openstack/lib/python3.12/site-packages/oslo_db/sqlalchemy/enginefacade.py", line 748, in _end_session_transaction
[Sat Jul 18 14:29:48.435323 2026] [wsgi:error] [pid 9:tid 140681227777728] [remote 10.0.0.130:37448] 2026-07-18 14:29:48.421 9 ERROR keystone.server.flask.application session.commit()
[Sat Jul 18 14:29:48.435325 2026] [wsgi:error] [pid 9:tid 140681227777728] [remote 10.0.0.130:37448] 2026-07-18 14:29:48.421 9 ERROR keystone.server.flask.application
File "/var/lib/openstack/lib/python3.12/site-packages/sqlalchemy/orm/session.py", line 2034, in commit
[Sat Jul 18 14:29:48.435326 2026] [wsgi:error] [pid 9:tid 140681227777728] [remote 10.0.0.130:37448] 2026-07-18 14:29:48.421 9 ERROR keystone.server.flask.application trans.commit(_to_root=True)
[Sat Jul 18 14:29:48.435327 2026] [wsgi:error] [pid 9:tid 140681227777728] [remote 10.0.0.130:37448] 2026-07-18 14:29:48.421 9 ERROR keystone.server.flask.application File "", line 2, in commit
[Sat Jul 18 14:29:48.435329 2026] [wsgi:error] [pid 9:tid 140681227777728] [remote 10.0.0.130:37448] 2026-07-18 14:29:48.421 9 ERROR keystone.server.flask.application
File "/var/lib/openstack/lib/python3.12/site-packages/sqlalchemy/orm/state_changes.py", line 137, in _go
[Sat Jul 18 14:29:48.435330 2026] [wsgi:error] [pid 9:tid 140681227777728] [remote 10.0.0.130:37448] 2026-07-18 14:29:48.421 9 ERROR keystone.server.flask.application ret_value = fn(self, *arg, **kw)
[Sat Jul 18 14:29:48.435332 2026] [wsgi:error] [pid 9:tid 140681227777728] [remote 10.0.0.130:37448] 2026-07-18 14:29:48.421 9 ERROR keystone.server.flask.application ^^^^^^^^^^^^^^^^^^^^
[Sat Jul 18 14:29:48.435333 2026] [wsgi:error] [pid 9:tid 140681227777728] [remote 10.0.0.130:37448] 2026-07-18 14:29:48.421 9 ERROR keystone.server.flask.application
File "/var/lib/openstack/lib/python3.12/site-packages/sqlalchemy/orm/session.py", line 1315, in commit
[Sat Jul 18 14:29:48.435334 2026] [wsgi:error] [pid 9:tid 140681227777728] [remote 10.0.0.130:37448] 2026-07-18 14:29:48.421 9 ERROR keystone.server.flask.application self._prepare_impl()
[Sat Jul 18 14:29:48.435336 2026] [wsgi:error] [pid 9:tid 140681227777728] [remote 10.0.0.130:37448] 2026-07-18 14:29:48.421 9 ERROR keystone.server.flask.application File "", line 2, in _prepare_impl
[Sat Jul 18 14:29:48.435337 2026] [wsgi:error] [pid 9:tid 140681227777728] [remote 10.0.0.130:37448] 2026-07-18 14:29:48.421 9 ERROR keystone.server.flask.application
File "/var/lib/openstack/lib/python3.12/site-packages/sqlalchemy/orm/state_changes.py", line 137, in _go
[Sat Jul 18 14:29:48.435338 2026] [wsgi:error] [pid 9:tid 140681227777728] [remote 10.0.0.130:37448] 2026-07-18 14:29:48.421 9 ERROR keystone.server.flask.application ret_value = fn(self, *arg, **kw)
[Sat Jul 18 14:29:48.435340 2026] [wsgi:error] [pid 9:tid 140681227777728] [remote 10.0.0.130:37448] 2026-07-18 14:29:48.421 9 ERROR keystone.server.flask.application ^^^^^^^^^^^^^^^^^^^^
[Sat Jul 18 14:29:48.435341 2026] [wsgi:error] [pid 9:tid 140681227777728] [remote 10.0.0.130:37448] 2026-07-18 14:29:48.421 9 ERROR keystone.server.flask.application
File "/var/lib/openstack/lib/python3.12/site-packages/sqlalchemy/orm/session.py", line 1290, in _prepare_impl
[Sat Jul 18 14:29:48.435342 2026] [wsgi:error] [pid 9:tid 140681227777728] [remote 10.0.0.130:37448] 2026-07-18 14:29:48.421 9 ERROR keystone.server.flask.application self.session.flush()
[Sat Jul 18 14:29:48.435344 2026] [wsgi:error] [pid 9:tid 140681227777728] [remote 10.0.0.130:37448] 2026-07-18 14:29:48.421 9 ERROR keystone.server.flask.application
File "/var/lib/openstack/lib/python3.12/site-packages/sqlalchemy/orm/session.py", line 4352, in flush
[Sat Jul 18 14:29:48.435345 2026] [wsgi:error] [pid 9:tid 140681227777728] [remote 10.0.0.130:37448] 2026-07-18 14:29:48.421 9 ERROR keystone.server.flask.application self._flush(objects)
[Sat Jul 18 14:29:48.435346 2026] [wsgi:error] [pid 9:tid 140681227777728] [remote 10.0.0.130:37448] 2026-07-18 14:29:48.421 9 ERROR keystone.server.flask.application
File "/var/lib/openstack/lib/python3.12/site-packages/sqlalchemy/orm/session.py", line 4487, in _flush
[Sat Jul 18 14:29:48.435348 2026] [wsgi:error] [pid 9:tid 140681227777728] [remote 10.0.0.130:37448] 2026-07-18 14:29:48.421 9 ERROR keystone.server.flask.application with util.safe_reraise():
[Sat Jul 18 14:29:48.435350 2026] [wsgi:error] [pid 9:tid 140681227777728] [remote 10.0.0.130:37448] 2026-07-18 14:29:48.421 9 ERROR keystone.server.flask.application
File "/var/lib/openstack/lib/python3.12/site-packages/sqlalchemy/util/langhelpers.py", line 122, in __exit__
[Sat Jul 18 14:29:48.435351 2026] [wsgi:error] [pid 9:tid 140681227777728] [remote 10.0.0.130:37448] 2026-07-18 14:29:48.421 9 ERROR keystone.server.flask.application raise exc_value.with_traceback(exc_tb)
[Sat Jul 18 14:29:48.435353 2026] [wsgi:error] [pid 9:tid 140681227777728] [remote 10.0.0.130:37448] 2026-07-18 14:29:48.421 9 ERROR keystone.server.flask.application
File "/var/lib/openstack/lib/python3.12/site-packages/sqlalchemy/orm/session.py", line 4448, in _flush
[Sat Jul 18 14:29:48.435354 2026] [wsgi:error] [pid 9:tid 140681227777728] [remote 10.0.0.130:37448] 2026-07-18 14:29:48.421 9 ERROR keystone.server.flask.application flush_context.execute()
[Sat Jul 18 14:29:48.435355 2026] [wsgi:error] [pid 9:tid 140681227777728] [remote 10.0.0.130:37448] 2026-07-18 14:29:48.421 9 ERROR keystone.server.flask.application
File "/var/lib/openstack/lib/python3.12/site-packages/sqlalchemy/orm/unitofwork.py", line 465, in execute
