2026-07-18 15:25:00.867 8 INFO placement.requestlog [req-e4a78d9a-a0e2-46f0-b272-6361e746f2c7 req-f31af22d-e4f8-4344-8dc8-cc9c81f8f34f 1b9676683f164f13ab68604f926d3ac2 5548825dae3548169786472510084921 - - 5d391ca4b0c741c0a30b316841c1626e 5d391ca4b0c741c0a30b316841c1626e] 199.204.45.229 "GET /resource_providers/8f741c76-1ebd-4d56-a8b1-1010033a7632/inventories" status: 200 len: 400 microversion: 1.0 [pid: 8|app: 0|req: 290/582] 199.204.45.229 () {32 vars in 857 bytes} [Sat Jul 18 15:25:00 2026] GET /resource_providers/8f741c76-1ebd-4d56-a8b1-1010033a7632/inventories => generated 400 bytes in 16 msecs (HTTP/1.1 200) 6 headers in 224 bytes (1 switches on core 0)
2026-07-18 15:25:00.897 7 INFO placement.requestlog [req-e4a78d9a-a0e2-46f0-b272-6361e746f2c7 req-2bcc6132-aaeb-4737-8e28-b98a5ba4a9f9 1b9676683f164f13ab68604f926d3ac2 5548825dae3548169786472510084921 - - 5d391ca4b0c741c0a30b316841c1626e 5d391ca4b0c741c0a30b316841c1626e] 199.204.45.229 "GET /resource_providers/8f741c76-1ebd-4d56-a8b1-1010033a7632/aggregates" status: 200 len: 53 microversion: 1.19 [pid: 7|app: 0|req: 293/583] 199.204.45.229 () {34 vars in 899 bytes} [Sat Jul 18 15:25:00 2026] GET /resource_providers/8f741c76-1ebd-4d56-a8b1-1010033a7632/aggregates => generated 53 bytes in 25 msecs (HTTP/1.1 200) 8 headers in 295 bytes (1 switches on core 0)
2026-07-18 15:25:00.930 8 INFO placement.requestlog [req-e4a78d9a-a0e2-46f0-b272-6361e746f2c7 req-7639096c-d7b2-4090-a0e7-18958283ac32 1b9676683f164f13ab68604f926d3ac2 5548825dae3548169786472510084921 - - 5d391ca4b0c741c0a30b316841c1626e 5d391ca4b0c741c0a30b316841c1626e] 199.204.45.229 "GET /resource_providers/8f741c76-1ebd-4d56-a8b1-1010033a7632/traits" status: 200 len: 2316 microversion: 1.6 [pid: 8|app: 0|req: 291/584] 199.204.45.229 () {34 vars in 890 bytes} [Sat Jul 18 15:25:00 2026] GET /resource_providers/8f741c76-1ebd-4d56-a8b1-1010033a7632/traits => generated 2316 bytes in 27 msecs (HTTP/1.1 200) 6 headers in 225 bytes (1 switches on core 0)
2026-07-18 15:25:00.953 7 INFO placement.requestlog [req-e4a78d9a-a0e2-46f0-b272-6361e746f2c7 req-d1541d27-7169-49f5-a137-5ec4c7bc8bd7 1b9676683f164f13ab68604f926d3ac2 5548825dae3548169786472510084921 - - 5d391ca4b0c741c0a30b316841c1626e 5d391ca4b0c741c0a30b316841c1626e] 199.204.45.229 "GET /resource_providers/8f741c76-1ebd-4d56-a8b1-1010033a7632/allocations" status: 200 len: 54 microversion: 1.0 [pid: 7|app: 0|req: 294/585] 199.204.45.229 () {32 vars in 857 bytes} [Sat Jul 18 15:25:00 2026] GET /resource_providers/8f741c76-1ebd-4d56-a8b1-1010033a7632/allocations => generated 54 bytes in 15 msecs (HTTP/1.1 200) 6 headers in 223 bytes (1 switches on core 0)
2026-07-18 15:25:10.755 8 INFO placement.requestlog [None req-8523c92d-e15a-4a8a-a2af-f87b50176063 - - - - - -] 10.0.0.86 "GET /" status: 200 len: 136 microversion: 1.0
2026-07-18 15:25:10.755 7 INFO placement.requestlog [None req-f662abf0-a76f-4989-9c47-464286b9ac6b - - - - - -] 10.0.0.86 "GET /" status: 200 len: 136 microversion: 1.0
2026-07-18 15:25:20.754 8 INFO placement.requestlog [None req-39ce045b-66c9-46f3-a981-4dd41b52e61d - - - - - -] 10.0.0.86 "GET /" status: 200 len: 136 microversion: 1.0
2026-07-18 15:25:20.755 7 INFO placement.requestlog [None req-5340ca84-8a33-4ae5-b706-26e1e828d656 - - - - - -] 10.0.0.86 "GET /" status: 200 len: 136 microversion: 1.0
2026-07-18 15:25:30.755 8 INFO placement.requestlog [None req-aac146a2-ee55-47b2-835c-e114ecc4a5b9 - - - - - -] 10.0.0.86 "GET /" status: 200 len: 136 microversion: 1.0
2026-07-18 15:25:30.757 7 INFO placement.requestlog [None req-6fde0c8b-1a57-43ae-99a3-3675f21f9fb5 - - - - - -] 10.0.0.86 "GET /" status: 200 len: 136 microversion: 1.0
2026-07-18 15:25:40.754 8 INFO placement.requestlog [None req-dd5f3d4c-0049-4efc-8fbe-693c4819437d - - - - - -] 10.0.0.86 "GET /" status: 200 len: 136 microversion: 1.0
2026-07-18 15:25:40.755 7 INFO placement.requestlog [None req-3c8a3bb1-cb24-45a2-8d47-63ea7c8b0631 - - - - - -] 10.0.0.86 "GET /" status: 200 len: 136 microversion: 1.0
2026-07-18 15:25:50.754 7 INFO placement.requestlog [None req-39600030-01ea-4b6c-b522-4a54886b3cb6 - - - - - -] 10.0.0.86 "GET /" status: 200 len: 136 microversion: 1.0
2026-07-18 15:25:50.755 8 INFO placement.requestlog [None req-5a23380b-b062-4f38-aabf-393a41f41f9e - - - - - -] 10.0.0.86 "GET /" status: 200 len: 136 microversion: 1.0
2026-07-18 15:26:00.755 8 INFO placement.requestlog [None req-f477124a-4244-4525-b1d4-0b9e283f5ccb - - - - - -] 10.0.0.86 "GET /" status: 200 len: 136 microversion: 1.0
2026-07-18 15:26:00.757 7 INFO placement.requestlog [None req-ce4c60ba-9f32-4720-842e-ea294573ee77 - - - - - -] 10.0.0.86 "GET /" status: 200 len: 136 microversion: 1.0
2026-07-18 15:26:02.703 8 INFO placement.requestlog [req-138be915-d129-4bf7-a45d-796ddad67d99 req-b72ca364-d0cd-4f12-a75c-462611fb9d4c 1b9676683f164f13ab68604f926d3ac2 5548825dae3548169786472510084921 - - 5d391ca4b0c741c0a30b316841c1626e 5d391ca4b0c741c0a30b316841c1626e] 199.204.45.229 "GET /resource_providers/8f741c76-1ebd-4d56-a8b1-1010033a7632/allocations" status: 200 len: 54 microversion: 1.0 [pid: 8|app: 0|req: 298/598] 199.204.45.229 () {32 vars in 857 bytes} [Sat Jul 18 15:26:02 2026] GET /resource_providers/8f741c76-1ebd-4d56-a8b1-1010033a7632/allocations => generated 54 bytes in 17 msecs (HTTP/1.1 200) 6 headers in 223 bytes (1 switches on core 0)
2026-07-18 15:26:02.724 7 INFO placement.requestlog [req-138be915-d129-4bf7-a45d-796ddad67d99 req-4c7a11a7-6a9f-4489-a7d0-ee93bb079742 1b9676683f164f13ab68604f926d3ac2 5548825dae3548169786472510084921 - - 5d391ca4b0c741c0a30b316841c1626e 5d391ca4b0c741c0a30b316841c1626e] 199.204.45.229 "GET /resource_providers/8f741c76-1ebd-4d56-a8b1-1010033a7632/allocations" status: 200 len: 54 microversion: 1.0 [pid: 7|app: 0|req: 301/599] 199.204.45.229 () {32 vars in 857 bytes} [Sat Jul 18 15:26:02 2026] GET /resource_providers/8f741c76-1ebd-4d56-a8b1-1010033a7632/allocations => generated 54 bytes in 14 msecs (HTTP/1.1 200) 6 headers in 223 bytes (1 switches on core 0)
2026-07-18 15:26:10.755 8 INFO placement.requestlog [None req-9aabf951-c445-43d3-9751-e787e319274d - - - - - -] 10.0.0.86 "GET /" status: 200 len: 136 microversion: 1.0
2026-07-18 15:26:10.757 7 INFO placement.requestlog [None req-c67e0398-7cc4-46d8-82f1-a1bf8ae31935 - - - - - -] 10.0.0.86 "GET /" status: 200 len: 136 microversion: 1.0
2026-07-18 15:26:20.755 8 INFO placement.requestlog [None req-a7280591-0eb5-4594-96dc-f913576341eb - - - - - -] 10.0.0.86 "GET /" status: 200 len: 136 microversion: 1.0
2026-07-18 15:26:20.755 7 INFO placement.requestlog [None req-b1ae0118-06db-4f91-ac8e-eef7e58f2068 - - - - - -] 10.0.0.86 "GET /" status: 200 len: 136 microversion: 1.0
2026-07-18 15:26:30.754 8 INFO placement.requestlog [None req-85ee99cf-d1ed-49de-a30a-45ebc77aca3e - - - - - -] 10.0.0.86 "GET /" status: 200 len: 136 microversion: 1.0
2026-07-18 15:26:30.757 7 INFO placement.requestlog [None req-f39c90e6-bb35-4a87-80cc-488e786f50a3 - - - - - -] 10.0.0.86 "GET /" status: 200 len: 136 microversion: 1.0
2026-07-18 15:26:38.738 8 INFO placement.requestlog [req-42276aac-7c06-45f9-8b56-9a279c6b2a7e req-9d9585b0-71c0-435d-ae78-07dae95049a9 1b9676683f164f13ab68604f926d3ac2 5548825dae3548169786472510084921 - - 5d391ca4b0c741c0a30b316841c1626e 5d391ca4b0c741c0a30b316841c1626e] 10.0.0.45 "GET /allocation_candidates?limit=1000&resources=DISK_GB%3A1%2CMEMORY_MB%3A512%2CVCPU%3A1&root_required=%21COMPUTE_STATUS_DISABLED" status: 200 len: 2781 microversion: 1.36 [pid: 8|app: 0|req: 302/606] 10.0.0.45 () {34 vars in 1011 bytes} [Sat Jul 18 15:26:38 2026] GET /allocation_candidates?limit=1000&resources=DISK_GB%3A1%2CMEMORY_MB%3A512%2CVCPU%3A1&root_required=%21COMPUTE_STATUS_DISABLED => generated 2781 bytes in 154 msecs (HTTP/1.1 200) 8 headers in 297 bytes (1 switches on core 0)
2026-07-18 15:26:38.783 7 INFO placement.requestlog [req-42276aac-7c06-45f9-8b56-9a279c6b2a7e req-db368999-64b4-4b1b-b6ab-a6900d6e0ea7 1b9676683f164f13ab68604f926d3ac2 5548825dae3548169786472510084921 - - 5d391ca4b0c741c0a30b316841c1626e 5d391ca4b0c741c0a30b316841c1626e] 10.0.0.45 "GET /allocations/ff86b5ee-f1a9-48af-a0a8-1b3a4f974233" status: 200 len: 19 microversion: 1.28 [pid: 7|app: 0|req: 305/607] 10.0.0.45 () {34 vars in 860 bytes} [Sat Jul 18 15:26:38 2026] GET /allocations/ff86b5ee-f1a9-48af-a0a8-1b3a4f974233 => generated 19 bytes in 14 msecs (HTTP/1.1 200) 8 headers in 295 bytes (1 switches on core 0)
2026-07-18 15:26:38.890 8 INFO placement.requestlog [req-42276aac-7c06-45f9-8b56-9a279c6b2a7e req-097cdb5e-ab38-49e1-a4df-ebb85790acf8 1b9676683f164f13ab68604f926d3ac2 5548825dae3548169786472510084921 - - 5d391ca4b0c741c0a30b316841c1626e 5d391ca4b0c741c0a30b316841c1626e] 10.0.0.45 "PUT /allocations/ff86b5ee-f1a9-48af-a0a8-1b3a4f974233" status: 204 len: 0 microversion: 1.36 [pid: 8|app: 0|req: 303/608] 10.0.0.45 () {38 vars in 913 bytes} [Sat Jul 18 15:26:38 2026] PUT /allocations/ff86b5ee-f1a9-48af-a0a8-1b3a4f974233 => generated 0 bytes in 99 msecs (HTTP/1.1 204) 5 headers in 199 bytes (1 switches on core 0)
2026-07-18 15:26:40.475 7 INFO placement.requestlog [req-42276aac-7c06-45f9-8b56-9a279c6b2a7e req-48b4d15a-da38-4ae3-bcc2-bf374e4e09f3 1b9676683f164f13ab68604f926d3ac2 5548825dae3548169786472510084921 - - 5d391ca4b0c741c0a30b316841c1626e 5d391ca4b0c741c0a30b316841c1626e] 199.204.45.229 "GET /allocations/ff86b5ee-f1a9-48af-a0a8-1b3a4f974233" status: 200 len: 257 microversion: 1.28 [pid: 7|app: 0|req: 306/609] 199.204.45.229 () {34 vars in 863 bytes} [Sat Jul 18 15:26:40 2026] GET /allocations/ff86b5ee-f1a9-48af-a0a8-1b3a4f974233 => generated 257 bytes in 9 msecs (HTTP/1.1 200) 8 headers in 296 bytes (1 switches on core 0)
2026-07-18 15:26:40.755 8 INFO placement.requestlog [None req-812bc48b-9509-4503-8feb-f4a393dab57b - - - - - -] 10.0.0.86 "GET /" status: 200 len: 136 microversion: 1.0
2026-07-18 15:26:40.755 7 INFO placement.requestlog [None req-da37e195-38f2-497d-93bf-e309a6cbe89e - - - - - -] 10.0.0.86 "GET /" status: 200 len: 136 microversion: 1.0
2026-07-18 15:26:41.416 8 INFO placement.requestlog [None req-09feeb5c-a321-4e0a-83e0-afd5b69b734f d515940fa6d74718adb346099cc43fc1 5548825dae3548169786472510084921 - - 5d391ca4b0c741c0a30b316841c1626e 5d391ca4b0c741c0a30b316841c1626e] 10.0.0.132 "GET /resource_providers/b9081ed3-2fa1-4329-8301-5cc43900078c/aggregates" status: 404 len: 235 microversion: 1.1 [pid: 8|app: 0|req: 305/612] 10.0.0.132 () {32 vars in 816 bytes} [Sat Jul 18 15:26:41 2026] GET /resource_providers/b9081ed3-2fa1-4329-8301-5cc43900078c/aggregates => generated 235 bytes in 42 msecs (HTTP/1.1 404) 5 headers in 202 bytes (1 switches on core 0)
2026-07-18 15:26:41.426 7 INFO placement.requestlog [None req-20c49179-2df0-46c4-870b-fd9934f38a4f d515940fa6d74718adb346099cc43fc1 5548825dae3548169786472510084921 - - 5d391ca4b0c741c0a30b316841c1626e 5d391ca4b0c741c0a30b316841c1626e] 10.0.0.132 "GET /resource_providers/b9081ed3-2fa1-4329-8301-5cc43900078c/aggregates" status: 404 len: 235 microversion: 1.1 [pid: 7|app: 0|req: 308/613] 10.0.0.132 () {32 vars in 816 bytes} [Sat Jul 18 15:26:41 2026] GET /resource_providers/b9081ed3-2fa1-4329-8301-5cc43900078c/aggregates => generated 235 bytes in 51 msecs (HTTP/1.1 404) 5 headers in 202 bytes (1 switches on core 0)
2026-07-18 15:26:41.427 8 INFO placement.requestlog [None req-727e9581-c92a-4427-8929-a14aecc5e4bb d515940fa6d74718adb346099cc43fc1 5548825dae3548169786472510084921 - - 5d391ca4b0c741c0a30b316841c1626e 5d391ca4b0c741c0a30b316841c1626e] 10.0.0.132 "DELETE /resource_providers/b9081ed3-2fa1-4329-8301-5cc43900078c" status: 404 len: 246 microversion: 1.1 [pid: 8|app: 0|req: 306/614] 10.0.0.132 () {34 vars in 816 bytes} [Sat Jul 18 15:26:41 2026] DELETE /resource_providers/b9081ed3-2fa1-4329-8301-5cc43900078c => generated 246 bytes in 6 msecs (HTTP/1.1 404) 6 headers in 231 bytes (1 switches on core 0)
2026-07-18 15:26:41.447 7 INFO placement.requestlog [None req-9f38eaf8-8102-4701-868d-f169b7967e5b d515940fa6d74718adb346099cc43fc1 5548825dae3548169786472510084921 - - 5d391ca4b0c741c0a30b316841c1626e 5d391ca4b0c741c0a30b316841c1626e] 10.0.0.132 "DELETE /resource_providers/b9081ed3-2fa1-4329-8301-5cc43900078c" status: 404 len: 246 microversion: 1.1 [pid: 7|app: 0|req: 309/615] 10.0.0.132 () {34 vars in 816 bytes} [Sat Jul 18 15:26:41 2026] DELETE /resource_providers/b9081ed3-2fa1-4329-8301-5cc43900078c => generated 246 bytes in 12 msecs (HTTP/1.1 404) 6 headers in 231 bytes (1 switches on core 0)
2026-07-18 15:26:41.517 8 INFO placement.requestlog [req-42276aac-7c06-45f9-8b56-9a279c6b2a7e req-89516c5a-0845-4a88-8d3f-6c2bca6dfa04 1b9676683f164f13ab68604f926d3ac2 5548825dae3548169786472510084921 - - 5d391ca4b0c741c0a30b316841c1626e 5d391ca4b0c741c0a30b316841c1626e] 199.204.45.229 "GET /resource_providers/8f741c76-1ebd-4d56-a8b1-1010033a7632/allocations" status: 200 len: 152 microversion: 1.0 [pid: 8|app: 0|req: 307/616] 199.204.45.229 () {32 vars in 857 bytes} [Sat Jul 18 15:26:41 2026] GET /resource_providers/8f741c76-1ebd-4d56-a8b1-1010033a7632/allocations => generated 152 bytes in 22 msecs (HTTP/1.1 200) 6 headers in 224 bytes (1 switches on core 0)
2026-07-18 15:26:41.541 7 INFO placement.requestlog [req-42276aac-7c06-45f9-8b56-9a279c6b2a7e req-6f0a8cf6-da3e-4d1f-8daf-dc2e7fc4c8ab 1b9676683f164f13ab68604f926d3ac2 5548825dae3548169786472510084921 - - 5d391ca4b0c741c0a30b316841c1626e 5d391ca4b0c741c0a30b316841c1626e] 199.204.45.229 "GET /allocations/ff86b5ee-f1a9-48af-a0a8-1b3a4f974233" status: 200 len: 257 microversion: 1.28 [pid: 7|app: 0|req: 310/617] 199.204.45.229 () {34 vars in 863 bytes} [Sat Jul 18 15:26:41 2026] GET /allocations/ff86b5ee-f1a9-48af-a0a8-1b3a4f974233 => generated 257 bytes in 15 msecs (HTTP/1.1 200) 8 headers in 296 bytes (1 switches on core 0)
2026-07-18 15:26:43.400 8 INFO placement.requestlog [req-cfcb034d-0f88-48bc-bf7a-c1e22ff495ae req-6187a674-a060-40fc-9492-db09ad2c82ed 1b9676683f164f13ab68604f926d3ac2 5548825dae3548169786472510084921 - - 5d391ca4b0c741c0a30b316841c1626e 5d391ca4b0c741c0a30b316841c1626e] 10.0.0.45 "GET /allocation_candidates?limit=1000&resources=MEMORY_MB%3A512%2CVCPU%3A1&root_required=%21COMPUTE_STATUS_DISABLED" status: 200 len: 2769 microversion: 1.36 [pid: 8|app: 0|req: 308/618] 10.0.0.45 () {34 vars in 983 bytes} [Sat Jul 18 15:26:43 2026] GET /allocation_candidates?limit=1000&resources=MEMORY_MB%3A512%2CVCPU%3A1&root_required=%21COMPUTE_STATUS_DISABLED => generated 2769 bytes in 47 msecs (HTTP/1.1 200) 8 headers in 297 bytes (1 switches on core 0)
2026-07-18 15:26:43.443 7 INFO placement.requestlog [req-cfcb034d-0f88-48bc-bf7a-c1e22ff495ae req-2f62b613-c2a2-4870-ab8e-dcbabbdcaf9e 1b9676683f164f13ab68604f926d3ac2 5548825dae3548169786472510084921 - - 5d391ca4b0c741c0a30b316841c1626e 5d391ca4b0c741c0a30b316841c1626e] 10.0.0.45 "GET /allocations/344b431d-5189-47eb-98fc-fc6f9b5d47d8" status: 200 len: 19 microversion: 1.28 [pid: 7|app: 0|req: 311/619] 10.0.0.45 () {34 vars in 860 bytes} [Sat Jul 18 15:26:43 2026] GET /allocations/344b431d-5189-47eb-98fc-fc6f9b5d47d8 => generated 19 bytes in 8 msecs (HTTP/1.1 200) 8 headers in 295 bytes (1 switches on core 0)
2026-07-18 15:26:43.452 8 INFO placement.requestlog [None req-8a37d963-c076-4104-8b8b-531b8a819129 d515940fa6d74718adb346099cc43fc1 5548825dae3548169786472510084921 - - 5d391ca4b0c741c0a30b316841c1626e 5d391ca4b0c741c0a30b316841c1626e] 10.0.0.132 "GET /resource_providers/5524909c-bae0-4f3f-bf89-16dd8ce0a01b/aggregates" status: 404 len: 235 microversion: 1.1 [pid: 8|app: 0|req: 309/620] 10.0.0.132 () {32 vars in 816 bytes} [Sat Jul 18 15:26:43 2026] GET /resource_providers/5524909c-bae0-4f3f-bf89-16dd8ce0a01b/aggregates => generated 235 bytes in 11 msecs (HTTP/1.1 404) 5 headers in 202 bytes (1 switches on core 0)
2026-07-18 15:26:43.461 8 INFO placement.requestlog [None req-89dc9584-8a29-44f8-8c45-e8061cbd017a d515940fa6d74718adb346099cc43fc1 5548825dae3548169786472510084921 - - 5d391ca4b0c741c0a30b316841c1626e 5d391ca4b0c741c0a30b316841c1626e] 10.0.0.132 "GET /resource_providers/5524909c-bae0-4f3f-bf89-16dd8ce0a01b/aggregates" status: 404 len: 235 microversion: 1.1 [pid: 8|app: 0|req: 310/621] 10.0.0.132 () {32 vars in 816 bytes} [Sat Jul 18 15:26:43 2026] GET /resource_providers/5524909c-bae0-4f3f-bf89-16dd8ce0a01b/aggregates => generated 235 bytes in 8 msecs (HTTP/1.1 404) 5 headers in 202 bytes (1 switches on core 0)
2026-07-18 15:26:43.470 8 INFO placement.requestlog [None req-7fef7dd6-ea11-45d9-9ef6-a389efc0cb58 d515940fa6d74718adb346099cc43fc1 5548825dae3548169786472510084921 - - 5d391ca4b0c741c0a30b316841c1626e 5d391ca4b0c741c0a30b316841c1626e] 10.0.0.132 "DELETE /resource_providers/5524909c-bae0-4f3f-bf89-16dd8ce0a01b" status: 404 len: 246 microversion: 1.1 [pid: 8|app: 0|req: 311/622] 10.0.0.132 () {34 vars in 816 bytes} [Sat Jul 18 15:26:43 2026] DELETE /resource_providers/5524909c-bae0-4f3f-bf89-16dd8ce0a01b => generated 246 bytes in 8 msecs (HTTP/1.1 404) 6 headers in 231 bytes (1 switches on core 0)
2026-07-18 15:26:43.479 8 INFO placement.requestlog [None req-34a9c579-9d6b-41be-a026-1136778f3ac1 d515940fa6d74718adb346099cc43fc1 5548825dae3548169786472510084921 - - 5d391ca4b0c741c0a30b316841c1626e 5d391ca4b0c741c0a30b316841c1626e] 10.0.0.132 "DELETE /resource_providers/5524909c-bae0-4f3f-bf89-16dd8ce0a01b" status: 404 len: 246 microversion: 1.1 [pid: 8|app: 0|req: 312/623] 10.0.0.132 () {34 vars in 816 bytes} [Sat Jul 18 15:26:43 2026] DELETE /resource_providers/5524909c-bae0-4f3f-bf89-16dd8ce0a01b => generated 246 bytes in 9 msecs (HTTP/1.1 404) 6 headers in 231 bytes (1 switches on core 0)
2026-07-18 15:26:43.528 7 INFO placement.requestlog [req-cfcb034d-0f88-48bc-bf7a-c1e22ff495ae req-ee880670-cb45-48a5-a9ef-069bd962abf6 1b9676683f164f13ab68604f926d3ac2 5548825dae3548169786472510084921 - - 5d391ca4b0c741c0a30b316841c1626e 5d391ca4b0c741c0a30b316841c1626e] 10.0.0.45 "PUT /allocations/344b431d-5189-47eb-98fc-fc6f9b5d47d8" status: 204 len: 0 microversion: 1.36 [pid: 7|app: 0|req: 312/624] 10.0.0.45 () {38 vars in 913 bytes} [Sat Jul 18 15:26:43 2026] PUT /allocations/344b431d-5189-47eb-98fc-fc6f9b5d47d8 => generated 0 bytes in 79 msecs (HTTP/1.1 204) 5 headers in 199 bytes (1 switches on core 0)
2026-07-18 15:26:45.057 8 INFO placement.requestlog [req-cfcb034d-0f88-48bc-bf7a-c1e22ff495ae req-58a9b246-c821-4adc-b672-c04f4fa5e472 1b9676683f164f13ab68604f926d3ac2 5548825dae3548169786472510084921 - - 5d391ca4b0c741c0a30b316841c1626e 5d391ca4b0c741c0a30b316841c1626e] 199.204.45.229 "GET /allocations/344b431d-5189-47eb-98fc-fc6f9b5d47d8" status: 200 len: 243 microversion: 1.28 [pid: 8|app: 0|req: 313/625] 199.204.45.229 () {34 vars in 863 bytes} [Sat Jul 18 15:26:45 2026] GET /allocations/344b431d-5189-47eb-98fc-fc6f9b5d47d8 => generated 243 bytes in 24 msecs (HTTP/1.1 200) 8 headers in 296 bytes (1 switches on core 0)
2026-07-18 15:26:45.499 7 INFO placement.requestlog [None req-72a29702-0542-4793-80d5-3530a27746fd d515940fa6d74718adb346099cc43fc1 5548825dae3548169786472510084921 - - 5d391ca4b0c741c0a30b316841c1626e 5d391ca4b0c741c0a30b316841c1626e] 10.0.0.132 "GET /resource_providers/e8b4eb6d-c9b5-48da-b5d6-d4e4e4a6445a/aggregates" status: 404 len: 235 microversion: 1.1 [pid: 7|app: 0|req: 313/626] 10.0.0.132 () {32 vars in 816 bytes} [Sat Jul 18 15:26:45 2026] GET /resource_providers/e8b4eb6d-c9b5-48da-b5d6-d4e4e4a6445a/aggregates => generated 235 bytes in 11 msecs (HTTP/1.1 404) 5 headers in 202 bytes (1 switches on core 0)
2026-07-18 15:26:45.501 8 INFO placement.requestlog [None req-d96228ba-c764-48c7-b0d0-43d52c8ef817 d515940fa6d74718adb346099cc43fc1 5548825dae3548169786472510084921 - - 5d391ca4b0c741c0a30b316841c1626e 5d391ca4b0c741c0a30b316841c1626e] 10.0.0.132 "GET /resource_providers/e8b4eb6d-c9b5-48da-b5d6-d4e4e4a6445a/aggregates" status: 404 len: 235 microversion: 1.1 [pid: 8|app: 0|req: 314/627] 10.0.0.132 () {32 vars in 816 bytes} [Sat Jul 18 15:26:45 2026] GET /resource_providers/e8b4eb6d-c9b5-48da-b5d6-d4e4e4a6445a/aggregates => generated 235 bytes in 11 msecs (HTTP/1.1 404) 5 headers in 202 bytes (1 switches on core 0)
2026-07-18 15:26:45.515 8 INFO placement.requestlog [None req-2614a11e-cdcf-44fa-b335-f1b43ac2c28f d515940fa6d74718adb346099cc43fc1 5548825dae3548169786472510084921 - - 5d391ca4b0c741c0a30b316841c1626e 5d391ca4b0c741c0a30b316841c1626e] 10.0.0.132 "DELETE /resource_providers/e8b4eb6d-c9b5-48da-b5d6-d4e4e4a6445a" status: 404 len: 246 microversion: 1.1 [pid: 8|app: 0|req: 315/628] 10.0.0.132 () {34 vars in 816 bytes} [Sat Jul 18 15:26:45 2026] DELETE /resource_providers/e8b4eb6d-c9b5-48da-b5d6-d4e4e4a6445a => generated 246 bytes in 7 msecs (HTTP/1.1 404) 6 headers in 231 bytes (1 switches on core 0)
2026-07-18 15:26:45.516 7 INFO placement.requestlog [None req-7e66b957-d3cd-4629-b980-d42acafe0e2e d515940fa6d74718adb346099cc43fc1 5548825dae3548169786472510084921 - - 5d391ca4b0c741c0a30b316841c1626e 5d391ca4b0c741c0a30b316841c1626e] 10.0.0.132 "DELETE /resource_providers/e8b4eb6d-c9b5-48da-b5d6-d4e4e4a6445a" status: 404 len: 246 microversion: 1.1 [pid: 7|app: 0|req: 314/629] 10.0.0.132 () {34 vars in 816 bytes} [Sat Jul 18 15:26:45 2026] DELETE /resource_providers/e8b4eb6d-c9b5-48da-b5d6-d4e4e4a6445a => generated 246 bytes in 9 msecs (HTTP/1.1 404) 6 headers in 231 bytes (1 switches on core 0)
2026-07-18 15:26:46.104 8 INFO placement.requestlog [req-cfcb034d-0f88-48bc-bf7a-c1e22ff495ae req-eb42ea99-3104-4435-b85d-ed4d35a1fd2b 1b9676683f164f13ab68604f926d3ac2 5548825dae3548169786472510084921 - - 5d391ca4b0c741c0a30b316841c1626e 5d391ca4b0c741c0a30b316841c1626e] 199.204.45.229 "GET /resource_providers/8f741c76-1ebd-4d56-a8b1-1010033a7632/allocations" status: 200 len: 238 microversion: 1.0 [pid: 8|app: 0|req: 316/630] 199.204.45.229 () {32 vars in 857 bytes} [Sat Jul 18 15:26:46 2026] GET /resource_providers/8f741c76-1ebd-4d56-a8b1-1010033a7632/allocations => generated 238 bytes in 22 msecs (HTTP/1.1 200) 6 headers in 224 bytes (1 switches on core 0)
2026-07-18 15:26:46.125 7 INFO placement.requestlog [req-cfcb034d-0f88-48bc-bf7a-c1e22ff495ae req-49a297c3-da0e-4de4-b72e-1a7834bc121e 1b9676683f164f13ab68604f926d3ac2 5548825dae3548169786472510084921 - - 5d391ca4b0c741c0a30b316841c1626e 5d391ca4b0c741c0a30b316841c1626e] 199.204.45.229 "GET /allocations/344b431d-5189-47eb-98fc-fc6f9b5d47d8" status: 200 len: 243 microversion: 1.28 [pid: 7|app: 0|req: 315/631] 199.204.45.229 () {34 vars in 863 bytes} [Sat Jul 18 15:26:46 2026] GET /allocations/344b431d-5189-47eb-98fc-fc6f9b5d47d8 => generated 243 bytes in 14 msecs (HTTP/1.1 200) 8 headers in 296 bytes (1 switches on core 0)
2026-07-18 15:26:46.140 8 INFO placement.requestlog [req-cfcb034d-0f88-48bc-bf7a-c1e22ff495ae req-6c1a7bfb-47d8-486e-a712-d7c205675e33 1b9676683f164f13ab68604f926d3ac2 5548825dae3548169786472510084921 - - 5d391ca4b0c741c0a30b316841c1626e 5d391ca4b0c741c0a30b316841c1626e] 199.204.45.229 "GET /allocations/ff86b5ee-f1a9-48af-a0a8-1b3a4f974233" status: 200 len: 257 microversion: 1.28 [pid: 8|app: 0|req: 317/632] 199.204.45.229 () {34 vars in 863 bytes} [Sat Jul 18 15:26:46 2026] GET /allocations/ff86b5ee-f1a9-48af-a0a8-1b3a4f974233 => generated 257 bytes in 10 msecs (HTTP/1.1 200) 8 headers in 296 bytes (1 switches on core 0)
2026-07-18 15:26:47.534 7 INFO placement.requestlog [None req-88698000-561c-4a88-a50d-dc47412abdc2 d515940fa6d74718adb346099cc43fc1 5548825dae3548169786472510084921 - - 5d391ca4b0c741c0a30b316841c1626e 5d391ca4b0c741c0a30b316841c1626e] 10.0.0.132 "GET /resource_providers/3397d7ec-d39b-4e41-82ce-035e4e715af6/aggregates" status: 404 len: 235 microversion: 1.1 [pid: 7|app: 0|req: 316/633] 10.0.0.132 () {32 vars in 816 bytes} [Sat Jul 18 15:26:47 2026] GET /resource_providers/3397d7ec-d39b-4e41-82ce-035e4e715af6/aggregates => generated 235 bytes in 12 msecs (HTTP/1.1 404) 5 headers in 202 bytes (1 switches on core 0)
2026-07-18 15:26:47.549 8 INFO placement.requestlog [None req-58385588-9f1c-47ec-ac24-59aeaded8664 d515940fa6d74718adb346099cc43fc1 5548825dae3548169786472510084921 - - 5d391ca4b0c741c0a30b316841c1626e 5d391ca4b0c741c0a30b316841c1626e] 10.0.0.132 "GET /resource_providers/3397d7ec-d39b-4e41-82ce-035e4e715af6/aggregates" status: 404 len: 235 microversion: 1.1 [pid: 8|app: 0|req: 318/634] 10.0.0.132 () {32 vars in 816 bytes} [Sat Jul 18 15:26:47 2026] GET /resource_providers/3397d7ec-d39b-4e41-82ce-035e4e715af6/aggregates => generated 235 bytes in 22 msecs (HTTP/1.1 404) 5 headers in 202 bytes (1 switches on core 0)
2026-07-18 15:26:47.557 7 INFO placement.requestlog [None req-54d00507-4750-43a5-854a-ed196d8fc24c d515940fa6d74718adb346099cc43fc1 5548825dae3548169786472510084921 - - 5d391ca4b0c741c0a30b316841c1626e 5d391ca4b0c741c0a30b316841c1626e] 10.0.0.132 "DELETE /resource_providers/3397d7ec-d39b-4e41-82ce-035e4e715af6" status: 404 len: 246 microversion: 1.1 [pid: 7|app: 0|req: 317/635] 10.0.0.132 () {34 vars in 816 bytes} [Sat Jul 18 15:26:47 2026] DELETE /resource_providers/3397d7ec-d39b-4e41-82ce-035e4e715af6 => generated 246 bytes in 14 msecs (HTTP/1.1 404) 6 headers in 231 bytes (1 switches on core 0)
2026-07-18 15:26:47.570 8 INFO placement.requestlog [None req-8e2cc2d1-ac1a-4b22-afcc-c2aa8db08b54 d515940fa6d74718adb346099cc43fc1 5548825dae3548169786472510084921 - - 5d391ca4b0c741c0a30b316841c1626e 5d391ca4b0c741c0a30b316841c1626e] 10.0.0.132 "DELETE /resource_providers/3397d7ec-d39b-4e41-82ce-035e4e715af6" status: 404 len: 246 microversion: 1.1 [pid: 8|app: 0|req: 319/636] 10.0.0.132 () {34 vars in 816 bytes} [Sat Jul 18 15:26:47 2026] DELETE /resource_providers/3397d7ec-d39b-4e41-82ce-035e4e715af6 => generated 246 bytes in 14 msecs (HTTP/1.1 404) 6 headers in 231 bytes (1 switches on core 0)
2026-07-18 15:26:49.100 7 INFO placement.requestlog [req-65047575-0164-45bb-b6d9-86d622261bd9 req-f63065ec-cf07-4bc4-b9ee-4095a20dee88 1b9676683f164f13ab68604f926d3ac2 5548825dae3548169786472510084921 - - 5d391ca4b0c741c0a30b316841c1626e 5d391ca4b0c741c0a30b316841c1626e] 10.0.0.45 "GET /allocation_candidates?limit=1000&resources=DISK_GB%3A1%2CMEMORY_MB%3A512%2CVCPU%3A1&root_required=%21COMPUTE_STATUS_DISABLED" status: 200 len: 2784 microversion: 1.36 [pid: 7|app: 0|req: 318/637] 10.0.0.45 () {34 vars in 1011 bytes} [Sat Jul 18 15:26:49 2026] GET /allocation_candidates?limit=1000&resources=DISK_GB%3A1%2CMEMORY_MB%3A512%2CVCPU%3A1&root_required=%21COMPUTE_STATUS_DISABLED => generated 2784 bytes in 71 msecs (HTTP/1.1 200) 8 headers in 297 bytes (1 switches on core 0)
2026-07-18 15:26:49.135 8 INFO placement.requestlog [req-65047575-0164-45bb-b6d9-86d622261bd9 req-2ed68b4a-96f8-4a83-9fb8-c9ed7d1634f4 1b9676683f164f13ab68604f926d3ac2 5548825dae3548169786472510084921 - - 5d391ca4b0c741c0a30b316841c1626e 5d391ca4b0c741c0a30b316841c1626e] 10.0.0.45 "GET /allocations/552cdbf2-b311-4eb9-a421-39cf7441d21e" status: 200 len: 19 microversion: 1.28 [pid: 8|app: 0|req: 320/638] 10.0.0.45 () {34 vars in 860 bytes} [Sat Jul 18 15:26:49 2026] GET /allocations/552cdbf2-b311-4eb9-a421-39cf7441d21e => generated 19 bytes in 11 msecs (HTTP/1.1 200) 8 headers in 295 bytes (1 switches on core 0)
2026-07-18 15:26:49.229 7 INFO placement.requestlog [req-65047575-0164-45bb-b6d9-86d622261bd9 req-e9324315-ba71-4dfc-9134-98db48e0e072 1b9676683f164f13ab68604f926d3ac2 5548825dae3548169786472510084921 - - 5d391ca4b0c741c0a30b316841c1626e 5d391ca4b0c741c0a30b316841c1626e] 10.0.0.45 "PUT /allocations/552cdbf2-b311-4eb9-a421-39cf7441d21e" status: 204 len: 0 microversion: 1.36 [pid: 7|app: 0|req: 319/639] 10.0.0.45 () {38 vars in 913 bytes} [Sat Jul 18 15:26:49 2026] PUT /allocations/552cdbf2-b311-4eb9-a421-39cf7441d21e => generated 0 bytes in 90 msecs (HTTP/1.1 204) 5 headers in 199 bytes (1 switches on core 0)
2026-07-18 15:26:50.694 8 INFO placement.requestlog [req-65047575-0164-45bb-b6d9-86d622261bd9 req-ad17d4d4-2943-4247-acd7-d12b5df13c3b 1b9676683f164f13ab68604f926d3ac2 5548825dae3548169786472510084921 - - 5d391ca4b0c741c0a30b316841c1626e 5d391ca4b0c741c0a30b316841c1626e] 199.204.45.229 "GET /allocations/552cdbf2-b311-4eb9-a421-39cf7441d21e" status: 200 len: 257 microversion: 1.28 [pid: 8|app: 0|req: 321/640] 199.204.45.229 () {34 vars in 863 bytes} [Sat Jul 18 15:26:50 2026] GET /allocations/552cdbf2-b311-4eb9-a421-39cf7441d21e => generated 257 bytes in 15 msecs (HTTP/1.1 200) 8 headers in 296 bytes (1 switches on core 0)
2026-07-18 15:26:50.755 8 INFO placement.requestlog [None req-352fafda-8cbb-458c-910b-bf5aa15b439c - - - - - -] 10.0.0.86 "GET /" status: 200 len: 136 microversion: 1.0
2026-07-18 15:26:50.756 7 INFO placement.requestlog [None req-f9c2564d-95ce-4938-bcb1-3926af2cadb3 - - - - - -] 10.0.0.86 "GET /" status: 200 len: 136 microversion: 1.0
2026-07-18 15:26:51.729 8 INFO placement.requestlog [req-65047575-0164-45bb-b6d9-86d622261bd9 req-65c89e6d-6b2d-4819-b91f-157ee04763ea 1b9676683f164f13ab68604f926d3ac2 5548825dae3548169786472510084921 - - 5d391ca4b0c741c0a30b316841c1626e 5d391ca4b0c741c0a30b316841c1626e] 199.204.45.229 "GET /resource_providers/8f741c76-1ebd-4d56-a8b1-1010033a7632/allocations" status: 200 len: 338 microversion: 1.0 [pid: 8|app: 0|req: 323/643] 199.204.45.229 () {32 vars in 857 bytes} [Sat Jul 18 15:26:51 2026] GET /resource_providers/8f741c76-1ebd-4d56-a8b1-1010033a7632/allocations => generated 338 bytes in 13 msecs (HTTP/1.1 200) 6 headers in 224 bytes (1 switches on core 0)
2026-07-18 15:26:51.752 7 INFO placement.requestlog [req-65047575-0164-45bb-b6d9-86d622261bd9 req-eeab3329-e28f-451e-ae93-6d5402f21362 1b9676683f164f13ab68604f926d3ac2 5548825dae3548169786472510084921 - - 5d391ca4b0c741c0a30b316841c1626e 5d391ca4b0c741c0a30b316841c1626e] 199.204.45.229 "GET /allocations/344b431d-5189-47eb-98fc-fc6f9b5d47d8" status: 200 len: 243 microversion: 1.28 [pid: 7|app: 0|req: 321/644] 199.204.45.229 () {34 vars in 863 bytes} [Sat Jul 18 15:26:51 2026] GET /allocations/344b431d-5189-47eb-98fc-fc6f9b5d47d8 => generated 243 bytes in 16 msecs (HTTP/1.1 200) 8 headers in 296 bytes (1 switches on core 0)
2026-07-18 15:26:51.773 8 INFO placement.requestlog [req-65047575-0164-45bb-b6d9-86d622261bd9 req-34ecb614-de90-4346-8630-250dd8b413bf 1b9676683f164f13ab68604f926d3ac2 5548825dae3548169786472510084921 - - 5d391ca4b0c741c0a30b316841c1626e 5d391ca4b0c741c0a30b316841c1626e] 199.204.45.229 "GET /allocations/552cdbf2-b311-4eb9-a421-39cf7441d21e" status: 200 len: 257 microversion: 1.28 [pid: 8|app: 0|req: 324/645] 199.204.45.229 () {34 vars in 863 bytes} [Sat Jul 18 15:26:51 2026] GET /allocations/552cdbf2-b311-4eb9-a421-39cf7441d21e => generated 257 bytes in 14 msecs (HTTP/1.1 200) 8 headers in 296 bytes (1 switches on core 0)
2026-07-18 15:26:51.792 7 INFO placement.requestlog [req-65047575-0164-45bb-b6d9-86d622261bd9 req-9d9c7d8e-3a8a-4ee1-acbb-d16c03df537a 1b9676683f164f13ab68604f926d3ac2 5548825dae3548169786472510084921 - - 5d391ca4b0c741c0a30b316841c1626e 5d391ca4b0c741c0a30b316841c1626e] 199.204.45.229 "GET /allocations/ff86b5ee-f1a9-48af-a0a8-1b3a4f974233" status: 200 len: 257 microversion: 1.28 [pid: 7|app: 0|req: 322/646] 199.204.45.229 () {34 vars in 863 bytes} [Sat Jul 18 15:26:51 2026] GET /allocations/ff86b5ee-f1a9-48af-a0a8-1b3a4f974233 => generated 257 bytes in 11 msecs (HTTP/1.1 200) 8 headers in 296 bytes (1 switches on core 0)
2026-07-18 15:26:53.345 8 INFO placement.requestlog [req-42276aac-7c06-45f9-8b56-9a279c6b2a7e req-0c74616d-5f52-4c4c-893f-93e7f229dadf 1b9676683f164f13ab68604f926d3ac2 5548825dae3548169786472510084921 - - 5d391ca4b0c741c0a30b316841c1626e 5d391ca4b0c741c0a30b316841c1626e] 199.204.45.229 "GET /resource_providers/8f741c76-1ebd-4d56-a8b1-1010033a7632/allocations" status: 200 len: 338 microversion: 1.0 [pid: 8|app: 0|req: 325/647] 199.204.45.229 () {32 vars in 857 bytes} [Sat Jul 18 15:26:53 2026] GET /resource_providers/8f741c76-1ebd-4d56-a8b1-1010033a7632/allocations => generated 338 bytes in 18 msecs (HTTP/1.1 200) 6 headers in 224 bytes (1 switches on core 0)
2026-07-18 15:26:53.363 7 INFO placement.requestlog [req-42276aac-7c06-45f9-8b56-9a279c6b2a7e req-ed15d484-9d7e-472b-8afb-b72535bc39d1 1b9676683f164f13ab68604f926d3ac2 5548825dae3548169786472510084921 - - 5d391ca4b0c741c0a30b316841c1626e 5d391ca4b0c741c0a30b316841c1626e] 199.204.45.229 "GET /allocations/344b431d-5189-47eb-98fc-fc6f9b5d47d8" status: 200 len: 243 microversion: 1.28 [pid: 7|app: 0|req: 323/648] 199.204.45.229 () {34 vars in 863 bytes} [Sat Jul 18 15:26:53 2026] GET /allocations/344b431d-5189-47eb-98fc-fc6f9b5d47d8 => generated 243 bytes in 12 msecs (HTTP/1.1 200) 8 headers in 296 bytes (1 switches on core 0)
2026-07-18 15:26:53.384 8 INFO placement.requestlog [req-42276aac-7c06-45f9-8b56-9a279c6b2a7e req-9fa2d404-7182-42d1-bba6-cf234f3b3097 1b9676683f164f13ab68604f926d3ac2 5548825dae3548169786472510084921 - - 5d391ca4b0c741c0a30b316841c1626e 5d391ca4b0c741c0a30b316841c1626e] 199.204.45.229 "GET /allocations/552cdbf2-b311-4eb9-a421-39cf7441d21e" status: 200 len: 257 microversion: 1.28 [pid: 8|app: 0|req: 326/649] 199.204.45.229 () {34 vars in 863 bytes} [Sat Jul 18 15:26:53 2026] GET /allocations/552cdbf2-b311-4eb9-a421-39cf7441d21e => generated 257 bytes in 13 msecs (HTTP/1.1 200) 8 headers in 296 bytes (1 switches on core 0)
2026-07-18 15:26:53.405 7 INFO placement.requestlog [req-42276aac-7c06-45f9-8b56-9a279c6b2a7e req-5429f321-6e35-4dfa-8ff3-200047ca75f7 1b9676683f164f13ab68604f926d3ac2 5548825dae3548169786472510084921 - - 5d391ca4b0c741c0a30b316841c1626e 5d391ca4b0c741c0a30b316841c1626e] 199.204.45.229 "GET /allocations/ff86b5ee-f1a9-48af-a0a8-1b3a4f974233" status: 200 len: 257 microversion: 1.28 [pid: 7|app: 0|req: 324/650] 199.204.45.229 () {34 vars in 863 bytes} [Sat Jul 18 15:26:53 2026] GET /allocations/ff86b5ee-f1a9-48af-a0a8-1b3a4f974233 => generated 257 bytes in 17 msecs (HTTP/1.1 200) 8 headers in 296 bytes (1 switches on core 0)
2026-07-18 15:26:56.956 8 INFO placement.requestlog [req-42276aac-7c06-45f9-8b56-9a279c6b2a7e req-5d8958e8-d2d3-448f-a907-6589b626e576 1b9676683f164f13ab68604f926d3ac2 5548825dae3548169786472510084921 - - 5d391ca4b0c741c0a30b316841c1626e 5d391ca4b0c741c0a30b316841c1626e] 199.204.45.229 "DELETE /allocations/ff86b5ee-f1a9-48af-a0a8-1b3a4f974233" status: 204 len: 0 microversion: 1.0 [pid: 8|app: 0|req: 327/651] 199.204.45.229 () {34 vars in 841 bytes} [Sat Jul 18 15:26:56 2026] DELETE /allocations/ff86b5ee-f1a9-48af-a0a8-1b3a4f974233 => generated 0 bytes in 23 msecs (HTTP/1.1 204) 5 headers in 198 bytes (1 switches on core 0)
2026-07-18 15:26:57.413 7 INFO placement.requestlog [req-cfcb034d-0f88-48bc-bf7a-c1e22ff495ae req-868b9537-16ca-49c2-99ac-4cf109667256 1b9676683f164f13ab68604f926d3ac2 5548825dae3548169786472510084921 - - 5d391ca4b0c741c0a30b316841c1626e 5d391ca4b0c741c0a30b316841c1626e] 199.204.45.229 "GET /resource_providers/8f741c76-1ebd-4d56-a8b1-1010033a7632/allocations" status: 200 len: 238 microversion: 1.0 [pid: 7|app: 0|req: 325/652] 199.204.45.229 () {32 vars in 857 bytes} [Sat Jul 18 15:26:57 2026] GET /resource_providers/8f741c76-1ebd-4d56-a8b1-1010033a7632/allocations => generated 238 bytes in 20 msecs (HTTP/1.1 200) 6 headers in 224 bytes (1 switches on core 0)
2026-07-18 15:26:57.432 8 INFO placement.requestlog [req-cfcb034d-0f88-48bc-bf7a-c1e22ff495ae req-6ab217f6-e4ab-4ef7-8b72-761e50790f2f 1b9676683f164f13ab68604f926d3ac2 5548825dae3548169786472510084921 - - 5d391ca4b0c741c0a30b316841c1626e 5d391ca4b0c741c0a30b316841c1626e] 199.204.45.229 "GET /allocations/344b431d-5189-47eb-98fc-fc6f9b5d47d8" status: 200 len: 243 microversion: 1.28 [pid: 8|app: 0|req: 328/653] 199.204.45.229 () {34 vars in 863 bytes} [Sat Jul 18 15:26:57 2026] GET /allocations/344b431d-5189-47eb-98fc-fc6f9b5d47d8 => generated 243 bytes in 13 msecs (HTTP/1.1 200) 8 headers in 296 bytes (1 switches on core 0)
2026-07-18 15:26:57.450 7 INFO placement.requestlog [req-cfcb034d-0f88-48bc-bf7a-c1e22ff495ae req-59382e5e-6509-42a9-95c1-e94fd6d6cf25 1b9676683f164f13ab68604f926d3ac2 5548825dae3548169786472510084921 - - 5d391ca4b0c741c0a30b316841c1626e 5d391ca4b0c741c0a30b316841c1626e] 199.204.45.229 "GET /allocations/552cdbf2-b311-4eb9-a421-39cf7441d21e" status: 200 len: 257 microversion: 1.28 [pid: 7|app: 0|req: 326/654] 199.204.45.229 () {34 vars in 863 bytes} [Sat Jul 18 15:26:57 2026] GET /allocations/552cdbf2-b311-4eb9-a421-39cf7441d21e => generated 257 bytes in 10 msecs (HTTP/1.1 200) 8 headers in 296 bytes (1 switches on core 0)
2026-07-18 15:26:57.950 8 INFO placement.requestlog [None req-a2433bd0-d3cf-4ad8-b316-296e742b4897 - - - - - -] 10.0.0.104 "GET /" status: 200 len: 136 microversion: 1.0 [pid: 8|app: 0|req: 329/655] 10.0.0.104 () {28 vars in 437 bytes} [Sat Jul 18 15:26:57 2026] GET / => generated 136 bytes in 1 msecs (HTTP/1.1 200) 6 headers in 224 bytes (1 switches on core 0)
2026-07-18 15:26:58.055 7 INFO placement.requestlog [req-270c35ff-4d44-4f5f-b8c4-1a2b393b447d req-d656ee3c-2148-4642-8044-bc38cf51ed3f 1b9676683f164f13ab68604f926d3ac2 5548825dae3548169786472510084921 - - 5d391ca4b0c741c0a30b316841c1626e 5d391ca4b0c741c0a30b316841c1626e] 10.0.0.104 "DELETE /allocations/ff86b5ee-f1a9-48af-a0a8-1b3a4f974233" status: 404 len: 228 microversion: 1.0 [pid: 7|app: 0|req: 327/656] 10.0.0.104 () {34 vars in 830 bytes} [Sat Jul 18 15:26:57 2026] DELETE /allocations/ff86b5ee-f1a9-48af-a0a8-1b3a4f974233 => generated 228 bytes in 100 msecs (HTTP/1.1 404) 6 headers in 231 bytes (1 switches on core 0)
2026-07-18 15:26:59.253 8 INFO placement.requestlog [req-65047575-0164-45bb-b6d9-86d622261bd9 req-f04ea125-3950-4e8b-bb88-b0557a312d1d 1b9676683f164f13ab68604f926d3ac2 5548825dae3548169786472510084921 - - 5d391ca4b0c741c0a30b316841c1626e 5d391ca4b0c741c0a30b316841c1626e] 199.204.45.229 "GET /resource_providers/8f741c76-1ebd-4d56-a8b1-1010033a7632/allocations" status: 200 len: 238 microversion: 1.0 [pid: 8|app: 0|req: 330/657] 199.204.45.229 () {32 vars in 857 bytes} [Sat Jul 18 15:26:59 2026] GET /resource_providers/8f741c76-1ebd-4d56-a8b1-1010033a7632/allocations => generated 238 bytes in 16 msecs (HTTP/1.1 200) 6 headers in 224 bytes (1 switches on core 0)
2026-07-18 15:26:59.271 7 INFO placement.requestlog [req-65047575-0164-45bb-b6d9-86d622261bd9 req-ab352cb4-93ed-4bb2-9229-417cbf9c706b 1b9676683f164f13ab68604f926d3ac2 5548825dae3548169786472510084921 - - 5d391ca4b0c741c0a30b316841c1626e 5d391ca4b0c741c0a30b316841c1626e] 199.204.45.229 "GET /allocations/344b431d-5189-47eb-98fc-fc6f9b5d47d8" status: 200 len: 243 microversion: 1.28 [pid: 7|app: 0|req: 328/658] 199.204.45.229 () {34 vars in 863 bytes} [Sat Jul 18 15:26:59 2026] GET /allocations/344b431d-5189-47eb-98fc-fc6f9b5d47d8 => generated 243 bytes in 10 msecs (HTTP/1.1 200) 8 headers in 296 bytes (1 switches on core 0)
2026-07-18 15:26:59.289 8 INFO placement.requestlog [req-65047575-0164-45bb-b6d9-86d622261bd9 req-094c8d0f-3899-4e75-970f-236309f0f002 1b9676683f164f13ab68604f926d3ac2 5548825dae3548169786472510084921 - - 5d391ca4b0c741c0a30b316841c1626e 5d391ca4b0c741c0a30b316841c1626e] 199.204.45.229 "GET /allocations/552cdbf2-b311-4eb9-a421-39cf7441d21e" status: 200 len: 257 microversion: 1.28 [pid: 8|app: 0|req: 331/659] 199.204.45.229 () {34 vars in 863 bytes} [Sat Jul 18 15:26:59 2026] GET /allocations/552cdbf2-b311-4eb9-a421-39cf7441d21e => generated 257 bytes in 13 msecs (HTTP/1.1 200) 8 headers in 296 bytes (1 switches on core 0)
2026-07-18 15:27:00.718 7 INFO placement.requestlog [None req-9d483542-a37b-4a04-9cd4-c72146a6b458 d515940fa6d74718adb346099cc43fc1 5548825dae3548169786472510084921 - - 5d391ca4b0c741c0a30b316841c1626e 5d391ca4b0c741c0a30b316841c1626e] 10.0.0.132 "GET /resource_providers/3f060e0a-079b-4c18-80de-b64017f5e67d/aggregates" status: 404 len: 235 microversion: 1.1 [pid: 7|app: 0|req: 329/660] 10.0.0.132 () {32 vars in 816 bytes} [Sat Jul 18 15:27:00 2026] GET /resource_providers/3f060e0a-079b-4c18-80de-b64017f5e67d/aggregates => generated 235 bytes in 8 msecs (HTTP/1.1 404) 5 headers in 202 bytes (1 switches on core 0)
2026-07-18 15:27:00.722 8 INFO placement.requestlog [None req-e20446cf-feea-41f3-abe8-b6aa3f35e477 d515940fa6d74718adb346099cc43fc1 5548825dae3548169786472510084921 - - 5d391ca4b0c741c0a30b316841c1626e 5d391ca4b0c741c0a30b316841c1626e] 10.0.0.132 "GET /resource_providers/3f060e0a-079b-4c18-80de-b64017f5e67d/aggregates" status: 404 len: 235 microversion: 1.1 [pid: 8|app: 0|req: 332/661] 10.0.0.132 () {32 vars in 816 bytes} [Sat Jul 18 15:27:00 2026] GET /resource_providers/3f060e0a-079b-4c18-80de-b64017f5e67d/aggregates => generated 235 bytes in 11 msecs (HTTP/1.1 404) 5 headers in 202 bytes (1 switches on core 0)
2026-07-18 15:27:00.738 7 INFO placement.requestlog [None req-2f7e6b6e-4829-42cc-a0cd-ba2030c2481b d515940fa6d74718adb346099cc43fc1 5548825dae3548169786472510084921 - - 5d391ca4b0c741c0a30b316841c1626e 5d391ca4b0c741c0a30b316841c1626e] 10.0.0.132 "DELETE /resource_providers/3f060e0a-079b-4c18-80de-b64017f5e67d" status: 404 len: 246 microversion: 1.1 [pid: 7|app: 0|req: 330/662] 10.0.0.132 () {34 vars in 816 bytes} [Sat Jul 18 15:27:00 2026] DELETE /resource_providers/3f060e0a-079b-4c18-80de-b64017f5e67d => generated 246 bytes in 6 msecs (HTTP/1.1 404) 6 headers in 231 bytes (1 switches on core 0)
2026-07-18 15:27:00.743 8 INFO placement.requestlog [None req-b17458af-e4ab-4652-9a79-9d1c5f821cd3 d515940fa6d74718adb346099cc43fc1 5548825dae3548169786472510084921 - - 5d391ca4b0c741c0a30b316841c1626e 5d391ca4b0c741c0a30b316841c1626e] 10.0.0.132 "DELETE /resource_providers/3f060e0a-079b-4c18-80de-b64017f5e67d" status: 404 len: 246 microversion: 1.1 [pid: 8|app: 0|req: 333/663] 10.0.0.132 () {34 vars in 816 bytes} [Sat Jul 18 15:27:00 2026] DELETE /resource_providers/3f060e0a-079b-4c18-80de-b64017f5e67d => generated 246 bytes in 11 msecs (HTTP/1.1 404) 6 headers in 231 bytes (1 switches on core 0)
2026-07-18 15:27:00.754 8 INFO placement.requestlog [None req-4eac2e08-2a44-4566-b4a1-1fd5e26b4596 - - - - - -] 10.0.0.86 "GET /" status: 200 len: 136 microversion: 1.0
2026-07-18 15:27:00.755 7 INFO placement.requestlog [None req-aa297c78-d0ed-424f-ac90-12c439b5b7bd - - - - - -] 10.0.0.86 "GET /" status: 200 len: 136 microversion: 1.0
2026-07-18 15:27:00.890 8 INFO placement.requestlog [req-cfcb034d-0f88-48bc-bf7a-c1e22ff495ae req-64d86b55-928b-442a-9f8a-724287f24a6f 1b9676683f164f13ab68604f926d3ac2 5548825dae3548169786472510084921 - - 5d391ca4b0c741c0a30b316841c1626e 5d391ca4b0c741c0a30b316841c1626e] 199.204.45.229 "DELETE /allocations/344b431d-5189-47eb-98fc-fc6f9b5d47d8" status: 204 len: 0 microversion: 1.0 [pid: 8|app: 0|req: 335/666] 199.204.45.229 () {34 vars in 841 bytes} [Sat Jul 18 15:27:00 2026] DELETE /allocations/344b431d-5189-47eb-98fc-fc6f9b5d47d8 => generated 0 bytes in 26 msecs (HTTP/1.1 204) 5 headers in 198 bytes (1 switches on core 0)
2026-07-18 15:27:01.535 7 INFO placement.requestlog [req-c9303486-7016-4db8-8f50-825537deb20f req-9afbb18f-6c73-44e8-9b45-bb97813caa03 1b9676683f164f13ab68604f926d3ac2 5548825dae3548169786472510084921 - - 5d391ca4b0c741c0a30b316841c1626e 5d391ca4b0c741c0a30b316841c1626e] 10.0.0.104 "DELETE /allocations/344b431d-5189-47eb-98fc-fc6f9b5d47d8" status: 404 len: 228 microversion: 1.0 [pid: 7|app: 0|req: 332/667] 10.0.0.104 () {34 vars in 830 bytes} [Sat Jul 18 15:27:01 2026] DELETE /allocations/344b431d-5189-47eb-98fc-fc6f9b5d47d8 => generated 228 bytes in 8 msecs (HTTP/1.1 404) 6 headers in 231 bytes (1 switches on core 0)
2026-07-18 15:27:02.717 8 INFO placement.requestlog [req-65047575-0164-45bb-b6d9-86d622261bd9 req-3e51f431-b26a-4477-bcd9-857eb518eea0 1b9676683f164f13ab68604f926d3ac2 5548825dae3548169786472510084921 - - 5d391ca4b0c741c0a30b316841c1626e 5d391ca4b0c741c0a30b316841c1626e] 199.204.45.229 "DELETE /allocations/552cdbf2-b311-4eb9-a421-39cf7441d21e" status: 204 len: 0 microversion: 1.0 [pid: 8|app: 0|req: 336/668] 199.204.45.229 () {34 vars in 841 bytes} [Sat Jul 18 15:27:02 2026] DELETE /allocations/552cdbf2-b311-4eb9-a421-39cf7441d21e => generated 0 bytes in 36 msecs (HTTP/1.1 204) 5 headers in 198 bytes (1 switches on core 0)
2026-07-18 15:27:02.764 7 INFO placement.requestlog [None req-c237c10f-62e1-4ac9-8eec-4f8cec91ca0b d515940fa6d74718adb346099cc43fc1 5548825dae3548169786472510084921 - - 5d391ca4b0c741c0a30b316841c1626e 5d391ca4b0c741c0a30b316841c1626e] 10.0.0.132 "GET /resource_providers/57dd13ba-be71-417f-b506-a794b4f23bbe/aggregates" status: 404 len: 235 microversion: 1.1 [pid: 7|app: 0|req: 333/669] 10.0.0.132 () {32 vars in 816 bytes} [Sat Jul 18 15:27:02 2026] GET /resource_providers/57dd13ba-be71-417f-b506-a794b4f23bbe/aggregates => generated 235 bytes in 12 msecs (HTTP/1.1 404) 5 headers in 202 bytes (1 switches on core 0)
2026-07-18 15:27:02.765 8 INFO placement.requestlog [None req-37b74f04-11d4-40a5-bc01-38092635581d d515940fa6d74718adb346099cc43fc1 5548825dae3548169786472510084921 - - 5d391ca4b0c741c0a30b316841c1626e 5d391ca4b0c741c0a30b316841c1626e] 10.0.0.132 "GET /resource_providers/57dd13ba-be71-417f-b506-a794b4f23bbe/aggregates" status: 404 len: 235 microversion: 1.1 [pid: 8|app: 0|req: 337/670] 10.0.0.132 () {32 vars in 816 bytes} [Sat Jul 18 15:27:02 2026] GET /resource_providers/57dd13ba-be71-417f-b506-a794b4f23bbe/aggregates => generated 235 bytes in 11 msecs (HTTP/1.1 404) 5 headers in 202 bytes (1 switches on core 0)
2026-07-18 15:27:02.798 7 INFO placement.requestlog [None req-0330e888-160f-4a0b-bb34-cef797a59867 d515940fa6d74718adb346099cc43fc1 5548825dae3548169786472510084921 - - 5d391ca4b0c741c0a30b316841c1626e 5d391ca4b0c741c0a30b316841c1626e] 10.0.0.132 "DELETE /resource_providers/57dd13ba-be71-417f-b506-a794b4f23bbe" status: 404 len: 246 microversion: 1.1 [pid: 7|app: 0|req: 334/671] 10.0.0.132 () {34 vars in 816 bytes} [Sat Jul 18 15:27:02 2026] DELETE /resource_providers/57dd13ba-be71-417f-b506-a794b4f23bbe => generated 246 bytes in 14 msecs (HTTP/1.1 404) 6 headers in 231 bytes (1 switches on core 0)
2026-07-18 15:27:02.806 8 INFO placement.requestlog [None req-fb5c76d0-0e29-4ee4-aaee-ff5763195b0c d515940fa6d74718adb346099cc43fc1 5548825dae3548169786472510084921 - - 5d391ca4b0c741c0a30b316841c1626e 5d391ca4b0c741c0a30b316841c1626e] 10.0.0.132 "DELETE /resource_providers/57dd13ba-be71-417f-b506-a794b4f23bbe" status: 404 len: 246 microversion: 1.1 [pid: 8|app: 0|req: 338/672] 10.0.0.132 () {34 vars in 816 bytes} [Sat Jul 18 15:27:02 2026] DELETE /resource_providers/57dd13ba-be71-417f-b506-a794b4f23bbe => generated 246 bytes in 13 msecs (HTTP/1.1 404) 6 headers in 231 bytes (1 switches on core 0)
2026-07-18 15:27:04.026 7 INFO placement.requestlog [req-ddba98b8-1def-4cf6-9a2d-3fb4cdd77d1c req-0e48cf18-38eb-4664-a998-13f510d6a1e7 1b9676683f164f13ab68604f926d3ac2 5548825dae3548169786472510084921 - - 5d391ca4b0c741c0a30b316841c1626e 5d391ca4b0c741c0a30b316841c1626e] 10.0.0.104 "DELETE /allocations/552cdbf2-b311-4eb9-a421-39cf7441d21e" status: 404 len: 228 microversion: 1.0 [pid: 7|app: 0|req: 335/673] 10.0.0.104 () {34 vars in 830 bytes} [Sat Jul 18 15:27:04 2026] DELETE /allocations/552cdbf2-b311-4eb9-a421-39cf7441d21e => generated 228 bytes in 11 msecs (HTTP/1.1 404) 6 headers in 231 bytes (1 switches on core 0)
2026-07-18 15:27:04.722 8 INFO placement.requestlog [None req-120e9d6a-9114-4d89-b8a7-8f07c2a5a9c4 d515940fa6d74718adb346099cc43fc1 5548825dae3548169786472510084921 - - 5d391ca4b0c741c0a30b316841c1626e 5d391ca4b0c741c0a30b316841c1626e] 10.0.0.132 "GET /resource_providers/1fd63a2f-7efe-41ea-b1a3-eda99bf53813/aggregates" status: 404 len: 235 microversion: 1.1 [pid: 8|app: 0|req: 339/674] 10.0.0.132 () {32 vars in 816 bytes} [Sat Jul 18 15:27:04 2026] GET /resource_providers/1fd63a2f-7efe-41ea-b1a3-eda99bf53813/aggregates => generated 235 bytes in 124 msecs (HTTP/1.1 404) 5 headers in 202 bytes (1 switches on core 0)
2026-07-18 15:27:04.726 7 INFO placement.requestlog [None req-a48c344a-d30d-4282-a058-534bee3b629d d515940fa6d74718adb346099cc43fc1 5548825dae3548169786472510084921 - - 5d391ca4b0c741c0a30b316841c1626e 5d391ca4b0c741c0a30b316841c1626e] 10.0.0.132 "GET /resource_providers/1fd63a2f-7efe-41ea-b1a3-eda99bf53813/aggregates" status: 404 len: 235 microversion: 1.1 [pid: 7|app: 0|req: 336/675] 10.0.0.132 () {32 vars in 816 bytes} [Sat Jul 18 15:27:04 2026] GET /resource_providers/1fd63a2f-7efe-41ea-b1a3-eda99bf53813/aggregates => generated 235 bytes in 125 msecs (HTTP/1.1 404) 5 headers in 202 bytes (1 switches on core 0)
2026-07-18 15:27:04.739 8 INFO placement.requestlog [req-9bfa2a7f-8c63-4405-b3c0-12d1713fb515 req-b8f9b59e-033a-417e-952a-5f02cab25b36 1b9676683f164f13ab68604f926d3ac2 5548825dae3548169786472510084921 - - 5d391ca4b0c741c0a30b316841c1626e 5d391ca4b0c741c0a30b316841c1626e] 199.204.45.229 "GET /resource_providers/8f741c76-1ebd-4d56-a8b1-1010033a7632/allocations" status: 200 len: 54 microversion: 1.0 [pid: 8|app: 0|req: 340/676] 199.204.45.229 () {32 vars in 857 bytes} [Sat Jul 18 15:27:04 2026] GET /resource_providers/8f741c76-1ebd-4d56-a8b1-1010033a7632/allocations => generated 54 bytes in 16 msecs (HTTP/1.1 200) 6 headers in 223 bytes (1 switches on core 0)
2026-07-18 15:27:04.748 8 INFO placement.requestlog [None req-0e59c884-cec3-412b-845f-33b0f28d1341 d515940fa6d74718adb346099cc43fc1 5548825dae3548169786472510084921 - - 5d391ca4b0c741c0a30b316841c1626e 5d391ca4b0c741c0a30b316841c1626e] 10.0.0.132 "DELETE /resource_providers/1fd63a2f-7efe-41ea-b1a3-eda99bf53813" status: 404 len: 246 microversion: 1.1 [pid: 8|app: 0|req: 341/677] 10.0.0.132 () {34 vars in 816 bytes} [Sat Jul 18 15:27:04 2026] DELETE /resource_providers/1fd63a2f-7efe-41ea-b1a3-eda99bf53813 => generated 246 bytes in 7 msecs (HTTP/1.1 404) 6 headers in 231 bytes (1 switches on core 0)
