2026-07-15 00:14:33.231 7 INFO placement.requestlog [None req-05ad31e2-169d-48af-b4b9-0ecbb1dbe104 41151ece84b04f909b170e5647539de6 25f6b317eb614da9a99702dd52d6dec8 - - da59d45ba8d349ffb3262369f57b92b8 da59d45ba8d349ffb3262369f57b92b8] 10.0.0.125 "GET /resource_providers/675311cf-10ef-459b-89c0-069aaf24d4cd/aggregates" status: 404 len: 235 microversion: 1.1 [pid: 7|app: 0|req: 341/672] 10.0.0.125 () {32 vars in 815 bytes} [Wed Jul 15 00:14:33 2026] GET /resource_providers/675311cf-10ef-459b-89c0-069aaf24d4cd/aggregates => generated 235 bytes in 11 msecs (HTTP/1.1 404) 5 headers in 202 bytes (1 switches on core 0)
2026-07-15 00:14:33.239 8 INFO placement.requestlog [None req-1370b437-b668-422a-b039-330d5a2287ca 41151ece84b04f909b170e5647539de6 25f6b317eb614da9a99702dd52d6dec8 - - da59d45ba8d349ffb3262369f57b92b8 da59d45ba8d349ffb3262369f57b92b8] 10.0.0.125 "DELETE /resource_providers/675311cf-10ef-459b-89c0-069aaf24d4cd" status: 404 len: 246 microversion: 1.1 [pid: 8|app: 0|req: 332/673] 10.0.0.125 () {34 vars in 815 bytes} [Wed Jul 15 00:14:33 2026] DELETE /resource_providers/675311cf-10ef-459b-89c0-069aaf24d4cd => generated 246 bytes in 8 msecs (HTTP/1.1 404) 6 headers in 231 bytes (1 switches on core 0)
2026-07-15 00:14:33.241 7 INFO placement.requestlog [None req-a89ece4c-9d64-4b19-83b9-5fac6557adca 41151ece84b04f909b170e5647539de6 25f6b317eb614da9a99702dd52d6dec8 - - da59d45ba8d349ffb3262369f57b92b8 da59d45ba8d349ffb3262369f57b92b8] 10.0.0.125 "DELETE /resource_providers/675311cf-10ef-459b-89c0-069aaf24d4cd" status: 404 len: 246 microversion: 1.1 [pid: 7|app: 0|req: 342/674] 10.0.0.125 () {34 vars in 815 bytes} [Wed Jul 15 00:14:33 2026] DELETE /resource_providers/675311cf-10ef-459b-89c0-069aaf24d4cd => generated 246 bytes in 6 msecs (HTTP/1.1 404) 6 headers in 231 bytes (1 switches on core 0)
2026-07-15 00:14:35.884 8 INFO placement.requestlog [None req-a6426e20-c8b8-4697-b2c8-3477dd684fbd 41151ece84b04f909b170e5647539de6 25f6b317eb614da9a99702dd52d6dec8 - - da59d45ba8d349ffb3262369f57b92b8 da59d45ba8d349ffb3262369f57b92b8] 10.0.0.125 "GET /resource_providers/aaeed259-c9e3-4ec0-ab09-2dd5b2f33cd2/aggregates" status: 404 len: 235 microversion: 1.1 [pid: 8|app: 0|req: 333/675] 10.0.0.125 () {32 vars in 815 bytes} [Wed Jul 15 00:14:35 2026] GET /resource_providers/aaeed259-c9e3-4ec0-ab09-2dd5b2f33cd2/aggregates => generated 235 bytes in 10 msecs (HTTP/1.1 404) 5 headers in 202 bytes (1 switches on core 0)
2026-07-15 00:14:35.887 7 INFO placement.requestlog [None req-b6df4ef8-40d0-4c49-9f7d-43d6b54b9bf5 41151ece84b04f909b170e5647539de6 25f6b317eb614da9a99702dd52d6dec8 - - da59d45ba8d349ffb3262369f57b92b8 da59d45ba8d349ffb3262369f57b92b8] 10.0.0.125 "GET /resource_providers/aaeed259-c9e3-4ec0-ab09-2dd5b2f33cd2/aggregates" status: 404 len: 235 microversion: 1.1 [pid: 7|app: 0|req: 343/676] 10.0.0.125 () {32 vars in 815 bytes} [Wed Jul 15 00:14:35 2026] GET /resource_providers/aaeed259-c9e3-4ec0-ab09-2dd5b2f33cd2/aggregates => generated 235 bytes in 12 msecs (HTTP/1.1 404) 5 headers in 202 bytes (1 switches on core 0)
2026-07-15 00:14:35.904 8 INFO placement.requestlog [None req-31a583a4-646e-42ac-afa3-2d98b701dd69 41151ece84b04f909b170e5647539de6 25f6b317eb614da9a99702dd52d6dec8 - - da59d45ba8d349ffb3262369f57b92b8 da59d45ba8d349ffb3262369f57b92b8] 10.0.0.125 "DELETE /resource_providers/aaeed259-c9e3-4ec0-ab09-2dd5b2f33cd2" status: 404 len: 246 microversion: 1.1 [pid: 8|app: 0|req: 334/677] 10.0.0.125 () {34 vars in 815 bytes} [Wed Jul 15 00:14:35 2026] DELETE /resource_providers/aaeed259-c9e3-4ec0-ab09-2dd5b2f33cd2 => generated 246 bytes in 8 msecs (HTTP/1.1 404) 6 headers in 231 bytes (1 switches on core 0)
2026-07-15 00:14:35.906 7 INFO placement.requestlog [None req-7bbb80eb-5702-49dc-b3b4-23dba42660df 41151ece84b04f909b170e5647539de6 25f6b317eb614da9a99702dd52d6dec8 - - da59d45ba8d349ffb3262369f57b92b8 da59d45ba8d349ffb3262369f57b92b8] 10.0.0.125 "DELETE /resource_providers/aaeed259-c9e3-4ec0-ab09-2dd5b2f33cd2" status: 404 len: 246 microversion: 1.1 [pid: 7|app: 0|req: 344/678] 10.0.0.125 () {34 vars in 815 bytes} [Wed Jul 15 00:14:35 2026] DELETE /resource_providers/aaeed259-c9e3-4ec0-ab09-2dd5b2f33cd2 => generated 246 bytes in 10 msecs (HTTP/1.1 404) 6 headers in 231 bytes (1 switches on core 0)
2026-07-15 00:14:41.885 8 INFO placement.requestlog [req-99d405ec-655b-4569-b40d-0eb73519f7b0 req-62f52bb5-d76f-4b80-8999-72206da19c62 af55c1988314460c97f611332918b855 25f6b317eb614da9a99702dd52d6dec8 - - da59d45ba8d349ffb3262369f57b92b8 da59d45ba8d349ffb3262369f57b92b8] 10.0.0.148 "GET /allocation_candidates?limit=1000&resources=DISK_GB%3A1%2CMEMORY_MB%3A512%2CVCPU%3A1&root_required=%21COMPUTE_STATUS_DISABLED" status: 200 len: 2387 microversion: 1.36 [pid: 8|app: 0|req: 335/679] 10.0.0.148 () {34 vars in 1011 bytes} [Wed Jul 15 00:14:41 2026] GET /allocation_candidates?limit=1000&resources=DISK_GB%3A1%2CMEMORY_MB%3A512%2CVCPU%3A1&root_required=%21COMPUTE_STATUS_DISABLED => generated 2387 bytes in 42 msecs (HTTP/1.1 200) 8 headers in 297 bytes (1 switches on core 0)
2026-07-15 00:14:41.907 7 INFO placement.requestlog [req-99d405ec-655b-4569-b40d-0eb73519f7b0 req-c62cc7d9-2cb4-41b7-accf-33aca165f359 af55c1988314460c97f611332918b855 25f6b317eb614da9a99702dd52d6dec8 - - da59d45ba8d349ffb3262369f57b92b8 da59d45ba8d349ffb3262369f57b92b8] 10.0.0.148 "GET /allocations/a61d10ec-d065-4bc1-9c75-90f1f46152f0" status: 200 len: 19 microversion: 1.28 [pid: 7|app: 0|req: 345/680] 10.0.0.148 () {34 vars in 860 bytes} [Wed Jul 15 00:14:41 2026] GET /allocations/a61d10ec-d065-4bc1-9c75-90f1f46152f0 => generated 19 bytes in 6 msecs (HTTP/1.1 200) 8 headers in 295 bytes (1 switches on core 0)
2026-07-15 00:14:41.973 8 INFO placement.requestlog [req-99d405ec-655b-4569-b40d-0eb73519f7b0 req-c5f83b57-8c82-4473-9739-642686e24a38 af55c1988314460c97f611332918b855 25f6b317eb614da9a99702dd52d6dec8 - - da59d45ba8d349ffb3262369f57b92b8 da59d45ba8d349ffb3262369f57b92b8] 10.0.0.148 "PUT /allocations/a61d10ec-d065-4bc1-9c75-90f1f46152f0" status: 204 len: 0 microversion: 1.36 [pid: 8|app: 0|req: 336/681] 10.0.0.148 () {38 vars in 913 bytes} [Wed Jul 15 00:14:41 2026] PUT /allocations/a61d10ec-d065-4bc1-9c75-90f1f46152f0 => generated 0 bytes in 64 msecs (HTTP/1.1 204) 5 headers in 199 bytes (1 switches on core 0)
2026-07-15 00:14:43.206 7 INFO placement.requestlog [None req-e8a6fcf6-69ba-41c3-97ce-cacd4170490e - - - - - -] 10.0.0.139 "GET /" status: 200 len: 136 microversion: 1.0
2026-07-15 00:14:43.206 8 INFO placement.requestlog [None req-b0c7d6f1-dbce-4623-8a67-25c668b20d58 - - - - - -] 10.0.0.139 "GET /" status: 200 len: 136 microversion: 1.0
2026-07-15 00:14:43.537 7 INFO placement.requestlog [req-99d405ec-655b-4569-b40d-0eb73519f7b0 req-0534c5df-492e-43dc-9305-edc760b6620c af55c1988314460c97f611332918b855 25f6b317eb614da9a99702dd52d6dec8 - - da59d45ba8d349ffb3262369f57b92b8 da59d45ba8d349ffb3262369f57b92b8] 199.19.213.181 "GET /allocations/a61d10ec-d065-4bc1-9c75-90f1f46152f0" status: 200 len: 257 microversion: 1.28 [pid: 7|app: 0|req: 347/684] 199.19.213.181 () {34 vars in 862 bytes} [Wed Jul 15 00:14:43 2026] GET /allocations/a61d10ec-d065-4bc1-9c75-90f1f46152f0 => generated 257 bytes in 16 msecs (HTTP/1.1 200) 8 headers in 296 bytes (1 switches on core 0)
2026-07-15 00:14:44.586 8 INFO placement.requestlog [req-99d405ec-655b-4569-b40d-0eb73519f7b0 req-fffd8b07-f068-4d7f-9a30-6559f688d662 af55c1988314460c97f611332918b855 25f6b317eb614da9a99702dd52d6dec8 - - da59d45ba8d349ffb3262369f57b92b8 da59d45ba8d349ffb3262369f57b92b8] 199.19.213.181 "GET /resource_providers/48a188e2-5f7b-4e7a-ae12-1d96658adec6/allocations" status: 200 len: 352 microversion: 1.0 [pid: 8|app: 0|req: 338/685] 199.19.213.181 () {32 vars in 856 bytes} [Wed Jul 15 00:14:44 2026] GET /resource_providers/48a188e2-5f7b-4e7a-ae12-1d96658adec6/allocations => generated 352 bytes in 23 msecs (HTTP/1.1 200) 6 headers in 224 bytes (1 switches on core 0)
2026-07-15 00:14:44.645 7 INFO placement.requestlog [req-99d405ec-655b-4569-b40d-0eb73519f7b0 req-c8033abf-7118-41b3-b428-6ed7c8b96006 af55c1988314460c97f611332918b855 25f6b317eb614da9a99702dd52d6dec8 - - da59d45ba8d349ffb3262369f57b92b8 da59d45ba8d349ffb3262369f57b92b8] 199.19.213.181 "GET /allocations/1d2d34d7-a872-4951-96e8-97e9c4b36ee7" status: 200 len: 257 microversion: 1.28 [pid: 7|app: 0|req: 348/686] 199.19.213.181 () {34 vars in 862 bytes} [Wed Jul 15 00:14:44 2026] GET /allocations/1d2d34d7-a872-4951-96e8-97e9c4b36ee7 => generated 257 bytes in 29 msecs (HTTP/1.1 200) 8 headers in 296 bytes (1 switches on core 0)
2026-07-15 00:14:44.670 8 INFO placement.requestlog [req-99d405ec-655b-4569-b40d-0eb73519f7b0 req-8e0ec610-3486-4920-a189-de632d620948 af55c1988314460c97f611332918b855 25f6b317eb614da9a99702dd52d6dec8 - - da59d45ba8d349ffb3262369f57b92b8 da59d45ba8d349ffb3262369f57b92b8] 199.19.213.181 "GET /allocations/a61d10ec-d065-4bc1-9c75-90f1f46152f0" status: 200 len: 257 microversion: 1.28 [pid: 8|app: 0|req: 339/687] 199.19.213.181 () {34 vars in 862 bytes} [Wed Jul 15 00:14:44 2026] GET /allocations/a61d10ec-d065-4bc1-9c75-90f1f46152f0 => generated 257 bytes in 17 msecs (HTTP/1.1 200) 8 headers in 296 bytes (1 switches on core 0)
2026-07-15 00:14:44.687 7 INFO placement.requestlog [req-99d405ec-655b-4569-b40d-0eb73519f7b0 req-d9ca2121-853b-4bbe-9528-beedb49ab91e af55c1988314460c97f611332918b855 25f6b317eb614da9a99702dd52d6dec8 - - da59d45ba8d349ffb3262369f57b92b8 da59d45ba8d349ffb3262369f57b92b8] 199.19.213.181 "GET /allocations/bfb1e101-6eed-49db-a3be-69f2773ab0e5" status: 200 len: 257 microversion: 1.28 [pid: 7|app: 0|req: 349/688] 199.19.213.181 () {34 vars in 862 bytes} [Wed Jul 15 00:14:44 2026] GET /allocations/bfb1e101-6eed-49db-a3be-69f2773ab0e5 => generated 257 bytes in 12 msecs (HTTP/1.1 200) 8 headers in 296 bytes (1 switches on core 0)
2026-07-15 00:14:45.735 8 INFO placement.requestlog [req-1fd76bf6-9712-4edf-a24a-69c41213e861 req-9b64e80a-f059-4625-8947-debb10fb1683 af55c1988314460c97f611332918b855 25f6b317eb614da9a99702dd52d6dec8 - - da59d45ba8d349ffb3262369f57b92b8 da59d45ba8d349ffb3262369f57b92b8] 199.19.213.181 "GET /resource_providers/48a188e2-5f7b-4e7a-ae12-1d96658adec6/allocations" status: 200 len: 352 microversion: 1.0 [pid: 8|app: 0|req: 340/689] 199.19.213.181 () {32 vars in 856 bytes} [Wed Jul 15 00:14:45 2026] GET /resource_providers/48a188e2-5f7b-4e7a-ae12-1d96658adec6/allocations => generated 352 bytes in 21 msecs (HTTP/1.1 200) 6 headers in 224 bytes (1 switches on core 0)
2026-07-15 00:14:45.750 7 INFO placement.requestlog [req-1fd76bf6-9712-4edf-a24a-69c41213e861 req-731c25f4-c44c-41cb-b4a7-7dcff1a1b761 af55c1988314460c97f611332918b855 25f6b317eb614da9a99702dd52d6dec8 - - da59d45ba8d349ffb3262369f57b92b8 da59d45ba8d349ffb3262369f57b92b8] 199.19.213.181 "GET /allocations/1d2d34d7-a872-4951-96e8-97e9c4b36ee7" status: 200 len: 257 microversion: 1.28 [pid: 7|app: 0|req: 350/690] 199.19.213.181 () {34 vars in 862 bytes} [Wed Jul 15 00:14:45 2026] GET /allocations/1d2d34d7-a872-4951-96e8-97e9c4b36ee7 => generated 257 bytes in 11 msecs (HTTP/1.1 200) 8 headers in 296 bytes (1 switches on core 0)
2026-07-15 00:14:45.766 8 INFO placement.requestlog [req-1fd76bf6-9712-4edf-a24a-69c41213e861 req-3bf5404b-9e03-438a-a2b6-10409796d8b9 af55c1988314460c97f611332918b855 25f6b317eb614da9a99702dd52d6dec8 - - da59d45ba8d349ffb3262369f57b92b8 da59d45ba8d349ffb3262369f57b92b8] 199.19.213.181 "GET /allocations/a61d10ec-d065-4bc1-9c75-90f1f46152f0" status: 200 len: 257 microversion: 1.28 [pid: 8|app: 0|req: 341/691] 199.19.213.181 () {34 vars in 862 bytes} [Wed Jul 15 00:14:45 2026] GET /allocations/a61d10ec-d065-4bc1-9c75-90f1f46152f0 => generated 257 bytes in 13 msecs (HTTP/1.1 200) 8 headers in 296 bytes (1 switches on core 0)
2026-07-15 00:14:45.783 7 INFO placement.requestlog [req-1fd76bf6-9712-4edf-a24a-69c41213e861 req-0b7afe5b-d83c-4aff-81ac-6cd7534c6108 af55c1988314460c97f611332918b855 25f6b317eb614da9a99702dd52d6dec8 - - da59d45ba8d349ffb3262369f57b92b8 da59d45ba8d349ffb3262369f57b92b8] 199.19.213.181 "GET /allocations/bfb1e101-6eed-49db-a3be-69f2773ab0e5" status: 200 len: 257 microversion: 1.28 [pid: 7|app: 0|req: 351/692] 199.19.213.181 () {34 vars in 862 bytes} [Wed Jul 15 00:14:45 2026] GET /allocations/bfb1e101-6eed-49db-a3be-69f2773ab0e5 => generated 257 bytes in 14 msecs (HTTP/1.1 200) 8 headers in 296 bytes (1 switches on core 0)
2026-07-15 00:14:46.829 8 INFO placement.requestlog [req-1fd76bf6-9712-4edf-a24a-69c41213e861 req-567a9ebc-4767-4ac2-b0b9-30bb179e3733 af55c1988314460c97f611332918b855 25f6b317eb614da9a99702dd52d6dec8 - - da59d45ba8d349ffb3262369f57b92b8 da59d45ba8d349ffb3262369f57b92b8] 199.19.213.181 "DELETE /allocations/bfb1e101-6eed-49db-a3be-69f2773ab0e5" status: 204 len: 0 microversion: 1.0 [pid: 8|app: 0|req: 342/693] 199.19.213.181 () {34 vars in 840 bytes} [Wed Jul 15 00:14:46 2026] DELETE /allocations/bfb1e101-6eed-49db-a3be-69f2773ab0e5 => generated 0 bytes in 21 msecs (HTTP/1.1 204) 5 headers in 198 bytes (1 switches on core 0)
2026-07-15 00:14:50.150 7 INFO placement.requestlog [None req-c2dc05a7-5c3d-43ca-a36c-ed7db0171a9d 41151ece84b04f909b170e5647539de6 25f6b317eb614da9a99702dd52d6dec8 - - da59d45ba8d349ffb3262369f57b92b8 da59d45ba8d349ffb3262369f57b92b8] 10.0.0.125 "GET /resource_providers/79189d83-51ed-41bd-bb2b-f039e5ad2ce2/aggregates" status: 404 len: 235 microversion: 1.1 [pid: 7|app: 0|req: 352/694] 10.0.0.125 () {32 vars in 815 bytes} [Wed Jul 15 00:14:50 2026] GET /resource_providers/79189d83-51ed-41bd-bb2b-f039e5ad2ce2/aggregates => generated 235 bytes in 7 msecs (HTTP/1.1 404) 5 headers in 202 bytes (1 switches on core 0)
2026-07-15 00:14:50.155 8 INFO placement.requestlog [None req-34ca316e-e898-4752-8cf9-235210c81a59 41151ece84b04f909b170e5647539de6 25f6b317eb614da9a99702dd52d6dec8 - - da59d45ba8d349ffb3262369f57b92b8 da59d45ba8d349ffb3262369f57b92b8] 10.0.0.125 "GET /resource_providers/79189d83-51ed-41bd-bb2b-f039e5ad2ce2/aggregates" status: 404 len: 235 microversion: 1.1 [pid: 8|app: 0|req: 343/695] 10.0.0.125 () {32 vars in 815 bytes} [Wed Jul 15 00:14:50 2026] GET /resource_providers/79189d83-51ed-41bd-bb2b-f039e5ad2ce2/aggregates => generated 235 bytes in 11 msecs (HTTP/1.1 404) 5 headers in 202 bytes (1 switches on core 0)
2026-07-15 00:14:50.160 7 INFO placement.requestlog [None req-66386dbb-a49d-46a2-82af-ea6aac36b9e2 41151ece84b04f909b170e5647539de6 25f6b317eb614da9a99702dd52d6dec8 - - da59d45ba8d349ffb3262369f57b92b8 da59d45ba8d349ffb3262369f57b92b8] 10.0.0.125 "DELETE /resource_providers/79189d83-51ed-41bd-bb2b-f039e5ad2ce2" status: 404 len: 246 microversion: 1.1 [pid: 7|app: 0|req: 353/696] 10.0.0.125 () {34 vars in 815 bytes} [Wed Jul 15 00:14:50 2026] DELETE /resource_providers/79189d83-51ed-41bd-bb2b-f039e5ad2ce2 => generated 246 bytes in 5 msecs (HTTP/1.1 404) 6 headers in 231 bytes (1 switches on core 0)
2026-07-15 00:14:50.166 8 INFO placement.requestlog [None req-258c0786-98d9-4119-b436-fa7a224de35c 41151ece84b04f909b170e5647539de6 25f6b317eb614da9a99702dd52d6dec8 - - da59d45ba8d349ffb3262369f57b92b8 da59d45ba8d349ffb3262369f57b92b8] 10.0.0.125 "DELETE /resource_providers/79189d83-51ed-41bd-bb2b-f039e5ad2ce2" status: 404 len: 246 microversion: 1.1 [pid: 8|app: 0|req: 344/697] 10.0.0.125 () {34 vars in 815 bytes} [Wed Jul 15 00:14:50 2026] DELETE /resource_providers/79189d83-51ed-41bd-bb2b-f039e5ad2ce2 => generated 246 bytes in 8 msecs (HTTP/1.1 404) 6 headers in 231 bytes (1 switches on core 0)
2026-07-15 00:14:50.661 7 INFO placement.requestlog [None req-aabb37e3-0ddf-4825-92ca-47e2329b4770 41151ece84b04f909b170e5647539de6 25f6b317eb614da9a99702dd52d6dec8 - - da59d45ba8d349ffb3262369f57b92b8 da59d45ba8d349ffb3262369f57b92b8] 10.0.0.125 "GET /resource_providers/13dc2d7a-feec-4971-914c-5a56e08ed8ba/aggregates" status: 404 len: 235 microversion: 1.1 [pid: 7|app: 0|req: 354/698] 10.0.0.125 () {32 vars in 815 bytes} [Wed Jul 15 00:14:50 2026] GET /resource_providers/13dc2d7a-feec-4971-914c-5a56e08ed8ba/aggregates => generated 235 bytes in 10 msecs (HTTP/1.1 404) 5 headers in 202 bytes (1 switches on core 0)
2026-07-15 00:14:50.665 8 INFO placement.requestlog [None req-711fbfc6-597c-42fb-b987-035a5cfbb0ff 41151ece84b04f909b170e5647539de6 25f6b317eb614da9a99702dd52d6dec8 - - da59d45ba8d349ffb3262369f57b92b8 da59d45ba8d349ffb3262369f57b92b8] 10.0.0.125 "GET /resource_providers/13dc2d7a-feec-4971-914c-5a56e08ed8ba/aggregates" status: 404 len: 235 microversion: 1.1 [pid: 8|app: 0|req: 345/699] 10.0.0.125 () {32 vars in 815 bytes} [Wed Jul 15 00:14:50 2026] GET /resource_providers/13dc2d7a-feec-4971-914c-5a56e08ed8ba/aggregates => generated 235 bytes in 14 msecs (HTTP/1.1 404) 5 headers in 202 bytes (1 switches on core 0)
2026-07-15 00:14:50.678 7 INFO placement.requestlog [None req-b88aa619-8f6f-4c38-bf06-8fc759f2e6b0 41151ece84b04f909b170e5647539de6 25f6b317eb614da9a99702dd52d6dec8 - - da59d45ba8d349ffb3262369f57b92b8 da59d45ba8d349ffb3262369f57b92b8] 10.0.0.125 "DELETE /resource_providers/13dc2d7a-feec-4971-914c-5a56e08ed8ba" status: 404 len: 246 microversion: 1.1 [pid: 7|app: 0|req: 355/700] 10.0.0.125 () {34 vars in 815 bytes} [Wed Jul 15 00:14:50 2026] DELETE /resource_providers/13dc2d7a-feec-4971-914c-5a56e08ed8ba => generated 246 bytes in 10 msecs (HTTP/1.1 404) 6 headers in 231 bytes (1 switches on core 0)
2026-07-15 00:14:50.678 8 INFO placement.requestlog [None req-1e333d4d-253c-4093-bbd5-0b546a7b6477 41151ece84b04f909b170e5647539de6 25f6b317eb614da9a99702dd52d6dec8 - - da59d45ba8d349ffb3262369f57b92b8 da59d45ba8d349ffb3262369f57b92b8] 10.0.0.125 "DELETE /resource_providers/13dc2d7a-feec-4971-914c-5a56e08ed8ba" status: 404 len: 246 microversion: 1.1 [pid: 8|app: 0|req: 346/701] 10.0.0.125 () {34 vars in 815 bytes} [Wed Jul 15 00:14:50 2026] DELETE /resource_providers/13dc2d7a-feec-4971-914c-5a56e08ed8ba => generated 246 bytes in 6 msecs (HTTP/1.1 404) 6 headers in 231 bytes (1 switches on core 0)
2026-07-15 00:14:53.206 8 INFO placement.requestlog [None req-59a85a76-a789-4e25-a5e7-f814a04c57f3 - - - - - -] 10.0.0.139 "GET /" status: 200 len: 136 microversion: 1.0
2026-07-15 00:14:53.207 7 INFO placement.requestlog [None req-70148ece-70ce-4144-863e-a923c2c99cb2 - - - - - -] 10.0.0.139 "GET /" status: 200 len: 136 microversion: 1.0
2026-07-15 00:14:59.148 8 INFO placement.requestlog [req-2d2c20cb-370b-421e-855f-dd9b6f289ac0 req-bd6cc2a2-7f82-4d57-a14f-7169416a6cd3 af55c1988314460c97f611332918b855 25f6b317eb614da9a99702dd52d6dec8 - - da59d45ba8d349ffb3262369f57b92b8 da59d45ba8d349ffb3262369f57b92b8] 199.19.213.181 "GET /resource_providers/48a188e2-5f7b-4e7a-ae12-1d96658adec6/allocations" status: 200 len: 252 microversion: 1.0 [pid: 8|app: 0|req: 348/704] 199.19.213.181 () {32 vars in 856 bytes} [Wed Jul 15 00:14:59 2026] GET /resource_providers/48a188e2-5f7b-4e7a-ae12-1d96658adec6/allocations => generated 252 bytes in 14 msecs (HTTP/1.1 200) 6 headers in 224 bytes (1 switches on core 0)
2026-07-15 00:14:59.166 7 INFO placement.requestlog [req-2d2c20cb-370b-421e-855f-dd9b6f289ac0 req-1f56d51d-0e0d-4b4b-9766-20791e8a7ecb af55c1988314460c97f611332918b855 25f6b317eb614da9a99702dd52d6dec8 - - da59d45ba8d349ffb3262369f57b92b8 da59d45ba8d349ffb3262369f57b92b8] 199.19.213.181 "GET /allocations/1d2d34d7-a872-4951-96e8-97e9c4b36ee7" status: 200 len: 257 microversion: 1.28 [pid: 7|app: 0|req: 357/705] 199.19.213.181 () {34 vars in 862 bytes} [Wed Jul 15 00:14:59 2026] GET /allocations/1d2d34d7-a872-4951-96e8-97e9c4b36ee7 => generated 257 bytes in 12 msecs (HTTP/1.1 200) 8 headers in 296 bytes (1 switches on core 0)
2026-07-15 00:14:59.186 8 INFO placement.requestlog [req-2d2c20cb-370b-421e-855f-dd9b6f289ac0 req-78a3f1b2-7e53-4ee8-9644-d8df7f5045d4 af55c1988314460c97f611332918b855 25f6b317eb614da9a99702dd52d6dec8 - - da59d45ba8d349ffb3262369f57b92b8 da59d45ba8d349ffb3262369f57b92b8] 199.19.213.181 "GET /allocations/a61d10ec-d065-4bc1-9c75-90f1f46152f0" status: 200 len: 257 microversion: 1.28 [pid: 8|app: 0|req: 349/706] 199.19.213.181 () {34 vars in 862 bytes} [Wed Jul 15 00:14:59 2026] GET /allocations/a61d10ec-d065-4bc1-9c75-90f1f46152f0 => generated 257 bytes in 13 msecs (HTTP/1.1 200) 8 headers in 296 bytes (1 switches on core 0)
2026-07-15 00:15:00.230 7 INFO placement.requestlog [req-2d2c20cb-370b-421e-855f-dd9b6f289ac0 req-26a8fca6-23d0-452e-a9f3-7f840cb85988 af55c1988314460c97f611332918b855 25f6b317eb614da9a99702dd52d6dec8 - - da59d45ba8d349ffb3262369f57b92b8 da59d45ba8d349ffb3262369f57b92b8] 199.19.213.181 "DELETE /allocations/a61d10ec-d065-4bc1-9c75-90f1f46152f0" status: 204 len: 0 microversion: 1.0 [pid: 7|app: 0|req: 358/707] 199.19.213.181 () {34 vars in 840 bytes} [Wed Jul 15 00:15:00 2026] DELETE /allocations/a61d10ec-d065-4bc1-9c75-90f1f46152f0 => generated 0 bytes in 21 msecs (HTTP/1.1 204) 5 headers in 198 bytes (1 switches on core 0)
2026-07-15 00:15:02.141 8 INFO placement.requestlog [None req-6b4ca036-61fd-4314-bf94-8407c7f10b02 41151ece84b04f909b170e5647539de6 25f6b317eb614da9a99702dd52d6dec8 - - da59d45ba8d349ffb3262369f57b92b8 da59d45ba8d349ffb3262369f57b92b8] 10.0.0.125 "GET /resource_providers/07f8de43-6694-4187-83d3-41a4e09f8e88/aggregates" status: 404 len: 235 microversion: 1.1 [pid: 8|app: 0|req: 350/708] 10.0.0.125 () {32 vars in 815 bytes} [Wed Jul 15 00:15:02 2026] GET /resource_providers/07f8de43-6694-4187-83d3-41a4e09f8e88/aggregates => generated 235 bytes in 13 msecs (HTTP/1.1 404) 5 headers in 202 bytes (1 switches on core 0)
2026-07-15 00:15:02.149 7 INFO placement.requestlog [None req-80e6a82f-1e4b-4468-a44c-d9566a3589d3 41151ece84b04f909b170e5647539de6 25f6b317eb614da9a99702dd52d6dec8 - - da59d45ba8d349ffb3262369f57b92b8 da59d45ba8d349ffb3262369f57b92b8] 10.0.0.125 "GET /resource_providers/07f8de43-6694-4187-83d3-41a4e09f8e88/aggregates" status: 404 len: 235 microversion: 1.1 [pid: 7|app: 0|req: 359/709] 10.0.0.125 () {32 vars in 815 bytes} [Wed Jul 15 00:15:02 2026] GET /resource_providers/07f8de43-6694-4187-83d3-41a4e09f8e88/aggregates => generated 235 bytes in 20 msecs (HTTP/1.1 404) 5 headers in 202 bytes (1 switches on core 0)
2026-07-15 00:15:02.161 8 INFO placement.requestlog [None req-4c8f3638-6c83-4f1f-bfbe-c9c2d3bd80a8 41151ece84b04f909b170e5647539de6 25f6b317eb614da9a99702dd52d6dec8 - - da59d45ba8d349ffb3262369f57b92b8 da59d45ba8d349ffb3262369f57b92b8] 10.0.0.125 "DELETE /resource_providers/07f8de43-6694-4187-83d3-41a4e09f8e88" status: 404 len: 246 microversion: 1.1 [pid: 8|app: 0|req: 351/710] 10.0.0.125 () {34 vars in 815 bytes} [Wed Jul 15 00:15:02 2026] DELETE /resource_providers/07f8de43-6694-4187-83d3-41a4e09f8e88 => generated 246 bytes in 11 msecs (HTTP/1.1 404) 6 headers in 231 bytes (1 switches on core 0)
2026-07-15 00:15:02.164 7 INFO placement.requestlog [None req-be99d7cb-f4d7-4b91-baeb-1194b1220962 41151ece84b04f909b170e5647539de6 25f6b317eb614da9a99702dd52d6dec8 - - da59d45ba8d349ffb3262369f57b92b8 da59d45ba8d349ffb3262369f57b92b8] 10.0.0.125 "DELETE /resource_providers/07f8de43-6694-4187-83d3-41a4e09f8e88" status: 404 len: 246 microversion: 1.1 [pid: 7|app: 0|req: 360/711] 10.0.0.125 () {34 vars in 815 bytes} [Wed Jul 15 00:15:02 2026] DELETE /resource_providers/07f8de43-6694-4187-83d3-41a4e09f8e88 => generated 246 bytes in 11 msecs (HTTP/1.1 404) 6 headers in 231 bytes (1 switches on core 0)
2026-07-15 00:15:02.622 8 INFO placement.requestlog [None req-f84ee100-59cd-4c92-88fc-07628db3c52d 41151ece84b04f909b170e5647539de6 25f6b317eb614da9a99702dd52d6dec8 - - da59d45ba8d349ffb3262369f57b92b8 da59d45ba8d349ffb3262369f57b92b8] 10.0.0.125 "GET /resource_providers/4a0b550e-978d-488d-8b38-af3f3ff8a77b/aggregates" status: 404 len: 235 microversion: 1.1 [pid: 8|app: 0|req: 352/712] 10.0.0.125 () {32 vars in 815 bytes} [Wed Jul 15 00:15:02 2026] GET /resource_providers/4a0b550e-978d-488d-8b38-af3f3ff8a77b/aggregates => generated 235 bytes in 11 msecs (HTTP/1.1 404) 5 headers in 202 bytes (1 switches on core 0)
2026-07-15 00:15:02.626 7 INFO placement.requestlog [None req-805fda5c-185f-4207-8771-58d766b296b9 41151ece84b04f909b170e5647539de6 25f6b317eb614da9a99702dd52d6dec8 - - da59d45ba8d349ffb3262369f57b92b8 da59d45ba8d349ffb3262369f57b92b8] 10.0.0.125 "GET /resource_providers/4a0b550e-978d-488d-8b38-af3f3ff8a77b/aggregates" status: 404 len: 235 microversion: 1.1 [pid: 7|app: 0|req: 361/713] 10.0.0.125 () {32 vars in 815 bytes} [Wed Jul 15 00:15:02 2026] GET /resource_providers/4a0b550e-978d-488d-8b38-af3f3ff8a77b/aggregates => generated 235 bytes in 12 msecs (HTTP/1.1 404) 5 headers in 202 bytes (1 switches on core 0)
2026-07-15 00:15:02.637 8 INFO placement.requestlog [None req-ddf0b153-4cc9-4628-bc6f-f1a97621665f 41151ece84b04f909b170e5647539de6 25f6b317eb614da9a99702dd52d6dec8 - - da59d45ba8d349ffb3262369f57b92b8 da59d45ba8d349ffb3262369f57b92b8] 10.0.0.125 "DELETE /resource_providers/4a0b550e-978d-488d-8b38-af3f3ff8a77b" status: 404 len: 246 microversion: 1.1 [pid: 8|app: 0|req: 353/714] 10.0.0.125 () {34 vars in 815 bytes} [Wed Jul 15 00:15:02 2026] DELETE /resource_providers/4a0b550e-978d-488d-8b38-af3f3ff8a77b => generated 246 bytes in 7 msecs (HTTP/1.1 404) 6 headers in 231 bytes (1 switches on core 0)
2026-07-15 00:15:02.641 7 INFO placement.requestlog [None req-9ca404b4-fdc2-4c6a-aaaf-c32733f0b6b1 41151ece84b04f909b170e5647539de6 25f6b317eb614da9a99702dd52d6dec8 - - da59d45ba8d349ffb3262369f57b92b8 da59d45ba8d349ffb3262369f57b92b8] 10.0.0.125 "DELETE /resource_providers/4a0b550e-978d-488d-8b38-af3f3ff8a77b" status: 404 len: 246 microversion: 1.1 [pid: 7|app: 0|req: 362/715] 10.0.0.125 () {34 vars in 815 bytes} [Wed Jul 15 00:15:02 2026] DELETE /resource_providers/4a0b550e-978d-488d-8b38-af3f3ff8a77b => generated 246 bytes in 7 msecs (HTTP/1.1 404) 6 headers in 231 bytes (1 switches on core 0)
2026-07-15 00:15:03.206 7 INFO placement.requestlog [None req-85add9ee-6c01-4d3e-b580-38f5c6d03313 - - - - - -] 10.0.0.139 "GET /" status: 200 len: 136 microversion: 1.0
2026-07-15 00:15:03.206 8 INFO placement.requestlog [None req-574e6a35-76c7-4483-a0c2-65e70a7de2e7 - - - - - -] 10.0.0.139 "GET /" status: 200 len: 136 microversion: 1.0
2026-07-15 00:15:04.272 8 INFO placement.requestlog [None req-1dda4096-a831-497e-bfac-c3456f45b784 41151ece84b04f909b170e5647539de6 25f6b317eb614da9a99702dd52d6dec8 - - da59d45ba8d349ffb3262369f57b92b8 da59d45ba8d349ffb3262369f57b92b8] 10.0.0.125 "GET /resource_providers/bd8ea0d0-e356-41c8-bf71-62e31c3defdc/aggregates" status: 404 len: 235 microversion: 1.1 [pid: 8|app: 0|req: 355/718] 10.0.0.125 () {32 vars in 815 bytes} [Wed Jul 15 00:15:04 2026] GET /resource_providers/bd8ea0d0-e356-41c8-bf71-62e31c3defdc/aggregates => generated 235 bytes in 13 msecs (HTTP/1.1 404) 5 headers in 202 bytes (1 switches on core 0)
2026-07-15 00:15:04.281 7 INFO placement.requestlog [None req-981e62fe-e6ca-437f-b0a8-82c3bc311442 41151ece84b04f909b170e5647539de6 25f6b317eb614da9a99702dd52d6dec8 - - da59d45ba8d349ffb3262369f57b92b8 da59d45ba8d349ffb3262369f57b92b8] 10.0.0.125 "GET /resource_providers/bd8ea0d0-e356-41c8-bf71-62e31c3defdc/aggregates" status: 404 len: 235 microversion: 1.1 [pid: 7|app: 0|req: 364/719] 10.0.0.125 () {32 vars in 815 bytes} [Wed Jul 15 00:15:04 2026] GET /resource_providers/bd8ea0d0-e356-41c8-bf71-62e31c3defdc/aggregates => generated 235 bytes in 23 msecs (HTTP/1.1 404) 5 headers in 202 bytes (1 switches on core 0)
2026-07-15 00:15:04.287 8 INFO placement.requestlog [None req-0b25aca4-2b59-4d6c-bf53-2444a84771c9 41151ece84b04f909b170e5647539de6 25f6b317eb614da9a99702dd52d6dec8 - - da59d45ba8d349ffb3262369f57b92b8 da59d45ba8d349ffb3262369f57b92b8] 10.0.0.125 "DELETE /resource_providers/bd8ea0d0-e356-41c8-bf71-62e31c3defdc" status: 404 len: 246 microversion: 1.1 [pid: 8|app: 0|req: 356/720] 10.0.0.125 () {34 vars in 815 bytes} [Wed Jul 15 00:15:04 2026] DELETE /resource_providers/bd8ea0d0-e356-41c8-bf71-62e31c3defdc => generated 246 bytes in 11 msecs (HTTP/1.1 404) 6 headers in 231 bytes (1 switches on core 0)
2026-07-15 00:15:04.294 7 INFO placement.requestlog [None req-9434a4df-92e2-43b1-a384-f5246fbe7030 41151ece84b04f909b170e5647539de6 25f6b317eb614da9a99702dd52d6dec8 - - da59d45ba8d349ffb3262369f57b92b8 da59d45ba8d349ffb3262369f57b92b8] 10.0.0.125 "DELETE /resource_providers/bd8ea0d0-e356-41c8-bf71-62e31c3defdc" status: 404 len: 246 microversion: 1.1 [pid: 7|app: 0|req: 365/721] 10.0.0.125 () {34 vars in 815 bytes} [Wed Jul 15 00:15:04 2026] DELETE /resource_providers/bd8ea0d0-e356-41c8-bf71-62e31c3defdc => generated 246 bytes in 9 msecs (HTTP/1.1 404) 6 headers in 231 bytes (1 switches on core 0)
2026-07-15 00:15:04.305 7 INFO placement.requestlog [None req-a49fd38b-a8ef-4ed1-81a9-3c897be20bcc 41151ece84b04f909b170e5647539de6 25f6b317eb614da9a99702dd52d6dec8 - - da59d45ba8d349ffb3262369f57b92b8 da59d45ba8d349ffb3262369f57b92b8] 10.0.0.125 "GET /resource_providers/61058382-fe9f-444e-8e27-0494291caaa2/aggregates" status: 404 len: 235 microversion: 1.1 [pid: 7|app: 0|req: 366/722] 10.0.0.125 () {32 vars in 815 bytes} [Wed Jul 15 00:15:04 2026] GET /resource_providers/61058382-fe9f-444e-8e27-0494291caaa2/aggregates => generated 235 bytes in 7 msecs (HTTP/1.1 404) 5 headers in 202 bytes (1 switches on core 0)
2026-07-15 00:15:04.308 8 INFO placement.requestlog [None req-c59d4c83-93f0-49b3-9906-368611a43d04 41151ece84b04f909b170e5647539de6 25f6b317eb614da9a99702dd52d6dec8 - - da59d45ba8d349ffb3262369f57b92b8 da59d45ba8d349ffb3262369f57b92b8] 10.0.0.125 "GET /resource_providers/61058382-fe9f-444e-8e27-0494291caaa2/aggregates" status: 404 len: 235 microversion: 1.1 [pid: 8|app: 0|req: 357/723] 10.0.0.125 () {32 vars in 815 bytes} [Wed Jul 15 00:15:04 2026] GET /resource_providers/61058382-fe9f-444e-8e27-0494291caaa2/aggregates => generated 235 bytes in 15 msecs (HTTP/1.1 404) 5 headers in 202 bytes (1 switches on core 0)
2026-07-15 00:15:04.319 7 INFO placement.requestlog [None req-a325a088-7ae4-47cb-ba22-afa516bcf1c8 41151ece84b04f909b170e5647539de6 25f6b317eb614da9a99702dd52d6dec8 - - da59d45ba8d349ffb3262369f57b92b8 da59d45ba8d349ffb3262369f57b92b8] 10.0.0.125 "DELETE /resource_providers/61058382-fe9f-444e-8e27-0494291caaa2" status: 404 len: 246 microversion: 1.1 [pid: 7|app: 0|req: 367/724] 10.0.0.125 () {34 vars in 815 bytes} [Wed Jul 15 00:15:04 2026] DELETE /resource_providers/61058382-fe9f-444e-8e27-0494291caaa2 => generated 246 bytes in 8 msecs (HTTP/1.1 404) 6 headers in 231 bytes (1 switches on core 0)
2026-07-15 00:15:04.351 8 INFO placement.requestlog [None req-e8227a48-6edf-4cbe-8594-2b94bb52f1de 41151ece84b04f909b170e5647539de6 25f6b317eb614da9a99702dd52d6dec8 - - da59d45ba8d349ffb3262369f57b92b8 da59d45ba8d349ffb3262369f57b92b8] 10.0.0.125 "DELETE /resource_providers/61058382-fe9f-444e-8e27-0494291caaa2" status: 404 len: 246 microversion: 1.1 [pid: 8|app: 0|req: 358/725] 10.0.0.125 () {34 vars in 815 bytes} [Wed Jul 15 00:15:04 2026] DELETE /resource_providers/61058382-fe9f-444e-8e27-0494291caaa2 => generated 246 bytes in 13 msecs (HTTP/1.1 404) 6 headers in 231 bytes (1 switches on core 0)
2026-07-15 00:15:07.411 7 INFO placement.requestlog [req-31b06adb-4741-433c-afdb-879409c1a24b req-a3aab40a-1a92-4831-af3f-346a98414bc1 af55c1988314460c97f611332918b855 25f6b317eb614da9a99702dd52d6dec8 - - da59d45ba8d349ffb3262369f57b92b8 da59d45ba8d349ffb3262369f57b92b8] 199.19.213.181 "GET /resource_providers/48a188e2-5f7b-4e7a-ae12-1d96658adec6/allocations" status: 200 len: 152 microversion: 1.0 [pid: 7|app: 0|req: 368/726] 199.19.213.181 () {32 vars in 856 bytes} [Wed Jul 15 00:15:07 2026] GET /resource_providers/48a188e2-5f7b-4e7a-ae12-1d96658adec6/allocations => generated 152 bytes in 34 msecs (HTTP/1.1 200) 6 headers in 224 bytes (1 switches on core 0)
2026-07-15 00:15:07.432 8 INFO placement.requestlog [req-31b06adb-4741-433c-afdb-879409c1a24b req-1eb03488-c716-43c4-8af7-3fe664eae3da af55c1988314460c97f611332918b855 25f6b317eb614da9a99702dd52d6dec8 - - da59d45ba8d349ffb3262369f57b92b8 da59d45ba8d349ffb3262369f57b92b8] 199.19.213.181 "GET /allocations/1d2d34d7-a872-4951-96e8-97e9c4b36ee7" status: 200 len: 257 microversion: 1.28 [pid: 8|app: 0|req: 359/727] 199.19.213.181 () {34 vars in 862 bytes} [Wed Jul 15 00:15:07 2026] GET /allocations/1d2d34d7-a872-4951-96e8-97e9c4b36ee7 => generated 257 bytes in 13 msecs (HTTP/1.1 200) 8 headers in 296 bytes (1 switches on core 0)
2026-07-15 00:15:08.504 7 INFO placement.requestlog [req-31b06adb-4741-433c-afdb-879409c1a24b req-af442a6c-2211-48c6-8786-e7596712c2e4 af55c1988314460c97f611332918b855 25f6b317eb614da9a99702dd52d6dec8 - - da59d45ba8d349ffb3262369f57b92b8 da59d45ba8d349ffb3262369f57b92b8] 199.19.213.181 "DELETE /allocations/1d2d34d7-a872-4951-96e8-97e9c4b36ee7" status: 204 len: 0 microversion: 1.0 [pid: 7|app: 0|req: 369/728] 199.19.213.181 () {34 vars in 840 bytes} [Wed Jul 15 00:15:08 2026] DELETE /allocations/1d2d34d7-a872-4951-96e8-97e9c4b36ee7 => generated 0 bytes in 39 msecs (HTTP/1.1 204) 5 headers in 198 bytes (1 switches on core 0)
2026-07-15 00:15:11.853 8 INFO placement.requestlog [req-d3e399da-f6cb-4eee-8089-9e026cf0437d req-8e37cc7d-4166-401a-8110-110e91aaae52 af55c1988314460c97f611332918b855 25f6b317eb614da9a99702dd52d6dec8 - - da59d45ba8d349ffb3262369f57b92b8 da59d45ba8d349ffb3262369f57b92b8] 10.0.0.148 "GET /allocation_candidates?limit=1000&resources=DISK_GB%3A1%2CMEMORY_MB%3A512%2CVCPU%3A1&root_required=%21COMPUTE_STATUS_DISABLED" status: 200 len: 2384 microversion: 1.36 [pid: 8|app: 0|req: 360/729] 10.0.0.148 () {34 vars in 1011 bytes} [Wed Jul 15 00:15:11 2026] GET /allocation_candidates?limit=1000&resources=DISK_GB%3A1%2CMEMORY_MB%3A512%2CVCPU%3A1&root_required=%21COMPUTE_STATUS_DISABLED => generated 2384 bytes in 45 msecs (HTTP/1.1 200) 8 headers in 297 bytes (1 switches on core 0)
2026-07-15 00:15:11.901 7 INFO placement.requestlog [req-d3e399da-f6cb-4eee-8089-9e026cf0437d req-cd6f7847-a4ee-42a5-9026-0b26ed8f7f6f af55c1988314460c97f611332918b855 25f6b317eb614da9a99702dd52d6dec8 - - da59d45ba8d349ffb3262369f57b92b8 da59d45ba8d349ffb3262369f57b92b8] 10.0.0.148 "GET /allocations/3b3de1ca-b5ec-4b2d-813d-7aa8d1fc26e2" status: 200 len: 19 microversion: 1.28 [pid: 7|app: 0|req: 370/730] 10.0.0.148 () {34 vars in 860 bytes} [Wed Jul 15 00:15:11 2026] GET /allocations/3b3de1ca-b5ec-4b2d-813d-7aa8d1fc26e2 => generated 19 bytes in 19 msecs (HTTP/1.1 200) 8 headers in 295 bytes (1 switches on core 0)
2026-07-15 00:15:11.972 8 INFO placement.requestlog [req-d3e399da-f6cb-4eee-8089-9e026cf0437d req-bfc67c56-9bbb-4140-b6ce-33fe3a156cd7 af55c1988314460c97f611332918b855 25f6b317eb614da9a99702dd52d6dec8 - - da59d45ba8d349ffb3262369f57b92b8 da59d45ba8d349ffb3262369f57b92b8] 10.0.0.148 "PUT /allocations/3b3de1ca-b5ec-4b2d-813d-7aa8d1fc26e2" status: 204 len: 0 microversion: 1.36 [pid: 8|app: 0|req: 361/731] 10.0.0.148 () {38 vars in 913 bytes} [Wed Jul 15 00:15:11 2026] PUT /allocations/3b3de1ca-b5ec-4b2d-813d-7aa8d1fc26e2 => generated 0 bytes in 66 msecs (HTTP/1.1 204) 5 headers in 199 bytes (1 switches on core 0)
2026-07-15 00:15:12.313 7 INFO placement.requestlog [None req-c9386e82-0fcd-4dcc-8b7e-bf9ba61f1dd3 41151ece84b04f909b170e5647539de6 25f6b317eb614da9a99702dd52d6dec8 - - da59d45ba8d349ffb3262369f57b92b8 da59d45ba8d349ffb3262369f57b92b8] 10.0.0.125 "GET /resource_providers/9475f0c4-1d1f-4391-96ee-f76404a23ccf/aggregates" status: 404 len: 235 microversion: 1.1 [pid: 7|app: 0|req: 371/732] 10.0.0.125 () {32 vars in 815 bytes} [Wed Jul 15 00:15:12 2026] GET /resource_providers/9475f0c4-1d1f-4391-96ee-f76404a23ccf/aggregates => generated 235 bytes in 8 msecs (HTTP/1.1 404) 5 headers in 202 bytes (1 switches on core 0)
2026-07-15 00:15:12.324 8 INFO placement.requestlog [None req-a97d8597-1a3d-4eff-b2d0-a04b0892d6b4 41151ece84b04f909b170e5647539de6 25f6b317eb614da9a99702dd52d6dec8 - - da59d45ba8d349ffb3262369f57b92b8 da59d45ba8d349ffb3262369f57b92b8] 10.0.0.125 "GET /resource_providers/9475f0c4-1d1f-4391-96ee-f76404a23ccf/aggregates" status: 404 len: 235 microversion: 1.1 [pid: 8|app: 0|req: 362/733] 10.0.0.125 () {32 vars in 815 bytes} [Wed Jul 15 00:15:12 2026] GET /resource_providers/9475f0c4-1d1f-4391-96ee-f76404a23ccf/aggregates => generated 235 bytes in 16 msecs (HTTP/1.1 404) 5 headers in 202 bytes (1 switches on core 0)
2026-07-15 00:15:12.327 7 INFO placement.requestlog [None req-764abfd9-83b1-4be1-9736-a710a150a077 41151ece84b04f909b170e5647539de6 25f6b317eb614da9a99702dd52d6dec8 - - da59d45ba8d349ffb3262369f57b92b8 da59d45ba8d349ffb3262369f57b92b8] 10.0.0.125 "DELETE /resource_providers/9475f0c4-1d1f-4391-96ee-f76404a23ccf" status: 404 len: 246 microversion: 1.1 [pid: 7|app: 0|req: 372/734] 10.0.0.125 () {34 vars in 815 bytes} [Wed Jul 15 00:15:12 2026] DELETE /resource_providers/9475f0c4-1d1f-4391-96ee-f76404a23ccf => generated 246 bytes in 9 msecs (HTTP/1.1 404) 6 headers in 231 bytes (1 switches on core 0)
2026-07-15 00:15:12.336 8 INFO placement.requestlog [None req-f7393a00-dc0c-400b-b01a-c75d46a7e129 41151ece84b04f909b170e5647539de6 25f6b317eb614da9a99702dd52d6dec8 - - da59d45ba8d349ffb3262369f57b92b8 da59d45ba8d349ffb3262369f57b92b8] 10.0.0.125 "DELETE /resource_providers/9475f0c4-1d1f-4391-96ee-f76404a23ccf" status: 404 len: 246 microversion: 1.1 [pid: 8|app: 0|req: 363/735] 10.0.0.125 () {34 vars in 815 bytes} [Wed Jul 15 00:15:12 2026] DELETE /resource_providers/9475f0c4-1d1f-4391-96ee-f76404a23ccf => generated 246 bytes in 7 msecs (HTTP/1.1 404) 6 headers in 231 bytes (1 switches on core 0)
2026-07-15 00:15:13.205 7 INFO placement.requestlog [None req-693e042a-4322-4ab8-b746-4e6d0c8f3fc1 - - - - - -] 10.0.0.139 "GET /" status: 200 len: 136 microversion: 1.0
2026-07-15 00:15:13.205 8 INFO placement.requestlog [None req-e38667dc-5595-4710-9d0d-05219f9fcccc - - - - - -] 10.0.0.139 "GET /" status: 200 len: 136 microversion: 1.0
2026-07-15 00:15:13.439 8 INFO placement.requestlog [req-d3e399da-f6cb-4eee-8089-9e026cf0437d req-13ffc6de-d9ee-436f-a288-be2ac20243a2 af55c1988314460c97f611332918b855 25f6b317eb614da9a99702dd52d6dec8 - - da59d45ba8d349ffb3262369f57b92b8 da59d45ba8d349ffb3262369f57b92b8] 199.19.213.181 "GET /allocations/3b3de1ca-b5ec-4b2d-813d-7aa8d1fc26e2" status: 200 len: 257 microversion: 1.28 [pid: 8|app: 0|req: 365/738] 199.19.213.181 () {34 vars in 862 bytes} [Wed Jul 15 00:15:13 2026] GET /allocations/3b3de1ca-b5ec-4b2d-813d-7aa8d1fc26e2 => generated 257 bytes in 15 msecs (HTTP/1.1 200) 8 headers in 296 bytes (1 switches on core 0)
2026-07-15 00:15:14.368 7 INFO placement.requestlog [None req-37c10c8e-69f0-4586-8e3e-12d0af8c7465 41151ece84b04f909b170e5647539de6 25f6b317eb614da9a99702dd52d6dec8 - - da59d45ba8d349ffb3262369f57b92b8 da59d45ba8d349ffb3262369f57b92b8] 10.0.0.125 "GET /resource_providers/4854724a-fcd9-4030-b63f-bc807c362022/aggregates" status: 404 len: 235 microversion: 1.1 [pid: 7|app: 0|req: 374/739] 10.0.0.125 () {32 vars in 815 bytes} [Wed Jul 15 00:15:14 2026] GET /resource_providers/4854724a-fcd9-4030-b63f-bc807c362022/aggregates => generated 235 bytes in 11 msecs (HTTP/1.1 404) 5 headers in 202 bytes (1 switches on core 0)
2026-07-15 00:15:14.371 8 INFO placement.requestlog [None req-67f75866-4db4-4d1e-bc01-500f5121fc86 41151ece84b04f909b170e5647539de6 25f6b317eb614da9a99702dd52d6dec8 - - da59d45ba8d349ffb3262369f57b92b8 da59d45ba8d349ffb3262369f57b92b8] 10.0.0.125 "GET /resource_providers/4854724a-fcd9-4030-b63f-bc807c362022/aggregates" status: 404 len: 235 microversion: 1.1 [pid: 8|app: 0|req: 366/740] 10.0.0.125 () {32 vars in 815 bytes} [Wed Jul 15 00:15:14 2026] GET /resource_providers/4854724a-fcd9-4030-b63f-bc807c362022/aggregates => generated 235 bytes in 10 msecs (HTTP/1.1 404) 5 headers in 202 bytes (1 switches on core 0)
2026-07-15 00:15:14.397 7 INFO placement.requestlog [None req-202f2c37-a385-43cd-805e-7fa326320bc8 41151ece84b04f909b170e5647539de6 25f6b317eb614da9a99702dd52d6dec8 - - da59d45ba8d349ffb3262369f57b92b8 da59d45ba8d349ffb3262369f57b92b8] 10.0.0.125 "DELETE /resource_providers/4854724a-fcd9-4030-b63f-bc807c362022" status: 404 len: 246 microversion: 1.1 [pid: 7|app: 0|req: 375/741] 10.0.0.125 () {34 vars in 815 bytes} [Wed Jul 15 00:15:14 2026] DELETE /resource_providers/4854724a-fcd9-4030-b63f-bc807c362022 => generated 246 bytes in 21 msecs (HTTP/1.1 404) 6 headers in 231 bytes (1 switches on core 0)
2026-07-15 00:15:14.404 8 INFO placement.requestlog [None req-4303d417-56d8-4d05-a425-e51552068e16 41151ece84b04f909b170e5647539de6 25f6b317eb614da9a99702dd52d6dec8 - - da59d45ba8d349ffb3262369f57b92b8 da59d45ba8d349ffb3262369f57b92b8] 10.0.0.125 "DELETE /resource_providers/4854724a-fcd9-4030-b63f-bc807c362022" status: 404 len: 246 microversion: 1.1 [pid: 8|app: 0|req: 367/742] 10.0.0.125 () {34 vars in 815 bytes} [Wed Jul 15 00:15:14 2026] DELETE /resource_providers/4854724a-fcd9-4030-b63f-bc807c362022 => generated 246 bytes in 14 msecs (HTTP/1.1 404) 6 headers in 231 bytes (1 switches on core 0)
2026-07-15 00:15:14.490 7 INFO placement.requestlog [req-d3e399da-f6cb-4eee-8089-9e026cf0437d req-a565a660-02c3-40ba-afbe-62d5634c9022 af55c1988314460c97f611332918b855 25f6b317eb614da9a99702dd52d6dec8 - - da59d45ba8d349ffb3262369f57b92b8 da59d45ba8d349ffb3262369f57b92b8] 199.19.213.181 "GET /resource_providers/48a188e2-5f7b-4e7a-ae12-1d96658adec6/allocations" status: 200 len: 152 microversion: 1.0 [pid: 7|app: 0|req: 376/743] 199.19.213.181 () {32 vars in 856 bytes} [Wed Jul 15 00:15:14 2026] GET /resource_providers/48a188e2-5f7b-4e7a-ae12-1d96658adec6/allocations => generated 152 bytes in 19 msecs (HTTP/1.1 200) 6 headers in 224 bytes (1 switches on core 0)
2026-07-15 00:15:14.506 8 INFO placement.requestlog [req-d3e399da-f6cb-4eee-8089-9e026cf0437d req-3106705a-a270-4896-9b2b-488d2d81ce56 af55c1988314460c97f611332918b855 25f6b317eb614da9a99702dd52d6dec8 - - da59d45ba8d349ffb3262369f57b92b8 da59d45ba8d349ffb3262369f57b92b8] 199.19.213.181 "GET /allocations/3b3de1ca-b5ec-4b2d-813d-7aa8d1fc26e2" status: 200 len: 257 microversion: 1.28 [pid: 8|app: 0|req: 368/744] 199.19.213.181 () {34 vars in 862 bytes} [Wed Jul 15 00:15:14 2026] GET /allocations/3b3de1ca-b5ec-4b2d-813d-7aa8d1fc26e2 => generated 257 bytes in 12 msecs (HTTP/1.1 200) 8 headers in 296 bytes (1 switches on core 0)
2026-07-15 00:15:17.809 8 INFO placement.requestlog [None req-f07a25f4-d40a-4e74-b549-50077690513a 41151ece84b04f909b170e5647539de6 25f6b317eb614da9a99702dd52d6dec8 - - da59d45ba8d349ffb3262369f57b92b8 da59d45ba8d349ffb3262369f57b92b8] 10.0.0.125 "GET /resource_providers/be47ec60-0087-4af0-b603-27f96c6a87a1/aggregates" status: 404 len: 235 microversion: 1.1
2026-07-15 00:15:17.809 7 INFO placement.requestlog [None req-783c4630-9963-420c-9f23-5a4303ede964 41151ece84b04f909b170e5647539de6 25f6b317eb614da9a99702dd52d6dec8 - - da59d45ba8d349ffb3262369f57b92b8 da59d45ba8d349ffb3262369f57b92b8] 10.0.0.125 "GET /resource_providers/be47ec60-0087-4af0-b603-27f96c6a87a1/aggregates" status: 404 len: 235 microversion: 1.1 [pid: 8|app: 0|req: 369/745] 10.0.0.125 () {32 vars in 815 bytes} [Wed Jul 15 00:15:17 2026] GET /resource_providers/be47ec60-0087-4af0-b603-27f96c6a87a1/aggregates => generated 235 bytes in 10 msecs (HTTP/1.1 404) 5 headers in 202 bytes (1 switches on core 0) [pid: 7|app: 0|req: 377/746] 10.0.0.125 () {32 vars in 815 bytes} [Wed Jul 15 00:15:17 2026] GET /resource_providers/be47ec60-0087-4af0-b603-27f96c6a87a1/aggregates => generated 235 bytes in 10 msecs (HTTP/1.1 404) 5 headers in 202 bytes (1 switches on core 0)
2026-07-15 00:15:17.827 8 INFO placement.requestlog [None req-9870c0d0-8b4a-4391-b696-e2df131f78ea 41151ece84b04f909b170e5647539de6 25f6b317eb614da9a99702dd52d6dec8 - - da59d45ba8d349ffb3262369f57b92b8 da59d45ba8d349ffb3262369f57b92b8] 10.0.0.125 "DELETE /resource_providers/be47ec60-0087-4af0-b603-27f96c6a87a1" status: 404 len: 246 microversion: 1.1 [pid: 8|app: 0|req: 370/747] 10.0.0.125 () {34 vars in 815 bytes} [Wed Jul 15 00:15:17 2026] DELETE /resource_providers/be47ec60-0087-4af0-b603-27f96c6a87a1 => generated 246 bytes in 10 msecs (HTTP/1.1 404) 6 headers in 231 bytes (1 switches on core 0)
2026-07-15 00:15:17.830 7 INFO placement.requestlog [None req-ea7cc899-ff96-48e4-a4fd-8b1d65a19cef 41151ece84b04f909b170e5647539de6 25f6b317eb614da9a99702dd52d6dec8 - - da59d45ba8d349ffb3262369f57b92b8 da59d45ba8d349ffb3262369f57b92b8] 10.0.0.125 "DELETE /resource_providers/be47ec60-0087-4af0-b603-27f96c6a87a1" status: 404 len: 246 microversion: 1.1 [pid: 7|app: 0|req: 378/748] 10.0.0.125 () {34 vars in 815 bytes} [Wed Jul 15 00:15:17 2026] DELETE /resource_providers/be47ec60-0087-4af0-b603-27f96c6a87a1 => generated 246 bytes in 10 msecs (HTTP/1.1 404) 6 headers in 231 bytes (1 switches on core 0)
2026-07-15 00:15:19.894 8 INFO placement.requestlog [None req-525c8631-87a9-43ff-ae96-a0a828db0be9 41151ece84b04f909b170e5647539de6 25f6b317eb614da9a99702dd52d6dec8 - - da59d45ba8d349ffb3262369f57b92b8 da59d45ba8d349ffb3262369f57b92b8] 10.0.0.125 "GET /resource_providers/6b326623-5491-49c6-a19d-b4f789649d60/aggregates" status: 404 len: 235 microversion: 1.1 [pid: 8|app: 0|req: 371/749] 10.0.0.125 () {32 vars in 815 bytes} [Wed Jul 15 00:15:19 2026] GET /resource_providers/6b326623-5491-49c6-a19d-b4f789649d60/aggregates => generated 235 bytes in 8 msecs (HTTP/1.1 404) 5 headers in 202 bytes (1 switches on core 0)
2026-07-15 00:15:19.896 7 INFO placement.requestlog [None req-03896684-c8c6-4dcf-9521-c2ef1567ac83 41151ece84b04f909b170e5647539de6 25f6b317eb614da9a99702dd52d6dec8 - - da59d45ba8d349ffb3262369f57b92b8 da59d45ba8d349ffb3262369f57b92b8] 10.0.0.125 "GET /resource_providers/6b326623-5491-49c6-a19d-b4f789649d60/aggregates" status: 404 len: 235 microversion: 1.1 [pid: 7|app: 0|req: 379/750] 10.0.0.125 () {32 vars in 815 bytes} [Wed Jul 15 00:15:19 2026] GET /resource_providers/6b326623-5491-49c6-a19d-b4f789649d60/aggregates => generated 235 bytes in 11 msecs (HTTP/1.1 404) 5 headers in 202 bytes (1 switches on core 0)
2026-07-15 00:15:19.911 7 INFO placement.requestlog [None req-c7045ad2-c08b-40d4-a8e9-b74f9bac1b16 41151ece84b04f909b170e5647539de6 25f6b317eb614da9a99702dd52d6dec8 - - da59d45ba8d349ffb3262369f57b92b8 da59d45ba8d349ffb3262369f57b92b8] 10.0.0.125 "DELETE /resource_providers/6b326623-5491-49c6-a19d-b4f789649d60" status: 404 len: 246 microversion: 1.1 [pid: 7|app: 0|req: 380/751] 10.0.0.125 () {34 vars in 815 bytes} [Wed Jul 15 00:15:19 2026] DELETE /resource_providers/6b326623-5491-49c6-a19d-b4f789649d60 => generated 246 bytes in 7 msecs (HTTP/1.1 404) 6 headers in 231 bytes (1 switches on core 0)
2026-07-15 00:15:19.919 8 INFO placement.requestlog [None req-72b8fc29-1409-47f7-b0e4-ff40c86c1ec7 41151ece84b04f909b170e5647539de6 25f6b317eb614da9a99702dd52d6dec8 - - da59d45ba8d349ffb3262369f57b92b8 da59d45ba8d349ffb3262369f57b92b8] 10.0.0.125 "DELETE /resource_providers/6b326623-5491-49c6-a19d-b4f789649d60" status: 404 len: 246 microversion: 1.1 [pid: 8|app: 0|req: 372/752] 10.0.0.125 () {34 vars in 815 bytes} [Wed Jul 15 00:15:19 2026] DELETE /resource_providers/6b326623-5491-49c6-a19d-b4f789649d60 => generated 246 bytes in 15 msecs (HTTP/1.1 404) 6 headers in 231 bytes (1 switches on core 0)
2026-07-15 00:15:23.205 7 INFO placement.requestlog [None req-89df7fce-80f6-4444-9777-e43113ba093c - - - - - -] 10.0.0.139 "GET /" status: 200 len: 136 microversion: 1.0
2026-07-15 00:15:23.209 8 INFO placement.requestlog [None req-6c84d597-e265-403c-82e5-f3f3b57bae3a - - - - - -] 10.0.0.139 "GET /" status: 200 len: 136 microversion: 1.0
2026-07-15 00:15:28.461 8 INFO placement.requestlog [None req-72045e18-91ed-4504-80d0-068f53a943d1 41151ece84b04f909b170e5647539de6 25f6b317eb614da9a99702dd52d6dec8 - - da59d45ba8d349ffb3262369f57b92b8 da59d45ba8d349ffb3262369f57b92b8] 10.0.0.125 "GET /resource_providers/4d6528ca-55e1-42ef-a17f-3c79e7824c23/aggregates" status: 404 len: 235 microversion: 1.1 [pid: 8|app: 0|req: 374/755] 10.0.0.125 () {32 vars in 815 bytes} [Wed Jul 15 00:15:28 2026] GET /resource_providers/4d6528ca-55e1-42ef-a17f-3c79e7824c23/aggregates => generated 235 bytes in 12 msecs (HTTP/1.1 404) 5 headers in 202 bytes (1 switches on core 0)
2026-07-15 00:15:28.465 7 INFO placement.requestlog [None req-45b841e2-48de-4907-9160-857be965b8dc 41151ece84b04f909b170e5647539de6 25f6b317eb614da9a99702dd52d6dec8 - - da59d45ba8d349ffb3262369f57b92b8 da59d45ba8d349ffb3262369f57b92b8] 10.0.0.125 "GET /resource_providers/4d6528ca-55e1-42ef-a17f-3c79e7824c23/aggregates" status: 404 len: 235 microversion: 1.1 [pid: 7|app: 0|req: 382/756] 10.0.0.125 () {32 vars in 815 bytes} [Wed Jul 15 00:15:28 2026] GET /resource_providers/4d6528ca-55e1-42ef-a17f-3c79e7824c23/aggregates => generated 235 bytes in 16 msecs (HTTP/1.1 404) 5 headers in 202 bytes (1 switches on core 0)
2026-07-15 00:15:28.489 7 INFO placement.requestlog [None req-1e6686e8-55d2-4891-a30e-f0a7267630b4 41151ece84b04f909b170e5647539de6 25f6b317eb614da9a99702dd52d6dec8 - - da59d45ba8d349ffb3262369f57b92b8 da59d45ba8d349ffb3262369f57b92b8] 10.0.0.125 "DELETE /resource_providers/4d6528ca-55e1-42ef-a17f-3c79e7824c23" status: 404 len: 246 microversion: 1.1 [pid: 7|app: 0|req: 383/757] 10.0.0.125 () {34 vars in 815 bytes} [Wed Jul 15 00:15:28 2026] DELETE /resource_providers/4d6528ca-55e1-42ef-a17f-3c79e7824c23 => generated 246 bytes in 13 msecs (HTTP/1.1 404) 6 headers in 231 bytes (1 switches on core 0)
2026-07-15 00:15:28.493 8 INFO placement.requestlog [None req-53f7428f-fa15-45b2-b253-b7cfeff2f168 41151ece84b04f909b170e5647539de6 25f6b317eb614da9a99702dd52d6dec8 - - da59d45ba8d349ffb3262369f57b92b8 da59d45ba8d349ffb3262369f57b92b8] 10.0.0.125 "DELETE /resource_providers/4d6528ca-55e1-42ef-a17f-3c79e7824c23" status: 404 len: 246 microversion: 1.1 [pid: 8|app: 0|req: 375/758] 10.0.0.125 () {34 vars in 815 bytes} [Wed Jul 15 00:15:28 2026] DELETE /resource_providers/4d6528ca-55e1-42ef-a17f-3c79e7824c23 => generated 246 bytes in 18 msecs (HTTP/1.1 404) 6 headers in 231 bytes (1 switches on core 0)
