2026-07-15 00:15:51.805 8 INFO placement.requestlog [None req-5b433950-c121-4cfe-bbcb-a0fe83a0e809 41151ece84b04f909b170e5647539de6 25f6b317eb614da9a99702dd52d6dec8 - - da59d45ba8d349ffb3262369f57b92b8 da59d45ba8d349ffb3262369f57b92b8] 10.0.0.125 "DELETE /resource_providers/95622e95-c392-44e1-b5a0-910529b2fef6" status: 404 len: 246 microversion: 1.1 [pid: 8|app: 0|req: 417/842] 10.0.0.125 () {34 vars in 815 bytes} [Wed Jul 15 00:15:51 2026] DELETE /resource_providers/95622e95-c392-44e1-b5a0-910529b2fef6 => generated 246 bytes in 8 msecs (HTTP/1.1 404) 6 headers in 231 bytes (1 switches on core 0)
2026-07-15 00:15:51.807 7 INFO placement.requestlog [None req-04968139-3529-44ce-a554-98879c6a87da 41151ece84b04f909b170e5647539de6 25f6b317eb614da9a99702dd52d6dec8 - - da59d45ba8d349ffb3262369f57b92b8 da59d45ba8d349ffb3262369f57b92b8] 10.0.0.125 "DELETE /resource_providers/95622e95-c392-44e1-b5a0-910529b2fef6" status: 404 len: 246 microversion: 1.1 [pid: 7|app: 0|req: 426/843] 10.0.0.125 () {34 vars in 815 bytes} [Wed Jul 15 00:15:51 2026] DELETE /resource_providers/95622e95-c392-44e1-b5a0-910529b2fef6 => generated 246 bytes in 10 msecs (HTTP/1.1 404) 6 headers in 231 bytes (1 switches on core 0)
2026-07-15 00:15:51.825 8 INFO placement.requestlog [None req-94c78f5a-b06e-4549-93e5-164cce61936e 41151ece84b04f909b170e5647539de6 25f6b317eb614da9a99702dd52d6dec8 - - da59d45ba8d349ffb3262369f57b92b8 da59d45ba8d349ffb3262369f57b92b8] 10.0.0.125 "GET /resource_providers/3d976e49-0d92-4c0d-8cbc-f74aff4bbb5b/aggregates" status: 404 len: 235 microversion: 1.1 [pid: 8|app: 0|req: 418/844] 10.0.0.125 () {32 vars in 815 bytes} [Wed Jul 15 00:15:51 2026] GET /resource_providers/3d976e49-0d92-4c0d-8cbc-f74aff4bbb5b/aggregates => generated 235 bytes in 8 msecs (HTTP/1.1 404) 5 headers in 202 bytes (1 switches on core 0)
2026-07-15 00:15:51.827 7 INFO placement.requestlog [None req-de7d0a43-747c-4a00-a891-99fd78cb9911 41151ece84b04f909b170e5647539de6 25f6b317eb614da9a99702dd52d6dec8 - - da59d45ba8d349ffb3262369f57b92b8 da59d45ba8d349ffb3262369f57b92b8] 10.0.0.125 "GET /resource_providers/3d976e49-0d92-4c0d-8cbc-f74aff4bbb5b/aggregates" status: 404 len: 235 microversion: 1.1 [pid: 7|app: 0|req: 427/845] 10.0.0.125 () {32 vars in 815 bytes} [Wed Jul 15 00:15:51 2026] GET /resource_providers/3d976e49-0d92-4c0d-8cbc-f74aff4bbb5b/aggregates => generated 235 bytes in 10 msecs (HTTP/1.1 404) 5 headers in 202 bytes (1 switches on core 0)
2026-07-15 00:15:51.842 7 INFO placement.requestlog [None req-31a97e64-f8ea-40e6-933c-11969db88132 41151ece84b04f909b170e5647539de6 25f6b317eb614da9a99702dd52d6dec8 - - da59d45ba8d349ffb3262369f57b92b8 da59d45ba8d349ffb3262369f57b92b8] 10.0.0.125 "DELETE /resource_providers/3d976e49-0d92-4c0d-8cbc-f74aff4bbb5b" status: 404 len: 246 microversion: 1.1 [pid: 7|app: 0|req: 428/846] 10.0.0.125 () {34 vars in 815 bytes} [Wed Jul 15 00:15:51 2026] DELETE /resource_providers/3d976e49-0d92-4c0d-8cbc-f74aff4bbb5b => generated 246 bytes in 7 msecs (HTTP/1.1 404) 6 headers in 231 bytes (1 switches on core 0)
2026-07-15 00:15:51.844 8 INFO placement.requestlog [None req-f5c6deb0-ffbf-4b26-bd85-11d7456db48d 41151ece84b04f909b170e5647539de6 25f6b317eb614da9a99702dd52d6dec8 - - da59d45ba8d349ffb3262369f57b92b8 da59d45ba8d349ffb3262369f57b92b8] 10.0.0.125 "DELETE /resource_providers/3d976e49-0d92-4c0d-8cbc-f74aff4bbb5b" status: 404 len: 246 microversion: 1.1 [pid: 8|app: 0|req: 419/847] 10.0.0.125 () {34 vars in 815 bytes} [Wed Jul 15 00:15:51 2026] DELETE /resource_providers/3d976e49-0d92-4c0d-8cbc-f74aff4bbb5b => generated 246 bytes in 10 msecs (HTTP/1.1 404) 6 headers in 231 bytes (1 switches on core 0)
2026-07-15 00:15:53.206 8 INFO placement.requestlog [None req-6d1db697-1269-44b0-a227-3af7a62f6e4e - - - - - -] 10.0.0.139 "GET /" status: 200 len: 136 microversion: 1.0
2026-07-15 00:15:53.206 7 INFO placement.requestlog [None req-d8353ded-2f37-4f43-b6b7-504d45daeb5b - - - - - -] 10.0.0.139 "GET /" status: 200 len: 136 microversion: 1.0
2026-07-15 00:15:54.461 8 INFO placement.requestlog [None req-48c90802-e3fc-4fe3-8018-0996582eb5f7 41151ece84b04f909b170e5647539de6 25f6b317eb614da9a99702dd52d6dec8 - - da59d45ba8d349ffb3262369f57b92b8 da59d45ba8d349ffb3262369f57b92b8] 10.0.0.125 "GET /resource_providers/6cd0d3cf-7f72-414e-ac8c-faf2493d1356/aggregates" status: 404 len: 235 microversion: 1.1 [pid: 8|app: 0|req: 421/850] 10.0.0.125 () {32 vars in 815 bytes} [Wed Jul 15 00:15:54 2026] GET /resource_providers/6cd0d3cf-7f72-414e-ac8c-faf2493d1356/aggregates => generated 235 bytes in 12 msecs (HTTP/1.1 404) 5 headers in 202 bytes (1 switches on core 0)
2026-07-15 00:15:54.464 7 INFO placement.requestlog [None req-e886c978-1149-44ef-b2b7-f1d7badf9c9c 41151ece84b04f909b170e5647539de6 25f6b317eb614da9a99702dd52d6dec8 - - da59d45ba8d349ffb3262369f57b92b8 da59d45ba8d349ffb3262369f57b92b8] 10.0.0.125 "GET /resource_providers/6cd0d3cf-7f72-414e-ac8c-faf2493d1356/aggregates" status: 404 len: 235 microversion: 1.1 [pid: 7|app: 0|req: 430/851] 10.0.0.125 () {32 vars in 815 bytes} [Wed Jul 15 00:15:54 2026] GET /resource_providers/6cd0d3cf-7f72-414e-ac8c-faf2493d1356/aggregates => generated 235 bytes in 12 msecs (HTTP/1.1 404) 5 headers in 202 bytes (1 switches on core 0)
2026-07-15 00:15:54.480 7 INFO placement.requestlog [None req-13d00bf7-a1dd-4fb3-8eda-30463a50f79f 41151ece84b04f909b170e5647539de6 25f6b317eb614da9a99702dd52d6dec8 - - da59d45ba8d349ffb3262369f57b92b8 da59d45ba8d349ffb3262369f57b92b8] 10.0.0.125 "DELETE /resource_providers/6cd0d3cf-7f72-414e-ac8c-faf2493d1356" status: 404 len: 246 microversion: 1.1 [pid: 7|app: 0|req: 431/852] 10.0.0.125 () {34 vars in 815 bytes} [Wed Jul 15 00:15:54 2026] DELETE /resource_providers/6cd0d3cf-7f72-414e-ac8c-faf2493d1356 => generated 246 bytes in 9 msecs (HTTP/1.1 404) 6 headers in 231 bytes (1 switches on core 0)
2026-07-15 00:15:54.482 8 INFO placement.requestlog [None req-41ea7b0e-2037-4ccc-9011-cec9f2b6aa3c 41151ece84b04f909b170e5647539de6 25f6b317eb614da9a99702dd52d6dec8 - - da59d45ba8d349ffb3262369f57b92b8 da59d45ba8d349ffb3262369f57b92b8] 10.0.0.125 "DELETE /resource_providers/6cd0d3cf-7f72-414e-ac8c-faf2493d1356" status: 404 len: 246 microversion: 1.1 [pid: 8|app: 0|req: 422/853] 10.0.0.125 () {34 vars in 815 bytes} [Wed Jul 15 00:15:54 2026] DELETE /resource_providers/6cd0d3cf-7f72-414e-ac8c-faf2493d1356 => generated 246 bytes in 13 msecs (HTTP/1.1 404) 6 headers in 231 bytes (1 switches on core 0)
2026-07-15 00:15:55.095 8 INFO placement.requestlog [None req-216a7664-d127-4b5c-87d3-620af733743a 41151ece84b04f909b170e5647539de6 25f6b317eb614da9a99702dd52d6dec8 - - da59d45ba8d349ffb3262369f57b92b8 da59d45ba8d349ffb3262369f57b92b8] 10.0.0.125 "GET /resource_providers/5b292452-4f21-4260-9ce3-83d33bf309c1/aggregates" status: 404 len: 235 microversion: 1.1 [pid: 8|app: 0|req: 423/854] 10.0.0.125 () {32 vars in 815 bytes} [Wed Jul 15 00:15:55 2026] GET /resource_providers/5b292452-4f21-4260-9ce3-83d33bf309c1/aggregates => generated 235 bytes in 19 msecs (HTTP/1.1 404) 5 headers in 202 bytes (1 switches on core 0)
2026-07-15 00:15:55.113 7 INFO placement.requestlog [None req-6af36ca6-27b5-4fbb-830a-d8dd44e5a8b5 41151ece84b04f909b170e5647539de6 25f6b317eb614da9a99702dd52d6dec8 - - da59d45ba8d349ffb3262369f57b92b8 da59d45ba8d349ffb3262369f57b92b8] 10.0.0.125 "GET /resource_providers/5b292452-4f21-4260-9ce3-83d33bf309c1/aggregates" status: 404 len: 235 microversion: 1.1 [pid: 7|app: 0|req: 432/855] 10.0.0.125 () {32 vars in 815 bytes} [Wed Jul 15 00:15:55 2026] GET /resource_providers/5b292452-4f21-4260-9ce3-83d33bf309c1/aggregates => generated 235 bytes in 37 msecs (HTTP/1.1 404) 5 headers in 202 bytes (1 switches on core 0)
2026-07-15 00:15:55.114 8 INFO placement.requestlog [None req-7528628d-da98-46cf-bb5f-d4b99d566dde 41151ece84b04f909b170e5647539de6 25f6b317eb614da9a99702dd52d6dec8 - - da59d45ba8d349ffb3262369f57b92b8 da59d45ba8d349ffb3262369f57b92b8] 10.0.0.125 "DELETE /resource_providers/5b292452-4f21-4260-9ce3-83d33bf309c1" status: 404 len: 246 microversion: 1.1 [pid: 8|app: 0|req: 424/856] 10.0.0.125 () {34 vars in 815 bytes} [Wed Jul 15 00:15:55 2026] DELETE /resource_providers/5b292452-4f21-4260-9ce3-83d33bf309c1 => generated 246 bytes in 10 msecs (HTTP/1.1 404) 6 headers in 231 bytes (1 switches on core 0)
2026-07-15 00:15:55.140 7 INFO placement.requestlog [None req-47135ec9-85e9-467c-bdb5-95c8e8e7126d 41151ece84b04f909b170e5647539de6 25f6b317eb614da9a99702dd52d6dec8 - - da59d45ba8d349ffb3262369f57b92b8 da59d45ba8d349ffb3262369f57b92b8] 10.0.0.125 "DELETE /resource_providers/5b292452-4f21-4260-9ce3-83d33bf309c1" status: 404 len: 246 microversion: 1.1 [pid: 7|app: 0|req: 433/857] 10.0.0.125 () {34 vars in 815 bytes} [Wed Jul 15 00:15:55 2026] DELETE /resource_providers/5b292452-4f21-4260-9ce3-83d33bf309c1 => generated 246 bytes in 14 msecs (HTTP/1.1 404) 6 headers in 231 bytes (1 switches on core 0)
2026-07-15 00:15:56.572 8 INFO placement.requestlog [None req-67b343c1-2b44-455c-9d62-7cee063b2ed6 41151ece84b04f909b170e5647539de6 25f6b317eb614da9a99702dd52d6dec8 - - da59d45ba8d349ffb3262369f57b92b8 da59d45ba8d349ffb3262369f57b92b8] 10.0.0.125 "GET /resource_providers/0d5ef3e4-9e38-4c49-ab5a-a89f49458e37/aggregates" status: 404 len: 235 microversion: 1.1 [pid: 8|app: 0|req: 425/858] 10.0.0.125 () {32 vars in 815 bytes} [Wed Jul 15 00:15:56 2026] GET /resource_providers/0d5ef3e4-9e38-4c49-ab5a-a89f49458e37/aggregates => generated 235 bytes in 11 msecs (HTTP/1.1 404) 5 headers in 202 bytes (1 switches on core 0)
2026-07-15 00:15:56.574 7 INFO placement.requestlog [None req-667d56f9-a035-4967-93e0-2c97e638554e 41151ece84b04f909b170e5647539de6 25f6b317eb614da9a99702dd52d6dec8 - - da59d45ba8d349ffb3262369f57b92b8 da59d45ba8d349ffb3262369f57b92b8] 10.0.0.125 "GET /resource_providers/0d5ef3e4-9e38-4c49-ab5a-a89f49458e37/aggregates" status: 404 len: 235 microversion: 1.1 [pid: 7|app: 0|req: 434/859] 10.0.0.125 () {32 vars in 815 bytes} [Wed Jul 15 00:15:56 2026] GET /resource_providers/0d5ef3e4-9e38-4c49-ab5a-a89f49458e37/aggregates => generated 235 bytes in 9 msecs (HTTP/1.1 404) 5 headers in 202 bytes (1 switches on core 0)
2026-07-15 00:15:56.594 8 INFO placement.requestlog [None req-189c801e-1ba7-4a89-aeb4-b1be1b4680f8 41151ece84b04f909b170e5647539de6 25f6b317eb614da9a99702dd52d6dec8 - - da59d45ba8d349ffb3262369f57b92b8 da59d45ba8d349ffb3262369f57b92b8] 10.0.0.125 "DELETE /resource_providers/0d5ef3e4-9e38-4c49-ab5a-a89f49458e37" status: 404 len: 246 microversion: 1.1 [pid: 8|app: 0|req: 426/860] 10.0.0.125 () {34 vars in 815 bytes} [Wed Jul 15 00:15:56 2026] DELETE /resource_providers/0d5ef3e4-9e38-4c49-ab5a-a89f49458e37 => generated 246 bytes in 10 msecs (HTTP/1.1 404) 6 headers in 231 bytes (1 switches on core 0)
2026-07-15 00:15:56.598 7 INFO placement.requestlog [None req-b3dcaad0-ad19-4cd6-9a0a-292b1172b893 41151ece84b04f909b170e5647539de6 25f6b317eb614da9a99702dd52d6dec8 - - da59d45ba8d349ffb3262369f57b92b8 da59d45ba8d349ffb3262369f57b92b8] 10.0.0.125 "DELETE /resource_providers/0d5ef3e4-9e38-4c49-ab5a-a89f49458e37" status: 404 len: 246 microversion: 1.1 [pid: 7|app: 0|req: 435/861] 10.0.0.125 () {34 vars in 815 bytes} [Wed Jul 15 00:15:56 2026] DELETE /resource_providers/0d5ef3e4-9e38-4c49-ab5a-a89f49458e37 => generated 246 bytes in 14 msecs (HTTP/1.1 404) 6 headers in 231 bytes (1 switches on core 0)
2026-07-15 00:15:58.608 8 INFO placement.requestlog [None req-ceef684b-6104-408f-abb6-a62961db21d5 41151ece84b04f909b170e5647539de6 25f6b317eb614da9a99702dd52d6dec8 - - da59d45ba8d349ffb3262369f57b92b8 da59d45ba8d349ffb3262369f57b92b8] 10.0.0.125 "GET /resource_providers/48aea688-3c9e-4de1-84b4-627879b64735/aggregates" status: 404 len: 235 microversion: 1.1 [pid: 8|app: 0|req: 427/862] 10.0.0.125 () {32 vars in 815 bytes} [Wed Jul 15 00:15:58 2026] GET /resource_providers/48aea688-3c9e-4de1-84b4-627879b64735/aggregates => generated 235 bytes in 8 msecs (HTTP/1.1 404) 5 headers in 202 bytes (1 switches on core 0)
2026-07-15 00:15:58.619 7 INFO placement.requestlog [None req-38cc5be6-04cd-4efe-9c5b-a8838f77ea86 41151ece84b04f909b170e5647539de6 25f6b317eb614da9a99702dd52d6dec8 - - da59d45ba8d349ffb3262369f57b92b8 da59d45ba8d349ffb3262369f57b92b8] 10.0.0.125 "GET /resource_providers/48aea688-3c9e-4de1-84b4-627879b64735/aggregates" status: 404 len: 235 microversion: 1.1 [pid: 7|app: 0|req: 436/863] 10.0.0.125 () {32 vars in 815 bytes} [Wed Jul 15 00:15:58 2026] GET /resource_providers/48aea688-3c9e-4de1-84b4-627879b64735/aggregates => generated 235 bytes in 16 msecs (HTTP/1.1 404) 5 headers in 202 bytes (1 switches on core 0)
2026-07-15 00:15:58.621 8 INFO placement.requestlog [None req-9c295597-7401-4b79-8421-23b0ea048fc0 41151ece84b04f909b170e5647539de6 25f6b317eb614da9a99702dd52d6dec8 - - da59d45ba8d349ffb3262369f57b92b8 da59d45ba8d349ffb3262369f57b92b8] 10.0.0.125 "DELETE /resource_providers/48aea688-3c9e-4de1-84b4-627879b64735" status: 404 len: 246 microversion: 1.1 [pid: 8|app: 0|req: 428/864] 10.0.0.125 () {34 vars in 815 bytes} [Wed Jul 15 00:15:58 2026] DELETE /resource_providers/48aea688-3c9e-4de1-84b4-627879b64735 => generated 246 bytes in 8 msecs (HTTP/1.1 404) 6 headers in 231 bytes (1 switches on core 0)
2026-07-15 00:15:58.631 7 INFO placement.requestlog [None req-a691b23e-02ab-4da9-abc8-f79faa9bf935 41151ece84b04f909b170e5647539de6 25f6b317eb614da9a99702dd52d6dec8 - - da59d45ba8d349ffb3262369f57b92b8 da59d45ba8d349ffb3262369f57b92b8] 10.0.0.125 "DELETE /resource_providers/48aea688-3c9e-4de1-84b4-627879b64735" status: 404 len: 246 microversion: 1.1 [pid: 7|app: 0|req: 437/865] 10.0.0.125 () {34 vars in 815 bytes} [Wed Jul 15 00:15:58 2026] DELETE /resource_providers/48aea688-3c9e-4de1-84b4-627879b64735 => generated 246 bytes in 9 msecs (HTTP/1.1 404) 6 headers in 231 bytes (1 switches on core 0)
2026-07-15 00:15:58.635 8 INFO placement.requestlog [None req-9b7df1bd-193d-42a0-9c4e-61fc953bf61a 41151ece84b04f909b170e5647539de6 25f6b317eb614da9a99702dd52d6dec8 - - da59d45ba8d349ffb3262369f57b92b8 da59d45ba8d349ffb3262369f57b92b8] 10.0.0.125 "GET /resource_providers/9c61c4c3-1e77-4dcd-9bdb-c1ee709f4594/aggregates" status: 404 len: 235 microversion: 1.1 [pid: 8|app: 0|req: 429/866] 10.0.0.125 () {32 vars in 815 bytes} [Wed Jul 15 00:15:58 2026] GET /resource_providers/9c61c4c3-1e77-4dcd-9bdb-c1ee709f4594/aggregates => generated 235 bytes in 9 msecs (HTTP/1.1 404) 5 headers in 202 bytes (1 switches on core 0)
2026-07-15 00:15:58.643 7 INFO placement.requestlog [None req-075243d8-7662-4ffe-aeee-b3f156220831 41151ece84b04f909b170e5647539de6 25f6b317eb614da9a99702dd52d6dec8 - - da59d45ba8d349ffb3262369f57b92b8 da59d45ba8d349ffb3262369f57b92b8] 10.0.0.125 "GET /resource_providers/9c61c4c3-1e77-4dcd-9bdb-c1ee709f4594/aggregates" status: 404 len: 235 microversion: 1.1 [pid: 7|app: 0|req: 438/867] 10.0.0.125 () {32 vars in 815 bytes} [Wed Jul 15 00:15:58 2026] GET /resource_providers/9c61c4c3-1e77-4dcd-9bdb-c1ee709f4594/aggregates => generated 235 bytes in 9 msecs (HTTP/1.1 404) 5 headers in 202 bytes (1 switches on core 0)
2026-07-15 00:15:58.645 8 INFO placement.requestlog [None req-60ce1bbd-b7f0-474e-8efb-24c27cda7628 41151ece84b04f909b170e5647539de6 25f6b317eb614da9a99702dd52d6dec8 - - da59d45ba8d349ffb3262369f57b92b8 da59d45ba8d349ffb3262369f57b92b8] 10.0.0.125 "DELETE /resource_providers/9c61c4c3-1e77-4dcd-9bdb-c1ee709f4594" status: 404 len: 246 microversion: 1.1 [pid: 8|app: 0|req: 430/868] 10.0.0.125 () {34 vars in 815 bytes} [Wed Jul 15 00:15:58 2026] DELETE /resource_providers/9c61c4c3-1e77-4dcd-9bdb-c1ee709f4594 => generated 246 bytes in 7 msecs (HTTP/1.1 404) 6 headers in 231 bytes (1 switches on core 0)
2026-07-15 00:15:58.662 7 INFO placement.requestlog [None req-0aa8cd01-abef-40ce-89c7-ad67284aadbe 41151ece84b04f909b170e5647539de6 25f6b317eb614da9a99702dd52d6dec8 - - da59d45ba8d349ffb3262369f57b92b8 da59d45ba8d349ffb3262369f57b92b8] 10.0.0.125 "DELETE /resource_providers/9c61c4c3-1e77-4dcd-9bdb-c1ee709f4594" status: 404 len: 246 microversion: 1.1 [pid: 7|app: 0|req: 439/869] 10.0.0.125 () {34 vars in 815 bytes} [Wed Jul 15 00:15:58 2026] DELETE /resource_providers/9c61c4c3-1e77-4dcd-9bdb-c1ee709f4594 => generated 246 bytes in 16 msecs (HTTP/1.1 404) 6 headers in 231 bytes (1 switches on core 0)
2026-07-15 00:15:58.962 7 INFO placement.requestlog [None req-28756972-b743-4a4a-a7bb-9de1a5f4fcaa 41151ece84b04f909b170e5647539de6 25f6b317eb614da9a99702dd52d6dec8 - - da59d45ba8d349ffb3262369f57b92b8 da59d45ba8d349ffb3262369f57b92b8] 10.0.0.125 "GET /resource_providers/6173f597-a73b-434f-a2f6-b30d102828ec/aggregates" status: 404 len: 235 microversion: 1.1 [pid: 7|app: 0|req: 440/870] 10.0.0.125 () {32 vars in 815 bytes} [Wed Jul 15 00:15:58 2026] GET /resource_providers/6173f597-a73b-434f-a2f6-b30d102828ec/aggregates => generated 235 bytes in 33 msecs (HTTP/1.1 404) 5 headers in 202 bytes (1 switches on core 0)
2026-07-15 00:15:58.974 7 INFO placement.requestlog [None req-90ef35a9-7ec8-4b38-8902-5087d8033eb8 41151ece84b04f909b170e5647539de6 25f6b317eb614da9a99702dd52d6dec8 - - da59d45ba8d349ffb3262369f57b92b8 da59d45ba8d349ffb3262369f57b92b8] 10.0.0.125 "GET /resource_providers/6173f597-a73b-434f-a2f6-b30d102828ec/aggregates" status: 404 len: 235 microversion: 1.1 [pid: 7|app: 0|req: 441/871] 10.0.0.125 () {32 vars in 815 bytes} [Wed Jul 15 00:15:58 2026] GET /resource_providers/6173f597-a73b-434f-a2f6-b30d102828ec/aggregates => generated 235 bytes in 11 msecs (HTTP/1.1 404) 5 headers in 202 bytes (1 switches on core 0)
2026-07-15 00:15:58.980 7 INFO placement.requestlog [None req-f64c1676-e069-4fce-af27-133a5a0404fd 41151ece84b04f909b170e5647539de6 25f6b317eb614da9a99702dd52d6dec8 - - da59d45ba8d349ffb3262369f57b92b8 da59d45ba8d349ffb3262369f57b92b8] 10.0.0.125 "DELETE /resource_providers/6173f597-a73b-434f-a2f6-b30d102828ec" status: 404 len: 246 microversion: 1.1 [pid: 7|app: 0|req: 442/872] 10.0.0.125 () {34 vars in 815 bytes} [Wed Jul 15 00:15:58 2026] DELETE /resource_providers/6173f597-a73b-434f-a2f6-b30d102828ec => generated 246 bytes in 5 msecs (HTTP/1.1 404) 6 headers in 231 bytes (1 switches on core 0)
2026-07-15 00:15:58.985 7 INFO placement.requestlog [None req-a84f5673-67a2-49c8-ab40-301790976c34 41151ece84b04f909b170e5647539de6 25f6b317eb614da9a99702dd52d6dec8 - - da59d45ba8d349ffb3262369f57b92b8 da59d45ba8d349ffb3262369f57b92b8] 10.0.0.125 "DELETE /resource_providers/6173f597-a73b-434f-a2f6-b30d102828ec" status: 404 len: 246 microversion: 1.1 [pid: 7|app: 0|req: 443/873] 10.0.0.125 () {34 vars in 815 bytes} [Wed Jul 15 00:15:58 2026] DELETE /resource_providers/6173f597-a73b-434f-a2f6-b30d102828ec => generated 246 bytes in 5 msecs (HTTP/1.1 404) 6 headers in 231 bytes (1 switches on core 0)
2026-07-15 00:15:58.989 8 INFO placement.requestlog [req-8d1ab508-cec7-4662-9a33-94ec67dd61df req-491f4b55-066f-4614-a831-44ba43fc5a43 af55c1988314460c97f611332918b855 25f6b317eb614da9a99702dd52d6dec8 - - da59d45ba8d349ffb3262369f57b92b8 da59d45ba8d349ffb3262369f57b92b8] 10.0.0.148 "GET /allocation_candidates?limit=1000&resources=DISK_GB%3A1%2CMEMORY_MB%3A512%2CVCPU%3A1&root_required=%21COMPUTE_STATUS_DISABLED" status: 200 len: 2386 microversion: 1.36 [pid: 8|app: 0|req: 431/874] 10.0.0.148 () {34 vars in 1011 bytes} [Wed Jul 15 00:15:58 2026] GET /allocation_candidates?limit=1000&resources=DISK_GB%3A1%2CMEMORY_MB%3A512%2CVCPU%3A1&root_required=%21COMPUTE_STATUS_DISABLED => generated 2386 bytes in 68 msecs (HTTP/1.1 200) 8 headers in 297 bytes (1 switches on core 0)
2026-07-15 00:15:59.016 7 INFO placement.requestlog [req-8d1ab508-cec7-4662-9a33-94ec67dd61df req-c26ddb2b-229d-4dd9-b6c6-7c6608903e42 af55c1988314460c97f611332918b855 25f6b317eb614da9a99702dd52d6dec8 - - da59d45ba8d349ffb3262369f57b92b8 da59d45ba8d349ffb3262369f57b92b8] 10.0.0.148 "GET /allocations/38495943-e4f7-469b-96d1-a3c3607022ed" status: 200 len: 19 microversion: 1.28 [pid: 7|app: 0|req: 444/875] 10.0.0.148 () {34 vars in 860 bytes} [Wed Jul 15 00:15:59 2026] GET /allocations/38495943-e4f7-469b-96d1-a3c3607022ed => generated 19 bytes in 11 msecs (HTTP/1.1 200) 8 headers in 295 bytes (1 switches on core 0)
2026-07-15 00:15:59.088 8 INFO placement.requestlog [req-8d1ab508-cec7-4662-9a33-94ec67dd61df req-3e6378f1-297f-459f-a1fa-2d8584bec367 af55c1988314460c97f611332918b855 25f6b317eb614da9a99702dd52d6dec8 - - da59d45ba8d349ffb3262369f57b92b8 da59d45ba8d349ffb3262369f57b92b8] 10.0.0.148 "PUT /allocations/38495943-e4f7-469b-96d1-a3c3607022ed" status: 204 len: 0 microversion: 1.36 [pid: 8|app: 0|req: 432/876] 10.0.0.148 () {38 vars in 913 bytes} [Wed Jul 15 00:15:59 2026] PUT /allocations/38495943-e4f7-469b-96d1-a3c3607022ed => generated 0 bytes in 67 msecs (HTTP/1.1 204) 5 headers in 199 bytes (1 switches on core 0)
2026-07-15 00:16:00.579 7 INFO placement.requestlog [req-8d1ab508-cec7-4662-9a33-94ec67dd61df req-b9a0e0e9-8cdf-411a-9093-b02b0aa046a5 af55c1988314460c97f611332918b855 25f6b317eb614da9a99702dd52d6dec8 - - da59d45ba8d349ffb3262369f57b92b8 da59d45ba8d349ffb3262369f57b92b8] 199.19.213.181 "GET /allocations/38495943-e4f7-469b-96d1-a3c3607022ed" status: 200 len: 258 microversion: 1.28 [pid: 7|app: 0|req: 445/877] 199.19.213.181 () {34 vars in 862 bytes} [Wed Jul 15 00:16:00 2026] GET /allocations/38495943-e4f7-469b-96d1-a3c3607022ed => generated 258 bytes in 11 msecs (HTTP/1.1 200) 8 headers in 296 bytes (1 switches on core 0)
2026-07-15 00:16:01.001 7 INFO placement.requestlog [None req-796824ae-55e6-4679-accc-dc691a11402d 41151ece84b04f909b170e5647539de6 25f6b317eb614da9a99702dd52d6dec8 - - da59d45ba8d349ffb3262369f57b92b8 da59d45ba8d349ffb3262369f57b92b8] 10.0.0.125 "GET /resource_providers/a5560a35-f7cf-4c3e-b912-db3cf96bf772/aggregates" status: 404 len: 235 microversion: 1.1 [pid: 7|app: 0|req: 446/878] 10.0.0.125 () {32 vars in 815 bytes} [Wed Jul 15 00:16:00 2026] GET /resource_providers/a5560a35-f7cf-4c3e-b912-db3cf96bf772/aggregates => generated 235 bytes in 11 msecs (HTTP/1.1 404) 5 headers in 202 bytes (1 switches on core 0)
2026-07-15 00:16:01.002 8 INFO placement.requestlog [None req-293ff908-9198-4c31-a99c-d04606d2e485 41151ece84b04f909b170e5647539de6 25f6b317eb614da9a99702dd52d6dec8 - - da59d45ba8d349ffb3262369f57b92b8 da59d45ba8d349ffb3262369f57b92b8] 10.0.0.125 "GET /resource_providers/a5560a35-f7cf-4c3e-b912-db3cf96bf772/aggregates" status: 404 len: 235 microversion: 1.1 [pid: 8|app: 0|req: 433/879] 10.0.0.125 () {32 vars in 815 bytes} [Wed Jul 15 00:16:00 2026] GET /resource_providers/a5560a35-f7cf-4c3e-b912-db3cf96bf772/aggregates => generated 235 bytes in 16 msecs (HTTP/1.1 404) 5 headers in 202 bytes (1 switches on core 0)
2026-07-15 00:16:01.013 7 INFO placement.requestlog [None req-6454e938-769b-4bac-b865-bb8ad9abb2de 41151ece84b04f909b170e5647539de6 25f6b317eb614da9a99702dd52d6dec8 - - da59d45ba8d349ffb3262369f57b92b8 da59d45ba8d349ffb3262369f57b92b8] 10.0.0.125 "DELETE /resource_providers/a5560a35-f7cf-4c3e-b912-db3cf96bf772" status: 404 len: 246 microversion: 1.1 [pid: 7|app: 0|req: 447/880] 10.0.0.125 () {34 vars in 815 bytes} [Wed Jul 15 00:16:01 2026] DELETE /resource_providers/a5560a35-f7cf-4c3e-b912-db3cf96bf772 => generated 246 bytes in 7 msecs (HTTP/1.1 404) 6 headers in 231 bytes (1 switches on core 0)
2026-07-15 00:16:01.019 8 INFO placement.requestlog [None req-aed5b29b-9539-480c-9388-8c47800439d5 41151ece84b04f909b170e5647539de6 25f6b317eb614da9a99702dd52d6dec8 - - da59d45ba8d349ffb3262369f57b92b8 da59d45ba8d349ffb3262369f57b92b8] 10.0.0.125 "DELETE /resource_providers/a5560a35-f7cf-4c3e-b912-db3cf96bf772" status: 404 len: 246 microversion: 1.1 [pid: 8|app: 0|req: 434/881] 10.0.0.125 () {34 vars in 815 bytes} [Wed Jul 15 00:16:01 2026] DELETE /resource_providers/a5560a35-f7cf-4c3e-b912-db3cf96bf772 => generated 246 bytes in 9 msecs (HTTP/1.1 404) 6 headers in 231 bytes (1 switches on core 0)
2026-07-15 00:16:01.032 8 INFO placement.requestlog [None req-32a8a747-1dcc-4941-9ef4-92be3b9fba67 41151ece84b04f909b170e5647539de6 25f6b317eb614da9a99702dd52d6dec8 - - da59d45ba8d349ffb3262369f57b92b8 da59d45ba8d349ffb3262369f57b92b8] 10.0.0.125 "GET /resource_providers/ee6bab99-7cd2-48d6-a387-4cb741b71de8/aggregates" status: 404 len: 235 microversion: 1.1
2026-07-15 00:16:01.032 7 INFO placement.requestlog [None req-108ab8bf-2c32-4c1d-abe2-90fc830fa279 41151ece84b04f909b170e5647539de6 25f6b317eb614da9a99702dd52d6dec8 - - da59d45ba8d349ffb3262369f57b92b8 da59d45ba8d349ffb3262369f57b92b8] 10.0.0.125 "GET /resource_providers/ee6bab99-7cd2-48d6-a387-4cb741b71de8/aggregates" status: 404 len: 235 microversion: 1.1 [pid: 8|app: 0|req: 435/882] 10.0.0.125 () {32 vars in 815 bytes} [Wed Jul 15 00:16:01 2026] GET /resource_providers/ee6bab99-7cd2-48d6-a387-4cb741b71de8/aggregates => generated 235 bytes in 7 msecs (HTTP/1.1 404) 5 headers in 202 bytes (1 switches on core 0) [pid: 7|app: 0|req: 448/883] 10.0.0.125 () {32 vars in 815 bytes} [Wed Jul 15 00:16:01 2026] GET /resource_providers/ee6bab99-7cd2-48d6-a387-4cb741b71de8/aggregates => generated 235 bytes in 10 msecs (HTTP/1.1 404) 5 headers in 202 bytes (1 switches on core 0)
2026-07-15 00:16:01.049 8 INFO placement.requestlog [None req-04ed5e8e-7b9f-41f5-87b6-f552e3a3ae68 41151ece84b04f909b170e5647539de6 25f6b317eb614da9a99702dd52d6dec8 - - da59d45ba8d349ffb3262369f57b92b8 da59d45ba8d349ffb3262369f57b92b8] 10.0.0.125 "DELETE /resource_providers/ee6bab99-7cd2-48d6-a387-4cb741b71de8" status: 404 len: 246 microversion: 1.1 [pid: 8|app: 0|req: 436/884] 10.0.0.125 () {34 vars in 815 bytes} [Wed Jul 15 00:16:01 2026] DELETE /resource_providers/ee6bab99-7cd2-48d6-a387-4cb741b71de8 => generated 246 bytes in 9 msecs (HTTP/1.1 404) 6 headers in 231 bytes (1 switches on core 0)
2026-07-15 00:16:01.053 7 INFO placement.requestlog [None req-0a7eb275-8a74-4983-986b-4ec126d31ccd 41151ece84b04f909b170e5647539de6 25f6b317eb614da9a99702dd52d6dec8 - - da59d45ba8d349ffb3262369f57b92b8 da59d45ba8d349ffb3262369f57b92b8] 10.0.0.125 "DELETE /resource_providers/ee6bab99-7cd2-48d6-a387-4cb741b71de8" status: 404 len: 246 microversion: 1.1 [pid: 7|app: 0|req: 449/885] 10.0.0.125 () {34 vars in 815 bytes} [Wed Jul 15 00:16:01 2026] DELETE /resource_providers/ee6bab99-7cd2-48d6-a387-4cb741b71de8 => generated 246 bytes in 12 msecs (HTTP/1.1 404) 6 headers in 231 bytes (1 switches on core 0)
2026-07-15 00:16:01.061 8 INFO placement.requestlog [None req-3a1e41ae-cdd5-43e9-9477-75424eb7f2ee 41151ece84b04f909b170e5647539de6 25f6b317eb614da9a99702dd52d6dec8 - - da59d45ba8d349ffb3262369f57b92b8 da59d45ba8d349ffb3262369f57b92b8] 10.0.0.125 "GET /resource_providers/0a007fe2-883e-42af-81d2-20cc5970bb9f/aggregates" status: 404 len: 235 microversion: 1.1 [pid: 8|app: 0|req: 437/886] 10.0.0.125 () {32 vars in 815 bytes} [Wed Jul 15 00:16:01 2026] GET /resource_providers/0a007fe2-883e-42af-81d2-20cc5970bb9f/aggregates => generated 235 bytes in 8 msecs (HTTP/1.1 404) 5 headers in 202 bytes (1 switches on core 0)
2026-07-15 00:16:01.066 7 INFO placement.requestlog [None req-0a9a28a6-6ecf-4195-8e2e-21926044d52a 41151ece84b04f909b170e5647539de6 25f6b317eb614da9a99702dd52d6dec8 - - da59d45ba8d349ffb3262369f57b92b8 da59d45ba8d349ffb3262369f57b92b8] 10.0.0.125 "GET /resource_providers/0a007fe2-883e-42af-81d2-20cc5970bb9f/aggregates" status: 404 len: 235 microversion: 1.1 [pid: 7|app: 0|req: 450/887] 10.0.0.125 () {32 vars in 815 bytes} [Wed Jul 15 00:16:01 2026] GET /resource_providers/0a007fe2-883e-42af-81d2-20cc5970bb9f/aggregates => generated 235 bytes in 9 msecs (HTTP/1.1 404) 5 headers in 202 bytes (1 switches on core 0)
2026-07-15 00:16:01.076 8 INFO placement.requestlog [None req-86efc36e-b9bb-4d59-835b-9d82de660694 41151ece84b04f909b170e5647539de6 25f6b317eb614da9a99702dd52d6dec8 - - da59d45ba8d349ffb3262369f57b92b8 da59d45ba8d349ffb3262369f57b92b8] 10.0.0.125 "DELETE /resource_providers/0a007fe2-883e-42af-81d2-20cc5970bb9f" status: 404 len: 246 microversion: 1.1 [pid: 8|app: 0|req: 438/888] 10.0.0.125 () {34 vars in 815 bytes} [Wed Jul 15 00:16:01 2026] DELETE /resource_providers/0a007fe2-883e-42af-81d2-20cc5970bb9f => generated 246 bytes in 10 msecs (HTTP/1.1 404) 6 headers in 231 bytes (1 switches on core 0)
2026-07-15 00:16:01.081 7 INFO placement.requestlog [None req-24d17a1a-0b7f-4d71-99d8-004db1f43ada 41151ece84b04f909b170e5647539de6 25f6b317eb614da9a99702dd52d6dec8 - - da59d45ba8d349ffb3262369f57b92b8 da59d45ba8d349ffb3262369f57b92b8] 10.0.0.125 "DELETE /resource_providers/0a007fe2-883e-42af-81d2-20cc5970bb9f" status: 404 len: 246 microversion: 1.1 [pid: 7|app: 0|req: 451/889] 10.0.0.125 () {34 vars in 815 bytes} [Wed Jul 15 00:16:01 2026] DELETE /resource_providers/0a007fe2-883e-42af-81d2-20cc5970bb9f => generated 246 bytes in 11 msecs (HTTP/1.1 404) 6 headers in 231 bytes (1 switches on core 0)
2026-07-15 00:16:01.759 8 INFO placement.requestlog [req-8d1ab508-cec7-4662-9a33-94ec67dd61df req-21617718-e5f3-4afa-856f-b227fb8d2d86 af55c1988314460c97f611332918b855 25f6b317eb614da9a99702dd52d6dec8 - - da59d45ba8d349ffb3262369f57b92b8 da59d45ba8d349ffb3262369f57b92b8] 199.19.213.181 "GET /resource_providers/48a188e2-5f7b-4e7a-ae12-1d96658adec6/allocations" status: 200 len: 253 microversion: 1.0 [pid: 8|app: 0|req: 439/890] 199.19.213.181 () {32 vars in 856 bytes} [Wed Jul 15 00:16:01 2026] GET /resource_providers/48a188e2-5f7b-4e7a-ae12-1d96658adec6/allocations => generated 253 bytes in 27 msecs (HTTP/1.1 200) 6 headers in 224 bytes (1 switches on core 0)
2026-07-15 00:16:01.789 7 INFO placement.requestlog [req-8d1ab508-cec7-4662-9a33-94ec67dd61df req-0fcba4c2-f5c7-439a-bb44-5a3de38ab12e af55c1988314460c97f611332918b855 25f6b317eb614da9a99702dd52d6dec8 - - da59d45ba8d349ffb3262369f57b92b8 da59d45ba8d349ffb3262369f57b92b8] 199.19.213.181 "GET /allocations/38495943-e4f7-469b-96d1-a3c3607022ed" status: 200 len: 258 microversion: 1.28 [pid: 7|app: 0|req: 452/891] 199.19.213.181 () {34 vars in 862 bytes} [Wed Jul 15 00:16:01 2026] GET /allocations/38495943-e4f7-469b-96d1-a3c3607022ed => generated 258 bytes in 27 msecs (HTTP/1.1 200) 8 headers in 296 bytes (1 switches on core 0)
2026-07-15 00:16:01.814 8 INFO placement.requestlog [req-8d1ab508-cec7-4662-9a33-94ec67dd61df req-3a60031f-d8f3-4239-9b61-80d97ad614cf af55c1988314460c97f611332918b855 25f6b317eb614da9a99702dd52d6dec8 - - da59d45ba8d349ffb3262369f57b92b8 da59d45ba8d349ffb3262369f57b92b8] 199.19.213.181 "GET /allocations/b8998e5f-20e8-43ed-8f71-e85da3471a99" status: 200 len: 258 microversion: 1.28 [pid: 8|app: 0|req: 440/892] 199.19.213.181 () {34 vars in 862 bytes} [Wed Jul 15 00:16:01 2026] GET /allocations/b8998e5f-20e8-43ed-8f71-e85da3471a99 => generated 258 bytes in 17 msecs (HTTP/1.1 200) 8 headers in 296 bytes (1 switches on core 0)
2026-07-15 00:16:01.851 7 INFO placement.requestlog [None req-50cb8b84-c692-4b4f-8a8f-1667b365d236 41151ece84b04f909b170e5647539de6 25f6b317eb614da9a99702dd52d6dec8 - - da59d45ba8d349ffb3262369f57b92b8 da59d45ba8d349ffb3262369f57b92b8] 10.0.0.125 "GET /resource_providers/8dd6ee00-aa84-40fe-88d8-7ccb38623f13/aggregates" status: 404 len: 235 microversion: 1.1 [pid: 7|app: 0|req: 453/893] 10.0.0.125 () {32 vars in 815 bytes} [Wed Jul 15 00:16:01 2026] GET /resource_providers/8dd6ee00-aa84-40fe-88d8-7ccb38623f13/aggregates => generated 235 bytes in 12 msecs (HTTP/1.1 404) 5 headers in 202 bytes (1 switches on core 0)
2026-07-15 00:16:01.855 8 INFO placement.requestlog [None req-b739e2e1-0b29-4bfd-893e-49fc81662a08 41151ece84b04f909b170e5647539de6 25f6b317eb614da9a99702dd52d6dec8 - - da59d45ba8d349ffb3262369f57b92b8 da59d45ba8d349ffb3262369f57b92b8] 10.0.0.125 "GET /resource_providers/8dd6ee00-aa84-40fe-88d8-7ccb38623f13/aggregates" status: 404 len: 235 microversion: 1.1 [pid: 8|app: 0|req: 441/894] 10.0.0.125 () {32 vars in 815 bytes} [Wed Jul 15 00:16:01 2026] GET /resource_providers/8dd6ee00-aa84-40fe-88d8-7ccb38623f13/aggregates => generated 235 bytes in 16 msecs (HTTP/1.1 404) 5 headers in 202 bytes (1 switches on core 0)
2026-07-15 00:16:01.863 7 INFO placement.requestlog [None req-63f5a97f-2691-4914-8279-e2e1098c9bd2 41151ece84b04f909b170e5647539de6 25f6b317eb614da9a99702dd52d6dec8 - - da59d45ba8d349ffb3262369f57b92b8 da59d45ba8d349ffb3262369f57b92b8] 10.0.0.125 "DELETE /resource_providers/8dd6ee00-aa84-40fe-88d8-7ccb38623f13" status: 404 len: 246 microversion: 1.1 [pid: 7|app: 0|req: 454/895] 10.0.0.125 () {34 vars in 815 bytes} [Wed Jul 15 00:16:01 2026] DELETE /resource_providers/8dd6ee00-aa84-40fe-88d8-7ccb38623f13 => generated 246 bytes in 8 msecs (HTTP/1.1 404) 6 headers in 231 bytes (1 switches on core 0)
2026-07-15 00:16:01.866 8 INFO placement.requestlog [None req-522d8222-d96d-4edf-8da8-19b101027cd1 41151ece84b04f909b170e5647539de6 25f6b317eb614da9a99702dd52d6dec8 - - da59d45ba8d349ffb3262369f57b92b8 da59d45ba8d349ffb3262369f57b92b8] 10.0.0.125 "DELETE /resource_providers/8dd6ee00-aa84-40fe-88d8-7ccb38623f13" status: 404 len: 246 microversion: 1.1 [pid: 8|app: 0|req: 442/896] 10.0.0.125 () {34 vars in 815 bytes} [Wed Jul 15 00:16:01 2026] DELETE /resource_providers/8dd6ee00-aa84-40fe-88d8-7ccb38623f13 => generated 246 bytes in 7 msecs (HTTP/1.1 404) 6 headers in 231 bytes (1 switches on core 0)
2026-07-15 00:16:03.206 7 INFO placement.requestlog [None req-5f9e8b9c-54d5-43b6-93b3-4a7f53e48ff9 - - - - - -] 10.0.0.139 "GET /" status: 200 len: 136 microversion: 1.0
2026-07-15 00:16:03.207 8 INFO placement.requestlog [None req-153849b3-4557-4cca-8e8a-61a3e1320e3f - - - - - -] 10.0.0.139 "GET /" status: 200 len: 136 microversion: 1.0
2026-07-15 00:16:04.011 8 INFO placement.requestlog [None req-5be7de37-1c3d-4970-a120-bd90713b08f1 41151ece84b04f909b170e5647539de6 25f6b317eb614da9a99702dd52d6dec8 - - da59d45ba8d349ffb3262369f57b92b8 da59d45ba8d349ffb3262369f57b92b8] 10.0.0.125 "GET /resource_providers/4092ac15-ba8f-4dde-9106-6ab5d54c253c/aggregates" status: 404 len: 235 microversion: 1.1 [pid: 8|app: 0|req: 444/899] 10.0.0.125 () {32 vars in 815 bytes} [Wed Jul 15 00:16:04 2026] GET /resource_providers/4092ac15-ba8f-4dde-9106-6ab5d54c253c/aggregates => generated 235 bytes in 9 msecs (HTTP/1.1 404) 5 headers in 202 bytes (1 switches on core 0)
2026-07-15 00:16:04.012 7 INFO placement.requestlog [None req-a7924a8c-6570-4350-8f1e-38f1d3501ec5 41151ece84b04f909b170e5647539de6 25f6b317eb614da9a99702dd52d6dec8 - - da59d45ba8d349ffb3262369f57b92b8 da59d45ba8d349ffb3262369f57b92b8] 10.0.0.125 "GET /resource_providers/4092ac15-ba8f-4dde-9106-6ab5d54c253c/aggregates" status: 404 len: 235 microversion: 1.1 [pid: 7|app: 0|req: 456/900] 10.0.0.125 () {32 vars in 815 bytes} [Wed Jul 15 00:16:04 2026] GET /resource_providers/4092ac15-ba8f-4dde-9106-6ab5d54c253c/aggregates => generated 235 bytes in 12 msecs (HTTP/1.1 404) 5 headers in 202 bytes (1 switches on core 0)
2026-07-15 00:16:04.021 8 INFO placement.requestlog [None req-cb83b7d9-ecef-4c39-a4ad-5f66f687f5e2 41151ece84b04f909b170e5647539de6 25f6b317eb614da9a99702dd52d6dec8 - - da59d45ba8d349ffb3262369f57b92b8 da59d45ba8d349ffb3262369f57b92b8] 10.0.0.125 "DELETE /resource_providers/4092ac15-ba8f-4dde-9106-6ab5d54c253c" status: 404 len: 246 microversion: 1.1 [pid: 8|app: 0|req: 445/901] 10.0.0.125 () {34 vars in 815 bytes} [Wed Jul 15 00:16:04 2026] DELETE /resource_providers/4092ac15-ba8f-4dde-9106-6ab5d54c253c => generated 246 bytes in 7 msecs (HTTP/1.1 404) 6 headers in 231 bytes (1 switches on core 0)
2026-07-15 00:16:04.031 7 INFO placement.requestlog [None req-30cf5ec3-e243-409a-9c04-414b689804bf 41151ece84b04f909b170e5647539de6 25f6b317eb614da9a99702dd52d6dec8 - - da59d45ba8d349ffb3262369f57b92b8 da59d45ba8d349ffb3262369f57b92b8] 10.0.0.125 "DELETE /resource_providers/4092ac15-ba8f-4dde-9106-6ab5d54c253c" status: 404 len: 246 microversion: 1.1 [pid: 7|app: 0|req: 457/902] 10.0.0.125 () {34 vars in 815 bytes} [Wed Jul 15 00:16:04 2026] DELETE /resource_providers/4092ac15-ba8f-4dde-9106-6ab5d54c253c => generated 246 bytes in 12 msecs (HTTP/1.1 404) 6 headers in 231 bytes (1 switches on core 0)
2026-07-15 00:16:06.051 7 INFO placement.requestlog [None req-69d9cb23-4441-4036-912e-da12f3b3c23a 41151ece84b04f909b170e5647539de6 25f6b317eb614da9a99702dd52d6dec8 - - da59d45ba8d349ffb3262369f57b92b8 da59d45ba8d349ffb3262369f57b92b8] 10.0.0.125 "GET /resource_providers/593cc324-1873-4cf9-b826-5fb1d5948706/aggregates" status: 404 len: 235 microversion: 1.1 [pid: 7|app: 0|req: 458/903] 10.0.0.125 () {32 vars in 815 bytes} [Wed Jul 15 00:16:06 2026] GET /resource_providers/593cc324-1873-4cf9-b826-5fb1d5948706/aggregates => generated 235 bytes in 13 msecs (HTTP/1.1 404) 5 headers in 202 bytes (1 switches on core 0)
2026-07-15 00:16:06.051 8 INFO placement.requestlog [None req-6cc0952b-c588-4422-b521-fab1b980a5dc 41151ece84b04f909b170e5647539de6 25f6b317eb614da9a99702dd52d6dec8 - - da59d45ba8d349ffb3262369f57b92b8 da59d45ba8d349ffb3262369f57b92b8] 10.0.0.125 "GET /resource_providers/593cc324-1873-4cf9-b826-5fb1d5948706/aggregates" status: 404 len: 235 microversion: 1.1 [pid: 8|app: 0|req: 446/904] 10.0.0.125 () {32 vars in 815 bytes} [Wed Jul 15 00:16:06 2026] GET /resource_providers/593cc324-1873-4cf9-b826-5fb1d5948706/aggregates => generated 235 bytes in 19 msecs (HTTP/1.1 404) 5 headers in 202 bytes (1 switches on core 0)
2026-07-15 00:16:06.065 7 INFO placement.requestlog [None req-a6266621-89fd-4efe-b5e0-573bacdbb764 41151ece84b04f909b170e5647539de6 25f6b317eb614da9a99702dd52d6dec8 - - da59d45ba8d349ffb3262369f57b92b8 da59d45ba8d349ffb3262369f57b92b8] 10.0.0.125 "DELETE /resource_providers/593cc324-1873-4cf9-b826-5fb1d5948706" status: 404 len: 246 microversion: 1.1 [pid: 7|app: 0|req: 459/905] 10.0.0.125 () {34 vars in 815 bytes} [Wed Jul 15 00:16:06 2026] DELETE /resource_providers/593cc324-1873-4cf9-b826-5fb1d5948706 => generated 246 bytes in 7 msecs (HTTP/1.1 404) 6 headers in 231 bytes (1 switches on core 0)
2026-07-15 00:16:06.069 8 INFO placement.requestlog [None req-7cb667fc-2995-4994-9ebc-3616cd0df1a3 41151ece84b04f909b170e5647539de6 25f6b317eb614da9a99702dd52d6dec8 - - da59d45ba8d349ffb3262369f57b92b8 da59d45ba8d349ffb3262369f57b92b8] 10.0.0.125 "DELETE /resource_providers/593cc324-1873-4cf9-b826-5fb1d5948706" status: 404 len: 246 microversion: 1.1 [pid: 8|app: 0|req: 447/906] 10.0.0.125 () {34 vars in 815 bytes} [Wed Jul 15 00:16:06 2026] DELETE /resource_providers/593cc324-1873-4cf9-b826-5fb1d5948706 => generated 246 bytes in 8 msecs (HTTP/1.1 404) 6 headers in 231 bytes (1 switches on core 0)
2026-07-15 00:16:06.602 7 INFO placement.requestlog [None req-d63c8085-6161-4155-86b6-6ca7022e2c63 41151ece84b04f909b170e5647539de6 25f6b317eb614da9a99702dd52d6dec8 - - da59d45ba8d349ffb3262369f57b92b8 da59d45ba8d349ffb3262369f57b92b8] 10.0.0.125 "GET /resource_providers/77b7ee61-3e1f-43e3-9bd0-c2939d3e9e3b/aggregates" status: 404 len: 235 microversion: 1.1 [pid: 7|app: 0|req: 460/907] 10.0.0.125 () {32 vars in 815 bytes} [Wed Jul 15 00:16:06 2026] GET /resource_providers/77b7ee61-3e1f-43e3-9bd0-c2939d3e9e3b/aggregates => generated 235 bytes in 12 msecs (HTTP/1.1 404) 5 headers in 202 bytes (1 switches on core 0)
2026-07-15 00:16:06.604 8 INFO placement.requestlog [None req-9bb1ab13-80e7-4239-a0ac-526fef1003aa 41151ece84b04f909b170e5647539de6 25f6b317eb614da9a99702dd52d6dec8 - - da59d45ba8d349ffb3262369f57b92b8 da59d45ba8d349ffb3262369f57b92b8] 10.0.0.125 "GET /resource_providers/77b7ee61-3e1f-43e3-9bd0-c2939d3e9e3b/aggregates" status: 404 len: 235 microversion: 1.1 [pid: 8|app: 0|req: 448/908] 10.0.0.125 () {32 vars in 815 bytes} [Wed Jul 15 00:16:06 2026] GET /resource_providers/77b7ee61-3e1f-43e3-9bd0-c2939d3e9e3b/aggregates => generated 235 bytes in 12 msecs (HTTP/1.1 404) 5 headers in 202 bytes (1 switches on core 0)
2026-07-15 00:16:06.619 8 INFO placement.requestlog [None req-e788e6b0-b73e-478a-a360-692f03c0212b 41151ece84b04f909b170e5647539de6 25f6b317eb614da9a99702dd52d6dec8 - - da59d45ba8d349ffb3262369f57b92b8 da59d45ba8d349ffb3262369f57b92b8] 10.0.0.125 "DELETE /resource_providers/77b7ee61-3e1f-43e3-9bd0-c2939d3e9e3b" status: 404 len: 246 microversion: 1.1 [pid: 8|app: 0|req: 449/909] 10.0.0.125 () {34 vars in 815 bytes} [Wed Jul 15 00:16:06 2026] DELETE /resource_providers/77b7ee61-3e1f-43e3-9bd0-c2939d3e9e3b => generated 246 bytes in 7 msecs (HTTP/1.1 404) 6 headers in 231 bytes (1 switches on core 0)
2026-07-15 00:16:06.620 7 INFO placement.requestlog [None req-ef798020-0e85-4c72-9ccf-a12081278935 41151ece84b04f909b170e5647539de6 25f6b317eb614da9a99702dd52d6dec8 - - da59d45ba8d349ffb3262369f57b92b8 da59d45ba8d349ffb3262369f57b92b8] 10.0.0.125 "DELETE /resource_providers/77b7ee61-3e1f-43e3-9bd0-c2939d3e9e3b" status: 404 len: 246 microversion: 1.1 [pid: 7|app: 0|req: 461/910] 10.0.0.125 () {34 vars in 815 bytes} [Wed Jul 15 00:16:06 2026] DELETE /resource_providers/77b7ee61-3e1f-43e3-9bd0-c2939d3e9e3b => generated 246 bytes in 13 msecs (HTTP/1.1 404) 6 headers in 231 bytes (1 switches on core 0)
2026-07-15 00:16:06.962 8 INFO placement.requestlog [req-949cab3d-5d2b-4cea-bb80-483d1f7835b6 req-519f7dd8-55d6-45db-92ad-a62e3f6ff88f af55c1988314460c97f611332918b855 25f6b317eb614da9a99702dd52d6dec8 - - da59d45ba8d349ffb3262369f57b92b8 da59d45ba8d349ffb3262369f57b92b8] 10.0.0.148 "GET /allocation_candidates?limit=1000&resources=DISK_GB%3A1%2CMEMORY_MB%3A512%2CVCPU%3A1&root_required=%21COMPUTE_STATUS_DISABLED" status: 200 len: 2387 microversion: 1.36 [pid: 8|app: 0|req: 450/911] 10.0.0.148 () {34 vars in 1011 bytes} [Wed Jul 15 00:16:06 2026] GET /allocation_candidates?limit=1000&resources=DISK_GB%3A1%2CMEMORY_MB%3A512%2CVCPU%3A1&root_required=%21COMPUTE_STATUS_DISABLED => generated 2387 bytes in 35 msecs (HTTP/1.1 200) 8 headers in 297 bytes (1 switches on core 0)
2026-07-15 00:16:07.002 7 INFO placement.requestlog [req-949cab3d-5d2b-4cea-bb80-483d1f7835b6 req-fb72db82-5231-4609-82cd-0879b6d4fe07 af55c1988314460c97f611332918b855 25f6b317eb614da9a99702dd52d6dec8 - - da59d45ba8d349ffb3262369f57b92b8 da59d45ba8d349ffb3262369f57b92b8] 10.0.0.148 "GET /allocations/c62ff2bd-602a-4dd4-959a-62b7b83cecb6" status: 200 len: 19 microversion: 1.28 [pid: 7|app: 0|req: 462/912] 10.0.0.148 () {34 vars in 860 bytes} [Wed Jul 15 00:16:06 2026] GET /allocations/c62ff2bd-602a-4dd4-959a-62b7b83cecb6 => generated 19 bytes in 18 msecs (HTTP/1.1 200) 8 headers in 295 bytes (1 switches on core 0)
2026-07-15 00:16:07.050 8 INFO placement.requestlog [req-949cab3d-5d2b-4cea-bb80-483d1f7835b6 req-bc02e977-5b2a-4409-b563-376568784635 af55c1988314460c97f611332918b855 25f6b317eb614da9a99702dd52d6dec8 - - da59d45ba8d349ffb3262369f57b92b8 da59d45ba8d349ffb3262369f57b92b8] 10.0.0.148 "PUT /allocations/c62ff2bd-602a-4dd4-959a-62b7b83cecb6" status: 204 len: 0 microversion: 1.36 [pid: 8|app: 0|req: 451/913] 10.0.0.148 () {38 vars in 913 bytes} [Wed Jul 15 00:16:07 2026] PUT /allocations/c62ff2bd-602a-4dd4-959a-62b7b83cecb6 => generated 0 bytes in 42 msecs (HTTP/1.1 204) 5 headers in 199 bytes (1 switches on core 0)
2026-07-15 00:16:08.084 7 INFO placement.requestlog [None req-bfd430a6-fef0-4e26-8865-9908d9809b19 41151ece84b04f909b170e5647539de6 25f6b317eb614da9a99702dd52d6dec8 - - da59d45ba8d349ffb3262369f57b92b8 da59d45ba8d349ffb3262369f57b92b8] 10.0.0.125 "GET /resource_providers/9d626262-148c-4a59-9c51-09d5f961105b/aggregates" status: 404 len: 235 microversion: 1.1 [pid: 7|app: 0|req: 463/914] 10.0.0.125 () {32 vars in 815 bytes} [Wed Jul 15 00:16:08 2026] GET /resource_providers/9d626262-148c-4a59-9c51-09d5f961105b/aggregates => generated 235 bytes in 14 msecs (HTTP/1.1 404) 5 headers in 202 bytes (1 switches on core 0)
2026-07-15 00:16:08.093 8 INFO placement.requestlog [None req-c2a14476-1748-4d9f-a40a-92c75b45b8fc 41151ece84b04f909b170e5647539de6 25f6b317eb614da9a99702dd52d6dec8 - - da59d45ba8d349ffb3262369f57b92b8 da59d45ba8d349ffb3262369f57b92b8] 10.0.0.125 "GET /resource_providers/9d626262-148c-4a59-9c51-09d5f961105b/aggregates" status: 404 len: 235 microversion: 1.1 [pid: 8|app: 0|req: 452/915] 10.0.0.125 () {32 vars in 815 bytes} [Wed Jul 15 00:16:08 2026] GET /resource_providers/9d626262-148c-4a59-9c51-09d5f961105b/aggregates => generated 235 bytes in 8 msecs (HTTP/1.1 404) 5 headers in 202 bytes (1 switches on core 0)
2026-07-15 00:16:08.101 7 INFO placement.requestlog [None req-542abc34-294b-4e44-8502-3786620a4f1c 41151ece84b04f909b170e5647539de6 25f6b317eb614da9a99702dd52d6dec8 - - da59d45ba8d349ffb3262369f57b92b8 da59d45ba8d349ffb3262369f57b92b8] 10.0.0.125 "DELETE /resource_providers/9d626262-148c-4a59-9c51-09d5f961105b" status: 404 len: 246 microversion: 1.1 [pid: 7|app: 0|req: 464/916] 10.0.0.125 () {34 vars in 815 bytes} [Wed Jul 15 00:16:08 2026] DELETE /resource_providers/9d626262-148c-4a59-9c51-09d5f961105b => generated 246 bytes in 12 msecs (HTTP/1.1 404) 6 headers in 231 bytes (1 switches on core 0)
2026-07-15 00:16:08.105 8 INFO placement.requestlog [None req-38a34cdb-833c-4d87-a5e9-e38427d4f0ae 41151ece84b04f909b170e5647539de6 25f6b317eb614da9a99702dd52d6dec8 - - da59d45ba8d349ffb3262369f57b92b8 da59d45ba8d349ffb3262369f57b92b8] 10.0.0.125 "DELETE /resource_providers/9d626262-148c-4a59-9c51-09d5f961105b" status: 404 len: 246 microversion: 1.1 [pid: 8|app: 0|req: 453/917] 10.0.0.125 () {34 vars in 815 bytes} [Wed Jul 15 00:16:08 2026] DELETE /resource_providers/9d626262-148c-4a59-9c51-09d5f961105b => generated 246 bytes in 9 msecs (HTTP/1.1 404) 6 headers in 231 bytes (1 switches on core 0)
2026-07-15 00:16:08.608 7 INFO placement.requestlog [req-949cab3d-5d2b-4cea-bb80-483d1f7835b6 req-d965870c-2f1b-4be8-a9af-6779eaf7ab25 af55c1988314460c97f611332918b855 25f6b317eb614da9a99702dd52d6dec8 - - da59d45ba8d349ffb3262369f57b92b8 da59d45ba8d349ffb3262369f57b92b8] 199.19.213.181 "GET /allocations/c62ff2bd-602a-4dd4-959a-62b7b83cecb6" status: 200 len: 258 microversion: 1.28 [pid: 7|app: 0|req: 465/918] 199.19.213.181 () {34 vars in 862 bytes} [Wed Jul 15 00:16:08 2026] GET /allocations/c62ff2bd-602a-4dd4-959a-62b7b83cecb6 => generated 258 bytes in 14 msecs (HTTP/1.1 200) 8 headers in 296 bytes (1 switches on core 0)
2026-07-15 00:16:09.093 7 INFO placement.requestlog [None req-5cd913f1-5b8e-4c71-90b5-4c881669d59f 41151ece84b04f909b170e5647539de6 25f6b317eb614da9a99702dd52d6dec8 - - da59d45ba8d349ffb3262369f57b92b8 da59d45ba8d349ffb3262369f57b92b8] 10.0.0.125 "GET /resource_providers/4ab10f5f-3fae-40ea-aaeb-244036aeab2b/aggregates" status: 404 len: 235 microversion: 1.1 [pid: 7|app: 0|req: 466/919] 10.0.0.125 () {32 vars in 815 bytes} [Wed Jul 15 00:16:09 2026] GET /resource_providers/4ab10f5f-3fae-40ea-aaeb-244036aeab2b/aggregates => generated 235 bytes in 10 msecs (HTTP/1.1 404) 5 headers in 202 bytes (1 switches on core 0)
2026-07-15 00:16:09.095 8 INFO placement.requestlog [None req-e1a5c8dd-905f-4bd4-91ba-a7a53d3109ad 41151ece84b04f909b170e5647539de6 25f6b317eb614da9a99702dd52d6dec8 - - da59d45ba8d349ffb3262369f57b92b8 da59d45ba8d349ffb3262369f57b92b8] 10.0.0.125 "GET /resource_providers/4ab10f5f-3fae-40ea-aaeb-244036aeab2b/aggregates" status: 404 len: 235 microversion: 1.1 [pid: 8|app: 0|req: 454/920] 10.0.0.125 () {32 vars in 815 bytes} [Wed Jul 15 00:16:09 2026] GET /resource_providers/4ab10f5f-3fae-40ea-aaeb-244036aeab2b/aggregates => generated 235 bytes in 12 msecs (HTTP/1.1 404) 5 headers in 202 bytes (1 switches on core 0)
2026-07-15 00:16:09.112 7 INFO placement.requestlog [None req-17a1d541-0f22-4fa9-a415-8d063ab86d1d 41151ece84b04f909b170e5647539de6 25f6b317eb614da9a99702dd52d6dec8 - - da59d45ba8d349ffb3262369f57b92b8 da59d45ba8d349ffb3262369f57b92b8] 10.0.0.125 "DELETE /resource_providers/4ab10f5f-3fae-40ea-aaeb-244036aeab2b" status: 404 len: 246 microversion: 1.1 [pid: 7|app: 0|req: 467/921] 10.0.0.125 () {34 vars in 815 bytes} [Wed Jul 15 00:16:09 2026] DELETE /resource_providers/4ab10f5f-3fae-40ea-aaeb-244036aeab2b => generated 246 bytes in 11 msecs (HTTP/1.1 404) 6 headers in 231 bytes (1 switches on core 0)
2026-07-15 00:16:09.112 8 INFO placement.requestlog [None req-3535c492-1e6a-47f9-bccf-47571c29e1f2 41151ece84b04f909b170e5647539de6 25f6b317eb614da9a99702dd52d6dec8 - - da59d45ba8d349ffb3262369f57b92b8 da59d45ba8d349ffb3262369f57b92b8] 10.0.0.125 "DELETE /resource_providers/4ab10f5f-3fae-40ea-aaeb-244036aeab2b" status: 404 len: 246 microversion: 1.1 [pid: 8|app: 0|req: 455/922] 10.0.0.125 () {34 vars in 815 bytes} [Wed Jul 15 00:16:09 2026] DELETE /resource_providers/4ab10f5f-3fae-40ea-aaeb-244036aeab2b => generated 246 bytes in 8 msecs (HTTP/1.1 404) 6 headers in 231 bytes (1 switches on core 0)
2026-07-15 00:16:09.653 7 INFO placement.requestlog [req-949cab3d-5d2b-4cea-bb80-483d1f7835b6 req-fbf11ffa-2cbc-4440-8f39-583b37308c52 af55c1988314460c97f611332918b855 25f6b317eb614da9a99702dd52d6dec8 - - da59d45ba8d349ffb3262369f57b92b8 da59d45ba8d349ffb3262369f57b92b8] 199.19.213.181 "GET /resource_providers/48a188e2-5f7b-4e7a-ae12-1d96658adec6/allocations" status: 200 len: 353 microversion: 1.0 [pid: 7|app: 0|req: 468/923] 199.19.213.181 () {32 vars in 856 bytes} [Wed Jul 15 00:16:09 2026] GET /resource_providers/48a188e2-5f7b-4e7a-ae12-1d96658adec6/allocations => generated 353 bytes in 21 msecs (HTTP/1.1 200) 6 headers in 224 bytes (1 switches on core 0)
2026-07-15 00:16:09.670 8 INFO placement.requestlog [req-949cab3d-5d2b-4cea-bb80-483d1f7835b6 req-51c6d718-1519-41b6-bc84-f51e0c173ba1 af55c1988314460c97f611332918b855 25f6b317eb614da9a99702dd52d6dec8 - - da59d45ba8d349ffb3262369f57b92b8 da59d45ba8d349ffb3262369f57b92b8] 199.19.213.181 "GET /allocations/c62ff2bd-602a-4dd4-959a-62b7b83cecb6" status: 200 len: 258 microversion: 1.28 [pid: 8|app: 0|req: 456/924] 199.19.213.181 () {34 vars in 862 bytes} [Wed Jul 15 00:16:09 2026] GET /allocations/c62ff2bd-602a-4dd4-959a-62b7b83cecb6 => generated 258 bytes in 9 msecs (HTTP/1.1 200) 8 headers in 296 bytes (1 switches on core 0)
