Sep 23 15:42:50.585972 np0000193819 systemd[1]: Starting devstack@n-api-meta.service - Devstack devstack@n-api-meta.service...
Sep 23 15:42:50.597023 np0000193819 devstack@n-api-meta.service[107252]: [uWSGI] getting INI configuration from /etc/nova/nova-metadata-uwsgi.ini
Sep 23 15:42:50.601947 np0000193819 devstack@n-api-meta.service[107252]: *** Starting uWSGI 2.0.24-debian (64bit) on [Wed Sep 23 15:42:50 2026] ***
Sep 23 15:42:50.601947 np0000193819 devstack@n-api-meta.service[107252]: compiled with version: 13.2.0 on 17 April 2024 16:23:48
Sep 23 15:42:50.601947 np0000193819 devstack@n-api-meta.service[107252]: os: Linux-6.8.0-139-generic #139-Ubuntu SMP PREEMPT_DYNAMIC Sat Aug 1 03:52:05 UTC 2026
Sep 23 15:42:50.601947 np0000193819 devstack@n-api-meta.service[107252]: nodename: np0000193819
Sep 23 15:42:50.601947 np0000193819 devstack@n-api-meta.service[107252]: machine: x86_64
Sep 23 15:42:50.601947 np0000193819 devstack@n-api-meta.service[107252]: clock source: unix
Sep 23 15:42:50.601947 np0000193819 devstack@n-api-meta.service[107252]: pcre jit disabled
Sep 23 15:42:50.601947 np0000193819 devstack@n-api-meta.service[107252]: detected number of CPU cores: 16
Sep 23 15:42:50.601947 np0000193819 devstack@n-api-meta.service[107252]: current working directory: /
Sep 23 15:42:50.601947 np0000193819 devstack@n-api-meta.service[107252]: detected binary path: /usr/bin/uwsgi-core
Sep 23 15:42:50.601947 np0000193819 devstack@n-api-meta.service[107252]: your processes number limit is 256916
Sep 23 15:42:50.602536 np0000193819 devstack@n-api-meta.service[107252]: your memory page size is 4096 bytes
Sep 23 15:42:50.602536 np0000193819 devstack@n-api-meta.service[107252]: detected max file descriptor number: 2048
Sep 23 15:42:50.602536 np0000193819 devstack@n-api-meta.service[107252]: lock engine: pthread robust mutexes
Sep 23 15:42:50.602536 np0000193819 devstack@n-api-meta.service[107252]: thunder lock: enabled
Sep 23 15:42:50.602872 np0000193819 devstack@n-api-meta.service[107252]: uWSGI http bound on 0.0.0.0:8775 fd 5
Sep 23 15:42:50.602960 np0000193819 devstack@n-api-meta.service[107252]: uwsgi socket 0 bound to TCP address 127.0.0.1:44087 (port auto-assigned) fd 4
Sep 23 15:42:50.603040 np0000193819 devstack@n-api-meta.service[107252]: Python version: 3.12.3 (main, Aug 31 2026, 10:18:26) [GCC 13.3.0]
Sep 23 15:42:50.603040 np0000193819 devstack@n-api-meta.service[107252]: PEP 405 virtualenv detected: /opt/stack/data/venv
Sep 23 15:42:50.603040 np0000193819 devstack@n-api-meta.service[107252]: Set PythonHome to /opt/stack/data/venv
Sep 23 15:42:50.658816 np0000193819 devstack@n-api-meta.service[107252]: Python main interpreter initialized at 0x7e9fd82a4668
Sep 23 15:42:50.658816 np0000193819 devstack@n-api-meta.service[107252]: python threads support enabled
Sep 23 15:42:50.658816 np0000193819 devstack@n-api-meta.service[107252]: your server socket listen backlog is limited to 100 connections
Sep 23 15:42:50.658816 np0000193819 devstack@n-api-meta.service[107252]: your mercy for graceful operations on workers is 80 seconds
Sep 23 15:42:50.659314 np0000193819 devstack@n-api-meta.service[107252]: mapped 671795 bytes (656 KB) for 4 cores
Sep 23 15:42:50.659447 np0000193819 devstack@n-api-meta.service[107252]: *** Operational MODE: preforking ***
Sep 23 15:42:50.659658 np0000193819 devstack@n-api-meta.service[107252]: *** uWSGI is running in multiple interpreter mode ***
Sep 23 15:42:50.659658 np0000193819 devstack@n-api-meta.service[107252]: spawned uWSGI master process (pid: 107252)
Sep 23 15:42:50.659921 np0000193819 systemd[1]: Started devstack@n-api-meta.service - Devstack devstack@n-api-meta.service.
Sep 23 15:42:50.660439 np0000193819 devstack@n-api-meta.service[107252]: spawned uWSGI worker 1 (pid: 107253, cores: 1)
Sep 23 15:42:50.663724 np0000193819 devstack@n-api-meta.service[107252]: spawned uWSGI worker 2 (pid: 107254, cores: 1)
Sep 23 15:42:50.663724 np0000193819 devstack@n-api-meta.service[107252]: spawned uWSGI worker 3 (pid: 107255, cores: 1)
Sep 23 15:42:50.663724 np0000193819 devstack@n-api-meta.service[107252]: spawned uWSGI worker 4 (pid: 107256, cores: 1)
Sep 23 15:42:50.663724 np0000193819 devstack@n-api-meta.service[107252]: spawned uWSGI http 1 (pid: 107257)
Sep 23 15:42:50.663724 np0000193819 devstack@n-api-meta.service[107252]: running "unix_signal:15 gracefully_kill_them_all" (master-start)...
Sep 23 15:42:52.282886 np0000193819 devstack@n-api-meta.service[107254]: INFO dbcounter [None req-128d64ee-87be-41f7-8cf2-41f2f73e9119 None None] Registered counter for database nova_api
Sep 23 15:42:52.330001 np0000193819 devstack@n-api-meta.service[107254]: DEBUG oslo_db.sqlalchemy.engines [None req-128d64ee-87be-41f7-8cf2-41f2f73e9119 None None] MySQL server mode set to STRICT_TRANS_TABLES,STRICT_ALL_TABLES,NO_ZERO_IN_DATE,NO_ZERO_DATE,ERROR_FOR_DIVISION_BY_ZERO,TRADITIONAL,NO_ENGINE_SUBSTITUTION {{(pid=107254) _check_effective_sql_mode /opt/stack/data/venv/lib/python3.12/site-packages/oslo_db/sqlalchemy/engines.py:325}}
Sep 23 15:42:52.342727 np0000193819 devstack@n-api-meta.service[107253]: INFO dbcounter [None req-0d76d3ba-7fa7-429d-ad7d-077acfd5b30c None None] Registered counter for database nova_api
Sep 23 15:42:52.354658 np0000193819 devstack@n-api-meta.service[107255]: INFO dbcounter [None req-94f75488-e0ee-4ffd-a759-f3947046334f None None] Registered counter for database nova_api
Sep 23 15:42:52.360024 np0000193819 devstack@n-api-meta.service[107254]: DEBUG dbcounter [-] [107254] Writer thread running {{(pid=107254) stat_writer /opt/stack/data/venv/lib/python3.12/site-packages/dbcounter.py:102}}
Sep 23 15:42:52.362432 np0000193819 devstack@n-api-meta.service[107254]: DEBUG nova.context [None req-128d64ee-87be-41f7-8cf2-41f2f73e9119 None None] Found 2 cells: 00000000-0000-0000-0000-000000000000(cell0),35f64ebb-e790-41b8-b55d-2bf4b0174ba1(cell1) {{(pid=107254) load_cells /opt/stack/nova/nova/context.py:532}}
Sep 23 15:42:52.364189 np0000193819 devstack@n-api-meta.service[107254]: DEBUG oslo_concurrency.lockutils [None req-128d64ee-87be-41f7-8cf2-41f2f73e9119 None None] Acquiring lock "00000000-0000-0000-0000-000000000000" by "nova.context.set_target_cell..get_or_set_cached_cell_and_set_connections" {{(pid=107254) inner /opt/stack/data/venv/lib/python3.12/site-packages/oslo_concurrency/lockutils.py:512}}
Sep 23 15:42:52.364287 np0000193819 devstack@n-api-meta.service[107254]: DEBUG oslo_concurrency.lockutils [None req-128d64ee-87be-41f7-8cf2-41f2f73e9119 None None] Lock "00000000-0000-0000-0000-000000000000" acquired by "nova.context.set_target_cell..get_or_set_cached_cell_and_set_connections" :: waited 0.000s {{(pid=107254) inner /opt/stack/data/venv/lib/python3.12/site-packages/oslo_concurrency/lockutils.py:525}}
Sep 23 15:42:52.364874 np0000193819 devstack@n-api-meta.service[107254]: DEBUG oslo_concurrency.lockutils [None req-128d64ee-87be-41f7-8cf2-41f2f73e9119 None None] Lock "00000000-0000-0000-0000-000000000000" "released" by "nova.context.set_target_cell..get_or_set_cached_cell_and_set_connections" :: held 0.000s {{(pid=107254) inner /opt/stack/data/venv/lib/python3.12/site-packages/oslo_concurrency/lockutils.py:544}}
Sep 23 15:42:52.364874 np0000193819 devstack@n-api-meta.service[107254]: INFO nova.thread_pool_factory [None req-128d64ee-87be-41f7-8cf2-41f2f73e9119 None None] The cell_worker thread pool MainProcess.cell_worker is initialized
Sep 23 15:42:52.365624 np0000193819 devstack@n-api-meta.service[107254]: DEBUG oslo_concurrency.lockutils [None req-128d64ee-87be-41f7-8cf2-41f2f73e9119 None None] Acquiring lock "35f64ebb-e790-41b8-b55d-2bf4b0174ba1" by "nova.context.set_target_cell..get_or_set_cached_cell_and_set_connections" {{(pid=107254) inner /opt/stack/data/venv/lib/python3.12/site-packages/oslo_concurrency/lockutils.py:512}}
Sep 23 15:42:52.365772 np0000193819 devstack@n-api-meta.service[107254]: DEBUG oslo_concurrency.lockutils [None req-128d64ee-87be-41f7-8cf2-41f2f73e9119 None None] Lock "35f64ebb-e790-41b8-b55d-2bf4b0174ba1" acquired by "nova.context.set_target_cell..get_or_set_cached_cell_and_set_connections" :: waited 0.000s {{(pid=107254) inner /opt/stack/data/venv/lib/python3.12/site-packages/oslo_concurrency/lockutils.py:525}}
Sep 23 15:42:52.368286 np0000193819 devstack@n-api-meta.service[107254]: DEBUG oslo_concurrency.lockutils [None req-128d64ee-87be-41f7-8cf2-41f2f73e9119 None None] Lock "35f64ebb-e790-41b8-b55d-2bf4b0174ba1" "released" by "nova.context.set_target_cell..get_or_set_cached_cell_and_set_connections" :: held 0.001s {{(pid=107254) inner /opt/stack/data/venv/lib/python3.12/site-packages/oslo_concurrency/lockutils.py:544}}
Sep 23 15:42:52.369600 np0000193819 devstack@n-api-meta.service[107254]: INFO dbcounter [None req-128d64ee-87be-41f7-8cf2-41f2f73e9119 None None] Registered counter for database nova_cell0
Sep 23 15:42:52.375379 np0000193819 devstack@n-api-meta.service[107254]: INFO dbcounter [None req-128d64ee-87be-41f7-8cf2-41f2f73e9119 None None] Registered counter for database nova_cell1
Sep 23 15:42:52.393004 np0000193819 devstack@n-api-meta.service[107253]: DEBUG oslo_db.sqlalchemy.engines [None req-0d76d3ba-7fa7-429d-ad7d-077acfd5b30c None None] MySQL server mode set to STRICT_TRANS_TABLES,STRICT_ALL_TABLES,NO_ZERO_IN_DATE,NO_ZERO_DATE,ERROR_FOR_DIVISION_BY_ZERO,TRADITIONAL,NO_ENGINE_SUBSTITUTION {{(pid=107253) _check_effective_sql_mode /opt/stack/data/venv/lib/python3.12/site-packages/oslo_db/sqlalchemy/engines.py:325}}
Sep 23 15:42:52.401859 np0000193819 devstack@n-api-meta.service[107255]: DEBUG oslo_db.sqlalchemy.engines [None req-94f75488-e0ee-4ffd-a759-f3947046334f None None] MySQL server mode set to STRICT_TRANS_TABLES,STRICT_ALL_TABLES,NO_ZERO_IN_DATE,NO_ZERO_DATE,ERROR_FOR_DIVISION_BY_ZERO,TRADITIONAL,NO_ENGINE_SUBSTITUTION {{(pid=107255) _check_effective_sql_mode /opt/stack/data/venv/lib/python3.12/site-packages/oslo_db/sqlalchemy/engines.py:325}}
Sep 23 15:42:52.423159 np0000193819 devstack@n-api-meta.service[107253]: DEBUG dbcounter [-] [107253] Writer thread running {{(pid=107253) stat_writer /opt/stack/data/venv/lib/python3.12/site-packages/dbcounter.py:102}}
Sep 23 15:42:52.426000 np0000193819 devstack@n-api-meta.service[107253]: DEBUG nova.context [None req-0d76d3ba-7fa7-429d-ad7d-077acfd5b30c None None] Found 2 cells: 00000000-0000-0000-0000-000000000000(cell0),35f64ebb-e790-41b8-b55d-2bf4b0174ba1(cell1) {{(pid=107253) load_cells /opt/stack/nova/nova/context.py:532}}
Sep 23 15:42:52.427804 np0000193819 devstack@n-api-meta.service[107253]: DEBUG oslo_concurrency.lockutils [None req-0d76d3ba-7fa7-429d-ad7d-077acfd5b30c None None] Acquiring lock "00000000-0000-0000-0000-000000000000" by "nova.context.set_target_cell..get_or_set_cached_cell_and_set_connections" {{(pid=107253) inner /opt/stack/data/venv/lib/python3.12/site-packages/oslo_concurrency/lockutils.py:512}}
Sep 23 15:42:52.427934 np0000193819 devstack@n-api-meta.service[107253]: DEBUG oslo_concurrency.lockutils [None req-0d76d3ba-7fa7-429d-ad7d-077acfd5b30c None None] Lock "00000000-0000-0000-0000-000000000000" acquired by "nova.context.set_target_cell..get_or_set_cached_cell_and_set_connections" :: waited 0.000s {{(pid=107253) inner /opt/stack/data/venv/lib/python3.12/site-packages/oslo_concurrency/lockutils.py:525}}
Sep 23 15:42:52.428290 np0000193819 devstack@n-api-meta.service[107253]: DEBUG oslo_concurrency.lockutils [None req-0d76d3ba-7fa7-429d-ad7d-077acfd5b30c None None] Lock "00000000-0000-0000-0000-000000000000" "released" by "nova.context.set_target_cell..get_or_set_cached_cell_and_set_connections" :: held 0.000s {{(pid=107253) inner /opt/stack/data/venv/lib/python3.12/site-packages/oslo_concurrency/lockutils.py:544}}
Sep 23 15:42:52.428514 np0000193819 devstack@n-api-meta.service[107253]: INFO nova.thread_pool_factory [None req-0d76d3ba-7fa7-429d-ad7d-077acfd5b30c None None] The cell_worker thread pool MainProcess.cell_worker is initialized
Sep 23 15:42:52.429402 np0000193819 devstack@n-api-meta.service[107253]: DEBUG oslo_concurrency.lockutils [None req-0d76d3ba-7fa7-429d-ad7d-077acfd5b30c None None] Acquiring lock "35f64ebb-e790-41b8-b55d-2bf4b0174ba1" by "nova.context.set_target_cell..get_or_set_cached_cell_and_set_connections" {{(pid=107253) inner /opt/stack/data/venv/lib/python3.12/site-packages/oslo_concurrency/lockutils.py:512}}
Sep 23 15:42:52.429402 np0000193819 devstack@n-api-meta.service[107253]: DEBUG oslo_concurrency.lockutils [None req-0d76d3ba-7fa7-429d-ad7d-077acfd5b30c None None] Lock "35f64ebb-e790-41b8-b55d-2bf4b0174ba1" acquired by "nova.context.set_target_cell..get_or_set_cached_cell_and_set_connections" :: waited 0.000s {{(pid=107253) inner /opt/stack/data/venv/lib/python3.12/site-packages/oslo_concurrency/lockutils.py:525}}
Sep 23 15:42:52.430217 np0000193819 devstack@n-api-meta.service[107253]: DEBUG oslo_concurrency.lockutils [None req-0d76d3ba-7fa7-429d-ad7d-077acfd5b30c None None] Lock "35f64ebb-e790-41b8-b55d-2bf4b0174ba1" "released" by "nova.context.set_target_cell..get_or_set_cached_cell_and_set_connections" :: held 0.001s {{(pid=107253) inner /opt/stack/data/venv/lib/python3.12/site-packages/oslo_concurrency/lockutils.py:544}}
Sep 23 15:42:52.432174 np0000193819 devstack@n-api-meta.service[107255]: DEBUG dbcounter [-] [107255] Writer thread running {{(pid=107255) stat_writer /opt/stack/data/venv/lib/python3.12/site-packages/dbcounter.py:102}}
Sep 23 15:42:52.433643 np0000193819 devstack@n-api-meta.service[107253]: INFO dbcounter [None req-0d76d3ba-7fa7-429d-ad7d-077acfd5b30c None None] Registered counter for database nova_cell0
Sep 23 15:42:52.434886 np0000193819 devstack@n-api-meta.service[107255]: DEBUG nova.context [None req-94f75488-e0ee-4ffd-a759-f3947046334f None None] Found 2 cells: 00000000-0000-0000-0000-000000000000(cell0),35f64ebb-e790-41b8-b55d-2bf4b0174ba1(cell1) {{(pid=107255) load_cells /opt/stack/nova/nova/context.py:532}}
Sep 23 15:42:52.436735 np0000193819 devstack@n-api-meta.service[107255]: DEBUG oslo_concurrency.lockutils [None req-94f75488-e0ee-4ffd-a759-f3947046334f None None] Acquiring lock "00000000-0000-0000-0000-000000000000" by "nova.context.set_target_cell..get_or_set_cached_cell_and_set_connections" {{(pid=107255) inner /opt/stack/data/venv/lib/python3.12/site-packages/oslo_concurrency/lockutils.py:512}}
Sep 23 15:42:52.436901 np0000193819 devstack@n-api-meta.service[107255]: DEBUG oslo_concurrency.lockutils [None req-94f75488-e0ee-4ffd-a759-f3947046334f None None] Lock "00000000-0000-0000-0000-000000000000" acquired by "nova.context.set_target_cell..get_or_set_cached_cell_and_set_connections" :: waited 0.000s {{(pid=107255) inner /opt/stack/data/venv/lib/python3.12/site-packages/oslo_concurrency/lockutils.py:525}}
Sep 23 15:42:52.437266 np0000193819 devstack@n-api-meta.service[107255]: DEBUG oslo_concurrency.lockutils [None req-94f75488-e0ee-4ffd-a759-f3947046334f None None] Lock "00000000-0000-0000-0000-000000000000" "released" by "nova.context.set_target_cell..get_or_set_cached_cell_and_set_connections" :: held 0.000s {{(pid=107255) inner /opt/stack/data/venv/lib/python3.12/site-packages/oslo_concurrency/lockutils.py:544}}
Sep 23 15:42:52.437498 np0000193819 devstack@n-api-meta.service[107255]: INFO nova.thread_pool_factory [None req-94f75488-e0ee-4ffd-a759-f3947046334f None None] The cell_worker thread pool MainProcess.cell_worker is initialized
Sep 23 15:42:52.438236 np0000193819 devstack@n-api-meta.service[107255]: DEBUG oslo_concurrency.lockutils [None req-94f75488-e0ee-4ffd-a759-f3947046334f None None] Acquiring lock "35f64ebb-e790-41b8-b55d-2bf4b0174ba1" by "nova.context.set_target_cell..get_or_set_cached_cell_and_set_connections" {{(pid=107255) inner /opt/stack/data/venv/lib/python3.12/site-packages/oslo_concurrency/lockutils.py:512}}
Sep 23 15:42:52.438405 np0000193819 devstack@n-api-meta.service[107255]: DEBUG oslo_concurrency.lockutils [None req-94f75488-e0ee-4ffd-a759-f3947046334f None None] Lock "35f64ebb-e790-41b8-b55d-2bf4b0174ba1" acquired by "nova.context.set_target_cell..get_or_set_cached_cell_and_set_connections" :: waited 0.000s {{(pid=107255) inner /opt/stack/data/venv/lib/python3.12/site-packages/oslo_concurrency/lockutils.py:525}}
Sep 23 15:42:52.439184 np0000193819 devstack@n-api-meta.service[107255]: DEBUG oslo_concurrency.lockutils [None req-94f75488-e0ee-4ffd-a759-f3947046334f None None] Lock "35f64ebb-e790-41b8-b55d-2bf4b0174ba1" "released" by "nova.context.set_target_cell..get_or_set_cached_cell_and_set_connections" :: held 0.001s {{(pid=107255) inner /opt/stack/data/venv/lib/python3.12/site-packages/oslo_concurrency/lockutils.py:544}}
Sep 23 15:42:52.439847 np0000193819 devstack@n-api-meta.service[107253]: INFO dbcounter [None req-0d76d3ba-7fa7-429d-ad7d-077acfd5b30c None None] Registered counter for database nova_cell1
Sep 23 15:42:52.441438 np0000193819 devstack@n-api-meta.service[107255]: INFO dbcounter [None req-94f75488-e0ee-4ffd-a759-f3947046334f None None] Registered counter for database nova_cell0
Sep 23 15:42:52.446889 np0000193819 devstack@n-api-meta.service[107255]: INFO dbcounter [None req-94f75488-e0ee-4ffd-a759-f3947046334f None None] Registered counter for database nova_cell1
Sep 23 15:42:52.449222 np0000193819 devstack@n-api-meta.service[107254]: DEBUG oslo_db.sqlalchemy.engines [None req-128d64ee-87be-41f7-8cf2-41f2f73e9119 None None] MySQL server mode set to STRICT_TRANS_TABLES,STRICT_ALL_TABLES,NO_ZERO_IN_DATE,NO_ZERO_DATE,ERROR_FOR_DIVISION_BY_ZERO,TRADITIONAL,NO_ENGINE_SUBSTITUTION {{(pid=107254) _check_effective_sql_mode /opt/stack/data/venv/lib/python3.12/site-packages/oslo_db/sqlalchemy/engines.py:325}}
Sep 23 15:42:52.451730 np0000193819 devstack@n-api-meta.service[107256]: INFO dbcounter [None req-e43ff148-1de0-47c6-9aaa-9b4dc0e0f457 None None] Registered counter for database nova_api
Sep 23 15:42:52.464007 np0000193819 devstack@n-api-meta.service[107254]: DEBUG oslo_db.sqlalchemy.engines [None req-128d64ee-87be-41f7-8cf2-41f2f73e9119 None None] MySQL server mode set to STRICT_TRANS_TABLES,STRICT_ALL_TABLES,NO_ZERO_IN_DATE,NO_ZERO_DATE,ERROR_FOR_DIVISION_BY_ZERO,TRADITIONAL,NO_ENGINE_SUBSTITUTION {{(pid=107254) _check_effective_sql_mode /opt/stack/data/venv/lib/python3.12/site-packages/oslo_db/sqlalchemy/engines.py:325}}
Sep 23 15:42:52.504515 np0000193819 devstack@n-api-meta.service[107256]: DEBUG oslo_db.sqlalchemy.engines [None req-e43ff148-1de0-47c6-9aaa-9b4dc0e0f457 None None] MySQL server mode set to STRICT_TRANS_TABLES,STRICT_ALL_TABLES,NO_ZERO_IN_DATE,NO_ZERO_DATE,ERROR_FOR_DIVISION_BY_ZERO,TRADITIONAL,NO_ENGINE_SUBSTITUTION {{(pid=107256) _check_effective_sql_mode /opt/stack/data/venv/lib/python3.12/site-packages/oslo_db/sqlalchemy/engines.py:325}}
Sep 23 15:42:52.507779 np0000193819 devstack@n-api-meta.service[107255]: DEBUG oslo_db.sqlalchemy.engines [None req-94f75488-e0ee-4ffd-a759-f3947046334f None None] MySQL server mode set to STRICT_TRANS_TABLES,STRICT_ALL_TABLES,NO_ZERO_IN_DATE,NO_ZERO_DATE,ERROR_FOR_DIVISION_BY_ZERO,TRADITIONAL,NO_ENGINE_SUBSTITUTION {{(pid=107255) _check_effective_sql_mode /opt/stack/data/venv/lib/python3.12/site-packages/oslo_db/sqlalchemy/engines.py:325}}
Sep 23 15:42:52.517940 np0000193819 devstack@n-api-meta.service[107253]: DEBUG oslo_db.sqlalchemy.engines [None req-0d76d3ba-7fa7-429d-ad7d-077acfd5b30c None None] MySQL server mode set to STRICT_TRANS_TABLES,STRICT_ALL_TABLES,NO_ZERO_IN_DATE,NO_ZERO_DATE,ERROR_FOR_DIVISION_BY_ZERO,TRADITIONAL,NO_ENGINE_SUBSTITUTION {{(pid=107253) _check_effective_sql_mode /opt/stack/data/venv/lib/python3.12/site-packages/oslo_db/sqlalchemy/engines.py:325}}
Sep 23 15:42:52.536815 np0000193819 devstack@n-api-meta.service[107256]: DEBUG dbcounter [-] [107256] Writer thread running {{(pid=107256) stat_writer /opt/stack/data/venv/lib/python3.12/site-packages/dbcounter.py:102}}
Sep 23 15:42:52.539197 np0000193819 devstack@n-api-meta.service[107256]: DEBUG nova.context [None req-e43ff148-1de0-47c6-9aaa-9b4dc0e0f457 None None] Found 2 cells: 00000000-0000-0000-0000-000000000000(cell0),35f64ebb-e790-41b8-b55d-2bf4b0174ba1(cell1) {{(pid=107256) load_cells /opt/stack/nova/nova/context.py:532}}
Sep 23 15:42:52.541005 np0000193819 devstack@n-api-meta.service[107256]: DEBUG oslo_concurrency.lockutils [None req-e43ff148-1de0-47c6-9aaa-9b4dc0e0f457 None None] Acquiring lock "00000000-0000-0000-0000-000000000000" by "nova.context.set_target_cell..get_or_set_cached_cell_and_set_connections" {{(pid=107256) inner /opt/stack/data/venv/lib/python3.12/site-packages/oslo_concurrency/lockutils.py:512}}
Sep 23 15:42:52.541197 np0000193819 devstack@n-api-meta.service[107256]: DEBUG oslo_concurrency.lockutils [None req-e43ff148-1de0-47c6-9aaa-9b4dc0e0f457 None None] Lock "00000000-0000-0000-0000-000000000000" acquired by "nova.context.set_target_cell..get_or_set_cached_cell_and_set_connections" :: waited 0.000s {{(pid=107256) inner /opt/stack/data/venv/lib/python3.12/site-packages/oslo_concurrency/lockutils.py:525}}
Sep 23 15:42:52.541536 np0000193819 devstack@n-api-meta.service[107256]: DEBUG oslo_concurrency.lockutils [None req-e43ff148-1de0-47c6-9aaa-9b4dc0e0f457 None None] Lock "00000000-0000-0000-0000-000000000000" "released" by "nova.context.set_target_cell..get_or_set_cached_cell_and_set_connections" :: held 0.000s {{(pid=107256) inner /opt/stack/data/venv/lib/python3.12/site-packages/oslo_concurrency/lockutils.py:544}}
Sep 23 15:42:52.541835 np0000193819 devstack@n-api-meta.service[107256]: INFO nova.thread_pool_factory [None req-e43ff148-1de0-47c6-9aaa-9b4dc0e0f457 None None] The cell_worker thread pool MainProcess.cell_worker is initialized
Sep 23 15:42:52.542519 np0000193819 devstack@n-api-meta.service[107256]: DEBUG oslo_concurrency.lockutils [None req-e43ff148-1de0-47c6-9aaa-9b4dc0e0f457 None None] Acquiring lock "35f64ebb-e790-41b8-b55d-2bf4b0174ba1" by "nova.context.set_target_cell..get_or_set_cached_cell_and_set_connections" {{(pid=107256) inner /opt/stack/data/venv/lib/python3.12/site-packages/oslo_concurrency/lockutils.py:512}}
Sep 23 15:42:52.544250 np0000193819 devstack@n-api-meta.service[107254]: DEBUG dbcounter [-] [107254] Writer thread running {{(pid=107254) stat_writer /opt/stack/data/venv/lib/python3.12/site-packages/dbcounter.py:102}}
Sep 23 15:42:52.544475 np0000193819 devstack@n-api-meta.service[107256]: INFO dbcounter [None req-e43ff148-1de0-47c6-9aaa-9b4dc0e0f457 None None] Registered counter for database nova_cell0
Sep 23 15:42:52.545712 np0000193819 devstack@n-api-meta.service[107256]: DEBUG oslo_concurrency.lockutils [None req-e43ff148-1de0-47c6-9aaa-9b4dc0e0f457 None None] Lock "35f64ebb-e790-41b8-b55d-2bf4b0174ba1" acquired by "nova.context.set_target_cell..get_or_set_cached_cell_and_set_connections" :: waited 0.002s {{(pid=107256) inner /opt/stack/data/venv/lib/python3.12/site-packages/oslo_concurrency/lockutils.py:525}}
Sep 23 15:42:52.546898 np0000193819 devstack@n-api-meta.service[107256]: DEBUG oslo_concurrency.lockutils [None req-e43ff148-1de0-47c6-9aaa-9b4dc0e0f457 None None] Lock "35f64ebb-e790-41b8-b55d-2bf4b0174ba1" "released" by "nova.context.set_target_cell..get_or_set_cached_cell_and_set_connections" :: held 0.003s {{(pid=107256) inner /opt/stack/data/venv/lib/python3.12/site-packages/oslo_concurrency/lockutils.py:544}}
Sep 23 15:42:52.548307 np0000193819 devstack@n-api-meta.service[107253]: DEBUG oslo_db.sqlalchemy.engines [None req-0d76d3ba-7fa7-429d-ad7d-077acfd5b30c None None] MySQL server mode set to STRICT_TRANS_TABLES,STRICT_ALL_TABLES,NO_ZERO_IN_DATE,NO_ZERO_DATE,ERROR_FOR_DIVISION_BY_ZERO,TRADITIONAL,NO_ENGINE_SUBSTITUTION {{(pid=107253) _check_effective_sql_mode /opt/stack/data/venv/lib/python3.12/site-packages/oslo_db/sqlalchemy/engines.py:325}}
Sep 23 15:42:52.550757 np0000193819 devstack@n-api-meta.service[107256]: INFO dbcounter [None req-e43ff148-1de0-47c6-9aaa-9b4dc0e0f457 None None] Registered counter for database nova_cell1
Sep 23 15:42:52.551097 np0000193819 devstack@n-api-meta.service[107254]: DEBUG dbcounter [-] [107254] Writer thread running {{(pid=107254) stat_writer /opt/stack/data/venv/lib/python3.12/site-packages/dbcounter.py:102}}
Sep 23 15:42:52.555973 np0000193819 devstack@n-api-meta.service[107254]: INFO dbcounter [None req-128d64ee-87be-41f7-8cf2-41f2f73e9119 None None] Registered counter for database nova_cell0
Sep 23 15:42:52.592401 np0000193819 devstack@n-api-meta.service[107256]: DEBUG oslo_db.sqlalchemy.engines [None req-e43ff148-1de0-47c6-9aaa-9b4dc0e0f457 None None] MySQL server mode set to STRICT_TRANS_TABLES,STRICT_ALL_TABLES,NO_ZERO_IN_DATE,NO_ZERO_DATE,ERROR_FOR_DIVISION_BY_ZERO,TRADITIONAL,NO_ENGINE_SUBSTITUTION {{(pid=107256) _check_effective_sql_mode /opt/stack/data/venv/lib/python3.12/site-packages/oslo_db/sqlalchemy/engines.py:325}}
Sep 23 15:42:52.597374 np0000193819 devstack@n-api-meta.service[107256]: DEBUG oslo_db.sqlalchemy.engines [None req-e43ff148-1de0-47c6-9aaa-9b4dc0e0f457 None None] MySQL server mode set to STRICT_TRANS_TABLES,STRICT_ALL_TABLES,NO_ZERO_IN_DATE,NO_ZERO_DATE,ERROR_FOR_DIVISION_BY_ZERO,TRADITIONAL,NO_ENGINE_SUBSTITUTION {{(pid=107256) _check_effective_sql_mode /opt/stack/data/venv/lib/python3.12/site-packages/oslo_db/sqlalchemy/engines.py:325}}
Sep 23 15:42:52.598921 np0000193819 devstack@n-api-meta.service[107255]: DEBUG dbcounter [-] [107255] Writer thread running {{(pid=107255) stat_writer /opt/stack/data/venv/lib/python3.12/site-packages/dbcounter.py:102}}
Sep 23 15:42:52.604374 np0000193819 devstack@n-api-meta.service[107255]: DEBUG oslo_db.sqlalchemy.engines [None req-94f75488-e0ee-4ffd-a759-f3947046334f None None] MySQL server mode set to STRICT_TRANS_TABLES,STRICT_ALL_TABLES,NO_ZERO_IN_DATE,NO_ZERO_DATE,ERROR_FOR_DIVISION_BY_ZERO,TRADITIONAL,NO_ENGINE_SUBSTITUTION {{(pid=107255) _check_effective_sql_mode /opt/stack/data/venv/lib/python3.12/site-packages/oslo_db/sqlalchemy/engines.py:325}}
Sep 23 15:42:52.609989 np0000193819 devstack@n-api-meta.service[107254]: DEBUG oslo_db.sqlalchemy.engines [None req-128d64ee-87be-41f7-8cf2-41f2f73e9119 None None] MySQL server mode set to STRICT_TRANS_TABLES,STRICT_ALL_TABLES,NO_ZERO_IN_DATE,NO_ZERO_DATE,ERROR_FOR_DIVISION_BY_ZERO,TRADITIONAL,NO_ENGINE_SUBSTITUTION {{(pid=107254) _check_effective_sql_mode /opt/stack/data/venv/lib/python3.12/site-packages/oslo_db/sqlalchemy/engines.py:325}}
Sep 23 15:42:52.610759 np0000193819 devstack@n-api-meta.service[107255]: DEBUG dbcounter [-] [107255] Writer thread running {{(pid=107255) stat_writer /opt/stack/data/venv/lib/python3.12/site-packages/dbcounter.py:102}}
Sep 23 15:42:52.611996 np0000193819 devstack@n-api-meta.service[107253]: DEBUG dbcounter [-] [107253] Writer thread running {{(pid=107253) stat_writer /opt/stack/data/venv/lib/python3.12/site-packages/dbcounter.py:102}}
Sep 23 15:42:52.615575 np0000193819 devstack@n-api-meta.service[107255]: INFO dbcounter [None req-94f75488-e0ee-4ffd-a759-f3947046334f None None] Registered counter for database nova_cell0
Sep 23 15:42:52.617090 np0000193819 devstack@n-api-meta.service[107254]: DEBUG dbcounter [-] [107254] Writer thread running {{(pid=107254) stat_writer /opt/stack/data/venv/lib/python3.12/site-packages/dbcounter.py:102}}
Sep 23 15:42:52.617489 np0000193819 devstack@n-api-meta.service[107253]: DEBUG dbcounter [-] [107253] Writer thread running {{(pid=107253) stat_writer /opt/stack/data/venv/lib/python3.12/site-packages/dbcounter.py:102}}
Sep 23 15:42:52.621396 np0000193819 devstack@n-api-meta.service[107253]: INFO dbcounter [None req-0d76d3ba-7fa7-429d-ad7d-077acfd5b30c None None] Registered counter for database nova_cell0
Sep 23 15:42:52.671397 np0000193819 devstack@n-api-meta.service[107253]: DEBUG oslo_db.sqlalchemy.engines [None req-0d76d3ba-7fa7-429d-ad7d-077acfd5b30c None None] MySQL server mode set to STRICT_TRANS_TABLES,STRICT_ALL_TABLES,NO_ZERO_IN_DATE,NO_ZERO_DATE,ERROR_FOR_DIVISION_BY_ZERO,TRADITIONAL,NO_ENGINE_SUBSTITUTION {{(pid=107253) _check_effective_sql_mode /opt/stack/data/venv/lib/python3.12/site-packages/oslo_db/sqlalchemy/engines.py:325}}
Sep 23 15:42:52.676042 np0000193819 devstack@n-api-meta.service[107254]: WARNING nova.api.metadata.handler [None req-128d64ee-87be-41f7-8cf2-41f2f73e9119 None None] metadata_proxy_shared_secret is not configured, the metadata information returned by the proxy cannot be trusted
Sep 23 15:42:52.677818 np0000193819 devstack@n-api-meta.service[107255]: DEBUG oslo_db.sqlalchemy.engines [None req-94f75488-e0ee-4ffd-a759-f3947046334f None None] MySQL server mode set to STRICT_TRANS_TABLES,STRICT_ALL_TABLES,NO_ZERO_IN_DATE,NO_ZERO_DATE,ERROR_FOR_DIVISION_BY_ZERO,TRADITIONAL,NO_ENGINE_SUBSTITUTION {{(pid=107255) _check_effective_sql_mode /opt/stack/data/venv/lib/python3.12/site-packages/oslo_db/sqlalchemy/engines.py:325}}
Sep 23 15:42:52.678222 np0000193819 devstack@n-api-meta.service[107254]: DEBUG nova.api.openstack.wsgi_app [None req-128d64ee-87be-41f7-8cf2-41f2f73e9119 None None] ******************************************************************************** {{(pid=107254) log_opt_values /opt/stack/data/venv/lib/python3.12/site-packages/oslo_config/cfg.py:3533}}
Sep 23 15:42:52.678352 np0000193819 devstack@n-api-meta.service[107254]: DEBUG nova.api.openstack.wsgi_app [None req-128d64ee-87be-41f7-8cf2-41f2f73e9119 None None] Configuration options gathered from: {{(pid=107254) log_opt_values /opt/stack/data/venv/lib/python3.12/site-packages/oslo_config/cfg.py:3534}}
Sep 23 15:42:52.678524 np0000193819 devstack@n-api-meta.service[107254]: DEBUG nova.api.openstack.wsgi_app [None req-128d64ee-87be-41f7-8cf2-41f2f73e9119 None None] command line args: [] {{(pid=107254) log_opt_values /opt/stack/data/venv/lib/python3.12/site-packages/oslo_config/cfg.py:3535}}
Sep 23 15:42:52.678766 np0000193819 devstack@n-api-meta.service[107254]: DEBUG nova.api.openstack.wsgi_app [None req-128d64ee-87be-41f7-8cf2-41f2f73e9119 None None] config files: ['/etc/nova/api-paste.ini', '/etc/nova/nova.conf'] {{(pid=107254) log_opt_values /opt/stack/data/venv/lib/python3.12/site-packages/oslo_config/cfg.py:3536}}
Sep 23 15:42:52.678957 np0000193819 devstack@n-api-meta.service[107254]: DEBUG nova.api.openstack.wsgi_app [None req-128d64ee-87be-41f7-8cf2-41f2f73e9119 None None] ================================================================================ {{(pid=107254) log_opt_values /opt/stack/data/venv/lib/python3.12/site-packages/oslo_config/cfg.py:3541}}
Sep 23 15:42:52.679185 np0000193819 devstack@n-api-meta.service[107254]: DEBUG nova.api.openstack.wsgi_app [None req-128d64ee-87be-41f7-8cf2-41f2f73e9119 None None] allow_resize_to_same_host = True {{(pid=107254) log_opt_values /opt/stack/data/venv/lib/python3.12/site-packages/oslo_config/cfg.py:3549}}
Sep 23 15:42:52.679414 np0000193819 devstack@n-api-meta.service[107254]: DEBUG nova.api.openstack.wsgi_app [None req-128d64ee-87be-41f7-8cf2-41f2f73e9119 None None] arq_binding_timeout = 300 {{(pid=107254) log_opt_values /opt/stack/data/venv/lib/python3.12/site-packages/oslo_config/cfg.py:3549}}
Sep 23 15:42:52.679560 np0000193819 devstack@n-api-meta.service[107254]: DEBUG nova.api.openstack.wsgi_app [None req-128d64ee-87be-41f7-8cf2-41f2f73e9119 None None] block_device_allocate_retries = 60 {{(pid=107254) log_opt_values /opt/stack/data/venv/lib/python3.12/site-packages/oslo_config/cfg.py:3549}}
Sep 23 15:42:52.679709 np0000193819 devstack@n-api-meta.service[107254]: DEBUG nova.api.openstack.wsgi_app [None req-128d64ee-87be-41f7-8cf2-41f2f73e9119 None None] block_device_allocate_retries_interval = 3 {{(pid=107254) log_opt_values /opt/stack/data/venv/lib/python3.12/site-packages/oslo_config/cfg.py:3549}}
Sep 23 15:42:52.679801 np0000193819 devstack@n-api-meta.service[107253]: DEBUG dbcounter [-] [107253] Writer thread running {{(pid=107253) stat_writer /opt/stack/data/venv/lib/python3.12/site-packages/dbcounter.py:102}}
Sep 23 15:42:52.679862 np0000193819 devstack@n-api-meta.service[107254]: DEBUG nova.api.openstack.wsgi_app [None req-128d64ee-87be-41f7-8cf2-41f2f73e9119 None None] cell_worker_thread_pool_size = 5 {{(pid=107254) log_opt_values /opt/stack/data/venv/lib/python3.12/site-packages/oslo_config/cfg.py:3549}}
Sep 23 15:42:52.679958 np0000193819 devstack@n-api-meta.service[107254]: DEBUG nova.api.openstack.wsgi_app [None req-128d64ee-87be-41f7-8cf2-41f2f73e9119 None None] cert = self.pem {{(pid=107254) log_opt_values /opt/stack/data/venv/lib/python3.12/site-packages/oslo_config/cfg.py:3549}}
Sep 23 15:42:52.680087 np0000193819 devstack@n-api-meta.service[107254]: DEBUG nova.api.openstack.wsgi_app [None req-128d64ee-87be-41f7-8cf2-41f2f73e9119 None None] compute_driver = libvirt.LibvirtDriver {{(pid=107254) log_opt_values /opt/stack/data/venv/lib/python3.12/site-packages/oslo_config/cfg.py:3549}}
Sep 23 15:42:52.680216 np0000193819 devstack@n-api-meta.service[107254]: DEBUG nova.api.openstack.wsgi_app [None req-128d64ee-87be-41f7-8cf2-41f2f73e9119 None None] compute_monitors = [] {{(pid=107254) log_opt_values /opt/stack/data/venv/lib/python3.12/site-packages/oslo_config/cfg.py:3549}}
Sep 23 15:42:52.680356 np0000193819 devstack@n-api-meta.service[107254]: DEBUG nova.api.openstack.wsgi_app [None req-128d64ee-87be-41f7-8cf2-41f2f73e9119 None None] concurrency_backend = auto {{(pid=107254) log_opt_values /opt/stack/data/venv/lib/python3.12/site-packages/oslo_config/cfg.py:3549}}
Sep 23 15:42:52.680479 np0000193819 devstack@n-api-meta.service[107254]: DEBUG nova.api.openstack.wsgi_app [None req-128d64ee-87be-41f7-8cf2-41f2f73e9119 None None] config_dir = [] {{(pid=107254) log_opt_values /opt/stack/data/venv/lib/python3.12/site-packages/oslo_config/cfg.py:3549}}
Sep 23 15:42:52.680603 np0000193819 devstack@n-api-meta.service[107254]: DEBUG nova.api.openstack.wsgi_app [None req-128d64ee-87be-41f7-8cf2-41f2f73e9119 None None] config_drive_format = iso9660 {{(pid=107254) log_opt_values /opt/stack/data/venv/lib/python3.12/site-packages/oslo_config/cfg.py:3549}}
Sep 23 15:42:52.680736 np0000193819 devstack@n-api-meta.service[107254]: DEBUG nova.api.openstack.wsgi_app [None req-128d64ee-87be-41f7-8cf2-41f2f73e9119 None None] config_file = ['/etc/nova/api-paste.ini', '/etc/nova/nova.conf'] {{(pid=107254) log_opt_values /opt/stack/data/venv/lib/python3.12/site-packages/oslo_config/cfg.py:3549}}
Sep 23 15:42:52.680857 np0000193819 devstack@n-api-meta.service[107254]: DEBUG nova.api.openstack.wsgi_app [None req-128d64ee-87be-41f7-8cf2-41f2f73e9119 None None] config_source = [] {{(pid=107254) log_opt_values /opt/stack/data/venv/lib/python3.12/site-packages/oslo_config/cfg.py:3549}}
Sep 23 15:42:52.680989 np0000193819 devstack@n-api-meta.service[107254]: DEBUG nova.api.openstack.wsgi_app [None req-128d64ee-87be-41f7-8cf2-41f2f73e9119 None None] console_host = np0000193819 {{(pid=107254) log_opt_values /opt/stack/data/venv/lib/python3.12/site-packages/oslo_config/cfg.py:3549}}
Sep 23 15:42:52.681112 np0000193819 devstack@n-api-meta.service[107254]: DEBUG nova.api.openstack.wsgi_app [None req-128d64ee-87be-41f7-8cf2-41f2f73e9119 None None] control_exchange = nova {{(pid=107254) log_opt_values /opt/stack/data/venv/lib/python3.12/site-packages/oslo_config/cfg.py:3549}}
Sep 23 15:42:52.681228 np0000193819 devstack@n-api-meta.service[107254]: DEBUG nova.api.openstack.wsgi_app [None req-128d64ee-87be-41f7-8cf2-41f2f73e9119 None None] cpu_allocation_ratio = None {{(pid=107254) log_opt_values /opt/stack/data/venv/lib/python3.12/site-packages/oslo_config/cfg.py:3549}}
Sep 23 15:42:52.681357 np0000193819 devstack@n-api-meta.service[107254]: DEBUG nova.api.openstack.wsgi_app [None req-128d64ee-87be-41f7-8cf2-41f2f73e9119 None None] daemon = False {{(pid=107254) log_opt_values /opt/stack/data/venv/lib/python3.12/site-packages/oslo_config/cfg.py:3549}}
Sep 23 15:42:52.681480 np0000193819 devstack@n-api-meta.service[107254]: DEBUG nova.api.openstack.wsgi_app [None req-128d64ee-87be-41f7-8cf2-41f2f73e9119 None None] debug = True {{(pid=107254) log_opt_values /opt/stack/data/venv/lib/python3.12/site-packages/oslo_config/cfg.py:3549}}
Sep 23 15:42:52.681595 np0000193819 devstack@n-api-meta.service[107254]: DEBUG nova.api.openstack.wsgi_app [None req-128d64ee-87be-41f7-8cf2-41f2f73e9119 None None] default_access_ip_network_name = None {{(pid=107254) log_opt_values /opt/stack/data/venv/lib/python3.12/site-packages/oslo_config/cfg.py:3549}}
Sep 23 15:42:52.681743 np0000193819 devstack@n-api-meta.service[107254]: DEBUG nova.api.openstack.wsgi_app [None req-128d64ee-87be-41f7-8cf2-41f2f73e9119 None None] default_availability_zone = nova {{(pid=107254) log_opt_values /opt/stack/data/venv/lib/python3.12/site-packages/oslo_config/cfg.py:3549}}
Sep 23 15:42:52.681856 np0000193819 devstack@n-api-meta.service[107254]: DEBUG nova.api.openstack.wsgi_app [None req-128d64ee-87be-41f7-8cf2-41f2f73e9119 None None] default_ephemeral_format = ext4 {{(pid=107254) log_opt_values /opt/stack/data/venv/lib/python3.12/site-packages/oslo_config/cfg.py:3549}}
Sep 23 15:42:52.681973 np0000193819 devstack@n-api-meta.service[107254]: DEBUG nova.api.openstack.wsgi_app [None req-128d64ee-87be-41f7-8cf2-41f2f73e9119 None None] default_green_pool_size = 1000 {{(pid=107254) log_opt_values /opt/stack/data/venv/lib/python3.12/site-packages/oslo_config/cfg.py:3549}}
Sep 23 15:42:52.682173 np0000193819 devstack@n-api-meta.service[107254]: DEBUG nova.api.openstack.wsgi_app [None req-128d64ee-87be-41f7-8cf2-41f2f73e9119 None None] default_log_levels = ['amqp=WARN', 'boto=WARN', 'sqlalchemy=WARN', 'suds=INFO', 'oslo.messaging=INFO', 'oslo_messaging=INFO', 'iso8601=WARN', 'requests.packages.urllib3.connectionpool=WARN', 'urllib3.connectionpool=WARN', 'websocket=WARN', 'requests.packages.urllib3.util.retry=WARN', 'urllib3.util.retry=WARN', 'keystonemiddleware=WARN', 'routes.middleware=WARN', 'stevedore=WARN', 'taskflow=WARN', 'keystoneauth=WARN', 'oslo.cache=INFO', 'oslo_policy=INFO', 'dogpile.core.dogpile=INFO', 'glanceclient=WARN', 'oslo.privsep.daemon=INFO'] {{(pid=107254) log_opt_values /opt/stack/data/venv/lib/python3.12/site-packages/oslo_config/cfg.py:3549}}
Sep 23 15:42:52.682297 np0000193819 devstack@n-api-meta.service[107254]: DEBUG nova.api.openstack.wsgi_app [None req-128d64ee-87be-41f7-8cf2-41f2f73e9119 None None] default_schedule_zone = None {{(pid=107254) log_opt_values /opt/stack/data/venv/lib/python3.12/site-packages/oslo_config/cfg.py:3549}}
Sep 23 15:42:52.682416 np0000193819 devstack@n-api-meta.service[107254]: DEBUG nova.api.openstack.wsgi_app [None req-128d64ee-87be-41f7-8cf2-41f2f73e9119 None None] default_thread_pool_size = 10 {{(pid=107254) log_opt_values /opt/stack/data/venv/lib/python3.12/site-packages/oslo_config/cfg.py:3549}}
Sep 23 15:42:52.682535 np0000193819 devstack@n-api-meta.service[107254]: DEBUG nova.api.openstack.wsgi_app [None req-128d64ee-87be-41f7-8cf2-41f2f73e9119 None None] disk_allocation_ratio = None {{(pid=107254) log_opt_values /opt/stack/data/venv/lib/python3.12/site-packages/oslo_config/cfg.py:3549}}
Sep 23 15:42:52.682650 np0000193819 devstack@n-api-meta.service[107254]: DEBUG nova.api.openstack.wsgi_app [None req-128d64ee-87be-41f7-8cf2-41f2f73e9119 None None] enable_new_services = True {{(pid=107254) log_opt_values /opt/stack/data/venv/lib/python3.12/site-packages/oslo_config/cfg.py:3549}}
Sep 23 15:42:52.682797 np0000193819 devstack@n-api-meta.service[107254]: DEBUG nova.api.openstack.wsgi_app [None req-128d64ee-87be-41f7-8cf2-41f2f73e9119 None None] flat_injected = False {{(pid=107254) log_opt_values /opt/stack/data/venv/lib/python3.12/site-packages/oslo_config/cfg.py:3549}}
Sep 23 15:42:52.682942 np0000193819 devstack@n-api-meta.service[107254]: DEBUG nova.api.openstack.wsgi_app [None req-128d64ee-87be-41f7-8cf2-41f2f73e9119 None None] force_config_drive = False {{(pid=107254) log_opt_values /opt/stack/data/venv/lib/python3.12/site-packages/oslo_config/cfg.py:3549}}
Sep 23 15:42:52.683035 np0000193819 devstack@n-api-meta.service[107254]: DEBUG nova.api.openstack.wsgi_app [None req-128d64ee-87be-41f7-8cf2-41f2f73e9119 None None] force_raw_images = True {{(pid=107254) log_opt_values /opt/stack/data/venv/lib/python3.12/site-packages/oslo_config/cfg.py:3549}}
Sep 23 15:42:52.683156 np0000193819 devstack@n-api-meta.service[107254]: DEBUG nova.api.openstack.wsgi_app [None req-128d64ee-87be-41f7-8cf2-41f2f73e9119 None None] graceful_shutdown_timeout = 5 {{(pid=107254) log_opt_values /opt/stack/data/venv/lib/python3.12/site-packages/oslo_config/cfg.py:3549}}
Sep 23 15:42:52.683278 np0000193819 devstack@n-api-meta.service[107254]: DEBUG nova.api.openstack.wsgi_app [None req-128d64ee-87be-41f7-8cf2-41f2f73e9119 None None] heal_instance_info_cache_interval = -1 {{(pid=107254) log_opt_values /opt/stack/data/venv/lib/python3.12/site-packages/oslo_config/cfg.py:3549}}
Sep 23 15:42:52.683495 np0000193819 devstack@n-api-meta.service[107254]: DEBUG nova.api.openstack.wsgi_app [None req-128d64ee-87be-41f7-8cf2-41f2f73e9119 None None] host = np0000193819 {{(pid=107254) log_opt_values /opt/stack/data/venv/lib/python3.12/site-packages/oslo_config/cfg.py:3549}}
Sep 23 15:42:52.683581 np0000193819 devstack@n-api-meta.service[107254]: DEBUG nova.api.openstack.wsgi_app [None req-128d64ee-87be-41f7-8cf2-41f2f73e9119 None None] initial_cpu_allocation_ratio = 4.0 {{(pid=107254) log_opt_values /opt/stack/data/venv/lib/python3.12/site-packages/oslo_config/cfg.py:3549}}
Sep 23 15:42:52.683722 np0000193819 devstack@n-api-meta.service[107254]: DEBUG nova.api.openstack.wsgi_app [None req-128d64ee-87be-41f7-8cf2-41f2f73e9119 None None] initial_disk_allocation_ratio = 1.0 {{(pid=107254) log_opt_values /opt/stack/data/venv/lib/python3.12/site-packages/oslo_config/cfg.py:3549}}
Sep 23 15:42:52.683834 np0000193819 devstack@n-api-meta.service[107254]: DEBUG nova.api.openstack.wsgi_app [None req-128d64ee-87be-41f7-8cf2-41f2f73e9119 None None] initial_ram_allocation_ratio = 1.0 {{(pid=107254) log_opt_values /opt/stack/data/venv/lib/python3.12/site-packages/oslo_config/cfg.py:3549}}
Sep 23 15:42:52.684018 np0000193819 devstack@n-api-meta.service[107254]: DEBUG nova.api.openstack.wsgi_app [None req-128d64ee-87be-41f7-8cf2-41f2f73e9119 None None] injected_network_template = /opt/stack/nova/nova/virt/interfaces.template {{(pid=107254) log_opt_values /opt/stack/data/venv/lib/python3.12/site-packages/oslo_config/cfg.py:3549}}
Sep 23 15:42:52.684149 np0000193819 devstack@n-api-meta.service[107254]: DEBUG nova.api.openstack.wsgi_app [None req-128d64ee-87be-41f7-8cf2-41f2f73e9119 None None] instance_build_timeout = 0 {{(pid=107254) log_opt_values /opt/stack/data/venv/lib/python3.12/site-packages/oslo_config/cfg.py:3549}}
Sep 23 15:42:52.684267 np0000193819 devstack@n-api-meta.service[107254]: DEBUG nova.api.openstack.wsgi_app [None req-128d64ee-87be-41f7-8cf2-41f2f73e9119 None None] instance_delete_interval = 300 {{(pid=107254) log_opt_values /opt/stack/data/venv/lib/python3.12/site-packages/oslo_config/cfg.py:3549}}
Sep 23 15:42:52.684404 np0000193819 devstack@n-api-meta.service[107254]: DEBUG nova.api.openstack.wsgi_app [None req-128d64ee-87be-41f7-8cf2-41f2f73e9119 None None] instance_format = [instance: %(uuid)s] {{(pid=107254) log_opt_values /opt/stack/data/venv/lib/python3.12/site-packages/oslo_config/cfg.py:3549}}
Sep 23 15:42:52.684538 np0000193819 devstack@n-api-meta.service[107254]: DEBUG nova.api.openstack.wsgi_app [None req-128d64ee-87be-41f7-8cf2-41f2f73e9119 None None] instance_name_template = instance-%08x {{(pid=107254) log_opt_values /opt/stack/data/venv/lib/python3.12/site-packages/oslo_config/cfg.py:3549}}
Sep 23 15:42:52.684656 np0000193819 devstack@n-api-meta.service[107254]: DEBUG nova.api.openstack.wsgi_app [None req-128d64ee-87be-41f7-8cf2-41f2f73e9119 None None] instance_usage_audit = False {{(pid=107254) log_opt_values /opt/stack/data/venv/lib/python3.12/site-packages/oslo_config/cfg.py:3549}}
Sep 23 15:42:52.684797 np0000193819 devstack@n-api-meta.service[107254]: DEBUG nova.api.openstack.wsgi_app [None req-128d64ee-87be-41f7-8cf2-41f2f73e9119 None None] instance_usage_audit_period = month {{(pid=107254) log_opt_values /opt/stack/data/venv/lib/python3.12/site-packages/oslo_config/cfg.py:3549}}
Sep 23 15:42:52.684923 np0000193819 devstack@n-api-meta.service[107254]: DEBUG nova.api.openstack.wsgi_app [None req-128d64ee-87be-41f7-8cf2-41f2f73e9119 None None] instance_uuid_format = [instance: %(uuid)s] {{(pid=107254) log_opt_values /opt/stack/data/venv/lib/python3.12/site-packages/oslo_config/cfg.py:3549}}
Sep 23 15:42:52.685043 np0000193819 devstack@n-api-meta.service[107254]: DEBUG nova.api.openstack.wsgi_app [None req-128d64ee-87be-41f7-8cf2-41f2f73e9119 None None] instances_path = /opt/stack/data/nova/instances {{(pid=107254) log_opt_values /opt/stack/data/venv/lib/python3.12/site-packages/oslo_config/cfg.py:3549}}
Sep 23 15:42:52.685170 np0000193819 devstack@n-api-meta.service[107254]: DEBUG nova.api.openstack.wsgi_app [None req-128d64ee-87be-41f7-8cf2-41f2f73e9119 None None] internal_service_availability_zone = internal {{(pid=107254) log_opt_values /opt/stack/data/venv/lib/python3.12/site-packages/oslo_config/cfg.py:3549}}
Sep 23 15:42:52.685301 np0000193819 devstack@n-api-meta.service[107254]: DEBUG nova.api.openstack.wsgi_app [None req-128d64ee-87be-41f7-8cf2-41f2f73e9119 None None] key = None {{(pid=107254) log_opt_values /opt/stack/data/venv/lib/python3.12/site-packages/oslo_config/cfg.py:3549}}
Sep 23 15:42:52.685447 np0000193819 devstack@n-api-meta.service[107254]: DEBUG nova.api.openstack.wsgi_app [None req-128d64ee-87be-41f7-8cf2-41f2f73e9119 None None] live_migration_retry_count = 30 {{(pid=107254) log_opt_values /opt/stack/data/venv/lib/python3.12/site-packages/oslo_config/cfg.py:3549}}
Sep 23 15:42:52.685572 np0000193819 devstack@n-api-meta.service[107254]: DEBUG nova.api.openstack.wsgi_app [None req-128d64ee-87be-41f7-8cf2-41f2f73e9119 None None] log_color = False {{(pid=107254) log_opt_values /opt/stack/data/venv/lib/python3.12/site-packages/oslo_config/cfg.py:3549}}
Sep 23 15:42:52.685716 np0000193819 devstack@n-api-meta.service[107254]: DEBUG nova.api.openstack.wsgi_app [None req-128d64ee-87be-41f7-8cf2-41f2f73e9119 None None] log_config_append = None {{(pid=107254) log_opt_values /opt/stack/data/venv/lib/python3.12/site-packages/oslo_config/cfg.py:3549}}
Sep 23 15:42:52.685832 np0000193819 devstack@n-api-meta.service[107254]: DEBUG nova.api.openstack.wsgi_app [None req-128d64ee-87be-41f7-8cf2-41f2f73e9119 None None] log_date_format = %Y-%m-%d %H:%M:%S {{(pid=107254) log_opt_values /opt/stack/data/venv/lib/python3.12/site-packages/oslo_config/cfg.py:3549}}
Sep 23 15:42:52.685950 np0000193819 devstack@n-api-meta.service[107254]: DEBUG nova.api.openstack.wsgi_app [None req-128d64ee-87be-41f7-8cf2-41f2f73e9119 None None] log_dir = None {{(pid=107254) log_opt_values /opt/stack/data/venv/lib/python3.12/site-packages/oslo_config/cfg.py:3549}}
Sep 23 15:42:52.686065 np0000193819 devstack@n-api-meta.service[107254]: DEBUG nova.api.openstack.wsgi_app [None req-128d64ee-87be-41f7-8cf2-41f2f73e9119 None None] log_file = None {{(pid=107254) log_opt_values /opt/stack/data/venv/lib/python3.12/site-packages/oslo_config/cfg.py:3549}}
Sep 23 15:42:52.686160 np0000193819 devstack@n-api-meta.service[107254]: DEBUG nova.api.openstack.wsgi_app [None req-128d64ee-87be-41f7-8cf2-41f2f73e9119 None None] log_options = True {{(pid=107254) log_opt_values /opt/stack/data/venv/lib/python3.12/site-packages/oslo_config/cfg.py:3549}}
Sep 23 15:42:52.686276 np0000193819 devstack@n-api-meta.service[107254]: DEBUG nova.api.openstack.wsgi_app [None req-128d64ee-87be-41f7-8cf2-41f2f73e9119 None None] log_rotate_interval = 1 {{(pid=107254) log_opt_values /opt/stack/data/venv/lib/python3.12/site-packages/oslo_config/cfg.py:3549}}
Sep 23 15:42:52.686411 np0000193819 devstack@n-api-meta.service[107254]: DEBUG nova.api.openstack.wsgi_app [None req-128d64ee-87be-41f7-8cf2-41f2f73e9119 None None] log_rotate_interval_type = days {{(pid=107254) log_opt_values /opt/stack/data/venv/lib/python3.12/site-packages/oslo_config/cfg.py:3549}}
Sep 23 15:42:52.686542 np0000193819 devstack@n-api-meta.service[107254]: DEBUG nova.api.openstack.wsgi_app [None req-128d64ee-87be-41f7-8cf2-41f2f73e9119 None None] log_rotation_type = none {{(pid=107254) log_opt_values /opt/stack/data/venv/lib/python3.12/site-packages/oslo_config/cfg.py:3549}}
Sep 23 15:42:52.686611 np0000193819 devstack@n-api-meta.service[107255]: DEBUG dbcounter [-] [107255] Writer thread running {{(pid=107255) stat_writer /opt/stack/data/venv/lib/python3.12/site-packages/dbcounter.py:102}}
Sep 23 15:42:52.686709 np0000193819 devstack@n-api-meta.service[107254]: DEBUG nova.api.openstack.wsgi_app [None req-128d64ee-87be-41f7-8cf2-41f2f73e9119 None None] logging_context_format_string = %(color)s%(levelname)s %(name)s [%(global_request_id)s %(request_id)s %(project_name)s %(user_name)s%(color)s] %(instance)s%(color)s%(message)s {{(pid=107254) log_opt_values /opt/stack/data/venv/lib/python3.12/site-packages/oslo_config/cfg.py:3549}}
Sep 23 15:42:52.686787 np0000193819 devstack@n-api-meta.service[107254]: DEBUG nova.api.openstack.wsgi_app [None req-128d64ee-87be-41f7-8cf2-41f2f73e9119 None None] logging_debug_format_suffix = {{(pid=%(process)d) %(funcName)s %(pathname)s:%(lineno)d}} {{(pid=107254) log_opt_values /opt/stack/data/venv/lib/python3.12/site-packages/oslo_config/cfg.py:3549}}
Sep 23 15:42:52.686857 np0000193819 devstack@n-api-meta.service[107254]: DEBUG nova.api.openstack.wsgi_app [None req-128d64ee-87be-41f7-8cf2-41f2f73e9119 None None] logging_default_format_string = %(color)s%(levelname)s %(name)s [-%(color)s] %(instance)s%(color)s%(message)s {{(pid=107254) log_opt_values /opt/stack/data/venv/lib/python3.12/site-packages/oslo_config/cfg.py:3549}}
Sep 23 15:42:52.686986 np0000193819 devstack@n-api-meta.service[107254]: DEBUG nova.api.openstack.wsgi_app [None req-128d64ee-87be-41f7-8cf2-41f2f73e9119 None None] logging_exception_prefix = ERROR %(name)s %(instance)s {{(pid=107254) log_opt_values /opt/stack/data/venv/lib/python3.12/site-packages/oslo_config/cfg.py:3549}}
