+ COMMAND=start + start + for KEYSTONE_WSGI_SCRIPT in keystone-wsgi-public ++ type -p keystone-wsgi-public + cp -a /var/lib/openstack/bin/keystone-wsgi-public /var/www/cgi-bin/keystone/ + '[' -f /etc/apache2/envvars ']' + source /etc/apache2/envvars ++ unset HOME ++ '[' '' '!=' '' ']' ++ SUFFIX= ++ export APACHE_RUN_USER=www-data ++ APACHE_RUN_USER=www-data ++ export APACHE_RUN_GROUP=www-data ++ APACHE_RUN_GROUP=www-data ++ export APACHE_PID_FILE=/var/run/apache2/apache2.pid ++ APACHE_PID_FILE=/var/run/apache2/apache2.pid ++ export APACHE_RUN_DIR=/var/run/apache2 ++ APACHE_RUN_DIR=/var/run/apache2 ++ export APACHE_LOCK_DIR=/var/lock/apache2 ++ APACHE_LOCK_DIR=/var/lock/apache2 ++ export APACHE_LOG_DIR=/var/log/apache2 ++ APACHE_LOG_DIR=/var/log/apache2 ++ export LANG=C ++ LANG=C ++ export LANG + '[' -f /var/run/apache2/apache2.pid ']' + exec apache2 -DFOREGROUND AH00558: apache2: Could not reliably determine the server's fully qualified domain name, using 10.0.0.10. Set the 'ServerName' directive globally to suppress this message AH00558: apache2: Could not reliably determine the server's fully qualified domain name, using 10.0.0.10. Set the 'ServerName' directive globally to suppress this message
[Mon Jun 22 23:15:54.938160 2026] [mpm_event:notice] [pid 1:tid 140611683956608] AH00489: Apache/2.4.58 (Ubuntu) mod_wsgi/5.0.0 Python/3.12 configured -- resuming normal operations
[Mon Jun 22 23:15:54.938386 2026] [core:notice] [pid 1:tid 140611683956608] AH00094: Command line: 'apache2 -D FOREGROUND'
[Mon Jun 22 23:16:53.672773 2026] [wsgi:error] [pid 11:tid 140611047184064] /var/lib/openstack/lib/python3.12/site-packages/oslo_utils/importutils.py:77: EventletDeprecationWarning:
[Mon Jun 22 23:16:53.672820 2026] [wsgi:error] [pid 11:tid 140611047184064] Eventlet is deprecated. It is currently being maintained in bugfix mode, and
[Mon Jun 22 23:16:53.672822 2026] [wsgi:error] [pid 11:tid 140611047184064] we strongly recommend against using it for new projects.
[Mon Jun 22 23:16:53.672824 2026] [wsgi:error] [pid 11:tid 140611047184064]
[Mon Jun 22 23:16:53.672825 2026] [wsgi:error] [pid 11:tid 140611047184064] If you are already using Eventlet, we recommend migrating to a different
[Mon Jun 22 23:16:53.672826 2026] [wsgi:error] [pid 11:tid 140611047184064] framework. For more detail see
[Mon Jun 22 23:16:53.672827 2026] [wsgi:error] [pid 11:tid 140611047184064] https://eventlet.readthedocs.io/en/latest/asyncio/migration.html
[Mon Jun 22 23:16:53.672828 2026] [wsgi:error] [pid 11:tid 140611047184064]
[Mon Jun 22 23:16:53.672829 2026] [wsgi:error] [pid 11:tid 140611047184064] __import__(import_str)
[Mon Jun 22 23:16:53.701576 2026] [wsgi:error] [pid 12:tid 140611047184064] /var/lib/openstack/lib/python3.12/site-packages/oslo_utils/importutils.py:77: EventletDeprecationWarning:
[Mon Jun 22 23:16:53.701630 2026] [wsgi:error] [pid 12:tid 140611047184064] Eventlet is deprecated. It is currently being maintained in bugfix mode, and
[Mon Jun 22 23:16:53.701632 2026] [wsgi:error] [pid 12:tid 140611047184064] we strongly recommend against using it for new projects.
[Mon Jun 22 23:16:53.701634 2026] [wsgi:error] [pid 12:tid 140611047184064]
[Mon Jun 22 23:16:53.701635 2026] [wsgi:error] [pid 12:tid 140611047184064] If you are already using Eventlet, we recommend migrating to a different
[Mon Jun 22 23:16:53.701636 2026] [wsgi:error] [pid 12:tid 140611047184064] framework. For more detail see
[Mon Jun 22 23:16:53.701637 2026] [wsgi:error] [pid 12:tid 140611047184064] https://eventlet.readthedocs.io/en/latest/asyncio/migration.html
[Mon Jun 22 23:16:53.701638 2026] [wsgi:error] [pid 12:tid 140611047184064]
[Mon Jun 22 23:16:53.701639 2026] [wsgi:error] [pid 12:tid 140611047184064] __import__(import_str) 10.0.0.229 - - [22/Jun/2026:23:16:52 +0000] "GET /v3/ HTTP/1.1" 200 249 10.0.0.229 - - [22/Jun/2026:23:16:52 +0000] "GET /v3/ HTTP/1.1" 200 249
[Mon Jun 22 23:17:08.187984 2026] [wsgi:error] [pid 10:tid 140611047184064] /var/lib/openstack/lib/python3.12/site-packages/oslo_utils/importutils.py:77: EventletDeprecationWarning:
[Mon Jun 22 23:17:08.188039 2026] [wsgi:error] [pid 10:tid 140611047184064] Eventlet is deprecated. It is currently being maintained in bugfix mode, and
[Mon Jun 22 23:17:08.188041 2026] [wsgi:error] [pid 10:tid 140611047184064] we strongly recommend against using it for new projects.
[Mon Jun 22 23:17:08.188042 2026] [wsgi:error] [pid 10:tid 140611047184064]
[Mon Jun 22 23:17:08.188043 2026] [wsgi:error] [pid 10:tid 140611047184064] If you are already using Eventlet, we recommend migrating to a different
[Mon Jun 22 23:17:08.188044 2026] [wsgi:error] [pid 10:tid 140611047184064] framework. For more detail see
[Mon Jun 22 23:17:08.188046 2026] [wsgi:error] [pid 10:tid 140611047184064] https://eventlet.readthedocs.io/en/latest/asyncio/migration.html
[Mon Jun 22 23:17:08.188047 2026] [wsgi:error] [pid 10:tid 140611047184064]
[Mon Jun 22 23:17:08.188048 2026] [wsgi:error] [pid 10:tid 140611047184064] __import__(import_str) 10.0.0.158 - - [22/Jun/2026:23:17:07 +0000] "GET / HTTP/1.1" 300 295
[Mon Jun 22 23:17:13.655002 2026] [wsgi:error] [pid 9:tid 140611047184064] /var/lib/openstack/lib/python3.12/site-packages/oslo_utils/importutils.py:77: EventletDeprecationWarning:
[Mon Jun 22 23:17:13.655055 2026] [wsgi:error] [pid 9:tid 140611047184064] Eventlet is deprecated. It is currently being maintained in bugfix mode, and
[Mon Jun 22 23:17:13.655057 2026] [wsgi:error] [pid 9:tid 140611047184064] we strongly recommend against using it for new projects.
[Mon Jun 22 23:17:13.655058 2026] [wsgi:error] [pid 9:tid 140611047184064]
[Mon Jun 22 23:17:13.655060 2026] [wsgi:error] [pid 9:tid 140611047184064] If you are already using Eventlet, we recommend migrating to a different
[Mon Jun 22 23:17:13.655061 2026] [wsgi:error] [pid 9:tid 140611047184064] framework. For more detail see
[Mon Jun 22 23:17:13.655063 2026] [wsgi:error] [pid 9:tid 140611047184064] https://eventlet.readthedocs.io/en/latest/asyncio/migration.html
[Mon Jun 22 23:17:13.655064 2026] [wsgi:error] [pid 9:tid 140611047184064]
[Mon Jun 22 23:17:13.655065 2026] [wsgi:error] [pid 9:tid 140611047184064] __import__(import_str)
[Mon Jun 22 23:17:18.577156 2026] [wsgi:error] [pid 9:tid 140611047184064] [remote 10.0.0.158:43722] 2026-06-22 23:17:18.573 9 WARNING keystone.identity.core [None req-e836265c-292a-44d1-816e-4c7462020966 - - - - - -] Invalid domain name (atmosphere) found in config file name: keystone.exception.DomainNotFound: Could not find domain: atmosphere.
[Mon Jun 22 23:17:18.632043 2026] [wsgi:error] [pid 9:tid 140611047184064] [remote 10.0.0.158:43722] 2026-06-22 23:17:18.631 9 WARNING keystone.common.password_hashing [None req-e836265c-292a-44d1-816e-4c7462020966 - - - - - -] Truncating password to algorithm specific maximum length 72 characters.
[Mon Jun 22 23:17:18.917181 2026] [wsgi:error] [pid 9:tid 140611047184064] [remote 10.0.0.158:43722] 2026-06-22 23:17:18.916 9 WARNING keystone.common.fernet_utils [None req-e836265c-292a-44d1-816e-4c7462020966 - - - - - -] key_repository is world readable: /etc/keystone/fernet-keys/ 10.0.0.158 - - [22/Jun/2026:23:17:12 +0000] "POST /v3/auth/tokens HTTP/1.1" 201 1359
[Mon Jun 22 23:17:19.296115 2026] [wsgi:error] [pid 12:tid 140611047184064] [remote 10.0.0.158:43722] 2026-06-22 23:17:19.292 12 WARNING keystone.identity.core [None req-b1b68516-e211-486f-8fa1-ce7a9b68bcbd - - - - - -] Invalid domain name (atmosphere) found in config file name: keystone.exception.DomainNotFound: Could not find domain: atmosphere. 10.0.0.158 - - [22/Jun/2026:23:17:19 +0000] "POST /v3/domains HTTP/1.1" 201 261 10.0.0.110 - - [22/Jun/2026:23:17:31 +0000] "GET / HTTP/1.1" 300 295
[Mon Jun 22 23:17:31.922938 2026] [wsgi:error] [pid 10:tid 140611047184064] [remote 10.0.0.110:50750] 2026-06-22 23:17:31.922 10 WARNING keystone.common.password_hashing [None req-23003774-37f3-4198-8fd7-0ffe5fcd09c0 - - - - - -] Truncating password to algorithm specific maximum length 72 characters.
[Mon Jun 22 23:17:32.197644 2026] [wsgi:error] [pid 10:tid 140611047184064] [remote 10.0.0.110:50750] 2026-06-22 23:17:32.197 10 WARNING keystone.common.fernet_utils [None req-23003774-37f3-4198-8fd7-0ffe5fcd09c0 - - - - - -] key_repository is world readable: /etc/keystone/fernet-keys/ 10.0.0.110 - - [22/Jun/2026:23:17:31 +0000] "POST /v3/auth/tokens HTTP/1.1" 201 1359 10.0.0.110 - - [22/Jun/2026:23:17:32 +0000] "GET /v3/roles/admin HTTP/1.1" 404 83
[Mon Jun 22 23:17:32.483296 2026] [wsgi:error] [pid 12:tid 140611047184064] [remote 10.0.0.110:50750] 2026-06-22 23:17:32.482 12 WARNING keystone.common.rbac_enforcer.enforcer [None req-e02f3e77-a6f2-4607-82d2-d083f4244262 ff6c04810cc043adb4bbebf50e067730 cb3343c744114e049b42544fe122f29e - - default default] Deprecated policy rules found. Use oslopolicy-policy-generator and oslopolicy-policy-upgrade to detect and resolve deprecated policies in your configuration. 10.0.0.110 - - [22/Jun/2026:23:17:32 +0000] "GET /v3/roles?name=admin HTTP/1.1" 200 389
[Mon Jun 22 23:17:33.017965 2026] [wsgi:error] [pid 11:tid 140611047184064] [remote 10.0.0.110:50750] 2026-06-22 23:17:33.017 11 WARNING keystone.common.rbac_enforcer.enforcer [None req-fe3c4628-9164-4048-95e2-002904c42e7e ff6c04810cc043adb4bbebf50e067730 cb3343c744114e049b42544fe122f29e - - default default] Deprecated policy rules found. Use oslopolicy-policy-generator and oslopolicy-policy-upgrade to detect and resolve deprecated policies in your configuration. 10.0.0.110 - - [22/Jun/2026:23:17:32 +0000] "GET /v3/users/admin-RegionOne HTTP/1.1" 404 93
[Mon Jun 22 23:17:33.168362 2026] [wsgi:error] [pid 10:tid 140611047184064] [remote 10.0.0.110:50750] 2026-06-22 23:17:33.168 10 WARNING keystone.common.rbac_enforcer.enforcer [None req-b646af29-2533-4f29-a96c-a92e8b636d06 ff6c04810cc043adb4bbebf50e067730 cb3343c744114e049b42544fe122f29e - - default default] Deprecated policy rules found. Use oslopolicy-policy-generator and oslopolicy-policy-upgrade to detect and resolve deprecated policies in your configuration. 10.0.0.110 - - [22/Jun/2026:23:17:33 +0000] "GET /v3/users?name=admin-RegionOne HTTP/1.1" 200 422
[Mon Jun 22 23:17:33.404835 2026] [wsgi:error] [pid 9:tid 140611047184064] [remote 10.0.0.110:50750] 2026-06-22 23:17:33.404 9 WARNING keystone.common.rbac_enforcer.enforcer [None req-cad397a2-707b-4ecb-83c5-186637dfaf60 ff6c04810cc043adb4bbebf50e067730 cb3343c744114e049b42544fe122f29e - - default default] Deprecated policy rules found. Use oslopolicy-policy-generator and oslopolicy-policy-upgrade to detect and resolve deprecated policies in your configuration. 10.0.0.110 - - [22/Jun/2026:23:17:33 +0000] "GET /v3/domains/default HTTP/1.1" 200 224 10.0.0.110 - - [22/Jun/2026:23:17:33 +0000] "PUT /v3/domains/default/users/ff6c04810cc043adb4bbebf50e067730/roles/55de54c6e05547ae938d11f4890b2bc8 HTTP/1.1" 204 - 10.0.0.229 - - [22/Jun/2026:23:17:43 +0000] "GET / HTTP/1.1" 300 280 10.0.0.229 - - [22/Jun/2026:23:17:45 +0000] "GET /v3 HTTP/1.1" 200 265
[Mon Jun 22 23:17:45.131089 2026] [wsgi:error] [pid 9:tid 140611047184064] [remote 10.0.0.229:34042] 2026-06-22 23:17:45.130 9 WARNING keystone.common.password_hashing [None req-ef51e837-51e2-4f66-9da5-9324ae359391 - - - - - -] Truncating password to algorithm specific maximum length 72 characters.
[Mon Jun 22 23:17:45.406152 2026] [wsgi:error] [pid 9:tid 140611047184064] [remote 10.0.0.229:34042] 2026-06-22 23:17:45.405 9 WARNING keystone.common.fernet_utils [None req-ef51e837-51e2-4f66-9da5-9324ae359391 - - - - - -] key_repository is world readable: /etc/keystone/fernet-keys/ 10.0.0.229 - - [22/Jun/2026:23:17:45 +0000] "POST /v3/auth/tokens HTTP/1.1" 201 1359 10.0.0.229 - - [22/Jun/2026:23:17:45 +0000] "GET / HTTP/1.1" 300 280 10.0.0.229 - - [22/Jun/2026:23:17:45 +0000] "GET /v3/domains/atmosphere HTTP/1.1" 404 90 10.0.0.229 - - [22/Jun/2026:23:17:45 +0000] "GET /v3/domains?name=atmosphere HTTP/1.1" 200 368 10.0.0.229 - - [22/Jun/2026:23:17:45 +0000] "GET /v3/domains/caeb1c4a3ace44f3ab8609e4a7c89dda HTTP/1.1" 200 246 10.0.0.229 - - [22/Jun/2026:23:17:46 +0000] "GET /v3 HTTP/1.1" 200 265
[Mon Jun 22 23:17:46.534565 2026] [wsgi:error] [pid 11:tid 140611047184064] [remote 10.0.0.229:34034] 2026-06-22 23:17:46.533 11 WARNING keystone.common.password_hashing [None req-d0f8e980-37a5-4f0e-a9dd-13c40d3a33b6 - - - - - -] Truncating password to algorithm specific maximum length 72 characters.
[Mon Jun 22 23:17:46.823615 2026] [wsgi:error] [pid 11:tid 140611047184064] [remote 10.0.0.229:34034] 2026-06-22 23:17:46.823 11 WARNING keystone.common.fernet_utils [None req-d0f8e980-37a5-4f0e-a9dd-13c40d3a33b6 - - - - - -] key_repository is world readable: /etc/keystone/fernet-keys/ 10.0.0.229 - - [22/Jun/2026:23:17:46 +0000] "POST /v3/auth/tokens HTTP/1.1" 201 1359 10.0.0.229 - - [22/Jun/2026:23:17:46 +0000] "GET / HTTP/1.1" 300 280 10.0.0.229 - - [22/Jun/2026:23:17:46 +0000] "GET /v3/OS-FEDERATION/identity_providers/atmosphere HTTP/1.1" 404 101 10.0.0.229 - - [22/Jun/2026:23:17:46 +0000] "GET /v3/OS-FEDERATION/identity_providers HTTP/1.1" 200 155 10.0.0.229 - - [22/Jun/2026:23:17:46 +0000] "PUT /v3/OS-FEDERATION/identity_providers/atmosphere HTTP/1.1" 201 340 10.0.0.229 - - [22/Jun/2026:23:17:47 +0000] "GET /v3 HTTP/1.1" 200 265
[Mon Jun 22 23:17:47.691487 2026] [wsgi:error] [pid 9:tid 140611047184064] [remote 10.0.0.229:34034] 2026-06-22 23:17:47.691 9 WARNING keystone.common.password_hashing [None req-23cd6a9e-6cdd-46dd-814c-5c2cc38fd1f3 - - - - - -] Truncating password to algorithm specific maximum length 72 characters.
[Mon Jun 22 23:17:47.985567 2026] [wsgi:error] [pid 9:tid 140611047184064] [remote 10.0.0.229:34034] 2026-06-22 23:17:47.985 9 WARNING keystone.common.fernet_utils [None req-23cd6a9e-6cdd-46dd-814c-5c2cc38fd1f3 - - - - - -] key_repository is world readable: /etc/keystone/fernet-keys/ 10.0.0.229 - - [22/Jun/2026:23:17:47 +0000] "POST /v3/auth/tokens HTTP/1.1" 201 1359 10.0.0.229 - - [22/Jun/2026:23:17:48 +0000] "GET / HTTP/1.1" 300 280 10.0.0.229 - - [22/Jun/2026:23:17:48 +0000] "GET /v3/OS-FEDERATION/mappings/atmosphere-openid HTTP/1.1" 404 98 10.0.0.229 - - [22/Jun/2026:23:17:48 +0000] "GET /v3/OS-FEDERATION/mappings HTTP/1.1" 200 135 10.0.0.229 - - [22/Jun/2026:23:17:48 +0000] "PUT /v3/OS-FEDERATION/mappings/atmosphere-openid HTTP/1.1" 201 356 10.0.0.229 - - [22/Jun/2026:23:17:48 +0000] "GET /v3 HTTP/1.1" 200 265
[Mon Jun 22 23:17:48.814098 2026] [wsgi:error] [pid 11:tid 140611047184064] [remote 10.0.0.229:34042] 2026-06-22 23:17:48.813 11 WARNING keystone.common.password_hashing [None req-759e990b-1d7f-4c8e-afb4-a1d3e1da84e3 - - - - - -] Truncating password to algorithm specific maximum length 72 characters.
[Mon Jun 22 23:17:49.098019 2026] [wsgi:error] [pid 11:tid 140611047184064] [remote 10.0.0.229:34042] 2026-06-22 23:17:49.097 11 WARNING keystone.common.fernet_utils [None req-759e990b-1d7f-4c8e-afb4-a1d3e1da84e3 - - - - - -] key_repository is world readable: /etc/keystone/fernet-keys/ 10.0.0.229 - - [22/Jun/2026:23:17:48 +0000] "POST /v3/auth/tokens HTTP/1.1" 201 1359 10.0.0.229 - - [22/Jun/2026:23:17:49 +0000] "GET / HTTP/1.1" 300 280 10.0.0.229 - - [22/Jun/2026:23:17:49 +0000] "GET /v3/OS-FEDERATION/identity_providers/atmosphere/protocols/openid?idp_id=atmosphere HTTP/1.1" 404 131 10.0.0.229 - - [22/Jun/2026:23:17:49 +0000] "GET /v3/OS-FEDERATION/identity_providers/atmosphere/protocols HTTP/1.1" 200 167 10.0.0.229 - - [22/Jun/2026:23:17:49 +0000] "PUT /v3/OS-FEDERATION/identity_providers/atmosphere/protocols/openid HTTP/1.1" 201 222 10.0.0.229 - - [22/Jun/2026:23:17:52 +0000] "GET /v3/ HTTP/1.1" 200 249 10.0.0.229 - - [22/Jun/2026:23:17:52 +0000] "GET /v3/ HTTP/1.1" 200 249 10.0.0.229 - - [22/Jun/2026:23:18:52 +0000] "GET /v3/ HTTP/1.1" 200 249 10.0.0.229 - - [22/Jun/2026:23:18:52 +0000] "GET /v3/ HTTP/1.1" 200 249 10.0.0.250 - - [22/Jun/2026:23:19:14 +0000] "GET / HTTP/1.1" 300 295
[Mon Jun 22 23:19:14.389429 2026] [wsgi:error] [pid 9:tid 140611047184064] [remote 10.0.0.250:54794] 2026-06-22 23:19:14.389 9 WARNING keystone.common.password_hashing [None req-cd21c344-11f9-453c-8a8f-ed7078fd3421 - - - - - -] Truncating password to algorithm specific maximum length 72 characters.
[Mon Jun 22 23:19:14.676102 2026] [wsgi:error] [pid 9:tid 140611047184064] [remote 10.0.0.250:54794] 2026-06-22 23:19:14.675 9 WARNING keystone.common.fernet_utils [None req-cd21c344-11f9-453c-8a8f-ed7078fd3421 - - - - - -] key_repository is world readable: /etc/keystone/fernet-keys/ 10.0.0.250 - - [22/Jun/2026:23:19:14 +0000] "POST /v3/auth/tokens HTTP/1.1" 201 1359 10.0.0.250 - - [22/Jun/2026:23:19:14 +0000] "GET /v3/services HTTP/1.1" 200 355 10.0.0.250 - - [22/Jun/2026:23:19:18 +0000] "GET / HTTP/1.1" 300 295
[Mon Jun 22 23:19:18.456894 2026] [wsgi:error] [pid 10:tid 140611047184064] [remote 10.0.0.250:50430] 2026-06-22 23:19:18.456 10 WARNING keystone.common.password_hashing [None req-0bdf0b42-deb8-4b4b-81ed-0ca6c8bf0229 - - - - - -] Truncating password to algorithm specific maximum length 72 characters.
[Mon Jun 22 23:19:18.734837 2026] [wsgi:error] [pid 10:tid 140611047184064] [remote 10.0.0.250:50430] 2026-06-22 23:19:18.734 10 WARNING keystone.common.fernet_utils [None req-0bdf0b42-deb8-4b4b-81ed-0ca6c8bf0229 - - - - - -] key_repository is world readable: /etc/keystone/fernet-keys/ 10.0.0.250 - - [22/Jun/2026:23:19:18 +0000] "POST /v3/auth/tokens HTTP/1.1" 201 1359 10.0.0.250 - - [22/Jun/2026:23:19:18 +0000] "GET /v3/services HTTP/1.1" 200 355 10.0.0.250 - - [22/Jun/2026:23:19:22 +0000] "GET / HTTP/1.1" 300 295
[Mon Jun 22 23:19:22.490162 2026] [wsgi:error] [pid 11:tid 140611047184064] [remote 10.0.0.250:50446] 2026-06-22 23:19:22.489 11 WARNING keystone.common.password_hashing [None req-711a7244-a081-42dc-b004-01e5fccec532 - - - - - -] Truncating password to algorithm specific maximum length 72 characters.
[Mon Jun 22 23:19:22.767847 2026] [wsgi:error] [pid 11:tid 140611047184064] [remote 10.0.0.250:50446] 2026-06-22 23:19:22.767 11 WARNING keystone.common.fernet_utils [None req-711a7244-a081-42dc-b004-01e5fccec532 - - - - - -] key_repository is world readable: /etc/keystone/fernet-keys/ 10.0.0.250 - - [22/Jun/2026:23:19:22 +0000] "POST /v3/auth/tokens HTTP/1.1" 201 1359 10.0.0.250 - - [22/Jun/2026:23:19:22 +0000] "GET /v3/services HTTP/1.1" 200 355 10.0.0.250 - - [22/Jun/2026:23:19:26 +0000] "GET / HTTP/1.1" 300 295
[Mon Jun 22 23:19:26.537443 2026] [wsgi:error] [pid 12:tid 140611047184064] [remote 10.0.0.250:47246] 2026-06-22 23:19:26.536 12 WARNING keystone.common.password_hashing [None req-cb643a2b-ec28-4aca-a83d-8b42f19cdb2b - - - - - -] Truncating password to algorithm specific maximum length 72 characters.
[Mon Jun 22 23:19:26.808464 2026] [wsgi:error] [pid 12:tid 140611047184064] [remote 10.0.0.250:47246] 2026-06-22 23:19:26.808 12 WARNING keystone.common.fernet_utils [None req-cb643a2b-ec28-4aca-a83d-8b42f19cdb2b - - - - - -] key_repository is world readable: /etc/keystone/fernet-keys/ 10.0.0.250 - - [22/Jun/2026:23:19:26 +0000] "POST /v3/auth/tokens HTTP/1.1" 201 1359 10.0.0.250 - - [22/Jun/2026:23:19:26 +0000] "POST /v3/services HTTP/1.1" 201 296 10.0.0.2 - - [22/Jun/2026:23:19:38 +0000] "GET / HTTP/1.1" 300 295
[Mon Jun 22 23:19:38.903671 2026] [wsgi:error] [pid 9:tid 140611047184064] [remote 10.0.0.2:56022] 2026-06-22 23:19:38.903 9 WARNING keystone.common.password_hashing [None req-ee80a777-65c0-42db-bdfe-7347d4bf2a71 - - - - - -] Truncating password to algorithm specific maximum length 72 characters. 10.0.0.2 - - [22/Jun/2026:23:19:38 +0000] "GET / HTTP/1.1" 300 295
[Mon Jun 22 23:19:38.986591 2026] [wsgi:error] [pid 11:tid 140611047184064] [remote 10.0.0.2:56038] 2026-06-22 23:19:38.986 11 WARNING keystone.common.password_hashing [None req-4ec05495-38b2-4122-8f3e-21866ce374a5 - - - - - -] Truncating password to algorithm specific maximum length 72 characters. 10.0.0.2 - - [22/Jun/2026:23:19:39 +0000] "GET / HTTP/1.1" 300 295
[Mon Jun 22 23:19:39.051129 2026] [wsgi:error] [pid 12:tid 140611047184064] [remote 10.0.0.2:56040] 2026-06-22 23:19:39.050 12 WARNING keystone.common.password_hashing [None req-abd31f0e-dc5e-4a4a-bd87-4ac7a5983ea8 - - - - - -] Truncating password to algorithm specific maximum length 72 characters.
[Mon Jun 22 23:19:39.175336 2026] [wsgi:error] [pid 9:tid 140611047184064] [remote 10.0.0.2:56022] 2026-06-22 23:19:39.175 9 WARNING keystone.common.fernet_utils [None req-ee80a777-65c0-42db-bdfe-7347d4bf2a71 - - - - - -] key_repository is world readable: /etc/keystone/fernet-keys/ 10.0.0.2 - - [22/Jun/2026:23:19:38 +0000] "POST /v3/auth/tokens HTTP/1.1" 201 1463
[Mon Jun 22 23:19:39.269440 2026] [wsgi:error] [pid 11:tid 140611047184064] [remote 10.0.0.2:56038] 2026-06-22 23:19:39.269 11 WARNING keystone.common.fernet_utils [None req-4ec05495-38b2-4122-8f3e-21866ce374a5 - - - - - -] key_repository is world readable: /etc/keystone/fernet-keys/ 10.0.0.2 - - [22/Jun/2026:23:19:38 +0000] "POST /v3/auth/tokens HTTP/1.1" 201 1463 10.0.0.2 - - [22/Jun/2026:23:19:39 +0000] "GET /v3/services HTTP/1.1" 200 639
[Mon Jun 22 23:19:39.326755 2026] [wsgi:error] [pid 12:tid 140611047184064] [remote 10.0.0.2:56040] 2026-06-22 23:19:39.326 12 WARNING keystone.common.fernet_utils [None req-abd31f0e-dc5e-4a4a-bd87-4ac7a5983ea8 - - - - - -] key_repository is world readable: /etc/keystone/fernet-keys/ 10.0.0.2 - - [22/Jun/2026:23:19:39 +0000] "POST /v3/auth/tokens HTTP/1.1" 201 1463 10.0.0.2 - - [22/Jun/2026:23:19:39 +0000] "GET /v3/services HTTP/1.1" 200 639 10.0.0.2 - - [22/Jun/2026:23:19:39 +0000] "GET /v3/services HTTP/1.1" 200 639 10.0.0.2 - - [22/Jun/2026:23:19:41 +0000] "GET / HTTP/1.1" 300 295 10.0.0.2 - - [22/Jun/2026:23:19:41 +0000] "GET / HTTP/1.1" 300 295
[Mon Jun 22 23:19:41.119765 2026] [wsgi:error] [pid 12:tid 140611047184064] [remote 10.0.0.2:56056] 2026-06-22 23:19:41.119 12 WARNING keystone.common.password_hashing [None req-432c2368-a257-4687-8665-54bdf7081223 - - - - - -] Truncating password to algorithm specific maximum length 72 characters.
[Mon Jun 22 23:19:41.132006 2026] [wsgi:error] [pid 11:tid 140611047184064] [remote 10.0.0.2:56060] 2026-06-22 23:19:41.131 11 WARNING keystone.common.password_hashing [None req-08f7a9e2-c51c-41fb-931c-2a4b974a33c2 - - - - - -] Truncating password to algorithm specific maximum length 72 characters. 10.0.0.2 - - [22/Jun/2026:23:19:41 +0000] "GET / HTTP/1.1" 300 295
[Mon Jun 22 23:19:41.268583 2026] [wsgi:error] [pid 9:tid 140611047184064] [remote 10.0.0.2:56074] 2026-06-22 23:19:41.268 9 WARNING keystone.common.password_hashing [None req-e9e3fa27-d364-4d7b-ad29-958483b7a945 - - - - - -] Truncating password to algorithm specific maximum length 72 characters.
[Mon Jun 22 23:19:41.398473 2026] [wsgi:error] [pid 12:tid 140611047184064] [remote 10.0.0.2:56056] 2026-06-22 23:19:41.398 12 WARNING keystone.common.fernet_utils [None req-432c2368-a257-4687-8665-54bdf7081223 - - - - - -] key_repository is world readable: /etc/keystone/fernet-keys/ 10.0.0.2 - - [22/Jun/2026:23:19:41 +0000] "POST /v3/auth/tokens HTTP/1.1" 201 1463
[Mon Jun 22 23:19:41.408599 2026] [wsgi:error] [pid 11:tid 140611047184064] [remote 10.0.0.2:56060] 2026-06-22 23:19:41.408 11 WARNING keystone.common.fernet_utils [None req-08f7a9e2-c51c-41fb-931c-2a4b974a33c2 - - - - - -] key_repository is world readable: /etc/keystone/fernet-keys/ 10.0.0.2 - - [22/Jun/2026:23:19:41 +0000] "POST /v3/auth/tokens HTTP/1.1" 201 1463 10.0.0.2 - - [22/Jun/2026:23:19:41 +0000] "GET /v3/endpoints HTTP/1.1" 200 1226 10.0.0.2 - - [22/Jun/2026:23:19:41 +0000] "GET /v3/endpoints HTTP/1.1" 200 1226
[Mon Jun 22 23:19:41.547987 2026] [wsgi:error] [pid 9:tid 140611047184064] [remote 10.0.0.2:56074] 2026-06-22 23:19:41.547 9 WARNING keystone.common.fernet_utils [None req-e9e3fa27-d364-4d7b-ad29-958483b7a945 - - - - - -] key_repository is world readable: /etc/keystone/fernet-keys/ 10.0.0.2 - - [22/Jun/2026:23:19:41 +0000] "GET /v3/services/332de0ddc89c44dba53a9fd008b4f608 HTTP/1.1" 200 233 10.0.0.2 - - [22/Jun/2026:23:19:41 +0000] "POST /v3/auth/tokens HTTP/1.1" 201 1463 10.0.0.2 - - [22/Jun/2026:23:19:41 +0000] "GET /v3/services/332de0ddc89c44dba53a9fd008b4f608 HTTP/1.1" 200 233 10.0.0.2 - - [22/Jun/2026:23:19:41 +0000] "GET /v3/services/332de0ddc89c44dba53a9fd008b4f608 HTTP/1.1" 200 233 10.0.0.2 - - [22/Jun/2026:23:19:41 +0000] "GET /v3/services/332de0ddc89c44dba53a9fd008b4f608 HTTP/1.1" 200 233 10.0.0.2 - - [22/Jun/2026:23:19:41 +0000] "GET /v3/services/332de0ddc89c44dba53a9fd008b4f608 HTTP/1.1" 200 233 10.0.0.2 - - [22/Jun/2026:23:19:41 +0000] "GET /v3/services/332de0ddc89c44dba53a9fd008b4f608 HTTP/1.1" 200 233 10.0.0.2 - - [22/Jun/2026:23:19:41 +0000] "GET /v3/endpoints HTTP/1.1" 200 1226 10.0.0.2 - - [22/Jun/2026:23:19:41 +0000] "GET /v3/services/332de0ddc89c44dba53a9fd008b4f608 HTTP/1.1" 200 233 10.0.0.2 - - [22/Jun/2026:23:19:41 +0000] "GET /v3/services/332de0ddc89c44dba53a9fd008b4f608 HTTP/1.1" 200 233 10.0.0.2 - - [22/Jun/2026:23:19:41 +0000] "GET /v3/services/332de0ddc89c44dba53a9fd008b4f608 HTTP/1.1" 200 233 10.0.0.2 - - [22/Jun/2026:23:19:43 +0000] "GET / HTTP/1.1" 300 295
[Mon Jun 22 23:19:43.155095 2026] [wsgi:error] [pid 11:tid 140611047184064] [remote 10.0.0.2:56082] 2026-06-22 23:19:43.154 11 WARNING keystone.common.password_hashing [None req-443ea510-6d33-4a5f-b1ef-b96e3ae8470a - - - - - -] Truncating password to algorithm specific maximum length 72 characters. 10.0.0.2 - - [22/Jun/2026:23:19:43 +0000] "GET / HTTP/1.1" 300 295
[Mon Jun 22 23:19:43.227116 2026] [wsgi:error] [pid 10:tid 140611047184064] [remote 10.0.0.2:56090] 2026-06-22 23:19:43.226 10 WARNING keystone.common.password_hashing [None req-00025d74-7f20-4a74-a311-910201b179cd - - - - - -] Truncating password to algorithm specific maximum length 72 characters.
[Mon Jun 22 23:19:43.435451 2026] [wsgi:error] [pid 11:tid 140611047184064] [remote 10.0.0.2:56082] 2026-06-22 23:19:43.435 11 WARNING keystone.common.fernet_utils [None req-443ea510-6d33-4a5f-b1ef-b96e3ae8470a - - - - - -] key_repository is world readable: /etc/keystone/fernet-keys/ 10.0.0.2 - - [22/Jun/2026:23:19:43 +0000] "POST /v3/auth/tokens HTTP/1.1" 201 1463
[Mon Jun 22 23:19:43.505788 2026] [wsgi:error] [pid 10:tid 140611047184064] [remote 10.0.0.2:56090] 2026-06-22 23:19:43.505 10 WARNING keystone.common.fernet_utils [None req-00025d74-7f20-4a74-a311-910201b179cd - - - - - -] key_repository is world readable: /etc/keystone/fernet-keys/ 10.0.0.2 - - [22/Jun/2026:23:19:43 +0000] "POST /v3/auth/tokens HTTP/1.1" 201 1463 10.0.0.2 - - [22/Jun/2026:23:19:43 +0000] "GET / HTTP/1.1" 300 295
[Mon Jun 22 23:19:43.575127 2026] [wsgi:error] [pid 11:tid 140611047184064] [remote 10.0.0.2:56094] 2026-06-22 23:19:43.574 11 WARNING keystone.common.password_hashing [None req-9048edba-e050-413c-9996-70ec8b0979a3 - - - - - -] Truncating password to algorithm specific maximum length 72 characters. 10.0.0.2 - - [22/Jun/2026:23:19:43 +0000] "GET /v3/services/6c23f3fe795f460d9c6791e85d943f55 HTTP/1.1" 200 296 10.0.0.2 - - [22/Jun/2026:23:19:43 +0000] "GET /v3/regions/RegionOne HTTP/1.1" 200 173 10.0.0.2 - - [22/Jun/2026:23:19:43 +0000] "GET /v3/services/6c23f3fe795f460d9c6791e85d943f55 HTTP/1.1" 200 296 10.0.0.2 - - [22/Jun/2026:23:19:43 +0000] "GET /v3/regions/RegionOne HTTP/1.1" 200 173 10.0.0.2 - - [22/Jun/2026:23:19:43 +0000] "POST /v3/endpoints HTTP/1.1" 201 383 10.0.0.2 - - [22/Jun/2026:23:19:43 +0000] "POST /v3/endpoints HTTP/1.1" 201 380
[Mon Jun 22 23:19:43.863893 2026] [wsgi:error] [pid 11:tid 140611047184064] [remote 10.0.0.2:56094] 2026-06-22 23:19:43.863 11 WARNING keystone.common.fernet_utils [None req-9048edba-e050-413c-9996-70ec8b0979a3 - - - - - -] key_repository is world readable: /etc/keystone/fernet-keys/ 10.0.0.2 - - [22/Jun/2026:23:19:43 +0000] "POST /v3/auth/tokens HTTP/1.1" 201 1822 10.0.0.2 - - [22/Jun/2026:23:19:43 +0000] "GET /v3/services/6c23f3fe795f460d9c6791e85d943f55 HTTP/1.1" 200 296 10.0.0.2 - - [22/Jun/2026:23:19:44 +0000] "GET /v3/regions/RegionOne HTTP/1.1" 200 173 10.0.0.2 - - [22/Jun/2026:23:19:44 +0000] "POST /v3/endpoints HTTP/1.1" 201 369 10.0.0.2 - - [22/Jun/2026:23:19:45 +0000] "GET / HTTP/1.1" 300 295
[Mon Jun 22 23:19:45.350959 2026] [wsgi:error] [pid 10:tid 140611047184064] [remote 10.0.0.2:56104] 2026-06-22 23:19:45.350 10 WARNING keystone.common.password_hashing [None req-8468e89a-21ac-48a0-bd16-e17bf79b3458 - - - - - -] Truncating password to algorithm specific maximum length 72 characters. 10.0.0.2 - - [22/Jun/2026:23:19:45 +0000] "GET / HTTP/1.1" 300 295
[Mon Jun 22 23:19:45.411106 2026] [wsgi:error] [pid 9:tid 140611047184064] [remote 10.0.0.2:56106] 2026-06-22 23:19:45.410 9 WARNING keystone.common.password_hashing [None req-14ebdb87-8bc9-4429-8b22-2b873761c0cb - - - - - -] Truncating password to algorithm specific maximum length 72 characters.
[Mon Jun 22 23:19:45.635680 2026] [wsgi:error] [pid 10:tid 140611047184064] [remote 10.0.0.2:56104] 2026-06-22 23:19:45.635 10 WARNING keystone.common.fernet_utils [None req-8468e89a-21ac-48a0-bd16-e17bf79b3458 - - - - - -] key_repository is world readable: /etc/keystone/fernet-keys/ 10.0.0.2 - - [22/Jun/2026:23:19:45 +0000] "POST /v3/auth/tokens HTTP/1.1" 201 1990
[Mon Jun 22 23:19:45.711783 2026] [wsgi:error] [pid 9:tid 140611047184064] [remote 10.0.0.2:56106] 2026-06-22 23:19:45.711 9 WARNING keystone.common.fernet_utils [None req-14ebdb87-8bc9-4429-8b22-2b873761c0cb - - - - - -] key_repository is world readable: /etc/keystone/fernet-keys/ 10.0.0.2 - - [22/Jun/2026:23:19:45 +0000] "POST /v3/auth/tokens HTTP/1.1" 201 1990 10.0.0.2 - - [22/Jun/2026:23:19:45 +0000] "GET /v3/endpoints/fbf17b9a439a4c4493f6f5f5e738b041 HTTP/1.1" 200 383 10.0.0.2 - - [22/Jun/2026:23:19:45 +0000] "GET /v3/services/6c23f3fe795f460d9c6791e85d943f55 HTTP/1.1" 200 296 10.0.0.2 - - [22/Jun/2026:23:19:45 +0000] "GET / HTTP/1.1" 300 295 10.0.0.2 - - [22/Jun/2026:23:19:45 +0000] "GET /v3/endpoints/7a64bcf630224f97964ba7402ffe9371 HTTP/1.1" 200 380
[Mon Jun 22 23:19:45.845611 2026] [wsgi:error] [pid 11:tid 140611047184064] [remote 10.0.0.2:56122] 2026-06-22 23:19:45.845 11 WARNING keystone.common.password_hashing [None req-0e579285-dc68-4d32-8d83-a7c8ac979509 - - - - - -] Truncating password to algorithm specific maximum length 72 characters. 10.0.0.2 - - [22/Jun/2026:23:19:45 +0000] "GET /v3/services/6c23f3fe795f460d9c6791e85d943f55 HTTP/1.1" 200 296
[Mon Jun 22 23:19:46.121574 2026] [wsgi:error] [pid 11:tid 140611047184064] [remote 10.0.0.2:56122] 2026-06-22 23:19:46.121 11 WARNING keystone.common.fernet_utils [None req-0e579285-dc68-4d32-8d83-a7c8ac979509 - - - - - -] key_repository is world readable: /etc/keystone/fernet-keys/ 10.0.0.2 - - [22/Jun/2026:23:19:45 +0000] "POST /v3/auth/tokens HTTP/1.1" 201 1990 10.0.0.2 - - [22/Jun/2026:23:19:46 +0000] "GET /v3/endpoints/cd4fc9b79b364ed497e10ad139fb8bb1 HTTP/1.1" 200 369 10.0.0.2 - - [22/Jun/2026:23:19:46 +0000] "GET /v3/services/6c23f3fe795f460d9c6791e85d943f55 HTTP/1.1" 200 296 10.0.0.229 - - [22/Jun/2026:23:19:52 +0000] "GET /v3/ HTTP/1.1" 200 249 10.0.0.229 - - [22/Jun/2026:23:19:52 +0000] "GET /v3/ HTTP/1.1" 200 249 10.0.0.34 - - [22/Jun/2026:23:19:59 +0000] "GET / HTTP/1.1" 300 295
[Mon Jun 22 23:19:59.134308 2026] [wsgi:error] [pid 10:tid 140611047184064] [remote 10.0.0.34:43510] 2026-06-22 23:19:59.134 10 WARNING keystone.common.password_hashing [None req-328fe8c5-a7b9-4eff-b99e-b975c3dacac2 - - - - - -] Truncating password to algorithm specific maximum length 72 characters.
[Mon Jun 22 23:19:59.423410 2026] [wsgi:error] [pid 10:tid 140611047184064] [remote 10.0.0.34:43510] 2026-06-22 23:19:59.423 10 WARNING keystone.common.fernet_utils [None req-328fe8c5-a7b9-4eff-b99e-b975c3dacac2 - - - - - -] key_repository is world readable: /etc/keystone/fernet-keys/ 10.0.0.34 - - [22/Jun/2026:23:19:59 +0000] "POST /v3/auth/tokens HTTP/1.1" 201 1990 10.0.0.34 - - [22/Jun/2026:23:19:59 +0000] "POST /v3/domains HTTP/1.1" 201 284 10.0.0.34 - - [22/Jun/2026:23:20:01 +0000] "GET / HTTP/1.1" 300 295
[Mon Jun 22 23:20:01.334701 2026] [wsgi:error] [pid 9:tid 140611047184064] [remote 10.0.0.34:43516] 2026-06-22 23:20:01.334 9 WARNING keystone.common.password_hashing [None req-06749561-2c4e-4e70-9e7a-483ae6d16a4a - - - - - -] Truncating password to algorithm specific maximum length 72 characters.
[Mon Jun 22 23:20:01.625557 2026] [wsgi:error] [pid 9:tid 140611047184064] [remote 10.0.0.34:43516] 2026-06-22 23:20:01.625 9 WARNING keystone.common.fernet_utils [None req-06749561-2c4e-4e70-9e7a-483ae6d16a4a - - - - - -] key_repository is world readable: /etc/keystone/fernet-keys/ 10.0.0.34 - - [22/Jun/2026:23:20:01 +0000] "POST /v3/auth/tokens HTTP/1.1" 201 1990
[Mon Jun 22 23:20:01.818248 2026] [wsgi:error] [pid 10:tid 140611047184064] [remote 10.0.0.34:43516] 2026-06-22 23:20:01.804 10 ERROR keystone.server.flask.application [None req-861569a7-6532-45ee-b549-7f4dd69c8758 ff6c04810cc043adb4bbebf50e067730 cb3343c744114e049b42544fe122f29e - - default default] Conflict occurred attempting to store project - it is not permitted to have two projects acting as domains with the same name: service.: keystone.exception.Conflict: Conflict occurred attempting to store project - it is not permitted to have two projects acting as domains with the same name: service.
[Mon Jun 22 23:20:01.818291 2026] [wsgi:error] [pid 10:tid 140611047184064] [remote 10.0.0.34:43516] 2026-06-22 23:20:01.804 10 ERROR keystone.server.flask.application
Traceback (most recent call last):
[Mon Jun 22 23:20:01.818294 2026] [wsgi:error] [pid 10:tid 140611047184064] [remote 10.0.0.34:43516] 2026-06-22 23:20:01.804 10 ERROR keystone.server.flask.application
File "/var/lib/openstack/lib/python3.12/site-packages/sqlalchemy/engine/base.py", line 1969, in _exec_single_context
[Mon Jun 22 23:20:01.818297 2026] [wsgi:error] [pid 10:tid 140611047184064] [remote 10.0.0.34:43516] 2026-06-22 23:20:01.804 10 ERROR keystone.server.flask.application self.dialect.do_execute(
[Mon Jun 22 23:20:01.818300 2026] [wsgi:error] [pid 10:tid 140611047184064] [remote 10.0.0.34:43516] 2026-06-22 23:20:01.804 10 ERROR keystone.server.flask.application
File "/var/lib/openstack/lib/python3.12/site-packages/sqlalchemy/engine/default.py", line 952, in do_execute
[Mon Jun 22 23:20:01.818302 2026] [wsgi:error] [pid 10:tid 140611047184064] [remote 10.0.0.34:43516] 2026-06-22 23:20:01.804 10 ERROR keystone.server.flask.application cursor.execute(statement, parameters)
[Mon Jun 22 23:20:01.818304 2026] [wsgi:error] [pid 10:tid 140611047184064] [remote 10.0.0.34:43516] 2026-06-22 23:20:01.804 10 ERROR keystone.server.flask.application
File "/var/lib/openstack/lib/python3.12/site-packages/pymysql/cursors.py", line 159, in execute
[Mon Jun 22 23:20:01.818307 2026] [wsgi:error] [pid 10:tid 140611047184064] [remote 10.0.0.34:43516] 2026-06-22 23:20:01.804 10 ERROR keystone.server.flask.application result = self._query(query)
[Mon Jun 22 23:20:01.818309 2026] [wsgi:error] [pid 10:tid 140611047184064] [remote 10.0.0.34:43516] 2026-06-22 23:20:01.804 10 ERROR keystone.server.flask.application ^^^^^^^^^^^^^^^^^^
[Mon Jun 22 23:20:01.818311 2026] [wsgi:error] [pid 10:tid 140611047184064] [remote 10.0.0.34:43516] 2026-06-22 23:20:01.804 10 ERROR keystone.server.flask.application
File "/var/lib/openstack/lib/python3.12/site-packages/pymysql/cursors.py", line 330, in _query
[Mon Jun 22 23:20:01.818313 2026] [wsgi:error] [pid 10:tid 140611047184064] [remote 10.0.0.34:43516] 2026-06-22 23:20:01.804 10 ERROR keystone.server.flask.application conn.query(q)
[Mon Jun 22 23:20:01.818315 2026] [wsgi:error] [pid 10:tid 140611047184064] [remote 10.0.0.34:43516] 2026-06-22 23:20:01.804 10 ERROR keystone.server.flask.application
File "/var/lib/openstack/lib/python3.12/site-packages/pymysql/connections.py", line 582, in query
[Mon Jun 22 23:20:01.818317 2026] [wsgi:error] [pid 10:tid 140611047184064] [remote 10.0.0.34:43516] 2026-06-22 23:20:01.804 10 ERROR keystone.server.flask.application self._affected_rows = self._read_query_result(unbuffered=unbuffered)
[Mon Jun 22 23:20:01.818319 2026] [wsgi:error] [pid 10:tid 140611047184064] [remote 10.0.0.34:43516] 2026-06-22 23:20:01.804 10 ERROR keystone.server.flask.application ^^^^^^^^^^^^^^^^^^^^^^^^^^^^^^^^^^^^^^^^^^^^^^
[Mon Jun 22 23:20:01.818322 2026] [wsgi:error] [pid 10:tid 140611047184064] [remote 10.0.0.34:43516] 2026-06-22 23:20:01.804 10 ERROR keystone.server.flask.application
File "/var/lib/openstack/lib/python3.12/site-packages/pymysql/connections.py", line 847, in _read_query_result
[Mon Jun 22 23:20:01.818324 2026] [wsgi:error] [pid 10:tid 140611047184064] [remote 10.0.0.34:43516] 2026-06-22 23:20:01.804 10 ERROR keystone.server.flask.application result.read()
[Mon Jun 22 23:20:01.818328 2026] [wsgi:error] [pid 10:tid 140611047184064] [remote 10.0.0.34:43516] 2026-06-22 23:20:01.804 10 ERROR keystone.server.flask.application
File "/var/lib/openstack/lib/python3.12/site-packages/pymysql/connections.py", line 1245, in read
[Mon Jun 22 23:20:01.818330 2026] [wsgi:error] [pid 10:tid 140611047184064] [remote 10.0.0.34:43516] 2026-06-22 23:20:01.804 10 ERROR keystone.server.flask.application first_packet = self.connection._read_packet()
[Mon Jun 22 23:20:01.818332 2026] [wsgi:error] [pid 10:tid 140611047184064] [remote 10.0.0.34:43516] 2026-06-22 23:20:01.804 10 ERROR keystone.server.flask.application ^^^^^^^^^^^^^^^^^^^^^^^^^^^^^^
[Mon Jun 22 23:20:01.818334 2026] [wsgi:error] [pid 10:tid 140611047184064] [remote 10.0.0.34:43516] 2026-06-22 23:20:01.804 10 ERROR keystone.server.flask.application
File "/var/lib/openstack/lib/python3.12/site-packages/pymysql/connections.py", line 803, in _read_packet
[Mon Jun 22 23:20:01.818337 2026] [wsgi:error] [pid 10:tid 140611047184064] [remote 10.0.0.34:43516] 2026-06-22 23:20:01.804 10 ERROR keystone.server.flask.application packet.raise_for_error()
[Mon Jun 22 23:20:01.818339 2026] [wsgi:error] [pid 10:tid 140611047184064] [remote 10.0.0.34:43516] 2026-06-22 23:20:01.804 10 ERROR keystone.server.flask.application
File "/var/lib/openstack/lib/python3.12/site-packages/pymysql/protocol.py", line 219, in raise_for_error
[Mon Jun 22 23:20:01.818341 2026] [wsgi:error] [pid 10:tid 140611047184064] [remote 10.0.0.34:43516] 2026-06-22 23:20:01.804 10 ERROR keystone.server.flask.application err.raise_mysql_exception(self._data)
[Mon Jun 22 23:20:01.818343 2026] [wsgi:error] [pid 10:tid 140611047184064] [remote 10.0.0.34:43516] 2026-06-22 23:20:01.804 10 ERROR keystone.server.flask.application
File "/var/lib/openstack/lib/python3.12/site-packages/pymysql/err.py", line 154, in raise_mysql_exception
[Mon Jun 22 23:20:01.818345 2026] [wsgi:error] [pid 10:tid 140611047184064] [remote 10.0.0.34:43516] 2026-06-22 23:20:01.804 10 ERROR keystone.server.flask.application raise errorclass(errno, errval, sqlstate=sqlstate)
[Mon Jun 22 23:20:01.818347 2026] [wsgi:error] [pid 10:tid 140611047184064] [remote 10.0.0.34:43516] 2026-06-22 23:20:01.804 10 ERROR keystone.server.flask.application pymysql.err.IntegrityError: (1062, "Duplicate entry '<>-service' for key 'project.ixu_project_name_domain_id'")
[Mon Jun 22 23:20:01.818350 2026] [wsgi:error] [pid 10:tid 140611047184064] [remote 10.0.0.34:43516] 2026-06-22 23:20:01.804 10 ERROR keystone.server.flask.application
[Mon Jun 22 23:20:01.818352 2026] [wsgi:error] [pid 10:tid 140611047184064] [remote 10.0.0.34:43516] 2026-06-22 23:20:01.804 10 ERROR keystone.server.flask.application The above exception was the direct cause of the following exception:
[Mon Jun 22 23:20:01.818355 2026] [wsgi:error] [pid 10:tid 140611047184064] [remote 10.0.0.34:43516] 2026-06-22 23:20:01.804 10 ERROR keystone.server.flask.application
[Mon Jun 22 23:20:01.818357 2026] [wsgi:error] [pid 10:tid 140611047184064] [remote 10.0.0.34:43516] 2026-06-22 23:20:01.804 10 ERROR keystone.server.flask.application
Traceback (most recent call last):
[Mon Jun 22 23:20:01.818359 2026] [wsgi:error] [pid 10:tid 140611047184064] [remote 10.0.0.34:43516] 2026-06-22 23:20:01.804 10 ERROR keystone.server.flask.application
File "/var/lib/openstack/lib/python3.12/site-packages/keystone/common/sql/core.py", line 575, in wrapper
[Mon Jun 22 23:20:01.818361 2026] [wsgi:error] [pid 10:tid 140611047184064] [remote 10.0.0.34:43516] 2026-06-22 23:20:01.804 10 ERROR keystone.server.flask.application return method(*args, **kwargs)
[Mon Jun 22 23:20:01.818363 2026] [wsgi:error] [pid 10:tid 140611047184064] [remote 10.0.0.34:43516] 2026-06-22 23:20:01.804 10 ERROR keystone.server.flask.application ^^^^^^^^^^^^^^^^^^^^^^^
[Mon Jun 22 23:20:01.818366 2026] [wsgi:error] [pid 10:tid 140611047184064] [remote 10.0.0.34:43516] 2026-06-22 23:20:01.804 10 ERROR keystone.server.flask.application
File "/var/lib/openstack/lib/python3.12/site-packages/keystone/resource/backends/sql.py", line 278, in create_project
[Mon Jun 22 23:20:01.818368 2026] [wsgi:error] [pid 10:tid 140611047184064] [remote 10.0.0.34:43516] 2026-06-22 23:20:01.804 10 ERROR keystone.server.flask.application with sql.session_for_write() as session:
[Mon Jun 22 23:20:01.818370 2026] [wsgi:error] [pid 10:tid 140611047184064] [remote 10.0.0.34:43516] 2026-06-22 23:20:01.804 10 ERROR keystone.server.flask.application
File "/usr/lib/python3.12/contextlib.py", line 144, in __exit__
[Mon Jun 22 23:20:01.818372 2026] [wsgi:error] [pid 10:tid 140611047184064] [remote 10.0.0.34:43516] 2026-06-22 23:20:01.804 10 ERROR keystone.server.flask.application next(self.gen)
[Mon Jun 22 23:20:01.818374 2026] [wsgi:error] [pid 10:tid 140611047184064] [remote 10.0.0.34:43516] 2026-06-22 23:20:01.804 10 ERROR keystone.server.flask.application
File "/var/lib/openstack/lib/python3.12/site-packages/oslo_db/sqlalchemy/enginefacade.py", line 1175, in _transaction_scope
[Mon Jun 22 23:20:01.818404 2026] [wsgi:error] [pid 10:tid 140611047184064] [remote 10.0.0.34:43516] 2026-06-22 23:20:01.804 10 ERROR keystone.server.flask.application with current._produce_block(
[Mon Jun 22 23:20:01.818407 2026] [wsgi:error] [pid 10:tid 140611047184064] [remote 10.0.0.34:43516] 2026-06-22 23:20:01.804 10 ERROR keystone.server.flask.application
File "/usr/lib/python3.12/contextlib.py", line 144, in __exit__
[Mon Jun 22 23:20:01.818409 2026] [wsgi:error] [pid 10:tid 140611047184064] [remote 10.0.0.34:43516] 2026-06-22 23:20:01.804 10 ERROR keystone.server.flask.application next(self.gen)
[Mon Jun 22 23:20:01.818412 2026] [wsgi:error] [pid 10:tid 140611047184064] [remote 10.0.0.34:43516] 2026-06-22 23:20:01.804 10 ERROR keystone.server.flask.application
File "/var/lib/openstack/lib/python3.12/site-packages/oslo_db/sqlalchemy/enginefacade.py", line 837, in _session
[Mon Jun 22 23:20:01.818414 2026] [wsgi:error] [pid 10:tid 140611047184064] [remote 10.0.0.34:43516] 2026-06-22 23:20:01.804 10 ERROR keystone.server.flask.application with excutils.save_and_reraise_exception():
[Mon Jun 22 23:20:01.818417 2026] [wsgi:error] [pid 10:tid 140611047184064] [remote 10.0.0.34:43516] 2026-06-22 23:20:01.804 10 ERROR keystone.server.flask.application
File "/var/lib/openstack/lib/python3.12/site-packages/oslo_utils/excutils.py", line 266, in __exit__
[Mon Jun 22 23:20:01.818420 2026] [wsgi:error] [pid 10:tid 140611047184064] [remote 10.0.0.34:43516] 2026-06-22 23:20:01.804 10 ERROR keystone.server.flask.application self.force_reraise()
[Mon Jun 22 23:20:01.818422 2026] [wsgi:error] [pid 10:tid 140611047184064] [remote 10.0.0.34:43516] 2026-06-22 23:20:01.804 10 ERROR keystone.server.flask.application
File "/var/lib/openstack/lib/python3.12/site-packages/oslo_utils/excutils.py", line 232, in force_reraise
[Mon Jun 22 23:20:01.818427 2026] [wsgi:error] [pid 10:tid 140611047184064] [remote 10.0.0.34:43516] 2026-06-22 23:20:01.804 10 ERROR keystone.server.flask.application raise self.value
[Mon Jun 22 23:20:01.818432 2026] [wsgi:error] [pid 10:tid 140611047184064] [remote 10.0.0.34:43516] 2026-06-22 23:20:01.804 10 ERROR keystone.server.flask.application
File "/var/lib/openstack/lib/python3.12/site-packages/oslo_db/sqlalchemy/enginefacade.py", line 835, in _session
[Mon Jun 22 23:20:01.818435 2026] [wsgi:error] [pid 10:tid 140611047184064] [remote 10.0.0.34:43516] 2026-06-22 23:20:01.804 10 ERROR keystone.server.flask.application self._end_session_transaction(self.session)
[Mon Jun 22 23:20:01.818439 2026] [wsgi:error] [pid 10:tid 140611047184064] [remote 10.0.0.34:43516] 2026-06-22 23:20:01.804 10 ERROR keystone.server.flask.application
File "/var/lib/openstack/lib/python3.12/site-packages/oslo_db/sqlalchemy/enginefacade.py", line 748, in _end_session_transaction
[Mon Jun 22 23:20:01.818444 2026] [wsgi:error] [pid 10:tid 140611047184064] [remote 10.0.0.34:43516] 2026-06-22 23:20:01.804 10 ERROR keystone.server.flask.application session.commit()
[Mon Jun 22 23:20:01.818449 2026] [wsgi:error] [pid 10:tid 140611047184064] [remote 10.0.0.34:43516] 2026-06-22 23:20:01.804 10 ERROR keystone.server.flask.application
File "/var/lib/openstack/lib/python3.12/site-packages/sqlalchemy/orm/session.py", line 2034, in commit
[Mon Jun 22 23:20:01.818454 2026] [wsgi:error] [pid 10:tid 140611047184064] [remote 10.0.0.34:43516] 2026-06-22 23:20:01.804 10 ERROR keystone.server.flask.application trans.commit(_to_root=True)
[Mon Jun 22 23:20:01.818456 2026] [wsgi:error] [pid 10:tid 140611047184064] [remote 10.0.0.34:43516] 2026-06-22 23:20:01.804 10 ERROR keystone.server.flask.application File "", line 2, in commit
[Mon Jun 22 23:20:01.818460 2026] [wsgi:error] [pid 10:tid 140611047184064] [remote 10.0.0.34:43516] 2026-06-22 23:20:01.804 10 ERROR keystone.server.flask.application
File "/var/lib/openstack/lib/python3.12/site-packages/sqlalchemy/orm/state_changes.py", line 137, in _go
[Mon Jun 22 23:20:01.818463 2026] [wsgi:error] [pid 10:tid 140611047184064] [remote 10.0.0.34:43516] 2026-06-22 23:20:01.804 10 ERROR keystone.server.flask.application ret_value = fn(self, *arg, **kw)
[Mon Jun 22 23:20:01.818466 2026] [wsgi:error] [pid 10:tid 140611047184064] [remote 10.0.0.34:43516] 2026-06-22 23:20:01.804 10 ERROR keystone.server.flask.application ^^^^^^^^^^^^^^^^^^^^
[Mon Jun 22 23:20:01.818468 2026] [wsgi:error] [pid 10:tid 140611047184064] [remote 10.0.0.34:43516] 2026-06-22 23:20:01.804 10 ERROR keystone.server.flask.application
File "/var/lib/openstack/lib/python3.12/site-packages/sqlalchemy/orm/session.py", line 1315, in commit
[Mon Jun 22 23:20:01.818471 2026] [wsgi:error] [pid 10:tid 140611047184064] [remote 10.0.0.34:43516] 2026-06-22 23:20:01.804 10 ERROR keystone.server.flask.application self._prepare_impl()
[Mon Jun 22 23:20:01.818473 2026] [wsgi:error] [pid 10:tid 140611047184064] [remote 10.0.0.34:43516] 2026-06-22 23:20:01.804 10 ERROR keystone.server.flask.application File "", line 2, in _prepare_impl
[Mon Jun 22 23:20:01.818476 2026] [wsgi:error] [pid 10:tid 140611047184064] [remote 10.0.0.34:43516] 2026-06-22 23:20:01.804 10 ERROR keystone.server.flask.application
File "/var/lib/openstack/lib/python3.12/site-packages/sqlalchemy/orm/state_changes.py", line 137, in _go
[Mon Jun 22 23:20:01.818478 2026] [wsgi:error] [pid 10:tid 140611047184064] [remote 10.0.0.34:43516] 2026-06-22 23:20:01.804 10 ERROR keystone.server.flask.application ret_value = fn(self, *arg, **kw)
[Mon Jun 22 23:20:01.818481 2026] [wsgi:error] [pid 10:tid 140611047184064] [remote 10.0.0.34:43516] 2026-06-22 23:20:01.804 10 ERROR keystone.server.flask.application ^^^^^^^^^^^^^^^^^^^^
[Mon Jun 22 23:20:01.818486 2026] [wsgi:error] [pid 10:tid 140611047184064] [remote 10.0.0.34:43516] 2026-06-22 23:20:01.804 10 ERROR keystone.server.flask.application
File "/var/lib/openstack/lib/python3.12/site-packages/sqlalchemy/orm/session.py", line 1290, in _prepare_impl
[Mon Jun 22 23:20:01.818490 2026] [wsgi:error] [pid 10:tid 140611047184064] [remote 10.0.0.34:43516] 2026-06-22 23:20:01.804 10 ERROR keystone.server.flask.application self.session.flush()
[Mon Jun 22 23:20:01.818493 2026] [wsgi:error] [pid 10:tid 140611047184064] [remote 10.0.0.34:43516] 2026-06-22 23:20:01.804 10 ERROR keystone.server.flask.application
File "/var/lib/openstack/lib/python3.12/site-packages/sqlalchemy/orm/session.py", line 4352, in flush
[Mon Jun 22 23:20:01.818497 2026] [wsgi:error] [pid 10:tid 140611047184064] [remote 10.0.0.34:43516] 2026-06-22 23:20:01.804 10 ERROR keystone.server.flask.application self._flush(objects)
[Mon Jun 22 23:20:01.818502 2026] [wsgi:error] [pid 10:tid 140611047184064] [remote 10.0.0.34:43516] 2026-06-22 23:20:01.804 10 ERROR keystone.server.flask.application
File "/var/lib/openstack/lib/python3.12/site-packages/sqlalchemy/orm/session.py", line 4487, in _flush
[Mon Jun 22 23:20:01.818506 2026] [wsgi:error] [pid 10:tid 140611047184064] [remote 10.0.0.34:43516] 2026-06-22 23:20:01.804 10 ERROR keystone.server.flask.application with util.safe_reraise():
[Mon Jun 22 23:20:01.818509 2026] [wsgi:error] [pid 10:tid 140611047184064] [remote 10.0.0.34:43516] 2026-06-22 23:20:01.804 10 ERROR keystone.server.flask.application
File "/var/lib/openstack/lib/python3.12/site-packages/sqlalchemy/util/langhelpers.py", line 122, in __exit__
[Mon Jun 22 23:20:01.818512 2026] [wsgi:error] [pid 10:tid 140611047184064] [remote 10.0.0.34:43516] 2026-06-22 23:20:01.804 10 ERROR keystone.server.flask.application raise exc_value.with_traceback(exc_tb)
[Mon Jun 22 23:20:01.818515 2026] [wsgi:error] [pid 10:tid 140611047184064] [remote 10.0.0.34:43516] 2026-06-22 23:20:01.804 10 ERROR keystone.server.flask.application
File "/var/lib/openstack/lib/python3.12/site-packages/sqlalchemy/orm/session.py", line 4448, in _flush
[Mon Jun 22 23:20:01.818520 2026] [wsgi:error] [pid 10:tid 140611047184064] [remote 10.0.0.34:43516] 2026-06-22 23:20:01.804 10 ERROR keystone.server.flask.application flush_context.execute()
[Mon Jun 22 23:20:01.818524 2026] [wsgi:error] [pid 10:tid 140611047184064] [remote 10.0.0.34:43516] 2026-06-22 23:20:01.804 10 ERROR keystone.server.flask.application
File "/var/lib/openstack/lib/python3.12/site-packages/sqlalchemy/orm/unitofwork.py", line 465, in execute
