2026-07-21 22:09:24.942 7 INFO cinder.api.openstack.wsgi [None req-e65b7bad-e1ae-4392-9b97-605570f1f779 92cafca60d8046229c40b2189c26b994 345d23cf783349f0bf61d09edbfc4154 - - default default] GET http://10.0.0.209:8776/
2026-07-21 22:09:24.943 8 INFO cinder.api.openstack.wsgi [None req-b5b75272-2389-4775-ade2-15ae82fdebaa 92cafca60d8046229c40b2189c26b994 345d23cf783349f0bf61d09edbfc4154 - - default default] http://10.0.0.209:8776/ returned with HTTP 300
2026-07-21 22:09:24.944 7 INFO cinder.api.openstack.wsgi [None req-e65b7bad-e1ae-4392-9b97-605570f1f779 92cafca60d8046229c40b2189c26b994 345d23cf783349f0bf61d09edbfc4154 - - default default] http://10.0.0.209:8776/ returned with HTTP 300
2026-07-21 22:09:29.014 8 INFO cinder.api.openstack.wsgi [None req-0e653e81-463f-4968-8f7b-5935cfd98a27 92cafca60d8046229c40b2189c26b994 345d23cf783349f0bf61d09edbfc4154 - - default default] GET http://cinder-api.openstack.svc.cluster.local:8776/v3/345d23cf783349f0bf61d09edbfc4154/snapshots
2026-07-21 22:09:29.027 8 INFO cinder.volume.api [None req-0e653e81-463f-4968-8f7b-5935cfd98a27 92cafca60d8046229c40b2189c26b994 345d23cf783349f0bf61d09edbfc4154 - - default default] Get all snapshots completed successfully.
2026-07-21 22:09:29.028 8 INFO cinder.api.openstack.wsgi [None req-0e653e81-463f-4968-8f7b-5935cfd98a27 92cafca60d8046229c40b2189c26b994 345d23cf783349f0bf61d09edbfc4154 - - default default] http://cinder-api.openstack.svc.cluster.local:8776/v3/345d23cf783349f0bf61d09edbfc4154/snapshots returned with HTTP 200 [pid: 8|app: 0|req: 347/692] 10.0.0.222 () {32 vars in 705 bytes} [Tue Jul 21 22:09:29 2026] GET /v3/345d23cf783349f0bf61d09edbfc4154/snapshots => generated 17 bytes in 22 msecs (HTTP/1.1 200) 7 headers in 284 bytes (1 switches on core 0)
2026-07-21 22:09:29.045 7 INFO cinder.api.openstack.wsgi [None req-de121884-daab-4247-85ce-944a549399ab 92cafca60d8046229c40b2189c26b994 345d23cf783349f0bf61d09edbfc4154 - - default default] GET http://cinder-api.openstack.svc.cluster.local:8776/v3/345d23cf783349f0bf61d09edbfc4154/volumes
2026-07-21 22:09:29.084 7 INFO cinder.volume.api [None req-de121884-daab-4247-85ce-944a549399ab 92cafca60d8046229c40b2189c26b994 345d23cf783349f0bf61d09edbfc4154 - - default default] Get all volumes completed successfully.
2026-07-21 22:09:29.085 7 INFO cinder.api.openstack.wsgi [None req-de121884-daab-4247-85ce-944a549399ab 92cafca60d8046229c40b2189c26b994 345d23cf783349f0bf61d09edbfc4154 - - default default] http://cinder-api.openstack.svc.cluster.local:8776/v3/345d23cf783349f0bf61d09edbfc4154/volumes returned with HTTP 200 [pid: 7|app: 0|req: 346/693] 10.0.0.222 () {32 vars in 701 bytes} [Tue Jul 21 22:09:29 2026] GET /v3/345d23cf783349f0bf61d09edbfc4154/volumes => generated 15 bytes in 49 msecs (HTTP/1.1 200) 7 headers in 284 bytes (1 switches on core 0)
2026-07-21 22:09:34.941 8 INFO cinder.api.openstack.wsgi [None req-0e653e81-463f-4968-8f7b-5935cfd98a27 92cafca60d8046229c40b2189c26b994 345d23cf783349f0bf61d09edbfc4154 - - default default] GET http://10.0.0.209:8776/
2026-07-21 22:09:34.941 7 INFO cinder.api.openstack.wsgi [None req-de121884-daab-4247-85ce-944a549399ab 92cafca60d8046229c40b2189c26b994 345d23cf783349f0bf61d09edbfc4154 - - default default] GET http://10.0.0.209:8776/
2026-07-21 22:09:34.942 8 INFO cinder.api.openstack.wsgi [None req-0e653e81-463f-4968-8f7b-5935cfd98a27 92cafca60d8046229c40b2189c26b994 345d23cf783349f0bf61d09edbfc4154 - - default default] http://10.0.0.209:8776/ returned with HTTP 300
2026-07-21 22:09:34.942 7 INFO cinder.api.openstack.wsgi [None req-de121884-daab-4247-85ce-944a549399ab 92cafca60d8046229c40b2189c26b994 345d23cf783349f0bf61d09edbfc4154 - - default default] http://10.0.0.209:8776/ returned with HTTP 300
2026-07-21 22:09:44.942 8 INFO cinder.api.openstack.wsgi [None req-0e653e81-463f-4968-8f7b-5935cfd98a27 92cafca60d8046229c40b2189c26b994 345d23cf783349f0bf61d09edbfc4154 - - default default] GET http://10.0.0.209:8776/
2026-07-21 22:09:44.942 7 INFO cinder.api.openstack.wsgi [None req-de121884-daab-4247-85ce-944a549399ab 92cafca60d8046229c40b2189c26b994 345d23cf783349f0bf61d09edbfc4154 - - default default] GET http://10.0.0.209:8776/
2026-07-21 22:09:44.943 8 INFO cinder.api.openstack.wsgi [None req-0e653e81-463f-4968-8f7b-5935cfd98a27 92cafca60d8046229c40b2189c26b994 345d23cf783349f0bf61d09edbfc4154 - - default default] http://10.0.0.209:8776/ returned with HTTP 300
2026-07-21 22:09:44.944 7 INFO cinder.api.openstack.wsgi [None req-de121884-daab-4247-85ce-944a549399ab 92cafca60d8046229c40b2189c26b994 345d23cf783349f0bf61d09edbfc4154 - - default default] http://10.0.0.209:8776/ returned with HTTP 300
2026-07-21 22:09:54.941 7 INFO cinder.api.openstack.wsgi [None req-de121884-daab-4247-85ce-944a549399ab 92cafca60d8046229c40b2189c26b994 345d23cf783349f0bf61d09edbfc4154 - - default default] GET http://10.0.0.209:8776/
2026-07-21 22:09:54.941 8 INFO cinder.api.openstack.wsgi [None req-0e653e81-463f-4968-8f7b-5935cfd98a27 92cafca60d8046229c40b2189c26b994 345d23cf783349f0bf61d09edbfc4154 - - default default] GET http://10.0.0.209:8776/
2026-07-21 22:09:54.942 7 INFO cinder.api.openstack.wsgi [None req-de121884-daab-4247-85ce-944a549399ab 92cafca60d8046229c40b2189c26b994 345d23cf783349f0bf61d09edbfc4154 - - default default] http://10.0.0.209:8776/ returned with HTTP 300
2026-07-21 22:09:54.943 8 INFO cinder.api.openstack.wsgi [None req-0e653e81-463f-4968-8f7b-5935cfd98a27 92cafca60d8046229c40b2189c26b994 345d23cf783349f0bf61d09edbfc4154 - - default default] http://10.0.0.209:8776/ returned with HTTP 300
2026-07-21 22:09:59.894 7 INFO cinder.api.openstack.wsgi [None req-f2acc3ef-85c7-45b7-92cb-258ab8032387 92cafca60d8046229c40b2189c26b994 345d23cf783349f0bf61d09edbfc4154 - - default default] GET http://cinder-api.openstack.svc.cluster.local:8776/v3/345d23cf783349f0bf61d09edbfc4154/volumes/detail?all_tenants=true
2026-07-21 22:09:59.923 7 INFO cinder.volume.api [None req-f2acc3ef-85c7-45b7-92cb-258ab8032387 92cafca60d8046229c40b2189c26b994 345d23cf783349f0bf61d09edbfc4154 - - default default] Get all volumes completed successfully.
2026-07-21 22:09:59.928 7 INFO cinder.api.openstack.wsgi [None req-f2acc3ef-85c7-45b7-92cb-258ab8032387 92cafca60d8046229c40b2189c26b994 345d23cf783349f0bf61d09edbfc4154 - - default default] http://cinder-api.openstack.svc.cluster.local:8776/v3/345d23cf783349f0bf61d09edbfc4154/volumes/detail?all_tenants=true returned with HTTP 200 [pid: 7|app: 0|req: 350/700] 10.0.0.71 () {28 vars in 683 bytes} [Tue Jul 21 22:09:59 2026] GET /v3/345d23cf783349f0bf61d09edbfc4154/volumes/detail?all_tenants=true => generated 15 bytes in 459 msecs (HTTP/1.1 200) 7 headers in 284 bytes (1 switches on core 0)
2026-07-21 22:09:59.947 8 INFO cinder.api.openstack.wsgi [None req-a3fde5dc-aeab-4313-9b97-d29b12a96b9b 92cafca60d8046229c40b2189c26b994 345d23cf783349f0bf61d09edbfc4154 - - default default] GET http://cinder-api.openstack.svc.cluster.local:8776/v3/345d23cf783349f0bf61d09edbfc4154/os-services
2026-07-21 22:09:59.956 8 INFO cinder.api.openstack.wsgi [None req-a3fde5dc-aeab-4313-9b97-d29b12a96b9b 92cafca60d8046229c40b2189c26b994 345d23cf783349f0bf61d09edbfc4154 - - default default] http://cinder-api.openstack.svc.cluster.local:8776/v3/345d23cf783349f0bf61d09edbfc4154/os-services returned with HTTP 200 [pid: 8|app: 0|req: 351/701] 10.0.0.71 () {28 vars in 644 bytes} [Tue Jul 21 22:09:59 2026] GET /v3/345d23cf783349f0bf61d09edbfc4154/os-services => generated 646 bytes in 21 msecs (HTTP/1.1 200) 7 headers in 285 bytes (1 switches on core 0)
2026-07-21 22:09:59.969 7 INFO cinder.api.openstack.wsgi [None req-c7b05a65-b755-4ce7-8a39-e323e99db7ee 92cafca60d8046229c40b2189c26b994 345d23cf783349f0bf61d09edbfc4154 - - default default] GET http://cinder-api.openstack.svc.cluster.local:8776/v3/345d23cf783349f0bf61d09edbfc4154/volumes/detail?all_tenants=true
2026-07-21 22:09:59.983 7 INFO cinder.volume.api [None req-c7b05a65-b755-4ce7-8a39-e323e99db7ee 92cafca60d8046229c40b2189c26b994 345d23cf783349f0bf61d09edbfc4154 - - default default] Get all volumes completed successfully.
2026-07-21 22:09:59.985 7 INFO cinder.api.openstack.wsgi [None req-c7b05a65-b755-4ce7-8a39-e323e99db7ee 92cafca60d8046229c40b2189c26b994 345d23cf783349f0bf61d09edbfc4154 - - default default] http://cinder-api.openstack.svc.cluster.local:8776/v3/345d23cf783349f0bf61d09edbfc4154/volumes/detail?all_tenants=true returned with HTTP 200 [pid: 7|app: 0|req: 351/702] 10.0.0.71 () {28 vars in 683 bytes} [Tue Jul 21 22:09:59 2026] GET /v3/345d23cf783349f0bf61d09edbfc4154/volumes/detail?all_tenants=true => generated 15 bytes in 25 msecs (HTTP/1.1 200) 7 headers in 284 bytes (1 switches on core 0)
2026-07-21 22:09:59.996 8 INFO cinder.api.openstack.wsgi [None req-ee0f3f23-2aba-4921-bac3-3b32e355ec52 92cafca60d8046229c40b2189c26b994 345d23cf783349f0bf61d09edbfc4154 - - default default] GET http://cinder-api.openstack.svc.cluster.local:8776/v3/345d23cf783349f0bf61d09edbfc4154/snapshots?all_tenants=true
2026-07-21 22:10:00.003 8 INFO cinder.volume.api [None req-ee0f3f23-2aba-4921-bac3-3b32e355ec52 92cafca60d8046229c40b2189c26b994 345d23cf783349f0bf61d09edbfc4154 - - default default] Get all snapshots completed successfully.
2026-07-21 22:10:00.004 8 INFO cinder.api.openstack.wsgi [None req-ee0f3f23-2aba-4921-bac3-3b32e355ec52 92cafca60d8046229c40b2189c26b994 345d23cf783349f0bf61d09edbfc4154 - - default default] http://cinder-api.openstack.svc.cluster.local:8776/v3/345d23cf783349f0bf61d09edbfc4154/snapshots?all_tenants=true returned with HTTP 200 [pid: 8|app: 0|req: 352/703] 10.0.0.71 () {28 vars in 673 bytes} [Tue Jul 21 22:09:59 2026] GET /v3/345d23cf783349f0bf61d09edbfc4154/snapshots?all_tenants=true => generated 17 bytes in 14 msecs (HTTP/1.1 200) 7 headers in 284 bytes (1 switches on core 0)
2026-07-21 22:10:00.019 7 INFO cinder.api.openstack.wsgi [None req-a5b6dfa6-c03b-4ecb-a6e2-a7b8454b49b9 92cafca60d8046229c40b2189c26b994 345d23cf783349f0bf61d09edbfc4154 - - default default] GET http://cinder-api.openstack.svc.cluster.local:8776/v3/345d23cf783349f0bf61d09edbfc4154/scheduler-stats/get_pools?detail=true
2026-07-21 22:10:00.034 7 INFO cinder.api.openstack.wsgi [None req-a5b6dfa6-c03b-4ecb-a6e2-a7b8454b49b9 92cafca60d8046229c40b2189c26b994 345d23cf783349f0bf61d09edbfc4154 - - default default] http://cinder-api.openstack.svc.cluster.local:8776/v3/345d23cf783349f0bf61d09edbfc4154/scheduler-stats/get_pools?detail=true returned with HTTP 200 [pid: 7|app: 0|req: 352/704] 10.0.0.71 () {28 vars in 695 bytes} [Tue Jul 21 22:10:00 2026] GET /v3/345d23cf783349f0bf61d09edbfc4154/scheduler-stats/get_pools?detail=true => generated 670 bytes in 26 msecs (HTTP/1.1 200) 7 headers in 285 bytes (1 switches on core 0)
2026-07-21 22:10:00.090 8 INFO cinder.api.openstack.wsgi [None req-d7250fe2-7f57-4ef2-af98-78735e4f50f2 92cafca60d8046229c40b2189c26b994 345d23cf783349f0bf61d09edbfc4154 - - default default] GET http://cinder-api.openstack.svc.cluster.local:8776/v3/345d23cf783349f0bf61d09edbfc4154/os-quota-sets/213479ccfb79492b89ab4976558073fc?usage=true
2026-07-21 22:10:00.159 8 INFO cinder.api.openstack.wsgi [None req-d7250fe2-7f57-4ef2-af98-78735e4f50f2 92cafca60d8046229c40b2189c26b994 345d23cf783349f0bf61d09edbfc4154 - - default default] http://cinder-api.openstack.svc.cluster.local:8776/v3/345d23cf783349f0bf61d09edbfc4154/os-quota-sets/213479ccfb79492b89ab4976558073fc?usage=true returned with HTTP 200 [pid: 8|app: 0|req: 353/705] 10.0.0.71 () {28 vars in 735 bytes} [Tue Jul 21 22:10:00 2026] GET /v3/345d23cf783349f0bf61d09edbfc4154/os-quota-sets/213479ccfb79492b89ab4976558073fc?usage=true => generated 847 bytes in 85 msecs (HTTP/1.1 200) 7 headers in 285 bytes (1 switches on core 0)
2026-07-21 22:10:00.180 7 INFO cinder.api.openstack.wsgi [None req-c2a90816-3d0e-400f-8f76-7572146a5162 92cafca60d8046229c40b2189c26b994 345d23cf783349f0bf61d09edbfc4154 - - default default] GET http://cinder-api.openstack.svc.cluster.local:8776/v3/345d23cf783349f0bf61d09edbfc4154/os-quota-sets/345d23cf783349f0bf61d09edbfc4154?usage=true
2026-07-21 22:10:00.230 7 INFO cinder.api.openstack.wsgi [None req-c2a90816-3d0e-400f-8f76-7572146a5162 92cafca60d8046229c40b2189c26b994 345d23cf783349f0bf61d09edbfc4154 - - default default] http://cinder-api.openstack.svc.cluster.local:8776/v3/345d23cf783349f0bf61d09edbfc4154/os-quota-sets/345d23cf783349f0bf61d09edbfc4154?usage=true returned with HTTP 200 [pid: 7|app: 0|req: 353/706] 10.0.0.71 () {28 vars in 735 bytes} [Tue Jul 21 22:10:00 2026] GET /v3/345d23cf783349f0bf61d09edbfc4154/os-quota-sets/345d23cf783349f0bf61d09edbfc4154?usage=true => generated 845 bytes in 64 msecs (HTTP/1.1 200) 7 headers in 285 bytes (1 switches on core 0)
2026-07-21 22:10:00.254 8 INFO cinder.api.openstack.wsgi [None req-398e1e23-59ef-4f73-8894-c6de563d4864 92cafca60d8046229c40b2189c26b994 345d23cf783349f0bf61d09edbfc4154 - - default default] GET http://cinder-api.openstack.svc.cluster.local:8776/v3/345d23cf783349f0bf61d09edbfc4154/os-quota-sets/66c9bfd7d02f4892b23263f0601c0c21?usage=true
2026-07-21 22:10:00.286 8 INFO cinder.api.openstack.wsgi [None req-398e1e23-59ef-4f73-8894-c6de563d4864 92cafca60d8046229c40b2189c26b994 345d23cf783349f0bf61d09edbfc4154 - - default default] http://cinder-api.openstack.svc.cluster.local:8776/v3/345d23cf783349f0bf61d09edbfc4154/os-quota-sets/66c9bfd7d02f4892b23263f0601c0c21?usage=true returned with HTTP 200 [pid: 8|app: 0|req: 354/707] 10.0.0.71 () {28 vars in 735 bytes} [Tue Jul 21 22:10:00 2026] GET /v3/345d23cf783349f0bf61d09edbfc4154/os-quota-sets/66c9bfd7d02f4892b23263f0601c0c21?usage=true => generated 847 bytes in 48 msecs (HTTP/1.1 200) 7 headers in 285 bytes (1 switches on core 0)
2026-07-21 22:10:00.307 7 INFO cinder.api.openstack.wsgi [None req-8b739ec9-e63e-4ca0-92e8-7d73db880938 92cafca60d8046229c40b2189c26b994 345d23cf783349f0bf61d09edbfc4154 - - default default] GET http://cinder-api.openstack.svc.cluster.local:8776/v3/345d23cf783349f0bf61d09edbfc4154/os-quota-sets/6e8a0c3568aa4b83a437e87b7b9fe6d7?usage=true
2026-07-21 22:10:00.344 7 INFO cinder.api.openstack.wsgi [None req-8b739ec9-e63e-4ca0-92e8-7d73db880938 92cafca60d8046229c40b2189c26b994 345d23cf783349f0bf61d09edbfc4154 - - default default] http://cinder-api.openstack.svc.cluster.local:8776/v3/345d23cf783349f0bf61d09edbfc4154/os-quota-sets/6e8a0c3568aa4b83a437e87b7b9fe6d7?usage=true returned with HTTP 200 [pid: 7|app: 0|req: 354/708] 10.0.0.71 () {28 vars in 735 bytes} [Tue Jul 21 22:10:00 2026] GET /v3/345d23cf783349f0bf61d09edbfc4154/os-quota-sets/6e8a0c3568aa4b83a437e87b7b9fe6d7?usage=true => generated 845 bytes in 51 msecs (HTTP/1.1 200) 7 headers in 285 bytes (1 switches on core 0)
2026-07-21 22:10:00.366 8 INFO cinder.api.openstack.wsgi [None req-9c2be9d4-f380-42ee-aafc-aa32de88ee82 92cafca60d8046229c40b2189c26b994 345d23cf783349f0bf61d09edbfc4154 - - default default] GET http://cinder-api.openstack.svc.cluster.local:8776/v3/345d23cf783349f0bf61d09edbfc4154/os-quota-sets/7f74b124dbf342719aa6e33820518f4c?usage=true
2026-07-21 22:10:00.399 8 INFO cinder.api.openstack.wsgi [None req-9c2be9d4-f380-42ee-aafc-aa32de88ee82 92cafca60d8046229c40b2189c26b994 345d23cf783349f0bf61d09edbfc4154 - - default default] http://cinder-api.openstack.svc.cluster.local:8776/v3/345d23cf783349f0bf61d09edbfc4154/os-quota-sets/7f74b124dbf342719aa6e33820518f4c?usage=true returned with HTTP 200 [pid: 8|app: 0|req: 355/709] 10.0.0.71 () {28 vars in 735 bytes} [Tue Jul 21 22:10:00 2026] GET /v3/345d23cf783349f0bf61d09edbfc4154/os-quota-sets/7f74b124dbf342719aa6e33820518f4c?usage=true => generated 847 bytes in 51 msecs (HTTP/1.1 200) 7 headers in 285 bytes (1 switches on core 0)
2026-07-21 22:10:00.422 7 INFO cinder.api.openstack.wsgi [None req-3c63f24f-3720-43ec-a57a-52b87e962047 92cafca60d8046229c40b2189c26b994 345d23cf783349f0bf61d09edbfc4154 - - default default] GET http://cinder-api.openstack.svc.cluster.local:8776/v3/345d23cf783349f0bf61d09edbfc4154/os-quota-sets/941b33210cf742d9a3321eb338671e16?usage=true
2026-07-21 22:10:00.485 7 INFO cinder.api.openstack.wsgi [None req-3c63f24f-3720-43ec-a57a-52b87e962047 92cafca60d8046229c40b2189c26b994 345d23cf783349f0bf61d09edbfc4154 - - default default] http://cinder-api.openstack.svc.cluster.local:8776/v3/345d23cf783349f0bf61d09edbfc4154/os-quota-sets/941b33210cf742d9a3321eb338671e16?usage=true returned with HTTP 200 [pid: 7|app: 0|req: 355/710] 10.0.0.71 () {28 vars in 735 bytes} [Tue Jul 21 22:10:00 2026] GET /v3/345d23cf783349f0bf61d09edbfc4154/os-quota-sets/941b33210cf742d9a3321eb338671e16?usage=true => generated 847 bytes in 74 msecs (HTTP/1.1 200) 7 headers in 285 bytes (1 switches on core 0)
2026-07-21 22:10:00.510 8 INFO cinder.api.openstack.wsgi [None req-d1ba11d0-eff7-4718-84d3-ac52b5ba83b2 92cafca60d8046229c40b2189c26b994 345d23cf783349f0bf61d09edbfc4154 - - default default] GET http://cinder-api.openstack.svc.cluster.local:8776/v3/345d23cf783349f0bf61d09edbfc4154/os-quota-sets/c6e5d72aac9e4469a16d5c3393fff62d?usage=true
2026-07-21 22:10:00.545 8 INFO cinder.api.openstack.wsgi [None req-d1ba11d0-eff7-4718-84d3-ac52b5ba83b2 92cafca60d8046229c40b2189c26b994 345d23cf783349f0bf61d09edbfc4154 - - default default] http://cinder-api.openstack.svc.cluster.local:8776/v3/345d23cf783349f0bf61d09edbfc4154/os-quota-sets/c6e5d72aac9e4469a16d5c3393fff62d?usage=true returned with HTTP 200 [pid: 8|app: 0|req: 356/711] 10.0.0.71 () {28 vars in 735 bytes} [Tue Jul 21 22:10:00 2026] GET /v3/345d23cf783349f0bf61d09edbfc4154/os-quota-sets/c6e5d72aac9e4469a16d5c3393fff62d?usage=true => generated 847 bytes in 49 msecs (HTTP/1.1 200) 7 headers in 285 bytes (1 switches on core 0)
2026-07-21 22:10:04.942 7 INFO cinder.api.openstack.wsgi [None req-3c63f24f-3720-43ec-a57a-52b87e962047 92cafca60d8046229c40b2189c26b994 345d23cf783349f0bf61d09edbfc4154 - - default default] GET http://10.0.0.209:8776/
2026-07-21 22:10:04.944 7 INFO cinder.api.openstack.wsgi [None req-3c63f24f-3720-43ec-a57a-52b87e962047 92cafca60d8046229c40b2189c26b994 345d23cf783349f0bf61d09edbfc4154 - - default default] http://10.0.0.209:8776/ returned with HTTP 300
2026-07-21 22:10:04.946 8 INFO cinder.api.openstack.wsgi [None req-d1ba11d0-eff7-4718-84d3-ac52b5ba83b2 92cafca60d8046229c40b2189c26b994 345d23cf783349f0bf61d09edbfc4154 - - default default] GET http://10.0.0.209:8776/
2026-07-21 22:10:04.948 8 INFO cinder.api.openstack.wsgi [None req-d1ba11d0-eff7-4718-84d3-ac52b5ba83b2 92cafca60d8046229c40b2189c26b994 345d23cf783349f0bf61d09edbfc4154 - - default default] http://10.0.0.209:8776/ returned with HTTP 300
2026-07-21 22:10:14.943 7 INFO cinder.api.openstack.wsgi [None req-3c63f24f-3720-43ec-a57a-52b87e962047 92cafca60d8046229c40b2189c26b994 345d23cf783349f0bf61d09edbfc4154 - - default default] GET http://10.0.0.209:8776/
2026-07-21 22:10:14.943 7 INFO cinder.api.openstack.wsgi [None req-3c63f24f-3720-43ec-a57a-52b87e962047 92cafca60d8046229c40b2189c26b994 345d23cf783349f0bf61d09edbfc4154 - - default default] http://10.0.0.209:8776/ returned with HTTP 300
2026-07-21 22:10:14.947 8 INFO cinder.api.openstack.wsgi [None req-d1ba11d0-eff7-4718-84d3-ac52b5ba83b2 92cafca60d8046229c40b2189c26b994 345d23cf783349f0bf61d09edbfc4154 - - default default] GET http://10.0.0.209:8776/
2026-07-21 22:10:14.948 8 INFO cinder.api.openstack.wsgi [None req-d1ba11d0-eff7-4718-84d3-ac52b5ba83b2 92cafca60d8046229c40b2189c26b994 345d23cf783349f0bf61d09edbfc4154 - - default default] http://10.0.0.209:8776/ returned with HTTP 300
2026-07-21 22:10:16.561 7 INFO cinder.api.openstack.wsgi [None req-52b22256-9a0f-4978-ada8-57939719aaa3 6744db4189c347a6be4117e4a56b3e9b b5cbf16ca0374068b254bc10aeb36fcb - - default default] POST http://cinder-api.openstack.svc.cluster.local:8776/v3/b5cbf16ca0374068b254bc10aeb36fcb/volumes
2026-07-21 22:10:17.320 7 INFO cinder.api.v3.volumes [None req-52b22256-9a0f-4978-ada8-57939719aaa3 6744db4189c347a6be4117e4a56b3e9b b5cbf16ca0374068b254bc10aeb36fcb - - default default] Create volume of 1 GB
2026-07-21 22:10:17.333 7 INFO cinder.volume.api [None req-52b22256-9a0f-4978-ada8-57939719aaa3 6744db4189c347a6be4117e4a56b3e9b b5cbf16ca0374068b254bc10aeb36fcb - - default default] Availability Zones retrieved successfully. /var/lib/openstack/lib/python3.10/site-packages/taskflow/engines/action_engine/process_executor.py:17: DeprecationWarning: The asyncore module is deprecated and will be removed in Python 3.12. The recommended replacement is asyncio import asyncore
2026-07-21 22:10:17.759 7 INFO cinder.volume.api [None req-52b22256-9a0f-4978-ada8-57939719aaa3 6744db4189c347a6be4117e4a56b3e9b b5cbf16ca0374068b254bc10aeb36fcb - - default default] Create volume request issued successfully.
2026-07-21 22:10:17.760 7 INFO cinder.api.openstack.wsgi [None req-52b22256-9a0f-4978-ada8-57939719aaa3 6744db4189c347a6be4117e4a56b3e9b b5cbf16ca0374068b254bc10aeb36fcb - - default default] http://cinder-api.openstack.svc.cluster.local:8776/v3/b5cbf16ca0374068b254bc10aeb36fcb/volumes returned with HTTP 202 [pid: 7|app: 0|req: 358/716] 10.0.0.222 () {34 vars in 723 bytes} [Tue Jul 21 22:10:16 2026] POST /v3/b5cbf16ca0374068b254bc10aeb36fcb/volumes => generated 864 bytes in 1205 msecs (HTTP/1.1 202) 7 headers in 291 bytes (1 switches on core 0)
2026-07-21 22:10:17.784 8 INFO cinder.api.openstack.wsgi [None req-e82fe5d2-65f6-4340-89c1-6477966d966f 6744db4189c347a6be4117e4a56b3e9b b5cbf16ca0374068b254bc10aeb36fcb - - default default] GET http://cinder-api.openstack.svc.cluster.local:8776/v3/b5cbf16ca0374068b254bc10aeb36fcb/volumes/b203b462-2bc8-4846-b726-dba13f1a8250 /var/lib/openstack/lib/python3.10/site-packages/oslo_context/context.py:100: DeprecationWarning: Policy enforcement is depending on the value of is_admin. This key is deprecated. Please update your policy file to use the standard policy values. warnings.warn('Policy enforcement is depending on the value of '
2026-07-21 22:10:17.862 8 INFO cinder.volume.api [None req-e82fe5d2-65f6-4340-89c1-6477966d966f 6744db4189c347a6be4117e4a56b3e9b b5cbf16ca0374068b254bc10aeb36fcb - - default default] Volume info retrieved successfully.
2026-07-21 22:10:17.875 8 INFO cinder.api.openstack.wsgi [None req-e82fe5d2-65f6-4340-89c1-6477966d966f 6744db4189c347a6be4117e4a56b3e9b b5cbf16ca0374068b254bc10aeb36fcb - - default default] http://cinder-api.openstack.svc.cluster.local:8776/v3/b5cbf16ca0374068b254bc10aeb36fcb/volumes/b203b462-2bc8-4846-b726-dba13f1a8250 returned with HTTP 200 [pid: 8|app: 0|req: 359/717] 10.0.0.222 () {32 vars in 775 bytes} [Tue Jul 21 22:10:17 2026] GET /v3/b5cbf16ca0374068b254bc10aeb36fcb/volumes/b203b462-2bc8-4846-b726-dba13f1a8250 => generated 932 bytes in 100 msecs (HTTP/1.1 200) 7 headers in 285 bytes (1 switches on core 0) /var/lib/openstack/lib/python3.10/site-packages/pycadf/identifier.py:71: UserWarning: Invalid uuid: cinderv3. To ensure interoperability, identifiers should be a valid uuid. warnings.warn(('Invalid uuid: %s. To ensure interoperability, '
2026-07-21 22:10:18.900 7 INFO cinder.api.openstack.wsgi [None req-8a1d46b5-73b1-493c-82ae-804dd2865e0f 6744db4189c347a6be4117e4a56b3e9b b5cbf16ca0374068b254bc10aeb36fcb - - default default] GET http://cinder-api.openstack.svc.cluster.local:8776/v3/b5cbf16ca0374068b254bc10aeb36fcb/volumes/b203b462-2bc8-4846-b726-dba13f1a8250 /var/lib/openstack/lib/python3.10/site-packages/oslo_context/context.py:100: DeprecationWarning: Policy enforcement is depending on the value of is_admin. This key is deprecated. Please update your policy file to use the standard policy values. warnings.warn('Policy enforcement is depending on the value of '
2026-07-21 22:10:18.937 7 INFO cinder.volume.api [None req-8a1d46b5-73b1-493c-82ae-804dd2865e0f 6744db4189c347a6be4117e4a56b3e9b b5cbf16ca0374068b254bc10aeb36fcb - - default default] Volume info retrieved successfully.
2026-07-21 22:10:18.948 7 INFO cinder.api.openstack.wsgi [None req-8a1d46b5-73b1-493c-82ae-804dd2865e0f 6744db4189c347a6be4117e4a56b3e9b b5cbf16ca0374068b254bc10aeb36fcb - - default default] http://cinder-api.openstack.svc.cluster.local:8776/v3/b5cbf16ca0374068b254bc10aeb36fcb/volumes/b203b462-2bc8-4846-b726-dba13f1a8250 returned with HTTP 200 [pid: 7|app: 0|req: 359/718] 10.0.0.222 () {32 vars in 775 bytes} [Tue Jul 21 22:10:18 2026] GET /v3/b5cbf16ca0374068b254bc10aeb36fcb/volumes/b203b462-2bc8-4846-b726-dba13f1a8250 => generated 956 bytes in 57 msecs (HTTP/1.1 200) 7 headers in 285 bytes (1 switches on core 0) /var/lib/openstack/lib/python3.10/site-packages/pycadf/identifier.py:71: UserWarning: Invalid uuid: cinderv3. To ensure interoperability, identifiers should be a valid uuid. warnings.warn(('Invalid uuid: %s. To ensure interoperability, '
2026-07-21 22:10:19.975 8 INFO cinder.api.openstack.wsgi [None req-9aebb502-b03f-43c3-b7dd-e4b0f75e6c3b 6744db4189c347a6be4117e4a56b3e9b b5cbf16ca0374068b254bc10aeb36fcb - - default default] GET http://cinder-api.openstack.svc.cluster.local:8776/v3/b5cbf16ca0374068b254bc10aeb36fcb/volumes/b203b462-2bc8-4846-b726-dba13f1a8250 /var/lib/openstack/lib/python3.10/site-packages/oslo_context/context.py:100: DeprecationWarning: Policy enforcement is depending on the value of is_admin. This key is deprecated. Please update your policy file to use the standard policy values. warnings.warn('Policy enforcement is depending on the value of '
2026-07-21 22:10:19.998 8 INFO cinder.volume.api [None req-9aebb502-b03f-43c3-b7dd-e4b0f75e6c3b 6744db4189c347a6be4117e4a56b3e9b b5cbf16ca0374068b254bc10aeb36fcb - - default default] Volume info retrieved successfully.
2026-07-21 22:10:20.003 8 INFO cinder.api.openstack.wsgi [None req-9aebb502-b03f-43c3-b7dd-e4b0f75e6c3b 6744db4189c347a6be4117e4a56b3e9b b5cbf16ca0374068b254bc10aeb36fcb - - default default] http://cinder-api.openstack.svc.cluster.local:8776/v3/b5cbf16ca0374068b254bc10aeb36fcb/volumes/b203b462-2bc8-4846-b726-dba13f1a8250 returned with HTTP 200 [pid: 8|app: 0|req: 360/719] 10.0.0.222 () {32 vars in 775 bytes} [Tue Jul 21 22:10:19 2026] GET /v3/b5cbf16ca0374068b254bc10aeb36fcb/volumes/b203b462-2bc8-4846-b726-dba13f1a8250 => generated 956 bytes in 36 msecs (HTTP/1.1 200) 7 headers in 285 bytes (1 switches on core 0) /var/lib/openstack/lib/python3.10/site-packages/pycadf/identifier.py:71: UserWarning: Invalid uuid: cinderv3. To ensure interoperability, identifiers should be a valid uuid. warnings.warn(('Invalid uuid: %s. To ensure interoperability, '
2026-07-21 22:10:21.027 7 INFO cinder.api.openstack.wsgi [None req-c95f62e0-ae94-45bd-ae12-890107f11ee4 6744db4189c347a6be4117e4a56b3e9b b5cbf16ca0374068b254bc10aeb36fcb - - default default] GET http://cinder-api.openstack.svc.cluster.local:8776/v3/b5cbf16ca0374068b254bc10aeb36fcb/volumes/b203b462-2bc8-4846-b726-dba13f1a8250 /var/lib/openstack/lib/python3.10/site-packages/oslo_context/context.py:100: DeprecationWarning: Policy enforcement is depending on the value of is_admin. This key is deprecated. Please update your policy file to use the standard policy values. warnings.warn('Policy enforcement is depending on the value of '
2026-07-21 22:10:21.054 7 INFO cinder.volume.api [None req-c95f62e0-ae94-45bd-ae12-890107f11ee4 6744db4189c347a6be4117e4a56b3e9b b5cbf16ca0374068b254bc10aeb36fcb - - default default] Volume info retrieved successfully.
2026-07-21 22:10:21.067 7 INFO cinder.api.openstack.wsgi [None req-c95f62e0-ae94-45bd-ae12-890107f11ee4 6744db4189c347a6be4117e4a56b3e9b b5cbf16ca0374068b254bc10aeb36fcb - - default default] http://cinder-api.openstack.svc.cluster.local:8776/v3/b5cbf16ca0374068b254bc10aeb36fcb/volumes/b203b462-2bc8-4846-b726-dba13f1a8250 returned with HTTP 200 [pid: 7|app: 0|req: 360/720] 10.0.0.222 () {32 vars in 775 bytes} [Tue Jul 21 22:10:21 2026] GET /v3/b5cbf16ca0374068b254bc10aeb36fcb/volumes/b203b462-2bc8-4846-b726-dba13f1a8250 => generated 1482 bytes in 50 msecs (HTTP/1.1 200) 7 headers in 286 bytes (1 switches on core 0) /var/lib/openstack/lib/python3.10/site-packages/pycadf/identifier.py:71: UserWarning: Invalid uuid: cinderv3. To ensure interoperability, identifiers should be a valid uuid. warnings.warn(('Invalid uuid: %s. To ensure interoperability, '
2026-07-21 22:10:21.156 8 INFO cinder.api.openstack.wsgi [req-d57b1c5c-da73-4d78-b5cf-65ec24e10805 req-dbf93d29-c70b-4f4b-85ef-7ecb4e2e5b2d 6744db4189c347a6be4117e4a56b3e9b b5cbf16ca0374068b254bc10aeb36fcb - - default default] GET http://cinder-api.openstack.svc.cluster.local:8776/v3/b5cbf16ca0374068b254bc10aeb36fcb/volumes/b203b462-2bc8-4846-b726-dba13f1a8250 /var/lib/openstack/lib/python3.10/site-packages/oslo_context/context.py:100: DeprecationWarning: Policy enforcement is depending on the value of is_admin. This key is deprecated. Please update your policy file to use the standard policy values. warnings.warn('Policy enforcement is depending on the value of '
2026-07-21 22:10:21.182 8 INFO cinder.volume.api [req-d57b1c5c-da73-4d78-b5cf-65ec24e10805 req-dbf93d29-c70b-4f4b-85ef-7ecb4e2e5b2d 6744db4189c347a6be4117e4a56b3e9b b5cbf16ca0374068b254bc10aeb36fcb - - default default] Volume info retrieved successfully.
2026-07-21 22:10:21.192 8 INFO cinder.api.openstack.wsgi [req-d57b1c5c-da73-4d78-b5cf-65ec24e10805 req-dbf93d29-c70b-4f4b-85ef-7ecb4e2e5b2d 6744db4189c347a6be4117e4a56b3e9b b5cbf16ca0374068b254bc10aeb36fcb - - default default] http://cinder-api.openstack.svc.cluster.local:8776/v3/b5cbf16ca0374068b254bc10aeb36fcb/volumes/b203b462-2bc8-4846-b726-dba13f1a8250 returned with HTTP 200 [pid: 8|app: 0|req: 361/721] 10.0.0.210 () {34 vars in 1028 bytes} [Tue Jul 21 22:10:21 2026] GET /v3/b5cbf16ca0374068b254bc10aeb36fcb/volumes/b203b462-2bc8-4846-b726-dba13f1a8250 => generated 1482 bytes in 50 msecs (HTTP/1.1 200) 7 headers in 286 bytes (1 switches on core 0) /var/lib/openstack/lib/python3.10/site-packages/pycadf/identifier.py:71: UserWarning: Invalid uuid: cinderv3. To ensure interoperability, identifiers should be a valid uuid. warnings.warn(('Invalid uuid: %s. To ensure interoperability, '
2026-07-21 22:10:21.705 7 INFO cinder.api.openstack.wsgi [req-d57b1c5c-da73-4d78-b5cf-65ec24e10805 req-3962327b-124a-4a4f-abc5-fc71429dc52a 6744db4189c347a6be4117e4a56b3e9b b5cbf16ca0374068b254bc10aeb36fcb - - default default] GET http://cinder-api.openstack.svc.cluster.local:8776/v3/b5cbf16ca0374068b254bc10aeb36fcb/volumes/b203b462-2bc8-4846-b726-dba13f1a8250 /var/lib/openstack/lib/python3.10/site-packages/oslo_context/context.py:100: DeprecationWarning: Policy enforcement is depending on the value of is_admin. This key is deprecated. Please update your policy file to use the standard policy values. warnings.warn('Policy enforcement is depending on the value of '
2026-07-21 22:10:21.723 7 INFO cinder.volume.api [req-d57b1c5c-da73-4d78-b5cf-65ec24e10805 req-3962327b-124a-4a4f-abc5-fc71429dc52a 6744db4189c347a6be4117e4a56b3e9b b5cbf16ca0374068b254bc10aeb36fcb - - default default] Volume info retrieved successfully.
2026-07-21 22:10:21.730 7 INFO cinder.api.openstack.wsgi [req-d57b1c5c-da73-4d78-b5cf-65ec24e10805 req-3962327b-124a-4a4f-abc5-fc71429dc52a 6744db4189c347a6be4117e4a56b3e9b b5cbf16ca0374068b254bc10aeb36fcb - - default default] http://cinder-api.openstack.svc.cluster.local:8776/v3/b5cbf16ca0374068b254bc10aeb36fcb/volumes/b203b462-2bc8-4846-b726-dba13f1a8250 returned with HTTP 200 [pid: 7|app: 0|req: 361/722] 10.0.0.210 () {34 vars in 1028 bytes} [Tue Jul 21 22:10:21 2026] GET /v3/b5cbf16ca0374068b254bc10aeb36fcb/volumes/b203b462-2bc8-4846-b726-dba13f1a8250 => generated 1482 bytes in 32 msecs (HTTP/1.1 200) 7 headers in 286 bytes (1 switches on core 0)
2026-07-21 22:10:21.741 8 INFO cinder.api.openstack.wsgi [req-d57b1c5c-da73-4d78-b5cf-65ec24e10805 req-dbf93d29-c70b-4f4b-85ef-7ecb4e2e5b2d 6744db4189c347a6be4117e4a56b3e9b b5cbf16ca0374068b254bc10aeb36fcb - - default default] GET http://cinder-api.openstack.svc.cluster.local:8776/
2026-07-21 22:10:21.742 8 INFO cinder.api.openstack.wsgi [req-d57b1c5c-da73-4d78-b5cf-65ec24e10805 req-dbf93d29-c70b-4f4b-85ef-7ecb4e2e5b2d 6744db4189c347a6be4117e4a56b3e9b b5cbf16ca0374068b254bc10aeb36fcb - - default default] http://cinder-api.openstack.svc.cluster.local:8776/ returned with HTTP 300 [pid: 8|app: 0|req: 362/723] 10.0.0.210 () {32 vars in 829 bytes} [Tue Jul 21 22:10:21 2026] GET / => generated 411 bytes in 2 msecs (HTTP/1.1 300) 5 headers in 169 bytes (1 switches on core 0) /var/lib/openstack/lib/python3.10/site-packages/pycadf/identifier.py:71: UserWarning: Invalid uuid: cinderv3. To ensure interoperability, identifiers should be a valid uuid. warnings.warn(('Invalid uuid: %s. To ensure interoperability, '
2026-07-21 22:10:21.757 7 INFO cinder.api.openstack.wsgi [req-d57b1c5c-da73-4d78-b5cf-65ec24e10805 req-71368711-935d-4a55-8f45-16ae1f41ecd8 6744db4189c347a6be4117e4a56b3e9b b5cbf16ca0374068b254bc10aeb36fcb - - default default] POST http://cinder-api.openstack.svc.cluster.local:8776/v3/b5cbf16ca0374068b254bc10aeb36fcb/attachments /var/lib/openstack/lib/python3.10/site-packages/oslo_context/context.py:100: DeprecationWarning: Policy enforcement is depending on the value of is_admin. This key is deprecated. Please update your policy file to use the standard policy values. warnings.warn('Policy enforcement is depending on the value of '
2026-07-21 22:10:21.834 7 INFO cinder.api.openstack.wsgi [req-d57b1c5c-da73-4d78-b5cf-65ec24e10805 req-71368711-935d-4a55-8f45-16ae1f41ecd8 6744db4189c347a6be4117e4a56b3e9b b5cbf16ca0374068b254bc10aeb36fcb - - default default] http://cinder-api.openstack.svc.cluster.local:8776/v3/b5cbf16ca0374068b254bc10aeb36fcb/attachments returned with HTTP 200 [pid: 7|app: 0|req: 362/724] 10.0.0.210 () {40 vars in 1057 bytes} [Tue Jul 21 22:10:21 2026] POST /v3/b5cbf16ca0374068b254bc10aeb36fcb/attachments => generated 273 bytes in 87 msecs (HTTP/1.1 200) 7 headers in 286 bytes (1 switches on core 0)
2026-07-21 22:10:22.787 8 INFO cinder.api.openstack.wsgi [req-d57b1c5c-da73-4d78-b5cf-65ec24e10805 req-dbf93d29-c70b-4f4b-85ef-7ecb4e2e5b2d 6744db4189c347a6be4117e4a56b3e9b b5cbf16ca0374068b254bc10aeb36fcb - - default default] GET http://cinder-api.openstack.svc.cluster.local:8776/
2026-07-21 22:10:22.789 8 INFO cinder.api.openstack.wsgi [req-d57b1c5c-da73-4d78-b5cf-65ec24e10805 req-dbf93d29-c70b-4f4b-85ef-7ecb4e2e5b2d 6744db4189c347a6be4117e4a56b3e9b b5cbf16ca0374068b254bc10aeb36fcb - - default default] http://cinder-api.openstack.svc.cluster.local:8776/ returned with HTTP 300 [pid: 8|app: 0|req: 363/725] 199.204.45.227 () {32 vars in 840 bytes} [Tue Jul 21 22:10:22 2026] GET / => generated 411 bytes in 4 msecs (HTTP/1.1 300) 5 headers in 169 bytes (1 switches on core 0) /var/lib/openstack/lib/python3.10/site-packages/pycadf/identifier.py:71: UserWarning: Invalid uuid: cinderv3. To ensure interoperability, identifiers should be a valid uuid. warnings.warn(('Invalid uuid: %s. To ensure interoperability, '
2026-07-21 22:10:22.830 7 INFO cinder.api.openstack.wsgi [req-d57b1c5c-da73-4d78-b5cf-65ec24e10805 req-8a48b7a9-b7e6-4647-9264-0b29237059e6 6744db4189c347a6be4117e4a56b3e9b b5cbf16ca0374068b254bc10aeb36fcb - - default default] GET http://cinder-api.openstack.svc.cluster.local:8776/v3/b5cbf16ca0374068b254bc10aeb36fcb/volumes/b203b462-2bc8-4846-b726-dba13f1a8250 /var/lib/openstack/lib/python3.10/site-packages/oslo_context/context.py:100: DeprecationWarning: Policy enforcement is depending on the value of is_admin. This key is deprecated. Please update your policy file to use the standard policy values. warnings.warn('Policy enforcement is depending on the value of '
2026-07-21 22:10:22.859 7 INFO cinder.volume.api [req-d57b1c5c-da73-4d78-b5cf-65ec24e10805 req-8a48b7a9-b7e6-4647-9264-0b29237059e6 6744db4189c347a6be4117e4a56b3e9b b5cbf16ca0374068b254bc10aeb36fcb - - default default] Volume info retrieved successfully.
2026-07-21 22:10:22.868 7 INFO cinder.api.openstack.wsgi [req-d57b1c5c-da73-4d78-b5cf-65ec24e10805 req-8a48b7a9-b7e6-4647-9264-0b29237059e6 6744db4189c347a6be4117e4a56b3e9b b5cbf16ca0374068b254bc10aeb36fcb - - default default] http://cinder-api.openstack.svc.cluster.local:8776/v3/b5cbf16ca0374068b254bc10aeb36fcb/volumes/b203b462-2bc8-4846-b726-dba13f1a8250 returned with HTTP 200 [pid: 7|app: 0|req: 363/726] 199.204.45.227 () {36 vars in 1073 bytes} [Tue Jul 21 22:10:22 2026] GET /v3/b5cbf16ca0374068b254bc10aeb36fcb/volumes/b203b462-2bc8-4846-b726-dba13f1a8250 => generated 1580 bytes in 47 msecs (HTTP/1.1 200) 7 headers in 287 bytes (1 switches on core 0) /var/lib/openstack/lib/python3.10/site-packages/pycadf/identifier.py:71: UserWarning: Invalid uuid: cinderv3. To ensure interoperability, identifiers should be a valid uuid. warnings.warn(('Invalid uuid: %s. To ensure interoperability, '
2026-07-21 22:10:24.500 8 INFO cinder.api.openstack.wsgi [req-d57b1c5c-da73-4d78-b5cf-65ec24e10805 req-c070b493-dee5-4950-b484-c751d3841d5a 6744db4189c347a6be4117e4a56b3e9b b5cbf16ca0374068b254bc10aeb36fcb - - default default] PUT http://cinder-api.openstack.svc.cluster.local:8776/v3/b5cbf16ca0374068b254bc10aeb36fcb/attachments/55956400-3e92-440b-bc5a-a000411d67c2 /var/lib/openstack/lib/python3.10/site-packages/oslo_context/context.py:100: DeprecationWarning: Policy enforcement is depending on the value of is_admin. This key is deprecated. Please update your policy file to use the standard policy values. warnings.warn('Policy enforcement is depending on the value of '
2026-07-21 22:10:24.942 7 INFO cinder.api.openstack.wsgi [req-d57b1c5c-da73-4d78-b5cf-65ec24e10805 req-8a48b7a9-b7e6-4647-9264-0b29237059e6 6744db4189c347a6be4117e4a56b3e9b b5cbf16ca0374068b254bc10aeb36fcb - - default default] GET http://10.0.0.209:8776/
2026-07-21 22:10:24.943 7 INFO cinder.api.openstack.wsgi [req-d57b1c5c-da73-4d78-b5cf-65ec24e10805 req-8a48b7a9-b7e6-4647-9264-0b29237059e6 6744db4189c347a6be4117e4a56b3e9b b5cbf16ca0374068b254bc10aeb36fcb - - default default] http://10.0.0.209:8776/ returned with HTTP 300
2026-07-21 22:10:24.944 7 INFO cinder.api.openstack.wsgi [req-d57b1c5c-da73-4d78-b5cf-65ec24e10805 req-8a48b7a9-b7e6-4647-9264-0b29237059e6 6744db4189c347a6be4117e4a56b3e9b b5cbf16ca0374068b254bc10aeb36fcb - - default default] GET http://10.0.0.209:8776/
2026-07-21 22:10:24.945 7 INFO cinder.api.openstack.wsgi [req-d57b1c5c-da73-4d78-b5cf-65ec24e10805 req-8a48b7a9-b7e6-4647-9264-0b29237059e6 6744db4189c347a6be4117e4a56b3e9b b5cbf16ca0374068b254bc10aeb36fcb - - default default] http://10.0.0.209:8776/ returned with HTTP 300
2026-07-21 22:10:25.189 8 INFO cinder.api.openstack.wsgi [req-d57b1c5c-da73-4d78-b5cf-65ec24e10805 req-c070b493-dee5-4950-b484-c751d3841d5a 6744db4189c347a6be4117e4a56b3e9b b5cbf16ca0374068b254bc10aeb36fcb - - default default] http://cinder-api.openstack.svc.cluster.local:8776/v3/b5cbf16ca0374068b254bc10aeb36fcb/attachments/55956400-3e92-440b-bc5a-a000411d67c2 returned with HTTP 200 [pid: 8|app: 0|req: 364/729] 199.204.45.227 () {40 vars in 1134 bytes} [Tue Jul 21 22:10:24 2026] PUT /v3/b5cbf16ca0374068b254bc10aeb36fcb/attachments/55956400-3e92-440b-bc5a-a000411d67c2 => generated 775 bytes in 703 msecs (HTTP/1.1 200) 7 headers in 286 bytes (1 switches on core 0) /var/lib/openstack/lib/python3.10/site-packages/pycadf/identifier.py:71: UserWarning: Invalid uuid: cinderv3. To ensure interoperability, identifiers should be a valid uuid. warnings.warn(('Invalid uuid: %s. To ensure interoperability, '
2026-07-21 22:10:25.248 7 INFO cinder.api.openstack.wsgi [req-d57b1c5c-da73-4d78-b5cf-65ec24e10805 req-41d33c56-e750-4696-8126-368383c1ab32 6744db4189c347a6be4117e4a56b3e9b b5cbf16ca0374068b254bc10aeb36fcb - - default default] POST http://cinder-api.openstack.svc.cluster.local:8776/v3/b5cbf16ca0374068b254bc10aeb36fcb/attachments/55956400-3e92-440b-bc5a-a000411d67c2/action /var/lib/openstack/lib/python3.10/site-packages/oslo_context/context.py:100: DeprecationWarning: Policy enforcement is depending on the value of is_admin. This key is deprecated. Please update your policy file to use the standard policy values. warnings.warn('Policy enforcement is depending on the value of '
2026-07-21 22:10:25.320 7 INFO cinder.api.openstack.wsgi [req-d57b1c5c-da73-4d78-b5cf-65ec24e10805 req-41d33c56-e750-4696-8126-368383c1ab32 6744db4189c347a6be4117e4a56b3e9b b5cbf16ca0374068b254bc10aeb36fcb - - default default] http://cinder-api.openstack.svc.cluster.local:8776/v3/b5cbf16ca0374068b254bc10aeb36fcb/attachments/55956400-3e92-440b-bc5a-a000411d67c2/action returned with HTTP 204 [pid: 7|app: 0|req: 366/730] 199.204.45.227 () {40 vars in 1148 bytes} [Tue Jul 21 22:10:25 2026] POST /v3/b5cbf16ca0374068b254bc10aeb36fcb/attachments/55956400-3e92-440b-bc5a-a000411d67c2/action => generated 0 bytes in 85 msecs (HTTP/1.1 204) 7 headers in 292 bytes (1 switches on core 0) /var/lib/openstack/lib/python3.10/site-packages/pycadf/identifier.py:71: UserWarning: Invalid uuid: cinderv3. To ensure interoperability, identifiers should be a valid uuid. warnings.warn(('Invalid uuid: %s. To ensure interoperability, '
2026-07-21 22:10:33.110 8 INFO cinder.api.openstack.wsgi [req-406f0c6b-ba63-4e67-ac6b-f5ef5bb4a9a3 req-649fa22d-4c34-4173-9127-7e7181f62c26 6744db4189c347a6be4117e4a56b3e9b b5cbf16ca0374068b254bc10aeb36fcb - - default default] DELETE http://cinder-api.openstack.svc.cluster.local:8776/v3/b5cbf16ca0374068b254bc10aeb36fcb/attachments/55956400-3e92-440b-bc5a-a000411d67c2 /var/lib/openstack/lib/python3.10/site-packages/oslo_context/context.py:100: DeprecationWarning: Policy enforcement is depending on the value of is_admin. This key is deprecated. Please update your policy file to use the standard policy values. warnings.warn('Policy enforcement is depending on the value of '
2026-07-21 22:10:33.242 8 INFO cinder.api.openstack.wsgi [req-406f0c6b-ba63-4e67-ac6b-f5ef5bb4a9a3 req-649fa22d-4c34-4173-9127-7e7181f62c26 6744db4189c347a6be4117e4a56b3e9b b5cbf16ca0374068b254bc10aeb36fcb - - default default] http://cinder-api.openstack.svc.cluster.local:8776/v3/b5cbf16ca0374068b254bc10aeb36fcb/attachments/55956400-3e92-440b-bc5a-a000411d67c2 returned with HTTP 200 [pid: 8|app: 0|req: 365/731] 199.204.45.227 () {38 vars in 1103 bytes} [Tue Jul 21 22:10:33 2026] DELETE /v3/b5cbf16ca0374068b254bc10aeb36fcb/attachments/55956400-3e92-440b-bc5a-a000411d67c2 => generated 19 bytes in 142 msecs (HTTP/1.1 200) 7 headers in 285 bytes (1 switches on core 0) /var/lib/openstack/lib/python3.10/site-packages/pycadf/identifier.py:71: UserWarning: Invalid uuid: cinderv3. To ensure interoperability, identifiers should be a valid uuid. warnings.warn(('Invalid uuid: %s. To ensure interoperability, '
2026-07-21 22:10:33.262 7 INFO cinder.api.openstack.wsgi [req-406f0c6b-ba63-4e67-ac6b-f5ef5bb4a9a3 req-9a7dbec8-af41-4e77-9d08-4cc5b7ad3740 6744db4189c347a6be4117e4a56b3e9b b5cbf16ca0374068b254bc10aeb36fcb - - default default] DELETE http://cinder-api.openstack.svc.cluster.local:8776/v3/b5cbf16ca0374068b254bc10aeb36fcb/volumes/b203b462-2bc8-4846-b726-dba13f1a8250
2026-07-21 22:10:33.263 7 INFO cinder.api.v3.volumes [req-406f0c6b-ba63-4e67-ac6b-f5ef5bb4a9a3 req-9a7dbec8-af41-4e77-9d08-4cc5b7ad3740 6744db4189c347a6be4117e4a56b3e9b b5cbf16ca0374068b254bc10aeb36fcb - - default default] Delete volume with id: b203b462-2bc8-4846-b726-dba13f1a8250  /var/lib/openstack/lib/python3.10/site-packages/oslo_context/context.py:100: DeprecationWarning: Policy enforcement is depending on the value of is_admin. This key is deprecated. Please update your policy file to use the standard policy values. warnings.warn('Policy enforcement is depending on the value of '
2026-07-21 22:10:33.285 7 INFO cinder.volume.api [req-406f0c6b-ba63-4e67-ac6b-f5ef5bb4a9a3 req-9a7dbec8-af41-4e77-9d08-4cc5b7ad3740 6744db4189c347a6be4117e4a56b3e9b b5cbf16ca0374068b254bc10aeb36fcb - - default default] Volume info retrieved successfully.
2026-07-21 22:10:33.342 7 INFO cinder.volume.api [req-406f0c6b-ba63-4e67-ac6b-f5ef5bb4a9a3 req-9a7dbec8-af41-4e77-9d08-4cc5b7ad3740 6744db4189c347a6be4117e4a56b3e9b b5cbf16ca0374068b254bc10aeb36fcb - - default default] Delete volume request issued successfully.
2026-07-21 22:10:33.343 7 INFO cinder.api.openstack.wsgi [req-406f0c6b-ba63-4e67-ac6b-f5ef5bb4a9a3 req-9a7dbec8-af41-4e77-9d08-4cc5b7ad3740 6744db4189c347a6be4117e4a56b3e9b b5cbf16ca0374068b254bc10aeb36fcb - - default default] http://cinder-api.openstack.svc.cluster.local:8776/v3/b5cbf16ca0374068b254bc10aeb36fcb/volumes/b203b462-2bc8-4846-b726-dba13f1a8250 returned with HTTP 202 [pid: 7|app: 0|req: 367/732] 199.204.45.227 () {36 vars in 1054 bytes} [Tue Jul 21 22:10:33 2026] DELETE /v3/b5cbf16ca0374068b254bc10aeb36fcb/volumes/b203b462-2bc8-4846-b726-dba13f1a8250 => generated 0 bytes in 92 msecs (HTTP/1.1 202) 6 headers in 233 bytes (1 switches on core 0) /var/lib/openstack/lib/python3.10/site-packages/pycadf/identifier.py:71: UserWarning: Invalid uuid: cinderv3. To ensure interoperability, identifiers should be a valid uuid. warnings.warn(('Invalid uuid: %s. To ensure interoperability, '
2026-07-21 22:10:34.648 8 INFO cinder.api.openstack.wsgi [req-cdee8f7f-873e-4668-b069-17d233aa439b req-b10a847c-ac92-42b4-8ac4-d79e974cfb67 30fb29b2227b40198e5142d85173e0e2 c6e5d72aac9e4469a16d5c3393fff62d - - default default] GET http://cinder-api.openstack.svc.cluster.local:8776/v3/c6e5d72aac9e4469a16d5c3393fff62d/attachments?instance_id=a971f9e8-e240-42b1-9638-e0854ee617d8
2026-07-21 22:10:34.669 8 INFO cinder.api.openstack.wsgi [req-cdee8f7f-873e-4668-b069-17d233aa439b req-b10a847c-ac92-42b4-8ac4-d79e974cfb67 30fb29b2227b40198e5142d85173e0e2 c6e5d72aac9e4469a16d5c3393fff62d - - default default] http://cinder-api.openstack.svc.cluster.local:8776/v3/c6e5d72aac9e4469a16d5c3393fff62d/attachments?instance_id=a971f9e8-e240-42b1-9638-e0854ee617d8 returned with HTTP 200 [pid: 8|app: 0|req: 366/733] 199.204.45.227 () {36 vars in 1104 bytes} [Tue Jul 21 22:10:34 2026] GET /v3/c6e5d72aac9e4469a16d5c3393fff62d/attachments?instance_id=a971f9e8-e240-42b1-9638-e0854ee617d8 => generated 19 bytes in 34 msecs (HTTP/1.1 200) 7 headers in 285 bytes (1 switches on core 0)
2026-07-21 22:10:34.943 7 INFO cinder.api.openstack.wsgi [req-406f0c6b-ba63-4e67-ac6b-f5ef5bb4a9a3 req-9a7dbec8-af41-4e77-9d08-4cc5b7ad3740 6744db4189c347a6be4117e4a56b3e9b b5cbf16ca0374068b254bc10aeb36fcb - - default default] GET http://10.0.0.209:8776/
2026-07-21 22:10:34.947 8 INFO cinder.api.openstack.wsgi [req-cdee8f7f-873e-4668-b069-17d233aa439b req-b10a847c-ac92-42b4-8ac4-d79e974cfb67 30fb29b2227b40198e5142d85173e0e2 c6e5d72aac9e4469a16d5c3393fff62d - - default default] GET http://10.0.0.209:8776/
2026-07-21 22:10:34.947 7 INFO cinder.api.openstack.wsgi [req-406f0c6b-ba63-4e67-ac6b-f5ef5bb4a9a3 req-9a7dbec8-af41-4e77-9d08-4cc5b7ad3740 6744db4189c347a6be4117e4a56b3e9b b5cbf16ca0374068b254bc10aeb36fcb - - default default] http://10.0.0.209:8776/ returned with HTTP 300
2026-07-21 22:10:34.949 8 INFO cinder.api.openstack.wsgi [req-cdee8f7f-873e-4668-b069-17d233aa439b req-b10a847c-ac92-42b4-8ac4-d79e974cfb67 30fb29b2227b40198e5142d85173e0e2 c6e5d72aac9e4469a16d5c3393fff62d - - default default] http://10.0.0.209:8776/ returned with HTTP 300
2026-07-21 22:10:44.944 8 INFO cinder.api.openstack.wsgi [req-cdee8f7f-873e-4668-b069-17d233aa439b req-b10a847c-ac92-42b4-8ac4-d79e974cfb67 30fb29b2227b40198e5142d85173e0e2 c6e5d72aac9e4469a16d5c3393fff62d - - default default] GET http://10.0.0.209:8776/
2026-07-21 22:10:44.945 8 INFO cinder.api.openstack.wsgi [req-cdee8f7f-873e-4668-b069-17d233aa439b req-b10a847c-ac92-42b4-8ac4-d79e974cfb67 30fb29b2227b40198e5142d85173e0e2 c6e5d72aac9e4469a16d5c3393fff62d - - default default] http://10.0.0.209:8776/ returned with HTTP 300
2026-07-21 22:10:44.947 7 INFO cinder.api.openstack.wsgi [req-406f0c6b-ba63-4e67-ac6b-f5ef5bb4a9a3 req-9a7dbec8-af41-4e77-9d08-4cc5b7ad3740 6744db4189c347a6be4117e4a56b3e9b b5cbf16ca0374068b254bc10aeb36fcb - - default default] GET http://10.0.0.209:8776/
2026-07-21 22:10:44.948 7 INFO cinder.api.openstack.wsgi [req-406f0c6b-ba63-4e67-ac6b-f5ef5bb4a9a3 req-9a7dbec8-af41-4e77-9d08-4cc5b7ad3740 6744db4189c347a6be4117e4a56b3e9b b5cbf16ca0374068b254bc10aeb36fcb - - default default] http://10.0.0.209:8776/ returned with HTTP 300
2026-07-21 22:10:54.942 8 INFO cinder.api.openstack.wsgi [req-cdee8f7f-873e-4668-b069-17d233aa439b req-b10a847c-ac92-42b4-8ac4-d79e974cfb67 30fb29b2227b40198e5142d85173e0e2 c6e5d72aac9e4469a16d5c3393fff62d - - default default] GET http://10.0.0.209:8776/
2026-07-21 22:10:54.943 7 INFO cinder.api.openstack.wsgi [req-406f0c6b-ba63-4e67-ac6b-f5ef5bb4a9a3 req-9a7dbec8-af41-4e77-9d08-4cc5b7ad3740 6744db4189c347a6be4117e4a56b3e9b b5cbf16ca0374068b254bc10aeb36fcb - - default default] GET http://10.0.0.209:8776/
2026-07-21 22:10:54.944 8 INFO cinder.api.openstack.wsgi [req-cdee8f7f-873e-4668-b069-17d233aa439b req-b10a847c-ac92-42b4-8ac4-d79e974cfb67 30fb29b2227b40198e5142d85173e0e2 c6e5d72aac9e4469a16d5c3393fff62d - - default default] http://10.0.0.209:8776/ returned with HTTP 300
2026-07-21 22:10:54.944 7 INFO cinder.api.openstack.wsgi [req-406f0c6b-ba63-4e67-ac6b-f5ef5bb4a9a3 req-9a7dbec8-af41-4e77-9d08-4cc5b7ad3740 6744db4189c347a6be4117e4a56b3e9b b5cbf16ca0374068b254bc10aeb36fcb - - default default] http://10.0.0.209:8776/ returned with HTTP 300 /var/lib/openstack/lib/python3.10/site-packages/pycadf/identifier.py:71: UserWarning: Invalid uuid: cinderv3. To ensure interoperability, identifiers should be a valid uuid. warnings.warn(('Invalid uuid: %s. To ensure interoperability, '
2026-07-21 22:10:59.862 7 INFO cinder.api.openstack.wsgi [None req-e53f45a0-e03c-40a9-bb30-300969bb284a 92cafca60d8046229c40b2189c26b994 345d23cf783349f0bf61d09edbfc4154 - - default default] GET http://cinder-api.openstack.svc.cluster.local:8776/v3/345d23cf783349f0bf61d09edbfc4154/volumes/detail?all_tenants=true
2026-07-21 22:10:59.875 7 INFO cinder.volume.api [None req-e53f45a0-e03c-40a9-bb30-300969bb284a 92cafca60d8046229c40b2189c26b994 345d23cf783349f0bf61d09edbfc4154 - - default default] Get all volumes completed successfully.
