2026-07-21 22:08:00.136 8 INFO placement.requestlog [None req-eb63b68e-3b20-4dc9-b2b9-5d50f646d5c0 - - - - - -] 10.0.0.4 "GET /" status: 200 len: 136 microversion: 1.0
2026-07-21 22:08:10.135 7 INFO placement.requestlog [None req-cf3b5c5f-bf44-4ca8-8161-7521a990d175 - - - - - -] 10.0.0.4 "GET /" status: 200 len: 136 microversion: 1.0
2026-07-21 22:08:10.136 8 INFO placement.requestlog [None req-e8a6f839-0ec7-4516-874f-476349faf886 - - - - - -] 10.0.0.4 "GET /" status: 200 len: 136 microversion: 1.0
2026-07-21 22:08:20.135 7 INFO placement.requestlog [None req-3c7ccfde-ad4f-48ae-a416-2893c83b8f99 - - - - - -] 10.0.0.4 "GET /" status: 200 len: 136 microversion: 1.0
2026-07-21 22:08:20.135 8 INFO placement.requestlog [None req-6cb49306-1f88-418f-812a-6b36d53279b1 - - - - - -] 10.0.0.4 "GET /" status: 200 len: 136 microversion: 1.0
2026-07-21 22:08:30.136 7 INFO placement.requestlog [None req-470920e0-2198-4946-933b-77c6d757eca1 - - - - - -] 10.0.0.4 "GET /" status: 200 len: 136 microversion: 1.0
2026-07-21 22:08:30.136 8 INFO placement.requestlog [None req-23d5a8e3-803c-4c32-9817-1cc995b3a53d - - - - - -] 10.0.0.4 "GET /" status: 200 len: 136 microversion: 1.0
2026-07-21 22:08:40.136 7 INFO placement.requestlog [None req-9f6b39d1-cad7-4649-84a4-a1d9566f908d - - - - - -] 10.0.0.4 "GET /" status: 200 len: 136 microversion: 1.0
2026-07-21 22:08:40.137 8 INFO placement.requestlog [None req-6f7f46ba-767f-4e56-9be8-25d7a7240bd0 - - - - - -] 10.0.0.4 "GET /" status: 200 len: 136 microversion: 1.0
2026-07-21 22:08:50.135 8 INFO placement.requestlog [None req-120c7048-6a93-4cbe-aafe-fb086881ef17 - - - - - -] 10.0.0.4 "GET /" status: 200 len: 136 microversion: 1.0
2026-07-21 22:08:50.136 7 INFO placement.requestlog [None req-b5f67b7e-5cde-4d1e-b2fd-164b485eb320 - - - - - -] 10.0.0.4 "GET /" status: 200 len: 136 microversion: 1.0
2026-07-21 22:08:59.523 8 INFO placement.requestlog [req-b38e0673-5589-432e-bc75-c96d2da3687c req-72f419e0-2d56-4e80-b8eb-337a07b62253 33c62b2e9fe74defbf910d60fa69afb9 6e8a0c3568aa4b83a437e87b7b9fe6d7 - - 644a996013e64cc797dcbf2400e8b4c9 644a996013e64cc797dcbf2400e8b4c9] 199.204.45.227 "GET /resource_providers/7323b60b-8855-4fd2-b5c0-7d2b8f26e028/allocations" status: 200 len: 54 microversion: 1.0 [pid: 8|app: 0|req: 298/596] 199.204.45.227 () {32 vars in 857 bytes} [Tue Jul 21 22:08:59 2026] GET /resource_providers/7323b60b-8855-4fd2-b5c0-7d2b8f26e028/allocations => generated 54 bytes in 18 msecs (HTTP/1.1 200) 6 headers in 223 bytes (1 switches on core 0)
2026-07-21 22:08:59.555 7 INFO placement.requestlog [req-b38e0673-5589-432e-bc75-c96d2da3687c req-811d3f53-7a26-437a-8a0f-1db92148db0e 33c62b2e9fe74defbf910d60fa69afb9 6e8a0c3568aa4b83a437e87b7b9fe6d7 - - 644a996013e64cc797dcbf2400e8b4c9 644a996013e64cc797dcbf2400e8b4c9] 199.204.45.227 "GET /resource_providers/7323b60b-8855-4fd2-b5c0-7d2b8f26e028/allocations" status: 200 len: 54 microversion: 1.0 [pid: 7|app: 0|req: 299/597] 199.204.45.227 () {32 vars in 857 bytes} [Tue Jul 21 22:08:59 2026] GET /resource_providers/7323b60b-8855-4fd2-b5c0-7d2b8f26e028/allocations => generated 54 bytes in 20 msecs (HTTP/1.1 200) 6 headers in 223 bytes (1 switches on core 0)
2026-07-21 22:09:00.135 8 INFO placement.requestlog [None req-52f0ddf7-cafd-4b00-9f19-416da3b89c83 - - - - - -] 10.0.0.4 "GET /" status: 200 len: 136 microversion: 1.0
2026-07-21 22:09:00.136 7 INFO placement.requestlog [None req-6287aad2-5214-41eb-8803-734cfd2b1182 - - - - - -] 10.0.0.4 "GET /" status: 200 len: 136 microversion: 1.0
2026-07-21 22:09:10.135 7 INFO placement.requestlog [None req-702ee273-2ed0-4b9b-a6cb-cbbb9acfe26c - - - - - -] 10.0.0.4 "GET /" status: 200 len: 136 microversion: 1.0
2026-07-21 22:09:10.136 8 INFO placement.requestlog [None req-bb740a9e-9b77-499b-9e34-3642a92026ad - - - - - -] 10.0.0.4 "GET /" status: 200 len: 136 microversion: 1.0
2026-07-21 22:09:20.136 8 INFO placement.requestlog [None req-d912deeb-7e26-4a1a-a3ac-e645ebd3c1a7 - - - - - -] 10.0.0.4 "GET /" status: 200 len: 136 microversion: 1.0
2026-07-21 22:09:20.137 7 INFO placement.requestlog [None req-382e94d9-347b-4e2b-bcc7-b422017d0305 - - - - - -] 10.0.0.4 "GET /" status: 200 len: 136 microversion: 1.0
2026-07-21 22:09:30.136 7 INFO placement.requestlog [None req-f92b5be4-8f40-4b9a-a6a2-8c07bbe1ac03 - - - - - -] 10.0.0.4 "GET /" status: 200 len: 136 microversion: 1.0
2026-07-21 22:09:30.135 8 INFO placement.requestlog [None req-2f9d856a-5d53-4ab5-af9b-7377a7b0eb04 - - - - - -] 10.0.0.4 "GET /" status: 200 len: 136 microversion: 1.0
2026-07-21 22:09:40.137 8 INFO placement.requestlog [None req-e85e1e41-cbeb-497d-ae21-c4a06eb34d48 - - - - - -] 10.0.0.4 "GET /" status: 200 len: 136 microversion: 1.0
2026-07-21 22:09:40.137 7 INFO placement.requestlog [None req-3c585ca8-c399-4702-ae4c-45a1ffd0a95c - - - - - -] 10.0.0.4 "GET /" status: 200 len: 136 microversion: 1.0
2026-07-21 22:09:50.135 7 INFO placement.requestlog [None req-eccbc252-2a72-4240-aad1-5f1eb86fe695 - - - - - -] 10.0.0.4 "GET /" status: 200 len: 136 microversion: 1.0
2026-07-21 22:09:50.136 8 INFO placement.requestlog [None req-93bc7df8-b421-4335-a10f-91da9d2ef22e - - - - - -] 10.0.0.4 "GET /" status: 200 len: 136 microversion: 1.0
2026-07-21 22:09:56.654 8 INFO placement.requestlog [None req-cc94ccac-4e95-4958-9fe6-2014c8e174e6 38fe535761744daf844a09a4af923b74 6e8a0c3568aa4b83a437e87b7b9fe6d7 - - 644a996013e64cc797dcbf2400e8b4c9 644a996013e64cc797dcbf2400e8b4c9] 10.0.0.156 "GET /resource_providers/9a24350d-ac4d-4fab-9aa1-4ce6b320da1d/aggregates" status: 404 len: 235 microversion: 1.1 [pid: 8|app: 0|req: 305/610] 10.0.0.156 () {32 vars in 816 bytes} [Tue Jul 21 22:09:56 2026] GET /resource_providers/9a24350d-ac4d-4fab-9aa1-4ce6b320da1d/aggregates => generated 235 bytes in 140 msecs (HTTP/1.1 404) 5 headers in 202 bytes (1 switches on core 0)
2026-07-21 22:09:56.675 7 INFO placement.requestlog [None req-dd84b67f-e545-4384-9cb6-9161beda499d 38fe535761744daf844a09a4af923b74 6e8a0c3568aa4b83a437e87b7b9fe6d7 - - 644a996013e64cc797dcbf2400e8b4c9 644a996013e64cc797dcbf2400e8b4c9] 10.0.0.156 "GET /resource_providers/9a24350d-ac4d-4fab-9aa1-4ce6b320da1d/aggregates" status: 404 len: 235 microversion: 1.1 [pid: 7|app: 0|req: 306/611] 10.0.0.156 () {32 vars in 816 bytes} [Tue Jul 21 22:09:56 2026] GET /resource_providers/9a24350d-ac4d-4fab-9aa1-4ce6b320da1d/aggregates => generated 235 bytes in 162 msecs (HTTP/1.1 404) 5 headers in 202 bytes (1 switches on core 0)
2026-07-21 22:09:56.678 8 INFO placement.requestlog [None req-b31ea583-cff0-4f3d-b632-ca2d11ffe636 38fe535761744daf844a09a4af923b74 6e8a0c3568aa4b83a437e87b7b9fe6d7 - - 644a996013e64cc797dcbf2400e8b4c9 644a996013e64cc797dcbf2400e8b4c9] 10.0.0.156 "DELETE /resource_providers/9a24350d-ac4d-4fab-9aa1-4ce6b320da1d" status: 404 len: 246 microversion: 1.1 [pid: 8|app: 0|req: 306/612] 10.0.0.156 () {34 vars in 816 bytes} [Tue Jul 21 22:09:56 2026] DELETE /resource_providers/9a24350d-ac4d-4fab-9aa1-4ce6b320da1d => generated 246 bytes in 11 msecs (HTTP/1.1 404) 6 headers in 231 bytes (1 switches on core 0)
2026-07-21 22:09:56.696 7 INFO placement.requestlog [None req-98e131af-db65-48d8-9c3c-75481f8e0148 38fe535761744daf844a09a4af923b74 6e8a0c3568aa4b83a437e87b7b9fe6d7 - - 644a996013e64cc797dcbf2400e8b4c9 644a996013e64cc797dcbf2400e8b4c9] 10.0.0.156 "DELETE /resource_providers/9a24350d-ac4d-4fab-9aa1-4ce6b320da1d" status: 404 len: 246 microversion: 1.1 [pid: 7|app: 0|req: 307/613] 10.0.0.156 () {34 vars in 816 bytes} [Tue Jul 21 22:09:56 2026] DELETE /resource_providers/9a24350d-ac4d-4fab-9aa1-4ce6b320da1d => generated 246 bytes in 12 msecs (HTTP/1.1 404) 6 headers in 231 bytes (1 switches on core 0)
2026-07-21 22:09:57.909 8 INFO placement.requestlog [req-9cb676a8-b0af-4022-9ada-9719cf722d8f req-0a8a9898-f9b8-43f0-963f-670e48f4f51f 33c62b2e9fe74defbf910d60fa69afb9 6e8a0c3568aa4b83a437e87b7b9fe6d7 - - 644a996013e64cc797dcbf2400e8b4c9 644a996013e64cc797dcbf2400e8b4c9] 10.0.0.240 "GET /allocation_candidates?limit=1000&resources=DISK_GB%3A1%2CMEMORY_MB%3A512%2CVCPU%3A1&root_required=%21COMPUTE_STATUS_DISABLED" status: 200 len: 2217 microversion: 1.36 [pid: 8|app: 0|req: 307/614] 10.0.0.240 () {34 vars in 1012 bytes} [Tue Jul 21 22:09:57 2026] GET /allocation_candidates?limit=1000&resources=DISK_GB%3A1%2CMEMORY_MB%3A512%2CVCPU%3A1&root_required=%21COMPUTE_STATUS_DISABLED => generated 2217 bytes in 229 msecs (HTTP/1.1 200) 8 headers in 297 bytes (1 switches on core 0)
2026-07-21 22:09:57.960 7 INFO placement.requestlog [req-9cb676a8-b0af-4022-9ada-9719cf722d8f req-89ce0aa8-93c4-4c17-bd17-fbff86e6a923 33c62b2e9fe74defbf910d60fa69afb9 6e8a0c3568aa4b83a437e87b7b9fe6d7 - - 644a996013e64cc797dcbf2400e8b4c9 644a996013e64cc797dcbf2400e8b4c9] 10.0.0.240 "GET /allocations/a971f9e8-e240-42b1-9638-e0854ee617d8" status: 200 len: 19 microversion: 1.28 [pid: 7|app: 0|req: 308/615] 10.0.0.240 () {34 vars in 861 bytes} [Tue Jul 21 22:09:57 2026] GET /allocations/a971f9e8-e240-42b1-9638-e0854ee617d8 => generated 19 bytes in 17 msecs (HTTP/1.1 200) 8 headers in 295 bytes (1 switches on core 0)
2026-07-21 22:09:58.061 8 INFO placement.requestlog [req-9cb676a8-b0af-4022-9ada-9719cf722d8f req-76b3058a-a6c6-46c7-9bfd-5248af358cb9 33c62b2e9fe74defbf910d60fa69afb9 6e8a0c3568aa4b83a437e87b7b9fe6d7 - - 644a996013e64cc797dcbf2400e8b4c9 644a996013e64cc797dcbf2400e8b4c9] 10.0.0.240 "PUT /allocations/a971f9e8-e240-42b1-9638-e0854ee617d8" status: 204 len: 0 microversion: 1.36 [pid: 8|app: 0|req: 308/616] 10.0.0.240 () {38 vars in 914 bytes} [Tue Jul 21 22:09:57 2026] PUT /allocations/a971f9e8-e240-42b1-9638-e0854ee617d8 => generated 0 bytes in 91 msecs (HTTP/1.1 204) 5 headers in 199 bytes (1 switches on core 0)
2026-07-21 22:09:58.686 7 INFO placement.requestlog [req-9cb676a8-b0af-4022-9ada-9719cf722d8f req-d0e17492-5c56-4c2b-9e30-2216f756f39b 33c62b2e9fe74defbf910d60fa69afb9 6e8a0c3568aa4b83a437e87b7b9fe6d7 - - 644a996013e64cc797dcbf2400e8b4c9 644a996013e64cc797dcbf2400e8b4c9] 199.204.45.227 "GET /allocations/a971f9e8-e240-42b1-9638-e0854ee617d8" status: 200 len: 257 microversion: 1.28 [pid: 7|app: 0|req: 309/617] 199.204.45.227 () {34 vars in 863 bytes} [Tue Jul 21 22:09:58 2026] GET /allocations/a971f9e8-e240-42b1-9638-e0854ee617d8 => generated 257 bytes in 18 msecs (HTTP/1.1 200) 8 headers in 296 bytes (1 switches on core 0)
2026-07-21 22:09:58.739 7 INFO placement.requestlog [None req-c62cd790-d30d-4c5d-a925-47ed408803b4 38fe535761744daf844a09a4af923b74 6e8a0c3568aa4b83a437e87b7b9fe6d7 - - 644a996013e64cc797dcbf2400e8b4c9 644a996013e64cc797dcbf2400e8b4c9] 10.0.0.156 "GET /resource_providers/49e1ab2d-2234-4404-a7f8-95dd4c3b6c13/aggregates" status: 404 len: 235 microversion: 1.1 [pid: 7|app: 0|req: 310/618] 10.0.0.156 () {32 vars in 816 bytes} [Tue Jul 21 22:09:58 2026] GET /resource_providers/49e1ab2d-2234-4404-a7f8-95dd4c3b6c13/aggregates => generated 235 bytes in 11 msecs (HTTP/1.1 404) 5 headers in 202 bytes (1 switches on core 0)
2026-07-21 22:09:58.749 8 INFO placement.requestlog [None req-a53f1403-32f9-4815-b35b-5137db9917c6 38fe535761744daf844a09a4af923b74 6e8a0c3568aa4b83a437e87b7b9fe6d7 - - 644a996013e64cc797dcbf2400e8b4c9 644a996013e64cc797dcbf2400e8b4c9] 10.0.0.156 "GET /resource_providers/49e1ab2d-2234-4404-a7f8-95dd4c3b6c13/aggregates" status: 404 len: 235 microversion: 1.1 [pid: 8|app: 0|req: 309/619] 10.0.0.156 () {32 vars in 816 bytes} [Tue Jul 21 22:09:58 2026] GET /resource_providers/49e1ab2d-2234-4404-a7f8-95dd4c3b6c13/aggregates => generated 235 bytes in 22 msecs (HTTP/1.1 404) 5 headers in 202 bytes (1 switches on core 0)
2026-07-21 22:09:58.754 7 INFO placement.requestlog [None req-e277083b-d96c-4863-b3bb-1cfcce2cad84 38fe535761744daf844a09a4af923b74 6e8a0c3568aa4b83a437e87b7b9fe6d7 - - 644a996013e64cc797dcbf2400e8b4c9 644a996013e64cc797dcbf2400e8b4c9] 10.0.0.156 "DELETE /resource_providers/49e1ab2d-2234-4404-a7f8-95dd4c3b6c13" status: 404 len: 246 microversion: 1.1 [pid: 7|app: 0|req: 311/620] 10.0.0.156 () {34 vars in 816 bytes} [Tue Jul 21 22:09:58 2026] DELETE /resource_providers/49e1ab2d-2234-4404-a7f8-95dd4c3b6c13 => generated 246 bytes in 9 msecs (HTTP/1.1 404) 6 headers in 231 bytes (1 switches on core 0)
2026-07-21 22:09:58.775 8 INFO placement.requestlog [None req-acb83e55-33fd-4a8f-bd77-aded60e90a6d 38fe535761744daf844a09a4af923b74 6e8a0c3568aa4b83a437e87b7b9fe6d7 - - 644a996013e64cc797dcbf2400e8b4c9 644a996013e64cc797dcbf2400e8b4c9] 10.0.0.156 "DELETE /resource_providers/49e1ab2d-2234-4404-a7f8-95dd4c3b6c13" status: 404 len: 246 microversion: 1.1 [pid: 8|app: 0|req: 310/621] 10.0.0.156 () {34 vars in 816 bytes} [Tue Jul 21 22:09:58 2026] DELETE /resource_providers/49e1ab2d-2234-4404-a7f8-95dd4c3b6c13 => generated 246 bytes in 16 msecs (HTTP/1.1 404) 6 headers in 231 bytes (1 switches on core 0)
2026-07-21 22:09:58.819 7 INFO placement.requestlog [req-9cb676a8-b0af-4022-9ada-9719cf722d8f req-3f2df0e0-8725-4971-b99f-846cfe36a6d4 33c62b2e9fe74defbf910d60fa69afb9 6e8a0c3568aa4b83a437e87b7b9fe6d7 - - 644a996013e64cc797dcbf2400e8b4c9 644a996013e64cc797dcbf2400e8b4c9] 199.204.45.227 "GET /resource_providers/7323b60b-8855-4fd2-b5c0-7d2b8f26e028/allocations" status: 200 len: 152 microversion: 1.0 [pid: 7|app: 0|req: 312/622] 199.204.45.227 () {32 vars in 857 bytes} [Tue Jul 21 22:09:58 2026] GET /resource_providers/7323b60b-8855-4fd2-b5c0-7d2b8f26e028/allocations => generated 152 bytes in 21 msecs (HTTP/1.1 200) 6 headers in 224 bytes (1 switches on core 0)
2026-07-21 22:09:58.874 8 INFO placement.requestlog [req-9cb676a8-b0af-4022-9ada-9719cf722d8f req-5f6817e8-53af-4001-bcba-cc82a6f6bd5a 33c62b2e9fe74defbf910d60fa69afb9 6e8a0c3568aa4b83a437e87b7b9fe6d7 - - 644a996013e64cc797dcbf2400e8b4c9 644a996013e64cc797dcbf2400e8b4c9] 199.204.45.227 "GET /allocations/a971f9e8-e240-42b1-9638-e0854ee617d8" status: 200 len: 257 microversion: 1.28 [pid: 8|app: 0|req: 311/623] 199.204.45.227 () {34 vars in 863 bytes} [Tue Jul 21 22:09:58 2026] GET /allocations/a971f9e8-e240-42b1-9638-e0854ee617d8 => generated 257 bytes in 35 msecs (HTTP/1.1 200) 8 headers in 296 bytes (1 switches on core 0)
2026-07-21 22:10:00.136 8 INFO placement.requestlog [None req-eb29a541-2ddd-432e-8231-945f54cc6911 - - - - - -] 10.0.0.4 "GET /" status: 200 len: 136 microversion: 1.0
2026-07-21 22:10:00.137 7 INFO placement.requestlog [None req-79b2f1f3-273a-48cd-baba-61853f5b9a6d - - - - - -] 10.0.0.4 "GET /" status: 200 len: 136 microversion: 1.0
2026-07-21 22:10:00.718 7 INFO placement.requestlog [None req-8700e02d-7e9d-4fca-a2e8-aa9b20bdbd8a 38fe535761744daf844a09a4af923b74 6e8a0c3568aa4b83a437e87b7b9fe6d7 - - 644a996013e64cc797dcbf2400e8b4c9 644a996013e64cc797dcbf2400e8b4c9] 10.0.0.156 "GET /resource_providers/621141f6-0b8e-4542-9993-feda5f94bee5/aggregates" status: 404 len: 235 microversion: 1.1 [pid: 7|app: 0|req: 314/626] 10.0.0.156 () {32 vars in 816 bytes} [Tue Jul 21 22:10:00 2026] GET /resource_providers/621141f6-0b8e-4542-9993-feda5f94bee5/aggregates => generated 235 bytes in 209 msecs (HTTP/1.1 404) 5 headers in 202 bytes (1 switches on core 0)
2026-07-21 22:10:00.733 8 INFO placement.requestlog [None req-7f787865-6e22-444d-bacf-a5639f82535c 38fe535761744daf844a09a4af923b74 6e8a0c3568aa4b83a437e87b7b9fe6d7 - - 644a996013e64cc797dcbf2400e8b4c9 644a996013e64cc797dcbf2400e8b4c9] 10.0.0.156 "GET /resource_providers/621141f6-0b8e-4542-9993-feda5f94bee5/aggregates" status: 404 len: 235 microversion: 1.1 [pid: 8|app: 0|req: 313/627] 10.0.0.156 () {32 vars in 816 bytes} [Tue Jul 21 22:10:00 2026] GET /resource_providers/621141f6-0b8e-4542-9993-feda5f94bee5/aggregates => generated 235 bytes in 226 msecs (HTTP/1.1 404) 5 headers in 202 bytes (1 switches on core 0)
2026-07-21 22:10:00.740 7 INFO placement.requestlog [None req-70adbe82-3b63-4da7-a1ee-2b8279690713 38fe535761744daf844a09a4af923b74 6e8a0c3568aa4b83a437e87b7b9fe6d7 - - 644a996013e64cc797dcbf2400e8b4c9 644a996013e64cc797dcbf2400e8b4c9] 10.0.0.156 "DELETE /resource_providers/621141f6-0b8e-4542-9993-feda5f94bee5" status: 404 len: 246 microversion: 1.1 [pid: 7|app: 0|req: 315/628] 10.0.0.156 () {34 vars in 816 bytes} [Tue Jul 21 22:10:00 2026] DELETE /resource_providers/621141f6-0b8e-4542-9993-feda5f94bee5 => generated 246 bytes in 15 msecs (HTTP/1.1 404) 6 headers in 231 bytes (1 switches on core 0)
2026-07-21 22:10:00.749 8 INFO placement.requestlog [None req-98ccf37b-7d19-470a-97f1-f907606f06b1 38fe535761744daf844a09a4af923b74 6e8a0c3568aa4b83a437e87b7b9fe6d7 - - 644a996013e64cc797dcbf2400e8b4c9 644a996013e64cc797dcbf2400e8b4c9] 10.0.0.156 "DELETE /resource_providers/621141f6-0b8e-4542-9993-feda5f94bee5" status: 404 len: 246 microversion: 1.1 [pid: 8|app: 0|req: 314/629] 10.0.0.156 () {34 vars in 816 bytes} [Tue Jul 21 22:10:00 2026] DELETE /resource_providers/621141f6-0b8e-4542-9993-feda5f94bee5 => generated 246 bytes in 9 msecs (HTTP/1.1 404) 6 headers in 231 bytes (1 switches on core 0)
2026-07-21 22:10:01.211 7 INFO placement.requestlog [req-61060000-e521-4ba8-8baa-ffe146a194cf req-b63fa1dd-3ebc-4583-bbef-d5834b21a87b 33c62b2e9fe74defbf910d60fa69afb9 6e8a0c3568aa4b83a437e87b7b9fe6d7 - - 644a996013e64cc797dcbf2400e8b4c9 644a996013e64cc797dcbf2400e8b4c9] 199.204.45.227 "GET /resource_providers/7323b60b-8855-4fd2-b5c0-7d2b8f26e028/allocations" status: 200 len: 152 microversion: 1.0 [pid: 7|app: 0|req: 316/630] 199.204.45.227 () {32 vars in 857 bytes} [Tue Jul 21 22:10:01 2026] GET /resource_providers/7323b60b-8855-4fd2-b5c0-7d2b8f26e028/allocations => generated 152 bytes in 65 msecs (HTTP/1.1 200) 6 headers in 224 bytes (1 switches on core 0)
2026-07-21 22:10:01.249 8 INFO placement.requestlog [req-61060000-e521-4ba8-8baa-ffe146a194cf req-cad27591-0b73-4a24-95ed-40a0b9716e0d 33c62b2e9fe74defbf910d60fa69afb9 6e8a0c3568aa4b83a437e87b7b9fe6d7 - - 644a996013e64cc797dcbf2400e8b4c9 644a996013e64cc797dcbf2400e8b4c9] 199.204.45.227 "GET /resource_providers/7323b60b-8855-4fd2-b5c0-7d2b8f26e028/allocations" status: 200 len: 152 microversion: 1.0 [pid: 8|app: 0|req: 315/631] 199.204.45.227 () {32 vars in 857 bytes} [Tue Jul 21 22:10:01 2026] GET /resource_providers/7323b60b-8855-4fd2-b5c0-7d2b8f26e028/allocations => generated 152 bytes in 26 msecs (HTTP/1.1 200) 6 headers in 224 bytes (1 switches on core 0)
2026-07-21 22:10:01.288 7 INFO placement.requestlog [req-61060000-e521-4ba8-8baa-ffe146a194cf req-28897ca9-4bb6-4527-9ed9-881b366894ce 33c62b2e9fe74defbf910d60fa69afb9 6e8a0c3568aa4b83a437e87b7b9fe6d7 - - 644a996013e64cc797dcbf2400e8b4c9 644a996013e64cc797dcbf2400e8b4c9] 199.204.45.227 "GET /allocations/a971f9e8-e240-42b1-9638-e0854ee617d8" status: 200 len: 257 microversion: 1.28 [pid: 7|app: 0|req: 317/632] 199.204.45.227 () {34 vars in 863 bytes} [Tue Jul 21 22:10:01 2026] GET /allocations/a971f9e8-e240-42b1-9638-e0854ee617d8 => generated 257 bytes in 25 msecs (HTTP/1.1 200) 8 headers in 296 bytes (1 switches on core 0)
2026-07-21 22:10:02.342 8 INFO placement.requestlog [req-93192bb7-02c7-4e10-a9ea-2e6e527181b1 req-5a97c3b5-89c7-4216-8c1e-13bd9cd0f2bb 33c62b2e9fe74defbf910d60fa69afb9 6e8a0c3568aa4b83a437e87b7b9fe6d7 - - 644a996013e64cc797dcbf2400e8b4c9 644a996013e64cc797dcbf2400e8b4c9] 10.0.0.240 "GET /allocation_candidates?limit=1000&resources=DISK_GB%3A1%2CMEMORY_MB%3A512%2CVCPU%3A1&root_required=%21COMPUTE_STATUS_DISABLED" status: 200 len: 2219 microversion: 1.36 [pid: 8|app: 0|req: 316/633] 10.0.0.240 () {34 vars in 1012 bytes} [Tue Jul 21 22:10:02 2026] GET /allocation_candidates?limit=1000&resources=DISK_GB%3A1%2CMEMORY_MB%3A512%2CVCPU%3A1&root_required=%21COMPUTE_STATUS_DISABLED => generated 2219 bytes in 67 msecs (HTTP/1.1 200) 8 headers in 297 bytes (1 switches on core 0)
2026-07-21 22:10:02.392 7 INFO placement.requestlog [req-93192bb7-02c7-4e10-a9ea-2e6e527181b1 req-408fdfa0-5807-46fd-8c89-4019def3c895 33c62b2e9fe74defbf910d60fa69afb9 6e8a0c3568aa4b83a437e87b7b9fe6d7 - - 644a996013e64cc797dcbf2400e8b4c9 644a996013e64cc797dcbf2400e8b4c9] 10.0.0.240 "GET /allocations/2fc54f39-e414-4388-b01a-a9cd63e26a97" status: 200 len: 19 microversion: 1.28 [pid: 7|app: 0|req: 318/634] 10.0.0.240 () {34 vars in 861 bytes} [Tue Jul 21 22:10:02 2026] GET /allocations/2fc54f39-e414-4388-b01a-a9cd63e26a97 => generated 19 bytes in 20 msecs (HTTP/1.1 200) 8 headers in 295 bytes (1 switches on core 0)
2026-07-21 22:10:02.523 8 INFO placement.requestlog [req-93192bb7-02c7-4e10-a9ea-2e6e527181b1 req-8e209627-a39b-4305-89bf-75b1b2743d7d 33c62b2e9fe74defbf910d60fa69afb9 6e8a0c3568aa4b83a437e87b7b9fe6d7 - - 644a996013e64cc797dcbf2400e8b4c9 644a996013e64cc797dcbf2400e8b4c9] 10.0.0.240 "PUT /allocations/2fc54f39-e414-4388-b01a-a9cd63e26a97" status: 204 len: 0 microversion: 1.36 [pid: 8|app: 0|req: 317/635] 10.0.0.240 () {38 vars in 914 bytes} [Tue Jul 21 22:10:02 2026] PUT /allocations/2fc54f39-e414-4388-b01a-a9cd63e26a97 => generated 0 bytes in 123 msecs (HTTP/1.1 204) 5 headers in 199 bytes (1 switches on core 0)
2026-07-21 22:10:02.768 8 INFO placement.requestlog [None req-39679ab5-81cc-4c6b-b572-5adae5067aa4 38fe535761744daf844a09a4af923b74 6e8a0c3568aa4b83a437e87b7b9fe6d7 - - 644a996013e64cc797dcbf2400e8b4c9 644a996013e64cc797dcbf2400e8b4c9] 10.0.0.156 "GET /resource_providers/4641099e-f1dc-415b-b220-1ec52a14afbe/aggregates" status: 404 len: 235 microversion: 1.1 [pid: 8|app: 0|req: 318/636] 10.0.0.156 () {32 vars in 816 bytes} [Tue Jul 21 22:10:02 2026] GET /resource_providers/4641099e-f1dc-415b-b220-1ec52a14afbe/aggregates => generated 235 bytes in 12 msecs (HTTP/1.1 404) 5 headers in 202 bytes (1 switches on core 0)
2026-07-21 22:10:02.781 7 INFO placement.requestlog [None req-22fda340-e4fb-46b1-af92-2a8275788afd 38fe535761744daf844a09a4af923b74 6e8a0c3568aa4b83a437e87b7b9fe6d7 - - 644a996013e64cc797dcbf2400e8b4c9 644a996013e64cc797dcbf2400e8b4c9] 10.0.0.156 "GET /resource_providers/4641099e-f1dc-415b-b220-1ec52a14afbe/aggregates" status: 404 len: 235 microversion: 1.1 [pid: 7|app: 0|req: 319/637] 10.0.0.156 () {32 vars in 816 bytes} [Tue Jul 21 22:10:02 2026] GET /resource_providers/4641099e-f1dc-415b-b220-1ec52a14afbe/aggregates => generated 235 bytes in 30 msecs (HTTP/1.1 404) 5 headers in 202 bytes (1 switches on core 0)
2026-07-21 22:10:02.789 8 INFO placement.requestlog [None req-ec094daa-d28a-47bb-967f-52e7723d1964 38fe535761744daf844a09a4af923b74 6e8a0c3568aa4b83a437e87b7b9fe6d7 - - 644a996013e64cc797dcbf2400e8b4c9 644a996013e64cc797dcbf2400e8b4c9] 10.0.0.156 "DELETE /resource_providers/4641099e-f1dc-415b-b220-1ec52a14afbe" status: 404 len: 246 microversion: 1.1 [pid: 8|app: 0|req: 319/638] 10.0.0.156 () {34 vars in 816 bytes} [Tue Jul 21 22:10:02 2026] DELETE /resource_providers/4641099e-f1dc-415b-b220-1ec52a14afbe => generated 246 bytes in 14 msecs (HTTP/1.1 404) 6 headers in 231 bytes (1 switches on core 0)
2026-07-21 22:10:02.805 7 INFO placement.requestlog [None req-cf702688-b569-404b-a81f-5a7c1c9287e5 38fe535761744daf844a09a4af923b74 6e8a0c3568aa4b83a437e87b7b9fe6d7 - - 644a996013e64cc797dcbf2400e8b4c9 644a996013e64cc797dcbf2400e8b4c9] 10.0.0.156 "DELETE /resource_providers/4641099e-f1dc-415b-b220-1ec52a14afbe" status: 404 len: 246 microversion: 1.1 [pid: 7|app: 0|req: 320/639] 10.0.0.156 () {34 vars in 816 bytes} [Tue Jul 21 22:10:02 2026] DELETE /resource_providers/4641099e-f1dc-415b-b220-1ec52a14afbe => generated 246 bytes in 17 msecs (HTTP/1.1 404) 6 headers in 231 bytes (1 switches on core 0)
2026-07-21 22:10:02.927 8 INFO placement.requestlog [req-93192bb7-02c7-4e10-a9ea-2e6e527181b1 req-316a47e6-cea7-4426-8b2b-7bb42f94e821 33c62b2e9fe74defbf910d60fa69afb9 6e8a0c3568aa4b83a437e87b7b9fe6d7 - - 644a996013e64cc797dcbf2400e8b4c9 644a996013e64cc797dcbf2400e8b4c9] 199.204.45.227 "GET /allocations/2fc54f39-e414-4388-b01a-a9cd63e26a97" status: 200 len: 257 microversion: 1.28 [pid: 8|app: 0|req: 320/640] 199.204.45.227 () {34 vars in 863 bytes} [Tue Jul 21 22:10:02 2026] GET /allocations/2fc54f39-e414-4388-b01a-a9cd63e26a97 => generated 257 bytes in 28 msecs (HTTP/1.1 200) 8 headers in 296 bytes (1 switches on core 0)
2026-07-21 22:10:03.055 7 INFO placement.requestlog [req-93192bb7-02c7-4e10-a9ea-2e6e527181b1 req-a8975070-e1b9-4c82-b5bb-ba6b7528ea72 33c62b2e9fe74defbf910d60fa69afb9 6e8a0c3568aa4b83a437e87b7b9fe6d7 - - 644a996013e64cc797dcbf2400e8b4c9 644a996013e64cc797dcbf2400e8b4c9] 199.204.45.227 "GET /resource_providers/7323b60b-8855-4fd2-b5c0-7d2b8f26e028/allocations" status: 200 len: 252 microversion: 1.0 [pid: 7|app: 0|req: 321/641] 199.204.45.227 () {32 vars in 857 bytes} [Tue Jul 21 22:10:03 2026] GET /resource_providers/7323b60b-8855-4fd2-b5c0-7d2b8f26e028/allocations => generated 252 bytes in 22 msecs (HTTP/1.1 200) 6 headers in 224 bytes (1 switches on core 0)
2026-07-21 22:10:03.103 8 INFO placement.requestlog [req-93192bb7-02c7-4e10-a9ea-2e6e527181b1 req-8861a970-15f9-48cc-87b0-fb059b7faa55 33c62b2e9fe74defbf910d60fa69afb9 6e8a0c3568aa4b83a437e87b7b9fe6d7 - - 644a996013e64cc797dcbf2400e8b4c9 644a996013e64cc797dcbf2400e8b4c9] 199.204.45.227 "GET /allocations/2fc54f39-e414-4388-b01a-a9cd63e26a97" status: 200 len: 257 microversion: 1.28 [pid: 8|app: 0|req: 321/642] 199.204.45.227 () {34 vars in 863 bytes} [Tue Jul 21 22:10:03 2026] GET /allocations/2fc54f39-e414-4388-b01a-a9cd63e26a97 => generated 257 bytes in 40 msecs (HTTP/1.1 200) 8 headers in 296 bytes (1 switches on core 0)
2026-07-21 22:10:03.133 7 INFO placement.requestlog [req-93192bb7-02c7-4e10-a9ea-2e6e527181b1 req-7445b544-b3f9-49d1-828a-0c3e8965cf17 33c62b2e9fe74defbf910d60fa69afb9 6e8a0c3568aa4b83a437e87b7b9fe6d7 - - 644a996013e64cc797dcbf2400e8b4c9 644a996013e64cc797dcbf2400e8b4c9] 199.204.45.227 "GET /allocations/a971f9e8-e240-42b1-9638-e0854ee617d8" status: 200 len: 257 microversion: 1.28 [pid: 7|app: 0|req: 322/643] 199.204.45.227 () {34 vars in 863 bytes} [Tue Jul 21 22:10:03 2026] GET /allocations/a971f9e8-e240-42b1-9638-e0854ee617d8 => generated 257 bytes in 24 msecs (HTTP/1.1 200) 8 headers in 296 bytes (1 switches on core 0)
2026-07-21 22:10:10.136 8 INFO placement.requestlog [None req-24a9bf90-a89f-4919-9280-6283925c6c6b - - - - - -] 10.0.0.4 "GET /" status: 200 len: 136 microversion: 1.0
2026-07-21 22:10:10.138 7 INFO placement.requestlog [None req-27a8de3a-de22-4789-b708-10c9eb020743 - - - - - -] 10.0.0.4 "GET /" status: 200 len: 136 microversion: 1.0
2026-07-21 22:10:11.286 8 INFO placement.requestlog [req-ef1b4b28-a96a-44e3-b731-3b29d9aa0a9c req-422c7f81-3e56-436e-9929-4d1b3ed98b89 33c62b2e9fe74defbf910d60fa69afb9 6e8a0c3568aa4b83a437e87b7b9fe6d7 - - 644a996013e64cc797dcbf2400e8b4c9 644a996013e64cc797dcbf2400e8b4c9] 10.0.0.240 "GET /allocation_candidates?limit=1000&resources=DISK_GB%3A1%2CMEMORY_MB%3A512%2CVCPU%3A1&root_required=%21COMPUTE_STATUS_DISABLED" status: 200 len: 2220 microversion: 1.36 [pid: 8|app: 0|req: 323/646] 10.0.0.240 () {34 vars in 1012 bytes} [Tue Jul 21 22:10:11 2026] GET /allocation_candidates?limit=1000&resources=DISK_GB%3A1%2CMEMORY_MB%3A512%2CVCPU%3A1&root_required=%21COMPUTE_STATUS_DISABLED => generated 2220 bytes in 42 msecs (HTTP/1.1 200) 8 headers in 297 bytes (1 switches on core 0)
2026-07-21 22:10:11.343 7 INFO placement.requestlog [req-ef1b4b28-a96a-44e3-b731-3b29d9aa0a9c req-9c6004e2-cd3a-40b8-855f-dab5083a01a0 33c62b2e9fe74defbf910d60fa69afb9 6e8a0c3568aa4b83a437e87b7b9fe6d7 - - 644a996013e64cc797dcbf2400e8b4c9 644a996013e64cc797dcbf2400e8b4c9] 10.0.0.240 "GET /allocations/f4af42a7-1391-4306-a3f6-f50de9d8cb8f" status: 200 len: 19 microversion: 1.28 [pid: 7|app: 0|req: 324/647] 10.0.0.240 () {34 vars in 861 bytes} [Tue Jul 21 22:10:11 2026] GET /allocations/f4af42a7-1391-4306-a3f6-f50de9d8cb8f => generated 19 bytes in 28 msecs (HTTP/1.1 200) 8 headers in 295 bytes (1 switches on core 0)
2026-07-21 22:10:11.443 8 INFO placement.requestlog [req-ef1b4b28-a96a-44e3-b731-3b29d9aa0a9c req-bca8b38b-b0f5-4f8d-9ed9-d12220035737 33c62b2e9fe74defbf910d60fa69afb9 6e8a0c3568aa4b83a437e87b7b9fe6d7 - - 644a996013e64cc797dcbf2400e8b4c9 644a996013e64cc797dcbf2400e8b4c9] 10.0.0.240 "PUT /allocations/f4af42a7-1391-4306-a3f6-f50de9d8cb8f" status: 204 len: 0 microversion: 1.36 [pid: 8|app: 0|req: 324/648] 10.0.0.240 () {38 vars in 914 bytes} [Tue Jul 21 22:10:11 2026] PUT /allocations/f4af42a7-1391-4306-a3f6-f50de9d8cb8f => generated 0 bytes in 87 msecs (HTTP/1.1 204) 5 headers in 199 bytes (1 switches on core 0)
2026-07-21 22:10:11.921 7 INFO placement.requestlog [req-ef1b4b28-a96a-44e3-b731-3b29d9aa0a9c req-36c20b78-abb2-4991-a870-793048349081 33c62b2e9fe74defbf910d60fa69afb9 6e8a0c3568aa4b83a437e87b7b9fe6d7 - - 644a996013e64cc797dcbf2400e8b4c9 644a996013e64cc797dcbf2400e8b4c9] 199.204.45.227 "GET /allocations/f4af42a7-1391-4306-a3f6-f50de9d8cb8f" status: 200 len: 257 microversion: 1.28 [pid: 7|app: 0|req: 325/649] 199.204.45.227 () {34 vars in 863 bytes} [Tue Jul 21 22:10:11 2026] GET /allocations/f4af42a7-1391-4306-a3f6-f50de9d8cb8f => generated 257 bytes in 23 msecs (HTTP/1.1 200) 8 headers in 296 bytes (1 switches on core 0)
2026-07-21 22:10:12.057 8 INFO placement.requestlog [req-ef1b4b28-a96a-44e3-b731-3b29d9aa0a9c req-5fa649db-56d7-4803-90e7-ee8de8854ed1 33c62b2e9fe74defbf910d60fa69afb9 6e8a0c3568aa4b83a437e87b7b9fe6d7 - - 644a996013e64cc797dcbf2400e8b4c9 644a996013e64cc797dcbf2400e8b4c9] 199.204.45.227 "GET /resource_providers/7323b60b-8855-4fd2-b5c0-7d2b8f26e028/allocations" status: 200 len: 352 microversion: 1.0 [pid: 8|app: 0|req: 325/650] 199.204.45.227 () {32 vars in 857 bytes} [Tue Jul 21 22:10:12 2026] GET /resource_providers/7323b60b-8855-4fd2-b5c0-7d2b8f26e028/allocations => generated 352 bytes in 28 msecs (HTTP/1.1 200) 6 headers in 224 bytes (1 switches on core 0)
2026-07-21 22:10:12.086 7 INFO placement.requestlog [req-ef1b4b28-a96a-44e3-b731-3b29d9aa0a9c req-3de6aa43-bf06-42c7-a737-dbf1a6835a8d 33c62b2e9fe74defbf910d60fa69afb9 6e8a0c3568aa4b83a437e87b7b9fe6d7 - - 644a996013e64cc797dcbf2400e8b4c9 644a996013e64cc797dcbf2400e8b4c9] 199.204.45.227 "GET /allocations/2fc54f39-e414-4388-b01a-a9cd63e26a97" status: 200 len: 257 microversion: 1.28 [pid: 7|app: 0|req: 326/651] 199.204.45.227 () {34 vars in 863 bytes} [Tue Jul 21 22:10:12 2026] GET /allocations/2fc54f39-e414-4388-b01a-a9cd63e26a97 => generated 257 bytes in 17 msecs (HTTP/1.1 200) 8 headers in 296 bytes (1 switches on core 0)
2026-07-21 22:10:12.113 8 INFO placement.requestlog [req-ef1b4b28-a96a-44e3-b731-3b29d9aa0a9c req-31e3a71e-2984-46b0-b3f9-1abc3118904d 33c62b2e9fe74defbf910d60fa69afb9 6e8a0c3568aa4b83a437e87b7b9fe6d7 - - 644a996013e64cc797dcbf2400e8b4c9 644a996013e64cc797dcbf2400e8b4c9] 199.204.45.227 "GET /allocations/a971f9e8-e240-42b1-9638-e0854ee617d8" status: 200 len: 257 microversion: 1.28 [pid: 8|app: 0|req: 326/652] 199.204.45.227 () {34 vars in 863 bytes} [Tue Jul 21 22:10:12 2026] GET /allocations/a971f9e8-e240-42b1-9638-e0854ee617d8 => generated 257 bytes in 18 msecs (HTTP/1.1 200) 8 headers in 296 bytes (1 switches on core 0)
2026-07-21 22:10:12.148 7 INFO placement.requestlog [req-ef1b4b28-a96a-44e3-b731-3b29d9aa0a9c req-db13b073-8f61-4b65-b8bd-4143a8ecb4e4 33c62b2e9fe74defbf910d60fa69afb9 6e8a0c3568aa4b83a437e87b7b9fe6d7 - - 644a996013e64cc797dcbf2400e8b4c9 644a996013e64cc797dcbf2400e8b4c9] 199.204.45.227 "GET /allocations/f4af42a7-1391-4306-a3f6-f50de9d8cb8f" status: 200 len: 257 microversion: 1.28 [pid: 7|app: 0|req: 327/653] 199.204.45.227 () {34 vars in 863 bytes} [Tue Jul 21 22:10:12 2026] GET /allocations/f4af42a7-1391-4306-a3f6-f50de9d8cb8f => generated 257 bytes in 26 msecs (HTTP/1.1 200) 8 headers in 296 bytes (1 switches on core 0)
2026-07-21 22:10:20.135 8 INFO placement.requestlog [None req-bf8bc244-b47e-4872-ac2c-c7c8551da19b - - - - - -] 10.0.0.4 "GET /" status: 200 len: 136 microversion: 1.0
2026-07-21 22:10:20.137 7 INFO placement.requestlog [None req-8459733a-5ff3-42b1-a641-590fbbf887c8 - - - - - -] 10.0.0.4 "GET /" status: 200 len: 136 microversion: 1.0
2026-07-21 22:10:21.950 8 INFO placement.requestlog [req-d57b1c5c-da73-4d78-b5cf-65ec24e10805 req-fcb61f3d-c05e-46dd-b34b-4a631c3b113d 33c62b2e9fe74defbf910d60fa69afb9 6e8a0c3568aa4b83a437e87b7b9fe6d7 - - 644a996013e64cc797dcbf2400e8b4c9 644a996013e64cc797dcbf2400e8b4c9] 10.0.0.240 "GET /allocation_candidates?limit=1000&resources=MEMORY_MB%3A512%2CVCPU%3A1&root_required=%21COMPUTE_STATUS_DISABLED" status: 200 len: 2206 microversion: 1.36 [pid: 8|app: 0|req: 328/656] 10.0.0.240 () {34 vars in 984 bytes} [Tue Jul 21 22:10:21 2026] GET /allocation_candidates?limit=1000&resources=MEMORY_MB%3A512%2CVCPU%3A1&root_required=%21COMPUTE_STATUS_DISABLED => generated 2206 bytes in 42 msecs (HTTP/1.1 200) 8 headers in 297 bytes (1 switches on core 0)
2026-07-21 22:10:21.989 7 INFO placement.requestlog [req-d57b1c5c-da73-4d78-b5cf-65ec24e10805 req-cc91e279-c789-46ed-a27a-de8bb67a1508 33c62b2e9fe74defbf910d60fa69afb9 6e8a0c3568aa4b83a437e87b7b9fe6d7 - - 644a996013e64cc797dcbf2400e8b4c9 644a996013e64cc797dcbf2400e8b4c9] 10.0.0.240 "GET /allocations/20e9a4e8-bf03-4047-a2d0-14394969674c" status: 200 len: 19 microversion: 1.28 [pid: 7|app: 0|req: 329/657] 10.0.0.240 () {34 vars in 861 bytes} [Tue Jul 21 22:10:21 2026] GET /allocations/20e9a4e8-bf03-4047-a2d0-14394969674c => generated 19 bytes in 14 msecs (HTTP/1.1 200) 8 headers in 295 bytes (1 switches on core 0)
2026-07-21 22:10:22.077 8 INFO placement.requestlog [req-d57b1c5c-da73-4d78-b5cf-65ec24e10805 req-f7dca48b-8694-4298-b077-e12901175e08 33c62b2e9fe74defbf910d60fa69afb9 6e8a0c3568aa4b83a437e87b7b9fe6d7 - - 644a996013e64cc797dcbf2400e8b4c9 644a996013e64cc797dcbf2400e8b4c9] 10.0.0.240 "PUT /allocations/20e9a4e8-bf03-4047-a2d0-14394969674c" status: 204 len: 0 microversion: 1.36 [pid: 8|app: 0|req: 329/658] 10.0.0.240 () {38 vars in 914 bytes} [Tue Jul 21 22:10:21 2026] PUT /allocations/20e9a4e8-bf03-4047-a2d0-14394969674c => generated 0 bytes in 82 msecs (HTTP/1.1 204) 5 headers in 199 bytes (1 switches on core 0)
2026-07-21 22:10:22.353 7 INFO placement.requestlog [req-d57b1c5c-da73-4d78-b5cf-65ec24e10805 req-deb67f1e-2d70-4200-9c2b-c64c50fb24a1 33c62b2e9fe74defbf910d60fa69afb9 6e8a0c3568aa4b83a437e87b7b9fe6d7 - - 644a996013e64cc797dcbf2400e8b4c9 644a996013e64cc797dcbf2400e8b4c9] 199.204.45.227 "GET /allocations/20e9a4e8-bf03-4047-a2d0-14394969674c" status: 200 len: 243 microversion: 1.28 [pid: 7|app: 0|req: 330/659] 199.204.45.227 () {34 vars in 863 bytes} [Tue Jul 21 22:10:22 2026] GET /allocations/20e9a4e8-bf03-4047-a2d0-14394969674c => generated 243 bytes in 20 msecs (HTTP/1.1 200) 8 headers in 296 bytes (1 switches on core 0)
2026-07-21 22:10:22.465 8 INFO placement.requestlog [req-d57b1c5c-da73-4d78-b5cf-65ec24e10805 req-d6f436f9-6400-451d-8800-1ef5b6e9ebd3 33c62b2e9fe74defbf910d60fa69afb9 6e8a0c3568aa4b83a437e87b7b9fe6d7 - - 644a996013e64cc797dcbf2400e8b4c9 644a996013e64cc797dcbf2400e8b4c9] 199.204.45.227 "GET /resource_providers/7323b60b-8855-4fd2-b5c0-7d2b8f26e028/allocations" status: 200 len: 438 microversion: 1.0 [pid: 8|app: 0|req: 330/660] 199.204.45.227 () {32 vars in 857 bytes} [Tue Jul 21 22:10:22 2026] GET /resource_providers/7323b60b-8855-4fd2-b5c0-7d2b8f26e028/allocations => generated 438 bytes in 25 msecs (HTTP/1.1 200) 6 headers in 224 bytes (1 switches on core 0)
2026-07-21 22:10:22.489 7 INFO placement.requestlog [req-d57b1c5c-da73-4d78-b5cf-65ec24e10805 req-444cab7d-e5c1-4725-9603-690b98bbc07b 33c62b2e9fe74defbf910d60fa69afb9 6e8a0c3568aa4b83a437e87b7b9fe6d7 - - 644a996013e64cc797dcbf2400e8b4c9 644a996013e64cc797dcbf2400e8b4c9] 199.204.45.227 "GET /allocations/20e9a4e8-bf03-4047-a2d0-14394969674c" status: 200 len: 243 microversion: 1.28 [pid: 7|app: 0|req: 331/661] 199.204.45.227 () {34 vars in 863 bytes} [Tue Jul 21 22:10:22 2026] GET /allocations/20e9a4e8-bf03-4047-a2d0-14394969674c => generated 243 bytes in 15 msecs (HTTP/1.1 200) 8 headers in 296 bytes (1 switches on core 0)
2026-07-21 22:10:22.512 8 INFO placement.requestlog [req-d57b1c5c-da73-4d78-b5cf-65ec24e10805 req-307671dc-4ace-4bc0-a553-6b664f61ff01 33c62b2e9fe74defbf910d60fa69afb9 6e8a0c3568aa4b83a437e87b7b9fe6d7 - - 644a996013e64cc797dcbf2400e8b4c9 644a996013e64cc797dcbf2400e8b4c9] 199.204.45.227 "GET /allocations/2fc54f39-e414-4388-b01a-a9cd63e26a97" status: 200 len: 257 microversion: 1.28 [pid: 8|app: 0|req: 331/662] 199.204.45.227 () {34 vars in 863 bytes} [Tue Jul 21 22:10:22 2026] GET /allocations/2fc54f39-e414-4388-b01a-a9cd63e26a97 => generated 257 bytes in 18 msecs (HTTP/1.1 200) 8 headers in 296 bytes (1 switches on core 0)
2026-07-21 22:10:22.532 7 INFO placement.requestlog [req-d57b1c5c-da73-4d78-b5cf-65ec24e10805 req-a6b52842-330f-4beb-90f2-2cad07644117 33c62b2e9fe74defbf910d60fa69afb9 6e8a0c3568aa4b83a437e87b7b9fe6d7 - - 644a996013e64cc797dcbf2400e8b4c9 644a996013e64cc797dcbf2400e8b4c9] 199.204.45.227 "GET /allocations/a971f9e8-e240-42b1-9638-e0854ee617d8" status: 200 len: 257 microversion: 1.28 [pid: 7|app: 0|req: 332/663] 199.204.45.227 () {34 vars in 863 bytes} [Tue Jul 21 22:10:22 2026] GET /allocations/a971f9e8-e240-42b1-9638-e0854ee617d8 => generated 257 bytes in 11 msecs (HTTP/1.1 200) 8 headers in 296 bytes (1 switches on core 0)
2026-07-21 22:10:22.554 8 INFO placement.requestlog [req-d57b1c5c-da73-4d78-b5cf-65ec24e10805 req-6ffcf0d8-3d3c-4959-979b-2f1d0a2d5861 33c62b2e9fe74defbf910d60fa69afb9 6e8a0c3568aa4b83a437e87b7b9fe6d7 - - 644a996013e64cc797dcbf2400e8b4c9 644a996013e64cc797dcbf2400e8b4c9] 199.204.45.227 "GET /allocations/f4af42a7-1391-4306-a3f6-f50de9d8cb8f" status: 200 len: 257 microversion: 1.28 [pid: 8|app: 0|req: 332/664] 199.204.45.227 () {34 vars in 863 bytes} [Tue Jul 21 22:10:22 2026] GET /allocations/f4af42a7-1391-4306-a3f6-f50de9d8cb8f => generated 257 bytes in 15 msecs (HTTP/1.1 200) 8 headers in 296 bytes (1 switches on core 0)
2026-07-21 22:10:23.346 7 INFO placement.requestlog [req-640ab7ad-3e6b-4d3d-9ec9-51286c33cbcc req-662222b2-7f43-4252-9f12-1c14ac64b552 33c62b2e9fe74defbf910d60fa69afb9 6e8a0c3568aa4b83a437e87b7b9fe6d7 - - 644a996013e64cc797dcbf2400e8b4c9 644a996013e64cc797dcbf2400e8b4c9] 199.204.45.227 "GET /resource_providers/7323b60b-8855-4fd2-b5c0-7d2b8f26e028/allocations" status: 200 len: 438 microversion: 1.0 [pid: 7|app: 0|req: 333/665] 199.204.45.227 () {32 vars in 857 bytes} [Tue Jul 21 22:10:23 2026] GET /resource_providers/7323b60b-8855-4fd2-b5c0-7d2b8f26e028/allocations => generated 438 bytes in 23 msecs (HTTP/1.1 200) 6 headers in 224 bytes (1 switches on core 0)
2026-07-21 22:10:23.373 8 INFO placement.requestlog [req-640ab7ad-3e6b-4d3d-9ec9-51286c33cbcc req-80efd85e-868e-4224-a49e-b19c6aa07ddb 33c62b2e9fe74defbf910d60fa69afb9 6e8a0c3568aa4b83a437e87b7b9fe6d7 - - 644a996013e64cc797dcbf2400e8b4c9 644a996013e64cc797dcbf2400e8b4c9] 199.204.45.227 "GET /allocations/20e9a4e8-bf03-4047-a2d0-14394969674c" status: 200 len: 243 microversion: 1.28 [pid: 8|app: 0|req: 333/666] 199.204.45.227 () {34 vars in 863 bytes} [Tue Jul 21 22:10:23 2026] GET /allocations/20e9a4e8-bf03-4047-a2d0-14394969674c => generated 243 bytes in 20 msecs (HTTP/1.1 200) 8 headers in 296 bytes (1 switches on core 0)
2026-07-21 22:10:23.397 7 INFO placement.requestlog [req-640ab7ad-3e6b-4d3d-9ec9-51286c33cbcc req-aac80180-e37c-440c-8855-41a9fc950268 33c62b2e9fe74defbf910d60fa69afb9 6e8a0c3568aa4b83a437e87b7b9fe6d7 - - 644a996013e64cc797dcbf2400e8b4c9 644a996013e64cc797dcbf2400e8b4c9] 199.204.45.227 "GET /allocations/2fc54f39-e414-4388-b01a-a9cd63e26a97" status: 200 len: 257 microversion: 1.28 [pid: 7|app: 0|req: 334/667] 199.204.45.227 () {34 vars in 863 bytes} [Tue Jul 21 22:10:23 2026] GET /allocations/2fc54f39-e414-4388-b01a-a9cd63e26a97 => generated 257 bytes in 19 msecs (HTTP/1.1 200) 8 headers in 296 bytes (1 switches on core 0)
2026-07-21 22:10:23.422 8 INFO placement.requestlog [req-640ab7ad-3e6b-4d3d-9ec9-51286c33cbcc req-c7d0052c-9e59-41c7-a1d1-6b8775481477 33c62b2e9fe74defbf910d60fa69afb9 6e8a0c3568aa4b83a437e87b7b9fe6d7 - - 644a996013e64cc797dcbf2400e8b4c9 644a996013e64cc797dcbf2400e8b4c9] 199.204.45.227 "GET /allocations/a971f9e8-e240-42b1-9638-e0854ee617d8" status: 200 len: 257 microversion: 1.28 [pid: 8|app: 0|req: 334/668] 199.204.45.227 () {34 vars in 863 bytes} [Tue Jul 21 22:10:23 2026] GET /allocations/a971f9e8-e240-42b1-9638-e0854ee617d8 => generated 257 bytes in 20 msecs (HTTP/1.1 200) 8 headers in 296 bytes (1 switches on core 0)
2026-07-21 22:10:23.454 7 INFO placement.requestlog [req-640ab7ad-3e6b-4d3d-9ec9-51286c33cbcc req-438156e2-a261-4df3-8d6a-6a86048a3684 33c62b2e9fe74defbf910d60fa69afb9 6e8a0c3568aa4b83a437e87b7b9fe6d7 - - 644a996013e64cc797dcbf2400e8b4c9 644a996013e64cc797dcbf2400e8b4c9] 199.204.45.227 "GET /allocations/f4af42a7-1391-4306-a3f6-f50de9d8cb8f" status: 200 len: 257 microversion: 1.28 [pid: 7|app: 0|req: 335/669] 199.204.45.227 () {34 vars in 863 bytes} [Tue Jul 21 22:10:23 2026] GET /allocations/f4af42a7-1391-4306-a3f6-f50de9d8cb8f => generated 257 bytes in 28 msecs (HTTP/1.1 200) 8 headers in 296 bytes (1 switches on core 0)
2026-07-21 22:10:23.537 8 INFO placement.requestlog [req-640ab7ad-3e6b-4d3d-9ec9-51286c33cbcc req-894f47a1-8668-4022-88c2-f8188c538155 33c62b2e9fe74defbf910d60fa69afb9 6e8a0c3568aa4b83a437e87b7b9fe6d7 - - 644a996013e64cc797dcbf2400e8b4c9 644a996013e64cc797dcbf2400e8b4c9] 199.204.45.227 "DELETE /allocations/f4af42a7-1391-4306-a3f6-f50de9d8cb8f" status: 204 len: 0 microversion: 1.0 [pid: 8|app: 0|req: 335/670] 199.204.45.227 () {34 vars in 841 bytes} [Tue Jul 21 22:10:23 2026] DELETE /allocations/f4af42a7-1391-4306-a3f6-f50de9d8cb8f => generated 0 bytes in 28 msecs (HTTP/1.1 204) 5 headers in 198 bytes (1 switches on core 0)
2026-07-21 22:10:27.662 7 INFO placement.requestlog [None req-e3a139a0-950d-40f2-8938-7cfc97c28dbe 38fe535761744daf844a09a4af923b74 6e8a0c3568aa4b83a437e87b7b9fe6d7 - - 644a996013e64cc797dcbf2400e8b4c9 644a996013e64cc797dcbf2400e8b4c9] 10.0.0.156 "GET /resource_providers/378ac926-d320-4b48-a9a3-8ca694f76547/aggregates" status: 404 len: 235 microversion: 1.1 [pid: 7|app: 0|req: 336/671] 10.0.0.156 () {32 vars in 816 bytes} [Tue Jul 21 22:10:27 2026] GET /resource_providers/378ac926-d320-4b48-a9a3-8ca694f76547/aggregates => generated 235 bytes in 12 msecs (HTTP/1.1 404) 5 headers in 202 bytes (1 switches on core 0)
2026-07-21 22:10:27.669 8 INFO placement.requestlog [None req-0ac52ef2-58b2-4b76-ae28-ba841ff1a581 38fe535761744daf844a09a4af923b74 6e8a0c3568aa4b83a437e87b7b9fe6d7 - - 644a996013e64cc797dcbf2400e8b4c9 644a996013e64cc797dcbf2400e8b4c9] 10.0.0.156 "GET /resource_providers/378ac926-d320-4b48-a9a3-8ca694f76547/aggregates" status: 404 len: 235 microversion: 1.1 [pid: 8|app: 0|req: 336/672] 10.0.0.156 () {32 vars in 816 bytes} [Tue Jul 21 22:10:27 2026] GET /resource_providers/378ac926-d320-4b48-a9a3-8ca694f76547/aggregates => generated 235 bytes in 18 msecs (HTTP/1.1 404) 5 headers in 202 bytes (1 switches on core 0)
2026-07-21 22:10:27.679 7 INFO placement.requestlog [None req-659f0f79-ba5b-4ba2-860a-fce1d2e68a8b 38fe535761744daf844a09a4af923b74 6e8a0c3568aa4b83a437e87b7b9fe6d7 - - 644a996013e64cc797dcbf2400e8b4c9 644a996013e64cc797dcbf2400e8b4c9] 10.0.0.156 "DELETE /resource_providers/378ac926-d320-4b48-a9a3-8ca694f76547" status: 404 len: 246 microversion: 1.1 [pid: 7|app: 0|req: 337/673] 10.0.0.156 () {34 vars in 816 bytes} [Tue Jul 21 22:10:27 2026] DELETE /resource_providers/378ac926-d320-4b48-a9a3-8ca694f76547 => generated 246 bytes in 10 msecs (HTTP/1.1 404) 6 headers in 231 bytes (1 switches on core 0)
2026-07-21 22:10:27.690 8 INFO placement.requestlog [None req-27343f19-ea8a-43f4-94f4-4801705899f4 38fe535761744daf844a09a4af923b74 6e8a0c3568aa4b83a437e87b7b9fe6d7 - - 644a996013e64cc797dcbf2400e8b4c9 644a996013e64cc797dcbf2400e8b4c9] 10.0.0.156 "DELETE /resource_providers/378ac926-d320-4b48-a9a3-8ca694f76547" status: 404 len: 246 microversion: 1.1 [pid: 8|app: 0|req: 337/674] 10.0.0.156 () {34 vars in 816 bytes} [Tue Jul 21 22:10:27 2026] DELETE /resource_providers/378ac926-d320-4b48-a9a3-8ca694f76547 => generated 246 bytes in 12 msecs (HTTP/1.1 404) 6 headers in 231 bytes (1 switches on core 0)
2026-07-21 22:10:29.706 7 INFO placement.requestlog [None req-563996d4-7ae2-465b-9cc6-978755c7903a 38fe535761744daf844a09a4af923b74 6e8a0c3568aa4b83a437e87b7b9fe6d7 - - 644a996013e64cc797dcbf2400e8b4c9 644a996013e64cc797dcbf2400e8b4c9] 10.0.0.156 "GET /resource_providers/7d1a924b-4cb8-4974-8109-17bfa4595d2c/aggregates" status: 404 len: 235 microversion: 1.1 [pid: 7|app: 0|req: 338/675] 10.0.0.156 () {32 vars in 816 bytes} [Tue Jul 21 22:10:29 2026] GET /resource_providers/7d1a924b-4cb8-4974-8109-17bfa4595d2c/aggregates => generated 235 bytes in 14 msecs (HTTP/1.1 404) 5 headers in 202 bytes (1 switches on core 0)
2026-07-21 22:10:29.707 8 INFO placement.requestlog [None req-343ba55d-9d5a-43a6-9b09-49b20616b036 38fe535761744daf844a09a4af923b74 6e8a0c3568aa4b83a437e87b7b9fe6d7 - - 644a996013e64cc797dcbf2400e8b4c9 644a996013e64cc797dcbf2400e8b4c9] 10.0.0.156 "GET /resource_providers/7d1a924b-4cb8-4974-8109-17bfa4595d2c/aggregates" status: 404 len: 235 microversion: 1.1 [pid: 8|app: 0|req: 338/676] 10.0.0.156 () {32 vars in 816 bytes} [Tue Jul 21 22:10:29 2026] GET /resource_providers/7d1a924b-4cb8-4974-8109-17bfa4595d2c/aggregates => generated 235 bytes in 11 msecs (HTTP/1.1 404) 5 headers in 202 bytes (1 switches on core 0)
2026-07-21 22:10:29.738 8 INFO placement.requestlog [None req-1f8e11fc-168c-4b16-875d-2e679025a100 38fe535761744daf844a09a4af923b74 6e8a0c3568aa4b83a437e87b7b9fe6d7 - - 644a996013e64cc797dcbf2400e8b4c9 644a996013e64cc797dcbf2400e8b4c9] 10.0.0.156 "DELETE /resource_providers/7d1a924b-4cb8-4974-8109-17bfa4595d2c" status: 404 len: 246 microversion: 1.1 [pid: 8|app: 0|req: 339/677] 10.0.0.156 () {34 vars in 816 bytes} [Tue Jul 21 22:10:29 2026] DELETE /resource_providers/7d1a924b-4cb8-4974-8109-17bfa4595d2c => generated 246 bytes in 12 msecs (HTTP/1.1 404) 6 headers in 231 bytes (1 switches on core 0)
2026-07-21 22:10:29.740 7 INFO placement.requestlog [None req-db0b4683-5062-4c4c-bbb5-1318ba9a2a3b 38fe535761744daf844a09a4af923b74 6e8a0c3568aa4b83a437e87b7b9fe6d7 - - 644a996013e64cc797dcbf2400e8b4c9 644a996013e64cc797dcbf2400e8b4c9] 10.0.0.156 "DELETE /resource_providers/7d1a924b-4cb8-4974-8109-17bfa4595d2c" status: 404 len: 246 microversion: 1.1 [pid: 7|app: 0|req: 339/678] 10.0.0.156 () {34 vars in 816 bytes} [Tue Jul 21 22:10:29 2026] DELETE /resource_providers/7d1a924b-4cb8-4974-8109-17bfa4595d2c => generated 246 bytes in 15 msecs (HTTP/1.1 404) 6 headers in 231 bytes (1 switches on core 0)
2026-07-21 22:10:30.136 8 INFO placement.requestlog [None req-5adf11d4-ef68-4875-8d7a-e94c87ff1066 - - - - - -] 10.0.0.4 "GET /" status: 200 len: 136 microversion: 1.0
2026-07-21 22:10:30.136 7 INFO placement.requestlog [None req-52a5e30c-25e9-47a3-b5a6-32065a2dd218 - - - - - -] 10.0.0.4 "GET /" status: 200 len: 136 microversion: 1.0
2026-07-21 22:10:33.461 8 INFO placement.requestlog [req-406f0c6b-ba63-4e67-ac6b-f5ef5bb4a9a3 req-cbbb8a77-d151-4e46-b21f-c19667066338 33c62b2e9fe74defbf910d60fa69afb9 6e8a0c3568aa4b83a437e87b7b9fe6d7 - - 644a996013e64cc797dcbf2400e8b4c9 644a996013e64cc797dcbf2400e8b4c9] 199.204.45.227 "GET /resource_providers/7323b60b-8855-4fd2-b5c0-7d2b8f26e028/allocations" status: 200 len: 338 microversion: 1.0 [pid: 8|app: 0|req: 341/681] 199.204.45.227 () {32 vars in 857 bytes} [Tue Jul 21 22:10:33 2026] GET /resource_providers/7323b60b-8855-4fd2-b5c0-7d2b8f26e028/allocations => generated 338 bytes in 33 msecs (HTTP/1.1 200) 6 headers in 224 bytes (1 switches on core 0)
2026-07-21 22:10:33.484 7 INFO placement.requestlog [req-406f0c6b-ba63-4e67-ac6b-f5ef5bb4a9a3 req-532b50ef-fbb7-491c-9383-311df1e0c7fe 33c62b2e9fe74defbf910d60fa69afb9 6e8a0c3568aa4b83a437e87b7b9fe6d7 - - 644a996013e64cc797dcbf2400e8b4c9 644a996013e64cc797dcbf2400e8b4c9] 199.204.45.227 "GET /allocations/20e9a4e8-bf03-4047-a2d0-14394969674c" status: 200 len: 243 microversion: 1.28 [pid: 7|app: 0|req: 341/682] 199.204.45.227 () {34 vars in 863 bytes} [Tue Jul 21 22:10:33 2026] GET /allocations/20e9a4e8-bf03-4047-a2d0-14394969674c => generated 243 bytes in 14 msecs (HTTP/1.1 200) 8 headers in 296 bytes (1 switches on core 0)
2026-07-21 22:10:33.506 8 INFO placement.requestlog [req-406f0c6b-ba63-4e67-ac6b-f5ef5bb4a9a3 req-b0b70d15-9d75-44f1-8cc8-f1b3816a7567 33c62b2e9fe74defbf910d60fa69afb9 6e8a0c3568aa4b83a437e87b7b9fe6d7 - - 644a996013e64cc797dcbf2400e8b4c9 644a996013e64cc797dcbf2400e8b4c9] 199.204.45.227 "GET /allocations/2fc54f39-e414-4388-b01a-a9cd63e26a97" status: 200 len: 257 microversion: 1.28 [pid: 8|app: 0|req: 342/683] 199.204.45.227 () {34 vars in 863 bytes} [Tue Jul 21 22:10:33 2026] GET /allocations/2fc54f39-e414-4388-b01a-a9cd63e26a97 => generated 257 bytes in 18 msecs (HTTP/1.1 200) 8 headers in 296 bytes (1 switches on core 0)
2026-07-21 22:10:33.535 7 INFO placement.requestlog [req-406f0c6b-ba63-4e67-ac6b-f5ef5bb4a9a3 req-7a64e123-dde8-45bc-a0cb-82b770d8e4c4 33c62b2e9fe74defbf910d60fa69afb9 6e8a0c3568aa4b83a437e87b7b9fe6d7 - - 644a996013e64cc797dcbf2400e8b4c9 644a996013e64cc797dcbf2400e8b4c9] 199.204.45.227 "GET /allocations/a971f9e8-e240-42b1-9638-e0854ee617d8" status: 200 len: 257 microversion: 1.28 [pid: 7|app: 0|req: 342/684] 199.204.45.227 () {34 vars in 863 bytes} [Tue Jul 21 22:10:33 2026] GET /allocations/a971f9e8-e240-42b1-9638-e0854ee617d8 => generated 257 bytes in 21 msecs (HTTP/1.1 200) 8 headers in 296 bytes (1 switches on core 0)
2026-07-21 22:10:33.658 8 INFO placement.requestlog [req-406f0c6b-ba63-4e67-ac6b-f5ef5bb4a9a3 req-3ab6789e-0901-4572-ad04-72d9869f4b55 33c62b2e9fe74defbf910d60fa69afb9 6e8a0c3568aa4b83a437e87b7b9fe6d7 - - 644a996013e64cc797dcbf2400e8b4c9 644a996013e64cc797dcbf2400e8b4c9] 199.204.45.227 "DELETE /allocations/20e9a4e8-bf03-4047-a2d0-14394969674c" status: 204 len: 0 microversion: 1.0 [pid: 8|app: 0|req: 343/685] 199.204.45.227 () {34 vars in 841 bytes} [Tue Jul 21 22:10:33 2026] DELETE /allocations/20e9a4e8-bf03-4047-a2d0-14394969674c => generated 0 bytes in 48 msecs (HTTP/1.1 204) 5 headers in 198 bytes (1 switches on core 0)
