+ COMMAND=start + start + for KEYSTONE_WSGI_SCRIPT in keystone-wsgi-public ++ type -p keystone-wsgi-public + cp -a /var/lib/openstack/bin/keystone-wsgi-public /var/www/cgi-bin/keystone/ + '[' -f /etc/apache2/envvars ']' + source /etc/apache2/envvars ++ unset HOME ++ '[' '' '!=' '' ']' ++ SUFFIX= ++ export APACHE_RUN_USER=www-data ++ APACHE_RUN_USER=www-data ++ export APACHE_RUN_GROUP=www-data ++ APACHE_RUN_GROUP=www-data ++ export APACHE_PID_FILE=/var/run/apache2/apache2.pid ++ APACHE_PID_FILE=/var/run/apache2/apache2.pid ++ export APACHE_RUN_DIR=/var/run/apache2 ++ APACHE_RUN_DIR=/var/run/apache2 ++ export APACHE_LOCK_DIR=/var/lock/apache2 ++ APACHE_LOCK_DIR=/var/lock/apache2 ++ export APACHE_LOG_DIR=/var/log/apache2 ++ APACHE_LOG_DIR=/var/log/apache2 ++ export LANG=C ++ LANG=C ++ export LANG + '[' -f /var/run/apache2/apache2.pid ']' + exec apache2 -DFOREGROUND AH00558: apache2: Could not reliably determine the server's fully qualified domain name, using 10.0.0.22. Set the 'ServerName' directive globally to suppress this message AH00558: apache2: Could not reliably determine the server's fully qualified domain name, using 10.0.0.22. Set the 'ServerName' directive globally to suppress this message
[Mon Jul 20 19:10:29.166755 2026] [mpm_event:notice] [pid 1:tid 140549233465216] AH00489: Apache/2.4.58 (Ubuntu) mod_wsgi/5.0.0 Python/3.12 configured -- resuming normal operations
[Mon Jul 20 19:10:29.166884 2026] [core:notice] [pid 1:tid 140549233465216] AH00094: Command line: 'apache2 -D FOREGROUND'
[Mon Jul 20 19:11:30.546255 2026] [wsgi:error] [pid 10:tid 140548595644096] /var/lib/openstack/lib/python3.12/site-packages/oslo_utils/importutils.py:77: EventletDeprecationWarning:
[Mon Jul 20 19:11:30.546348 2026] [wsgi:error] [pid 10:tid 140548595644096] Eventlet is deprecated. It is currently being maintained in bugfix mode, and
[Mon Jul 20 19:11:30.546363 2026] [wsgi:error] [pid 10:tid 140548595644096] we strongly recommend against using it for new projects.
[Mon Jul 20 19:11:30.546374 2026] [wsgi:error] [pid 10:tid 140548595644096]
[Mon Jul 20 19:11:30.546387 2026] [wsgi:error] [pid 10:tid 140548595644096] If you are already using Eventlet, we recommend migrating to a different
[Mon Jul 20 19:11:30.546397 2026] [wsgi:error] [pid 10:tid 140548595644096] framework. For more detail see
[Mon Jul 20 19:11:30.546407 2026] [wsgi:error] [pid 10:tid 140548595644096] https://eventlet.readthedocs.io/en/latest/asyncio/migration.html
[Mon Jul 20 19:11:30.546418 2026] [wsgi:error] [pid 10:tid 140548595644096]
[Mon Jul 20 19:11:30.546429 2026] [wsgi:error] [pid 10:tid 140548595644096] __import__(import_str)
[Mon Jul 20 19:11:30.569867 2026] [wsgi:error] [pid 12:tid 140548595644096] /var/lib/openstack/lib/python3.12/site-packages/oslo_utils/importutils.py:77: EventletDeprecationWarning:
[Mon Jul 20 19:11:30.569902 2026] [wsgi:error] [pid 12:tid 140548595644096] Eventlet is deprecated. It is currently being maintained in bugfix mode, and
[Mon Jul 20 19:11:30.569904 2026] [wsgi:error] [pid 12:tid 140548595644096] we strongly recommend against using it for new projects.
[Mon Jul 20 19:11:30.569906 2026] [wsgi:error] [pid 12:tid 140548595644096]
[Mon Jul 20 19:11:30.569907 2026] [wsgi:error] [pid 12:tid 140548595644096] If you are already using Eventlet, we recommend migrating to a different
[Mon Jul 20 19:11:30.569908 2026] [wsgi:error] [pid 12:tid 140548595644096] framework. For more detail see
[Mon Jul 20 19:11:30.569909 2026] [wsgi:error] [pid 12:tid 140548595644096] https://eventlet.readthedocs.io/en/latest/asyncio/migration.html
[Mon Jul 20 19:11:30.569910 2026] [wsgi:error] [pid 12:tid 140548595644096]
[Mon Jul 20 19:11:30.569911 2026] [wsgi:error] [pid 12:tid 140548595644096] __import__(import_str) 10.0.0.223 - - [20/Jul/2026:19:11:29 +0000] "GET /v3/ HTTP/1.1" 200 249 10.0.0.223 - - [20/Jul/2026:19:11:29 +0000] "GET /v3/ HTTP/1.1" 200 249
[Mon Jul 20 19:11:35.934682 2026] [wsgi:error] [pid 11:tid 140548595644096] /var/lib/openstack/lib/python3.12/site-packages/oslo_utils/importutils.py:77: EventletDeprecationWarning:
[Mon Jul 20 19:11:35.934727 2026] [wsgi:error] [pid 11:tid 140548595644096] Eventlet is deprecated. It is currently being maintained in bugfix mode, and
[Mon Jul 20 19:11:35.934729 2026] [wsgi:error] [pid 11:tid 140548595644096] we strongly recommend against using it for new projects.
[Mon Jul 20 19:11:35.934730 2026] [wsgi:error] [pid 11:tid 140548595644096]
[Mon Jul 20 19:11:35.934731 2026] [wsgi:error] [pid 11:tid 140548595644096] If you are already using Eventlet, we recommend migrating to a different
[Mon Jul 20 19:11:35.934732 2026] [wsgi:error] [pid 11:tid 140548595644096] framework. For more detail see
[Mon Jul 20 19:11:35.934734 2026] [wsgi:error] [pid 11:tid 140548595644096] https://eventlet.readthedocs.io/en/latest/asyncio/migration.html
[Mon Jul 20 19:11:35.934735 2026] [wsgi:error] [pid 11:tid 140548595644096]
[Mon Jul 20 19:11:35.934736 2026] [wsgi:error] [pid 11:tid 140548595644096] __import__(import_str) 10.0.0.223 - - [20/Jul/2026:19:11:35 +0000] "GET /v3/ HTTP/1.1" 200 249
[Mon Jul 20 19:11:43.240791 2026] [wsgi:error] [pid 9:tid 140548595644096] /var/lib/openstack/lib/python3.12/site-packages/oslo_utils/importutils.py:77: EventletDeprecationWarning:
[Mon Jul 20 19:11:43.240831 2026] [wsgi:error] [pid 9:tid 140548595644096] Eventlet is deprecated. It is currently being maintained in bugfix mode, and
[Mon Jul 20 19:11:43.240833 2026] [wsgi:error] [pid 9:tid 140548595644096] we strongly recommend against using it for new projects.
[Mon Jul 20 19:11:43.240834 2026] [wsgi:error] [pid 9:tid 140548595644096]
[Mon Jul 20 19:11:43.240836 2026] [wsgi:error] [pid 9:tid 140548595644096] If you are already using Eventlet, we recommend migrating to a different
[Mon Jul 20 19:11:43.240837 2026] [wsgi:error] [pid 9:tid 140548595644096] framework. For more detail see
[Mon Jul 20 19:11:43.240838 2026] [wsgi:error] [pid 9:tid 140548595644096] https://eventlet.readthedocs.io/en/latest/asyncio/migration.html
[Mon Jul 20 19:11:43.240839 2026] [wsgi:error] [pid 9:tid 140548595644096]
[Mon Jul 20 19:11:43.240840 2026] [wsgi:error] [pid 9:tid 140548595644096] __import__(import_str) 10.0.0.58 - - [20/Jul/2026:19:11:42 +0000] "GET / HTTP/1.1" 300 295
[Mon Jul 20 19:11:47.879099 2026] [wsgi:error] [pid 10:tid 140548595644096] [remote 10.0.0.58:58826] 2026-07-20 19:11:47.874 10 WARNING keystone.identity.core [None req-be873eef-b48e-4b04-8c6a-4eb3617f2537 - - - - - -] Invalid domain name (atmosphere) found in config file name: keystone.exception.DomainNotFound: Could not find domain: atmosphere.
[Mon Jul 20 19:11:47.933560 2026] [wsgi:error] [pid 10:tid 140548595644096] [remote 10.0.0.58:58826] 2026-07-20 19:11:47.932 10 WARNING keystone.common.password_hashing [None req-be873eef-b48e-4b04-8c6a-4eb3617f2537 - - - - - -] Truncating password to algorithm specific maximum length 72 characters.
[Mon Jul 20 19:11:48.216532 2026] [wsgi:error] [pid 10:tid 140548595644096] [remote 10.0.0.58:58826] 2026-07-20 19:11:48.216 10 WARNING keystone.common.fernet_utils [None req-be873eef-b48e-4b04-8c6a-4eb3617f2537 - - - - - -] key_repository is world readable: /etc/keystone/fernet-keys/ 10.0.0.58 - - [20/Jul/2026:19:11:47 +0000] "POST /v3/auth/tokens HTTP/1.1" 201 1360
[Mon Jul 20 19:11:48.591162 2026] [wsgi:error] [pid 12:tid 140548595644096] [remote 10.0.0.58:58826] 2026-07-20 19:11:48.587 12 WARNING keystone.identity.core [None req-95adc6fb-535f-4d11-a2ab-7a340223c9ee - - - - - -] Invalid domain name (atmosphere) found in config file name: keystone.exception.DomainNotFound: Could not find domain: atmosphere. 10.0.0.58 - - [20/Jul/2026:19:11:48 +0000] "POST /v3/domains HTTP/1.1" 201 261 10.0.0.250 - - [20/Jul/2026:19:11:59 +0000] "GET / HTTP/1.1" 300 295
[Mon Jul 20 19:11:59.945693 2026] [wsgi:error] [pid 9:tid 140548595644096] [remote 10.0.0.250:34690] 2026-07-20 19:11:59.945 9 WARNING keystone.common.password_hashing [None req-e3d63450-08b5-4c25-85e2-f1fb3b5e2f5e - - - - - -] Truncating password to algorithm specific maximum length 72 characters.
[Mon Jul 20 19:12:00.223954 2026] [wsgi:error] [pid 9:tid 140548595644096] [remote 10.0.0.250:34690] 2026-07-20 19:12:00.223 9 WARNING keystone.common.fernet_utils [None req-e3d63450-08b5-4c25-85e2-f1fb3b5e2f5e - - - - - -] key_repository is world readable: /etc/keystone/fernet-keys/ 10.0.0.250 - - [20/Jul/2026:19:11:59 +0000] "POST /v3/auth/tokens HTTP/1.1" 201 1360 10.0.0.250 - - [20/Jul/2026:19:12:00 +0000] "GET /v3/roles/admin HTTP/1.1" 404 83
[Mon Jul 20 19:12:00.462892 2026] [wsgi:error] [pid 12:tid 140548595644096] [remote 10.0.0.250:34690] 2026-07-20 19:12:00.462 12 WARNING keystone.common.rbac_enforcer.enforcer [None req-3877a4dc-fa98-4a8e-962d-65125d346959 25206017bc424d20a13b05a238e8bd67 d55cfd3af8a64e9eb48e79d4a278ce63 - - default default] Deprecated policy rules found. Use oslopolicy-policy-generator and oslopolicy-policy-upgrade to detect and resolve deprecated policies in your configuration. 10.0.0.250 - - [20/Jul/2026:19:12:00 +0000] "GET /v3/roles?name=admin HTTP/1.1" 200 389
[Mon Jul 20 19:12:00.969278 2026] [wsgi:error] [pid 11:tid 140548595644096] [remote 10.0.0.250:34690] 2026-07-20 19:12:00.969 11 WARNING keystone.common.rbac_enforcer.enforcer [None req-d2d01c5d-f003-4ce5-9c95-188979edbd0a 25206017bc424d20a13b05a238e8bd67 d55cfd3af8a64e9eb48e79d4a278ce63 - - default default] Deprecated policy rules found. Use oslopolicy-policy-generator and oslopolicy-policy-upgrade to detect and resolve deprecated policies in your configuration. 10.0.0.250 - - [20/Jul/2026:19:12:00 +0000] "GET /v3/users/admin-RegionOne HTTP/1.1" 404 93
[Mon Jul 20 19:12:01.106081 2026] [wsgi:error] [pid 9:tid 140548595644096] [remote 10.0.0.250:34690] 2026-07-20 19:12:01.105 9 WARNING keystone.common.rbac_enforcer.enforcer [None req-92c75724-0a80-4584-8b32-b5a1bf83a71c 25206017bc424d20a13b05a238e8bd67 d55cfd3af8a64e9eb48e79d4a278ce63 - - default default] Deprecated policy rules found. Use oslopolicy-policy-generator and oslopolicy-policy-upgrade to detect and resolve deprecated policies in your configuration. 10.0.0.250 - - [20/Jul/2026:19:12:00 +0000] "GET /v3/users?name=admin-RegionOne HTTP/1.1" 200 422
[Mon Jul 20 19:12:01.277324 2026] [wsgi:error] [pid 10:tid 140548595644096] [remote 10.0.0.250:34690] 2026-07-20 19:12:01.277 10 WARNING keystone.common.rbac_enforcer.enforcer [None req-14ba7236-cd24-4b8f-ab57-f11b1a9b8993 25206017bc424d20a13b05a238e8bd67 d55cfd3af8a64e9eb48e79d4a278ce63 - - default default] Deprecated policy rules found. Use oslopolicy-policy-generator and oslopolicy-policy-upgrade to detect and resolve deprecated policies in your configuration. 10.0.0.250 - - [20/Jul/2026:19:12:01 +0000] "GET /v3/domains/default HTTP/1.1" 200 224 10.0.0.250 - - [20/Jul/2026:19:12:01 +0000] "PUT /v3/domains/default/users/25206017bc424d20a13b05a238e8bd67/roles/4a2806d91f7e44b9b66e1753ffb11e0c HTTP/1.1" 204 - 10.0.0.223 - - [20/Jul/2026:19:12:11 +0000] "GET / HTTP/1.1" 300 281 10.0.0.223 - - [20/Jul/2026:19:12:12 +0000] "GET /v3 HTTP/1.1" 200 266
[Mon Jul 20 19:12:12.967148 2026] [wsgi:error] [pid 10:tid 140548595644096] [remote 10.0.0.223:34322] 2026-07-20 19:12:12.966 10 WARNING keystone.common.password_hashing [None req-e1f90579-faad-4b26-8c4d-9e5b1d729ba5 - - - - - -] Truncating password to algorithm specific maximum length 72 characters.
[Mon Jul 20 19:12:13.242086 2026] [wsgi:error] [pid 10:tid 140548595644096] [remote 10.0.0.223:34322] 2026-07-20 19:12:13.241 10 WARNING keystone.common.fernet_utils [None req-e1f90579-faad-4b26-8c4d-9e5b1d729ba5 - - - - - -] key_repository is world readable: /etc/keystone/fernet-keys/ 10.0.0.223 - - [20/Jul/2026:19:12:12 +0000] "POST /v3/auth/tokens HTTP/1.1" 201 1360 10.0.0.223 - - [20/Jul/2026:19:12:13 +0000] "GET / HTTP/1.1" 300 281 10.0.0.223 - - [20/Jul/2026:19:12:13 +0000] "GET /v3/domains/atmosphere HTTP/1.1" 404 90 10.0.0.223 - - [20/Jul/2026:19:12:13 +0000] "GET /v3/domains?name=atmosphere HTTP/1.1" 200 370 10.0.0.223 - - [20/Jul/2026:19:12:13 +0000] "GET /v3/domains/91fd178d0f414e658417d9bc47d21036 HTTP/1.1" 200 247 10.0.0.223 - - [20/Jul/2026:19:12:14 +0000] "GET /v3 HTTP/1.1" 200 266
[Mon Jul 20 19:12:14.359659 2026] [wsgi:error] [pid 11:tid 140548595644096] [remote 10.0.0.223:34322] 2026-07-20 19:12:14.359 11 WARNING keystone.common.password_hashing [None req-8bea353c-6f25-411e-a677-52f92cb8586b - - - - - -] Truncating password to algorithm specific maximum length 72 characters.
[Mon Jul 20 19:12:14.638213 2026] [wsgi:error] [pid 11:tid 140548595644096] [remote 10.0.0.223:34322] 2026-07-20 19:12:14.638 11 WARNING keystone.common.fernet_utils [None req-8bea353c-6f25-411e-a677-52f92cb8586b - - - - - -] key_repository is world readable: /etc/keystone/fernet-keys/ 10.0.0.223 - - [20/Jul/2026:19:12:14 +0000] "POST /v3/auth/tokens HTTP/1.1" 201 1360 10.0.0.223 - - [20/Jul/2026:19:12:14 +0000] "GET / HTTP/1.1" 300 281 10.0.0.223 - - [20/Jul/2026:19:12:14 +0000] "GET /v3/OS-FEDERATION/identity_providers/atmosphere HTTP/1.1" 404 101 10.0.0.223 - - [20/Jul/2026:19:12:14 +0000] "GET /v3/OS-FEDERATION/identity_providers HTTP/1.1" 200 156 10.0.0.223 - - [20/Jul/2026:19:12:14 +0000] "PUT /v3/OS-FEDERATION/identity_providers/atmosphere HTTP/1.1" 201 342 10.0.0.223 - - [20/Jul/2026:19:12:15 +0000] "GET /v3 HTTP/1.1" 200 266
[Mon Jul 20 19:12:15.364010 2026] [wsgi:error] [pid 10:tid 140548595644096] [remote 10.0.0.223:34318] 2026-07-20 19:12:15.363 10 WARNING keystone.common.password_hashing [None req-b6dabde2-2f8a-4bf7-9324-715de6e437d5 - - - - - -] Truncating password to algorithm specific maximum length 72 characters.
[Mon Jul 20 19:12:15.640975 2026] [wsgi:error] [pid 10:tid 140548595644096] [remote 10.0.0.223:34318] 2026-07-20 19:12:15.640 10 WARNING keystone.common.fernet_utils [None req-b6dabde2-2f8a-4bf7-9324-715de6e437d5 - - - - - -] key_repository is world readable: /etc/keystone/fernet-keys/ 10.0.0.223 - - [20/Jul/2026:19:12:15 +0000] "POST /v3/auth/tokens HTTP/1.1" 201 1360 10.0.0.223 - - [20/Jul/2026:19:12:15 +0000] "GET / HTTP/1.1" 300 281 10.0.0.223 - - [20/Jul/2026:19:12:15 +0000] "GET /v3/OS-FEDERATION/mappings/atmosphere-openid HTTP/1.1" 404 98 10.0.0.223 - - [20/Jul/2026:19:12:15 +0000] "GET /v3/OS-FEDERATION/mappings HTTP/1.1" 200 136 10.0.0.223 - - [20/Jul/2026:19:12:15 +0000] "PUT /v3/OS-FEDERATION/mappings/atmosphere-openid HTTP/1.1" 201 357 10.0.0.223 - - [20/Jul/2026:19:12:16 +0000] "GET /v3 HTTP/1.1" 200 266
[Mon Jul 20 19:12:16.346461 2026] [wsgi:error] [pid 11:tid 140548595644096] [remote 10.0.0.223:34318] 2026-07-20 19:12:16.346 11 WARNING keystone.common.password_hashing [None req-69453a9f-a79a-4441-80e2-8d25a9d10a1f - - - - - -] Truncating password to algorithm specific maximum length 72 characters.
[Mon Jul 20 19:12:16.621314 2026] [wsgi:error] [pid 11:tid 140548595644096] [remote 10.0.0.223:34318] 2026-07-20 19:12:16.621 11 WARNING keystone.common.fernet_utils [None req-69453a9f-a79a-4441-80e2-8d25a9d10a1f - - - - - -] key_repository is world readable: /etc/keystone/fernet-keys/ 10.0.0.223 - - [20/Jul/2026:19:12:16 +0000] "POST /v3/auth/tokens HTTP/1.1" 201 1360 10.0.0.223 - - [20/Jul/2026:19:12:16 +0000] "GET / HTTP/1.1" 300 281 10.0.0.223 - - [20/Jul/2026:19:12:16 +0000] "GET /v3/OS-FEDERATION/identity_providers/atmosphere/protocols/openid?idp_id=atmosphere HTTP/1.1" 404 131 10.0.0.223 - - [20/Jul/2026:19:12:16 +0000] "GET /v3/OS-FEDERATION/identity_providers/atmosphere/protocols HTTP/1.1" 200 168 10.0.0.223 - - [20/Jul/2026:19:12:16 +0000] "PUT /v3/OS-FEDERATION/identity_providers/atmosphere/protocols/openid HTTP/1.1" 201 224 10.0.0.223 - - [20/Jul/2026:19:12:29 +0000] "GET /v3/ HTTP/1.1" 200 249 10.0.0.223 - - [20/Jul/2026:19:12:29 +0000] "GET /v3/ HTTP/1.1" 200 249 10.0.0.223 - - [20/Jul/2026:19:13:29 +0000] "GET /v3/ HTTP/1.1" 200 249 10.0.0.223 - - [20/Jul/2026:19:13:29 +0000] "GET /v3/ HTTP/1.1" 200 249 10.0.0.205 - - [20/Jul/2026:19:13:39 +0000] "GET / HTTP/1.1" 300 295
[Mon Jul 20 19:13:39.447978 2026] [wsgi:error] [pid 10:tid 140548595644096] [remote 10.0.0.205:37040] 2026-07-20 19:13:39.447 10 WARNING keystone.common.password_hashing [None req-dc6175a9-4625-481e-8ac2-2d49eeca71f9 - - - - - -] Truncating password to algorithm specific maximum length 72 characters.
[Mon Jul 20 19:13:39.740656 2026] [wsgi:error] [pid 10:tid 140548595644096] [remote 10.0.0.205:37040] 2026-07-20 19:13:39.740 10 WARNING keystone.common.fernet_utils [None req-dc6175a9-4625-481e-8ac2-2d49eeca71f9 - - - - - -] key_repository is world readable: /etc/keystone/fernet-keys/ 10.0.0.205 - - [20/Jul/2026:19:13:39 +0000] "POST /v3/auth/tokens HTTP/1.1" 201 1360 10.0.0.205 - - [20/Jul/2026:19:13:39 +0000] "GET /v3/services HTTP/1.1" 200 355 10.0.0.205 - - [20/Jul/2026:19:13:43 +0000] "GET / HTTP/1.1" 300 295
[Mon Jul 20 19:13:43.535382 2026] [wsgi:error] [pid 9:tid 140548595644096] [remote 10.0.0.205:37050] 2026-07-20 19:13:43.535 9 WARNING keystone.common.password_hashing [None req-35786587-6660-4b5b-8aaa-2df79089bfa2 - - - - - -] Truncating password to algorithm specific maximum length 72 characters.
[Mon Jul 20 19:13:43.815418 2026] [wsgi:error] [pid 9:tid 140548595644096] [remote 10.0.0.205:37050] 2026-07-20 19:13:43.815 9 WARNING keystone.common.fernet_utils [None req-35786587-6660-4b5b-8aaa-2df79089bfa2 - - - - - -] key_repository is world readable: /etc/keystone/fernet-keys/ 10.0.0.205 - - [20/Jul/2026:19:13:43 +0000] "POST /v3/auth/tokens HTTP/1.1" 201 1360 10.0.0.205 - - [20/Jul/2026:19:13:43 +0000] "GET /v3/services HTTP/1.1" 200 355 10.0.0.205 - - [20/Jul/2026:19:13:47 +0000] "GET / HTTP/1.1" 300 295
[Mon Jul 20 19:13:47.461971 2026] [wsgi:error] [pid 12:tid 140548595644096] [remote 10.0.0.205:44386] 2026-07-20 19:13:47.461 12 WARNING keystone.common.password_hashing [None req-5c5d3361-f94d-4194-8085-737eda1edd0e - - - - - -] Truncating password to algorithm specific maximum length 72 characters.
[Mon Jul 20 19:13:47.732413 2026] [wsgi:error] [pid 12:tid 140548595644096] [remote 10.0.0.205:44386] 2026-07-20 19:13:47.732 12 WARNING keystone.common.fernet_utils [None req-5c5d3361-f94d-4194-8085-737eda1edd0e - - - - - -] key_repository is world readable: /etc/keystone/fernet-keys/ 10.0.0.205 - - [20/Jul/2026:19:13:47 +0000] "POST /v3/auth/tokens HTTP/1.1" 201 1360 10.0.0.205 - - [20/Jul/2026:19:13:47 +0000] "GET /v3/services HTTP/1.1" 200 355 10.0.0.205 - - [20/Jul/2026:19:13:51 +0000] "GET / HTTP/1.1" 300 295
[Mon Jul 20 19:13:51.346227 2026] [wsgi:error] [pid 11:tid 140548595644096] [remote 10.0.0.205:44398] 2026-07-20 19:13:51.346 11 WARNING keystone.common.password_hashing [None req-8d325915-5414-4d24-92c6-75461ddbb8a2 - - - - - -] Truncating password to algorithm specific maximum length 72 characters.
[Mon Jul 20 19:13:51.632322 2026] [wsgi:error] [pid 11:tid 140548595644096] [remote 10.0.0.205:44398] 2026-07-20 19:13:51.632 11 WARNING keystone.common.fernet_utils [None req-8d325915-5414-4d24-92c6-75461ddbb8a2 - - - - - -] key_repository is world readable: /etc/keystone/fernet-keys/ 10.0.0.205 - - [20/Jul/2026:19:13:51 +0000] "POST /v3/auth/tokens HTTP/1.1" 201 1360 10.0.0.205 - - [20/Jul/2026:19:13:51 +0000] "POST /v3/services HTTP/1.1" 201 296 10.0.0.86 - - [20/Jul/2026:19:14:03 +0000] "GET / HTTP/1.1" 300 295
[Mon Jul 20 19:14:03.758767 2026] [wsgi:error] [pid 10:tid 140548595644096] [remote 10.0.0.86:54808] 2026-07-20 19:14:03.758 10 WARNING keystone.common.password_hashing [None req-e9c8ade5-4e14-4edf-b646-265894a55c6f - - - - - -] Truncating password to algorithm specific maximum length 72 characters. 10.0.0.86 - - [20/Jul/2026:19:14:03 +0000] "GET / HTTP/1.1" 300 295
[Mon Jul 20 19:14:03.857890 2026] [wsgi:error] [pid 12:tid 140548595644096] [remote 10.0.0.86:54824] 2026-07-20 19:14:03.857 12 WARNING keystone.common.password_hashing [None req-f11287ea-f0a3-4803-b59f-631db20288fe - - - - - -] Truncating password to algorithm specific maximum length 72 characters. 10.0.0.86 - - [20/Jul/2026:19:14:03 +0000] "GET / HTTP/1.1" 300 295
[Mon Jul 20 19:14:03.981504 2026] [wsgi:error] [pid 11:tid 140548595644096] [remote 10.0.0.86:54826] 2026-07-20 19:14:03.981 11 WARNING keystone.common.password_hashing [None req-73a77b4a-0498-47af-93b1-20086fbcd879 - - - - - -] Truncating password to algorithm specific maximum length 72 characters.
[Mon Jul 20 19:14:04.039054 2026] [wsgi:error] [pid 10:tid 140548595644096] [remote 10.0.0.86:54808] 2026-07-20 19:14:04.038 10 WARNING keystone.common.fernet_utils [None req-e9c8ade5-4e14-4edf-b646-265894a55c6f - - - - - -] key_repository is world readable: /etc/keystone/fernet-keys/ 10.0.0.86 - - [20/Jul/2026:19:14:03 +0000] "POST /v3/auth/tokens HTTP/1.1" 201 1464
[Mon Jul 20 19:14:04.135877 2026] [wsgi:error] [pid 12:tid 140548595644096] [remote 10.0.0.86:54824] 2026-07-20 19:14:04.135 12 WARNING keystone.common.fernet_utils [None req-f11287ea-f0a3-4803-b59f-631db20288fe - - - - - -] key_repository is world readable: /etc/keystone/fernet-keys/ 10.0.0.86 - - [20/Jul/2026:19:14:03 +0000] "POST /v3/auth/tokens HTTP/1.1" 201 1464 10.0.0.86 - - [20/Jul/2026:19:14:04 +0000] "GET /v3/services HTTP/1.1" 200 639
[Mon Jul 20 19:14:04.254615 2026] [wsgi:error] [pid 11:tid 140548595644096] [remote 10.0.0.86:54826] 2026-07-20 19:14:04.254 11 WARNING keystone.common.fernet_utils [None req-73a77b4a-0498-47af-93b1-20086fbcd879 - - - - - -] key_repository is world readable: /etc/keystone/fernet-keys/ 10.0.0.86 - - [20/Jul/2026:19:14:04 +0000] "GET /v3/services HTTP/1.1" 200 639 10.0.0.86 - - [20/Jul/2026:19:14:03 +0000] "POST /v3/auth/tokens HTTP/1.1" 201 1464 10.0.0.86 - - [20/Jul/2026:19:14:04 +0000] "GET /v3/services HTTP/1.1" 200 639 10.0.0.86 - - [20/Jul/2026:19:14:05 +0000] "GET / HTTP/1.1" 300 295
[Mon Jul 20 19:14:05.707252 2026] [wsgi:error] [pid 10:tid 140548595644096] [remote 10.0.0.86:54828] 2026-07-20 19:14:05.707 10 WARNING keystone.common.password_hashing [None req-c3d2d246-0f4b-401f-85b2-2e3274c8ab0e - - - - - -] Truncating password to algorithm specific maximum length 72 characters. 10.0.0.86 - - [20/Jul/2026:19:14:05 +0000] "GET / HTTP/1.1" 300 295
[Mon Jul 20 19:14:05.797445 2026] [wsgi:error] [pid 12:tid 140548595644096] [remote 10.0.0.86:54838] 2026-07-20 19:14:05.797 12 WARNING keystone.common.password_hashing [None req-24d2520e-6173-4070-a0c0-75b51a9c6d8b - - - - - -] Truncating password to algorithm specific maximum length 72 characters. 10.0.0.86 - - [20/Jul/2026:19:14:05 +0000] "GET / HTTP/1.1" 300 295
[Mon Jul 20 19:14:05.929943 2026] [wsgi:error] [pid 11:tid 140548595644096] [remote 10.0.0.86:41154] 2026-07-20 19:14:05.929 11 WARNING keystone.common.password_hashing [None req-facec97d-a1f3-4a1c-abd8-73efa31f771f - - - - - -] Truncating password to algorithm specific maximum length 72 characters.
[Mon Jul 20 19:14:05.993912 2026] [wsgi:error] [pid 10:tid 140548595644096] [remote 10.0.0.86:54828] 2026-07-20 19:14:05.993 10 WARNING keystone.common.fernet_utils [None req-c3d2d246-0f4b-401f-85b2-2e3274c8ab0e - - - - - -] key_repository is world readable: /etc/keystone/fernet-keys/ 10.0.0.86 - - [20/Jul/2026:19:14:05 +0000] "POST /v3/auth/tokens HTTP/1.1" 201 1464
[Mon Jul 20 19:14:06.081563 2026] [wsgi:error] [pid 12:tid 140548595644096] [remote 10.0.0.86:54838] 2026-07-20 19:14:06.081 12 WARNING keystone.common.fernet_utils [None req-24d2520e-6173-4070-a0c0-75b51a9c6d8b - - - - - -] key_repository is world readable: /etc/keystone/fernet-keys/ 10.0.0.86 - - [20/Jul/2026:19:14:05 +0000] "POST /v3/auth/tokens HTTP/1.1" 201 1464 10.0.0.86 - - [20/Jul/2026:19:14:06 +0000] "GET /v3/endpoints HTTP/1.1" 200 1227 10.0.0.86 - - [20/Jul/2026:19:14:06 +0000] "GET /v3/services/ee4f6eb754834dd0b70a31358c0c6fb5 HTTP/1.1" 200 233 10.0.0.86 - - [20/Jul/2026:19:14:06 +0000] "GET /v3/services/ee4f6eb754834dd0b70a31358c0c6fb5 HTTP/1.1" 200 233 10.0.0.86 - - [20/Jul/2026:19:14:06 +0000] "GET /v3/services/ee4f6eb754834dd0b70a31358c0c6fb5 HTTP/1.1" 200 233 10.0.0.86 - - [20/Jul/2026:19:14:06 +0000] "GET /v3/endpoints HTTP/1.1" 200 1227
[Mon Jul 20 19:14:06.216033 2026] [wsgi:error] [pid 11:tid 140548595644096] [remote 10.0.0.86:41154] 2026-07-20 19:14:06.215 11 WARNING keystone.common.fernet_utils [None req-facec97d-a1f3-4a1c-abd8-73efa31f771f - - - - - -] key_repository is world readable: /etc/keystone/fernet-keys/ 10.0.0.86 - - [20/Jul/2026:19:14:05 +0000] "POST /v3/auth/tokens HTTP/1.1" 201 1464 10.0.0.86 - - [20/Jul/2026:19:14:06 +0000] "GET /v3/services/ee4f6eb754834dd0b70a31358c0c6fb5 HTTP/1.1" 200 233 10.0.0.86 - - [20/Jul/2026:19:14:06 +0000] "GET /v3/services/ee4f6eb754834dd0b70a31358c0c6fb5 HTTP/1.1" 200 233 10.0.0.86 - - [20/Jul/2026:19:14:06 +0000] "GET /v3/services/ee4f6eb754834dd0b70a31358c0c6fb5 HTTP/1.1" 200 233 10.0.0.86 - - [20/Jul/2026:19:14:06 +0000] "GET /v3/endpoints HTTP/1.1" 200 1227 10.0.0.86 - - [20/Jul/2026:19:14:06 +0000] "GET /v3/services/ee4f6eb754834dd0b70a31358c0c6fb5 HTTP/1.1" 200 233 10.0.0.86 - - [20/Jul/2026:19:14:06 +0000] "GET /v3/services/ee4f6eb754834dd0b70a31358c0c6fb5 HTTP/1.1" 200 233 10.0.0.86 - - [20/Jul/2026:19:14:06 +0000] "GET /v3/services/ee4f6eb754834dd0b70a31358c0c6fb5 HTTP/1.1" 200 233 10.0.0.86 - - [20/Jul/2026:19:14:07 +0000] "GET / HTTP/1.1" 300 295
[Mon Jul 20 19:14:07.664827 2026] [wsgi:error] [pid 12:tid 140548595644096] [remote 10.0.0.86:41156] 2026-07-20 19:14:07.664 12 WARNING keystone.common.password_hashing [None req-ab87ab05-4084-4029-9a74-836db991aa75 - - - - - -] Truncating password to algorithm specific maximum length 72 characters. 10.0.0.86 - - [20/Jul/2026:19:14:07 +0000] "GET / HTTP/1.1" 300 295
[Mon Jul 20 19:14:07.806377 2026] [wsgi:error] [pid 10:tid 140548595644096] [remote 10.0.0.86:41168] 2026-07-20 19:14:07.806 10 WARNING keystone.common.password_hashing [None req-c5ef8561-a015-45d3-be0b-0c77dc63a4cf - - - - - -] Truncating password to algorithm specific maximum length 72 characters. 10.0.0.86 - - [20/Jul/2026:19:14:07 +0000] "GET / HTTP/1.1" 300 295
[Mon Jul 20 19:14:07.939374 2026] [wsgi:error] [pid 9:tid 140548595644096] [remote 10.0.0.86:41174] 2026-07-20 19:14:07.939 9 WARNING keystone.common.password_hashing [None req-e03ffc70-7540-43ea-b16b-e941fd3813bb - - - - - -] Truncating password to algorithm specific maximum length 72 characters.
[Mon Jul 20 19:14:07.941214 2026] [wsgi:error] [pid 12:tid 140548595644096] [remote 10.0.0.86:41156] 2026-07-20 19:14:07.941 12 WARNING keystone.common.fernet_utils [None req-ab87ab05-4084-4029-9a74-836db991aa75 - - - - - -] key_repository is world readable: /etc/keystone/fernet-keys/ 10.0.0.86 - - [20/Jul/2026:19:14:07 +0000] "POST /v3/auth/tokens HTTP/1.1" 201 1464 10.0.0.86 - - [20/Jul/2026:19:14:08 +0000] "GET /v3/services/6740ef822cba467ab89af8b58ac0aba8 HTTP/1.1" 200 296 10.0.0.86 - - [20/Jul/2026:19:14:08 +0000] "GET /v3/regions/RegionOne HTTP/1.1" 200 173
[Mon Jul 20 19:14:08.090442 2026] [wsgi:error] [pid 10:tid 140548595644096] [remote 10.0.0.86:41168] 2026-07-20 19:14:08.090 10 WARNING keystone.common.fernet_utils [None req-c5ef8561-a015-45d3-be0b-0c77dc63a4cf - - - - - -] key_repository is world readable: /etc/keystone/fernet-keys/ 10.0.0.86 - - [20/Jul/2026:19:14:07 +0000] "POST /v3/auth/tokens HTTP/1.1" 201 1464 10.0.0.86 - - [20/Jul/2026:19:14:08 +0000] "GET /v3/services/6740ef822cba467ab89af8b58ac0aba8 HTTP/1.1" 200 296 10.0.0.86 - - [20/Jul/2026:19:14:08 +0000] "GET /v3/regions/RegionOne HTTP/1.1" 200 173
[Mon Jul 20 19:14:08.228184 2026] [wsgi:error] [pid 9:tid 140548595644096] [remote 10.0.0.86:41174] 2026-07-20 19:14:08.227 9 WARNING keystone.common.fernet_utils [None req-e03ffc70-7540-43ea-b16b-e941fd3813bb - - - - - -] key_repository is world readable: /etc/keystone/fernet-keys/ 10.0.0.86 - - [20/Jul/2026:19:14:07 +0000] "POST /v3/auth/tokens HTTP/1.1" 201 1464 10.0.0.86 - - [20/Jul/2026:19:14:08 +0000] "POST /v3/endpoints HTTP/1.1" 201 383 10.0.0.86 - - [20/Jul/2026:19:14:08 +0000] "POST /v3/endpoints HTTP/1.1" 201 380 10.0.0.86 - - [20/Jul/2026:19:14:08 +0000] "GET /v3/services/6740ef822cba467ab89af8b58ac0aba8 HTTP/1.1" 200 296 10.0.0.86 - - [20/Jul/2026:19:14:08 +0000] "GET /v3/regions/RegionOne HTTP/1.1" 200 173 10.0.0.86 - - [20/Jul/2026:19:14:08 +0000] "POST /v3/endpoints HTTP/1.1" 201 370 10.0.0.86 - - [20/Jul/2026:19:14:09 +0000] "GET / HTTP/1.1" 300 295
[Mon Jul 20 19:14:09.784521 2026] [wsgi:error] [pid 10:tid 140548595644096] [remote 10.0.0.86:41186] 2026-07-20 19:14:09.784 10 WARNING keystone.common.password_hashing [None req-b8e63521-5355-40e7-9c8b-2530a828c254 - - - - - -] Truncating password to algorithm specific maximum length 72 characters. 10.0.0.86 - - [20/Jul/2026:19:14:09 +0000] "GET / HTTP/1.1" 300 295
[Mon Jul 20 19:14:09.822877 2026] [wsgi:error] [pid 11:tid 140548595644096] [remote 10.0.0.86:41202] 2026-07-20 19:14:09.822 11 WARNING keystone.common.password_hashing [None req-3938db34-2fdd-4da5-a3d0-fd7c55b526be - - - - - -] Truncating password to algorithm specific maximum length 72 characters. 10.0.0.86 - - [20/Jul/2026:19:14:09 +0000] "GET / HTTP/1.1" 300 295
[Mon Jul 20 19:14:09.881668 2026] [wsgi:error] [pid 9:tid 140548595644096] [remote 10.0.0.86:41216] 2026-07-20 19:14:09.881 9 WARNING keystone.common.password_hashing [None req-9b419796-28b5-4b4a-9754-64557e8a7bc8 - - - - - -] Truncating password to algorithm specific maximum length 72 characters.
[Mon Jul 20 19:14:10.085642 2026] [wsgi:error] [pid 10:tid 140548595644096] [remote 10.0.0.86:41186] 2026-07-20 19:14:10.085 10 WARNING keystone.common.fernet_utils [None req-b8e63521-5355-40e7-9c8b-2530a828c254 - - - - - -] key_repository is world readable: /etc/keystone/fernet-keys/ 10.0.0.86 - - [20/Jul/2026:19:14:09 +0000] "POST /v3/auth/tokens HTTP/1.1" 201 1992
[Mon Jul 20 19:14:10.116102 2026] [wsgi:error] [pid 11:tid 140548595644096] [remote 10.0.0.86:41202] 2026-07-20 19:14:10.115 11 WARNING keystone.common.fernet_utils [None req-3938db34-2fdd-4da5-a3d0-fd7c55b526be - - - - - -] key_repository is world readable: /etc/keystone/fernet-keys/ 10.0.0.86 - - [20/Jul/2026:19:14:09 +0000] "POST /v3/auth/tokens HTTP/1.1" 201 1992
[Mon Jul 20 19:14:10.175650 2026] [wsgi:error] [pid 9:tid 140548595644096] [remote 10.0.0.86:41216] 2026-07-20 19:14:10.175 9 WARNING keystone.common.fernet_utils [None req-9b419796-28b5-4b4a-9754-64557e8a7bc8 - - - - - -] key_repository is world readable: /etc/keystone/fernet-keys/ 10.0.0.86 - - [20/Jul/2026:19:14:09 +0000] "POST /v3/auth/tokens HTTP/1.1" 201 1992 10.0.0.86 - - [20/Jul/2026:19:14:10 +0000] "GET /v3/endpoints/7d69edc8d1dd409e813e7f19527e0bf5 HTTP/1.1" 200 383 10.0.0.86 - - [20/Jul/2026:19:14:10 +0000] "GET /v3/endpoints/1ae2a02ae33340ebbcd5a76dfcb89827 HTTP/1.1" 200 380 10.0.0.86 - - [20/Jul/2026:19:14:10 +0000] "GET /v3/services/6740ef822cba467ab89af8b58ac0aba8 HTTP/1.1" 200 296 10.0.0.86 - - [20/Jul/2026:19:14:10 +0000] "GET /v3/services/6740ef822cba467ab89af8b58ac0aba8 HTTP/1.1" 200 296 10.0.0.86 - - [20/Jul/2026:19:14:10 +0000] "GET /v3/endpoints/a38ae044c61841278a8da9768a36e9c4 HTTP/1.1" 200 370 10.0.0.86 - - [20/Jul/2026:19:14:10 +0000] "GET /v3/services/6740ef822cba467ab89af8b58ac0aba8 HTTP/1.1" 200 296 10.0.0.235 - - [20/Jul/2026:19:14:21 +0000] "GET / HTTP/1.1" 300 295
[Mon Jul 20 19:14:21.842288 2026] [wsgi:error] [pid 11:tid 140548595644096] [remote 10.0.0.235:51178] 2026-07-20 19:14:21.842 11 WARNING keystone.common.password_hashing [None req-5fb80e58-10f6-4199-b279-1bbe931e3d1d - - - - - -] Truncating password to algorithm specific maximum length 72 characters.
[Mon Jul 20 19:14:22.134942 2026] [wsgi:error] [pid 11:tid 140548595644096] [remote 10.0.0.235:51178] 2026-07-20 19:14:22.134 11 WARNING keystone.common.fernet_utils [None req-5fb80e58-10f6-4199-b279-1bbe931e3d1d - - - - - -] key_repository is world readable: /etc/keystone/fernet-keys/ 10.0.0.235 - - [20/Jul/2026:19:14:21 +0000] "POST /v3/auth/tokens HTTP/1.1" 201 1992 10.0.0.235 - - [20/Jul/2026:19:14:22 +0000] "POST /v3/domains HTTP/1.1" 201 284 10.0.0.235 - - [20/Jul/2026:19:14:23 +0000] "GET / HTTP/1.1" 300 295
[Mon Jul 20 19:14:23.923085 2026] [wsgi:error] [pid 9:tid 140548595644096] [remote 10.0.0.235:51184] 2026-07-20 19:14:23.922 9 WARNING keystone.common.password_hashing [None req-eafc1363-51a6-4c0d-afe0-c530e4f55f28 - - - - - -] Truncating password to algorithm specific maximum length 72 characters.
[Mon Jul 20 19:14:24.192660 2026] [wsgi:error] [pid 9:tid 140548595644096] [remote 10.0.0.235:51184] 2026-07-20 19:14:24.192 9 WARNING keystone.common.fernet_utils [None req-eafc1363-51a6-4c0d-afe0-c530e4f55f28 - - - - - -] key_repository is world readable: /etc/keystone/fernet-keys/ 10.0.0.235 - - [20/Jul/2026:19:14:23 +0000] "POST /v3/auth/tokens HTTP/1.1" 201 1992
[Mon Jul 20 19:14:24.377754 2026] [wsgi:error] [pid 11:tid 140548595644096] [remote 10.0.0.235:51184] 2026-07-20 19:14:24.364 11 ERROR keystone.server.flask.application [None req-968f35d1-bcbb-4332-b5ed-f76b87e24b7f 25206017bc424d20a13b05a238e8bd67 d55cfd3af8a64e9eb48e79d4a278ce63 - - default default] Conflict occurred attempting to store project - it is not permitted to have two projects acting as domains with the same name: service.: keystone.exception.Conflict: Conflict occurred attempting to store project - it is not permitted to have two projects acting as domains with the same name: service.
[Mon Jul 20 19:14:24.377783 2026] [wsgi:error] [pid 11:tid 140548595644096] [remote 10.0.0.235:51184] 2026-07-20 19:14:24.364 11 ERROR keystone.server.flask.application
Traceback (most recent call last):
[Mon Jul 20 19:14:24.377786 2026] [wsgi:error] [pid 11:tid 140548595644096] [remote 10.0.0.235:51184] 2026-07-20 19:14:24.364 11 ERROR keystone.server.flask.application
File "/var/lib/openstack/lib/python3.12/site-packages/sqlalchemy/engine/base.py", line 1969, in _exec_single_context
[Mon Jul 20 19:14:24.377788 2026] [wsgi:error] [pid 11:tid 140548595644096] [remote 10.0.0.235:51184] 2026-07-20 19:14:24.364 11 ERROR keystone.server.flask.application self.dialect.do_execute(
[Mon Jul 20 19:14:24.377789 2026] [wsgi:error] [pid 11:tid 140548595644096] [remote 10.0.0.235:51184] 2026-07-20 19:14:24.364 11 ERROR keystone.server.flask.application
File "/var/lib/openstack/lib/python3.12/site-packages/sqlalchemy/engine/default.py", line 952, in do_execute
[Mon Jul 20 19:14:24.377791 2026] [wsgi:error] [pid 11:tid 140548595644096] [remote 10.0.0.235:51184] 2026-07-20 19:14:24.364 11 ERROR keystone.server.flask.application cursor.execute(statement, parameters)
[Mon Jul 20 19:14:24.377792 2026] [wsgi:error] [pid 11:tid 140548595644096] [remote 10.0.0.235:51184] 2026-07-20 19:14:24.364 11 ERROR keystone.server.flask.application
File "/var/lib/openstack/lib/python3.12/site-packages/pymysql/cursors.py", line 159, in execute
[Mon Jul 20 19:14:24.377794 2026] [wsgi:error] [pid 11:tid 140548595644096] [remote 10.0.0.235:51184] 2026-07-20 19:14:24.364 11 ERROR keystone.server.flask.application result = self._query(query)
[Mon Jul 20 19:14:24.377795 2026] [wsgi:error] [pid 11:tid 140548595644096] [remote 10.0.0.235:51184] 2026-07-20 19:14:24.364 11 ERROR keystone.server.flask.application ^^^^^^^^^^^^^^^^^^
[Mon Jul 20 19:14:24.377797 2026] [wsgi:error] [pid 11:tid 140548595644096] [remote 10.0.0.235:51184] 2026-07-20 19:14:24.364 11 ERROR keystone.server.flask.application
File "/var/lib/openstack/lib/python3.12/site-packages/pymysql/cursors.py", line 330, in _query
[Mon Jul 20 19:14:24.377798 2026] [wsgi:error] [pid 11:tid 140548595644096] [remote 10.0.0.235:51184] 2026-07-20 19:14:24.364 11 ERROR keystone.server.flask.application conn.query(q)
[Mon Jul 20 19:14:24.377800 2026] [wsgi:error] [pid 11:tid 140548595644096] [remote 10.0.0.235:51184] 2026-07-20 19:14:24.364 11 ERROR keystone.server.flask.application
File "/var/lib/openstack/lib/python3.12/site-packages/pymysql/connections.py", line 582, in query
[Mon Jul 20 19:14:24.377801 2026] [wsgi:error] [pid 11:tid 140548595644096] [remote 10.0.0.235:51184] 2026-07-20 19:14:24.364 11 ERROR keystone.server.flask.application self._affected_rows = self._read_query_result(unbuffered=unbuffered)
[Mon Jul 20 19:14:24.377802 2026] [wsgi:error] [pid 11:tid 140548595644096] [remote 10.0.0.235:51184] 2026-07-20 19:14:24.364 11 ERROR keystone.server.flask.application ^^^^^^^^^^^^^^^^^^^^^^^^^^^^^^^^^^^^^^^^^^^^^^
[Mon Jul 20 19:14:24.377804 2026] [wsgi:error] [pid 11:tid 140548595644096] [remote 10.0.0.235:51184] 2026-07-20 19:14:24.364 11 ERROR keystone.server.flask.application
File "/var/lib/openstack/lib/python3.12/site-packages/pymysql/connections.py", line 847, in _read_query_result
[Mon Jul 20 19:14:24.377805 2026] [wsgi:error] [pid 11:tid 140548595644096] [remote 10.0.0.235:51184] 2026-07-20 19:14:24.364 11 ERROR keystone.server.flask.application result.read()
[Mon Jul 20 19:14:24.377808 2026] [wsgi:error] [pid 11:tid 140548595644096] [remote 10.0.0.235:51184] 2026-07-20 19:14:24.364 11 ERROR keystone.server.flask.application
File "/var/lib/openstack/lib/python3.12/site-packages/pymysql/connections.py", line 1245, in read
[Mon Jul 20 19:14:24.377810 2026] [wsgi:error] [pid 11:tid 140548595644096] [remote 10.0.0.235:51184] 2026-07-20 19:14:24.364 11 ERROR keystone.server.flask.application first_packet = self.connection._read_packet()
[Mon Jul 20 19:14:24.377811 2026] [wsgi:error] [pid 11:tid 140548595644096] [remote 10.0.0.235:51184] 2026-07-20 19:14:24.364 11 ERROR keystone.server.flask.application ^^^^^^^^^^^^^^^^^^^^^^^^^^^^^^
[Mon Jul 20 19:14:24.377812 2026] [wsgi:error] [pid 11:tid 140548595644096] [remote 10.0.0.235:51184] 2026-07-20 19:14:24.364 11 ERROR keystone.server.flask.application
File "/var/lib/openstack/lib/python3.12/site-packages/pymysql/connections.py", line 803, in _read_packet
[Mon Jul 20 19:14:24.377814 2026] [wsgi:error] [pid 11:tid 140548595644096] [remote 10.0.0.235:51184] 2026-07-20 19:14:24.364 11 ERROR keystone.server.flask.application packet.raise_for_error()
[Mon Jul 20 19:14:24.377815 2026] [wsgi:error] [pid 11:tid 140548595644096] [remote 10.0.0.235:51184] 2026-07-20 19:14:24.364 11 ERROR keystone.server.flask.application
File "/var/lib/openstack/lib/python3.12/site-packages/pymysql/protocol.py", line 219, in raise_for_error
[Mon Jul 20 19:14:24.377817 2026] [wsgi:error] [pid 11:tid 140548595644096] [remote 10.0.0.235:51184] 2026-07-20 19:14:24.364 11 ERROR keystone.server.flask.application err.raise_mysql_exception(self._data)
[Mon Jul 20 19:14:24.377818 2026] [wsgi:error] [pid 11:tid 140548595644096] [remote 10.0.0.235:51184] 2026-07-20 19:14:24.364 11 ERROR keystone.server.flask.application
File "/var/lib/openstack/lib/python3.12/site-packages/pymysql/err.py", line 154, in raise_mysql_exception
[Mon Jul 20 19:14:24.377820 2026] [wsgi:error] [pid 11:tid 140548595644096] [remote 10.0.0.235:51184] 2026-07-20 19:14:24.364 11 ERROR keystone.server.flask.application raise errorclass(errno, errval, sqlstate=sqlstate)
[Mon Jul 20 19:14:24.377821 2026] [wsgi:error] [pid 11:tid 140548595644096] [remote 10.0.0.235:51184] 2026-07-20 19:14:24.364 11 ERROR keystone.server.flask.application pymysql.err.IntegrityError: (1062, "Duplicate entry '<>-service' for key 'project.ixu_project_name_domain_id'")
[Mon Jul 20 19:14:24.377823 2026] [wsgi:error] [pid 11:tid 140548595644096] [remote 10.0.0.235:51184] 2026-07-20 19:14:24.364 11 ERROR keystone.server.flask.application
[Mon Jul 20 19:14:24.377824 2026] [wsgi:error] [pid 11:tid 140548595644096] [remote 10.0.0.235:51184] 2026-07-20 19:14:24.364 11 ERROR keystone.server.flask.application The above exception was the direct cause of the following exception:
[Mon Jul 20 19:14:24.377825 2026] [wsgi:error] [pid 11:tid 140548595644096] [remote 10.0.0.235:51184] 2026-07-20 19:14:24.364 11 ERROR keystone.server.flask.application
[Mon Jul 20 19:14:24.377826 2026] [wsgi:error] [pid 11:tid 140548595644096] [remote 10.0.0.235:51184] 2026-07-20 19:14:24.364 11 ERROR keystone.server.flask.application
Traceback (most recent call last):
[Mon Jul 20 19:14:24.377828 2026] [wsgi:error] [pid 11:tid 140548595644096] [remote 10.0.0.235:51184] 2026-07-20 19:14:24.364 11 ERROR keystone.server.flask.application
File "/var/lib/openstack/lib/python3.12/site-packages/keystone/common/sql/core.py", line 575, in wrapper
[Mon Jul 20 19:14:24.377830 2026] [wsgi:error] [pid 11:tid 140548595644096] [remote 10.0.0.235:51184] 2026-07-20 19:14:24.364 11 ERROR keystone.server.flask.application return method(*args, **kwargs)
[Mon Jul 20 19:14:24.377831 2026] [wsgi:error] [pid 11:tid 140548595644096] [remote 10.0.0.235:51184] 2026-07-20 19:14:24.364 11 ERROR keystone.server.flask.application ^^^^^^^^^^^^^^^^^^^^^^^
[Mon Jul 20 19:14:24.377834 2026] [wsgi:error] [pid 11:tid 140548595644096] [remote 10.0.0.235:51184] 2026-07-20 19:14:24.364 11 ERROR keystone.server.flask.application
File "/var/lib/openstack/lib/python3.12/site-packages/keystone/resource/backends/sql.py", line 278, in create_project
[Mon Jul 20 19:14:24.377835 2026] [wsgi:error] [pid 11:tid 140548595644096] [remote 10.0.0.235:51184] 2026-07-20 19:14:24.364 11 ERROR keystone.server.flask.application with sql.session_for_write() as session:
[Mon Jul 20 19:14:24.377837 2026] [wsgi:error] [pid 11:tid 140548595644096] [remote 10.0.0.235:51184] 2026-07-20 19:14:24.364 11 ERROR keystone.server.flask.application
File "/usr/lib/python3.12/contextlib.py", line 144, in __exit__
[Mon Jul 20 19:14:24.377838 2026] [wsgi:error] [pid 11:tid 140548595644096] [remote 10.0.0.235:51184] 2026-07-20 19:14:24.364 11 ERROR keystone.server.flask.application next(self.gen)
[Mon Jul 20 19:14:24.377839 2026] [wsgi:error] [pid 11:tid 140548595644096] [remote 10.0.0.235:51184] 2026-07-20 19:14:24.364 11 ERROR keystone.server.flask.application
File "/var/lib/openstack/lib/python3.12/site-packages/oslo_db/sqlalchemy/enginefacade.py", line 1175, in _transaction_scope
[Mon Jul 20 19:14:24.377841 2026] [wsgi:error] [pid 11:tid 140548595644096] [remote 10.0.0.235:51184] 2026-07-20 19:14:24.364 11 ERROR keystone.server.flask.application with current._produce_block(
[Mon Jul 20 19:14:24.377842 2026] [wsgi:error] [pid 11:tid 140548595644096] [remote 10.0.0.235:51184] 2026-07-20 19:14:24.364 11 ERROR keystone.server.flask.application
File "/usr/lib/python3.12/contextlib.py", line 144, in __exit__
[Mon Jul 20 19:14:24.377844 2026] [wsgi:error] [pid 11:tid 140548595644096] [remote 10.0.0.235:51184] 2026-07-20 19:14:24.364 11 ERROR keystone.server.flask.application next(self.gen)
[Mon Jul 20 19:14:24.377845 2026] [wsgi:error] [pid 11:tid 140548595644096] [remote 10.0.0.235:51184] 2026-07-20 19:14:24.364 11 ERROR keystone.server.flask.application
File "/var/lib/openstack/lib/python3.12/site-packages/oslo_db/sqlalchemy/enginefacade.py", line 837, in _session
[Mon Jul 20 19:14:24.377846 2026] [wsgi:error] [pid 11:tid 140548595644096] [remote 10.0.0.235:51184] 2026-07-20 19:14:24.364 11 ERROR keystone.server.flask.application with excutils.save_and_reraise_exception():
[Mon Jul 20 19:14:24.377848 2026] [wsgi:error] [pid 11:tid 140548595644096] [remote 10.0.0.235:51184] 2026-07-20 19:14:24.364 11 ERROR keystone.server.flask.application
File "/var/lib/openstack/lib/python3.12/site-packages/oslo_utils/excutils.py", line 266, in __exit__
[Mon Jul 20 19:14:24.377849 2026] [wsgi:error] [pid 11:tid 140548595644096] [remote 10.0.0.235:51184] 2026-07-20 19:14:24.364 11 ERROR keystone.server.flask.application self.force_reraise()
[Mon Jul 20 19:14:24.377850 2026] [wsgi:error] [pid 11:tid 140548595644096] [remote 10.0.0.235:51184] 2026-07-20 19:14:24.364 11 ERROR keystone.server.flask.application
File "/var/lib/openstack/lib/python3.12/site-packages/oslo_utils/excutils.py", line 232, in force_reraise
[Mon Jul 20 19:14:24.377852 2026] [wsgi:error] [pid 11:tid 140548595644096] [remote 10.0.0.235:51184] 2026-07-20 19:14:24.364 11 ERROR keystone.server.flask.application raise self.value
[Mon Jul 20 19:14:24.377853 2026] [wsgi:error] [pid 11:tid 140548595644096] [remote 10.0.0.235:51184] 2026-07-20 19:14:24.364 11 ERROR keystone.server.flask.application
File "/var/lib/openstack/lib/python3.12/site-packages/oslo_db/sqlalchemy/enginefacade.py", line 835, in _session
[Mon Jul 20 19:14:24.377855 2026] [wsgi:error] [pid 11:tid 140548595644096] [remote 10.0.0.235:51184] 2026-07-20 19:14:24.364 11 ERROR keystone.server.flask.application self._end_session_transaction(self.session)
[Mon Jul 20 19:14:24.377856 2026] [wsgi:error] [pid 11:tid 140548595644096] [remote 10.0.0.235:51184] 2026-07-20 19:14:24.364 11 ERROR keystone.server.flask.application
File "/var/lib/openstack/lib/python3.12/site-packages/oslo_db/sqlalchemy/enginefacade.py", line 748, in _end_session_transaction
[Mon Jul 20 19:14:24.377859 2026] [wsgi:error] [pid 11:tid 140548595644096] [remote 10.0.0.235:51184] 2026-07-20 19:14:24.364 11 ERROR keystone.server.flask.application session.commit()
[Mon Jul 20 19:14:24.377872 2026] [wsgi:error] [pid 11:tid 140548595644096] [remote 10.0.0.235:51184] 2026-07-20 19:14:24.364 11 ERROR keystone.server.flask.application
File "/var/lib/openstack/lib/python3.12/site-packages/sqlalchemy/orm/session.py", line 2034, in commit
[Mon Jul 20 19:14:24.377873 2026] [wsgi:error] [pid 11:tid 140548595644096] [remote 10.0.0.235:51184] 2026-07-20 19:14:24.364 11 ERROR keystone.server.flask.application trans.commit(_to_root=True)
[Mon Jul 20 19:14:24.377875 2026] [wsgi:error] [pid 11:tid 140548595644096] [remote 10.0.0.235:51184] 2026-07-20 19:14:24.364 11 ERROR keystone.server.flask.application File "", line 2, in commit
[Mon Jul 20 19:14:24.377876 2026] [wsgi:error] [pid 11:tid 140548595644096] [remote 10.0.0.235:51184] 2026-07-20 19:14:24.364 11 ERROR keystone.server.flask.application
File "/var/lib/openstack/lib/python3.12/site-packages/sqlalchemy/orm/state_changes.py", line 137, in _go
[Mon Jul 20 19:14:24.377878 2026] [wsgi:error] [pid 11:tid 140548595644096] [remote 10.0.0.235:51184] 2026-07-20 19:14:24.364 11 ERROR keystone.server.flask.application ret_value = fn(self, *arg, **kw)
[Mon Jul 20 19:14:24.377879 2026] [wsgi:error] [pid 11:tid 140548595644096] [remote 10.0.0.235:51184] 2026-07-20 19:14:24.364 11 ERROR keystone.server.flask.application ^^^^^^^^^^^^^^^^^^^^
[Mon Jul 20 19:14:24.377881 2026] [wsgi:error] [pid 11:tid 140548595644096] [remote 10.0.0.235:51184] 2026-07-20 19:14:24.364 11 ERROR keystone.server.flask.application
File "/var/lib/openstack/lib/python3.12/site-packages/sqlalchemy/orm/session.py", line 1315, in commit
[Mon Jul 20 19:14:24.377882 2026] [wsgi:error] [pid 11:tid 140548595644096] [remote 10.0.0.235:51184] 2026-07-20 19:14:24.364 11 ERROR keystone.server.flask.application self._prepare_impl()
[Mon Jul 20 19:14:24.377884 2026] [wsgi:error] [pid 11:tid 140548595644096] [remote 10.0.0.235:51184] 2026-07-20 19:14:24.364 11 ERROR keystone.server.flask.application File "", line 2, in _prepare_impl
[Mon Jul 20 19:14:24.377885 2026] [wsgi:error] [pid 11:tid 140548595644096] [remote 10.0.0.235:51184] 2026-07-20 19:14:24.364 11 ERROR keystone.server.flask.application
File "/var/lib/openstack/lib/python3.12/site-packages/sqlalchemy/orm/state_changes.py", line 137, in _go
[Mon Jul 20 19:14:24.377887 2026] [wsgi:error] [pid 11:tid 140548595644096] [remote 10.0.0.235:51184] 2026-07-20 19:14:24.364 11 ERROR keystone.server.flask.application ret_value = fn(self, *arg, **kw)
[Mon Jul 20 19:14:24.377889 2026] [wsgi:error] [pid 11:tid 140548595644096] [remote 10.0.0.235:51184] 2026-07-20 19:14:24.364 11 ERROR keystone.server.flask.application ^^^^^^^^^^^^^^^^^^^^
[Mon Jul 20 19:14:24.377890 2026] [wsgi:error] [pid 11:tid 140548595644096] [remote 10.0.0.235:51184] 2026-07-20 19:14:24.364 11 ERROR keystone.server.flask.application
File "/var/lib/openstack/lib/python3.12/site-packages/sqlalchemy/orm/session.py", line 1290, in _prepare_impl
[Mon Jul 20 19:14:24.377892 2026] [wsgi:error] [pid 11:tid 140548595644096] [remote 10.0.0.235:51184] 2026-07-20 19:14:24.364 11 ERROR keystone.server.flask.application self.session.flush()
[Mon Jul 20 19:14:24.377893 2026] [wsgi:error] [pid 11:tid 140548595644096] [remote 10.0.0.235:51184] 2026-07-20 19:14:24.364 11 ERROR keystone.server.flask.application
File "/var/lib/openstack/lib/python3.12/site-packages/sqlalchemy/orm/session.py", line 4352, in flush
[Mon Jul 20 19:14:24.377895 2026] [wsgi:error] [pid 11:tid 140548595644096] [remote 10.0.0.235:51184] 2026-07-20 19:14:24.364 11 ERROR keystone.server.flask.application self._flush(objects)
[Mon Jul 20 19:14:24.377896 2026] [wsgi:error] [pid 11:tid 140548595644096] [remote 10.0.0.235:51184] 2026-07-20 19:14:24.364 11 ERROR keystone.server.flask.application
File "/var/lib/openstack/lib/python3.12/site-packages/sqlalchemy/orm/session.py", line 4487, in _flush
[Mon Jul 20 19:14:24.377899 2026] [wsgi:error] [pid 11:tid 140548595644096] [remote 10.0.0.235:51184] 2026-07-20 19:14:24.364 11 ERROR keystone.server.flask.application with util.safe_reraise():
[Mon Jul 20 19:14:24.377901 2026] [wsgi:error] [pid 11:tid 140548595644096] [remote 10.0.0.235:51184] 2026-07-20 19:14:24.364 11 ERROR keystone.server.flask.application
File "/var/lib/openstack/lib/python3.12/site-packages/sqlalchemy/util/langhelpers.py", line 122, in __exit__
[Mon Jul 20 19:14:24.377906 2026] [wsgi:error] [pid 11:tid 140548595644096] [remote 10.0.0.235:51184] 2026-07-20 19:14:24.364 11 ERROR keystone.server.flask.application raise exc_value.with_traceback(exc_tb)
[Mon Jul 20 19:14:24.377907 2026] [wsgi:error] [pid 11:tid 140548595644096] [remote 10.0.0.235:51184] 2026-07-20 19:14:24.364 11 ERROR keystone.server.flask.application
File "/var/lib/openstack/lib/python3.12/site-packages/sqlalchemy/orm/session.py", line 4448, in _flush
[Mon Jul 20 19:14:24.377909 2026] [wsgi:error] [pid 11:tid 140548595644096] [remote 10.0.0.235:51184] 2026-07-20 19:14:24.364 11 ERROR keystone.server.flask.application flush_context.execute()
[Mon Jul 20 19:14:24.377912 2026] [wsgi:error] [pid 11:tid 140548595644096] [remote 10.0.0.235:51184] 2026-07-20 19:14:24.364 11 ERROR keystone.server.flask.application
