2026-07-14 18:52:20.415 8 INFO placement.requestlog [None req-14858036-e2b6-4a9e-a2bc-f175ea685774 0f8821ad58be4735a2dc2179c070d9d7 3e579d71e3e8408582ca74431bb6573a - - c880922d28a54b0891316d6a905554c1 c880922d28a54b0891316d6a905554c1] 10.0.0.173 "GET /resource_providers/b5aa7048-c280-4d06-bea6-ace24b6c4b8a/aggregates" status: 404 len: 235 microversion: 1.1 [pid: 8|app: 0|req: 520/1042] 10.0.0.173 () {32 vars in 816 bytes} [Tue Jul 14 18:52:20 2026] GET /resource_providers/b5aa7048-c280-4d06-bea6-ace24b6c4b8a/aggregates => generated 235 bytes in 34 msecs (HTTP/1.1 404) 5 headers in 202 bytes (1 switches on core 0)
2026-07-14 18:52:20.440 7 INFO placement.requestlog [None req-8d720bb7-4be9-46d9-8ce1-d8d48c427b21 0f8821ad58be4735a2dc2179c070d9d7 3e579d71e3e8408582ca74431bb6573a - - c880922d28a54b0891316d6a905554c1 c880922d28a54b0891316d6a905554c1] 10.0.0.173 "DELETE /resource_providers/b5aa7048-c280-4d06-bea6-ace24b6c4b8a" status: 404 len: 246 microversion: 1.1 [pid: 7|app: 0|req: 523/1043] 10.0.0.173 () {34 vars in 816 bytes} [Tue Jul 14 18:52:20 2026] DELETE /resource_providers/b5aa7048-c280-4d06-bea6-ace24b6c4b8a => generated 246 bytes in 13 msecs (HTTP/1.1 404) 6 headers in 231 bytes (1 switches on core 0)
2026-07-14 18:52:21.088 8 INFO placement.requestlog [None req-4d2a4631-95ad-4592-80b5-d8b918ac861c 0f8821ad58be4735a2dc2179c070d9d7 3e579d71e3e8408582ca74431bb6573a - - c880922d28a54b0891316d6a905554c1 c880922d28a54b0891316d6a905554c1] 10.0.0.173 "GET /resource_providers/fa4eeee3-4e5b-4c87-a954-031a4bd7caac/aggregates" status: 404 len: 235 microversion: 1.1 [pid: 8|app: 0|req: 521/1044] 10.0.0.173 () {32 vars in 816 bytes} [Tue Jul 14 18:52:21 2026] GET /resource_providers/fa4eeee3-4e5b-4c87-a954-031a4bd7caac/aggregates => generated 235 bytes in 9 msecs (HTTP/1.1 404) 5 headers in 202 bytes (1 switches on core 0)
2026-07-14 18:52:21.097 7 INFO placement.requestlog [None req-4bd1be41-43de-4bd8-b30a-2f719edf0d62 0f8821ad58be4735a2dc2179c070d9d7 3e579d71e3e8408582ca74431bb6573a - - c880922d28a54b0891316d6a905554c1 c880922d28a54b0891316d6a905554c1] 10.0.0.173 "GET /resource_providers/fa4eeee3-4e5b-4c87-a954-031a4bd7caac/aggregates" status: 404 len: 235 microversion: 1.1 [pid: 7|app: 0|req: 524/1045] 10.0.0.173 () {32 vars in 816 bytes} [Tue Jul 14 18:52:21 2026] GET /resource_providers/fa4eeee3-4e5b-4c87-a954-031a4bd7caac/aggregates => generated 235 bytes in 11 msecs (HTTP/1.1 404) 5 headers in 202 bytes (1 switches on core 0)
2026-07-14 18:52:21.113 8 INFO placement.requestlog [None req-8eaf83da-91ec-4008-89b5-58582fb70f3b 0f8821ad58be4735a2dc2179c070d9d7 3e579d71e3e8408582ca74431bb6573a - - c880922d28a54b0891316d6a905554c1 c880922d28a54b0891316d6a905554c1] 10.0.0.173 "DELETE /resource_providers/fa4eeee3-4e5b-4c87-a954-031a4bd7caac" status: 404 len: 246 microversion: 1.1 [pid: 8|app: 0|req: 522/1046] 10.0.0.173 () {34 vars in 816 bytes} [Tue Jul 14 18:52:21 2026] DELETE /resource_providers/fa4eeee3-4e5b-4c87-a954-031a4bd7caac => generated 246 bytes in 10 msecs (HTTP/1.1 404) 6 headers in 231 bytes (1 switches on core 0)
2026-07-14 18:52:21.121 7 INFO placement.requestlog [None req-ba8cb6a9-b157-45d3-b6c2-7346005b12fc 0f8821ad58be4735a2dc2179c070d9d7 3e579d71e3e8408582ca74431bb6573a - - c880922d28a54b0891316d6a905554c1 c880922d28a54b0891316d6a905554c1] 10.0.0.173 "DELETE /resource_providers/fa4eeee3-4e5b-4c87-a954-031a4bd7caac" status: 404 len: 246 microversion: 1.1 [pid: 7|app: 0|req: 525/1047] 10.0.0.173 () {34 vars in 816 bytes} [Tue Jul 14 18:52:21 2026] DELETE /resource_providers/fa4eeee3-4e5b-4c87-a954-031a4bd7caac => generated 246 bytes in 11 msecs (HTTP/1.1 404) 6 headers in 231 bytes (1 switches on core 0)
2026-07-14 18:52:22.443 8 INFO placement.requestlog [None req-0820322f-840e-45cd-aefd-534a20c6e958 0f8821ad58be4735a2dc2179c070d9d7 3e579d71e3e8408582ca74431bb6573a - - c880922d28a54b0891316d6a905554c1 c880922d28a54b0891316d6a905554c1] 10.0.0.173 "GET /resource_providers/e5dcd7c5-98d0-4bf8-83a2-051a2956e7ef/aggregates" status: 404 len: 235 microversion: 1.1 [pid: 8|app: 0|req: 523/1048] 10.0.0.173 () {32 vars in 816 bytes} [Tue Jul 14 18:52:22 2026] GET /resource_providers/e5dcd7c5-98d0-4bf8-83a2-051a2956e7ef/aggregates => generated 235 bytes in 11 msecs (HTTP/1.1 404) 5 headers in 202 bytes (1 switches on core 0)
2026-07-14 18:52:22.474 7 INFO placement.requestlog [None req-239302e2-7cb2-4f6e-896c-7a5c1281b666 0f8821ad58be4735a2dc2179c070d9d7 3e579d71e3e8408582ca74431bb6573a - - c880922d28a54b0891316d6a905554c1 c880922d28a54b0891316d6a905554c1] 10.0.0.173 "DELETE /resource_providers/e5dcd7c5-98d0-4bf8-83a2-051a2956e7ef" status: 404 len: 246 microversion: 1.1 [pid: 7|app: 0|req: 526/1049] 10.0.0.173 () {34 vars in 816 bytes} [Tue Jul 14 18:52:22 2026] DELETE /resource_providers/e5dcd7c5-98d0-4bf8-83a2-051a2956e7ef => generated 246 bytes in 16 msecs (HTTP/1.1 404) 6 headers in 231 bytes (1 switches on core 0)
2026-07-14 18:52:22.496 8 INFO placement.requestlog [None req-5961115f-7c2a-45bb-9f8f-98a833e55fd0 0f8821ad58be4735a2dc2179c070d9d7 3e579d71e3e8408582ca74431bb6573a - - c880922d28a54b0891316d6a905554c1 c880922d28a54b0891316d6a905554c1] 10.0.0.173 "GET /resource_providers/e23d37ad-5cf2-434a-a78b-0ad2259425ec/aggregates" status: 404 len: 235 microversion: 1.1 [pid: 8|app: 0|req: 524/1050] 10.0.0.173 () {32 vars in 816 bytes} [Tue Jul 14 18:52:22 2026] GET /resource_providers/e23d37ad-5cf2-434a-a78b-0ad2259425ec/aggregates => generated 235 bytes in 10 msecs (HTTP/1.1 404) 5 headers in 202 bytes (1 switches on core 0)
2026-07-14 18:52:22.516 7 INFO placement.requestlog [None req-c28f5836-201e-4fe2-9d35-46b2a5a0eb5f 0f8821ad58be4735a2dc2179c070d9d7 3e579d71e3e8408582ca74431bb6573a - - c880922d28a54b0891316d6a905554c1 c880922d28a54b0891316d6a905554c1] 10.0.0.173 "DELETE /resource_providers/e23d37ad-5cf2-434a-a78b-0ad2259425ec" status: 404 len: 246 microversion: 1.1 [pid: 7|app: 0|req: 527/1051] 10.0.0.173 () {34 vars in 816 bytes} [Tue Jul 14 18:52:22 2026] DELETE /resource_providers/e23d37ad-5cf2-434a-a78b-0ad2259425ec => generated 246 bytes in 11 msecs (HTTP/1.1 404) 6 headers in 231 bytes (1 switches on core 0)
2026-07-14 18:52:23.054 8 INFO placement.requestlog [None req-5a8f4cd8-c1f8-482a-bdad-7ee6d1d3d6e2 0f8821ad58be4735a2dc2179c070d9d7 3e579d71e3e8408582ca74431bb6573a - - c880922d28a54b0891316d6a905554c1 c880922d28a54b0891316d6a905554c1] 10.0.0.173 "GET /resource_providers/e5dcd7c5-98d0-4bf8-83a2-051a2956e7ef/aggregates" status: 404 len: 235 microversion: 1.1 [pid: 8|app: 0|req: 525/1052] 10.0.0.173 () {32 vars in 816 bytes} [Tue Jul 14 18:52:23 2026] GET /resource_providers/e5dcd7c5-98d0-4bf8-83a2-051a2956e7ef/aggregates => generated 235 bytes in 13 msecs (HTTP/1.1 404) 5 headers in 202 bytes (1 switches on core 0)
2026-07-14 18:52:23.070 7 INFO placement.requestlog [None req-4f48d27e-e8a0-4ed6-a12a-59a3bad49e82 0f8821ad58be4735a2dc2179c070d9d7 3e579d71e3e8408582ca74431bb6573a - - c880922d28a54b0891316d6a905554c1 c880922d28a54b0891316d6a905554c1] 10.0.0.173 "DELETE /resource_providers/e5dcd7c5-98d0-4bf8-83a2-051a2956e7ef" status: 404 len: 246 microversion: 1.1 [pid: 7|app: 0|req: 528/1053] 10.0.0.173 () {34 vars in 816 bytes} [Tue Jul 14 18:52:23 2026] DELETE /resource_providers/e5dcd7c5-98d0-4bf8-83a2-051a2956e7ef => generated 246 bytes in 9 msecs (HTTP/1.1 404) 6 headers in 231 bytes (1 switches on core 0)
2026-07-14 18:52:23.104 8 INFO placement.requestlog [None req-b3d5542c-90c7-44b3-ac97-f3e570b2727e 0f8821ad58be4735a2dc2179c070d9d7 3e579d71e3e8408582ca74431bb6573a - - c880922d28a54b0891316d6a905554c1 c880922d28a54b0891316d6a905554c1] 10.0.0.173 "GET /resource_providers/e23d37ad-5cf2-434a-a78b-0ad2259425ec/aggregates" status: 404 len: 235 microversion: 1.1 [pid: 8|app: 0|req: 526/1054] 10.0.0.173 () {32 vars in 816 bytes} [Tue Jul 14 18:52:23 2026] GET /resource_providers/e23d37ad-5cf2-434a-a78b-0ad2259425ec/aggregates => generated 235 bytes in 18 msecs (HTTP/1.1 404) 5 headers in 202 bytes (1 switches on core 0)
2026-07-14 18:52:23.130 7 INFO placement.requestlog [None req-641299b1-387d-4fda-b860-bad6e9b0d521 0f8821ad58be4735a2dc2179c070d9d7 3e579d71e3e8408582ca74431bb6573a - - c880922d28a54b0891316d6a905554c1 c880922d28a54b0891316d6a905554c1] 10.0.0.173 "DELETE /resource_providers/e23d37ad-5cf2-434a-a78b-0ad2259425ec" status: 404 len: 246 microversion: 1.1 [pid: 7|app: 0|req: 529/1055] 10.0.0.173 () {34 vars in 816 bytes} [Tue Jul 14 18:52:23 2026] DELETE /resource_providers/e23d37ad-5cf2-434a-a78b-0ad2259425ec => generated 246 bytes in 16 msecs (HTTP/1.1 404) 6 headers in 231 bytes (1 switches on core 0)
2026-07-14 18:52:24.264 8 INFO placement.requestlog [None req-9e42896d-e92c-4744-92f7-a211bcdf0e41 0f8821ad58be4735a2dc2179c070d9d7 3e579d71e3e8408582ca74431bb6573a - - c880922d28a54b0891316d6a905554c1 c880922d28a54b0891316d6a905554c1] 10.0.0.173 "GET /resource_providers/24609b1d-ae4b-4cb4-b121-e6d5309bb580/aggregates" status: 404 len: 235 microversion: 1.1 [pid: 8|app: 0|req: 527/1056] 10.0.0.173 () {32 vars in 816 bytes} [Tue Jul 14 18:52:24 2026] GET /resource_providers/24609b1d-ae4b-4cb4-b121-e6d5309bb580/aggregates => generated 235 bytes in 12 msecs (HTTP/1.1 404) 5 headers in 202 bytes (1 switches on core 0)
2026-07-14 18:52:24.264 7 INFO placement.requestlog [None req-2f06812d-e495-4550-88e1-ee28f00636ca 0f8821ad58be4735a2dc2179c070d9d7 3e579d71e3e8408582ca74431bb6573a - - c880922d28a54b0891316d6a905554c1 c880922d28a54b0891316d6a905554c1] 10.0.0.173 "GET /resource_providers/24609b1d-ae4b-4cb4-b121-e6d5309bb580/aggregates" status: 404 len: 235 microversion: 1.1 [pid: 7|app: 0|req: 530/1057] 10.0.0.173 () {32 vars in 816 bytes} [Tue Jul 14 18:52:24 2026] GET /resource_providers/24609b1d-ae4b-4cb4-b121-e6d5309bb580/aggregates => generated 235 bytes in 11 msecs (HTTP/1.1 404) 5 headers in 202 bytes (1 switches on core 0)
2026-07-14 18:52:24.297 8 INFO placement.requestlog [None req-bce5da1a-744b-4589-b5a6-66ae0943ac09 0f8821ad58be4735a2dc2179c070d9d7 3e579d71e3e8408582ca74431bb6573a - - c880922d28a54b0891316d6a905554c1 c880922d28a54b0891316d6a905554c1] 10.0.0.173 "DELETE /resource_providers/24609b1d-ae4b-4cb4-b121-e6d5309bb580" status: 404 len: 246 microversion: 1.1 [pid: 8|app: 0|req: 528/1058] 10.0.0.173 () {34 vars in 816 bytes} [Tue Jul 14 18:52:24 2026] DELETE /resource_providers/24609b1d-ae4b-4cb4-b121-e6d5309bb580 => generated 246 bytes in 13 msecs (HTTP/1.1 404) 6 headers in 231 bytes (1 switches on core 0)
2026-07-14 18:52:24.311 7 INFO placement.requestlog [None req-ac00980b-635f-42b3-b34d-727914e4c000 0f8821ad58be4735a2dc2179c070d9d7 3e579d71e3e8408582ca74431bb6573a - - c880922d28a54b0891316d6a905554c1 c880922d28a54b0891316d6a905554c1] 10.0.0.173 "DELETE /resource_providers/24609b1d-ae4b-4cb4-b121-e6d5309bb580" status: 404 len: 246 microversion: 1.1 [pid: 7|app: 0|req: 531/1059] 10.0.0.173 () {34 vars in 816 bytes} [Tue Jul 14 18:52:24 2026] DELETE /resource_providers/24609b1d-ae4b-4cb4-b121-e6d5309bb580 => generated 246 bytes in 27 msecs (HTTP/1.1 404) 6 headers in 231 bytes (1 switches on core 0)
2026-07-14 18:52:26.315 8 INFO placement.requestlog [None req-388fbaa7-034a-4825-aadc-166c97cebd69 0f8821ad58be4735a2dc2179c070d9d7 3e579d71e3e8408582ca74431bb6573a - - c880922d28a54b0891316d6a905554c1 c880922d28a54b0891316d6a905554c1] 10.0.0.173 "GET /resource_providers/9a7b6bab-32e9-4ec5-8496-768fb1b16e63/aggregates" status: 404 len: 235 microversion: 1.1 [pid: 8|app: 0|req: 529/1060] 10.0.0.173 () {32 vars in 816 bytes} [Tue Jul 14 18:52:26 2026] GET /resource_providers/9a7b6bab-32e9-4ec5-8496-768fb1b16e63/aggregates => generated 235 bytes in 7 msecs (HTTP/1.1 404) 5 headers in 202 bytes (1 switches on core 0)
2026-07-14 18:52:26.352 8 INFO placement.requestlog [None req-4b33d310-feba-40e6-850d-84337d8122f3 0f8821ad58be4735a2dc2179c070d9d7 3e579d71e3e8408582ca74431bb6573a - - c880922d28a54b0891316d6a905554c1 c880922d28a54b0891316d6a905554c1] 10.0.0.173 "DELETE /resource_providers/9a7b6bab-32e9-4ec5-8496-768fb1b16e63" status: 404 len: 246 microversion: 1.1 [pid: 8|app: 0|req: 530/1061] 10.0.0.173 () {34 vars in 816 bytes} [Tue Jul 14 18:52:26 2026] DELETE /resource_providers/9a7b6bab-32e9-4ec5-8496-768fb1b16e63 => generated 246 bytes in 13 msecs (HTTP/1.1 404) 6 headers in 231 bytes (1 switches on core 0)
2026-07-14 18:52:26.355 7 INFO placement.requestlog [None req-209cfbb7-8ac5-4eac-99b2-ffdd663752ec 0f8821ad58be4735a2dc2179c070d9d7 3e579d71e3e8408582ca74431bb6573a - - c880922d28a54b0891316d6a905554c1 c880922d28a54b0891316d6a905554c1] 10.0.0.173 "GET /resource_providers/9a7b6bab-32e9-4ec5-8496-768fb1b16e63/aggregates" status: 404 len: 235 microversion: 1.1 [pid: 7|app: 0|req: 532/1062] 10.0.0.173 () {32 vars in 816 bytes} [Tue Jul 14 18:52:26 2026] GET /resource_providers/9a7b6bab-32e9-4ec5-8496-768fb1b16e63/aggregates => generated 235 bytes in 19 msecs (HTTP/1.1 404) 5 headers in 202 bytes (1 switches on core 0)
2026-07-14 18:52:26.382 8 INFO placement.requestlog [None req-128fc234-6cc6-44ed-814b-3f12ee520b25 0f8821ad58be4735a2dc2179c070d9d7 3e579d71e3e8408582ca74431bb6573a - - c880922d28a54b0891316d6a905554c1 c880922d28a54b0891316d6a905554c1] 10.0.0.173 "DELETE /resource_providers/9a7b6bab-32e9-4ec5-8496-768fb1b16e63" status: 404 len: 246 microversion: 1.1 [pid: 8|app: 0|req: 531/1063] 10.0.0.173 () {34 vars in 816 bytes} [Tue Jul 14 18:52:26 2026] DELETE /resource_providers/9a7b6bab-32e9-4ec5-8496-768fb1b16e63 => generated 246 bytes in 14 msecs (HTTP/1.1 404) 6 headers in 231 bytes (1 switches on core 0)
2026-07-14 18:52:29.168 7 INFO placement.requestlog [None req-4c4de8b7-1fcd-44ae-8a70-01c5a7b422b7 0f8821ad58be4735a2dc2179c070d9d7 3e579d71e3e8408582ca74431bb6573a - - c880922d28a54b0891316d6a905554c1 c880922d28a54b0891316d6a905554c1] 10.0.0.173 "GET /resource_providers/246720de-7860-4761-ba10-df9864ca49e8/aggregates" status: 404 len: 235 microversion: 1.1 [pid: 7|app: 0|req: 533/1064] 10.0.0.173 () {32 vars in 816 bytes} [Tue Jul 14 18:52:29 2026] GET /resource_providers/246720de-7860-4761-ba10-df9864ca49e8/aggregates => generated 235 bytes in 10 msecs (HTTP/1.1 404) 5 headers in 202 bytes (1 switches on core 0)
2026-07-14 18:52:29.181 8 INFO placement.requestlog [None req-8dfd6046-e7bd-4db7-9f2c-5d14cf7b4aa1 0f8821ad58be4735a2dc2179c070d9d7 3e579d71e3e8408582ca74431bb6573a - - c880922d28a54b0891316d6a905554c1 c880922d28a54b0891316d6a905554c1] 10.0.0.173 "GET /resource_providers/246720de-7860-4761-ba10-df9864ca49e8/aggregates" status: 404 len: 235 microversion: 1.1 [pid: 8|app: 0|req: 532/1065] 10.0.0.173 () {32 vars in 816 bytes} [Tue Jul 14 18:52:29 2026] GET /resource_providers/246720de-7860-4761-ba10-df9864ca49e8/aggregates => generated 235 bytes in 21 msecs (HTTP/1.1 404) 5 headers in 202 bytes (1 switches on core 0)
2026-07-14 18:52:29.199 7 INFO placement.requestlog [None req-a6d96ba1-f078-4670-a3dd-86cf3ba40c91 0f8821ad58be4735a2dc2179c070d9d7 3e579d71e3e8408582ca74431bb6573a - - c880922d28a54b0891316d6a905554c1 c880922d28a54b0891316d6a905554c1] 10.0.0.173 "DELETE /resource_providers/246720de-7860-4761-ba10-df9864ca49e8" status: 404 len: 246 microversion: 1.1 [pid: 7|app: 0|req: 534/1066] 10.0.0.173 () {34 vars in 816 bytes} [Tue Jul 14 18:52:29 2026] DELETE /resource_providers/246720de-7860-4761-ba10-df9864ca49e8 => generated 246 bytes in 6 msecs (HTTP/1.1 404) 6 headers in 231 bytes (1 switches on core 0)
2026-07-14 18:52:29.216 8 INFO placement.requestlog [None req-ab8a95b6-5f43-4976-ad41-90ea0d3fbfde 0f8821ad58be4735a2dc2179c070d9d7 3e579d71e3e8408582ca74431bb6573a - - c880922d28a54b0891316d6a905554c1 c880922d28a54b0891316d6a905554c1] 10.0.0.173 "DELETE /resource_providers/246720de-7860-4761-ba10-df9864ca49e8" status: 404 len: 246 microversion: 1.1 [pid: 8|app: 0|req: 533/1067] 10.0.0.173 () {34 vars in 816 bytes} [Tue Jul 14 18:52:29 2026] DELETE /resource_providers/246720de-7860-4761-ba10-df9864ca49e8 => generated 246 bytes in 18 msecs (HTTP/1.1 404) 6 headers in 231 bytes (1 switches on core 0)
2026-07-14 18:52:29.547 7 INFO placement.requestlog [None req-2ebd5a43-3518-4bc3-97ab-f72b5f2ec6e5 - - - - - -] 10.0.0.115 "GET /" status: 200 len: 136 microversion: 1.0
2026-07-14 18:52:29.549 8 INFO placement.requestlog [None req-b3377c69-7519-4103-b1e9-ac7c57f770b3 - - - - - -] 10.0.0.115 "GET /" status: 200 len: 136 microversion: 1.0
2026-07-14 18:52:31.228 7 INFO placement.requestlog [None req-7a7f3d94-94db-498c-9324-2be674a1227f 0f8821ad58be4735a2dc2179c070d9d7 3e579d71e3e8408582ca74431bb6573a - - c880922d28a54b0891316d6a905554c1 c880922d28a54b0891316d6a905554c1] 10.0.0.173 "GET /resource_providers/7446b848-ba43-4343-af2d-739f8a53bcca/aggregates" status: 404 len: 235 microversion: 1.1 [pid: 7|app: 0|req: 536/1070] 10.0.0.173 () {32 vars in 816 bytes} [Tue Jul 14 18:52:31 2026] GET /resource_providers/7446b848-ba43-4343-af2d-739f8a53bcca/aggregates => generated 235 bytes in 16 msecs (HTTP/1.1 404) 5 headers in 202 bytes (1 switches on core 0)
2026-07-14 18:52:31.251 8 INFO placement.requestlog [None req-a7cfd879-1e22-49c1-81e8-629662107c90 0f8821ad58be4735a2dc2179c070d9d7 3e579d71e3e8408582ca74431bb6573a - - c880922d28a54b0891316d6a905554c1 c880922d28a54b0891316d6a905554c1] 10.0.0.173 "GET /resource_providers/7446b848-ba43-4343-af2d-739f8a53bcca/aggregates" status: 404 len: 235 microversion: 1.1 [pid: 8|app: 0|req: 535/1071] 10.0.0.173 () {32 vars in 816 bytes} [Tue Jul 14 18:52:31 2026] GET /resource_providers/7446b848-ba43-4343-af2d-739f8a53bcca/aggregates => generated 235 bytes in 24 msecs (HTTP/1.1 404) 5 headers in 202 bytes (1 switches on core 0)
2026-07-14 18:52:31.252 7 INFO placement.requestlog [None req-bda7692a-7c8b-43e2-ac1b-4ed20b451546 0f8821ad58be4735a2dc2179c070d9d7 3e579d71e3e8408582ca74431bb6573a - - c880922d28a54b0891316d6a905554c1 c880922d28a54b0891316d6a905554c1] 10.0.0.173 "DELETE /resource_providers/7446b848-ba43-4343-af2d-739f8a53bcca" status: 404 len: 246 microversion: 1.1 [pid: 7|app: 0|req: 537/1072] 10.0.0.173 () {34 vars in 816 bytes} [Tue Jul 14 18:52:31 2026] DELETE /resource_providers/7446b848-ba43-4343-af2d-739f8a53bcca => generated 246 bytes in 16 msecs (HTTP/1.1 404) 6 headers in 231 bytes (1 switches on core 0)
2026-07-14 18:52:31.270 8 INFO placement.requestlog [None req-87d54cb3-a142-4429-8c89-311270822a45 0f8821ad58be4735a2dc2179c070d9d7 3e579d71e3e8408582ca74431bb6573a - - c880922d28a54b0891316d6a905554c1 c880922d28a54b0891316d6a905554c1] 10.0.0.173 "DELETE /resource_providers/7446b848-ba43-4343-af2d-739f8a53bcca" status: 404 len: 246 microversion: 1.1 [pid: 8|app: 0|req: 536/1073] 10.0.0.173 () {34 vars in 816 bytes} [Tue Jul 14 18:52:31 2026] DELETE /resource_providers/7446b848-ba43-4343-af2d-739f8a53bcca => generated 246 bytes in 14 msecs (HTTP/1.1 404) 6 headers in 231 bytes (1 switches on core 0)
2026-07-14 18:52:36.776 7 INFO placement.requestlog [None req-b703c41a-d219-44d1-8099-a2037fac781d 0f8821ad58be4735a2dc2179c070d9d7 3e579d71e3e8408582ca74431bb6573a - - c880922d28a54b0891316d6a905554c1 c880922d28a54b0891316d6a905554c1] 10.0.0.173 "GET /resource_providers/85b3e20e-61d2-4249-ad38-9a174fef348c/aggregates" status: 404 len: 235 microversion: 1.1 [pid: 7|app: 0|req: 538/1074] 10.0.0.173 () {32 vars in 816 bytes} [Tue Jul 14 18:52:36 2026] GET /resource_providers/85b3e20e-61d2-4249-ad38-9a174fef348c/aggregates => generated 235 bytes in 17 msecs (HTTP/1.1 404) 5 headers in 202 bytes (1 switches on core 0)
2026-07-14 18:52:36.784 8 INFO placement.requestlog [None req-37e6415b-c720-473b-9c42-f8cf2d613a58 0f8821ad58be4735a2dc2179c070d9d7 3e579d71e3e8408582ca74431bb6573a - - c880922d28a54b0891316d6a905554c1 c880922d28a54b0891316d6a905554c1] 10.0.0.173 "GET /resource_providers/85b3e20e-61d2-4249-ad38-9a174fef348c/aggregates" status: 404 len: 235 microversion: 1.1 [pid: 8|app: 0|req: 537/1075] 10.0.0.173 () {32 vars in 816 bytes} [Tue Jul 14 18:52:36 2026] GET /resource_providers/85b3e20e-61d2-4249-ad38-9a174fef348c/aggregates => generated 235 bytes in 19 msecs (HTTP/1.1 404) 5 headers in 202 bytes (1 switches on core 0)
2026-07-14 18:52:36.811 8 INFO placement.requestlog [None req-4128173c-ef8d-4eb2-946d-076dd1260666 0f8821ad58be4735a2dc2179c070d9d7 3e579d71e3e8408582ca74431bb6573a - - c880922d28a54b0891316d6a905554c1 c880922d28a54b0891316d6a905554c1] 10.0.0.173 "DELETE /resource_providers/85b3e20e-61d2-4249-ad38-9a174fef348c" status: 404 len: 246 microversion: 1.1 [pid: 8|app: 0|req: 538/1076] 10.0.0.173 () {34 vars in 816 bytes} [Tue Jul 14 18:52:36 2026] DELETE /resource_providers/85b3e20e-61d2-4249-ad38-9a174fef348c => generated 246 bytes in 14 msecs (HTTP/1.1 404) 6 headers in 231 bytes (1 switches on core 0)
2026-07-14 18:52:36.811 7 INFO placement.requestlog [None req-ed1f5264-b9ec-46cf-b445-739bf7d8be1a 0f8821ad58be4735a2dc2179c070d9d7 3e579d71e3e8408582ca74431bb6573a - - c880922d28a54b0891316d6a905554c1 c880922d28a54b0891316d6a905554c1] 10.0.0.173 "DELETE /resource_providers/85b3e20e-61d2-4249-ad38-9a174fef348c" status: 404 len: 246 microversion: 1.1 [pid: 7|app: 0|req: 539/1077] 10.0.0.173 () {34 vars in 816 bytes} [Tue Jul 14 18:52:36 2026] DELETE /resource_providers/85b3e20e-61d2-4249-ad38-9a174fef348c => generated 246 bytes in 16 msecs (HTTP/1.1 404) 6 headers in 231 bytes (1 switches on core 0)
2026-07-14 18:52:38.837 7 INFO placement.requestlog [None req-a746993f-5e25-4dfc-b09c-ca533098908a 0f8821ad58be4735a2dc2179c070d9d7 3e579d71e3e8408582ca74431bb6573a - - c880922d28a54b0891316d6a905554c1 c880922d28a54b0891316d6a905554c1] 10.0.0.173 "GET /resource_providers/6bb09d73-d0df-4d8b-952b-0e12ea3140d5/aggregates" status: 404 len: 235 microversion: 1.1 [pid: 7|app: 0|req: 540/1078] 10.0.0.173 () {32 vars in 816 bytes} [Tue Jul 14 18:52:38 2026] GET /resource_providers/6bb09d73-d0df-4d8b-952b-0e12ea3140d5/aggregates => generated 235 bytes in 14 msecs (HTTP/1.1 404) 5 headers in 202 bytes (1 switches on core 0)
2026-07-14 18:52:38.850 8 INFO placement.requestlog [None req-3f33e76c-ba19-4eb6-a0ee-1565a47f2588 0f8821ad58be4735a2dc2179c070d9d7 3e579d71e3e8408582ca74431bb6573a - - c880922d28a54b0891316d6a905554c1 c880922d28a54b0891316d6a905554c1] 10.0.0.173 "GET /resource_providers/6bb09d73-d0df-4d8b-952b-0e12ea3140d5/aggregates" status: 404 len: 235 microversion: 1.1 [pid: 8|app: 0|req: 539/1079] 10.0.0.173 () {32 vars in 816 bytes} [Tue Jul 14 18:52:38 2026] GET /resource_providers/6bb09d73-d0df-4d8b-952b-0e12ea3140d5/aggregates => generated 235 bytes in 31 msecs (HTTP/1.1 404) 5 headers in 202 bytes (1 switches on core 0)
2026-07-14 18:52:38.857 7 INFO placement.requestlog [None req-68782056-a71a-490e-b110-43c7694569fb 0f8821ad58be4735a2dc2179c070d9d7 3e579d71e3e8408582ca74431bb6573a - - c880922d28a54b0891316d6a905554c1 c880922d28a54b0891316d6a905554c1] 10.0.0.173 "DELETE /resource_providers/6bb09d73-d0df-4d8b-952b-0e12ea3140d5" status: 404 len: 246 microversion: 1.1 [pid: 7|app: 0|req: 541/1080] 10.0.0.173 () {34 vars in 816 bytes} [Tue Jul 14 18:52:38 2026] DELETE /resource_providers/6bb09d73-d0df-4d8b-952b-0e12ea3140d5 => generated 246 bytes in 11 msecs (HTTP/1.1 404) 6 headers in 231 bytes (1 switches on core 0)
2026-07-14 18:52:38.876 8 INFO placement.requestlog [None req-34d18ee6-74f0-4f9d-b6b0-e6fc3024421d 0f8821ad58be4735a2dc2179c070d9d7 3e579d71e3e8408582ca74431bb6573a - - c880922d28a54b0891316d6a905554c1 c880922d28a54b0891316d6a905554c1] 10.0.0.173 "DELETE /resource_providers/6bb09d73-d0df-4d8b-952b-0e12ea3140d5" status: 404 len: 246 microversion: 1.1 [pid: 8|app: 0|req: 540/1081] 10.0.0.173 () {34 vars in 816 bytes} [Tue Jul 14 18:52:38 2026] DELETE /resource_providers/6bb09d73-d0df-4d8b-952b-0e12ea3140d5 => generated 246 bytes in 17 msecs (HTTP/1.1 404) 6 headers in 231 bytes (1 switches on core 0)
2026-07-14 18:52:39.545 7 INFO placement.requestlog [None req-2f51e2a6-7cb8-48db-b8fd-2f9db52de51c - - - - - -] 10.0.0.115 "GET /" status: 200 len: 136 microversion: 1.0
2026-07-14 18:52:39.547 8 INFO placement.requestlog [None req-a1e54908-aad0-4dad-86a2-50ef86b867d8 - - - - - -] 10.0.0.115 "GET /" status: 200 len: 136 microversion: 1.0
2026-07-14 18:52:41.435 7 INFO placement.requestlog [req-79b5052a-f397-4560-bed1-5db64247f724 req-d4a29c51-0d51-4770-9b11-8e5253d77c08 05f8750282224c64b69459af9b7b3f1a 3e579d71e3e8408582ca74431bb6573a - - c880922d28a54b0891316d6a905554c1 c880922d28a54b0891316d6a905554c1] 199.204.45.4 "GET /resource_providers/4709122f-a091-4886-937d-b2bb89075ca2/allocations" status: 200 len: 55 microversion: 1.0 [pid: 7|app: 0|req: 543/1084] 199.204.45.4 () {32 vars in 855 bytes} [Tue Jul 14 18:52:41 2026] GET /resource_providers/4709122f-a091-4886-937d-b2bb89075ca2/allocations => generated 55 bytes in 258 msecs (HTTP/1.1 200) 6 headers in 223 bytes (1 switches on core 0)
2026-07-14 18:52:41.463 8 INFO placement.requestlog [req-79b5052a-f397-4560-bed1-5db64247f724 req-69170555-0a0c-4d3d-94d8-49b2bb845f60 05f8750282224c64b69459af9b7b3f1a 3e579d71e3e8408582ca74431bb6573a - - c880922d28a54b0891316d6a905554c1 c880922d28a54b0891316d6a905554c1] 199.204.45.4 "GET /resource_providers?in_tree=4709122f-a091-4886-937d-b2bb89075ca2" status: 200 len: 798 microversion: 1.14 [pid: 8|app: 0|req: 542/1085] 199.204.45.4 () {34 vars in 890 bytes} [Tue Jul 14 18:52:41 2026] GET /resource_providers?in_tree=4709122f-a091-4886-937d-b2bb89075ca2 => generated 798 bytes in 18 msecs (HTTP/1.1 200) 6 headers in 225 bytes (1 switches on core 0)
2026-07-14 18:52:41.495 7 INFO placement.requestlog [req-79b5052a-f397-4560-bed1-5db64247f724 req-8ff0a8bc-1bc6-4bce-8cb0-0c9456524559 05f8750282224c64b69459af9b7b3f1a 3e579d71e3e8408582ca74431bb6573a - - c880922d28a54b0891316d6a905554c1 c880922d28a54b0891316d6a905554c1] 199.204.45.4 "GET /resource_providers/4709122f-a091-4886-937d-b2bb89075ca2/inventories" status: 200 len: 401 microversion: 1.0 [pid: 7|app: 0|req: 544/1086] 199.204.45.4 () {32 vars in 855 bytes} [Tue Jul 14 18:52:41 2026] GET /resource_providers/4709122f-a091-4886-937d-b2bb89075ca2/inventories => generated 401 bytes in 26 msecs (HTTP/1.1 200) 6 headers in 224 bytes (1 switches on core 0)
2026-07-14 18:52:41.517 8 INFO placement.requestlog [req-79b5052a-f397-4560-bed1-5db64247f724 req-e29a1cab-b976-4460-bd7d-d4db723f7013 05f8750282224c64b69459af9b7b3f1a 3e579d71e3e8408582ca74431bb6573a - - c880922d28a54b0891316d6a905554c1 c880922d28a54b0891316d6a905554c1] 199.204.45.4 "GET /resource_providers/4709122f-a091-4886-937d-b2bb89075ca2/aggregates" status: 200 len: 54 microversion: 1.19 [pid: 8|app: 0|req: 543/1087] 199.204.45.4 () {34 vars in 897 bytes} [Tue Jul 14 18:52:41 2026] GET /resource_providers/4709122f-a091-4886-937d-b2bb89075ca2/aggregates => generated 54 bytes in 13 msecs (HTTP/1.1 200) 8 headers in 295 bytes (1 switches on core 0)
2026-07-14 18:52:41.548 7 INFO placement.requestlog [req-79b5052a-f397-4560-bed1-5db64247f724 req-60162eea-ebd3-4aca-abed-fef9ab9b7377 05f8750282224c64b69459af9b7b3f1a 3e579d71e3e8408582ca74431bb6573a - - c880922d28a54b0891316d6a905554c1 c880922d28a54b0891316d6a905554c1] 199.204.45.4 "GET /resource_providers/4709122f-a091-4886-937d-b2bb89075ca2/traits" status: 200 len: 1683 microversion: 1.6 [pid: 7|app: 0|req: 545/1088] 199.204.45.4 () {34 vars in 888 bytes} [Tue Jul 14 18:52:41 2026] GET /resource_providers/4709122f-a091-4886-937d-b2bb89075ca2/traits => generated 1683 bytes in 21 msecs (HTTP/1.1 200) 6 headers in 225 bytes (1 switches on core 0)
2026-07-14 18:52:41.568 8 INFO placement.requestlog [req-79b5052a-f397-4560-bed1-5db64247f724 req-22679558-2400-4a5e-b638-55f941cf7e50 05f8750282224c64b69459af9b7b3f1a 3e579d71e3e8408582ca74431bb6573a - - c880922d28a54b0891316d6a905554c1 c880922d28a54b0891316d6a905554c1] 199.204.45.4 "GET /resource_providers/4709122f-a091-4886-937d-b2bb89075ca2/allocations" status: 200 len: 55 microversion: 1.0 [pid: 8|app: 0|req: 544/1089] 199.204.45.4 () {32 vars in 855 bytes} [Tue Jul 14 18:52:41 2026] GET /resource_providers/4709122f-a091-4886-937d-b2bb89075ca2/allocations => generated 55 bytes in 11 msecs (HTTP/1.1 200) 6 headers in 223 bytes (1 switches on core 0)
2026-07-14 18:52:45.362 7 INFO placement.requestlog [None req-c5da4147-8392-47d7-8735-62805792853c 0f8821ad58be4735a2dc2179c070d9d7 3e579d71e3e8408582ca74431bb6573a - - c880922d28a54b0891316d6a905554c1 c880922d28a54b0891316d6a905554c1] 10.0.0.173 "GET /resource_providers/199a90d4-30e2-4661-b57a-1128d7fd6815/aggregates" status: 404 len: 235 microversion: 1.1 [pid: 7|app: 0|req: 546/1090] 10.0.0.173 () {32 vars in 816 bytes} [Tue Jul 14 18:52:45 2026] GET /resource_providers/199a90d4-30e2-4661-b57a-1128d7fd6815/aggregates => generated 235 bytes in 13 msecs (HTTP/1.1 404) 5 headers in 202 bytes (1 switches on core 0)
2026-07-14 18:52:45.369 8 INFO placement.requestlog [None req-8b4c63fa-2b7f-4adb-b5d3-5c597a819e69 0f8821ad58be4735a2dc2179c070d9d7 3e579d71e3e8408582ca74431bb6573a - - c880922d28a54b0891316d6a905554c1 c880922d28a54b0891316d6a905554c1] 10.0.0.173 "GET /resource_providers/199a90d4-30e2-4661-b57a-1128d7fd6815/aggregates" status: 404 len: 235 microversion: 1.1 [pid: 8|app: 0|req: 545/1091] 10.0.0.173 () {32 vars in 816 bytes} [Tue Jul 14 18:52:45 2026] GET /resource_providers/199a90d4-30e2-4661-b57a-1128d7fd6815/aggregates => generated 235 bytes in 19 msecs (HTTP/1.1 404) 5 headers in 202 bytes (1 switches on core 0)
2026-07-14 18:52:45.396 7 INFO placement.requestlog [None req-64859273-590b-4fd5-adde-cffaaa278682 0f8821ad58be4735a2dc2179c070d9d7 3e579d71e3e8408582ca74431bb6573a - - c880922d28a54b0891316d6a905554c1 c880922d28a54b0891316d6a905554c1] 10.0.0.173 "DELETE /resource_providers/199a90d4-30e2-4661-b57a-1128d7fd6815" status: 404 len: 246 microversion: 1.1 [pid: 7|app: 0|req: 547/1092] 10.0.0.173 () {34 vars in 816 bytes} [Tue Jul 14 18:52:45 2026] DELETE /resource_providers/199a90d4-30e2-4661-b57a-1128d7fd6815 => generated 246 bytes in 13 msecs (HTTP/1.1 404) 6 headers in 231 bytes (1 switches on core 0)
2026-07-14 18:52:45.399 8 INFO placement.requestlog [None req-414be18a-b4a5-4627-b0a7-b0821f518763 0f8821ad58be4735a2dc2179c070d9d7 3e579d71e3e8408582ca74431bb6573a - - c880922d28a54b0891316d6a905554c1 c880922d28a54b0891316d6a905554c1] 10.0.0.173 "DELETE /resource_providers/199a90d4-30e2-4661-b57a-1128d7fd6815" status: 404 len: 246 microversion: 1.1 [pid: 8|app: 0|req: 546/1093] 10.0.0.173 () {34 vars in 816 bytes} [Tue Jul 14 18:52:45 2026] DELETE /resource_providers/199a90d4-30e2-4661-b57a-1128d7fd6815 => generated 246 bytes in 13 msecs (HTTP/1.1 404) 6 headers in 231 bytes (1 switches on core 0)
2026-07-14 18:52:48.744 7 INFO placement.requestlog [req-d7e090bb-a509-48da-814e-9e965710bc14 req-489e61ef-08ad-4b52-93b2-9b98038b1d7e 05f8750282224c64b69459af9b7b3f1a 3e579d71e3e8408582ca74431bb6573a - - c880922d28a54b0891316d6a905554c1 c880922d28a54b0891316d6a905554c1] 10.0.0.94 "GET /allocation_candidates?limit=1000&resources=DISK_GB%3A1%2CMEMORY_MB%3A512%2CVCPU%3A1&root_required=%21COMPUTE_STATUS_DISABLED" status: 200 len: 2147 microversion: 1.36 [pid: 7|app: 0|req: 548/1094] 10.0.0.94 () {34 vars in 1011 bytes} [Tue Jul 14 18:52:48 2026] GET /allocation_candidates?limit=1000&resources=DISK_GB%3A1%2CMEMORY_MB%3A512%2CVCPU%3A1&root_required=%21COMPUTE_STATUS_DISABLED => generated 2147 bytes in 54 msecs (HTTP/1.1 200) 8 headers in 297 bytes (1 switches on core 0)
2026-07-14 18:52:48.774 8 INFO placement.requestlog [req-d7e090bb-a509-48da-814e-9e965710bc14 req-7d82ff71-5924-4810-ba1d-31d64162dbac 05f8750282224c64b69459af9b7b3f1a 3e579d71e3e8408582ca74431bb6573a - - c880922d28a54b0891316d6a905554c1 c880922d28a54b0891316d6a905554c1] 10.0.0.94 "GET /allocations/9d7d7a70-0e7a-4cea-b20c-d59525352381" status: 200 len: 19 microversion: 1.28 [pid: 8|app: 0|req: 547/1095] 10.0.0.94 () {34 vars in 860 bytes} [Tue Jul 14 18:52:48 2026] GET /allocations/9d7d7a70-0e7a-4cea-b20c-d59525352381 => generated 19 bytes in 10 msecs (HTTP/1.1 200) 8 headers in 295 bytes (1 switches on core 0)
2026-07-14 18:52:48.855 7 INFO placement.requestlog [req-d7e090bb-a509-48da-814e-9e965710bc14 req-e5ceadce-8606-435b-bba7-9fbbaeccadcd 05f8750282224c64b69459af9b7b3f1a 3e579d71e3e8408582ca74431bb6573a - - c880922d28a54b0891316d6a905554c1 c880922d28a54b0891316d6a905554c1] 10.0.0.94 "PUT /allocations/9d7d7a70-0e7a-4cea-b20c-d59525352381" status: 204 len: 0 microversion: 1.36 [pid: 7|app: 0|req: 549/1096] 10.0.0.94 () {38 vars in 913 bytes} [Tue Jul 14 18:52:48 2026] PUT /allocations/9d7d7a70-0e7a-4cea-b20c-d59525352381 => generated 0 bytes in 73 msecs (HTTP/1.1 204) 5 headers in 199 bytes (1 switches on core 0)
2026-07-14 18:52:49.142 8 INFO placement.requestlog [req-d7e090bb-a509-48da-814e-9e965710bc14 req-6cc508d2-9ccf-4420-84bf-aa04db4111f7 05f8750282224c64b69459af9b7b3f1a 3e579d71e3e8408582ca74431bb6573a - - c880922d28a54b0891316d6a905554c1 c880922d28a54b0891316d6a905554c1] 199.204.45.4 "GET /allocations/9d7d7a70-0e7a-4cea-b20c-d59525352381" status: 200 len: 258 microversion: 1.28 [pid: 8|app: 0|req: 548/1097] 199.204.45.4 () {34 vars in 861 bytes} [Tue Jul 14 18:52:49 2026] GET /allocations/9d7d7a70-0e7a-4cea-b20c-d59525352381 => generated 258 bytes in 17 msecs (HTTP/1.1 200) 8 headers in 296 bytes (1 switches on core 0)
2026-07-14 18:52:49.234 7 INFO placement.requestlog [req-d7e090bb-a509-48da-814e-9e965710bc14 req-810c374f-735c-4215-ba0d-5b1e9801382d 05f8750282224c64b69459af9b7b3f1a 3e579d71e3e8408582ca74431bb6573a - - c880922d28a54b0891316d6a905554c1 c880922d28a54b0891316d6a905554c1] 199.204.45.4 "GET /resource_providers/4709122f-a091-4886-937d-b2bb89075ca2/allocations" status: 200 len: 153 microversion: 1.0 [pid: 7|app: 0|req: 550/1098] 199.204.45.4 () {32 vars in 855 bytes} [Tue Jul 14 18:52:49 2026] GET /resource_providers/4709122f-a091-4886-937d-b2bb89075ca2/allocations => generated 153 bytes in 22 msecs (HTTP/1.1 200) 6 headers in 224 bytes (1 switches on core 0)
2026-07-14 18:52:49.255 8 INFO placement.requestlog [req-d7e090bb-a509-48da-814e-9e965710bc14 req-df7c40cd-dd8c-48fc-b651-e28f99ba298b 05f8750282224c64b69459af9b7b3f1a 3e579d71e3e8408582ca74431bb6573a - - c880922d28a54b0891316d6a905554c1 c880922d28a54b0891316d6a905554c1] 199.204.45.4 "GET /allocations/9d7d7a70-0e7a-4cea-b20c-d59525352381" status: 200 len: 258 microversion: 1.28 [pid: 8|app: 0|req: 549/1099] 199.204.45.4 () {34 vars in 861 bytes} [Tue Jul 14 18:52:49 2026] GET /allocations/9d7d7a70-0e7a-4cea-b20c-d59525352381 => generated 258 bytes in 15 msecs (HTTP/1.1 200) 8 headers in 296 bytes (1 switches on core 0)
2026-07-14 18:52:49.546 7 INFO placement.requestlog [None req-01542206-5d2b-429d-89be-0c0367c32cdd - - - - - -] 10.0.0.115 "GET /" status: 200 len: 136 microversion: 1.0
2026-07-14 18:52:49.547 8 INFO placement.requestlog [None req-d8028759-0f8a-4659-ac81-8a57678c287f - - - - - -] 10.0.0.115 "GET /" status: 200 len: 136 microversion: 1.0
2026-07-14 18:52:50.702 7 INFO placement.requestlog [req-7094c28e-d2b4-4ac4-bdb4-0ebbe3326b1a req-540a4d4e-559d-435b-858a-323ca93005f3 05f8750282224c64b69459af9b7b3f1a 3e579d71e3e8408582ca74431bb6573a - - c880922d28a54b0891316d6a905554c1 c880922d28a54b0891316d6a905554c1] 10.0.0.94 "GET /allocation_candidates?limit=1000&resources=DISK_GB%3A1%2CMEMORY_MB%3A512%2CVCPU%3A1&root_required=%21COMPUTE_STATUS_DISABLED" status: 200 len: 2149 microversion: 1.36 [pid: 7|app: 0|req: 552/1102] 10.0.0.94 () {34 vars in 1011 bytes} [Tue Jul 14 18:52:50 2026] GET /allocation_candidates?limit=1000&resources=DISK_GB%3A1%2CMEMORY_MB%3A512%2CVCPU%3A1&root_required=%21COMPUTE_STATUS_DISABLED => generated 2149 bytes in 81 msecs (HTTP/1.1 200) 8 headers in 297 bytes (1 switches on core 0)
2026-07-14 18:52:50.742 8 INFO placement.requestlog [req-7094c28e-d2b4-4ac4-bdb4-0ebbe3326b1a req-1fd2a575-5b6a-4c87-8e4d-dda2b06e759c 05f8750282224c64b69459af9b7b3f1a 3e579d71e3e8408582ca74431bb6573a - - c880922d28a54b0891316d6a905554c1 c880922d28a54b0891316d6a905554c1] 10.0.0.94 "GET /allocations/ebcab429-4b53-4829-8e1d-184d948fe1bb" status: 200 len: 19 microversion: 1.28 [pid: 8|app: 0|req: 551/1103] 10.0.0.94 () {34 vars in 860 bytes} [Tue Jul 14 18:52:50 2026] GET /allocations/ebcab429-4b53-4829-8e1d-184d948fe1bb => generated 19 bytes in 15 msecs (HTTP/1.1 200) 8 headers in 295 bytes (1 switches on core 0)
2026-07-14 18:52:50.824 7 INFO placement.requestlog [req-7094c28e-d2b4-4ac4-bdb4-0ebbe3326b1a req-73e8b4f0-4152-4bd0-9ddc-f9b367edc986 05f8750282224c64b69459af9b7b3f1a 3e579d71e3e8408582ca74431bb6573a - - c880922d28a54b0891316d6a905554c1 c880922d28a54b0891316d6a905554c1] 10.0.0.94 "PUT /allocations/ebcab429-4b53-4829-8e1d-184d948fe1bb" status: 204 len: 0 microversion: 1.36 [pid: 7|app: 0|req: 553/1104] 10.0.0.94 () {38 vars in 913 bytes} [Tue Jul 14 18:52:50 2026] PUT /allocations/ebcab429-4b53-4829-8e1d-184d948fe1bb => generated 0 bytes in 69 msecs (HTTP/1.1 204) 5 headers in 199 bytes (1 switches on core 0)
2026-07-14 18:52:51.072 8 INFO placement.requestlog [req-7094c28e-d2b4-4ac4-bdb4-0ebbe3326b1a req-9eb5cca6-86c0-46e8-be34-7847375fe0e7 05f8750282224c64b69459af9b7b3f1a 3e579d71e3e8408582ca74431bb6573a - - c880922d28a54b0891316d6a905554c1 c880922d28a54b0891316d6a905554c1] 199.204.45.4 "GET /allocations/ebcab429-4b53-4829-8e1d-184d948fe1bb" status: 200 len: 258 microversion: 1.28 [pid: 8|app: 0|req: 552/1105] 199.204.45.4 () {34 vars in 861 bytes} [Tue Jul 14 18:52:51 2026] GET /allocations/ebcab429-4b53-4829-8e1d-184d948fe1bb => generated 258 bytes in 12 msecs (HTTP/1.1 200) 8 headers in 296 bytes (1 switches on core 0)
2026-07-14 18:52:51.223 7 INFO placement.requestlog [req-7094c28e-d2b4-4ac4-bdb4-0ebbe3326b1a req-383ea90a-c19e-4599-80ca-d08c07f541ae 05f8750282224c64b69459af9b7b3f1a 3e579d71e3e8408582ca74431bb6573a - - c880922d28a54b0891316d6a905554c1 c880922d28a54b0891316d6a905554c1] 199.204.45.4 "GET /resource_providers/4709122f-a091-4886-937d-b2bb89075ca2/allocations" status: 200 len: 253 microversion: 1.0 [pid: 7|app: 0|req: 554/1106] 199.204.45.4 () {32 vars in 855 bytes} [Tue Jul 14 18:52:51 2026] GET /resource_providers/4709122f-a091-4886-937d-b2bb89075ca2/allocations => generated 253 bytes in 24 msecs (HTTP/1.1 200) 6 headers in 224 bytes (1 switches on core 0)
2026-07-14 18:52:51.253 8 INFO placement.requestlog [req-7094c28e-d2b4-4ac4-bdb4-0ebbe3326b1a req-60aac585-b47e-4877-af93-77fd01badc8d 05f8750282224c64b69459af9b7b3f1a 3e579d71e3e8408582ca74431bb6573a - - c880922d28a54b0891316d6a905554c1 c880922d28a54b0891316d6a905554c1] 199.204.45.4 "GET /allocations/ebcab429-4b53-4829-8e1d-184d948fe1bb" status: 200 len: 258 microversion: 1.28 [pid: 8|app: 0|req: 553/1107] 199.204.45.4 () {34 vars in 861 bytes} [Tue Jul 14 18:52:51 2026] GET /allocations/ebcab429-4b53-4829-8e1d-184d948fe1bb => generated 258 bytes in 16 msecs (HTTP/1.1 200) 8 headers in 296 bytes (1 switches on core 0)
2026-07-14 18:52:51.273 7 INFO placement.requestlog [req-7094c28e-d2b4-4ac4-bdb4-0ebbe3326b1a req-c4344fde-cc67-4a69-b956-eded5661049b 05f8750282224c64b69459af9b7b3f1a 3e579d71e3e8408582ca74431bb6573a - - c880922d28a54b0891316d6a905554c1 c880922d28a54b0891316d6a905554c1] 199.204.45.4 "GET /allocations/9d7d7a70-0e7a-4cea-b20c-d59525352381" status: 200 len: 258 microversion: 1.28 [pid: 7|app: 0|req: 555/1108] 199.204.45.4 () {34 vars in 861 bytes} [Tue Jul 14 18:52:51 2026] GET /allocations/9d7d7a70-0e7a-4cea-b20c-d59525352381 => generated 258 bytes in 12 msecs (HTTP/1.1 200) 8 headers in 296 bytes (1 switches on core 0)
2026-07-14 18:52:58.634 8 INFO placement.requestlog [req-0245142b-0358-459f-a3f2-ef68da66a7fb req-b8f7de39-c1aa-43df-9b68-c287928ef97e 05f8750282224c64b69459af9b7b3f1a 3e579d71e3e8408582ca74431bb6573a - - c880922d28a54b0891316d6a905554c1 c880922d28a54b0891316d6a905554c1] 10.0.0.94 "GET /allocation_candidates?limit=1000&resources=DISK_GB%3A1%2CMEMORY_MB%3A512%2CVCPU%3A1&root_required=%21COMPUTE_STATUS_DISABLED" status: 200 len: 2150 microversion: 1.36 [pid: 8|app: 0|req: 554/1109] 10.0.0.94 () {34 vars in 1011 bytes} [Tue Jul 14 18:52:58 2026] GET /allocation_candidates?limit=1000&resources=DISK_GB%3A1%2CMEMORY_MB%3A512%2CVCPU%3A1&root_required=%21COMPUTE_STATUS_DISABLED => generated 2150 bytes in 58 msecs (HTTP/1.1 200) 8 headers in 297 bytes (1 switches on core 0)
2026-07-14 18:52:58.662 7 INFO placement.requestlog [req-0245142b-0358-459f-a3f2-ef68da66a7fb req-d148905f-c74c-49e3-a515-9537c258e2b3 05f8750282224c64b69459af9b7b3f1a 3e579d71e3e8408582ca74431bb6573a - - c880922d28a54b0891316d6a905554c1 c880922d28a54b0891316d6a905554c1] 10.0.0.94 "GET /allocations/dde31ca9-2d64-4f71-992d-66d30525642c" status: 200 len: 19 microversion: 1.28 [pid: 7|app: 0|req: 556/1110] 10.0.0.94 () {34 vars in 860 bytes} [Tue Jul 14 18:52:58 2026] GET /allocations/dde31ca9-2d64-4f71-992d-66d30525642c => generated 19 bytes in 11 msecs (HTTP/1.1 200) 8 headers in 295 bytes (1 switches on core 0)
2026-07-14 18:52:58.729 8 INFO placement.requestlog [req-0245142b-0358-459f-a3f2-ef68da66a7fb req-b1e1bd9b-5ecb-4d0e-9e91-d6586ad03531 05f8750282224c64b69459af9b7b3f1a 3e579d71e3e8408582ca74431bb6573a - - c880922d28a54b0891316d6a905554c1 c880922d28a54b0891316d6a905554c1] 10.0.0.94 "PUT /allocations/dde31ca9-2d64-4f71-992d-66d30525642c" status: 204 len: 0 microversion: 1.36 [pid: 8|app: 0|req: 555/1111] 10.0.0.94 () {38 vars in 913 bytes} [Tue Jul 14 18:52:58 2026] PUT /allocations/dde31ca9-2d64-4f71-992d-66d30525642c => generated 0 bytes in 61 msecs (HTTP/1.1 204) 5 headers in 199 bytes (1 switches on core 0)
2026-07-14 18:52:58.997 7 INFO placement.requestlog [req-0245142b-0358-459f-a3f2-ef68da66a7fb req-f84e0546-d40f-42d8-9161-a7be216d0286 05f8750282224c64b69459af9b7b3f1a 3e579d71e3e8408582ca74431bb6573a - - c880922d28a54b0891316d6a905554c1 c880922d28a54b0891316d6a905554c1] 199.204.45.4 "GET /allocations/dde31ca9-2d64-4f71-992d-66d30525642c" status: 200 len: 258 microversion: 1.28 [pid: 7|app: 0|req: 557/1112] 199.204.45.4 () {34 vars in 861 bytes} [Tue Jul 14 18:52:58 2026] GET /allocations/dde31ca9-2d64-4f71-992d-66d30525642c => generated 258 bytes in 14 msecs (HTTP/1.1 200) 8 headers in 296 bytes (1 switches on core 0)
2026-07-14 18:52:59.094 8 INFO placement.requestlog [req-0245142b-0358-459f-a3f2-ef68da66a7fb req-a9f37720-9d7c-4672-9c3c-89e348da5097 05f8750282224c64b69459af9b7b3f1a 3e579d71e3e8408582ca74431bb6573a - - c880922d28a54b0891316d6a905554c1 c880922d28a54b0891316d6a905554c1] 199.204.45.4 "GET /resource_providers/4709122f-a091-4886-937d-b2bb89075ca2/allocations" status: 200 len: 353 microversion: 1.0 [pid: 8|app: 0|req: 556/1113] 199.204.45.4 () {32 vars in 855 bytes} [Tue Jul 14 18:52:59 2026] GET /resource_providers/4709122f-a091-4886-937d-b2bb89075ca2/allocations => generated 353 bytes in 19 msecs (HTTP/1.1 200) 6 headers in 224 bytes (1 switches on core 0)
2026-07-14 18:52:59.117 7 INFO placement.requestlog [req-0245142b-0358-459f-a3f2-ef68da66a7fb req-91d118ce-5f12-49ac-b068-b6cfdea780bf 05f8750282224c64b69459af9b7b3f1a 3e579d71e3e8408582ca74431bb6573a - - c880922d28a54b0891316d6a905554c1 c880922d28a54b0891316d6a905554c1] 199.204.45.4 "GET /allocations/dde31ca9-2d64-4f71-992d-66d30525642c" status: 200 len: 258 microversion: 1.28 [pid: 7|app: 0|req: 558/1114] 199.204.45.4 () {34 vars in 861 bytes} [Tue Jul 14 18:52:59 2026] GET /allocations/dde31ca9-2d64-4f71-992d-66d30525642c => generated 258 bytes in 15 msecs (HTTP/1.1 200) 8 headers in 296 bytes (1 switches on core 0)
2026-07-14 18:52:59.138 8 INFO placement.requestlog [req-0245142b-0358-459f-a3f2-ef68da66a7fb req-581a7fc9-3347-4dfc-916e-153635146677 05f8750282224c64b69459af9b7b3f1a 3e579d71e3e8408582ca74431bb6573a - - c880922d28a54b0891316d6a905554c1 c880922d28a54b0891316d6a905554c1] 199.204.45.4 "GET /allocations/ebcab429-4b53-4829-8e1d-184d948fe1bb" status: 200 len: 258 microversion: 1.28 [pid: 8|app: 0|req: 557/1115] 199.204.45.4 () {34 vars in 861 bytes} [Tue Jul 14 18:52:59 2026] GET /allocations/ebcab429-4b53-4829-8e1d-184d948fe1bb => generated 258 bytes in 13 msecs (HTTP/1.1 200) 8 headers in 296 bytes (1 switches on core 0)
2026-07-14 18:52:59.160 7 INFO placement.requestlog [req-0245142b-0358-459f-a3f2-ef68da66a7fb req-445e52f4-274c-44ca-bb7f-94b80f8a0c86 05f8750282224c64b69459af9b7b3f1a 3e579d71e3e8408582ca74431bb6573a - - c880922d28a54b0891316d6a905554c1 c880922d28a54b0891316d6a905554c1] 199.204.45.4 "GET /allocations/9d7d7a70-0e7a-4cea-b20c-d59525352381" status: 200 len: 258 microversion: 1.28 [pid: 7|app: 0|req: 559/1116] 199.204.45.4 () {34 vars in 861 bytes} [Tue Jul 14 18:52:59 2026] GET /allocations/9d7d7a70-0e7a-4cea-b20c-d59525352381 => generated 258 bytes in 14 msecs (HTTP/1.1 200) 8 headers in 296 bytes (1 switches on core 0)
2026-07-14 18:52:59.545 8 INFO placement.requestlog [None req-3a7f1668-1c3b-4796-a0a4-a5a5b36dad23 - - - - - -] 10.0.0.115 "GET /" status: 200 len: 136 microversion: 1.0
2026-07-14 18:52:59.545 7 INFO placement.requestlog [None req-589d0d19-c4e2-4b2e-8929-8efbd9587b08 - - - - - -] 10.0.0.115 "GET /" status: 200 len: 136 microversion: 1.0
2026-07-14 18:53:09.338 8 INFO placement.requestlog [req-78926d6f-48cb-4832-aeee-da0ca43b98c7 req-4c935a90-44c5-44b9-97b9-f7d0f85e6032 05f8750282224c64b69459af9b7b3f1a 3e579d71e3e8408582ca74431bb6573a - - c880922d28a54b0891316d6a905554c1 c880922d28a54b0891316d6a905554c1] 199.204.45.4 "GET /resource_providers/4709122f-a091-4886-937d-b2bb89075ca2/allocations" status: 200 len: 353 microversion: 1.0 [pid: 8|app: 0|req: 559/1119] 199.204.45.4 () {32 vars in 855 bytes} [Tue Jul 14 18:53:09 2026] GET /resource_providers/4709122f-a091-4886-937d-b2bb89075ca2/allocations => generated 353 bytes in 21 msecs (HTTP/1.1 200) 6 headers in 224 bytes (1 switches on core 0)
2026-07-14 18:53:09.370 7 INFO placement.requestlog [req-78926d6f-48cb-4832-aeee-da0ca43b98c7 req-3f32d13d-54a7-46a3-b5a3-77eb67572aea 05f8750282224c64b69459af9b7b3f1a 3e579d71e3e8408582ca74431bb6573a - - c880922d28a54b0891316d6a905554c1 c880922d28a54b0891316d6a905554c1] 199.204.45.4 "GET /allocations/dde31ca9-2d64-4f71-992d-66d30525642c" status: 200 len: 258 microversion: 1.28 [pid: 7|app: 0|req: 561/1120] 199.204.45.4 () {34 vars in 861 bytes} [Tue Jul 14 18:53:09 2026] GET /allocations/dde31ca9-2d64-4f71-992d-66d30525642c => generated 258 bytes in 16 msecs (HTTP/1.1 200) 8 headers in 296 bytes (1 switches on core 0)
2026-07-14 18:53:09.406 8 INFO placement.requestlog [req-78926d6f-48cb-4832-aeee-da0ca43b98c7 req-4c3dcd74-9c3e-499a-965b-a5c9f73cd221 05f8750282224c64b69459af9b7b3f1a 3e579d71e3e8408582ca74431bb6573a - - c880922d28a54b0891316d6a905554c1 c880922d28a54b0891316d6a905554c1] 199.204.45.4 "GET /allocations/ebcab429-4b53-4829-8e1d-184d948fe1bb" status: 200 len: 258 microversion: 1.28 [pid: 8|app: 0|req: 560/1121] 199.204.45.4 () {34 vars in 861 bytes} [Tue Jul 14 18:53:09 2026] GET /allocations/ebcab429-4b53-4829-8e1d-184d948fe1bb => generated 258 bytes in 17 msecs (HTTP/1.1 200) 8 headers in 296 bytes (1 switches on core 0)
2026-07-14 18:53:09.428 7 INFO placement.requestlog [req-78926d6f-48cb-4832-aeee-da0ca43b98c7 req-c826638a-b461-41ca-9296-4e18fee0b51e 05f8750282224c64b69459af9b7b3f1a 3e579d71e3e8408582ca74431bb6573a - - c880922d28a54b0891316d6a905554c1 c880922d28a54b0891316d6a905554c1] 199.204.45.4 "GET /allocations/9d7d7a70-0e7a-4cea-b20c-d59525352381" status: 200 len: 258 microversion: 1.28 [pid: 7|app: 0|req: 562/1122] 199.204.45.4 () {34 vars in 861 bytes} [Tue Jul 14 18:53:09 2026] GET /allocations/9d7d7a70-0e7a-4cea-b20c-d59525352381 => generated 258 bytes in 13 msecs (HTTP/1.1 200) 8 headers in 296 bytes (1 switches on core 0)
2026-07-14 18:53:09.519 8 INFO placement.requestlog [req-78926d6f-48cb-4832-aeee-da0ca43b98c7 req-e0bdd587-9ea3-41f8-972c-8510e4297c70 05f8750282224c64b69459af9b7b3f1a 3e579d71e3e8408582ca74431bb6573a - - c880922d28a54b0891316d6a905554c1 c880922d28a54b0891316d6a905554c1] 199.204.45.4 "DELETE /allocations/9d7d7a70-0e7a-4cea-b20c-d59525352381" status: 204 len: 0 microversion: 1.0 [pid: 8|app: 0|req: 561/1123] 199.204.45.4 () {34 vars in 839 bytes} [Tue Jul 14 18:53:09 2026] DELETE /allocations/9d7d7a70-0e7a-4cea-b20c-d59525352381 => generated 0 bytes in 32 msecs (HTTP/1.1 204) 5 headers in 198 bytes (1 switches on core 0)
2026-07-14 18:53:09.545 7 INFO placement.requestlog [None req-9f3d2a1d-209a-496f-9fcc-cf8f105ad6f0 - - - - - -] 10.0.0.115 "GET /" status: 200 len: 136 microversion: 1.0
2026-07-14 18:53:09.545 8 INFO placement.requestlog [None req-a1a487de-2d8a-4bd7-a299-e4bb22fa9233 - - - - - -] 10.0.0.115 "GET /" status: 200 len: 136 microversion: 1.0
2026-07-14 18:53:13.849 8 INFO placement.requestlog [None req-a19897a4-5bb8-4ab5-84a4-6c3c7875bc07 0f8821ad58be4735a2dc2179c070d9d7 3e579d71e3e8408582ca74431bb6573a - - c880922d28a54b0891316d6a905554c1 c880922d28a54b0891316d6a905554c1] 10.0.0.173 "GET /resource_providers/e34ad009-b678-43d3-bc33-3a743cb7d10f/aggregates" status: 404 len: 235 microversion: 1.1 [pid: 8|app: 0|req: 563/1126] 10.0.0.173 () {32 vars in 816 bytes} [Tue Jul 14 18:53:13 2026] GET /resource_providers/e34ad009-b678-43d3-bc33-3a743cb7d10f/aggregates => generated 235 bytes in 11 msecs (HTTP/1.1 404) 5 headers in 202 bytes (1 switches on core 0)
2026-07-14 18:53:13.851 7 INFO placement.requestlog [None req-ed52224a-2d2a-4682-975c-7ab5be129f39 0f8821ad58be4735a2dc2179c070d9d7 3e579d71e3e8408582ca74431bb6573a - - c880922d28a54b0891316d6a905554c1 c880922d28a54b0891316d6a905554c1] 10.0.0.173 "GET /resource_providers/e34ad009-b678-43d3-bc33-3a743cb7d10f/aggregates" status: 404 len: 235 microversion: 1.1 [pid: 7|app: 0|req: 564/1127] 10.0.0.173 () {32 vars in 816 bytes} [Tue Jul 14 18:53:13 2026] GET /resource_providers/e34ad009-b678-43d3-bc33-3a743cb7d10f/aggregates => generated 235 bytes in 12 msecs (HTTP/1.1 404) 5 headers in 202 bytes (1 switches on core 0)
