2026-07-14 18:46:59.546 8 INFO placement.requestlog [None req-da3a9100-f121-4599-90d9-0b193e4456e2 - - - - - -] 10.0.0.115 "GET /" status: 200 len: 136 microversion: 1.0
2026-07-14 18:46:59.548 7 INFO placement.requestlog [None req-56f75d99-0dda-4c61-875f-859f8d04ca4f - - - - - -] 10.0.0.115 "GET /" status: 200 len: 136 microversion: 1.0
2026-07-14 18:47:09.545 7 INFO placement.requestlog [None req-7f99ab17-2f09-4106-8cff-61ec5a2572d7 - - - - - -] 10.0.0.115 "GET /" status: 200 len: 136 microversion: 1.0
2026-07-14 18:47:09.545 8 INFO placement.requestlog [None req-963cdc5c-a5f8-488c-8cd7-090f7859af55 - - - - - -] 10.0.0.115 "GET /" status: 200 len: 136 microversion: 1.0
2026-07-14 18:47:19.546 7 INFO placement.requestlog [None req-6b877828-b729-4e7e-8318-eae73a99573d - - - - - -] 10.0.0.115 "GET /" status: 200 len: 136 microversion: 1.0
2026-07-14 18:47:19.546 8 INFO placement.requestlog [None req-c0c93906-aced-474a-83cc-1e9c049b429a - - - - - -] 10.0.0.115 "GET /" status: 200 len: 136 microversion: 1.0
2026-07-14 18:47:29.545 7 INFO placement.requestlog [None req-34e8c923-06e6-4232-8240-93ddd4770ee6 - - - - - -] 10.0.0.115 "GET /" status: 200 len: 136 microversion: 1.0
2026-07-14 18:47:29.546 8 INFO placement.requestlog [None req-66591fef-7389-48fb-9c05-f4415259eca1 - - - - - -] 10.0.0.115 "GET /" status: 200 len: 136 microversion: 1.0
2026-07-14 18:47:35.601 7 INFO placement.requestlog [req-0c38b39a-a03d-499c-8274-094b555a8ccb req-8ee613fc-7313-4496-aff2-84cdb9bac17f 05f8750282224c64b69459af9b7b3f1a 3e579d71e3e8408582ca74431bb6573a - - c880922d28a54b0891316d6a905554c1 c880922d28a54b0891316d6a905554c1] 199.204.45.4 "GET /resource_providers/4709122f-a091-4886-937d-b2bb89075ca2/allocations" status: 200 len: 54 microversion: 1.0 [pid: 7|app: 0|req: 301/603] 199.204.45.4 () {32 vars in 855 bytes} [Tue Jul 14 18:47:35 2026] GET /resource_providers/4709122f-a091-4886-937d-b2bb89075ca2/allocations => generated 54 bytes in 124 msecs (HTTP/1.1 200) 6 headers in 223 bytes (1 switches on core 0)
2026-07-14 18:47:35.634 8 INFO placement.requestlog [req-0c38b39a-a03d-499c-8274-094b555a8ccb req-e635ec23-d40b-4766-9609-122c1ef3be3d 05f8750282224c64b69459af9b7b3f1a 3e579d71e3e8408582ca74431bb6573a - - c880922d28a54b0891316d6a905554c1 c880922d28a54b0891316d6a905554c1] 199.204.45.4 "GET /resource_providers?in_tree=4709122f-a091-4886-937d-b2bb89075ca2" status: 200 len: 797 microversion: 1.14 [pid: 8|app: 0|req: 303/604] 199.204.45.4 () {34 vars in 890 bytes} [Tue Jul 14 18:47:35 2026] GET /resource_providers?in_tree=4709122f-a091-4886-937d-b2bb89075ca2 => generated 797 bytes in 24 msecs (HTTP/1.1 200) 6 headers in 225 bytes (1 switches on core 0)
2026-07-14 18:47:35.660 7 INFO placement.requestlog [req-0c38b39a-a03d-499c-8274-094b555a8ccb req-03eaa0d6-1d23-42b7-bfec-734bdd8827a0 05f8750282224c64b69459af9b7b3f1a 3e579d71e3e8408582ca74431bb6573a - - c880922d28a54b0891316d6a905554c1 c880922d28a54b0891316d6a905554c1] 199.204.45.4 "GET /resource_providers/4709122f-a091-4886-937d-b2bb89075ca2/inventories" status: 200 len: 400 microversion: 1.0 [pid: 7|app: 0|req: 302/605] 199.204.45.4 () {32 vars in 855 bytes} [Tue Jul 14 18:47:35 2026] GET /resource_providers/4709122f-a091-4886-937d-b2bb89075ca2/inventories => generated 400 bytes in 17 msecs (HTTP/1.1 200) 6 headers in 224 bytes (1 switches on core 0)
2026-07-14 18:47:35.683 8 INFO placement.requestlog [req-0c38b39a-a03d-499c-8274-094b555a8ccb req-341ccbb6-f5d4-4bea-830f-08f90905cbc5 05f8750282224c64b69459af9b7b3f1a 3e579d71e3e8408582ca74431bb6573a - - c880922d28a54b0891316d6a905554c1 c880922d28a54b0891316d6a905554c1] 199.204.45.4 "GET /resource_providers/4709122f-a091-4886-937d-b2bb89075ca2/aggregates" status: 200 len: 53 microversion: 1.19 [pid: 8|app: 0|req: 304/606] 199.204.45.4 () {34 vars in 897 bytes} [Tue Jul 14 18:47:35 2026] GET /resource_providers/4709122f-a091-4886-937d-b2bb89075ca2/aggregates => generated 53 bytes in 15 msecs (HTTP/1.1 200) 8 headers in 295 bytes (1 switches on core 0)
2026-07-14 18:47:35.714 7 INFO placement.requestlog [req-0c38b39a-a03d-499c-8274-094b555a8ccb req-0bb46520-2ecf-472e-bb40-df0a9e054d49 05f8750282224c64b69459af9b7b3f1a 3e579d71e3e8408582ca74431bb6573a - - c880922d28a54b0891316d6a905554c1 c880922d28a54b0891316d6a905554c1] 199.204.45.4 "GET /resource_providers/4709122f-a091-4886-937d-b2bb89075ca2/traits" status: 200 len: 1682 microversion: 1.6 [pid: 7|app: 0|req: 303/607] 199.204.45.4 () {34 vars in 888 bytes} [Tue Jul 14 18:47:35 2026] GET /resource_providers/4709122f-a091-4886-937d-b2bb89075ca2/traits => generated 1682 bytes in 23 msecs (HTTP/1.1 200) 6 headers in 225 bytes (1 switches on core 0)
2026-07-14 18:47:35.736 8 INFO placement.requestlog [req-0c38b39a-a03d-499c-8274-094b555a8ccb req-0fda2118-d658-44fa-8301-e3443398c2fe 05f8750282224c64b69459af9b7b3f1a 3e579d71e3e8408582ca74431bb6573a - - c880922d28a54b0891316d6a905554c1 c880922d28a54b0891316d6a905554c1] 199.204.45.4 "GET /resource_providers/4709122f-a091-4886-937d-b2bb89075ca2/allocations" status: 200 len: 54 microversion: 1.0 [pid: 8|app: 0|req: 305/608] 199.204.45.4 () {32 vars in 855 bytes} [Tue Jul 14 18:47:35 2026] GET /resource_providers/4709122f-a091-4886-937d-b2bb89075ca2/allocations => generated 54 bytes in 13 msecs (HTTP/1.1 200) 6 headers in 223 bytes (1 switches on core 0)
2026-07-14 18:47:39.547 7 INFO placement.requestlog [None req-5ac5ec4b-714a-4750-9fb4-e917572fb99a - - - - - -] 10.0.0.115 "GET /" status: 200 len: 136 microversion: 1.0
2026-07-14 18:47:39.549 8 INFO placement.requestlog [None req-24e9e811-afd2-4998-b940-6ee5627691a0 - - - - - -] 10.0.0.115 "GET /" status: 200 len: 136 microversion: 1.0
2026-07-14 18:47:49.545 8 INFO placement.requestlog [None req-5f6f9c9e-0795-4746-9b29-1eb74a8dd87a - - - - - -] 10.0.0.115 "GET /" status: 200 len: 136 microversion: 1.0
2026-07-14 18:47:49.545 7 INFO placement.requestlog [None req-1c17386e-47f5-4eb1-a0c4-884fc9643dec - - - - - -] 10.0.0.115 "GET /" status: 200 len: 136 microversion: 1.0
2026-07-14 18:47:59.545 7 INFO placement.requestlog [None req-8e5e0fbb-5f23-4f39-be93-d26d00ab0c2d - - - - - -] 10.0.0.115 "GET /" status: 200 len: 136 microversion: 1.0
2026-07-14 18:47:59.545 8 INFO placement.requestlog [None req-a3323707-d5d8-4c20-981f-c43c06368fd5 - - - - - -] 10.0.0.115 "GET /" status: 200 len: 136 microversion: 1.0
2026-07-14 18:48:09.545 7 INFO placement.requestlog [None req-678be8cd-3ec4-4181-891c-a49575092e75 - - - - - -] 10.0.0.115 "GET /" status: 200 len: 136 microversion: 1.0
2026-07-14 18:48:09.545 8 INFO placement.requestlog [None req-3e1f8266-8bdd-43cd-8872-d28f62521886 - - - - - -] 10.0.0.115 "GET /" status: 200 len: 136 microversion: 1.0
2026-07-14 18:48:19.546 7 INFO placement.requestlog [None req-ba10e9b4-22d5-4f56-926c-923e22a8994d - - - - - -] 10.0.0.115 "GET /" status: 200 len: 136 microversion: 1.0
2026-07-14 18:48:19.546 8 INFO placement.requestlog [None req-72880929-475b-4178-836a-6b95aced1228 - - - - - -] 10.0.0.115 "GET /" status: 200 len: 136 microversion: 1.0
2026-07-14 18:48:29.545 8 INFO placement.requestlog [None req-a2d18349-5aae-45e7-8bb2-6ab16ed47ac3 - - - - - -] 10.0.0.115 "GET /" status: 200 len: 136 microversion: 1.0
2026-07-14 18:48:29.545 7 INFO placement.requestlog [None req-e17073eb-a46b-49b4-be99-0e0edd734b8d - - - - - -] 10.0.0.115 "GET /" status: 200 len: 136 microversion: 1.0
2026-07-14 18:48:37.393 8 INFO placement.requestlog [req-aa808053-3312-4aee-b21e-618b0ecc0ed1 req-012b38db-a07e-41c9-b001-f40882cace91 05f8750282224c64b69459af9b7b3f1a 3e579d71e3e8408582ca74431bb6573a - - c880922d28a54b0891316d6a905554c1 c880922d28a54b0891316d6a905554c1] 199.204.45.4 "GET /resource_providers/4709122f-a091-4886-937d-b2bb89075ca2/allocations" status: 200 len: 54 microversion: 1.0 [pid: 8|app: 0|req: 312/621] 199.204.45.4 () {32 vars in 855 bytes} [Tue Jul 14 18:48:37 2026] GET /resource_providers/4709122f-a091-4886-937d-b2bb89075ca2/allocations => generated 54 bytes in 33 msecs (HTTP/1.1 200) 6 headers in 223 bytes (1 switches on core 0)
2026-07-14 18:48:37.420 7 INFO placement.requestlog [req-aa808053-3312-4aee-b21e-618b0ecc0ed1 req-8be06aa2-02af-46e9-a581-fedb8e8af296 05f8750282224c64b69459af9b7b3f1a 3e579d71e3e8408582ca74431bb6573a - - c880922d28a54b0891316d6a905554c1 c880922d28a54b0891316d6a905554c1] 199.204.45.4 "GET /resource_providers/4709122f-a091-4886-937d-b2bb89075ca2/allocations" status: 200 len: 54 microversion: 1.0 [pid: 7|app: 0|req: 310/622] 199.204.45.4 () {32 vars in 855 bytes} [Tue Jul 14 18:48:37 2026] GET /resource_providers/4709122f-a091-4886-937d-b2bb89075ca2/allocations => generated 54 bytes in 19 msecs (HTTP/1.1 200) 6 headers in 223 bytes (1 switches on core 0)
2026-07-14 18:48:39.545 8 INFO placement.requestlog [None req-ac5206fc-0391-4011-9e55-856304ff9f99 - - - - - -] 10.0.0.115 "GET /" status: 200 len: 136 microversion: 1.0
2026-07-14 18:48:39.546 7 INFO placement.requestlog [None req-43331d70-7657-4dfd-8d82-d4a95460531c - - - - - -] 10.0.0.115 "GET /" status: 200 len: 136 microversion: 1.0
2026-07-14 18:48:49.546 7 INFO placement.requestlog [None req-f8f90078-212a-4e24-a890-171fb1832e5d - - - - - -] 10.0.0.115 "GET /" status: 200 len: 136 microversion: 1.0
2026-07-14 18:48:49.546 8 INFO placement.requestlog [None req-e4516378-ee09-4209-a015-9d3a5b2c54b0 - - - - - -] 10.0.0.115 "GET /" status: 200 len: 136 microversion: 1.0
2026-07-14 18:48:59.546 8 INFO placement.requestlog [None req-9fc4458e-fc82-4b02-9a31-bbfeccc9fb4c - - - - - -] 10.0.0.115 "GET /" status: 200 len: 136 microversion: 1.0
2026-07-14 18:48:59.546 7 INFO placement.requestlog [None req-b3dae23e-09ce-409a-b5ac-a317987d6b90 - - - - - -] 10.0.0.115 "GET /" status: 200 len: 136 microversion: 1.0
2026-07-14 18:49:09.545 8 INFO placement.requestlog [None req-9e1efed5-02cf-470a-b028-bf95055d7ea5 - - - - - -] 10.0.0.115 "GET /" status: 200 len: 136 microversion: 1.0
2026-07-14 18:49:09.547 7 INFO placement.requestlog [None req-0c488789-10dd-4d5a-9c17-0bb976933090 - - - - - -] 10.0.0.115 "GET /" status: 200 len: 136 microversion: 1.0
2026-07-14 18:49:19.545 8 INFO placement.requestlog [None req-9567ed9d-97cb-4635-a351-521ae773234e - - - - - -] 10.0.0.115 "GET /" status: 200 len: 136 microversion: 1.0
2026-07-14 18:49:19.546 7 INFO placement.requestlog [None req-9959fd02-cc2c-49e4-84c8-f82f10ece0ad - - - - - -] 10.0.0.115 "GET /" status: 200 len: 136 microversion: 1.0
2026-07-14 18:49:28.174 8 INFO placement.requestlog [req-e869ef0c-42a8-43dc-89a7-04bfca97c371 req-c394ed72-05c1-4ef7-aa1b-273586f1dc03 05f8750282224c64b69459af9b7b3f1a 3e579d71e3e8408582ca74431bb6573a - - c880922d28a54b0891316d6a905554c1 c880922d28a54b0891316d6a905554c1] 10.0.0.94 "GET /allocation_candidates?limit=1000&resources=DISK_GB%3A1%2CMEMORY_MB%3A512%2CVCPU%3A1&root_required=%21COMPUTE_STATUS_DISABLED" status: 200 len: 2147 microversion: 1.36 [pid: 8|app: 0|req: 318/633] 10.0.0.94 () {34 vars in 1011 bytes} [Tue Jul 14 18:49:27 2026] GET /allocation_candidates?limit=1000&resources=DISK_GB%3A1%2CMEMORY_MB%3A512%2CVCPU%3A1&root_required=%21COMPUTE_STATUS_DISABLED => generated 2147 bytes in 321 msecs (HTTP/1.1 200) 8 headers in 297 bytes (1 switches on core 0)
2026-07-14 18:49:28.247 7 INFO placement.requestlog [req-e869ef0c-42a8-43dc-89a7-04bfca97c371 req-d09626a2-07dc-4958-8587-59a9b32cb026 05f8750282224c64b69459af9b7b3f1a 3e579d71e3e8408582ca74431bb6573a - - c880922d28a54b0891316d6a905554c1 c880922d28a54b0891316d6a905554c1] 10.0.0.94 "GET /allocations/5042943a-3cf3-4711-be15-44fc55999a16" status: 200 len: 19 microversion: 1.28 [pid: 7|app: 0|req: 316/634] 10.0.0.94 () {34 vars in 860 bytes} [Tue Jul 14 18:49:28 2026] GET /allocations/5042943a-3cf3-4711-be15-44fc55999a16 => generated 19 bytes in 20 msecs (HTTP/1.1 200) 8 headers in 295 bytes (1 switches on core 0)
2026-07-14 18:49:28.347 8 INFO placement.requestlog [req-e869ef0c-42a8-43dc-89a7-04bfca97c371 req-e32b9ec6-a9ca-4e7e-bb69-096cd5df8a2c 05f8750282224c64b69459af9b7b3f1a 3e579d71e3e8408582ca74431bb6573a - - c880922d28a54b0891316d6a905554c1 c880922d28a54b0891316d6a905554c1] 10.0.0.94 "PUT /allocations/5042943a-3cf3-4711-be15-44fc55999a16" status: 204 len: 0 microversion: 1.36 [pid: 8|app: 0|req: 319/635] 10.0.0.94 () {38 vars in 913 bytes} [Tue Jul 14 18:49:28 2026] PUT /allocations/5042943a-3cf3-4711-be15-44fc55999a16 => generated 0 bytes in 91 msecs (HTTP/1.1 204) 5 headers in 199 bytes (1 switches on core 0)
2026-07-14 18:49:28.886 7 INFO placement.requestlog [req-e869ef0c-42a8-43dc-89a7-04bfca97c371 req-c6acad44-2a39-4d85-a413-85b3327c9355 05f8750282224c64b69459af9b7b3f1a 3e579d71e3e8408582ca74431bb6573a - - c880922d28a54b0891316d6a905554c1 c880922d28a54b0891316d6a905554c1] 199.204.45.4 "GET /allocations/5042943a-3cf3-4711-be15-44fc55999a16" status: 200 len: 257 microversion: 1.28 [pid: 7|app: 0|req: 317/636] 199.204.45.4 () {34 vars in 861 bytes} [Tue Jul 14 18:49:28 2026] GET /allocations/5042943a-3cf3-4711-be15-44fc55999a16 => generated 257 bytes in 15 msecs (HTTP/1.1 200) 8 headers in 296 bytes (1 switches on core 0)
2026-07-14 18:49:29.053 8 INFO placement.requestlog [req-e869ef0c-42a8-43dc-89a7-04bfca97c371 req-4bbe111c-3f9f-4450-86cf-f6b192aae457 05f8750282224c64b69459af9b7b3f1a 3e579d71e3e8408582ca74431bb6573a - - c880922d28a54b0891316d6a905554c1 c880922d28a54b0891316d6a905554c1] 199.204.45.4 "GET /resource_providers/4709122f-a091-4886-937d-b2bb89075ca2/allocations" status: 200 len: 152 microversion: 1.0 [pid: 8|app: 0|req: 320/637] 199.204.45.4 () {32 vars in 855 bytes} [Tue Jul 14 18:49:29 2026] GET /resource_providers/4709122f-a091-4886-937d-b2bb89075ca2/allocations => generated 152 bytes in 26 msecs (HTTP/1.1 200) 6 headers in 224 bytes (1 switches on core 0)
2026-07-14 18:49:29.086 7 INFO placement.requestlog [req-e869ef0c-42a8-43dc-89a7-04bfca97c371 req-468d50d9-b247-4019-822a-f22507f7d545 05f8750282224c64b69459af9b7b3f1a 3e579d71e3e8408582ca74431bb6573a - - c880922d28a54b0891316d6a905554c1 c880922d28a54b0891316d6a905554c1] 199.204.45.4 "GET /allocations/5042943a-3cf3-4711-be15-44fc55999a16" status: 200 len: 257 microversion: 1.28 [pid: 7|app: 0|req: 318/638] 199.204.45.4 () {34 vars in 861 bytes} [Tue Jul 14 18:49:29 2026] GET /allocations/5042943a-3cf3-4711-be15-44fc55999a16 => generated 257 bytes in 23 msecs (HTTP/1.1 200) 8 headers in 296 bytes (1 switches on core 0)
2026-07-14 18:49:29.545 8 INFO placement.requestlog [None req-54b4424b-58c5-4e20-b996-232f0d7a1aef - - - - - -] 10.0.0.115 "GET /" status: 200 len: 136 microversion: 1.0
2026-07-14 18:49:29.546 7 INFO placement.requestlog [None req-9e97732d-d8bb-4d18-a45a-795c2aa69f24 - - - - - -] 10.0.0.115 "GET /" status: 200 len: 136 microversion: 1.0
2026-07-14 18:49:31.207 8 INFO placement.requestlog [None req-d65f3c3a-f193-496c-94a2-84947c49d496 0f8821ad58be4735a2dc2179c070d9d7 3e579d71e3e8408582ca74431bb6573a - - c880922d28a54b0891316d6a905554c1 c880922d28a54b0891316d6a905554c1] 10.0.0.173 "GET /resource_providers/7857c8f4-7313-45f9-8dfe-cf15ee2f047d/aggregates" status: 404 len: 235 microversion: 1.1 [pid: 8|app: 0|req: 322/641] 10.0.0.173 () {32 vars in 816 bytes} [Tue Jul 14 18:49:30 2026] GET /resource_providers/7857c8f4-7313-45f9-8dfe-cf15ee2f047d/aggregates => generated 235 bytes in 297 msecs (HTTP/1.1 404) 5 headers in 202 bytes (1 switches on core 0)
2026-07-14 18:49:31.224 8 INFO placement.requestlog [None req-17d59b3e-b2cd-4b24-9aff-7b609f5c3906 0f8821ad58be4735a2dc2179c070d9d7 3e579d71e3e8408582ca74431bb6573a - - c880922d28a54b0891316d6a905554c1 c880922d28a54b0891316d6a905554c1] 10.0.0.173 "DELETE /resource_providers/7857c8f4-7313-45f9-8dfe-cf15ee2f047d" status: 404 len: 246 microversion: 1.1 [pid: 8|app: 0|req: 323/642] 10.0.0.173 () {34 vars in 816 bytes} [Tue Jul 14 18:49:31 2026] DELETE /resource_providers/7857c8f4-7313-45f9-8dfe-cf15ee2f047d => generated 246 bytes in 11 msecs (HTTP/1.1 404) 6 headers in 231 bytes (1 switches on core 0)
2026-07-14 18:49:31.240 7 INFO placement.requestlog [None req-07189a7c-27fa-46fe-980c-790587718986 0f8821ad58be4735a2dc2179c070d9d7 3e579d71e3e8408582ca74431bb6573a - - c880922d28a54b0891316d6a905554c1 c880922d28a54b0891316d6a905554c1] 10.0.0.173 "GET /resource_providers/7857c8f4-7313-45f9-8dfe-cf15ee2f047d/aggregates" status: 404 len: 235 microversion: 1.1 [pid: 7|app: 0|req: 320/643] 10.0.0.173 () {32 vars in 816 bytes} [Tue Jul 14 18:49:30 2026] GET /resource_providers/7857c8f4-7313-45f9-8dfe-cf15ee2f047d/aggregates => generated 235 bytes in 327 msecs (HTTP/1.1 404) 5 headers in 202 bytes (1 switches on core 0)
2026-07-14 18:49:31.262 8 INFO placement.requestlog [None req-cfddfcd2-dbb8-49d5-aba4-49053515ce3c 0f8821ad58be4735a2dc2179c070d9d7 3e579d71e3e8408582ca74431bb6573a - - c880922d28a54b0891316d6a905554c1 c880922d28a54b0891316d6a905554c1] 10.0.0.173 "DELETE /resource_providers/7857c8f4-7313-45f9-8dfe-cf15ee2f047d" status: 404 len: 246 microversion: 1.1 [pid: 8|app: 0|req: 324/644] 10.0.0.173 () {34 vars in 816 bytes} [Tue Jul 14 18:49:31 2026] DELETE /resource_providers/7857c8f4-7313-45f9-8dfe-cf15ee2f047d => generated 246 bytes in 15 msecs (HTTP/1.1 404) 6 headers in 231 bytes (1 switches on core 0)
2026-07-14 18:49:33.247 7 INFO placement.requestlog [None req-5e00631a-7bc7-4d33-bfaf-14c7c0ec161e 0f8821ad58be4735a2dc2179c070d9d7 3e579d71e3e8408582ca74431bb6573a - - c880922d28a54b0891316d6a905554c1 c880922d28a54b0891316d6a905554c1] 10.0.0.173 "GET /resource_providers/c3e16a9b-17a4-4111-9065-1d93c24de23a/aggregates" status: 404 len: 235 microversion: 1.1 [pid: 7|app: 0|req: 321/645] 10.0.0.173 () {32 vars in 816 bytes} [Tue Jul 14 18:49:33 2026] GET /resource_providers/c3e16a9b-17a4-4111-9065-1d93c24de23a/aggregates => generated 235 bytes in 12 msecs (HTTP/1.1 404) 5 headers in 202 bytes (1 switches on core 0)
2026-07-14 18:49:33.288 7 INFO placement.requestlog [None req-486d61e5-c40a-4b7b-9e98-28af730655b9 0f8821ad58be4735a2dc2179c070d9d7 3e579d71e3e8408582ca74431bb6573a - - c880922d28a54b0891316d6a905554c1 c880922d28a54b0891316d6a905554c1] 10.0.0.173 "GET /resource_providers/c3e16a9b-17a4-4111-9065-1d93c24de23a/aggregates" status: 404 len: 235 microversion: 1.1 [pid: 7|app: 0|req: 322/646] 10.0.0.173 () {32 vars in 816 bytes} [Tue Jul 14 18:49:33 2026] GET /resource_providers/c3e16a9b-17a4-4111-9065-1d93c24de23a/aggregates => generated 235 bytes in 14 msecs (HTTP/1.1 404) 5 headers in 202 bytes (1 switches on core 0)
2026-07-14 18:49:33.287 8 INFO placement.requestlog [None req-6d4d9cb9-311c-4aee-b962-55af04048e65 0f8821ad58be4735a2dc2179c070d9d7 3e579d71e3e8408582ca74431bb6573a - - c880922d28a54b0891316d6a905554c1 c880922d28a54b0891316d6a905554c1] 10.0.0.173 "DELETE /resource_providers/c3e16a9b-17a4-4111-9065-1d93c24de23a" status: 404 len: 246 microversion: 1.1 [pid: 8|app: 0|req: 325/647] 10.0.0.173 () {34 vars in 816 bytes} [Tue Jul 14 18:49:33 2026] DELETE /resource_providers/c3e16a9b-17a4-4111-9065-1d93c24de23a => generated 246 bytes in 15 msecs (HTTP/1.1 404) 6 headers in 231 bytes (1 switches on core 0)
2026-07-14 18:49:33.307 7 INFO placement.requestlog [None req-aecf5c0f-7dd8-4386-a6f8-baf608bb04e1 0f8821ad58be4735a2dc2179c070d9d7 3e579d71e3e8408582ca74431bb6573a - - c880922d28a54b0891316d6a905554c1 c880922d28a54b0891316d6a905554c1] 10.0.0.173 "DELETE /resource_providers/c3e16a9b-17a4-4111-9065-1d93c24de23a" status: 404 len: 246 microversion: 1.1 [pid: 7|app: 0|req: 323/648] 10.0.0.173 () {34 vars in 816 bytes} [Tue Jul 14 18:49:33 2026] DELETE /resource_providers/c3e16a9b-17a4-4111-9065-1d93c24de23a => generated 246 bytes in 10 msecs (HTTP/1.1 404) 6 headers in 231 bytes (1 switches on core 0)
2026-07-14 18:49:36.922 8 INFO placement.requestlog [None req-69eb5f00-c073-4757-8380-19020ca45f8c 0f8821ad58be4735a2dc2179c070d9d7 3e579d71e3e8408582ca74431bb6573a - - c880922d28a54b0891316d6a905554c1 c880922d28a54b0891316d6a905554c1] 10.0.0.173 "GET /resource_providers/e1a4c441-3ab3-4eba-aabc-02934adac8b7/aggregates" status: 404 len: 235 microversion: 1.1 [pid: 8|app: 0|req: 326/649] 10.0.0.173 () {32 vars in 816 bytes} [Tue Jul 14 18:49:36 2026] GET /resource_providers/e1a4c441-3ab3-4eba-aabc-02934adac8b7/aggregates => generated 235 bytes in 281 msecs (HTTP/1.1 404) 5 headers in 202 bytes (1 switches on core 0)
2026-07-14 18:49:36.946 7 INFO placement.requestlog [None req-2bac79a0-beaa-4933-8660-d6212f2a05f7 0f8821ad58be4735a2dc2179c070d9d7 3e579d71e3e8408582ca74431bb6573a - - c880922d28a54b0891316d6a905554c1 c880922d28a54b0891316d6a905554c1] 10.0.0.173 "GET /resource_providers/e1a4c441-3ab3-4eba-aabc-02934adac8b7/aggregates" status: 404 len: 235 microversion: 1.1 [pid: 7|app: 0|req: 324/650] 10.0.0.173 () {32 vars in 816 bytes} [Tue Jul 14 18:49:36 2026] GET /resource_providers/e1a4c441-3ab3-4eba-aabc-02934adac8b7/aggregates => generated 235 bytes in 260 msecs (HTTP/1.1 404) 5 headers in 202 bytes (1 switches on core 0)
2026-07-14 18:49:36.947 8 INFO placement.requestlog [None req-536ff29f-c571-481d-9f1a-a17361cbbfb6 0f8821ad58be4735a2dc2179c070d9d7 3e579d71e3e8408582ca74431bb6573a - - c880922d28a54b0891316d6a905554c1 c880922d28a54b0891316d6a905554c1] 10.0.0.173 "DELETE /resource_providers/e1a4c441-3ab3-4eba-aabc-02934adac8b7" status: 404 len: 246 microversion: 1.1 [pid: 8|app: 0|req: 327/651] 10.0.0.173 () {34 vars in 816 bytes} [Tue Jul 14 18:49:36 2026] DELETE /resource_providers/e1a4c441-3ab3-4eba-aabc-02934adac8b7 => generated 246 bytes in 18 msecs (HTTP/1.1 404) 6 headers in 231 bytes (1 switches on core 0)
2026-07-14 18:49:36.980 7 INFO placement.requestlog [None req-f787eff2-bb41-4ac6-ad94-9aff7ffbf446 0f8821ad58be4735a2dc2179c070d9d7 3e579d71e3e8408582ca74431bb6573a - - c880922d28a54b0891316d6a905554c1 c880922d28a54b0891316d6a905554c1] 10.0.0.173 "DELETE /resource_providers/e1a4c441-3ab3-4eba-aabc-02934adac8b7" status: 404 len: 246 microversion: 1.1 [pid: 7|app: 0|req: 325/652] 10.0.0.173 () {34 vars in 816 bytes} [Tue Jul 14 18:49:36 2026] DELETE /resource_providers/e1a4c441-3ab3-4eba-aabc-02934adac8b7 => generated 246 bytes in 16 msecs (HTTP/1.1 404) 6 headers in 231 bytes (1 switches on core 0)
2026-07-14 18:49:38.983 8 INFO placement.requestlog [None req-44a3963f-19b9-4cdb-969e-c318f0e15404 0f8821ad58be4735a2dc2179c070d9d7 3e579d71e3e8408582ca74431bb6573a - - c880922d28a54b0891316d6a905554c1 c880922d28a54b0891316d6a905554c1] 10.0.0.173 "GET /resource_providers/34df5309-3f90-4f0b-a9de-b2314dfb5b64/aggregates" status: 404 len: 235 microversion: 1.1 [pid: 8|app: 0|req: 328/653] 10.0.0.173 () {32 vars in 816 bytes} [Tue Jul 14 18:49:38 2026] GET /resource_providers/34df5309-3f90-4f0b-a9de-b2314dfb5b64/aggregates => generated 235 bytes in 13 msecs (HTTP/1.1 404) 5 headers in 202 bytes (1 switches on core 0)
2026-07-14 18:49:39.003 7 INFO placement.requestlog [None req-db95db20-22c7-4f2b-8e00-4a8c8483c981 0f8821ad58be4735a2dc2179c070d9d7 3e579d71e3e8408582ca74431bb6573a - - c880922d28a54b0891316d6a905554c1 c880922d28a54b0891316d6a905554c1] 10.0.0.173 "GET /resource_providers/34df5309-3f90-4f0b-a9de-b2314dfb5b64/aggregates" status: 404 len: 235 microversion: 1.1 [pid: 7|app: 0|req: 326/654] 10.0.0.173 () {32 vars in 816 bytes} [Tue Jul 14 18:49:38 2026] GET /resource_providers/34df5309-3f90-4f0b-a9de-b2314dfb5b64/aggregates => generated 235 bytes in 16 msecs (HTTP/1.1 404) 5 headers in 202 bytes (1 switches on core 0)
2026-07-14 18:49:39.010 8 INFO placement.requestlog [None req-194ee964-077c-4599-bd77-ea27f27c6361 0f8821ad58be4735a2dc2179c070d9d7 3e579d71e3e8408582ca74431bb6573a - - c880922d28a54b0891316d6a905554c1 c880922d28a54b0891316d6a905554c1] 10.0.0.173 "DELETE /resource_providers/34df5309-3f90-4f0b-a9de-b2314dfb5b64" status: 404 len: 246 microversion: 1.1 [pid: 8|app: 0|req: 329/655] 10.0.0.173 () {34 vars in 816 bytes} [Tue Jul 14 18:49:38 2026] DELETE /resource_providers/34df5309-3f90-4f0b-a9de-b2314dfb5b64 => generated 246 bytes in 14 msecs (HTTP/1.1 404) 6 headers in 231 bytes (1 switches on core 0)
2026-07-14 18:49:39.027 7 INFO placement.requestlog [None req-0a6c7284-e9fe-421b-8aa1-113c125df3b2 0f8821ad58be4735a2dc2179c070d9d7 3e579d71e3e8408582ca74431bb6573a - - c880922d28a54b0891316d6a905554c1 c880922d28a54b0891316d6a905554c1] 10.0.0.173 "DELETE /resource_providers/34df5309-3f90-4f0b-a9de-b2314dfb5b64" status: 404 len: 246 microversion: 1.1 [pid: 7|app: 0|req: 327/656] 10.0.0.173 () {34 vars in 816 bytes} [Tue Jul 14 18:49:39 2026] DELETE /resource_providers/34df5309-3f90-4f0b-a9de-b2314dfb5b64 => generated 246 bytes in 10 msecs (HTTP/1.1 404) 6 headers in 231 bytes (1 switches on core 0)
2026-07-14 18:49:39.430 8 INFO placement.requestlog [req-3eb62e55-97ee-4671-82d2-c65fb6eb119c req-f61d466d-588f-4569-b6e7-db6952bb6ce1 05f8750282224c64b69459af9b7b3f1a 3e579d71e3e8408582ca74431bb6573a - - c880922d28a54b0891316d6a905554c1 c880922d28a54b0891316d6a905554c1] 199.204.45.4 "GET /resource_providers/4709122f-a091-4886-937d-b2bb89075ca2/allocations" status: 200 len: 152 microversion: 1.0 [pid: 8|app: 0|req: 330/657] 199.204.45.4 () {32 vars in 855 bytes} [Tue Jul 14 18:49:39 2026] GET /resource_providers/4709122f-a091-4886-937d-b2bb89075ca2/allocations => generated 152 bytes in 19 msecs (HTTP/1.1 200) 6 headers in 224 bytes (1 switches on core 0)
2026-07-14 18:49:39.462 7 INFO placement.requestlog [req-3eb62e55-97ee-4671-82d2-c65fb6eb119c req-6f652ff8-4be1-4527-8ba5-c9841a880499 05f8750282224c64b69459af9b7b3f1a 3e579d71e3e8408582ca74431bb6573a - - c880922d28a54b0891316d6a905554c1 c880922d28a54b0891316d6a905554c1] 199.204.45.4 "GET /resource_providers/4709122f-a091-4886-937d-b2bb89075ca2/allocations" status: 200 len: 152 microversion: 1.0 [pid: 7|app: 0|req: 328/658] 199.204.45.4 () {32 vars in 855 bytes} [Tue Jul 14 18:49:39 2026] GET /resource_providers/4709122f-a091-4886-937d-b2bb89075ca2/allocations => generated 152 bytes in 17 msecs (HTTP/1.1 200) 6 headers in 224 bytes (1 switches on core 0)
2026-07-14 18:49:39.503 8 INFO placement.requestlog [req-3eb62e55-97ee-4671-82d2-c65fb6eb119c req-6b5ac565-fc19-4a5e-9ef8-a33d0afadfdb 05f8750282224c64b69459af9b7b3f1a 3e579d71e3e8408582ca74431bb6573a - - c880922d28a54b0891316d6a905554c1 c880922d28a54b0891316d6a905554c1] 199.204.45.4 "GET /allocations/5042943a-3cf3-4711-be15-44fc55999a16" status: 200 len: 257 microversion: 1.28 [pid: 8|app: 0|req: 331/659] 199.204.45.4 () {34 vars in 861 bytes} [Tue Jul 14 18:49:39 2026] GET /allocations/5042943a-3cf3-4711-be15-44fc55999a16 => generated 257 bytes in 24 msecs (HTTP/1.1 200) 8 headers in 296 bytes (1 switches on core 0)
2026-07-14 18:49:39.545 7 INFO placement.requestlog [None req-453455bb-9e73-451f-be5b-25559fc24ca9 - - - - - -] 10.0.0.115 "GET /" status: 200 len: 136 microversion: 1.0
2026-07-14 18:49:39.545 8 INFO placement.requestlog [None req-02296ecb-a032-4459-bd00-06fa5ffce9db - - - - - -] 10.0.0.115 "GET /" status: 200 len: 136 microversion: 1.0
2026-07-14 18:49:44.738 7 INFO placement.requestlog [req-d2a8b2ab-ec64-4454-acfc-af6745d0793a req-3aad4b3a-a6a4-435f-96ab-c91f186b80ae 05f8750282224c64b69459af9b7b3f1a 3e579d71e3e8408582ca74431bb6573a - - c880922d28a54b0891316d6a905554c1 c880922d28a54b0891316d6a905554c1] 199.204.45.4 "GET /resource_providers/4709122f-a091-4886-937d-b2bb89075ca2/allocations" status: 200 len: 152 microversion: 1.0 [pid: 7|app: 0|req: 330/662] 199.204.45.4 () {32 vars in 855 bytes} [Tue Jul 14 18:49:44 2026] GET /resource_providers/4709122f-a091-4886-937d-b2bb89075ca2/allocations => generated 152 bytes in 18 msecs (HTTP/1.1 200) 6 headers in 224 bytes (1 switches on core 0)
2026-07-14 18:49:44.769 8 INFO placement.requestlog [req-d2a8b2ab-ec64-4454-acfc-af6745d0793a req-68b93b25-dcab-4ef9-bed6-7cadc886a70f 05f8750282224c64b69459af9b7b3f1a 3e579d71e3e8408582ca74431bb6573a - - c880922d28a54b0891316d6a905554c1 c880922d28a54b0891316d6a905554c1] 199.204.45.4 "GET /allocations/5042943a-3cf3-4711-be15-44fc55999a16" status: 200 len: 257 microversion: 1.28 [pid: 8|app: 0|req: 333/663] 199.204.45.4 () {34 vars in 861 bytes} [Tue Jul 14 18:49:44 2026] GET /allocations/5042943a-3cf3-4711-be15-44fc55999a16 => generated 257 bytes in 16 msecs (HTTP/1.1 200) 8 headers in 296 bytes (1 switches on core 0)
2026-07-14 18:49:44.879 7 INFO placement.requestlog [req-d2a8b2ab-ec64-4454-acfc-af6745d0793a req-1ec19da7-f0b8-4cbb-88c4-844116bca515 05f8750282224c64b69459af9b7b3f1a 3e579d71e3e8408582ca74431bb6573a - - c880922d28a54b0891316d6a905554c1 c880922d28a54b0891316d6a905554c1] 199.204.45.4 "DELETE /allocations/5042943a-3cf3-4711-be15-44fc55999a16" status: 204 len: 0 microversion: 1.0 [pid: 7|app: 0|req: 331/664] 199.204.45.4 () {34 vars in 839 bytes} [Tue Jul 14 18:49:44 2026] DELETE /allocations/5042943a-3cf3-4711-be15-44fc55999a16 => generated 0 bytes in 36 msecs (HTTP/1.1 204) 5 headers in 198 bytes (1 switches on core 0)
2026-07-14 18:49:46.578 8 INFO placement.requestlog [req-d8bc5f2f-bdba-482b-8916-bd4a6817f9bc req-508cc375-2672-4552-88cf-25c97a71563e 05f8750282224c64b69459af9b7b3f1a 3e579d71e3e8408582ca74431bb6573a - - c880922d28a54b0891316d6a905554c1 c880922d28a54b0891316d6a905554c1] 10.0.0.94 "GET /allocation_candidates?limit=1000&resources=DISK_GB%3A1%2CMEMORY_MB%3A512%2CVCPU%3A1&root_required=%21COMPUTE_STATUS_DISABLED" status: 200 len: 2147 microversion: 1.36 [pid: 8|app: 0|req: 334/665] 10.0.0.94 () {34 vars in 1011 bytes} [Tue Jul 14 18:49:46 2026] GET /allocation_candidates?limit=1000&resources=DISK_GB%3A1%2CMEMORY_MB%3A512%2CVCPU%3A1&root_required=%21COMPUTE_STATUS_DISABLED => generated 2147 bytes in 65 msecs (HTTP/1.1 200) 8 headers in 297 bytes (1 switches on core 0)
2026-07-14 18:49:46.629 7 INFO placement.requestlog [req-d8bc5f2f-bdba-482b-8916-bd4a6817f9bc req-2bfe3a40-2273-4282-91b0-b585236460cd 05f8750282224c64b69459af9b7b3f1a 3e579d71e3e8408582ca74431bb6573a - - c880922d28a54b0891316d6a905554c1 c880922d28a54b0891316d6a905554c1] 10.0.0.94 "GET /allocations/74873237-ea04-4baa-823a-0e777dcb13e0" status: 200 len: 19 microversion: 1.28 [pid: 7|app: 0|req: 332/666] 10.0.0.94 () {34 vars in 860 bytes} [Tue Jul 14 18:49:46 2026] GET /allocations/74873237-ea04-4baa-823a-0e777dcb13e0 => generated 19 bytes in 18 msecs (HTTP/1.1 200) 8 headers in 295 bytes (1 switches on core 0)
2026-07-14 18:49:46.715 8 INFO placement.requestlog [req-d8bc5f2f-bdba-482b-8916-bd4a6817f9bc req-9acf5e25-a549-46f9-9ca5-edc4c8bb346d 05f8750282224c64b69459af9b7b3f1a 3e579d71e3e8408582ca74431bb6573a - - c880922d28a54b0891316d6a905554c1 c880922d28a54b0891316d6a905554c1] 10.0.0.94 "PUT /allocations/74873237-ea04-4baa-823a-0e777dcb13e0" status: 204 len: 0 microversion: 1.36 [pid: 8|app: 0|req: 335/667] 10.0.0.94 () {38 vars in 913 bytes} [Tue Jul 14 18:49:46 2026] PUT /allocations/74873237-ea04-4baa-823a-0e777dcb13e0 => generated 0 bytes in 77 msecs (HTTP/1.1 204) 5 headers in 199 bytes (1 switches on core 0)
2026-07-14 18:49:47.097 7 INFO placement.requestlog [req-d8bc5f2f-bdba-482b-8916-bd4a6817f9bc req-d97c3907-c6d2-46bb-9272-52c51a354c90 05f8750282224c64b69459af9b7b3f1a 3e579d71e3e8408582ca74431bb6573a - - c880922d28a54b0891316d6a905554c1 c880922d28a54b0891316d6a905554c1] 199.204.45.4 "GET /allocations/74873237-ea04-4baa-823a-0e777dcb13e0" status: 200 len: 257 microversion: 1.28 [pid: 7|app: 0|req: 333/668] 199.204.45.4 () {34 vars in 861 bytes} [Tue Jul 14 18:49:47 2026] GET /allocations/74873237-ea04-4baa-823a-0e777dcb13e0 => generated 257 bytes in 33 msecs (HTTP/1.1 200) 8 headers in 296 bytes (1 switches on core 0)
2026-07-14 18:49:47.242 8 INFO placement.requestlog [req-d8bc5f2f-bdba-482b-8916-bd4a6817f9bc req-2091ea78-f108-401f-9cf3-05b15ab3d2af 05f8750282224c64b69459af9b7b3f1a 3e579d71e3e8408582ca74431bb6573a - - c880922d28a54b0891316d6a905554c1 c880922d28a54b0891316d6a905554c1] 199.204.45.4 "GET /resource_providers/4709122f-a091-4886-937d-b2bb89075ca2/allocations" status: 200 len: 152 microversion: 1.0 [pid: 8|app: 0|req: 336/669] 199.204.45.4 () {32 vars in 855 bytes} [Tue Jul 14 18:49:47 2026] GET /resource_providers/4709122f-a091-4886-937d-b2bb89075ca2/allocations => generated 152 bytes in 32 msecs (HTTP/1.1 200) 6 headers in 224 bytes (1 switches on core 0)
2026-07-14 18:49:47.271 7 INFO placement.requestlog [req-d8bc5f2f-bdba-482b-8916-bd4a6817f9bc req-a05d3da9-bd25-40c7-9158-c6b55a15bf52 05f8750282224c64b69459af9b7b3f1a 3e579d71e3e8408582ca74431bb6573a - - c880922d28a54b0891316d6a905554c1 c880922d28a54b0891316d6a905554c1] 199.204.45.4 "GET /allocations/74873237-ea04-4baa-823a-0e777dcb13e0" status: 200 len: 257 microversion: 1.28 [pid: 7|app: 0|req: 334/670] 199.204.45.4 () {34 vars in 861 bytes} [Tue Jul 14 18:49:47 2026] GET /allocations/74873237-ea04-4baa-823a-0e777dcb13e0 => generated 257 bytes in 22 msecs (HTTP/1.1 200) 8 headers in 296 bytes (1 switches on core 0)
2026-07-14 18:49:49.217 8 INFO placement.requestlog [None req-31052ac1-ffb5-4a54-b82c-78c5046d2a42 0f8821ad58be4735a2dc2179c070d9d7 3e579d71e3e8408582ca74431bb6573a - - c880922d28a54b0891316d6a905554c1 c880922d28a54b0891316d6a905554c1] 10.0.0.173 "GET /resource_providers/a91f4b3d-42bc-4ce9-9313-c497c74135d7/aggregates" status: 404 len: 235 microversion: 1.1 [pid: 8|app: 0|req: 337/671] 10.0.0.173 () {32 vars in 816 bytes} [Tue Jul 14 18:49:49 2026] GET /resource_providers/a91f4b3d-42bc-4ce9-9313-c497c74135d7/aggregates => generated 235 bytes in 15 msecs (HTTP/1.1 404) 5 headers in 202 bytes (1 switches on core 0)
2026-07-14 18:49:49.222 7 INFO placement.requestlog [None req-a6dbcf85-5a5e-4ea4-b5ef-084aaf0a1656 0f8821ad58be4735a2dc2179c070d9d7 3e579d71e3e8408582ca74431bb6573a - - c880922d28a54b0891316d6a905554c1 c880922d28a54b0891316d6a905554c1] 10.0.0.173 "GET /resource_providers/a91f4b3d-42bc-4ce9-9313-c497c74135d7/aggregates" status: 404 len: 235 microversion: 1.1 [pid: 7|app: 0|req: 335/672] 10.0.0.173 () {32 vars in 816 bytes} [Tue Jul 14 18:49:49 2026] GET /resource_providers/a91f4b3d-42bc-4ce9-9313-c497c74135d7/aggregates => generated 235 bytes in 15 msecs (HTTP/1.1 404) 5 headers in 202 bytes (1 switches on core 0)
2026-07-14 18:49:49.245 8 INFO placement.requestlog [None req-1ac4445e-6955-41e4-a212-7acd28e0c5fb 0f8821ad58be4735a2dc2179c070d9d7 3e579d71e3e8408582ca74431bb6573a - - c880922d28a54b0891316d6a905554c1 c880922d28a54b0891316d6a905554c1] 10.0.0.173 "DELETE /resource_providers/a91f4b3d-42bc-4ce9-9313-c497c74135d7" status: 404 len: 246 microversion: 1.1 [pid: 8|app: 0|req: 338/673] 10.0.0.173 () {34 vars in 816 bytes} [Tue Jul 14 18:49:49 2026] DELETE /resource_providers/a91f4b3d-42bc-4ce9-9313-c497c74135d7 => generated 246 bytes in 10 msecs (HTTP/1.1 404) 6 headers in 231 bytes (1 switches on core 0)
2026-07-14 18:49:49.248 7 INFO placement.requestlog [None req-9c488c17-5769-44e8-9811-017f28cd9be5 0f8821ad58be4735a2dc2179c070d9d7 3e579d71e3e8408582ca74431bb6573a - - c880922d28a54b0891316d6a905554c1 c880922d28a54b0891316d6a905554c1] 10.0.0.173 "DELETE /resource_providers/a91f4b3d-42bc-4ce9-9313-c497c74135d7" status: 404 len: 246 microversion: 1.1 [pid: 7|app: 0|req: 336/674] 10.0.0.173 () {34 vars in 816 bytes} [Tue Jul 14 18:49:49 2026] DELETE /resource_providers/a91f4b3d-42bc-4ce9-9313-c497c74135d7 => generated 246 bytes in 13 msecs (HTTP/1.1 404) 6 headers in 231 bytes (1 switches on core 0)
2026-07-14 18:49:49.546 8 INFO placement.requestlog [None req-94b2d1b2-5048-46b9-8a99-768f1221c44e - - - - - -] 10.0.0.115 "GET /" status: 200 len: 136 microversion: 1.0
2026-07-14 18:49:49.547 7 INFO placement.requestlog [None req-fd19e8b6-fee9-4fe7-ac9b-577c39bf8768 - - - - - -] 10.0.0.115 "GET /" status: 200 len: 136 microversion: 1.0
2026-07-14 18:49:49.668 8 INFO placement.requestlog [None req-1d98cb34-af8d-4c33-9338-2a3260394630 0f8821ad58be4735a2dc2179c070d9d7 3e579d71e3e8408582ca74431bb6573a - - c880922d28a54b0891316d6a905554c1 c880922d28a54b0891316d6a905554c1] 10.0.0.173 "GET /resource_providers/6ed689f1-2176-47e9-98b7-83a8313358b8/aggregates" status: 404 len: 235 microversion: 1.1 [pid: 8|app: 0|req: 340/677] 10.0.0.173 () {32 vars in 816 bytes} [Tue Jul 14 18:49:49 2026] GET /resource_providers/6ed689f1-2176-47e9-98b7-83a8313358b8/aggregates => generated 235 bytes in 14 msecs (HTTP/1.1 404) 5 headers in 202 bytes (1 switches on core 0)
2026-07-14 18:49:49.669 7 INFO placement.requestlog [None req-515f2e80-1700-4bfc-b00b-07fc064d31ea 0f8821ad58be4735a2dc2179c070d9d7 3e579d71e3e8408582ca74431bb6573a - - c880922d28a54b0891316d6a905554c1 c880922d28a54b0891316d6a905554c1] 10.0.0.173 "GET /resource_providers/6ed689f1-2176-47e9-98b7-83a8313358b8/aggregates" status: 404 len: 235 microversion: 1.1 [pid: 7|app: 0|req: 338/678] 10.0.0.173 () {32 vars in 816 bytes} [Tue Jul 14 18:49:49 2026] GET /resource_providers/6ed689f1-2176-47e9-98b7-83a8313358b8/aggregates => generated 235 bytes in 15 msecs (HTTP/1.1 404) 5 headers in 202 bytes (1 switches on core 0)
2026-07-14 18:49:49.699 8 INFO placement.requestlog [None req-1973d62f-fad0-41e7-b1d1-44953e9f1b17 0f8821ad58be4735a2dc2179c070d9d7 3e579d71e3e8408582ca74431bb6573a - - c880922d28a54b0891316d6a905554c1 c880922d28a54b0891316d6a905554c1] 10.0.0.173 "DELETE /resource_providers/6ed689f1-2176-47e9-98b7-83a8313358b8" status: 404 len: 246 microversion: 1.1 [pid: 8|app: 0|req: 341/679] 10.0.0.173 () {34 vars in 816 bytes} [Tue Jul 14 18:49:49 2026] DELETE /resource_providers/6ed689f1-2176-47e9-98b7-83a8313358b8 => generated 246 bytes in 10 msecs (HTTP/1.1 404) 6 headers in 231 bytes (1 switches on core 0)
2026-07-14 18:49:49.705 7 INFO placement.requestlog [None req-2bd8814e-8568-4557-a904-7b9bfa8b65bc 0f8821ad58be4735a2dc2179c070d9d7 3e579d71e3e8408582ca74431bb6573a - - c880922d28a54b0891316d6a905554c1 c880922d28a54b0891316d6a905554c1] 10.0.0.173 "DELETE /resource_providers/6ed689f1-2176-47e9-98b7-83a8313358b8" status: 404 len: 246 microversion: 1.1 [pid: 7|app: 0|req: 339/680] 10.0.0.173 () {34 vars in 816 bytes} [Tue Jul 14 18:49:49 2026] DELETE /resource_providers/6ed689f1-2176-47e9-98b7-83a8313358b8 => generated 246 bytes in 16 msecs (HTTP/1.1 404) 6 headers in 231 bytes (1 switches on core 0)
2026-07-14 18:49:51.265 8 INFO placement.requestlog [None req-5e19d936-dcdd-45e2-af3b-92978333c1a4 0f8821ad58be4735a2dc2179c070d9d7 3e579d71e3e8408582ca74431bb6573a - - c880922d28a54b0891316d6a905554c1 c880922d28a54b0891316d6a905554c1] 10.0.0.173 "GET /resource_providers/b6d72e30-20b4-474c-9c7f-9dc8f571c19d/aggregates" status: 404 len: 235 microversion: 1.1 [pid: 8|app: 0|req: 342/681] 10.0.0.173 () {32 vars in 816 bytes} [Tue Jul 14 18:49:51 2026] GET /resource_providers/b6d72e30-20b4-474c-9c7f-9dc8f571c19d/aggregates => generated 235 bytes in 11 msecs (HTTP/1.1 404) 5 headers in 202 bytes (1 switches on core 0)
2026-07-14 18:49:51.270 7 INFO placement.requestlog [None req-2c08cd24-7028-4670-9243-9cfbf08c8346 0f8821ad58be4735a2dc2179c070d9d7 3e579d71e3e8408582ca74431bb6573a - - c880922d28a54b0891316d6a905554c1 c880922d28a54b0891316d6a905554c1] 10.0.0.173 "GET /resource_providers/b6d72e30-20b4-474c-9c7f-9dc8f571c19d/aggregates" status: 404 len: 235 microversion: 1.1 [pid: 7|app: 0|req: 340/682] 10.0.0.173 () {32 vars in 816 bytes} [Tue Jul 14 18:49:51 2026] GET /resource_providers/b6d72e30-20b4-474c-9c7f-9dc8f571c19d/aggregates => generated 235 bytes in 11 msecs (HTTP/1.1 404) 5 headers in 202 bytes (1 switches on core 0)
2026-07-14 18:49:51.290 8 INFO placement.requestlog [None req-350d1a1a-c1b4-400d-a182-b988100f98b5 0f8821ad58be4735a2dc2179c070d9d7 3e579d71e3e8408582ca74431bb6573a - - c880922d28a54b0891316d6a905554c1 c880922d28a54b0891316d6a905554c1] 10.0.0.173 "DELETE /resource_providers/b6d72e30-20b4-474c-9c7f-9dc8f571c19d" status: 404 len: 246 microversion: 1.1 [pid: 8|app: 0|req: 343/683] 10.0.0.173 () {34 vars in 816 bytes} [Tue Jul 14 18:49:51 2026] DELETE /resource_providers/b6d72e30-20b4-474c-9c7f-9dc8f571c19d => generated 246 bytes in 18 msecs (HTTP/1.1 404) 6 headers in 231 bytes (1 switches on core 0)
2026-07-14 18:49:51.295 7 INFO placement.requestlog [None req-3e8787f8-0f21-4751-be25-42feaf09d68d 0f8821ad58be4735a2dc2179c070d9d7 3e579d71e3e8408582ca74431bb6573a - - c880922d28a54b0891316d6a905554c1 c880922d28a54b0891316d6a905554c1] 10.0.0.173 "DELETE /resource_providers/b6d72e30-20b4-474c-9c7f-9dc8f571c19d" status: 404 len: 246 microversion: 1.1 [pid: 7|app: 0|req: 341/684] 10.0.0.173 () {34 vars in 816 bytes} [Tue Jul 14 18:49:51 2026] DELETE /resource_providers/b6d72e30-20b4-474c-9c7f-9dc8f571c19d => generated 246 bytes in 16 msecs (HTTP/1.1 404) 6 headers in 231 bytes (1 switches on core 0)
2026-07-14 18:49:53.314 8 INFO placement.requestlog [None req-36d41ad5-99ab-4fb4-bf43-09d6e514e6ee 0f8821ad58be4735a2dc2179c070d9d7 3e579d71e3e8408582ca74431bb6573a - - c880922d28a54b0891316d6a905554c1 c880922d28a54b0891316d6a905554c1] 10.0.0.173 "GET /resource_providers/0e495bcc-36fd-4098-b1a3-13b71cd9fe2c/aggregates" status: 404 len: 235 microversion: 1.1 [pid: 8|app: 0|req: 344/685] 10.0.0.173 () {32 vars in 816 bytes} [Tue Jul 14 18:49:53 2026] GET /resource_providers/0e495bcc-36fd-4098-b1a3-13b71cd9fe2c/aggregates => generated 235 bytes in 12 msecs (HTTP/1.1 404) 5 headers in 202 bytes (1 switches on core 0)
2026-07-14 18:49:53.323 7 INFO placement.requestlog [None req-c07d7cb8-4db8-4f7c-a470-65aa871fec88 0f8821ad58be4735a2dc2179c070d9d7 3e579d71e3e8408582ca74431bb6573a - - c880922d28a54b0891316d6a905554c1 c880922d28a54b0891316d6a905554c1] 10.0.0.173 "GET /resource_providers/0e495bcc-36fd-4098-b1a3-13b71cd9fe2c/aggregates" status: 404 len: 235 microversion: 1.1 [pid: 7|app: 0|req: 342/686] 10.0.0.173 () {32 vars in 816 bytes} [Tue Jul 14 18:49:53 2026] GET /resource_providers/0e495bcc-36fd-4098-b1a3-13b71cd9fe2c/aggregates => generated 235 bytes in 12 msecs (HTTP/1.1 404) 5 headers in 202 bytes (1 switches on core 0)
2026-07-14 18:49:53.337 8 INFO placement.requestlog [None req-520fb7d0-e36a-4fd8-bb39-4c9d68bf8a7d 0f8821ad58be4735a2dc2179c070d9d7 3e579d71e3e8408582ca74431bb6573a - - c880922d28a54b0891316d6a905554c1 c880922d28a54b0891316d6a905554c1] 10.0.0.173 "DELETE /resource_providers/0e495bcc-36fd-4098-b1a3-13b71cd9fe2c" status: 404 len: 246 microversion: 1.1 [pid: 8|app: 0|req: 345/687] 10.0.0.173 () {34 vars in 816 bytes} [Tue Jul 14 18:49:53 2026] DELETE /resource_providers/0e495bcc-36fd-4098-b1a3-13b71cd9fe2c => generated 246 bytes in 14 msecs (HTTP/1.1 404) 6 headers in 231 bytes (1 switches on core 0)
2026-07-14 18:49:53.342 7 INFO placement.requestlog [None req-8ae65eee-8372-4d24-b241-baf6c119ddbd 0f8821ad58be4735a2dc2179c070d9d7 3e579d71e3e8408582ca74431bb6573a - - c880922d28a54b0891316d6a905554c1 c880922d28a54b0891316d6a905554c1] 10.0.0.173 "DELETE /resource_providers/0e495bcc-36fd-4098-b1a3-13b71cd9fe2c" status: 404 len: 246 microversion: 1.1 [pid: 7|app: 0|req: 343/688] 10.0.0.173 () {34 vars in 816 bytes} [Tue Jul 14 18:49:53 2026] DELETE /resource_providers/0e495bcc-36fd-4098-b1a3-13b71cd9fe2c => generated 246 bytes in 10 msecs (HTTP/1.1 404) 6 headers in 231 bytes (1 switches on core 0)
2026-07-14 18:49:53.826 8 INFO placement.requestlog [None req-67075b3f-f8b0-42a5-9c90-ff8c97fc80cf 0f8821ad58be4735a2dc2179c070d9d7 3e579d71e3e8408582ca74431bb6573a - - c880922d28a54b0891316d6a905554c1 c880922d28a54b0891316d6a905554c1] 10.0.0.173 "GET /resource_providers/1ca0900d-e057-4e3f-9ce5-ffbeb0544fd7/aggregates" status: 404 len: 235 microversion: 1.1 [pid: 8|app: 0|req: 346/689] 10.0.0.173 () {32 vars in 816 bytes} [Tue Jul 14 18:49:53 2026] GET /resource_providers/1ca0900d-e057-4e3f-9ce5-ffbeb0544fd7/aggregates => generated 235 bytes in 9 msecs (HTTP/1.1 404) 5 headers in 202 bytes (1 switches on core 0)
2026-07-14 18:49:53.839 7 INFO placement.requestlog [None req-6192c7ee-d0d8-4c3f-89bc-85c1199183db 0f8821ad58be4735a2dc2179c070d9d7 3e579d71e3e8408582ca74431bb6573a - - c880922d28a54b0891316d6a905554c1 c880922d28a54b0891316d6a905554c1] 10.0.0.173 "GET /resource_providers/1ca0900d-e057-4e3f-9ce5-ffbeb0544fd7/aggregates" status: 404 len: 235 microversion: 1.1 [pid: 7|app: 0|req: 344/690] 10.0.0.173 () {32 vars in 816 bytes} [Tue Jul 14 18:49:53 2026] GET /resource_providers/1ca0900d-e057-4e3f-9ce5-ffbeb0544fd7/aggregates => generated 235 bytes in 22 msecs (HTTP/1.1 404) 5 headers in 202 bytes (1 switches on core 0)
2026-07-14 18:49:53.852 8 INFO placement.requestlog [None req-557ffa92-20e9-424e-bdf0-fa627d667f26 0f8821ad58be4735a2dc2179c070d9d7 3e579d71e3e8408582ca74431bb6573a - - c880922d28a54b0891316d6a905554c1 c880922d28a54b0891316d6a905554c1] 10.0.0.173 "DELETE /resource_providers/1ca0900d-e057-4e3f-9ce5-ffbeb0544fd7" status: 404 len: 246 microversion: 1.1 [pid: 8|app: 0|req: 347/691] 10.0.0.173 () {34 vars in 816 bytes} [Tue Jul 14 18:49:53 2026] DELETE /resource_providers/1ca0900d-e057-4e3f-9ce5-ffbeb0544fd7 => generated 246 bytes in 10 msecs (HTTP/1.1 404) 6 headers in 231 bytes (1 switches on core 0)
2026-07-14 18:49:53.873 7 INFO placement.requestlog [None req-4ff4ff1c-2c85-4e90-a537-4cb86d5539b9 0f8821ad58be4735a2dc2179c070d9d7 3e579d71e3e8408582ca74431bb6573a - - c880922d28a54b0891316d6a905554c1 c880922d28a54b0891316d6a905554c1] 10.0.0.173 "DELETE /resource_providers/1ca0900d-e057-4e3f-9ce5-ffbeb0544fd7" status: 404 len: 246 microversion: 1.1 [pid: 7|app: 0|req: 345/692] 10.0.0.173 () {34 vars in 816 bytes} [Tue Jul 14 18:49:53 2026] DELETE /resource_providers/1ca0900d-e057-4e3f-9ce5-ffbeb0544fd7 => generated 246 bytes in 18 msecs (HTTP/1.1 404) 6 headers in 231 bytes (1 switches on core 0)
2026-07-14 18:49:54.058 8 INFO placement.requestlog [req-235ac7ce-f55a-41a6-94e2-958cfaab9a41 req-48c55e74-c33e-4a46-b24b-6168b3deef07 05f8750282224c64b69459af9b7b3f1a 3e579d71e3e8408582ca74431bb6573a - - c880922d28a54b0891316d6a905554c1 c880922d28a54b0891316d6a905554c1] 10.0.0.94 "GET /allocation_candidates?limit=1000&resources=MEMORY_MB%3A512%2CVCPU%3A1&root_required=%21COMPUTE_STATUS_DISABLED" status: 200 len: 2135 microversion: 1.36 [pid: 8|app: 0|req: 348/693] 10.0.0.94 () {34 vars in 983 bytes} [Tue Jul 14 18:49:54 2026] GET /allocation_candidates?limit=1000&resources=MEMORY_MB%3A512%2CVCPU%3A1&root_required=%21COMPUTE_STATUS_DISABLED => generated 2135 bytes in 56 msecs (HTTP/1.1 200) 8 headers in 297 bytes (1 switches on core 0)
2026-07-14 18:49:54.092 7 INFO placement.requestlog [req-235ac7ce-f55a-41a6-94e2-958cfaab9a41 req-2433fcd5-d568-4f85-8d2c-254970752c70 05f8750282224c64b69459af9b7b3f1a 3e579d71e3e8408582ca74431bb6573a - - c880922d28a54b0891316d6a905554c1 c880922d28a54b0891316d6a905554c1] 10.0.0.94 "GET /allocations/e8956152-a67e-4874-9cb4-bd37e53242d4" status: 200 len: 19 microversion: 1.28 [pid: 7|app: 0|req: 346/694] 10.0.0.94 () {34 vars in 860 bytes} [Tue Jul 14 18:49:54 2026] GET /allocations/e8956152-a67e-4874-9cb4-bd37e53242d4 => generated 19 bytes in 15 msecs (HTTP/1.1 200) 8 headers in 295 bytes (1 switches on core 0)
2026-07-14 18:49:54.173 8 INFO placement.requestlog [req-235ac7ce-f55a-41a6-94e2-958cfaab9a41 req-ce2c63dd-0684-401a-99c1-695bb47f0108 05f8750282224c64b69459af9b7b3f1a 3e579d71e3e8408582ca74431bb6573a - - c880922d28a54b0891316d6a905554c1 c880922d28a54b0891316d6a905554c1] 10.0.0.94 "PUT /allocations/e8956152-a67e-4874-9cb4-bd37e53242d4" status: 204 len: 0 microversion: 1.36 [pid: 8|app: 0|req: 349/695] 10.0.0.94 () {38 vars in 913 bytes} [Tue Jul 14 18:49:54 2026] PUT /allocations/e8956152-a67e-4874-9cb4-bd37e53242d4 => generated 0 bytes in 73 msecs (HTTP/1.1 204) 5 headers in 199 bytes (1 switches on core 0)
2026-07-14 18:49:54.580 7 INFO placement.requestlog [req-235ac7ce-f55a-41a6-94e2-958cfaab9a41 req-0b1b7247-732f-4398-999d-f7686d2ef7e2 05f8750282224c64b69459af9b7b3f1a 3e579d71e3e8408582ca74431bb6573a - - c880922d28a54b0891316d6a905554c1 c880922d28a54b0891316d6a905554c1] 199.204.45.4 "GET /allocations/e8956152-a67e-4874-9cb4-bd37e53242d4" status: 200 len: 243 microversion: 1.28 [pid: 7|app: 0|req: 347/696] 199.204.45.4 () {34 vars in 861 bytes} [Tue Jul 14 18:49:54 2026] GET /allocations/e8956152-a67e-4874-9cb4-bd37e53242d4 => generated 243 bytes in 12 msecs (HTTP/1.1 200) 8 headers in 296 bytes (1 switches on core 0)
2026-07-14 18:49:54.722 8 INFO placement.requestlog [req-235ac7ce-f55a-41a6-94e2-958cfaab9a41 req-aeff0131-dde1-49b6-b3a7-77956b99881c 05f8750282224c64b69459af9b7b3f1a 3e579d71e3e8408582ca74431bb6573a - - c880922d28a54b0891316d6a905554c1 c880922d28a54b0891316d6a905554c1] 199.204.45.4 "GET /resource_providers/4709122f-a091-4886-937d-b2bb89075ca2/allocations" status: 200 len: 238 microversion: 1.0 [pid: 8|app: 0|req: 350/697] 199.204.45.4 () {32 vars in 855 bytes} [Tue Jul 14 18:49:54 2026] GET /resource_providers/4709122f-a091-4886-937d-b2bb89075ca2/allocations => generated 238 bytes in 47 msecs (HTTP/1.1 200) 6 headers in 224 bytes (1 switches on core 0)
2026-07-14 18:49:54.747 7 INFO placement.requestlog [req-235ac7ce-f55a-41a6-94e2-958cfaab9a41 req-2978ab9b-7553-44e2-a9c1-78bbb2a69116 05f8750282224c64b69459af9b7b3f1a 3e579d71e3e8408582ca74431bb6573a - - c880922d28a54b0891316d6a905554c1 c880922d28a54b0891316d6a905554c1] 199.204.45.4 "GET /allocations/74873237-ea04-4baa-823a-0e777dcb13e0" status: 200 len: 257 microversion: 1.28 [pid: 7|app: 0|req: 348/698] 199.204.45.4 () {34 vars in 861 bytes} [Tue Jul 14 18:49:54 2026] GET /allocations/74873237-ea04-4baa-823a-0e777dcb13e0 => generated 257 bytes in 15 msecs (HTTP/1.1 200) 8 headers in 296 bytes (1 switches on core 0)
2026-07-14 18:49:54.768 8 INFO placement.requestlog [req-235ac7ce-f55a-41a6-94e2-958cfaab9a41 req-434cb4b2-61b9-49c3-8a13-fd7e77757618 05f8750282224c64b69459af9b7b3f1a 3e579d71e3e8408582ca74431bb6573a - - c880922d28a54b0891316d6a905554c1 c880922d28a54b0891316d6a905554c1] 199.204.45.4 "GET /allocations/e8956152-a67e-4874-9cb4-bd37e53242d4" status: 200 len: 243 microversion: 1.28 [pid: 8|app: 0|req: 351/699] 199.204.45.4 () {34 vars in 861 bytes} [Tue Jul 14 18:49:54 2026] GET /allocations/e8956152-a67e-4874-9cb4-bd37e53242d4 => generated 243 bytes in 13 msecs (HTTP/1.1 200) 8 headers in 296 bytes (1 switches on core 0)
2026-07-14 18:49:59.545 7 INFO placement.requestlog [None req-809e3376-79b0-4a6d-8856-fce2bbfd587f - - - - - -] 10.0.0.115 "GET /" status: 200 len: 136 microversion: 1.0
