2026-07-14 18:51:49.569 8 INFO placement.requestlog [None req-824d8493-d825-4ae1-bd47-284b3773334e 0f8821ad58be4735a2dc2179c070d9d7 3e579d71e3e8408582ca74431bb6573a - - c880922d28a54b0891316d6a905554c1 c880922d28a54b0891316d6a905554c1] 10.0.0.173 "DELETE /resource_providers/18c51b02-1899-4b4f-9941-ee2c5f740905" status: 404 len: 246 microversion: 1.1 [pid: 8|app: 0|req: 480/958] 10.0.0.173 () {34 vars in 816 bytes} [Tue Jul 14 18:51:49 2026] DELETE /resource_providers/18c51b02-1899-4b4f-9941-ee2c5f740905 => generated 246 bytes in 12 msecs (HTTP/1.1 404) 6 headers in 231 bytes (1 switches on core 0)
2026-07-14 18:51:51.976 7 INFO placement.requestlog [None req-0b63f41a-da3f-496c-9d3f-6d2d99451e62 0f8821ad58be4735a2dc2179c070d9d7 3e579d71e3e8408582ca74431bb6573a - - c880922d28a54b0891316d6a905554c1 c880922d28a54b0891316d6a905554c1] 10.0.0.173 "GET /resource_providers/cbb57f56-5647-42fa-af52-5333afbe135f/aggregates" status: 404 len: 235 microversion: 1.1 [pid: 7|app: 0|req: 479/959] 10.0.0.173 () {32 vars in 816 bytes} [Tue Jul 14 18:51:51 2026] GET /resource_providers/cbb57f56-5647-42fa-af52-5333afbe135f/aggregates => generated 235 bytes in 13 msecs (HTTP/1.1 404) 5 headers in 202 bytes (1 switches on core 0)
2026-07-14 18:51:51.978 8 INFO placement.requestlog [None req-b8ca8a12-edd6-4e94-ba1f-bb87e93fa919 0f8821ad58be4735a2dc2179c070d9d7 3e579d71e3e8408582ca74431bb6573a - - c880922d28a54b0891316d6a905554c1 c880922d28a54b0891316d6a905554c1] 10.0.0.173 "GET /resource_providers/cbb57f56-5647-42fa-af52-5333afbe135f/aggregates" status: 404 len: 235 microversion: 1.1 [pid: 8|app: 0|req: 481/960] 10.0.0.173 () {32 vars in 816 bytes} [Tue Jul 14 18:51:51 2026] GET /resource_providers/cbb57f56-5647-42fa-af52-5333afbe135f/aggregates => generated 235 bytes in 14 msecs (HTTP/1.1 404) 5 headers in 202 bytes (1 switches on core 0)
2026-07-14 18:51:52.003 7 INFO placement.requestlog [None req-1dfb2f4c-9181-48b1-bc40-d178679575fa 0f8821ad58be4735a2dc2179c070d9d7 3e579d71e3e8408582ca74431bb6573a - - c880922d28a54b0891316d6a905554c1 c880922d28a54b0891316d6a905554c1] 10.0.0.173 "DELETE /resource_providers/cbb57f56-5647-42fa-af52-5333afbe135f" status: 404 len: 246 microversion: 1.1 [pid: 7|app: 0|req: 480/961] 10.0.0.173 () {34 vars in 816 bytes} [Tue Jul 14 18:51:51 2026] DELETE /resource_providers/cbb57f56-5647-42fa-af52-5333afbe135f => generated 246 bytes in 14 msecs (HTTP/1.1 404) 6 headers in 231 bytes (1 switches on core 0)
2026-07-14 18:51:52.004 8 INFO placement.requestlog [None req-d2389ce9-110a-4fed-9511-6b731e39e05b 0f8821ad58be4735a2dc2179c070d9d7 3e579d71e3e8408582ca74431bb6573a - - c880922d28a54b0891316d6a905554c1 c880922d28a54b0891316d6a905554c1] 10.0.0.173 "DELETE /resource_providers/cbb57f56-5647-42fa-af52-5333afbe135f" status: 404 len: 246 microversion: 1.1 [pid: 8|app: 0|req: 482/962] 10.0.0.173 () {34 vars in 816 bytes} [Tue Jul 14 18:51:51 2026] DELETE /resource_providers/cbb57f56-5647-42fa-af52-5333afbe135f => generated 246 bytes in 15 msecs (HTTP/1.1 404) 6 headers in 231 bytes (1 switches on core 0)
2026-07-14 18:51:52.024 7 INFO placement.requestlog [None req-44f60788-bed8-4736-bd29-7ba657c8576f 0f8821ad58be4735a2dc2179c070d9d7 3e579d71e3e8408582ca74431bb6573a - - c880922d28a54b0891316d6a905554c1 c880922d28a54b0891316d6a905554c1] 10.0.0.173 "GET /resource_providers/9af99658-e199-4094-a5d6-a9ebc12f7ff8/aggregates" status: 404 len: 235 microversion: 1.1 [pid: 7|app: 0|req: 481/963] 10.0.0.173 () {32 vars in 816 bytes} [Tue Jul 14 18:51:52 2026] GET /resource_providers/9af99658-e199-4094-a5d6-a9ebc12f7ff8/aggregates => generated 235 bytes in 10 msecs (HTTP/1.1 404) 5 headers in 202 bytes (1 switches on core 0)
2026-07-14 18:51:52.029 8 INFO placement.requestlog [None req-e61f590c-d3ef-4f34-8e4e-6cfd4f2bd452 0f8821ad58be4735a2dc2179c070d9d7 3e579d71e3e8408582ca74431bb6573a - - c880922d28a54b0891316d6a905554c1 c880922d28a54b0891316d6a905554c1] 10.0.0.173 "GET /resource_providers/9af99658-e199-4094-a5d6-a9ebc12f7ff8/aggregates" status: 404 len: 235 microversion: 1.1 [pid: 8|app: 0|req: 483/964] 10.0.0.173 () {32 vars in 816 bytes} [Tue Jul 14 18:51:52 2026] GET /resource_providers/9af99658-e199-4094-a5d6-a9ebc12f7ff8/aggregates => generated 235 bytes in 15 msecs (HTTP/1.1 404) 5 headers in 202 bytes (1 switches on core 0)
2026-07-14 18:51:52.038 7 INFO placement.requestlog [None req-8b85789a-1379-4a54-9421-657503a583c9 0f8821ad58be4735a2dc2179c070d9d7 3e579d71e3e8408582ca74431bb6573a - - c880922d28a54b0891316d6a905554c1 c880922d28a54b0891316d6a905554c1] 10.0.0.173 "DELETE /resource_providers/9af99658-e199-4094-a5d6-a9ebc12f7ff8" status: 404 len: 246 microversion: 1.1 [pid: 7|app: 0|req: 482/965] 10.0.0.173 () {34 vars in 816 bytes} [Tue Jul 14 18:51:52 2026] DELETE /resource_providers/9af99658-e199-4094-a5d6-a9ebc12f7ff8 => generated 246 bytes in 9 msecs (HTTP/1.1 404) 6 headers in 231 bytes (1 switches on core 0)
2026-07-14 18:51:52.053 7 INFO placement.requestlog [None req-5f42a06b-abfe-4e12-8d2d-180d952de6dd 0f8821ad58be4735a2dc2179c070d9d7 3e579d71e3e8408582ca74431bb6573a - - c880922d28a54b0891316d6a905554c1 c880922d28a54b0891316d6a905554c1] 10.0.0.173 "GET /resource_providers/6043dadd-b262-4b5b-b7e3-3b8175c937c0/aggregates" status: 404 len: 235 microversion: 1.1 [pid: 7|app: 0|req: 483/966] 10.0.0.173 () {32 vars in 816 bytes} [Tue Jul 14 18:51:52 2026] GET /resource_providers/6043dadd-b262-4b5b-b7e3-3b8175c937c0/aggregates => generated 235 bytes in 9 msecs (HTTP/1.1 404) 5 headers in 202 bytes (1 switches on core 0)
2026-07-14 18:51:52.058 8 INFO placement.requestlog [None req-317561b2-caec-48ca-b90e-f724a93463c6 0f8821ad58be4735a2dc2179c070d9d7 3e579d71e3e8408582ca74431bb6573a - - c880922d28a54b0891316d6a905554c1 c880922d28a54b0891316d6a905554c1] 10.0.0.173 "DELETE /resource_providers/9af99658-e199-4094-a5d6-a9ebc12f7ff8" status: 404 len: 246 microversion: 1.1 [pid: 8|app: 0|req: 484/967] 10.0.0.173 () {34 vars in 816 bytes} [Tue Jul 14 18:51:52 2026] DELETE /resource_providers/9af99658-e199-4094-a5d6-a9ebc12f7ff8 => generated 246 bytes in 21 msecs (HTTP/1.1 404) 6 headers in 231 bytes (1 switches on core 0)
2026-07-14 18:51:52.068 7 INFO placement.requestlog [None req-b34667ef-fb34-4c34-89b1-ad372e9f18ba 0f8821ad58be4735a2dc2179c070d9d7 3e579d71e3e8408582ca74431bb6573a - - c880922d28a54b0891316d6a905554c1 c880922d28a54b0891316d6a905554c1] 10.0.0.173 "DELETE /resource_providers/6043dadd-b262-4b5b-b7e3-3b8175c937c0" status: 404 len: 246 microversion: 1.1 [pid: 7|app: 0|req: 484/968] 10.0.0.173 () {34 vars in 816 bytes} [Tue Jul 14 18:51:52 2026] DELETE /resource_providers/6043dadd-b262-4b5b-b7e3-3b8175c937c0 => generated 246 bytes in 9 msecs (HTTP/1.1 404) 6 headers in 231 bytes (1 switches on core 0)
2026-07-14 18:51:52.076 8 INFO placement.requestlog [None req-f1594ff3-f65f-41cd-aa2d-1f251b2f04ac 0f8821ad58be4735a2dc2179c070d9d7 3e579d71e3e8408582ca74431bb6573a - - c880922d28a54b0891316d6a905554c1 c880922d28a54b0891316d6a905554c1] 10.0.0.173 "GET /resource_providers/6043dadd-b262-4b5b-b7e3-3b8175c937c0/aggregates" status: 404 len: 235 microversion: 1.1 [pid: 8|app: 0|req: 485/969] 10.0.0.173 () {32 vars in 816 bytes} [Tue Jul 14 18:51:52 2026] GET /resource_providers/6043dadd-b262-4b5b-b7e3-3b8175c937c0/aggregates => generated 235 bytes in 11 msecs (HTTP/1.1 404) 5 headers in 202 bytes (1 switches on core 0)
2026-07-14 18:51:52.087 7 INFO placement.requestlog [None req-243938c9-c22a-4dff-9d4d-a44c7a0326be 0f8821ad58be4735a2dc2179c070d9d7 3e579d71e3e8408582ca74431bb6573a - - c880922d28a54b0891316d6a905554c1 c880922d28a54b0891316d6a905554c1] 10.0.0.173 "GET /resource_providers/24db9dcd-3b81-4b99-a783-7e5976682c38/aggregates" status: 404 len: 235 microversion: 1.1 [pid: 7|app: 0|req: 485/970] 10.0.0.173 () {32 vars in 816 bytes} [Tue Jul 14 18:51:52 2026] GET /resource_providers/24db9dcd-3b81-4b99-a783-7e5976682c38/aggregates => generated 235 bytes in 13 msecs (HTTP/1.1 404) 5 headers in 202 bytes (1 switches on core 0)
2026-07-14 18:51:52.090 8 INFO placement.requestlog [None req-9daa9313-9794-4e2f-b7aa-ee9c9bc9fe9a 0f8821ad58be4735a2dc2179c070d9d7 3e579d71e3e8408582ca74431bb6573a - - c880922d28a54b0891316d6a905554c1 c880922d28a54b0891316d6a905554c1] 10.0.0.173 "DELETE /resource_providers/6043dadd-b262-4b5b-b7e3-3b8175c937c0" status: 404 len: 246 microversion: 1.1 [pid: 8|app: 0|req: 486/971] 10.0.0.173 () {34 vars in 816 bytes} [Tue Jul 14 18:51:52 2026] DELETE /resource_providers/6043dadd-b262-4b5b-b7e3-3b8175c937c0 => generated 246 bytes in 8 msecs (HTTP/1.1 404) 6 headers in 231 bytes (1 switches on core 0)
2026-07-14 18:51:52.109 7 INFO placement.requestlog [None req-40387695-5bd1-4668-bcda-a78de51e544c 0f8821ad58be4735a2dc2179c070d9d7 3e579d71e3e8408582ca74431bb6573a - - c880922d28a54b0891316d6a905554c1 c880922d28a54b0891316d6a905554c1] 10.0.0.173 "DELETE /resource_providers/24db9dcd-3b81-4b99-a783-7e5976682c38" status: 404 len: 246 microversion: 1.1 [pid: 7|app: 0|req: 486/972] 10.0.0.173 () {34 vars in 816 bytes} [Tue Jul 14 18:51:52 2026] DELETE /resource_providers/24db9dcd-3b81-4b99-a783-7e5976682c38 => generated 246 bytes in 7 msecs (HTTP/1.1 404) 6 headers in 231 bytes (1 switches on core 0)
2026-07-14 18:51:52.113 8 INFO placement.requestlog [None req-54ab1593-3337-42b2-875b-2a3b031ca2a7 0f8821ad58be4735a2dc2179c070d9d7 3e579d71e3e8408582ca74431bb6573a - - c880922d28a54b0891316d6a905554c1 c880922d28a54b0891316d6a905554c1] 10.0.0.173 "GET /resource_providers/24db9dcd-3b81-4b99-a783-7e5976682c38/aggregates" status: 404 len: 235 microversion: 1.1 [pid: 8|app: 0|req: 487/973] 10.0.0.173 () {32 vars in 816 bytes} [Tue Jul 14 18:51:52 2026] GET /resource_providers/24db9dcd-3b81-4b99-a783-7e5976682c38/aggregates => generated 235 bytes in 12 msecs (HTTP/1.1 404) 5 headers in 202 bytes (1 switches on core 0)
2026-07-14 18:51:52.139 7 INFO placement.requestlog [None req-3a91fc21-d944-45a9-ad3f-52727f55441a 0f8821ad58be4735a2dc2179c070d9d7 3e579d71e3e8408582ca74431bb6573a - - c880922d28a54b0891316d6a905554c1 c880922d28a54b0891316d6a905554c1] 10.0.0.173 "DELETE /resource_providers/24db9dcd-3b81-4b99-a783-7e5976682c38" status: 404 len: 246 microversion: 1.1 [pid: 7|app: 0|req: 487/974] 10.0.0.173 () {34 vars in 816 bytes} [Tue Jul 14 18:51:52 2026] DELETE /resource_providers/24db9dcd-3b81-4b99-a783-7e5976682c38 => generated 246 bytes in 17 msecs (HTTP/1.1 404) 6 headers in 231 bytes (1 switches on core 0)
2026-07-14 18:51:53.713 8 INFO placement.requestlog [req-40ba59be-68b9-4def-817f-68174bd4c532 req-bd606d07-c789-45e5-8725-7f2a29988297 05f8750282224c64b69459af9b7b3f1a 3e579d71e3e8408582ca74431bb6573a - - c880922d28a54b0891316d6a905554c1 c880922d28a54b0891316d6a905554c1] 10.0.0.94 "GET /allocation_candidates?limit=1000&resources=DISK_GB%3A1%2CMEMORY_MB%3A512%2CVCPU%3A1&root_required=%21COMPUTE_STATUS_DISABLED" status: 200 len: 2149 microversion: 1.36 [pid: 8|app: 0|req: 488/975] 10.0.0.94 () {34 vars in 1011 bytes} [Tue Jul 14 18:51:53 2026] GET /allocation_candidates?limit=1000&resources=DISK_GB%3A1%2CMEMORY_MB%3A512%2CVCPU%3A1&root_required=%21COMPUTE_STATUS_DISABLED => generated 2149 bytes in 47 msecs (HTTP/1.1 200) 8 headers in 297 bytes (1 switches on core 0)
2026-07-14 18:51:53.749 7 INFO placement.requestlog [req-40ba59be-68b9-4def-817f-68174bd4c532 req-d9cf2d26-4f4c-4df2-b3a7-e13bcbf56a22 05f8750282224c64b69459af9b7b3f1a 3e579d71e3e8408582ca74431bb6573a - - c880922d28a54b0891316d6a905554c1 c880922d28a54b0891316d6a905554c1] 10.0.0.94 "GET /allocations/8a914a30-445c-4d75-8fd8-ba08655e1df7" status: 200 len: 19 microversion: 1.28 [pid: 7|app: 0|req: 488/976] 10.0.0.94 () {34 vars in 860 bytes} [Tue Jul 14 18:51:53 2026] GET /allocations/8a914a30-445c-4d75-8fd8-ba08655e1df7 => generated 19 bytes in 10 msecs (HTTP/1.1 200) 8 headers in 295 bytes (1 switches on core 0)
2026-07-14 18:51:53.821 8 INFO placement.requestlog [req-40ba59be-68b9-4def-817f-68174bd4c532 req-76840cd4-58a2-4b11-8911-d144fdbe6e9e 05f8750282224c64b69459af9b7b3f1a 3e579d71e3e8408582ca74431bb6573a - - c880922d28a54b0891316d6a905554c1 c880922d28a54b0891316d6a905554c1] 10.0.0.94 "PUT /allocations/8a914a30-445c-4d75-8fd8-ba08655e1df7" status: 204 len: 0 microversion: 1.36 [pid: 8|app: 0|req: 489/977] 10.0.0.94 () {38 vars in 913 bytes} [Tue Jul 14 18:51:53 2026] PUT /allocations/8a914a30-445c-4d75-8fd8-ba08655e1df7 => generated 0 bytes in 61 msecs (HTTP/1.1 204) 5 headers in 199 bytes (1 switches on core 0)
2026-07-14 18:51:54.128 7 INFO placement.requestlog [req-40ba59be-68b9-4def-817f-68174bd4c532 req-2e80608a-2892-4fbe-9444-07cb0f0b7747 05f8750282224c64b69459af9b7b3f1a 3e579d71e3e8408582ca74431bb6573a - - c880922d28a54b0891316d6a905554c1 c880922d28a54b0891316d6a905554c1] 199.204.45.4 "GET /allocations/8a914a30-445c-4d75-8fd8-ba08655e1df7" status: 200 len: 258 microversion: 1.28 [pid: 7|app: 0|req: 489/978] 199.204.45.4 () {34 vars in 861 bytes} [Tue Jul 14 18:51:54 2026] GET /allocations/8a914a30-445c-4d75-8fd8-ba08655e1df7 => generated 258 bytes in 11 msecs (HTTP/1.1 200) 8 headers in 296 bytes (1 switches on core 0)
2026-07-14 18:51:54.249 8 INFO placement.requestlog [req-40ba59be-68b9-4def-817f-68174bd4c532 req-1a8bb9b8-dc4f-495a-8b2b-ff5257878980 05f8750282224c64b69459af9b7b3f1a 3e579d71e3e8408582ca74431bb6573a - - c880922d28a54b0891316d6a905554c1 c880922d28a54b0891316d6a905554c1] 199.204.45.4 "GET /resource_providers/4709122f-a091-4886-937d-b2bb89075ca2/allocations" status: 200 len: 253 microversion: 1.0 [pid: 8|app: 0|req: 490/979] 199.204.45.4 () {32 vars in 855 bytes} [Tue Jul 14 18:51:54 2026] GET /resource_providers/4709122f-a091-4886-937d-b2bb89075ca2/allocations => generated 253 bytes in 19 msecs (HTTP/1.1 200) 6 headers in 224 bytes (1 switches on core 0)
2026-07-14 18:51:54.273 7 INFO placement.requestlog [req-40ba59be-68b9-4def-817f-68174bd4c532 req-199076bc-4483-4441-b35e-6077b23c9316 05f8750282224c64b69459af9b7b3f1a 3e579d71e3e8408582ca74431bb6573a - - c880922d28a54b0891316d6a905554c1 c880922d28a54b0891316d6a905554c1] 199.204.45.4 "GET /allocations/8a914a30-445c-4d75-8fd8-ba08655e1df7" status: 200 len: 258 microversion: 1.28 [pid: 7|app: 0|req: 490/980] 199.204.45.4 () {34 vars in 861 bytes} [Tue Jul 14 18:51:54 2026] GET /allocations/8a914a30-445c-4d75-8fd8-ba08655e1df7 => generated 258 bytes in 15 msecs (HTTP/1.1 200) 8 headers in 296 bytes (1 switches on core 0)
2026-07-14 18:51:54.302 8 INFO placement.requestlog [req-40ba59be-68b9-4def-817f-68174bd4c532 req-e329845b-a9d7-40fa-814a-b180b200e7b1 05f8750282224c64b69459af9b7b3f1a 3e579d71e3e8408582ca74431bb6573a - - c880922d28a54b0891316d6a905554c1 c880922d28a54b0891316d6a905554c1] 199.204.45.4 "GET /allocations/a3d68f11-6942-45e0-b75c-ec32cd4bb826" status: 200 len: 258 microversion: 1.28 [pid: 8|app: 0|req: 491/981] 199.204.45.4 () {34 vars in 861 bytes} [Tue Jul 14 18:51:54 2026] GET /allocations/a3d68f11-6942-45e0-b75c-ec32cd4bb826 => generated 258 bytes in 24 msecs (HTTP/1.1 200) 8 headers in 296 bytes (1 switches on core 0)
2026-07-14 18:51:54.580 7 INFO placement.requestlog [req-dee8dd40-c35e-4ff6-836d-9931383994cc req-29a3ab0a-8db1-4679-9d72-07d18ca8b30f 05f8750282224c64b69459af9b7b3f1a 3e579d71e3e8408582ca74431bb6573a - - c880922d28a54b0891316d6a905554c1 c880922d28a54b0891316d6a905554c1] 10.0.0.94 "GET /allocation_candidates?limit=1000&resources=DISK_GB%3A1%2CMEMORY_MB%3A512%2CVCPU%3A1&root_required=%21COMPUTE_STATUS_DISABLED" status: 200 len: 2150 microversion: 1.36 [pid: 7|app: 0|req: 491/982] 10.0.0.94 () {34 vars in 1011 bytes} [Tue Jul 14 18:51:54 2026] GET /allocation_candidates?limit=1000&resources=DISK_GB%3A1%2CMEMORY_MB%3A512%2CVCPU%3A1&root_required=%21COMPUTE_STATUS_DISABLED => generated 2150 bytes in 53 msecs (HTTP/1.1 200) 8 headers in 297 bytes (1 switches on core 0)
2026-07-14 18:51:54.613 8 INFO placement.requestlog [req-dee8dd40-c35e-4ff6-836d-9931383994cc req-6a5d183d-b568-4d85-a4ad-2b6512ca5318 05f8750282224c64b69459af9b7b3f1a 3e579d71e3e8408582ca74431bb6573a - - c880922d28a54b0891316d6a905554c1 c880922d28a54b0891316d6a905554c1] 10.0.0.94 "GET /allocations/f8ef71af-e243-4854-886b-8d75ec6a3983" status: 200 len: 19 microversion: 1.28 [pid: 8|app: 0|req: 492/983] 10.0.0.94 () {34 vars in 860 bytes} [Tue Jul 14 18:51:54 2026] GET /allocations/f8ef71af-e243-4854-886b-8d75ec6a3983 => generated 19 bytes in 14 msecs (HTTP/1.1 200) 8 headers in 295 bytes (1 switches on core 0)
2026-07-14 18:51:54.667 7 INFO placement.requestlog [req-dee8dd40-c35e-4ff6-836d-9931383994cc req-362bc9ee-22e9-418f-8795-d6962f0f5c15 05f8750282224c64b69459af9b7b3f1a 3e579d71e3e8408582ca74431bb6573a - - c880922d28a54b0891316d6a905554c1 c880922d28a54b0891316d6a905554c1] 10.0.0.94 "PUT /allocations/f8ef71af-e243-4854-886b-8d75ec6a3983" status: 204 len: 0 microversion: 1.36 [pid: 7|app: 0|req: 492/984] 10.0.0.94 () {38 vars in 913 bytes} [Tue Jul 14 18:51:54 2026] PUT /allocations/f8ef71af-e243-4854-886b-8d75ec6a3983 => generated 0 bytes in 44 msecs (HTTP/1.1 204) 5 headers in 199 bytes (1 switches on core 0)
2026-07-14 18:51:54.919 8 INFO placement.requestlog [req-dee8dd40-c35e-4ff6-836d-9931383994cc req-e25b1125-324c-431d-a586-2f867fa8295f 05f8750282224c64b69459af9b7b3f1a 3e579d71e3e8408582ca74431bb6573a - - c880922d28a54b0891316d6a905554c1 c880922d28a54b0891316d6a905554c1] 199.204.45.4 "GET /allocations/f8ef71af-e243-4854-886b-8d75ec6a3983" status: 200 len: 258 microversion: 1.28 [pid: 8|app: 0|req: 493/985] 199.204.45.4 () {34 vars in 861 bytes} [Tue Jul 14 18:51:54 2026] GET /allocations/f8ef71af-e243-4854-886b-8d75ec6a3983 => generated 258 bytes in 14 msecs (HTTP/1.1 200) 8 headers in 296 bytes (1 switches on core 0)
2026-07-14 18:51:55.010 7 INFO placement.requestlog [req-dee8dd40-c35e-4ff6-836d-9931383994cc req-3a3ce4d9-5f6a-4516-a159-9ca7b7b86870 05f8750282224c64b69459af9b7b3f1a 3e579d71e3e8408582ca74431bb6573a - - c880922d28a54b0891316d6a905554c1 c880922d28a54b0891316d6a905554c1] 199.204.45.4 "GET /resource_providers/4709122f-a091-4886-937d-b2bb89075ca2/allocations" status: 200 len: 353 microversion: 1.0 [pid: 7|app: 0|req: 493/986] 199.204.45.4 () {32 vars in 855 bytes} [Tue Jul 14 18:51:54 2026] GET /resource_providers/4709122f-a091-4886-937d-b2bb89075ca2/allocations => generated 353 bytes in 14 msecs (HTTP/1.1 200) 6 headers in 224 bytes (1 switches on core 0)
2026-07-14 18:51:55.041 8 INFO placement.requestlog [req-dee8dd40-c35e-4ff6-836d-9931383994cc req-92326286-4b03-42df-b313-57b745bf5227 05f8750282224c64b69459af9b7b3f1a 3e579d71e3e8408582ca74431bb6573a - - c880922d28a54b0891316d6a905554c1 c880922d28a54b0891316d6a905554c1] 199.204.45.4 "GET /allocations/8a914a30-445c-4d75-8fd8-ba08655e1df7" status: 200 len: 258 microversion: 1.28 [pid: 8|app: 0|req: 494/987] 199.204.45.4 () {34 vars in 861 bytes} [Tue Jul 14 18:51:55 2026] GET /allocations/8a914a30-445c-4d75-8fd8-ba08655e1df7 => generated 258 bytes in 24 msecs (HTTP/1.1 200) 8 headers in 296 bytes (1 switches on core 0)
2026-07-14 18:51:55.062 7 INFO placement.requestlog [req-dee8dd40-c35e-4ff6-836d-9931383994cc req-b696773c-e891-4fec-9608-9efc7521c64e 05f8750282224c64b69459af9b7b3f1a 3e579d71e3e8408582ca74431bb6573a - - c880922d28a54b0891316d6a905554c1 c880922d28a54b0891316d6a905554c1] 199.204.45.4 "GET /allocations/a3d68f11-6942-45e0-b75c-ec32cd4bb826" status: 200 len: 258 microversion: 1.28 [pid: 7|app: 0|req: 494/988] 199.204.45.4 () {34 vars in 861 bytes} [Tue Jul 14 18:51:55 2026] GET /allocations/a3d68f11-6942-45e0-b75c-ec32cd4bb826 => generated 258 bytes in 14 msecs (HTTP/1.1 200) 8 headers in 296 bytes (1 switches on core 0)
2026-07-14 18:51:55.083 8 INFO placement.requestlog [req-dee8dd40-c35e-4ff6-836d-9931383994cc req-59c80d6a-2b9c-4e32-b020-e2cb01e4183a 05f8750282224c64b69459af9b7b3f1a 3e579d71e3e8408582ca74431bb6573a - - c880922d28a54b0891316d6a905554c1 c880922d28a54b0891316d6a905554c1] 199.204.45.4 "GET /allocations/f8ef71af-e243-4854-886b-8d75ec6a3983" status: 200 len: 258 microversion: 1.28 [pid: 8|app: 0|req: 495/989] 199.204.45.4 () {34 vars in 861 bytes} [Tue Jul 14 18:51:55 2026] GET /allocations/f8ef71af-e243-4854-886b-8d75ec6a3983 => generated 258 bytes in 13 msecs (HTTP/1.1 200) 8 headers in 296 bytes (1 switches on core 0)
2026-07-14 18:51:59.545 7 INFO placement.requestlog [None req-dcecaa8c-f994-4ee4-9df1-eb081b42b384 - - - - - -] 10.0.0.115 "GET /" status: 200 len: 136 microversion: 1.0
2026-07-14 18:51:59.547 8 INFO placement.requestlog [None req-ea486087-b279-43bc-b030-66bdaab61fb0 - - - - - -] 10.0.0.115 "GET /" status: 200 len: 136 microversion: 1.0
2026-07-14 18:52:00.280 7 INFO placement.requestlog [req-7cbec6a5-a37b-4516-a76e-d9e1db8163b8 req-4f33e96d-9c72-481d-9c34-cf9f127b90ac 05f8750282224c64b69459af9b7b3f1a 3e579d71e3e8408582ca74431bb6573a - - c880922d28a54b0891316d6a905554c1 c880922d28a54b0891316d6a905554c1] 199.204.45.4 "GET /resource_providers/4709122f-a091-4886-937d-b2bb89075ca2/allocations" status: 200 len: 353 microversion: 1.0 [pid: 7|app: 0|req: 496/992] 199.204.45.4 () {32 vars in 855 bytes} [Tue Jul 14 18:52:00 2026] GET /resource_providers/4709122f-a091-4886-937d-b2bb89075ca2/allocations => generated 353 bytes in 29 msecs (HTTP/1.1 200) 6 headers in 224 bytes (1 switches on core 0)
2026-07-14 18:52:00.313 8 INFO placement.requestlog [req-7cbec6a5-a37b-4516-a76e-d9e1db8163b8 req-cf578883-0a3c-4e4b-9547-8f9cbf1f53e3 05f8750282224c64b69459af9b7b3f1a 3e579d71e3e8408582ca74431bb6573a - - c880922d28a54b0891316d6a905554c1 c880922d28a54b0891316d6a905554c1] 199.204.45.4 "GET /allocations/8a914a30-445c-4d75-8fd8-ba08655e1df7" status: 200 len: 258 microversion: 1.28 [pid: 8|app: 0|req: 497/993] 199.204.45.4 () {34 vars in 861 bytes} [Tue Jul 14 18:52:00 2026] GET /allocations/8a914a30-445c-4d75-8fd8-ba08655e1df7 => generated 258 bytes in 20 msecs (HTTP/1.1 200) 8 headers in 296 bytes (1 switches on core 0)
2026-07-14 18:52:00.348 7 INFO placement.requestlog [req-7cbec6a5-a37b-4516-a76e-d9e1db8163b8 req-18157f68-76fc-43bd-abed-3ae1b3b76436 05f8750282224c64b69459af9b7b3f1a 3e579d71e3e8408582ca74431bb6573a - - c880922d28a54b0891316d6a905554c1 c880922d28a54b0891316d6a905554c1] 199.204.45.4 "GET /allocations/a3d68f11-6942-45e0-b75c-ec32cd4bb826" status: 200 len: 258 microversion: 1.28 [pid: 7|app: 0|req: 497/994] 199.204.45.4 () {34 vars in 861 bytes} [Tue Jul 14 18:52:00 2026] GET /allocations/a3d68f11-6942-45e0-b75c-ec32cd4bb826 => generated 258 bytes in 24 msecs (HTTP/1.1 200) 8 headers in 296 bytes (1 switches on core 0)
2026-07-14 18:52:00.377 8 INFO placement.requestlog [req-7cbec6a5-a37b-4516-a76e-d9e1db8163b8 req-d11014d6-a9fd-49a8-8566-086c4a81531c 05f8750282224c64b69459af9b7b3f1a 3e579d71e3e8408582ca74431bb6573a - - c880922d28a54b0891316d6a905554c1 c880922d28a54b0891316d6a905554c1] 199.204.45.4 "GET /allocations/f8ef71af-e243-4854-886b-8d75ec6a3983" status: 200 len: 258 microversion: 1.28 [pid: 8|app: 0|req: 498/995] 199.204.45.4 () {34 vars in 861 bytes} [Tue Jul 14 18:52:00 2026] GET /allocations/f8ef71af-e243-4854-886b-8d75ec6a3983 => generated 258 bytes in 23 msecs (HTTP/1.1 200) 8 headers in 296 bytes (1 switches on core 0)
2026-07-14 18:52:00.484 7 INFO placement.requestlog [req-7cbec6a5-a37b-4516-a76e-d9e1db8163b8 req-abd99a83-3a89-4b3c-9f43-41896087a648 05f8750282224c64b69459af9b7b3f1a 3e579d71e3e8408582ca74431bb6573a - - c880922d28a54b0891316d6a905554c1 c880922d28a54b0891316d6a905554c1] 199.204.45.4 "DELETE /allocations/8a914a30-445c-4d75-8fd8-ba08655e1df7" status: 204 len: 0 microversion: 1.0 [pid: 7|app: 0|req: 498/996] 199.204.45.4 () {34 vars in 839 bytes} [Tue Jul 14 18:52:00 2026] DELETE /allocations/8a914a30-445c-4d75-8fd8-ba08655e1df7 => generated 0 bytes in 27 msecs (HTTP/1.1 204) 5 headers in 198 bytes (1 switches on core 0)
2026-07-14 18:52:03.772 7 INFO placement.requestlog [None req-8ef53623-d03f-4640-96a9-f58e64efda24 0f8821ad58be4735a2dc2179c070d9d7 3e579d71e3e8408582ca74431bb6573a - - c880922d28a54b0891316d6a905554c1 c880922d28a54b0891316d6a905554c1] 10.0.0.173 "GET /resource_providers/6a40186c-75e1-48c5-9616-2fbe59031e21/aggregates" status: 404 len: 235 microversion: 1.1 [pid: 7|app: 0|req: 499/997] 10.0.0.173 () {32 vars in 816 bytes} [Tue Jul 14 18:52:03 2026] GET /resource_providers/6a40186c-75e1-48c5-9616-2fbe59031e21/aggregates => generated 235 bytes in 10 msecs (HTTP/1.1 404) 5 headers in 202 bytes (1 switches on core 0)
2026-07-14 18:52:03.774 8 INFO placement.requestlog [None req-26b1db54-a082-4cbf-b69b-c69a03f0c477 0f8821ad58be4735a2dc2179c070d9d7 3e579d71e3e8408582ca74431bb6573a - - c880922d28a54b0891316d6a905554c1 c880922d28a54b0891316d6a905554c1] 10.0.0.173 "GET /resource_providers/6a40186c-75e1-48c5-9616-2fbe59031e21/aggregates" status: 404 len: 235 microversion: 1.1 [pid: 8|app: 0|req: 499/998] 10.0.0.173 () {32 vars in 816 bytes} [Tue Jul 14 18:52:03 2026] GET /resource_providers/6a40186c-75e1-48c5-9616-2fbe59031e21/aggregates => generated 235 bytes in 13 msecs (HTTP/1.1 404) 5 headers in 202 bytes (1 switches on core 0)
2026-07-14 18:52:03.809 8 INFO placement.requestlog [None req-0784fbf0-51b5-4c44-be80-07955497373c 0f8821ad58be4735a2dc2179c070d9d7 3e579d71e3e8408582ca74431bb6573a - - c880922d28a54b0891316d6a905554c1 c880922d28a54b0891316d6a905554c1] 10.0.0.173 "DELETE /resource_providers/6a40186c-75e1-48c5-9616-2fbe59031e21" status: 404 len: 246 microversion: 1.1 [pid: 8|app: 0|req: 500/999] 10.0.0.173 () {34 vars in 816 bytes} [Tue Jul 14 18:52:03 2026] DELETE /resource_providers/6a40186c-75e1-48c5-9616-2fbe59031e21 => generated 246 bytes in 12 msecs (HTTP/1.1 404) 6 headers in 231 bytes (1 switches on core 0)
2026-07-14 18:52:03.826 7 INFO placement.requestlog [None req-edb5a0d3-ca7d-407e-b99f-072a0620d6c0 0f8821ad58be4735a2dc2179c070d9d7 3e579d71e3e8408582ca74431bb6573a - - c880922d28a54b0891316d6a905554c1 c880922d28a54b0891316d6a905554c1] 10.0.0.173 "DELETE /resource_providers/6a40186c-75e1-48c5-9616-2fbe59031e21" status: 404 len: 246 microversion: 1.1 [pid: 7|app: 0|req: 500/1000] 10.0.0.173 () {34 vars in 816 bytes} [Tue Jul 14 18:52:03 2026] DELETE /resource_providers/6a40186c-75e1-48c5-9616-2fbe59031e21 => generated 246 bytes in 29 msecs (HTTP/1.1 404) 6 headers in 231 bytes (1 switches on core 0)
2026-07-14 18:52:04.851 7 INFO placement.requestlog [None req-c6865280-66c1-44a1-92d0-145c58c7f6d9 0f8821ad58be4735a2dc2179c070d9d7 3e579d71e3e8408582ca74431bb6573a - - c880922d28a54b0891316d6a905554c1 c880922d28a54b0891316d6a905554c1] 10.0.0.173 "GET /resource_providers/7ce3000b-ec1a-4142-afc5-16e1687c9af6/aggregates" status: 404 len: 235 microversion: 1.1 [pid: 7|app: 0|req: 501/1001] 10.0.0.173 () {32 vars in 816 bytes} [Tue Jul 14 18:52:04 2026] GET /resource_providers/7ce3000b-ec1a-4142-afc5-16e1687c9af6/aggregates => generated 235 bytes in 17 msecs (HTTP/1.1 404) 5 headers in 202 bytes (1 switches on core 0)
2026-07-14 18:52:04.856 8 INFO placement.requestlog [None req-a18daa3e-5c16-4797-8b46-897ed36f31e2 0f8821ad58be4735a2dc2179c070d9d7 3e579d71e3e8408582ca74431bb6573a - - c880922d28a54b0891316d6a905554c1 c880922d28a54b0891316d6a905554c1] 10.0.0.173 "GET /resource_providers/7ce3000b-ec1a-4142-afc5-16e1687c9af6/aggregates" status: 404 len: 235 microversion: 1.1 [pid: 8|app: 0|req: 501/1002] 10.0.0.173 () {32 vars in 816 bytes} [Tue Jul 14 18:52:04 2026] GET /resource_providers/7ce3000b-ec1a-4142-afc5-16e1687c9af6/aggregates => generated 235 bytes in 22 msecs (HTTP/1.1 404) 5 headers in 202 bytes (1 switches on core 0)
2026-07-14 18:52:04.870 7 INFO placement.requestlog [None req-1aeb49c9-47f9-4c63-ae22-1bcf6acdd95a 0f8821ad58be4735a2dc2179c070d9d7 3e579d71e3e8408582ca74431bb6573a - - c880922d28a54b0891316d6a905554c1 c880922d28a54b0891316d6a905554c1] 10.0.0.173 "DELETE /resource_providers/7ce3000b-ec1a-4142-afc5-16e1687c9af6" status: 404 len: 246 microversion: 1.1 [pid: 7|app: 0|req: 502/1003] 10.0.0.173 () {34 vars in 816 bytes} [Tue Jul 14 18:52:04 2026] DELETE /resource_providers/7ce3000b-ec1a-4142-afc5-16e1687c9af6 => generated 246 bytes in 13 msecs (HTTP/1.1 404) 6 headers in 231 bytes (1 switches on core 0)
2026-07-14 18:52:04.875 8 INFO placement.requestlog [None req-1bb9a5dd-7264-42b0-9d12-4d340af4ed5c 0f8821ad58be4735a2dc2179c070d9d7 3e579d71e3e8408582ca74431bb6573a - - c880922d28a54b0891316d6a905554c1 c880922d28a54b0891316d6a905554c1] 10.0.0.173 "DELETE /resource_providers/7ce3000b-ec1a-4142-afc5-16e1687c9af6" status: 404 len: 246 microversion: 1.1 [pid: 8|app: 0|req: 502/1004] 10.0.0.173 () {34 vars in 816 bytes} [Tue Jul 14 18:52:04 2026] DELETE /resource_providers/7ce3000b-ec1a-4142-afc5-16e1687c9af6 => generated 246 bytes in 9 msecs (HTTP/1.1 404) 6 headers in 231 bytes (1 switches on core 0)
2026-07-14 18:52:05.913 8 INFO placement.requestlog [None req-60059574-83c2-43b3-8d3a-131fe892df28 0f8821ad58be4735a2dc2179c070d9d7 3e579d71e3e8408582ca74431bb6573a - - c880922d28a54b0891316d6a905554c1 c880922d28a54b0891316d6a905554c1] 10.0.0.173 "GET /resource_providers/a18fd5ba-e7e6-4af5-9d8b-c3fd9c649b33/aggregates" status: 404 len: 235 microversion: 1.1 [pid: 8|app: 0|req: 503/1005] 10.0.0.173 () {32 vars in 816 bytes} [Tue Jul 14 18:52:05 2026] GET /resource_providers/a18fd5ba-e7e6-4af5-9d8b-c3fd9c649b33/aggregates => generated 235 bytes in 12 msecs (HTTP/1.1 404) 5 headers in 202 bytes (1 switches on core 0)
2026-07-14 18:52:05.914 7 INFO placement.requestlog [None req-52bff0a6-ecca-41c1-aca9-900626687950 0f8821ad58be4735a2dc2179c070d9d7 3e579d71e3e8408582ca74431bb6573a - - c880922d28a54b0891316d6a905554c1 c880922d28a54b0891316d6a905554c1] 10.0.0.173 "GET /resource_providers/a18fd5ba-e7e6-4af5-9d8b-c3fd9c649b33/aggregates" status: 404 len: 235 microversion: 1.1 [pid: 7|app: 0|req: 503/1006] 10.0.0.173 () {32 vars in 816 bytes} [Tue Jul 14 18:52:05 2026] GET /resource_providers/a18fd5ba-e7e6-4af5-9d8b-c3fd9c649b33/aggregates => generated 235 bytes in 13 msecs (HTTP/1.1 404) 5 headers in 202 bytes (1 switches on core 0)
2026-07-14 18:52:05.936 7 INFO placement.requestlog [None req-d9f72cb4-6cfa-4a27-b767-259e34accf61 0f8821ad58be4735a2dc2179c070d9d7 3e579d71e3e8408582ca74431bb6573a - - c880922d28a54b0891316d6a905554c1 c880922d28a54b0891316d6a905554c1] 10.0.0.173 "DELETE /resource_providers/a18fd5ba-e7e6-4af5-9d8b-c3fd9c649b33" status: 404 len: 246 microversion: 1.1 [pid: 7|app: 0|req: 504/1007] 10.0.0.173 () {34 vars in 816 bytes} [Tue Jul 14 18:52:05 2026] DELETE /resource_providers/a18fd5ba-e7e6-4af5-9d8b-c3fd9c649b33 => generated 246 bytes in 8 msecs (HTTP/1.1 404) 6 headers in 231 bytes (1 switches on core 0)
2026-07-14 18:52:05.941 8 INFO placement.requestlog [None req-df84ca91-d598-4808-a964-b86b30350668 0f8821ad58be4735a2dc2179c070d9d7 3e579d71e3e8408582ca74431bb6573a - - c880922d28a54b0891316d6a905554c1 c880922d28a54b0891316d6a905554c1] 10.0.0.173 "DELETE /resource_providers/a18fd5ba-e7e6-4af5-9d8b-c3fd9c649b33" status: 404 len: 246 microversion: 1.1 [pid: 8|app: 0|req: 504/1008] 10.0.0.173 () {34 vars in 816 bytes} [Tue Jul 14 18:52:05 2026] DELETE /resource_providers/a18fd5ba-e7e6-4af5-9d8b-c3fd9c649b33 => generated 246 bytes in 13 msecs (HTTP/1.1 404) 6 headers in 231 bytes (1 switches on core 0)
2026-07-14 18:52:05.949 7 INFO placement.requestlog [None req-a3556236-beb4-452c-a9fe-3b11b2aeafc6 0f8821ad58be4735a2dc2179c070d9d7 3e579d71e3e8408582ca74431bb6573a - - c880922d28a54b0891316d6a905554c1 c880922d28a54b0891316d6a905554c1] 10.0.0.173 "GET /resource_providers/84e0687d-0e40-4e52-9ac7-63c4163866c2/aggregates" status: 404 len: 235 microversion: 1.1 [pid: 7|app: 0|req: 505/1009] 10.0.0.173 () {32 vars in 816 bytes} [Tue Jul 14 18:52:05 2026] GET /resource_providers/84e0687d-0e40-4e52-9ac7-63c4163866c2/aggregates => generated 235 bytes in 8 msecs (HTTP/1.1 404) 5 headers in 202 bytes (1 switches on core 0)
2026-07-14 18:52:05.955 8 INFO placement.requestlog [None req-8704661b-f097-41f6-8f0c-dff6517f5d29 0f8821ad58be4735a2dc2179c070d9d7 3e579d71e3e8408582ca74431bb6573a - - c880922d28a54b0891316d6a905554c1 c880922d28a54b0891316d6a905554c1] 10.0.0.173 "GET /resource_providers/84e0687d-0e40-4e52-9ac7-63c4163866c2/aggregates" status: 404 len: 235 microversion: 1.1 [pid: 8|app: 0|req: 505/1010] 10.0.0.173 () {32 vars in 816 bytes} [Tue Jul 14 18:52:05 2026] GET /resource_providers/84e0687d-0e40-4e52-9ac7-63c4163866c2/aggregates => generated 235 bytes in 8 msecs (HTTP/1.1 404) 5 headers in 202 bytes (1 switches on core 0)
2026-07-14 18:52:05.961 7 INFO placement.requestlog [None req-ff4a264f-647a-4159-8a1a-cf7ad1b4a256 0f8821ad58be4735a2dc2179c070d9d7 3e579d71e3e8408582ca74431bb6573a - - c880922d28a54b0891316d6a905554c1 c880922d28a54b0891316d6a905554c1] 10.0.0.173 "DELETE /resource_providers/84e0687d-0e40-4e52-9ac7-63c4163866c2" status: 404 len: 246 microversion: 1.1 [pid: 7|app: 0|req: 506/1011] 10.0.0.173 () {34 vars in 816 bytes} [Tue Jul 14 18:52:05 2026] DELETE /resource_providers/84e0687d-0e40-4e52-9ac7-63c4163866c2 => generated 246 bytes in 7 msecs (HTTP/1.1 404) 6 headers in 231 bytes (1 switches on core 0)
2026-07-14 18:52:05.971 8 INFO placement.requestlog [None req-0f6c2e93-5b2f-438b-b307-5dff54a16de1 0f8821ad58be4735a2dc2179c070d9d7 3e579d71e3e8408582ca74431bb6573a - - c880922d28a54b0891316d6a905554c1 c880922d28a54b0891316d6a905554c1] 10.0.0.173 "DELETE /resource_providers/84e0687d-0e40-4e52-9ac7-63c4163866c2" status: 404 len: 246 microversion: 1.1 [pid: 8|app: 0|req: 506/1012] 10.0.0.173 () {34 vars in 816 bytes} [Tue Jul 14 18:52:05 2026] DELETE /resource_providers/84e0687d-0e40-4e52-9ac7-63c4163866c2 => generated 246 bytes in 11 msecs (HTTP/1.1 404) 6 headers in 231 bytes (1 switches on core 0)
2026-07-14 18:52:05.977 7 INFO placement.requestlog [None req-092748de-c26e-4537-b4c2-1acbf0f27405 0f8821ad58be4735a2dc2179c070d9d7 3e579d71e3e8408582ca74431bb6573a - - c880922d28a54b0891316d6a905554c1 c880922d28a54b0891316d6a905554c1] 10.0.0.173 "GET /resource_providers/434451e4-863b-43af-ad70-eab35372f0b4/aggregates" status: 404 len: 235 microversion: 1.1 [pid: 7|app: 0|req: 507/1013] 10.0.0.173 () {32 vars in 816 bytes} [Tue Jul 14 18:52:05 2026] GET /resource_providers/434451e4-863b-43af-ad70-eab35372f0b4/aggregates => generated 235 bytes in 11 msecs (HTTP/1.1 404) 5 headers in 202 bytes (1 switches on core 0)
2026-07-14 18:52:05.983 8 INFO placement.requestlog [None req-6ceb1dcc-41b7-4e55-a038-b69dc64f7ac0 0f8821ad58be4735a2dc2179c070d9d7 3e579d71e3e8408582ca74431bb6573a - - c880922d28a54b0891316d6a905554c1 c880922d28a54b0891316d6a905554c1] 10.0.0.173 "GET /resource_providers/434451e4-863b-43af-ad70-eab35372f0b4/aggregates" status: 404 len: 235 microversion: 1.1 [pid: 8|app: 0|req: 507/1014] 10.0.0.173 () {32 vars in 816 bytes} [Tue Jul 14 18:52:05 2026] GET /resource_providers/434451e4-863b-43af-ad70-eab35372f0b4/aggregates => generated 235 bytes in 6 msecs (HTTP/1.1 404) 5 headers in 202 bytes (1 switches on core 0)
2026-07-14 18:52:06.002 7 INFO placement.requestlog [None req-6d704d0c-cbcf-4204-acaa-1aa3d6d83f10 0f8821ad58be4735a2dc2179c070d9d7 3e579d71e3e8408582ca74431bb6573a - - c880922d28a54b0891316d6a905554c1 c880922d28a54b0891316d6a905554c1] 10.0.0.173 "DELETE /resource_providers/434451e4-863b-43af-ad70-eab35372f0b4" status: 404 len: 246 microversion: 1.1 [pid: 7|app: 0|req: 508/1015] 10.0.0.173 () {34 vars in 816 bytes} [Tue Jul 14 18:52:05 2026] DELETE /resource_providers/434451e4-863b-43af-ad70-eab35372f0b4 => generated 246 bytes in 11 msecs (HTTP/1.1 404) 6 headers in 231 bytes (1 switches on core 0)
2026-07-14 18:52:06.011 8 INFO placement.requestlog [None req-f50cec5e-14c5-4ac2-890e-0227cb57c5f9 0f8821ad58be4735a2dc2179c070d9d7 3e579d71e3e8408582ca74431bb6573a - - c880922d28a54b0891316d6a905554c1 c880922d28a54b0891316d6a905554c1] 10.0.0.173 "DELETE /resource_providers/434451e4-863b-43af-ad70-eab35372f0b4" status: 404 len: 246 microversion: 1.1 [pid: 8|app: 0|req: 508/1016] 10.0.0.173 () {34 vars in 816 bytes} [Tue Jul 14 18:52:05 2026] DELETE /resource_providers/434451e4-863b-43af-ad70-eab35372f0b4 => generated 246 bytes in 20 msecs (HTTP/1.1 404) 6 headers in 231 bytes (1 switches on core 0)
2026-07-14 18:52:06.893 7 INFO placement.requestlog [None req-3c4056b9-5b79-4e04-b425-36934c74ddf0 0f8821ad58be4735a2dc2179c070d9d7 3e579d71e3e8408582ca74431bb6573a - - c880922d28a54b0891316d6a905554c1 c880922d28a54b0891316d6a905554c1] 10.0.0.173 "GET /resource_providers/a10d604e-be42-426a-9a2c-72f430f9c970/aggregates" status: 404 len: 235 microversion: 1.1 [pid: 7|app: 0|req: 509/1017] 10.0.0.173 () {32 vars in 816 bytes} [Tue Jul 14 18:52:06 2026] GET /resource_providers/a10d604e-be42-426a-9a2c-72f430f9c970/aggregates => generated 235 bytes in 13 msecs (HTTP/1.1 404) 5 headers in 202 bytes (1 switches on core 0)
2026-07-14 18:52:06.903 8 INFO placement.requestlog [None req-9461e3ee-a44e-4d05-ac0d-3a99e52594c1 0f8821ad58be4735a2dc2179c070d9d7 3e579d71e3e8408582ca74431bb6573a - - c880922d28a54b0891316d6a905554c1 c880922d28a54b0891316d6a905554c1] 10.0.0.173 "GET /resource_providers/a10d604e-be42-426a-9a2c-72f430f9c970/aggregates" status: 404 len: 235 microversion: 1.1 [pid: 8|app: 0|req: 509/1018] 10.0.0.173 () {32 vars in 816 bytes} [Tue Jul 14 18:52:06 2026] GET /resource_providers/a10d604e-be42-426a-9a2c-72f430f9c970/aggregates => generated 235 bytes in 12 msecs (HTTP/1.1 404) 5 headers in 202 bytes (1 switches on core 0)
2026-07-14 18:52:07.289 7 INFO placement.requestlog [None req-3e84a2cd-cb6d-4f6f-a42a-05daa67ed84a 0f8821ad58be4735a2dc2179c070d9d7 3e579d71e3e8408582ca74431bb6573a - - c880922d28a54b0891316d6a905554c1 c880922d28a54b0891316d6a905554c1] 10.0.0.173 "DELETE /resource_providers/a10d604e-be42-426a-9a2c-72f430f9c970" status: 404 len: 246 microversion: 1.1 [pid: 7|app: 0|req: 510/1019] 10.0.0.173 () {34 vars in 816 bytes} [Tue Jul 14 18:52:07 2026] DELETE /resource_providers/a10d604e-be42-426a-9a2c-72f430f9c970 => generated 246 bytes in 15 msecs (HTTP/1.1 404) 6 headers in 231 bytes (1 switches on core 0)
2026-07-14 18:52:07.290 8 INFO placement.requestlog [None req-4cafb4c7-1b2f-4f05-91a9-7b71d0c81885 0f8821ad58be4735a2dc2179c070d9d7 3e579d71e3e8408582ca74431bb6573a - - c880922d28a54b0891316d6a905554c1 c880922d28a54b0891316d6a905554c1] 10.0.0.173 "DELETE /resource_providers/a10d604e-be42-426a-9a2c-72f430f9c970" status: 404 len: 246 microversion: 1.1 [pid: 8|app: 0|req: 510/1020] 10.0.0.173 () {34 vars in 816 bytes} [Tue Jul 14 18:52:07 2026] DELETE /resource_providers/a10d604e-be42-426a-9a2c-72f430f9c970 => generated 246 bytes in 12 msecs (HTTP/1.1 404) 6 headers in 231 bytes (1 switches on core 0)
2026-07-14 18:52:07.314 7 INFO placement.requestlog [None req-1d0df46b-14d6-48e4-a869-7d1572de4820 0f8821ad58be4735a2dc2179c070d9d7 3e579d71e3e8408582ca74431bb6573a - - c880922d28a54b0891316d6a905554c1 c880922d28a54b0891316d6a905554c1] 10.0.0.173 "GET /resource_providers/02002ac5-e4d3-4f57-bf0f-3550dabf3652/aggregates" status: 404 len: 235 microversion: 1.1 [pid: 7|app: 0|req: 511/1021] 10.0.0.173 () {32 vars in 816 bytes} [Tue Jul 14 18:52:07 2026] GET /resource_providers/02002ac5-e4d3-4f57-bf0f-3550dabf3652/aggregates => generated 235 bytes in 12 msecs (HTTP/1.1 404) 5 headers in 202 bytes (1 switches on core 0)
2026-07-14 18:52:07.316 8 INFO placement.requestlog [None req-b0baa667-022e-4fbf-8cee-538014e85461 0f8821ad58be4735a2dc2179c070d9d7 3e579d71e3e8408582ca74431bb6573a - - c880922d28a54b0891316d6a905554c1 c880922d28a54b0891316d6a905554c1] 10.0.0.173 "GET /resource_providers/02002ac5-e4d3-4f57-bf0f-3550dabf3652/aggregates" status: 404 len: 235 microversion: 1.1 [pid: 8|app: 0|req: 511/1022] 10.0.0.173 () {32 vars in 816 bytes} [Tue Jul 14 18:52:07 2026] GET /resource_providers/02002ac5-e4d3-4f57-bf0f-3550dabf3652/aggregates => generated 235 bytes in 14 msecs (HTTP/1.1 404) 5 headers in 202 bytes (1 switches on core 0)
2026-07-14 18:52:07.338 8 INFO placement.requestlog [None req-d1c2f6ca-f6f8-4c69-bf7a-6fcad942d27c 0f8821ad58be4735a2dc2179c070d9d7 3e579d71e3e8408582ca74431bb6573a - - c880922d28a54b0891316d6a905554c1 c880922d28a54b0891316d6a905554c1] 10.0.0.173 "DELETE /resource_providers/02002ac5-e4d3-4f57-bf0f-3550dabf3652" status: 404 len: 246 microversion: 1.1 [pid: 8|app: 0|req: 512/1023] 10.0.0.173 () {34 vars in 816 bytes} [Tue Jul 14 18:52:07 2026] DELETE /resource_providers/02002ac5-e4d3-4f57-bf0f-3550dabf3652 => generated 246 bytes in 9 msecs (HTTP/1.1 404) 6 headers in 231 bytes (1 switches on core 0)
2026-07-14 18:52:07.343 7 INFO placement.requestlog [None req-4a83adf1-8800-4c54-96c2-24616ada2f72 0f8821ad58be4735a2dc2179c070d9d7 3e579d71e3e8408582ca74431bb6573a - - c880922d28a54b0891316d6a905554c1 c880922d28a54b0891316d6a905554c1] 10.0.0.173 "DELETE /resource_providers/02002ac5-e4d3-4f57-bf0f-3550dabf3652" status: 404 len: 246 microversion: 1.1 [pid: 7|app: 0|req: 512/1024] 10.0.0.173 () {34 vars in 816 bytes} [Tue Jul 14 18:52:07 2026] DELETE /resource_providers/02002ac5-e4d3-4f57-bf0f-3550dabf3652 => generated 246 bytes in 14 msecs (HTTP/1.1 404) 6 headers in 231 bytes (1 switches on core 0)
2026-07-14 18:52:09.545 7 INFO placement.requestlog [None req-f818eee9-e678-4151-95c9-94a445c507da - - - - - -] 10.0.0.115 "GET /" status: 200 len: 136 microversion: 1.0
2026-07-14 18:52:09.546 8 INFO placement.requestlog [None req-5dc4d5ab-79dc-4a41-8637-995b873473c4 - - - - - -] 10.0.0.115 "GET /" status: 200 len: 136 microversion: 1.0
2026-07-14 18:52:11.787 7 INFO placement.requestlog [None req-f14d7904-3192-4702-94ff-7cca6eea8957 0f8821ad58be4735a2dc2179c070d9d7 3e579d71e3e8408582ca74431bb6573a - - c880922d28a54b0891316d6a905554c1 c880922d28a54b0891316d6a905554c1] 10.0.0.173 "GET /resource_providers/0a55476a-5376-49ad-bf36-c071b55ceafb/aggregates" status: 404 len: 235 microversion: 1.1 [pid: 7|app: 0|req: 514/1027] 10.0.0.173 () {32 vars in 816 bytes} [Tue Jul 14 18:52:11 2026] GET /resource_providers/0a55476a-5376-49ad-bf36-c071b55ceafb/aggregates => generated 235 bytes in 12 msecs (HTTP/1.1 404) 5 headers in 202 bytes (1 switches on core 0)
2026-07-14 18:52:11.793 8 INFO placement.requestlog [None req-fa3744fd-808f-48d5-885b-888df250f1b1 0f8821ad58be4735a2dc2179c070d9d7 3e579d71e3e8408582ca74431bb6573a - - c880922d28a54b0891316d6a905554c1 c880922d28a54b0891316d6a905554c1] 10.0.0.173 "GET /resource_providers/0a55476a-5376-49ad-bf36-c071b55ceafb/aggregates" status: 404 len: 235 microversion: 1.1 [pid: 8|app: 0|req: 514/1028] 10.0.0.173 () {32 vars in 816 bytes} [Tue Jul 14 18:52:11 2026] GET /resource_providers/0a55476a-5376-49ad-bf36-c071b55ceafb/aggregates => generated 235 bytes in 14 msecs (HTTP/1.1 404) 5 headers in 202 bytes (1 switches on core 0)
2026-07-14 18:52:11.815 8 INFO placement.requestlog [None req-f9f46803-17a6-4e5f-be45-50fb05876af2 0f8821ad58be4735a2dc2179c070d9d7 3e579d71e3e8408582ca74431bb6573a - - c880922d28a54b0891316d6a905554c1 c880922d28a54b0891316d6a905554c1] 10.0.0.173 "DELETE /resource_providers/0a55476a-5376-49ad-bf36-c071b55ceafb" status: 404 len: 246 microversion: 1.1 [pid: 8|app: 0|req: 515/1029] 10.0.0.173 () {34 vars in 816 bytes} [Tue Jul 14 18:52:11 2026] DELETE /resource_providers/0a55476a-5376-49ad-bf36-c071b55ceafb => generated 246 bytes in 9 msecs (HTTP/1.1 404) 6 headers in 231 bytes (1 switches on core 0)
2026-07-14 18:52:11.816 7 INFO placement.requestlog [None req-3be3da5b-9d86-455a-8a62-8bdc97356c54 0f8821ad58be4735a2dc2179c070d9d7 3e579d71e3e8408582ca74431bb6573a - - c880922d28a54b0891316d6a905554c1 c880922d28a54b0891316d6a905554c1] 10.0.0.173 "DELETE /resource_providers/0a55476a-5376-49ad-bf36-c071b55ceafb" status: 404 len: 246 microversion: 1.1 [pid: 7|app: 0|req: 515/1030] 10.0.0.173 () {34 vars in 816 bytes} [Tue Jul 14 18:52:11 2026] DELETE /resource_providers/0a55476a-5376-49ad-bf36-c071b55ceafb => generated 246 bytes in 10 msecs (HTTP/1.1 404) 6 headers in 231 bytes (1 switches on core 0)
2026-07-14 18:52:15.916 8 INFO placement.requestlog [req-9e190cd0-f5e1-4d43-9414-386efc317fcb req-805f81f2-5c02-48e4-a743-07eb9b0112f9 05f8750282224c64b69459af9b7b3f1a 3e579d71e3e8408582ca74431bb6573a - - c880922d28a54b0891316d6a905554c1 c880922d28a54b0891316d6a905554c1] 199.204.45.4 "GET /resource_providers/4709122f-a091-4886-937d-b2bb89075ca2/allocations" status: 200 len: 253 microversion: 1.0 [pid: 8|app: 0|req: 516/1031] 199.204.45.4 () {32 vars in 855 bytes} [Tue Jul 14 18:52:15 2026] GET /resource_providers/4709122f-a091-4886-937d-b2bb89075ca2/allocations => generated 253 bytes in 25 msecs (HTTP/1.1 200) 6 headers in 224 bytes (1 switches on core 0)
2026-07-14 18:52:15.953 7 INFO placement.requestlog [req-9e190cd0-f5e1-4d43-9414-386efc317fcb req-0a5c7d11-0923-477f-9a5b-eaac8a7f9065 05f8750282224c64b69459af9b7b3f1a 3e579d71e3e8408582ca74431bb6573a - - c880922d28a54b0891316d6a905554c1 c880922d28a54b0891316d6a905554c1] 199.204.45.4 "GET /allocations/f8ef71af-e243-4854-886b-8d75ec6a3983" status: 200 len: 258 microversion: 1.28 [pid: 7|app: 0|req: 516/1032] 199.204.45.4 () {34 vars in 861 bytes} [Tue Jul 14 18:52:15 2026] GET /allocations/f8ef71af-e243-4854-886b-8d75ec6a3983 => generated 258 bytes in 20 msecs (HTTP/1.1 200) 8 headers in 296 bytes (1 switches on core 0)
2026-07-14 18:52:15.976 8 INFO placement.requestlog [req-9e190cd0-f5e1-4d43-9414-386efc317fcb req-1f124733-0b33-47f5-b401-94f23e32faf1 05f8750282224c64b69459af9b7b3f1a 3e579d71e3e8408582ca74431bb6573a - - c880922d28a54b0891316d6a905554c1 c880922d28a54b0891316d6a905554c1] 199.204.45.4 "GET /allocations/a3d68f11-6942-45e0-b75c-ec32cd4bb826" status: 200 len: 258 microversion: 1.28 [pid: 8|app: 0|req: 517/1033] 199.204.45.4 () {34 vars in 861 bytes} [Tue Jul 14 18:52:15 2026] GET /allocations/a3d68f11-6942-45e0-b75c-ec32cd4bb826 => generated 258 bytes in 15 msecs (HTTP/1.1 200) 8 headers in 296 bytes (1 switches on core 0)
2026-07-14 18:52:16.052 7 INFO placement.requestlog [req-9e190cd0-f5e1-4d43-9414-386efc317fcb req-c17aba47-453d-4bdb-bcad-7bcb04e0cc5a 05f8750282224c64b69459af9b7b3f1a 3e579d71e3e8408582ca74431bb6573a - - c880922d28a54b0891316d6a905554c1 c880922d28a54b0891316d6a905554c1] 199.204.45.4 "DELETE /allocations/f8ef71af-e243-4854-886b-8d75ec6a3983" status: 204 len: 0 microversion: 1.0 [pid: 7|app: 0|req: 517/1034] 199.204.45.4 () {34 vars in 839 bytes} [Tue Jul 14 18:52:16 2026] DELETE /allocations/f8ef71af-e243-4854-886b-8d75ec6a3983 => generated 0 bytes in 23 msecs (HTTP/1.1 204) 5 headers in 198 bytes (1 switches on core 0)
2026-07-14 18:52:19.547 7 INFO placement.requestlog [None req-5fb12c89-2bff-49da-8029-c442d25c4785 - - - - - -] 10.0.0.115 "GET /" status: 200 len: 136 microversion: 1.0
2026-07-14 18:52:19.548 7 INFO placement.requestlog [None req-0507c1b6-584e-488a-a736-0a83587f3a8d - - - - - -] 10.0.0.115 "GET /" status: 200 len: 136 microversion: 1.0
2026-07-14 18:52:19.557 8 INFO placement.requestlog [req-33ff59f5-f318-47ea-8509-3b2d1b4fe329 req-51e7cc74-8c00-4191-8673-de8145d22f19 05f8750282224c64b69459af9b7b3f1a 3e579d71e3e8408582ca74431bb6573a - - c880922d28a54b0891316d6a905554c1 c880922d28a54b0891316d6a905554c1] 199.204.45.4 "GET /resource_providers/4709122f-a091-4886-937d-b2bb89075ca2/allocations" status: 200 len: 153 microversion: 1.0 [pid: 8|app: 0|req: 518/1037] 199.204.45.4 () {32 vars in 855 bytes} [Tue Jul 14 18:52:19 2026] GET /resource_providers/4709122f-a091-4886-937d-b2bb89075ca2/allocations => generated 153 bytes in 20 msecs (HTTP/1.1 200) 6 headers in 224 bytes (1 switches on core 0)
2026-07-14 18:52:19.574 7 INFO placement.requestlog [req-33ff59f5-f318-47ea-8509-3b2d1b4fe329 req-b980eff3-b94a-41cf-b5fe-60204a217fe6 05f8750282224c64b69459af9b7b3f1a 3e579d71e3e8408582ca74431bb6573a - - c880922d28a54b0891316d6a905554c1 c880922d28a54b0891316d6a905554c1] 199.204.45.4 "GET /allocations/a3d68f11-6942-45e0-b75c-ec32cd4bb826" status: 200 len: 258 microversion: 1.28 [pid: 7|app: 0|req: 520/1038] 199.204.45.4 () {34 vars in 861 bytes} [Tue Jul 14 18:52:19 2026] GET /allocations/a3d68f11-6942-45e0-b75c-ec32cd4bb826 => generated 258 bytes in 10 msecs (HTTP/1.1 200) 8 headers in 296 bytes (1 switches on core 0)
2026-07-14 18:52:19.652 8 INFO placement.requestlog [req-33ff59f5-f318-47ea-8509-3b2d1b4fe329 req-d48cbfb9-cbf3-4441-870e-62a9a3bac3f9 05f8750282224c64b69459af9b7b3f1a 3e579d71e3e8408582ca74431bb6573a - - c880922d28a54b0891316d6a905554c1 c880922d28a54b0891316d6a905554c1] 199.204.45.4 "DELETE /allocations/a3d68f11-6942-45e0-b75c-ec32cd4bb826" status: 204 len: 0 microversion: 1.0 [pid: 8|app: 0|req: 519/1039] 199.204.45.4 () {34 vars in 839 bytes} [Tue Jul 14 18:52:19 2026] DELETE /allocations/a3d68f11-6942-45e0-b75c-ec32cd4bb826 => generated 0 bytes in 29 msecs (HTTP/1.1 204) 5 headers in 198 bytes (1 switches on core 0)
2026-07-14 18:52:20.399 7 INFO placement.requestlog [None req-8ed5e066-ebd6-4e94-a0dd-721117c9be13 0f8821ad58be4735a2dc2179c070d9d7 3e579d71e3e8408582ca74431bb6573a - - c880922d28a54b0891316d6a905554c1 c880922d28a54b0891316d6a905554c1] 10.0.0.173 "GET /resource_providers/b5aa7048-c280-4d06-bea6-ace24b6c4b8a/aggregates" status: 404 len: 235 microversion: 1.1 [pid: 7|app: 0|req: 521/1040] 10.0.0.173 () {32 vars in 816 bytes} [Tue Jul 14 18:52:20 2026] GET /resource_providers/b5aa7048-c280-4d06-bea6-ace24b6c4b8a/aggregates => generated 235 bytes in 19 msecs (HTTP/1.1 404) 5 headers in 202 bytes (1 switches on core 0)
2026-07-14 18:52:20.414 7 INFO placement.requestlog [None req-8e9a7923-2a90-4958-a93c-5796653c88bc 0f8821ad58be4735a2dc2179c070d9d7 3e579d71e3e8408582ca74431bb6573a - - c880922d28a54b0891316d6a905554c1 c880922d28a54b0891316d6a905554c1] 10.0.0.173 "DELETE /resource_providers/b5aa7048-c280-4d06-bea6-ace24b6c4b8a" status: 404 len: 246 microversion: 1.1 [pid: 7|app: 0|req: 522/1041] 10.0.0.173 () {34 vars in 816 bytes} [Tue Jul 14 18:52:20 2026] DELETE /resource_providers/b5aa7048-c280-4d06-bea6-ace24b6c4b8a => generated 246 bytes in 9 msecs (HTTP/1.1 404) 6 headers in 231 bytes (1 switches on core 0)
