2026-07-24 01:06:27.865 10 INFO neutron.wsgi [req-0d35c07b-c61b-4e40-a8c5-a0a07ac254f2 req-b1fbcf6b-b9ce-49c0-bc3d-ce0334322de0 5b1195e95bc648b98e3cd81287838f61 03e397f6b0c9450a88ac58208c027f30 - - 392ff6c0b2584d0ba60bd617569b29fb 392ff6c0b2584d0ba60bd617569b29fb] 199.204.45.74 "GET /v2.0/networks/01c75d70-ff82-48b0-9451-998106be0f35?fields=provider%3Aphysical_network&fields=provider%3Anetwork_type HTTP/1.1" status: 200 len: 277 time: 0.0914369
2026-07-24 01:06:27.905 10 INFO neutron.wsgi [req-72de481d-890c-46a5-a3cf-79e8fe89468e req-422223a0-2d6c-4447-acb5-81a4f17d3651 5b1195e95bc648b98e3cd81287838f61 03e397f6b0c9450a88ac58208c027f30 - - 392ff6c0b2584d0ba60bd617569b29fb 392ff6c0b2584d0ba60bd617569b29fb] 199.204.45.74 "GET /v2.0/networks/2236ac59-354b-4202-af52-94d5bb5de17a?fields=segments HTTP/1.1" status: 200 len: 212 time: 0.0845826
2026-07-24 01:06:27.984 10 INFO neutron.wsgi [req-72de481d-890c-46a5-a3cf-79e8fe89468e req-3880ca4f-6335-4ec7-a902-ff471212fd28 5b1195e95bc648b98e3cd81287838f61 03e397f6b0c9450a88ac58208c027f30 - - 392ff6c0b2584d0ba60bd617569b29fb 392ff6c0b2584d0ba60bd617569b29fb] 199.204.45.74 "GET /v2.0/networks/2236ac59-354b-4202-af52-94d5bb5de17a?fields=provider%3Aphysical_network&fields=provider%3Anetwork_type HTTP/1.1" status: 200 len: 277 time: 0.0723143
2026-07-24 01:06:28.101 9 INFO neutron.plugins.ml2.drivers.ovn.mech_driver.mech_driver [None req-0fa86b58-638e-483a-8b43-55a5768edc70 - - - - - -] OVN reports status up for port: bbb36693-fc8d-4714-b3f5-0994c5189528
2026-07-24 01:06:28.130 9 INFO neutron.plugins.ml2.plugin [None req-0fa86b58-638e-483a-8b43-55a5768edc70 - - - - - -] Attempt 1 to provision port bbb36693-fc8d-4714-b3f5-0994c5189528
2026-07-24 01:06:28.296 10 INFO neutron.notifiers.nova [-] Nova event matching ['req-6bb526cc-00bd-4b44-b2e6-9c95a7ded141'] response: {'name': 'network-changed', 'server_uuid': '64b9c013-3cbc-44f2-8c52-8ba5e342a54b', 'tag': 'bbb36693-fc8d-4714-b3f5-0994c5189528', 'status': 'completed', 'code': 200}
2026-07-24 01:06:28.401 10 INFO neutron.wsgi [req-61c94ea5-4b51-46c3-88be-d996f0679268 req-80ae4dca-935b-4ec8-a8f6-689a15b006c6 5b1195e95bc648b98e3cd81287838f61 03e397f6b0c9450a88ac58208c027f30 - - 392ff6c0b2584d0ba60bd617569b29fb 392ff6c0b2584d0ba60bd617569b29fb] 199.204.45.74 "GET /v2.0/ports?tenant_id=fe848b0e279e4370825eb5d1f1d5361c&device_id=64b9c013-3cbc-44f2-8c52-8ba5e342a54b HTTP/1.1" status: 200 len: 1407 time: 0.0722980
2026-07-24 01:06:28.484 10 INFO neutron.wsgi [req-61c94ea5-4b51-46c3-88be-d996f0679268 req-4c5bf595-fefa-4eed-aad0-c12c9fe316f7 5b1195e95bc648b98e3cd81287838f61 03e397f6b0c9450a88ac58208c027f30 - - 392ff6c0b2584d0ba60bd617569b29fb 392ff6c0b2584d0ba60bd617569b29fb] 199.204.45.74 "GET /v2.0/networks?id=01c75d70-ff82-48b0-9451-998106be0f35 HTTP/1.1" status: 200 len: 977 time: 0.0739062
2026-07-24 01:06:28.522 10 INFO neutron.wsgi [req-61c94ea5-4b51-46c3-88be-d996f0679268 req-d1d984aa-addb-43a6-9b17-d9601c6cf7fb 5b1195e95bc648b98e3cd81287838f61 03e397f6b0c9450a88ac58208c027f30 - - 392ff6c0b2584d0ba60bd617569b29fb 392ff6c0b2584d0ba60bd617569b29fb] 199.204.45.74 "GET /v2.0/floatingips?fixed_ip_address=10.100.0.7&port_id=bbb36693-fc8d-4714-b3f5-0994c5189528 HTTP/1.1" status: 200 len: 217 time: 0.0320430
2026-07-24 01:06:28.567 10 INFO neutron.wsgi [req-61c94ea5-4b51-46c3-88be-d996f0679268 req-fa8bad1b-e5c1-4caf-b234-6ac13e532418 5b1195e95bc648b98e3cd81287838f61 03e397f6b0c9450a88ac58208c027f30 - - 392ff6c0b2584d0ba60bd617569b29fb 392ff6c0b2584d0ba60bd617569b29fb] 199.204.45.74 "GET /v2.0/subnets?id=db4cd766-27a7-4c47-bba8-b9f21eebabb2 HTTP/1.1" status: 200 len: 873 time: 0.0345001
2026-07-24 01:06:28.605 10 INFO neutron.wsgi [req-61c94ea5-4b51-46c3-88be-d996f0679268 req-047ddd53-aa82-4bd0-bae3-7f79b9f11dc8 5b1195e95bc648b98e3cd81287838f61 03e397f6b0c9450a88ac58208c027f30 - - 392ff6c0b2584d0ba60bd617569b29fb 392ff6c0b2584d0ba60bd617569b29fb] 199.204.45.74 "GET /v2.0/ports?network_id=01c75d70-ff82-48b0-9451-998106be0f35&device_owner=network%3Adhcp HTTP/1.1" status: 200 len: 210 time: 0.0277696
2026-07-24 01:06:28.685 9 INFO neutron.wsgi [req-96576572-71d9-4c81-bba1-bd3f232b1651 req-fe167fbb-fc2a-444f-83bd-040b31da8e20 8edfc0f74a974b2182e6f2a3916b42b2 fe848b0e279e4370825eb5d1f1d5361c - - default default] 10.0.0.130 "GET /v2.0/ports?device_id=64b9c013-3cbc-44f2-8c52-8ba5e342a54b HTTP/1.1" status: 200 len: 1168 time: 0.2805772
2026-07-24 01:06:28.685 10 INFO neutron.wsgi [req-61c94ea5-4b51-46c3-88be-d996f0679268 req-3d8ea579-3007-4406-8e22-d44c3cb57780 5b1195e95bc648b98e3cd81287838f61 03e397f6b0c9450a88ac58208c027f30 - - 392ff6c0b2584d0ba60bd617569b29fb 392ff6c0b2584d0ba60bd617569b29fb] 199.204.45.74 "GET /v2.0/networks/01c75d70-ff82-48b0-9451-998106be0f35?fields=segments HTTP/1.1" status: 200 len: 212 time: 0.0665765
2026-07-24 01:06:28.735 9 INFO neutron.wsgi [req-1c1098e6-4b2b-4832-8571-3a3ee1885299 req-51e5bb91-0167-4d74-9073-c0070e80942e 6b7d9ab112774468b480c463ddaf0100 3eece6462ae74be9a88402aa02c3cc18 - - default default] 10.0.0.130 "GET /v2.0/ports?device_id=d8e1de85-e455-4783-bbf7-3b7450a35d1c HTTP/1.1" status: 200 len: 1174 time: 0.1209631
2026-07-24 01:06:28.767 10 INFO neutron.wsgi [req-61c94ea5-4b51-46c3-88be-d996f0679268 req-cb5f2a81-c553-4663-a3fd-09a892683d8c 5b1195e95bc648b98e3cd81287838f61 03e397f6b0c9450a88ac58208c027f30 - - 392ff6c0b2584d0ba60bd617569b29fb 392ff6c0b2584d0ba60bd617569b29fb] 199.204.45.74 "GET /v2.0/networks/01c75d70-ff82-48b0-9451-998106be0f35?fields=provider%3Aphysical_network&fields=provider%3Anetwork_type HTTP/1.1" status: 200 len: 277 time: 0.0762675
2026-07-24 01:06:28.835 9 INFO neutron.wsgi [req-96576572-71d9-4c81-bba1-bd3f232b1651 req-754f8c0a-0f87-4082-a15b-5956a358ef46 8edfc0f74a974b2182e6f2a3916b42b2 fe848b0e279e4370825eb5d1f1d5361c - - default default] 10.0.0.130 "GET /v2.0/security-groups?id=8718bc6c-1748-41a8-b406-e9aef251ef6e&fields=id&fields=name HTTP/1.1" status: 200 len: 313 time: 0.1225069
2026-07-24 01:06:28.863 9 INFO neutron.wsgi [req-1c1098e6-4b2b-4832-8571-3a3ee1885299 req-1874fc5d-563b-4e82-98ab-0046f2a8896d 6b7d9ab112774468b480c463ddaf0100 3eece6462ae74be9a88402aa02c3cc18 - - default default] 10.0.0.130 "GET /v2.0/security-groups?id=de206ad7-0799-433e-ba99-4eae2423f89d&fields=id&fields=name HTTP/1.1" status: 200 len: 312 time: 0.1180828
2026-07-24 01:06:28.890 9 INFO neutron.notifiers.nova [-] Nova event matching ['req-f6375471-8ac4-42db-b792-8c509b6f9c1e'] response: {'server_uuid': '64b9c013-3cbc-44f2-8c52-8ba5e342a54b', 'name': 'network-vif-plugged', 'status': 'completed', 'tag': 'bbb36693-fc8d-4714-b3f5-0994c5189528', 'code': 200}
2026-07-24 01:06:29.232 9 INFO neutron.db.ovn_revision_numbers_db [None req-0fa86b58-638e-483a-8b43-55a5768edc70 - - - - - -] Successfully bumped revision number for resource bbb36693-fc8d-4714-b3f5-0994c5189528 (type: ports) to 4
2026-07-24 01:06:29.348 9 INFO neutron.plugins.ml2.drivers.ovn.mech_driver.mech_driver [None req-0fa86b58-638e-483a-8b43-55a5768edc70 - - - - - -] OVN reports status down for port: 9cc83408-da89-4195-8352-a17ee7992e1c
2026-07-24 01:06:29.818 9 INFO neutron.wsgi [None req-d7f1f46e-96f8-4206-a2e4-f9ba97d092d5 62fae09fc55f4d6faa6cb2771886dd1f f0000d67e0dd44b3abf02eb78d769b2c - - default default] 10.0.0.162 "DELETE /v2.0/routers/b5b3e999-c208-4742-ac6b-31944afb0608 HTTP/1.1" status: 204 len: 168 time: 2.2148283 /var/lib/openstack/lib/python3.10/site-packages/pycadf/identifier.py:71: UserWarning: Invalid uuid: neutron. To ensure interoperability, identifiers should be a valid uuid. warnings.warn(('Invalid uuid: %s. To ensure interoperability, '
2026-07-24 01:06:30.031 9 INFO neutron.wsgi [req-f2bb403e-f814-4cb7-809e-f5a7bdd5917e req-375ed41d-ef7b-4b3d-9f96-dcfda0fcc4d1 8edfc0f74a974b2182e6f2a3916b42b2 fe848b0e279e4370825eb5d1f1d5361c - - default default] 10.0.0.130 "GET /v2.0/ports?device_id=64b9c013-3cbc-44f2-8c52-8ba5e342a54b HTTP/1.1" status: 200 len: 1170 time: 0.1053433
2026-07-24 01:06:30.064 9 INFO neutron.wsgi [req-74961efb-c543-4b73-a2f0-8fe9115f9809 req-6199d9c7-8f1c-471a-91a7-0ab20fef1684 6b7d9ab112774468b480c463ddaf0100 3eece6462ae74be9a88402aa02c3cc18 - - default default] 10.0.0.130 "GET /v2.0/ports?device_id=d8e1de85-e455-4783-bbf7-3b7450a35d1c HTTP/1.1" status: 200 len: 1172 time: 0.0706685
2026-07-24 01:06:30.104 10 INFO neutron.wsgi [None req-5d97cfeb-ecfc-43aa-8cad-5e890e83c44f 62fae09fc55f4d6faa6cb2771886dd1f f0000d67e0dd44b3abf02eb78d769b2c - - default default] 10.0.0.162 "DELETE /v2.0/subnets/20af1b7d-52b9-4ff5-bd96-4e2a92252097 HTTP/1.1" status: 204 len: 168 time: 0.2800872
2026-07-24 01:06:30.157 9 INFO neutron.wsgi [req-f2bb403e-f814-4cb7-809e-f5a7bdd5917e req-3a959c4f-ec8d-498c-87a5-2e5c56a8c278 8edfc0f74a974b2182e6f2a3916b42b2 fe848b0e279e4370825eb5d1f1d5361c - - default default] 10.0.0.130 "GET /v2.0/security-groups?id=8718bc6c-1748-41a8-b406-e9aef251ef6e&fields=id&fields=name HTTP/1.1" status: 200 len: 313 time: 0.1198001
2026-07-24 01:06:30.177 9 INFO neutron.wsgi [req-74961efb-c543-4b73-a2f0-8fe9115f9809 req-77e28f45-4ae7-4959-bfac-8a717060ea56 6b7d9ab112774468b480c463ddaf0100 3eece6462ae74be9a88402aa02c3cc18 - - default default] 10.0.0.130 "GET /v2.0/security-groups?id=de206ad7-0799-433e-ba99-4eae2423f89d&fields=id&fields=name HTTP/1.1" status: 200 len: 312 time: 0.1015382
2026-07-24 01:06:30.216 9 INFO neutron.db.ovn_revision_numbers_db [None req-0fa86b58-638e-483a-8b43-55a5768edc70 - - - - - -] Successfully bumped revision number for resource 9cc83408-da89-4195-8352-a17ee7992e1c (type: ports) to 5
2026-07-24 01:06:30.280 9 WARNING neutron.plugins.ml2.drivers.ovn.mech_driver.ovsdb.ovn_client [None req-0fa86b58-638e-483a-8b43-55a5768edc70 - - - - - -] Logical_Switch_Port %s host information not removed, the port state is up
2026-07-24 01:06:30.281 9 INFO neutron.plugins.ml2.drivers.ovn.mech_driver.mech_driver [None req-0fa86b58-638e-483a-8b43-55a5768edc70 - - - - - -] OVN reports status up for port: 9cc83408-da89-4195-8352-a17ee7992e1c
2026-07-24 01:06:30.297 9 INFO neutron.wsgi [req-b57213af-32c6-4f72-a643-9b15dd8d78dc req-9235a065-8be2-43c7-b79a-358a741f557e 8edfc0f74a974b2182e6f2a3916b42b2 fe848b0e279e4370825eb5d1f1d5361c - - default default] 10.0.0.130 "GET /v2.0/ports?device_id=64b9c013-3cbc-44f2-8c52-8ba5e342a54b HTTP/1.1" status: 200 len: 1170 time: 0.0645113
2026-07-24 01:06:30.317 9 INFO neutron.plugins.ml2.plugin [None req-0fa86b58-638e-483a-8b43-55a5768edc70 - - - - - -] Attempt 1 to provision port 9cc83408-da89-4195-8352-a17ee7992e1c
2026-07-24 01:06:30.510 10 INFO neutron.services.segments.plugin [-] Segment 94b4f9dd-6991-48c6-8c67-356e37a2b1b1 resource provider aggregate not found
2026-07-24 01:06:30.516 10 INFO neutron.services.segments.plugin [-] Segment 94b4f9dd-6991-48c6-8c67-356e37a2b1b1 resource provider aggregate not found
2026-07-24 01:06:30.534 10 INFO neutron.services.segments.plugin [-] Segment 94b4f9dd-6991-48c6-8c67-356e37a2b1b1 resource provider not found; error: Placement Client Error (4xx): {"errors": [{"status": 404, "title": "Not Found", "detail": "The resource could not be found.\n\n No resource provider with uuid 94b4f9dd-6991-48c6-8c67-356e37a2b1b1 found for delete ", "request_id": "req-fc87f5eb-746b-4b90-8482-b72ae64ef622"}]}
2026-07-24 01:06:30.536 10 INFO neutron.services.segments.plugin [-] Segment 94b4f9dd-6991-48c6-8c67-356e37a2b1b1 resource provider not found; error: Placement Client Error (4xx): {"errors": [{"status": 404, "title": "Not Found", "detail": "The resource could not be found.\n\n No resource provider with uuid 94b4f9dd-6991-48c6-8c67-356e37a2b1b1 found for delete ", "request_id": "req-50f75030-9934-4d4e-a5c8-ed20464559ce"}]}
2026-07-24 01:06:30.570 10 INFO neutron.wsgi [None req-4dbd06d7-8b46-4933-b1d3-b1a8ea3822c5 62fae09fc55f4d6faa6cb2771886dd1f f0000d67e0dd44b3abf02eb78d769b2c - - default default] 10.0.0.162 "DELETE /v2.0/networks/fc6c3878-37b1-485b-938e-4f07187bb4e2 HTTP/1.1" status: 204 len: 168 time: 0.4604318
2026-07-24 01:06:30.707 9 INFO neutron.wsgi [None req-337d982c-d65c-4706-a019-c5dc86bba2b8 62fae09fc55f4d6faa6cb2771886dd1f f0000d67e0dd44b3abf02eb78d769b2c - - default default] 10.0.0.162 "PUT /v2.0/routers/7c0dcac4-d419-4532-bbba-1cb2cd093abd/remove_router_interface HTTP/1.1" status: 200 len: 503 time: 3.0201354
2026-07-24 01:06:30.770 9 INFO neutron.db.l3_db [None req-c24886b8-ffc4-4378-9a5c-e0b0ee81b1d0 8edfc0f74a974b2182e6f2a3916b42b2 fe848b0e279e4370825eb5d1f1d5361c - - default default] Floating IP d8635916-6492-498a-aa83-eec7960f08b0 associated. External IP: 10.96.250.208, port: bbb36693-fc8d-4714-b3f5-0994c5189528.
2026-07-24 01:06:30.773 10 INFO neutron.wsgi [None req-51932540-a47a-44b0-a219-b3f4a0478e80 62fae09fc55f4d6faa6cb2771886dd1f f0000d67e0dd44b3abf02eb78d769b2c - - default default] 10.0.0.162 "GET /v2.0/security-groups?tenant_id=9b8d2d15519d410ea89a42774522bb02&name=default HTTP/1.1" status: 200 len: 2996 time: 0.0718973
2026-07-24 01:06:31.078 9 INFO neutron.notifiers.nova [-] Nova event matching ['req-62e2d346-567f-479c-b196-7ccc701335f4'] response: {'server_uuid': '64b9c013-3cbc-44f2-8c52-8ba5e342a54b', 'name': 'network-vif-plugged', 'status': 'completed', 'tag': 'bbb36693-fc8d-4714-b3f5-0994c5189528', 'code': 200}
2026-07-24 01:06:31.078 9 INFO neutron.notifiers.nova [-] Nova event matching ['req-62e2d346-567f-479c-b196-7ccc701335f4'] response: {'server_uuid': 'd8e1de85-e455-4783-bbf7-3b7450a35d1c', 'name': 'network-vif-unplugged', 'status': 'completed', 'tag': '9cc83408-da89-4195-8352-a17ee7992e1c', 'code': 200}
2026-07-24 01:06:31.078 9 INFO neutron.notifiers.nova [-] Nova event matching ['req-62e2d346-567f-479c-b196-7ccc701335f4'] response: {'server_uuid': 'd8e1de85-e455-4783-bbf7-3b7450a35d1c', 'name': 'network-vif-plugged', 'status': 'completed', 'tag': '9cc83408-da89-4195-8352-a17ee7992e1c', 'code': 200}
2026-07-24 01:06:31.078 9 INFO neutron.notifiers.nova [-] Nova event matching ['req-62e2d346-567f-479c-b196-7ccc701335f4'] response: {'server_uuid': 'd8e1de85-e455-4783-bbf7-3b7450a35d1c', 'name': 'network-vif-plugged', 'status': 'completed', 'tag': '9cc83408-da89-4195-8352-a17ee7992e1c', 'code': 200}
2026-07-24 01:06:31.137 10 INFO neutron.wsgi [None req-39c127e5-92fc-4987-add3-48455b14d754 62fae09fc55f4d6faa6cb2771886dd1f f0000d67e0dd44b3abf02eb78d769b2c - - default default] 10.0.0.162 "DELETE /v2.0/security-groups/5f0bff29-d51b-4bdc-85e9-33dd3ac2a4b9 HTTP/1.1" status: 204 len: 168 time: 0.3579066
2026-07-24 01:06:31.205 9 INFO neutron.db.ovn_revision_numbers_db [None req-0fa86b58-638e-483a-8b43-55a5768edc70 - - - - - -] Successfully bumped revision number for resource 9cc83408-da89-4195-8352-a17ee7992e1c (type: ports) to 6
2026-07-24 01:06:31.338 9 INFO neutron.db.ovn_revision_numbers_db [None req-c24886b8-ffc4-4378-9a5c-e0b0ee81b1d0 8edfc0f74a974b2182e6f2a3916b42b2 fe848b0e279e4370825eb5d1f1d5361c - - default default] Successfully bumped revision number for resource d8635916-6492-498a-aa83-eec7960f08b0 (type: floatingips) to 1
2026-07-24 01:06:31.477 9 INFO neutron.db.ovn_revision_numbers_db [None req-c24886b8-ffc4-4378-9a5c-e0b0ee81b1d0 8edfc0f74a974b2182e6f2a3916b42b2 fe848b0e279e4370825eb5d1f1d5361c - - default default] Successfully bumped revision number for resource d8635916-6492-498a-aa83-eec7960f08b0 (type: floatingips) to 2
2026-07-24 01:06:31.506 9 INFO neutron.wsgi [None req-c24886b8-ffc4-4378-9a5c-e0b0ee81b1d0 8edfc0f74a974b2182e6f2a3916b42b2 fe848b0e279e4370825eb5d1f1d5361c - - default default] 10.0.0.162 "PUT /v2.0/floatingips/d8635916-6492-498a-aa83-eec7960f08b0 HTTP/1.1" status: 200 len: 1049 time: 1.1925092 /var/lib/openstack/lib/python3.10/site-packages/pycadf/identifier.py:71: UserWarning: Invalid uuid: neutron. To ensure interoperability, identifiers should be a valid uuid. warnings.warn(('Invalid uuid: %s. To ensure interoperability, '
2026-07-24 01:06:31.609 9 INFO neutron.wsgi [req-1fa0e331-d96f-4dc5-a433-1aea7eb33fd0 req-3c1d2c72-23e5-4806-b605-ce550a28a949 8edfc0f74a974b2182e6f2a3916b42b2 fe848b0e279e4370825eb5d1f1d5361c - - default default] 10.0.0.130 "GET /v2.0/ports?device_id=64b9c013-3cbc-44f2-8c52-8ba5e342a54b HTTP/1.1" status: 200 len: 1170 time: 0.0461195
2026-07-24 01:06:31.658 9 INFO neutron.wsgi [req-1fa0e331-d96f-4dc5-a433-1aea7eb33fd0 req-91237535-c845-4bc0-b413-c6e0acce0193 8edfc0f74a974b2182e6f2a3916b42b2 fe848b0e279e4370825eb5d1f1d5361c - - default default] 10.0.0.130 "GET /v2.0/security-groups?id=8718bc6c-1748-41a8-b406-e9aef251ef6e&fields=id&fields=name HTTP/1.1" status: 200 len: 313 time: 0.0416834
2026-07-24 01:06:31.999 10 INFO neutron.wsgi [None req-0e6587bf-1740-4310-9759-c983519a299e 62fae09fc55f4d6faa6cb2771886dd1f f0000d67e0dd44b3abf02eb78d769b2c - - default default] 10.0.0.162 "DELETE /v2.0/routers/7c0dcac4-d419-4532-bbba-1cb2cd093abd HTTP/1.1" status: 204 len: 168 time: 1.2757909
2026-07-24 01:06:32.010 9 INFO neutron.wsgi [req-2f2ed975-9c68-4221-b639-6603c2ce41dc req-0a00c4ed-5ca0-4b8c-8d10-c6f573ceb51d 8edfc0f74a974b2182e6f2a3916b42b2 fe848b0e279e4370825eb5d1f1d5361c - - default default] 10.0.0.130 "GET /v2.0/ports?device_id=64b9c013-3cbc-44f2-8c52-8ba5e342a54b HTTP/1.1" status: 200 len: 1170 time: 0.0434618
2026-07-24 01:06:32.054 9 INFO neutron.plugins.ml2.drivers.ovn.mech_driver.mech_driver [None req-0fa86b58-638e-483a-8b43-55a5768edc70 - - - - - -] OVN reports status down for port: bbb36693-fc8d-4714-b3f5-0994c5189528
2026-07-24 01:06:32.072 9 INFO neutron.wsgi [req-2f2ed975-9c68-4221-b639-6603c2ce41dc req-f8ed5a7c-b5c5-463b-9d89-45a0913fa4c4 8edfc0f74a974b2182e6f2a3916b42b2 fe848b0e279e4370825eb5d1f1d5361c - - default default] 10.0.0.130 "GET /v2.0/security-groups?id=8718bc6c-1748-41a8-b406-e9aef251ef6e&fields=id&fields=name HTTP/1.1" status: 200 len: 313 time: 0.0540426
2026-07-24 01:06:32.265 10 INFO neutron.wsgi [None req-f8eb7cd5-ac7a-456e-bad2-7380705768d1 62fae09fc55f4d6faa6cb2771886dd1f f0000d67e0dd44b3abf02eb78d769b2c - - default default] 10.0.0.162 "DELETE /v2.0/subnets/0262e3af-7693-4bd9-8d42-d0dd165a13f1 HTTP/1.1" status: 204 len: 168 time: 0.2541449
2026-07-24 01:06:32.387 9 INFO neutron.db.ovn_revision_numbers_db [None req-0fa86b58-638e-483a-8b43-55a5768edc70 - - - - - -] Successfully bumped revision number for resource bbb36693-fc8d-4714-b3f5-0994c5189528 (type: ports) to 5
2026-07-24 01:06:32.401 10 INFO neutron.wsgi [req-609e45cd-1c1e-4650-8748-e8729a64346b req-8ddb13c5-aae2-44fe-be52-aba3ce5d5bc3 8edfc0f74a974b2182e6f2a3916b42b2 fe848b0e279e4370825eb5d1f1d5361c - - default default] 199.204.45.74 "GET /v2.0/ports?device_id=64b9c013-3cbc-44f2-8c52-8ba5e342a54b HTTP/1.1" status: 200 len: 1168 time: 0.0956318
2026-07-24 01:06:32.752 10 INFO neutron.services.segments.plugin [-] Segment 3e216d49-2ea9-4171-8788-4df06c9444ee resource provider aggregate not found
2026-07-24 01:06:32.759 10 INFO neutron.services.segments.plugin [-] Segment 3e216d49-2ea9-4171-8788-4df06c9444ee resource provider aggregate not found
2026-07-24 01:06:32.778 10 INFO neutron.services.segments.plugin [-] Segment 3e216d49-2ea9-4171-8788-4df06c9444ee resource provider not found; error: Placement Client Error (4xx): {"errors": [{"status": 404, "title": "Not Found", "detail": "The resource could not be found.\n\n No resource provider with uuid 3e216d49-2ea9-4171-8788-4df06c9444ee found for delete ", "request_id": "req-5093ed36-00b4-4f26-bdf3-a06b01166c08"}]}
2026-07-24 01:06:32.779 10 INFO neutron.services.segments.plugin [-] Segment 3e216d49-2ea9-4171-8788-4df06c9444ee resource provider not found; error: Placement Client Error (4xx): {"errors": [{"status": 404, "title": "Not Found", "detail": "The resource could not be found.\n\n No resource provider with uuid 3e216d49-2ea9-4171-8788-4df06c9444ee found for delete ", "request_id": "req-8c19516f-b73a-4e37-921a-f40f3194e38f"}]}
2026-07-24 01:06:32.824 10 INFO neutron.wsgi [None req-b3fda1a3-c334-4d34-bc3e-af565efa5560 62fae09fc55f4d6faa6cb2771886dd1f f0000d67e0dd44b3abf02eb78d769b2c - - default default] 10.0.0.162 "DELETE /v2.0/networks/cb4cc556-5ad2-4514-a9cd-9fc211bcf403 HTTP/1.1" status: 204 len: 168 time: 0.5501111
2026-07-24 01:06:32.851 10 INFO neutron.db.l3_db [req-609e45cd-1c1e-4650-8748-e8729a64346b req-c474daa1-63e6-4aab-8c6a-983c7b2667be 8edfc0f74a974b2182e6f2a3916b42b2 fe848b0e279e4370825eb5d1f1d5361c - - default default] Floating IP d8635916-6492-498a-aa83-eec7960f08b0 disassociated. External IP: 10.96.250.208, port: bbb36693-fc8d-4714-b3f5-0994c5189528. /var/lib/openstack/lib/python3.10/site-packages/pycadf/identifier.py:71: UserWarning: Invalid uuid: neutron. To ensure interoperability, identifiers should be a valid uuid. warnings.warn(('Invalid uuid: %s. To ensure interoperability, '
2026-07-24 01:06:33.073 10 INFO neutron.wsgi [req-609e45cd-1c1e-4650-8748-e8729a64346b req-c474daa1-63e6-4aab-8c6a-983c7b2667be 8edfc0f74a974b2182e6f2a3916b42b2 fe848b0e279e4370825eb5d1f1d5361c - - default default] 199.204.45.74 "DELETE /v2.0/ports/bbb36693-fc8d-4714-b3f5-0994c5189528 HTTP/1.1" status: 204 len: 173 time: 0.6660061
2026-07-24 01:06:33.121 10 INFO neutron.notifiers.nova [-] Nova event matching ['req-810ac0f8-3fc3-4878-a8ac-233cf81c2498'] response: {'server_uuid': '64b9c013-3cbc-44f2-8c52-8ba5e342a54b', 'name': 'network-vif-deleted', 'tag': 'bbb36693-fc8d-4714-b3f5-0994c5189528', 'status': 'completed', 'code': 200}
2026-07-24 01:06:33.121 9 INFO neutron.notifiers.nova [-] Nova event matching ['req-3f6f22d8-6802-482a-a47e-be372d8d92fc'] response: {'server_uuid': 'd8e1de85-e455-4783-bbf7-3b7450a35d1c', 'name': 'network-vif-plugged', 'status': 'completed', 'tag': '9cc83408-da89-4195-8352-a17ee7992e1c', 'code': 200}
2026-07-24 01:06:33.121 9 INFO neutron.notifiers.nova [-] Nova event matching ['req-3f6f22d8-6802-482a-a47e-be372d8d92fc'] response: {'name': 'network-changed', 'server_uuid': '64b9c013-3cbc-44f2-8c52-8ba5e342a54b', 'tag': 'bbb36693-fc8d-4714-b3f5-0994c5189528', 'status': 'completed', 'code': 200}
2026-07-24 01:06:33.122 9 INFO neutron.notifiers.nova [-] Nova event matching ['req-3f6f22d8-6802-482a-a47e-be372d8d92fc'] response: {'server_uuid': '64b9c013-3cbc-44f2-8c52-8ba5e342a54b', 'name': 'network-vif-unplugged', 'status': 'completed', 'tag': 'bbb36693-fc8d-4714-b3f5-0994c5189528', 'code': 200}
2026-07-24 01:06:33.122 9 INFO neutron.notifiers.nova [-] Nova event matching ['req-3f6f22d8-6802-482a-a47e-be372d8d92fc'] response: {'server_uuid': '64b9c013-3cbc-44f2-8c52-8ba5e342a54b', 'name': 'network-vif-plugged', 'status': 'completed', 'tag': 'bbb36693-fc8d-4714-b3f5-0994c5189528', 'code': 200}
2026-07-24 01:06:33.128 9 INFO neutron.wsgi [None req-e584989b-7327-4f31-a66d-a1ebcbe06c8d 62fae09fc55f4d6faa6cb2771886dd1f f0000d67e0dd44b3abf02eb78d769b2c - - default default] 10.0.0.162 "GET /v2.0/security-groups?tenant_id=10bd8e4c0f594aedbc53b4d9fa95362f&name=default HTTP/1.1" status: 200 len: 2992 time: 0.0815322
2026-07-24 01:06:33.178 10 INFO neutron.wsgi [req-f6b788cb-d040-436d-a8f1-f3adec9324f8 req-592c79b2-39f5-4f0e-bd79-053782e0aabe 5b1195e95bc648b98e3cd81287838f61 03e397f6b0c9450a88ac58208c027f30 - - 392ff6c0b2584d0ba60bd617569b29fb 392ff6c0b2584d0ba60bd617569b29fb] 199.204.45.74 "GET /v2.0/ports?tenant_id=fe848b0e279e4370825eb5d1f1d5361c&device_id=64b9c013-3cbc-44f2-8c52-8ba5e342a54b HTTP/1.1" status: 200 len: 210 time: 0.0223124
2026-07-24 01:06:33.194 9 INFO neutron.wsgi [req-b2bcc79b-0992-455d-b3e0-a0c268e7a7a9 req-cae157f7-3f9e-401f-9741-2e4f866ec2be 8edfc0f74a974b2182e6f2a3916b42b2 fe848b0e279e4370825eb5d1f1d5361c - - default default] 10.0.0.130 "GET /v2.0/ports?device_id=64b9c013-3cbc-44f2-8c52-8ba5e342a54b HTTP/1.1" status: 200 len: 210 time: 0.0319431
2026-07-24 01:06:33.306 10 INFO neutron.wsgi [req-f6b788cb-d040-436d-a8f1-f3adec9324f8 req-d92dea3b-92c6-4559-a101-c2bfb729e9a5 5b1195e95bc648b98e3cd81287838f61 03e397f6b0c9450a88ac58208c027f30 - - 392ff6c0b2584d0ba60bd617569b29fb 392ff6c0b2584d0ba60bd617569b29fb] 199.204.45.74 "GET /v2.0/networks?tenant_id=fe848b0e279e4370825eb5d1f1d5361c&shared=False HTTP/1.1" status: 200 len: 977 time: 0.1199992
2026-07-24 01:06:33.429 10 INFO neutron.wsgi [req-f6b788cb-d040-436d-a8f1-f3adec9324f8 req-8e9eef56-f770-4068-a9cf-a7e03b1f64ee 5b1195e95bc648b98e3cd81287838f61 03e397f6b0c9450a88ac58208c027f30 - - 392ff6c0b2584d0ba60bd617569b29fb 392ff6c0b2584d0ba60bd617569b29fb] 199.204.45.74 "GET /v2.0/networks?shared=True HTTP/1.1" status: 200 len: 952 time: 0.1128514
2026-07-24 01:06:33.505 10 INFO neutron.wsgi [None req-8ca97515-db16-4d38-aaf4-f2e1262eecbe 62fae09fc55f4d6faa6cb2771886dd1f f0000d67e0dd44b3abf02eb78d769b2c - - default default] 10.0.0.162 "DELETE /v2.0/security-groups/8df9aa56-9601-4699-8c14-818b47c7a5e7 HTTP/1.1" status: 204 len: 168 time: 0.3576684
2026-07-24 01:06:33.840 9 INFO neutron.wsgi [None req-eb6e377e-946a-4102-bc7c-1c8532e9d199 62fae09fc55f4d6faa6cb2771886dd1f f0000d67e0dd44b3abf02eb78d769b2c - - default default] 10.0.0.178 "GET /v2.0/agents HTTP/1.1" status: 200 len: 997 time: 0.3211474
2026-07-24 01:06:33.898 9 INFO neutron.wsgi [None req-c57c90b9-7352-4c80-8f85-89dc2f73af02 62fae09fc55f4d6faa6cb2771886dd1f f0000d67e0dd44b3abf02eb78d769b2c - - default default] 10.0.0.178 "GET /v2.0/subnets HTTP/1.1" status: 200 len: 2754 time: 0.0558534
2026-07-24 01:06:33.913 9 INFO neutron.wsgi [None req-50d33cc6-8bf7-42e2-a453-d8dd735404c1 62fae09fc55f4d6faa6cb2771886dd1f f0000d67e0dd44b3abf02eb78d769b2c - - default default] 10.0.0.178 "GET /v2.0/subnetpools HTTP/1.1" status: 200 len: 193 time: 0.0126500
2026-07-24 01:06:34.053 9 INFO neutron.wsgi [None req-3a67b65d-f781-4b02-8341-aec49c2f043e 62fae09fc55f4d6faa6cb2771886dd1f f0000d67e0dd44b3abf02eb78d769b2c - - default default] 10.0.0.178 "GET /v2.0/routers HTTP/1.1" status: 200 len: 1540 time: 0.1380875
2026-07-24 01:06:34.079 9 INFO neutron.wsgi [None req-9b517c01-f715-4368-8cae-447980828aa1 62fae09fc55f4d6faa6cb2771886dd1f f0000d67e0dd44b3abf02eb78d769b2c - - default default] 10.0.0.178 "GET /v2.0/agents?binary=ovn-controller HTTP/1.1" status: 200 len: 591 time: 0.0258176
2026-07-24 01:06:34.119 9 INFO neutron.wsgi [None req-e5a91775-20b6-4be6-881c-a36f87ee7420 62fae09fc55f4d6faa6cb2771886dd1f f0000d67e0dd44b3abf02eb78d769b2c - - default default] 10.0.0.178 "GET /v2.0/subnets HTTP/1.1" status: 200 len: 2754 time: 0.0384037
2026-07-24 01:06:34.212 9 INFO neutron.wsgi [None req-b9de8267-f635-46ed-9407-6d17326ef27a 62fae09fc55f4d6faa6cb2771886dd1f f0000d67e0dd44b3abf02eb78d769b2c - - default default] 10.0.0.178 "GET /v2.0/ports HTTP/1.1" status: 200 len: 14984 time: 0.0918658
2026-07-24 01:06:34.239 9 INFO neutron.wsgi [None req-10fd12d6-996c-464b-9a2e-4206ebbd2cb8 62fae09fc55f4d6faa6cb2771886dd1f f0000d67e0dd44b3abf02eb78d769b2c - - default default] 10.0.0.178 "GET /v2.0/network-ip-availabilities HTTP/1.1" status: 200 len: 2242 time: 0.0184212
2026-07-24 01:06:34.326 9 INFO neutron.wsgi [None req-2ebe5c00-398d-428c-b7e2-77209e143a1d 62fae09fc55f4d6faa6cb2771886dd1f f0000d67e0dd44b3abf02eb78d769b2c - - default default] 10.0.0.178 "GET /v2.0/networks HTTP/1.1" status: 200 len: 3874 time: 0.0859470
2026-07-24 01:06:34.387 9 INFO neutron.wsgi [None req-984d1486-16d4-4070-b8eb-5f4f6ceb6812 62fae09fc55f4d6faa6cb2771886dd1f f0000d67e0dd44b3abf02eb78d769b2c - - default default] 10.0.0.178 "GET /v2.0/floatingips HTTP/1.1" status: 200 len: 1575 time: 0.0592940
2026-07-24 01:06:34.472 9 INFO neutron.wsgi [None req-ac643080-5c12-47e7-870b-7bd944f1e2f3 62fae09fc55f4d6faa6cb2771886dd1f f0000d67e0dd44b3abf02eb78d769b2c - - default default] 10.0.0.178 "GET /v2.0/security-groups HTTP/1.1" status: 200 len: 27833 time: 0.0832076
2026-07-24 01:06:34.511 10 INFO neutron.wsgi [None req-f68e160c-ea29-4b8b-bca2-21b13101653a 8edfc0f74a974b2182e6f2a3916b42b2 fe848b0e279e4370825eb5d1f1d5361c - - default default] 10.0.0.162 "DELETE /v2.0/security-groups/8718bc6c-1748-41a8-b406-e9aef251ef6e HTTP/1.1" status: 204 len: 168 time: 0.2135136
2026-07-24 01:06:34.531 10 INFO neutron.api.v2.resource [None req-87ba3e7d-7805-44f9-b3e3-2ce2df8b32d1 8edfc0f74a974b2182e6f2a3916b42b2 fe848b0e279e4370825eb5d1f1d5361c - - default default] show failed (client error): The resource could not be found.
2026-07-24 01:06:34.532 10 INFO neutron.wsgi [None req-87ba3e7d-7805-44f9-b3e3-2ce2df8b32d1 8edfc0f74a974b2182e6f2a3916b42b2 fe848b0e279e4370825eb5d1f1d5361c - - default default] 10.0.0.162 "GET /v2.0/security-groups/8718bc6c-1748-41a8-b406-e9aef251ef6e HTTP/1.1" status: 404 len: 347 time: 0.0158081
2026-07-24 01:06:34.595 10 INFO neutron.db.ovn_revision_numbers_db [None req-848e0a89-4646-4c7b-baaf-7392641d791d 62fae09fc55f4d6faa6cb2771886dd1f f0000d67e0dd44b3abf02eb78d769b2c - - default default] Successfully bumped revision number for resource 4411d512-0394-4fa0-9e90-ef64a6f37b37 (type: security_groups) to 1
2026-07-24 01:06:34.611 10 INFO neutron.db.ovn_revision_numbers_db [None req-848e0a89-4646-4c7b-baaf-7392641d791d 62fae09fc55f4d6faa6cb2771886dd1f f0000d67e0dd44b3abf02eb78d769b2c - - default default] Successfully bumped revision number for resource 47cbecbe-f000-4d00-a48b-8e40c506e6af (type: security_group_rules) to 0
2026-07-24 01:06:34.624 10 INFO neutron.db.ovn_revision_numbers_db [None req-848e0a89-4646-4c7b-baaf-7392641d791d 62fae09fc55f4d6faa6cb2771886dd1f f0000d67e0dd44b3abf02eb78d769b2c - - default default] Successfully bumped revision number for resource a22a8418-1eaf-4d86-a9fa-9147376630d9 (type: security_group_rules) to 0
2026-07-24 01:06:34.641 10 INFO neutron.db.ovn_revision_numbers_db [None req-848e0a89-4646-4c7b-baaf-7392641d791d 62fae09fc55f4d6faa6cb2771886dd1f f0000d67e0dd44b3abf02eb78d769b2c - - default default] Successfully bumped revision number for resource c4233937-c638-4a76-a52a-312033bd9bd7 (type: security_group_rules) to 0
2026-07-24 01:06:34.661 10 INFO neutron.db.ovn_revision_numbers_db [None req-848e0a89-4646-4c7b-baaf-7392641d791d 62fae09fc55f4d6faa6cb2771886dd1f f0000d67e0dd44b3abf02eb78d769b2c - - default default] Successfully bumped revision number for resource fb3befd2-4835-4ce4-b72c-faa8ed4a1ce5 (type: security_group_rules) to 0
2026-07-24 01:06:34.688 10 INFO neutron.wsgi [None req-848e0a89-4646-4c7b-baaf-7392641d791d 62fae09fc55f4d6faa6cb2771886dd1f f0000d67e0dd44b3abf02eb78d769b2c - - default default] 10.0.0.162 "GET /v2.0/security-groups?tenant_id=2ae7315331454ad3bb25d83bbbd6ea3e&name=default HTTP/1.1" status: 200 len: 2996 time: 0.4201398
2026-07-24 01:06:34.910 9 INFO neutron.wsgi [None req-a28e4275-1bb9-4776-9da9-67da51abe5d8 8edfc0f74a974b2182e6f2a3916b42b2 fe848b0e279e4370825eb5d1f1d5361c - - default default] 10.0.0.162 "DELETE /v2.0/floatingips/d8635916-6492-498a-aa83-eec7960f08b0 HTTP/1.1" status: 204 len: 168 time: 0.3719976
2026-07-24 01:06:34.952 9 INFO neutron.wsgi [None req-2660b310-edf8-4433-b868-8efed623abb7 62fae09fc55f4d6faa6cb2771886dd1f f0000d67e0dd44b3abf02eb78d769b2c - - default default] 10.0.0.162 "DELETE /v2.0/security-groups/4411d512-0394-4fa0-9e90-ef64a6f37b37 HTTP/1.1" status: 204 len: 168 time: 0.2590537
2026-07-24 01:06:35.696 9 INFO neutron.db.ovn_revision_numbers_db [None req-ca28343d-6714-4c54-80b9-e716a6f6bb1d 62fae09fc55f4d6faa6cb2771886dd1f f0000d67e0dd44b3abf02eb78d769b2c - - default default] Successfully bumped revision number for resource 8b3239c3-8ebb-42f4-adfd-03372b37e699 (type: security_groups) to 1
2026-07-24 01:06:35.710 9 INFO neutron.db.ovn_revision_numbers_db [None req-ca28343d-6714-4c54-80b9-e716a6f6bb1d 62fae09fc55f4d6faa6cb2771886dd1f f0000d67e0dd44b3abf02eb78d769b2c - - default default] Successfully bumped revision number for resource 3001020e-7840-4d76-b8f5-37d88a369199 (type: security_group_rules) to 0
2026-07-24 01:06:35.724 9 INFO neutron.db.ovn_revision_numbers_db [None req-ca28343d-6714-4c54-80b9-e716a6f6bb1d 62fae09fc55f4d6faa6cb2771886dd1f f0000d67e0dd44b3abf02eb78d769b2c - - default default] Successfully bumped revision number for resource 52bd0686-8d77-489b-989d-b5aefe5525ce (type: security_group_rules) to 0
2026-07-24 01:06:35.740 9 INFO neutron.db.ovn_revision_numbers_db [None req-ca28343d-6714-4c54-80b9-e716a6f6bb1d 62fae09fc55f4d6faa6cb2771886dd1f f0000d67e0dd44b3abf02eb78d769b2c - - default default] Successfully bumped revision number for resource 87f291b8-1024-4a9e-a88a-2ace15ed1664 (type: security_group_rules) to 0
2026-07-24 01:06:35.757 9 INFO neutron.db.ovn_revision_numbers_db [None req-ca28343d-6714-4c54-80b9-e716a6f6bb1d 62fae09fc55f4d6faa6cb2771886dd1f f0000d67e0dd44b3abf02eb78d769b2c - - default default] Successfully bumped revision number for resource e81c7eed-6770-4273-bf5d-a093d0936357 (type: security_group_rules) to 0
2026-07-24 01:06:35.812 9 INFO neutron.db.segments_db [None req-ca28343d-6714-4c54-80b9-e716a6f6bb1d 62fae09fc55f4d6faa6cb2771886dd1f f0000d67e0dd44b3abf02eb78d769b2c - - default default] Added segment 8d56b367-b4cb-4ea3-9826-eee684413f5b of type geneve for network c02df638-93d2-480a-a723-08abb68d7031
2026-07-24 01:06:35.990 9 INFO neutron.db.ovn_revision_numbers_db [None req-ca28343d-6714-4c54-80b9-e716a6f6bb1d 62fae09fc55f4d6faa6cb2771886dd1f f0000d67e0dd44b3abf02eb78d769b2c - - default default] Successfully bumped revision number for resource c02df638-93d2-480a-a723-08abb68d7031 (type: networks) to 1
2026-07-24 01:06:36.181 9 WARNING neutron.scheduler.dhcp_agent_scheduler [None req-ca28343d-6714-4c54-80b9-e716a6f6bb1d 62fae09fc55f4d6faa6cb2771886dd1f f0000d67e0dd44b3abf02eb78d769b2c - - default default] No more DHCP agents
2026-07-24 01:06:36.184 9 WARNING neutron.api.rpc.agentnotifiers.dhcp_rpc_agent_api [None req-ca28343d-6714-4c54-80b9-e716a6f6bb1d 62fae09fc55f4d6faa6cb2771886dd1f f0000d67e0dd44b3abf02eb78d769b2c - - default default] Unable to schedule network c02df638-93d2-480a-a723-08abb68d7031: no agents available; will retry on subsequent port and subnet creation events.
2026-07-24 01:06:36.268 9 INFO neutron.db.ovn_revision_numbers_db [None req-ca28343d-6714-4c54-80b9-e716a6f6bb1d 62fae09fc55f4d6faa6cb2771886dd1f f0000d67e0dd44b3abf02eb78d769b2c - - default default] Successfully bumped revision number for resource 2be9dce7-d5ce-407e-8f98-aaa67e9a2d34 (type: ports) to 1
2026-07-24 01:06:36.273 10 INFO neutron.wsgi [None req-6b7d5096-20ec-4a6d-806b-b2fc12d4fccc 62fae09fc55f4d6faa6cb2771886dd1f f0000d67e0dd44b3abf02eb78d769b2c - - default default] 10.0.0.162 "PUT /v2.0/routers/80ec9a6e-e2a1-49f7-b749-e29742b5e782/remove_router_interface HTTP/1.1" status: 200 len: 503 time: 1.3560288 /var/lib/openstack/lib/python3.10/site-packages/pycadf/identifier.py:71: UserWarning: Invalid uuid: neutron. To ensure interoperability, identifiers should be a valid uuid. warnings.warn(('Invalid uuid: %s. To ensure interoperability, '
2026-07-24 01:06:36.296 9 INFO neutron.wsgi [None req-ca28343d-6714-4c54-80b9-e716a6f6bb1d 62fae09fc55f4d6faa6cb2771886dd1f f0000d67e0dd44b3abf02eb78d769b2c - - default default] 10.0.0.162 "POST /v2.0/networks HTTP/1.1" status: 201 len: 939 time: 0.9504027
2026-07-24 01:06:36.446 9 WARNING neutron.scheduler.dhcp_agent_scheduler [None req-598b3765-4c5d-452a-9b85-02737abe45eb 62fae09fc55f4d6faa6cb2771886dd1f f0000d67e0dd44b3abf02eb78d769b2c - - default default] No more DHCP agents
2026-07-24 01:06:36.448 9 WARNING neutron.api.rpc.agentnotifiers.dhcp_rpc_agent_api [None req-598b3765-4c5d-452a-9b85-02737abe45eb 62fae09fc55f4d6faa6cb2771886dd1f f0000d67e0dd44b3abf02eb78d769b2c - - default default] Unable to schedule network c02df638-93d2-480a-a723-08abb68d7031: no agents available; will retry on subsequent port and subnet creation events.
2026-07-24 01:06:37.023 9 INFO neutron.db.ovn_revision_numbers_db [None req-598b3765-4c5d-452a-9b85-02737abe45eb 62fae09fc55f4d6faa6cb2771886dd1f f0000d67e0dd44b3abf02eb78d769b2c - - default default] Successfully bumped revision number for resource 2be9dce7-d5ce-407e-8f98-aaa67e9a2d34 (type: ports) to 2
2026-07-24 01:06:37.065 9 INFO neutron.db.ovn_revision_numbers_db [None req-598b3765-4c5d-452a-9b85-02737abe45eb 62fae09fc55f4d6faa6cb2771886dd1f f0000d67e0dd44b3abf02eb78d769b2c - - default default] Successfully bumped revision number for resource 61a057cc-b22c-474c-8e36-d80900a1d669 (type: subnets) to 0
2026-07-24 01:06:37.088 9 INFO neutron.wsgi [None req-598b3765-4c5d-452a-9b85-02737abe45eb 62fae09fc55f4d6faa6cb2771886dd1f f0000d67e0dd44b3abf02eb78d769b2c - - default default] 10.0.0.162 "POST /v2.0/subnets HTTP/1.1" status: 201 len: 859 time: 0.7846873
2026-07-24 01:06:37.235 10 INFO neutron.wsgi [None req-30c891b1-490b-48e2-a0ab-e6f30f394cfa 62fae09fc55f4d6faa6cb2771886dd1f f0000d67e0dd44b3abf02eb78d769b2c - - default default] 10.0.0.162 "DELETE /v2.0/routers/80ec9a6e-e2a1-49f7-b749-e29742b5e782 HTTP/1.1" status: 204 len: 168 time: 0.9575551
2026-07-24 01:06:37.403 9 INFO neutron.wsgi [None req-f5e23e81-2152-4091-88c3-01ee567aacca 62fae09fc55f4d6faa6cb2771886dd1f f0000d67e0dd44b3abf02eb78d769b2c - - default default] 10.0.0.162 "DELETE /v2.0/subnets/db4cd766-27a7-4c47-bba8-b9f21eebabb2 HTTP/1.1" status: 204 len: 168 time: 0.1625214
2026-07-24 01:06:37.616 10 WARNING neutron.scheduler.dhcp_agent_scheduler [None req-23e455e1-dcf6-421e-b505-58b149efc9c3 62fae09fc55f4d6faa6cb2771886dd1f f0000d67e0dd44b3abf02eb78d769b2c - - default default] No more DHCP agents
2026-07-24 01:06:37.620 10 WARNING neutron.api.rpc.agentnotifiers.dhcp_rpc_agent_api [None req-23e455e1-dcf6-421e-b505-58b149efc9c3 62fae09fc55f4d6faa6cb2771886dd1f f0000d67e0dd44b3abf02eb78d769b2c - - default default] Unable to schedule network 1fbc47eb-ff30-409f-aace-73c56d09cabf: no agents available; will retry on subsequent port and subnet creation events.
2026-07-24 01:06:37.811 10 INFO neutron.db.ovn_revision_numbers_db [None req-23e455e1-dcf6-421e-b505-58b149efc9c3 62fae09fc55f4d6faa6cb2771886dd1f f0000d67e0dd44b3abf02eb78d769b2c - - default default] Successfully bumped revision number for resource 46faff7e-94c2-4445-825b-4b801db1e4df (type: ports) to 1
2026-07-24 01:06:38.089 9 INFO neutron.wsgi [None req-b347b9ee-754f-4e10-86fd-269cc6fb2284 62fae09fc55f4d6faa6cb2771886dd1f f0000d67e0dd44b3abf02eb78d769b2c - - default default] 10.0.0.162 "DELETE /v2.0/networks/01c75d70-ff82-48b0-9451-998106be0f35 HTTP/1.1" status: 204 len: 168 time: 0.6805727
2026-07-24 01:06:38.402 9 INFO neutron.wsgi [None req-c748f701-0555-4c37-a44a-5e1dcf35068a 62fae09fc55f4d6faa6cb2771886dd1f f0000d67e0dd44b3abf02eb78d769b2c - - default default] 10.0.0.162 "GET /v2.0/security-groups?tenant_id=fe848b0e279e4370825eb5d1f1d5361c&name=default HTTP/1.1" status: 200 len: 2996 time: 0.0483119
2026-07-24 01:06:38.487 9 INFO neutron.plugins.ml2.drivers.ovn.mech_driver.mech_driver [None req-0fa86b58-638e-483a-8b43-55a5768edc70 - - - - - -] OVN reports status up for port: 46faff7e-94c2-4445-825b-4b801db1e4df
2026-07-24 01:06:38.508 9 INFO neutron.plugins.ml2.drivers.ovn.mech_driver.ovsdb.ovsdb_monitor [None req-cb71f0b8-9fcb-4615-9d3a-6460cde0ba88 - - - - - -] Router 51c7142f-5da8-4c27-ac77-25be53a55d3b is bound to host instance
2026-07-24 01:06:38.514 9 INFO neutron.plugins.ml2.plugin [None req-0fa86b58-638e-483a-8b43-55a5768edc70 - - - - - -] Attempt 1 to provision port 46faff7e-94c2-4445-825b-4b801db1e4df
2026-07-24 01:06:38.541 10 INFO neutron.db.ovn_revision_numbers_db [None req-23e455e1-dcf6-421e-b505-58b149efc9c3 62fae09fc55f4d6faa6cb2771886dd1f f0000d67e0dd44b3abf02eb78d769b2c - - default default] Successfully bumped revision number for resource 46faff7e-94c2-4445-825b-4b801db1e4df (type: router_ports) to 1
2026-07-24 01:06:38.628 10 INFO neutron.db.ovn_revision_numbers_db [None req-23e455e1-dcf6-421e-b505-58b149efc9c3 62fae09fc55f4d6faa6cb2771886dd1f f0000d67e0dd44b3abf02eb78d769b2c - - default default] Successfully bumped revision number for resource 51c7142f-5da8-4c27-ac77-25be53a55d3b (type: routers) to 2
2026-07-24 01:06:38.644 10 INFO neutron.wsgi [None req-23e455e1-dcf6-421e-b505-58b149efc9c3 62fae09fc55f4d6faa6cb2771886dd1f f0000d67e0dd44b3abf02eb78d769b2c - - default default] 10.0.0.162 "POST /v2.0/routers HTTP/1.1" status: 201 len: 870 time: 1.5469000
2026-07-24 01:06:38.702 10 INFO neutron.wsgi [None req-8bbcb9a7-68b9-42b5-a78f-dd841aa044fd 62fae09fc55f4d6faa6cb2771886dd1f f0000d67e0dd44b3abf02eb78d769b2c - - default default] 10.0.0.162 "DELETE /v2.0/security-groups/540032cc-24db-4284-916f-66b7c060d57b HTTP/1.1" status: 204 len: 168 time: 0.2947538
2026-07-24 01:06:38.754 9 INFO neutron.services.segments.plugin [-] Segment d6c31325-b94d-4c15-9800-117458f2269b resource provider aggregate not found
2026-07-24 01:06:38.759 9 INFO neutron.services.segments.plugin [-] Segment d6c31325-b94d-4c15-9800-117458f2269b resource provider aggregate not found
2026-07-24 01:06:38.786 9 INFO neutron.services.segments.plugin [-] Segment d6c31325-b94d-4c15-9800-117458f2269b resource provider not found; error: Placement Client Error (4xx): {"errors": [{"status": 404, "title": "Not Found", "detail": "The resource could not be found.\n\n No resource provider with uuid d6c31325-b94d-4c15-9800-117458f2269b found for delete ", "request_id": "req-58f50dae-a484-476d-b276-37e8faf4da2f"}]}
2026-07-24 01:06:38.786 9 INFO neutron.services.segments.plugin [-] Segment d6c31325-b94d-4c15-9800-117458f2269b resource provider not found; error: Placement Client Error (4xx): {"errors": [{"status": 404, "title": "Not Found", "detail": "The resource could not be found.\n\n No resource provider with uuid d6c31325-b94d-4c15-9800-117458f2269b found for delete ", "request_id": "req-946153c5-6d7d-4b26-9b4f-6cd680e16968"}]}
2026-07-24 01:06:38.809 10 INFO neutron.wsgi [-] 10.0.0.128 "GET / HTTP/1.1" status: 200 len: 247 time: 0.0025458
2026-07-24 01:06:38.811 10 INFO neutron.wsgi [-] 10.0.0.128 "GET / HTTP/1.1" status: 200 len: 247 time: 0.0012677
2026-07-24 01:06:39.241 9 INFO neutron.db.ovn_revision_numbers_db [None req-cb71f0b8-9fcb-4615-9d3a-6460cde0ba88 - - - - - -] Successfully bumped revision number for resource 46faff7e-94c2-4445-825b-4b801db1e4df (type: ports) to 1
2026-07-24 01:06:39.311 9 WARNING neutron.scheduler.dhcp_agent_scheduler [None req-db2a28d9-74b8-4d4d-b058-b54de4359df8 62fae09fc55f4d6faa6cb2771886dd1f f0000d67e0dd44b3abf02eb78d769b2c - - default default] No more DHCP agents
2026-07-24 01:06:39.315 9 WARNING neutron.api.rpc.agentnotifiers.dhcp_rpc_agent_api [None req-db2a28d9-74b8-4d4d-b058-b54de4359df8 62fae09fc55f4d6faa6cb2771886dd1f f0000d67e0dd44b3abf02eb78d769b2c - - default default] Unable to schedule network c02df638-93d2-480a-a723-08abb68d7031: no agents available; will retry on subsequent port and subnet creation events.
2026-07-24 01:06:39.572 9 INFO neutron.db.ovn_revision_numbers_db [None req-db2a28d9-74b8-4d4d-b058-b54de4359df8 62fae09fc55f4d6faa6cb2771886dd1f f0000d67e0dd44b3abf02eb78d769b2c - - default default] Successfully bumped revision number for resource d53b9d9e-ec89-4ac5-8ed8-e351ed6b27d0 (type: ports) to 1
2026-07-24 01:06:39.573 9 INFO neutron.db.ovn_revision_numbers_db [None req-cb71f0b8-9fcb-4615-9d3a-6460cde0ba88 - - - - - -] Successfully bumped revision number for resource 46faff7e-94c2-4445-825b-4b801db1e4df (type: router_ports) to 3
2026-07-24 01:06:39.796 9 INFO neutron.db.ovn_revision_numbers_db [None req-cb71f0b8-9fcb-4615-9d3a-6460cde0ba88 - - - - - -] Successfully bumped revision number for resource 46faff7e-94c2-4445-825b-4b801db1e4df (type: ports) to 2
2026-07-24 01:06:40.122 10 INFO neutron.plugins.ml2.drivers.ovn.mech_driver.mech_driver [None req-29f8e175-0d43-4339-bf53-5e1516680da6 - - - - - -] OVN reports status up for port: d53b9d9e-ec89-4ac5-8ed8-e351ed6b27d0
2026-07-24 01:06:40.136 10 INFO neutron.plugins.ml2.plugin [None req-29f8e175-0d43-4339-bf53-5e1516680da6 - - - - - -] Attempt 1 to provision port d53b9d9e-ec89-4ac5-8ed8-e351ed6b27d0
2026-07-24 01:06:40.154 9 INFO neutron.db.ovn_revision_numbers_db [None req-cb71f0b8-9fcb-4615-9d3a-6460cde0ba88 - - - - - -] Successfully bumped revision number for resource 46faff7e-94c2-4445-825b-4b801db1e4df (type: ports) to 4
2026-07-24 01:06:40.156 9 INFO neutron.db.ovn_revision_numbers_db [None req-db2a28d9-74b8-4d4d-b058-b54de4359df8 62fae09fc55f4d6faa6cb2771886dd1f f0000d67e0dd44b3abf02eb78d769b2c - - default default] Successfully bumped revision number for resource d53b9d9e-ec89-4ac5-8ed8-e351ed6b27d0 (type: router_ports) to 1
2026-07-24 01:06:40.373 9 INFO neutron.db.ovn_revision_numbers_db [None req-db2a28d9-74b8-4d4d-b058-b54de4359df8 62fae09fc55f4d6faa6cb2771886dd1f f0000d67e0dd44b3abf02eb78d769b2c - - default default] Successfully bumped revision number for resource d53b9d9e-ec89-4ac5-8ed8-e351ed6b27d0 (type: ports) to 1
2026-07-24 01:06:40.422 9 INFO neutron.db.ovn_revision_numbers_db [None req-cb71f0b8-9fcb-4615-9d3a-6460cde0ba88 - - - - - -] Successfully bumped revision number for resource 46faff7e-94c2-4445-825b-4b801db1e4df (type: router_ports) to 4
2026-07-24 01:06:40.426 10 INFO neutron.db.ovn_revision_numbers_db [None req-29f8e175-0d43-4339-bf53-5e1516680da6 - - - - - -] Successfully bumped revision number for resource d53b9d9e-ec89-4ac5-8ed8-e351ed6b27d0 (type: ports) to 2
2026-07-24 01:06:40.472 9 WARNING neutron.scheduler.dhcp_agent_scheduler [None req-db2a28d9-74b8-4d4d-b058-b54de4359df8 62fae09fc55f4d6faa6cb2771886dd1f f0000d67e0dd44b3abf02eb78d769b2c - - default default] No more DHCP agents
2026-07-24 01:06:40.473 9 WARNING neutron.api.rpc.agentnotifiers.dhcp_rpc_agent_api [None req-db2a28d9-74b8-4d4d-b058-b54de4359df8 62fae09fc55f4d6faa6cb2771886dd1f f0000d67e0dd44b3abf02eb78d769b2c - - default default] Unable to schedule network c02df638-93d2-480a-a723-08abb68d7031: no agents available; will retry on subsequent port and subnet creation events.
2026-07-24 01:06:40.508 10 INFO neutron.db.ovn_revision_numbers_db [None req-29f8e175-0d43-4339-bf53-5e1516680da6 - - - - - -] Successfully bumped revision number for resource d53b9d9e-ec89-4ac5-8ed8-e351ed6b27d0 (type: router_ports) to 2
2026-07-24 01:06:41.143 10 INFO neutron.db.ovn_revision_numbers_db [None req-06fdffdb-a2dc-4287-b21f-1736e9ccebfb 62fae09fc55f4d6faa6cb2771886dd1f f0000d67e0dd44b3abf02eb78d769b2c - - default default] Successfully bumped revision number for resource 7cd499d1-9269-4bb8-8898-339f390cb004 (type: security_groups) to 1
2026-07-24 01:06:41.165 10 INFO neutron.db.ovn_revision_numbers_db [None req-06fdffdb-a2dc-4287-b21f-1736e9ccebfb 62fae09fc55f4d6faa6cb2771886dd1f f0000d67e0dd44b3abf02eb78d769b2c - - default default] Successfully bumped revision number for resource 04e67b2f-d5b2-4fbb-8f07-d41da4ee0cca (type: security_group_rules) to 0
2026-07-24 01:06:41.177 10 INFO neutron.db.ovn_revision_numbers_db [None req-a852641e-9572-4b00-9eff-1336156bac8d 62fae09fc55f4d6faa6cb2771886dd1f f0000d67e0dd44b3abf02eb78d769b2c - - default default] Successfully bumped revision number for resource 14364f39-ad0a-422b-b578-4cee08acf0a5 (type: security_groups) to 1
2026-07-24 01:06:41.186 10 INFO neutron.db.ovn_revision_numbers_db [None req-06fdffdb-a2dc-4287-b21f-1736e9ccebfb 62fae09fc55f4d6faa6cb2771886dd1f f0000d67e0dd44b3abf02eb78d769b2c - - default default] Successfully bumped revision number for resource 1cbf1301-0e71-4c0e-bdb5-8bf43cdf93cd (type: security_group_rules) to 0
2026-07-24 01:06:41.195 10 INFO neutron.db.ovn_revision_numbers_db [None req-a852641e-9572-4b00-9eff-1336156bac8d 62fae09fc55f4d6faa6cb2771886dd1f f0000d67e0dd44b3abf02eb78d769b2c - - default default] Successfully bumped revision number for resource 4e2c11b0-26ad-4efb-8890-a538080d4ab4 (type: security_group_rules) to 0
2026-07-24 01:06:41.211 10 INFO neutron.db.ovn_revision_numbers_db [None req-06fdffdb-a2dc-4287-b21f-1736e9ccebfb 62fae09fc55f4d6faa6cb2771886dd1f f0000d67e0dd44b3abf02eb78d769b2c - - default default] Successfully bumped revision number for resource 949c9708-63fa-49ad-9a81-674d699801aa (type: security_group_rules) to 0
2026-07-24 01:06:41.213 10 INFO neutron.db.ovn_revision_numbers_db [None req-a852641e-9572-4b00-9eff-1336156bac8d 62fae09fc55f4d6faa6cb2771886dd1f f0000d67e0dd44b3abf02eb78d769b2c - - default default] Successfully bumped revision number for resource 777323d6-4347-4717-bae7-92672f0866e9 (type: security_group_rules) to 0
2026-07-24 01:06:41.236 10 INFO neutron.db.ovn_revision_numbers_db [None req-a852641e-9572-4b00-9eff-1336156bac8d 62fae09fc55f4d6faa6cb2771886dd1f f0000d67e0dd44b3abf02eb78d769b2c - - default default] Successfully bumped revision number for resource ef6825ad-6586-47cc-8541-db78260270bf (type: security_group_rules) to 0
2026-07-24 01:06:41.238 10 INFO neutron.db.ovn_revision_numbers_db [None req-06fdffdb-a2dc-4287-b21f-1736e9ccebfb 62fae09fc55f4d6faa6cb2771886dd1f f0000d67e0dd44b3abf02eb78d769b2c - - default default] Successfully bumped revision number for resource e655465d-f63e-4d5e-b860-562a27758262 (type: security_group_rules) to 0
2026-07-24 01:06:41.250 9 INFO neutron.db.ovn_revision_numbers_db [None req-db2a28d9-74b8-4d4d-b058-b54de4359df8 62fae09fc55f4d6faa6cb2771886dd1f f0000d67e0dd44b3abf02eb78d769b2c - - default default] Successfully bumped revision number for resource d53b9d9e-ec89-4ac5-8ed8-e351ed6b27d0 (type: router_ports) to 2
2026-07-24 01:06:41.253 9 INFO neutron.wsgi [None req-db2a28d9-74b8-4d4d-b058-b54de4359df8 62fae09fc55f4d6faa6cb2771886dd1f f0000d67e0dd44b3abf02eb78d769b2c - - default default] 10.0.0.162 "PUT /v2.0/routers/51c7142f-5da8-4c27-ac77-25be53a55d3b/add_router_interface HTTP/1.1" status: 200 len: 503 time: 2.6030271
2026-07-24 01:06:41.264 10 INFO neutron.db.ovn_revision_numbers_db [None req-a852641e-9572-4b00-9eff-1336156bac8d 62fae09fc55f4d6faa6cb2771886dd1f f0000d67e0dd44b3abf02eb78d769b2c - - default default] Successfully bumped revision number for resource f8a45cd5-550c-4260-9af4-7b4758849fc4 (type: security_group_rules) to 0
2026-07-24 01:06:41.272 10 INFO neutron.wsgi [None req-06fdffdb-a2dc-4287-b21f-1736e9ccebfb 62fae09fc55f4d6faa6cb2771886dd1f f0000d67e0dd44b3abf02eb78d769b2c - - default default] 10.0.0.162 "GET /v2.0/security-groups?tenant_id=2a203debcfb24c2b865e873e98cabe4b&name=default HTTP/1.1" status: 200 len: 2996 time: 0.4612696
