2026-07-24 01:07:13.895 9 INFO neutron.wsgi [req-b2ad07f6-3192-4540-ba59-b61fb9a8d6dd req-04ff81e2-3575-45d9-a97e-1c28ec754a4a 97ac81ced1fd40ff8c7598094d8019cd e5d6823feb274d26b12a300f002fa778 - - default default] 10.0.0.130 "GET /v2.0/quotas/e5d6823feb274d26b12a300f002fa778 HTTP/1.1" status: 200 len: 386 time: 0.0205760
2026-07-24 01:07:14.047 9 INFO neutron.wsgi [req-b2ad07f6-3192-4540-ba59-b61fb9a8d6dd req-a6e64cec-57e3-4b39-bbf5-5d44f8ea7266 97ac81ced1fd40ff8c7598094d8019cd e5d6823feb274d26b12a300f002fa778 - - default default] 10.0.0.130 "GET /v2.0/ports?tenant_id=e5d6823feb274d26b12a300f002fa778&fields=id HTTP/1.1" status: 200 len: 302 time: 0.1451969
2026-07-24 01:07:14.073 9 INFO neutron.db.ovn_revision_numbers_db [None req-48984c9d-9e0d-4f55-98f3-000f4f0f39d7 62fae09fc55f4d6faa6cb2771886dd1f f0000d67e0dd44b3abf02eb78d769b2c - - default default] Successfully bumped revision number for resource 76a37e8a-ebec-469e-8cb8-ac5d80f1fa52 (type: security_groups) to 1
2026-07-24 01:07:14.104 9 INFO neutron.db.ovn_revision_numbers_db [None req-48984c9d-9e0d-4f55-98f3-000f4f0f39d7 62fae09fc55f4d6faa6cb2771886dd1f f0000d67e0dd44b3abf02eb78d769b2c - - default default] Successfully bumped revision number for resource 6264b322-93e5-479c-8beb-b5e20d176587 (type: security_group_rules) to 0
2026-07-24 01:07:14.129 9 INFO neutron.wsgi [req-b2ad07f6-3192-4540-ba59-b61fb9a8d6dd req-45f3c700-e678-453c-bfbc-6d654b8111d6 5b1195e95bc648b98e3cd81287838f61 03e397f6b0c9450a88ac58208c027f30 - - 392ff6c0b2584d0ba60bd617569b29fb 392ff6c0b2584d0ba60bd617569b29fb] 10.0.0.130 "GET /v2.0/networks/9df17fa4-3853-4a5a-8ffd-2600f697a5fb?fields=segments HTTP/1.1" status: 200 len: 212 time: 0.0697265
2026-07-24 01:07:14.130 9 INFO neutron.db.ovn_revision_numbers_db [None req-48984c9d-9e0d-4f55-98f3-000f4f0f39d7 62fae09fc55f4d6faa6cb2771886dd1f f0000d67e0dd44b3abf02eb78d769b2c - - default default] Successfully bumped revision number for resource 9b43aef8-a4b3-4c79-a1a5-e742246cbb7e (type: security_group_rules) to 0
2026-07-24 01:07:14.160 9 INFO neutron.db.ovn_revision_numbers_db [None req-48984c9d-9e0d-4f55-98f3-000f4f0f39d7 62fae09fc55f4d6faa6cb2771886dd1f f0000d67e0dd44b3abf02eb78d769b2c - - default default] Successfully bumped revision number for resource de437159-de06-4340-b9f9-d347a3b5a626 (type: security_group_rules) to 0
2026-07-24 01:07:14.167 10 INFO neutron.db.ovn_revision_numbers_db [None req-ecd12553-4454-4b5b-b824-7c4fb9e80ccb 41e9b5868f7146c0aebdb10174539fd6 35428aeb701445e0a64ffc7a9cd9ca18 - - default default] Successfully bumped revision number for resource 8f4616f8-7844-443d-9bba-fdc156a2695a (type: ports) to 2
2026-07-24 01:07:14.199 9 INFO neutron.db.ovn_revision_numbers_db [None req-48984c9d-9e0d-4f55-98f3-000f4f0f39d7 62fae09fc55f4d6faa6cb2771886dd1f f0000d67e0dd44b3abf02eb78d769b2c - - default default] Successfully bumped revision number for resource effddef3-756c-4924-a736-c1d0ea1dfe60 (type: security_group_rules) to 0
2026-07-24 01:07:14.200 10 INFO neutron.db.ovn_revision_numbers_db [None req-ecd12553-4454-4b5b-b824-7c4fb9e80ccb 41e9b5868f7146c0aebdb10174539fd6 35428aeb701445e0a64ffc7a9cd9ca18 - - default default] Successfully bumped revision number for resource 5c4c87aa-fd9c-453f-b928-e798b94d17de (type: subnets) to 0
2026-07-24 01:07:14.218 10 INFO neutron.wsgi [None req-ecd12553-4454-4b5b-b824-7c4fb9e80ccb 41e9b5868f7146c0aebdb10174539fd6 35428aeb701445e0a64ffc7a9cd9ca18 - - default default] 10.0.0.162 "POST /v2.0/subnets HTTP/1.1" status: 201 len: 801 time: 0.9017804
2026-07-24 01:07:14.225 9 INFO neutron.wsgi [req-b2ad07f6-3192-4540-ba59-b61fb9a8d6dd req-3b7863a9-f7cf-40d5-be8d-d9d6b3ce34ca 5b1195e95bc648b98e3cd81287838f61 03e397f6b0c9450a88ac58208c027f30 - - 392ff6c0b2584d0ba60bd617569b29fb 392ff6c0b2584d0ba60bd617569b29fb] 10.0.0.130 "GET /v2.0/networks/9df17fa4-3853-4a5a-8ffd-2600f697a5fb?fields=provider%3Aphysical_network&fields=provider%3Anetwork_type HTTP/1.1" status: 200 len: 277 time: 0.0830083
2026-07-24 01:07:14.228 10 WARNING neutron_lib.context [None req-d33a2e24-2410-41ed-aeb3-36d24f676414 41e9b5868f7146c0aebdb10174539fd6 35428aeb701445e0a64ffc7a9cd9ca18 - - default default] Method 'is_advsvc' is deprecated since 2023.2 release (neutron-lib 3.8.0) and will be removed once support for the old RBAC API policies will be removed from Neutron. Please use method 'is_service_role' instead.
2026-07-24 01:07:14.233 9 INFO neutron.wsgi [None req-48984c9d-9e0d-4f55-98f3-000f4f0f39d7 62fae09fc55f4d6faa6cb2771886dd1f f0000d67e0dd44b3abf02eb78d769b2c - - default default] 10.0.0.162 "GET /v2.0/security-groups?tenant_id=d7dec70c078d4d42a4023ccf8c0463b6&name=default HTTP/1.1" status: 200 len: 2996 time: 0.3978622
2026-07-24 01:07:14.366 9 INFO neutron.wsgi [req-59b977be-cb91-401e-83b5-352c9c8fbc2b req-a3a8b9ca-55f6-4579-a1c1-839d0886d89f 97ac81ced1fd40ff8c7598094d8019cd e5d6823feb274d26b12a300f002fa778 - - default default] 10.0.0.130 "GET /v2.0/ports?device_id=9eda4055-669f-4bd9-986a-96588c296b77 HTTP/1.1" status: 200 len: 210 time: 0.0226617
2026-07-24 01:07:14.442 10 INFO neutron.db.ovn_revision_numbers_db [None req-c56dc0f4-0012-4c6b-83ac-0ac0f0e94e2c 62fae09fc55f4d6faa6cb2771886dd1f f0000d67e0dd44b3abf02eb78d769b2c - - default default] Successfully bumped revision number for resource 1febf2e4-4e4a-42d2-9bbd-c6e9b4728d8e (type: security_groups) to 1
2026-07-24 01:07:14.461 10 INFO neutron.db.ovn_revision_numbers_db [None req-c56dc0f4-0012-4c6b-83ac-0ac0f0e94e2c 62fae09fc55f4d6faa6cb2771886dd1f f0000d67e0dd44b3abf02eb78d769b2c - - default default] Successfully bumped revision number for resource 7311d8a5-6035-40ea-b8dc-34add2a6adc1 (type: security_group_rules) to 0
2026-07-24 01:07:14.488 9 INFO neutron.wsgi [None req-b83b6593-b829-482b-abce-e66465e968d0 62fae09fc55f4d6faa6cb2771886dd1f f0000d67e0dd44b3abf02eb78d769b2c - - default default] 10.0.0.162 "DELETE /v2.0/security-groups/76a37e8a-ebec-469e-8cb8-ac5d80f1fa52 HTTP/1.1" status: 204 len: 168 time: 0.2440269
2026-07-24 01:07:14.695 10 INFO neutron.db.ovn_revision_numbers_db [None req-c56dc0f4-0012-4c6b-83ac-0ac0f0e94e2c 62fae09fc55f4d6faa6cb2771886dd1f f0000d67e0dd44b3abf02eb78d769b2c - - default default] Successfully bumped revision number for resource 8ff55ed5-342b-40e1-8a2a-7641f49c4199 (type: security_group_rules) to 0
2026-07-24 01:07:14.714 10 INFO neutron.db.ovn_revision_numbers_db [None req-c56dc0f4-0012-4c6b-83ac-0ac0f0e94e2c 62fae09fc55f4d6faa6cb2771886dd1f f0000d67e0dd44b3abf02eb78d769b2c - - default default] Successfully bumped revision number for resource 985851f9-8685-43f7-81ce-e4cb7f0ce2b2 (type: security_group_rules) to 0
2026-07-24 01:07:14.734 10 INFO neutron.db.ovn_revision_numbers_db [None req-c56dc0f4-0012-4c6b-83ac-0ac0f0e94e2c 62fae09fc55f4d6faa6cb2771886dd1f f0000d67e0dd44b3abf02eb78d769b2c - - default default] Successfully bumped revision number for resource e45101a2-875b-4076-b308-3c0140dd2a35 (type: security_group_rules) to 0
2026-07-24 01:07:14.773 10 INFO neutron.wsgi [None req-c56dc0f4-0012-4c6b-83ac-0ac0f0e94e2c 62fae09fc55f4d6faa6cb2771886dd1f f0000d67e0dd44b3abf02eb78d769b2c - - default default] 10.0.0.162 "GET /v2.0/security-groups?tenant_id=8faefc30bcd34473bfca060dcb17339b&name=default HTTP/1.1" status: 200 len: 2996 time: 0.7340100
2026-07-24 01:07:14.886 10 WARNING neutron.scheduler.dhcp_agent_scheduler [None req-d33a2e24-2410-41ed-aeb3-36d24f676414 41e9b5868f7146c0aebdb10174539fd6 35428aeb701445e0a64ffc7a9cd9ca18 - - default default] No more DHCP agents
2026-07-24 01:07:14.891 10 WARNING neutron.api.rpc.agentnotifiers.dhcp_rpc_agent_api [None req-d33a2e24-2410-41ed-aeb3-36d24f676414 41e9b5868f7146c0aebdb10174539fd6 35428aeb701445e0a64ffc7a9cd9ca18 - - default default] Unable to schedule network ee313fa8-7b18-4692-bd14-fac67f8bbf87: no agents available; will retry on subsequent port and subnet creation events. /var/lib/openstack/lib/python3.10/site-packages/pycadf/identifier.py:71: UserWarning: Invalid uuid: neutron. To ensure interoperability, identifiers should be a valid uuid. warnings.warn(('Invalid uuid: %s. To ensure interoperability, '
2026-07-24 01:07:15.129 10 INFO neutron.wsgi [None req-0db2605f-2940-41dd-aa39-982c20fe7686 62fae09fc55f4d6faa6cb2771886dd1f f0000d67e0dd44b3abf02eb78d769b2c - - default default] 10.0.0.162 "DELETE /v2.0/security-groups/1febf2e4-4e4a-42d2-9bbd-c6e9b4728d8e HTTP/1.1" status: 204 len: 168 time: 0.3494713
2026-07-24 01:07:15.154 10 INFO neutron.db.ovn_revision_numbers_db [None req-d33a2e24-2410-41ed-aeb3-36d24f676414 41e9b5868f7146c0aebdb10174539fd6 35428aeb701445e0a64ffc7a9cd9ca18 - - default default] Successfully bumped revision number for resource 8b33e796-e681-465c-800e-baeb316a9104 (type: ports) to 1
2026-07-24 01:07:15.162 10 INFO neutron.wsgi [req-b2ad07f6-3192-4540-ba59-b61fb9a8d6dd req-47b57d79-43b5-4631-aa92-a655fc4e06c9 97ac81ced1fd40ff8c7598094d8019cd e5d6823feb274d26b12a300f002fa778 - - default default] 199.204.45.74 "GET /v2.0/networks?id=9df17fa4-3853-4a5a-8ffd-2600f697a5fb HTTP/1.1" status: 200 len: 872 time: 0.0906546
2026-07-24 01:07:15.184 10 WARNING neutron_lib.context [req-b2ad07f6-3192-4540-ba59-b61fb9a8d6dd req-82e45bec-9c45-4aa7-bfe3-7e4a4259b287 97ac81ced1fd40ff8c7598094d8019cd e5d6823feb274d26b12a300f002fa778 - - default default] Method 'is_advsvc' is deprecated since 2023.2 release (neutron-lib 3.8.0) and will be removed once support for the old RBAC API policies will be removed from Neutron. Please use method 'is_service_role' instead.
2026-07-24 01:07:15.191 10 INFO neutron.wsgi [None req-d33a2e24-2410-41ed-aeb3-36d24f676414 41e9b5868f7146c0aebdb10174539fd6 35428aeb701445e0a64ffc7a9cd9ca18 - - default default] 10.0.0.162 "POST /v2.0/ports HTTP/1.1" status: 201 len: 1148 time: 0.9681847
2026-07-24 01:07:15.429 10 INFO neutron.db.ovn_revision_numbers_db [None req-d68e60a9-25ec-4492-acb9-c47279c5ed5a 62fae09fc55f4d6faa6cb2771886dd1f f0000d67e0dd44b3abf02eb78d769b2c - - default default] Successfully bumped revision number for resource 72263c16-cad7-40c5-abbf-3219988253ea (type: security_groups) to 1
2026-07-24 01:07:15.450 10 INFO neutron.db.ovn_revision_numbers_db [None req-d68e60a9-25ec-4492-acb9-c47279c5ed5a 62fae09fc55f4d6faa6cb2771886dd1f f0000d67e0dd44b3abf02eb78d769b2c - - default default] Successfully bumped revision number for resource 57c27c18-4aaa-4f44-9a80-d6f519bdee85 (type: security_group_rules) to 0
2026-07-24 01:07:15.481 10 INFO neutron.db.ovn_revision_numbers_db [None req-d68e60a9-25ec-4492-acb9-c47279c5ed5a 62fae09fc55f4d6faa6cb2771886dd1f f0000d67e0dd44b3abf02eb78d769b2c - - default default] Successfully bumped revision number for resource 677985ef-698b-4a52-8545-e829e88303f8 (type: security_group_rules) to 0
2026-07-24 01:07:15.485 9 INFO neutron.wsgi [req-3fcd5caf-5b4b-4169-8a3c-188a537427ff req-108f6613-dbc7-4889-bd31-e969a5a96b53 97ac81ced1fd40ff8c7598094d8019cd e5d6823feb274d26b12a300f002fa778 - - default default] 10.0.0.130 "GET /v2.0/ports?device_id=9eda4055-669f-4bd9-986a-96588c296b77 HTTP/1.1" status: 200 len: 210 time: 0.0335627
2026-07-24 01:07:15.498 10 INFO neutron.db.ovn_revision_numbers_db [None req-d68e60a9-25ec-4492-acb9-c47279c5ed5a 62fae09fc55f4d6faa6cb2771886dd1f f0000d67e0dd44b3abf02eb78d769b2c - - default default] Successfully bumped revision number for resource 85ee6de5-b41c-42c3-b164-fc859e2c0af4 (type: security_group_rules) to 0
2026-07-24 01:07:15.518 10 INFO neutron.db.ovn_revision_numbers_db [None req-d68e60a9-25ec-4492-acb9-c47279c5ed5a 62fae09fc55f4d6faa6cb2771886dd1f f0000d67e0dd44b3abf02eb78d769b2c - - default default] Successfully bumped revision number for resource b11f882c-22e8-415d-a674-05d37849dfa2 (type: security_group_rules) to 0
2026-07-24 01:07:15.558 10 INFO neutron.wsgi [None req-d68e60a9-25ec-4492-acb9-c47279c5ed5a 62fae09fc55f4d6faa6cb2771886dd1f f0000d67e0dd44b3abf02eb78d769b2c - - default default] 10.0.0.162 "GET /v2.0/security-groups?tenant_id=52cec3109fba470cb56f275971aae917&name=default HTTP/1.1" status: 200 len: 2996 time: 0.2951224
2026-07-24 01:07:15.608 10 WARNING neutron.scheduler.dhcp_agent_scheduler [req-b2ad07f6-3192-4540-ba59-b61fb9a8d6dd req-82e45bec-9c45-4aa7-bfe3-7e4a4259b287 97ac81ced1fd40ff8c7598094d8019cd e5d6823feb274d26b12a300f002fa778 - - default default] No more DHCP agents
2026-07-24 01:07:15.609 9 INFO neutron.wsgi [None req-99c28889-7815-4f37-abb8-95ee2c7f3516 41e9b5868f7146c0aebdb10174539fd6 35428aeb701445e0a64ffc7a9cd9ca18 - - default default] 10.0.0.162 "DELETE /v2.0/ports/8b33e796-e681-465c-800e-baeb316a9104 HTTP/1.1" status: 204 len: 168 time: 0.4128249
2026-07-24 01:07:15.610 10 WARNING neutron.api.rpc.agentnotifiers.dhcp_rpc_agent_api [req-b2ad07f6-3192-4540-ba59-b61fb9a8d6dd req-82e45bec-9c45-4aa7-bfe3-7e4a4259b287 97ac81ced1fd40ff8c7598094d8019cd e5d6823feb274d26b12a300f002fa778 - - default default] Unable to schedule network 9df17fa4-3853-4a5a-8ffd-2600f697a5fb: no agents available; will retry on subsequent port and subnet creation events. /var/lib/openstack/lib/python3.10/site-packages/pycadf/identifier.py:71: UserWarning: Invalid uuid: neutron. To ensure interoperability, identifiers should be a valid uuid. warnings.warn(('Invalid uuid: %s. To ensure interoperability, '
2026-07-24 01:07:15.638 10 INFO neutron.pecan_wsgi.hooks.translation [None req-21cc8a30-a519-4a1c-9db4-d8b2ac67473f 41e9b5868f7146c0aebdb10174539fd6 35428aeb701445e0a64ffc7a9cd9ca18 - - default default] DELETE failed (client error): The resource could not be found.
2026-07-24 01:07:15.640 10 INFO neutron.wsgi [None req-21cc8a30-a519-4a1c-9db4-d8b2ac67473f 41e9b5868f7146c0aebdb10174539fd6 35428aeb701445e0a64ffc7a9cd9ca18 - - default default] 10.0.0.162 "DELETE /v2.0/ports/8b33e796-e681-465c-800e-baeb316a9104 HTTP/1.1" status: 404 len: 333 time: 0.0260382
2026-07-24 01:07:15.674 10 INFO neutron.pecan_wsgi.hooks.translation [None req-911eb189-779e-46bb-9110-08a53fc7f014 41e9b5868f7146c0aebdb10174539fd6 35428aeb701445e0a64ffc7a9cd9ca18 - - default default] GET failed (client error): The resource could not be found.
2026-07-24 01:07:15.676 10 INFO neutron.wsgi [None req-911eb189-779e-46bb-9110-08a53fc7f014 41e9b5868f7146c0aebdb10174539fd6 35428aeb701445e0a64ffc7a9cd9ca18 - - default default] 10.0.0.162 "GET /v2.0/ports/8b33e796-e681-465c-800e-baeb316a9104 HTTP/1.1" status: 404 len: 333 time: 0.0286300
2026-07-24 01:07:15.768 9 INFO neutron.wsgi [None req-9dc96acd-d6f2-4f88-8997-4206534cb3fb 62fae09fc55f4d6faa6cb2771886dd1f f0000d67e0dd44b3abf02eb78d769b2c - - default default] 10.0.0.162 "DELETE /v2.0/security-groups/72263c16-cad7-40c5-abbf-3219988253ea HTTP/1.1" status: 204 len: 168 time: 0.2037606
2026-07-24 01:07:15.862 10 INFO neutron.db.ovn_revision_numbers_db [req-b2ad07f6-3192-4540-ba59-b61fb9a8d6dd req-82e45bec-9c45-4aa7-bfe3-7e4a4259b287 97ac81ced1fd40ff8c7598094d8019cd e5d6823feb274d26b12a300f002fa778 - - default default] Successfully bumped revision number for resource 11d2a839-9ff9-495d-9778-b978786f893b (type: ports) to 1
2026-07-24 01:07:15.904 10 INFO neutron.wsgi [req-b2ad07f6-3192-4540-ba59-b61fb9a8d6dd req-82e45bec-9c45-4aa7-bfe3-7e4a4259b287 97ac81ced1fd40ff8c7598094d8019cd e5d6823feb274d26b12a300f002fa778 - - default default] 199.204.45.74 "POST /v2.0/ports HTTP/1.1" status: 201 len: 1158 time: 0.7252309
2026-07-24 01:07:15.966 9 WARNING neutron.plugins.ml2.drivers.ovn.mech_driver.ovsdb.ovn_client [None req-0fa86b58-638e-483a-8b43-55a5768edc70 - - - - - -] No hosting information found for port c95a6b72-a5a1-4aa6-89bd-fd73ca6dc919: RuntimeError: No hosting information found for port c95a6b72-a5a1-4aa6-89bd-fd73ca6dc919
2026-07-24 01:07:16.018 10 INFO neutron.wsgi [None req-f67b1f97-a52d-4550-a499-f2ba2d623749 41e9b5868f7146c0aebdb10174539fd6 35428aeb701445e0a64ffc7a9cd9ca18 - - default default] 10.0.0.162 "DELETE /v2.0/subnets/5c4c87aa-fd9c-453f-b928-e798b94d17de HTTP/1.1" status: 204 len: 168 time: 0.3373349
2026-07-24 01:07:16.387 9 INFO neutron.services.segments.plugin [-] Segment 89cbefb6-4f63-432e-831f-fe4e1f2e82ed resource provider aggregate not found
2026-07-24 01:07:16.388 10 INFO neutron.db.ovn_revision_numbers_db [req-b2ad07f6-3192-4540-ba59-b61fb9a8d6dd req-94c60817-c3be-4b64-a020-cee8d9144260 5b1195e95bc648b98e3cd81287838f61 03e397f6b0c9450a88ac58208c027f30 - - 392ff6c0b2584d0ba60bd617569b29fb 392ff6c0b2584d0ba60bd617569b29fb] Successfully bumped revision number for resource 11d2a839-9ff9-495d-9778-b978786f893b (type: ports) to 2
2026-07-24 01:07:16.392 9 INFO neutron.services.segments.plugin [-] Segment 89cbefb6-4f63-432e-831f-fe4e1f2e82ed resource provider aggregate not found
2026-07-24 01:07:16.410 9 INFO neutron.services.segments.plugin [-] Segment 89cbefb6-4f63-432e-831f-fe4e1f2e82ed resource provider not found; error: Placement Client Error (4xx): {"errors": [{"status": 404, "title": "Not Found", "detail": "The resource could not be found.\n\n No resource provider with uuid 89cbefb6-4f63-432e-831f-fe4e1f2e82ed found for delete ", "request_id": "req-16b0b739-9145-468c-a151-ffc26fa50c9d"}]}
2026-07-24 01:07:16.416 9 INFO neutron.services.segments.plugin [-] Segment 89cbefb6-4f63-432e-831f-fe4e1f2e82ed resource provider not found; error: Placement Client Error (4xx): {"errors": [{"status": 404, "title": "Not Found", "detail": "The resource could not be found.\n\n No resource provider with uuid 89cbefb6-4f63-432e-831f-fe4e1f2e82ed found for delete ", "request_id": "req-ec4d9ef3-8a13-4a79-8750-dbbf7fe1523e"}]}
2026-07-24 01:07:16.438 9 INFO neutron.wsgi [None req-effd8ab7-3830-487e-b231-8db249024ca4 41e9b5868f7146c0aebdb10174539fd6 35428aeb701445e0a64ffc7a9cd9ca18 - - default default] 10.0.0.162 "DELETE /v2.0/networks/ee313fa8-7b18-4692-bd14-fac67f8bbf87 HTTP/1.1" status: 204 len: 168 time: 0.4160259
2026-07-24 01:07:16.453 9 WARNING neutron_lib.context [None req-3284b0b8-708f-4919-8849-e08fbe3bd470 41e9b5868f7146c0aebdb10174539fd6 35428aeb701445e0a64ffc7a9cd9ca18 - - default default] Method 'is_advsvc' is deprecated since 2023.2 release (neutron-lib 3.8.0) and will be removed once support for the old RBAC API policies will be removed from Neutron. Please use method 'is_service_role' instead.
2026-07-24 01:07:16.561 9 INFO neutron.db.segments_db [None req-3284b0b8-708f-4919-8849-e08fbe3bd470 41e9b5868f7146c0aebdb10174539fd6 35428aeb701445e0a64ffc7a9cd9ca18 - - default default] Added segment 2a8d28b6-46d8-45b7-97e4-bbc7af260262 of type geneve for network e1ea0795-a608-4fd8-9afa-07ff00e888f5
2026-07-24 01:07:16.612 9 INFO neutron.wsgi [req-97f3bb34-6220-4d24-9bc4-d8dcbaf400c1 req-15b84537-6a58-47a8-bf32-104992ac9ab7 97ac81ced1fd40ff8c7598094d8019cd e5d6823feb274d26b12a300f002fa778 - - default default] 10.0.0.130 "GET /v2.0/ports?device_id=9eda4055-669f-4bd9-986a-96588c296b77 HTTP/1.1" status: 200 len: 1168 time: 0.0639246
2026-07-24 01:07:16.654 10 INFO neutron.db.ovn_revision_numbers_db [req-b2ad07f6-3192-4540-ba59-b61fb9a8d6dd req-94c60817-c3be-4b64-a020-cee8d9144260 5b1195e95bc648b98e3cd81287838f61 03e397f6b0c9450a88ac58208c027f30 - - 392ff6c0b2584d0ba60bd617569b29fb 392ff6c0b2584d0ba60bd617569b29fb] Successfully bumped revision number for resource 11d2a839-9ff9-495d-9778-b978786f893b (type: ports) to 2
2026-07-24 01:07:16.675 10 INFO neutron.wsgi [req-b2ad07f6-3192-4540-ba59-b61fb9a8d6dd req-94c60817-c3be-4b64-a020-cee8d9144260 5b1195e95bc648b98e3cd81287838f61 03e397f6b0c9450a88ac58208c027f30 - - 392ff6c0b2584d0ba60bd617569b29fb 392ff6c0b2584d0ba60bd617569b29fb] 199.204.45.74 "PUT /v2.0/ports/11d2a839-9ff9-495d-9778-b978786f893b HTTP/1.1" status: 200 len: 1376 time: 0.7602289
2026-07-24 01:07:16.683 9 INFO neutron.wsgi [req-97f3bb34-6220-4d24-9bc4-d8dcbaf400c1 req-7b51ee31-25be-49e5-ac76-eab07663c728 97ac81ced1fd40ff8c7598094d8019cd e5d6823feb274d26b12a300f002fa778 - - default default] 10.0.0.130 "GET /v2.0/security-groups?id=9b3e4780-26be-47c7-bd09-82cc11f0be01&fields=id&fields=name HTTP/1.1" status: 200 len: 286 time: 0.0606294 /var/lib/openstack/lib/python3.10/site-packages/pycadf/identifier.py:71: UserWarning: Invalid uuid: neutron. To ensure interoperability, identifiers should be a valid uuid. warnings.warn(('Invalid uuid: %s. To ensure interoperability, '
2026-07-24 01:07:16.738 10 INFO neutron.notifiers.nova [-] Nova event matching ['req-46e24265-ebec-4e44-a241-585227bcdc8c'] response: {'name': 'network-changed', 'server_uuid': '9eda4055-669f-4bd9-986a-96588c296b77', 'tag': '11d2a839-9ff9-495d-9778-b978786f893b', 'status': 'completed', 'code': 200}
2026-07-24 01:07:16.751 9 INFO neutron.db.ovn_revision_numbers_db [None req-3284b0b8-708f-4919-8849-e08fbe3bd470 41e9b5868f7146c0aebdb10174539fd6 35428aeb701445e0a64ffc7a9cd9ca18 - - default default] Successfully bumped revision number for resource e1ea0795-a608-4fd8-9afa-07ff00e888f5 (type: networks) to 1
2026-07-24 01:07:16.756 10 INFO neutron.wsgi [req-b2ad07f6-3192-4540-ba59-b61fb9a8d6dd req-3f428f71-424b-40c4-ad7e-bd7af02ad340 5b1195e95bc648b98e3cd81287838f61 03e397f6b0c9450a88ac58208c027f30 - - 392ff6c0b2584d0ba60bd617569b29fb 392ff6c0b2584d0ba60bd617569b29fb] 199.204.45.74 "GET /v2.0/ports?tenant_id=e5d6823feb274d26b12a300f002fa778&device_id=9eda4055-669f-4bd9-986a-96588c296b77 HTTP/1.1" status: 200 len: 1407 time: 0.0375051
2026-07-24 01:07:16.784 10 INFO neutron.wsgi [req-b2ad07f6-3192-4540-ba59-b61fb9a8d6dd req-74b8a97b-1946-4018-933d-cda689459141 5b1195e95bc648b98e3cd81287838f61 03e397f6b0c9450a88ac58208c027f30 - - 392ff6c0b2584d0ba60bd617569b29fb 392ff6c0b2584d0ba60bd617569b29fb] 199.204.45.74 "GET /v2.0/floatingips?fixed_ip_address=10.100.0.6&port_id=11d2a839-9ff9-495d-9778-b978786f893b HTTP/1.1" status: 200 len: 217 time: 0.0224345
2026-07-24 01:07:16.827 10 INFO neutron.wsgi [req-b2ad07f6-3192-4540-ba59-b61fb9a8d6dd req-66c7dc1b-3e9c-47ee-942f-c254e542543c 5b1195e95bc648b98e3cd81287838f61 03e397f6b0c9450a88ac58208c027f30 - - 392ff6c0b2584d0ba60bd617569b29fb 392ff6c0b2584d0ba60bd617569b29fb] 199.204.45.74 "GET /v2.0/subnets?id=e6c93fa7-6449-458d-89bb-c6a1119c6cda HTTP/1.1" status: 200 len: 866 time: 0.0381253
2026-07-24 01:07:16.859 10 INFO neutron.wsgi [req-b2ad07f6-3192-4540-ba59-b61fb9a8d6dd req-95b2e77b-5250-4844-a91c-ec7a72ff066c 5b1195e95bc648b98e3cd81287838f61 03e397f6b0c9450a88ac58208c027f30 - - 392ff6c0b2584d0ba60bd617569b29fb 392ff6c0b2584d0ba60bd617569b29fb] 199.204.45.74 "GET /v2.0/ports?network_id=9df17fa4-3853-4a5a-8ffd-2600f697a5fb&device_owner=network%3Adhcp HTTP/1.1" status: 200 len: 210 time: 0.0260961
2026-07-24 01:07:16.958 10 INFO neutron.wsgi [req-b2ad07f6-3192-4540-ba59-b61fb9a8d6dd req-40f0fa17-1950-4517-952e-ecf7d7a4fb78 5b1195e95bc648b98e3cd81287838f61 03e397f6b0c9450a88ac58208c027f30 - - 392ff6c0b2584d0ba60bd617569b29fb 392ff6c0b2584d0ba60bd617569b29fb] 199.204.45.74 "GET /v2.0/networks/9df17fa4-3853-4a5a-8ffd-2600f697a5fb?fields=segments HTTP/1.1" status: 200 len: 212 time: 0.0915592
2026-07-24 01:07:16.995 9 WARNING neutron.scheduler.dhcp_agent_scheduler [None req-3284b0b8-708f-4919-8849-e08fbe3bd470 41e9b5868f7146c0aebdb10174539fd6 35428aeb701445e0a64ffc7a9cd9ca18 - - default default] No more DHCP agents
2026-07-24 01:07:16.997 9 WARNING neutron.api.rpc.agentnotifiers.dhcp_rpc_agent_api [None req-3284b0b8-708f-4919-8849-e08fbe3bd470 41e9b5868f7146c0aebdb10174539fd6 35428aeb701445e0a64ffc7a9cd9ca18 - - default default] Unable to schedule network e1ea0795-a608-4fd8-9afa-07ff00e888f5: no agents available; will retry on subsequent port and subnet creation events.
2026-07-24 01:07:17.038 10 INFO neutron.wsgi [req-b2ad07f6-3192-4540-ba59-b61fb9a8d6dd req-53614da8-4c4c-40a3-a584-ba6fd4dd55a2 5b1195e95bc648b98e3cd81287838f61 03e397f6b0c9450a88ac58208c027f30 - - 392ff6c0b2584d0ba60bd617569b29fb 392ff6c0b2584d0ba60bd617569b29fb] 199.204.45.74 "GET /v2.0/networks/9df17fa4-3853-4a5a-8ffd-2600f697a5fb?fields=provider%3Aphysical_network&fields=provider%3Anetwork_type HTTP/1.1" status: 200 len: 277 time: 0.0731668
2026-07-24 01:07:17.121 10 INFO neutron.wsgi [req-b5fdb4e4-36da-48f8-93c0-7d82cc7ed34b req-6070d0ec-4b9c-4654-931c-2d125671b82b 5b1195e95bc648b98e3cd81287838f61 03e397f6b0c9450a88ac58208c027f30 - - 392ff6c0b2584d0ba60bd617569b29fb 392ff6c0b2584d0ba60bd617569b29fb] 199.204.45.74 "GET /v2.0/ports?tenant_id=e5d6823feb274d26b12a300f002fa778&device_id=9eda4055-669f-4bd9-986a-96588c296b77 HTTP/1.1" status: 200 len: 1407 time: 0.0427499
2026-07-24 01:07:17.204 10 INFO neutron.wsgi [req-b5fdb4e4-36da-48f8-93c0-7d82cc7ed34b req-f31c22f9-7422-44fc-9156-e65242ec94e4 5b1195e95bc648b98e3cd81287838f61 03e397f6b0c9450a88ac58208c027f30 - - 392ff6c0b2584d0ba60bd617569b29fb 392ff6c0b2584d0ba60bd617569b29fb] 199.204.45.74 "GET /v2.0/networks?id=9df17fa4-3853-4a5a-8ffd-2600f697a5fb HTTP/1.1" status: 200 len: 970 time: 0.0767395
2026-07-24 01:07:17.250 10 INFO neutron.wsgi [req-b5fdb4e4-36da-48f8-93c0-7d82cc7ed34b req-1c15b72e-d66a-4cbe-9a7a-ef38b9656b6c 5b1195e95bc648b98e3cd81287838f61 03e397f6b0c9450a88ac58208c027f30 - - 392ff6c0b2584d0ba60bd617569b29fb 392ff6c0b2584d0ba60bd617569b29fb] 199.204.45.74 "GET /v2.0/floatingips?fixed_ip_address=10.100.0.6&port_id=11d2a839-9ff9-495d-9778-b978786f893b HTTP/1.1" status: 200 len: 217 time: 0.0358560
2026-07-24 01:07:17.254 10 INFO neutron.plugins.ml2.drivers.ovn.mech_driver.mech_driver [None req-29f8e175-0d43-4339-bf53-5e1516680da6 - - - - - -] OVN reports status up for port: 11d2a839-9ff9-495d-9778-b978786f893b
2026-07-24 01:07:17.290 10 INFO neutron.plugins.ml2.plugin [None req-29f8e175-0d43-4339-bf53-5e1516680da6 - - - - - -] Attempt 1 to provision port 11d2a839-9ff9-495d-9778-b978786f893b
2026-07-24 01:07:17.313 10 INFO neutron.wsgi [req-b5fdb4e4-36da-48f8-93c0-7d82cc7ed34b req-4d96bcce-8eae-4f52-9875-ce7b1fcc286a 5b1195e95bc648b98e3cd81287838f61 03e397f6b0c9450a88ac58208c027f30 - - 392ff6c0b2584d0ba60bd617569b29fb 392ff6c0b2584d0ba60bd617569b29fb] 199.204.45.74 "GET /v2.0/subnets?id=e6c93fa7-6449-458d-89bb-c6a1119c6cda HTTP/1.1" status: 200 len: 866 time: 0.0551946
2026-07-24 01:07:17.346 10 INFO neutron.wsgi [req-b5fdb4e4-36da-48f8-93c0-7d82cc7ed34b req-f9bc8a3a-d0e5-49fc-84f5-62374e3394d7 5b1195e95bc648b98e3cd81287838f61 03e397f6b0c9450a88ac58208c027f30 - - 392ff6c0b2584d0ba60bd617569b29fb 392ff6c0b2584d0ba60bd617569b29fb] 199.204.45.74 "GET /v2.0/ports?network_id=9df17fa4-3853-4a5a-8ffd-2600f697a5fb&device_owner=network%3Adhcp HTTP/1.1" status: 200 len: 210 time: 0.0266128
2026-07-24 01:07:17.411 9 INFO neutron.db.ovn_revision_numbers_db [None req-3284b0b8-708f-4919-8849-e08fbe3bd470 41e9b5868f7146c0aebdb10174539fd6 35428aeb701445e0a64ffc7a9cd9ca18 - - default default] Successfully bumped revision number for resource 633833d6-ea63-41f2-95f7-0310284ef241 (type: ports) to 1
2026-07-24 01:07:17.437 9 INFO neutron.wsgi [None req-3284b0b8-708f-4919-8849-e08fbe3bd470 41e9b5868f7146c0aebdb10174539fd6 35428aeb701445e0a64ffc7a9cd9ca18 - - default default] 10.0.0.162 "POST /v2.0/networks HTTP/1.1" status: 201 len: 831 time: 0.9893739
2026-07-24 01:07:17.447 9 WARNING neutron_lib.context [None req-092f53d9-8ec5-4404-a09e-2316ff345cb6 41e9b5868f7146c0aebdb10174539fd6 35428aeb701445e0a64ffc7a9cd9ca18 - - default default] Method 'is_advsvc' is deprecated since 2023.2 release (neutron-lib 3.8.0) and will be removed once support for the old RBAC API policies will be removed from Neutron. Please use method 'is_service_role' instead.
2026-07-24 01:07:17.453 10 INFO neutron.wsgi [req-b5fdb4e4-36da-48f8-93c0-7d82cc7ed34b req-c327ba4a-df34-4263-af97-546ab589ea78 5b1195e95bc648b98e3cd81287838f61 03e397f6b0c9450a88ac58208c027f30 - - 392ff6c0b2584d0ba60bd617569b29fb 392ff6c0b2584d0ba60bd617569b29fb] 199.204.45.74 "GET /v2.0/networks/9df17fa4-3853-4a5a-8ffd-2600f697a5fb?fields=segments HTTP/1.1" status: 200 len: 212 time: 0.0943365
2026-07-24 01:07:17.555 10 INFO neutron.wsgi [req-b5fdb4e4-36da-48f8-93c0-7d82cc7ed34b req-1d4b1fb3-17dc-4ccc-9b35-be406c64984a 5b1195e95bc648b98e3cd81287838f61 03e397f6b0c9450a88ac58208c027f30 - - 392ff6c0b2584d0ba60bd617569b29fb 392ff6c0b2584d0ba60bd617569b29fb] 199.204.45.74 "GET /v2.0/networks/9df17fa4-3853-4a5a-8ffd-2600f697a5fb?fields=provider%3Aphysical_network&fields=provider%3Anetwork_type HTTP/1.1" status: 200 len: 277 time: 0.0932570
2026-07-24 01:07:17.725 10 INFO neutron.db.ovn_revision_numbers_db [None req-29f8e175-0d43-4339-bf53-5e1516680da6 - - - - - -] Successfully bumped revision number for resource 11d2a839-9ff9-495d-9778-b978786f893b (type: ports) to 4
2026-07-24 01:07:17.816 9 WARNING neutron.scheduler.dhcp_agent_scheduler [None req-092f53d9-8ec5-4404-a09e-2316ff345cb6 41e9b5868f7146c0aebdb10174539fd6 35428aeb701445e0a64ffc7a9cd9ca18 - - default default] No more DHCP agents
2026-07-24 01:07:17.822 9 INFO neutron.wsgi [req-8fb08576-9435-40fe-b52d-8429267186f9 req-7b65075f-25ac-4957-adf5-4aae809e473b 97ac81ced1fd40ff8c7598094d8019cd e5d6823feb274d26b12a300f002fa778 - - default default] 10.0.0.130 "GET /v2.0/ports?device_id=9eda4055-669f-4bd9-986a-96588c296b77 HTTP/1.1" status: 200 len: 1170 time: 0.0572746
2026-07-24 01:07:17.824 9 WARNING neutron.api.rpc.agentnotifiers.dhcp_rpc_agent_api [None req-092f53d9-8ec5-4404-a09e-2316ff345cb6 41e9b5868f7146c0aebdb10174539fd6 35428aeb701445e0a64ffc7a9cd9ca18 - - default default] Unable to schedule network e1ea0795-a608-4fd8-9afa-07ff00e888f5: no agents available; will retry on subsequent port and subnet creation events.
2026-07-24 01:07:17.916 9 INFO neutron.wsgi [req-8fb08576-9435-40fe-b52d-8429267186f9 req-e61cfc17-550d-4d7c-9345-05c1cda185ea 97ac81ced1fd40ff8c7598094d8019cd e5d6823feb274d26b12a300f002fa778 - - default default] 10.0.0.130 "GET /v2.0/security-groups?id=9b3e4780-26be-47c7-bd09-82cc11f0be01&fields=id&fields=name HTTP/1.1" status: 200 len: 286 time: 0.0711193
2026-07-24 01:07:18.398 9 INFO neutron.db.ovn_revision_numbers_db [None req-092f53d9-8ec5-4404-a09e-2316ff345cb6 41e9b5868f7146c0aebdb10174539fd6 35428aeb701445e0a64ffc7a9cd9ca18 - - default default] Successfully bumped revision number for resource 633833d6-ea63-41f2-95f7-0310284ef241 (type: ports) to 2
2026-07-24 01:07:18.451 9 INFO neutron.db.ovn_revision_numbers_db [None req-092f53d9-8ec5-4404-a09e-2316ff345cb6 41e9b5868f7146c0aebdb10174539fd6 35428aeb701445e0a64ffc7a9cd9ca18 - - default default] Successfully bumped revision number for resource 955fe5b8-b03c-4649-ae81-5ee510354412 (type: subnets) to 0
2026-07-24 01:07:18.465 9 INFO neutron.wsgi [None req-092f53d9-8ec5-4404-a09e-2316ff345cb6 41e9b5868f7146c0aebdb10174539fd6 35428aeb701445e0a64ffc7a9cd9ca18 - - default default] 10.0.0.162 "POST /v2.0/subnets HTTP/1.1" status: 201 len: 801 time: 1.0226314
2026-07-24 01:07:18.475 9 WARNING neutron_lib.context [None req-d2c7fa0b-fd3f-4301-a4cb-4b945e96b3b3 41e9b5868f7146c0aebdb10174539fd6 35428aeb701445e0a64ffc7a9cd9ca18 - - default default] Method 'is_advsvc' is deprecated since 2023.2 release (neutron-lib 3.8.0) and will be removed once support for the old RBAC API policies will be removed from Neutron. Please use method 'is_service_role' instead.
2026-07-24 01:07:18.787 10 INFO neutron.notifiers.nova [-] Nova event matching ['req-e95646c3-794a-4774-8231-bda503e20036'] response: {'server_uuid': '9eda4055-669f-4bd9-986a-96588c296b77', 'name': 'network-vif-plugged', 'status': 'completed', 'tag': '11d2a839-9ff9-495d-9778-b978786f893b', 'code': 200}
2026-07-24 01:07:18.787 10 INFO neutron.notifiers.nova [-] Nova event matching ['req-e95646c3-794a-4774-8231-bda503e20036'] response: {'server_uuid': '9eda4055-669f-4bd9-986a-96588c296b77', 'name': 'network-vif-plugged', 'status': 'completed', 'tag': '11d2a839-9ff9-495d-9778-b978786f893b', 'code': 200} /var/lib/openstack/lib/python3.10/site-packages/pycadf/identifier.py:71: UserWarning: Invalid uuid: neutron. To ensure interoperability, identifiers should be a valid uuid. warnings.warn(('Invalid uuid: %s. To ensure interoperability, '
2026-07-24 01:07:18.818 9 WARNING neutron.scheduler.dhcp_agent_scheduler [None req-d2c7fa0b-fd3f-4301-a4cb-4b945e96b3b3 41e9b5868f7146c0aebdb10174539fd6 35428aeb701445e0a64ffc7a9cd9ca18 - - default default] No more DHCP agents
2026-07-24 01:07:18.821 9 WARNING neutron.api.rpc.agentnotifiers.dhcp_rpc_agent_api [None req-d2c7fa0b-fd3f-4301-a4cb-4b945e96b3b3 41e9b5868f7146c0aebdb10174539fd6 35428aeb701445e0a64ffc7a9cd9ca18 - - default default] Unable to schedule network e1ea0795-a608-4fd8-9afa-07ff00e888f5: no agents available; will retry on subsequent port and subnet creation events.
2026-07-24 01:07:18.997 10 INFO neutron.db.ovn_revision_numbers_db [None req-6e141950-8c2e-4a86-a277-0675d40ef276 62fae09fc55f4d6faa6cb2771886dd1f f0000d67e0dd44b3abf02eb78d769b2c - - default default] Successfully bumped revision number for resource d95a9ed8-7efe-4cfb-9812-5c48e067c135 (type: security_groups) to 1
2026-07-24 01:07:19.015 10 INFO neutron.db.ovn_revision_numbers_db [None req-6e141950-8c2e-4a86-a277-0675d40ef276 62fae09fc55f4d6faa6cb2771886dd1f f0000d67e0dd44b3abf02eb78d769b2c - - default default] Successfully bumped revision number for resource 1b883709-84f9-4ac9-b257-5c74b6a0ea1f (type: security_group_rules) to 0
2026-07-24 01:07:19.025 9 INFO neutron.db.ovn_revision_numbers_db [None req-d2c7fa0b-fd3f-4301-a4cb-4b945e96b3b3 41e9b5868f7146c0aebdb10174539fd6 35428aeb701445e0a64ffc7a9cd9ca18 - - default default] Successfully bumped revision number for resource b872fdea-031d-4688-b76d-96d710d83050 (type: ports) to 1
2026-07-24 01:07:19.037 10 INFO neutron.db.ovn_revision_numbers_db [None req-6e141950-8c2e-4a86-a277-0675d40ef276 62fae09fc55f4d6faa6cb2771886dd1f f0000d67e0dd44b3abf02eb78d769b2c - - default default] Successfully bumped revision number for resource a24a8c7c-d53b-4026-a664-53e5471ea446 (type: security_group_rules) to 0
2026-07-24 01:07:19.056 10 INFO neutron.db.ovn_revision_numbers_db [None req-6e141950-8c2e-4a86-a277-0675d40ef276 62fae09fc55f4d6faa6cb2771886dd1f f0000d67e0dd44b3abf02eb78d769b2c - - default default] Successfully bumped revision number for resource ebb75e21-d67b-4a01-bc8a-bf7298204aa1 (type: security_group_rules) to 0
2026-07-24 01:07:19.072 10 INFO neutron.db.ovn_revision_numbers_db [None req-6e141950-8c2e-4a86-a277-0675d40ef276 62fae09fc55f4d6faa6cb2771886dd1f f0000d67e0dd44b3abf02eb78d769b2c - - default default] Successfully bumped revision number for resource fac4af95-aa57-469b-97bf-46f42e345b81 (type: security_group_rules) to 0
2026-07-24 01:07:19.099 9 INFO neutron.wsgi [None req-d2c7fa0b-fd3f-4301-a4cb-4b945e96b3b3 41e9b5868f7146c0aebdb10174539fd6 35428aeb701445e0a64ffc7a9cd9ca18 - - default default] 10.0.0.162 "POST /v2.0/ports HTTP/1.1" status: 201 len: 1115 time: 0.6283183
2026-07-24 01:07:19.104 10 INFO neutron.wsgi [None req-6e141950-8c2e-4a86-a277-0675d40ef276 62fae09fc55f4d6faa6cb2771886dd1f f0000d67e0dd44b3abf02eb78d769b2c - - default default] 10.0.0.162 "GET /v2.0/security-groups?tenant_id=8be2cfe26cd34f4c94736e5f70c053b1&name=default HTTP/1.1" status: 200 len: 2996 time: 0.5286927
2026-07-24 01:07:19.144 9 INFO neutron.wsgi [req-51eb89fa-5f6e-4358-917e-f64e73289ab0 req-0cb18156-246d-4f45-8d02-9267ea6e8ca2 97ac81ced1fd40ff8c7598094d8019cd e5d6823feb274d26b12a300f002fa778 - - default default] 10.0.0.130 "GET /v2.0/ports?device_id=9eda4055-669f-4bd9-986a-96588c296b77 HTTP/1.1" status: 200 len: 1170 time: 0.1333153
2026-07-24 01:07:19.222 9 INFO neutron.wsgi [req-51eb89fa-5f6e-4358-917e-f64e73289ab0 req-06ee9e85-70f9-4e8c-9308-793a4bc10e84 97ac81ced1fd40ff8c7598094d8019cd e5d6823feb274d26b12a300f002fa778 - - default default] 10.0.0.130 "GET /v2.0/security-groups?id=9b3e4780-26be-47c7-bd09-82cc11f0be01&fields=id&fields=name HTTP/1.1" status: 200 len: 286 time: 0.0682225
2026-07-24 01:07:19.377 10 INFO neutron.wsgi [None req-870cae11-4768-4404-b82c-6cb71bc3641e 62fae09fc55f4d6faa6cb2771886dd1f f0000d67e0dd44b3abf02eb78d769b2c - - default default] 10.0.0.162 "DELETE /v2.0/security-groups/d95a9ed8-7efe-4cfb-9812-5c48e067c135 HTTP/1.1" status: 204 len: 168 time: 0.2683027
2026-07-24 01:07:19.510 9 INFO neutron.wsgi [None req-1ae066f6-7240-4db1-ae03-7917d2b93c9f 41e9b5868f7146c0aebdb10174539fd6 35428aeb701445e0a64ffc7a9cd9ca18 - - default default] 10.0.0.162 "DELETE /v2.0/ports/b872fdea-031d-4688-b76d-96d710d83050 HTTP/1.1" status: 204 len: 168 time: 0.4057317
2026-07-24 01:07:19.536 9 INFO neutron.pecan_wsgi.hooks.translation [None req-69fa0b93-6833-4bf5-b2ca-8568ef55381a 41e9b5868f7146c0aebdb10174539fd6 35428aeb701445e0a64ffc7a9cd9ca18 - - default default] GET failed (client error): The resource could not be found.
2026-07-24 01:07:19.538 9 INFO neutron.wsgi [None req-69fa0b93-6833-4bf5-b2ca-8568ef55381a 41e9b5868f7146c0aebdb10174539fd6 35428aeb701445e0a64ffc7a9cd9ca18 - - default default] 10.0.0.162 "GET /v2.0/ports/b872fdea-031d-4688-b76d-96d710d83050 HTTP/1.1" status: 404 len: 333 time: 0.0203149
2026-07-24 01:07:19.881 9 INFO neutron.wsgi [None req-d00518e1-eee5-455b-8adf-cd7392c1545e 41e9b5868f7146c0aebdb10174539fd6 35428aeb701445e0a64ffc7a9cd9ca18 - - default default] 10.0.0.162 "DELETE /v2.0/subnets/955fe5b8-b03c-4649-ae81-5ee510354412 HTTP/1.1" status: 204 len: 168 time: 0.3350785
2026-07-24 01:07:20.313 9 INFO neutron.services.segments.plugin [-] Segment 2a8d28b6-46d8-45b7-97e4-bbc7af260262 resource provider aggregate not found
2026-07-24 01:07:20.327 9 INFO neutron.services.segments.plugin [-] Segment 2a8d28b6-46d8-45b7-97e4-bbc7af260262 resource provider aggregate not found
2026-07-24 01:07:20.355 9 INFO neutron.services.segments.plugin [-] Segment 2a8d28b6-46d8-45b7-97e4-bbc7af260262 resource provider not found; error: Placement Client Error (4xx): {"errors": [{"status": 404, "title": "Not Found", "detail": "The resource could not be found.\n\n No resource provider with uuid 2a8d28b6-46d8-45b7-97e4-bbc7af260262 found for delete ", "request_id": "req-b5ebcbdc-25b5-4058-b0a2-3bdadf253cb1"}]}
2026-07-24 01:07:20.375 9 INFO neutron.wsgi [req-58a9b511-fc65-4b74-92fb-af3e19b356be req-6ce69ded-e9d8-4792-bf05-a1b3d9477d9d 97ac81ced1fd40ff8c7598094d8019cd e5d6823feb274d26b12a300f002fa778 - - default default] 10.0.0.130 "GET /v2.0/ports?device_id=9eda4055-669f-4bd9-986a-96588c296b77 HTTP/1.1" status: 200 len: 1170 time: 0.0737736
2026-07-24 01:07:20.377 9 INFO neutron.services.segments.plugin [-] Segment 2a8d28b6-46d8-45b7-97e4-bbc7af260262 resource provider not found; error: Placement Client Error (4xx): {"errors": [{"status": 404, "title": "Not Found", "detail": "The resource could not be found.\n\n No resource provider with uuid 2a8d28b6-46d8-45b7-97e4-bbc7af260262 found for delete ", "request_id": "req-034140d3-ec56-464c-9432-b84cba9e4a0d"}]}
2026-07-24 01:07:20.402 9 INFO neutron.wsgi [None req-9af4732f-3c76-4e04-8798-c0af2ed9c998 41e9b5868f7146c0aebdb10174539fd6 35428aeb701445e0a64ffc7a9cd9ca18 - - default default] 10.0.0.162 "DELETE /v2.0/networks/e1ea0795-a608-4fd8-9afa-07ff00e888f5 HTTP/1.1" status: 204 len: 168 time: 0.5147128
2026-07-24 01:07:20.421 10 WARNING neutron_lib.context [None req-942512c7-f1fc-48e4-88b7-28d1fe97371f 41e9b5868f7146c0aebdb10174539fd6 35428aeb701445e0a64ffc7a9cd9ca18 - - default default] Method 'is_advsvc' is deprecated since 2023.2 release (neutron-lib 3.8.0) and will be removed once support for the old RBAC API policies will be removed from Neutron. Please use method 'is_service_role' instead.
2026-07-24 01:07:20.434 9 INFO neutron.wsgi [req-58a9b511-fc65-4b74-92fb-af3e19b356be req-a55a7a85-47ca-48c1-b0be-ed5277f8ee2a 97ac81ced1fd40ff8c7598094d8019cd e5d6823feb274d26b12a300f002fa778 - - default default] 10.0.0.130 "GET /v2.0/security-groups?id=9b3e4780-26be-47c7-bd09-82cc11f0be01&fields=id&fields=name HTTP/1.1" status: 200 len: 286 time: 0.0486636
2026-07-24 01:07:20.756 10 WARNING neutron.scheduler.dhcp_agent_scheduler [None req-942512c7-f1fc-48e4-88b7-28d1fe97371f 41e9b5868f7146c0aebdb10174539fd6 35428aeb701445e0a64ffc7a9cd9ca18 - - default default] No more DHCP agents
2026-07-24 01:07:20.759 10 WARNING neutron.api.rpc.agentnotifiers.dhcp_rpc_agent_api [None req-942512c7-f1fc-48e4-88b7-28d1fe97371f 41e9b5868f7146c0aebdb10174539fd6 35428aeb701445e0a64ffc7a9cd9ca18 - - default default] Unable to schedule network db7a9aa5-5041-43e3-a01f-aab912e28893: no agents available; will retry on subsequent port and subnet creation events.
2026-07-24 01:07:20.895 10 INFO neutron.db.ovn_revision_numbers_db [None req-942512c7-f1fc-48e4-88b7-28d1fe97371f 41e9b5868f7146c0aebdb10174539fd6 35428aeb701445e0a64ffc7a9cd9ca18 - - default default] Successfully bumped revision number for resource dcdfa5eb-263f-410b-b441-8a37c83861f0 (type: ports) to 1
2026-07-24 01:07:20.932 10 INFO neutron.wsgi [None req-942512c7-f1fc-48e4-88b7-28d1fe97371f 41e9b5868f7146c0aebdb10174539fd6 35428aeb701445e0a64ffc7a9cd9ca18 - - default default] 10.0.0.162 "POST /v2.0/ports HTTP/1.1" status: 201 len: 973 time: 0.5208285 /var/lib/openstack/lib/python3.10/site-packages/pycadf/identifier.py:71: UserWarning: Invalid uuid: neutron. To ensure interoperability, identifiers should be a valid uuid. warnings.warn(('Invalid uuid: %s. To ensure interoperability, '
2026-07-24 01:07:21.053 9 INFO neutron.wsgi [req-2e7335c1-6b62-4bed-8292-472d6572fec0 req-243e8e68-7e3d-4981-ae92-6c3dfa266a9b 97ac81ced1fd40ff8c7598094d8019cd e5d6823feb274d26b12a300f002fa778 - - default default] 10.0.0.130 "GET /v2.0/ports?device_id=9eda4055-669f-4bd9-986a-96588c296b77 HTTP/1.1" status: 200 len: 1170 time: 0.0437734
2026-07-24 01:07:21.055 10 INFO neutron.plugins.ml2.drivers.ovn.mech_driver.mech_driver [None req-29f8e175-0d43-4339-bf53-5e1516680da6 - - - - - -] OVN reports status down for port: 11d2a839-9ff9-495d-9778-b978786f893b
2026-07-24 01:07:21.109 9 INFO neutron.wsgi [req-2e7335c1-6b62-4bed-8292-472d6572fec0 req-29b80ba2-5b99-4e27-8873-f8536c50fe07 97ac81ced1fd40ff8c7598094d8019cd e5d6823feb274d26b12a300f002fa778 - - default default] 10.0.0.130 "GET /v2.0/security-groups?id=9b3e4780-26be-47c7-bd09-82cc11f0be01&fields=id&fields=name HTTP/1.1" status: 200 len: 286 time: 0.0495107
2026-07-24 01:07:21.252 10 INFO neutron.notifiers.nova [-] Nova event matching ['req-c4898baf-f575-4e76-8cf4-8013b6e5311c'] response: {'server_uuid': '9eda4055-669f-4bd9-986a-96588c296b77', 'name': 'network-vif-unplugged', 'status': 'completed', 'tag': '11d2a839-9ff9-495d-9778-b978786f893b', 'code': 200}
2026-07-24 01:07:21.309 10 INFO neutron.db.ovn_revision_numbers_db [None req-34e9711c-39d9-47cf-9b8f-11d7202b8641 41e9b5868f7146c0aebdb10174539fd6 35428aeb701445e0a64ffc7a9cd9ca18 - - default default] Successfully bumped revision number for resource dcdfa5eb-263f-410b-b441-8a37c83861f0 (type: ports) to 2
2026-07-24 01:07:21.324 10 INFO neutron.wsgi [None req-34e9711c-39d9-47cf-9b8f-11d7202b8641 41e9b5868f7146c0aebdb10174539fd6 35428aeb701445e0a64ffc7a9cd9ca18 - - default default] 10.0.0.162 "PUT /v2.0/ports/dcdfa5eb-263f-410b-b441-8a37c83861f0 HTTP/1.1" status: 200 len: 946 time: 0.3869748 /var/lib/openstack/lib/python3.10/site-packages/pycadf/identifier.py:71: UserWarning: Invalid uuid: neutron. To ensure interoperability, identifiers should be a valid uuid. warnings.warn(('Invalid uuid: %s. To ensure interoperability, '
2026-07-24 01:07:21.489 10 INFO neutron.wsgi [req-89e9a6cc-f85f-49dc-ac97-bb89031f46ce req-45972b11-043b-4bb9-a1b8-526b046c9751 97ac81ced1fd40ff8c7598094d8019cd e5d6823feb274d26b12a300f002fa778 - - default default] 199.204.45.74 "GET /v2.0/ports?device_id=9eda4055-669f-4bd9-986a-96588c296b77 HTTP/1.1" status: 200 len: 1168 time: 0.1526718
2026-07-24 01:07:21.508 10 INFO neutron.db.ovn_revision_numbers_db [None req-29f8e175-0d43-4339-bf53-5e1516680da6 - - - - - -] Successfully bumped revision number for resource 11d2a839-9ff9-495d-9778-b978786f893b (type: ports) to 5
2026-07-24 01:07:21.537 10 INFO neutron.plugins.ml2.drivers.ovn.mech_driver.mech_driver [None req-29f8e175-0d43-4339-bf53-5e1516680da6 - - - - - -] OVN reports status down for port: dcdfa5eb-263f-410b-b441-8a37c83861f0
2026-07-24 01:07:21.560 9 INFO neutron.wsgi [None req-cdd769fb-8783-4127-9fe4-791e7b0847a5 41e9b5868f7146c0aebdb10174539fd6 35428aeb701445e0a64ffc7a9cd9ca18 - - default default] 10.0.0.162 "DELETE /v2.0/ports/dcdfa5eb-263f-410b-b441-8a37c83861f0 HTTP/1.1" status: 204 len: 168 time: 0.2323236
2026-07-24 01:07:21.679 9 INFO neutron.wsgi [None req-9ff21272-43df-46a6-935f-a0982a5325ac 41e9b5868f7146c0aebdb10174539fd6 35428aeb701445e0a64ffc7a9cd9ca18 - - default default] 10.0.0.162 "GET /v2.0/ports HTTP/1.1" status: 200 len: 1727 time: 0.1117923
2026-07-24 01:07:21.699 9 INFO neutron.pecan_wsgi.hooks.translation [None req-31c84e3f-6b62-4bea-9c3e-ad0db53172bc 41e9b5868f7146c0aebdb10174539fd6 35428aeb701445e0a64ffc7a9cd9ca18 - - default default] GET failed (client error): The resource could not be found.
2026-07-24 01:07:21.702 9 INFO neutron.wsgi [None req-31c84e3f-6b62-4bea-9c3e-ad0db53172bc 41e9b5868f7146c0aebdb10174539fd6 35428aeb701445e0a64ffc7a9cd9ca18 - - default default] 10.0.0.162 "GET /v2.0/ports/dcdfa5eb-263f-410b-b441-8a37c83861f0 HTTP/1.1" status: 404 len: 333 time: 0.0182483
2026-07-24 01:07:21.746 9 INFO neutron.wsgi [None req-b4d370bf-64bc-4290-9bf0-d210bd8d17e6 41e9b5868f7146c0aebdb10174539fd6 35428aeb701445e0a64ffc7a9cd9ca18 - - default default] 10.0.0.162 "GET /v2.0/ports HTTP/1.1" status: 200 len: 1727 time: 0.0377693
2026-07-24 01:07:21.787 9 INFO neutron.wsgi [None req-6752b4b0-0e2d-406b-aaa9-8b33c90d0ad2 41e9b5868f7146c0aebdb10174539fd6 35428aeb701445e0a64ffc7a9cd9ca18 - - default default] 10.0.0.162 "GET /v2.0/ports/cb3e30b6-5063-4d57-b308-edecd519c660 HTTP/1.1" status: 200 len: 967 time: 0.0360472
2026-07-24 01:07:21.810 9 INFO neutron.pecan_wsgi.hooks.translation [None req-29a2a43b-b0a7-472f-a030-80cf43c7db83 41e9b5868f7146c0aebdb10174539fd6 35428aeb701445e0a64ffc7a9cd9ca18 - - default default] DELETE failed (client error): The resource could not be found.
2026-07-24 01:07:21.812 9 INFO neutron.wsgi [None req-29a2a43b-b0a7-472f-a030-80cf43c7db83 41e9b5868f7146c0aebdb10174539fd6 35428aeb701445e0a64ffc7a9cd9ca18 - - default default] 10.0.0.162 "DELETE /v2.0/ports/b872fdea-031d-4688-b76d-96d710d83050 HTTP/1.1" status: 404 len: 333 time: 0.0181367
2026-07-24 01:07:21.816 10 INFO neutron.wsgi [req-89e9a6cc-f85f-49dc-ac97-bb89031f46ce req-8c51e4e8-0e78-49ee-8260-293ac6e47592 97ac81ced1fd40ff8c7598094d8019cd e5d6823feb274d26b12a300f002fa778 - - default default] 199.204.45.74 "DELETE /v2.0/ports/11d2a839-9ff9-495d-9778-b978786f893b HTTP/1.1" status: 204 len: 173 time: 0.3196392
2026-07-24 01:07:21.836 9 INFO neutron.pecan_wsgi.hooks.translation [None req-22b78a71-48df-4684-86e8-ee08c4ea8c2e 41e9b5868f7146c0aebdb10174539fd6 35428aeb701445e0a64ffc7a9cd9ca18 - - default default] DELETE failed (client error): The resource could not be found.
2026-07-24 01:07:21.839 9 INFO neutron.wsgi [None req-22b78a71-48df-4684-86e8-ee08c4ea8c2e 41e9b5868f7146c0aebdb10174539fd6 35428aeb701445e0a64ffc7a9cd9ca18 - - default default] 10.0.0.162 "DELETE /v2.0/subnets/955fe5b8-b03c-4649-ae81-5ee510354412 HTTP/1.1" status: 404 len: 337 time: 0.0206664
2026-07-24 01:07:21.858 9 INFO neutron.pecan_wsgi.hooks.translation [None req-8b381b9b-9e57-4a8e-ba95-bc86581ee24e 41e9b5868f7146c0aebdb10174539fd6 35428aeb701445e0a64ffc7a9cd9ca18 - - default default] DELETE failed (client error): The resource could not be found.
2026-07-24 01:07:21.860 9 INFO neutron.wsgi [None req-8b381b9b-9e57-4a8e-ba95-bc86581ee24e 41e9b5868f7146c0aebdb10174539fd6 35428aeb701445e0a64ffc7a9cd9ca18 - - default default] 10.0.0.162 "DELETE /v2.0/subnets/5c4c87aa-fd9c-453f-b928-e798b94d17de HTTP/1.1" status: 404 len: 337 time: 0.0159633 /var/lib/openstack/lib/python3.10/site-packages/pycadf/identifier.py:71: UserWarning: Invalid uuid: neutron. To ensure interoperability, identifiers should be a valid uuid. warnings.warn(('Invalid uuid: %s. To ensure interoperability, '
2026-07-24 01:07:22.034 10 INFO neutron.db.ovn_revision_numbers_db [None req-6f99962f-1cb1-4db1-8099-963e5843573c 62fae09fc55f4d6faa6cb2771886dd1f f0000d67e0dd44b3abf02eb78d769b2c - - default default] Successfully bumped revision number for resource 12e6dc52-27ae-4306-b0d1-d4c28519ef1a (type: security_groups) to 1
2026-07-24 01:07:22.059 10 INFO neutron.db.ovn_revision_numbers_db [None req-6f99962f-1cb1-4db1-8099-963e5843573c 62fae09fc55f4d6faa6cb2771886dd1f f0000d67e0dd44b3abf02eb78d769b2c - - default default] Successfully bumped revision number for resource 4e14eb07-3d14-457c-abf5-a0efcc2a81b7 (type: security_group_rules) to 0
2026-07-24 01:07:22.077 10 INFO neutron.db.ovn_revision_numbers_db [None req-6f99962f-1cb1-4db1-8099-963e5843573c 62fae09fc55f4d6faa6cb2771886dd1f f0000d67e0dd44b3abf02eb78d769b2c - - default default] Successfully bumped revision number for resource 59995b08-b633-4511-9b5d-0f630c38cddd (type: security_group_rules) to 0
2026-07-24 01:07:22.096 10 INFO neutron.db.ovn_revision_numbers_db [None req-6f99962f-1cb1-4db1-8099-963e5843573c 62fae09fc55f4d6faa6cb2771886dd1f f0000d67e0dd44b3abf02eb78d769b2c - - default default] Successfully bumped revision number for resource 9f78ad49-e8d1-4479-ac5b-ff401fed713f (type: security_group_rules) to 0
2026-07-24 01:07:22.114 10 INFO neutron.db.ovn_revision_numbers_db [None req-6f99962f-1cb1-4db1-8099-963e5843573c 62fae09fc55f4d6faa6cb2771886dd1f f0000d67e0dd44b3abf02eb78d769b2c - - default default] Successfully bumped revision number for resource add3b8b8-608f-437f-a736-90b4fc1de049 (type: security_group_rules) to 0
2026-07-24 01:07:22.145 10 INFO neutron.wsgi [None req-6f99962f-1cb1-4db1-8099-963e5843573c 62fae09fc55f4d6faa6cb2771886dd1f f0000d67e0dd44b3abf02eb78d769b2c - - default default] 10.0.0.162 "GET /v2.0/security-groups?tenant_id=85bfc2a3f0ea4c2690c969d0612f72b1&name=default HTTP/1.1" status: 200 len: 2996 time: 0.3898926
2026-07-24 01:07:22.155 9 INFO neutron.wsgi [None req-989a5f75-b538-4429-9eb1-fd24bbdb1794 41e9b5868f7146c0aebdb10174539fd6 35428aeb701445e0a64ffc7a9cd9ca18 - - default default] 10.0.0.162 "DELETE /v2.0/ports/cb3e30b6-5063-4d57-b308-edecd519c660 HTTP/1.1" status: 204 len: 168 time: 0.2914202
