2026-07-24 01:07:29.050 9 INFO neutron.wsgi [None req-0c9fb284-e09c-4a29-b14c-43c344d138cc d12ed6d08cb343a38303f842a82e1c9b 330688f7c6674287a9823dcf7d4b394c - - default default] 10.0.0.162 "GET /v2.0/extensions/trunk-details HTTP/1.1" status: 200 len: 362 time: 0.0054014
2026-07-24 01:07:29.077 10 INFO neutron.wsgi [None req-40873f18-f888-43e5-8e5a-8591cbbf9c30 08db590b786e4ad8942e8cee6cf2f120 cefc5f94e8824924b316de729b4ef0b4 - - default default] 10.0.0.162 "GET /v2.0/security-groups/24a6f440-6f05-475b-915f-285d8f8f50fa HTTP/1.1" status: 200 len: 1793 time: 0.3340259
2026-07-24 01:07:29.145 10 INFO neutron.db.ovn_revision_numbers_db [None req-c56a3a42-76f8-4e78-909b-d17ee6a3c48f 07388095804f4b41880a1e5168ef792c f40f911dac974a868ef420d90022b201 - - default default] Successfully bumped revision number for resource 7a8113ff-321c-4acb-9604-f4aeaca9d705 (type: routers) to 1
2026-07-24 01:07:29.165 10 INFO neutron.wsgi [None req-c56a3a42-76f8-4e78-909b-d17ee6a3c48f 07388095804f4b41880a1e5168ef792c f40f911dac974a868ef420d90022b201 - - default default] 10.0.0.162 "POST /v2.0/routers HTTP/1.1" status: 201 len: 691 time: 0.4550533
2026-07-24 01:07:29.211 9 INFO neutron.wsgi [None req-e2e86616-46b3-44df-949e-26d812c0a0b9 08db590b786e4ad8942e8cee6cf2f120 cefc5f94e8824924b316de729b4ef0b4 - - default default] 10.0.0.162 "DELETE /v2.0/security-groups/24a6f440-6f05-475b-915f-285d8f8f50fa HTTP/1.1" status: 204 len: 168 time: 0.1291709
2026-07-24 01:07:29.265 9 INFO neutron.wsgi [None req-d45a2f4c-728c-41cc-b693-c937f60f09af 08db590b786e4ad8942e8cee6cf2f120 cefc5f94e8824924b316de729b4ef0b4 - - default default] 10.0.0.162 "GET /v2.0/security-groups HTTP/1.1" status: 200 len: 2996 time: 0.0424588
2026-07-24 01:07:29.299 9 INFO neutron.api.v2.resource [None req-79dc291c-ef25-42a9-9218-378248b63ec1 08db590b786e4ad8942e8cee6cf2f120 cefc5f94e8824924b316de729b4ef0b4 - - default default] delete failed (client error): The resource could not be found.
2026-07-24 01:07:29.301 9 INFO neutron.wsgi [None req-79dc291c-ef25-42a9-9218-378248b63ec1 08db590b786e4ad8942e8cee6cf2f120 cefc5f94e8824924b316de729b4ef0b4 - - default default] 10.0.0.162 "DELETE /v2.0/security-groups/24a6f440-6f05-475b-915f-285d8f8f50fa HTTP/1.1" status: 404 len: 347 time: 0.0205033
2026-07-24 01:07:29.315 10 WARNING neutron_lib.context [None req-26d75215-3bfa-4b1f-abe0-7e5acdade5cc 08db590b786e4ad8942e8cee6cf2f120 cefc5f94e8824924b316de729b4ef0b4 - - default default] Method 'is_advsvc' is deprecated since 2023.2 release (neutron-lib 3.8.0) and will be removed once support for the old RBAC API policies will be removed from Neutron. Please use method 'is_service_role' instead.
2026-07-24 01:07:29.562 10 INFO neutron.db.ovn_revision_numbers_db [None req-26d75215-3bfa-4b1f-abe0-7e5acdade5cc 08db590b786e4ad8942e8cee6cf2f120 cefc5f94e8824924b316de729b4ef0b4 - - default default] Successfully bumped revision number for resource b537c228-6870-4fab-91ef-bb97326bb364 (type: security_groups) to 1
2026-07-24 01:07:29.592 10 INFO neutron.db.ovn_revision_numbers_db [None req-26d75215-3bfa-4b1f-abe0-7e5acdade5cc 08db590b786e4ad8942e8cee6cf2f120 cefc5f94e8824924b316de729b4ef0b4 - - default default] Successfully bumped revision number for resource 66f1cdc8-9c42-4733-99f2-8d5fed20d769 (type: security_group_rules) to 0
2026-07-24 01:07:29.623 10 INFO neutron.db.ovn_revision_numbers_db [None req-26d75215-3bfa-4b1f-abe0-7e5acdade5cc 08db590b786e4ad8942e8cee6cf2f120 cefc5f94e8824924b316de729b4ef0b4 - - default default] Successfully bumped revision number for resource b65b04a5-737c-4970-bccd-682577003e8e (type: security_group_rules) to 0
2026-07-24 01:07:29.651 10 INFO neutron.wsgi [None req-26d75215-3bfa-4b1f-abe0-7e5acdade5cc 08db590b786e4ad8942e8cee6cf2f120 cefc5f94e8824924b316de729b4ef0b4 - - default default] 10.0.0.162 "POST /v2.0/security-groups HTTP/1.1" status: 201 len: 1761 time: 0.3441005
2026-07-24 01:07:29.664 9 WARNING neutron_lib.context [None req-8883af4a-276b-4d96-8162-82d42748d168 08db590b786e4ad8942e8cee6cf2f120 cefc5f94e8824924b316de729b4ef0b4 - - default default] Method 'is_advsvc' is deprecated since 2023.2 release (neutron-lib 3.8.0) and will be removed once support for the old RBAC API policies will be removed from Neutron. Please use method 'is_service_role' instead.
2026-07-24 01:07:29.727 10 WARNING neutron.scheduler.dhcp_agent_scheduler [None req-4ed2d051-9686-41c6-8728-40ad474afc4c 07388095804f4b41880a1e5168ef792c f40f911dac974a868ef420d90022b201 - - default default] No more DHCP agents
2026-07-24 01:07:29.729 10 WARNING neutron.api.rpc.agentnotifiers.dhcp_rpc_agent_api [None req-4ed2d051-9686-41c6-8728-40ad474afc4c 07388095804f4b41880a1e5168ef792c f40f911dac974a868ef420d90022b201 - - default default] Unable to schedule network 4cada315-0b48-4978-9145-bb760047213d: no agents available; will retry on subsequent port and subnet creation events.
2026-07-24 01:07:29.804 9 INFO neutron.db.ovn_revision_numbers_db [None req-8883af4a-276b-4d96-8162-82d42748d168 08db590b786e4ad8942e8cee6cf2f120 cefc5f94e8824924b316de729b4ef0b4 - - default default] Successfully bumped revision number for resource 21d7e148-6183-49c9-8703-778d5dc360aa (type: security_group_rules) to 0
2026-07-24 01:07:29.836 9 INFO neutron.wsgi [None req-8883af4a-276b-4d96-8162-82d42748d168 08db590b786e4ad8942e8cee6cf2f120 cefc5f94e8824924b316de729b4ef0b4 - - default default] 10.0.0.162 "POST /v2.0/security-group-rules HTTP/1.1" status: 201 len: 768 time: 0.1790833
2026-07-24 01:07:29.864 9 INFO neutron.wsgi [None req-649df287-bd02-4698-a85f-28dfa81898e4 08db590b786e4ad8942e8cee6cf2f120 cefc5f94e8824924b316de729b4ef0b4 - - default default] 10.0.0.162 "GET /v2.0/security-group-rules/21d7e148-6183-49c9-8703-778d5dc360aa HTTP/1.1" status: 200 len: 763 time: 0.0213635
2026-07-24 01:07:29.866 10 INFO neutron.db.ovn_revision_numbers_db [None req-4ed2d051-9686-41c6-8728-40ad474afc4c 07388095804f4b41880a1e5168ef792c f40f911dac974a868ef420d90022b201 - - default default] Successfully bumped revision number for resource 15b76b0e-44ba-4b6c-98a8-6f01113d7d8a (type: ports) to 1
2026-07-24 01:07:29.965 9 INFO neutron.wsgi [None req-80aa30e3-4789-4382-b2f6-7463612d028a 08db590b786e4ad8942e8cee6cf2f120 cefc5f94e8824924b316de729b4ef0b4 - - default default] 10.0.0.162 "GET /v2.0/security-group-rules HTTP/1.1" status: 200 len: 4113 time: 0.0969446
2026-07-24 01:07:29.987 9 INFO neutron.db.ovn_revision_numbers_db [None req-ae3383e2-bb4e-4dc8-8ef0-769aa355aa03 62fae09fc55f4d6faa6cb2771886dd1f f0000d67e0dd44b3abf02eb78d769b2c - - default default] Successfully bumped revision number for resource b560afbf-3b3c-4df5-b818-1a6ee2a0d23f (type: security_groups) to 1
2026-07-24 01:07:30.014 9 INFO neutron.db.ovn_revision_numbers_db [None req-ae3383e2-bb4e-4dc8-8ef0-769aa355aa03 62fae09fc55f4d6faa6cb2771886dd1f f0000d67e0dd44b3abf02eb78d769b2c - - default default] Successfully bumped revision number for resource 2a91635e-fe90-4e03-be54-273da48b5097 (type: security_group_rules) to 0
2026-07-24 01:07:30.037 9 INFO neutron.db.ovn_revision_numbers_db [None req-ae3383e2-bb4e-4dc8-8ef0-769aa355aa03 62fae09fc55f4d6faa6cb2771886dd1f f0000d67e0dd44b3abf02eb78d769b2c - - default default] Successfully bumped revision number for resource 5a1445fe-19a6-4321-a7da-4af4dc10a354 (type: security_group_rules) to 0
2026-07-24 01:07:30.056 9 INFO neutron.db.ovn_revision_numbers_db [None req-ae3383e2-bb4e-4dc8-8ef0-769aa355aa03 62fae09fc55f4d6faa6cb2771886dd1f f0000d67e0dd44b3abf02eb78d769b2c - - default default] Successfully bumped revision number for resource 9f77dd1d-0e9b-4bec-a1ab-d0c05ca4f07f (type: security_group_rules) to 0
2026-07-24 01:07:30.077 9 INFO neutron.db.ovn_revision_numbers_db [None req-ae3383e2-bb4e-4dc8-8ef0-769aa355aa03 62fae09fc55f4d6faa6cb2771886dd1f f0000d67e0dd44b3abf02eb78d769b2c - - default default] Successfully bumped revision number for resource d91ec270-6481-4e91-ba4e-f8b95f84ce85 (type: security_group_rules) to 0
2026-07-24 01:07:30.112 9 INFO neutron.wsgi [None req-ae3383e2-bb4e-4dc8-8ef0-769aa355aa03 62fae09fc55f4d6faa6cb2771886dd1f f0000d67e0dd44b3abf02eb78d769b2c - - default default] 10.0.0.162 "GET /v2.0/security-groups?tenant_id=330688f7c6674287a9823dcf7d4b394c&name=default HTTP/1.1" status: 200 len: 2996 time: 0.4905574
2026-07-24 01:07:30.127 9 INFO neutron.wsgi [None req-14212444-85ab-4cc9-9104-5c86d9682d2d 08db590b786e4ad8942e8cee6cf2f120 cefc5f94e8824924b316de729b4ef0b4 - - default default] 10.0.0.162 "DELETE /v2.0/security-group-rules/21d7e148-6183-49c9-8703-778d5dc360aa HTTP/1.1" status: 204 len: 168 time: 0.1549816
2026-07-24 01:07:30.176 9 INFO neutron.wsgi [None req-6fba5bd6-e76a-4255-8d7a-988346d7de0d 08db590b786e4ad8942e8cee6cf2f120 cefc5f94e8824924b316de729b4ef0b4 - - default default] 10.0.0.162 "GET /v2.0/security-group-rules HTTP/1.1" status: 200 len: 3567 time: 0.0421216
2026-07-24 01:07:30.189 10 WARNING neutron_lib.context [None req-e3a646b3-99ff-4089-9af5-7202b17328f5 08db590b786e4ad8942e8cee6cf2f120 cefc5f94e8824924b316de729b4ef0b4 - - default default] Method 'is_advsvc' is deprecated since 2023.2 release (neutron-lib 3.8.0) and will be removed once support for the old RBAC API policies will be removed from Neutron. Please use method 'is_service_role' instead.
2026-07-24 01:07:30.314 10 INFO neutron.plugins.ml2.drivers.ovn.mech_driver.mech_driver [None req-29f8e175-0d43-4339-bf53-5e1516680da6 - - - - - -] OVN reports status up for port: 15b76b0e-44ba-4b6c-98a8-6f01113d7d8a
2026-07-24 01:07:30.336 9 INFO neutron.wsgi [None req-aff33925-63ca-4d05-9b9d-e6d49feefd43 62fae09fc55f4d6faa6cb2771886dd1f f0000d67e0dd44b3abf02eb78d769b2c - - default default] 10.0.0.162 "DELETE /v2.0/security-groups/b560afbf-3b3c-4df5-b818-1a6ee2a0d23f HTTP/1.1" status: 204 len: 168 time: 0.2183571
2026-07-24 01:07:30.342 10 INFO neutron.plugins.ml2.plugin [None req-29f8e175-0d43-4339-bf53-5e1516680da6 - - - - - -] Attempt 1 to provision port 15b76b0e-44ba-4b6c-98a8-6f01113d7d8a
2026-07-24 01:07:30.358 10 INFO neutron.db.ovn_revision_numbers_db [None req-4ed2d051-9686-41c6-8728-40ad474afc4c 07388095804f4b41880a1e5168ef792c f40f911dac974a868ef420d90022b201 - - default default] Successfully bumped revision number for resource 15b76b0e-44ba-4b6c-98a8-6f01113d7d8a (type: router_ports) to 1
2026-07-24 01:07:30.429 10 INFO neutron.db.ovn_revision_numbers_db [None req-e3a646b3-99ff-4089-9af5-7202b17328f5 08db590b786e4ad8942e8cee6cf2f120 cefc5f94e8824924b316de729b4ef0b4 - - default default] Successfully bumped revision number for resource f19a3f83-db99-4399-a8f0-09e1846738f6 (type: security_group_rules) to 0
2026-07-24 01:07:30.476 10 INFO neutron.wsgi [None req-e3a646b3-99ff-4089-9af5-7202b17328f5 08db590b786e4ad8942e8cee6cf2f120 cefc5f94e8824924b316de729b4ef0b4 - - default default] 10.0.0.162 "POST /v2.0/security-group-rules HTTP/1.1" status: 201 len: 768 time: 0.2935989
2026-07-24 01:07:30.501 9 INFO neutron.wsgi [None req-6a156618-affe-40f4-82b7-887e075fc06b 08db590b786e4ad8942e8cee6cf2f120 cefc5f94e8824924b316de729b4ef0b4 - - default default] 10.0.0.162 "GET /v2.0/security-group-rules/f19a3f83-db99-4399-a8f0-09e1846738f6 HTTP/1.1" status: 200 len: 763 time: 0.0195603
2026-07-24 01:07:30.539 10 INFO neutron.db.ovn_revision_numbers_db [None req-4ed2d051-9686-41c6-8728-40ad474afc4c 07388095804f4b41880a1e5168ef792c f40f911dac974a868ef420d90022b201 - - default default] Successfully bumped revision number for resource 15b76b0e-44ba-4b6c-98a8-6f01113d7d8a (type: ports) to 1
2026-07-24 01:07:30.571 9 INFO neutron.wsgi [None req-eeb9a20e-8718-4296-94b9-8e0396f9ba5a 08db590b786e4ad8942e8cee6cf2f120 cefc5f94e8824924b316de729b4ef0b4 - - default default] 10.0.0.162 "GET /v2.0/security-group-rules HTTP/1.1" status: 200 len: 4113 time: 0.0648065
2026-07-24 01:07:30.642 10 WARNING neutron.scheduler.dhcp_agent_scheduler [None req-4ed2d051-9686-41c6-8728-40ad474afc4c 07388095804f4b41880a1e5168ef792c f40f911dac974a868ef420d90022b201 - - default default] No more DHCP agents
2026-07-24 01:07:30.648 10 WARNING neutron.api.rpc.agentnotifiers.dhcp_rpc_agent_api [None req-4ed2d051-9686-41c6-8728-40ad474afc4c 07388095804f4b41880a1e5168ef792c f40f911dac974a868ef420d90022b201 - - default default] Unable to schedule network 4cada315-0b48-4978-9145-bb760047213d: no agents available; will retry on subsequent port and subnet creation events.
2026-07-24 01:07:30.737 9 INFO neutron.wsgi [None req-512814b6-6fee-42a3-8ccc-d1583f9fb0c5 08db590b786e4ad8942e8cee6cf2f120 cefc5f94e8824924b316de729b4ef0b4 - - default default] 10.0.0.162 "DELETE /v2.0/security-group-rules/f19a3f83-db99-4399-a8f0-09e1846738f6 HTTP/1.1" status: 204 len: 168 time: 0.1604526
2026-07-24 01:07:30.799 9 INFO neutron.wsgi [None req-3c263bf4-7613-4709-aa26-d4ec2ee8f6f9 08db590b786e4ad8942e8cee6cf2f120 cefc5f94e8824924b316de729b4ef0b4 - - default default] 10.0.0.162 "GET /v2.0/security-group-rules HTTP/1.1" status: 200 len: 3567 time: 0.0499811
2026-07-24 01:07:30.804 10 INFO neutron.db.ovn_revision_numbers_db [None req-29f8e175-0d43-4339-bf53-5e1516680da6 - - - - - -] Successfully bumped revision number for resource 15b76b0e-44ba-4b6c-98a8-6f01113d7d8a (type: ports) to 2
2026-07-24 01:07:30.815 9 WARNING neutron_lib.context [None req-29f1c3d4-1b25-4000-b8fb-a652e46241d1 08db590b786e4ad8942e8cee6cf2f120 cefc5f94e8824924b316de729b4ef0b4 - - default default] Method 'is_advsvc' is deprecated since 2023.2 release (neutron-lib 3.8.0) and will be removed once support for the old RBAC API policies will be removed from Neutron. Please use method 'is_service_role' instead.
2026-07-24 01:07:30.887 10 INFO neutron.db.ovn_revision_numbers_db [None req-4ed2d051-9686-41c6-8728-40ad474afc4c 07388095804f4b41880a1e5168ef792c f40f911dac974a868ef420d90022b201 - - default default] Successfully bumped revision number for resource 15b76b0e-44ba-4b6c-98a8-6f01113d7d8a (type: router_ports) to 2
2026-07-24 01:07:30.890 10 INFO neutron.wsgi [None req-4ed2d051-9686-41c6-8728-40ad474afc4c 07388095804f4b41880a1e5168ef792c f40f911dac974a868ef420d90022b201 - - default default] 10.0.0.162 "PUT /v2.0/routers/7a8113ff-321c-4acb-9604-f4aeaca9d705/add_router_interface HTTP/1.1" status: 200 len: 503 time: 1.7167790
2026-07-24 01:07:31.260 9 INFO neutron.db.ovn_revision_numbers_db [None req-29f1c3d4-1b25-4000-b8fb-a652e46241d1 08db590b786e4ad8942e8cee6cf2f120 cefc5f94e8824924b316de729b4ef0b4 - - default default] Successfully bumped revision number for resource c5feac5d-318f-413b-b450-8d8c2ecff7b0 (type: security_group_rules) to 0
2026-07-24 01:07:31.280 9 INFO neutron.wsgi [None req-571ba849-bb7d-4676-8477-b06ccb2aa438 07388095804f4b41880a1e5168ef792c f40f911dac974a868ef420d90022b201 - - default default] 10.0.0.162 "GET /v2.0/ports/15b76b0e-44ba-4b6c-98a8-6f01113d7d8a HTTP/1.1" status: 200 len: 1141 time: 0.3823090
2026-07-24 01:07:31.292 9 INFO neutron.wsgi [None req-29f1c3d4-1b25-4000-b8fb-a652e46241d1 08db590b786e4ad8942e8cee6cf2f120 cefc5f94e8824924b316de729b4ef0b4 - - default default] 10.0.0.162 "POST /v2.0/security-group-rules HTTP/1.1" status: 201 len: 769 time: 0.4833443
2026-07-24 01:07:31.336 10 INFO neutron.wsgi [None req-f7a5b859-4de9-45b6-86a2-f68d524d0def 08db590b786e4ad8942e8cee6cf2f120 cefc5f94e8824924b316de729b4ef0b4 - - default default] 10.0.0.162 "GET /v2.0/security-group-rules/c5feac5d-318f-413b-b450-8d8c2ecff7b0 HTTP/1.1" status: 200 len: 764 time: 0.0394478
2026-07-24 01:07:31.424 10 INFO neutron.wsgi [None req-8be4f94b-7af8-4ace-95b7-cd7ef51bc352 08db590b786e4ad8942e8cee6cf2f120 cefc5f94e8824924b316de729b4ef0b4 - - default default] 10.0.0.162 "GET /v2.0/security-group-rules HTTP/1.1" status: 200 len: 4114 time: 0.0831444
2026-07-24 01:07:31.626 10 INFO neutron.wsgi [None req-ad84c72e-409f-4e65-84c6-aa777420099d 08db590b786e4ad8942e8cee6cf2f120 cefc5f94e8824924b316de729b4ef0b4 - - default default] 10.0.0.162 "DELETE /v2.0/security-group-rules/c5feac5d-318f-413b-b450-8d8c2ecff7b0 HTTP/1.1" status: 204 len: 168 time: 0.1967473
2026-07-24 01:07:31.672 9 INFO neutron.wsgi [None req-01a7ff6f-9ed5-438d-83e8-442f60893435 08db590b786e4ad8942e8cee6cf2f120 cefc5f94e8824924b316de729b4ef0b4 - - default default] 10.0.0.162 "GET /v2.0/security-group-rules HTTP/1.1" status: 200 len: 3567 time: 0.0380845
2026-07-24 01:07:31.794 9 INFO neutron.wsgi [None req-40d33259-f45f-4525-aeda-2f1214d706a5 08db590b786e4ad8942e8cee6cf2f120 cefc5f94e8824924b316de729b4ef0b4 - - default default] 10.0.0.162 "DELETE /v2.0/security-groups/b537c228-6870-4fab-91ef-bb97326bb364 HTTP/1.1" status: 204 len: 168 time: 0.1172886
2026-07-24 01:07:31.818 10 WARNING neutron.scheduler.dhcp_agent_scheduler [None req-2d2c0e2d-c815-4162-87f3-697072a74297 07388095804f4b41880a1e5168ef792c f40f911dac974a868ef420d90022b201 - - default default] No more DHCP agents
2026-07-24 01:07:31.822 10 WARNING neutron.api.rpc.agentnotifiers.dhcp_rpc_agent_api [None req-2d2c0e2d-c815-4162-87f3-697072a74297 07388095804f4b41880a1e5168ef792c f40f911dac974a868ef420d90022b201 - - default default] Unable to schedule network c9f40189-7e88-41e0-8bdd-de3234f1a7c6: no agents available; will retry on subsequent port and subnet creation events.
2026-07-24 01:07:31.838 9 INFO neutron.wsgi [None req-5e2de560-9cfc-4272-bc4d-c87777c73ecc 08db590b786e4ad8942e8cee6cf2f120 cefc5f94e8824924b316de729b4ef0b4 - - default default] 10.0.0.162 "GET /v2.0/security-groups HTTP/1.1" status: 200 len: 2996 time: 0.0386066
2026-07-24 01:07:31.883 9 INFO neutron.wsgi [None req-f57220ec-4096-4166-8b84-ff405d8531bb 08db590b786e4ad8942e8cee6cf2f120 cefc5f94e8824924b316de729b4ef0b4 - - default default] 10.0.0.162 "GET /v2.0/security-groups HTTP/1.1" status: 200 len: 2996 time: 0.0376985
2026-07-24 01:07:31.951 10 INFO neutron.db.ovn_revision_numbers_db [None req-2d2c0e2d-c815-4162-87f3-697072a74297 07388095804f4b41880a1e5168ef792c f40f911dac974a868ef420d90022b201 - - default default] Successfully bumped revision number for resource 65fc3436-cbeb-4ef4-90f7-75f2a06269d9 (type: ports) to 1
2026-07-24 01:07:32.418 9 WARNING neutron_lib.context [None req-4a743e0b-d95c-4730-8185-cf00964e6d6f ab48a1af449a41ff9b5c39f5f9a6a485 e76c2364d79544cfafbdbdc6435766ed - - default default] Method 'is_advsvc' is deprecated since 2023.2 release (neutron-lib 3.8.0) and will be removed once support for the old RBAC API policies will be removed from Neutron. Please use method 'is_service_role' instead.
2026-07-24 01:07:32.530 9 INFO neutron.wsgi [None req-1d694e6f-cc76-4add-9132-fc9b093fdfb4 62fae09fc55f4d6faa6cb2771886dd1f f0000d67e0dd44b3abf02eb78d769b2c - - default default] 10.0.0.162 "GET /v2.0/security-groups?tenant_id=cefc5f94e8824924b316de729b4ef0b4&name=default HTTP/1.1" status: 200 len: 2996 time: 0.0805984
2026-07-24 01:07:32.575 9 INFO neutron.db.ovn_revision_numbers_db [None req-4a743e0b-d95c-4730-8185-cf00964e6d6f ab48a1af449a41ff9b5c39f5f9a6a485 e76c2364d79544cfafbdbdc6435766ed - - default default] Successfully bumped revision number for resource 8826fb3d-2ee6-43c6-a0eb-d04f75353eed (type: security_groups) to 1
2026-07-24 01:07:32.591 9 INFO neutron.db.ovn_revision_numbers_db [None req-4a743e0b-d95c-4730-8185-cf00964e6d6f ab48a1af449a41ff9b5c39f5f9a6a485 e76c2364d79544cfafbdbdc6435766ed - - default default] Successfully bumped revision number for resource 1ea569b1-43be-4310-9396-0649f0b13367 (type: security_group_rules) to 0
2026-07-24 01:07:32.609 9 INFO neutron.db.ovn_revision_numbers_db [None req-4a743e0b-d95c-4730-8185-cf00964e6d6f ab48a1af449a41ff9b5c39f5f9a6a485 e76c2364d79544cfafbdbdc6435766ed - - default default] Successfully bumped revision number for resource 46fb6dd9-2ee1-4b3e-9a90-8ccd9301277f (type: security_group_rules) to 0
2026-07-24 01:07:32.629 9 INFO neutron.db.ovn_revision_numbers_db [None req-4a743e0b-d95c-4730-8185-cf00964e6d6f ab48a1af449a41ff9b5c39f5f9a6a485 e76c2364d79544cfafbdbdc6435766ed - - default default] Successfully bumped revision number for resource 75184fc4-f83c-416a-a7e4-00763fabbdf8 (type: security_group_rules) to 0
2026-07-24 01:07:32.644 9 INFO neutron.db.ovn_revision_numbers_db [None req-4a743e0b-d95c-4730-8185-cf00964e6d6f ab48a1af449a41ff9b5c39f5f9a6a485 e76c2364d79544cfafbdbdc6435766ed - - default default] Successfully bumped revision number for resource d4b46389-a94b-4f0d-ad32-5a6b8e2b106c (type: security_group_rules) to 0
2026-07-24 01:07:32.680 10 INFO neutron.db.ovn_revision_numbers_db [None req-2d2c0e2d-c815-4162-87f3-697072a74297 07388095804f4b41880a1e5168ef792c f40f911dac974a868ef420d90022b201 - - default default] Successfully bumped revision number for resource 65fc3436-cbeb-4ef4-90f7-75f2a06269d9 (type: router_ports) to 1
2026-07-24 01:07:32.694 9 INFO neutron.db.segments_db [None req-4a743e0b-d95c-4730-8185-cf00964e6d6f ab48a1af449a41ff9b5c39f5f9a6a485 e76c2364d79544cfafbdbdc6435766ed - - default default] Added segment db6da8d3-e2fd-4e5d-aa28-71f9ffeb4820 of type geneve for network 26defe62-d171-455f-9561-b77456740663
2026-07-24 01:07:32.766 9 INFO neutron.wsgi [None req-e719798c-ff3f-48de-9f3e-f2f95cd2e61a 62fae09fc55f4d6faa6cb2771886dd1f f0000d67e0dd44b3abf02eb78d769b2c - - default default] 10.0.0.162 "DELETE /v2.0/security-groups/255b89b9-f18e-42ea-824a-364c965361a6 HTTP/1.1" status: 204 len: 168 time: 0.2296991
2026-07-24 01:07:32.787 10 INFO neutron.db.ovn_revision_numbers_db [None req-2d2c0e2d-c815-4162-87f3-697072a74297 07388095804f4b41880a1e5168ef792c f40f911dac974a868ef420d90022b201 - - default default] Successfully bumped revision number for resource 65fc3436-cbeb-4ef4-90f7-75f2a06269d9 (type: ports) to 1
2026-07-24 01:07:32.838 9 INFO neutron.db.ovn_revision_numbers_db [None req-4a743e0b-d95c-4730-8185-cf00964e6d6f ab48a1af449a41ff9b5c39f5f9a6a485 e76c2364d79544cfafbdbdc6435766ed - - default default] Successfully bumped revision number for resource 26defe62-d171-455f-9561-b77456740663 (type: networks) to 1
2026-07-24 01:07:32.854 10 WARNING neutron.scheduler.dhcp_agent_scheduler [None req-2d2c0e2d-c815-4162-87f3-697072a74297 07388095804f4b41880a1e5168ef792c f40f911dac974a868ef420d90022b201 - - default default] No more DHCP agents
2026-07-24 01:07:32.855 10 WARNING neutron.api.rpc.agentnotifiers.dhcp_rpc_agent_api [None req-2d2c0e2d-c815-4162-87f3-697072a74297 07388095804f4b41880a1e5168ef792c f40f911dac974a868ef420d90022b201 - - default default] Unable to schedule network c9f40189-7e88-41e0-8bdd-de3234f1a7c6: no agents available; will retry on subsequent port and subnet creation events.
2026-07-24 01:07:33.035 10 INFO neutron.db.ovn_revision_numbers_db [None req-2d2c0e2d-c815-4162-87f3-697072a74297 07388095804f4b41880a1e5168ef792c f40f911dac974a868ef420d90022b201 - - default default] Successfully bumped revision number for resource 65fc3436-cbeb-4ef4-90f7-75f2a06269d9 (type: router_ports) to 1
2026-07-24 01:07:33.039 10 INFO neutron.wsgi [None req-2d2c0e2d-c815-4162-87f3-697072a74297 07388095804f4b41880a1e5168ef792c f40f911dac974a868ef420d90022b201 - - default default] 10.0.0.162 "PUT /v2.0/routers/7a8113ff-321c-4acb-9604-f4aeaca9d705/add_router_interface HTTP/1.1" status: 200 len: 503 time: 1.7536938
2026-07-24 01:07:33.052 9 WARNING neutron.scheduler.dhcp_agent_scheduler [None req-4a743e0b-d95c-4730-8185-cf00964e6d6f ab48a1af449a41ff9b5c39f5f9a6a485 e76c2364d79544cfafbdbdc6435766ed - - default default] No more DHCP agents
2026-07-24 01:07:33.053 9 WARNING neutron.api.rpc.agentnotifiers.dhcp_rpc_agent_api [None req-4a743e0b-d95c-4730-8185-cf00964e6d6f ab48a1af449a41ff9b5c39f5f9a6a485 e76c2364d79544cfafbdbdc6435766ed - - default default] Unable to schedule network 26defe62-d171-455f-9561-b77456740663: no agents available; will retry on subsequent port and subnet creation events.
2026-07-24 01:07:33.083 10 INFO neutron.wsgi [None req-a34ee698-c585-4d6b-b4f9-9c09ca680c40 07388095804f4b41880a1e5168ef792c f40f911dac974a868ef420d90022b201 - - default default] 10.0.0.162 "GET /v2.0/ports/65fc3436-cbeb-4ef4-90f7-75f2a06269d9 HTTP/1.1" status: 200 len: 1147 time: 0.0401940
2026-07-24 01:07:33.181 9 INFO neutron.db.ovn_revision_numbers_db [None req-4a743e0b-d95c-4730-8185-cf00964e6d6f ab48a1af449a41ff9b5c39f5f9a6a485 e76c2364d79544cfafbdbdc6435766ed - - default default] Successfully bumped revision number for resource db0687f9-8950-42b4-ae46-ab8946defa13 (type: ports) to 1
2026-07-24 01:07:33.215 9 INFO neutron.wsgi [None req-1c0ce64a-c516-4fa7-8597-3fc3c7ea56f6 07388095804f4b41880a1e5168ef792c f40f911dac974a868ef420d90022b201 - - default default] 10.0.0.162 "GET /v2.0/ports/65fc3436-cbeb-4ef4-90f7-75f2a06269d9 HTTP/1.1" status: 200 len: 1147 time: 0.1212211
2026-07-24 01:07:33.221 9 INFO neutron.wsgi [None req-4a743e0b-d95c-4730-8185-cf00964e6d6f ab48a1af449a41ff9b5c39f5f9a6a485 e76c2364d79544cfafbdbdc6435766ed - - default default] 10.0.0.162 "POST /v2.0/networks HTTP/1.1" status: 201 len: 847 time: 1.0716422
2026-07-24 01:07:33.235 9 WARNING neutron_lib.context [None req-bc0e6cc6-ec93-4607-b86a-d4cd90750bdb ab48a1af449a41ff9b5c39f5f9a6a485 e76c2364d79544cfafbdbdc6435766ed - - default default] Method 'is_advsvc' is deprecated since 2023.2 release (neutron-lib 3.8.0) and will be removed once support for the old RBAC API policies will be removed from Neutron. Please use method 'is_service_role' instead.
2026-07-24 01:07:33.521 9 WARNING neutron.scheduler.dhcp_agent_scheduler [None req-bc0e6cc6-ec93-4607-b86a-d4cd90750bdb ab48a1af449a41ff9b5c39f5f9a6a485 e76c2364d79544cfafbdbdc6435766ed - - default default] No more DHCP agents
2026-07-24 01:07:33.523 9 WARNING neutron.api.rpc.agentnotifiers.dhcp_rpc_agent_api [None req-bc0e6cc6-ec93-4607-b86a-d4cd90750bdb ab48a1af449a41ff9b5c39f5f9a6a485 e76c2364d79544cfafbdbdc6435766ed - - default default] Unable to schedule network 26defe62-d171-455f-9561-b77456740663: no agents available; will retry on subsequent port and subnet creation events.
2026-07-24 01:07:33.557 9 INFO neutron.db.ovn_revision_numbers_db [None req-bc0e6cc6-ec93-4607-b86a-d4cd90750bdb ab48a1af449a41ff9b5c39f5f9a6a485 e76c2364d79544cfafbdbdc6435766ed - - default default] Successfully bumped revision number for resource 785f38fe-08a8-4e0b-ba01-6c97252b950c (type: subnets) to 0
2026-07-24 01:07:33.579 9 INFO neutron.wsgi [None req-bc0e6cc6-ec93-4607-b86a-d4cd90750bdb ab48a1af449a41ff9b5c39f5f9a6a485 e76c2364d79544cfafbdbdc6435766ed - - default default] 10.0.0.162 "POST /v2.0/subnets HTTP/1.1" status: 201 len: 802 time: 0.3506148
2026-07-24 01:07:33.596 9 WARNING neutron_lib.context [None req-f0d53cae-0b42-492f-bc16-6c938ab2af61 ab48a1af449a41ff9b5c39f5f9a6a485 e76c2364d79544cfafbdbdc6435766ed - - default default] Method 'is_advsvc' is deprecated since 2023.2 release (neutron-lib 3.8.0) and will be removed once support for the old RBAC API policies will be removed from Neutron. Please use method 'is_service_role' instead.
2026-07-24 01:07:33.690 9 INFO neutron.wsgi [None req-56506354-cea4-4eb2-8d2b-b4d34df9d98f 62fae09fc55f4d6faa6cb2771886dd1f f0000d67e0dd44b3abf02eb78d769b2c - - default default] 10.0.0.178 "GET /v2.0/networks HTTP/1.1" status: 200 len: 4605 time: 0.2127182
2026-07-24 01:07:33.787 9 INFO neutron.wsgi [None req-1743c6ac-e91d-49be-ac0b-1a74c17fe710 62fae09fc55f4d6faa6cb2771886dd1f f0000d67e0dd44b3abf02eb78d769b2c - - default default] 10.0.0.178 "GET /v2.0/subnets HTTP/1.1" status: 200 len: 3317 time: 0.0920935
2026-07-24 01:07:33.859 9 INFO neutron.wsgi [None req-0789fb21-966e-49d8-8ff7-cb01e97e0c6b 62fae09fc55f4d6faa6cb2771886dd1f f0000d67e0dd44b3abf02eb78d769b2c - - default default] 10.0.0.178 "GET /v2.0/subnets HTTP/1.1" status: 200 len: 3317 time: 0.0700715
2026-07-24 01:07:33.878 9 INFO neutron.wsgi [None req-dffbf6af-bcdd-4f3d-b55d-1054f8e7d710 62fae09fc55f4d6faa6cb2771886dd1f f0000d67e0dd44b3abf02eb78d769b2c - - default default] 10.0.0.178 "GET /v2.0/subnetpools HTTP/1.1" status: 200 len: 193 time: 0.0173235
2026-07-24 01:07:33.917 9 INFO neutron.wsgi [None req-a4e2e9ea-d28e-488e-8aa2-493ecd6dbe8d 62fae09fc55f4d6faa6cb2771886dd1f f0000d67e0dd44b3abf02eb78d769b2c - - default default] 10.0.0.178 "GET /v2.0/agents HTTP/1.1" status: 200 len: 997 time: 0.0359948
2026-07-24 01:07:33.993 9 INFO neutron.wsgi [None req-d81590ab-9196-4513-a5f2-899fb9c99dba 62fae09fc55f4d6faa6cb2771886dd1f f0000d67e0dd44b3abf02eb78d769b2c - - default default] 10.0.0.178 "GET /v2.0/ports HTTP/1.1" status: 200 len: 10095 time: 0.0714514
2026-07-24 01:07:34.089 9 INFO neutron.wsgi [None req-424e6493-af8a-49f8-9373-30eaa4ac2716 62fae09fc55f4d6faa6cb2771886dd1f f0000d67e0dd44b3abf02eb78d769b2c - - default default] 10.0.0.178 "GET /v2.0/routers HTTP/1.1" status: 200 len: 1161 time: 0.0738177
2026-07-24 01:07:34.110 9 INFO neutron.wsgi [None req-fbf6acbd-3fb9-4ee6-9470-0fcd2dbf61e6 62fae09fc55f4d6faa6cb2771886dd1f f0000d67e0dd44b3abf02eb78d769b2c - - default default] 10.0.0.178 "GET /v2.0/agents?binary=ovn-controller HTTP/1.1" status: 200 len: 591 time: 0.0184143
2026-07-24 01:07:34.141 9 INFO neutron.wsgi [None req-b7ad9fa7-3bda-491c-baea-3ec0803c6ade 62fae09fc55f4d6faa6cb2771886dd1f f0000d67e0dd44b3abf02eb78d769b2c - - default default] 10.0.0.178 "GET /v2.0/floatingips HTTP/1.1" status: 200 len: 193 time: 0.0291221
2026-07-24 01:07:34.162 9 INFO neutron.wsgi [None req-2784f716-7c1e-4e3c-a43e-1cc4c3f7731f 62fae09fc55f4d6faa6cb2771886dd1f f0000d67e0dd44b3abf02eb78d769b2c - - default default] 10.0.0.178 "GET /v2.0/network-ip-availabilities HTTP/1.1" status: 200 len: 2619 time: 0.0185668
2026-07-24 01:07:34.237 9 INFO neutron.wsgi [None req-b4a00392-a5eb-4372-a374-daca8e2e29f5 62fae09fc55f4d6faa6cb2771886dd1f f0000d67e0dd44b3abf02eb78d769b2c - - default default] 10.0.0.178 "GET /v2.0/security-groups HTTP/1.1" status: 200 len: 22355 time: 0.0729332
2026-07-24 01:07:34.332 10 INFO neutron.wsgi [None req-49a69fec-2af8-446e-ae29-ac085c388e29 07388095804f4b41880a1e5168ef792c f40f911dac974a868ef420d90022b201 - - default default] 10.0.0.162 "GET /v2.0/ports/65fc3436-cbeb-4ef4-90f7-75f2a06269d9 HTTP/1.1" status: 200 len: 1147 time: 0.1057436
2026-07-24 01:07:34.362 9 WARNING neutron.scheduler.dhcp_agent_scheduler [None req-f0d53cae-0b42-492f-bc16-6c938ab2af61 ab48a1af449a41ff9b5c39f5f9a6a485 e76c2364d79544cfafbdbdc6435766ed - - default default] No more DHCP agents
2026-07-24 01:07:34.364 9 WARNING neutron.api.rpc.agentnotifiers.dhcp_rpc_agent_api [None req-f0d53cae-0b42-492f-bc16-6c938ab2af61 ab48a1af449a41ff9b5c39f5f9a6a485 e76c2364d79544cfafbdbdc6435766ed - - default default] Unable to schedule network 1fbc47eb-ff30-409f-aace-73c56d09cabf: no agents available; will retry on subsequent port and subnet creation events.
2026-07-24 01:07:34.547 9 INFO neutron.db.ovn_revision_numbers_db [None req-f0d53cae-0b42-492f-bc16-6c938ab2af61 ab48a1af449a41ff9b5c39f5f9a6a485 e76c2364d79544cfafbdbdc6435766ed - - default default] Successfully bumped revision number for resource 3ee7702d-947f-4fab-bed8-f9fb03a033fd (type: ports) to 1
2026-07-24 01:07:34.715 9 WARNING neutron_lib.context [None req-842574a1-40f5-4c81-857f-6e6f3a70b6ba 079c2d498a044f9999bbc7648a8473ff ef493b4a158a41469a93e6ea5c1c611a - - default default] Method 'is_advsvc' is deprecated since 2023.2 release (neutron-lib 3.8.0) and will be removed once support for the old RBAC API policies will be removed from Neutron. Please use method 'is_service_role' instead.
2026-07-24 01:07:34.817 9 INFO neutron.wsgi [None req-842574a1-40f5-4c81-857f-6e6f3a70b6ba 079c2d498a044f9999bbc7648a8473ff ef493b4a158a41469a93e6ea5c1c611a - - default default] 10.0.0.162 "POST /v2.0/subnetpools HTTP/1.1" status: 201 len: 747 time: 0.2042937
2026-07-24 01:07:34.856 9 INFO neutron.wsgi [None req-5e5e7c61-6959-4706-bff5-b3f130d6ded4 079c2d498a044f9999bbc7648a8473ff ef493b4a158a41469a93e6ea5c1c611a - - default default] 10.0.0.162 "GET /v2.0/subnetpools/81d1e975-abbc-4c32-8af3-37a78bfb0150 HTTP/1.1" status: 200 len: 742 time: 0.0334311
2026-07-24 01:07:34.986 9 INFO neutron.wsgi [None req-31322b94-2c98-45cf-976b-fbaa3b7ce4e9 079c2d498a044f9999bbc7648a8473ff ef493b4a158a41469a93e6ea5c1c611a - - default default] 10.0.0.162 "PUT /v2.0/subnetpools/81d1e975-abbc-4c32-8af3-37a78bfb0150 HTTP/1.1" status: 200 len: 694 time: 0.1245849
2026-07-24 01:07:35.063 9 INFO neutron.wsgi [None req-6dc540f0-eee1-4758-bcf5-d79475d9b294 079c2d498a044f9999bbc7648a8473ff ef493b4a158a41469a93e6ea5c1c611a - - default default] 10.0.0.162 "DELETE /v2.0/subnetpools/81d1e975-abbc-4c32-8af3-37a78bfb0150 HTTP/1.1" status: 204 len: 168 time: 0.0728076
2026-07-24 01:07:35.085 10 INFO neutron.api.v2.resource [None req-66d3011f-4f22-4423-9826-5e42d526ec07 079c2d498a044f9999bbc7648a8473ff ef493b4a158a41469a93e6ea5c1c611a - - default default] show failed (client error): The resource could not be found.
2026-07-24 01:07:35.088 10 INFO neutron.wsgi [None req-66d3011f-4f22-4423-9826-5e42d526ec07 079c2d498a044f9999bbc7648a8473ff ef493b4a158a41469a93e6ea5c1c611a - - default default] 10.0.0.162 "GET /v2.0/subnetpools/81d1e975-abbc-4c32-8af3-37a78bfb0150 HTTP/1.1" status: 404 len: 346 time: 0.0193717
2026-07-24 01:07:35.103 10 INFO neutron.api.v2.resource [None req-822aaee8-7258-47d7-a2bd-54ba4d427967 079c2d498a044f9999bbc7648a8473ff ef493b4a158a41469a93e6ea5c1c611a - - default default] delete failed (client error): The resource could not be found.
2026-07-24 01:07:35.104 10 INFO neutron.wsgi [None req-822aaee8-7258-47d7-a2bd-54ba4d427967 079c2d498a044f9999bbc7648a8473ff ef493b4a158a41469a93e6ea5c1c611a - - default default] 10.0.0.162 "DELETE /v2.0/subnetpools/81d1e975-abbc-4c32-8af3-37a78bfb0150 HTTP/1.1" status: 404 len: 346 time: 0.0105267
2026-07-24 01:07:35.315 9 INFO neutron.db.ovn_revision_numbers_db [None req-f0d53cae-0b42-492f-bc16-6c938ab2af61 ab48a1af449a41ff9b5c39f5f9a6a485 e76c2364d79544cfafbdbdc6435766ed - - default default] Successfully bumped revision number for resource 3ee7702d-947f-4fab-bed8-f9fb03a033fd (type: router_ports) to 1
2026-07-24 01:07:35.379 9 INFO neutron.wsgi [None req-999592f3-5d61-47ff-af08-46b4404538a9 07388095804f4b41880a1e5168ef792c f40f911dac974a868ef420d90022b201 - - default default] 10.0.0.162 "GET /v2.0/ports/65fc3436-cbeb-4ef4-90f7-75f2a06269d9 HTTP/1.1" status: 200 len: 1147 time: 0.0407498
2026-07-24 01:07:35.403 9 INFO neutron.db.ovn_revision_numbers_db [None req-f0d53cae-0b42-492f-bc16-6c938ab2af61 ab48a1af449a41ff9b5c39f5f9a6a485 e76c2364d79544cfafbdbdc6435766ed - - default default] Successfully bumped revision number for resource e2e6ddd0-e2ff-4c9b-abac-c6e2707e1d3b (type: routers) to 2
2026-07-24 01:07:35.419 9 INFO neutron.wsgi [None req-f0d53cae-0b42-492f-bc16-6c938ab2af61 ab48a1af449a41ff9b5c39f5f9a6a485 e76c2364d79544cfafbdbdc6435766ed - - default default] 10.0.0.162 "POST /v2.0/routers HTTP/1.1" status: 201 len: 875 time: 1.8312910
2026-07-24 01:07:35.904 10 INFO neutron.db.ovn_revision_numbers_db [None req-6ded322c-55db-4dfa-83fd-75a63f980cc6 62fae09fc55f4d6faa6cb2771886dd1f f0000d67e0dd44b3abf02eb78d769b2c - - default default] Successfully bumped revision number for resource 960e942f-bdf9-434c-8b3c-d3fe6efcc858 (type: security_groups) to 1
2026-07-24 01:07:35.928 10 INFO neutron.db.ovn_revision_numbers_db [None req-6ded322c-55db-4dfa-83fd-75a63f980cc6 62fae09fc55f4d6faa6cb2771886dd1f f0000d67e0dd44b3abf02eb78d769b2c - - default default] Successfully bumped revision number for resource 008d944c-6266-4364-bd27-1c5bbc73a4dd (type: security_group_rules) to 0
2026-07-24 01:07:35.946 10 INFO neutron.db.ovn_revision_numbers_db [None req-6ded322c-55db-4dfa-83fd-75a63f980cc6 62fae09fc55f4d6faa6cb2771886dd1f f0000d67e0dd44b3abf02eb78d769b2c - - default default] Successfully bumped revision number for resource 04a52e54-6c94-4e14-9615-283db2afb470 (type: security_group_rules) to 0
2026-07-24 01:07:35.968 10 INFO neutron.db.ovn_revision_numbers_db [None req-6ded322c-55db-4dfa-83fd-75a63f980cc6 62fae09fc55f4d6faa6cb2771886dd1f f0000d67e0dd44b3abf02eb78d769b2c - - default default] Successfully bumped revision number for resource 0f2c634e-6678-42b9-a8ba-4b87ef01bd7d (type: security_group_rules) to 0
2026-07-24 01:07:35.996 10 INFO neutron.db.ovn_revision_numbers_db [None req-6ded322c-55db-4dfa-83fd-75a63f980cc6 62fae09fc55f4d6faa6cb2771886dd1f f0000d67e0dd44b3abf02eb78d769b2c - - default default] Successfully bumped revision number for resource f6529332-a535-4f7a-abc1-d97ec595bec1 (type: security_group_rules) to 0
2026-07-24 01:07:36.050 10 INFO neutron.wsgi [None req-6ded322c-55db-4dfa-83fd-75a63f980cc6 62fae09fc55f4d6faa6cb2771886dd1f f0000d67e0dd44b3abf02eb78d769b2c - - default default] 10.0.0.162 "GET /v2.0/security-groups?tenant_id=ef493b4a158a41469a93e6ea5c1c611a&name=default HTTP/1.1" status: 200 len: 2996 time: 0.4032145
2026-07-24 01:07:36.051 10 WARNING neutron.plugins.ml2.drivers.ovn.mech_driver.ovsdb.ovn_client [None req-29f8e175-0d43-4339-bf53-5e1516680da6 - - - - - -] No hosting information found for port 15b76b0e-44ba-4b6c-98a8-6f01113d7d8a: RuntimeError: No hosting information found for port 15b76b0e-44ba-4b6c-98a8-6f01113d7d8a
2026-07-24 01:07:36.051 10 INFO neutron.plugins.ml2.drivers.ovn.mech_driver.mech_driver [None req-29f8e175-0d43-4339-bf53-5e1516680da6 - - - - - -] OVN reports status up for port: 65fc3436-cbeb-4ef4-90f7-75f2a06269d9
2026-07-24 01:07:36.065 10 INFO neutron.plugins.ml2.plugin [None req-29f8e175-0d43-4339-bf53-5e1516680da6 - - - - - -] Attempt 1 to provision port 65fc3436-cbeb-4ef4-90f7-75f2a06269d9
2026-07-24 01:07:36.295 9 WARNING neutron.scheduler.dhcp_agent_scheduler [None req-e1082bd9-d13c-43c2-91f7-2f42ccd6e54b ab48a1af449a41ff9b5c39f5f9a6a485 e76c2364d79544cfafbdbdc6435766ed - - default default] No more DHCP agents
2026-07-24 01:07:36.297 9 WARNING neutron.api.rpc.agentnotifiers.dhcp_rpc_agent_api [None req-e1082bd9-d13c-43c2-91f7-2f42ccd6e54b ab48a1af449a41ff9b5c39f5f9a6a485 e76c2364d79544cfafbdbdc6435766ed - - default default] Unable to schedule network 26defe62-d171-455f-9561-b77456740663: no agents available; will retry on subsequent port and subnet creation events.
2026-07-24 01:07:36.345 10 INFO neutron.wsgi [None req-09d75864-d978-4c7d-afb8-ff4e2bfdceea 62fae09fc55f4d6faa6cb2771886dd1f f0000d67e0dd44b3abf02eb78d769b2c - - default default] 10.0.0.162 "DELETE /v2.0/security-groups/960e942f-bdf9-434c-8b3c-d3fe6efcc858 HTTP/1.1" status: 204 len: 168 time: 0.2904286
2026-07-24 01:07:36.407 10 INFO neutron.db.ovn_revision_numbers_db [None req-29f8e175-0d43-4339-bf53-5e1516680da6 - - - - - -] Successfully bumped revision number for resource 65fc3436-cbeb-4ef4-90f7-75f2a06269d9 (type: ports) to 2
2026-07-24 01:07:36.455 9 INFO neutron.wsgi [None req-324bc7d4-e037-4071-ba0a-7e816420a692 07388095804f4b41880a1e5168ef792c f40f911dac974a868ef420d90022b201 - - default default] 10.0.0.162 "GET /v2.0/ports/65fc3436-cbeb-4ef4-90f7-75f2a06269d9 HTTP/1.1" status: 200 len: 1149 time: 0.0666358
2026-07-24 01:07:36.516 9 INFO neutron.db.ovn_revision_numbers_db [None req-e1082bd9-d13c-43c2-91f7-2f42ccd6e54b ab48a1af449a41ff9b5c39f5f9a6a485 e76c2364d79544cfafbdbdc6435766ed - - default default] Successfully bumped revision number for resource 88b6e8eb-5042-456d-ba32-9500b03e88be (type: ports) to 1
2026-07-24 01:07:36.545 10 INFO neutron.db.ovn_revision_numbers_db [None req-29f8e175-0d43-4339-bf53-5e1516680da6 - - - - - -] Successfully bumped revision number for resource 65fc3436-cbeb-4ef4-90f7-75f2a06269d9 (type: router_ports) to 2
2026-07-24 01:07:37.045 9 INFO neutron.db.ovn_revision_numbers_db [None req-e1082bd9-d13c-43c2-91f7-2f42ccd6e54b ab48a1af449a41ff9b5c39f5f9a6a485 e76c2364d79544cfafbdbdc6435766ed - - default default] Successfully bumped revision number for resource 88b6e8eb-5042-456d-ba32-9500b03e88be (type: router_ports) to 1
2026-07-24 01:07:37.243 9 INFO neutron.db.ovn_revision_numbers_db [None req-e1082bd9-d13c-43c2-91f7-2f42ccd6e54b ab48a1af449a41ff9b5c39f5f9a6a485 e76c2364d79544cfafbdbdc6435766ed - - default default] Successfully bumped revision number for resource 88b6e8eb-5042-456d-ba32-9500b03e88be (type: ports) to 1
2026-07-24 01:07:37.250 10 INFO neutron.wsgi [None req-d3d3aaee-d6fa-4759-82c3-e9927d113a3c 07388095804f4b41880a1e5168ef792c f40f911dac974a868ef420d90022b201 - - default default] 10.0.0.162 "PUT /v2.0/routers/7a8113ff-321c-4acb-9604-f4aeaca9d705/remove_router_interface HTTP/1.1" status: 200 len: 503 time: 0.7866676
2026-07-24 01:07:37.393 9 WARNING neutron.scheduler.dhcp_agent_scheduler [None req-e1082bd9-d13c-43c2-91f7-2f42ccd6e54b ab48a1af449a41ff9b5c39f5f9a6a485 e76c2364d79544cfafbdbdc6435766ed - - default default] No more DHCP agents
2026-07-24 01:07:37.394 9 WARNING neutron.api.rpc.agentnotifiers.dhcp_rpc_agent_api [None req-e1082bd9-d13c-43c2-91f7-2f42ccd6e54b ab48a1af449a41ff9b5c39f5f9a6a485 e76c2364d79544cfafbdbdc6435766ed - - default default] Unable to schedule network 26defe62-d171-455f-9561-b77456740663: no agents available; will retry on subsequent port and subnet creation events.
2026-07-24 01:07:37.436 9 INFO neutron.wsgi [None req-5af6fca6-4d4b-4ccf-8545-fb69c7f5e1fd 07388095804f4b41880a1e5168ef792c f40f911dac974a868ef420d90022b201 - - default default] 10.0.0.162 "GET /v2.0/ports/15b76b0e-44ba-4b6c-98a8-6f01113d7d8a HTTP/1.1" status: 200 len: 1141 time: 0.1788898 /var/lib/openstack/lib/python3.10/site-packages/pycadf/identifier.py:71: UserWarning: Invalid uuid: neutron. To ensure interoperability, identifiers should be a valid uuid. warnings.warn(('Invalid uuid: %s. To ensure interoperability, '
2026-07-24 01:07:37.725 9 INFO neutron.db.ovn_revision_numbers_db [None req-e1082bd9-d13c-43c2-91f7-2f42ccd6e54b ab48a1af449a41ff9b5c39f5f9a6a485 e76c2364d79544cfafbdbdc6435766ed - - default default] Successfully bumped revision number for resource 88b6e8eb-5042-456d-ba32-9500b03e88be (type: router_ports) to 1
2026-07-24 01:07:37.728 9 INFO neutron.wsgi [None req-e1082bd9-d13c-43c2-91f7-2f42ccd6e54b ab48a1af449a41ff9b5c39f5f9a6a485 e76c2364d79544cfafbdbdc6435766ed - - default default] 10.0.0.162 "PUT /v2.0/routers/e2e6ddd0-e2ff-4c9b-abac-c6e2707e1d3b/add_router_interface HTTP/1.1" status: 200 len: 503 time: 2.3037627
2026-07-24 01:07:37.738 9 WARNING neutron_lib.context [None req-72b676f2-3b5b-4d8d-ac80-d057be2e0e47 ab48a1af449a41ff9b5c39f5f9a6a485 e76c2364d79544cfafbdbdc6435766ed - - default default] Method 'is_advsvc' is deprecated since 2023.2 release (neutron-lib 3.8.0) and will be removed once support for the old RBAC API policies will be removed from Neutron. Please use method 'is_service_role' instead.
2026-07-24 01:07:38.165 9 WARNING neutron.scheduler.dhcp_agent_scheduler [None req-72b676f2-3b5b-4d8d-ac80-d057be2e0e47 ab48a1af449a41ff9b5c39f5f9a6a485 e76c2364d79544cfafbdbdc6435766ed - - default default] No more DHCP agents
2026-07-24 01:07:38.166 9 WARNING neutron.api.rpc.agentnotifiers.dhcp_rpc_agent_api [None req-72b676f2-3b5b-4d8d-ac80-d057be2e0e47 ab48a1af449a41ff9b5c39f5f9a6a485 e76c2364d79544cfafbdbdc6435766ed - - default default] Unable to schedule network 26defe62-d171-455f-9561-b77456740663: no agents available; will retry on subsequent port and subnet creation events.
2026-07-24 01:07:38.217 9 INFO neutron.wsgi [-] 10.0.0.162 "GET / HTTP/1.1" status: 200 len: 279 time: 0.0019443
2026-07-24 01:07:38.235 10 INFO neutron.wsgi [None req-92de29df-0a26-468c-88a8-b46059126639 07388095804f4b41880a1e5168ef792c f40f911dac974a868ef420d90022b201 - - default default] 10.0.0.162 "PUT /v2.0/routers/7a8113ff-321c-4acb-9604-f4aeaca9d705/remove_router_interface HTTP/1.1" status: 200 len: 503 time: 0.7876966 /var/lib/openstack/lib/python3.10/site-packages/pycadf/identifier.py:71: UserWarning: Invalid uuid: neutron. To ensure interoperability, identifiers should be a valid uuid. warnings.warn(('Invalid uuid: %s. To ensure interoperability, '
2026-07-24 01:07:38.272 10 INFO neutron.wsgi [None req-eb77317f-d657-4316-9465-821828df91c3 07388095804f4b41880a1e5168ef792c f40f911dac974a868ef420d90022b201 - - default default] 10.0.0.162 "GET /v2.0/ports?device_id=7a8113ff-321c-4acb-9604-f4aeaca9d705 HTTP/1.1" status: 200 len: 205 time: 0.0273943
2026-07-24 01:07:38.360 9 INFO neutron.db.ovn_revision_numbers_db [None req-72b676f2-3b5b-4d8d-ac80-d057be2e0e47 ab48a1af449a41ff9b5c39f5f9a6a485 e76c2364d79544cfafbdbdc6435766ed - - default default] Successfully bumped revision number for resource 31abcdb3-bdf8-48ef-b291-ccd7fb961b53 (type: ports) to 1
2026-07-24 01:07:38.387 9 INFO neutron.wsgi [None req-72b676f2-3b5b-4d8d-ac80-d057be2e0e47 ab48a1af449a41ff9b5c39f5f9a6a485 e76c2364d79544cfafbdbdc6435766ed - - default default] 10.0.0.162 "POST /v2.0/ports HTTP/1.1" status: 201 len: 1157 time: 0.6547761
2026-07-24 01:07:38.398 10 WARNING neutron_lib.context [None req-cb5534c4-c97f-4e5a-a9f4-b1b5f092c990 ab48a1af449a41ff9b5c39f5f9a6a485 e76c2364d79544cfafbdbdc6435766ed - - default default] Method 'is_advsvc' is deprecated since 2023.2 release (neutron-lib 3.8.0) and will be removed once support for the old RBAC API policies will be removed from Neutron. Please use method 'is_service_role' instead.
2026-07-24 01:07:38.507 10 INFO neutron.wsgi [None req-d786c71a-c774-4e2e-b4af-b5a37d6b9c57 d8195a0c146549b7a022f3dedbaf2791 fef0089eaff7442dbd721ab56bdbccb4 - - default default] 10.0.0.162 "GET /v2.0/ HTTP/1.1" status: 200 len: 826 time: 0.2835236
2026-07-24 01:07:38.675 10 INFO neutron.wsgi [None req-4efb996d-7202-4853-a9ba-951bd1d4eae5 07388095804f4b41880a1e5168ef792c f40f911dac974a868ef420d90022b201 - - default default] 10.0.0.162 "DELETE /v2.0/routers/7a8113ff-321c-4acb-9604-f4aeaca9d705 HTTP/1.1" status: 204 len: 168 time: 0.3924391 /var/lib/openstack/lib/python3.10/site-packages/pycadf/identifier.py:71: UserWarning: Invalid uuid: neutron. To ensure interoperability, identifiers should be a valid uuid. warnings.warn(('Invalid uuid: %s. To ensure interoperability, '
2026-07-24 01:07:38.807 10 INFO neutron.wsgi [-] 10.0.0.128 "GET / HTTP/1.1" status: 200 len: 247 time: 0.0012910
2026-07-24 01:07:38.809 10 INFO neutron.wsgi [-] 10.0.0.128 "GET / HTTP/1.1" status: 200 len: 247 time: 0.0010235
2026-07-24 01:07:38.907 10 WARNING neutron.scheduler.dhcp_agent_scheduler [None req-cb5534c4-c97f-4e5a-a9f4-b1b5f092c990 ab48a1af449a41ff9b5c39f5f9a6a485 e76c2364d79544cfafbdbdc6435766ed - - default default] No more DHCP agents
2026-07-24 01:07:38.911 9 INFO neutron.wsgi [None req-09f0e1f7-f717-4936-b5cf-4b432855b81e 07388095804f4b41880a1e5168ef792c f40f911dac974a868ef420d90022b201 - - default default] 10.0.0.162 "DELETE /v2.0/subnets/7e3dcc1a-7f07-445e-8ac1-4698a9d355e3 HTTP/1.1" status: 204 len: 168 time: 0.2286043
2026-07-24 01:07:38.911 10 WARNING neutron.api.rpc.agentnotifiers.dhcp_rpc_agent_api [None req-cb5534c4-c97f-4e5a-a9f4-b1b5f092c990 ab48a1af449a41ff9b5c39f5f9a6a485 e76c2364d79544cfafbdbdc6435766ed - - default default] Unable to schedule network 26defe62-d171-455f-9561-b77456740663: no agents available; will retry on subsequent port and subnet creation events.
2026-07-24 01:07:39.110 10 INFO neutron.db.ovn_revision_numbers_db [None req-cb5534c4-c97f-4e5a-a9f4-b1b5f092c990 ab48a1af449a41ff9b5c39f5f9a6a485 e76c2364d79544cfafbdbdc6435766ed - - default default] Successfully bumped revision number for resource 5f9d77dd-f55c-4e94-be05-ac12723ac845 (type: ports) to 1
2026-07-24 01:07:39.140 10 INFO neutron.wsgi [None req-cb5534c4-c97f-4e5a-a9f4-b1b5f092c990 ab48a1af449a41ff9b5c39f5f9a6a485 e76c2364d79544cfafbdbdc6435766ed - - default default] 10.0.0.162 "POST /v2.0/ports HTTP/1.1" status: 201 len: 1154 time: 0.7467923
2026-07-24 01:07:39.147 9 INFO neutron.wsgi [None req-e5cd4748-aee1-49bc-896d-4e4c9b2ad218 07388095804f4b41880a1e5168ef792c f40f911dac974a868ef420d90022b201 - - default default] 10.0.0.162 "DELETE /v2.0/subnets/1aa911c1-b890-4100-a00d-002c00679d5c HTTP/1.1" status: 204 len: 168 time: 0.2311425 /var/lib/openstack/lib/python3.10/site-packages/pycadf/identifier.py:71: UserWarning: Invalid uuid: neutron. To ensure interoperability, identifiers should be a valid uuid. warnings.warn(('Invalid uuid: %s. To ensure interoperability, '
2026-07-24 01:07:39.154 10 WARNING neutron_lib.context [None req-e04e0a59-5f94-43a7-8ceb-e4b5ccede1a8 ab48a1af449a41ff9b5c39f5f9a6a485 e76c2364d79544cfafbdbdc6435766ed - - default default] Method 'is_advsvc' is deprecated since 2023.2 release (neutron-lib 3.8.0) and will be removed once support for the old RBAC API policies will be removed from Neutron. Please use method 'is_service_role' instead.
2026-07-24 01:07:39.398 10 INFO neutron.db.ovn_revision_numbers_db [None req-aec4cce2-34ef-4fc5-a81f-591cbd5c7681 62fae09fc55f4d6faa6cb2771886dd1f f0000d67e0dd44b3abf02eb78d769b2c - - default default] Successfully bumped revision number for resource 6d6468c9-c2d1-4b07-9616-b85d569f1a30 (type: security_groups) to 1
2026-07-24 01:07:39.417 10 INFO neutron.db.ovn_revision_numbers_db [None req-aec4cce2-34ef-4fc5-a81f-591cbd5c7681 62fae09fc55f4d6faa6cb2771886dd1f f0000d67e0dd44b3abf02eb78d769b2c - - default default] Successfully bumped revision number for resource 06038042-3c83-4b89-b288-89fe42f4be6b (type: security_group_rules) to 0
2026-07-24 01:07:39.445 10 INFO neutron.db.ovn_revision_numbers_db [None req-aec4cce2-34ef-4fc5-a81f-591cbd5c7681 62fae09fc55f4d6faa6cb2771886dd1f f0000d67e0dd44b3abf02eb78d769b2c - - default default] Successfully bumped revision number for resource 5359fbc8-213f-4f6c-8d8f-b753b77e38d7 (type: security_group_rules) to 0
2026-07-24 01:07:39.467 10 INFO neutron.db.ovn_revision_numbers_db [None req-aec4cce2-34ef-4fc5-a81f-591cbd5c7681 62fae09fc55f4d6faa6cb2771886dd1f f0000d67e0dd44b3abf02eb78d769b2c - - default default] Successfully bumped revision number for resource 5a896c3c-a1be-4d3a-bc4f-91ee4345b42d (type: security_group_rules) to 0
2026-07-24 01:07:39.481 10 WARNING neutron.scheduler.dhcp_agent_scheduler [None req-e04e0a59-5f94-43a7-8ceb-e4b5ccede1a8 ab48a1af449a41ff9b5c39f5f9a6a485 e76c2364d79544cfafbdbdc6435766ed - - default default] No more DHCP agents
2026-07-24 01:07:39.490 10 WARNING neutron.api.rpc.agentnotifiers.dhcp_rpc_agent_api [None req-e04e0a59-5f94-43a7-8ceb-e4b5ccede1a8 ab48a1af449a41ff9b5c39f5f9a6a485 e76c2364d79544cfafbdbdc6435766ed - - default default] Unable to schedule network 1fbc47eb-ff30-409f-aace-73c56d09cabf: no agents available; will retry on subsequent port and subnet creation events.
