2026-07-24 01:08:03.144 9 INFO neutron.wsgi [None req-a8ad2e24-f71f-4333-941b-c8aaddcc99d6 ba426bd3e1fb4019bd0c0d6370d820f5 379090339dc343bea6bbef0fb151d542 - - default default] 10.0.0.162 "GET /v2.0/ports?device_id=f42f746f-d514-4e5e-a13a-fbc5e24cf8a3 HTTP/1.1" status: 200 len: 1408 time: 0.0558977
2026-07-24 01:08:03.157 9 WARNING neutron_lib.context [None req-b5a22a04-c7be-4fb3-b0e2-7400ed06c9b1 9c5ea83172ce462cbed6cc73f94c20d2 aacb1246dc0b436982b73da5586f0a86 - - default default] Method 'is_advsvc' is deprecated since 2023.2 release (neutron-lib 3.8.0) and will be removed once support for the old RBAC API policies will be removed from Neutron. Please use method 'is_service_role' instead.
2026-07-24 01:08:03.304 9 WARNING neutron_lib.context [None req-9880c0d9-6aa7-4e11-89d7-87d0e139f6db d90a03020cd747c184c94f8ca8485dfe 05c97aad13564ad1b4a30e3c11998cd1 - - default default] Method 'is_advsvc' is deprecated since 2023.2 release (neutron-lib 3.8.0) and will be removed once support for the old RBAC API policies will be removed from Neutron. Please use method 'is_service_role' instead.
2026-07-24 01:08:03.333 10 WARNING neutron.scheduler.dhcp_agent_scheduler [None req-b77c5095-a4fb-4a31-ac64-c0daeffc826d ad4649d1f215432885c84f47dc464689 653340514813435b91e388c8237dcfe8 - - default default] No more DHCP agents
2026-07-24 01:08:03.335 10 WARNING neutron.api.rpc.agentnotifiers.dhcp_rpc_agent_api [None req-b77c5095-a4fb-4a31-ac64-c0daeffc826d ad4649d1f215432885c84f47dc464689 653340514813435b91e388c8237dcfe8 - - default default] Unable to schedule network 6117b619-7d90-47d4-ba33-d6e174079830: no agents available; will retry on subsequent port and subnet creation events.
2026-07-24 01:08:03.350 9 INFO neutron.wsgi [None req-497fc9f6-56bf-4d46-a993-dd33beb47b01 94bad378d0ac49789b0207ecaf4841a0 f29f90f89e844010b1869a4122a24287 - - default default] 10.0.0.162 "POST /v2.0/rbac-policies HTTP/1.1" status: 201 len: 523 time: 0.5116832
2026-07-24 01:08:03.364 9 WARNING neutron_lib.context [None req-9880c0d9-6aa7-4e11-89d7-87d0e139f6db d90a03020cd747c184c94f8ca8485dfe 05c97aad13564ad1b4a30e3c11998cd1 - - default default] Method 'is_advsvc' is deprecated since 2023.2 release (neutron-lib 3.8.0) and will be removed once support for the old RBAC API policies will be removed from Neutron. Please use method 'is_service_role' instead.
2026-07-24 01:08:03.787 9 WARNING neutron.scheduler.dhcp_agent_scheduler [None req-b5a22a04-c7be-4fb3-b0e2-7400ed06c9b1 9c5ea83172ce462cbed6cc73f94c20d2 aacb1246dc0b436982b73da5586f0a86 - - default default] No more DHCP agents
2026-07-24 01:08:03.800 9 WARNING neutron.api.rpc.agentnotifiers.dhcp_rpc_agent_api [None req-b5a22a04-c7be-4fb3-b0e2-7400ed06c9b1 9c5ea83172ce462cbed6cc73f94c20d2 aacb1246dc0b436982b73da5586f0a86 - - default default] Unable to schedule network 1fbc47eb-ff30-409f-aace-73c56d09cabf: no agents available; will retry on subsequent port and subnet creation events.
2026-07-24 01:08:03.874 10 INFO neutron.db.ovn_revision_numbers_db [None req-b77c5095-a4fb-4a31-ac64-c0daeffc826d ad4649d1f215432885c84f47dc464689 653340514813435b91e388c8237dcfe8 - - default default] Successfully bumped revision number for resource d52afcc2-6927-412c-b535-c862774527a8 (type: ports) to 2
2026-07-24 01:08:03.879 10 INFO neutron.wsgi [None req-d3424fe1-1426-4a04-a127-3ce151677a61 fbaa0968ecc340e3816d22965155f46d be1ca08f7cd0497eae7dfc5e48262980 - - default default] 10.0.0.162 "GET /v2.0/networks/b89e158b-bf81-481f-b8b8-28b9888c1b06 HTTP/1.1" status: 200 len: 849 time: 0.1256409
2026-07-24 01:08:03.923 10 INFO neutron.db.ovn_revision_numbers_db [None req-b77c5095-a4fb-4a31-ac64-c0daeffc826d ad4649d1f215432885c84f47dc464689 653340514813435b91e388c8237dcfe8 - - default default] Successfully bumped revision number for resource 66b72af0-bea3-4d37-b443-490eb464cbfd (type: subnets) to 0
2026-07-24 01:08:03.949 10 INFO neutron.wsgi [None req-b77c5095-a4fb-4a31-ac64-c0daeffc826d ad4649d1f215432885c84f47dc464689 653340514813435b91e388c8237dcfe8 - - default default] 10.0.0.162 "POST /v2.0/subnets HTTP/1.1" status: 201 len: 801 time: 0.9004135
2026-07-24 01:08:03.960 10 WARNING neutron_lib.context [None req-ca27a463-cfc9-4387-8020-f8415ce452ef ad4649d1f215432885c84f47dc464689 653340514813435b91e388c8237dcfe8 - - default default] Method 'is_advsvc' is deprecated since 2023.2 release (neutron-lib 3.8.0) and will be removed once support for the old RBAC API policies will be removed from Neutron. Please use method 'is_service_role' instead.
2026-07-24 01:08:04.202 10 WARNING neutron.scheduler.dhcp_agent_scheduler [None req-ca27a463-cfc9-4387-8020-f8415ce452ef ad4649d1f215432885c84f47dc464689 653340514813435b91e388c8237dcfe8 - - default default] No more DHCP agents
2026-07-24 01:08:04.204 10 WARNING neutron.api.rpc.agentnotifiers.dhcp_rpc_agent_api [None req-ca27a463-cfc9-4387-8020-f8415ce452ef ad4649d1f215432885c84f47dc464689 653340514813435b91e388c8237dcfe8 - - default default] Unable to schedule network 0ce79a02-4959-4543-aacf-dee7fc73b41f: no agents available; will retry on subsequent port and subnet creation events.
2026-07-24 01:08:04.219 9 WARNING neutron.scheduler.dhcp_agent_scheduler [None req-9880c0d9-6aa7-4e11-89d7-87d0e139f6db d90a03020cd747c184c94f8ca8485dfe 05c97aad13564ad1b4a30e3c11998cd1 - - default default] No more DHCP agents
2026-07-24 01:08:04.223 9 WARNING neutron.api.rpc.agentnotifiers.dhcp_rpc_agent_api [None req-9880c0d9-6aa7-4e11-89d7-87d0e139f6db d90a03020cd747c184c94f8ca8485dfe 05c97aad13564ad1b4a30e3c11998cd1 - - default default] Unable to schedule network b619bdbf-7401-45f6-a518-cc70f5fcd301: no agents available; will retry on subsequent port and subnet creation events.
2026-07-24 01:08:04.271 9 INFO neutron.db.ovn_revision_numbers_db [None req-9880c0d9-6aa7-4e11-89d7-87d0e139f6db d90a03020cd747c184c94f8ca8485dfe 05c97aad13564ad1b4a30e3c11998cd1 - - default default] Successfully bumped revision number for resource cbeb3d6c-2478-4c53-947c-c4753b901a32 (type: subnets) to 0
2026-07-24 01:08:04.310 9 WARNING neutron.scheduler.dhcp_agent_scheduler [None req-9880c0d9-6aa7-4e11-89d7-87d0e139f6db d90a03020cd747c184c94f8ca8485dfe 05c97aad13564ad1b4a30e3c11998cd1 - - default default] No more DHCP agents
2026-07-24 01:08:04.312 9 WARNING neutron.api.rpc.agentnotifiers.dhcp_rpc_agent_api [None req-9880c0d9-6aa7-4e11-89d7-87d0e139f6db d90a03020cd747c184c94f8ca8485dfe 05c97aad13564ad1b4a30e3c11998cd1 - - default default] Unable to schedule network d0f23a34-29d4-4ef6-ae7f-10f4f2de2fa9: no agents available; will retry on subsequent port and subnet creation events.
2026-07-24 01:08:04.324 10 INFO neutron.pecan_wsgi.hooks.translation [None req-aceb3f14-f097-4ad2-9ef1-54d111a60533 3503f090495548a4bbc8535578045d05 d62147bd51114fc8893891070407b5d9 - - default default] GET failed (client error): The resource could not be found.
2026-07-24 01:08:04.325 10 INFO neutron.wsgi [None req-aceb3f14-f097-4ad2-9ef1-54d111a60533 3503f090495548a4bbc8535578045d05 d62147bd51114fc8893891070407b5d9 - - default default] 10.0.0.162 "GET /v2.0/networks/b89e158b-bf81-481f-b8b8-28b9888c1b06 HTTP/1.1" status: 404 len: 339 time: 0.0584321
2026-07-24 01:08:04.357 9 INFO neutron.db.ovn_revision_numbers_db [None req-9880c0d9-6aa7-4e11-89d7-87d0e139f6db d90a03020cd747c184c94f8ca8485dfe 05c97aad13564ad1b4a30e3c11998cd1 - - default default] Successfully bumped revision number for resource 877fc9a6-667a-458a-aa69-0febb1cd09ab (type: subnets) to 0
2026-07-24 01:08:04.377 9 INFO neutron.wsgi [None req-9880c0d9-6aa7-4e11-89d7-87d0e139f6db d90a03020cd747c184c94f8ca8485dfe 05c97aad13564ad1b4a30e3c11998cd1 - - default default] 10.0.0.162 "POST /v2.0/subnets HTTP/1.1" status: 201 len: 1475 time: 1.0788352
2026-07-24 01:08:04.451 10 INFO neutron.wsgi [None req-b8eb0c7f-a52e-466d-96fa-ef67642ae466 d90a03020cd747c184c94f8ca8485dfe 05c97aad13564ad1b4a30e3c11998cd1 - - default default] 10.0.0.162 "GET /v2.0/subnets HTTP/1.1" status: 200 len: 2083 time: 0.0676095
2026-07-24 01:08:04.456 9 INFO neutron.db.l3_db [None req-b5a22a04-c7be-4fb3-b0e2-7400ed06c9b1 9c5ea83172ce462cbed6cc73f94c20d2 aacb1246dc0b436982b73da5586f0a86 - - default default] Floating IP e5018284-c7b4-47af-96e1-96fe9bbfa979 associated. External IP: 10.96.250.216, port: da1b7cab-6fd9-43d6-a74e-7f05df02c443.
2026-07-24 01:08:04.717 9 INFO neutron.db.ovn_revision_numbers_db [None req-b5a22a04-c7be-4fb3-b0e2-7400ed06c9b1 9c5ea83172ce462cbed6cc73f94c20d2 aacb1246dc0b436982b73da5586f0a86 - - default default] Successfully bumped revision number for resource e5018284-c7b4-47af-96e1-96fe9bbfa979 (type: floatingips) to 0
2026-07-24 01:08:04.833 10 INFO neutron.wsgi [None req-6363056b-4dcc-428e-a027-6ad59f823b1e d90a03020cd747c184c94f8ca8485dfe 05c97aad13564ad1b4a30e3c11998cd1 - - default default] 10.0.0.162 "DELETE /v2.0/subnets/cbeb3d6c-2478-4c53-947c-c4753b901a32 HTTP/1.1" status: 204 len: 168 time: 0.3682902
2026-07-24 01:08:04.842 9 INFO neutron.db.ovn_revision_numbers_db [None req-b5a22a04-c7be-4fb3-b0e2-7400ed06c9b1 9c5ea83172ce462cbed6cc73f94c20d2 aacb1246dc0b436982b73da5586f0a86 - - default default] Successfully bumped revision number for resource e5018284-c7b4-47af-96e1-96fe9bbfa979 (type: floatingips) to 1 /var/lib/openstack/lib/python3.10/site-packages/pycadf/identifier.py:71: UserWarning: Invalid uuid: neutron. To ensure interoperability, identifiers should be a valid uuid. warnings.warn(('Invalid uuid: %s. To ensure interoperability, '
2026-07-24 01:08:04.891 9 INFO neutron.wsgi [None req-b5a22a04-c7be-4fb3-b0e2-7400ed06c9b1 9c5ea83172ce462cbed6cc73f94c20d2 aacb1246dc0b436982b73da5586f0a86 - - default default] 10.0.0.162 "POST /v2.0/floatingips HTTP/1.1" status: 201 len: 1055 time: 1.7391300
2026-07-24 01:08:04.933 9 INFO neutron.notifiers.nova [-] Nova event matching ['req-f3444612-4044-4129-b266-516280ea852c'] response: {'name': 'network-changed', 'server_uuid': 'f42f746f-d514-4e5e-a13a-fbc5e24cf8a3', 'tag': 'da1b7cab-6fd9-43d6-a74e-7f05df02c443', 'status': 'completed', 'code': 200}
2026-07-24 01:08:05.008 10 INFO neutron.wsgi [None req-f5352426-cd27-4ec2-ad8d-3c1b958cc36a 9c5ea83172ce462cbed6cc73f94c20d2 aacb1246dc0b436982b73da5586f0a86 - - default default] 10.0.0.162 "GET /v2.0/floatingips/e5018284-c7b4-47af-96e1-96fe9bbfa979 HTTP/1.1" status: 200 len: 1052 time: 0.1086292
2026-07-24 01:08:05.061 10 INFO neutron.wsgi [req-136f5c52-6090-421a-84b6-1e27fd8c78d8 req-2d5c1a46-ed09-419a-ba74-1a3790ce4534 5b1195e95bc648b98e3cd81287838f61 03e397f6b0c9450a88ac58208c027f30 - - 392ff6c0b2584d0ba60bd617569b29fb 392ff6c0b2584d0ba60bd617569b29fb] 199.204.45.74 "GET /v2.0/ports?tenant_id=aacb1246dc0b436982b73da5586f0a86&device_id=f42f746f-d514-4e5e-a13a-fbc5e24cf8a3 HTTP/1.1" status: 200 len: 1413 time: 0.0957730
2026-07-24 01:08:05.190 10 INFO neutron.db.ovn_revision_numbers_db [None req-ca27a463-cfc9-4387-8020-f8415ce452ef ad4649d1f215432885c84f47dc464689 653340514813435b91e388c8237dcfe8 - - default default] Successfully bumped revision number for resource 639d9538-4823-43af-a9da-c9f088e3caa1 (type: ports) to 2
2026-07-24 01:08:05.211 10 INFO neutron.wsgi [req-136f5c52-6090-421a-84b6-1e27fd8c78d8 req-75276f55-c125-4822-9c88-ae2b3d270297 5b1195e95bc648b98e3cd81287838f61 03e397f6b0c9450a88ac58208c027f30 - - 392ff6c0b2584d0ba60bd617569b29fb 392ff6c0b2584d0ba60bd617569b29fb] 199.204.45.74 "GET /v2.0/networks?id=2455acf3-4aa0-4cfe-ad4a-b696475e9fe1 HTTP/1.1" status: 200 len: 958 time: 0.1424029
2026-07-24 01:08:05.275 10 INFO neutron.db.ovn_revision_numbers_db [None req-ca27a463-cfc9-4387-8020-f8415ce452ef ad4649d1f215432885c84f47dc464689 653340514813435b91e388c8237dcfe8 - - default default] Successfully bumped revision number for resource 024d24ce-6dc0-4903-aece-e9a8d33ec4d6 (type: subnets) to 0
2026-07-24 01:08:05.295 10 INFO neutron.wsgi [None req-a4ccf6c0-bc5e-4de3-9dc3-439bb19aae60 d90a03020cd747c184c94f8ca8485dfe 05c97aad13564ad1b4a30e3c11998cd1 - - default default] 10.0.0.162 "DELETE /v2.0/subnets/877fc9a6-667a-458a-aa69-0febb1cd09ab HTTP/1.1" status: 204 len: 168 time: 0.4556370
2026-07-24 01:08:05.297 10 INFO neutron.wsgi [req-136f5c52-6090-421a-84b6-1e27fd8c78d8 req-ca7b654a-b1b6-454a-9879-b15686a84881 5b1195e95bc648b98e3cd81287838f61 03e397f6b0c9450a88ac58208c027f30 - - 392ff6c0b2584d0ba60bd617569b29fb 392ff6c0b2584d0ba60bd617569b29fb] 199.204.45.74 "GET /v2.0/floatingips?fixed_ip_address=10.100.0.14&port_id=da1b7cab-6fd9-43d6-a74e-7f05df02c443 HTTP/1.1" status: 200 len: 1060 time: 0.0762088
2026-07-24 01:08:05.306 10 INFO neutron.wsgi [None req-ca27a463-cfc9-4387-8020-f8415ce452ef ad4649d1f215432885c84f47dc464689 653340514813435b91e388c8237dcfe8 - - default default] 10.0.0.162 "POST /v2.0/subnets HTTP/1.1" status: 201 len: 801 time: 1.3505049
2026-07-24 01:08:05.323 9 WARNING neutron_lib.context [None req-05b02f6c-b15e-4559-b73d-a099734f4c11 ad4649d1f215432885c84f47dc464689 653340514813435b91e388c8237dcfe8 - - default default] Method 'is_advsvc' is deprecated since 2023.2 release (neutron-lib 3.8.0) and will be removed once support for the old RBAC API policies will be removed from Neutron. Please use method 'is_service_role' instead.
2026-07-24 01:08:05.346 10 INFO neutron.wsgi [req-136f5c52-6090-421a-84b6-1e27fd8c78d8 req-c16a21a5-4b5f-4db0-bf1a-fc419b298673 5b1195e95bc648b98e3cd81287838f61 03e397f6b0c9450a88ac58208c027f30 - - 392ff6c0b2584d0ba60bd617569b29fb 392ff6c0b2584d0ba60bd617569b29fb] 199.204.45.74 "GET /v2.0/subnets?id=f5e2f2fa-6f25-49b5-9e85-bed3b3cd1993 HTTP/1.1" status: 200 len: 853 time: 0.0400813
2026-07-24 01:08:05.374 9 INFO neutron.wsgi [None req-728a1e18-74d8-495a-8bfa-4f710bc0042f d90a03020cd747c184c94f8ca8485dfe 05c97aad13564ad1b4a30e3c11998cd1 - - default default] 10.0.0.162 "GET /v2.0/subnets HTTP/1.1" status: 200 len: 820 time: 0.0733881
2026-07-24 01:08:05.386 10 INFO neutron.wsgi [req-136f5c52-6090-421a-84b6-1e27fd8c78d8 req-93d44c91-6d45-4e0f-bb85-48a20db653aa 5b1195e95bc648b98e3cd81287838f61 03e397f6b0c9450a88ac58208c027f30 - - 392ff6c0b2584d0ba60bd617569b29fb 392ff6c0b2584d0ba60bd617569b29fb] 199.204.45.74 "GET /v2.0/ports?network_id=2455acf3-4aa0-4cfe-ad4a-b696475e9fe1&device_owner=network%3Adhcp HTTP/1.1" status: 200 len: 210 time: 0.0208004
2026-07-24 01:08:05.466 10 INFO neutron.services.segments.plugin [-] Segment f3931ac6-fa0a-4220-bf40-dea1454dd8b8 resource provider aggregate not found
2026-07-24 01:08:05.470 10 INFO neutron.services.segments.plugin [-] Segment f3931ac6-fa0a-4220-bf40-dea1454dd8b8 resource provider aggregate not found
2026-07-24 01:08:05.490 10 INFO neutron.services.segments.plugin [-] Segment f3931ac6-fa0a-4220-bf40-dea1454dd8b8 resource provider not found; error: Placement Client Error (4xx): {"errors": [{"status": 404, "title": "Not Found", "detail": "The resource could not be found.\n\n No resource provider with uuid f3931ac6-fa0a-4220-bf40-dea1454dd8b8 found for delete ", "request_id": "req-5dbceece-979f-4b41-a9f1-9a955b18601e"}]}
2026-07-24 01:08:05.492 10 INFO neutron.services.segments.plugin [-] Segment f3931ac6-fa0a-4220-bf40-dea1454dd8b8 resource provider not found; error: Placement Client Error (4xx): {"errors": [{"status": 404, "title": "Not Found", "detail": "The resource could not be found.\n\n No resource provider with uuid f3931ac6-fa0a-4220-bf40-dea1454dd8b8 found for delete ", "request_id": "req-f07a12a8-a5cd-4071-9f7b-64ddbc8a7173"}]}
2026-07-24 01:08:05.495 10 INFO neutron.wsgi [req-136f5c52-6090-421a-84b6-1e27fd8c78d8 req-ab652cba-0ff2-4596-bdf5-ca7256041d01 5b1195e95bc648b98e3cd81287838f61 03e397f6b0c9450a88ac58208c027f30 - - 392ff6c0b2584d0ba60bd617569b29fb 392ff6c0b2584d0ba60bd617569b29fb] 199.204.45.74 "GET /v2.0/networks/2455acf3-4aa0-4cfe-ad4a-b696475e9fe1?fields=segments HTTP/1.1" status: 200 len: 212 time: 0.1005161
2026-07-24 01:08:05.520 10 INFO neutron.wsgi [None req-2415ead3-62bf-4069-9972-9289ae9a2673 94bad378d0ac49789b0207ecaf4841a0 f29f90f89e844010b1869a4122a24287 - - default default] 10.0.0.162 "DELETE /v2.0/networks/b89e158b-bf81-481f-b8b8-28b9888c1b06 HTTP/1.1" status: 204 len: 168 time: 1.1892149
2026-07-24 01:08:05.540 9 INFO neutron.db.ovn_revision_numbers_db [None req-05b02f6c-b15e-4559-b73d-a099734f4c11 ad4649d1f215432885c84f47dc464689 653340514813435b91e388c8237dcfe8 - - default default] Successfully bumped revision number for resource e282e95c-b553-4570-99ac-2be7e26611b7 (type: routers) to 1
2026-07-24 01:08:05.555 10 INFO neutron.pecan_wsgi.hooks.translation [None req-8ee5cc81-7a2c-4955-817d-1baab56dab66 94bad378d0ac49789b0207ecaf4841a0 f29f90f89e844010b1869a4122a24287 - - default default] DELETE failed (client error): The resource could not be found.
2026-07-24 01:08:05.557 10 INFO neutron.wsgi [None req-8ee5cc81-7a2c-4955-817d-1baab56dab66 94bad378d0ac49789b0207ecaf4841a0 f29f90f89e844010b1869a4122a24287 - - default default] 10.0.0.162 "DELETE /v2.0/subnets/eb609f99-defb-4f84-9bb6-3d1e6c38de2d HTTP/1.1" status: 404 len: 337 time: 0.0284784
2026-07-24 01:08:05.569 9 INFO neutron.wsgi [None req-05b02f6c-b15e-4559-b73d-a099734f4c11 ad4649d1f215432885c84f47dc464689 653340514813435b91e388c8237dcfe8 - - default default] 10.0.0.162 "POST /v2.0/routers HTTP/1.1" status: 201 len: 687 time: 0.2519166
2026-07-24 01:08:05.579 10 INFO neutron.pecan_wsgi.hooks.translation [None req-9c31da4b-75fa-4265-b6ba-876b6a0f99e1 94bad378d0ac49789b0207ecaf4841a0 f29f90f89e844010b1869a4122a24287 - - default default] DELETE failed (client error): The resource could not be found.
2026-07-24 01:08:05.581 10 INFO neutron.wsgi [None req-9c31da4b-75fa-4265-b6ba-876b6a0f99e1 94bad378d0ac49789b0207ecaf4841a0 f29f90f89e844010b1869a4122a24287 - - default default] 10.0.0.162 "DELETE /v2.0/subnets/7ade0c20-fc35-4544-a3ad-2515f6e2cd36 HTTP/1.1" status: 404 len: 337 time: 0.0194085
2026-07-24 01:08:05.593 10 INFO neutron.wsgi [req-136f5c52-6090-421a-84b6-1e27fd8c78d8 req-b23fa18b-b2aa-456c-afd2-9bef953bff53 5b1195e95bc648b98e3cd81287838f61 03e397f6b0c9450a88ac58208c027f30 - - 392ff6c0b2584d0ba60bd617569b29fb 392ff6c0b2584d0ba60bd617569b29fb] 199.204.45.74 "GET /v2.0/networks/2455acf3-4aa0-4cfe-ad4a-b696475e9fe1?fields=provider%3Aphysical_network&fields=provider%3Anetwork_type HTTP/1.1" status: 200 len: 277 time: 0.0872154
2026-07-24 01:08:05.618 10 INFO neutron.pecan_wsgi.hooks.translation [None req-4534ce59-920e-4e90-a09c-fd84360cb52e 94bad378d0ac49789b0207ecaf4841a0 f29f90f89e844010b1869a4122a24287 - - default default] DELETE failed (client error): The resource could not be found.
2026-07-24 01:08:05.620 10 INFO neutron.wsgi [None req-4534ce59-920e-4e90-a09c-fd84360cb52e 94bad378d0ac49789b0207ecaf4841a0 f29f90f89e844010b1869a4122a24287 - - default default] 10.0.0.162 "DELETE /v2.0/subnets/e2bb18c0-2c79-4fee-bd5d-ede74f8259e0 HTTP/1.1" status: 404 len: 337 time: 0.0301456
2026-07-24 01:08:05.941 9 INFO neutron.services.segments.plugin [-] Segment 246c4847-e879-4b50-b30c-96283c26a081 resource provider aggregate not found
2026-07-24 01:08:05.947 9 INFO neutron.services.segments.plugin [-] Segment 246c4847-e879-4b50-b30c-96283c26a081 resource provider aggregate not found
2026-07-24 01:08:05.966 9 INFO neutron.services.segments.plugin [-] Segment 246c4847-e879-4b50-b30c-96283c26a081 resource provider not found; error: Placement Client Error (4xx): {"errors": [{"status": 404, "title": "Not Found", "detail": "The resource could not be found.\n\n No resource provider with uuid 246c4847-e879-4b50-b30c-96283c26a081 found for delete ", "request_id": "req-a803cdd7-b4eb-410f-9e10-852a720dd80a"}]}
2026-07-24 01:08:05.967 9 INFO neutron.services.segments.plugin [-] Segment 246c4847-e879-4b50-b30c-96283c26a081 resource provider not found; error: Placement Client Error (4xx): {"errors": [{"status": 404, "title": "Not Found", "detail": "The resource could not be found.\n\n No resource provider with uuid 246c4847-e879-4b50-b30c-96283c26a081 found for delete ", "request_id": "req-bc7c4cf7-de67-4005-ba00-51452354dbe0"}]}
2026-07-24 01:08:06.023 9 INFO neutron.wsgi [None req-f9139b0b-4667-434a-9a08-c5cfb8a99c7c d90a03020cd747c184c94f8ca8485dfe 05c97aad13564ad1b4a30e3c11998cd1 - - default default] 10.0.0.162 "DELETE /v2.0/networks/d0f23a34-29d4-4ef6-ae7f-10f4f2de2fa9 HTTP/1.1" status: 204 len: 168 time: 0.6413717
2026-07-24 01:08:06.361 9 WARNING neutron.scheduler.dhcp_agent_scheduler [None req-c0c333a6-fd87-4e68-8f91-baf2230d7e90 ad4649d1f215432885c84f47dc464689 653340514813435b91e388c8237dcfe8 - - default default] No more DHCP agents
2026-07-24 01:08:06.363 9 WARNING neutron.api.rpc.agentnotifiers.dhcp_rpc_agent_api [None req-c0c333a6-fd87-4e68-8f91-baf2230d7e90 ad4649d1f215432885c84f47dc464689 653340514813435b91e388c8237dcfe8 - - default default] Unable to schedule network 6117b619-7d90-47d4-ba33-d6e174079830: no agents available; will retry on subsequent port and subnet creation events.
2026-07-24 01:08:06.530 9 INFO neutron.db.ovn_revision_numbers_db [None req-c0c333a6-fd87-4e68-8f91-baf2230d7e90 ad4649d1f215432885c84f47dc464689 653340514813435b91e388c8237dcfe8 - - default default] Successfully bumped revision number for resource f2812e5c-71d7-4d7e-a65a-4e58df35f494 (type: ports) to 1
2026-07-24 01:08:06.737 10 INFO neutron.wsgi [None req-6c64554a-2509-48a0-adea-3613d51eb6fb d90a03020cd747c184c94f8ca8485dfe 05c97aad13564ad1b4a30e3c11998cd1 - - default default] 10.0.0.162 "DELETE /v2.0/networks/b619bdbf-7401-45f6-a518-cc70f5fcd301 HTTP/1.1" status: 204 len: 168 time: 0.7017713
2026-07-24 01:08:07.031 9 INFO neutron.plugins.ml2.drivers.ovn.mech_driver.mech_driver [None req-0fa86b58-638e-483a-8b43-55a5768edc70 - - - - - -] OVN reports status up for port: f2812e5c-71d7-4d7e-a65a-4e58df35f494
2026-07-24 01:08:07.102 9 INFO neutron.plugins.ml2.plugin [None req-0fa86b58-638e-483a-8b43-55a5768edc70 - - - - - -] Attempt 1 to provision port f2812e5c-71d7-4d7e-a65a-4e58df35f494
2026-07-24 01:08:07.106 9 INFO neutron.db.ovn_revision_numbers_db [None req-c0c333a6-fd87-4e68-8f91-baf2230d7e90 ad4649d1f215432885c84f47dc464689 653340514813435b91e388c8237dcfe8 - - default default] Successfully bumped revision number for resource f2812e5c-71d7-4d7e-a65a-4e58df35f494 (type: router_ports) to 1
2026-07-24 01:08:07.131 9 INFO neutron.db.ovn_revision_numbers_db [None req-747bef48-a6fb-436b-b446-8cb25eb9fa8b 62fae09fc55f4d6faa6cb2771886dd1f f0000d67e0dd44b3abf02eb78d769b2c - - default default] Successfully bumped revision number for resource fee35e4e-44f9-4271-8d92-73436d299e43 (type: security_groups) to 1
2026-07-24 01:08:07.173 9 INFO neutron.db.ovn_revision_numbers_db [None req-747bef48-a6fb-436b-b446-8cb25eb9fa8b 62fae09fc55f4d6faa6cb2771886dd1f f0000d67e0dd44b3abf02eb78d769b2c - - default default] Successfully bumped revision number for resource aeea85f4-9b20-43de-a727-f44ba0ebf2ec (type: security_group_rules) to 0
2026-07-24 01:08:07.203 9 INFO neutron.db.ovn_revision_numbers_db [None req-747bef48-a6fb-436b-b446-8cb25eb9fa8b 62fae09fc55f4d6faa6cb2771886dd1f f0000d67e0dd44b3abf02eb78d769b2c - - default default] Successfully bumped revision number for resource cc4bcac0-cac1-4a44-9007-88a2d0861751 (type: security_group_rules) to 0
2026-07-24 01:08:07.248 9 INFO neutron.db.ovn_revision_numbers_db [None req-747bef48-a6fb-436b-b446-8cb25eb9fa8b 62fae09fc55f4d6faa6cb2771886dd1f f0000d67e0dd44b3abf02eb78d769b2c - - default default] Successfully bumped revision number for resource de1dc10c-8cba-445e-91b2-ea1564ddb56c (type: security_group_rules) to 0
2026-07-24 01:08:07.287 9 INFO neutron.db.ovn_revision_numbers_db [None req-747bef48-a6fb-436b-b446-8cb25eb9fa8b 62fae09fc55f4d6faa6cb2771886dd1f f0000d67e0dd44b3abf02eb78d769b2c - - default default] Successfully bumped revision number for resource e0ffae1e-daad-4ffd-96e8-e3945d9f1256 (type: security_group_rules) to 0
2026-07-24 01:08:07.344 9 INFO neutron.wsgi [None req-747bef48-a6fb-436b-b446-8cb25eb9fa8b 62fae09fc55f4d6faa6cb2771886dd1f f0000d67e0dd44b3abf02eb78d769b2c - - default default] 10.0.0.162 "GET /v2.0/security-groups?tenant_id=d62147bd51114fc8893891070407b5d9&name=default HTTP/1.1" status: 200 len: 2996 time: 0.7322748
2026-07-24 01:08:07.455 9 INFO neutron.db.ovn_revision_numbers_db [None req-c0c333a6-fd87-4e68-8f91-baf2230d7e90 ad4649d1f215432885c84f47dc464689 653340514813435b91e388c8237dcfe8 - - default default] Successfully bumped revision number for resource f2812e5c-71d7-4d7e-a65a-4e58df35f494 (type: ports) to 1
2026-07-24 01:08:07.522 10 INFO neutron.services.segments.plugin [-] Segment dcecbea8-0537-4ef8-966e-3c6d65c0b6ea resource provider aggregate not found
2026-07-24 01:08:07.534 10 INFO neutron.services.segments.plugin [-] Segment dcecbea8-0537-4ef8-966e-3c6d65c0b6ea resource provider aggregate not found
2026-07-24 01:08:07.546 10 INFO neutron.services.segments.plugin [-] Segment dcecbea8-0537-4ef8-966e-3c6d65c0b6ea resource provider not found; error: Placement Client Error (4xx): {"errors": [{"status": 404, "title": "Not Found", "detail": "The resource could not be found.\n\n No resource provider with uuid dcecbea8-0537-4ef8-966e-3c6d65c0b6ea found for delete ", "request_id": "req-d38f6b1d-3182-4918-907f-21a71b88ff37"}]}
2026-07-24 01:08:07.560 10 INFO neutron.services.segments.plugin [-] Segment dcecbea8-0537-4ef8-966e-3c6d65c0b6ea resource provider not found; error: Placement Client Error (4xx): {"errors": [{"status": 404, "title": "Not Found", "detail": "The resource could not be found.\n\n No resource provider with uuid dcecbea8-0537-4ef8-966e-3c6d65c0b6ea found for delete ", "request_id": "req-7886a3ba-dbd5-413d-b79b-0e44244eeb0e"}]}
2026-07-24 01:08:07.565 9 INFO neutron.wsgi [None req-12220bcf-3f11-48f6-a122-efd229235201 d90a03020cd747c184c94f8ca8485dfe 05c97aad13564ad1b4a30e3c11998cd1 - - default default] 10.0.0.162 "DELETE /v2.0/networks/41be19f4-8eaa-46ac-85ea-ed84449a10b8 HTTP/1.1" status: 204 len: 168 time: 0.8232181
2026-07-24 01:08:07.603 9 WARNING neutron.scheduler.dhcp_agent_scheduler [None req-c0c333a6-fd87-4e68-8f91-baf2230d7e90 ad4649d1f215432885c84f47dc464689 653340514813435b91e388c8237dcfe8 - - default default] No more DHCP agents
2026-07-24 01:08:07.606 9 WARNING neutron.api.rpc.agentnotifiers.dhcp_rpc_agent_api [None req-c0c333a6-fd87-4e68-8f91-baf2230d7e90 ad4649d1f215432885c84f47dc464689 653340514813435b91e388c8237dcfe8 - - default default] Unable to schedule network 6117b619-7d90-47d4-ba33-d6e174079830: no agents available; will retry on subsequent port and subnet creation events.
2026-07-24 01:08:07.656 9 INFO neutron.db.ovn_revision_numbers_db [None req-0fa86b58-638e-483a-8b43-55a5768edc70 - - - - - -] Successfully bumped revision number for resource f2812e5c-71d7-4d7e-a65a-4e58df35f494 (type: ports) to 2
2026-07-24 01:08:07.753 10 INFO neutron.wsgi [None req-aeeff7d2-91c3-4ab1-8980-9b7291baf391 62fae09fc55f4d6faa6cb2771886dd1f f0000d67e0dd44b3abf02eb78d769b2c - - default default] 10.0.0.162 "DELETE /v2.0/security-groups/fee35e4e-44f9-4271-8d92-73436d299e43 HTTP/1.1" status: 204 len: 168 time: 0.4024155
2026-07-24 01:08:07.809 9 INFO neutron.db.ovn_revision_numbers_db [None req-0fa86b58-638e-483a-8b43-55a5768edc70 - - - - - -] Successfully bumped revision number for resource f2812e5c-71d7-4d7e-a65a-4e58df35f494 (type: router_ports) to 2
2026-07-24 01:08:07.879 9 INFO neutron.db.ovn_revision_numbers_db [None req-c0c333a6-fd87-4e68-8f91-baf2230d7e90 ad4649d1f215432885c84f47dc464689 653340514813435b91e388c8237dcfe8 - - default default] Successfully bumped revision number for resource f2812e5c-71d7-4d7e-a65a-4e58df35f494 (type: router_ports) to 2
2026-07-24 01:08:07.883 9 INFO neutron.wsgi [None req-c0c333a6-fd87-4e68-8f91-baf2230d7e90 ad4649d1f215432885c84f47dc464689 653340514813435b91e388c8237dcfe8 - - default default] 10.0.0.162 "PUT /v2.0/routers/e282e95c-b553-4570-99ac-2be7e26611b7/add_router_interface HTTP/1.1" status: 200 len: 503 time: 2.3088918
2026-07-24 01:08:07.985 9 INFO neutron.services.segments.plugin [-] Segment 5f1df09d-08ab-44df-a282-b888a9bc4bb3 resource provider aggregate not found
2026-07-24 01:08:08.001 9 INFO neutron.services.segments.plugin [-] Segment 5f1df09d-08ab-44df-a282-b888a9bc4bb3 resource provider aggregate not found
2026-07-24 01:08:08.013 9 INFO neutron.services.segments.plugin [-] Segment 5f1df09d-08ab-44df-a282-b888a9bc4bb3 resource provider not found; error: Placement Client Error (4xx): {"errors": [{"status": 404, "title": "Not Found", "detail": "The resource could not be found.\n\n No resource provider with uuid 5f1df09d-08ab-44df-a282-b888a9bc4bb3 found for delete ", "request_id": "req-65343513-4e5c-421d-9280-807ae89d163d"}]}
2026-07-24 01:08:08.017 9 INFO neutron.wsgi [None req-31c27865-b35d-49ee-911c-649153cf226b 62fae09fc55f4d6faa6cb2771886dd1f f0000d67e0dd44b3abf02eb78d769b2c - - default default] 10.0.0.162 "GET /v2.0/security-groups?tenant_id=f29f90f89e844010b1869a4122a24287&name=default HTTP/1.1" status: 200 len: 2996 time: 0.0886045
2026-07-24 01:08:08.020 9 INFO neutron.services.segments.plugin [-] Segment 5f1df09d-08ab-44df-a282-b888a9bc4bb3 resource provider not found; error: Placement Client Error (4xx): {"errors": [{"status": 404, "title": "Not Found", "detail": "The resource could not be found.\n\n No resource provider with uuid 5f1df09d-08ab-44df-a282-b888a9bc4bb3 found for delete ", "request_id": "req-60c6bfe6-23f2-40f7-a4c7-980414a4026f"}]}
2026-07-24 01:08:08.050 9 INFO neutron.wsgi [None req-205e60d4-44d1-4f42-bf4d-6a7d9e43b955 ad4649d1f215432885c84f47dc464689 653340514813435b91e388c8237dcfe8 - - default default] 10.0.0.162 "GET /v2.0/ports/f2812e5c-71d7-4d7e-a65a-4e58df35f494 HTTP/1.1" status: 200 len: 1137 time: 0.1546147
2026-07-24 01:08:08.102 10 INFO neutron.wsgi [None req-d2d6d930-5ed5-4d4a-b4b5-adfadf2d5b74 d90a03020cd747c184c94f8ca8485dfe 05c97aad13564ad1b4a30e3c11998cd1 - - default default] 10.0.0.162 "DELETE /v2.0/networks/4293da80-55aa-4cce-a175-bcfa6ad68162 HTTP/1.1" status: 204 len: 168 time: 0.5315487
2026-07-24 01:08:08.415 9 INFO neutron.wsgi [None req-b0502ce9-5417-45be-8c4e-c045c8a90e70 62fae09fc55f4d6faa6cb2771886dd1f f0000d67e0dd44b3abf02eb78d769b2c - - default default] 10.0.0.162 "DELETE /v2.0/security-groups/66d9c61c-c19d-487d-8894-181485f4c6fd HTTP/1.1" status: 204 len: 168 time: 0.3892546
2026-07-24 01:08:08.592 9 WARNING neutron.scheduler.dhcp_agent_scheduler [None req-60dd4930-4846-44f0-97e9-3a3d78e797bc ad4649d1f215432885c84f47dc464689 653340514813435b91e388c8237dcfe8 - - default default] No more DHCP agents
2026-07-24 01:08:08.594 9 WARNING neutron.api.rpc.agentnotifiers.dhcp_rpc_agent_api [None req-60dd4930-4846-44f0-97e9-3a3d78e797bc ad4649d1f215432885c84f47dc464689 653340514813435b91e388c8237dcfe8 - - default default] Unable to schedule network 0ce79a02-4959-4543-aacf-dee7fc73b41f: no agents available; will retry on subsequent port and subnet creation events.
2026-07-24 01:08:08.664 10 INFO neutron.db.ovn_revision_numbers_db [None req-c838412d-e93d-4789-85ba-e61dab70666b 62fae09fc55f4d6faa6cb2771886dd1f f0000d67e0dd44b3abf02eb78d769b2c - - default default] Successfully bumped revision number for resource 6819c9df-1e33-471b-9cb1-f57b2b8eb4d4 (type: security_groups) to 1
2026-07-24 01:08:08.679 10 INFO neutron.db.ovn_revision_numbers_db [None req-c838412d-e93d-4789-85ba-e61dab70666b 62fae09fc55f4d6faa6cb2771886dd1f f0000d67e0dd44b3abf02eb78d769b2c - - default default] Successfully bumped revision number for resource 7055b9d5-6b79-4255-a9b8-a7ba60dc9b76 (type: security_group_rules) to 0
2026-07-24 01:08:08.695 10 INFO neutron.db.ovn_revision_numbers_db [None req-c838412d-e93d-4789-85ba-e61dab70666b 62fae09fc55f4d6faa6cb2771886dd1f f0000d67e0dd44b3abf02eb78d769b2c - - default default] Successfully bumped revision number for resource 9aa7e901-3337-4178-a205-23cd6ca6ce53 (type: security_group_rules) to 0
2026-07-24 01:08:08.717 10 INFO neutron.db.ovn_revision_numbers_db [None req-c838412d-e93d-4789-85ba-e61dab70666b 62fae09fc55f4d6faa6cb2771886dd1f f0000d67e0dd44b3abf02eb78d769b2c - - default default] Successfully bumped revision number for resource bb4e1783-ffaa-4409-a3a8-72017955c911 (type: security_group_rules) to 0
2026-07-24 01:08:08.735 10 INFO neutron.db.ovn_revision_numbers_db [None req-c838412d-e93d-4789-85ba-e61dab70666b 62fae09fc55f4d6faa6cb2771886dd1f f0000d67e0dd44b3abf02eb78d769b2c - - default default] Successfully bumped revision number for resource fc4a2055-ab1c-4841-ac29-942423fe8965 (type: security_group_rules) to 0
2026-07-24 01:08:08.779 10 INFO neutron.wsgi [None req-c838412d-e93d-4789-85ba-e61dab70666b 62fae09fc55f4d6faa6cb2771886dd1f f0000d67e0dd44b3abf02eb78d769b2c - - default default] 10.0.0.162 "GET /v2.0/security-groups?tenant_id=be1ca08f7cd0497eae7dfc5e48262980&name=default HTTP/1.1" status: 200 len: 2996 time: 0.2266192
2026-07-24 01:08:08.780 9 INFO neutron.db.ovn_revision_numbers_db [None req-60dd4930-4846-44f0-97e9-3a3d78e797bc ad4649d1f215432885c84f47dc464689 653340514813435b91e388c8237dcfe8 - - default default] Successfully bumped revision number for resource 0adf48d6-eadf-42dd-8df4-69669ff17e05 (type: ports) to 1
2026-07-24 01:08:08.809 10 INFO neutron.wsgi [-] 10.0.0.128 "GET / HTTP/1.1" status: 200 len: 247 time: 0.0029571
2026-07-24 01:08:08.812 10 INFO neutron.wsgi [-] 10.0.0.128 "GET / HTTP/1.1" status: 200 len: 247 time: 0.0020854
2026-07-24 01:08:08.935 10 INFO neutron.wsgi [None req-62c5116f-33a5-4a84-b2de-58dcaa17bd53 62fae09fc55f4d6faa6cb2771886dd1f f0000d67e0dd44b3abf02eb78d769b2c - - default default] 10.0.0.162 "GET /v2.0/security-groups?tenant_id=05c97aad13564ad1b4a30e3c11998cd1&name=default HTTP/1.1" status: 200 len: 2996 time: 0.2227654
2026-07-24 01:08:09.114 9 INFO neutron.wsgi [None req-1a84202c-9e3d-4d79-a3ff-e6a819deb061 62fae09fc55f4d6faa6cb2771886dd1f f0000d67e0dd44b3abf02eb78d769b2c - - default default] 10.0.0.162 "DELETE /v2.0/security-groups/6819c9df-1e33-471b-9cb1-f57b2b8eb4d4 HTTP/1.1" status: 204 len: 168 time: 0.3282607
2026-07-24 01:08:09.169 10 INFO neutron.wsgi [None req-2d35e6af-c17c-4b98-8295-2551cb712cac 62fae09fc55f4d6faa6cb2771886dd1f f0000d67e0dd44b3abf02eb78d769b2c - - default default] 10.0.0.162 "DELETE /v2.0/security-groups/604663c7-d309-485d-8e8f-a50a4b4c2d24 HTTP/1.1" status: 204 len: 168 time: 0.2270236
2026-07-24 01:08:09.272 10 INFO neutron.plugins.ml2.drivers.ovn.mech_driver.mech_driver [None req-29f8e175-0d43-4339-bf53-5e1516680da6 - - - - - -] OVN reports status up for port: 0adf48d6-eadf-42dd-8df4-69669ff17e05
2026-07-24 01:08:09.280 10 INFO neutron.plugins.ml2.plugin [None req-29f8e175-0d43-4339-bf53-5e1516680da6 - - - - - -] Attempt 1 to provision port 0adf48d6-eadf-42dd-8df4-69669ff17e05
2026-07-24 01:08:09.296 9 INFO neutron.db.ovn_revision_numbers_db [None req-60dd4930-4846-44f0-97e9-3a3d78e797bc ad4649d1f215432885c84f47dc464689 653340514813435b91e388c8237dcfe8 - - default default] Successfully bumped revision number for resource 0adf48d6-eadf-42dd-8df4-69669ff17e05 (type: router_ports) to 1
2026-07-24 01:08:09.491 9 INFO neutron.db.ovn_revision_numbers_db [None req-60dd4930-4846-44f0-97e9-3a3d78e797bc ad4649d1f215432885c84f47dc464689 653340514813435b91e388c8237dcfe8 - - default default] Successfully bumped revision number for resource 0adf48d6-eadf-42dd-8df4-69669ff17e05 (type: ports) to 1
2026-07-24 01:08:09.572 10 INFO neutron.services.segments.plugin [-] Segment f7e2c528-0d0e-4c03-9a6f-ecd7a5d28261 resource provider aggregate not found
2026-07-24 01:08:09.573 9 WARNING neutron.scheduler.dhcp_agent_scheduler [None req-60dd4930-4846-44f0-97e9-3a3d78e797bc ad4649d1f215432885c84f47dc464689 653340514813435b91e388c8237dcfe8 - - default default] No more DHCP agents
2026-07-24 01:08:09.575 9 WARNING neutron.api.rpc.agentnotifiers.dhcp_rpc_agent_api [None req-60dd4930-4846-44f0-97e9-3a3d78e797bc ad4649d1f215432885c84f47dc464689 653340514813435b91e388c8237dcfe8 - - default default] Unable to schedule network 0ce79a02-4959-4543-aacf-dee7fc73b41f: no agents available; will retry on subsequent port and subnet creation events.
2026-07-24 01:08:09.594 10 INFO neutron.services.segments.plugin [-] Segment f7e2c528-0d0e-4c03-9a6f-ecd7a5d28261 resource provider aggregate not found
2026-07-24 01:08:09.602 10 INFO neutron.services.segments.plugin [-] Segment f7e2c528-0d0e-4c03-9a6f-ecd7a5d28261 resource provider not found; error: Placement Client Error (4xx): {"errors": [{"status": 404, "title": "Not Found", "detail": "The resource could not be found.\n\n No resource provider with uuid f7e2c528-0d0e-4c03-9a6f-ecd7a5d28261 found for delete ", "request_id": "req-1ac69bea-0bcb-44c6-97f9-415077ff1f06"}]}
2026-07-24 01:08:09.611 10 INFO neutron.db.ovn_revision_numbers_db [None req-29f8e175-0d43-4339-bf53-5e1516680da6 - - - - - -] Successfully bumped revision number for resource 0adf48d6-eadf-42dd-8df4-69669ff17e05 (type: ports) to 2
2026-07-24 01:08:09.621 10 INFO neutron.services.segments.plugin [-] Segment f7e2c528-0d0e-4c03-9a6f-ecd7a5d28261 resource provider not found; error: Placement Client Error (4xx): {"errors": [{"status": 404, "title": "Not Found", "detail": "The resource could not be found.\n\n No resource provider with uuid f7e2c528-0d0e-4c03-9a6f-ecd7a5d28261 found for delete ", "request_id": "req-71a6c00a-47bb-4452-ae24-7f0f56cd7f27"}]}
2026-07-24 01:08:09.682 10 INFO neutron.db.ovn_revision_numbers_db [None req-29f8e175-0d43-4339-bf53-5e1516680da6 - - - - - -] Successfully bumped revision number for resource 0adf48d6-eadf-42dd-8df4-69669ff17e05 (type: router_ports) to 2
2026-07-24 01:08:09.714 9 INFO neutron.db.ovn_revision_numbers_db [None req-60dd4930-4846-44f0-97e9-3a3d78e797bc ad4649d1f215432885c84f47dc464689 653340514813435b91e388c8237dcfe8 - - default default] Successfully bumped revision number for resource 0adf48d6-eadf-42dd-8df4-69669ff17e05 (type: router_ports) to 2
2026-07-24 01:08:09.717 9 INFO neutron.wsgi [None req-60dd4930-4846-44f0-97e9-3a3d78e797bc ad4649d1f215432885c84f47dc464689 653340514813435b91e388c8237dcfe8 - - default default] 10.0.0.162 "PUT /v2.0/routers/e282e95c-b553-4570-99ac-2be7e26611b7/add_router_interface HTTP/1.1" status: 200 len: 503 time: 1.6600006
2026-07-24 01:08:09.820 9 INFO neutron.wsgi [None req-a5a218c8-96bb-4e82-a68f-9bc3d3bde18e ad4649d1f215432885c84f47dc464689 653340514813435b91e388c8237dcfe8 - - default default] 10.0.0.162 "GET /v2.0/ports/0adf48d6-eadf-42dd-8df4-69669ff17e05 HTTP/1.1" status: 200 len: 1137 time: 0.0988722
2026-07-24 01:08:09.866 9 INFO neutron.wsgi [None req-fb888fac-8db3-403e-bda4-a83eec1fdafa ad4649d1f215432885c84f47dc464689 653340514813435b91e388c8237dcfe8 - - default default] 10.0.0.162 "GET /v2.0/ports/0adf48d6-eadf-42dd-8df4-69669ff17e05 HTTP/1.1" status: 200 len: 1137 time: 0.0407155
2026-07-24 01:08:11.184 9 INFO neutron.wsgi [None req-2a4888a1-3e16-4287-a7a3-7a650a4c5b92 ad4649d1f215432885c84f47dc464689 653340514813435b91e388c8237dcfe8 - - default default] 10.0.0.162 "PUT /v2.0/routers/e282e95c-b553-4570-99ac-2be7e26611b7/remove_router_interface HTTP/1.1" status: 200 len: 503 time: 1.3121116
2026-07-24 01:08:11.325 10 INFO neutron.wsgi [None req-2c75e21f-7d6c-4f8c-aeb6-484301a17bb5 ad4649d1f215432885c84f47dc464689 653340514813435b91e388c8237dcfe8 - - default default] 10.0.0.162 "GET /v2.0/ports/f2812e5c-71d7-4d7e-a65a-4e58df35f494 HTTP/1.1" status: 200 len: 1137 time: 0.1352413 /var/lib/openstack/lib/python3.10/site-packages/pycadf/identifier.py:71: UserWarning: Invalid uuid: neutron. To ensure interoperability, identifiers should be a valid uuid. warnings.warn(('Invalid uuid: %s. To ensure interoperability, '
2026-07-24 01:08:11.384 9 WARNING neutron_lib.context [None req-4aa6984d-be3e-4650-8a89-69174d100ccd fd45b5baaf2c4190ac8ea34ee8374c7e aceeff41c25e48abb437018b77e51945 - - default default] Method 'is_advsvc' is deprecated since 2023.2 release (neutron-lib 3.8.0) and will be removed once support for the old RBAC API policies will be removed from Neutron. Please use method 'is_service_role' instead.
2026-07-24 01:08:11.385 9 WARNING neutron_lib.context [None req-4aa6984d-be3e-4650-8a89-69174d100ccd fd45b5baaf2c4190ac8ea34ee8374c7e aceeff41c25e48abb437018b77e51945 - - default default] Method 'is_advsvc' is deprecated since 2023.2 release (neutron-lib 3.8.0) and will be removed once support for the old RBAC API policies will be removed from Neutron. Please use method 'is_service_role' instead.
2026-07-24 01:08:11.550 9 INFO neutron.db.ovn_revision_numbers_db [None req-4aa6984d-be3e-4650-8a89-69174d100ccd fd45b5baaf2c4190ac8ea34ee8374c7e aceeff41c25e48abb437018b77e51945 - - default default] Successfully bumped revision number for resource 7c54ba8f-7872-4a94-a38f-989ad7b34c8c (type: security_groups) to 1
2026-07-24 01:08:11.564 9 INFO neutron.db.ovn_revision_numbers_db [None req-4aa6984d-be3e-4650-8a89-69174d100ccd fd45b5baaf2c4190ac8ea34ee8374c7e aceeff41c25e48abb437018b77e51945 - - default default] Successfully bumped revision number for resource 5c94ccc9-1c73-4918-b7d1-e58579cf76a8 (type: security_group_rules) to 0
2026-07-24 01:08:11.587 9 INFO neutron.db.ovn_revision_numbers_db [None req-4aa6984d-be3e-4650-8a89-69174d100ccd fd45b5baaf2c4190ac8ea34ee8374c7e aceeff41c25e48abb437018b77e51945 - - default default] Successfully bumped revision number for resource 669f1a4d-4d4d-4303-94a9-72761678dd67 (type: security_group_rules) to 0
2026-07-24 01:08:11.609 9 INFO neutron.db.ovn_revision_numbers_db [None req-4aa6984d-be3e-4650-8a89-69174d100ccd fd45b5baaf2c4190ac8ea34ee8374c7e aceeff41c25e48abb437018b77e51945 - - default default] Successfully bumped revision number for resource 6770c776-d4e3-481a-a0d5-48419b3bc4d3 (type: security_group_rules) to 0
2026-07-24 01:08:11.630 9 INFO neutron.db.ovn_revision_numbers_db [None req-4aa6984d-be3e-4650-8a89-69174d100ccd fd45b5baaf2c4190ac8ea34ee8374c7e aceeff41c25e48abb437018b77e51945 - - default default] Successfully bumped revision number for resource a716e57b-b0be-436e-8b23-f2082ed4353a (type: security_group_rules) to 0
2026-07-24 01:08:11.701 9 INFO neutron.db.segments_db [None req-4aa6984d-be3e-4650-8a89-69174d100ccd fd45b5baaf2c4190ac8ea34ee8374c7e aceeff41c25e48abb437018b77e51945 - - default default] Added segment 2ef0f098-0f2a-482d-bb93-9718d89d95e6 of type geneve for network c1af3225-936c-4ac7-9fbb-23a8cef399d7
2026-07-24 01:08:11.807 9 INFO neutron.db.segments_db [None req-4aa6984d-be3e-4650-8a89-69174d100ccd fd45b5baaf2c4190ac8ea34ee8374c7e aceeff41c25e48abb437018b77e51945 - - default default] Added segment 59d311ff-1e55-4ea0-8a29-e63d982b461a of type geneve for network 12670bf3-7a5f-419d-8850-bb29482dbbdb
2026-07-24 01:08:11.981 9 INFO neutron.db.ovn_revision_numbers_db [None req-4aa6984d-be3e-4650-8a89-69174d100ccd fd45b5baaf2c4190ac8ea34ee8374c7e aceeff41c25e48abb437018b77e51945 - - default default] Successfully bumped revision number for resource c1af3225-936c-4ac7-9fbb-23a8cef399d7 (type: networks) to 1
2026-07-24 01:08:12.096 10 INFO neutron.wsgi [None req-d6f757b9-e93c-4d3c-b6cb-a59568ea2830 ad4649d1f215432885c84f47dc464689 653340514813435b91e388c8237dcfe8 - - default default] 10.0.0.162 "PUT /v2.0/routers/e282e95c-b553-4570-99ac-2be7e26611b7/remove_router_interface HTTP/1.1" status: 200 len: 503 time: 0.7668786 /var/lib/openstack/lib/python3.10/site-packages/pycadf/identifier.py:71: UserWarning: Invalid uuid: neutron. To ensure interoperability, identifiers should be a valid uuid. warnings.warn(('Invalid uuid: %s. To ensure interoperability, '
2026-07-24 01:08:12.130 10 INFO neutron.wsgi [None req-1a0f0be6-1bb6-4f47-b756-90c1f454c41f ad4649d1f215432885c84f47dc464689 653340514813435b91e388c8237dcfe8 - - default default] 10.0.0.162 "GET /v2.0/ports?device_id=e282e95c-b553-4570-99ac-2be7e26611b7 HTTP/1.1" status: 200 len: 205 time: 0.0280247
2026-07-24 01:08:12.209 9 WARNING neutron.scheduler.dhcp_agent_scheduler [None req-4aa6984d-be3e-4650-8a89-69174d100ccd fd45b5baaf2c4190ac8ea34ee8374c7e aceeff41c25e48abb437018b77e51945 - - default default] No more DHCP agents
2026-07-24 01:08:12.215 9 WARNING neutron.api.rpc.agentnotifiers.dhcp_rpc_agent_api [None req-4aa6984d-be3e-4650-8a89-69174d100ccd fd45b5baaf2c4190ac8ea34ee8374c7e aceeff41c25e48abb437018b77e51945 - - default default] Unable to schedule network c1af3225-936c-4ac7-9fbb-23a8cef399d7: no agents available; will retry on subsequent port and subnet creation events.
2026-07-24 01:08:12.342 9 INFO neutron.db.ovn_revision_numbers_db [None req-4aa6984d-be3e-4650-8a89-69174d100ccd fd45b5baaf2c4190ac8ea34ee8374c7e aceeff41c25e48abb437018b77e51945 - - default default] Successfully bumped revision number for resource cc2e02eb-c677-46bb-8c84-04a26e11e276 (type: ports) to 1
2026-07-24 01:08:12.434 9 INFO neutron.db.ovn_revision_numbers_db [None req-4aa6984d-be3e-4650-8a89-69174d100ccd fd45b5baaf2c4190ac8ea34ee8374c7e aceeff41c25e48abb437018b77e51945 - - default default] Successfully bumped revision number for resource 12670bf3-7a5f-419d-8850-bb29482dbbdb (type: networks) to 1
2026-07-24 01:08:12.474 10 INFO neutron.wsgi [None req-0fd3c688-4a3f-4c7b-9c05-404a8f3f15f0 ad4649d1f215432885c84f47dc464689 653340514813435b91e388c8237dcfe8 - - default default] 10.0.0.162 "DELETE /v2.0/routers/e282e95c-b553-4570-99ac-2be7e26611b7 HTTP/1.1" status: 204 len: 168 time: 0.3348029
2026-07-24 01:08:12.646 9 WARNING neutron.scheduler.dhcp_agent_scheduler [None req-4aa6984d-be3e-4650-8a89-69174d100ccd fd45b5baaf2c4190ac8ea34ee8374c7e aceeff41c25e48abb437018b77e51945 - - default default] No more DHCP agents
2026-07-24 01:08:12.648 9 WARNING neutron.api.rpc.agentnotifiers.dhcp_rpc_agent_api [None req-4aa6984d-be3e-4650-8a89-69174d100ccd fd45b5baaf2c4190ac8ea34ee8374c7e aceeff41c25e48abb437018b77e51945 - - default default] Unable to schedule network 12670bf3-7a5f-419d-8850-bb29482dbbdb: no agents available; will retry on subsequent port and subnet creation events.
2026-07-24 01:08:12.723 10 INFO neutron.wsgi [None req-87164375-92cc-47b1-9756-79766c07b8f9 ad4649d1f215432885c84f47dc464689 653340514813435b91e388c8237dcfe8 - - default default] 10.0.0.162 "DELETE /v2.0/subnets/024d24ce-6dc0-4903-aece-e9a8d33ec4d6 HTTP/1.1" status: 204 len: 168 time: 0.2414861
2026-07-24 01:08:12.743 9 INFO neutron.db.ovn_revision_numbers_db [None req-4aa6984d-be3e-4650-8a89-69174d100ccd fd45b5baaf2c4190ac8ea34ee8374c7e aceeff41c25e48abb437018b77e51945 - - default default] Successfully bumped revision number for resource 9c406fa2-140a-44d8-91a1-2034f0463626 (type: ports) to 1
2026-07-24 01:08:12.772 9 INFO neutron.wsgi [None req-4aa6984d-be3e-4650-8a89-69174d100ccd fd45b5baaf2c4190ac8ea34ee8374c7e aceeff41c25e48abb437018b77e51945 - - default default] 10.0.0.162 "POST /v2.0/networks HTTP/1.1" status: 201 len: 1444 time: 1.6235418
2026-07-24 01:08:12.889 10 INFO neutron.wsgi [None req-09568a2c-7198-4be2-b615-7b908d74b1de fd45b5baaf2c4190ac8ea34ee8374c7e aceeff41c25e48abb437018b77e51945 - - default default] 10.0.0.162 "GET /v2.0/networks HTTP/1.1" status: 200 len: 2050 time: 0.1118598
2026-07-24 01:08:13.032 10 INFO neutron.wsgi [None req-1757ccb1-b026-4230-b37e-3d8fa259fced ad4649d1f215432885c84f47dc464689 653340514813435b91e388c8237dcfe8 - - default default] 10.0.0.162 "DELETE /v2.0/subnets/66b72af0-bea3-4d37-b443-490eb464cbfd HTTP/1.1" status: 204 len: 168 time: 0.3051243
2026-07-24 01:08:13.289 9 WARNING neutron.plugins.ml2.drivers.ovn.mech_driver.ovsdb.ovn_client [None req-0fa86b58-638e-483a-8b43-55a5768edc70 - - - - - -] No port found with ID f2812e5c-71d7-4d7e-a65a-4e58df35f494: RuntimeError: No port found with ID f2812e5c-71d7-4d7e-a65a-4e58df35f494
2026-07-24 01:08:13.373 9 INFO neutron.services.segments.plugin [-] Segment 2ef0f098-0f2a-482d-bb93-9718d89d95e6 resource provider aggregate not found
2026-07-24 01:08:13.378 9 INFO neutron.services.segments.plugin [-] Segment 2ef0f098-0f2a-482d-bb93-9718d89d95e6 resource provider aggregate not found
2026-07-24 01:08:13.395 9 INFO neutron.services.segments.plugin [-] Segment 2ef0f098-0f2a-482d-bb93-9718d89d95e6 resource provider not found; error: Placement Client Error (4xx): {"errors": [{"status": 404, "title": "Not Found", "detail": "The resource could not be found.\n\n No resource provider with uuid 2ef0f098-0f2a-482d-bb93-9718d89d95e6 found for delete ", "request_id": "req-781d3eda-fe13-4d0c-8750-21856fcfaf53"}]}
2026-07-24 01:08:13.396 9 INFO neutron.services.segments.plugin [-] Segment 2ef0f098-0f2a-482d-bb93-9718d89d95e6 resource provider not found; error: Placement Client Error (4xx): {"errors": [{"status": 404, "title": "Not Found", "detail": "The resource could not be found.\n\n No resource provider with uuid 2ef0f098-0f2a-482d-bb93-9718d89d95e6 found for delete ", "request_id": "req-b77b7a8c-dc53-4109-9fea-3e1ed1d00231"}]}
2026-07-24 01:08:13.424 9 INFO neutron.wsgi [None req-e4087ea3-1ffd-4032-8f6a-c373364524ee fd45b5baaf2c4190ac8ea34ee8374c7e aceeff41c25e48abb437018b77e51945 - - default default] 10.0.0.162 "DELETE /v2.0/networks/c1af3225-936c-4ac7-9fbb-23a8cef399d7 HTTP/1.1" status: 204 len: 168 time: 0.5269489
2026-07-24 01:08:13.496 10 INFO neutron.services.segments.plugin [-] Segment 6b245110-8daa-4db9-81e2-574e77cc48d2 resource provider aggregate not found
2026-07-24 01:08:13.501 10 INFO neutron.services.segments.plugin [-] Segment 6b245110-8daa-4db9-81e2-574e77cc48d2 resource provider aggregate not found
2026-07-24 01:08:13.521 10 INFO neutron.services.segments.plugin [-] Segment 6b245110-8daa-4db9-81e2-574e77cc48d2 resource provider not found; error: Placement Client Error (4xx): {"errors": [{"status": 404, "title": "Not Found", "detail": "The resource could not be found.\n\n No resource provider with uuid 6b245110-8daa-4db9-81e2-574e77cc48d2 found for delete ", "request_id": "req-356f64e0-5b2f-4068-8735-a13df83c0c53"}]}
2026-07-24 01:08:13.526 10 INFO neutron.services.segments.plugin [-] Segment 6b245110-8daa-4db9-81e2-574e77cc48d2 resource provider not found; error: Placement Client Error (4xx): {"errors": [{"status": 404, "title": "Not Found", "detail": "The resource could not be found.\n\n No resource provider with uuid 6b245110-8daa-4db9-81e2-574e77cc48d2 found for delete ", "request_id": "req-37b0b447-4f7b-4ee8-8a9b-c3e73acf132e"}]}
