2026-07-24 01:09:21.198 10 INFO neutron.wsgi [None req-e4546402-17ee-4786-847e-ce9a9dd099c4 799a68e00da94203841141e0d827fb86 0163174a984244c1bc860f1ab5e388e6 - - default default] 10.0.0.162 "GET /v2.0/ports?tags=red HTTP/1.1" status: 200 len: 2448 time: 0.1847780
2026-07-24 01:09:21.232 9 INFO neutron.wsgi [None req-a8550dd9-8b8b-47c1-8155-5e7303686c80 84b6431e99b8407aaaa6e6b0228c0294 a7eb193d6f184d70bb57d47cddc6cad7 - - default default] 10.0.0.162 "POST /v2.0/networks HTTP/1.1" status: 201 len: 831 time: 1.3563735
2026-07-24 01:09:21.234 9 INFO neutron.db.ovn_revision_numbers_db [None req-0336f869-0464-405f-802f-cd9fcf3f64bc 62fae09fc55f4d6faa6cb2771886dd1f f0000d67e0dd44b3abf02eb78d769b2c - - default default] Successfully bumped revision number for resource 259c98fb-db9d-481a-a449-bae3b4748546 (type: security_group_rules) to 0
2026-07-24 01:09:21.242 9 WARNING neutron_lib.context [None req-6c68b6b1-104c-4e3d-b167-0f69bdeffbe9 84b6431e99b8407aaaa6e6b0228c0294 a7eb193d6f184d70bb57d47cddc6cad7 - - default default] Method 'is_advsvc' is deprecated since 2023.2 release (neutron-lib 3.8.0) and will be removed once support for the old RBAC API policies will be removed from Neutron. Please use method 'is_service_role' instead.
2026-07-24 01:09:21.271 10 INFO neutron.wsgi [None req-1ddaf056-7316-4558-9de5-6ab03e9b5806 799a68e00da94203841141e0d827fb86 0163174a984244c1bc860f1ab5e388e6 - - default default] 10.0.0.162 "GET /v2.0/ports?tags=red%2Cblue HTTP/1.1" status: 200 len: 1708 time: 0.0669804
2026-07-24 01:09:21.272 9 INFO neutron.db.ovn_revision_numbers_db [None req-0336f869-0464-405f-802f-cd9fcf3f64bc 62fae09fc55f4d6faa6cb2771886dd1f f0000d67e0dd44b3abf02eb78d769b2c - - default default] Successfully bumped revision number for resource 6b0260d6-1aef-444f-9343-85e5c5e679bc (type: security_group_rules) to 0
2026-07-24 01:09:21.300 9 INFO neutron.db.ovn_revision_numbers_db [None req-0336f869-0464-405f-802f-cd9fcf3f64bc 62fae09fc55f4d6faa6cb2771886dd1f f0000d67e0dd44b3abf02eb78d769b2c - - default default] Successfully bumped revision number for resource 9e453ae7-68a2-4919-9c2e-768c43b59537 (type: security_group_rules) to 0
2026-07-24 01:09:21.326 9 INFO neutron.db.ovn_revision_numbers_db [None req-0336f869-0464-405f-802f-cd9fcf3f64bc 62fae09fc55f4d6faa6cb2771886dd1f f0000d67e0dd44b3abf02eb78d769b2c - - default default] Successfully bumped revision number for resource f4279f9c-9654-46a7-8f31-176547b2e22e (type: security_group_rules) to 0
2026-07-24 01:09:21.332 10 INFO neutron.wsgi [None req-206d41db-254c-46c5-8bf2-6a1ff9e08d51 799a68e00da94203841141e0d827fb86 0163174a984244c1bc860f1ab5e388e6 - - default default] 10.0.0.162 "GET /v2.0/ports?tags-any=blue HTTP/1.1" status: 200 len: 1708 time: 0.0556619
2026-07-24 01:09:21.388 9 INFO neutron.db.segments_db [None req-0336f869-0464-405f-802f-cd9fcf3f64bc 62fae09fc55f4d6faa6cb2771886dd1f f0000d67e0dd44b3abf02eb78d769b2c - - default default] Added segment eb1a7530-31ae-45f7-bea0-6e77b9a96b51 of type geneve for network 450a8faf-9701-437a-b589-78ab008a98cf
2026-07-24 01:09:21.397 10 INFO neutron.wsgi [None req-960f8340-d871-42ee-8fc3-aab13b984c6e 799a68e00da94203841141e0d827fb86 0163174a984244c1bc860f1ab5e388e6 - - default default] 10.0.0.162 "GET /v2.0/ports?tags-any=red%2Cblue HTTP/1.1" status: 200 len: 2448 time: 0.0562580
2026-07-24 01:09:21.565 10 INFO neutron.wsgi [None req-b821b6a0-01a7-44d1-a8cc-2dde079d2a72 799a68e00da94203841141e0d827fb86 0163174a984244c1bc860f1ab5e388e6 - - default default] 10.0.0.162 "GET /v2.0/ports?not-tags=red HTTP/1.1" status: 200 len: 5463 time: 0.1617815
2026-07-24 01:09:21.693 9 WARNING neutron.scheduler.dhcp_agent_scheduler [None req-6c68b6b1-104c-4e3d-b167-0f69bdeffbe9 84b6431e99b8407aaaa6e6b0228c0294 a7eb193d6f184d70bb57d47cddc6cad7 - - default default] No more DHCP agents
2026-07-24 01:09:21.696 9 INFO neutron.db.ovn_revision_numbers_db [None req-0336f869-0464-405f-802f-cd9fcf3f64bc 62fae09fc55f4d6faa6cb2771886dd1f f0000d67e0dd44b3abf02eb78d769b2c - - default default] Successfully bumped revision number for resource 450a8faf-9701-437a-b589-78ab008a98cf (type: networks) to 1
2026-07-24 01:09:21.699 9 WARNING neutron.api.rpc.agentnotifiers.dhcp_rpc_agent_api [None req-6c68b6b1-104c-4e3d-b167-0f69bdeffbe9 84b6431e99b8407aaaa6e6b0228c0294 a7eb193d6f184d70bb57d47cddc6cad7 - - default default] Unable to schedule network a347a14b-5b5b-450c-ae01-f30e48f68111: no agents available; will retry on subsequent port and subnet creation events.
2026-07-24 01:09:21.908 9 INFO neutron.db.ovn_revision_numbers_db [None req-6c68b6b1-104c-4e3d-b167-0f69bdeffbe9 84b6431e99b8407aaaa6e6b0228c0294 a7eb193d6f184d70bb57d47cddc6cad7 - - default default] Successfully bumped revision number for resource 47d3b428-6511-47d9-8a7f-76cbb7f81a7e (type: ports) to 1
2026-07-24 01:09:21.921 10 INFO neutron.wsgi [None req-898705b6-c6a3-4730-a80e-c3d317dbcbdd 799a68e00da94203841141e0d827fb86 0163174a984244c1bc860f1ab5e388e6 - - default default] 10.0.0.162 "GET /v2.0/ports?not-tags=red%2Cblue HTTP/1.1" status: 200 len: 6203 time: 0.3477004
2026-07-24 01:09:21.954 9 INFO neutron.wsgi [None req-6c68b6b1-104c-4e3d-b167-0f69bdeffbe9 84b6431e99b8407aaaa6e6b0228c0294 a7eb193d6f184d70bb57d47cddc6cad7 - - default default] 10.0.0.162 "POST /v2.0/ports HTTP/1.1" status: 201 len: 942 time: 0.7170858 /var/lib/openstack/lib/python3.10/site-packages/pycadf/identifier.py:71: UserWarning: Invalid uuid: neutron. To ensure interoperability, identifiers should be a valid uuid. warnings.warn(('Invalid uuid: %s. To ensure interoperability, '
2026-07-24 01:09:21.966 9 WARNING neutron_lib.context [None req-f1582aee-2e95-4912-a3c5-c56980281174 84b6431e99b8407aaaa6e6b0228c0294 a7eb193d6f184d70bb57d47cddc6cad7 - - default default] Method 'is_advsvc' is deprecated since 2023.2 release (neutron-lib 3.8.0) and will be removed once support for the old RBAC API policies will be removed from Neutron. Please use method 'is_service_role' instead.
2026-07-24 01:09:22.019 9 WARNING neutron.scheduler.dhcp_agent_scheduler [None req-0336f869-0464-405f-802f-cd9fcf3f64bc 62fae09fc55f4d6faa6cb2771886dd1f f0000d67e0dd44b3abf02eb78d769b2c - - default default] No more DHCP agents
2026-07-24 01:09:22.024 9 WARNING neutron.api.rpc.agentnotifiers.dhcp_rpc_agent_api [None req-0336f869-0464-405f-802f-cd9fcf3f64bc 62fae09fc55f4d6faa6cb2771886dd1f f0000d67e0dd44b3abf02eb78d769b2c - - default default] Unable to schedule network 450a8faf-9701-437a-b589-78ab008a98cf: no agents available; will retry on subsequent port and subnet creation events.
2026-07-24 01:09:22.027 10 INFO neutron.wsgi [None req-779800c6-e49e-41b2-9767-9eb06023f7cc 799a68e00da94203841141e0d827fb86 0163174a984244c1bc860f1ab5e388e6 - - default default] 10.0.0.162 "GET /v2.0/ports?not-tags-any=blue HTTP/1.1" status: 200 len: 6203 time: 0.0984883
2026-07-24 01:09:22.063 10 INFO neutron.plugins.ml2.drivers.ovn.mech_driver.mech_driver [None req-29f8e175-0d43-4339-bf53-5e1516680da6 - - - - - -] OVN reports status up for port: f76027ed-cea7-48e2-9dd0-13d38d65cee7
2026-07-24 01:09:22.073 10 INFO neutron.plugins.ml2.plugin [None req-29f8e175-0d43-4339-bf53-5e1516680da6 - - - - - -] Attempt 1 to provision port f76027ed-cea7-48e2-9dd0-13d38d65cee7
2026-07-24 01:09:22.112 10 INFO neutron.wsgi [None req-2ea7c982-24dc-416b-a40a-99975aad8581 799a68e00da94203841141e0d827fb86 0163174a984244c1bc860f1ab5e388e6 - - default default] 10.0.0.162 "GET /v2.0/ports?not-tags-any=red%2Cblue HTTP/1.1" status: 200 len: 5463 time: 0.0797238
2026-07-24 01:09:22.128 9 INFO neutron.db.ovn_revision_numbers_db [None req-305746dd-ee05-4715-a3db-b2ea50a7a686 a3694ce826d4475d95ed35f0ba69984d 248afb83310c4a28bbd492a642c660f0 - - default default] Successfully bumped revision number for resource f76027ed-cea7-48e2-9dd0-13d38d65cee7 (type: router_ports) to 1
2026-07-24 01:09:22.205 9 INFO neutron.db.ovn_revision_numbers_db [None req-0336f869-0464-405f-802f-cd9fcf3f64bc 62fae09fc55f4d6faa6cb2771886dd1f f0000d67e0dd44b3abf02eb78d769b2c - - default default] Successfully bumped revision number for resource 2293dfec-2ec8-47e2-8c4e-4cf2cb96d825 (type: ports) to 1
2026-07-24 01:09:22.247 9 INFO neutron.wsgi [None req-0336f869-0464-405f-802f-cd9fcf3f64bc 62fae09fc55f4d6faa6cb2771886dd1f f0000d67e0dd44b3abf02eb78d769b2c - - default default] 10.0.0.162 "POST /v2.0/networks HTTP/1.1" status: 201 len: 943 time: 1.6682479
2026-07-24 01:09:22.356 9 INFO neutron.wsgi [None req-f1582aee-2e95-4912-a3c5-c56980281174 84b6431e99b8407aaaa6e6b0228c0294 a7eb193d6f184d70bb57d47cddc6cad7 - - default default] 10.0.0.162 "POST /v2.0/trunks HTTP/1.1" status: 201 len: 608 time: 0.3966994
2026-07-24 01:09:22.369 9 WARNING neutron_lib.context [None req-50ea2938-f5c8-49ee-9f86-e4f4d8f508a1 84b6431e99b8407aaaa6e6b0228c0294 a7eb193d6f184d70bb57d47cddc6cad7 - - default default] Method 'is_advsvc' is deprecated since 2023.2 release (neutron-lib 3.8.0) and will be removed once support for the old RBAC API policies will be removed from Neutron. Please use method 'is_service_role' instead.
2026-07-24 01:09:22.442 9 INFO neutron.db.ovn_revision_numbers_db [None req-305746dd-ee05-4715-a3db-b2ea50a7a686 a3694ce826d4475d95ed35f0ba69984d 248afb83310c4a28bbd492a642c660f0 - - default default] Successfully bumped revision number for resource f76027ed-cea7-48e2-9dd0-13d38d65cee7 (type: ports) to 1
2026-07-24 01:09:22.485 10 INFO neutron.wsgi [None req-f034a1ac-dea8-4b2e-a782-866e6e24300e 799a68e00da94203841141e0d827fb86 0163174a984244c1bc860f1ab5e388e6 - - default default] 10.0.0.162 "DELETE /v2.0/ports/ce5375c2-a01e-4f26-bb7c-9672e9e7a2d3 HTTP/1.1" status: 204 len: 168 time: 0.3447752
2026-07-24 01:09:22.528 9 INFO neutron.db.segments_db [None req-50ea2938-f5c8-49ee-9f86-e4f4d8f508a1 84b6431e99b8407aaaa6e6b0228c0294 a7eb193d6f184d70bb57d47cddc6cad7 - - default default] Added segment 32c36dff-bd49-4af5-a3d9-ed4784334499 of type geneve for network e09644b6-fe3a-4f7a-aff4-df62470d8a46
2026-07-24 01:09:22.554 9 WARNING neutron.scheduler.dhcp_agent_scheduler [None req-2f1c7336-cda8-492e-9e1e-9fe10e5399bf 62fae09fc55f4d6faa6cb2771886dd1f f0000d67e0dd44b3abf02eb78d769b2c - - default default] No more DHCP agents
2026-07-24 01:09:22.564 9 WARNING neutron.api.rpc.agentnotifiers.dhcp_rpc_agent_api [None req-2f1c7336-cda8-492e-9e1e-9fe10e5399bf 62fae09fc55f4d6faa6cb2771886dd1f f0000d67e0dd44b3abf02eb78d769b2c - - default default] Unable to schedule network 450a8faf-9701-437a-b589-78ab008a98cf: no agents available; will retry on subsequent port and subnet creation events.
2026-07-24 01:09:22.570 10 INFO neutron.db.ovn_revision_numbers_db [None req-29f8e175-0d43-4339-bf53-5e1516680da6 - - - - - -] Successfully bumped revision number for resource f76027ed-cea7-48e2-9dd0-13d38d65cee7 (type: ports) to 2
2026-07-24 01:09:22.626 9 WARNING neutron.scheduler.dhcp_agent_scheduler [None req-305746dd-ee05-4715-a3db-b2ea50a7a686 a3694ce826d4475d95ed35f0ba69984d 248afb83310c4a28bbd492a642c660f0 - - default default] No more DHCP agents
2026-07-24 01:09:22.637 9 WARNING neutron.api.rpc.agentnotifiers.dhcp_rpc_agent_api [None req-305746dd-ee05-4715-a3db-b2ea50a7a686 a3694ce826d4475d95ed35f0ba69984d 248afb83310c4a28bbd492a642c660f0 - - default default] Unable to schedule network 673603a2-2397-45ad-a529-b30d2ee8d0fd: no agents available; will retry on subsequent port and subnet creation events.
2026-07-24 01:09:22.686 10 INFO neutron.db.ovn_revision_numbers_db [None req-29f8e175-0d43-4339-bf53-5e1516680da6 - - - - - -] Successfully bumped revision number for resource f76027ed-cea7-48e2-9dd0-13d38d65cee7 (type: router_ports) to 2
2026-07-24 01:09:22.825 9 INFO neutron.db.ovn_revision_numbers_db [None req-50ea2938-f5c8-49ee-9f86-e4f4d8f508a1 84b6431e99b8407aaaa6e6b0228c0294 a7eb193d6f184d70bb57d47cddc6cad7 - - default default] Successfully bumped revision number for resource e09644b6-fe3a-4f7a-aff4-df62470d8a46 (type: networks) to 1
2026-07-24 01:09:22.852 10 INFO neutron.wsgi [None req-e3ea76ba-15f3-4f03-8e09-35a2af169b8a 799a68e00da94203841141e0d827fb86 0163174a984244c1bc860f1ab5e388e6 - - default default] 10.0.0.162 "DELETE /v2.0/ports/436e15e3-768c-4a59-aa6f-81a1b10b079b HTTP/1.1" status: 204 len: 168 time: 0.3593380
2026-07-24 01:09:23.146 10 INFO neutron.wsgi [None req-d7a36213-b604-454d-9ad7-6b08e529cbbf 799a68e00da94203841141e0d827fb86 0163174a984244c1bc860f1ab5e388e6 - - default default] 10.0.0.162 "DELETE /v2.0/ports/2f4a4d64-9a0f-4cf3-93c6-1cacd332923f HTTP/1.1" status: 204 len: 168 time: 0.2885425
2026-07-24 01:09:23.420 9 WARNING neutron.scheduler.dhcp_agent_scheduler [None req-50ea2938-f5c8-49ee-9f86-e4f4d8f508a1 84b6431e99b8407aaaa6e6b0228c0294 a7eb193d6f184d70bb57d47cddc6cad7 - - default default] No more DHCP agents
2026-07-24 01:09:23.429 10 INFO neutron.wsgi [None req-ce0aae89-7f8c-41ff-8e37-3de5fd0c136e 799a68e00da94203841141e0d827fb86 0163174a984244c1bc860f1ab5e388e6 - - default default] 10.0.0.162 "DELETE /v2.0/ports/3687b4af-d0e4-4a22-89be-0f13d94d32fa HTTP/1.1" status: 204 len: 168 time: 0.2773466
2026-07-24 01:09:23.438 9 WARNING neutron.api.rpc.agentnotifiers.dhcp_rpc_agent_api [None req-50ea2938-f5c8-49ee-9f86-e4f4d8f508a1 84b6431e99b8407aaaa6e6b0228c0294 a7eb193d6f184d70bb57d47cddc6cad7 - - default default] Unable to schedule network e09644b6-fe3a-4f7a-aff4-df62470d8a46: no agents available; will retry on subsequent port and subnet creation events.
2026-07-24 01:09:23.475 9 INFO neutron.db.ovn_revision_numbers_db [None req-305746dd-ee05-4715-a3db-b2ea50a7a686 a3694ce826d4475d95ed35f0ba69984d 248afb83310c4a28bbd492a642c660f0 - - default default] Successfully bumped revision number for resource f76027ed-cea7-48e2-9dd0-13d38d65cee7 (type: router_ports) to 2
2026-07-24 01:09:23.478 9 INFO neutron.wsgi [None req-305746dd-ee05-4715-a3db-b2ea50a7a686 a3694ce826d4475d95ed35f0ba69984d 248afb83310c4a28bbd492a642c660f0 - - default default] 10.0.0.162 "PUT /v2.0/routers/13e0e235-b4b0-4113-8a84-84440cb9703e/add_router_interface HTTP/1.1" status: 200 len: 503 time: 3.9738355
2026-07-24 01:09:23.629 9 INFO neutron.db.ovn_revision_numbers_db [None req-50ea2938-f5c8-49ee-9f86-e4f4d8f508a1 84b6431e99b8407aaaa6e6b0228c0294 a7eb193d6f184d70bb57d47cddc6cad7 - - default default] Successfully bumped revision number for resource 153ad1db-3c56-47e9-b2c9-82ee69314121 (type: ports) to 1
2026-07-24 01:09:23.730 9 INFO neutron.wsgi [None req-50ea2938-f5c8-49ee-9f86-e4f4d8f508a1 84b6431e99b8407aaaa6e6b0228c0294 a7eb193d6f184d70bb57d47cddc6cad7 - - default default] 10.0.0.162 "POST /v2.0/networks HTTP/1.1" status: 201 len: 830 time: 1.3674021
2026-07-24 01:09:23.731 10 INFO neutron.wsgi [None req-afac7ac1-c884-470d-850a-7383f82eafb1 799a68e00da94203841141e0d827fb86 0163174a984244c1bc860f1ab5e388e6 - - default default] 10.0.0.162 "DELETE /v2.0/ports/6a18aa55-d992-4a30-80c3-f9c70589c4cf HTTP/1.1" status: 204 len: 168 time: 0.2967541
2026-07-24 01:09:23.747 10 WARNING neutron_lib.context [None req-6219fb54-7c97-4481-9449-bc3b9a7dbfbd 84b6431e99b8407aaaa6e6b0228c0294 a7eb193d6f184d70bb57d47cddc6cad7 - - default default] Method 'is_advsvc' is deprecated since 2023.2 release (neutron-lib 3.8.0) and will be removed once support for the old RBAC API policies will be removed from Neutron. Please use method 'is_service_role' instead.
2026-07-24 01:09:23.808 10 INFO neutron.wsgi [-] 10.0.0.128 "GET / HTTP/1.1" status: 200 len: 247 time: 0.0017257
2026-07-24 01:09:23.810 10 INFO neutron.wsgi [-] 10.0.0.128 "GET / HTTP/1.1" status: 200 len: 247 time: 0.0009904
2026-07-24 01:09:23.972 9 INFO neutron.db.ovn_revision_numbers_db [None req-2f1c7336-cda8-492e-9e1e-9fe10e5399bf 62fae09fc55f4d6faa6cb2771886dd1f f0000d67e0dd44b3abf02eb78d769b2c - - default default] Successfully bumped revision number for resource 2293dfec-2ec8-47e2-8c4e-4cf2cb96d825 (type: ports) to 2
2026-07-24 01:09:24.045 9 INFO neutron.db.ovn_revision_numbers_db [None req-2f1c7336-cda8-492e-9e1e-9fe10e5399bf 62fae09fc55f4d6faa6cb2771886dd1f f0000d67e0dd44b3abf02eb78d769b2c - - default default] Successfully bumped revision number for resource aaedab1e-c848-45ea-95fd-d925524d52db (type: subnets) to 0
2026-07-24 01:09:24.088 9 INFO neutron.wsgi [None req-2f1c7336-cda8-492e-9e1e-9fe10e5399bf 62fae09fc55f4d6faa6cb2771886dd1f f0000d67e0dd44b3abf02eb78d769b2c - - default default] 10.0.0.162 "POST /v2.0/subnets HTTP/1.1" status: 201 len: 863 time: 1.8349366
2026-07-24 01:09:24.163 10 WARNING neutron.scheduler.dhcp_agent_scheduler [None req-6219fb54-7c97-4481-9449-bc3b9a7dbfbd 84b6431e99b8407aaaa6e6b0228c0294 a7eb193d6f184d70bb57d47cddc6cad7 - - default default] No more DHCP agents
2026-07-24 01:09:24.171 10 WARNING neutron.api.rpc.agentnotifiers.dhcp_rpc_agent_api [None req-6219fb54-7c97-4481-9449-bc3b9a7dbfbd 84b6431e99b8407aaaa6e6b0228c0294 a7eb193d6f184d70bb57d47cddc6cad7 - - default default] Unable to schedule network e09644b6-fe3a-4f7a-aff4-df62470d8a46: no agents available; will retry on subsequent port and subnet creation events.
2026-07-24 01:09:24.311 10 INFO neutron.services.segments.plugin [-] Segment 86159031-2dd1-4cfc-b80c-9199e9699fa7 resource provider aggregate not found
2026-07-24 01:09:24.316 10 INFO neutron.db.ovn_revision_numbers_db [None req-6219fb54-7c97-4481-9449-bc3b9a7dbfbd 84b6431e99b8407aaaa6e6b0228c0294 a7eb193d6f184d70bb57d47cddc6cad7 - - default default] Successfully bumped revision number for resource 4069ce5c-3c96-4c2d-9695-e9a788cd9dbd (type: ports) to 1
2026-07-24 01:09:24.320 10 INFO neutron.services.segments.plugin [-] Segment 86159031-2dd1-4cfc-b80c-9199e9699fa7 resource provider aggregate not found
2026-07-24 01:09:24.336 10 INFO neutron.services.segments.plugin [-] Segment 86159031-2dd1-4cfc-b80c-9199e9699fa7 resource provider not found; error: Placement Client Error (4xx): {"errors": [{"status": 404, "title": "Not Found", "detail": "The resource could not be found.\n\n No resource provider with uuid 86159031-2dd1-4cfc-b80c-9199e9699fa7 found for delete ", "request_id": "req-6ed87bb6-6a26-4fe5-be74-23a1ef18ac6e"}]}
2026-07-24 01:09:24.339 10 INFO neutron.services.segments.plugin [-] Segment 86159031-2dd1-4cfc-b80c-9199e9699fa7 resource provider not found; error: Placement Client Error (4xx): {"errors": [{"status": 404, "title": "Not Found", "detail": "The resource could not be found.\n\n No resource provider with uuid 86159031-2dd1-4cfc-b80c-9199e9699fa7 found for delete ", "request_id": "req-75d286b1-47e3-44a0-8a65-fadac5601583"}]}
2026-07-24 01:09:24.349 10 INFO neutron.wsgi [None req-6219fb54-7c97-4481-9449-bc3b9a7dbfbd 84b6431e99b8407aaaa6e6b0228c0294 a7eb193d6f184d70bb57d47cddc6cad7 - - default default] 10.0.0.162 "POST /v2.0/ports HTTP/1.1" status: 201 len: 942 time: 0.6133831
2026-07-24 01:09:24.351 9 WARNING neutron.scheduler.dhcp_agent_scheduler [None req-d43a0bfa-8bfc-4702-ad24-4eaae607c3b3 a3694ce826d4475d95ed35f0ba69984d 248afb83310c4a28bbd492a642c660f0 - - default default] No more DHCP agents
2026-07-24 01:09:24.355 9 WARNING neutron.api.rpc.agentnotifiers.dhcp_rpc_agent_api [None req-d43a0bfa-8bfc-4702-ad24-4eaae607c3b3 a3694ce826d4475d95ed35f0ba69984d 248afb83310c4a28bbd492a642c660f0 - - default default] Unable to schedule network f72ba205-003e-4b68-ab72-9a14ccb2b987: no agents available; will retry on subsequent port and subnet creation events. /var/lib/openstack/lib/python3.10/site-packages/pycadf/identifier.py:71: UserWarning: Invalid uuid: neutron. To ensure interoperability, identifiers should be a valid uuid. warnings.warn(('Invalid uuid: %s. To ensure interoperability, '
2026-07-24 01:09:24.360 10 WARNING neutron_lib.context [None req-2c7bf05c-a6cd-4bcf-be69-742787cf152f 84b6431e99b8407aaaa6e6b0228c0294 a7eb193d6f184d70bb57d47cddc6cad7 - - default default] Method 'is_advsvc' is deprecated since 2023.2 release (neutron-lib 3.8.0) and will be removed once support for the old RBAC API policies will be removed from Neutron. Please use method 'is_service_role' instead.
2026-07-24 01:09:24.383 10 INFO neutron.wsgi [None req-9574d8e4-dea0-4cbe-a5da-bee415f6a25f 799a68e00da94203841141e0d827fb86 0163174a984244c1bc860f1ab5e388e6 - - default default] 10.0.0.162 "DELETE /v2.0/networks/32e9046a-656a-446d-ac28-33872ff5b54e HTTP/1.1" status: 204 len: 168 time: 0.6482966
2026-07-24 01:09:24.490 9 WARNING neutron.plugins.ml2.drivers.ovn.mech_driver.ovsdb.ovn_client [None req-0fa86b58-638e-483a-8b43-55a5768edc70 - - - - - -] No hosting information found for port d3203041-44d8-4122-a39e-9825d7106c36: RuntimeError: No hosting information found for port d3203041-44d8-4122-a39e-9825d7106c36
2026-07-24 01:09:24.490 9 INFO neutron.plugins.ml2.drivers.ovn.mech_driver.mech_driver [None req-0fa86b58-638e-483a-8b43-55a5768edc70 - - - - - -] OVN reports status up for port: ff4eb8e1-2eef-429a-90f1-10f8407c9899
2026-07-24 01:09:24.553 9 INFO neutron.plugins.ml2.plugin [None req-0fa86b58-638e-483a-8b43-55a5768edc70 - - - - - -] Attempt 1 to provision port ff4eb8e1-2eef-429a-90f1-10f8407c9899
2026-07-24 01:09:24.863 9 INFO neutron.db.ovn_revision_numbers_db [None req-d43a0bfa-8bfc-4702-ad24-4eaae607c3b3 a3694ce826d4475d95ed35f0ba69984d 248afb83310c4a28bbd492a642c660f0 - - default default] Successfully bumped revision number for resource ccecf28a-c826-4593-9ffe-a1c6551a5c03 (type: ports) to 1
2026-07-24 01:09:24.929 10 INFO neutron.wsgi [None req-2c7bf05c-a6cd-4bcf-be69-742787cf152f 84b6431e99b8407aaaa6e6b0228c0294 a7eb193d6f184d70bb57d47cddc6cad7 - - default default] 10.0.0.162 "POST /v2.0/trunks HTTP/1.1" status: 201 len: 608 time: 0.5756514
2026-07-24 01:09:24.939 10 WARNING neutron_lib.context [None req-39bf9c9e-8f3f-4fea-a7db-ff3e6c654727 84b6431e99b8407aaaa6e6b0228c0294 a7eb193d6f184d70bb57d47cddc6cad7 - - default default] Method 'is_advsvc' is deprecated since 2023.2 release (neutron-lib 3.8.0) and will be removed once support for the old RBAC API policies will be removed from Neutron. Please use method 'is_service_role' instead.
2026-07-24 01:09:25.148 10 INFO neutron.db.segments_db [None req-39bf9c9e-8f3f-4fea-a7db-ff3e6c654727 84b6431e99b8407aaaa6e6b0228c0294 a7eb193d6f184d70bb57d47cddc6cad7 - - default default] Added segment fec3e914-b2a1-498c-931d-ec31dc49aedc of type geneve for network 17dd91ca-365f-4cea-9a64-11a2f1fdf24d
2026-07-24 01:09:25.297 9 WARNING neutron.scheduler.dhcp_agent_scheduler [None req-dc53975f-2633-4d86-b745-132995b3fb08 62fae09fc55f4d6faa6cb2771886dd1f f0000d67e0dd44b3abf02eb78d769b2c - - default default] No more DHCP agents
2026-07-24 01:09:25.303 9 WARNING neutron.api.rpc.agentnotifiers.dhcp_rpc_agent_api [None req-dc53975f-2633-4d86-b745-132995b3fb08 62fae09fc55f4d6faa6cb2771886dd1f f0000d67e0dd44b3abf02eb78d769b2c - - default default] Unable to schedule network 1fbc47eb-ff30-409f-aace-73c56d09cabf: no agents available; will retry on subsequent port and subnet creation events.
2026-07-24 01:09:25.450 10 INFO neutron.db.ovn_revision_numbers_db [None req-39bf9c9e-8f3f-4fea-a7db-ff3e6c654727 84b6431e99b8407aaaa6e6b0228c0294 a7eb193d6f184d70bb57d47cddc6cad7 - - default default] Successfully bumped revision number for resource 17dd91ca-365f-4cea-9a64-11a2f1fdf24d (type: networks) to 1
2026-07-24 01:09:25.586 9 INFO neutron.db.ovn_revision_numbers_db [None req-dc53975f-2633-4d86-b745-132995b3fb08 62fae09fc55f4d6faa6cb2771886dd1f f0000d67e0dd44b3abf02eb78d769b2c - - default default] Successfully bumped revision number for resource a6fbd73e-2c26-403c-adff-62f814986ba9 (type: ports) to 1
2026-07-24 01:09:25.603 9 INFO neutron.services.segments.plugin [-] Segment 7eae5402-bf22-46a5-88f9-b8b9fa7028b6 resource provider aggregate not found
2026-07-24 01:09:25.610 9 INFO neutron.services.segments.plugin [-] Segment 7eae5402-bf22-46a5-88f9-b8b9fa7028b6 resource provider aggregate not found
2026-07-24 01:09:25.643 9 INFO neutron.services.segments.plugin [-] Segment 7eae5402-bf22-46a5-88f9-b8b9fa7028b6 resource provider not found; error: Placement Client Error (4xx): {"errors": [{"status": 404, "title": "Not Found", "detail": "The resource could not be found.\n\n No resource provider with uuid 7eae5402-bf22-46a5-88f9-b8b9fa7028b6 found for delete ", "request_id": "req-c441cd20-d639-4e0f-ba19-1abb02258df6"}]}
2026-07-24 01:09:25.647 9 INFO neutron.services.segments.plugin [-] Segment 7eae5402-bf22-46a5-88f9-b8b9fa7028b6 resource provider not found; error: Placement Client Error (4xx): {"errors": [{"status": 404, "title": "Not Found", "detail": "The resource could not be found.\n\n No resource provider with uuid 7eae5402-bf22-46a5-88f9-b8b9fa7028b6 found for delete ", "request_id": "req-46bd89c3-d5bd-4dc5-a3bd-ae164ae6ef58"}]}
2026-07-24 01:09:25.667 10 WARNING neutron.scheduler.dhcp_agent_scheduler [None req-39bf9c9e-8f3f-4fea-a7db-ff3e6c654727 84b6431e99b8407aaaa6e6b0228c0294 a7eb193d6f184d70bb57d47cddc6cad7 - - default default] No more DHCP agents
2026-07-24 01:09:25.672 10 WARNING neutron.api.rpc.agentnotifiers.dhcp_rpc_agent_api [None req-39bf9c9e-8f3f-4fea-a7db-ff3e6c654727 84b6431e99b8407aaaa6e6b0228c0294 a7eb193d6f184d70bb57d47cddc6cad7 - - default default] Unable to schedule network 17dd91ca-365f-4cea-9a64-11a2f1fdf24d: no agents available; will retry on subsequent port and subnet creation events.
2026-07-24 01:09:25.710 9 INFO neutron.wsgi [None req-ed213383-9c9f-44bf-9bc3-b382164a3152 799a68e00da94203841141e0d827fb86 0163174a984244c1bc860f1ab5e388e6 - - default default] 10.0.0.162 "DELETE /v2.0/networks/ea8e8cb9-182a-4279-a534-d26504b29200 HTTP/1.1" status: 204 len: 168 time: 1.3209913
2026-07-24 01:09:25.813 10 INFO neutron.db.ovn_revision_numbers_db [None req-39bf9c9e-8f3f-4fea-a7db-ff3e6c654727 84b6431e99b8407aaaa6e6b0228c0294 a7eb193d6f184d70bb57d47cddc6cad7 - - default default] Successfully bumped revision number for resource f21ec0d3-48ee-477f-9ef3-90ad3e49073a (type: ports) to 1
2026-07-24 01:09:25.849 10 INFO neutron.wsgi [None req-39bf9c9e-8f3f-4fea-a7db-ff3e6c654727 84b6431e99b8407aaaa6e6b0228c0294 a7eb193d6f184d70bb57d47cddc6cad7 - - default default] 10.0.0.162 "POST /v2.0/networks HTTP/1.1" status: 201 len: 831 time: 0.9144130
2026-07-24 01:09:25.859 10 WARNING neutron_lib.context [None req-26f7bfde-2086-4643-8cbc-e9e93ad9b152 84b6431e99b8407aaaa6e6b0228c0294 a7eb193d6f184d70bb57d47cddc6cad7 - - default default] Method 'is_advsvc' is deprecated since 2023.2 release (neutron-lib 3.8.0) and will be removed once support for the old RBAC API policies will be removed from Neutron. Please use method 'is_service_role' instead.
2026-07-24 01:09:26.161 9 INFO neutron.db.ovn_revision_numbers_db [None req-d43a0bfa-8bfc-4702-ad24-4eaae607c3b3 a3694ce826d4475d95ed35f0ba69984d 248afb83310c4a28bbd492a642c660f0 - - default default] Successfully bumped revision number for resource ccecf28a-c826-4593-9ffe-a1c6551a5c03 (type: router_ports) to 1
2026-07-24 01:09:26.232 10 WARNING neutron.scheduler.dhcp_agent_scheduler [None req-26f7bfde-2086-4643-8cbc-e9e93ad9b152 84b6431e99b8407aaaa6e6b0228c0294 a7eb193d6f184d70bb57d47cddc6cad7 - - default default] No more DHCP agents
2026-07-24 01:09:26.235 10 WARNING neutron.api.rpc.agentnotifiers.dhcp_rpc_agent_api [None req-26f7bfde-2086-4643-8cbc-e9e93ad9b152 84b6431e99b8407aaaa6e6b0228c0294 a7eb193d6f184d70bb57d47cddc6cad7 - - default default] Unable to schedule network 17dd91ca-365f-4cea-9a64-11a2f1fdf24d: no agents available; will retry on subsequent port and subnet creation events.
2026-07-24 01:09:26.314 10 INFO neutron.wsgi [None req-eac3fd00-f08a-44f0-a38b-ed42de211280 799a68e00da94203841141e0d827fb86 0163174a984244c1bc860f1ab5e388e6 - - default default] 10.0.0.162 "DELETE /v2.0/networks/72e88f67-f3b2-422e-8989-2e9efd1dc38b HTTP/1.1" status: 204 len: 168 time: 0.5970867
2026-07-24 01:09:26.355 10 INFO neutron.services.segments.plugin [-] Segment a013c3b6-0963-4738-94e0-7a93c19d4a10 resource provider aggregate not found
2026-07-24 01:09:26.366 10 INFO neutron.services.segments.plugin [-] Segment a013c3b6-0963-4738-94e0-7a93c19d4a10 resource provider aggregate not found
2026-07-24 01:09:26.376 10 INFO neutron.db.ovn_revision_numbers_db [None req-26f7bfde-2086-4643-8cbc-e9e93ad9b152 84b6431e99b8407aaaa6e6b0228c0294 a7eb193d6f184d70bb57d47cddc6cad7 - - default default] Successfully bumped revision number for resource 22c952d9-dd13-4f81-98de-c2a457087f44 (type: ports) to 1
2026-07-24 01:09:26.379 10 INFO neutron.services.segments.plugin [-] Segment a013c3b6-0963-4738-94e0-7a93c19d4a10 resource provider not found; error: Placement Client Error (4xx): {"errors": [{"status": 404, "title": "Not Found", "detail": "The resource could not be found.\n\n No resource provider with uuid a013c3b6-0963-4738-94e0-7a93c19d4a10 found for delete ", "request_id": "req-9535210d-299f-4a98-a867-5ca47f54ffef"}]}
2026-07-24 01:09:26.382 10 INFO neutron.services.segments.plugin [-] Segment a013c3b6-0963-4738-94e0-7a93c19d4a10 resource provider not found; error: Placement Client Error (4xx): {"errors": [{"status": 404, "title": "Not Found", "detail": "The resource could not be found.\n\n No resource provider with uuid a013c3b6-0963-4738-94e0-7a93c19d4a10 found for delete ", "request_id": "req-35905ddb-2ffa-4579-9c3c-b6d0e065442f"}]}
2026-07-24 01:09:26.401 10 INFO neutron.wsgi [None req-26f7bfde-2086-4643-8cbc-e9e93ad9b152 84b6431e99b8407aaaa6e6b0228c0294 a7eb193d6f184d70bb57d47cddc6cad7 - - default default] 10.0.0.162 "POST /v2.0/ports HTTP/1.1" status: 201 len: 942 time: 0.5478671 /var/lib/openstack/lib/python3.10/site-packages/pycadf/identifier.py:71: UserWarning: Invalid uuid: neutron. To ensure interoperability, identifiers should be a valid uuid. warnings.warn(('Invalid uuid: %s. To ensure interoperability, '
2026-07-24 01:09:26.411 10 WARNING neutron_lib.context [None req-dbde5998-e5ed-4483-bede-2ca8226e9663 84b6431e99b8407aaaa6e6b0228c0294 a7eb193d6f184d70bb57d47cddc6cad7 - - default default] Method 'is_advsvc' is deprecated since 2023.2 release (neutron-lib 3.8.0) and will be removed once support for the old RBAC API policies will be removed from Neutron. Please use method 'is_service_role' instead.
2026-07-24 01:09:26.437 9 INFO neutron.db.ovn_revision_numbers_db [None req-d43a0bfa-8bfc-4702-ad24-4eaae607c3b3 a3694ce826d4475d95ed35f0ba69984d 248afb83310c4a28bbd492a642c660f0 - - default default] Successfully bumped revision number for resource ccecf28a-c826-4593-9ffe-a1c6551a5c03 (type: ports) to 1
2026-07-24 01:09:26.461 10 INFO neutron.plugins.ml2.drivers.ovn.mech_driver.ovsdb.ovsdb_monitor [None req-3341bd28-e76b-4039-ad6d-0bb2e5af5de4 - - - - - -] Router 1b278fc7-7660-4d9a-8a54-68a70a0e35ff is bound to host instance
2026-07-24 01:09:26.537 9 INFO neutron.db.ovn_revision_numbers_db [None req-dc53975f-2633-4d86-b745-132995b3fb08 62fae09fc55f4d6faa6cb2771886dd1f f0000d67e0dd44b3abf02eb78d769b2c - - default default] Successfully bumped revision number for resource a6fbd73e-2c26-403c-adff-62f814986ba9 (type: router_ports) to 1
2026-07-24 01:09:26.602 9 WARNING neutron.scheduler.dhcp_agent_scheduler [None req-d43a0bfa-8bfc-4702-ad24-4eaae607c3b3 a3694ce826d4475d95ed35f0ba69984d 248afb83310c4a28bbd492a642c660f0 - - default default] No more DHCP agents
2026-07-24 01:09:26.617 9 WARNING neutron.api.rpc.agentnotifiers.dhcp_rpc_agent_api [None req-d43a0bfa-8bfc-4702-ad24-4eaae607c3b3 a3694ce826d4475d95ed35f0ba69984d 248afb83310c4a28bbd492a642c660f0 - - default default] Unable to schedule network f72ba205-003e-4b68-ab72-9a14ccb2b987: no agents available; will retry on subsequent port and subnet creation events.
2026-07-24 01:09:26.677 9 INFO neutron.db.ovn_revision_numbers_db [None req-dc53975f-2633-4d86-b745-132995b3fb08 62fae09fc55f4d6faa6cb2771886dd1f f0000d67e0dd44b3abf02eb78d769b2c - - default default] Successfully bumped revision number for resource 1b278fc7-7660-4d9a-8a54-68a70a0e35ff (type: routers) to 2
2026-07-24 01:09:26.704 9 INFO neutron.wsgi [None req-dc53975f-2633-4d86-b745-132995b3fb08 62fae09fc55f4d6faa6cb2771886dd1f f0000d67e0dd44b3abf02eb78d769b2c - - default default] 10.0.0.162 "POST /v2.0/routers HTTP/1.1" status: 201 len: 874 time: 2.6102164
2026-07-24 01:09:26.896 10 INFO neutron.wsgi [None req-dbde5998-e5ed-4483-bede-2ca8226e9663 84b6431e99b8407aaaa6e6b0228c0294 a7eb193d6f184d70bb57d47cddc6cad7 - - default default] 10.0.0.162 "POST /v2.0/trunks HTTP/1.1" status: 201 len: 608 time: 0.4906402
2026-07-24 01:09:26.912 10 WARNING neutron_lib.context [None req-f8760831-45c9-4509-b7c0-e7e8e2100737 84b6431e99b8407aaaa6e6b0228c0294 a7eb193d6f184d70bb57d47cddc6cad7 - - default default] Method 'is_advsvc' is deprecated since 2023.2 release (neutron-lib 3.8.0) and will be removed once support for the old RBAC API policies will be removed from Neutron. Please use method 'is_service_role' instead.
2026-07-24 01:09:27.037 10 INFO neutron.db.segments_db [None req-f8760831-45c9-4509-b7c0-e7e8e2100737 84b6431e99b8407aaaa6e6b0228c0294 a7eb193d6f184d70bb57d47cddc6cad7 - - default default] Added segment d9e2fb78-cd28-4430-9712-637661a902b1 of type geneve for network 6a775bc5-b21d-4ee4-b26d-1c15a459c04e
2026-07-24 01:09:27.260 10 INFO neutron.db.ovn_revision_numbers_db [None req-f8760831-45c9-4509-b7c0-e7e8e2100737 84b6431e99b8407aaaa6e6b0228c0294 a7eb193d6f184d70bb57d47cddc6cad7 - - default default] Successfully bumped revision number for resource 6a775bc5-b21d-4ee4-b26d-1c15a459c04e (type: networks) to 1
2026-07-24 01:09:27.301 9 INFO neutron.wsgi [None req-2aeecf0b-a575-404b-a1d5-212a6b5c7e47 799a68e00da94203841141e0d827fb86 0163174a984244c1bc860f1ab5e388e6 - - default default] 10.0.0.162 "DELETE /v2.0/networks/462d96b0-41e0-4a9d-867f-57d0546997b9 HTTP/1.1" status: 204 len: 168 time: 0.9756496
2026-07-24 01:09:27.322 9 INFO neutron.db.ovn_revision_numbers_db [None req-d43a0bfa-8bfc-4702-ad24-4eaae607c3b3 a3694ce826d4475d95ed35f0ba69984d 248afb83310c4a28bbd492a642c660f0 - - default default] Successfully bumped revision number for resource ccecf28a-c826-4593-9ffe-a1c6551a5c03 (type: router_ports) to 1
2026-07-24 01:09:27.324 9 INFO neutron.wsgi [None req-d43a0bfa-8bfc-4702-ad24-4eaae607c3b3 a3694ce826d4475d95ed35f0ba69984d 248afb83310c4a28bbd492a642c660f0 - - default default] 10.0.0.162 "PUT /v2.0/routers/13e0e235-b4b0-4113-8a84-84440cb9703e/add_router_interface HTTP/1.1" status: 200 len: 503 time: 3.8340046
2026-07-24 01:09:27.539 10 INFO neutron.db.ovn_revision_numbers_db [None req-3341bd28-e76b-4039-ad6d-0bb2e5af5de4 - - - - - -] Successfully bumped revision number for resource a6fbd73e-2c26-403c-adff-62f814986ba9 (type: ports) to 1
2026-07-24 01:09:27.636 10 WARNING neutron.scheduler.dhcp_agent_scheduler [None req-f8760831-45c9-4509-b7c0-e7e8e2100737 84b6431e99b8407aaaa6e6b0228c0294 a7eb193d6f184d70bb57d47cddc6cad7 - - default default] No more DHCP agents
2026-07-24 01:09:27.643 10 WARNING neutron.api.rpc.agentnotifiers.dhcp_rpc_agent_api [None req-f8760831-45c9-4509-b7c0-e7e8e2100737 84b6431e99b8407aaaa6e6b0228c0294 a7eb193d6f184d70bb57d47cddc6cad7 - - default default] Unable to schedule network 6a775bc5-b21d-4ee4-b26d-1c15a459c04e: no agents available; will retry on subsequent port and subnet creation events.
2026-07-24 01:09:27.663 9 INFO neutron.services.segments.plugin [-] Segment cbc16825-4622-4eb7-8c8c-500971276a22 resource provider aggregate not found
2026-07-24 01:09:27.678 9 INFO neutron.services.segments.plugin [-] Segment cbc16825-4622-4eb7-8c8c-500971276a22 resource provider aggregate not found
2026-07-24 01:09:27.686 9 WARNING neutron.scheduler.dhcp_agent_scheduler [None req-cb05536d-5815-4005-8f63-70206f320590 62fae09fc55f4d6faa6cb2771886dd1f f0000d67e0dd44b3abf02eb78d769b2c - - default default] No more DHCP agents
2026-07-24 01:09:27.687 9 INFO neutron.services.segments.plugin [-] Segment cbc16825-4622-4eb7-8c8c-500971276a22 resource provider not found; error: Placement Client Error (4xx): {"errors": [{"status": 404, "title": "Not Found", "detail": "The resource could not be found.\n\n No resource provider with uuid cbc16825-4622-4eb7-8c8c-500971276a22 found for delete ", "request_id": "req-a22688b6-7c8a-4884-a163-ef57015e7018"}]}
2026-07-24 01:09:27.691 9 WARNING neutron.api.rpc.agentnotifiers.dhcp_rpc_agent_api [None req-cb05536d-5815-4005-8f63-70206f320590 62fae09fc55f4d6faa6cb2771886dd1f f0000d67e0dd44b3abf02eb78d769b2c - - default default] Unable to schedule network 450a8faf-9701-437a-b589-78ab008a98cf: no agents available; will retry on subsequent port and subnet creation events.
2026-07-24 01:09:27.704 9 INFO neutron.services.segments.plugin [-] Segment cbc16825-4622-4eb7-8c8c-500971276a22 resource provider not found; error: Placement Client Error (4xx): {"errors": [{"status": 404, "title": "Not Found", "detail": "The resource could not be found.\n\n No resource provider with uuid cbc16825-4622-4eb7-8c8c-500971276a22 found for delete ", "request_id": "req-ee08688f-ea72-4eca-b16f-6b4703974e2f"}]}
2026-07-24 01:09:27.818 10 INFO neutron.db.ovn_revision_numbers_db [None req-f8760831-45c9-4509-b7c0-e7e8e2100737 84b6431e99b8407aaaa6e6b0228c0294 a7eb193d6f184d70bb57d47cddc6cad7 - - default default] Successfully bumped revision number for resource 58682f96-cd02-4a5b-9fde-e86f36140de0 (type: ports) to 1
2026-07-24 01:09:27.909 10 INFO neutron.wsgi [None req-f8760831-45c9-4509-b7c0-e7e8e2100737 84b6431e99b8407aaaa6e6b0228c0294 a7eb193d6f184d70bb57d47cddc6cad7 - - default default] 10.0.0.162 "POST /v2.0/networks HTTP/1.1" status: 201 len: 830 time: 1.0040555
2026-07-24 01:09:27.918 9 INFO neutron.db.ovn_revision_numbers_db [None req-cb05536d-5815-4005-8f63-70206f320590 62fae09fc55f4d6faa6cb2771886dd1f f0000d67e0dd44b3abf02eb78d769b2c - - default default] Successfully bumped revision number for resource 1b628860-f8b5-484d-83f2-2271088c83c4 (type: ports) to 1
2026-07-24 01:09:27.929 9 WARNING neutron_lib.context [None req-b0cbb915-9954-43bf-a1d7-30a509a9bfe5 84b6431e99b8407aaaa6e6b0228c0294 a7eb193d6f184d70bb57d47cddc6cad7 - - default default] Method 'is_advsvc' is deprecated since 2023.2 release (neutron-lib 3.8.0) and will be removed once support for the old RBAC API policies will be removed from Neutron. Please use method 'is_service_role' instead.
2026-07-24 01:09:28.007 10 INFO neutron.db.ovn_revision_numbers_db [None req-3341bd28-e76b-4039-ad6d-0bb2e5af5de4 - - - - - -] Successfully bumped revision number for resource a6fbd73e-2c26-403c-adff-62f814986ba9 (type: router_ports) to 3
2026-07-24 01:09:28.093 10 INFO neutron.wsgi [None req-6d842e79-535c-40da-8918-4768a59fe1b6 799a68e00da94203841141e0d827fb86 0163174a984244c1bc860f1ab5e388e6 - - default default] 10.0.0.162 "DELETE /v2.0/networks/0e83da53-0016-4c2e-a70c-9b133e0bd049 HTTP/1.1" status: 204 len: 168 time: 0.7863226
2026-07-24 01:09:28.239 9 WARNING neutron.scheduler.dhcp_agent_scheduler [None req-baad950d-09fa-4820-bdb9-85199f622598 a3694ce826d4475d95ed35f0ba69984d 248afb83310c4a28bbd492a642c660f0 - - default default] No more DHCP agents
2026-07-24 01:09:28.240 10 INFO neutron.db.ovn_revision_numbers_db [None req-3341bd28-e76b-4039-ad6d-0bb2e5af5de4 - - - - - -] Successfully bumped revision number for resource a6fbd73e-2c26-403c-adff-62f814986ba9 (type: ports) to 2
2026-07-24 01:09:28.248 9 WARNING neutron.api.rpc.agentnotifiers.dhcp_rpc_agent_api [None req-baad950d-09fa-4820-bdb9-85199f622598 a3694ce826d4475d95ed35f0ba69984d 248afb83310c4a28bbd492a642c660f0 - - default default] Unable to schedule network 6a3d0a7e-b221-456f-b4f5-11075c4c32f2: no agents available; will retry on subsequent port and subnet creation events.
2026-07-24 01:09:28.326 10 WARNING neutron.plugins.ml2.drivers.ovn.mech_driver.ovsdb.ovn_client [None req-29f8e175-0d43-4339-bf53-5e1516680da6 - - - - - -] No hosting information found for port f76027ed-cea7-48e2-9dd0-13d38d65cee7: RuntimeError: No hosting information found for port f76027ed-cea7-48e2-9dd0-13d38d65cee7
2026-07-24 01:09:28.327 10 INFO neutron.plugins.ml2.drivers.ovn.mech_driver.mech_driver [None req-29f8e175-0d43-4339-bf53-5e1516680da6 - - - - - -] OVN reports status up for port: ccecf28a-c826-4593-9ffe-a1c6551a5c03
2026-07-24 01:09:28.345 10 INFO neutron.plugins.ml2.plugin [None req-29f8e175-0d43-4339-bf53-5e1516680da6 - - - - - -] Attempt 1 to provision port ccecf28a-c826-4593-9ffe-a1c6551a5c03
2026-07-24 01:09:28.360 9 WARNING neutron.scheduler.dhcp_agent_scheduler [None req-b0cbb915-9954-43bf-a1d7-30a509a9bfe5 84b6431e99b8407aaaa6e6b0228c0294 a7eb193d6f184d70bb57d47cddc6cad7 - - default default] No more DHCP agents
2026-07-24 01:09:28.369 9 WARNING neutron.api.rpc.agentnotifiers.dhcp_rpc_agent_api [None req-b0cbb915-9954-43bf-a1d7-30a509a9bfe5 84b6431e99b8407aaaa6e6b0228c0294 a7eb193d6f184d70bb57d47cddc6cad7 - - default default] Unable to schedule network 6a775bc5-b21d-4ee4-b26d-1c15a459c04e: no agents available; will retry on subsequent port and subnet creation events.
2026-07-24 01:09:28.418 10 INFO neutron.services.segments.plugin [-] Segment fba509af-1c23-48e1-9d3a-09edd4a29274 resource provider aggregate not found
2026-07-24 01:09:28.422 10 INFO neutron.services.segments.plugin [-] Segment fba509af-1c23-48e1-9d3a-09edd4a29274 resource provider aggregate not found
2026-07-24 01:09:28.468 10 INFO neutron.services.segments.plugin [-] Segment fba509af-1c23-48e1-9d3a-09edd4a29274 resource provider not found; error: Placement Client Error (4xx): {"errors": [{"status": 404, "title": "Not Found", "detail": "The resource could not be found.\n\n No resource provider with uuid fba509af-1c23-48e1-9d3a-09edd4a29274 found for delete ", "request_id": "req-415acb82-c111-4c49-a5e3-7f25be17874a"}]}
2026-07-24 01:09:28.510 10 INFO neutron.services.segments.plugin [-] Segment fba509af-1c23-48e1-9d3a-09edd4a29274 resource provider not found; error: Placement Client Error (4xx): {"errors": [{"status": 404, "title": "Not Found", "detail": "The resource could not be found.\n\n No resource provider with uuid fba509af-1c23-48e1-9d3a-09edd4a29274 found for delete ", "request_id": "req-9acbdc33-2cf9-4656-8e1b-4d3e5a18b20b"}]}
2026-07-24 01:09:28.560 9 INFO neutron.db.ovn_revision_numbers_db [None req-b0cbb915-9954-43bf-a1d7-30a509a9bfe5 84b6431e99b8407aaaa6e6b0228c0294 a7eb193d6f184d70bb57d47cddc6cad7 - - default default] Successfully bumped revision number for resource 1bb000d5-ce21-4b93-9cb1-15f57e679cbd (type: ports) to 1
2026-07-24 01:09:28.592 9 INFO neutron.db.ovn_revision_numbers_db [None req-baad950d-09fa-4820-bdb9-85199f622598 a3694ce826d4475d95ed35f0ba69984d 248afb83310c4a28bbd492a642c660f0 - - default default] Successfully bumped revision number for resource fe2ffae5-b3a8-4cb6-a0d2-ab5b91174b1a (type: ports) to 1
2026-07-24 01:09:28.612 9 INFO neutron.wsgi [None req-b0cbb915-9954-43bf-a1d7-30a509a9bfe5 84b6431e99b8407aaaa6e6b0228c0294 a7eb193d6f184d70bb57d47cddc6cad7 - - default default] 10.0.0.162 "POST /v2.0/ports HTTP/1.1" status: 201 len: 942 time: 0.6953485
2026-07-24 01:09:28.623 10 WARNING neutron_lib.context [None req-f844c2c0-4dc2-4369-8009-1ae6d0b80cc2 84b6431e99b8407aaaa6e6b0228c0294 a7eb193d6f184d70bb57d47cddc6cad7 - - default default] Method 'is_advsvc' is deprecated since 2023.2 release (neutron-lib 3.8.0) and will be removed once support for the old RBAC API policies will be removed from Neutron. Please use method 'is_service_role' instead.
2026-07-24 01:09:28.685 10 INFO neutron.db.ovn_revision_numbers_db [None req-3341bd28-e76b-4039-ad6d-0bb2e5af5de4 - - - - - -] Successfully bumped revision number for resource a6fbd73e-2c26-403c-adff-62f814986ba9 (type: ports) to 4
2026-07-24 01:09:28.699 9 INFO neutron.db.ovn_revision_numbers_db [None req-cb05536d-5815-4005-8f63-70206f320590 62fae09fc55f4d6faa6cb2771886dd1f f0000d67e0dd44b3abf02eb78d769b2c - - default default] Successfully bumped revision number for resource 1b628860-f8b5-484d-83f2-2271088c83c4 (type: router_ports) to 1
2026-07-24 01:09:28.906 9 INFO neutron.db.ovn_revision_numbers_db [None req-cb05536d-5815-4005-8f63-70206f320590 62fae09fc55f4d6faa6cb2771886dd1f f0000d67e0dd44b3abf02eb78d769b2c - - default default] Successfully bumped revision number for resource 1b628860-f8b5-484d-83f2-2271088c83c4 (type: ports) to 1
2026-07-24 01:09:28.985 10 INFO neutron.db.ovn_revision_numbers_db [None req-29f8e175-0d43-4339-bf53-5e1516680da6 - - - - - -] Successfully bumped revision number for resource ccecf28a-c826-4593-9ffe-a1c6551a5c03 (type: ports) to 2
2026-07-24 01:09:29.071 10 INFO neutron.wsgi [None req-f844c2c0-4dc2-4369-8009-1ae6d0b80cc2 84b6431e99b8407aaaa6e6b0228c0294 a7eb193d6f184d70bb57d47cddc6cad7 - - default default] 10.0.0.162 "POST /v2.0/trunks HTTP/1.1" status: 201 len: 608 time: 0.4535873
2026-07-24 01:09:29.121 10 INFO neutron.db.ovn_revision_numbers_db [None req-3341bd28-e76b-4039-ad6d-0bb2e5af5de4 - - - - - -] Successfully bumped revision number for resource a6fbd73e-2c26-403c-adff-62f814986ba9 (type: router_ports) to 4
2026-07-24 01:09:29.132 10 INFO neutron.db.ovn_revision_numbers_db [None req-29f8e175-0d43-4339-bf53-5e1516680da6 - - - - - -] Successfully bumped revision number for resource ccecf28a-c826-4593-9ffe-a1c6551a5c03 (type: router_ports) to 2
2026-07-24 01:09:29.154 10 INFO neutron.wsgi [None req-2d2374a9-a531-41a3-b2c8-ca20a6094e68 84b6431e99b8407aaaa6e6b0228c0294 a7eb193d6f184d70bb57d47cddc6cad7 - - default default] 10.0.0.162 "PUT /v2.0/trunks/80adced9-906d-4a93-a7fa-066aed9484f5/tags HTTP/1.1" status: 200 len: 210 time: 0.0789590
2026-07-24 01:09:29.219 10 INFO neutron.wsgi [None req-50d859a2-b277-46ae-b21d-1378f9a4a381 84b6431e99b8407aaaa6e6b0228c0294 a7eb193d6f184d70bb57d47cddc6cad7 - - default default] 10.0.0.162 "PUT /v2.0/trunks/c41e59e8-4345-4b70-b226-00a90e13c309/tags HTTP/1.1" status: 200 len: 218 time: 0.0582330
2026-07-24 01:09:29.266 10 INFO neutron.wsgi [None req-dd2e460b-61cc-495a-bcbe-8bfd3ba702a9 84b6431e99b8407aaaa6e6b0228c0294 a7eb193d6f184d70bb57d47cddc6cad7 - - default default] 10.0.0.162 "PUT /v2.0/trunks/ca699fbc-d933-4e16-bd19-9495194338a1/tags HTTP/1.1" status: 200 len: 227 time: 0.0365801
2026-07-24 01:09:29.268 9 WARNING neutron.scheduler.dhcp_agent_scheduler [None req-cb05536d-5815-4005-8f63-70206f320590 62fae09fc55f4d6faa6cb2771886dd1f f0000d67e0dd44b3abf02eb78d769b2c - - default default] No more DHCP agents
2026-07-24 01:09:29.270 9 WARNING neutron.api.rpc.agentnotifiers.dhcp_rpc_agent_api [None req-cb05536d-5815-4005-8f63-70206f320590 62fae09fc55f4d6faa6cb2771886dd1f f0000d67e0dd44b3abf02eb78d769b2c - - default default] Unable to schedule network 450a8faf-9701-437a-b589-78ab008a98cf: no agents available; will retry on subsequent port and subnet creation events.
2026-07-24 01:09:29.311 10 INFO neutron.wsgi [None req-0dc91890-e500-4f83-8f9f-de72627056f3 84b6431e99b8407aaaa6e6b0228c0294 a7eb193d6f184d70bb57d47cddc6cad7 - - default default] 10.0.0.162 "PUT /v2.0/trunks/56ced1d9-1aed-42a5-9038-6505eb2ee5c5/tags HTTP/1.1" status: 200 len: 212 time: 0.0375686
2026-07-24 01:09:29.348 10 INFO neutron.wsgi [None req-efaa9e6d-3df5-44b6-844e-25e724648219 84b6431e99b8407aaaa6e6b0228c0294 a7eb193d6f184d70bb57d47cddc6cad7 - - default default] 10.0.0.162 "GET /v2.0/trunks?tags=red HTTP/1.1" status: 200 len: 1447 time: 0.0308237
2026-07-24 01:09:29.364 10 INFO neutron.wsgi [None req-ab86fe73-b0c0-46d7-a447-3973f11b39f2 62fae09fc55f4d6faa6cb2771886dd1f f0000d67e0dd44b3abf02eb78d769b2c - - default default] 10.0.0.162 "GET /v2.0/security-groups?tenant_id=0163174a984244c1bc860f1ab5e388e6&name=default HTTP/1.1" status: 200 len: 2996 time: 0.2609277 /var/lib/openstack/lib/python3.10/site-packages/pycadf/identifier.py:71: UserWarning: Invalid uuid: neutron. To ensure interoperability, identifiers should be a valid uuid. warnings.warn(('Invalid uuid: %s. To ensure interoperability, '
2026-07-24 01:09:29.390 9 INFO neutron.wsgi [None req-a9991c2d-40af-4e10-986d-eecba9aabc2b 84b6431e99b8407aaaa6e6b0228c0294 a7eb193d6f184d70bb57d47cddc6cad7 - - default default] 10.0.0.162 "GET /v2.0/trunks?tags=red%2Cblue HTTP/1.1" status: 200 len: 1041 time: 0.0290651
2026-07-24 01:09:29.421 9 INFO neutron.wsgi [None req-c7187ca8-f570-4106-aeef-00e9125ebe74 84b6431e99b8407aaaa6e6b0228c0294 a7eb193d6f184d70bb57d47cddc6cad7 - - default default] 10.0.0.162 "GET /v2.0/trunks?tags-any=blue HTTP/1.1" status: 200 len: 1041 time: 0.0253289
2026-07-24 01:09:29.455 10 INFO neutron.wsgi [None req-c037c2de-faba-46da-9375-82f9c1f438f4 84b6431e99b8407aaaa6e6b0228c0294 a7eb193d6f184d70bb57d47cddc6cad7 - - default default] 10.0.0.162 "GET /v2.0/trunks?tags-any=red%2Cblue HTTP/1.1" status: 200 len: 1447 time: 0.0289164
2026-07-24 01:09:29.485 10 INFO neutron.wsgi [None req-ca996057-1e32-47ec-a379-eb33ed7987a9 84b6431e99b8407aaaa6e6b0228c0294 a7eb193d6f184d70bb57d47cddc6cad7 - - default default] 10.0.0.162 "GET /v2.0/trunks?not-tags=red HTTP/1.1" status: 200 len: 1013 time: 0.0225430
2026-07-24 01:09:29.525 10 INFO neutron.wsgi [None req-d7b0379a-b41b-4e16-8d49-02301fa3340d 84b6431e99b8407aaaa6e6b0228c0294 a7eb193d6f184d70bb57d47cddc6cad7 - - default default] 10.0.0.162 "GET /v2.0/trunks?not-tags=red%2Cblue HTTP/1.1" status: 200 len: 1419 time: 0.0351539
2026-07-24 01:09:29.556 10 INFO neutron.wsgi [None req-04d57a29-aed0-45b1-88d8-27464327c0a9 84b6431e99b8407aaaa6e6b0228c0294 a7eb193d6f184d70bb57d47cddc6cad7 - - default default] 10.0.0.162 "GET /v2.0/trunks?not-tags-any=blue HTTP/1.1" status: 200 len: 1419 time: 0.0260236
2026-07-24 01:09:29.624 9 INFO neutron.wsgi [None req-e156220c-a87d-40b9-8b51-ab782b198a87 84b6431e99b8407aaaa6e6b0228c0294 a7eb193d6f184d70bb57d47cddc6cad7 - - default default] 10.0.0.162 "GET /v2.0/trunks?not-tags-any=red%2Cblue HTTP/1.1" status: 200 len: 1013 time: 0.0607913
2026-07-24 01:09:29.654 10 INFO neutron.wsgi [None req-631c38e5-c6f8-4480-9604-a51897c82c5e 62fae09fc55f4d6faa6cb2771886dd1f f0000d67e0dd44b3abf02eb78d769b2c - - default default] 10.0.0.162 "DELETE /v2.0/security-groups/292d11a7-13bf-4320-b46c-71c82ed66388 HTTP/1.1" status: 204 len: 168 time: 0.2780974
2026-07-24 01:09:29.657 10 INFO neutron.wsgi [None req-ae2129e4-1fff-4a00-823f-f550cd869632 84b6431e99b8407aaaa6e6b0228c0294 a7eb193d6f184d70bb57d47cddc6cad7 - - default default] 10.0.0.162 "GET /v2.0/trunks/80adced9-906d-4a93-a7fa-066aed9484f5 HTTP/1.1" status: 200 len: 608 time: 0.0261300
