2026-07-24 01:07:49.484 10 INFO neutron.db.ovn_revision_numbers_db [None req-00fa0b50-1dd4-4fc5-a4af-96b0040a1160 62fae09fc55f4d6faa6cb2771886dd1f f0000d67e0dd44b3abf02eb78d769b2c - - default default] Successfully bumped revision number for resource 3585e3cd-1459-4766-9562-74e03b19108b (type: security_group_rules) to 0
2026-07-24 01:07:49.539 9 INFO neutron.wsgi [None req-83d027d2-a6ae-4267-895f-4b7079518278 ab48a1af449a41ff9b5c39f5f9a6a485 e76c2364d79544cfafbdbdc6435766ed - - default default] 10.0.0.162 "DELETE /v2.0/subnets/785f38fe-08a8-4e0b-ba01-6c97252b950c HTTP/1.1" status: 204 len: 168 time: 0.2353392
2026-07-24 01:07:49.546 9 INFO neutron.db.ovn_revision_numbers_db [None req-0fa86b58-638e-483a-8b43-55a5768edc70 - - - - - -] Successfully bumped revision number for resource cdaad06b-f0e9-41d1-8ab5-f1e7bb7936cb (type: ports) to 2
2026-07-24 01:07:49.547 10 INFO neutron.db.ovn_revision_numbers_db [None req-00fa0b50-1dd4-4fc5-a4af-96b0040a1160 62fae09fc55f4d6faa6cb2771886dd1f f0000d67e0dd44b3abf02eb78d769b2c - - default default] Successfully bumped revision number for resource c7efc6c4-ec54-4a74-99f0-5ff86b0dd20c (type: security_group_rules) to 0
2026-07-24 01:07:49.614 10 INFO neutron.wsgi [None req-00fa0b50-1dd4-4fc5-a4af-96b0040a1160 62fae09fc55f4d6faa6cb2771886dd1f f0000d67e0dd44b3abf02eb78d769b2c - - default default] 10.0.0.162 "GET /v2.0/security-groups?tenant_id=1fcb07fcb9114261bac03f8e4a7d012c&name=default HTTP/1.1" status: 200 len: 2996 time: 1.2814100
2026-07-24 01:07:49.706 9 INFO neutron.db.ovn_revision_numbers_db [None req-0fa86b58-638e-483a-8b43-55a5768edc70 - - - - - -] Successfully bumped revision number for resource cdaad06b-f0e9-41d1-8ab5-f1e7bb7936cb (type: router_ports) to 2
2026-07-24 01:07:49.746 10 INFO neutron.db.ovn_revision_numbers_db [None req-1576acdb-633c-4e4f-b8b3-6d588f4ea0ec 07388095804f4b41880a1e5168ef792c f40f911dac974a868ef420d90022b201 - - default default] Successfully bumped revision number for resource cdaad06b-f0e9-41d1-8ab5-f1e7bb7936cb (type: router_ports) to 2
2026-07-24 01:07:49.748 10 INFO neutron.wsgi [None req-1576acdb-633c-4e4f-b8b3-6d588f4ea0ec 07388095804f4b41880a1e5168ef792c f40f911dac974a868ef420d90022b201 - - default default] 10.0.0.162 "PUT /v2.0/routers/762b16cd-e4d3-4fbc-9d82-87a6b91bd554/add_router_interface HTTP/1.1" status: 200 len: 503 time: 2.3976464
2026-07-24 01:07:49.822 10 INFO neutron.wsgi [None req-79e34002-cdfe-4be8-ae66-eee0da936ffc 07388095804f4b41880a1e5168ef792c f40f911dac974a868ef420d90022b201 - - default default] 10.0.0.162 "GET /v2.0/ports/cdaad06b-f0e9-41d1-8ab5-f1e7bb7936cb HTTP/1.1" status: 200 len: 1141 time: 0.0685489
2026-07-24 01:07:49.830 10 WARNING neutron.scheduler.dhcp_agent_scheduler [None req-6862abd1-e67b-4da5-9cd1-ee0ff7d9f75d 9c5ea83172ce462cbed6cc73f94c20d2 aacb1246dc0b436982b73da5586f0a86 - - default default] No more DHCP agents
2026-07-24 01:07:49.834 10 WARNING neutron.api.rpc.agentnotifiers.dhcp_rpc_agent_api [None req-6862abd1-e67b-4da5-9cd1-ee0ff7d9f75d 9c5ea83172ce462cbed6cc73f94c20d2 aacb1246dc0b436982b73da5586f0a86 - - default default] Unable to schedule network 2455acf3-4aa0-4cfe-ad4a-b696475e9fe1: no agents available; will retry on subsequent port and subnet creation events.
2026-07-24 01:07:49.949 10 INFO neutron.db.ovn_revision_numbers_db [None req-3341bd28-e76b-4039-ad6d-0bb2e5af5de4 - - - - - -] Successfully bumped revision number for resource 615f50ac-e301-4260-96bd-9e5bed9ec684 (type: ports) to 1
2026-07-24 01:07:50.002 9 INFO neutron.wsgi [None req-b1476409-4b60-4a34-9726-0cfdf7d38193 07388095804f4b41880a1e5168ef792c f40f911dac974a868ef420d90022b201 - - default default] 10.0.0.162 "GET /v2.0/ports/cdaad06b-f0e9-41d1-8ab5-f1e7bb7936cb HTTP/1.1" status: 200 len: 1141 time: 0.1735089
2026-07-24 01:07:50.115 9 INFO neutron.wsgi [None req-4c805775-351f-4050-abd7-b9aef893786a 62fae09fc55f4d6faa6cb2771886dd1f f0000d67e0dd44b3abf02eb78d769b2c - - default default] 10.0.0.162 "DELETE /v2.0/security-groups/44d94f79-ef9d-454a-aec3-dccaeded731b HTTP/1.1" status: 204 len: 168 time: 0.4928250
2026-07-24 01:07:50.169 9 INFO neutron.services.segments.plugin [-] Segment db6da8d3-e2fd-4e5d-aa28-71f9ffeb4820 resource provider aggregate not found
2026-07-24 01:07:50.186 9 INFO neutron.services.segments.plugin [-] Segment db6da8d3-e2fd-4e5d-aa28-71f9ffeb4820 resource provider aggregate not found
2026-07-24 01:07:50.202 9 INFO neutron.services.segments.plugin [-] Segment db6da8d3-e2fd-4e5d-aa28-71f9ffeb4820 resource provider not found; error: Placement Client Error (4xx): {"errors": [{"status": 404, "title": "Not Found", "detail": "The resource could not be found.\n\n No resource provider with uuid db6da8d3-e2fd-4e5d-aa28-71f9ffeb4820 found for delete ", "request_id": "req-4bf35b7d-2b73-4b95-a4dc-9575ed43baa5"}]}
2026-07-24 01:07:50.215 9 INFO neutron.services.segments.plugin [-] Segment db6da8d3-e2fd-4e5d-aa28-71f9ffeb4820 resource provider not found; error: Placement Client Error (4xx): {"errors": [{"status": 404, "title": "Not Found", "detail": "The resource could not be found.\n\n No resource provider with uuid db6da8d3-e2fd-4e5d-aa28-71f9ffeb4820 found for delete ", "request_id": "req-1df809ea-f2d1-4ec2-9653-fe7df3d340ed"}]}
2026-07-24 01:07:50.255 9 INFO neutron.wsgi [None req-44c18f2e-7e97-4097-bb85-e6fe44798fa3 ab48a1af449a41ff9b5c39f5f9a6a485 e76c2364d79544cfafbdbdc6435766ed - - default default] 10.0.0.162 "DELETE /v2.0/networks/26defe62-d171-455f-9561-b77456740663 HTTP/1.1" status: 204 len: 168 time: 0.7100112
2026-07-24 01:07:50.267 10 INFO neutron.db.ovn_revision_numbers_db [None req-3341bd28-e76b-4039-ad6d-0bb2e5af5de4 - - - - - -] Successfully bumped revision number for resource 615f50ac-e301-4260-96bd-9e5bed9ec684 (type: router_ports) to 3
2026-07-24 01:07:50.521 10 INFO neutron.db.ovn_revision_numbers_db [None req-3341bd28-e76b-4039-ad6d-0bb2e5af5de4 - - - - - -] Successfully bumped revision number for resource 615f50ac-e301-4260-96bd-9e5bed9ec684 (type: ports) to 2
2026-07-24 01:07:50.594 10 INFO neutron.db.ovn_revision_numbers_db [None req-6862abd1-e67b-4da5-9cd1-ee0ff7d9f75d 9c5ea83172ce462cbed6cc73f94c20d2 aacb1246dc0b436982b73da5586f0a86 - - default default] Successfully bumped revision number for resource 0f5ae74a-019d-4358-af2d-f458c46295bf (type: ports) to 2
2026-07-24 01:07:50.650 10 INFO neutron.db.ovn_revision_numbers_db [None req-6862abd1-e67b-4da5-9cd1-ee0ff7d9f75d 9c5ea83172ce462cbed6cc73f94c20d2 aacb1246dc0b436982b73da5586f0a86 - - default default] Successfully bumped revision number for resource f5e2f2fa-6f25-49b5-9e85-bed3b3cd1993 (type: subnets) to 0
2026-07-24 01:07:50.668 10 INFO neutron.wsgi [None req-6862abd1-e67b-4da5-9cd1-ee0ff7d9f75d 9c5ea83172ce462cbed6cc73f94c20d2 aacb1246dc0b436982b73da5586f0a86 - - default default] 10.0.0.162 "POST /v2.0/subnets HTTP/1.1" status: 201 len: 832 time: 1.4641917
2026-07-24 01:07:50.784 10 INFO neutron.db.ovn_revision_numbers_db [None req-3341bd28-e76b-4039-ad6d-0bb2e5af5de4 - - - - - -] Successfully bumped revision number for resource 615f50ac-e301-4260-96bd-9e5bed9ec684 (type: ports) to 4
2026-07-24 01:07:50.985 10 INFO neutron.db.ovn_revision_numbers_db [None req-3341bd28-e76b-4039-ad6d-0bb2e5af5de4 - - - - - -] Successfully bumped revision number for resource 615f50ac-e301-4260-96bd-9e5bed9ec684 (type: router_ports) to 4
2026-07-24 01:07:51.004 9 INFO neutron.wsgi [None req-3a0601d2-eefa-491e-8fec-cb60e714cef1 07388095804f4b41880a1e5168ef792c f40f911dac974a868ef420d90022b201 - - default default] 10.0.0.162 "PUT /v2.0/routers/762b16cd-e4d3-4fbc-9d82-87a6b91bd554/remove_router_interface HTTP/1.1" status: 200 len: 503 time: 0.9939365 /var/lib/openstack/lib/python3.10/site-packages/pycadf/identifier.py:71: UserWarning: Invalid uuid: neutron. To ensure interoperability, identifiers should be a valid uuid. warnings.warn(('Invalid uuid: %s. To ensure interoperability, '
2026-07-24 01:07:51.032 10 INFO neutron.wsgi [None req-fcd8b9af-ac4b-4857-a213-2f03198fe965 07388095804f4b41880a1e5168ef792c f40f911dac974a868ef420d90022b201 - - default default] 10.0.0.162 "GET /v2.0/ports?device_id=762b16cd-e4d3-4fbc-9d82-87a6b91bd554 HTTP/1.1" status: 200 len: 205 time: 0.0224788
2026-07-24 01:07:51.136 9 INFO neutron.wsgi [None req-aa5e3615-606f-4496-bdb3-881f03c673fc 62fae09fc55f4d6faa6cb2771886dd1f f0000d67e0dd44b3abf02eb78d769b2c - - default default] 10.0.0.162 "GET /v2.0/security-groups?tenant_id=e76c2364d79544cfafbdbdc6435766ed&name=default HTTP/1.1" status: 200 len: 2996 time: 0.3167450
2026-07-24 01:07:51.466 9 INFO neutron.wsgi [None req-f4266763-ab4d-49d9-abfe-d421c223027a 07388095804f4b41880a1e5168ef792c f40f911dac974a868ef420d90022b201 - - default default] 10.0.0.162 "DELETE /v2.0/routers/762b16cd-e4d3-4fbc-9d82-87a6b91bd554 HTTP/1.1" status: 204 len: 168 time: 0.4237478
2026-07-24 01:07:51.679 9 WARNING neutron.scheduler.dhcp_agent_scheduler [None req-295797bb-cbb3-42bb-b081-cfb99ef939eb 9c5ea83172ce462cbed6cc73f94c20d2 aacb1246dc0b436982b73da5586f0a86 - - default default] No more DHCP agents
2026-07-24 01:07:51.682 9 WARNING neutron.api.rpc.agentnotifiers.dhcp_rpc_agent_api [None req-295797bb-cbb3-42bb-b081-cfb99ef939eb 9c5ea83172ce462cbed6cc73f94c20d2 aacb1246dc0b436982b73da5586f0a86 - - default default] Unable to schedule network 2455acf3-4aa0-4cfe-ad4a-b696475e9fe1: no agents available; will retry on subsequent port and subnet creation events.
2026-07-24 01:07:51.688 10 INFO neutron.wsgi [None req-bc99812d-eaa8-4f3b-8949-40aa4e1eb5f7 07388095804f4b41880a1e5168ef792c f40f911dac974a868ef420d90022b201 - - default default] 10.0.0.162 "DELETE /v2.0/subnets/b0cd2fd6-1d69-4004-8fb3-89f1147c17ee HTTP/1.1" status: 204 len: 168 time: 0.2162404
2026-07-24 01:07:51.694 10 INFO neutron.wsgi [None req-571a1fc3-9760-486e-9120-0e41a13ce8c6 62fae09fc55f4d6faa6cb2771886dd1f f0000d67e0dd44b3abf02eb78d769b2c - - default default] 10.0.0.162 "DELETE /v2.0/security-groups/8826fb3d-2ee6-43c6-a0eb-d04f75353eed HTTP/1.1" status: 204 len: 168 time: 0.5518687
2026-07-24 01:07:51.856 10 WARNING neutron.plugins.ml2.drivers.ovn.mech_driver.ovsdb.ovn_client [None req-29f8e175-0d43-4339-bf53-5e1516680da6 - - - - - -] No port found with ID 88b6e8eb-5042-456d-ba32-9500b03e88be: RuntimeError: No port found with ID 88b6e8eb-5042-456d-ba32-9500b03e88be
2026-07-24 01:07:52.076 10 INFO neutron.plugins.ml2.drivers.ovn.mech_driver.mech_driver [None req-29f8e175-0d43-4339-bf53-5e1516680da6 - - - - - -] OVN reports status up for port: 615f50ac-e301-4260-96bd-9e5bed9ec684
2026-07-24 01:07:52.095 10 INFO neutron.plugins.ml2.plugin [None req-29f8e175-0d43-4339-bf53-5e1516680da6 - - - - - -] Attempt 1 to provision port 615f50ac-e301-4260-96bd-9e5bed9ec684
2026-07-24 01:07:52.099 9 INFO neutron.db.ovn_revision_numbers_db [None req-295797bb-cbb3-42bb-b081-cfb99ef939eb 9c5ea83172ce462cbed6cc73f94c20d2 aacb1246dc0b436982b73da5586f0a86 - - default default] Successfully bumped revision number for resource fc482c2b-cf57-4904-8b19-7d1da9b856e3 (type: ports) to 1
2026-07-24 01:07:52.298 10 INFO neutron.services.segments.plugin [-] Segment e0e850a0-d80d-4844-bb01-9dabe258ef31 resource provider aggregate not found
2026-07-24 01:07:52.304 10 INFO neutron.services.segments.plugin [-] Segment e0e850a0-d80d-4844-bb01-9dabe258ef31 resource provider aggregate not found
2026-07-24 01:07:52.314 10 INFO neutron.services.segments.plugin [-] Segment e0e850a0-d80d-4844-bb01-9dabe258ef31 resource provider not found; error: Placement Client Error (4xx): {"errors": [{"status": 404, "title": "Not Found", "detail": "The resource could not be found.\n\n No resource provider with uuid e0e850a0-d80d-4844-bb01-9dabe258ef31 found for delete ", "request_id": "req-9abc132f-d03e-47f4-9645-5ffaf6f4636e"}]}
2026-07-24 01:07:52.325 10 INFO neutron.services.segments.plugin [-] Segment e0e850a0-d80d-4844-bb01-9dabe258ef31 resource provider not found; error: Placement Client Error (4xx): {"errors": [{"status": 404, "title": "Not Found", "detail": "The resource could not be found.\n\n No resource provider with uuid e0e850a0-d80d-4844-bb01-9dabe258ef31 found for delete ", "request_id": "req-9e9c2d5e-4952-4041-a21f-a20e38378892"}]}
2026-07-24 01:07:52.344 10 INFO neutron.wsgi [None req-09f24a2c-0424-4919-b52f-f8b0761fc24d 07388095804f4b41880a1e5168ef792c f40f911dac974a868ef420d90022b201 - - default default] 10.0.0.162 "DELETE /v2.0/networks/2df31176-52c6-4450-95dc-bef8506d3659 HTTP/1.1" status: 204 len: 168 time: 0.6484919 /var/lib/openstack/lib/python3.10/site-packages/pycadf/identifier.py:71: UserWarning: Invalid uuid: neutron. To ensure interoperability, identifiers should be a valid uuid. warnings.warn(('Invalid uuid: %s. To ensure interoperability, '
2026-07-24 01:07:52.359 10 WARNING neutron_lib.context [None req-7161f3a7-6139-4129-9abd-e317cec03546 07388095804f4b41880a1e5168ef792c f40f911dac974a868ef420d90022b201 - - default default] Method 'is_advsvc' is deprecated since 2023.2 release (neutron-lib 3.8.0) and will be removed once support for the old RBAC API policies will be removed from Neutron. Please use method 'is_service_role' instead.
2026-07-24 01:07:52.593 10 INFO neutron.plugins.ml2.drivers.ovn.mech_driver.mech_driver [None req-29f8e175-0d43-4339-bf53-5e1516680da6 - - - - - -] OVN reports status up for port: fc482c2b-cf57-4904-8b19-7d1da9b856e3
2026-07-24 01:07:52.622 9 INFO neutron.db.ovn_revision_numbers_db [None req-295797bb-cbb3-42bb-b081-cfb99ef939eb 9c5ea83172ce462cbed6cc73f94c20d2 aacb1246dc0b436982b73da5586f0a86 - - default default] Successfully bumped revision number for resource fc482c2b-cf57-4904-8b19-7d1da9b856e3 (type: router_ports) to 1
2026-07-24 01:07:52.622 10 INFO neutron.plugins.ml2.plugin [None req-29f8e175-0d43-4339-bf53-5e1516680da6 - - - - - -] Attempt 1 to provision port fc482c2b-cf57-4904-8b19-7d1da9b856e3
2026-07-24 01:07:52.811 9 INFO neutron.db.ovn_revision_numbers_db [None req-295797bb-cbb3-42bb-b081-cfb99ef939eb 9c5ea83172ce462cbed6cc73f94c20d2 aacb1246dc0b436982b73da5586f0a86 - - default default] Successfully bumped revision number for resource fc482c2b-cf57-4904-8b19-7d1da9b856e3 (type: ports) to 1
2026-07-24 01:07:52.884 9 WARNING neutron.scheduler.dhcp_agent_scheduler [None req-295797bb-cbb3-42bb-b081-cfb99ef939eb 9c5ea83172ce462cbed6cc73f94c20d2 aacb1246dc0b436982b73da5586f0a86 - - default default] No more DHCP agents
2026-07-24 01:07:52.885 9 WARNING neutron.api.rpc.agentnotifiers.dhcp_rpc_agent_api [None req-295797bb-cbb3-42bb-b081-cfb99ef939eb 9c5ea83172ce462cbed6cc73f94c20d2 aacb1246dc0b436982b73da5586f0a86 - - default default] Unable to schedule network 2455acf3-4aa0-4cfe-ad4a-b696475e9fe1: no agents available; will retry on subsequent port and subnet creation events.
2026-07-24 01:07:52.959 10 WARNING neutron.scheduler.dhcp_agent_scheduler [None req-7161f3a7-6139-4129-9abd-e317cec03546 07388095804f4b41880a1e5168ef792c f40f911dac974a868ef420d90022b201 - - default default] No more DHCP agents
2026-07-24 01:07:52.966 10 WARNING neutron.api.rpc.agentnotifiers.dhcp_rpc_agent_api [None req-7161f3a7-6139-4129-9abd-e317cec03546 07388095804f4b41880a1e5168ef792c f40f911dac974a868ef420d90022b201 - - default default] Unable to schedule network 1fbc47eb-ff30-409f-aace-73c56d09cabf: no agents available; will retry on subsequent port and subnet creation events.
2026-07-24 01:07:53.077 10 INFO neutron.db.ovn_revision_numbers_db [None req-29f8e175-0d43-4339-bf53-5e1516680da6 - - - - - -] Successfully bumped revision number for resource fc482c2b-cf57-4904-8b19-7d1da9b856e3 (type: ports) to 2
2026-07-24 01:07:53.185 10 INFO neutron.db.ovn_revision_numbers_db [None req-29f8e175-0d43-4339-bf53-5e1516680da6 - - - - - -] Successfully bumped revision number for resource fc482c2b-cf57-4904-8b19-7d1da9b856e3 (type: router_ports) to 2
2026-07-24 01:07:53.241 9 INFO neutron.db.ovn_revision_numbers_db [None req-295797bb-cbb3-42bb-b081-cfb99ef939eb 9c5ea83172ce462cbed6cc73f94c20d2 aacb1246dc0b436982b73da5586f0a86 - - default default] Successfully bumped revision number for resource fc482c2b-cf57-4904-8b19-7d1da9b856e3 (type: router_ports) to 2
2026-07-24 01:07:53.245 9 INFO neutron.wsgi [None req-295797bb-cbb3-42bb-b081-cfb99ef939eb 9c5ea83172ce462cbed6cc73f94c20d2 aacb1246dc0b436982b73da5586f0a86 - - default default] 10.0.0.162 "PUT /v2.0/routers/5775609b-6175-4b2d-a0bf-636d6937538b/add_router_interface HTTP/1.1" status: 200 len: 503 time: 2.5671926
2026-07-24 01:07:53.256 10 INFO neutron.db.ovn_revision_numbers_db [None req-7161f3a7-6139-4129-9abd-e317cec03546 07388095804f4b41880a1e5168ef792c f40f911dac974a868ef420d90022b201 - - default default] Successfully bumped revision number for resource 36ce7852-df57-43a3-882a-1f38bce56909 (type: ports) to 1
2026-07-24 01:07:53.334 9 INFO neutron.wsgi [None req-e98fcf70-9e8c-4e7c-afb1-5499542aad48 ba426bd3e1fb4019bd0c0d6370d820f5 379090339dc343bea6bbef0fb151d542 - - default default] 10.0.0.162 "GET /v2.0/networks HTTP/1.1" status: 200 len: 3114 time: 0.0835538
2026-07-24 01:07:53.384 9 INFO neutron.wsgi [None req-88a9a796-6de3-472a-99f0-54baf588b8da ba426bd3e1fb4019bd0c0d6370d820f5 379090339dc343bea6bbef0fb151d542 - - default default] 10.0.0.162 "GET /v2.0/subnets HTTP/1.1" status: 200 len: 2097 time: 0.0455189
2026-07-24 01:07:53.508 9 INFO neutron.wsgi [None req-13aa9ecf-959e-4115-afe6-a33d4c663f8d ba426bd3e1fb4019bd0c0d6370d820f5 379090339dc343bea6bbef0fb151d542 - - default default] 10.0.0.162 "GET /v2.0/routers HTTP/1.1" status: 200 len: 1540 time: 0.1186206
2026-07-24 01:07:53.581 9 WARNING neutron_lib.context [None req-8e79e645-7906-41e8-af10-effb223aa6f9 9c5ea83172ce462cbed6cc73f94c20d2 aacb1246dc0b436982b73da5586f0a86 - - default default] Method 'is_advsvc' is deprecated since 2023.2 release (neutron-lib 3.8.0) and will be removed once support for the old RBAC API policies will be removed from Neutron. Please use method 'is_service_role' instead.
2026-07-24 01:07:53.652 10 WARNING neutron_lib.context [None req-8df81806-adc6-483e-8dea-4371fd3f05d8 d90a03020cd747c184c94f8ca8485dfe 05c97aad13564ad1b4a30e3c11998cd1 - - default default] Method 'is_advsvc' is deprecated since 2023.2 release (neutron-lib 3.8.0) and will be removed once support for the old RBAC API policies will be removed from Neutron. Please use method 'is_service_role' instead.
2026-07-24 01:07:53.653 10 WARNING neutron_lib.context [None req-8df81806-adc6-483e-8dea-4371fd3f05d8 d90a03020cd747c184c94f8ca8485dfe 05c97aad13564ad1b4a30e3c11998cd1 - - default default] Method 'is_advsvc' is deprecated since 2023.2 release (neutron-lib 3.8.0) and will be removed once support for the old RBAC API policies will be removed from Neutron. Please use method 'is_service_role' instead.
2026-07-24 01:07:53.706 9 INFO neutron.db.ovn_revision_numbers_db [None req-8e79e645-7906-41e8-af10-effb223aa6f9 9c5ea83172ce462cbed6cc73f94c20d2 aacb1246dc0b436982b73da5586f0a86 - - default default] Successfully bumped revision number for resource 85c4117a-a23b-4a8b-8a93-f2c05cd301ba (type: security_groups) to 1
2026-07-24 01:07:53.722 9 INFO neutron.db.ovn_revision_numbers_db [None req-8e79e645-7906-41e8-af10-effb223aa6f9 9c5ea83172ce462cbed6cc73f94c20d2 aacb1246dc0b436982b73da5586f0a86 - - default default] Successfully bumped revision number for resource 1195cc01-81ee-453f-8cc0-2e5cdc601483 (type: security_group_rules) to 0
2026-07-24 01:07:53.737 9 INFO neutron.db.ovn_revision_numbers_db [None req-8e79e645-7906-41e8-af10-effb223aa6f9 9c5ea83172ce462cbed6cc73f94c20d2 aacb1246dc0b436982b73da5586f0a86 - - default default] Successfully bumped revision number for resource 8ed63ac4-4107-4951-a095-c70605c8f79f (type: security_group_rules) to 0
2026-07-24 01:07:53.761 9 INFO neutron.wsgi [None req-8e79e645-7906-41e8-af10-effb223aa6f9 9c5ea83172ce462cbed6cc73f94c20d2 aacb1246dc0b436982b73da5586f0a86 - - default default] 10.0.0.162 "POST /v2.0/security-groups HTTP/1.1" status: 201 len: 1811 time: 0.1914382
2026-07-24 01:07:53.775 9 WARNING neutron_lib.context [None req-fae1dc0c-2069-4c3b-bebf-041f92f8c4d4 9c5ea83172ce462cbed6cc73f94c20d2 aacb1246dc0b436982b73da5586f0a86 - - default default] Method 'is_advsvc' is deprecated since 2023.2 release (neutron-lib 3.8.0) and will be removed once support for the old RBAC API policies will be removed from Neutron. Please use method 'is_service_role' instead.
2026-07-24 01:07:53.808 9 INFO neutron.wsgi [-] 10.0.0.128 "GET / HTTP/1.1" status: 200 len: 247 time: 0.0019858
2026-07-24 01:07:53.811 9 INFO neutron.wsgi [-] 10.0.0.128 "GET / HTTP/1.1" status: 200 len: 247 time: 0.0020440
2026-07-24 01:07:53.840 10 INFO neutron.db.ovn_revision_numbers_db [None req-8df81806-adc6-483e-8dea-4371fd3f05d8 d90a03020cd747c184c94f8ca8485dfe 05c97aad13564ad1b4a30e3c11998cd1 - - default default] Successfully bumped revision number for resource 604663c7-d309-485d-8e8f-a50a4b4c2d24 (type: security_groups) to 1
2026-07-24 01:07:53.870 10 INFO neutron.db.ovn_revision_numbers_db [None req-8df81806-adc6-483e-8dea-4371fd3f05d8 d90a03020cd747c184c94f8ca8485dfe 05c97aad13564ad1b4a30e3c11998cd1 - - default default] Successfully bumped revision number for resource 38ee5a4b-6ff9-4959-81c7-8383dcb55d2c (type: security_group_rules) to 0
2026-07-24 01:07:53.892 10 INFO neutron.db.ovn_revision_numbers_db [None req-8df81806-adc6-483e-8dea-4371fd3f05d8 d90a03020cd747c184c94f8ca8485dfe 05c97aad13564ad1b4a30e3c11998cd1 - - default default] Successfully bumped revision number for resource 3b056701-c01f-4e11-8877-90bd75f30dec (type: security_group_rules) to 0
2026-07-24 01:07:53.919 10 INFO neutron.db.ovn_revision_numbers_db [None req-8df81806-adc6-483e-8dea-4371fd3f05d8 d90a03020cd747c184c94f8ca8485dfe 05c97aad13564ad1b4a30e3c11998cd1 - - default default] Successfully bumped revision number for resource 660b0f3a-d15e-492b-8987-875ff349072f (type: security_group_rules) to 0
2026-07-24 01:07:53.934 9 INFO neutron.db.ovn_revision_numbers_db [None req-fae1dc0c-2069-4c3b-bebf-041f92f8c4d4 9c5ea83172ce462cbed6cc73f94c20d2 aacb1246dc0b436982b73da5586f0a86 - - default default] Successfully bumped revision number for resource 0bd75706-5941-4466-9a16-bb46d7d0b3f6 (type: security_group_rules) to 0
2026-07-24 01:07:53.944 10 INFO neutron.db.ovn_revision_numbers_db [None req-8df81806-adc6-483e-8dea-4371fd3f05d8 d90a03020cd747c184c94f8ca8485dfe 05c97aad13564ad1b4a30e3c11998cd1 - - default default] Successfully bumped revision number for resource 8572eec1-756f-42fa-88da-c47d1254fa86 (type: security_group_rules) to 0
2026-07-24 01:07:53.951 10 INFO neutron.db.ovn_revision_numbers_db [None req-7161f3a7-6139-4129-9abd-e317cec03546 07388095804f4b41880a1e5168ef792c f40f911dac974a868ef420d90022b201 - - default default] Successfully bumped revision number for resource 36ce7852-df57-43a3-882a-1f38bce56909 (type: router_ports) to 1
2026-07-24 01:07:53.967 9 INFO neutron.wsgi [None req-fae1dc0c-2069-4c3b-bebf-041f92f8c4d4 9c5ea83172ce462cbed6cc73f94c20d2 aacb1246dc0b436982b73da5586f0a86 - - default default] 10.0.0.162 "POST /v2.0/security-group-rules HTTP/1.1" status: 201 len: 764 time: 0.1970785
2026-07-24 01:07:53.978 9 WARNING neutron_lib.context [None req-525be829-7ef0-4254-bc39-0bbce3945f62 9c5ea83172ce462cbed6cc73f94c20d2 aacb1246dc0b436982b73da5586f0a86 - - default default] Method 'is_advsvc' is deprecated since 2023.2 release (neutron-lib 3.8.0) and will be removed once support for the old RBAC API policies will be removed from Neutron. Please use method 'is_service_role' instead.
2026-07-24 01:07:54.047 10 INFO neutron.db.segments_db [None req-8df81806-adc6-483e-8dea-4371fd3f05d8 d90a03020cd747c184c94f8ca8485dfe 05c97aad13564ad1b4a30e3c11998cd1 - - default default] Added segment 7f332508-a30a-4dbd-b5b6-0205910a8ceb of type geneve for network e3bc189f-b716-40ea-b11a-4fa8a89664e8
2026-07-24 01:07:54.053 10 INFO neutron.db.ovn_revision_numbers_db [None req-7161f3a7-6139-4129-9abd-e317cec03546 07388095804f4b41880a1e5168ef792c f40f911dac974a868ef420d90022b201 - - default default] Successfully bumped revision number for resource b98894cc-4e28-41cd-b095-a889026f0884 (type: routers) to 2
2026-07-24 01:07:54.078 10 INFO neutron.wsgi [None req-7161f3a7-6139-4129-9abd-e317cec03546 07388095804f4b41880a1e5168ef792c f40f911dac974a868ef420d90022b201 - - default default] 10.0.0.162 "POST /v2.0/routers HTTP/1.1" status: 201 len: 872 time: 1.7244017
2026-07-24 01:07:54.114 9 INFO neutron.db.ovn_revision_numbers_db [None req-525be829-7ef0-4254-bc39-0bbce3945f62 9c5ea83172ce462cbed6cc73f94c20d2 aacb1246dc0b436982b73da5586f0a86 - - default default] Successfully bumped revision number for resource 9d25b0f6-beca-4ef6-8786-97ebd5aee08b (type: security_group_rules) to 0
2026-07-24 01:07:54.156 9 INFO neutron.wsgi [None req-525be829-7ef0-4254-bc39-0bbce3945f62 9c5ea83172ce462cbed6cc73f94c20d2 aacb1246dc0b436982b73da5586f0a86 - - default default] 10.0.0.162 "POST /v2.0/security-group-rules HTTP/1.1" status: 201 len: 763 time: 0.1831498
2026-07-24 01:07:54.165 9 WARNING neutron_lib.context [None req-6890d341-cd2e-4837-840b-8a28f3e092dc 9c5ea83172ce462cbed6cc73f94c20d2 aacb1246dc0b436982b73da5586f0a86 - - default default] Method 'is_advsvc' is deprecated since 2023.2 release (neutron-lib 3.8.0) and will be removed once support for the old RBAC API policies will be removed from Neutron. Please use method 'is_service_role' instead.
2026-07-24 01:07:54.174 9 INFO neutron.wsgi [None req-6ae83c6c-4248-4773-a73c-6f02acca942b 07388095804f4b41880a1e5168ef792c f40f911dac974a868ef420d90022b201 - - default default] 10.0.0.162 "GET /v2.0/routers/b98894cc-4e28-41cd-b095-a889026f0884 HTTP/1.1" status: 200 len: 873 time: 0.0910883
2026-07-24 01:07:54.186 10 INFO neutron.db.segments_db [None req-8df81806-adc6-483e-8dea-4371fd3f05d8 d90a03020cd747c184c94f8ca8485dfe 05c97aad13564ad1b4a30e3c11998cd1 - - default default] Added segment 2c1c6c8b-3571-463f-8ad6-123f71bd56d1 of type geneve for network c82099cd-446d-426f-ab39-7672185d09f5
2026-07-24 01:07:54.302 9 WARNING neutron.plugins.ml2.drivers.ovn.mech_driver.ovsdb.ovn_client [None req-0fa86b58-638e-483a-8b43-55a5768edc70 - - - - - -] No port found with ID cdaad06b-f0e9-41d1-8ab5-f1e7bb7936cb: RuntimeError: No port found with ID cdaad06b-f0e9-41d1-8ab5-f1e7bb7936cb
2026-07-24 01:07:54.323 9 INFO neutron.wsgi [None req-3745905d-e298-4fb5-8f4f-a9e8615bf26a 07388095804f4b41880a1e5168ef792c f40f911dac974a868ef420d90022b201 - - default default] 10.0.0.162 "GET /v2.0/routers HTTP/1.1" status: 200 len: 876 time: 0.1418903
2026-07-24 01:07:54.352 10 INFO neutron.db.ovn_revision_numbers_db [None req-8df81806-adc6-483e-8dea-4371fd3f05d8 d90a03020cd747c184c94f8ca8485dfe 05c97aad13564ad1b4a30e3c11998cd1 - - default default] Successfully bumped revision number for resource e3bc189f-b716-40ea-b11a-4fa8a89664e8 (type: networks) to 1
2026-07-24 01:07:54.450 9 INFO neutron.db.ovn_revision_numbers_db [None req-6890d341-cd2e-4837-840b-8a28f3e092dc 9c5ea83172ce462cbed6cc73f94c20d2 aacb1246dc0b436982b73da5586f0a86 - - default default] Successfully bumped revision number for resource 69da6364-12b0-4cf3-ad1c-b6ecfa7f9d08 (type: security_group_rules) to 0
2026-07-24 01:07:54.493 9 INFO neutron.wsgi [None req-6890d341-cd2e-4837-840b-8a28f3e092dc 9c5ea83172ce462cbed6cc73f94c20d2 aacb1246dc0b436982b73da5586f0a86 - - default default] 10.0.0.162 "POST /v2.0/security-group-rules HTTP/1.1" status: 201 len: 769 time: 0.3326039
2026-07-24 01:07:54.507 9 WARNING neutron_lib.context [None req-810a32f2-4247-43e5-992c-872f75947b71 9c5ea83172ce462cbed6cc73f94c20d2 aacb1246dc0b436982b73da5586f0a86 - - default default] Method 'is_advsvc' is deprecated since 2023.2 release (neutron-lib 3.8.0) and will be removed once support for the old RBAC API policies will be removed from Neutron. Please use method 'is_service_role' instead.
2026-07-24 01:07:54.554 10 WARNING neutron.scheduler.dhcp_agent_scheduler [None req-8df81806-adc6-483e-8dea-4371fd3f05d8 d90a03020cd747c184c94f8ca8485dfe 05c97aad13564ad1b4a30e3c11998cd1 - - default default] No more DHCP agents
2026-07-24 01:07:54.556 10 WARNING neutron.api.rpc.agentnotifiers.dhcp_rpc_agent_api [None req-8df81806-adc6-483e-8dea-4371fd3f05d8 d90a03020cd747c184c94f8ca8485dfe 05c97aad13564ad1b4a30e3c11998cd1 - - default default] Unable to schedule network e3bc189f-b716-40ea-b11a-4fa8a89664e8: no agents available; will retry on subsequent port and subnet creation events.
2026-07-24 01:07:54.647 10 INFO neutron.db.ovn_revision_numbers_db [None req-8df81806-adc6-483e-8dea-4371fd3f05d8 d90a03020cd747c184c94f8ca8485dfe 05c97aad13564ad1b4a30e3c11998cd1 - - default default] Successfully bumped revision number for resource ae317305-81d3-49ae-bba5-7af59cc46041 (type: ports) to 1
2026-07-24 01:07:54.694 9 INFO neutron.db.ovn_revision_numbers_db [None req-810a32f2-4247-43e5-992c-872f75947b71 9c5ea83172ce462cbed6cc73f94c20d2 aacb1246dc0b436982b73da5586f0a86 - - default default] Successfully bumped revision number for resource 0282e4e6-09bf-4ff8-a419-35705e93feb4 (type: security_group_rules) to 0
2026-07-24 01:07:54.744 10 INFO neutron.db.ovn_revision_numbers_db [None req-8df81806-adc6-483e-8dea-4371fd3f05d8 d90a03020cd747c184c94f8ca8485dfe 05c97aad13564ad1b4a30e3c11998cd1 - - default default] Successfully bumped revision number for resource c82099cd-446d-426f-ab39-7672185d09f5 (type: networks) to 1
2026-07-24 01:07:54.945 10 INFO neutron.db.ovn_revision_numbers_db [None req-66642533-64cc-4e10-8458-518c6efa0840 94bad378d0ac49789b0207ecaf4841a0 f29f90f89e844010b1869a4122a24287 - - default default] Successfully bumped revision number for resource 66d9c61c-c19d-487d-8894-181485f4c6fd (type: security_groups) to 1
2026-07-24 01:07:54.966 10 INFO neutron.db.ovn_revision_numbers_db [None req-66642533-64cc-4e10-8458-518c6efa0840 94bad378d0ac49789b0207ecaf4841a0 f29f90f89e844010b1869a4122a24287 - - default default] Successfully bumped revision number for resource 1554b2e8-3544-46c5-9cbc-e16c38bdd78d (type: security_group_rules) to 0
2026-07-24 01:07:55.004 10 WARNING neutron.scheduler.dhcp_agent_scheduler [None req-8df81806-adc6-483e-8dea-4371fd3f05d8 d90a03020cd747c184c94f8ca8485dfe 05c97aad13564ad1b4a30e3c11998cd1 - - default default] No more DHCP agents
2026-07-24 01:07:55.008 10 WARNING neutron.api.rpc.agentnotifiers.dhcp_rpc_agent_api [None req-8df81806-adc6-483e-8dea-4371fd3f05d8 d90a03020cd747c184c94f8ca8485dfe 05c97aad13564ad1b4a30e3c11998cd1 - - default default] Unable to schedule network c82099cd-446d-426f-ab39-7672185d09f5: no agents available; will retry on subsequent port and subnet creation events.
2026-07-24 01:07:55.015 10 INFO neutron.db.ovn_revision_numbers_db [None req-66642533-64cc-4e10-8458-518c6efa0840 94bad378d0ac49789b0207ecaf4841a0 f29f90f89e844010b1869a4122a24287 - - default default] Successfully bumped revision number for resource 586a85d6-fc21-4ea8-8b21-f6a816ff9c8d (type: security_group_rules) to 0
2026-07-24 01:07:55.019 9 INFO neutron.wsgi [None req-810a32f2-4247-43e5-992c-872f75947b71 9c5ea83172ce462cbed6cc73f94c20d2 aacb1246dc0b436982b73da5586f0a86 - - default default] 10.0.0.162 "POST /v2.0/security-group-rules HTTP/1.1" status: 201 len: 768 time: 0.5186653
2026-07-24 01:07:55.029 9 WARNING neutron_lib.context [None req-8054daf3-445d-44c0-9a69-c93969cd3a27 9c5ea83172ce462cbed6cc73f94c20d2 aacb1246dc0b436982b73da5586f0a86 - - default default] Method 'is_advsvc' is deprecated since 2023.2 release (neutron-lib 3.8.0) and will be removed once support for the old RBAC API policies will be removed from Neutron. Please use method 'is_service_role' instead.
2026-07-24 01:07:55.053 9 INFO neutron.db.securitygroups_db [None req-8054daf3-445d-44c0-9a69-c93969cd3a27 9c5ea83172ce462cbed6cc73f94c20d2 aacb1246dc0b436982b73da5586f0a86 - - default default] Project aacb1246dc0b436982b73da5586f0a86 added a security group rule with legacy IPv6 ICMP protocol name icmp, ipv6-icmp should be used instead. It was automatically converted.
2026-07-24 01:07:55.056 10 INFO neutron.db.ovn_revision_numbers_db [None req-66642533-64cc-4e10-8458-518c6efa0840 94bad378d0ac49789b0207ecaf4841a0 f29f90f89e844010b1869a4122a24287 - - default default] Successfully bumped revision number for resource e75985ff-aa06-4ec3-a869-a9dbe4a9ebfd (type: security_group_rules) to 0
2026-07-24 01:07:55.073 10 INFO neutron.db.ovn_revision_numbers_db [None req-66642533-64cc-4e10-8458-518c6efa0840 94bad378d0ac49789b0207ecaf4841a0 f29f90f89e844010b1869a4122a24287 - - default default] Successfully bumped revision number for resource e95823bf-4533-4a85-8e7b-14704e7299ec (type: security_group_rules) to 0
2026-07-24 01:07:55.149 10 INFO neutron.db.segments_db [None req-66642533-64cc-4e10-8458-518c6efa0840 94bad378d0ac49789b0207ecaf4841a0 f29f90f89e844010b1869a4122a24287 - - default default] Added segment 1f62a019-206c-4c0c-b050-114c0127e202 of type geneve for network bbd531a8-b64d-46f9-86b1-29af86b6ea31
2026-07-24 01:07:55.153 10 INFO neutron.db.ovn_revision_numbers_db [None req-8df81806-adc6-483e-8dea-4371fd3f05d8 d90a03020cd747c184c94f8ca8485dfe 05c97aad13564ad1b4a30e3c11998cd1 - - default default] Successfully bumped revision number for resource e6ea7b01-ddad-46d6-a807-137e43101296 (type: ports) to 1
2026-07-24 01:07:55.209 10 INFO neutron.wsgi [None req-8df81806-adc6-483e-8dea-4371fd3f05d8 d90a03020cd747c184c94f8ca8485dfe 05c97aad13564ad1b4a30e3c11998cd1 - - default default] 10.0.0.162 "POST /v2.0/networks HTTP/1.1" status: 201 len: 1446 time: 1.7015760
2026-07-24 01:07:55.224 9 INFO neutron.db.ovn_revision_numbers_db [None req-e74e7e44-4b1d-4d18-85d2-55f82fda6338 07388095804f4b41880a1e5168ef792c f40f911dac974a868ef420d90022b201 - - default default] Successfully bumped revision number for resource b98894cc-4e28-41cd-b095-a889026f0884 (type: routers) to 3
2026-07-24 01:07:55.227 9 INFO neutron.wsgi [None req-e74e7e44-4b1d-4d18-85d2-55f82fda6338 07388095804f4b41880a1e5168ef792c f40f911dac974a868ef420d90022b201 - - default default] 10.0.0.162 "PUT /v2.0/routers/b98894cc-4e28-41cd-b095-a889026f0884 HTTP/1.1" status: 200 len: 880 time: 0.8983505
2026-07-24 01:07:55.246 9 INFO neutron.db.ovn_revision_numbers_db [None req-8054daf3-445d-44c0-9a69-c93969cd3a27 9c5ea83172ce462cbed6cc73f94c20d2 aacb1246dc0b436982b73da5586f0a86 - - default default] Successfully bumped revision number for resource 92834608-0d70-4f0b-8da7-083638289d32 (type: security_group_rules) to 0
2026-07-24 01:07:55.307 9 INFO neutron.wsgi [None req-8054daf3-445d-44c0-9a69-c93969cd3a27 9c5ea83172ce462cbed6cc73f94c20d2 aacb1246dc0b436982b73da5586f0a86 - - default default] 10.0.0.162 "POST /v2.0/security-group-rules HTTP/1.1" status: 201 len: 774 time: 0.2834175
2026-07-24 01:07:55.323 9 WARNING neutron_lib.context [None req-17e5dc89-6f55-47a4-a8ae-32bcc15cc771 9c5ea83172ce462cbed6cc73f94c20d2 aacb1246dc0b436982b73da5586f0a86 - - default default] Method 'is_advsvc' is deprecated since 2023.2 release (neutron-lib 3.8.0) and will be removed once support for the old RBAC API policies will be removed from Neutron. Please use method 'is_service_role' instead.
2026-07-24 01:07:55.337 9 INFO neutron.wsgi [None req-373d1401-fdd6-4207-ac56-f48170966ce7 d90a03020cd747c184c94f8ca8485dfe 05c97aad13564ad1b4a30e3c11998cd1 - - default default] 10.0.0.162 "GET /v2.0/networks HTTP/1.1" status: 200 len: 2052 time: 0.1217425
2026-07-24 01:07:55.346 10 INFO neutron.wsgi [None req-2aa1fada-1770-45ba-8a72-a47eef6bb27b 07388095804f4b41880a1e5168ef792c f40f911dac974a868ef420d90022b201 - - default default] 10.0.0.162 "GET /v2.0/routers/b98894cc-4e28-41cd-b095-a889026f0884 HTTP/1.1" status: 200 len: 880 time: 0.1134760
2026-07-24 01:07:55.360 9 INFO neutron.db.securitygroups_db [None req-17e5dc89-6f55-47a4-a8ae-32bcc15cc771 9c5ea83172ce462cbed6cc73f94c20d2 aacb1246dc0b436982b73da5586f0a86 - - default default] Project aacb1246dc0b436982b73da5586f0a86 added a security group rule with legacy IPv6 ICMP protocol name icmp, ipv6-icmp should be used instead. It was automatically converted.
2026-07-24 01:07:55.391 10 INFO neutron.wsgi [None req-cf2a9d3f-ddb7-4260-a61b-7f2c84760444 07388095804f4b41880a1e5168ef792c f40f911dac974a868ef420d90022b201 - - default default] 10.0.0.162 "GET /v2.0/ports?device_id=b98894cc-4e28-41cd-b095-a889026f0884 HTTP/1.1" status: 200 len: 205 time: 0.0351386
2026-07-24 01:07:55.402 10 INFO neutron.db.ovn_revision_numbers_db [None req-66642533-64cc-4e10-8458-518c6efa0840 94bad378d0ac49789b0207ecaf4841a0 f29f90f89e844010b1869a4122a24287 - - default default] Successfully bumped revision number for resource bbd531a8-b64d-46f9-86b1-29af86b6ea31 (type: networks) to 1
2026-07-24 01:07:55.510 9 INFO neutron.db.ovn_revision_numbers_db [None req-17e5dc89-6f55-47a4-a8ae-32bcc15cc771 9c5ea83172ce462cbed6cc73f94c20d2 aacb1246dc0b436982b73da5586f0a86 - - default default] Successfully bumped revision number for resource 3e507e2d-33f3-4041-ba3f-2219e4c5d7d6 (type: security_group_rules) to 0
2026-07-24 01:07:55.571 9 INFO neutron.wsgi [None req-17e5dc89-6f55-47a4-a8ae-32bcc15cc771 9c5ea83172ce462cbed6cc73f94c20d2 aacb1246dc0b436982b73da5586f0a86 - - default default] 10.0.0.162 "POST /v2.0/security-group-rules HTTP/1.1" status: 201 len: 773 time: 0.2551680
2026-07-24 01:07:55.768 9 INFO neutron.services.segments.plugin [-] Segment 7f332508-a30a-4dbd-b5b6-0205910a8ceb resource provider aggregate not found
2026-07-24 01:07:55.773 9 INFO neutron.services.segments.plugin [-] Segment 7f332508-a30a-4dbd-b5b6-0205910a8ceb resource provider aggregate not found
2026-07-24 01:07:55.793 9 INFO neutron.services.segments.plugin [-] Segment 7f332508-a30a-4dbd-b5b6-0205910a8ceb resource provider not found; error: Placement Client Error (4xx): {"errors": [{"status": 404, "title": "Not Found", "detail": "The resource could not be found.\n\n No resource provider with uuid 7f332508-a30a-4dbd-b5b6-0205910a8ceb found for delete ", "request_id": "req-0f94f77d-cfb8-45aa-a7dd-57de56510523"}]}
2026-07-24 01:07:55.806 9 INFO neutron.services.segments.plugin [-] Segment 7f332508-a30a-4dbd-b5b6-0205910a8ceb resource provider not found; error: Placement Client Error (4xx): {"errors": [{"status": 404, "title": "Not Found", "detail": "The resource could not be found.\n\n No resource provider with uuid 7f332508-a30a-4dbd-b5b6-0205910a8ceb found for delete ", "request_id": "req-07895a3f-50c3-4d4c-a4cf-e0e0366b4ce9"}]}
2026-07-24 01:07:55.818 9 INFO neutron.wsgi [None req-98104955-4513-4260-ba99-689105c98f8f d90a03020cd747c184c94f8ca8485dfe 05c97aad13564ad1b4a30e3c11998cd1 - - default default] 10.0.0.162 "DELETE /v2.0/networks/e3bc189f-b716-40ea-b11a-4fa8a89664e8 HTTP/1.1" status: 204 len: 168 time: 0.4720194
2026-07-24 01:07:56.069 9 INFO neutron.wsgi [None req-190932a3-3a21-4bae-bdc8-2803e95f8b47 9c5ea83172ce462cbed6cc73f94c20d2 aacb1246dc0b436982b73da5586f0a86 - - default default] 10.0.0.162 "GET /v2.0/networks HTTP/1.1" status: 200 len: 1492 time: 0.1405210
2026-07-24 01:07:56.072 10 WARNING neutron.scheduler.dhcp_agent_scheduler [None req-66642533-64cc-4e10-8458-518c6efa0840 94bad378d0ac49789b0207ecaf4841a0 f29f90f89e844010b1869a4122a24287 - - default default] No more DHCP agents
2026-07-24 01:07:56.081 10 WARNING neutron.api.rpc.agentnotifiers.dhcp_rpc_agent_api [None req-66642533-64cc-4e10-8458-518c6efa0840 94bad378d0ac49789b0207ecaf4841a0 f29f90f89e844010b1869a4122a24287 - - default default] Unable to schedule network bbd531a8-b64d-46f9-86b1-29af86b6ea31: no agents available; will retry on subsequent port and subnet creation events.
2026-07-24 01:07:56.198 9 INFO neutron.wsgi [req-69b0cdc7-be25-4190-a4c4-081d52bc1c58 req-b184959c-a080-47d5-9eff-10b42a64c646 9c5ea83172ce462cbed6cc73f94c20d2 aacb1246dc0b436982b73da5586f0a86 - - default default] 10.0.0.130 "GET /v2.0/security-groups?name=tempest-secgroup-smoke-1109894849&fields=id&tenant_id=aacb1246dc0b436982b73da5586f0a86 HTTP/1.1" status: 200 len: 267 time: 0.0537138
2026-07-24 01:07:56.279 9 INFO neutron.wsgi [req-69b0cdc7-be25-4190-a4c4-081d52bc1c58 req-8aed8626-3780-4f80-b053-5680ec038c14 9c5ea83172ce462cbed6cc73f94c20d2 aacb1246dc0b436982b73da5586f0a86 - - default default] 10.0.0.130 "GET /v2.0/networks?id=2455acf3-4aa0-4cfe-ad4a-b696475e9fe1 HTTP/1.1" status: 200 len: 859 time: 0.0742221
2026-07-24 01:07:56.301 9 INFO neutron.wsgi [req-69b0cdc7-be25-4190-a4c4-081d52bc1c58 req-1ff10dfe-ccee-4ed8-9b0e-454e6a013f68 9c5ea83172ce462cbed6cc73f94c20d2 aacb1246dc0b436982b73da5586f0a86 - - default default] 10.0.0.130 "GET /v2.0/quotas/aacb1246dc0b436982b73da5586f0a86 HTTP/1.1" status: 200 len: 386 time: 0.0112424
2026-07-24 01:07:56.302 10 INFO neutron.db.ovn_revision_numbers_db [None req-66642533-64cc-4e10-8458-518c6efa0840 94bad378d0ac49789b0207ecaf4841a0 f29f90f89e844010b1869a4122a24287 - - default default] Successfully bumped revision number for resource 7122f33c-5e39-4c7e-ae8f-4e6a7c3ff2cc (type: ports) to 1
2026-07-24 01:07:56.341 10 INFO neutron.wsgi [None req-66642533-64cc-4e10-8458-518c6efa0840 94bad378d0ac49789b0207ecaf4841a0 f29f90f89e844010b1869a4122a24287 - - default default] 10.0.0.162 "POST /v2.0/networks HTTP/1.1" status: 201 len: 929 time: 1.8332796
2026-07-24 01:07:56.440 9 INFO neutron.wsgi [req-69b0cdc7-be25-4190-a4c4-081d52bc1c58 req-930457e8-3673-4b04-922c-a13d5c61ffa4 9c5ea83172ce462cbed6cc73f94c20d2 aacb1246dc0b436982b73da5586f0a86 - - default default] 10.0.0.130 "GET /v2.0/ports?tenant_id=aacb1246dc0b436982b73da5586f0a86&fields=id HTTP/1.1" status: 200 len: 302 time: 0.1307249
2026-07-24 01:07:56.541 10 INFO neutron.services.segments.plugin [-] Segment 2c1c6c8b-3571-463f-8ad6-123f71bd56d1 resource provider aggregate not found
2026-07-24 01:07:56.546 9 INFO neutron.wsgi [req-69b0cdc7-be25-4190-a4c4-081d52bc1c58 req-71fa5974-4a7f-4b22-9241-ed49f7561e0c 5b1195e95bc648b98e3cd81287838f61 03e397f6b0c9450a88ac58208c027f30 - - 392ff6c0b2584d0ba60bd617569b29fb 392ff6c0b2584d0ba60bd617569b29fb] 10.0.0.130 "GET /v2.0/networks/2455acf3-4aa0-4cfe-ad4a-b696475e9fe1?fields=segments HTTP/1.1" status: 200 len: 212 time: 0.0867913
2026-07-24 01:07:56.548 10 INFO neutron.services.segments.plugin [-] Segment 2c1c6c8b-3571-463f-8ad6-123f71bd56d1 resource provider aggregate not found
2026-07-24 01:07:56.577 9 WARNING neutron.scheduler.dhcp_agent_scheduler [None req-0a996146-12af-417e-9e28-2913704e70eb 94bad378d0ac49789b0207ecaf4841a0 f29f90f89e844010b1869a4122a24287 - - default default] No more DHCP agents
2026-07-24 01:07:56.580 9 WARNING neutron.api.rpc.agentnotifiers.dhcp_rpc_agent_api [None req-0a996146-12af-417e-9e28-2913704e70eb 94bad378d0ac49789b0207ecaf4841a0 f29f90f89e844010b1869a4122a24287 - - default default] Unable to schedule network bbd531a8-b64d-46f9-86b1-29af86b6ea31: no agents available; will retry on subsequent port and subnet creation events.
2026-07-24 01:07:56.580 10 INFO neutron.services.segments.plugin [-] Segment 2c1c6c8b-3571-463f-8ad6-123f71bd56d1 resource provider not found; error: Placement Client Error (4xx): {"errors": [{"status": 404, "title": "Not Found", "detail": "The resource could not be found.\n\n No resource provider with uuid 2c1c6c8b-3571-463f-8ad6-123f71bd56d1 found for delete ", "request_id": "req-38f5983f-0a0c-4e80-8722-d35f43aa34b8"}]}
2026-07-24 01:07:56.582 10 INFO neutron.services.segments.plugin [-] Segment 2c1c6c8b-3571-463f-8ad6-123f71bd56d1 resource provider not found; error: Placement Client Error (4xx): {"errors": [{"status": 404, "title": "Not Found", "detail": "The resource could not be found.\n\n No resource provider with uuid 2c1c6c8b-3571-463f-8ad6-123f71bd56d1 found for delete ", "request_id": "req-27a29f8a-e81a-4983-8c5b-be6bbb54f187"}]}
2026-07-24 01:07:56.630 10 INFO neutron.wsgi [None req-eb3e4d9f-5f76-40b4-a87c-fc074b63cc7c d90a03020cd747c184c94f8ca8485dfe 05c97aad13564ad1b4a30e3c11998cd1 - - default default] 10.0.0.162 "DELETE /v2.0/networks/c82099cd-446d-426f-ab39-7672185d09f5 HTTP/1.1" status: 204 len: 168 time: 0.8047473
2026-07-24 01:07:56.652 9 INFO neutron.wsgi [req-69b0cdc7-be25-4190-a4c4-081d52bc1c58 req-25a3be53-ec68-4b41-a77d-1a2fc9836fd8 5b1195e95bc648b98e3cd81287838f61 03e397f6b0c9450a88ac58208c027f30 - - 392ff6c0b2584d0ba60bd617569b29fb 392ff6c0b2584d0ba60bd617569b29fb] 10.0.0.130 "GET /v2.0/networks/2455acf3-4aa0-4cfe-ad4a-b696475e9fe1?fields=provider%3Aphysical_network&fields=provider%3Anetwork_type HTTP/1.1" status: 200 len: 277 time: 0.0959187
2026-07-24 01:07:56.782 10 INFO neutron.wsgi [None req-9f2fd111-dfbc-4315-83eb-55023bb516ff d90a03020cd747c184c94f8ca8485dfe 05c97aad13564ad1b4a30e3c11998cd1 - - default default] 10.0.0.162 "GET /v2.0/networks HTTP/1.1" status: 200 len: 845 time: 0.1450956
2026-07-24 01:07:56.794 9 WARNING neutron_lib.context [None req-398de81c-c969-44f3-968e-a1dc601d4744 d90a03020cd747c184c94f8ca8485dfe 05c97aad13564ad1b4a30e3c11998cd1 - - default default] Method 'is_advsvc' is deprecated since 2023.2 release (neutron-lib 3.8.0) and will be removed once support for the old RBAC API policies will be removed from Neutron. Please use method 'is_service_role' instead.
2026-07-24 01:07:56.834 9 INFO neutron.wsgi [req-83025eaa-b233-4dd8-b373-f9e4147ed2a5 req-1c08debe-58b2-4112-9096-6111e50f44b3 9c5ea83172ce462cbed6cc73f94c20d2 aacb1246dc0b436982b73da5586f0a86 - - default default] 10.0.0.130 "GET /v2.0/ports?device_id=f42f746f-d514-4e5e-a13a-fbc5e24cf8a3 HTTP/1.1" status: 200 len: 210 time: 0.0287421
2026-07-24 01:07:56.924 9 INFO neutron.db.segments_db [None req-398de81c-c969-44f3-968e-a1dc601d4744 d90a03020cd747c184c94f8ca8485dfe 05c97aad13564ad1b4a30e3c11998cd1 - - default default] Added segment f7e2c528-0d0e-4c03-9a6f-ecd7a5d28261 of type geneve for network 4293da80-55aa-4cce-a175-bcfa6ad68162
2026-07-24 01:07:57.167 9 INFO neutron.db.ovn_revision_numbers_db [None req-398de81c-c969-44f3-968e-a1dc601d4744 d90a03020cd747c184c94f8ca8485dfe 05c97aad13564ad1b4a30e3c11998cd1 - - default default] Successfully bumped revision number for resource 4293da80-55aa-4cce-a175-bcfa6ad68162 (type: networks) to 1
2026-07-24 01:07:57.173 10 INFO neutron.wsgi [None req-21189a35-999c-4259-b0a9-5a55c95499c7 07388095804f4b41880a1e5168ef792c f40f911dac974a868ef420d90022b201 - - default default] 10.0.0.162 "DELETE /v2.0/routers/b98894cc-4e28-41cd-b095-a889026f0884 HTTP/1.1" status: 204 len: 168 time: 1.7708943
2026-07-24 01:07:57.203 10 INFO neutron.wsgi [None req-66002559-cfbb-498e-8b0e-4171e3123274 07388095804f4b41880a1e5168ef792c f40f911dac974a868ef420d90022b201 - - default default] 10.0.0.162 "GET /v2.0/ports?device_id=b98894cc-4e28-41cd-b095-a889026f0884 HTTP/1.1" status: 200 len: 205 time: 0.0221786
2026-07-24 01:07:57.233 10 INFO neutron.api.v2.resource [None req-8b7a3c41-2a9c-408b-9f23-12c6afee10f0 07388095804f4b41880a1e5168ef792c f40f911dac974a868ef420d90022b201 - - default default] delete failed (client error): The resource could not be found.
2026-07-24 01:07:57.235 10 INFO neutron.wsgi [None req-8b7a3c41-2a9c-408b-9f23-12c6afee10f0 07388095804f4b41880a1e5168ef792c f40f911dac974a868ef420d90022b201 - - default default] 10.0.0.162 "DELETE /v2.0/routers/b98894cc-4e28-41cd-b095-a889026f0884 HTTP/1.1" status: 404 len: 336 time: 0.0268397
2026-07-24 01:07:57.262 10 INFO neutron.wsgi [None req-ecf10915-30f2-4ef8-a634-7d23bb14bd92 07388095804f4b41880a1e5168ef792c f40f911dac974a868ef420d90022b201 - - default default] 10.0.0.162 "GET /v2.0/ports?device_id=762b16cd-e4d3-4fbc-9d82-87a6b91bd554 HTTP/1.1" status: 200 len: 205 time: 0.0194449
2026-07-24 01:07:57.287 10 INFO neutron.api.v2.resource [None req-679afe1b-9a71-4a37-9e74-4e3683526962 07388095804f4b41880a1e5168ef792c f40f911dac974a868ef420d90022b201 - - default default] delete failed (client error): The resource could not be found.
2026-07-24 01:07:57.288 10 INFO neutron.wsgi [None req-679afe1b-9a71-4a37-9e74-4e3683526962 07388095804f4b41880a1e5168ef792c f40f911dac974a868ef420d90022b201 - - default default] 10.0.0.162 "DELETE /v2.0/routers/762b16cd-e4d3-4fbc-9d82-87a6b91bd554 HTTP/1.1" status: 404 len: 336 time: 0.0212269
2026-07-24 01:07:57.309 10 INFO neutron.pecan_wsgi.hooks.translation [None req-64cee1b2-469e-4eb5-893f-f08984ee95e6 07388095804f4b41880a1e5168ef792c f40f911dac974a868ef420d90022b201 - - default default] DELETE failed (client error): The resource could not be found.
2026-07-24 01:07:57.312 10 INFO neutron.wsgi [None req-64cee1b2-469e-4eb5-893f-f08984ee95e6 07388095804f4b41880a1e5168ef792c f40f911dac974a868ef420d90022b201 - - default default] 10.0.0.162 "DELETE /v2.0/subnets/b0cd2fd6-1d69-4004-8fb3-89f1147c17ee HTTP/1.1" status: 404 len: 337 time: 0.0177567
2026-07-24 01:07:57.340 10 INFO neutron.wsgi [None req-eb864414-9597-4170-87b4-cac8f3f5e020 07388095804f4b41880a1e5168ef792c f40f911dac974a868ef420d90022b201 - - default default] 10.0.0.162 "GET /v2.0/ports?device_id=0f1790be-fdc1-469e-9415-7fa28470886a HTTP/1.1" status: 200 len: 205 time: 0.0235784
2026-07-24 01:07:57.361 9 INFO neutron.db.ovn_revision_numbers_db [None req-0a996146-12af-417e-9e28-2913704e70eb 94bad378d0ac49789b0207ecaf4841a0 f29f90f89e844010b1869a4122a24287 - - default default] Successfully bumped revision number for resource 7122f33c-5e39-4c7e-ae8f-4e6a7c3ff2cc (type: ports) to 2
2026-07-24 01:07:57.384 10 INFO neutron.api.v2.resource [None req-49eff7cb-c65c-4948-8ce0-2ade1bd1f2c1 07388095804f4b41880a1e5168ef792c f40f911dac974a868ef420d90022b201 - - default default] delete failed (client error): The resource could not be found.
2026-07-24 01:07:57.385 10 INFO neutron.wsgi [None req-49eff7cb-c65c-4948-8ce0-2ade1bd1f2c1 07388095804f4b41880a1e5168ef792c f40f911dac974a868ef420d90022b201 - - default default] 10.0.0.162 "DELETE /v2.0/routers/0f1790be-fdc1-469e-9415-7fa28470886a HTTP/1.1" status: 404 len: 336 time: 0.0310953
2026-07-24 01:07:57.399 9 WARNING neutron.scheduler.dhcp_agent_scheduler [None req-398de81c-c969-44f3-968e-a1dc601d4744 d90a03020cd747c184c94f8ca8485dfe 05c97aad13564ad1b4a30e3c11998cd1 - - default default] No more DHCP agents
