2026-07-24 01:08:33.988 10 INFO neutron.pecan_wsgi.hooks.translation [None req-022dff86-ae27-4e85-80ed-5d066c559ef1 ad4649d1f215432885c84f47dc464689 653340514813435b91e388c8237dcfe8 - - default default] DELETE failed (client error): The resource could not be found.
2026-07-24 01:08:33.990 10 INFO neutron.wsgi [None req-022dff86-ae27-4e85-80ed-5d066c559ef1 ad4649d1f215432885c84f47dc464689 653340514813435b91e388c8237dcfe8 - - default default] 10.0.0.162 "DELETE /v2.0/subnets/66b72af0-bea3-4d37-b443-490eb464cbfd HTTP/1.1" status: 404 len: 337 time: 0.0282617
2026-07-24 01:08:34.204 9 INFO neutron.wsgi [None req-42d02514-237f-4c45-9c66-04045af185a9 62fae09fc55f4d6faa6cb2771886dd1f f0000d67e0dd44b3abf02eb78d769b2c - - default default] 10.0.0.178 "GET /v2.0/subnets HTTP/1.1" status: 200 len: 3375 time: 0.3324153
2026-07-24 01:08:34.222 9 INFO neutron.wsgi [None req-484a1588-d0f9-4256-b67f-60aa10c52af1 62fae09fc55f4d6faa6cb2771886dd1f f0000d67e0dd44b3abf02eb78d769b2c - - default default] 10.0.0.178 "GET /v2.0/subnetpools HTTP/1.1" status: 200 len: 193 time: 0.0157044
2026-07-24 01:08:34.286 9 INFO neutron.wsgi [None req-96c65f27-391c-42b7-8d89-10622b326e94 62fae09fc55f4d6faa6cb2771886dd1f f0000d67e0dd44b3abf02eb78d769b2c - - default default] 10.0.0.178 "GET /v2.0/subnets HTTP/1.1" status: 200 len: 3375 time: 0.0636265
2026-07-24 01:08:34.411 9 INFO neutron.wsgi [None req-04c40167-1742-45cb-a6a1-9afc77b0488f 62fae09fc55f4d6faa6cb2771886dd1f f0000d67e0dd44b3abf02eb78d769b2c - - default default] 10.0.0.178 "GET /v2.0/routers HTTP/1.1" status: 200 len: 857 time: 0.1225886
2026-07-24 01:08:34.434 9 INFO neutron.wsgi [None req-300e0f19-4f61-47ab-93c0-68c57a245d1c 62fae09fc55f4d6faa6cb2771886dd1f f0000d67e0dd44b3abf02eb78d769b2c - - default default] 10.0.0.178 "GET /v2.0/agents?binary=ovn-controller HTTP/1.1" status: 200 len: 591 time: 0.0218561
2026-07-24 01:08:34.465 9 INFO neutron.wsgi [None req-90252183-eee4-4251-bc7e-bb52367c693c 62fae09fc55f4d6faa6cb2771886dd1f f0000d67e0dd44b3abf02eb78d769b2c - - default default] 10.0.0.178 "GET /v2.0/network-ip-availabilities HTTP/1.1" status: 200 len: 2447 time: 0.0291188
2026-07-24 01:08:34.565 9 INFO neutron.wsgi [None req-b3578665-ed0a-49c6-9ff7-a51be805de32 62fae09fc55f4d6faa6cb2771886dd1f f0000d67e0dd44b3abf02eb78d769b2c - - default default] 10.0.0.178 "GET /v2.0/ports HTTP/1.1" status: 200 len: 12839 time: 0.0980387
2026-07-24 01:08:34.566 9 INFO neutron.services.segments.plugin [-] Segment f18ab8df-cbbe-4df2-ad9c-b0fc5d36a2e5 resource provider aggregate not found
2026-07-24 01:08:34.571 9 INFO neutron.services.segments.plugin [-] Segment f18ab8df-cbbe-4df2-ad9c-b0fc5d36a2e5 resource provider aggregate not found
2026-07-24 01:08:34.599 9 INFO neutron.services.segments.plugin [-] Segment f18ab8df-cbbe-4df2-ad9c-b0fc5d36a2e5 resource provider not found; error: Placement Client Error (4xx): {"errors": [{"status": 404, "title": "Not Found", "detail": "The resource could not be found.\n\n No resource provider with uuid f18ab8df-cbbe-4df2-ad9c-b0fc5d36a2e5 found for delete ", "request_id": "req-26865cf4-14d3-45b7-812e-da77feb986f5"}]}
2026-07-24 01:08:34.603 9 INFO neutron.services.segments.plugin [-] Segment f18ab8df-cbbe-4df2-ad9c-b0fc5d36a2e5 resource provider not found; error: Placement Client Error (4xx): {"errors": [{"status": 404, "title": "Not Found", "detail": "The resource could not be found.\n\n No resource provider with uuid f18ab8df-cbbe-4df2-ad9c-b0fc5d36a2e5 found for delete ", "request_id": "req-67f93655-f220-4107-af76-df442832075c"}]}
2026-07-24 01:08:34.654 9 INFO neutron.wsgi [None req-a0a0c51b-be29-407e-9750-b26a649457b1 7d4695f6bb124324a16df3226de115b8 a9feb69038bb475bb80f0387a84224eb - - default default] 10.0.0.162 "DELETE /v2.0/networks/7fca62f2-2a81-4a7a-abc3-a7e78a170087 HTTP/1.1" status: 204 len: 168 time: 1.2329938
2026-07-24 01:08:34.683 9 INFO neutron.wsgi [None req-fde336dd-cfe6-47c0-8c2b-2e400ed31f95 62fae09fc55f4d6faa6cb2771886dd1f f0000d67e0dd44b3abf02eb78d769b2c - - default default] 10.0.0.178 "GET /v2.0/security-groups HTTP/1.1" status: 200 len: 35323 time: 0.1010425
2026-07-24 01:08:34.707 10 INFO neutron.pecan_wsgi.hooks.translation [None req-a15d22a6-e728-4cfe-bac8-362eb032c291 7d4695f6bb124324a16df3226de115b8 a9feb69038bb475bb80f0387a84224eb - - default default] DELETE failed (client error): The resource could not be found.
2026-07-24 01:08:34.711 10 INFO neutron.wsgi [None req-a15d22a6-e728-4cfe-bac8-362eb032c291 7d4695f6bb124324a16df3226de115b8 a9feb69038bb475bb80f0387a84224eb - - default default] 10.0.0.162 "DELETE /v2.0/networks/7fca62f2-2a81-4a7a-abc3-a7e78a170087 HTTP/1.1" status: 404 len: 339 time: 0.0515859
2026-07-24 01:08:34.742 10 INFO neutron.wsgi [None req-738616b5-054f-47ac-9f46-09a38c0d6261 62fae09fc55f4d6faa6cb2771886dd1f f0000d67e0dd44b3abf02eb78d769b2c - - default default] 10.0.0.162 "GET /v2.0/security-groups?tenant_id=653340514813435b91e388c8237dcfe8&name=default HTTP/1.1" status: 200 len: 2996 time: 0.2421255
2026-07-24 01:08:34.838 9 INFO neutron.wsgi [None req-90f8cf13-3152-42e0-8b02-30eb1372279e 7d4695f6bb124324a16df3226de115b8 a9feb69038bb475bb80f0387a84224eb - - default default] 10.0.0.162 "GET /v2.0/networks?router%3Aexternal=True HTTP/1.1" status: 200 len: 845 time: 0.1158559
2026-07-24 01:08:34.891 9 INFO neutron.wsgi [None req-2ab21eed-6891-4bac-a9d3-12e5340724f0 7d4695f6bb124324a16df3226de115b8 a9feb69038bb475bb80f0387a84224eb - - default default] 10.0.0.162 "GET /v2.0/subnets?network_id=1fbc47eb-ff30-409f-aace-73c56d09cabf HTTP/1.1" status: 200 len: 820 time: 0.0466115
2026-07-24 01:08:34.904 9 INFO neutron.wsgi [None req-a394a35e-b99c-442d-91b2-cd83ea1cf68a 7d4695f6bb124324a16df3226de115b8 a9feb69038bb475bb80f0387a84224eb - - default default] 10.0.0.162 "GET /v2.0/extensions HTTP/1.1" status: 200 len: 16975 time: 0.0065582
2026-07-24 01:08:34.995 9 INFO neutron.wsgi [None req-8053e435-358c-4120-9abd-9aa327576d52 7d4695f6bb124324a16df3226de115b8 a9feb69038bb475bb80f0387a84224eb - - default default] 10.0.0.162 "GET /v2.0/networks HTTP/1.1" status: 200 len: 1508 time: 0.0840313
2026-07-24 01:08:35.071 9 INFO neutron.wsgi [None req-e3552471-06ba-4421-b4f2-5dc7350ea2ae 7d4695f6bb124324a16df3226de115b8 a9feb69038bb475bb80f0387a84224eb - - default default] 10.0.0.162 "GET /v2.0/subnets HTTP/1.1" status: 200 len: 1460 time: 0.0671377
2026-07-24 01:08:35.159 9 INFO neutron.wsgi [None req-e9b810c1-525d-4fc4-877b-5215ed622b54 7d4695f6bb124324a16df3226de115b8 a9feb69038bb475bb80f0387a84224eb - - default default] 10.0.0.162 "GET /v2.0/networks/c1611f91-2cd7-433d-9d61-3fa71445fc8f HTTP/1.1" status: 200 len: 867 time: 0.0804963
2026-07-24 01:08:35.209 10 INFO neutron.wsgi [None req-49d70c8a-4883-425c-8638-5820585e1dd2 7d4695f6bb124324a16df3226de115b8 a9feb69038bb475bb80f0387a84224eb - - default default] 10.0.0.162 "GET /v2.0/subnets/8203cfe2-2f75-4c5f-b6c9-774cbc21f67c HTTP/1.1" status: 200 len: 843 time: 0.0414495
2026-07-24 01:08:35.213 10 INFO neutron.wsgi [None req-cdaa57d1-5362-4c49-9230-05c7f4d7cdd5 62fae09fc55f4d6faa6cb2771886dd1f f0000d67e0dd44b3abf02eb78d769b2c - - default default] 10.0.0.162 "DELETE /v2.0/security-groups/59aa8f7b-c090-4d9c-b843-12ea970bc0f8 HTTP/1.1" status: 204 len: 168 time: 0.4669144
2026-07-24 01:08:35.231 9 INFO neutron.pecan_wsgi.hooks.translation [None req-1854e259-960c-41d4-8481-41e994bee07a 7d4695f6bb124324a16df3226de115b8 a9feb69038bb475bb80f0387a84224eb - - default default] DELETE failed (client error): The resource could not be found.
2026-07-24 01:08:35.233 9 INFO neutron.wsgi [None req-1854e259-960c-41d4-8481-41e994bee07a 7d4695f6bb124324a16df3226de115b8 a9feb69038bb475bb80f0387a84224eb - - default default] 10.0.0.162 "DELETE /v2.0/subnets/7f4fc57a-0536-4de7-8b3b-42a372cc03bd HTTP/1.1" status: 404 len: 337 time: 0.0172968
2026-07-24 01:08:35.250 9 INFO neutron.pecan_wsgi.hooks.translation [None req-341091f0-584a-465e-9d34-fd4ef2bb4f4b 7d4695f6bb124324a16df3226de115b8 a9feb69038bb475bb80f0387a84224eb - - default default] DELETE failed (client error): The resource could not be found.
2026-07-24 01:08:35.253 9 INFO neutron.wsgi [None req-341091f0-584a-465e-9d34-fd4ef2bb4f4b 7d4695f6bb124324a16df3226de115b8 a9feb69038bb475bb80f0387a84224eb - - default default] 10.0.0.162 "DELETE /v2.0/networks/7fca62f2-2a81-4a7a-abc3-a7e78a170087 HTTP/1.1" status: 404 len: 339 time: 0.0154574
2026-07-24 01:08:35.447 10 INFO neutron.wsgi [None req-4fe86275-4157-4fd5-a7ff-102f5c6c05c6 7d4695f6bb124324a16df3226de115b8 a9feb69038bb475bb80f0387a84224eb - - default default] 10.0.0.162 "DELETE /v2.0/subnets/8203cfe2-2f75-4c5f-b6c9-774cbc21f67c HTTP/1.1" status: 204 len: 168 time: 0.1904027
2026-07-24 01:08:35.820 10 INFO neutron.services.segments.plugin [-] Segment 32618678-5e2c-4b84-801a-a79d91f0d5e8 resource provider aggregate not found
2026-07-24 01:08:35.837 10 INFO neutron.services.segments.plugin [-] Segment 32618678-5e2c-4b84-801a-a79d91f0d5e8 resource provider not found; error: Placement Client Error (4xx): {"errors": [{"status": 404, "title": "Not Found", "detail": "The resource could not be found.\n\n No resource provider with uuid 32618678-5e2c-4b84-801a-a79d91f0d5e8 found for delete ", "request_id": "req-f5f462ec-f053-4e61-9a53-a1a0db08fdaf"}]}
2026-07-24 01:08:35.840 10 INFO neutron.services.segments.plugin [-] Segment 32618678-5e2c-4b84-801a-a79d91f0d5e8 resource provider aggregate not found
2026-07-24 01:08:35.861 10 INFO neutron.services.segments.plugin [-] Segment 32618678-5e2c-4b84-801a-a79d91f0d5e8 resource provider not found; error: Placement Client Error (4xx): {"errors": [{"status": 404, "title": "Not Found", "detail": "The resource could not be found.\n\n No resource provider with uuid 32618678-5e2c-4b84-801a-a79d91f0d5e8 found for delete ", "request_id": "req-be064e75-cdc1-4ca6-9776-8a9566f3f7a2"}]}
2026-07-24 01:08:35.883 10 INFO neutron.wsgi [None req-5b3eccfe-106f-442b-9687-127b3f661c59 7d4695f6bb124324a16df3226de115b8 a9feb69038bb475bb80f0387a84224eb - - default default] 10.0.0.162 "DELETE /v2.0/networks/c1611f91-2cd7-433d-9d61-3fa71445fc8f HTTP/1.1" status: 204 len: 168 time: 0.4309740
2026-07-24 01:08:36.196 10 WARNING neutron_lib.context [None req-d0af8370-e005-407e-a10b-7200e1cfd104 bb0031e5d93643878a23c64a56501a37 6a4334530be64f73bc18e91f18ff05d7 - - default default] Method 'is_advsvc' is deprecated since 2023.2 release (neutron-lib 3.8.0) and will be removed once support for the old RBAC API policies will be removed from Neutron. Please use method 'is_service_role' instead.
2026-07-24 01:08:36.250 9 WARNING neutron.plugins.ml2.drivers.ovn.mech_driver.ovsdb.ovn_client [None req-0fa86b58-638e-483a-8b43-55a5768edc70 - - - - - -] No port found with ID 78da120e-1f25-4668-8eda-9adc09f9729b: RuntimeError: No port found with ID 78da120e-1f25-4668-8eda-9adc09f9729b
2026-07-24 01:08:36.348 10 INFO neutron.db.ovn_revision_numbers_db [None req-d0af8370-e005-407e-a10b-7200e1cfd104 bb0031e5d93643878a23c64a56501a37 6a4334530be64f73bc18e91f18ff05d7 - - default default] Successfully bumped revision number for resource 7cf38b08-fa5a-415d-a2d6-2e303f7f8d51 (type: security_groups) to 1
2026-07-24 01:08:36.365 10 INFO neutron.db.ovn_revision_numbers_db [None req-d0af8370-e005-407e-a10b-7200e1cfd104 bb0031e5d93643878a23c64a56501a37 6a4334530be64f73bc18e91f18ff05d7 - - default default] Successfully bumped revision number for resource 302e3cca-8341-4093-ac7b-b32dceb96cda (type: security_group_rules) to 0
2026-07-24 01:08:36.381 10 INFO neutron.db.ovn_revision_numbers_db [None req-d0af8370-e005-407e-a10b-7200e1cfd104 bb0031e5d93643878a23c64a56501a37 6a4334530be64f73bc18e91f18ff05d7 - - default default] Successfully bumped revision number for resource 57b2789a-a794-4267-9e35-ef10b5c6e302 (type: security_group_rules) to 0
2026-07-24 01:08:36.399 10 INFO neutron.db.ovn_revision_numbers_db [None req-d0af8370-e005-407e-a10b-7200e1cfd104 bb0031e5d93643878a23c64a56501a37 6a4334530be64f73bc18e91f18ff05d7 - - default default] Successfully bumped revision number for resource b7310044-5966-42f3-801c-39c06bb171ca (type: security_group_rules) to 0
2026-07-24 01:08:36.415 10 INFO neutron.db.ovn_revision_numbers_db [None req-d0af8370-e005-407e-a10b-7200e1cfd104 bb0031e5d93643878a23c64a56501a37 6a4334530be64f73bc18e91f18ff05d7 - - default default] Successfully bumped revision number for resource cf5a8c20-420b-4943-a469-79b0a74c17ec (type: security_group_rules) to 0
2026-07-24 01:08:36.473 10 INFO neutron.db.segments_db [None req-d0af8370-e005-407e-a10b-7200e1cfd104 bb0031e5d93643878a23c64a56501a37 6a4334530be64f73bc18e91f18ff05d7 - - default default] Added segment 4a576e59-e8f2-4c53-ab58-5b2409ff7d10 of type geneve for network 14e0bec1-3767-4a13-866c-a54f77205703
2026-07-24 01:08:36.512 9 INFO neutron.wsgi [None req-23b01a42-5f4d-4c21-a3ef-d84bb092959c 62fae09fc55f4d6faa6cb2771886dd1f f0000d67e0dd44b3abf02eb78d769b2c - - default default] 10.0.0.162 "GET /v2.0/security-groups?tenant_id=a9feb69038bb475bb80f0387a84224eb&name=default HTTP/1.1" status: 200 len: 2996 time: 0.1590486
2026-07-24 01:08:36.625 10 INFO neutron.db.ovn_revision_numbers_db [None req-d0af8370-e005-407e-a10b-7200e1cfd104 bb0031e5d93643878a23c64a56501a37 6a4334530be64f73bc18e91f18ff05d7 - - default default] Successfully bumped revision number for resource 14e0bec1-3767-4a13-866c-a54f77205703 (type: networks) to 1
2026-07-24 01:08:36.720 9 INFO neutron.wsgi [None req-066b3417-37c0-47ff-9b35-fa1d39baca11 62fae09fc55f4d6faa6cb2771886dd1f f0000d67e0dd44b3abf02eb78d769b2c - - default default] 10.0.0.162 "DELETE /v2.0/security-groups/c1b97adf-cd26-47bc-8919-c87c796664a9 HTTP/1.1" status: 204 len: 168 time: 0.2024875
2026-07-24 01:08:36.802 10 WARNING neutron.scheduler.dhcp_agent_scheduler [None req-d0af8370-e005-407e-a10b-7200e1cfd104 bb0031e5d93643878a23c64a56501a37 6a4334530be64f73bc18e91f18ff05d7 - - default default] No more DHCP agents
2026-07-24 01:08:36.804 10 WARNING neutron.api.rpc.agentnotifiers.dhcp_rpc_agent_api [None req-d0af8370-e005-407e-a10b-7200e1cfd104 bb0031e5d93643878a23c64a56501a37 6a4334530be64f73bc18e91f18ff05d7 - - default default] Unable to schedule network 14e0bec1-3767-4a13-866c-a54f77205703: no agents available; will retry on subsequent port and subnet creation events.
2026-07-24 01:08:36.900 10 INFO neutron.db.ovn_revision_numbers_db [None req-d0af8370-e005-407e-a10b-7200e1cfd104 bb0031e5d93643878a23c64a56501a37 6a4334530be64f73bc18e91f18ff05d7 - - default default] Successfully bumped revision number for resource 1123100b-94b6-4dda-8e62-3ea62749b739 (type: ports) to 1
2026-07-24 01:08:36.934 10 INFO neutron.wsgi [None req-d0af8370-e005-407e-a10b-7200e1cfd104 bb0031e5d93643878a23c64a56501a37 6a4334530be64f73bc18e91f18ff05d7 - - default default] 10.0.0.162 "POST /v2.0/networks HTTP/1.1" status: 201 len: 831 time: 0.8528349
2026-07-24 01:08:37.029 10 INFO neutron.wsgi [None req-1954a1b5-e620-4ea4-9e7a-c4025ca9e16b bb0031e5d93643878a23c64a56501a37 6a4334530be64f73bc18e91f18ff05d7 - - default default] 10.0.0.162 "PUT /v2.0/networks/14e0bec1-3767-4a13-866c-a54f77205703/tags HTTP/1.1" status: 200 len: 218 time: 0.0826910
2026-07-24 01:08:37.087 10 INFO neutron.wsgi [None req-6e823e5e-55dd-46a7-98a1-f989a51db267 bb0031e5d93643878a23c64a56501a37 6a4334530be64f73bc18e91f18ff05d7 - - default default] 10.0.0.162 "GET /v2.0/networks/14e0bec1-3767-4a13-866c-a54f77205703/tags HTTP/1.1" status: 200 len: 218 time: 0.0523548
2026-07-24 01:08:37.155 10 INFO neutron.wsgi [None req-14335465-8d91-4909-9f5c-0383c02df324 bb0031e5d93643878a23c64a56501a37 6a4334530be64f73bc18e91f18ff05d7 - - default default] 10.0.0.162 "PUT /v2.0/networks/14e0bec1-3767-4a13-866c-a54f77205703/tags/green HTTP/1.1" status: 201 len: 201 time: 0.0610697
2026-07-24 01:08:37.209 10 INFO neutron.wsgi [None req-d475999b-7a49-4779-a3e5-3b98d6d655ad bb0031e5d93643878a23c64a56501a37 6a4334530be64f73bc18e91f18ff05d7 - - default default] 10.0.0.162 "GET /v2.0/networks/14e0bec1-3767-4a13-866c-a54f77205703/tags HTTP/1.1" status: 200 len: 227 time: 0.0492563
2026-07-24 01:08:37.254 9 WARNING neutron_lib.context [None req-9cd6b3cf-39f5-42bc-b5e4-77696109246e addff834dbe645cb924e5852cfd53acf 79462db4f6ac4243b0050dcc3df68cd1 - - default default] Method 'is_advsvc' is deprecated since 2023.2 release (neutron-lib 3.8.0) and will be removed once support for the old RBAC API policies will be removed from Neutron. Please use method 'is_service_role' instead.
2026-07-24 01:08:37.268 10 INFO neutron.wsgi [None req-fe97a3c7-ae99-49c7-9920-dd6f27acb0dd bb0031e5d93643878a23c64a56501a37 6a4334530be64f73bc18e91f18ff05d7 - - default default] 10.0.0.162 "PUT /v2.0/networks/14e0bec1-3767-4a13-866c-a54f77205703/tags/red HTTP/1.1" status: 201 len: 201 time: 0.0526633
2026-07-24 01:08:37.322 10 INFO neutron.wsgi [None req-a0db31ae-19d2-4edd-bd5b-b7f2173a0e1c bb0031e5d93643878a23c64a56501a37 6a4334530be64f73bc18e91f18ff05d7 - - default default] 10.0.0.162 "GET /v2.0/networks/14e0bec1-3767-4a13-866c-a54f77205703/tags HTTP/1.1" status: 200 len: 227 time: 0.0494094
2026-07-24 01:08:37.407 9 INFO neutron.wsgi [None req-4ed92a6d-9c9f-4a84-9770-2c9f5aebc321 bb0031e5d93643878a23c64a56501a37 6a4334530be64f73bc18e91f18ff05d7 - - default default] 10.0.0.162 "PUT /v2.0/networks/14e0bec1-3767-4a13-866c-a54f77205703/tags/black.or.white HTTP/1.1" status: 201 len: 201 time: 0.0788720
2026-07-24 01:08:37.408 9 INFO neutron.db.ovn_revision_numbers_db [None req-9cd6b3cf-39f5-42bc-b5e4-77696109246e addff834dbe645cb924e5852cfd53acf 79462db4f6ac4243b0050dcc3df68cd1 - - default default] Successfully bumped revision number for resource ee2b84cb-dccd-4e7f-a032-f9c2db06adc4 (type: security_groups) to 1
2026-07-24 01:08:37.435 9 INFO neutron.db.ovn_revision_numbers_db [None req-9cd6b3cf-39f5-42bc-b5e4-77696109246e addff834dbe645cb924e5852cfd53acf 79462db4f6ac4243b0050dcc3df68cd1 - - default default] Successfully bumped revision number for resource 60fd4066-86b8-4a9b-b1c2-d2557e7073ab (type: security_group_rules) to 0
2026-07-24 01:08:37.460 9 INFO neutron.wsgi [None req-2d9360ce-c403-4dd8-bfbe-c612bc31551a bb0031e5d93643878a23c64a56501a37 6a4334530be64f73bc18e91f18ff05d7 - - default default] 10.0.0.162 "GET /v2.0/networks/14e0bec1-3767-4a13-866c-a54f77205703/tags HTTP/1.1" status: 200 len: 245 time: 0.0484691
2026-07-24 01:08:37.461 9 INFO neutron.db.ovn_revision_numbers_db [None req-9cd6b3cf-39f5-42bc-b5e4-77696109246e addff834dbe645cb924e5852cfd53acf 79462db4f6ac4243b0050dcc3df68cd1 - - default default] Successfully bumped revision number for resource c0b86355-c6ae-4bd3-b0a4-33a55ff4c10c (type: security_group_rules) to 0
2026-07-24 01:08:37.475 9 INFO neutron.db.ovn_revision_numbers_db [None req-9cd6b3cf-39f5-42bc-b5e4-77696109246e addff834dbe645cb924e5852cfd53acf 79462db4f6ac4243b0050dcc3df68cd1 - - default default] Successfully bumped revision number for resource c598c1c7-339b-4844-9fb7-20f0855e0356 (type: security_group_rules) to 0
2026-07-24 01:08:37.489 9 INFO neutron.db.ovn_revision_numbers_db [None req-9cd6b3cf-39f5-42bc-b5e4-77696109246e addff834dbe645cb924e5852cfd53acf 79462db4f6ac4243b0050dcc3df68cd1 - - default default] Successfully bumped revision number for resource f0130dd3-f143-4fec-8db3-4a2834cf383a (type: security_group_rules) to 0
2026-07-24 01:08:37.543 10 INFO neutron.wsgi [None req-5fd54042-39b4-418f-a2e5-e55a93f92bd9 bb0031e5d93643878a23c64a56501a37 6a4334530be64f73bc18e91f18ff05d7 - - default default] 10.0.0.162 "PUT /v2.0/networks/14e0bec1-3767-4a13-866c-a54f77205703/tags HTTP/1.1" status: 200 len: 230 time: 0.0780375
2026-07-24 01:08:37.607 9 INFO neutron.db.ovn_revision_numbers_db [None req-9cd6b3cf-39f5-42bc-b5e4-77696109246e addff834dbe645cb924e5852cfd53acf 79462db4f6ac4243b0050dcc3df68cd1 - - default default] Successfully bumped revision number for resource 4168e0ee-1f55-40c4-a6c2-0adb135ba7fd (type: security_groups) to 1
2026-07-24 01:08:37.615 9 INFO neutron.wsgi [None req-73914d21-2493-4f02-94f1-05e64f82d46e bb0031e5d93643878a23c64a56501a37 6a4334530be64f73bc18e91f18ff05d7 - - default default] 10.0.0.162 "GET /v2.0/networks/14e0bec1-3767-4a13-866c-a54f77205703/tags HTTP/1.1" status: 200 len: 230 time: 0.0473745
2026-07-24 01:08:37.639 9 INFO neutron.db.ovn_revision_numbers_db [None req-9cd6b3cf-39f5-42bc-b5e4-77696109246e addff834dbe645cb924e5852cfd53acf 79462db4f6ac4243b0050dcc3df68cd1 - - default default] Successfully bumped revision number for resource 60e86679-ccdf-4f49-aa64-1e7c8345863a (type: security_group_rules) to 0
2026-07-24 01:08:37.670 9 INFO neutron.wsgi [None req-b78c0d5b-812e-46d5-82d9-aa8da00f490b bb0031e5d93643878a23c64a56501a37 6a4334530be64f73bc18e91f18ff05d7 - - default default] 10.0.0.162 "GET /v2.0/networks/14e0bec1-3767-4a13-866c-a54f77205703/tags/red HTTP/1.1" status: 204 len: 168 time: 0.0471723
2026-07-24 01:08:37.671 9 INFO neutron.db.ovn_revision_numbers_db [None req-9cd6b3cf-39f5-42bc-b5e4-77696109246e addff834dbe645cb924e5852cfd53acf 79462db4f6ac4243b0050dcc3df68cd1 - - default default] Successfully bumped revision number for resource b004efe5-a3df-436b-80a0-732e40e5f426 (type: security_group_rules) to 0
2026-07-24 01:08:37.697 9 INFO neutron.wsgi [None req-9cd6b3cf-39f5-42bc-b5e4-77696109246e addff834dbe645cb924e5852cfd53acf 79462db4f6ac4243b0050dcc3df68cd1 - - default default] 10.0.0.162 "POST /v2.0/security-groups HTTP/1.1" status: 201 len: 1760 time: 0.6196001
2026-07-24 01:08:37.722 9 INFO neutron.api.v2.resource [None req-19cde3db-f70e-4cde-b5cc-2eafbb3c21bd bb0031e5d93643878a23c64a56501a37 6a4334530be64f73bc18e91f18ff05d7 - - default default] show failed (client error): The resource could not be found.
2026-07-24 01:08:37.723 9 INFO neutron.wsgi [None req-19cde3db-f70e-4cde-b5cc-2eafbb3c21bd bb0031e5d93643878a23c64a56501a37 6a4334530be64f73bc18e91f18ff05d7 - - default default] 10.0.0.162 "GET /v2.0/networks/14e0bec1-3767-4a13-866c-a54f77205703/tags/green HTTP/1.1" status: 404 len: 299 time: 0.0470300
2026-07-24 01:08:37.745 10 INFO neutron.wsgi [None req-f4252bbf-c6af-48dc-97b6-71198872f86d addff834dbe645cb924e5852cfd53acf 79462db4f6ac4243b0050dcc3df68cd1 - - default default] 10.0.0.162 "GET /v2.0/security-groups HTTP/1.1" status: 200 len: 4538 time: 0.0421407
2026-07-24 01:08:37.798 9 INFO neutron.wsgi [None req-46eb1e9e-b4ac-4df1-a5a9-880ade0fd828 bb0031e5d93643878a23c64a56501a37 6a4334530be64f73bc18e91f18ff05d7 - - default default] 10.0.0.162 "DELETE /v2.0/networks/14e0bec1-3767-4a13-866c-a54f77205703/tags/red HTTP/1.1" status: 204 len: 168 time: 0.0675108
2026-07-24 01:08:37.851 10 INFO neutron.db.ovn_revision_numbers_db [None req-d8550b18-775c-469b-9b2f-28f967165062 addff834dbe645cb924e5852cfd53acf 79462db4f6ac4243b0050dcc3df68cd1 - - default default] Successfully bumped revision number for resource 4168e0ee-1f55-40c4-a6c2-0adb135ba7fd (type: security_groups) to 2
2026-07-24 01:08:37.856 10 INFO neutron.wsgi [None req-d8550b18-775c-469b-9b2f-28f967165062 addff834dbe645cb924e5852cfd53acf 79462db4f6ac4243b0050dcc3df68cd1 - - default default] 10.0.0.162 "PUT /v2.0/security-groups/4168e0ee-1f55-40c4-a6c2-0adb135ba7fd HTTP/1.1" status: 200 len: 1794 time: 0.1055877
2026-07-24 01:08:37.861 9 INFO neutron.wsgi [None req-3c40c649-922e-42a5-8e99-37ca95cfa9d6 bb0031e5d93643878a23c64a56501a37 6a4334530be64f73bc18e91f18ff05d7 - - default default] 10.0.0.162 "GET /v2.0/networks/14e0bec1-3767-4a13-866c-a54f77205703/tags HTTP/1.1" status: 200 len: 223 time: 0.0572350
2026-07-24 01:08:37.920 10 INFO neutron.wsgi [None req-892e6839-fbf8-472a-a3d0-e518557caa8c addff834dbe645cb924e5852cfd53acf 79462db4f6ac4243b0050dcc3df68cd1 - - default default] 10.0.0.162 "GET /v2.0/security-groups/4168e0ee-1f55-40c4-a6c2-0adb135ba7fd HTTP/1.1" status: 200 len: 1794 time: 0.0583203
2026-07-24 01:08:37.927 9 INFO neutron.api.v2.resource [None req-4f396065-18a3-4cc5-87eb-cc34c1cb7d98 bb0031e5d93643878a23c64a56501a37 6a4334530be64f73bc18e91f18ff05d7 - - default default] delete failed (client error): The resource could not be found.
2026-07-24 01:08:37.931 9 INFO neutron.wsgi [None req-4f396065-18a3-4cc5-87eb-cc34c1cb7d98 bb0031e5d93643878a23c64a56501a37 6a4334530be64f73bc18e91f18ff05d7 - - default default] 10.0.0.162 "DELETE /v2.0/networks/14e0bec1-3767-4a13-866c-a54f77205703/tags/green HTTP/1.1" status: 404 len: 299 time: 0.0619426
2026-07-24 01:08:37.999 9 INFO neutron.wsgi [None req-25172e60-bb71-4592-9d62-2c4e597327e4 bb0031e5d93643878a23c64a56501a37 6a4334530be64f73bc18e91f18ff05d7 - - default default] 10.0.0.162 "DELETE /v2.0/networks/14e0bec1-3767-4a13-866c-a54f77205703/tags HTTP/1.1" status: 204 len: 168 time: 0.0630016
2026-07-24 01:08:38.056 9 INFO neutron.wsgi [None req-62137335-bfaa-4ec3-8a8e-5f65494ac21d bb0031e5d93643878a23c64a56501a37 6a4334530be64f73bc18e91f18ff05d7 - - default default] 10.0.0.162 "GET /v2.0/networks/14e0bec1-3767-4a13-866c-a54f77205703/tags HTTP/1.1" status: 200 len: 205 time: 0.0511456
2026-07-24 01:08:38.057 10 INFO neutron.wsgi [None req-4cd60d1b-24a7-4714-bc2a-cc070b200f74 addff834dbe645cb924e5852cfd53acf 79462db4f6ac4243b0050dcc3df68cd1 - - default default] 10.0.0.162 "DELETE /v2.0/security-groups/4168e0ee-1f55-40c4-a6c2-0adb135ba7fd HTTP/1.1" status: 204 len: 168 time: 0.1324251
2026-07-24 01:08:38.103 10 INFO neutron.wsgi [None req-57b6ad6e-69c4-4a0f-b452-83b1661522e8 addff834dbe645cb924e5852cfd53acf 79462db4f6ac4243b0050dcc3df68cd1 - - default default] 10.0.0.162 "GET /v2.0/security-groups HTTP/1.1" status: 200 len: 2996 time: 0.0400009
2026-07-24 01:08:38.123 9 INFO neutron.api.v2.resource [None req-5ea10037-12f9-4144-87c3-2b475377dc4a addff834dbe645cb924e5852cfd53acf 79462db4f6ac4243b0050dcc3df68cd1 - - default default] delete failed (client error): The resource could not be found.
2026-07-24 01:08:38.125 9 INFO neutron.wsgi [None req-5ea10037-12f9-4144-87c3-2b475377dc4a addff834dbe645cb924e5852cfd53acf 79462db4f6ac4243b0050dcc3df68cd1 - - default default] 10.0.0.162 "DELETE /v2.0/security-groups/4168e0ee-1f55-40c4-a6c2-0adb135ba7fd HTTP/1.1" status: 404 len: 347 time: 0.0123107
2026-07-24 01:08:38.138 10 WARNING neutron_lib.context [None req-5de037f0-c44b-4c36-9823-b4066c8a271d addff834dbe645cb924e5852cfd53acf 79462db4f6ac4243b0050dcc3df68cd1 - - default default] Method 'is_advsvc' is deprecated since 2023.2 release (neutron-lib 3.8.0) and will be removed once support for the old RBAC API policies will be removed from Neutron. Please use method 'is_service_role' instead.
2026-07-24 01:08:38.278 10 INFO neutron.db.ovn_revision_numbers_db [None req-5de037f0-c44b-4c36-9823-b4066c8a271d addff834dbe645cb924e5852cfd53acf 79462db4f6ac4243b0050dcc3df68cd1 - - default default] Successfully bumped revision number for resource c3c9d12b-788d-449b-a731-b544980e11db (type: security_groups) to 1
2026-07-24 01:08:38.294 10 INFO neutron.db.ovn_revision_numbers_db [None req-5de037f0-c44b-4c36-9823-b4066c8a271d addff834dbe645cb924e5852cfd53acf 79462db4f6ac4243b0050dcc3df68cd1 - - default default] Successfully bumped revision number for resource 51ce9548-8a3e-415e-9493-f0ada4a96881 (type: security_group_rules) to 0
2026-07-24 01:08:38.310 10 INFO neutron.db.ovn_revision_numbers_db [None req-5de037f0-c44b-4c36-9823-b4066c8a271d addff834dbe645cb924e5852cfd53acf 79462db4f6ac4243b0050dcc3df68cd1 - - default default] Successfully bumped revision number for resource c47a0a59-826b-4ed5-b64a-fecfd6c0a9d0 (type: security_group_rules) to 0
2026-07-24 01:08:38.331 10 INFO neutron.wsgi [None req-5de037f0-c44b-4c36-9823-b4066c8a271d addff834dbe645cb924e5852cfd53acf 79462db4f6ac4243b0050dcc3df68cd1 - - default default] 10.0.0.162 "POST /v2.0/security-groups HTTP/1.1" status: 201 len: 1760 time: 0.2001424
2026-07-24 01:08:38.346 9 WARNING neutron_lib.context [None req-b7416868-79c7-470a-b328-3f098aca1461 addff834dbe645cb924e5852cfd53acf 79462db4f6ac4243b0050dcc3df68cd1 - - default default] Method 'is_advsvc' is deprecated since 2023.2 release (neutron-lib 3.8.0) and will be removed once support for the old RBAC API policies will be removed from Neutron. Please use method 'is_service_role' instead.
2026-07-24 01:08:38.509 9 INFO neutron.services.segments.plugin [-] Segment 4a576e59-e8f2-4c53-ab58-5b2409ff7d10 resource provider aggregate not found
2026-07-24 01:08:38.514 9 INFO neutron.services.segments.plugin [-] Segment 4a576e59-e8f2-4c53-ab58-5b2409ff7d10 resource provider aggregate not found
2026-07-24 01:08:38.534 9 INFO neutron.services.segments.plugin [-] Segment 4a576e59-e8f2-4c53-ab58-5b2409ff7d10 resource provider not found; error: Placement Client Error (4xx): {"errors": [{"status": 404, "title": "Not Found", "detail": "The resource could not be found.\n\n No resource provider with uuid 4a576e59-e8f2-4c53-ab58-5b2409ff7d10 found for delete ", "request_id": "req-b6a431d8-6169-40d7-aa94-33af1a6a4f5f"}]}
2026-07-24 01:08:38.536 9 INFO neutron.services.segments.plugin [-] Segment 4a576e59-e8f2-4c53-ab58-5b2409ff7d10 resource provider not found; error: Placement Client Error (4xx): {"errors": [{"status": 404, "title": "Not Found", "detail": "The resource could not be found.\n\n No resource provider with uuid 4a576e59-e8f2-4c53-ab58-5b2409ff7d10 found for delete ", "request_id": "req-a5452971-af51-4903-88d7-a14b3c6b0c2a"}]}
2026-07-24 01:08:38.565 9 INFO neutron.wsgi [None req-80a520bc-54e1-4e03-bb8f-0e6a349dd6b5 bb0031e5d93643878a23c64a56501a37 6a4334530be64f73bc18e91f18ff05d7 - - default default] 10.0.0.162 "DELETE /v2.0/networks/14e0bec1-3767-4a13-866c-a54f77205703 HTTP/1.1" status: 204 len: 168 time: 0.5010309
2026-07-24 01:08:38.566 9 INFO neutron.db.ovn_revision_numbers_db [None req-b7416868-79c7-470a-b328-3f098aca1461 addff834dbe645cb924e5852cfd53acf 79462db4f6ac4243b0050dcc3df68cd1 - - default default] Successfully bumped revision number for resource 46a427d5-637a-4181-8c22-4bcdc0488d1e (type: security_group_rules) to 0
2026-07-24 01:08:38.607 9 INFO neutron.wsgi [None req-b7416868-79c7-470a-b328-3f098aca1461 addff834dbe645cb924e5852cfd53acf 79462db4f6ac4243b0050dcc3df68cd1 - - default default] 10.0.0.162 "POST /v2.0/security-group-rules HTTP/1.1" status: 201 len: 768 time: 0.2672505
2026-07-24 01:08:38.619 9 INFO neutron.wsgi [req-c80234a3-80ae-4f62-8bf2-9befcad5055b req-40408b26-495b-4ac3-a4af-898804c48426 5b1195e95bc648b98e3cd81287838f61 03e397f6b0c9450a88ac58208c027f30 - - 392ff6c0b2584d0ba60bd617569b29fb 392ff6c0b2584d0ba60bd617569b29fb] 10.0.0.117 "GET /v2.0/ports?device_id=4f325912-8885-489c-92b3-c3c1efb214ea HTTP/1.1" status: 200 len: 1409 time: 0.0469646
2026-07-24 01:08:38.642 9 INFO neutron.wsgi [None req-10161df6-fe4a-44ee-a4ce-f56bac450370 addff834dbe645cb924e5852cfd53acf 79462db4f6ac4243b0050dcc3df68cd1 - - default default] 10.0.0.162 "GET /v2.0/security-group-rules/46a427d5-637a-4181-8c22-4bcdc0488d1e HTTP/1.1" status: 200 len: 763 time: 0.0290275
2026-07-24 01:08:38.669 9 INFO neutron.wsgi [req-c80234a3-80ae-4f62-8bf2-9befcad5055b req-da8c43b2-3424-4cc0-95dc-98ad20346d96 5b1195e95bc648b98e3cd81287838f61 03e397f6b0c9450a88ac58208c027f30 - - 392ff6c0b2584d0ba60bd617569b29fb 392ff6c0b2584d0ba60bd617569b29fb] 10.0.0.117 "GET /v2.0/security-groups?id=7cb83d7b-1ae5-405c-8020-77c6f182ce90&fields=id&fields=name HTTP/1.1" status: 200 len: 313 time: 0.0410500
2026-07-24 01:08:38.739 10 INFO neutron.wsgi [None req-79c0169c-ce7a-4df6-91aa-41733cb70417 addff834dbe645cb924e5852cfd53acf 79462db4f6ac4243b0050dcc3df68cd1 - - default default] 10.0.0.162 "GET /v2.0/security-group-rules HTTP/1.1" status: 200 len: 4113 time: 0.0899866
2026-07-24 01:08:38.808 10 INFO neutron.wsgi [-] 10.0.0.128 "GET / HTTP/1.1" status: 200 len: 247 time: 0.0020354
2026-07-24 01:08:38.812 9 INFO neutron.wsgi [-] 10.0.0.128 "GET / HTTP/1.1" status: 200 len: 247 time: 0.0040951
2026-07-24 01:08:38.919 10 INFO neutron.wsgi [None req-1b436e42-da77-406f-94a1-35aae3f8aa2c addff834dbe645cb924e5852cfd53acf 79462db4f6ac4243b0050dcc3df68cd1 - - default default] 10.0.0.162 "DELETE /v2.0/security-group-rules/46a427d5-637a-4181-8c22-4bcdc0488d1e HTTP/1.1" status: 204 len: 168 time: 0.1751888
2026-07-24 01:08:38.988 10 WARNING neutron_lib.context [None req-c0c863c6-05d7-4516-ac9e-e7efb292f6e4 e73814a754d84a57a6f873920efd5081 a2ea7980a805436b82b5f87a0760f065 - - default default] Method 'is_advsvc' is deprecated since 2023.2 release (neutron-lib 3.8.0) and will be removed once support for the old RBAC API policies will be removed from Neutron. Please use method 'is_service_role' instead.
2026-07-24 01:08:39.002 10 INFO neutron.wsgi [None req-994d6acb-4f5d-4878-9d31-af2d6ccb8273 addff834dbe645cb924e5852cfd53acf 79462db4f6ac4243b0050dcc3df68cd1 - - default default] 10.0.0.162 "GET /v2.0/security-group-rules HTTP/1.1" status: 200 len: 3567 time: 0.0720389
2026-07-24 01:08:39.013 10 WARNING neutron_lib.context [None req-e8cd59e1-25bf-41c5-bc03-6a6369847f70 addff834dbe645cb924e5852cfd53acf 79462db4f6ac4243b0050dcc3df68cd1 - - default default] Method 'is_advsvc' is deprecated since 2023.2 release (neutron-lib 3.8.0) and will be removed once support for the old RBAC API policies will be removed from Neutron. Please use method 'is_service_role' instead.
2026-07-24 01:08:39.158 10 INFO neutron.db.ovn_revision_numbers_db [None req-e8cd59e1-25bf-41c5-bc03-6a6369847f70 addff834dbe645cb924e5852cfd53acf 79462db4f6ac4243b0050dcc3df68cd1 - - default default] Successfully bumped revision number for resource 06ab784b-eeef-4eb5-ae0c-70f0c69d708c (type: security_group_rules) to 0
2026-07-24 01:08:39.161 10 INFO neutron.db.ovn_revision_numbers_db [None req-c0c863c6-05d7-4516-ac9e-e7efb292f6e4 e73814a754d84a57a6f873920efd5081 a2ea7980a805436b82b5f87a0760f065 - - default default] Successfully bumped revision number for resource 292dd08f-37e3-4e09-97f6-7f8d1fc3d3bc (type: security_groups) to 1
2026-07-24 01:08:39.183 10 INFO neutron.db.ovn_revision_numbers_db [None req-c0c863c6-05d7-4516-ac9e-e7efb292f6e4 e73814a754d84a57a6f873920efd5081 a2ea7980a805436b82b5f87a0760f065 - - default default] Successfully bumped revision number for resource 63210533-ae6e-43c5-b722-501c7d824a7d (type: security_group_rules) to 0
2026-07-24 01:08:39.187 10 INFO neutron.wsgi [None req-e8cd59e1-25bf-41c5-bc03-6a6369847f70 addff834dbe645cb924e5852cfd53acf 79462db4f6ac4243b0050dcc3df68cd1 - - default default] 10.0.0.162 "POST /v2.0/security-group-rules HTTP/1.1" status: 201 len: 768 time: 0.1788218
2026-07-24 01:08:39.199 10 INFO neutron.db.ovn_revision_numbers_db [None req-c0c863c6-05d7-4516-ac9e-e7efb292f6e4 e73814a754d84a57a6f873920efd5081 a2ea7980a805436b82b5f87a0760f065 - - default default] Successfully bumped revision number for resource 8fa7756b-c452-4ad5-b31e-d114d59de48d (type: security_group_rules) to 0
2026-07-24 01:08:39.213 9 INFO neutron.wsgi [None req-e73197d1-879a-4022-9b5b-6db5ee15dd4b addff834dbe645cb924e5852cfd53acf 79462db4f6ac4243b0050dcc3df68cd1 - - default default] 10.0.0.162 "GET /v2.0/security-group-rules/06ab784b-eeef-4eb5-ae0c-70f0c69d708c HTTP/1.1" status: 200 len: 763 time: 0.0173142
2026-07-24 01:08:39.214 10 INFO neutron.db.ovn_revision_numbers_db [None req-c0c863c6-05d7-4516-ac9e-e7efb292f6e4 e73814a754d84a57a6f873920efd5081 a2ea7980a805436b82b5f87a0760f065 - - default default] Successfully bumped revision number for resource c56e2437-2fa2-4c44-8a97-a64346af97ed (type: security_group_rules) to 0
2026-07-24 01:08:39.229 10 INFO neutron.db.ovn_revision_numbers_db [None req-c0c863c6-05d7-4516-ac9e-e7efb292f6e4 e73814a754d84a57a6f873920efd5081 a2ea7980a805436b82b5f87a0760f065 - - default default] Successfully bumped revision number for resource f06971a7-6562-447f-97ab-d52769dd37fc (type: security_group_rules) to 0
2026-07-24 01:08:39.286 10 INFO neutron.db.segments_db [None req-c0c863c6-05d7-4516-ac9e-e7efb292f6e4 e73814a754d84a57a6f873920efd5081 a2ea7980a805436b82b5f87a0760f065 - - default default] Added segment 04c0acae-b3e6-4fd0-89a1-1d9230f96cbe of type geneve for network e234e85b-a4d5-469b-a65e-82371a4951f2
2026-07-24 01:08:39.288 9 INFO neutron.wsgi [None req-7d778102-b1a3-4d2e-aa56-67655be89040 addff834dbe645cb924e5852cfd53acf 79462db4f6ac4243b0050dcc3df68cd1 - - default default] 10.0.0.162 "GET /v2.0/security-group-rules HTTP/1.1" status: 200 len: 4113 time: 0.0703347
2026-07-24 01:08:39.420 9 INFO neutron.wsgi [None req-0d625718-87bf-4ea0-8161-5807919d3ee8 addff834dbe645cb924e5852cfd53acf 79462db4f6ac4243b0050dcc3df68cd1 - - default default] 10.0.0.162 "DELETE /v2.0/security-group-rules/06ab784b-eeef-4eb5-ae0c-70f0c69d708c HTTP/1.1" status: 204 len: 168 time: 0.1259444
2026-07-24 01:08:39.456 10 INFO neutron.db.ovn_revision_numbers_db [None req-c0c863c6-05d7-4516-ac9e-e7efb292f6e4 e73814a754d84a57a6f873920efd5081 a2ea7980a805436b82b5f87a0760f065 - - default default] Successfully bumped revision number for resource e234e85b-a4d5-469b-a65e-82371a4951f2 (type: networks) to 1
2026-07-24 01:08:39.468 9 INFO neutron.wsgi [None req-c98595ce-831c-4c58-aaea-fdc1a598495e addff834dbe645cb924e5852cfd53acf 79462db4f6ac4243b0050dcc3df68cd1 - - default default] 10.0.0.162 "GET /v2.0/security-group-rules HTTP/1.1" status: 200 len: 3567 time: 0.0419667
2026-07-24 01:08:39.483 10 WARNING neutron_lib.context [None req-0761aa22-632e-4fe5-8095-220d016e37ca addff834dbe645cb924e5852cfd53acf 79462db4f6ac4243b0050dcc3df68cd1 - - default default] Method 'is_advsvc' is deprecated since 2023.2 release (neutron-lib 3.8.0) and will be removed once support for the old RBAC API policies will be removed from Neutron. Please use method 'is_service_role' instead.
2026-07-24 01:08:39.511 10 INFO neutron.db.securitygroups_db [None req-0761aa22-632e-4fe5-8095-220d016e37ca addff834dbe645cb924e5852cfd53acf 79462db4f6ac4243b0050dcc3df68cd1 - - default default] Project 79462db4f6ac4243b0050dcc3df68cd1 added a security group rule with legacy IPv6 ICMP protocol name icmp, ipv6-icmp should be used instead. It was automatically converted.
2026-07-24 01:08:39.707 10 WARNING neutron.scheduler.dhcp_agent_scheduler [None req-c0c863c6-05d7-4516-ac9e-e7efb292f6e4 e73814a754d84a57a6f873920efd5081 a2ea7980a805436b82b5f87a0760f065 - - default default] No more DHCP agents
2026-07-24 01:08:39.711 10 WARNING neutron.api.rpc.agentnotifiers.dhcp_rpc_agent_api [None req-c0c863c6-05d7-4516-ac9e-e7efb292f6e4 e73814a754d84a57a6f873920efd5081 a2ea7980a805436b82b5f87a0760f065 - - default default] Unable to schedule network e234e85b-a4d5-469b-a65e-82371a4951f2: no agents available; will retry on subsequent port and subnet creation events.
2026-07-24 01:08:39.715 10 INFO neutron.db.ovn_revision_numbers_db [None req-0761aa22-632e-4fe5-8095-220d016e37ca addff834dbe645cb924e5852cfd53acf 79462db4f6ac4243b0050dcc3df68cd1 - - default default] Successfully bumped revision number for resource 1906ca05-a057-4a65-ae43-3bf4a8374a1b (type: security_group_rules) to 0
2026-07-24 01:08:39.764 10 INFO neutron.wsgi [None req-0761aa22-632e-4fe5-8095-220d016e37ca addff834dbe645cb924e5852cfd53acf 79462db4f6ac4243b0050dcc3df68cd1 - - default default] 10.0.0.162 "POST /v2.0/security-group-rules HTTP/1.1" status: 201 len: 774 time: 0.2911119
2026-07-24 01:08:39.788 9 INFO neutron.wsgi [None req-b8dd4fa8-a192-4f86-b42f-0e4f8e6c231c addff834dbe645cb924e5852cfd53acf 79462db4f6ac4243b0050dcc3df68cd1 - - default default] 10.0.0.162 "GET /v2.0/security-group-rules/1906ca05-a057-4a65-ae43-3bf4a8374a1b HTTP/1.1" status: 200 len: 769 time: 0.0163345
2026-07-24 01:08:39.823 10 INFO neutron.db.ovn_revision_numbers_db [None req-c0c863c6-05d7-4516-ac9e-e7efb292f6e4 e73814a754d84a57a6f873920efd5081 a2ea7980a805436b82b5f87a0760f065 - - default default] Successfully bumped revision number for resource e57ae0cc-7379-4a0c-8f0a-29a426dbc446 (type: ports) to 1
2026-07-24 01:08:39.825 10 INFO neutron.db.ovn_revision_numbers_db [None req-85c0a0fb-62bc-4b7f-a455-132613ba9a86 62fae09fc55f4d6faa6cb2771886dd1f f0000d67e0dd44b3abf02eb78d769b2c - - default default] Successfully bumped revision number for resource 5ec540c1-f18b-40ea-85bc-dc169daa04c2 (type: security_groups) to 1
2026-07-24 01:08:39.836 9 INFO neutron.wsgi [None req-1e1504b4-bd7c-458a-84ee-a0fda244b38c addff834dbe645cb924e5852cfd53acf 79462db4f6ac4243b0050dcc3df68cd1 - - default default] 10.0.0.162 "GET /v2.0/security-group-rules HTTP/1.1" status: 200 len: 4119 time: 0.0380037
2026-07-24 01:08:39.843 10 INFO neutron.db.ovn_revision_numbers_db [None req-85c0a0fb-62bc-4b7f-a455-132613ba9a86 62fae09fc55f4d6faa6cb2771886dd1f f0000d67e0dd44b3abf02eb78d769b2c - - default default] Successfully bumped revision number for resource 02f64420-b50f-4de1-b6be-21bca041e8e2 (type: security_group_rules) to 0
2026-07-24 01:08:39.848 10 INFO neutron.wsgi [None req-c0c863c6-05d7-4516-ac9e-e7efb292f6e4 e73814a754d84a57a6f873920efd5081 a2ea7980a805436b82b5f87a0760f065 - - default default] 10.0.0.162 "POST /v2.0/networks HTTP/1.1" status: 201 len: 842 time: 1.2049265
2026-07-24 01:08:39.862 10 INFO neutron.db.ovn_revision_numbers_db [None req-85c0a0fb-62bc-4b7f-a455-132613ba9a86 62fae09fc55f4d6faa6cb2771886dd1f f0000d67e0dd44b3abf02eb78d769b2c - - default default] Successfully bumped revision number for resource 4e9b04a5-e5d9-4020-bba6-be9684f9e13b (type: security_group_rules) to 0
2026-07-24 01:08:39.883 10 INFO neutron.db.ovn_revision_numbers_db [None req-85c0a0fb-62bc-4b7f-a455-132613ba9a86 62fae09fc55f4d6faa6cb2771886dd1f f0000d67e0dd44b3abf02eb78d769b2c - - default default] Successfully bumped revision number for resource cab1b7ec-a9b9-48a7-b4ec-175cd8feb97d (type: security_group_rules) to 0
2026-07-24 01:08:39.901 10 WARNING neutron_lib.context [None req-30689234-3f46-4799-b58d-226ede8a9c87 e73814a754d84a57a6f873920efd5081 a2ea7980a805436b82b5f87a0760f065 - - default default] Method 'is_advsvc' is deprecated since 2023.2 release (neutron-lib 3.8.0) and will be removed once support for the old RBAC API policies will be removed from Neutron. Please use method 'is_service_role' instead.
2026-07-24 01:08:39.919 10 INFO neutron.db.ovn_revision_numbers_db [None req-85c0a0fb-62bc-4b7f-a455-132613ba9a86 62fae09fc55f4d6faa6cb2771886dd1f f0000d67e0dd44b3abf02eb78d769b2c - - default default] Successfully bumped revision number for resource fd98dcf9-c882-449b-b0b0-09e7163757fe (type: security_group_rules) to 0
2026-07-24 01:08:39.965 10 INFO neutron.wsgi [None req-85c0a0fb-62bc-4b7f-a455-132613ba9a86 62fae09fc55f4d6faa6cb2771886dd1f f0000d67e0dd44b3abf02eb78d769b2c - - default default] 10.0.0.162 "GET /v2.0/security-groups?tenant_id=9da2b970cfab4dc9bd9e1aa637a6622f&name=default HTTP/1.1" status: 200 len: 2996 time: 0.5180876
2026-07-24 01:08:39.999 9 INFO neutron.wsgi [None req-c464ac5c-c261-4e6a-8bc0-983e5f3ec925 addff834dbe645cb924e5852cfd53acf 79462db4f6ac4243b0050dcc3df68cd1 - - default default] 10.0.0.162 "DELETE /v2.0/security-group-rules/1906ca05-a057-4a65-ae43-3bf4a8374a1b HTTP/1.1" status: 204 len: 168 time: 0.1557393
2026-07-24 01:08:40.053 9 INFO neutron.wsgi [None req-b6da0cec-3dc5-47ae-912c-a322b3c1593d addff834dbe645cb924e5852cfd53acf 79462db4f6ac4243b0050dcc3df68cd1 - - default default] 10.0.0.162 "GET /v2.0/security-group-rules HTTP/1.1" status: 200 len: 3567 time: 0.0460901
2026-07-24 01:08:40.168 10 WARNING neutron.scheduler.dhcp_agent_scheduler [None req-30689234-3f46-4799-b58d-226ede8a9c87 e73814a754d84a57a6f873920efd5081 a2ea7980a805436b82b5f87a0760f065 - - default default] No more DHCP agents
2026-07-24 01:08:40.173 10 WARNING neutron.api.rpc.agentnotifiers.dhcp_rpc_agent_api [None req-30689234-3f46-4799-b58d-226ede8a9c87 e73814a754d84a57a6f873920efd5081 a2ea7980a805436b82b5f87a0760f065 - - default default] Unable to schedule network e234e85b-a4d5-469b-a65e-82371a4951f2: no agents available; will retry on subsequent port and subnet creation events.
2026-07-24 01:08:40.210 9 INFO neutron.wsgi [None req-48092f22-ad9e-4cf2-acbb-8a15a128f0d3 addff834dbe645cb924e5852cfd53acf 79462db4f6ac4243b0050dcc3df68cd1 - - default default] 10.0.0.162 "DELETE /v2.0/security-groups/c3c9d12b-788d-449b-a731-b544980e11db HTTP/1.1" status: 204 len: 168 time: 0.1515019
2026-07-24 01:08:40.257 9 INFO neutron.wsgi [None req-e5cbfaf0-c14c-4e48-9018-385dbb5cda0b 62fae09fc55f4d6faa6cb2771886dd1f f0000d67e0dd44b3abf02eb78d769b2c - - default default] 10.0.0.162 "DELETE /v2.0/security-groups/5ec540c1-f18b-40ea-85bc-dc169daa04c2 HTTP/1.1" status: 204 len: 168 time: 0.2876003
2026-07-24 01:08:40.265 9 INFO neutron.wsgi [None req-df38b6ff-ceba-405f-9874-c67764f7495b addff834dbe645cb924e5852cfd53acf 79462db4f6ac4243b0050dcc3df68cd1 - - default default] 10.0.0.162 "GET /v2.0/security-groups HTTP/1.1" status: 200 len: 2996 time: 0.0498724
2026-07-24 01:08:40.326 9 INFO neutron.wsgi [None req-7f9e0e68-2411-4c5b-9967-375740aba526 addff834dbe645cb924e5852cfd53acf 79462db4f6ac4243b0050dcc3df68cd1 - - default default] 10.0.0.162 "GET /v2.0/security-groups HTTP/1.1" status: 200 len: 2996 time: 0.0522554
2026-07-24 01:08:40.474 9 INFO neutron.wsgi [None req-b97ca5d9-d366-4229-b95f-b5bf7729bf63 62fae09fc55f4d6faa6cb2771886dd1f f0000d67e0dd44b3abf02eb78d769b2c - - default default] 10.0.0.162 "GET /v2.0/security-groups?tenant_id=6a4334530be64f73bc18e91f18ff05d7&name=default HTTP/1.1" status: 200 len: 2996 time: 0.0422683
2026-07-24 01:08:40.715 10 INFO neutron.db.ovn_revision_numbers_db [None req-30689234-3f46-4799-b58d-226ede8a9c87 e73814a754d84a57a6f873920efd5081 a2ea7980a805436b82b5f87a0760f065 - - default default] Successfully bumped revision number for resource e57ae0cc-7379-4a0c-8f0a-29a426dbc446 (type: ports) to 2
2026-07-24 01:08:40.720 9 INFO neutron.wsgi [None req-712ad7f1-bf30-4ab1-8646-33608464e7b2 62fae09fc55f4d6faa6cb2771886dd1f f0000d67e0dd44b3abf02eb78d769b2c - - default default] 10.0.0.162 "DELETE /v2.0/security-groups/7cf38b08-fa5a-415d-a2d6-2e303f7f8d51 HTTP/1.1" status: 204 len: 168 time: 0.2412806
2026-07-24 01:08:40.753 10 INFO neutron.db.ovn_revision_numbers_db [None req-30689234-3f46-4799-b58d-226ede8a9c87 e73814a754d84a57a6f873920efd5081 a2ea7980a805436b82b5f87a0760f065 - - default default] Successfully bumped revision number for resource 23ff67ca-e197-4bc1-9015-2446c3322b8a (type: subnets) to 0
2026-07-24 01:08:40.769 10 INFO neutron.wsgi [None req-30689234-3f46-4799-b58d-226ede8a9c87 e73814a754d84a57a6f873920efd5081 a2ea7980a805436b82b5f87a0760f065 - - default default] 10.0.0.162 "POST /v2.0/subnets HTTP/1.1" status: 201 len: 816 time: 0.8772278
2026-07-24 01:08:40.782 10 WARNING neutron_lib.context [None req-c9c28a5c-e78d-46b1-9867-7a6ce94e451a e73814a754d84a57a6f873920efd5081 a2ea7980a805436b82b5f87a0760f065 - - default default] Method 'is_advsvc' is deprecated since 2023.2 release (neutron-lib 3.8.0) and will be removed once support for the old RBAC API policies will be removed from Neutron. Please use method 'is_service_role' instead.
2026-07-24 01:08:40.863 10 INFO neutron.db.segments_db [None req-c9c28a5c-e78d-46b1-9867-7a6ce94e451a e73814a754d84a57a6f873920efd5081 a2ea7980a805436b82b5f87a0760f065 - - default default] Added segment e669547e-4101-418c-9767-fcb7889e79a1 of type geneve for network ee1ec628-653c-40e0-b3d8-00df9070b88a
2026-07-24 01:08:41.048 10 INFO neutron.db.ovn_revision_numbers_db [None req-c9c28a5c-e78d-46b1-9867-7a6ce94e451a e73814a754d84a57a6f873920efd5081 a2ea7980a805436b82b5f87a0760f065 - - default default] Successfully bumped revision number for resource ee1ec628-653c-40e0-b3d8-00df9070b88a (type: networks) to 1
2026-07-24 01:08:41.166 10 INFO neutron.wsgi [None req-ae7bbf7d-9b19-4da3-b050-1567332e4e41 62fae09fc55f4d6faa6cb2771886dd1f f0000d67e0dd44b3abf02eb78d769b2c - - default default] 10.0.0.162 "GET /v2.0/security-groups?tenant_id=79462db4f6ac4243b0050dcc3df68cd1&name=default HTTP/1.1" status: 200 len: 2996 time: 0.3688278
2026-07-24 01:08:41.310 10 WARNING neutron.scheduler.dhcp_agent_scheduler [None req-c9c28a5c-e78d-46b1-9867-7a6ce94e451a e73814a754d84a57a6f873920efd5081 a2ea7980a805436b82b5f87a0760f065 - - default default] No more DHCP agents
2026-07-24 01:08:41.314 10 WARNING neutron.api.rpc.agentnotifiers.dhcp_rpc_agent_api [None req-c9c28a5c-e78d-46b1-9867-7a6ce94e451a e73814a754d84a57a6f873920efd5081 a2ea7980a805436b82b5f87a0760f065 - - default default] Unable to schedule network ee1ec628-653c-40e0-b3d8-00df9070b88a: no agents available; will retry on subsequent port and subnet creation events.
2026-07-24 01:08:41.415 10 INFO neutron.db.ovn_revision_numbers_db [None req-c9c28a5c-e78d-46b1-9867-7a6ce94e451a e73814a754d84a57a6f873920efd5081 a2ea7980a805436b82b5f87a0760f065 - - default default] Successfully bumped revision number for resource 84e5f717-1523-4feb-b099-26950978a7dc (type: ports) to 1
2026-07-24 01:08:41.440 9 INFO neutron.plugins.ml2.drivers.ovn.mech_driver.mech_driver [None req-0fa86b58-638e-483a-8b43-55a5768edc70 - - - - - -] OVN reports status down for port: 225bb324-f0fb-4867-8c10-a7729e4cceeb
2026-07-24 01:08:41.463 10 INFO neutron.wsgi [None req-c9c28a5c-e78d-46b1-9867-7a6ce94e451a e73814a754d84a57a6f873920efd5081 a2ea7980a805436b82b5f87a0760f065 - - default default] 10.0.0.162 "POST /v2.0/networks HTTP/1.1" status: 201 len: 843 time: 0.6869864
2026-07-24 01:08:41.512 9 INFO neutron.wsgi [req-ec12dc2c-9101-4432-a7dc-fbd6277893eb req-a30855c9-cae6-4fb9-aca1-80d5c40e041a 9c5ea83172ce462cbed6cc73f94c20d2 aacb1246dc0b436982b73da5586f0a86 - - default default] 10.0.0.130 "GET /v2.0/ports?device_id=4f325912-8885-489c-92b3-c3c1efb214ea HTTP/1.1" status: 200 len: 1170 time: 0.1424720
2026-07-24 01:08:41.537 10 INFO neutron.wsgi [None req-7737c864-90e5-45b8-99f6-f41439e50da9 62fae09fc55f4d6faa6cb2771886dd1f f0000d67e0dd44b3abf02eb78d769b2c - - default default] 10.0.0.162 "DELETE /v2.0/security-groups/ee2b84cb-dccd-4e7f-a032-f9c2db06adc4 HTTP/1.1" status: 204 len: 168 time: 0.3660755
2026-07-24 01:08:41.584 9 INFO neutron.wsgi [req-ec12dc2c-9101-4432-a7dc-fbd6277893eb req-e401c56f-d9cf-462e-b66b-c15dfa1d3db8 9c5ea83172ce462cbed6cc73f94c20d2 aacb1246dc0b436982b73da5586f0a86 - - default default] 10.0.0.130 "GET /v2.0/security-groups?id=7cb83d7b-1ae5-405c-8020-77c6f182ce90&fields=id&fields=name HTTP/1.1" status: 200 len: 313 time: 0.0544274
