2026-07-24 01:06:06.774 9 INFO neutron.wsgi [None req-39784514-5add-481a-b121-c34d1fd00f00 62fae09fc55f4d6faa6cb2771886dd1f f0000d67e0dd44b3abf02eb78d769b2c - - default default] 10.0.0.162 "POST /v2.0/networks HTTP/1.1" status: 201 len: 949 time: 1.4407187
2026-07-24 01:06:06.983 10 INFO neutron.db.ovn_revision_numbers_db [None req-3341bd28-e76b-4039-ad6d-0bb2e5af5de4 - - - - - -] Successfully bumped revision number for resource 393d4a6e-d092-4769-a7f8-eccf53e96dc7 (type: ports) to 1
2026-07-24 01:06:07.014 9 INFO neutron.db.ovn_revision_numbers_db [None req-0fa86b58-638e-483a-8b43-55a5768edc70 - - - - - -] Successfully bumped revision number for resource 3277e623-03cf-40fe-9678-23db06c03931 (type: ports) to 4
2026-07-24 01:06:07.126 9 WARNING neutron.scheduler.dhcp_agent_scheduler [None req-6d40ec0c-3ffc-482d-b398-d3fda5872605 62fae09fc55f4d6faa6cb2771886dd1f f0000d67e0dd44b3abf02eb78d769b2c - - default default] No more DHCP agents
2026-07-24 01:06:07.135 9 INFO neutron.plugins.ml2.drivers.ovn.mech_driver.mech_driver [None req-0fa86b58-638e-483a-8b43-55a5768edc70 - - - - - -] OVN reports status up for port: 9cc83408-da89-4195-8352-a17ee7992e1c
2026-07-24 01:06:07.137 9 WARNING neutron.api.rpc.agentnotifiers.dhcp_rpc_agent_api [None req-6d40ec0c-3ffc-482d-b398-d3fda5872605 62fae09fc55f4d6faa6cb2771886dd1f f0000d67e0dd44b3abf02eb78d769b2c - - default default] Unable to schedule network 01c75d70-ff82-48b0-9451-998106be0f35: no agents available; will retry on subsequent port and subnet creation events.
2026-07-24 01:06:07.173 9 INFO neutron.plugins.ml2.plugin [None req-0fa86b58-638e-483a-8b43-55a5768edc70 - - - - - -] Attempt 1 to provision port 9cc83408-da89-4195-8352-a17ee7992e1c
2026-07-24 01:06:07.247 10 INFO neutron.db.ovn_revision_numbers_db [None req-3341bd28-e76b-4039-ad6d-0bb2e5af5de4 - - - - - -] Successfully bumped revision number for resource 393d4a6e-d092-4769-a7f8-eccf53e96dc7 (type: router_ports) to 3 /var/lib/openstack/lib/python3.10/site-packages/pycadf/identifier.py:71: UserWarning: Invalid uuid: neutron. To ensure interoperability, identifiers should be a valid uuid. warnings.warn(('Invalid uuid: %s. To ensure interoperability, '
2026-07-24 01:06:07.319 9 INFO neutron.wsgi [req-3ad6d5ad-4d76-4715-924f-02a6612aa7e6 req-eed89cfa-b194-4f14-86f6-d2e9f0fc80e1 6b7d9ab112774468b480c463ddaf0100 3eece6462ae74be9a88402aa02c3cc18 - - default default] 10.0.0.130 "GET /v2.0/ports?device_id=d8e1de85-e455-4783-bbf7-3b7450a35d1c HTTP/1.1" status: 200 len: 1172 time: 0.0759680
2026-07-24 01:06:07.427 10 INFO neutron.db.ovn_revision_numbers_db [None req-3341bd28-e76b-4039-ad6d-0bb2e5af5de4 - - - - - -] Successfully bumped revision number for resource 393d4a6e-d092-4769-a7f8-eccf53e96dc7 (type: ports) to 2
2026-07-24 01:06:07.434 9 INFO neutron.wsgi [req-3ad6d5ad-4d76-4715-924f-02a6612aa7e6 req-05405aa1-b60d-4963-ba6a-58b6791f1d13 6b7d9ab112774468b480c463ddaf0100 3eece6462ae74be9a88402aa02c3cc18 - - default default] 10.0.0.130 "GET /v2.0/security-groups?id=de206ad7-0799-433e-ba99-4eae2423f89d&fields=id&fields=name HTTP/1.1" status: 200 len: 312 time: 0.1044164
2026-07-24 01:06:07.485 9 WARNING neutron.scheduler.dhcp_agent_scheduler [None req-18a1c38f-201b-4beb-9aa0-34beba804b96 62fae09fc55f4d6faa6cb2771886dd1f f0000d67e0dd44b3abf02eb78d769b2c - - default default] No more DHCP agents
2026-07-24 01:06:07.499 9 WARNING neutron.api.rpc.agentnotifiers.dhcp_rpc_agent_api [None req-18a1c38f-201b-4beb-9aa0-34beba804b96 62fae09fc55f4d6faa6cb2771886dd1f f0000d67e0dd44b3abf02eb78d769b2c - - default default] Unable to schedule network fc6c3878-37b1-485b-938e-4f07187bb4e2: no agents available; will retry on subsequent port and subnet creation events.
2026-07-24 01:06:07.700 9 INFO neutron.wsgi [req-92167a25-a773-42cf-b88a-7f0c8777cad0 req-106e7f12-7b28-4487-a030-2b1a91a0430a 34885289785746d48206045a785454d5 10bd8e4c0f594aedbc53b4d9fa95362f - - default default] 10.0.0.130 "GET /v2.0/ports?device_id=5e09f14c-8540-4e21-a472-9c9980f10950 HTTP/1.1" status: 200 len: 1170 time: 0.0920193
2026-07-24 01:06:07.702 10 INFO neutron.db.ovn_revision_numbers_db [None req-3341bd28-e76b-4039-ad6d-0bb2e5af5de4 - - - - - -] Successfully bumped revision number for resource 393d4a6e-d092-4769-a7f8-eccf53e96dc7 (type: ports) to 4
2026-07-24 01:06:07.811 9 INFO neutron.wsgi [req-92167a25-a773-42cf-b88a-7f0c8777cad0 req-486a3195-287c-4e31-8bf1-bee48197ba4e 34885289785746d48206045a785454d5 10bd8e4c0f594aedbc53b4d9fa95362f - - default default] 10.0.0.130 "GET /v2.0/security-groups?id=044ea97d-209e-43a4-a20e-baa741efafd0&fields=id&fields=name HTTP/1.1" status: 200 len: 313 time: 0.0967512
2026-07-24 01:06:07.844 9 INFO neutron.db.ovn_revision_numbers_db [None req-18a1c38f-201b-4beb-9aa0-34beba804b96 62fae09fc55f4d6faa6cb2771886dd1f f0000d67e0dd44b3abf02eb78d769b2c - - default default] Successfully bumped revision number for resource 4b0c9f8b-4857-4b9a-a2a8-2c3732747967 (type: ports) to 1
2026-07-24 01:06:07.917 10 INFO neutron.db.ovn_revision_numbers_db [None req-3341bd28-e76b-4039-ad6d-0bb2e5af5de4 - - - - - -] Successfully bumped revision number for resource 393d4a6e-d092-4769-a7f8-eccf53e96dc7 (type: router_ports) to 4
2026-07-24 01:06:07.920 9 INFO neutron.db.ovn_revision_numbers_db [None req-0fa86b58-638e-483a-8b43-55a5768edc70 - - - - - -] Successfully bumped revision number for resource 9cc83408-da89-4195-8352-a17ee7992e1c (type: ports) to 4
2026-07-24 01:06:07.996 9 INFO neutron.wsgi [req-09e98da4-b82d-454c-9243-c45bc476b47a req-eff55051-ac10-4b91-baee-cbee22eaac96 34885289785746d48206045a785454d5 10bd8e4c0f594aedbc53b4d9fa95362f - - default default] 10.0.0.130 "GET /v2.0/ports?device_id=5e09f14c-8540-4e21-a472-9c9980f10950 HTTP/1.1" status: 200 len: 1170 time: 0.0885231
2026-07-24 01:06:08.044 9 INFO neutron.plugins.ml2.drivers.ovn.mech_driver.mech_driver [None req-0fa86b58-638e-483a-8b43-55a5768edc70 - - - - - -] OVN reports status up for port: 393d4a6e-d092-4769-a7f8-eccf53e96dc7
2026-07-24 01:06:08.082 9 INFO neutron.plugins.ml2.plugin [None req-0fa86b58-638e-483a-8b43-55a5768edc70 - - - - - -] Attempt 1 to provision port 393d4a6e-d092-4769-a7f8-eccf53e96dc7 /var/lib/openstack/lib/python3.10/site-packages/pycadf/identifier.py:71: UserWarning: Invalid uuid: neutron. To ensure interoperability, identifiers should be a valid uuid. warnings.warn(('Invalid uuid: %s. To ensure interoperability, '
2026-07-24 01:06:08.558 9 INFO neutron.db.ovn_revision_numbers_db [None req-6d40ec0c-3ffc-482d-b398-d3fda5872605 62fae09fc55f4d6faa6cb2771886dd1f f0000d67e0dd44b3abf02eb78d769b2c - - default default] Successfully bumped revision number for resource 46263427-092f-4677-b8b4-fcdf89a8524e (type: ports) to 2
2026-07-24 01:06:08.567 10 INFO neutron.db.l3_db [None req-96bc92f3-1649-4436-ba1a-7fc62c01802c 34885289785746d48206045a785454d5 10bd8e4c0f594aedbc53b4d9fa95362f - - default default] Floating IP bb6c4692-403a-4509-8824-35a77e499250 associated. External IP: 10.96.250.217, port: 3277e623-03cf-40fe-9678-23db06c03931.
2026-07-24 01:06:08.572 9 INFO neutron.wsgi [req-a813363d-c369-4ac9-b614-28d56b27cfe0 req-fc58f913-39f3-4405-b175-7cd5118378b6 6b7d9ab112774468b480c463ddaf0100 3eece6462ae74be9a88402aa02c3cc18 - - default default] 10.0.0.130 "GET /v2.0/ports?device_id=d8e1de85-e455-4783-bbf7-3b7450a35d1c HTTP/1.1" status: 200 len: 1174 time: 0.0570872
2026-07-24 01:06:08.632 9 INFO neutron.db.ovn_revision_numbers_db [None req-6d40ec0c-3ffc-482d-b398-d3fda5872605 62fae09fc55f4d6faa6cb2771886dd1f f0000d67e0dd44b3abf02eb78d769b2c - - default default] Successfully bumped revision number for resource db4cd766-27a7-4c47-bba8-b9f21eebabb2 (type: subnets) to 0
2026-07-24 01:06:08.659 9 INFO neutron.notifiers.nova [-] Nova event matching ['req-e990d002-63e3-433d-b5c2-f4f95fc1ef9c'] response: {'server_uuid': '5e09f14c-8540-4e21-a472-9c9980f10950', 'name': 'network-vif-plugged', 'status': 'completed', 'tag': '3277e623-03cf-40fe-9678-23db06c03931', 'code': 200}
2026-07-24 01:06:08.659 9 INFO neutron.notifiers.nova [-] Nova event matching ['req-e990d002-63e3-433d-b5c2-f4f95fc1ef9c'] response: {'server_uuid': 'd8e1de85-e455-4783-bbf7-3b7450a35d1c', 'name': 'network-vif-plugged', 'status': 'completed', 'tag': '9cc83408-da89-4195-8352-a17ee7992e1c', 'code': 200}
2026-07-24 01:06:08.659 9 INFO neutron.notifiers.nova [-] Nova event matching ['req-e990d002-63e3-433d-b5c2-f4f95fc1ef9c'] response: {'server_uuid': 'd8e1de85-e455-4783-bbf7-3b7450a35d1c', 'name': 'network-vif-plugged', 'status': 'completed', 'tag': '9cc83408-da89-4195-8352-a17ee7992e1c', 'code': 200}
2026-07-24 01:06:08.665 9 INFO neutron.wsgi [None req-6d40ec0c-3ffc-482d-b398-d3fda5872605 62fae09fc55f4d6faa6cb2771886dd1f f0000d67e0dd44b3abf02eb78d769b2c - - default default] 10.0.0.162 "POST /v2.0/subnets HTTP/1.1" status: 201 len: 870 time: 1.8858507
2026-07-24 01:06:08.670 9 INFO neutron.wsgi [req-a813363d-c369-4ac9-b614-28d56b27cfe0 req-22300b74-afac-4092-9bf4-25b7887a219f 6b7d9ab112774468b480c463ddaf0100 3eece6462ae74be9a88402aa02c3cc18 - - default default] 10.0.0.130 "GET /v2.0/security-groups?id=de206ad7-0799-433e-ba99-4eae2423f89d&fields=id&fields=name HTTP/1.1" status: 200 len: 312 time: 0.0832531
2026-07-24 01:06:08.810 9 INFO neutron.wsgi [-] 10.0.0.128 "GET / HTTP/1.1" status: 200 len: 247 time: 0.0015631
2026-07-24 01:06:08.812 9 INFO neutron.wsgi [-] 10.0.0.128 "GET / HTTP/1.1" status: 200 len: 247 time: 0.0015125
2026-07-24 01:06:08.899 10 INFO neutron.plugins.ml2.drivers.ovn.mech_driver.mech_driver [None req-29f8e175-0d43-4339-bf53-5e1516680da6 - - - - - -] OVN reports status up for port: 4b0c9f8b-4857-4b9a-a2a8-2c3732747967
2026-07-24 01:06:08.911 9 INFO neutron.db.ovn_revision_numbers_db [None req-18a1c38f-201b-4beb-9aa0-34beba804b96 62fae09fc55f4d6faa6cb2771886dd1f f0000d67e0dd44b3abf02eb78d769b2c - - default default] Successfully bumped revision number for resource 4b0c9f8b-4857-4b9a-a2a8-2c3732747967 (type: router_ports) to 1
2026-07-24 01:06:08.934 10 INFO neutron.plugins.ml2.plugin [None req-29f8e175-0d43-4339-bf53-5e1516680da6 - - - - - -] Attempt 1 to provision port 4b0c9f8b-4857-4b9a-a2a8-2c3732747967
2026-07-24 01:06:08.954 10 INFO neutron.db.ovn_revision_numbers_db [None req-96bc92f3-1649-4436-ba1a-7fc62c01802c 34885289785746d48206045a785454d5 10bd8e4c0f594aedbc53b4d9fa95362f - - default default] Successfully bumped revision number for resource bb6c4692-403a-4509-8824-35a77e499250 (type: floatingips) to 1
2026-07-24 01:06:09.111 9 INFO neutron.db.ovn_revision_numbers_db [None req-18a1c38f-201b-4beb-9aa0-34beba804b96 62fae09fc55f4d6faa6cb2771886dd1f f0000d67e0dd44b3abf02eb78d769b2c - - default default] Successfully bumped revision number for resource 4b0c9f8b-4857-4b9a-a2a8-2c3732747967 (type: ports) to 1
2026-07-24 01:06:09.194 9 WARNING neutron.scheduler.dhcp_agent_scheduler [None req-18a1c38f-201b-4beb-9aa0-34beba804b96 62fae09fc55f4d6faa6cb2771886dd1f f0000d67e0dd44b3abf02eb78d769b2c - - default default] No more DHCP agents
2026-07-24 01:06:09.195 9 WARNING neutron.api.rpc.agentnotifiers.dhcp_rpc_agent_api [None req-18a1c38f-201b-4beb-9aa0-34beba804b96 62fae09fc55f4d6faa6cb2771886dd1f f0000d67e0dd44b3abf02eb78d769b2c - - default default] Unable to schedule network fc6c3878-37b1-485b-938e-4f07187bb4e2: no agents available; will retry on subsequent port and subnet creation events.
2026-07-24 01:06:09.212 10 INFO neutron.db.ovn_revision_numbers_db [None req-96bc92f3-1649-4436-ba1a-7fc62c01802c 34885289785746d48206045a785454d5 10bd8e4c0f594aedbc53b4d9fa95362f - - default default] Successfully bumped revision number for resource bb6c4692-403a-4509-8824-35a77e499250 (type: floatingips) to 2
2026-07-24 01:06:09.284 10 INFO neutron.wsgi [None req-96bc92f3-1649-4436-ba1a-7fc62c01802c 34885289785746d48206045a785454d5 10bd8e4c0f594aedbc53b4d9fa95362f - - default default] 10.0.0.162 "PUT /v2.0/floatingips/bb6c4692-403a-4509-8824-35a77e499250 HTTP/1.1" status: 200 len: 1049 time: 1.2751603 /var/lib/openstack/lib/python3.10/site-packages/pycadf/identifier.py:71: UserWarning: Invalid uuid: neutron. To ensure interoperability, identifiers should be a valid uuid. warnings.warn(('Invalid uuid: %s. To ensure interoperability, '
2026-07-24 01:06:09.412 9 INFO neutron.wsgi [req-793773f2-b1e4-4af0-911b-f48f1da21427 req-da5f01fc-ac95-43f9-9ac5-13974f862fce 34885289785746d48206045a785454d5 10bd8e4c0f594aedbc53b4d9fa95362f - - default default] 10.0.0.130 "GET /v2.0/ports?device_id=5e09f14c-8540-4e21-a472-9c9980f10950 HTTP/1.1" status: 200 len: 1170 time: 0.0592520
2026-07-24 01:06:09.495 9 INFO neutron.wsgi [req-793773f2-b1e4-4af0-911b-f48f1da21427 req-c54e63c7-9110-4d65-9b0c-d6e141147da3 34885289785746d48206045a785454d5 10bd8e4c0f594aedbc53b4d9fa95362f - - default default] 10.0.0.130 "GET /v2.0/security-groups?id=044ea97d-209e-43a4-a20e-baa741efafd0&fields=id&fields=name HTTP/1.1" status: 200 len: 313 time: 0.0728822
2026-07-24 01:06:09.521 10 WARNING neutron.scheduler.dhcp_agent_scheduler [None req-2b679bcb-73e3-4460-990e-8c3b9c74b2f0 62fae09fc55f4d6faa6cb2771886dd1f f0000d67e0dd44b3abf02eb78d769b2c - - default default] No more DHCP agents
2026-07-24 01:06:09.531 10 WARNING neutron.api.rpc.agentnotifiers.dhcp_rpc_agent_api [None req-2b679bcb-73e3-4460-990e-8c3b9c74b2f0 62fae09fc55f4d6faa6cb2771886dd1f f0000d67e0dd44b3abf02eb78d769b2c - - default default] Unable to schedule network 1fbc47eb-ff30-409f-aace-73c56d09cabf: no agents available; will retry on subsequent port and subnet creation events.
2026-07-24 01:06:09.569 10 INFO neutron.db.ovn_revision_numbers_db [None req-29f8e175-0d43-4339-bf53-5e1516680da6 - - - - - -] Successfully bumped revision number for resource 4b0c9f8b-4857-4b9a-a2a8-2c3732747967 (type: ports) to 2
2026-07-24 01:06:09.705 10 INFO neutron.db.ovn_revision_numbers_db [None req-29f8e175-0d43-4339-bf53-5e1516680da6 - - - - - -] Successfully bumped revision number for resource 4b0c9f8b-4857-4b9a-a2a8-2c3732747967 (type: router_ports) to 2
2026-07-24 01:06:09.861 9 INFO neutron.wsgi [req-f47f622a-13de-4580-863c-d662e8206384 req-446b29de-27f2-40a4-9d33-679f7dda7200 5b1195e95bc648b98e3cd81287838f61 03e397f6b0c9450a88ac58208c027f30 - - 392ff6c0b2584d0ba60bd617569b29fb 392ff6c0b2584d0ba60bd617569b29fb] 199.204.45.74 "GET /v2.0/ports?tenant_id=10bd8e4c0f594aedbc53b4d9fa95362f&device_id=5e09f14c-8540-4e21-a472-9c9980f10950 HTTP/1.1" status: 200 len: 1409 time: 0.0783927
2026-07-24 01:06:09.872 9 INFO neutron.wsgi [req-ab8911af-4095-4b6b-b9a1-323000b38bc4 req-a059b5a6-021c-4c3e-9c64-39e058adcd10 6b7d9ab112774468b480c463ddaf0100 3eece6462ae74be9a88402aa02c3cc18 - - default default] 10.0.0.130 "GET /v2.0/ports?device_id=d8e1de85-e455-4783-bbf7-3b7450a35d1c HTTP/1.1" status: 200 len: 1174 time: 0.0649374
2026-07-24 01:06:09.897 10 INFO neutron.notifiers.nova [-] Nova event matching ['req-0aad95fd-2e8c-4959-b389-d2c7a7e348d0'] response: {'name': 'network-changed', 'server_uuid': '5e09f14c-8540-4e21-a472-9c9980f10950', 'tag': '3277e623-03cf-40fe-9678-23db06c03931', 'status': 'completed', 'code': 200}
2026-07-24 01:06:09.976 10 INFO neutron.db.ovn_revision_numbers_db [None req-2b679bcb-73e3-4460-990e-8c3b9c74b2f0 62fae09fc55f4d6faa6cb2771886dd1f f0000d67e0dd44b3abf02eb78d769b2c - - default default] Successfully bumped revision number for resource 6a3d0783-73e0-437a-8be9-3e08435d09bc (type: ports) to 1
2026-07-24 01:06:09.999 9 INFO neutron.wsgi [req-ab8911af-4095-4b6b-b9a1-323000b38bc4 req-a5606fa2-fc0a-4633-8da3-92da40d21721 6b7d9ab112774468b480c463ddaf0100 3eece6462ae74be9a88402aa02c3cc18 - - default default] 10.0.0.130 "GET /v2.0/security-groups?id=de206ad7-0799-433e-ba99-4eae2423f89d&fields=id&fields=name HTTP/1.1" status: 200 len: 312 time: 0.1090863
2026-07-24 01:06:10.037 9 INFO neutron.wsgi [req-f47f622a-13de-4580-863c-d662e8206384 req-1d873cc9-dcca-46ae-ae01-7aee22ae3dd7 5b1195e95bc648b98e3cd81287838f61 03e397f6b0c9450a88ac58208c027f30 - - 392ff6c0b2584d0ba60bd617569b29fb 392ff6c0b2584d0ba60bd617569b29fb] 199.204.45.74 "GET /v2.0/networks?id=cb4cc556-5ad2-4514-a9cd-9fc211bcf403 HTTP/1.1" status: 200 len: 982 time: 0.1638119
2026-07-24 01:06:10.141 9 INFO neutron.wsgi [req-f47f622a-13de-4580-863c-d662e8206384 req-00f464fc-ccd1-4cc4-9f3d-d81182f9897f 5b1195e95bc648b98e3cd81287838f61 03e397f6b0c9450a88ac58208c027f30 - - 392ff6c0b2584d0ba60bd617569b29fb 392ff6c0b2584d0ba60bd617569b29fb] 199.204.45.74 "GET /v2.0/floatingips?fixed_ip_address=10.100.0.8&port_id=3277e623-03cf-40fe-9678-23db06c03931 HTTP/1.1" status: 200 len: 1059 time: 0.0933254
2026-07-24 01:06:10.361 9 INFO neutron.wsgi [req-a77ccc2d-710f-41ae-8b65-0e7ac7f2916d req-dcea0831-55d8-4992-a82a-ae277dc7cc97 6b7d9ab112774468b480c463ddaf0100 3eece6462ae74be9a88402aa02c3cc18 - - default default] 10.0.0.130 "GET /v2.0/ports?device_id=d8e1de85-e455-4783-bbf7-3b7450a35d1c HTTP/1.1" status: 200 len: 1174 time: 0.2559297
2026-07-24 01:06:10.393 9 INFO neutron.wsgi [req-f47f622a-13de-4580-863c-d662e8206384 req-d7da17b0-c9da-43a0-b901-fb48ba9b86ac 5b1195e95bc648b98e3cd81287838f61 03e397f6b0c9450a88ac58208c027f30 - - 392ff6c0b2584d0ba60bd617569b29fb 392ff6c0b2584d0ba60bd617569b29fb] 199.204.45.74 "GET /v2.0/subnets?id=0262e3af-7693-4bd9-8d42-d0dd165a13f1 HTTP/1.1" status: 200 len: 877 time: 0.2428591
2026-07-24 01:06:10.436 9 INFO neutron.wsgi [req-f47f622a-13de-4580-863c-d662e8206384 req-b0e69878-1d87-47e4-beb5-46d187047cd9 5b1195e95bc648b98e3cd81287838f61 03e397f6b0c9450a88ac58208c027f30 - - 392ff6c0b2584d0ba60bd617569b29fb 392ff6c0b2584d0ba60bd617569b29fb] 199.204.45.74 "GET /v2.0/ports?network_id=cb4cc556-5ad2-4514-a9cd-9fc211bcf403&device_owner=network%3Adhcp HTTP/1.1" status: 200 len: 210 time: 0.0369334
2026-07-24 01:06:10.480 9 INFO neutron.wsgi [None req-18a1c38f-201b-4beb-9aa0-34beba804b96 62fae09fc55f4d6faa6cb2771886dd1f f0000d67e0dd44b3abf02eb78d769b2c - - default default] 10.0.0.162 "PUT /v2.0/routers/b5b3e999-c208-4742-ac6b-31944afb0608/add_router_interface HTTP/1.1" status: 200 len: 503 time: 3.9254737
2026-07-24 01:06:10.522 9 INFO neutron.wsgi [req-f47f622a-13de-4580-863c-d662e8206384 req-e0be74bb-96ee-4b84-9150-8f6b74a0216f 5b1195e95bc648b98e3cd81287838f61 03e397f6b0c9450a88ac58208c027f30 - - 392ff6c0b2584d0ba60bd617569b29fb 392ff6c0b2584d0ba60bd617569b29fb] 199.204.45.74 "GET /v2.0/networks/cb4cc556-5ad2-4514-a9cd-9fc211bcf403?fields=segments HTTP/1.1" status: 200 len: 212 time: 0.0732427
2026-07-24 01:06:10.595 9 INFO neutron.wsgi [req-f47f622a-13de-4580-863c-d662e8206384 req-a87b2a83-df8e-4971-8c39-d1d4776afebf 5b1195e95bc648b98e3cd81287838f61 03e397f6b0c9450a88ac58208c027f30 - - 392ff6c0b2584d0ba60bd617569b29fb 392ff6c0b2584d0ba60bd617569b29fb] 199.204.45.74 "GET /v2.0/networks/cb4cc556-5ad2-4514-a9cd-9fc211bcf403?fields=provider%3Aphysical_network&fields=provider%3Anetwork_type HTTP/1.1" status: 200 len: 277 time: 0.0645895
2026-07-24 01:06:10.720 10 INFO neutron.db.l3_db [None req-7e3ab7af-8251-4a39-b41f-daec7d1bb06e 6b7d9ab112774468b480c463ddaf0100 3eece6462ae74be9a88402aa02c3cc18 - - default default] Floating IP 691cac43-6b0f-4281-99ca-834eec18f4e2 associated. External IP: 10.96.250.215, port: 9cc83408-da89-4195-8352-a17ee7992e1c.
2026-07-24 01:06:10.822 9 INFO neutron.plugins.ml2.drivers.ovn.mech_driver.ovsdb.ovsdb_monitor [None req-cb71f0b8-9fcb-4615-9d3a-6460cde0ba88 - - - - - -] Router 80ec9a6e-e2a1-49f7-b749-e29742b5e782 is bound to host instance
2026-07-24 01:06:10.877 10 INFO neutron.db.ovn_revision_numbers_db [None req-2b679bcb-73e3-4460-990e-8c3b9c74b2f0 62fae09fc55f4d6faa6cb2771886dd1f f0000d67e0dd44b3abf02eb78d769b2c - - default default] Successfully bumped revision number for resource 6a3d0783-73e0-437a-8be9-3e08435d09bc (type: router_ports) to 1
2026-07-24 01:06:10.973 10 INFO neutron.db.ovn_revision_numbers_db [None req-2b679bcb-73e3-4460-990e-8c3b9c74b2f0 62fae09fc55f4d6faa6cb2771886dd1f f0000d67e0dd44b3abf02eb78d769b2c - - default default] Successfully bumped revision number for resource 80ec9a6e-e2a1-49f7-b749-e29742b5e782 (type: routers) to 2
2026-07-24 01:06:11.019 10 INFO neutron.wsgi [None req-2b679bcb-73e3-4460-990e-8c3b9c74b2f0 62fae09fc55f4d6faa6cb2771886dd1f f0000d67e0dd44b3abf02eb78d769b2c - - default default] 10.0.0.162 "POST /v2.0/routers HTTP/1.1" status: 201 len: 881 time: 2.3320107
2026-07-24 01:06:11.022 10 INFO neutron.db.ovn_revision_numbers_db [None req-7e3ab7af-8251-4a39-b41f-daec7d1bb06e 6b7d9ab112774468b480c463ddaf0100 3eece6462ae74be9a88402aa02c3cc18 - - default default] Successfully bumped revision number for resource 691cac43-6b0f-4281-99ca-834eec18f4e2 (type: floatingips) to 1 /var/lib/openstack/lib/python3.10/site-packages/pycadf/identifier.py:71: UserWarning: Invalid uuid: neutron. To ensure interoperability, identifiers should be a valid uuid. warnings.warn(('Invalid uuid: %s. To ensure interoperability, '
2026-07-24 01:06:11.172 10 INFO neutron.db.ovn_revision_numbers_db [None req-7e3ab7af-8251-4a39-b41f-daec7d1bb06e 6b7d9ab112774468b480c463ddaf0100 3eece6462ae74be9a88402aa02c3cc18 - - default default] Successfully bumped revision number for resource 691cac43-6b0f-4281-99ca-834eec18f4e2 (type: floatingips) to 2
2026-07-24 01:06:11.200 10 INFO neutron.wsgi [None req-7e3ab7af-8251-4a39-b41f-daec7d1bb06e 6b7d9ab112774468b480c463ddaf0100 3eece6462ae74be9a88402aa02c3cc18 - - default default] 10.0.0.162 "PUT /v2.0/floatingips/691cac43-6b0f-4281-99ca-834eec18f4e2 HTTP/1.1" status: 200 len: 1050 time: 0.8235142
2026-07-24 01:06:11.544 9 INFO neutron.wsgi [req-b64e09c3-d34f-4fa9-83ef-33de5808d281 req-50fc6ce3-fb6d-416c-adee-0e27e0aa713f e9e626b1c29740f9830f012c9ab410b2 9b8d2d15519d410ea89a42774522bb02 - - default default] 10.0.0.130 "GET /v2.0/networks?id=fc6c3878-37b1-485b-938e-4f07187bb4e2 HTTP/1.1" status: 200 len: 876 time: 0.0976505
2026-07-24 01:06:11.551 9 INFO neutron.db.ovn_revision_numbers_db [None req-cb71f0b8-9fcb-4615-9d3a-6460cde0ba88 - - - - - -] Successfully bumped revision number for resource 6a3d0783-73e0-437a-8be9-3e08435d09bc (type: ports) to 1
2026-07-24 01:06:11.580 9 INFO neutron.wsgi [req-b64e09c3-d34f-4fa9-83ef-33de5808d281 req-3d9d1c24-f76d-4375-9e6f-b2b3b2ac9bbc e9e626b1c29740f9830f012c9ab410b2 9b8d2d15519d410ea89a42774522bb02 - - default default] 10.0.0.130 "GET /v2.0/quotas/9b8d2d15519d410ea89a42774522bb02 HTTP/1.1" status: 200 len: 386 time: 0.0278227
2026-07-24 01:06:11.729 9 WARNING neutron.scheduler.dhcp_agent_scheduler [None req-5c8c9220-d38b-40be-9dab-acbe46398aca 62fae09fc55f4d6faa6cb2771886dd1f f0000d67e0dd44b3abf02eb78d769b2c - - default default] No more DHCP agents
2026-07-24 01:06:11.734 9 WARNING neutron.api.rpc.agentnotifiers.dhcp_rpc_agent_api [None req-5c8c9220-d38b-40be-9dab-acbe46398aca 62fae09fc55f4d6faa6cb2771886dd1f f0000d67e0dd44b3abf02eb78d769b2c - - default default] Unable to schedule network 01c75d70-ff82-48b0-9451-998106be0f35: no agents available; will retry on subsequent port and subnet creation events.
2026-07-24 01:06:11.741 9 INFO neutron.wsgi [req-b64e09c3-d34f-4fa9-83ef-33de5808d281 req-392b6f1d-4eca-4aba-aedd-da9017053232 e9e626b1c29740f9830f012c9ab410b2 9b8d2d15519d410ea89a42774522bb02 - - default default] 10.0.0.130 "GET /v2.0/ports?tenant_id=9b8d2d15519d410ea89a42774522bb02&fields=id HTTP/1.1" status: 200 len: 302 time: 0.1521931
2026-07-24 01:06:11.875 9 INFO neutron.wsgi [req-b64e09c3-d34f-4fa9-83ef-33de5808d281 req-7f475985-03c6-4108-8522-d5ec881d6a1d 5b1195e95bc648b98e3cd81287838f61 03e397f6b0c9450a88ac58208c027f30 - - 392ff6c0b2584d0ba60bd617569b29fb 392ff6c0b2584d0ba60bd617569b29fb] 10.0.0.130 "GET /v2.0/networks/fc6c3878-37b1-485b-938e-4f07187bb4e2?fields=segments HTTP/1.1" status: 200 len: 212 time: 0.1216598
2026-07-24 01:06:11.938 10 INFO neutron.notifiers.nova [-] Nova event matching ['req-0f031e69-cd39-4040-8ce7-31e4f452b54a'] response: {'name': 'network-changed', 'server_uuid': 'd8e1de85-e455-4783-bbf7-3b7450a35d1c', 'tag': '9cc83408-da89-4195-8352-a17ee7992e1c', 'status': 'completed', 'code': 200}
2026-07-24 01:06:12.017 9 INFO neutron.wsgi [req-bd33407c-9120-45bb-b0f9-eefcaaf3ccda req-5f45a38d-e3ac-413c-b981-2f2146d8ca65 5b1195e95bc648b98e3cd81287838f61 03e397f6b0c9450a88ac58208c027f30 - - 392ff6c0b2584d0ba60bd617569b29fb 392ff6c0b2584d0ba60bd617569b29fb] 199.204.45.74 "GET /v2.0/ports?tenant_id=3eece6462ae74be9a88402aa02c3cc18&device_id=d8e1de85-e455-4783-bbf7-3b7450a35d1c HTTP/1.1" status: 200 len: 1413 time: 0.0462170
2026-07-24 01:06:12.021 9 INFO neutron.wsgi [req-b64e09c3-d34f-4fa9-83ef-33de5808d281 req-11681354-d7b8-414b-9d2a-735fb30a6c56 5b1195e95bc648b98e3cd81287838f61 03e397f6b0c9450a88ac58208c027f30 - - 392ff6c0b2584d0ba60bd617569b29fb 392ff6c0b2584d0ba60bd617569b29fb] 10.0.0.130 "GET /v2.0/networks/fc6c3878-37b1-485b-938e-4f07187bb4e2?fields=provider%3Aphysical_network&fields=provider%3Anetwork_type HTTP/1.1" status: 200 len: 277 time: 0.1375020
2026-07-24 01:06:12.047 9 INFO neutron.db.ovn_revision_numbers_db [None req-cb71f0b8-9fcb-4615-9d3a-6460cde0ba88 - - - - - -] Successfully bumped revision number for resource 6a3d0783-73e0-437a-8be9-3e08435d09bc (type: router_ports) to 3
2026-07-24 01:06:12.270 9 INFO neutron.wsgi [req-3054e0f3-ffad-4c5e-bb16-47d4e7adcf46 req-0a67f1ac-702d-4c61-bf4c-46a683ea4be7 e9e626b1c29740f9830f012c9ab410b2 9b8d2d15519d410ea89a42774522bb02 - - default default] 10.0.0.130 "GET /v2.0/ports?device_id=f8301846-0085-437a-b119-fac059c754ee HTTP/1.1" status: 200 len: 210 time: 0.0453837
2026-07-24 01:06:12.282 9 INFO neutron.db.ovn_revision_numbers_db [None req-5c8c9220-d38b-40be-9dab-acbe46398aca 62fae09fc55f4d6faa6cb2771886dd1f f0000d67e0dd44b3abf02eb78d769b2c - - default default] Successfully bumped revision number for resource 4a3579f5-6078-40b2-bf3b-96741987ac5b (type: ports) to 1
2026-07-24 01:06:12.330 9 INFO neutron.wsgi [req-bd33407c-9120-45bb-b0f9-eefcaaf3ccda req-5836bde4-951f-4e53-9ac9-60c4040a7e85 5b1195e95bc648b98e3cd81287838f61 03e397f6b0c9450a88ac58208c027f30 - - 392ff6c0b2584d0ba60bd617569b29fb 392ff6c0b2584d0ba60bd617569b29fb] 199.204.45.74 "GET /v2.0/networks?id=2236ac59-354b-4202-af52-94d5bb5de17a HTTP/1.1" status: 200 len: 973 time: 0.3052456
2026-07-24 01:06:12.421 9 INFO neutron.wsgi [req-bd33407c-9120-45bb-b0f9-eefcaaf3ccda req-cf350ef9-86a4-4442-9f49-66868e849c34 5b1195e95bc648b98e3cd81287838f61 03e397f6b0c9450a88ac58208c027f30 - - 392ff6c0b2584d0ba60bd617569b29fb 392ff6c0b2584d0ba60bd617569b29fb] 199.204.45.74 "GET /v2.0/floatingips?fixed_ip_address=10.100.0.13&port_id=9cc83408-da89-4195-8352-a17ee7992e1c HTTP/1.1" status: 200 len: 1060 time: 0.0779388
2026-07-24 01:06:12.514 9 INFO neutron.wsgi [req-bd33407c-9120-45bb-b0f9-eefcaaf3ccda req-56fb1a70-d8bb-4bd0-b3d6-6981f3f4dd3f 5b1195e95bc648b98e3cd81287838f61 03e397f6b0c9450a88ac58208c027f30 - - 392ff6c0b2584d0ba60bd617569b29fb 392ff6c0b2584d0ba60bd617569b29fb] 199.204.45.74 "GET /v2.0/subnets?id=5947b6b3-6785-45f0-b6e4-d042bf7f95ea HTTP/1.1" status: 200 len: 868 time: 0.0866914
2026-07-24 01:06:12.543 9 INFO neutron.wsgi [req-bd33407c-9120-45bb-b0f9-eefcaaf3ccda req-a4cc4575-51cb-428e-847a-fdc9d8ecd856 5b1195e95bc648b98e3cd81287838f61 03e397f6b0c9450a88ac58208c027f30 - - 392ff6c0b2584d0ba60bd617569b29fb 392ff6c0b2584d0ba60bd617569b29fb] 199.204.45.74 "GET /v2.0/ports?network_id=2236ac59-354b-4202-af52-94d5bb5de17a&device_owner=network%3Adhcp HTTP/1.1" status: 200 len: 210 time: 0.0207138
2026-07-24 01:06:12.611 9 INFO neutron.wsgi [req-bd33407c-9120-45bb-b0f9-eefcaaf3ccda req-3e6c648d-2fc1-4704-98f5-0f9f5ae2427f 5b1195e95bc648b98e3cd81287838f61 03e397f6b0c9450a88ac58208c027f30 - - 392ff6c0b2584d0ba60bd617569b29fb 392ff6c0b2584d0ba60bd617569b29fb] 199.204.45.74 "GET /v2.0/networks/2236ac59-354b-4202-af52-94d5bb5de17a?fields=segments HTTP/1.1" status: 200 len: 212 time: 0.0611248
2026-07-24 01:06:12.951 9 INFO neutron.db.ovn_revision_numbers_db [None req-cb71f0b8-9fcb-4615-9d3a-6460cde0ba88 - - - - - -] Successfully bumped revision number for resource 6a3d0783-73e0-437a-8be9-3e08435d09bc (type: ports) to 2
2026-07-24 01:06:13.069 9 INFO neutron.wsgi [req-bd33407c-9120-45bb-b0f9-eefcaaf3ccda req-23c95784-f422-4056-bf3c-d53ab2a296f3 5b1195e95bc648b98e3cd81287838f61 03e397f6b0c9450a88ac58208c027f30 - - 392ff6c0b2584d0ba60bd617569b29fb 392ff6c0b2584d0ba60bd617569b29fb] 199.204.45.74 "GET /v2.0/networks/2236ac59-354b-4202-af52-94d5bb5de17a?fields=provider%3Aphysical_network&fields=provider%3Anetwork_type HTTP/1.1" status: 200 len: 277 time: 0.1186979
2026-07-24 01:06:13.320 9 INFO neutron.plugins.ml2.drivers.ovn.mech_driver.mech_driver [None req-0fa86b58-638e-483a-8b43-55a5768edc70 - - - - - -] OVN reports status up for port: 4a3579f5-6078-40b2-bf3b-96741987ac5b
2026-07-24 01:06:13.337 9 INFO neutron.plugins.ml2.plugin [None req-0fa86b58-638e-483a-8b43-55a5768edc70 - - - - - -] Attempt 1 to provision port 4a3579f5-6078-40b2-bf3b-96741987ac5b
2026-07-24 01:06:13.371 9 INFO neutron.db.ovn_revision_numbers_db [None req-cb71f0b8-9fcb-4615-9d3a-6460cde0ba88 - - - - - -] Successfully bumped revision number for resource 6a3d0783-73e0-437a-8be9-3e08435d09bc (type: ports) to 4
2026-07-24 01:06:13.376 9 INFO neutron.db.ovn_revision_numbers_db [None req-5c8c9220-d38b-40be-9dab-acbe46398aca 62fae09fc55f4d6faa6cb2771886dd1f f0000d67e0dd44b3abf02eb78d769b2c - - default default] Successfully bumped revision number for resource 4a3579f5-6078-40b2-bf3b-96741987ac5b (type: router_ports) to 1
2026-07-24 01:06:13.379 9 INFO neutron.wsgi [req-0e4fbfa2-d7dc-4ea3-94e0-9b8dcf26aa3a req-946810ac-0dd4-46fa-88bd-aa5ad1e2ad1b e9e626b1c29740f9830f012c9ab410b2 9b8d2d15519d410ea89a42774522bb02 - - default default] 10.0.0.130 "GET /v2.0/ports?device_id=f8301846-0085-437a-b119-fac059c754ee HTTP/1.1" status: 200 len: 210 time: 0.0293326
2026-07-24 01:06:13.560 9 INFO neutron.wsgi [req-b64e09c3-d34f-4fa9-83ef-33de5808d281 req-1839fa32-5bca-431e-96e3-34cd2e5a698e e9e626b1c29740f9830f012c9ab410b2 9b8d2d15519d410ea89a42774522bb02 - - default default] 199.204.45.74 "GET /v2.0/networks?id=fc6c3878-37b1-485b-938e-4f07187bb4e2 HTTP/1.1" status: 200 len: 876 time: 0.1851826
2026-07-24 01:06:13.589 9 WARNING neutron_lib.context [req-b64e09c3-d34f-4fa9-83ef-33de5808d281 req-ec2f924f-1c4b-436a-9c67-d4e2fe4b9d05 e9e626b1c29740f9830f012c9ab410b2 9b8d2d15519d410ea89a42774522bb02 - - default default] Method 'is_advsvc' is deprecated since 2023.2 release (neutron-lib 3.8.0) and will be removed once support for the old RBAC API policies will be removed from Neutron. Please use method 'is_service_role' instead.
2026-07-24 01:06:13.728 9 INFO neutron.db.ovn_revision_numbers_db [None req-5c8c9220-d38b-40be-9dab-acbe46398aca 62fae09fc55f4d6faa6cb2771886dd1f f0000d67e0dd44b3abf02eb78d769b2c - - default default] Successfully bumped revision number for resource 4a3579f5-6078-40b2-bf3b-96741987ac5b (type: ports) to 1
2026-07-24 01:06:14.039 9 INFO neutron.db.ovn_revision_numbers_db [None req-cb71f0b8-9fcb-4615-9d3a-6460cde0ba88 - - - - - -] Successfully bumped revision number for resource 6a3d0783-73e0-437a-8be9-3e08435d09bc (type: router_ports) to 4
2026-07-24 01:06:14.066 9 WARNING neutron.scheduler.dhcp_agent_scheduler [None req-5c8c9220-d38b-40be-9dab-acbe46398aca 62fae09fc55f4d6faa6cb2771886dd1f f0000d67e0dd44b3abf02eb78d769b2c - - default default] No more DHCP agents
2026-07-24 01:06:14.075 9 WARNING neutron.api.rpc.agentnotifiers.dhcp_rpc_agent_api [None req-5c8c9220-d38b-40be-9dab-acbe46398aca 62fae09fc55f4d6faa6cb2771886dd1f f0000d67e0dd44b3abf02eb78d769b2c - - default default] Unable to schedule network 01c75d70-ff82-48b0-9451-998106be0f35: no agents available; will retry on subsequent port and subnet creation events.
2026-07-24 01:06:14.203 9 INFO neutron.db.ovn_revision_numbers_db [None req-0fa86b58-638e-483a-8b43-55a5768edc70 - - - - - -] Successfully bumped revision number for resource 4a3579f5-6078-40b2-bf3b-96741987ac5b (type: ports) to 2
2026-07-24 01:06:14.366 9 INFO neutron.db.ovn_revision_numbers_db [None req-0fa86b58-638e-483a-8b43-55a5768edc70 - - - - - -] Successfully bumped revision number for resource 4a3579f5-6078-40b2-bf3b-96741987ac5b (type: router_ports) to 2
2026-07-24 01:06:14.422 9 WARNING neutron.scheduler.dhcp_agent_scheduler [req-b64e09c3-d34f-4fa9-83ef-33de5808d281 req-ec2f924f-1c4b-436a-9c67-d4e2fe4b9d05 e9e626b1c29740f9830f012c9ab410b2 9b8d2d15519d410ea89a42774522bb02 - - default default] No more DHCP agents
2026-07-24 01:06:14.427 9 WARNING neutron.api.rpc.agentnotifiers.dhcp_rpc_agent_api [req-b64e09c3-d34f-4fa9-83ef-33de5808d281 req-ec2f924f-1c4b-436a-9c67-d4e2fe4b9d05 e9e626b1c29740f9830f012c9ab410b2 9b8d2d15519d410ea89a42774522bb02 - - default default] Unable to schedule network fc6c3878-37b1-485b-938e-4f07187bb4e2: no agents available; will retry on subsequent port and subnet creation events. /var/lib/openstack/lib/python3.10/site-packages/pycadf/identifier.py:71: UserWarning: Invalid uuid: neutron. To ensure interoperability, identifiers should be a valid uuid. warnings.warn(('Invalid uuid: %s. To ensure interoperability, '
2026-07-24 01:06:14.504 9 INFO neutron.wsgi [req-36d53f18-3eec-4c28-89bb-063653e8c30d req-be5eb86f-e44c-408d-b0a7-80f5e56e4851 e9e626b1c29740f9830f012c9ab410b2 9b8d2d15519d410ea89a42774522bb02 - - default default] 10.0.0.130 "GET /v2.0/ports?device_id=f8301846-0085-437a-b119-fac059c754ee HTTP/1.1" status: 200 len: 1160 time: 0.0609131
2026-07-24 01:06:14.597 9 INFO neutron.wsgi [req-36d53f18-3eec-4c28-89bb-063653e8c30d req-dfaf550e-076e-4e82-a5e4-b5de9d36a048 e9e626b1c29740f9830f012c9ab410b2 9b8d2d15519d410ea89a42774522bb02 - - default default] 10.0.0.130 "GET /v2.0/security-groups?id=5f0bff29-d51b-4bdc-85e9-33dd3ac2a4b9&fields=id&fields=name HTTP/1.1" status: 200 len: 286 time: 0.0785789
2026-07-24 01:06:14.694 9 INFO neutron.db.ovn_revision_numbers_db [req-b64e09c3-d34f-4fa9-83ef-33de5808d281 req-ec2f924f-1c4b-436a-9c67-d4e2fe4b9d05 e9e626b1c29740f9830f012c9ab410b2 9b8d2d15519d410ea89a42774522bb02 - - default default] Successfully bumped revision number for resource a09676bf-dda2-467b-ac95-adbe4362f4be (type: ports) to 1
2026-07-24 01:06:14.732 9 INFO neutron.wsgi [req-b64e09c3-d34f-4fa9-83ef-33de5808d281 req-ec2f924f-1c4b-436a-9c67-d4e2fe4b9d05 e9e626b1c29740f9830f012c9ab410b2 9b8d2d15519d410ea89a42774522bb02 - - default default] 199.204.45.74 "POST /v2.0/ports HTTP/1.1" status: 201 len: 1162 time: 1.1498241
2026-07-24 01:06:15.321 10 WARNING neutron.plugins.ml2.drivers.ovn.mech_driver.ovsdb.ovn_client [None req-29f8e175-0d43-4339-bf53-5e1516680da6 - - - - - -] No hosting information found for port 4b0c9f8b-4857-4b9a-a2a8-2c3732747967: RuntimeError: No hosting information found for port 4b0c9f8b-4857-4b9a-a2a8-2c3732747967
2026-07-24 01:06:15.322 10 INFO neutron.plugins.ml2.drivers.ovn.mech_driver.mech_driver [None req-29f8e175-0d43-4339-bf53-5e1516680da6 - - - - - -] OVN reports status up for port: 6a3d0783-73e0-437a-8be9-3e08435d09bc
2026-07-24 01:06:15.342 10 INFO neutron.plugins.ml2.plugin [None req-29f8e175-0d43-4339-bf53-5e1516680da6 - - - - - -] Attempt 1 to provision port 6a3d0783-73e0-437a-8be9-3e08435d09bc
2026-07-24 01:06:15.402 9 INFO neutron.db.ovn_revision_numbers_db [None req-5c8c9220-d38b-40be-9dab-acbe46398aca 62fae09fc55f4d6faa6cb2771886dd1f f0000d67e0dd44b3abf02eb78d769b2c - - default default] Successfully bumped revision number for resource 4a3579f5-6078-40b2-bf3b-96741987ac5b (type: router_ports) to 2
2026-07-24 01:06:15.404 9 INFO neutron.wsgi [None req-5c8c9220-d38b-40be-9dab-acbe46398aca 62fae09fc55f4d6faa6cb2771886dd1f f0000d67e0dd44b3abf02eb78d769b2c - - default default] 10.0.0.162 "PUT /v2.0/routers/80ec9a6e-e2a1-49f7-b749-e29742b5e782/add_router_interface HTTP/1.1" status: 200 len: 503 time: 4.3784311
2026-07-24 01:06:15.429 9 INFO neutron.db.ovn_revision_numbers_db [req-b64e09c3-d34f-4fa9-83ef-33de5808d281 req-e328c015-c7fc-4187-8d24-b25c2c30e9cc 5b1195e95bc648b98e3cd81287838f61 03e397f6b0c9450a88ac58208c027f30 - - 392ff6c0b2584d0ba60bd617569b29fb 392ff6c0b2584d0ba60bd617569b29fb] Successfully bumped revision number for resource a09676bf-dda2-467b-ac95-adbe4362f4be (type: ports) to 2 /var/lib/openstack/lib/python3.10/site-packages/pycadf/identifier.py:71: UserWarning: Invalid uuid: neutron. To ensure interoperability, identifiers should be a valid uuid. warnings.warn(('Invalid uuid: %s. To ensure interoperability, '
2026-07-24 01:06:15.704 9 INFO neutron.db.ovn_revision_numbers_db [req-b64e09c3-d34f-4fa9-83ef-33de5808d281 req-e328c015-c7fc-4187-8d24-b25c2c30e9cc 5b1195e95bc648b98e3cd81287838f61 03e397f6b0c9450a88ac58208c027f30 - - 392ff6c0b2584d0ba60bd617569b29fb 392ff6c0b2584d0ba60bd617569b29fb] Successfully bumped revision number for resource a09676bf-dda2-467b-ac95-adbe4362f4be (type: ports) to 2
2026-07-24 01:06:15.715 9 INFO neutron.wsgi [req-b57055ab-ea0f-45ad-85be-1d2d3e9a640a req-37f21dea-ca2e-4325-8625-c110872e02fb e9e626b1c29740f9830f012c9ab410b2 9b8d2d15519d410ea89a42774522bb02 - - default default] 10.0.0.130 "GET /v2.0/ports?device_id=f8301846-0085-437a-b119-fac059c754ee HTTP/1.1" status: 200 len: 1172 time: 0.0419800
2026-07-24 01:06:15.735 9 INFO neutron.wsgi [req-b64e09c3-d34f-4fa9-83ef-33de5808d281 req-e328c015-c7fc-4187-8d24-b25c2c30e9cc 5b1195e95bc648b98e3cd81287838f61 03e397f6b0c9450a88ac58208c027f30 - - 392ff6c0b2584d0ba60bd617569b29fb 392ff6c0b2584d0ba60bd617569b29fb] 199.204.45.74 "PUT /v2.0/ports/a09676bf-dda2-467b-ac95-adbe4362f4be HTTP/1.1" status: 200 len: 1380 time: 0.9929242
2026-07-24 01:06:15.769 9 INFO neutron.notifiers.nova [-] Nova event matching ['req-2caf20eb-c8b9-4e7c-a8e8-30e47cbf1e16'] response: {'name': 'network-changed', 'server_uuid': 'f8301846-0085-437a-b119-fac059c754ee', 'tag': 'a09676bf-dda2-467b-ac95-adbe4362f4be', 'status': 'completed', 'code': 200}
2026-07-24 01:06:15.778 9 INFO neutron.wsgi [req-b57055ab-ea0f-45ad-85be-1d2d3e9a640a req-03baf6c8-fa58-48b4-bfdd-d9d10b65edb7 e9e626b1c29740f9830f012c9ab410b2 9b8d2d15519d410ea89a42774522bb02 - - default default] 10.0.0.130 "GET /v2.0/security-groups?id=5f0bff29-d51b-4bdc-85e9-33dd3ac2a4b9&fields=id&fields=name HTTP/1.1" status: 200 len: 286 time: 0.0552804
2026-07-24 01:06:15.827 9 INFO neutron.wsgi [req-b64e09c3-d34f-4fa9-83ef-33de5808d281 req-48514d5a-4f89-4658-8cae-03e33571634e 5b1195e95bc648b98e3cd81287838f61 03e397f6b0c9450a88ac58208c027f30 - - 392ff6c0b2584d0ba60bd617569b29fb 392ff6c0b2584d0ba60bd617569b29fb] 199.204.45.74 "GET /v2.0/ports?tenant_id=9b8d2d15519d410ea89a42774522bb02&device_id=f8301846-0085-437a-b119-fac059c754ee HTTP/1.1" status: 200 len: 1411 time: 0.0465636
2026-07-24 01:06:15.861 9 INFO neutron.wsgi [req-b64e09c3-d34f-4fa9-83ef-33de5808d281 req-2fed944f-30c0-40d4-94ff-1d8678798ce3 5b1195e95bc648b98e3cd81287838f61 03e397f6b0c9450a88ac58208c027f30 - - 392ff6c0b2584d0ba60bd617569b29fb 392ff6c0b2584d0ba60bd617569b29fb] 199.204.45.74 "GET /v2.0/floatingips?fixed_ip_address=10.100.0.13&port_id=a09676bf-dda2-467b-ac95-adbe4362f4be HTTP/1.1" status: 200 len: 217 time: 0.0270739
2026-07-24 01:06:15.902 9 INFO neutron.wsgi [req-b64e09c3-d34f-4fa9-83ef-33de5808d281 req-bb996fc1-c0c8-47e6-8944-b9ce097d487a 5b1195e95bc648b98e3cd81287838f61 03e397f6b0c9450a88ac58208c027f30 - - 392ff6c0b2584d0ba60bd617569b29fb 392ff6c0b2584d0ba60bd617569b29fb] 199.204.45.74 "GET /v2.0/subnets?id=20af1b7d-52b9-4ff5-bd96-4e2a92252097 HTTP/1.1" status: 200 len: 870 time: 0.0348639
2026-07-24 01:06:15.940 9 INFO neutron.wsgi [req-b64e09c3-d34f-4fa9-83ef-33de5808d281 req-73e4fa9a-5ca2-4fa5-8dc6-e73325f53417 5b1195e95bc648b98e3cd81287838f61 03e397f6b0c9450a88ac58208c027f30 - - 392ff6c0b2584d0ba60bd617569b29fb 392ff6c0b2584d0ba60bd617569b29fb] 199.204.45.74 "GET /v2.0/ports?network_id=fc6c3878-37b1-485b-938e-4f07187bb4e2&device_owner=network%3Adhcp HTTP/1.1" status: 200 len: 210 time: 0.0307975
2026-07-24 01:06:15.964 10 WARNING neutron_lib.context [None req-431507bc-4347-4dba-9bf8-41b681a18dce 8edfc0f74a974b2182e6f2a3916b42b2 fe848b0e279e4370825eb5d1f1d5361c - - default default] Method 'is_advsvc' is deprecated since 2023.2 release (neutron-lib 3.8.0) and will be removed once support for the old RBAC API policies will be removed from Neutron. Please use method 'is_service_role' instead.
2026-07-24 01:06:16.020 9 INFO neutron.wsgi [req-b64e09c3-d34f-4fa9-83ef-33de5808d281 req-e90242d8-f0d3-4f59-b5c5-32867bc49a52 5b1195e95bc648b98e3cd81287838f61 03e397f6b0c9450a88ac58208c027f30 - - 392ff6c0b2584d0ba60bd617569b29fb 392ff6c0b2584d0ba60bd617569b29fb] 199.204.45.74 "GET /v2.0/networks/fc6c3878-37b1-485b-938e-4f07187bb4e2?fields=segments HTTP/1.1" status: 200 len: 212 time: 0.0725329
2026-07-24 01:06:16.092 9 INFO neutron.wsgi [req-b64e09c3-d34f-4fa9-83ef-33de5808d281 req-b6432633-f699-48fe-a97a-c79f40ceaeed 5b1195e95bc648b98e3cd81287838f61 03e397f6b0c9450a88ac58208c027f30 - - 392ff6c0b2584d0ba60bd617569b29fb 392ff6c0b2584d0ba60bd617569b29fb] 199.204.45.74 "GET /v2.0/networks/fc6c3878-37b1-485b-938e-4f07187bb4e2?fields=provider%3Aphysical_network&fields=provider%3Anetwork_type HTTP/1.1" status: 200 len: 277 time: 0.0662794
2026-07-24 01:06:16.208 9 INFO neutron.wsgi [req-fb6681a1-f175-4781-8740-6cb93505c078 req-10833442-d72a-4270-b500-394e3dce4f10 5b1195e95bc648b98e3cd81287838f61 03e397f6b0c9450a88ac58208c027f30 - - 392ff6c0b2584d0ba60bd617569b29fb 392ff6c0b2584d0ba60bd617569b29fb] 199.204.45.74 "GET /v2.0/ports?tenant_id=9b8d2d15519d410ea89a42774522bb02&device_id=f8301846-0085-437a-b119-fac059c754ee HTTP/1.1" status: 200 len: 1411 time: 0.0679066
2026-07-24 01:06:16.292 9 INFO neutron.wsgi [req-fb6681a1-f175-4781-8740-6cb93505c078 req-a4063c79-d892-4d04-bd93-760d87761842 5b1195e95bc648b98e3cd81287838f61 03e397f6b0c9450a88ac58208c027f30 - - 392ff6c0b2584d0ba60bd617569b29fb 392ff6c0b2584d0ba60bd617569b29fb] 199.204.45.74 "GET /v2.0/networks?id=fc6c3878-37b1-485b-938e-4f07187bb4e2 HTTP/1.1" status: 200 len: 975 time: 0.0744424
2026-07-24 01:06:16.296 10 INFO neutron.db.ovn_revision_numbers_db [None req-431507bc-4347-4dba-9bf8-41b681a18dce 8edfc0f74a974b2182e6f2a3916b42b2 fe848b0e279e4370825eb5d1f1d5361c - - default default] Successfully bumped revision number for resource 8718bc6c-1748-41a8-b406-e9aef251ef6e (type: security_groups) to 1
2026-07-24 01:06:16.314 10 INFO neutron.db.ovn_revision_numbers_db [None req-431507bc-4347-4dba-9bf8-41b681a18dce 8edfc0f74a974b2182e6f2a3916b42b2 fe848b0e279e4370825eb5d1f1d5361c - - default default] Successfully bumped revision number for resource a2eeea82-3390-47c8-9173-6dac1b0f6f4f (type: security_group_rules) to 0
2026-07-24 01:06:16.327 10 INFO neutron.db.ovn_revision_numbers_db [None req-431507bc-4347-4dba-9bf8-41b681a18dce 8edfc0f74a974b2182e6f2a3916b42b2 fe848b0e279e4370825eb5d1f1d5361c - - default default] Successfully bumped revision number for resource cf462987-43b7-42b0-accd-4bfc58590fa4 (type: security_group_rules) to 0
2026-07-24 01:06:16.335 9 INFO neutron.wsgi [req-fb6681a1-f175-4781-8740-6cb93505c078 req-6c53fbc8-d4ca-4ca4-ab27-b05abc716faf 5b1195e95bc648b98e3cd81287838f61 03e397f6b0c9450a88ac58208c027f30 - - 392ff6c0b2584d0ba60bd617569b29fb 392ff6c0b2584d0ba60bd617569b29fb] 199.204.45.74 "GET /v2.0/floatingips?fixed_ip_address=10.100.0.13&port_id=a09676bf-dda2-467b-ac95-adbe4362f4be HTTP/1.1" status: 200 len: 217 time: 0.0288329
2026-07-24 01:06:16.350 10 INFO neutron.wsgi [None req-431507bc-4347-4dba-9bf8-41b681a18dce 8edfc0f74a974b2182e6f2a3916b42b2 fe848b0e279e4370825eb5d1f1d5361c - - default default] 10.0.0.162 "POST /v2.0/security-groups HTTP/1.1" status: 201 len: 1797 time: 0.3930504
2026-07-24 01:06:16.360 10 WARNING neutron_lib.context [None req-461e3dd3-467e-4e22-95e7-29e1aa2d0f46 8edfc0f74a974b2182e6f2a3916b42b2 fe848b0e279e4370825eb5d1f1d5361c - - default default] Method 'is_advsvc' is deprecated since 2023.2 release (neutron-lib 3.8.0) and will be removed once support for the old RBAC API policies will be removed from Neutron. Please use method 'is_service_role' instead.
2026-07-24 01:06:16.381 9 INFO neutron.wsgi [req-fb6681a1-f175-4781-8740-6cb93505c078 req-2e32f824-5a9e-4dd3-9204-1c9585eb259c 5b1195e95bc648b98e3cd81287838f61 03e397f6b0c9450a88ac58208c027f30 - - 392ff6c0b2584d0ba60bd617569b29fb 392ff6c0b2584d0ba60bd617569b29fb] 199.204.45.74 "GET /v2.0/subnets?id=20af1b7d-52b9-4ff5-bd96-4e2a92252097 HTTP/1.1" status: 200 len: 870 time: 0.0402541
2026-07-24 01:06:16.425 9 INFO neutron.wsgi [req-fb6681a1-f175-4781-8740-6cb93505c078 req-c104c570-0425-4ce6-aaad-120dc47725f8 5b1195e95bc648b98e3cd81287838f61 03e397f6b0c9450a88ac58208c027f30 - - 392ff6c0b2584d0ba60bd617569b29fb 392ff6c0b2584d0ba60bd617569b29fb] 199.204.45.74 "GET /v2.0/ports?network_id=fc6c3878-37b1-485b-938e-4f07187bb4e2&device_owner=network%3Adhcp HTTP/1.1" status: 200 len: 210 time: 0.0381348
2026-07-24 01:06:16.497 9 INFO neutron.wsgi [req-fb6681a1-f175-4781-8740-6cb93505c078 req-0ca0bca6-1c71-4038-8e9c-b6de2b6e9734 5b1195e95bc648b98e3cd81287838f61 03e397f6b0c9450a88ac58208c027f30 - - 392ff6c0b2584d0ba60bd617569b29fb 392ff6c0b2584d0ba60bd617569b29fb] 199.204.45.74 "GET /v2.0/networks/fc6c3878-37b1-485b-938e-4f07187bb4e2?fields=segments HTTP/1.1" status: 200 len: 212 time: 0.0665097
2026-07-24 01:06:16.527 10 INFO neutron.db.ovn_revision_numbers_db [None req-461e3dd3-467e-4e22-95e7-29e1aa2d0f46 8edfc0f74a974b2182e6f2a3916b42b2 fe848b0e279e4370825eb5d1f1d5361c - - default default] Successfully bumped revision number for resource 5df4c2a4-30a0-4a1f-923e-09889ff08482 (type: security_group_rules) to 0
2026-07-24 01:06:16.554 10 INFO neutron.wsgi [None req-461e3dd3-467e-4e22-95e7-29e1aa2d0f46 8edfc0f74a974b2182e6f2a3916b42b2 fe848b0e279e4370825eb5d1f1d5361c - - default default] 10.0.0.162 "POST /v2.0/security-group-rules HTTP/1.1" status: 201 len: 764 time: 0.1997988
2026-07-24 01:06:16.564 10 WARNING neutron_lib.context [None req-41372e65-09e5-4cf7-944c-219f72e9fa30 8edfc0f74a974b2182e6f2a3916b42b2 fe848b0e279e4370825eb5d1f1d5361c - - default default] Method 'is_advsvc' is deprecated since 2023.2 release (neutron-lib 3.8.0) and will be removed once support for the old RBAC API policies will be removed from Neutron. Please use method 'is_service_role' instead.
2026-07-24 01:06:16.574 9 INFO neutron.wsgi [req-fb6681a1-f175-4781-8740-6cb93505c078 req-d5effbdf-b3e5-4ba8-8f89-f388904ac54f 5b1195e95bc648b98e3cd81287838f61 03e397f6b0c9450a88ac58208c027f30 - - 392ff6c0b2584d0ba60bd617569b29fb 392ff6c0b2584d0ba60bd617569b29fb] 199.204.45.74 "GET /v2.0/networks/fc6c3878-37b1-485b-938e-4f07187bb4e2?fields=provider%3Aphysical_network&fields=provider%3Anetwork_type HTTP/1.1" status: 200 len: 277 time: 0.0700998
2026-07-24 01:06:16.697 10 INFO neutron.db.ovn_revision_numbers_db [None req-41372e65-09e5-4cf7-944c-219f72e9fa30 8edfc0f74a974b2182e6f2a3916b42b2 fe848b0e279e4370825eb5d1f1d5361c - - default default] Successfully bumped revision number for resource 3bfadfb3-8fff-4d5a-93df-adefe14ba853 (type: security_group_rules) to 0
2026-07-24 01:06:16.725 10 INFO neutron.wsgi [None req-41372e65-09e5-4cf7-944c-219f72e9fa30 8edfc0f74a974b2182e6f2a3916b42b2 fe848b0e279e4370825eb5d1f1d5361c - - default default] 10.0.0.162 "POST /v2.0/security-group-rules HTTP/1.1" status: 201 len: 769 time: 0.1668012
2026-07-24 01:06:16.735 10 WARNING neutron_lib.context [None req-babb544e-8984-428a-970b-ff99ee533748 8edfc0f74a974b2182e6f2a3916b42b2 fe848b0e279e4370825eb5d1f1d5361c - - default default] Method 'is_advsvc' is deprecated since 2023.2 release (neutron-lib 3.8.0) and will be removed once support for the old RBAC API policies will be removed from Neutron. Please use method 'is_service_role' instead.
2026-07-24 01:06:16.983 9 INFO neutron.wsgi [req-f24e49a4-49bd-4228-993b-1a11ca81624f req-ae7bdd1d-f585-4261-b401-bc180397e25e e9e626b1c29740f9830f012c9ab410b2 9b8d2d15519d410ea89a42774522bb02 - - default default] 10.0.0.130 "GET /v2.0/ports?device_id=f8301846-0085-437a-b119-fac059c754ee HTTP/1.1" status: 200 len: 1172 time: 0.1398475
2026-07-24 01:06:17.047 9 INFO neutron.wsgi [req-f24e49a4-49bd-4228-993b-1a11ca81624f req-7d5d6e16-6520-470b-9127-eb5d9e78ec0b e9e626b1c29740f9830f012c9ab410b2 9b8d2d15519d410ea89a42774522bb02 - - default default] 10.0.0.130 "GET /v2.0/security-groups?id=5f0bff29-d51b-4bdc-85e9-33dd3ac2a4b9&fields=id&fields=name HTTP/1.1" status: 200 len: 286 time: 0.0421057
2026-07-24 01:06:17.094 10 WARNING neutron.scheduler.dhcp_agent_scheduler [None req-babb544e-8984-428a-970b-ff99ee533748 8edfc0f74a974b2182e6f2a3916b42b2 fe848b0e279e4370825eb5d1f1d5361c - - default default] No more DHCP agents
2026-07-24 01:06:17.098 10 WARNING neutron.api.rpc.agentnotifiers.dhcp_rpc_agent_api [None req-babb544e-8984-428a-970b-ff99ee533748 8edfc0f74a974b2182e6f2a3916b42b2 fe848b0e279e4370825eb5d1f1d5361c - - default default] Unable to schedule network 1fbc47eb-ff30-409f-aace-73c56d09cabf: no agents available; will retry on subsequent port and subnet creation events.
2026-07-24 01:06:17.431 10 INFO neutron.db.ovn_revision_numbers_db [None req-babb544e-8984-428a-970b-ff99ee533748 8edfc0f74a974b2182e6f2a3916b42b2 fe848b0e279e4370825eb5d1f1d5361c - - default default] Successfully bumped revision number for resource d8635916-6492-498a-aa83-eec7960f08b0 (type: floatingips) to 0
2026-07-24 01:06:17.447 10 INFO neutron.wsgi [None req-babb544e-8984-428a-970b-ff99ee533748 8edfc0f74a974b2182e6f2a3916b42b2 fe848b0e279e4370825eb5d1f1d5361c - - default default] 10.0.0.162 "POST /v2.0/floatingips HTTP/1.1" status: 201 len: 751 time: 0.7164905
2026-07-24 01:06:17.937 9 INFO neutron.wsgi [req-d558d25b-7641-4a92-911c-08447a2021e7 req-f8ed7717-3136-4791-9d2d-a63514a7f9c8 5b1195e95bc648b98e3cd81287838f61 03e397f6b0c9450a88ac58208c027f30 - - 392ff6c0b2584d0ba60bd617569b29fb 392ff6c0b2584d0ba60bd617569b29fb] 10.0.0.117 "GET /v2.0/ports?device_id=5e09f14c-8540-4e21-a472-9c9980f10950 HTTP/1.1" status: 200 len: 1409 time: 0.1602042
2026-07-24 01:06:18.014 9 INFO neutron.wsgi [req-d558d25b-7641-4a92-911c-08447a2021e7 req-fa85b105-3b4d-44da-b02c-f2d2908b8d48 5b1195e95bc648b98e3cd81287838f61 03e397f6b0c9450a88ac58208c027f30 - - 392ff6c0b2584d0ba60bd617569b29fb 392ff6c0b2584d0ba60bd617569b29fb] 10.0.0.117 "GET /v2.0/security-groups?id=044ea97d-209e-43a4-a20e-baa741efafd0&fields=id&fields=name HTTP/1.1" status: 200 len: 313 time: 0.0678461
