2026-07-24 01:03:41.861 10 INFO neutron.wsgi [None req-0e104333-962b-4ceb-8c89-8056ac26f0ca 62fae09fc55f4d6faa6cb2771886dd1f f0000d67e0dd44b3abf02eb78d769b2c - - default default] 199.204.45.74,10.0.0.128 "GET /v2.0/security-group-rules/23611b97-03e9-40b9-a726-72abe5d8da81 HTTP/1.1" status: 200 len: 744 time: 0.0156918
2026-07-24 01:03:42.990 10 INFO neutron.wsgi [None req-75799436-967a-48ed-ac81-4b16f89950ea 62fae09fc55f4d6faa6cb2771886dd1f f0000d67e0dd44b3abf02eb78d769b2c - - default default] 199.204.45.74,10.0.0.128 "GET /v2.0/security-groups/ccd6b402-ed04-4765-a7d5-dcf93a7f5736?project_id=03e397f6b0c9450a88ac58208c027f30 HTTP/1.1" status: 200 len: 4059 time: 0.0750091
2026-07-24 01:03:43.027 10 INFO neutron.wsgi [None req-c42bf6b5-f315-4cbb-9762-e0e74b3c4594 62fae09fc55f4d6faa6cb2771886dd1f f0000d67e0dd44b3abf02eb78d769b2c - - default default] 199.204.45.74,10.0.0.128 "GET /v2.0/security-groups/ccd6b402-ed04-4765-a7d5-dcf93a7f5736 HTTP/1.1" status: 200 len: 4059 time: 0.0298219
2026-07-24 01:03:43.049 10 INFO neutron.wsgi [None req-3626055a-181c-4184-8436-b36eaa55ebbf 62fae09fc55f4d6faa6cb2771886dd1f f0000d67e0dd44b3abf02eb78d769b2c - - default default] 199.204.45.74,10.0.0.128 "GET /v2.0/security-group-rules/b49c7634-e34b-4c90-85ee-b60d3bc06bda HTTP/1.1" status: 200 len: 745 time: 0.0169568
2026-07-24 01:03:50.746 10 INFO neutron.wsgi [None req-1b478196-0efd-4dc5-a60e-c38172d9ca8e 62fae09fc55f4d6faa6cb2771886dd1f f0000d67e0dd44b3abf02eb78d769b2c - - default default] 199.204.45.74,10.0.0.128 "GET /v2.0/quotas/03e397f6b0c9450a88ac58208c027f30 HTTP/1.1" status: 200 len: 361 time: 0.0115623
2026-07-24 01:03:53.809 10 INFO neutron.wsgi [-] 10.0.0.128 "GET / HTTP/1.1" status: 200 len: 247 time: 0.0028477
2026-07-24 01:03:53.810 9 INFO neutron.wsgi [-] 10.0.0.128 "GET / HTTP/1.1" status: 200 len: 247 time: 0.0031869
2026-07-24 01:04:08.809 10 INFO neutron.wsgi [-] 10.0.0.128 "GET / HTTP/1.1" status: 200 len: 247 time: 0.0030396
2026-07-24 01:04:08.810 9 INFO neutron.wsgi [-] 10.0.0.128 "GET / HTTP/1.1" status: 200 len: 247 time: 0.0030403
2026-07-24 01:04:23.808 9 INFO neutron.wsgi [-] 10.0.0.128 "GET / HTTP/1.1" status: 200 len: 247 time: 0.0021586
2026-07-24 01:04:23.809 10 INFO neutron.wsgi [-] 10.0.0.128 "GET / HTTP/1.1" status: 200 len: 247 time: 0.0031354
2026-07-24 01:04:33.579 9 INFO neutron.wsgi [None req-02d76b64-aed2-4e9a-aa8c-a72a34293daf 62fae09fc55f4d6faa6cb2771886dd1f f0000d67e0dd44b3abf02eb78d769b2c - - default default] 10.0.0.178 "GET /v2.0/subnets HTTP/1.1" status: 200 len: 1437 time: 0.0845745
2026-07-24 01:04:33.602 9 INFO neutron.wsgi [None req-4dc34b31-3c46-4b4a-8a78-a2a46a70295e 62fae09fc55f4d6faa6cb2771886dd1f f0000d67e0dd44b3abf02eb78d769b2c - - default default] 10.0.0.178 "GET /v2.0/routers HTTP/1.1" status: 200 len: 189 time: 0.0219853
2026-07-24 01:04:33.635 9 INFO neutron.wsgi [None req-4eccb338-e837-412f-bfa8-c5edfeadc04a 62fae09fc55f4d6faa6cb2771886dd1f f0000d67e0dd44b3abf02eb78d769b2c - - default default] 10.0.0.178 "GET /v2.0/agents?binary=ovn-controller HTTP/1.1" status: 200 len: 591 time: 0.0315318
2026-07-24 01:04:33.647 9 INFO neutron.wsgi [None req-4941f863-6ed5-4f79-9b36-c51bfaf0b06b 62fae09fc55f4d6faa6cb2771886dd1f f0000d67e0dd44b3abf02eb78d769b2c - - default default] 10.0.0.178 "GET /v2.0/network-ip-availabilities HTTP/1.1" status: 200 len: 1280 time: 0.0120270
2026-07-24 01:04:33.668 9 INFO neutron.wsgi [None req-e062c83c-a9c1-4cb1-913d-113588cc9ee6 62fae09fc55f4d6faa6cb2771886dd1f f0000d67e0dd44b3abf02eb78d769b2c - - default default] 10.0.0.178 "GET /v2.0/floatingips HTTP/1.1" status: 200 len: 193 time: 0.0191600
2026-07-24 01:04:33.678 9 INFO neutron.wsgi [None req-ea8c19c2-0827-4b0b-9168-fc1399b09978 62fae09fc55f4d6faa6cb2771886dd1f f0000d67e0dd44b3abf02eb78d769b2c - - default default] 10.0.0.178 "GET /v2.0/agents HTTP/1.1" status: 200 len: 997 time: 0.0093603
2026-07-24 01:04:33.739 9 INFO neutron.wsgi [None req-eeea3968-0168-48a1-851b-a02162858236 62fae09fc55f4d6faa6cb2771886dd1f f0000d67e0dd44b3abf02eb78d769b2c - - default default] 10.0.0.178 "GET /v2.0/networks HTTP/1.1" status: 200 len: 2350 time: 0.0600419
2026-07-24 01:04:33.792 9 INFO neutron.wsgi [None req-9e8495a3-bc45-4951-ae5e-be5b08ed1198 62fae09fc55f4d6faa6cb2771886dd1f f0000d67e0dd44b3abf02eb78d769b2c - - default default] 10.0.0.178 "GET /v2.0/security-groups HTTP/1.1" status: 200 len: 16795 time: 0.0504239
2026-07-24 01:04:33.856 9 INFO neutron.wsgi [None req-3c130299-8eec-4394-8533-a85af274eaef 62fae09fc55f4d6faa6cb2771886dd1f f0000d67e0dd44b3abf02eb78d769b2c - - default default] 10.0.0.178 "GET /v2.0/ports HTTP/1.1" status: 200 len: 5343 time: 0.0577710
2026-07-24 01:04:33.992 9 INFO neutron.wsgi [None req-3a6086e8-de7c-4068-a5f7-0e115a8d2e53 62fae09fc55f4d6faa6cb2771886dd1f f0000d67e0dd44b3abf02eb78d769b2c - - default default] 10.0.0.178 "GET /v2.0/subnets HTTP/1.1" status: 200 len: 1437 time: 0.1321032
2026-07-24 01:04:34.003 9 INFO neutron.wsgi [None req-1ed36b29-8e90-4366-a5a0-021d14a61e3e 62fae09fc55f4d6faa6cb2771886dd1f f0000d67e0dd44b3abf02eb78d769b2c - - default default] 10.0.0.178 "GET /v2.0/subnetpools HTTP/1.1" status: 200 len: 193 time: 0.0092826
2026-07-24 01:04:38.808 9 INFO neutron.wsgi [-] 10.0.0.128 "GET / HTTP/1.1" status: 200 len: 247 time: 0.0024598
2026-07-24 01:04:38.808 10 INFO neutron.wsgi [-] 10.0.0.128 "GET / HTTP/1.1" status: 200 len: 247 time: 0.0023603
2026-07-24 01:04:45.182 9 INFO neutron.wsgi [None req-1d2b0c3a-4226-48fd-b76e-3c06122d9fa7 62fae09fc55f4d6faa6cb2771886dd1f f0000d67e0dd44b3abf02eb78d769b2c - - default default] 199.204.45.74,10.0.0.128 "GET /v2.0/networks?name=public HTTP/1.1" status: 200 len: 928 time: 0.1218042
2026-07-24 01:04:53.809 10 INFO neutron.wsgi [-] 10.0.0.128 "GET / HTTP/1.1" status: 200 len: 247 time: 0.0026817
2026-07-24 01:04:53.814 10 INFO neutron.wsgi [-] 10.0.0.128 "GET / HTTP/1.1" status: 200 len: 247 time: 0.0031240
2026-07-24 01:05:08.809 9 INFO neutron.wsgi [-] 10.0.0.128 "GET / HTTP/1.1" status: 200 len: 247 time: 0.0025718
2026-07-24 01:05:08.809 10 INFO neutron.wsgi [-] 10.0.0.128 "GET / HTTP/1.1" status: 200 len: 247 time: 0.0022683
2026-07-24 01:05:23.807 10 INFO neutron.wsgi [-] 10.0.0.128 "GET / HTTP/1.1" status: 200 len: 247 time: 0.0012927
2026-07-24 01:05:23.809 9 INFO neutron.wsgi [-] 10.0.0.128 "GET / HTTP/1.1" status: 200 len: 247 time: 0.0027938
2026-07-24 01:05:27.463 9 INFO neutron.wsgi [None req-4abfef1e-7a26-4a49-80f0-8d7508158b03 62fae09fc55f4d6faa6cb2771886dd1f f0000d67e0dd44b3abf02eb78d769b2c - - default default] 10.0.0.162 "GET /v2.0/networks HTTP/1.1" status: 200 len: 2369 time: 0.2567959
2026-07-24 01:05:29.416 9 INFO neutron.wsgi [None req-b63ea3bb-2547-4033-ac0b-ac733984b2c5 62fae09fc55f4d6faa6cb2771886dd1f f0000d67e0dd44b3abf02eb78d769b2c - - default default] 10.0.0.162 "GET /v2.0/floatingips HTTP/1.1" status: 200 len: 212 time: 0.0256197
2026-07-24 01:05:29.447 9 INFO neutron.wsgi [None req-e0da1584-56ac-42b7-939c-55f73f75729c 62fae09fc55f4d6faa6cb2771886dd1f f0000d67e0dd44b3abf02eb78d769b2c - - default default] 10.0.0.162 "GET /v2.0/routers HTTP/1.1" status: 200 len: 208 time: 0.0256801
2026-07-24 01:05:29.499 9 INFO neutron.wsgi [None req-226e7f03-526b-479e-b8f3-a01018b11e19 62fae09fc55f4d6faa6cb2771886dd1f f0000d67e0dd44b3abf02eb78d769b2c - - default default] 10.0.0.162 "GET /v2.0/ports HTTP/1.1" status: 200 len: 5362 time: 0.0448494
2026-07-24 01:05:29.537 9 INFO neutron.wsgi [None req-19d3c5d5-429b-4722-93e1-628ae8f6582e 62fae09fc55f4d6faa6cb2771886dd1f f0000d67e0dd44b3abf02eb78d769b2c - - default default] 10.0.0.162 "GET /v2.0/subnets HTTP/1.1" status: 200 len: 1456 time: 0.0329971
2026-07-24 01:05:29.615 9 INFO neutron.wsgi [None req-b8fac49f-d2f2-4090-8d42-fda3651b8894 62fae09fc55f4d6faa6cb2771886dd1f f0000d67e0dd44b3abf02eb78d769b2c - - default default] 10.0.0.162 "GET /v2.0/networks HTTP/1.1" status: 200 len: 2369 time: 0.0728223
2026-07-24 01:05:29.670 9 INFO neutron.wsgi [None req-bf988e6b-bfa4-42c2-9c5b-805756f622bb 62fae09fc55f4d6faa6cb2771886dd1f f0000d67e0dd44b3abf02eb78d769b2c - - default default] 10.0.0.162 "GET /v2.0/security-groups HTTP/1.1" status: 200 len: 16814 time: 0.0483372
2026-07-24 01:05:29.740 10 INFO neutron.wsgi [None req-de541377-4883-4a3e-bf29-7bd4a79f3db8 62fae09fc55f4d6faa6cb2771886dd1f f0000d67e0dd44b3abf02eb78d769b2c - - default default] 10.0.0.162 "GET /v2.0/subnetpools HTTP/1.1" status: 200 len: 212 time: 0.0217900
2026-07-24 01:05:33.609 9 INFO neutron.wsgi [None req-8ea8eda4-67e0-41d9-b701-ce6fcc198adb 62fae09fc55f4d6faa6cb2771886dd1f f0000d67e0dd44b3abf02eb78d769b2c - - default default] 10.0.0.178 "GET /v2.0/network-ip-availabilities HTTP/1.1" status: 200 len: 1280 time: 0.0842316
2026-07-24 01:05:33.709 9 INFO neutron.wsgi [None req-c4529848-3633-4af2-a6ae-e2da1ffaa5bb 62fae09fc55f4d6faa6cb2771886dd1f f0000d67e0dd44b3abf02eb78d769b2c - - default default] 10.0.0.178 "GET /v2.0/networks HTTP/1.1" status: 200 len: 2350 time: 0.0990973
2026-07-24 01:05:33.753 9 INFO neutron.wsgi [None req-5fbcd3de-2c88-4ab1-8dbb-bb00949724c6 62fae09fc55f4d6faa6cb2771886dd1f f0000d67e0dd44b3abf02eb78d769b2c - - default default] 10.0.0.178 "GET /v2.0/subnets HTTP/1.1" status: 200 len: 1437 time: 0.0432456
2026-07-24 01:05:33.771 9 INFO neutron.wsgi [None req-cf67f3a0-e410-4e70-900e-26405970c38a 62fae09fc55f4d6faa6cb2771886dd1f f0000d67e0dd44b3abf02eb78d769b2c - - default default] 10.0.0.178 "GET /v2.0/subnetpools HTTP/1.1" status: 200 len: 193 time: 0.0174146
2026-07-24 01:05:33.811 9 INFO neutron.wsgi [None req-f78a93d6-2271-476f-a2c7-b47079d62871 62fae09fc55f4d6faa6cb2771886dd1f f0000d67e0dd44b3abf02eb78d769b2c - - default default] 10.0.0.178 "GET /v2.0/subnets HTTP/1.1" status: 200 len: 1437 time: 0.0384047
2026-07-24 01:05:33.959 9 INFO neutron.wsgi [None req-a4a1b8d9-d6ae-42c6-86c1-56aaf33074cc 62fae09fc55f4d6faa6cb2771886dd1f f0000d67e0dd44b3abf02eb78d769b2c - - default default] 10.0.0.178 "GET /v2.0/ports HTTP/1.1" status: 200 len: 5343 time: 0.1465209
2026-07-24 01:05:33.996 9 INFO neutron.wsgi [None req-e3f20719-f329-4605-8110-f4c98eb271e3 62fae09fc55f4d6faa6cb2771886dd1f f0000d67e0dd44b3abf02eb78d769b2c - - default default] 10.0.0.178 "GET /v2.0/routers HTTP/1.1" status: 200 len: 189 time: 0.0254071
2026-07-24 01:05:34.045 9 INFO neutron.wsgi [None req-79f03af8-ccba-4127-8031-27a9341133f8 62fae09fc55f4d6faa6cb2771886dd1f f0000d67e0dd44b3abf02eb78d769b2c - - default default] 10.0.0.178 "GET /v2.0/agents?binary=ovn-controller HTTP/1.1" status: 200 len: 591 time: 0.0481195
2026-07-24 01:05:34.057 9 INFO neutron.wsgi [None req-85c26e96-1e7a-40ca-8a91-8deaf5464585 62fae09fc55f4d6faa6cb2771886dd1f f0000d67e0dd44b3abf02eb78d769b2c - - default default] 10.0.0.178 "GET /v2.0/agents HTTP/1.1" status: 200 len: 997 time: 0.0103264
2026-07-24 01:05:34.075 9 INFO neutron.wsgi [None req-5cd31daf-ce11-439c-9ab1-a27ab78886ef 62fae09fc55f4d6faa6cb2771886dd1f f0000d67e0dd44b3abf02eb78d769b2c - - default default] 10.0.0.178 "GET /v2.0/floatingips HTTP/1.1" status: 200 len: 193 time: 0.0177097
2026-07-24 01:05:34.131 9 INFO neutron.wsgi [None req-145978a8-5ffe-447b-a479-12c1bd0c67a6 62fae09fc55f4d6faa6cb2771886dd1f f0000d67e0dd44b3abf02eb78d769b2c - - default default] 10.0.0.178 "GET /v2.0/security-groups HTTP/1.1" status: 200 len: 16795 time: 0.0554376
2026-07-24 01:05:38.809 9 INFO neutron.wsgi [-] 10.0.0.128 "GET / HTTP/1.1" status: 200 len: 247 time: 0.0026231
2026-07-24 01:05:38.812 9 INFO neutron.wsgi [-] 10.0.0.128 "GET / HTTP/1.1" status: 200 len: 247 time: 0.0020223
2026-07-24 01:05:41.318 9 INFO neutron.db.ovn_revision_numbers_db [None req-03f36f87-49af-4a84-a811-f74977162c65 62fae09fc55f4d6faa6cb2771886dd1f f0000d67e0dd44b3abf02eb78d769b2c - - default default] Successfully bumped revision number for resource 35e7d249-d4e6-4942-b167-6b02fdff2925 (type: security_groups) to 1
2026-07-24 01:05:41.326 10 INFO neutron.db.ovn_revision_numbers_db [None req-00d4edb8-a12e-475b-b98b-3d1576b93a61 62fae09fc55f4d6faa6cb2771886dd1f f0000d67e0dd44b3abf02eb78d769b2c - - default default] Successfully bumped revision number for resource abc5dff5-9d18-415e-ade1-a4698ca583e1 (type: security_groups) to 1
2026-07-24 01:05:41.338 9 INFO neutron.db.ovn_revision_numbers_db [None req-03f36f87-49af-4a84-a811-f74977162c65 62fae09fc55f4d6faa6cb2771886dd1f f0000d67e0dd44b3abf02eb78d769b2c - - default default] Successfully bumped revision number for resource 1cd93b4d-a375-49b2-a6f9-c79b49cdcde2 (type: security_group_rules) to 0
2026-07-24 01:05:41.346 10 INFO neutron.db.ovn_revision_numbers_db [None req-00d4edb8-a12e-475b-b98b-3d1576b93a61 62fae09fc55f4d6faa6cb2771886dd1f f0000d67e0dd44b3abf02eb78d769b2c - - default default] Successfully bumped revision number for resource 091b5f6a-8b40-4e35-984c-e5b1fd0ee122 (type: security_group_rules) to 0
2026-07-24 01:05:41.353 9 INFO neutron.db.ovn_revision_numbers_db [None req-03f36f87-49af-4a84-a811-f74977162c65 62fae09fc55f4d6faa6cb2771886dd1f f0000d67e0dd44b3abf02eb78d769b2c - - default default] Successfully bumped revision number for resource 744ee7a0-fa1f-4fde-858f-f896ba812458 (type: security_group_rules) to 0
2026-07-24 01:05:41.371 9 INFO neutron.db.ovn_revision_numbers_db [None req-03f36f87-49af-4a84-a811-f74977162c65 62fae09fc55f4d6faa6cb2771886dd1f f0000d67e0dd44b3abf02eb78d769b2c - - default default] Successfully bumped revision number for resource b911302f-6f17-4ab8-8ec6-e35c4853c5c8 (type: security_group_rules) to 0
2026-07-24 01:05:41.371 10 INFO neutron.db.ovn_revision_numbers_db [None req-00d4edb8-a12e-475b-b98b-3d1576b93a61 62fae09fc55f4d6faa6cb2771886dd1f f0000d67e0dd44b3abf02eb78d769b2c - - default default] Successfully bumped revision number for resource 7f9a0f3f-4078-4094-9251-1e9a19527059 (type: security_group_rules) to 0
2026-07-24 01:05:41.391 9 INFO neutron.db.ovn_revision_numbers_db [None req-03f36f87-49af-4a84-a811-f74977162c65 62fae09fc55f4d6faa6cb2771886dd1f f0000d67e0dd44b3abf02eb78d769b2c - - default default] Successfully bumped revision number for resource d5a32ec7-9f30-411f-bb81-81eedcf5e7b6 (type: security_group_rules) to 0
2026-07-24 01:05:41.393 10 INFO neutron.db.ovn_revision_numbers_db [None req-00d4edb8-a12e-475b-b98b-3d1576b93a61 62fae09fc55f4d6faa6cb2771886dd1f f0000d67e0dd44b3abf02eb78d769b2c - - default default] Successfully bumped revision number for resource b4d2c3ea-6b63-459f-9935-40d84f8d1ed2 (type: security_group_rules) to 0
2026-07-24 01:05:41.420 10 INFO neutron.db.ovn_revision_numbers_db [None req-00d4edb8-a12e-475b-b98b-3d1576b93a61 62fae09fc55f4d6faa6cb2771886dd1f f0000d67e0dd44b3abf02eb78d769b2c - - default default] Successfully bumped revision number for resource e33b207b-6caf-495a-8076-fceb79323e6f (type: security_group_rules) to 0
2026-07-24 01:05:41.469 9 INFO neutron.db.segments_db [None req-03f36f87-49af-4a84-a811-f74977162c65 62fae09fc55f4d6faa6cb2771886dd1f f0000d67e0dd44b3abf02eb78d769b2c - - default default] Added segment 0d0bbb04-5278-4a1c-9aa2-1c3aa3949451 of type geneve for network 73532859-aca3-4739-8150-27c7a886a75d
2026-07-24 01:05:41.481 10 INFO neutron.db.ovn_revision_numbers_db [None req-cffd35b1-eff9-4c06-b6b4-2ab65c4df73b 62fae09fc55f4d6faa6cb2771886dd1f f0000d67e0dd44b3abf02eb78d769b2c - - default default] Successfully bumped revision number for resource 8df9aa56-9601-4699-8c14-818b47c7a5e7 (type: security_groups) to 1
2026-07-24 01:05:41.490 10 INFO neutron.db.segments_db [None req-00d4edb8-a12e-475b-b98b-3d1576b93a61 62fae09fc55f4d6faa6cb2771886dd1f f0000d67e0dd44b3abf02eb78d769b2c - - default default] Added segment 69483a09-87a2-47f1-ae9d-81b5d042b87c of type geneve for network 2236ac59-354b-4202-af52-94d5bb5de17a
2026-07-24 01:05:41.511 10 INFO neutron.db.ovn_revision_numbers_db [None req-cffd35b1-eff9-4c06-b6b4-2ab65c4df73b 62fae09fc55f4d6faa6cb2771886dd1f f0000d67e0dd44b3abf02eb78d769b2c - - default default] Successfully bumped revision number for resource 29e24212-b8ea-4d51-ab80-7af14690f27e (type: security_group_rules) to 0
2026-07-24 01:05:41.526 10 INFO neutron.db.ovn_revision_numbers_db [None req-cffd35b1-eff9-4c06-b6b4-2ab65c4df73b 62fae09fc55f4d6faa6cb2771886dd1f f0000d67e0dd44b3abf02eb78d769b2c - - default default] Successfully bumped revision number for resource 4b90dc21-bd0b-4d50-8893-aa44386b24ab (type: security_group_rules) to 0
2026-07-24 01:05:41.557 10 INFO neutron.db.ovn_revision_numbers_db [None req-cffd35b1-eff9-4c06-b6b4-2ab65c4df73b 62fae09fc55f4d6faa6cb2771886dd1f f0000d67e0dd44b3abf02eb78d769b2c - - default default] Successfully bumped revision number for resource c706f3ab-0111-4578-ace5-ec37d2e5dc32 (type: security_group_rules) to 0
2026-07-24 01:05:41.584 10 INFO neutron.db.ovn_revision_numbers_db [None req-cffd35b1-eff9-4c06-b6b4-2ab65c4df73b 62fae09fc55f4d6faa6cb2771886dd1f f0000d67e0dd44b3abf02eb78d769b2c - - default default] Successfully bumped revision number for resource fa3fae47-fc59-48f7-8f4d-1b8b008b7eb0 (type: security_group_rules) to 0
2026-07-24 01:05:41.659 10 INFO neutron.db.segments_db [None req-cffd35b1-eff9-4c06-b6b4-2ab65c4df73b 62fae09fc55f4d6faa6cb2771886dd1f f0000d67e0dd44b3abf02eb78d769b2c - - default default] Added segment 3e216d49-2ea9-4171-8788-4df06c9444ee of type geneve for network cb4cc556-5ad2-4514-a9cd-9fc211bcf403
2026-07-24 01:05:41.661 9 INFO neutron.db.ovn_revision_numbers_db [None req-03f36f87-49af-4a84-a811-f74977162c65 62fae09fc55f4d6faa6cb2771886dd1f f0000d67e0dd44b3abf02eb78d769b2c - - default default] Successfully bumped revision number for resource 73532859-aca3-4739-8150-27c7a886a75d (type: networks) to 1
2026-07-24 01:05:41.711 10 INFO neutron.db.ovn_revision_numbers_db [None req-00d4edb8-a12e-475b-b98b-3d1576b93a61 62fae09fc55f4d6faa6cb2771886dd1f f0000d67e0dd44b3abf02eb78d769b2c - - default default] Successfully bumped revision number for resource 2236ac59-354b-4202-af52-94d5bb5de17a (type: networks) to 1
2026-07-24 01:05:41.825 9 WARNING neutron.scheduler.dhcp_agent_scheduler [None req-03f36f87-49af-4a84-a811-f74977162c65 62fae09fc55f4d6faa6cb2771886dd1f f0000d67e0dd44b3abf02eb78d769b2c - - default default] No more DHCP agents
2026-07-24 01:05:41.828 9 WARNING neutron.api.rpc.agentnotifiers.dhcp_rpc_agent_api [None req-03f36f87-49af-4a84-a811-f74977162c65 62fae09fc55f4d6faa6cb2771886dd1f f0000d67e0dd44b3abf02eb78d769b2c - - default default] Unable to schedule network 73532859-aca3-4739-8150-27c7a886a75d: no agents available; will retry on subsequent port and subnet creation events.
2026-07-24 01:05:41.922 9 INFO neutron.db.ovn_revision_numbers_db [None req-03f36f87-49af-4a84-a811-f74977162c65 62fae09fc55f4d6faa6cb2771886dd1f f0000d67e0dd44b3abf02eb78d769b2c - - default default] Successfully bumped revision number for resource 34966046-6fe3-4eeb-954f-e7f42cacc918 (type: ports) to 1
2026-07-24 01:05:41.966 10 INFO neutron.db.ovn_revision_numbers_db [None req-cffd35b1-eff9-4c06-b6b4-2ab65c4df73b 62fae09fc55f4d6faa6cb2771886dd1f f0000d67e0dd44b3abf02eb78d769b2c - - default default] Successfully bumped revision number for resource cb4cc556-5ad2-4514-a9cd-9fc211bcf403 (type: networks) to 1
2026-07-24 01:05:41.967 9 INFO neutron.wsgi [None req-03f36f87-49af-4a84-a811-f74977162c65 62fae09fc55f4d6faa6cb2771886dd1f f0000d67e0dd44b3abf02eb78d769b2c - - default default] 10.0.0.162 "POST /v2.0/networks HTTP/1.1" status: 201 len: 946 time: 0.9015026
2026-07-24 01:05:42.147 10 WARNING neutron.scheduler.dhcp_agent_scheduler [None req-00d4edb8-a12e-475b-b98b-3d1576b93a61 62fae09fc55f4d6faa6cb2771886dd1f f0000d67e0dd44b3abf02eb78d769b2c - - default default] No more DHCP agents
2026-07-24 01:05:42.165 10 WARNING neutron.api.rpc.agentnotifiers.dhcp_rpc_agent_api [None req-00d4edb8-a12e-475b-b98b-3d1576b93a61 62fae09fc55f4d6faa6cb2771886dd1f f0000d67e0dd44b3abf02eb78d769b2c - - default default] Unable to schedule network 2236ac59-354b-4202-af52-94d5bb5de17a: no agents available; will retry on subsequent port and subnet creation events.
2026-07-24 01:05:42.354 9 INFO neutron.db.ovn_revision_numbers_db [None req-49bc8786-7f9d-4689-bfa0-a71867eff799 62fae09fc55f4d6faa6cb2771886dd1f f0000d67e0dd44b3abf02eb78d769b2c - - default default] Successfully bumped revision number for resource 66a32c70-27ca-4b2c-b611-15ccd38ee61b (type: security_groups) to 1
2026-07-24 01:05:42.364 10 INFO neutron.db.ovn_revision_numbers_db [None req-00d4edb8-a12e-475b-b98b-3d1576b93a61 62fae09fc55f4d6faa6cb2771886dd1f f0000d67e0dd44b3abf02eb78d769b2c - - default default] Successfully bumped revision number for resource 760366c0-4091-463e-8d0f-1f2837a3998a (type: ports) to 1
2026-07-24 01:05:42.380 10 WARNING neutron.scheduler.dhcp_agent_scheduler [None req-cffd35b1-eff9-4c06-b6b4-2ab65c4df73b 62fae09fc55f4d6faa6cb2771886dd1f f0000d67e0dd44b3abf02eb78d769b2c - - default default] No more DHCP agents
2026-07-24 01:05:42.381 9 INFO neutron.db.ovn_revision_numbers_db [None req-49bc8786-7f9d-4689-bfa0-a71867eff799 62fae09fc55f4d6faa6cb2771886dd1f f0000d67e0dd44b3abf02eb78d769b2c - - default default] Successfully bumped revision number for resource 81ebbf0f-8462-4477-ba19-69b249227651 (type: security_group_rules) to 0
2026-07-24 01:05:42.384 10 WARNING neutron.scheduler.dhcp_agent_scheduler [None req-2af459f2-5810-452a-8b17-edd14e8be508 62fae09fc55f4d6faa6cb2771886dd1f f0000d67e0dd44b3abf02eb78d769b2c - - default default] No more DHCP agents
2026-07-24 01:05:42.385 10 WARNING neutron.api.rpc.agentnotifiers.dhcp_rpc_agent_api [None req-cffd35b1-eff9-4c06-b6b4-2ab65c4df73b 62fae09fc55f4d6faa6cb2771886dd1f f0000d67e0dd44b3abf02eb78d769b2c - - default default] Unable to schedule network cb4cc556-5ad2-4514-a9cd-9fc211bcf403: no agents available; will retry on subsequent port and subnet creation events.
2026-07-24 01:05:42.393 10 WARNING neutron.api.rpc.agentnotifiers.dhcp_rpc_agent_api [None req-2af459f2-5810-452a-8b17-edd14e8be508 62fae09fc55f4d6faa6cb2771886dd1f f0000d67e0dd44b3abf02eb78d769b2c - - default default] Unable to schedule network 73532859-aca3-4739-8150-27c7a886a75d: no agents available; will retry on subsequent port and subnet creation events.
2026-07-24 01:05:42.397 9 INFO neutron.db.ovn_revision_numbers_db [None req-49bc8786-7f9d-4689-bfa0-a71867eff799 62fae09fc55f4d6faa6cb2771886dd1f f0000d67e0dd44b3abf02eb78d769b2c - - default default] Successfully bumped revision number for resource 89180692-e538-4f9d-be8a-23e9001ee5ca (type: security_group_rules) to 0
2026-07-24 01:05:42.417 9 INFO neutron.db.ovn_revision_numbers_db [None req-49bc8786-7f9d-4689-bfa0-a71867eff799 62fae09fc55f4d6faa6cb2771886dd1f f0000d67e0dd44b3abf02eb78d769b2c - - default default] Successfully bumped revision number for resource b46ff50e-7a35-4a6a-bd11-2d64b8a46f85 (type: security_group_rules) to 0
2026-07-24 01:05:42.424 10 INFO neutron.wsgi [None req-00d4edb8-a12e-475b-b98b-3d1576b93a61 62fae09fc55f4d6faa6cb2771886dd1f f0000d67e0dd44b3abf02eb78d769b2c - - default default] 10.0.0.162 "POST /v2.0/networks HTTP/1.1" status: 201 len: 945 time: 1.4007804
2026-07-24 01:05:42.444 9 INFO neutron.db.ovn_revision_numbers_db [None req-49bc8786-7f9d-4689-bfa0-a71867eff799 62fae09fc55f4d6faa6cb2771886dd1f f0000d67e0dd44b3abf02eb78d769b2c - - default default] Successfully bumped revision number for resource c0dc4f53-4a2c-424e-ae44-31dd58d413f6 (type: security_group_rules) to 0
2026-07-24 01:05:42.498 9 INFO neutron.wsgi [None req-49bc8786-7f9d-4689-bfa0-a71867eff799 62fae09fc55f4d6faa6cb2771886dd1f f0000d67e0dd44b3abf02eb78d769b2c - - default default] 10.0.0.162 "GET /v2.0/security-groups?tenant_id=ff7e9ec4ffd3431e998de7f5b2d43e1d&name=default HTTP/1.1" status: 200 len: 2992 time: 0.4411066
2026-07-24 01:05:42.537 10 INFO neutron.db.ovn_revision_numbers_db [None req-cffd35b1-eff9-4c06-b6b4-2ab65c4df73b 62fae09fc55f4d6faa6cb2771886dd1f f0000d67e0dd44b3abf02eb78d769b2c - - default default] Successfully bumped revision number for resource 1267e07e-0a53-44c2-b8e1-ff7df94c442b (type: ports) to 1
2026-07-24 01:05:42.597 10 INFO neutron.wsgi [None req-cffd35b1-eff9-4c06-b6b4-2ab65c4df73b 62fae09fc55f4d6faa6cb2771886dd1f f0000d67e0dd44b3abf02eb78d769b2c - - default default] 10.0.0.162 "POST /v2.0/networks HTTP/1.1" status: 201 len: 954 time: 1.3543067
2026-07-24 01:05:42.666 9 WARNING neutron.scheduler.dhcp_agent_scheduler [None req-d1ec7343-7f61-492b-bab9-49c1ae176104 62fae09fc55f4d6faa6cb2771886dd1f f0000d67e0dd44b3abf02eb78d769b2c - - default default] No more DHCP agents
2026-07-24 01:05:42.670 9 WARNING neutron.api.rpc.agentnotifiers.dhcp_rpc_agent_api [None req-d1ec7343-7f61-492b-bab9-49c1ae176104 62fae09fc55f4d6faa6cb2771886dd1f f0000d67e0dd44b3abf02eb78d769b2c - - default default] Unable to schedule network 2236ac59-354b-4202-af52-94d5bb5de17a: no agents available; will retry on subsequent port and subnet creation events.
2026-07-24 01:05:42.835 9 INFO neutron.wsgi [None req-87f1ef12-7618-407f-bbed-78aee6b30de6 62fae09fc55f4d6faa6cb2771886dd1f f0000d67e0dd44b3abf02eb78d769b2c - - default default] 10.0.0.162 "DELETE /v2.0/security-groups/66a32c70-27ca-4b2c-b611-15ccd38ee61b HTTP/1.1" status: 204 len: 168 time: 0.3299682
2026-07-24 01:05:42.946 10 WARNING neutron.scheduler.dhcp_agent_scheduler [None req-f68d3f7c-1321-4bc8-be3e-cc9e67ad8b60 62fae09fc55f4d6faa6cb2771886dd1f f0000d67e0dd44b3abf02eb78d769b2c - - default default] No more DHCP agents
2026-07-24 01:05:42.961 10 WARNING neutron.api.rpc.agentnotifiers.dhcp_rpc_agent_api [None req-f68d3f7c-1321-4bc8-be3e-cc9e67ad8b60 62fae09fc55f4d6faa6cb2771886dd1f f0000d67e0dd44b3abf02eb78d769b2c - - default default] Unable to schedule network cb4cc556-5ad2-4514-a9cd-9fc211bcf403: no agents available; will retry on subsequent port and subnet creation events.
2026-07-24 01:05:43.282 9 INFO neutron.db.ovn_revision_numbers_db [None req-d1ec7343-7f61-492b-bab9-49c1ae176104 62fae09fc55f4d6faa6cb2771886dd1f f0000d67e0dd44b3abf02eb78d769b2c - - default default] Successfully bumped revision number for resource 760366c0-4091-463e-8d0f-1f2837a3998a (type: ports) to 2
2026-07-24 01:05:43.304 10 INFO neutron.db.ovn_revision_numbers_db [None req-2af459f2-5810-452a-8b17-edd14e8be508 62fae09fc55f4d6faa6cb2771886dd1f f0000d67e0dd44b3abf02eb78d769b2c - - default default] Successfully bumped revision number for resource 34966046-6fe3-4eeb-954f-e7f42cacc918 (type: ports) to 2
2026-07-24 01:05:43.335 9 INFO neutron.db.ovn_revision_numbers_db [None req-d1ec7343-7f61-492b-bab9-49c1ae176104 62fae09fc55f4d6faa6cb2771886dd1f f0000d67e0dd44b3abf02eb78d769b2c - - default default] Successfully bumped revision number for resource 5947b6b3-6785-45f0-b6e4-d042bf7f95ea (type: subnets) to 0
2026-07-24 01:05:43.351 9 INFO neutron.wsgi [None req-d1ec7343-7f61-492b-bab9-49c1ae176104 62fae09fc55f4d6faa6cb2771886dd1f f0000d67e0dd44b3abf02eb78d769b2c - - default default] 10.0.0.162 "POST /v2.0/subnets HTTP/1.1" status: 201 len: 865 time: 0.9220552
2026-07-24 01:05:43.383 10 INFO neutron.db.ovn_revision_numbers_db [None req-2af459f2-5810-452a-8b17-edd14e8be508 62fae09fc55f4d6faa6cb2771886dd1f f0000d67e0dd44b3abf02eb78d769b2c - - default default] Successfully bumped revision number for resource 43c68aa2-c4dd-4642-8189-29953ab703a2 (type: subnets) to 0
2026-07-24 01:05:43.401 10 INFO neutron.wsgi [None req-2af459f2-5810-452a-8b17-edd14e8be508 62fae09fc55f4d6faa6cb2771886dd1f f0000d67e0dd44b3abf02eb78d769b2c - - default default] 10.0.0.162 "POST /v2.0/subnets HTTP/1.1" status: 201 len: 867 time: 1.4280760
2026-07-24 01:05:43.804 10 INFO neutron.db.ovn_revision_numbers_db [None req-f68d3f7c-1321-4bc8-be3e-cc9e67ad8b60 62fae09fc55f4d6faa6cb2771886dd1f f0000d67e0dd44b3abf02eb78d769b2c - - default default] Successfully bumped revision number for resource 1267e07e-0a53-44c2-b8e1-ff7df94c442b (type: ports) to 2
2026-07-24 01:05:43.879 10 INFO neutron.db.ovn_revision_numbers_db [None req-f68d3f7c-1321-4bc8-be3e-cc9e67ad8b60 62fae09fc55f4d6faa6cb2771886dd1f f0000d67e0dd44b3abf02eb78d769b2c - - default default] Successfully bumped revision number for resource 0262e3af-7693-4bd9-8d42-d0dd165a13f1 (type: subnets) to 0
2026-07-24 01:05:43.911 10 INFO neutron.wsgi [None req-f68d3f7c-1321-4bc8-be3e-cc9e67ad8b60 62fae09fc55f4d6faa6cb2771886dd1f f0000d67e0dd44b3abf02eb78d769b2c - - default default] 10.0.0.162 "POST /v2.0/subnets HTTP/1.1" status: 201 len: 874 time: 1.3073909
2026-07-24 01:05:44.001 9 WARNING neutron.scheduler.dhcp_agent_scheduler [None req-758b409b-846c-41ef-9527-2ee896e6ccd8 62fae09fc55f4d6faa6cb2771886dd1f f0000d67e0dd44b3abf02eb78d769b2c - - default default] No more DHCP agents
2026-07-24 01:05:44.005 9 WARNING neutron.api.rpc.agentnotifiers.dhcp_rpc_agent_api [None req-758b409b-846c-41ef-9527-2ee896e6ccd8 62fae09fc55f4d6faa6cb2771886dd1f f0000d67e0dd44b3abf02eb78d769b2c - - default default] Unable to schedule network 1fbc47eb-ff30-409f-aace-73c56d09cabf: no agents available; will retry on subsequent port and subnet creation events.
2026-07-24 01:05:44.150 9 INFO neutron.db.ovn_revision_numbers_db [None req-758b409b-846c-41ef-9527-2ee896e6ccd8 62fae09fc55f4d6faa6cb2771886dd1f f0000d67e0dd44b3abf02eb78d769b2c - - default default] Successfully bumped revision number for resource c33eacb4-48b1-4a9a-8dae-1b59f3e8be35 (type: ports) to 1
2026-07-24 01:05:44.204 10 WARNING neutron.scheduler.dhcp_agent_scheduler [None req-e97670ed-9105-46d7-8b37-1519a06f95a0 62fae09fc55f4d6faa6cb2771886dd1f f0000d67e0dd44b3abf02eb78d769b2c - - default default] No more DHCP agents
2026-07-24 01:05:44.208 10 WARNING neutron.api.rpc.agentnotifiers.dhcp_rpc_agent_api [None req-e97670ed-9105-46d7-8b37-1519a06f95a0 62fae09fc55f4d6faa6cb2771886dd1f f0000d67e0dd44b3abf02eb78d769b2c - - default default] Unable to schedule network 1fbc47eb-ff30-409f-aace-73c56d09cabf: no agents available; will retry on subsequent port and subnet creation events.
2026-07-24 01:05:44.414 10 INFO neutron.db.ovn_revision_numbers_db [None req-e97670ed-9105-46d7-8b37-1519a06f95a0 62fae09fc55f4d6faa6cb2771886dd1f f0000d67e0dd44b3abf02eb78d769b2c - - default default] Successfully bumped revision number for resource e15eb79b-9ff6-4e83-948c-a391aae61970 (type: ports) to 1
2026-07-24 01:05:44.520 9 INFO neutron.plugins.ml2.drivers.ovn.mech_driver.ovsdb.extensions.qos [None req-758b409b-846c-41ef-9527-2ee896e6ccd8 62fae09fc55f4d6faa6cb2771886dd1f f0000d67e0dd44b3abf02eb78d769b2c - - default default] Starting OVNClientQosExtension
2026-07-24 01:05:44.632 10 WARNING neutron.scheduler.dhcp_agent_scheduler [None req-d9fddbdc-f2cd-47ce-b136-ff3cc942d47e 62fae09fc55f4d6faa6cb2771886dd1f f0000d67e0dd44b3abf02eb78d769b2c - - default default] No more DHCP agents
2026-07-24 01:05:44.649 10 WARNING neutron.api.rpc.agentnotifiers.dhcp_rpc_agent_api [None req-d9fddbdc-f2cd-47ce-b136-ff3cc942d47e 62fae09fc55f4d6faa6cb2771886dd1f f0000d67e0dd44b3abf02eb78d769b2c - - default default] Unable to schedule network 1fbc47eb-ff30-409f-aace-73c56d09cabf: no agents available; will retry on subsequent port and subnet creation events.
2026-07-24 01:05:44.898 10 INFO neutron.plugins.ml2.drivers.ovn.mech_driver.ovsdb.extensions.qos [None req-e97670ed-9105-46d7-8b37-1519a06f95a0 62fae09fc55f4d6faa6cb2771886dd1f f0000d67e0dd44b3abf02eb78d769b2c - - default default] Starting OVNClientQosExtension
2026-07-24 01:05:44.957 9 INFO neutron.plugins.ml2.drivers.ovn.mech_driver.mech_driver [None req-0fa86b58-638e-483a-8b43-55a5768edc70 - - - - - -] OVN reports status up for port: c33eacb4-48b1-4a9a-8dae-1b59f3e8be35
2026-07-24 01:05:44.975 9 INFO neutron.plugins.ml2.drivers.ovn.mech_driver.ovsdb.ovsdb_monitor [-] Router c9defa10-2628-4e8d-9d48-9a2056c83642 is bound to host instance
2026-07-24 01:05:45.010 9 INFO neutron.plugins.ml2.plugin [None req-0fa86b58-638e-483a-8b43-55a5768edc70 - - - - - -] Attempt 1 to provision port c33eacb4-48b1-4a9a-8dae-1b59f3e8be35
2026-07-24 01:05:45.036 9 INFO neutron.db.ovn_revision_numbers_db [None req-758b409b-846c-41ef-9527-2ee896e6ccd8 62fae09fc55f4d6faa6cb2771886dd1f f0000d67e0dd44b3abf02eb78d769b2c - - default default] Successfully bumped revision number for resource c33eacb4-48b1-4a9a-8dae-1b59f3e8be35 (type: router_ports) to 1
2026-07-24 01:05:45.052 10 INFO neutron.db.ovn_revision_numbers_db [None req-d9fddbdc-f2cd-47ce-b136-ff3cc942d47e 62fae09fc55f4d6faa6cb2771886dd1f f0000d67e0dd44b3abf02eb78d769b2c - - default default] Successfully bumped revision number for resource a530967e-d2df-489c-b542-10da9268fc84 (type: ports) to 1
2026-07-24 01:05:45.202 9 INFO neutron.db.ovn_revision_numbers_db [None req-758b409b-846c-41ef-9527-2ee896e6ccd8 62fae09fc55f4d6faa6cb2771886dd1f f0000d67e0dd44b3abf02eb78d769b2c - - default default] Successfully bumped revision number for resource c9defa10-2628-4e8d-9d48-9a2056c83642 (type: routers) to 2
2026-07-24 01:05:45.218 9 INFO neutron.db.ovn_revision_numbers_db [None req-ca12469f-a1f7-423d-8188-e757a098fbcb 62fae09fc55f4d6faa6cb2771886dd1f f0000d67e0dd44b3abf02eb78d769b2c - - default default] Successfully bumped revision number for resource ebf57344-c743-4500-84cb-a17f6e83a4f9 (type: security_groups) to 1
2026-07-24 01:05:45.235 9 INFO neutron.wsgi [None req-758b409b-846c-41ef-9527-2ee896e6ccd8 62fae09fc55f4d6faa6cb2771886dd1f f0000d67e0dd44b3abf02eb78d769b2c - - default default] 10.0.0.162 "POST /v2.0/routers HTTP/1.1" status: 201 len: 876 time: 1.8778701
2026-07-24 01:05:45.268 9 INFO neutron.db.ovn_revision_numbers_db [None req-ca12469f-a1f7-423d-8188-e757a098fbcb 62fae09fc55f4d6faa6cb2771886dd1f f0000d67e0dd44b3abf02eb78d769b2c - - default default] Successfully bumped revision number for resource 0c87975a-4518-4f41-8d48-4a005475253b (type: security_group_rules) to 0
2026-07-24 01:05:45.307 9 INFO neutron.db.ovn_revision_numbers_db [None req-ca12469f-a1f7-423d-8188-e757a098fbcb 62fae09fc55f4d6faa6cb2771886dd1f f0000d67e0dd44b3abf02eb78d769b2c - - default default] Successfully bumped revision number for resource 43bacdfc-ae52-45bc-ad3c-e20e71c50836 (type: security_group_rules) to 0
2026-07-24 01:05:45.333 9 INFO neutron.db.ovn_revision_numbers_db [None req-ca12469f-a1f7-423d-8188-e757a098fbcb 62fae09fc55f4d6faa6cb2771886dd1f f0000d67e0dd44b3abf02eb78d769b2c - - default default] Successfully bumped revision number for resource 56d71c0a-7aa3-4e99-af6b-7b8e6f433ec6 (type: security_group_rules) to 0
2026-07-24 01:05:45.377 9 INFO neutron.db.ovn_revision_numbers_db [None req-ca12469f-a1f7-423d-8188-e757a098fbcb 62fae09fc55f4d6faa6cb2771886dd1f f0000d67e0dd44b3abf02eb78d769b2c - - default default] Successfully bumped revision number for resource 632205dd-f088-4b54-897e-df84a85d7bb3 (type: security_group_rules) to 0
2026-07-24 01:05:45.430 10 INFO neutron.plugins.ml2.drivers.ovn.mech_driver.mech_driver [-] OVN reports status up for port: e15eb79b-9ff6-4e83-948c-a391aae61970
2026-07-24 01:05:45.452 9 INFO neutron.db.segments_db [None req-ca12469f-a1f7-423d-8188-e757a098fbcb 62fae09fc55f4d6faa6cb2771886dd1f f0000d67e0dd44b3abf02eb78d769b2c - - default default] Added segment 7094a0fc-90ec-49c4-a213-b4be91b00927 of type geneve for network e86cf289-e8bf-4e4d-9e2c-f2d4d441be73
2026-07-24 01:05:45.461 10 INFO neutron.plugins.ml2.plugin [None req-29f8e175-0d43-4339-bf53-5e1516680da6 - - - - - -] Attempt 1 to provision port e15eb79b-9ff6-4e83-948c-a391aae61970
2026-07-24 01:05:45.485 10 INFO neutron.db.ovn_revision_numbers_db [None req-e97670ed-9105-46d7-8b37-1519a06f95a0 62fae09fc55f4d6faa6cb2771886dd1f f0000d67e0dd44b3abf02eb78d769b2c - - default default] Successfully bumped revision number for resource e15eb79b-9ff6-4e83-948c-a391aae61970 (type: router_ports) to 1
2026-07-24 01:05:45.622 10 INFO neutron.db.ovn_revision_numbers_db [None req-e97670ed-9105-46d7-8b37-1519a06f95a0 62fae09fc55f4d6faa6cb2771886dd1f f0000d67e0dd44b3abf02eb78d769b2c - - default default] Successfully bumped revision number for resource 7002d21f-58d8-46b6-b597-bf96fb1f6077 (type: routers) to 2
2026-07-24 01:05:45.637 10 INFO neutron.wsgi [None req-e97670ed-9105-46d7-8b37-1519a06f95a0 62fae09fc55f4d6faa6cb2771886dd1f f0000d67e0dd44b3abf02eb78d769b2c - - default default] 10.0.0.162 "POST /v2.0/routers HTTP/1.1" status: 201 len: 878 time: 2.2213755
2026-07-24 01:05:45.832 9 INFO neutron.db.ovn_revision_numbers_db [None req-ca12469f-a1f7-423d-8188-e757a098fbcb 62fae09fc55f4d6faa6cb2771886dd1f f0000d67e0dd44b3abf02eb78d769b2c - - default default] Successfully bumped revision number for resource e86cf289-e8bf-4e4d-9e2c-f2d4d441be73 (type: networks) to 1
2026-07-24 01:05:46.025 9 INFO neutron.db.ovn_revision_numbers_db [None req-cb71f0b8-9fcb-4615-9d3a-6460cde0ba88 - - - - - -] Successfully bumped revision number for resource c33eacb4-48b1-4a9a-8dae-1b59f3e8be35 (type: ports) to 1
2026-07-24 01:05:46.091 10 INFO neutron.db.ovn_revision_numbers_db [None req-d9fddbdc-f2cd-47ce-b136-ff3cc942d47e 62fae09fc55f4d6faa6cb2771886dd1f f0000d67e0dd44b3abf02eb78d769b2c - - default default] Successfully bumped revision number for resource a530967e-d2df-489c-b542-10da9268fc84 (type: router_ports) to 1
2026-07-24 01:05:46.131 9 WARNING neutron.scheduler.dhcp_agent_scheduler [None req-ca12469f-a1f7-423d-8188-e757a098fbcb 62fae09fc55f4d6faa6cb2771886dd1f f0000d67e0dd44b3abf02eb78d769b2c - - default default] No more DHCP agents
2026-07-24 01:05:46.138 9 WARNING neutron.api.rpc.agentnotifiers.dhcp_rpc_agent_api [None req-ca12469f-a1f7-423d-8188-e757a098fbcb 62fae09fc55f4d6faa6cb2771886dd1f f0000d67e0dd44b3abf02eb78d769b2c - - default default] Unable to schedule network e86cf289-e8bf-4e4d-9e2c-f2d4d441be73: no agents available; will retry on subsequent port and subnet creation events.
2026-07-24 01:05:46.188 10 INFO neutron.db.ovn_revision_numbers_db [None req-d9fddbdc-f2cd-47ce-b136-ff3cc942d47e 62fae09fc55f4d6faa6cb2771886dd1f f0000d67e0dd44b3abf02eb78d769b2c - - default default] Successfully bumped revision number for resource 7c0dcac4-d419-4532-bbba-1cb2cd093abd (type: routers) to 2
2026-07-24 01:05:46.199 9 WARNING neutron.scheduler.dhcp_agent_scheduler [None req-ba32a0e6-1cde-41b9-a079-c71fb75bd1b3 62fae09fc55f4d6faa6cb2771886dd1f f0000d67e0dd44b3abf02eb78d769b2c - - default default] No more DHCP agents
2026-07-24 01:05:46.203 10 INFO neutron.wsgi [None req-d9fddbdc-f2cd-47ce-b136-ff3cc942d47e 62fae09fc55f4d6faa6cb2771886dd1f f0000d67e0dd44b3abf02eb78d769b2c - - default default] 10.0.0.162 "POST /v2.0/routers HTTP/1.1" status: 201 len: 885 time: 2.2866189
2026-07-24 01:05:46.205 9 WARNING neutron.api.rpc.agentnotifiers.dhcp_rpc_agent_api [None req-ba32a0e6-1cde-41b9-a079-c71fb75bd1b3 62fae09fc55f4d6faa6cb2771886dd1f f0000d67e0dd44b3abf02eb78d769b2c - - default default] Unable to schedule network 2236ac59-354b-4202-af52-94d5bb5de17a: no agents available; will retry on subsequent port and subnet creation events.
2026-07-24 01:05:46.322 10 WARNING neutron.scheduler.dhcp_agent_scheduler [None req-33bbac43-124f-4215-a348-a65b1652cfd3 62fae09fc55f4d6faa6cb2771886dd1f f0000d67e0dd44b3abf02eb78d769b2c - - default default] No more DHCP agents
2026-07-24 01:05:46.325 10 WARNING neutron.api.rpc.agentnotifiers.dhcp_rpc_agent_api [None req-33bbac43-124f-4215-a348-a65b1652cfd3 62fae09fc55f4d6faa6cb2771886dd1f f0000d67e0dd44b3abf02eb78d769b2c - - default default] Unable to schedule network 73532859-aca3-4739-8150-27c7a886a75d: no agents available; will retry on subsequent port and subnet creation events.
2026-07-24 01:05:46.377 9 INFO neutron.db.ovn_revision_numbers_db [None req-ca12469f-a1f7-423d-8188-e757a098fbcb 62fae09fc55f4d6faa6cb2771886dd1f f0000d67e0dd44b3abf02eb78d769b2c - - default default] Successfully bumped revision number for resource 305f0486-ba7f-4ef6-bdc3-fafc91dab5dc (type: ports) to 1
2026-07-24 01:05:46.456 9 INFO neutron.wsgi [None req-ca12469f-a1f7-423d-8188-e757a098fbcb 62fae09fc55f4d6faa6cb2771886dd1f f0000d67e0dd44b3abf02eb78d769b2c - - default default] 10.0.0.162 "POST /v2.0/networks HTTP/1.1" status: 201 len: 951 time: 1.8114645
2026-07-24 01:05:46.478 10 INFO neutron.db.ovn_revision_numbers_db [None req-33bbac43-124f-4215-a348-a65b1652cfd3 62fae09fc55f4d6faa6cb2771886dd1f f0000d67e0dd44b3abf02eb78d769b2c - - default default] Successfully bumped revision number for resource 5821eed0-f207-4616-8d39-637ec736c027 (type: ports) to 1
2026-07-24 01:05:46.518 9 INFO neutron.db.ovn_revision_numbers_db [None req-cb71f0b8-9fcb-4615-9d3a-6460cde0ba88 - - - - - -] Successfully bumped revision number for resource c33eacb4-48b1-4a9a-8dae-1b59f3e8be35 (type: router_ports) to 3
2026-07-24 01:05:46.554 9 INFO neutron.db.ovn_revision_numbers_db [None req-ba32a0e6-1cde-41b9-a079-c71fb75bd1b3 62fae09fc55f4d6faa6cb2771886dd1f f0000d67e0dd44b3abf02eb78d769b2c - - default default] Successfully bumped revision number for resource 00c864df-b3fc-43a3-9c54-2c0558d0b64b (type: ports) to 1
2026-07-24 01:05:46.734 10 WARNING neutron.scheduler.dhcp_agent_scheduler [None req-f285faa6-d913-4beb-987c-2748c5a44f9e 62fae09fc55f4d6faa6cb2771886dd1f f0000d67e0dd44b3abf02eb78d769b2c - - default default] No more DHCP agents
2026-07-24 01:05:46.737 10 WARNING neutron.api.rpc.agentnotifiers.dhcp_rpc_agent_api [None req-f285faa6-d913-4beb-987c-2748c5a44f9e 62fae09fc55f4d6faa6cb2771886dd1f f0000d67e0dd44b3abf02eb78d769b2c - - default default] Unable to schedule network e86cf289-e8bf-4e4d-9e2c-f2d4d441be73: no agents available; will retry on subsequent port and subnet creation events.
2026-07-24 01:05:46.929 9 INFO neutron.db.ovn_revision_numbers_db [None req-cb71f0b8-9fcb-4615-9d3a-6460cde0ba88 - - - - - -] Successfully bumped revision number for resource c33eacb4-48b1-4a9a-8dae-1b59f3e8be35 (type: ports) to 2
2026-07-24 01:05:47.168 10 INFO neutron.db.ovn_revision_numbers_db [None req-33bbac43-124f-4215-a348-a65b1652cfd3 62fae09fc55f4d6faa6cb2771886dd1f f0000d67e0dd44b3abf02eb78d769b2c - - default default] Successfully bumped revision number for resource 5821eed0-f207-4616-8d39-637ec736c027 (type: router_ports) to 1
2026-07-24 01:05:47.242 9 WARNING neutron.scheduler.dhcp_agent_scheduler [None req-6b138849-768f-4805-a308-fb0d1a2b0d89 62fae09fc55f4d6faa6cb2771886dd1f f0000d67e0dd44b3abf02eb78d769b2c - - default default] No more DHCP agents
2026-07-24 01:05:47.257 9 WARNING neutron.api.rpc.agentnotifiers.dhcp_rpc_agent_api [None req-6b138849-768f-4805-a308-fb0d1a2b0d89 62fae09fc55f4d6faa6cb2771886dd1f f0000d67e0dd44b3abf02eb78d769b2c - - default default] Unable to schedule network cb4cc556-5ad2-4514-a9cd-9fc211bcf403: no agents available; will retry on subsequent port and subnet creation events.
2026-07-24 01:05:47.292 9 INFO neutron.plugins.ml2.drivers.ovn.mech_driver.mech_driver [None req-0fa86b58-638e-483a-8b43-55a5768edc70 - - - - - -] OVN reports status up for port: a530967e-d2df-489c-b542-10da9268fc84
2026-07-24 01:05:47.329 9 INFO neutron.plugins.ml2.plugin [None req-0fa86b58-638e-483a-8b43-55a5768edc70 - - - - - -] Attempt 1 to provision port a530967e-d2df-489c-b542-10da9268fc84
2026-07-24 01:05:47.350 10 INFO neutron.db.ovn_revision_numbers_db [None req-33bbac43-124f-4215-a348-a65b1652cfd3 62fae09fc55f4d6faa6cb2771886dd1f f0000d67e0dd44b3abf02eb78d769b2c - - default default] Successfully bumped revision number for resource 5821eed0-f207-4616-8d39-637ec736c027 (type: ports) to 1
2026-07-24 01:05:47.457 10 WARNING neutron.scheduler.dhcp_agent_scheduler [None req-33bbac43-124f-4215-a348-a65b1652cfd3 62fae09fc55f4d6faa6cb2771886dd1f f0000d67e0dd44b3abf02eb78d769b2c - - default default] No more DHCP agents
2026-07-24 01:05:47.459 10 WARNING neutron.api.rpc.agentnotifiers.dhcp_rpc_agent_api [None req-33bbac43-124f-4215-a348-a65b1652cfd3 62fae09fc55f4d6faa6cb2771886dd1f f0000d67e0dd44b3abf02eb78d769b2c - - default default] Unable to schedule network 73532859-aca3-4739-8150-27c7a886a75d: no agents available; will retry on subsequent port and subnet creation events.
2026-07-24 01:05:47.498 9 INFO neutron.db.ovn_revision_numbers_db [None req-cb71f0b8-9fcb-4615-9d3a-6460cde0ba88 - - - - - -] Successfully bumped revision number for resource c33eacb4-48b1-4a9a-8dae-1b59f3e8be35 (type: ports) to 4
2026-07-24 01:05:47.541 10 INFO neutron.db.ovn_revision_numbers_db [None req-f285faa6-d913-4beb-987c-2748c5a44f9e 62fae09fc55f4d6faa6cb2771886dd1f f0000d67e0dd44b3abf02eb78d769b2c - - default default] Successfully bumped revision number for resource 305f0486-ba7f-4ef6-bdc3-fafc91dab5dc (type: ports) to 2
2026-07-24 01:05:47.593 10 INFO neutron.db.ovn_revision_numbers_db [None req-f285faa6-d913-4beb-987c-2748c5a44f9e 62fae09fc55f4d6faa6cb2771886dd1f f0000d67e0dd44b3abf02eb78d769b2c - - default default] Successfully bumped revision number for resource 0caf098b-4f57-4ca7-a5b7-0c2c0e1007f1 (type: subnets) to 0
2026-07-24 01:05:47.596 9 INFO neutron.db.ovn_revision_numbers_db [None req-ba32a0e6-1cde-41b9-a079-c71fb75bd1b3 62fae09fc55f4d6faa6cb2771886dd1f f0000d67e0dd44b3abf02eb78d769b2c - - default default] Successfully bumped revision number for resource 00c864df-b3fc-43a3-9c54-2c0558d0b64b (type: router_ports) to 1
2026-07-24 01:05:47.617 10 INFO neutron.wsgi [None req-f285faa6-d913-4beb-987c-2748c5a44f9e 62fae09fc55f4d6faa6cb2771886dd1f f0000d67e0dd44b3abf02eb78d769b2c - - default default] 10.0.0.162 "POST /v2.0/subnets HTTP/1.1" status: 201 len: 871 time: 1.1540225
2026-07-24 01:05:47.787 9 INFO neutron.db.ovn_revision_numbers_db [None req-6b138849-768f-4805-a308-fb0d1a2b0d89 62fae09fc55f4d6faa6cb2771886dd1f f0000d67e0dd44b3abf02eb78d769b2c - - default default] Successfully bumped revision number for resource 7c31ddb7-d4e2-4577-81ee-8a7d3f41d152 (type: ports) to 1
2026-07-24 01:05:48.030 9 INFO neutron.db.ovn_revision_numbers_db [None req-ba32a0e6-1cde-41b9-a079-c71fb75bd1b3 62fae09fc55f4d6faa6cb2771886dd1f f0000d67e0dd44b3abf02eb78d769b2c - - default default] Successfully bumped revision number for resource 00c864df-b3fc-43a3-9c54-2c0558d0b64b (type: ports) to 1
2026-07-24 01:05:48.055 9 INFO neutron.db.ovn_revision_numbers_db [None req-cb71f0b8-9fcb-4615-9d3a-6460cde0ba88 - - - - - -] Successfully bumped revision number for resource c33eacb4-48b1-4a9a-8dae-1b59f3e8be35 (type: router_ports) to 4
2026-07-24 01:05:48.103 9 INFO neutron.plugins.ml2.drivers.ovn.mech_driver.ovsdb.ovsdb_monitor [None req-cb71f0b8-9fcb-4615-9d3a-6460cde0ba88 - - - - - -] Router 7002d21f-58d8-46b6-b597-bf96fb1f6077 is bound to host instance
2026-07-24 01:05:48.173 9 WARNING neutron.scheduler.dhcp_agent_scheduler [None req-ba32a0e6-1cde-41b9-a079-c71fb75bd1b3 62fae09fc55f4d6faa6cb2771886dd1f f0000d67e0dd44b3abf02eb78d769b2c - - default default] No more DHCP agents
2026-07-24 01:05:48.177 9 WARNING neutron.api.rpc.agentnotifiers.dhcp_rpc_agent_api [None req-ba32a0e6-1cde-41b9-a079-c71fb75bd1b3 62fae09fc55f4d6faa6cb2771886dd1f f0000d67e0dd44b3abf02eb78d769b2c - - default default] Unable to schedule network 2236ac59-354b-4202-af52-94d5bb5de17a: no agents available; will retry on subsequent port and subnet creation events.
2026-07-24 01:05:48.411 10 WARNING neutron.scheduler.dhcp_agent_scheduler [None req-3e63479d-a161-4d05-a281-4e65ec7484c1 62fae09fc55f4d6faa6cb2771886dd1f f0000d67e0dd44b3abf02eb78d769b2c - - default default] No more DHCP agents
2026-07-24 01:05:48.417 10 WARNING neutron.api.rpc.agentnotifiers.dhcp_rpc_agent_api [None req-3e63479d-a161-4d05-a281-4e65ec7484c1 62fae09fc55f4d6faa6cb2771886dd1f f0000d67e0dd44b3abf02eb78d769b2c - - default default] Unable to schedule network 1fbc47eb-ff30-409f-aace-73c56d09cabf: no agents available; will retry on subsequent port and subnet creation events.
2026-07-24 01:05:48.472 10 INFO neutron.db.ovn_revision_numbers_db [None req-33bbac43-124f-4215-a348-a65b1652cfd3 62fae09fc55f4d6faa6cb2771886dd1f f0000d67e0dd44b3abf02eb78d769b2c - - default default] Successfully bumped revision number for resource 5821eed0-f207-4616-8d39-637ec736c027 (type: router_ports) to 1
2026-07-24 01:05:48.474 10 INFO neutron.wsgi [None req-33bbac43-124f-4215-a348-a65b1652cfd3 62fae09fc55f4d6faa6cb2771886dd1f f0000d67e0dd44b3abf02eb78d769b2c - - default default] 10.0.0.162 "PUT /v2.0/routers/7002d21f-58d8-46b6-b597-bf96fb1f6077/add_router_interface HTTP/1.1" status: 200 len: 503 time: 2.8302886
2026-07-24 01:05:48.559 9 INFO neutron.db.ovn_revision_numbers_db [None req-6b138849-768f-4805-a308-fb0d1a2b0d89 62fae09fc55f4d6faa6cb2771886dd1f f0000d67e0dd44b3abf02eb78d769b2c - - default default] Successfully bumped revision number for resource 7c31ddb7-d4e2-4577-81ee-8a7d3f41d152 (type: router_ports) to 1
2026-07-24 01:05:48.590 10 INFO neutron.db.ovn_revision_numbers_db [None req-3e63479d-a161-4d05-a281-4e65ec7484c1 62fae09fc55f4d6faa6cb2771886dd1f f0000d67e0dd44b3abf02eb78d769b2c - - default default] Successfully bumped revision number for resource 71f08109-361f-401c-a83c-b8ae76d04119 (type: ports) to 1
2026-07-24 01:05:49.039 9 INFO neutron.db.ovn_revision_numbers_db [None req-6b138849-768f-4805-a308-fb0d1a2b0d89 62fae09fc55f4d6faa6cb2771886dd1f f0000d67e0dd44b3abf02eb78d769b2c - - default default] Successfully bumped revision number for resource 7c31ddb7-d4e2-4577-81ee-8a7d3f41d152 (type: ports) to 1
2026-07-24 01:05:49.239 9 WARNING neutron.scheduler.dhcp_agent_scheduler [None req-6b138849-768f-4805-a308-fb0d1a2b0d89 62fae09fc55f4d6faa6cb2771886dd1f f0000d67e0dd44b3abf02eb78d769b2c - - default default] No more DHCP agents
2026-07-24 01:05:49.251 9 WARNING neutron.api.rpc.agentnotifiers.dhcp_rpc_agent_api [None req-6b138849-768f-4805-a308-fb0d1a2b0d89 62fae09fc55f4d6faa6cb2771886dd1f f0000d67e0dd44b3abf02eb78d769b2c - - default default] Unable to schedule network cb4cc556-5ad2-4514-a9cd-9fc211bcf403: no agents available; will retry on subsequent port and subnet creation events.
2026-07-24 01:05:49.304 9 INFO neutron.db.ovn_revision_numbers_db [None req-cb71f0b8-9fcb-4615-9d3a-6460cde0ba88 - - - - - -] Successfully bumped revision number for resource e15eb79b-9ff6-4e83-948c-a391aae61970 (type: ports) to 1
