2026-07-24 01:12:17.798 9 INFO neutron.wsgi [None req-a62eeb6c-abcc-4e24-933c-3c918e780872 62fae09fc55f4d6faa6cb2771886dd1f f0000d67e0dd44b3abf02eb78d769b2c - - default default] 199.204.45.74 "GET /v2.0/extensions/qos HTTP/1.1" status: 200 len: 365 time: 0.0046339
2026-07-24 01:12:17.809 9 INFO neutron.wsgi [None req-295875d8-d1a3-484d-a81a-610b4b310939 62fae09fc55f4d6faa6cb2771886dd1f f0000d67e0dd44b3abf02eb78d769b2c - - default default] 199.204.45.74 "GET /v2.0/extensions/allowed-address-pairs HTTP/1.1" status: 200 len: 383 time: 0.0066502
2026-07-24 01:12:17.858 9 INFO neutron.wsgi [None req-811bdf47-35b1-4588-b33f-f5cf535971e8 62fae09fc55f4d6faa6cb2771886dd1f f0000d67e0dd44b3abf02eb78d769b2c - - default default] 199.204.45.74 "GET /v2.0/ports/8265f5b7-55b7-4bd2-8e33-29e449c6e617 HTTP/1.1" status: 200 len: 1402 time: 0.0427983
2026-07-24 01:12:18.328 9 INFO neutron.db.ovn_revision_numbers_db [None req-b35cdde8-e08f-4f22-9425-348cacccc338 62fae09fc55f4d6faa6cb2771886dd1f f0000d67e0dd44b3abf02eb78d769b2c - - default default] Successfully bumped revision number for resource 8265f5b7-55b7-4bd2-8e33-29e449c6e617 (type: ports) to 6
2026-07-24 01:12:18.343 9 INFO neutron.wsgi [None req-b35cdde8-e08f-4f22-9425-348cacccc338 62fae09fc55f4d6faa6cb2771886dd1f f0000d67e0dd44b3abf02eb78d769b2c - - default default] 199.204.45.74 "PUT /v2.0/ports/8265f5b7-55b7-4bd2-8e33-29e449c6e617 HTTP/1.1" status: 200 len: 1203 time: 0.4748952 /var/lib/openstack/lib/python3.10/site-packages/pycadf/identifier.py:71: UserWarning: Invalid uuid: neutron. To ensure interoperability, identifiers should be a valid uuid. warnings.warn(('Invalid uuid: %s. To ensure interoperability, '
2026-07-24 01:12:18.375 9 INFO neutron.notifiers.nova [-] Nova event matching ['req-f01af9d2-524f-4bab-a3a4-291a841723a6'] response: {'name': 'network-changed', 'server_uuid': '5fec122d-a9c2-4711-af1e-47204f8d002e', 'tag': '8265f5b7-55b7-4bd2-8e33-29e449c6e617', 'status': 'completed', 'code': 200}
2026-07-24 01:12:18.438 9 INFO neutron.wsgi [None req-366e8a2f-e401-48c6-a03c-65d5c123007d 62fae09fc55f4d6faa6cb2771886dd1f f0000d67e0dd44b3abf02eb78d769b2c - - default default] 199.204.45.74 "GET /v2.0/networks/f72ba205-003e-4b68-ab72-9a14ccb2b987 HTTP/1.1" status: 200 len: 1000 time: 0.0875072
2026-07-24 01:12:18.468 9 INFO neutron.wsgi [req-700c2074-372c-4139-872a-17a8a87d41cc req-0fb3eda2-3b92-4e80-91bc-ca8ed7b85e9b 5b1195e95bc648b98e3cd81287838f61 03e397f6b0c9450a88ac58208c027f30 - - 392ff6c0b2584d0ba60bd617569b29fb 392ff6c0b2584d0ba60bd617569b29fb] 199.204.45.74 "GET /v2.0/ports?tenant_id=f0000d67e0dd44b3abf02eb78d769b2c&device_id=5fec122d-a9c2-4711-af1e-47204f8d002e HTTP/1.1" status: 200 len: 3751 time: 0.0722818
2026-07-24 01:12:18.514 9 INFO neutron.wsgi [None req-918a7985-f8c9-4018-bebe-14c8b9a63f52 62fae09fc55f4d6faa6cb2771886dd1f f0000d67e0dd44b3abf02eb78d769b2c - - default default] 199.204.45.74 "GET /v2.0/ports?device_id=5fec122d-a9c2-4711-af1e-47204f8d002e HTTP/1.1" status: 200 len: 3751 time: 0.0701432
2026-07-24 01:12:18.786 9 INFO neutron.wsgi [None req-b9d01aa8-cc0a-4cae-a7a3-934b775697fa 62fae09fc55f4d6faa6cb2771886dd1f f0000d67e0dd44b3abf02eb78d769b2c - - default default] 199.204.45.74 "GET /v2.0/ports?device_id=5fec122d-a9c2-4711-af1e-47204f8d002e HTTP/1.1" status: 200 len: 3751 time: 0.0441241
2026-07-24 01:12:18.796 9 INFO neutron.wsgi [req-700c2074-372c-4139-872a-17a8a87d41cc req-d9d4baf3-eefc-455b-ad4e-a1730f3aea8a 5b1195e95bc648b98e3cd81287838f61 03e397f6b0c9450a88ac58208c027f30 - - 392ff6c0b2584d0ba60bd617569b29fb 392ff6c0b2584d0ba60bd617569b29fb] 199.204.45.74 "GET /v2.0/networks?id=f72ba205-003e-4b68-ab72-9a14ccb2b987 HTTP/1.1" status: 200 len: 1003 time: 0.3202801
2026-07-24 01:12:18.887 9 INFO neutron.wsgi [req-700c2074-372c-4139-872a-17a8a87d41cc req-4e477e33-5b53-4668-b4cf-49df448d0cec 5b1195e95bc648b98e3cd81287838f61 03e397f6b0c9450a88ac58208c027f30 - - 392ff6c0b2584d0ba60bd617569b29fb 392ff6c0b2584d0ba60bd617569b29fb] 199.204.45.74 "GET /v2.0/networks/f72ba205-003e-4b68-ab72-9a14ccb2b987?fields=segments HTTP/1.1" status: 200 len: 212 time: 0.0840330
2026-07-24 01:12:18.929 9 INFO neutron.plugins.ml2.drivers.ovn.mech_driver.mech_driver [None req-0fa86b58-638e-483a-8b43-55a5768edc70 - - - - - -] OVN reports status down for port: 8265f5b7-55b7-4bd2-8e33-29e449c6e617 /var/lib/openstack/lib/python3.10/site-packages/pycadf/identifier.py:71: UserWarning: Invalid uuid: neutron. To ensure interoperability, identifiers should be a valid uuid. warnings.warn(('Invalid uuid: %s. To ensure interoperability, '
2026-07-24 01:12:18.989 9 INFO neutron.wsgi [req-700c2074-372c-4139-872a-17a8a87d41cc req-0ded2e96-bed4-4340-b973-af7ab1ebf67b 5b1195e95bc648b98e3cd81287838f61 03e397f6b0c9450a88ac58208c027f30 - - 392ff6c0b2584d0ba60bd617569b29fb 392ff6c0b2584d0ba60bd617569b29fb] 199.204.45.74 "GET /v2.0/networks/f72ba205-003e-4b68-ab72-9a14ccb2b987?fields=provider%3Aphysical_network&fields=provider%3Anetwork_type HTTP/1.1" status: 200 len: 277 time: 0.0955172
2026-07-24 01:12:19.003 10 INFO neutron.wsgi [req-c6efc603-bf26-4632-94a4-9b9f6e6e54cc req-f38fd40f-ef70-4ea5-a9b7-e6ae88a8df38 5b1195e95bc648b98e3cd81287838f61 03e397f6b0c9450a88ac58208c027f30 - - 392ff6c0b2584d0ba60bd617569b29fb 392ff6c0b2584d0ba60bd617569b29fb] 199.204.45.74 "GET /v2.0/ports/8265f5b7-55b7-4bd2-8e33-29e449c6e617 HTTP/1.1" status: 200 len: 1231 time: 0.0431747
2026-07-24 01:12:19.216 9 INFO neutron.db.ovn_revision_numbers_db [None req-0fa86b58-638e-483a-8b43-55a5768edc70 - - - - - -] Successfully bumped revision number for resource 8265f5b7-55b7-4bd2-8e33-29e449c6e617 (type: ports) to 7
2026-07-24 01:12:19.281 10 INFO neutron.wsgi [req-c6efc603-bf26-4632-94a4-9b9f6e6e54cc req-30aa6b3d-c72c-4e20-8454-8dfbc0bbcf52 62fae09fc55f4d6faa6cb2771886dd1f f0000d67e0dd44b3abf02eb78d769b2c - - default default] 199.204.45.74 "DELETE /v2.0/ports/8265f5b7-55b7-4bd2-8e33-29e449c6e617 HTTP/1.1" status: 204 len: 173 time: 0.2719126
2026-07-24 01:12:19.322 10 INFO neutron.notifiers.nova [-] Nova event matching ['req-5b42b94e-c940-4f46-b430-c298b326d2b7'] response: {'server_uuid': '5fec122d-a9c2-4711-af1e-47204f8d002e', 'name': 'network-vif-deleted', 'tag': '8265f5b7-55b7-4bd2-8e33-29e449c6e617', 'status': 'completed', 'code': 200}
2026-07-24 01:12:19.376 10 INFO neutron.wsgi [req-c6efc603-bf26-4632-94a4-9b9f6e6e54cc req-297fcce8-20ac-43d1-8e1f-9ebd423ce2af 5b1195e95bc648b98e3cd81287838f61 03e397f6b0c9450a88ac58208c027f30 - - 392ff6c0b2584d0ba60bd617569b29fb 392ff6c0b2584d0ba60bd617569b29fb] 199.204.45.74 "GET /v2.0/ports?tenant_id=f0000d67e0dd44b3abf02eb78d769b2c&device_id=5fec122d-a9c2-4711-af1e-47204f8d002e HTTP/1.1" status: 200 len: 2728 time: 0.0474601
2026-07-24 01:12:19.474 10 INFO neutron.wsgi [req-c6efc603-bf26-4632-94a4-9b9f6e6e54cc req-8f63f50e-124d-4155-9f60-f2a7b26f31f3 5b1195e95bc648b98e3cd81287838f61 03e397f6b0c9450a88ac58208c027f30 - - 392ff6c0b2584d0ba60bd617569b29fb 392ff6c0b2584d0ba60bd617569b29fb] 199.204.45.74 "GET /v2.0/networks?id=e404d35e-3ce3-4df5-83e4-c230d6c808ea&id=673603a2-2397-45ad-a529-b30d2ee8d0fd&id=f72ba205-003e-4b68-ab72-9a14ccb2b987 HTTP/1.1" status: 200 len: 2520 time: 0.0886440
2026-07-24 01:12:19.507 10 INFO neutron.wsgi [req-c6efc603-bf26-4632-94a4-9b9f6e6e54cc req-f1c0eeb9-59ee-4954-b78d-dde44aaca98b 5b1195e95bc648b98e3cd81287838f61 03e397f6b0c9450a88ac58208c027f30 - - 392ff6c0b2584d0ba60bd617569b29fb 392ff6c0b2584d0ba60bd617569b29fb] 199.204.45.74 "GET /v2.0/floatingips?fixed_ip_address=172.24.2.139&port_id=e10b92ea-c665-4533-a82f-ae005f2644f5 HTTP/1.1" status: 200 len: 217 time: 0.0251815
2026-07-24 01:12:19.546 10 INFO neutron.wsgi [req-c6efc603-bf26-4632-94a4-9b9f6e6e54cc req-3f1a1467-5f50-4d86-8205-d57ffc84eb11 5b1195e95bc648b98e3cd81287838f61 03e397f6b0c9450a88ac58208c027f30 - - 392ff6c0b2584d0ba60bd617569b29fb 392ff6c0b2584d0ba60bd617569b29fb] 199.204.45.74 "GET /v2.0/subnets?id=60057456-603f-4283-9f85-c9eadad6b9d3 HTTP/1.1" status: 200 len: 829 time: 0.0315757
2026-07-24 01:12:19.576 10 INFO neutron.wsgi [req-c6efc603-bf26-4632-94a4-9b9f6e6e54cc req-9b1ac381-ae1e-4f85-a4c7-6abbc2fe5731 5b1195e95bc648b98e3cd81287838f61 03e397f6b0c9450a88ac58208c027f30 - - 392ff6c0b2584d0ba60bd617569b29fb 392ff6c0b2584d0ba60bd617569b29fb] 199.204.45.74 "GET /v2.0/ports?network_id=e404d35e-3ce3-4df5-83e4-c230d6c808ea&device_owner=network%3Adhcp HTTP/1.1" status: 200 len: 210 time: 0.0231967
2026-07-24 01:12:19.650 10 INFO neutron.wsgi [req-c6efc603-bf26-4632-94a4-9b9f6e6e54cc req-fca1e4fa-e0e3-4a25-81f4-52367450ab14 5b1195e95bc648b98e3cd81287838f61 03e397f6b0c9450a88ac58208c027f30 - - 392ff6c0b2584d0ba60bd617569b29fb 392ff6c0b2584d0ba60bd617569b29fb] 199.204.45.74 "GET /v2.0/networks/e404d35e-3ce3-4df5-83e4-c230d6c808ea?fields=segments HTTP/1.1" status: 200 len: 212 time: 0.0647860
2026-07-24 01:12:19.711 10 INFO neutron.wsgi [req-c6efc603-bf26-4632-94a4-9b9f6e6e54cc req-0e9c5a1f-9642-4432-b73a-cb9b571c6e9a 5b1195e95bc648b98e3cd81287838f61 03e397f6b0c9450a88ac58208c027f30 - - 392ff6c0b2584d0ba60bd617569b29fb 392ff6c0b2584d0ba60bd617569b29fb] 199.204.45.74 "GET /v2.0/networks/e404d35e-3ce3-4df5-83e4-c230d6c808ea?fields=provider%3Aphysical_network&fields=provider%3Anetwork_type HTTP/1.1" status: 200 len: 277 time: 0.0538318
2026-07-24 01:12:19.748 10 INFO neutron.wsgi [req-c6efc603-bf26-4632-94a4-9b9f6e6e54cc req-907b28da-ce3c-414a-bb14-a037d7213b4b 5b1195e95bc648b98e3cd81287838f61 03e397f6b0c9450a88ac58208c027f30 - - 392ff6c0b2584d0ba60bd617569b29fb 392ff6c0b2584d0ba60bd617569b29fb] 199.204.45.74 "GET /v2.0/floatingips?fixed_ip_address=10.1.1.178&port_id=546e8359-d9a0-4079-826a-84558e6ec188 HTTP/1.1" status: 200 len: 217 time: 0.0295770
2026-07-24 01:12:19.789 10 INFO neutron.wsgi [req-c6efc603-bf26-4632-94a4-9b9f6e6e54cc req-6728a280-842b-4412-ac52-26405ceef980 5b1195e95bc648b98e3cd81287838f61 03e397f6b0c9450a88ac58208c027f30 - - 392ff6c0b2584d0ba60bd617569b29fb 392ff6c0b2584d0ba60bd617569b29fb] 199.204.45.74 "GET /v2.0/subnets?id=6124a52b-51de-4ccb-978a-66123b6dc0bc HTTP/1.1" status: 200 len: 853 time: 0.0348005 /var/lib/openstack/lib/python3.10/site-packages/pycadf/identifier.py:71: UserWarning: Invalid uuid: neutron. To ensure interoperability, identifiers should be a valid uuid. warnings.warn(('Invalid uuid: %s. To ensure interoperability, '
2026-07-24 01:12:19.820 10 INFO neutron.wsgi [req-c6efc603-bf26-4632-94a4-9b9f6e6e54cc req-712574f2-960b-497a-9524-9e4e6eef5bd5 5b1195e95bc648b98e3cd81287838f61 03e397f6b0c9450a88ac58208c027f30 - - 392ff6c0b2584d0ba60bd617569b29fb 392ff6c0b2584d0ba60bd617569b29fb] 199.204.45.74 "GET /v2.0/ports?network_id=673603a2-2397-45ad-a529-b30d2ee8d0fd&device_owner=network%3Adhcp HTTP/1.1" status: 200 len: 210 time: 0.0227356
2026-07-24 01:12:19.850 9 INFO neutron.wsgi [None req-f027e9af-f84d-4f2b-9d1d-fc6bcbd7c330 62fae09fc55f4d6faa6cb2771886dd1f f0000d67e0dd44b3abf02eb78d769b2c - - default default] 199.204.45.74 "GET /v2.0/ports?device_id=5fec122d-a9c2-4711-af1e-47204f8d002e HTTP/1.1" status: 200 len: 2728 time: 0.0479746
2026-07-24 01:12:19.878 9 INFO neutron.pecan_wsgi.hooks.translation [None req-41fa1a9a-c85b-481e-8ae2-3955f69b9e51 62fae09fc55f4d6faa6cb2771886dd1f f0000d67e0dd44b3abf02eb78d769b2c - - default default] DELETE failed (client error): The resource could not be found.
2026-07-24 01:12:19.881 9 INFO neutron.wsgi [None req-41fa1a9a-c85b-481e-8ae2-3955f69b9e51 62fae09fc55f4d6faa6cb2771886dd1f f0000d67e0dd44b3abf02eb78d769b2c - - default default] 199.204.45.74 "DELETE /v2.0/ports/8265f5b7-55b7-4bd2-8e33-29e449c6e617 HTTP/1.1" status: 404 len: 338 time: 0.0194619
2026-07-24 01:12:19.892 10 INFO neutron.wsgi [req-c6efc603-bf26-4632-94a4-9b9f6e6e54cc req-6f865558-371e-48c3-aac6-985e6a2f7d03 5b1195e95bc648b98e3cd81287838f61 03e397f6b0c9450a88ac58208c027f30 - - 392ff6c0b2584d0ba60bd617569b29fb 392ff6c0b2584d0ba60bd617569b29fb] 199.204.45.74 "GET /v2.0/networks/673603a2-2397-45ad-a529-b30d2ee8d0fd?fields=segments HTTP/1.1" status: 200 len: 212 time: 0.0661316
2026-07-24 01:12:19.979 10 INFO neutron.wsgi [req-c6efc603-bf26-4632-94a4-9b9f6e6e54cc req-add54450-5717-4a0a-a4ff-1399fb9b8bad 5b1195e95bc648b98e3cd81287838f61 03e397f6b0c9450a88ac58208c027f30 - - 392ff6c0b2584d0ba60bd617569b29fb 392ff6c0b2584d0ba60bd617569b29fb] 199.204.45.74 "GET /v2.0/networks/673603a2-2397-45ad-a529-b30d2ee8d0fd?fields=provider%3Aphysical_network&fields=provider%3Anetwork_type HTTP/1.1" status: 200 len: 277 time: 0.0800912
2026-07-24 01:12:20.022 9 INFO neutron.wsgi [None req-b715322d-f37c-43de-9164-1a5d93dd8f9a 62fae09fc55f4d6faa6cb2771886dd1f f0000d67e0dd44b3abf02eb78d769b2c - - default default] 199.204.45.74 "GET /v2.0/extensions/security-group HTTP/1.1" status: 200 len: 369 time: 0.0071654
2026-07-24 01:12:20.032 9 INFO neutron.wsgi [None req-be251489-d539-452c-9453-a338f2bef219 62fae09fc55f4d6faa6cb2771886dd1f f0000d67e0dd44b3abf02eb78d769b2c - - default default] 199.204.45.74 "GET /v2.0/extensions/dns-integration HTTP/1.1" status: 200 len: 371 time: 0.0041060
2026-07-24 01:12:20.040 9 INFO neutron.wsgi [None req-aa57df29-c08a-40be-83dd-2b1d5d97ebe2 62fae09fc55f4d6faa6cb2771886dd1f f0000d67e0dd44b3abf02eb78d769b2c - - default default] 199.204.45.74 "GET /v2.0/extensions/qos HTTP/1.1" status: 200 len: 365 time: 0.0040731
2026-07-24 01:12:20.048 9 INFO neutron.wsgi [None req-df4966e8-db1b-4b58-926e-c6300573b69b 62fae09fc55f4d6faa6cb2771886dd1f f0000d67e0dd44b3abf02eb78d769b2c - - default default] 199.204.45.74 "GET /v2.0/extensions/allowed-address-pairs HTTP/1.1" status: 200 len: 383 time: 0.0042942
2026-07-24 01:12:20.088 9 INFO neutron.wsgi [None req-32a43774-5c55-46e5-bdf7-61a1ddc8aa25 62fae09fc55f4d6faa6cb2771886dd1f f0000d67e0dd44b3abf02eb78d769b2c - - default default] 199.204.45.74 "GET /v2.0/subnets/6124a52b-51de-4ccb-978a-66123b6dc0bc HTTP/1.1" status: 200 len: 850 time: 0.0355506
2026-07-24 01:12:20.135 9 INFO neutron.wsgi [None req-e86cdd07-0e5e-481c-b374-312130149104 62fae09fc55f4d6faa6cb2771886dd1f f0000d67e0dd44b3abf02eb78d769b2c - - default default] 199.204.45.74 "GET /v2.0/ports/9604b96e-621a-4e8e-99ba-4fee9412fabb HTTP/1.1" status: 200 len: 1340 time: 0.0385139
2026-07-24 01:12:20.183 9 INFO neutron.wsgi [None req-afd2baad-09e1-4ba1-bdca-0e195adfee87 62fae09fc55f4d6faa6cb2771886dd1f f0000d67e0dd44b3abf02eb78d769b2c - - default default] 199.204.45.74 "GET /v2.0/ports/546e8359-d9a0-4079-826a-84558e6ec188 HTTP/1.1" status: 200 len: 1519 time: 0.0387290
2026-07-24 01:12:20.224 9 INFO neutron.wsgi [None req-f07413e2-4b86-4cb9-bfbd-76f70e275a72 62fae09fc55f4d6faa6cb2771886dd1f f0000d67e0dd44b3abf02eb78d769b2c - - default default] 199.204.45.74 "GET /v2.0/subnets/6124a52b-51de-4ccb-978a-66123b6dc0bc HTTP/1.1" status: 200 len: 850 time: 0.0341468
2026-07-24 01:12:20.307 9 INFO neutron.wsgi [None req-595a4603-b877-4ea8-b6c0-34b12b28500a 62fae09fc55f4d6faa6cb2771886dd1f f0000d67e0dd44b3abf02eb78d769b2c - - default default] 199.204.45.74 "GET /v2.0/networks/673603a2-2397-45ad-a529-b30d2ee8d0fd HTTP/1.1" status: 200 len: 1002 time: 0.0757775
2026-07-24 01:12:20.347 9 INFO neutron.wsgi [None req-74a9383b-2d9b-4bab-9115-0bb9c2beba74 62fae09fc55f4d6faa6cb2771886dd1f f0000d67e0dd44b3abf02eb78d769b2c - - default default] 199.204.45.74 "GET /v2.0/ports/9604b96e-621a-4e8e-99ba-4fee9412fabb HTTP/1.1" status: 200 len: 1340 time: 0.0327239
2026-07-24 01:12:20.391 9 INFO neutron.wsgi [None req-5033ee2c-c8b0-446e-9bbe-b33ff385a67b 62fae09fc55f4d6faa6cb2771886dd1f f0000d67e0dd44b3abf02eb78d769b2c - - default default] 199.204.45.74 "GET /v2.0/subnets/6124a52b-51de-4ccb-978a-66123b6dc0bc HTTP/1.1" status: 200 len: 850 time: 0.0364151
2026-07-24 01:12:20.414 9 INFO neutron.notifiers.nova [-] Nova event matching ['req-b2e7682e-e627-4e42-a9ca-00c36c94f00b'] response: {'server_uuid': '5fec122d-a9c2-4711-af1e-47204f8d002e', 'name': 'network-vif-unplugged', 'status': 'completed', 'tag': '8265f5b7-55b7-4bd2-8e33-29e449c6e617', 'code': 200}
2026-07-24 01:12:20.414 9 INFO neutron.notifiers.nova [-] Nova event matching ['req-b2e7682e-e627-4e42-a9ca-00c36c94f00b'] response: {'server_uuid': '5fec122d-a9c2-4711-af1e-47204f8d002e', 'name': 'network-vif-plugged', 'status': 'completed', 'tag': '8265f5b7-55b7-4bd2-8e33-29e449c6e617', 'code': 200}
2026-07-24 01:12:23.809 10 INFO neutron.wsgi [-] 10.0.0.128 "GET / HTTP/1.1" status: 200 len: 247 time: 0.0027473
2026-07-24 01:12:23.810 9 INFO neutron.wsgi [-] 10.0.0.128 "GET / HTTP/1.1" status: 200 len: 247 time: 0.0033355
2026-07-24 01:12:33.459 9 INFO neutron.wsgi [None req-a7bc4575-148e-438e-81f9-2a87f2f1efd2 62fae09fc55f4d6faa6cb2771886dd1f f0000d67e0dd44b3abf02eb78d769b2c - - default default] 199.204.45.74 "GET /v2.0/extensions/security-group HTTP/1.1" status: 200 len: 369 time: 0.0051022
2026-07-24 01:12:33.469 9 INFO neutron.wsgi [None req-9ccc67e6-ab08-42b7-a676-78ab4fc378f9 62fae09fc55f4d6faa6cb2771886dd1f f0000d67e0dd44b3abf02eb78d769b2c - - default default] 199.204.45.74 "GET /v2.0/extensions/dns-integration HTTP/1.1" status: 200 len: 371 time: 0.0053637
2026-07-24 01:12:33.481 9 INFO neutron.wsgi [None req-e99590d2-89e9-412a-9f63-badf7c572213 62fae09fc55f4d6faa6cb2771886dd1f f0000d67e0dd44b3abf02eb78d769b2c - - default default] 199.204.45.74 "GET /v2.0/extensions/qos HTTP/1.1" status: 200 len: 365 time: 0.0068133
2026-07-24 01:12:33.492 9 INFO neutron.wsgi [None req-fe3ff8c4-9420-4441-8377-b0ae8cf6ffbe 62fae09fc55f4d6faa6cb2771886dd1f f0000d67e0dd44b3abf02eb78d769b2c - - default default] 199.204.45.74 "GET /v2.0/extensions/allowed-address-pairs HTTP/1.1" status: 200 len: 383 time: 0.0049064
2026-07-24 01:12:33.518 9 INFO neutron.api.v2.resource [None req-c2e714fc-3e67-481c-95da-a8043752d7c5 62fae09fc55f4d6faa6cb2771886dd1f f0000d67e0dd44b3abf02eb78d769b2c - - default default] show failed (client error): The resource could not be found.
2026-07-24 01:12:33.519 9 INFO neutron.wsgi [None req-c2e714fc-3e67-481c-95da-a8043752d7c5 62fae09fc55f4d6faa6cb2771886dd1f f0000d67e0dd44b3abf02eb78d769b2c - - default default] 199.204.45.74 "GET /v2.0/security-groups/lb-1414530d-65c0-4caf-8af1-869362d5ed89 HTTP/1.1" status: 404 len: 355 time: 0.0177958
2026-07-24 01:12:33.577 9 INFO neutron.wsgi [None req-78ea19eb-8841-404d-a279-b22e47f4da6c 62fae09fc55f4d6faa6cb2771886dd1f f0000d67e0dd44b3abf02eb78d769b2c - - default default] 10.0.0.178 "GET /v2.0/security-groups HTTP/1.1" status: 200 len: 30226 time: 0.1313326
2026-07-24 01:12:33.580 9 INFO neutron.wsgi [None req-f1492d52-3436-4a84-a52d-c81e4c2477a6 62fae09fc55f4d6faa6cb2771886dd1f f0000d67e0dd44b3abf02eb78d769b2c - - default default] 199.204.45.74 "GET /v2.0/security-groups?name=lb-1414530d-65c0-4caf-8af1-869362d5ed89 HTTP/1.1" status: 200 len: 2941 time: 0.0573509
2026-07-24 01:12:33.701 9 INFO neutron.wsgi [None req-03fcf3a7-65f3-4ef1-bde1-7911008b586d 62fae09fc55f4d6faa6cb2771886dd1f f0000d67e0dd44b3abf02eb78d769b2c - - default default] 10.0.0.178 "GET /v2.0/ports HTTP/1.1" status: 200 len: 22222 time: 0.1182041
2026-07-24 01:12:33.708 9 INFO neutron.wsgi [None req-1d29aaf6-df8b-4053-83dd-04d453b06b70 62fae09fc55f4d6faa6cb2771886dd1f f0000d67e0dd44b3abf02eb78d769b2c - - default default] 199.204.45.74 "GET /v2.0/security-group-rules?security_group_id=a5c66822-b142-44db-80ad-58c8266aff31 HTTP/1.1" status: 200 len: 2406 time: 0.1089118
2026-07-24 01:12:33.766 9 INFO neutron.wsgi [None req-ffd25605-c558-460d-831e-6bd69a201020 62fae09fc55f4d6faa6cb2771886dd1f f0000d67e0dd44b3abf02eb78d769b2c - - default default] 10.0.0.178 "GET /v2.0/floatingips HTTP/1.1" status: 200 len: 2766 time: 0.0541289
2026-07-24 01:12:33.860 9 INFO neutron.wsgi [None req-3601ec81-a2f2-430f-8260-77ed514f7439 62fae09fc55f4d6faa6cb2771886dd1f f0000d67e0dd44b3abf02eb78d769b2c - - default default] 10.0.0.178 "GET /v2.0/routers HTTP/1.1" status: 200 len: 850 time: 0.0917966
2026-07-24 01:12:33.899 9 INFO neutron.wsgi [None req-f867eaed-ab17-48c5-aed2-d085383004f5 62fae09fc55f4d6faa6cb2771886dd1f f0000d67e0dd44b3abf02eb78d769b2c - - default default] 10.0.0.178 "GET /v2.0/agents?binary=ovn-controller HTTP/1.1" status: 200 len: 591 time: 0.0366898
2026-07-24 01:12:33.941 9 INFO neutron.wsgi [None req-a7ccdd16-42e3-4082-bcaa-045ba6783cea 62fae09fc55f4d6faa6cb2771886dd1f f0000d67e0dd44b3abf02eb78d769b2c - - default default] 199.204.45.74 "DELETE /v2.0/security-group-rules/06f116c2-a4a2-46d6-a5bc-8eb12243360a HTTP/1.1" status: 204 len: 173 time: 0.2224188
2026-07-24 01:12:34.023 9 INFO neutron.wsgi [None req-f4093995-4a44-48a9-b9f0-4e2cebbf68b5 62fae09fc55f4d6faa6cb2771886dd1f f0000d67e0dd44b3abf02eb78d769b2c - - default default] 10.0.0.178 "GET /v2.0/networks HTTP/1.1" status: 200 len: 4720 time: 0.1186907
2026-07-24 01:12:34.045 9 INFO neutron.wsgi [None req-6b15ce93-ea1a-4450-8f61-a3915a99d873 62fae09fc55f4d6faa6cb2771886dd1f f0000d67e0dd44b3abf02eb78d769b2c - - default default] 10.0.0.178 "GET /v2.0/agents HTTP/1.1" status: 200 len: 997 time: 0.0179892
2026-07-24 01:12:34.094 9 INFO neutron.wsgi [None req-b521b3f7-2d20-4c5c-b7d6-1c33f3526686 62fae09fc55f4d6faa6cb2771886dd1f f0000d67e0dd44b3abf02eb78d769b2c - - default default] 10.0.0.178 "GET /v2.0/subnets HTTP/1.1" status: 200 len: 5494 time: 0.0460587
2026-07-24 01:12:34.118 9 INFO neutron.wsgi [None req-39546a8d-6d95-4374-a099-2d75fa17e538 62fae09fc55f4d6faa6cb2771886dd1f f0000d67e0dd44b3abf02eb78d769b2c - - default default] 10.0.0.178 "GET /v2.0/subnetpools HTTP/1.1" status: 200 len: 193 time: 0.0216911
2026-07-24 01:12:34.137 9 INFO neutron.wsgi [None req-a3881e2d-1229-4ebb-b936-72000000c093 62fae09fc55f4d6faa6cb2771886dd1f f0000d67e0dd44b3abf02eb78d769b2c - - default default] 10.0.0.178 "GET /v2.0/network-ip-availabilities HTTP/1.1" status: 200 len: 3361 time: 0.0177505
2026-07-24 01:12:34.189 9 INFO neutron.wsgi [None req-89031ad2-3388-402d-86b0-812cbda1f716 62fae09fc55f4d6faa6cb2771886dd1f f0000d67e0dd44b3abf02eb78d769b2c - - default default] 10.0.0.178 "GET /v2.0/subnets HTTP/1.1" status: 200 len: 5494 time: 0.0493741
2026-07-24 01:12:34.195 9 INFO neutron.wsgi [None req-50ea138c-5db2-4edc-8ed9-c662f0f199c3 62fae09fc55f4d6faa6cb2771886dd1f f0000d67e0dd44b3abf02eb78d769b2c - - default default] 199.204.45.74 "DELETE /v2.0/security-group-rules/feb26845-d6ef-40f4-bdb8-b652dc167313 HTTP/1.1" status: 204 len: 173 time: 0.2361367
2026-07-24 01:12:35.485 10 INFO neutron.wsgi [req-4a93f943-28a7-45f6-be52-43e165cb1380 req-95c1294d-d9b6-4f70-99e7-8a78ff2de644 5b1195e95bc648b98e3cd81287838f61 03e397f6b0c9450a88ac58208c027f30 - - 392ff6c0b2584d0ba60bd617569b29fb 392ff6c0b2584d0ba60bd617569b29fb] 199.204.45.74 "GET /v2.0/ports?device_id=5fec122d-a9c2-4711-af1e-47204f8d002e&fields=binding%3Ahost_id&fields=binding%3Avif_type HTTP/1.1" status: 200 len: 322 time: 0.0458138
2026-07-24 01:12:35.565 10 INFO neutron.wsgi [req-4a93f943-28a7-45f6-be52-43e165cb1380 req-476e4f06-3545-4249-aa5f-f0dc581b18fa 5b1195e95bc648b98e3cd81287838f61 03e397f6b0c9450a88ac58208c027f30 - - 392ff6c0b2584d0ba60bd617569b29fb 392ff6c0b2584d0ba60bd617569b29fb] 199.204.45.74 "GET /v2.0/ports?tenant_id=f0000d67e0dd44b3abf02eb78d769b2c&device_id=5fec122d-a9c2-4711-af1e-47204f8d002e HTTP/1.1" status: 200 len: 2728 time: 0.0585113
2026-07-24 01:12:35.667 10 INFO neutron.wsgi [req-4a93f943-28a7-45f6-be52-43e165cb1380 req-ca860c47-d23f-4f06-bca4-1e9e1238cccc 5b1195e95bc648b98e3cd81287838f61 03e397f6b0c9450a88ac58208c027f30 - - 392ff6c0b2584d0ba60bd617569b29fb 392ff6c0b2584d0ba60bd617569b29fb] 199.204.45.74 "GET /v2.0/networks?id=e404d35e-3ce3-4df5-83e4-c230d6c808ea&id=673603a2-2397-45ad-a529-b30d2ee8d0fd HTTP/1.1" status: 200 len: 1730 time: 0.0822592
2026-07-24 01:12:35.704 10 INFO neutron.wsgi [req-4a93f943-28a7-45f6-be52-43e165cb1380 req-f657146c-f39f-4188-b16b-a497f4425cd0 5b1195e95bc648b98e3cd81287838f61 03e397f6b0c9450a88ac58208c027f30 - - 392ff6c0b2584d0ba60bd617569b29fb 392ff6c0b2584d0ba60bd617569b29fb] 199.204.45.74 "GET /v2.0/floatingips?fixed_ip_address=172.24.2.139&port_id=e10b92ea-c665-4533-a82f-ae005f2644f5 HTTP/1.1" status: 200 len: 217 time: 0.0313873
2026-07-24 01:12:35.754 10 INFO neutron.wsgi [req-4a93f943-28a7-45f6-be52-43e165cb1380 req-f3d7f76b-2bec-4fd1-83aa-90b4f8537b61 5b1195e95bc648b98e3cd81287838f61 03e397f6b0c9450a88ac58208c027f30 - - 392ff6c0b2584d0ba60bd617569b29fb 392ff6c0b2584d0ba60bd617569b29fb] 199.204.45.74 "GET /v2.0/subnets?id=60057456-603f-4283-9f85-c9eadad6b9d3 HTTP/1.1" status: 200 len: 829 time: 0.0450513
2026-07-24 01:12:35.789 10 INFO neutron.wsgi [req-4a93f943-28a7-45f6-be52-43e165cb1380 req-fe4ba323-4e74-4982-8dff-0a4a693c06ed 5b1195e95bc648b98e3cd81287838f61 03e397f6b0c9450a88ac58208c027f30 - - 392ff6c0b2584d0ba60bd617569b29fb 392ff6c0b2584d0ba60bd617569b29fb] 199.204.45.74 "GET /v2.0/ports?network_id=e404d35e-3ce3-4df5-83e4-c230d6c808ea&device_owner=network%3Adhcp HTTP/1.1" status: 200 len: 210 time: 0.0265625
2026-07-24 01:12:35.874 10 INFO neutron.wsgi [req-4a93f943-28a7-45f6-be52-43e165cb1380 req-83d5b2f2-cc70-44d4-a04e-0b6fc6943e65 5b1195e95bc648b98e3cd81287838f61 03e397f6b0c9450a88ac58208c027f30 - - 392ff6c0b2584d0ba60bd617569b29fb 392ff6c0b2584d0ba60bd617569b29fb] 199.204.45.74 "GET /v2.0/networks/e404d35e-3ce3-4df5-83e4-c230d6c808ea?fields=segments HTTP/1.1" status: 200 len: 212 time: 0.0763333
2026-07-24 01:12:35.990 10 INFO neutron.wsgi [req-4a93f943-28a7-45f6-be52-43e165cb1380 req-13b443bc-c5ce-4cb4-846a-766429d3984c 5b1195e95bc648b98e3cd81287838f61 03e397f6b0c9450a88ac58208c027f30 - - 392ff6c0b2584d0ba60bd617569b29fb 392ff6c0b2584d0ba60bd617569b29fb] 199.204.45.74 "GET /v2.0/networks/e404d35e-3ce3-4df5-83e4-c230d6c808ea?fields=provider%3Aphysical_network&fields=provider%3Anetwork_type HTTP/1.1" status: 200 len: 277 time: 0.1096702
2026-07-24 01:12:36.035 10 INFO neutron.wsgi [req-4a93f943-28a7-45f6-be52-43e165cb1380 req-e45e6ac1-74b7-4c17-ad0f-96b5f8be4dc2 5b1195e95bc648b98e3cd81287838f61 03e397f6b0c9450a88ac58208c027f30 - - 392ff6c0b2584d0ba60bd617569b29fb 392ff6c0b2584d0ba60bd617569b29fb] 199.204.45.74 "GET /v2.0/floatingips?fixed_ip_address=10.1.1.178&port_id=546e8359-d9a0-4079-826a-84558e6ec188 HTTP/1.1" status: 200 len: 217 time: 0.0372739
2026-07-24 01:12:36.075 10 INFO neutron.wsgi [req-4a93f943-28a7-45f6-be52-43e165cb1380 req-098c86d0-72b9-4839-bcb1-737f8f939d74 5b1195e95bc648b98e3cd81287838f61 03e397f6b0c9450a88ac58208c027f30 - - 392ff6c0b2584d0ba60bd617569b29fb 392ff6c0b2584d0ba60bd617569b29fb] 199.204.45.74 "GET /v2.0/subnets?id=6124a52b-51de-4ccb-978a-66123b6dc0bc HTTP/1.1" status: 200 len: 853 time: 0.0329206
2026-07-24 01:12:36.105 10 INFO neutron.wsgi [req-4a93f943-28a7-45f6-be52-43e165cb1380 req-d0290264-dc18-41bd-844e-230ca00bccfe 5b1195e95bc648b98e3cd81287838f61 03e397f6b0c9450a88ac58208c027f30 - - 392ff6c0b2584d0ba60bd617569b29fb 392ff6c0b2584d0ba60bd617569b29fb] 199.204.45.74 "GET /v2.0/ports?network_id=673603a2-2397-45ad-a529-b30d2ee8d0fd&device_owner=network%3Adhcp HTTP/1.1" status: 200 len: 210 time: 0.0213745
2026-07-24 01:12:36.181 10 INFO neutron.wsgi [req-4a93f943-28a7-45f6-be52-43e165cb1380 req-b766ecdd-4b2b-4d2f-9b28-3f38c52747a4 5b1195e95bc648b98e3cd81287838f61 03e397f6b0c9450a88ac58208c027f30 - - 392ff6c0b2584d0ba60bd617569b29fb 392ff6c0b2584d0ba60bd617569b29fb] 199.204.45.74 "GET /v2.0/networks/673603a2-2397-45ad-a529-b30d2ee8d0fd?fields=segments HTTP/1.1" status: 200 len: 212 time: 0.0681837
2026-07-24 01:12:36.267 10 INFO neutron.wsgi [req-4a93f943-28a7-45f6-be52-43e165cb1380 req-57fbbb0e-0302-48b0-92e1-f9d27c2dba25 5b1195e95bc648b98e3cd81287838f61 03e397f6b0c9450a88ac58208c027f30 - - 392ff6c0b2584d0ba60bd617569b29fb 392ff6c0b2584d0ba60bd617569b29fb] 199.204.45.74 "GET /v2.0/networks/673603a2-2397-45ad-a529-b30d2ee8d0fd?fields=provider%3Aphysical_network&fields=provider%3Anetwork_type HTTP/1.1" status: 200 len: 277 time: 0.0780728
2026-07-24 01:12:37.780 9 INFO neutron.db.l3_db [None req-5d26c9e8-78ac-4138-ac7c-5b1000b0392e a3694ce826d4475d95ed35f0ba69984d 248afb83310c4a28bbd492a642c660f0 - - default default] Floating IP 9e8d83e6-ca63-4d9d-99ae-a8da3b4a4407 disassociated (deleted). External IP: 10.96.250.206, port: 9604b96e-621a-4e8e-99ba-4fee9412fabb.
2026-07-24 01:12:37.863 9 INFO neutron.wsgi [None req-5d26c9e8-78ac-4138-ac7c-5b1000b0392e a3694ce826d4475d95ed35f0ba69984d 248afb83310c4a28bbd492a642c660f0 - - default default] 10.0.0.162 "DELETE /v2.0/floatingips/9e8d83e6-ca63-4d9d-99ae-a8da3b4a4407 HTTP/1.1" status: 204 len: 168 time: 0.5438402 /var/lib/openstack/lib/python3.10/site-packages/pycadf/identifier.py:71: UserWarning: Invalid uuid: neutron. To ensure interoperability, identifiers should be a valid uuid. warnings.warn(('Invalid uuid: %s. To ensure interoperability, '
2026-07-24 01:12:37.905 9 INFO neutron.api.v2.resource [None req-fee63db5-7f8a-470b-8591-3fe0ef64625c a3694ce826d4475d95ed35f0ba69984d 248afb83310c4a28bbd492a642c660f0 - - default default] show failed (client error): The resource could not be found.
2026-07-24 01:12:37.906 9 INFO neutron.wsgi [None req-fee63db5-7f8a-470b-8591-3fe0ef64625c a3694ce826d4475d95ed35f0ba69984d 248afb83310c4a28bbd492a642c660f0 - - default default] 10.0.0.162 "GET /v2.0/floatingips/9e8d83e6-ca63-4d9d-99ae-a8da3b4a4407 HTTP/1.1" status: 404 len: 345 time: 0.0360343
2026-07-24 01:12:38.705 9 INFO neutron.wsgi [None req-e87da7aa-f42b-47c9-b055-a65237b781a1 62fae09fc55f4d6faa6cb2771886dd1f f0000d67e0dd44b3abf02eb78d769b2c - - default default] 199.204.45.74 "GET /v2.0/extensions/security-group HTTP/1.1" status: 200 len: 369 time: 0.0070269
2026-07-24 01:12:38.718 9 INFO neutron.wsgi [None req-a9ead750-38e5-4cce-8c92-4f15d649af48 62fae09fc55f4d6faa6cb2771886dd1f f0000d67e0dd44b3abf02eb78d769b2c - - default default] 199.204.45.74 "GET /v2.0/extensions/dns-integration HTTP/1.1" status: 200 len: 371 time: 0.0080171
2026-07-24 01:12:38.731 9 INFO neutron.wsgi [None req-640b0d56-f6ae-416c-93c2-762d48e3c844 62fae09fc55f4d6faa6cb2771886dd1f f0000d67e0dd44b3abf02eb78d769b2c - - default default] 199.204.45.74 "GET /v2.0/extensions/qos HTTP/1.1" status: 200 len: 365 time: 0.0048661
2026-07-24 01:12:38.741 9 INFO neutron.wsgi [None req-112e1974-6fe3-4bc0-b328-2e1c3de366fc 62fae09fc55f4d6faa6cb2771886dd1f f0000d67e0dd44b3abf02eb78d769b2c - - default default] 199.204.45.74 "GET /v2.0/extensions/allowed-address-pairs HTTP/1.1" status: 200 len: 383 time: 0.0054448
2026-07-24 01:12:38.780 9 INFO neutron.wsgi [None req-a1805964-1be9-4f9d-af55-a4877fc1fcb1 62fae09fc55f4d6faa6cb2771886dd1f f0000d67e0dd44b3abf02eb78d769b2c - - default default] 199.204.45.74 "GET /v2.0/subnets/6124a52b-51de-4ccb-978a-66123b6dc0bc HTTP/1.1" status: 200 len: 850 time: 0.0347071
2026-07-24 01:12:38.809 10 INFO neutron.wsgi [-] 10.0.0.128 "GET / HTTP/1.1" status: 200 len: 247 time: 0.0032299
2026-07-24 01:12:38.813 10 INFO neutron.wsgi [-] 10.0.0.128 "GET / HTTP/1.1" status: 200 len: 247 time: 0.0024517
2026-07-24 01:12:38.834 9 INFO neutron.wsgi [None req-2b7ac341-19a6-4ee3-9f13-ca7a75bed954 62fae09fc55f4d6faa6cb2771886dd1f f0000d67e0dd44b3abf02eb78d769b2c - - default default] 199.204.45.74 "GET /v2.0/ports?device_id=5fec122d-a9c2-4711-af1e-47204f8d002e HTTP/1.1" status: 200 len: 2728 time: 0.0478430
2026-07-24 01:12:38.895 9 INFO neutron.wsgi [None req-4026f9ee-101b-4fe3-9d10-6c0dc69bd882 62fae09fc55f4d6faa6cb2771886dd1f f0000d67e0dd44b3abf02eb78d769b2c - - default default] 199.204.45.74 "GET /v2.0/ports?device_id=5fec122d-a9c2-4711-af1e-47204f8d002e HTTP/1.1" status: 200 len: 2728 time: 0.0516798
2026-07-24 01:12:39.022 9 INFO neutron.wsgi [None req-00fe71d9-12c0-47e9-954b-0831cb96a25c 62fae09fc55f4d6faa6cb2771886dd1f f0000d67e0dd44b3abf02eb78d769b2c - - default default] 199.204.45.74 "GET /v2.0/ports?device_id=5fec122d-a9c2-4711-af1e-47204f8d002e HTTP/1.1" status: 200 len: 2728 time: 0.0507560
2026-07-24 01:12:39.280 10 INFO neutron.plugins.ml2.drivers.ovn.mech_driver.mech_driver [None req-29f8e175-0d43-4339-bf53-5e1516680da6 - - - - - -] OVN reports status down for port: 546e8359-d9a0-4079-826a-84558e6ec188
2026-07-24 01:12:39.346 10 INFO neutron.wsgi [req-5e139f21-214d-4ad6-a4fa-82a3ffeba650 req-1f13bd6e-ba06-4fb5-b127-c2c9e0aa8d8c 5b1195e95bc648b98e3cd81287838f61 03e397f6b0c9450a88ac58208c027f30 - - 392ff6c0b2584d0ba60bd617569b29fb 392ff6c0b2584d0ba60bd617569b29fb] 199.204.45.74 "GET /v2.0/ports/546e8359-d9a0-4079-826a-84558e6ec188 HTTP/1.1" status: 200 len: 1519 time: 0.0476592
2026-07-24 01:12:39.406 10 INFO neutron.wsgi [req-5e139f21-214d-4ad6-a4fa-82a3ffeba650 req-a91f584e-3e26-43dc-80b6-18f67b8cbd06 62fae09fc55f4d6faa6cb2771886dd1f f0000d67e0dd44b3abf02eb78d769b2c - - default default] 199.204.45.74 "GET /v2.0/ports/546e8359-d9a0-4079-826a-84558e6ec188?fields=binding%3Aprofile&fields=network_id HTTP/1.1" status: 200 len: 281 time: 0.0539765
2026-07-24 01:12:39.446 9 INFO neutron.db.ovn_revision_numbers_db [None req-cb71f0b8-9fcb-4615-9d3a-6460cde0ba88 - - - - - -] Successfully bumped revision number for resource 9604b96e-621a-4e8e-99ba-4fee9412fabb (type: ports) to 6
2026-07-24 01:12:39.485 10 INFO neutron.notifiers.nova [-] Nova event matching ['req-ea070c2f-a6ec-4e57-a176-15c9aa7243fe'] response: {'server_uuid': '5fec122d-a9c2-4711-af1e-47204f8d002e', 'name': 'network-vif-unplugged', 'status': 'completed', 'tag': '546e8359-d9a0-4079-826a-84558e6ec188', 'code': 200}
2026-07-24 01:12:39.513 10 INFO neutron.wsgi [req-5e139f21-214d-4ad6-a4fa-82a3ffeba650 req-a2a6ac2f-28e7-43b1-b6df-1a0f54e9696e 62fae09fc55f4d6faa6cb2771886dd1f f0000d67e0dd44b3abf02eb78d769b2c - - default default] 199.204.45.74 "GET /v2.0/networks/673603a2-2397-45ad-a529-b30d2ee8d0fd?fields=dns_domain HTTP/1.1" status: 200 len: 227 time: 0.0957065
2026-07-24 01:12:39.721 10 INFO neutron.db.ovn_revision_numbers_db [None req-29f8e175-0d43-4339-bf53-5e1516680da6 - - - - - -] Successfully bumped revision number for resource 546e8359-d9a0-4079-826a-84558e6ec188 (type: ports) to 7
2026-07-24 01:12:39.752 10 INFO neutron.plugins.ml2.drivers.ovn.mech_driver.mech_driver [None req-29f8e175-0d43-4339-bf53-5e1516680da6 - - - - - -] OVN reports status down for port: 9604b96e-621a-4e8e-99ba-4fee9412fabb
2026-07-24 01:12:40.058 10 INFO neutron.db.ovn_revision_numbers_db [req-5e139f21-214d-4ad6-a4fa-82a3ffeba650 req-87ae15a8-f75d-45e0-8478-d7877cc225b1 5b1195e95bc648b98e3cd81287838f61 03e397f6b0c9450a88ac58208c027f30 - - 392ff6c0b2584d0ba60bd617569b29fb 392ff6c0b2584d0ba60bd617569b29fb] Successfully bumped revision number for resource 546e8359-d9a0-4079-826a-84558e6ec188 (type: ports) to 8
2026-07-24 01:12:40.071 9 INFO neutron.wsgi [None req-b760e394-db23-42a0-8041-de9ef52dc448 62fae09fc55f4d6faa6cb2771886dd1f f0000d67e0dd44b3abf02eb78d769b2c - - default default] 199.204.45.74 "GET /v2.0/ports?device_id=5fec122d-a9c2-4711-af1e-47204f8d002e HTTP/1.1" status: 200 len: 1417 time: 0.0356488
2026-07-24 01:12:40.082 10 INFO neutron.wsgi [req-5e139f21-214d-4ad6-a4fa-82a3ffeba650 req-87ae15a8-f75d-45e0-8478-d7877cc225b1 5b1195e95bc648b98e3cd81287838f61 03e397f6b0c9450a88ac58208c027f30 - - 392ff6c0b2584d0ba60bd617569b29fb 392ff6c0b2584d0ba60bd617569b29fb] 199.204.45.74 "PUT /v2.0/ports/546e8359-d9a0-4079-826a-84558e6ec188 HTTP/1.1" status: 200 len: 1351 time: 0.5609953 /var/lib/openstack/lib/python3.10/site-packages/pycadf/identifier.py:71: UserWarning: Invalid uuid: neutron. To ensure interoperability, identifiers should be a valid uuid. warnings.warn(('Invalid uuid: %s. To ensure interoperability, '
2026-07-24 01:12:40.174 10 INFO neutron.wsgi [req-5e139f21-214d-4ad6-a4fa-82a3ffeba650 req-ac76767a-a467-4b29-88b8-f131b7546047 5b1195e95bc648b98e3cd81287838f61 03e397f6b0c9450a88ac58208c027f30 - - 392ff6c0b2584d0ba60bd617569b29fb 392ff6c0b2584d0ba60bd617569b29fb] 199.204.45.74 "GET /v2.0/ports?tenant_id=f0000d67e0dd44b3abf02eb78d769b2c&device_id=5fec122d-a9c2-4711-af1e-47204f8d002e HTTP/1.1" status: 200 len: 1417 time: 0.0388072
2026-07-24 01:12:40.252 10 INFO neutron.wsgi [req-5e139f21-214d-4ad6-a4fa-82a3ffeba650 req-34dd9858-3d59-4a5d-a28a-b0b9d887d26c 5b1195e95bc648b98e3cd81287838f61 03e397f6b0c9450a88ac58208c027f30 - - 392ff6c0b2584d0ba60bd617569b29fb 392ff6c0b2584d0ba60bd617569b29fb] 199.204.45.74 "GET /v2.0/networks?id=e404d35e-3ce3-4df5-83e4-c230d6c808ea&id=673603a2-2397-45ad-a529-b30d2ee8d0fd HTTP/1.1" status: 200 len: 1730 time: 0.0716977
2026-07-24 01:12:40.284 10 INFO neutron.wsgi [req-5e139f21-214d-4ad6-a4fa-82a3ffeba650 req-9b1325da-4fe5-4a4d-8ccf-c6ab5a5b96d6 5b1195e95bc648b98e3cd81287838f61 03e397f6b0c9450a88ac58208c027f30 - - 392ff6c0b2584d0ba60bd617569b29fb 392ff6c0b2584d0ba60bd617569b29fb] 199.204.45.74 "GET /v2.0/floatingips?fixed_ip_address=172.24.2.139&port_id=e10b92ea-c665-4533-a82f-ae005f2644f5 HTTP/1.1" status: 200 len: 217 time: 0.0276256
2026-07-24 01:12:40.330 10 INFO neutron.wsgi [req-5e139f21-214d-4ad6-a4fa-82a3ffeba650 req-edaf33e0-3968-4648-ad79-2d2a7cee8359 5b1195e95bc648b98e3cd81287838f61 03e397f6b0c9450a88ac58208c027f30 - - 392ff6c0b2584d0ba60bd617569b29fb 392ff6c0b2584d0ba60bd617569b29fb] 199.204.45.74 "GET /v2.0/subnets?id=60057456-603f-4283-9f85-c9eadad6b9d3 HTTP/1.1" status: 200 len: 829 time: 0.0384741
2026-07-24 01:12:40.355 10 INFO neutron.wsgi [req-5e139f21-214d-4ad6-a4fa-82a3ffeba650 req-61a11631-7afe-4c55-8f12-99752c241b3e 5b1195e95bc648b98e3cd81287838f61 03e397f6b0c9450a88ac58208c027f30 - - 392ff6c0b2584d0ba60bd617569b29fb 392ff6c0b2584d0ba60bd617569b29fb] 199.204.45.74 "GET /v2.0/ports?network_id=e404d35e-3ce3-4df5-83e4-c230d6c808ea&device_owner=network%3Adhcp HTTP/1.1" status: 200 len: 210 time: 0.0181191
2026-07-24 01:12:40.423 10 INFO neutron.wsgi [req-5e139f21-214d-4ad6-a4fa-82a3ffeba650 req-2f44fad1-0f90-451b-918b-6f0649c36a21 5b1195e95bc648b98e3cd81287838f61 03e397f6b0c9450a88ac58208c027f30 - - 392ff6c0b2584d0ba60bd617569b29fb 392ff6c0b2584d0ba60bd617569b29fb] 199.204.45.74 "GET /v2.0/networks/e404d35e-3ce3-4df5-83e4-c230d6c808ea?fields=segments HTTP/1.1" status: 200 len: 212 time: 0.0607738
2026-07-24 01:12:40.501 10 INFO neutron.wsgi [req-5e139f21-214d-4ad6-a4fa-82a3ffeba650 req-5763f513-4dd6-4f96-a2fd-5f4e08c11a43 5b1195e95bc648b98e3cd81287838f61 03e397f6b0c9450a88ac58208c027f30 - - 392ff6c0b2584d0ba60bd617569b29fb 392ff6c0b2584d0ba60bd617569b29fb] 199.204.45.74 "GET /v2.0/networks/e404d35e-3ce3-4df5-83e4-c230d6c808ea?fields=provider%3Aphysical_network&fields=provider%3Anetwork_type HTTP/1.1" status: 200 len: 277 time: 0.0696151
2026-07-24 01:12:40.503 9 INFO neutron.db.ovn_revision_numbers_db [None req-402a717d-215d-4188-a2b1-a33f84fd00e3 62fae09fc55f4d6faa6cb2771886dd1f f0000d67e0dd44b3abf02eb78d769b2c - - default default] Successfully bumped revision number for resource 546e8359-d9a0-4079-826a-84558e6ec188 (type: ports) to 9
2026-07-24 01:12:40.530 9 INFO neutron.wsgi [None req-402a717d-215d-4188-a2b1-a33f84fd00e3 62fae09fc55f4d6faa6cb2771886dd1f f0000d67e0dd44b3abf02eb78d769b2c - - default default] 199.204.45.74 "PUT /v2.0/ports/546e8359-d9a0-4079-826a-84558e6ec188 HTTP/1.1" status: 200 len: 1290 time: 0.4497595 /var/lib/openstack/lib/python3.10/site-packages/pycadf/identifier.py:71: UserWarning: Invalid uuid: neutron. To ensure interoperability, identifiers should be a valid uuid. warnings.warn(('Invalid uuid: %s. To ensure interoperability, '
2026-07-24 01:12:40.582 9 INFO neutron.wsgi [None req-2127aa57-c826-4f2b-912e-c8f3d7cef07c 62fae09fc55f4d6faa6cb2771886dd1f f0000d67e0dd44b3abf02eb78d769b2c - - default default] 199.204.45.74 "GET /v2.0/ports/546e8359-d9a0-4079-826a-84558e6ec188 HTTP/1.1" status: 200 len: 1290 time: 0.0430288
2026-07-24 01:12:40.636 9 INFO neutron.db.ovn_revision_numbers_db [None req-cb71f0b8-9fcb-4615-9d3a-6460cde0ba88 - - - - - -] Successfully bumped revision number for resource 9604b96e-621a-4e8e-99ba-4fee9412fabb (type: ports) to 8
2026-07-24 01:12:40.979 9 INFO neutron.wsgi [None req-2043a996-8de9-47db-9ac1-2dd279632876 62fae09fc55f4d6faa6cb2771886dd1f f0000d67e0dd44b3abf02eb78d769b2c - - default default] 199.204.45.74 "DELETE /v2.0/ports/546e8359-d9a0-4079-826a-84558e6ec188 HTTP/1.1" status: 204 len: 173 time: 0.3895259
2026-07-24 01:12:41.077 9 INFO neutron.wsgi [None req-33519897-11c6-48ae-bca8-537834143fe3 62fae09fc55f4d6faa6cb2771886dd1f f0000d67e0dd44b3abf02eb78d769b2c - - default default] 199.204.45.74 "GET /v2.0/extensions/security-group HTTP/1.1" status: 200 len: 369 time: 0.0087967
2026-07-24 01:12:41.084 9 INFO neutron.wsgi [None req-265437af-9cc3-474c-9562-5a7b821f919c 62fae09fc55f4d6faa6cb2771886dd1f f0000d67e0dd44b3abf02eb78d769b2c - - default default] 199.204.45.74 "GET /v2.0/extensions/dns-integration HTTP/1.1" status: 200 len: 371 time: 0.0034618
2026-07-24 01:12:41.092 9 INFO neutron.wsgi [None req-bc086d6d-113f-43e2-adb4-eba0de08f09a 62fae09fc55f4d6faa6cb2771886dd1f f0000d67e0dd44b3abf02eb78d769b2c - - default default] 199.204.45.74 "GET /v2.0/extensions/qos HTTP/1.1" status: 200 len: 365 time: 0.0041440
2026-07-24 01:12:41.101 9 INFO neutron.wsgi [None req-56c553a5-c521-4cc1-a7d0-930f9bc8aea1 62fae09fc55f4d6faa6cb2771886dd1f f0000d67e0dd44b3abf02eb78d769b2c - - default default] 199.204.45.74 "GET /v2.0/extensions/allowed-address-pairs HTTP/1.1" status: 200 len: 383 time: 0.0050383
2026-07-24 01:12:41.121 9 INFO neutron.pecan_wsgi.hooks.translation [None req-4adc7a71-0897-4a03-87f1-4d51643aa9f3 62fae09fc55f4d6faa6cb2771886dd1f f0000d67e0dd44b3abf02eb78d769b2c - - default default] DELETE failed (client error): The resource could not be found.
2026-07-24 01:12:41.123 9 INFO neutron.wsgi [None req-4adc7a71-0897-4a03-87f1-4d51643aa9f3 62fae09fc55f4d6faa6cb2771886dd1f f0000d67e0dd44b3abf02eb78d769b2c - - default default] 199.204.45.74 "DELETE /v2.0/ports/546e8359-d9a0-4079-826a-84558e6ec188 HTTP/1.1" status: 404 len: 338 time: 0.0182281
2026-07-24 01:12:41.175 9 INFO neutron.wsgi [None req-93d30c57-3e2b-48df-a7fc-59967a100d05 62fae09fc55f4d6faa6cb2771886dd1f f0000d67e0dd44b3abf02eb78d769b2c - - default default] 199.204.45.74 "GET /v2.0/ports/9604b96e-621a-4e8e-99ba-4fee9412fabb HTTP/1.1" status: 200 len: 1332 time: 0.0419357
2026-07-24 01:12:41.193 9 INFO neutron.api.v2.resource [None req-70b4f8b5-8f45-4241-962b-e08a6fc5c08b 62fae09fc55f4d6faa6cb2771886dd1f f0000d67e0dd44b3abf02eb78d769b2c - - default default] show failed (client error): The resource could not be found.
2026-07-24 01:12:41.194 9 INFO neutron.wsgi [None req-70b4f8b5-8f45-4241-962b-e08a6fc5c08b 62fae09fc55f4d6faa6cb2771886dd1f f0000d67e0dd44b3abf02eb78d769b2c - - default default] 199.204.45.74 "GET /v2.0/security-groups/lb-1414530d-65c0-4caf-8af1-869362d5ed89 HTTP/1.1" status: 404 len: 355 time: 0.0108974
2026-07-24 01:12:41.234 9 INFO neutron.wsgi [None req-05a1067f-d4f8-4343-8376-861ee23899f6 62fae09fc55f4d6faa6cb2771886dd1f f0000d67e0dd44b3abf02eb78d769b2c - - default default] 199.204.45.74 "GET /v2.0/security-groups?name=lb-1414530d-65c0-4caf-8af1-869362d5ed89 HTTP/1.1" status: 200 len: 1777 time: 0.0339704
2026-07-24 01:12:41.273 9 INFO neutron.wsgi [None req-022d22ed-3113-4776-b4ad-6b2890819798 62fae09fc55f4d6faa6cb2771886dd1f f0000d67e0dd44b3abf02eb78d769b2c - - default default] 199.204.45.74 "GET /v2.0/ports/9604b96e-621a-4e8e-99ba-4fee9412fabb HTTP/1.1" status: 200 len: 1332 time: 0.0332839
2026-07-24 01:12:41.520 10 INFO neutron.notifiers.nova [-] Nova event matching ['req-d6aca98b-aab7-4c88-a1c9-fa0d50860a6e'] response: {'server_uuid': '5fec122d-a9c2-4711-af1e-47204f8d002e', 'name': 'network-vif-plugged', 'status': 'completed', 'tag': '546e8359-d9a0-4079-826a-84558e6ec188', 'code': 200}
2026-07-24 01:12:41.668 9 INFO neutron.db.ovn_revision_numbers_db [None req-ffe106ad-4cfa-48f8-977b-8ece447c05a7 62fae09fc55f4d6faa6cb2771886dd1f f0000d67e0dd44b3abf02eb78d769b2c - - default default] Successfully bumped revision number for resource 9604b96e-621a-4e8e-99ba-4fee9412fabb (type: ports) to 9
2026-07-24 01:12:41.688 9 INFO neutron.wsgi [None req-ffe106ad-4cfa-48f8-977b-8ece447c05a7 62fae09fc55f4d6faa6cb2771886dd1f f0000d67e0dd44b3abf02eb78d769b2c - - default default] 199.204.45.74 "PUT /v2.0/ports/9604b96e-621a-4e8e-99ba-4fee9412fabb HTTP/1.1" status: 200 len: 1294 time: 0.4103904
2026-07-24 01:12:41.814 9 INFO neutron.wsgi [None req-38e5800a-c348-49db-8091-18aff0262c6f 62fae09fc55f4d6faa6cb2771886dd1f f0000d67e0dd44b3abf02eb78d769b2c - - default default] 199.204.45.74 "DELETE /v2.0/security-groups/a5c66822-b142-44db-80ad-58c8266aff31 HTTP/1.1" status: 204 len: 173 time: 0.1150990
2026-07-24 01:12:42.172 9 INFO neutron.wsgi [None req-b5861acf-9e2d-4f9a-8bca-7400db90b8f8 62fae09fc55f4d6faa6cb2771886dd1f f0000d67e0dd44b3abf02eb78d769b2c - - default default] 199.204.45.74 "DELETE /v2.0/ports/9604b96e-621a-4e8e-99ba-4fee9412fabb HTTP/1.1" status: 204 len: 173 time: 0.3484197
2026-07-24 01:12:42.711 9 INFO neutron.plugins.ml2.drivers.ovn.mech_driver.mech_driver [None req-0fa86b58-638e-483a-8b43-55a5768edc70 - - - - - -] OVN reports status down for port: e10b92ea-c665-4533-a82f-ae005f2644f5
2026-07-24 01:12:42.884 9 INFO neutron.notifiers.nova [-] Nova event matching ['req-836f2ecc-7d36-41a1-b429-2a93f62eb975'] response: {'server_uuid': '5fec122d-a9c2-4711-af1e-47204f8d002e', 'name': 'network-vif-unplugged', 'status': 'completed', 'tag': 'e10b92ea-c665-4533-a82f-ae005f2644f5', 'code': 200}
2026-07-24 01:12:43.201 10 INFO neutron.wsgi [req-decea9ce-9017-4339-964a-96e2d7e936e7 req-ead80945-3d79-489d-a674-1536d44fd096 62fae09fc55f4d6faa6cb2771886dd1f f0000d67e0dd44b3abf02eb78d769b2c - - default default] 199.204.45.74 "GET /v2.0/ports?device_id=5fec122d-a9c2-4711-af1e-47204f8d002e HTTP/1.1" status: 200 len: 1415 time: 0.0667486
2026-07-24 01:12:43.293 9 INFO neutron.db.ovn_revision_numbers_db [None req-0fa86b58-638e-483a-8b43-55a5768edc70 - - - - - -] Successfully bumped revision number for resource e10b92ea-c665-4533-a82f-ae005f2644f5 (type: ports) to 5
2026-07-24 01:12:43.588 10 INFO neutron.wsgi [req-decea9ce-9017-4339-964a-96e2d7e936e7 req-baaea485-6aa2-4033-a84c-55c3b7c0de55 62fae09fc55f4d6faa6cb2771886dd1f f0000d67e0dd44b3abf02eb78d769b2c - - default default] 199.204.45.74 "DELETE /v2.0/ports/e10b92ea-c665-4533-a82f-ae005f2644f5 HTTP/1.1" status: 204 len: 173 time: 0.3727136
2026-07-24 01:12:43.626 10 INFO neutron.notifiers.nova [-] Nova event matching ['req-92d0a6dc-ca88-4158-b7a5-8bb6c63c9dd1'] response: {'server_uuid': '5fec122d-a9c2-4711-af1e-47204f8d002e', 'name': 'network-vif-deleted', 'tag': 'e10b92ea-c665-4533-a82f-ae005f2644f5', 'status': 'completed', 'code': 200}
2026-07-24 01:12:43.638 10 INFO neutron.db.l3_db [None req-6bf535b3-d33f-420f-9864-35cc29c6aef3 a3694ce826d4475d95ed35f0ba69984d 248afb83310c4a28bbd492a642c660f0 - - default default] Floating IP 37aa574e-92ca-4307-8fe1-c53173ff42cc disassociated (deleted). External IP: 10.96.250.213, port: 93c5ca68-1606-4721-adc2-572cc8e263d2.
2026-07-24 01:12:43.713 10 INFO neutron.wsgi [None req-6bf535b3-d33f-420f-9864-35cc29c6aef3 a3694ce826d4475d95ed35f0ba69984d 248afb83310c4a28bbd492a642c660f0 - - default default] 10.0.0.162 "DELETE /v2.0/floatingips/37aa574e-92ca-4307-8fe1-c53173ff42cc HTTP/1.1" status: 204 len: 168 time: 0.6071000 /var/lib/openstack/lib/python3.10/site-packages/pycadf/identifier.py:71: UserWarning: Invalid uuid: neutron. To ensure interoperability, identifiers should be a valid uuid. warnings.warn(('Invalid uuid: %s. To ensure interoperability, '
2026-07-24 01:12:43.741 10 INFO neutron.api.v2.resource [None req-c24c668f-e02c-4176-8682-f6062a3e896d a3694ce826d4475d95ed35f0ba69984d 248afb83310c4a28bbd492a642c660f0 - - default default] show failed (client error): The resource could not be found.
2026-07-24 01:12:43.743 10 INFO neutron.wsgi [None req-c24c668f-e02c-4176-8682-f6062a3e896d a3694ce826d4475d95ed35f0ba69984d 248afb83310c4a28bbd492a642c660f0 - - default default] 10.0.0.162 "GET /v2.0/floatingips/37aa574e-92ca-4307-8fe1-c53173ff42cc HTTP/1.1" status: 404 len: 345 time: 0.0245576 /var/lib/openstack/lib/python3.10/site-packages/pycadf/identifier.py:71: UserWarning: Invalid uuid: neutron. To ensure interoperability, identifiers should be a valid uuid. warnings.warn(('Invalid uuid: %s. To ensure interoperability, '
2026-07-24 01:12:43.952 10 INFO neutron.plugins.ml2.drivers.ovn.mech_driver.mech_driver [None req-29f8e175-0d43-4339-bf53-5e1516680da6 - - - - - -] OVN reports status down for port: 93c5ca68-1606-4721-adc2-572cc8e263d2
2026-07-24 01:12:44.064 9 INFO neutron.wsgi [req-740c77ac-1351-4943-837a-a383da7fb393 req-02a15dfd-940e-43a9-87da-35f5068c23c4 a3694ce826d4475d95ed35f0ba69984d 248afb83310c4a28bbd492a642c660f0 - - default default] 10.0.0.130 "GET /v2.0/ports?device_id=cf401f6b-c9ac-445b-b37f-8309fbe3d663 HTTP/1.1" status: 200 len: 1404 time: 0.1560044
2026-07-24 01:12:44.133 9 INFO neutron.wsgi [req-740c77ac-1351-4943-837a-a383da7fb393 req-e31c2b09-c493-4280-a840-d4d6f81c0944 a3694ce826d4475d95ed35f0ba69984d 248afb83310c4a28bbd492a642c660f0 - - default default] 10.0.0.130 "GET /v2.0/security-groups?id=8e47dab5-5d9a-43fb-9b54-d706bbf7f132&fields=id&fields=name HTTP/1.1" status: 200 len: 310 time: 0.0623791
2026-07-24 01:12:44.343 10 INFO neutron.db.ovn_revision_numbers_db [None req-29f8e175-0d43-4339-bf53-5e1516680da6 - - - - - -] Successfully bumped revision number for resource 93c5ca68-1606-4721-adc2-572cc8e263d2 (type: ports) to 5
2026-07-24 01:12:44.349 10 INFO neutron.wsgi [req-402f3b9a-4a4a-4e49-a051-b835c9e4e6ea req-06ce89a1-2ec3-4d84-88e6-80c6cb9d6a38 a3694ce826d4475d95ed35f0ba69984d 248afb83310c4a28bbd492a642c660f0 - - default default] 199.204.45.74 "GET /v2.0/ports?device_id=cf401f6b-c9ac-445b-b37f-8309fbe3d663 HTTP/1.1" status: 200 len: 1402 time: 0.1483941
2026-07-24 01:12:44.924 9 INFO neutron.notifiers.nova [-] Nova event matching ['req-13741cad-9f29-4994-9e1e-1e08f82bd5aa'] response: {'server_uuid': '5fec122d-a9c2-4711-af1e-47204f8d002e', 'name': 'network-vif-plugged', 'status': 'completed', 'tag': 'e10b92ea-c665-4533-a82f-ae005f2644f5', 'code': 200}
2026-07-24 01:12:45.023 10 INFO neutron.wsgi [req-402f3b9a-4a4a-4e49-a051-b835c9e4e6ea req-87497515-5564-4a64-a1b4-3437dc8d0ae8 a3694ce826d4475d95ed35f0ba69984d 248afb83310c4a28bbd492a642c660f0 - - default default] 199.204.45.74 "DELETE /v2.0/ports/93c5ca68-1606-4721-adc2-572cc8e263d2 HTTP/1.1" status: 204 len: 173 time: 0.6682200
