2026-07-24 01:10:27.803 9 INFO neutron.wsgi [req-91ba030e-9266-4b71-bc75-53c608f2bbc9 req-7b2acfb0-0674-4d9b-9b4f-c4896ce75503 5b1195e95bc648b98e3cd81287838f61 03e397f6b0c9450a88ac58208c027f30 - - 392ff6c0b2584d0ba60bd617569b29fb 392ff6c0b2584d0ba60bd617569b29fb] 199.204.45.74 "GET /v2.0/subnets?id=60057456-603f-4283-9f85-c9eadad6b9d3 HTTP/1.1" status: 200 len: 829 time: 0.0400980
2026-07-24 01:10:27.834 9 INFO neutron.wsgi [req-91ba030e-9266-4b71-bc75-53c608f2bbc9 req-850f31c0-2f02-4d99-aeef-c2436bc2606c 5b1195e95bc648b98e3cd81287838f61 03e397f6b0c9450a88ac58208c027f30 - - 392ff6c0b2584d0ba60bd617569b29fb 392ff6c0b2584d0ba60bd617569b29fb] 199.204.45.74 "GET /v2.0/ports?network_id=e404d35e-3ce3-4df5-83e4-c230d6c808ea&device_owner=network%3Adhcp HTTP/1.1" status: 200 len: 210 time: 0.0232644
2026-07-24 01:10:27.918 9 INFO neutron.wsgi [None req-c6a59ab1-f612-4033-9ccd-85dffc167ec2 62fae09fc55f4d6faa6cb2771886dd1f f0000d67e0dd44b3abf02eb78d769b2c - - default default] 10.0.0.162 "DELETE /v2.0/security-groups/6a44d562-7f41-4411-a785-31710f4bc048 HTTP/1.1" status: 204 len: 168 time: 0.3807638
2026-07-24 01:10:27.931 9 INFO neutron.wsgi [req-91ba030e-9266-4b71-bc75-53c608f2bbc9 req-6a092c2c-2725-4055-b6f2-0ee33baf253b 5b1195e95bc648b98e3cd81287838f61 03e397f6b0c9450a88ac58208c027f30 - - 392ff6c0b2584d0ba60bd617569b29fb 392ff6c0b2584d0ba60bd617569b29fb] 199.204.45.74 "GET /v2.0/networks/e404d35e-3ce3-4df5-83e4-c230d6c808ea?fields=segments HTTP/1.1" status: 200 len: 212 time: 0.0903807
2026-07-24 01:10:27.995 10 INFO neutron.db.ovn_revision_numbers_db [None req-fe5a53fc-5481-46d8-a417-8644eb4f4886 0311fea41db047b09f9f2554f30799f7 0493427e68d44df08fb3a01d4493eb2c - - default default] Successfully bumped revision number for resource d229d093-68aa-44b4-aa48-e6c31800ceec (type: floatingips) to 0
2026-07-24 01:10:28.005 9 INFO neutron.wsgi [req-91ba030e-9266-4b71-bc75-53c608f2bbc9 req-e0a17857-1e61-41d2-b317-4372255aa271 5b1195e95bc648b98e3cd81287838f61 03e397f6b0c9450a88ac58208c027f30 - - 392ff6c0b2584d0ba60bd617569b29fb 392ff6c0b2584d0ba60bd617569b29fb] 199.204.45.74 "GET /v2.0/networks/e404d35e-3ce3-4df5-83e4-c230d6c808ea?fields=provider%3Aphysical_network&fields=provider%3Anetwork_type HTTP/1.1" status: 200 len: 277 time: 0.0670319
2026-07-24 01:10:28.013 10 INFO neutron.wsgi [None req-fe5a53fc-5481-46d8-a417-8644eb4f4886 0311fea41db047b09f9f2554f30799f7 0493427e68d44df08fb3a01d4493eb2c - - default default] 10.0.0.162 "POST /v2.0/floatingips HTTP/1.1" status: 201 len: 751 time: 0.7715189
2026-07-24 01:10:28.027 9 WARNING neutron_lib.context [None req-37f0db76-4b73-4451-a430-81f0fb38e95a 0311fea41db047b09f9f2554f30799f7 0493427e68d44df08fb3a01d4493eb2c - - default default] Method 'is_advsvc' is deprecated since 2023.2 release (neutron-lib 3.8.0) and will be removed once support for the old RBAC API policies will be removed from Neutron. Please use method 'is_service_role' instead.
2026-07-24 01:10:28.162 10 INFO neutron.db.ovn_revision_numbers_db [None req-ebe927d3-34c2-423d-b721-cc89a8735b58 62fae09fc55f4d6faa6cb2771886dd1f f0000d67e0dd44b3abf02eb78d769b2c - - default default] Successfully bumped revision number for resource abe196af-53ff-4771-bc51-96c4ac3e6e36 (type: security_groups) to 1
2026-07-24 01:10:28.183 10 INFO neutron.db.ovn_revision_numbers_db [None req-ebe927d3-34c2-423d-b721-cc89a8735b58 62fae09fc55f4d6faa6cb2771886dd1f f0000d67e0dd44b3abf02eb78d769b2c - - default default] Successfully bumped revision number for resource 684aa2d4-a470-40dc-87b8-f78833bad3d7 (type: security_group_rules) to 0
2026-07-24 01:10:28.203 10 INFO neutron.db.ovn_revision_numbers_db [None req-ebe927d3-34c2-423d-b721-cc89a8735b58 62fae09fc55f4d6faa6cb2771886dd1f f0000d67e0dd44b3abf02eb78d769b2c - - default default] Successfully bumped revision number for resource dc3ae404-2058-42ee-b38a-a248c248b9c5 (type: security_group_rules) to 0
2026-07-24 01:10:28.221 10 INFO neutron.db.ovn_revision_numbers_db [None req-ebe927d3-34c2-423d-b721-cc89a8735b58 62fae09fc55f4d6faa6cb2771886dd1f f0000d67e0dd44b3abf02eb78d769b2c - - default default] Successfully bumped revision number for resource fb5b9b28-9819-42d7-8f3c-21b89bd31692 (type: security_group_rules) to 0
2026-07-24 01:10:28.236 10 INFO neutron.db.ovn_revision_numbers_db [None req-ebe927d3-34c2-423d-b721-cc89a8735b58 62fae09fc55f4d6faa6cb2771886dd1f f0000d67e0dd44b3abf02eb78d769b2c - - default default] Successfully bumped revision number for resource fd3b2a62-eff9-462b-8f7f-807c4d37d421 (type: security_group_rules) to 0
2026-07-24 01:10:28.259 10 INFO neutron.wsgi [None req-ebe927d3-34c2-423d-b721-cc89a8735b58 62fae09fc55f4d6faa6cb2771886dd1f f0000d67e0dd44b3abf02eb78d769b2c - - default default] 10.0.0.162 "GET /v2.0/security-groups?tenant_id=ab14caecc2f742e4a4d18afe0bcd5994&name=default HTTP/1.1" status: 200 len: 3000 time: 0.2321484
2026-07-24 01:10:28.276 9 INFO neutron.wsgi [req-9e01cd14-d7c4-427e-8bfd-d232a4867651 req-a3c61442-e10b-417e-8de5-82344b64e4c8 62fae09fc55f4d6faa6cb2771886dd1f f0000d67e0dd44b3abf02eb78d769b2c - - default default] 10.0.0.130 "GET /v2.0/ports?device_id=5fec122d-a9c2-4711-af1e-47204f8d002e HTTP/1.1" status: 200 len: 1415 time: 0.0792549
2026-07-24 01:10:28.283 9 INFO neutron.wsgi [req-bbeb7df8-7793-46d7-a951-ca71f6b1c189 req-3d6a5430-c901-486c-b05f-dc5c675bc4bd 5b1195e95bc648b98e3cd81287838f61 03e397f6b0c9450a88ac58208c027f30 - - 392ff6c0b2584d0ba60bd617569b29fb 392ff6c0b2584d0ba60bd617569b29fb] 199.204.45.74 "GET /v2.0/ports?device_id=5fec122d-a9c2-4711-af1e-47204f8d002e HTTP/1.1" status: 200 len: 1415 time: 0.0777934
2026-07-24 01:10:28.349 9 INFO neutron.wsgi [req-9e01cd14-d7c4-427e-8bfd-d232a4867651 req-50d96c03-0831-4023-bdc7-c9fa702970b4 62fae09fc55f4d6faa6cb2771886dd1f f0000d67e0dd44b3abf02eb78d769b2c - - default default] 10.0.0.130 "GET /v2.0/security-groups?id=a50364d3-e041-4d3a-aa0b-e62eb168099b&fields=id&fields=name HTTP/1.1" status: 200 len: 294 time: 0.0638566
2026-07-24 01:10:28.367 9 INFO neutron.wsgi [req-bbeb7df8-7793-46d7-a951-ca71f6b1c189 req-3131d44e-b07b-4c3b-b89d-4a8d3cb61d41 5b1195e95bc648b98e3cd81287838f61 03e397f6b0c9450a88ac58208c027f30 - - 392ff6c0b2584d0ba60bd617569b29fb 392ff6c0b2584d0ba60bd617569b29fb] 199.204.45.74 "GET /v2.0/security-groups?id=a50364d3-e041-4d3a-aa0b-e62eb168099b&fields=id&fields=name HTTP/1.1" status: 200 len: 294 time: 0.0723054
2026-07-24 01:10:28.396 9 WARNING neutron.scheduler.dhcp_agent_scheduler [None req-37f0db76-4b73-4451-a430-81f0fb38e95a 0311fea41db047b09f9f2554f30799f7 0493427e68d44df08fb3a01d4493eb2c - - default default] No more DHCP agents
2026-07-24 01:10:28.398 9 WARNING neutron.api.rpc.agentnotifiers.dhcp_rpc_agent_api [None req-37f0db76-4b73-4451-a430-81f0fb38e95a 0311fea41db047b09f9f2554f30799f7 0493427e68d44df08fb3a01d4493eb2c - - default default] Unable to schedule network 1fbc47eb-ff30-409f-aace-73c56d09cabf: no agents available; will retry on subsequent port and subnet creation events.
2026-07-24 01:10:28.476 9 INFO neutron.plugins.ml2.drivers.ovn.mech_driver.mech_driver [None req-0fa86b58-638e-483a-8b43-55a5768edc70 - - - - - -] OVN reports status up for port: e10b92ea-c665-4533-a82f-ae005f2644f5
2026-07-24 01:10:28.501 9 INFO neutron.plugins.ml2.plugin [None req-0fa86b58-638e-483a-8b43-55a5768edc70 - - - - - -] Attempt 1 to provision port e10b92ea-c665-4533-a82f-ae005f2644f5
2026-07-24 01:10:28.508 9 INFO neutron.wsgi [req-a2e8c58a-c767-49b8-ab9c-22ac49b0e858 req-010eb769-709c-430f-af76-21318c657461 62fae09fc55f4d6faa6cb2771886dd1f f0000d67e0dd44b3abf02eb78d769b2c - - default default] 10.0.0.130 "GET /v2.0/ports?device_id=5fec122d-a9c2-4711-af1e-47204f8d002e HTTP/1.1" status: 200 len: 1415 time: 0.0549939
2026-07-24 01:10:28.508 10 INFO neutron.wsgi [None req-aed913a5-2dff-4482-a795-12f980494159 62fae09fc55f4d6faa6cb2771886dd1f f0000d67e0dd44b3abf02eb78d769b2c - - default default] 10.0.0.162 "DELETE /v2.0/security-groups/abe196af-53ff-4771-bc51-96c4ac3e6e36 HTTP/1.1" status: 204 len: 168 time: 0.2428815
2026-07-24 01:10:28.895 9 INFO neutron.db.ovn_revision_numbers_db [None req-37f0db76-4b73-4451-a430-81f0fb38e95a 0311fea41db047b09f9f2554f30799f7 0493427e68d44df08fb3a01d4493eb2c - - default default] Successfully bumped revision number for resource c8f2b5c4-7b7e-4072-9051-7b215840ce64 (type: floatingips) to 0
2026-07-24 01:10:28.913 9 INFO neutron.db.ovn_revision_numbers_db [None req-0fa86b58-638e-483a-8b43-55a5768edc70 - - - - - -] Successfully bumped revision number for resource e10b92ea-c665-4533-a82f-ae005f2644f5 (type: ports) to 4
2026-07-24 01:10:28.921 9 INFO neutron.wsgi [None req-37f0db76-4b73-4451-a430-81f0fb38e95a 0311fea41db047b09f9f2554f30799f7 0493427e68d44df08fb3a01d4493eb2c - - default default] 10.0.0.162 "POST /v2.0/floatingips HTTP/1.1" status: 201 len: 751 time: 0.8998461
2026-07-24 01:10:28.932 10 WARNING neutron_lib.context [None req-e2cc20f0-4154-45b2-b2d0-01614798572f 0311fea41db047b09f9f2554f30799f7 0493427e68d44df08fb3a01d4493eb2c - - default default] Method 'is_advsvc' is deprecated since 2023.2 release (neutron-lib 3.8.0) and will be removed once support for the old RBAC API policies will be removed from Neutron. Please use method 'is_service_role' instead.
2026-07-24 01:10:29.216 10 WARNING neutron.scheduler.dhcp_agent_scheduler [None req-e2cc20f0-4154-45b2-b2d0-01614798572f 0311fea41db047b09f9f2554f30799f7 0493427e68d44df08fb3a01d4493eb2c - - default default] No more DHCP agents
2026-07-24 01:10:29.218 10 WARNING neutron.api.rpc.agentnotifiers.dhcp_rpc_agent_api [None req-e2cc20f0-4154-45b2-b2d0-01614798572f 0311fea41db047b09f9f2554f30799f7 0493427e68d44df08fb3a01d4493eb2c - - default default] Unable to schedule network 1fbc47eb-ff30-409f-aace-73c56d09cabf: no agents available; will retry on subsequent port and subnet creation events.
2026-07-24 01:10:29.371 9 INFO neutron.notifiers.nova [-] Nova event matching ['req-b45823d9-d853-40a1-90fc-e7ee2d818c4f'] response: {'server_uuid': '5fec122d-a9c2-4711-af1e-47204f8d002e', 'name': 'network-vif-plugged', 'status': 'completed', 'tag': 'e10b92ea-c665-4533-a82f-ae005f2644f5', 'code': 200}
2026-07-24 01:10:29.371 9 INFO neutron.notifiers.nova [-] Nova event matching ['req-b45823d9-d853-40a1-90fc-e7ee2d818c4f'] response: {'server_uuid': '5fec122d-a9c2-4711-af1e-47204f8d002e', 'name': 'network-vif-plugged', 'status': 'completed', 'tag': 'e10b92ea-c665-4533-a82f-ae005f2644f5', 'code': 200}
2026-07-24 01:10:29.550 10 INFO neutron.db.ovn_revision_numbers_db [None req-e2cc20f0-4154-45b2-b2d0-01614798572f 0311fea41db047b09f9f2554f30799f7 0493427e68d44df08fb3a01d4493eb2c - - default default] Successfully bumped revision number for resource 2facd68a-f62a-471c-9e0f-18205055de9f (type: floatingips) to 0
2026-07-24 01:10:29.565 10 INFO neutron.wsgi [None req-e2cc20f0-4154-45b2-b2d0-01614798572f 0311fea41db047b09f9f2554f30799f7 0493427e68d44df08fb3a01d4493eb2c - - default default] 10.0.0.162 "POST /v2.0/floatingips HTTP/1.1" status: 201 len: 751 time: 0.6389024
2026-07-24 01:10:29.577 10 WARNING neutron_lib.context [None req-f9e45351-0162-4622-850b-f645ab732969 0311fea41db047b09f9f2554f30799f7 0493427e68d44df08fb3a01d4493eb2c - - default default] Method 'is_advsvc' is deprecated since 2023.2 release (neutron-lib 3.8.0) and will be removed once support for the old RBAC API policies will be removed from Neutron. Please use method 'is_service_role' instead.
2026-07-24 01:10:29.872 10 WARNING neutron.scheduler.dhcp_agent_scheduler [None req-f9e45351-0162-4622-850b-f645ab732969 0311fea41db047b09f9f2554f30799f7 0493427e68d44df08fb3a01d4493eb2c - - default default] No more DHCP agents
2026-07-24 01:10:29.875 10 WARNING neutron.api.rpc.agentnotifiers.dhcp_rpc_agent_api [None req-f9e45351-0162-4622-850b-f645ab732969 0311fea41db047b09f9f2554f30799f7 0493427e68d44df08fb3a01d4493eb2c - - default default] Unable to schedule network 1fbc47eb-ff30-409f-aace-73c56d09cabf: no agents available; will retry on subsequent port and subnet creation events.
2026-07-24 01:10:30.255 10 INFO neutron.db.ovn_revision_numbers_db [None req-f9e45351-0162-4622-850b-f645ab732969 0311fea41db047b09f9f2554f30799f7 0493427e68d44df08fb3a01d4493eb2c - - default default] Successfully bumped revision number for resource 3acad499-e5c9-4630-8ca0-7bf87b3db77d (type: floatingips) to 0
2026-07-24 01:10:30.270 10 INFO neutron.wsgi [None req-f9e45351-0162-4622-850b-f645ab732969 0311fea41db047b09f9f2554f30799f7 0493427e68d44df08fb3a01d4493eb2c - - default default] 10.0.0.162 "POST /v2.0/floatingips HTTP/1.1" status: 201 len: 751 time: 0.6982589
2026-07-24 01:10:30.331 10 INFO neutron.wsgi [None req-74ebc201-11b9-40c5-8288-41bb1adf5cde 0311fea41db047b09f9f2554f30799f7 0493427e68d44df08fb3a01d4493eb2c - - default default] 10.0.0.162 "PUT /v2.0/floatingips/7eba17d9-7872-4516-954c-1448619dc800/tags HTTP/1.1" status: 200 len: 210 time: 0.0528867
2026-07-24 01:10:30.384 10 INFO neutron.wsgi [None req-15a3a129-c5fc-41b5-8b8a-dc54ad77c53b 0311fea41db047b09f9f2554f30799f7 0493427e68d44df08fb3a01d4493eb2c - - default default] 10.0.0.162 "PUT /v2.0/floatingips/d229d093-68aa-44b4-aa48-e6c31800ceec/tags HTTP/1.1" status: 200 len: 218 time: 0.0483341
2026-07-24 01:10:30.431 10 INFO neutron.wsgi [None req-ecf1c5f3-cc60-40c5-a1ca-62fa7f4d9648 0311fea41db047b09f9f2554f30799f7 0493427e68d44df08fb3a01d4493eb2c - - default default] 10.0.0.162 "PUT /v2.0/floatingips/c8f2b5c4-7b7e-4072-9051-7b215840ce64/tags HTTP/1.1" status: 200 len: 227 time: 0.0428038 /var/lib/openstack/lib/python3.10/site-packages/pycadf/identifier.py:71: UserWarning: Invalid uuid: neutron. To ensure interoperability, identifiers should be a valid uuid. warnings.warn(('Invalid uuid: %s. To ensure interoperability, '
2026-07-24 01:10:30.483 9 INFO neutron.wsgi [None req-ecb7b71b-4536-4358-bdfe-94dac7250060 0311fea41db047b09f9f2554f30799f7 0493427e68d44df08fb3a01d4493eb2c - - default default] 10.0.0.162 "PUT /v2.0/floatingips/2facd68a-f62a-471c-9e0f-18205055de9f/tags HTTP/1.1" status: 200 len: 212 time: 0.0468612
2026-07-24 01:10:30.569 9 INFO neutron.wsgi [None req-7af4c333-94b5-4d3b-b053-3ea813101b6c 0311fea41db047b09f9f2554f30799f7 0493427e68d44df08fb3a01d4493eb2c - - default default] 10.0.0.162 "GET /v2.0/floatingips?tags=red HTTP/1.1" status: 200 len: 1866 time: 0.0772769
2026-07-24 01:10:30.645 9 INFO neutron.wsgi [None req-9c91aa8b-fbf1-4458-a47f-c2ed98417612 0311fea41db047b09f9f2554f30799f7 0493427e68d44df08fb3a01d4493eb2c - - default default] 10.0.0.162 "GET /v2.0/floatingips?tags=red%2Cblue HTTP/1.1" status: 200 len: 1323 time: 0.0686314
2026-07-24 01:10:30.706 9 INFO neutron.wsgi [None req-88e2c985-eaaa-462a-8c69-26d98eb1abdb 0311fea41db047b09f9f2554f30799f7 0493427e68d44df08fb3a01d4493eb2c - - default default] 10.0.0.162 "GET /v2.0/floatingips?tags-any=blue HTTP/1.1" status: 200 len: 1323 time: 0.0521228
2026-07-24 01:10:30.790 10 INFO neutron.wsgi [None req-451c9bac-8de8-4a2a-9c55-46c7d468ecae 0311fea41db047b09f9f2554f30799f7 0493427e68d44df08fb3a01d4493eb2c - - default default] 10.0.0.162 "GET /v2.0/floatingips?tags-any=red%2Cblue HTTP/1.1" status: 200 len: 1866 time: 0.0781810
2026-07-24 01:10:30.854 10 INFO neutron.wsgi [None req-748e5d03-54d3-4c92-a3de-60a0ff392dc7 0311fea41db047b09f9f2554f30799f7 0493427e68d44df08fb3a01d4493eb2c - - default default] 10.0.0.162 "GET /v2.0/floatingips?not-tags=red HTTP/1.1" status: 200 len: 1295 time: 0.0586181
2026-07-24 01:10:30.919 10 INFO neutron.wsgi [None req-cc863cfd-512b-43eb-a346-f315c9e3e965 0311fea41db047b09f9f2554f30799f7 0493427e68d44df08fb3a01d4493eb2c - - default default] 10.0.0.162 "GET /v2.0/floatingips?not-tags=red%2Cblue HTTP/1.1" status: 200 len: 1838 time: 0.0595474
2026-07-24 01:10:30.986 10 INFO neutron.wsgi [None req-a1c8bb18-1514-4fd9-b7bc-70da7125cf5a 0311fea41db047b09f9f2554f30799f7 0493427e68d44df08fb3a01d4493eb2c - - default default] 10.0.0.162 "GET /v2.0/floatingips?not-tags-any=blue HTTP/1.1" status: 200 len: 1838 time: 0.0561125
2026-07-24 01:10:31.020 10 INFO neutron.wsgi [None req-66e9c808-cb9f-4732-b4f2-2e746a45011d 0311fea41db047b09f9f2554f30799f7 0493427e68d44df08fb3a01d4493eb2c - - default default] 10.0.0.162 "GET /v2.0/floatingips?not-tags-any=red%2Cblue HTTP/1.1" status: 200 len: 1295 time: 0.0274594
2026-07-24 01:10:31.590 9 INFO neutron.wsgi [req-8e4c8137-f6f5-49b4-be4c-a8857e138900 req-d1ca6b4c-33a7-4256-a9d6-aef518e27325 62fae09fc55f4d6faa6cb2771886dd1f f0000d67e0dd44b3abf02eb78d769b2c - - default default] 10.0.0.130 "GET /v2.0/ports?device_id=5fec122d-a9c2-4711-af1e-47204f8d002e HTTP/1.1" status: 200 len: 1417 time: 0.0567868
2026-07-24 01:10:31.628 10 INFO neutron.wsgi [None req-05f2da47-5e9d-4d63-b78d-17e0fbb670dd 0311fea41db047b09f9f2554f30799f7 0493427e68d44df08fb3a01d4493eb2c - - default default] 10.0.0.162 "DELETE /v2.0/floatingips/7eba17d9-7872-4516-954c-1448619dc800 HTTP/1.1" status: 204 len: 168 time: 0.6008997
2026-07-24 01:10:31.656 9 INFO neutron.wsgi [req-8e4c8137-f6f5-49b4-be4c-a8857e138900 req-9d706278-2b62-45ef-bedf-bde06dde4ff9 62fae09fc55f4d6faa6cb2771886dd1f f0000d67e0dd44b3abf02eb78d769b2c - - default default] 10.0.0.130 "GET /v2.0/security-groups?id=a50364d3-e041-4d3a-aa0b-e62eb168099b&fields=id&fields=name HTTP/1.1" status: 200 len: 294 time: 0.0602293
2026-07-24 01:10:31.764 9 INFO neutron.wsgi [req-441644de-c414-415e-b95b-8a7702a4d2a0 req-c0fbd1e1-029c-4362-8b57-8e4af4d6d79e 62fae09fc55f4d6faa6cb2771886dd1f f0000d67e0dd44b3abf02eb78d769b2c - - default default] 10.0.0.130 "GET /v2.0/ports?device_id=5fec122d-a9c2-4711-af1e-47204f8d002e HTTP/1.1" status: 200 len: 1417 time: 0.0398574
2026-07-24 01:10:32.006 10 INFO neutron.wsgi [None req-6a0fecc9-9c36-40c1-9140-11ba1511362c 0311fea41db047b09f9f2554f30799f7 0493427e68d44df08fb3a01d4493eb2c - - default default] 10.0.0.162 "DELETE /v2.0/floatingips/d229d093-68aa-44b4-aa48-e6c31800ceec HTTP/1.1" status: 204 len: 168 time: 0.3723047
2026-07-24 01:10:32.370 10 INFO neutron.wsgi [None req-123ba934-f23e-4776-b074-ab88174b4edd 0311fea41db047b09f9f2554f30799f7 0493427e68d44df08fb3a01d4493eb2c - - default default] 10.0.0.162 "DELETE /v2.0/floatingips/c8f2b5c4-7b7e-4072-9051-7b215840ce64 HTTP/1.1" status: 204 len: 168 time: 0.3562193
2026-07-24 01:10:32.733 10 INFO neutron.wsgi [None req-33a135cb-e063-42d2-97dd-39f207965d31 0311fea41db047b09f9f2554f30799f7 0493427e68d44df08fb3a01d4493eb2c - - default default] 10.0.0.162 "DELETE /v2.0/floatingips/2facd68a-f62a-471c-9e0f-18205055de9f HTTP/1.1" status: 204 len: 168 time: 0.3565922
2026-07-24 01:10:33.106 10 INFO neutron.wsgi [None req-57591e37-38f8-4932-bf88-d619f6a977c9 0311fea41db047b09f9f2554f30799f7 0493427e68d44df08fb3a01d4493eb2c - - default default] 10.0.0.162 "DELETE /v2.0/floatingips/3acad499-e5c9-4630-8ca0-7bf87b3db77d HTTP/1.1" status: 204 len: 168 time: 0.3684998
2026-07-24 01:10:33.608 9 INFO neutron.wsgi [req-df84dac9-a248-4f34-a7cf-397212df1fda req-22e8be8f-2616-406a-bfed-8b930e07c771 5b1195e95bc648b98e3cd81287838f61 03e397f6b0c9450a88ac58208c027f30 - - 392ff6c0b2584d0ba60bd617569b29fb 392ff6c0b2584d0ba60bd617569b29fb] 199.204.45.74 "GET /v2.0/ports?device_id=15f68ccd-b535-4447-a82e-8744dd768934&fields=binding%3Ahost_id&fields=binding%3Avif_type HTTP/1.1" status: 200 len: 265 time: 0.0556676
2026-07-24 01:10:33.718 9 INFO neutron.wsgi [req-df84dac9-a248-4f34-a7cf-397212df1fda req-ad35eba6-39d0-40cb-ae15-ca8cf20dda37 5b1195e95bc648b98e3cd81287838f61 03e397f6b0c9450a88ac58208c027f30 - - 392ff6c0b2584d0ba60bd617569b29fb 392ff6c0b2584d0ba60bd617569b29fb] 199.204.45.74 "GET /v2.0/ports?tenant_id=248afb83310c4a28bbd492a642c660f0&device_id=15f68ccd-b535-4447-a82e-8744dd768934 HTTP/1.1" status: 200 len: 1638 time: 0.0387859
2026-07-24 01:10:33.856 9 INFO neutron.wsgi [req-df84dac9-a248-4f34-a7cf-397212df1fda req-ccc10d07-4b08-47e1-9d1b-055e7e3640ff 5b1195e95bc648b98e3cd81287838f61 03e397f6b0c9450a88ac58208c027f30 - - 392ff6c0b2584d0ba60bd617569b29fb 392ff6c0b2584d0ba60bd617569b29fb] 199.204.45.74 "GET /v2.0/networks?id=f72ba205-003e-4b68-ab72-9a14ccb2b987 HTTP/1.1" status: 200 len: 1003 time: 0.1137123
2026-07-24 01:10:33.931 9 INFO neutron.wsgi [req-df84dac9-a248-4f34-a7cf-397212df1fda req-22cf2024-777d-4e92-bae3-3d59bea0a9a3 5b1195e95bc648b98e3cd81287838f61 03e397f6b0c9450a88ac58208c027f30 - - 392ff6c0b2584d0ba60bd617569b29fb 392ff6c0b2584d0ba60bd617569b29fb] 199.204.45.74 "GET /v2.0/floatingips?fixed_ip_address=10.2.1.128&port_id=ca56a986-d2b1-4889-944f-2414ea60d9b0 HTTP/1.1" status: 200 len: 1059 time: 0.0671263
2026-07-24 01:10:33.993 9 INFO neutron.wsgi [None req-e70f2ad8-ee9a-4bb2-934f-62a1d4dad12f 62fae09fc55f4d6faa6cb2771886dd1f f0000d67e0dd44b3abf02eb78d769b2c - - default default] 10.0.0.178 "GET /v2.0/network-ip-availabilities HTTP/1.1" status: 200 len: 3361 time: 0.3947866
2026-07-24 01:10:34.005 9 INFO neutron.wsgi [req-df84dac9-a248-4f34-a7cf-397212df1fda req-4cce203b-235e-4fef-a5b5-fbc7249115de 5b1195e95bc648b98e3cd81287838f61 03e397f6b0c9450a88ac58208c027f30 - - 392ff6c0b2584d0ba60bd617569b29fb 392ff6c0b2584d0ba60bd617569b29fb] 199.204.45.74 "GET /v2.0/floatingips?fixed_ip_address=fd7b%3Af9f7%3Afff%3A4eca%3A%3A3a9&port_id=ca56a986-d2b1-4889-944f-2414ea60d9b0 HTTP/1.1" status: 200 len: 217 time: 0.0655320
2026-07-24 01:10:34.068 9 INFO neutron.wsgi [None req-2f688a19-c82a-4440-8da8-85e3352258e8 62fae09fc55f4d6faa6cb2771886dd1f f0000d67e0dd44b3abf02eb78d769b2c - - default default] 10.0.0.178 "GET /v2.0/subnets HTTP/1.1" status: 200 len: 5494 time: 0.0734282
2026-07-24 01:10:34.093 9 INFO neutron.wsgi [None req-66399e8e-c28a-48de-9f18-da5ff47c16e9 62fae09fc55f4d6faa6cb2771886dd1f f0000d67e0dd44b3abf02eb78d769b2c - - default default] 10.0.0.178 "GET /v2.0/subnetpools HTTP/1.1" status: 200 len: 193 time: 0.0221224
2026-07-24 01:10:34.107 9 INFO neutron.wsgi [req-df84dac9-a248-4f34-a7cf-397212df1fda req-657f9ebd-4db6-4250-a274-ee79cc4697ef 5b1195e95bc648b98e3cd81287838f61 03e397f6b0c9450a88ac58208c027f30 - - 392ff6c0b2584d0ba60bd617569b29fb 392ff6c0b2584d0ba60bd617569b29fb] 199.204.45.74 "GET /v2.0/subnets?id=248017a3-e3dd-4d8e-822b-118f260d7882&id=1531db31-acb9-4814-92c8-7b541f7f9deb HTTP/1.1" status: 200 len: 1561 time: 0.0922723
2026-07-24 01:10:34.157 9 INFO neutron.wsgi [req-df84dac9-a248-4f34-a7cf-397212df1fda req-c00ec110-d6f6-44d0-9fb6-7db658099ab7 5b1195e95bc648b98e3cd81287838f61 03e397f6b0c9450a88ac58208c027f30 - - 392ff6c0b2584d0ba60bd617569b29fb 392ff6c0b2584d0ba60bd617569b29fb] 199.204.45.74 "GET /v2.0/ports?network_id=f72ba205-003e-4b68-ab72-9a14ccb2b987&device_owner=network%3Adhcp HTTP/1.1" status: 200 len: 210 time: 0.0419381
2026-07-24 01:10:34.216 9 INFO neutron.wsgi [req-df84dac9-a248-4f34-a7cf-397212df1fda req-e0896113-a4ac-4318-ada2-77cbfadbc5fe 5b1195e95bc648b98e3cd81287838f61 03e397f6b0c9450a88ac58208c027f30 - - 392ff6c0b2584d0ba60bd617569b29fb 392ff6c0b2584d0ba60bd617569b29fb] 199.204.45.74 "GET /v2.0/ports?network_id=f72ba205-003e-4b68-ab72-9a14ccb2b987&device_owner=network%3Adhcp HTTP/1.1" status: 200 len: 210 time: 0.0517275
2026-07-24 01:10:34.257 9 INFO neutron.wsgi [None req-b24cc5b0-5aa1-4a1d-aa71-94142b39a8ba 62fae09fc55f4d6faa6cb2771886dd1f f0000d67e0dd44b3abf02eb78d769b2c - - default default] 10.0.0.178 "GET /v2.0/security-groups HTTP/1.1" status: 200 len: 29062 time: 0.1634560
2026-07-24 01:10:34.345 9 INFO neutron.wsgi [req-df84dac9-a248-4f34-a7cf-397212df1fda req-3e14ff34-47bc-46fa-bef3-cc6e362fb851 5b1195e95bc648b98e3cd81287838f61 03e397f6b0c9450a88ac58208c027f30 - - 392ff6c0b2584d0ba60bd617569b29fb 392ff6c0b2584d0ba60bd617569b29fb] 199.204.45.74 "GET /v2.0/networks/f72ba205-003e-4b68-ab72-9a14ccb2b987?fields=segments HTTP/1.1" status: 200 len: 212 time: 0.1225021
2026-07-24 01:10:34.352 10 INFO neutron.db.ovn_revision_numbers_db [None req-a552cef8-b8b1-4d9e-8c0a-6793523d413c 62fae09fc55f4d6faa6cb2771886dd1f f0000d67e0dd44b3abf02eb78d769b2c - - default default] Successfully bumped revision number for resource d17c5fef-052f-4cde-8e68-92ba4900df91 (type: security_groups) to 1
2026-07-24 01:10:34.357 9 INFO neutron.wsgi [None req-39ab8ac2-07b4-4d18-92b2-bff6edd882db 62fae09fc55f4d6faa6cb2771886dd1f f0000d67e0dd44b3abf02eb78d769b2c - - default default] 10.0.0.178 "GET /v2.0/subnets HTTP/1.1" status: 200 len: 5494 time: 0.0910912
2026-07-24 01:10:34.367 10 INFO neutron.db.ovn_revision_numbers_db [None req-a552cef8-b8b1-4d9e-8c0a-6793523d413c 62fae09fc55f4d6faa6cb2771886dd1f f0000d67e0dd44b3abf02eb78d769b2c - - default default] Successfully bumped revision number for resource 00d33e45-f221-4282-9f10-c592c68a6066 (type: security_group_rules) to 0
2026-07-24 01:10:34.387 10 INFO neutron.db.ovn_revision_numbers_db [None req-a552cef8-b8b1-4d9e-8c0a-6793523d413c 62fae09fc55f4d6faa6cb2771886dd1f f0000d67e0dd44b3abf02eb78d769b2c - - default default] Successfully bumped revision number for resource 6e96ad55-0b8a-40b5-9d28-244585b6473b (type: security_group_rules) to 0
2026-07-24 01:10:34.403 10 INFO neutron.db.ovn_revision_numbers_db [None req-a552cef8-b8b1-4d9e-8c0a-6793523d413c 62fae09fc55f4d6faa6cb2771886dd1f f0000d67e0dd44b3abf02eb78d769b2c - - default default] Successfully bumped revision number for resource 7953ecef-e3df-4d78-a15e-230a2be1ddb2 (type: security_group_rules) to 0
2026-07-24 01:10:34.415 10 INFO neutron.db.ovn_revision_numbers_db [None req-a552cef8-b8b1-4d9e-8c0a-6793523d413c 62fae09fc55f4d6faa6cb2771886dd1f f0000d67e0dd44b3abf02eb78d769b2c - - default default] Successfully bumped revision number for resource b5f607cf-65dd-45ec-ae31-f94161367e34 (type: security_group_rules) to 0
2026-07-24 01:10:34.434 9 INFO neutron.wsgi [None req-382cee1a-38e3-4f6a-ab38-f229ee10f640 62fae09fc55f4d6faa6cb2771886dd1f f0000d67e0dd44b3abf02eb78d769b2c - - default default] 10.0.0.178 "GET /v2.0/floatingips HTTP/1.1" status: 200 len: 1879 time: 0.0755026
2026-07-24 01:10:34.441 10 INFO neutron.wsgi [None req-a552cef8-b8b1-4d9e-8c0a-6793523d413c 62fae09fc55f4d6faa6cb2771886dd1f f0000d67e0dd44b3abf02eb78d769b2c - - default default] 10.0.0.162 "GET /v2.0/security-groups?tenant_id=0493427e68d44df08fb3a01d4493eb2c&name=default HTTP/1.1" status: 200 len: 3000 time: 0.3451591
2026-07-24 01:10:34.475 9 INFO neutron.wsgi [req-df84dac9-a248-4f34-a7cf-397212df1fda req-83fc70d5-7af5-4d20-b5ad-0ae60f79032d 5b1195e95bc648b98e3cd81287838f61 03e397f6b0c9450a88ac58208c027f30 - - 392ff6c0b2584d0ba60bd617569b29fb 392ff6c0b2584d0ba60bd617569b29fb] 199.204.45.74 "GET /v2.0/networks/f72ba205-003e-4b68-ab72-9a14ccb2b987?fields=provider%3Aphysical_network&fields=provider%3Anetwork_type HTTP/1.1" status: 200 len: 277 time: 0.1179321
2026-07-24 01:10:34.826 9 INFO neutron.wsgi [None req-494bc7aa-1a06-45c6-97e9-00712eb14315 62fae09fc55f4d6faa6cb2771886dd1f f0000d67e0dd44b3abf02eb78d769b2c - - default default] 10.0.0.178 "GET /v2.0/networks HTTP/1.1" status: 200 len: 4720 time: 0.3867581
2026-07-24 01:10:34.933 9 INFO neutron.wsgi [None req-99cc1b09-6127-45cf-aa63-84b9d0ee3fd9 62fae09fc55f4d6faa6cb2771886dd1f f0000d67e0dd44b3abf02eb78d769b2c - - default default] 10.0.0.178 "GET /v2.0/ports HTTP/1.1" status: 200 len: 19909 time: 0.1021180
2026-07-24 01:10:35.054 9 INFO neutron.wsgi [None req-d65a179f-196e-4c09-8335-9a017f2ae87d 62fae09fc55f4d6faa6cb2771886dd1f f0000d67e0dd44b3abf02eb78d769b2c - - default default] 10.0.0.178 "GET /v2.0/routers HTTP/1.1" status: 200 len: 850 time: 0.1072021
2026-07-24 01:10:35.077 9 INFO neutron.wsgi [None req-061618e3-8855-4176-a292-399293f2de31 62fae09fc55f4d6faa6cb2771886dd1f f0000d67e0dd44b3abf02eb78d769b2c - - default default] 10.0.0.178 "GET /v2.0/agents?binary=ovn-controller HTTP/1.1" status: 200 len: 591 time: 0.0208845
2026-07-24 01:10:35.092 9 INFO neutron.wsgi [None req-91455de9-0422-4b3b-9b69-f6c9cd7dab71 62fae09fc55f4d6faa6cb2771886dd1f f0000d67e0dd44b3abf02eb78d769b2c - - default default] 10.0.0.178 "GET /v2.0/agents HTTP/1.1" status: 200 len: 997 time: 0.0135968
2026-07-24 01:10:35.150 9 INFO neutron.wsgi [None req-e6f07b0f-ac1a-42e5-b723-2c69da4230b6 62fae09fc55f4d6faa6cb2771886dd1f f0000d67e0dd44b3abf02eb78d769b2c - - default default] 10.0.0.162 "DELETE /v2.0/security-groups/d17c5fef-052f-4cde-8e68-92ba4900df91 HTTP/1.1" status: 204 len: 168 time: 0.6972315
2026-07-24 01:10:35.368 10 INFO neutron.db.ovn_revision_numbers_db [None req-b5e481aa-cc26-4097-aaca-7379b0129bed 62fae09fc55f4d6faa6cb2771886dd1f f0000d67e0dd44b3abf02eb78d769b2c - - default default] Successfully bumped revision number for resource e1a44683-2736-49e6-a125-992e999277e1 (type: security_groups) to 1
2026-07-24 01:10:35.385 10 INFO neutron.db.ovn_revision_numbers_db [None req-b5e481aa-cc26-4097-aaca-7379b0129bed 62fae09fc55f4d6faa6cb2771886dd1f f0000d67e0dd44b3abf02eb78d769b2c - - default default] Successfully bumped revision number for resource 187232cb-c1b4-44d8-be72-a1a414b2a8fe (type: security_group_rules) to 0
2026-07-24 01:10:35.400 10 INFO neutron.db.ovn_revision_numbers_db [None req-b5e481aa-cc26-4097-aaca-7379b0129bed 62fae09fc55f4d6faa6cb2771886dd1f f0000d67e0dd44b3abf02eb78d769b2c - - default default] Successfully bumped revision number for resource 4f056c59-0107-4f66-adef-98bc61e66ba3 (type: security_group_rules) to 0
2026-07-24 01:10:35.416 10 INFO neutron.db.ovn_revision_numbers_db [None req-b5e481aa-cc26-4097-aaca-7379b0129bed 62fae09fc55f4d6faa6cb2771886dd1f f0000d67e0dd44b3abf02eb78d769b2c - - default default] Successfully bumped revision number for resource 54fe86b9-0455-4198-b2c1-0afac2a2eacd (type: security_group_rules) to 0
2026-07-24 01:10:35.433 10 INFO neutron.db.ovn_revision_numbers_db [None req-b5e481aa-cc26-4097-aaca-7379b0129bed 62fae09fc55f4d6faa6cb2771886dd1f f0000d67e0dd44b3abf02eb78d769b2c - - default default] Successfully bumped revision number for resource ca4ce6b2-c209-4e41-a1ca-addb439b2e0c (type: security_group_rules) to 0
2026-07-24 01:10:35.458 10 INFO neutron.wsgi [None req-b5e481aa-cc26-4097-aaca-7379b0129bed 62fae09fc55f4d6faa6cb2771886dd1f f0000d67e0dd44b3abf02eb78d769b2c - - default default] 10.0.0.162 "GET /v2.0/security-groups?tenant_id=91ab2523177d40c7868f8cd928118c52&name=default HTTP/1.1" status: 200 len: 3000 time: 0.2070773
2026-07-24 01:10:35.671 10 INFO neutron.wsgi [None req-5e63a1fe-27ad-4110-8129-480e8705420b 62fae09fc55f4d6faa6cb2771886dd1f f0000d67e0dd44b3abf02eb78d769b2c - - default default] 10.0.0.162 "DELETE /v2.0/security-groups/e1a44683-2736-49e6-a125-992e999277e1 HTTP/1.1" status: 204 len: 168 time: 0.2074428
2026-07-24 01:10:35.983 10 INFO neutron.db.ovn_revision_numbers_db [None req-e59e38ee-4fec-4ae1-b9b5-5fd67e97fc72 62fae09fc55f4d6faa6cb2771886dd1f f0000d67e0dd44b3abf02eb78d769b2c - - default default] Successfully bumped revision number for resource d6f61527-030c-4e29-b5bf-98e1914656fe (type: security_groups) to 1
2026-07-24 01:10:36.002 10 INFO neutron.db.ovn_revision_numbers_db [None req-e59e38ee-4fec-4ae1-b9b5-5fd67e97fc72 62fae09fc55f4d6faa6cb2771886dd1f f0000d67e0dd44b3abf02eb78d769b2c - - default default] Successfully bumped revision number for resource 15f1c181-a165-4dc8-bbe2-9aeff8e57e1b (type: security_group_rules) to 0
2026-07-24 01:10:36.021 10 INFO neutron.db.ovn_revision_numbers_db [None req-e59e38ee-4fec-4ae1-b9b5-5fd67e97fc72 62fae09fc55f4d6faa6cb2771886dd1f f0000d67e0dd44b3abf02eb78d769b2c - - default default] Successfully bumped revision number for resource 2a888674-ac6e-4dad-8fde-68ae82bc3f1d (type: security_group_rules) to 0
2026-07-24 01:10:36.046 10 INFO neutron.db.ovn_revision_numbers_db [None req-e59e38ee-4fec-4ae1-b9b5-5fd67e97fc72 62fae09fc55f4d6faa6cb2771886dd1f f0000d67e0dd44b3abf02eb78d769b2c - - default default] Successfully bumped revision number for resource f5d24d38-2711-4e76-a502-f416c220bea5 (type: security_group_rules) to 0
2026-07-24 01:10:36.065 10 INFO neutron.db.ovn_revision_numbers_db [None req-e59e38ee-4fec-4ae1-b9b5-5fd67e97fc72 62fae09fc55f4d6faa6cb2771886dd1f f0000d67e0dd44b3abf02eb78d769b2c - - default default] Successfully bumped revision number for resource fd390f7a-4ecb-4cd4-a246-b0222498d526 (type: security_group_rules) to 0
2026-07-24 01:10:36.091 10 INFO neutron.wsgi [None req-e59e38ee-4fec-4ae1-b9b5-5fd67e97fc72 62fae09fc55f4d6faa6cb2771886dd1f f0000d67e0dd44b3abf02eb78d769b2c - - default default] 10.0.0.162 "GET /v2.0/security-groups?tenant_id=dc78342244894210b83334222aee107b&name=default HTTP/1.1" status: 200 len: 3000 time: 0.2483985
2026-07-24 01:10:36.305 10 INFO neutron.wsgi [None req-5fa3b64b-4f40-4c64-9474-4aedbe59cf6a 62fae09fc55f4d6faa6cb2771886dd1f f0000d67e0dd44b3abf02eb78d769b2c - - default default] 10.0.0.162 "DELETE /v2.0/security-groups/d6f61527-030c-4e29-b5bf-98e1914656fe HTTP/1.1" status: 204 len: 168 time: 0.2075016
2026-07-24 01:10:38.808 9 INFO neutron.wsgi [-] 10.0.0.128 "GET / HTTP/1.1" status: 200 len: 247 time: 0.0025790
2026-07-24 01:10:38.811 9 INFO neutron.wsgi [-] 10.0.0.128 "GET / HTTP/1.1" status: 200 len: 247 time: 0.0013218
2026-07-24 01:10:41.059 10 WARNING neutron_lib.context [None req-b00fdb2b-5427-4946-aebf-a6070e6b8995 08c27599b5eb4049945eb8a35898e34f ceddc36090de4d6095048592316f2f9a - - default default] Method 'is_advsvc' is deprecated since 2023.2 release (neutron-lib 3.8.0) and will be removed once support for the old RBAC API policies will be removed from Neutron. Please use method 'is_service_role' instead.
2026-07-24 01:10:41.201 10 INFO neutron.db.ovn_revision_numbers_db [None req-b00fdb2b-5427-4946-aebf-a6070e6b8995 08c27599b5eb4049945eb8a35898e34f ceddc36090de4d6095048592316f2f9a - - default default] Successfully bumped revision number for resource d2f2bd4f-e4ad-483e-ba17-7d221316715d (type: security_groups) to 1
2026-07-24 01:10:41.218 10 INFO neutron.db.ovn_revision_numbers_db [None req-b00fdb2b-5427-4946-aebf-a6070e6b8995 08c27599b5eb4049945eb8a35898e34f ceddc36090de4d6095048592316f2f9a - - default default] Successfully bumped revision number for resource 0352a7a6-c058-4f00-95c6-aed4a97904be (type: security_group_rules) to 0
2026-07-24 01:10:41.235 10 INFO neutron.db.ovn_revision_numbers_db [None req-b00fdb2b-5427-4946-aebf-a6070e6b8995 08c27599b5eb4049945eb8a35898e34f ceddc36090de4d6095048592316f2f9a - - default default] Successfully bumped revision number for resource 5b18907e-cb27-47ae-b33f-572eff5b6f3f (type: security_group_rules) to 0
2026-07-24 01:10:41.250 10 INFO neutron.db.ovn_revision_numbers_db [None req-b00fdb2b-5427-4946-aebf-a6070e6b8995 08c27599b5eb4049945eb8a35898e34f ceddc36090de4d6095048592316f2f9a - - default default] Successfully bumped revision number for resource ae5e0c59-08ef-4446-8ab9-ec77c654f057 (type: security_group_rules) to 0
2026-07-24 01:10:41.267 10 INFO neutron.db.ovn_revision_numbers_db [None req-b00fdb2b-5427-4946-aebf-a6070e6b8995 08c27599b5eb4049945eb8a35898e34f ceddc36090de4d6095048592316f2f9a - - default default] Successfully bumped revision number for resource f9e0e1e3-a973-4851-a637-7426d0526e3a (type: security_group_rules) to 0
2026-07-24 01:10:41.316 10 INFO neutron.db.segments_db [None req-b00fdb2b-5427-4946-aebf-a6070e6b8995 08c27599b5eb4049945eb8a35898e34f ceddc36090de4d6095048592316f2f9a - - default default] Added segment f616bba5-644d-4f33-bcac-598a47b4ddc3 of type geneve for network b0ca19d3-a5f3-4f8e-b61a-26aab476a156
2026-07-24 01:10:41.478 10 INFO neutron.db.ovn_revision_numbers_db [None req-b00fdb2b-5427-4946-aebf-a6070e6b8995 08c27599b5eb4049945eb8a35898e34f ceddc36090de4d6095048592316f2f9a - - default default] Successfully bumped revision number for resource b0ca19d3-a5f3-4f8e-b61a-26aab476a156 (type: networks) to 1
2026-07-24 01:10:41.680 10 WARNING neutron.scheduler.dhcp_agent_scheduler [None req-b00fdb2b-5427-4946-aebf-a6070e6b8995 08c27599b5eb4049945eb8a35898e34f ceddc36090de4d6095048592316f2f9a - - default default] No more DHCP agents
2026-07-24 01:10:41.683 10 WARNING neutron.api.rpc.agentnotifiers.dhcp_rpc_agent_api [None req-b00fdb2b-5427-4946-aebf-a6070e6b8995 08c27599b5eb4049945eb8a35898e34f ceddc36090de4d6095048592316f2f9a - - default default] Unable to schedule network b0ca19d3-a5f3-4f8e-b61a-26aab476a156: no agents available; will retry on subsequent port and subnet creation events.
2026-07-24 01:10:41.789 10 INFO neutron.db.ovn_revision_numbers_db [None req-b00fdb2b-5427-4946-aebf-a6070e6b8995 08c27599b5eb4049945eb8a35898e34f ceddc36090de4d6095048592316f2f9a - - default default] Successfully bumped revision number for resource 03567f88-6436-44c7-95c6-dd8e09a186a3 (type: ports) to 1
2026-07-24 01:10:41.821 10 INFO neutron.wsgi [None req-b00fdb2b-5427-4946-aebf-a6070e6b8995 08c27599b5eb4049945eb8a35898e34f ceddc36090de4d6095048592316f2f9a - - default default] 10.0.0.162 "POST /v2.0/networks HTTP/1.1" status: 201 len: 831 time: 0.9353623
2026-07-24 01:10:41.840 10 WARNING neutron_lib.context [None req-a8afffc7-68de-4322-87f9-9183e159ac2b 08c27599b5eb4049945eb8a35898e34f ceddc36090de4d6095048592316f2f9a - - default default] Method 'is_advsvc' is deprecated since 2023.2 release (neutron-lib 3.8.0) and will be removed once support for the old RBAC API policies will be removed from Neutron. Please use method 'is_service_role' instead.
2026-07-24 01:10:41.918 10 INFO neutron.db.segments_db [None req-a8afffc7-68de-4322-87f9-9183e159ac2b 08c27599b5eb4049945eb8a35898e34f ceddc36090de4d6095048592316f2f9a - - default default] Added segment be840b3c-b22f-448f-a49b-f28d1ceaa7d1 of type geneve for network 0dc4863d-ad7e-4b10-917d-303ff82dba32
2026-07-24 01:10:42.081 10 INFO neutron.db.ovn_revision_numbers_db [None req-a8afffc7-68de-4322-87f9-9183e159ac2b 08c27599b5eb4049945eb8a35898e34f ceddc36090de4d6095048592316f2f9a - - default default] Successfully bumped revision number for resource 0dc4863d-ad7e-4b10-917d-303ff82dba32 (type: networks) to 1
2026-07-24 01:10:42.313 10 WARNING neutron.scheduler.dhcp_agent_scheduler [None req-a8afffc7-68de-4322-87f9-9183e159ac2b 08c27599b5eb4049945eb8a35898e34f ceddc36090de4d6095048592316f2f9a - - default default] No more DHCP agents
2026-07-24 01:10:42.316 10 WARNING neutron.api.rpc.agentnotifiers.dhcp_rpc_agent_api [None req-a8afffc7-68de-4322-87f9-9183e159ac2b 08c27599b5eb4049945eb8a35898e34f ceddc36090de4d6095048592316f2f9a - - default default] Unable to schedule network 0dc4863d-ad7e-4b10-917d-303ff82dba32: no agents available; will retry on subsequent port and subnet creation events.
2026-07-24 01:10:42.401 10 INFO neutron.db.ovn_revision_numbers_db [None req-a8afffc7-68de-4322-87f9-9183e159ac2b 08c27599b5eb4049945eb8a35898e34f ceddc36090de4d6095048592316f2f9a - - default default] Successfully bumped revision number for resource 7789dbab-e1a5-412a-945c-ae061d3e4717 (type: ports) to 1
2026-07-24 01:10:42.424 10 INFO neutron.wsgi [None req-a8afffc7-68de-4322-87f9-9183e159ac2b 08c27599b5eb4049945eb8a35898e34f ceddc36090de4d6095048592316f2f9a - - default default] 10.0.0.162 "POST /v2.0/networks HTTP/1.1" status: 201 len: 831 time: 0.5893264
2026-07-24 01:10:42.435 10 WARNING neutron_lib.context [None req-8ae91488-a074-4464-b6b2-cd139fa379ea 08c27599b5eb4049945eb8a35898e34f ceddc36090de4d6095048592316f2f9a - - default default] Method 'is_advsvc' is deprecated since 2023.2 release (neutron-lib 3.8.0) and will be removed once support for the old RBAC API policies will be removed from Neutron. Please use method 'is_service_role' instead.
2026-07-24 01:10:42.526 10 INFO neutron.db.segments_db [None req-8ae91488-a074-4464-b6b2-cd139fa379ea 08c27599b5eb4049945eb8a35898e34f ceddc36090de4d6095048592316f2f9a - - default default] Added segment 47587a68-812e-41f8-9e4a-a7a0574e2d31 of type geneve for network cce3ee35-fa9e-4076-a6dd-37b891961dfb
2026-07-24 01:10:42.682 10 INFO neutron.db.ovn_revision_numbers_db [None req-8ae91488-a074-4464-b6b2-cd139fa379ea 08c27599b5eb4049945eb8a35898e34f ceddc36090de4d6095048592316f2f9a - - default default] Successfully bumped revision number for resource cce3ee35-fa9e-4076-a6dd-37b891961dfb (type: networks) to 1
2026-07-24 01:10:42.854 10 WARNING neutron.scheduler.dhcp_agent_scheduler [None req-8ae91488-a074-4464-b6b2-cd139fa379ea 08c27599b5eb4049945eb8a35898e34f ceddc36090de4d6095048592316f2f9a - - default default] No more DHCP agents
2026-07-24 01:10:42.856 10 WARNING neutron.api.rpc.agentnotifiers.dhcp_rpc_agent_api [None req-8ae91488-a074-4464-b6b2-cd139fa379ea 08c27599b5eb4049945eb8a35898e34f ceddc36090de4d6095048592316f2f9a - - default default] Unable to schedule network cce3ee35-fa9e-4076-a6dd-37b891961dfb: no agents available; will retry on subsequent port and subnet creation events.
2026-07-24 01:10:42.985 10 INFO neutron.db.ovn_revision_numbers_db [None req-8ae91488-a074-4464-b6b2-cd139fa379ea 08c27599b5eb4049945eb8a35898e34f ceddc36090de4d6095048592316f2f9a - - default default] Successfully bumped revision number for resource 1e52df12-71d8-4acb-bd9b-30b3b50f7142 (type: ports) to 1
2026-07-24 01:10:43.011 10 INFO neutron.wsgi [None req-8ae91488-a074-4464-b6b2-cd139fa379ea 08c27599b5eb4049945eb8a35898e34f ceddc36090de4d6095048592316f2f9a - - default default] 10.0.0.162 "POST /v2.0/networks HTTP/1.1" status: 201 len: 831 time: 0.5816569
2026-07-24 01:10:43.024 10 WARNING neutron_lib.context [None req-f7ebe731-9257-4857-82f4-bf56ff8bf490 08c27599b5eb4049945eb8a35898e34f ceddc36090de4d6095048592316f2f9a - - default default] Method 'is_advsvc' is deprecated since 2023.2 release (neutron-lib 3.8.0) and will be removed once support for the old RBAC API policies will be removed from Neutron. Please use method 'is_service_role' instead.
2026-07-24 01:10:43.103 10 INFO neutron.db.segments_db [None req-f7ebe731-9257-4857-82f4-bf56ff8bf490 08c27599b5eb4049945eb8a35898e34f ceddc36090de4d6095048592316f2f9a - - default default] Added segment b9d7c29a-804f-4b50-857f-6109398292fc of type geneve for network 563042ca-5e0a-43d8-bcf0-5f2e64425f3f
2026-07-24 01:10:43.257 10 INFO neutron.db.ovn_revision_numbers_db [None req-f7ebe731-9257-4857-82f4-bf56ff8bf490 08c27599b5eb4049945eb8a35898e34f ceddc36090de4d6095048592316f2f9a - - default default] Successfully bumped revision number for resource 563042ca-5e0a-43d8-bcf0-5f2e64425f3f (type: networks) to 1
2026-07-24 01:10:43.465 10 WARNING neutron.scheduler.dhcp_agent_scheduler [None req-f7ebe731-9257-4857-82f4-bf56ff8bf490 08c27599b5eb4049945eb8a35898e34f ceddc36090de4d6095048592316f2f9a - - default default] No more DHCP agents
2026-07-24 01:10:43.467 10 WARNING neutron.api.rpc.agentnotifiers.dhcp_rpc_agent_api [None req-f7ebe731-9257-4857-82f4-bf56ff8bf490 08c27599b5eb4049945eb8a35898e34f ceddc36090de4d6095048592316f2f9a - - default default] Unable to schedule network 563042ca-5e0a-43d8-bcf0-5f2e64425f3f: no agents available; will retry on subsequent port and subnet creation events.
2026-07-24 01:10:43.564 10 INFO neutron.db.ovn_revision_numbers_db [None req-f7ebe731-9257-4857-82f4-bf56ff8bf490 08c27599b5eb4049945eb8a35898e34f ceddc36090de4d6095048592316f2f9a - - default default] Successfully bumped revision number for resource 55097376-2bcd-4cda-980f-982c3fc461aa (type: ports) to 1
2026-07-24 01:10:43.587 10 INFO neutron.wsgi [None req-f7ebe731-9257-4857-82f4-bf56ff8bf490 08c27599b5eb4049945eb8a35898e34f ceddc36090de4d6095048592316f2f9a - - default default] 10.0.0.162 "POST /v2.0/networks HTTP/1.1" status: 201 len: 830 time: 0.5688405
2026-07-24 01:10:43.598 10 WARNING neutron_lib.context [None req-79942e33-ed75-4a0d-af46-235bd2e39a29 08c27599b5eb4049945eb8a35898e34f ceddc36090de4d6095048592316f2f9a - - default default] Method 'is_advsvc' is deprecated since 2023.2 release (neutron-lib 3.8.0) and will be removed once support for the old RBAC API policies will be removed from Neutron. Please use method 'is_service_role' instead.
2026-07-24 01:10:43.681 10 INFO neutron.db.segments_db [None req-79942e33-ed75-4a0d-af46-235bd2e39a29 08c27599b5eb4049945eb8a35898e34f ceddc36090de4d6095048592316f2f9a - - default default] Added segment 1d3b7507-285e-4322-b61c-c78e72cf84d7 of type geneve for network a6880241-9f93-4ebc-94a6-3c2bbb23c84a
2026-07-24 01:10:43.838 10 INFO neutron.db.ovn_revision_numbers_db [None req-79942e33-ed75-4a0d-af46-235bd2e39a29 08c27599b5eb4049945eb8a35898e34f ceddc36090de4d6095048592316f2f9a - - default default] Successfully bumped revision number for resource a6880241-9f93-4ebc-94a6-3c2bbb23c84a (type: networks) to 1
2026-07-24 01:10:44.096 10 WARNING neutron.scheduler.dhcp_agent_scheduler [None req-79942e33-ed75-4a0d-af46-235bd2e39a29 08c27599b5eb4049945eb8a35898e34f ceddc36090de4d6095048592316f2f9a - - default default] No more DHCP agents
2026-07-24 01:10:44.098 10 WARNING neutron.api.rpc.agentnotifiers.dhcp_rpc_agent_api [None req-79942e33-ed75-4a0d-af46-235bd2e39a29 08c27599b5eb4049945eb8a35898e34f ceddc36090de4d6095048592316f2f9a - - default default] Unable to schedule network a6880241-9f93-4ebc-94a6-3c2bbb23c84a: no agents available; will retry on subsequent port and subnet creation events.
2026-07-24 01:10:44.190 10 INFO neutron.db.ovn_revision_numbers_db [None req-79942e33-ed75-4a0d-af46-235bd2e39a29 08c27599b5eb4049945eb8a35898e34f ceddc36090de4d6095048592316f2f9a - - default default] Successfully bumped revision number for resource 1a2b8351-ddb6-4ca1-94c2-f7daf83d56a1 (type: ports) to 1
2026-07-24 01:10:44.213 10 INFO neutron.wsgi [None req-79942e33-ed75-4a0d-af46-235bd2e39a29 08c27599b5eb4049945eb8a35898e34f ceddc36090de4d6095048592316f2f9a - - default default] 10.0.0.162 "POST /v2.0/networks HTTP/1.1" status: 201 len: 831 time: 0.6214397
2026-07-24 01:10:44.274 10 INFO neutron.wsgi [None req-1a7c95cc-0a7d-4528-847d-6028e2c6d7c6 08c27599b5eb4049945eb8a35898e34f ceddc36090de4d6095048592316f2f9a - - default default] 10.0.0.162 "PUT /v2.0/networks/b0ca19d3-a5f3-4f8e-b61a-26aab476a156/tags HTTP/1.1" status: 200 len: 210 time: 0.0553868
2026-07-24 01:10:44.338 10 INFO neutron.wsgi [None req-5bab5f1a-22bc-4f79-a732-a486d58504b6 08c27599b5eb4049945eb8a35898e34f ceddc36090de4d6095048592316f2f9a - - default default] 10.0.0.162 "PUT /v2.0/networks/0dc4863d-ad7e-4b10-917d-303ff82dba32/tags HTTP/1.1" status: 200 len: 218 time: 0.0571284
2026-07-24 01:10:44.412 10 INFO neutron.wsgi [None req-78dc6f24-9249-425b-b2ce-d1d81b1c1804 08c27599b5eb4049945eb8a35898e34f ceddc36090de4d6095048592316f2f9a - - default default] 10.0.0.162 "PUT /v2.0/networks/cce3ee35-fa9e-4076-a6dd-37b891961dfb/tags HTTP/1.1" status: 200 len: 227 time: 0.0695841
2026-07-24 01:10:44.470 10 INFO neutron.wsgi [None req-7003f557-2a4d-41c9-a3ab-a27fceab9346 08c27599b5eb4049945eb8a35898e34f ceddc36090de4d6095048592316f2f9a - - default default] 10.0.0.162 "PUT /v2.0/networks/563042ca-5e0a-43d8-bcf0-5f2e64425f3f/tags HTTP/1.1" status: 200 len: 212 time: 0.0536799
2026-07-24 01:10:44.567 10 INFO neutron.wsgi [None req-e7d8a318-46dd-4fa6-9d3f-88fa61e26da5 08c27599b5eb4049945eb8a35898e34f ceddc36090de4d6095048592316f2f9a - - default default] 10.0.0.162 "GET /v2.0/networks?tags=red HTTP/1.1" status: 200 len: 2070 time: 0.0916176
2026-07-24 01:10:44.677 10 INFO neutron.wsgi [None req-79b18861-88a1-4cc6-932e-af8a6f7fe863 08c27599b5eb4049945eb8a35898e34f ceddc36090de4d6095048592316f2f9a - - default default] 10.0.0.162 "GET /v2.0/networks?tags=red%2Cblue HTTP/1.1" status: 200 len: 1457 time: 0.1030161
2026-07-24 01:10:44.749 10 INFO neutron.wsgi [None req-a37226d6-3e08-4057-aafb-e1fee6ccdbb2 08c27599b5eb4049945eb8a35898e34f ceddc36090de4d6095048592316f2f9a - - default default] 10.0.0.162 "GET /v2.0/networks?tags-any=blue HTTP/1.1" status: 200 len: 1457 time: 0.0653291
2026-07-24 01:10:44.809 10 INFO neutron.wsgi [None req-8f1a86a3-a2fd-49a8-8019-716eabd6b535 08c27599b5eb4049945eb8a35898e34f ceddc36090de4d6095048592316f2f9a - - default default] 10.0.0.162 "GET /v2.0/networks?tags-any=red%2Cblue HTTP/1.1" status: 200 len: 2070 time: 0.0550005
2026-07-24 01:10:44.929 10 INFO neutron.wsgi [None req-56eb90b5-c0c3-469f-8006-d5a04fcf057b 08c27599b5eb4049945eb8a35898e34f ceddc36090de4d6095048592316f2f9a - - default default] 10.0.0.162 "GET /v2.0/networks?not-tags=red HTTP/1.1" status: 200 len: 2068 time: 0.1141007
2026-07-24 01:10:45.363 10 INFO neutron.wsgi [None req-d916ba4a-5506-43e8-b995-66fdfa2bad66 08c27599b5eb4049945eb8a35898e34f ceddc36090de4d6095048592316f2f9a - - default default] 10.0.0.162 "GET /v2.0/networks?not-tags=red%2Cblue HTTP/1.1" status: 200 len: 2681 time: 0.4291499
2026-07-24 01:10:45.508 10 INFO neutron.wsgi [None req-8bedbc50-5403-4104-85a9-f6ea48acca63 08c27599b5eb4049945eb8a35898e34f ceddc36090de4d6095048592316f2f9a - - default default] 10.0.0.162 "GET /v2.0/networks?not-tags-any=blue HTTP/1.1" status: 200 len: 2681 time: 0.1366587
2026-07-24 01:10:45.599 10 INFO neutron.wsgi [None req-4f4445af-21b4-4062-b3df-c2991cb6053d 08c27599b5eb4049945eb8a35898e34f ceddc36090de4d6095048592316f2f9a - - default default] 10.0.0.162 "GET /v2.0/networks?not-tags-any=red%2Cblue HTTP/1.1" status: 200 len: 2068 time: 0.0841672
2026-07-24 01:10:45.987 10 INFO neutron.services.segments.plugin [-] Segment f616bba5-644d-4f33-bcac-598a47b4ddc3 resource provider aggregate not found
2026-07-24 01:10:46.016 10 INFO neutron.services.segments.plugin [-] Segment f616bba5-644d-4f33-bcac-598a47b4ddc3 resource provider aggregate not found
2026-07-24 01:10:46.022 10 INFO neutron.services.segments.plugin [-] Segment f616bba5-644d-4f33-bcac-598a47b4ddc3 resource provider not found; error: Placement Client Error (4xx): {"errors": [{"status": 404, "title": "Not Found", "detail": "The resource could not be found.\n\n No resource provider with uuid f616bba5-644d-4f33-bcac-598a47b4ddc3 found for delete ", "request_id": "req-091caede-ecf4-41be-a4de-0eb9a9b879b5"}]}
2026-07-24 01:10:46.033 10 INFO neutron.services.segments.plugin [-] Segment f616bba5-644d-4f33-bcac-598a47b4ddc3 resource provider not found; error: Placement Client Error (4xx): {"errors": [{"status": 404, "title": "Not Found", "detail": "The resource could not be found.\n\n No resource provider with uuid f616bba5-644d-4f33-bcac-598a47b4ddc3 found for delete ", "request_id": "req-9f9a1afd-91f9-41f0-ba82-1dfdf0d42dd7"}]}
