2026-07-24 01:07:22.360 10 INFO neutron.wsgi [None req-ab5c5cbf-8337-433e-9794-e85b542c9f90 62fae09fc55f4d6faa6cb2771886dd1f f0000d67e0dd44b3abf02eb78d769b2c - - default default] 10.0.0.162 "DELETE /v2.0/security-groups/12e6dc52-27ae-4306-b0d1-d4c28519ef1a HTTP/1.1" status: 204 len: 168 time: 0.2113497
2026-07-24 01:07:22.530 9 INFO neutron.services.segments.plugin [-] Segment e626c661-558b-44a7-a409-4e83ec0f5697 resource provider aggregate not found
2026-07-24 01:07:22.536 9 INFO neutron.services.segments.plugin [-] Segment e626c661-558b-44a7-a409-4e83ec0f5697 resource provider aggregate not found
2026-07-24 01:07:22.555 9 INFO neutron.services.segments.plugin [-] Segment e626c661-558b-44a7-a409-4e83ec0f5697 resource provider not found; error: Placement Client Error (4xx): {"errors": [{"status": 404, "title": "Not Found", "detail": "The resource could not be found.\n\n No resource provider with uuid e626c661-558b-44a7-a409-4e83ec0f5697 found for delete ", "request_id": "req-c815433b-5547-4279-80f5-dc63111078c4"}]}
2026-07-24 01:07:22.558 9 INFO neutron.services.segments.plugin [-] Segment e626c661-558b-44a7-a409-4e83ec0f5697 resource provider not found; error: Placement Client Error (4xx): {"errors": [{"status": 404, "title": "Not Found", "detail": "The resource could not be found.\n\n No resource provider with uuid e626c661-558b-44a7-a409-4e83ec0f5697 found for delete ", "request_id": "req-132df28f-16a6-4317-a713-7bdac05b722b"}]}
2026-07-24 01:07:22.580 9 INFO neutron.wsgi [None req-6203b9e7-047c-42f3-a28a-30ff05f8cd24 41e9b5868f7146c0aebdb10174539fd6 35428aeb701445e0a64ffc7a9cd9ca18 - - default default] 10.0.0.162 "DELETE /v2.0/networks/db7a9aa5-5041-43e3-a01f-aab912e28893 HTTP/1.1" status: 204 len: 168 time: 0.4206011
2026-07-24 01:07:22.609 10 INFO neutron.db.ovn_revision_numbers_db [None req-22270399-b661-4fd0-aabe-47093cd4f095 62fae09fc55f4d6faa6cb2771886dd1f f0000d67e0dd44b3abf02eb78d769b2c - - default default] Successfully bumped revision number for resource 33759cba-0516-4501-9939-f2e10d1150a4 (type: security_groups) to 1
2026-07-24 01:07:22.636 10 INFO neutron.db.ovn_revision_numbers_db [None req-22270399-b661-4fd0-aabe-47093cd4f095 62fae09fc55f4d6faa6cb2771886dd1f f0000d67e0dd44b3abf02eb78d769b2c - - default default] Successfully bumped revision number for resource 479419a8-9275-476d-8595-39f30d509b80 (type: security_group_rules) to 0
2026-07-24 01:07:22.649 10 INFO neutron.db.ovn_revision_numbers_db [None req-22270399-b661-4fd0-aabe-47093cd4f095 62fae09fc55f4d6faa6cb2771886dd1f f0000d67e0dd44b3abf02eb78d769b2c - - default default] Successfully bumped revision number for resource 6cef0fc7-e930-4f57-8079-81f05dd6fd21 (type: security_group_rules) to 0
2026-07-24 01:07:22.668 10 INFO neutron.db.ovn_revision_numbers_db [None req-22270399-b661-4fd0-aabe-47093cd4f095 62fae09fc55f4d6faa6cb2771886dd1f f0000d67e0dd44b3abf02eb78d769b2c - - default default] Successfully bumped revision number for resource 6f0e70b0-068a-4c92-88b1-c5f81780fa1f (type: security_group_rules) to 0
2026-07-24 01:07:22.693 10 INFO neutron.db.ovn_revision_numbers_db [None req-22270399-b661-4fd0-aabe-47093cd4f095 62fae09fc55f4d6faa6cb2771886dd1f f0000d67e0dd44b3abf02eb78d769b2c - - default default] Successfully bumped revision number for resource d304579c-a6ae-4a5a-84a4-e00b06135caf (type: security_group_rules) to 0
2026-07-24 01:07:22.732 10 INFO neutron.wsgi [None req-22270399-b661-4fd0-aabe-47093cd4f095 62fae09fc55f4d6faa6cb2771886dd1f f0000d67e0dd44b3abf02eb78d769b2c - - default default] 10.0.0.162 "GET /v2.0/security-groups?tenant_id=65b2764f0ea949faa625dc6f22a708ce&name=default HTTP/1.1" status: 200 len: 2996 time: 0.2590613
2026-07-24 01:07:22.977 10 INFO neutron.wsgi [None req-8b721749-ff93-4c74-952d-9a238e14f3cc 62fae09fc55f4d6faa6cb2771886dd1f f0000d67e0dd44b3abf02eb78d769b2c - - default default] 10.0.0.162 "DELETE /v2.0/security-groups/33759cba-0516-4501-9939-f2e10d1150a4 HTTP/1.1" status: 204 len: 168 time: 0.2391145
2026-07-24 01:07:23.303 10 INFO neutron.notifiers.nova [-] Nova event matching ['req-9b5095ae-bf24-4e99-a8ff-aed02dc0835d'] response: {'server_uuid': '9eda4055-669f-4bd9-986a-96588c296b77', 'name': 'network-vif-plugged', 'status': 'completed', 'tag': '11d2a839-9ff9-495d-9778-b978786f893b', 'code': 200}
2026-07-24 01:07:23.303 10 INFO neutron.notifiers.nova [-] Nova event matching ['req-9b5095ae-bf24-4e99-a8ff-aed02dc0835d'] response: {'server_uuid': '9eda4055-669f-4bd9-986a-96588c296b77', 'name': 'network-vif-deleted', 'tag': '11d2a839-9ff9-495d-9778-b978786f893b', 'status': 'completed', 'code': 200}
2026-07-24 01:07:23.488 9 INFO neutron.wsgi [None req-2a5e62cf-6b56-4fb1-aedb-36d816770323 62fae09fc55f4d6faa6cb2771886dd1f f0000d67e0dd44b3abf02eb78d769b2c - - default default] 10.0.0.162 "GET /v2.0/security-groups?tenant_id=35428aeb701445e0a64ffc7a9cd9ca18&name=default HTTP/1.1" status: 200 len: 2996 time: 0.2913079
2026-07-24 01:07:23.809 9 INFO neutron.wsgi [-] 10.0.0.128 "GET / HTTP/1.1" status: 200 len: 247 time: 0.0025480
2026-07-24 01:07:23.812 9 INFO neutron.wsgi [-] 10.0.0.128 "GET / HTTP/1.1" status: 200 len: 247 time: 0.0021505
2026-07-24 01:07:24.082 10 INFO neutron.wsgi [None req-afa7faf3-1edd-42ff-a84e-a6f848de28ff 62fae09fc55f4d6faa6cb2771886dd1f f0000d67e0dd44b3abf02eb78d769b2c - - default default] 10.0.0.162 "DELETE /v2.0/security-groups/4bfcbca0-9a88-4c89-a51b-5df95038b336 HTTP/1.1" status: 204 len: 168 time: 0.5886292
2026-07-24 01:07:24.654 10 INFO neutron.wsgi [None req-c3fc86ab-d1a5-433f-a0a1-a38f3dfed6a1 62fae09fc55f4d6faa6cb2771886dd1f f0000d67e0dd44b3abf02eb78d769b2c - - default default] 10.0.0.162 "PUT /v2.0/routers/5999e0e7-0243-4795-a377-1a5b55264ca0/remove_router_interface HTTP/1.1" status: 200 len: 503 time: 1.3234208 /var/lib/openstack/lib/python3.10/site-packages/pycadf/identifier.py:71: UserWarning: Invalid uuid: neutron. To ensure interoperability, identifiers should be a valid uuid. warnings.warn(('Invalid uuid: %s. To ensure interoperability, '
2026-07-24 01:07:25.446 9 INFO neutron.db.ovn_revision_numbers_db [None req-9e013b79-cb6a-4c8a-9e21-4207f68a410b 62fae09fc55f4d6faa6cb2771886dd1f f0000d67e0dd44b3abf02eb78d769b2c - - default default] Successfully bumped revision number for resource e09f4696-8b11-4bc0-8a1c-1f393e92ae13 (type: security_groups) to 1
2026-07-24 01:07:25.462 9 INFO neutron.db.ovn_revision_numbers_db [None req-9e013b79-cb6a-4c8a-9e21-4207f68a410b 62fae09fc55f4d6faa6cb2771886dd1f f0000d67e0dd44b3abf02eb78d769b2c - - default default] Successfully bumped revision number for resource 145ed227-6126-47c9-85a6-824021a8ca1d (type: security_group_rules) to 0
2026-07-24 01:07:25.478 9 INFO neutron.db.ovn_revision_numbers_db [None req-9e013b79-cb6a-4c8a-9e21-4207f68a410b 62fae09fc55f4d6faa6cb2771886dd1f f0000d67e0dd44b3abf02eb78d769b2c - - default default] Successfully bumped revision number for resource 52ee8c6b-d664-4c21-af14-d489740b76c1 (type: security_group_rules) to 0
2026-07-24 01:07:25.498 9 INFO neutron.db.ovn_revision_numbers_db [None req-9e013b79-cb6a-4c8a-9e21-4207f68a410b 62fae09fc55f4d6faa6cb2771886dd1f f0000d67e0dd44b3abf02eb78d769b2c - - default default] Successfully bumped revision number for resource 79ce25a4-1cd3-4364-be97-ced9a9118148 (type: security_group_rules) to 0
2026-07-24 01:07:25.519 9 INFO neutron.db.ovn_revision_numbers_db [None req-9e013b79-cb6a-4c8a-9e21-4207f68a410b 62fae09fc55f4d6faa6cb2771886dd1f f0000d67e0dd44b3abf02eb78d769b2c - - default default] Successfully bumped revision number for resource 849db2c6-afa3-4a27-9be0-e09898c1a8f0 (type: security_group_rules) to 0
2026-07-24 01:07:25.556 9 INFO neutron.wsgi [None req-9e013b79-cb6a-4c8a-9e21-4207f68a410b 62fae09fc55f4d6faa6cb2771886dd1f f0000d67e0dd44b3abf02eb78d769b2c - - default default] 10.0.0.162 "GET /v2.0/security-groups?tenant_id=99235d0b6b6a4ea0a2b5a73665a3fcff&name=default HTTP/1.1" status: 200 len: 2996 time: 0.4451499
2026-07-24 01:07:25.638 10 INFO neutron.wsgi [None req-97a9e6a4-ef49-42a5-80c1-7cfa74f26b50 62fae09fc55f4d6faa6cb2771886dd1f f0000d67e0dd44b3abf02eb78d769b2c - - default default] 10.0.0.162 "DELETE /v2.0/routers/5999e0e7-0243-4795-a377-1a5b55264ca0 HTTP/1.1" status: 204 len: 168 time: 0.9788251
2026-07-24 01:07:25.643 9 INFO neutron.db.ovn_revision_numbers_db [None req-2d837acc-ecc6-4797-8151-672a00871e76 62fae09fc55f4d6faa6cb2771886dd1f f0000d67e0dd44b3abf02eb78d769b2c - - default default] Successfully bumped revision number for resource 37d9a378-f1ba-4b47-9532-1227f6c275f1 (type: security_groups) to 1
2026-07-24 01:07:25.678 9 INFO neutron.db.ovn_revision_numbers_db [None req-2d837acc-ecc6-4797-8151-672a00871e76 62fae09fc55f4d6faa6cb2771886dd1f f0000d67e0dd44b3abf02eb78d769b2c - - default default] Successfully bumped revision number for resource 350b3d3b-25aa-4fea-a4c0-60539ae1425f (type: security_group_rules) to 0
2026-07-24 01:07:25.692 9 INFO neutron.db.ovn_revision_numbers_db [None req-2d837acc-ecc6-4797-8151-672a00871e76 62fae09fc55f4d6faa6cb2771886dd1f f0000d67e0dd44b3abf02eb78d769b2c - - default default] Successfully bumped revision number for resource 8e4b0114-aeb9-4ac3-bf2b-462d0784d412 (type: security_group_rules) to 0
2026-07-24 01:07:25.714 9 INFO neutron.db.ovn_revision_numbers_db [None req-2d837acc-ecc6-4797-8151-672a00871e76 62fae09fc55f4d6faa6cb2771886dd1f f0000d67e0dd44b3abf02eb78d769b2c - - default default] Successfully bumped revision number for resource 91f70a6d-030b-403f-8251-0bd4094073e2 (type: security_group_rules) to 0
2026-07-24 01:07:25.731 9 INFO neutron.db.ovn_revision_numbers_db [None req-2d837acc-ecc6-4797-8151-672a00871e76 62fae09fc55f4d6faa6cb2771886dd1f f0000d67e0dd44b3abf02eb78d769b2c - - default default] Successfully bumped revision number for resource 9ee4e0d0-49d4-4748-93a8-3c2fba127a50 (type: security_group_rules) to 0
2026-07-24 01:07:25.760 9 INFO neutron.wsgi [None req-2d837acc-ecc6-4797-8151-672a00871e76 62fae09fc55f4d6faa6cb2771886dd1f f0000d67e0dd44b3abf02eb78d769b2c - - default default] 10.0.0.162 "GET /v2.0/security-groups?tenant_id=2573637a939548a6907761b128ba2e63&name=default HTTP/1.1" status: 200 len: 2996 time: 0.3731656
2026-07-24 01:07:25.868 10 INFO neutron.wsgi [None req-b4a09947-b596-4202-8f06-6cc98b741d9d 62fae09fc55f4d6faa6cb2771886dd1f f0000d67e0dd44b3abf02eb78d769b2c - - default default] 10.0.0.162 "DELETE /v2.0/subnets/e6c93fa7-6449-458d-89bb-c6a1119c6cda HTTP/1.1" status: 204 len: 168 time: 0.2231274
2026-07-24 01:07:25.886 10 INFO neutron.wsgi [None req-828d283b-4479-430e-b667-4b952227a51b 62fae09fc55f4d6faa6cb2771886dd1f f0000d67e0dd44b3abf02eb78d769b2c - - default default] 10.0.0.162 "DELETE /v2.0/security-groups/e09f4696-8b11-4bc0-8a1c-1f393e92ae13 HTTP/1.1" status: 204 len: 168 time: 0.3253999
2026-07-24 01:07:26.065 9 INFO neutron.wsgi [None req-8a3dca63-6a38-46e9-9657-c0e694de9481 62fae09fc55f4d6faa6cb2771886dd1f f0000d67e0dd44b3abf02eb78d769b2c - - default default] 10.0.0.162 "DELETE /v2.0/security-groups/37d9a378-f1ba-4b47-9532-1227f6c275f1 HTTP/1.1" status: 204 len: 168 time: 0.3014159
2026-07-24 01:07:26.332 9 INFO neutron.services.segments.plugin [-] Segment ba9dcf04-fb43-472b-9068-f7f51820787c resource provider aggregate not found
2026-07-24 01:07:26.339 9 INFO neutron.services.segments.plugin [-] Segment ba9dcf04-fb43-472b-9068-f7f51820787c resource provider aggregate not found
2026-07-24 01:07:26.357 9 INFO neutron.services.segments.plugin [-] Segment ba9dcf04-fb43-472b-9068-f7f51820787c resource provider not found; error: Placement Client Error (4xx): {"errors": [{"status": 404, "title": "Not Found", "detail": "The resource could not be found.\n\n No resource provider with uuid ba9dcf04-fb43-472b-9068-f7f51820787c found for delete ", "request_id": "req-af3fa261-f8c0-42a5-883e-3eb1563b4ee0"}]}
2026-07-24 01:07:26.375 10 WARNING neutron_lib.context [None req-7d086ec1-6739-4ba3-bc2c-f03be8b59659 07388095804f4b41880a1e5168ef792c f40f911dac974a868ef420d90022b201 - - default default] Method 'is_advsvc' is deprecated since 2023.2 release (neutron-lib 3.8.0) and will be removed once support for the old RBAC API policies will be removed from Neutron. Please use method 'is_service_role' instead.
2026-07-24 01:07:26.383 9 INFO neutron.services.segments.plugin [-] Segment ba9dcf04-fb43-472b-9068-f7f51820787c resource provider not found; error: Placement Client Error (4xx): {"errors": [{"status": 404, "title": "Not Found", "detail": "The resource could not be found.\n\n No resource provider with uuid ba9dcf04-fb43-472b-9068-f7f51820787c found for delete ", "request_id": "req-dd174fcc-a393-43d4-ade8-efea3a148133"}]}
2026-07-24 01:07:26.394 9 INFO neutron.wsgi [None req-824b5ac8-e59a-4002-9b53-1edc42656860 62fae09fc55f4d6faa6cb2771886dd1f f0000d67e0dd44b3abf02eb78d769b2c - - default default] 10.0.0.162 "DELETE /v2.0/networks/9df17fa4-3853-4a5a-8ffd-2600f697a5fb HTTP/1.1" status: 204 len: 168 time: 0.5204952
2026-07-24 01:07:26.577 10 INFO neutron.db.ovn_revision_numbers_db [None req-7d086ec1-6739-4ba3-bc2c-f03be8b59659 07388095804f4b41880a1e5168ef792c f40f911dac974a868ef420d90022b201 - - default default] Successfully bumped revision number for resource e2a9c03e-f653-489e-9178-827fad0f5dcd (type: security_groups) to 1
2026-07-24 01:07:26.591 10 INFO neutron.db.ovn_revision_numbers_db [None req-7d086ec1-6739-4ba3-bc2c-f03be8b59659 07388095804f4b41880a1e5168ef792c f40f911dac974a868ef420d90022b201 - - default default] Successfully bumped revision number for resource 409e29bf-4f35-4e31-b330-6507b815968d (type: security_group_rules) to 0
2026-07-24 01:07:26.599 9 INFO neutron.wsgi [None req-016e86d1-ff76-4cd2-b3c6-593dd49bcf84 62fae09fc55f4d6faa6cb2771886dd1f f0000d67e0dd44b3abf02eb78d769b2c - - default default] 10.0.0.162 "GET /v2.0/security-groups?tenant_id=e5d6823feb274d26b12a300f002fa778&name=default HTTP/1.1" status: 200 len: 2996 time: 0.0350010
2026-07-24 01:07:26.618 10 INFO neutron.db.ovn_revision_numbers_db [None req-7d086ec1-6739-4ba3-bc2c-f03be8b59659 07388095804f4b41880a1e5168ef792c f40f911dac974a868ef420d90022b201 - - default default] Successfully bumped revision number for resource 474fcb04-1285-4d84-a8b8-53915469d89b (type: security_group_rules) to 0
2026-07-24 01:07:26.639 10 INFO neutron.db.ovn_revision_numbers_db [None req-7d086ec1-6739-4ba3-bc2c-f03be8b59659 07388095804f4b41880a1e5168ef792c f40f911dac974a868ef420d90022b201 - - default default] Successfully bumped revision number for resource 4bd072aa-5a18-4c7b-9105-93cbfa569443 (type: security_group_rules) to 0
2026-07-24 01:07:26.659 10 INFO neutron.db.ovn_revision_numbers_db [None req-7d086ec1-6739-4ba3-bc2c-f03be8b59659 07388095804f4b41880a1e5168ef792c f40f911dac974a868ef420d90022b201 - - default default] Successfully bumped revision number for resource 735148ac-2a73-4072-a75e-5a12769068ce (type: security_group_rules) to 0
2026-07-24 01:07:26.718 10 INFO neutron.db.segments_db [None req-7d086ec1-6739-4ba3-bc2c-f03be8b59659 07388095804f4b41880a1e5168ef792c f40f911dac974a868ef420d90022b201 - - default default] Added segment 3ce83332-bd17-4f4c-be3b-829054a19618 of type geneve for network 4cada315-0b48-4978-9145-bb760047213d
2026-07-24 01:07:26.936 10 INFO neutron.wsgi [None req-2e989dd6-2ad9-490f-821d-96b8271f5131 62fae09fc55f4d6faa6cb2771886dd1f f0000d67e0dd44b3abf02eb78d769b2c - - default default] 10.0.0.162 "DELETE /v2.0/security-groups/9b3e4780-26be-47c7-bd09-82cc11f0be01 HTTP/1.1" status: 204 len: 168 time: 0.3317244
2026-07-24 01:07:26.945 10 INFO neutron.db.ovn_revision_numbers_db [None req-7d086ec1-6739-4ba3-bc2c-f03be8b59659 07388095804f4b41880a1e5168ef792c f40f911dac974a868ef420d90022b201 - - default default] Successfully bumped revision number for resource 4cada315-0b48-4978-9145-bb760047213d (type: networks) to 1
2026-07-24 01:07:27.212 10 WARNING neutron.scheduler.dhcp_agent_scheduler [None req-7d086ec1-6739-4ba3-bc2c-f03be8b59659 07388095804f4b41880a1e5168ef792c f40f911dac974a868ef420d90022b201 - - default default] No more DHCP agents
2026-07-24 01:07:27.215 10 WARNING neutron.api.rpc.agentnotifiers.dhcp_rpc_agent_api [None req-7d086ec1-6739-4ba3-bc2c-f03be8b59659 07388095804f4b41880a1e5168ef792c f40f911dac974a868ef420d90022b201 - - default default] Unable to schedule network 4cada315-0b48-4978-9145-bb760047213d: no agents available; will retry on subsequent port and subnet creation events.
2026-07-24 01:07:27.319 10 INFO neutron.db.ovn_revision_numbers_db [None req-7d086ec1-6739-4ba3-bc2c-f03be8b59659 07388095804f4b41880a1e5168ef792c f40f911dac974a868ef420d90022b201 - - default default] Successfully bumped revision number for resource 32038ac2-863b-4fec-bf70-e1b39cbf3b3a (type: ports) to 1
2026-07-24 01:07:27.344 10 INFO neutron.wsgi [None req-7d086ec1-6739-4ba3-bc2c-f03be8b59659 07388095804f4b41880a1e5168ef792c f40f911dac974a868ef420d90022b201 - - default default] 10.0.0.162 "POST /v2.0/networks HTTP/1.1" status: 201 len: 833 time: 1.2356181
2026-07-24 01:07:27.355 10 WARNING neutron_lib.context [None req-feb925dc-f0cf-494d-93ff-3bd4d44b3774 07388095804f4b41880a1e5168ef792c f40f911dac974a868ef420d90022b201 - - default default] Method 'is_advsvc' is deprecated since 2023.2 release (neutron-lib 3.8.0) and will be removed once support for the old RBAC API policies will be removed from Neutron. Please use method 'is_service_role' instead.
2026-07-24 01:07:27.446 10 INFO neutron.db.segments_db [None req-feb925dc-f0cf-494d-93ff-3bd4d44b3774 07388095804f4b41880a1e5168ef792c f40f911dac974a868ef420d90022b201 - - default default] Added segment 9e5dfe1c-3ab7-4a04-a0b2-9de0b0ff0b84 of type geneve for network c9f40189-7e88-41e0-8bdd-de3234f1a7c6
2026-07-24 01:07:27.615 10 INFO neutron.db.ovn_revision_numbers_db [None req-feb925dc-f0cf-494d-93ff-3bd4d44b3774 07388095804f4b41880a1e5168ef792c f40f911dac974a868ef420d90022b201 - - default default] Successfully bumped revision number for resource c9f40189-7e88-41e0-8bdd-de3234f1a7c6 (type: networks) to 1
2026-07-24 01:07:27.817 10 WARNING neutron.scheduler.dhcp_agent_scheduler [None req-feb925dc-f0cf-494d-93ff-3bd4d44b3774 07388095804f4b41880a1e5168ef792c f40f911dac974a868ef420d90022b201 - - default default] No more DHCP agents
2026-07-24 01:07:27.821 10 WARNING neutron.api.rpc.agentnotifiers.dhcp_rpc_agent_api [None req-feb925dc-f0cf-494d-93ff-3bd4d44b3774 07388095804f4b41880a1e5168ef792c f40f911dac974a868ef420d90022b201 - - default default] Unable to schedule network c9f40189-7e88-41e0-8bdd-de3234f1a7c6: no agents available; will retry on subsequent port and subnet creation events.
2026-07-24 01:07:27.917 10 INFO neutron.db.ovn_revision_numbers_db [None req-feb925dc-f0cf-494d-93ff-3bd4d44b3774 07388095804f4b41880a1e5168ef792c f40f911dac974a868ef420d90022b201 - - default default] Successfully bumped revision number for resource cb4cc0c0-4a8d-4719-be10-96acab89d84e (type: ports) to 1
2026-07-24 01:07:27.944 10 INFO neutron.wsgi [None req-feb925dc-f0cf-494d-93ff-3bd4d44b3774 07388095804f4b41880a1e5168ef792c f40f911dac974a868ef420d90022b201 - - default default] 10.0.0.162 "POST /v2.0/networks HTTP/1.1" status: 201 len: 833 time: 0.5936911
2026-07-24 01:07:27.955 10 WARNING neutron_lib.context [None req-325ec8ff-eac4-43cb-a657-18eb59ff5ff2 07388095804f4b41880a1e5168ef792c f40f911dac974a868ef420d90022b201 - - default default] Method 'is_advsvc' is deprecated since 2023.2 release (neutron-lib 3.8.0) and will be removed once support for the old RBAC API policies will be removed from Neutron. Please use method 'is_service_role' instead.
2026-07-24 01:07:28.087 9 WARNING neutron_lib.context [None req-f3ed2667-2a0b-499d-96b2-17eeda16ad34 08db590b786e4ad8942e8cee6cf2f120 cefc5f94e8824924b316de729b4ef0b4 - - default default] Method 'is_advsvc' is deprecated since 2023.2 release (neutron-lib 3.8.0) and will be removed once support for the old RBAC API policies will be removed from Neutron. Please use method 'is_service_role' instead.
2026-07-24 01:07:28.162 10 INFO neutron.wsgi [None req-c717f949-7a8e-49ae-b834-9157af62cab7 d12ed6d08cb343a38303f842a82e1c9b 330688f7c6674287a9823dcf7d4b394c - - default default] 10.0.0.162 "GET /v2.0/extensions HTTP/1.1" status: 200 len: 16975 time: 0.1037741
2026-07-24 01:07:28.183 9 INFO neutron.wsgi [None req-9b693f9e-9fb6-4e57-84d7-68b7e9d2c1ff d12ed6d08cb343a38303f842a82e1c9b 330688f7c6674287a9823dcf7d4b394c - - default default] 10.0.0.162 "GET /v2.0/extensions/address-group HTTP/1.1" status: 200 len: 353 time: 0.0058656
2026-07-24 01:07:28.191 9 INFO neutron.wsgi [None req-f90150f5-20e3-4d76-969d-a3e56400e593 d12ed6d08cb343a38303f842a82e1c9b 330688f7c6674287a9823dcf7d4b394c - - default default] 10.0.0.162 "GET /v2.0/extensions/address-scope HTTP/1.1" status: 200 len: 357 time: 0.0038559
2026-07-24 01:07:28.206 10 INFO neutron.wsgi [None req-17d2b673-84ce-4682-9514-961018808ea7 d12ed6d08cb343a38303f842a82e1c9b 330688f7c6674287a9823dcf7d4b394c - - default default] 10.0.0.162 "GET /v2.0/extensions/agent HTTP/1.1" status: 200 len: 347 time: 0.0116718
2026-07-24 01:07:28.216 10 INFO neutron.wsgi [None req-4143aaa0-be67-4a1e-817d-6a03d2e9cb69 d12ed6d08cb343a38303f842a82e1c9b 330688f7c6674287a9823dcf7d4b394c - - default default] 10.0.0.162 "GET /v2.0/extensions/allowed-address-pairs HTTP/1.1" status: 200 len: 378 time: 0.0046647
2026-07-24 01:07:28.227 9 INFO neutron.wsgi [None req-c3b9b341-43a3-4fa1-8717-72af80945af1 d12ed6d08cb343a38303f842a82e1c9b 330688f7c6674287a9823dcf7d4b394c - - default default] 10.0.0.162 "GET /v2.0/extensions/auto-allocated-topology HTTP/1.1" status: 200 len: 394 time: 0.0072107
2026-07-24 01:07:28.238 9 INFO neutron.wsgi [None req-380e15ec-8020-4d66-87fa-e715be512828 d12ed6d08cb343a38303f842a82e1c9b 330688f7c6674287a9823dcf7d4b394c - - default default] 10.0.0.162 "GET /v2.0/extensions/availability_zone HTTP/1.1" status: 200 len: 372 time: 0.0055938
2026-07-24 01:07:28.244 10 WARNING neutron.scheduler.dhcp_agent_scheduler [None req-325ec8ff-eac4-43cb-a657-18eb59ff5ff2 07388095804f4b41880a1e5168ef792c f40f911dac974a868ef420d90022b201 - - default default] No more DHCP agents
2026-07-24 01:07:28.247 10 WARNING neutron.api.rpc.agentnotifiers.dhcp_rpc_agent_api [None req-325ec8ff-eac4-43cb-a657-18eb59ff5ff2 07388095804f4b41880a1e5168ef792c f40f911dac974a868ef420d90022b201 - - default default] Unable to schedule network 4cada315-0b48-4978-9145-bb760047213d: no agents available; will retry on subsequent port and subnet creation events.
2026-07-24 01:07:28.247 9 INFO neutron.wsgi [None req-d6698182-8ad4-4072-bcc3-bed31b9dc192 d12ed6d08cb343a38303f842a82e1c9b 330688f7c6674287a9823dcf7d4b394c - - default default] 10.0.0.162 "GET /v2.0/extensions/default-subnetpools HTTP/1.1" status: 200 len: 405 time: 0.0055490
2026-07-24 01:07:28.248 9 INFO neutron.db.ovn_revision_numbers_db [None req-f3ed2667-2a0b-499d-96b2-17eeda16ad34 08db590b786e4ad8942e8cee6cf2f120 cefc5f94e8824924b316de729b4ef0b4 - - default default] Successfully bumped revision number for resource 255b89b9-f18e-42ea-824a-364c965361a6 (type: security_groups) to 1
2026-07-24 01:07:28.256 10 INFO neutron.wsgi [None req-ec27eee3-6aed-4633-ad7c-8f22cfe3d5b3 d12ed6d08cb343a38303f842a82e1c9b 330688f7c6674287a9823dcf7d4b394c - - default default] 10.0.0.162 "GET /v2.0/extensions/dhcp_agent_scheduler HTTP/1.1" status: 200 len: 381 time: 0.0050528
2026-07-24 01:07:28.264 9 INFO neutron.wsgi [None req-ecfe7dba-d30f-494f-81dc-be129df820f3 d12ed6d08cb343a38303f842a82e1c9b 330688f7c6674287a9823dcf7d4b394c - - default default] 10.0.0.162 "GET /v2.0/extensions/dns-integration HTTP/1.1" status: 200 len: 366 time: 0.0040283
2026-07-24 01:07:28.265 9 INFO neutron.db.ovn_revision_numbers_db [None req-f3ed2667-2a0b-499d-96b2-17eeda16ad34 08db590b786e4ad8942e8cee6cf2f120 cefc5f94e8824924b316de729b4ef0b4 - - default default] Successfully bumped revision number for resource 2165c190-9ec5-4df3-bb4e-aad429b1cd72 (type: security_group_rules) to 0
2026-07-24 01:07:28.274 9 INFO neutron.wsgi [None req-25bdcfc1-90a3-46b8-ab8d-eba412ee4724 d12ed6d08cb343a38303f842a82e1c9b 330688f7c6674287a9823dcf7d4b394c - - default default] 10.0.0.162 "GET /v2.0/extensions/dns-domain-ports HTTP/1.1" status: 200 len: 399 time: 0.0058272
2026-07-24 01:07:28.283 9 INFO neutron.wsgi [None req-786be2c0-4d0d-4cdc-b561-b53a4dac90f8 d12ed6d08cb343a38303f842a82e1c9b 330688f7c6674287a9823dcf7d4b394c - - default default] 10.0.0.162 "GET /v2.0/extensions/dns-integration-domain-keywords HTTP/1.1" status: 200 len: 477 time: 0.0045295
2026-07-24 01:07:28.286 10 INFO neutron.db.ovn_revision_numbers_db [None req-325ec8ff-eac4-43cb-a657-18eb59ff5ff2 07388095804f4b41880a1e5168ef792c f40f911dac974a868ef420d90022b201 - - default default] Successfully bumped revision number for resource 1aa911c1-b890-4100-a00d-002c00679d5c (type: subnets) to 0
2026-07-24 01:07:28.288 9 INFO neutron.db.ovn_revision_numbers_db [None req-f3ed2667-2a0b-499d-96b2-17eeda16ad34 08db590b786e4ad8942e8cee6cf2f120 cefc5f94e8824924b316de729b4ef0b4 - - default default] Successfully bumped revision number for resource 9fe31e8a-089e-4389-9c7e-4eec360f867b (type: security_group_rules) to 0
2026-07-24 01:07:28.297 10 INFO neutron.wsgi [None req-f1dec742-a918-4a77-a2a2-b2eea4eb123d d12ed6d08cb343a38303f842a82e1c9b 330688f7c6674287a9823dcf7d4b394c - - default default] 10.0.0.162 "GET /v2.0/extensions/empty-string-filtering HTTP/1.1" status: 200 len: 413 time: 0.0058916
2026-07-24 01:07:28.307 10 INFO neutron.wsgi [None req-82e66feb-4991-4e5e-9168-92741e1fca46 d12ed6d08cb343a38303f842a82e1c9b 330688f7c6674287a9823dcf7d4b394c - - default default] 10.0.0.162 "GET /v2.0/extensions/external-net HTTP/1.1" status: 200 len: 394 time: 0.0045805
2026-07-24 01:07:28.307 9 INFO neutron.db.ovn_revision_numbers_db [None req-f3ed2667-2a0b-499d-96b2-17eeda16ad34 08db590b786e4ad8942e8cee6cf2f120 cefc5f94e8824924b316de729b4ef0b4 - - default default] Successfully bumped revision number for resource af7b2e75-861a-4d34-a579-a9c3530901d0 (type: security_group_rules) to 0
2026-07-24 01:07:28.318 10 INFO neutron.wsgi [None req-520bc421-9c38-47d5-9bd2-fa5c34d8b26e d12ed6d08cb343a38303f842a82e1c9b 330688f7c6674287a9823dcf7d4b394c - - default default] 10.0.0.162 "GET /v2.0/extensions/extra_dhcp_opt HTTP/1.1" status: 200 len: 498 time: 0.0065062
2026-07-24 01:07:28.321 10 INFO neutron.wsgi [None req-325ec8ff-eac4-43cb-a657-18eb59ff5ff2 07388095804f4b41880a1e5168ef792c f40f911dac974a868ef420d90022b201 - - default default] 10.0.0.162 "POST /v2.0/subnets HTTP/1.1" status: 201 len: 821 time: 0.3708439
2026-07-24 01:07:28.332 9 INFO neutron.db.ovn_revision_numbers_db [None req-f3ed2667-2a0b-499d-96b2-17eeda16ad34 08db590b786e4ad8942e8cee6cf2f120 cefc5f94e8824924b316de729b4ef0b4 - - default default] Successfully bumped revision number for resource ebb05c63-be42-4248-8793-16b73d100875 (type: security_group_rules) to 0
2026-07-24 01:07:28.332 10 WARNING neutron_lib.context [None req-97fa9bb7-9812-449d-b2bf-f7e62fb9f5ae 07388095804f4b41880a1e5168ef792c f40f911dac974a868ef420d90022b201 - - default default] Method 'is_advsvc' is deprecated since 2023.2 release (neutron-lib 3.8.0) and will be removed once support for the old RBAC API policies will be removed from Neutron. Please use method 'is_service_role' instead.
2026-07-24 01:07:28.339 10 INFO neutron.wsgi [None req-552b8c68-6145-4f07-bd1e-9ddd04ed5781 d12ed6d08cb343a38303f842a82e1c9b 330688f7c6674287a9823dcf7d4b394c - - default default] 10.0.0.162 "GET /v2.0/extensions/extraroute HTTP/1.1" status: 200 len: 375 time: 0.0113194
2026-07-24 01:07:28.351 10 INFO neutron.wsgi [None req-635cbc67-30e9-4adb-bf92-eb04deda9568 d12ed6d08cb343a38303f842a82e1c9b 330688f7c6674287a9823dcf7d4b394c - - default default] 10.0.0.162 "GET /v2.0/extensions/filter-validation HTTP/1.1" status: 200 len: 392 time: 0.0059006
2026-07-24 01:07:28.360 9 INFO neutron.wsgi [None req-0e4f0258-3737-4fcd-af15-b07d9265774d d12ed6d08cb343a38303f842a82e1c9b 330688f7c6674287a9823dcf7d4b394c - - default default] 10.0.0.162 "GET /v2.0/extensions/floating-ip-port-forwarding-detail HTTP/1.1" status: 200 len: 465 time: 0.0044391
2026-07-24 01:07:28.369 9 INFO neutron.wsgi [None req-767f6610-1589-477d-8cc8-353a67f3f750 d12ed6d08cb343a38303f842a82e1c9b 330688f7c6674287a9823dcf7d4b394c - - default default] 10.0.0.162 "GET /v2.0/extensions/fip-port-details HTTP/1.1" status: 200 len: 406 time: 0.0044792
2026-07-24 01:07:28.378 10 INFO neutron.wsgi [None req-70530e44-adbe-401e-9753-941196026d8f d12ed6d08cb343a38303f842a82e1c9b 330688f7c6674287a9823dcf7d4b394c - - default default] 10.0.0.162 "GET /v2.0/extensions/flavors HTTP/1.1" status: 200 len: 387 time: 0.0050459
2026-07-24 01:07:28.390 9 INFO neutron.wsgi [None req-57a06a44-fc8f-4361-9e81-122c120e3763 d12ed6d08cb343a38303f842a82e1c9b 330688f7c6674287a9823dcf7d4b394c - - default default] 10.0.0.162 "GET /v2.0/extensions/floatingip-pools HTTP/1.1" status: 200 len: 382 time: 0.0051699
2026-07-24 01:07:28.406 9 INFO neutron.wsgi [None req-65940475-c16b-4979-a90b-ad5a046c086b d12ed6d08cb343a38303f842a82e1c9b 330688f7c6674287a9823dcf7d4b394c - - default default] 10.0.0.162 "GET /v2.0/extensions/ip_allocation HTTP/1.1" status: 200 len: 356 time: 0.0096273
2026-07-24 01:07:28.415 10 INFO neutron.wsgi [None req-c78e63ef-29ec-4446-96c0-e4d6eae58041 d12ed6d08cb343a38303f842a82e1c9b 330688f7c6674287a9823dcf7d4b394c - - default default] 10.0.0.162 "GET /v2.0/extensions/l2_adjacency HTTP/1.1" status: 200 len: 372 time: 0.0058258
2026-07-24 01:07:28.422 9 INFO neutron.wsgi [None req-7606d888-2070-43e1-bac7-917ec95f88e4 d12ed6d08cb343a38303f842a82e1c9b 330688f7c6674287a9823dcf7d4b394c - - default default] 10.0.0.162 "GET /v2.0/extensions/router HTTP/1.1" status: 200 len: 450 time: 0.0042226
2026-07-24 01:07:28.430 9 INFO neutron.wsgi [None req-66e51706-c655-41c2-863b-2326fdbe56d3 d12ed6d08cb343a38303f842a82e1c9b 330688f7c6674287a9823dcf7d4b394c - - default default] 10.0.0.162 "GET /v2.0/extensions/ext-gw-mode HTTP/1.1" status: 200 len: 462 time: 0.0047424
2026-07-24 01:07:28.438 9 INFO neutron.wsgi [None req-b865179e-9a98-4837-a6c5-4581611f1870 d12ed6d08cb343a38303f842a82e1c9b 330688f7c6674287a9823dcf7d4b394c - - default default] 10.0.0.162 "GET /v2.0/extensions/logging HTTP/1.1" status: 200 len: 407 time: 0.0047488
2026-07-24 01:07:28.448 9 INFO neutron.wsgi [None req-a36505ef-3bbb-408e-ba7b-fb991718572d d12ed6d08cb343a38303f842a82e1c9b 330688f7c6674287a9823dcf7d4b394c - - default default] 10.0.0.162 "GET /v2.0/extensions/multi-provider HTTP/1.1" status: 200 len: 406 time: 0.0043650
2026-07-24 01:07:28.460 9 INFO neutron.wsgi [None req-a9ab7c6c-dce5-4eed-aa52-6bc33678b30b d12ed6d08cb343a38303f842a82e1c9b 330688f7c6674287a9823dcf7d4b394c - - default default] 10.0.0.162 "GET /v2.0/extensions/net-mtu HTTP/1.1" status: 200 len: 370 time: 0.0062475
2026-07-24 01:07:28.464 9 INFO neutron.db.ovn_revision_numbers_db [None req-f3ed2667-2a0b-499d-96b2-17eeda16ad34 08db590b786e4ad8942e8cee6cf2f120 cefc5f94e8824924b316de729b4ef0b4 - - default default] Successfully bumped revision number for resource 24a6f440-6f05-475b-915f-285d8f8f50fa (type: security_groups) to 1
2026-07-24 01:07:28.472 9 INFO neutron.wsgi [None req-37c4e65d-d687-4fe8-b5ec-dd66b2e214de d12ed6d08cb343a38303f842a82e1c9b 330688f7c6674287a9823dcf7d4b394c - - default default] 10.0.0.162 "GET /v2.0/extensions/net-mtu-writable HTTP/1.1" status: 200 len: 401 time: 0.0049422
2026-07-24 01:07:28.483 9 INFO neutron.wsgi [None req-b1ad8964-dce3-4910-be27-824ee00243a8 d12ed6d08cb343a38303f842a82e1c9b 330688f7c6674287a9823dcf7d4b394c - - default default] 10.0.0.162 "GET /v2.0/extensions/network_availability_zone HTTP/1.1" status: 200 len: 394 time: 0.0056331
2026-07-24 01:07:28.488 9 INFO neutron.db.ovn_revision_numbers_db [None req-f3ed2667-2a0b-499d-96b2-17eeda16ad34 08db590b786e4ad8942e8cee6cf2f120 cefc5f94e8824924b316de729b4ef0b4 - - default default] Successfully bumped revision number for resource 420f2857-aec7-4ce9-8320-689eec6b4d6c (type: security_group_rules) to 0
2026-07-24 01:07:28.494 9 INFO neutron.wsgi [None req-f7e7c610-58df-4336-821a-9621ef7df96a d12ed6d08cb343a38303f842a82e1c9b 330688f7c6674287a9823dcf7d4b394c - - default default] 10.0.0.162 "GET /v2.0/extensions/network-ip-availability HTTP/1.1" status: 200 len: 410 time: 0.0052786
2026-07-24 01:07:28.505 9 INFO neutron.wsgi [None req-b9850ec6-30c8-4a37-8adb-50a1dfa1d18f d12ed6d08cb343a38303f842a82e1c9b 330688f7c6674287a9823dcf7d4b394c - - default default] 10.0.0.162 "GET /v2.0/extensions/pagination HTTP/1.1" status: 200 len: 386 time: 0.0042737
2026-07-24 01:07:28.517 9 INFO neutron.wsgi [None req-1651add0-b24e-4afd-ac82-60bfea4536e1 d12ed6d08cb343a38303f842a82e1c9b 330688f7c6674287a9823dcf7d4b394c - - default default] 10.0.0.162 "GET /v2.0/extensions/port-device-profile HTTP/1.1" status: 200 len: 383 time: 0.0045815
2026-07-24 01:07:28.518 9 INFO neutron.db.ovn_revision_numbers_db [None req-f3ed2667-2a0b-499d-96b2-17eeda16ad34 08db590b786e4ad8942e8cee6cf2f120 cefc5f94e8824924b316de729b4ef0b4 - - default default] Successfully bumped revision number for resource fa8234dd-2856-4f84-9df2-4faf61e77000 (type: security_group_rules) to 0
2026-07-24 01:07:28.528 9 INFO neutron.wsgi [None req-6a9ede56-b856-4110-ac3e-be4e9c4aadb6 d12ed6d08cb343a38303f842a82e1c9b 330688f7c6674287a9823dcf7d4b394c - - default default] 10.0.0.162 "GET /v2.0/extensions/port-mac-address-regenerate HTTP/1.1" status: 200 len: 403 time: 0.0057080
2026-07-24 01:07:28.540 10 INFO neutron.wsgi [None req-69b345d6-6e1a-4cce-8261-9c66a151074b d12ed6d08cb343a38303f842a82e1c9b 330688f7c6674287a9823dcf7d4b394c - - default default] 10.0.0.162 "GET /v2.0/extensions/port-numa-affinity-policy HTTP/1.1" status: 200 len: 392 time: 0.0077093
2026-07-24 01:07:28.542 9 INFO neutron.wsgi [None req-f3ed2667-2a0b-499d-96b2-17eeda16ad34 08db590b786e4ad8942e8cee6cf2f120 cefc5f94e8824924b316de729b4ef0b4 - - default default] 10.0.0.162 "POST /v2.0/security-groups HTTP/1.1" status: 201 len: 1761 time: 0.6357541
2026-07-24 01:07:28.551 9 INFO neutron.wsgi [None req-d44729dc-4e26-4e23-8798-3adb226684d4 d12ed6d08cb343a38303f842a82e1c9b 330688f7c6674287a9823dcf7d4b394c - - default default] 10.0.0.162 "GET /v2.0/extensions/port-resource-request HTTP/1.1" status: 200 len: 379 time: 0.0039628
2026-07-24 01:07:28.567 9 INFO neutron.wsgi [None req-ec5f9807-cbb2-4eda-8667-049bafd4cff6 d12ed6d08cb343a38303f842a82e1c9b 330688f7c6674287a9823dcf7d4b394c - - default default] 10.0.0.162 "GET /v2.0/extensions/port-resource-request-groups HTTP/1.1" status: 200 len: 465 time: 0.0110037
2026-07-24 01:07:28.577 9 INFO neutron.wsgi [None req-bd08e2a5-9315-4019-a35a-9ec1f5614f7c d12ed6d08cb343a38303f842a82e1c9b 330688f7c6674287a9823dcf7d4b394c - - default default] 10.0.0.162 "GET /v2.0/extensions/binding HTTP/1.1" status: 200 len: 387 time: 0.0046055
2026-07-24 01:07:28.589 9 INFO neutron.wsgi [None req-638eba88-aa44-49e0-98a1-7a4d662af0d1 d12ed6d08cb343a38303f842a82e1c9b 330688f7c6674287a9823dcf7d4b394c - - default default] 10.0.0.162 "GET /v2.0/extensions/binding-extended HTTP/1.1" status: 200 len: 406 time: 0.0075886
2026-07-24 01:07:28.599 9 INFO neutron.wsgi [None req-211b9b9b-8e38-4187-94f5-169b0ab5fd91 d12ed6d08cb343a38303f842a82e1c9b 330688f7c6674287a9823dcf7d4b394c - - default default] 10.0.0.162 "GET /v2.0/extensions/port-security HTTP/1.1" status: 200 len: 354 time: 0.0065336
2026-07-24 01:07:28.608 10 INFO neutron.wsgi [None req-1841c515-ca37-4272-8d72-3903f49d5351 d12ed6d08cb343a38303f842a82e1c9b 330688f7c6674287a9823dcf7d4b394c - - default default] 10.0.0.162 "GET /v2.0/extensions/project-id HTTP/1.1" status: 200 len: 398 time: 0.0041394
2026-07-24 01:07:28.609 9 INFO neutron.wsgi [None req-2be03917-67ed-4b2d-95c1-86f6fcdda83b 08db590b786e4ad8942e8cee6cf2f120 cefc5f94e8824924b316de729b4ef0b4 - - default default] 10.0.0.162 "GET /v2.0/security-groups HTTP/1.1" status: 200 len: 4539 time: 0.0537691
2026-07-24 01:07:28.616 9 INFO neutron.wsgi [None req-13890d67-95c7-436f-ab13-2688bf3e8790 d12ed6d08cb343a38303f842a82e1c9b 330688f7c6674287a9823dcf7d4b394c - - default default] 10.0.0.162 "GET /v2.0/extensions/provider HTTP/1.1" status: 200 len: 385 time: 0.0040045
2026-07-24 01:07:28.626 9 INFO neutron.wsgi [None req-a1ec666a-e2c1-4d76-8171-e01e2974ceef d12ed6d08cb343a38303f842a82e1c9b 330688f7c6674287a9823dcf7d4b394c - - default default] 10.0.0.162 "GET /v2.0/extensions/qos HTTP/1.1" status: 200 len: 360 time: 0.0050440
2026-07-24 01:07:28.637 10 INFO neutron.wsgi [None req-1172ccf0-0f27-429e-b417-f22ced276abf d12ed6d08cb343a38303f842a82e1c9b 330688f7c6674287a9823dcf7d4b394c - - default default] 10.0.0.162 "GET /v2.0/extensions/qos-bw-limit-direction HTTP/1.1" status: 200 len: 452 time: 0.0055513
2026-07-24 01:07:28.644 10 WARNING neutron.scheduler.dhcp_agent_scheduler [None req-97fa9bb7-9812-449d-b2bf-f7e62fb9f5ae 07388095804f4b41880a1e5168ef792c f40f911dac974a868ef420d90022b201 - - default default] No more DHCP agents
2026-07-24 01:07:28.647 10 WARNING neutron.api.rpc.agentnotifiers.dhcp_rpc_agent_api [None req-97fa9bb7-9812-449d-b2bf-f7e62fb9f5ae 07388095804f4b41880a1e5168ef792c f40f911dac974a868ef420d90022b201 - - default default] Unable to schedule network c9f40189-7e88-41e0-8bdd-de3234f1a7c6: no agents available; will retry on subsequent port and subnet creation events.
2026-07-24 01:07:28.647 9 INFO neutron.wsgi [None req-e9b3b273-9639-495b-bc24-8c18532a7742 d12ed6d08cb343a38303f842a82e1c9b 330688f7c6674287a9823dcf7d4b394c - - default default] 10.0.0.162 "GET /v2.0/extensions/qos-bw-minimum-ingress HTTP/1.1" status: 200 len: 445 time: 0.0046911
2026-07-24 01:07:28.658 9 INFO neutron.wsgi [None req-385b06aa-b2b5-40f6-80dd-7cae7fe86ff4 d12ed6d08cb343a38303f842a82e1c9b 330688f7c6674287a9823dcf7d4b394c - - default default] 10.0.0.162 "GET /v2.0/extensions/qos-default HTTP/1.1" status: 200 len: 377 time: 0.0036016
2026-07-24 01:07:28.667 9 INFO neutron.wsgi [None req-0770c594-78f1-405a-8d4c-aa509e3b347f d12ed6d08cb343a38303f842a82e1c9b 330688f7c6674287a9823dcf7d4b394c - - default default] 10.0.0.162 "GET /v2.0/extensions/qos-fip HTTP/1.1" status: 200 len: 372 time: 0.0051672
2026-07-24 01:07:28.676 9 INFO neutron.wsgi [None req-8049b089-81b9-4d1d-8579-f2fa59fc0b8e d12ed6d08cb343a38303f842a82e1c9b 330688f7c6674287a9823dcf7d4b394c - - default default] 10.0.0.162 "GET /v2.0/extensions/qos-gateway-ip HTTP/1.1" status: 200 len: 391 time: 0.0041773
2026-07-24 01:07:28.686 10 INFO neutron.wsgi [None req-0d7d0b09-2023-4dca-978c-d096114cc8bf d12ed6d08cb343a38303f842a82e1c9b 330688f7c6674287a9823dcf7d4b394c - - default default] 10.0.0.162 "GET /v2.0/extensions/qos-port-network-policy HTTP/1.1" status: 200 len: 403 time: 0.0062606
2026-07-24 01:07:28.687 10 INFO neutron.db.ovn_revision_numbers_db [None req-97fa9bb7-9812-449d-b2bf-f7e62fb9f5ae 07388095804f4b41880a1e5168ef792c f40f911dac974a868ef420d90022b201 - - default default] Successfully bumped revision number for resource 7e3dcc1a-7f07-445e-8ac1-4698a9d355e3 (type: subnets) to 0
2026-07-24 01:07:28.697 9 INFO neutron.wsgi [None req-81efdd37-89a4-4f2d-9f7d-e6b13c455632 d12ed6d08cb343a38303f842a82e1c9b 330688f7c6674287a9823dcf7d4b394c - - default default] 10.0.0.162 "GET /v2.0/extensions/qos-pps-minimum HTTP/1.1" status: 200 len: 397 time: 0.0075006
2026-07-24 01:07:28.705 9 INFO neutron.wsgi [None req-ef3a409a-9eee-4bd7-9f33-092281665b88 d12ed6d08cb343a38303f842a82e1c9b 330688f7c6674287a9823dcf7d4b394c - - default default] 10.0.0.162 "GET /v2.0/extensions/qos-pps-minimum-rule-alias HTTP/1.1" status: 200 len: 471 time: 0.0031021
2026-07-24 01:07:28.706 10 INFO neutron.wsgi [None req-97fa9bb7-9812-449d-b2bf-f7e62fb9f5ae 07388095804f4b41880a1e5168ef792c f40f911dac974a868ef420d90022b201 - - default default] 10.0.0.162 "POST /v2.0/subnets HTTP/1.1" status: 201 len: 830 time: 0.3793724
2026-07-24 01:07:28.714 10 WARNING neutron_lib.context [None req-c56a3a42-76f8-4e78-909b-d17ee6a3c48f 07388095804f4b41880a1e5168ef792c f40f911dac974a868ef420d90022b201 - - default default] Method 'is_advsvc' is deprecated since 2023.2 release (neutron-lib 3.8.0) and will be removed once support for the old RBAC API policies will be removed from Neutron. Please use method 'is_service_role' instead.
2026-07-24 01:07:28.717 9 INFO neutron.wsgi [None req-afaeb3f9-f167-4e20-a92c-92401df8fd76 d12ed6d08cb343a38303f842a82e1c9b 330688f7c6674287a9823dcf7d4b394c - - default default] 10.0.0.162 "GET /v2.0/extensions/qos-pps HTTP/1.1" status: 200 len: 389 time: 0.0077810
2026-07-24 01:07:28.726 9 INFO neutron.wsgi [None req-cd609d0f-9dc2-42be-8fab-8b0014eaecb1 d12ed6d08cb343a38303f842a82e1c9b 330688f7c6674287a9823dcf7d4b394c - - default default] 10.0.0.162 "GET /v2.0/extensions/qos-rule-type-details HTTP/1.1" status: 200 len: 423 time: 0.0045893
2026-07-24 01:07:28.734 9 INFO neutron.wsgi [None req-af21b23b-a371-4edc-8d2b-67e8582404a6 d12ed6d08cb343a38303f842a82e1c9b 330688f7c6674287a9823dcf7d4b394c - - default default] 10.0.0.162 "GET /v2.0/extensions/qos-rule-type-filter HTTP/1.1" status: 200 len: 567 time: 0.0038812
2026-07-24 01:07:28.735 9 INFO neutron.db.ovn_revision_numbers_db [None req-1b2729cf-2777-47b1-9a2f-8dc2a182484d 08db590b786e4ad8942e8cee6cf2f120 cefc5f94e8824924b316de729b4ef0b4 - - default default] Successfully bumped revision number for resource 24a6f440-6f05-475b-915f-285d8f8f50fa (type: security_groups) to 2
2026-07-24 01:07:28.737 9 INFO neutron.wsgi [None req-1b2729cf-2777-47b1-9a2f-8dc2a182484d 08db590b786e4ad8942e8cee6cf2f120 cefc5f94e8824924b316de729b4ef0b4 - - default default] 10.0.0.162 "PUT /v2.0/security-groups/24a6f440-6f05-475b-915f-285d8f8f50fa HTTP/1.1" status: 200 len: 1793 time: 0.1209743
2026-07-24 01:07:28.744 9 INFO neutron.wsgi [None req-278bfad4-3e18-4e7b-b4b6-7d3d7f7e1bf6 d12ed6d08cb343a38303f842a82e1c9b 330688f7c6674287a9823dcf7d4b394c - - default default] 10.0.0.162 "GET /v2.0/extensions/qos-rules-alias HTTP/1.1" status: 200 len: 448 time: 0.0041964
2026-07-24 01:07:28.753 9 INFO neutron.wsgi [None req-9d92baae-5fba-43fb-9593-e104a172da38 d12ed6d08cb343a38303f842a82e1c9b 330688f7c6674287a9823dcf7d4b394c - - default default] 10.0.0.162 "GET /v2.0/extensions/quota-check-limit HTTP/1.1" status: 200 len: 420 time: 0.0042188
2026-07-24 01:07:28.761 9 INFO neutron.wsgi [None req-d6ba7b09-d19b-4d9a-8edf-d100ca7ee08b d12ed6d08cb343a38303f842a82e1c9b 330688f7c6674287a9823dcf7d4b394c - - default default] 10.0.0.162 "GET /v2.0/extensions/quotas HTTP/1.1" status: 200 len: 386 time: 0.0033548
2026-07-24 01:07:28.770 9 INFO neutron.wsgi [None req-28efada3-8da0-4037-9a4a-b9bbd54210df d12ed6d08cb343a38303f842a82e1c9b 330688f7c6674287a9823dcf7d4b394c - - default default] 10.0.0.162 "GET /v2.0/extensions/quota_details HTTP/1.1" status: 200 len: 407 time: 0.0043862
2026-07-24 01:07:28.779 9 INFO neutron.wsgi [None req-02a54585-3a74-45e1-b2de-ca0bd127263b d12ed6d08cb343a38303f842a82e1c9b 330688f7c6674287a9823dcf7d4b394c - - default default] 10.0.0.162 "GET /v2.0/extensions/rbac-policies HTTP/1.1" status: 200 len: 417 time: 0.0045099
2026-07-24 01:07:28.789 9 INFO neutron.wsgi [None req-682b73a5-5250-4d8a-a6f4-bc6a7cee6a0c d12ed6d08cb343a38303f842a82e1c9b 330688f7c6674287a9823dcf7d4b394c - - default default] 10.0.0.162 "GET /v2.0/extensions/rbac-address-scope HTTP/1.1" status: 200 len: 384 time: 0.0055931
2026-07-24 01:07:28.796 9 INFO neutron.wsgi [None req-18be3b6f-18ce-4ece-a492-0e073a397aad d12ed6d08cb343a38303f842a82e1c9b 330688f7c6674287a9823dcf7d4b394c - - default default] 10.0.0.162 "GET /v2.0/extensions/rbac-security-groups HTTP/1.1" status: 200 len: 404 time: 0.0039997
2026-07-24 01:07:28.804 9 INFO neutron.wsgi [None req-3b061e40-96ab-41f4-b004-3527582a3d0b d12ed6d08cb343a38303f842a82e1c9b 330688f7c6674287a9823dcf7d4b394c - - default default] 10.0.0.162 "GET /v2.0/extensions/revision-if-match HTTP/1.1" status: 200 len: 441 time: 0.0042386
2026-07-24 01:07:28.813 9 INFO neutron.wsgi [None req-abc6eb1e-9f02-42f2-90c0-7ad4313998d6 d12ed6d08cb343a38303f842a82e1c9b 330688f7c6674287a9823dcf7d4b394c - - default default] 10.0.0.162 "GET /v2.0/extensions/standard-attr-revisions HTTP/1.1" status: 200 len: 423 time: 0.0044062
2026-07-24 01:07:28.822 9 INFO neutron.wsgi [None req-475ed433-5860-49b6-9f22-4e77ddc54dd5 d12ed6d08cb343a38303f842a82e1c9b 330688f7c6674287a9823dcf7d4b394c - - default default] 10.0.0.162 "GET /v2.0/extensions/router_availability_zone HTTP/1.1" status: 200 len: 391 time: 0.0047343
2026-07-24 01:07:28.829 9 INFO neutron.wsgi [None req-43dd9443-48a0-48eb-bba2-a79f486ac1a4 d12ed6d08cb343a38303f842a82e1c9b 330688f7c6674287a9823dcf7d4b394c - - default default] 10.0.0.162 "GET /v2.0/extensions/security-groups-default-rules HTTP/1.1" status: 200 len: 456 time: 0.0042684
2026-07-24 01:07:28.839 9 INFO neutron.wsgi [None req-5853ef02-ec96-4bd9-b05b-01a55f1a1b38 d12ed6d08cb343a38303f842a82e1c9b 330688f7c6674287a9823dcf7d4b394c - - default default] 10.0.0.162 "GET /v2.0/extensions/security-groups-normalized-cidr HTTP/1.1" status: 200 len: 445 time: 0.0041966
2026-07-24 01:07:28.847 9 INFO neutron.wsgi [None req-e15a254a-e00f-4d23-aa11-4cf3a22061e1 d12ed6d08cb343a38303f842a82e1c9b 330688f7c6674287a9823dcf7d4b394c - - default default] 10.0.0.162 "GET /v2.0/extensions/security-groups-remote-address-group HTTP/1.1" status: 200 len: 448 time: 0.0042865
2026-07-24 01:07:28.857 9 INFO neutron.wsgi [None req-d5316924-6bb5-4658-8d85-46eea841ba7a d12ed6d08cb343a38303f842a82e1c9b 330688f7c6674287a9823dcf7d4b394c - - default default] 10.0.0.162 "GET /v2.0/extensions/security-groups-shared-filtering HTTP/1.1" status: 200 len: 435 time: 0.0046580
2026-07-24 01:07:28.865 9 INFO neutron.wsgi [None req-50f61e87-473b-4090-b2c7-a470ae9fbb19 d12ed6d08cb343a38303f842a82e1c9b 330688f7c6674287a9823dcf7d4b394c - - default default] 10.0.0.162 "GET /v2.0/extensions/security-group HTTP/1.1" status: 200 len: 364 time: 0.0042493
2026-07-24 01:07:28.874 9 INFO neutron.wsgi [None req-0083cb84-4fe8-48b5-aa91-e0e98f0b8485 d12ed6d08cb343a38303f842a82e1c9b 330688f7c6674287a9823dcf7d4b394c - - default default] 10.0.0.162 "GET /v2.0/extensions/segment HTTP/1.1" status: 200 len: 339 time: 0.0051444
2026-07-24 01:07:28.886 9 INFO neutron.wsgi [None req-2245f79e-bad0-4857-9e06-7df2a3abcc1e d12ed6d08cb343a38303f842a82e1c9b 330688f7c6674287a9823dcf7d4b394c - - default default] 10.0.0.162 "GET /v2.0/extensions/segments-peer-subnet-host-routes HTTP/1.1" status: 200 len: 427 time: 0.0041549
2026-07-24 01:07:28.913 9 INFO neutron.wsgi [None req-7bf4ab1e-670d-454b-94ab-f1b365906563 d12ed6d08cb343a38303f842a82e1c9b 330688f7c6674287a9823dcf7d4b394c - - default default] 10.0.0.162 "GET /v2.0/extensions/service-type HTTP/1.1" status: 200 len: 415 time: 0.0096931
2026-07-24 01:07:28.924 9 INFO neutron.wsgi [None req-f001ac0d-023b-4e62-877c-fcd747fea95e d12ed6d08cb343a38303f842a82e1c9b 330688f7c6674287a9823dcf7d4b394c - - default default] 10.0.0.162 "GET /v2.0/extensions/sorting HTTP/1.1" status: 200 len: 377 time: 0.0051739
2026-07-24 01:07:28.936 9 INFO neutron.wsgi [None req-1eda94e0-4b0a-4d3d-a4c2-aa7b77cd59e1 d12ed6d08cb343a38303f842a82e1c9b 330688f7c6674287a9823dcf7d4b394c - - default default] 10.0.0.162 "GET /v2.0/extensions/standard-attr-segment HTTP/1.1" status: 200 len: 406 time: 0.0044622
2026-07-24 01:07:28.944 9 INFO neutron.wsgi [None req-90b49514-4cbd-4858-a095-4755593d05a1 d12ed6d08cb343a38303f842a82e1c9b 330688f7c6674287a9823dcf7d4b394c - - default default] 10.0.0.162 "GET /v2.0/extensions/standard-attr-description HTTP/1.1" status: 200 len: 408 time: 0.0043321
2026-07-24 01:07:28.957 9 INFO neutron.wsgi [None req-5c198d59-b990-4eb4-a724-3d871dd43756 d12ed6d08cb343a38303f842a82e1c9b 330688f7c6674287a9823dcf7d4b394c - - default default] 10.0.0.162 "GET /v2.0/extensions/stateful-security-group HTTP/1.1" status: 200 len: 402 time: 0.0083942
2026-07-24 01:07:28.979 9 INFO neutron.wsgi [None req-20a0705e-67e4-475c-bbb1-9e98f4400a90 d12ed6d08cb343a38303f842a82e1c9b 330688f7c6674287a9823dcf7d4b394c - - default default] 10.0.0.162 "GET /v2.0/extensions/subnet-dns-publish-fixed-ip HTTP/1.1" status: 200 len: 421 time: 0.0094283
2026-07-24 01:07:28.988 9 INFO neutron.wsgi [None req-ee5c39e9-5c12-4d10-b8d0-ac393407fe8f d12ed6d08cb343a38303f842a82e1c9b 330688f7c6674287a9823dcf7d4b394c - - default default] 10.0.0.162 "GET /v2.0/extensions/subnet-segmentid-writable HTTP/1.1" status: 200 len: 421 time: 0.0050361
2026-07-24 01:07:28.996 9 INFO neutron.wsgi [None req-7a495be7-be6c-4358-9b2c-0ad761813f87 d12ed6d08cb343a38303f842a82e1c9b 330688f7c6674287a9823dcf7d4b394c - - default default] 10.0.0.162 "GET /v2.0/extensions/subnet-service-types HTTP/1.1" status: 200 len: 400 time: 0.0041540
2026-07-24 01:07:29.004 9 INFO neutron.wsgi [None req-c74a18ad-a5b6-4186-96b5-905a6f12391b d12ed6d08cb343a38303f842a82e1c9b 330688f7c6674287a9823dcf7d4b394c - - default default] 10.0.0.162 "GET /v2.0/extensions/subnet_allocation HTTP/1.1" status: 200 len: 388 time: 0.0048807
2026-07-24 01:07:29.014 9 INFO neutron.wsgi [None req-e73f4059-aed8-4506-8259-46cbd36eecaa d12ed6d08cb343a38303f842a82e1c9b 330688f7c6674287a9823dcf7d4b394c - - default default] 10.0.0.162 "GET /v2.0/extensions/subnetpool-prefix-ops HTTP/1.1" status: 200 len: 418 time: 0.0056453
2026-07-24 01:07:29.021 9 INFO neutron.wsgi [None req-0e5bd17a-be58-4a80-816e-3d8bdbca1198 d12ed6d08cb343a38303f842a82e1c9b 330688f7c6674287a9823dcf7d4b394c - - default default] 10.0.0.162 "GET /v2.0/extensions/standard-attr-tag HTTP/1.1" status: 200 len: 537 time: 0.0044191
2026-07-24 01:07:29.030 9 INFO neutron.wsgi [None req-c8e88a38-9bff-4ba9-966f-de85b16cb68b d12ed6d08cb343a38303f842a82e1c9b 330688f7c6674287a9823dcf7d4b394c - - default default] 10.0.0.162 "GET /v2.0/extensions/standard-attr-timestamp HTTP/1.1" status: 200 len: 449 time: 0.0051906
2026-07-24 01:07:29.040 9 INFO neutron.wsgi [None req-27191cb7-99e6-4294-b129-f7d4016fd0d0 d12ed6d08cb343a38303f842a82e1c9b 330688f7c6674287a9823dcf7d4b394c - - default default] 10.0.0.162 "GET /v2.0/extensions/trunk HTTP/1.1" status: 200 len: 358 time: 0.0060389
