2026-07-24 01:08:26.676 10 INFO neutron.wsgi [None req-960675e2-c4fc-4a12-8a59-8ee7c7f06edb cc3967da13c64700a4482ed0b5036b32 ac2449a27f8f44b38ec76740ffcc4666 - - default default] 10.0.0.162 "POST /v2.0/security-groups HTTP/1.1" status: 201 len: 1737 time: 0.2486494
2026-07-24 01:08:26.688 10 WARNING neutron_lib.context [None req-e4de37e6-f999-45eb-80a6-2ab5746a3ea5 cc3967da13c64700a4482ed0b5036b32 ac2449a27f8f44b38ec76740ffcc4666 - - default default] Method 'is_advsvc' is deprecated since 2023.2 release (neutron-lib 3.8.0) and will be removed once support for the old RBAC API policies will be removed from Neutron. Please use method 'is_service_role' instead.
2026-07-24 01:08:26.711 10 INFO neutron.db.ovn_revision_numbers_db [None req-29f8e175-0d43-4339-bf53-5e1516680da6 - - - - - -] Successfully bumped revision number for resource 1a9bd314-2a76-4390-be9b-4e4d00cbde39 (type: router_ports) to 2
2026-07-24 01:08:26.762 9 INFO neutron.db.ovn_revision_numbers_db [None req-fe007052-0e70-4afa-a026-19da1d7732c8 ad4649d1f215432885c84f47dc464689 653340514813435b91e388c8237dcfe8 - - default default] Successfully bumped revision number for resource 1a9bd314-2a76-4390-be9b-4e4d00cbde39 (type: router_ports) to 2
2026-07-24 01:08:26.765 9 INFO neutron.wsgi [None req-fe007052-0e70-4afa-a026-19da1d7732c8 ad4649d1f215432885c84f47dc464689 653340514813435b91e388c8237dcfe8 - - default default] 10.0.0.162 "PUT /v2.0/routers/f1a7ac87-e3b8-4515-841c-bae0a273c707/add_router_interface HTTP/1.1" status: 200 len: 503 time: 2.1621232 /var/lib/openstack/lib/python3.10/site-packages/pycadf/identifier.py:71: UserWarning: Invalid uuid: neutron. To ensure interoperability, identifiers should be a valid uuid. warnings.warn(('Invalid uuid: %s. To ensure interoperability, '
2026-07-24 01:08:26.820 9 INFO neutron.wsgi [None req-e7097068-f6f9-4276-8799-222b8499a6e9 ad4649d1f215432885c84f47dc464689 653340514813435b91e388c8237dcfe8 - - default default] 10.0.0.162 "GET /v2.0/ports/1a9bd314-2a76-4390-be9b-4e4d00cbde39 HTTP/1.1" status: 200 len: 1137 time: 0.0499737
2026-07-24 01:08:26.834 10 INFO neutron.db.ovn_revision_numbers_db [None req-e4de37e6-f999-45eb-80a6-2ab5746a3ea5 cc3967da13c64700a4482ed0b5036b32 ac2449a27f8f44b38ec76740ffcc4666 - - default default] Successfully bumped revision number for resource e968cdca-5ef3-4b1e-85b6-492ff64fe490 (type: security_groups) to 1
2026-07-24 01:08:26.859 10 INFO neutron.db.ovn_revision_numbers_db [None req-e4de37e6-f999-45eb-80a6-2ab5746a3ea5 cc3967da13c64700a4482ed0b5036b32 ac2449a27f8f44b38ec76740ffcc4666 - - default default] Successfully bumped revision number for resource 4d5183bd-fdee-4fea-a902-6895e047c06d (type: security_group_rules) to 0
2026-07-24 01:08:26.895 10 INFO neutron.db.ovn_revision_numbers_db [None req-e4de37e6-f999-45eb-80a6-2ab5746a3ea5 cc3967da13c64700a4482ed0b5036b32 ac2449a27f8f44b38ec76740ffcc4666 - - default default] Successfully bumped revision number for resource 6d978781-7298-44f5-94d4-2759fefa6dca (type: security_group_rules) to 0
2026-07-24 01:08:26.917 10 INFO neutron.wsgi [None req-e4de37e6-f999-45eb-80a6-2ab5746a3ea5 cc3967da13c64700a4482ed0b5036b32 ac2449a27f8f44b38ec76740ffcc4666 - - default default] 10.0.0.162 "POST /v2.0/security-groups HTTP/1.1" status: 201 len: 1737 time: 0.2331016
2026-07-24 01:08:26.926 10 WARNING neutron_lib.context [None req-6b2c9acb-b6b8-435d-92a2-e9877f4d84ff cc3967da13c64700a4482ed0b5036b32 ac2449a27f8f44b38ec76740ffcc4666 - - default default] Method 'is_advsvc' is deprecated since 2023.2 release (neutron-lib 3.8.0) and will be removed once support for the old RBAC API policies will be removed from Neutron. Please use method 'is_service_role' instead.
2026-07-24 01:08:26.948 10 INFO neutron.wsgi [None req-8ccc3579-6d85-4393-beff-eee72b7e44b9 ad4649d1f215432885c84f47dc464689 653340514813435b91e388c8237dcfe8 - - default default] 10.0.0.162 "GET /v2.0/ports/1a9bd314-2a76-4390-be9b-4e4d00cbde39 HTTP/1.1" status: 200 len: 1137 time: 0.1227827
2026-07-24 01:08:27.098 10 INFO neutron.db.ovn_revision_numbers_db [None req-6b2c9acb-b6b8-435d-92a2-e9877f4d84ff cc3967da13c64700a4482ed0b5036b32 ac2449a27f8f44b38ec76740ffcc4666 - - default default] Successfully bumped revision number for resource 980cfba7-ed87-4980-a229-a78db6eb93a2 (type: security_groups) to 1
2026-07-24 01:08:27.129 10 INFO neutron.db.ovn_revision_numbers_db [None req-6b2c9acb-b6b8-435d-92a2-e9877f4d84ff cc3967da13c64700a4482ed0b5036b32 ac2449a27f8f44b38ec76740ffcc4666 - - default default] Successfully bumped revision number for resource 1f4072c2-e117-4f89-9f23-921e6a1a42b6 (type: security_group_rules) to 0
2026-07-24 01:08:27.154 10 INFO neutron.db.ovn_revision_numbers_db [None req-6b2c9acb-b6b8-435d-92a2-e9877f4d84ff cc3967da13c64700a4482ed0b5036b32 ac2449a27f8f44b38ec76740ffcc4666 - - default default] Successfully bumped revision number for resource 9bdaf34e-4300-4dcd-ae16-33f56b7e1d46 (type: security_group_rules) to 0
2026-07-24 01:08:27.157 9 INFO neutron.wsgi [req-a6dffc04-6563-4a0a-9e2c-72b0cedb69a5 req-b97a4040-16b6-4562-bebf-809fe3a0912f 9c5ea83172ce462cbed6cc73f94c20d2 aacb1246dc0b436982b73da5586f0a86 - - default default] 10.0.0.130 "GET /v2.0/ports?device_id=4f325912-8885-489c-92b3-c3c1efb214ea HTTP/1.1" status: 200 len: 1170 time: 0.0905771
2026-07-24 01:08:27.180 10 INFO neutron.wsgi [None req-6b2c9acb-b6b8-435d-92a2-e9877f4d84ff cc3967da13c64700a4482ed0b5036b32 ac2449a27f8f44b38ec76740ffcc4666 - - default default] 10.0.0.162 "POST /v2.0/security-groups HTTP/1.1" status: 201 len: 1737 time: 0.2584300
2026-07-24 01:08:27.214 9 INFO neutron.wsgi [req-a6dffc04-6563-4a0a-9e2c-72b0cedb69a5 req-c8a812d2-13b4-4aad-bff5-209746ba25e1 9c5ea83172ce462cbed6cc73f94c20d2 aacb1246dc0b436982b73da5586f0a86 - - default default] 10.0.0.130 "GET /v2.0/security-groups?id=7cb83d7b-1ae5-405c-8020-77c6f182ce90&fields=id&fields=name HTTP/1.1" status: 200 len: 313 time: 0.0510640
2026-07-24 01:08:27.245 9 INFO neutron.wsgi [None req-0a5813bf-d5b8-40b6-8de0-2250056fd337 cc3967da13c64700a4482ed0b5036b32 ac2449a27f8f44b38ec76740ffcc4666 - - default default] 10.0.0.162 "PUT /v2.0/security-groups/afcb08af-2c9a-49b0-bef9-2ca82e2338a4/tags HTTP/1.1" status: 200 len: 210 time: 0.0593338
2026-07-24 01:08:27.323 10 INFO neutron.wsgi [None req-a0dcce93-13c2-403d-9425-a96a651cb243 cc3967da13c64700a4482ed0b5036b32 ac2449a27f8f44b38ec76740ffcc4666 - - default default] 10.0.0.162 "PUT /v2.0/security-groups/20123ce6-0cf1-4f29-82d2-49a9ef122bde/tags HTTP/1.1" status: 200 len: 218 time: 0.0705881
2026-07-24 01:08:27.352 9 INFO neutron.wsgi [req-c66d43f1-341a-46eb-b03b-6b98962f87a7 req-dc924373-0764-4dc6-b2e9-cb3935a86c4f 9c5ea83172ce462cbed6cc73f94c20d2 aacb1246dc0b436982b73da5586f0a86 - - default default] 10.0.0.130 "GET /v2.0/ports?device_id=4f325912-8885-489c-92b3-c3c1efb214ea HTTP/1.1" status: 200 len: 1170 time: 0.0541697
2026-07-24 01:08:27.396 9 INFO neutron.wsgi [None req-5861165c-f08f-481d-9f9f-e838c5573c56 cc3967da13c64700a4482ed0b5036b32 ac2449a27f8f44b38ec76740ffcc4666 - - default default] 10.0.0.162 "PUT /v2.0/security-groups/8d48809a-544b-4621-9658-842d52f20352/tags HTTP/1.1" status: 200 len: 227 time: 0.0672004
2026-07-24 01:08:27.428 9 INFO neutron.wsgi [req-c66d43f1-341a-46eb-b03b-6b98962f87a7 req-64d2758c-ddb4-4eda-b77a-c42d7617cf40 9c5ea83172ce462cbed6cc73f94c20d2 aacb1246dc0b436982b73da5586f0a86 - - default default] 10.0.0.130 "GET /v2.0/security-groups?id=7cb83d7b-1ae5-405c-8020-77c6f182ce90&fields=id&fields=name HTTP/1.1" status: 200 len: 313 time: 0.0690529
2026-07-24 01:08:27.449 9 INFO neutron.wsgi [None req-09791aa5-d3a6-4a36-86d5-9988eeb406a5 cc3967da13c64700a4482ed0b5036b32 ac2449a27f8f44b38ec76740ffcc4666 - - default default] 10.0.0.162 "PUT /v2.0/security-groups/e968cdca-5ef3-4b1e-85b6-492ff64fe490/tags HTTP/1.1" status: 200 len: 212 time: 0.0404356
2026-07-24 01:08:27.519 9 INFO neutron.wsgi [None req-a2c4b265-131d-43b0-a591-a55bfeb16ea7 ba426bd3e1fb4019bd0c0d6370d820f5 379090339dc343bea6bbef0fb151d542 - - default default] 10.0.0.162 "GET /v2.0/ports?device_id=4f325912-8885-489c-92b3-c3c1efb214ea HTTP/1.1" status: 200 len: 1404 time: 0.0584450
2026-07-24 01:08:27.581 9 INFO neutron.wsgi [None req-52fb9c16-ddf0-4c93-a481-1e45e8578f7f cc3967da13c64700a4482ed0b5036b32 ac2449a27f8f44b38ec76740ffcc4666 - - default default] 10.0.0.162 "GET /v2.0/security-groups?tags=red HTTP/1.1" status: 200 len: 4813 time: 0.1270156
2026-07-24 01:08:27.652 9 INFO neutron.wsgi [None req-1450ad1d-a9a9-43c6-8c79-8a553fe38f35 cc3967da13c64700a4482ed0b5036b32 ac2449a27f8f44b38ec76740ffcc4666 - - default default] 10.0.0.162 "GET /v2.0/security-groups?tags=red%2Cblue HTTP/1.1" status: 200 len: 3289 time: 0.0613251
2026-07-24 01:08:27.784 9 INFO neutron.wsgi [None req-33b816cc-c3db-4d2f-979c-1b6441b7e4ea cc3967da13c64700a4482ed0b5036b32 ac2449a27f8f44b38ec76740ffcc4666 - - default default] 10.0.0.162 "GET /v2.0/security-groups?tags-any=blue HTTP/1.1" status: 200 len: 3289 time: 0.1269941
2026-07-24 01:08:27.866 9 INFO neutron.wsgi [None req-2c283ba4-cd20-4211-8362-53606b5b3e9f cc3967da13c64700a4482ed0b5036b32 ac2449a27f8f44b38ec76740ffcc4666 - - default default] 10.0.0.162 "GET /v2.0/security-groups?tags-any=red%2Cblue HTTP/1.1" status: 200 len: 4813 time: 0.0776517
2026-07-24 01:08:27.909 9 INFO neutron.db.l3_db [None req-24bcf672-1881-4a87-9e7c-b202111b1bda 9c5ea83172ce462cbed6cc73f94c20d2 aacb1246dc0b436982b73da5586f0a86 - - default default] Floating IP e5018284-c7b4-47af-96e1-96fe9bbfa979 associated. External IP: 10.96.250.216, port: 225bb324-f0fb-4867-8c10-a7729e4cceeb.
2026-07-24 01:08:27.943 10 INFO neutron.wsgi [None req-86ad0ba4-d8ea-4dd2-a010-4cb6df02f23b ad4649d1f215432885c84f47dc464689 653340514813435b91e388c8237dcfe8 - - default default] 10.0.0.162 "PUT /v2.0/routers/f1a7ac87-e3b8-4515-841c-bae0a273c707/remove_router_interface HTTP/1.1" status: 200 len: 503 time: 0.9894447
2026-07-24 01:08:27.978 9 INFO neutron.wsgi [None req-3e172bfa-4f52-4f96-90ac-7ce6186a32bb ad4649d1f215432885c84f47dc464689 653340514813435b91e388c8237dcfe8 - - default default] 10.0.0.162 "GET /v2.0/ports?device_id=f1a7ac87-e3b8-4515-841c-bae0a273c707 HTTP/1.1" status: 200 len: 205 time: 0.0262887
2026-07-24 01:08:27.983 10 INFO neutron.wsgi [None req-cf489122-c5a4-4d94-a2b7-ad4442481f1f cc3967da13c64700a4482ed0b5036b32 ac2449a27f8f44b38ec76740ffcc4666 - - default default] 10.0.0.162 "GET /v2.0/security-groups?not-tags=red HTTP/1.1" status: 200 len: 6041 time: 0.1072667 /var/lib/openstack/lib/python3.10/site-packages/pycadf/identifier.py:71: UserWarning: Invalid uuid: neutron. To ensure interoperability, identifiers should be a valid uuid. warnings.warn(('Invalid uuid: %s. To ensure interoperability, '
2026-07-24 01:08:28.081 10 INFO neutron.wsgi [None req-d579c11b-40ae-41e5-ae63-d8c7a8367e51 cc3967da13c64700a4482ed0b5036b32 ac2449a27f8f44b38ec76740ffcc4666 - - default default] 10.0.0.162 "GET /v2.0/security-groups?not-tags=red%2Cblue HTTP/1.1" status: 200 len: 7565 time: 0.0938799
2026-07-24 01:08:28.197 10 INFO neutron.wsgi [None req-311f72f3-eb47-4680-b20b-82fe7b1312ec cc3967da13c64700a4482ed0b5036b32 ac2449a27f8f44b38ec76740ffcc4666 - - default default] 10.0.0.162 "GET /v2.0/security-groups?not-tags-any=blue HTTP/1.1" status: 200 len: 7565 time: 0.1110265
2026-07-24 01:08:28.221 9 INFO neutron.notifiers.nova [-] Nova event matching ['req-ab90b297-ff90-4642-8cd1-c1e1ad768b44'] response: {'server_uuid': '4f325912-8885-489c-92b3-c3c1efb214ea', 'name': 'network-vif-plugged', 'status': 'completed', 'tag': '225bb324-f0fb-4867-8c10-a7729e4cceeb', 'code': 200} /var/lib/openstack/lib/python3.10/site-packages/pycadf/identifier.py:71: UserWarning: Invalid uuid: neutron. To ensure interoperability, identifiers should be a valid uuid. warnings.warn(('Invalid uuid: %s. To ensure interoperability, '
2026-07-24 01:08:28.272 9 INFO neutron.db.ovn_revision_numbers_db [None req-24bcf672-1881-4a87-9e7c-b202111b1bda 9c5ea83172ce462cbed6cc73f94c20d2 aacb1246dc0b436982b73da5586f0a86 - - default default] Successfully bumped revision number for resource e5018284-c7b4-47af-96e1-96fe9bbfa979 (type: floatingips) to 4
2026-07-24 01:08:28.277 9 INFO neutron.wsgi [None req-bc7bf588-db7c-4a15-bd85-572fc3ef829d cc3967da13c64700a4482ed0b5036b32 ac2449a27f8f44b38ec76740ffcc4666 - - default default] 10.0.0.162 "GET /v2.0/security-groups?not-tags-any=red%2Cblue HTTP/1.1" status: 200 len: 6041 time: 0.0754256
2026-07-24 01:08:28.369 10 INFO neutron.wsgi [None req-833462e7-dcd4-438e-a7b6-6cb7bdfe5f50 ad4649d1f215432885c84f47dc464689 653340514813435b91e388c8237dcfe8 - - default default] 10.0.0.162 "DELETE /v2.0/routers/f1a7ac87-e3b8-4515-841c-bae0a273c707 HTTP/1.1" status: 204 len: 168 time: 0.3823738
2026-07-24 01:08:28.407 9 INFO neutron.db.ovn_revision_numbers_db [None req-24bcf672-1881-4a87-9e7c-b202111b1bda 9c5ea83172ce462cbed6cc73f94c20d2 aacb1246dc0b436982b73da5586f0a86 - - default default] Successfully bumped revision number for resource e5018284-c7b4-47af-96e1-96fe9bbfa979 (type: floatingips) to 5
2026-07-24 01:08:28.443 9 INFO neutron.wsgi [None req-24bcf672-1881-4a87-9e7c-b202111b1bda 9c5ea83172ce462cbed6cc73f94c20d2 aacb1246dc0b436982b73da5586f0a86 - - default default] 10.0.0.162 "PUT /v2.0/floatingips/e5018284-c7b4-47af-96e1-96fe9bbfa979 HTTP/1.1" status: 200 len: 1049 time: 0.9200878
2026-07-24 01:08:28.467 10 INFO neutron.wsgi [None req-6f4d7d11-5040-494c-8402-a55a63a91413 cc3967da13c64700a4482ed0b5036b32 ac2449a27f8f44b38ec76740ffcc4666 - - default default] 10.0.0.162 "DELETE /v2.0/security-groups/afcb08af-2c9a-49b0-bef9-2ca82e2338a4 HTTP/1.1" status: 204 len: 168 time: 0.1833324
2026-07-24 01:08:28.502 10 WARNING neutron_lib.context [None req-756bc91f-dab5-4887-9739-15c904ed69d9 7d4695f6bb124324a16df3226de115b8 a9feb69038bb475bb80f0387a84224eb - - default default] Method 'is_advsvc' is deprecated since 2023.2 release (neutron-lib 3.8.0) and will be removed once support for the old RBAC API policies will be removed from Neutron. Please use method 'is_service_role' instead.
2026-07-24 01:08:28.502 9 INFO neutron.wsgi [None req-c8775604-954e-4556-b594-e8e2f769adf6 9c5ea83172ce462cbed6cc73f94c20d2 aacb1246dc0b436982b73da5586f0a86 - - default default] 10.0.0.162 "GET /v2.0/floatingips/e5018284-c7b4-47af-96e1-96fe9bbfa979 HTTP/1.1" status: 200 len: 1051 time: 0.0532014
2026-07-24 01:08:28.667 10 INFO neutron.wsgi [None req-6e82a9a9-b494-4190-8ec4-b3a44c274638 ad4649d1f215432885c84f47dc464689 653340514813435b91e388c8237dcfe8 - - default default] 10.0.0.162 "DELETE /v2.0/subnets/83ffa312-13b9-4b77-8e1f-e7cc73f25bd1 HTTP/1.1" status: 204 len: 168 time: 0.2932668
2026-07-24 01:08:28.692 10 INFO neutron.wsgi [None req-5ad15bb3-9eda-4129-b3bd-b85dd41802fa cc3967da13c64700a4482ed0b5036b32 ac2449a27f8f44b38ec76740ffcc4666 - - default default] 10.0.0.162 "DELETE /v2.0/security-groups/20123ce6-0cf1-4f29-82d2-49a9ef122bde HTTP/1.1" status: 204 len: 168 time: 0.2144103
2026-07-24 01:08:28.739 10 INFO neutron.db.ovn_revision_numbers_db [None req-756bc91f-dab5-4887-9739-15c904ed69d9 7d4695f6bb124324a16df3226de115b8 a9feb69038bb475bb80f0387a84224eb - - default default] Successfully bumped revision number for resource c1b97adf-cd26-47bc-8919-c87c796664a9 (type: security_groups) to 1
2026-07-24 01:08:28.771 10 INFO neutron.db.ovn_revision_numbers_db [None req-756bc91f-dab5-4887-9739-15c904ed69d9 7d4695f6bb124324a16df3226de115b8 a9feb69038bb475bb80f0387a84224eb - - default default] Successfully bumped revision number for resource 33d449fa-15f8-4364-88c5-17cf42b05d60 (type: security_group_rules) to 0
2026-07-24 01:08:28.787 10 INFO neutron.db.ovn_revision_numbers_db [None req-756bc91f-dab5-4887-9739-15c904ed69d9 7d4695f6bb124324a16df3226de115b8 a9feb69038bb475bb80f0387a84224eb - - default default] Successfully bumped revision number for resource 68902203-e305-4e0b-9a16-eec96ce81aa7 (type: security_group_rules) to 0
2026-07-24 01:08:28.801 10 INFO neutron.db.ovn_revision_numbers_db [None req-756bc91f-dab5-4887-9739-15c904ed69d9 7d4695f6bb124324a16df3226de115b8 a9feb69038bb475bb80f0387a84224eb - - default default] Successfully bumped revision number for resource 9373747e-505b-41ef-ad9e-afc223ca457b (type: security_group_rules) to 0
2026-07-24 01:08:28.818 10 INFO neutron.wsgi [None req-b9287e33-76af-494c-a2f1-d8bb2c37a5cf cc3967da13c64700a4482ed0b5036b32 ac2449a27f8f44b38ec76740ffcc4666 - - default default] 10.0.0.162 "DELETE /v2.0/security-groups/8d48809a-544b-4621-9658-842d52f20352 HTTP/1.1" status: 204 len: 168 time: 0.1215990
2026-07-24 01:08:28.819 10 INFO neutron.db.ovn_revision_numbers_db [None req-756bc91f-dab5-4887-9739-15c904ed69d9 7d4695f6bb124324a16df3226de115b8 a9feb69038bb475bb80f0387a84224eb - - default default] Successfully bumped revision number for resource d5ba8eb9-ad17-484c-822f-98e35536b755 (type: security_group_rules) to 0
2026-07-24 01:08:28.868 10 INFO neutron.db.segments_db [None req-756bc91f-dab5-4887-9739-15c904ed69d9 7d4695f6bb124324a16df3226de115b8 a9feb69038bb475bb80f0387a84224eb - - default default] Added segment 32618678-5e2c-4b84-801a-a79d91f0d5e8 of type geneve for network c1611f91-2cd7-433d-9d61-3fa71445fc8f
2026-07-24 01:08:29.012 10 INFO neutron.wsgi [None req-12738ca4-7996-4b95-a6d0-657ce938262d cc3967da13c64700a4482ed0b5036b32 ac2449a27f8f44b38ec76740ffcc4666 - - default default] 10.0.0.162 "DELETE /v2.0/security-groups/e968cdca-5ef3-4b1e-85b6-492ff64fe490 HTTP/1.1" status: 204 len: 168 time: 0.1866789
2026-07-24 01:08:29.041 10 INFO neutron.db.ovn_revision_numbers_db [None req-756bc91f-dab5-4887-9739-15c904ed69d9 7d4695f6bb124324a16df3226de115b8 a9feb69038bb475bb80f0387a84224eb - - default default] Successfully bumped revision number for resource c1611f91-2cd7-433d-9d61-3fa71445fc8f (type: networks) to 1
2026-07-24 01:08:29.107 9 INFO neutron.services.segments.plugin [-] Segment a412025c-2900-4746-84cc-3f32e893ea3f resource provider aggregate not found
2026-07-24 01:08:29.112 9 INFO neutron.services.segments.plugin [-] Segment a412025c-2900-4746-84cc-3f32e893ea3f resource provider aggregate not found
2026-07-24 01:08:29.133 9 INFO neutron.services.segments.plugin [-] Segment a412025c-2900-4746-84cc-3f32e893ea3f resource provider not found; error: Placement Client Error (4xx): {"errors": [{"status": 404, "title": "Not Found", "detail": "The resource could not be found.\n\n No resource provider with uuid a412025c-2900-4746-84cc-3f32e893ea3f found for delete ", "request_id": "req-cb0cb545-6aba-49ef-9e1c-1f093068b88c"}]}
2026-07-24 01:08:29.149 9 INFO neutron.services.segments.plugin [-] Segment a412025c-2900-4746-84cc-3f32e893ea3f resource provider not found; error: Placement Client Error (4xx): {"errors": [{"status": 404, "title": "Not Found", "detail": "The resource could not be found.\n\n No resource provider with uuid a412025c-2900-4746-84cc-3f32e893ea3f found for delete ", "request_id": "req-7c1655cf-0761-4c39-aa11-0b2dfd10778f"}]}
2026-07-24 01:08:29.177 9 INFO neutron.wsgi [None req-77ce7e61-f09c-4ed1-81be-6539db47ac89 ad4649d1f215432885c84f47dc464689 653340514813435b91e388c8237dcfe8 - - default default] 10.0.0.162 "DELETE /v2.0/networks/27681b10-754c-4edc-8530-485b1f866810 HTTP/1.1" status: 204 len: 168 time: 0.5051825
2026-07-24 01:08:29.191 10 WARNING neutron_lib.context [None req-138b442c-f4f2-42d2-b373-299bef803d47 ad4649d1f215432885c84f47dc464689 653340514813435b91e388c8237dcfe8 - - default default] Method 'is_advsvc' is deprecated since 2023.2 release (neutron-lib 3.8.0) and will be removed once support for the old RBAC API policies will be removed from Neutron. Please use method 'is_service_role' instead.
2026-07-24 01:08:29.223 9 INFO neutron.wsgi [None req-20ca07ad-4ab7-4d30-b20f-238fc228869d cc3967da13c64700a4482ed0b5036b32 ac2449a27f8f44b38ec76740ffcc4666 - - default default] 10.0.0.162 "DELETE /v2.0/security-groups/980cfba7-ed87-4980-a229-a78db6eb93a2 HTTP/1.1" status: 204 len: 168 time: 0.2049599
2026-07-24 01:08:29.247 10 WARNING neutron.scheduler.dhcp_agent_scheduler [None req-756bc91f-dab5-4887-9739-15c904ed69d9 7d4695f6bb124324a16df3226de115b8 a9feb69038bb475bb80f0387a84224eb - - default default] No more DHCP agents
2026-07-24 01:08:29.252 10 WARNING neutron.api.rpc.agentnotifiers.dhcp_rpc_agent_api [None req-756bc91f-dab5-4887-9739-15c904ed69d9 7d4695f6bb124324a16df3226de115b8 a9feb69038bb475bb80f0387a84224eb - - default default] Unable to schedule network c1611f91-2cd7-433d-9d61-3fa71445fc8f: no agents available; will retry on subsequent port and subnet creation events.
2026-07-24 01:08:29.388 10 INFO neutron.db.ovn_revision_numbers_db [None req-756bc91f-dab5-4887-9739-15c904ed69d9 7d4695f6bb124324a16df3226de115b8 a9feb69038bb475bb80f0387a84224eb - - default default] Successfully bumped revision number for resource 1a61629e-a2b4-4675-815b-968c79b66aff (type: ports) to 1
2026-07-24 01:08:29.413 10 INFO neutron.wsgi [None req-756bc91f-dab5-4887-9739-15c904ed69d9 7d4695f6bb124324a16df3226de115b8 a9feb69038bb475bb80f0387a84224eb - - default default] 10.0.0.162 "POST /v2.0/networks HTTP/1.1" status: 201 len: 847 time: 1.1600223
2026-07-24 01:08:29.684 10 INFO neutron.wsgi [req-be6fb9cb-503f-43cc-97a0-b20bce352a8b req-1d93137c-2059-46a1-8eac-04b9b7a55c6d 5b1195e95bc648b98e3cd81287838f61 03e397f6b0c9450a88ac58208c027f30 - - 392ff6c0b2584d0ba60bd617569b29fb 392ff6c0b2584d0ba60bd617569b29fb] 199.204.45.74 "GET /v2.0/ports?device_id=f42f746f-d514-4e5e-a13a-fbc5e24cf8a3&fields=binding%3Ahost_id&fields=binding%3Avif_type HTTP/1.1" status: 200 len: 265 time: 0.0612142
2026-07-24 01:08:29.694 10 WARNING neutron.scheduler.dhcp_agent_scheduler [None req-138b442c-f4f2-42d2-b373-299bef803d47 ad4649d1f215432885c84f47dc464689 653340514813435b91e388c8237dcfe8 - - default default] No more DHCP agents
2026-07-24 01:08:29.695 10 WARNING neutron.api.rpc.agentnotifiers.dhcp_rpc_agent_api [None req-138b442c-f4f2-42d2-b373-299bef803d47 ad4649d1f215432885c84f47dc464689 653340514813435b91e388c8237dcfe8 - - default default] Unable to schedule network 1fbc47eb-ff30-409f-aace-73c56d09cabf: no agents available; will retry on subsequent port and subnet creation events.
2026-07-24 01:08:29.770 10 INFO neutron.wsgi [req-be6fb9cb-503f-43cc-97a0-b20bce352a8b req-5f4b90f0-f0d4-43d4-b4e6-7b2ec9a22115 5b1195e95bc648b98e3cd81287838f61 03e397f6b0c9450a88ac58208c027f30 - - 392ff6c0b2584d0ba60bd617569b29fb 392ff6c0b2584d0ba60bd617569b29fb] 199.204.45.74 "GET /v2.0/ports?tenant_id=aacb1246dc0b436982b73da5586f0a86&device_id=f42f746f-d514-4e5e-a13a-fbc5e24cf8a3 HTTP/1.1" status: 200 len: 1413 time: 0.0404940
2026-07-24 01:08:29.884 10 INFO neutron.wsgi [req-be6fb9cb-503f-43cc-97a0-b20bce352a8b req-60569782-7d43-49c2-ad31-f43eea95d887 5b1195e95bc648b98e3cd81287838f61 03e397f6b0c9450a88ac58208c027f30 - - 392ff6c0b2584d0ba60bd617569b29fb 392ff6c0b2584d0ba60bd617569b29fb] 199.204.45.74 "GET /v2.0/networks?id=2455acf3-4aa0-4cfe-ad4a-b696475e9fe1 HTTP/1.1" status: 200 len: 958 time: 0.0929737
2026-07-24 01:08:29.890 10 WARNING neutron_lib.context [None req-b7809edf-627c-4516-9b98-3d6295810bc0 7d4695f6bb124324a16df3226de115b8 a9feb69038bb475bb80f0387a84224eb - - default default] Method 'is_advsvc' is deprecated since 2023.2 release (neutron-lib 3.8.0) and will be removed once support for the old RBAC API policies will be removed from Neutron. Please use method 'is_service_role' instead.
2026-07-24 01:08:29.925 10 INFO neutron.wsgi [req-be6fb9cb-503f-43cc-97a0-b20bce352a8b req-6c145559-7c33-4925-acf9-6c5fe1f35cb8 5b1195e95bc648b98e3cd81287838f61 03e397f6b0c9450a88ac58208c027f30 - - 392ff6c0b2584d0ba60bd617569b29fb 392ff6c0b2584d0ba60bd617569b29fb] 199.204.45.74 "GET /v2.0/floatingips?fixed_ip_address=10.100.0.14&port_id=da1b7cab-6fd9-43d6-a74e-7f05df02c443 HTTP/1.1" status: 200 len: 217 time: 0.0295556
2026-07-24 01:08:29.941 10 INFO neutron.db.ovn_revision_numbers_db [None req-138b442c-f4f2-42d2-b373-299bef803d47 ad4649d1f215432885c84f47dc464689 653340514813435b91e388c8237dcfe8 - - default default] Successfully bumped revision number for resource 78da120e-1f25-4668-8eda-9adc09f9729b (type: ports) to 1
2026-07-24 01:08:30.189 10 INFO neutron.wsgi [req-be6fb9cb-503f-43cc-97a0-b20bce352a8b req-dcc697ee-54bd-43bb-a4c7-674aadf92966 5b1195e95bc648b98e3cd81287838f61 03e397f6b0c9450a88ac58208c027f30 - - 392ff6c0b2584d0ba60bd617569b29fb 392ff6c0b2584d0ba60bd617569b29fb] 199.204.45.74 "GET /v2.0/subnets?id=f5e2f2fa-6f25-49b5-9e85-bed3b3cd1993 HTTP/1.1" status: 200 len: 853 time: 0.2549167
2026-07-24 01:08:30.228 10 INFO neutron.wsgi [req-be6fb9cb-503f-43cc-97a0-b20bce352a8b req-bd14dc6b-9aa7-4918-823c-6dc88e4cd20c 5b1195e95bc648b98e3cd81287838f61 03e397f6b0c9450a88ac58208c027f30 - - 392ff6c0b2584d0ba60bd617569b29fb 392ff6c0b2584d0ba60bd617569b29fb] 199.204.45.74 "GET /v2.0/ports?network_id=2455acf3-4aa0-4cfe-ad4a-b696475e9fe1&device_owner=network%3Adhcp HTTP/1.1" status: 200 len: 210 time: 0.0266733
2026-07-24 01:08:30.266 9 INFO neutron.notifiers.nova [-] Nova event matching ['req-f1333be6-d8e3-4bcd-becd-6db980a08e27'] response: {'name': 'network-changed', 'server_uuid': '4f325912-8885-489c-92b3-c3c1efb214ea', 'tag': '225bb324-f0fb-4867-8c10-a7729e4cceeb', 'status': 'completed', 'code': 200}
2026-07-24 01:08:30.348 10 INFO neutron.wsgi [req-be6fb9cb-503f-43cc-97a0-b20bce352a8b req-e53e7859-c50a-4adc-aaf0-b8a5cf81f2ce 5b1195e95bc648b98e3cd81287838f61 03e397f6b0c9450a88ac58208c027f30 - - 392ff6c0b2584d0ba60bd617569b29fb 392ff6c0b2584d0ba60bd617569b29fb] 199.204.45.74 "GET /v2.0/networks/2455acf3-4aa0-4cfe-ad4a-b696475e9fe1?fields=segments HTTP/1.1" status: 200 len: 212 time: 0.1120515
2026-07-24 01:08:30.359 9 INFO neutron.wsgi [req-ada94ca3-c46f-4aa0-8a96-f1900d90a6f2 req-a747f544-6c96-429b-9a9f-d199a5a91060 5b1195e95bc648b98e3cd81287838f61 03e397f6b0c9450a88ac58208c027f30 - - 392ff6c0b2584d0ba60bd617569b29fb 392ff6c0b2584d0ba60bd617569b29fb] 199.204.45.74 "GET /v2.0/ports?tenant_id=aacb1246dc0b436982b73da5586f0a86&device_id=4f325912-8885-489c-92b3-c3c1efb214ea HTTP/1.1" status: 200 len: 1409 time: 0.0741339
2026-07-24 01:08:30.461 9 INFO neutron.wsgi [req-ada94ca3-c46f-4aa0-8a96-f1900d90a6f2 req-a6d93d1d-f7f0-4cc2-b22c-59c9576a90ec 5b1195e95bc648b98e3cd81287838f61 03e397f6b0c9450a88ac58208c027f30 - - 392ff6c0b2584d0ba60bd617569b29fb 392ff6c0b2584d0ba60bd617569b29fb] 199.204.45.74 "GET /v2.0/networks?id=2455acf3-4aa0-4cfe-ad4a-b696475e9fe1 HTTP/1.1" status: 200 len: 958 time: 0.0960722
2026-07-24 01:08:30.484 10 INFO neutron.wsgi [req-be6fb9cb-503f-43cc-97a0-b20bce352a8b req-2a09a84c-3577-48a5-82a0-6ecec8830d65 5b1195e95bc648b98e3cd81287838f61 03e397f6b0c9450a88ac58208c027f30 - - 392ff6c0b2584d0ba60bd617569b29fb 392ff6c0b2584d0ba60bd617569b29fb] 199.204.45.74 "GET /v2.0/networks/2455acf3-4aa0-4cfe-ad4a-b696475e9fe1?fields=provider%3Aphysical_network&fields=provider%3Anetwork_type HTTP/1.1" status: 200 len: 277 time: 0.1255069
2026-07-24 01:08:30.592 10 WARNING neutron.scheduler.dhcp_agent_scheduler [None req-b7809edf-627c-4516-9b98-3d6295810bc0 7d4695f6bb124324a16df3226de115b8 a9feb69038bb475bb80f0387a84224eb - - default default] No more DHCP agents
2026-07-24 01:08:30.596 10 WARNING neutron.api.rpc.agentnotifiers.dhcp_rpc_agent_api [None req-b7809edf-627c-4516-9b98-3d6295810bc0 7d4695f6bb124324a16df3226de115b8 a9feb69038bb475bb80f0387a84224eb - - default default] Unable to schedule network c1611f91-2cd7-433d-9d61-3fa71445fc8f: no agents available; will retry on subsequent port and subnet creation events.
2026-07-24 01:08:30.637 10 INFO neutron.db.ovn_revision_numbers_db [None req-b7809edf-627c-4516-9b98-3d6295810bc0 7d4695f6bb124324a16df3226de115b8 a9feb69038bb475bb80f0387a84224eb - - default default] Successfully bumped revision number for resource 8203cfe2-2f75-4c5f-b6c9-774cbc21f67c (type: subnets) to 0
2026-07-24 01:08:30.669 10 INFO neutron.wsgi [None req-b7809edf-627c-4516-9b98-3d6295810bc0 7d4695f6bb124324a16df3226de115b8 a9feb69038bb475bb80f0387a84224eb - - default default] 10.0.0.162 "POST /v2.0/subnets HTTP/1.1" status: 201 len: 848 time: 0.7833509
2026-07-24 01:08:30.686 10 WARNING neutron_lib.context [None req-d065ebda-1395-4cf2-9d33-25970376d554 7d4695f6bb124324a16df3226de115b8 a9feb69038bb475bb80f0387a84224eb - - default default] Method 'is_advsvc' is deprecated since 2023.2 release (neutron-lib 3.8.0) and will be removed once support for the old RBAC API policies will be removed from Neutron. Please use method 'is_service_role' instead.
2026-07-24 01:08:30.784 10 INFO neutron.db.segments_db [None req-d065ebda-1395-4cf2-9d33-25970376d554 7d4695f6bb124324a16df3226de115b8 a9feb69038bb475bb80f0387a84224eb - - default default] Added segment f18ab8df-cbbe-4df2-ad9c-b0fc5d36a2e5 of type geneve for network 7fca62f2-2a81-4a7a-abc3-a7e78a170087
2026-07-24 01:08:30.867 9 INFO neutron.wsgi [req-ada94ca3-c46f-4aa0-8a96-f1900d90a6f2 req-6be30264-d7f7-4d4c-83aa-dbc9ac5dad23 5b1195e95bc648b98e3cd81287838f61 03e397f6b0c9450a88ac58208c027f30 - - 392ff6c0b2584d0ba60bd617569b29fb 392ff6c0b2584d0ba60bd617569b29fb] 199.204.45.74 "GET /v2.0/floatingips?fixed_ip_address=10.100.0.7&port_id=225bb324-f0fb-4867-8c10-a7729e4cceeb HTTP/1.1" status: 200 len: 1059 time: 0.3964422
2026-07-24 01:08:30.908 9 INFO neutron.db.ovn_revision_numbers_db [None req-a2df7829-cc59-45bf-8d5f-414db0c191a3 62fae09fc55f4d6faa6cb2771886dd1f f0000d67e0dd44b3abf02eb78d769b2c - - default default] Successfully bumped revision number for resource 6f3c2cbc-a26f-4b37-93fc-138a421d3ea8 (type: security_groups) to 1
2026-07-24 01:08:30.922 9 INFO neutron.wsgi [req-ada94ca3-c46f-4aa0-8a96-f1900d90a6f2 req-b20b088b-3d1c-4017-9988-ab16ac864763 5b1195e95bc648b98e3cd81287838f61 03e397f6b0c9450a88ac58208c027f30 - - 392ff6c0b2584d0ba60bd617569b29fb 392ff6c0b2584d0ba60bd617569b29fb] 199.204.45.74 "GET /v2.0/subnets?id=f5e2f2fa-6f25-49b5-9e85-bed3b3cd1993 HTTP/1.1" status: 200 len: 853 time: 0.0472138
2026-07-24 01:08:30.930 9 INFO neutron.db.ovn_revision_numbers_db [None req-a2df7829-cc59-45bf-8d5f-414db0c191a3 62fae09fc55f4d6faa6cb2771886dd1f f0000d67e0dd44b3abf02eb78d769b2c - - default default] Successfully bumped revision number for resource 199118fd-bd0a-4b0f-adb5-9d0fbdffe8e8 (type: security_group_rules) to 0
2026-07-24 01:08:30.967 9 INFO neutron.wsgi [req-ada94ca3-c46f-4aa0-8a96-f1900d90a6f2 req-0564ba35-4310-424f-8815-2fd554ca4c1e 5b1195e95bc648b98e3cd81287838f61 03e397f6b0c9450a88ac58208c027f30 - - 392ff6c0b2584d0ba60bd617569b29fb 392ff6c0b2584d0ba60bd617569b29fb] 199.204.45.74 "GET /v2.0/ports?network_id=2455acf3-4aa0-4cfe-ad4a-b696475e9fe1&device_owner=network%3Adhcp HTTP/1.1" status: 200 len: 210 time: 0.0359659
2026-07-24 01:08:30.971 9 INFO neutron.db.ovn_revision_numbers_db [None req-a2df7829-cc59-45bf-8d5f-414db0c191a3 62fae09fc55f4d6faa6cb2771886dd1f f0000d67e0dd44b3abf02eb78d769b2c - - default default] Successfully bumped revision number for resource 28005102-5c0f-4add-acbb-b4eca2e8e2c9 (type: security_group_rules) to 0
2026-07-24 01:08:30.997 9 INFO neutron.db.ovn_revision_numbers_db [None req-a2df7829-cc59-45bf-8d5f-414db0c191a3 62fae09fc55f4d6faa6cb2771886dd1f f0000d67e0dd44b3abf02eb78d769b2c - - default default] Successfully bumped revision number for resource 4a66375b-b561-4de9-b6cb-bd14008023ed (type: security_group_rules) to 0
2026-07-24 01:08:31.013 10 INFO neutron.db.ovn_revision_numbers_db [None req-d065ebda-1395-4cf2-9d33-25970376d554 7d4695f6bb124324a16df3226de115b8 a9feb69038bb475bb80f0387a84224eb - - default default] Successfully bumped revision number for resource 7fca62f2-2a81-4a7a-abc3-a7e78a170087 (type: networks) to 1
2026-07-24 01:08:31.029 9 INFO neutron.db.ovn_revision_numbers_db [None req-a2df7829-cc59-45bf-8d5f-414db0c191a3 62fae09fc55f4d6faa6cb2771886dd1f f0000d67e0dd44b3abf02eb78d769b2c - - default default] Successfully bumped revision number for resource 84cf6e7e-6f00-444e-8ca7-9ed6be8019e9 (type: security_group_rules) to 0
2026-07-24 01:08:31.061 9 INFO neutron.wsgi [None req-a2df7829-cc59-45bf-8d5f-414db0c191a3 62fae09fc55f4d6faa6cb2771886dd1f f0000d67e0dd44b3abf02eb78d769b2c - - default default] 10.0.0.162 "GET /v2.0/security-groups?tenant_id=21eb84622fdc4e42a2ef1a3f3bcdf041&name=default HTTP/1.1" status: 200 len: 2996 time: 0.9267271
2026-07-24 01:08:31.070 9 INFO neutron.wsgi [req-ada94ca3-c46f-4aa0-8a96-f1900d90a6f2 req-a36a10f2-8bae-4b5f-b032-0016ec683135 5b1195e95bc648b98e3cd81287838f61 03e397f6b0c9450a88ac58208c027f30 - - 392ff6c0b2584d0ba60bd617569b29fb 392ff6c0b2584d0ba60bd617569b29fb] 199.204.45.74 "GET /v2.0/networks/2455acf3-4aa0-4cfe-ad4a-b696475e9fe1?fields=segments HTTP/1.1" status: 200 len: 212 time: 0.0940669
2026-07-24 01:08:31.074 9 INFO neutron.plugins.ml2.drivers.ovn.mech_driver.mech_driver [None req-0fa86b58-638e-483a-8b43-55a5768edc70 - - - - - -] OVN reports status up for port: 78da120e-1f25-4668-8eda-9adc09f9729b
2026-07-24 01:08:31.093 9 INFO neutron.plugins.ml2.plugin [None req-0fa86b58-638e-483a-8b43-55a5768edc70 - - - - - -] Attempt 1 to provision port 78da120e-1f25-4668-8eda-9adc09f9729b
2026-07-24 01:08:31.147 10 INFO neutron.db.ovn_revision_numbers_db [None req-138b442c-f4f2-42d2-b373-299bef803d47 ad4649d1f215432885c84f47dc464689 653340514813435b91e388c8237dcfe8 - - default default] Successfully bumped revision number for resource 78da120e-1f25-4668-8eda-9adc09f9729b (type: router_ports) to 1
2026-07-24 01:08:31.156 9 INFO neutron.wsgi [req-ada94ca3-c46f-4aa0-8a96-f1900d90a6f2 req-8bf4b59e-af8e-4942-b289-721210c366ff 5b1195e95bc648b98e3cd81287838f61 03e397f6b0c9450a88ac58208c027f30 - - 392ff6c0b2584d0ba60bd617569b29fb 392ff6c0b2584d0ba60bd617569b29fb] 199.204.45.74 "GET /v2.0/networks/2455acf3-4aa0-4cfe-ad4a-b696475e9fe1?fields=provider%3Aphysical_network&fields=provider%3Anetwork_type HTTP/1.1" status: 200 len: 277 time: 0.0800419
2026-07-24 01:08:31.272 10 INFO neutron.db.ovn_revision_numbers_db [None req-138b442c-f4f2-42d2-b373-299bef803d47 ad4649d1f215432885c84f47dc464689 653340514813435b91e388c8237dcfe8 - - default default] Successfully bumped revision number for resource c4fa0d3a-3f3b-45cb-9f11-6928b1a61072 (type: routers) to 2
2026-07-24 01:08:31.302 10 INFO neutron.wsgi [None req-138b442c-f4f2-42d2-b373-299bef803d47 ad4649d1f215432885c84f47dc464689 653340514813435b91e388c8237dcfe8 - - default default] 10.0.0.162 "POST /v2.0/routers HTTP/1.1" status: 201 len: 868 time: 2.1164937
2026-07-24 01:08:31.303 10 WARNING neutron.scheduler.dhcp_agent_scheduler [None req-d065ebda-1395-4cf2-9d33-25970376d554 7d4695f6bb124324a16df3226de115b8 a9feb69038bb475bb80f0387a84224eb - - default default] No more DHCP agents
2026-07-24 01:08:31.306 10 WARNING neutron.api.rpc.agentnotifiers.dhcp_rpc_agent_api [None req-d065ebda-1395-4cf2-9d33-25970376d554 7d4695f6bb124324a16df3226de115b8 a9feb69038bb475bb80f0387a84224eb - - default default] Unable to schedule network 7fca62f2-2a81-4a7a-abc3-a7e78a170087: no agents available; will retry on subsequent port and subnet creation events.
2026-07-24 01:08:31.398 9 INFO neutron.wsgi [None req-7989fb62-76cf-423f-9f6f-24bc75582571 ad4649d1f215432885c84f47dc464689 653340514813435b91e388c8237dcfe8 - - default default] 10.0.0.162 "GET /v2.0/routers/c4fa0d3a-3f3b-45cb-9f11-6928b1a61072 HTTP/1.1" status: 200 len: 869 time: 0.0911102
2026-07-24 01:08:31.408 10 INFO neutron.db.ovn_revision_numbers_db [None req-d065ebda-1395-4cf2-9d33-25970376d554 7d4695f6bb124324a16df3226de115b8 a9feb69038bb475bb80f0387a84224eb - - default default] Successfully bumped revision number for resource dec4889c-4c35-491f-b5ca-009ec7272824 (type: ports) to 1
2026-07-24 01:08:31.431 10 INFO neutron.wsgi [None req-d065ebda-1395-4cf2-9d33-25970376d554 7d4695f6bb124324a16df3226de115b8 a9feb69038bb475bb80f0387a84224eb - - default default] 10.0.0.162 "POST /v2.0/networks HTTP/1.1" status: 201 len: 847 time: 0.7496514
2026-07-24 01:08:31.455 10 INFO neutron.wsgi [None req-af6448c7-d08d-48a1-a425-0ec4a8e602c4 62fae09fc55f4d6faa6cb2771886dd1f f0000d67e0dd44b3abf02eb78d769b2c - - default default] 10.0.0.162 "DELETE /v2.0/security-groups/6f3c2cbc-a26f-4b37-93fc-138a421d3ea8 HTTP/1.1" status: 204 len: 168 time: 0.3881726
2026-07-24 01:08:31.524 9 INFO neutron.wsgi [None req-d8f54fa3-9f02-4091-9ee0-0242aba20d57 ad4649d1f215432885c84f47dc464689 653340514813435b91e388c8237dcfe8 - - default default] 10.0.0.162 "GET /v2.0/routers HTTP/1.1" status: 200 len: 872 time: 0.1210856
2026-07-24 01:08:31.657 10 INFO neutron.db.ovn_revision_numbers_db [None req-396afe02-f4f7-4d95-b61d-2e3720f446f9 7d4695f6bb124324a16df3226de115b8 a9feb69038bb475bb80f0387a84224eb - - default default] Successfully bumped revision number for resource 7fca62f2-2a81-4a7a-abc3-a7e78a170087 (type: networks) to 2
2026-07-24 01:08:31.661 10 INFO neutron.wsgi [None req-396afe02-f4f7-4d95-b61d-2e3720f446f9 7d4695f6bb124324a16df3226de115b8 a9feb69038bb475bb80f0387a84224eb - - default default] 10.0.0.162 "PUT /v2.0/networks/7fca62f2-2a81-4a7a-abc3-a7e78a170087 HTTP/1.1" status: 200 len: 792 time: 0.2253773
2026-07-24 01:08:31.673 10 WARNING neutron_lib.context [None req-9ca4d62c-a81e-4fa7-8ec6-654240d186c9 7d4695f6bb124324a16df3226de115b8 a9feb69038bb475bb80f0387a84224eb - - default default] Method 'is_advsvc' is deprecated since 2023.2 release (neutron-lib 3.8.0) and will be removed once support for the old RBAC API policies will be removed from Neutron. Please use method 'is_service_role' instead.
2026-07-24 01:08:31.737 10 INFO neutron.db.ovn_revision_numbers_db [None req-cc587419-d394-49e1-b5d1-9bb3c4964348 62fae09fc55f4d6faa6cb2771886dd1f f0000d67e0dd44b3abf02eb78d769b2c - - default default] Successfully bumped revision number for resource b2f10592-5a0d-4370-a47e-166f1d54407c (type: security_groups) to 1
2026-07-24 01:08:31.757 10 INFO neutron.db.ovn_revision_numbers_db [None req-cc587419-d394-49e1-b5d1-9bb3c4964348 62fae09fc55f4d6faa6cb2771886dd1f f0000d67e0dd44b3abf02eb78d769b2c - - default default] Successfully bumped revision number for resource 4394b9cb-428e-40c5-a256-0817ca6ccedc (type: security_group_rules) to 0
2026-07-24 01:08:31.794 10 WARNING neutron.plugins.ml2.drivers.ovn.mech_driver.ovsdb.ovn_client [None req-29f8e175-0d43-4339-bf53-5e1516680da6 - - - - - -] No port found with ID 1a9bd314-2a76-4390-be9b-4e4d00cbde39: RuntimeError: No port found with ID 1a9bd314-2a76-4390-be9b-4e4d00cbde39
2026-07-24 01:08:31.805 10 INFO neutron.db.ovn_revision_numbers_db [None req-cc587419-d394-49e1-b5d1-9bb3c4964348 62fae09fc55f4d6faa6cb2771886dd1f f0000d67e0dd44b3abf02eb78d769b2c - - default default] Successfully bumped revision number for resource 86dafdfb-4e06-48d5-b26b-be041ef72f2d (type: security_group_rules) to 0
2026-07-24 01:08:31.838 10 INFO neutron.db.ovn_revision_numbers_db [None req-cc587419-d394-49e1-b5d1-9bb3c4964348 62fae09fc55f4d6faa6cb2771886dd1f f0000d67e0dd44b3abf02eb78d769b2c - - default default] Successfully bumped revision number for resource b9396fb5-603e-42e1-93f3-dc7893e3253f (type: security_group_rules) to 0
2026-07-24 01:08:31.862 10 INFO neutron.db.ovn_revision_numbers_db [None req-cc587419-d394-49e1-b5d1-9bb3c4964348 62fae09fc55f4d6faa6cb2771886dd1f f0000d67e0dd44b3abf02eb78d769b2c - - default default] Successfully bumped revision number for resource dd5c8d1e-c006-4b9c-b4c1-214ac93fadfd (type: security_group_rules) to 0
2026-07-24 01:08:31.904 10 INFO neutron.wsgi [None req-cc587419-d394-49e1-b5d1-9bb3c4964348 62fae09fc55f4d6faa6cb2771886dd1f f0000d67e0dd44b3abf02eb78d769b2c - - default default] 10.0.0.162 "GET /v2.0/security-groups?tenant_id=2e3ca4abf01c4c9487877ba52ed4371d&name=default HTTP/1.1" status: 200 len: 2996 time: 0.3456652
2026-07-24 01:08:31.994 10 WARNING neutron.scheduler.dhcp_agent_scheduler [None req-9ca4d62c-a81e-4fa7-8ec6-654240d186c9 7d4695f6bb124324a16df3226de115b8 a9feb69038bb475bb80f0387a84224eb - - default default] No more DHCP agents
2026-07-24 01:08:31.996 10 WARNING neutron.api.rpc.agentnotifiers.dhcp_rpc_agent_api [None req-9ca4d62c-a81e-4fa7-8ec6-654240d186c9 7d4695f6bb124324a16df3226de115b8 a9feb69038bb475bb80f0387a84224eb - - default default] Unable to schedule network 7fca62f2-2a81-4a7a-abc3-a7e78a170087: no agents available; will retry on subsequent port and subnet creation events.
2026-07-24 01:08:32.031 10 INFO neutron.db.ovn_revision_numbers_db [None req-9ca4d62c-a81e-4fa7-8ec6-654240d186c9 7d4695f6bb124324a16df3226de115b8 a9feb69038bb475bb80f0387a84224eb - - default default] Successfully bumped revision number for resource 7f4fc57a-0536-4de7-8b3b-42a372cc03bd (type: subnets) to 0
2026-07-24 01:08:32.048 10 INFO neutron.wsgi [None req-9ca4d62c-a81e-4fa7-8ec6-654240d186c9 7d4695f6bb124324a16df3226de115b8 a9feb69038bb475bb80f0387a84224eb - - default default] 10.0.0.162 "POST /v2.0/subnets HTTP/1.1" status: 201 len: 821 time: 0.3808162
2026-07-24 01:08:32.079 9 INFO neutron.db.ovn_revision_numbers_db [None req-fa84b5e1-4d5d-4524-910f-318bbca1df1e ad4649d1f215432885c84f47dc464689 653340514813435b91e388c8237dcfe8 - - default default] Successfully bumped revision number for resource c4fa0d3a-3f3b-45cb-9f11-6928b1a61072 (type: routers) to 3
2026-07-24 01:08:32.082 9 INFO neutron.wsgi [None req-fa84b5e1-4d5d-4524-910f-318bbca1df1e ad4649d1f215432885c84f47dc464689 653340514813435b91e388c8237dcfe8 - - default default] 10.0.0.162 "PUT /v2.0/routers/c4fa0d3a-3f3b-45cb-9f11-6928b1a61072 HTTP/1.1" status: 200 len: 876 time: 0.5522726
2026-07-24 01:08:32.191 9 INFO neutron.wsgi [None req-90ababeb-2004-49bf-8a13-12c7443d0272 62fae09fc55f4d6faa6cb2771886dd1f f0000d67e0dd44b3abf02eb78d769b2c - - default default] 10.0.0.162 "DELETE /v2.0/security-groups/b2f10592-5a0d-4370-a47e-166f1d54407c HTTP/1.1" status: 204 len: 168 time: 0.2814705
2026-07-24 01:08:32.425 9 INFO neutron.wsgi [None req-ff0bc423-49df-4e54-a285-771b27bd5c6b 62fae09fc55f4d6faa6cb2771886dd1f f0000d67e0dd44b3abf02eb78d769b2c - - default default] 10.0.0.162 "GET /v2.0/security-groups?tenant_id=ac2449a27f8f44b38ec76740ffcc4666&name=default HTTP/1.1" status: 200 len: 2996 time: 0.0511727
2026-07-24 01:08:32.432 10 INFO neutron.wsgi [None req-a6ef6d20-c9a7-4cf4-a5a3-3094e54a2914 ad4649d1f215432885c84f47dc464689 653340514813435b91e388c8237dcfe8 - - default default] 10.0.0.162 "GET /v2.0/routers/c4fa0d3a-3f3b-45cb-9f11-6928b1a61072 HTTP/1.1" status: 200 len: 876 time: 0.3424034
2026-07-24 01:08:32.462 9 INFO neutron.wsgi [None req-ce75fa8c-6587-4a28-a666-ce655436e8db ad4649d1f215432885c84f47dc464689 653340514813435b91e388c8237dcfe8 - - default default] 10.0.0.162 "GET /v2.0/ports?device_id=c4fa0d3a-3f3b-45cb-9f11-6928b1a61072 HTTP/1.1" status: 200 len: 205 time: 0.0239127
2026-07-24 01:08:32.644 9 INFO neutron.wsgi [None req-c927b23c-ce86-4b08-9785-8f581c3f4ff0 62fae09fc55f4d6faa6cb2771886dd1f f0000d67e0dd44b3abf02eb78d769b2c - - default default] 10.0.0.162 "DELETE /v2.0/security-groups/fbee3d46-a29b-45a7-92c8-10c650e55edb HTTP/1.1" status: 204 len: 168 time: 0.2159379
2026-07-24 01:08:33.335 10 INFO neutron.db.ovn_revision_numbers_db [None req-1c820338-bf13-4b10-9184-ffbfabf124fa 7d4695f6bb124324a16df3226de115b8 a9feb69038bb475bb80f0387a84224eb - - default default] Successfully bumped revision number for resource dec4889c-4c35-491f-b5ca-009ec7272824 (type: ports) to 2
2026-07-24 01:08:33.411 10 INFO neutron.db.ovn_revision_numbers_db [None req-1c820338-bf13-4b10-9184-ffbfabf124fa 7d4695f6bb124324a16df3226de115b8 a9feb69038bb475bb80f0387a84224eb - - default default] Successfully bumped revision number for resource 7f4fc57a-0536-4de7-8b3b-42a372cc03bd (type: subnets) to 1
2026-07-24 01:08:33.414 10 INFO neutron.wsgi [None req-1c820338-bf13-4b10-9184-ffbfabf124fa 7d4695f6bb124324a16df3226de115b8 a9feb69038bb475bb80f0387a84224eb - - default default] 10.0.0.162 "PUT /v2.0/subnets/7f4fc57a-0536-4de7-8b3b-42a372cc03bd HTTP/1.1" status: 200 len: 826 time: 1.3583331
2026-07-24 01:08:33.625 10 INFO neutron.wsgi [None req-f9f9fe37-235c-4606-8794-702d36514077 ad4649d1f215432885c84f47dc464689 653340514813435b91e388c8237dcfe8 - - default default] 10.0.0.162 "DELETE /v2.0/routers/c4fa0d3a-3f3b-45cb-9f11-6928b1a61072 HTTP/1.1" status: 204 len: 168 time: 1.1574919
2026-07-24 01:08:33.654 9 INFO neutron.wsgi [None req-6cdb1791-7d3e-48e5-9595-3b2815a4fae9 62fae09fc55f4d6faa6cb2771886dd1f f0000d67e0dd44b3abf02eb78d769b2c - - default default] 10.0.0.178 "GET /v2.0/agents HTTP/1.1" status: 200 len: 997 time: 0.1755357
2026-07-24 01:08:33.657 10 INFO neutron.wsgi [None req-a5fcd3cc-e1c6-4823-ba4d-27972a2731a0 ad4649d1f215432885c84f47dc464689 653340514813435b91e388c8237dcfe8 - - default default] 10.0.0.162 "GET /v2.0/ports?device_id=c4fa0d3a-3f3b-45cb-9f11-6928b1a61072 HTTP/1.1" status: 200 len: 205 time: 0.0255947
2026-07-24 01:08:33.696 10 INFO neutron.api.v2.resource [None req-9f1db2c0-a416-4a71-bb39-fbbb16534568 ad4649d1f215432885c84f47dc464689 653340514813435b91e388c8237dcfe8 - - default default] delete failed (client error): The resource could not be found.
2026-07-24 01:08:33.698 10 INFO neutron.wsgi [None req-9f1db2c0-a416-4a71-bb39-fbbb16534568 ad4649d1f215432885c84f47dc464689 653340514813435b91e388c8237dcfe8 - - default default] 10.0.0.162 "DELETE /v2.0/routers/c4fa0d3a-3f3b-45cb-9f11-6928b1a61072 HTTP/1.1" status: 404 len: 336 time: 0.0329862
2026-07-24 01:08:33.725 10 INFO neutron.wsgi [None req-4e66c2af-5616-4d95-867c-2e742cbcdc56 ad4649d1f215432885c84f47dc464689 653340514813435b91e388c8237dcfe8 - - default default] 10.0.0.162 "GET /v2.0/ports?device_id=f1a7ac87-e3b8-4515-841c-bae0a273c707 HTTP/1.1" status: 200 len: 205 time: 0.0221400
2026-07-24 01:08:33.726 9 INFO neutron.wsgi [None req-010dfca9-7f13-477b-a572-af587156fc9a 62fae09fc55f4d6faa6cb2771886dd1f f0000d67e0dd44b3abf02eb78d769b2c - - default default] 10.0.0.178 "GET /v2.0/floatingips HTTP/1.1" status: 200 len: 1035 time: 0.0715930
2026-07-24 01:08:33.750 10 INFO neutron.api.v2.resource [None req-dc8e2983-b96e-48ff-b411-42d22c30d891 ad4649d1f215432885c84f47dc464689 653340514813435b91e388c8237dcfe8 - - default default] delete failed (client error): The resource could not be found.
2026-07-24 01:08:33.751 10 INFO neutron.wsgi [None req-dc8e2983-b96e-48ff-b411-42d22c30d891 ad4649d1f215432885c84f47dc464689 653340514813435b91e388c8237dcfe8 - - default default] 10.0.0.162 "DELETE /v2.0/routers/f1a7ac87-e3b8-4515-841c-bae0a273c707 HTTP/1.1" status: 404 len: 336 time: 0.0217309
2026-07-24 01:08:33.769 10 INFO neutron.pecan_wsgi.hooks.translation [None req-5727c22d-9a21-47c7-baeb-3acbb5c1de5e ad4649d1f215432885c84f47dc464689 653340514813435b91e388c8237dcfe8 - - default default] DELETE failed (client error): The resource could not be found.
2026-07-24 01:08:33.771 10 INFO neutron.wsgi [None req-5727c22d-9a21-47c7-baeb-3acbb5c1de5e ad4649d1f215432885c84f47dc464689 653340514813435b91e388c8237dcfe8 - - default default] 10.0.0.162 "DELETE /v2.0/subnets/83ffa312-13b9-4b77-8e1f-e7cc73f25bd1 HTTP/1.1" status: 404 len: 337 time: 0.0152826
2026-07-24 01:08:33.797 10 INFO neutron.wsgi [None req-e99a8217-d5cc-4b18-ae42-679e9665a3f8 ad4649d1f215432885c84f47dc464689 653340514813435b91e388c8237dcfe8 - - default default] 10.0.0.162 "GET /v2.0/ports?device_id=3cb4d3ca-d50a-4257-8bc2-7f2c0ba31955 HTTP/1.1" status: 200 len: 205 time: 0.0197132
2026-07-24 01:08:33.818 10 INFO neutron.api.v2.resource [None req-960168fa-2625-4375-86b1-249b79867914 ad4649d1f215432885c84f47dc464689 653340514813435b91e388c8237dcfe8 - - default default] delete failed (client error): The resource could not be found.
2026-07-24 01:08:33.820 10 INFO neutron.wsgi [None req-960168fa-2625-4375-86b1-249b79867914 ad4649d1f215432885c84f47dc464689 653340514813435b91e388c8237dcfe8 - - default default] 10.0.0.162 "DELETE /v2.0/routers/3cb4d3ca-d50a-4257-8bc2-7f2c0ba31955 HTTP/1.1" status: 404 len: 336 time: 0.0193679
2026-07-24 01:08:33.836 10 INFO neutron.pecan_wsgi.hooks.translation [None req-540b7309-3477-4c91-a2a4-57c42c24e730 ad4649d1f215432885c84f47dc464689 653340514813435b91e388c8237dcfe8 - - default default] DELETE failed (client error): The resource could not be found.
2026-07-24 01:08:33.838 10 INFO neutron.wsgi [None req-540b7309-3477-4c91-a2a4-57c42c24e730 ad4649d1f215432885c84f47dc464689 653340514813435b91e388c8237dcfe8 - - default default] 10.0.0.162 "DELETE /v2.0/subnets/cc71c789-1104-44df-8636-a3f269241e61 HTTP/1.1" status: 404 len: 337 time: 0.0149109
2026-07-24 01:08:33.859 10 INFO neutron.wsgi [None req-da5d970e-edff-48f2-81e3-77cdbb04762e ad4649d1f215432885c84f47dc464689 653340514813435b91e388c8237dcfe8 - - default default] 10.0.0.162 "GET /v2.0/ports?device_id=e282e95c-b553-4570-99ac-2be7e26611b7 HTTP/1.1" status: 200 len: 205 time: 0.0162818
2026-07-24 01:08:33.861 9 INFO neutron.wsgi [None req-00fe6b5f-44dd-4c5c-a053-c776006512d2 62fae09fc55f4d6faa6cb2771886dd1f f0000d67e0dd44b3abf02eb78d769b2c - - default default] 10.0.0.178 "GET /v2.0/networks HTTP/1.1" status: 200 len: 4580 time: 0.1338520
2026-07-24 01:08:33.897 10 INFO neutron.api.v2.resource [None req-181b126e-c697-4acc-b891-7ae426cb6f40 ad4649d1f215432885c84f47dc464689 653340514813435b91e388c8237dcfe8 - - default default] delete failed (client error): The resource could not be found.
2026-07-24 01:08:33.899 10 INFO neutron.wsgi [None req-181b126e-c697-4acc-b891-7ae426cb6f40 ad4649d1f215432885c84f47dc464689 653340514813435b91e388c8237dcfe8 - - default default] 10.0.0.162 "DELETE /v2.0/routers/e282e95c-b553-4570-99ac-2be7e26611b7 HTTP/1.1" status: 404 len: 336 time: 0.0350006
2026-07-24 01:08:33.948 10 INFO neutron.pecan_wsgi.hooks.translation [None req-dbf30adf-a413-48e3-8a6c-a0cb1dfc7b81 ad4649d1f215432885c84f47dc464689 653340514813435b91e388c8237dcfe8 - - default default] DELETE failed (client error): The resource could not be found.
2026-07-24 01:08:33.950 10 INFO neutron.wsgi [None req-dbf30adf-a413-48e3-8a6c-a0cb1dfc7b81 ad4649d1f215432885c84f47dc464689 653340514813435b91e388c8237dcfe8 - - default default] 10.0.0.162 "DELETE /v2.0/subnets/024d24ce-6dc0-4903-aece-e9a8d33ec4d6 HTTP/1.1" status: 404 len: 337 time: 0.0432489
