2026-07-24 01:09:35.454 9 INFO neutron.services.segments.plugin [-] Segment 32c36dff-bd49-4af5-a3d9-ed4784334499 resource provider not found; error: Placement Client Error (4xx): {"errors": [{"status": 404, "title": "Not Found", "detail": "The resource could not be found.\n\n No resource provider with uuid 32c36dff-bd49-4af5-a3d9-ed4784334499 found for delete ", "request_id": "req-3bfc5640-7f82-4e43-bec0-21d2727d07ab"}]}
2026-07-24 01:09:35.455 9 INFO neutron.services.segments.plugin [-] Segment 32c36dff-bd49-4af5-a3d9-ed4784334499 resource provider not found; error: Placement Client Error (4xx): {"errors": [{"status": 404, "title": "Not Found", "detail": "The resource could not be found.\n\n No resource provider with uuid 32c36dff-bd49-4af5-a3d9-ed4784334499 found for delete ", "request_id": "req-00ea7e82-df71-45cf-a81a-7a1c490d35ee"}]}
2026-07-24 01:09:35.547 9 INFO neutron.wsgi [req-95768bbd-4326-448a-8e40-135a9c596bbb req-d0ef6a52-c212-4d83-acdd-5afd6bb043f9 a3694ce826d4475d95ed35f0ba69984d 248afb83310c4a28bbd492a642c660f0 - - default default] 199.204.45.74 "GET /v2.0/networks?id=f72ba205-003e-4b68-ab72-9a14ccb2b987 HTTP/1.1" status: 200 len: 904 time: 0.1373582
2026-07-24 01:09:35.554 9 INFO neutron.wsgi [req-75216070-1f41-4b13-af1d-69728d093064 req-e17ff8a5-f3aa-4d01-8133-a2234bde4fca 42f553454a7844ee886f8eaa84cfc335 c02997d6906a42d2a5620f7628fea112 - - default default] 10.0.0.130 "GET /v2.0/ports?tenant_id=c02997d6906a42d2a5620f7628fea112&fields=id HTTP/1.1" status: 200 len: 302 time: 0.4471197
2026-07-24 01:09:35.593 9 INFO neutron.wsgi [None req-e1251359-07c0-4fd2-aec1-9d92edd5fd3e 84b6431e99b8407aaaa6e6b0228c0294 a7eb193d6f184d70bb57d47cddc6cad7 - - default default] 10.0.0.162 "DELETE /v2.0/networks/17dd91ca-365f-4cea-9a64-11a2f1fdf24d HTTP/1.1" status: 204 len: 168 time: 0.8857005
2026-07-24 01:09:35.642 9 INFO neutron.wsgi [req-95768bbd-4326-448a-8e40-135a9c596bbb req-0f617c49-4e5e-4abd-a63d-023be1a3dab6 a3694ce826d4475d95ed35f0ba69984d 248afb83310c4a28bbd492a642c660f0 - - default default] 199.204.45.74 "GET /v2.0/security-groups?fields=id&fields=name&tenant_id=248afb83310c4a28bbd492a642c660f0 HTTP/1.1" status: 200 len: 377 time: 0.0847328
2026-07-24 01:09:35.655 9 WARNING neutron_lib.context [req-95768bbd-4326-448a-8e40-135a9c596bbb req-531991d3-ec05-4f89-bbc9-79f224cb27f3 a3694ce826d4475d95ed35f0ba69984d 248afb83310c4a28bbd492a642c660f0 - - default default] Method 'is_advsvc' is deprecated since 2023.2 release (neutron-lib 3.8.0) and will be removed once support for the old RBAC API policies will be removed from Neutron. Please use method 'is_service_role' instead.
2026-07-24 01:09:35.667 9 INFO neutron.wsgi [req-75216070-1f41-4b13-af1d-69728d093064 req-5e5cb989-55fc-43e8-84fb-a0241057b3e2 5b1195e95bc648b98e3cd81287838f61 03e397f6b0c9450a88ac58208c027f30 - - 392ff6c0b2584d0ba60bd617569b29fb 392ff6c0b2584d0ba60bd617569b29fb] 10.0.0.130 "GET /v2.0/networks/90d2511b-0e0b-4d84-b64b-adb097ad96ba?fields=segments HTTP/1.1" status: 200 len: 212 time: 0.0986004
2026-07-24 01:09:35.748 10 INFO neutron.db.ovn_revision_numbers_db [None req-29f8e175-0d43-4339-bf53-5e1516680da6 - - - - - -] Successfully bumped revision number for resource 1b628860-f8b5-484d-83f2-2271088c83c4 (type: ports) to 2
2026-07-24 01:09:35.770 9 INFO neutron.wsgi [req-75216070-1f41-4b13-af1d-69728d093064 req-da71e0b9-3d6f-41f5-995a-e1b5b1d61212 5b1195e95bc648b98e3cd81287838f61 03e397f6b0c9450a88ac58208c027f30 - - 392ff6c0b2584d0ba60bd617569b29fb 392ff6c0b2584d0ba60bd617569b29fb] 10.0.0.130 "GET /v2.0/networks/90d2511b-0e0b-4d84-b64b-adb097ad96ba?fields=provider%3Aphysical_network&fields=provider%3Anetwork_type HTTP/1.1" status: 200 len: 277 time: 0.0977178
2026-07-24 01:09:36.048 10 INFO neutron.db.ovn_revision_numbers_db [None req-29f8e175-0d43-4339-bf53-5e1516680da6 - - - - - -] Successfully bumped revision number for resource 1b628860-f8b5-484d-83f2-2271088c83c4 (type: router_ports) to 2
2026-07-24 01:09:36.051 9 INFO neutron.wsgi [req-d219f201-545c-4ba0-8cb2-30ac9f51d237 req-97e47059-bc1f-4eeb-bfa6-b776510738cf 42f553454a7844ee886f8eaa84cfc335 c02997d6906a42d2a5620f7628fea112 - - default default] 10.0.0.130 "GET /v2.0/ports?device_id=3a5abda2-00d5-408d-b7b5-3204067de792 HTTP/1.1" status: 200 len: 210 time: 0.0296121
2026-07-24 01:09:36.325 9 WARNING neutron.scheduler.dhcp_agent_scheduler [req-95768bbd-4326-448a-8e40-135a9c596bbb req-531991d3-ec05-4f89-bbc9-79f224cb27f3 a3694ce826d4475d95ed35f0ba69984d 248afb83310c4a28bbd492a642c660f0 - - default default] No more DHCP agents
2026-07-24 01:09:36.328 9 WARNING neutron.api.rpc.agentnotifiers.dhcp_rpc_agent_api [req-95768bbd-4326-448a-8e40-135a9c596bbb req-531991d3-ec05-4f89-bbc9-79f224cb27f3 a3694ce826d4475d95ed35f0ba69984d 248afb83310c4a28bbd492a642c660f0 - - default default] Unable to schedule network f72ba205-003e-4b68-ab72-9a14ccb2b987: no agents available; will retry on subsequent port and subnet creation events.
2026-07-24 01:09:36.383 10 INFO neutron.services.segments.plugin [-] Segment d9e2fb78-cd28-4430-9712-637661a902b1 resource provider aggregate not found
2026-07-24 01:09:36.388 10 INFO neutron.services.segments.plugin [-] Segment d9e2fb78-cd28-4430-9712-637661a902b1 resource provider aggregate not found
2026-07-24 01:09:36.407 10 INFO neutron.services.segments.plugin [-] Segment d9e2fb78-cd28-4430-9712-637661a902b1 resource provider not found; error: Placement Client Error (4xx): {"errors": [{"status": 404, "title": "Not Found", "detail": "The resource could not be found.\n\n No resource provider with uuid d9e2fb78-cd28-4430-9712-637661a902b1 found for delete ", "request_id": "req-4daca49b-0c67-48ff-b43d-263ed557ec5c"}]}
2026-07-24 01:09:36.415 10 INFO neutron.services.segments.plugin [-] Segment d9e2fb78-cd28-4430-9712-637661a902b1 resource provider not found; error: Placement Client Error (4xx): {"errors": [{"status": 404, "title": "Not Found", "detail": "The resource could not be found.\n\n No resource provider with uuid d9e2fb78-cd28-4430-9712-637661a902b1 found for delete ", "request_id": "req-35725b27-92eb-4c86-9016-7481983a31e7"}]}
2026-07-24 01:09:36.584 10 INFO neutron.wsgi [None req-8d4d7f2b-9895-41da-b32b-5d71d3f07a6d 84b6431e99b8407aaaa6e6b0228c0294 a7eb193d6f184d70bb57d47cddc6cad7 - - default default] 10.0.0.162 "DELETE /v2.0/networks/6a775bc5-b21d-4ee4-b26d-1c15a459c04e HTTP/1.1" status: 204 len: 168 time: 0.9819775
2026-07-24 01:09:36.589 9 INFO neutron.db.ovn_revision_numbers_db [req-95768bbd-4326-448a-8e40-135a9c596bbb req-531991d3-ec05-4f89-bbc9-79f224cb27f3 a3694ce826d4475d95ed35f0ba69984d 248afb83310c4a28bbd492a642c660f0 - - default default] Successfully bumped revision number for resource ca56a986-d2b1-4889-944f-2414ea60d9b0 (type: ports) to 1
2026-07-24 01:09:36.819 9 INFO neutron.wsgi [req-95768bbd-4326-448a-8e40-135a9c596bbb req-531991d3-ec05-4f89-bbc9-79f224cb27f3 a3694ce826d4475d95ed35f0ba69984d 248afb83310c4a28bbd492a642c660f0 - - default default] 199.204.45.74 "POST /v2.0/ports HTTP/1.1" status: 201 len: 1388 time: 1.1681857 /var/lib/openstack/lib/python3.10/site-packages/pycadf/identifier.py:71: UserWarning: Invalid uuid: neutron. To ensure interoperability, identifiers should be a valid uuid. warnings.warn(('Invalid uuid: %s. To ensure interoperability, '
2026-07-24 01:09:37.138 9 INFO neutron.wsgi [req-c2c156da-db08-424c-a635-ae7b5a3cc3e2 req-ce47232c-b67b-4602-af32-3e5fb333a7cf 42f553454a7844ee886f8eaa84cfc335 c02997d6906a42d2a5620f7628fea112 - - default default] 10.0.0.130 "GET /v2.0/ports?device_id=3a5abda2-00d5-408d-b7b5-3204067de792 HTTP/1.1" status: 200 len: 210 time: 0.0232763
2026-07-24 01:09:37.358 9 INFO neutron.db.ovn_revision_numbers_db [req-95768bbd-4326-448a-8e40-135a9c596bbb req-8d88db16-6d59-4b22-b3ef-497e6bc593f7 5b1195e95bc648b98e3cd81287838f61 03e397f6b0c9450a88ac58208c027f30 - - 392ff6c0b2584d0ba60bd617569b29fb 392ff6c0b2584d0ba60bd617569b29fb] Successfully bumped revision number for resource ca56a986-d2b1-4889-944f-2414ea60d9b0 (type: ports) to 2
2026-07-24 01:09:37.429 10 INFO neutron.wsgi [req-75216070-1f41-4b13-af1d-69728d093064 req-de870fd4-32ba-4528-8480-b391e6adb936 42f553454a7844ee886f8eaa84cfc335 c02997d6906a42d2a5620f7628fea112 - - default default] 199.204.45.74 "GET /v2.0/networks?id=90d2511b-0e0b-4d84-b64b-adb097ad96ba HTTP/1.1" status: 200 len: 872 time: 0.0957451
2026-07-24 01:09:37.492 9 INFO neutron.services.segments.plugin [-] Segment fec3e914-b2a1-498c-931d-ec31dc49aedc resource provider aggregate not found
2026-07-24 01:09:37.500 9 INFO neutron.services.segments.plugin [-] Segment fec3e914-b2a1-498c-931d-ec31dc49aedc resource provider aggregate not found
2026-07-24 01:09:37.503 10 INFO neutron.wsgi [req-75216070-1f41-4b13-af1d-69728d093064 req-44f4636a-1512-433e-aabb-06716b9d362a 42f553454a7844ee886f8eaa84cfc335 c02997d6906a42d2a5620f7628fea112 - - default default] 199.204.45.74 "GET /v2.0/security-groups?fields=id&fields=name&tenant_id=c02997d6906a42d2a5620f7628fea112 HTTP/1.1" status: 200 len: 473 time: 0.0683496
2026-07-24 01:09:37.520 9 INFO neutron.services.segments.plugin [-] Segment fec3e914-b2a1-498c-931d-ec31dc49aedc resource provider not found; error: Placement Client Error (4xx): {"errors": [{"status": 404, "title": "Not Found", "detail": "The resource could not be found.\n\n No resource provider with uuid fec3e914-b2a1-498c-931d-ec31dc49aedc found for delete ", "request_id": "req-84af7092-2d92-4712-a1aa-e87b74f5a24b"}]}
2026-07-24 01:09:37.535 9 INFO neutron.services.segments.plugin [-] Segment fec3e914-b2a1-498c-931d-ec31dc49aedc resource provider not found; error: Placement Client Error (4xx): {"errors": [{"status": 404, "title": "Not Found", "detail": "The resource could not be found.\n\n No resource provider with uuid fec3e914-b2a1-498c-931d-ec31dc49aedc found for delete ", "request_id": "req-0fc580cf-d766-480d-a3e3-d2aad6e8c6d2"}]}
2026-07-24 01:09:37.535 10 WARNING neutron_lib.context [req-75216070-1f41-4b13-af1d-69728d093064 req-08ea1e20-1b55-4132-b9bd-6128db92d863 42f553454a7844ee886f8eaa84cfc335 c02997d6906a42d2a5620f7628fea112 - - default default] Method 'is_advsvc' is deprecated since 2023.2 release (neutron-lib 3.8.0) and will be removed once support for the old RBAC API policies will be removed from Neutron. Please use method 'is_service_role' instead.
2026-07-24 01:09:37.586 9 INFO neutron.db.ovn_revision_numbers_db [req-95768bbd-4326-448a-8e40-135a9c596bbb req-8d88db16-6d59-4b22-b3ef-497e6bc593f7 5b1195e95bc648b98e3cd81287838f61 03e397f6b0c9450a88ac58208c027f30 - - 392ff6c0b2584d0ba60bd617569b29fb 392ff6c0b2584d0ba60bd617569b29fb] Successfully bumped revision number for resource ca56a986-d2b1-4889-944f-2414ea60d9b0 (type: ports) to 2
2026-07-24 01:09:37.611 9 INFO neutron.wsgi [req-95768bbd-4326-448a-8e40-135a9c596bbb req-8d88db16-6d59-4b22-b3ef-497e6bc593f7 5b1195e95bc648b98e3cd81287838f61 03e397f6b0c9450a88ac58208c027f30 - - 392ff6c0b2584d0ba60bd617569b29fb 392ff6c0b2584d0ba60bd617569b29fb] 199.204.45.74 "PUT /v2.0/ports/ca56a986-d2b1-4889-944f-2414ea60d9b0 HTTP/1.1" status: 200 len: 1605 time: 0.7856324 /var/lib/openstack/lib/python3.10/site-packages/pycadf/identifier.py:71: UserWarning: Invalid uuid: neutron. To ensure interoperability, identifiers should be a valid uuid. warnings.warn(('Invalid uuid: %s. To ensure interoperability, '
2026-07-24 01:09:37.665 9 INFO neutron.notifiers.nova [-] Nova event matching ['req-f7eec45b-b593-4974-a475-c0e1412235d1'] response: {'name': 'network-changed', 'server_uuid': '15f68ccd-b535-4447-a82e-8744dd768934', 'tag': 'ca56a986-d2b1-4889-944f-2414ea60d9b0', 'status': 'completed', 'code': 200}
2026-07-24 01:09:37.698 9 INFO neutron.wsgi [req-95768bbd-4326-448a-8e40-135a9c596bbb req-8a671b35-98a4-47d8-8e98-d7d755efcfde 5b1195e95bc648b98e3cd81287838f61 03e397f6b0c9450a88ac58208c027f30 - - 392ff6c0b2584d0ba60bd617569b29fb 392ff6c0b2584d0ba60bd617569b29fb] 199.204.45.74 "GET /v2.0/ports?tenant_id=248afb83310c4a28bbd492a642c660f0&device_id=15f68ccd-b535-4447-a82e-8744dd768934 HTTP/1.1" status: 200 len: 1636 time: 0.0529189
2026-07-24 01:09:37.742 9 INFO neutron.wsgi [req-95768bbd-4326-448a-8e40-135a9c596bbb req-d69737a4-d9e3-4355-939e-5750cfa53711 5b1195e95bc648b98e3cd81287838f61 03e397f6b0c9450a88ac58208c027f30 - - 392ff6c0b2584d0ba60bd617569b29fb 392ff6c0b2584d0ba60bd617569b29fb] 199.204.45.74 "GET /v2.0/floatingips?fixed_ip_address=10.2.1.128&port_id=ca56a986-d2b1-4889-944f-2414ea60d9b0 HTTP/1.1" status: 200 len: 217 time: 0.0376563
2026-07-24 01:09:37.776 9 INFO neutron.wsgi [req-95768bbd-4326-448a-8e40-135a9c596bbb req-9ede97cc-ead0-4f55-8cb9-b59d32420ec3 5b1195e95bc648b98e3cd81287838f61 03e397f6b0c9450a88ac58208c027f30 - - 392ff6c0b2584d0ba60bd617569b29fb 392ff6c0b2584d0ba60bd617569b29fb] 199.204.45.74 "GET /v2.0/floatingips?fixed_ip_address=fd7b%3Af9f7%3Afff%3A4eca%3A%3A3a9&port_id=ca56a986-d2b1-4889-944f-2414ea60d9b0 HTTP/1.1" status: 200 len: 217 time: 0.0234199
2026-07-24 01:09:37.839 9 INFO neutron.wsgi [req-95768bbd-4326-448a-8e40-135a9c596bbb req-4b679cf6-df8d-4b46-8e7b-7860bcdec964 5b1195e95bc648b98e3cd81287838f61 03e397f6b0c9450a88ac58208c027f30 - - 392ff6c0b2584d0ba60bd617569b29fb 392ff6c0b2584d0ba60bd617569b29fb] 199.204.45.74 "GET /v2.0/subnets?id=248017a3-e3dd-4d8e-822b-118f260d7882&id=1531db31-acb9-4814-92c8-7b541f7f9deb HTTP/1.1" status: 200 len: 1561 time: 0.0578744 /var/lib/openstack/lib/python3.10/site-packages/pycadf/identifier.py:71: UserWarning: Invalid uuid: neutron. To ensure interoperability, identifiers should be a valid uuid. warnings.warn(('Invalid uuid: %s. To ensure interoperability, '
2026-07-24 01:09:37.883 9 INFO neutron.wsgi [req-95768bbd-4326-448a-8e40-135a9c596bbb req-043a464d-96a8-417e-b71b-ec5a4a3709fe 5b1195e95bc648b98e3cd81287838f61 03e397f6b0c9450a88ac58208c027f30 - - 392ff6c0b2584d0ba60bd617569b29fb 392ff6c0b2584d0ba60bd617569b29fb] 199.204.45.74 "GET /v2.0/ports?network_id=f72ba205-003e-4b68-ab72-9a14ccb2b987&device_owner=network%3Adhcp HTTP/1.1" status: 200 len: 210 time: 0.0356860
2026-07-24 01:09:37.911 9 INFO neutron.wsgi [req-95768bbd-4326-448a-8e40-135a9c596bbb req-a7a0f4f8-27da-4635-a3b3-a8cd3a74bae7 5b1195e95bc648b98e3cd81287838f61 03e397f6b0c9450a88ac58208c027f30 - - 392ff6c0b2584d0ba60bd617569b29fb 392ff6c0b2584d0ba60bd617569b29fb] 199.204.45.74 "GET /v2.0/ports?network_id=f72ba205-003e-4b68-ab72-9a14ccb2b987&device_owner=network%3Adhcp HTTP/1.1" status: 200 len: 210 time: 0.0206177
2026-07-24 01:09:37.924 10 WARNING neutron.scheduler.dhcp_agent_scheduler [req-75216070-1f41-4b13-af1d-69728d093064 req-08ea1e20-1b55-4132-b9bd-6128db92d863 42f553454a7844ee886f8eaa84cfc335 c02997d6906a42d2a5620f7628fea112 - - default default] No more DHCP agents
2026-07-24 01:09:37.929 10 WARNING neutron.api.rpc.agentnotifiers.dhcp_rpc_agent_api [req-75216070-1f41-4b13-af1d-69728d093064 req-08ea1e20-1b55-4132-b9bd-6128db92d863 42f553454a7844ee886f8eaa84cfc335 c02997d6906a42d2a5620f7628fea112 - - default default] Unable to schedule network 90d2511b-0e0b-4d84-b64b-adb097ad96ba: no agents available; will retry on subsequent port and subnet creation events.
2026-07-24 01:09:37.945 10 INFO neutron.wsgi [None req-feb5457e-d8b5-4659-a2ec-b0a21300a504 62fae09fc55f4d6faa6cb2771886dd1f f0000d67e0dd44b3abf02eb78d769b2c - - default default] 10.0.0.162 "GET /v2.0/security-groups?tenant_id=a7eb193d6f184d70bb57d47cddc6cad7&name=default HTTP/1.1" status: 200 len: 2996 time: 0.2565370 /var/lib/openstack/lib/python3.10/site-packages/pycadf/identifier.py:71: UserWarning: Invalid uuid: neutron. To ensure interoperability, identifiers should be a valid uuid. warnings.warn(('Invalid uuid: %s. To ensure interoperability, '
2026-07-24 01:09:37.994 9 INFO neutron.wsgi [req-95768bbd-4326-448a-8e40-135a9c596bbb req-dc61dc96-259d-4320-b7d7-4083a3de4473 5b1195e95bc648b98e3cd81287838f61 03e397f6b0c9450a88ac58208c027f30 - - 392ff6c0b2584d0ba60bd617569b29fb 392ff6c0b2584d0ba60bd617569b29fb] 199.204.45.74 "GET /v2.0/networks/f72ba205-003e-4b68-ab72-9a14ccb2b987?fields=segments HTTP/1.1" status: 200 len: 212 time: 0.0771813
2026-07-24 01:09:38.054 9 INFO neutron.wsgi [req-95768bbd-4326-448a-8e40-135a9c596bbb req-77eaa1b3-69c4-4fca-9d7a-adfd0ebd2928 5b1195e95bc648b98e3cd81287838f61 03e397f6b0c9450a88ac58208c027f30 - - 392ff6c0b2584d0ba60bd617569b29fb 392ff6c0b2584d0ba60bd617569b29fb] 199.204.45.74 "GET /v2.0/networks/f72ba205-003e-4b68-ab72-9a14ccb2b987?fields=provider%3Aphysical_network&fields=provider%3Anetwork_type HTTP/1.1" status: 200 len: 277 time: 0.0550225
2026-07-24 01:09:38.144 9 INFO neutron.wsgi [req-bb61c0ea-41ca-4ba4-8f64-97d58b80cca0 req-4d718ced-a62f-42f2-8cd9-ac481d4d7916 5b1195e95bc648b98e3cd81287838f61 03e397f6b0c9450a88ac58208c027f30 - - 392ff6c0b2584d0ba60bd617569b29fb 392ff6c0b2584d0ba60bd617569b29fb] 199.204.45.74 "GET /v2.0/ports?tenant_id=248afb83310c4a28bbd492a642c660f0&device_id=15f68ccd-b535-4447-a82e-8744dd768934 HTTP/1.1" status: 200 len: 1636 time: 0.0479670
2026-07-24 01:09:38.163 10 INFO neutron.db.ovn_revision_numbers_db [req-75216070-1f41-4b13-af1d-69728d093064 req-08ea1e20-1b55-4132-b9bd-6128db92d863 42f553454a7844ee886f8eaa84cfc335 c02997d6906a42d2a5620f7628fea112 - - default default] Successfully bumped revision number for resource 08e60198-c998-4263-bb1f-c26aa1f21d76 (type: ports) to 1
2026-07-24 01:09:38.206 10 INFO neutron.wsgi [req-75216070-1f41-4b13-af1d-69728d093064 req-08ea1e20-1b55-4132-b9bd-6128db92d863 42f553454a7844ee886f8eaa84cfc335 c02997d6906a42d2a5620f7628fea112 - - default default] 199.204.45.74 "POST /v2.0/ports HTTP/1.1" status: 201 len: 1197 time: 0.6762671
2026-07-24 01:09:38.216 9 INFO neutron.wsgi [req-bb61c0ea-41ca-4ba4-8f64-97d58b80cca0 req-ef0a9c4e-3d38-4a7a-a03c-eeb42aff9cdf 5b1195e95bc648b98e3cd81287838f61 03e397f6b0c9450a88ac58208c027f30 - - 392ff6c0b2584d0ba60bd617569b29fb 392ff6c0b2584d0ba60bd617569b29fb] 199.204.45.74 "GET /v2.0/networks?id=f72ba205-003e-4b68-ab72-9a14ccb2b987 HTTP/1.1" status: 200 len: 1003 time: 0.0673268
2026-07-24 01:09:38.271 9 INFO neutron.wsgi [req-bb61c0ea-41ca-4ba4-8f64-97d58b80cca0 req-2bc3e954-99a1-4b0c-905f-f0399ba40734 5b1195e95bc648b98e3cd81287838f61 03e397f6b0c9450a88ac58208c027f30 - - 392ff6c0b2584d0ba60bd617569b29fb 392ff6c0b2584d0ba60bd617569b29fb] 199.204.45.74 "GET /v2.0/floatingips?fixed_ip_address=10.2.1.128&port_id=ca56a986-d2b1-4889-944f-2414ea60d9b0 HTTP/1.1" status: 200 len: 217 time: 0.0480006
2026-07-24 01:09:38.279 10 INFO neutron.wsgi [None req-674f9c5f-7fbf-4a6b-8cc4-98c263ec668a 62fae09fc55f4d6faa6cb2771886dd1f f0000d67e0dd44b3abf02eb78d769b2c - - default default] 10.0.0.162 "DELETE /v2.0/security-groups/37fbe491-7e27-43f7-9aae-48acf2f3a87e HTTP/1.1" status: 204 len: 168 time: 0.3271537
2026-07-24 01:09:38.292 9 INFO neutron.plugins.ml2.drivers.ovn.mech_driver.mech_driver [None req-0fa86b58-638e-483a-8b43-55a5768edc70 - - - - - -] OVN reports status up for port: ca56a986-d2b1-4889-944f-2414ea60d9b0
2026-07-24 01:09:38.317 9 INFO neutron.wsgi [req-bb61c0ea-41ca-4ba4-8f64-97d58b80cca0 req-8e93f3f5-427d-437c-9b77-f305cf403386 5b1195e95bc648b98e3cd81287838f61 03e397f6b0c9450a88ac58208c027f30 - - 392ff6c0b2584d0ba60bd617569b29fb 392ff6c0b2584d0ba60bd617569b29fb] 199.204.45.74 "GET /v2.0/floatingips?fixed_ip_address=fd7b%3Af9f7%3Afff%3A4eca%3A%3A3a9&port_id=ca56a986-d2b1-4889-944f-2414ea60d9b0 HTTP/1.1" status: 200 len: 217 time: 0.0405035
2026-07-24 01:09:38.325 9 INFO neutron.wsgi [req-83da8fe1-5b14-4cc5-addd-1671b42f2cf4 req-6b425895-1268-4328-94ab-c9ef050c21ce 42f553454a7844ee886f8eaa84cfc335 c02997d6906a42d2a5620f7628fea112 - - default default] 10.0.0.130 "GET /v2.0/ports?device_id=3a5abda2-00d5-408d-b7b5-3204067de792 HTTP/1.1" status: 200 len: 1195 time: 0.1012301
2026-07-24 01:09:38.327 9 INFO neutron.plugins.ml2.plugin [None req-0fa86b58-638e-483a-8b43-55a5768edc70 - - - - - -] Attempt 1 to provision port ca56a986-d2b1-4889-944f-2414ea60d9b0
2026-07-24 01:09:38.393 9 INFO neutron.wsgi [req-bb61c0ea-41ca-4ba4-8f64-97d58b80cca0 req-39abf489-44f1-440f-9168-f607b0c34a9a 5b1195e95bc648b98e3cd81287838f61 03e397f6b0c9450a88ac58208c027f30 - - 392ff6c0b2584d0ba60bd617569b29fb 392ff6c0b2584d0ba60bd617569b29fb] 199.204.45.74 "GET /v2.0/subnets?id=248017a3-e3dd-4d8e-822b-118f260d7882&id=1531db31-acb9-4814-92c8-7b541f7f9deb HTTP/1.1" status: 200 len: 1561 time: 0.0666914
2026-07-24 01:09:38.464 9 INFO neutron.wsgi [req-83da8fe1-5b14-4cc5-addd-1671b42f2cf4 req-d451b380-ee14-4446-834f-c0e92d302aa3 42f553454a7844ee886f8eaa84cfc335 c02997d6906a42d2a5620f7628fea112 - - default default] 10.0.0.130 "GET /v2.0/security-groups?id=88e45bf8-c62d-437e-ac18-b54c785ae803&id=4febfb6d-0885-45fa-9fb3-23558212d6e1&fields=id&fields=name HTTP/1.1" status: 200 len: 406 time: 0.1283724
2026-07-24 01:09:38.473 9 INFO neutron.wsgi [req-bb61c0ea-41ca-4ba4-8f64-97d58b80cca0 req-57032d59-5d81-4cda-b908-01c8b8b2aba7 5b1195e95bc648b98e3cd81287838f61 03e397f6b0c9450a88ac58208c027f30 - - 392ff6c0b2584d0ba60bd617569b29fb 392ff6c0b2584d0ba60bd617569b29fb] 199.204.45.74 "GET /v2.0/ports?network_id=f72ba205-003e-4b68-ab72-9a14ccb2b987&device_owner=network%3Adhcp HTTP/1.1" status: 200 len: 210 time: 0.0643699
2026-07-24 01:09:38.517 9 INFO neutron.wsgi [req-bb61c0ea-41ca-4ba4-8f64-97d58b80cca0 req-a01f9a09-6585-48d4-a06e-01940c32ab8c 5b1195e95bc648b98e3cd81287838f61 03e397f6b0c9450a88ac58208c027f30 - - 392ff6c0b2584d0ba60bd617569b29fb 392ff6c0b2584d0ba60bd617569b29fb] 199.204.45.74 "GET /v2.0/ports?network_id=f72ba205-003e-4b68-ab72-9a14ccb2b987&device_owner=network%3Adhcp HTTP/1.1" status: 200 len: 210 time: 0.0360966
2026-07-24 01:09:38.632 9 INFO neutron.wsgi [req-bb61c0ea-41ca-4ba4-8f64-97d58b80cca0 req-403feec8-6a63-4fd8-b20a-bb6edfa72fbc 5b1195e95bc648b98e3cd81287838f61 03e397f6b0c9450a88ac58208c027f30 - - 392ff6c0b2584d0ba60bd617569b29fb 392ff6c0b2584d0ba60bd617569b29fb] 199.204.45.74 "GET /v2.0/networks/f72ba205-003e-4b68-ab72-9a14ccb2b987?fields=segments HTTP/1.1" status: 200 len: 212 time: 0.1054528
2026-07-24 01:09:38.720 9 INFO neutron.wsgi [req-bb61c0ea-41ca-4ba4-8f64-97d58b80cca0 req-06fa0f05-0664-453a-bd78-fb8e691d8314 5b1195e95bc648b98e3cd81287838f61 03e397f6b0c9450a88ac58208c027f30 - - 392ff6c0b2584d0ba60bd617569b29fb 392ff6c0b2584d0ba60bd617569b29fb] 199.204.45.74 "GET /v2.0/networks/f72ba205-003e-4b68-ab72-9a14ccb2b987?fields=provider%3Aphysical_network&fields=provider%3Anetwork_type HTTP/1.1" status: 200 len: 277 time: 0.0817394
2026-07-24 01:09:38.723 9 INFO neutron.db.ovn_revision_numbers_db [None req-95db68a7-23da-4b32-a517-810c571b34bb 62fae09fc55f4d6faa6cb2771886dd1f f0000d67e0dd44b3abf02eb78d769b2c - - default default] Successfully bumped revision number for resource 7eb81fdb-b60d-403e-b4e3-4cb6f7267393 (type: security_groups) to 1
2026-07-24 01:09:38.751 9 INFO neutron.db.ovn_revision_numbers_db [None req-95db68a7-23da-4b32-a517-810c571b34bb 62fae09fc55f4d6faa6cb2771886dd1f f0000d67e0dd44b3abf02eb78d769b2c - - default default] Successfully bumped revision number for resource 4be02f16-fd30-4d95-b0dd-3d4b18465b38 (type: security_group_rules) to 0
2026-07-24 01:09:38.794 9 INFO neutron.db.ovn_revision_numbers_db [None req-95db68a7-23da-4b32-a517-810c571b34bb 62fae09fc55f4d6faa6cb2771886dd1f f0000d67e0dd44b3abf02eb78d769b2c - - default default] Successfully bumped revision number for resource 612c5598-e793-4cb0-a295-29e7fb3cf11f (type: security_group_rules) to 0
2026-07-24 01:09:38.806 9 INFO neutron.wsgi [-] 10.0.0.128 "GET / HTTP/1.1" status: 200 len: 247 time: 0.0012388
2026-07-24 01:09:38.807 10 INFO neutron.wsgi [-] 10.0.0.128 "GET / HTTP/1.1" status: 200 len: 247 time: 0.0019622
2026-07-24 01:09:38.812 9 INFO neutron.db.ovn_revision_numbers_db [None req-95db68a7-23da-4b32-a517-810c571b34bb 62fae09fc55f4d6faa6cb2771886dd1f f0000d67e0dd44b3abf02eb78d769b2c - - default default] Successfully bumped revision number for resource 8d185001-9d19-447a-b15c-cfa06f1dc77d (type: security_group_rules) to 0
2026-07-24 01:09:38.829 10 INFO neutron.db.ovn_revision_numbers_db [req-75216070-1f41-4b13-af1d-69728d093064 req-b01078dd-681f-482c-a52d-317ba3a2eacd 5b1195e95bc648b98e3cd81287838f61 03e397f6b0c9450a88ac58208c027f30 - - 392ff6c0b2584d0ba60bd617569b29fb 392ff6c0b2584d0ba60bd617569b29fb] Successfully bumped revision number for resource 08e60198-c998-4263-bb1f-c26aa1f21d76 (type: ports) to 2
2026-07-24 01:09:38.832 9 INFO neutron.db.ovn_revision_numbers_db [None req-95db68a7-23da-4b32-a517-810c571b34bb 62fae09fc55f4d6faa6cb2771886dd1f f0000d67e0dd44b3abf02eb78d769b2c - - default default] Successfully bumped revision number for resource ee7e9195-9822-42c4-8214-23a6401f4c75 (type: security_group_rules) to 0
2026-07-24 01:09:38.857 9 INFO neutron.wsgi [None req-95db68a7-23da-4b32-a517-810c571b34bb 62fae09fc55f4d6faa6cb2771886dd1f f0000d67e0dd44b3abf02eb78d769b2c - - default default] 10.0.0.162 "GET /v2.0/security-groups?tenant_id=cce901e8de7d4f7494e88e6aa3f56947&name=default HTTP/1.1" status: 200 len: 2996 time: 0.3863630
2026-07-24 01:09:38.896 9 INFO neutron.db.ovn_revision_numbers_db [None req-0fa86b58-638e-483a-8b43-55a5768edc70 - - - - - -] Successfully bumped revision number for resource ca56a986-d2b1-4889-944f-2414ea60d9b0 (type: ports) to 4
2026-07-24 01:09:39.129 9 INFO neutron.wsgi [None req-987724d7-875b-41b7-94f4-bfbc7008ef24 62fae09fc55f4d6faa6cb2771886dd1f f0000d67e0dd44b3abf02eb78d769b2c - - default default] 10.0.0.162 "DELETE /v2.0/security-groups/7eb81fdb-b60d-403e-b4e3-4cb6f7267393 HTTP/1.1" status: 204 len: 168 time: 0.2635431
2026-07-24 01:09:39.129 10 INFO neutron.db.ovn_revision_numbers_db [req-75216070-1f41-4b13-af1d-69728d093064 req-b01078dd-681f-482c-a52d-317ba3a2eacd 5b1195e95bc648b98e3cd81287838f61 03e397f6b0c9450a88ac58208c027f30 - - 392ff6c0b2584d0ba60bd617569b29fb 392ff6c0b2584d0ba60bd617569b29fb] Successfully bumped revision number for resource 08e60198-c998-4263-bb1f-c26aa1f21d76 (type: ports) to 2
2026-07-24 01:09:39.147 10 INFO neutron.wsgi [req-75216070-1f41-4b13-af1d-69728d093064 req-b01078dd-681f-482c-a52d-317ba3a2eacd 5b1195e95bc648b98e3cd81287838f61 03e397f6b0c9450a88ac58208c027f30 - - 392ff6c0b2584d0ba60bd617569b29fb 392ff6c0b2584d0ba60bd617569b29fb] 199.204.45.74 "PUT /v2.0/ports/08e60198-c998-4263-bb1f-c26aa1f21d76 HTTP/1.1" status: 200 len: 1415 time: 0.9362974 /var/lib/openstack/lib/python3.10/site-packages/pycadf/identifier.py:71: UserWarning: Invalid uuid: neutron. To ensure interoperability, identifiers should be a valid uuid. warnings.warn(('Invalid uuid: %s. To ensure interoperability, '
2026-07-24 01:09:39.206 10 INFO neutron.notifiers.nova [-] Nova event matching ['req-773b0438-3806-4816-a9ba-bf1c3fb57dfe'] response: {'name': 'network-changed', 'server_uuid': '3a5abda2-00d5-408d-b7b5-3204067de792', 'tag': '08e60198-c998-4263-bb1f-c26aa1f21d76', 'status': 'completed', 'code': 200}
2026-07-24 01:09:39.235 10 INFO neutron.wsgi [req-75216070-1f41-4b13-af1d-69728d093064 req-5637f891-e26a-42be-b708-5ab46234f843 5b1195e95bc648b98e3cd81287838f61 03e397f6b0c9450a88ac58208c027f30 - - 392ff6c0b2584d0ba60bd617569b29fb 392ff6c0b2584d0ba60bd617569b29fb] 199.204.45.74 "GET /v2.0/ports?tenant_id=c02997d6906a42d2a5620f7628fea112&device_id=3a5abda2-00d5-408d-b7b5-3204067de792 HTTP/1.1" status: 200 len: 1446 time: 0.0404797
2026-07-24 01:09:39.278 10 INFO neutron.wsgi [req-75216070-1f41-4b13-af1d-69728d093064 req-cf636575-e8d1-4c5d-849f-bdafa838bbda 5b1195e95bc648b98e3cd81287838f61 03e397f6b0c9450a88ac58208c027f30 - - 392ff6c0b2584d0ba60bd617569b29fb 392ff6c0b2584d0ba60bd617569b29fb] 199.204.45.74 "GET /v2.0/floatingips?fixed_ip_address=10.100.0.3&port_id=08e60198-c998-4263-bb1f-c26aa1f21d76 HTTP/1.1" status: 200 len: 217 time: 0.0300555
2026-07-24 01:09:39.336 10 INFO neutron.wsgi [req-75216070-1f41-4b13-af1d-69728d093064 req-d2d55c7f-af48-4b2b-b13a-060f9f78fdf2 5b1195e95bc648b98e3cd81287838f61 03e397f6b0c9450a88ac58208c027f30 - - 392ff6c0b2584d0ba60bd617569b29fb 392ff6c0b2584d0ba60bd617569b29fb] 199.204.45.74 "GET /v2.0/subnets?id=063af25b-c36f-4cef-bf4d-0999319070a4 HTTP/1.1" status: 200 len: 866 time: 0.0387986 /var/lib/openstack/lib/python3.10/site-packages/pycadf/identifier.py:71: UserWarning: Invalid uuid: neutron. To ensure interoperability, identifiers should be a valid uuid. warnings.warn(('Invalid uuid: %s. To ensure interoperability, '
2026-07-24 01:09:39.369 10 INFO neutron.wsgi [req-75216070-1f41-4b13-af1d-69728d093064 req-71cabbd5-aa4a-46ca-966c-a4231e989191 5b1195e95bc648b98e3cd81287838f61 03e397f6b0c9450a88ac58208c027f30 - - 392ff6c0b2584d0ba60bd617569b29fb 392ff6c0b2584d0ba60bd617569b29fb] 199.204.45.74 "GET /v2.0/ports?network_id=90d2511b-0e0b-4d84-b64b-adb097ad96ba&device_owner=network%3Adhcp HTTP/1.1" status: 200 len: 210 time: 0.0247347
2026-07-24 01:09:39.436 10 INFO neutron.wsgi [req-75216070-1f41-4b13-af1d-69728d093064 req-3964e4df-cd3c-4787-bb0f-277eda843677 5b1195e95bc648b98e3cd81287838f61 03e397f6b0c9450a88ac58208c027f30 - - 392ff6c0b2584d0ba60bd617569b29fb 392ff6c0b2584d0ba60bd617569b29fb] 199.204.45.74 "GET /v2.0/networks/90d2511b-0e0b-4d84-b64b-adb097ad96ba?fields=segments HTTP/1.1" status: 200 len: 212 time: 0.0588231
2026-07-24 01:09:39.485 9 INFO neutron.db.ovn_revision_numbers_db [None req-c4b388eb-c6b8-4371-aef1-c91927dc5fcb 62fae09fc55f4d6faa6cb2771886dd1f f0000d67e0dd44b3abf02eb78d769b2c - - default default] Successfully bumped revision number for resource 7cb080f6-f8d2-4d4f-87b4-18f6e6625465 (type: security_groups) to 1
2026-07-24 01:09:39.501 10 INFO neutron.wsgi [req-75216070-1f41-4b13-af1d-69728d093064 req-58a96074-d631-4a83-875c-cca0d2825061 5b1195e95bc648b98e3cd81287838f61 03e397f6b0c9450a88ac58208c027f30 - - 392ff6c0b2584d0ba60bd617569b29fb 392ff6c0b2584d0ba60bd617569b29fb] 199.204.45.74 "GET /v2.0/networks/90d2511b-0e0b-4d84-b64b-adb097ad96ba?fields=provider%3Aphysical_network&fields=provider%3Anetwork_type HTTP/1.1" status: 200 len: 277 time: 0.0592663
2026-07-24 01:09:39.505 9 INFO neutron.db.ovn_revision_numbers_db [None req-c4b388eb-c6b8-4371-aef1-c91927dc5fcb 62fae09fc55f4d6faa6cb2771886dd1f f0000d67e0dd44b3abf02eb78d769b2c - - default default] Successfully bumped revision number for resource 0d0fccab-aebd-422a-b705-bbbe50d34084 (type: security_group_rules) to 0
2026-07-24 01:09:39.521 9 INFO neutron.db.ovn_revision_numbers_db [None req-c4b388eb-c6b8-4371-aef1-c91927dc5fcb 62fae09fc55f4d6faa6cb2771886dd1f f0000d67e0dd44b3abf02eb78d769b2c - - default default] Successfully bumped revision number for resource 74a3a0ea-52ab-42a5-9ed2-63675d836013 (type: security_group_rules) to 0
2026-07-24 01:09:39.542 9 INFO neutron.db.ovn_revision_numbers_db [None req-c4b388eb-c6b8-4371-aef1-c91927dc5fcb 62fae09fc55f4d6faa6cb2771886dd1f f0000d67e0dd44b3abf02eb78d769b2c - - default default] Successfully bumped revision number for resource 7c04aad1-de78-4f7d-b7ef-c11816919ec4 (type: security_group_rules) to 0
2026-07-24 01:09:39.565 9 INFO neutron.db.ovn_revision_numbers_db [None req-c4b388eb-c6b8-4371-aef1-c91927dc5fcb 62fae09fc55f4d6faa6cb2771886dd1f f0000d67e0dd44b3abf02eb78d769b2c - - default default] Successfully bumped revision number for resource 929e6ef8-d0bf-46c7-8ef6-da671681f12f (type: security_group_rules) to 0
2026-07-24 01:09:39.572 9 INFO neutron.wsgi [req-ff5db1aa-18e6-4dfe-8208-a026dbd65097 req-b0359b2f-8c68-4be1-acca-5d6a13405cb1 42f553454a7844ee886f8eaa84cfc335 c02997d6906a42d2a5620f7628fea112 - - default default] 10.0.0.130 "GET /v2.0/ports?device_id=3a5abda2-00d5-408d-b7b5-3204067de792 HTTP/1.1" status: 200 len: 1208 time: 0.0407856
2026-07-24 01:09:39.591 9 INFO neutron.wsgi [None req-c4b388eb-c6b8-4371-aef1-c91927dc5fcb 62fae09fc55f4d6faa6cb2771886dd1f f0000d67e0dd44b3abf02eb78d769b2c - - default default] 10.0.0.162 "GET /v2.0/security-groups?tenant_id=66fd6fa33d6147acaa9e21b489f81f1a&name=default HTTP/1.1" status: 200 len: 2996 time: 0.2392468
2026-07-24 01:09:39.667 9 INFO neutron.wsgi [req-ff5db1aa-18e6-4dfe-8208-a026dbd65097 req-2bb1be1b-d06a-4320-9886-166c41d934d1 42f553454a7844ee886f8eaa84cfc335 c02997d6906a42d2a5620f7628fea112 - - default default] 10.0.0.130 "GET /v2.0/security-groups?id=88e45bf8-c62d-437e-ac18-b54c785ae803&id=4febfb6d-0885-45fa-9fb3-23558212d6e1&fields=id&fields=name HTTP/1.1" status: 200 len: 406 time: 0.0860682
2026-07-24 01:09:39.708 9 INFO neutron.notifiers.nova [-] Nova event matching ['req-a2311aa7-1a16-4a13-a618-1c438858ceee'] response: {'server_uuid': '15f68ccd-b535-4447-a82e-8744dd768934', 'name': 'network-vif-plugged', 'status': 'completed', 'tag': 'ca56a986-d2b1-4889-944f-2414ea60d9b0', 'code': 200}
2026-07-24 01:09:39.709 9 INFO neutron.notifiers.nova [-] Nova event matching ['req-a2311aa7-1a16-4a13-a618-1c438858ceee'] response: {'server_uuid': '15f68ccd-b535-4447-a82e-8744dd768934', 'name': 'network-vif-plugged', 'status': 'completed', 'tag': 'ca56a986-d2b1-4889-944f-2414ea60d9b0', 'code': 200}
2026-07-24 01:09:39.722 9 INFO neutron.wsgi [req-42769772-7b25-4b72-8362-83dad9f6b3c0 req-618a3227-075d-4ecd-9661-531f16958378 5b1195e95bc648b98e3cd81287838f61 03e397f6b0c9450a88ac58208c027f30 - - 392ff6c0b2584d0ba60bd617569b29fb 392ff6c0b2584d0ba60bd617569b29fb] 199.204.45.74 "GET /v2.0/ports?device_id=3a5abda2-00d5-408d-b7b5-3204067de792 HTTP/1.1" status: 200 len: 1446 time: 0.0660901
2026-07-24 01:09:39.740 9 INFO neutron.wsgi [req-5c1f1b7c-bb37-49df-bdf7-4e4dd81b7d84 req-0447c6ea-c8f0-4099-ac83-c05edde8ceb5 a3694ce826d4475d95ed35f0ba69984d 248afb83310c4a28bbd492a642c660f0 - - default default] 10.0.0.130 "GET /v2.0/ports?device_id=15f68ccd-b535-4447-a82e-8744dd768934 HTTP/1.1" status: 200 len: 1400 time: 0.1469474
2026-07-24 01:09:39.806 9 INFO neutron.wsgi [req-42769772-7b25-4b72-8362-83dad9f6b3c0 req-d2eda809-ba3b-4470-a62f-a0d1415b2b56 5b1195e95bc648b98e3cd81287838f61 03e397f6b0c9450a88ac58208c027f30 - - 392ff6c0b2584d0ba60bd617569b29fb 392ff6c0b2584d0ba60bd617569b29fb] 199.204.45.74 "GET /v2.0/security-groups?id=88e45bf8-c62d-437e-ac18-b54c785ae803&id=4febfb6d-0885-45fa-9fb3-23558212d6e1&fields=id&fields=name HTTP/1.1" status: 200 len: 406 time: 0.0780556
2026-07-24 01:09:39.814 9 INFO neutron.wsgi [req-5c1f1b7c-bb37-49df-bdf7-4e4dd81b7d84 req-94552c2c-9778-458e-ac56-0c0ef92d19fc a3694ce826d4475d95ed35f0ba69984d 248afb83310c4a28bbd492a642c660f0 - - default default] 10.0.0.130 "GET /v2.0/security-groups?id=8e47dab5-5d9a-43fb-9b54-d706bbf7f132&fields=id&fields=name HTTP/1.1" status: 200 len: 310 time: 0.0676734
2026-07-24 01:09:39.839 10 INFO neutron.wsgi [req-d9b4a463-9b1d-4052-bc6f-8d2a6734739b req-5245b8f3-fa1b-44a2-a1ff-c22c497ffa56 5b1195e95bc648b98e3cd81287838f61 03e397f6b0c9450a88ac58208c027f30 - - 392ff6c0b2584d0ba60bd617569b29fb 392ff6c0b2584d0ba60bd617569b29fb] 199.204.45.74 "GET /v2.0/ports?tenant_id=c02997d6906a42d2a5620f7628fea112&device_id=3a5abda2-00d5-408d-b7b5-3204067de792 HTTP/1.1" status: 200 len: 1446 time: 0.2940989
2026-07-24 01:09:39.929 10 INFO neutron.wsgi [req-d9b4a463-9b1d-4052-bc6f-8d2a6734739b req-f6380613-6e45-4ab7-b289-849b7698c6ff 5b1195e95bc648b98e3cd81287838f61 03e397f6b0c9450a88ac58208c027f30 - - 392ff6c0b2584d0ba60bd617569b29fb 392ff6c0b2584d0ba60bd617569b29fb] 199.204.45.74 "GET /v2.0/networks?id=90d2511b-0e0b-4d84-b64b-adb097ad96ba HTTP/1.1" status: 200 len: 970 time: 0.0822852
2026-07-24 01:09:39.973 10 INFO neutron.wsgi [req-d9b4a463-9b1d-4052-bc6f-8d2a6734739b req-e96865f8-890c-4e4c-9945-ce2820331d53 5b1195e95bc648b98e3cd81287838f61 03e397f6b0c9450a88ac58208c027f30 - - 392ff6c0b2584d0ba60bd617569b29fb 392ff6c0b2584d0ba60bd617569b29fb] 199.204.45.74 "GET /v2.0/floatingips?fixed_ip_address=10.100.0.3&port_id=08e60198-c998-4263-bb1f-c26aa1f21d76 HTTP/1.1" status: 200 len: 217 time: 0.0313029
2026-07-24 01:09:39.985 9 INFO neutron.wsgi [None req-4ee6312c-600e-47fb-855e-3784c8001a79 62fae09fc55f4d6faa6cb2771886dd1f f0000d67e0dd44b3abf02eb78d769b2c - - default default] 10.0.0.162 "DELETE /v2.0/security-groups/7cb080f6-f8d2-4d4f-87b4-18f6e6625465 HTTP/1.1" status: 204 len: 168 time: 0.3857737
2026-07-24 01:09:40.035 10 INFO neutron.wsgi [req-d9b4a463-9b1d-4052-bc6f-8d2a6734739b req-be7169a0-b348-488f-97b6-43ed346e6e73 5b1195e95bc648b98e3cd81287838f61 03e397f6b0c9450a88ac58208c027f30 - - 392ff6c0b2584d0ba60bd617569b29fb 392ff6c0b2584d0ba60bd617569b29fb] 199.204.45.74 "GET /v2.0/subnets?id=063af25b-c36f-4cef-bf4d-0999319070a4 HTTP/1.1" status: 200 len: 866 time: 0.0523849
2026-07-24 01:09:40.066 10 INFO neutron.wsgi [req-d9b4a463-9b1d-4052-bc6f-8d2a6734739b req-683e2d0d-e723-492b-a239-c402c016e5bc 5b1195e95bc648b98e3cd81287838f61 03e397f6b0c9450a88ac58208c027f30 - - 392ff6c0b2584d0ba60bd617569b29fb 392ff6c0b2584d0ba60bd617569b29fb] 199.204.45.74 "GET /v2.0/ports?network_id=90d2511b-0e0b-4d84-b64b-adb097ad96ba&device_owner=network%3Adhcp HTTP/1.1" status: 200 len: 210 time: 0.0260997
2026-07-24 01:09:40.162 10 INFO neutron.wsgi [req-d9b4a463-9b1d-4052-bc6f-8d2a6734739b req-c0aacabb-2fe1-4317-83ae-d203c51f49c1 5b1195e95bc648b98e3cd81287838f61 03e397f6b0c9450a88ac58208c027f30 - - 392ff6c0b2584d0ba60bd617569b29fb 392ff6c0b2584d0ba60bd617569b29fb] 199.204.45.74 "GET /v2.0/networks/90d2511b-0e0b-4d84-b64b-adb097ad96ba?fields=segments HTTP/1.1" status: 200 len: 212 time: 0.0880997
2026-07-24 01:09:40.276 10 INFO neutron.wsgi [req-d9b4a463-9b1d-4052-bc6f-8d2a6734739b req-32c9cffb-658b-4a7c-a8a0-052b7e2073f5 5b1195e95bc648b98e3cd81287838f61 03e397f6b0c9450a88ac58208c027f30 - - 392ff6c0b2584d0ba60bd617569b29fb 392ff6c0b2584d0ba60bd617569b29fb] 199.204.45.74 "GET /v2.0/networks/90d2511b-0e0b-4d84-b64b-adb097ad96ba?fields=provider%3Aphysical_network&fields=provider%3Anetwork_type HTTP/1.1" status: 200 len: 277 time: 0.1080618
2026-07-24 01:09:40.855 9 INFO neutron.wsgi [req-11bfd149-5891-4289-ae12-fb736380336d req-b898098d-03de-468e-9e7e-4e5187fdd9a2 42f553454a7844ee886f8eaa84cfc335 c02997d6906a42d2a5620f7628fea112 - - default default] 10.0.0.130 "GET /v2.0/ports?device_id=3a5abda2-00d5-408d-b7b5-3204067de792 HTTP/1.1" status: 200 len: 1208 time: 0.1237881
2026-07-24 01:09:40.924 9 INFO neutron.wsgi [req-11bfd149-5891-4289-ae12-fb736380336d req-9c45176d-04e9-4859-b3d1-45b42e39b040 42f553454a7844ee886f8eaa84cfc335 c02997d6906a42d2a5620f7628fea112 - - default default] 10.0.0.130 "GET /v2.0/security-groups?id=88e45bf8-c62d-437e-ac18-b54c785ae803&id=4febfb6d-0885-45fa-9fb3-23558212d6e1&fields=id&fields=name HTTP/1.1" status: 200 len: 406 time: 0.0633004
2026-07-24 01:09:41.646 10 WARNING neutron.plugins.ml2.drivers.ovn.mech_driver.ovsdb.ovn_client [None req-29f8e175-0d43-4339-bf53-5e1516680da6 - - - - - -] No hosting information found for port 1b628860-f8b5-484d-83f2-2271088c83c4: RuntimeError: No hosting information found for port 1b628860-f8b5-484d-83f2-2271088c83c4
2026-07-24 01:09:41.646 10 INFO neutron.plugins.ml2.drivers.ovn.mech_driver.mech_driver [None req-29f8e175-0d43-4339-bf53-5e1516680da6 - - - - - -] OVN reports status up for port: fe2ffae5-b3a8-4cb6-a0d2-ab5b91174b1a
2026-07-24 01:09:41.653 10 INFO neutron.plugins.ml2.plugin [None req-29f8e175-0d43-4339-bf53-5e1516680da6 - - - - - -] Attempt 1 to provision port fe2ffae5-b3a8-4cb6-a0d2-ab5b91174b1a
2026-07-24 01:09:41.938 10 INFO neutron.db.ovn_revision_numbers_db [None req-29f8e175-0d43-4339-bf53-5e1516680da6 - - - - - -] Successfully bumped revision number for resource fe2ffae5-b3a8-4cb6-a0d2-ab5b91174b1a (type: ports) to 2
2026-07-24 01:09:42.038 10 INFO neutron.db.ovn_revision_numbers_db [None req-29f8e175-0d43-4339-bf53-5e1516680da6 - - - - - -] Successfully bumped revision number for resource fe2ffae5-b3a8-4cb6-a0d2-ab5b91174b1a (type: router_ports) to 2
2026-07-24 01:09:42.067 9 INFO neutron.wsgi [req-994d3cf0-5d4f-4801-be82-1d821e9f8c38 req-6ef0c4d4-e522-4fec-9925-8fa2286a8d13 42f553454a7844ee886f8eaa84cfc335 c02997d6906a42d2a5620f7628fea112 - - default default] 10.0.0.130 "GET /v2.0/ports?device_id=3a5abda2-00d5-408d-b7b5-3204067de792 HTTP/1.1" status: 200 len: 1208 time: 0.0592818
2026-07-24 01:09:42.153 9 INFO neutron.wsgi [req-994d3cf0-5d4f-4801-be82-1d821e9f8c38 req-80488eb0-7cb6-4e35-a859-ebee134e526e 42f553454a7844ee886f8eaa84cfc335 c02997d6906a42d2a5620f7628fea112 - - default default] 10.0.0.130 "GET /v2.0/security-groups?id=88e45bf8-c62d-437e-ac18-b54c785ae803&id=4febfb6d-0885-45fa-9fb3-23558212d6e1&fields=id&fields=name HTTP/1.1" status: 200 len: 406 time: 0.0770149
2026-07-24 01:09:43.273 9 INFO neutron.wsgi [req-cc05615f-e2ad-4780-b945-d06174735314 req-df29c7cb-0248-4870-86d0-d8af3f5ac36d 42f553454a7844ee886f8eaa84cfc335 c02997d6906a42d2a5620f7628fea112 - - default default] 10.0.0.130 "GET /v2.0/ports?device_id=3a5abda2-00d5-408d-b7b5-3204067de792 HTTP/1.1" status: 200 len: 1208 time: 0.0513244
2026-07-24 01:09:43.338 9 INFO neutron.wsgi [req-cc05615f-e2ad-4780-b945-d06174735314 req-116a092a-4db4-4d0e-9606-f426a4d67059 42f553454a7844ee886f8eaa84cfc335 c02997d6906a42d2a5620f7628fea112 - - default default] 10.0.0.130 "GET /v2.0/security-groups?id=88e45bf8-c62d-437e-ac18-b54c785ae803&id=4febfb6d-0885-45fa-9fb3-23558212d6e1&fields=id&fields=name HTTP/1.1" status: 200 len: 406 time: 0.0604620
2026-07-24 01:09:43.726 9 WARNING neutron_lib.context [None req-c33a252d-ab39-40a7-a3b3-ef580675fdef 824d684ea1df41ff89e6b47d16fdf4cc 59d299db2a7745dbba58db1a9952cc11 - - default default] Method 'is_advsvc' is deprecated since 2023.2 release (neutron-lib 3.8.0) and will be removed once support for the old RBAC API policies will be removed from Neutron. Please use method 'is_service_role' instead.
2026-07-24 01:09:44.049 9 WARNING neutron.scheduler.dhcp_agent_scheduler [None req-c33a252d-ab39-40a7-a3b3-ef580675fdef 824d684ea1df41ff89e6b47d16fdf4cc 59d299db2a7745dbba58db1a9952cc11 - - default default] No more DHCP agents
2026-07-24 01:09:44.051 9 WARNING neutron.api.rpc.agentnotifiers.dhcp_rpc_agent_api [None req-c33a252d-ab39-40a7-a3b3-ef580675fdef 824d684ea1df41ff89e6b47d16fdf4cc 59d299db2a7745dbba58db1a9952cc11 - - default default] Unable to schedule network 1fbc47eb-ff30-409f-aace-73c56d09cabf: no agents available; will retry on subsequent port and subnet creation events.
2026-07-24 01:09:44.528 9 INFO neutron.wsgi [req-f627e229-2d04-4e87-a4b6-0a15e6c000c5 req-3aee79ae-fc96-43f6-ab78-9279e75b95a9 42f553454a7844ee886f8eaa84cfc335 c02997d6906a42d2a5620f7628fea112 - - default default] 10.0.0.130 "GET /v2.0/ports?device_id=3a5abda2-00d5-408d-b7b5-3204067de792 HTTP/1.1" status: 200 len: 1208 time: 0.0580730
2026-07-24 01:09:44.595 9 INFO neutron.wsgi [req-f627e229-2d04-4e87-a4b6-0a15e6c000c5 req-5f3b8ead-e03c-4452-a1cd-9c95fb6db60b 42f553454a7844ee886f8eaa84cfc335 c02997d6906a42d2a5620f7628fea112 - - default default] 10.0.0.130 "GET /v2.0/security-groups?id=88e45bf8-c62d-437e-ac18-b54c785ae803&id=4febfb6d-0885-45fa-9fb3-23558212d6e1&fields=id&fields=name HTTP/1.1" status: 200 len: 406 time: 0.0562222
2026-07-24 01:09:44.792 9 INFO neutron.db.ovn_revision_numbers_db [None req-c33a252d-ab39-40a7-a3b3-ef580675fdef 824d684ea1df41ff89e6b47d16fdf4cc 59d299db2a7745dbba58db1a9952cc11 - - default default] Successfully bumped revision number for resource 26025fc3-5e0d-463e-bd97-93a9afd8dc65 (type: floatingips) to 0
2026-07-24 01:09:44.805 9 INFO neutron.wsgi [None req-c33a252d-ab39-40a7-a3b3-ef580675fdef 824d684ea1df41ff89e6b47d16fdf4cc 59d299db2a7745dbba58db1a9952cc11 - - default default] 10.0.0.162 "POST /v2.0/floatingips HTTP/1.1" status: 201 len: 751 time: 1.2706234
2026-07-24 01:09:44.864 9 INFO neutron.wsgi [None req-cdcb16d7-b2be-46a8-b5b0-5c7db745640c 824d684ea1df41ff89e6b47d16fdf4cc 59d299db2a7745dbba58db1a9952cc11 - - default default] 10.0.0.162 "PUT /v2.0/floatingips/26025fc3-5e0d-463e-bd97-93a9afd8dc65/tags HTTP/1.1" status: 200 len: 218 time: 0.0540969
2026-07-24 01:09:44.933 10 INFO neutron.wsgi [None req-a7c12962-c6fc-4801-9f09-3a858cfd3ee0 824d684ea1df41ff89e6b47d16fdf4cc 59d299db2a7745dbba58db1a9952cc11 - - default default] 10.0.0.162 "GET /v2.0/floatingips/26025fc3-5e0d-463e-bd97-93a9afd8dc65/tags HTTP/1.1" status: 200 len: 218 time: 0.0628459
2026-07-24 01:09:44.990 10 INFO neutron.wsgi [None req-ecc6a481-12da-4f94-8509-923831cbb763 824d684ea1df41ff89e6b47d16fdf4cc 59d299db2a7745dbba58db1a9952cc11 - - default default] 10.0.0.162 "PUT /v2.0/floatingips/26025fc3-5e0d-463e-bd97-93a9afd8dc65/tags/green HTTP/1.1" status: 201 len: 201 time: 0.0518789
2026-07-24 01:09:45.004 9 INFO neutron.wsgi [req-e329b8eb-386f-4154-9e72-2e973b135b2e req-c0251a9a-a187-41d2-9600-3b5bcc2c420c a3694ce826d4475d95ed35f0ba69984d 248afb83310c4a28bbd492a642c660f0 - - default default] 10.0.0.130 "GET /v2.0/ports?device_id=15f68ccd-b535-4447-a82e-8744dd768934 HTTP/1.1" status: 200 len: 1400 time: 0.1078885
2026-07-24 01:09:45.033 10 INFO neutron.wsgi [None req-60626850-8d68-4e31-8068-80807366d2e1 824d684ea1df41ff89e6b47d16fdf4cc 59d299db2a7745dbba58db1a9952cc11 - - default default] 10.0.0.162 "GET /v2.0/floatingips/26025fc3-5e0d-463e-bd97-93a9afd8dc65/tags HTTP/1.1" status: 200 len: 227 time: 0.0375648
2026-07-24 01:09:45.050 9 INFO neutron.wsgi [req-e329b8eb-386f-4154-9e72-2e973b135b2e req-8674ace4-5f31-452e-85ce-6880a2b939d1 a3694ce826d4475d95ed35f0ba69984d 248afb83310c4a28bbd492a642c660f0 - - default default] 10.0.0.130 "GET /v2.0/security-groups?id=8e47dab5-5d9a-43fb-9b54-d706bbf7f132&fields=id&fields=name HTTP/1.1" status: 200 len: 310 time: 0.0404582
2026-07-24 01:09:45.069 10 INFO neutron.wsgi [None req-c007379a-051e-4937-884f-8c847d3e87d5 824d684ea1df41ff89e6b47d16fdf4cc 59d299db2a7745dbba58db1a9952cc11 - - default default] 10.0.0.162 "PUT /v2.0/floatingips/26025fc3-5e0d-463e-bd97-93a9afd8dc65/tags/red HTTP/1.1" status: 201 len: 201 time: 0.0310674
2026-07-24 01:09:45.100 10 INFO neutron.wsgi [None req-26acd3c5-6bd8-4bb2-ac09-498da5b454bd 824d684ea1df41ff89e6b47d16fdf4cc 59d299db2a7745dbba58db1a9952cc11 - - default default] 10.0.0.162 "GET /v2.0/floatingips/26025fc3-5e0d-463e-bd97-93a9afd8dc65/tags HTTP/1.1" status: 200 len: 227 time: 0.0260394
2026-07-24 01:09:45.137 9 INFO neutron.wsgi [None req-d2ab010f-118a-4e63-91a9-4714aa7e6f4a a3694ce826d4475d95ed35f0ba69984d 248afb83310c4a28bbd492a642c660f0 - - default default] 10.0.0.162 "GET /v2.0/ports?network_id=f72ba205-003e-4b68-ab72-9a14ccb2b987&mac_address=fa%3A16%3A3e%3A91%3Afc%3A3d HTTP/1.1" status: 200 len: 1395 time: 0.0629389
2026-07-24 01:09:45.147 10 WARNING neutron_lib.context [None req-49aa15d3-3c61-48d3-949c-e2865553b15b a3694ce826d4475d95ed35f0ba69984d 248afb83310c4a28bbd492a642c660f0 - - default default] Method 'is_advsvc' is deprecated since 2023.2 release (neutron-lib 3.8.0) and will be removed once support for the old RBAC API policies will be removed from Neutron. Please use method 'is_service_role' instead.
2026-07-24 01:09:45.153 10 INFO neutron.wsgi [None req-05840d6d-bb14-4215-add5-55da98c814e0 824d684ea1df41ff89e6b47d16fdf4cc 59d299db2a7745dbba58db1a9952cc11 - - default default] 10.0.0.162 "PUT /v2.0/floatingips/26025fc3-5e0d-463e-bd97-93a9afd8dc65/tags/black.or.white HTTP/1.1" status: 201 len: 201 time: 0.0491769
2026-07-24 01:09:45.194 9 INFO neutron.wsgi [None req-14811702-bc4e-42c7-b55f-64cd6b1fa313 824d684ea1df41ff89e6b47d16fdf4cc 59d299db2a7745dbba58db1a9952cc11 - - default default] 10.0.0.162 "GET /v2.0/floatingips/26025fc3-5e0d-463e-bd97-93a9afd8dc65/tags HTTP/1.1" status: 200 len: 245 time: 0.0350511
2026-07-24 01:09:45.251 9 INFO neutron.wsgi [None req-ae6931d9-b12e-4253-9a45-b69ba85e8daf 824d684ea1df41ff89e6b47d16fdf4cc 59d299db2a7745dbba58db1a9952cc11 - - default default] 10.0.0.162 "PUT /v2.0/floatingips/26025fc3-5e0d-463e-bd97-93a9afd8dc65/tags HTTP/1.1" status: 200 len: 230 time: 0.0525074
2026-07-24 01:09:45.290 9 INFO neutron.wsgi [None req-f03bc6f4-d0a0-49bd-8bdd-315438603d0d 824d684ea1df41ff89e6b47d16fdf4cc 59d299db2a7745dbba58db1a9952cc11 - - default default] 10.0.0.162 "GET /v2.0/floatingips/26025fc3-5e0d-463e-bd97-93a9afd8dc65/tags HTTP/1.1" status: 200 len: 230 time: 0.0346217
2026-07-24 01:09:45.327 9 INFO neutron.wsgi [None req-50904f56-1bdf-4b67-bb99-ca3ad886e66d 824d684ea1df41ff89e6b47d16fdf4cc 59d299db2a7745dbba58db1a9952cc11 - - default default] 10.0.0.162 "GET /v2.0/floatingips/26025fc3-5e0d-463e-bd97-93a9afd8dc65/tags/red HTTP/1.1" status: 204 len: 168 time: 0.0308611
2026-07-24 01:09:45.362 9 INFO neutron.api.v2.resource [None req-3ce0addc-5bde-4c05-bf0f-801d21d730b8 824d684ea1df41ff89e6b47d16fdf4cc 59d299db2a7745dbba58db1a9952cc11 - - default default] show failed (client error): The resource could not be found.
2026-07-24 01:09:45.363 9 INFO neutron.wsgi [None req-3ce0addc-5bde-4c05-bf0f-801d21d730b8 824d684ea1df41ff89e6b47d16fdf4cc 59d299db2a7745dbba58db1a9952cc11 - - default default] 10.0.0.162 "GET /v2.0/floatingips/26025fc3-5e0d-463e-bd97-93a9afd8dc65/tags/green HTTP/1.1" status: 404 len: 299 time: 0.0309010
2026-07-24 01:09:45.425 9 INFO neutron.wsgi [None req-881bcf6c-7e55-4257-b354-3ac0e7b81abb 824d684ea1df41ff89e6b47d16fdf4cc 59d299db2a7745dbba58db1a9952cc11 - - default default] 10.0.0.162 "DELETE /v2.0/floatingips/26025fc3-5e0d-463e-bd97-93a9afd8dc65/tags/red HTTP/1.1" status: 204 len: 168 time: 0.0540037
2026-07-24 01:09:45.435 10 WARNING neutron.scheduler.dhcp_agent_scheduler [None req-49aa15d3-3c61-48d3-949c-e2865553b15b a3694ce826d4475d95ed35f0ba69984d 248afb83310c4a28bbd492a642c660f0 - - default default] No more DHCP agents
2026-07-24 01:09:45.439 10 WARNING neutron.api.rpc.agentnotifiers.dhcp_rpc_agent_api [None req-49aa15d3-3c61-48d3-949c-e2865553b15b a3694ce826d4475d95ed35f0ba69984d 248afb83310c4a28bbd492a642c660f0 - - default default] Unable to schedule network 1fbc47eb-ff30-409f-aace-73c56d09cabf: no agents available; will retry on subsequent port and subnet creation events.
2026-07-24 01:09:45.468 9 INFO neutron.wsgi [None req-d9282ff2-a84f-4031-9760-67a38eee0848 824d684ea1df41ff89e6b47d16fdf4cc 59d299db2a7745dbba58db1a9952cc11 - - default default] 10.0.0.162 "GET /v2.0/floatingips/26025fc3-5e0d-463e-bd97-93a9afd8dc65/tags HTTP/1.1" status: 200 len: 223 time: 0.0377817
2026-07-24 01:09:45.521 9 INFO neutron.api.v2.resource [None req-30a250b1-688a-4810-976d-12f3d27c17ba 824d684ea1df41ff89e6b47d16fdf4cc 59d299db2a7745dbba58db1a9952cc11 - - default default] delete failed (client error): The resource could not be found.
