2026-07-24 01:06:50.438 10 INFO neutron.wsgi [req-425e0b2d-a9c7-4dfa-bee5-cc0906cc6e36 req-81e4540a-b98c-4c32-b0e1-9e4e563a0ecf 5b1195e95bc648b98e3cd81287838f61 03e397f6b0c9450a88ac58208c027f30 - - 392ff6c0b2584d0ba60bd617569b29fb 392ff6c0b2584d0ba60bd617569b29fb] 199.204.45.74 "GET /v2.0/ports?network_id=c02df638-93d2-480a-a723-08abb68d7031&device_owner=network%3Adhcp HTTP/1.1" status: 200 len: 210 time: 0.0182378
2026-07-24 01:06:50.519 10 INFO neutron.wsgi [req-425e0b2d-a9c7-4dfa-bee5-cc0906cc6e36 req-a9c1ff52-eec2-407e-919b-c4894911cb3d 5b1195e95bc648b98e3cd81287838f61 03e397f6b0c9450a88ac58208c027f30 - - 392ff6c0b2584d0ba60bd617569b29fb 392ff6c0b2584d0ba60bd617569b29fb] 199.204.45.74 "GET /v2.0/networks/c02df638-93d2-480a-a723-08abb68d7031?fields=segments HTTP/1.1" status: 200 len: 212 time: 0.0735209
2026-07-24 01:06:50.556 9 INFO neutron.notifiers.nova [-] Nova event matching ['req-ba789d43-3a6b-43a8-9973-6ca52531de0c'] response: {'server_uuid': '4856873c-654e-4faf-9771-8745ad72504d', 'name': 'network-vif-plugged', 'status': 'completed', 'tag': 'd64478df-567b-4b2a-9db4-a7ccaa4269be', 'code': 200}
2026-07-24 01:06:50.556 9 INFO neutron.notifiers.nova [-] Nova event matching ['req-ba789d43-3a6b-43a8-9973-6ca52531de0c'] response: {'server_uuid': '4856873c-654e-4faf-9771-8745ad72504d', 'name': 'network-vif-plugged', 'status': 'completed', 'tag': 'd64478df-567b-4b2a-9db4-a7ccaa4269be', 'code': 200}
2026-07-24 01:06:50.595 9 INFO neutron.wsgi [req-06fcdad4-2296-4b4a-9b04-3e5662d17d71 req-d24fe62a-7e0b-4853-9809-2003b81d20ce aed7b434ace142ea815184cee8487b58 7aef2912fe234634a1b0492917b5ce24 - - default default] 10.0.0.130 "GET /v2.0/security-groups?name=tempest-securitygroup--1250936925&fields=id&tenant_id=7aef2912fe234634a1b0492917b5ce24 HTTP/1.1" status: 200 len: 267 time: 0.0582376
2026-07-24 01:06:50.600 10 INFO neutron.wsgi [req-425e0b2d-a9c7-4dfa-bee5-cc0906cc6e36 req-04021dc8-469a-40e2-9727-9ac7aa04dba8 5b1195e95bc648b98e3cd81287838f61 03e397f6b0c9450a88ac58208c027f30 - - 392ff6c0b2584d0ba60bd617569b29fb 392ff6c0b2584d0ba60bd617569b29fb] 199.204.45.74 "GET /v2.0/networks/c02df638-93d2-480a-a723-08abb68d7031?fields=provider%3Aphysical_network&fields=provider%3Anetwork_type HTTP/1.1" status: 200 len: 277 time: 0.0744729
2026-07-24 01:06:50.729 9 INFO neutron.wsgi [req-06fcdad4-2296-4b4a-9b04-3e5662d17d71 req-35163bc3-a4a8-414a-9cfc-bb7dc0f2100a aed7b434ace142ea815184cee8487b58 7aef2912fe234634a1b0492917b5ce24 - - default default] 10.0.0.130 "GET /v2.0/networks?id=45cc9320-32ca-4293-a717-de53852b26fd HTTP/1.1" status: 200 len: 875 time: 0.1240144
2026-07-24 01:06:50.756 9 INFO neutron.wsgi [req-06fcdad4-2296-4b4a-9b04-3e5662d17d71 req-9821f09a-c709-4b2c-bf03-cde14aba0f38 aed7b434ace142ea815184cee8487b58 7aef2912fe234634a1b0492917b5ce24 - - default default] 10.0.0.130 "GET /v2.0/quotas/7aef2912fe234634a1b0492917b5ce24 HTTP/1.1" status: 200 len: 386 time: 0.0131547
2026-07-24 01:06:50.901 9 INFO neutron.wsgi [req-06fcdad4-2296-4b4a-9b04-3e5662d17d71 req-ccd4b706-9023-4aa9-848d-5321ad8dbd1d aed7b434ace142ea815184cee8487b58 7aef2912fe234634a1b0492917b5ce24 - - default default] 10.0.0.130 "GET /v2.0/ports?tenant_id=7aef2912fe234634a1b0492917b5ce24&fields=id HTTP/1.1" status: 200 len: 302 time: 0.1340148
2026-07-24 01:06:51.027 9 INFO neutron.wsgi [req-06fcdad4-2296-4b4a-9b04-3e5662d17d71 req-86d59f29-1b96-4798-b1e1-9e324a26667d 5b1195e95bc648b98e3cd81287838f61 03e397f6b0c9450a88ac58208c027f30 - - 392ff6c0b2584d0ba60bd617569b29fb 392ff6c0b2584d0ba60bd617569b29fb] 10.0.0.130 "GET /v2.0/networks/45cc9320-32ca-4293-a717-de53852b26fd?fields=segments HTTP/1.1" status: 200 len: 212 time: 0.1093500 /var/lib/openstack/lib/python3.10/site-packages/pycadf/identifier.py:71: UserWarning: Invalid uuid: neutron. To ensure interoperability, identifiers should be a valid uuid. warnings.warn(('Invalid uuid: %s. To ensure interoperability, '
2026-07-24 01:06:51.131 9 INFO neutron.wsgi [None req-311f2623-dcfa-4ac7-b118-e2d5ab6101b4 62fae09fc55f4d6faa6cb2771886dd1f f0000d67e0dd44b3abf02eb78d769b2c - - default default] 10.0.0.162 "PUT /v2.0/routers/c9defa10-2628-4e8d-9d48-9a2056c83642/remove_router_interface HTTP/1.1" status: 200 len: 503 time: 1.8872812
2026-07-24 01:06:51.147 9 INFO neutron.wsgi [req-e01eec1a-e040-4d8c-beee-09a6c8560ca8 req-0499da6b-c882-4154-a4b6-d1bfc09cc7d1 88b209ece8c14ba89e27f85b9425c1e9 4ee59ec6f4c44c449b00446e72342461 - - default default] 10.0.0.130 "GET /v2.0/ports?device_id=4856873c-654e-4faf-9771-8745ad72504d HTTP/1.1" status: 200 len: 1174 time: 0.0929279
2026-07-24 01:06:51.166 9 INFO neutron.wsgi [req-06fcdad4-2296-4b4a-9b04-3e5662d17d71 req-06faca37-1175-45dd-aada-8621250b8e81 5b1195e95bc648b98e3cd81287838f61 03e397f6b0c9450a88ac58208c027f30 - - 392ff6c0b2584d0ba60bd617569b29fb 392ff6c0b2584d0ba60bd617569b29fb] 10.0.0.130 "GET /v2.0/networks/45cc9320-32ca-4293-a717-de53852b26fd?fields=provider%3Aphysical_network&fields=provider%3Anetwork_type HTTP/1.1" status: 200 len: 277 time: 0.1296155
2026-07-24 01:06:51.208 9 INFO neutron.wsgi [req-e01eec1a-e040-4d8c-beee-09a6c8560ca8 req-566e8cc8-70cc-477a-821e-73a773118913 88b209ece8c14ba89e27f85b9425c1e9 4ee59ec6f4c44c449b00446e72342461 - - default default] 10.0.0.130 "GET /v2.0/security-groups?id=664bcc19-e917-4aad-9158-9c16d4c13ba4&fields=id&fields=name HTTP/1.1" status: 200 len: 312 time: 0.0532765
2026-07-24 01:06:51.346 9 INFO neutron.wsgi [req-01099473-f5df-4ef1-b9ef-cd023b0df88c req-d3f547f6-ca2a-43fd-8cfc-a0fe1fc289be aed7b434ace142ea815184cee8487b58 7aef2912fe234634a1b0492917b5ce24 - - default default] 10.0.0.130 "GET /v2.0/ports?device_id=eb02f9e6-56d3-42c0-9072-1c3ac9fead1b HTTP/1.1" status: 200 len: 210 time: 0.0303171
2026-07-24 01:06:51.352 9 INFO neutron.wsgi [req-020d7f0e-1905-439c-b94a-e1d79b89ad7f req-4b3753a9-1e26-4f48-9b57-51fc19663690 88b209ece8c14ba89e27f85b9425c1e9 4ee59ec6f4c44c449b00446e72342461 - - default default] 10.0.0.130 "GET /v2.0/ports?device_id=4856873c-654e-4faf-9771-8745ad72504d HTTP/1.1" status: 200 len: 1174 time: 0.0632687
2026-07-24 01:06:51.681 9 INFO neutron.db.l3_db [None req-066eb6b0-3fc9-4ba6-b4f6-608a94cd3ff1 88b209ece8c14ba89e27f85b9425c1e9 4ee59ec6f4c44c449b00446e72342461 - - default default] Floating IP 9e97244a-f467-46b3-9336-8b4a6120b3ad associated. External IP: 10.96.250.219, port: d64478df-567b-4b2a-9db4-a7ccaa4269be.
2026-07-24 01:06:51.947 9 INFO neutron.db.ovn_revision_numbers_db [None req-066eb6b0-3fc9-4ba6-b4f6-608a94cd3ff1 88b209ece8c14ba89e27f85b9425c1e9 4ee59ec6f4c44c449b00446e72342461 - - default default] Successfully bumped revision number for resource 9e97244a-f467-46b3-9336-8b4a6120b3ad (type: floatingips) to 1
2026-07-24 01:06:52.084 9 INFO neutron.db.ovn_revision_numbers_db [None req-066eb6b0-3fc9-4ba6-b4f6-608a94cd3ff1 88b209ece8c14ba89e27f85b9425c1e9 4ee59ec6f4c44c449b00446e72342461 - - default default] Successfully bumped revision number for resource 9e97244a-f467-46b3-9336-8b4a6120b3ad (type: floatingips) to 2
2026-07-24 01:06:52.110 9 INFO neutron.wsgi [None req-066eb6b0-3fc9-4ba6-b4f6-608a94cd3ff1 88b209ece8c14ba89e27f85b9425c1e9 4ee59ec6f4c44c449b00446e72342461 - - default default] 10.0.0.162 "PUT /v2.0/floatingips/9e97244a-f467-46b3-9336-8b4a6120b3ad HTTP/1.1" status: 200 len: 1050 time: 0.7462373
2026-07-24 01:06:52.134 10 INFO neutron.wsgi [None req-6eaea620-36cc-4ede-b104-54e28e7dde75 62fae09fc55f4d6faa6cb2771886dd1f f0000d67e0dd44b3abf02eb78d769b2c - - default default] 10.0.0.162 "DELETE /v2.0/routers/c9defa10-2628-4e8d-9d48-9a2056c83642 HTTP/1.1" status: 204 len: 168 time: 0.9982433
2026-07-24 01:06:52.240 9 INFO neutron.wsgi [req-7233a1f6-eb91-4b4e-8457-0c86bc90e6af req-ac061f7b-6184-438a-9164-fe305332db1c 88b209ece8c14ba89e27f85b9425c1e9 4ee59ec6f4c44c449b00446e72342461 - - default default] 10.0.0.130 "GET /v2.0/ports?device_id=4856873c-654e-4faf-9771-8745ad72504d HTTP/1.1" status: 200 len: 1174 time: 0.0529876
2026-07-24 01:06:52.275 10 INFO neutron.wsgi [req-06fcdad4-2296-4b4a-9b04-3e5662d17d71 req-484f5b70-914d-4dee-8de9-12c3e7964e10 aed7b434ace142ea815184cee8487b58 7aef2912fe234634a1b0492917b5ce24 - - default default] 199.204.45.74 "GET /v2.0/networks?id=45cc9320-32ca-4293-a717-de53852b26fd HTTP/1.1" status: 200 len: 875 time: 0.1157186
2026-07-24 01:06:52.290 9 INFO neutron.wsgi [req-7233a1f6-eb91-4b4e-8457-0c86bc90e6af req-19421668-3f72-4505-af6a-edc474afe890 88b209ece8c14ba89e27f85b9425c1e9 4ee59ec6f4c44c449b00446e72342461 - - default default] 10.0.0.130 "GET /v2.0/security-groups?id=664bcc19-e917-4aad-9158-9c16d4c13ba4&fields=id&fields=name HTTP/1.1" status: 200 len: 312 time: 0.0432367
2026-07-24 01:06:52.381 10 INFO neutron.wsgi [req-06fcdad4-2296-4b4a-9b04-3e5662d17d71 req-78fcf19c-1881-48e9-a095-4ab343c43743 aed7b434ace142ea815184cee8487b58 7aef2912fe234634a1b0492917b5ce24 - - default default] 199.204.45.74 "GET /v2.0/security-groups?fields=id&fields=name&tenant_id=7aef2912fe234634a1b0492917b5ce24 HTTP/1.1" status: 200 len: 380 time: 0.1019175
2026-07-24 01:06:52.394 10 WARNING neutron_lib.context [req-06fcdad4-2296-4b4a-9b04-3e5662d17d71 req-5c042c22-4376-40ea-8680-90492c7cb162 aed7b434ace142ea815184cee8487b58 7aef2912fe234634a1b0492917b5ce24 - - default default] Method 'is_advsvc' is deprecated since 2023.2 release (neutron-lib 3.8.0) and will be removed once support for the old RBAC API policies will be removed from Neutron. Please use method 'is_service_role' instead.
2026-07-24 01:06:52.449 9 INFO neutron.wsgi [req-5eb64290-a5b3-4a48-b96b-f6a90cd0cdfe req-d768542e-8748-43f1-9205-7bed3d0d5555 aed7b434ace142ea815184cee8487b58 7aef2912fe234634a1b0492917b5ce24 - - default default] 10.0.0.130 "GET /v2.0/ports?device_id=eb02f9e6-56d3-42c0-9072-1c3ac9fead1b HTTP/1.1" status: 200 len: 210 time: 0.0238557
2026-07-24 01:06:52.475 10 INFO neutron.wsgi [None req-a9d65421-1687-4f2e-9e7d-110040873d8f 62fae09fc55f4d6faa6cb2771886dd1f f0000d67e0dd44b3abf02eb78d769b2c - - default default] 10.0.0.162 "DELETE /v2.0/subnets/5947b6b3-6785-45f0-b6e4-d042bf7f95ea HTTP/1.1" status: 204 len: 168 time: 0.3363471
2026-07-24 01:06:52.602 9 INFO neutron.plugins.ml2.drivers.ovn.mech_driver.mech_driver [None req-0fa86b58-638e-483a-8b43-55a5768edc70 - - - - - -] OVN reports status down for port: d64478df-567b-4b2a-9db4-a7ccaa4269be
2026-07-24 01:06:52.711 10 INFO neutron.wsgi [req-8f51489a-b88c-49be-b69b-3539d4b7b781 req-0ebfca0d-ba9c-491d-950b-07c949815888 5b1195e95bc648b98e3cd81287838f61 03e397f6b0c9450a88ac58208c027f30 - - 392ff6c0b2584d0ba60bd617569b29fb 392ff6c0b2584d0ba60bd617569b29fb] 199.204.45.74 "GET /v2.0/ports?tenant_id=4ee59ec6f4c44c449b00446e72342461&device_id=4856873c-654e-4faf-9771-8745ad72504d HTTP/1.1" status: 200 len: 1413 time: 0.0502481
2026-07-24 01:06:52.842 9 INFO neutron.notifiers.nova [-] Nova event matching ['req-5006b4a4-80a8-4af8-85c6-4949ff735e1f'] response: {'name': 'network-changed', 'server_uuid': '4856873c-654e-4faf-9771-8745ad72504d', 'tag': 'd64478df-567b-4b2a-9db4-a7ccaa4269be', 'status': 'completed', 'code': 200}
2026-07-24 01:06:52.847 10 INFO neutron.wsgi [req-8f51489a-b88c-49be-b69b-3539d4b7b781 req-2757d1cb-2739-4d6c-831e-62669e5548b2 5b1195e95bc648b98e3cd81287838f61 03e397f6b0c9450a88ac58208c027f30 - - 392ff6c0b2584d0ba60bd617569b29fb 392ff6c0b2584d0ba60bd617569b29fb] 199.204.45.74 "GET /v2.0/networks?id=c02df638-93d2-480a-a723-08abb68d7031 HTTP/1.1" status: 200 len: 967 time: 0.1179481
2026-07-24 01:06:52.877 9 INFO neutron.wsgi [req-09ad01e4-2781-4b5a-8b3e-bf074042b67d req-7cd702c2-f247-4e28-9802-9c98d80914b1 88b209ece8c14ba89e27f85b9425c1e9 4ee59ec6f4c44c449b00446e72342461 - - default default] 10.0.0.130 "GET /v2.0/ports?device_id=4856873c-654e-4faf-9771-8745ad72504d HTTP/1.1" status: 200 len: 1174 time: 0.2960894
2026-07-24 01:06:52.940 10 INFO neutron.wsgi [req-8f51489a-b88c-49be-b69b-3539d4b7b781 req-537692ab-c694-47bc-b66e-838f836892ca 5b1195e95bc648b98e3cd81287838f61 03e397f6b0c9450a88ac58208c027f30 - - 392ff6c0b2584d0ba60bd617569b29fb 392ff6c0b2584d0ba60bd617569b29fb] 199.204.45.74 "GET /v2.0/floatingips?fixed_ip_address=10.100.0.10&port_id=d64478df-567b-4b2a-9db4-a7ccaa4269be HTTP/1.1" status: 200 len: 1060 time: 0.0852492 /var/lib/openstack/lib/python3.10/site-packages/pycadf/identifier.py:71: UserWarning: Invalid uuid: neutron. To ensure interoperability, identifiers should be a valid uuid. warnings.warn(('Invalid uuid: %s. To ensure interoperability, '
2026-07-24 01:06:52.974 10 WARNING neutron.scheduler.dhcp_agent_scheduler [req-06fcdad4-2296-4b4a-9b04-3e5662d17d71 req-5c042c22-4376-40ea-8680-90492c7cb162 aed7b434ace142ea815184cee8487b58 7aef2912fe234634a1b0492917b5ce24 - - default default] No more DHCP agents
2026-07-24 01:06:52.993 10 WARNING neutron.api.rpc.agentnotifiers.dhcp_rpc_agent_api [req-06fcdad4-2296-4b4a-9b04-3e5662d17d71 req-5c042c22-4376-40ea-8680-90492c7cb162 aed7b434ace142ea815184cee8487b58 7aef2912fe234634a1b0492917b5ce24 - - default default] Unable to schedule network 45cc9320-32ca-4293-a717-de53852b26fd: no agents available; will retry on subsequent port and subnet creation events.
2026-07-24 01:06:53.007 9 INFO neutron.wsgi [req-161fac35-4076-4265-b9e1-2ef34b4ecf1e req-84d8f3ed-ad8d-4d7e-ac77-5f938ad2243a 88b209ece8c14ba89e27f85b9425c1e9 4ee59ec6f4c44c449b00446e72342461 - - default default] 199.204.45.74 "GET /v2.0/ports?device_id=4856873c-654e-4faf-9771-8745ad72504d HTTP/1.1" status: 200 len: 1174 time: 0.1018572
2026-07-24 01:06:53.009 10 INFO neutron.wsgi [req-8f51489a-b88c-49be-b69b-3539d4b7b781 req-156d9af1-b8b9-4e21-88a5-aac630c53f28 5b1195e95bc648b98e3cd81287838f61 03e397f6b0c9450a88ac58208c027f30 - - 392ff6c0b2584d0ba60bd617569b29fb 392ff6c0b2584d0ba60bd617569b29fb] 199.204.45.74 "GET /v2.0/subnets?id=61a057cc-b22c-474c-8e36-d80900a1d669 HTTP/1.1" status: 200 len: 862 time: 0.0633633
2026-07-24 01:06:53.022 9 INFO neutron.wsgi [req-09ad01e4-2781-4b5a-8b3e-bf074042b67d req-07d63151-8a1c-4be9-9c72-82d914f9e606 88b209ece8c14ba89e27f85b9425c1e9 4ee59ec6f4c44c449b00446e72342461 - - default default] 10.0.0.130 "GET /v2.0/security-groups?id=664bcc19-e917-4aad-9158-9c16d4c13ba4&fields=id&fields=name HTTP/1.1" status: 200 len: 312 time: 0.1405725 /var/lib/openstack/lib/python3.10/site-packages/pycadf/identifier.py:71: UserWarning: Invalid uuid: neutron. To ensure interoperability, identifiers should be a valid uuid. warnings.warn(('Invalid uuid: %s. To ensure interoperability, '
2026-07-24 01:06:53.058 10 INFO neutron.wsgi [req-8f51489a-b88c-49be-b69b-3539d4b7b781 req-9e3346c1-32cd-4567-a383-363a884b50a7 5b1195e95bc648b98e3cd81287838f61 03e397f6b0c9450a88ac58208c027f30 - - 392ff6c0b2584d0ba60bd617569b29fb 392ff6c0b2584d0ba60bd617569b29fb] 199.204.45.74 "GET /v2.0/ports?network_id=c02df638-93d2-480a-a723-08abb68d7031&device_owner=network%3Adhcp HTTP/1.1" status: 200 len: 210 time: 0.0375075
2026-07-24 01:06:53.160 10 INFO neutron.wsgi [req-8f51489a-b88c-49be-b69b-3539d4b7b781 req-dafa2533-5aea-4c04-b94a-d472f6946345 5b1195e95bc648b98e3cd81287838f61 03e397f6b0c9450a88ac58208c027f30 - - 392ff6c0b2584d0ba60bd617569b29fb 392ff6c0b2584d0ba60bd617569b29fb] 199.204.45.74 "GET /v2.0/networks/c02df638-93d2-480a-a723-08abb68d7031?fields=segments HTTP/1.1" status: 200 len: 212 time: 0.0855939
2026-07-24 01:06:53.251 10 INFO neutron.wsgi [req-8f51489a-b88c-49be-b69b-3539d4b7b781 req-6ef35a44-1c9a-41eb-8b55-6c10db859053 5b1195e95bc648b98e3cd81287838f61 03e397f6b0c9450a88ac58208c027f30 - - 392ff6c0b2584d0ba60bd617569b29fb 392ff6c0b2584d0ba60bd617569b29fb] 199.204.45.74 "GET /v2.0/networks/c02df638-93d2-480a-a723-08abb68d7031?fields=provider%3Aphysical_network&fields=provider%3Anetwork_type HTTP/1.1" status: 200 len: 277 time: 0.0792775
2026-07-24 01:06:53.312 10 INFO neutron.db.ovn_revision_numbers_db [req-06fcdad4-2296-4b4a-9b04-3e5662d17d71 req-5c042c22-4376-40ea-8680-90492c7cb162 aed7b434ace142ea815184cee8487b58 7aef2912fe234634a1b0492917b5ce24 - - default default] Successfully bumped revision number for resource 702ae5e7-4e57-400a-b90e-2a30d287f0cc (type: ports) to 1
2026-07-24 01:06:53.346 10 INFO neutron.wsgi [req-06fcdad4-2296-4b4a-9b04-3e5662d17d71 req-5c042c22-4376-40ea-8680-90492c7cb162 aed7b434ace142ea815184cee8487b58 7aef2912fe234634a1b0492917b5ce24 - - default default] 199.204.45.74 "POST /v2.0/ports HTTP/1.1" status: 201 len: 1162 time: 0.9589834
2026-07-24 01:06:53.501 10 WARNING neutron.plugins.ml2.drivers.ovn.mech_driver.ovsdb.ovn_client [None req-29f8e175-0d43-4339-bf53-5e1516680da6 - - - - - -] No hosting information found for port 39703e3c-f40b-4ab3-828a-417d9c736a20: RuntimeError: No hosting information found for port 39703e3c-f40b-4ab3-828a-417d9c736a20
2026-07-24 01:06:53.524 9 INFO neutron.db.ovn_revision_numbers_db [None req-0fa86b58-638e-483a-8b43-55a5768edc70 - - - - - -] Successfully bumped revision number for resource d64478df-567b-4b2a-9db4-a7ccaa4269be (type: ports) to 5
2026-07-24 01:06:53.536 9 INFO neutron.services.segments.plugin [-] Segment 69483a09-87a2-47f1-ae9d-81b5d042b87c resource provider aggregate not found
2026-07-24 01:06:53.541 9 INFO neutron.services.segments.plugin [-] Segment 69483a09-87a2-47f1-ae9d-81b5d042b87c resource provider aggregate not found
2026-07-24 01:06:53.569 9 INFO neutron.services.segments.plugin [-] Segment 69483a09-87a2-47f1-ae9d-81b5d042b87c resource provider not found; error: Placement Client Error (4xx): {"errors": [{"status": 404, "title": "Not Found", "detail": "The resource could not be found.\n\n No resource provider with uuid 69483a09-87a2-47f1-ae9d-81b5d042b87c found for delete ", "request_id": "req-50b3312f-b554-4511-adfb-1e0b083d4182"}]}
2026-07-24 01:06:53.572 9 INFO neutron.services.segments.plugin [-] Segment 69483a09-87a2-47f1-ae9d-81b5d042b87c resource provider not found; error: Placement Client Error (4xx): {"errors": [{"status": 404, "title": "Not Found", "detail": "The resource could not be found.\n\n No resource provider with uuid 69483a09-87a2-47f1-ae9d-81b5d042b87c found for delete ", "request_id": "req-bd3e18dd-4aec-4048-af93-2e1b50c20f9a"}]}
2026-07-24 01:06:53.632 9 INFO neutron.wsgi [req-42fe631b-0772-478f-b9b9-fba0bfa5152f req-6a446485-d03f-443a-bdb6-572fa4db2e57 aed7b434ace142ea815184cee8487b58 7aef2912fe234634a1b0492917b5ce24 - - default default] 10.0.0.130 "GET /v2.0/ports?device_id=eb02f9e6-56d3-42c0-9072-1c3ac9fead1b HTTP/1.1" status: 200 len: 1160 time: 0.0843318
2026-07-24 01:06:53.689 9 INFO neutron.wsgi [None req-80c315d0-1cd7-4a45-877b-34fc3cd3239b 62fae09fc55f4d6faa6cb2771886dd1f f0000d67e0dd44b3abf02eb78d769b2c - - default default] 10.0.0.162 "DELETE /v2.0/networks/2236ac59-354b-4202-af52-94d5bb5de17a HTTP/1.1" status: 204 len: 168 time: 1.1957121
2026-07-24 01:06:53.714 9 INFO neutron.db.l3_db [req-161fac35-4076-4265-b9e1-2ef34b4ecf1e req-5d0004cc-c412-44ca-b2f8-f16813b7aee5 88b209ece8c14ba89e27f85b9425c1e9 4ee59ec6f4c44c449b00446e72342461 - - default default] Floating IP 9e97244a-f467-46b3-9336-8b4a6120b3ad disassociated. External IP: 10.96.250.219, port: d64478df-567b-4b2a-9db4-a7ccaa4269be.
2026-07-24 01:06:53.722 9 INFO neutron.wsgi [req-42fe631b-0772-478f-b9b9-fba0bfa5152f req-5cb3b27c-1264-485e-8a5c-f1e0a8f4309f aed7b434ace142ea815184cee8487b58 7aef2912fe234634a1b0492917b5ce24 - - default default] 10.0.0.130 "GET /v2.0/security-groups?id=0c2f9248-8d06-4e82-9cbf-f3b3d9b5a6f9&fields=id&fields=name HTTP/1.1" status: 200 len: 313 time: 0.0680945
2026-07-24 01:06:53.807 9 INFO neutron.wsgi [-] 10.0.0.128 "GET / HTTP/1.1" status: 200 len: 247 time: 0.0015452
2026-07-24 01:06:53.809 9 INFO neutron.wsgi [-] 10.0.0.128 "GET / HTTP/1.1" status: 200 len: 247 time: 0.0010674
2026-07-24 01:06:53.932 9 INFO neutron.wsgi [req-161fac35-4076-4265-b9e1-2ef34b4ecf1e req-5d0004cc-c412-44ca-b2f8-f16813b7aee5 88b209ece8c14ba89e27f85b9425c1e9 4ee59ec6f4c44c449b00446e72342461 - - default default] 199.204.45.74 "DELETE /v2.0/ports/d64478df-567b-4b2a-9db4-a7ccaa4269be HTTP/1.1" status: 204 len: 173 time: 0.9091201
2026-07-24 01:06:53.955 10 INFO neutron.db.ovn_revision_numbers_db [req-06fcdad4-2296-4b4a-9b04-3e5662d17d71 req-5edbee05-1286-4767-a5ab-9ed78b1fe2c3 5b1195e95bc648b98e3cd81287838f61 03e397f6b0c9450a88ac58208c027f30 - - 392ff6c0b2584d0ba60bd617569b29fb 392ff6c0b2584d0ba60bd617569b29fb] Successfully bumped revision number for resource 702ae5e7-4e57-400a-b90e-2a30d287f0cc (type: ports) to 2 /var/lib/openstack/lib/python3.10/site-packages/pycadf/identifier.py:71: UserWarning: Invalid uuid: neutron. To ensure interoperability, identifiers should be a valid uuid. warnings.warn(('Invalid uuid: %s. To ensure interoperability, '
2026-07-24 01:06:54.027 9 INFO neutron.wsgi [None req-c522ccb6-3788-446d-9775-ae7a98c66e4a 62fae09fc55f4d6faa6cb2771886dd1f f0000d67e0dd44b3abf02eb78d769b2c - - default default] 10.0.0.162 "GET /v2.0/security-groups?tenant_id=3eece6462ae74be9a88402aa02c3cc18&name=default HTTP/1.1" status: 200 len: 2992 time: 0.0619068
2026-07-24 01:06:54.133 9 INFO neutron.wsgi [req-91dec874-ba5d-4852-971c-27bd6e23e8e4 req-ec7f02ae-dbd5-4c4c-9f5f-d3af17440ac0 88b209ece8c14ba89e27f85b9425c1e9 4ee59ec6f4c44c449b00446e72342461 - - default default] 10.0.0.130 "GET /v2.0/ports?device_id=4856873c-654e-4faf-9771-8745ad72504d HTTP/1.1" status: 200 len: 210 time: 0.0330756 /var/lib/openstack/lib/python3.10/site-packages/pycadf/identifier.py:71: UserWarning: Invalid uuid: neutron. To ensure interoperability, identifiers should be a valid uuid. warnings.warn(('Invalid uuid: %s. To ensure interoperability, '
2026-07-24 01:06:54.239 10 INFO neutron.db.ovn_revision_numbers_db [req-06fcdad4-2296-4b4a-9b04-3e5662d17d71 req-5edbee05-1286-4767-a5ab-9ed78b1fe2c3 5b1195e95bc648b98e3cd81287838f61 03e397f6b0c9450a88ac58208c027f30 - - 392ff6c0b2584d0ba60bd617569b29fb 392ff6c0b2584d0ba60bd617569b29fb] Successfully bumped revision number for resource 702ae5e7-4e57-400a-b90e-2a30d287f0cc (type: ports) to 2
2026-07-24 01:06:54.262 9 INFO neutron.wsgi [None req-5b6dc9a1-8663-4a22-9564-7916b87aeacc 62fae09fc55f4d6faa6cb2771886dd1f f0000d67e0dd44b3abf02eb78d769b2c - - default default] 10.0.0.162 "DELETE /v2.0/security-groups/abc5dff5-9d18-415e-ade1-a4698ca583e1 HTTP/1.1" status: 204 len: 168 time: 0.2312281
2026-07-24 01:06:54.263 10 INFO neutron.wsgi [req-06fcdad4-2296-4b4a-9b04-3e5662d17d71 req-5edbee05-1286-4767-a5ab-9ed78b1fe2c3 5b1195e95bc648b98e3cd81287838f61 03e397f6b0c9450a88ac58208c027f30 - - 392ff6c0b2584d0ba60bd617569b29fb 392ff6c0b2584d0ba60bd617569b29fb] 199.204.45.74 "PUT /v2.0/ports/702ae5e7-4e57-400a-b90e-2a30d287f0cc HTTP/1.1" status: 200 len: 1380 time: 0.9107344
2026-07-24 01:06:54.300 10 INFO neutron.notifiers.nova [-] Nova event matching ['req-3c6a872a-9bbb-46e3-a5dd-cb014086fb79'] response: {'name': 'network-changed', 'server_uuid': 'eb02f9e6-56d3-42c0-9072-1c3ac9fead1b', 'tag': '702ae5e7-4e57-400a-b90e-2a30d287f0cc', 'status': 'completed', 'code': 200}
2026-07-24 01:06:54.338 10 INFO neutron.wsgi [req-06fcdad4-2296-4b4a-9b04-3e5662d17d71 req-2c064d20-d9a0-4224-a9f1-ad460c1703b1 5b1195e95bc648b98e3cd81287838f61 03e397f6b0c9450a88ac58208c027f30 - - 392ff6c0b2584d0ba60bd617569b29fb 392ff6c0b2584d0ba60bd617569b29fb] 199.204.45.74 "GET /v2.0/ports?tenant_id=7aef2912fe234634a1b0492917b5ce24&device_id=eb02f9e6-56d3-42c0-9072-1c3ac9fead1b HTTP/1.1" status: 200 len: 1411 time: 0.0470006
2026-07-24 01:06:54.355 10 INFO neutron.db.ovn_revision_numbers_db [None req-995b48ef-eb5b-46f0-be1e-98d72ece10dd 62fae09fc55f4d6faa6cb2771886dd1f f0000d67e0dd44b3abf02eb78d769b2c - - default default] Successfully bumped revision number for resource 9b11b210-7325-4d81-ac9f-6f3fa9a6c192 (type: security_groups) to 1
2026-07-24 01:06:54.371 10 INFO neutron.wsgi [req-06fcdad4-2296-4b4a-9b04-3e5662d17d71 req-c60f1dd4-1754-4134-891a-e38cd946431f 5b1195e95bc648b98e3cd81287838f61 03e397f6b0c9450a88ac58208c027f30 - - 392ff6c0b2584d0ba60bd617569b29fb 392ff6c0b2584d0ba60bd617569b29fb] 199.204.45.74 "GET /v2.0/floatingips?fixed_ip_address=10.100.0.12&port_id=702ae5e7-4e57-400a-b90e-2a30d287f0cc HTTP/1.1" status: 200 len: 217 time: 0.0247266
2026-07-24 01:06:54.388 10 INFO neutron.db.ovn_revision_numbers_db [None req-995b48ef-eb5b-46f0-be1e-98d72ece10dd 62fae09fc55f4d6faa6cb2771886dd1f f0000d67e0dd44b3abf02eb78d769b2c - - default default] Successfully bumped revision number for resource 570d05e0-2296-4aaf-b6b9-775b32f8218f (type: security_group_rules) to 0
2026-07-24 01:06:54.412 10 INFO neutron.db.ovn_revision_numbers_db [None req-995b48ef-eb5b-46f0-be1e-98d72ece10dd 62fae09fc55f4d6faa6cb2771886dd1f f0000d67e0dd44b3abf02eb78d769b2c - - default default] Successfully bumped revision number for resource 9f07b57c-1799-4b83-b34e-e97431ac8c19 (type: security_group_rules) to 0
2026-07-24 01:06:54.418 10 INFO neutron.wsgi [req-06fcdad4-2296-4b4a-9b04-3e5662d17d71 req-14de7c7c-7a29-4aeb-9198-98556651001d 5b1195e95bc648b98e3cd81287838f61 03e397f6b0c9450a88ac58208c027f30 - - 392ff6c0b2584d0ba60bd617569b29fb 392ff6c0b2584d0ba60bd617569b29fb] 199.204.45.74 "GET /v2.0/subnets?id=e2b3f013-2917-4504-9183-fcb608fad70f HTTP/1.1" status: 200 len: 869 time: 0.0401688
2026-07-24 01:06:54.434 10 INFO neutron.db.ovn_revision_numbers_db [None req-995b48ef-eb5b-46f0-be1e-98d72ece10dd 62fae09fc55f4d6faa6cb2771886dd1f f0000d67e0dd44b3abf02eb78d769b2c - - default default] Successfully bumped revision number for resource a4b8e212-d4de-41da-9876-213874bbcc80 (type: security_group_rules) to 0
2026-07-24 01:06:54.447 10 INFO neutron.wsgi [req-06fcdad4-2296-4b4a-9b04-3e5662d17d71 req-c77a98b7-31ae-4c4f-bed9-cb6cd9f86d85 5b1195e95bc648b98e3cd81287838f61 03e397f6b0c9450a88ac58208c027f30 - - 392ff6c0b2584d0ba60bd617569b29fb 392ff6c0b2584d0ba60bd617569b29fb] 199.204.45.74 "GET /v2.0/ports?network_id=45cc9320-32ca-4293-a717-de53852b26fd&device_owner=network%3Adhcp HTTP/1.1" status: 200 len: 210 time: 0.0214694
2026-07-24 01:06:54.462 10 INFO neutron.db.ovn_revision_numbers_db [None req-995b48ef-eb5b-46f0-be1e-98d72ece10dd 62fae09fc55f4d6faa6cb2771886dd1f f0000d67e0dd44b3abf02eb78d769b2c - - default default] Successfully bumped revision number for resource b4ac9764-1443-4f86-a0c2-2e95b720b559 (type: security_group_rules) to 0
2026-07-24 01:06:54.506 10 INFO neutron.wsgi [None req-995b48ef-eb5b-46f0-be1e-98d72ece10dd 62fae09fc55f4d6faa6cb2771886dd1f f0000d67e0dd44b3abf02eb78d769b2c - - default default] 10.0.0.162 "GET /v2.0/security-groups?tenant_id=71c74062334244b2be4f96216deefee5&name=default HTTP/1.1" status: 200 len: 2996 time: 0.6959140
2026-07-24 01:06:54.533 10 INFO neutron.wsgi [req-06fcdad4-2296-4b4a-9b04-3e5662d17d71 req-ea9568f8-fd57-477c-b28a-f9cafa1ede12 5b1195e95bc648b98e3cd81287838f61 03e397f6b0c9450a88ac58208c027f30 - - 392ff6c0b2584d0ba60bd617569b29fb 392ff6c0b2584d0ba60bd617569b29fb] 199.204.45.74 "GET /v2.0/networks/45cc9320-32ca-4293-a717-de53852b26fd?fields=segments HTTP/1.1" status: 200 len: 212 time: 0.0780084
2026-07-24 01:06:54.601 10 INFO neutron.wsgi [req-06fcdad4-2296-4b4a-9b04-3e5662d17d71 req-f3990aa4-bf86-4d0c-8ff2-bec66fbdd4a6 5b1195e95bc648b98e3cd81287838f61 03e397f6b0c9450a88ac58208c027f30 - - 392ff6c0b2584d0ba60bd617569b29fb 392ff6c0b2584d0ba60bd617569b29fb] 199.204.45.74 "GET /v2.0/networks/45cc9320-32ca-4293-a717-de53852b26fd?fields=provider%3Aphysical_network&fields=provider%3Anetwork_type HTTP/1.1" status: 200 len: 277 time: 0.0621073
2026-07-24 01:06:54.697 10 INFO neutron.wsgi [req-cfd10b5d-1aee-4dec-a1cd-857b1414b0f9 req-6fd80e8a-7392-46a6-9c56-7096c36ee487 5b1195e95bc648b98e3cd81287838f61 03e397f6b0c9450a88ac58208c027f30 - - 392ff6c0b2584d0ba60bd617569b29fb 392ff6c0b2584d0ba60bd617569b29fb] 199.204.45.74 "GET /v2.0/ports?tenant_id=7aef2912fe234634a1b0492917b5ce24&device_id=eb02f9e6-56d3-42c0-9072-1c3ac9fead1b HTTP/1.1" status: 200 len: 1411 time: 0.0462351
2026-07-24 01:06:54.725 9 INFO neutron.wsgi [None req-c9929d94-55b7-4902-a17f-ec645283711b 62fae09fc55f4d6faa6cb2771886dd1f f0000d67e0dd44b3abf02eb78d769b2c - - default default] 10.0.0.162 "DELETE /v2.0/security-groups/9b11b210-7325-4d81-ac9f-6f3fa9a6c192 HTTP/1.1" status: 204 len: 168 time: 0.2133176
2026-07-24 01:06:54.788 10 INFO neutron.wsgi [req-cfd10b5d-1aee-4dec-a1cd-857b1414b0f9 req-d8b11efb-1ea1-4ec0-b36e-474e4e4f5958 5b1195e95bc648b98e3cd81287838f61 03e397f6b0c9450a88ac58208c027f30 - - 392ff6c0b2584d0ba60bd617569b29fb 392ff6c0b2584d0ba60bd617569b29fb] 199.204.45.74 "GET /v2.0/networks?id=45cc9320-32ca-4293-a717-de53852b26fd HTTP/1.1" status: 200 len: 974 time: 0.0838687
2026-07-24 01:06:54.813 10 INFO neutron.plugins.ml2.drivers.ovn.mech_driver.mech_driver [None req-29f8e175-0d43-4339-bf53-5e1516680da6 - - - - - -] OVN reports status up for port: 702ae5e7-4e57-400a-b90e-2a30d287f0cc
2026-07-24 01:06:54.832 10 INFO neutron.wsgi [req-cfd10b5d-1aee-4dec-a1cd-857b1414b0f9 req-ffd78d4a-836a-489d-9cb9-3bf02ee12331 5b1195e95bc648b98e3cd81287838f61 03e397f6b0c9450a88ac58208c027f30 - - 392ff6c0b2584d0ba60bd617569b29fb 392ff6c0b2584d0ba60bd617569b29fb] 199.204.45.74 "GET /v2.0/floatingips?fixed_ip_address=10.100.0.12&port_id=702ae5e7-4e57-400a-b90e-2a30d287f0cc HTTP/1.1" status: 200 len: 217 time: 0.0381577
2026-07-24 01:06:54.867 10 INFO neutron.plugins.ml2.plugin [None req-29f8e175-0d43-4339-bf53-5e1516680da6 - - - - - -] Attempt 1 to provision port 702ae5e7-4e57-400a-b90e-2a30d287f0cc
2026-07-24 01:06:54.882 9 INFO neutron.wsgi [req-e6834b9d-219a-4058-9e85-8ef8f5264ec7 req-23d41f92-1649-4524-8ddf-7bb4f7e03721 aed7b434ace142ea815184cee8487b58 7aef2912fe234634a1b0492917b5ce24 - - default default] 10.0.0.130 "GET /v2.0/ports?device_id=eb02f9e6-56d3-42c0-9072-1c3ac9fead1b HTTP/1.1" status: 200 len: 1172 time: 0.0643373
2026-07-24 01:06:54.899 9 INFO neutron.notifiers.nova [-] Nova event matching ['req-208d58f2-82f7-43e8-8d1b-bc551ac03780'] response: {'server_uuid': '4856873c-654e-4faf-9771-8745ad72504d', 'name': 'network-vif-unplugged', 'status': 'completed', 'tag': 'd64478df-567b-4b2a-9db4-a7ccaa4269be', 'code': 200}
2026-07-24 01:06:54.899 9 INFO neutron.notifiers.nova [-] Nova event matching ['req-208d58f2-82f7-43e8-8d1b-bc551ac03780'] response: {'server_uuid': '4856873c-654e-4faf-9771-8745ad72504d', 'name': 'network-vif-plugged', 'status': 'completed', 'tag': 'd64478df-567b-4b2a-9db4-a7ccaa4269be', 'code': 200}
2026-07-24 01:06:54.899 9 INFO neutron.notifiers.nova [-] Nova event matching ['req-208d58f2-82f7-43e8-8d1b-bc551ac03780'] response: {'server_uuid': '4856873c-654e-4faf-9771-8745ad72504d', 'name': 'network-vif-deleted', 'tag': 'd64478df-567b-4b2a-9db4-a7ccaa4269be', 'status': 'completed', 'code': 200}
2026-07-24 01:06:54.903 10 INFO neutron.wsgi [req-cfd10b5d-1aee-4dec-a1cd-857b1414b0f9 req-7a542a61-7ddc-4de5-9b1a-769ed19b0adb 5b1195e95bc648b98e3cd81287838f61 03e397f6b0c9450a88ac58208c027f30 - - 392ff6c0b2584d0ba60bd617569b29fb 392ff6c0b2584d0ba60bd617569b29fb] 199.204.45.74 "GET /v2.0/subnets?id=e2b3f013-2917-4504-9183-fcb608fad70f HTTP/1.1" status: 200 len: 869 time: 0.0664208
2026-07-24 01:06:54.934 9 INFO neutron.wsgi [req-e6834b9d-219a-4058-9e85-8ef8f5264ec7 req-03e3d544-5f56-4492-a761-348e9bc4cb67 aed7b434ace142ea815184cee8487b58 7aef2912fe234634a1b0492917b5ce24 - - default default] 10.0.0.130 "GET /v2.0/security-groups?id=0c2f9248-8d06-4e82-9cbf-f3b3d9b5a6f9&fields=id&fields=name HTTP/1.1" status: 200 len: 313 time: 0.0446899
2026-07-24 01:06:54.937 10 INFO neutron.wsgi [req-cfd10b5d-1aee-4dec-a1cd-857b1414b0f9 req-3ee9d1e1-17b2-4cb7-a900-8854e394b2cb 5b1195e95bc648b98e3cd81287838f61 03e397f6b0c9450a88ac58208c027f30 - - 392ff6c0b2584d0ba60bd617569b29fb 392ff6c0b2584d0ba60bd617569b29fb] 199.204.45.74 "GET /v2.0/ports?network_id=45cc9320-32ca-4293-a717-de53852b26fd&device_owner=network%3Adhcp HTTP/1.1" status: 200 len: 210 time: 0.0293486
2026-07-24 01:06:55.053 10 INFO neutron.wsgi [req-cfd10b5d-1aee-4dec-a1cd-857b1414b0f9 req-8528c7fe-0d38-4ac1-a417-578831010b65 5b1195e95bc648b98e3cd81287838f61 03e397f6b0c9450a88ac58208c027f30 - - 392ff6c0b2584d0ba60bd617569b29fb 392ff6c0b2584d0ba60bd617569b29fb] 199.204.45.74 "GET /v2.0/networks/45cc9320-32ca-4293-a717-de53852b26fd?fields=segments HTTP/1.1" status: 200 len: 212 time: 0.1024091
2026-07-24 01:06:55.056 9 INFO neutron.db.ovn_revision_numbers_db [None req-6f468a84-cd79-4796-a639-797cdda2ec89 62fae09fc55f4d6faa6cb2771886dd1f f0000d67e0dd44b3abf02eb78d769b2c - - default default] Successfully bumped revision number for resource 2593ff24-2573-4d23-82f3-d0e3cf262e35 (type: security_groups) to 1
2026-07-24 01:06:55.077 9 INFO neutron.db.ovn_revision_numbers_db [None req-6f468a84-cd79-4796-a639-797cdda2ec89 62fae09fc55f4d6faa6cb2771886dd1f f0000d67e0dd44b3abf02eb78d769b2c - - default default] Successfully bumped revision number for resource 12a206ed-5104-47c3-afad-a4608bb27b19 (type: security_group_rules) to 0
2026-07-24 01:06:55.103 9 INFO neutron.db.ovn_revision_numbers_db [None req-6f468a84-cd79-4796-a639-797cdda2ec89 62fae09fc55f4d6faa6cb2771886dd1f f0000d67e0dd44b3abf02eb78d769b2c - - default default] Successfully bumped revision number for resource 394dac33-9d1e-47e7-9816-ebdd0d1f3c39 (type: security_group_rules) to 0
2026-07-24 01:06:55.123 9 INFO neutron.db.ovn_revision_numbers_db [None req-6f468a84-cd79-4796-a639-797cdda2ec89 62fae09fc55f4d6faa6cb2771886dd1f f0000d67e0dd44b3abf02eb78d769b2c - - default default] Successfully bumped revision number for resource 53899390-f931-4d4d-8ad4-243e37f1664f (type: security_group_rules) to 0
2026-07-24 01:06:55.141 9 INFO neutron.db.ovn_revision_numbers_db [None req-6f468a84-cd79-4796-a639-797cdda2ec89 62fae09fc55f4d6faa6cb2771886dd1f f0000d67e0dd44b3abf02eb78d769b2c - - default default] Successfully bumped revision number for resource e41d7594-9d99-4e54-be26-37aa4c82a8e2 (type: security_group_rules) to 0
2026-07-24 01:06:55.157 10 INFO neutron.wsgi [req-cfd10b5d-1aee-4dec-a1cd-857b1414b0f9 req-43d9b52c-7fe4-4d9b-87da-6ad0f9191e19 5b1195e95bc648b98e3cd81287838f61 03e397f6b0c9450a88ac58208c027f30 - - 392ff6c0b2584d0ba60bd617569b29fb 392ff6c0b2584d0ba60bd617569b29fb] 199.204.45.74 "GET /v2.0/networks/45cc9320-32ca-4293-a717-de53852b26fd?fields=provider%3Aphysical_network&fields=provider%3Anetwork_type HTTP/1.1" status: 200 len: 277 time: 0.0960450
2026-07-24 01:06:55.166 9 INFO neutron.wsgi [None req-6f468a84-cd79-4796-a639-797cdda2ec89 62fae09fc55f4d6faa6cb2771886dd1f f0000d67e0dd44b3abf02eb78d769b2c - - default default] 10.0.0.162 "GET /v2.0/security-groups?tenant_id=b463ad6a0ad94c27b720071feae965d2&name=default HTTP/1.1" status: 200 len: 2996 time: 0.3006203
2026-07-24 01:06:55.372 9 INFO neutron.wsgi [None req-d9a00065-3524-4107-b8f2-f4e4b17cbfa2 88b209ece8c14ba89e27f85b9425c1e9 4ee59ec6f4c44c449b00446e72342461 - - default default] 10.0.0.162 "DELETE /v2.0/security-groups/664bcc19-e917-4aad-9158-9c16d4c13ba4 HTTP/1.1" status: 204 len: 168 time: 0.1326711
2026-07-24 01:06:55.401 9 INFO neutron.api.v2.resource [None req-4dc4ddc4-4686-49c9-b2a8-c0c4a6462bb0 88b209ece8c14ba89e27f85b9425c1e9 4ee59ec6f4c44c449b00446e72342461 - - default default] show failed (client error): The resource could not be found.
2026-07-24 01:06:55.403 9 INFO neutron.wsgi [None req-4dc4ddc4-4686-49c9-b2a8-c0c4a6462bb0 88b209ece8c14ba89e27f85b9425c1e9 4ee59ec6f4c44c449b00446e72342461 - - default default] 10.0.0.162 "GET /v2.0/security-groups/664bcc19-e917-4aad-9158-9c16d4c13ba4 HTTP/1.1" status: 404 len: 347 time: 0.0183451
2026-07-24 01:06:55.407 9 INFO neutron.wsgi [None req-13833231-c27c-48c1-b1d2-cf126902edf1 62fae09fc55f4d6faa6cb2771886dd1f f0000d67e0dd44b3abf02eb78d769b2c - - default default] 10.0.0.162 "DELETE /v2.0/security-groups/2593ff24-2573-4d23-82f3-d0e3cf262e35 HTTP/1.1" status: 204 len: 168 time: 0.2336540
2026-07-24 01:06:55.500 10 INFO neutron.db.ovn_revision_numbers_db [None req-29f8e175-0d43-4339-bf53-5e1516680da6 - - - - - -] Successfully bumped revision number for resource 702ae5e7-4e57-400a-b90e-2a30d287f0cc (type: ports) to 4
2026-07-24 01:06:55.776 9 INFO neutron.wsgi [None req-b40d6ba0-bcbd-4bcf-9319-dcc3f519e32d 88b209ece8c14ba89e27f85b9425c1e9 4ee59ec6f4c44c449b00446e72342461 - - default default] 10.0.0.162 "DELETE /v2.0/floatingips/9e97244a-f467-46b3-9336-8b4a6120b3ad HTTP/1.1" status: 204 len: 168 time: 0.3669333
2026-07-24 01:06:56.141 9 INFO neutron.wsgi [req-4ebd99dc-dc78-445c-abbe-5324e4f45118 req-4f72745b-4967-4b48-8770-0469fb609a0a aed7b434ace142ea815184cee8487b58 7aef2912fe234634a1b0492917b5ce24 - - default default] 10.0.0.130 "GET /v2.0/ports?device_id=eb02f9e6-56d3-42c0-9072-1c3ac9fead1b HTTP/1.1" status: 200 len: 1174 time: 0.1189222
2026-07-24 01:06:56.211 9 INFO neutron.wsgi [req-4ebd99dc-dc78-445c-abbe-5324e4f45118 req-9dd6220e-37ac-4a96-8b48-bf7737d280c3 aed7b434ace142ea815184cee8487b58 7aef2912fe234634a1b0492917b5ce24 - - default default] 10.0.0.130 "GET /v2.0/security-groups?id=0c2f9248-8d06-4e82-9cbf-f3b3d9b5a6f9&fields=id&fields=name HTTP/1.1" status: 200 len: 313 time: 0.0629039
2026-07-24 01:06:56.338 10 INFO neutron.notifiers.nova [-] Nova event matching ['req-be8d4036-cc7f-4f65-9728-4ef080e1198a'] response: {'server_uuid': 'eb02f9e6-56d3-42c0-9072-1c3ac9fead1b', 'name': 'network-vif-plugged', 'status': 'completed', 'tag': '702ae5e7-4e57-400a-b90e-2a30d287f0cc', 'code': 200}
2026-07-24 01:06:56.338 10 INFO neutron.notifiers.nova [-] Nova event matching ['req-be8d4036-cc7f-4f65-9728-4ef080e1198a'] response: {'server_uuid': 'eb02f9e6-56d3-42c0-9072-1c3ac9fead1b', 'name': 'network-vif-plugged', 'status': 'completed', 'tag': '702ae5e7-4e57-400a-b90e-2a30d287f0cc', 'code': 200}
2026-07-24 01:06:57.280 9 INFO neutron.wsgi [None req-bd2e77d1-1b23-4c70-a2a2-3ba4a4b1e88e 62fae09fc55f4d6faa6cb2771886dd1f f0000d67e0dd44b3abf02eb78d769b2c - - default default] 10.0.0.162 "PUT /v2.0/routers/51c7142f-5da8-4c27-ac77-25be53a55d3b/remove_router_interface HTTP/1.1" status: 200 len: 503 time: 1.4981432 /var/lib/openstack/lib/python3.10/site-packages/pycadf/identifier.py:71: UserWarning: Invalid uuid: neutron. To ensure interoperability, identifiers should be a valid uuid. warnings.warn(('Invalid uuid: %s. To ensure interoperability, '
2026-07-24 01:06:57.364 9 INFO neutron.wsgi [req-8f32f129-992e-4316-b620-142bb457f2a4 req-9b9b737e-22e6-4c98-90d5-95713b0e1eec aed7b434ace142ea815184cee8487b58 7aef2912fe234634a1b0492917b5ce24 - - default default] 10.0.0.130 "GET /v2.0/ports?device_id=eb02f9e6-56d3-42c0-9072-1c3ac9fead1b HTTP/1.1" status: 200 len: 1174 time: 0.0697517
2026-07-24 01:06:57.440 9 INFO neutron.wsgi [req-8f32f129-992e-4316-b620-142bb457f2a4 req-ef3ec694-0835-4df2-b206-4f5c39b3dcab aed7b434ace142ea815184cee8487b58 7aef2912fe234634a1b0492917b5ce24 - - default default] 10.0.0.130 "GET /v2.0/security-groups?id=0c2f9248-8d06-4e82-9cbf-f3b3d9b5a6f9&fields=id&fields=name HTTP/1.1" status: 200 len: 313 time: 0.0675168
2026-07-24 01:06:57.559 9 INFO neutron.wsgi [req-2e309ae4-59e0-4621-ba9b-2b6e64a36727 req-1cef3ab5-9b19-4c76-ba20-4459b6678420 aed7b434ace142ea815184cee8487b58 7aef2912fe234634a1b0492917b5ce24 - - default default] 10.0.0.130 "GET /v2.0/ports?device_id=eb02f9e6-56d3-42c0-9072-1c3ac9fead1b HTTP/1.1" status: 200 len: 1174 time: 0.0482903 /var/lib/openstack/lib/python3.10/site-packages/pycadf/identifier.py:71: UserWarning: Invalid uuid: neutron. To ensure interoperability, identifiers should be a valid uuid. warnings.warn(('Invalid uuid: %s. To ensure interoperability, '
2026-07-24 01:06:57.909 10 INFO neutron.db.l3_db [None req-2da3bce4-16ae-44be-aa31-b16b48d5d963 aed7b434ace142ea815184cee8487b58 7aef2912fe234634a1b0492917b5ce24 - - default default] Floating IP f8ef55c7-34ed-4110-9088-7dc0eda119c2 associated. External IP: 10.96.250.210, port: 702ae5e7-4e57-400a-b90e-2a30d287f0cc.
2026-07-24 01:06:58.243 10 INFO neutron.db.ovn_revision_numbers_db [None req-2da3bce4-16ae-44be-aa31-b16b48d5d963 aed7b434ace142ea815184cee8487b58 7aef2912fe234634a1b0492917b5ce24 - - default default] Successfully bumped revision number for resource f8ef55c7-34ed-4110-9088-7dc0eda119c2 (type: floatingips) to 1
2026-07-24 01:06:58.307 9 INFO neutron.wsgi [None req-67bbd107-ba3a-41e2-87e1-397cdcf3cbb4 62fae09fc55f4d6faa6cb2771886dd1f f0000d67e0dd44b3abf02eb78d769b2c - - default default] 10.0.0.162 "DELETE /v2.0/routers/51c7142f-5da8-4c27-ac77-25be53a55d3b HTTP/1.1" status: 204 len: 168 time: 1.0204253 /var/lib/openstack/lib/python3.10/site-packages/pycadf/identifier.py:71: UserWarning: Invalid uuid: neutron. To ensure interoperability, identifiers should be a valid uuid. warnings.warn(('Invalid uuid: %s. To ensure interoperability, '
2026-07-24 01:06:58.465 10 INFO neutron.db.ovn_revision_numbers_db [None req-2da3bce4-16ae-44be-aa31-b16b48d5d963 aed7b434ace142ea815184cee8487b58 7aef2912fe234634a1b0492917b5ce24 - - default default] Successfully bumped revision number for resource f8ef55c7-34ed-4110-9088-7dc0eda119c2 (type: floatingips) to 2
2026-07-24 01:06:58.517 10 INFO neutron.wsgi [None req-2da3bce4-16ae-44be-aa31-b16b48d5d963 aed7b434ace142ea815184cee8487b58 7aef2912fe234634a1b0492917b5ce24 - - default default] 10.0.0.162 "PUT /v2.0/floatingips/f8ef55c7-34ed-4110-9088-7dc0eda119c2 HTTP/1.1" status: 200 len: 1050 time: 0.9467137
2026-07-24 01:06:58.557 10 INFO neutron.notifiers.nova [-] Nova event matching ['req-9bd0d745-4f0a-4d18-901d-1501ce911b63'] response: {'name': 'network-changed', 'server_uuid': 'eb02f9e6-56d3-42c0-9072-1c3ac9fead1b', 'tag': '702ae5e7-4e57-400a-b90e-2a30d287f0cc', 'status': 'completed', 'code': 200}
2026-07-24 01:06:58.610 9 INFO neutron.wsgi [req-690971b9-4a36-4c2a-8e7b-9ba82dc05ac9 req-91ad6cff-195b-4a81-98d0-9bde3d316d66 aed7b434ace142ea815184cee8487b58 7aef2912fe234634a1b0492917b5ce24 - - default default] 10.0.0.130 "GET /v2.0/ports?device_id=eb02f9e6-56d3-42c0-9072-1c3ac9fead1b HTTP/1.1" status: 200 len: 1174 time: 0.0495851
2026-07-24 01:06:58.630 10 INFO neutron.wsgi [req-c19597a2-2cdc-492b-97ce-4adea2719eaf req-f934d759-aa98-486d-9ebe-14c0176119b9 5b1195e95bc648b98e3cd81287838f61 03e397f6b0c9450a88ac58208c027f30 - - 392ff6c0b2584d0ba60bd617569b29fb 392ff6c0b2584d0ba60bd617569b29fb] 199.204.45.74 "GET /v2.0/ports?tenant_id=7aef2912fe234634a1b0492917b5ce24&device_id=eb02f9e6-56d3-42c0-9072-1c3ac9fead1b HTTP/1.1" status: 200 len: 1413 time: 0.0469103
2026-07-24 01:06:58.646 10 INFO neutron.wsgi [None req-4dcacca2-c041-4253-80e8-bf82854d3765 62fae09fc55f4d6faa6cb2771886dd1f f0000d67e0dd44b3abf02eb78d769b2c - - default default] 10.0.0.162 "DELETE /v2.0/subnets/61a057cc-b22c-474c-8e36-d80900a1d669 HTTP/1.1" status: 204 len: 168 time: 0.3238711
2026-07-24 01:06:58.675 9 INFO neutron.wsgi [req-690971b9-4a36-4c2a-8e7b-9ba82dc05ac9 req-d0aa0482-2b3f-436d-a216-22705ab7729a aed7b434ace142ea815184cee8487b58 7aef2912fe234634a1b0492917b5ce24 - - default default] 10.0.0.130 "GET /v2.0/security-groups?id=0c2f9248-8d06-4e82-9cbf-f3b3d9b5a6f9&fields=id&fields=name HTTP/1.1" status: 200 len: 313 time: 0.0576243
2026-07-24 01:06:58.740 10 INFO neutron.wsgi [req-c19597a2-2cdc-492b-97ce-4adea2719eaf req-f2580889-856b-44d0-b757-1b6f6917a02f 5b1195e95bc648b98e3cd81287838f61 03e397f6b0c9450a88ac58208c027f30 - - 392ff6c0b2584d0ba60bd617569b29fb 392ff6c0b2584d0ba60bd617569b29fb] 199.204.45.74 "GET /v2.0/networks?id=45cc9320-32ca-4293-a717-de53852b26fd HTTP/1.1" status: 200 len: 974 time: 0.0986724
2026-07-24 01:06:58.797 10 INFO neutron.wsgi [req-c19597a2-2cdc-492b-97ce-4adea2719eaf req-41282ed5-bc9d-411a-a286-bc73a7611f99 5b1195e95bc648b98e3cd81287838f61 03e397f6b0c9450a88ac58208c027f30 - - 392ff6c0b2584d0ba60bd617569b29fb 392ff6c0b2584d0ba60bd617569b29fb] 199.204.45.74 "GET /v2.0/floatingips?fixed_ip_address=10.100.0.12&port_id=702ae5e7-4e57-400a-b90e-2a30d287f0cc HTTP/1.1" status: 200 len: 1060 time: 0.0512605
2026-07-24 01:06:58.836 10 INFO neutron.wsgi [req-c19597a2-2cdc-492b-97ce-4adea2719eaf req-43501f23-8284-460c-817a-4338794008d0 5b1195e95bc648b98e3cd81287838f61 03e397f6b0c9450a88ac58208c027f30 - - 392ff6c0b2584d0ba60bd617569b29fb 392ff6c0b2584d0ba60bd617569b29fb] 199.204.45.74 "GET /v2.0/subnets?id=e2b3f013-2917-4504-9183-fcb608fad70f HTTP/1.1" status: 200 len: 869 time: 0.0310426
2026-07-24 01:06:58.895 10 INFO neutron.wsgi [req-c19597a2-2cdc-492b-97ce-4adea2719eaf req-29988796-2f5e-4a3a-9ff9-06e7e1596158 5b1195e95bc648b98e3cd81287838f61 03e397f6b0c9450a88ac58208c027f30 - - 392ff6c0b2584d0ba60bd617569b29fb 392ff6c0b2584d0ba60bd617569b29fb] 199.204.45.74 "GET /v2.0/ports?network_id=45cc9320-32ca-4293-a717-de53852b26fd&device_owner=network%3Adhcp HTTP/1.1" status: 200 len: 210 time: 0.0552864
2026-07-24 01:06:58.985 10 INFO neutron.wsgi [req-c19597a2-2cdc-492b-97ce-4adea2719eaf req-2ea49896-48b6-433c-819f-11429c62e00c 5b1195e95bc648b98e3cd81287838f61 03e397f6b0c9450a88ac58208c027f30 - - 392ff6c0b2584d0ba60bd617569b29fb 392ff6c0b2584d0ba60bd617569b29fb] 199.204.45.74 "GET /v2.0/networks/45cc9320-32ca-4293-a717-de53852b26fd?fields=segments HTTP/1.1" status: 200 len: 212 time: 0.0822215
2026-07-24 01:06:59.024 9 INFO neutron.services.segments.plugin [-] Segment 8d56b367-b4cb-4ea3-9826-eee684413f5b resource provider aggregate not found
2026-07-24 01:06:59.029 9 INFO neutron.services.segments.plugin [-] Segment 8d56b367-b4cb-4ea3-9826-eee684413f5b resource provider aggregate not found
2026-07-24 01:06:59.045 9 INFO neutron.services.segments.plugin [-] Segment 8d56b367-b4cb-4ea3-9826-eee684413f5b resource provider not found; error: Placement Client Error (4xx): {"errors": [{"status": 404, "title": "Not Found", "detail": "The resource could not be found.\n\n No resource provider with uuid 8d56b367-b4cb-4ea3-9826-eee684413f5b found for delete ", "request_id": "req-12d4167c-128d-47d2-8fb1-7b059969af96"}]}
2026-07-24 01:06:59.048 9 INFO neutron.services.segments.plugin [-] Segment 8d56b367-b4cb-4ea3-9826-eee684413f5b resource provider not found; error: Placement Client Error (4xx): {"errors": [{"status": 404, "title": "Not Found", "detail": "The resource could not be found.\n\n No resource provider with uuid 8d56b367-b4cb-4ea3-9826-eee684413f5b found for delete ", "request_id": "req-66eb6ed3-09d7-4a88-bd2f-f44480159851"}]}
2026-07-24 01:06:59.084 9 INFO neutron.wsgi [None req-0cf3a3a1-fe9c-46be-aae6-64098fcabcd5 62fae09fc55f4d6faa6cb2771886dd1f f0000d67e0dd44b3abf02eb78d769b2c - - default default] 10.0.0.162 "DELETE /v2.0/networks/c02df638-93d2-480a-a723-08abb68d7031 HTTP/1.1" status: 204 len: 168 time: 0.4329910
2026-07-24 01:06:59.101 10 INFO neutron.plugins.ml2.drivers.ovn.mech_driver.mech_driver [None req-29f8e175-0d43-4339-bf53-5e1516680da6 - - - - - -] OVN reports status down for port: 702ae5e7-4e57-400a-b90e-2a30d287f0cc
2026-07-24 01:06:59.108 10 INFO neutron.wsgi [req-c19597a2-2cdc-492b-97ce-4adea2719eaf req-85094d5d-9275-4a2c-bb8e-ead61a506d2b 5b1195e95bc648b98e3cd81287838f61 03e397f6b0c9450a88ac58208c027f30 - - 392ff6c0b2584d0ba60bd617569b29fb 392ff6c0b2584d0ba60bd617569b29fb] 199.204.45.74 "GET /v2.0/networks/45cc9320-32ca-4293-a717-de53852b26fd?fields=provider%3Aphysical_network&fields=provider%3Anetwork_type HTTP/1.1" status: 200 len: 277 time: 0.1174140
2026-07-24 01:06:59.141 9 INFO neutron.wsgi [req-84c343ad-643b-449e-a3ee-8b62f15fe63b req-d7880eef-a7b6-4f49-bf3f-06f899decd90 aed7b434ace142ea815184cee8487b58 7aef2912fe234634a1b0492917b5ce24 - - default default] 10.0.0.130 "GET /v2.0/ports?device_id=eb02f9e6-56d3-42c0-9072-1c3ac9fead1b HTTP/1.1" status: 200 len: 1174 time: 0.0564177
2026-07-24 01:06:59.194 9 INFO neutron.wsgi [req-84c343ad-643b-449e-a3ee-8b62f15fe63b req-1f61e15b-c381-4c54-b9e8-83c06105f303 aed7b434ace142ea815184cee8487b58 7aef2912fe234634a1b0492917b5ce24 - - default default] 10.0.0.130 "GET /v2.0/security-groups?id=0c2f9248-8d06-4e82-9cbf-f3b3d9b5a6f9&fields=id&fields=name HTTP/1.1" status: 200 len: 313 time: 0.0449111
2026-07-24 01:06:59.259 10 INFO neutron.db.ovn_revision_numbers_db [None req-e848371f-c92f-42ec-b3e0-d29add66c004 62fae09fc55f4d6faa6cb2771886dd1f f0000d67e0dd44b3abf02eb78d769b2c - - default default] Successfully bumped revision number for resource ef0b6f77-ea7a-41c3-8e66-aaf8d3cde2de (type: security_groups) to 1
2026-07-24 01:06:59.281 9 INFO neutron.wsgi [None req-71da0820-36be-4358-80e7-66ad7f8af4fd 62fae09fc55f4d6faa6cb2771886dd1f f0000d67e0dd44b3abf02eb78d769b2c - - default default] 10.0.0.162 "GET /v2.0/security-groups?tenant_id=4ee59ec6f4c44c449b00446e72342461&name=default HTTP/1.1" status: 200 len: 2996 time: 0.0293744
2026-07-24 01:06:59.291 10 INFO neutron.db.ovn_revision_numbers_db [None req-e848371f-c92f-42ec-b3e0-d29add66c004 62fae09fc55f4d6faa6cb2771886dd1f f0000d67e0dd44b3abf02eb78d769b2c - - default default] Successfully bumped revision number for resource 20581122-8be2-4094-8f51-b7f0fe7e6d0a (type: security_group_rules) to 0
2026-07-24 01:06:59.310 10 INFO neutron.db.ovn_revision_numbers_db [None req-e848371f-c92f-42ec-b3e0-d29add66c004 62fae09fc55f4d6faa6cb2771886dd1f f0000d67e0dd44b3abf02eb78d769b2c - - default default] Successfully bumped revision number for resource 3325936a-2253-46be-ba90-a5f8f0b9ae76 (type: security_group_rules) to 0
2026-07-24 01:06:59.328 10 INFO neutron.db.ovn_revision_numbers_db [None req-e848371f-c92f-42ec-b3e0-d29add66c004 62fae09fc55f4d6faa6cb2771886dd1f f0000d67e0dd44b3abf02eb78d769b2c - - default default] Successfully bumped revision number for resource 5237e64b-8998-4319-8d14-013bd0d36525 (type: security_group_rules) to 0
2026-07-24 01:06:59.346 10 INFO neutron.db.ovn_revision_numbers_db [None req-e848371f-c92f-42ec-b3e0-d29add66c004 62fae09fc55f4d6faa6cb2771886dd1f f0000d67e0dd44b3abf02eb78d769b2c - - default default] Successfully bumped revision number for resource 8366e190-413e-410b-90fd-1f15ef9ebff4 (type: security_group_rules) to 0
2026-07-24 01:06:59.387 10 INFO neutron.wsgi [None req-e848371f-c92f-42ec-b3e0-d29add66c004 62fae09fc55f4d6faa6cb2771886dd1f f0000d67e0dd44b3abf02eb78d769b2c - - default default] 10.0.0.162 "GET /v2.0/security-groups?tenant_id=b56c1d349083471ea3c023ef9638003f&name=default HTTP/1.1" status: 200 len: 2996 time: 0.4973140
2026-07-24 01:06:59.518 10 INFO neutron.db.ovn_revision_numbers_db [None req-29f8e175-0d43-4339-bf53-5e1516680da6 - - - - - -] Successfully bumped revision number for resource 702ae5e7-4e57-400a-b90e-2a30d287f0cc (type: ports) to 5
