2026-07-24 01:09:45.523 9 INFO neutron.wsgi [None req-30a250b1-688a-4810-976d-12f3d27c17ba 824d684ea1df41ff89e6b47d16fdf4cc 59d299db2a7745dbba58db1a9952cc11 - - default default] 10.0.0.162 "DELETE /v2.0/floatingips/26025fc3-5e0d-463e-bd97-93a9afd8dc65/tags/green HTTP/1.1" status: 404 len: 299 time: 0.0483494
2026-07-24 01:09:45.581 9 INFO neutron.wsgi [None req-dbd9063b-8955-4e0c-a145-2ada1264e3bd 824d684ea1df41ff89e6b47d16fdf4cc 59d299db2a7745dbba58db1a9952cc11 - - default default] 10.0.0.162 "DELETE /v2.0/floatingips/26025fc3-5e0d-463e-bd97-93a9afd8dc65/tags HTTP/1.1" status: 204 len: 168 time: 0.0525708
2026-07-24 01:09:45.669 10 INFO neutron.wsgi [None req-bd06c2d3-c330-4f55-9d8f-2c30079632ad 824d684ea1df41ff89e6b47d16fdf4cc 59d299db2a7745dbba58db1a9952cc11 - - default default] 10.0.0.162 "GET /v2.0/floatingips/26025fc3-5e0d-463e-bd97-93a9afd8dc65/tags HTTP/1.1" status: 200 len: 205 time: 0.0828032
2026-07-24 01:09:45.704 9 INFO neutron.wsgi [req-22e8bc1d-97cd-4666-a956-bebcb9201b5b req-3e7c8af2-db6b-4b5a-bc47-9b55398a718a 42f553454a7844ee886f8eaa84cfc335 c02997d6906a42d2a5620f7628fea112 - - default default] 10.0.0.130 "GET /v2.0/ports?device_id=3a5abda2-00d5-408d-b7b5-3204067de792 HTTP/1.1" status: 200 len: 1208 time: 0.0493739
2026-07-24 01:09:45.759 9 INFO neutron.wsgi [req-22e8bc1d-97cd-4666-a956-bebcb9201b5b req-8d06cf6b-a8c5-458f-83bd-7804a3135593 42f553454a7844ee886f8eaa84cfc335 c02997d6906a42d2a5620f7628fea112 - - default default] 10.0.0.130 "GET /v2.0/security-groups?id=88e45bf8-c62d-437e-ac18-b54c785ae803&id=4febfb6d-0885-45fa-9fb3-23558212d6e1&fields=id&fields=name HTTP/1.1" status: 200 len: 406 time: 0.0477760
2026-07-24 01:09:46.092 10 INFO neutron.db.l3_db [None req-49aa15d3-3c61-48d3-949c-e2865553b15b a3694ce826d4475d95ed35f0ba69984d 248afb83310c4a28bbd492a642c660f0 - - default default] Floating IP 9296e8ab-74a0-4d4f-8da8-72f43cbf82da associated. External IP: 10.96.250.215, port: ca56a986-d2b1-4889-944f-2414ea60d9b0.
2026-07-24 01:09:46.242 10 INFO neutron.wsgi [None req-ee720eb4-06b5-45f9-a23e-966dd0c5dc16 824d684ea1df41ff89e6b47d16fdf4cc 59d299db2a7745dbba58db1a9952cc11 - - default default] 10.0.0.162 "DELETE /v2.0/floatingips/26025fc3-5e0d-463e-bd97-93a9afd8dc65 HTTP/1.1" status: 204 len: 168 time: 0.5664239
2026-07-24 01:09:46.367 10 INFO neutron.db.ovn_revision_numbers_db [None req-49aa15d3-3c61-48d3-949c-e2865553b15b a3694ce826d4475d95ed35f0ba69984d 248afb83310c4a28bbd492a642c660f0 - - default default] Successfully bumped revision number for resource 9296e8ab-74a0-4d4f-8da8-72f43cbf82da (type: floatingips) to 0
2026-07-24 01:09:46.504 10 INFO neutron.db.ovn_revision_numbers_db [None req-49aa15d3-3c61-48d3-949c-e2865553b15b a3694ce826d4475d95ed35f0ba69984d 248afb83310c4a28bbd492a642c660f0 - - default default] Successfully bumped revision number for resource 9296e8ab-74a0-4d4f-8da8-72f43cbf82da (type: floatingips) to 1
2026-07-24 01:09:46.544 10 INFO neutron.wsgi [None req-49aa15d3-3c61-48d3-949c-e2865553b15b a3694ce826d4475d95ed35f0ba69984d 248afb83310c4a28bbd492a642c660f0 - - default default] 10.0.0.162 "POST /v2.0/floatingips HTTP/1.1" status: 201 len: 1054 time: 1.4021196
2026-07-24 01:09:46.584 10 INFO neutron.notifiers.nova [-] Nova event matching ['req-96670cff-19fb-4577-87ef-a2d68cc33f2d'] response: {'name': 'network-changed', 'server_uuid': '15f68ccd-b535-4447-a82e-8744dd768934', 'tag': 'ca56a986-d2b1-4889-944f-2414ea60d9b0', 'status': 'completed', 'code': 200}
2026-07-24 01:09:46.645 10 INFO neutron.wsgi [req-b205796f-d7cc-4948-b071-8576ff61fa43 req-fb9b2442-eccd-4135-85d8-7029c92a8d00 5b1195e95bc648b98e3cd81287838f61 03e397f6b0c9450a88ac58208c027f30 - - 392ff6c0b2584d0ba60bd617569b29fb 392ff6c0b2584d0ba60bd617569b29fb] 199.204.45.74 "GET /v2.0/ports?tenant_id=248afb83310c4a28bbd492a642c660f0&device_id=15f68ccd-b535-4447-a82e-8744dd768934 HTTP/1.1" status: 200 len: 1638 time: 0.0419674
2026-07-24 01:09:46.657 9 INFO neutron.wsgi [req-0a1a030e-2099-47c2-b062-4501f2c27187 req-d4f5fb4e-48bb-4dab-b441-64f9a6ad7bfd a3694ce826d4475d95ed35f0ba69984d 248afb83310c4a28bbd492a642c660f0 - - default default] 10.0.0.130 "GET /v2.0/security-groups?name=tempest-lb_member_SG-195131152&fields=id&tenant_id=248afb83310c4a28bbd492a642c660f0 HTTP/1.1" status: 200 len: 267 time: 0.0429676
2026-07-24 01:09:46.714 10 INFO neutron.wsgi [req-b205796f-d7cc-4948-b071-8576ff61fa43 req-226a9307-2900-4ecb-a473-ef0c164b9cf1 5b1195e95bc648b98e3cd81287838f61 03e397f6b0c9450a88ac58208c027f30 - - 392ff6c0b2584d0ba60bd617569b29fb 392ff6c0b2584d0ba60bd617569b29fb] 199.204.45.74 "GET /v2.0/networks?id=f72ba205-003e-4b68-ab72-9a14ccb2b987 HTTP/1.1" status: 200 len: 1003 time: 0.0588892
2026-07-24 01:09:46.738 9 INFO neutron.wsgi [req-0a1a030e-2099-47c2-b062-4501f2c27187 req-9208e788-d0c8-4502-993f-14a5a5c593ed a3694ce826d4475d95ed35f0ba69984d 248afb83310c4a28bbd492a642c660f0 - - default default] 10.0.0.130 "GET /v2.0/networks?id=6a3d0a7e-b221-456f-b4f5-11075c4c32f2 HTTP/1.1" status: 200 len: 903 time: 0.0719635
2026-07-24 01:09:46.756 9 INFO neutron.wsgi [req-0a1a030e-2099-47c2-b062-4501f2c27187 req-7958d805-cf42-4291-bb77-ddef58e8ce3d a3694ce826d4475d95ed35f0ba69984d 248afb83310c4a28bbd492a642c660f0 - - default default] 10.0.0.130 "GET /v2.0/quotas/248afb83310c4a28bbd492a642c660f0 HTTP/1.1" status: 200 len: 386 time: 0.0105515
2026-07-24 01:09:47.024 9 INFO neutron.wsgi [req-0d51c666-6d6f-44c1-81d5-fc54c68c47de req-38c23004-7688-46e4-ab62-b60e8ad7c815 42f553454a7844ee886f8eaa84cfc335 c02997d6906a42d2a5620f7628fea112 - - default default] 10.0.0.130 "GET /v2.0/ports?device_id=3a5abda2-00d5-408d-b7b5-3204067de792 HTTP/1.1" status: 200 len: 1208 time: 0.1847706
2026-07-24 01:09:47.029 9 INFO neutron.wsgi [req-0a1a030e-2099-47c2-b062-4501f2c27187 req-5915aa29-97de-4e8f-89a8-520e3a0d0e9c a3694ce826d4475d95ed35f0ba69984d 248afb83310c4a28bbd492a642c660f0 - - default default] 10.0.0.130 "GET /v2.0/ports?tenant_id=248afb83310c4a28bbd492a642c660f0&fields=id HTTP/1.1" status: 200 len: 532 time: 0.2660930
2026-07-24 01:09:47.074 10 INFO neutron.wsgi [req-b205796f-d7cc-4948-b071-8576ff61fa43 req-bea218a0-323b-49a0-8e2c-69a20c5fdeb3 5b1195e95bc648b98e3cd81287838f61 03e397f6b0c9450a88ac58208c027f30 - - 392ff6c0b2584d0ba60bd617569b29fb 392ff6c0b2584d0ba60bd617569b29fb] 199.204.45.74 "GET /v2.0/floatingips?fixed_ip_address=10.2.1.128&port_id=ca56a986-d2b1-4889-944f-2414ea60d9b0 HTTP/1.1" status: 200 len: 1059 time: 0.3497138
2026-07-24 01:09:47.101 9 INFO neutron.wsgi [req-0d51c666-6d6f-44c1-81d5-fc54c68c47de req-441c47bf-829e-4e96-bf53-0687d68de7c4 42f553454a7844ee886f8eaa84cfc335 c02997d6906a42d2a5620f7628fea112 - - default default] 10.0.0.130 "GET /v2.0/security-groups?id=88e45bf8-c62d-437e-ac18-b54c785ae803&id=4febfb6d-0885-45fa-9fb3-23558212d6e1&fields=id&fields=name HTTP/1.1" status: 200 len: 406 time: 0.0673277
2026-07-24 01:09:47.109 10 INFO neutron.wsgi [req-b205796f-d7cc-4948-b071-8576ff61fa43 req-9ad17164-ea41-4bec-8a6c-5d962baaaf60 5b1195e95bc648b98e3cd81287838f61 03e397f6b0c9450a88ac58208c027f30 - - 392ff6c0b2584d0ba60bd617569b29fb 392ff6c0b2584d0ba60bd617569b29fb] 199.204.45.74 "GET /v2.0/floatingips?fixed_ip_address=fd7b%3Af9f7%3Afff%3A4eca%3A%3A3a9&port_id=ca56a986-d2b1-4889-944f-2414ea60d9b0 HTTP/1.1" status: 200 len: 217 time: 0.0291252
2026-07-24 01:09:47.115 9 INFO neutron.wsgi [req-0a1a030e-2099-47c2-b062-4501f2c27187 req-eaaccd2a-e0e4-43ad-94b6-cb202f5d8a51 5b1195e95bc648b98e3cd81287838f61 03e397f6b0c9450a88ac58208c027f30 - - 392ff6c0b2584d0ba60bd617569b29fb 392ff6c0b2584d0ba60bd617569b29fb] 10.0.0.130 "GET /v2.0/networks/6a3d0a7e-b221-456f-b4f5-11075c4c32f2?fields=segments HTTP/1.1" status: 200 len: 212 time: 0.0700536
2026-07-24 01:09:47.157 10 INFO neutron.wsgi [req-b205796f-d7cc-4948-b071-8576ff61fa43 req-837e1f23-2d92-4990-a16b-1ff3e754fbd6 5b1195e95bc648b98e3cd81287838f61 03e397f6b0c9450a88ac58208c027f30 - - 392ff6c0b2584d0ba60bd617569b29fb 392ff6c0b2584d0ba60bd617569b29fb] 199.204.45.74 "GET /v2.0/subnets?id=248017a3-e3dd-4d8e-822b-118f260d7882&id=1531db31-acb9-4814-92c8-7b541f7f9deb HTTP/1.1" status: 200 len: 1561 time: 0.0427971
2026-07-24 01:09:47.183 10 INFO neutron.wsgi [req-b205796f-d7cc-4948-b071-8576ff61fa43 req-7d512a2e-c568-4d82-a6c6-35959836f9f3 5b1195e95bc648b98e3cd81287838f61 03e397f6b0c9450a88ac58208c027f30 - - 392ff6c0b2584d0ba60bd617569b29fb 392ff6c0b2584d0ba60bd617569b29fb] 199.204.45.74 "GET /v2.0/ports?network_id=f72ba205-003e-4b68-ab72-9a14ccb2b987&device_owner=network%3Adhcp HTTP/1.1" status: 200 len: 210 time: 0.0190904
2026-07-24 01:09:47.192 9 INFO neutron.wsgi [req-0a1a030e-2099-47c2-b062-4501f2c27187 req-fd2a9b3e-c989-4048-bc94-6ea155a4ce16 5b1195e95bc648b98e3cd81287838f61 03e397f6b0c9450a88ac58208c027f30 - - 392ff6c0b2584d0ba60bd617569b29fb 392ff6c0b2584d0ba60bd617569b29fb] 10.0.0.130 "GET /v2.0/networks/6a3d0a7e-b221-456f-b4f5-11075c4c32f2?fields=provider%3Aphysical_network&fields=provider%3Anetwork_type HTTP/1.1" status: 200 len: 277 time: 0.0670085
2026-07-24 01:09:47.214 10 INFO neutron.wsgi [req-b205796f-d7cc-4948-b071-8576ff61fa43 req-a1b6825f-d037-486d-9fe9-ac55a00cd05e 5b1195e95bc648b98e3cd81287838f61 03e397f6b0c9450a88ac58208c027f30 - - 392ff6c0b2584d0ba60bd617569b29fb 392ff6c0b2584d0ba60bd617569b29fb] 199.204.45.74 "GET /v2.0/ports?network_id=f72ba205-003e-4b68-ab72-9a14ccb2b987&device_owner=network%3Adhcp HTTP/1.1" status: 200 len: 210 time: 0.0263782
2026-07-24 01:09:47.255 9 INFO neutron.db.ovn_revision_numbers_db [None req-c42574c7-6aeb-4045-96a5-25904cb85fef 62fae09fc55f4d6faa6cb2771886dd1f f0000d67e0dd44b3abf02eb78d769b2c - - default default] Successfully bumped revision number for resource 19ac0028-6052-4a8e-a3f4-4a61eece3124 (type: security_groups) to 1
2026-07-24 01:09:47.270 9 INFO neutron.db.ovn_revision_numbers_db [None req-c42574c7-6aeb-4045-96a5-25904cb85fef 62fae09fc55f4d6faa6cb2771886dd1f f0000d67e0dd44b3abf02eb78d769b2c - - default default] Successfully bumped revision number for resource 1e98d028-5093-4f05-ba57-52bd09235c2f (type: security_group_rules) to 0
2026-07-24 01:09:47.286 9 INFO neutron.db.ovn_revision_numbers_db [None req-c42574c7-6aeb-4045-96a5-25904cb85fef 62fae09fc55f4d6faa6cb2771886dd1f f0000d67e0dd44b3abf02eb78d769b2c - - default default] Successfully bumped revision number for resource 65a971b5-82b8-471c-9fde-08d2cd81f76e (type: security_group_rules) to 0
2026-07-24 01:09:47.298 9 INFO neutron.db.ovn_revision_numbers_db [None req-c42574c7-6aeb-4045-96a5-25904cb85fef 62fae09fc55f4d6faa6cb2771886dd1f f0000d67e0dd44b3abf02eb78d769b2c - - default default] Successfully bumped revision number for resource 75751ee5-1573-4dc8-b8a7-1b24b2e5d437 (type: security_group_rules) to 0
2026-07-24 01:09:47.307 10 INFO neutron.wsgi [req-b205796f-d7cc-4948-b071-8576ff61fa43 req-21bf1a66-1b9f-4a4f-bb8d-97c6d3149b22 5b1195e95bc648b98e3cd81287838f61 03e397f6b0c9450a88ac58208c027f30 - - 392ff6c0b2584d0ba60bd617569b29fb 392ff6c0b2584d0ba60bd617569b29fb] 199.204.45.74 "GET /v2.0/networks/f72ba205-003e-4b68-ab72-9a14ccb2b987?fields=segments HTTP/1.1" status: 200 len: 212 time: 0.0848348
2026-07-24 01:09:47.315 9 INFO neutron.db.ovn_revision_numbers_db [None req-c42574c7-6aeb-4045-96a5-25904cb85fef 62fae09fc55f4d6faa6cb2771886dd1f f0000d67e0dd44b3abf02eb78d769b2c - - default default] Successfully bumped revision number for resource cd4bc0a7-6d02-43bf-89e4-8e1e7b8b17d2 (type: security_group_rules) to 0
2026-07-24 01:09:47.347 9 INFO neutron.wsgi [None req-c42574c7-6aeb-4045-96a5-25904cb85fef 62fae09fc55f4d6faa6cb2771886dd1f f0000d67e0dd44b3abf02eb78d769b2c - - default default] 10.0.0.162 "GET /v2.0/security-groups?tenant_id=59d299db2a7745dbba58db1a9952cc11&name=default HTTP/1.1" status: 200 len: 2996 time: 0.3919847
2026-07-24 01:09:47.373 9 INFO neutron.wsgi [req-87513ec7-efe3-4de0-8a95-0df75ec13a4d req-39b26ad9-95c9-45d3-a4c9-dbda37c5641b a3694ce826d4475d95ed35f0ba69984d 248afb83310c4a28bbd492a642c660f0 - - default default] 10.0.0.130 "GET /v2.0/ports?device_id=cf401f6b-c9ac-445b-b37f-8309fbe3d663 HTTP/1.1" status: 200 len: 210 time: 0.0257075
2026-07-24 01:09:47.428 10 INFO neutron.wsgi [req-b205796f-d7cc-4948-b071-8576ff61fa43 req-bbcb0de5-aba9-480d-8c30-b3642bb19198 5b1195e95bc648b98e3cd81287838f61 03e397f6b0c9450a88ac58208c027f30 - - 392ff6c0b2584d0ba60bd617569b29fb 392ff6c0b2584d0ba60bd617569b29fb] 199.204.45.74 "GET /v2.0/networks/f72ba205-003e-4b68-ab72-9a14ccb2b987?fields=provider%3Aphysical_network&fields=provider%3Anetwork_type HTTP/1.1" status: 200 len: 277 time: 0.1143084
2026-07-24 01:09:47.562 9 INFO neutron.wsgi [None req-be997ed3-7bca-47bf-a6ac-04c04d0d6246 62fae09fc55f4d6faa6cb2771886dd1f f0000d67e0dd44b3abf02eb78d769b2c - - default default] 10.0.0.162 "DELETE /v2.0/security-groups/19ac0028-6052-4a8e-a3f4-4a61eece3124 HTTP/1.1" status: 204 len: 168 time: 0.2007601
2026-07-24 01:09:47.816 9 INFO neutron.db.ovn_revision_numbers_db [None req-2c4544ab-9ccb-4745-9be5-e98c5d493423 62fae09fc55f4d6faa6cb2771886dd1f f0000d67e0dd44b3abf02eb78d769b2c - - default default] Successfully bumped revision number for resource 51c5adc8-fd02-4307-a228-c7d6f75058cd (type: security_groups) to 1
2026-07-24 01:09:47.820 10 WARNING neutron.plugins.ml2.drivers.ovn.mech_driver.ovsdb.ovn_client [None req-29f8e175-0d43-4339-bf53-5e1516680da6 - - - - - -] No hosting information found for port fe2ffae5-b3a8-4cb6-a0d2-ab5b91174b1a: RuntimeError: No hosting information found for port fe2ffae5-b3a8-4cb6-a0d2-ab5b91174b1a
2026-07-24 01:09:47.820 10 INFO neutron.plugins.ml2.drivers.ovn.mech_driver.mech_driver [None req-29f8e175-0d43-4339-bf53-5e1516680da6 - - - - - -] OVN reports status up for port: 08e60198-c998-4263-bb1f-c26aa1f21d76
2026-07-24 01:09:47.831 10 INFO neutron.plugins.ml2.plugin [None req-29f8e175-0d43-4339-bf53-5e1516680da6 - - - - - -] Attempt 1 to provision port 08e60198-c998-4263-bb1f-c26aa1f21d76
2026-07-24 01:09:47.833 9 INFO neutron.db.ovn_revision_numbers_db [None req-2c4544ab-9ccb-4745-9be5-e98c5d493423 62fae09fc55f4d6faa6cb2771886dd1f f0000d67e0dd44b3abf02eb78d769b2c - - default default] Successfully bumped revision number for resource 4852c768-a703-48a3-86b2-15c665108e4f (type: security_group_rules) to 0
2026-07-24 01:09:47.857 9 INFO neutron.db.ovn_revision_numbers_db [None req-2c4544ab-9ccb-4745-9be5-e98c5d493423 62fae09fc55f4d6faa6cb2771886dd1f f0000d67e0dd44b3abf02eb78d769b2c - - default default] Successfully bumped revision number for resource 62e52b47-3fac-4ef5-9d1d-f8ca80a54be8 (type: security_group_rules) to 0
2026-07-24 01:09:47.876 9 INFO neutron.db.ovn_revision_numbers_db [None req-2c4544ab-9ccb-4745-9be5-e98c5d493423 62fae09fc55f4d6faa6cb2771886dd1f f0000d67e0dd44b3abf02eb78d769b2c - - default default] Successfully bumped revision number for resource b04097eb-6d7f-48df-af7f-32ffb2a7cc5a (type: security_group_rules) to 0
2026-07-24 01:09:47.893 9 INFO neutron.db.ovn_revision_numbers_db [None req-2c4544ab-9ccb-4745-9be5-e98c5d493423 62fae09fc55f4d6faa6cb2771886dd1f f0000d67e0dd44b3abf02eb78d769b2c - - default default] Successfully bumped revision number for resource e2c8c9a8-c00e-4e4d-8c64-4673769f621b (type: security_group_rules) to 0
2026-07-24 01:09:47.919 9 INFO neutron.wsgi [None req-2c4544ab-9ccb-4745-9be5-e98c5d493423 62fae09fc55f4d6faa6cb2771886dd1f f0000d67e0dd44b3abf02eb78d769b2c - - default default] 10.0.0.162 "GET /v2.0/security-groups?tenant_id=b9841a664548462397e44e13fedce5eb&name=default HTTP/1.1" status: 200 len: 2996 time: 0.2387841
2026-07-24 01:09:48.161 9 INFO neutron.wsgi [None req-2c24c1b9-58e7-4011-a7f8-cbcba32efa4a 62fae09fc55f4d6faa6cb2771886dd1f f0000d67e0dd44b3abf02eb78d769b2c - - default default] 10.0.0.162 "DELETE /v2.0/security-groups/51c5adc8-fd02-4307-a228-c7d6f75058cd HTTP/1.1" status: 204 len: 168 time: 0.2367368
2026-07-24 01:09:48.166 10 INFO neutron.wsgi [req-0a1a030e-2099-47c2-b062-4501f2c27187 req-8b5da1f6-c05d-4980-92d9-d61d165fa866 a3694ce826d4475d95ed35f0ba69984d 248afb83310c4a28bbd492a642c660f0 - - default default] 199.204.45.74 "GET /v2.0/networks?id=6a3d0a7e-b221-456f-b4f5-11075c4c32f2 HTTP/1.1" status: 200 len: 903 time: 0.0818005
2026-07-24 01:09:48.192 10 INFO neutron.db.ovn_revision_numbers_db [None req-29f8e175-0d43-4339-bf53-5e1516680da6 - - - - - -] Successfully bumped revision number for resource 08e60198-c998-4263-bb1f-c26aa1f21d76 (type: ports) to 4
2026-07-24 01:09:48.220 9 INFO neutron.wsgi [req-69b24a39-d14c-4982-b575-33159c00b1a1 req-ad26a5a2-836e-42ff-ae8a-d832ee3049dd 42f553454a7844ee886f8eaa84cfc335 c02997d6906a42d2a5620f7628fea112 - - default default] 10.0.0.130 "GET /v2.0/ports?device_id=3a5abda2-00d5-408d-b7b5-3204067de792 HTTP/1.1" status: 200 len: 1210 time: 0.0386331
2026-07-24 01:09:48.252 10 INFO neutron.wsgi [req-0a1a030e-2099-47c2-b062-4501f2c27187 req-457ccbad-d71d-4033-b220-cc0cddad773f a3694ce826d4475d95ed35f0ba69984d 248afb83310c4a28bbd492a642c660f0 - - default default] 199.204.45.74 "GET /v2.0/security-groups?fields=id&fields=name&tenant_id=248afb83310c4a28bbd492a642c660f0 HTTP/1.1" status: 200 len: 377 time: 0.0811050
2026-07-24 01:09:48.270 10 WARNING neutron_lib.context [req-0a1a030e-2099-47c2-b062-4501f2c27187 req-3aa72f3b-0212-449c-8341-d993c7aeee92 a3694ce826d4475d95ed35f0ba69984d 248afb83310c4a28bbd492a642c660f0 - - default default] Method 'is_advsvc' is deprecated since 2023.2 release (neutron-lib 3.8.0) and will be removed once support for the old RBAC API policies will be removed from Neutron. Please use method 'is_service_role' instead.
2026-07-24 01:09:48.275 9 INFO neutron.wsgi [req-69b24a39-d14c-4982-b575-33159c00b1a1 req-295c9a44-6dab-400a-9ed2-70afc727240a 42f553454a7844ee886f8eaa84cfc335 c02997d6906a42d2a5620f7628fea112 - - default default] 10.0.0.130 "GET /v2.0/security-groups?id=88e45bf8-c62d-437e-ac18-b54c785ae803&id=4febfb6d-0885-45fa-9fb3-23558212d6e1&fields=id&fields=name HTTP/1.1" status: 200 len: 406 time: 0.0485928
2026-07-24 01:09:48.623 10 INFO neutron.notifiers.nova [-] Nova event matching ['req-3f7c472b-a495-49d5-a0f5-7a877af23f69'] response: {'server_uuid': '3a5abda2-00d5-408d-b7b5-3204067de792', 'name': 'network-vif-plugged', 'status': 'completed', 'tag': '08e60198-c998-4263-bb1f-c26aa1f21d76', 'code': 200}
2026-07-24 01:09:48.624 10 INFO neutron.notifiers.nova [-] Nova event matching ['req-3f7c472b-a495-49d5-a0f5-7a877af23f69'] response: {'server_uuid': '3a5abda2-00d5-408d-b7b5-3204067de792', 'name': 'network-vif-plugged', 'status': 'completed', 'tag': '08e60198-c998-4263-bb1f-c26aa1f21d76', 'code': 200}
2026-07-24 01:09:48.666 10 WARNING neutron.scheduler.dhcp_agent_scheduler [req-0a1a030e-2099-47c2-b062-4501f2c27187 req-3aa72f3b-0212-449c-8341-d993c7aeee92 a3694ce826d4475d95ed35f0ba69984d 248afb83310c4a28bbd492a642c660f0 - - default default] No more DHCP agents
2026-07-24 01:09:48.669 10 WARNING neutron.api.rpc.agentnotifiers.dhcp_rpc_agent_api [req-0a1a030e-2099-47c2-b062-4501f2c27187 req-3aa72f3b-0212-449c-8341-d993c7aeee92 a3694ce826d4475d95ed35f0ba69984d 248afb83310c4a28bbd492a642c660f0 - - default default] Unable to schedule network 6a3d0a7e-b221-456f-b4f5-11075c4c32f2: no agents available; will retry on subsequent port and subnet creation events.
2026-07-24 01:09:48.884 10 INFO neutron.db.ovn_revision_numbers_db [req-0a1a030e-2099-47c2-b062-4501f2c27187 req-3aa72f3b-0212-449c-8341-d993c7aeee92 a3694ce826d4475d95ed35f0ba69984d 248afb83310c4a28bbd492a642c660f0 - - default default] Successfully bumped revision number for resource 93c5ca68-1606-4721-adc2-572cc8e263d2 (type: ports) to 1
2026-07-24 01:09:48.927 10 INFO neutron.wsgi [req-0a1a030e-2099-47c2-b062-4501f2c27187 req-3aa72f3b-0212-449c-8341-d993c7aeee92 a3694ce826d4475d95ed35f0ba69984d 248afb83310c4a28bbd492a642c660f0 - - default default] 199.204.45.74 "POST /v2.0/ports HTTP/1.1" status: 201 len: 1392 time: 0.6673777 /var/lib/openstack/lib/python3.10/site-packages/pycadf/identifier.py:71: UserWarning: Invalid uuid: neutron. To ensure interoperability, identifiers should be a valid uuid. warnings.warn(('Invalid uuid: %s. To ensure interoperability, '
2026-07-24 01:09:49.389 9 INFO neutron.wsgi [req-57975306-fa29-4260-89fd-fd997944d4c4 req-0d8e56a9-c33a-4a79-863d-f067f53ccdf3 42f553454a7844ee886f8eaa84cfc335 c02997d6906a42d2a5620f7628fea112 - - default default] 10.0.0.130 "GET /v2.0/ports?device_id=3a5abda2-00d5-408d-b7b5-3204067de792 HTTP/1.1" status: 200 len: 1210 time: 0.0493653
2026-07-24 01:09:49.460 10 INFO neutron.db.ovn_revision_numbers_db [req-0a1a030e-2099-47c2-b062-4501f2c27187 req-b2879edb-04e8-42ba-9f9d-4d4d1ead7e85 5b1195e95bc648b98e3cd81287838f61 03e397f6b0c9450a88ac58208c027f30 - - 392ff6c0b2584d0ba60bd617569b29fb 392ff6c0b2584d0ba60bd617569b29fb] Successfully bumped revision number for resource 93c5ca68-1606-4721-adc2-572cc8e263d2 (type: ports) to 2
2026-07-24 01:09:49.465 9 INFO neutron.wsgi [req-57975306-fa29-4260-89fd-fd997944d4c4 req-9947b255-6a56-435d-8c6f-037fd62894bc 42f553454a7844ee886f8eaa84cfc335 c02997d6906a42d2a5620f7628fea112 - - default default] 10.0.0.130 "GET /v2.0/security-groups?id=88e45bf8-c62d-437e-ac18-b54c785ae803&id=4febfb6d-0885-45fa-9fb3-23558212d6e1&fields=id&fields=name HTTP/1.1" status: 200 len: 406 time: 0.0655417
2026-07-24 01:09:49.573 9 INFO neutron.wsgi [req-2415bf3c-66c9-43d5-ba97-f1d2525de56b req-145feab8-9290-4912-b6a3-19020c9f29dd 42f553454a7844ee886f8eaa84cfc335 c02997d6906a42d2a5620f7628fea112 - - default default] 10.0.0.130 "GET /v2.0/ports?device_id=3a5abda2-00d5-408d-b7b5-3204067de792 HTTP/1.1" status: 200 len: 1210 time: 0.0406039
2026-07-24 01:09:49.693 10 INFO neutron.db.ovn_revision_numbers_db [req-0a1a030e-2099-47c2-b062-4501f2c27187 req-b2879edb-04e8-42ba-9f9d-4d4d1ead7e85 5b1195e95bc648b98e3cd81287838f61 03e397f6b0c9450a88ac58208c027f30 - - 392ff6c0b2584d0ba60bd617569b29fb 392ff6c0b2584d0ba60bd617569b29fb] Successfully bumped revision number for resource 93c5ca68-1606-4721-adc2-572cc8e263d2 (type: ports) to 2
2026-07-24 01:09:49.722 10 INFO neutron.wsgi [req-0a1a030e-2099-47c2-b062-4501f2c27187 req-b2879edb-04e8-42ba-9f9d-4d4d1ead7e85 5b1195e95bc648b98e3cd81287838f61 03e397f6b0c9450a88ac58208c027f30 - - 392ff6c0b2584d0ba60bd617569b29fb 392ff6c0b2584d0ba60bd617569b29fb] 199.204.45.74 "PUT /v2.0/ports/93c5ca68-1606-4721-adc2-572cc8e263d2 HTTP/1.1" status: 200 len: 1609 time: 0.7876852 /var/lib/openstack/lib/python3.10/site-packages/pycadf/identifier.py:71: UserWarning: Invalid uuid: neutron. To ensure interoperability, identifiers should be a valid uuid. warnings.warn(('Invalid uuid: %s. To ensure interoperability, '
2026-07-24 01:09:49.804 10 INFO neutron.wsgi [req-0a1a030e-2099-47c2-b062-4501f2c27187 req-3d10e5fe-5731-43b4-b3f9-aae7519eb555 5b1195e95bc648b98e3cd81287838f61 03e397f6b0c9450a88ac58208c027f30 - - 392ff6c0b2584d0ba60bd617569b29fb 392ff6c0b2584d0ba60bd617569b29fb] 199.204.45.74 "GET /v2.0/ports?tenant_id=248afb83310c4a28bbd492a642c660f0&device_id=cf401f6b-c9ac-445b-b37f-8309fbe3d663 HTTP/1.1" status: 200 len: 1640 time: 0.0409062
2026-07-24 01:09:49.856 10 INFO neutron.wsgi [req-0a1a030e-2099-47c2-b062-4501f2c27187 req-7e62a929-c3b1-40d4-a118-c3bc788a132b 5b1195e95bc648b98e3cd81287838f61 03e397f6b0c9450a88ac58208c027f30 - - 392ff6c0b2584d0ba60bd617569b29fb 392ff6c0b2584d0ba60bd617569b29fb] 199.204.45.74 "GET /v2.0/floatingips?fixed_ip_address=10.2.2.100&port_id=93c5ca68-1606-4721-adc2-572cc8e263d2 HTTP/1.1" status: 200 len: 217 time: 0.0421264
2026-07-24 01:09:49.908 10 INFO neutron.wsgi [req-0a1a030e-2099-47c2-b062-4501f2c27187 req-7f129341-fec3-4f16-aa93-e420270f5de6 5b1195e95bc648b98e3cd81287838f61 03e397f6b0c9450a88ac58208c027f30 - - 392ff6c0b2584d0ba60bd617569b29fb 392ff6c0b2584d0ba60bd617569b29fb] 199.204.45.74 "GET /v2.0/floatingips?fixed_ip_address=fd77%3A1457%3A4cf0%3A26a8%3A%3A34f&port_id=93c5ca68-1606-4721-adc2-572cc8e263d2 HTTP/1.1" status: 200 len: 217 time: 0.0422418
2026-07-24 01:09:49.944 9 INFO neutron.db.l3_db [None req-d15216fb-320f-4eae-9462-80b8d6497532 42f553454a7844ee886f8eaa84cfc335 c02997d6906a42d2a5620f7628fea112 - - default default] Floating IP 83452efd-8148-47e8-b504-016860a321c8 associated. External IP: 10.96.250.203, port: 08e60198-c998-4263-bb1f-c26aa1f21d76.
2026-07-24 01:09:49.992 10 INFO neutron.wsgi [req-7e15a9de-c4b9-4b8e-b221-8a8ef8b3dfe1 req-1aaf3acf-9d3b-4a7c-917f-de8daa2bc1dc 5b1195e95bc648b98e3cd81287838f61 03e397f6b0c9450a88ac58208c027f30 - - 392ff6c0b2584d0ba60bd617569b29fb 392ff6c0b2584d0ba60bd617569b29fb] 10.0.0.117 "GET /v2.0/ports?device_id=15f68ccd-b535-4447-a82e-8744dd768934 HTTP/1.1" status: 200 len: 1638 time: 0.0915139
2026-07-24 01:09:50.015 10 INFO neutron.wsgi [req-0a1a030e-2099-47c2-b062-4501f2c27187 req-b98e7588-7c29-4b77-bdf6-0865b88d899d 5b1195e95bc648b98e3cd81287838f61 03e397f6b0c9450a88ac58208c027f30 - - 392ff6c0b2584d0ba60bd617569b29fb 392ff6c0b2584d0ba60bd617569b29fb] 199.204.45.74 "GET /v2.0/subnets?id=3a5d970f-4b67-471e-94c7-39e7b60e22b6&id=61814784-a90c-4b7b-8952-0bf02a89fedd HTTP/1.1" status: 200 len: 1566 time: 0.0858617
2026-07-24 01:09:50.044 10 INFO neutron.wsgi [req-0a1a030e-2099-47c2-b062-4501f2c27187 req-4af84e84-874d-4343-aa45-116732693b58 5b1195e95bc648b98e3cd81287838f61 03e397f6b0c9450a88ac58208c027f30 - - 392ff6c0b2584d0ba60bd617569b29fb 392ff6c0b2584d0ba60bd617569b29fb] 199.204.45.74 "GET /v2.0/ports?network_id=6a3d0a7e-b221-456f-b4f5-11075c4c32f2&device_owner=network%3Adhcp HTTP/1.1" status: 200 len: 210 time: 0.0229015
2026-07-24 01:09:50.085 10 INFO neutron.wsgi [req-0a1a030e-2099-47c2-b062-4501f2c27187 req-74984e3b-c43b-4c89-bcba-d53b93e3b6a0 5b1195e95bc648b98e3cd81287838f61 03e397f6b0c9450a88ac58208c027f30 - - 392ff6c0b2584d0ba60bd617569b29fb 392ff6c0b2584d0ba60bd617569b29fb] 199.204.45.74 "GET /v2.0/ports?network_id=6a3d0a7e-b221-456f-b4f5-11075c4c32f2&device_owner=network%3Adhcp HTTP/1.1" status: 200 len: 210 time: 0.0331068
2026-07-24 01:09:50.120 10 INFO neutron.wsgi [req-7e15a9de-c4b9-4b8e-b221-8a8ef8b3dfe1 req-084a7e92-6ae4-48ac-9f33-707b9af3d468 5b1195e95bc648b98e3cd81287838f61 03e397f6b0c9450a88ac58208c027f30 - - 392ff6c0b2584d0ba60bd617569b29fb 392ff6c0b2584d0ba60bd617569b29fb] 10.0.0.117 "GET /v2.0/security-groups?id=8e47dab5-5d9a-43fb-9b54-d706bbf7f132&fields=id&fields=name HTTP/1.1" status: 200 len: 310 time: 0.1190529
2026-07-24 01:09:50.176 10 INFO neutron.wsgi [req-0a1a030e-2099-47c2-b062-4501f2c27187 req-9ea2f183-a400-4837-95ba-0bf48633cc28 5b1195e95bc648b98e3cd81287838f61 03e397f6b0c9450a88ac58208c027f30 - - 392ff6c0b2584d0ba60bd617569b29fb 392ff6c0b2584d0ba60bd617569b29fb] 199.204.45.74 "GET /v2.0/networks/6a3d0a7e-b221-456f-b4f5-11075c4c32f2?fields=segments HTTP/1.1" status: 200 len: 212 time: 0.0830245
2026-07-24 01:09:50.248 10 INFO neutron.wsgi [req-0a1a030e-2099-47c2-b062-4501f2c27187 req-689c4f8d-9c76-48af-95da-2f62507ec2bd 5b1195e95bc648b98e3cd81287838f61 03e397f6b0c9450a88ac58208c027f30 - - 392ff6c0b2584d0ba60bd617569b29fb 392ff6c0b2584d0ba60bd617569b29fb] 199.204.45.74 "GET /v2.0/networks/6a3d0a7e-b221-456f-b4f5-11075c4c32f2?fields=provider%3Aphysical_network&fields=provider%3Anetwork_type HTTP/1.1" status: 200 len: 277 time: 0.0641675
2026-07-24 01:09:50.259 9 INFO neutron.db.ovn_revision_numbers_db [None req-d15216fb-320f-4eae-9462-80b8d6497532 42f553454a7844ee886f8eaa84cfc335 c02997d6906a42d2a5620f7628fea112 - - default default] Successfully bumped revision number for resource 83452efd-8148-47e8-b504-016860a321c8 (type: floatingips) to 1
2026-07-24 01:09:50.435 9 INFO neutron.db.ovn_revision_numbers_db [None req-d15216fb-320f-4eae-9462-80b8d6497532 42f553454a7844ee886f8eaa84cfc335 c02997d6906a42d2a5620f7628fea112 - - default default] Successfully bumped revision number for resource 83452efd-8148-47e8-b504-016860a321c8 (type: floatingips) to 2
2026-07-24 01:09:50.513 9 INFO neutron.wsgi [None req-d15216fb-320f-4eae-9462-80b8d6497532 42f553454a7844ee886f8eaa84cfc335 c02997d6906a42d2a5620f7628fea112 - - default default] 10.0.0.162 "PUT /v2.0/floatingips/83452efd-8148-47e8-b504-016860a321c8 HTTP/1.1" status: 200 len: 1049 time: 0.9278131
2026-07-24 01:09:50.523 10 INFO neutron.plugins.ml2.drivers.ovn.mech_driver.mech_driver [None req-29f8e175-0d43-4339-bf53-5e1516680da6 - - - - - -] OVN reports status up for port: 93c5ca68-1606-4721-adc2-572cc8e263d2
2026-07-24 01:09:50.563 10 INFO neutron.plugins.ml2.plugin [None req-29f8e175-0d43-4339-bf53-5e1516680da6 - - - - - -] Attempt 1 to provision port 93c5ca68-1606-4721-adc2-572cc8e263d2
2026-07-24 01:09:50.580 9 INFO neutron.notifiers.nova [-] Nova event matching ['req-d8e04e27-bab4-423e-8f4b-408a440a66df'] response: {'name': 'network-changed', 'server_uuid': '3a5abda2-00d5-408d-b7b5-3204067de792', 'tag': '08e60198-c998-4263-bb1f-c26aa1f21d76', 'status': 'completed', 'code': 200}
2026-07-24 01:09:50.653 10 INFO neutron.wsgi [req-4a4a110d-4b5b-413f-a342-3740d3b6edf7 req-29280d88-fba1-4689-b708-27dc1c8ae7df 5b1195e95bc648b98e3cd81287838f61 03e397f6b0c9450a88ac58208c027f30 - - 392ff6c0b2584d0ba60bd617569b29fb 392ff6c0b2584d0ba60bd617569b29fb] 199.204.45.74 "GET /v2.0/ports?tenant_id=c02997d6906a42d2a5620f7628fea112&device_id=3a5abda2-00d5-408d-b7b5-3204067de792 HTTP/1.1" status: 200 len: 1448 time: 0.0561743
2026-07-24 01:09:50.673 10 INFO neutron.notifiers.nova [-] Nova event matching ['req-aea97534-17d3-47de-9d54-4ac2f4e2bb75'] response: {'name': 'network-changed', 'server_uuid': 'cf401f6b-c9ac-445b-b37f-8309fbe3d663', 'tag': '93c5ca68-1606-4721-adc2-572cc8e263d2', 'status': 'completed', 'code': 200} /var/lib/openstack/lib/python3.10/site-packages/pycadf/identifier.py:71: UserWarning: Invalid uuid: neutron. To ensure interoperability, identifiers should be a valid uuid. warnings.warn(('Invalid uuid: %s. To ensure interoperability, '
2026-07-24 01:09:50.739 9 INFO neutron.wsgi [req-c65874b9-3e5a-41d0-bf80-3bdf7d111702 req-fe9857c3-9e67-487f-9402-69b8406aaf98 5b1195e95bc648b98e3cd81287838f61 03e397f6b0c9450a88ac58208c027f30 - - 392ff6c0b2584d0ba60bd617569b29fb 392ff6c0b2584d0ba60bd617569b29fb] 199.204.45.74 "GET /v2.0/ports?tenant_id=248afb83310c4a28bbd492a642c660f0&device_id=cf401f6b-c9ac-445b-b37f-8309fbe3d663 HTTP/1.1" status: 200 len: 1640 time: 0.0446880
2026-07-24 01:09:50.770 10 INFO neutron.wsgi [req-4a4a110d-4b5b-413f-a342-3740d3b6edf7 req-ab72008d-a9b5-4da8-af8c-dddfbe34ce29 5b1195e95bc648b98e3cd81287838f61 03e397f6b0c9450a88ac58208c027f30 - - 392ff6c0b2584d0ba60bd617569b29fb 392ff6c0b2584d0ba60bd617569b29fb] 199.204.45.74 "GET /v2.0/networks?id=90d2511b-0e0b-4d84-b64b-adb097ad96ba HTTP/1.1" status: 200 len: 970 time: 0.1096292
2026-07-24 01:09:50.842 9 INFO neutron.wsgi [req-c65874b9-3e5a-41d0-bf80-3bdf7d111702 req-2e947850-6112-4f9b-bc8e-4a3d6a7d720b 5b1195e95bc648b98e3cd81287838f61 03e397f6b0c9450a88ac58208c027f30 - - 392ff6c0b2584d0ba60bd617569b29fb 392ff6c0b2584d0ba60bd617569b29fb] 199.204.45.74 "GET /v2.0/networks?id=6a3d0a7e-b221-456f-b4f5-11075c4c32f2 HTTP/1.1" status: 200 len: 1001 time: 0.0979552
2026-07-24 01:09:50.860 10 INFO neutron.wsgi [req-4a4a110d-4b5b-413f-a342-3740d3b6edf7 req-578f86ca-5853-41b5-b693-9b58c88fa515 5b1195e95bc648b98e3cd81287838f61 03e397f6b0c9450a88ac58208c027f30 - - 392ff6c0b2584d0ba60bd617569b29fb 392ff6c0b2584d0ba60bd617569b29fb] 199.204.45.74 "GET /v2.0/floatingips?fixed_ip_address=10.100.0.3&port_id=08e60198-c998-4263-bb1f-c26aa1f21d76 HTTP/1.1" status: 200 len: 1059 time: 0.0812550
2026-07-24 01:09:50.923 10 INFO neutron.wsgi [req-4a4a110d-4b5b-413f-a342-3740d3b6edf7 req-cb99364e-31a9-46c3-8912-a5965b6384ba 5b1195e95bc648b98e3cd81287838f61 03e397f6b0c9450a88ac58208c027f30 - - 392ff6c0b2584d0ba60bd617569b29fb 392ff6c0b2584d0ba60bd617569b29fb] 199.204.45.74 "GET /v2.0/subnets?id=063af25b-c36f-4cef-bf4d-0999319070a4 HTTP/1.1" status: 200 len: 866 time: 0.0548198
2026-07-24 01:09:50.963 10 INFO neutron.wsgi [req-4a4a110d-4b5b-413f-a342-3740d3b6edf7 req-198dd18d-5f4b-433e-8902-8e9a434d0661 5b1195e95bc648b98e3cd81287838f61 03e397f6b0c9450a88ac58208c027f30 - - 392ff6c0b2584d0ba60bd617569b29fb 392ff6c0b2584d0ba60bd617569b29fb] 199.204.45.74 "GET /v2.0/ports?network_id=90d2511b-0e0b-4d84-b64b-adb097ad96ba&device_owner=network%3Adhcp HTTP/1.1" status: 200 len: 210 time: 0.0314717
2026-07-24 01:09:51.057 10 INFO neutron.wsgi [req-4a4a110d-4b5b-413f-a342-3740d3b6edf7 req-00b256f2-7119-4d87-af7c-9f88565da90f 5b1195e95bc648b98e3cd81287838f61 03e397f6b0c9450a88ac58208c027f30 - - 392ff6c0b2584d0ba60bd617569b29fb 392ff6c0b2584d0ba60bd617569b29fb] 199.204.45.74 "GET /v2.0/networks/90d2511b-0e0b-4d84-b64b-adb097ad96ba?fields=segments HTTP/1.1" status: 200 len: 212 time: 0.0845540
2026-07-24 01:09:51.142 10 INFO neutron.db.ovn_revision_numbers_db [None req-29f8e175-0d43-4339-bf53-5e1516680da6 - - - - - -] Successfully bumped revision number for resource 93c5ca68-1606-4721-adc2-572cc8e263d2 (type: ports) to 4
2026-07-24 01:09:51.154 10 INFO neutron.wsgi [req-4a4a110d-4b5b-413f-a342-3740d3b6edf7 req-f68db5f7-1c23-4bc8-bb57-f8341f9a5966 5b1195e95bc648b98e3cd81287838f61 03e397f6b0c9450a88ac58208c027f30 - - 392ff6c0b2584d0ba60bd617569b29fb 392ff6c0b2584d0ba60bd617569b29fb] 199.204.45.74 "GET /v2.0/networks/90d2511b-0e0b-4d84-b64b-adb097ad96ba?fields=provider%3Aphysical_network&fields=provider%3Anetwork_type HTTP/1.1" status: 200 len: 277 time: 0.0869908
2026-07-24 01:09:51.261 9 INFO neutron.wsgi [req-c65874b9-3e5a-41d0-bf80-3bdf7d111702 req-687be5a6-405d-4073-a161-6e717e745c78 5b1195e95bc648b98e3cd81287838f61 03e397f6b0c9450a88ac58208c027f30 - - 392ff6c0b2584d0ba60bd617569b29fb 392ff6c0b2584d0ba60bd617569b29fb] 199.204.45.74 "GET /v2.0/floatingips?fixed_ip_address=10.2.2.100&port_id=93c5ca68-1606-4721-adc2-572cc8e263d2 HTTP/1.1" status: 200 len: 217 time: 0.4110374
2026-07-24 01:09:51.291 9 INFO neutron.wsgi [req-c65874b9-3e5a-41d0-bf80-3bdf7d111702 req-dd9575a0-f23d-4322-bd87-aedd85e2ba58 5b1195e95bc648b98e3cd81287838f61 03e397f6b0c9450a88ac58208c027f30 - - 392ff6c0b2584d0ba60bd617569b29fb 392ff6c0b2584d0ba60bd617569b29fb] 199.204.45.74 "GET /v2.0/floatingips?fixed_ip_address=fd77%3A1457%3A4cf0%3A26a8%3A%3A34f&port_id=93c5ca68-1606-4721-adc2-572cc8e263d2 HTTP/1.1" status: 200 len: 217 time: 0.0244133
2026-07-24 01:09:51.347 9 INFO neutron.wsgi [req-c65874b9-3e5a-41d0-bf80-3bdf7d111702 req-3e384d43-f931-4cff-a1b2-f1fb16cec5f6 5b1195e95bc648b98e3cd81287838f61 03e397f6b0c9450a88ac58208c027f30 - - 392ff6c0b2584d0ba60bd617569b29fb 392ff6c0b2584d0ba60bd617569b29fb] 199.204.45.74 "GET /v2.0/subnets?id=3a5d970f-4b67-471e-94c7-39e7b60e22b6&id=61814784-a90c-4b7b-8952-0bf02a89fedd HTTP/1.1" status: 200 len: 1566 time: 0.0496819
2026-07-24 01:09:51.373 9 INFO neutron.wsgi [req-c65874b9-3e5a-41d0-bf80-3bdf7d111702 req-565fc079-8a28-46c8-8175-5e5bfbb8c253 5b1195e95bc648b98e3cd81287838f61 03e397f6b0c9450a88ac58208c027f30 - - 392ff6c0b2584d0ba60bd617569b29fb 392ff6c0b2584d0ba60bd617569b29fb] 199.204.45.74 "GET /v2.0/ports?network_id=6a3d0a7e-b221-456f-b4f5-11075c4c32f2&device_owner=network%3Adhcp HTTP/1.1" status: 200 len: 210 time: 0.0194106
2026-07-24 01:09:51.407 9 INFO neutron.wsgi [req-c65874b9-3e5a-41d0-bf80-3bdf7d111702 req-03013287-89b7-4471-a32f-e91fe92f767f 5b1195e95bc648b98e3cd81287838f61 03e397f6b0c9450a88ac58208c027f30 - - 392ff6c0b2584d0ba60bd617569b29fb 392ff6c0b2584d0ba60bd617569b29fb] 199.204.45.74 "GET /v2.0/ports?network_id=6a3d0a7e-b221-456f-b4f5-11075c4c32f2&device_owner=network%3Adhcp HTTP/1.1" status: 200 len: 210 time: 0.0252817
2026-07-24 01:09:51.478 9 INFO neutron.wsgi [req-c65874b9-3e5a-41d0-bf80-3bdf7d111702 req-362b31f6-4b3b-4757-a630-69dd24669612 5b1195e95bc648b98e3cd81287838f61 03e397f6b0c9450a88ac58208c027f30 - - 392ff6c0b2584d0ba60bd617569b29fb 392ff6c0b2584d0ba60bd617569b29fb] 199.204.45.74 "GET /v2.0/networks/6a3d0a7e-b221-456f-b4f5-11075c4c32f2?fields=segments HTTP/1.1" status: 200 len: 212 time: 0.0651667
2026-07-24 01:09:51.545 9 INFO neutron.wsgi [req-c65874b9-3e5a-41d0-bf80-3bdf7d111702 req-e57bf89b-b209-4324-9af2-a032596af218 5b1195e95bc648b98e3cd81287838f61 03e397f6b0c9450a88ac58208c027f30 - - 392ff6c0b2584d0ba60bd617569b29fb 392ff6c0b2584d0ba60bd617569b29fb] 199.204.45.74 "GET /v2.0/networks/6a3d0a7e-b221-456f-b4f5-11075c4c32f2?fields=provider%3Aphysical_network&fields=provider%3Anetwork_type HTTP/1.1" status: 200 len: 277 time: 0.0589213
2026-07-24 01:09:51.959 9 WARNING neutron_lib.context [None req-15aed0a9-8ccf-44f0-a1ed-abce6c49479f 01ed0b3de281415c9cc2e914ab438c63 25a426dba061486fb5a112398af791de - - default default] Method 'is_advsvc' is deprecated since 2023.2 release (neutron-lib 3.8.0) and will be removed once support for the old RBAC API policies will be removed from Neutron. Please use method 'is_service_role' instead.
2026-07-24 01:09:52.098 9 INFO neutron.db.ovn_revision_numbers_db [None req-15aed0a9-8ccf-44f0-a1ed-abce6c49479f 01ed0b3de281415c9cc2e914ab438c63 25a426dba061486fb5a112398af791de - - default default] Successfully bumped revision number for resource 28a1ca8d-370a-4714-a7d8-38391ef8432e (type: security_groups) to 1
2026-07-24 01:09:52.113 9 INFO neutron.db.ovn_revision_numbers_db [None req-15aed0a9-8ccf-44f0-a1ed-abce6c49479f 01ed0b3de281415c9cc2e914ab438c63 25a426dba061486fb5a112398af791de - - default default] Successfully bumped revision number for resource 5eda6167-f702-4469-8b98-534e3c5499dd (type: security_group_rules) to 0
2026-07-24 01:09:52.128 9 INFO neutron.db.ovn_revision_numbers_db [None req-15aed0a9-8ccf-44f0-a1ed-abce6c49479f 01ed0b3de281415c9cc2e914ab438c63 25a426dba061486fb5a112398af791de - - default default] Successfully bumped revision number for resource 6d2cc6de-be51-49f4-96ae-d0b4d80c8962 (type: security_group_rules) to 0
2026-07-24 01:09:52.143 9 INFO neutron.db.ovn_revision_numbers_db [None req-15aed0a9-8ccf-44f0-a1ed-abce6c49479f 01ed0b3de281415c9cc2e914ab438c63 25a426dba061486fb5a112398af791de - - default default] Successfully bumped revision number for resource 7082b99d-8ce5-404a-8056-110d1e305d16 (type: security_group_rules) to 0
2026-07-24 01:09:52.161 9 INFO neutron.db.ovn_revision_numbers_db [None req-15aed0a9-8ccf-44f0-a1ed-abce6c49479f 01ed0b3de281415c9cc2e914ab438c63 25a426dba061486fb5a112398af791de - - default default] Successfully bumped revision number for resource b0097672-27d7-4da4-8e16-7ea3fe69846a (type: security_group_rules) to 0
2026-07-24 01:09:52.217 9 INFO neutron.db.segments_db [None req-15aed0a9-8ccf-44f0-a1ed-abce6c49479f 01ed0b3de281415c9cc2e914ab438c63 25a426dba061486fb5a112398af791de - - default default] Added segment 293fe2e6-08ec-497f-955f-ea20526ff2ec of type geneve for network ed8d30c3-40d5-44d2-b9f0-a704e10ee80f
2026-07-24 01:09:52.390 9 INFO neutron.db.ovn_revision_numbers_db [None req-15aed0a9-8ccf-44f0-a1ed-abce6c49479f 01ed0b3de281415c9cc2e914ab438c63 25a426dba061486fb5a112398af791de - - default default] Successfully bumped revision number for resource ed8d30c3-40d5-44d2-b9f0-a704e10ee80f (type: networks) to 1
2026-07-24 01:09:52.566 9 INFO neutron.wsgi [req-b31bc71e-ba01-405d-9a37-90c447342485 req-9c6b68f1-1461-4b2a-a030-bcdc929a0d99 a3694ce826d4475d95ed35f0ba69984d 248afb83310c4a28bbd492a642c660f0 - - default default] 10.0.0.130 "GET /v2.0/ports?device_id=cf401f6b-c9ac-445b-b37f-8309fbe3d663 HTTP/1.1" status: 200 len: 1404 time: 0.1318491
2026-07-24 01:09:52.629 9 INFO neutron.wsgi [req-b31bc71e-ba01-405d-9a37-90c447342485 req-71f0761d-4866-412a-ac0f-2a67a4ca721b a3694ce826d4475d95ed35f0ba69984d 248afb83310c4a28bbd492a642c660f0 - - default default] 10.0.0.130 "GET /v2.0/security-groups?id=8e47dab5-5d9a-43fb-9b54-d706bbf7f132&fields=id&fields=name HTTP/1.1" status: 200 len: 310 time: 0.0514212
2026-07-24 01:09:52.648 9 WARNING neutron.scheduler.dhcp_agent_scheduler [None req-15aed0a9-8ccf-44f0-a1ed-abce6c49479f 01ed0b3de281415c9cc2e914ab438c63 25a426dba061486fb5a112398af791de - - default default] No more DHCP agents
2026-07-24 01:09:52.651 9 WARNING neutron.api.rpc.agentnotifiers.dhcp_rpc_agent_api [None req-15aed0a9-8ccf-44f0-a1ed-abce6c49479f 01ed0b3de281415c9cc2e914ab438c63 25a426dba061486fb5a112398af791de - - default default] Unable to schedule network ed8d30c3-40d5-44d2-b9f0-a704e10ee80f: no agents available; will retry on subsequent port and subnet creation events.
2026-07-24 01:09:52.710 10 INFO neutron.notifiers.nova [-] Nova event matching ['req-8a734a4e-880c-4bb4-a1f3-7fcb6654f874'] response: {'server_uuid': 'cf401f6b-c9ac-445b-b37f-8309fbe3d663', 'name': 'network-vif-plugged', 'status': 'completed', 'tag': '93c5ca68-1606-4721-adc2-572cc8e263d2', 'code': 200}
2026-07-24 01:09:52.711 10 INFO neutron.notifiers.nova [-] Nova event matching ['req-8a734a4e-880c-4bb4-a1f3-7fcb6654f874'] response: {'server_uuid': 'cf401f6b-c9ac-445b-b37f-8309fbe3d663', 'name': 'network-vif-plugged', 'status': 'completed', 'tag': '93c5ca68-1606-4721-adc2-572cc8e263d2', 'code': 200}
2026-07-24 01:09:52.761 9 INFO neutron.db.ovn_revision_numbers_db [None req-15aed0a9-8ccf-44f0-a1ed-abce6c49479f 01ed0b3de281415c9cc2e914ab438c63 25a426dba061486fb5a112398af791de - - default default] Successfully bumped revision number for resource 13376562-fc64-4e87-8251-f38721695fa1 (type: ports) to 1
2026-07-24 01:09:52.787 9 INFO neutron.wsgi [None req-15aed0a9-8ccf-44f0-a1ed-abce6c49479f 01ed0b3de281415c9cc2e914ab438c63 25a426dba061486fb5a112398af791de - - default default] 10.0.0.162 "POST /v2.0/networks HTTP/1.1" status: 201 len: 831 time: 1.0300019
2026-07-24 01:09:52.798 9 WARNING neutron_lib.context [None req-39d0b8b5-08fc-4ffb-b449-3bdd12637ba2 01ed0b3de281415c9cc2e914ab438c63 25a426dba061486fb5a112398af791de - - default default] Method 'is_advsvc' is deprecated since 2023.2 release (neutron-lib 3.8.0) and will be removed once support for the old RBAC API policies will be removed from Neutron. Please use method 'is_service_role' instead.
2026-07-24 01:09:53.109 9 WARNING neutron.scheduler.dhcp_agent_scheduler [None req-39d0b8b5-08fc-4ffb-b449-3bdd12637ba2 01ed0b3de281415c9cc2e914ab438c63 25a426dba061486fb5a112398af791de - - default default] No more DHCP agents
2026-07-24 01:09:53.112 9 WARNING neutron.api.rpc.agentnotifiers.dhcp_rpc_agent_api [None req-39d0b8b5-08fc-4ffb-b449-3bdd12637ba2 01ed0b3de281415c9cc2e914ab438c63 25a426dba061486fb5a112398af791de - - default default] Unable to schedule network ed8d30c3-40d5-44d2-b9f0-a704e10ee80f: no agents available; will retry on subsequent port and subnet creation events.
2026-07-24 01:09:53.218 9 INFO neutron.db.ovn_revision_numbers_db [None req-39d0b8b5-08fc-4ffb-b449-3bdd12637ba2 01ed0b3de281415c9cc2e914ab438c63 25a426dba061486fb5a112398af791de - - default default] Successfully bumped revision number for resource 8d930532-ea66-4280-87de-4aeeeb58f303 (type: ports) to 1
2026-07-24 01:09:53.240 9 INFO neutron.wsgi [None req-39d0b8b5-08fc-4ffb-b449-3bdd12637ba2 01ed0b3de281415c9cc2e914ab438c63 25a426dba061486fb5a112398af791de - - default default] 10.0.0.162 "POST /v2.0/ports HTTP/1.1" status: 201 len: 942 time: 0.4481294 /var/lib/openstack/lib/python3.10/site-packages/pycadf/identifier.py:71: UserWarning: Invalid uuid: neutron. To ensure interoperability, identifiers should be a valid uuid. warnings.warn(('Invalid uuid: %s. To ensure interoperability, '
2026-07-24 01:09:53.302 9 INFO neutron.wsgi [None req-b368f125-3f05-44ad-b3c4-e9fdcb47cbc9 01ed0b3de281415c9cc2e914ab438c63 25a426dba061486fb5a112398af791de - - default default] 10.0.0.162 "PUT /v2.0/ports/8d930532-ea66-4280-87de-4aeeeb58f303/tags HTTP/1.1" status: 200 len: 218 time: 0.0549986
2026-07-24 01:09:53.360 9 INFO neutron.wsgi [None req-c0151c02-76fb-4b53-b835-9dfe229c44ec 01ed0b3de281415c9cc2e914ab438c63 25a426dba061486fb5a112398af791de - - default default] 10.0.0.162 "GET /v2.0/ports/8d930532-ea66-4280-87de-4aeeeb58f303/tags HTTP/1.1" status: 200 len: 218 time: 0.0500929
2026-07-24 01:09:53.414 9 INFO neutron.wsgi [None req-a676a8f3-a319-4bb1-bd2c-9c17de856f65 01ed0b3de281415c9cc2e914ab438c63 25a426dba061486fb5a112398af791de - - default default] 10.0.0.162 "PUT /v2.0/ports/8d930532-ea66-4280-87de-4aeeeb58f303/tags/green HTTP/1.1" status: 201 len: 201 time: 0.0490611
2026-07-24 01:09:53.457 9 INFO neutron.wsgi [None req-d8069332-0b7e-43e8-9a58-5157ffa78602 01ed0b3de281415c9cc2e914ab438c63 25a426dba061486fb5a112398af791de - - default default] 10.0.0.162 "GET /v2.0/ports/8d930532-ea66-4280-87de-4aeeeb58f303/tags HTTP/1.1" status: 200 len: 227 time: 0.0367095
2026-07-24 01:09:53.498 9 INFO neutron.wsgi [None req-416a6365-f513-4fde-a4af-27144bc776e8 01ed0b3de281415c9cc2e914ab438c63 25a426dba061486fb5a112398af791de - - default default] 10.0.0.162 "PUT /v2.0/ports/8d930532-ea66-4280-87de-4aeeeb58f303/tags/red HTTP/1.1" status: 201 len: 201 time: 0.0374980
2026-07-24 01:09:53.539 9 INFO neutron.wsgi [None req-b591e6b6-5c39-4e8d-a0e6-a65ac460b7df 01ed0b3de281415c9cc2e914ab438c63 25a426dba061486fb5a112398af791de - - default default] 10.0.0.162 "GET /v2.0/ports/8d930532-ea66-4280-87de-4aeeeb58f303/tags HTTP/1.1" status: 200 len: 227 time: 0.0350473
2026-07-24 01:09:53.593 9 INFO neutron.wsgi [None req-a1551929-f407-48b7-9ea0-a894c7159b4a 01ed0b3de281415c9cc2e914ab438c63 25a426dba061486fb5a112398af791de - - default default] 10.0.0.162 "PUT /v2.0/ports/8d930532-ea66-4280-87de-4aeeeb58f303/tags/black.or.white HTTP/1.1" status: 201 len: 201 time: 0.0492339
2026-07-24 01:09:53.648 9 INFO neutron.wsgi [None req-e4f64204-be4b-4af9-b476-427fda1e3105 01ed0b3de281415c9cc2e914ab438c63 25a426dba061486fb5a112398af791de - - default default] 10.0.0.162 "GET /v2.0/ports/8d930532-ea66-4280-87de-4aeeeb58f303/tags HTTP/1.1" status: 200 len: 245 time: 0.0489266
2026-07-24 01:09:53.708 9 INFO neutron.wsgi [None req-77ac90ab-69cd-46ef-80f7-5dbd3c358885 01ed0b3de281415c9cc2e914ab438c63 25a426dba061486fb5a112398af791de - - default default] 10.0.0.162 "PUT /v2.0/ports/8d930532-ea66-4280-87de-4aeeeb58f303/tags HTTP/1.1" status: 200 len: 230 time: 0.0516555
2026-07-24 01:09:53.754 9 INFO neutron.wsgi [None req-658434b2-a72c-4300-a6bd-dd0d08c86c7a 01ed0b3de281415c9cc2e914ab438c63 25a426dba061486fb5a112398af791de - - default default] 10.0.0.162 "GET /v2.0/ports/8d930532-ea66-4280-87de-4aeeeb58f303/tags HTTP/1.1" status: 200 len: 230 time: 0.0415869 /var/lib/openstack/lib/python3.10/site-packages/pycadf/identifier.py:71: UserWarning: Invalid uuid: neutron. To ensure interoperability, identifiers should be a valid uuid. warnings.warn(('Invalid uuid: %s. To ensure interoperability, '
2026-07-24 01:09:53.809 9 INFO neutron.wsgi [-] 10.0.0.128 "GET / HTTP/1.1" status: 200 len: 247 time: 0.0029039
2026-07-24 01:09:53.812 10 INFO neutron.wsgi [None req-4addb095-54e3-4e14-b062-c08be0038e5e 01ed0b3de281415c9cc2e914ab438c63 25a426dba061486fb5a112398af791de - - default default] 10.0.0.162 "GET /v2.0/ports/8d930532-ea66-4280-87de-4aeeeb58f303/tags/red HTTP/1.1" status: 204 len: 168 time: 0.0517757
2026-07-24 01:09:53.813 9 INFO neutron.wsgi [-] 10.0.0.128 "GET / HTTP/1.1" status: 200 len: 247 time: 0.0024447
2026-07-24 01:09:53.858 9 INFO neutron.api.v2.resource [None req-6b91539f-5277-4cc7-ae4d-47468e3234da 01ed0b3de281415c9cc2e914ab438c63 25a426dba061486fb5a112398af791de - - default default] show failed (client error): The resource could not be found.
2026-07-24 01:09:53.859 9 INFO neutron.wsgi [None req-6b91539f-5277-4cc7-ae4d-47468e3234da 01ed0b3de281415c9cc2e914ab438c63 25a426dba061486fb5a112398af791de - - default default] 10.0.0.162 "GET /v2.0/ports/8d930532-ea66-4280-87de-4aeeeb58f303/tags/green HTTP/1.1" status: 404 len: 299 time: 0.0413175
2026-07-24 01:09:53.931 9 INFO neutron.wsgi [None req-ebe059b4-455b-4d0e-935d-af16775efa05 01ed0b3de281415c9cc2e914ab438c63 25a426dba061486fb5a112398af791de - - default default] 10.0.0.162 "DELETE /v2.0/ports/8d930532-ea66-4280-87de-4aeeeb58f303/tags/red HTTP/1.1" status: 204 len: 168 time: 0.0666025
2026-07-24 01:09:53.988 9 INFO neutron.wsgi [None req-fd4cde47-4180-42fb-aa89-41c1e8180dcb 01ed0b3de281415c9cc2e914ab438c63 25a426dba061486fb5a112398af791de - - default default] 10.0.0.162 "GET /v2.0/ports/8d930532-ea66-4280-87de-4aeeeb58f303/tags HTTP/1.1" status: 200 len: 223 time: 0.0489571
2026-07-24 01:09:54.043 9 INFO neutron.api.v2.resource [None req-1aff556e-bc8d-4bc2-a06b-6fad4e420ff9 01ed0b3de281415c9cc2e914ab438c63 25a426dba061486fb5a112398af791de - - default default] delete failed (client error): The resource could not be found.
2026-07-24 01:09:54.044 9 INFO neutron.wsgi [None req-1aff556e-bc8d-4bc2-a06b-6fad4e420ff9 01ed0b3de281415c9cc2e914ab438c63 25a426dba061486fb5a112398af791de - - default default] 10.0.0.162 "DELETE /v2.0/ports/8d930532-ea66-4280-87de-4aeeeb58f303/tags/green HTTP/1.1" status: 404 len: 299 time: 0.0509510
2026-07-24 01:09:54.106 9 INFO neutron.wsgi [None req-ff212dd4-b497-4e3b-a4b0-a35a0b2d6aaa 01ed0b3de281415c9cc2e914ab438c63 25a426dba061486fb5a112398af791de - - default default] 10.0.0.162 "DELETE /v2.0/ports/8d930532-ea66-4280-87de-4aeeeb58f303/tags HTTP/1.1" status: 204 len: 168 time: 0.0564268
2026-07-24 01:09:54.151 9 INFO neutron.wsgi [None req-26223dd9-89be-402e-868e-d8f8548176aa 01ed0b3de281415c9cc2e914ab438c63 25a426dba061486fb5a112398af791de - - default default] 10.0.0.162 "GET /v2.0/ports/8d930532-ea66-4280-87de-4aeeeb58f303/tags HTTP/1.1" status: 200 len: 205 time: 0.0398095
2026-07-24 01:09:54.466 9 INFO neutron.wsgi [None req-939ee4eb-96f5-4ed1-a52b-56db15d195bc 01ed0b3de281415c9cc2e914ab438c63 25a426dba061486fb5a112398af791de - - default default] 10.0.0.162 "DELETE /v2.0/ports/8d930532-ea66-4280-87de-4aeeeb58f303 HTTP/1.1" status: 204 len: 168 time: 0.3076870
2026-07-24 01:09:54.834 9 INFO neutron.services.segments.plugin [-] Segment 293fe2e6-08ec-497f-955f-ea20526ff2ec resource provider aggregate not found
2026-07-24 01:09:54.840 9 INFO neutron.services.segments.plugin [-] Segment 293fe2e6-08ec-497f-955f-ea20526ff2ec resource provider aggregate not found
2026-07-24 01:09:54.862 9 INFO neutron.services.segments.plugin [-] Segment 293fe2e6-08ec-497f-955f-ea20526ff2ec resource provider not found; error: Placement Client Error (4xx): {"errors": [{"status": 404, "title": "Not Found", "detail": "The resource could not be found.\n\n No resource provider with uuid 293fe2e6-08ec-497f-955f-ea20526ff2ec found for delete ", "request_id": "req-11003413-8b67-470b-b614-ab16a100c090"}]}
