2026-07-24 01:07:39.494 10 INFO neutron.db.ovn_revision_numbers_db [None req-aec4cce2-34ef-4fc5-a81f-591cbd5c7681 62fae09fc55f4d6faa6cb2771886dd1f f0000d67e0dd44b3abf02eb78d769b2c - - default default] Successfully bumped revision number for resource cce10e45-5704-4d3c-adbf-23dfcab38630 (type: security_group_rules) to 0
2026-07-24 01:07:39.527 9 INFO neutron.services.segments.plugin [-] Segment 9e5dfe1c-3ab7-4a04-a0b2-9de0b0ff0b84 resource provider aggregate not found
2026-07-24 01:07:39.530 10 INFO neutron.wsgi [None req-aec4cce2-34ef-4fc5-a81f-591cbd5c7681 62fae09fc55f4d6faa6cb2771886dd1f f0000d67e0dd44b3abf02eb78d769b2c - - default default] 10.0.0.162 "GET /v2.0/security-groups?tenant_id=fef0089eaff7442dbd721ab56bdbccb4&name=default HTTP/1.1" status: 200 len: 2996 time: 0.4298389
2026-07-24 01:07:39.533 9 INFO neutron.services.segments.plugin [-] Segment 9e5dfe1c-3ab7-4a04-a0b2-9de0b0ff0b84 resource provider aggregate not found
2026-07-24 01:07:39.551 9 INFO neutron.services.segments.plugin [-] Segment 9e5dfe1c-3ab7-4a04-a0b2-9de0b0ff0b84 resource provider not found; error: Placement Client Error (4xx): {"errors": [{"status": 404, "title": "Not Found", "detail": "The resource could not be found.\n\n No resource provider with uuid 9e5dfe1c-3ab7-4a04-a0b2-9de0b0ff0b84 found for delete ", "request_id": "req-b9004cd9-09c7-4c73-ac20-48649cdbd044"}]}
2026-07-24 01:07:39.552 9 INFO neutron.services.segments.plugin [-] Segment 9e5dfe1c-3ab7-4a04-a0b2-9de0b0ff0b84 resource provider not found; error: Placement Client Error (4xx): {"errors": [{"status": 404, "title": "Not Found", "detail": "The resource could not be found.\n\n No resource provider with uuid 9e5dfe1c-3ab7-4a04-a0b2-9de0b0ff0b84 found for delete ", "request_id": "req-8a8604e7-681a-420d-86b8-07eba17b8202"}]}
2026-07-24 01:07:39.580 9 INFO neutron.wsgi [None req-0130f81c-8024-4270-8e66-2943a8b68669 07388095804f4b41880a1e5168ef792c f40f911dac974a868ef420d90022b201 - - default default] 10.0.0.162 "DELETE /v2.0/networks/c9f40189-7e88-41e0-8bdd-de3234f1a7c6 HTTP/1.1" status: 204 len: 168 time: 0.4278369
2026-07-24 01:07:39.869 10 INFO neutron.wsgi [None req-391d34f3-bd10-45e1-b298-f49a25ed37c2 62fae09fc55f4d6faa6cb2771886dd1f f0000d67e0dd44b3abf02eb78d769b2c - - default default] 10.0.0.162 "DELETE /v2.0/security-groups/6d6468c9-c2d1-4b07-9616-b85d569f1a30 HTTP/1.1" status: 204 len: 168 time: 0.3327141
2026-07-24 01:07:39.993 10 INFO neutron.db.l3_db [None req-e04e0a59-5f94-43a7-8ceb-e4b5ccede1a8 ab48a1af449a41ff9b5c39f5f9a6a485 e76c2364d79544cfafbdbdc6435766ed - - default default] Floating IP b08590f1-8421-4cd2-8b56-fe32b8ef9aea associated. External IP: 10.96.250.213, port: 5f9d77dd-f55c-4e94-be05-ac12723ac845.
2026-07-24 01:07:40.171 9 INFO neutron.wsgi [None req-e1de6e59-99a5-468c-9916-1495a11b7ab1 07388095804f4b41880a1e5168ef792c f40f911dac974a868ef420d90022b201 - - default default] 10.0.0.162 "DELETE /v2.0/networks/4cada315-0b48-4978-9145-bb760047213d HTTP/1.1" status: 204 len: 168 time: 0.5841358
2026-07-24 01:07:40.183 9 WARNING neutron_lib.context [None req-79e49973-6a82-4761-9f83-e4262073c584 07388095804f4b41880a1e5168ef792c f40f911dac974a868ef420d90022b201 - - default default] Method 'is_advsvc' is deprecated since 2023.2 release (neutron-lib 3.8.0) and will be removed once support for the old RBAC API policies will be removed from Neutron. Please use method 'is_service_role' instead.
2026-07-24 01:07:40.265 9 INFO neutron.db.segments_db [None req-79e49973-6a82-4761-9f83-e4262073c584 07388095804f4b41880a1e5168ef792c f40f911dac974a868ef420d90022b201 - - default default] Added segment 0f51e918-1a4c-4a81-8280-2250fc85d0f6 of type geneve for network a528be70-69a9-41b8-a664-26e56d0b87e9
2026-07-24 01:07:40.421 10 INFO neutron.db.ovn_revision_numbers_db [None req-e04e0a59-5f94-43a7-8ceb-e4b5ccede1a8 ab48a1af449a41ff9b5c39f5f9a6a485 e76c2364d79544cfafbdbdc6435766ed - - default default] Successfully bumped revision number for resource b08590f1-8421-4cd2-8b56-fe32b8ef9aea (type: floatingips) to 0
2026-07-24 01:07:40.429 9 INFO neutron.db.ovn_revision_numbers_db [None req-79e49973-6a82-4761-9f83-e4262073c584 07388095804f4b41880a1e5168ef792c f40f911dac974a868ef420d90022b201 - - default default] Successfully bumped revision number for resource a528be70-69a9-41b8-a664-26e56d0b87e9 (type: networks) to 1
2026-07-24 01:07:40.548 10 INFO neutron.db.ovn_revision_numbers_db [None req-e04e0a59-5f94-43a7-8ceb-e4b5ccede1a8 ab48a1af449a41ff9b5c39f5f9a6a485 e76c2364d79544cfafbdbdc6435766ed - - default default] Successfully bumped revision number for resource b08590f1-8421-4cd2-8b56-fe32b8ef9aea (type: floatingips) to 1
2026-07-24 01:07:40.587 10 INFO neutron.wsgi [None req-e04e0a59-5f94-43a7-8ceb-e4b5ccede1a8 ab48a1af449a41ff9b5c39f5f9a6a485 e76c2364d79544cfafbdbdc6435766ed - - default default] 10.0.0.162 "POST /v2.0/floatingips HTTP/1.1" status: 201 len: 1041 time: 1.4426470
2026-07-24 01:07:40.625 9 WARNING neutron.scheduler.dhcp_agent_scheduler [None req-79e49973-6a82-4761-9f83-e4262073c584 07388095804f4b41880a1e5168ef792c f40f911dac974a868ef420d90022b201 - - default default] No more DHCP agents
2026-07-24 01:07:40.627 9 WARNING neutron.api.rpc.agentnotifiers.dhcp_rpc_agent_api [None req-79e49973-6a82-4761-9f83-e4262073c584 07388095804f4b41880a1e5168ef792c f40f911dac974a868ef420d90022b201 - - default default] Unable to schedule network a528be70-69a9-41b8-a664-26e56d0b87e9: no agents available; will retry on subsequent port and subnet creation events.
2026-07-24 01:07:40.699 9 INFO neutron.db.ovn_revision_numbers_db [None req-79e49973-6a82-4761-9f83-e4262073c584 07388095804f4b41880a1e5168ef792c f40f911dac974a868ef420d90022b201 - - default default] Successfully bumped revision number for resource 124e0001-01c6-47bb-b923-7b54b7646e5a (type: ports) to 1
2026-07-24 01:07:40.734 9 INFO neutron.wsgi [None req-79e49973-6a82-4761-9f83-e4262073c584 07388095804f4b41880a1e5168ef792c f40f911dac974a868ef420d90022b201 - - default default] 10.0.0.162 "POST /v2.0/networks HTTP/1.1" status: 201 len: 833 time: 0.5561271
2026-07-24 01:07:40.744 9 WARNING neutron_lib.context [None req-7816bac7-9dd8-427a-a5d2-11ba8339f037 07388095804f4b41880a1e5168ef792c f40f911dac974a868ef420d90022b201 - - default default] Method 'is_advsvc' is deprecated since 2023.2 release (neutron-lib 3.8.0) and will be removed once support for the old RBAC API policies will be removed from Neutron. Please use method 'is_service_role' instead.
2026-07-24 01:07:40.752 10 INFO neutron.db.l3_db [None req-5dd5eede-b58c-4ebc-89f6-c94bbbb42f07 ab48a1af449a41ff9b5c39f5f9a6a485 e76c2364d79544cfafbdbdc6435766ed - - default default] Floating IP b08590f1-8421-4cd2-8b56-fe32b8ef9aea disassociated. External IP: 10.96.250.213, port: 5f9d77dd-f55c-4e94-be05-ac12723ac845.
2026-07-24 01:07:40.787 10 INFO neutron.db.ovn_revision_numbers_db [None req-5dd5eede-b58c-4ebc-89f6-c94bbbb42f07 ab48a1af449a41ff9b5c39f5f9a6a485 e76c2364d79544cfafbdbdc6435766ed - - default default] Successfully bumped revision number for resource b08590f1-8421-4cd2-8b56-fe32b8ef9aea (type: floatingips) to 2
2026-07-24 01:07:40.866 10 INFO neutron.wsgi [None req-5dd5eede-b58c-4ebc-89f6-c94bbbb42f07 ab48a1af449a41ff9b5c39f5f9a6a485 e76c2364d79544cfafbdbdc6435766ed - - default default] 10.0.0.162 "PUT /v2.0/floatingips/b08590f1-8421-4cd2-8b56-fe32b8ef9aea HTTP/1.1" status: 200 len: 748 time: 0.2735617
2026-07-24 01:07:41.029 9 WARNING neutron.scheduler.dhcp_agent_scheduler [None req-7816bac7-9dd8-427a-a5d2-11ba8339f037 07388095804f4b41880a1e5168ef792c f40f911dac974a868ef420d90022b201 - - default default] No more DHCP agents
2026-07-24 01:07:41.032 9 WARNING neutron.api.rpc.agentnotifiers.dhcp_rpc_agent_api [None req-7816bac7-9dd8-427a-a5d2-11ba8339f037 07388095804f4b41880a1e5168ef792c f40f911dac974a868ef420d90022b201 - - default default] Unable to schedule network a528be70-69a9-41b8-a664-26e56d0b87e9: no agents available; will retry on subsequent port and subnet creation events.
2026-07-24 01:07:41.061 9 INFO neutron.db.ovn_revision_numbers_db [None req-7816bac7-9dd8-427a-a5d2-11ba8339f037 07388095804f4b41880a1e5168ef792c f40f911dac974a868ef420d90022b201 - - default default] Successfully bumped revision number for resource 0420912a-2910-456c-a685-3c8875cc2705 (type: subnets) to 0
2026-07-24 01:07:41.078 9 INFO neutron.wsgi [None req-7816bac7-9dd8-427a-a5d2-11ba8339f037 07388095804f4b41880a1e5168ef792c f40f911dac974a868ef420d90022b201 - - default default] 10.0.0.162 "POST /v2.0/subnets HTTP/1.1" status: 201 len: 821 time: 0.3388700
2026-07-24 01:07:41.089 9 WARNING neutron_lib.context [None req-614dfa9f-d08f-406f-a114-2424ae40336c 07388095804f4b41880a1e5168ef792c f40f911dac974a868ef420d90022b201 - - default default] Method 'is_advsvc' is deprecated since 2023.2 release (neutron-lib 3.8.0) and will be removed once support for the old RBAC API policies will be removed from Neutron. Please use method 'is_service_role' instead.
2026-07-24 01:07:41.134 10 WARNING neutron.plugins.ml2.drivers.ovn.mech_driver.ovsdb.ovn_client [None req-29f8e175-0d43-4339-bf53-5e1516680da6 - - - - - -] No port found with ID 65fc3436-cbeb-4ef4-90f7-75f2a06269d9: RuntimeError: No port found with ID 65fc3436-cbeb-4ef4-90f7-75f2a06269d9
2026-07-24 01:07:41.135 10 INFO neutron.plugins.ml2.drivers.ovn.mech_driver.mech_driver [None req-29f8e175-0d43-4339-bf53-5e1516680da6 - - - - - -] OVN reports status up for port: 3ee7702d-947f-4fab-bed8-f9fb03a033fd
2026-07-24 01:07:41.152 10 INFO neutron.plugins.ml2.plugin [None req-29f8e175-0d43-4339-bf53-5e1516680da6 - - - - - -] Attempt 1 to provision port 3ee7702d-947f-4fab-bed8-f9fb03a033fd
2026-07-24 01:07:41.252 9 INFO neutron.db.ovn_revision_numbers_db [None req-614dfa9f-d08f-406f-a114-2424ae40336c 07388095804f4b41880a1e5168ef792c f40f911dac974a868ef420d90022b201 - - default default] Successfully bumped revision number for resource 0f1790be-fdc1-469e-9415-7fa28470886a (type: routers) to 1
2026-07-24 01:07:41.269 9 INFO neutron.wsgi [None req-614dfa9f-d08f-406f-a114-2424ae40336c 07388095804f4b41880a1e5168ef792c f40f911dac974a868ef420d90022b201 - - default default] 10.0.0.162 "POST /v2.0/routers HTTP/1.1" status: 201 len: 690 time: 0.1844478
2026-07-24 01:07:41.271 10 INFO neutron.db.ovn_revision_numbers_db [None req-446320a1-6fb8-408d-8607-41a1c4222dab 62fae09fc55f4d6faa6cb2771886dd1f f0000d67e0dd44b3abf02eb78d769b2c - - default default] Successfully bumped revision number for resource c5e984b1-f4d5-46da-9db4-b8b74e9fb665 (type: security_groups) to 1
2026-07-24 01:07:41.279 9 WARNING neutron_lib.context [None req-c02b51e9-9dd7-4927-a7e0-7f5781a10ade 07388095804f4b41880a1e5168ef792c f40f911dac974a868ef420d90022b201 - - default default] Method 'is_advsvc' is deprecated since 2023.2 release (neutron-lib 3.8.0) and will be removed once support for the old RBAC API policies will be removed from Neutron. Please use method 'is_service_role' instead.
2026-07-24 01:07:41.308 10 INFO neutron.db.ovn_revision_numbers_db [None req-446320a1-6fb8-408d-8607-41a1c4222dab 62fae09fc55f4d6faa6cb2771886dd1f f0000d67e0dd44b3abf02eb78d769b2c - - default default] Successfully bumped revision number for resource 3adda12b-aab3-49ba-9004-fc9c63b558c9 (type: security_group_rules) to 0
2026-07-24 01:07:41.325 10 INFO neutron.db.ovn_revision_numbers_db [None req-446320a1-6fb8-408d-8607-41a1c4222dab 62fae09fc55f4d6faa6cb2771886dd1f f0000d67e0dd44b3abf02eb78d769b2c - - default default] Successfully bumped revision number for resource 61838f13-2166-4ce1-9343-eab621e11a34 (type: security_group_rules) to 0
2026-07-24 01:07:41.335 10 INFO neutron.wsgi [None req-baefcc97-172c-45d0-b0c5-922642310867 ab48a1af449a41ff9b5c39f5f9a6a485 e76c2364d79544cfafbdbdc6435766ed - - default default] 10.0.0.162 "DELETE /v2.0/floatingips/b08590f1-8421-4cd2-8b56-fe32b8ef9aea HTTP/1.1" status: 204 len: 168 time: 0.4619412
2026-07-24 01:07:41.346 10 WARNING neutron_lib.context [None req-ed63ab60-beb7-49ef-9d0e-757faf32e614 ab48a1af449a41ff9b5c39f5f9a6a485 e76c2364d79544cfafbdbdc6435766ed - - default default] Method 'is_advsvc' is deprecated since 2023.2 release (neutron-lib 3.8.0) and will be removed once support for the old RBAC API policies will be removed from Neutron. Please use method 'is_service_role' instead.
2026-07-24 01:07:41.352 10 INFO neutron.db.ovn_revision_numbers_db [None req-446320a1-6fb8-408d-8607-41a1c4222dab 62fae09fc55f4d6faa6cb2771886dd1f f0000d67e0dd44b3abf02eb78d769b2c - - default default] Successfully bumped revision number for resource 92222367-3c09-4409-9c45-f44a856be836 (type: security_group_rules) to 0
2026-07-24 01:07:41.371 10 INFO neutron.db.ovn_revision_numbers_db [None req-446320a1-6fb8-408d-8607-41a1c4222dab 62fae09fc55f4d6faa6cb2771886dd1f f0000d67e0dd44b3abf02eb78d769b2c - - default default] Successfully bumped revision number for resource 934921f4-8e34-4870-8c8b-c0a8286e6d9b (type: security_group_rules) to 0
2026-07-24 01:07:41.402 10 INFO neutron.wsgi [None req-446320a1-6fb8-408d-8607-41a1c4222dab 62fae09fc55f4d6faa6cb2771886dd1f f0000d67e0dd44b3abf02eb78d769b2c - - default default] 10.0.0.162 "GET /v2.0/security-groups?tenant_id=cca2f41feb4b4179b44edfff6aebb3cd&name=default HTTP/1.1" status: 200 len: 2996 time: 0.5888381
2026-07-24 01:07:41.584 9 INFO neutron.services.segments.plugin [-] Segment 3ce83332-bd17-4f4c-be3b-829054a19618 resource provider aggregate not found
2026-07-24 01:07:41.593 9 INFO neutron.services.segments.plugin [-] Segment 3ce83332-bd17-4f4c-be3b-829054a19618 resource provider aggregate not found
2026-07-24 01:07:41.610 9 INFO neutron.services.segments.plugin [-] Segment 3ce83332-bd17-4f4c-be3b-829054a19618 resource provider not found; error: Placement Client Error (4xx): {"errors": [{"status": 404, "title": "Not Found", "detail": "The resource could not be found.\n\n No resource provider with uuid 3ce83332-bd17-4f4c-be3b-829054a19618 found for delete ", "request_id": "req-76171199-d245-4150-8e35-4da234cffbe5"}]}
2026-07-24 01:07:41.612 9 INFO neutron.services.segments.plugin [-] Segment 3ce83332-bd17-4f4c-be3b-829054a19618 resource provider not found; error: Placement Client Error (4xx): {"errors": [{"status": 404, "title": "Not Found", "detail": "The resource could not be found.\n\n No resource provider with uuid 3ce83332-bd17-4f4c-be3b-829054a19618 found for delete ", "request_id": "req-9e8ac20e-5a79-4540-b909-779cb188df0c"}]}
2026-07-24 01:07:41.701 9 WARNING neutron.scheduler.dhcp_agent_scheduler [None req-c02b51e9-9dd7-4927-a7e0-7f5781a10ade 07388095804f4b41880a1e5168ef792c f40f911dac974a868ef420d90022b201 - - default default] No more DHCP agents
2026-07-24 01:07:41.702 10 WARNING neutron.scheduler.dhcp_agent_scheduler [None req-ed63ab60-beb7-49ef-9d0e-757faf32e614 ab48a1af449a41ff9b5c39f5f9a6a485 e76c2364d79544cfafbdbdc6435766ed - - default default] No more DHCP agents
2026-07-24 01:07:41.704 10 WARNING neutron.api.rpc.agentnotifiers.dhcp_rpc_agent_api [None req-ed63ab60-beb7-49ef-9d0e-757faf32e614 ab48a1af449a41ff9b5c39f5f9a6a485 e76c2364d79544cfafbdbdc6435766ed - - default default] Unable to schedule network 1fbc47eb-ff30-409f-aace-73c56d09cabf: no agents available; will retry on subsequent port and subnet creation events.
2026-07-24 01:07:41.708 9 WARNING neutron.api.rpc.agentnotifiers.dhcp_rpc_agent_api [None req-c02b51e9-9dd7-4927-a7e0-7f5781a10ade 07388095804f4b41880a1e5168ef792c f40f911dac974a868ef420d90022b201 - - default default] Unable to schedule network a528be70-69a9-41b8-a664-26e56d0b87e9: no agents available; will retry on subsequent port and subnet creation events.
2026-07-24 01:07:41.722 9 INFO neutron.wsgi [None req-babb9888-ffee-4e44-869b-d020662c1778 62fae09fc55f4d6faa6cb2771886dd1f f0000d67e0dd44b3abf02eb78d769b2c - - default default] 10.0.0.162 "DELETE /v2.0/security-groups/c5e984b1-f4d5-46da-9db4-b8b74e9fb665 HTTP/1.1" status: 204 len: 168 time: 0.3149102
2026-07-24 01:07:41.834 9 INFO neutron.db.ovn_revision_numbers_db [None req-c02b51e9-9dd7-4927-a7e0-7f5781a10ade 07388095804f4b41880a1e5168ef792c f40f911dac974a868ef420d90022b201 - - default default] Successfully bumped revision number for resource d00e3804-5701-4a0b-8eb2-22e253c1f9e5 (type: ports) to 1
2026-07-24 01:07:41.856 9 INFO neutron.wsgi [None req-c02b51e9-9dd7-4927-a7e0-7f5781a10ade 07388095804f4b41880a1e5168ef792c f40f911dac974a868ef420d90022b201 - - default default] 10.0.0.162 "POST /v2.0/ports HTTP/1.1" status: 201 len: 1162 time: 0.5809283 /var/lib/openstack/lib/python3.10/site-packages/pycadf/identifier.py:71: UserWarning: Invalid uuid: neutron. To ensure interoperability, identifiers should be a valid uuid. warnings.warn(('Invalid uuid: %s. To ensure interoperability, '
2026-07-24 01:07:42.190 10 INFO neutron.db.l3_db [None req-ed63ab60-beb7-49ef-9d0e-757faf32e614 ab48a1af449a41ff9b5c39f5f9a6a485 e76c2364d79544cfafbdbdc6435766ed - - default default] Floating IP fd9fe4f9-cd54-4545-86e7-7b25739d7d71 associated. External IP: 10.96.250.211, port: 31abcdb3-bdf8-48ef-b291-ccd7fb961b53.
2026-07-24 01:07:42.334 9 INFO neutron.plugins.ml2.drivers.ovn.mech_driver.mech_driver [None req-0fa86b58-638e-483a-8b43-55a5768edc70 - - - - - -] OVN reports status up for port: d00e3804-5701-4a0b-8eb2-22e253c1f9e5
2026-07-24 01:07:42.354 9 INFO neutron.plugins.ml2.plugin [None req-0fa86b58-638e-483a-8b43-55a5768edc70 - - - - - -] Attempt 1 to provision port d00e3804-5701-4a0b-8eb2-22e253c1f9e5
2026-07-24 01:07:42.357 9 INFO neutron.db.ovn_revision_numbers_db [None req-2970a999-10a2-469e-8f5b-a7d9919d0a0f 07388095804f4b41880a1e5168ef792c f40f911dac974a868ef420d90022b201 - - default default] Successfully bumped revision number for resource d00e3804-5701-4a0b-8eb2-22e253c1f9e5 (type: router_ports) to 2
2026-07-24 01:07:42.423 10 INFO neutron.db.ovn_revision_numbers_db [None req-ed63ab60-beb7-49ef-9d0e-757faf32e614 ab48a1af449a41ff9b5c39f5f9a6a485 e76c2364d79544cfafbdbdc6435766ed - - default default] Successfully bumped revision number for resource fd9fe4f9-cd54-4545-86e7-7b25739d7d71 (type: floatingips) to 0
2026-07-24 01:07:42.586 10 INFO neutron.db.ovn_revision_numbers_db [None req-ed63ab60-beb7-49ef-9d0e-757faf32e614 ab48a1af449a41ff9b5c39f5f9a6a485 e76c2364d79544cfafbdbdc6435766ed - - default default] Successfully bumped revision number for resource fd9fe4f9-cd54-4545-86e7-7b25739d7d71 (type: floatingips) to 1
2026-07-24 01:07:42.641 10 INFO neutron.wsgi [None req-ed63ab60-beb7-49ef-9d0e-757faf32e614 ab48a1af449a41ff9b5c39f5f9a6a485 e76c2364d79544cfafbdbdc6435766ed - - default default] 10.0.0.162 "POST /v2.0/floatingips HTTP/1.1" status: 201 len: 1041 time: 1.2995787
2026-07-24 01:07:42.647 9 INFO neutron.db.ovn_revision_numbers_db [None req-2970a999-10a2-469e-8f5b-a7d9919d0a0f 07388095804f4b41880a1e5168ef792c f40f911dac974a868ef420d90022b201 - - default default] Successfully bumped revision number for resource d00e3804-5701-4a0b-8eb2-22e253c1f9e5 (type: ports) to 2
2026-07-24 01:07:42.687 10 INFO neutron.wsgi [None req-99909670-940d-4ec4-a3fb-29df07cba609 ab48a1af449a41ff9b5c39f5f9a6a485 e76c2364d79544cfafbdbdc6435766ed - - default default] 10.0.0.162 "GET /v2.0/floatingips/fd9fe4f9-cd54-4545-86e7-7b25739d7d71 HTTP/1.1" status: 200 len: 1038 time: 0.0403032
2026-07-24 01:07:42.767 10 INFO neutron.wsgi [None req-4ecdfd61-3404-4c8e-a0bc-3761a2b0d01e ab48a1af449a41ff9b5c39f5f9a6a485 e76c2364d79544cfafbdbdc6435766ed - - default default] 10.0.0.162 "GET /v2.0/floatingips HTTP/1.1" status: 200 len: 1041 time: 0.0657561
2026-07-24 01:07:42.822 9 INFO neutron.db.ovn_revision_numbers_db [None req-0fa86b58-638e-483a-8b43-55a5768edc70 - - - - - -] Successfully bumped revision number for resource d00e3804-5701-4a0b-8eb2-22e253c1f9e5 (type: ports) to 3
2026-07-24 01:07:42.940 9 INFO neutron.db.ovn_revision_numbers_db [None req-0fa86b58-638e-483a-8b43-55a5768edc70 - - - - - -] Successfully bumped revision number for resource d00e3804-5701-4a0b-8eb2-22e253c1f9e5 (type: router_ports) to 3
2026-07-24 01:07:43.091 10 INFO neutron.db.l3_db [None req-82717cf3-3fcf-460d-8bb1-eb3d7557d908 ab48a1af449a41ff9b5c39f5f9a6a485 e76c2364d79544cfafbdbdc6435766ed - - default default] Floating IP fd9fe4f9-cd54-4545-86e7-7b25739d7d71 associated. External IP: 10.96.250.211, port: 31abcdb3-bdf8-48ef-b291-ccd7fb961b53.
2026-07-24 01:07:43.308 10 INFO neutron.db.ovn_revision_numbers_db [None req-82717cf3-3fcf-460d-8bb1-eb3d7557d908 ab48a1af449a41ff9b5c39f5f9a6a485 e76c2364d79544cfafbdbdc6435766ed - - default default] Successfully bumped revision number for resource fd9fe4f9-cd54-4545-86e7-7b25739d7d71 (type: floatingips) to 2
2026-07-24 01:07:43.416 10 INFO neutron.db.ovn_revision_numbers_db [None req-82717cf3-3fcf-460d-8bb1-eb3d7557d908 ab48a1af449a41ff9b5c39f5f9a6a485 e76c2364d79544cfafbdbdc6435766ed - - default default] Successfully bumped revision number for resource fd9fe4f9-cd54-4545-86e7-7b25739d7d71 (type: floatingips) to 2
2026-07-24 01:07:43.469 10 INFO neutron.wsgi [None req-82717cf3-3fcf-460d-8bb1-eb3d7557d908 ab48a1af449a41ff9b5c39f5f9a6a485 e76c2364d79544cfafbdbdc6435766ed - - default default] 10.0.0.162 "PUT /v2.0/floatingips/fd9fe4f9-cd54-4545-86e7-7b25739d7d71 HTTP/1.1" status: 200 len: 1038 time: 0.6930861
2026-07-24 01:07:43.488 9 INFO neutron.db.ovn_revision_numbers_db [None req-2970a999-10a2-469e-8f5b-a7d9919d0a0f 07388095804f4b41880a1e5168ef792c f40f911dac974a868ef420d90022b201 - - default default] Successfully bumped revision number for resource d00e3804-5701-4a0b-8eb2-22e253c1f9e5 (type: ports) to 3
2026-07-24 01:07:43.571 9 WARNING neutron.scheduler.dhcp_agent_scheduler [None req-2970a999-10a2-469e-8f5b-a7d9919d0a0f 07388095804f4b41880a1e5168ef792c f40f911dac974a868ef420d90022b201 - - default default] No more DHCP agents
2026-07-24 01:07:43.575 9 WARNING neutron.api.rpc.agentnotifiers.dhcp_rpc_agent_api [None req-2970a999-10a2-469e-8f5b-a7d9919d0a0f 07388095804f4b41880a1e5168ef792c f40f911dac974a868ef420d90022b201 - - default default] Unable to schedule network a528be70-69a9-41b8-a664-26e56d0b87e9: no agents available; will retry on subsequent port and subnet creation events.
2026-07-24 01:07:43.739 9 INFO neutron.db.ovn_revision_numbers_db [None req-2970a999-10a2-469e-8f5b-a7d9919d0a0f 07388095804f4b41880a1e5168ef792c f40f911dac974a868ef420d90022b201 - - default default] Successfully bumped revision number for resource d00e3804-5701-4a0b-8eb2-22e253c1f9e5 (type: router_ports) to 3
2026-07-24 01:07:43.741 9 INFO neutron.wsgi [None req-2970a999-10a2-469e-8f5b-a7d9919d0a0f 07388095804f4b41880a1e5168ef792c f40f911dac974a868ef420d90022b201 - - default default] 10.0.0.162 "PUT /v2.0/routers/0f1790be-fdc1-469e-9415-7fa28470886a/add_router_interface HTTP/1.1" status: 200 len: 503 time: 1.8793943 /var/lib/openstack/lib/python3.10/site-packages/pycadf/identifier.py:71: UserWarning: Invalid uuid: neutron. To ensure interoperability, identifiers should be a valid uuid. warnings.warn(('Invalid uuid: %s. To ensure interoperability, '
2026-07-24 01:07:43.776 9 INFO neutron.wsgi [None req-36c3b91d-ac5a-4f35-bc02-5b2ec884c34e 07388095804f4b41880a1e5168ef792c f40f911dac974a868ef420d90022b201 - - default default] 10.0.0.162 "GET /v2.0/ports/d00e3804-5701-4a0b-8eb2-22e253c1f9e5 HTTP/1.1" status: 200 len: 1220 time: 0.0289528
2026-07-24 01:07:43.829 10 INFO neutron.db.l3_db [None req-a4aabfc9-a600-4096-9fc3-46522d3a198d ab48a1af449a41ff9b5c39f5f9a6a485 e76c2364d79544cfafbdbdc6435766ed - - default default] Floating IP fd9fe4f9-cd54-4545-86e7-7b25739d7d71 disassociated. External IP: 10.96.250.211, port: 5f9d77dd-f55c-4e94-be05-ac12723ac845.
2026-07-24 01:07:43.865 10 INFO neutron.db.ovn_revision_numbers_db [None req-a4aabfc9-a600-4096-9fc3-46522d3a198d ab48a1af449a41ff9b5c39f5f9a6a485 e76c2364d79544cfafbdbdc6435766ed - - default default] Successfully bumped revision number for resource fd9fe4f9-cd54-4545-86e7-7b25739d7d71 (type: floatingips) to 3
2026-07-24 01:07:43.971 10 INFO neutron.wsgi [None req-a4aabfc9-a600-4096-9fc3-46522d3a198d ab48a1af449a41ff9b5c39f5f9a6a485 e76c2364d79544cfafbdbdc6435766ed - - default default] 10.0.0.162 "PUT /v2.0/floatingips/fd9fe4f9-cd54-4545-86e7-7b25739d7d71 HTTP/1.1" status: 200 len: 748 time: 0.4976027
2026-07-24 01:07:44.301 10 INFO neutron.db.ovn_revision_numbers_db [None req-f442b006-c7c3-472b-b45e-ee8df2441940 62fae09fc55f4d6faa6cb2771886dd1f f0000d67e0dd44b3abf02eb78d769b2c - - default default] Successfully bumped revision number for resource 8a5f7cd2-fb10-4399-b50c-3eaef4f91a71 (type: security_groups) to 1
2026-07-24 01:07:44.324 10 INFO neutron.db.ovn_revision_numbers_db [None req-f442b006-c7c3-472b-b45e-ee8df2441940 62fae09fc55f4d6faa6cb2771886dd1f f0000d67e0dd44b3abf02eb78d769b2c - - default default] Successfully bumped revision number for resource 04f62c92-f926-4d2e-9381-261aac65f88c (type: security_group_rules) to 0
2026-07-24 01:07:44.346 10 INFO neutron.db.ovn_revision_numbers_db [None req-f442b006-c7c3-472b-b45e-ee8df2441940 62fae09fc55f4d6faa6cb2771886dd1f f0000d67e0dd44b3abf02eb78d769b2c - - default default] Successfully bumped revision number for resource 743d037e-e1df-40db-b4ec-74aa7787832d (type: security_group_rules) to 0
2026-07-24 01:07:44.364 10 INFO neutron.db.ovn_revision_numbers_db [None req-f442b006-c7c3-472b-b45e-ee8df2441940 62fae09fc55f4d6faa6cb2771886dd1f f0000d67e0dd44b3abf02eb78d769b2c - - default default] Successfully bumped revision number for resource e11990c8-ff65-46bf-9f6b-e87b0d80f256 (type: security_group_rules) to 0
2026-07-24 01:07:44.380 10 INFO neutron.wsgi [None req-82fdd069-c4dd-4ce0-af6c-4bae1b270130 ab48a1af449a41ff9b5c39f5f9a6a485 e76c2364d79544cfafbdbdc6435766ed - - default default] 10.0.0.162 "DELETE /v2.0/floatingips/fd9fe4f9-cd54-4545-86e7-7b25739d7d71 HTTP/1.1" status: 204 len: 168 time: 0.4046957
2026-07-24 01:07:44.381 10 INFO neutron.db.ovn_revision_numbers_db [None req-f442b006-c7c3-472b-b45e-ee8df2441940 62fae09fc55f4d6faa6cb2771886dd1f f0000d67e0dd44b3abf02eb78d769b2c - - default default] Successfully bumped revision number for resource f98b8de4-7aca-4ce4-95e0-fbb91b9bad05 (type: security_group_rules) to 0 /var/lib/openstack/lib/python3.10/site-packages/pycadf/identifier.py:71: UserWarning: Invalid uuid: neutron. To ensure interoperability, identifiers should be a valid uuid. warnings.warn(('Invalid uuid: %s. To ensure interoperability, '
2026-07-24 01:07:44.409 10 INFO neutron.wsgi [None req-f442b006-c7c3-472b-b45e-ee8df2441940 62fae09fc55f4d6faa6cb2771886dd1f f0000d67e0dd44b3abf02eb78d769b2c - - default default] 10.0.0.162 "GET /v2.0/security-groups?tenant_id=362498f47bb34506be2add4196fa955a&name=default HTTP/1.1" status: 200 len: 2996 time: 0.4748564
2026-07-24 01:07:44.429 9 INFO neutron.api.v2.resource [None req-63f0320c-d463-4283-8e04-05a09f8477fe ab48a1af449a41ff9b5c39f5f9a6a485 e76c2364d79544cfafbdbdc6435766ed - - default default] delete failed (client error): The resource could not be found.
2026-07-24 01:07:44.430 9 INFO neutron.wsgi [None req-63f0320c-d463-4283-8e04-05a09f8477fe ab48a1af449a41ff9b5c39f5f9a6a485 e76c2364d79544cfafbdbdc6435766ed - - default default] 10.0.0.162 "DELETE /v2.0/floatingips/fd9fe4f9-cd54-4545-86e7-7b25739d7d71 HTTP/1.1" status: 404 len: 345 time: 0.0430601
2026-07-24 01:07:44.509 9 INFO neutron.wsgi [None req-514a75d5-fea0-4724-89aa-275186ef4f0b 07388095804f4b41880a1e5168ef792c f40f911dac974a868ef420d90022b201 - - default default] 10.0.0.162 "PUT /v2.0/routers/0f1790be-fdc1-469e-9415-7fa28470886a/remove_router_interface HTTP/1.1" status: 200 len: 503 time: 0.7274871
2026-07-24 01:07:44.597 10 INFO neutron.api.v2.resource [None req-04e82760-e2d6-4feb-b8c6-da4fbbd6eb24 07388095804f4b41880a1e5168ef792c f40f911dac974a868ef420d90022b201 - - default default] remove_router_interface failed (client error): The resource could not be found.
2026-07-24 01:07:44.598 10 INFO neutron.wsgi [None req-04e82760-e2d6-4feb-b8c6-da4fbbd6eb24 07388095804f4b41880a1e5168ef792c f40f911dac974a868ef420d90022b201 - - default default] 10.0.0.162 "PUT /v2.0/routers/0f1790be-fdc1-469e-9415-7fa28470886a/remove_router_interface HTTP/1.1" status: 404 len: 398 time: 0.0830014 /var/lib/openstack/lib/python3.10/site-packages/pycadf/identifier.py:71: UserWarning: Invalid uuid: neutron. To ensure interoperability, identifiers should be a valid uuid. warnings.warn(('Invalid uuid: %s. To ensure interoperability, '
2026-07-24 01:07:44.629 9 INFO neutron.wsgi [None req-141b9463-8757-4431-a41a-5d8c3fcb1caa 07388095804f4b41880a1e5168ef792c f40f911dac974a868ef420d90022b201 - - default default] 10.0.0.162 "GET /v2.0/ports?device_id=0f1790be-fdc1-469e-9415-7fa28470886a HTTP/1.1" status: 200 len: 205 time: 0.0265164
2026-07-24 01:07:44.704 10 INFO neutron.wsgi [None req-6c77b519-0c8b-4048-b417-70d8d61baa36 62fae09fc55f4d6faa6cb2771886dd1f f0000d67e0dd44b3abf02eb78d769b2c - - default default] 10.0.0.162 "DELETE /v2.0/security-groups/8a5f7cd2-fb10-4399-b50c-3eaef4f91a71 HTTP/1.1" status: 204 len: 168 time: 0.2888129
2026-07-24 01:07:45.193 9 INFO neutron.wsgi [None req-bd8669fc-dbfa-4d55-acb4-a8ad1b577063 07388095804f4b41880a1e5168ef792c f40f911dac974a868ef420d90022b201 - - default default] 10.0.0.162 "DELETE /v2.0/routers/0f1790be-fdc1-469e-9415-7fa28470886a HTTP/1.1" status: 204 len: 168 time: 0.5582774
2026-07-24 01:07:45.215 9 INFO neutron.wsgi [None req-27d0cf38-f422-49ee-9218-76233f6a96bb ab48a1af449a41ff9b5c39f5f9a6a485 e76c2364d79544cfafbdbdc6435766ed - - default default] 10.0.0.162 "DELETE /v2.0/ports/5f9d77dd-f55c-4e94-be05-ac12723ac845 HTTP/1.1" status: 204 len: 168 time: 0.7791059
2026-07-24 01:07:45.236 10 WARNING neutron_lib.context [None req-75d5010c-9a2f-4d10-89f4-9a95aa4381c3 9c5ea83172ce462cbed6cc73f94c20d2 aacb1246dc0b436982b73da5586f0a86 - - default default] Method 'is_advsvc' is deprecated since 2023.2 release (neutron-lib 3.8.0) and will be removed once support for the old RBAC API policies will be removed from Neutron. Please use method 'is_service_role' instead.
2026-07-24 01:07:45.434 10 INFO neutron.db.ovn_revision_numbers_db [None req-75d5010c-9a2f-4d10-89f4-9a95aa4381c3 9c5ea83172ce462cbed6cc73f94c20d2 aacb1246dc0b436982b73da5586f0a86 - - default default] Successfully bumped revision number for resource 0a67ddca-c49b-4263-b2eb-9d75294c0c88 (type: security_groups) to 1
2026-07-24 01:07:45.438 10 INFO neutron.wsgi [None req-b7761c3b-b065-41cd-b149-37f87a7ad83b 07388095804f4b41880a1e5168ef792c f40f911dac974a868ef420d90022b201 - - default default] 10.0.0.162 "DELETE /v2.0/subnets/0420912a-2910-456c-a685-3c8875cc2705 HTTP/1.1" status: 204 len: 168 time: 0.2362223
2026-07-24 01:07:45.451 10 INFO neutron.db.ovn_revision_numbers_db [None req-75d5010c-9a2f-4d10-89f4-9a95aa4381c3 9c5ea83172ce462cbed6cc73f94c20d2 aacb1246dc0b436982b73da5586f0a86 - - default default] Successfully bumped revision number for resource 5e1c5cc9-753d-4e22-bf50-7a75512e1971 (type: security_group_rules) to 0
2026-07-24 01:07:45.465 10 INFO neutron.db.ovn_revision_numbers_db [None req-75d5010c-9a2f-4d10-89f4-9a95aa4381c3 9c5ea83172ce462cbed6cc73f94c20d2 aacb1246dc0b436982b73da5586f0a86 - - default default] Successfully bumped revision number for resource 7f150662-252a-4f91-a077-ca6aac763fdd (type: security_group_rules) to 0
2026-07-24 01:07:45.479 10 INFO neutron.db.ovn_revision_numbers_db [None req-75d5010c-9a2f-4d10-89f4-9a95aa4381c3 9c5ea83172ce462cbed6cc73f94c20d2 aacb1246dc0b436982b73da5586f0a86 - - default default] Successfully bumped revision number for resource 91a62796-0d19-48e7-8616-873b85fc76dc (type: security_group_rules) to 0
2026-07-24 01:07:45.496 10 INFO neutron.db.ovn_revision_numbers_db [None req-75d5010c-9a2f-4d10-89f4-9a95aa4381c3 9c5ea83172ce462cbed6cc73f94c20d2 aacb1246dc0b436982b73da5586f0a86 - - default default] Successfully bumped revision number for resource f7df1ddf-cbd4-4895-9ab2-4a7eb55ee4db (type: security_group_rules) to 0
2026-07-24 01:07:45.559 10 INFO neutron.db.segments_db [None req-75d5010c-9a2f-4d10-89f4-9a95aa4381c3 9c5ea83172ce462cbed6cc73f94c20d2 aacb1246dc0b436982b73da5586f0a86 - - default default] Added segment feacc86e-4b60-43f6-8b9b-0382449d3df0 of type geneve for network 2455acf3-4aa0-4cfe-ad4a-b696475e9fe1
2026-07-24 01:07:45.627 9 INFO neutron.wsgi [None req-c74974c0-108c-49f3-945b-2c51aea95a9e ab48a1af449a41ff9b5c39f5f9a6a485 e76c2364d79544cfafbdbdc6435766ed - - default default] 10.0.0.162 "DELETE /v2.0/ports/31abcdb3-bdf8-48ef-b291-ccd7fb961b53 HTTP/1.1" status: 204 len: 168 time: 0.4070172
2026-07-24 01:07:45.771 10 INFO neutron.db.ovn_revision_numbers_db [None req-75d5010c-9a2f-4d10-89f4-9a95aa4381c3 9c5ea83172ce462cbed6cc73f94c20d2 aacb1246dc0b436982b73da5586f0a86 - - default default] Successfully bumped revision number for resource 2455acf3-4aa0-4cfe-ad4a-b696475e9fe1 (type: networks) to 1
2026-07-24 01:07:45.793 10 INFO neutron.wsgi [None req-1895e582-1032-4fe3-9f80-54fb4e99c3d4 ab48a1af449a41ff9b5c39f5f9a6a485 e76c2364d79544cfafbdbdc6435766ed - - default default] 10.0.0.162 "GET /v2.0/ports?device_id=e2e6ddd0-e2ff-4c9b-abac-c6e2707e1d3b HTTP/1.1" status: 200 len: 1138 time: 0.1593268
2026-07-24 01:07:45.875 10 WARNING neutron.plugins.ml2.drivers.ovn.mech_driver.ovsdb.ovn_client [None req-29f8e175-0d43-4339-bf53-5e1516680da6 - - - - - -] No hosting information found for port 3ee7702d-947f-4fab-bed8-f9fb03a033fd: RuntimeError: No hosting information found for port 3ee7702d-947f-4fab-bed8-f9fb03a033fd
2026-07-24 01:07:45.876 10 INFO neutron.plugins.ml2.drivers.ovn.mech_driver.mech_driver [None req-29f8e175-0d43-4339-bf53-5e1516680da6 - - - - - -] OVN reports status up for port: 88b6e8eb-5042-456d-ba32-9500b03e88be
2026-07-24 01:07:45.895 10 INFO neutron.plugins.ml2.plugin [None req-29f8e175-0d43-4339-bf53-5e1516680da6 - - - - - -] Attempt 1 to provision port 88b6e8eb-5042-456d-ba32-9500b03e88be
2026-07-24 01:07:45.947 9 INFO neutron.services.segments.plugin [-] Segment 0f51e918-1a4c-4a81-8280-2250fc85d0f6 resource provider aggregate not found
2026-07-24 01:07:45.977 9 INFO neutron.services.segments.plugin [-] Segment 0f51e918-1a4c-4a81-8280-2250fc85d0f6 resource provider aggregate not found
2026-07-24 01:07:46.002 9 INFO neutron.services.segments.plugin [-] Segment 0f51e918-1a4c-4a81-8280-2250fc85d0f6 resource provider not found; error: Placement Client Error (4xx): {"errors": [{"status": 404, "title": "Not Found", "detail": "The resource could not be found.\n\n No resource provider with uuid 0f51e918-1a4c-4a81-8280-2250fc85d0f6 found for delete ", "request_id": "req-44d9cd26-a400-4ee9-bc48-18841d707175"}]}
2026-07-24 01:07:46.006 9 INFO neutron.services.segments.plugin [-] Segment 0f51e918-1a4c-4a81-8280-2250fc85d0f6 resource provider not found; error: Placement Client Error (4xx): {"errors": [{"status": 404, "title": "Not Found", "detail": "The resource could not be found.\n\n No resource provider with uuid 0f51e918-1a4c-4a81-8280-2250fc85d0f6 found for delete ", "request_id": "req-36b2347a-1645-42f2-80e0-5037c9be1298"}]}
2026-07-24 01:07:46.028 10 WARNING neutron.scheduler.dhcp_agent_scheduler [None req-75d5010c-9a2f-4d10-89f4-9a95aa4381c3 9c5ea83172ce462cbed6cc73f94c20d2 aacb1246dc0b436982b73da5586f0a86 - - default default] No more DHCP agents
2026-07-24 01:07:46.031 10 WARNING neutron.api.rpc.agentnotifiers.dhcp_rpc_agent_api [None req-75d5010c-9a2f-4d10-89f4-9a95aa4381c3 9c5ea83172ce462cbed6cc73f94c20d2 aacb1246dc0b436982b73da5586f0a86 - - default default] Unable to schedule network 2455acf3-4aa0-4cfe-ad4a-b696475e9fe1: no agents available; will retry on subsequent port and subnet creation events.
2026-07-24 01:07:46.054 9 INFO neutron.wsgi [None req-3543c9dc-6aa5-4704-8155-86b1e1accd6a 07388095804f4b41880a1e5168ef792c f40f911dac974a868ef420d90022b201 - - default default] 10.0.0.162 "DELETE /v2.0/networks/a528be70-69a9-41b8-a664-26e56d0b87e9 HTTP/1.1" status: 204 len: 168 time: 0.6112030
2026-07-24 01:07:46.077 10 WARNING neutron_lib.context [None req-d7ec65dd-8dda-4fc9-8d7b-2662684abb91 07388095804f4b41880a1e5168ef792c f40f911dac974a868ef420d90022b201 - - default default] Method 'is_advsvc' is deprecated since 2023.2 release (neutron-lib 3.8.0) and will be removed once support for the old RBAC API policies will be removed from Neutron. Please use method 'is_service_role' instead.
2026-07-24 01:07:46.169 10 INFO neutron.db.ovn_revision_numbers_db [None req-75d5010c-9a2f-4d10-89f4-9a95aa4381c3 9c5ea83172ce462cbed6cc73f94c20d2 aacb1246dc0b436982b73da5586f0a86 - - default default] Successfully bumped revision number for resource 0f5ae74a-019d-4358-af2d-f458c46295bf (type: ports) to 1
2026-07-24 01:07:46.199 10 INFO neutron.wsgi [None req-75d5010c-9a2f-4d10-89f4-9a95aa4381c3 9c5ea83172ce462cbed6cc73f94c20d2 aacb1246dc0b436982b73da5586f0a86 - - default default] 10.0.0.162 "POST /v2.0/networks HTTP/1.1" status: 201 len: 831 time: 1.2176483
2026-07-24 01:07:46.204 10 INFO neutron.db.segments_db [None req-d7ec65dd-8dda-4fc9-8d7b-2662684abb91 07388095804f4b41880a1e5168ef792c f40f911dac974a868ef420d90022b201 - - default default] Added segment e0e850a0-d80d-4844-bb01-9dabe258ef31 of type geneve for network 2df31176-52c6-4450-95dc-bef8506d3659
2026-07-24 01:07:46.209 9 WARNING neutron_lib.context [None req-4a597df5-4696-4cfa-b91d-27443b4cc974 9c5ea83172ce462cbed6cc73f94c20d2 aacb1246dc0b436982b73da5586f0a86 - - default default] Method 'is_advsvc' is deprecated since 2023.2 release (neutron-lib 3.8.0) and will be removed once support for the old RBAC API policies will be removed from Neutron. Please use method 'is_service_role' instead.
2026-07-24 01:07:46.352 10 INFO neutron.db.ovn_revision_numbers_db [None req-29f8e175-0d43-4339-bf53-5e1516680da6 - - - - - -] Successfully bumped revision number for resource 88b6e8eb-5042-456d-ba32-9500b03e88be (type: ports) to 2
2026-07-24 01:07:46.430 10 INFO neutron.db.ovn_revision_numbers_db [None req-d7ec65dd-8dda-4fc9-8d7b-2662684abb91 07388095804f4b41880a1e5168ef792c f40f911dac974a868ef420d90022b201 - - default default] Successfully bumped revision number for resource 2df31176-52c6-4450-95dc-bef8506d3659 (type: networks) to 1
2026-07-24 01:07:46.511 10 INFO neutron.db.ovn_revision_numbers_db [None req-29f8e175-0d43-4339-bf53-5e1516680da6 - - - - - -] Successfully bumped revision number for resource 88b6e8eb-5042-456d-ba32-9500b03e88be (type: router_ports) to 2
2026-07-24 01:07:46.664 10 WARNING neutron.scheduler.dhcp_agent_scheduler [None req-d7ec65dd-8dda-4fc9-8d7b-2662684abb91 07388095804f4b41880a1e5168ef792c f40f911dac974a868ef420d90022b201 - - default default] No more DHCP agents
2026-07-24 01:07:46.667 10 WARNING neutron.api.rpc.agentnotifiers.dhcp_rpc_agent_api [None req-d7ec65dd-8dda-4fc9-8d7b-2662684abb91 07388095804f4b41880a1e5168ef792c f40f911dac974a868ef420d90022b201 - - default default] Unable to schedule network 2df31176-52c6-4450-95dc-bef8506d3659: no agents available; will retry on subsequent port and subnet creation events.
2026-07-24 01:07:46.750 10 INFO neutron.db.ovn_revision_numbers_db [None req-d7ec65dd-8dda-4fc9-8d7b-2662684abb91 07388095804f4b41880a1e5168ef792c f40f911dac974a868ef420d90022b201 - - default default] Successfully bumped revision number for resource af8d50bf-2d62-464c-a694-cf71c51eeefa (type: ports) to 1
2026-07-24 01:07:46.778 10 INFO neutron.wsgi [None req-d7ec65dd-8dda-4fc9-8d7b-2662684abb91 07388095804f4b41880a1e5168ef792c f40f911dac974a868ef420d90022b201 - - default default] 10.0.0.162 "POST /v2.0/networks HTTP/1.1" status: 201 len: 833 time: 0.7141340
2026-07-24 01:07:46.789 10 WARNING neutron_lib.context [None req-bbbbab87-d927-4567-9753-b86f9f4d4412 07388095804f4b41880a1e5168ef792c f40f911dac974a868ef420d90022b201 - - default default] Method 'is_advsvc' is deprecated since 2023.2 release (neutron-lib 3.8.0) and will be removed once support for the old RBAC API policies will be removed from Neutron. Please use method 'is_service_role' instead.
2026-07-24 01:07:46.791 9 WARNING neutron.scheduler.dhcp_agent_scheduler [None req-4a597df5-4696-4cfa-b91d-27443b4cc974 9c5ea83172ce462cbed6cc73f94c20d2 aacb1246dc0b436982b73da5586f0a86 - - default default] No more DHCP agents
2026-07-24 01:07:46.795 9 WARNING neutron.api.rpc.agentnotifiers.dhcp_rpc_agent_api [None req-4a597df5-4696-4cfa-b91d-27443b4cc974 9c5ea83172ce462cbed6cc73f94c20d2 aacb1246dc0b436982b73da5586f0a86 - - default default] Unable to schedule network 1fbc47eb-ff30-409f-aace-73c56d09cabf: no agents available; will retry on subsequent port and subnet creation events.
2026-07-24 01:07:47.068 10 WARNING neutron.scheduler.dhcp_agent_scheduler [None req-bbbbab87-d927-4567-9753-b86f9f4d4412 07388095804f4b41880a1e5168ef792c f40f911dac974a868ef420d90022b201 - - default default] No more DHCP agents
2026-07-24 01:07:47.071 10 WARNING neutron.api.rpc.agentnotifiers.dhcp_rpc_agent_api [None req-bbbbab87-d927-4567-9753-b86f9f4d4412 07388095804f4b41880a1e5168ef792c f40f911dac974a868ef420d90022b201 - - default default] Unable to schedule network 2df31176-52c6-4450-95dc-bef8506d3659: no agents available; will retry on subsequent port and subnet creation events.
2026-07-24 01:07:47.094 9 INFO neutron.db.ovn_revision_numbers_db [None req-4a597df5-4696-4cfa-b91d-27443b4cc974 9c5ea83172ce462cbed6cc73f94c20d2 aacb1246dc0b436982b73da5586f0a86 - - default default] Successfully bumped revision number for resource 615f50ac-e301-4260-96bd-9e5bed9ec684 (type: ports) to 1
2026-07-24 01:07:47.106 10 INFO neutron.db.ovn_revision_numbers_db [None req-bbbbab87-d927-4567-9753-b86f9f4d4412 07388095804f4b41880a1e5168ef792c f40f911dac974a868ef420d90022b201 - - default default] Successfully bumped revision number for resource b0cd2fd6-1d69-4004-8fb3-89f1147c17ee (type: subnets) to 0
2026-07-24 01:07:47.128 10 INFO neutron.wsgi [None req-bbbbab87-d927-4567-9753-b86f9f4d4412 07388095804f4b41880a1e5168ef792c f40f911dac974a868ef420d90022b201 - - default default] 10.0.0.162 "POST /v2.0/subnets HTTP/1.1" status: 201 len: 821 time: 0.3440413
2026-07-24 01:07:47.139 10 WARNING neutron_lib.context [None req-886ad896-66c3-4483-8f02-6202cf4ec995 07388095804f4b41880a1e5168ef792c f40f911dac974a868ef420d90022b201 - - default default] Method 'is_advsvc' is deprecated since 2023.2 release (neutron-lib 3.8.0) and will be removed once support for the old RBAC API policies will be removed from Neutron. Please use method 'is_service_role' instead.
2026-07-24 01:07:47.175 9 INFO neutron.wsgi [None req-9f50fe4b-bb4e-4d8b-ab18-cbcc898bf2e1 ab48a1af449a41ff9b5c39f5f9a6a485 e76c2364d79544cfafbdbdc6435766ed - - default default] 10.0.0.162 "PUT /v2.0/routers/e2e6ddd0-e2ff-4c9b-abac-c6e2707e1d3b/remove_router_interface HTTP/1.1" status: 200 len: 503 time: 1.3765812 /var/lib/openstack/lib/python3.10/site-packages/pycadf/identifier.py:71: UserWarning: Invalid uuid: neutron. To ensure interoperability, identifiers should be a valid uuid. warnings.warn(('Invalid uuid: %s. To ensure interoperability, '
2026-07-24 01:07:47.330 10 INFO neutron.db.ovn_revision_numbers_db [None req-886ad896-66c3-4483-8f02-6202cf4ec995 07388095804f4b41880a1e5168ef792c f40f911dac974a868ef420d90022b201 - - default default] Successfully bumped revision number for resource 762b16cd-e4d3-4fbc-9d82-87a6b91bd554 (type: routers) to 1
2026-07-24 01:07:47.345 10 INFO neutron.wsgi [None req-886ad896-66c3-4483-8f02-6202cf4ec995 07388095804f4b41880a1e5168ef792c f40f911dac974a868ef420d90022b201 - - default default] 10.0.0.162 "POST /v2.0/routers HTTP/1.1" status: 201 len: 691 time: 0.2114949
2026-07-24 01:07:47.971 10 WARNING neutron.scheduler.dhcp_agent_scheduler [None req-1576acdb-633c-4e4f-b8b3-6d588f4ea0ec 07388095804f4b41880a1e5168ef792c f40f911dac974a868ef420d90022b201 - - default default] No more DHCP agents
2026-07-24 01:07:47.974 10 WARNING neutron.api.rpc.agentnotifiers.dhcp_rpc_agent_api [None req-1576acdb-633c-4e4f-b8b3-6d588f4ea0ec 07388095804f4b41880a1e5168ef792c f40f911dac974a868ef420d90022b201 - - default default] Unable to schedule network 2df31176-52c6-4450-95dc-bef8506d3659: no agents available; will retry on subsequent port and subnet creation events.
2026-07-24 01:07:48.103 10 INFO neutron.db.ovn_revision_numbers_db [None req-1576acdb-633c-4e4f-b8b3-6d588f4ea0ec 07388095804f4b41880a1e5168ef792c f40f911dac974a868ef420d90022b201 - - default default] Successfully bumped revision number for resource cdaad06b-f0e9-41d1-8ab5-f1e7bb7936cb (type: ports) to 1
2026-07-24 01:07:48.511 10 INFO neutron.plugins.ml2.drivers.ovn.mech_driver.ovsdb.ovsdb_monitor [None req-3341bd28-e76b-4039-ad6d-0bb2e5af5de4 - - - - - -] Router 5775609b-6175-4b2d-a0bf-636d6937538b is bound to host instance
2026-07-24 01:07:48.546 10 INFO neutron.db.ovn_revision_numbers_db [None req-1576acdb-633c-4e4f-b8b3-6d588f4ea0ec 07388095804f4b41880a1e5168ef792c f40f911dac974a868ef420d90022b201 - - default default] Successfully bumped revision number for resource cdaad06b-f0e9-41d1-8ab5-f1e7bb7936cb (type: router_ports) to 1
2026-07-24 01:07:48.579 9 INFO neutron.db.ovn_revision_numbers_db [None req-4a597df5-4696-4cfa-b91d-27443b4cc974 9c5ea83172ce462cbed6cc73f94c20d2 aacb1246dc0b436982b73da5586f0a86 - - default default] Successfully bumped revision number for resource 615f50ac-e301-4260-96bd-9e5bed9ec684 (type: router_ports) to 1
2026-07-24 01:07:48.711 9 INFO neutron.db.ovn_revision_numbers_db [None req-4a597df5-4696-4cfa-b91d-27443b4cc974 9c5ea83172ce462cbed6cc73f94c20d2 aacb1246dc0b436982b73da5586f0a86 - - default default] Successfully bumped revision number for resource 5775609b-6175-4b2d-a0bf-636d6937538b (type: routers) to 2
2026-07-24 01:07:48.740 9 INFO neutron.wsgi [None req-4a597df5-4696-4cfa-b91d-27443b4cc974 9c5ea83172ce462cbed6cc73f94c20d2 aacb1246dc0b436982b73da5586f0a86 - - default default] 10.0.0.162 "POST /v2.0/routers HTTP/1.1" status: 201 len: 872 time: 2.5355096
2026-07-24 01:07:48.770 9 WARNING neutron.plugins.ml2.drivers.ovn.mech_driver.ovsdb.ovn_client [None req-0fa86b58-638e-483a-8b43-55a5768edc70 - - - - - -] No port found with ID d00e3804-5701-4a0b-8eb2-22e253c1f9e5: RuntimeError: No port found with ID d00e3804-5701-4a0b-8eb2-22e253c1f9e5
2026-07-24 01:07:48.770 9 INFO neutron.plugins.ml2.drivers.ovn.mech_driver.mech_driver [None req-0fa86b58-638e-483a-8b43-55a5768edc70 - - - - - -] OVN reports status up for port: cdaad06b-f0e9-41d1-8ab5-f1e7bb7936cb
2026-07-24 01:07:48.806 9 INFO neutron.plugins.ml2.plugin [None req-0fa86b58-638e-483a-8b43-55a5768edc70 - - - - - -] Attempt 1 to provision port cdaad06b-f0e9-41d1-8ab5-f1e7bb7936cb
2026-07-24 01:07:48.915 9 INFO neutron.wsgi [None req-65645a9b-4715-4450-bed9-cf2d71630699 ba426bd3e1fb4019bd0c0d6370d820f5 379090339dc343bea6bbef0fb151d542 - - default default] 10.0.0.162 "GET /v2.0/subnets?project_id=aacb1246dc0b436982b73da5586f0a86&cidr=10.100.0.0%2F28 HTTP/1.1" status: 200 len: 207 time: 0.1652808
2026-07-24 01:07:49.121 10 INFO neutron.db.ovn_revision_numbers_db [None req-1576acdb-633c-4e4f-b8b3-6d588f4ea0ec 07388095804f4b41880a1e5168ef792c f40f911dac974a868ef420d90022b201 - - default default] Successfully bumped revision number for resource cdaad06b-f0e9-41d1-8ab5-f1e7bb7936cb (type: ports) to 1
2026-07-24 01:07:49.141 10 INFO neutron.wsgi [None req-5be823af-755a-4219-9dce-da3f9757c46d ba426bd3e1fb4019bd0c0d6370d820f5 379090339dc343bea6bbef0fb151d542 - - default default] 10.0.0.162 "GET /v2.0/networks?router%3Aexternal=True HTTP/1.1" status: 200 len: 947 time: 0.2149301
2026-07-24 01:07:49.196 10 INFO neutron.wsgi [None req-780b0019-fb4c-4167-bf23-84d35078d610 ba426bd3e1fb4019bd0c0d6370d820f5 379090339dc343bea6bbef0fb151d542 - - default default] 10.0.0.162 "GET /v2.0/subnets?network_id=1fbc47eb-ff30-409f-aace-73c56d09cabf&cidr=10.100.0.0%2F28 HTTP/1.1" status: 200 len: 207 time: 0.0468144
2026-07-24 01:07:49.217 10 WARNING neutron_lib.context [None req-6862abd1-e67b-4da5-9cd1-ee0ff7d9f75d 9c5ea83172ce462cbed6cc73f94c20d2 aacb1246dc0b436982b73da5586f0a86 - - default default] Method 'is_advsvc' is deprecated since 2023.2 release (neutron-lib 3.8.0) and will be removed once support for the old RBAC API policies will be removed from Neutron. Please use method 'is_service_role' instead.
2026-07-24 01:07:49.287 10 INFO neutron.db.ovn_revision_numbers_db [None req-00fa0b50-1dd4-4fc5-a4af-96b0040a1160 62fae09fc55f4d6faa6cb2771886dd1f f0000d67e0dd44b3abf02eb78d769b2c - - default default] Successfully bumped revision number for resource 44d94f79-ef9d-454a-aec3-dccaeded731b (type: security_groups) to 1
2026-07-24 01:07:49.298 9 INFO neutron.wsgi [None req-e4f9b326-ef2f-4060-8e14-1f807048d598 ab48a1af449a41ff9b5c39f5f9a6a485 e76c2364d79544cfafbdbdc6435766ed - - default default] 10.0.0.162 "DELETE /v2.0/routers/e2e6ddd0-e2ff-4c9b-abac-c6e2707e1d3b HTTP/1.1" status: 204 len: 168 time: 2.1147780
2026-07-24 01:07:49.340 10 INFO neutron.db.ovn_revision_numbers_db [None req-00fa0b50-1dd4-4fc5-a4af-96b0040a1160 62fae09fc55f4d6faa6cb2771886dd1f f0000d67e0dd44b3abf02eb78d769b2c - - default default] Successfully bumped revision number for resource 061c1485-3936-4b56-84cb-f2d17fe516dd (type: security_group_rules) to 0
2026-07-24 01:07:49.381 10 WARNING neutron.scheduler.dhcp_agent_scheduler [None req-1576acdb-633c-4e4f-b8b3-6d588f4ea0ec 07388095804f4b41880a1e5168ef792c f40f911dac974a868ef420d90022b201 - - default default] No more DHCP agents
2026-07-24 01:07:49.398 10 WARNING neutron.api.rpc.agentnotifiers.dhcp_rpc_agent_api [None req-1576acdb-633c-4e4f-b8b3-6d588f4ea0ec 07388095804f4b41880a1e5168ef792c f40f911dac974a868ef420d90022b201 - - default default] Unable to schedule network 2df31176-52c6-4450-95dc-bef8506d3659: no agents available; will retry on subsequent port and subnet creation events.
2026-07-24 01:07:49.402 10 INFO neutron.db.ovn_revision_numbers_db [None req-00fa0b50-1dd4-4fc5-a4af-96b0040a1160 62fae09fc55f4d6faa6cb2771886dd1f f0000d67e0dd44b3abf02eb78d769b2c - - default default] Successfully bumped revision number for resource 2aecacbb-812c-4d2e-9dbe-d6b5655ad633 (type: security_group_rules) to 0
