2026-07-24 01:09:01.220 10 INFO neutron.db.ovn_revision_numbers_db [None req-cd0af85d-bf00-49ee-bb00-73c86de7e77b 467bcfbc9a814a2e989121a56f76b7d1 ac0267ec5f4441cda4e7fee6c9b66cf6 - - default default] Successfully bumped revision number for resource 52d7fb05-33bf-4ef3-8a09-37b3bec03486 (type: ports) to 2
2026-07-24 01:09:01.527 10 INFO neutron.db.ovn_revision_numbers_db [None req-cd0af85d-bf00-49ee-bb00-73c86de7e77b 467bcfbc9a814a2e989121a56f76b7d1 ac0267ec5f4441cda4e7fee6c9b66cf6 - - default default] Successfully bumped revision number for resource 0e29e992-fb8d-4553-991a-4fccb31bde78 (type: subnets) to 0
2026-07-24 01:09:01.550 10 INFO neutron.wsgi [None req-cd0af85d-bf00-49ee-bb00-73c86de7e77b 467bcfbc9a814a2e989121a56f76b7d1 ac0267ec5f4441cda4e7fee6c9b66cf6 - - default default] 10.0.0.162 "POST /v2.0/subnets HTTP/1.1" status: 201 len: 804 time: 1.2282438
2026-07-24 01:09:01.559 10 WARNING neutron_lib.context [None req-bf6f4ee3-104c-4cf5-827e-f1d464058531 467bcfbc9a814a2e989121a56f76b7d1 ac0267ec5f4441cda4e7fee6c9b66cf6 - - default default] Method 'is_advsvc' is deprecated since 2023.2 release (neutron-lib 3.8.0) and will be removed once support for the old RBAC API policies will be removed from Neutron. Please use method 'is_service_role' instead.
2026-07-24 01:09:01.650 10 INFO neutron.db.segments_db [None req-bf6f4ee3-104c-4cf5-827e-f1d464058531 467bcfbc9a814a2e989121a56f76b7d1 ac0267ec5f4441cda4e7fee6c9b66cf6 - - default default] Added segment ae871a9d-7d4c-4cef-bbc8-498a78b56f01 of type geneve for network 4e33cc82-6ab3-4c5c-a1f6-ba9d358be6fd
2026-07-24 01:09:01.813 10 INFO neutron.db.ovn_revision_numbers_db [None req-bf6f4ee3-104c-4cf5-827e-f1d464058531 467bcfbc9a814a2e989121a56f76b7d1 ac0267ec5f4441cda4e7fee6c9b66cf6 - - default default] Successfully bumped revision number for resource 4e33cc82-6ab3-4c5c-a1f6-ba9d358be6fd (type: networks) to 1
2026-07-24 01:09:02.027 10 WARNING neutron.scheduler.dhcp_agent_scheduler [None req-bf6f4ee3-104c-4cf5-827e-f1d464058531 467bcfbc9a814a2e989121a56f76b7d1 ac0267ec5f4441cda4e7fee6c9b66cf6 - - default default] No more DHCP agents
2026-07-24 01:09:02.029 10 WARNING neutron.api.rpc.agentnotifiers.dhcp_rpc_agent_api [None req-bf6f4ee3-104c-4cf5-827e-f1d464058531 467bcfbc9a814a2e989121a56f76b7d1 ac0267ec5f4441cda4e7fee6c9b66cf6 - - default default] Unable to schedule network 4e33cc82-6ab3-4c5c-a1f6-ba9d358be6fd: no agents available; will retry on subsequent port and subnet creation events.
2026-07-24 01:09:02.120 10 INFO neutron.db.ovn_revision_numbers_db [None req-bf6f4ee3-104c-4cf5-827e-f1d464058531 467bcfbc9a814a2e989121a56f76b7d1 ac0267ec5f4441cda4e7fee6c9b66cf6 - - default default] Successfully bumped revision number for resource 788fadf2-a973-402f-a889-88db5b7e8d8b (type: ports) to 1
2026-07-24 01:09:02.142 10 INFO neutron.wsgi [None req-bf6f4ee3-104c-4cf5-827e-f1d464058531 467bcfbc9a814a2e989121a56f76b7d1 ac0267ec5f4441cda4e7fee6c9b66cf6 - - default default] 10.0.0.162 "POST /v2.0/networks HTTP/1.1" status: 201 len: 831 time: 0.5880206
2026-07-24 01:09:02.153 10 WARNING neutron_lib.context [None req-73864c43-8dc1-431f-ba58-23a4deb45b04 467bcfbc9a814a2e989121a56f76b7d1 ac0267ec5f4441cda4e7fee6c9b66cf6 - - default default] Method 'is_advsvc' is deprecated since 2023.2 release (neutron-lib 3.8.0) and will be removed once support for the old RBAC API policies will be removed from Neutron. Please use method 'is_service_role' instead.
2026-07-24 01:09:02.452 10 WARNING neutron.scheduler.dhcp_agent_scheduler [None req-73864c43-8dc1-431f-ba58-23a4deb45b04 467bcfbc9a814a2e989121a56f76b7d1 ac0267ec5f4441cda4e7fee6c9b66cf6 - - default default] No more DHCP agents
2026-07-24 01:09:02.454 10 WARNING neutron.api.rpc.agentnotifiers.dhcp_rpc_agent_api [None req-73864c43-8dc1-431f-ba58-23a4deb45b04 467bcfbc9a814a2e989121a56f76b7d1 ac0267ec5f4441cda4e7fee6c9b66cf6 - - default default] Unable to schedule network 4e33cc82-6ab3-4c5c-a1f6-ba9d358be6fd: no agents available; will retry on subsequent port and subnet creation events.
2026-07-24 01:09:03.038 10 INFO neutron.db.ovn_revision_numbers_db [None req-73864c43-8dc1-431f-ba58-23a4deb45b04 467bcfbc9a814a2e989121a56f76b7d1 ac0267ec5f4441cda4e7fee6c9b66cf6 - - default default] Successfully bumped revision number for resource 788fadf2-a973-402f-a889-88db5b7e8d8b (type: ports) to 2
2026-07-24 01:09:03.080 10 INFO neutron.db.ovn_revision_numbers_db [None req-73864c43-8dc1-431f-ba58-23a4deb45b04 467bcfbc9a814a2e989121a56f76b7d1 ac0267ec5f4441cda4e7fee6c9b66cf6 - - default default] Successfully bumped revision number for resource f7163699-1ffd-4247-87b0-ebeb45c04c1e (type: subnets) to 0
2026-07-24 01:09:03.103 10 INFO neutron.wsgi [None req-73864c43-8dc1-431f-ba58-23a4deb45b04 467bcfbc9a814a2e989121a56f76b7d1 ac0267ec5f4441cda4e7fee6c9b66cf6 - - default default] 10.0.0.162 "POST /v2.0/subnets HTTP/1.1" status: 201 len: 804 time: 0.9550822
2026-07-24 01:09:03.119 10 WARNING neutron_lib.context [None req-72780cd0-7870-47e8-91c9-edb3179e529a 467bcfbc9a814a2e989121a56f76b7d1 ac0267ec5f4441cda4e7fee6c9b66cf6 - - default default] Method 'is_advsvc' is deprecated since 2023.2 release (neutron-lib 3.8.0) and will be removed once support for the old RBAC API policies will be removed from Neutron. Please use method 'is_service_role' instead.
2026-07-24 01:09:03.213 10 INFO neutron.db.segments_db [None req-72780cd0-7870-47e8-91c9-edb3179e529a 467bcfbc9a814a2e989121a56f76b7d1 ac0267ec5f4441cda4e7fee6c9b66cf6 - - default default] Added segment 0ba66cb7-c24b-4023-bca9-5f0cf5c4aae2 of type geneve for network 130b6c2c-619e-4c2a-b2b9-447847ce3ace
2026-07-24 01:09:03.358 9 INFO neutron.wsgi [None req-60ff4301-b0e8-4340-8e6a-04bb55c6c93f 1cf8e963eb9e421f9fce6ae721057ae7 f35c56833901450089d6d84320de68db - - default default] 10.0.0.39 "GET /v2.0/extensions HTTP/1.1" status: 200 len: 16980 time: 0.3096931
2026-07-24 01:09:03.408 10 INFO neutron.db.ovn_revision_numbers_db [None req-72780cd0-7870-47e8-91c9-edb3179e529a 467bcfbc9a814a2e989121a56f76b7d1 ac0267ec5f4441cda4e7fee6c9b66cf6 - - default default] Successfully bumped revision number for resource 130b6c2c-619e-4c2a-b2b9-447847ce3ace (type: networks) to 1
2026-07-24 01:09:03.481 9 INFO neutron.wsgi [None req-cb376a98-288f-4679-a1e1-8e375b4d73e4 1cf8e963eb9e421f9fce6ae721057ae7 f35c56833901450089d6d84320de68db - - default default] 10.0.0.39 "GET /v2.0/quotas/f35c56833901450089d6d84320de68db/details HTTP/1.1" status: 200 len: 756 time: 0.1057544
2026-07-24 01:09:03.604 10 WARNING neutron.scheduler.dhcp_agent_scheduler [None req-72780cd0-7870-47e8-91c9-edb3179e529a 467bcfbc9a814a2e989121a56f76b7d1 ac0267ec5f4441cda4e7fee6c9b66cf6 - - default default] No more DHCP agents
2026-07-24 01:09:03.606 10 WARNING neutron.api.rpc.agentnotifiers.dhcp_rpc_agent_api [None req-72780cd0-7870-47e8-91c9-edb3179e529a 467bcfbc9a814a2e989121a56f76b7d1 ac0267ec5f4441cda4e7fee6c9b66cf6 - - default default] Unable to schedule network 130b6c2c-619e-4c2a-b2b9-447847ce3ace: no agents available; will retry on subsequent port and subnet creation events.
2026-07-24 01:09:03.702 10 INFO neutron.db.ovn_revision_numbers_db [None req-72780cd0-7870-47e8-91c9-edb3179e529a 467bcfbc9a814a2e989121a56f76b7d1 ac0267ec5f4441cda4e7fee6c9b66cf6 - - default default] Successfully bumped revision number for resource 39b8f376-b054-4292-91c5-0032e26368d2 (type: ports) to 1
2026-07-24 01:09:03.723 10 INFO neutron.wsgi [None req-72780cd0-7870-47e8-91c9-edb3179e529a 467bcfbc9a814a2e989121a56f76b7d1 ac0267ec5f4441cda4e7fee6c9b66cf6 - - default default] 10.0.0.162 "POST /v2.0/networks HTTP/1.1" status: 201 len: 831 time: 0.6120677
2026-07-24 01:09:03.735 10 WARNING neutron_lib.context [None req-a67b712a-2dc4-4e08-a0f2-5bf56f9faab2 467bcfbc9a814a2e989121a56f76b7d1 ac0267ec5f4441cda4e7fee6c9b66cf6 - - default default] Method 'is_advsvc' is deprecated since 2023.2 release (neutron-lib 3.8.0) and will be removed once support for the old RBAC API policies will be removed from Neutron. Please use method 'is_service_role' instead.
2026-07-24 01:09:04.029 10 WARNING neutron.scheduler.dhcp_agent_scheduler [None req-a67b712a-2dc4-4e08-a0f2-5bf56f9faab2 467bcfbc9a814a2e989121a56f76b7d1 ac0267ec5f4441cda4e7fee6c9b66cf6 - - default default] No more DHCP agents
2026-07-24 01:09:04.032 10 WARNING neutron.api.rpc.agentnotifiers.dhcp_rpc_agent_api [None req-a67b712a-2dc4-4e08-a0f2-5bf56f9faab2 467bcfbc9a814a2e989121a56f76b7d1 ac0267ec5f4441cda4e7fee6c9b66cf6 - - default default] Unable to schedule network 130b6c2c-619e-4c2a-b2b9-447847ce3ace: no agents available; will retry on subsequent port and subnet creation events.
2026-07-24 01:09:04.225 9 INFO neutron.db.ovn_revision_numbers_db [None req-821a5eeb-d58f-434e-a340-98fc6311a9e2 62fae09fc55f4d6faa6cb2771886dd1f f0000d67e0dd44b3abf02eb78d769b2c - - default default] Successfully bumped revision number for resource 908243d3-c02c-4171-a42b-3ecb0103f552 (type: security_groups) to 1
2026-07-24 01:09:04.239 9 INFO neutron.db.ovn_revision_numbers_db [None req-821a5eeb-d58f-434e-a340-98fc6311a9e2 62fae09fc55f4d6faa6cb2771886dd1f f0000d67e0dd44b3abf02eb78d769b2c - - default default] Successfully bumped revision number for resource 0b3e58db-36d0-4903-85c3-55a9fa674f71 (type: security_group_rules) to 0
2026-07-24 01:09:04.254 9 INFO neutron.db.ovn_revision_numbers_db [None req-821a5eeb-d58f-434e-a340-98fc6311a9e2 62fae09fc55f4d6faa6cb2771886dd1f f0000d67e0dd44b3abf02eb78d769b2c - - default default] Successfully bumped revision number for resource 17ddd15c-1e7f-41d0-be05-50a3d1d62bc5 (type: security_group_rules) to 0
2026-07-24 01:09:04.275 9 INFO neutron.db.ovn_revision_numbers_db [None req-821a5eeb-d58f-434e-a340-98fc6311a9e2 62fae09fc55f4d6faa6cb2771886dd1f f0000d67e0dd44b3abf02eb78d769b2c - - default default] Successfully bumped revision number for resource 447111dc-c1c7-44a0-a279-2c8f5264fdcb (type: security_group_rules) to 0
2026-07-24 01:09:04.289 9 INFO neutron.db.ovn_revision_numbers_db [None req-821a5eeb-d58f-434e-a340-98fc6311a9e2 62fae09fc55f4d6faa6cb2771886dd1f f0000d67e0dd44b3abf02eb78d769b2c - - default default] Successfully bumped revision number for resource 9199a835-42e8-4889-a90a-a08789a604a4 (type: security_group_rules) to 0
2026-07-24 01:09:04.312 9 INFO neutron.wsgi [None req-821a5eeb-d58f-434e-a340-98fc6311a9e2 62fae09fc55f4d6faa6cb2771886dd1f f0000d67e0dd44b3abf02eb78d769b2c - - default default] 10.0.0.162 "GET /v2.0/security-groups?tenant_id=8e964155bee6405f8d77d676f2724252&name=default HTTP/1.1" status: 200 len: 2996 time: 0.4736626
2026-07-24 01:09:04.534 9 INFO neutron.wsgi [None req-031eef12-6351-4f64-abc7-841c27e9db14 62fae09fc55f4d6faa6cb2771886dd1f f0000d67e0dd44b3abf02eb78d769b2c - - default default] 10.0.0.162 "DELETE /v2.0/security-groups/908243d3-c02c-4171-a42b-3ecb0103f552 HTTP/1.1" status: 204 len: 168 time: 0.2168810
2026-07-24 01:09:04.553 10 INFO neutron.db.ovn_revision_numbers_db [None req-a67b712a-2dc4-4e08-a0f2-5bf56f9faab2 467bcfbc9a814a2e989121a56f76b7d1 ac0267ec5f4441cda4e7fee6c9b66cf6 - - default default] Successfully bumped revision number for resource 39b8f376-b054-4292-91c5-0032e26368d2 (type: ports) to 2
2026-07-24 01:09:04.595 10 INFO neutron.db.ovn_revision_numbers_db [None req-a67b712a-2dc4-4e08-a0f2-5bf56f9faab2 467bcfbc9a814a2e989121a56f76b7d1 ac0267ec5f4441cda4e7fee6c9b66cf6 - - default default] Successfully bumped revision number for resource fdbe152a-c365-49bd-9adb-9b82ee17ff59 (type: subnets) to 0
2026-07-24 01:09:04.622 10 INFO neutron.wsgi [None req-a67b712a-2dc4-4e08-a0f2-5bf56f9faab2 467bcfbc9a814a2e989121a56f76b7d1 ac0267ec5f4441cda4e7fee6c9b66cf6 - - default default] 10.0.0.162 "POST /v2.0/subnets HTTP/1.1" status: 201 len: 804 time: 0.8925829
2026-07-24 01:09:04.679 10 INFO neutron.wsgi [None req-50ca1284-b474-4bb3-badf-063c12b7f50f 467bcfbc9a814a2e989121a56f76b7d1 ac0267ec5f4441cda4e7fee6c9b66cf6 - - default default] 10.0.0.162 "PUT /v2.0/subnets/478da23a-92e8-422a-ac24-718edd38365b/tags HTTP/1.1" status: 200 len: 210 time: 0.0511289
2026-07-24 01:09:04.741 10 INFO neutron.wsgi [None req-910f87e9-ba21-4d3b-9660-874d94f096d3 467bcfbc9a814a2e989121a56f76b7d1 ac0267ec5f4441cda4e7fee6c9b66cf6 - - default default] 10.0.0.162 "PUT /v2.0/subnets/1c684f02-08f9-423b-a0a4-48ca5cb6f76c/tags HTTP/1.1" status: 200 len: 218 time: 0.0548236
2026-07-24 01:09:04.800 10 INFO neutron.wsgi [None req-4a48da81-1139-4071-b869-c0dc221c5d4c 467bcfbc9a814a2e989121a56f76b7d1 ac0267ec5f4441cda4e7fee6c9b66cf6 - - default default] 10.0.0.162 "PUT /v2.0/subnets/0e29e992-fb8d-4553-991a-4fccb31bde78/tags HTTP/1.1" status: 200 len: 227 time: 0.0548146
2026-07-24 01:09:04.853 10 INFO neutron.wsgi [None req-888bddd9-0bf3-4c8e-b6d0-6bff7092b2dc 467bcfbc9a814a2e989121a56f76b7d1 ac0267ec5f4441cda4e7fee6c9b66cf6 - - default default] 10.0.0.162 "PUT /v2.0/subnets/f7163699-1ffd-4247-87b0-ebeb45c04c1e/tags HTTP/1.1" status: 200 len: 212 time: 0.0467634
2026-07-24 01:09:04.925 10 INFO neutron.wsgi [None req-089295e3-f607-4617-8449-7b03d8856dba 467bcfbc9a814a2e989121a56f76b7d1 ac0267ec5f4441cda4e7fee6c9b66cf6 - - default default] 10.0.0.162 "GET /v2.0/subnets?tags=red HTTP/1.1" status: 200 len: 2027 time: 0.0663273
2026-07-24 01:09:05.023 9 INFO neutron.wsgi [None req-de025f84-5fdb-4913-9325-1cd201fe398e 467bcfbc9a814a2e989121a56f76b7d1 ac0267ec5f4441cda4e7fee6c9b66cf6 - - default default] 10.0.0.162 "GET /v2.0/subnets?tags=red%2Cblue HTTP/1.1" status: 200 len: 1430 time: 0.0860453
2026-07-24 01:09:05.110 9 INFO neutron.wsgi [None req-97bef0ef-f5c7-43bd-8591-bfafe3d57e04 467bcfbc9a814a2e989121a56f76b7d1 ac0267ec5f4441cda4e7fee6c9b66cf6 - - default default] 10.0.0.162 "GET /v2.0/subnets?tags-any=blue HTTP/1.1" status: 200 len: 1430 time: 0.0810153
2026-07-24 01:09:05.159 9 INFO neutron.wsgi [None req-6d653419-ed19-4eae-b3a4-a602d7907b69 467bcfbc9a814a2e989121a56f76b7d1 ac0267ec5f4441cda4e7fee6c9b66cf6 - - default default] 10.0.0.162 "GET /v2.0/subnets?tags-any=red%2Cblue HTTP/1.1" status: 200 len: 2027 time: 0.0443122
2026-07-24 01:09:05.495 9 INFO neutron.wsgi [None req-edd89927-1317-4a88-bb85-64d89f60e691 467bcfbc9a814a2e989121a56f76b7d1 ac0267ec5f4441cda4e7fee6c9b66cf6 - - default default] 10.0.0.162 "GET /v2.0/subnets?not-tags=red HTTP/1.1" status: 200 len: 2018 time: 0.3274851
2026-07-24 01:09:05.560 9 INFO neutron.wsgi [None req-415c484c-6fad-4797-b388-7663d7a8138b 467bcfbc9a814a2e989121a56f76b7d1 ac0267ec5f4441cda4e7fee6c9b66cf6 - - default default] 10.0.0.162 "GET /v2.0/subnets?not-tags=red%2Cblue HTTP/1.1" status: 200 len: 2615 time: 0.0603344
2026-07-24 01:09:05.645 9 INFO neutron.wsgi [None req-555ef13c-1696-4104-8936-603dc900dc04 467bcfbc9a814a2e989121a56f76b7d1 ac0267ec5f4441cda4e7fee6c9b66cf6 - - default default] 10.0.0.162 "GET /v2.0/subnets?not-tags-any=blue HTTP/1.1" status: 200 len: 2615 time: 0.0772378
2026-07-24 01:09:05.698 9 INFO neutron.wsgi [None req-a7026f9d-9ad8-411f-b222-aa39ea23fd72 467bcfbc9a814a2e989121a56f76b7d1 ac0267ec5f4441cda4e7fee6c9b66cf6 - - default default] 10.0.0.162 "GET /v2.0/subnets?not-tags-any=red%2Cblue HTTP/1.1" status: 200 len: 2018 time: 0.0469244
2026-07-24 01:09:05.948 9 INFO neutron.wsgi [None req-97fa2edb-4e6b-40f0-a5cd-293fc246e2a7 467bcfbc9a814a2e989121a56f76b7d1 ac0267ec5f4441cda4e7fee6c9b66cf6 - - default default] 10.0.0.162 "DELETE /v2.0/subnets/478da23a-92e8-422a-ac24-718edd38365b HTTP/1.1" status: 204 len: 168 time: 0.2423131
2026-07-24 01:09:06.180 9 INFO neutron.wsgi [None req-6f870697-1e29-4266-baf5-feb1e29df745 467bcfbc9a814a2e989121a56f76b7d1 ac0267ec5f4441cda4e7fee6c9b66cf6 - - default default] 10.0.0.162 "DELETE /v2.0/subnets/1c684f02-08f9-423b-a0a4-48ca5cb6f76c HTTP/1.1" status: 204 len: 168 time: 0.2274230
2026-07-24 01:09:06.272 10 INFO neutron.wsgi [None req-59c198d6-9b19-4038-881d-f3289d04c14b 1cf8e963eb9e421f9fce6ae721057ae7 f35c56833901450089d6d84320de68db - - default default] 10.0.0.39 "GET /v2.0/extensions HTTP/1.1" status: 200 len: 16980 time: 0.0093427
2026-07-24 01:09:06.413 10 INFO neutron.wsgi [None req-47a31eb7-4bc0-4a5c-b65c-0c62c9848540 1cf8e963eb9e421f9fce6ae721057ae7 f35c56833901450089d6d84320de68db - - default default] 10.0.0.39 "GET /v2.0/quotas/f35c56833901450089d6d84320de68db/details HTTP/1.1" status: 200 len: 756 time: 0.1230297
2026-07-24 01:09:06.453 9 INFO neutron.wsgi [None req-144d89de-a3d8-4706-8be4-d88782a0079d 467bcfbc9a814a2e989121a56f76b7d1 ac0267ec5f4441cda4e7fee6c9b66cf6 - - default default] 10.0.0.162 "DELETE /v2.0/subnets/0e29e992-fb8d-4553-991a-4fccb31bde78 HTTP/1.1" status: 204 len: 168 time: 0.2678475
2026-07-24 01:09:06.699 9 INFO neutron.wsgi [None req-d9cf4b19-d7fb-4931-b222-52da5623e4d1 467bcfbc9a814a2e989121a56f76b7d1 ac0267ec5f4441cda4e7fee6c9b66cf6 - - default default] 10.0.0.162 "DELETE /v2.0/subnets/f7163699-1ffd-4247-87b0-ebeb45c04c1e HTTP/1.1" status: 204 len: 168 time: 0.2409651
2026-07-24 01:09:06.924 10 INFO neutron.wsgi [None req-f6f62340-b4dc-48e8-b3a5-fa830996f3fa 467bcfbc9a814a2e989121a56f76b7d1 ac0267ec5f4441cda4e7fee6c9b66cf6 - - default default] 10.0.0.162 "DELETE /v2.0/subnets/fdbe152a-c365-49bd-9adb-9b82ee17ff59 HTTP/1.1" status: 204 len: 168 time: 0.2165356
2026-07-24 01:09:07.349 10 INFO neutron.services.segments.plugin [-] Segment 93a935b7-238e-42d7-a551-55cf0fc61a25 resource provider aggregate not found
2026-07-24 01:09:07.371 10 INFO neutron.services.segments.plugin [-] Segment 93a935b7-238e-42d7-a551-55cf0fc61a25 resource provider aggregate not found
2026-07-24 01:09:07.381 10 INFO neutron.services.segments.plugin [-] Segment 93a935b7-238e-42d7-a551-55cf0fc61a25 resource provider not found; error: Placement Client Error (4xx): {"errors": [{"status": 404, "title": "Not Found", "detail": "The resource could not be found.\n\n No resource provider with uuid 93a935b7-238e-42d7-a551-55cf0fc61a25 found for delete ", "request_id": "req-077cb781-7c7d-4ee7-8c73-7d756c4d4f34"}]}
2026-07-24 01:09:07.399 10 INFO neutron.services.segments.plugin [-] Segment 93a935b7-238e-42d7-a551-55cf0fc61a25 resource provider not found; error: Placement Client Error (4xx): {"errors": [{"status": 404, "title": "Not Found", "detail": "The resource could not be found.\n\n No resource provider with uuid 93a935b7-238e-42d7-a551-55cf0fc61a25 found for delete ", "request_id": "req-bde29d3f-2baf-4251-8dec-3e0c0b9d9e3c"}]}
2026-07-24 01:09:07.425 10 INFO neutron.wsgi [None req-fca3151d-2256-4325-978c-0ece749c3a6a 467bcfbc9a814a2e989121a56f76b7d1 ac0267ec5f4441cda4e7fee6c9b66cf6 - - default default] 10.0.0.162 "DELETE /v2.0/networks/0dbda444-fa13-49c0-85cf-bf55db99faa7 HTTP/1.1" status: 204 len: 168 time: 0.4953780
2026-07-24 01:09:07.551 10 INFO neutron.db.ovn_revision_numbers_db [None req-4f86203f-d0e6-4422-9a58-0622bcd80d63 62fae09fc55f4d6faa6cb2771886dd1f f0000d67e0dd44b3abf02eb78d769b2c - - default default] Successfully bumped revision number for resource 48874a1d-d1f8-4ecd-8ad9-ffe3de387872 (type: security_groups) to 1
2026-07-24 01:09:07.585 10 INFO neutron.db.ovn_revision_numbers_db [None req-4f86203f-d0e6-4422-9a58-0622bcd80d63 62fae09fc55f4d6faa6cb2771886dd1f f0000d67e0dd44b3abf02eb78d769b2c - - default default] Successfully bumped revision number for resource 6b96ebe8-bb33-4f25-ad91-bf62ae2b7ec6 (type: security_group_rules) to 0
2026-07-24 01:09:07.629 10 INFO neutron.db.ovn_revision_numbers_db [None req-4f86203f-d0e6-4422-9a58-0622bcd80d63 62fae09fc55f4d6faa6cb2771886dd1f f0000d67e0dd44b3abf02eb78d769b2c - - default default] Successfully bumped revision number for resource 95515411-36d7-4f0f-846e-7d1a0c0d4bb5 (type: security_group_rules) to 0
2026-07-24 01:09:07.658 10 INFO neutron.db.ovn_revision_numbers_db [None req-4f86203f-d0e6-4422-9a58-0622bcd80d63 62fae09fc55f4d6faa6cb2771886dd1f f0000d67e0dd44b3abf02eb78d769b2c - - default default] Successfully bumped revision number for resource da7b7064-b5ab-4564-bba6-699a99a21717 (type: security_group_rules) to 0
2026-07-24 01:09:07.679 10 INFO neutron.db.ovn_revision_numbers_db [None req-4f86203f-d0e6-4422-9a58-0622bcd80d63 62fae09fc55f4d6faa6cb2771886dd1f f0000d67e0dd44b3abf02eb78d769b2c - - default default] Successfully bumped revision number for resource dfc66b8e-aaf6-4c72-97bf-24a8967dd3c7 (type: security_group_rules) to 0
2026-07-24 01:09:07.707 10 INFO neutron.wsgi [None req-4f86203f-d0e6-4422-9a58-0622bcd80d63 62fae09fc55f4d6faa6cb2771886dd1f f0000d67e0dd44b3abf02eb78d769b2c - - default default] 10.0.0.162 "GET /v2.0/security-groups?tenant_id=ab4ec25851a74e5999253e2525f63986&name=default HTTP/1.1" status: 200 len: 2996 time: 0.5762732
2026-07-24 01:09:07.857 9 INFO neutron.services.segments.plugin [-] Segment fbc7675c-a592-43c7-ad3d-a7a3363d3511 resource provider aggregate not found
2026-07-24 01:09:07.862 9 INFO neutron.services.segments.plugin [-] Segment fbc7675c-a592-43c7-ad3d-a7a3363d3511 resource provider aggregate not found
2026-07-24 01:09:07.887 9 INFO neutron.services.segments.plugin [-] Segment fbc7675c-a592-43c7-ad3d-a7a3363d3511 resource provider not found; error: Placement Client Error (4xx): {"errors": [{"status": 404, "title": "Not Found", "detail": "The resource could not be found.\n\n No resource provider with uuid fbc7675c-a592-43c7-ad3d-a7a3363d3511 found for delete ", "request_id": "req-31cbe93e-41ae-43bf-9ac3-a496ae4323df"}]}
2026-07-24 01:09:07.888 9 INFO neutron.services.segments.plugin [-] Segment fbc7675c-a592-43c7-ad3d-a7a3363d3511 resource provider not found; error: Placement Client Error (4xx): {"errors": [{"status": 404, "title": "Not Found", "detail": "The resource could not be found.\n\n No resource provider with uuid fbc7675c-a592-43c7-ad3d-a7a3363d3511 found for delete ", "request_id": "req-a7ac2a71-b204-4d28-97a0-f3e4a7a88b02"}]}
2026-07-24 01:09:07.926 9 INFO neutron.wsgi [None req-a24b5098-e4e8-423e-9a33-43283d7f057c 467bcfbc9a814a2e989121a56f76b7d1 ac0267ec5f4441cda4e7fee6c9b66cf6 - - default default] 10.0.0.162 "DELETE /v2.0/networks/71ebbe05-4bba-4157-bd80-fe144426b580 HTTP/1.1" status: 204 len: 168 time: 0.4916668
2026-07-24 01:09:08.012 9 INFO neutron.wsgi [None req-1fec2cdc-4936-4b01-b42a-82f95e5f6f7f 62fae09fc55f4d6faa6cb2771886dd1f f0000d67e0dd44b3abf02eb78d769b2c - - default default] 10.0.0.162 "DELETE /v2.0/security-groups/48874a1d-d1f8-4ecd-8ad9-ffe3de387872 HTTP/1.1" status: 204 len: 168 time: 0.2971787
2026-07-24 01:09:08.466 10 INFO neutron.wsgi [None req-007654ac-18ab-42a6-898c-cee07260d96e 467bcfbc9a814a2e989121a56f76b7d1 ac0267ec5f4441cda4e7fee6c9b66cf6 - - default default] 10.0.0.162 "DELETE /v2.0/networks/941be0b8-44ad-41d5-9358-33409bf882f4 HTTP/1.1" status: 204 len: 168 time: 0.5346887
2026-07-24 01:09:08.615 9 WARNING neutron_lib.context [None req-d3b5f98d-509a-46cf-8c6b-bb3e6ac97557 a3694ce826d4475d95ed35f0ba69984d 248afb83310c4a28bbd492a642c660f0 - - default default] Method 'is_advsvc' is deprecated since 2023.2 release (neutron-lib 3.8.0) and will be removed once support for the old RBAC API policies will be removed from Neutron. Please use method 'is_service_role' instead.
2026-07-24 01:09:08.808 10 INFO neutron.wsgi [-] 10.0.0.128 "GET / HTTP/1.1" status: 200 len: 247 time: 0.0020297
2026-07-24 01:09:08.811 10 INFO neutron.wsgi [-] 10.0.0.128 "GET / HTTP/1.1" status: 200 len: 247 time: 0.0022297
2026-07-24 01:09:08.907 9 INFO neutron.db.ovn_revision_numbers_db [None req-d3b5f98d-509a-46cf-8c6b-bb3e6ac97557 a3694ce826d4475d95ed35f0ba69984d 248afb83310c4a28bbd492a642c660f0 - - default default] Successfully bumped revision number for resource 4a56a47c-b603-4d6a-b850-e94b8ab5fa9b (type: security_groups) to 1
2026-07-24 01:09:08.941 9 INFO neutron.db.ovn_revision_numbers_db [None req-d3b5f98d-509a-46cf-8c6b-bb3e6ac97557 a3694ce826d4475d95ed35f0ba69984d 248afb83310c4a28bbd492a642c660f0 - - default default] Successfully bumped revision number for resource 08a4f5a5-c0e3-4513-a390-9c432d594b8f (type: security_group_rules) to 0
2026-07-24 01:09:08.958 9 INFO neutron.db.ovn_revision_numbers_db [None req-d3b5f98d-509a-46cf-8c6b-bb3e6ac97557 a3694ce826d4475d95ed35f0ba69984d 248afb83310c4a28bbd492a642c660f0 - - default default] Successfully bumped revision number for resource 43bb3b74-5573-41ec-8cb8-49074938a8a9 (type: security_group_rules) to 0
2026-07-24 01:09:08.972 9 INFO neutron.db.ovn_revision_numbers_db [None req-d3b5f98d-509a-46cf-8c6b-bb3e6ac97557 a3694ce826d4475d95ed35f0ba69984d 248afb83310c4a28bbd492a642c660f0 - - default default] Successfully bumped revision number for resource bb4bfb32-194a-4749-a3b1-a476c97c3271 (type: security_group_rules) to 0
2026-07-24 01:09:08.980 9 INFO neutron.wsgi [None req-1e3054d3-232c-45bc-b84b-0a94693d4d42 467bcfbc9a814a2e989121a56f76b7d1 ac0267ec5f4441cda4e7fee6c9b66cf6 - - default default] 10.0.0.162 "DELETE /v2.0/networks/4e33cc82-6ab3-4c5c-a1f6-ba9d358be6fd HTTP/1.1" status: 204 len: 168 time: 0.5085518
2026-07-24 01:09:08.995 9 INFO neutron.db.ovn_revision_numbers_db [None req-d3b5f98d-509a-46cf-8c6b-bb3e6ac97557 a3694ce826d4475d95ed35f0ba69984d 248afb83310c4a28bbd492a642c660f0 - - default default] Successfully bumped revision number for resource d3e72c3e-a876-41d2-bcae-8ad8288bdd37 (type: security_group_rules) to 0
2026-07-24 01:09:09.054 9 INFO neutron.db.segments_db [None req-d3b5f98d-509a-46cf-8c6b-bb3e6ac97557 a3694ce826d4475d95ed35f0ba69984d 248afb83310c4a28bbd492a642c660f0 - - default default] Added segment 6da9363c-b146-4e76-89ae-3ec0f662f429 of type geneve for network 673603a2-2397-45ad-a529-b30d2ee8d0fd
2026-07-24 01:09:09.218 9 INFO neutron.db.ovn_revision_numbers_db [None req-d3b5f98d-509a-46cf-8c6b-bb3e6ac97557 a3694ce826d4475d95ed35f0ba69984d 248afb83310c4a28bbd492a642c660f0 - - default default] Successfully bumped revision number for resource 673603a2-2397-45ad-a529-b30d2ee8d0fd (type: networks) to 1
2026-07-24 01:09:09.386 10 INFO neutron.wsgi [None req-84676afc-bd00-4f30-abb8-3f3bf8d5be00 467bcfbc9a814a2e989121a56f76b7d1 ac0267ec5f4441cda4e7fee6c9b66cf6 - - default default] 10.0.0.162 "DELETE /v2.0/networks/130b6c2c-619e-4c2a-b2b9-447847ce3ace HTTP/1.1" status: 204 len: 168 time: 0.3984761
2026-07-24 01:09:09.407 10 INFO neutron.services.segments.plugin [-] Segment 0bd8a246-e206-464b-93d3-79cc0927c87a resource provider aggregate not found
2026-07-24 01:09:09.417 9 WARNING neutron.scheduler.dhcp_agent_scheduler [None req-d3b5f98d-509a-46cf-8c6b-bb3e6ac97557 a3694ce826d4475d95ed35f0ba69984d 248afb83310c4a28bbd492a642c660f0 - - default default] No more DHCP agents
2026-07-24 01:09:09.421 9 WARNING neutron.api.rpc.agentnotifiers.dhcp_rpc_agent_api [None req-d3b5f98d-509a-46cf-8c6b-bb3e6ac97557 a3694ce826d4475d95ed35f0ba69984d 248afb83310c4a28bbd492a642c660f0 - - default default] Unable to schedule network 673603a2-2397-45ad-a529-b30d2ee8d0fd: no agents available; will retry on subsequent port and subnet creation events.
2026-07-24 01:09:09.438 10 INFO neutron.services.segments.plugin [-] Segment 0bd8a246-e206-464b-93d3-79cc0927c87a resource provider aggregate not found
2026-07-24 01:09:09.450 10 INFO neutron.services.segments.plugin [-] Segment 0bd8a246-e206-464b-93d3-79cc0927c87a resource provider not found; error: Placement Client Error (4xx): {"errors": [{"status": 404, "title": "Not Found", "detail": "The resource could not be found.\n\n No resource provider with uuid 0bd8a246-e206-464b-93d3-79cc0927c87a found for delete ", "request_id": "req-80fb1641-88d7-42f5-b28b-66d047da65e7"}]}
2026-07-24 01:09:09.472 10 INFO neutron.services.segments.plugin [-] Segment 0bd8a246-e206-464b-93d3-79cc0927c87a resource provider not found; error: Placement Client Error (4xx): {"errors": [{"status": 404, "title": "Not Found", "detail": "The resource could not be found.\n\n No resource provider with uuid 0bd8a246-e206-464b-93d3-79cc0927c87a found for delete ", "request_id": "req-ac82e915-ab70-41e8-976f-5a8ecbf3bd36"}]}
2026-07-24 01:09:09.478 10 INFO neutron.services.segments.plugin [-] Segment 0ba66cb7-c24b-4023-bca9-5f0cf5c4aae2 resource provider aggregate not found
2026-07-24 01:09:09.486 9 INFO neutron.db.ovn_revision_numbers_db [None req-e5d460af-b728-48d7-ba05-0183c1813a95 62fae09fc55f4d6faa6cb2771886dd1f f0000d67e0dd44b3abf02eb78d769b2c - - default default] Successfully bumped revision number for resource dadbbe49-9599-4ce1-af6c-0f8d9defa492 (type: security_groups) to 1
2026-07-24 01:09:09.494 10 INFO neutron.services.segments.plugin [-] Segment 0ba66cb7-c24b-4023-bca9-5f0cf5c4aae2 resource provider aggregate not found
2026-07-24 01:09:09.511 10 INFO neutron.services.segments.plugin [-] Segment 0ba66cb7-c24b-4023-bca9-5f0cf5c4aae2 resource provider not found; error: Placement Client Error (4xx): {"errors": [{"status": 404, "title": "Not Found", "detail": "The resource could not be found.\n\n No resource provider with uuid 0ba66cb7-c24b-4023-bca9-5f0cf5c4aae2 found for delete ", "request_id": "req-41e284e6-ed48-4933-bdb1-641997cbab52"}]}
2026-07-24 01:09:09.522 9 INFO neutron.db.ovn_revision_numbers_db [None req-e5d460af-b728-48d7-ba05-0183c1813a95 62fae09fc55f4d6faa6cb2771886dd1f f0000d67e0dd44b3abf02eb78d769b2c - - default default] Successfully bumped revision number for resource 12bfdf75-76ce-453b-86c8-b5b734d8eaae (type: security_group_rules) to 0
2026-07-24 01:09:09.525 10 INFO neutron.services.segments.plugin [-] Segment 0ba66cb7-c24b-4023-bca9-5f0cf5c4aae2 resource provider not found; error: Placement Client Error (4xx): {"errors": [{"status": 404, "title": "Not Found", "detail": "The resource could not be found.\n\n No resource provider with uuid 0ba66cb7-c24b-4023-bca9-5f0cf5c4aae2 found for delete ", "request_id": "req-65767f14-ff36-4fc8-a4f7-7ebb55f26208"}]}
2026-07-24 01:09:09.538 9 INFO neutron.db.ovn_revision_numbers_db [None req-d3b5f98d-509a-46cf-8c6b-bb3e6ac97557 a3694ce826d4475d95ed35f0ba69984d 248afb83310c4a28bbd492a642c660f0 - - default default] Successfully bumped revision number for resource ceb3f009-9967-4a74-b031-bbc43e217e7b (type: ports) to 1
2026-07-24 01:09:09.540 9 INFO neutron.db.ovn_revision_numbers_db [None req-e5d460af-b728-48d7-ba05-0183c1813a95 62fae09fc55f4d6faa6cb2771886dd1f f0000d67e0dd44b3abf02eb78d769b2c - - default default] Successfully bumped revision number for resource 22d359be-12c4-4e5d-8444-b3139f0f964a (type: security_group_rules) to 0
2026-07-24 01:09:09.566 9 INFO neutron.wsgi [None req-d3b5f98d-509a-46cf-8c6b-bb3e6ac97557 a3694ce826d4475d95ed35f0ba69984d 248afb83310c4a28bbd492a642c660f0 - - default default] 10.0.0.162 "POST /v2.0/networks HTTP/1.1" status: 201 len: 839 time: 1.1554163
2026-07-24 01:09:09.566 9 INFO neutron.db.ovn_revision_numbers_db [None req-e5d460af-b728-48d7-ba05-0183c1813a95 62fae09fc55f4d6faa6cb2771886dd1f f0000d67e0dd44b3abf02eb78d769b2c - - default default] Successfully bumped revision number for resource 6163fe0c-692a-4fd4-bd93-1057577c9a00 (type: security_group_rules) to 0
2026-07-24 01:09:09.578 9 WARNING neutron_lib.context [None req-bb88d0c1-f122-468a-9877-086a08dd80cc a3694ce826d4475d95ed35f0ba69984d 248afb83310c4a28bbd492a642c660f0 - - default default] Method 'is_advsvc' is deprecated since 2023.2 release (neutron-lib 3.8.0) and will be removed once support for the old RBAC API policies will be removed from Neutron. Please use method 'is_service_role' instead.
2026-07-24 01:09:09.595 9 INFO neutron.db.ovn_revision_numbers_db [None req-e5d460af-b728-48d7-ba05-0183c1813a95 62fae09fc55f4d6faa6cb2771886dd1f f0000d67e0dd44b3abf02eb78d769b2c - - default default] Successfully bumped revision number for resource 7ce3f5c8-496c-4352-9ba9-a7fc5f50ca5c (type: security_group_rules) to 0
2026-07-24 01:09:09.629 9 INFO neutron.wsgi [None req-e5d460af-b728-48d7-ba05-0183c1813a95 62fae09fc55f4d6faa6cb2771886dd1f f0000d67e0dd44b3abf02eb78d769b2c - - default default] 10.0.0.162 "GET /v2.0/security-groups?tenant_id=f35c56833901450089d6d84320de68db&name=default HTTP/1.1" status: 200 len: 2996 time: 0.5814638
2026-07-24 01:09:09.848 9 WARNING neutron.scheduler.dhcp_agent_scheduler [None req-bb88d0c1-f122-468a-9877-086a08dd80cc a3694ce826d4475d95ed35f0ba69984d 248afb83310c4a28bbd492a642c660f0 - - default default] No more DHCP agents
2026-07-24 01:09:09.850 9 WARNING neutron.api.rpc.agentnotifiers.dhcp_rpc_agent_api [None req-bb88d0c1-f122-468a-9877-086a08dd80cc a3694ce826d4475d95ed35f0ba69984d 248afb83310c4a28bbd492a642c660f0 - - default default] Unable to schedule network 673603a2-2397-45ad-a529-b30d2ee8d0fd: no agents available; will retry on subsequent port and subnet creation events.
2026-07-24 01:09:09.916 9 INFO neutron.services.segments.plugin [-] Segment ae871a9d-7d4c-4cef-bbc8-498a78b56f01 resource provider aggregate not found
2026-07-24 01:09:09.923 9 INFO neutron.services.segments.plugin [-] Segment ae871a9d-7d4c-4cef-bbc8-498a78b56f01 resource provider aggregate not found
2026-07-24 01:09:09.929 9 INFO neutron.services.segments.plugin [-] Segment ae871a9d-7d4c-4cef-bbc8-498a78b56f01 resource provider not found; error: Placement Client Error (4xx): {"errors": [{"status": 404, "title": "Not Found", "detail": "The resource could not be found.\n\n No resource provider with uuid ae871a9d-7d4c-4cef-bbc8-498a78b56f01 found for delete ", "request_id": "req-3d789f95-15ea-4c5f-b78b-e986d1f6576c"}]}
2026-07-24 01:09:09.939 9 INFO neutron.services.segments.plugin [-] Segment ae871a9d-7d4c-4cef-bbc8-498a78b56f01 resource provider not found; error: Placement Client Error (4xx): {"errors": [{"status": 404, "title": "Not Found", "detail": "The resource could not be found.\n\n No resource provider with uuid ae871a9d-7d4c-4cef-bbc8-498a78b56f01 found for delete ", "request_id": "req-9a08b87d-8681-47ad-bf09-05b7e7f4f5a3"}]}
2026-07-24 01:09:09.974 9 INFO neutron.wsgi [None req-d55d4e5a-c7e2-4f9e-b6b4-25730cec0135 62fae09fc55f4d6faa6cb2771886dd1f f0000d67e0dd44b3abf02eb78d769b2c - - default default] 10.0.0.162 "DELETE /v2.0/security-groups/dadbbe49-9599-4ce1-af6c-0f8d9defa492 HTTP/1.1" status: 204 len: 168 time: 0.3398917
2026-07-24 01:09:10.435 9 INFO neutron.db.ovn_revision_numbers_db [None req-bb88d0c1-f122-468a-9877-086a08dd80cc a3694ce826d4475d95ed35f0ba69984d 248afb83310c4a28bbd492a642c660f0 - - default default] Successfully bumped revision number for resource ceb3f009-9967-4a74-b031-bbc43e217e7b (type: ports) to 2
2026-07-24 01:09:10.475 9 INFO neutron.db.ovn_revision_numbers_db [None req-bb88d0c1-f122-468a-9877-086a08dd80cc a3694ce826d4475d95ed35f0ba69984d 248afb83310c4a28bbd492a642c660f0 - - default default] Successfully bumped revision number for resource 6124a52b-51de-4ccb-978a-66123b6dc0bc (type: subnets) to 0
2026-07-24 01:09:10.494 9 INFO neutron.wsgi [None req-bb88d0c1-f122-468a-9877-086a08dd80cc a3694ce826d4475d95ed35f0ba69984d 248afb83310c4a28bbd492a642c660f0 - - default default] 10.0.0.162 "POST /v2.0/subnets HTTP/1.1" status: 201 len: 832 time: 0.9230454
2026-07-24 01:09:10.564 10 INFO neutron.db.ovn_revision_numbers_db [None req-fb2fec13-39d9-4256-ad2f-bebb5a8fdfd4 62fae09fc55f4d6faa6cb2771886dd1f f0000d67e0dd44b3abf02eb78d769b2c - - default default] Successfully bumped revision number for resource 030cfce3-c673-407e-89f5-36d4b79cd30f (type: security_groups) to 1
2026-07-24 01:09:10.577 10 INFO neutron.db.ovn_revision_numbers_db [None req-fb2fec13-39d9-4256-ad2f-bebb5a8fdfd4 62fae09fc55f4d6faa6cb2771886dd1f f0000d67e0dd44b3abf02eb78d769b2c - - default default] Successfully bumped revision number for resource 2a6ab6d1-bf68-485d-b36d-198ad7614209 (type: security_group_rules) to 0
2026-07-24 01:09:10.591 10 INFO neutron.db.ovn_revision_numbers_db [None req-fb2fec13-39d9-4256-ad2f-bebb5a8fdfd4 62fae09fc55f4d6faa6cb2771886dd1f f0000d67e0dd44b3abf02eb78d769b2c - - default default] Successfully bumped revision number for resource 4607f3c8-b210-4c68-91a3-db78102ff704 (type: security_group_rules) to 0
2026-07-24 01:09:10.613 9 INFO neutron.wsgi [None req-a346e404-fdca-44f1-9cbb-4532275a8c7e cc1d14d99b674e7296daa08dbbf18e14 4d2e0342c84845d9bf48100b73e7cec5 - - default default] 10.0.0.162 "GET /v2.0/subnetpools?name=shared-default-subnetpool-v6 HTTP/1.1" status: 200 len: 212 time: 0.1102858
2026-07-24 01:09:10.614 10 INFO neutron.db.ovn_revision_numbers_db [None req-fb2fec13-39d9-4256-ad2f-bebb5a8fdfd4 62fae09fc55f4d6faa6cb2771886dd1f f0000d67e0dd44b3abf02eb78d769b2c - - default default] Successfully bumped revision number for resource 5110b204-e734-42da-b7d4-17482564b4e2 (type: security_group_rules) to 0
2026-07-24 01:09:10.622 9 WARNING neutron_lib.context [None req-7133e52b-42e9-4da3-a7ca-8b6d1af77609 a3694ce826d4475d95ed35f0ba69984d 248afb83310c4a28bbd492a642c660f0 - - default default] Method 'is_advsvc' is deprecated since 2023.2 release (neutron-lib 3.8.0) and will be removed once support for the old RBAC API policies will be removed from Neutron. Please use method 'is_service_role' instead.
2026-07-24 01:09:10.629 10 INFO neutron.db.ovn_revision_numbers_db [None req-fb2fec13-39d9-4256-ad2f-bebb5a8fdfd4 62fae09fc55f4d6faa6cb2771886dd1f f0000d67e0dd44b3abf02eb78d769b2c - - default default] Successfully bumped revision number for resource fe6d596e-84c1-4f30-ac54-c8533018c8c3 (type: security_group_rules) to 0
2026-07-24 01:09:10.653 10 INFO neutron.wsgi [None req-fb2fec13-39d9-4256-ad2f-bebb5a8fdfd4 62fae09fc55f4d6faa6cb2771886dd1f f0000d67e0dd44b3abf02eb78d769b2c - - default default] 10.0.0.162 "GET /v2.0/security-groups?tenant_id=4f14bfac254042d18dc9b4375cccf5db&name=default HTTP/1.1" status: 200 len: 2996 time: 0.4479048
2026-07-24 01:09:10.863 10 INFO neutron.wsgi [None req-35d4f353-4389-44e8-a8d0-038d5bb06ced 62fae09fc55f4d6faa6cb2771886dd1f f0000d67e0dd44b3abf02eb78d769b2c - - default default] 10.0.0.162 "DELETE /v2.0/security-groups/030cfce3-c673-407e-89f5-36d4b79cd30f HTTP/1.1" status: 204 len: 168 time: 0.2053349
2026-07-24 01:09:10.915 9 WARNING neutron.scheduler.dhcp_agent_scheduler [None req-7133e52b-42e9-4da3-a7ca-8b6d1af77609 a3694ce826d4475d95ed35f0ba69984d 248afb83310c4a28bbd492a642c660f0 - - default default] No more DHCP agents
2026-07-24 01:09:10.917 9 WARNING neutron.api.rpc.agentnotifiers.dhcp_rpc_agent_api [None req-7133e52b-42e9-4da3-a7ca-8b6d1af77609 a3694ce826d4475d95ed35f0ba69984d 248afb83310c4a28bbd492a642c660f0 - - default default] Unable to schedule network 673603a2-2397-45ad-a529-b30d2ee8d0fd: no agents available; will retry on subsequent port and subnet creation events.
2026-07-24 01:09:10.949 9 INFO neutron.db.ovn_revision_numbers_db [None req-7133e52b-42e9-4da3-a7ca-8b6d1af77609 a3694ce826d4475d95ed35f0ba69984d 248afb83310c4a28bbd492a642c660f0 - - default default] Successfully bumped revision number for resource b7c9a6e4-e472-4b17-889c-139826f2a9f8 (type: subnets) to 0
2026-07-24 01:09:10.967 9 INFO neutron.wsgi [None req-7133e52b-42e9-4da3-a7ca-8b6d1af77609 a3694ce826d4475d95ed35f0ba69984d 248afb83310c4a28bbd492a642c660f0 - - default default] 10.0.0.162 "POST /v2.0/subnets HTTP/1.1" status: 201 len: 906 time: 0.3495898
2026-07-24 01:09:10.978 9 WARNING neutron_lib.context [None req-526f4558-1494-42b7-a7cd-8b27a0ec9c74 a3694ce826d4475d95ed35f0ba69984d 248afb83310c4a28bbd492a642c660f0 - - default default] Method 'is_advsvc' is deprecated since 2023.2 release (neutron-lib 3.8.0) and will be removed once support for the old RBAC API policies will be removed from Neutron. Please use method 'is_service_role' instead.
2026-07-24 01:09:11.028 10 INFO neutron.wsgi [None req-dd255013-6b2d-4e67-8a86-06529bc5332a 62fae09fc55f4d6faa6cb2771886dd1f f0000d67e0dd44b3abf02eb78d769b2c - - default default] 10.0.0.162 "GET /v2.0/security-groups?tenant_id=ac0267ec5f4441cda4e7fee6c9b66cf6&name=default HTTP/1.1" status: 200 len: 2996 time: 0.0416100
2026-07-24 01:09:11.077 9 INFO neutron.db.segments_db [None req-526f4558-1494-42b7-a7cd-8b27a0ec9c74 a3694ce826d4475d95ed35f0ba69984d 248afb83310c4a28bbd492a642c660f0 - - default default] Added segment 68bff5fc-ec6c-4ab6-ac20-edbe1d0e5e6d of type geneve for network f72ba205-003e-4b68-ab72-9a14ccb2b987
2026-07-24 01:09:11.461 9 INFO neutron.db.ovn_revision_numbers_db [None req-526f4558-1494-42b7-a7cd-8b27a0ec9c74 a3694ce826d4475d95ed35f0ba69984d 248afb83310c4a28bbd492a642c660f0 - - default default] Successfully bumped revision number for resource f72ba205-003e-4b68-ab72-9a14ccb2b987 (type: networks) to 1
2026-07-24 01:09:11.568 9 INFO neutron.wsgi [None req-8a9e0b57-61ff-440c-9741-8e7256ba3426 62fae09fc55f4d6faa6cb2771886dd1f f0000d67e0dd44b3abf02eb78d769b2c - - default default] 10.0.0.162 "DELETE /v2.0/security-groups/367cf713-f597-4115-beb3-b16ad2c0c347 HTTP/1.1" status: 204 len: 168 time: 0.5350125
2026-07-24 01:09:11.698 9 WARNING neutron.scheduler.dhcp_agent_scheduler [None req-526f4558-1494-42b7-a7cd-8b27a0ec9c74 a3694ce826d4475d95ed35f0ba69984d 248afb83310c4a28bbd492a642c660f0 - - default default] No more DHCP agents
2026-07-24 01:09:11.700 9 WARNING neutron.api.rpc.agentnotifiers.dhcp_rpc_agent_api [None req-526f4558-1494-42b7-a7cd-8b27a0ec9c74 a3694ce826d4475d95ed35f0ba69984d 248afb83310c4a28bbd492a642c660f0 - - default default] Unable to schedule network f72ba205-003e-4b68-ab72-9a14ccb2b987: no agents available; will retry on subsequent port and subnet creation events.
2026-07-24 01:09:11.802 9 INFO neutron.db.ovn_revision_numbers_db [None req-526f4558-1494-42b7-a7cd-8b27a0ec9c74 a3694ce826d4475d95ed35f0ba69984d 248afb83310c4a28bbd492a642c660f0 - - default default] Successfully bumped revision number for resource da51b622-3530-42dd-b275-50722457a18e (type: ports) to 1
2026-07-24 01:09:11.827 9 INFO neutron.wsgi [None req-526f4558-1494-42b7-a7cd-8b27a0ec9c74 a3694ce826d4475d95ed35f0ba69984d 248afb83310c4a28bbd492a642c660f0 - - default default] 10.0.0.162 "POST /v2.0/networks HTTP/1.1" status: 201 len: 837 time: 0.8538234
2026-07-24 01:09:11.839 9 WARNING neutron_lib.context [None req-d3897ebb-c001-4604-80b2-38780dd6a877 a3694ce826d4475d95ed35f0ba69984d 248afb83310c4a28bbd492a642c660f0 - - default default] Method 'is_advsvc' is deprecated since 2023.2 release (neutron-lib 3.8.0) and will be removed once support for the old RBAC API policies will be removed from Neutron. Please use method 'is_service_role' instead.
2026-07-24 01:09:11.882 10 INFO neutron.db.ovn_revision_numbers_db [None req-c604684b-2923-46c4-8cac-5b4269c48521 62fae09fc55f4d6faa6cb2771886dd1f f0000d67e0dd44b3abf02eb78d769b2c - - default default] Successfully bumped revision number for resource 403501d6-38b7-4076-8b01-113f5e14d1e2 (type: security_groups) to 1
2026-07-24 01:09:11.906 10 INFO neutron.db.ovn_revision_numbers_db [None req-c604684b-2923-46c4-8cac-5b4269c48521 62fae09fc55f4d6faa6cb2771886dd1f f0000d67e0dd44b3abf02eb78d769b2c - - default default] Successfully bumped revision number for resource 7b6d6898-0012-446a-a7b4-47907e6eb30c (type: security_group_rules) to 0
2026-07-24 01:09:11.924 10 INFO neutron.db.ovn_revision_numbers_db [None req-c604684b-2923-46c4-8cac-5b4269c48521 62fae09fc55f4d6faa6cb2771886dd1f f0000d67e0dd44b3abf02eb78d769b2c - - default default] Successfully bumped revision number for resource 826e46c1-4dc0-4f31-8507-ed1640d5f180 (type: security_group_rules) to 0
2026-07-24 01:09:11.941 10 INFO neutron.db.ovn_revision_numbers_db [None req-c604684b-2923-46c4-8cac-5b4269c48521 62fae09fc55f4d6faa6cb2771886dd1f f0000d67e0dd44b3abf02eb78d769b2c - - default default] Successfully bumped revision number for resource d53f859f-ba8b-4d8c-8ebc-e9bc416c0c0b (type: security_group_rules) to 0
2026-07-24 01:09:11.960 10 INFO neutron.db.ovn_revision_numbers_db [None req-c604684b-2923-46c4-8cac-5b4269c48521 62fae09fc55f4d6faa6cb2771886dd1f f0000d67e0dd44b3abf02eb78d769b2c - - default default] Successfully bumped revision number for resource f3009a09-5807-4980-8aa8-817f84b93b4c (type: security_group_rules) to 0
2026-07-24 01:09:11.986 10 INFO neutron.wsgi [None req-c604684b-2923-46c4-8cac-5b4269c48521 62fae09fc55f4d6faa6cb2771886dd1f f0000d67e0dd44b3abf02eb78d769b2c - - default default] 10.0.0.162 "GET /v2.0/security-groups?tenant_id=3b7788dea0974983a6b2157480917022&name=default HTTP/1.1" status: 200 len: 2996 time: 0.2462387
2026-07-24 01:09:12.186 9 WARNING neutron.scheduler.dhcp_agent_scheduler [None req-d3897ebb-c001-4604-80b2-38780dd6a877 a3694ce826d4475d95ed35f0ba69984d 248afb83310c4a28bbd492a642c660f0 - - default default] No more DHCP agents
2026-07-24 01:09:12.188 9 WARNING neutron.api.rpc.agentnotifiers.dhcp_rpc_agent_api [None req-d3897ebb-c001-4604-80b2-38780dd6a877 a3694ce826d4475d95ed35f0ba69984d 248afb83310c4a28bbd492a642c660f0 - - default default] Unable to schedule network f72ba205-003e-4b68-ab72-9a14ccb2b987: no agents available; will retry on subsequent port and subnet creation events.
2026-07-24 01:09:12.282 10 INFO neutron.db.ovn_revision_numbers_db [None req-a4ba45ae-466e-4224-be61-afb382a8c618 62fae09fc55f4d6faa6cb2771886dd1f f0000d67e0dd44b3abf02eb78d769b2c - - default default] Successfully bumped revision number for resource 5123c25c-8852-4c7e-b95a-3eff329d635d (type: security_groups) to 1
2026-07-24 01:09:12.290 10 INFO neutron.wsgi [None req-c2f59fb1-bfb4-462e-953b-59c1895d1ca6 62fae09fc55f4d6faa6cb2771886dd1f f0000d67e0dd44b3abf02eb78d769b2c - - default default] 10.0.0.162 "DELETE /v2.0/security-groups/403501d6-38b7-4076-8b01-113f5e14d1e2 HTTP/1.1" status: 204 len: 168 time: 0.2975373
2026-07-24 01:09:12.304 10 INFO neutron.db.ovn_revision_numbers_db [None req-a4ba45ae-466e-4224-be61-afb382a8c618 62fae09fc55f4d6faa6cb2771886dd1f f0000d67e0dd44b3abf02eb78d769b2c - - default default] Successfully bumped revision number for resource 4013adb3-5668-4530-8fe8-d8708cedea0b (type: security_group_rules) to 0
2026-07-24 01:09:12.320 10 INFO neutron.db.ovn_revision_numbers_db [None req-a4ba45ae-466e-4224-be61-afb382a8c618 62fae09fc55f4d6faa6cb2771886dd1f f0000d67e0dd44b3abf02eb78d769b2c - - default default] Successfully bumped revision number for resource 47f04f19-34fa-47aa-8ec7-f1bda6d88d56 (type: security_group_rules) to 0
2026-07-24 01:09:12.335 10 INFO neutron.db.ovn_revision_numbers_db [None req-a4ba45ae-466e-4224-be61-afb382a8c618 62fae09fc55f4d6faa6cb2771886dd1f f0000d67e0dd44b3abf02eb78d769b2c - - default default] Successfully bumped revision number for resource 738144ac-8373-4392-a673-b5181d391169 (type: security_group_rules) to 0
2026-07-24 01:09:12.353 10 INFO neutron.db.ovn_revision_numbers_db [None req-a4ba45ae-466e-4224-be61-afb382a8c618 62fae09fc55f4d6faa6cb2771886dd1f f0000d67e0dd44b3abf02eb78d769b2c - - default default] Successfully bumped revision number for resource c53fbecc-be69-41bc-ad48-d52c97ec65e1 (type: security_group_rules) to 0
2026-07-24 01:09:12.402 10 INFO neutron.db.segments_db [None req-a4ba45ae-466e-4224-be61-afb382a8c618 62fae09fc55f4d6faa6cb2771886dd1f f0000d67e0dd44b3abf02eb78d769b2c - - default default] Added segment 1d97bf47-65b9-405b-ac27-ad9631e4e957 of type geneve for network 90d2511b-0e0b-4d84-b64b-adb097ad96ba
2026-07-24 01:09:12.581 10 INFO neutron.db.ovn_revision_numbers_db [None req-a4ba45ae-466e-4224-be61-afb382a8c618 62fae09fc55f4d6faa6cb2771886dd1f f0000d67e0dd44b3abf02eb78d769b2c - - default default] Successfully bumped revision number for resource 90d2511b-0e0b-4d84-b64b-adb097ad96ba (type: networks) to 1
2026-07-24 01:09:12.757 10 WARNING neutron.scheduler.dhcp_agent_scheduler [None req-a4ba45ae-466e-4224-be61-afb382a8c618 62fae09fc55f4d6faa6cb2771886dd1f f0000d67e0dd44b3abf02eb78d769b2c - - default default] No more DHCP agents
2026-07-24 01:09:12.759 10 WARNING neutron.api.rpc.agentnotifiers.dhcp_rpc_agent_api [None req-a4ba45ae-466e-4224-be61-afb382a8c618 62fae09fc55f4d6faa6cb2771886dd1f f0000d67e0dd44b3abf02eb78d769b2c - - default default] Unable to schedule network 90d2511b-0e0b-4d84-b64b-adb097ad96ba: no agents available; will retry on subsequent port and subnet creation events.
2026-07-24 01:09:12.769 9 INFO neutron.db.ovn_revision_numbers_db [None req-d3897ebb-c001-4604-80b2-38780dd6a877 a3694ce826d4475d95ed35f0ba69984d 248afb83310c4a28bbd492a642c660f0 - - default default] Successfully bumped revision number for resource da51b622-3530-42dd-b275-50722457a18e (type: ports) to 2
2026-07-24 01:09:12.806 9 INFO neutron.db.ovn_revision_numbers_db [None req-d3897ebb-c001-4604-80b2-38780dd6a877 a3694ce826d4475d95ed35f0ba69984d 248afb83310c4a28bbd492a642c660f0 - - default default] Successfully bumped revision number for resource 1531db31-acb9-4814-92c8-7b541f7f9deb (type: subnets) to 0
2026-07-24 01:09:12.827 9 INFO neutron.wsgi [None req-d3897ebb-c001-4604-80b2-38780dd6a877 a3694ce826d4475d95ed35f0ba69984d 248afb83310c4a28bbd492a642c660f0 - - default default] 10.0.0.162 "POST /v2.0/subnets HTTP/1.1" status: 201 len: 830 time: 0.9949622
2026-07-24 01:09:12.838 10 WARNING neutron_lib.context [None req-e2d65dae-a079-4219-88b5-66fabb53d510 a3694ce826d4475d95ed35f0ba69984d 248afb83310c4a28bbd492a642c660f0 - - default default] Method 'is_advsvc' is deprecated since 2023.2 release (neutron-lib 3.8.0) and will be removed once support for the old RBAC API policies will be removed from Neutron. Please use method 'is_service_role' instead.
2026-07-24 01:09:12.869 10 INFO neutron.db.ovn_revision_numbers_db [None req-a4ba45ae-466e-4224-be61-afb382a8c618 62fae09fc55f4d6faa6cb2771886dd1f f0000d67e0dd44b3abf02eb78d769b2c - - default default] Successfully bumped revision number for resource a1d70049-e92a-4bde-b81f-8746af2d6719 (type: ports) to 1
2026-07-24 01:09:12.896 10 INFO neutron.wsgi [None req-a4ba45ae-466e-4224-be61-afb382a8c618 62fae09fc55f4d6faa6cb2771886dd1f f0000d67e0dd44b3abf02eb78d769b2c - - default default] 10.0.0.162 "POST /v2.0/networks HTTP/1.1" status: 201 len: 942 time: 1.0614662
2026-07-24 01:09:12.910 10 WARNING neutron_lib.context [None req-ff3d561f-2868-4883-bd6f-fc77fc437381 799a68e00da94203841141e0d827fb86 0163174a984244c1bc860f1ab5e388e6 - - default default] Method 'is_advsvc' is deprecated since 2023.2 release (neutron-lib 3.8.0) and will be removed once support for the old RBAC API policies will be removed from Neutron. Please use method 'is_service_role' instead.
2026-07-24 01:09:13.118 9 WARNING neutron.scheduler.dhcp_agent_scheduler [None req-8735ff0f-24a6-4bc4-b17a-ff434b4c9e5f 62fae09fc55f4d6faa6cb2771886dd1f f0000d67e0dd44b3abf02eb78d769b2c - - default default] No more DHCP agents
