2026-07-24 01:07:57.403 9 WARNING neutron.api.rpc.agentnotifiers.dhcp_rpc_agent_api [None req-398de81c-c969-44f3-968e-a1dc601d4744 d90a03020cd747c184c94f8ca8485dfe 05c97aad13564ad1b4a30e3c11998cd1 - - default default] Unable to schedule network 4293da80-55aa-4cce-a175-bcfa6ad68162: no agents available; will retry on subsequent port and subnet creation events.
2026-07-24 01:07:57.409 10 INFO neutron.pecan_wsgi.hooks.translation [None req-7017cc76-7904-4ee7-881e-8c713e8619b8 07388095804f4b41880a1e5168ef792c f40f911dac974a868ef420d90022b201 - - default default] DELETE failed (client error): The resource could not be found.
2026-07-24 01:07:57.411 10 INFO neutron.wsgi [None req-7017cc76-7904-4ee7-881e-8c713e8619b8 07388095804f4b41880a1e5168ef792c f40f911dac974a868ef420d90022b201 - - default default] 10.0.0.162 "DELETE /v2.0/subnets/0420912a-2910-456c-a685-3c8875cc2705 HTTP/1.1" status: 404 len: 337 time: 0.0212069
2026-07-24 01:07:57.423 9 INFO neutron.db.ovn_revision_numbers_db [None req-0a996146-12af-417e-9e28-2913704e70eb 94bad378d0ac49789b0207ecaf4841a0 f29f90f89e844010b1869a4122a24287 - - default default] Successfully bumped revision number for resource eb609f99-defb-4f84-9bb6-3d1e6c38de2d (type: subnets) to 0
2026-07-24 01:07:57.439 10 INFO neutron.wsgi [None req-d93d845f-b8b0-4ce4-9e47-bd5da7d86453 07388095804f4b41880a1e5168ef792c f40f911dac974a868ef420d90022b201 - - default default] 10.0.0.162 "GET /v2.0/ports?device_id=7a8113ff-321c-4acb-9604-f4aeaca9d705 HTTP/1.1" status: 200 len: 205 time: 0.0223050
2026-07-24 01:07:57.442 9 INFO neutron.wsgi [None req-0a996146-12af-417e-9e28-2913704e70eb 94bad378d0ac49789b0207ecaf4841a0 f29f90f89e844010b1869a4122a24287 - - default default] 10.0.0.162 "POST /v2.0/subnets HTTP/1.1" status: 201 len: 819 time: 1.0956802
2026-07-24 01:07:57.453 9 WARNING neutron.api.v2.base [None req-4b6674ee-38c4-4ac7-8f6b-5b89f478914b 94bad378d0ac49789b0207ecaf4841a0 f29f90f89e844010b1869a4122a24287 - - default default] An exception happened while processing the request body. The exception message is [Invalid input for target_tenant. Reason: 'None' is not a valid string.].: webob.exc.HTTPBadRequest: Invalid input for target_tenant. Reason: 'None' is not a valid string.
2026-07-24 01:07:57.454 9 INFO neutron.api.v2.resource [None req-4b6674ee-38c4-4ac7-8f6b-5b89f478914b 94bad378d0ac49789b0207ecaf4841a0 f29f90f89e844010b1869a4122a24287 - - default default] create failed (client error): Invalid input for target_tenant. Reason: 'None' is not a valid string.
2026-07-24 01:07:57.455 9 INFO neutron.wsgi [None req-4b6674ee-38c4-4ac7-8f6b-5b89f478914b 94bad378d0ac49789b0207ecaf4841a0 f29f90f89e844010b1869a4122a24287 - - default default] 10.0.0.162 "POST /v2.0/rbac-policies HTTP/1.1" status: 400 len: 346 time: 0.0066311
2026-07-24 01:07:57.474 10 INFO neutron.api.v2.resource [None req-51c14424-5db4-4478-95fa-c96af23bd61d 07388095804f4b41880a1e5168ef792c f40f911dac974a868ef420d90022b201 - - default default] delete failed (client error): The resource could not be found.
2026-07-24 01:07:57.475 10 INFO neutron.wsgi [None req-51c14424-5db4-4478-95fa-c96af23bd61d 07388095804f4b41880a1e5168ef792c f40f911dac974a868ef420d90022b201 - - default default] 10.0.0.162 "DELETE /v2.0/routers/7a8113ff-321c-4acb-9604-f4aeaca9d705 HTTP/1.1" status: 404 len: 336 time: 0.0296347
2026-07-24 01:07:57.507 10 INFO neutron.pecan_wsgi.hooks.translation [None req-b3b1c5e8-e8b4-4be9-ac3f-e1d489b1cf95 07388095804f4b41880a1e5168ef792c f40f911dac974a868ef420d90022b201 - - default default] DELETE failed (client error): The resource could not be found.
2026-07-24 01:07:57.510 10 INFO neutron.wsgi [None req-b3b1c5e8-e8b4-4be9-ac3f-e1d489b1cf95 07388095804f4b41880a1e5168ef792c f40f911dac974a868ef420d90022b201 - - default default] 10.0.0.162 "DELETE /v2.0/subnets/7e3dcc1a-7f07-445e-8ac1-4698a9d355e3 HTTP/1.1" status: 404 len: 337 time: 0.0297639
2026-07-24 01:07:57.517 9 INFO neutron.db.ovn_revision_numbers_db [None req-398de81c-c969-44f3-968e-a1dc601d4744 d90a03020cd747c184c94f8ca8485dfe 05c97aad13564ad1b4a30e3c11998cd1 - - default default] Successfully bumped revision number for resource a2b827e1-95cd-4ef8-b2e2-fdb171a1462d (type: ports) to 1
2026-07-24 01:07:57.549 9 INFO neutron.pecan_wsgi.hooks.translation [None req-ab7695c6-a5df-45fe-9571-094ef055fbb3 07388095804f4b41880a1e5168ef792c f40f911dac974a868ef420d90022b201 - - default default] DELETE failed (client error): The resource could not be found.
2026-07-24 01:07:57.551 9 INFO neutron.wsgi [None req-ab7695c6-a5df-45fe-9571-094ef055fbb3 07388095804f4b41880a1e5168ef792c f40f911dac974a868ef420d90022b201 - - default default] 10.0.0.162 "DELETE /v2.0/subnets/1aa911c1-b890-4100-a00d-002c00679d5c HTTP/1.1" status: 404 len: 337 time: 0.0323179
2026-07-24 01:07:57.563 9 INFO neutron.wsgi [None req-398de81c-c969-44f3-968e-a1dc601d4744 d90a03020cd747c184c94f8ca8485dfe 05c97aad13564ad1b4a30e3c11998cd1 - - default default] 10.0.0.162 "POST /v2.0/networks HTTP/1.1" status: 201 len: 853 time: 0.7757649
2026-07-24 01:07:57.573 10 WARNING neutron_lib.context [None req-11083738-20b8-49fe-89f2-4fbd9c0156e1 d90a03020cd747c184c94f8ca8485dfe 05c97aad13564ad1b4a30e3c11998cd1 - - default default] Method 'is_advsvc' is deprecated since 2023.2 release (neutron-lib 3.8.0) and will be removed once support for the old RBAC API policies will be removed from Neutron. Please use method 'is_service_role' instead.
2026-07-24 01:07:57.613 10 INFO neutron.wsgi [req-69b0cdc7-be25-4190-a4c4-081d52bc1c58 req-1f757717-407b-4f86-9681-71e2f6b6c19a 9c5ea83172ce462cbed6cc73f94c20d2 aacb1246dc0b436982b73da5586f0a86 - - default default] 199.204.45.74 "GET /v2.0/networks?id=2455acf3-4aa0-4cfe-ad4a-b696475e9fe1 HTTP/1.1" status: 200 len: 859 time: 0.1246102
2026-07-24 01:07:57.668 10 INFO neutron.wsgi [req-69b0cdc7-be25-4190-a4c4-081d52bc1c58 req-a8bfb377-5e0e-4f57-b181-cca6713708ec 9c5ea83172ce462cbed6cc73f94c20d2 aacb1246dc0b436982b73da5586f0a86 - - default default] 199.204.45.74 "GET /v2.0/security-groups?fields=id&fields=name&tenant_id=aacb1246dc0b436982b73da5586f0a86 HTTP/1.1" status: 200 len: 380 time: 0.0500193
2026-07-24 01:07:57.689 10 INFO neutron.db.segments_db [None req-11083738-20b8-49fe-89f2-4fbd9c0156e1 d90a03020cd747c184c94f8ca8485dfe 05c97aad13564ad1b4a30e3c11998cd1 - - default default] Added segment 5f1df09d-08ab-44df-a282-b888a9bc4bb3 of type geneve for network 41be19f4-8eaa-46ac-85ea-ed84449a10b8
2026-07-24 01:07:57.697 10 WARNING neutron_lib.context [req-69b0cdc7-be25-4190-a4c4-081d52bc1c58 req-cb453f40-9669-40df-9659-a11266f05c44 9c5ea83172ce462cbed6cc73f94c20d2 aacb1246dc0b436982b73da5586f0a86 - - default default] Method 'is_advsvc' is deprecated since 2023.2 release (neutron-lib 3.8.0) and will be removed once support for the old RBAC API policies will be removed from Neutron. Please use method 'is_service_role' instead.
2026-07-24 01:07:57.923 9 INFO neutron.wsgi [req-7d2db11f-9bfa-4429-9758-b0a00956037c req-05e8023a-6e70-40fb-b2d1-795805041d47 9c5ea83172ce462cbed6cc73f94c20d2 aacb1246dc0b436982b73da5586f0a86 - - default default] 10.0.0.130 "GET /v2.0/ports?device_id=f42f746f-d514-4e5e-a13a-fbc5e24cf8a3 HTTP/1.1" status: 200 len: 210 time: 0.0216036
2026-07-24 01:07:57.932 10 INFO neutron.db.ovn_revision_numbers_db [None req-11083738-20b8-49fe-89f2-4fbd9c0156e1 d90a03020cd747c184c94f8ca8485dfe 05c97aad13564ad1b4a30e3c11998cd1 - - default default] Successfully bumped revision number for resource 41be19f4-8eaa-46ac-85ea-ed84449a10b8 (type: networks) to 1
2026-07-24 01:07:58.194 10 WARNING neutron.scheduler.dhcp_agent_scheduler [None req-11083738-20b8-49fe-89f2-4fbd9c0156e1 d90a03020cd747c184c94f8ca8485dfe 05c97aad13564ad1b4a30e3c11998cd1 - - default default] No more DHCP agents
2026-07-24 01:07:58.198 10 WARNING neutron.api.rpc.agentnotifiers.dhcp_rpc_agent_api [None req-11083738-20b8-49fe-89f2-4fbd9c0156e1 d90a03020cd747c184c94f8ca8485dfe 05c97aad13564ad1b4a30e3c11998cd1 - - default default] Unable to schedule network 41be19f4-8eaa-46ac-85ea-ed84449a10b8: no agents available; will retry on subsequent port and subnet creation events.
2026-07-24 01:07:58.202 10 WARNING neutron.scheduler.dhcp_agent_scheduler [req-69b0cdc7-be25-4190-a4c4-081d52bc1c58 req-cb453f40-9669-40df-9659-a11266f05c44 9c5ea83172ce462cbed6cc73f94c20d2 aacb1246dc0b436982b73da5586f0a86 - - default default] No more DHCP agents
2026-07-24 01:07:58.208 9 INFO neutron.services.segments.plugin [-] Segment 1f62a019-206c-4c0c-b050-114c0127e202 resource provider aggregate not found
2026-07-24 01:07:58.209 10 WARNING neutron.api.rpc.agentnotifiers.dhcp_rpc_agent_api [req-69b0cdc7-be25-4190-a4c4-081d52bc1c58 req-cb453f40-9669-40df-9659-a11266f05c44 9c5ea83172ce462cbed6cc73f94c20d2 aacb1246dc0b436982b73da5586f0a86 - - default default] Unable to schedule network 2455acf3-4aa0-4cfe-ad4a-b696475e9fe1: no agents available; will retry on subsequent port and subnet creation events.
2026-07-24 01:07:58.213 9 INFO neutron.services.segments.plugin [-] Segment 1f62a019-206c-4c0c-b050-114c0127e202 resource provider aggregate not found
2026-07-24 01:07:58.224 9 INFO neutron.services.segments.plugin [-] Segment 1f62a019-206c-4c0c-b050-114c0127e202 resource provider not found; error: Placement Client Error (4xx): {"errors": [{"status": 404, "title": "Not Found", "detail": "The resource could not be found.\n\n No resource provider with uuid 1f62a019-206c-4c0c-b050-114c0127e202 found for delete ", "request_id": "req-74746f44-79ee-485e-a82e-384beee52052"}]}
2026-07-24 01:07:58.233 9 INFO neutron.services.segments.plugin [-] Segment 1f62a019-206c-4c0c-b050-114c0127e202 resource provider not found; error: Placement Client Error (4xx): {"errors": [{"status": 404, "title": "Not Found", "detail": "The resource could not be found.\n\n No resource provider with uuid 1f62a019-206c-4c0c-b050-114c0127e202 found for delete ", "request_id": "req-870de03c-f697-4810-a607-7e17beaaf4c6"}]}
2026-07-24 01:07:58.264 9 INFO neutron.wsgi [None req-e0a65282-0f35-4903-996e-6880022a3478 94bad378d0ac49789b0207ecaf4841a0 f29f90f89e844010b1869a4122a24287 - - default default] 10.0.0.162 "DELETE /v2.0/networks/bbd531a8-b64d-46f9-86b1-29af86b6ea31 HTTP/1.1" status: 204 len: 168 time: 0.7980917
2026-07-24 01:07:58.380 10 INFO neutron.db.ovn_revision_numbers_db [None req-11083738-20b8-49fe-89f2-4fbd9c0156e1 d90a03020cd747c184c94f8ca8485dfe 05c97aad13564ad1b4a30e3c11998cd1 - - default default] Successfully bumped revision number for resource d5cbe208-5c84-4876-ae4d-aaeff79d6909 (type: ports) to 1
2026-07-24 01:07:58.383 9 INFO neutron.wsgi [None req-7b89108c-3c41-4ef6-8e83-303c920640c5 62fae09fc55f4d6faa6cb2771886dd1f f0000d67e0dd44b3abf02eb78d769b2c - - default default] 10.0.0.162 "GET /v2.0/security-groups?tenant_id=f40f911dac974a868ef420d90022b201&name=default HTTP/1.1" status: 200 len: 2996 time: 0.2142398
2026-07-24 01:07:58.393 9 INFO neutron.db.segments_db [None req-0786b89c-105e-4e1f-8b00-c6024a592078 94bad378d0ac49789b0207ecaf4841a0 f29f90f89e844010b1869a4122a24287 - - default default] Added segment faf7c719-5b22-4dcc-9dba-690a6139582c of type geneve for network 5043b6af-e0e1-498c-9463-18c77fa351c8
2026-07-24 01:07:58.418 10 INFO neutron.wsgi [None req-11083738-20b8-49fe-89f2-4fbd9c0156e1 d90a03020cd747c184c94f8ca8485dfe 05c97aad13564ad1b4a30e3c11998cd1 - - default default] 10.0.0.162 "POST /v2.0/networks HTTP/1.1" status: 201 len: 853 time: 0.8510141 /var/lib/openstack/lib/python3.10/site-packages/pycadf/identifier.py:71: UserWarning: Invalid uuid: neutron. To ensure interoperability, identifiers should be a valid uuid. warnings.warn(('Invalid uuid: %s. To ensure interoperability, '
2026-07-24 01:07:58.430 10 WARNING neutron_lib.context [None req-b34e0ff5-ff21-4f13-93dc-e0dc3f5ee214 d90a03020cd747c184c94f8ca8485dfe 05c97aad13564ad1b4a30e3c11998cd1 - - default default] Method 'is_advsvc' is deprecated since 2023.2 release (neutron-lib 3.8.0) and will be removed once support for the old RBAC API policies will be removed from Neutron. Please use method 'is_service_role' instead.
2026-07-24 01:07:58.487 10 WARNING neutron_lib.context [None req-b34e0ff5-ff21-4f13-93dc-e0dc3f5ee214 d90a03020cd747c184c94f8ca8485dfe 05c97aad13564ad1b4a30e3c11998cd1 - - default default] Method 'is_advsvc' is deprecated since 2023.2 release (neutron-lib 3.8.0) and will be removed once support for the old RBAC API policies will be removed from Neutron. Please use method 'is_service_role' instead.
2026-07-24 01:07:58.517 10 INFO neutron.db.ovn_revision_numbers_db [req-69b0cdc7-be25-4190-a4c4-081d52bc1c58 req-cb453f40-9669-40df-9659-a11266f05c44 9c5ea83172ce462cbed6cc73f94c20d2 aacb1246dc0b436982b73da5586f0a86 - - default default] Successfully bumped revision number for resource da1b7cab-6fd9-43d6-a74e-7f05df02c443 (type: ports) to 1
2026-07-24 01:07:58.546 10 INFO neutron.wsgi [req-69b0cdc7-be25-4190-a4c4-081d52bc1c58 req-cb453f40-9669-40df-9659-a11266f05c44 9c5ea83172ce462cbed6cc73f94c20d2 aacb1246dc0b436982b73da5586f0a86 - - default default] 199.204.45.74 "POST /v2.0/ports HTTP/1.1" status: 201 len: 1162 time: 0.8634241
2026-07-24 01:07:58.595 9 INFO neutron.db.ovn_revision_numbers_db [None req-0786b89c-105e-4e1f-8b00-c6024a592078 94bad378d0ac49789b0207ecaf4841a0 f29f90f89e844010b1869a4122a24287 - - default default] Successfully bumped revision number for resource 5043b6af-e0e1-498c-9463-18c77fa351c8 (type: networks) to 1
2026-07-24 01:07:58.748 9 INFO neutron.wsgi [None req-ee5b8644-e7c2-4522-9fd0-462cdd460da6 62fae09fc55f4d6faa6cb2771886dd1f f0000d67e0dd44b3abf02eb78d769b2c - - default default] 10.0.0.162 "DELETE /v2.0/security-groups/e2a9c03e-f653-489e-9178-827fad0f5dcd HTTP/1.1" status: 204 len: 168 time: 0.3576460
2026-07-24 01:07:58.973 10 WARNING neutron.plugins.ml2.drivers.ovn.mech_driver.ovsdb.ovn_client [None req-29f8e175-0d43-4339-bf53-5e1516680da6 - - - - - -] No hosting information found for port fc482c2b-cf57-4904-8b19-7d1da9b856e3: RuntimeError: No hosting information found for port fc482c2b-cf57-4904-8b19-7d1da9b856e3
2026-07-24 01:07:58.973 10 INFO neutron.plugins.ml2.drivers.ovn.mech_driver.mech_driver [None req-29f8e175-0d43-4339-bf53-5e1516680da6 - - - - - -] OVN reports status up for port: 36ce7852-df57-43a3-882a-1f38bce56909
2026-07-24 01:07:59.053 9 WARNING neutron.scheduler.dhcp_agent_scheduler [None req-0786b89c-105e-4e1f-8b00-c6024a592078 94bad378d0ac49789b0207ecaf4841a0 f29f90f89e844010b1869a4122a24287 - - default default] No more DHCP agents
2026-07-24 01:07:59.059 9 WARNING neutron.api.rpc.agentnotifiers.dhcp_rpc_agent_api [None req-0786b89c-105e-4e1f-8b00-c6024a592078 94bad378d0ac49789b0207ecaf4841a0 f29f90f89e844010b1869a4122a24287 - - default default] Unable to schedule network 5043b6af-e0e1-498c-9463-18c77fa351c8: no agents available; will retry on subsequent port and subnet creation events.
2026-07-24 01:07:59.065 9 INFO neutron.wsgi [req-51964451-734a-4076-98fc-c386f7f1108c req-05518253-ee8f-48da-a5b3-fb654f9b9921 9c5ea83172ce462cbed6cc73f94c20d2 aacb1246dc0b436982b73da5586f0a86 - - default default] 10.0.0.130 "GET /v2.0/ports?device_id=f42f746f-d514-4e5e-a13a-fbc5e24cf8a3 HTTP/1.1" status: 200 len: 1160 time: 0.0446517
2026-07-24 01:07:59.123 9 INFO neutron.wsgi [req-51964451-734a-4076-98fc-c386f7f1108c req-cc4b172e-5bc1-40b1-80ad-12f16a9666c9 9c5ea83172ce462cbed6cc73f94c20d2 aacb1246dc0b436982b73da5586f0a86 - - default default] 10.0.0.130 "GET /v2.0/security-groups?id=85c4117a-a23b-4a8b-8a93-f2c05cd301ba&fields=id&fields=name HTTP/1.1" status: 200 len: 313 time: 0.0505593
2026-07-24 01:07:59.162 9 INFO neutron.db.ovn_revision_numbers_db [None req-0786b89c-105e-4e1f-8b00-c6024a592078 94bad378d0ac49789b0207ecaf4841a0 f29f90f89e844010b1869a4122a24287 - - default default] Successfully bumped revision number for resource 67fcbd3f-5a71-4e24-8965-dc607a393218 (type: ports) to 1
2026-07-24 01:07:59.184 9 INFO neutron.wsgi [None req-0786b89c-105e-4e1f-8b00-c6024a592078 94bad378d0ac49789b0207ecaf4841a0 f29f90f89e844010b1869a4122a24287 - - default default] 10.0.0.162 "POST /v2.0/networks HTTP/1.1" status: 201 len: 929 time: 0.9114907 /var/lib/openstack/lib/python3.10/site-packages/pycadf/identifier.py:71: UserWarning: Invalid uuid: neutron. To ensure interoperability, identifiers should be a valid uuid. warnings.warn(('Invalid uuid: %s. To ensure interoperability, '
2026-07-24 01:07:59.379 10 WARNING neutron.scheduler.dhcp_agent_scheduler [None req-b34e0ff5-ff21-4f13-93dc-e0dc3f5ee214 d90a03020cd747c184c94f8ca8485dfe 05c97aad13564ad1b4a30e3c11998cd1 - - default default] No more DHCP agents
2026-07-24 01:07:59.391 10 WARNING neutron.api.rpc.agentnotifiers.dhcp_rpc_agent_api [None req-b34e0ff5-ff21-4f13-93dc-e0dc3f5ee214 d90a03020cd747c184c94f8ca8485dfe 05c97aad13564ad1b4a30e3c11998cd1 - - default default] Unable to schedule network 4293da80-55aa-4cce-a175-bcfa6ad68162: no agents available; will retry on subsequent port and subnet creation events.
2026-07-24 01:07:59.451 10 INFO neutron.db.ovn_revision_numbers_db [req-69b0cdc7-be25-4190-a4c4-081d52bc1c58 req-c6409426-c5ed-40ac-b6a6-507c17b96711 5b1195e95bc648b98e3cd81287838f61 03e397f6b0c9450a88ac58208c027f30 - - 392ff6c0b2584d0ba60bd617569b29fb 392ff6c0b2584d0ba60bd617569b29fb] Successfully bumped revision number for resource da1b7cab-6fd9-43d6-a74e-7f05df02c443 (type: ports) to 2
2026-07-24 01:07:59.485 10 WARNING neutron.scheduler.dhcp_agent_scheduler [None req-1e524afe-83c1-4888-8364-01a2eed9663b 94bad378d0ac49789b0207ecaf4841a0 f29f90f89e844010b1869a4122a24287 - - default default] No more DHCP agents
2026-07-24 01:07:59.487 10 WARNING neutron.api.rpc.agentnotifiers.dhcp_rpc_agent_api [None req-1e524afe-83c1-4888-8364-01a2eed9663b 94bad378d0ac49789b0207ecaf4841a0 f29f90f89e844010b1869a4122a24287 - - default default] Unable to schedule network 5043b6af-e0e1-498c-9463-18c77fa351c8: no agents available; will retry on subsequent port and subnet creation events.
2026-07-24 01:07:59.565 10 INFO neutron.db.ovn_revision_numbers_db [None req-b34e0ff5-ff21-4f13-93dc-e0dc3f5ee214 d90a03020cd747c184c94f8ca8485dfe 05c97aad13564ad1b4a30e3c11998cd1 - - default default] Successfully bumped revision number for resource 54f18f42-e3df-4c36-abf3-5e04f49af301 (type: ports) to 1
2026-07-24 01:07:59.622 10 WARNING neutron.scheduler.dhcp_agent_scheduler [None req-b34e0ff5-ff21-4f13-93dc-e0dc3f5ee214 d90a03020cd747c184c94f8ca8485dfe 05c97aad13564ad1b4a30e3c11998cd1 - - default default] No more DHCP agents
2026-07-24 01:07:59.632 10 WARNING neutron.api.rpc.agentnotifiers.dhcp_rpc_agent_api [None req-b34e0ff5-ff21-4f13-93dc-e0dc3f5ee214 d90a03020cd747c184c94f8ca8485dfe 05c97aad13564ad1b4a30e3c11998cd1 - - default default] Unable to schedule network 41be19f4-8eaa-46ac-85ea-ed84449a10b8: no agents available; will retry on subsequent port and subnet creation events.
2026-07-24 01:07:59.830 10 INFO neutron.db.ovn_revision_numbers_db [None req-b34e0ff5-ff21-4f13-93dc-e0dc3f5ee214 d90a03020cd747c184c94f8ca8485dfe 05c97aad13564ad1b4a30e3c11998cd1 - - default default] Successfully bumped revision number for resource 755e53f7-3d57-4b9f-9c0e-e07a261b04af (type: ports) to 1
2026-07-24 01:07:59.879 10 INFO neutron.wsgi [None req-b34e0ff5-ff21-4f13-93dc-e0dc3f5ee214 d90a03020cd747c184c94f8ca8485dfe 05c97aad13564ad1b4a30e3c11998cd1 - - default default] 10.0.0.162 "POST /v2.0/ports HTTP/1.1" status: 201 len: 1706 time: 1.4539995
2026-07-24 01:07:59.909 10 INFO neutron.db.ovn_revision_numbers_db [req-69b0cdc7-be25-4190-a4c4-081d52bc1c58 req-c6409426-c5ed-40ac-b6a6-507c17b96711 5b1195e95bc648b98e3cd81287838f61 03e397f6b0c9450a88ac58208c027f30 - - 392ff6c0b2584d0ba60bd617569b29fb 392ff6c0b2584d0ba60bd617569b29fb] Successfully bumped revision number for resource da1b7cab-6fd9-43d6-a74e-7f05df02c443 (type: ports) to 2
2026-07-24 01:07:59.936 10 INFO neutron.wsgi [req-69b0cdc7-be25-4190-a4c4-081d52bc1c58 req-c6409426-c5ed-40ac-b6a6-507c17b96711 5b1195e95bc648b98e3cd81287838f61 03e397f6b0c9450a88ac58208c027f30 - - 392ff6c0b2584d0ba60bd617569b29fb 392ff6c0b2584d0ba60bd617569b29fb] 199.204.45.74 "PUT /v2.0/ports/da1b7cab-6fd9-43d6-a74e-7f05df02c443 HTTP/1.1" status: 200 len: 1380 time: 1.3748009
2026-07-24 01:07:59.980 10 INFO neutron.notifiers.nova [-] Nova event matching ['req-4ee1a3c5-d674-473c-8c16-58bee9f608a2'] response: {'name': 'network-changed', 'server_uuid': 'f42f746f-d514-4e5e-a13a-fbc5e24cf8a3', 'tag': 'da1b7cab-6fd9-43d6-a74e-7f05df02c443', 'status': 'completed', 'code': 200} /var/lib/openstack/lib/python3.10/site-packages/pycadf/identifier.py:71: UserWarning: Invalid uuid: neutron. To ensure interoperability, identifiers should be a valid uuid. warnings.warn(('Invalid uuid: %s. To ensure interoperability, '
2026-07-24 01:08:00.056 10 INFO neutron.wsgi [req-69b0cdc7-be25-4190-a4c4-081d52bc1c58 req-27a0857c-4b96-45d9-8e90-9c1cacc10a9c 5b1195e95bc648b98e3cd81287838f61 03e397f6b0c9450a88ac58208c027f30 - - 392ff6c0b2584d0ba60bd617569b29fb 392ff6c0b2584d0ba60bd617569b29fb] 199.204.45.74 "GET /v2.0/ports?tenant_id=aacb1246dc0b436982b73da5586f0a86&device_id=f42f746f-d514-4e5e-a13a-fbc5e24cf8a3 HTTP/1.1" status: 200 len: 1411 time: 0.0624635
2026-07-24 01:08:00.087 9 INFO neutron.wsgi [None req-0bc226e9-df87-4e6f-b345-b7e29397b630 d90a03020cd747c184c94f8ca8485dfe 05c97aad13564ad1b4a30e3c11998cd1 - - default default] 10.0.0.162 "GET /v2.0/ports HTTP/1.1" status: 200 len: 3213 time: 0.2007766
2026-07-24 01:08:00.093 10 INFO neutron.wsgi [req-69b0cdc7-be25-4190-a4c4-081d52bc1c58 req-a52afffe-3da2-4065-9b3b-fb30017ea3da 5b1195e95bc648b98e3cd81287838f61 03e397f6b0c9450a88ac58208c027f30 - - 392ff6c0b2584d0ba60bd617569b29fb 392ff6c0b2584d0ba60bd617569b29fb] 199.204.45.74 "GET /v2.0/floatingips?fixed_ip_address=10.100.0.14&port_id=da1b7cab-6fd9-43d6-a74e-7f05df02c443 HTTP/1.1" status: 200 len: 217 time: 0.0281253
2026-07-24 01:08:00.146 10 INFO neutron.wsgi [req-69b0cdc7-be25-4190-a4c4-081d52bc1c58 req-61f5bd74-43e8-4546-8198-b71c7ecacda7 5b1195e95bc648b98e3cd81287838f61 03e397f6b0c9450a88ac58208c027f30 - - 392ff6c0b2584d0ba60bd617569b29fb 392ff6c0b2584d0ba60bd617569b29fb] 199.204.45.74 "GET /v2.0/subnets?id=f5e2f2fa-6f25-49b5-9e85-bed3b3cd1993 HTTP/1.1" status: 200 len: 853 time: 0.0485442
2026-07-24 01:08:00.178 10 INFO neutron.wsgi [req-69b0cdc7-be25-4190-a4c4-081d52bc1c58 req-9a1c6ada-03b1-4a50-b770-864bd4162cf1 5b1195e95bc648b98e3cd81287838f61 03e397f6b0c9450a88ac58208c027f30 - - 392ff6c0b2584d0ba60bd617569b29fb 392ff6c0b2584d0ba60bd617569b29fb] 199.204.45.74 "GET /v2.0/ports?network_id=2455acf3-4aa0-4cfe-ad4a-b696475e9fe1&device_owner=network%3Adhcp HTTP/1.1" status: 200 len: 210 time: 0.0245011
2026-07-24 01:08:00.252 9 INFO neutron.wsgi [req-720783cb-9db7-4feb-a0e6-c45d31fde816 req-eccf5250-e9e6-4404-a4d2-20570bd67bb9 9c5ea83172ce462cbed6cc73f94c20d2 aacb1246dc0b436982b73da5586f0a86 - - default default] 10.0.0.130 "GET /v2.0/ports?device_id=f42f746f-d514-4e5e-a13a-fbc5e24cf8a3 HTTP/1.1" status: 200 len: 1172 time: 0.0586176
2026-07-24 01:08:00.272 10 INFO neutron.wsgi [req-69b0cdc7-be25-4190-a4c4-081d52bc1c58 req-eb82860e-b316-4a5e-b2f6-6a7d2074bcea 5b1195e95bc648b98e3cd81287838f61 03e397f6b0c9450a88ac58208c027f30 - - 392ff6c0b2584d0ba60bd617569b29fb 392ff6c0b2584d0ba60bd617569b29fb] 199.204.45.74 "GET /v2.0/networks/2455acf3-4aa0-4cfe-ad4a-b696475e9fe1?fields=segments HTTP/1.1" status: 200 len: 212 time: 0.0831809
2026-07-24 01:08:00.328 9 INFO neutron.wsgi [req-720783cb-9db7-4feb-a0e6-c45d31fde816 req-90f5723e-285f-498b-9091-911e0639ebc4 9c5ea83172ce462cbed6cc73f94c20d2 aacb1246dc0b436982b73da5586f0a86 - - default default] 10.0.0.130 "GET /v2.0/security-groups?id=85c4117a-a23b-4a8b-8a93-f2c05cd301ba&fields=id&fields=name HTTP/1.1" status: 200 len: 313 time: 0.0708206
2026-07-24 01:08:00.366 10 INFO neutron.wsgi [req-69b0cdc7-be25-4190-a4c4-081d52bc1c58 req-b4c53d08-0fb9-42ae-900b-322f8754aaee 5b1195e95bc648b98e3cd81287838f61 03e397f6b0c9450a88ac58208c027f30 - - 392ff6c0b2584d0ba60bd617569b29fb 392ff6c0b2584d0ba60bd617569b29fb] 199.204.45.74 "GET /v2.0/networks/2455acf3-4aa0-4cfe-ad4a-b696475e9fe1?fields=provider%3Aphysical_network&fields=provider%3Anetwork_type HTTP/1.1" status: 200 len: 277 time: 0.0869424
2026-07-24 01:08:00.367 10 INFO neutron.db.ovn_revision_numbers_db [None req-1e524afe-83c1-4888-8364-01a2eed9663b 94bad378d0ac49789b0207ecaf4841a0 f29f90f89e844010b1869a4122a24287 - - default default] Successfully bumped revision number for resource 67fcbd3f-5a71-4e24-8965-dc607a393218 (type: ports) to 2
2026-07-24 01:08:00.393 9 INFO neutron.wsgi [None req-c5b74877-7d87-4fb4-ac5e-71c9e48c35a8 d90a03020cd747c184c94f8ca8485dfe 05c97aad13564ad1b4a30e3c11998cd1 - - default default] 10.0.0.162 "DELETE /v2.0/ports/54f18f42-e3df-4c36-abf3-5e04f49af301 HTTP/1.1" status: 204 len: 168 time: 0.3005807
2026-07-24 01:08:00.406 10 INFO neutron.db.ovn_revision_numbers_db [None req-1e524afe-83c1-4888-8364-01a2eed9663b 94bad378d0ac49789b0207ecaf4841a0 f29f90f89e844010b1869a4122a24287 - - default default] Successfully bumped revision number for resource 7ade0c20-fc35-4544-a3ad-2515f6e2cd36 (type: subnets) to 0
2026-07-24 01:08:00.437 10 INFO neutron.wsgi [None req-1e524afe-83c1-4888-8364-01a2eed9663b 94bad378d0ac49789b0207ecaf4841a0 f29f90f89e844010b1869a4122a24287 - - default default] 10.0.0.162 "POST /v2.0/subnets HTTP/1.1" status: 201 len: 822 time: 1.2480631
2026-07-24 01:08:00.452 10 INFO neutron.wsgi [req-1bbeb874-6d7c-4ea5-a6f7-4b645e44d8cc req-4a922779-bdd9-4e3f-ab87-421d1a409b6a 5b1195e95bc648b98e3cd81287838f61 03e397f6b0c9450a88ac58208c027f30 - - 392ff6c0b2584d0ba60bd617569b29fb 392ff6c0b2584d0ba60bd617569b29fb] 199.204.45.74 "GET /v2.0/ports?tenant_id=aacb1246dc0b436982b73da5586f0a86&device_id=f42f746f-d514-4e5e-a13a-fbc5e24cf8a3 HTTP/1.1" status: 200 len: 1411 time: 0.0389357
2026-07-24 01:08:00.453 9 WARNING neutron.api.v2.base [None req-1bffcf9e-f927-4d41-924e-4d739710b5f8 94bad378d0ac49789b0207ecaf4841a0 f29f90f89e844010b1869a4122a24287 - - default default] An exception happened while processing the request body. The exception message is [Invalid input for target_tenant. Reason: '1234123412341234123412341234123412341234123412341234123412341234123412341234123412341234123412341234123412341234123412341234123412341234123412341234123412341234123412341234123412341234123412341234123412341234123412341234123412341234123412341234123412341234123412341234123412341234123412341234123412341234123412341234123412341234123412341234123412341234123412341234123412341234123412341234123412341234' exceeds maximum length of 255.].: webob.exc.HTTPBadRequest: Invalid input for target_tenant. Reason: '1234123412341234123412341234123412341234123412341234123412341234123412341234123412341234123412341234123412341234123412341234123412341234123412341234123412341234123412341234123412341234123412341234123412341234123412341234123412341234123412341234123412341234123412341234123412341234123412341234123412341234123412341234123412341234123412341234123412341234123412341234123412341234123412341234123412341234' exceeds maximum length of 255.
2026-07-24 01:08:00.454 9 INFO neutron.api.v2.resource [None req-1bffcf9e-f927-4d41-924e-4d739710b5f8 94bad378d0ac49789b0207ecaf4841a0 f29f90f89e844010b1869a4122a24287 - - default default] create failed (client error): Invalid input for target_tenant. Reason: '1234123412341234123412341234123412341234123412341234123412341234123412341234123412341234123412341234123412341234123412341234123412341234123412341234123412341234123412341234123412341234123412341234123412341234123412341234123412341234123412341234123412341234123412341234123412341234123412341234123412341234123412341234123412341234123412341234123412341234123412341234123412341234123412341234123412341234' exceeds maximum length of 255.
2026-07-24 01:08:00.456 9 INFO neutron.wsgi [None req-1bffcf9e-f927-4d41-924e-4d739710b5f8 94bad378d0ac49789b0207ecaf4841a0 f29f90f89e844010b1869a4122a24287 - - default default] 10.0.0.162 "POST /v2.0/rbac-policies HTTP/1.1" status: 400 len: 750 time: 0.0101130
2026-07-24 01:08:00.520 10 INFO neutron.wsgi [req-1bbeb874-6d7c-4ea5-a6f7-4b645e44d8cc req-3fbaff0d-273f-4bd8-9708-f63fb5cbdd7a 5b1195e95bc648b98e3cd81287838f61 03e397f6b0c9450a88ac58208c027f30 - - 392ff6c0b2584d0ba60bd617569b29fb 392ff6c0b2584d0ba60bd617569b29fb] 199.204.45.74 "GET /v2.0/networks?id=2455acf3-4aa0-4cfe-ad4a-b696475e9fe1 HTTP/1.1" status: 200 len: 958 time: 0.0634553
2026-07-24 01:08:00.557 10 INFO neutron.wsgi [req-1bbeb874-6d7c-4ea5-a6f7-4b645e44d8cc req-022eb3ce-801b-4bfd-84c8-14e02a477d08 5b1195e95bc648b98e3cd81287838f61 03e397f6b0c9450a88ac58208c027f30 - - 392ff6c0b2584d0ba60bd617569b29fb 392ff6c0b2584d0ba60bd617569b29fb] 199.204.45.74 "GET /v2.0/floatingips?fixed_ip_address=10.100.0.14&port_id=da1b7cab-6fd9-43d6-a74e-7f05df02c443 HTTP/1.1" status: 200 len: 217 time: 0.0265782
2026-07-24 01:08:00.571 10 INFO neutron.plugins.ml2.drivers.ovn.mech_driver.mech_driver [None req-29f8e175-0d43-4339-bf53-5e1516680da6 - - - - - -] OVN reports status up for port: da1b7cab-6fd9-43d6-a74e-7f05df02c443
2026-07-24 01:08:00.611 10 INFO neutron.plugins.ml2.plugin [None req-29f8e175-0d43-4339-bf53-5e1516680da6 - - - - - -] Attempt 1 to provision port da1b7cab-6fd9-43d6-a74e-7f05df02c443
2026-07-24 01:08:00.618 10 INFO neutron.wsgi [req-1bbeb874-6d7c-4ea5-a6f7-4b645e44d8cc req-1a0f85fc-95b8-4d0a-af10-71ec8ee181dd 5b1195e95bc648b98e3cd81287838f61 03e397f6b0c9450a88ac58208c027f30 - - 392ff6c0b2584d0ba60bd617569b29fb 392ff6c0b2584d0ba60bd617569b29fb] 199.204.45.74 "GET /v2.0/subnets?id=f5e2f2fa-6f25-49b5-9e85-bed3b3cd1993 HTTP/1.1" status: 200 len: 853 time: 0.0467942
2026-07-24 01:08:00.657 10 INFO neutron.wsgi [req-1bbeb874-6d7c-4ea5-a6f7-4b645e44d8cc req-d6371d5a-cf18-4330-a3a3-e3ee9be9ddb0 5b1195e95bc648b98e3cd81287838f61 03e397f6b0c9450a88ac58208c027f30 - - 392ff6c0b2584d0ba60bd617569b29fb 392ff6c0b2584d0ba60bd617569b29fb] 199.204.45.74 "GET /v2.0/ports?network_id=2455acf3-4aa0-4cfe-ad4a-b696475e9fe1&device_owner=network%3Adhcp HTTP/1.1" status: 200 len: 210 time: 0.0259967
2026-07-24 01:08:00.749 10 INFO neutron.wsgi [req-1bbeb874-6d7c-4ea5-a6f7-4b645e44d8cc req-921271ee-a7c3-4789-b7b7-a6e391b7612e 5b1195e95bc648b98e3cd81287838f61 03e397f6b0c9450a88ac58208c027f30 - - 392ff6c0b2584d0ba60bd617569b29fb 392ff6c0b2584d0ba60bd617569b29fb] 199.204.45.74 "GET /v2.0/networks/2455acf3-4aa0-4cfe-ad4a-b696475e9fe1?fields=segments HTTP/1.1" status: 200 len: 212 time: 0.0848005
2026-07-24 01:08:00.814 9 INFO neutron.wsgi [None req-cbd7e387-c726-47f2-acfd-b2e566d2a91b d90a03020cd747c184c94f8ca8485dfe 05c97aad13564ad1b4a30e3c11998cd1 - - default default] 10.0.0.162 "DELETE /v2.0/ports/755e53f7-3d57-4b9f-9c0e-e07a261b04af HTTP/1.1" status: 204 len: 168 time: 0.4139531
2026-07-24 01:08:00.844 10 INFO neutron.wsgi [req-1bbeb874-6d7c-4ea5-a6f7-4b645e44d8cc req-ab7be235-b1d2-4452-8b6a-44381b4aeaae 5b1195e95bc648b98e3cd81287838f61 03e397f6b0c9450a88ac58208c027f30 - - 392ff6c0b2584d0ba60bd617569b29fb 392ff6c0b2584d0ba60bd617569b29fb] 199.204.45.74 "GET /v2.0/networks/2455acf3-4aa0-4cfe-ad4a-b696475e9fe1?fields=provider%3Aphysical_network&fields=provider%3Anetwork_type HTTP/1.1" status: 200 len: 277 time: 0.0891321
2026-07-24 01:08:00.870 9 INFO neutron.wsgi [None req-1b748701-53d4-4fde-966a-6abda05c34cb d90a03020cd747c184c94f8ca8485dfe 05c97aad13564ad1b4a30e3c11998cd1 - - default default] 10.0.0.162 "GET /v2.0/ports HTTP/1.1" status: 200 len: 1718 time: 0.0423775
2026-07-24 01:08:00.899 10 WARNING neutron_lib.context [None req-49835190-7705-4818-a497-3ac9950adc15 d90a03020cd747c184c94f8ca8485dfe 05c97aad13564ad1b4a30e3c11998cd1 - - default default] Method 'is_advsvc' is deprecated since 2023.2 release (neutron-lib 3.8.0) and will be removed once support for the old RBAC API policies will be removed from Neutron. Please use method 'is_service_role' instead.
2026-07-24 01:08:00.912 10 WARNING neutron_lib.context [None req-bebba6d1-015d-4037-8275-4f82d120dbb8 ad4649d1f215432885c84f47dc464689 653340514813435b91e388c8237dcfe8 - - default default] Method 'is_advsvc' is deprecated since 2023.2 release (neutron-lib 3.8.0) and will be removed once support for the old RBAC API policies will be removed from Neutron. Please use method 'is_service_role' instead.
2026-07-24 01:08:01.054 10 INFO neutron.db.segments_db [None req-49835190-7705-4818-a497-3ac9950adc15 d90a03020cd747c184c94f8ca8485dfe 05c97aad13564ad1b4a30e3c11998cd1 - - default default] Added segment dcecbea8-0537-4ef8-966e-3c6d65c0b6ea of type geneve for network b619bdbf-7401-45f6-a518-cc70f5fcd301
2026-07-24 01:08:01.061 10 INFO neutron.db.ovn_revision_numbers_db [None req-29f8e175-0d43-4339-bf53-5e1516680da6 - - - - - -] Successfully bumped revision number for resource da1b7cab-6fd9-43d6-a74e-7f05df02c443 (type: ports) to 4
2026-07-24 01:08:01.247 9 INFO neutron.services.segments.plugin [-] Segment faf7c719-5b22-4dcc-9dba-690a6139582c resource provider aggregate not found
2026-07-24 01:08:01.253 9 INFO neutron.services.segments.plugin [-] Segment faf7c719-5b22-4dcc-9dba-690a6139582c resource provider aggregate not found
2026-07-24 01:08:01.255 10 INFO neutron.db.ovn_revision_numbers_db [None req-bebba6d1-015d-4037-8275-4f82d120dbb8 ad4649d1f215432885c84f47dc464689 653340514813435b91e388c8237dcfe8 - - default default] Successfully bumped revision number for resource 59aa8f7b-c090-4d9c-b843-12ea970bc0f8 (type: security_groups) to 1
2026-07-24 01:08:01.265 9 INFO neutron.services.segments.plugin [-] Segment faf7c719-5b22-4dcc-9dba-690a6139582c resource provider not found; error: Placement Client Error (4xx): {"errors": [{"status": 404, "title": "Not Found", "detail": "The resource could not be found.\n\n No resource provider with uuid faf7c719-5b22-4dcc-9dba-690a6139582c found for delete ", "request_id": "req-171c833d-5354-4800-aba3-28431a0ba1f8"}]}
2026-07-24 01:08:01.287 9 INFO neutron.wsgi [None req-b0847108-00ab-4507-8b01-c6cf5548d7ff 94bad378d0ac49789b0207ecaf4841a0 f29f90f89e844010b1869a4122a24287 - - default default] 10.0.0.162 "DELETE /v2.0/networks/5043b6af-e0e1-498c-9463-18c77fa351c8 HTTP/1.1" status: 204 len: 168 time: 0.8260088
2026-07-24 01:08:01.289 9 INFO neutron.services.segments.plugin [-] Segment faf7c719-5b22-4dcc-9dba-690a6139582c resource provider not found; error: Placement Client Error (4xx): {"errors": [{"status": 404, "title": "Not Found", "detail": "The resource could not be found.\n\n No resource provider with uuid faf7c719-5b22-4dcc-9dba-690a6139582c found for delete ", "request_id": "req-8552e53d-5980-4191-b12e-a30a39583f2d"}]}
2026-07-24 01:08:01.297 10 INFO neutron.db.ovn_revision_numbers_db [None req-bebba6d1-015d-4037-8275-4f82d120dbb8 ad4649d1f215432885c84f47dc464689 653340514813435b91e388c8237dcfe8 - - default default] Successfully bumped revision number for resource 7b529c23-b44c-4c2f-ab3d-d0480ce30c4b (type: security_group_rules) to 0
2026-07-24 01:08:01.312 10 INFO neutron.db.ovn_revision_numbers_db [None req-49835190-7705-4818-a497-3ac9950adc15 d90a03020cd747c184c94f8ca8485dfe 05c97aad13564ad1b4a30e3c11998cd1 - - default default] Successfully bumped revision number for resource b619bdbf-7401-45f6-a518-cc70f5fcd301 (type: networks) to 1
2026-07-24 01:08:01.314 10 INFO neutron.db.ovn_revision_numbers_db [None req-bebba6d1-015d-4037-8275-4f82d120dbb8 ad4649d1f215432885c84f47dc464689 653340514813435b91e388c8237dcfe8 - - default default] Successfully bumped revision number for resource 840b655c-3062-4ec1-ab7b-3d13ebb71847 (type: security_group_rules) to 0
2026-07-24 01:08:01.347 10 INFO neutron.db.ovn_revision_numbers_db [None req-bebba6d1-015d-4037-8275-4f82d120dbb8 ad4649d1f215432885c84f47dc464689 653340514813435b91e388c8237dcfe8 - - default default] Successfully bumped revision number for resource 965fcd08-4af4-4124-ae55-e241b74c274d (type: security_group_rules) to 0
2026-07-24 01:08:01.379 10 INFO neutron.db.ovn_revision_numbers_db [None req-bebba6d1-015d-4037-8275-4f82d120dbb8 ad4649d1f215432885c84f47dc464689 653340514813435b91e388c8237dcfe8 - - default default] Successfully bumped revision number for resource c507e214-4f4c-4377-9afd-fd7ed1a95039 (type: security_group_rules) to 0
2026-07-24 01:08:01.413 9 INFO neutron.db.segments_db [None req-bc1fcba1-62f8-434a-b1b1-313363b5acfd 94bad378d0ac49789b0207ecaf4841a0 f29f90f89e844010b1869a4122a24287 - - default default] Added segment f3931ac6-fa0a-4220-bf40-dea1454dd8b8 of type geneve for network b89e158b-bf81-481f-b8b8-28b9888c1b06
2026-07-24 01:08:01.471 10 INFO neutron.db.segments_db [None req-bebba6d1-015d-4037-8275-4f82d120dbb8 ad4649d1f215432885c84f47dc464689 653340514813435b91e388c8237dcfe8 - - default default] Added segment c94f026d-fb87-4d8f-8209-4436057af094 of type geneve for network 6117b619-7d90-47d4-ba33-d6e174079830
2026-07-24 01:08:01.537 9 INFO neutron.wsgi [req-1ce5235c-6150-4713-9ffd-52eb8b3133b6 req-87b8df83-9e5d-46cb-b94e-261587b88b81 9c5ea83172ce462cbed6cc73f94c20d2 aacb1246dc0b436982b73da5586f0a86 - - default default] 10.0.0.130 "GET /v2.0/ports?device_id=f42f746f-d514-4e5e-a13a-fbc5e24cf8a3 HTTP/1.1" status: 200 len: 1174 time: 0.1367154
2026-07-24 01:08:01.580 10 WARNING neutron.scheduler.dhcp_agent_scheduler [None req-49835190-7705-4818-a497-3ac9950adc15 d90a03020cd747c184c94f8ca8485dfe 05c97aad13564ad1b4a30e3c11998cd1 - - default default] No more DHCP agents
2026-07-24 01:08:01.588 10 WARNING neutron.api.rpc.agentnotifiers.dhcp_rpc_agent_api [None req-49835190-7705-4818-a497-3ac9950adc15 d90a03020cd747c184c94f8ca8485dfe 05c97aad13564ad1b4a30e3c11998cd1 - - default default] Unable to schedule network b619bdbf-7401-45f6-a518-cc70f5fcd301: no agents available; will retry on subsequent port and subnet creation events.
2026-07-24 01:08:01.621 9 INFO neutron.wsgi [req-1ce5235c-6150-4713-9ffd-52eb8b3133b6 req-c9e435ef-b6cf-4560-aae4-fc5d56f6ba76 9c5ea83172ce462cbed6cc73f94c20d2 aacb1246dc0b436982b73da5586f0a86 - - default default] 10.0.0.130 "GET /v2.0/security-groups?id=85c4117a-a23b-4a8b-8a93-f2c05cd301ba&fields=id&fields=name HTTP/1.1" status: 200 len: 313 time: 0.0739205
2026-07-24 01:08:01.623 9 INFO neutron.db.ovn_revision_numbers_db [None req-bc1fcba1-62f8-434a-b1b1-313363b5acfd 94bad378d0ac49789b0207ecaf4841a0 f29f90f89e844010b1869a4122a24287 - - default default] Successfully bumped revision number for resource b89e158b-bf81-481f-b8b8-28b9888c1b06 (type: networks) to 1
2026-07-24 01:08:01.674 10 INFO neutron.db.ovn_revision_numbers_db [None req-bebba6d1-015d-4037-8275-4f82d120dbb8 ad4649d1f215432885c84f47dc464689 653340514813435b91e388c8237dcfe8 - - default default] Successfully bumped revision number for resource 6117b619-7d90-47d4-ba33-d6e174079830 (type: networks) to 1
2026-07-24 01:08:01.727 10 INFO neutron.db.ovn_revision_numbers_db [None req-49835190-7705-4818-a497-3ac9950adc15 d90a03020cd747c184c94f8ca8485dfe 05c97aad13564ad1b4a30e3c11998cd1 - - default default] Successfully bumped revision number for resource 95053df6-1060-4f31-80df-a7d5d80871db (type: ports) to 1
2026-07-24 01:08:01.761 10 INFO neutron.wsgi [None req-49835190-7705-4818-a497-3ac9950adc15 d90a03020cd747c184c94f8ca8485dfe 05c97aad13564ad1b4a30e3c11998cd1 - - default default] 10.0.0.162 "POST /v2.0/networks HTTP/1.1" status: 201 len: 853 time: 0.8746097 /var/lib/openstack/lib/python3.10/site-packages/pycadf/identifier.py:71: UserWarning: Invalid uuid: neutron. To ensure interoperability, identifiers should be a valid uuid. warnings.warn(('Invalid uuid: %s. To ensure interoperability, '
2026-07-24 01:08:01.777 10 WARNING neutron_lib.context [None req-c6c94136-9af6-4f29-8587-e5b8d60e08bd d90a03020cd747c184c94f8ca8485dfe 05c97aad13564ad1b4a30e3c11998cd1 - - default default] Method 'is_advsvc' is deprecated since 2023.2 release (neutron-lib 3.8.0) and will be removed once support for the old RBAC API policies will be removed from Neutron. Please use method 'is_service_role' instead.
2026-07-24 01:08:01.834 9 WARNING neutron.scheduler.dhcp_agent_scheduler [None req-bc1fcba1-62f8-434a-b1b1-313363b5acfd 94bad378d0ac49789b0207ecaf4841a0 f29f90f89e844010b1869a4122a24287 - - default default] No more DHCP agents
2026-07-24 01:08:01.836 9 WARNING neutron.api.rpc.agentnotifiers.dhcp_rpc_agent_api [None req-bc1fcba1-62f8-434a-b1b1-313363b5acfd 94bad378d0ac49789b0207ecaf4841a0 f29f90f89e844010b1869a4122a24287 - - default default] Unable to schedule network b89e158b-bf81-481f-b8b8-28b9888c1b06: no agents available; will retry on subsequent port and subnet creation events.
2026-07-24 01:08:01.911 10 WARNING neutron.scheduler.dhcp_agent_scheduler [None req-bebba6d1-015d-4037-8275-4f82d120dbb8 ad4649d1f215432885c84f47dc464689 653340514813435b91e388c8237dcfe8 - - default default] No more DHCP agents
2026-07-24 01:08:01.912 10 INFO neutron.db.segments_db [None req-c6c94136-9af6-4f29-8587-e5b8d60e08bd d90a03020cd747c184c94f8ca8485dfe 05c97aad13564ad1b4a30e3c11998cd1 - - default default] Added segment 246c4847-e879-4b50-b30c-96283c26a081 of type geneve for network d0f23a34-29d4-4ef6-ae7f-10f4f2de2fa9
2026-07-24 01:08:01.917 10 WARNING neutron.api.rpc.agentnotifiers.dhcp_rpc_agent_api [None req-bebba6d1-015d-4037-8275-4f82d120dbb8 ad4649d1f215432885c84f47dc464689 653340514813435b91e388c8237dcfe8 - - default default] Unable to schedule network 6117b619-7d90-47d4-ba33-d6e174079830: no agents available; will retry on subsequent port and subnet creation events.
2026-07-24 01:08:01.917 9 INFO neutron.db.ovn_revision_numbers_db [None req-bc1fcba1-62f8-434a-b1b1-313363b5acfd 94bad378d0ac49789b0207ecaf4841a0 f29f90f89e844010b1869a4122a24287 - - default default] Successfully bumped revision number for resource 97b01746-69a5-4a63-ab08-22bd35af6fc6 (type: ports) to 1
2026-07-24 01:08:01.940 9 INFO neutron.wsgi [None req-bc1fcba1-62f8-434a-b1b1-313363b5acfd 94bad378d0ac49789b0207ecaf4841a0 f29f90f89e844010b1869a4122a24287 - - default default] 10.0.0.162 "POST /v2.0/networks HTTP/1.1" status: 201 len: 929 time: 0.6451831
2026-07-24 01:08:02.027 10 INFO neutron.notifiers.nova [-] Nova event matching ['req-d270d263-113d-412d-b9c5-c757bbeeab1c'] response: {'server_uuid': 'f42f746f-d514-4e5e-a13a-fbc5e24cf8a3', 'name': 'network-vif-plugged', 'status': 'completed', 'tag': 'da1b7cab-6fd9-43d6-a74e-7f05df02c443', 'code': 200}
2026-07-24 01:08:02.027 10 INFO neutron.notifiers.nova [-] Nova event matching ['req-d270d263-113d-412d-b9c5-c757bbeeab1c'] response: {'server_uuid': 'f42f746f-d514-4e5e-a13a-fbc5e24cf8a3', 'name': 'network-vif-plugged', 'status': 'completed', 'tag': 'da1b7cab-6fd9-43d6-a74e-7f05df02c443', 'code': 200}
2026-07-24 01:08:02.054 10 INFO neutron.db.ovn_revision_numbers_db [None req-bebba6d1-015d-4037-8275-4f82d120dbb8 ad4649d1f215432885c84f47dc464689 653340514813435b91e388c8237dcfe8 - - default default] Successfully bumped revision number for resource d52afcc2-6927-412c-b535-c862774527a8 (type: ports) to 1
2026-07-24 01:08:02.119 10 INFO neutron.wsgi [None req-bebba6d1-015d-4037-8275-4f82d120dbb8 ad4649d1f215432885c84f47dc464689 653340514813435b91e388c8237dcfe8 - - default default] 10.0.0.162 "POST /v2.0/networks HTTP/1.1" status: 201 len: 828 time: 1.5587981
2026-07-24 01:08:02.128 10 WARNING neutron_lib.context [None req-084096e0-92b4-4fde-b356-089bd089979c ad4649d1f215432885c84f47dc464689 653340514813435b91e388c8237dcfe8 - - default default] Method 'is_advsvc' is deprecated since 2023.2 release (neutron-lib 3.8.0) and will be removed once support for the old RBAC API policies will be removed from Neutron. Please use method 'is_service_role' instead.
2026-07-24 01:08:02.130 10 INFO neutron.db.ovn_revision_numbers_db [None req-c6c94136-9af6-4f29-8587-e5b8d60e08bd d90a03020cd747c184c94f8ca8485dfe 05c97aad13564ad1b4a30e3c11998cd1 - - default default] Successfully bumped revision number for resource d0f23a34-29d4-4ef6-ae7f-10f4f2de2fa9 (type: networks) to 1
2026-07-24 01:08:02.189 9 WARNING neutron.scheduler.dhcp_agent_scheduler [None req-ccdd4dd2-9383-413d-93d4-a57233f479c1 94bad378d0ac49789b0207ecaf4841a0 f29f90f89e844010b1869a4122a24287 - - default default] No more DHCP agents
2026-07-24 01:08:02.193 9 WARNING neutron.api.rpc.agentnotifiers.dhcp_rpc_agent_api [None req-ccdd4dd2-9383-413d-93d4-a57233f479c1 94bad378d0ac49789b0207ecaf4841a0 f29f90f89e844010b1869a4122a24287 - - default default] Unable to schedule network b89e158b-bf81-481f-b8b8-28b9888c1b06: no agents available; will retry on subsequent port and subnet creation events.
2026-07-24 01:08:02.272 10 INFO neutron.db.segments_db [None req-084096e0-92b4-4fde-b356-089bd089979c ad4649d1f215432885c84f47dc464689 653340514813435b91e388c8237dcfe8 - - default default] Added segment 6b245110-8daa-4db9-81e2-574e77cc48d2 of type geneve for network 0ce79a02-4959-4543-aacf-dee7fc73b41f
2026-07-24 01:08:02.401 10 WARNING neutron.scheduler.dhcp_agent_scheduler [None req-c6c94136-9af6-4f29-8587-e5b8d60e08bd d90a03020cd747c184c94f8ca8485dfe 05c97aad13564ad1b4a30e3c11998cd1 - - default default] No more DHCP agents
2026-07-24 01:08:02.411 10 WARNING neutron.api.rpc.agentnotifiers.dhcp_rpc_agent_api [None req-c6c94136-9af6-4f29-8587-e5b8d60e08bd d90a03020cd747c184c94f8ca8485dfe 05c97aad13564ad1b4a30e3c11998cd1 - - default default] Unable to schedule network d0f23a34-29d4-4ef6-ae7f-10f4f2de2fa9: no agents available; will retry on subsequent port and subnet creation events.
2026-07-24 01:08:02.711 10 INFO neutron.db.ovn_revision_numbers_db [None req-084096e0-92b4-4fde-b356-089bd089979c ad4649d1f215432885c84f47dc464689 653340514813435b91e388c8237dcfe8 - - default default] Successfully bumped revision number for resource 0ce79a02-4959-4543-aacf-dee7fc73b41f (type: networks) to 1
2026-07-24 01:08:02.756 9 INFO neutron.wsgi [req-52250b96-6249-4a15-a421-b7a24bfa69a9 req-fe3cc699-84ff-4680-b623-7cbae5e58205 9c5ea83172ce462cbed6cc73f94c20d2 aacb1246dc0b436982b73da5586f0a86 - - default default] 10.0.0.130 "GET /v2.0/ports?device_id=f42f746f-d514-4e5e-a13a-fbc5e24cf8a3 HTTP/1.1" status: 200 len: 1174 time: 0.0663428
2026-07-24 01:08:02.772 9 INFO neutron.db.ovn_revision_numbers_db [None req-ccdd4dd2-9383-413d-93d4-a57233f479c1 94bad378d0ac49789b0207ecaf4841a0 f29f90f89e844010b1869a4122a24287 - - default default] Successfully bumped revision number for resource 97b01746-69a5-4a63-ab08-22bd35af6fc6 (type: ports) to 2
2026-07-24 01:08:02.779 10 INFO neutron.db.ovn_revision_numbers_db [None req-c6c94136-9af6-4f29-8587-e5b8d60e08bd d90a03020cd747c184c94f8ca8485dfe 05c97aad13564ad1b4a30e3c11998cd1 - - default default] Successfully bumped revision number for resource 42bfb438-12be-4c8a-977d-eeadce4776ea (type: ports) to 1
2026-07-24 01:08:02.812 9 INFO neutron.wsgi [req-52250b96-6249-4a15-a421-b7a24bfa69a9 req-50f3f992-aa6f-4836-aefc-4f00e83f8151 9c5ea83172ce462cbed6cc73f94c20d2 aacb1246dc0b436982b73da5586f0a86 - - default default] 10.0.0.130 "GET /v2.0/security-groups?id=85c4117a-a23b-4a8b-8a93-f2c05cd301ba&fields=id&fields=name HTTP/1.1" status: 200 len: 313 time: 0.0456898
2026-07-24 01:08:02.817 10 INFO neutron.wsgi [None req-c6c94136-9af6-4f29-8587-e5b8d60e08bd d90a03020cd747c184c94f8ca8485dfe 05c97aad13564ad1b4a30e3c11998cd1 - - default default] 10.0.0.162 "POST /v2.0/networks HTTP/1.1" status: 201 len: 853 time: 1.0469000
2026-07-24 01:08:02.818 9 INFO neutron.db.ovn_revision_numbers_db [None req-ccdd4dd2-9383-413d-93d4-a57233f479c1 94bad378d0ac49789b0207ecaf4841a0 f29f90f89e844010b1869a4122a24287 - - default default] Successfully bumped revision number for resource e2bb18c0-2c79-4fee-bd5d-ede74f8259e0 (type: subnets) to 0
2026-07-24 01:08:02.833 9 INFO neutron.wsgi [None req-ccdd4dd2-9383-413d-93d4-a57233f479c1 94bad378d0ac49789b0207ecaf4841a0 f29f90f89e844010b1869a4122a24287 - - default default] 10.0.0.162 "POST /v2.0/subnets HTTP/1.1" status: 201 len: 822 time: 0.8866975
2026-07-24 01:08:02.919 10 WARNING neutron.scheduler.dhcp_agent_scheduler [None req-084096e0-92b4-4fde-b356-089bd089979c ad4649d1f215432885c84f47dc464689 653340514813435b91e388c8237dcfe8 - - default default] No more DHCP agents
2026-07-24 01:08:02.922 10 WARNING neutron.api.rpc.agentnotifiers.dhcp_rpc_agent_api [None req-084096e0-92b4-4fde-b356-089bd089979c ad4649d1f215432885c84f47dc464689 653340514813435b91e388c8237dcfe8 - - default default] Unable to schedule network 0ce79a02-4959-4543-aacf-dee7fc73b41f: no agents available; will retry on subsequent port and subnet creation events.
2026-07-24 01:08:02.967 9 INFO neutron.wsgi [req-0d007eef-db11-40fd-9770-8b4123e29b47 req-4967ca56-956f-4b88-b81f-e67b252eaf29 9c5ea83172ce462cbed6cc73f94c20d2 aacb1246dc0b436982b73da5586f0a86 - - default default] 10.0.0.130 "GET /v2.0/ports?device_id=f42f746f-d514-4e5e-a13a-fbc5e24cf8a3 HTTP/1.1" status: 200 len: 1174 time: 0.0679073
2026-07-24 01:08:03.019 10 INFO neutron.db.ovn_revision_numbers_db [None req-084096e0-92b4-4fde-b356-089bd089979c ad4649d1f215432885c84f47dc464689 653340514813435b91e388c8237dcfe8 - - default default] Successfully bumped revision number for resource 639d9538-4823-43af-a9da-c9f088e3caa1 (type: ports) to 1
2026-07-24 01:08:03.044 10 INFO neutron.wsgi [None req-084096e0-92b4-4fde-b356-089bd089979c ad4649d1f215432885c84f47dc464689 653340514813435b91e388c8237dcfe8 - - default default] 10.0.0.162 "POST /v2.0/networks HTTP/1.1" status: 201 len: 829 time: 0.9196839
2026-07-24 01:08:03.046 9 INFO neutron.wsgi [req-0d007eef-db11-40fd-9770-8b4123e29b47 req-7454c36f-c08d-485d-bff9-3aef0ae62b6c 9c5ea83172ce462cbed6cc73f94c20d2 aacb1246dc0b436982b73da5586f0a86 - - default default] 10.0.0.130 "GET /v2.0/security-groups?id=85c4117a-a23b-4a8b-8a93-f2c05cd301ba&fields=id&fields=name HTTP/1.1" status: 200 len: 313 time: 0.0717742
2026-07-24 01:08:03.054 10 WARNING neutron_lib.context [None req-b77c5095-a4fb-4a31-ac64-c0daeffc826d ad4649d1f215432885c84f47dc464689 653340514813435b91e388c8237dcfe8 - - default default] Method 'is_advsvc' is deprecated since 2023.2 release (neutron-lib 3.8.0) and will be removed once support for the old RBAC API policies will be removed from Neutron. Please use method 'is_service_role' instead.
