2026-07-24 01:10:12.010 9 INFO neutron.services.segments.plugin [-] Segment fc3e8cb9-d525-4e0a-8842-294a6bf10660 resource provider aggregate not found
2026-07-24 01:10:12.027 9 INFO neutron.services.segments.plugin [-] Segment fc3e8cb9-d525-4e0a-8842-294a6bf10660 resource provider aggregate not found
2026-07-24 01:10:12.034 9 INFO neutron.services.segments.plugin [-] Segment fc3e8cb9-d525-4e0a-8842-294a6bf10660 resource provider not found; error: Placement Client Error (4xx): {"errors": [{"status": 404, "title": "Not Found", "detail": "The resource could not be found.\n\n No resource provider with uuid fc3e8cb9-d525-4e0a-8842-294a6bf10660 found for delete ", "request_id": "req-96012a1c-2cec-4486-8484-377ff6bbe252"}]}
2026-07-24 01:10:12.043 9 INFO neutron.services.segments.plugin [-] Segment fc3e8cb9-d525-4e0a-8842-294a6bf10660 resource provider not found; error: Placement Client Error (4xx): {"errors": [{"status": 404, "title": "Not Found", "detail": "The resource could not be found.\n\n No resource provider with uuid fc3e8cb9-d525-4e0a-8842-294a6bf10660 found for delete ", "request_id": "req-d8de848e-a2e8-45f4-ae95-eafd693b80a4"}]}
2026-07-24 01:10:12.046 10 INFO neutron.notifiers.nova [-] Nova event matching ['req-6f0f9b64-5724-42b1-93c4-a0531baaf0cd'] response: {'server_uuid': '3a5abda2-00d5-408d-b7b5-3204067de792', 'name': 'network-vif-plugged', 'status': 'completed', 'tag': '08e60198-c998-4263-bb1f-c26aa1f21d76', 'code': 200}
2026-07-24 01:10:12.085 9 INFO neutron.wsgi [None req-4b7bdf1c-b0fb-4de6-86d6-400710975442 5f9ea76b2ce247b4a673101648ae8175 ebd48648522046d0b428454e24ba3a6c - - default default] 10.0.0.162 "DELETE /v2.0/networks/489324e6-ec02-4f8c-adee-82dd9d7a9bd7 HTTP/1.1" status: 204 len: 168 time: 0.5643978
2026-07-24 01:10:12.415 9 INFO neutron.wsgi [None req-76fbdda5-0e72-47f8-b670-e1797a479278 42f553454a7844ee886f8eaa84cfc335 c02997d6906a42d2a5620f7628fea112 - - default default] 10.0.0.162 "DELETE /v2.0/security-groups/88e45bf8-c62d-437e-ac18-b54c785ae803 HTTP/1.1" status: 204 len: 168 time: 0.1654983
2026-07-24 01:10:12.435 9 INFO neutron.api.v2.resource [None req-94506f97-90cb-4e22-a4b9-9e9f83774584 42f553454a7844ee886f8eaa84cfc335 c02997d6906a42d2a5620f7628fea112 - - default default] show failed (client error): The resource could not be found.
2026-07-24 01:10:12.436 9 INFO neutron.wsgi [None req-94506f97-90cb-4e22-a4b9-9e9f83774584 42f553454a7844ee886f8eaa84cfc335 c02997d6906a42d2a5620f7628fea112 - - default default] 10.0.0.162 "GET /v2.0/security-groups/88e45bf8-c62d-437e-ac18-b54c785ae803 HTTP/1.1" status: 404 len: 347 time: 0.0142264
2026-07-24 01:10:12.880 9 INFO neutron.wsgi [None req-3aee62dc-f8ce-4bf2-af75-38c6313dbcd9 42f553454a7844ee886f8eaa84cfc335 c02997d6906a42d2a5620f7628fea112 - - default default] 10.0.0.162 "DELETE /v2.0/floatingips/83452efd-8148-47e8-b504-016860a321c8 HTTP/1.1" status: 204 len: 168 time: 0.4380686
2026-07-24 01:10:13.083 10 INFO neutron.wsgi [None req-566f0fdd-2180-4275-8db6-b375a1d8f620 42f553454a7844ee886f8eaa84cfc335 c02997d6906a42d2a5620f7628fea112 - - default default] 10.0.0.162 "DELETE /v2.0/security-groups/4febfb6d-0885-45fa-9fb3-23558212d6e1 HTTP/1.1" status: 204 len: 168 time: 0.1963818
2026-07-24 01:10:13.116 9 INFO neutron.db.ovn_revision_numbers_db [None req-9b3b24a8-d0df-452b-b8e6-36df95231d9a 62fae09fc55f4d6faa6cb2771886dd1f f0000d67e0dd44b3abf02eb78d769b2c - - default default] Successfully bumped revision number for resource d8fdc952-91d8-480e-9ee3-b5cad85498e6 (type: security_groups) to 1
2026-07-24 01:10:13.133 9 INFO neutron.db.ovn_revision_numbers_db [None req-9b3b24a8-d0df-452b-b8e6-36df95231d9a 62fae09fc55f4d6faa6cb2771886dd1f f0000d67e0dd44b3abf02eb78d769b2c - - default default] Successfully bumped revision number for resource 12e7cf78-a6f2-4891-b2a7-ac079e29e0bf (type: security_group_rules) to 0
2026-07-24 01:10:13.187 9 INFO neutron.db.ovn_revision_numbers_db [None req-9b3b24a8-d0df-452b-b8e6-36df95231d9a 62fae09fc55f4d6faa6cb2771886dd1f f0000d67e0dd44b3abf02eb78d769b2c - - default default] Successfully bumped revision number for resource 312764e2-d16a-4c60-8c46-70d99eaca082 (type: security_group_rules) to 0
2026-07-24 01:10:13.204 9 INFO neutron.db.ovn_revision_numbers_db [None req-9b3b24a8-d0df-452b-b8e6-36df95231d9a 62fae09fc55f4d6faa6cb2771886dd1f f0000d67e0dd44b3abf02eb78d769b2c - - default default] Successfully bumped revision number for resource f1791dfe-2da7-45ff-91e8-3cc1fbd298f4 (type: security_group_rules) to 0
2026-07-24 01:10:13.218 9 INFO neutron.db.ovn_revision_numbers_db [None req-9b3b24a8-d0df-452b-b8e6-36df95231d9a 62fae09fc55f4d6faa6cb2771886dd1f f0000d67e0dd44b3abf02eb78d769b2c - - default default] Successfully bumped revision number for resource ff2d10f5-2109-40cd-9c73-e60356eaa298 (type: security_group_rules) to 0
2026-07-24 01:10:13.248 9 INFO neutron.wsgi [None req-9b3b24a8-d0df-452b-b8e6-36df95231d9a 62fae09fc55f4d6faa6cb2771886dd1f f0000d67e0dd44b3abf02eb78d769b2c - - default default] 10.0.0.162 "GET /v2.0/security-groups?tenant_id=5e6dd54d10474d5b9ebacfc0a60f8bed&name=default HTTP/1.1" status: 200 len: 3000 time: 0.3785782
2026-07-24 01:10:13.490 9 INFO neutron.wsgi [None req-c60626cc-f3ca-4c5c-acf2-6e775657ac5d 62fae09fc55f4d6faa6cb2771886dd1f f0000d67e0dd44b3abf02eb78d769b2c - - default default] 10.0.0.162 "DELETE /v2.0/security-groups/d8fdc952-91d8-480e-9ee3-b5cad85498e6 HTTP/1.1" status: 204 len: 168 time: 0.2361798
2026-07-24 01:10:13.633 9 INFO neutron.wsgi [None req-c7857867-6448-434f-9078-fb44ecfaf0e6 62fae09fc55f4d6faa6cb2771886dd1f f0000d67e0dd44b3abf02eb78d769b2c - - default default] 10.0.0.162 "GET /v2.0/security-groups?tenant_id=ebd48648522046d0b428454e24ba3a6c&name=default HTTP/1.1" status: 200 len: 3000 time: 0.0372794
2026-07-24 01:10:13.856 9 INFO neutron.wsgi [None req-e360f59d-3147-4c3b-9699-17d392eeea40 62fae09fc55f4d6faa6cb2771886dd1f f0000d67e0dd44b3abf02eb78d769b2c - - default default] 10.0.0.162 "DELETE /v2.0/security-groups/1cfb8752-6e9d-4ba1-8455-b40206cf0f2d HTTP/1.1" status: 204 len: 168 time: 0.2188966
2026-07-24 01:10:14.525 9 INFO neutron.wsgi [None req-00e3c27b-2d41-4be7-8956-ed068848dc8e 62fae09fc55f4d6faa6cb2771886dd1f f0000d67e0dd44b3abf02eb78d769b2c - - default default] 199.204.45.74 "GET /v2.0/extensions/security-group HTTP/1.1" status: 200 len: 369 time: 0.1439438
2026-07-24 01:10:14.539 9 INFO neutron.wsgi [None req-c595bb4e-f1c4-4699-a56b-36a50e0dea88 62fae09fc55f4d6faa6cb2771886dd1f f0000d67e0dd44b3abf02eb78d769b2c - - default default] 199.204.45.74 "GET /v2.0/extensions/dns-integration HTTP/1.1" status: 200 len: 371 time: 0.0075805
2026-07-24 01:10:14.549 9 INFO neutron.wsgi [None req-b53e425b-5793-4e04-864a-af3ce5aea07e 62fae09fc55f4d6faa6cb2771886dd1f f0000d67e0dd44b3abf02eb78d769b2c - - default default] 199.204.45.74 "GET /v2.0/extensions/qos HTTP/1.1" status: 200 len: 365 time: 0.0038409
2026-07-24 01:10:14.560 9 INFO neutron.wsgi [None req-99386b2e-a3d5-4599-874c-ec755e71e56e 62fae09fc55f4d6faa6cb2771886dd1f f0000d67e0dd44b3abf02eb78d769b2c - - default default] 199.204.45.74 "GET /v2.0/extensions/allowed-address-pairs HTTP/1.1" status: 200 len: 383 time: 0.0052083
2026-07-24 01:10:14.602 9 INFO neutron.wsgi [None req-616efa52-1ec3-47ab-8fef-8b08abd56f3c 62fae09fc55f4d6faa6cb2771886dd1f f0000d67e0dd44b3abf02eb78d769b2c - - default default] 199.204.45.74 "GET /v2.0/ports/9604b96e-621a-4e8e-99ba-4fee9412fabb HTTP/1.1" status: 200 len: 1332 time: 0.0361395
2026-07-24 01:10:14.831 10 INFO neutron.wsgi [None req-bf2ae89d-a8a4-414b-a39b-475af1778770 62fae09fc55f4d6faa6cb2771886dd1f f0000d67e0dd44b3abf02eb78d769b2c - - default default] 10.0.0.162 "PUT /v2.0/routers/38311836-ded3-4ccc-afc4-6125784df224/remove_router_interface HTTP/1.1" status: 200 len: 503 time: 1.7101569 /var/lib/openstack/lib/python3.10/site-packages/pycadf/identifier.py:71: UserWarning: Invalid uuid: neutron. To ensure interoperability, identifiers should be a valid uuid. warnings.warn(('Invalid uuid: %s. To ensure interoperability, '
2026-07-24 01:10:14.852 9 INFO neutron.wsgi [None req-a8054fca-9621-4a0b-bc93-8d813268b65b 62fae09fc55f4d6faa6cb2771886dd1f f0000d67e0dd44b3abf02eb78d769b2c - - default default] 199.204.45.74 "GET /v2.0/extensions/security-group HTTP/1.1" status: 200 len: 369 time: 0.0055113
2026-07-24 01:10:14.862 9 INFO neutron.wsgi [None req-fac2c589-797e-465b-b803-255d9f2fb4fb 62fae09fc55f4d6faa6cb2771886dd1f f0000d67e0dd44b3abf02eb78d769b2c - - default default] 199.204.45.74 "GET /v2.0/extensions/dns-integration HTTP/1.1" status: 200 len: 371 time: 0.0048919
2026-07-24 01:10:14.874 9 INFO neutron.wsgi [None req-67d3c9bb-11a9-41b4-aa46-0fc5b27f02f3 62fae09fc55f4d6faa6cb2771886dd1f f0000d67e0dd44b3abf02eb78d769b2c - - default default] 199.204.45.74 "GET /v2.0/extensions/qos HTTP/1.1" status: 200 len: 365 time: 0.0066707
2026-07-24 01:10:14.886 9 INFO neutron.wsgi [None req-90643cb3-c742-4e89-a23c-29c995e67465 62fae09fc55f4d6faa6cb2771886dd1f f0000d67e0dd44b3abf02eb78d769b2c - - default default] 199.204.45.74 "GET /v2.0/extensions/allowed-address-pairs HTTP/1.1" status: 200 len: 383 time: 0.0062668
2026-07-24 01:10:14.906 9 INFO neutron.api.v2.resource [None req-4e24ce49-b803-429e-a291-9f60613f83d0 62fae09fc55f4d6faa6cb2771886dd1f f0000d67e0dd44b3abf02eb78d769b2c - - default default] show failed (client error): The resource could not be found.
2026-07-24 01:10:14.907 9 INFO neutron.wsgi [None req-4e24ce49-b803-429e-a291-9f60613f83d0 62fae09fc55f4d6faa6cb2771886dd1f f0000d67e0dd44b3abf02eb78d769b2c - - default default] 199.204.45.74 "GET /v2.0/security-groups/lb-1414530d-65c0-4caf-8af1-869362d5ed89 HTTP/1.1" status: 404 len: 355 time: 0.0137646
2026-07-24 01:10:14.920 15 INFO neutron.db.ovn_revision_numbers_db [None req-31594b50-f2a4-4f9b-a7d9-d33e594c4864 - - - - - -] Successfully bumped revision number for resource 673603a2-2397-45ad-a529-b30d2ee8d0fd (type: networks) to 3
2026-07-24 01:10:14.957 9 INFO neutron.wsgi [None req-092f1159-4cbe-44ef-8ddc-b9a3111c5684 62fae09fc55f4d6faa6cb2771886dd1f f0000d67e0dd44b3abf02eb78d769b2c - - default default] 199.204.45.74 "GET /v2.0/security-groups?name=lb-1414530d-65c0-4caf-8af1-869362d5ed89 HTTP/1.1" status: 200 len: 221 time: 0.0453598
2026-07-24 01:10:15.078 15 INFO neutron.db.ovn_revision_numbers_db [None req-31594b50-f2a4-4f9b-a7d9-d33e594c4864 - - - - - -] Successfully bumped revision number for resource f72ba205-003e-4b68-ab72-9a14ccb2b987 (type: networks) to 3
2026-07-24 01:10:15.106 9 INFO neutron.db.ovn_revision_numbers_db [None req-0d65ff03-c82a-4a1d-a4af-3b0b6219f2c6 62fae09fc55f4d6faa6cb2771886dd1f f0000d67e0dd44b3abf02eb78d769b2c - - default default] Successfully bumped revision number for resource a5c66822-b142-44db-80ad-58c8266aff31 (type: security_groups) to 1
2026-07-24 01:10:15.123 9 INFO neutron.db.ovn_revision_numbers_db [None req-0d65ff03-c82a-4a1d-a4af-3b0b6219f2c6 62fae09fc55f4d6faa6cb2771886dd1f f0000d67e0dd44b3abf02eb78d769b2c - - default default] Successfully bumped revision number for resource 1d5eb412-5b80-459e-9bd2-b466e2f63c6d (type: security_group_rules) to 0
2026-07-24 01:10:15.140 9 INFO neutron.db.ovn_revision_numbers_db [None req-0d65ff03-c82a-4a1d-a4af-3b0b6219f2c6 62fae09fc55f4d6faa6cb2771886dd1f f0000d67e0dd44b3abf02eb78d769b2c - - default default] Successfully bumped revision number for resource a91d727b-7687-4b8e-91e6-082a853691cd (type: security_group_rules) to 0
2026-07-24 01:10:15.161 9 INFO neutron.wsgi [None req-0d65ff03-c82a-4a1d-a4af-3b0b6219f2c6 62fae09fc55f4d6faa6cb2771886dd1f f0000d67e0dd44b3abf02eb78d769b2c - - default default] 199.204.45.74 "POST /v2.0/security-groups HTTP/1.1" status: 201 len: 1779 time: 0.1958761
2026-07-24 01:10:15.196 15 INFO neutron.db.ovn_revision_numbers_db [None req-31594b50-f2a4-4f9b-a7d9-d33e594c4864 - - - - - -] Successfully bumped revision number for resource 90d2511b-0e0b-4d84-b64b-adb097ad96ba (type: networks) to 2
2026-07-24 01:10:15.204 9 INFO neutron.wsgi [None req-3fbedfa3-dd98-4ab9-a08f-ad4d787a74a4 62fae09fc55f4d6faa6cb2771886dd1f f0000d67e0dd44b3abf02eb78d769b2c - - default default] 199.204.45.74 "GET /v2.0/security-group-rules?security_group_id=a5c66822-b142-44db-80ad-58c8266aff31 HTTP/1.1" status: 200 len: 1318 time: 0.0352483
2026-07-24 01:10:15.349 15 INFO neutron.db.ovn_revision_numbers_db [None req-31594b50-f2a4-4f9b-a7d9-d33e594c4864 - - - - - -] Successfully bumped revision number for resource 6a3d0a7e-b221-456f-b4f5-11075c4c32f2 (type: networks) to 3
2026-07-24 01:10:15.680 15 INFO neutron.db.ovn_revision_numbers_db [None req-31594b50-f2a4-4f9b-a7d9-d33e594c4864 - - - - - -] Successfully bumped revision number for resource 38311836-ded3-4ccc-afc4-6125784df224 (type: routers) to 5
2026-07-24 01:10:15.747 9 INFO neutron.db.ovn_revision_numbers_db [None req-833ff535-5abd-4269-814d-117a5b5933f7 62fae09fc55f4d6faa6cb2771886dd1f f0000d67e0dd44b3abf02eb78d769b2c - - default default] Successfully bumped revision number for resource 9604b96e-621a-4e8e-99ba-4fee9412fabb (type: ports) to 2
2026-07-24 01:10:15.762 9 INFO neutron.wsgi [None req-833ff535-5abd-4269-814d-117a5b5933f7 62fae09fc55f4d6faa6cb2771886dd1f f0000d67e0dd44b3abf02eb78d769b2c - - default default] 199.204.45.74 "PUT /v2.0/ports/9604b96e-621a-4e8e-99ba-4fee9412fabb HTTP/1.1" status: 200 len: 1332 time: 0.5489554 /var/lib/openstack/lib/python3.10/site-packages/pycadf/identifier.py:71: UserWarning: Invalid uuid: neutron. To ensure interoperability, identifiers should be a valid uuid. warnings.warn(('Invalid uuid: %s. To ensure interoperability, '
2026-07-24 01:10:15.861 9 INFO neutron.wsgi [None req-4f5461a1-cee2-4a23-a808-1242cb3af9a1 62fae09fc55f4d6faa6cb2771886dd1f f0000d67e0dd44b3abf02eb78d769b2c - - default default] 199.204.45.74 "GET /v2.0/extensions/security-group HTTP/1.1" status: 200 len: 369 time: 0.0061281
2026-07-24 01:10:15.872 9 INFO neutron.wsgi [None req-28a8162a-acce-434e-bb33-87a426cf48aa 62fae09fc55f4d6faa6cb2771886dd1f f0000d67e0dd44b3abf02eb78d769b2c - - default default] 199.204.45.74 "GET /v2.0/extensions/dns-integration HTTP/1.1" status: 200 len: 371 time: 0.0064585
2026-07-24 01:10:15.885 9 INFO neutron.wsgi [None req-7ffd6b61-ccc8-4ec6-9f2a-09a89c3141ca 62fae09fc55f4d6faa6cb2771886dd1f f0000d67e0dd44b3abf02eb78d769b2c - - default default] 199.204.45.74 "GET /v2.0/extensions/qos HTTP/1.1" status: 200 len: 365 time: 0.0068047
2026-07-24 01:10:15.893 9 INFO neutron.wsgi [None req-a96ae215-64c4-4f85-8363-fa56366b72fd 62fae09fc55f4d6faa6cb2771886dd1f f0000d67e0dd44b3abf02eb78d769b2c - - default default] 199.204.45.74 "GET /v2.0/extensions/allowed-address-pairs HTTP/1.1" status: 200 len: 383 time: 0.0032504
2026-07-24 01:10:15.936 9 INFO neutron.wsgi [None req-d1633f35-fab2-4108-a172-2d46abd90f84 62fae09fc55f4d6faa6cb2771886dd1f f0000d67e0dd44b3abf02eb78d769b2c - - default default] 199.204.45.74 "GET /v2.0/subnets/6124a52b-51de-4ccb-978a-66123b6dc0bc HTTP/1.1" status: 200 len: 850 time: 0.0358171
2026-07-24 01:10:16.074 10 INFO neutron.wsgi [None req-f2724424-ee77-4f19-9d9a-1d14b12d8386 62fae09fc55f4d6faa6cb2771886dd1f f0000d67e0dd44b3abf02eb78d769b2c - - default default] 10.0.0.162 "DELETE /v2.0/routers/38311836-ded3-4ccc-afc4-6125784df224 HTTP/1.1" status: 204 len: 168 time: 1.2365744
2026-07-24 01:10:16.310 10 INFO neutron.wsgi [None req-1f9e72d2-b225-4242-bc65-d9b968209db0 62fae09fc55f4d6faa6cb2771886dd1f f0000d67e0dd44b3abf02eb78d769b2c - - default default] 10.0.0.162 "DELETE /v2.0/subnets/063af25b-c36f-4cef-bf4d-0999319070a4 HTTP/1.1" status: 204 len: 168 time: 0.2292542
2026-07-24 01:10:16.702 10 INFO neutron.services.segments.plugin [-] Segment 1d97bf47-65b9-405b-ac27-ad9631e4e957 resource provider aggregate not found
2026-07-24 01:10:16.707 10 INFO neutron.services.segments.plugin [-] Segment 1d97bf47-65b9-405b-ac27-ad9631e4e957 resource provider aggregate not found
2026-07-24 01:10:16.723 10 INFO neutron.services.segments.plugin [-] Segment 1d97bf47-65b9-405b-ac27-ad9631e4e957 resource provider not found; error: Placement Client Error (4xx): {"errors": [{"status": 404, "title": "Not Found", "detail": "The resource could not be found.\n\n No resource provider with uuid 1d97bf47-65b9-405b-ac27-ad9631e4e957 found for delete ", "request_id": "req-afd90e52-f45b-43f6-a5d6-668bed0a9cee"}]}
2026-07-24 01:10:16.726 10 INFO neutron.services.segments.plugin [-] Segment 1d97bf47-65b9-405b-ac27-ad9631e4e957 resource provider not found; error: Placement Client Error (4xx): {"errors": [{"status": 404, "title": "Not Found", "detail": "The resource could not be found.\n\n No resource provider with uuid 1d97bf47-65b9-405b-ac27-ad9631e4e957 found for delete ", "request_id": "req-06db931a-e05c-4969-8bdf-060da4f0f6ec"}]}
2026-07-24 01:10:16.754 10 INFO neutron.wsgi [None req-488a0b77-a499-4cd0-a6cd-0058a3d3fc49 62fae09fc55f4d6faa6cb2771886dd1f f0000d67e0dd44b3abf02eb78d769b2c - - default default] 10.0.0.162 "DELETE /v2.0/networks/90d2511b-0e0b-4d84-b64b-adb097ad96ba HTTP/1.1" status: 204 len: 168 time: 0.4386816
2026-07-24 01:10:17.470 10 WARNING neutron_lib.context [None req-d11bd844-7b42-4e31-aec8-966b60a84ed7 52a85188d69a4de0b1a02fec59c9e326 da0019eb6d634eb191339555cb1963fa - - default default] Method 'is_advsvc' is deprecated since 2023.2 release (neutron-lib 3.8.0) and will be removed once support for the old RBAC API policies will be removed from Neutron. Please use method 'is_service_role' instead.
2026-07-24 01:10:17.657 10 INFO neutron.db.ovn_revision_numbers_db [None req-d11bd844-7b42-4e31-aec8-966b60a84ed7 52a85188d69a4de0b1a02fec59c9e326 da0019eb6d634eb191339555cb1963fa - - default default] Successfully bumped revision number for resource 6b1a3aa0-e958-4785-9d1d-64222a587f5d (type: security_groups) to 1
2026-07-24 01:10:17.679 10 INFO neutron.db.ovn_revision_numbers_db [None req-d11bd844-7b42-4e31-aec8-966b60a84ed7 52a85188d69a4de0b1a02fec59c9e326 da0019eb6d634eb191339555cb1963fa - - default default] Successfully bumped revision number for resource 00d80a94-81c7-4a1c-bc13-8be3021e40e9 (type: security_group_rules) to 0
2026-07-24 01:10:17.712 10 INFO neutron.db.ovn_revision_numbers_db [None req-d11bd844-7b42-4e31-aec8-966b60a84ed7 52a85188d69a4de0b1a02fec59c9e326 da0019eb6d634eb191339555cb1963fa - - default default] Successfully bumped revision number for resource 3e6fd048-add7-4f48-aaf0-1ca766cae7a9 (type: security_group_rules) to 0
2026-07-24 01:10:17.740 10 INFO neutron.db.ovn_revision_numbers_db [None req-d11bd844-7b42-4e31-aec8-966b60a84ed7 52a85188d69a4de0b1a02fec59c9e326 da0019eb6d634eb191339555cb1963fa - - default default] Successfully bumped revision number for resource b41d20a7-87ea-4be6-a8de-258ed010b397 (type: security_group_rules) to 0
2026-07-24 01:10:17.759 10 INFO neutron.db.ovn_revision_numbers_db [None req-d11bd844-7b42-4e31-aec8-966b60a84ed7 52a85188d69a4de0b1a02fec59c9e326 da0019eb6d634eb191339555cb1963fa - - default default] Successfully bumped revision number for resource e70a2adc-b2c0-41c6-b0b5-f32581db12fc (type: security_group_rules) to 0
2026-07-24 01:10:17.822 10 INFO neutron.db.segments_db [None req-d11bd844-7b42-4e31-aec8-966b60a84ed7 52a85188d69a4de0b1a02fec59c9e326 da0019eb6d634eb191339555cb1963fa - - default default] Added segment ee39d9bb-1760-4883-bba3-d82f48f09182 of type geneve for network 9eae09aa-8357-4e0d-abdd-d20eb19c858e
2026-07-24 01:10:18.032 10 INFO neutron.db.ovn_revision_numbers_db [None req-d11bd844-7b42-4e31-aec8-966b60a84ed7 52a85188d69a4de0b1a02fec59c9e326 da0019eb6d634eb191339555cb1963fa - - default default] Successfully bumped revision number for resource 9eae09aa-8357-4e0d-abdd-d20eb19c858e (type: networks) to 1
2026-07-24 01:10:18.151 15 INFO neutron.plugins.ml2.drivers.ovn.mech_driver.ovsdb.maintenance [None req-31594b50-f2a4-4f9b-a7d9-d33e594c4864 - - - - - -] Maintenance task: Synchronization finished (took 3.36 seconds)
2026-07-24 01:10:18.232 10 WARNING neutron.scheduler.dhcp_agent_scheduler [None req-d11bd844-7b42-4e31-aec8-966b60a84ed7 52a85188d69a4de0b1a02fec59c9e326 da0019eb6d634eb191339555cb1963fa - - default default] No more DHCP agents
2026-07-24 01:10:18.234 10 WARNING neutron.api.rpc.agentnotifiers.dhcp_rpc_agent_api [None req-d11bd844-7b42-4e31-aec8-966b60a84ed7 52a85188d69a4de0b1a02fec59c9e326 da0019eb6d634eb191339555cb1963fa - - default default] Unable to schedule network 9eae09aa-8357-4e0d-abdd-d20eb19c858e: no agents available; will retry on subsequent port and subnet creation events.
2026-07-24 01:10:18.346 10 INFO neutron.db.ovn_revision_numbers_db [None req-d11bd844-7b42-4e31-aec8-966b60a84ed7 52a85188d69a4de0b1a02fec59c9e326 da0019eb6d634eb191339555cb1963fa - - default default] Successfully bumped revision number for resource 5e658b42-886c-4bba-bc65-c5aff7c466c9 (type: ports) to 1
2026-07-24 01:10:18.376 10 INFO neutron.wsgi [None req-d11bd844-7b42-4e31-aec8-966b60a84ed7 52a85188d69a4de0b1a02fec59c9e326 da0019eb6d634eb191339555cb1963fa - - default default] 10.0.0.162 "POST /v2.0/networks HTTP/1.1" status: 201 len: 831 time: 1.0485399
2026-07-24 01:10:18.385 10 WARNING neutron_lib.context [None req-56440ad8-ea46-4473-82ed-191fba7fbbfb 52a85188d69a4de0b1a02fec59c9e326 da0019eb6d634eb191339555cb1963fa - - default default] Method 'is_advsvc' is deprecated since 2023.2 release (neutron-lib 3.8.0) and will be removed once support for the old RBAC API policies will be removed from Neutron. Please use method 'is_service_role' instead.
2026-07-24 01:10:18.462 9 INFO neutron.wsgi [None req-52eb06c5-0006-495e-bb0d-4669fecc8b65 62fae09fc55f4d6faa6cb2771886dd1f f0000d67e0dd44b3abf02eb78d769b2c - - default default] 10.0.0.162 "PUT /v2.0/routers/1b278fc7-7660-4d9a-8a54-68a70a0e35ff/remove_router_interface HTTP/1.1" status: 200 len: 503 time: 1.7014937 /var/lib/openstack/lib/python3.10/site-packages/pycadf/identifier.py:71: UserWarning: Invalid uuid: neutron. To ensure interoperability, identifiers should be a valid uuid. warnings.warn(('Invalid uuid: %s. To ensure interoperability, '
2026-07-24 01:10:18.488 10 INFO neutron.db.segments_db [None req-56440ad8-ea46-4473-82ed-191fba7fbbfb 52a85188d69a4de0b1a02fec59c9e326 da0019eb6d634eb191339555cb1963fa - - default default] Added segment b41ef90f-8487-4161-bf64-fe39a7bf5153 of type geneve for network f38ba18b-7e14-41e8-ab7c-a5c6c7261b5d
2026-07-24 01:10:18.651 10 INFO neutron.db.ovn_revision_numbers_db [None req-56440ad8-ea46-4473-82ed-191fba7fbbfb 52a85188d69a4de0b1a02fec59c9e326 da0019eb6d634eb191339555cb1963fa - - default default] Successfully bumped revision number for resource f38ba18b-7e14-41e8-ab7c-a5c6c7261b5d (type: networks) to 1
2026-07-24 01:10:18.850 10 WARNING neutron.scheduler.dhcp_agent_scheduler [None req-56440ad8-ea46-4473-82ed-191fba7fbbfb 52a85188d69a4de0b1a02fec59c9e326 da0019eb6d634eb191339555cb1963fa - - default default] No more DHCP agents
2026-07-24 01:10:18.857 10 WARNING neutron.api.rpc.agentnotifiers.dhcp_rpc_agent_api [None req-56440ad8-ea46-4473-82ed-191fba7fbbfb 52a85188d69a4de0b1a02fec59c9e326 da0019eb6d634eb191339555cb1963fa - - default default] Unable to schedule network f38ba18b-7e14-41e8-ab7c-a5c6c7261b5d: no agents available; will retry on subsequent port and subnet creation events.
2026-07-24 01:10:18.983 10 INFO neutron.db.ovn_revision_numbers_db [None req-56440ad8-ea46-4473-82ed-191fba7fbbfb 52a85188d69a4de0b1a02fec59c9e326 da0019eb6d634eb191339555cb1963fa - - default default] Successfully bumped revision number for resource 9bff17a1-2e9f-4c56-a340-ba99f30c75a5 (type: ports) to 1
2026-07-24 01:10:19.007 10 INFO neutron.wsgi [None req-56440ad8-ea46-4473-82ed-191fba7fbbfb 52a85188d69a4de0b1a02fec59c9e326 da0019eb6d634eb191339555cb1963fa - - default default] 10.0.0.162 "POST /v2.0/networks HTTP/1.1" status: 201 len: 829 time: 0.6273434
2026-07-24 01:10:19.072 10 INFO neutron.wsgi [None req-49055e1e-846b-48d4-ba1f-08493381c5dc 52a85188d69a4de0b1a02fec59c9e326 da0019eb6d634eb191339555cb1963fa - - default default] 10.0.0.162 "PUT /v2.0/networks/9eae09aa-8357-4e0d-abdd-d20eb19c858e/tags HTTP/1.1" status: 200 len: 218 time: 0.0589654
2026-07-24 01:10:19.121 10 INFO neutron.wsgi [None req-b0f5de3b-dfcd-4da9-a963-b75b84158b87 52a85188d69a4de0b1a02fec59c9e326 da0019eb6d634eb191339555cb1963fa - - default default] 10.0.0.162 "GET /v2.0/networks/9eae09aa-8357-4e0d-abdd-d20eb19c858e/tags HTTP/1.1" status: 200 len: 218 time: 0.0426269
2026-07-24 01:10:19.180 10 INFO neutron.wsgi [None req-026cb4b9-a35e-436b-96b2-083882e42149 52a85188d69a4de0b1a02fec59c9e326 da0019eb6d634eb191339555cb1963fa - - default default] 10.0.0.162 "PUT /v2.0/networks/f38ba18b-7e14-41e8-ab7c-a5c6c7261b5d/tags HTTP/1.1" status: 200 len: 210 time: 0.0524631
2026-07-24 01:10:19.230 10 INFO neutron.wsgi [None req-dda83616-6966-4a83-96f7-149ebd8920c3 52a85188d69a4de0b1a02fec59c9e326 da0019eb6d634eb191339555cb1963fa - - default default] 10.0.0.162 "GET /v2.0/networks/f38ba18b-7e14-41e8-ab7c-a5c6c7261b5d/tags HTTP/1.1" status: 200 len: 210 time: 0.0443964
2026-07-24 01:10:19.292 10 INFO neutron.wsgi [None req-ac7291d3-518a-4bdf-b6fa-5087f3731979 52a85188d69a4de0b1a02fec59c9e326 da0019eb6d634eb191339555cb1963fa - - default default] 10.0.0.162 "PUT /v2.0/networks/f38ba18b-7e14-41e8-ab7c-a5c6c7261b5d/tags HTTP/1.1" status: 200 len: 205 time: 0.0580378
2026-07-24 01:10:19.518 9 INFO neutron.wsgi [None req-1803c468-5db5-4cbe-b4c8-5288329a01d0 62fae09fc55f4d6faa6cb2771886dd1f f0000d67e0dd44b3abf02eb78d769b2c - - default default] 10.0.0.162 "DELETE /v2.0/routers/1b278fc7-7660-4d9a-8a54-68a70a0e35ff HTTP/1.1" status: 204 len: 168 time: 1.0507689
2026-07-24 01:10:19.583 10 INFO neutron.wsgi [None req-e7140640-a362-4cc9-b638-abe99f08eb4d 52a85188d69a4de0b1a02fec59c9e326 da0019eb6d634eb191339555cb1963fa - - default default] 10.0.0.162 "GET /v2.0/networks/f38ba18b-7e14-41e8-ab7c-a5c6c7261b5d/tags HTTP/1.1" status: 200 len: 205 time: 0.2851019
2026-07-24 01:10:19.649 9 INFO neutron.wsgi [None req-3428d1f6-95f4-441d-b08a-56c210cc7162 52a85188d69a4de0b1a02fec59c9e326 da0019eb6d634eb191339555cb1963fa - - default default] 10.0.0.162 "GET /v2.0/networks/9eae09aa-8357-4e0d-abdd-d20eb19c858e/tags HTTP/1.1" status: 200 len: 218 time: 0.0589807
2026-07-24 01:10:19.764 9 INFO neutron.wsgi [None req-51fa7c00-bb1d-4bb4-8ac2-533a3d5f05e1 62fae09fc55f4d6faa6cb2771886dd1f f0000d67e0dd44b3abf02eb78d769b2c - - default default] 10.0.0.162 "DELETE /v2.0/subnets/aaedab1e-c848-45ea-95fd-d925524d52db HTTP/1.1" status: 204 len: 168 time: 0.2393451
2026-07-24 01:10:20.085 10 INFO neutron.services.segments.plugin [-] Segment ee39d9bb-1760-4883-bba3-d82f48f09182 resource provider aggregate not found
2026-07-24 01:10:20.092 10 INFO neutron.services.segments.plugin [-] Segment ee39d9bb-1760-4883-bba3-d82f48f09182 resource provider aggregate not found
2026-07-24 01:10:20.111 10 INFO neutron.services.segments.plugin [-] Segment ee39d9bb-1760-4883-bba3-d82f48f09182 resource provider not found; error: Placement Client Error (4xx): {"errors": [{"status": 404, "title": "Not Found", "detail": "The resource could not be found.\n\n No resource provider with uuid ee39d9bb-1760-4883-bba3-d82f48f09182 found for delete ", "request_id": "req-fbd7e86f-c806-44e7-8cb4-260300b0d38d"}]}
2026-07-24 01:10:20.113 10 INFO neutron.services.segments.plugin [-] Segment ee39d9bb-1760-4883-bba3-d82f48f09182 resource provider not found; error: Placement Client Error (4xx): {"errors": [{"status": 404, "title": "Not Found", "detail": "The resource could not be found.\n\n No resource provider with uuid ee39d9bb-1760-4883-bba3-d82f48f09182 found for delete ", "request_id": "req-af0fbf09-2d1f-4f1e-909b-f8cbcd5268d3"}]}
2026-07-24 01:10:20.159 10 INFO neutron.wsgi [None req-e500c9ba-9977-4f0f-ad29-3a71b35298f7 52a85188d69a4de0b1a02fec59c9e326 da0019eb6d634eb191339555cb1963fa - - default default] 10.0.0.162 "DELETE /v2.0/networks/9eae09aa-8357-4e0d-abdd-d20eb19c858e HTTP/1.1" status: 204 len: 168 time: 0.5002429
2026-07-24 01:10:20.281 9 INFO neutron.wsgi [req-90a84216-0c16-4822-907d-272b9cd47575 req-e0a7652b-8595-4510-975e-dfff7cf67506 62fae09fc55f4d6faa6cb2771886dd1f f0000d67e0dd44b3abf02eb78d769b2c - - default default] 10.0.0.130 "GET /v2.0/ports?device_id=cf401f6b-c9ac-445b-b37f-8309fbe3d663&device_id=15f68ccd-b535-4447-a82e-8744dd768934 HTTP/1.1" status: 200 len: 3069 time: 0.0495937
2026-07-24 01:10:20.300 10 INFO neutron.wsgi [None req-e1759eb1-3f17-4163-98fe-95b0743e58b6 62fae09fc55f4d6faa6cb2771886dd1f f0000d67e0dd44b3abf02eb78d769b2c - - default default] 10.0.0.162 "DELETE /v2.0/networks/450a8faf-9701-437a-b589-78ab008a98cf HTTP/1.1" status: 204 len: 168 time: 0.5314348
2026-07-24 01:10:20.347 9 INFO neutron.wsgi [req-90a84216-0c16-4822-907d-272b9cd47575 req-b6e577ac-697d-46b3-b8ac-e1b564c1d5b6 62fae09fc55f4d6faa6cb2771886dd1f f0000d67e0dd44b3abf02eb78d769b2c - - default default] 10.0.0.130 "GET /v2.0/security-groups?id=8e47dab5-5d9a-43fb-9b54-d706bbf7f132&fields=id&fields=name HTTP/1.1" status: 200 len: 310 time: 0.0562325
2026-07-24 01:10:20.608 9 INFO neutron.services.segments.plugin [-] Segment b41ef90f-8487-4161-bf64-fe39a7bf5153 resource provider aggregate not found
2026-07-24 01:10:20.613 9 INFO neutron.services.segments.plugin [-] Segment b41ef90f-8487-4161-bf64-fe39a7bf5153 resource provider aggregate not found
2026-07-24 01:10:20.633 9 INFO neutron.services.segments.plugin [-] Segment b41ef90f-8487-4161-bf64-fe39a7bf5153 resource provider not found; error: Placement Client Error (4xx): {"errors": [{"status": 404, "title": "Not Found", "detail": "The resource could not be found.\n\n No resource provider with uuid b41ef90f-8487-4161-bf64-fe39a7bf5153 found for delete ", "request_id": "req-13536139-c323-44a4-baad-e287f9151617"}]}
2026-07-24 01:10:20.647 9 INFO neutron.services.segments.plugin [-] Segment b41ef90f-8487-4161-bf64-fe39a7bf5153 resource provider not found; error: Placement Client Error (4xx): {"errors": [{"status": 404, "title": "Not Found", "detail": "The resource could not be found.\n\n No resource provider with uuid b41ef90f-8487-4161-bf64-fe39a7bf5153 found for delete ", "request_id": "req-b6c922e6-aff0-4c3b-9390-286e654d83d6"}]}
2026-07-24 01:10:20.677 9 INFO neutron.wsgi [None req-8b727fbd-90a9-4302-8b5b-b95d5e69e502 62fae09fc55f4d6faa6cb2771886dd1f f0000d67e0dd44b3abf02eb78d769b2c - - default default] 10.0.0.162 "GET /v2.0/security-groups?tenant_id=c02997d6906a42d2a5620f7628fea112&name=default HTTP/1.1" status: 200 len: 2996 time: 0.0469072
2026-07-24 01:10:20.685 9 INFO neutron.wsgi [None req-cd9d7f2d-32b3-4612-8861-bf251a040341 52a85188d69a4de0b1a02fec59c9e326 da0019eb6d634eb191339555cb1963fa - - default default] 10.0.0.162 "DELETE /v2.0/networks/f38ba18b-7e14-41e8-ab7c-a5c6c7261b5d HTTP/1.1" status: 204 len: 168 time: 0.5122337
2026-07-24 01:10:20.984 10 INFO neutron.wsgi [None req-b06262fa-c87f-411d-afb5-34e3b7acb1b8 62fae09fc55f4d6faa6cb2771886dd1f f0000d67e0dd44b3abf02eb78d769b2c - - default default] 10.0.0.162 "DELETE /v2.0/security-groups/5123c25c-8852-4c7e-b95a-3eff329d635d HTTP/1.1" status: 204 len: 168 time: 0.3011420
2026-07-24 01:10:21.158 9 INFO neutron.wsgi [None req-140a5fd0-f8c2-4c5e-8e05-cfbf9a737106 62fae09fc55f4d6faa6cb2771886dd1f f0000d67e0dd44b3abf02eb78d769b2c - - default default] 10.0.0.162 "GET /v2.0/security-groups?tenant_id=4efdae6b1fef4b45a8b22276b754bd0d&name=default HTTP/1.1" status: 200 len: 2996 time: 0.0520904
2026-07-24 01:10:21.414 9 INFO neutron.wsgi [None req-ad562b87-20e4-4b0f-8796-0c7464de8421 62fae09fc55f4d6faa6cb2771886dd1f f0000d67e0dd44b3abf02eb78d769b2c - - default default] 10.0.0.162 "DELETE /v2.0/security-groups/b4f486f5-8235-451c-be97-432397595ef3 HTTP/1.1" status: 204 len: 168 time: 0.2466130
2026-07-24 01:10:21.584 9 INFO neutron.wsgi [req-c0241fdd-d039-483e-8d91-86478da8b4ca req-ac3dcef1-50dd-42a5-9b10-c9bab8629aad 62fae09fc55f4d6faa6cb2771886dd1f f0000d67e0dd44b3abf02eb78d769b2c - - default default] 10.0.0.130 "GET /v2.0/ports?device_id=cf401f6b-c9ac-445b-b37f-8309fbe3d663&device_id=15f68ccd-b535-4447-a82e-8744dd768934 HTTP/1.1" status: 200 len: 3069 time: 0.0515270
2026-07-24 01:10:21.637 9 INFO neutron.wsgi [req-c0241fdd-d039-483e-8d91-86478da8b4ca req-85c68012-5c08-4ab5-a1c8-b93d1380be7f 62fae09fc55f4d6faa6cb2771886dd1f f0000d67e0dd44b3abf02eb78d769b2c - - default default] 10.0.0.130 "GET /v2.0/security-groups?id=8e47dab5-5d9a-43fb-9b54-d706bbf7f132&fields=id&fields=name HTTP/1.1" status: 200 len: 310 time: 0.0435078
2026-07-24 01:10:22.055 10 INFO neutron.db.ovn_revision_numbers_db [None req-f0d023c2-79d3-418b-a6a3-417171cd4c87 62fae09fc55f4d6faa6cb2771886dd1f f0000d67e0dd44b3abf02eb78d769b2c - - default default] Successfully bumped revision number for resource 0a0a804d-79f9-4362-a06c-5e3f13bff39c (type: security_groups) to 1
2026-07-24 01:10:22.075 10 INFO neutron.db.ovn_revision_numbers_db [None req-f0d023c2-79d3-418b-a6a3-417171cd4c87 62fae09fc55f4d6faa6cb2771886dd1f f0000d67e0dd44b3abf02eb78d769b2c - - default default] Successfully bumped revision number for resource 2345938a-2bc1-49e2-8354-26b5b07c9459 (type: security_group_rules) to 0
2026-07-24 01:10:22.094 10 INFO neutron.db.ovn_revision_numbers_db [None req-f0d023c2-79d3-418b-a6a3-417171cd4c87 62fae09fc55f4d6faa6cb2771886dd1f f0000d67e0dd44b3abf02eb78d769b2c - - default default] Successfully bumped revision number for resource 2398101f-321a-4156-8354-6cc3735f0e16 (type: security_group_rules) to 0
2026-07-24 01:10:22.112 10 INFO neutron.db.ovn_revision_numbers_db [None req-f0d023c2-79d3-418b-a6a3-417171cd4c87 62fae09fc55f4d6faa6cb2771886dd1f f0000d67e0dd44b3abf02eb78d769b2c - - default default] Successfully bumped revision number for resource 4f1ed607-0a34-473e-b234-1e1646b17da2 (type: security_group_rules) to 0
2026-07-24 01:10:22.140 10 INFO neutron.services.segments.plugin [-] Segment eb1a7530-31ae-45f7-bea0-6e77b9a96b51 resource provider aggregate not found
2026-07-24 01:10:22.145 10 INFO neutron.services.segments.plugin [-] Segment eb1a7530-31ae-45f7-bea0-6e77b9a96b51 resource provider aggregate not found
2026-07-24 01:10:22.154 10 INFO neutron.db.ovn_revision_numbers_db [None req-f0d023c2-79d3-418b-a6a3-417171cd4c87 62fae09fc55f4d6faa6cb2771886dd1f f0000d67e0dd44b3abf02eb78d769b2c - - default default] Successfully bumped revision number for resource dd9714ce-2232-4153-90f1-0a0ea917ac79 (type: security_group_rules) to 0
2026-07-24 01:10:22.163 10 INFO neutron.services.segments.plugin [-] Segment eb1a7530-31ae-45f7-bea0-6e77b9a96b51 resource provider not found; error: Placement Client Error (4xx): {"errors": [{"status": 404, "title": "Not Found", "detail": "The resource could not be found.\n\n No resource provider with uuid eb1a7530-31ae-45f7-bea0-6e77b9a96b51 found for delete ", "request_id": "req-c92ec073-4e96-4024-b08f-c18389c10d45"}]}
2026-07-24 01:10:22.168 10 INFO neutron.services.segments.plugin [-] Segment eb1a7530-31ae-45f7-bea0-6e77b9a96b51 resource provider not found; error: Placement Client Error (4xx): {"errors": [{"status": 404, "title": "Not Found", "detail": "The resource could not be found.\n\n No resource provider with uuid eb1a7530-31ae-45f7-bea0-6e77b9a96b51 found for delete ", "request_id": "req-aac1538a-44bc-420b-bf74-995266b17ace"}]}
2026-07-24 01:10:22.188 10 INFO neutron.wsgi [None req-f0d023c2-79d3-418b-a6a3-417171cd4c87 62fae09fc55f4d6faa6cb2771886dd1f f0000d67e0dd44b3abf02eb78d769b2c - - default default] 10.0.0.162 "GET /v2.0/security-groups?tenant_id=c8d2385e2a584245a2b3ae35fdf4e19c&name=default HTTP/1.1" status: 200 len: 3000 time: 0.6288719
2026-07-24 01:10:22.422 10 INFO neutron.wsgi [None req-58809960-1aa6-4771-ac24-a1803575fb07 62fae09fc55f4d6faa6cb2771886dd1f f0000d67e0dd44b3abf02eb78d769b2c - - default default] 10.0.0.162 "DELETE /v2.0/security-groups/0a0a804d-79f9-4362-a06c-5e3f13bff39c HTTP/1.1" status: 204 len: 168 time: 0.2266574
2026-07-24 01:10:22.564 9 INFO neutron.wsgi [None req-8284527f-f011-4ed5-9d65-adc4c025b361 62fae09fc55f4d6faa6cb2771886dd1f f0000d67e0dd44b3abf02eb78d769b2c - - default default] 10.0.0.162 "GET /v2.0/security-groups?tenant_id=da0019eb6d634eb191339555cb1963fa&name=default HTTP/1.1" status: 200 len: 3000 time: 0.0403814
2026-07-24 01:10:22.826 10 INFO neutron.wsgi [None req-762a4f0c-b678-43a9-8192-6f6df0037c33 62fae09fc55f4d6faa6cb2771886dd1f f0000d67e0dd44b3abf02eb78d769b2c - - default default] 10.0.0.162 "DELETE /v2.0/security-groups/6b1a3aa0-e958-4785-9d1d-64222a587f5d HTTP/1.1" status: 204 len: 168 time: 0.2575765
2026-07-24 01:10:23.784 9 INFO neutron.wsgi [req-91ba030e-9266-4b71-bc75-53c608f2bbc9 req-f6a834e3-f65b-4939-8680-0d720683371f 62fae09fc55f4d6faa6cb2771886dd1f f0000d67e0dd44b3abf02eb78d769b2c - - default default] 10.0.0.130 "GET /v2.0/security-groups?id=a50364d3-e041-4d3a-aa0b-e62eb168099b&fields=id HTTP/1.1" status: 200 len: 267 time: 0.0406189
2026-07-24 01:10:23.808 10 INFO neutron.wsgi [-] 10.0.0.128 "GET / HTTP/1.1" status: 200 len: 247 time: 0.0020177
2026-07-24 01:10:23.810 10 INFO neutron.wsgi [-] 10.0.0.128 "GET / HTTP/1.1" status: 200 len: 247 time: 0.0013156
2026-07-24 01:10:23.877 9 INFO neutron.wsgi [req-91ba030e-9266-4b71-bc75-53c608f2bbc9 req-52a83604-04cb-4e3a-b94e-a67bfc10409f 62fae09fc55f4d6faa6cb2771886dd1f f0000d67e0dd44b3abf02eb78d769b2c - - default default] 10.0.0.130 "GET /v2.0/networks?id=e404d35e-3ce3-4df5-83e4-c230d6c808ea HTTP/1.1" status: 200 len: 937 time: 0.0841744
2026-07-24 01:10:23.900 9 INFO neutron.wsgi [req-91ba030e-9266-4b71-bc75-53c608f2bbc9 req-652cfcf4-bcff-469a-9dc8-2b5c383e9a6e 62fae09fc55f4d6faa6cb2771886dd1f f0000d67e0dd44b3abf02eb78d769b2c - - default default] 10.0.0.130 "GET /v2.0/quotas/f0000d67e0dd44b3abf02eb78d769b2c HTTP/1.1" status: 200 len: 385 time: 0.0134103
2026-07-24 01:10:23.973 9 INFO neutron.wsgi [req-91ba030e-9266-4b71-bc75-53c608f2bbc9 req-f8822561-a97a-471e-ac36-d001be0141d1 62fae09fc55f4d6faa6cb2771886dd1f f0000d67e0dd44b3abf02eb78d769b2c - - default default] 10.0.0.130 "GET /v2.0/ports?tenant_id=f0000d67e0dd44b3abf02eb78d769b2c&fields=id HTTP/1.1" status: 200 len: 348 time: 0.0654292
2026-07-24 01:10:24.050 9 INFO neutron.wsgi [req-91ba030e-9266-4b71-bc75-53c608f2bbc9 req-941331b4-1dd1-47df-93b3-d4edc3bff692 5b1195e95bc648b98e3cd81287838f61 03e397f6b0c9450a88ac58208c027f30 - - 392ff6c0b2584d0ba60bd617569b29fb 392ff6c0b2584d0ba60bd617569b29fb] 10.0.0.130 "GET /v2.0/networks/e404d35e-3ce3-4df5-83e4-c230d6c808ea?fields=segments HTTP/1.1" status: 200 len: 212 time: 0.0580075
2026-07-24 01:10:24.109 9 INFO neutron.wsgi [req-91ba030e-9266-4b71-bc75-53c608f2bbc9 req-14f2e677-f81c-4b4a-91c0-d2705db23cee 5b1195e95bc648b98e3cd81287838f61 03e397f6b0c9450a88ac58208c027f30 - - 392ff6c0b2584d0ba60bd617569b29fb 392ff6c0b2584d0ba60bd617569b29fb] 10.0.0.130 "GET /v2.0/networks/e404d35e-3ce3-4df5-83e4-c230d6c808ea?fields=provider%3Aphysical_network&fields=provider%3Anetwork_type HTTP/1.1" status: 200 len: 277 time: 0.0517364
2026-07-24 01:10:24.696 9 INFO neutron.wsgi [req-11fd38f7-610b-4690-bfcf-238bf09d7c51 req-0d2084c3-9d96-40fd-904e-a1b6219cb1d3 62fae09fc55f4d6faa6cb2771886dd1f f0000d67e0dd44b3abf02eb78d769b2c - - default default] 10.0.0.130 "GET /v2.0/ports?device_id=5fec122d-a9c2-4711-af1e-47204f8d002e HTTP/1.1" status: 200 len: 210 time: 0.0221853
2026-07-24 01:10:24.774 9 INFO neutron.wsgi [req-a655a25d-5611-44f6-8c9c-812381cf14f7 req-aaa3dd68-ae9a-453e-b00d-b4e25ba7fe74 62fae09fc55f4d6faa6cb2771886dd1f f0000d67e0dd44b3abf02eb78d769b2c - - default default] 10.0.0.130 "GET /v2.0/ports?device_id=5fec122d-a9c2-4711-af1e-47204f8d002e HTTP/1.1" status: 200 len: 210 time: 0.0243547
2026-07-24 01:10:25.408 9 INFO neutron.wsgi [req-91ba030e-9266-4b71-bc75-53c608f2bbc9 req-3f262220-f862-4ed4-9259-3f865c1a7c03 62fae09fc55f4d6faa6cb2771886dd1f f0000d67e0dd44b3abf02eb78d769b2c - - default default] 199.204.45.74 "GET /v2.0/networks?id=e404d35e-3ce3-4df5-83e4-c230d6c808ea HTTP/1.1" status: 200 len: 937 time: 0.0874362
2026-07-24 01:10:25.481 9 INFO neutron.wsgi [req-91ba030e-9266-4b71-bc75-53c608f2bbc9 req-0a7a86e0-2dd7-4845-97a1-ada9f2923a27 62fae09fc55f4d6faa6cb2771886dd1f f0000d67e0dd44b3abf02eb78d769b2c - - default default] 199.204.45.74 "GET /v2.0/security-groups?fields=id&fields=name&tenant_id=f0000d67e0dd44b3abf02eb78d769b2c HTTP/1.1" status: 200 len: 542 time: 0.0680311
2026-07-24 01:10:26.109 9 WARNING neutron.scheduler.dhcp_agent_scheduler [req-91ba030e-9266-4b71-bc75-53c608f2bbc9 req-f9775a8f-7bf7-4b28-a561-3fc567903150 62fae09fc55f4d6faa6cb2771886dd1f f0000d67e0dd44b3abf02eb78d769b2c - - default default] No more DHCP agents
2026-07-24 01:10:26.111 9 WARNING neutron.api.rpc.agentnotifiers.dhcp_rpc_agent_api [req-91ba030e-9266-4b71-bc75-53c608f2bbc9 req-f9775a8f-7bf7-4b28-a561-3fc567903150 62fae09fc55f4d6faa6cb2771886dd1f f0000d67e0dd44b3abf02eb78d769b2c - - default default] Unable to schedule network e404d35e-3ce3-4df5-83e4-c230d6c808ea: no agents available; will retry on subsequent port and subnet creation events.
2026-07-24 01:10:26.250 9 INFO neutron.db.ovn_revision_numbers_db [req-91ba030e-9266-4b71-bc75-53c608f2bbc9 req-f9775a8f-7bf7-4b28-a561-3fc567903150 62fae09fc55f4d6faa6cb2771886dd1f f0000d67e0dd44b3abf02eb78d769b2c - - default default] Successfully bumped revision number for resource e10b92ea-c665-4533-a82f-ae005f2644f5 (type: ports) to 1
2026-07-24 01:10:26.262 10 WARNING neutron_lib.context [None req-129e29ac-46ca-40cf-8b6e-70e7784b5211 0311fea41db047b09f9f2554f30799f7 0493427e68d44df08fb3a01d4493eb2c - - default default] Method 'is_advsvc' is deprecated since 2023.2 release (neutron-lib 3.8.0) and will be removed once support for the old RBAC API policies will be removed from Neutron. Please use method 'is_service_role' instead.
2026-07-24 01:10:26.277 9 INFO neutron.wsgi [req-91ba030e-9266-4b71-bc75-53c608f2bbc9 req-f9775a8f-7bf7-4b28-a561-3fc567903150 62fae09fc55f4d6faa6cb2771886dd1f f0000d67e0dd44b3abf02eb78d769b2c - - default default] 199.204.45.74 "POST /v2.0/ports HTTP/1.1" status: 201 len: 1287 time: 0.7857370 /var/lib/openstack/lib/python3.10/site-packages/pycadf/identifier.py:71: UserWarning: Invalid uuid: neutron. To ensure interoperability, identifiers should be a valid uuid. warnings.warn(('Invalid uuid: %s. To ensure interoperability, '
2026-07-24 01:10:26.567 10 WARNING neutron.scheduler.dhcp_agent_scheduler [None req-129e29ac-46ca-40cf-8b6e-70e7784b5211 0311fea41db047b09f9f2554f30799f7 0493427e68d44df08fb3a01d4493eb2c - - default default] No more DHCP agents
2026-07-24 01:10:26.570 10 WARNING neutron.api.rpc.agentnotifiers.dhcp_rpc_agent_api [None req-129e29ac-46ca-40cf-8b6e-70e7784b5211 0311fea41db047b09f9f2554f30799f7 0493427e68d44df08fb3a01d4493eb2c - - default default] Unable to schedule network 1fbc47eb-ff30-409f-aace-73c56d09cabf: no agents available; will retry on subsequent port and subnet creation events.
2026-07-24 01:10:26.885 9 INFO neutron.db.ovn_revision_numbers_db [req-91ba030e-9266-4b71-bc75-53c608f2bbc9 req-b81b4c89-6d5b-40d0-9aac-9fe6d459f9d1 5b1195e95bc648b98e3cd81287838f61 03e397f6b0c9450a88ac58208c027f30 - - 392ff6c0b2584d0ba60bd617569b29fb 392ff6c0b2584d0ba60bd617569b29fb] Successfully bumped revision number for resource e10b92ea-c665-4533-a82f-ae005f2644f5 (type: ports) to 2
2026-07-24 01:10:27.177 10 INFO neutron.db.ovn_revision_numbers_db [None req-129e29ac-46ca-40cf-8b6e-70e7784b5211 0311fea41db047b09f9f2554f30799f7 0493427e68d44df08fb3a01d4493eb2c - - default default] Successfully bumped revision number for resource 7eba17d9-7872-4516-954c-1448619dc800 (type: floatingips) to 0
2026-07-24 01:10:27.180 10 INFO neutron.db.ovn_revision_numbers_db [None req-77485148-2c2f-44a6-93e1-30fd22b78e71 62fae09fc55f4d6faa6cb2771886dd1f f0000d67e0dd44b3abf02eb78d769b2c - - default default] Successfully bumped revision number for resource 6a44d562-7f41-4411-a785-31710f4bc048 (type: security_groups) to 1
2026-07-24 01:10:27.229 10 INFO neutron.db.ovn_revision_numbers_db [None req-77485148-2c2f-44a6-93e1-30fd22b78e71 62fae09fc55f4d6faa6cb2771886dd1f f0000d67e0dd44b3abf02eb78d769b2c - - default default] Successfully bumped revision number for resource 228b4a21-354e-48fe-9cdd-3274c07d67b7 (type: security_group_rules) to 0
2026-07-24 01:10:27.235 10 INFO neutron.wsgi [None req-129e29ac-46ca-40cf-8b6e-70e7784b5211 0311fea41db047b09f9f2554f30799f7 0493427e68d44df08fb3a01d4493eb2c - - default default] 10.0.0.162 "POST /v2.0/floatingips HTTP/1.1" status: 201 len: 751 time: 1.1591101
2026-07-24 01:10:27.247 10 WARNING neutron_lib.context [None req-fe5a53fc-5481-46d8-a417-8644eb4f4886 0311fea41db047b09f9f2554f30799f7 0493427e68d44df08fb3a01d4493eb2c - - default default] Method 'is_advsvc' is deprecated since 2023.2 release (neutron-lib 3.8.0) and will be removed once support for the old RBAC API policies will be removed from Neutron. Please use method 'is_service_role' instead.
2026-07-24 01:10:27.274 9 INFO neutron.db.ovn_revision_numbers_db [req-91ba030e-9266-4b71-bc75-53c608f2bbc9 req-b81b4c89-6d5b-40d0-9aac-9fe6d459f9d1 5b1195e95bc648b98e3cd81287838f61 03e397f6b0c9450a88ac58208c027f30 - - 392ff6c0b2584d0ba60bd617569b29fb 392ff6c0b2584d0ba60bd617569b29fb] Successfully bumped revision number for resource e10b92ea-c665-4533-a82f-ae005f2644f5 (type: ports) to 2
2026-07-24 01:10:27.295 9 INFO neutron.wsgi [req-91ba030e-9266-4b71-bc75-53c608f2bbc9 req-b81b4c89-6d5b-40d0-9aac-9fe6d459f9d1 5b1195e95bc648b98e3cd81287838f61 03e397f6b0c9450a88ac58208c027f30 - - 392ff6c0b2584d0ba60bd617569b29fb 392ff6c0b2584d0ba60bd617569b29fb] 199.204.45.74 "PUT /v2.0/ports/e10b92ea-c665-4533-a82f-ae005f2644f5 HTTP/1.1" status: 200 len: 1384 time: 1.0122840
2026-07-24 01:10:27.304 10 INFO neutron.db.ovn_revision_numbers_db [None req-77485148-2c2f-44a6-93e1-30fd22b78e71 62fae09fc55f4d6faa6cb2771886dd1f f0000d67e0dd44b3abf02eb78d769b2c - - default default] Successfully bumped revision number for resource 277cd1aa-7f45-427d-92ba-df3130223722 (type: security_group_rules) to 0
2026-07-24 01:10:27.330 9 INFO neutron.notifiers.nova [-] Nova event matching ['req-ea5ab95c-45e1-4854-9913-3a8f185cec52'] response: {'name': 'network-changed', 'server_uuid': '5fec122d-a9c2-4711-af1e-47204f8d002e', 'tag': 'e10b92ea-c665-4533-a82f-ae005f2644f5', 'status': 'completed', 'code': 200} /var/lib/openstack/lib/python3.10/site-packages/pycadf/identifier.py:71: UserWarning: Invalid uuid: neutron. To ensure interoperability, identifiers should be a valid uuid. warnings.warn(('Invalid uuid: %s. To ensure interoperability, '
2026-07-24 01:10:27.381 10 INFO neutron.db.ovn_revision_numbers_db [None req-77485148-2c2f-44a6-93e1-30fd22b78e71 62fae09fc55f4d6faa6cb2771886dd1f f0000d67e0dd44b3abf02eb78d769b2c - - default default] Successfully bumped revision number for resource 51730a8c-bd43-4187-b0e6-23e55ae2b39f (type: security_group_rules) to 0
2026-07-24 01:10:27.397 9 INFO neutron.wsgi [req-10bea1df-8f1c-4e6c-844e-b73c6938f8b0 req-9e8aa6ff-c191-449f-915e-58a4f5e04677 5b1195e95bc648b98e3cd81287838f61 03e397f6b0c9450a88ac58208c027f30 - - 392ff6c0b2584d0ba60bd617569b29fb 392ff6c0b2584d0ba60bd617569b29fb] 199.204.45.74 "GET /v2.0/ports?tenant_id=f0000d67e0dd44b3abf02eb78d769b2c&device_id=5fec122d-a9c2-4711-af1e-47204f8d002e HTTP/1.1" status: 200 len: 1415 time: 0.0479395
2026-07-24 01:10:27.496 10 INFO neutron.db.ovn_revision_numbers_db [None req-77485148-2c2f-44a6-93e1-30fd22b78e71 62fae09fc55f4d6faa6cb2771886dd1f f0000d67e0dd44b3abf02eb78d769b2c - - default default] Successfully bumped revision number for resource 57a46876-0234-4572-8827-13db3e07f9e8 (type: security_group_rules) to 0
2026-07-24 01:10:27.503 9 INFO neutron.wsgi [req-10bea1df-8f1c-4e6c-844e-b73c6938f8b0 req-75df0f68-a38f-4535-9619-e6208cda95f3 5b1195e95bc648b98e3cd81287838f61 03e397f6b0c9450a88ac58208c027f30 - - 392ff6c0b2584d0ba60bd617569b29fb 392ff6c0b2584d0ba60bd617569b29fb] 199.204.45.74 "GET /v2.0/networks?tenant_id=f0000d67e0dd44b3abf02eb78d769b2c&shared=False HTTP/1.1" status: 200 len: 937 time: 0.0971799
2026-07-24 01:10:27.531 10 INFO neutron.wsgi [None req-77485148-2c2f-44a6-93e1-30fd22b78e71 62fae09fc55f4d6faa6cb2771886dd1f f0000d67e0dd44b3abf02eb78d769b2c - - default default] 10.0.0.162 "GET /v2.0/security-groups?tenant_id=6daab312ec464c8d90893907e84d76dc&name=default HTTP/1.1" status: 200 len: 3000 time: 0.8738451
2026-07-24 01:10:27.610 10 WARNING neutron.scheduler.dhcp_agent_scheduler [None req-fe5a53fc-5481-46d8-a417-8644eb4f4886 0311fea41db047b09f9f2554f30799f7 0493427e68d44df08fb3a01d4493eb2c - - default default] No more DHCP agents
2026-07-24 01:10:27.615 10 WARNING neutron.api.rpc.agentnotifiers.dhcp_rpc_agent_api [None req-fe5a53fc-5481-46d8-a417-8644eb4f4886 0311fea41db047b09f9f2554f30799f7 0493427e68d44df08fb3a01d4493eb2c - - default default] Unable to schedule network 1fbc47eb-ff30-409f-aace-73c56d09cabf: no agents available; will retry on subsequent port and subnet creation events.
2026-07-24 01:10:27.630 9 INFO neutron.wsgi [req-10bea1df-8f1c-4e6c-844e-b73c6938f8b0 req-6d57557c-b5f7-43e6-a0c6-0c8a7592e77d 5b1195e95bc648b98e3cd81287838f61 03e397f6b0c9450a88ac58208c027f30 - - 392ff6c0b2584d0ba60bd617569b29fb 392ff6c0b2584d0ba60bd617569b29fb] 199.204.45.74 "GET /v2.0/networks?shared=True HTTP/1.1" status: 200 len: 952 time: 0.1206019
2026-07-24 01:10:27.716 9 INFO neutron.wsgi [req-91ba030e-9266-4b71-bc75-53c608f2bbc9 req-0aa4b866-7c02-4eb3-927d-ca100bfd20b1 5b1195e95bc648b98e3cd81287838f61 03e397f6b0c9450a88ac58208c027f30 - - 392ff6c0b2584d0ba60bd617569b29fb 392ff6c0b2584d0ba60bd617569b29fb] 199.204.45.74 "GET /v2.0/ports?tenant_id=f0000d67e0dd44b3abf02eb78d769b2c&device_id=5fec122d-a9c2-4711-af1e-47204f8d002e HTTP/1.1" status: 200 len: 1415 time: 0.0509527
2026-07-24 01:10:27.758 9 INFO neutron.wsgi [req-91ba030e-9266-4b71-bc75-53c608f2bbc9 req-3ee5229d-9fa3-4670-bcbd-8b39e0be1226 5b1195e95bc648b98e3cd81287838f61 03e397f6b0c9450a88ac58208c027f30 - - 392ff6c0b2584d0ba60bd617569b29fb 392ff6c0b2584d0ba60bd617569b29fb] 199.204.45.74 "GET /v2.0/floatingips?fixed_ip_address=172.24.2.139&port_id=e10b92ea-c665-4533-a82f-ae005f2644f5 HTTP/1.1" status: 200 len: 217 time: 0.0334334
