2026-07-16 01:36:43.612 8 INFO placement.requestlog [None req-4bedbe54-b2df-4aaf-9689-5b31b1f36969 bb27e37f5c6e43758fd93c6ae3c5dc58 04916a27766149adafafcd39c76de47b - - 717022ae26bd4541851b815dc01e4a76 717022ae26bd4541851b815dc01e4a76] 10.0.0.140 "DELETE /resource_providers/d687dd1a-a68f-4af8-ba12-4ae41792c8e7" status: 404 len: 246 microversion: 1.1 [pid: 8|app: 0|req: 565/1128] 10.0.0.140 () {34 vars in 816 bytes} [Thu Jul 16 01:36:43 2026] DELETE /resource_providers/d687dd1a-a68f-4af8-ba12-4ae41792c8e7 => generated 246 bytes in 35 msecs (HTTP/1.1 404) 6 headers in 231 bytes (1 switches on core 0)
2026-07-16 01:36:44.913 7 INFO placement.requestlog [req-8ada7c9d-c5ba-4097-ad27-16dbb6b9c5d9 req-f10498a8-2d3d-479b-bff3-15c30ba17218 f850f1e722e3451da79653714d058d26 04916a27766149adafafcd39c76de47b - - 717022ae26bd4541851b815dc01e4a76 717022ae26bd4541851b815dc01e4a76] 10.0.0.185 "GET /allocation_candidates?limit=1000&resources=DISK_GB%3A1%2CMEMORY_MB%3A512%2CVCPU%3A1&root_required=%21COMPUTE_STATUS_DISABLED" status: 200 len: 2781 microversion: 1.36 [pid: 7|app: 0|req: 564/1129] 10.0.0.185 () {34 vars in 1012 bytes} [Thu Jul 16 01:36:44 2026] GET /allocation_candidates?limit=1000&resources=DISK_GB%3A1%2CMEMORY_MB%3A512%2CVCPU%3A1&root_required=%21COMPUTE_STATUS_DISABLED => generated 2781 bytes in 53 msecs (HTTP/1.1 200) 8 headers in 297 bytes (1 switches on core 0)
2026-07-16 01:36:44.944 8 INFO placement.requestlog [req-8ada7c9d-c5ba-4097-ad27-16dbb6b9c5d9 req-feef306a-fa9e-44ca-a480-414ae04e4c75 f850f1e722e3451da79653714d058d26 04916a27766149adafafcd39c76de47b - - 717022ae26bd4541851b815dc01e4a76 717022ae26bd4541851b815dc01e4a76] 10.0.0.185 "GET /allocations/f2df5c30-14d4-4ee9-9129-92d9c1f2731c" status: 200 len: 19 microversion: 1.28 [pid: 8|app: 0|req: 566/1130] 10.0.0.185 () {34 vars in 861 bytes} [Thu Jul 16 01:36:44 2026] GET /allocations/f2df5c30-14d4-4ee9-9129-92d9c1f2731c => generated 19 bytes in 12 msecs (HTTP/1.1 200) 8 headers in 295 bytes (1 switches on core 0)
2026-07-16 01:36:45.085 7 INFO placement.requestlog [req-8ada7c9d-c5ba-4097-ad27-16dbb6b9c5d9 req-b7c54ead-e2f0-4519-b55f-17437e6ce015 f850f1e722e3451da79653714d058d26 04916a27766149adafafcd39c76de47b - - 717022ae26bd4541851b815dc01e4a76 717022ae26bd4541851b815dc01e4a76] 10.0.0.185 "PUT /allocations/f2df5c30-14d4-4ee9-9129-92d9c1f2731c" status: 204 len: 0 microversion: 1.36 [pid: 7|app: 0|req: 565/1131] 10.0.0.185 () {38 vars in 914 bytes} [Thu Jul 16 01:36:44 2026] PUT /allocations/f2df5c30-14d4-4ee9-9129-92d9c1f2731c => generated 0 bytes in 135 msecs (HTTP/1.1 204) 5 headers in 199 bytes (1 switches on core 0)
2026-07-16 01:36:46.561 8 INFO placement.requestlog [req-8ada7c9d-c5ba-4097-ad27-16dbb6b9c5d9 req-22a7922d-51e4-4875-bf4f-f49cfde6489e f850f1e722e3451da79653714d058d26 04916a27766149adafafcd39c76de47b - - 717022ae26bd4541851b815dc01e4a76 717022ae26bd4541851b815dc01e4a76] 199.204.45.205 "GET /allocations/f2df5c30-14d4-4ee9-9129-92d9c1f2731c" status: 200 len: 258 microversion: 1.28 [pid: 8|app: 0|req: 567/1132] 199.204.45.205 () {34 vars in 863 bytes} [Thu Jul 16 01:36:46 2026] GET /allocations/f2df5c30-14d4-4ee9-9129-92d9c1f2731c => generated 258 bytes in 14 msecs (HTTP/1.1 200) 8 headers in 296 bytes (1 switches on core 0)
2026-07-16 01:36:47.598 7 INFO placement.requestlog [req-8ada7c9d-c5ba-4097-ad27-16dbb6b9c5d9 req-ce80fbca-d8d5-4ec8-a1ac-092885cbfb7e f850f1e722e3451da79653714d058d26 04916a27766149adafafcd39c76de47b - - 717022ae26bd4541851b815dc01e4a76 717022ae26bd4541851b815dc01e4a76] 199.204.45.205 "GET /resource_providers/60f70792-0ca3-4df1-9d24-878ea0889a23/allocations" status: 200 len: 153 microversion: 1.0 [pid: 7|app: 0|req: 566/1133] 199.204.45.205 () {32 vars in 857 bytes} [Thu Jul 16 01:36:47 2026] GET /resource_providers/60f70792-0ca3-4df1-9d24-878ea0889a23/allocations => generated 153 bytes in 14 msecs (HTTP/1.1 200) 6 headers in 224 bytes (1 switches on core 0)
2026-07-16 01:36:47.611 8 INFO placement.requestlog [req-8ada7c9d-c5ba-4097-ad27-16dbb6b9c5d9 req-05da174c-ccac-4e00-ae0b-376020fb89fb f850f1e722e3451da79653714d058d26 04916a27766149adafafcd39c76de47b - - 717022ae26bd4541851b815dc01e4a76 717022ae26bd4541851b815dc01e4a76] 199.204.45.205 "GET /allocations/f2df5c30-14d4-4ee9-9129-92d9c1f2731c" status: 200 len: 258 microversion: 1.28 [pid: 8|app: 0|req: 568/1134] 199.204.45.205 () {34 vars in 863 bytes} [Thu Jul 16 01:36:47 2026] GET /allocations/f2df5c30-14d4-4ee9-9129-92d9c1f2731c => generated 258 bytes in 10 msecs (HTTP/1.1 200) 8 headers in 296 bytes (1 switches on core 0)
2026-07-16 01:36:51.543 7 INFO placement.requestlog [None req-cf83fb5b-54ce-4939-aa46-9b234f5832b9 - - - - - -] 10.0.0.139 "GET /" status: 200 len: 136 microversion: 1.0
2026-07-16 01:36:51.543 8 INFO placement.requestlog [None req-211ff162-cfa1-400f-8c35-49d5c960439d - - - - - -] 10.0.0.139 "GET /" status: 200 len: 136 microversion: 1.0
2026-07-16 01:37:00.987 7 INFO placement.requestlog [req-c5c6f075-ef26-4a28-966a-1a9bee5094fc req-1127a287-7056-4016-bcd5-6c322c2a758b f850f1e722e3451da79653714d058d26 04916a27766149adafafcd39c76de47b - - 717022ae26bd4541851b815dc01e4a76 717022ae26bd4541851b815dc01e4a76] 10.0.0.185 "GET /allocation_candidates?limit=1000&resources=DISK_GB%3A1%2CMEMORY_MB%3A512%2CVCPU%3A1&root_required=%21COMPUTE_STATUS_DISABLED" status: 200 len: 2783 microversion: 1.36 [pid: 7|app: 0|req: 568/1137] 10.0.0.185 () {34 vars in 1012 bytes} [Thu Jul 16 01:37:00 2026] GET /allocation_candidates?limit=1000&resources=DISK_GB%3A1%2CMEMORY_MB%3A512%2CVCPU%3A1&root_required=%21COMPUTE_STATUS_DISABLED => generated 2783 bytes in 36 msecs (HTTP/1.1 200) 8 headers in 297 bytes (1 switches on core 0)
2026-07-16 01:37:01.015 8 INFO placement.requestlog [req-c5c6f075-ef26-4a28-966a-1a9bee5094fc req-2d6ae567-6d63-45a1-a12f-d39624f4e95a f850f1e722e3451da79653714d058d26 04916a27766149adafafcd39c76de47b - - 717022ae26bd4541851b815dc01e4a76 717022ae26bd4541851b815dc01e4a76] 10.0.0.185 "GET /allocations/ecb0b94a-2da3-437d-b50a-b127bc1e2da7" status: 200 len: 19 microversion: 1.28 [pid: 8|app: 0|req: 570/1138] 10.0.0.185 () {34 vars in 861 bytes} [Thu Jul 16 01:37:01 2026] GET /allocations/ecb0b94a-2da3-437d-b50a-b127bc1e2da7 => generated 19 bytes in 8 msecs (HTTP/1.1 200) 8 headers in 295 bytes (1 switches on core 0)
2026-07-16 01:37:01.078 7 INFO placement.requestlog [req-c5c6f075-ef26-4a28-966a-1a9bee5094fc req-3c87f7cc-90b8-4de4-a043-999b5e6abc85 f850f1e722e3451da79653714d058d26 04916a27766149adafafcd39c76de47b - - 717022ae26bd4541851b815dc01e4a76 717022ae26bd4541851b815dc01e4a76] 10.0.0.185 "PUT /allocations/ecb0b94a-2da3-437d-b50a-b127bc1e2da7" status: 204 len: 0 microversion: 1.36 [pid: 7|app: 0|req: 569/1139] 10.0.0.185 () {38 vars in 914 bytes} [Thu Jul 16 01:37:01 2026] PUT /allocations/ecb0b94a-2da3-437d-b50a-b127bc1e2da7 => generated 0 bytes in 55 msecs (HTTP/1.1 204) 5 headers in 199 bytes (1 switches on core 0)
2026-07-16 01:37:01.544 8 INFO placement.requestlog [None req-177449ba-c426-4ef4-be61-393a12875158 - - - - - -] 10.0.0.139 "GET /" status: 200 len: 136 microversion: 1.0
2026-07-16 01:37:01.545 7 INFO placement.requestlog [None req-d23c42ba-1c41-4222-9fbe-5108ec21cc38 - - - - - -] 10.0.0.139 "GET /" status: 200 len: 136 microversion: 1.0
2026-07-16 01:37:02.598 8 INFO placement.requestlog [req-c5c6f075-ef26-4a28-966a-1a9bee5094fc req-276786d4-707b-4c59-9d6c-0f939f68a3cd f850f1e722e3451da79653714d058d26 04916a27766149adafafcd39c76de47b - - 717022ae26bd4541851b815dc01e4a76 717022ae26bd4541851b815dc01e4a76] 199.204.45.205 "GET /allocations/ecb0b94a-2da3-437d-b50a-b127bc1e2da7" status: 200 len: 258 microversion: 1.28 [pid: 8|app: 0|req: 572/1142] 199.204.45.205 () {34 vars in 863 bytes} [Thu Jul 16 01:37:02 2026] GET /allocations/ecb0b94a-2da3-437d-b50a-b127bc1e2da7 => generated 258 bytes in 10 msecs (HTTP/1.1 200) 8 headers in 296 bytes (1 switches on core 0)
2026-07-16 01:37:03.637 7 INFO placement.requestlog [req-c5c6f075-ef26-4a28-966a-1a9bee5094fc req-8bf5b21f-b85a-42f5-85e6-223baf3acfea f850f1e722e3451da79653714d058d26 04916a27766149adafafcd39c76de47b - - 717022ae26bd4541851b815dc01e4a76 717022ae26bd4541851b815dc01e4a76] 199.204.45.205 "GET /resource_providers/60f70792-0ca3-4df1-9d24-878ea0889a23/allocations" status: 200 len: 253 microversion: 1.0 [pid: 7|app: 0|req: 571/1143] 199.204.45.205 () {32 vars in 857 bytes} [Thu Jul 16 01:37:03 2026] GET /resource_providers/60f70792-0ca3-4df1-9d24-878ea0889a23/allocations => generated 253 bytes in 16 msecs (HTTP/1.1 200) 6 headers in 224 bytes (1 switches on core 0)
2026-07-16 01:37:03.656 8 INFO placement.requestlog [req-c5c6f075-ef26-4a28-966a-1a9bee5094fc req-c2c07cc5-ce06-4d68-85d5-5b87c776766c f850f1e722e3451da79653714d058d26 04916a27766149adafafcd39c76de47b - - 717022ae26bd4541851b815dc01e4a76 717022ae26bd4541851b815dc01e4a76] 199.204.45.205 "GET /allocations/ecb0b94a-2da3-437d-b50a-b127bc1e2da7" status: 200 len: 258 microversion: 1.28 [pid: 8|app: 0|req: 573/1144] 199.204.45.205 () {34 vars in 863 bytes} [Thu Jul 16 01:37:03 2026] GET /allocations/ecb0b94a-2da3-437d-b50a-b127bc1e2da7 => generated 258 bytes in 13 msecs (HTTP/1.1 200) 8 headers in 296 bytes (1 switches on core 0)
2026-07-16 01:37:03.673 7 INFO placement.requestlog [req-c5c6f075-ef26-4a28-966a-1a9bee5094fc req-ae6a0e41-a250-40ab-bca6-ff74d59f8658 f850f1e722e3451da79653714d058d26 04916a27766149adafafcd39c76de47b - - 717022ae26bd4541851b815dc01e4a76 717022ae26bd4541851b815dc01e4a76] 199.204.45.205 "GET /allocations/f2df5c30-14d4-4ee9-9129-92d9c1f2731c" status: 200 len: 258 microversion: 1.28 [pid: 7|app: 0|req: 572/1145] 199.204.45.205 () {34 vars in 863 bytes} [Thu Jul 16 01:37:03 2026] GET /allocations/f2df5c30-14d4-4ee9-9129-92d9c1f2731c => generated 258 bytes in 11 msecs (HTTP/1.1 200) 8 headers in 296 bytes (1 switches on core 0)
2026-07-16 01:37:11.543 7 INFO placement.requestlog [None req-520c0ee5-f352-434e-a232-aab2b97cb6a4 - - - - - -] 10.0.0.139 "GET /" status: 200 len: 136 microversion: 1.0
2026-07-16 01:37:11.544 8 INFO placement.requestlog [None req-58764c6f-c67e-4676-8925-61a69fa082b5 - - - - - -] 10.0.0.139 "GET /" status: 200 len: 136 microversion: 1.0
2026-07-16 01:37:18.439 7 INFO placement.requestlog [req-d4379d73-6d6b-4373-a8a1-c26951ad714b req-123f29d1-df6a-41a8-92ad-ce59551a8a6a f850f1e722e3451da79653714d058d26 04916a27766149adafafcd39c76de47b - - 717022ae26bd4541851b815dc01e4a76 717022ae26bd4541851b815dc01e4a76] 10.0.0.185 "GET /allocation_candidates?limit=1000&resources=DISK_GB%3A1%2CMEMORY_MB%3A512%2CVCPU%3A1&root_required=%21COMPUTE_STATUS_DISABLED" status: 200 len: 2784 microversion: 1.36 [pid: 7|app: 0|req: 574/1148] 10.0.0.185 () {34 vars in 1012 bytes} [Thu Jul 16 01:37:18 2026] GET /allocation_candidates?limit=1000&resources=DISK_GB%3A1%2CMEMORY_MB%3A512%2CVCPU%3A1&root_required=%21COMPUTE_STATUS_DISABLED => generated 2784 bytes in 40 msecs (HTTP/1.1 200) 8 headers in 297 bytes (1 switches on core 0)
2026-07-16 01:37:18.464 8 INFO placement.requestlog [req-d4379d73-6d6b-4373-a8a1-c26951ad714b req-0633f29b-eb3e-44ed-86f5-54188b50187c f850f1e722e3451da79653714d058d26 04916a27766149adafafcd39c76de47b - - 717022ae26bd4541851b815dc01e4a76 717022ae26bd4541851b815dc01e4a76] 10.0.0.185 "GET /allocations/1a1ddcef-80ef-488a-8795-bcfa1f6a8c21" status: 200 len: 19 microversion: 1.28 [pid: 8|app: 0|req: 575/1149] 10.0.0.185 () {34 vars in 861 bytes} [Thu Jul 16 01:37:18 2026] GET /allocations/1a1ddcef-80ef-488a-8795-bcfa1f6a8c21 => generated 19 bytes in 10 msecs (HTTP/1.1 200) 8 headers in 295 bytes (1 switches on core 0)
2026-07-16 01:37:18.536 7 INFO placement.requestlog [req-d4379d73-6d6b-4373-a8a1-c26951ad714b req-39a94ca4-0a7a-45ab-8f29-642de770e13b f850f1e722e3451da79653714d058d26 04916a27766149adafafcd39c76de47b - - 717022ae26bd4541851b815dc01e4a76 717022ae26bd4541851b815dc01e4a76] 10.0.0.185 "PUT /allocations/1a1ddcef-80ef-488a-8795-bcfa1f6a8c21" status: 204 len: 0 microversion: 1.36 [pid: 7|app: 0|req: 575/1150] 10.0.0.185 () {38 vars in 914 bytes} [Thu Jul 16 01:37:18 2026] PUT /allocations/1a1ddcef-80ef-488a-8795-bcfa1f6a8c21 => generated 0 bytes in 65 msecs (HTTP/1.1 204) 5 headers in 199 bytes (1 switches on core 0)
2026-07-16 01:37:20.033 8 INFO placement.requestlog [req-d4379d73-6d6b-4373-a8a1-c26951ad714b req-12110b08-9964-4371-a22d-cbed6f715159 f850f1e722e3451da79653714d058d26 04916a27766149adafafcd39c76de47b - - 717022ae26bd4541851b815dc01e4a76 717022ae26bd4541851b815dc01e4a76] 199.204.45.205 "GET /allocations/1a1ddcef-80ef-488a-8795-bcfa1f6a8c21" status: 200 len: 258 microversion: 1.28 [pid: 8|app: 0|req: 576/1151] 199.204.45.205 () {34 vars in 863 bytes} [Thu Jul 16 01:37:20 2026] GET /allocations/1a1ddcef-80ef-488a-8795-bcfa1f6a8c21 => generated 258 bytes in 12 msecs (HTTP/1.1 200) 8 headers in 296 bytes (1 switches on core 0)
2026-07-16 01:37:21.069 7 INFO placement.requestlog [req-d4379d73-6d6b-4373-a8a1-c26951ad714b req-ed09a506-0cc4-4ffb-9182-7ec52481c559 f850f1e722e3451da79653714d058d26 04916a27766149adafafcd39c76de47b - - 717022ae26bd4541851b815dc01e4a76 717022ae26bd4541851b815dc01e4a76] 199.204.45.205 "GET /resource_providers/60f70792-0ca3-4df1-9d24-878ea0889a23/allocations" status: 200 len: 353 microversion: 1.0 [pid: 7|app: 0|req: 576/1152] 199.204.45.205 () {32 vars in 857 bytes} [Thu Jul 16 01:37:21 2026] GET /resource_providers/60f70792-0ca3-4df1-9d24-878ea0889a23/allocations => generated 353 bytes in 16 msecs (HTTP/1.1 200) 6 headers in 224 bytes (1 switches on core 0)
2026-07-16 01:37:21.092 8 INFO placement.requestlog [req-d4379d73-6d6b-4373-a8a1-c26951ad714b req-6b56ebac-260f-4dcd-b72a-e4a957cbf595 f850f1e722e3451da79653714d058d26 04916a27766149adafafcd39c76de47b - - 717022ae26bd4541851b815dc01e4a76 717022ae26bd4541851b815dc01e4a76] 199.204.45.205 "GET /allocations/1a1ddcef-80ef-488a-8795-bcfa1f6a8c21" status: 200 len: 258 microversion: 1.28 [pid: 8|app: 0|req: 577/1153] 199.204.45.205 () {34 vars in 863 bytes} [Thu Jul 16 01:37:21 2026] GET /allocations/1a1ddcef-80ef-488a-8795-bcfa1f6a8c21 => generated 258 bytes in 17 msecs (HTTP/1.1 200) 8 headers in 296 bytes (1 switches on core 0)
2026-07-16 01:37:21.107 7 INFO placement.requestlog [req-d4379d73-6d6b-4373-a8a1-c26951ad714b req-19b796e6-7529-47a4-b1a2-98188713ccd3 f850f1e722e3451da79653714d058d26 04916a27766149adafafcd39c76de47b - - 717022ae26bd4541851b815dc01e4a76 717022ae26bd4541851b815dc01e4a76] 199.204.45.205 "GET /allocations/ecb0b94a-2da3-437d-b50a-b127bc1e2da7" status: 200 len: 258 microversion: 1.28 [pid: 7|app: 0|req: 577/1154] 199.204.45.205 () {34 vars in 863 bytes} [Thu Jul 16 01:37:21 2026] GET /allocations/ecb0b94a-2da3-437d-b50a-b127bc1e2da7 => generated 258 bytes in 11 msecs (HTTP/1.1 200) 8 headers in 296 bytes (1 switches on core 0)
2026-07-16 01:37:21.125 8 INFO placement.requestlog [req-d4379d73-6d6b-4373-a8a1-c26951ad714b req-065108a1-0612-4a7a-a142-296fe29006b7 f850f1e722e3451da79653714d058d26 04916a27766149adafafcd39c76de47b - - 717022ae26bd4541851b815dc01e4a76 717022ae26bd4541851b815dc01e4a76] 199.204.45.205 "GET /allocations/f2df5c30-14d4-4ee9-9129-92d9c1f2731c" status: 200 len: 258 microversion: 1.28 [pid: 8|app: 0|req: 578/1155] 199.204.45.205 () {34 vars in 863 bytes} [Thu Jul 16 01:37:21 2026] GET /allocations/f2df5c30-14d4-4ee9-9129-92d9c1f2731c => generated 258 bytes in 13 msecs (HTTP/1.1 200) 8 headers in 296 bytes (1 switches on core 0)
2026-07-16 01:37:21.543 8 INFO placement.requestlog [None req-4055392d-30d9-450e-9b12-cd12a0a38eac - - - - - -] 10.0.0.139 "GET /" status: 200 len: 136 microversion: 1.0
2026-07-16 01:37:21.543 7 INFO placement.requestlog [None req-c759d7a1-2617-47b7-bef7-90f9dc6221b2 - - - - - -] 10.0.0.139 "GET /" status: 200 len: 136 microversion: 1.0
2026-07-16 01:37:23.194 8 INFO placement.requestlog [req-ba3833ce-aaad-436b-85a7-cee214085125 req-502084aa-4ac8-4c8c-972a-6d11d5a15b6b f850f1e722e3451da79653714d058d26 04916a27766149adafafcd39c76de47b - - 717022ae26bd4541851b815dc01e4a76 717022ae26bd4541851b815dc01e4a76] 199.204.45.205 "GET /resource_providers/60f70792-0ca3-4df1-9d24-878ea0889a23/allocations" status: 200 len: 353 microversion: 1.0 [pid: 8|app: 0|req: 580/1158] 199.204.45.205 () {32 vars in 857 bytes} [Thu Jul 16 01:37:23 2026] GET /resource_providers/60f70792-0ca3-4df1-9d24-878ea0889a23/allocations => generated 353 bytes in 16 msecs (HTTP/1.1 200) 6 headers in 224 bytes (1 switches on core 0)
2026-07-16 01:37:23.223 7 INFO placement.requestlog [req-ba3833ce-aaad-436b-85a7-cee214085125 req-8514e8d8-5c96-4969-b982-758758bd8283 f850f1e722e3451da79653714d058d26 04916a27766149adafafcd39c76de47b - - 717022ae26bd4541851b815dc01e4a76 717022ae26bd4541851b815dc01e4a76] 199.204.45.205 "GET /resource_providers/60f70792-0ca3-4df1-9d24-878ea0889a23/allocations" status: 200 len: 353 microversion: 1.0 [pid: 7|app: 0|req: 579/1159] 199.204.45.205 () {32 vars in 857 bytes} [Thu Jul 16 01:37:23 2026] GET /resource_providers/60f70792-0ca3-4df1-9d24-878ea0889a23/allocations => generated 353 bytes in 23 msecs (HTTP/1.1 200) 6 headers in 224 bytes (1 switches on core 0)
2026-07-16 01:37:23.240 8 INFO placement.requestlog [req-ba3833ce-aaad-436b-85a7-cee214085125 req-284ea2aa-baef-4643-b15a-9ed799f84dea f850f1e722e3451da79653714d058d26 04916a27766149adafafcd39c76de47b - - 717022ae26bd4541851b815dc01e4a76 717022ae26bd4541851b815dc01e4a76] 199.204.45.205 "GET /allocations/1a1ddcef-80ef-488a-8795-bcfa1f6a8c21" status: 200 len: 258 microversion: 1.28 [pid: 8|app: 0|req: 581/1160] 199.204.45.205 () {34 vars in 863 bytes} [Thu Jul 16 01:37:23 2026] GET /allocations/1a1ddcef-80ef-488a-8795-bcfa1f6a8c21 => generated 258 bytes in 13 msecs (HTTP/1.1 200) 8 headers in 296 bytes (1 switches on core 0)
2026-07-16 01:37:23.263 7 INFO placement.requestlog [req-ba3833ce-aaad-436b-85a7-cee214085125 req-7c6f3659-4265-4eee-b5be-127f90812fec f850f1e722e3451da79653714d058d26 04916a27766149adafafcd39c76de47b - - 717022ae26bd4541851b815dc01e4a76 717022ae26bd4541851b815dc01e4a76] 199.204.45.205 "GET /allocations/ecb0b94a-2da3-437d-b50a-b127bc1e2da7" status: 200 len: 258 microversion: 1.28 [pid: 7|app: 0|req: 580/1161] 199.204.45.205 () {34 vars in 863 bytes} [Thu Jul 16 01:37:23 2026] GET /allocations/ecb0b94a-2da3-437d-b50a-b127bc1e2da7 => generated 258 bytes in 19 msecs (HTTP/1.1 200) 8 headers in 296 bytes (1 switches on core 0)
2026-07-16 01:37:23.283 8 INFO placement.requestlog [req-ba3833ce-aaad-436b-85a7-cee214085125 req-3d0e034f-bd59-47a8-9b0e-ca90843e892a f850f1e722e3451da79653714d058d26 04916a27766149adafafcd39c76de47b - - 717022ae26bd4541851b815dc01e4a76 717022ae26bd4541851b815dc01e4a76] 199.204.45.205 "GET /allocations/f2df5c30-14d4-4ee9-9129-92d9c1f2731c" status: 200 len: 258 microversion: 1.28 [pid: 8|app: 0|req: 582/1162] 199.204.45.205 () {34 vars in 863 bytes} [Thu Jul 16 01:37:23 2026] GET /allocations/f2df5c30-14d4-4ee9-9129-92d9c1f2731c => generated 258 bytes in 13 msecs (HTTP/1.1 200) 8 headers in 296 bytes (1 switches on core 0)
2026-07-16 01:37:24.000 7 INFO placement.requestlog [req-5740c76a-788b-4147-b597-bbdd98513e1a req-3060422a-ee27-4f47-81d3-950f70c230f9 f850f1e722e3451da79653714d058d26 04916a27766149adafafcd39c76de47b - - 717022ae26bd4541851b815dc01e4a76 717022ae26bd4541851b815dc01e4a76] 10.0.0.185 "GET /allocation_candidates?limit=1000&resources=DISK_GB%3A1%2CMEMORY_MB%3A512%2CVCPU%3A1&root_required=%21COMPUTE_STATUS_DISABLED" status: 200 len: 2784 microversion: 1.36 [pid: 7|app: 0|req: 581/1163] 10.0.0.185 () {34 vars in 1012 bytes} [Thu Jul 16 01:37:23 2026] GET /allocation_candidates?limit=1000&resources=DISK_GB%3A1%2CMEMORY_MB%3A512%2CVCPU%3A1&root_required=%21COMPUTE_STATUS_DISABLED => generated 2784 bytes in 35 msecs (HTTP/1.1 200) 8 headers in 297 bytes (1 switches on core 0)
2026-07-16 01:37:24.033 8 INFO placement.requestlog [req-5740c76a-788b-4147-b597-bbdd98513e1a req-1a576ad8-b98b-47e5-98c2-30ae4f02d1cc f850f1e722e3451da79653714d058d26 04916a27766149adafafcd39c76de47b - - 717022ae26bd4541851b815dc01e4a76 717022ae26bd4541851b815dc01e4a76] 10.0.0.185 "GET /allocations/46f74d16-b9c9-4985-a779-b426c1e4465d" status: 200 len: 19 microversion: 1.28 [pid: 8|app: 0|req: 583/1164] 10.0.0.185 () {34 vars in 861 bytes} [Thu Jul 16 01:37:24 2026] GET /allocations/46f74d16-b9c9-4985-a779-b426c1e4465d => generated 19 bytes in 13 msecs (HTTP/1.1 200) 8 headers in 295 bytes (1 switches on core 0)
2026-07-16 01:37:24.080 7 INFO placement.requestlog [req-5740c76a-788b-4147-b597-bbdd98513e1a req-87753d24-afad-48e4-ae65-fd9cdaaad97e f850f1e722e3451da79653714d058d26 04916a27766149adafafcd39c76de47b - - 717022ae26bd4541851b815dc01e4a76 717022ae26bd4541851b815dc01e4a76] 10.0.0.185 "PUT /allocations/46f74d16-b9c9-4985-a779-b426c1e4465d" status: 204 len: 0 microversion: 1.36 [pid: 7|app: 0|req: 582/1165] 10.0.0.185 () {38 vars in 914 bytes} [Thu Jul 16 01:37:24 2026] PUT /allocations/46f74d16-b9c9-4985-a779-b426c1e4465d => generated 0 bytes in 41 msecs (HTTP/1.1 204) 5 headers in 199 bytes (1 switches on core 0)
2026-07-16 01:37:25.595 8 INFO placement.requestlog [req-5740c76a-788b-4147-b597-bbdd98513e1a req-feae5f5d-7269-4cb2-8c49-55c92e524b60 f850f1e722e3451da79653714d058d26 04916a27766149adafafcd39c76de47b - - 717022ae26bd4541851b815dc01e4a76 717022ae26bd4541851b815dc01e4a76] 199.204.45.205 "GET /allocations/46f74d16-b9c9-4985-a779-b426c1e4465d" status: 200 len: 258 microversion: 1.28 [pid: 8|app: 0|req: 584/1166] 199.204.45.205 () {34 vars in 863 bytes} [Thu Jul 16 01:37:25 2026] GET /allocations/46f74d16-b9c9-4985-a779-b426c1e4465d => generated 258 bytes in 13 msecs (HTTP/1.1 200) 8 headers in 296 bytes (1 switches on core 0)
2026-07-16 01:37:26.642 7 INFO placement.requestlog [req-5740c76a-788b-4147-b597-bbdd98513e1a req-ee4d12e1-6b7b-44e7-87e8-a04a9ece3dc3 f850f1e722e3451da79653714d058d26 04916a27766149adafafcd39c76de47b - - 717022ae26bd4541851b815dc01e4a76 717022ae26bd4541851b815dc01e4a76] 199.204.45.205 "GET /resource_providers/60f70792-0ca3-4df1-9d24-878ea0889a23/allocations" status: 200 len: 453 microversion: 1.0 [pid: 7|app: 0|req: 583/1167] 199.204.45.205 () {32 vars in 857 bytes} [Thu Jul 16 01:37:26 2026] GET /resource_providers/60f70792-0ca3-4df1-9d24-878ea0889a23/allocations => generated 453 bytes in 20 msecs (HTTP/1.1 200) 6 headers in 224 bytes (1 switches on core 0)
2026-07-16 01:37:26.665 8 INFO placement.requestlog [req-5740c76a-788b-4147-b597-bbdd98513e1a req-d119e2a8-be25-4b98-bce4-def1662b4ef8 f850f1e722e3451da79653714d058d26 04916a27766149adafafcd39c76de47b - - 717022ae26bd4541851b815dc01e4a76 717022ae26bd4541851b815dc01e4a76] 199.204.45.205 "GET /allocations/1a1ddcef-80ef-488a-8795-bcfa1f6a8c21" status: 200 len: 258 microversion: 1.28 [pid: 8|app: 0|req: 585/1168] 199.204.45.205 () {34 vars in 863 bytes} [Thu Jul 16 01:37:26 2026] GET /allocations/1a1ddcef-80ef-488a-8795-bcfa1f6a8c21 => generated 258 bytes in 15 msecs (HTTP/1.1 200) 8 headers in 296 bytes (1 switches on core 0)
2026-07-16 01:37:26.685 7 INFO placement.requestlog [req-5740c76a-788b-4147-b597-bbdd98513e1a req-9e056a4d-57c0-4ab3-91d6-bd1bea73c707 f850f1e722e3451da79653714d058d26 04916a27766149adafafcd39c76de47b - - 717022ae26bd4541851b815dc01e4a76 717022ae26bd4541851b815dc01e4a76] 199.204.45.205 "GET /allocations/ecb0b94a-2da3-437d-b50a-b127bc1e2da7" status: 200 len: 258 microversion: 1.28 [pid: 7|app: 0|req: 584/1169] 199.204.45.205 () {34 vars in 863 bytes} [Thu Jul 16 01:37:26 2026] GET /allocations/ecb0b94a-2da3-437d-b50a-b127bc1e2da7 => generated 258 bytes in 13 msecs (HTTP/1.1 200) 8 headers in 296 bytes (1 switches on core 0)
2026-07-16 01:37:26.703 8 INFO placement.requestlog [req-5740c76a-788b-4147-b597-bbdd98513e1a req-d5721138-0db4-48a4-af4c-bc8d6f2aadca f850f1e722e3451da79653714d058d26 04916a27766149adafafcd39c76de47b - - 717022ae26bd4541851b815dc01e4a76 717022ae26bd4541851b815dc01e4a76] 199.204.45.205 "GET /allocations/f2df5c30-14d4-4ee9-9129-92d9c1f2731c" status: 200 len: 258 microversion: 1.28 [pid: 8|app: 0|req: 586/1170] 199.204.45.205 () {34 vars in 863 bytes} [Thu Jul 16 01:37:26 2026] GET /allocations/f2df5c30-14d4-4ee9-9129-92d9c1f2731c => generated 258 bytes in 13 msecs (HTTP/1.1 200) 8 headers in 296 bytes (1 switches on core 0)
2026-07-16 01:37:26.734 7 INFO placement.requestlog [req-5740c76a-788b-4147-b597-bbdd98513e1a req-c63aabe4-25ba-4109-852d-36ec20b5c232 f850f1e722e3451da79653714d058d26 04916a27766149adafafcd39c76de47b - - 717022ae26bd4541851b815dc01e4a76 717022ae26bd4541851b815dc01e4a76] 199.204.45.205 "GET /allocations/46f74d16-b9c9-4985-a779-b426c1e4465d" status: 200 len: 258 microversion: 1.28 [pid: 7|app: 0|req: 585/1171] 199.204.45.205 () {34 vars in 863 bytes} [Thu Jul 16 01:37:26 2026] GET /allocations/46f74d16-b9c9-4985-a779-b426c1e4465d => generated 258 bytes in 25 msecs (HTTP/1.1 200) 8 headers in 296 bytes (1 switches on core 0)
2026-07-16 01:37:31.544 8 INFO placement.requestlog [None req-d0762e65-86b7-49e0-919b-8cab034ed905 - - - - - -] 10.0.0.139 "GET /" status: 200 len: 136 microversion: 1.0
2026-07-16 01:37:31.544 7 INFO placement.requestlog [None req-edc2e010-9b9b-42a9-986e-147a243a9f53 - - - - - -] 10.0.0.139 "GET /" status: 200 len: 136 microversion: 1.0
2026-07-16 01:37:41.543 8 INFO placement.requestlog [None req-0ec58592-9576-46cf-a21d-688a07ef90b4 - - - - - -] 10.0.0.139 "GET /" status: 200 len: 136 microversion: 1.0
2026-07-16 01:37:41.543 7 INFO placement.requestlog [None req-997867c7-fb2a-41a9-8c63-767c02fe94f6 - - - - - -] 10.0.0.139 "GET /" status: 200 len: 136 microversion: 1.0
2026-07-16 01:37:51.544 8 INFO placement.requestlog [None req-009458f0-8a33-4e66-99b1-2c570dd8fdc1 - - - - - -] 10.0.0.139 "GET /" status: 200 len: 136 microversion: 1.0
2026-07-16 01:37:51.544 7 INFO placement.requestlog [None req-efe38aa4-0cfc-4ed6-8019-c52cb260f6d5 - - - - - -] 10.0.0.139 "GET /" status: 200 len: 136 microversion: 1.0
2026-07-16 01:38:01.499 8 INFO placement.requestlog [req-537c5b9f-2932-403a-b9bd-fe7d305e2be6 req-246d54c3-82f9-4f86-a193-3d19147e84c5 f850f1e722e3451da79653714d058d26 04916a27766149adafafcd39c76de47b - - 717022ae26bd4541851b815dc01e4a76 717022ae26bd4541851b815dc01e4a76] 199.204.45.205 "GET /resource_providers/60f70792-0ca3-4df1-9d24-878ea0889a23/allocations" status: 200 len: 453 microversion: 1.0 [pid: 8|app: 0|req: 590/1178] 199.204.45.205 () {32 vars in 857 bytes} [Thu Jul 16 01:38:01 2026] GET /resource_providers/60f70792-0ca3-4df1-9d24-878ea0889a23/allocations => generated 453 bytes in 16 msecs (HTTP/1.1 200) 6 headers in 224 bytes (1 switches on core 0)
2026-07-16 01:38:01.516 7 INFO placement.requestlog [req-537c5b9f-2932-403a-b9bd-fe7d305e2be6 req-76a2a26e-3f41-4c10-9d11-0d2d8d0c19d3 f850f1e722e3451da79653714d058d26 04916a27766149adafafcd39c76de47b - - 717022ae26bd4541851b815dc01e4a76 717022ae26bd4541851b815dc01e4a76] 199.204.45.205 "GET /allocations/1a1ddcef-80ef-488a-8795-bcfa1f6a8c21" status: 200 len: 258 microversion: 1.28 [pid: 7|app: 0|req: 589/1179] 199.204.45.205 () {34 vars in 863 bytes} [Thu Jul 16 01:38:01 2026] GET /allocations/1a1ddcef-80ef-488a-8795-bcfa1f6a8c21 => generated 258 bytes in 12 msecs (HTTP/1.1 200) 8 headers in 296 bytes (1 switches on core 0)
2026-07-16 01:38:01.543 7 INFO placement.requestlog [None req-c2256668-1acb-4731-91e6-6fa285039ced - - - - - -] 10.0.0.139 "GET /" status: 200 len: 136 microversion: 1.0
2026-07-16 01:38:01.543 8 INFO placement.requestlog [req-537c5b9f-2932-403a-b9bd-fe7d305e2be6 req-3f7d22f8-5828-4128-983b-65ad7da1f56c f850f1e722e3451da79653714d058d26 04916a27766149adafafcd39c76de47b - - 717022ae26bd4541851b815dc01e4a76 717022ae26bd4541851b815dc01e4a76] 199.204.45.205 "GET /allocations/ecb0b94a-2da3-437d-b50a-b127bc1e2da7" status: 200 len: 258 microversion: 1.28 [pid: 8|app: 0|req: 591/1180] 199.204.45.205 () {34 vars in 863 bytes} [Thu Jul 16 01:38:01 2026] GET /allocations/ecb0b94a-2da3-437d-b50a-b127bc1e2da7 => generated 258 bytes in 19 msecs (HTTP/1.1 200) 8 headers in 296 bytes (1 switches on core 0)
2026-07-16 01:38:01.545 8 INFO placement.requestlog [None req-e645001b-d85e-4a22-9c84-7c7354160772 - - - - - -] 10.0.0.139 "GET /" status: 200 len: 136 microversion: 1.0
2026-07-16 01:38:01.567 7 INFO placement.requestlog [req-537c5b9f-2932-403a-b9bd-fe7d305e2be6 req-54afd05a-2c6e-4539-a366-2616258ff701 f850f1e722e3451da79653714d058d26 04916a27766149adafafcd39c76de47b - - 717022ae26bd4541851b815dc01e4a76 717022ae26bd4541851b815dc01e4a76] 199.204.45.205 "GET /allocations/f2df5c30-14d4-4ee9-9129-92d9c1f2731c" status: 200 len: 258 microversion: 1.28 [pid: 7|app: 0|req: 591/1183] 199.204.45.205 () {34 vars in 863 bytes} [Thu Jul 16 01:38:01 2026] GET /allocations/f2df5c30-14d4-4ee9-9129-92d9c1f2731c => generated 258 bytes in 18 msecs (HTTP/1.1 200) 8 headers in 296 bytes (1 switches on core 0)
2026-07-16 01:38:01.587 8 INFO placement.requestlog [req-537c5b9f-2932-403a-b9bd-fe7d305e2be6 req-7720409c-d279-403f-8fa6-dcf633544f5a f850f1e722e3451da79653714d058d26 04916a27766149adafafcd39c76de47b - - 717022ae26bd4541851b815dc01e4a76 717022ae26bd4541851b815dc01e4a76] 199.204.45.205 "GET /allocations/46f74d16-b9c9-4985-a779-b426c1e4465d" status: 200 len: 258 microversion: 1.28 [pid: 8|app: 0|req: 593/1184] 199.204.45.205 () {34 vars in 863 bytes} [Thu Jul 16 01:38:01 2026] GET /allocations/46f74d16-b9c9-4985-a779-b426c1e4465d => generated 258 bytes in 13 msecs (HTTP/1.1 200) 8 headers in 296 bytes (1 switches on core 0)
2026-07-16 01:38:02.667 7 INFO placement.requestlog [req-537c5b9f-2932-403a-b9bd-fe7d305e2be6 req-9f93dc01-100e-48ce-9017-e297061c42e2 f850f1e722e3451da79653714d058d26 04916a27766149adafafcd39c76de47b - - 717022ae26bd4541851b815dc01e4a76 717022ae26bd4541851b815dc01e4a76] 199.204.45.205 "DELETE /allocations/46f74d16-b9c9-4985-a779-b426c1e4465d" status: 204 len: 0 microversion: 1.0 [pid: 7|app: 0|req: 592/1185] 199.204.45.205 () {34 vars in 841 bytes} [Thu Jul 16 01:38:02 2026] DELETE /allocations/46f74d16-b9c9-4985-a779-b426c1e4465d => generated 0 bytes in 47 msecs (HTTP/1.1 204) 5 headers in 198 bytes (1 switches on core 0)
2026-07-16 01:38:08.758 8 INFO placement.requestlog [req-7c8a415b-ea88-4441-b199-a24277d7f9b3 req-0f59759b-e618-4c0c-bfb2-02a83e05c205 f850f1e722e3451da79653714d058d26 04916a27766149adafafcd39c76de47b - - 717022ae26bd4541851b815dc01e4a76 717022ae26bd4541851b815dc01e4a76] 199.204.45.205 "GET /resource_providers/60f70792-0ca3-4df1-9d24-878ea0889a23/allocations" status: 200 len: 353 microversion: 1.0 [pid: 8|app: 0|req: 594/1186] 199.204.45.205 () {32 vars in 857 bytes} [Thu Jul 16 01:38:08 2026] GET /resource_providers/60f70792-0ca3-4df1-9d24-878ea0889a23/allocations => generated 353 bytes in 16 msecs (HTTP/1.1 200) 6 headers in 224 bytes (1 switches on core 0)
2026-07-16 01:38:08.776 7 INFO placement.requestlog [req-7c8a415b-ea88-4441-b199-a24277d7f9b3 req-3481204b-f193-432c-97db-89c5f63fc58e f850f1e722e3451da79653714d058d26 04916a27766149adafafcd39c76de47b - - 717022ae26bd4541851b815dc01e4a76 717022ae26bd4541851b815dc01e4a76] 199.204.45.205 "GET /allocations/1a1ddcef-80ef-488a-8795-bcfa1f6a8c21" status: 200 len: 258 microversion: 1.28 [pid: 7|app: 0|req: 593/1187] 199.204.45.205 () {34 vars in 863 bytes} [Thu Jul 16 01:38:08 2026] GET /allocations/1a1ddcef-80ef-488a-8795-bcfa1f6a8c21 => generated 258 bytes in 13 msecs (HTTP/1.1 200) 8 headers in 296 bytes (1 switches on core 0)
2026-07-16 01:38:08.796 8 INFO placement.requestlog [req-7c8a415b-ea88-4441-b199-a24277d7f9b3 req-8e445809-636a-405a-891e-acba61c2b003 f850f1e722e3451da79653714d058d26 04916a27766149adafafcd39c76de47b - - 717022ae26bd4541851b815dc01e4a76 717022ae26bd4541851b815dc01e4a76] 199.204.45.205 "GET /allocations/ecb0b94a-2da3-437d-b50a-b127bc1e2da7" status: 200 len: 258 microversion: 1.28 [pid: 8|app: 0|req: 595/1188] 199.204.45.205 () {34 vars in 863 bytes} [Thu Jul 16 01:38:08 2026] GET /allocations/ecb0b94a-2da3-437d-b50a-b127bc1e2da7 => generated 258 bytes in 16 msecs (HTTP/1.1 200) 8 headers in 296 bytes (1 switches on core 0)
2026-07-16 01:38:08.811 7 INFO placement.requestlog [req-7c8a415b-ea88-4441-b199-a24277d7f9b3 req-8c39ea09-a6d5-4709-9106-ba40a5549d77 f850f1e722e3451da79653714d058d26 04916a27766149adafafcd39c76de47b - - 717022ae26bd4541851b815dc01e4a76 717022ae26bd4541851b815dc01e4a76] 199.204.45.205 "GET /allocations/f2df5c30-14d4-4ee9-9129-92d9c1f2731c" status: 200 len: 258 microversion: 1.28 [pid: 7|app: 0|req: 594/1189] 199.204.45.205 () {34 vars in 863 bytes} [Thu Jul 16 01:38:08 2026] GET /allocations/f2df5c30-14d4-4ee9-9129-92d9c1f2731c => generated 258 bytes in 10 msecs (HTTP/1.1 200) 8 headers in 296 bytes (1 switches on core 0)
2026-07-16 01:38:09.862 8 INFO placement.requestlog [req-7c8a415b-ea88-4441-b199-a24277d7f9b3 req-476fe532-dace-48ac-a0f7-75f78cd8c7a6 f850f1e722e3451da79653714d058d26 04916a27766149adafafcd39c76de47b - - 717022ae26bd4541851b815dc01e4a76 717022ae26bd4541851b815dc01e4a76] 199.204.45.205 "DELETE /allocations/f2df5c30-14d4-4ee9-9129-92d9c1f2731c" status: 204 len: 0 microversion: 1.0 [pid: 8|app: 0|req: 596/1190] 199.204.45.205 () {34 vars in 841 bytes} [Thu Jul 16 01:38:09 2026] DELETE /allocations/f2df5c30-14d4-4ee9-9129-92d9c1f2731c => generated 0 bytes in 24 msecs (HTTP/1.1 204) 5 headers in 198 bytes (1 switches on core 0)
2026-07-16 01:38:11.543 8 INFO placement.requestlog [None req-966b3f86-5883-42c1-98c1-e7ac6b54ba84 - - - - - -] 10.0.0.139 "GET /" status: 200 len: 136 microversion: 1.0
2026-07-16 01:38:11.543 7 INFO placement.requestlog [None req-749c0b05-710d-4103-8fbb-f6251d27d847 - - - - - -] 10.0.0.139 "GET /" status: 200 len: 136 microversion: 1.0
2026-07-16 01:38:11.907 8 INFO placement.requestlog [req-ac6619e3-bd63-4fb5-a872-eb30dc0c7b49 req-6773a5c3-3568-435f-ad52-3f08c5c25b7e f850f1e722e3451da79653714d058d26 04916a27766149adafafcd39c76de47b - - 717022ae26bd4541851b815dc01e4a76 717022ae26bd4541851b815dc01e4a76] 10.0.0.185 "GET /allocation_candidates?limit=1000&resources=MEMORY_MB%3A2048%2CVCPU%3A2&root_required=%21COMPUTE_STATUS_DISABLED" status: 200 len: 2771 microversion: 1.36 [pid: 8|app: 0|req: 598/1193] 10.0.0.185 () {34 vars in 986 bytes} [Thu Jul 16 01:38:11 2026] GET /allocation_candidates?limit=1000&resources=MEMORY_MB%3A2048%2CVCPU%3A2&root_required=%21COMPUTE_STATUS_DISABLED => generated 2771 bytes in 149 msecs (HTTP/1.1 200) 8 headers in 297 bytes (1 switches on core 0)
2026-07-16 01:38:11.939 7 INFO placement.requestlog [req-ac6619e3-bd63-4fb5-a872-eb30dc0c7b49 req-37e048c3-5f37-49f9-a824-5cb7263e33fa f850f1e722e3451da79653714d058d26 04916a27766149adafafcd39c76de47b - - 717022ae26bd4541851b815dc01e4a76 717022ae26bd4541851b815dc01e4a76] 10.0.0.185 "GET /allocations/714f92b1-9484-4e00-95da-00cb61fe3611" status: 200 len: 19 microversion: 1.28 [pid: 7|app: 0|req: 596/1194] 10.0.0.185 () {34 vars in 861 bytes} [Thu Jul 16 01:38:11 2026] GET /allocations/714f92b1-9484-4e00-95da-00cb61fe3611 => generated 19 bytes in 13 msecs (HTTP/1.1 200) 8 headers in 295 bytes (1 switches on core 0)
2026-07-16 01:38:12.015 8 INFO placement.requestlog [req-ac6619e3-bd63-4fb5-a872-eb30dc0c7b49 req-5585d62a-39ff-46bd-b393-df0faabcccae f850f1e722e3451da79653714d058d26 04916a27766149adafafcd39c76de47b - - 717022ae26bd4541851b815dc01e4a76 717022ae26bd4541851b815dc01e4a76] 10.0.0.185 "PUT /allocations/714f92b1-9484-4e00-95da-00cb61fe3611" status: 204 len: 0 microversion: 1.36 [pid: 8|app: 0|req: 599/1195] 10.0.0.185 () {38 vars in 914 bytes} [Thu Jul 16 01:38:11 2026] PUT /allocations/714f92b1-9484-4e00-95da-00cb61fe3611 => generated 0 bytes in 67 msecs (HTTP/1.1 204) 5 headers in 199 bytes (1 switches on core 0)
2026-07-16 01:38:13.414 7 INFO placement.requestlog [req-ac6619e3-bd63-4fb5-a872-eb30dc0c7b49 req-03c2d93d-baed-4502-9084-e8480479db5a f850f1e722e3451da79653714d058d26 04916a27766149adafafcd39c76de47b - - 717022ae26bd4541851b815dc01e4a76 717022ae26bd4541851b815dc01e4a76] 199.204.45.205 "GET /allocations/714f92b1-9484-4e00-95da-00cb61fe3611" status: 200 len: 245 microversion: 1.28 [pid: 7|app: 0|req: 597/1196] 199.204.45.205 () {34 vars in 863 bytes} [Thu Jul 16 01:38:13 2026] GET /allocations/714f92b1-9484-4e00-95da-00cb61fe3611 => generated 245 bytes in 7 msecs (HTTP/1.1 200) 8 headers in 296 bytes (1 switches on core 0)
2026-07-16 01:38:13.904 8 INFO placement.requestlog [None req-53b9222b-cd98-43c8-afa3-c27aba949288 bb27e37f5c6e43758fd93c6ae3c5dc58 04916a27766149adafafcd39c76de47b - - 717022ae26bd4541851b815dc01e4a76 717022ae26bd4541851b815dc01e4a76] 10.0.0.140 "GET /resource_providers/cda4b3d8-77ca-4203-91e9-bee22191e53e/aggregates" status: 404 len: 235 microversion: 1.1 [pid: 8|app: 0|req: 600/1197] 10.0.0.140 () {32 vars in 816 bytes} [Thu Jul 16 01:38:13 2026] GET /resource_providers/cda4b3d8-77ca-4203-91e9-bee22191e53e/aggregates => generated 235 bytes in 10 msecs (HTTP/1.1 404) 5 headers in 202 bytes (1 switches on core 0)
2026-07-16 01:38:13.906 7 INFO placement.requestlog [None req-2e2dc94f-1fc8-481a-bde9-d9cbb335f3af bb27e37f5c6e43758fd93c6ae3c5dc58 04916a27766149adafafcd39c76de47b - - 717022ae26bd4541851b815dc01e4a76 717022ae26bd4541851b815dc01e4a76] 10.0.0.140 "GET /resource_providers/cda4b3d8-77ca-4203-91e9-bee22191e53e/aggregates" status: 404 len: 235 microversion: 1.1 [pid: 7|app: 0|req: 598/1198] 10.0.0.140 () {32 vars in 816 bytes} [Thu Jul 16 01:38:13 2026] GET /resource_providers/cda4b3d8-77ca-4203-91e9-bee22191e53e/aggregates => generated 235 bytes in 10 msecs (HTTP/1.1 404) 5 headers in 202 bytes (1 switches on core 0)
2026-07-16 01:38:13.921 8 INFO placement.requestlog [None req-0721eb19-69a5-48b4-95c0-ab7afaaf0213 bb27e37f5c6e43758fd93c6ae3c5dc58 04916a27766149adafafcd39c76de47b - - 717022ae26bd4541851b815dc01e4a76 717022ae26bd4541851b815dc01e4a76] 10.0.0.140 "DELETE /resource_providers/cda4b3d8-77ca-4203-91e9-bee22191e53e" status: 404 len: 246 microversion: 1.1 [pid: 8|app: 0|req: 601/1199] 10.0.0.140 () {34 vars in 816 bytes} [Thu Jul 16 01:38:13 2026] DELETE /resource_providers/cda4b3d8-77ca-4203-91e9-bee22191e53e => generated 246 bytes in 6 msecs (HTTP/1.1 404) 6 headers in 231 bytes (1 switches on core 0)
2026-07-16 01:38:13.926 7 INFO placement.requestlog [None req-3ddab6ce-8630-4e60-9f62-903c9d7ddb0c bb27e37f5c6e43758fd93c6ae3c5dc58 04916a27766149adafafcd39c76de47b - - 717022ae26bd4541851b815dc01e4a76 717022ae26bd4541851b815dc01e4a76] 10.0.0.140 "DELETE /resource_providers/cda4b3d8-77ca-4203-91e9-bee22191e53e" status: 404 len: 246 microversion: 1.1 [pid: 7|app: 0|req: 599/1200] 10.0.0.140 () {34 vars in 816 bytes} [Thu Jul 16 01:38:13 2026] DELETE /resource_providers/cda4b3d8-77ca-4203-91e9-bee22191e53e => generated 246 bytes in 8 msecs (HTTP/1.1 404) 6 headers in 231 bytes (1 switches on core 0)
2026-07-16 01:38:14.107 8 INFO placement.requestlog [None req-49e1c39a-12b5-4830-9eb0-451facd0a1d4 bb27e37f5c6e43758fd93c6ae3c5dc58 04916a27766149adafafcd39c76de47b - - 717022ae26bd4541851b815dc01e4a76 717022ae26bd4541851b815dc01e4a76] 10.0.0.140 "GET /resource_providers/cd0fd779-043c-44d1-8e9d-1b214208b3c7/aggregates" status: 404 len: 235 microversion: 1.1 [pid: 8|app: 0|req: 602/1201] 10.0.0.140 () {32 vars in 816 bytes} [Thu Jul 16 01:38:14 2026] GET /resource_providers/cd0fd779-043c-44d1-8e9d-1b214208b3c7/aggregates => generated 235 bytes in 50 msecs (HTTP/1.1 404) 5 headers in 202 bytes (1 switches on core 0)
2026-07-16 01:38:14.117 7 INFO placement.requestlog [None req-85180685-7ccd-4d4e-8555-c0d72c9acb0d bb27e37f5c6e43758fd93c6ae3c5dc58 04916a27766149adafafcd39c76de47b - - 717022ae26bd4541851b815dc01e4a76 717022ae26bd4541851b815dc01e4a76] 10.0.0.140 "GET /resource_providers/cd0fd779-043c-44d1-8e9d-1b214208b3c7/aggregates" status: 404 len: 235 microversion: 1.1 [pid: 7|app: 0|req: 600/1202] 10.0.0.140 () {32 vars in 816 bytes} [Thu Jul 16 01:38:14 2026] GET /resource_providers/cd0fd779-043c-44d1-8e9d-1b214208b3c7/aggregates => generated 235 bytes in 60 msecs (HTTP/1.1 404) 5 headers in 202 bytes (1 switches on core 0)
2026-07-16 01:38:14.119 8 INFO placement.requestlog [None req-60c41ff9-4393-44c0-85c2-e32902748280 bb27e37f5c6e43758fd93c6ae3c5dc58 04916a27766149adafafcd39c76de47b - - 717022ae26bd4541851b815dc01e4a76 717022ae26bd4541851b815dc01e4a76] 10.0.0.140 "DELETE /resource_providers/cd0fd779-043c-44d1-8e9d-1b214208b3c7" status: 404 len: 246 microversion: 1.1 [pid: 8|app: 0|req: 603/1203] 10.0.0.140 () {34 vars in 816 bytes} [Thu Jul 16 01:38:14 2026] DELETE /resource_providers/cd0fd779-043c-44d1-8e9d-1b214208b3c7 => generated 246 bytes in 5 msecs (HTTP/1.1 404) 6 headers in 231 bytes (1 switches on core 0)
2026-07-16 01:38:14.131 7 INFO placement.requestlog [None req-9255e0fb-a1cb-4eee-af65-47fc29ed1464 bb27e37f5c6e43758fd93c6ae3c5dc58 04916a27766149adafafcd39c76de47b - - 717022ae26bd4541851b815dc01e4a76 717022ae26bd4541851b815dc01e4a76] 10.0.0.140 "DELETE /resource_providers/cd0fd779-043c-44d1-8e9d-1b214208b3c7" status: 404 len: 246 microversion: 1.1 [pid: 7|app: 0|req: 601/1204] 10.0.0.140 () {34 vars in 816 bytes} [Thu Jul 16 01:38:14 2026] DELETE /resource_providers/cd0fd779-043c-44d1-8e9d-1b214208b3c7 => generated 246 bytes in 8 msecs (HTTP/1.1 404) 6 headers in 231 bytes (1 switches on core 0)
2026-07-16 01:38:14.454 8 INFO placement.requestlog [req-ac6619e3-bd63-4fb5-a872-eb30dc0c7b49 req-6db8596b-c6a7-40e1-808b-3d90eab5228e f850f1e722e3451da79653714d058d26 04916a27766149adafafcd39c76de47b - - 717022ae26bd4541851b815dc01e4a76 717022ae26bd4541851b815dc01e4a76] 199.204.45.205 "GET /resource_providers/60f70792-0ca3-4df1-9d24-878ea0889a23/allocations" status: 200 len: 340 microversion: 1.0 [pid: 8|app: 0|req: 604/1205] 199.204.45.205 () {32 vars in 857 bytes} [Thu Jul 16 01:38:14 2026] GET /resource_providers/60f70792-0ca3-4df1-9d24-878ea0889a23/allocations => generated 340 bytes in 14 msecs (HTTP/1.1 200) 6 headers in 224 bytes (1 switches on core 0)
2026-07-16 01:38:14.473 7 INFO placement.requestlog [req-ac6619e3-bd63-4fb5-a872-eb30dc0c7b49 req-669ed316-914b-43e4-9de4-9cac780ac9a4 f850f1e722e3451da79653714d058d26 04916a27766149adafafcd39c76de47b - - 717022ae26bd4541851b815dc01e4a76 717022ae26bd4541851b815dc01e4a76] 199.204.45.205 "GET /allocations/1a1ddcef-80ef-488a-8795-bcfa1f6a8c21" status: 200 len: 258 microversion: 1.28 [pid: 7|app: 0|req: 602/1206] 199.204.45.205 () {34 vars in 863 bytes} [Thu Jul 16 01:38:14 2026] GET /allocations/1a1ddcef-80ef-488a-8795-bcfa1f6a8c21 => generated 258 bytes in 12 msecs (HTTP/1.1 200) 8 headers in 296 bytes (1 switches on core 0)
2026-07-16 01:38:14.494 8 INFO placement.requestlog [req-ac6619e3-bd63-4fb5-a872-eb30dc0c7b49 req-c4cf6304-0aee-4c9a-a779-1ab96febd735 f850f1e722e3451da79653714d058d26 04916a27766149adafafcd39c76de47b - - 717022ae26bd4541851b815dc01e4a76 717022ae26bd4541851b815dc01e4a76] 199.204.45.205 "GET /allocations/714f92b1-9484-4e00-95da-00cb61fe3611" status: 200 len: 245 microversion: 1.28 [pid: 8|app: 0|req: 605/1207] 199.204.45.205 () {34 vars in 863 bytes} [Thu Jul 16 01:38:14 2026] GET /allocations/714f92b1-9484-4e00-95da-00cb61fe3611 => generated 245 bytes in 13 msecs (HTTP/1.1 200) 8 headers in 296 bytes (1 switches on core 0)
2026-07-16 01:38:14.517 7 INFO placement.requestlog [req-ac6619e3-bd63-4fb5-a872-eb30dc0c7b49 req-3ac6ec5b-35e4-4eab-b12f-aede2343d8c8 f850f1e722e3451da79653714d058d26 04916a27766149adafafcd39c76de47b - - 717022ae26bd4541851b815dc01e4a76 717022ae26bd4541851b815dc01e4a76] 199.204.45.205 "GET /allocations/ecb0b94a-2da3-437d-b50a-b127bc1e2da7" status: 200 len: 258 microversion: 1.28 [pid: 7|app: 0|req: 603/1208] 199.204.45.205 () {34 vars in 863 bytes} [Thu Jul 16 01:38:14 2026] GET /allocations/ecb0b94a-2da3-437d-b50a-b127bc1e2da7 => generated 258 bytes in 13 msecs (HTTP/1.1 200) 8 headers in 296 bytes (1 switches on core 0)
2026-07-16 01:38:20.094 8 INFO placement.requestlog [None req-56149d46-ec89-4c1e-bd24-f90d3c3be298 bb27e37f5c6e43758fd93c6ae3c5dc58 04916a27766149adafafcd39c76de47b - - 717022ae26bd4541851b815dc01e4a76 717022ae26bd4541851b815dc01e4a76] 10.0.0.140 "GET /resource_providers/0f38cd5a-425c-40a8-b965-6bed99a070d8/aggregates" status: 404 len: 235 microversion: 1.1 [pid: 8|app: 0|req: 606/1209] 10.0.0.140 () {32 vars in 816 bytes} [Thu Jul 16 01:38:20 2026] GET /resource_providers/0f38cd5a-425c-40a8-b965-6bed99a070d8/aggregates => generated 235 bytes in 9 msecs (HTTP/1.1 404) 5 headers in 202 bytes (1 switches on core 0)
2026-07-16 01:38:20.100 7 INFO placement.requestlog [None req-8721eed8-3b19-4e92-bdac-884f269836c7 bb27e37f5c6e43758fd93c6ae3c5dc58 04916a27766149adafafcd39c76de47b - - 717022ae26bd4541851b815dc01e4a76 717022ae26bd4541851b815dc01e4a76] 10.0.0.140 "GET /resource_providers/0f38cd5a-425c-40a8-b965-6bed99a070d8/aggregates" status: 404 len: 235 microversion: 1.1 [pid: 7|app: 0|req: 604/1210] 10.0.0.140 () {32 vars in 816 bytes} [Thu Jul 16 01:38:20 2026] GET /resource_providers/0f38cd5a-425c-40a8-b965-6bed99a070d8/aggregates => generated 235 bytes in 11 msecs (HTTP/1.1 404) 5 headers in 202 bytes (1 switches on core 0)
2026-07-16 01:38:20.113 8 INFO placement.requestlog [None req-1e2f10c0-9d71-482a-b041-ee2e27a4eec2 bb27e37f5c6e43758fd93c6ae3c5dc58 04916a27766149adafafcd39c76de47b - - 717022ae26bd4541851b815dc01e4a76 717022ae26bd4541851b815dc01e4a76] 10.0.0.140 "DELETE /resource_providers/0f38cd5a-425c-40a8-b965-6bed99a070d8" status: 404 len: 246 microversion: 1.1
2026-07-16 01:38:20.113 7 INFO placement.requestlog [None req-219a931c-2d28-4cd9-b384-ef3faae93baf bb27e37f5c6e43758fd93c6ae3c5dc58 04916a27766149adafafcd39c76de47b - - 717022ae26bd4541851b815dc01e4a76 717022ae26bd4541851b815dc01e4a76] 10.0.0.140 "DELETE /resource_providers/0f38cd5a-425c-40a8-b965-6bed99a070d8" status: 404 len: 246 microversion: 1.1 [pid: 8|app: 0|req: 607/1211] 10.0.0.140 () {34 vars in 816 bytes} [Thu Jul 16 01:38:20 2026] DELETE /resource_providers/0f38cd5a-425c-40a8-b965-6bed99a070d8 => generated 246 bytes in 8 msecs (HTTP/1.1 404) 6 headers in 231 bytes (1 switches on core 0) [pid: 7|app: 0|req: 605/1212] 10.0.0.140 () {34 vars in 816 bytes} [Thu Jul 16 01:38:20 2026] DELETE /resource_providers/0f38cd5a-425c-40a8-b965-6bed99a070d8 => generated 246 bytes in 7 msecs (HTTP/1.1 404) 6 headers in 231 bytes (1 switches on core 0)
2026-07-16 01:38:21.543 8 INFO placement.requestlog [None req-cb2cc04f-7859-40d5-a411-1d4bd5efe90c - - - - - -] 10.0.0.139 "GET /" status: 200 len: 136 microversion: 1.0
2026-07-16 01:38:21.543 7 INFO placement.requestlog [None req-053375b5-debc-412d-bd70-dba486243d43 - - - - - -] 10.0.0.139 "GET /" status: 200 len: 136 microversion: 1.0
2026-07-16 01:38:22.132 8 INFO placement.requestlog [None req-df27e8dc-84be-458b-b7a7-53ebfd066610 bb27e37f5c6e43758fd93c6ae3c5dc58 04916a27766149adafafcd39c76de47b - - 717022ae26bd4541851b815dc01e4a76 717022ae26bd4541851b815dc01e4a76] 10.0.0.140 "GET /resource_providers/169d338a-3be3-42dc-ba8e-488f0bca8a24/aggregates" status: 404 len: 235 microversion: 1.1 [pid: 8|app: 0|req: 609/1215] 10.0.0.140 () {32 vars in 816 bytes} [Thu Jul 16 01:38:22 2026] GET /resource_providers/169d338a-3be3-42dc-ba8e-488f0bca8a24/aggregates => generated 235 bytes in 10 msecs (HTTP/1.1 404) 5 headers in 202 bytes (1 switches on core 0)
2026-07-16 01:38:22.136 7 INFO placement.requestlog [None req-16f72785-e6a2-49a1-b0c2-207567f4eb79 bb27e37f5c6e43758fd93c6ae3c5dc58 04916a27766149adafafcd39c76de47b - - 717022ae26bd4541851b815dc01e4a76 717022ae26bd4541851b815dc01e4a76] 10.0.0.140 "GET /resource_providers/169d338a-3be3-42dc-ba8e-488f0bca8a24/aggregates" status: 404 len: 235 microversion: 1.1 [pid: 7|app: 0|req: 607/1216] 10.0.0.140 () {32 vars in 816 bytes} [Thu Jul 16 01:38:22 2026] GET /resource_providers/169d338a-3be3-42dc-ba8e-488f0bca8a24/aggregates => generated 235 bytes in 11 msecs (HTTP/1.1 404) 5 headers in 202 bytes (1 switches on core 0)
2026-07-16 01:38:22.152 8 INFO placement.requestlog [None req-60ab351d-0655-4e11-ac4a-d2c3361cdad1 bb27e37f5c6e43758fd93c6ae3c5dc58 04916a27766149adafafcd39c76de47b - - 717022ae26bd4541851b815dc01e4a76 717022ae26bd4541851b815dc01e4a76] 10.0.0.140 "DELETE /resource_providers/169d338a-3be3-42dc-ba8e-488f0bca8a24" status: 404 len: 246 microversion: 1.1
2026-07-16 01:38:22.152 7 INFO placement.requestlog [None req-17208df8-6669-4fbb-a061-7a0bd568479c bb27e37f5c6e43758fd93c6ae3c5dc58 04916a27766149adafafcd39c76de47b - - 717022ae26bd4541851b815dc01e4a76 717022ae26bd4541851b815dc01e4a76] 10.0.0.140 "DELETE /resource_providers/169d338a-3be3-42dc-ba8e-488f0bca8a24" status: 404 len: 246 microversion: 1.1 [pid: 7|app: 0|req: 608/1217] 10.0.0.140 () {34 vars in 816 bytes} [Thu Jul 16 01:38:22 2026] DELETE /resource_providers/169d338a-3be3-42dc-ba8e-488f0bca8a24 => generated 246 bytes in 7 msecs (HTTP/1.1 404) 6 headers in 231 bytes (1 switches on core 0) [pid: 8|app: 0|req: 610/1218] 10.0.0.140 () {34 vars in 816 bytes} [Thu Jul 16 01:38:22 2026] DELETE /resource_providers/169d338a-3be3-42dc-ba8e-488f0bca8a24 => generated 246 bytes in 9 msecs (HTTP/1.1 404) 6 headers in 231 bytes (1 switches on core 0)
2026-07-16 01:38:24.173 7 INFO placement.requestlog [None req-4f439711-b35f-4d78-a216-763e33475d8c bb27e37f5c6e43758fd93c6ae3c5dc58 04916a27766149adafafcd39c76de47b - - 717022ae26bd4541851b815dc01e4a76 717022ae26bd4541851b815dc01e4a76] 10.0.0.140 "GET /resource_providers/c2aaee64-2657-40cb-a72d-755a8ef0e4c7/aggregates" status: 404 len: 235 microversion: 1.1 [pid: 7|app: 0|req: 609/1219] 10.0.0.140 () {32 vars in 816 bytes} [Thu Jul 16 01:38:24 2026] GET /resource_providers/c2aaee64-2657-40cb-a72d-755a8ef0e4c7/aggregates => generated 235 bytes in 7 msecs (HTTP/1.1 404) 5 headers in 202 bytes (1 switches on core 0)
