2026-07-22 15:26:00.669 9 INFO neutron.db.ovn_revision_numbers_db [None req-14f8d4a3-9c75-4464-be82-f8e84f582b17 e6708d11e7b3472f809e292def14e742 129f5522c5a748c49e4b3d00c1caf92c - - default default] Successfully bumped revision number for resource 8780ed08-7f0f-45be-a0cb-5f2efe5a003e (type: ports) to 2
2026-07-22 15:26:00.705 9 INFO neutron.db.ovn_revision_numbers_db [None req-14f8d4a3-9c75-4464-be82-f8e84f582b17 e6708d11e7b3472f809e292def14e742 129f5522c5a748c49e4b3d00c1caf92c - - default default] Successfully bumped revision number for resource 05b44578-3df1-4a24-90a3-49e02562c101 (type: subnets) to 0
2026-07-22 15:26:00.718 9 INFO neutron.wsgi [None req-14f8d4a3-9c75-4464-be82-f8e84f582b17 e6708d11e7b3472f809e292def14e742 129f5522c5a748c49e4b3d00c1caf92c - - default default] 10.0.0.179 "POST /v2.0/subnets HTTP/1.1" status: 201 len: 801 time: 0.8367498
2026-07-22 15:26:00.894 10 INFO neutron.db.ovn_revision_numbers_db [None req-17b94033-d11d-4199-975e-3ab63d1dd76e b4e447bb2a314c5b84c39ad80eb2e47d 04798592b0304f23b87a89f75f6b8c4d - - default default] Successfully bumped revision number for resource 779c1749-152a-473b-b752-6eadb09684f4 (type: ports) to 2
2026-07-22 15:26:00.925 10 INFO neutron.db.ovn_revision_numbers_db [None req-17b94033-d11d-4199-975e-3ab63d1dd76e b4e447bb2a314c5b84c39ad80eb2e47d 04798592b0304f23b87a89f75f6b8c4d - - default default] Successfully bumped revision number for resource 9aece3a4-0994-4e2c-bc20-7464095dc275 (type: subnets) to 0
2026-07-22 15:26:00.943 10 INFO neutron.wsgi [None req-17b94033-d11d-4199-975e-3ab63d1dd76e b4e447bb2a314c5b84c39ad80eb2e47d 04798592b0304f23b87a89f75f6b8c4d - - default default] 10.0.0.179 "POST /v2.0/subnets HTTP/1.1" status: 201 len: 1425 time: 1.9412515
2026-07-22 15:26:00.987 10 INFO neutron.wsgi [None req-2cda1759-6d91-40e7-9659-93ec94496e3c b4e447bb2a314c5b84c39ad80eb2e47d 04798592b0304f23b87a89f75f6b8c4d - - default default] 10.0.0.179 "GET /v2.0/subnets HTTP/1.1" status: 200 len: 2033 time: 0.0362515
2026-07-22 15:26:01.026 9 WARNING neutron.scheduler.dhcp_agent_scheduler [None req-48f1c6f3-255d-4fc4-aea9-f43adfb2d49a e6708d11e7b3472f809e292def14e742 129f5522c5a748c49e4b3d00c1caf92c - - default default] No more DHCP agents
2026-07-22 15:26:01.029 9 WARNING neutron.api.rpc.agentnotifiers.dhcp_rpc_agent_api [None req-48f1c6f3-255d-4fc4-aea9-f43adfb2d49a e6708d11e7b3472f809e292def14e742 129f5522c5a748c49e4b3d00c1caf92c - - default default] Unable to schedule network dbd915f0-d952-4a94-98dd-bcfdfd751db8: no agents available; will retry on subsequent port and subnet creation events.
2026-07-22 15:26:01.218 10 INFO neutron.wsgi [None req-4e3aece4-3146-40a1-8656-840dd68b7f4b b4e447bb2a314c5b84c39ad80eb2e47d 04798592b0304f23b87a89f75f6b8c4d - - default default] 10.0.0.179 "DELETE /v2.0/subnets/cc6049b4-8312-4031-ab42-e1814952b654 HTTP/1.1" status: 204 len: 168 time: 0.2261643
2026-07-22 15:26:01.465 10 INFO neutron.wsgi [None req-707098b0-b686-4aa1-aad1-5ab231a4722f b4e447bb2a314c5b84c39ad80eb2e47d 04798592b0304f23b87a89f75f6b8c4d - - default default] 10.0.0.179 "DELETE /v2.0/subnets/9aece3a4-0994-4e2c-bc20-7464095dc275 HTTP/1.1" status: 204 len: 168 time: 0.2426083
2026-07-22 15:26:01.542 9 INFO neutron.wsgi [None req-7acb5d74-9342-4e11-8258-a97bcdb22e20 b4e447bb2a314c5b84c39ad80eb2e47d 04798592b0304f23b87a89f75f6b8c4d - - default default] 10.0.0.179 "GET /v2.0/subnets HTTP/1.1" status: 200 len: 820 time: 0.0616014
2026-07-22 15:26:01.591 10 INFO neutron.wsgi [-] 10.0.0.179 "GET / HTTP/1.1" status: 200 len: 279 time: 0.0034285
2026-07-22 15:26:01.696 9 INFO neutron.db.ovn_revision_numbers_db [None req-48f1c6f3-255d-4fc4-aea9-f43adfb2d49a e6708d11e7b3472f809e292def14e742 129f5522c5a748c49e4b3d00c1caf92c - - default default] Successfully bumped revision number for resource 57acac89-6953-44dd-bb11-221916ba8a0c (type: ports) to 2
2026-07-22 15:26:01.743 9 INFO neutron.db.ovn_revision_numbers_db [None req-48f1c6f3-255d-4fc4-aea9-f43adfb2d49a e6708d11e7b3472f809e292def14e742 129f5522c5a748c49e4b3d00c1caf92c - - default default] Successfully bumped revision number for resource 57383240-bd81-4136-a851-5b27cdae9941 (type: subnets) to 0
2026-07-22 15:26:01.790 10 INFO neutron.wsgi [None req-4f55507d-b49e-49db-95d4-d7b60f0822ec 320ac98839834d3cbac6b293545d2c67 f095e05a3f2242f3bf1ad716d9194069 - - default default] 10.0.0.179 "GET /v2.0/ HTTP/1.1" status: 200 len: 826 time: 0.1926138
2026-07-22 15:26:01.962 9 INFO neutron.wsgi [None req-48f1c6f3-255d-4fc4-aea9-f43adfb2d49a e6708d11e7b3472f809e292def14e742 129f5522c5a748c49e4b3d00c1caf92c - - default default] 10.0.0.179 "POST /v2.0/subnets HTTP/1.1" status: 201 len: 801 time: 1.2391782
2026-07-22 15:26:02.130 10 INFO neutron.db.ovn_revision_numbers_db [None req-8c9633cf-caaf-4452-ac56-3d19df765e41 e6708d11e7b3472f809e292def14e742 129f5522c5a748c49e4b3d00c1caf92c - - default default] Successfully bumped revision number for resource 15e66b17-9229-4b0b-8690-c28857e34753 (type: routers) to 1
2026-07-22 15:26:02.146 10 INFO neutron.wsgi [None req-8c9633cf-caaf-4452-ac56-3d19df765e41 e6708d11e7b3472f809e292def14e742 129f5522c5a748c49e4b3d00c1caf92c - - default default] 10.0.0.179 "POST /v2.0/routers HTTP/1.1" status: 201 len: 686 time: 0.1786158
2026-07-22 15:26:02.183 9 INFO neutron.services.segments.plugin [-] Segment 04f9af89-6f81-443d-8d9d-d1de066fd4ec resource provider aggregate not found
2026-07-22 15:26:02.198 9 INFO neutron.services.segments.plugin [-] Segment 04f9af89-6f81-443d-8d9d-d1de066fd4ec resource provider aggregate not found
2026-07-22 15:26:02.220 9 INFO neutron.services.segments.plugin [-] Segment 04f9af89-6f81-443d-8d9d-d1de066fd4ec resource provider not found; error: Placement Client Error (4xx): {"errors": [{"status": 404, "title": "Not Found", "detail": "The resource could not be found.\n\n No resource provider with uuid 04f9af89-6f81-443d-8d9d-d1de066fd4ec found for delete ", "request_id": "req-33e6102f-1154-42b3-b982-ba9ebef4d6a5"}]}
2026-07-22 15:26:02.222 9 INFO neutron.services.segments.plugin [-] Segment 04f9af89-6f81-443d-8d9d-d1de066fd4ec resource provider not found; error: Placement Client Error (4xx): {"errors": [{"status": 404, "title": "Not Found", "detail": "The resource could not be found.\n\n No resource provider with uuid 04f9af89-6f81-443d-8d9d-d1de066fd4ec found for delete ", "request_id": "req-d93360a3-6ce9-4c2e-b121-d53b0e7689d3"}]}
2026-07-22 15:26:02.250 9 INFO neutron.wsgi [None req-b58c5e5a-7a9e-4089-93cf-dc060dc4cfff b4e447bb2a314c5b84c39ad80eb2e47d 04798592b0304f23b87a89f75f6b8c4d - - default default] 10.0.0.179 "DELETE /v2.0/networks/59a0c08b-fc8d-44e8-98cc-56a27f990a69 HTTP/1.1" status: 204 len: 168 time: 0.7020452
2026-07-22 15:26:02.507 9 INFO neutron.db.ovn_revision_numbers_db [None req-fedc461c-3fd4-4523-b8ac-9e4db52b8680 5c2d2eea7ebd43eaafe62f9f7646482d 1cefd14a2ae340718011307e746df049 - - default default] Successfully bumped revision number for resource 04fa1fed-c36f-4038-b7cc-685a5d7954a8 (type: security_groups) to 1
2026-07-22 15:26:02.522 9 INFO neutron.db.ovn_revision_numbers_db [None req-fedc461c-3fd4-4523-b8ac-9e4db52b8680 5c2d2eea7ebd43eaafe62f9f7646482d 1cefd14a2ae340718011307e746df049 - - default default] Successfully bumped revision number for resource 077145fa-af7e-41a9-8d33-ab2be0ade1dd (type: security_group_rules) to 0
2026-07-22 15:26:02.543 9 INFO neutron.db.ovn_revision_numbers_db [None req-fedc461c-3fd4-4523-b8ac-9e4db52b8680 5c2d2eea7ebd43eaafe62f9f7646482d 1cefd14a2ae340718011307e746df049 - - default default] Successfully bumped revision number for resource 0d057cbb-c606-4201-ae6e-2af6de3f41e1 (type: security_group_rules) to 0
2026-07-22 15:26:02.566 9 INFO neutron.db.ovn_revision_numbers_db [None req-fedc461c-3fd4-4523-b8ac-9e4db52b8680 5c2d2eea7ebd43eaafe62f9f7646482d 1cefd14a2ae340718011307e746df049 - - default default] Successfully bumped revision number for resource 420bf9cc-b4fe-4c35-8a4b-3087c601988a (type: security_group_rules) to 0
2026-07-22 15:26:02.588 9 INFO neutron.db.ovn_revision_numbers_db [None req-fedc461c-3fd4-4523-b8ac-9e4db52b8680 5c2d2eea7ebd43eaafe62f9f7646482d 1cefd14a2ae340718011307e746df049 - - default default] Successfully bumped revision number for resource baee4acf-a32a-4eb6-9e47-3ed4e39f8062 (type: security_group_rules) to 0
2026-07-22 15:26:02.613 9 INFO neutron.wsgi [None req-fedc461c-3fd4-4523-b8ac-9e4db52b8680 5c2d2eea7ebd43eaafe62f9f7646482d 1cefd14a2ae340718011307e746df049 - - default default] 10.0.0.179 "GET /v2.0/security-groups?tenant_id=f095e05a3f2242f3bf1ad716d9194069&name=default HTTP/1.1" status: 200 len: 2996 time: 0.3190637
2026-07-22 15:26:02.698 10 WARNING neutron.scheduler.dhcp_agent_scheduler [None req-e59f762c-be19-4343-b5e4-e7729ea8c034 e6708d11e7b3472f809e292def14e742 129f5522c5a748c49e4b3d00c1caf92c - - default default] No more DHCP agents
2026-07-22 15:26:02.702 10 WARNING neutron.api.rpc.agentnotifiers.dhcp_rpc_agent_api [None req-e59f762c-be19-4343-b5e4-e7729ea8c034 e6708d11e7b3472f809e292def14e742 129f5522c5a748c49e4b3d00c1caf92c - - default default] Unable to schedule network a41a2a66-f07a-428a-ac3a-2c8efa8da5a9: no agents available; will retry on subsequent port and subnet creation events.
2026-07-22 15:26:02.785 10 INFO neutron.services.segments.plugin [-] Segment 593bbcec-75c1-4eaf-bec5-3610cbcd9c1a resource provider aggregate not found
2026-07-22 15:26:02.791 10 INFO neutron.services.segments.plugin [-] Segment 593bbcec-75c1-4eaf-bec5-3610cbcd9c1a resource provider aggregate not found
2026-07-22 15:26:02.812 10 INFO neutron.services.segments.plugin [-] Segment 593bbcec-75c1-4eaf-bec5-3610cbcd9c1a resource provider not found; error: Placement Client Error (4xx): {"errors": [{"status": 404, "title": "Not Found", "detail": "The resource could not be found.\n\n No resource provider with uuid 593bbcec-75c1-4eaf-bec5-3610cbcd9c1a found for delete ", "request_id": "req-f108cc98-2682-48ef-86cd-3be3849d5e05"}]}
2026-07-22 15:26:02.817 9 INFO neutron.wsgi [None req-db9fc6f6-dfe6-4e1c-b988-73a8b84ad014 5c2d2eea7ebd43eaafe62f9f7646482d 1cefd14a2ae340718011307e746df049 - - default default] 10.0.0.179 "DELETE /v2.0/security-groups/04fa1fed-c36f-4038-b7cc-685a5d7954a8 HTTP/1.1" status: 204 len: 168 time: 0.1995656
2026-07-22 15:26:02.826 10 INFO neutron.services.segments.plugin [-] Segment 593bbcec-75c1-4eaf-bec5-3610cbcd9c1a resource provider not found; error: Placement Client Error (4xx): {"errors": [{"status": 404, "title": "Not Found", "detail": "The resource could not be found.\n\n No resource provider with uuid 593bbcec-75c1-4eaf-bec5-3610cbcd9c1a found for delete ", "request_id": "req-71d7ba8f-a3e9-4646-92da-251fa82d50da"}]}
2026-07-22 15:26:02.872 10 INFO neutron.wsgi [None req-f8864758-36c8-4804-b266-25314ac84af0 b4e447bb2a314c5b84c39ad80eb2e47d 04798592b0304f23b87a89f75f6b8c4d - - default default] 10.0.0.179 "DELETE /v2.0/networks/c76eead5-f5f8-4699-babf-37516a6a9206 HTTP/1.1" status: 204 len: 168 time: 0.6160095
2026-07-22 15:26:02.937 10 INFO neutron.db.ovn_revision_numbers_db [None req-e59f762c-be19-4343-b5e4-e7729ea8c034 e6708d11e7b3472f809e292def14e742 129f5522c5a748c49e4b3d00c1caf92c - - default default] Successfully bumped revision number for resource f87761f4-7894-4108-a3b7-2d86c1ce0170 (type: ports) to 1
2026-07-22 15:26:03.294 9 INFO neutron.wsgi [None req-27dd9f69-1254-4a78-8390-3585af1986e6 b4e447bb2a314c5b84c39ad80eb2e47d 04798592b0304f23b87a89f75f6b8c4d - - default default] 10.0.0.179 "DELETE /v2.0/networks/5bc56b44-7cda-4c40-bca8-bd5173c5a78d HTTP/1.1" status: 204 len: 168 time: 0.4119585
2026-07-22 15:26:03.339 10 INFO neutron.plugins.ml2.drivers.ovn.mech_driver.mech_driver [None req-a95e7cce-003f-4257-bd49-f307de43da7e - - - - - -] OVN reports status up for port: f87761f4-7894-4108-a3b7-2d86c1ce0170
2026-07-22 15:26:03.359 10 INFO neutron.plugins.ml2.plugin [None req-a95e7cce-003f-4257-bd49-f307de43da7e - - - - - -] Attempt 1 to provision port f87761f4-7894-4108-a3b7-2d86c1ce0170
2026-07-22 15:26:03.382 10 INFO neutron.db.ovn_revision_numbers_db [None req-e59f762c-be19-4343-b5e4-e7729ea8c034 e6708d11e7b3472f809e292def14e742 129f5522c5a748c49e4b3d00c1caf92c - - default default] Successfully bumped revision number for resource f87761f4-7894-4108-a3b7-2d86c1ce0170 (type: router_ports) to 1
2026-07-22 15:26:03.734 10 INFO neutron.db.ovn_revision_numbers_db [None req-e59f762c-be19-4343-b5e4-e7729ea8c034 e6708d11e7b3472f809e292def14e742 129f5522c5a748c49e4b3d00c1caf92c - - default default] Successfully bumped revision number for resource f87761f4-7894-4108-a3b7-2d86c1ce0170 (type: ports) to 1
2026-07-22 15:26:03.898 10 WARNING neutron.scheduler.dhcp_agent_scheduler [None req-e59f762c-be19-4343-b5e4-e7729ea8c034 e6708d11e7b3472f809e292def14e742 129f5522c5a748c49e4b3d00c1caf92c - - default default] No more DHCP agents
2026-07-22 15:26:03.905 10 WARNING neutron.api.rpc.agentnotifiers.dhcp_rpc_agent_api [None req-e59f762c-be19-4343-b5e4-e7729ea8c034 e6708d11e7b3472f809e292def14e742 129f5522c5a748c49e4b3d00c1caf92c - - default default] Unable to schedule network a41a2a66-f07a-428a-ac3a-2c8efa8da5a9: no agents available; will retry on subsequent port and subnet creation events.
2026-07-22 15:26:03.922 10 INFO neutron.db.ovn_revision_numbers_db [None req-a95e7cce-003f-4257-bd49-f307de43da7e - - - - - -] Successfully bumped revision number for resource f87761f4-7894-4108-a3b7-2d86c1ce0170 (type: ports) to 2
2026-07-22 15:26:04.238 9 INFO neutron.services.segments.plugin [-] Segment 41930889-34f9-420e-853f-4adf23a33d21 resource provider aggregate not found
2026-07-22 15:26:04.250 9 INFO neutron.services.segments.plugin [-] Segment 41930889-34f9-420e-853f-4adf23a33d21 resource provider aggregate not found
2026-07-22 15:26:04.256 9 INFO neutron.services.segments.plugin [-] Segment 41930889-34f9-420e-853f-4adf23a33d21 resource provider not found; error: Placement Client Error (4xx): {"errors": [{"status": 404, "title": "Not Found", "detail": "The resource could not be found.\n\n No resource provider with uuid 41930889-34f9-420e-853f-4adf23a33d21 found for delete ", "request_id": "req-be2ea5c0-735c-4cd0-b3b3-d40bfd75ff66"}]}
2026-07-22 15:26:04.269 9 INFO neutron.services.segments.plugin [-] Segment 41930889-34f9-420e-853f-4adf23a33d21 resource provider not found; error: Placement Client Error (4xx): {"errors": [{"status": 404, "title": "Not Found", "detail": "The resource could not be found.\n\n No resource provider with uuid 41930889-34f9-420e-853f-4adf23a33d21 found for delete ", "request_id": "req-285510dd-c51b-496e-b77e-3c2725942e38"}]}
2026-07-22 15:26:04.480 10 INFO neutron.wsgi [None req-255829f4-fda8-4b7f-9353-347a415cd1ee b4e447bb2a314c5b84c39ad80eb2e47d 04798592b0304f23b87a89f75f6b8c4d - - default default] 10.0.0.179 "DELETE /v2.0/networks/4ddc3421-d247-444d-8377-65bd903823a2 HTTP/1.1" status: 204 len: 168 time: 1.1807959
2026-07-22 15:26:04.615 10 INFO neutron.db.ovn_revision_numbers_db [None req-a95e7cce-003f-4257-bd49-f307de43da7e - - - - - -] Successfully bumped revision number for resource f87761f4-7894-4108-a3b7-2d86c1ce0170 (type: router_ports) to 2
2026-07-22 15:26:04.705 10 INFO neutron.db.ovn_revision_numbers_db [None req-e59f762c-be19-4343-b5e4-e7729ea8c034 e6708d11e7b3472f809e292def14e742 129f5522c5a748c49e4b3d00c1caf92c - - default default] Successfully bumped revision number for resource f87761f4-7894-4108-a3b7-2d86c1ce0170 (type: router_ports) to 2
2026-07-22 15:26:04.708 10 INFO neutron.wsgi [None req-e59f762c-be19-4343-b5e4-e7729ea8c034 e6708d11e7b3472f809e292def14e742 129f5522c5a748c49e4b3d00c1caf92c - - default default] 10.0.0.179 "PUT /v2.0/routers/15e66b17-9229-4b0b-8690-c28857e34753/add_router_interface HTTP/1.1" status: 200 len: 503 time: 2.5577185
2026-07-22 15:26:04.803 10 INFO neutron.wsgi [None req-36d38925-e782-41ef-bbde-ebbe8773b964 e6708d11e7b3472f809e292def14e742 129f5522c5a748c49e4b3d00c1caf92c - - default default] 10.0.0.179 "GET /v2.0/ports/f87761f4-7894-4108-a3b7-2d86c1ce0170 HTTP/1.1" status: 200 len: 1137 time: 0.0911379
2026-07-22 15:26:04.839 10 INFO neutron.services.segments.plugin [-] Segment 184299cf-b410-47d3-b377-f31e52412da0 resource provider aggregate not found
2026-07-22 15:26:04.863 10 INFO neutron.services.segments.plugin [-] Segment 184299cf-b410-47d3-b377-f31e52412da0 resource provider aggregate not found
2026-07-22 15:26:04.869 10 INFO neutron.services.segments.plugin [-] Segment 184299cf-b410-47d3-b377-f31e52412da0 resource provider not found; error: Placement Client Error (4xx): {"errors": [{"status": 404, "title": "Not Found", "detail": "The resource could not be found.\n\n No resource provider with uuid 184299cf-b410-47d3-b377-f31e52412da0 found for delete ", "request_id": "req-b83a0a8b-6d0d-458e-b972-95e3cff0e430"}]}
2026-07-22 15:26:04.887 10 INFO neutron.services.segments.plugin [-] Segment 184299cf-b410-47d3-b377-f31e52412da0 resource provider not found; error: Placement Client Error (4xx): {"errors": [{"status": 404, "title": "Not Found", "detail": "The resource could not be found.\n\n No resource provider with uuid 184299cf-b410-47d3-b377-f31e52412da0 found for delete ", "request_id": "req-297da306-ce6f-4d63-ad79-9697e485fd05"}]}
2026-07-22 15:26:05.259 9 INFO neutron.wsgi [None req-4fad4260-4789-4f8e-bbb2-71b9d2a05853 5c2d2eea7ebd43eaafe62f9f7646482d 1cefd14a2ae340718011307e746df049 - - default default] 10.0.0.179 "GET /v2.0/security-groups?tenant_id=04798592b0304f23b87a89f75f6b8c4d&name=default HTTP/1.1" status: 200 len: 2996 time: 0.2089958
2026-07-22 15:26:05.328 10 WARNING neutron.scheduler.dhcp_agent_scheduler [None req-d900fefb-ff15-40c8-9561-0d6e69f1e44d e6708d11e7b3472f809e292def14e742 129f5522c5a748c49e4b3d00c1caf92c - - default default] No more DHCP agents
2026-07-22 15:26:05.331 10 WARNING neutron.api.rpc.agentnotifiers.dhcp_rpc_agent_api [None req-d900fefb-ff15-40c8-9561-0d6e69f1e44d e6708d11e7b3472f809e292def14e742 129f5522c5a748c49e4b3d00c1caf92c - - default default] Unable to schedule network dbd915f0-d952-4a94-98dd-bcfdfd751db8: no agents available; will retry on subsequent port and subnet creation events.
2026-07-22 15:26:05.447 9 INFO neutron.wsgi [None req-e7764fb8-a286-4d79-9969-46c8ab43b9be 5c2d2eea7ebd43eaafe62f9f7646482d 1cefd14a2ae340718011307e746df049 - - default default] 10.0.0.179 "DELETE /v2.0/security-groups/f6a94a47-dd5d-47b3-9d70-6396fe2f4cc4 HTTP/1.1" status: 204 len: 168 time: 0.1829095
2026-07-22 15:26:05.517 10 INFO neutron.db.ovn_revision_numbers_db [None req-d900fefb-ff15-40c8-9561-0d6e69f1e44d e6708d11e7b3472f809e292def14e742 129f5522c5a748c49e4b3d00c1caf92c - - default default] Successfully bumped revision number for resource efbd5527-cb5b-4c2e-9574-64fa0044ae54 (type: ports) to 1
2026-07-22 15:26:06.069 9 INFO neutron.plugins.ml2.drivers.ovn.mech_driver.mech_driver [None req-dce3b029-d00b-4178-9294-9dee77922ec6 - - - - - -] OVN reports status up for port: efbd5527-cb5b-4c2e-9574-64fa0044ae54
2026-07-22 15:26:06.081 9 INFO neutron.plugins.ml2.plugin [None req-dce3b029-d00b-4178-9294-9dee77922ec6 - - - - - -] Attempt 1 to provision port efbd5527-cb5b-4c2e-9574-64fa0044ae54
2026-07-22 15:26:06.097 10 INFO neutron.db.ovn_revision_numbers_db [None req-d900fefb-ff15-40c8-9561-0d6e69f1e44d e6708d11e7b3472f809e292def14e742 129f5522c5a748c49e4b3d00c1caf92c - - default default] Successfully bumped revision number for resource efbd5527-cb5b-4c2e-9574-64fa0044ae54 (type: router_ports) to 1
2026-07-22 15:26:06.267 10 INFO neutron.db.ovn_revision_numbers_db [None req-d900fefb-ff15-40c8-9561-0d6e69f1e44d e6708d11e7b3472f809e292def14e742 129f5522c5a748c49e4b3d00c1caf92c - - default default] Successfully bumped revision number for resource efbd5527-cb5b-4c2e-9574-64fa0044ae54 (type: ports) to 1
2026-07-22 15:26:06.335 10 WARNING neutron.scheduler.dhcp_agent_scheduler [None req-d900fefb-ff15-40c8-9561-0d6e69f1e44d e6708d11e7b3472f809e292def14e742 129f5522c5a748c49e4b3d00c1caf92c - - default default] No more DHCP agents
2026-07-22 15:26:06.336 10 WARNING neutron.api.rpc.agentnotifiers.dhcp_rpc_agent_api [None req-d900fefb-ff15-40c8-9561-0d6e69f1e44d e6708d11e7b3472f809e292def14e742 129f5522c5a748c49e4b3d00c1caf92c - - default default] Unable to schedule network dbd915f0-d952-4a94-98dd-bcfdfd751db8: no agents available; will retry on subsequent port and subnet creation events.
2026-07-22 15:26:06.415 9 INFO neutron.db.ovn_revision_numbers_db [None req-dce3b029-d00b-4178-9294-9dee77922ec6 - - - - - -] Successfully bumped revision number for resource efbd5527-cb5b-4c2e-9574-64fa0044ae54 (type: ports) to 2
2026-07-22 15:26:06.536 10 INFO neutron.db.ovn_revision_numbers_db [None req-d900fefb-ff15-40c8-9561-0d6e69f1e44d e6708d11e7b3472f809e292def14e742 129f5522c5a748c49e4b3d00c1caf92c - - default default] Successfully bumped revision number for resource efbd5527-cb5b-4c2e-9574-64fa0044ae54 (type: router_ports) to 2
2026-07-22 15:26:06.539 10 INFO neutron.wsgi [None req-d900fefb-ff15-40c8-9561-0d6e69f1e44d e6708d11e7b3472f809e292def14e742 129f5522c5a748c49e4b3d00c1caf92c - - default default] 10.0.0.179 "PUT /v2.0/routers/15e66b17-9229-4b0b-8690-c28857e34753/add_router_interface HTTP/1.1" status: 200 len: 503 time: 1.7300718
2026-07-22 15:26:06.646 10 INFO neutron.wsgi [None req-b842ffa5-05ec-43c0-b036-834dac9fa77d e6708d11e7b3472f809e292def14e742 129f5522c5a748c49e4b3d00c1caf92c - - default default] 10.0.0.179 "GET /v2.0/ports/efbd5527-cb5b-4c2e-9574-64fa0044ae54 HTTP/1.1" status: 200 len: 1137 time: 0.1018043
2026-07-22 15:26:06.683 10 INFO neutron.wsgi [None req-9dcbd6d0-bac7-41a4-8919-3079c3d84dd6 e6708d11e7b3472f809e292def14e742 129f5522c5a748c49e4b3d00c1caf92c - - default default] 10.0.0.179 "GET /v2.0/ports/efbd5527-cb5b-4c2e-9574-64fa0044ae54 HTTP/1.1" status: 200 len: 1137 time: 0.0308826
2026-07-22 15:26:07.392 10 INFO neutron.wsgi [None req-ab2fd0f1-b50c-4b4a-b9f2-c989ce4b60b1 e6708d11e7b3472f809e292def14e742 129f5522c5a748c49e4b3d00c1caf92c - - default default] 10.0.0.179 "PUT /v2.0/routers/15e66b17-9229-4b0b-8690-c28857e34753/remove_router_interface HTTP/1.1" status: 200 len: 503 time: 0.7042680 /var/lib/openstack/lib/python3.10/site-packages/pycadf/identifier.py:71: UserWarning: Invalid uuid: neutron. To ensure interoperability, identifiers should be a valid uuid. warnings.warn(('Invalid uuid: %s. To ensure interoperability, '
2026-07-22 15:26:07.452 10 INFO neutron.wsgi [None req-104edf4d-f895-45fb-b642-c8fb57cb89f8 e6708d11e7b3472f809e292def14e742 129f5522c5a748c49e4b3d00c1caf92c - - default default] 10.0.0.179 "GET /v2.0/ports/f87761f4-7894-4108-a3b7-2d86c1ce0170 HTTP/1.1" status: 200 len: 1137 time: 0.0542045
2026-07-22 15:26:07.514 9 INFO neutron.db.ovn_revision_numbers_db [None req-5e969a12-ede2-4439-887d-2b608168c76e 52d0f14a58ba44d49ea9d718829bd6af 7d64778710a646aaa4885c1b8e5eec5f - - default default] Successfully bumped revision number for resource 07878e06-c8f7-47b7-ba1b-f86cfdd77ef0 (type: security_groups) to 1
2026-07-22 15:26:07.529 9 INFO neutron.db.ovn_revision_numbers_db [None req-5e969a12-ede2-4439-887d-2b608168c76e 52d0f14a58ba44d49ea9d718829bd6af 7d64778710a646aaa4885c1b8e5eec5f - - default default] Successfully bumped revision number for resource 554ade85-ecc2-4993-8efd-e8039a484cc4 (type: security_group_rules) to 0
2026-07-22 15:26:07.546 9 INFO neutron.db.ovn_revision_numbers_db [None req-5e969a12-ede2-4439-887d-2b608168c76e 52d0f14a58ba44d49ea9d718829bd6af 7d64778710a646aaa4885c1b8e5eec5f - - default default] Successfully bumped revision number for resource 679acef6-18af-4e5e-a493-985b74089394 (type: security_group_rules) to 0
2026-07-22 15:26:07.563 9 INFO neutron.db.ovn_revision_numbers_db [None req-5e969a12-ede2-4439-887d-2b608168c76e 52d0f14a58ba44d49ea9d718829bd6af 7d64778710a646aaa4885c1b8e5eec5f - - default default] Successfully bumped revision number for resource a02b3b9b-41a2-4219-be34-3b73b26a916f (type: security_group_rules) to 0
2026-07-22 15:26:07.585 9 INFO neutron.db.ovn_revision_numbers_db [None req-5e969a12-ede2-4439-887d-2b608168c76e 52d0f14a58ba44d49ea9d718829bd6af 7d64778710a646aaa4885c1b8e5eec5f - - default default] Successfully bumped revision number for resource bfd667f5-6184-4703-acf5-75ac24b7c8dd (type: security_group_rules) to 0
2026-07-22 15:26:07.650 9 INFO neutron.db.segments_db [None req-5e969a12-ede2-4439-887d-2b608168c76e 52d0f14a58ba44d49ea9d718829bd6af 7d64778710a646aaa4885c1b8e5eec5f - - default default] Added segment 3a81b021-2f27-4ffb-9cb2-2afec968c032 of type geneve for network f4b21358-6d80-42d0-8913-e1b9e8a793c9
2026-07-22 15:26:07.797 9 INFO neutron.db.ovn_revision_numbers_db [None req-5e969a12-ede2-4439-887d-2b608168c76e 52d0f14a58ba44d49ea9d718829bd6af 7d64778710a646aaa4885c1b8e5eec5f - - default default] Successfully bumped revision number for resource f4b21358-6d80-42d0-8913-e1b9e8a793c9 (type: networks) to 1
2026-07-22 15:26:07.957 9 WARNING neutron.scheduler.dhcp_agent_scheduler [None req-5e969a12-ede2-4439-887d-2b608168c76e 52d0f14a58ba44d49ea9d718829bd6af 7d64778710a646aaa4885c1b8e5eec5f - - default default] No more DHCP agents
2026-07-22 15:26:07.960 9 WARNING neutron.api.rpc.agentnotifiers.dhcp_rpc_agent_api [None req-5e969a12-ede2-4439-887d-2b608168c76e 52d0f14a58ba44d49ea9d718829bd6af 7d64778710a646aaa4885c1b8e5eec5f - - default default] Unable to schedule network f4b21358-6d80-42d0-8913-e1b9e8a793c9: no agents available; will retry on subsequent port and subnet creation events.
2026-07-22 15:26:08.045 9 INFO neutron.db.ovn_revision_numbers_db [None req-5e969a12-ede2-4439-887d-2b608168c76e 52d0f14a58ba44d49ea9d718829bd6af 7d64778710a646aaa4885c1b8e5eec5f - - default default] Successfully bumped revision number for resource 3647265c-f7ae-45ab-b763-9291ae89f838 (type: ports) to 1
2026-07-22 15:26:08.069 9 INFO neutron.wsgi [None req-5e969a12-ede2-4439-887d-2b608168c76e 52d0f14a58ba44d49ea9d718829bd6af 7d64778710a646aaa4885c1b8e5eec5f - - default default] 10.0.0.179 "POST /v2.0/networks HTTP/1.1" status: 201 len: 843 time: 0.8441715
2026-07-22 15:26:08.200 10 INFO neutron.wsgi [None req-835661f3-ba69-4526-a3a0-d0592d41c18a e6708d11e7b3472f809e292def14e742 129f5522c5a748c49e4b3d00c1caf92c - - default default] 10.0.0.179 "PUT /v2.0/routers/15e66b17-9229-4b0b-8690-c28857e34753/remove_router_interface HTTP/1.1" status: 200 len: 503 time: 0.7440274 /var/lib/openstack/lib/python3.10/site-packages/pycadf/identifier.py:71: UserWarning: Invalid uuid: neutron. To ensure interoperability, identifiers should be a valid uuid. warnings.warn(('Invalid uuid: %s. To ensure interoperability, '
2026-07-22 15:26:08.229 10 INFO neutron.wsgi [None req-14414c66-679b-4228-a41f-f7980461fd6e e6708d11e7b3472f809e292def14e742 129f5522c5a748c49e4b3d00c1caf92c - - default default] 10.0.0.179 "GET /v2.0/ports?device_id=15e66b17-9229-4b0b-8690-c28857e34753 HTTP/1.1" status: 200 len: 205 time: 0.0224028
2026-07-22 15:26:08.398 10 WARNING neutron.scheduler.dhcp_agent_scheduler [None req-c62e9992-46c2-4648-9c82-a54baed2b003 52d0f14a58ba44d49ea9d718829bd6af 7d64778710a646aaa4885c1b8e5eec5f - - default default] No more DHCP agents
2026-07-22 15:26:08.400 10 WARNING neutron.api.rpc.agentnotifiers.dhcp_rpc_agent_api [None req-c62e9992-46c2-4648-9c82-a54baed2b003 52d0f14a58ba44d49ea9d718829bd6af 7d64778710a646aaa4885c1b8e5eec5f - - default default] Unable to schedule network f4b21358-6d80-42d0-8913-e1b9e8a793c9: no agents available; will retry on subsequent port and subnet creation events.
2026-07-22 15:26:08.509 9 INFO neutron.wsgi [None req-f03a921c-00b6-49c7-8f9a-7a7aaef79058 e6708d11e7b3472f809e292def14e742 129f5522c5a748c49e4b3d00c1caf92c - - default default] 10.0.0.179 "DELETE /v2.0/routers/15e66b17-9229-4b0b-8690-c28857e34753 HTTP/1.1" status: 204 len: 168 time: 0.2733827
2026-07-22 15:26:08.624 9 INFO neutron.wsgi [req-a8398136-022f-4aff-a0fe-6f05834457ac req-05da31b2-8f1d-49cf-bbeb-55ef700e0039 e62eee8fa42a4163a3ae678d2c8ae9aa 86e0e1c0a1f14810805148bd2196cbdc - - e37e2322584140228abb0979f9eb5225 e37e2322584140228abb0979f9eb5225] 10.0.0.97 "GET /v2.0/ports?device_id=cfc38cab-4807-425e-9943-2168b8e4c99e HTTP/1.1" status: 200 len: 1413 time: 0.6305621
2026-07-22 15:26:08.683 9 INFO neutron.wsgi [req-a8398136-022f-4aff-a0fe-6f05834457ac req-f04c596f-56a7-4554-ac40-54227a182140 e62eee8fa42a4163a3ae678d2c8ae9aa 86e0e1c0a1f14810805148bd2196cbdc - - e37e2322584140228abb0979f9eb5225 e37e2322584140228abb0979f9eb5225] 10.0.0.97 "GET /v2.0/security-groups?id=26be2f6d-1c5a-4fff-b841-df4d68866d27&fields=id&fields=name HTTP/1.1" status: 200 len: 313 time: 0.0539198
2026-07-22 15:26:08.843 10 INFO neutron.db.ovn_revision_numbers_db [None req-6fdffe64-7560-4813-a08d-9feedf4ddb12 5c2d2eea7ebd43eaafe62f9f7646482d 1cefd14a2ae340718011307e746df049 - - default default] Successfully bumped revision number for resource a21cb914-c66f-40d9-bfcb-9ec5f37e4677 (type: security_groups) to 1
2026-07-22 15:26:08.879 10 INFO neutron.db.ovn_revision_numbers_db [None req-6fdffe64-7560-4813-a08d-9feedf4ddb12 5c2d2eea7ebd43eaafe62f9f7646482d 1cefd14a2ae340718011307e746df049 - - default default] Successfully bumped revision number for resource 02ce587b-c2ce-4da7-8024-3297af237ca6 (type: security_group_rules) to 0
2026-07-22 15:26:08.915 10 INFO neutron.db.ovn_revision_numbers_db [None req-6fdffe64-7560-4813-a08d-9feedf4ddb12 5c2d2eea7ebd43eaafe62f9f7646482d 1cefd14a2ae340718011307e746df049 - - default default] Successfully bumped revision number for resource 1e996b4b-72ae-4cb2-8ca2-e2b7d03b31f3 (type: security_group_rules) to 0
2026-07-22 15:26:08.949 10 INFO neutron.db.ovn_revision_numbers_db [None req-6fdffe64-7560-4813-a08d-9feedf4ddb12 5c2d2eea7ebd43eaafe62f9f7646482d 1cefd14a2ae340718011307e746df049 - - default default] Successfully bumped revision number for resource abc8bb27-9df5-48bc-bac0-f813f61696d3 (type: security_group_rules) to 0
2026-07-22 15:26:08.979 10 INFO neutron.wsgi [None req-89d44fae-5524-49ad-8a0d-b09cccc1905e e6708d11e7b3472f809e292def14e742 129f5522c5a748c49e4b3d00c1caf92c - - default default] 10.0.0.179 "DELETE /v2.0/subnets/57383240-bd81-4136-a851-5b27cdae9941 HTTP/1.1" status: 204 len: 168 time: 0.4644573
2026-07-22 15:26:08.990 10 INFO neutron.db.ovn_revision_numbers_db [None req-6fdffe64-7560-4813-a08d-9feedf4ddb12 5c2d2eea7ebd43eaafe62f9f7646482d 1cefd14a2ae340718011307e746df049 - - default default] Successfully bumped revision number for resource e79e1723-73a0-421f-bc96-bf5e195176c6 (type: security_group_rules) to 0
2026-07-22 15:26:09.023 10 INFO neutron.wsgi [None req-6fdffe64-7560-4813-a08d-9feedf4ddb12 5c2d2eea7ebd43eaafe62f9f7646482d 1cefd14a2ae340718011307e746df049 - - default default] 10.0.0.179 "GET /v2.0/security-groups?tenant_id=4909c1f154c24d4d99a174858df2e127&name=default HTTP/1.1" status: 200 len: 2996 time: 0.6036422
2026-07-22 15:26:09.162 10 INFO neutron.db.ovn_revision_numbers_db [None req-c62e9992-46c2-4648-9c82-a54baed2b003 52d0f14a58ba44d49ea9d718829bd6af 7d64778710a646aaa4885c1b8e5eec5f - - default default] Successfully bumped revision number for resource 3647265c-f7ae-45ab-b763-9291ae89f838 (type: ports) to 2
2026-07-22 15:26:09.178 9 INFO neutron.wsgi [None req-6857eb28-caa1-41ae-bf18-f7deec8cc4d4 e6708d11e7b3472f809e292def14e742 129f5522c5a748c49e4b3d00c1caf92c - - default default] 10.0.0.179 "DELETE /v2.0/subnets/05b44578-3df1-4a24-90a3-49e02562c101 HTTP/1.1" status: 204 len: 168 time: 0.1936252
2026-07-22 15:26:09.202 10 INFO neutron.db.ovn_revision_numbers_db [None req-c62e9992-46c2-4648-9c82-a54baed2b003 52d0f14a58ba44d49ea9d718829bd6af 7d64778710a646aaa4885c1b8e5eec5f - - default default] Successfully bumped revision number for resource a9cd6c94-039e-46af-88c7-4915466611f6 (type: subnets) to 0
2026-07-22 15:26:09.223 10 INFO neutron.wsgi [None req-c62e9992-46c2-4648-9c82-a54baed2b003 52d0f14a58ba44d49ea9d718829bd6af 7d64778710a646aaa4885c1b8e5eec5f - - default default] 10.0.0.179 "POST /v2.0/subnets HTTP/1.1" status: 201 len: 816 time: 1.1187084
2026-07-22 15:26:09.281 10 INFO neutron.wsgi [None req-64fe1dc5-33fd-4927-8bf9-4f41a9c77b81 5c2d2eea7ebd43eaafe62f9f7646482d 1cefd14a2ae340718011307e746df049 - - default default] 10.0.0.179 "DELETE /v2.0/security-groups/a21cb914-c66f-40d9-bfcb-9ec5f37e4677 HTTP/1.1" status: 204 len: 168 time: 0.2511816
2026-07-22 15:26:09.351 10 INFO neutron.db.segments_db [None req-f9f71542-3c51-43b4-9b91-9e2374e72f89 52d0f14a58ba44d49ea9d718829bd6af 7d64778710a646aaa4885c1b8e5eec5f - - default default] Added segment 4663aa6d-204a-4041-b63a-6e12f55dc0ae of type geneve for network 2eb9f8d1-e849-4940-a7c6-fc390d93b434
2026-07-22 15:26:09.588 9 INFO neutron.services.segments.plugin [-] Segment a9e716af-f21b-4838-aa15-465e5674feb0 resource provider aggregate not found
2026-07-22 15:26:09.595 9 INFO neutron.services.segments.plugin [-] Segment a9e716af-f21b-4838-aa15-465e5674feb0 resource provider aggregate not found
2026-07-22 15:26:09.613 9 INFO neutron.services.segments.plugin [-] Segment a9e716af-f21b-4838-aa15-465e5674feb0 resource provider not found; error: Placement Client Error (4xx): {"errors": [{"status": 404, "title": "Not Found", "detail": "The resource could not be found.\n\n No resource provider with uuid a9e716af-f21b-4838-aa15-465e5674feb0 found for delete ", "request_id": "req-386172f7-cd25-4fd7-8130-7cdf15d19fc7"}]}
2026-07-22 15:26:09.617 9 INFO neutron.services.segments.plugin [-] Segment a9e716af-f21b-4838-aa15-465e5674feb0 resource provider not found; error: Placement Client Error (4xx): {"errors": [{"status": 404, "title": "Not Found", "detail": "The resource could not be found.\n\n No resource provider with uuid a9e716af-f21b-4838-aa15-465e5674feb0 found for delete ", "request_id": "req-aedc1045-d25f-4624-83fc-920cad5ca11b"}]}
2026-07-22 15:26:09.646 9 INFO neutron.wsgi [None req-7da2688b-8f85-4a94-9e09-b0c4c7631436 e6708d11e7b3472f809e292def14e742 129f5522c5a748c49e4b3d00c1caf92c - - default default] 10.0.0.179 "DELETE /v2.0/networks/dbd915f0-d952-4a94-98dd-bcfdfd751db8 HTTP/1.1" status: 204 len: 168 time: 0.4614971
2026-07-22 15:26:09.732 9 INFO neutron.db.ovn_revision_numbers_db [None req-66a592c6-ff7b-4093-8100-54adaae1de53 5c2d2eea7ebd43eaafe62f9f7646482d 1cefd14a2ae340718011307e746df049 - - default default] Successfully bumped revision number for resource d499c7f6-4487-417b-91e7-c6f5c9e09c64 (type: security_groups) to 1
2026-07-22 15:26:09.753 9 INFO neutron.db.ovn_revision_numbers_db [None req-66a592c6-ff7b-4093-8100-54adaae1de53 5c2d2eea7ebd43eaafe62f9f7646482d 1cefd14a2ae340718011307e746df049 - - default default] Successfully bumped revision number for resource 13f6b7ba-1ceb-40d2-9ac6-48fdabf04802 (type: security_group_rules) to 0
2026-07-22 15:26:09.777 9 INFO neutron.db.ovn_revision_numbers_db [None req-66a592c6-ff7b-4093-8100-54adaae1de53 5c2d2eea7ebd43eaafe62f9f7646482d 1cefd14a2ae340718011307e746df049 - - default default] Successfully bumped revision number for resource c9684b63-ecb1-414d-97d0-10c175f14832 (type: security_group_rules) to 0
2026-07-22 15:26:09.799 9 INFO neutron.db.ovn_revision_numbers_db [None req-66a592c6-ff7b-4093-8100-54adaae1de53 5c2d2eea7ebd43eaafe62f9f7646482d 1cefd14a2ae340718011307e746df049 - - default default] Successfully bumped revision number for resource e930db2f-384e-4a07-9e24-80cb5eee7b4d (type: security_group_rules) to 0
2026-07-22 15:26:09.829 10 INFO neutron.db.ovn_revision_numbers_db [None req-f9f71542-3c51-43b4-9b91-9e2374e72f89 52d0f14a58ba44d49ea9d718829bd6af 7d64778710a646aaa4885c1b8e5eec5f - - default default] Successfully bumped revision number for resource 2eb9f8d1-e849-4940-a7c6-fc390d93b434 (type: networks) to 1
2026-07-22 15:26:09.831 9 INFO neutron.db.ovn_revision_numbers_db [None req-66a592c6-ff7b-4093-8100-54adaae1de53 5c2d2eea7ebd43eaafe62f9f7646482d 1cefd14a2ae340718011307e746df049 - - default default] Successfully bumped revision number for resource fa5de89c-578a-4f13-9cb9-80d27cfbf566 (type: security_group_rules) to 0
2026-07-22 15:26:09.879 9 INFO neutron.wsgi [None req-66a592c6-ff7b-4093-8100-54adaae1de53 5c2d2eea7ebd43eaafe62f9f7646482d 1cefd14a2ae340718011307e746df049 - - default default] 10.0.0.179 "GET /v2.0/security-groups?tenant_id=84505473e2284fb797490b4fdfe463ff&name=default HTTP/1.1" status: 200 len: 2996 time: 0.3741634
2026-07-22 15:26:10.048 10 WARNING neutron.scheduler.dhcp_agent_scheduler [None req-f9f71542-3c51-43b4-9b91-9e2374e72f89 52d0f14a58ba44d49ea9d718829bd6af 7d64778710a646aaa4885c1b8e5eec5f - - default default] No more DHCP agents
2026-07-22 15:26:10.051 10 WARNING neutron.api.rpc.agentnotifiers.dhcp_rpc_agent_api [None req-f9f71542-3c51-43b4-9b91-9e2374e72f89 52d0f14a58ba44d49ea9d718829bd6af 7d64778710a646aaa4885c1b8e5eec5f - - default default] Unable to schedule network 2eb9f8d1-e849-4940-a7c6-fc390d93b434: no agents available; will retry on subsequent port and subnet creation events.
2026-07-22 15:26:10.143 10 INFO neutron.db.ovn_revision_numbers_db [None req-f9f71542-3c51-43b4-9b91-9e2374e72f89 52d0f14a58ba44d49ea9d718829bd6af 7d64778710a646aaa4885c1b8e5eec5f - - default default] Successfully bumped revision number for resource 3cf711c7-578a-42b7-91de-936a10e3d6e6 (type: ports) to 1
2026-07-22 15:26:10.156 9 INFO neutron.wsgi [None req-e615dc30-4e35-4203-8561-e39facd2958e e6708d11e7b3472f809e292def14e742 129f5522c5a748c49e4b3d00c1caf92c - - default default] 10.0.0.179 "DELETE /v2.0/networks/a41a2a66-f07a-428a-ac3a-2c8efa8da5a9 HTTP/1.1" status: 204 len: 168 time: 0.4934332
2026-07-22 15:26:10.173 10 INFO neutron.wsgi [None req-f9f71542-3c51-43b4-9b91-9e2374e72f89 52d0f14a58ba44d49ea9d718829bd6af 7d64778710a646aaa4885c1b8e5eec5f - - default default] 10.0.0.179 "POST /v2.0/networks HTTP/1.1" status: 201 len: 842 time: 0.9400573
2026-07-22 15:26:10.214 10 INFO neutron.wsgi [None req-72141aee-1eee-4e62-b793-3e9446a5f168 5c2d2eea7ebd43eaafe62f9f7646482d 1cefd14a2ae340718011307e746df049 - - default default] 10.0.0.179 "DELETE /v2.0/security-groups/d499c7f6-4487-417b-91e7-c6f5c9e09c64 HTTP/1.1" status: 204 len: 168 time: 0.3304722
2026-07-22 15:26:10.264 10 INFO neutron.db.segments_db [None req-8076e73a-04cf-4cdd-bac3-9b655f61de5d e6708d11e7b3472f809e292def14e742 129f5522c5a748c49e4b3d00c1caf92c - - default default] Added segment a6968c0d-ba5c-491f-bc46-3731b4d682ad of type geneve for network 0b16066d-ac39-4cf2-814d-753a18fd5f3b
2026-07-22 15:26:10.394 9 INFO neutron.db.ovn_revision_numbers_db [None req-8701efa2-ced0-4a6a-89a4-e29d7b3db36a 52d0f14a58ba44d49ea9d718829bd6af 7d64778710a646aaa4885c1b8e5eec5f - - default default] Successfully bumped revision number for resource 2eb9f8d1-e849-4940-a7c6-fc390d93b434 (type: networks) to 2
2026-07-22 15:26:10.400 9 INFO neutron.wsgi [None req-8701efa2-ced0-4a6a-89a4-e29d7b3db36a 52d0f14a58ba44d49ea9d718829bd6af 7d64778710a646aaa4885c1b8e5eec5f - - default default] 10.0.0.179 "PUT /v2.0/networks/2eb9f8d1-e849-4940-a7c6-fc390d93b434 HTTP/1.1" status: 200 len: 792 time: 0.2205439
2026-07-22 15:26:10.418 10 INFO neutron.db.ovn_revision_numbers_db [None req-8076e73a-04cf-4cdd-bac3-9b655f61de5d e6708d11e7b3472f809e292def14e742 129f5522c5a748c49e4b3d00c1caf92c - - default default] Successfully bumped revision number for resource 0b16066d-ac39-4cf2-814d-753a18fd5f3b (type: networks) to 1
2026-07-22 15:26:10.622 10 WARNING neutron.plugins.ml2.drivers.ovn.mech_driver.ovsdb.ovn_client [None req-a95e7cce-003f-4257-bd49-f307de43da7e - - - - - -] No port found with ID f87761f4-7894-4108-a3b7-2d86c1ce0170: RuntimeError: No port found with ID f87761f4-7894-4108-a3b7-2d86c1ce0170
2026-07-22 15:26:10.631 10 WARNING neutron.scheduler.dhcp_agent_scheduler [None req-8076e73a-04cf-4cdd-bac3-9b655f61de5d e6708d11e7b3472f809e292def14e742 129f5522c5a748c49e4b3d00c1caf92c - - default default] No more DHCP agents
2026-07-22 15:26:10.634 10 WARNING neutron.api.rpc.agentnotifiers.dhcp_rpc_agent_api [None req-8076e73a-04cf-4cdd-bac3-9b655f61de5d e6708d11e7b3472f809e292def14e742 129f5522c5a748c49e4b3d00c1caf92c - - default default] Unable to schedule network 0b16066d-ac39-4cf2-814d-753a18fd5f3b: no agents available; will retry on subsequent port and subnet creation events.
2026-07-22 15:26:10.719 10 INFO neutron.db.ovn_revision_numbers_db [None req-8076e73a-04cf-4cdd-bac3-9b655f61de5d e6708d11e7b3472f809e292def14e742 129f5522c5a748c49e4b3d00c1caf92c - - default default] Successfully bumped revision number for resource 4cb4e835-c867-42f7-920d-85c7b1d63179 (type: ports) to 1
2026-07-22 15:26:10.724 9 WARNING neutron.scheduler.dhcp_agent_scheduler [None req-b86d94c4-08e3-4311-a88c-90e35273d883 52d0f14a58ba44d49ea9d718829bd6af 7d64778710a646aaa4885c1b8e5eec5f - - default default] No more DHCP agents
2026-07-22 15:26:10.726 9 WARNING neutron.api.rpc.agentnotifiers.dhcp_rpc_agent_api [None req-b86d94c4-08e3-4311-a88c-90e35273d883 52d0f14a58ba44d49ea9d718829bd6af 7d64778710a646aaa4885c1b8e5eec5f - - default default] Unable to schedule network 2eb9f8d1-e849-4940-a7c6-fc390d93b434: no agents available; will retry on subsequent port and subnet creation events.
2026-07-22 15:26:10.747 10 INFO neutron.wsgi [None req-8076e73a-04cf-4cdd-bac3-9b655f61de5d e6708d11e7b3472f809e292def14e742 129f5522c5a748c49e4b3d00c1caf92c - - default default] 10.0.0.179 "POST /v2.0/networks HTTP/1.1" status: 201 len: 829 time: 0.5834467
2026-07-22 15:26:10.996 10 WARNING neutron.scheduler.dhcp_agent_scheduler [None req-2f925844-51b4-42f1-bfcb-e8eb51209910 e6708d11e7b3472f809e292def14e742 129f5522c5a748c49e4b3d00c1caf92c - - default default] No more DHCP agents
2026-07-22 15:26:10.998 10 WARNING neutron.api.rpc.agentnotifiers.dhcp_rpc_agent_api [None req-2f925844-51b4-42f1-bfcb-e8eb51209910 e6708d11e7b3472f809e292def14e742 129f5522c5a748c49e4b3d00c1caf92c - - default default] Unable to schedule network 0b16066d-ac39-4cf2-814d-753a18fd5f3b: no agents available; will retry on subsequent port and subnet creation events.
2026-07-22 15:26:11.158 9 WARNING neutron.plugins.ml2.drivers.ovn.mech_driver.ovsdb.ovn_client [None req-dce3b029-d00b-4178-9294-9dee77922ec6 - - - - - -] No port found with ID efbd5527-cb5b-4c2e-9574-64fa0044ae54: RuntimeError: No port found with ID efbd5527-cb5b-4c2e-9574-64fa0044ae54
2026-07-22 15:26:11.187 9 INFO neutron.db.ovn_revision_numbers_db [None req-b86d94c4-08e3-4311-a88c-90e35273d883 52d0f14a58ba44d49ea9d718829bd6af 7d64778710a646aaa4885c1b8e5eec5f - - default default] Successfully bumped revision number for resource 3cf711c7-578a-42b7-91de-936a10e3d6e6 (type: ports) to 2
2026-07-22 15:26:11.225 9 INFO neutron.db.ovn_revision_numbers_db [None req-b86d94c4-08e3-4311-a88c-90e35273d883 52d0f14a58ba44d49ea9d718829bd6af 7d64778710a646aaa4885c1b8e5eec5f - - default default] Successfully bumped revision number for resource bb617ed6-1205-4312-8769-70e136c11eda (type: subnets) to 0
2026-07-22 15:26:11.247 9 INFO neutron.wsgi [None req-b86d94c4-08e3-4311-a88c-90e35273d883 52d0f14a58ba44d49ea9d718829bd6af 7d64778710a646aaa4885c1b8e5eec5f - - default default] 10.0.0.179 "POST /v2.0/subnets HTTP/1.1" status: 201 len: 801 time: 0.8398411
2026-07-22 15:26:11.389 10 INFO neutron.wsgi [req-306553ff-a3fe-4fcf-908d-5517c3ebd8ec req-e2de5a2f-1f3d-41a9-bc6c-d64dede36d16 c2a5c053a51e4f19bf96ddbfbab7937f 39fa64bd1f4e4da8bfceb01b08119666 - - default default] 10.0.0.64 "GET /v2.0/ports?device_id=cfc38cab-4807-425e-9943-2168b8e4c99e HTTP/1.1" status: 200 len: 1174 time: 0.1642199
2026-07-22 15:26:11.476 10 INFO neutron.wsgi [req-306553ff-a3fe-4fcf-908d-5517c3ebd8ec req-38b08747-3eba-4f6b-b855-dee9ec824f7e c2a5c053a51e4f19bf96ddbfbab7937f 39fa64bd1f4e4da8bfceb01b08119666 - - default default] 10.0.0.64 "GET /v2.0/security-groups?id=26be2f6d-1c5a-4fff-b841-df4d68866d27&fields=id&fields=name HTTP/1.1" status: 200 len: 313 time: 0.0816655
2026-07-22 15:26:11.584 9 INFO neutron.db.ovn_revision_numbers_db [None req-b7482dad-34d2-49b4-ac7c-a7c8636b3dec 52d0f14a58ba44d49ea9d718829bd6af 7d64778710a646aaa4885c1b8e5eec5f - - default default] Successfully bumped revision number for resource bb617ed6-1205-4312-8769-70e136c11eda (type: subnets) to 1
2026-07-22 15:26:11.589 9 INFO neutron.wsgi [None req-b7482dad-34d2-49b4-ac7c-a7c8636b3dec 52d0f14a58ba44d49ea9d718829bd6af 7d64778710a646aaa4885c1b8e5eec5f - - default default] 10.0.0.179 "PUT /v2.0/subnets/bb617ed6-1205-4312-8769-70e136c11eda HTTP/1.1" status: 200 len: 806 time: 0.3372800
2026-07-22 15:26:11.646 9 INFO neutron.services.segments.plugin [-] Segment f81f2992-7442-48c2-9d36-5f028dc0bf02 resource provider aggregate not found
2026-07-22 15:26:11.655 10 INFO neutron.db.ovn_revision_numbers_db [None req-2f925844-51b4-42f1-bfcb-e8eb51209910 e6708d11e7b3472f809e292def14e742 129f5522c5a748c49e4b3d00c1caf92c - - default default] Successfully bumped revision number for resource 4cb4e835-c867-42f7-920d-85c7b1d63179 (type: ports) to 2
2026-07-22 15:26:11.657 9 INFO neutron.services.segments.plugin [-] Segment f81f2992-7442-48c2-9d36-5f028dc0bf02 resource provider aggregate not found
2026-07-22 15:26:11.676 9 INFO neutron.services.segments.plugin [-] Segment f81f2992-7442-48c2-9d36-5f028dc0bf02 resource provider not found; error: Placement Client Error (4xx): {"errors": [{"status": 404, "title": "Not Found", "detail": "The resource could not be found.\n\n No resource provider with uuid f81f2992-7442-48c2-9d36-5f028dc0bf02 found for delete ", "request_id": "req-27a74f4d-9815-45dd-84e2-ed7b3fae9ec1"}]}
2026-07-22 15:26:11.676 9 INFO neutron.services.segments.plugin [-] Segment f81f2992-7442-48c2-9d36-5f028dc0bf02 resource provider not found; error: Placement Client Error (4xx): {"errors": [{"status": 404, "title": "Not Found", "detail": "The resource could not be found.\n\n No resource provider with uuid f81f2992-7442-48c2-9d36-5f028dc0bf02 found for delete ", "request_id": "req-c5b5046d-5ed4-4da2-83c0-bcfb273354bf"}]}
2026-07-22 15:26:11.732 10 INFO neutron.db.ovn_revision_numbers_db [None req-2f925844-51b4-42f1-bfcb-e8eb51209910 e6708d11e7b3472f809e292def14e742 129f5522c5a748c49e4b3d00c1caf92c - - default default] Successfully bumped revision number for resource 2a8f9b2d-5ecf-4fb3-9b12-3429c8656df2 (type: subnets) to 0
2026-07-22 15:26:11.755 10 INFO neutron.wsgi [req-00d78b66-5f9a-4e76-a4c8-4eb28e4fa7c3 req-266c97a1-24a4-4db7-a91d-74e58b70b4f0 c2a5c053a51e4f19bf96ddbfbab7937f 39fa64bd1f4e4da8bfceb01b08119666 - - default default] 10.0.0.64 "GET /v2.0/ports?device_id=cfc38cab-4807-425e-9943-2168b8e4c99e HTTP/1.1" status: 200 len: 1174 time: 0.0669222
2026-07-22 15:26:11.759 9 INFO neutron.plugins.ml2.drivers.ovn.mech_driver.mech_driver [None req-dce3b029-d00b-4178-9294-9dee77922ec6 - - - - - -] OVN reports status down for port: 1e9f4b0b-05f4-4755-b5f9-d4134c86b08e
2026-07-22 15:26:11.775 10 INFO neutron.wsgi [None req-2f925844-51b4-42f1-bfcb-e8eb51209910 e6708d11e7b3472f809e292def14e742 129f5522c5a748c49e4b3d00c1caf92c - - default default] 10.0.0.179 "POST /v2.0/subnets HTTP/1.1" status: 201 len: 801 time: 1.0232739
2026-07-22 15:26:11.845 10 INFO neutron.wsgi [req-00d78b66-5f9a-4e76-a4c8-4eb28e4fa7c3 req-e2692bd9-1190-496d-b49f-636ca9a11168 c2a5c053a51e4f19bf96ddbfbab7937f 39fa64bd1f4e4da8bfceb01b08119666 - - default default] 10.0.0.64 "GET /v2.0/security-groups?id=26be2f6d-1c5a-4fff-b841-df4d68866d27&fields=id&fields=name HTTP/1.1" status: 200 len: 313 time: 0.0835967
2026-07-22 15:26:12.023 10 INFO neutron.db.ovn_revision_numbers_db [None req-b0c40ac3-afe4-41b0-9423-138cf6d74de0 e6708d11e7b3472f809e292def14e742 129f5522c5a748c49e4b3d00c1caf92c - - default default] Successfully bumped revision number for resource a1f80121-0076-4d9e-937d-8da6db993d9f (type: routers) to 1
2026-07-22 15:26:12.037 10 INFO neutron.wsgi [None req-b0c40ac3-afe4-41b0-9423-138cf6d74de0 e6708d11e7b3472f809e292def14e742 129f5522c5a748c49e4b3d00c1caf92c - - default default] 10.0.0.179 "POST /v2.0/routers HTTP/1.1" status: 201 len: 687 time: 0.2455363
2026-07-22 15:26:12.135 9 INFO neutron.notifiers.nova [-] Nova event matching ['req-a3c4fe5c-90cf-488e-933e-008018ffcf1d'] response: {'server_uuid': 'cfc38cab-4807-425e-9943-2168b8e4c99e', 'name': 'network-vif-unplugged', 'status': 'completed', 'tag': '1e9f4b0b-05f4-4755-b5f9-d4134c86b08e', 'code': 200}
2026-07-22 15:26:12.261 9 INFO neutron.wsgi [req-d85c5c59-4579-45cc-9094-68123fbc510a req-2504eeac-a97c-496e-beba-3022a792b2a4 c2a5c053a51e4f19bf96ddbfbab7937f 39fa64bd1f4e4da8bfceb01b08119666 - - default default] 199.204.45.95 "GET /v2.0/ports?device_id=cfc38cab-4807-425e-9943-2168b8e4c99e HTTP/1.1" status: 200 len: 1172 time: 0.1255574
2026-07-22 15:26:12.418 10 WARNING neutron.scheduler.dhcp_agent_scheduler [None req-8e25b8c5-be85-4fd6-bbed-8d09d6c09d7f e6708d11e7b3472f809e292def14e742 129f5522c5a748c49e4b3d00c1caf92c - - default default] No more DHCP agents
2026-07-22 15:26:12.422 10 WARNING neutron.api.rpc.agentnotifiers.dhcp_rpc_agent_api [None req-8e25b8c5-be85-4fd6-bbed-8d09d6c09d7f e6708d11e7b3472f809e292def14e742 129f5522c5a748c49e4b3d00c1caf92c - - default default] Unable to schedule network 0b16066d-ac39-4cf2-814d-753a18fd5f3b: no agents available; will retry on subsequent port and subnet creation events.
2026-07-22 15:26:12.523 9 INFO neutron.db.ovn_revision_numbers_db [None req-dce3b029-d00b-4178-9294-9dee77922ec6 - - - - - -] Successfully bumped revision number for resource 1e9f4b0b-05f4-4755-b5f9-d4134c86b08e (type: ports) to 7
2026-07-22 15:26:12.613 10 INFO neutron.db.ovn_revision_numbers_db [None req-8e25b8c5-be85-4fd6-bbed-8d09d6c09d7f e6708d11e7b3472f809e292def14e742 129f5522c5a748c49e4b3d00c1caf92c - - default default] Successfully bumped revision number for resource 5d4bfa07-d9d2-4240-94ac-c0c40dee7f86 (type: ports) to 1
2026-07-22 15:26:12.642 10 INFO neutron.wsgi [None req-8e25b8c5-be85-4fd6-bbed-8d09d6c09d7f e6708d11e7b3472f809e292def14e742 129f5522c5a748c49e4b3d00c1caf92c - - default default] 10.0.0.179 "POST /v2.0/ports HTTP/1.1" status: 201 len: 1146 time: 0.5985684 /var/lib/openstack/lib/python3.10/site-packages/pycadf/identifier.py:71: UserWarning: Invalid uuid: neutron. To ensure interoperability, identifiers should be a valid uuid. warnings.warn(('Invalid uuid: %s. To ensure interoperability, '
