2026-07-22 15:27:19.885 10 WARNING neutron.scheduler.dhcp_agent_scheduler [None req-d49d0ed1-955f-4e97-9779-cd9ceb8cf16b c5decff5e07a4a46af54f979b231697a ed8280b24552403eab8d104f561792cf - - default default] No more DHCP agents
2026-07-22 15:27:19.887 10 WARNING neutron.api.rpc.agentnotifiers.dhcp_rpc_agent_api [None req-d49d0ed1-955f-4e97-9779-cd9ceb8cf16b c5decff5e07a4a46af54f979b231697a ed8280b24552403eab8d104f561792cf - - default default] Unable to schedule network 8196a4fd-3283-4b22-b639-518c28238901: no agents available; will retry on subsequent port and subnet creation events.
2026-07-22 15:27:19.976 10 INFO neutron.wsgi [req-5d6a91a9-12b4-4c1c-b8c7-3de00cc8b360 req-eb01c70d-e553-4d7e-aee9-8e2a56b6567a e62eee8fa42a4163a3ae678d2c8ae9aa 86e0e1c0a1f14810805148bd2196cbdc - - e37e2322584140228abb0979f9eb5225 e37e2322584140228abb0979f9eb5225] 10.0.0.97 "GET /v2.0/ports?device_id=c23fac66-bdbf-4aac-aba1-4a770d8bc7b7 HTTP/1.1" status: 200 len: 1452 time: 0.0423956
2026-07-22 15:27:20.045 10 INFO neutron.wsgi [req-5d6a91a9-12b4-4c1c-b8c7-3de00cc8b360 req-84f8223f-5c34-4b86-a20b-4f2484fa785e e62eee8fa42a4163a3ae678d2c8ae9aa 86e0e1c0a1f14810805148bd2196cbdc - - e37e2322584140228abb0979f9eb5225 e37e2322584140228abb0979f9eb5225] 10.0.0.97 "GET /v2.0/security-groups?id=0fe23792-9c09-4a0d-9552-0aa4f09f8e08&id=828d3d2d-2d31-4c9f-8ff6-67df9495a408&fields=id&fields=name HTTP/1.1" status: 200 len: 404 time: 0.0609245
2026-07-22 15:27:20.072 9 INFO neutron.db.ovn_revision_numbers_db [None req-cd48fbcf-c6b9-4ffb-ba44-6aeb08353b35 - - - - - -] Successfully bumped revision number for resource d2896a2e-d483-42f0-9eb6-9a1586d585f0 (type: ports) to 4
2026-07-22 15:27:20.278 9 INFO neutron.db.ovn_revision_numbers_db [None req-cd48fbcf-c6b9-4ffb-ba44-6aeb08353b35 - - - - - -] Successfully bumped revision number for resource d2896a2e-d483-42f0-9eb6-9a1586d585f0 (type: router_ports) to 4
2026-07-22 15:27:20.513 10 INFO neutron.db.ovn_revision_numbers_db [None req-d49d0ed1-955f-4e97-9779-cd9ceb8cf16b c5decff5e07a4a46af54f979b231697a ed8280b24552403eab8d104f561792cf - - default default] Successfully bumped revision number for resource 7ed0b207-7071-42fb-bd63-ceb135315af8 (type: ports) to 2
2026-07-22 15:27:20.556 10 INFO neutron.db.ovn_revision_numbers_db [None req-d49d0ed1-955f-4e97-9779-cd9ceb8cf16b c5decff5e07a4a46af54f979b231697a ed8280b24552403eab8d104f561792cf - - default default] Successfully bumped revision number for resource 21503e0a-18d5-4722-a6ec-d0e745cd9662 (type: subnets) to 0
2026-07-22 15:27:20.577 10 INFO neutron.wsgi [None req-d49d0ed1-955f-4e97-9779-cd9ceb8cf16b c5decff5e07a4a46af54f979b231697a ed8280b24552403eab8d104f561792cf - - default default] 10.0.0.179 "POST /v2.0/subnets HTTP/1.1" status: 201 len: 830 time: 1.1940393
2026-07-22 15:27:21.253 10 WARNING neutron.scheduler.dhcp_agent_scheduler [None req-e62da463-39e4-47ee-8e94-f4e26ee2e79a c5decff5e07a4a46af54f979b231697a ed8280b24552403eab8d104f561792cf - - default default] No more DHCP agents
2026-07-22 15:27:21.256 10 WARNING neutron.api.rpc.agentnotifiers.dhcp_rpc_agent_api [None req-e62da463-39e4-47ee-8e94-f4e26ee2e79a c5decff5e07a4a46af54f979b231697a ed8280b24552403eab8d104f561792cf - - default default] Unable to schedule network 8196a4fd-3283-4b22-b639-518c28238901: no agents available; will retry on subsequent port and subnet creation events.
2026-07-22 15:27:21.443 10 INFO neutron.db.ovn_revision_numbers_db [None req-e62da463-39e4-47ee-8e94-f4e26ee2e79a c5decff5e07a4a46af54f979b231697a ed8280b24552403eab8d104f561792cf - - default default] Successfully bumped revision number for resource edc1e84e-d2e6-4dbf-b4ea-9d9b27baa036 (type: ports) to 1
2026-07-22 15:27:21.953 10 INFO neutron.plugins.ml2.drivers.ovn.mech_driver.mech_driver [None req-a95e7cce-003f-4257-bd49-f307de43da7e - - - - - -] OVN reports status up for port: edc1e84e-d2e6-4dbf-b4ea-9d9b27baa036
2026-07-22 15:27:21.962 10 INFO neutron.plugins.ml2.plugin [None req-a95e7cce-003f-4257-bd49-f307de43da7e - - - - - -] Attempt 1 to provision port edc1e84e-d2e6-4dbf-b4ea-9d9b27baa036
2026-07-22 15:27:21.975 10 INFO neutron.db.ovn_revision_numbers_db [None req-e62da463-39e4-47ee-8e94-f4e26ee2e79a c5decff5e07a4a46af54f979b231697a ed8280b24552403eab8d104f561792cf - - default default] Successfully bumped revision number for resource edc1e84e-d2e6-4dbf-b4ea-9d9b27baa036 (type: router_ports) to 1
2026-07-22 15:27:22.223 10 INFO neutron.db.ovn_revision_numbers_db [None req-e62da463-39e4-47ee-8e94-f4e26ee2e79a c5decff5e07a4a46af54f979b231697a ed8280b24552403eab8d104f561792cf - - default default] Successfully bumped revision number for resource edc1e84e-d2e6-4dbf-b4ea-9d9b27baa036 (type: ports) to 1
2026-07-22 15:27:22.238 9 INFO neutron.wsgi [req-2104f83e-576b-4282-81a9-3c1f1d94337a req-74113ae2-6ef7-4f7c-819c-5b7a5a68ba56 a50a3b793733481fae19a55e275acb39 1c1e2d4ddd9846bdba5d4f3b4a16c63a - - default default] 10.0.0.64 "GET /v2.0/ports?device_id=c23fac66-bdbf-4aac-aba1-4a770d8bc7b7 HTTP/1.1" status: 200 len: 1214 time: 0.1078558
2026-07-22 15:27:22.298 9 INFO neutron.wsgi [req-2104f83e-576b-4282-81a9-3c1f1d94337a req-3c9c5f71-7448-47f6-bbb3-cbc81e2f4435 a50a3b793733481fae19a55e275acb39 1c1e2d4ddd9846bdba5d4f3b4a16c63a - - default default] 10.0.0.64 "GET /v2.0/security-groups?id=828d3d2d-2d31-4c9f-8ff6-67df9495a408&id=0fe23792-9c09-4a0d-9552-0aa4f09f8e08&fields=id&fields=name HTTP/1.1" status: 200 len: 404 time: 0.0521462
2026-07-22 15:27:22.366 10 WARNING neutron.scheduler.dhcp_agent_scheduler [None req-e62da463-39e4-47ee-8e94-f4e26ee2e79a c5decff5e07a4a46af54f979b231697a ed8280b24552403eab8d104f561792cf - - default default] No more DHCP agents
2026-07-22 15:27:22.370 10 WARNING neutron.api.rpc.agentnotifiers.dhcp_rpc_agent_api [None req-e62da463-39e4-47ee-8e94-f4e26ee2e79a c5decff5e07a4a46af54f979b231697a ed8280b24552403eab8d104f561792cf - - default default] Unable to schedule network 8196a4fd-3283-4b22-b639-518c28238901: no agents available; will retry on subsequent port and subnet creation events.
2026-07-22 15:27:22.472 10 INFO neutron.db.ovn_revision_numbers_db [None req-a95e7cce-003f-4257-bd49-f307de43da7e - - - - - -] Successfully bumped revision number for resource edc1e84e-d2e6-4dbf-b4ea-9d9b27baa036 (type: ports) to 2
2026-07-22 15:27:22.542 9 INFO neutron.wsgi [req-dc161c55-3797-4b78-a302-ead55556678d req-95aa2619-6ffe-4e6c-b1a1-7fdedbb35f7a a50a3b793733481fae19a55e275acb39 1c1e2d4ddd9846bdba5d4f3b4a16c63a - - default default] 199.204.45.95 "GET /v2.0/ports?device_id=c23fac66-bdbf-4aac-aba1-4a770d8bc7b7 HTTP/1.1" status: 200 len: 1214 time: 0.0551076
2026-07-22 15:27:22.840 10 INFO neutron.db.ovn_revision_numbers_db [None req-a95e7cce-003f-4257-bd49-f307de43da7e - - - - - -] Successfully bumped revision number for resource edc1e84e-d2e6-4dbf-b4ea-9d9b27baa036 (type: router_ports) to 2
2026-07-22 15:27:22.994 10 INFO neutron.db.ovn_revision_numbers_db [None req-e62da463-39e4-47ee-8e94-f4e26ee2e79a c5decff5e07a4a46af54f979b231697a ed8280b24552403eab8d104f561792cf - - default default] Successfully bumped revision number for resource edc1e84e-d2e6-4dbf-b4ea-9d9b27baa036 (type: router_ports) to 2
2026-07-22 15:27:22.996 10 INFO neutron.wsgi [None req-e62da463-39e4-47ee-8e94-f4e26ee2e79a c5decff5e07a4a46af54f979b231697a ed8280b24552403eab8d104f561792cf - - default default] 10.0.0.179 "PUT /v2.0/routers/0228f87a-2043-43c2-851f-ae0be00f0758/add_router_interface HTTP/1.1" status: 200 len: 503 time: 2.4134042
2026-07-22 15:27:23.084 10 INFO neutron.wsgi [None req-ff48846e-8cc5-4e0d-9f34-9cefd9fea49a 3b91e180f5a04870b2e279421c859053 3066af12eebb41f09372c4c506ddf8f7 - - default default] 10.0.0.179 "GET /v2.0/networks HTTP/1.1" status: 200 len: 4628 time: 0.0826912
2026-07-22 15:27:23.097 9 INFO neutron.db.l3_db [req-dc161c55-3797-4b78-a302-ead55556678d req-6dc0ff95-1a80-4053-bce6-948589a8e7ab a50a3b793733481fae19a55e275acb39 1c1e2d4ddd9846bdba5d4f3b4a16c63a - - default default] Floating IP 54c2cbe9-495e-42b8-8fd2-57f59a993bd7 disassociated. External IP: 10.96.250.203, port: f971413b-729f-48ec-9e42-596ba501f0fb.
2026-07-22 15:27:23.119 10 INFO neutron.wsgi [None req-c4b908e3-d4a7-43cb-9ecb-533de724098f 3b91e180f5a04870b2e279421c859053 3066af12eebb41f09372c4c506ddf8f7 - - default default] 10.0.0.179 "GET /v2.0/subnets HTTP/1.1" status: 200 len: 3402 time: 0.0284963
2026-07-22 15:27:23.200 10 INFO neutron.wsgi [None req-2c133ca4-594e-4999-b37b-f6302a3a2c83 3b91e180f5a04870b2e279421c859053 3066af12eebb41f09372c4c506ddf8f7 - - default default] 10.0.0.179 "GET /v2.0/routers HTTP/1.1" status: 200 len: 2220 time: 0.0756316
2026-07-22 15:27:23.305 9 INFO neutron.wsgi [req-dc161c55-3797-4b78-a302-ead55556678d req-6dc0ff95-1a80-4053-bce6-948589a8e7ab a50a3b793733481fae19a55e275acb39 1c1e2d4ddd9846bdba5d4f3b4a16c63a - - default default] 199.204.45.95 "DELETE /v2.0/ports/f971413b-729f-48ec-9e42-596ba501f0fb HTTP/1.1" status: 204 len: 173 time: 0.7536328
2026-07-22 15:27:23.361 9 INFO neutron.notifiers.nova [-] Nova event matching ['req-9dc2f103-077b-4cd6-ae69-4af5dcc87d46'] response: {'server_uuid': 'c23fac66-bdbf-4aac-aba1-4a770d8bc7b7', 'name': 'network-vif-deleted', 'tag': 'f971413b-729f-48ec-9e42-596ba501f0fb', 'status': 'completed', 'code': 200}
2026-07-22 15:27:23.395 10 INFO neutron.wsgi [req-2519b14e-1fe3-4bae-9afd-04b6ee7f244f req-fed6a44c-9b7b-4b0c-9c5e-0a2ab7ac1d4c a50a3b793733481fae19a55e275acb39 1c1e2d4ddd9846bdba5d4f3b4a16c63a - - default default] 10.0.0.64 "GET /v2.0/ports?device_id=c23fac66-bdbf-4aac-aba1-4a770d8bc7b7 HTTP/1.1" status: 200 len: 210 time: 0.0272322
2026-07-22 15:27:23.448 10 INFO neutron.db.ovn_revision_numbers_db [None req-14605afe-9f7c-484e-9f32-bb418bd5852d c5decff5e07a4a46af54f979b231697a ed8280b24552403eab8d104f561792cf - - default default] Successfully bumped revision number for resource 20392f37-1311-43ae-9d67-213bdbe5251e (type: security_groups) to 1
2026-07-22 15:27:23.462 10 INFO neutron.db.ovn_revision_numbers_db [None req-14605afe-9f7c-484e-9f32-bb418bd5852d c5decff5e07a4a46af54f979b231697a ed8280b24552403eab8d104f561792cf - - default default] Successfully bumped revision number for resource 37a22a8d-e15a-431e-9f10-e7634796921e (type: security_group_rules) to 0
2026-07-22 15:27:23.489 10 INFO neutron.db.ovn_revision_numbers_db [None req-14605afe-9f7c-484e-9f32-bb418bd5852d c5decff5e07a4a46af54f979b231697a ed8280b24552403eab8d104f561792cf - - default default] Successfully bumped revision number for resource bd2bcdca-fe68-46fb-be75-cf9a126ae46c (type: security_group_rules) to 0
2026-07-22 15:27:23.508 10 INFO neutron.wsgi [None req-14605afe-9f7c-484e-9f32-bb418bd5852d c5decff5e07a4a46af54f979b231697a ed8280b24552403eab8d104f561792cf - - default default] 10.0.0.179 "POST /v2.0/security-groups HTTP/1.1" status: 201 len: 1809 time: 0.2201152
2026-07-22 15:27:23.680 10 INFO neutron.db.ovn_revision_numbers_db [None req-c885849b-bf77-4049-8c82-87e695193a93 c5decff5e07a4a46af54f979b231697a ed8280b24552403eab8d104f561792cf - - default default] Successfully bumped revision number for resource df9ad351-d904-4a3b-84a1-c7fcba3777ab (type: security_group_rules) to 0
2026-07-22 15:27:23.711 10 INFO neutron.wsgi [None req-c885849b-bf77-4049-8c82-87e695193a93 c5decff5e07a4a46af54f979b231697a ed8280b24552403eab8d104f561792cf - - default default] 10.0.0.179 "POST /v2.0/security-group-rules HTTP/1.1" status: 201 len: 764 time: 0.1957734
2026-07-22 15:27:23.835 10 INFO neutron.db.ovn_revision_numbers_db [None req-748d5ca5-002e-4d06-869b-8a8e750911df c5decff5e07a4a46af54f979b231697a ed8280b24552403eab8d104f561792cf - - default default] Successfully bumped revision number for resource 9e1fa80b-9cc6-407d-835c-d54ba9876192 (type: security_group_rules) to 0
2026-07-22 15:27:23.862 10 INFO neutron.wsgi [None req-748d5ca5-002e-4d06-869b-8a8e750911df c5decff5e07a4a46af54f979b231697a ed8280b24552403eab8d104f561792cf - - default default] 10.0.0.179 "POST /v2.0/security-group-rules HTTP/1.1" status: 201 len: 763 time: 0.1442885
2026-07-22 15:27:23.986 10 INFO neutron.db.ovn_revision_numbers_db [None req-7c14cccb-a8c7-428d-81fa-0f5ad66aa846 c5decff5e07a4a46af54f979b231697a ed8280b24552403eab8d104f561792cf - - default default] Successfully bumped revision number for resource 44c330c4-f65f-403d-aa3a-4b67c21df2cb (type: security_group_rules) to 0
2026-07-22 15:27:24.010 10 INFO neutron.wsgi [None req-7c14cccb-a8c7-428d-81fa-0f5ad66aa846 c5decff5e07a4a46af54f979b231697a ed8280b24552403eab8d104f561792cf - - default default] 10.0.0.179 "POST /v2.0/security-group-rules HTTP/1.1" status: 201 len: 769 time: 0.1433635
2026-07-22 15:27:24.131 10 INFO neutron.db.ovn_revision_numbers_db [None req-fb349c32-4425-40ce-ac6d-87b6ede9801a c5decff5e07a4a46af54f979b231697a ed8280b24552403eab8d104f561792cf - - default default] Successfully bumped revision number for resource a87408b7-281e-4dea-afbf-bf00f54cdbcc (type: security_group_rules) to 0
2026-07-22 15:27:24.155 10 INFO neutron.wsgi [None req-fb349c32-4425-40ce-ac6d-87b6ede9801a c5decff5e07a4a46af54f979b231697a ed8280b24552403eab8d104f561792cf - - default default] 10.0.0.179 "POST /v2.0/security-group-rules HTTP/1.1" status: 201 len: 768 time: 0.1410513
2026-07-22 15:27:24.183 10 INFO neutron.db.securitygroups_db [None req-280f4b2f-1beb-43f8-8f1e-12dde523e57c c5decff5e07a4a46af54f979b231697a ed8280b24552403eab8d104f561792cf - - default default] Project ed8280b24552403eab8d104f561792cf added a security group rule with legacy IPv6 ICMP protocol name icmp, ipv6-icmp should be used instead. It was automatically converted.
2026-07-22 15:27:24.274 10 INFO neutron.db.ovn_revision_numbers_db [None req-280f4b2f-1beb-43f8-8f1e-12dde523e57c c5decff5e07a4a46af54f979b231697a ed8280b24552403eab8d104f561792cf - - default default] Successfully bumped revision number for resource 8adfeafc-e7fd-4642-8dda-8a7c64c69588 (type: security_group_rules) to 0
2026-07-22 15:27:24.299 10 INFO neutron.wsgi [None req-280f4b2f-1beb-43f8-8f1e-12dde523e57c c5decff5e07a4a46af54f979b231697a ed8280b24552403eab8d104f561792cf - - default default] 10.0.0.179 "POST /v2.0/security-group-rules HTTP/1.1" status: 201 len: 774 time: 0.1376333
2026-07-22 15:27:24.334 10 INFO neutron.db.securitygroups_db [None req-4f5b2958-bd71-4801-a8d4-db7782d7c30b c5decff5e07a4a46af54f979b231697a ed8280b24552403eab8d104f561792cf - - default default] Project ed8280b24552403eab8d104f561792cf added a security group rule with legacy IPv6 ICMP protocol name icmp, ipv6-icmp should be used instead. It was automatically converted.
2026-07-22 15:27:24.464 10 INFO neutron.db.ovn_revision_numbers_db [None req-4f5b2958-bd71-4801-a8d4-db7782d7c30b c5decff5e07a4a46af54f979b231697a ed8280b24552403eab8d104f561792cf - - default default] Successfully bumped revision number for resource 990438ed-dd5d-43e3-8c0f-cd55b67d0582 (type: security_group_rules) to 0
2026-07-22 15:27:24.503 10 INFO neutron.wsgi [None req-4f5b2958-bd71-4801-a8d4-db7782d7c30b c5decff5e07a4a46af54f979b231697a ed8280b24552403eab8d104f561792cf - - default default] 10.0.0.179 "POST /v2.0/security-group-rules HTTP/1.1" status: 201 len: 773 time: 0.1983435
2026-07-22 15:27:24.712 10 INFO neutron.wsgi [None req-502da599-43e7-4a88-a78a-cee782a652c2 a50a3b793733481fae19a55e275acb39 1c1e2d4ddd9846bdba5d4f3b4a16c63a - - default default] 10.0.0.179 "DELETE /v2.0/security-groups/0fe23792-9c09-4a0d-9552-0aa4f09f8e08 HTTP/1.1" status: 204 len: 168 time: 0.1357083
2026-07-22 15:27:24.733 10 INFO neutron.api.v2.resource [None req-9262c6f9-88e9-45c9-9c5a-485c1d391011 a50a3b793733481fae19a55e275acb39 1c1e2d4ddd9846bdba5d4f3b4a16c63a - - default default] show failed (client error): The resource could not be found.
2026-07-22 15:27:24.735 10 INFO neutron.wsgi [None req-9262c6f9-88e9-45c9-9c5a-485c1d391011 a50a3b793733481fae19a55e275acb39 1c1e2d4ddd9846bdba5d4f3b4a16c63a - - default default] 10.0.0.179 "GET /v2.0/security-groups/0fe23792-9c09-4a0d-9552-0aa4f09f8e08 HTTP/1.1" status: 404 len: 347 time: 0.0148900
2026-07-22 15:27:25.087 9 INFO neutron.wsgi [None req-423972cd-7aeb-4b77-9021-998b1a3b77d7 c5decff5e07a4a46af54f979b231697a ed8280b24552403eab8d104f561792cf - - default default] 10.0.0.179 "GET /v2.0/networks HTTP/1.1" status: 200 len: 1493 time: 0.1841884
2026-07-22 15:27:25.118 10 INFO neutron.wsgi [None req-f785c540-d6e1-4e0f-9120-e2ed02ea1f41 a50a3b793733481fae19a55e275acb39 1c1e2d4ddd9846bdba5d4f3b4a16c63a - - default default] 10.0.0.179 "DELETE /v2.0/floatingips/54c2cbe9-495e-42b8-8fd2-57f59a993bd7 HTTP/1.1" status: 204 len: 168 time: 0.3766448
2026-07-22 15:27:25.218 9 INFO neutron.wsgi [req-46a8e641-2a1d-483b-aae1-9d769d45f04b req-d97f744c-9e1b-460f-99c3-a0821994387e c5decff5e07a4a46af54f979b231697a ed8280b24552403eab8d104f561792cf - - default default] 10.0.0.64 "GET /v2.0/security-groups?name=tempest-secgroup-smoke-434256691&fields=id&tenant_id=ed8280b24552403eab8d104f561792cf HTTP/1.1" status: 200 len: 267 time: 0.0423577
2026-07-22 15:27:25.279 10 INFO neutron.wsgi [None req-1913750c-4553-48b1-b601-7ea887241444 a50a3b793733481fae19a55e275acb39 1c1e2d4ddd9846bdba5d4f3b4a16c63a - - default default] 10.0.0.179 "DELETE /v2.0/security-groups/828d3d2d-2d31-4c9f-8ff6-67df9495a408 HTTP/1.1" status: 204 len: 168 time: 0.1556020
2026-07-22 15:27:25.321 9 INFO neutron.wsgi [req-46a8e641-2a1d-483b-aae1-9d769d45f04b req-ea688b53-3a0a-4aad-9467-f2814361bec6 c5decff5e07a4a46af54f979b231697a ed8280b24552403eab8d104f561792cf - - default default] 10.0.0.64 "GET /v2.0/networks?id=8196a4fd-3283-4b22-b639-518c28238901 HTTP/1.1" status: 200 len: 860 time: 0.0915270
2026-07-22 15:27:25.356 9 INFO neutron.wsgi [req-46a8e641-2a1d-483b-aae1-9d769d45f04b req-3135f90b-9734-491a-b39c-db1fd3963259 c5decff5e07a4a46af54f979b231697a ed8280b24552403eab8d104f561792cf - - default default] 10.0.0.64 "GET /v2.0/quotas/ed8280b24552403eab8d104f561792cf HTTP/1.1" status: 200 len: 386 time: 0.0261762
2026-07-22 15:27:25.537 9 INFO neutron.wsgi [req-46a8e641-2a1d-483b-aae1-9d769d45f04b req-cc1db1f0-aefe-4545-95d9-05242f6e9a74 c5decff5e07a4a46af54f979b231697a ed8280b24552403eab8d104f561792cf - - default default] 10.0.0.64 "GET /v2.0/ports?tenant_id=ed8280b24552403eab8d104f561792cf&fields=id HTTP/1.1" status: 200 len: 302 time: 0.1581607
2026-07-22 15:27:25.663 9 INFO neutron.wsgi [req-46a8e641-2a1d-483b-aae1-9d769d45f04b req-e55b8839-9e9f-4db6-b4bd-fdf9bb250fde e62eee8fa42a4163a3ae678d2c8ae9aa 86e0e1c0a1f14810805148bd2196cbdc - - e37e2322584140228abb0979f9eb5225 e37e2322584140228abb0979f9eb5225] 10.0.0.64 "GET /v2.0/networks/8196a4fd-3283-4b22-b639-518c28238901?fields=segments HTTP/1.1" status: 200 len: 212 time: 0.1052246
2026-07-22 15:27:25.734 9 INFO neutron.wsgi [req-46a8e641-2a1d-483b-aae1-9d769d45f04b req-a911c600-0a2e-4af2-a8d9-22ba29e19564 e62eee8fa42a4163a3ae678d2c8ae9aa 86e0e1c0a1f14810805148bd2196cbdc - - e37e2322584140228abb0979f9eb5225 e37e2322584140228abb0979f9eb5225] 10.0.0.64 "GET /v2.0/networks/8196a4fd-3283-4b22-b639-518c28238901?fields=provider%3Aphysical_network&fields=provider%3Anetwork_type HTTP/1.1" status: 200 len: 277 time: 0.0619345
2026-07-22 15:27:25.859 10 INFO neutron.wsgi [req-579c7a41-eea3-4231-a8b1-3a826876eb32 req-8f8f16bf-e791-4b37-99c7-57d07040319d c5decff5e07a4a46af54f979b231697a ed8280b24552403eab8d104f561792cf - - default default] 10.0.0.64 "GET /v2.0/ports?device_id=46c4fc23-d2de-40b9-b54c-8331885a8b0b HTTP/1.1" status: 200 len: 210 time: 0.0233035
2026-07-22 15:27:26.634 9 INFO neutron.wsgi [req-46a8e641-2a1d-483b-aae1-9d769d45f04b req-aff86152-7901-46b2-9084-9f5b4d80279e c5decff5e07a4a46af54f979b231697a ed8280b24552403eab8d104f561792cf - - default default] 199.204.45.95 "GET /v2.0/networks?id=8196a4fd-3283-4b22-b639-518c28238901 HTTP/1.1" status: 200 len: 860 time: 0.1031826
2026-07-22 15:27:26.711 9 INFO neutron.wsgi [None req-789a2a96-3efc-4c14-80c1-61c2bc985265 5c2d2eea7ebd43eaafe62f9f7646482d 1cefd14a2ae340718011307e746df049 - - default default] 10.0.0.179 "PUT /v2.0/routers/305ffa4e-57e2-4495-8713-688992cefc96/remove_router_interface HTTP/1.1" status: 200 len: 503 time: 1.3867049
2026-07-22 15:27:26.717 9 INFO neutron.wsgi [req-46a8e641-2a1d-483b-aae1-9d769d45f04b req-f3643e86-7241-46d3-b5f6-b1ff799214dd c5decff5e07a4a46af54f979b231697a ed8280b24552403eab8d104f561792cf - - default default] 199.204.45.95 "GET /v2.0/security-groups?fields=id&fields=name&tenant_id=ed8280b24552403eab8d104f561792cf HTTP/1.1" status: 200 len: 379 time: 0.0779593 /var/lib/openstack/lib/python3.10/site-packages/pycadf/identifier.py:71: UserWarning: Invalid uuid: neutron. To ensure interoperability, identifiers should be a valid uuid. warnings.warn(('Invalid uuid: %s. To ensure interoperability, '
2026-07-22 15:27:26.961 9 INFO neutron.wsgi [req-6672e8e5-99d0-449e-8caf-6e361c8d80a1 req-9f02a2ff-4a48-47dc-96a3-c38f0f8ae215 c5decff5e07a4a46af54f979b231697a ed8280b24552403eab8d104f561792cf - - default default] 10.0.0.64 "GET /v2.0/ports?device_id=46c4fc23-d2de-40b9-b54c-8331885a8b0b HTTP/1.1" status: 200 len: 210 time: 0.0401833
2026-07-22 15:27:27.454 9 WARNING neutron.scheduler.dhcp_agent_scheduler [req-46a8e641-2a1d-483b-aae1-9d769d45f04b req-17bec1e7-95e2-4d77-9616-24db5346dff6 c5decff5e07a4a46af54f979b231697a ed8280b24552403eab8d104f561792cf - - default default] No more DHCP agents
2026-07-22 15:27:27.457 9 WARNING neutron.api.rpc.agentnotifiers.dhcp_rpc_agent_api [req-46a8e641-2a1d-483b-aae1-9d769d45f04b req-17bec1e7-95e2-4d77-9616-24db5346dff6 c5decff5e07a4a46af54f979b231697a ed8280b24552403eab8d104f561792cf - - default default] Unable to schedule network 8196a4fd-3283-4b22-b639-518c28238901: no agents available; will retry on subsequent port and subnet creation events.
2026-07-22 15:27:27.725 9 INFO neutron.db.ovn_revision_numbers_db [req-46a8e641-2a1d-483b-aae1-9d769d45f04b req-17bec1e7-95e2-4d77-9616-24db5346dff6 c5decff5e07a4a46af54f979b231697a ed8280b24552403eab8d104f561792cf - - default default] Successfully bumped revision number for resource 040a9b7d-d89f-4a0c-a3dd-48e8ce06ad09 (type: ports) to 1
2026-07-22 15:27:27.757 9 INFO neutron.wsgi [req-46a8e641-2a1d-483b-aae1-9d769d45f04b req-17bec1e7-95e2-4d77-9616-24db5346dff6 c5decff5e07a4a46af54f979b231697a ed8280b24552403eab8d104f561792cf - - default default] 199.204.45.95 "POST /v2.0/ports HTTP/1.1" status: 201 len: 1158 time: 1.0118823 /var/lib/openstack/lib/python3.10/site-packages/pycadf/identifier.py:71: UserWarning: Invalid uuid: neutron. To ensure interoperability, identifiers should be a valid uuid. warnings.warn(('Invalid uuid: %s. To ensure interoperability, '
2026-07-22 15:27:27.776 9 INFO neutron.wsgi [None req-ad9fb2d3-db29-43a7-8065-68bfc313ab37 5c2d2eea7ebd43eaafe62f9f7646482d 1cefd14a2ae340718011307e746df049 - - default default] 10.0.0.179 "DELETE /v2.0/routers/305ffa4e-57e2-4495-8713-688992cefc96 HTTP/1.1" status: 204 len: 168 time: 1.0563455
2026-07-22 15:27:27.958 10 INFO neutron.db.ovn_revision_numbers_db [None req-3c32f326-e6b2-4d7d-b093-9150314697fd 5c2d2eea7ebd43eaafe62f9f7646482d 1cefd14a2ae340718011307e746df049 - - default default] Successfully bumped revision number for resource 39f60104-e626-454f-9079-df52b5774176 (type: security_groups) to 1
2026-07-22 15:27:27.974 10 INFO neutron.db.ovn_revision_numbers_db [None req-3c32f326-e6b2-4d7d-b093-9150314697fd 5c2d2eea7ebd43eaafe62f9f7646482d 1cefd14a2ae340718011307e746df049 - - default default] Successfully bumped revision number for resource 08723fcf-9156-420f-813c-00b0850f221c (type: security_group_rules) to 0
2026-07-22 15:27:28.014 10 INFO neutron.db.ovn_revision_numbers_db [None req-3c32f326-e6b2-4d7d-b093-9150314697fd 5c2d2eea7ebd43eaafe62f9f7646482d 1cefd14a2ae340718011307e746df049 - - default default] Successfully bumped revision number for resource ab4d5c10-6db6-4d67-aee5-c50a7584b02c (type: security_group_rules) to 0
2026-07-22 15:27:28.022 10 WARNING neutron.plugins.ml2.drivers.ovn.mech_driver.ovsdb.ovn_client [None req-a95e7cce-003f-4257-bd49-f307de43da7e - - - - - -] No hosting information found for port edc1e84e-d2e6-4dbf-b4ea-9d9b27baa036: RuntimeError: No hosting information found for port edc1e84e-d2e6-4dbf-b4ea-9d9b27baa036
2026-07-22 15:27:28.023 10 INFO neutron.plugins.ml2.drivers.ovn.mech_driver.mech_driver [None req-a95e7cce-003f-4257-bd49-f307de43da7e - - - - - -] OVN reports status down for port: f971413b-729f-48ec-9e42-596ba501f0fb
2026-07-22 15:27:28.110 10 INFO neutron.wsgi [None req-beb94010-8423-4e12-8e62-1188f9a59d53 5c2d2eea7ebd43eaafe62f9f7646482d 1cefd14a2ae340718011307e746df049 - - default default] 10.0.0.179 "DELETE /v2.0/subnets/45856a75-0055-4a65-bccb-086cdd90c924 HTTP/1.1" status: 204 len: 168 time: 0.3289204
2026-07-22 15:27:28.115 10 INFO neutron.db.ovn_revision_numbers_db [None req-3c32f326-e6b2-4d7d-b093-9150314697fd 5c2d2eea7ebd43eaafe62f9f7646482d 1cefd14a2ae340718011307e746df049 - - default default] Successfully bumped revision number for resource c820203b-2397-41e2-b002-5259bd563f99 (type: security_group_rules) to 0 /var/lib/openstack/lib/python3.10/site-packages/pycadf/identifier.py:71: UserWarning: Invalid uuid: neutron. To ensure interoperability, identifiers should be a valid uuid. warnings.warn(('Invalid uuid: %s. To ensure interoperability, '
2026-07-22 15:27:28.151 10 INFO neutron.db.ovn_revision_numbers_db [None req-3c32f326-e6b2-4d7d-b093-9150314697fd 5c2d2eea7ebd43eaafe62f9f7646482d 1cefd14a2ae340718011307e746df049 - - default default] Successfully bumped revision number for resource ec7793db-c67c-4cb3-bd3a-14ea91da61a2 (type: security_group_rules) to 0
2026-07-22 15:27:28.167 9 INFO neutron.db.ovn_revision_numbers_db [req-46a8e641-2a1d-483b-aae1-9d769d45f04b req-7c6b79f5-f9a6-442f-a883-62656a2610ce e62eee8fa42a4163a3ae678d2c8ae9aa 86e0e1c0a1f14810805148bd2196cbdc - - e37e2322584140228abb0979f9eb5225 e37e2322584140228abb0979f9eb5225] Successfully bumped revision number for resource 040a9b7d-d89f-4a0c-a3dd-48e8ce06ad09 (type: ports) to 2
2026-07-22 15:27:28.195 10 INFO neutron.wsgi [None req-3c32f326-e6b2-4d7d-b093-9150314697fd 5c2d2eea7ebd43eaafe62f9f7646482d 1cefd14a2ae340718011307e746df049 - - default default] 10.0.0.179 "GET /v2.0/security-groups?tenant_id=b3e0922c94984acdb2e4f0ef6d7876b5&name=default HTTP/1.1" status: 200 len: 2996 time: 0.5108018
2026-07-22 15:27:28.204 10 INFO neutron.wsgi [req-111889ef-1fae-45ae-900b-6d187f11d6e1 req-262ec651-4e75-4ae0-b151-fd9a9d77f3a3 c5decff5e07a4a46af54f979b231697a ed8280b24552403eab8d104f561792cf - - default default] 10.0.0.64 "GET /v2.0/ports?device_id=46c4fc23-d2de-40b9-b54c-8331885a8b0b HTTP/1.1" status: 200 len: 1168 time: 0.1790042 /var/lib/openstack/lib/python3.10/site-packages/pycadf/identifier.py:71: UserWarning: Invalid uuid: neutron. To ensure interoperability, identifiers should be a valid uuid. warnings.warn(('Invalid uuid: %s. To ensure interoperability, '
2026-07-22 15:27:28.266 10 INFO neutron.wsgi [req-111889ef-1fae-45ae-900b-6d187f11d6e1 req-018ee8f8-4c73-480f-9175-8de1c62fd0bb c5decff5e07a4a46af54f979b231697a ed8280b24552403eab8d104f561792cf - - default default] 10.0.0.64 "GET /v2.0/security-groups?id=20392f37-1311-43ae-9d67-213bdbe5251e&fields=id&fields=name HTTP/1.1" status: 200 len: 312 time: 0.0547066
2026-07-22 15:27:28.445 9 INFO neutron.db.ovn_revision_numbers_db [req-46a8e641-2a1d-483b-aae1-9d769d45f04b req-7c6b79f5-f9a6-442f-a883-62656a2610ce e62eee8fa42a4163a3ae678d2c8ae9aa 86e0e1c0a1f14810805148bd2196cbdc - - e37e2322584140228abb0979f9eb5225 e37e2322584140228abb0979f9eb5225] Successfully bumped revision number for resource 040a9b7d-d89f-4a0c-a3dd-48e8ce06ad09 (type: ports) to 2
2026-07-22 15:27:28.470 10 INFO neutron.wsgi [None req-5112b661-83bb-49bc-961e-c984f5e954f9 5c2d2eea7ebd43eaafe62f9f7646482d 1cefd14a2ae340718011307e746df049 - - default default] 10.0.0.179 "DELETE /v2.0/security-groups/39f60104-e626-454f-9079-df52b5774176 HTTP/1.1" status: 204 len: 168 time: 0.2711368
2026-07-22 15:27:28.474 9 INFO neutron.wsgi [req-46a8e641-2a1d-483b-aae1-9d769d45f04b req-7c6b79f5-f9a6-442f-a883-62656a2610ce e62eee8fa42a4163a3ae678d2c8ae9aa 86e0e1c0a1f14810805148bd2196cbdc - - e37e2322584140228abb0979f9eb5225 e37e2322584140228abb0979f9eb5225] 199.204.45.95 "PUT /v2.0/ports/040a9b7d-d89f-4a0c-a3dd-48e8ce06ad09 HTTP/1.1" status: 200 len: 1376 time: 0.7072027 /var/lib/openstack/lib/python3.10/site-packages/pycadf/identifier.py:71: UserWarning: Invalid uuid: neutron. To ensure interoperability, identifiers should be a valid uuid. warnings.warn(('Invalid uuid: %s. To ensure interoperability, '
2026-07-22 15:27:28.536 9 INFO neutron.notifiers.nova [-] Nova event matching ['req-d4587dce-05e3-4855-b476-8694bb3bdcaa'] response: {'name': 'network-changed', 'server_uuid': '46c4fc23-d2de-40b9-b54c-8331885a8b0b', 'tag': '040a9b7d-d89f-4a0c-a3dd-48e8ce06ad09', 'status': 'completed', 'code': 200}
2026-07-22 15:27:28.587 9 INFO neutron.services.segments.plugin [-] Segment 47e748a4-c0c4-479a-ab05-5b1d117980cd resource provider aggregate not found
2026-07-22 15:27:28.596 9 INFO neutron.services.segments.plugin [-] Segment 47e748a4-c0c4-479a-ab05-5b1d117980cd resource provider aggregate not found
2026-07-22 15:27:28.610 9 INFO neutron.wsgi [req-46a8e641-2a1d-483b-aae1-9d769d45f04b req-5ed399f5-e00f-4db7-b5a8-8593ddd65e8c e62eee8fa42a4163a3ae678d2c8ae9aa 86e0e1c0a1f14810805148bd2196cbdc - - e37e2322584140228abb0979f9eb5225 e37e2322584140228abb0979f9eb5225] 199.204.45.95 "GET /v2.0/ports?tenant_id=ed8280b24552403eab8d104f561792cf&device_id=46c4fc23-d2de-40b9-b54c-8331885a8b0b HTTP/1.1" status: 200 len: 1407 time: 0.0961106
2026-07-22 15:27:28.614 9 INFO neutron.services.segments.plugin [-] Segment 47e748a4-c0c4-479a-ab05-5b1d117980cd resource provider not found; error: Placement Client Error (4xx): {"errors": [{"status": 404, "title": "Not Found", "detail": "The resource could not be found.\n\n No resource provider with uuid 47e748a4-c0c4-479a-ab05-5b1d117980cd found for delete ", "request_id": "req-4de89345-4405-4507-aa5f-2ce72abe1098"}]}
2026-07-22 15:27:28.618 9 INFO neutron.services.segments.plugin [-] Segment 47e748a4-c0c4-479a-ab05-5b1d117980cd resource provider not found; error: Placement Client Error (4xx): {"errors": [{"status": 404, "title": "Not Found", "detail": "The resource could not be found.\n\n No resource provider with uuid 47e748a4-c0c4-479a-ab05-5b1d117980cd found for delete ", "request_id": "req-973263be-cbdc-4e85-a33e-03e436db1df4"}]}
2026-07-22 15:27:28.640 9 INFO neutron.wsgi [req-46a8e641-2a1d-483b-aae1-9d769d45f04b req-354c84d0-3a79-43c7-ae5d-f613c03df6dc e62eee8fa42a4163a3ae678d2c8ae9aa 86e0e1c0a1f14810805148bd2196cbdc - - e37e2322584140228abb0979f9eb5225 e37e2322584140228abb0979f9eb5225] 199.204.45.95 "GET /v2.0/floatingips?fixed_ip_address=10.100.0.4&port_id=040a9b7d-d89f-4a0c-a3dd-48e8ce06ad09 HTTP/1.1" status: 200 len: 217 time: 0.0227737
2026-07-22 15:27:28.656 10 INFO neutron.wsgi [-] 10.0.0.106 "GET / HTTP/1.1" status: 200 len: 246 time: 0.0025444
2026-07-22 15:27:28.658 10 INFO neutron.wsgi [-] 10.0.0.106 "GET / HTTP/1.1" status: 200 len: 246 time: 0.0014145
2026-07-22 15:27:28.683 9 INFO neutron.wsgi [None req-9fd0221a-14b5-4341-9c39-7c09a096b9cb 5c2d2eea7ebd43eaafe62f9f7646482d 1cefd14a2ae340718011307e746df049 - - default default] 10.0.0.179 "DELETE /v2.0/networks/4e7fc128-a945-49ca-b374-275779e71a12 HTTP/1.1" status: 204 len: 168 time: 0.5655475
2026-07-22 15:27:28.696 9 INFO neutron.wsgi [req-46a8e641-2a1d-483b-aae1-9d769d45f04b req-0438be2c-c046-4d4d-98b8-e5efe27439ab e62eee8fa42a4163a3ae678d2c8ae9aa 86e0e1c0a1f14810805148bd2196cbdc - - e37e2322584140228abb0979f9eb5225 e37e2322584140228abb0979f9eb5225] 199.204.45.95 "GET /v2.0/subnets?id=21503e0a-18d5-4722-a6ec-d0e745cd9662 HTTP/1.1" status: 200 len: 851 time: 0.0452361
2026-07-22 15:27:28.736 9 INFO neutron.wsgi [req-46a8e641-2a1d-483b-aae1-9d769d45f04b req-d08b9f30-6450-4481-a25d-bd63bd32209a e62eee8fa42a4163a3ae678d2c8ae9aa 86e0e1c0a1f14810805148bd2196cbdc - - e37e2322584140228abb0979f9eb5225 e37e2322584140228abb0979f9eb5225] 199.204.45.95 "GET /v2.0/ports?network_id=8196a4fd-3283-4b22-b639-518c28238901&device_owner=network%3Adhcp HTTP/1.1" status: 200 len: 210 time: 0.0344949
2026-07-22 15:27:28.803 9 INFO neutron.wsgi [req-46a8e641-2a1d-483b-aae1-9d769d45f04b req-5279a665-769b-4dc4-85c3-fa5ca46aaba4 e62eee8fa42a4163a3ae678d2c8ae9aa 86e0e1c0a1f14810805148bd2196cbdc - - e37e2322584140228abb0979f9eb5225 e37e2322584140228abb0979f9eb5225] 199.204.45.95 "GET /v2.0/networks/8196a4fd-3283-4b22-b639-518c28238901?fields=segments HTTP/1.1" status: 200 len: 212 time: 0.0600677
2026-07-22 15:27:28.863 9 INFO neutron.wsgi [req-46a8e641-2a1d-483b-aae1-9d769d45f04b req-53a16662-a191-41dc-b0c3-0e3c269091ce e62eee8fa42a4163a3ae678d2c8ae9aa 86e0e1c0a1f14810805148bd2196cbdc - - e37e2322584140228abb0979f9eb5225 e37e2322584140228abb0979f9eb5225] 199.204.45.95 "GET /v2.0/networks/8196a4fd-3283-4b22-b639-518c28238901?fields=provider%3Aphysical_network&fields=provider%3Anetwork_type HTTP/1.1" status: 200 len: 277 time: 0.0524697
2026-07-22 15:27:28.955 9 INFO neutron.wsgi [req-62af8c11-8fe9-40fc-8ac7-6cd9254f6912 req-628bd152-bb44-4ad5-a090-23fc73bfaf4c e62eee8fa42a4163a3ae678d2c8ae9aa 86e0e1c0a1f14810805148bd2196cbdc - - e37e2322584140228abb0979f9eb5225 e37e2322584140228abb0979f9eb5225] 199.204.45.95 "GET /v2.0/ports?tenant_id=ed8280b24552403eab8d104f561792cf&device_id=46c4fc23-d2de-40b9-b54c-8331885a8b0b HTTP/1.1" status: 200 len: 1407 time: 0.0438216
2026-07-22 15:27:29.041 9 INFO neutron.wsgi [req-62af8c11-8fe9-40fc-8ac7-6cd9254f6912 req-66da50bb-d7ba-483c-83f1-9fae253793f5 e62eee8fa42a4163a3ae678d2c8ae9aa 86e0e1c0a1f14810805148bd2196cbdc - - e37e2322584140228abb0979f9eb5225 e37e2322584140228abb0979f9eb5225] 199.204.45.95 "GET /v2.0/networks?id=8196a4fd-3283-4b22-b639-518c28238901 HTTP/1.1" status: 200 len: 959 time: 0.0776305
2026-07-22 15:27:29.063 9 INFO neutron.plugins.ml2.drivers.ovn.mech_driver.mech_driver [None req-dce3b029-d00b-4178-9294-9dee77922ec6 - - - - - -] OVN reports status up for port: 040a9b7d-d89f-4a0c-a3dd-48e8ce06ad09
2026-07-22 15:27:29.081 9 INFO neutron.wsgi [req-62af8c11-8fe9-40fc-8ac7-6cd9254f6912 req-155f0d44-7cea-4aa9-80d2-63bd929f2329 e62eee8fa42a4163a3ae678d2c8ae9aa 86e0e1c0a1f14810805148bd2196cbdc - - e37e2322584140228abb0979f9eb5225 e37e2322584140228abb0979f9eb5225] 199.204.45.95 "GET /v2.0/floatingips?fixed_ip_address=10.100.0.4&port_id=040a9b7d-d89f-4a0c-a3dd-48e8ce06ad09 HTTP/1.1" status: 200 len: 217 time: 0.0264719
2026-07-22 15:27:29.095 9 INFO neutron.plugins.ml2.plugin [None req-dce3b029-d00b-4178-9294-9dee77922ec6 - - - - - -] Attempt 1 to provision port 040a9b7d-d89f-4a0c-a3dd-48e8ce06ad09
2026-07-22 15:27:29.132 9 INFO neutron.wsgi [req-62af8c11-8fe9-40fc-8ac7-6cd9254f6912 req-386f7eb6-f47e-406f-8bc2-5f3db5bd5704 e62eee8fa42a4163a3ae678d2c8ae9aa 86e0e1c0a1f14810805148bd2196cbdc - - e37e2322584140228abb0979f9eb5225 e37e2322584140228abb0979f9eb5225] 199.204.45.95 "GET /v2.0/subnets?id=21503e0a-18d5-4722-a6ec-d0e745cd9662 HTTP/1.1" status: 200 len: 851 time: 0.0458419
2026-07-22 15:27:29.164 9 INFO neutron.wsgi [req-62af8c11-8fe9-40fc-8ac7-6cd9254f6912 req-377260f4-375c-4ddb-b8bd-3daa3ca50bbf e62eee8fa42a4163a3ae678d2c8ae9aa 86e0e1c0a1f14810805148bd2196cbdc - - e37e2322584140228abb0979f9eb5225 e37e2322584140228abb0979f9eb5225] 199.204.45.95 "GET /v2.0/ports?network_id=8196a4fd-3283-4b22-b639-518c28238901&device_owner=network%3Adhcp HTTP/1.1" status: 200 len: 210 time: 0.0270903
2026-07-22 15:27:29.286 9 INFO neutron.wsgi [req-62af8c11-8fe9-40fc-8ac7-6cd9254f6912 req-e03a62f6-d674-4c6c-acdb-61d8d0f21f41 e62eee8fa42a4163a3ae678d2c8ae9aa 86e0e1c0a1f14810805148bd2196cbdc - - e37e2322584140228abb0979f9eb5225 e37e2322584140228abb0979f9eb5225] 199.204.45.95 "GET /v2.0/networks/8196a4fd-3283-4b22-b639-518c28238901?fields=segments HTTP/1.1" status: 200 len: 212 time: 0.1167448
2026-07-22 15:27:29.395 10 INFO neutron.wsgi [req-cae617ae-d73a-4629-97f2-ea9ed778b005 req-713508b2-3027-4aab-bea0-221d2f023362 c5decff5e07a4a46af54f979b231697a ed8280b24552403eab8d104f561792cf - - default default] 10.0.0.64 "GET /v2.0/ports?device_id=46c4fc23-d2de-40b9-b54c-8331885a8b0b HTTP/1.1" status: 200 len: 1170 time: 0.0457518
2026-07-22 15:27:29.397 9 INFO neutron.wsgi [req-62af8c11-8fe9-40fc-8ac7-6cd9254f6912 req-bc6b832f-49bb-410e-8385-94e88743a8cf e62eee8fa42a4163a3ae678d2c8ae9aa 86e0e1c0a1f14810805148bd2196cbdc - - e37e2322584140228abb0979f9eb5225 e37e2322584140228abb0979f9eb5225] 199.204.45.95 "GET /v2.0/networks/8196a4fd-3283-4b22-b639-518c28238901?fields=provider%3Aphysical_network&fields=provider%3Anetwork_type HTTP/1.1" status: 200 len: 277 time: 0.1004219
2026-07-22 15:27:29.462 10 INFO neutron.wsgi [req-cae617ae-d73a-4629-97f2-ea9ed778b005 req-e0826ccd-98ff-4ef5-8ab6-9057bbc9d3eb c5decff5e07a4a46af54f979b231697a ed8280b24552403eab8d104f561792cf - - default default] 10.0.0.64 "GET /v2.0/security-groups?id=20392f37-1311-43ae-9d67-213bdbe5251e&fields=id&fields=name HTTP/1.1" status: 200 len: 312 time: 0.0587175
2026-07-22 15:27:29.544 9 INFO neutron.db.ovn_revision_numbers_db [None req-dce3b029-d00b-4178-9294-9dee77922ec6 - - - - - -] Successfully bumped revision number for resource 040a9b7d-d89f-4a0c-a3dd-48e8ce06ad09 (type: ports) to 4
2026-07-22 15:27:29.982 10 INFO neutron.wsgi [None req-ada96df0-3bf1-4f89-be69-757f367ad80e 5c2d2eea7ebd43eaafe62f9f7646482d 1cefd14a2ae340718011307e746df049 - - default default] 10.0.0.179 "PUT /v2.0/routers/e9b64649-c7b9-48a9-b30a-3d1f74c99a4f/remove_router_interface HTTP/1.1" status: 200 len: 503 time: 1.2933512 /var/lib/openstack/lib/python3.10/site-packages/pycadf/identifier.py:71: UserWarning: Invalid uuid: neutron. To ensure interoperability, identifiers should be a valid uuid. warnings.warn(('Invalid uuid: %s. To ensure interoperability, ' /var/lib/openstack/lib/python3.10/site-packages/pycadf/identifier.py:71: UserWarning: Invalid uuid: neutron. To ensure interoperability, identifiers should be a valid uuid. warnings.warn(('Invalid uuid: %s. To ensure interoperability, '
2026-07-22 15:27:30.583 9 INFO neutron.notifiers.nova [-] Nova event matching ['req-9ffb9649-c2f8-4a66-8e39-3170f784b8cd'] response: {'server_uuid': '46c4fc23-d2de-40b9-b54c-8331885a8b0b', 'name': 'network-vif-plugged', 'status': 'completed', 'tag': '040a9b7d-d89f-4a0c-a3dd-48e8ce06ad09', 'code': 200}
2026-07-22 15:27:30.584 9 INFO neutron.notifiers.nova [-] Nova event matching ['req-9ffb9649-c2f8-4a66-8e39-3170f784b8cd'] response: {'server_uuid': '46c4fc23-d2de-40b9-b54c-8331885a8b0b', 'name': 'network-vif-plugged', 'status': 'completed', 'tag': '040a9b7d-d89f-4a0c-a3dd-48e8ce06ad09', 'code': 200}
2026-07-22 15:27:30.668 9 INFO neutron.wsgi [req-1b011b69-c60c-4204-a6e3-692a5be7143d req-05a9b68f-0b6f-41db-a59b-1aceeb17d38e c5decff5e07a4a46af54f979b231697a ed8280b24552403eab8d104f561792cf - - default default] 10.0.0.64 "GET /v2.0/ports?device_id=46c4fc23-d2de-40b9-b54c-8331885a8b0b HTTP/1.1" status: 200 len: 1170 time: 0.1164234
2026-07-22 15:27:30.728 9 INFO neutron.wsgi [req-1b011b69-c60c-4204-a6e3-692a5be7143d req-991c8360-d0f6-4b9f-8b3e-2597a91baede c5decff5e07a4a46af54f979b231697a ed8280b24552403eab8d104f561792cf - - default default] 10.0.0.64 "GET /v2.0/security-groups?id=20392f37-1311-43ae-9d67-213bdbe5251e&fields=id&fields=name HTTP/1.1" status: 200 len: 312 time: 0.0453598
2026-07-22 15:27:30.784 10 INFO neutron.wsgi [None req-d06131d5-3d9a-4021-9159-8c40cb461ca5 5c2d2eea7ebd43eaafe62f9f7646482d 1cefd14a2ae340718011307e746df049 - - default default] 10.0.0.179 "DELETE /v2.0/routers/e9b64649-c7b9-48a9-b30a-3d1f74c99a4f HTTP/1.1" status: 204 len: 168 time: 0.7974482
2026-07-22 15:27:31.043 9 INFO neutron.wsgi [None req-475b08db-5340-44c7-bad9-277b069bdfdf 5c2d2eea7ebd43eaafe62f9f7646482d 1cefd14a2ae340718011307e746df049 - - default default] 10.0.0.179 "DELETE /v2.0/subnets/a93499a1-b8e4-49c5-af02-324366571aea HTTP/1.1" status: 204 len: 168 time: 0.2372141
2026-07-22 15:27:31.406 10 INFO neutron.services.segments.plugin [-] Segment 173ea653-49fb-4bdb-b25c-4f4452fc6d1c resource provider aggregate not found
2026-07-22 15:27:31.416 10 INFO neutron.services.segments.plugin [-] Segment 173ea653-49fb-4bdb-b25c-4f4452fc6d1c resource provider aggregate not found
2026-07-22 15:27:31.422 10 INFO neutron.services.segments.plugin [-] Segment 173ea653-49fb-4bdb-b25c-4f4452fc6d1c resource provider not found; error: Placement Client Error (4xx): {"errors": [{"status": 404, "title": "Not Found", "detail": "The resource could not be found.\n\n No resource provider with uuid 173ea653-49fb-4bdb-b25c-4f4452fc6d1c found for delete ", "request_id": "req-ffdadd2c-5f45-413c-9f89-edef2c363314"}]}
2026-07-22 15:27:31.439 10 INFO neutron.services.segments.plugin [-] Segment 173ea653-49fb-4bdb-b25c-4f4452fc6d1c resource provider not found; error: Placement Client Error (4xx): {"errors": [{"status": 404, "title": "Not Found", "detail": "The resource could not be found.\n\n No resource provider with uuid 173ea653-49fb-4bdb-b25c-4f4452fc6d1c found for delete ", "request_id": "req-bf297b42-b402-4caf-9fc2-2e69acca842b"}]}
2026-07-22 15:27:31.447 10 INFO neutron.wsgi [None req-ef98b1a5-9fd4-46fa-9ec5-ffead15959dc 5c2d2eea7ebd43eaafe62f9f7646482d 1cefd14a2ae340718011307e746df049 - - default default] 10.0.0.179 "DELETE /v2.0/networks/9d93f205-5246-4b53-82c1-bfe61da6211b HTTP/1.1" status: 204 len: 168 time: 0.3948472
2026-07-22 15:27:31.801 10 INFO neutron.wsgi [None req-f322710c-c3e2-4025-8a95-5cdf5ee139c3 fb3f520c76ba490b9ab6a9e68cad1504 f5e6252e392f4db0b8a285196b85d3d3 - - default default] 10.0.0.46 "GET /v2.0/extensions HTTP/1.1" status: 200 len: 16525 time: 0.3086934
2026-07-22 15:27:31.867 9 INFO neutron.wsgi [req-1d95ee15-1cda-420f-b136-0c7d009334d8 req-ca31b84e-f2cf-4b86-aa6a-2a02defdbabc c5decff5e07a4a46af54f979b231697a ed8280b24552403eab8d104f561792cf - - default default] 10.0.0.64 "GET /v2.0/ports?device_id=46c4fc23-d2de-40b9-b54c-8331885a8b0b HTTP/1.1" status: 200 len: 1170 time: 0.0873468
2026-07-22 15:27:31.915 10 INFO neutron.wsgi [None req-188f70be-ae17-4cf2-b1c1-e809785c06ba 5c2d2eea7ebd43eaafe62f9f7646482d 1cefd14a2ae340718011307e746df049 - - default default] 10.0.0.179 "GET /v2.0/security-groups?tenant_id=1c1e2d4ddd9846bdba5d4f3b4a16c63a&name=default HTTP/1.1" status: 200 len: 2996 time: 0.0334020
2026-07-22 15:27:31.917 9 INFO neutron.wsgi [req-1d95ee15-1cda-420f-b136-0c7d009334d8 req-fc6ed96b-dff6-4824-bb78-dddce2d4f798 c5decff5e07a4a46af54f979b231697a ed8280b24552403eab8d104f561792cf - - default default] 10.0.0.64 "GET /v2.0/security-groups?id=20392f37-1311-43ae-9d67-213bdbe5251e&fields=id&fields=name HTTP/1.1" status: 200 len: 312 time: 0.0436859
2026-07-22 15:27:31.953 10 INFO neutron.wsgi [None req-cf4093e4-a1b7-46be-8b89-405d8f184582 fb3f520c76ba490b9ab6a9e68cad1504 f5e6252e392f4db0b8a285196b85d3d3 - - default default] 10.0.0.46 "GET /v2.0/quotas/f5e6252e392f4db0b8a285196b85d3d3/details HTTP/1.1" status: 200 len: 756 time: 0.1360002
2026-07-22 15:27:32.032 10 INFO neutron.wsgi [req-ea46064e-9f70-4503-b1a1-3c27abc239fc req-fd2c1a24-e371-4266-9705-65deddf20d5a c5decff5e07a4a46af54f979b231697a ed8280b24552403eab8d104f561792cf - - default default] 10.0.0.64 "GET /v2.0/ports?device_id=46c4fc23-d2de-40b9-b54c-8331885a8b0b HTTP/1.1" status: 200 len: 1170 time: 0.0387304
2026-07-22 15:27:32.074 10 INFO neutron.wsgi [req-ea46064e-9f70-4503-b1a1-3c27abc239fc req-011596ad-8427-47b5-b62f-55f7613cabf5 c5decff5e07a4a46af54f979b231697a ed8280b24552403eab8d104f561792cf - - default default] 10.0.0.64 "GET /v2.0/security-groups?id=20392f37-1311-43ae-9d67-213bdbe5251e&fields=id&fields=name HTTP/1.1" status: 200 len: 312 time: 0.0369344
2026-07-22 15:27:32.147 9 INFO neutron.wsgi [None req-411450e2-ba44-49bb-aab5-402eb7b6ce48 3b91e180f5a04870b2e279421c859053 3066af12eebb41f09372c4c506ddf8f7 - - default default] 10.0.0.179 "GET /v2.0/ports?device_id=46c4fc23-d2de-40b9-b54c-8331885a8b0b HTTP/1.1" status: 200 len: 1404 time: 0.0316942
2026-07-22 15:27:32.173 9 INFO neutron.wsgi [None req-d7e4d0c1-70f5-4204-8235-3849c1bd428f 5c2d2eea7ebd43eaafe62f9f7646482d 1cefd14a2ae340718011307e746df049 - - default default] 10.0.0.179 "DELETE /v2.0/security-groups/e7af36ac-ec70-444c-9060-e4f6e0be619e HTTP/1.1" status: 204 len: 168 time: 0.2465887
2026-07-22 15:27:32.424 9 INFO neutron.wsgi [None req-931ba3f4-6cc2-46ad-8cf4-449cdbe2402c 5c2d2eea7ebd43eaafe62f9f7646482d 1cefd14a2ae340718011307e746df049 - - default default] 10.0.0.179 "GET /v2.0/security-groups?tenant_id=f50248346c0e4dc1bb1d45f624833242&name=default HTTP/1.1" status: 200 len: 2996 time: 0.0853846
2026-07-22 15:27:32.426 9 WARNING neutron.scheduler.dhcp_agent_scheduler [None req-078e0e9c-dff9-4d68-a7cf-779642b0aeba c5decff5e07a4a46af54f979b231697a ed8280b24552403eab8d104f561792cf - - default default] No more DHCP agents
2026-07-22 15:27:32.428 9 WARNING neutron.api.rpc.agentnotifiers.dhcp_rpc_agent_api [None req-078e0e9c-dff9-4d68-a7cf-779642b0aeba c5decff5e07a4a46af54f979b231697a ed8280b24552403eab8d104f561792cf - - default default] Unable to schedule network 01aaf83a-285e-4494-8eff-240afccb5159: no agents available; will retry on subsequent port and subnet creation events.
2026-07-22 15:27:32.639 10 INFO neutron.wsgi [None req-03c0577a-8a58-4019-989b-b0664c8b1b2e 5c2d2eea7ebd43eaafe62f9f7646482d 1cefd14a2ae340718011307e746df049 - - default default] 10.0.0.179 "DELETE /v2.0/security-groups/afcc7a2b-b2a8-4a2b-9318-40283c1c17ee HTTP/1.1" status: 204 len: 168 time: 0.2100635
2026-07-22 15:27:32.864 9 INFO neutron.db.l3_db [None req-078e0e9c-dff9-4d68-a7cf-779642b0aeba c5decff5e07a4a46af54f979b231697a ed8280b24552403eab8d104f561792cf - - default default] Floating IP d457be5c-1f87-47b0-b155-e0c3e62da7c4 associated. External IP: 10.96.250.220, port: 040a9b7d-d89f-4a0c-a3dd-48e8ce06ad09.
2026-07-22 15:27:33.401 9 INFO neutron.db.ovn_revision_numbers_db [None req-078e0e9c-dff9-4d68-a7cf-779642b0aeba c5decff5e07a4a46af54f979b231697a ed8280b24552403eab8d104f561792cf - - default default] Successfully bumped revision number for resource d457be5c-1f87-47b0-b155-e0c3e62da7c4 (type: floatingips) to 0
2026-07-22 15:27:33.551 9 INFO neutron.db.ovn_revision_numbers_db [None req-078e0e9c-dff9-4d68-a7cf-779642b0aeba c5decff5e07a4a46af54f979b231697a ed8280b24552403eab8d104f561792cf - - default default] Successfully bumped revision number for resource d457be5c-1f87-47b0-b155-e0c3e62da7c4 (type: floatingips) to 1
2026-07-22 15:27:33.595 9 INFO neutron.wsgi [None req-078e0e9c-dff9-4d68-a7cf-779642b0aeba c5decff5e07a4a46af54f979b231697a ed8280b24552403eab8d104f561792cf - - default default] 10.0.0.179 "POST /v2.0/floatingips HTTP/1.1" status: 201 len: 1054 time: 1.4433131 /var/lib/openstack/lib/python3.10/site-packages/pycadf/identifier.py:71: UserWarning: Invalid uuid: neutron. To ensure interoperability, identifiers should be a valid uuid. warnings.warn(('Invalid uuid: %s. To ensure interoperability, '
2026-07-22 15:27:33.643 9 INFO neutron.notifiers.nova [-] Nova event matching ['req-3aecabe7-a090-4258-b500-aef229446b92'] response: {'name': 'network-changed', 'server_uuid': '46c4fc23-d2de-40b9-b54c-8331885a8b0b', 'tag': '040a9b7d-d89f-4a0c-a3dd-48e8ce06ad09', 'status': 'completed', 'code': 200}
2026-07-22 15:27:33.671 9 INFO neutron.wsgi [None req-e90bc94b-328b-4341-b786-541edcd1c5b5 c5decff5e07a4a46af54f979b231697a ed8280b24552403eab8d104f561792cf - - default default] 10.0.0.179 "GET /v2.0/floatingips/d457be5c-1f87-47b0-b155-e0c3e62da7c4 HTTP/1.1" status: 200 len: 1051 time: 0.0523059
2026-07-22 15:27:33.688 9 INFO neutron.wsgi [req-7c82dcbe-ec3f-4d06-a287-84ba9c466783 req-a22eeca9-fcfd-40cd-873d-ef663b7f0e30 e62eee8fa42a4163a3ae678d2c8ae9aa 86e0e1c0a1f14810805148bd2196cbdc - - e37e2322584140228abb0979f9eb5225 e37e2322584140228abb0979f9eb5225] 199.204.45.95 "GET /v2.0/ports?tenant_id=ed8280b24552403eab8d104f561792cf&device_id=46c4fc23-d2de-40b9-b54c-8331885a8b0b HTTP/1.1" status: 200 len: 1409 time: 0.0324724
2026-07-22 15:27:33.748 9 INFO neutron.wsgi [req-7c82dcbe-ec3f-4d06-a287-84ba9c466783 req-d897ec7a-1fcb-4134-b161-abf4906f9f4a e62eee8fa42a4163a3ae678d2c8ae9aa 86e0e1c0a1f14810805148bd2196cbdc - - e37e2322584140228abb0979f9eb5225 e37e2322584140228abb0979f9eb5225] 199.204.45.95 "GET /v2.0/networks?id=8196a4fd-3283-4b22-b639-518c28238901 HTTP/1.1" status: 200 len: 959 time: 0.0531533
2026-07-22 15:27:33.794 9 INFO neutron.wsgi [req-7c82dcbe-ec3f-4d06-a287-84ba9c466783 req-a80244e9-2401-4345-b3dd-622ac39169d8 e62eee8fa42a4163a3ae678d2c8ae9aa 86e0e1c0a1f14810805148bd2196cbdc - - e37e2322584140228abb0979f9eb5225 e37e2322584140228abb0979f9eb5225] 199.204.45.95 "GET /v2.0/floatingips?fixed_ip_address=10.100.0.4&port_id=040a9b7d-d89f-4a0c-a3dd-48e8ce06ad09 HTTP/1.1" status: 200 len: 1059 time: 0.0362244
2026-07-22 15:27:33.837 9 INFO neutron.wsgi [req-7c82dcbe-ec3f-4d06-a287-84ba9c466783 req-1a161f89-590a-48c7-b03f-589916bf11fe e62eee8fa42a4163a3ae678d2c8ae9aa 86e0e1c0a1f14810805148bd2196cbdc - - e37e2322584140228abb0979f9eb5225 e37e2322584140228abb0979f9eb5225] 199.204.45.95 "GET /v2.0/subnets?id=21503e0a-18d5-4722-a6ec-d0e745cd9662 HTTP/1.1" status: 200 len: 851 time: 0.0368552
2026-07-22 15:27:33.863 9 INFO neutron.wsgi [req-7c82dcbe-ec3f-4d06-a287-84ba9c466783 req-c8418b64-726f-4395-a882-cf796ec75e90 e62eee8fa42a4163a3ae678d2c8ae9aa 86e0e1c0a1f14810805148bd2196cbdc - - e37e2322584140228abb0979f9eb5225 e37e2322584140228abb0979f9eb5225] 199.204.45.95 "GET /v2.0/ports?network_id=8196a4fd-3283-4b22-b639-518c28238901&device_owner=network%3Adhcp HTTP/1.1" status: 200 len: 210 time: 0.0196948
2026-07-22 15:27:33.932 9 INFO neutron.wsgi [req-7c82dcbe-ec3f-4d06-a287-84ba9c466783 req-9852e3ea-3ab2-4fcf-9766-13aa0ca91837 e62eee8fa42a4163a3ae678d2c8ae9aa 86e0e1c0a1f14810805148bd2196cbdc - - e37e2322584140228abb0979f9eb5225 e37e2322584140228abb0979f9eb5225] 199.204.45.95 "GET /v2.0/networks/8196a4fd-3283-4b22-b639-518c28238901?fields=segments HTTP/1.1" status: 200 len: 212 time: 0.0635264
