2026-07-22 15:27:53.713 9 INFO neutron.wsgi [None req-1085f9eb-d8f1-4923-aaf0-73e95efb9384 1833ed48650f40c7adf744e1486b07fe 160612a36b3b4fa4af17d1fef6657e44 - - default default] 10.0.0.179 "POST /v2.0/subnets HTTP/1.1" status: 201 len: 801 time: 1.4014308 /var/lib/openstack/lib/python3.10/site-packages/pycadf/identifier.py:71: UserWarning: Invalid uuid: neutron. To ensure interoperability, identifiers should be a valid uuid. warnings.warn(('Invalid uuid: %s. To ensure interoperability, '
2026-07-22 15:27:53.779 9 INFO neutron.db.ovn_revision_numbers_db [None req-5358f5c4-36c0-47fb-ba45-964674900bd4 c5decff5e07a4a46af54f979b231697a ed8280b24552403eab8d104f561792cf - - default default] Successfully bumped revision number for resource d457be5c-1f87-47b0-b155-e0c3e62da7c4 (type: floatingips) to 5
2026-07-22 15:27:53.802 9 INFO neutron.wsgi [None req-5358f5c4-36c0-47fb-ba45-964674900bd4 c5decff5e07a4a46af54f979b231697a ed8280b24552403eab8d104f561792cf - - default default] 10.0.0.179 "PUT /v2.0/floatingips/d457be5c-1f87-47b0-b155-e0c3e62da7c4 HTTP/1.1" status: 200 len: 1049 time: 1.0282524
2026-07-22 15:27:53.842 9 INFO neutron.db.segments_db [None req-a36be25f-a42a-4b7b-b5d3-c3acee61a4bd 1833ed48650f40c7adf744e1486b07fe 160612a36b3b4fa4af17d1fef6657e44 - - default default] Added segment b4d139a3-0f4c-4527-bb8b-32a299a04f63 of type geneve for network ea551fac-c0ee-4e6c-97bd-ec9089f67194
2026-07-22 15:27:53.848 10 INFO neutron.wsgi [None req-f8854f22-2809-48ec-bd2d-efb95e221ef5 c5decff5e07a4a46af54f979b231697a ed8280b24552403eab8d104f561792cf - - default default] 10.0.0.179 "GET /v2.0/floatingips/d457be5c-1f87-47b0-b155-e0c3e62da7c4 HTTP/1.1" status: 200 len: 1051 time: 0.0401022
2026-07-22 15:27:53.850 9 INFO neutron.notifiers.nova [-] Nova event matching ['req-c7d12caa-bc76-4657-87fd-5d851a8d1e63'] response: {'name': 'network-changed', 'server_uuid': '4d9beabe-d750-4599-822a-10930d4a493f', 'tag': '2f9261ab-b23e-4136-8033-8fc0a73aa96b', 'status': 'completed', 'code': 200}
2026-07-22 15:27:53.903 9 INFO neutron.wsgi [req-9d83f775-12dc-4dd9-9eb4-0ae7b6a67af9 req-b0ded8ed-d0b0-41ed-9027-99467e07fff1 e62eee8fa42a4163a3ae678d2c8ae9aa 86e0e1c0a1f14810805148bd2196cbdc - - e37e2322584140228abb0979f9eb5225 e37e2322584140228abb0979f9eb5225] 199.204.45.95 "GET /v2.0/ports?tenant_id=ed8280b24552403eab8d104f561792cf&device_id=4d9beabe-d750-4599-822a-10930d4a493f HTTP/1.1" status: 200 len: 1409 time: 0.0406828
2026-07-22 15:27:54.046 9 INFO neutron.wsgi [req-9d83f775-12dc-4dd9-9eb4-0ae7b6a67af9 req-b35cd802-ca55-4a2e-a3b8-45f97b3b6a59 e62eee8fa42a4163a3ae678d2c8ae9aa 86e0e1c0a1f14810805148bd2196cbdc - - e37e2322584140228abb0979f9eb5225 e37e2322584140228abb0979f9eb5225] 199.204.45.95 "GET /v2.0/networks?id=8196a4fd-3283-4b22-b639-518c28238901 HTTP/1.1" status: 200 len: 959 time: 0.1301718
2026-07-22 15:27:54.098 9 INFO neutron.db.ovn_revision_numbers_db [None req-a36be25f-a42a-4b7b-b5d3-c3acee61a4bd 1833ed48650f40c7adf744e1486b07fe 160612a36b3b4fa4af17d1fef6657e44 - - default default] Successfully bumped revision number for resource ea551fac-c0ee-4e6c-97bd-ec9089f67194 (type: networks) to 1
2026-07-22 15:27:54.111 9 INFO neutron.wsgi [req-9d83f775-12dc-4dd9-9eb4-0ae7b6a67af9 req-11484c9f-f6b0-4111-9226-0c511cd683fa e62eee8fa42a4163a3ae678d2c8ae9aa 86e0e1c0a1f14810805148bd2196cbdc - - e37e2322584140228abb0979f9eb5225 e37e2322584140228abb0979f9eb5225] 199.204.45.95 "GET /v2.0/floatingips?fixed_ip_address=10.100.0.6&port_id=2f9261ab-b23e-4136-8033-8fc0a73aa96b HTTP/1.1" status: 200 len: 1059 time: 0.0469656
2026-07-22 15:27:54.160 9 INFO neutron.wsgi [req-9d83f775-12dc-4dd9-9eb4-0ae7b6a67af9 req-18ae7059-a08a-4d29-ac24-aac7403faceb e62eee8fa42a4163a3ae678d2c8ae9aa 86e0e1c0a1f14810805148bd2196cbdc - - e37e2322584140228abb0979f9eb5225 e37e2322584140228abb0979f9eb5225] 199.204.45.95 "GET /v2.0/subnets?id=21503e0a-18d5-4722-a6ec-d0e745cd9662 HTTP/1.1" status: 200 len: 851 time: 0.0399520
2026-07-22 15:27:54.196 9 INFO neutron.wsgi [req-9d83f775-12dc-4dd9-9eb4-0ae7b6a67af9 req-cd5edee9-2223-454a-9709-428a5e76e7b3 e62eee8fa42a4163a3ae678d2c8ae9aa 86e0e1c0a1f14810805148bd2196cbdc - - e37e2322584140228abb0979f9eb5225 e37e2322584140228abb0979f9eb5225] 199.204.45.95 "GET /v2.0/ports?network_id=8196a4fd-3283-4b22-b639-518c28238901&device_owner=network%3Adhcp HTTP/1.1" status: 200 len: 210 time: 0.0308008
2026-07-22 15:27:54.284 9 INFO neutron.wsgi [req-9d83f775-12dc-4dd9-9eb4-0ae7b6a67af9 req-dfdef2b5-5bed-43d8-a351-7d65926c42a6 e62eee8fa42a4163a3ae678d2c8ae9aa 86e0e1c0a1f14810805148bd2196cbdc - - e37e2322584140228abb0979f9eb5225 e37e2322584140228abb0979f9eb5225] 199.204.45.95 "GET /v2.0/networks/8196a4fd-3283-4b22-b639-518c28238901?fields=segments HTTP/1.1" status: 200 len: 212 time: 0.0841892
2026-07-22 15:27:54.381 9 WARNING neutron.scheduler.dhcp_agent_scheduler [None req-a36be25f-a42a-4b7b-b5d3-c3acee61a4bd 1833ed48650f40c7adf744e1486b07fe 160612a36b3b4fa4af17d1fef6657e44 - - default default] No more DHCP agents
2026-07-22 15:27:54.383 9 INFO neutron.wsgi [req-9d83f775-12dc-4dd9-9eb4-0ae7b6a67af9 req-77220c2a-bdac-4343-9f1b-26a94e2ba7c7 e62eee8fa42a4163a3ae678d2c8ae9aa 86e0e1c0a1f14810805148bd2196cbdc - - e37e2322584140228abb0979f9eb5225 e37e2322584140228abb0979f9eb5225] 199.204.45.95 "GET /v2.0/networks/8196a4fd-3283-4b22-b639-518c28238901?fields=provider%3Aphysical_network&fields=provider%3Anetwork_type HTTP/1.1" status: 200 len: 277 time: 0.0924511
2026-07-22 15:27:54.385 9 WARNING neutron.api.rpc.agentnotifiers.dhcp_rpc_agent_api [None req-a36be25f-a42a-4b7b-b5d3-c3acee61a4bd 1833ed48650f40c7adf744e1486b07fe 160612a36b3b4fa4af17d1fef6657e44 - - default default] Unable to schedule network ea551fac-c0ee-4e6c-97bd-ec9089f67194: no agents available; will retry on subsequent port and subnet creation events.
2026-07-22 15:27:54.462 10 INFO neutron.wsgi [None req-1781d9a0-48fc-42f7-adc6-1d6b2f9987e5 5c2d2eea7ebd43eaafe62f9f7646482d 1cefd14a2ae340718011307e746df049 - - default default] 10.0.0.179 "GET /v2.0/security-groups?tenant_id=4394f46c866a4737b72aebffab0e1b9f&name=default HTTP/1.1" status: 200 len: 2996 time: 0.2509038
2026-07-22 15:27:54.495 9 INFO neutron.db.ovn_revision_numbers_db [None req-a36be25f-a42a-4b7b-b5d3-c3acee61a4bd 1833ed48650f40c7adf744e1486b07fe 160612a36b3b4fa4af17d1fef6657e44 - - default default] Successfully bumped revision number for resource bd82d077-e660-4079-b4c7-44d29661a5a0 (type: ports) to 1
2026-07-22 15:27:54.529 9 INFO neutron.wsgi [None req-a36be25f-a42a-4b7b-b5d3-c3acee61a4bd 1833ed48650f40c7adf744e1486b07fe 160612a36b3b4fa4af17d1fef6657e44 - - default default] 10.0.0.179 "POST /v2.0/networks HTTP/1.1" status: 201 len: 830 time: 0.8116341
2026-07-22 15:27:54.695 10 INFO neutron.wsgi [None req-0d88e34e-9b64-4008-b27d-9cee3e92a5c4 5c2d2eea7ebd43eaafe62f9f7646482d 1cefd14a2ae340718011307e746df049 - - default default] 10.0.0.179 "DELETE /v2.0/security-groups/fde4f8a1-bac7-4bc8-af49-ab4caed77106 HTTP/1.1" status: 204 len: 168 time: 0.2285495
2026-07-22 15:27:54.819 9 WARNING neutron.scheduler.dhcp_agent_scheduler [None req-7aaad345-ac1f-4e39-aa20-b6e1ecf51e6f 1833ed48650f40c7adf744e1486b07fe 160612a36b3b4fa4af17d1fef6657e44 - - default default] No more DHCP agents
2026-07-22 15:27:54.821 9 WARNING neutron.api.rpc.agentnotifiers.dhcp_rpc_agent_api [None req-7aaad345-ac1f-4e39-aa20-b6e1ecf51e6f 1833ed48650f40c7adf744e1486b07fe 160612a36b3b4fa4af17d1fef6657e44 - - default default] Unable to schedule network ea551fac-c0ee-4e6c-97bd-ec9089f67194: no agents available; will retry on subsequent port and subnet creation events.
2026-07-22 15:27:54.914 10 INFO neutron.db.ovn_revision_numbers_db [None req-989044a8-481b-43fe-8a81-61ec5bc4d451 5c2d2eea7ebd43eaafe62f9f7646482d 1cefd14a2ae340718011307e746df049 - - default default] Successfully bumped revision number for resource c6d14ae2-9478-498d-814d-a5ba863e39b6 (type: security_groups) to 1
2026-07-22 15:27:54.931 10 INFO neutron.db.ovn_revision_numbers_db [None req-989044a8-481b-43fe-8a81-61ec5bc4d451 5c2d2eea7ebd43eaafe62f9f7646482d 1cefd14a2ae340718011307e746df049 - - default default] Successfully bumped revision number for resource 2963de1f-7908-444f-8454-99d21fa4b5cd (type: security_group_rules) to 0
2026-07-22 15:27:54.943 10 INFO neutron.db.ovn_revision_numbers_db [None req-989044a8-481b-43fe-8a81-61ec5bc4d451 5c2d2eea7ebd43eaafe62f9f7646482d 1cefd14a2ae340718011307e746df049 - - default default] Successfully bumped revision number for resource 73574757-ba25-4860-9f0a-4b6b37fa45e3 (type: security_group_rules) to 0
2026-07-22 15:27:54.955 10 INFO neutron.db.ovn_revision_numbers_db [None req-989044a8-481b-43fe-8a81-61ec5bc4d451 5c2d2eea7ebd43eaafe62f9f7646482d 1cefd14a2ae340718011307e746df049 - - default default] Successfully bumped revision number for resource 9d77dca3-dcfb-4f3d-a748-bbf2e3a8e053 (type: security_group_rules) to 0
2026-07-22 15:27:54.968 10 INFO neutron.db.ovn_revision_numbers_db [None req-989044a8-481b-43fe-8a81-61ec5bc4d451 5c2d2eea7ebd43eaafe62f9f7646482d 1cefd14a2ae340718011307e746df049 - - default default] Successfully bumped revision number for resource aca38064-e8f0-4b0b-88c4-250b8d3d337d (type: security_group_rules) to 0
2026-07-22 15:27:54.991 10 INFO neutron.wsgi [None req-989044a8-481b-43fe-8a81-61ec5bc4d451 5c2d2eea7ebd43eaafe62f9f7646482d 1cefd14a2ae340718011307e746df049 - - default default] 10.0.0.179 "GET /v2.0/security-groups?tenant_id=cde4dc2165a041ebabe83002c60c0e1b&name=default HTTP/1.1" status: 200 len: 2996 time: 0.1908069
2026-07-22 15:27:55.196 10 INFO neutron.wsgi [None req-139a2fc6-af79-4a42-8a3a-adabae07ca8d 5c2d2eea7ebd43eaafe62f9f7646482d 1cefd14a2ae340718011307e746df049 - - default default] 10.0.0.179 "DELETE /v2.0/security-groups/c6d14ae2-9478-498d-814d-a5ba863e39b6 HTTP/1.1" status: 204 len: 168 time: 0.1994367
2026-07-22 15:27:55.314 9 INFO neutron.db.ovn_revision_numbers_db [None req-7aaad345-ac1f-4e39-aa20-b6e1ecf51e6f 1833ed48650f40c7adf744e1486b07fe 160612a36b3b4fa4af17d1fef6657e44 - - default default] Successfully bumped revision number for resource bd82d077-e660-4079-b4c7-44d29661a5a0 (type: ports) to 2
2026-07-22 15:27:55.352 9 INFO neutron.db.ovn_revision_numbers_db [None req-7aaad345-ac1f-4e39-aa20-b6e1ecf51e6f 1833ed48650f40c7adf744e1486b07fe 160612a36b3b4fa4af17d1fef6657e44 - - default default] Successfully bumped revision number for resource c4b266fe-0f6a-4e23-b33e-f02e86a18b00 (type: subnets) to 0
2026-07-22 15:27:55.373 9 INFO neutron.wsgi [None req-7aaad345-ac1f-4e39-aa20-b6e1ecf51e6f 1833ed48650f40c7adf744e1486b07fe 160612a36b3b4fa4af17d1fef6657e44 - - default default] 10.0.0.179 "POST /v2.0/subnets HTTP/1.1" status: 201 len: 804 time: 0.8346651
2026-07-22 15:27:55.460 10 INFO neutron.db.ovn_revision_numbers_db [None req-f251077a-c5a7-472f-baa2-b988422ffe9b 5c2d2eea7ebd43eaafe62f9f7646482d 1cefd14a2ae340718011307e746df049 - - default default] Successfully bumped revision number for resource 2868aea8-8ef2-4a69-988e-6e3623878bfc (type: security_groups) to 1
2026-07-22 15:27:55.463 10 INFO neutron.db.segments_db [None req-178e1884-56f4-405f-9bf9-b993a759f2f6 1833ed48650f40c7adf744e1486b07fe 160612a36b3b4fa4af17d1fef6657e44 - - default default] Added segment 2846b3ec-78f2-4d58-a1de-83fcc42e9146 of type geneve for network 07f7cd3f-1059-4c9f-a66f-f6e82ef9f6b8
2026-07-22 15:27:55.480 10 INFO neutron.db.ovn_revision_numbers_db [None req-f251077a-c5a7-472f-baa2-b988422ffe9b 5c2d2eea7ebd43eaafe62f9f7646482d 1cefd14a2ae340718011307e746df049 - - default default] Successfully bumped revision number for resource 4ac148fa-2b5f-46e9-a109-8bfa005ab948 (type: security_group_rules) to 0
2026-07-22 15:27:55.517 10 INFO neutron.db.ovn_revision_numbers_db [None req-f251077a-c5a7-472f-baa2-b988422ffe9b 5c2d2eea7ebd43eaafe62f9f7646482d 1cefd14a2ae340718011307e746df049 - - default default] Successfully bumped revision number for resource 5766526c-724c-4436-955b-ae9dcb443f56 (type: security_group_rules) to 0
2026-07-22 15:27:55.555 10 INFO neutron.db.ovn_revision_numbers_db [None req-f251077a-c5a7-472f-baa2-b988422ffe9b 5c2d2eea7ebd43eaafe62f9f7646482d 1cefd14a2ae340718011307e746df049 - - default default] Successfully bumped revision number for resource 89709b83-0cd2-46c2-a027-357ca897b6b1 (type: security_group_rules) to 0
2026-07-22 15:27:55.581 10 INFO neutron.db.ovn_revision_numbers_db [None req-f251077a-c5a7-472f-baa2-b988422ffe9b 5c2d2eea7ebd43eaafe62f9f7646482d 1cefd14a2ae340718011307e746df049 - - default default] Successfully bumped revision number for resource ced73d39-4f0e-46e9-8eaa-4765a16223dd (type: security_group_rules) to 0
2026-07-22 15:27:55.632 10 INFO neutron.wsgi [None req-f251077a-c5a7-472f-baa2-b988422ffe9b 5c2d2eea7ebd43eaafe62f9f7646482d 1cefd14a2ae340718011307e746df049 - - default default] 10.0.0.179 "GET /v2.0/security-groups?tenant_id=a8bd783d5f654adfbb3542b45198f496&name=default HTTP/1.1" status: 200 len: 2996 time: 0.2947543
2026-07-22 15:27:55.660 10 INFO neutron.db.ovn_revision_numbers_db [None req-178e1884-56f4-405f-9bf9-b993a759f2f6 1833ed48650f40c7adf744e1486b07fe 160612a36b3b4fa4af17d1fef6657e44 - - default default] Successfully bumped revision number for resource 07f7cd3f-1059-4c9f-a66f-f6e82ef9f6b8 (type: networks) to 1
2026-07-22 15:27:55.856 9 INFO neutron.wsgi [None req-5b39c7a8-b753-43a7-bc7f-5cde44fa89a9 5c2d2eea7ebd43eaafe62f9f7646482d 1cefd14a2ae340718011307e746df049 - - default default] 10.0.0.179 "DELETE /v2.0/security-groups/2868aea8-8ef2-4a69-988e-6e3623878bfc HTTP/1.1" status: 204 len: 168 time: 0.2171445
2026-07-22 15:27:55.857 10 WARNING neutron.scheduler.dhcp_agent_scheduler [None req-178e1884-56f4-405f-9bf9-b993a759f2f6 1833ed48650f40c7adf744e1486b07fe 160612a36b3b4fa4af17d1fef6657e44 - - default default] No more DHCP agents
2026-07-22 15:27:55.860 10 WARNING neutron.api.rpc.agentnotifiers.dhcp_rpc_agent_api [None req-178e1884-56f4-405f-9bf9-b993a759f2f6 1833ed48650f40c7adf744e1486b07fe 160612a36b3b4fa4af17d1fef6657e44 - - default default] Unable to schedule network 07f7cd3f-1059-4c9f-a66f-f6e82ef9f6b8: no agents available; will retry on subsequent port and subnet creation events.
2026-07-22 15:27:55.947 10 INFO neutron.db.ovn_revision_numbers_db [None req-178e1884-56f4-405f-9bf9-b993a759f2f6 1833ed48650f40c7adf744e1486b07fe 160612a36b3b4fa4af17d1fef6657e44 - - default default] Successfully bumped revision number for resource d5ca6de6-9570-4acd-b9bc-429b2b2dd622 (type: ports) to 1
2026-07-22 15:27:55.969 10 INFO neutron.wsgi [None req-178e1884-56f4-405f-9bf9-b993a759f2f6 1833ed48650f40c7adf744e1486b07fe 160612a36b3b4fa4af17d1fef6657e44 - - default default] 10.0.0.179 "POST /v2.0/networks HTTP/1.1" status: 201 len: 831 time: 0.5897205
2026-07-22 15:27:56.217 10 WARNING neutron.scheduler.dhcp_agent_scheduler [None req-fb71b6bd-2eb3-46a5-9c8b-f072e6333ccd 1833ed48650f40c7adf744e1486b07fe 160612a36b3b4fa4af17d1fef6657e44 - - default default] No more DHCP agents
2026-07-22 15:27:56.220 10 WARNING neutron.api.rpc.agentnotifiers.dhcp_rpc_agent_api [None req-fb71b6bd-2eb3-46a5-9c8b-f072e6333ccd 1833ed48650f40c7adf744e1486b07fe 160612a36b3b4fa4af17d1fef6657e44 - - default default] Unable to schedule network 07f7cd3f-1059-4c9f-a66f-f6e82ef9f6b8: no agents available; will retry on subsequent port and subnet creation events.
2026-07-22 15:27:56.743 10 INFO neutron.db.ovn_revision_numbers_db [None req-fb71b6bd-2eb3-46a5-9c8b-f072e6333ccd 1833ed48650f40c7adf744e1486b07fe 160612a36b3b4fa4af17d1fef6657e44 - - default default] Successfully bumped revision number for resource d5ca6de6-9570-4acd-b9bc-429b2b2dd622 (type: ports) to 2
2026-07-22 15:27:56.778 10 INFO neutron.db.ovn_revision_numbers_db [None req-fb71b6bd-2eb3-46a5-9c8b-f072e6333ccd 1833ed48650f40c7adf744e1486b07fe 160612a36b3b4fa4af17d1fef6657e44 - - default default] Successfully bumped revision number for resource a8299ae3-291e-43a7-92fe-6d333b92c38e (type: subnets) to 0
2026-07-22 15:27:56.797 10 INFO neutron.wsgi [None req-fb71b6bd-2eb3-46a5-9c8b-f072e6333ccd 1833ed48650f40c7adf744e1486b07fe 160612a36b3b4fa4af17d1fef6657e44 - - default default] 10.0.0.179 "POST /v2.0/subnets HTTP/1.1" status: 201 len: 804 time: 0.8220932
2026-07-22 15:27:56.888 10 INFO neutron.db.segments_db [None req-9b881409-963e-495b-882b-db7e605cbd22 1833ed48650f40c7adf744e1486b07fe 160612a36b3b4fa4af17d1fef6657e44 - - default default] Added segment 88c99157-466e-47f8-88d4-2c6d22f15a81 of type geneve for network a65d9b02-59cd-4b90-b8dd-6a53cc77ba07
2026-07-22 15:27:57.042 10 INFO neutron.db.ovn_revision_numbers_db [None req-9b881409-963e-495b-882b-db7e605cbd22 1833ed48650f40c7adf744e1486b07fe 160612a36b3b4fa4af17d1fef6657e44 - - default default] Successfully bumped revision number for resource a65d9b02-59cd-4b90-b8dd-6a53cc77ba07 (type: networks) to 1
2026-07-22 15:27:57.250 10 WARNING neutron.scheduler.dhcp_agent_scheduler [None req-9b881409-963e-495b-882b-db7e605cbd22 1833ed48650f40c7adf744e1486b07fe 160612a36b3b4fa4af17d1fef6657e44 - - default default] No more DHCP agents
2026-07-22 15:27:57.254 10 WARNING neutron.api.rpc.agentnotifiers.dhcp_rpc_agent_api [None req-9b881409-963e-495b-882b-db7e605cbd22 1833ed48650f40c7adf744e1486b07fe 160612a36b3b4fa4af17d1fef6657e44 - - default default] Unable to schedule network a65d9b02-59cd-4b90-b8dd-6a53cc77ba07: no agents available; will retry on subsequent port and subnet creation events.
2026-07-22 15:27:57.347 10 INFO neutron.db.ovn_revision_numbers_db [None req-9b881409-963e-495b-882b-db7e605cbd22 1833ed48650f40c7adf744e1486b07fe 160612a36b3b4fa4af17d1fef6657e44 - - default default] Successfully bumped revision number for resource 7471dcea-fe6f-4751-844c-9097f10833bc (type: ports) to 1
2026-07-22 15:27:57.377 10 INFO neutron.wsgi [None req-9b881409-963e-495b-882b-db7e605cbd22 1833ed48650f40c7adf744e1486b07fe 160612a36b3b4fa4af17d1fef6657e44 - - default default] 10.0.0.179 "POST /v2.0/networks HTTP/1.1" status: 201 len: 831 time: 0.5739818
2026-07-22 15:27:57.648 10 WARNING neutron.scheduler.dhcp_agent_scheduler [None req-82d157fe-90a5-4f10-ad87-c5249839d173 1833ed48650f40c7adf744e1486b07fe 160612a36b3b4fa4af17d1fef6657e44 - - default default] No more DHCP agents
2026-07-22 15:27:57.650 10 WARNING neutron.api.rpc.agentnotifiers.dhcp_rpc_agent_api [None req-82d157fe-90a5-4f10-ad87-c5249839d173 1833ed48650f40c7adf744e1486b07fe 160612a36b3b4fa4af17d1fef6657e44 - - default default] Unable to schedule network a65d9b02-59cd-4b90-b8dd-6a53cc77ba07: no agents available; will retry on subsequent port and subnet creation events.
2026-07-22 15:27:58.149 10 INFO neutron.db.ovn_revision_numbers_db [None req-82d157fe-90a5-4f10-ad87-c5249839d173 1833ed48650f40c7adf744e1486b07fe 160612a36b3b4fa4af17d1fef6657e44 - - default default] Successfully bumped revision number for resource 7471dcea-fe6f-4751-844c-9097f10833bc (type: ports) to 2
2026-07-22 15:27:58.185 10 INFO neutron.db.ovn_revision_numbers_db [None req-82d157fe-90a5-4f10-ad87-c5249839d173 1833ed48650f40c7adf744e1486b07fe 160612a36b3b4fa4af17d1fef6657e44 - - default default] Successfully bumped revision number for resource 6051e846-24de-4f63-8422-c5bc5a556af3 (type: subnets) to 0
2026-07-22 15:27:58.202 10 INFO neutron.wsgi [None req-82d157fe-90a5-4f10-ad87-c5249839d173 1833ed48650f40c7adf744e1486b07fe 160612a36b3b4fa4af17d1fef6657e44 - - default default] 10.0.0.179 "POST /v2.0/subnets HTTP/1.1" status: 201 len: 804 time: 0.8198426
2026-07-22 15:27:58.297 10 INFO neutron.db.segments_db [None req-726417bd-594e-48ec-b700-3ba327bad3ae 1833ed48650f40c7adf744e1486b07fe 160612a36b3b4fa4af17d1fef6657e44 - - default default] Added segment ceb5f964-b6f3-49c3-8e72-6fc40d7c843c of type geneve for network bb4da069-2e78-4dff-a733-255b87d12b0f
2026-07-22 15:27:58.456 10 INFO neutron.db.ovn_revision_numbers_db [None req-726417bd-594e-48ec-b700-3ba327bad3ae 1833ed48650f40c7adf744e1486b07fe 160612a36b3b4fa4af17d1fef6657e44 - - default default] Successfully bumped revision number for resource bb4da069-2e78-4dff-a733-255b87d12b0f (type: networks) to 1
2026-07-22 15:27:58.655 9 INFO neutron.wsgi [-] 10.0.0.106 "GET / HTTP/1.1" status: 200 len: 246 time: 0.0014400
2026-07-22 15:27:58.657 9 INFO neutron.wsgi [-] 10.0.0.106 "GET / HTTP/1.1" status: 200 len: 246 time: 0.0013702
2026-07-22 15:27:58.683 10 WARNING neutron.scheduler.dhcp_agent_scheduler [None req-726417bd-594e-48ec-b700-3ba327bad3ae 1833ed48650f40c7adf744e1486b07fe 160612a36b3b4fa4af17d1fef6657e44 - - default default] No more DHCP agents
2026-07-22 15:27:58.685 10 WARNING neutron.api.rpc.agentnotifiers.dhcp_rpc_agent_api [None req-726417bd-594e-48ec-b700-3ba327bad3ae 1833ed48650f40c7adf744e1486b07fe 160612a36b3b4fa4af17d1fef6657e44 - - default default] Unable to schedule network bb4da069-2e78-4dff-a733-255b87d12b0f: no agents available; will retry on subsequent port and subnet creation events.
2026-07-22 15:27:58.774 10 INFO neutron.db.ovn_revision_numbers_db [None req-726417bd-594e-48ec-b700-3ba327bad3ae 1833ed48650f40c7adf744e1486b07fe 160612a36b3b4fa4af17d1fef6657e44 - - default default] Successfully bumped revision number for resource fb20cb16-ef86-4fe4-8cfe-782b8946ef15 (type: ports) to 1
2026-07-22 15:27:58.796 10 INFO neutron.wsgi [None req-726417bd-594e-48ec-b700-3ba327bad3ae 1833ed48650f40c7adf744e1486b07fe 160612a36b3b4fa4af17d1fef6657e44 - - default default] 10.0.0.179 "POST /v2.0/networks HTTP/1.1" status: 201 len: 831 time: 0.5851977
2026-07-22 15:27:59.057 9 WARNING neutron.scheduler.dhcp_agent_scheduler [None req-59c62c47-4bb0-4e1f-b917-c24f78157cbe 1833ed48650f40c7adf744e1486b07fe 160612a36b3b4fa4af17d1fef6657e44 - - default default] No more DHCP agents
2026-07-22 15:27:59.059 9 WARNING neutron.api.rpc.agentnotifiers.dhcp_rpc_agent_api [None req-59c62c47-4bb0-4e1f-b917-c24f78157cbe 1833ed48650f40c7adf744e1486b07fe 160612a36b3b4fa4af17d1fef6657e44 - - default default] Unable to schedule network bb4da069-2e78-4dff-a733-255b87d12b0f: no agents available; will retry on subsequent port and subnet creation events.
2026-07-22 15:27:59.573 9 INFO neutron.db.ovn_revision_numbers_db [None req-59c62c47-4bb0-4e1f-b917-c24f78157cbe 1833ed48650f40c7adf744e1486b07fe 160612a36b3b4fa4af17d1fef6657e44 - - default default] Successfully bumped revision number for resource fb20cb16-ef86-4fe4-8cfe-782b8946ef15 (type: ports) to 2
2026-07-22 15:27:59.613 9 INFO neutron.db.ovn_revision_numbers_db [None req-59c62c47-4bb0-4e1f-b917-c24f78157cbe 1833ed48650f40c7adf744e1486b07fe 160612a36b3b4fa4af17d1fef6657e44 - - default default] Successfully bumped revision number for resource 76caf5a6-fc99-4a63-a7bc-9be8d04c669b (type: subnets) to 0
2026-07-22 15:27:59.631 9 INFO neutron.wsgi [None req-59c62c47-4bb0-4e1f-b917-c24f78157cbe 1833ed48650f40c7adf744e1486b07fe 160612a36b3b4fa4af17d1fef6657e44 - - default default] 10.0.0.179 "POST /v2.0/subnets HTTP/1.1" status: 201 len: 804 time: 0.8212776
2026-07-22 15:27:59.681 9 INFO neutron.wsgi [None req-142c132f-3d12-4241-ab1f-78627edc84bd 1833ed48650f40c7adf744e1486b07fe 160612a36b3b4fa4af17d1fef6657e44 - - default default] 10.0.0.179 "PUT /v2.0/subnets/fc83be42-2ecc-448b-96cb-1d60868bf7ae/tags HTTP/1.1" status: 200 len: 210 time: 0.0455441
2026-07-22 15:27:59.730 10 INFO neutron.wsgi [None req-f8a5c570-046b-46e4-9508-924010af8779 1833ed48650f40c7adf744e1486b07fe 160612a36b3b4fa4af17d1fef6657e44 - - default default] 10.0.0.179 "PUT /v2.0/subnets/c4b266fe-0f6a-4e23-b33e-f02e86a18b00/tags HTTP/1.1" status: 200 len: 218 time: 0.0449250
2026-07-22 15:27:59.769 10 INFO neutron.wsgi [None req-7098d50e-8bb5-4c63-8cd8-b71dceeea6de 1833ed48650f40c7adf744e1486b07fe 160612a36b3b4fa4af17d1fef6657e44 - - default default] 10.0.0.179 "PUT /v2.0/subnets/a8299ae3-291e-43a7-92fe-6d333b92c38e/tags HTTP/1.1" status: 200 len: 227 time: 0.0337629
2026-07-22 15:27:59.811 10 INFO neutron.wsgi [None req-623950ec-32a4-498d-b8d4-41015da2035a 1833ed48650f40c7adf744e1486b07fe 160612a36b3b4fa4af17d1fef6657e44 - - default default] 10.0.0.179 "PUT /v2.0/subnets/6051e846-24de-4f63-8422-c5bc5a556af3/tags HTTP/1.1" status: 200 len: 212 time: 0.0380447
2026-07-22 15:27:59.878 10 INFO neutron.wsgi [None req-ae7ffebb-f9d8-49e3-adb2-61e3ea6ac2d8 1833ed48650f40c7adf744e1486b07fe 160612a36b3b4fa4af17d1fef6657e44 - - default default] 10.0.0.179 "GET /v2.0/subnets?tags=red HTTP/1.1" status: 200 len: 2027 time: 0.0614612
2026-07-22 15:27:59.937 10 INFO neutron.wsgi [None req-b4ec2d86-c7d2-47ce-9ba6-5f1c8ae85361 1833ed48650f40c7adf744e1486b07fe 160612a36b3b4fa4af17d1fef6657e44 - - default default] 10.0.0.179 "GET /v2.0/subnets?tags=red%2Cblue HTTP/1.1" status: 200 len: 1430 time: 0.0535464
2026-07-22 15:28:00.016 10 INFO neutron.wsgi [None req-e161fbb1-9e6d-4ff2-8247-1dfe9fba07c8 1833ed48650f40c7adf744e1486b07fe 160612a36b3b4fa4af17d1fef6657e44 - - default default] 10.0.0.179 "GET /v2.0/subnets?tags-any=blue HTTP/1.1" status: 200 len: 1430 time: 0.0732203
2026-07-22 15:28:00.060 10 INFO neutron.wsgi [None req-db6c1eda-07d7-4726-bab3-88a0c7483281 1833ed48650f40c7adf744e1486b07fe 160612a36b3b4fa4af17d1fef6657e44 - - default default] 10.0.0.179 "GET /v2.0/subnets?tags-any=red%2Cblue HTTP/1.1" status: 200 len: 2027 time: 0.0377915
2026-07-22 15:28:00.124 10 INFO neutron.wsgi [None req-809ae9c0-2908-4e89-b6e0-0185ffad04a5 1833ed48650f40c7adf744e1486b07fe 160612a36b3b4fa4af17d1fef6657e44 - - default default] 10.0.0.179 "GET /v2.0/subnets?not-tags=red HTTP/1.1" status: 200 len: 2018 time: 0.0585725
2026-07-22 15:28:00.189 10 INFO neutron.wsgi [None req-8483b561-3a82-42f9-ad26-f2ec6bc3c947 1833ed48650f40c7adf744e1486b07fe 160612a36b3b4fa4af17d1fef6657e44 - - default default] 10.0.0.179 "GET /v2.0/subnets?not-tags=red%2Cblue HTTP/1.1" status: 200 len: 2615 time: 0.0611117
2026-07-22 15:28:00.257 9 INFO neutron.wsgi [None req-01da0bde-1c9b-46d0-bdcc-4f73e72d0f98 1833ed48650f40c7adf744e1486b07fe 160612a36b3b4fa4af17d1fef6657e44 - - default default] 10.0.0.179 "GET /v2.0/subnets?not-tags-any=blue HTTP/1.1" status: 200 len: 2615 time: 0.0628309
2026-07-22 15:28:00.303 9 INFO neutron.wsgi [None req-db8a63dc-1240-4261-baa3-de47c931d265 1833ed48650f40c7adf744e1486b07fe 160612a36b3b4fa4af17d1fef6657e44 - - default default] 10.0.0.179 "GET /v2.0/subnets?not-tags-any=red%2Cblue HTTP/1.1" status: 200 len: 2018 time: 0.0399582
2026-07-22 15:28:00.395 10 INFO neutron.wsgi [None req-d7def3db-83cf-4dbb-81dd-344119d791d1 10befce4ac4548328829691edcdac0ca 72b70913adc24dd4919401613118aa15 - - default default] 10.0.0.179 "POST /v2.0/qos/policies HTTP/1.1" status: 201 len: 558 time: 0.2047319
2026-07-22 15:28:00.435 10 INFO neutron.wsgi [None req-42c5db29-8c6b-451f-a39b-eb16fcb5fdd4 10befce4ac4548328829691edcdac0ca 72b70913adc24dd4919401613118aa15 - - default default] 10.0.0.179 "POST /v2.0/qos/policies HTTP/1.1" status: 201 len: 558 time: 0.0349553
2026-07-22 15:28:00.472 10 INFO neutron.wsgi [None req-fbcbc439-872a-4b4f-b06d-30bff9e2ebc3 10befce4ac4548328829691edcdac0ca 72b70913adc24dd4919401613118aa15 - - default default] 10.0.0.179 "POST /v2.0/qos/policies HTTP/1.1" status: 201 len: 558 time: 0.0327446
2026-07-22 15:28:00.514 9 INFO neutron.wsgi [None req-1e90d8d6-69b0-4235-9bc9-efe55161b43d 1833ed48650f40c7adf744e1486b07fe 160612a36b3b4fa4af17d1fef6657e44 - - default default] 10.0.0.179 "DELETE /v2.0/subnets/fc83be42-2ecc-448b-96cb-1d60868bf7ae HTTP/1.1" status: 204 len: 168 time: 0.2058022
2026-07-22 15:28:00.537 10 INFO neutron.wsgi [None req-76a6b091-1396-40c5-88d2-e585300bfcb5 10befce4ac4548328829691edcdac0ca 72b70913adc24dd4919401613118aa15 - - default default] 10.0.0.179 "POST /v2.0/qos/policies HTTP/1.1" status: 201 len: 558 time: 0.0593235
2026-07-22 15:28:00.599 10 INFO neutron.wsgi [None req-1cfc2494-de05-487f-b4eb-3035c2656b8f 10befce4ac4548328829691edcdac0ca 72b70913adc24dd4919401613118aa15 - - default default] 10.0.0.179 "POST /v2.0/qos/policies HTTP/1.1" status: 201 len: 558 time: 0.0544035
2026-07-22 15:28:00.625 10 INFO neutron.wsgi [None req-ddee84ad-de16-4ea5-bd1b-e8c220a8035b 10befce4ac4548328829691edcdac0ca 72b70913adc24dd4919401613118aa15 - - default default] 10.0.0.179 "PUT /v2.0/policies/ef8f9113-2e31-4da2-a21d-483b4b8ff984/tags HTTP/1.1" status: 200 len: 210 time: 0.0204918
2026-07-22 15:28:00.653 10 INFO neutron.wsgi [None req-d73b99cc-a4cd-49bf-917d-71a76eeab6fb 10befce4ac4548328829691edcdac0ca 72b70913adc24dd4919401613118aa15 - - default default] 10.0.0.179 "PUT /v2.0/policies/289cc45e-ec70-44eb-836d-662aa661e455/tags HTTP/1.1" status: 200 len: 218 time: 0.0231192
2026-07-22 15:28:00.680 10 INFO neutron.wsgi [None req-90373171-f5f4-4e23-b8d1-098dafb0669b 10befce4ac4548328829691edcdac0ca 72b70913adc24dd4919401613118aa15 - - default default] 10.0.0.179 "PUT /v2.0/policies/a56750dd-fb81-4e6c-8ec4-21b5c480a893/tags HTTP/1.1" status: 200 len: 227 time: 0.0208740
2026-07-22 15:28:00.711 10 INFO neutron.wsgi [None req-857b418c-be13-48b8-99f4-b671dae7d947 10befce4ac4548328829691edcdac0ca 72b70913adc24dd4919401613118aa15 - - default default] 10.0.0.179 "PUT /v2.0/policies/f2cbff49-2568-43f8-a09b-70438b5de569/tags HTTP/1.1" status: 200 len: 212 time: 0.0247595
2026-07-22 15:28:00.743 9 INFO neutron.wsgi [None req-18110f8a-7c9b-4a96-8f3c-2b4c0f5448a7 1833ed48650f40c7adf744e1486b07fe 160612a36b3b4fa4af17d1fef6657e44 - - default default] 10.0.0.179 "DELETE /v2.0/subnets/c4b266fe-0f6a-4e23-b33e-f02e86a18b00 HTTP/1.1" status: 204 len: 168 time: 0.2244313
2026-07-22 15:28:00.940 9 INFO neutron.wsgi [None req-ee25cb77-8594-4980-9ea6-b2b2d87f2205 1833ed48650f40c7adf744e1486b07fe 160612a36b3b4fa4af17d1fef6657e44 - - default default] 10.0.0.179 "DELETE /v2.0/subnets/a8299ae3-291e-43a7-92fe-6d333b92c38e HTTP/1.1" status: 204 len: 168 time: 0.1918759
2026-07-22 15:28:01.158 10 INFO neutron.wsgi [None req-e07d8e59-f7b6-40ca-bb5d-910b0698a91c 859eaaea4eda41419edffe7b9e7b1c19 cf670a0d22c840b8a980bce5bce82dbb - - default default] 10.0.0.179 "GET /v2.0/qos/policies?tags=red HTTP/1.1" status: 200 len: 1296 time: 0.0978906
2026-07-22 15:28:01.167 9 INFO neutron.wsgi [None req-9b88b7f1-5ba1-4965-bfdc-c52f9dc731b2 1833ed48650f40c7adf744e1486b07fe 160612a36b3b4fa4af17d1fef6657e44 - - default default] 10.0.0.179 "DELETE /v2.0/subnets/6051e846-24de-4f63-8422-c5bc5a556af3 HTTP/1.1" status: 204 len: 168 time: 0.2223454
2026-07-22 15:28:01.211 10 INFO neutron.wsgi [None req-aab4b075-9df4-4487-a948-95f9774aeb6b 859eaaea4eda41419edffe7b9e7b1c19 cf670a0d22c840b8a980bce5bce82dbb - - default default] 10.0.0.179 "GET /v2.0/qos/policies?tags=red%2Cblue HTTP/1.1" status: 200 len: 941 time: 0.0484364
2026-07-22 15:28:01.271 10 INFO neutron.wsgi [None req-9d4dd709-9f8f-4fca-9f4f-6b9b3f97550e 859eaaea4eda41419edffe7b9e7b1c19 cf670a0d22c840b8a980bce5bce82dbb - - default default] 10.0.0.179 "GET /v2.0/qos/policies?tags-any=blue HTTP/1.1" status: 200 len: 941 time: 0.0557899
2026-07-22 15:28:01.338 10 INFO neutron.wsgi [None req-341a1469-06d6-4d4c-b960-4a8b008ccebb 859eaaea4eda41419edffe7b9e7b1c19 cf670a0d22c840b8a980bce5bce82dbb - - default default] 10.0.0.179 "GET /v2.0/qos/policies?tags-any=red%2Cblue HTTP/1.1" status: 200 len: 1296 time: 0.0632694
2026-07-22 15:28:01.377 9 INFO neutron.wsgi [None req-15dfb2ea-1e51-4abb-babc-0813b27dfdc7 1833ed48650f40c7adf744e1486b07fe 160612a36b3b4fa4af17d1fef6657e44 - - default default] 10.0.0.179 "DELETE /v2.0/subnets/76caf5a6-fc99-4a63-a7bc-9be8d04c669b HTTP/1.1" status: 204 len: 168 time: 0.2065158
2026-07-22 15:28:01.448 10 INFO neutron.wsgi [None req-1eced978-b754-4c66-9218-0329b3f89805 859eaaea4eda41419edffe7b9e7b1c19 cf670a0d22c840b8a980bce5bce82dbb - - default default] 10.0.0.179 "GET /v2.0/qos/policies?not-tags=red HTTP/1.1" status: 200 len: 913 time: 0.1037288
2026-07-22 15:28:01.557 9 INFO neutron.wsgi [None req-0b369762-8e36-459d-b915-abb77b7817ef 859eaaea4eda41419edffe7b9e7b1c19 cf670a0d22c840b8a980bce5bce82dbb - - default default] 10.0.0.179 "GET /v2.0/qos/policies?not-tags=red%2Cblue HTTP/1.1" status: 200 len: 1268 time: 0.1032193
2026-07-22 15:28:01.648 9 INFO neutron.wsgi [None req-cd933a66-7fa6-4f0f-acd2-25073ddaf749 859eaaea4eda41419edffe7b9e7b1c19 cf670a0d22c840b8a980bce5bce82dbb - - default default] 10.0.0.179 "GET /v2.0/qos/policies?not-tags-any=blue HTTP/1.1" status: 200 len: 1268 time: 0.0867722
2026-07-22 15:28:01.764 10 INFO neutron.services.segments.plugin [-] Segment 9796c4d6-7a09-4992-82a6-70195e1fe8ea resource provider aggregate not found
2026-07-22 15:28:01.962 9 INFO neutron.wsgi [None req-e5f8220c-e02a-45f4-9535-cf2a3fbc61fb 859eaaea4eda41419edffe7b9e7b1c19 cf670a0d22c840b8a980bce5bce82dbb - - default default] 10.0.0.179 "GET /v2.0/qos/policies?not-tags-any=red%2Cblue HTTP/1.1" status: 200 len: 913 time: 0.3077700
2026-07-22 15:28:02.013 10 INFO neutron.services.segments.plugin [-] Segment 9796c4d6-7a09-4992-82a6-70195e1fe8ea resource provider aggregate not found
2026-07-22 15:28:02.025 10 INFO neutron.services.segments.plugin [-] Segment 9796c4d6-7a09-4992-82a6-70195e1fe8ea resource provider not found; error: Placement Client Error (4xx): {"errors": [{"status": 404, "title": "Not Found", "detail": "The resource could not be found.\n\n No resource provider with uuid 9796c4d6-7a09-4992-82a6-70195e1fe8ea found for delete ", "request_id": "req-026861bf-22dc-422a-946a-e513a71c1122"}]}
2026-07-22 15:28:02.029 10 INFO neutron.services.segments.plugin [-] Segment 9796c4d6-7a09-4992-82a6-70195e1fe8ea resource provider not found; error: Placement Client Error (4xx): {"errors": [{"status": 404, "title": "Not Found", "detail": "The resource could not be found.\n\n No resource provider with uuid 9796c4d6-7a09-4992-82a6-70195e1fe8ea found for delete ", "request_id": "req-161b50e9-b02d-4202-89f8-2b44f35b3a53"}]}
2026-07-22 15:28:02.029 9 INFO neutron.wsgi [None req-550b9ffb-23d6-4f24-ad9b-36cef48706a6 10befce4ac4548328829691edcdac0ca 72b70913adc24dd4919401613118aa15 - - default default] 10.0.0.179 "DELETE /v2.0/qos/policies/ef8f9113-2e31-4da2-a21d-483b4b8ff984 HTTP/1.1" status: 204 len: 168 time: 0.0604408
2026-07-22 15:28:02.056 10 INFO neutron.wsgi [None req-be811366-3ad7-407c-bb50-ad621bba390c 1833ed48650f40c7adf744e1486b07fe 160612a36b3b4fa4af17d1fef6657e44 - - default default] 10.0.0.179 "DELETE /v2.0/networks/7f51c2ff-1e41-4301-a06c-0aa4a83b98c0 HTTP/1.1" status: 204 len: 168 time: 0.6742275
2026-07-22 15:28:02.113 9 INFO neutron.wsgi [None req-dc0885fa-2dae-4211-a09c-81d1cf5950df 10befce4ac4548328829691edcdac0ca 72b70913adc24dd4919401613118aa15 - - default default] 10.0.0.179 "DELETE /v2.0/qos/policies/289cc45e-ec70-44eb-836d-662aa661e455 HTTP/1.1" status: 204 len: 168 time: 0.0794284
2026-07-22 15:28:02.198 9 INFO neutron.wsgi [None req-03cb9146-64b6-44d4-9237-2091d3d3883b 10befce4ac4548328829691edcdac0ca 72b70913adc24dd4919401613118aa15 - - default default] 10.0.0.179 "DELETE /v2.0/qos/policies/a56750dd-fb81-4e6c-8ec4-21b5c480a893 HTTP/1.1" status: 204 len: 168 time: 0.0806351
2026-07-22 15:28:02.266 10 INFO neutron.wsgi [None req-a5098d68-c979-45ee-ad22-a864c29fc1b1 10befce4ac4548328829691edcdac0ca 72b70913adc24dd4919401613118aa15 - - default default] 10.0.0.179 "DELETE /v2.0/qos/policies/f2cbff49-2568-43f8-a09b-70438b5de569 HTTP/1.1" status: 204 len: 168 time: 0.0603089
2026-07-22 15:28:02.358 9 INFO neutron.wsgi [None req-0ec2b397-8405-4ebb-a00a-9c61977ddca5 10befce4ac4548328829691edcdac0ca 72b70913adc24dd4919401613118aa15 - - default default] 10.0.0.179 "DELETE /v2.0/qos/policies/f67e1001-e112-4c76-877d-62d0c350b2e3 HTTP/1.1" status: 204 len: 168 time: 0.0875964
2026-07-22 15:28:02.465 9 INFO neutron.services.segments.plugin [-] Segment b4d139a3-0f4c-4527-bb8b-32a299a04f63 resource provider aggregate not found
2026-07-22 15:28:02.470 9 INFO neutron.services.segments.plugin [-] Segment b4d139a3-0f4c-4527-bb8b-32a299a04f63 resource provider aggregate not found
2026-07-22 15:28:02.486 9 INFO neutron.services.segments.plugin [-] Segment b4d139a3-0f4c-4527-bb8b-32a299a04f63 resource provider not found; error: Placement Client Error (4xx): {"errors": [{"status": 404, "title": "Not Found", "detail": "The resource could not be found.\n\n No resource provider with uuid b4d139a3-0f4c-4527-bb8b-32a299a04f63 found for delete ", "request_id": "req-d76d8245-2809-4307-909a-3a4242141e68"}]}
2026-07-22 15:28:02.491 9 INFO neutron.services.segments.plugin [-] Segment b4d139a3-0f4c-4527-bb8b-32a299a04f63 resource provider not found; error: Placement Client Error (4xx): {"errors": [{"status": 404, "title": "Not Found", "detail": "The resource could not be found.\n\n No resource provider with uuid b4d139a3-0f4c-4527-bb8b-32a299a04f63 found for delete ", "request_id": "req-f59ef33f-a3dc-47c8-88a9-f6dceebf7b79"}]}
2026-07-22 15:28:02.512 9 INFO neutron.wsgi [None req-162b17bd-f88a-4ba7-8302-32e96ba43e30 1833ed48650f40c7adf744e1486b07fe 160612a36b3b4fa4af17d1fef6657e44 - - default default] 10.0.0.179 "DELETE /v2.0/networks/ea551fac-c0ee-4e6c-97bd-ec9089f67194 HTTP/1.1" status: 204 len: 168 time: 0.4491444
2026-07-22 15:28:02.917 10 INFO neutron.wsgi [None req-7f3fd15f-0343-4694-b70c-fbe78faab27f 1833ed48650f40c7adf744e1486b07fe 160612a36b3b4fa4af17d1fef6657e44 - - default default] 10.0.0.179 "DELETE /v2.0/networks/07f7cd3f-1059-4c9f-a66f-f6e82ef9f6b8 HTTP/1.1" status: 204 len: 168 time: 0.4004755
2026-07-22 15:28:03.322 10 INFO neutron.wsgi [None req-ea20ecb4-315c-4d99-8d0d-17dfea0777c5 1833ed48650f40c7adf744e1486b07fe 160612a36b3b4fa4af17d1fef6657e44 - - default default] 10.0.0.179 "DELETE /v2.0/networks/a65d9b02-59cd-4b90-b8dd-6a53cc77ba07 HTTP/1.1" status: 204 len: 168 time: 0.3920894
2026-07-22 15:28:03.489 10 INFO neutron.wsgi [req-a48a3f54-c483-4b37-bad3-29c8659cb15d req-e7ba61cc-1582-4b35-9804-eaaa27e84f50 e62eee8fa42a4163a3ae678d2c8ae9aa 86e0e1c0a1f14810805148bd2196cbdc - - e37e2322584140228abb0979f9eb5225 e37e2322584140228abb0979f9eb5225] 10.0.0.97 "GET /v2.0/ports?device_id=4d9beabe-d750-4599-822a-10930d4a493f HTTP/1.1" status: 200 len: 1409 time: 0.0478144
2026-07-22 15:28:03.560 10 INFO neutron.wsgi [req-a48a3f54-c483-4b37-bad3-29c8659cb15d req-9055287a-c83d-4f00-bf73-dccf0498b439 e62eee8fa42a4163a3ae678d2c8ae9aa 86e0e1c0a1f14810805148bd2196cbdc - - e37e2322584140228abb0979f9eb5225 e37e2322584140228abb0979f9eb5225] 10.0.0.97 "GET /v2.0/security-groups?id=f3a36de8-62af-44d9-bf9a-7923b1759d6d&fields=id&fields=name HTTP/1.1" status: 200 len: 312 time: 0.0602274
2026-07-22 15:28:03.655 10 INFO neutron.db.ovn_revision_numbers_db [None req-c1942855-47b7-4fe9-a436-9b2128aca487 5c2d2eea7ebd43eaafe62f9f7646482d 1cefd14a2ae340718011307e746df049 - - default default] Successfully bumped revision number for resource 7c3694f7-2b8e-4d6c-8a90-a8771ddaa431 (type: security_groups) to 1
2026-07-22 15:28:03.669 10 INFO neutron.db.ovn_revision_numbers_db [None req-c1942855-47b7-4fe9-a436-9b2128aca487 5c2d2eea7ebd43eaafe62f9f7646482d 1cefd14a2ae340718011307e746df049 - - default default] Successfully bumped revision number for resource 0caa1505-5ff3-4bad-bb75-0e6080defd33 (type: security_group_rules) to 0
2026-07-22 15:28:03.689 10 INFO neutron.db.ovn_revision_numbers_db [None req-c1942855-47b7-4fe9-a436-9b2128aca487 5c2d2eea7ebd43eaafe62f9f7646482d 1cefd14a2ae340718011307e746df049 - - default default] Successfully bumped revision number for resource b44b7df8-33df-40fb-b024-b174add52c9b (type: security_group_rules) to 0
2026-07-22 15:28:03.705 10 INFO neutron.db.ovn_revision_numbers_db [None req-c1942855-47b7-4fe9-a436-9b2128aca487 5c2d2eea7ebd43eaafe62f9f7646482d 1cefd14a2ae340718011307e746df049 - - default default] Successfully bumped revision number for resource e412bd98-eee3-4b2b-ad80-b52d8f2f62da (type: security_group_rules) to 0
2026-07-22 15:28:03.725 10 INFO neutron.db.ovn_revision_numbers_db [None req-c1942855-47b7-4fe9-a436-9b2128aca487 5c2d2eea7ebd43eaafe62f9f7646482d 1cefd14a2ae340718011307e746df049 - - default default] Successfully bumped revision number for resource ee1ab709-70de-47d4-90b1-411ed8a09f7b (type: security_group_rules) to 0
2026-07-22 15:28:03.753 10 INFO neutron.wsgi [None req-c1942855-47b7-4fe9-a436-9b2128aca487 5c2d2eea7ebd43eaafe62f9f7646482d 1cefd14a2ae340718011307e746df049 - - default default] 10.0.0.179 "GET /v2.0/security-groups?tenant_id=72b70913adc24dd4919401613118aa15&name=default HTTP/1.1" status: 200 len: 2996 time: 0.5035956
2026-07-22 15:28:03.842 9 INFO neutron.wsgi [None req-106b4053-1e4e-49ed-9d40-fff9f79c7c81 1833ed48650f40c7adf744e1486b07fe 160612a36b3b4fa4af17d1fef6657e44 - - default default] 10.0.0.179 "DELETE /v2.0/networks/bb4da069-2e78-4dff-a733-255b87d12b0f HTTP/1.1" status: 204 len: 168 time: 0.5145202
2026-07-22 15:28:03.998 9 INFO neutron.wsgi [None req-b74662a0-98ca-4a0c-9dfd-d9a905c3e633 5c2d2eea7ebd43eaafe62f9f7646482d 1cefd14a2ae340718011307e746df049 - - default default] 10.0.0.179 "DELETE /v2.0/security-groups/7c3694f7-2b8e-4d6c-8a90-a8771ddaa431 HTTP/1.1" status: 204 len: 168 time: 0.2378571
2026-07-22 15:28:04.048 10 INFO neutron.services.segments.plugin [-] Segment 2846b3ec-78f2-4d58-a1de-83fcc42e9146 resource provider aggregate not found
2026-07-22 15:28:04.055 10 INFO neutron.services.segments.plugin [-] Segment 2846b3ec-78f2-4d58-a1de-83fcc42e9146 resource provider aggregate not found
2026-07-22 15:28:04.070 10 INFO neutron.services.segments.plugin [-] Segment 2846b3ec-78f2-4d58-a1de-83fcc42e9146 resource provider not found; error: Placement Client Error (4xx): {"errors": [{"status": 404, "title": "Not Found", "detail": "The resource could not be found.\n\n No resource provider with uuid 2846b3ec-78f2-4d58-a1de-83fcc42e9146 found for delete ", "request_id": "req-6604f167-b427-4744-9e69-5164dcf5b995"}]}
2026-07-22 15:28:04.080 10 INFO neutron.services.segments.plugin [-] Segment 2846b3ec-78f2-4d58-a1de-83fcc42e9146 resource provider not found; error: Placement Client Error (4xx): {"errors": [{"status": 404, "title": "Not Found", "detail": "The resource could not be found.\n\n No resource provider with uuid 2846b3ec-78f2-4d58-a1de-83fcc42e9146 found for delete ", "request_id": "req-f23f54af-c8cf-4532-bffd-4c4a763dc333"}]}
2026-07-22 15:28:04.097 10 INFO neutron.services.segments.plugin [-] Segment 88c99157-466e-47f8-88d4-2c6d22f15a81 resource provider aggregate not found
2026-07-22 15:28:04.119 10 INFO neutron.services.segments.plugin [-] Segment 88c99157-466e-47f8-88d4-2c6d22f15a81 resource provider aggregate not found
2026-07-22 15:28:04.127 10 INFO neutron.services.segments.plugin [-] Segment 88c99157-466e-47f8-88d4-2c6d22f15a81 resource provider not found; error: Placement Client Error (4xx): {"errors": [{"status": 404, "title": "Not Found", "detail": "The resource could not be found.\n\n No resource provider with uuid 88c99157-466e-47f8-88d4-2c6d22f15a81 found for delete ", "request_id": "req-d14a6e51-374e-40e8-8709-28ad9832b27b"}]}
2026-07-22 15:28:04.138 10 INFO neutron.services.segments.plugin [-] Segment 88c99157-466e-47f8-88d4-2c6d22f15a81 resource provider not found; error: Placement Client Error (4xx): {"errors": [{"status": 404, "title": "Not Found", "detail": "The resource could not be found.\n\n No resource provider with uuid 88c99157-466e-47f8-88d4-2c6d22f15a81 found for delete ", "request_id": "req-80893f98-6084-4273-bd83-b69499a880a2"}]}
2026-07-22 15:28:04.316 9 INFO neutron.db.ovn_revision_numbers_db [None req-90c38cf3-95fd-4a30-ab21-3835ec03b725 5c2d2eea7ebd43eaafe62f9f7646482d 1cefd14a2ae340718011307e746df049 - - default default] Successfully bumped revision number for resource 3f9813bf-4667-4ec7-8910-3d8045c1cda5 (type: security_groups) to 1
2026-07-22 15:28:04.330 9 INFO neutron.db.ovn_revision_numbers_db [None req-90c38cf3-95fd-4a30-ab21-3835ec03b725 5c2d2eea7ebd43eaafe62f9f7646482d 1cefd14a2ae340718011307e746df049 - - default default] Successfully bumped revision number for resource 34684c33-4690-4cfc-8fa2-b7adec2c2ae8 (type: security_group_rules) to 0
2026-07-22 15:28:04.343 9 INFO neutron.db.ovn_revision_numbers_db [None req-90c38cf3-95fd-4a30-ab21-3835ec03b725 5c2d2eea7ebd43eaafe62f9f7646482d 1cefd14a2ae340718011307e746df049 - - default default] Successfully bumped revision number for resource 3bfc60f3-5238-4968-b4c4-92f735f2a5fb (type: security_group_rules) to 0
2026-07-22 15:28:04.356 9 INFO neutron.db.ovn_revision_numbers_db [None req-90c38cf3-95fd-4a30-ab21-3835ec03b725 5c2d2eea7ebd43eaafe62f9f7646482d 1cefd14a2ae340718011307e746df049 - - default default] Successfully bumped revision number for resource 4e8e2bd5-95fe-4147-86ec-954db22182ac (type: security_group_rules) to 0
2026-07-22 15:28:04.371 9 INFO neutron.db.ovn_revision_numbers_db [None req-90c38cf3-95fd-4a30-ab21-3835ec03b725 5c2d2eea7ebd43eaafe62f9f7646482d 1cefd14a2ae340718011307e746df049 - - default default] Successfully bumped revision number for resource e471fd7f-7f84-409b-9134-44f3a755181c (type: security_group_rules) to 0
2026-07-22 15:28:04.400 9 INFO neutron.wsgi [None req-90c38cf3-95fd-4a30-ab21-3835ec03b725 5c2d2eea7ebd43eaafe62f9f7646482d 1cefd14a2ae340718011307e746df049 - - default default] 10.0.0.179 "GET /v2.0/security-groups?tenant_id=cf670a0d22c840b8a980bce5bce82dbb&name=default HTTP/1.1" status: 200 len: 2996 time: 0.1978536
2026-07-22 15:28:04.508 9 INFO neutron.services.segments.plugin [-] Segment ceb5f964-b6f3-49c3-8e72-6fc40d7c843c resource provider aggregate not found
2026-07-22 15:28:04.520 9 INFO neutron.services.segments.plugin [-] Segment ceb5f964-b6f3-49c3-8e72-6fc40d7c843c resource provider aggregate not found
2026-07-22 15:28:04.529 9 INFO neutron.services.segments.plugin [-] Segment ceb5f964-b6f3-49c3-8e72-6fc40d7c843c resource provider not found; error: Placement Client Error (4xx): {"errors": [{"status": 404, "title": "Not Found", "detail": "The resource could not be found.\n\n No resource provider with uuid ceb5f964-b6f3-49c3-8e72-6fc40d7c843c found for delete ", "request_id": "req-e56bb086-df9c-4f4e-a67c-549c1523bac3"}]}
2026-07-22 15:28:04.552 9 INFO neutron.services.segments.plugin [-] Segment ceb5f964-b6f3-49c3-8e72-6fc40d7c843c resource provider not found; error: Placement Client Error (4xx): {"errors": [{"status": 404, "title": "Not Found", "detail": "The resource could not be found.\n\n No resource provider with uuid ceb5f964-b6f3-49c3-8e72-6fc40d7c843c found for delete ", "request_id": "req-572326f5-424a-4b14-a50f-240aec423117"}]}
2026-07-22 15:28:04.650 9 INFO neutron.wsgi [None req-dd6d8359-c58b-420f-9736-0137b42144d8 5c2d2eea7ebd43eaafe62f9f7646482d 1cefd14a2ae340718011307e746df049 - - default default] 10.0.0.179 "DELETE /v2.0/security-groups/3f9813bf-4667-4ec7-8910-3d8045c1cda5 HTTP/1.1" status: 204 len: 168 time: 0.2442977
2026-07-22 15:28:04.924 9 INFO neutron.db.ovn_revision_numbers_db [None req-725da2e2-4419-4e93-8d13-c26eaaa97ce8 5c2d2eea7ebd43eaafe62f9f7646482d 1cefd14a2ae340718011307e746df049 - - default default] Successfully bumped revision number for resource c77d3642-5f25-48be-99b7-c01801e671bb (type: security_groups) to 1
2026-07-22 15:28:04.928 9 INFO neutron.db.ovn_revision_numbers_db [None req-bd1ff2a5-7e64-432d-8cc1-ce7bdad1d437 5c2d2eea7ebd43eaafe62f9f7646482d 1cefd14a2ae340718011307e746df049 - - default default] Successfully bumped revision number for resource 41a23e24-e0f9-45eb-b476-fbb1048c5408 (type: security_groups) to 1
2026-07-22 15:28:04.941 9 INFO neutron.db.ovn_revision_numbers_db [None req-725da2e2-4419-4e93-8d13-c26eaaa97ce8 5c2d2eea7ebd43eaafe62f9f7646482d 1cefd14a2ae340718011307e746df049 - - default default] Successfully bumped revision number for resource 05ca8b1c-c550-47a7-b6be-ce0a421b37b0 (type: security_group_rules) to 0
2026-07-22 15:28:04.943 9 INFO neutron.db.ovn_revision_numbers_db [None req-bd1ff2a5-7e64-432d-8cc1-ce7bdad1d437 5c2d2eea7ebd43eaafe62f9f7646482d 1cefd14a2ae340718011307e746df049 - - default default] Successfully bumped revision number for resource 70da0451-04d6-4fee-a63d-d4a81280aeb5 (type: security_group_rules) to 0
2026-07-22 15:28:04.960 9 INFO neutron.db.ovn_revision_numbers_db [None req-725da2e2-4419-4e93-8d13-c26eaaa97ce8 5c2d2eea7ebd43eaafe62f9f7646482d 1cefd14a2ae340718011307e746df049 - - default default] Successfully bumped revision number for resource 0679a3de-483b-4135-9ee5-cbb0d7c956f5 (type: security_group_rules) to 0
2026-07-22 15:28:04.962 9 INFO neutron.db.ovn_revision_numbers_db [None req-bd1ff2a5-7e64-432d-8cc1-ce7bdad1d437 5c2d2eea7ebd43eaafe62f9f7646482d 1cefd14a2ae340718011307e746df049 - - default default] Successfully bumped revision number for resource 9b3b3f2c-aac0-4c9f-9123-0dad17b849e7 (type: security_group_rules) to 0
2026-07-22 15:28:04.974 9 INFO neutron.db.ovn_revision_numbers_db [None req-725da2e2-4419-4e93-8d13-c26eaaa97ce8 5c2d2eea7ebd43eaafe62f9f7646482d 1cefd14a2ae340718011307e746df049 - - default default] Successfully bumped revision number for resource 7566f44c-1bbc-4f87-a487-15f8289f6e8e (type: security_group_rules) to 0
2026-07-22 15:28:04.976 9 INFO neutron.db.ovn_revision_numbers_db [None req-bd1ff2a5-7e64-432d-8cc1-ce7bdad1d437 5c2d2eea7ebd43eaafe62f9f7646482d 1cefd14a2ae340718011307e746df049 - - default default] Successfully bumped revision number for resource c8d32acf-225c-4525-a1cc-fc836bd5bf88 (type: security_group_rules) to 0
2026-07-22 15:28:04.987 9 INFO neutron.db.ovn_revision_numbers_db [None req-725da2e2-4419-4e93-8d13-c26eaaa97ce8 5c2d2eea7ebd43eaafe62f9f7646482d 1cefd14a2ae340718011307e746df049 - - default default] Successfully bumped revision number for resource dbe9cc2f-e8c6-430b-8a54-bf12c596f805 (type: security_group_rules) to 0
2026-07-22 15:28:04.990 9 INFO neutron.db.ovn_revision_numbers_db [None req-bd1ff2a5-7e64-432d-8cc1-ce7bdad1d437 5c2d2eea7ebd43eaafe62f9f7646482d 1cefd14a2ae340718011307e746df049 - - default default] Successfully bumped revision number for resource feb4cce7-a4be-41b6-913c-fea67a6dc98b (type: security_group_rules) to 0
2026-07-22 15:28:05.013 9 INFO neutron.wsgi [None req-725da2e2-4419-4e93-8d13-c26eaaa97ce8 5c2d2eea7ebd43eaafe62f9f7646482d 1cefd14a2ae340718011307e746df049 - - default default] 10.0.0.179 "GET /v2.0/security-groups?tenant_id=dbca8cb8279644d48dbdc2d70741d677&name=default HTTP/1.1" status: 200 len: 2996 time: 0.2165954
