2026-07-22 15:24:57.239 9 INFO neutron.wsgi [req-08fb566f-0848-45fa-9179-8e88b5071aa8 req-ad5f80e3-5e9e-4b62-9648-58a8c3549f6b 2dd508a593244f4a857bf2c3ea4d04f1 61f47672dfb74b59ac2fad0900c88041 - - default default] 10.0.0.64 "GET /v2.0/ports?device_id=e1637f21-a923-4722-8711-89b7c6b9e9e0 HTTP/1.1" status: 200 len: 1170 time: 0.2236280
2026-07-22 15:24:57.381 9 INFO neutron.wsgi [req-08fb566f-0848-45fa-9179-8e88b5071aa8 req-c2c75b17-ec41-4884-9306-30d1dfa61e50 2dd508a593244f4a857bf2c3ea4d04f1 61f47672dfb74b59ac2fad0900c88041 - - default default] 10.0.0.64 "GET /v2.0/security-groups?id=d7659e89-2108-46a2-b17c-9b30176f1fb2&fields=id&fields=name HTTP/1.1" status: 200 len: 286 time: 0.1216857
2026-07-22 15:24:57.508 9 INFO neutron.db.ovn_revision_numbers_db [None req-dce3b029-d00b-4178-9294-9dee77922ec6 - - - - - -] Successfully bumped revision number for resource aa841d70-ce06-4b17-8488-76952c4ab0df (type: ports) to 5
2026-07-22 15:24:57.643 9 INFO neutron.db.l3_db [req-c2a220fd-32be-4d77-a3a6-aeefceea1134 req-375bfe95-3904-421d-b4b2-1681ac5de06e cb782252aa734d16b2b3db318b377d5b 69881b7620b44a08a99ffb3dc0110d28 - - default default] Floating IP 0d381c9f-54aa-429d-8817-dd77cff2829f disassociated. External IP: 10.96.250.219, port: aa841d70-ce06-4b17-8488-76952c4ab0df. /var/lib/openstack/lib/python3.10/site-packages/pycadf/identifier.py:71: UserWarning: Invalid uuid: neutron. To ensure interoperability, identifiers should be a valid uuid. warnings.warn(('Invalid uuid: %s. To ensure interoperability, ' /var/lib/openstack/lib/python3.10/site-packages/pycadf/identifier.py:71: UserWarning: Invalid uuid: neutron. To ensure interoperability, identifiers should be a valid uuid. warnings.warn(('Invalid uuid: %s. To ensure interoperability, '
2026-07-22 15:24:57.803 10 INFO neutron.wsgi [req-98485d1a-7a6a-40e0-94d4-4050e2fe74af req-0285c70b-fab5-45cb-8d83-0fd2e1ea29b8 cb782252aa734d16b2b3db318b377d5b 69881b7620b44a08a99ffb3dc0110d28 - - default default] 10.0.0.64 "GET /v2.0/ports?device_id=949429f1-d458-47da-b0fa-a155d234ed3b HTTP/1.1" status: 200 len: 1168 time: 0.0584145
2026-07-22 15:24:57.845 10 INFO neutron.plugins.ml2.drivers.ovn.mech_driver.mech_driver [None req-a95e7cce-003f-4257-bd49-f307de43da7e - - - - - -] OVN reports status down for port: f3491ee9-58c6-42b2-8be1-ca22c13ce5ec
2026-07-22 15:24:57.875 9 INFO neutron.wsgi [req-e336760e-6fe3-42c0-8546-fab961a695c1 req-2f7664e7-c8ef-410a-b5e0-69e310bab27f 2dd508a593244f4a857bf2c3ea4d04f1 61f47672dfb74b59ac2fad0900c88041 - - default default] 10.0.0.64 "GET /v2.0/ports?device_id=e1637f21-a923-4722-8711-89b7c6b9e9e0 HTTP/1.1" status: 200 len: 1170 time: 0.0878212
2026-07-22 15:24:57.881 10 INFO neutron.wsgi [req-98485d1a-7a6a-40e0-94d4-4050e2fe74af req-ca3b147d-ae5e-40aa-8ee1-9a21158f93a5 cb782252aa734d16b2b3db318b377d5b 69881b7620b44a08a99ffb3dc0110d28 - - default default] 10.0.0.64 "GET /v2.0/security-groups?id=9594fb76-44ee-416c-8e0d-16e27570dd0b&fields=id&fields=name HTTP/1.1" status: 200 len: 312 time: 0.0714691
2026-07-22 15:24:57.939 9 INFO neutron.wsgi [req-c2a220fd-32be-4d77-a3a6-aeefceea1134 req-375bfe95-3904-421d-b4b2-1681ac5de06e cb782252aa734d16b2b3db318b377d5b 69881b7620b44a08a99ffb3dc0110d28 - - default default] 199.204.45.95 "DELETE /v2.0/ports/aa841d70-ce06-4b17-8488-76952c4ab0df HTTP/1.1" status: 204 len: 173 time: 1.1300654
2026-07-22 15:24:57.949 9 INFO neutron.wsgi [req-e336760e-6fe3-42c0-8546-fab961a695c1 req-a6e7e475-5718-4d34-ac82-00d75b0ca52d 2dd508a593244f4a857bf2c3ea4d04f1 61f47672dfb74b59ac2fad0900c88041 - - default default] 10.0.0.64 "GET /v2.0/security-groups?id=d7659e89-2108-46a2-b17c-9b30176f1fb2&fields=id&fields=name HTTP/1.1" status: 200 len: 286 time: 0.0658169
2026-07-22 15:24:57.979 9 INFO neutron.notifiers.nova [-] Nova event matching ['req-03a01d3a-4727-42a6-afb4-7ee2c6370459'] response: {'name': 'network-changed', 'server_uuid': 'd3918434-fa69-4192-8b48-2e4740066065', 'tag': 'fe585365-2ba2-419f-8198-579fbbb06de2', 'status': 'completed', 'code': 200}
2026-07-22 15:24:57.980 9 INFO neutron.notifiers.nova [-] Nova event matching ['req-03a01d3a-4727-42a6-afb4-7ee2c6370459'] response: {'server_uuid': '949429f1-d458-47da-b0fa-a155d234ed3b', 'name': 'network-vif-unplugged', 'status': 'completed', 'tag': 'aa841d70-ce06-4b17-8488-76952c4ab0df', 'code': 200}
2026-07-22 15:24:57.980 9 INFO neutron.notifiers.nova [-] Nova event matching ['req-03a01d3a-4727-42a6-afb4-7ee2c6370459'] response: {'server_uuid': '949429f1-d458-47da-b0fa-a155d234ed3b', 'name': 'network-vif-plugged', 'status': 'completed', 'tag': 'aa841d70-ce06-4b17-8488-76952c4ab0df', 'code': 200}
2026-07-22 15:24:58.043 9 INFO neutron.wsgi [req-1802a002-0941-461b-a58a-d8da4fb096bc req-96163e99-bda9-4e89-a5cc-f55201064c85 e62eee8fa42a4163a3ae678d2c8ae9aa 86e0e1c0a1f14810805148bd2196cbdc - - e37e2322584140228abb0979f9eb5225 e37e2322584140228abb0979f9eb5225] 199.204.45.95 "GET /v2.0/ports?tenant_id=874bcdc4ad254d06ad07cb5c864f7d6f&device_id=d3918434-fa69-4192-8b48-2e4740066065 HTTP/1.1" status: 200 len: 1409 time: 0.0295854
2026-07-22 15:24:58.240 10 INFO neutron.db.ovn_revision_numbers_db [None req-a95e7cce-003f-4257-bd49-f307de43da7e - - - - - -] Successfully bumped revision number for resource f3491ee9-58c6-42b2-8be1-ca22c13ce5ec (type: ports) to 5
2026-07-22 15:24:58.258 10 INFO neutron.notifiers.nova [-] Nova event matching ['req-fe89e42c-172f-477d-8475-a5cf635442fe'] response: {'server_uuid': 'e1637f21-a923-4722-8711-89b7c6b9e9e0', 'name': 'network-vif-unplugged', 'status': 'completed', 'tag': 'f3491ee9-58c6-42b2-8be1-ca22c13ce5ec', 'code': 200}
2026-07-22 15:24:58.309 9 INFO neutron.wsgi [req-1fa9979c-e79f-4b26-923f-eca722f849eb req-9c33fd95-e062-41ae-be06-b472f568d60c 2dd508a593244f4a857bf2c3ea4d04f1 61f47672dfb74b59ac2fad0900c88041 - - default default] 199.204.45.95 "GET /v2.0/ports?device_id=e1637f21-a923-4722-8711-89b7c6b9e9e0 HTTP/1.1" status: 200 len: 1168 time: 0.0622168
2026-07-22 15:24:58.356 9 INFO neutron.wsgi [req-1802a002-0941-461b-a58a-d8da4fb096bc req-73d60a5f-199f-4bcf-9b24-1a2e16c086b0 e62eee8fa42a4163a3ae678d2c8ae9aa 86e0e1c0a1f14810805148bd2196cbdc - - e37e2322584140228abb0979f9eb5225 e37e2322584140228abb0979f9eb5225] 199.204.45.95 "GET /v2.0/networks?id=665f7969-053f-4a34-b9f7-c54571407f74 HTTP/1.1" status: 200 len: 981 time: 0.3034859
2026-07-22 15:24:58.380 10 INFO neutron.plugins.ml2.drivers.ovn.mech_driver.mech_driver [None req-a95e7cce-003f-4257-bd49-f307de43da7e - - - - - -] OVN reports status up for port: 6c5bfe96-1624-4ac5-854b-35f63e478c8e
2026-07-22 15:24:58.390 10 INFO neutron.plugins.ml2.plugin [None req-a95e7cce-003f-4257-bd49-f307de43da7e - - - - - -] Attempt 1 to provision port 6c5bfe96-1624-4ac5-854b-35f63e478c8e
2026-07-22 15:24:58.404 9 INFO neutron.plugins.ml2.drivers.ovn.mech_driver.ovsdb.ovsdb_monitor [None req-cd48fbcf-c6b9-4ffb-ba44-6aeb08353b35 - - - - - -] Router 8c25d310-8109-47c2-9bd5-b36b33115cd8 is bound to host instance
2026-07-22 15:24:58.460 9 INFO neutron.db.ovn_revision_numbers_db [None req-eb0f3386-179c-4a57-b5a0-b04d802f174d 5c2d2eea7ebd43eaafe62f9f7646482d 1cefd14a2ae340718011307e746df049 - - default default] Successfully bumped revision number for resource 6c5bfe96-1624-4ac5-854b-35f63e478c8e (type: router_ports) to 1
2026-07-22 15:24:58.488 9 INFO neutron.wsgi [req-1802a002-0941-461b-a58a-d8da4fb096bc req-cf3afe4e-9a6a-448d-afd6-0e236d56cba0 e62eee8fa42a4163a3ae678d2c8ae9aa 86e0e1c0a1f14810805148bd2196cbdc - - e37e2322584140228abb0979f9eb5225 e37e2322584140228abb0979f9eb5225] 199.204.45.95 "GET /v2.0/floatingips?fixed_ip_address=10.100.0.8&port_id=fe585365-2ba2-419f-8198-579fbbb06de2 HTTP/1.1" status: 200 len: 1059 time: 0.1079147
2026-07-22 15:24:58.571 9 INFO neutron.wsgi [req-1802a002-0941-461b-a58a-d8da4fb096bc req-a4b16b46-5679-4b1b-9c10-3f27f65ae9ed e62eee8fa42a4163a3ae678d2c8ae9aa 86e0e1c0a1f14810805148bd2196cbdc - - e37e2322584140228abb0979f9eb5225 e37e2322584140228abb0979f9eb5225] 199.204.45.95 "GET /v2.0/subnets?id=1051589f-4e67-4a2b-ba8b-4bc66bfaeb2d HTTP/1.1" status: 200 len: 876 time: 0.0754361
2026-07-22 15:24:58.618 9 INFO neutron.wsgi [req-1802a002-0941-461b-a58a-d8da4fb096bc req-15499596-9d0f-48eb-a478-adb49abaa253 e62eee8fa42a4163a3ae678d2c8ae9aa 86e0e1c0a1f14810805148bd2196cbdc - - e37e2322584140228abb0979f9eb5225 e37e2322584140228abb0979f9eb5225] 199.204.45.95 "GET /v2.0/ports?network_id=665f7969-053f-4a34-b9f7-c54571407f74&device_owner=network%3Adhcp HTTP/1.1" status: 200 len: 210 time: 0.0377793
2026-07-22 15:24:58.625 9 INFO neutron.db.ovn_revision_numbers_db [None req-eb0f3386-179c-4a57-b5a0-b04d802f174d 5c2d2eea7ebd43eaafe62f9f7646482d 1cefd14a2ae340718011307e746df049 - - default default] Successfully bumped revision number for resource 8c25d310-8109-47c2-9bd5-b36b33115cd8 (type: routers) to 2
2026-07-22 15:24:58.646 9 INFO neutron.wsgi [None req-eb0f3386-179c-4a57-b5a0-b04d802f174d 5c2d2eea7ebd43eaafe62f9f7646482d 1cefd14a2ae340718011307e746df049 - - default default] 10.0.0.179 "POST /v2.0/routers HTTP/1.1" status: 201 len: 877 time: 3.5222938 /var/lib/openstack/lib/python3.10/site-packages/pycadf/identifier.py:71: UserWarning: Invalid uuid: neutron. To ensure interoperability, identifiers should be a valid uuid. warnings.warn(('Invalid uuid: %s. To ensure interoperability, '
2026-07-22 15:24:58.657 9 INFO neutron.wsgi [-] 10.0.0.106 "GET / HTTP/1.1" status: 200 len: 246 time: 0.0010307
2026-07-22 15:24:58.658 9 INFO neutron.wsgi [-] 10.0.0.106 "GET / HTTP/1.1" status: 200 len: 246 time: 0.0008900
2026-07-22 15:24:58.767 9 INFO neutron.wsgi [req-1802a002-0941-461b-a58a-d8da4fb096bc req-05f8c2d6-d3c9-43e4-b627-f297a81d862c e62eee8fa42a4163a3ae678d2c8ae9aa 86e0e1c0a1f14810805148bd2196cbdc - - e37e2322584140228abb0979f9eb5225 e37e2322584140228abb0979f9eb5225] 199.204.45.95 "GET /v2.0/networks/665f7969-053f-4a34-b9f7-c54571407f74?fields=segments HTTP/1.1" status: 200 len: 212 time: 0.1260736
2026-07-22 15:24:58.919 9 INFO neutron.wsgi [req-1802a002-0941-461b-a58a-d8da4fb096bc req-7be12a9d-6d9c-423c-9f06-1dc592a0bcdc e62eee8fa42a4163a3ae678d2c8ae9aa 86e0e1c0a1f14810805148bd2196cbdc - - e37e2322584140228abb0979f9eb5225 e37e2322584140228abb0979f9eb5225] 199.204.45.95 "GET /v2.0/networks/665f7969-053f-4a34-b9f7-c54571407f74?fields=provider%3Aphysical_network&fields=provider%3Anetwork_type HTTP/1.1" status: 200 len: 277 time: 0.1385341
2026-07-22 15:24:58.992 9 INFO neutron.wsgi [req-1fa9979c-e79f-4b26-923f-eca722f849eb req-3f7909c1-87e0-4859-876f-4d7c9c06f977 2dd508a593244f4a857bf2c3ea4d04f1 61f47672dfb74b59ac2fad0900c88041 - - default default] 199.204.45.95 "DELETE /v2.0/ports/f3491ee9-58c6-42b2-8be1-ca22c13ce5ec HTTP/1.1" status: 204 len: 173 time: 0.6739480
2026-07-22 15:24:59.091 10 INFO neutron.wsgi [req-ccb62415-f65c-4e5b-82a1-1d7f7ae3adc5 req-7e0d1edd-73d3-4023-a207-e3eb40a714e7 2dd508a593244f4a857bf2c3ea4d04f1 61f47672dfb74b59ac2fad0900c88041 - - default default] 10.0.0.64 "GET /v2.0/ports?device_id=e1637f21-a923-4722-8711-89b7c6b9e9e0 HTTP/1.1" status: 200 len: 210 time: 0.0312941
2026-07-22 15:24:59.189 10 WARNING neutron.scheduler.dhcp_agent_scheduler [None req-9365812b-9cc2-454e-9ef7-2d9f4645093f 5c2d2eea7ebd43eaafe62f9f7646482d 1cefd14a2ae340718011307e746df049 - - default default] No more DHCP agents
2026-07-22 15:24:59.193 10 WARNING neutron.api.rpc.agentnotifiers.dhcp_rpc_agent_api [None req-9365812b-9cc2-454e-9ef7-2d9f4645093f 5c2d2eea7ebd43eaafe62f9f7646482d 1cefd14a2ae340718011307e746df049 - - default default] Unable to schedule network 72592db4-0f57-4c16-b5cf-b6851cc86ff0: no agents available; will retry on subsequent port and subnet creation events.
2026-07-22 15:24:59.216 10 INFO neutron.wsgi [None req-30f5309a-da24-40fe-b88a-ee7fedf2e04c cb782252aa734d16b2b3db318b377d5b 69881b7620b44a08a99ffb3dc0110d28 - - default default] 10.0.0.179 "DELETE /v2.0/security-groups/9594fb76-44ee-416c-8e0d-16e27570dd0b HTTP/1.1" status: 204 len: 168 time: 0.2120037
2026-07-22 15:24:59.239 10 INFO neutron.api.v2.resource [None req-bb4f4ad1-5649-4c3b-aabf-fc1054883139 cb782252aa734d16b2b3db318b377d5b 69881b7620b44a08a99ffb3dc0110d28 - - default default] show failed (client error): The resource could not be found.
2026-07-22 15:24:59.240 10 INFO neutron.wsgi [None req-bb4f4ad1-5649-4c3b-aabf-fc1054883139 cb782252aa734d16b2b3db318b377d5b 69881b7620b44a08a99ffb3dc0110d28 - - default default] 10.0.0.179 "GET /v2.0/security-groups/9594fb76-44ee-416c-8e0d-16e27570dd0b HTTP/1.1" status: 404 len: 347 time: 0.0191963
2026-07-22 15:24:59.329 9 INFO neutron.db.ovn_revision_numbers_db [None req-cd48fbcf-c6b9-4ffb-ba44-6aeb08353b35 - - - - - -] Successfully bumped revision number for resource 6c5bfe96-1624-4ac5-854b-35f63e478c8e (type: ports) to 1
2026-07-22 15:24:59.413 10 INFO neutron.db.ovn_revision_numbers_db [None req-9365812b-9cc2-454e-9ef7-2d9f4645093f 5c2d2eea7ebd43eaafe62f9f7646482d 1cefd14a2ae340718011307e746df049 - - default default] Successfully bumped revision number for resource 779186c2-8a77-4442-ba27-3cbdebbeb2fb (type: ports) to 1
2026-07-22 15:24:59.676 9 INFO neutron.db.ovn_revision_numbers_db [None req-cd48fbcf-c6b9-4ffb-ba44-6aeb08353b35 - - - - - -] Successfully bumped revision number for resource 6c5bfe96-1624-4ac5-854b-35f63e478c8e (type: router_ports) to 3
2026-07-22 15:24:59.745 10 INFO neutron.wsgi [None req-c84faf1f-532b-4960-9935-95fc76702f0d cb782252aa734d16b2b3db318b377d5b 69881b7620b44a08a99ffb3dc0110d28 - - default default] 10.0.0.179 "DELETE /v2.0/floatingips/0d381c9f-54aa-429d-8817-dd77cff2829f HTTP/1.1" status: 204 len: 168 time: 0.4990637
2026-07-22 15:24:59.864 9 INFO neutron.db.ovn_revision_numbers_db [None req-cd48fbcf-c6b9-4ffb-ba44-6aeb08353b35 - - - - - -] Successfully bumped revision number for resource 6c5bfe96-1624-4ac5-854b-35f63e478c8e (type: ports) to 2
2026-07-22 15:25:00.033 9 INFO neutron.notifiers.nova [-] Nova event matching ['req-a8e41d8a-c811-4aa9-95ca-a2fe7b318736'] response: {'server_uuid': '949429f1-d458-47da-b0fa-a155d234ed3b', 'name': 'network-vif-deleted', 'tag': 'aa841d70-ce06-4b17-8488-76952c4ab0df', 'status': 'completed', 'code': 200}
2026-07-22 15:25:00.034 9 INFO neutron.notifiers.nova [-] Nova event matching ['req-a8e41d8a-c811-4aa9-95ca-a2fe7b318736'] response: {'server_uuid': 'e1637f21-a923-4722-8711-89b7c6b9e9e0', 'name': 'network-vif-deleted', 'tag': 'f3491ee9-58c6-42b2-8be1-ca22c13ce5ec', 'status': 'completed', 'code': 200}
2026-07-22 15:25:00.260 9 INFO neutron.db.ovn_revision_numbers_db [None req-cd48fbcf-c6b9-4ffb-ba44-6aeb08353b35 - - - - - -] Successfully bumped revision number for resource 6c5bfe96-1624-4ac5-854b-35f63e478c8e (type: ports) to 4
2026-07-22 15:25:00.303 10 INFO neutron.db.ovn_revision_numbers_db [None req-9365812b-9cc2-454e-9ef7-2d9f4645093f 5c2d2eea7ebd43eaafe62f9f7646482d 1cefd14a2ae340718011307e746df049 - - default default] Successfully bumped revision number for resource 779186c2-8a77-4442-ba27-3cbdebbeb2fb (type: router_ports) to 1
2026-07-22 15:25:00.312 10 INFO neutron.notifiers.nova [-] Nova event matching ['req-147cd446-06ca-45ae-bf3c-6bcfe9c9fb49'] response: {'server_uuid': 'e1637f21-a923-4722-8711-89b7c6b9e9e0', 'name': 'network-vif-plugged', 'status': 'completed', 'tag': 'f3491ee9-58c6-42b2-8be1-ca22c13ce5ec', 'code': 200}
2026-07-22 15:25:00.515 10 INFO neutron.db.ovn_revision_numbers_db [None req-9365812b-9cc2-454e-9ef7-2d9f4645093f 5c2d2eea7ebd43eaafe62f9f7646482d 1cefd14a2ae340718011307e746df049 - - default default] Successfully bumped revision number for resource 779186c2-8a77-4442-ba27-3cbdebbeb2fb (type: ports) to 1
2026-07-22 15:25:00.633 10 WARNING neutron.scheduler.dhcp_agent_scheduler [None req-9365812b-9cc2-454e-9ef7-2d9f4645093f 5c2d2eea7ebd43eaafe62f9f7646482d 1cefd14a2ae340718011307e746df049 - - default default] No more DHCP agents
2026-07-22 15:25:00.635 10 WARNING neutron.api.rpc.agentnotifiers.dhcp_rpc_agent_api [None req-9365812b-9cc2-454e-9ef7-2d9f4645093f 5c2d2eea7ebd43eaafe62f9f7646482d 1cefd14a2ae340718011307e746df049 - - default default] Unable to schedule network 72592db4-0f57-4c16-b5cf-b6851cc86ff0: no agents available; will retry on subsequent port and subnet creation events.
2026-07-22 15:25:00.811 9 INFO neutron.db.ovn_revision_numbers_db [None req-cd48fbcf-c6b9-4ffb-ba44-6aeb08353b35 - - - - - -] Successfully bumped revision number for resource 6c5bfe96-1624-4ac5-854b-35f63e478c8e (type: router_ports) to 4
2026-07-22 15:25:01.208 10 INFO neutron.plugins.ml2.drivers.ovn.mech_driver.mech_driver [None req-a95e7cce-003f-4257-bd49-f307de43da7e - - - - - -] OVN reports status up for port: 779186c2-8a77-4442-ba27-3cbdebbeb2fb
2026-07-22 15:25:01.223 10 INFO neutron.plugins.ml2.plugin [None req-a95e7cce-003f-4257-bd49-f307de43da7e - - - - - -] Attempt 1 to provision port 779186c2-8a77-4442-ba27-3cbdebbeb2fb
2026-07-22 15:25:01.797 9 INFO neutron.wsgi [None req-e8b3a18d-6958-4450-82a3-291b2084eb81 5c2d2eea7ebd43eaafe62f9f7646482d 1cefd14a2ae340718011307e746df049 - - default default] 10.0.0.179 "PUT /v2.0/routers/ff725040-a348-4216-9e43-9374495af5ab/remove_router_interface HTTP/1.1" status: 200 len: 503 time: 1.6198514 /var/lib/openstack/lib/python3.10/site-packages/pycadf/identifier.py:71: UserWarning: Invalid uuid: neutron. To ensure interoperability, identifiers should be a valid uuid. warnings.warn(('Invalid uuid: %s. To ensure interoperability, '
2026-07-22 15:25:01.964 10 INFO neutron.db.ovn_revision_numbers_db [None req-9365812b-9cc2-454e-9ef7-2d9f4645093f 5c2d2eea7ebd43eaafe62f9f7646482d 1cefd14a2ae340718011307e746df049 - - default default] Successfully bumped revision number for resource 779186c2-8a77-4442-ba27-3cbdebbeb2fb (type: router_ports) to 1
2026-07-22 15:25:01.966 10 INFO neutron.wsgi [None req-9365812b-9cc2-454e-9ef7-2d9f4645093f 5c2d2eea7ebd43eaafe62f9f7646482d 1cefd14a2ae340718011307e746df049 - - default default] 10.0.0.179 "PUT /v2.0/routers/8c25d310-8109-47c2-9bd5-b36b33115cd8/add_router_interface HTTP/1.1" status: 200 len: 503 time: 3.3154783
2026-07-22 15:25:01.996 10 INFO neutron.db.ovn_revision_numbers_db [None req-a95e7cce-003f-4257-bd49-f307de43da7e - - - - - -] Successfully bumped revision number for resource 779186c2-8a77-4442-ba27-3cbdebbeb2fb (type: ports) to 2
2026-07-22 15:25:02.080 10 INFO neutron.wsgi [None req-47090a31-e29e-4ad8-9a7d-b871f2b6e9d6 5c2d2eea7ebd43eaafe62f9f7646482d 1cefd14a2ae340718011307e746df049 - - default default] 10.0.0.179 "PUT /v2.0/routers/1f0713b1-4afd-40f8-ab63-adb6ff61add2/remove_router_interface HTTP/1.1" status: 200 len: 503 time: 2.3297338
2026-07-22 15:25:02.165 10 INFO neutron.db.ovn_revision_numbers_db [None req-a95e7cce-003f-4257-bd49-f307de43da7e - - - - - -] Successfully bumped revision number for resource 779186c2-8a77-4442-ba27-3cbdebbeb2fb (type: router_ports) to 2 /var/lib/openstack/lib/python3.10/site-packages/pycadf/identifier.py:71: UserWarning: Invalid uuid: neutron. To ensure interoperability, identifiers should be a valid uuid. warnings.warn(('Invalid uuid: %s. To ensure interoperability, '
2026-07-22 15:25:02.652 10 INFO neutron.db.ovn_revision_numbers_db [None req-3819a827-f0ef-45b1-a99d-f4edc72bc977 bc84df620123481ba852c47e7d1fb240 2de718994ea64ab09e36b8c011ced30f - - default default] Successfully bumped revision number for resource eac7c3ea-2597-4f18-9231-e1b9004280bf (type: security_groups) to 1
2026-07-22 15:25:02.665 10 INFO neutron.db.ovn_revision_numbers_db [None req-3819a827-f0ef-45b1-a99d-f4edc72bc977 bc84df620123481ba852c47e7d1fb240 2de718994ea64ab09e36b8c011ced30f - - default default] Successfully bumped revision number for resource 3f8f862e-5e5d-4fee-a93c-ac533b9ad530 (type: security_group_rules) to 0
2026-07-22 15:25:02.678 10 INFO neutron.db.ovn_revision_numbers_db [None req-3819a827-f0ef-45b1-a99d-f4edc72bc977 bc84df620123481ba852c47e7d1fb240 2de718994ea64ab09e36b8c011ced30f - - default default] Successfully bumped revision number for resource a454be78-e206-4f94-8fed-58271febfa74 (type: security_group_rules) to 0
2026-07-22 15:25:02.702 10 INFO neutron.wsgi [None req-3819a827-f0ef-45b1-a99d-f4edc72bc977 bc84df620123481ba852c47e7d1fb240 2de718994ea64ab09e36b8c011ced30f - - default default] 10.0.0.179 "POST /v2.0/security-groups HTTP/1.1" status: 201 len: 1797 time: 0.1621768
2026-07-22 15:25:02.711 9 INFO neutron.wsgi [None req-01552051-1433-45d9-9299-0fdef8abcaa8 5c2d2eea7ebd43eaafe62f9f7646482d 1cefd14a2ae340718011307e746df049 - - default default] 10.0.0.179 "DELETE /v2.0/routers/ff725040-a348-4216-9e43-9374495af5ab HTTP/1.1" status: 204 len: 168 time: 0.9073887
2026-07-22 15:25:02.841 10 INFO neutron.db.ovn_revision_numbers_db [None req-3f8bbefe-adc0-49f4-a331-75c24efaa914 bc84df620123481ba852c47e7d1fb240 2de718994ea64ab09e36b8c011ced30f - - default default] Successfully bumped revision number for resource 186ce01d-9b1b-487f-9bc7-7e278853feb6 (type: security_group_rules) to 0
2026-07-22 15:25:02.869 10 INFO neutron.wsgi [None req-3f8bbefe-adc0-49f4-a331-75c24efaa914 bc84df620123481ba852c47e7d1fb240 2de718994ea64ab09e36b8c011ced30f - - default default] 10.0.0.179 "POST /v2.0/security-group-rules HTTP/1.1" status: 201 len: 764 time: 0.1616132
2026-07-22 15:25:02.962 9 INFO neutron.wsgi [None req-2f8333e7-d676-4b02-8cfa-5d488585f0a2 5c2d2eea7ebd43eaafe62f9f7646482d 1cefd14a2ae340718011307e746df049 - - default default] 10.0.0.179 "DELETE /v2.0/routers/1f0713b1-4afd-40f8-ab63-adb6ff61add2 HTTP/1.1" status: 204 len: 168 time: 0.8771718
2026-07-22 15:25:02.995 10 INFO neutron.db.ovn_revision_numbers_db [None req-a95033c2-61c2-451c-8c9b-b9123fb7a10b bc84df620123481ba852c47e7d1fb240 2de718994ea64ab09e36b8c011ced30f - - default default] Successfully bumped revision number for resource 21f73360-e45d-4b12-a9ab-fe438e0b7612 (type: security_group_rules) to 0
2026-07-22 15:25:03.002 9 INFO neutron.wsgi [None req-d838fa60-928c-42cb-85f7-6033f80183ae 5c2d2eea7ebd43eaafe62f9f7646482d 1cefd14a2ae340718011307e746df049 - - default default] 10.0.0.179 "DELETE /v2.0/subnets/44d21e03-2ade-4d00-a1b8-9a8f7df25bb2 HTTP/1.1" status: 204 len: 168 time: 0.2861829
2026-07-22 15:25:03.040 10 INFO neutron.wsgi [None req-a95033c2-61c2-451c-8c9b-b9123fb7a10b bc84df620123481ba852c47e7d1fb240 2de718994ea64ab09e36b8c011ced30f - - default default] 10.0.0.179 "POST /v2.0/security-group-rules HTTP/1.1" status: 201 len: 769 time: 0.1654422
2026-07-22 15:25:03.181 10 INFO neutron.wsgi [None req-01c21916-840b-4fdd-aab9-32f08e18feb8 5c2d2eea7ebd43eaafe62f9f7646482d 1cefd14a2ae340718011307e746df049 - - default default] 10.0.0.179 "DELETE /v2.0/subnets/6b4cc670-2d06-4272-9121-f796165fdd1b HTTP/1.1" status: 204 len: 168 time: 0.2141902
2026-07-22 15:25:03.578 9 WARNING neutron.scheduler.dhcp_agent_scheduler [None req-e3ba9e95-bed6-47e6-8cd4-76cc13f74621 bc84df620123481ba852c47e7d1fb240 2de718994ea64ab09e36b8c011ced30f - - default default] No more DHCP agents
2026-07-22 15:25:03.585 9 WARNING neutron.api.rpc.agentnotifiers.dhcp_rpc_agent_api [None req-e3ba9e95-bed6-47e6-8cd4-76cc13f74621 bc84df620123481ba852c47e7d1fb240 2de718994ea64ab09e36b8c011ced30f - - default default] Unable to schedule network 01aaf83a-285e-4494-8eff-240afccb5159: no agents available; will retry on subsequent port and subnet creation events.
2026-07-22 15:25:03.641 10 INFO neutron.services.segments.plugin [-] Segment 868fe638-c23f-42e8-8304-4b3290c1deac resource provider aggregate not found
2026-07-22 15:25:03.646 10 INFO neutron.services.segments.plugin [-] Segment 868fe638-c23f-42e8-8304-4b3290c1deac resource provider aggregate not found
2026-07-22 15:25:03.662 10 INFO neutron.services.segments.plugin [-] Segment 868fe638-c23f-42e8-8304-4b3290c1deac resource provider not found; error: Placement Client Error (4xx): {"errors": [{"status": 404, "title": "Not Found", "detail": "The resource could not be found.\n\n No resource provider with uuid 868fe638-c23f-42e8-8304-4b3290c1deac found for delete ", "request_id": "req-27dbfaf3-73e4-4b2c-9e9e-b7009259c03e"}]}
2026-07-22 15:25:03.665 10 INFO neutron.services.segments.plugin [-] Segment 868fe638-c23f-42e8-8304-4b3290c1deac resource provider not found; error: Placement Client Error (4xx): {"errors": [{"status": 404, "title": "Not Found", "detail": "The resource could not be found.\n\n No resource provider with uuid 868fe638-c23f-42e8-8304-4b3290c1deac found for delete ", "request_id": "req-ff44336d-a2e9-4922-a62e-dc581bbe2dee"}]}
2026-07-22 15:25:03.671 9 INFO neutron.services.segments.plugin [-] Segment bff10ce0-ff33-4947-8601-0e9185deade4 resource provider aggregate not found
2026-07-22 15:25:03.682 9 INFO neutron.services.segments.plugin [-] Segment bff10ce0-ff33-4947-8601-0e9185deade4 resource provider aggregate not found
2026-07-22 15:25:03.691 9 INFO neutron.services.segments.plugin [-] Segment bff10ce0-ff33-4947-8601-0e9185deade4 resource provider not found; error: Placement Client Error (4xx): {"errors": [{"status": 404, "title": "Not Found", "detail": "The resource could not be found.\n\n No resource provider with uuid bff10ce0-ff33-4947-8601-0e9185deade4 found for delete ", "request_id": "req-5bdb3b3c-706c-48b9-8999-336afdbbb9a6"}]}
2026-07-22 15:25:03.695 10 INFO neutron.wsgi [None req-fb2aaa35-3fc2-4fea-9eb6-66198203a3af 5c2d2eea7ebd43eaafe62f9f7646482d 1cefd14a2ae340718011307e746df049 - - default default] 10.0.0.179 "DELETE /v2.0/networks/f5b33400-40e3-4aea-8a5b-eadb40c902c9 HTTP/1.1" status: 204 len: 168 time: 0.5037751
2026-07-22 15:25:03.697 9 INFO neutron.services.segments.plugin [-] Segment bff10ce0-ff33-4947-8601-0e9185deade4 resource provider not found; error: Placement Client Error (4xx): {"errors": [{"status": 404, "title": "Not Found", "detail": "The resource could not be found.\n\n No resource provider with uuid bff10ce0-ff33-4947-8601-0e9185deade4 found for delete ", "request_id": "req-cd7d7274-9dcb-4b60-96a6-ac7f6f50e433"}]}
2026-07-22 15:25:03.727 9 INFO neutron.wsgi [None req-47e667fc-0bc3-4346-80dd-e0d1d7d66dba 5c2d2eea7ebd43eaafe62f9f7646482d 1cefd14a2ae340718011307e746df049 - - default default] 10.0.0.179 "DELETE /v2.0/networks/d13b2be3-bc6d-4b27-8ef5-e9a19b81e735 HTTP/1.1" status: 204 len: 168 time: 0.7198908
2026-07-22 15:25:03.889 10 INFO neutron.wsgi [None req-affac1d8-8784-43e6-9b50-13abc33391d4 5c2d2eea7ebd43eaafe62f9f7646482d 1cefd14a2ae340718011307e746df049 - - default default] 10.0.0.179 "GET /v2.0/security-groups?tenant_id=69881b7620b44a08a99ffb3dc0110d28&name=default HTTP/1.1" status: 200 len: 2992 time: 0.0479100
2026-07-22 15:25:03.909 9 INFO neutron.wsgi [None req-bdc29627-ecfc-465a-a852-b27f8facd05c 5c2d2eea7ebd43eaafe62f9f7646482d 1cefd14a2ae340718011307e746df049 - - default default] 10.0.0.179 "GET /v2.0/security-groups?tenant_id=61f47672dfb74b59ac2fad0900c88041&name=default HTTP/1.1" status: 200 len: 2996 time: 0.0603850
2026-07-22 15:25:04.039 9 INFO neutron.db.ovn_revision_numbers_db [None req-e3ba9e95-bed6-47e6-8cd4-76cc13f74621 bc84df620123481ba852c47e7d1fb240 2de718994ea64ab09e36b8c011ced30f - - default default] Successfully bumped revision number for resource 55b0e886-7f68-4ad5-8288-7fa264b655a8 (type: floatingips) to 0
2026-07-22 15:25:04.058 9 INFO neutron.wsgi [None req-e3ba9e95-bed6-47e6-8cd4-76cc13f74621 bc84df620123481ba852c47e7d1fb240 2de718994ea64ab09e36b8c011ced30f - - default default] 10.0.0.179 "POST /v2.0/floatingips HTTP/1.1" status: 201 len: 751 time: 1.0109932
2026-07-22 15:25:04.185 9 INFO neutron.wsgi [None req-ea55aa96-0b94-4c39-b63a-ddf6009178e9 5c2d2eea7ebd43eaafe62f9f7646482d 1cefd14a2ae340718011307e746df049 - - default default] 10.0.0.179 "DELETE /v2.0/security-groups/0a1ecb8f-d648-43f6-8407-7bf302711145 HTTP/1.1" status: 204 len: 168 time: 0.2908733
2026-07-22 15:25:04.189 10 INFO neutron.wsgi [None req-fcbe8569-2141-4fb6-a922-367439e21960 5c2d2eea7ebd43eaafe62f9f7646482d 1cefd14a2ae340718011307e746df049 - - default default] 10.0.0.179 "DELETE /v2.0/security-groups/d7659e89-2108-46a2-b17c-9b30176f1fb2 HTTP/1.1" status: 204 len: 168 time: 0.2737637
2026-07-22 15:25:04.653 10 INFO neutron.wsgi [req-0f29cf45-906b-42a8-9e21-af58efd20126 req-d0b683cc-6df0-4256-b00b-0af9e2caed21 bc84df620123481ba852c47e7d1fb240 2de718994ea64ab09e36b8c011ced30f - - default default] 10.0.0.64 "GET /v2.0/security-groups?name=tempest-securitygroup--1104379727&fields=id&tenant_id=2de718994ea64ab09e36b8c011ced30f HTTP/1.1" status: 200 len: 267 time: 0.0780768
2026-07-22 15:25:04.734 10 INFO neutron.wsgi [req-0f29cf45-906b-42a8-9e21-af58efd20126 req-fa6ec5e4-3f8d-4dc1-b004-881522b5b5b0 bc84df620123481ba852c47e7d1fb240 2de718994ea64ab09e36b8c011ced30f - - default default] 10.0.0.64 "GET /v2.0/networks?id=72592db4-0f57-4c16-b5cf-b6851cc86ff0 HTTP/1.1" status: 200 len: 875 time: 0.0750375
2026-07-22 15:25:04.755 10 INFO neutron.wsgi [req-0f29cf45-906b-42a8-9e21-af58efd20126 req-7646d8d6-7107-4ddf-8992-1735f1756621 bc84df620123481ba852c47e7d1fb240 2de718994ea64ab09e36b8c011ced30f - - default default] 10.0.0.64 "GET /v2.0/quotas/2de718994ea64ab09e36b8c011ced30f HTTP/1.1" status: 200 len: 386 time: 0.0144372
2026-07-22 15:25:04.875 10 INFO neutron.wsgi [req-0f29cf45-906b-42a8-9e21-af58efd20126 req-9fda57c4-68dd-4be1-a1cd-2c1f47f15ee9 bc84df620123481ba852c47e7d1fb240 2de718994ea64ab09e36b8c011ced30f - - default default] 10.0.0.64 "GET /v2.0/ports?tenant_id=2de718994ea64ab09e36b8c011ced30f&fields=id HTTP/1.1" status: 200 len: 302 time: 0.1082711
2026-07-22 15:25:04.964 10 INFO neutron.wsgi [req-0f29cf45-906b-42a8-9e21-af58efd20126 req-faa75ff9-0850-42e2-9a43-55a7fbc7c76b e62eee8fa42a4163a3ae678d2c8ae9aa 86e0e1c0a1f14810805148bd2196cbdc - - e37e2322584140228abb0979f9eb5225 e37e2322584140228abb0979f9eb5225] 10.0.0.64 "GET /v2.0/networks/72592db4-0f57-4c16-b5cf-b6851cc86ff0?fields=segments HTTP/1.1" status: 200 len: 212 time: 0.0770652
2026-07-22 15:25:05.051 10 INFO neutron.wsgi [req-0f29cf45-906b-42a8-9e21-af58efd20126 req-2b571630-b9af-4956-a337-90116b429b49 e62eee8fa42a4163a3ae678d2c8ae9aa 86e0e1c0a1f14810805148bd2196cbdc - - e37e2322584140228abb0979f9eb5225 e37e2322584140228abb0979f9eb5225] 10.0.0.64 "GET /v2.0/networks/72592db4-0f57-4c16-b5cf-b6851cc86ff0?fields=provider%3Aphysical_network&fields=provider%3Anetwork_type HTTP/1.1" status: 200 len: 277 time: 0.0771730
2026-07-22 15:25:05.219 9 INFO neutron.wsgi [req-16944932-01e2-4f87-bdb9-28970e7c501c req-38225214-513a-48e5-be92-d1178c263f4f bc84df620123481ba852c47e7d1fb240 2de718994ea64ab09e36b8c011ced30f - - default default] 10.0.0.64 "GET /v2.0/ports?device_id=792054cd-35cd-46ad-92a9-3ca102ae7fb7 HTTP/1.1" status: 200 len: 210 time: 0.0207818
2026-07-22 15:25:06.011 9 INFO neutron.wsgi [req-0f29cf45-906b-42a8-9e21-af58efd20126 req-2a3e1f8e-215d-43e1-8dd7-725156f5f5c8 bc84df620123481ba852c47e7d1fb240 2de718994ea64ab09e36b8c011ced30f - - default default] 199.204.45.95 "GET /v2.0/networks?id=72592db4-0f57-4c16-b5cf-b6851cc86ff0 HTTP/1.1" status: 200 len: 875 time: 0.0743387
2026-07-22 15:25:06.056 9 INFO neutron.wsgi [req-0f29cf45-906b-42a8-9e21-af58efd20126 req-8b8c0bb6-4540-44eb-9703-3ee28b856ff1 bc84df620123481ba852c47e7d1fb240 2de718994ea64ab09e36b8c011ced30f - - default default] 199.204.45.95 "GET /v2.0/security-groups?fields=id&fields=name&tenant_id=2de718994ea64ab09e36b8c011ced30f HTTP/1.1" status: 200 len: 380 time: 0.0410118
2026-07-22 15:25:06.428 9 WARNING neutron.scheduler.dhcp_agent_scheduler [req-0f29cf45-906b-42a8-9e21-af58efd20126 req-ec529452-2c5f-457e-8409-a1e34f0de694 bc84df620123481ba852c47e7d1fb240 2de718994ea64ab09e36b8c011ced30f - - default default] No more DHCP agents
2026-07-22 15:25:06.429 9 WARNING neutron.api.rpc.agentnotifiers.dhcp_rpc_agent_api [req-0f29cf45-906b-42a8-9e21-af58efd20126 req-ec529452-2c5f-457e-8409-a1e34f0de694 bc84df620123481ba852c47e7d1fb240 2de718994ea64ab09e36b8c011ced30f - - default default] Unable to schedule network 72592db4-0f57-4c16-b5cf-b6851cc86ff0: no agents available; will retry on subsequent port and subnet creation events.
2026-07-22 15:25:06.447 10 INFO neutron.wsgi [req-d773ef44-a4e9-44fc-b613-6b36f36e532d req-5959b219-b3f2-4072-9fe2-97e9a75a7be1 bc84df620123481ba852c47e7d1fb240 2de718994ea64ab09e36b8c011ced30f - - default default] 10.0.0.64 "GET /v2.0/ports?device_id=792054cd-35cd-46ad-92a9-3ca102ae7fb7 HTTP/1.1" status: 200 len: 1160 time: 0.0331626
2026-07-22 15:25:06.533 10 INFO neutron.wsgi [req-d773ef44-a4e9-44fc-b613-6b36f36e532d req-71bc13fd-a3f9-4093-9825-c3ca9aef7469 bc84df620123481ba852c47e7d1fb240 2de718994ea64ab09e36b8c011ced30f - - default default] 10.0.0.64 "GET /v2.0/security-groups?id=eac7c3ea-2597-4f18-9231-e1b9004280bf&fields=id&fields=name HTTP/1.1" status: 200 len: 313 time: 0.0747814
2026-07-22 15:25:06.643 9 INFO neutron.db.ovn_revision_numbers_db [req-0f29cf45-906b-42a8-9e21-af58efd20126 req-ec529452-2c5f-457e-8409-a1e34f0de694 bc84df620123481ba852c47e7d1fb240 2de718994ea64ab09e36b8c011ced30f - - default default] Successfully bumped revision number for resource 356dedc0-92a5-4a02-b550-676b8e8da94f (type: ports) to 1
2026-07-22 15:25:06.674 9 INFO neutron.wsgi [req-0f29cf45-906b-42a8-9e21-af58efd20126 req-ec529452-2c5f-457e-8409-a1e34f0de694 bc84df620123481ba852c47e7d1fb240 2de718994ea64ab09e36b8c011ced30f - - default default] 199.204.45.95 "POST /v2.0/ports HTTP/1.1" status: 201 len: 1162 time: 0.6137064 /var/lib/openstack/lib/python3.10/site-packages/pycadf/identifier.py:71: UserWarning: Invalid uuid: neutron. To ensure interoperability, identifiers should be a valid uuid. warnings.warn(('Invalid uuid: %s. To ensure interoperability, '
2026-07-22 15:25:07.069 10 WARNING neutron.plugins.ml2.drivers.ovn.mech_driver.ovsdb.ovn_client [None req-a95e7cce-003f-4257-bd49-f307de43da7e - - - - - -] No hosting information found for port 779186c2-8a77-4442-ba27-3cbdebbeb2fb: RuntimeError: No hosting information found for port 779186c2-8a77-4442-ba27-3cbdebbeb2fb
2026-07-22 15:25:07.094 9 INFO neutron.db.ovn_revision_numbers_db [req-0f29cf45-906b-42a8-9e21-af58efd20126 req-5a76c8da-e349-47b4-b332-505ce15d96ec e62eee8fa42a4163a3ae678d2c8ae9aa 86e0e1c0a1f14810805148bd2196cbdc - - e37e2322584140228abb0979f9eb5225 e37e2322584140228abb0979f9eb5225] Successfully bumped revision number for resource 356dedc0-92a5-4a02-b550-676b8e8da94f (type: ports) to 2
2026-07-22 15:25:07.258 10 INFO neutron.db.ovn_revision_numbers_db [None req-d0c074b4-46aa-4721-b2d0-7c11c6678466 5c2d2eea7ebd43eaafe62f9f7646482d 1cefd14a2ae340718011307e746df049 - - default default] Successfully bumped revision number for resource bb1fd11f-026f-4b88-8c5f-e2b165cfed9f (type: security_groups) to 1
2026-07-22 15:25:07.270 10 INFO neutron.db.ovn_revision_numbers_db [None req-d0c074b4-46aa-4721-b2d0-7c11c6678466 5c2d2eea7ebd43eaafe62f9f7646482d 1cefd14a2ae340718011307e746df049 - - default default] Successfully bumped revision number for resource 4ee2c3a6-0c09-4235-9f22-3af809f36fc9 (type: security_group_rules) to 0
2026-07-22 15:25:07.282 10 INFO neutron.db.ovn_revision_numbers_db [None req-d0c074b4-46aa-4721-b2d0-7c11c6678466 5c2d2eea7ebd43eaafe62f9f7646482d 1cefd14a2ae340718011307e746df049 - - default default] Successfully bumped revision number for resource 7b68b4e6-53f6-4327-b393-7fc2ce4837cd (type: security_group_rules) to 0
2026-07-22 15:25:07.291 9 INFO neutron.db.ovn_revision_numbers_db [req-0f29cf45-906b-42a8-9e21-af58efd20126 req-5a76c8da-e349-47b4-b332-505ce15d96ec e62eee8fa42a4163a3ae678d2c8ae9aa 86e0e1c0a1f14810805148bd2196cbdc - - e37e2322584140228abb0979f9eb5225 e37e2322584140228abb0979f9eb5225] Successfully bumped revision number for resource 356dedc0-92a5-4a02-b550-676b8e8da94f (type: ports) to 2
2026-07-22 15:25:07.296 10 INFO neutron.db.ovn_revision_numbers_db [None req-d0c074b4-46aa-4721-b2d0-7c11c6678466 5c2d2eea7ebd43eaafe62f9f7646482d 1cefd14a2ae340718011307e746df049 - - default default] Successfully bumped revision number for resource 812a420f-c714-4d4d-b56a-b6000ac5e65e (type: security_group_rules) to 0
2026-07-22 15:25:07.309 10 INFO neutron.db.ovn_revision_numbers_db [None req-d0c074b4-46aa-4721-b2d0-7c11c6678466 5c2d2eea7ebd43eaafe62f9f7646482d 1cefd14a2ae340718011307e746df049 - - default default] Successfully bumped revision number for resource b9df2f79-8278-40fa-8ebe-e5509b4f66bf (type: security_group_rules) to 0
2026-07-22 15:25:07.310 9 INFO neutron.wsgi [req-0f29cf45-906b-42a8-9e21-af58efd20126 req-5a76c8da-e349-47b4-b332-505ce15d96ec e62eee8fa42a4163a3ae678d2c8ae9aa 86e0e1c0a1f14810805148bd2196cbdc - - e37e2322584140228abb0979f9eb5225 e37e2322584140228abb0979f9eb5225] 199.204.45.95 "PUT /v2.0/ports/356dedc0-92a5-4a02-b550-676b8e8da94f HTTP/1.1" status: 200 len: 1380 time: 0.6296446
2026-07-22 15:25:07.332 10 INFO neutron.wsgi [None req-d0c074b4-46aa-4721-b2d0-7c11c6678466 5c2d2eea7ebd43eaafe62f9f7646482d 1cefd14a2ae340718011307e746df049 - - default default] 10.0.0.179 "GET /v2.0/security-groups?tenant_id=3b123fbe3d3f4ce4901987f792f1854d&name=default HTTP/1.1" status: 200 len: 2996 time: 0.3566852
2026-07-22 15:25:07.350 9 INFO neutron.notifiers.nova [-] Nova event matching ['req-ce0c07c5-4acd-49c3-99c5-8e9b745e51da'] response: {'name': 'network-changed', 'server_uuid': '792054cd-35cd-46ad-92a9-3ca102ae7fb7', 'tag': '356dedc0-92a5-4a02-b550-676b8e8da94f', 'status': 'completed', 'code': 200} /var/lib/openstack/lib/python3.10/site-packages/pycadf/identifier.py:71: UserWarning: Invalid uuid: neutron. To ensure interoperability, identifiers should be a valid uuid. warnings.warn(('Invalid uuid: %s. To ensure interoperability, '
2026-07-22 15:25:07.389 9 INFO neutron.wsgi [req-0f29cf45-906b-42a8-9e21-af58efd20126 req-f7617c21-0b3e-4176-a6c5-6039117bb3ff e62eee8fa42a4163a3ae678d2c8ae9aa 86e0e1c0a1f14810805148bd2196cbdc - - e37e2322584140228abb0979f9eb5225 e37e2322584140228abb0979f9eb5225] 199.204.45.95 "GET /v2.0/ports?tenant_id=2de718994ea64ab09e36b8c011ced30f&device_id=792054cd-35cd-46ad-92a9-3ca102ae7fb7 HTTP/1.1" status: 200 len: 1411 time: 0.0340123
2026-07-22 15:25:07.417 9 INFO neutron.wsgi [req-0f29cf45-906b-42a8-9e21-af58efd20126 req-3ab81c2f-14e0-4339-a0e0-e05fd0f0565f e62eee8fa42a4163a3ae678d2c8ae9aa 86e0e1c0a1f14810805148bd2196cbdc - - e37e2322584140228abb0979f9eb5225 e37e2322584140228abb0979f9eb5225] 199.204.45.95 "GET /v2.0/floatingips?fixed_ip_address=10.100.0.11&port_id=356dedc0-92a5-4a02-b550-676b8e8da94f HTTP/1.1" status: 200 len: 217 time: 0.0213442
2026-07-22 15:25:07.463 9 INFO neutron.wsgi [req-0f29cf45-906b-42a8-9e21-af58efd20126 req-460cf830-c730-4d58-b4a5-0328ee024728 e62eee8fa42a4163a3ae678d2c8ae9aa 86e0e1c0a1f14810805148bd2196cbdc - - e37e2322584140228abb0979f9eb5225 e37e2322584140228abb0979f9eb5225] 199.204.45.95 "GET /v2.0/subnets?id=6fd0cf71-4f36-4a1f-a6fe-fd71b642b006 HTTP/1.1" status: 200 len: 869 time: 0.0371585
2026-07-22 15:25:07.495 9 INFO neutron.wsgi [req-0f29cf45-906b-42a8-9e21-af58efd20126 req-6efd7cde-a216-4799-b4ef-70c157a3cc9e e62eee8fa42a4163a3ae678d2c8ae9aa 86e0e1c0a1f14810805148bd2196cbdc - - e37e2322584140228abb0979f9eb5225 e37e2322584140228abb0979f9eb5225] 199.204.45.95 "GET /v2.0/ports?network_id=72592db4-0f57-4c16-b5cf-b6851cc86ff0&device_owner=network%3Adhcp HTTP/1.1" status: 200 len: 210 time: 0.0253751
2026-07-22 15:25:07.545 10 INFO neutron.db.ovn_revision_numbers_db [None req-f22f43c6-0f47-41a9-ad36-28b09040f9e7 5c2d2eea7ebd43eaafe62f9f7646482d 1cefd14a2ae340718011307e746df049 - - default default] Successfully bumped revision number for resource 54c3a503-4368-4c08-afa7-f346da82674b (type: security_groups) to 1
2026-07-22 15:25:07.574 9 INFO neutron.wsgi [req-0f29cf45-906b-42a8-9e21-af58efd20126 req-252c2a82-98d3-4fcf-8942-07aca401a2e6 e62eee8fa42a4163a3ae678d2c8ae9aa 86e0e1c0a1f14810805148bd2196cbdc - - e37e2322584140228abb0979f9eb5225 e37e2322584140228abb0979f9eb5225] 199.204.45.95 "GET /v2.0/networks/72592db4-0f57-4c16-b5cf-b6851cc86ff0?fields=segments HTTP/1.1" status: 200 len: 212 time: 0.0679328
2026-07-22 15:25:07.579 10 INFO neutron.wsgi [req-9ae8d7c9-0d4c-4a57-a6d3-cfeb1e31d221 req-e44ce18d-14fa-4dc9-8ac4-1613cf0f4106 e62eee8fa42a4163a3ae678d2c8ae9aa 86e0e1c0a1f14810805148bd2196cbdc - - e37e2322584140228abb0979f9eb5225 e37e2322584140228abb0979f9eb5225] 10.0.0.97 "GET /v2.0/ports?device_id=d3918434-fa69-4192-8b48-2e4740066065 HTTP/1.1" status: 200 len: 1409 time: 0.1648133
2026-07-22 15:25:07.581 10 INFO neutron.db.ovn_revision_numbers_db [None req-f22f43c6-0f47-41a9-ad36-28b09040f9e7 5c2d2eea7ebd43eaafe62f9f7646482d 1cefd14a2ae340718011307e746df049 - - default default] Successfully bumped revision number for resource 126d413a-17ed-4c9f-b98b-a0a1ff7bb4ad (type: security_group_rules) to 0
2026-07-22 15:25:07.608 10 INFO neutron.db.ovn_revision_numbers_db [None req-f22f43c6-0f47-41a9-ad36-28b09040f9e7 5c2d2eea7ebd43eaafe62f9f7646482d 1cefd14a2ae340718011307e746df049 - - default default] Successfully bumped revision number for resource 5c2a2438-98fd-4f74-a285-0034293bddde (type: security_group_rules) to 0
2026-07-22 15:25:07.638 9 INFO neutron.wsgi [req-0f29cf45-906b-42a8-9e21-af58efd20126 req-403627c7-685a-40a4-8fbb-d59137791af6 e62eee8fa42a4163a3ae678d2c8ae9aa 86e0e1c0a1f14810805148bd2196cbdc - - e37e2322584140228abb0979f9eb5225 e37e2322584140228abb0979f9eb5225] 199.204.45.95 "GET /v2.0/networks/72592db4-0f57-4c16-b5cf-b6851cc86ff0?fields=provider%3Aphysical_network&fields=provider%3Anetwork_type HTTP/1.1" status: 200 len: 277 time: 0.0555649
2026-07-22 15:25:07.639 10 INFO neutron.wsgi [None req-a35ebd3d-ccd9-46fb-b438-363350009696 5c2d2eea7ebd43eaafe62f9f7646482d 1cefd14a2ae340718011307e746df049 - - default default] 10.0.0.179 "DELETE /v2.0/security-groups/bb1fd11f-026f-4b88-8c5f-e2b165cfed9f HTTP/1.1" status: 204 len: 168 time: 0.3015282
2026-07-22 15:25:07.643 10 INFO neutron.db.ovn_revision_numbers_db [None req-f22f43c6-0f47-41a9-ad36-28b09040f9e7 5c2d2eea7ebd43eaafe62f9f7646482d 1cefd14a2ae340718011307e746df049 - - default default] Successfully bumped revision number for resource 6a445913-a838-4f53-9025-b36e2bd0f941 (type: security_group_rules) to 0
2026-07-22 15:25:07.655 10 INFO neutron.wsgi [req-9ae8d7c9-0d4c-4a57-a6d3-cfeb1e31d221 req-1614947b-f2ba-47eb-ad54-6ae336b27c69 e62eee8fa42a4163a3ae678d2c8ae9aa 86e0e1c0a1f14810805148bd2196cbdc - - e37e2322584140228abb0979f9eb5225 e37e2322584140228abb0979f9eb5225] 10.0.0.97 "GET /v2.0/security-groups?id=02ab910f-042c-4c80-8bf4-acc4568f80dd&fields=id&fields=name HTTP/1.1" status: 200 len: 311 time: 0.0646260
2026-07-22 15:25:07.664 10 INFO neutron.db.ovn_revision_numbers_db [None req-f22f43c6-0f47-41a9-ad36-28b09040f9e7 5c2d2eea7ebd43eaafe62f9f7646482d 1cefd14a2ae340718011307e746df049 - - default default] Successfully bumped revision number for resource a63ab9f9-09d1-4a6d-a4fa-028eb72187f5 (type: security_group_rules) to 0
2026-07-22 15:25:07.696 10 INFO neutron.wsgi [None req-f22f43c6-0f47-41a9-ad36-28b09040f9e7 5c2d2eea7ebd43eaafe62f9f7646482d 1cefd14a2ae340718011307e746df049 - - default default] 10.0.0.179 "GET /v2.0/security-groups?tenant_id=04e1a12ca6474f929bea638db625a1aa&name=default HTTP/1.1" status: 200 len: 2996 time: 0.3245323
2026-07-22 15:25:07.741 9 INFO neutron.wsgi [req-6353ce94-8e19-4d56-a978-6e21d3a16dbb req-3d0f36fa-c090-4444-9cdd-15b8d51cfcea e62eee8fa42a4163a3ae678d2c8ae9aa 86e0e1c0a1f14810805148bd2196cbdc - - e37e2322584140228abb0979f9eb5225 e37e2322584140228abb0979f9eb5225] 199.204.45.95 "GET /v2.0/ports?tenant_id=2de718994ea64ab09e36b8c011ced30f&device_id=792054cd-35cd-46ad-92a9-3ca102ae7fb7 HTTP/1.1" status: 200 len: 1411 time: 0.0540166
2026-07-22 15:25:07.814 9 INFO neutron.wsgi [req-c4fff4e9-365c-4e40-9dfc-2ac240208acb req-883106d5-da5f-4713-8e4c-63a5eb2dc3ac bc84df620123481ba852c47e7d1fb240 2de718994ea64ab09e36b8c011ced30f - - default default] 10.0.0.64 "GET /v2.0/ports?device_id=792054cd-35cd-46ad-92a9-3ca102ae7fb7 HTTP/1.1" status: 200 len: 1172 time: 0.1691248
2026-07-22 15:25:07.856 10 INFO neutron.plugins.ml2.drivers.ovn.mech_driver.mech_driver [None req-a95e7cce-003f-4257-bd49-f307de43da7e - - - - - -] OVN reports status up for port: 356dedc0-92a5-4a02-b550-676b8e8da94f
2026-07-22 15:25:07.863 9 INFO neutron.wsgi [req-6353ce94-8e19-4d56-a978-6e21d3a16dbb req-d13609c3-827f-4c43-8189-33e81dd5596c e62eee8fa42a4163a3ae678d2c8ae9aa 86e0e1c0a1f14810805148bd2196cbdc - - e37e2322584140228abb0979f9eb5225 e37e2322584140228abb0979f9eb5225] 199.204.45.95 "GET /v2.0/networks?id=72592db4-0f57-4c16-b5cf-b6851cc86ff0 HTTP/1.1" status: 200 len: 974 time: 0.1160393
2026-07-22 15:25:07.885 10 INFO neutron.plugins.ml2.plugin [None req-a95e7cce-003f-4257-bd49-f307de43da7e - - - - - -] Attempt 1 to provision port 356dedc0-92a5-4a02-b550-676b8e8da94f
2026-07-22 15:25:07.900 9 INFO neutron.wsgi [req-6353ce94-8e19-4d56-a978-6e21d3a16dbb req-0954cc78-df14-40bf-be5f-a0068a8eacbd e62eee8fa42a4163a3ae678d2c8ae9aa 86e0e1c0a1f14810805148bd2196cbdc - - e37e2322584140228abb0979f9eb5225 e37e2322584140228abb0979f9eb5225] 199.204.45.95 "GET /v2.0/floatingips?fixed_ip_address=10.100.0.11&port_id=356dedc0-92a5-4a02-b550-676b8e8da94f HTTP/1.1" status: 200 len: 217 time: 0.0305803
2026-07-22 15:25:07.908 9 INFO neutron.wsgi [req-c4fff4e9-365c-4e40-9dfc-2ac240208acb req-90e35939-6694-46ca-a830-b450360be642 bc84df620123481ba852c47e7d1fb240 2de718994ea64ab09e36b8c011ced30f - - default default] 10.0.0.64 "GET /v2.0/security-groups?id=eac7c3ea-2597-4f18-9231-e1b9004280bf&fields=id&fields=name HTTP/1.1" status: 200 len: 313 time: 0.0838566
2026-07-22 15:25:07.954 9 INFO neutron.wsgi [req-6353ce94-8e19-4d56-a978-6e21d3a16dbb req-c37d75c4-24bd-4c6a-b9f4-94b30b5b8310 e62eee8fa42a4163a3ae678d2c8ae9aa 86e0e1c0a1f14810805148bd2196cbdc - - e37e2322584140228abb0979f9eb5225 e37e2322584140228abb0979f9eb5225] 199.204.45.95 "GET /v2.0/subnets?id=6fd0cf71-4f36-4a1f-a6fe-fd71b642b006 HTTP/1.1" status: 200 len: 869 time: 0.0455883
2026-07-22 15:25:07.989 9 INFO neutron.wsgi [req-6353ce94-8e19-4d56-a978-6e21d3a16dbb req-33076e8f-497c-493c-90c1-44ebb36c9ca7 e62eee8fa42a4163a3ae678d2c8ae9aa 86e0e1c0a1f14810805148bd2196cbdc - - e37e2322584140228abb0979f9eb5225 e37e2322584140228abb0979f9eb5225] 199.204.45.95 "GET /v2.0/ports?network_id=72592db4-0f57-4c16-b5cf-b6851cc86ff0&device_owner=network%3Adhcp HTTP/1.1" status: 200 len: 210 time: 0.0292745
2026-07-22 15:25:08.018 10 INFO neutron.wsgi [None req-1576c2f0-29f6-493e-81d5-f47a29e61554 5c2d2eea7ebd43eaafe62f9f7646482d 1cefd14a2ae340718011307e746df049 - - default default] 10.0.0.179 "DELETE /v2.0/security-groups/54c3a503-4368-4c08-afa7-f346da82674b HTTP/1.1" status: 204 len: 168 time: 0.3173366
2026-07-22 15:25:08.031 10 INFO neutron.notifiers.nova [-] Nova event matching ['req-4f67e425-3dc8-489a-ac31-9dd65a26c283'] response: {'server_uuid': '792054cd-35cd-46ad-92a9-3ca102ae7fb7', 'name': 'network-vif-plugged', 'status': 'completed', 'tag': '356dedc0-92a5-4a02-b550-676b8e8da94f', 'code': 200}
2026-07-22 15:25:08.053 9 INFO neutron.wsgi [req-6353ce94-8e19-4d56-a978-6e21d3a16dbb req-a6141b4e-2583-4629-87db-f70e6f8efdc7 e62eee8fa42a4163a3ae678d2c8ae9aa 86e0e1c0a1f14810805148bd2196cbdc - - e37e2322584140228abb0979f9eb5225 e37e2322584140228abb0979f9eb5225] 199.204.45.95 "GET /v2.0/networks/72592db4-0f57-4c16-b5cf-b6851cc86ff0?fields=segments HTTP/1.1" status: 200 len: 212 time: 0.0568748
2026-07-22 15:25:08.117 9 INFO neutron.wsgi [req-6353ce94-8e19-4d56-a978-6e21d3a16dbb req-1f804157-1b56-43c1-b2b1-5add108b131c e62eee8fa42a4163a3ae678d2c8ae9aa 86e0e1c0a1f14810805148bd2196cbdc - - e37e2322584140228abb0979f9eb5225 e37e2322584140228abb0979f9eb5225] 199.204.45.95 "GET /v2.0/networks/72592db4-0f57-4c16-b5cf-b6851cc86ff0?fields=provider%3Aphysical_network&fields=provider%3Anetwork_type HTTP/1.1" status: 200 len: 277 time: 0.0584908
2026-07-22 15:25:08.221 10 INFO neutron.db.ovn_revision_numbers_db [None req-a95e7cce-003f-4257-bd49-f307de43da7e - - - - - -] Successfully bumped revision number for resource 356dedc0-92a5-4a02-b550-676b8e8da94f (type: ports) to 4
2026-07-22 15:25:09.065 9 INFO neutron.wsgi [req-bbbe9cdc-320f-4d59-9ccf-874c82ec0c76 req-0139aa66-b9a6-4242-850f-4c3fdc4f9394 bc84df620123481ba852c47e7d1fb240 2de718994ea64ab09e36b8c011ced30f - - default default] 10.0.0.64 "GET /v2.0/ports?device_id=792054cd-35cd-46ad-92a9-3ca102ae7fb7 HTTP/1.1" status: 200 len: 1174 time: 0.0589333
2026-07-22 15:25:09.106 9 INFO neutron.wsgi [req-bbbe9cdc-320f-4d59-9ccf-874c82ec0c76 req-587368be-0499-4e7d-bbd5-c9c140967bba bc84df620123481ba852c47e7d1fb240 2de718994ea64ab09e36b8c011ced30f - - default default] 10.0.0.64 "GET /v2.0/security-groups?id=eac7c3ea-2597-4f18-9231-e1b9004280bf&fields=id&fields=name HTTP/1.1" status: 200 len: 313 time: 0.0351992 /var/lib/openstack/lib/python3.10/site-packages/pycadf/identifier.py:71: UserWarning: Invalid uuid: neutron. To ensure interoperability, identifiers should be a valid uuid. warnings.warn(('Invalid uuid: %s. To ensure interoperability, '
2026-07-22 15:25:09.279 10 INFO neutron.wsgi [req-ab6747c7-9c33-4fcb-9c44-306994aece2c req-dcd372a4-ef3b-4da9-a195-9144dfff8406 bc84df620123481ba852c47e7d1fb240 2de718994ea64ab09e36b8c011ced30f - - default default] 10.0.0.64 "GET /v2.0/ports?device_id=792054cd-35cd-46ad-92a9-3ca102ae7fb7 HTTP/1.1" status: 200 len: 1174 time: 0.0518484
2026-07-22 15:25:09.807 10 INFO neutron.db.l3_db [None req-12f896b4-06b3-4db3-b23a-c6eec05c1ff9 bc84df620123481ba852c47e7d1fb240 2de718994ea64ab09e36b8c011ced30f - - default default] Floating IP 55b0e886-7f68-4ad5-8288-7fa264b655a8 associated. External IP: 10.96.250.216, port: 356dedc0-92a5-4a02-b550-676b8e8da94f. /var/lib/openstack/lib/python3.10/site-packages/pycadf/identifier.py:71: UserWarning: Invalid uuid: neutron. To ensure interoperability, identifiers should be a valid uuid. warnings.warn(('Invalid uuid: %s. To ensure interoperability, '
2026-07-22 15:25:10.064 10 INFO neutron.db.ovn_revision_numbers_db [None req-12f896b4-06b3-4db3-b23a-c6eec05c1ff9 bc84df620123481ba852c47e7d1fb240 2de718994ea64ab09e36b8c011ced30f - - default default] Successfully bumped revision number for resource 55b0e886-7f68-4ad5-8288-7fa264b655a8 (type: floatingips) to 1
