2026-07-22 15:28:18.976 10 INFO neutron.wsgi [None req-80f170b5-cb4c-4d81-8023-c43cd6500d96 790c2b98e5684c628bc1a9e868288618 6ae1af299bd8499c92522323c98dede1 - - default default] 10.0.0.179 "GET /v2.0/networks/c0480560-c31f-42ef-8d1a-c304a16f9c7c/tags HTTP/1.1" status: 200 len: 218 time: 0.0480990
2026-07-22 15:28:19.061 10 INFO neutron.wsgi [None req-be8ddd80-60b7-4b04-a808-30bc99978362 790c2b98e5684c628bc1a9e868288618 6ae1af299bd8499c92522323c98dede1 - - default default] 10.0.0.179 "PUT /v2.0/networks/c0480560-c31f-42ef-8d1a-c304a16f9c7c/tags/green HTTP/1.1" status: 201 len: 201 time: 0.0784147
2026-07-22 15:28:19.123 9 INFO neutron.wsgi [None req-9a549f9d-9efe-49ec-9012-a1aa112c0706 790c2b98e5684c628bc1a9e868288618 6ae1af299bd8499c92522323c98dede1 - - default default] 10.0.0.179 "GET /v2.0/networks/c0480560-c31f-42ef-8d1a-c304a16f9c7c/tags HTTP/1.1" status: 200 len: 227 time: 0.0556428
2026-07-22 15:28:19.175 10 INFO neutron.wsgi [None req-08f00391-56d3-4a2e-a4bb-6bcbd69887b0 790c2b98e5684c628bc1a9e868288618 6ae1af299bd8499c92522323c98dede1 - - default default] 10.0.0.179 "PUT /v2.0/networks/c0480560-c31f-42ef-8d1a-c304a16f9c7c/tags/red HTTP/1.1" status: 201 len: 201 time: 0.0477059
2026-07-22 15:28:19.177 9 INFO neutron.wsgi [None req-e80d4d88-fb74-4082-a08e-f68d0090ae2e 5c2d2eea7ebd43eaafe62f9f7646482d 1cefd14a2ae340718011307e746df049 - - default default] 10.0.0.179 "DELETE /v2.0/security-groups/5606a859-8a53-48d1-949d-7916cca81c5e HTTP/1.1" status: 204 len: 168 time: 0.3248346
2026-07-22 15:28:19.224 10 INFO neutron.wsgi [None req-f4c321d2-39f0-42fa-a00b-1120f4f1ed9d 790c2b98e5684c628bc1a9e868288618 6ae1af299bd8499c92522323c98dede1 - - default default] 10.0.0.179 "GET /v2.0/networks/c0480560-c31f-42ef-8d1a-c304a16f9c7c/tags HTTP/1.1" status: 200 len: 227 time: 0.0436854
2026-07-22 15:28:19.280 10 INFO neutron.wsgi [None req-af76b17f-ff15-415f-9900-abcb8439ae80 790c2b98e5684c628bc1a9e868288618 6ae1af299bd8499c92522323c98dede1 - - default default] 10.0.0.179 "PUT /v2.0/networks/c0480560-c31f-42ef-8d1a-c304a16f9c7c/tags/black.or.white HTTP/1.1" status: 201 len: 201 time: 0.0507112
2026-07-22 15:28:19.321 10 INFO neutron.wsgi [None req-5e493b17-86c7-4346-8ab7-a4785afe5565 790c2b98e5684c628bc1a9e868288618 6ae1af299bd8499c92522323c98dede1 - - default default] 10.0.0.179 "GET /v2.0/networks/c0480560-c31f-42ef-8d1a-c304a16f9c7c/tags HTTP/1.1" status: 200 len: 245 time: 0.0356977
2026-07-22 15:28:19.394 10 INFO neutron.wsgi [None req-0dd9e375-e944-4c74-a3fd-162b1c56807c 790c2b98e5684c628bc1a9e868288618 6ae1af299bd8499c92522323c98dede1 - - default default] 10.0.0.179 "PUT /v2.0/networks/c0480560-c31f-42ef-8d1a-c304a16f9c7c/tags HTTP/1.1" status: 200 len: 230 time: 0.0685430
2026-07-22 15:28:19.406 9 INFO neutron.db.ovn_revision_numbers_db [None req-796aa04e-de34-490c-80cd-75272999eb1f 5c2d2eea7ebd43eaafe62f9f7646482d 1cefd14a2ae340718011307e746df049 - - default default] Successfully bumped revision number for resource ccfc952e-eab5-4d4b-a4eb-159c7e602cab (type: security_groups) to 1
2026-07-22 15:28:19.438 9 INFO neutron.db.ovn_revision_numbers_db [None req-796aa04e-de34-490c-80cd-75272999eb1f 5c2d2eea7ebd43eaafe62f9f7646482d 1cefd14a2ae340718011307e746df049 - - default default] Successfully bumped revision number for resource 552e91e2-7e44-4d47-bf56-89f055071f39 (type: security_group_rules) to 0
2026-07-22 15:28:19.449 9 INFO neutron.wsgi [None req-7cb3f05b-6fc6-4525-a365-7d538c098aae 790c2b98e5684c628bc1a9e868288618 6ae1af299bd8499c92522323c98dede1 - - default default] 10.0.0.179 "GET /v2.0/networks/c0480560-c31f-42ef-8d1a-c304a16f9c7c/tags HTTP/1.1" status: 200 len: 230 time: 0.0488150
2026-07-22 15:28:19.454 9 INFO neutron.db.ovn_revision_numbers_db [None req-796aa04e-de34-490c-80cd-75272999eb1f 5c2d2eea7ebd43eaafe62f9f7646482d 1cefd14a2ae340718011307e746df049 - - default default] Successfully bumped revision number for resource a5c0b000-636a-4fdf-97b6-628c0d721f1a (type: security_group_rules) to 0
2026-07-22 15:28:19.493 9 INFO neutron.db.ovn_revision_numbers_db [None req-796aa04e-de34-490c-80cd-75272999eb1f 5c2d2eea7ebd43eaafe62f9f7646482d 1cefd14a2ae340718011307e746df049 - - default default] Successfully bumped revision number for resource f9e93d06-8d31-4f9b-bdb3-6a3578efbfbb (type: security_group_rules) to 0
2026-07-22 15:28:19.501 9 INFO neutron.wsgi [None req-58040887-f759-41ea-91cc-aa304e72bd77 790c2b98e5684c628bc1a9e868288618 6ae1af299bd8499c92522323c98dede1 - - default default] 10.0.0.179 "GET /v2.0/networks/c0480560-c31f-42ef-8d1a-c304a16f9c7c/tags/red HTTP/1.1" status: 204 len: 168 time: 0.0460443
2026-07-22 15:28:19.513 9 INFO neutron.db.ovn_revision_numbers_db [None req-796aa04e-de34-490c-80cd-75272999eb1f 5c2d2eea7ebd43eaafe62f9f7646482d 1cefd14a2ae340718011307e746df049 - - default default] Successfully bumped revision number for resource fef0680f-9540-44af-b28c-541ce3a00f8f (type: security_group_rules) to 0
2026-07-22 15:28:19.557 9 INFO neutron.wsgi [None req-796aa04e-de34-490c-80cd-75272999eb1f 5c2d2eea7ebd43eaafe62f9f7646482d 1cefd14a2ae340718011307e746df049 - - default default] 10.0.0.179 "GET /v2.0/security-groups?tenant_id=03a1c546b4134d2e8d211713cac03148&name=default HTTP/1.1" status: 200 len: 2996 time: 0.2524178
2026-07-22 15:28:19.565 9 INFO neutron.api.v2.resource [None req-7f51adc6-d2da-4354-b9b5-2248804ce01d 790c2b98e5684c628bc1a9e868288618 6ae1af299bd8499c92522323c98dede1 - - default default] show failed (client error): The resource could not be found.
2026-07-22 15:28:19.566 9 INFO neutron.wsgi [None req-7f51adc6-d2da-4354-b9b5-2248804ce01d 790c2b98e5684c628bc1a9e868288618 6ae1af299bd8499c92522323c98dede1 - - default default] 10.0.0.179 "GET /v2.0/networks/c0480560-c31f-42ef-8d1a-c304a16f9c7c/tags/green HTTP/1.1" status: 404 len: 299 time: 0.0572801
2026-07-22 15:28:19.635 9 INFO neutron.wsgi [None req-e3a6ec40-229f-4b4a-8bfb-1ff5a3e87a37 790c2b98e5684c628bc1a9e868288618 6ae1af299bd8499c92522323c98dede1 - - default default] 10.0.0.179 "DELETE /v2.0/networks/c0480560-c31f-42ef-8d1a-c304a16f9c7c/tags/red HTTP/1.1" status: 204 len: 168 time: 0.0644078
2026-07-22 15:28:19.685 9 INFO neutron.wsgi [None req-dd2d06e3-8ecb-44ea-a639-ae07ff22a7cf 790c2b98e5684c628bc1a9e868288618 6ae1af299bd8499c92522323c98dede1 - - default default] 10.0.0.179 "GET /v2.0/networks/c0480560-c31f-42ef-8d1a-c304a16f9c7c/tags HTTP/1.1" status: 200 len: 223 time: 0.0436020
2026-07-22 15:28:19.735 10 INFO neutron.api.v2.resource [None req-5984c8f1-2d07-4e25-a71e-3f7b8b4ba33e 790c2b98e5684c628bc1a9e868288618 6ae1af299bd8499c92522323c98dede1 - - default default] delete failed (client error): The resource could not be found.
2026-07-22 15:28:19.736 10 INFO neutron.wsgi [None req-5984c8f1-2d07-4e25-a71e-3f7b8b4ba33e 790c2b98e5684c628bc1a9e868288618 6ae1af299bd8499c92522323c98dede1 - - default default] 10.0.0.179 "DELETE /v2.0/networks/c0480560-c31f-42ef-8d1a-c304a16f9c7c/tags/green HTTP/1.1" status: 404 len: 299 time: 0.0467412
2026-07-22 15:28:19.798 9 INFO neutron.wsgi [None req-6eb980bc-aab2-4eba-b6db-d3409d7b189d 790c2b98e5684c628bc1a9e868288618 6ae1af299bd8499c92522323c98dede1 - - default default] 10.0.0.179 "DELETE /v2.0/networks/c0480560-c31f-42ef-8d1a-c304a16f9c7c/tags HTTP/1.1" status: 204 len: 168 time: 0.0573902
2026-07-22 15:28:19.849 10 INFO neutron.wsgi [None req-a78287ce-407a-4ed5-8195-37fd37d29564 5c2d2eea7ebd43eaafe62f9f7646482d 1cefd14a2ae340718011307e746df049 - - default default] 10.0.0.179 "DELETE /v2.0/security-groups/ccfc952e-eab5-4d4b-a4eb-159c7e602cab HTTP/1.1" status: 204 len: 168 time: 0.2854567
2026-07-22 15:28:19.857 9 INFO neutron.wsgi [None req-b82aa096-2b4d-4241-ad3e-189cb0370f64 790c2b98e5684c628bc1a9e868288618 6ae1af299bd8499c92522323c98dede1 - - default default] 10.0.0.179 "GET /v2.0/networks/c0480560-c31f-42ef-8d1a-c304a16f9c7c/tags HTTP/1.1" status: 200 len: 205 time: 0.0523410
2026-07-22 15:28:20.245 9 INFO neutron.services.segments.plugin [-] Segment 91df1282-910e-4dd7-ab55-4c252cead6ca resource provider aggregate not found
2026-07-22 15:28:20.250 9 INFO neutron.services.segments.plugin [-] Segment 91df1282-910e-4dd7-ab55-4c252cead6ca resource provider aggregate not found
2026-07-22 15:28:20.268 9 INFO neutron.services.segments.plugin [-] Segment 91df1282-910e-4dd7-ab55-4c252cead6ca resource provider not found; error: Placement Client Error (4xx): {"errors": [{"status": 404, "title": "Not Found", "detail": "The resource could not be found.\n\n No resource provider with uuid 91df1282-910e-4dd7-ab55-4c252cead6ca found for delete ", "request_id": "req-1851e92d-7d93-4a82-ad64-4922c69060d0"}]}
2026-07-22 15:28:20.276 9 INFO neutron.services.segments.plugin [-] Segment 91df1282-910e-4dd7-ab55-4c252cead6ca resource provider not found; error: Placement Client Error (4xx): {"errors": [{"status": 404, "title": "Not Found", "detail": "The resource could not be found.\n\n No resource provider with uuid 91df1282-910e-4dd7-ab55-4c252cead6ca found for delete ", "request_id": "req-54460d2b-f5b0-42c7-be8d-abe381a62ffe"}]}
2026-07-22 15:28:20.308 9 INFO neutron.wsgi [None req-4d7c0bdd-6d86-43e4-ad06-4d9a176f5839 790c2b98e5684c628bc1a9e868288618 6ae1af299bd8499c92522323c98dede1 - - default default] 10.0.0.179 "DELETE /v2.0/networks/c0480560-c31f-42ef-8d1a-c304a16f9c7c HTTP/1.1" status: 204 len: 168 time: 0.4467130
2026-07-22 15:28:20.622 10 INFO neutron.db.ovn_revision_numbers_db [None req-89b930b3-d5fa-4124-aa01-529cb1662a12 61f62cf95a364877a99da0179ab26f1d 1345eadd26924dabb3186623d244b65a - - default default] Successfully bumped revision number for resource a478ef36-723c-460c-847b-329a75f18b28 (type: security_groups) to 1
2026-07-22 15:28:20.641 10 INFO neutron.db.ovn_revision_numbers_db [None req-89b930b3-d5fa-4124-aa01-529cb1662a12 61f62cf95a364877a99da0179ab26f1d 1345eadd26924dabb3186623d244b65a - - default default] Successfully bumped revision number for resource 62493ded-cc5d-4926-a9b8-7bdc89717f53 (type: security_group_rules) to 0
2026-07-22 15:28:20.658 10 INFO neutron.db.ovn_revision_numbers_db [None req-89b930b3-d5fa-4124-aa01-529cb1662a12 61f62cf95a364877a99da0179ab26f1d 1345eadd26924dabb3186623d244b65a - - default default] Successfully bumped revision number for resource 866c62e1-ce99-4156-8d56-967a9f11153f (type: security_group_rules) to 0
2026-07-22 15:28:20.676 10 INFO neutron.db.ovn_revision_numbers_db [None req-89b930b3-d5fa-4124-aa01-529cb1662a12 61f62cf95a364877a99da0179ab26f1d 1345eadd26924dabb3186623d244b65a - - default default] Successfully bumped revision number for resource b3f98abc-a5e1-463c-8ada-8228efaa338e (type: security_group_rules) to 0
2026-07-22 15:28:20.691 10 INFO neutron.db.ovn_revision_numbers_db [None req-89b930b3-d5fa-4124-aa01-529cb1662a12 61f62cf95a364877a99da0179ab26f1d 1345eadd26924dabb3186623d244b65a - - default default] Successfully bumped revision number for resource cfa031da-b521-4619-bbc2-99dbb644902d (type: security_group_rules) to 0
2026-07-22 15:28:20.782 10 INFO neutron.db.ovn_revision_numbers_db [None req-89b930b3-d5fa-4124-aa01-529cb1662a12 61f62cf95a364877a99da0179ab26f1d 1345eadd26924dabb3186623d244b65a - - default default] Successfully bumped revision number for resource 00abccd8-83c1-4a1d-87a6-dff4b321dc5f (type: security_groups) to 1
2026-07-22 15:28:20.801 10 INFO neutron.db.ovn_revision_numbers_db [None req-89b930b3-d5fa-4124-aa01-529cb1662a12 61f62cf95a364877a99da0179ab26f1d 1345eadd26924dabb3186623d244b65a - - default default] Successfully bumped revision number for resource 3525bf82-02ff-494f-bc13-cfb063d2dfad (type: security_group_rules) to 0
2026-07-22 15:28:20.816 10 INFO neutron.db.ovn_revision_numbers_db [None req-89b930b3-d5fa-4124-aa01-529cb1662a12 61f62cf95a364877a99da0179ab26f1d 1345eadd26924dabb3186623d244b65a - - default default] Successfully bumped revision number for resource 8adccc96-24d6-4e24-a778-70e5d2cd93a6 (type: security_group_rules) to 0
2026-07-22 15:28:20.840 10 INFO neutron.wsgi [None req-89b930b3-d5fa-4124-aa01-529cb1662a12 61f62cf95a364877a99da0179ab26f1d 1345eadd26924dabb3186623d244b65a - - default default] 10.0.0.179 "POST /v2.0/security-groups HTTP/1.1" status: 201 len: 1737 time: 0.5522935
2026-07-22 15:28:21.046 10 INFO neutron.db.ovn_revision_numbers_db [None req-3fa883e2-8930-4924-957b-b73651b549ae 61f62cf95a364877a99da0179ab26f1d 1345eadd26924dabb3186623d244b65a - - default default] Successfully bumped revision number for resource ca117424-3d2e-4960-b30b-56c8a053d2c5 (type: security_groups) to 1
2026-07-22 15:28:21.060 10 INFO neutron.db.ovn_revision_numbers_db [None req-3fa883e2-8930-4924-957b-b73651b549ae 61f62cf95a364877a99da0179ab26f1d 1345eadd26924dabb3186623d244b65a - - default default] Successfully bumped revision number for resource 40026836-18f5-4fd3-af90-e66cbea4e464 (type: security_group_rules) to 0
2026-07-22 15:28:21.081 10 INFO neutron.db.ovn_revision_numbers_db [None req-3fa883e2-8930-4924-957b-b73651b549ae 61f62cf95a364877a99da0179ab26f1d 1345eadd26924dabb3186623d244b65a - - default default] Successfully bumped revision number for resource 52cbde1c-096b-46e1-b33f-2406c0110ca2 (type: security_group_rules) to 0
2026-07-22 15:28:21.117 10 INFO neutron.wsgi [None req-3fa883e2-8930-4924-957b-b73651b549ae 61f62cf95a364877a99da0179ab26f1d 1345eadd26924dabb3186623d244b65a - - default default] 10.0.0.179 "POST /v2.0/security-groups HTTP/1.1" status: 201 len: 1737 time: 0.2721982
2026-07-22 15:28:21.244 10 INFO neutron.db.ovn_revision_numbers_db [None req-e248eefa-178e-4719-9727-dbc248d4a7c6 61f62cf95a364877a99da0179ab26f1d 1345eadd26924dabb3186623d244b65a - - default default] Successfully bumped revision number for resource 78466347-758c-4971-8c99-6f62bbf38720 (type: security_groups) to 1
2026-07-22 15:28:21.273 10 INFO neutron.db.ovn_revision_numbers_db [None req-e248eefa-178e-4719-9727-dbc248d4a7c6 61f62cf95a364877a99da0179ab26f1d 1345eadd26924dabb3186623d244b65a - - default default] Successfully bumped revision number for resource 2199b0b3-a163-40b8-853a-4f2886278f5b (type: security_group_rules) to 0
2026-07-22 15:28:21.304 10 INFO neutron.db.ovn_revision_numbers_db [None req-e248eefa-178e-4719-9727-dbc248d4a7c6 61f62cf95a364877a99da0179ab26f1d 1345eadd26924dabb3186623d244b65a - - default default] Successfully bumped revision number for resource f63698d4-1f37-40fc-bdc6-25121d1810df (type: security_group_rules) to 0
2026-07-22 15:28:21.329 10 INFO neutron.wsgi [None req-e248eefa-178e-4719-9727-dbc248d4a7c6 61f62cf95a364877a99da0179ab26f1d 1345eadd26924dabb3186623d244b65a - - default default] 10.0.0.179 "POST /v2.0/security-groups HTTP/1.1" status: 201 len: 1737 time: 0.2067354
2026-07-22 15:28:21.409 9 INFO neutron.db.ovn_revision_numbers_db [None req-a5bb06b7-a7f6-446c-8944-881e0530c7f1 5c2d2eea7ebd43eaafe62f9f7646482d 1cefd14a2ae340718011307e746df049 - - default default] Successfully bumped revision number for resource ff9ec9d0-df9d-4146-b96b-404a65aa5cf9 (type: security_groups) to 1
2026-07-22 15:28:21.431 9 INFO neutron.db.ovn_revision_numbers_db [None req-a5bb06b7-a7f6-446c-8944-881e0530c7f1 5c2d2eea7ebd43eaafe62f9f7646482d 1cefd14a2ae340718011307e746df049 - - default default] Successfully bumped revision number for resource 4df5a981-062d-4bad-a518-2d8aff48cd64 (type: security_group_rules) to 0
2026-07-22 15:28:21.448 9 INFO neutron.db.ovn_revision_numbers_db [None req-a5bb06b7-a7f6-446c-8944-881e0530c7f1 5c2d2eea7ebd43eaafe62f9f7646482d 1cefd14a2ae340718011307e746df049 - - default default] Successfully bumped revision number for resource 889a44f8-1cff-4562-9e09-48611062d988 (type: security_group_rules) to 0
2026-07-22 15:28:21.462 9 INFO neutron.db.ovn_revision_numbers_db [None req-a5bb06b7-a7f6-446c-8944-881e0530c7f1 5c2d2eea7ebd43eaafe62f9f7646482d 1cefd14a2ae340718011307e746df049 - - default default] Successfully bumped revision number for resource ac1f785b-bc67-4e5b-ac84-394e81286c96 (type: security_group_rules) to 0
2026-07-22 15:28:21.465 10 INFO neutron.db.ovn_revision_numbers_db [None req-a9eaa198-41e9-4a66-99a4-e15666532868 61f62cf95a364877a99da0179ab26f1d 1345eadd26924dabb3186623d244b65a - - default default] Successfully bumped revision number for resource 47870ee8-ceae-454d-9d01-37b7c8f173ca (type: security_groups) to 1
2026-07-22 15:28:21.476 9 INFO neutron.db.ovn_revision_numbers_db [None req-a5bb06b7-a7f6-446c-8944-881e0530c7f1 5c2d2eea7ebd43eaafe62f9f7646482d 1cefd14a2ae340718011307e746df049 - - default default] Successfully bumped revision number for resource df1265d2-dd37-4664-8466-7f474b805aba (type: security_group_rules) to 0
2026-07-22 15:28:21.482 10 INFO neutron.db.ovn_revision_numbers_db [None req-a9eaa198-41e9-4a66-99a4-e15666532868 61f62cf95a364877a99da0179ab26f1d 1345eadd26924dabb3186623d244b65a - - default default] Successfully bumped revision number for resource 4b3e42be-cb0a-4feb-a44f-61f2276ca8c9 (type: security_group_rules) to 0
2026-07-22 15:28:21.502 10 INFO neutron.db.ovn_revision_numbers_db [None req-a9eaa198-41e9-4a66-99a4-e15666532868 61f62cf95a364877a99da0179ab26f1d 1345eadd26924dabb3186623d244b65a - - default default] Successfully bumped revision number for resource 6ed919b1-05c0-4f60-9045-1e6f59e70d29 (type: security_group_rules) to 0
2026-07-22 15:28:21.503 9 INFO neutron.wsgi [None req-a5bb06b7-a7f6-446c-8944-881e0530c7f1 5c2d2eea7ebd43eaafe62f9f7646482d 1cefd14a2ae340718011307e746df049 - - default default] 10.0.0.179 "GET /v2.0/security-groups?tenant_id=6bb9be0e5e1b40349d391b2c362eed2b&name=default HTTP/1.1" status: 200 len: 2996 time: 0.4153950
2026-07-22 15:28:21.528 10 INFO neutron.wsgi [None req-a9eaa198-41e9-4a66-99a4-e15666532868 61f62cf95a364877a99da0179ab26f1d 1345eadd26924dabb3186623d244b65a - - default default] 10.0.0.179 "POST /v2.0/security-groups HTTP/1.1" status: 201 len: 1737 time: 0.1932769
2026-07-22 15:28:21.677 10 INFO neutron.db.ovn_revision_numbers_db [None req-01dd9337-f390-4a71-b09b-25201575f232 61f62cf95a364877a99da0179ab26f1d 1345eadd26924dabb3186623d244b65a - - default default] Successfully bumped revision number for resource 11c9e611-c1a2-402f-bf0d-e55a971500a3 (type: security_groups) to 1
2026-07-22 15:28:21.690 10 INFO neutron.db.ovn_revision_numbers_db [None req-01dd9337-f390-4a71-b09b-25201575f232 61f62cf95a364877a99da0179ab26f1d 1345eadd26924dabb3186623d244b65a - - default default] Successfully bumped revision number for resource c663c845-32fb-40d7-92e7-fd0c10a75285 (type: security_group_rules) to 0
2026-07-22 15:28:21.708 10 INFO neutron.db.ovn_revision_numbers_db [None req-01dd9337-f390-4a71-b09b-25201575f232 61f62cf95a364877a99da0179ab26f1d 1345eadd26924dabb3186623d244b65a - - default default] Successfully bumped revision number for resource d76d6b92-d7b8-4e53-8562-6bcc73c28d69 (type: security_group_rules) to 0
2026-07-22 15:28:21.738 10 INFO neutron.wsgi [None req-01dd9337-f390-4a71-b09b-25201575f232 61f62cf95a364877a99da0179ab26f1d 1345eadd26924dabb3186623d244b65a - - default default] 10.0.0.179 "POST /v2.0/security-groups HTTP/1.1" status: 201 len: 1737 time: 0.2059357
2026-07-22 15:28:21.747 9 INFO neutron.wsgi [None req-09502f87-5864-4033-94ec-755c5c4ed69d 5c2d2eea7ebd43eaafe62f9f7646482d 1cefd14a2ae340718011307e746df049 - - default default] 10.0.0.179 "DELETE /v2.0/security-groups/ff9ec9d0-df9d-4146-b96b-404a65aa5cf9 HTTP/1.1" status: 204 len: 168 time: 0.2378831
2026-07-22 15:28:21.778 10 INFO neutron.wsgi [None req-0ed9e235-5a57-48d5-bb12-cb8bf14611c7 61f62cf95a364877a99da0179ab26f1d 1345eadd26924dabb3186623d244b65a - - default default] 10.0.0.179 "PUT /v2.0/security-groups/00abccd8-83c1-4a1d-87a6-dff4b321dc5f/tags HTTP/1.1" status: 200 len: 210 time: 0.0335801
2026-07-22 15:28:21.820 10 INFO neutron.wsgi [None req-50cabd8e-2170-4f87-8607-0e288fd88eea 61f62cf95a364877a99da0179ab26f1d 1345eadd26924dabb3186623d244b65a - - default default] 10.0.0.179 "PUT /v2.0/security-groups/ca117424-3d2e-4960-b30b-56c8a053d2c5/tags HTTP/1.1" status: 200 len: 218 time: 0.0376036
2026-07-22 15:28:21.858 10 INFO neutron.wsgi [None req-3fc9a9bf-9aff-42dd-a1b9-4e12ad68afd0 61f62cf95a364877a99da0179ab26f1d 1345eadd26924dabb3186623d244b65a - - default default] 10.0.0.179 "PUT /v2.0/security-groups/78466347-758c-4971-8c99-6f62bbf38720/tags HTTP/1.1" status: 200 len: 227 time: 0.0343373
2026-07-22 15:28:21.911 9 INFO neutron.wsgi [None req-9211c320-0261-4276-802b-78d42a44bfdf 61f62cf95a364877a99da0179ab26f1d 1345eadd26924dabb3186623d244b65a - - default default] 10.0.0.179 "PUT /v2.0/security-groups/47870ee8-ceae-454d-9d01-37b7c8f173ca/tags HTTP/1.1" status: 200 len: 212 time: 0.0474167
2026-07-22 15:28:21.963 10 INFO neutron.wsgi [None req-208bf75e-8fad-4ebd-a81d-83cfd18deadc 61f62cf95a364877a99da0179ab26f1d 1345eadd26924dabb3186623d244b65a - - default default] 10.0.0.179 "GET /v2.0/security-groups?tags=red HTTP/1.1" status: 200 len: 4813 time: 0.0488193
2026-07-22 15:28:21.968 9 INFO neutron.wsgi [None req-b29c50d5-0ef5-4e6d-aaad-c7acf1fce7b7 5c2d2eea7ebd43eaafe62f9f7646482d 1cefd14a2ae340718011307e746df049 - - default default] 10.0.0.179 "GET /v2.0/security-groups?tenant_id=6ae1af299bd8499c92522323c98dede1&name=default HTTP/1.1" status: 200 len: 2996 time: 0.0378923
2026-07-22 15:28:22.011 10 INFO neutron.wsgi [None req-d55efa75-a204-4d17-b712-099717b8d540 61f62cf95a364877a99da0179ab26f1d 1345eadd26924dabb3186623d244b65a - - default default] 10.0.0.179 "GET /v2.0/security-groups?tags=red%2Cblue HTTP/1.1" status: 200 len: 3289 time: 0.0430868
2026-07-22 15:28:22.067 10 INFO neutron.wsgi [None req-c00f537e-6ecc-4c3b-9dcc-1b70a5274a9d 61f62cf95a364877a99da0179ab26f1d 1345eadd26924dabb3186623d244b65a - - default default] 10.0.0.179 "GET /v2.0/security-groups?tags-any=blue HTTP/1.1" status: 200 len: 3289 time: 0.0502932
2026-07-22 15:28:22.121 10 INFO neutron.wsgi [None req-61f159c7-4998-463c-8533-ccb6bbed12bb 61f62cf95a364877a99da0179ab26f1d 1345eadd26924dabb3186623d244b65a - - default default] 10.0.0.179 "GET /v2.0/security-groups?tags-any=red%2Cblue HTTP/1.1" status: 200 len: 4813 time: 0.0481596
2026-07-22 15:28:22.177 10 INFO neutron.wsgi [None req-1aa1bff6-62ca-4b15-ad48-9f0a2652b0bc 61f62cf95a364877a99da0179ab26f1d 1345eadd26924dabb3186623d244b65a - - default default] 10.0.0.179 "GET /v2.0/security-groups?not-tags=red HTTP/1.1" status: 200 len: 6041 time: 0.0494263
2026-07-22 15:28:22.180 9 INFO neutron.wsgi [None req-c8e11f26-9f24-47ac-9f03-73336cbb83e9 5c2d2eea7ebd43eaafe62f9f7646482d 1cefd14a2ae340718011307e746df049 - - default default] 10.0.0.179 "DELETE /v2.0/security-groups/6390cce2-8781-4bbc-8faf-f97c72ba1354 HTTP/1.1" status: 204 len: 168 time: 0.2073889
2026-07-22 15:28:22.236 9 INFO neutron.wsgi [None req-987aae47-a6df-4893-973d-5a7a18a330b1 61f62cf95a364877a99da0179ab26f1d 1345eadd26924dabb3186623d244b65a - - default default] 10.0.0.179 "GET /v2.0/security-groups?not-tags=red%2Cblue HTTP/1.1" status: 200 len: 7565 time: 0.0537477
2026-07-22 15:28:22.290 9 INFO neutron.wsgi [None req-a8f68891-ef39-473d-b4c6-f2dffaea42f9 61f62cf95a364877a99da0179ab26f1d 1345eadd26924dabb3186623d244b65a - - default default] 10.0.0.179 "GET /v2.0/security-groups?not-tags-any=blue HTTP/1.1" status: 200 len: 7565 time: 0.0483098
2026-07-22 15:28:22.351 9 INFO neutron.wsgi [None req-a46c65f5-63d6-46fd-b6fd-edf863b840d4 61f62cf95a364877a99da0179ab26f1d 1345eadd26924dabb3186623d244b65a - - default default] 10.0.0.179 "GET /v2.0/security-groups?not-tags-any=red%2Cblue HTTP/1.1" status: 200 len: 6041 time: 0.0419562
2026-07-22 15:28:22.473 9 INFO neutron.wsgi [None req-8624db48-1006-47ac-b92e-efb31e601149 61f62cf95a364877a99da0179ab26f1d 1345eadd26924dabb3186623d244b65a - - default default] 10.0.0.179 "DELETE /v2.0/security-groups/00abccd8-83c1-4a1d-87a6-dff4b321dc5f HTTP/1.1" status: 204 len: 168 time: 0.1156757
2026-07-22 15:28:22.635 10 INFO neutron.wsgi [None req-fbd42edd-2d42-43e6-ba53-ebb320561511 61f62cf95a364877a99da0179ab26f1d 1345eadd26924dabb3186623d244b65a - - default default] 10.0.0.179 "DELETE /v2.0/security-groups/ca117424-3d2e-4960-b30b-56c8a053d2c5 HTTP/1.1" status: 204 len: 168 time: 0.1553931
2026-07-22 15:28:22.765 10 INFO neutron.wsgi [None req-66bbe15e-d3e9-44c0-a93d-d3315364da8f 61f62cf95a364877a99da0179ab26f1d 1345eadd26924dabb3186623d244b65a - - default default] 10.0.0.179 "DELETE /v2.0/security-groups/78466347-758c-4971-8c99-6f62bbf38720 HTTP/1.1" status: 204 len: 168 time: 0.1246719
2026-07-22 15:28:22.894 10 INFO neutron.wsgi [None req-e41eed13-ac6d-4bc9-a95e-c968a5707590 61f62cf95a364877a99da0179ab26f1d 1345eadd26924dabb3186623d244b65a - - default default] 10.0.0.179 "DELETE /v2.0/security-groups/47870ee8-ceae-454d-9d01-37b7c8f173ca HTTP/1.1" status: 204 len: 168 time: 0.1249413
2026-07-22 15:28:23.019 10 INFO neutron.wsgi [None req-feb4e16e-7544-471c-817a-801ab026be5f 61f62cf95a364877a99da0179ab26f1d 1345eadd26924dabb3186623d244b65a - - default default] 10.0.0.179 "DELETE /v2.0/security-groups/11c9e611-c1a2-402f-bf0d-e55a971500a3 HTTP/1.1" status: 204 len: 168 time: 0.1208763
2026-07-22 15:28:24.169 10 INFO neutron.db.ovn_revision_numbers_db [None req-3dc8cdec-c831-479d-9cb9-88774d94b344 5c2d2eea7ebd43eaafe62f9f7646482d 1cefd14a2ae340718011307e746df049 - - default default] Successfully bumped revision number for resource d98a492b-4653-4576-addd-66577d483cf3 (type: security_groups) to 1
2026-07-22 15:28:24.188 10 INFO neutron.db.ovn_revision_numbers_db [None req-3dc8cdec-c831-479d-9cb9-88774d94b344 5c2d2eea7ebd43eaafe62f9f7646482d 1cefd14a2ae340718011307e746df049 - - default default] Successfully bumped revision number for resource 153e99a1-1a5c-4f82-93a6-cbda512f8b26 (type: security_group_rules) to 0
2026-07-22 15:28:24.202 10 INFO neutron.db.ovn_revision_numbers_db [None req-3dc8cdec-c831-479d-9cb9-88774d94b344 5c2d2eea7ebd43eaafe62f9f7646482d 1cefd14a2ae340718011307e746df049 - - default default] Successfully bumped revision number for resource 5d825cf8-b14b-4ae4-bd0c-ce92bf3595fc (type: security_group_rules) to 0
2026-07-22 15:28:24.225 10 INFO neutron.db.ovn_revision_numbers_db [None req-3dc8cdec-c831-479d-9cb9-88774d94b344 5c2d2eea7ebd43eaafe62f9f7646482d 1cefd14a2ae340718011307e746df049 - - default default] Successfully bumped revision number for resource 6b5f053e-a06d-46f9-922d-7cd590ec7ebd (type: security_group_rules) to 0
2026-07-22 15:28:24.245 10 INFO neutron.db.ovn_revision_numbers_db [None req-3dc8cdec-c831-479d-9cb9-88774d94b344 5c2d2eea7ebd43eaafe62f9f7646482d 1cefd14a2ae340718011307e746df049 - - default default] Successfully bumped revision number for resource f5d80929-5b5c-434f-9349-5da24c6b2b16 (type: security_group_rules) to 0
2026-07-22 15:28:24.271 10 INFO neutron.wsgi [None req-3dc8cdec-c831-479d-9cb9-88774d94b344 5c2d2eea7ebd43eaafe62f9f7646482d 1cefd14a2ae340718011307e746df049 - - default default] 10.0.0.179 "GET /v2.0/security-groups?tenant_id=4f22a6f40e004aa49b64445921518db7&name=default HTTP/1.1" status: 200 len: 2996 time: 0.3398738
2026-07-22 15:28:24.524 10 INFO neutron.wsgi [None req-1a1a4743-379f-4071-a1d8-60b1f4be30c1 5c2d2eea7ebd43eaafe62f9f7646482d 1cefd14a2ae340718011307e746df049 - - default default] 10.0.0.179 "DELETE /v2.0/security-groups/d98a492b-4653-4576-addd-66577d483cf3 HTTP/1.1" status: 204 len: 168 time: 0.2491839
2026-07-22 15:28:24.709 10 INFO neutron.wsgi [None req-38dc0908-47db-4ca5-9e23-5c83f8fc5fe5 5c2d2eea7ebd43eaafe62f9f7646482d 1cefd14a2ae340718011307e746df049 - - default default] 10.0.0.179 "GET /v2.0/security-groups?tenant_id=1345eadd26924dabb3186623d244b65a&name=default HTTP/1.1" status: 200 len: 2996 time: 0.0681894
2026-07-22 15:28:24.787 10 INFO neutron.db.ovn_revision_numbers_db [None req-43f2a683-aa15-4e98-9da7-843749d72361 b404445a7f90413bb5654b5994203c7a a1b47c3a46cf4ad1a13eae73bb7e0cb8 - - default default] Successfully bumped revision number for resource 1414586d-e530-4cda-8840-948e57ebe5f8 (type: security_groups) to 1
2026-07-22 15:28:24.806 10 INFO neutron.db.ovn_revision_numbers_db [None req-43f2a683-aa15-4e98-9da7-843749d72361 b404445a7f90413bb5654b5994203c7a a1b47c3a46cf4ad1a13eae73bb7e0cb8 - - default default] Successfully bumped revision number for resource 10b80586-c8cc-4114-886c-c9f58192dc89 (type: security_group_rules) to 0
2026-07-22 15:28:24.825 10 INFO neutron.db.ovn_revision_numbers_db [None req-43f2a683-aa15-4e98-9da7-843749d72361 b404445a7f90413bb5654b5994203c7a a1b47c3a46cf4ad1a13eae73bb7e0cb8 - - default default] Successfully bumped revision number for resource 51ceac78-26de-4672-a29b-f7424b74f608 (type: security_group_rules) to 0
2026-07-22 15:28:24.841 10 INFO neutron.db.ovn_revision_numbers_db [None req-43f2a683-aa15-4e98-9da7-843749d72361 b404445a7f90413bb5654b5994203c7a a1b47c3a46cf4ad1a13eae73bb7e0cb8 - - default default] Successfully bumped revision number for resource b3dbac37-3214-4cba-b233-3b3f57e33457 (type: security_group_rules) to 0
2026-07-22 15:28:24.863 10 INFO neutron.db.ovn_revision_numbers_db [None req-43f2a683-aa15-4e98-9da7-843749d72361 b404445a7f90413bb5654b5994203c7a a1b47c3a46cf4ad1a13eae73bb7e0cb8 - - default default] Successfully bumped revision number for resource e785b0e8-a71b-4556-a244-28fd44e85f6a (type: security_group_rules) to 0
2026-07-22 15:28:24.938 10 INFO neutron.db.segments_db [None req-43f2a683-aa15-4e98-9da7-843749d72361 b404445a7f90413bb5654b5994203c7a a1b47c3a46cf4ad1a13eae73bb7e0cb8 - - default default] Added segment d456e56e-730c-43ce-8be5-907cf1ece542 of type geneve for network da9e9cac-7e41-466a-836e-4937d1867822
2026-07-22 15:28:24.968 10 INFO neutron.wsgi [None req-17f7914b-aff1-484b-a366-bb95215577a7 5c2d2eea7ebd43eaafe62f9f7646482d 1cefd14a2ae340718011307e746df049 - - default default] 10.0.0.179 "DELETE /v2.0/security-groups/a478ef36-723c-460c-847b-329a75f18b28 HTTP/1.1" status: 204 len: 168 time: 0.2536640
2026-07-22 15:28:25.102 10 INFO neutron.db.ovn_revision_numbers_db [None req-43f2a683-aa15-4e98-9da7-843749d72361 b404445a7f90413bb5654b5994203c7a a1b47c3a46cf4ad1a13eae73bb7e0cb8 - - default default] Successfully bumped revision number for resource da9e9cac-7e41-466a-836e-4937d1867822 (type: networks) to 1
2026-07-22 15:28:25.244 9 INFO neutron.db.ovn_revision_numbers_db [None req-398e2467-69cd-4fd2-8a32-4df063cca3b5 5c2d2eea7ebd43eaafe62f9f7646482d 1cefd14a2ae340718011307e746df049 - - default default] Successfully bumped revision number for resource b8467ce8-1b60-49f3-b8c3-6689b88f1984 (type: security_groups) to 1
2026-07-22 15:28:25.256 9 INFO neutron.db.ovn_revision_numbers_db [None req-398e2467-69cd-4fd2-8a32-4df063cca3b5 5c2d2eea7ebd43eaafe62f9f7646482d 1cefd14a2ae340718011307e746df049 - - default default] Successfully bumped revision number for resource 5481b3bd-489a-4dad-9ffe-e0e0651a7161 (type: security_group_rules) to 0
2026-07-22 15:28:25.272 9 INFO neutron.db.ovn_revision_numbers_db [None req-398e2467-69cd-4fd2-8a32-4df063cca3b5 5c2d2eea7ebd43eaafe62f9f7646482d 1cefd14a2ae340718011307e746df049 - - default default] Successfully bumped revision number for resource 9807ec7d-e343-48a0-b768-f8552c8f42ea (type: security_group_rules) to 0
2026-07-22 15:28:25.272 10 WARNING neutron.scheduler.dhcp_agent_scheduler [None req-43f2a683-aa15-4e98-9da7-843749d72361 b404445a7f90413bb5654b5994203c7a a1b47c3a46cf4ad1a13eae73bb7e0cb8 - - default default] No more DHCP agents
2026-07-22 15:28:25.275 10 WARNING neutron.api.rpc.agentnotifiers.dhcp_rpc_agent_api [None req-43f2a683-aa15-4e98-9da7-843749d72361 b404445a7f90413bb5654b5994203c7a a1b47c3a46cf4ad1a13eae73bb7e0cb8 - - default default] Unable to schedule network da9e9cac-7e41-466a-836e-4937d1867822: no agents available; will retry on subsequent port and subnet creation events.
2026-07-22 15:28:25.288 9 INFO neutron.db.ovn_revision_numbers_db [None req-398e2467-69cd-4fd2-8a32-4df063cca3b5 5c2d2eea7ebd43eaafe62f9f7646482d 1cefd14a2ae340718011307e746df049 - - default default] Successfully bumped revision number for resource daf45378-1127-4e9d-bab5-7be52c61dc2d (type: security_group_rules) to 0
2026-07-22 15:28:25.302 9 INFO neutron.db.ovn_revision_numbers_db [None req-398e2467-69cd-4fd2-8a32-4df063cca3b5 5c2d2eea7ebd43eaafe62f9f7646482d 1cefd14a2ae340718011307e746df049 - - default default] Successfully bumped revision number for resource f7be0217-e0e7-4438-b371-dd9b4c8f83cc (type: security_group_rules) to 0
2026-07-22 15:28:25.329 9 INFO neutron.wsgi [None req-398e2467-69cd-4fd2-8a32-4df063cca3b5 5c2d2eea7ebd43eaafe62f9f7646482d 1cefd14a2ae340718011307e746df049 - - default default] 10.0.0.179 "GET /v2.0/security-groups?tenant_id=869bdb440ebd454595b9f41c7d2072db&name=default HTTP/1.1" status: 200 len: 3000 time: 0.1856096
2026-07-22 15:28:25.378 10 INFO neutron.db.ovn_revision_numbers_db [None req-43f2a683-aa15-4e98-9da7-843749d72361 b404445a7f90413bb5654b5994203c7a a1b47c3a46cf4ad1a13eae73bb7e0cb8 - - default default] Successfully bumped revision number for resource 10d7c779-0979-4531-97d8-84534f61200c (type: ports) to 1
2026-07-22 15:28:25.412 10 INFO neutron.wsgi [None req-43f2a683-aa15-4e98-9da7-843749d72361 b404445a7f90413bb5654b5994203c7a a1b47c3a46cf4ad1a13eae73bb7e0cb8 - - default default] 10.0.0.179 "POST /v2.0/networks HTTP/1.1" status: 201 len: 831 time: 0.9762771
2026-07-22 15:28:25.574 9 INFO neutron.wsgi [None req-cc47e9fa-25fc-4ed7-bc5a-0a327939a430 5c2d2eea7ebd43eaafe62f9f7646482d 1cefd14a2ae340718011307e746df049 - - default default] 10.0.0.179 "DELETE /v2.0/security-groups/b8467ce8-1b60-49f3-b8c3-6689b88f1984 HTTP/1.1" status: 204 len: 168 time: 0.2372100
2026-07-22 15:28:25.688 10 WARNING neutron.scheduler.dhcp_agent_scheduler [None req-af899daf-bbce-4615-8996-fca6918ac172 b404445a7f90413bb5654b5994203c7a a1b47c3a46cf4ad1a13eae73bb7e0cb8 - - default default] No more DHCP agents
2026-07-22 15:28:25.693 10 WARNING neutron.api.rpc.agentnotifiers.dhcp_rpc_agent_api [None req-af899daf-bbce-4615-8996-fca6918ac172 b404445a7f90413bb5654b5994203c7a a1b47c3a46cf4ad1a13eae73bb7e0cb8 - - default default] Unable to schedule network da9e9cac-7e41-466a-836e-4937d1867822: no agents available; will retry on subsequent port and subnet creation events.
2026-07-22 15:28:25.774 10 INFO neutron.db.ovn_revision_numbers_db [None req-af899daf-bbce-4615-8996-fca6918ac172 b404445a7f90413bb5654b5994203c7a a1b47c3a46cf4ad1a13eae73bb7e0cb8 - - default default] Successfully bumped revision number for resource d18339fb-9c9d-42bb-9efb-9bcaed7684ee (type: ports) to 1
2026-07-22 15:28:25.800 10 INFO neutron.wsgi [None req-af899daf-bbce-4615-8996-fca6918ac172 b404445a7f90413bb5654b5994203c7a a1b47c3a46cf4ad1a13eae73bb7e0cb8 - - default default] 10.0.0.179 "POST /v2.0/ports HTTP/1.1" status: 201 len: 942 time: 0.3817160 /var/lib/openstack/lib/python3.10/site-packages/pycadf/identifier.py:71: UserWarning: Invalid uuid: neutron. To ensure interoperability, identifiers should be a valid uuid. warnings.warn(('Invalid uuid: %s. To ensure interoperability, '
2026-07-22 15:28:25.858 9 INFO neutron.db.ovn_revision_numbers_db [None req-223a89f4-2db6-4cb0-9db9-65246790f391 e27dd1d312f548ddba5401617801d3bc 6c002fdcbdcb4545b6fafabf3b2771ee - - default default] Successfully bumped revision number for resource 6553d47e-4b8a-4e41-8a64-ffce9292b8a5 (type: security_groups) to 1
2026-07-22 15:28:25.871 9 INFO neutron.db.ovn_revision_numbers_db [None req-223a89f4-2db6-4cb0-9db9-65246790f391 e27dd1d312f548ddba5401617801d3bc 6c002fdcbdcb4545b6fafabf3b2771ee - - default default] Successfully bumped revision number for resource 00f42c5a-a713-4a24-af59-3c21e9764a0b (type: security_group_rules) to 0
2026-07-22 15:28:25.887 9 INFO neutron.db.ovn_revision_numbers_db [None req-223a89f4-2db6-4cb0-9db9-65246790f391 e27dd1d312f548ddba5401617801d3bc 6c002fdcbdcb4545b6fafabf3b2771ee - - default default] Successfully bumped revision number for resource 29fac894-53e7-44c4-a2ec-c51b4db91ecb (type: security_group_rules) to 0
2026-07-22 15:28:25.903 9 INFO neutron.db.ovn_revision_numbers_db [None req-223a89f4-2db6-4cb0-9db9-65246790f391 e27dd1d312f548ddba5401617801d3bc 6c002fdcbdcb4545b6fafabf3b2771ee - - default default] Successfully bumped revision number for resource 6f3b3417-d5db-44be-b186-2d6cad70ea8e (type: security_group_rules) to 0
2026-07-22 15:28:25.919 9 INFO neutron.db.ovn_revision_numbers_db [None req-223a89f4-2db6-4cb0-9db9-65246790f391 e27dd1d312f548ddba5401617801d3bc 6c002fdcbdcb4545b6fafabf3b2771ee - - default default] Successfully bumped revision number for resource 7659fcb2-f78a-4d46-b53b-994d0f2da4db (type: security_group_rules) to 0
2026-07-22 15:28:25.974 9 INFO neutron.db.segments_db [None req-223a89f4-2db6-4cb0-9db9-65246790f391 e27dd1d312f548ddba5401617801d3bc 6c002fdcbdcb4545b6fafabf3b2771ee - - default default] Added segment 956749c6-2df8-4200-ac15-b286146e743d of type geneve for network af409881-009b-4304-a6af-06fe63f8f54e
2026-07-22 15:28:26.033 10 INFO neutron.wsgi [None req-b6b0927b-a6d3-4e12-9c74-fa17dc916eee b404445a7f90413bb5654b5994203c7a a1b47c3a46cf4ad1a13eae73bb7e0cb8 - - default default] 10.0.0.179 "POST /v2.0/trunks HTTP/1.1" status: 201 len: 608 time: 0.2279480
2026-07-22 15:28:26.130 9 INFO neutron.db.ovn_revision_numbers_db [None req-223a89f4-2db6-4cb0-9db9-65246790f391 e27dd1d312f548ddba5401617801d3bc 6c002fdcbdcb4545b6fafabf3b2771ee - - default default] Successfully bumped revision number for resource af409881-009b-4304-a6af-06fe63f8f54e (type: networks) to 1
2026-07-22 15:28:26.137 10 INFO neutron.db.segments_db [None req-7a340c6c-4e54-4e3b-b917-628191608ac5 b404445a7f90413bb5654b5994203c7a a1b47c3a46cf4ad1a13eae73bb7e0cb8 - - default default] Added segment 31fbac1f-d1c2-41d4-bb7a-0ca66283250d of type geneve for network 5902b985-79dc-4532-9ec0-fff6f2ccb1d8
2026-07-22 15:28:26.279 10 INFO neutron.db.ovn_revision_numbers_db [None req-7a340c6c-4e54-4e3b-b917-628191608ac5 b404445a7f90413bb5654b5994203c7a a1b47c3a46cf4ad1a13eae73bb7e0cb8 - - default default] Successfully bumped revision number for resource 5902b985-79dc-4532-9ec0-fff6f2ccb1d8 (type: networks) to 1
2026-07-22 15:28:26.310 9 WARNING neutron.scheduler.dhcp_agent_scheduler [None req-223a89f4-2db6-4cb0-9db9-65246790f391 e27dd1d312f548ddba5401617801d3bc 6c002fdcbdcb4545b6fafabf3b2771ee - - default default] No more DHCP agents
2026-07-22 15:28:26.317 9 WARNING neutron.api.rpc.agentnotifiers.dhcp_rpc_agent_api [None req-223a89f4-2db6-4cb0-9db9-65246790f391 e27dd1d312f548ddba5401617801d3bc 6c002fdcbdcb4545b6fafabf3b2771ee - - default default] Unable to schedule network af409881-009b-4304-a6af-06fe63f8f54e: no agents available; will retry on subsequent port and subnet creation events.
2026-07-22 15:28:26.392 9 INFO neutron.db.ovn_revision_numbers_db [None req-223a89f4-2db6-4cb0-9db9-65246790f391 e27dd1d312f548ddba5401617801d3bc 6c002fdcbdcb4545b6fafabf3b2771ee - - default default] Successfully bumped revision number for resource d902c38e-b541-487f-b0a5-dc4c5f5c77c9 (type: ports) to 1
2026-07-22 15:28:26.415 9 INFO neutron.wsgi [None req-223a89f4-2db6-4cb0-9db9-65246790f391 e27dd1d312f548ddba5401617801d3bc 6c002fdcbdcb4545b6fafabf3b2771ee - - default default] 10.0.0.179 "POST /v2.0/networks HTTP/1.1" status: 201 len: 831 time: 0.8675780
2026-07-22 15:28:26.460 10 WARNING neutron.scheduler.dhcp_agent_scheduler [None req-7a340c6c-4e54-4e3b-b917-628191608ac5 b404445a7f90413bb5654b5994203c7a a1b47c3a46cf4ad1a13eae73bb7e0cb8 - - default default] No more DHCP agents
2026-07-22 15:28:26.463 10 WARNING neutron.api.rpc.agentnotifiers.dhcp_rpc_agent_api [None req-7a340c6c-4e54-4e3b-b917-628191608ac5 b404445a7f90413bb5654b5994203c7a a1b47c3a46cf4ad1a13eae73bb7e0cb8 - - default default] Unable to schedule network 5902b985-79dc-4532-9ec0-fff6f2ccb1d8: no agents available; will retry on subsequent port and subnet creation events.
2026-07-22 15:28:26.562 10 INFO neutron.db.ovn_revision_numbers_db [None req-7a340c6c-4e54-4e3b-b917-628191608ac5 b404445a7f90413bb5654b5994203c7a a1b47c3a46cf4ad1a13eae73bb7e0cb8 - - default default] Successfully bumped revision number for resource 90214314-88bb-47ac-85bb-ec6b9e31b8e8 (type: ports) to 1
2026-07-22 15:28:26.593 10 INFO neutron.wsgi [None req-7a340c6c-4e54-4e3b-b917-628191608ac5 b404445a7f90413bb5654b5994203c7a a1b47c3a46cf4ad1a13eae73bb7e0cb8 - - default default] 10.0.0.179 "POST /v2.0/networks HTTP/1.1" status: 201 len: 830 time: 0.5533204
2026-07-22 15:28:27.028 9 WARNING neutron.scheduler.dhcp_agent_scheduler [None req-970c8856-faf4-427b-9c3a-e07155be4882 e27dd1d312f548ddba5401617801d3bc 6c002fdcbdcb4545b6fafabf3b2771ee - - default default] No more DHCP agents
2026-07-22 15:28:27.033 9 WARNING neutron.api.rpc.agentnotifiers.dhcp_rpc_agent_api [None req-970c8856-faf4-427b-9c3a-e07155be4882 e27dd1d312f548ddba5401617801d3bc 6c002fdcbdcb4545b6fafabf3b2771ee - - default default] Unable to schedule network af409881-009b-4304-a6af-06fe63f8f54e: no agents available; will retry on subsequent port and subnet creation events.
2026-07-22 15:28:27.190 9 INFO neutron.db.ovn_revision_numbers_db [None req-970c8856-faf4-427b-9c3a-e07155be4882 e27dd1d312f548ddba5401617801d3bc 6c002fdcbdcb4545b6fafabf3b2771ee - - default default] Successfully bumped revision number for resource 29d82f8a-e303-4349-9c42-4e502f063bd1 (type: ports) to 1
2026-07-22 15:28:27.226 9 INFO neutron.wsgi [None req-970c8856-faf4-427b-9c3a-e07155be4882 e27dd1d312f548ddba5401617801d3bc 6c002fdcbdcb4545b6fafabf3b2771ee - - default default] 10.0.0.179 "POST /v2.0/ports HTTP/1.1" status: 201 len: 942 time: 0.8037040
2026-07-22 15:28:27.250 9 WARNING neutron.scheduler.dhcp_agent_scheduler [None req-77c071e4-094b-4deb-8684-9212827bb189 b404445a7f90413bb5654b5994203c7a a1b47c3a46cf4ad1a13eae73bb7e0cb8 - - default default] No more DHCP agents
2026-07-22 15:28:27.254 9 WARNING neutron.api.rpc.agentnotifiers.dhcp_rpc_agent_api [None req-77c071e4-094b-4deb-8684-9212827bb189 b404445a7f90413bb5654b5994203c7a a1b47c3a46cf4ad1a13eae73bb7e0cb8 - - default default] Unable to schedule network 5902b985-79dc-4532-9ec0-fff6f2ccb1d8: no agents available; will retry on subsequent port and subnet creation events.
2026-07-22 15:28:27.273 10 INFO neutron.wsgi [None req-8f31cc0c-0c5a-432e-a129-2103b87dfadb e27dd1d312f548ddba5401617801d3bc 6c002fdcbdcb4545b6fafabf3b2771ee - - default default] 10.0.0.179 "PUT /v2.0/ports/29d82f8a-e303-4349-9c42-4e502f063bd1/tags HTTP/1.1" status: 200 len: 218 time: 0.0426483
2026-07-22 15:28:27.311 10 INFO neutron.wsgi [None req-04962ef1-458e-41ac-a5a7-015975c0faaa e27dd1d312f548ddba5401617801d3bc 6c002fdcbdcb4545b6fafabf3b2771ee - - default default] 10.0.0.179 "GET /v2.0/ports/29d82f8a-e303-4349-9c42-4e502f063bd1/tags HTTP/1.1" status: 200 len: 218 time: 0.0324576
2026-07-22 15:28:27.360 9 INFO neutron.db.ovn_revision_numbers_db [None req-77c071e4-094b-4deb-8684-9212827bb189 b404445a7f90413bb5654b5994203c7a a1b47c3a46cf4ad1a13eae73bb7e0cb8 - - default default] Successfully bumped revision number for resource b57af94b-fb7c-4f9e-bef3-d27d079a28b2 (type: ports) to 1
2026-07-22 15:28:27.364 10 INFO neutron.wsgi [None req-721d0528-4fec-441f-98e0-d2f2d8f51eaa e27dd1d312f548ddba5401617801d3bc 6c002fdcbdcb4545b6fafabf3b2771ee - - default default] 10.0.0.179 "PUT /v2.0/ports/29d82f8a-e303-4349-9c42-4e502f063bd1/tags/green HTTP/1.1" status: 201 len: 201 time: 0.0451586
2026-07-22 15:28:27.390 9 INFO neutron.wsgi [None req-77c071e4-094b-4deb-8684-9212827bb189 b404445a7f90413bb5654b5994203c7a a1b47c3a46cf4ad1a13eae73bb7e0cb8 - - default default] 10.0.0.179 "POST /v2.0/ports HTTP/1.1" status: 201 len: 942 time: 0.7916570
2026-07-22 15:28:27.400 10 INFO neutron.wsgi [None req-3ac4bc6b-7c31-46a3-b4e5-ed0ca05b3ea0 e27dd1d312f548ddba5401617801d3bc 6c002fdcbdcb4545b6fafabf3b2771ee - - default default] 10.0.0.179 "GET /v2.0/ports/29d82f8a-e303-4349-9c42-4e502f063bd1/tags HTTP/1.1" status: 200 len: 227 time: 0.0303009 /var/lib/openstack/lib/python3.10/site-packages/pycadf/identifier.py:71: UserWarning: Invalid uuid: neutron. To ensure interoperability, identifiers should be a valid uuid. warnings.warn(('Invalid uuid: %s. To ensure interoperability, '
2026-07-22 15:28:27.443 9 INFO neutron.wsgi [None req-71e0f39d-076f-4c31-8420-c0a4047c6203 e27dd1d312f548ddba5401617801d3bc 6c002fdcbdcb4545b6fafabf3b2771ee - - default default] 10.0.0.179 "PUT /v2.0/ports/29d82f8a-e303-4349-9c42-4e502f063bd1/tags/red HTTP/1.1" status: 201 len: 201 time: 0.0364304
2026-07-22 15:28:27.490 9 INFO neutron.wsgi [None req-e284d85c-5dd0-4acc-8684-3b4f50394465 e27dd1d312f548ddba5401617801d3bc 6c002fdcbdcb4545b6fafabf3b2771ee - - default default] 10.0.0.179 "GET /v2.0/ports/29d82f8a-e303-4349-9c42-4e502f063bd1/tags HTTP/1.1" status: 200 len: 227 time: 0.0422225
2026-07-22 15:28:27.542 9 INFO neutron.wsgi [None req-a8dbadac-0ead-47b2-8de6-a4ab05215c98 e27dd1d312f548ddba5401617801d3bc 6c002fdcbdcb4545b6fafabf3b2771ee - - default default] 10.0.0.179 "PUT /v2.0/ports/29d82f8a-e303-4349-9c42-4e502f063bd1/tags/black.or.white HTTP/1.1" status: 201 len: 201 time: 0.0463767
2026-07-22 15:28:27.577 9 INFO neutron.wsgi [None req-0e2f9952-deea-47f7-9b68-8b9e8c5a175d e27dd1d312f548ddba5401617801d3bc 6c002fdcbdcb4545b6fafabf3b2771ee - - default default] 10.0.0.179 "GET /v2.0/ports/29d82f8a-e303-4349-9c42-4e502f063bd1/tags HTTP/1.1" status: 200 len: 245 time: 0.0297148
2026-07-22 15:28:27.632 9 INFO neutron.wsgi [None req-93d3e5ad-7c77-4185-b816-a17e2adf86d1 e27dd1d312f548ddba5401617801d3bc 6c002fdcbdcb4545b6fafabf3b2771ee - - default default] 10.0.0.179 "PUT /v2.0/ports/29d82f8a-e303-4349-9c42-4e502f063bd1/tags HTTP/1.1" status: 200 len: 230 time: 0.0472281
2026-07-22 15:28:27.641 10 INFO neutron.wsgi [None req-e8e1631c-28ec-4240-8d54-cef90e541250 b404445a7f90413bb5654b5994203c7a a1b47c3a46cf4ad1a13eae73bb7e0cb8 - - default default] 10.0.0.179 "POST /v2.0/trunks HTTP/1.1" status: 201 len: 608 time: 0.2371213
2026-07-22 15:28:27.676 10 INFO neutron.wsgi [None req-429926d4-5df8-4704-866f-a34900103c20 e27dd1d312f548ddba5401617801d3bc 6c002fdcbdcb4545b6fafabf3b2771ee - - default default] 10.0.0.179 "GET /v2.0/ports/29d82f8a-e303-4349-9c42-4e502f063bd1/tags HTTP/1.1" status: 200 len: 230 time: 0.0399137
2026-07-22 15:28:27.726 10 INFO neutron.wsgi [None req-d23e08d7-4a39-4756-a5f0-0ebf563a0c24 e27dd1d312f548ddba5401617801d3bc 6c002fdcbdcb4545b6fafabf3b2771ee - - default default] 10.0.0.179 "GET /v2.0/ports/29d82f8a-e303-4349-9c42-4e502f063bd1/tags/red HTTP/1.1" status: 204 len: 168 time: 0.0443041
2026-07-22 15:28:27.741 9 INFO neutron.db.segments_db [None req-6d9976d7-32ac-4c27-be2f-900578afd40e b404445a7f90413bb5654b5994203c7a a1b47c3a46cf4ad1a13eae73bb7e0cb8 - - default default] Added segment a8905520-0a76-49a3-9309-4b2972b3bfa6 of type geneve for network 3fb3291f-d596-46f4-b4f3-beca98cccd8f
2026-07-22 15:28:27.759 10 INFO neutron.api.v2.resource [None req-63f25e3f-9b1f-4142-b380-c959ea46f492 e27dd1d312f548ddba5401617801d3bc 6c002fdcbdcb4545b6fafabf3b2771ee - - default default] show failed (client error): The resource could not be found.
2026-07-22 15:28:27.761 10 INFO neutron.wsgi [None req-63f25e3f-9b1f-4142-b380-c959ea46f492 e27dd1d312f548ddba5401617801d3bc 6c002fdcbdcb4545b6fafabf3b2771ee - - default default] 10.0.0.179 "GET /v2.0/ports/29d82f8a-e303-4349-9c42-4e502f063bd1/tags/green HTTP/1.1" status: 404 len: 299 time: 0.0291271
2026-07-22 15:28:27.814 10 INFO neutron.wsgi [None req-231ba074-ae89-4b17-a154-93a89da0b709 e27dd1d312f548ddba5401617801d3bc 6c002fdcbdcb4545b6fafabf3b2771ee - - default default] 10.0.0.179 "DELETE /v2.0/ports/29d82f8a-e303-4349-9c42-4e502f063bd1/tags/red HTTP/1.1" status: 204 len: 168 time: 0.0474970
2026-07-22 15:28:27.860 10 INFO neutron.wsgi [None req-2e66b0a7-d7d8-400b-bdd4-10bc953d3ed2 e27dd1d312f548ddba5401617801d3bc 6c002fdcbdcb4545b6fafabf3b2771ee - - default default] 10.0.0.179 "GET /v2.0/ports/29d82f8a-e303-4349-9c42-4e502f063bd1/tags HTTP/1.1" status: 200 len: 223 time: 0.0400863
2026-07-22 15:28:27.903 9 INFO neutron.db.ovn_revision_numbers_db [None req-6d9976d7-32ac-4c27-be2f-900578afd40e b404445a7f90413bb5654b5994203c7a a1b47c3a46cf4ad1a13eae73bb7e0cb8 - - default default] Successfully bumped revision number for resource 3fb3291f-d596-46f4-b4f3-beca98cccd8f (type: networks) to 1
2026-07-22 15:28:27.909 9 INFO neutron.api.v2.resource [None req-9d9a2e94-bc08-4946-9be8-ae4653166e50 e27dd1d312f548ddba5401617801d3bc 6c002fdcbdcb4545b6fafabf3b2771ee - - default default] delete failed (client error): The resource could not be found.
2026-07-22 15:28:27.910 9 INFO neutron.wsgi [None req-9d9a2e94-bc08-4946-9be8-ae4653166e50 e27dd1d312f548ddba5401617801d3bc 6c002fdcbdcb4545b6fafabf3b2771ee - - default default] 10.0.0.179 "DELETE /v2.0/ports/29d82f8a-e303-4349-9c42-4e502f063bd1/tags/green HTTP/1.1" status: 404 len: 299 time: 0.0462885
2026-07-22 15:28:27.961 10 INFO neutron.wsgi [None req-c6e03720-4dcb-457a-9550-6679c61b502c e27dd1d312f548ddba5401617801d3bc 6c002fdcbdcb4545b6fafabf3b2771ee - - default default] 10.0.0.179 "DELETE /v2.0/ports/29d82f8a-e303-4349-9c42-4e502f063bd1/tags HTTP/1.1" status: 204 len: 168 time: 0.0452003
2026-07-22 15:28:27.998 10 INFO neutron.wsgi [None req-df9c4158-c837-4f1f-884b-6fb57c8cbfc0 e27dd1d312f548ddba5401617801d3bc 6c002fdcbdcb4545b6fafabf3b2771ee - - default default] 10.0.0.179 "GET /v2.0/ports/29d82f8a-e303-4349-9c42-4e502f063bd1/tags HTTP/1.1" status: 200 len: 205 time: 0.0326059
2026-07-22 15:28:28.085 9 WARNING neutron.scheduler.dhcp_agent_scheduler [None req-6d9976d7-32ac-4c27-be2f-900578afd40e b404445a7f90413bb5654b5994203c7a a1b47c3a46cf4ad1a13eae73bb7e0cb8 - - default default] No more DHCP agents
2026-07-22 15:28:28.088 9 WARNING neutron.api.rpc.agentnotifiers.dhcp_rpc_agent_api [None req-6d9976d7-32ac-4c27-be2f-900578afd40e b404445a7f90413bb5654b5994203c7a a1b47c3a46cf4ad1a13eae73bb7e0cb8 - - default default] Unable to schedule network 3fb3291f-d596-46f4-b4f3-beca98cccd8f: no agents available; will retry on subsequent port and subnet creation events.
2026-07-22 15:28:28.170 9 INFO neutron.db.ovn_revision_numbers_db [None req-6d9976d7-32ac-4c27-be2f-900578afd40e b404445a7f90413bb5654b5994203c7a a1b47c3a46cf4ad1a13eae73bb7e0cb8 - - default default] Successfully bumped revision number for resource 8813adfd-c6b5-4766-9693-9f95b3bb8635 (type: ports) to 1
