2026-07-22 15:25:34.063 9 INFO neutron.notifiers.nova [-] Nova event matching ['req-48bd75d6-a34b-4c22-ad03-2b9ed715c876'] response: {'server_uuid': 'cfc38cab-4807-425e-9943-2168b8e4c99e', 'name': 'network-vif-plugged', 'status': 'completed', 'tag': '1e9f4b0b-05f4-4755-b5f9-d4134c86b08e', 'code': 200}
2026-07-22 15:25:34.064 9 INFO neutron.notifiers.nova [-] Nova event matching ['req-48bd75d6-a34b-4c22-ad03-2b9ed715c876'] response: {'server_uuid': 'cfc38cab-4807-425e-9943-2168b8e4c99e', 'name': 'network-vif-plugged', 'status': 'completed', 'tag': '1e9f4b0b-05f4-4755-b5f9-d4134c86b08e', 'code': 200}
2026-07-22 15:25:34.077 10 WARNING neutron.scheduler.dhcp_agent_scheduler [None req-45c183da-0886-4a82-b65c-ddd667b3316a 5a97a77e29e2470bbbb380e751f3cffd d9d62c16f487497896d74591b0657e22 - - default default] No more DHCP agents
2026-07-22 15:25:34.081 10 WARNING neutron.api.rpc.agentnotifiers.dhcp_rpc_agent_api [None req-45c183da-0886-4a82-b65c-ddd667b3316a 5a97a77e29e2470bbbb380e751f3cffd d9d62c16f487497896d74591b0657e22 - - default default] Unable to schedule network 96271742-5899-4be7-b10c-881afd9fe322: no agents available; will retry on subsequent port and subnet creation events.
2026-07-22 15:25:34.251 10 INFO neutron.db.ovn_revision_numbers_db [None req-45c183da-0886-4a82-b65c-ddd667b3316a 5a97a77e29e2470bbbb380e751f3cffd d9d62c16f487497896d74591b0657e22 - - default default] Successfully bumped revision number for resource c15d87d4-e887-4a81-a864-2f5ce1dfb68c (type: ports) to 1
2026-07-22 15:25:34.360 9 WARNING neutron.scheduler.dhcp_agent_scheduler [None req-15814a91-537b-4dd0-a1b8-642cb8b2d086 e0beeb94d2a94b82b6042e06780fbc08 07998739e50a4f7e94a3e87b2629af29 - - default default] No more DHCP agents
2026-07-22 15:25:34.362 9 WARNING neutron.api.rpc.agentnotifiers.dhcp_rpc_agent_api [None req-15814a91-537b-4dd0-a1b8-642cb8b2d086 e0beeb94d2a94b82b6042e06780fbc08 07998739e50a4f7e94a3e87b2629af29 - - default default] Unable to schedule network af6f4613-76da-4408-b3a0-90b7ccd341ed: no agents available; will retry on subsequent port and subnet creation events. /var/lib/openstack/lib/python3.10/site-packages/pycadf/identifier.py:71: UserWarning: Invalid uuid: neutron. To ensure interoperability, identifiers should be a valid uuid. warnings.warn(('Invalid uuid: %s. To ensure interoperability, '
2026-07-22 15:25:34.497 9 INFO neutron.db.ovn_revision_numbers_db [None req-15814a91-537b-4dd0-a1b8-642cb8b2d086 e0beeb94d2a94b82b6042e06780fbc08 07998739e50a4f7e94a3e87b2629af29 - - default default] Successfully bumped revision number for resource b51e1657-d851-44e8-b670-8547fdb66453 (type: ports) to 1
2026-07-22 15:25:34.547 9 INFO neutron.wsgi [req-44e80491-ec30-4e20-8d78-43903f1dd39d req-41d6f82c-5e61-47d7-a5bd-e57b151dd410 c2a5c053a51e4f19bf96ddbfbab7937f 39fa64bd1f4e4da8bfceb01b08119666 - - default default] 10.0.0.64 "GET /v2.0/ports?device_id=cfc38cab-4807-425e-9943-2168b8e4c99e HTTP/1.1" status: 200 len: 1174 time: 0.1075599
2026-07-22 15:25:34.549 9 INFO neutron.wsgi [None req-15814a91-537b-4dd0-a1b8-642cb8b2d086 e0beeb94d2a94b82b6042e06780fbc08 07998739e50a4f7e94a3e87b2629af29 - - default default] 10.0.0.179 "POST /v2.0/ports HTTP/1.1" status: 201 len: 1164 time: 0.5737505
2026-07-22 15:25:34.637 9 INFO neutron.wsgi [req-44e80491-ec30-4e20-8d78-43903f1dd39d req-31976571-ac40-4044-8833-1bcc3c1eedaa c2a5c053a51e4f19bf96ddbfbab7937f 39fa64bd1f4e4da8bfceb01b08119666 - - default default] 10.0.0.64 "GET /v2.0/security-groups?id=26be2f6d-1c5a-4fff-b841-df4d68866d27&fields=id&fields=name HTTP/1.1" status: 200 len: 313 time: 0.0743432
2026-07-22 15:25:34.753 10 INFO neutron.wsgi [req-9adebf34-8253-4ad6-a733-94cca6600989 req-f2798e81-9312-43f8-9583-094fec33d510 c2a5c053a51e4f19bf96ddbfbab7937f 39fa64bd1f4e4da8bfceb01b08119666 - - default default] 10.0.0.64 "GET /v2.0/ports?device_id=cfc38cab-4807-425e-9943-2168b8e4c99e HTTP/1.1" status: 200 len: 1174 time: 0.0439699
2026-07-22 15:25:34.902 9 INFO neutron.wsgi [None req-6b7ec3e2-c015-47f1-a88e-abe09a01266d e0beeb94d2a94b82b6042e06780fbc08 07998739e50a4f7e94a3e87b2629af29 - - default default] 10.0.0.179 "DELETE /v2.0/ports/b51e1657-d851-44e8-b670-8547fdb66453 HTTP/1.1" status: 204 len: 168 time: 0.3470252
2026-07-22 15:25:34.917 10 INFO neutron.db.ovn_revision_numbers_db [None req-45c183da-0886-4a82-b65c-ddd667b3316a 5a97a77e29e2470bbbb380e751f3cffd d9d62c16f487497896d74591b0657e22 - - default default] Successfully bumped revision number for resource c15d87d4-e887-4a81-a864-2f5ce1dfb68c (type: router_ports) to 1
2026-07-22 15:25:34.921 9 INFO neutron.pecan_wsgi.hooks.translation [None req-95fc2297-23c3-45a3-863c-f59a8cbf28d8 e0beeb94d2a94b82b6042e06780fbc08 07998739e50a4f7e94a3e87b2629af29 - - default default] DELETE failed (client error): The resource could not be found.
2026-07-22 15:25:34.924 9 INFO neutron.wsgi [None req-95fc2297-23c3-45a3-863c-f59a8cbf28d8 e0beeb94d2a94b82b6042e06780fbc08 07998739e50a4f7e94a3e87b2629af29 - - default default] 10.0.0.179 "DELETE /v2.0/ports/b51e1657-d851-44e8-b670-8547fdb66453 HTTP/1.1" status: 404 len: 333 time: 0.0173097
2026-07-22 15:25:34.950 9 INFO neutron.pecan_wsgi.hooks.translation [None req-0067f1b9-5cb8-492b-8a5a-c9d58cde15cb e0beeb94d2a94b82b6042e06780fbc08 07998739e50a4f7e94a3e87b2629af29 - - default default] GET failed (client error): The resource could not be found.
2026-07-22 15:25:34.952 9 INFO neutron.wsgi [None req-0067f1b9-5cb8-492b-8a5a-c9d58cde15cb e0beeb94d2a94b82b6042e06780fbc08 07998739e50a4f7e94a3e87b2629af29 - - default default] 10.0.0.179 "GET /v2.0/ports/b51e1657-d851-44e8-b670-8547fdb66453 HTTP/1.1" status: 404 len: 333 time: 0.0228903
2026-07-22 15:25:35.070 10 INFO neutron.db.l3_db [None req-86586b71-217d-4e4d-bec3-9e04fed6e0a7 c2a5c053a51e4f19bf96ddbfbab7937f 39fa64bd1f4e4da8bfceb01b08119666 - - default default] Floating IP 5e7ff9a8-ee81-4a44-b8f5-bdc71ca79cad associated. External IP: 10.96.250.212, port: 1e9f4b0b-05f4-4755-b5f9-d4134c86b08e.
2026-07-22 15:25:35.145 10 INFO neutron.db.ovn_revision_numbers_db [None req-45c183da-0886-4a82-b65c-ddd667b3316a 5a97a77e29e2470bbbb380e751f3cffd d9d62c16f487497896d74591b0657e22 - - default default] Successfully bumped revision number for resource c15d87d4-e887-4a81-a864-2f5ce1dfb68c (type: ports) to 1
2026-07-22 15:25:35.169 9 INFO neutron.wsgi [None req-feff10fa-d43b-44bb-b05f-4f0841ce182c e0beeb94d2a94b82b6042e06780fbc08 07998739e50a4f7e94a3e87b2629af29 - - default default] 10.0.0.179 "DELETE /v2.0/subnets/7f92b40a-37f4-4732-85b1-3fc890f8f714 HTTP/1.1" status: 204 len: 168 time: 0.2121193
2026-07-22 15:25:35.252 10 WARNING neutron.scheduler.dhcp_agent_scheduler [None req-45c183da-0886-4a82-b65c-ddd667b3316a 5a97a77e29e2470bbbb380e751f3cffd d9d62c16f487497896d74591b0657e22 - - default default] No more DHCP agents
2026-07-22 15:25:35.255 10 WARNING neutron.api.rpc.agentnotifiers.dhcp_rpc_agent_api [None req-45c183da-0886-4a82-b65c-ddd667b3316a 5a97a77e29e2470bbbb380e751f3cffd d9d62c16f487497896d74591b0657e22 - - default default] Unable to schedule network 96271742-5899-4be7-b10c-881afd9fe322: no agents available; will retry on subsequent port and subnet creation events.
2026-07-22 15:25:35.315 10 INFO neutron.db.ovn_revision_numbers_db [None req-86586b71-217d-4e4d-bec3-9e04fed6e0a7 c2a5c053a51e4f19bf96ddbfbab7937f 39fa64bd1f4e4da8bfceb01b08119666 - - default default] Successfully bumped revision number for resource 5e7ff9a8-ee81-4a44-b8f5-bdc71ca79cad (type: floatingips) to 1
2026-07-22 15:25:35.472 10 INFO neutron.db.ovn_revision_numbers_db [None req-86586b71-217d-4e4d-bec3-9e04fed6e0a7 c2a5c053a51e4f19bf96ddbfbab7937f 39fa64bd1f4e4da8bfceb01b08119666 - - default default] Successfully bumped revision number for resource 5e7ff9a8-ee81-4a44-b8f5-bdc71ca79cad (type: floatingips) to 2
2026-07-22 15:25:35.501 10 INFO neutron.wsgi [None req-86586b71-217d-4e4d-bec3-9e04fed6e0a7 c2a5c053a51e4f19bf96ddbfbab7937f 39fa64bd1f4e4da8bfceb01b08119666 - - default default] 10.0.0.179 "PUT /v2.0/floatingips/5e7ff9a8-ee81-4a44-b8f5-bdc71ca79cad HTTP/1.1" status: 200 len: 1050 time: 0.7324686
2026-07-22 15:25:35.551 10 INFO neutron.notifiers.nova [-] Nova event matching ['req-6d98b334-5b96-4d41-87f2-ba9ab1ff69cb'] response: {'name': 'network-changed', 'server_uuid': 'cfc38cab-4807-425e-9943-2168b8e4c99e', 'tag': '1e9f4b0b-05f4-4755-b5f9-d4134c86b08e', 'status': 'completed', 'code': 200}
2026-07-22 15:25:35.594 9 INFO neutron.services.segments.plugin [-] Segment 39dab4f0-53d4-4280-b154-f9f371ce8712 resource provider aggregate not found
2026-07-22 15:25:35.607 9 INFO neutron.services.segments.plugin [-] Segment 39dab4f0-53d4-4280-b154-f9f371ce8712 resource provider aggregate not found /var/lib/openstack/lib/python3.10/site-packages/pycadf/identifier.py:71: UserWarning: Invalid uuid: neutron. To ensure interoperability, identifiers should be a valid uuid. warnings.warn(('Invalid uuid: %s. To ensure interoperability, '
2026-07-22 15:25:35.631 9 INFO neutron.services.segments.plugin [-] Segment 39dab4f0-53d4-4280-b154-f9f371ce8712 resource provider not found; error: Placement Client Error (4xx): {"errors": [{"status": 404, "title": "Not Found", "detail": "The resource could not be found.\n\n No resource provider with uuid 39dab4f0-53d4-4280-b154-f9f371ce8712 found for delete ", "request_id": "req-9145726e-6cfe-4c28-b8a4-beb32c5f3c52"}]}
2026-07-22 15:25:35.643 9 INFO neutron.services.segments.plugin [-] Segment 39dab4f0-53d4-4280-b154-f9f371ce8712 resource provider not found; error: Placement Client Error (4xx): {"errors": [{"status": 404, "title": "Not Found", "detail": "The resource could not be found.\n\n No resource provider with uuid 39dab4f0-53d4-4280-b154-f9f371ce8712 found for delete ", "request_id": "req-42a5a035-84c6-4845-a5b7-f83f7fcd596d"}]}
2026-07-22 15:25:35.658 9 INFO neutron.wsgi [req-21e0510e-76f5-44bb-8311-65d48768c540 req-1d22525b-1034-4d8c-bd51-199a85acbde4 e62eee8fa42a4163a3ae678d2c8ae9aa 86e0e1c0a1f14810805148bd2196cbdc - - e37e2322584140228abb0979f9eb5225 e37e2322584140228abb0979f9eb5225] 199.204.45.95 "GET /v2.0/ports?tenant_id=39fa64bd1f4e4da8bfceb01b08119666&device_id=cfc38cab-4807-425e-9943-2168b8e4c99e HTTP/1.1" status: 200 len: 1413 time: 0.0663445
2026-07-22 15:25:35.688 9 INFO neutron.wsgi [None req-cdeba2fd-3b51-46cd-b151-cd99b29ee9d6 e0beeb94d2a94b82b6042e06780fbc08 07998739e50a4f7e94a3e87b2629af29 - - default default] 10.0.0.179 "DELETE /v2.0/networks/af6f4613-76da-4408-b3a0-90b7ccd341ed HTTP/1.1" status: 204 len: 168 time: 0.5137928
2026-07-22 15:25:35.718 10 INFO neutron.db.ovn_revision_numbers_db [None req-45c183da-0886-4a82-b65c-ddd667b3316a 5a97a77e29e2470bbbb380e751f3cffd d9d62c16f487497896d74591b0657e22 - - default default] Successfully bumped revision number for resource c15d87d4-e887-4a81-a864-2f5ce1dfb68c (type: router_ports) to 1
2026-07-22 15:25:35.720 10 INFO neutron.wsgi [None req-45c183da-0886-4a82-b65c-ddd667b3316a 5a97a77e29e2470bbbb380e751f3cffd d9d62c16f487497896d74591b0657e22 - - default default] 10.0.0.179 "PUT /v2.0/routers/228e8876-f895-4c91-9d6d-7615966cce10/add_router_interface HTTP/1.1" status: 200 len: 503 time: 2.4813781
2026-07-22 15:25:35.739 9 INFO neutron.wsgi [req-21e0510e-76f5-44bb-8311-65d48768c540 req-5251b281-858d-4c2a-90f1-18b4295f59c1 e62eee8fa42a4163a3ae678d2c8ae9aa 86e0e1c0a1f14810805148bd2196cbdc - - e37e2322584140228abb0979f9eb5225 e37e2322584140228abb0979f9eb5225] 199.204.45.95 "GET /v2.0/networks?id=a0670e8e-ad06-44a9-88c2-0102eed546c9 HTTP/1.1" status: 200 len: 974 time: 0.0737119
2026-07-22 15:25:35.813 9 INFO neutron.wsgi [req-21e0510e-76f5-44bb-8311-65d48768c540 req-125775f0-72c6-4f4b-a94d-91a50469c3fb e62eee8fa42a4163a3ae678d2c8ae9aa 86e0e1c0a1f14810805148bd2196cbdc - - e37e2322584140228abb0979f9eb5225 e37e2322584140228abb0979f9eb5225] 199.204.45.95 "GET /v2.0/floatingips?fixed_ip_address=10.100.0.10&port_id=1e9f4b0b-05f4-4755-b5f9-d4134c86b08e HTTP/1.1" status: 200 len: 1060 time: 0.0681729
2026-07-22 15:25:35.819 10 INFO neutron.db.segments_db [None req-5ee1b25e-1615-4b03-9f44-18e62450822f e0beeb94d2a94b82b6042e06780fbc08 07998739e50a4f7e94a3e87b2629af29 - - default default] Added segment 1427752a-427f-467c-83ee-0739e570aa1a of type geneve for network 80c09816-173e-45ee-bf36-857ebb835814
2026-07-22 15:25:35.848 9 INFO neutron.wsgi [req-21e0510e-76f5-44bb-8311-65d48768c540 req-dedab20f-5df1-4958-86f3-e02ff95a0282 e62eee8fa42a4163a3ae678d2c8ae9aa 86e0e1c0a1f14810805148bd2196cbdc - - e37e2322584140228abb0979f9eb5225 e37e2322584140228abb0979f9eb5225] 199.204.45.95 "GET /v2.0/subnets?id=0b4060a1-3a9f-413c-bb0b-8f45957c5394 HTTP/1.1" status: 200 len: 869 time: 0.0308094
2026-07-22 15:25:35.873 9 INFO neutron.wsgi [req-21e0510e-76f5-44bb-8311-65d48768c540 req-36a2d5d8-3ad0-4c1b-b3d8-f24e2f3ae458 e62eee8fa42a4163a3ae678d2c8ae9aa 86e0e1c0a1f14810805148bd2196cbdc - - e37e2322584140228abb0979f9eb5225 e37e2322584140228abb0979f9eb5225] 199.204.45.95 "GET /v2.0/ports?network_id=a0670e8e-ad06-44a9-88c2-0102eed546c9&device_owner=network%3Adhcp HTTP/1.1" status: 200 len: 210 time: 0.0189900
2026-07-22 15:25:35.945 9 INFO neutron.wsgi [req-21e0510e-76f5-44bb-8311-65d48768c540 req-cbb9f3c5-9110-4f09-93e3-4dc1fd1cc610 e62eee8fa42a4163a3ae678d2c8ae9aa 86e0e1c0a1f14810805148bd2196cbdc - - e37e2322584140228abb0979f9eb5225 e37e2322584140228abb0979f9eb5225] 199.204.45.95 "GET /v2.0/networks/a0670e8e-ad06-44a9-88c2-0102eed546c9?fields=segments HTTP/1.1" status: 200 len: 212 time: 0.0655520
2026-07-22 15:25:36.012 9 INFO neutron.wsgi [req-21e0510e-76f5-44bb-8311-65d48768c540 req-d62760fb-b476-476f-ba10-7d8eadc13715 e62eee8fa42a4163a3ae678d2c8ae9aa 86e0e1c0a1f14810805148bd2196cbdc - - e37e2322584140228abb0979f9eb5225 e37e2322584140228abb0979f9eb5225] 199.204.45.95 "GET /v2.0/networks/a0670e8e-ad06-44a9-88c2-0102eed546c9?fields=provider%3Aphysical_network&fields=provider%3Anetwork_type HTTP/1.1" status: 200 len: 277 time: 0.0561650
2026-07-22 15:25:36.012 10 INFO neutron.db.ovn_revision_numbers_db [None req-5ee1b25e-1615-4b03-9f44-18e62450822f e0beeb94d2a94b82b6042e06780fbc08 07998739e50a4f7e94a3e87b2629af29 - - default default] Successfully bumped revision number for resource 80c09816-173e-45ee-bf36-857ebb835814 (type: networks) to 1
2026-07-22 15:25:36.203 10 WARNING neutron.scheduler.dhcp_agent_scheduler [None req-b50cb147-e871-4a6b-896b-fc480714d474 5a97a77e29e2470bbbb380e751f3cffd d9d62c16f487497896d74591b0657e22 - - default default] No more DHCP agents
2026-07-22 15:25:36.211 10 WARNING neutron.api.rpc.agentnotifiers.dhcp_rpc_agent_api [None req-b50cb147-e871-4a6b-896b-fc480714d474 5a97a77e29e2470bbbb380e751f3cffd d9d62c16f487497896d74591b0657e22 - - default default] Unable to schedule network 96271742-5899-4be7-b10c-881afd9fe322: no agents available; will retry on subsequent port and subnet creation events.
2026-07-22 15:25:36.459 10 WARNING neutron.scheduler.dhcp_agent_scheduler [None req-5ee1b25e-1615-4b03-9f44-18e62450822f e0beeb94d2a94b82b6042e06780fbc08 07998739e50a4f7e94a3e87b2629af29 - - default default] No more DHCP agents
2026-07-22 15:25:36.463 10 WARNING neutron.api.rpc.agentnotifiers.dhcp_rpc_agent_api [None req-5ee1b25e-1615-4b03-9f44-18e62450822f e0beeb94d2a94b82b6042e06780fbc08 07998739e50a4f7e94a3e87b2629af29 - - default default] Unable to schedule network 80c09816-173e-45ee-bf36-857ebb835814: no agents available; will retry on subsequent port and subnet creation events.
2026-07-22 15:25:36.586 10 INFO neutron.db.ovn_revision_numbers_db [None req-5ee1b25e-1615-4b03-9f44-18e62450822f e0beeb94d2a94b82b6042e06780fbc08 07998739e50a4f7e94a3e87b2629af29 - - default default] Successfully bumped revision number for resource 876a0578-03ec-4824-89c5-de9c5e64d538 (type: ports) to 1
2026-07-22 15:25:36.618 10 INFO neutron.wsgi [None req-5ee1b25e-1615-4b03-9f44-18e62450822f e0beeb94d2a94b82b6042e06780fbc08 07998739e50a4f7e94a3e87b2629af29 - - default default] 10.0.0.179 "POST /v2.0/networks HTTP/1.1" status: 201 len: 834 time: 0.9237597 /var/lib/openstack/lib/python3.10/site-packages/pycadf/identifier.py:71: UserWarning: Invalid uuid: neutron. To ensure interoperability, identifiers should be a valid uuid. warnings.warn(('Invalid uuid: %s. To ensure interoperability, '
2026-07-22 15:25:36.673 10 INFO neutron.db.ovn_revision_numbers_db [None req-b50cb147-e871-4a6b-896b-fc480714d474 5a97a77e29e2470bbbb380e751f3cffd d9d62c16f487497896d74591b0657e22 - - default default] Successfully bumped revision number for resource 39f8d5a7-2c2a-46ef-a7aa-10a72ffba91d (type: ports) to 1
2026-07-22 15:25:36.694 10 INFO neutron.wsgi [None req-b50cb147-e871-4a6b-896b-fc480714d474 5a97a77e29e2470bbbb380e751f3cffd d9d62c16f487497896d74591b0657e22 - - default default] 10.0.0.179 "POST /v2.0/ports HTTP/1.1" status: 201 len: 1153 time: 0.9693978
2026-07-22 15:25:36.871 10 WARNING neutron.scheduler.dhcp_agent_scheduler [None req-b23b6466-4c75-457d-835f-6be0f0560597 e0beeb94d2a94b82b6042e06780fbc08 07998739e50a4f7e94a3e87b2629af29 - - default default] No more DHCP agents
2026-07-22 15:25:36.873 10 WARNING neutron.api.rpc.agentnotifiers.dhcp_rpc_agent_api [None req-b23b6466-4c75-457d-835f-6be0f0560597 e0beeb94d2a94b82b6042e06780fbc08 07998739e50a4f7e94a3e87b2629af29 - - default default] Unable to schedule network 80c09816-173e-45ee-bf36-857ebb835814: no agents available; will retry on subsequent port and subnet creation events.
2026-07-22 15:25:36.907 10 INFO neutron.db.ovn_revision_numbers_db [None req-b23b6466-4c75-457d-835f-6be0f0560597 e0beeb94d2a94b82b6042e06780fbc08 07998739e50a4f7e94a3e87b2629af29 - - default default] Successfully bumped revision number for resource 4c4f0fee-54fa-4b04-a890-3dd834c74f6d (type: subnets) to 0
2026-07-22 15:25:36.907 9 INFO neutron.db.ovn_revision_numbers_db [None req-dc6fc79d-86c9-4ffc-b02e-7d979d7c3571 5c2d2eea7ebd43eaafe62f9f7646482d 1cefd14a2ae340718011307e746df049 - - default default] Successfully bumped revision number for resource 78421f8f-25ff-41f2-9540-5f4a682eb410 (type: security_groups) to 1
2026-07-22 15:25:36.926 9 INFO neutron.db.ovn_revision_numbers_db [None req-dc6fc79d-86c9-4ffc-b02e-7d979d7c3571 5c2d2eea7ebd43eaafe62f9f7646482d 1cefd14a2ae340718011307e746df049 - - default default] Successfully bumped revision number for resource 1486cd66-b8b6-4b32-9387-4eb81d0b0a48 (type: security_group_rules) to 0
2026-07-22 15:25:36.938 10 INFO neutron.wsgi [None req-b23b6466-4c75-457d-835f-6be0f0560597 e0beeb94d2a94b82b6042e06780fbc08 07998739e50a4f7e94a3e87b2629af29 - - default default] 10.0.0.179 "POST /v2.0/subnets HTTP/1.1" status: 201 len: 821 time: 0.3159466
2026-07-22 15:25:36.944 9 INFO neutron.db.ovn_revision_numbers_db [None req-dc6fc79d-86c9-4ffc-b02e-7d979d7c3571 5c2d2eea7ebd43eaafe62f9f7646482d 1cefd14a2ae340718011307e746df049 - - default default] Successfully bumped revision number for resource 80ada761-6795-4e6a-a5de-c23958057ed7 (type: security_group_rules) to 0
2026-07-22 15:25:36.963 9 INFO neutron.db.ovn_revision_numbers_db [None req-dc6fc79d-86c9-4ffc-b02e-7d979d7c3571 5c2d2eea7ebd43eaafe62f9f7646482d 1cefd14a2ae340718011307e746df049 - - default default] Successfully bumped revision number for resource bde0abbe-04c1-476f-b1f5-4e6ba050bf01 (type: security_group_rules) to 0
2026-07-22 15:25:36.984 9 INFO neutron.db.ovn_revision_numbers_db [None req-dc6fc79d-86c9-4ffc-b02e-7d979d7c3571 5c2d2eea7ebd43eaafe62f9f7646482d 1cefd14a2ae340718011307e746df049 - - default default] Successfully bumped revision number for resource f0cd6fd2-7cf7-4b11-a32e-5de57e22d202 (type: security_group_rules) to 0
2026-07-22 15:25:37.260 9 INFO neutron.wsgi [None req-dc6fc79d-86c9-4ffc-b02e-7d979d7c3571 5c2d2eea7ebd43eaafe62f9f7646482d 1cefd14a2ae340718011307e746df049 - - default default] 10.0.0.179 "GET /v2.0/security-groups?tenant_id=a3bcf2f0a98345bea8bbc065c9fe6dc9&name=default HTTP/1.1" status: 200 len: 2996 time: 0.7377727
2026-07-22 15:25:37.318 10 WARNING neutron.scheduler.dhcp_agent_scheduler [None req-641c116d-0df9-4887-a19b-2cd2d813f079 e0beeb94d2a94b82b6042e06780fbc08 07998739e50a4f7e94a3e87b2629af29 - - default default] No more DHCP agents
2026-07-22 15:25:37.322 10 WARNING neutron.api.rpc.agentnotifiers.dhcp_rpc_agent_api [None req-641c116d-0df9-4887-a19b-2cd2d813f079 e0beeb94d2a94b82b6042e06780fbc08 07998739e50a4f7e94a3e87b2629af29 - - default default] Unable to schedule network 80c09816-173e-45ee-bf36-857ebb835814: no agents available; will retry on subsequent port and subnet creation events.
2026-07-22 15:25:37.351 9 WARNING neutron.scheduler.dhcp_agent_scheduler [None req-6b641b30-c6d1-4252-9c64-1099609d6ecf 5a97a77e29e2470bbbb380e751f3cffd d9d62c16f487497896d74591b0657e22 - - default default] No more DHCP agents
2026-07-22 15:25:37.354 9 WARNING neutron.api.rpc.agentnotifiers.dhcp_rpc_agent_api [None req-6b641b30-c6d1-4252-9c64-1099609d6ecf 5a97a77e29e2470bbbb380e751f3cffd d9d62c16f487497896d74591b0657e22 - - default default] Unable to schedule network 96271742-5899-4be7-b10c-881afd9fe322: no agents available; will retry on subsequent port and subnet creation events.
2026-07-22 15:25:37.453 10 INFO neutron.db.ovn_revision_numbers_db [None req-641c116d-0df9-4887-a19b-2cd2d813f079 e0beeb94d2a94b82b6042e06780fbc08 07998739e50a4f7e94a3e87b2629af29 - - default default] Successfully bumped revision number for resource 4c1ab1aa-3658-4da4-a640-6c01ba56cc5b (type: ports) to 1
2026-07-22 15:25:37.484 10 INFO neutron.wsgi [None req-641c116d-0df9-4887-a19b-2cd2d813f079 e0beeb94d2a94b82b6042e06780fbc08 07998739e50a4f7e94a3e87b2629af29 - - default default] 10.0.0.179 "POST /v2.0/ports HTTP/1.1" status: 201 len: 1126 time: 0.5401249
2026-07-22 15:25:37.521 9 INFO neutron.db.ovn_revision_numbers_db [None req-6b641b30-c6d1-4252-9c64-1099609d6ecf 5a97a77e29e2470bbbb380e751f3cffd d9d62c16f487497896d74591b0657e22 - - default default] Successfully bumped revision number for resource 591b329b-c61b-4d7d-bd00-ce7f5e37d0fd (type: ports) to 1
2026-07-22 15:25:37.546 9 INFO neutron.wsgi [None req-6b641b30-c6d1-4252-9c64-1099609d6ecf 5a97a77e29e2470bbbb380e751f3cffd d9d62c16f487497896d74591b0657e22 - - default default] 10.0.0.179 "POST /v2.0/ports HTTP/1.1" status: 201 len: 1158 time: 0.8466558 /var/lib/openstack/lib/python3.10/site-packages/pycadf/identifier.py:71: UserWarning: Invalid uuid: neutron. To ensure interoperability, identifiers should be a valid uuid. warnings.warn(('Invalid uuid: %s. To ensure interoperability, '
2026-07-22 15:25:37.564 10 INFO neutron.wsgi [None req-16adbbda-361c-48bc-b9b8-18efc057804b 5c2d2eea7ebd43eaafe62f9f7646482d 1cefd14a2ae340718011307e746df049 - - default default] 10.0.0.179 "DELETE /v2.0/security-groups/78421f8f-25ff-41f2-9540-5f4a682eb410 HTTP/1.1" status: 204 len: 168 time: 0.2985058
2026-07-22 15:25:37.818 10 INFO neutron.wsgi [None req-4d0ee5b1-6cef-4fc1-9f5e-25db88d38d2d e0beeb94d2a94b82b6042e06780fbc08 07998739e50a4f7e94a3e87b2629af29 - - default default] 10.0.0.179 "DELETE /v2.0/ports/4c1ab1aa-3658-4da4-a640-6c01ba56cc5b HTTP/1.1" status: 204 len: 168 time: 0.3266153
2026-07-22 15:25:37.830 10 INFO neutron.db.ovn_revision_numbers_db [None req-c429c313-7517-4496-9db8-c2bcabd1c447 5c2d2eea7ebd43eaafe62f9f7646482d 1cefd14a2ae340718011307e746df049 - - default default] Successfully bumped revision number for resource bf1b507b-0390-4002-a32c-5b8014bd9483 (type: security_groups) to 1
2026-07-22 15:25:37.842 10 INFO neutron.pecan_wsgi.hooks.translation [None req-339a05de-fee8-458c-b448-104df504a0f5 e0beeb94d2a94b82b6042e06780fbc08 07998739e50a4f7e94a3e87b2629af29 - - default default] GET failed (client error): The resource could not be found.
2026-07-22 15:25:37.843 9 WARNING neutron.scheduler.dhcp_agent_scheduler [None req-5f052530-8d5a-47a0-b00e-790c8e9878f0 5a97a77e29e2470bbbb380e751f3cffd d9d62c16f487497896d74591b0657e22 - - default default] No more DHCP agents
2026-07-22 15:25:37.844 10 INFO neutron.wsgi [None req-339a05de-fee8-458c-b448-104df504a0f5 e0beeb94d2a94b82b6042e06780fbc08 07998739e50a4f7e94a3e87b2629af29 - - default default] 10.0.0.179 "GET /v2.0/ports/4c1ab1aa-3658-4da4-a640-6c01ba56cc5b HTTP/1.1" status: 404 len: 333 time: 0.0209637
2026-07-22 15:25:37.845 9 WARNING neutron.api.rpc.agentnotifiers.dhcp_rpc_agent_api [None req-5f052530-8d5a-47a0-b00e-790c8e9878f0 5a97a77e29e2470bbbb380e751f3cffd d9d62c16f487497896d74591b0657e22 - - default default] Unable to schedule network 01aaf83a-285e-4494-8eff-240afccb5159: no agents available; will retry on subsequent port and subnet creation events.
2026-07-22 15:25:37.861 10 INFO neutron.db.ovn_revision_numbers_db [None req-c429c313-7517-4496-9db8-c2bcabd1c447 5c2d2eea7ebd43eaafe62f9f7646482d 1cefd14a2ae340718011307e746df049 - - default default] Successfully bumped revision number for resource 045b3e42-67d3-46a7-812e-af1c10c7c935 (type: security_group_rules) to 0
2026-07-22 15:25:37.881 10 INFO neutron.db.ovn_revision_numbers_db [None req-c429c313-7517-4496-9db8-c2bcabd1c447 5c2d2eea7ebd43eaafe62f9f7646482d 1cefd14a2ae340718011307e746df049 - - default default] Successfully bumped revision number for resource 1d410aaa-5bcc-434d-af4c-5f5c26a99a48 (type: security_group_rules) to 0
2026-07-22 15:25:37.901 10 INFO neutron.db.ovn_revision_numbers_db [None req-c429c313-7517-4496-9db8-c2bcabd1c447 5c2d2eea7ebd43eaafe62f9f7646482d 1cefd14a2ae340718011307e746df049 - - default default] Successfully bumped revision number for resource 5b2561f4-72b1-41b8-a619-a9260744f4e5 (type: security_group_rules) to 0
2026-07-22 15:25:37.925 10 INFO neutron.db.ovn_revision_numbers_db [None req-c429c313-7517-4496-9db8-c2bcabd1c447 5c2d2eea7ebd43eaafe62f9f7646482d 1cefd14a2ae340718011307e746df049 - - default default] Successfully bumped revision number for resource c55a79bf-513e-4920-982b-6ecf9059a74d (type: security_group_rules) to 0
2026-07-22 15:25:37.958 10 INFO neutron.wsgi [None req-c429c313-7517-4496-9db8-c2bcabd1c447 5c2d2eea7ebd43eaafe62f9f7646482d 1cefd14a2ae340718011307e746df049 - - default default] 10.0.0.179 "GET /v2.0/security-groups?tenant_id=4a1e95d9064643299075fc2eef8f2690&name=default HTTP/1.1" status: 200 len: 2996 time: 0.2932384
2026-07-22 15:25:38.013 10 WARNING neutron.plugins.ml2.drivers.ovn.mech_driver.ovsdb.ovn_client [None req-a95e7cce-003f-4257-bd49-f307de43da7e - - - - - -] No hosting information found for port 208b6797-22cc-458e-a0dc-2aa00d89951b: RuntimeError: No hosting information found for port 208b6797-22cc-458e-a0dc-2aa00d89951b
2026-07-22 15:25:38.014 10 INFO neutron.plugins.ml2.drivers.ovn.mech_driver.mech_driver [None req-a95e7cce-003f-4257-bd49-f307de43da7e - - - - - -] OVN reports status up for port: c15d87d4-e887-4a81-a864-2f5ce1dfb68c
2026-07-22 15:25:38.027 10 INFO neutron.plugins.ml2.plugin [None req-a95e7cce-003f-4257-bd49-f307de43da7e - - - - - -] Attempt 1 to provision port c15d87d4-e887-4a81-a864-2f5ce1dfb68c
2026-07-22 15:25:38.091 10 INFO neutron.wsgi [None req-4c08fbc3-0ff1-4adf-8f00-d92bdddf81f3 e0beeb94d2a94b82b6042e06780fbc08 07998739e50a4f7e94a3e87b2629af29 - - default default] 10.0.0.179 "DELETE /v2.0/subnets/4c4f0fee-54fa-4b04-a890-3dd834c74f6d HTTP/1.1" status: 204 len: 168 time: 0.2425480
2026-07-22 15:25:38.242 9 INFO neutron.db.l3_db [None req-5f052530-8d5a-47a0-b00e-790c8e9878f0 5a97a77e29e2470bbbb380e751f3cffd d9d62c16f487497896d74591b0657e22 - - default default] Floating IP 6b615cc6-76c3-415b-be15-80b8f3c1b331 associated. External IP: 10.96.250.211, port: 591b329b-c61b-4d7d-bd00-ce7f5e37d0fd.
2026-07-22 15:25:38.352 10 INFO neutron.wsgi [None req-ef58e26e-aa12-42c4-bf1a-1ea66949f95e 5c2d2eea7ebd43eaafe62f9f7646482d 1cefd14a2ae340718011307e746df049 - - default default] 10.0.0.179 "DELETE /v2.0/security-groups/bf1b507b-0390-4002-a32c-5b8014bd9483 HTTP/1.1" status: 204 len: 168 time: 0.3868070
2026-07-22 15:25:38.427 10 INFO neutron.db.ovn_revision_numbers_db [None req-a95e7cce-003f-4257-bd49-f307de43da7e - - - - - -] Successfully bumped revision number for resource c15d87d4-e887-4a81-a864-2f5ce1dfb68c (type: ports) to 2
2026-07-22 15:25:38.462 9 INFO neutron.db.ovn_revision_numbers_db [None req-5f052530-8d5a-47a0-b00e-790c8e9878f0 5a97a77e29e2470bbbb380e751f3cffd d9d62c16f487497896d74591b0657e22 - - default default] Successfully bumped revision number for resource 6b615cc6-76c3-415b-be15-80b8f3c1b331 (type: floatingips) to 0
2026-07-22 15:25:38.586 9 INFO neutron.db.ovn_revision_numbers_db [None req-5f052530-8d5a-47a0-b00e-790c8e9878f0 5a97a77e29e2470bbbb380e751f3cffd d9d62c16f487497896d74591b0657e22 - - default default] Successfully bumped revision number for resource 6b615cc6-76c3-415b-be15-80b8f3c1b331 (type: floatingips) to 1
2026-07-22 15:25:38.599 10 INFO neutron.services.segments.plugin [-] Segment 1427752a-427f-467c-83ee-0739e570aa1a resource provider aggregate not found
2026-07-22 15:25:38.605 10 INFO neutron.services.segments.plugin [-] Segment 1427752a-427f-467c-83ee-0739e570aa1a resource provider aggregate not found
2026-07-22 15:25:38.625 10 INFO neutron.services.segments.plugin [-] Segment 1427752a-427f-467c-83ee-0739e570aa1a resource provider not found; error: Placement Client Error (4xx): {"errors": [{"status": 404, "title": "Not Found", "detail": "The resource could not be found.\n\n No resource provider with uuid 1427752a-427f-467c-83ee-0739e570aa1a found for delete ", "request_id": "req-0b0a2d0b-cb96-4075-89b7-0b14c1083993"}]}
2026-07-22 15:25:38.630 9 INFO neutron.wsgi [None req-5f052530-8d5a-47a0-b00e-790c8e9878f0 5a97a77e29e2470bbbb380e751f3cffd d9d62c16f487497896d74591b0657e22 - - default default] 10.0.0.179 "POST /v2.0/floatingips HTTP/1.1" status: 201 len: 1042 time: 1.0769722
2026-07-22 15:25:38.630 10 INFO neutron.services.segments.plugin [-] Segment 1427752a-427f-467c-83ee-0739e570aa1a resource provider not found; error: Placement Client Error (4xx): {"errors": [{"status": 404, "title": "Not Found", "detail": "The resource could not be found.\n\n No resource provider with uuid 1427752a-427f-467c-83ee-0739e570aa1a found for delete ", "request_id": "req-e104259c-f032-4065-9a5e-00eaab2110b5"}]} /var/lib/openstack/lib/python3.10/site-packages/pycadf/identifier.py:71: UserWarning: Invalid uuid: neutron. To ensure interoperability, identifiers should be a valid uuid. warnings.warn(('Invalid uuid: %s. To ensure interoperability, '
2026-07-22 15:25:38.667 10 INFO neutron.wsgi [None req-152829ad-69a9-4edd-8d59-c9db972ed5cf e0beeb94d2a94b82b6042e06780fbc08 07998739e50a4f7e94a3e87b2629af29 - - default default] 10.0.0.179 "DELETE /v2.0/networks/80c09816-173e-45ee-bf36-857ebb835814 HTTP/1.1" status: 204 len: 168 time: 0.5682952
2026-07-22 15:25:38.678 10 INFO neutron.db.ovn_revision_numbers_db [None req-a95e7cce-003f-4257-bd49-f307de43da7e - - - - - -] Successfully bumped revision number for resource c15d87d4-e887-4a81-a864-2f5ce1dfb68c (type: router_ports) to 2
2026-07-22 15:25:38.813 9 INFO neutron.db.l3_db [None req-bbf20926-a44e-4d95-8e7c-f18cb489f59c 5a97a77e29e2470bbbb380e751f3cffd d9d62c16f487497896d74591b0657e22 - - default default] Floating IP 6b615cc6-76c3-415b-be15-80b8f3c1b331 disassociated. External IP: 10.96.250.211, port: 591b329b-c61b-4d7d-bd00-ce7f5e37d0fd.
2026-07-22 15:25:38.891 9 INFO neutron.db.ovn_revision_numbers_db [None req-bbf20926-a44e-4d95-8e7c-f18cb489f59c 5a97a77e29e2470bbbb380e751f3cffd d9d62c16f487497896d74591b0657e22 - - default default] Successfully bumped revision number for resource 6b615cc6-76c3-415b-be15-80b8f3c1b331 (type: floatingips) to 2
2026-07-22 15:25:38.990 9 INFO neutron.wsgi [None req-bbf20926-a44e-4d95-8e7c-f18cb489f59c 5a97a77e29e2470bbbb380e751f3cffd d9d62c16f487497896d74591b0657e22 - - default default] 10.0.0.179 "PUT /v2.0/floatingips/6b615cc6-76c3-415b-be15-80b8f3c1b331 HTTP/1.1" status: 200 len: 748 time: 0.3534727
2026-07-22 15:25:39.037 9 WARNING neutron.scheduler.dhcp_agent_scheduler [None req-e888125b-90b7-476b-8629-b3979243b5aa e0beeb94d2a94b82b6042e06780fbc08 07998739e50a4f7e94a3e87b2629af29 - - default default] No more DHCP agents
2026-07-22 15:25:39.040 9 WARNING neutron.api.rpc.agentnotifiers.dhcp_rpc_agent_api [None req-e888125b-90b7-476b-8629-b3979243b5aa e0beeb94d2a94b82b6042e06780fbc08 07998739e50a4f7e94a3e87b2629af29 - - default default] Unable to schedule network c90014d9-0a03-48a6-92ee-0d96d0aec6c7: no agents available; will retry on subsequent port and subnet creation events.
2026-07-22 15:25:39.125 9 INFO neutron.db.ovn_revision_numbers_db [None req-e888125b-90b7-476b-8629-b3979243b5aa e0beeb94d2a94b82b6042e06780fbc08 07998739e50a4f7e94a3e87b2629af29 - - default default] Successfully bumped revision number for resource ea6ed1df-8747-485f-8770-f3ad88e110d7 (type: ports) to 1
2026-07-22 15:25:39.154 9 INFO neutron.wsgi [None req-e888125b-90b7-476b-8629-b3979243b5aa e0beeb94d2a94b82b6042e06780fbc08 07998739e50a4f7e94a3e87b2629af29 - - default default] 10.0.0.179 "POST /v2.0/ports HTTP/1.1" status: 201 len: 977 time: 0.4805453 /var/lib/openstack/lib/python3.10/site-packages/pycadf/identifier.py:71: UserWarning: Invalid uuid: neutron. To ensure interoperability, identifiers should be a valid uuid. warnings.warn(('Invalid uuid: %s. To ensure interoperability, '
2026-07-22 15:25:39.355 10 INFO neutron.wsgi [None req-fc4e3f8b-2698-4ae3-b48a-74f9c5ddeb11 5a97a77e29e2470bbbb380e751f3cffd d9d62c16f487497896d74591b0657e22 - - default default] 10.0.0.179 "DELETE /v2.0/floatingips/6b615cc6-76c3-415b-be15-80b8f3c1b331 HTTP/1.1" status: 204 len: 168 time: 0.3582568
2026-07-22 15:25:39.404 9 INFO neutron.plugins.ml2.drivers.ovn.mech_driver.mech_driver [None req-dce3b029-d00b-4178-9294-9dee77922ec6 - - - - - -] OVN reports status down for port: ea6ed1df-8747-485f-8770-f3ad88e110d7
2026-07-22 15:25:39.439 9 INFO neutron.db.ovn_revision_numbers_db [None req-6ff745ce-c949-46de-81f7-4c67b3ded1a4 e0beeb94d2a94b82b6042e06780fbc08 07998739e50a4f7e94a3e87b2629af29 - - default default] Successfully bumped revision number for resource ea6ed1df-8747-485f-8770-f3ad88e110d7 (type: ports) to 2
2026-07-22 15:25:39.457 9 INFO neutron.wsgi [None req-6ff745ce-c949-46de-81f7-4c67b3ded1a4 e0beeb94d2a94b82b6042e06780fbc08 07998739e50a4f7e94a3e87b2629af29 - - default default] 10.0.0.179 "PUT /v2.0/ports/ea6ed1df-8747-485f-8770-f3ad88e110d7 HTTP/1.1" status: 200 len: 946 time: 0.2985945
2026-07-22 15:25:39.718 10 WARNING neutron.scheduler.dhcp_agent_scheduler [None req-c872ece5-2e78-4fd1-ac76-107da9dea36b 5a97a77e29e2470bbbb380e751f3cffd d9d62c16f487497896d74591b0657e22 - - default default] No more DHCP agents
2026-07-22 15:25:39.719 10 WARNING neutron.api.rpc.agentnotifiers.dhcp_rpc_agent_api [None req-c872ece5-2e78-4fd1-ac76-107da9dea36b 5a97a77e29e2470bbbb380e751f3cffd d9d62c16f487497896d74591b0657e22 - - default default] Unable to schedule network 01aaf83a-285e-4494-8eff-240afccb5159: no agents available; will retry on subsequent port and subnet creation events.
2026-07-22 15:25:39.773 10 INFO neutron.wsgi [None req-1a6d6da0-d7ab-491c-bf46-0aa5d64b8fe4 e0beeb94d2a94b82b6042e06780fbc08 07998739e50a4f7e94a3e87b2629af29 - - default default] 10.0.0.179 "DELETE /v2.0/ports/ea6ed1df-8747-485f-8770-f3ad88e110d7 HTTP/1.1" status: 204 len: 168 time: 0.3100564 /var/lib/openstack/lib/python3.10/site-packages/pycadf/identifier.py:71: UserWarning: Invalid uuid: neutron. To ensure interoperability, identifiers should be a valid uuid. warnings.warn(('Invalid uuid: %s. To ensure interoperability, '
2026-07-22 15:25:39.881 9 INFO neutron.wsgi [None req-36b553d6-39ba-4743-b858-31bf3f4b4f25 e0beeb94d2a94b82b6042e06780fbc08 07998739e50a4f7e94a3e87b2629af29 - - default default] 10.0.0.179 "GET /v2.0/ports HTTP/1.1" status: 200 len: 1732 time: 0.1034584
2026-07-22 15:25:39.902 9 INFO neutron.pecan_wsgi.hooks.translation [None req-a08c26b4-020e-46f1-9482-e1c3055540b4 e0beeb94d2a94b82b6042e06780fbc08 07998739e50a4f7e94a3e87b2629af29 - - default default] GET failed (client error): The resource could not be found.
2026-07-22 15:25:39.904 9 INFO neutron.wsgi [None req-a08c26b4-020e-46f1-9482-e1c3055540b4 e0beeb94d2a94b82b6042e06780fbc08 07998739e50a4f7e94a3e87b2629af29 - - default default] 10.0.0.179 "GET /v2.0/ports/ea6ed1df-8747-485f-8770-f3ad88e110d7 HTTP/1.1" status: 404 len: 333 time: 0.0175524
2026-07-22 15:25:39.969 9 INFO neutron.wsgi [None req-4db4b1b3-40e8-40b5-88b7-e4a541f666c5 e0beeb94d2a94b82b6042e06780fbc08 07998739e50a4f7e94a3e87b2629af29 - - default default] 10.0.0.179 "GET /v2.0/ports HTTP/1.1" status: 200 len: 1732 time: 0.0562699
2026-07-22 15:25:40.008 9 INFO neutron.wsgi [None req-7e44ae34-2d71-4507-9e64-63797ae0767a e0beeb94d2a94b82b6042e06780fbc08 07998739e50a4f7e94a3e87b2629af29 - - default default] 10.0.0.179 "GET /v2.0/ports/64bc3416-c893-4247-a63e-19a31fbcb6ae HTTP/1.1" status: 200 len: 972 time: 0.0318658
2026-07-22 15:25:40.028 9 INFO neutron.pecan_wsgi.hooks.translation [None req-f67bf6b2-67b6-426c-9861-75c5ae4d3a5f e0beeb94d2a94b82b6042e06780fbc08 07998739e50a4f7e94a3e87b2629af29 - - default default] DELETE failed (client error): The resource could not be found.
2026-07-22 15:25:40.030 9 INFO neutron.wsgi [None req-f67bf6b2-67b6-426c-9861-75c5ae4d3a5f e0beeb94d2a94b82b6042e06780fbc08 07998739e50a4f7e94a3e87b2629af29 - - default default] 10.0.0.179 "DELETE /v2.0/ports/4c1ab1aa-3658-4da4-a640-6c01ba56cc5b HTTP/1.1" status: 404 len: 333 time: 0.0172684
2026-07-22 15:25:40.052 9 INFO neutron.pecan_wsgi.hooks.translation [None req-2770a478-de91-4ee2-9977-3cf4140162e3 e0beeb94d2a94b82b6042e06780fbc08 07998739e50a4f7e94a3e87b2629af29 - - default default] DELETE failed (client error): The resource could not be found.
2026-07-22 15:25:40.055 9 INFO neutron.wsgi [None req-2770a478-de91-4ee2-9977-3cf4140162e3 e0beeb94d2a94b82b6042e06780fbc08 07998739e50a4f7e94a3e87b2629af29 - - default default] 10.0.0.179 "DELETE /v2.0/subnets/4c4f0fee-54fa-4b04-a890-3dd834c74f6d HTTP/1.1" status: 404 len: 337 time: 0.0179660
2026-07-22 15:25:40.079 9 INFO neutron.pecan_wsgi.hooks.translation [None req-3d5daa8f-54cb-4f1f-b1b1-4c51d7d6ed18 e0beeb94d2a94b82b6042e06780fbc08 07998739e50a4f7e94a3e87b2629af29 - - default default] DELETE failed (client error): The resource could not be found.
2026-07-22 15:25:40.081 9 INFO neutron.wsgi [None req-3d5daa8f-54cb-4f1f-b1b1-4c51d7d6ed18 e0beeb94d2a94b82b6042e06780fbc08 07998739e50a4f7e94a3e87b2629af29 - - default default] 10.0.0.179 "DELETE /v2.0/subnets/7f92b40a-37f4-4732-85b1-3fc890f8f714 HTTP/1.1" status: 404 len: 337 time: 0.0173757
2026-07-22 15:25:40.153 10 INFO neutron.db.l3_db [None req-c872ece5-2e78-4fd1-ac76-107da9dea36b 5a97a77e29e2470bbbb380e751f3cffd d9d62c16f487497896d74591b0657e22 - - default default] Floating IP 934158cc-d172-42f3-b209-55f8503d4f3c associated. External IP: 10.96.250.216, port: 39f8d5a7-2c2a-46ef-a7aa-10a72ffba91d.
2026-07-22 15:25:40.319 9 INFO neutron.wsgi [None req-0528419b-cae6-4e75-921e-01e397534b1f e0beeb94d2a94b82b6042e06780fbc08 07998739e50a4f7e94a3e87b2629af29 - - default default] 10.0.0.179 "DELETE /v2.0/ports/64bc3416-c893-4247-a63e-19a31fbcb6ae HTTP/1.1" status: 204 len: 168 time: 0.2281907
2026-07-22 15:25:40.603 10 INFO neutron.db.ovn_revision_numbers_db [None req-c872ece5-2e78-4fd1-ac76-107da9dea36b 5a97a77e29e2470bbbb380e751f3cffd d9d62c16f487497896d74591b0657e22 - - default default] Successfully bumped revision number for resource 934158cc-d172-42f3-b209-55f8503d4f3c (type: floatingips) to 0 /var/lib/openstack/lib/python3.10/site-packages/pycadf/identifier.py:71: UserWarning: Invalid uuid: neutron. To ensure interoperability, identifiers should be a valid uuid. warnings.warn(('Invalid uuid: %s. To ensure interoperability, '
2026-07-22 15:25:40.726 9 INFO neutron.wsgi [req-320781b9-0fa6-471f-b5b0-cbf3292aef0f req-7ddaf641-f3a6-4e7e-847c-9f615f1d10c9 e62eee8fa42a4163a3ae678d2c8ae9aa 86e0e1c0a1f14810805148bd2196cbdc - - e37e2322584140228abb0979f9eb5225 e37e2322584140228abb0979f9eb5225] 199.204.45.95 "GET /v2.0/ports?device_id=cfc38cab-4807-425e-9943-2168b8e4c99e&fields=binding%3Ahost_id&fields=binding%3Avif_type HTTP/1.1" status: 200 len: 265 time: 0.0663190
2026-07-22 15:25:40.754 10 INFO neutron.db.ovn_revision_numbers_db [None req-c872ece5-2e78-4fd1-ac76-107da9dea36b 5a97a77e29e2470bbbb380e751f3cffd d9d62c16f487497896d74591b0657e22 - - default default] Successfully bumped revision number for resource 934158cc-d172-42f3-b209-55f8503d4f3c (type: floatingips) to 1
2026-07-22 15:25:40.788 9 INFO neutron.services.segments.plugin [-] Segment 9cdba6bd-fd10-43d0-a316-092e50873c33 resource provider aggregate not found
2026-07-22 15:25:40.800 9 INFO neutron.services.segments.plugin [-] Segment 9cdba6bd-fd10-43d0-a316-092e50873c33 resource provider aggregate not found
2026-07-22 15:25:40.814 10 INFO neutron.wsgi [None req-c872ece5-2e78-4fd1-ac76-107da9dea36b 5a97a77e29e2470bbbb380e751f3cffd d9d62c16f487497896d74591b0657e22 - - default default] 10.0.0.179 "POST /v2.0/floatingips HTTP/1.1" status: 201 len: 1040 time: 1.4536400
2026-07-22 15:25:40.841 9 INFO neutron.services.segments.plugin [-] Segment 9cdba6bd-fd10-43d0-a316-092e50873c33 resource provider not found; error: Placement Client Error (4xx): {"errors": [{"status": 404, "title": "Not Found", "detail": "The resource could not be found.\n\n No resource provider with uuid 9cdba6bd-fd10-43d0-a316-092e50873c33 found for delete ", "request_id": "req-607356c7-a5a7-4659-85f6-ffd55fb61b65"}]}
2026-07-22 15:25:40.856 9 INFO neutron.services.segments.plugin [-] Segment 9cdba6bd-fd10-43d0-a316-092e50873c33 resource provider not found; error: Placement Client Error (4xx): {"errors": [{"status": 404, "title": "Not Found", "detail": "The resource could not be found.\n\n No resource provider with uuid 9cdba6bd-fd10-43d0-a316-092e50873c33 found for delete ", "request_id": "req-2fe35df0-adb1-4ac4-92fd-d47bf34a7fb9"}]}
2026-07-22 15:25:40.868 9 INFO neutron.wsgi [req-320781b9-0fa6-471f-b5b0-cbf3292aef0f req-b0154390-852d-4550-810f-de4df79ea24e e62eee8fa42a4163a3ae678d2c8ae9aa 86e0e1c0a1f14810805148bd2196cbdc - - e37e2322584140228abb0979f9eb5225 e37e2322584140228abb0979f9eb5225] 199.204.45.95 "GET /v2.0/ports?tenant_id=39fa64bd1f4e4da8bfceb01b08119666&device_id=cfc38cab-4807-425e-9943-2168b8e4c99e HTTP/1.1" status: 200 len: 1413 time: 0.1003525
2026-07-22 15:25:40.887 9 INFO neutron.wsgi [None req-db95c874-776f-435a-9421-42b3fcdc53a0 e0beeb94d2a94b82b6042e06780fbc08 07998739e50a4f7e94a3e87b2629af29 - - default default] 10.0.0.179 "DELETE /v2.0/networks/c90014d9-0a03-48a6-92ee-0d96d0aec6c7 HTTP/1.1" status: 204 len: 168 time: 0.5624137
2026-07-22 15:25:40.891 9 INFO neutron.wsgi [None req-2859a2d6-ee87-4f43-8db5-257d84d0b5aa 5a97a77e29e2470bbbb380e751f3cffd d9d62c16f487497896d74591b0657e22 - - default default] 10.0.0.179 "GET /v2.0/floatingips/934158cc-d172-42f3-b209-55f8503d4f3c HTTP/1.1" status: 200 len: 1037 time: 0.0635664
2026-07-22 15:25:40.968 9 INFO neutron.wsgi [req-320781b9-0fa6-471f-b5b0-cbf3292aef0f req-0b425080-5d71-4bba-8e63-c0b8f228b85a e62eee8fa42a4163a3ae678d2c8ae9aa 86e0e1c0a1f14810805148bd2196cbdc - - e37e2322584140228abb0979f9eb5225 e37e2322584140228abb0979f9eb5225] 199.204.45.95 "GET /v2.0/networks?id=a0670e8e-ad06-44a9-88c2-0102eed546c9 HTTP/1.1" status: 200 len: 974 time: 0.0758359
2026-07-22 15:25:40.979 10 INFO neutron.wsgi [None req-2fd4f143-4468-4372-aeeb-ccab4cd33c27 5a97a77e29e2470bbbb380e751f3cffd d9d62c16f487497896d74591b0657e22 - - default default] 10.0.0.179 "GET /v2.0/floatingips HTTP/1.1" status: 200 len: 1040 time: 0.0814240
2026-07-22 15:25:41.022 9 INFO neutron.wsgi [req-320781b9-0fa6-471f-b5b0-cbf3292aef0f req-4d78c6f8-686f-42a7-a8a2-5dbf9eb13c26 e62eee8fa42a4163a3ae678d2c8ae9aa 86e0e1c0a1f14810805148bd2196cbdc - - e37e2322584140228abb0979f9eb5225 e37e2322584140228abb0979f9eb5225] 199.204.45.95 "GET /v2.0/floatingips?fixed_ip_address=10.100.0.10&port_id=1e9f4b0b-05f4-4755-b5f9-d4134c86b08e HTTP/1.1" status: 200 len: 1060 time: 0.0484385
2026-07-22 15:25:41.064 9 INFO neutron.wsgi [req-320781b9-0fa6-471f-b5b0-cbf3292aef0f req-9b46a3d9-e034-4c44-8ed1-c360fac22a39 e62eee8fa42a4163a3ae678d2c8ae9aa 86e0e1c0a1f14810805148bd2196cbdc - - e37e2322584140228abb0979f9eb5225 e37e2322584140228abb0979f9eb5225] 199.204.45.95 "GET /v2.0/subnets?id=0b4060a1-3a9f-413c-bb0b-8f45957c5394 HTTP/1.1" status: 200 len: 869 time: 0.0371528
2026-07-22 15:25:41.106 9 INFO neutron.wsgi [req-320781b9-0fa6-471f-b5b0-cbf3292aef0f req-5c9e7e80-f534-4a5d-a0ae-cbc48a89766c e62eee8fa42a4163a3ae678d2c8ae9aa 86e0e1c0a1f14810805148bd2196cbdc - - e37e2322584140228abb0979f9eb5225 e37e2322584140228abb0979f9eb5225] 199.204.45.95 "GET /v2.0/ports?network_id=a0670e8e-ad06-44a9-88c2-0102eed546c9&device_owner=network%3Adhcp HTTP/1.1" status: 200 len: 210 time: 0.0347514
2026-07-22 15:25:41.171 9 INFO neutron.wsgi [req-320781b9-0fa6-471f-b5b0-cbf3292aef0f req-3608ac07-c010-4cc9-97fb-06b5deeee849 e62eee8fa42a4163a3ae678d2c8ae9aa 86e0e1c0a1f14810805148bd2196cbdc - - e37e2322584140228abb0979f9eb5225 e37e2322584140228abb0979f9eb5225] 199.204.45.95 "GET /v2.0/networks/a0670e8e-ad06-44a9-88c2-0102eed546c9?fields=segments HTTP/1.1" status: 200 len: 212 time: 0.0588820
2026-07-22 15:25:41.237 10 INFO neutron.wsgi [None req-c2840bce-72ec-4da5-96cc-6fe93d21a65d 5c2d2eea7ebd43eaafe62f9f7646482d 1cefd14a2ae340718011307e746df049 - - default default] 10.0.0.249 "GET /v2.0/agents HTTP/1.1" status: 200 len: 997 time: 0.2719283
2026-07-22 15:25:41.246 9 INFO neutron.wsgi [req-320781b9-0fa6-471f-b5b0-cbf3292aef0f req-3b94ce85-683c-45b6-b961-cec98e8330b6 e62eee8fa42a4163a3ae678d2c8ae9aa 86e0e1c0a1f14810805148bd2196cbdc - - e37e2322584140228abb0979f9eb5225 e37e2322584140228abb0979f9eb5225] 199.204.45.95 "GET /v2.0/networks/a0670e8e-ad06-44a9-88c2-0102eed546c9?fields=provider%3Aphysical_network&fields=provider%3Anetwork_type HTTP/1.1" status: 200 len: 277 time: 0.0648739
2026-07-22 15:25:41.254 10 INFO neutron.db.l3_db [None req-0fdf31a4-8e4b-4de3-8776-1c48ccfc747d 5a97a77e29e2470bbbb380e751f3cffd d9d62c16f487497896d74591b0657e22 - - default default] Floating IP 934158cc-d172-42f3-b209-55f8503d4f3c associated. External IP: 10.96.250.216, port: 39f8d5a7-2c2a-46ef-a7aa-10a72ffba91d.
2026-07-22 15:25:41.310 10 INFO neutron.wsgi [None req-d5e1d461-c381-4e64-a010-2e9d223f8c33 5c2d2eea7ebd43eaafe62f9f7646482d 1cefd14a2ae340718011307e746df049 - - default default] 10.0.0.249 "GET /v2.0/security-groups HTTP/1.1" status: 200 len: 27884 time: 0.0712337
2026-07-22 15:25:41.374 10 INFO neutron.wsgi [None req-0e7b336a-2773-43ca-9bca-0ca7401fe0df 5c2d2eea7ebd43eaafe62f9f7646482d 1cefd14a2ae340718011307e746df049 - - default default] 10.0.0.249 "GET /v2.0/ports HTTP/1.1" status: 200 len: 16832 time: 0.0440109
2026-07-22 15:25:41.449 10 INFO neutron.wsgi [None req-1317e223-cfe6-4c6f-b150-d9e06a338344 5c2d2eea7ebd43eaafe62f9f7646482d 1cefd14a2ae340718011307e746df049 - - default default] 10.0.0.249 "GET /v2.0/floatingips HTTP/1.1" status: 200 len: 1868 time: 0.0607669
2026-07-22 15:25:41.507 10 INFO neutron.wsgi [None req-aa971135-a9cb-407d-9af8-5f501d13197c 5c2d2eea7ebd43eaafe62f9f7646482d 1cefd14a2ae340718011307e746df049 - - default default] 10.0.0.249 "GET /v2.0/subnets HTTP/1.1" status: 200 len: 2705 time: 0.0564094
2026-07-22 15:25:41.529 10 INFO neutron.wsgi [None req-82fdd074-c2b1-4545-a092-f61b9a847b47 5c2d2eea7ebd43eaafe62f9f7646482d 1cefd14a2ae340718011307e746df049 - - default default] 10.0.0.249 "GET /v2.0/network-ip-availabilities HTTP/1.1" status: 200 len: 2190 time: 0.0190620 /var/lib/openstack/lib/python3.10/site-packages/pycadf/identifier.py:71: UserWarning: Invalid uuid: neutron. To ensure interoperability, identifiers should be a valid uuid. warnings.warn(('Invalid uuid: %s. To ensure interoperability, '
2026-07-22 15:25:41.545 10 INFO neutron.db.ovn_revision_numbers_db [None req-0fdf31a4-8e4b-4de3-8776-1c48ccfc747d 5a97a77e29e2470bbbb380e751f3cffd d9d62c16f487497896d74591b0657e22 - - default default] Successfully bumped revision number for resource 934158cc-d172-42f3-b209-55f8503d4f3c (type: floatingips) to 2
2026-07-22 15:25:41.585 9 INFO neutron.wsgi [None req-e6defc5b-e70f-478d-8e06-0a5754578699 5c2d2eea7ebd43eaafe62f9f7646482d 1cefd14a2ae340718011307e746df049 - - default default] 10.0.0.179 "GET /v2.0/security-groups?tenant_id=07998739e50a4f7e94a3e87b2629af29&name=default HTTP/1.1" status: 200 len: 2996 time: 0.1720552
2026-07-22 15:25:41.638 10 INFO neutron.wsgi [None req-f3ca1cba-ffdf-4ea5-8334-9f272c0883c2 5c2d2eea7ebd43eaafe62f9f7646482d 1cefd14a2ae340718011307e746df049 - - default default] 10.0.0.249 "GET /v2.0/networks HTTP/1.1" status: 200 len: 3871 time: 0.1073077
2026-07-22 15:25:41.712 10 INFO neutron.wsgi [None req-780009b3-6f1c-48fe-b353-64d0fc187bae 5c2d2eea7ebd43eaafe62f9f7646482d 1cefd14a2ae340718011307e746df049 - - default default] 10.0.0.249 "GET /v2.0/routers HTTP/1.1" status: 200 len: 1535 time: 0.0699844
2026-07-22 15:25:41.720 10 INFO neutron.db.ovn_revision_numbers_db [None req-0fdf31a4-8e4b-4de3-8776-1c48ccfc747d 5a97a77e29e2470bbbb380e751f3cffd d9d62c16f487497896d74591b0657e22 - - default default] Successfully bumped revision number for resource 934158cc-d172-42f3-b209-55f8503d4f3c (type: floatingips) to 2
2026-07-22 15:25:41.726 10 INFO neutron.wsgi [None req-186f68b1-9e36-4786-9b30-cca08761303b 5c2d2eea7ebd43eaafe62f9f7646482d 1cefd14a2ae340718011307e746df049 - - default default] 10.0.0.249 "GET /v2.0/agents?binary=ovn-controller HTTP/1.1" status: 200 len: 591 time: 0.0132380
2026-07-22 15:25:41.777 10 INFO neutron.wsgi [None req-b869bd43-3a65-4313-ab9d-22306d87a2e1 5c2d2eea7ebd43eaafe62f9f7646482d 1cefd14a2ae340718011307e746df049 - - default default] 10.0.0.249 "GET /v2.0/subnets HTTP/1.1" status: 200 len: 2705 time: 0.0421791
2026-07-22 15:25:41.790 10 INFO neutron.wsgi [None req-0fdf31a4-8e4b-4de3-8776-1c48ccfc747d 5a97a77e29e2470bbbb380e751f3cffd d9d62c16f487497896d74591b0657e22 - - default default] 10.0.0.179 "PUT /v2.0/floatingips/934158cc-d172-42f3-b209-55f8503d4f3c HTTP/1.1" status: 200 len: 1039 time: 0.8041539
2026-07-22 15:25:41.792 10 INFO neutron.wsgi [None req-3b757836-c32c-493d-9285-ada349344518 5c2d2eea7ebd43eaafe62f9f7646482d 1cefd14a2ae340718011307e746df049 - - default default] 10.0.0.249 "GET /v2.0/subnetpools HTTP/1.1" status: 200 len: 193 time: 0.0129733
