2026-07-22 15:26:31.407 9 INFO neutron.wsgi [None req-3dfe710f-a577-4e05-b977-47dcc294ac75 efc4b1199c9e4e1795da0a0ef7ab2c5f a5e544406e834fdf8367fcbdfe8485c0 - - default default] 10.0.0.179 "POST /v2.0/routers HTTP/1.1" status: 201 len: 691 time: 0.2160487
2026-07-22 15:26:31.605 10 INFO neutron.services.segments.plugin [-] Segment 9bb45108-3580-4c21-9d1f-d81a13ea8e46 resource provider aggregate not found
2026-07-22 15:26:31.613 10 INFO neutron.services.segments.plugin [-] Segment 9bb45108-3580-4c21-9d1f-d81a13ea8e46 resource provider aggregate not found
2026-07-22 15:26:31.626 10 INFO neutron.services.segments.plugin [-] Segment 9bb45108-3580-4c21-9d1f-d81a13ea8e46 resource provider not found; error: Placement Client Error (4xx): {"errors": [{"status": 404, "title": "Not Found", "detail": "The resource could not be found.\n\n No resource provider with uuid 9bb45108-3580-4c21-9d1f-d81a13ea8e46 found for delete ", "request_id": "req-60c744d2-a7ab-46d9-a4c8-e7341f8f6a89"}]}
2026-07-22 15:26:31.634 10 INFO neutron.services.segments.plugin [-] Segment 9bb45108-3580-4c21-9d1f-d81a13ea8e46 resource provider not found; error: Placement Client Error (4xx): {"errors": [{"status": 404, "title": "Not Found", "detail": "The resource could not be found.\n\n No resource provider with uuid 9bb45108-3580-4c21-9d1f-d81a13ea8e46 found for delete ", "request_id": "req-35856092-d86b-458f-8fd8-3cc415a0eab7"}]}
2026-07-22 15:26:31.658 10 INFO neutron.wsgi [None req-4ddb9ac2-4555-4f09-a10b-8ae89f25e530 4ce8f8d36af5403c8a2c036b1e069395 2e88e477aa1945a0ae790303903d94be - - default default] 10.0.0.179 "DELETE /v2.0/networks/89c6a361-2f4e-40ab-b921-1454fa657a71 HTTP/1.1" status: 204 len: 168 time: 0.7335451
2026-07-22 15:26:31.682 9 INFO neutron.pecan_wsgi.hooks.translation [None req-9fbbd009-7560-4aaf-8a03-0390733b8eb0 4ce8f8d36af5403c8a2c036b1e069395 2e88e477aa1945a0ae790303903d94be - - default default] DELETE failed (client error): The resource could not be found.
2026-07-22 15:26:31.685 9 INFO neutron.wsgi [None req-9fbbd009-7560-4aaf-8a03-0390733b8eb0 4ce8f8d36af5403c8a2c036b1e069395 2e88e477aa1945a0ae790303903d94be - - default default] 10.0.0.179 "DELETE /v2.0/subnets/d0595941-6dbc-4c87-9d7f-bddb0c74145f HTTP/1.1" status: 404 len: 337 time: 0.0185564
2026-07-22 15:26:31.689 10 WARNING neutron.plugins.ml2.drivers.ovn.mech_driver.ovsdb.ovn_client [None req-a95e7cce-003f-4257-bd49-f307de43da7e - - - - - -] No port found with ID 4c454c10-0f03-41a2-93c1-0c73a56b1e13: RuntimeError: No port found with ID 4c454c10-0f03-41a2-93c1-0c73a56b1e13
2026-07-22 15:26:31.704 10 INFO neutron.pecan_wsgi.hooks.translation [None req-eb86fb0e-3237-46e8-990b-0ccdf4772534 4ce8f8d36af5403c8a2c036b1e069395 2e88e477aa1945a0ae790303903d94be - - default default] DELETE failed (client error): The resource could not be found.
2026-07-22 15:26:31.707 10 INFO neutron.wsgi [None req-eb86fb0e-3237-46e8-990b-0ccdf4772534 4ce8f8d36af5403c8a2c036b1e069395 2e88e477aa1945a0ae790303903d94be - - default default] 10.0.0.179 "DELETE /v2.0/subnets/f14cc45e-2714-44fa-a787-d7bc4859147e HTTP/1.1" status: 404 len: 337 time: 0.0160902
2026-07-22 15:26:31.725 10 INFO neutron.pecan_wsgi.hooks.translation [None req-8b04564f-4f76-46d1-9a18-51537d49ca2f 4ce8f8d36af5403c8a2c036b1e069395 2e88e477aa1945a0ae790303903d94be - - default default] DELETE failed (client error): The resource could not be found.
2026-07-22 15:26:31.726 9 INFO neutron.services.segments.plugin [-] Segment e803063f-0932-438c-99fd-1d1d5d3b1bf1 resource provider aggregate not found
2026-07-22 15:26:31.731 10 INFO neutron.wsgi [None req-8b04564f-4f76-46d1-9a18-51537d49ca2f 4ce8f8d36af5403c8a2c036b1e069395 2e88e477aa1945a0ae790303903d94be - - default default] 10.0.0.179 "DELETE /v2.0/subnets/762efec2-5cb3-48fd-ac98-565c258405af HTTP/1.1" status: 404 len: 337 time: 0.0190079
2026-07-22 15:26:31.738 9 INFO neutron.services.segments.plugin [-] Segment e803063f-0932-438c-99fd-1d1d5d3b1bf1 resource provider aggregate not found
2026-07-22 15:26:31.750 9 INFO neutron.services.segments.plugin [-] Segment e803063f-0932-438c-99fd-1d1d5d3b1bf1 resource provider not found; error: Placement Client Error (4xx): {"errors": [{"status": 404, "title": "Not Found", "detail": "The resource could not be found.\n\n No resource provider with uuid e803063f-0932-438c-99fd-1d1d5d3b1bf1 found for delete ", "request_id": "req-4494847a-bdaf-4d1c-8fad-513397c41679"}]}
2026-07-22 15:26:31.759 9 INFO neutron.services.segments.plugin [-] Segment e803063f-0932-438c-99fd-1d1d5d3b1bf1 resource provider not found; error: Placement Client Error (4xx): {"errors": [{"status": 404, "title": "Not Found", "detail": "The resource could not be found.\n\n No resource provider with uuid e803063f-0932-438c-99fd-1d1d5d3b1bf1 found for delete ", "request_id": "req-eace1ac7-c6c3-4027-b608-b935c8b62821"}]}
2026-07-22 15:26:31.899 9 WARNING neutron.scheduler.dhcp_agent_scheduler [None req-2a789bfd-1d62-46ba-8224-dd0a3967140c efc4b1199c9e4e1795da0a0ef7ab2c5f a5e544406e834fdf8367fcbdfe8485c0 - - default default] No more DHCP agents
2026-07-22 15:26:31.901 9 WARNING neutron.api.rpc.agentnotifiers.dhcp_rpc_agent_api [None req-2a789bfd-1d62-46ba-8224-dd0a3967140c efc4b1199c9e4e1795da0a0ef7ab2c5f a5e544406e834fdf8367fcbdfe8485c0 - - default default] Unable to schedule network eb189cda-082f-4f2e-b3ae-bc3ba48dce3d: no agents available; will retry on subsequent port and subnet creation events.
2026-07-22 15:26:32.021 9 INFO neutron.db.ovn_revision_numbers_db [None req-2a789bfd-1d62-46ba-8224-dd0a3967140c efc4b1199c9e4e1795da0a0ef7ab2c5f a5e544406e834fdf8367fcbdfe8485c0 - - default default] Successfully bumped revision number for resource 267f41b2-f0e5-4e20-8788-0b6e4adc40f5 (type: ports) to 1
2026-07-22 15:26:32.048 9 INFO neutron.wsgi [None req-2a789bfd-1d62-46ba-8224-dd0a3967140c efc4b1199c9e4e1795da0a0ef7ab2c5f a5e544406e834fdf8367fcbdfe8485c0 - - default default] 10.0.0.179 "POST /v2.0/ports HTTP/1.1" status: 201 len: 1163 time: 0.6341197 /var/lib/openstack/lib/python3.10/site-packages/pycadf/identifier.py:71: UserWarning: Invalid uuid: neutron. To ensure interoperability, identifiers should be a valid uuid. warnings.warn(('Invalid uuid: %s. To ensure interoperability, '
2026-07-22 15:26:32.689 10 INFO neutron.db.ovn_revision_numbers_db [None req-9e2e3974-4ca7-4797-a667-2b6033652c98 5c2d2eea7ebd43eaafe62f9f7646482d 1cefd14a2ae340718011307e746df049 - - default default] Successfully bumped revision number for resource 1ce89b5f-48c5-4be9-981b-3e842ef618ec (type: security_groups) to 1
2026-07-22 15:26:32.708 10 INFO neutron.db.ovn_revision_numbers_db [None req-9e2e3974-4ca7-4797-a667-2b6033652c98 5c2d2eea7ebd43eaafe62f9f7646482d 1cefd14a2ae340718011307e746df049 - - default default] Successfully bumped revision number for resource 2814996a-96d2-4b06-bcf9-1461b0e60316 (type: security_group_rules) to 0
2026-07-22 15:26:32.722 10 INFO neutron.db.ovn_revision_numbers_db [None req-9e2e3974-4ca7-4797-a667-2b6033652c98 5c2d2eea7ebd43eaafe62f9f7646482d 1cefd14a2ae340718011307e746df049 - - default default] Successfully bumped revision number for resource 58447efb-5efc-415d-bed5-5ffac14d5a21 (type: security_group_rules) to 0
2026-07-22 15:26:32.736 10 INFO neutron.db.ovn_revision_numbers_db [None req-9e2e3974-4ca7-4797-a667-2b6033652c98 5c2d2eea7ebd43eaafe62f9f7646482d 1cefd14a2ae340718011307e746df049 - - default default] Successfully bumped revision number for resource 5eeda5e9-8d84-4ae1-b89c-f6f71d31909f (type: security_group_rules) to 0
2026-07-22 15:26:32.749 10 INFO neutron.db.ovn_revision_numbers_db [None req-9e2e3974-4ca7-4797-a667-2b6033652c98 5c2d2eea7ebd43eaafe62f9f7646482d 1cefd14a2ae340718011307e746df049 - - default default] Successfully bumped revision number for resource addaf0cc-db65-43f7-8828-c4f24ffaa9df (type: security_group_rules) to 0
2026-07-22 15:26:32.773 10 INFO neutron.wsgi [None req-9e2e3974-4ca7-4797-a667-2b6033652c98 5c2d2eea7ebd43eaafe62f9f7646482d 1cefd14a2ae340718011307e746df049 - - default default] 10.0.0.179 "GET /v2.0/security-groups?tenant_id=7330759837ae42f3b1908c8f2c2e52c3&name=default HTTP/1.1" status: 200 len: 2996 time: 0.3800910 /var/lib/openstack/lib/python3.10/site-packages/pycadf/identifier.py:71: UserWarning: Invalid uuid: neutron. To ensure interoperability, identifiers should be a valid uuid. warnings.warn(('Invalid uuid: %s. To ensure interoperability, '
2026-07-22 15:26:32.790 9 INFO neutron.plugins.ml2.drivers.ovn.mech_driver.mech_driver [None req-dce3b029-d00b-4178-9294-9dee77922ec6 - - - - - -] OVN reports status up for port: 267f41b2-f0e5-4e20-8788-0b6e4adc40f5
2026-07-22 15:26:32.813 9 INFO neutron.plugins.ml2.plugin [None req-dce3b029-d00b-4178-9294-9dee77922ec6 - - - - - -] Attempt 1 to provision port 267f41b2-f0e5-4e20-8788-0b6e4adc40f5
2026-07-22 15:26:32.844 9 INFO neutron.db.ovn_revision_numbers_db [None req-f6fbaef7-1785-46b5-8241-34db137f0fa2 efc4b1199c9e4e1795da0a0ef7ab2c5f a5e544406e834fdf8367fcbdfe8485c0 - - default default] Successfully bumped revision number for resource 267f41b2-f0e5-4e20-8788-0b6e4adc40f5 (type: router_ports) to 2
2026-07-22 15:26:32.987 10 INFO neutron.wsgi [None req-5009ad18-749e-40de-bdfc-0d7d4e196587 5c2d2eea7ebd43eaafe62f9f7646482d 1cefd14a2ae340718011307e746df049 - - default default] 10.0.0.179 "DELETE /v2.0/security-groups/1ce89b5f-48c5-4be9-981b-3e842ef618ec HTTP/1.1" status: 204 len: 168 time: 0.2084515
2026-07-22 15:26:32.994 9 INFO neutron.db.ovn_revision_numbers_db [None req-735b3bb7-fc22-4afa-bdfe-6a9b31e43b38 5c2d2eea7ebd43eaafe62f9f7646482d 1cefd14a2ae340718011307e746df049 - - default default] Successfully bumped revision number for resource 494d32b3-5d03-467a-a399-1e7b30e145cd (type: security_groups) to 1
2026-07-22 15:26:33.045 9 INFO neutron.db.ovn_revision_numbers_db [None req-735b3bb7-fc22-4afa-bdfe-6a9b31e43b38 5c2d2eea7ebd43eaafe62f9f7646482d 1cefd14a2ae340718011307e746df049 - - default default] Successfully bumped revision number for resource 244ac346-dbc9-425e-af75-7f05b9dab744 (type: security_group_rules) to 0
2026-07-22 15:26:33.080 9 INFO neutron.db.ovn_revision_numbers_db [None req-735b3bb7-fc22-4afa-bdfe-6a9b31e43b38 5c2d2eea7ebd43eaafe62f9f7646482d 1cefd14a2ae340718011307e746df049 - - default default] Successfully bumped revision number for resource 9928c881-0a16-42ae-b9df-90358c350478 (type: security_group_rules) to 0
2026-07-22 15:26:33.099 9 INFO neutron.db.ovn_revision_numbers_db [None req-735b3bb7-fc22-4afa-bdfe-6a9b31e43b38 5c2d2eea7ebd43eaafe62f9f7646482d 1cefd14a2ae340718011307e746df049 - - default default] Successfully bumped revision number for resource beac55d6-c23e-412d-8619-f03d561a6cb8 (type: security_group_rules) to 0
2026-07-22 15:26:33.100 9 INFO neutron.db.ovn_revision_numbers_db [None req-f6fbaef7-1785-46b5-8241-34db137f0fa2 efc4b1199c9e4e1795da0a0ef7ab2c5f a5e544406e834fdf8367fcbdfe8485c0 - - default default] Successfully bumped revision number for resource 267f41b2-f0e5-4e20-8788-0b6e4adc40f5 (type: ports) to 2
2026-07-22 15:26:33.132 9 INFO neutron.db.ovn_revision_numbers_db [None req-735b3bb7-fc22-4afa-bdfe-6a9b31e43b38 5c2d2eea7ebd43eaafe62f9f7646482d 1cefd14a2ae340718011307e746df049 - - default default] Successfully bumped revision number for resource c3465173-5622-422d-b1a5-d308ce98879f (type: security_group_rules) to 0
2026-07-22 15:26:33.192 9 INFO neutron.wsgi [None req-735b3bb7-fc22-4afa-bdfe-6a9b31e43b38 5c2d2eea7ebd43eaafe62f9f7646482d 1cefd14a2ae340718011307e746df049 - - default default] 10.0.0.179 "GET /v2.0/security-groups?tenant_id=fab7f04bdc1041439f1c78be96d8f077&name=default HTTP/1.1" status: 200 len: 2996 time: 0.5127754
2026-07-22 15:26:33.311 9 INFO neutron.db.ovn_revision_numbers_db [None req-dce3b029-d00b-4178-9294-9dee77922ec6 - - - - - -] Successfully bumped revision number for resource 267f41b2-f0e5-4e20-8788-0b6e4adc40f5 (type: ports) to 3
2026-07-22 15:26:33.414 10 INFO neutron.wsgi [None req-9d964d5f-204a-40ba-9d58-afe29898842e 5c2d2eea7ebd43eaafe62f9f7646482d 1cefd14a2ae340718011307e746df049 - - default default] 10.0.0.179 "DELETE /v2.0/security-groups/494d32b3-5d03-467a-a399-1e7b30e145cd HTTP/1.1" status: 204 len: 168 time: 0.2161987
2026-07-22 15:26:33.541 9 INFO neutron.db.ovn_revision_numbers_db [None req-dce3b029-d00b-4178-9294-9dee77922ec6 - - - - - -] Successfully bumped revision number for resource 267f41b2-f0e5-4e20-8788-0b6e4adc40f5 (type: router_ports) to 3
2026-07-22 15:26:33.584 10 INFO neutron.wsgi [None req-cfb9036a-f1b5-41f5-93fd-532cf5801464 5c2d2eea7ebd43eaafe62f9f7646482d 1cefd14a2ae340718011307e746df049 - - default default] 10.0.0.179 "GET /v2.0/security-groups?tenant_id=2e88e477aa1945a0ae790303903d94be&name=default HTTP/1.1" status: 200 len: 2996 time: 0.0518341
2026-07-22 15:26:33.808 10 INFO neutron.wsgi [None req-2395dbb2-46df-47a0-a8bf-7d08a1567be6 5c2d2eea7ebd43eaafe62f9f7646482d 1cefd14a2ae340718011307e746df049 - - default default] 10.0.0.179 "DELETE /v2.0/security-groups/55dc20ae-9d14-4984-86e0-5d0e2304605c HTTP/1.1" status: 204 len: 168 time: 0.2147515
2026-07-22 15:26:33.889 9 INFO neutron.db.ovn_revision_numbers_db [None req-f6fbaef7-1785-46b5-8241-34db137f0fa2 efc4b1199c9e4e1795da0a0ef7ab2c5f a5e544406e834fdf8367fcbdfe8485c0 - - default default] Successfully bumped revision number for resource 267f41b2-f0e5-4e20-8788-0b6e4adc40f5 (type: ports) to 3
2026-07-22 15:26:33.946 9 WARNING neutron.scheduler.dhcp_agent_scheduler [None req-f6fbaef7-1785-46b5-8241-34db137f0fa2 efc4b1199c9e4e1795da0a0ef7ab2c5f a5e544406e834fdf8367fcbdfe8485c0 - - default default] No more DHCP agents
2026-07-22 15:26:33.947 9 WARNING neutron.api.rpc.agentnotifiers.dhcp_rpc_agent_api [None req-f6fbaef7-1785-46b5-8241-34db137f0fa2 efc4b1199c9e4e1795da0a0ef7ab2c5f a5e544406e834fdf8367fcbdfe8485c0 - - default default] Unable to schedule network eb189cda-082f-4f2e-b3ae-bc3ba48dce3d: no agents available; will retry on subsequent port and subnet creation events. /var/lib/openstack/lib/python3.10/site-packages/pycadf/identifier.py:71: UserWarning: Invalid uuid: neutron. To ensure interoperability, identifiers should be a valid uuid. warnings.warn(('Invalid uuid: %s. To ensure interoperability, '
2026-07-22 15:26:34.141 9 INFO neutron.db.ovn_revision_numbers_db [None req-b75df0b9-dd88-4b3b-9c3b-3d96d47dfb2f 5c2d2eea7ebd43eaafe62f9f7646482d 1cefd14a2ae340718011307e746df049 - - default default] Successfully bumped revision number for resource 7b1ed82b-5829-4dea-bce6-313f85889f9b (type: security_groups) to 1
2026-07-22 15:26:34.158 9 INFO neutron.db.ovn_revision_numbers_db [None req-f6fbaef7-1785-46b5-8241-34db137f0fa2 efc4b1199c9e4e1795da0a0ef7ab2c5f a5e544406e834fdf8367fcbdfe8485c0 - - default default] Successfully bumped revision number for resource 267f41b2-f0e5-4e20-8788-0b6e4adc40f5 (type: router_ports) to 3
2026-07-22 15:26:34.163 9 INFO neutron.wsgi [None req-f6fbaef7-1785-46b5-8241-34db137f0fa2 efc4b1199c9e4e1795da0a0ef7ab2c5f a5e544406e834fdf8367fcbdfe8485c0 - - default default] 10.0.0.179 "PUT /v2.0/routers/771101b0-f028-477c-9ae9-6e867b3ac3fc/add_router_interface HTTP/1.1" status: 200 len: 503 time: 2.1100137
2026-07-22 15:26:34.164 9 INFO neutron.db.ovn_revision_numbers_db [None req-b75df0b9-dd88-4b3b-9c3b-3d96d47dfb2f 5c2d2eea7ebd43eaafe62f9f7646482d 1cefd14a2ae340718011307e746df049 - - default default] Successfully bumped revision number for resource 01a4fa25-3646-44e8-9491-f52e926d268a (type: security_group_rules) to 0
2026-07-22 15:26:34.196 9 INFO neutron.db.ovn_revision_numbers_db [None req-b75df0b9-dd88-4b3b-9c3b-3d96d47dfb2f 5c2d2eea7ebd43eaafe62f9f7646482d 1cefd14a2ae340718011307e746df049 - - default default] Successfully bumped revision number for resource 0ed419e7-06a6-45d6-a3d9-fb5ad86a38c3 (type: security_group_rules) to 0
2026-07-22 15:26:34.214 9 INFO neutron.db.ovn_revision_numbers_db [None req-b75df0b9-dd88-4b3b-9c3b-3d96d47dfb2f 5c2d2eea7ebd43eaafe62f9f7646482d 1cefd14a2ae340718011307e746df049 - - default default] Successfully bumped revision number for resource 3c02351b-2c22-4465-8050-5aed590ad281 (type: security_group_rules) to 0
2026-07-22 15:26:34.235 9 INFO neutron.db.ovn_revision_numbers_db [None req-b75df0b9-dd88-4b3b-9c3b-3d96d47dfb2f 5c2d2eea7ebd43eaafe62f9f7646482d 1cefd14a2ae340718011307e746df049 - - default default] Successfully bumped revision number for resource 5fa34596-c034-42b5-890d-8e6d366fcdec (type: security_group_rules) to 0
2026-07-22 15:26:34.260 10 INFO neutron.wsgi [None req-81860edc-4c3f-466c-8231-ec1faa99cecb efc4b1199c9e4e1795da0a0ef7ab2c5f a5e544406e834fdf8367fcbdfe8485c0 - - default default] 10.0.0.179 "GET /v2.0/ports/267f41b2-f0e5-4e20-8788-0b6e4adc40f5 HTTP/1.1" status: 200 len: 1221 time: 0.0889676
2026-07-22 15:26:34.275 9 INFO neutron.wsgi [None req-b75df0b9-dd88-4b3b-9c3b-3d96d47dfb2f 5c2d2eea7ebd43eaafe62f9f7646482d 1cefd14a2ae340718011307e746df049 - - default default] 10.0.0.179 "GET /v2.0/security-groups?tenant_id=5b4914aedef74af7a9ace5dbe46732c6&name=default HTTP/1.1" status: 200 len: 2996 time: 0.3158107
2026-07-22 15:26:34.494 9 INFO neutron.wsgi [None req-a7af6e80-9488-4625-87ec-cd7ac63f3d96 5c2d2eea7ebd43eaafe62f9f7646482d 1cefd14a2ae340718011307e746df049 - - default default] 10.0.0.179 "DELETE /v2.0/security-groups/7b1ed82b-5829-4dea-bce6-313f85889f9b HTTP/1.1" status: 204 len: 168 time: 0.2124951
2026-07-22 15:26:34.837 10 INFO neutron.wsgi [None req-18f6e259-e8d4-4275-8a54-39c37c9a46f4 efc4b1199c9e4e1795da0a0ef7ab2c5f a5e544406e834fdf8367fcbdfe8485c0 - - default default] 10.0.0.179 "PUT /v2.0/routers/771101b0-f028-477c-9ae9-6e867b3ac3fc/remove_router_interface HTTP/1.1" status: 200 len: 503 time: 0.5703983 /var/lib/openstack/lib/python3.10/site-packages/pycadf/identifier.py:71: UserWarning: Invalid uuid: neutron. To ensure interoperability, identifiers should be a valid uuid. warnings.warn(('Invalid uuid: %s. To ensure interoperability, '
2026-07-22 15:26:34.902 10 INFO neutron.api.v2.resource [None req-64495133-8a45-425f-83db-592cb38cb763 efc4b1199c9e4e1795da0a0ef7ab2c5f a5e544406e834fdf8367fcbdfe8485c0 - - default default] remove_router_interface failed (client error): The resource could not be found.
2026-07-22 15:26:34.903 10 INFO neutron.wsgi [None req-64495133-8a45-425f-83db-592cb38cb763 efc4b1199c9e4e1795da0a0ef7ab2c5f a5e544406e834fdf8367fcbdfe8485c0 - - default default] 10.0.0.179 "PUT /v2.0/routers/771101b0-f028-477c-9ae9-6e867b3ac3fc/remove_router_interface HTTP/1.1" status: 404 len: 398 time: 0.0611303
2026-07-22 15:26:34.931 10 INFO neutron.wsgi [None req-cbfc8edb-522f-47d0-ae07-acee2906e963 efc4b1199c9e4e1795da0a0ef7ab2c5f a5e544406e834fdf8367fcbdfe8485c0 - - default default] 10.0.0.179 "GET /v2.0/ports?device_id=771101b0-f028-477c-9ae9-6e867b3ac3fc HTTP/1.1" status: 200 len: 205 time: 0.0226758
2026-07-22 15:26:35.130 10 INFO neutron.wsgi [None req-32b16489-e318-4ddc-adc3-7a53d149e1b7 efc4b1199c9e4e1795da0a0ef7ab2c5f a5e544406e834fdf8367fcbdfe8485c0 - - default default] 10.0.0.179 "DELETE /v2.0/routers/771101b0-f028-477c-9ae9-6e867b3ac3fc HTTP/1.1" status: 204 len: 168 time: 0.1936703
2026-07-22 15:26:35.309 10 INFO neutron.wsgi [None req-1ff9173c-2e7f-4e71-9019-b02946d93824 efc4b1199c9e4e1795da0a0ef7ab2c5f a5e544406e834fdf8367fcbdfe8485c0 - - default default] 10.0.0.179 "DELETE /v2.0/subnets/d945eab8-83b2-4f1a-8b60-78e259273c0e HTTP/1.1" status: 204 len: 168 time: 0.1742094
2026-07-22 15:26:35.660 10 INFO neutron.services.segments.plugin [-] Segment 5e469ed0-1d38-4a6b-b357-f9ee951bdb71 resource provider aggregate not found
2026-07-22 15:26:35.665 10 INFO neutron.services.segments.plugin [-] Segment 5e469ed0-1d38-4a6b-b357-f9ee951bdb71 resource provider aggregate not found
2026-07-22 15:26:35.679 10 INFO neutron.services.segments.plugin [-] Segment 5e469ed0-1d38-4a6b-b357-f9ee951bdb71 resource provider not found; error: Placement Client Error (4xx): {"errors": [{"status": 404, "title": "Not Found", "detail": "The resource could not be found.\n\n No resource provider with uuid 5e469ed0-1d38-4a6b-b357-f9ee951bdb71 found for delete ", "request_id": "req-51850639-1185-4642-9d28-f68228d4185e"}]}
2026-07-22 15:26:35.679 10 INFO neutron.services.segments.plugin [-] Segment 5e469ed0-1d38-4a6b-b357-f9ee951bdb71 resource provider not found; error: Placement Client Error (4xx): {"errors": [{"status": 404, "title": "Not Found", "detail": "The resource could not be found.\n\n No resource provider with uuid 5e469ed0-1d38-4a6b-b357-f9ee951bdb71 found for delete ", "request_id": "req-b871adbc-c30b-4516-a7cb-77becd783069"}]}
2026-07-22 15:26:35.714 10 INFO neutron.wsgi [None req-cfda0e68-e1db-4dc7-a895-b0eabd21c0ef efc4b1199c9e4e1795da0a0ef7ab2c5f a5e544406e834fdf8367fcbdfe8485c0 - - default default] 10.0.0.179 "DELETE /v2.0/networks/eb189cda-082f-4f2e-b3ae-bc3ba48dce3d HTTP/1.1" status: 204 len: 168 time: 0.3995888
2026-07-22 15:26:35.798 10 INFO neutron.db.ovn_revision_numbers_db [None req-eda3ecda-191b-4ee4-a16c-2f12e9e95d1d 5c2d2eea7ebd43eaafe62f9f7646482d 1cefd14a2ae340718011307e746df049 - - default default] Successfully bumped revision number for resource 2c60fc57-d376-4e0b-b0a0-1b268e7b4c7d (type: security_groups) to 1
2026-07-22 15:26:35.812 10 INFO neutron.db.ovn_revision_numbers_db [None req-eda3ecda-191b-4ee4-a16c-2f12e9e95d1d 5c2d2eea7ebd43eaafe62f9f7646482d 1cefd14a2ae340718011307e746df049 - - default default] Successfully bumped revision number for resource 16397add-62cb-4ff7-952b-b65b160ff13f (type: security_group_rules) to 0
2026-07-22 15:26:35.831 9 INFO neutron.db.segments_db [None req-200dc483-d2d2-4ee1-8945-248e3205a185 efc4b1199c9e4e1795da0a0ef7ab2c5f a5e544406e834fdf8367fcbdfe8485c0 - - default default] Added segment ba84f00f-4e8d-4a33-a9f1-158e40ce6acd of type geneve for network 48059576-8696-426e-b061-9479bf232b3a
2026-07-22 15:26:35.833 10 INFO neutron.db.ovn_revision_numbers_db [None req-eda3ecda-191b-4ee4-a16c-2f12e9e95d1d 5c2d2eea7ebd43eaafe62f9f7646482d 1cefd14a2ae340718011307e746df049 - - default default] Successfully bumped revision number for resource 95f761ae-30a7-45e3-9af6-440e98230d49 (type: security_group_rules) to 0
2026-07-22 15:26:35.861 10 INFO neutron.db.ovn_revision_numbers_db [None req-eda3ecda-191b-4ee4-a16c-2f12e9e95d1d 5c2d2eea7ebd43eaafe62f9f7646482d 1cefd14a2ae340718011307e746df049 - - default default] Successfully bumped revision number for resource a08ef459-b752-49eb-82f4-1527e8c123a0 (type: security_group_rules) to 0
2026-07-22 15:26:35.875 10 INFO neutron.db.ovn_revision_numbers_db [None req-eda3ecda-191b-4ee4-a16c-2f12e9e95d1d 5c2d2eea7ebd43eaafe62f9f7646482d 1cefd14a2ae340718011307e746df049 - - default default] Successfully bumped revision number for resource f177fc00-96d8-46b0-971f-179a877e0d1d (type: security_group_rules) to 0
2026-07-22 15:26:35.899 10 INFO neutron.wsgi [None req-eda3ecda-191b-4ee4-a16c-2f12e9e95d1d 5c2d2eea7ebd43eaafe62f9f7646482d 1cefd14a2ae340718011307e746df049 - - default default] 10.0.0.179 "GET /v2.0/security-groups?tenant_id=203168829f5a4aea80602be0aa9f7e00&name=default HTTP/1.1" status: 200 len: 2996 time: 0.4116919
2026-07-22 15:26:36.020 9 INFO neutron.db.ovn_revision_numbers_db [None req-200dc483-d2d2-4ee1-8945-248e3205a185 efc4b1199c9e4e1795da0a0ef7ab2c5f a5e544406e834fdf8367fcbdfe8485c0 - - default default] Successfully bumped revision number for resource 48059576-8696-426e-b061-9479bf232b3a (type: networks) to 1
2026-07-22 15:26:36.296 9 WARNING neutron.scheduler.dhcp_agent_scheduler [None req-200dc483-d2d2-4ee1-8945-248e3205a185 efc4b1199c9e4e1795da0a0ef7ab2c5f a5e544406e834fdf8367fcbdfe8485c0 - - default default] No more DHCP agents
2026-07-22 15:26:36.300 9 WARNING neutron.api.rpc.agentnotifiers.dhcp_rpc_agent_api [None req-200dc483-d2d2-4ee1-8945-248e3205a185 efc4b1199c9e4e1795da0a0ef7ab2c5f a5e544406e834fdf8367fcbdfe8485c0 - - default default] Unable to schedule network 48059576-8696-426e-b061-9479bf232b3a: no agents available; will retry on subsequent port and subnet creation events.
2026-07-22 15:26:36.317 9 INFO neutron.wsgi [None req-fa45ecd5-997a-44e4-996e-ef087cd225dd 5c2d2eea7ebd43eaafe62f9f7646482d 1cefd14a2ae340718011307e746df049 - - default default] 10.0.0.179 "DELETE /v2.0/security-groups/2c60fc57-d376-4e0b-b0a0-1b268e7b4c7d HTTP/1.1" status: 204 len: 168 time: 0.4135377
2026-07-22 15:26:36.380 9 INFO neutron.db.ovn_revision_numbers_db [None req-200dc483-d2d2-4ee1-8945-248e3205a185 efc4b1199c9e4e1795da0a0ef7ab2c5f a5e544406e834fdf8367fcbdfe8485c0 - - default default] Successfully bumped revision number for resource d9ed1cec-c430-4433-96c4-0f002f8d81cd (type: ports) to 1
2026-07-22 15:26:36.402 9 INFO neutron.wsgi [None req-200dc483-d2d2-4ee1-8945-248e3205a185 efc4b1199c9e4e1795da0a0ef7ab2c5f a5e544406e834fdf8367fcbdfe8485c0 - - default default] 10.0.0.179 "POST /v2.0/networks HTTP/1.1" status: 201 len: 832 time: 0.6806710
2026-07-22 15:26:36.698 9 WARNING neutron.scheduler.dhcp_agent_scheduler [None req-3712611b-a7c9-4735-8a62-4c52d791b46f efc4b1199c9e4e1795da0a0ef7ab2c5f a5e544406e834fdf8367fcbdfe8485c0 - - default default] No more DHCP agents
2026-07-22 15:26:36.701 9 WARNING neutron.api.rpc.agentnotifiers.dhcp_rpc_agent_api [None req-3712611b-a7c9-4735-8a62-4c52d791b46f efc4b1199c9e4e1795da0a0ef7ab2c5f a5e544406e834fdf8367fcbdfe8485c0 - - default default] Unable to schedule network 48059576-8696-426e-b061-9479bf232b3a: no agents available; will retry on subsequent port and subnet creation events.
2026-07-22 15:26:36.730 9 INFO neutron.db.ovn_revision_numbers_db [None req-3712611b-a7c9-4735-8a62-4c52d791b46f efc4b1199c9e4e1795da0a0ef7ab2c5f a5e544406e834fdf8367fcbdfe8485c0 - - default default] Successfully bumped revision number for resource 6ea41c48-04ca-4891-af66-ff4fd292f7af (type: subnets) to 0
2026-07-22 15:26:36.747 9 INFO neutron.wsgi [None req-3712611b-a7c9-4735-8a62-4c52d791b46f efc4b1199c9e4e1795da0a0ef7ab2c5f a5e544406e834fdf8367fcbdfe8485c0 - - default default] 10.0.0.179 "POST /v2.0/subnets HTTP/1.1" status: 201 len: 821 time: 0.3352783
2026-07-22 15:26:36.913 9 INFO neutron.db.ovn_revision_numbers_db [None req-b1b9e6a2-58dc-4a07-ba84-f921130267fb efc4b1199c9e4e1795da0a0ef7ab2c5f a5e544406e834fdf8367fcbdfe8485c0 - - default default] Successfully bumped revision number for resource f9290934-00f1-4888-b34f-db7b80ea7ead (type: routers) to 1
2026-07-22 15:26:36.933 9 INFO neutron.wsgi [None req-b1b9e6a2-58dc-4a07-ba84-f921130267fb efc4b1199c9e4e1795da0a0ef7ab2c5f a5e544406e834fdf8367fcbdfe8485c0 - - default default] 10.0.0.179 "POST /v2.0/routers HTTP/1.1" status: 201 len: 690 time: 0.1804056
2026-07-22 15:26:37.353 9 WARNING neutron.scheduler.dhcp_agent_scheduler [None req-e4d40294-93a6-4f4f-a585-6cf4dfc508aa efc4b1199c9e4e1795da0a0ef7ab2c5f a5e544406e834fdf8367fcbdfe8485c0 - - default default] No more DHCP agents
2026-07-22 15:26:37.357 9 WARNING neutron.api.rpc.agentnotifiers.dhcp_rpc_agent_api [None req-e4d40294-93a6-4f4f-a585-6cf4dfc508aa efc4b1199c9e4e1795da0a0ef7ab2c5f a5e544406e834fdf8367fcbdfe8485c0 - - default default] Unable to schedule network 48059576-8696-426e-b061-9479bf232b3a: no agents available; will retry on subsequent port and subnet creation events.
2026-07-22 15:26:37.467 9 INFO neutron.db.ovn_revision_numbers_db [None req-e4d40294-93a6-4f4f-a585-6cf4dfc508aa efc4b1199c9e4e1795da0a0ef7ab2c5f a5e544406e834fdf8367fcbdfe8485c0 - - default default] Successfully bumped revision number for resource 702f65b8-1897-4346-b673-2cb16f6a1789 (type: ports) to 1
2026-07-22 15:26:37.963 10 INFO neutron.db.ovn_revision_numbers_db [None req-939b12c1-b0ca-463f-9990-9c6d9a1d72db 5c2d2eea7ebd43eaafe62f9f7646482d 1cefd14a2ae340718011307e746df049 - - default default] Successfully bumped revision number for resource 2368f478-f12e-42a0-b584-d376d07b6f74 (type: security_groups) to 1
2026-07-22 15:26:37.976 10 INFO neutron.db.ovn_revision_numbers_db [None req-939b12c1-b0ca-463f-9990-9c6d9a1d72db 5c2d2eea7ebd43eaafe62f9f7646482d 1cefd14a2ae340718011307e746df049 - - default default] Successfully bumped revision number for resource 5ab0c8ca-9881-41a4-b75b-c274f8ab1403 (type: security_group_rules) to 0
2026-07-22 15:26:37.992 10 INFO neutron.db.ovn_revision_numbers_db [None req-939b12c1-b0ca-463f-9990-9c6d9a1d72db 5c2d2eea7ebd43eaafe62f9f7646482d 1cefd14a2ae340718011307e746df049 - - default default] Successfully bumped revision number for resource d003826c-3ec7-4629-928b-57236a870f8d (type: security_group_rules) to 0
2026-07-22 15:26:38.022 10 INFO neutron.db.ovn_revision_numbers_db [None req-939b12c1-b0ca-463f-9990-9c6d9a1d72db 5c2d2eea7ebd43eaafe62f9f7646482d 1cefd14a2ae340718011307e746df049 - - default default] Successfully bumped revision number for resource dab765af-36c6-4a83-8aed-168bc5d02510 (type: security_group_rules) to 0
2026-07-22 15:26:38.039 10 INFO neutron.db.ovn_revision_numbers_db [None req-939b12c1-b0ca-463f-9990-9c6d9a1d72db 5c2d2eea7ebd43eaafe62f9f7646482d 1cefd14a2ae340718011307e746df049 - - default default] Successfully bumped revision number for resource e10de321-5e6a-4faf-be36-2ac67a5572be (type: security_group_rules) to 0
2026-07-22 15:26:38.069 10 INFO neutron.wsgi [None req-939b12c1-b0ca-463f-9990-9c6d9a1d72db 5c2d2eea7ebd43eaafe62f9f7646482d 1cefd14a2ae340718011307e746df049 - - default default] 10.0.0.179 "GET /v2.0/security-groups?tenant_id=781d40499958494eb5ce9148d8dac5b5&name=default HTTP/1.1" status: 200 len: 2996 time: 0.4166901
2026-07-22 15:26:38.131 9 INFO neutron.db.ovn_revision_numbers_db [None req-e4d40294-93a6-4f4f-a585-6cf4dfc508aa efc4b1199c9e4e1795da0a0ef7ab2c5f a5e544406e834fdf8367fcbdfe8485c0 - - default default] Successfully bumped revision number for resource 702f65b8-1897-4346-b673-2cb16f6a1789 (type: router_ports) to 1
2026-07-22 15:26:38.170 9 WARNING neutron.plugins.ml2.drivers.ovn.mech_driver.ovsdb.ovn_client [None req-dce3b029-d00b-4178-9294-9dee77922ec6 - - - - - -] No port found with ID 267f41b2-f0e5-4e20-8788-0b6e4adc40f5: RuntimeError: No port found with ID 267f41b2-f0e5-4e20-8788-0b6e4adc40f5
2026-07-22 15:26:38.171 9 INFO neutron.plugins.ml2.drivers.ovn.mech_driver.mech_driver [None req-dce3b029-d00b-4178-9294-9dee77922ec6 - - - - - -] OVN reports status up for port: 702f65b8-1897-4346-b673-2cb16f6a1789
2026-07-22 15:26:38.180 9 INFO neutron.plugins.ml2.plugin [None req-dce3b029-d00b-4178-9294-9dee77922ec6 - - - - - -] Attempt 1 to provision port 702f65b8-1897-4346-b673-2cb16f6a1789
2026-07-22 15:26:38.269 10 INFO neutron.wsgi [None req-54b44fea-5dda-49d1-af02-f876ebaa5270 5c2d2eea7ebd43eaafe62f9f7646482d 1cefd14a2ae340718011307e746df049 - - default default] 10.0.0.179 "DELETE /v2.0/security-groups/2368f478-f12e-42a0-b584-d376d07b6f74 HTTP/1.1" status: 204 len: 168 time: 0.1964087
2026-07-22 15:26:38.286 9 INFO neutron.db.ovn_revision_numbers_db [None req-e4d40294-93a6-4f4f-a585-6cf4dfc508aa efc4b1199c9e4e1795da0a0ef7ab2c5f a5e544406e834fdf8367fcbdfe8485c0 - - default default] Successfully bumped revision number for resource 702f65b8-1897-4346-b673-2cb16f6a1789 (type: ports) to 1
2026-07-22 15:26:38.379 9 WARNING neutron.scheduler.dhcp_agent_scheduler [None req-e4d40294-93a6-4f4f-a585-6cf4dfc508aa efc4b1199c9e4e1795da0a0ef7ab2c5f a5e544406e834fdf8367fcbdfe8485c0 - - default default] No more DHCP agents
2026-07-22 15:26:38.382 9 WARNING neutron.api.rpc.agentnotifiers.dhcp_rpc_agent_api [None req-e4d40294-93a6-4f4f-a585-6cf4dfc508aa efc4b1199c9e4e1795da0a0ef7ab2c5f a5e544406e834fdf8367fcbdfe8485c0 - - default default] Unable to schedule network 48059576-8696-426e-b061-9479bf232b3a: no agents available; will retry on subsequent port and subnet creation events.
2026-07-22 15:26:38.571 9 INFO neutron.db.ovn_revision_numbers_db [None req-dce3b029-d00b-4178-9294-9dee77922ec6 - - - - - -] Successfully bumped revision number for resource 702f65b8-1897-4346-b673-2cb16f6a1789 (type: ports) to 2
2026-07-22 15:26:38.603 10 INFO neutron.db.ovn_revision_numbers_db [None req-ddfe75bc-065d-40de-a552-b53ab74b8e57 5c2d2eea7ebd43eaafe62f9f7646482d 1cefd14a2ae340718011307e746df049 - - default default] Successfully bumped revision number for resource 6ce7b1fd-0f97-4e64-bc40-73ca611bc4d3 (type: security_groups) to 1
2026-07-22 15:26:38.637 9 INFO neutron.db.ovn_revision_numbers_db [None req-e4d40294-93a6-4f4f-a585-6cf4dfc508aa efc4b1199c9e4e1795da0a0ef7ab2c5f a5e544406e834fdf8367fcbdfe8485c0 - - default default] Successfully bumped revision number for resource 702f65b8-1897-4346-b673-2cb16f6a1789 (type: router_ports) to 2
2026-07-22 15:26:38.638 10 INFO neutron.db.ovn_revision_numbers_db [None req-ddfe75bc-065d-40de-a552-b53ab74b8e57 5c2d2eea7ebd43eaafe62f9f7646482d 1cefd14a2ae340718011307e746df049 - - default default] Successfully bumped revision number for resource 380393fb-f080-47be-a6e1-cd8ea92c89d8 (type: security_group_rules) to 0
2026-07-22 15:26:38.640 9 INFO neutron.wsgi [None req-e4d40294-93a6-4f4f-a585-6cf4dfc508aa efc4b1199c9e4e1795da0a0ef7ab2c5f a5e544406e834fdf8367fcbdfe8485c0 - - default default] 10.0.0.179 "PUT /v2.0/routers/f9290934-00f1-4888-b34f-db7b80ea7ead/add_router_interface HTTP/1.1" status: 200 len: 503 time: 1.7011616
2026-07-22 15:26:38.667 10 INFO neutron.db.ovn_revision_numbers_db [None req-ddfe75bc-065d-40de-a552-b53ab74b8e57 5c2d2eea7ebd43eaafe62f9f7646482d 1cefd14a2ae340718011307e746df049 - - default default] Successfully bumped revision number for resource 8312256d-db20-40f0-b8ca-895de374a4f6 (type: security_group_rules) to 0
2026-07-22 15:26:38.693 10 INFO neutron.db.ovn_revision_numbers_db [None req-ddfe75bc-065d-40de-a552-b53ab74b8e57 5c2d2eea7ebd43eaafe62f9f7646482d 1cefd14a2ae340718011307e746df049 - - default default] Successfully bumped revision number for resource 94f939c8-3c49-4b3c-ade7-74b737265e37 (type: security_group_rules) to 0
2026-07-22 15:26:38.711 10 INFO neutron.db.ovn_revision_numbers_db [None req-ddfe75bc-065d-40de-a552-b53ab74b8e57 5c2d2eea7ebd43eaafe62f9f7646482d 1cefd14a2ae340718011307e746df049 - - default default] Successfully bumped revision number for resource c5ae19ea-bae4-48bf-93bc-638d809ecfeb (type: security_group_rules) to 0
2026-07-22 15:26:38.745 10 INFO neutron.wsgi [None req-ddfe75bc-065d-40de-a552-b53ab74b8e57 5c2d2eea7ebd43eaafe62f9f7646482d 1cefd14a2ae340718011307e746df049 - - default default] 10.0.0.179 "GET /v2.0/security-groups?tenant_id=6b27d1fd46a44ef2a4b6f2094598309e&name=default HTTP/1.1" status: 200 len: 2996 time: 0.2804677
2026-07-22 15:26:38.795 10 INFO neutron.wsgi [None req-3e63358e-0353-4fe3-9384-05d0d34e3319 efc4b1199c9e4e1795da0a0ef7ab2c5f a5e544406e834fdf8367fcbdfe8485c0 - - default default] 10.0.0.179 "GET /v2.0/ports/702f65b8-1897-4346-b673-2cb16f6a1789 HTTP/1.1" status: 200 len: 1141 time: 0.1477544
2026-07-22 15:26:38.797 10 INFO neutron.db.ovn_revision_numbers_db [None req-bd86e6ab-c1ec-4365-852b-a00ebfbc0465 5c2d2eea7ebd43eaafe62f9f7646482d 1cefd14a2ae340718011307e746df049 - - default default] Successfully bumped revision number for resource e7af36ac-ec70-444c-9060-e4f6e0be619e (type: security_groups) to 1
2026-07-22 15:26:38.810 10 INFO neutron.db.ovn_revision_numbers_db [None req-bd86e6ab-c1ec-4365-852b-a00ebfbc0465 5c2d2eea7ebd43eaafe62f9f7646482d 1cefd14a2ae340718011307e746df049 - - default default] Successfully bumped revision number for resource 11d58c7c-9d20-4306-8c12-9e4a4389cea5 (type: security_group_rules) to 0
2026-07-22 15:26:38.830 10 INFO neutron.db.ovn_revision_numbers_db [None req-bd86e6ab-c1ec-4365-852b-a00ebfbc0465 5c2d2eea7ebd43eaafe62f9f7646482d 1cefd14a2ae340718011307e746df049 - - default default] Successfully bumped revision number for resource 8616f6c6-7949-425a-b06f-edcc6b7acf1f (type: security_group_rules) to 0
2026-07-22 15:26:38.838 9 INFO neutron.wsgi [None req-859bf1e5-ff4c-4013-a144-f4444ea1b096 efc4b1199c9e4e1795da0a0ef7ab2c5f a5e544406e834fdf8367fcbdfe8485c0 - - default default] 10.0.0.179 "GET /v2.0/ports/702f65b8-1897-4346-b673-2cb16f6a1789 HTTP/1.1" status: 200 len: 1141 time: 0.0370524
2026-07-22 15:26:38.851 10 INFO neutron.db.ovn_revision_numbers_db [None req-bd86e6ab-c1ec-4365-852b-a00ebfbc0465 5c2d2eea7ebd43eaafe62f9f7646482d 1cefd14a2ae340718011307e746df049 - - default default] Successfully bumped revision number for resource 9f812a72-c0ce-44a2-938b-2c32bfb67304 (type: security_group_rules) to 0
2026-07-22 15:26:38.869 10 INFO neutron.db.ovn_revision_numbers_db [None req-bd86e6ab-c1ec-4365-852b-a00ebfbc0465 5c2d2eea7ebd43eaafe62f9f7646482d 1cefd14a2ae340718011307e746df049 - - default default] Successfully bumped revision number for resource eb6c2e6d-1aa1-4c1e-985a-c2af3e50b5f2 (type: security_group_rules) to 0
2026-07-22 15:26:38.931 10 INFO neutron.db.segments_db [None req-bd86e6ab-c1ec-4365-852b-a00ebfbc0465 5c2d2eea7ebd43eaafe62f9f7646482d 1cefd14a2ae340718011307e746df049 - - default default] Added segment 47e748a4-c0c4-479a-ab05-5b1d117980cd of type geneve for network 4e7fc128-a945-49ca-b374-275779e71a12
2026-07-22 15:26:38.989 10 INFO neutron.wsgi [None req-f984b722-b4a5-449f-868a-d980a341ab7f 5c2d2eea7ebd43eaafe62f9f7646482d 1cefd14a2ae340718011307e746df049 - - default default] 10.0.0.179 "DELETE /v2.0/security-groups/6ce7b1fd-0f97-4e64-bc40-73ca611bc4d3 HTTP/1.1" status: 204 len: 168 time: 0.2255373
2026-07-22 15:26:39.094 10 INFO neutron.db.ovn_revision_numbers_db [None req-bd86e6ab-c1ec-4365-852b-a00ebfbc0465 5c2d2eea7ebd43eaafe62f9f7646482d 1cefd14a2ae340718011307e746df049 - - default default] Successfully bumped revision number for resource 4e7fc128-a945-49ca-b374-275779e71a12 (type: networks) to 1
2026-07-22 15:26:39.313 10 WARNING neutron.scheduler.dhcp_agent_scheduler [None req-bd86e6ab-c1ec-4365-852b-a00ebfbc0465 5c2d2eea7ebd43eaafe62f9f7646482d 1cefd14a2ae340718011307e746df049 - - default default] No more DHCP agents
2026-07-22 15:26:39.325 10 WARNING neutron.api.rpc.agentnotifiers.dhcp_rpc_agent_api [None req-bd86e6ab-c1ec-4365-852b-a00ebfbc0465 5c2d2eea7ebd43eaafe62f9f7646482d 1cefd14a2ae340718011307e746df049 - - default default] Unable to schedule network 4e7fc128-a945-49ca-b374-275779e71a12: no agents available; will retry on subsequent port and subnet creation events.
2026-07-22 15:26:39.430 9 INFO neutron.wsgi [None req-01a6649e-1718-496d-b9b9-05fd21a2ff1a efc4b1199c9e4e1795da0a0ef7ab2c5f a5e544406e834fdf8367fcbdfe8485c0 - - default default] 10.0.0.179 "PUT /v2.0/routers/f9290934-00f1-4888-b34f-db7b80ea7ead/remove_router_interface HTTP/1.1" status: 200 len: 503 time: 0.5869074
2026-07-22 15:26:39.434 10 INFO neutron.db.ovn_revision_numbers_db [None req-bd86e6ab-c1ec-4365-852b-a00ebfbc0465 5c2d2eea7ebd43eaafe62f9f7646482d 1cefd14a2ae340718011307e746df049 - - default default] Successfully bumped revision number for resource 518176a3-77f2-4bc2-8549-54401ccbd851 (type: ports) to 1 /var/lib/openstack/lib/python3.10/site-packages/pycadf/identifier.py:71: UserWarning: Invalid uuid: neutron. To ensure interoperability, identifiers should be a valid uuid. warnings.warn(('Invalid uuid: %s. To ensure interoperability, '
2026-07-22 15:26:39.454 10 INFO neutron.wsgi [None req-bd86e6ab-c1ec-4365-852b-a00ebfbc0465 5c2d2eea7ebd43eaafe62f9f7646482d 1cefd14a2ae340718011307e746df049 - - default default] 10.0.0.179 "POST /v2.0/networks HTTP/1.1" status: 201 len: 942 time: 1.1077876
2026-07-22 15:26:39.459 9 INFO neutron.wsgi [None req-32b525a9-1ece-4f4d-b1ad-ff22d6b7ae2e efc4b1199c9e4e1795da0a0ef7ab2c5f a5e544406e834fdf8367fcbdfe8485c0 - - default default] 10.0.0.179 "GET /v2.0/ports?device_id=f9290934-00f1-4888-b34f-db7b80ea7ead HTTP/1.1" status: 200 len: 205 time: 0.0239677
2026-07-22 15:26:39.587 10 WARNING neutron.scheduler.dhcp_agent_scheduler [None req-eb478583-e696-4720-a9b3-b902e6c95698 18e443f1f68545ef9f85bec7465610c4 19de3016974f4e9d86013f181019b82e - - default default] No more DHCP agents
2026-07-22 15:26:39.594 10 WARNING neutron.api.rpc.agentnotifiers.dhcp_rpc_agent_api [None req-eb478583-e696-4720-a9b3-b902e6c95698 18e443f1f68545ef9f85bec7465610c4 19de3016974f4e9d86013f181019b82e - - default default] Unable to schedule network 01aaf83a-285e-4494-8eff-240afccb5159: no agents available; will retry on subsequent port and subnet creation events.
2026-07-22 15:26:39.654 10 WARNING neutron.scheduler.dhcp_agent_scheduler [None req-54255da1-83f3-42d8-99af-6bcbd2d013a1 5c2d2eea7ebd43eaafe62f9f7646482d 1cefd14a2ae340718011307e746df049 - - default default] No more DHCP agents
2026-07-22 15:26:39.657 10 WARNING neutron.api.rpc.agentnotifiers.dhcp_rpc_agent_api [None req-54255da1-83f3-42d8-99af-6bcbd2d013a1 5c2d2eea7ebd43eaafe62f9f7646482d 1cefd14a2ae340718011307e746df049 - - default default] Unable to schedule network 4e7fc128-a945-49ca-b374-275779e71a12: no agents available; will retry on subsequent port and subnet creation events.
2026-07-22 15:26:39.675 9 INFO neutron.wsgi [None req-c4ff5581-3d6b-4ba2-9e94-71fe44dec7f6 efc4b1199c9e4e1795da0a0ef7ab2c5f a5e544406e834fdf8367fcbdfe8485c0 - - default default] 10.0.0.179 "DELETE /v2.0/routers/f9290934-00f1-4888-b34f-db7b80ea7ead HTTP/1.1" status: 204 len: 168 time: 0.2029662
2026-07-22 15:26:39.878 9 INFO neutron.wsgi [None req-eb0f39ca-cc04-4452-8462-9da3e2329f08 efc4b1199c9e4e1795da0a0ef7ab2c5f a5e544406e834fdf8367fcbdfe8485c0 - - default default] 10.0.0.179 "DELETE /v2.0/subnets/6ea41c48-04ca-4891-af66-ff4fd292f7af HTTP/1.1" status: 204 len: 168 time: 0.1970494
2026-07-22 15:26:39.983 10 INFO neutron.db.ovn_revision_numbers_db [None req-eb478583-e696-4720-a9b3-b902e6c95698 18e443f1f68545ef9f85bec7465610c4 19de3016974f4e9d86013f181019b82e - - default default] Successfully bumped revision number for resource e41858d0-6240-4fdb-a75a-6caeffaf6ce3 (type: floatingips) to 0
2026-07-22 15:26:39.998 10 INFO neutron.wsgi [None req-eb478583-e696-4720-a9b3-b902e6c95698 18e443f1f68545ef9f85bec7465610c4 19de3016974f4e9d86013f181019b82e - - default default] 10.0.0.179 "POST /v2.0/floatingips HTTP/1.1" status: 201 len: 751 time: 0.8800442
2026-07-22 15:26:40.332 9 INFO neutron.services.segments.plugin [-] Segment ba84f00f-4e8d-4a33-a9f1-158e40ce6acd resource provider aggregate not found
2026-07-22 15:26:40.343 9 INFO neutron.services.segments.plugin [-] Segment ba84f00f-4e8d-4a33-a9f1-158e40ce6acd resource provider aggregate not found
2026-07-22 15:26:40.348 9 INFO neutron.services.segments.plugin [-] Segment ba84f00f-4e8d-4a33-a9f1-158e40ce6acd resource provider not found; error: Placement Client Error (4xx): {"errors": [{"status": 404, "title": "Not Found", "detail": "The resource could not be found.\n\n No resource provider with uuid ba84f00f-4e8d-4a33-a9f1-158e40ce6acd found for delete ", "request_id": "req-ec72a65f-8e34-46fc-9658-8ac11739a8e5"}]}
2026-07-22 15:26:40.380 9 INFO neutron.services.segments.plugin [-] Segment ba84f00f-4e8d-4a33-a9f1-158e40ce6acd resource provider not found; error: Placement Client Error (4xx): {"errors": [{"status": 404, "title": "Not Found", "detail": "The resource could not be found.\n\n No resource provider with uuid ba84f00f-4e8d-4a33-a9f1-158e40ce6acd found for delete ", "request_id": "req-72df47fb-61ec-4496-9ddc-3a92332d3b05"}]}
2026-07-22 15:26:40.405 10 INFO neutron.db.ovn_revision_numbers_db [None req-54255da1-83f3-42d8-99af-6bcbd2d013a1 5c2d2eea7ebd43eaafe62f9f7646482d 1cefd14a2ae340718011307e746df049 - - default default] Successfully bumped revision number for resource 518176a3-77f2-4bc2-8549-54401ccbd851 (type: ports) to 2
2026-07-22 15:26:40.435 10 INFO neutron.db.ovn_revision_numbers_db [None req-54255da1-83f3-42d8-99af-6bcbd2d013a1 5c2d2eea7ebd43eaafe62f9f7646482d 1cefd14a2ae340718011307e746df049 - - default default] Successfully bumped revision number for resource 45856a75-0055-4a65-bccb-086cdd90c924 (type: subnets) to 0
2026-07-22 15:26:40.435 9 INFO neutron.wsgi [None req-3c9e5c89-fa46-4eda-94eb-f4f98904d7a4 efc4b1199c9e4e1795da0a0ef7ab2c5f a5e544406e834fdf8367fcbdfe8485c0 - - default default] 10.0.0.179 "DELETE /v2.0/networks/48059576-8696-426e-b061-9479bf232b3a HTTP/1.1" status: 204 len: 168 time: 0.5525126
2026-07-22 15:26:40.448 9 WARNING neutron.scheduler.dhcp_agent_scheduler [None req-8f7c5cdc-06a1-47a4-b158-3a03143f87df 18e443f1f68545ef9f85bec7465610c4 19de3016974f4e9d86013f181019b82e - - default default] No more DHCP agents
2026-07-22 15:26:40.451 9 WARNING neutron.api.rpc.agentnotifiers.dhcp_rpc_agent_api [None req-8f7c5cdc-06a1-47a4-b158-3a03143f87df 18e443f1f68545ef9f85bec7465610c4 19de3016974f4e9d86013f181019b82e - - default default] Unable to schedule network 01aaf83a-285e-4494-8eff-240afccb5159: no agents available; will retry on subsequent port and subnet creation events.
2026-07-22 15:26:40.454 10 INFO neutron.wsgi [None req-54255da1-83f3-42d8-99af-6bcbd2d013a1 5c2d2eea7ebd43eaafe62f9f7646482d 1cefd14a2ae340718011307e746df049 - - default default] 10.0.0.179 "POST /v2.0/subnets HTTP/1.1" status: 201 len: 862 time: 0.9930215
2026-07-22 15:26:40.801 9 INFO neutron.db.ovn_revision_numbers_db [None req-8f7c5cdc-06a1-47a4-b158-3a03143f87df 18e443f1f68545ef9f85bec7465610c4 19de3016974f4e9d86013f181019b82e - - default default] Successfully bumped revision number for resource 74c4e7f6-9b42-4bff-bca9-c2e8785dec00 (type: floatingips) to 0
2026-07-22 15:26:40.822 9 INFO neutron.wsgi [None req-8f7c5cdc-06a1-47a4-b158-3a03143f87df 18e443f1f68545ef9f85bec7465610c4 19de3016974f4e9d86013f181019b82e - - default default] 10.0.0.179 "POST /v2.0/floatingips HTTP/1.1" status: 201 len: 751 time: 0.8183389
2026-07-22 15:26:41.036 10 INFO neutron.wsgi [None req-8f9e20d3-5648-4524-a7ca-c3dd44509c9b 5c2d2eea7ebd43eaafe62f9f7646482d 1cefd14a2ae340718011307e746df049 - - default default] 10.0.0.249 "GET /v2.0/network-ip-availabilities HTTP/1.1" status: 200 len: 1750 time: 0.2030072
2026-07-22 15:26:41.059 10 WARNING neutron.scheduler.dhcp_agent_scheduler [None req-d8f9f787-8110-495c-9ade-17e2060f967b efc4b1199c9e4e1795da0a0ef7ab2c5f a5e544406e834fdf8367fcbdfe8485c0 - - default default] No more DHCP agents
2026-07-22 15:26:41.064 10 WARNING neutron.api.rpc.agentnotifiers.dhcp_rpc_agent_api [None req-d8f9f787-8110-495c-9ade-17e2060f967b efc4b1199c9e4e1795da0a0ef7ab2c5f a5e544406e834fdf8367fcbdfe8485c0 - - default default] Unable to schedule network 01aaf83a-285e-4494-8eff-240afccb5159: no agents available; will retry on subsequent port and subnet creation events.
2026-07-22 15:26:41.099 10 INFO neutron.wsgi [None req-b2e26d51-0084-419b-94b2-b7cfd1108242 5c2d2eea7ebd43eaafe62f9f7646482d 1cefd14a2ae340718011307e746df049 - - default default] 10.0.0.249 "GET /v2.0/routers HTTP/1.1" status: 200 len: 1152 time: 0.0599182
2026-07-22 15:26:41.113 10 WARNING neutron.scheduler.dhcp_agent_scheduler [None req-f04d2b73-48f2-4f4d-bf45-df6a83ac7bb9 5c2d2eea7ebd43eaafe62f9f7646482d 1cefd14a2ae340718011307e746df049 - - default default] No more DHCP agents
2026-07-22 15:26:41.118 10 INFO neutron.wsgi [None req-e3c54cc8-c524-4218-a3ea-34a6af7a46ec 5c2d2eea7ebd43eaafe62f9f7646482d 1cefd14a2ae340718011307e746df049 - - default default] 10.0.0.249 "GET /v2.0/agents?binary=ovn-controller HTTP/1.1" status: 200 len: 591 time: 0.0167978
2026-07-22 15:26:41.120 9 WARNING neutron.scheduler.dhcp_agent_scheduler [None req-44e4adc1-55b6-44ee-bfc6-e16bc041d46c 18e443f1f68545ef9f85bec7465610c4 19de3016974f4e9d86013f181019b82e - - default default] No more DHCP agents
2026-07-22 15:26:41.121 9 WARNING neutron.api.rpc.agentnotifiers.dhcp_rpc_agent_api [None req-44e4adc1-55b6-44ee-bfc6-e16bc041d46c 18e443f1f68545ef9f85bec7465610c4 19de3016974f4e9d86013f181019b82e - - default default] Unable to schedule network 01aaf83a-285e-4494-8eff-240afccb5159: no agents available; will retry on subsequent port and subnet creation events.
2026-07-22 15:26:41.130 10 WARNING neutron.api.rpc.agentnotifiers.dhcp_rpc_agent_api [None req-f04d2b73-48f2-4f4d-bf45-df6a83ac7bb9 5c2d2eea7ebd43eaafe62f9f7646482d 1cefd14a2ae340718011307e746df049 - - default default] Unable to schedule network 01aaf83a-285e-4494-8eff-240afccb5159: no agents available; will retry on subsequent port and subnet creation events.
2026-07-22 15:26:41.169 10 INFO neutron.wsgi [None req-6da96213-a0e9-4726-bcd7-948c4276a5ec 5c2d2eea7ebd43eaafe62f9f7646482d 1cefd14a2ae340718011307e746df049 - - default default] 10.0.0.249 "GET /v2.0/subnets HTTP/1.1" status: 200 len: 2090 time: 0.0493929
2026-07-22 15:26:41.221 10 INFO neutron.wsgi [None req-d56b5f98-5fd3-4442-85c1-65e55e5211fd 5c2d2eea7ebd43eaafe62f9f7646482d 1cefd14a2ae340718011307e746df049 - - default default] 10.0.0.249 "GET /v2.0/ports HTTP/1.1" status: 200 len: 11352 time: 0.0439978
2026-07-22 15:26:41.253 10 INFO neutron.wsgi [None req-fdb5dc72-93ef-4874-8f1a-153a9208d468 5c2d2eea7ebd43eaafe62f9f7646482d 1cefd14a2ae340718011307e746df049 - - default default] 10.0.0.249 "GET /v2.0/agents HTTP/1.1" status: 200 len: 997 time: 0.0225017
2026-07-22 15:26:41.295 10 INFO neutron.wsgi [None req-37f7c114-24a1-4113-a88f-61fad9d6fb20 5c2d2eea7ebd43eaafe62f9f7646482d 1cefd14a2ae340718011307e746df049 - - default default] 10.0.0.249 "GET /v2.0/floatingips HTTP/1.1" status: 200 len: 1807 time: 0.0397384
2026-07-22 15:26:41.429 10 INFO neutron.db.ovn_revision_numbers_db [None req-d8f9f787-8110-495c-9ade-17e2060f967b efc4b1199c9e4e1795da0a0ef7ab2c5f a5e544406e834fdf8367fcbdfe8485c0 - - default default] Successfully bumped revision number for resource 956f254c-bb72-4cdf-a5eb-a8c208dd8ce5 (type: ports) to 1
2026-07-22 15:26:41.434 9 INFO neutron.db.ovn_revision_numbers_db [None req-44e4adc1-55b6-44ee-bfc6-e16bc041d46c 18e443f1f68545ef9f85bec7465610c4 19de3016974f4e9d86013f181019b82e - - default default] Successfully bumped revision number for resource bf459667-3760-476c-9820-22aa400767ad (type: floatingips) to 0
2026-07-22 15:26:41.438 10 INFO neutron.wsgi [None req-4c0d1fe0-7189-4039-b1b7-a624754c8f81 5c2d2eea7ebd43eaafe62f9f7646482d 1cefd14a2ae340718011307e746df049 - - default default] 10.0.0.249 "GET /v2.0/networks HTTP/1.1" status: 200 len: 3106 time: 0.1317649
2026-07-22 15:26:41.445 9 INFO neutron.wsgi [None req-44e4adc1-55b6-44ee-bfc6-e16bc041d46c 18e443f1f68545ef9f85bec7465610c4 19de3016974f4e9d86013f181019b82e - - default default] 10.0.0.179 "POST /v2.0/floatingips HTTP/1.1" status: 201 len: 751 time: 0.6175437
