2026-07-22 15:24:30.616 10 INFO neutron.wsgi [req-041cece0-8c6d-42bc-8232-392db66af0d0 req-1796608c-2780-4502-8529-bd95ed19a93e 81b47e7bc26d4060bcc06878252102dc e6bd7c92c0af4ebfa8243c8ad3bdc864 - - default default] 10.0.0.64 "DELETE /v2.0/security-groups/2a010465-a3a4-4438-bc89-75133cc1700b HTTP/1.1" status: 204 len: 173 time: 0.1512053
2026-07-22 15:24:30.646 9 INFO neutron.wsgi [req-846f066c-f542-4db9-aff4-c588767afcdd req-2d3197f6-8ea8-4409-beab-a1f2bb77d56e d49de065b7bd4ff3ab267b9520c92bba 9d95e1df834341a5aac6a1273fb138c4 - - default default] 10.0.0.64 "GET /v2.0/security-groups?tenant_id=9d95e1df834341a5aac6a1273fb138c4 HTTP/1.1" status: 200 len: 2997 time: 0.0513756
2026-07-22 15:24:30.696 9 INFO neutron.db.ovn_revision_numbers_db [None req-5f7fbf41-5ef5-41f4-b79d-659f2dcd9e20 5c2d2eea7ebd43eaafe62f9f7646482d 1cefd14a2ae340718011307e746df049 - - default default] Successfully bumped revision number for resource 61a9d1e8-2ff8-468b-a3c6-7fd97ca27668 (type: router_ports) to 1
2026-07-22 15:24:30.698 9 INFO neutron.wsgi [None req-5f7fbf41-5ef5-41f4-b79d-659f2dcd9e20 5c2d2eea7ebd43eaafe62f9f7646482d 1cefd14a2ae340718011307e746df049 - - default default] 10.0.0.179 "PUT /v2.0/routers/1f0713b1-4afd-40f8-ab63-adb6ff61add2/add_router_interface HTTP/1.1" status: 200 len: 503 time: 2.8173978
2026-07-22 15:24:30.707 9 INFO neutron.wsgi [req-846f066c-f542-4db9-aff4-c588767afcdd req-88f9274a-6e82-436b-8d5d-d46ddaf7e338 d49de065b7bd4ff3ab267b9520c92bba 9d95e1df834341a5aac6a1273fb138c4 - - default default] 10.0.0.64 "GET /v2.0/security-groups/b0c45f0f-6513-4f53-9008-5b5eb71ed7b3 HTTP/1.1" status: 200 len: 2994 time: 0.0497324
2026-07-22 15:24:30.776 9 INFO neutron.wsgi [req-846f066c-f542-4db9-aff4-c588767afcdd req-9b3d829f-c5f1-44b5-a5d3-1d5fb671042a d49de065b7bd4ff3ab267b9520c92bba 9d95e1df834341a5aac6a1273fb138c4 - - default default] 10.0.0.64 "GET /v2.0/security-groups/b0c45f0f-6513-4f53-9008-5b5eb71ed7b3 HTTP/1.1" status: 200 len: 2994 time: 0.0637641
2026-07-22 15:24:30.843 9 INFO neutron.api.v2.resource [req-37c58ab0-2788-4ad1-a7c3-1f6f8c2bdfe1 req-ea3136c6-ebca-495a-a0dd-28261949b384 d49de065b7bd4ff3ab267b9520c92bba 9d95e1df834341a5aac6a1273fb138c4 - - default default] show failed (client error): The resource could not be found.
2026-07-22 15:24:30.844 9 INFO neutron.wsgi [req-37c58ab0-2788-4ad1-a7c3-1f6f8c2bdfe1 req-ea3136c6-ebca-495a-a0dd-28261949b384 d49de065b7bd4ff3ab267b9520c92bba 9d95e1df834341a5aac6a1273fb138c4 - - default default] 10.0.0.64 "GET /v2.0/security-groups/4b0dbcbb-e912-4fc4-9a98-55d3164279da HTTP/1.1" status: 404 len: 352 time: 0.0200114
2026-07-22 15:24:30.878 9 INFO neutron.api.v2.resource [req-57b02d40-3b3f-4426-a179-2a03a1d62fff req-80bd08c8-f6ac-455e-92eb-96ec7db1f37e d49de065b7bd4ff3ab267b9520c92bba 9d95e1df834341a5aac6a1273fb138c4 - - default default] show failed (client error): The resource could not be found.
2026-07-22 15:24:30.879 9 INFO neutron.wsgi [req-57b02d40-3b3f-4426-a179-2a03a1d62fff req-80bd08c8-f6ac-455e-92eb-96ec7db1f37e d49de065b7bd4ff3ab267b9520c92bba 9d95e1df834341a5aac6a1273fb138c4 - - default default] 10.0.0.64 "GET /v2.0/security-groups/ebf1073e-1a52-46a1-a92d-9bcf3eb3004f HTTP/1.1" status: 404 len: 352 time: 0.0158498
2026-07-22 15:24:30.920 9 INFO neutron.api.v2.resource [req-7f49f866-9159-49db-b652-2a6fb2b7d953 req-0c2df5c5-b699-46b3-8675-260bb90d21fe d49de065b7bd4ff3ab267b9520c92bba 9d95e1df834341a5aac6a1273fb138c4 - - default default] show failed (client error): The resource could not be found.
2026-07-22 15:24:30.921 9 INFO neutron.wsgi [req-7f49f866-9159-49db-b652-2a6fb2b7d953 req-0c2df5c5-b699-46b3-8675-260bb90d21fe d49de065b7bd4ff3ab267b9520c92bba 9d95e1df834341a5aac6a1273fb138c4 - - default default] 10.0.0.64 "GET /v2.0/security-groups/e8bdd4de-bf70-44ca-b03a-6139feb65e95 HTTP/1.1" status: 404 len: 352 time: 0.0135167
2026-07-22 15:24:30.951 10 INFO neutron.wsgi [req-aded2d3f-ec84-4bfa-ad91-36c0f7a717ac req-33b2c518-e0fa-4da2-b902-794e509173f4 ffc82bcfc7584ba688a4c1669441b262 ffcffe8bb119493ab8be47389b3ee91c - - default default] 10.0.0.64 "GET /v2.0/ports?device_id=d29c2153-2f6f-4652-bc3f-7f9edd1041d8 HTTP/1.1" status: 200 len: 210 time: 0.0334299
2026-07-22 15:24:31.258 10 INFO neutron.wsgi [req-738e5df9-ca51-4090-b8f5-2aabc2600f97 req-53619eca-f477-458b-a65f-1a90365498f1 ffc82bcfc7584ba688a4c1669441b262 ffcffe8bb119493ab8be47389b3ee91c - - default default] 199.204.45.95 "GET /v2.0/networks?id=04460963-7cda-42ef-9a6c-cb4dc2979b8f HTTP/1.1" status: 200 len: 869 time: 0.1507730
2026-07-22 15:24:31.331 10 INFO neutron.wsgi [req-738e5df9-ca51-4090-b8f5-2aabc2600f97 req-4acbc9a9-5d70-4822-95f5-d07d45084a89 ffc82bcfc7584ba688a4c1669441b262 ffcffe8bb119493ab8be47389b3ee91c - - default default] 199.204.45.95 "GET /v2.0/security-groups?fields=id&fields=name&tenant_id=ffcffe8bb119493ab8be47389b3ee91c HTTP/1.1" status: 200 len: 379 time: 0.0535357
2026-07-22 15:24:31.388 9 INFO neutron.db.ovn_revision_numbers_db [None req-1cec3ca9-5eba-4d64-8bcd-6d98f1098b76 cb782252aa734d16b2b3db318b377d5b 69881b7620b44a08a99ffb3dc0110d28 - - default default] Successfully bumped revision number for resource 9594fb76-44ee-416c-8e0d-16e27570dd0b (type: security_groups) to 1
2026-07-22 15:24:31.410 9 INFO neutron.db.ovn_revision_numbers_db [None req-1cec3ca9-5eba-4d64-8bcd-6d98f1098b76 cb782252aa734d16b2b3db318b377d5b 69881b7620b44a08a99ffb3dc0110d28 - - default default] Successfully bumped revision number for resource 987cc324-dcd1-4bd5-a0c1-b463d571f92d (type: security_group_rules) to 0
2026-07-22 15:24:31.436 9 INFO neutron.db.ovn_revision_numbers_db [None req-1cec3ca9-5eba-4d64-8bcd-6d98f1098b76 cb782252aa734d16b2b3db318b377d5b 69881b7620b44a08a99ffb3dc0110d28 - - default default] Successfully bumped revision number for resource e2c95e0f-8361-478f-adce-bba358c58ee0 (type: security_group_rules) to 0
2026-07-22 15:24:31.474 9 INFO neutron.wsgi [None req-1cec3ca9-5eba-4d64-8bcd-6d98f1098b76 cb782252aa734d16b2b3db318b377d5b 69881b7620b44a08a99ffb3dc0110d28 - - default default] 10.0.0.179 "POST /v2.0/security-groups HTTP/1.1" status: 201 len: 1796 time: 0.2774019
2026-07-22 15:24:31.595 10 WARNING neutron.plugins.ml2.drivers.ovn.mech_driver.ovsdb.ovn_client [None req-a95e7cce-003f-4257-bd49-f307de43da7e - - - - - -] No hosting information found for port a8ae639f-a20a-488a-bb1e-6850f412130a: RuntimeError: No hosting information found for port a8ae639f-a20a-488a-bb1e-6850f412130a
2026-07-22 15:24:31.596 10 INFO neutron.plugins.ml2.drivers.ovn.mech_driver.mech_driver [None req-a95e7cce-003f-4257-bd49-f307de43da7e - - - - - -] OVN reports status up for port: 77945e5f-ecb4-46fe-a556-13ae56fa744d
2026-07-22 15:24:31.645 10 INFO neutron.plugins.ml2.plugin [None req-a95e7cce-003f-4257-bd49-f307de43da7e - - - - - -] Attempt 1 to provision port 77945e5f-ecb4-46fe-a556-13ae56fa744d
2026-07-22 15:24:31.705 9 INFO neutron.db.ovn_revision_numbers_db [None req-4760434a-9a93-4bf8-8afb-69f1eac6ccea cb782252aa734d16b2b3db318b377d5b 69881b7620b44a08a99ffb3dc0110d28 - - default default] Successfully bumped revision number for resource 842d5574-aefd-4c0c-8155-7c746922f0db (type: security_group_rules) to 0
2026-07-22 15:24:31.746 9 INFO neutron.wsgi [None req-4760434a-9a93-4bf8-8afb-69f1eac6ccea cb782252aa734d16b2b3db318b377d5b 69881b7620b44a08a99ffb3dc0110d28 - - default default] 10.0.0.179 "POST /v2.0/security-group-rules HTTP/1.1" status: 201 len: 764 time: 0.2596321 /var/lib/openstack/lib/python3.10/site-packages/pycadf/identifier.py:71: UserWarning: Invalid uuid: neutron. To ensure interoperability, identifiers should be a valid uuid. warnings.warn(('Invalid uuid: %s. To ensure interoperability, '
2026-07-22 15:24:32.080 9 INFO neutron.db.ovn_revision_numbers_db [None req-b0b7f7ea-5f3b-4b3e-b2a0-c7925a415de6 cb782252aa734d16b2b3db318b377d5b 69881b7620b44a08a99ffb3dc0110d28 - - default default] Successfully bumped revision number for resource e5999df5-d731-490a-b171-5ecbbd68e786 (type: security_group_rules) to 0
2026-07-22 15:24:32.083 10 WARNING neutron.scheduler.dhcp_agent_scheduler [req-738e5df9-ca51-4090-b8f5-2aabc2600f97 req-67c0ab0b-9f17-4f10-a97f-4c805dc589ad ffc82bcfc7584ba688a4c1669441b262 ffcffe8bb119493ab8be47389b3ee91c - - default default] No more DHCP agents
2026-07-22 15:24:32.100 10 INFO neutron.wsgi [req-d9493fb1-1f04-474a-8b32-097475ada937 req-65f9c533-a1cd-4d39-8cf7-654f843f9b8e ffc82bcfc7584ba688a4c1669441b262 ffcffe8bb119493ab8be47389b3ee91c - - default default] 10.0.0.64 "GET /v2.0/ports?device_id=d29c2153-2f6f-4652-bc3f-7f9edd1041d8 HTTP/1.1" status: 200 len: 1156 time: 0.0667772
2026-07-22 15:24:32.102 10 WARNING neutron.api.rpc.agentnotifiers.dhcp_rpc_agent_api [req-738e5df9-ca51-4090-b8f5-2aabc2600f97 req-67c0ab0b-9f17-4f10-a97f-4c805dc589ad ffc82bcfc7584ba688a4c1669441b262 ffcffe8bb119493ab8be47389b3ee91c - - default default] Unable to schedule network 04460963-7cda-42ef-9a6c-cb4dc2979b8f: no agents available; will retry on subsequent port and subnet creation events.
2026-07-22 15:24:32.116 9 INFO neutron.wsgi [None req-b0b7f7ea-5f3b-4b3e-b2a0-c7925a415de6 cb782252aa734d16b2b3db318b377d5b 69881b7620b44a08a99ffb3dc0110d28 - - default default] 10.0.0.179 "POST /v2.0/security-group-rules HTTP/1.1" status: 201 len: 769 time: 0.3636403 /var/lib/openstack/lib/python3.10/site-packages/pycadf/identifier.py:71: UserWarning: Invalid uuid: neutron. To ensure interoperability, identifiers should be a valid uuid. warnings.warn(('Invalid uuid: %s. To ensure interoperability, '
2026-07-22 15:24:32.211 10 INFO neutron.wsgi [req-d9493fb1-1f04-474a-8b32-097475ada937 req-476121ae-75ae-4350-8095-df4907a9e859 ffc82bcfc7584ba688a4c1669441b262 ffcffe8bb119493ab8be47389b3ee91c - - default default] 10.0.0.64 "GET /v2.0/security-groups?id=67472953-6110-4a00-80c9-cb3a3a273623&fields=id&fields=name HTTP/1.1" status: 200 len: 312 time: 0.0986068
2026-07-22 15:24:32.351 9 WARNING neutron.plugins.ml2.drivers.ovn.mech_driver.ovsdb.ovn_client [None req-dce3b029-d00b-4178-9294-9dee77922ec6 - - - - - -] No port found with ID 78b23f4e-bb6e-43f9-a055-efb6df58f70b: RuntimeError: No port found with ID 78b23f4e-bb6e-43f9-a055-efb6df58f70b
2026-07-22 15:24:32.352 9 INFO neutron.plugins.ml2.drivers.ovn.mech_driver.mech_driver [None req-dce3b029-d00b-4178-9294-9dee77922ec6 - - - - - -] OVN reports status up for port: 8d50f7f3-477d-43f6-9d87-6080209e3be0
2026-07-22 15:24:32.364 9 INFO neutron.plugins.ml2.drivers.ovn.mech_driver.mech_driver [None req-dce3b029-d00b-4178-9294-9dee77922ec6 - - - - - -] OVN reports status up for port: 61a9d1e8-2ff8-468b-a3c6-7fd97ca27668
2026-07-22 15:24:32.367 10 INFO neutron.db.ovn_revision_numbers_db [req-738e5df9-ca51-4090-b8f5-2aabc2600f97 req-67c0ab0b-9f17-4f10-a97f-4c805dc589ad ffc82bcfc7584ba688a4c1669441b262 ffcffe8bb119493ab8be47389b3ee91c - - default default] Successfully bumped revision number for resource a6b1cbae-5365-46c0-a250-f700ef4684c3 (type: ports) to 1
2026-07-22 15:24:32.379 9 INFO neutron.plugins.ml2.plugin [None req-dce3b029-d00b-4178-9294-9dee77922ec6 - - - - - -] Attempt 1 to provision port 61a9d1e8-2ff8-468b-a3c6-7fd97ca27668
2026-07-22 15:24:32.404 10 INFO neutron.wsgi [req-738e5df9-ca51-4090-b8f5-2aabc2600f97 req-67c0ab0b-9f17-4f10-a97f-4c805dc589ad ffc82bcfc7584ba688a4c1669441b262 ffcffe8bb119493ab8be47389b3ee91c - - default default] 199.204.45.95 "POST /v2.0/ports HTTP/1.1" status: 201 len: 1158 time: 1.0623415
2026-07-22 15:24:32.428 10 INFO neutron.wsgi [req-738e5df9-ca51-4090-b8f5-2aabc2600f97 req-2d8e1da7-603b-47fd-9f3e-507a5e42969f ffc82bcfc7584ba688a4c1669441b262 ffcffe8bb119493ab8be47389b3ee91c - - default default] 199.204.45.95 "GET /v2.0/extensions HTTP/1.1" status: 200 len: 16525 time: 0.0166547
2026-07-22 15:24:32.483 9 INFO neutron.wsgi [None req-1f8e4cb0-26c1-4154-986f-d116f66ffd18 5c2d2eea7ebd43eaafe62f9f7646482d 1cefd14a2ae340718011307e746df049 - - default default] 10.0.0.179 "PUT /v2.0/routers/814cd819-0c1c-4866-8607-5765266fd3b8/remove_router_interface HTTP/1.1" status: 200 len: 503 time: 1.5511694 /var/lib/openstack/lib/python3.10/site-packages/pycadf/identifier.py:71: UserWarning: Invalid uuid: neutron. To ensure interoperability, identifiers should be a valid uuid. warnings.warn(('Invalid uuid: %s. To ensure interoperability, '
2026-07-22 15:24:32.629 10 WARNING neutron.scheduler.dhcp_agent_scheduler [None req-51184bbd-fb26-4d0f-a665-5eaef783cb71 cb782252aa734d16b2b3db318b377d5b 69881b7620b44a08a99ffb3dc0110d28 - - default default] No more DHCP agents
2026-07-22 15:24:32.636 10 WARNING neutron.api.rpc.agentnotifiers.dhcp_rpc_agent_api [None req-51184bbd-fb26-4d0f-a665-5eaef783cb71 cb782252aa734d16b2b3db318b377d5b 69881b7620b44a08a99ffb3dc0110d28 - - default default] Unable to schedule network 01aaf83a-285e-4494-8eff-240afccb5159: no agents available; will retry on subsequent port and subnet creation events.
2026-07-22 15:24:32.801 10 INFO neutron.wsgi [None req-49a8b8ab-94ba-483f-a913-2a63c2471c24 5c2d2eea7ebd43eaafe62f9f7646482d 1cefd14a2ae340718011307e746df049 - - default default] 10.0.0.179 "PUT /v2.0/routers/60161ba9-3737-45db-91ac-1c336bea8994/remove_router_interface HTTP/1.1" status: 200 len: 503 time: 2.1733875 /var/lib/openstack/lib/python3.10/site-packages/pycadf/identifier.py:71: UserWarning: Invalid uuid: neutron. To ensure interoperability, identifiers should be a valid uuid. warnings.warn(('Invalid uuid: %s. To ensure interoperability, '
2026-07-22 15:24:32.859 9 INFO neutron.db.ovn_revision_numbers_db [None req-dce3b029-d00b-4178-9294-9dee77922ec6 - - - - - -] Successfully bumped revision number for resource 61a9d1e8-2ff8-468b-a3c6-7fd97ca27668 (type: ports) to 2
2026-07-22 15:24:33.204 10 INFO neutron.db.ovn_revision_numbers_db [None req-51184bbd-fb26-4d0f-a665-5eaef783cb71 cb782252aa734d16b2b3db318b377d5b 69881b7620b44a08a99ffb3dc0110d28 - - default default] Successfully bumped revision number for resource 0d381c9f-54aa-429d-8817-dd77cff2829f (type: floatingips) to 0
2026-07-22 15:24:33.222 10 INFO neutron.wsgi [None req-51184bbd-fb26-4d0f-a665-5eaef783cb71 cb782252aa734d16b2b3db318b377d5b 69881b7620b44a08a99ffb3dc0110d28 - - default default] 10.0.0.179 "POST /v2.0/floatingips HTTP/1.1" status: 201 len: 751 time: 1.0898743
2026-07-22 15:24:33.252 9 INFO neutron.db.ovn_revision_numbers_db [None req-dce3b029-d00b-4178-9294-9dee77922ec6 - - - - - -] Successfully bumped revision number for resource 61a9d1e8-2ff8-468b-a3c6-7fd97ca27668 (type: router_ports) to 2
2026-07-22 15:24:33.447 10 INFO neutron.db.ovn_revision_numbers_db [req-738e5df9-ca51-4090-b8f5-2aabc2600f97 req-1eb7162a-212f-4151-a373-22b187ce8646 e62eee8fa42a4163a3ae678d2c8ae9aa 86e0e1c0a1f14810805148bd2196cbdc - - e37e2322584140228abb0979f9eb5225 e37e2322584140228abb0979f9eb5225] Successfully bumped revision number for resource a6b1cbae-5365-46c0-a250-f700ef4684c3 (type: ports) to 2
2026-07-22 15:24:33.514 9 INFO neutron.wsgi [req-6ddca136-dfa4-472e-b6ca-3969a58019f7 req-d0fec542-74b1-4ff9-80d3-1b9c67b690e4 ffc82bcfc7584ba688a4c1669441b262 ffcffe8bb119493ab8be47389b3ee91c - - default default] 10.0.0.64 "GET /v2.0/ports?device_id=d29c2153-2f6f-4652-bc3f-7f9edd1041d8 HTTP/1.1" status: 200 len: 1168 time: 0.1800954
2026-07-22 15:24:33.625 9 INFO neutron.wsgi [req-6ddca136-dfa4-472e-b6ca-3969a58019f7 req-e7ec0823-71e4-4b4b-a003-a867758deb65 ffc82bcfc7584ba688a4c1669441b262 ffcffe8bb119493ab8be47389b3ee91c - - default default] 10.0.0.64 "GET /v2.0/security-groups?id=67472953-6110-4a00-80c9-cb3a3a273623&fields=id&fields=name HTTP/1.1" status: 200 len: 312 time: 0.0964782
2026-07-22 15:24:33.645 9 INFO neutron.wsgi [None req-6792afec-75df-43f2-9555-0ac8add65aac 5c2d2eea7ebd43eaafe62f9f7646482d 1cefd14a2ae340718011307e746df049 - - default default] 10.0.0.179 "DELETE /v2.0/routers/814cd819-0c1c-4866-8607-5765266fd3b8 HTTP/1.1" status: 204 len: 168 time: 1.1527307
2026-07-22 15:24:33.691 10 INFO neutron.db.ovn_revision_numbers_db [req-738e5df9-ca51-4090-b8f5-2aabc2600f97 req-1eb7162a-212f-4151-a373-22b187ce8646 e62eee8fa42a4163a3ae678d2c8ae9aa 86e0e1c0a1f14810805148bd2196cbdc - - e37e2322584140228abb0979f9eb5225 e37e2322584140228abb0979f9eb5225] Successfully bumped revision number for resource a6b1cbae-5365-46c0-a250-f700ef4684c3 (type: ports) to 2
2026-07-22 15:24:33.710 10 INFO neutron.wsgi [req-738e5df9-ca51-4090-b8f5-2aabc2600f97 req-1eb7162a-212f-4151-a373-22b187ce8646 e62eee8fa42a4163a3ae678d2c8ae9aa 86e0e1c0a1f14810805148bd2196cbdc - - e37e2322584140228abb0979f9eb5225 e37e2322584140228abb0979f9eb5225] 199.204.45.95 "PUT /v2.0/ports/a6b1cbae-5365-46c0-a250-f700ef4684c3 HTTP/1.1" status: 200 len: 1376 time: 0.9329197 /var/lib/openstack/lib/python3.10/site-packages/pycadf/identifier.py:71: UserWarning: Invalid uuid: neutron. To ensure interoperability, identifiers should be a valid uuid. warnings.warn(('Invalid uuid: %s. To ensure interoperability, '
2026-07-22 15:24:33.849 10 INFO neutron.wsgi [req-738e5df9-ca51-4090-b8f5-2aabc2600f97 req-f9196ee2-b6f7-4405-8399-c834400e6061 e62eee8fa42a4163a3ae678d2c8ae9aa 86e0e1c0a1f14810805148bd2196cbdc - - e37e2322584140228abb0979f9eb5225 e37e2322584140228abb0979f9eb5225] 199.204.45.95 "GET /v2.0/ports?tenant_id=ffcffe8bb119493ab8be47389b3ee91c&device_id=d29c2153-2f6f-4652-bc3f-7f9edd1041d8 HTTP/1.1" status: 200 len: 1407 time: 0.0581591
2026-07-22 15:24:33.891 10 INFO neutron.wsgi [req-738e5df9-ca51-4090-b8f5-2aabc2600f97 req-301ef961-c44a-441d-97c6-5cab3407735e e62eee8fa42a4163a3ae678d2c8ae9aa 86e0e1c0a1f14810805148bd2196cbdc - - e37e2322584140228abb0979f9eb5225 e37e2322584140228abb0979f9eb5225] 199.204.45.95 "GET /v2.0/floatingips?fixed_ip_address=10.100.0.4&port_id=a6b1cbae-5365-46c0-a250-f700ef4684c3 HTTP/1.1" status: 200 len: 217 time: 0.0341117
2026-07-22 15:24:33.914 9 INFO neutron.wsgi [None req-b21d5767-8908-4fb5-8eb8-8db07ab2cab3 5c2d2eea7ebd43eaafe62f9f7646482d 1cefd14a2ae340718011307e746df049 - - default default] 10.0.0.179 "DELETE /v2.0/routers/60161ba9-3737-45db-91ac-1c336bea8994 HTTP/1.1" status: 204 len: 168 time: 1.1064296
2026-07-22 15:24:33.945 10 INFO neutron.wsgi [req-738e5df9-ca51-4090-b8f5-2aabc2600f97 req-25345b86-8e5a-4ee4-a0fb-b58ca0da1167 e62eee8fa42a4163a3ae678d2c8ae9aa 86e0e1c0a1f14810805148bd2196cbdc - - e37e2322584140228abb0979f9eb5225 e37e2322584140228abb0979f9eb5225] 199.204.45.95 "GET /v2.0/subnets?id=37b3633d-0162-4743-8edb-72bdf5772fe4 HTTP/1.1" status: 200 len: 863 time: 0.0471549
2026-07-22 15:24:33.966 9 INFO neutron.wsgi [None req-0450b8e4-b50e-402c-b3e6-239befea578a 5c2d2eea7ebd43eaafe62f9f7646482d 1cefd14a2ae340718011307e746df049 - - default default] 10.0.0.179 "DELETE /v2.0/subnets/ed3cec24-2163-4cd8-a503-86a675998cd7 HTTP/1.1" status: 204 len: 168 time: 0.3139386
2026-07-22 15:24:33.988 10 INFO neutron.wsgi [req-738e5df9-ca51-4090-b8f5-2aabc2600f97 req-571f84ed-2b29-4e0a-b236-4f86c2e71d0a e62eee8fa42a4163a3ae678d2c8ae9aa 86e0e1c0a1f14810805148bd2196cbdc - - e37e2322584140228abb0979f9eb5225 e37e2322584140228abb0979f9eb5225] 199.204.45.95 "GET /v2.0/ports?network_id=04460963-7cda-42ef-9a6c-cb4dc2979b8f&device_owner=network%3Adhcp HTTP/1.1" status: 200 len: 210 time: 0.0396335
2026-07-22 15:24:34.103 10 INFO neutron.wsgi [req-738e5df9-ca51-4090-b8f5-2aabc2600f97 req-eab08fd3-3612-41a3-ad8a-3d1e9810f532 e62eee8fa42a4163a3ae678d2c8ae9aa 86e0e1c0a1f14810805148bd2196cbdc - - e37e2322584140228abb0979f9eb5225 e37e2322584140228abb0979f9eb5225] 199.204.45.95 "GET /v2.0/networks/04460963-7cda-42ef-9a6c-cb4dc2979b8f?fields=segments HTTP/1.1" status: 200 len: 212 time: 0.1061556
2026-07-22 15:24:34.164 10 INFO neutron.notifiers.nova [-] Nova event matching ['req-0706bfc6-d12f-45e9-a3fc-654bcb941ecd'] response: {'name': 'network-changed', 'server_uuid': 'd29c2153-2f6f-4652-bc3f-7f9edd1041d8', 'tag': 'a6b1cbae-5365-46c0-a250-f700ef4684c3', 'status': 'completed', 'code': 200}
2026-07-22 15:24:34.166 9 INFO neutron.wsgi [None req-a84193ba-ba87-4476-8321-e130c4e9e6c2 5c2d2eea7ebd43eaafe62f9f7646482d 1cefd14a2ae340718011307e746df049 - - default default] 10.0.0.179 "DELETE /v2.0/subnets/01971efa-e1d5-4827-b16e-52c1187c1b7e HTTP/1.1" status: 204 len: 168 time: 0.2460237
2026-07-22 15:24:34.216 10 INFO neutron.wsgi [req-738e5df9-ca51-4090-b8f5-2aabc2600f97 req-a7ac33f7-ea92-4617-9ef2-0c9de2cdd7ca e62eee8fa42a4163a3ae678d2c8ae9aa 86e0e1c0a1f14810805148bd2196cbdc - - e37e2322584140228abb0979f9eb5225 e37e2322584140228abb0979f9eb5225] 199.204.45.95 "GET /v2.0/networks/04460963-7cda-42ef-9a6c-cb4dc2979b8f?fields=provider%3Aphysical_network&fields=provider%3Anetwork_type HTTP/1.1" status: 200 len: 277 time: 0.1050239
2026-07-22 15:24:34.294 10 INFO neutron.wsgi [req-4077d914-df13-4cec-a7f5-d76b9b02f1db req-792c3326-1dec-4af5-9d74-4b7c792140c2 e62eee8fa42a4163a3ae678d2c8ae9aa 86e0e1c0a1f14810805148bd2196cbdc - - e37e2322584140228abb0979f9eb5225 e37e2322584140228abb0979f9eb5225] 199.204.45.95 "GET /v2.0/ports?tenant_id=ffcffe8bb119493ab8be47389b3ee91c&device_id=d29c2153-2f6f-4652-bc3f-7f9edd1041d8 HTTP/1.1" status: 200 len: 1407 time: 0.0307276
2026-07-22 15:24:34.371 10 INFO neutron.wsgi [req-4077d914-df13-4cec-a7f5-d76b9b02f1db req-f4bdb215-e6ea-4a8a-8433-e8275442a99f e62eee8fa42a4163a3ae678d2c8ae9aa 86e0e1c0a1f14810805148bd2196cbdc - - e37e2322584140228abb0979f9eb5225 e37e2322584140228abb0979f9eb5225] 199.204.45.95 "GET /v2.0/networks?id=04460963-7cda-42ef-9a6c-cb4dc2979b8f HTTP/1.1" status: 200 len: 968 time: 0.0685201
2026-07-22 15:24:34.407 10 INFO neutron.wsgi [req-4077d914-df13-4cec-a7f5-d76b9b02f1db req-9715fd0e-f073-4e8a-a685-102ef8c2f6e5 e62eee8fa42a4163a3ae678d2c8ae9aa 86e0e1c0a1f14810805148bd2196cbdc - - e37e2322584140228abb0979f9eb5225 e37e2322584140228abb0979f9eb5225] 199.204.45.95 "GET /v2.0/floatingips?fixed_ip_address=10.100.0.4&port_id=a6b1cbae-5365-46c0-a250-f700ef4684c3 HTTP/1.1" status: 200 len: 217 time: 0.0266542
2026-07-22 15:24:34.478 10 INFO neutron.wsgi [req-4077d914-df13-4cec-a7f5-d76b9b02f1db req-b166f060-708e-4c83-9df7-d8fc139e61e5 e62eee8fa42a4163a3ae678d2c8ae9aa 86e0e1c0a1f14810805148bd2196cbdc - - e37e2322584140228abb0979f9eb5225 e37e2322584140228abb0979f9eb5225] 199.204.45.95 "GET /v2.0/subnets?id=37b3633d-0162-4743-8edb-72bdf5772fe4 HTTP/1.1" status: 200 len: 863 time: 0.0441468
2026-07-22 15:24:34.536 10 INFO neutron.wsgi [req-4077d914-df13-4cec-a7f5-d76b9b02f1db req-de559065-521b-4882-ba82-0169b0d49c88 e62eee8fa42a4163a3ae678d2c8ae9aa 86e0e1c0a1f14810805148bd2196cbdc - - e37e2322584140228abb0979f9eb5225 e37e2322584140228abb0979f9eb5225] 199.204.45.95 "GET /v2.0/ports?network_id=04460963-7cda-42ef-9a6c-cb4dc2979b8f&device_owner=network%3Adhcp HTTP/1.1" status: 200 len: 210 time: 0.0361893
2026-07-22 15:24:34.591 10 INFO neutron.wsgi [None req-64c42cf6-e512-42ce-879c-a4186848cd99 5c2d2eea7ebd43eaafe62f9f7646482d 1cefd14a2ae340718011307e746df049 - - default default] 10.0.0.179 "DELETE /v2.0/networks/a8e3c300-0606-433b-b527-2ccfabaaabd3 HTTP/1.1" status: 204 len: 168 time: 0.6208408
2026-07-22 15:24:34.615 9 INFO neutron.wsgi [None req-8cff30d5-2518-4a2c-8681-d7ed4f8091b0 5c2d2eea7ebd43eaafe62f9f7646482d 1cefd14a2ae340718011307e746df049 - - default default] 10.0.0.179 "DELETE /v2.0/networks/044800f9-d230-40a8-8ad1-3baeabf6084e HTTP/1.1" status: 204 len: 168 time: 0.4433513
2026-07-22 15:24:34.638 10 INFO neutron.wsgi [req-4077d914-df13-4cec-a7f5-d76b9b02f1db req-e5ae32d4-35ea-4b3c-bb7e-eddea35e9f20 e62eee8fa42a4163a3ae678d2c8ae9aa 86e0e1c0a1f14810805148bd2196cbdc - - e37e2322584140228abb0979f9eb5225 e37e2322584140228abb0979f9eb5225] 199.204.45.95 "GET /v2.0/networks/04460963-7cda-42ef-9a6c-cb4dc2979b8f?fields=segments HTTP/1.1" status: 200 len: 212 time: 0.0955143
2026-07-22 15:24:34.759 10 INFO neutron.wsgi [req-4077d914-df13-4cec-a7f5-d76b9b02f1db req-d33cd76f-384b-4f6e-bc84-d5acb613d78a e62eee8fa42a4163a3ae678d2c8ae9aa 86e0e1c0a1f14810805148bd2196cbdc - - e37e2322584140228abb0979f9eb5225 e37e2322584140228abb0979f9eb5225] 199.204.45.95 "GET /v2.0/networks/04460963-7cda-42ef-9a6c-cb4dc2979b8f?fields=provider%3Aphysical_network&fields=provider%3Anetwork_type HTTP/1.1" status: 200 len: 277 time: 0.1118147
2026-07-22 15:24:34.829 10 INFO neutron.wsgi [req-51af725a-f94c-4da5-bf41-b875f47f6f6c req-a4c24fee-d144-42c6-ab7b-8126fb1fc02c ffc82bcfc7584ba688a4c1669441b262 ffcffe8bb119493ab8be47389b3ee91c - - default default] 10.0.0.64 "GET /v2.0/ports?device_id=d29c2153-2f6f-4652-bc3f-7f9edd1041d8 HTTP/1.1" status: 200 len: 1168 time: 0.1130762
2026-07-22 15:24:34.882 10 INFO neutron.wsgi [req-51af725a-f94c-4da5-bf41-b875f47f6f6c req-63fea72a-c96d-476a-afcf-dcb0843247e2 ffc82bcfc7584ba688a4c1669441b262 ffcffe8bb119493ab8be47389b3ee91c - - default default] 10.0.0.64 "GET /v2.0/security-groups?id=67472953-6110-4a00-80c9-cb3a3a273623&fields=id&fields=name HTTP/1.1" status: 200 len: 312 time: 0.0480819
2026-07-22 15:24:34.922 10 INFO neutron.services.segments.plugin [-] Segment a4d5a871-09c8-4e29-988e-744db1c6e977 resource provider aggregate not found
2026-07-22 15:24:34.930 10 INFO neutron.services.segments.plugin [-] Segment a4d5a871-09c8-4e29-988e-744db1c6e977 resource provider aggregate not found
2026-07-22 15:24:35.016 10 INFO neutron.wsgi [None req-1e131e13-cb9f-40af-9a88-de439177a131 5c2d2eea7ebd43eaafe62f9f7646482d 1cefd14a2ae340718011307e746df049 - - default default] 10.0.0.179 "GET /v2.0/security-groups?tenant_id=9d95e1df834341a5aac6a1273fb138c4&name=default HTTP/1.1" status: 200 len: 2992 time: 0.0484545
2026-07-22 15:24:35.069 9 INFO neutron.wsgi [None req-71f8495b-341e-4661-a8bd-0ee795455bb6 5c2d2eea7ebd43eaafe62f9f7646482d 1cefd14a2ae340718011307e746df049 - - default default] 10.0.0.179 "GET /v2.0/security-groups?tenant_id=e6bd7c92c0af4ebfa8243c8ad3bdc864&name=default HTTP/1.1" status: 200 len: 2992 time: 0.0412357
2026-07-22 15:24:35.131 9 INFO neutron.services.segments.plugin [-] Segment 72d1b686-99fa-4bd0-aaab-3a3b09355f80 resource provider aggregate not found
2026-07-22 15:24:35.138 10 INFO neutron.services.segments.plugin [-] Segment a4d5a871-09c8-4e29-988e-744db1c6e977 resource provider not found; error: Placement Client Error (4xx): {"errors": [{"status": 404, "title": "Not Found", "detail": "The resource could not be found.\n\n No resource provider with uuid a4d5a871-09c8-4e29-988e-744db1c6e977 found for delete ", "request_id": "req-dd56e8ec-5721-4950-84d5-79ba3e7e5c4c"}]}
2026-07-22 15:24:35.140 9 INFO neutron.services.segments.plugin [-] Segment 72d1b686-99fa-4bd0-aaab-3a3b09355f80 resource provider aggregate not found
2026-07-22 15:24:35.148 10 INFO neutron.services.segments.plugin [-] Segment a4d5a871-09c8-4e29-988e-744db1c6e977 resource provider not found; error: Placement Client Error (4xx): {"errors": [{"status": 404, "title": "Not Found", "detail": "The resource could not be found.\n\n No resource provider with uuid a4d5a871-09c8-4e29-988e-744db1c6e977 found for delete ", "request_id": "req-d9583b63-81a7-42b7-ac24-094750cd224a"}]}
2026-07-22 15:24:35.151 9 INFO neutron.services.segments.plugin [-] Segment 72d1b686-99fa-4bd0-aaab-3a3b09355f80 resource provider not found; error: Placement Client Error (4xx): {"errors": [{"status": 404, "title": "Not Found", "detail": "The resource could not be found.\n\n No resource provider with uuid 72d1b686-99fa-4bd0-aaab-3a3b09355f80 found for delete ", "request_id": "req-6301013b-8a48-4d71-a27d-06c9954e1e48"}]}
2026-07-22 15:24:35.158 9 INFO neutron.services.segments.plugin [-] Segment 72d1b686-99fa-4bd0-aaab-3a3b09355f80 resource provider not found; error: Placement Client Error (4xx): {"errors": [{"status": 404, "title": "Not Found", "detail": "The resource could not be found.\n\n No resource provider with uuid 72d1b686-99fa-4bd0-aaab-3a3b09355f80 found for delete ", "request_id": "req-3c33fe18-af8c-4021-b98c-4cd5adf09fea"}]}
2026-07-22 15:24:35.226 10 INFO neutron.wsgi [None req-2716048a-f94b-4f15-a865-e8135f8200d2 5c2d2eea7ebd43eaafe62f9f7646482d 1cefd14a2ae340718011307e746df049 - - default default] 10.0.0.179 "DELETE /v2.0/security-groups/b0c45f0f-6513-4f53-9008-5b5eb71ed7b3 HTTP/1.1" status: 204 len: 168 time: 0.2060025
2026-07-22 15:24:35.304 9 INFO neutron.wsgi [None req-2333a86d-7842-4cc6-b0c0-8592f22184ea 5c2d2eea7ebd43eaafe62f9f7646482d 1cefd14a2ae340718011307e746df049 - - default default] 10.0.0.179 "DELETE /v2.0/security-groups/706d2926-8475-4556-bcdf-d158a0e09f32 HTTP/1.1" status: 204 len: 168 time: 0.2297354
2026-07-22 15:24:36.008 9 INFO neutron.wsgi [req-9ffaa6aa-badd-4aeb-95f3-609f8b498b05 req-490f4c7b-5348-4219-a0b2-47b3f9516e02 ffc82bcfc7584ba688a4c1669441b262 ffcffe8bb119493ab8be47389b3ee91c - - default default] 10.0.0.64 "GET /v2.0/ports?device_id=d29c2153-2f6f-4652-bc3f-7f9edd1041d8 HTTP/1.1" status: 200 len: 1168 time: 0.0424542
2026-07-22 15:24:36.050 9 INFO neutron.wsgi [req-9ffaa6aa-badd-4aeb-95f3-609f8b498b05 req-f923cb6d-042c-42b1-88f6-aa9a9d7c13d2 ffc82bcfc7584ba688a4c1669441b262 ffcffe8bb119493ab8be47389b3ee91c - - default default] 10.0.0.64 "GET /v2.0/security-groups?id=67472953-6110-4a00-80c9-cb3a3a273623&fields=id&fields=name HTTP/1.1" status: 200 len: 312 time: 0.0365269
2026-07-22 15:24:37.155 10 INFO neutron.wsgi [req-bc48f047-6fb4-4302-8bf4-14615aebcba3 req-3ce3a90d-e556-43b6-868a-0d0f0123b596 ffc82bcfc7584ba688a4c1669441b262 ffcffe8bb119493ab8be47389b3ee91c - - default default] 10.0.0.64 "GET /v2.0/ports?device_id=d29c2153-2f6f-4652-bc3f-7f9edd1041d8 HTTP/1.1" status: 200 len: 1168 time: 0.0389216
2026-07-22 15:24:37.199 10 INFO neutron.wsgi [req-bc48f047-6fb4-4302-8bf4-14615aebcba3 req-2647a514-7cc1-403c-abfb-0ce68de56303 ffc82bcfc7584ba688a4c1669441b262 ffcffe8bb119493ab8be47389b3ee91c - - default default] 10.0.0.64 "GET /v2.0/security-groups?id=67472953-6110-4a00-80c9-cb3a3a273623&fields=id&fields=name HTTP/1.1" status: 200 len: 312 time: 0.0364943
2026-07-22 15:24:37.500 9 INFO neutron.db.ovn_revision_numbers_db [None req-436214ba-5c57-415b-b016-add65507b87c 5c2d2eea7ebd43eaafe62f9f7646482d 1cefd14a2ae340718011307e746df049 - - default default] Successfully bumped revision number for resource d7659e89-2108-46a2-b17c-9b30176f1fb2 (type: security_groups) to 1
2026-07-22 15:24:37.519 9 INFO neutron.db.ovn_revision_numbers_db [None req-436214ba-5c57-415b-b016-add65507b87c 5c2d2eea7ebd43eaafe62f9f7646482d 1cefd14a2ae340718011307e746df049 - - default default] Successfully bumped revision number for resource 1b3665fe-355f-4abe-b82a-e9a24ae5e464 (type: security_group_rules) to 0
2026-07-22 15:24:37.536 9 INFO neutron.db.ovn_revision_numbers_db [None req-436214ba-5c57-415b-b016-add65507b87c 5c2d2eea7ebd43eaafe62f9f7646482d 1cefd14a2ae340718011307e746df049 - - default default] Successfully bumped revision number for resource 4b3a77cc-2851-4737-86c1-66f32b389de8 (type: security_group_rules) to 0
2026-07-22 15:24:37.557 9 INFO neutron.db.ovn_revision_numbers_db [None req-436214ba-5c57-415b-b016-add65507b87c 5c2d2eea7ebd43eaafe62f9f7646482d 1cefd14a2ae340718011307e746df049 - - default default] Successfully bumped revision number for resource 4d4b32b4-470a-4398-bc72-0965087e80b4 (type: security_group_rules) to 0
2026-07-22 15:24:37.573 9 INFO neutron.db.ovn_revision_numbers_db [None req-436214ba-5c57-415b-b016-add65507b87c 5c2d2eea7ebd43eaafe62f9f7646482d 1cefd14a2ae340718011307e746df049 - - default default] Successfully bumped revision number for resource 86c6fd60-b13b-4acd-9811-9555f5d77f84 (type: security_group_rules) to 0
2026-07-22 15:24:37.577 10 INFO neutron.db.ovn_revision_numbers_db [None req-2c8f8aba-6733-40f4-b106-77e358f9c4a6 5c2d2eea7ebd43eaafe62f9f7646482d 1cefd14a2ae340718011307e746df049 - - default default] Successfully bumped revision number for resource c603107f-b711-4cb8-a3af-6890be242436 (type: security_groups) to 1
2026-07-22 15:24:37.594 10 INFO neutron.db.ovn_revision_numbers_db [None req-2c8f8aba-6733-40f4-b106-77e358f9c4a6 5c2d2eea7ebd43eaafe62f9f7646482d 1cefd14a2ae340718011307e746df049 - - default default] Successfully bumped revision number for resource 1d23739f-e910-4e88-b203-34fb530432f4 (type: security_group_rules) to 0
2026-07-22 15:24:37.611 10 INFO neutron.db.ovn_revision_numbers_db [None req-2c8f8aba-6733-40f4-b106-77e358f9c4a6 5c2d2eea7ebd43eaafe62f9f7646482d 1cefd14a2ae340718011307e746df049 - - default default] Successfully bumped revision number for resource 31f4fcbc-ce81-4746-88be-a6bfd0295c93 (type: security_group_rules) to 0
2026-07-22 15:24:37.631 9 INFO neutron.db.segments_db [None req-436214ba-5c57-415b-b016-add65507b87c 5c2d2eea7ebd43eaafe62f9f7646482d 1cefd14a2ae340718011307e746df049 - - default default] Added segment bff10ce0-ff33-4947-8601-0e9185deade4 of type geneve for network d13b2be3-bc6d-4b27-8ef5-e9a19b81e735
2026-07-22 15:24:37.634 10 INFO neutron.db.ovn_revision_numbers_db [None req-2c8f8aba-6733-40f4-b106-77e358f9c4a6 5c2d2eea7ebd43eaafe62f9f7646482d 1cefd14a2ae340718011307e746df049 - - default default] Successfully bumped revision number for resource 42117edc-5742-41e4-8910-73264dd3d0ef (type: security_group_rules) to 0
2026-07-22 15:24:37.656 10 INFO neutron.db.ovn_revision_numbers_db [None req-2c8f8aba-6733-40f4-b106-77e358f9c4a6 5c2d2eea7ebd43eaafe62f9f7646482d 1cefd14a2ae340718011307e746df049 - - default default] Successfully bumped revision number for resource 621d299b-ec67-4006-9a86-e2ff189a6d7f (type: security_group_rules) to 0
2026-07-22 15:24:37.717 10 INFO neutron.db.segments_db [None req-2c8f8aba-6733-40f4-b106-77e358f9c4a6 5c2d2eea7ebd43eaafe62f9f7646482d 1cefd14a2ae340718011307e746df049 - - default default] Added segment 6080421c-c1f4-4e81-8ba1-e3efcaec259d of type geneve for network 665f7969-053f-4a34-b9f7-c54571407f74
2026-07-22 15:24:37.811 9 INFO neutron.db.ovn_revision_numbers_db [None req-436214ba-5c57-415b-b016-add65507b87c 5c2d2eea7ebd43eaafe62f9f7646482d 1cefd14a2ae340718011307e746df049 - - default default] Successfully bumped revision number for resource d13b2be3-bc6d-4b27-8ef5-e9a19b81e735 (type: networks) to 1
2026-07-22 15:24:37.890 10 INFO neutron.db.ovn_revision_numbers_db [None req-2c8f8aba-6733-40f4-b106-77e358f9c4a6 5c2d2eea7ebd43eaafe62f9f7646482d 1cefd14a2ae340718011307e746df049 - - default default] Successfully bumped revision number for resource 665f7969-053f-4a34-b9f7-c54571407f74 (type: networks) to 1
2026-07-22 15:24:37.956 9 WARNING neutron.scheduler.dhcp_agent_scheduler [None req-436214ba-5c57-415b-b016-add65507b87c 5c2d2eea7ebd43eaafe62f9f7646482d 1cefd14a2ae340718011307e746df049 - - default default] No more DHCP agents
2026-07-22 15:24:37.959 9 WARNING neutron.api.rpc.agentnotifiers.dhcp_rpc_agent_api [None req-436214ba-5c57-415b-b016-add65507b87c 5c2d2eea7ebd43eaafe62f9f7646482d 1cefd14a2ae340718011307e746df049 - - default default] Unable to schedule network d13b2be3-bc6d-4b27-8ef5-e9a19b81e735: no agents available; will retry on subsequent port and subnet creation events.
2026-07-22 15:24:38.041 9 INFO neutron.db.ovn_revision_numbers_db [None req-436214ba-5c57-415b-b016-add65507b87c 5c2d2eea7ebd43eaafe62f9f7646482d 1cefd14a2ae340718011307e746df049 - - default default] Successfully bumped revision number for resource 0cb07334-a8ae-487d-9ece-9e8aa7a5d0e9 (type: ports) to 1
2026-07-22 15:24:38.059 9 INFO neutron.wsgi [None req-436214ba-5c57-415b-b016-add65507b87c 5c2d2eea7ebd43eaafe62f9f7646482d 1cefd14a2ae340718011307e746df049 - - default default] 10.0.0.179 "POST /v2.0/networks HTTP/1.1" status: 201 len: 948 time: 0.8878443
2026-07-22 15:24:38.083 10 WARNING neutron.scheduler.dhcp_agent_scheduler [None req-2c8f8aba-6733-40f4-b106-77e358f9c4a6 5c2d2eea7ebd43eaafe62f9f7646482d 1cefd14a2ae340718011307e746df049 - - default default] No more DHCP agents
2026-07-22 15:24:38.085 10 WARNING neutron.api.rpc.agentnotifiers.dhcp_rpc_agent_api [None req-2c8f8aba-6733-40f4-b106-77e358f9c4a6 5c2d2eea7ebd43eaafe62f9f7646482d 1cefd14a2ae340718011307e746df049 - - default default] Unable to schedule network 665f7969-053f-4a34-b9f7-c54571407f74: no agents available; will retry on subsequent port and subnet creation events.
2026-07-22 15:24:38.127 9 INFO neutron.wsgi [req-7456823d-0a19-46d4-8e81-b30e4d2b1f6a req-16eafc51-0864-4df7-91b6-cef6a162f4e7 cb782252aa734d16b2b3db318b377d5b 69881b7620b44a08a99ffb3dc0110d28 - - default default] 10.0.0.64 "GET /v2.0/security-groups?name=tempest-securitygroup--407000616&fields=id&tenant_id=69881b7620b44a08a99ffb3dc0110d28 HTTP/1.1" status: 200 len: 267 time: 0.0392234
2026-07-22 15:24:38.198 10 INFO neutron.db.ovn_revision_numbers_db [None req-2c8f8aba-6733-40f4-b106-77e358f9c4a6 5c2d2eea7ebd43eaafe62f9f7646482d 1cefd14a2ae340718011307e746df049 - - default default] Successfully bumped revision number for resource 315cd642-ea37-4335-9069-321b0d004924 (type: ports) to 1
2026-07-22 15:24:38.232 10 INFO neutron.wsgi [None req-2c8f8aba-6733-40f4-b106-77e358f9c4a6 5c2d2eea7ebd43eaafe62f9f7646482d 1cefd14a2ae340718011307e746df049 - - default default] 10.0.0.179 "POST /v2.0/networks HTTP/1.1" status: 201 len: 953 time: 0.9715550
2026-07-22 15:24:38.331 10 WARNING neutron.scheduler.dhcp_agent_scheduler [None req-1123c3b4-1bce-4c6b-b92e-5b986e92144a 5c2d2eea7ebd43eaafe62f9f7646482d 1cefd14a2ae340718011307e746df049 - - default default] No more DHCP agents
2026-07-22 15:24:38.337 10 WARNING neutron.api.rpc.agentnotifiers.dhcp_rpc_agent_api [None req-1123c3b4-1bce-4c6b-b92e-5b986e92144a 5c2d2eea7ebd43eaafe62f9f7646482d 1cefd14a2ae340718011307e746df049 - - default default] Unable to schedule network d13b2be3-bc6d-4b27-8ef5-e9a19b81e735: no agents available; will retry on subsequent port and subnet creation events.
2026-07-22 15:24:38.360 9 INFO neutron.wsgi [req-7456823d-0a19-46d4-8e81-b30e4d2b1f6a req-71b6f616-7a4c-463e-9583-9499c2882245 cb782252aa734d16b2b3db318b377d5b 69881b7620b44a08a99ffb3dc0110d28 - - default default] 10.0.0.64 "GET /v2.0/networks?id=f5b33400-40e3-4aea-8a5b-eadb40c902c9 HTTP/1.1" status: 200 len: 879 time: 0.2241127
2026-07-22 15:24:38.388 9 INFO neutron.wsgi [req-7456823d-0a19-46d4-8e81-b30e4d2b1f6a req-e04f636b-7006-4ce0-8279-7d1519657ee9 cb782252aa734d16b2b3db318b377d5b 69881b7620b44a08a99ffb3dc0110d28 - - default default] 10.0.0.64 "GET /v2.0/quotas/69881b7620b44a08a99ffb3dc0110d28 HTTP/1.1" status: 200 len: 386 time: 0.0239224
2026-07-22 15:24:38.493 9 INFO neutron.wsgi [req-7456823d-0a19-46d4-8e81-b30e4d2b1f6a req-3f31d604-7340-4bf8-8d39-82ae4f23d579 cb782252aa734d16b2b3db318b377d5b 69881b7620b44a08a99ffb3dc0110d28 - - default default] 10.0.0.64 "GET /v2.0/ports?tenant_id=69881b7620b44a08a99ffb3dc0110d28&fields=id HTTP/1.1" status: 200 len: 302 time: 0.0972054
2026-07-22 15:24:38.514 10 INFO neutron.wsgi [req-5870802e-8851-4b1f-b398-5c4c940cddc5 req-5ab8105b-231d-4455-968f-032cbf5276e8 ffc82bcfc7584ba688a4c1669441b262 ffcffe8bb119493ab8be47389b3ee91c - - default default] 10.0.0.64 "GET /v2.0/ports?device_id=d29c2153-2f6f-4652-bc3f-7f9edd1041d8 HTTP/1.1" status: 200 len: 1168 time: 0.2369320
2026-07-22 15:24:38.530 9 WARNING neutron.plugins.ml2.drivers.ovn.mech_driver.ovsdb.ovn_client [None req-dce3b029-d00b-4178-9294-9dee77922ec6 - - - - - -] No hosting information found for port 61a9d1e8-2ff8-468b-a3c6-7fd97ca27668: RuntimeError: No hosting information found for port 61a9d1e8-2ff8-468b-a3c6-7fd97ca27668
2026-07-22 15:24:38.530 9 INFO neutron.plugins.ml2.drivers.ovn.mech_driver.mech_driver [None req-dce3b029-d00b-4178-9294-9dee77922ec6 - - - - - -] OVN reports status up for port: a6b1cbae-5365-46c0-a250-f700ef4684c3
2026-07-22 15:24:38.561 9 INFO neutron.plugins.ml2.plugin [None req-dce3b029-d00b-4178-9294-9dee77922ec6 - - - - - -] Attempt 1 to provision port a6b1cbae-5365-46c0-a250-f700ef4684c3
2026-07-22 15:24:38.638 10 INFO neutron.wsgi [req-5870802e-8851-4b1f-b398-5c4c940cddc5 req-b99b21e2-3477-4c7c-8e99-7f9f68d31a3a ffc82bcfc7584ba688a4c1669441b262 ffcffe8bb119493ab8be47389b3ee91c - - default default] 10.0.0.64 "GET /v2.0/security-groups?id=67472953-6110-4a00-80c9-cb3a3a273623&fields=id&fields=name HTTP/1.1" status: 200 len: 312 time: 0.1150141
2026-07-22 15:24:38.743 10 WARNING neutron.scheduler.dhcp_agent_scheduler [None req-e69fec0e-1e9e-4138-8831-f82d8828987d 5c2d2eea7ebd43eaafe62f9f7646482d 1cefd14a2ae340718011307e746df049 - - default default] No more DHCP agents
2026-07-22 15:24:38.749 10 WARNING neutron.api.rpc.agentnotifiers.dhcp_rpc_agent_api [None req-e69fec0e-1e9e-4138-8831-f82d8828987d 5c2d2eea7ebd43eaafe62f9f7646482d 1cefd14a2ae340718011307e746df049 - - default default] Unable to schedule network 665f7969-053f-4a34-b9f7-c54571407f74: no agents available; will retry on subsequent port and subnet creation events.
2026-07-22 15:24:38.833 9 INFO neutron.db.ovn_revision_numbers_db [None req-dce3b029-d00b-4178-9294-9dee77922ec6 - - - - - -] Successfully bumped revision number for resource a6b1cbae-5365-46c0-a250-f700ef4684c3 (type: ports) to 4 /var/lib/openstack/lib/python3.10/site-packages/pycadf/identifier.py:71: UserWarning: Invalid uuid: neutron. To ensure interoperability, identifiers should be a valid uuid. warnings.warn(('Invalid uuid: %s. To ensure interoperability, '
2026-07-22 15:24:38.907 9 INFO neutron.wsgi [req-7456823d-0a19-46d4-8e81-b30e4d2b1f6a req-2dc9c745-bce9-44ac-8235-43547be8405b e62eee8fa42a4163a3ae678d2c8ae9aa 86e0e1c0a1f14810805148bd2196cbdc - - e37e2322584140228abb0979f9eb5225 e37e2322584140228abb0979f9eb5225] 10.0.0.64 "GET /v2.0/extensions HTTP/1.1" status: 200 len: 16525 time: 0.0583723
2026-07-22 15:24:38.982 9 INFO neutron.wsgi [req-7456823d-0a19-46d4-8e81-b30e4d2b1f6a req-771f21cb-29b9-4e24-b27e-933070302a7c e62eee8fa42a4163a3ae678d2c8ae9aa 86e0e1c0a1f14810805148bd2196cbdc - - e37e2322584140228abb0979f9eb5225 e37e2322584140228abb0979f9eb5225] 10.0.0.64 "GET /v2.0/networks/f5b33400-40e3-4aea-8a5b-eadb40c902c9?fields=segments HTTP/1.1" status: 200 len: 212 time: 0.0658736
2026-07-22 15:24:39.050 9 INFO neutron.wsgi [req-7456823d-0a19-46d4-8e81-b30e4d2b1f6a req-8162fd9d-af7b-420e-9d1d-9027b180dc25 e62eee8fa42a4163a3ae678d2c8ae9aa 86e0e1c0a1f14810805148bd2196cbdc - - e37e2322584140228abb0979f9eb5225 e37e2322584140228abb0979f9eb5225] 10.0.0.64 "GET /v2.0/networks/f5b33400-40e3-4aea-8a5b-eadb40c902c9?fields=provider%3Aphysical_network&fields=provider%3Anetwork_type HTTP/1.1" status: 200 len: 277 time: 0.0614214
2026-07-22 15:24:39.095 9 INFO neutron.notifiers.nova [-] Nova event matching ['req-d9910fb7-f5d7-4a41-bcfa-1fa1b13ab364'] response: {'server_uuid': 'd29c2153-2f6f-4652-bc3f-7f9edd1041d8', 'name': 'network-vif-plugged', 'status': 'completed', 'tag': 'a6b1cbae-5365-46c0-a250-f700ef4684c3', 'code': 200}
2026-07-22 15:24:39.238 10 INFO neutron.db.ovn_revision_numbers_db [None req-1123c3b4-1bce-4c6b-b92e-5b986e92144a 5c2d2eea7ebd43eaafe62f9f7646482d 1cefd14a2ae340718011307e746df049 - - default default] Successfully bumped revision number for resource 0cb07334-a8ae-487d-9ece-9e8aa7a5d0e9 (type: ports) to 2
2026-07-22 15:24:39.335 10 INFO neutron.db.ovn_revision_numbers_db [None req-1123c3b4-1bce-4c6b-b92e-5b986e92144a 5c2d2eea7ebd43eaafe62f9f7646482d 1cefd14a2ae340718011307e746df049 - - default default] Successfully bumped revision number for resource 44d21e03-2ade-4d00-a1b8-9a8f7df25bb2 (type: subnets) to 0
2026-07-22 15:24:39.359 10 INFO neutron.wsgi [None req-1123c3b4-1bce-4c6b-b92e-5b986e92144a 5c2d2eea7ebd43eaafe62f9f7646482d 1cefd14a2ae340718011307e746df049 - - default default] 10.0.0.179 "POST /v2.0/subnets HTTP/1.1" status: 201 len: 868 time: 1.2934635
2026-07-22 15:24:39.429 10 INFO neutron.db.ovn_revision_numbers_db [None req-e69fec0e-1e9e-4138-8831-f82d8828987d 5c2d2eea7ebd43eaafe62f9f7646482d 1cefd14a2ae340718011307e746df049 - - default default] Successfully bumped revision number for resource 315cd642-ea37-4335-9069-321b0d004924 (type: ports) to 2
2026-07-22 15:24:39.496 10 INFO neutron.wsgi [req-db2aa220-769b-4057-ab6a-d503b16277cf req-e2005021-e5b9-435b-b3c8-6aa11f6532c3 cb782252aa734d16b2b3db318b377d5b 69881b7620b44a08a99ffb3dc0110d28 - - default default] 10.0.0.64 "GET /v2.0/ports?device_id=949429f1-d458-47da-b0fa-a155d234ed3b HTTP/1.1" status: 200 len: 210 time: 0.0289052
2026-07-22 15:24:39.497 10 INFO neutron.db.ovn_revision_numbers_db [None req-e69fec0e-1e9e-4138-8831-f82d8828987d 5c2d2eea7ebd43eaafe62f9f7646482d 1cefd14a2ae340718011307e746df049 - - default default] Successfully bumped revision number for resource 1051589f-4e67-4a2b-ba8b-4bc66bfaeb2d (type: subnets) to 0
2026-07-22 15:24:39.536 10 INFO neutron.wsgi [None req-e69fec0e-1e9e-4138-8831-f82d8828987d 5c2d2eea7ebd43eaafe62f9f7646482d 1cefd14a2ae340718011307e746df049 - - default default] 10.0.0.179 "POST /v2.0/subnets HTTP/1.1" status: 201 len: 873 time: 1.2963700
2026-07-22 15:24:39.763 10 INFO neutron.wsgi [req-13ff6e0b-5991-4027-a7c1-4b9504c9e7b2 req-24c9e422-6293-49f0-ad78-3b673cc62257 e62eee8fa42a4163a3ae678d2c8ae9aa 86e0e1c0a1f14810805148bd2196cbdc - - e37e2322584140228abb0979f9eb5225 e37e2322584140228abb0979f9eb5225] 199.204.45.95 "GET /v2.0/ports?device_id=d29c2153-2f6f-4652-bc3f-7f9edd1041d8&fields=binding%3Ahost_id&fields=binding%3Avif_type HTTP/1.1" status: 200 len: 265 time: 0.0991302
2026-07-22 15:24:39.849 10 INFO neutron.wsgi [req-13ff6e0b-5991-4027-a7c1-4b9504c9e7b2 req-e204f6c5-4e65-40f6-9988-5e4c164db0f2 e62eee8fa42a4163a3ae678d2c8ae9aa 86e0e1c0a1f14810805148bd2196cbdc - - e37e2322584140228abb0979f9eb5225 e37e2322584140228abb0979f9eb5225] 199.204.45.95 "GET /v2.0/ports?tenant_id=ffcffe8bb119493ab8be47389b3ee91c&device_id=d29c2153-2f6f-4652-bc3f-7f9edd1041d8 HTTP/1.1" status: 200 len: 1409 time: 0.0410047
2026-07-22 15:24:39.861 9 INFO neutron.wsgi [req-979472f0-154b-45f0-b39f-93599c17c089 req-95e363cd-a789-4e8d-a066-961216c423c4 ffc82bcfc7584ba688a4c1669441b262 ffcffe8bb119493ab8be47389b3ee91c - - default default] 10.0.0.64 "GET /v2.0/ports?device_id=d29c2153-2f6f-4652-bc3f-7f9edd1041d8 HTTP/1.1" status: 200 len: 1170 time: 0.1249368
2026-07-22 15:24:39.925 9 INFO neutron.wsgi [req-979472f0-154b-45f0-b39f-93599c17c089 req-7e882c57-8c94-4247-af79-ed4eb7a16367 ffc82bcfc7584ba688a4c1669441b262 ffcffe8bb119493ab8be47389b3ee91c - - default default] 10.0.0.64 "GET /v2.0/security-groups?id=67472953-6110-4a00-80c9-cb3a3a273623&fields=id&fields=name HTTP/1.1" status: 200 len: 312 time: 0.0576804
2026-07-22 15:24:39.993 10 INFO neutron.wsgi [req-13ff6e0b-5991-4027-a7c1-4b9504c9e7b2 req-a337ae95-d61c-484d-a96a-790246df21e4 e62eee8fa42a4163a3ae678d2c8ae9aa 86e0e1c0a1f14810805148bd2196cbdc - - e37e2322584140228abb0979f9eb5225 e37e2322584140228abb0979f9eb5225] 199.204.45.95 "GET /v2.0/networks?id=04460963-7cda-42ef-9a6c-cb4dc2979b8f HTTP/1.1" status: 200 len: 968 time: 0.1093950
2026-07-22 15:24:40.005 9 WARNING neutron.scheduler.dhcp_agent_scheduler [None req-cd417263-2855-49e3-8f9d-d231678f414b 5c2d2eea7ebd43eaafe62f9f7646482d 1cefd14a2ae340718011307e746df049 - - default default] No more DHCP agents
2026-07-22 15:24:40.008 9 WARNING neutron.api.rpc.agentnotifiers.dhcp_rpc_agent_api [None req-cd417263-2855-49e3-8f9d-d231678f414b 5c2d2eea7ebd43eaafe62f9f7646482d 1cefd14a2ae340718011307e746df049 - - default default] Unable to schedule network 01aaf83a-285e-4494-8eff-240afccb5159: no agents available; will retry on subsequent port and subnet creation events.
2026-07-22 15:24:40.024 10 INFO neutron.wsgi [req-13ff6e0b-5991-4027-a7c1-4b9504c9e7b2 req-f59bc8d0-4f17-45e2-98d4-3b72111dd98b e62eee8fa42a4163a3ae678d2c8ae9aa 86e0e1c0a1f14810805148bd2196cbdc - - e37e2322584140228abb0979f9eb5225 e37e2322584140228abb0979f9eb5225] 199.204.45.95 "GET /v2.0/floatingips?fixed_ip_address=10.100.0.4&port_id=a6b1cbae-5365-46c0-a250-f700ef4684c3 HTTP/1.1" status: 200 len: 217 time: 0.0261283
2026-07-22 15:24:40.112 10 INFO neutron.wsgi [req-13ff6e0b-5991-4027-a7c1-4b9504c9e7b2 req-3cbf8836-6aa0-4415-80f4-fdba3007d29f e62eee8fa42a4163a3ae678d2c8ae9aa 86e0e1c0a1f14810805148bd2196cbdc - - e37e2322584140228abb0979f9eb5225 e37e2322584140228abb0979f9eb5225] 199.204.45.95 "GET /v2.0/subnets?id=37b3633d-0162-4743-8edb-72bdf5772fe4 HTTP/1.1" status: 200 len: 863 time: 0.0791535
2026-07-22 15:24:40.153 10 INFO neutron.wsgi [req-13ff6e0b-5991-4027-a7c1-4b9504c9e7b2 req-200a0d5a-b3a0-49d8-b749-e35a994a32c5 e62eee8fa42a4163a3ae678d2c8ae9aa 86e0e1c0a1f14810805148bd2196cbdc - - e37e2322584140228abb0979f9eb5225 e37e2322584140228abb0979f9eb5225] 199.204.45.95 "GET /v2.0/ports?network_id=04460963-7cda-42ef-9a6c-cb4dc2979b8f&device_owner=network%3Adhcp HTTP/1.1" status: 200 len: 210 time: 0.0347009
2026-07-22 15:24:40.208 9 INFO neutron.db.ovn_revision_numbers_db [None req-cd417263-2855-49e3-8f9d-d231678f414b 5c2d2eea7ebd43eaafe62f9f7646482d 1cefd14a2ae340718011307e746df049 - - default default] Successfully bumped revision number for resource 27772b43-a84e-43b1-a285-e97c3468617b (type: ports) to 1
2026-07-22 15:24:40.250 10 INFO neutron.wsgi [req-94ce8650-a394-484a-9656-9773d77ee392 req-b2509993-91b9-4e4b-8850-1ccf97a56366 ffc82bcfc7584ba688a4c1669441b262 ffcffe8bb119493ab8be47389b3ee91c - - default default] 10.0.0.64 "GET /v2.0/ports?device_id=d29c2153-2f6f-4652-bc3f-7f9edd1041d8 HTTP/1.1" status: 200 len: 1170 time: 0.2088928
2026-07-22 15:24:40.285 10 INFO neutron.wsgi [req-13ff6e0b-5991-4027-a7c1-4b9504c9e7b2 req-5bec9e8c-9d3a-417c-ac23-722c0e80d29c e62eee8fa42a4163a3ae678d2c8ae9aa 86e0e1c0a1f14810805148bd2196cbdc - - e37e2322584140228abb0979f9eb5225 e37e2322584140228abb0979f9eb5225] 199.204.45.95 "GET /v2.0/networks/04460963-7cda-42ef-9a6c-cb4dc2979b8f?fields=segments HTTP/1.1" status: 200 len: 212 time: 0.1110744
2026-07-22 15:24:40.380 10 INFO neutron.wsgi [req-13ff6e0b-5991-4027-a7c1-4b9504c9e7b2 req-ba135833-dd2f-4270-9722-0e5c8d48426c e62eee8fa42a4163a3ae678d2c8ae9aa 86e0e1c0a1f14810805148bd2196cbdc - - e37e2322584140228abb0979f9eb5225 e37e2322584140228abb0979f9eb5225] 199.204.45.95 "GET /v2.0/networks/04460963-7cda-42ef-9a6c-cb4dc2979b8f?fields=provider%3Aphysical_network&fields=provider%3Anetwork_type HTTP/1.1" status: 200 len: 277 time: 0.0890110
2026-07-22 15:24:40.389 10 WARNING neutron.scheduler.dhcp_agent_scheduler [None req-26d4c859-5e30-4ae4-8ab2-4c41191b4c12 5c2d2eea7ebd43eaafe62f9f7646482d 1cefd14a2ae340718011307e746df049 - - default default] No more DHCP agents
