2026-07-22 15:07:26.083 9 INFO neutron.wsgi [None req-a6830617-ae65-4b2e-854e-62a2ca64e2aa 8e6a961f10de4e11af3d2b8d54a3fe25 86e0e1c0a1f14810805148bd2196cbdc - - e37e2322584140228abb0979f9eb5225 e37e2322584140228abb0979f9eb5225] 199.204.45.95 "POST /v2.0/networks HTTP/1.1" status: 201 len: 924 time: 0.5978234
2026-07-22 15:07:26.134 9 INFO neutron.wsgi [None req-2dfd10ec-a6c4-4939-b1c7-7b43137dcfa0 8e6a961f10de4e11af3d2b8d54a3fe25 86e0e1c0a1f14810805148bd2196cbdc - - e37e2322584140228abb0979f9eb5225 e37e2322584140228abb0979f9eb5225] 199.204.45.95 "GET /v2.0/ports?device_id=manila-share&binding%3Ahost_id=instance HTTP/1.1" status: 200 len: 210 time: 0.0416350
2026-07-22 15:07:26.150 9 INFO neutron.wsgi [None req-b814e1b5-e8da-4308-9797-0ab99c0d9252 8e6a961f10de4e11af3d2b8d54a3fe25 86e0e1c0a1f14810805148bd2196cbdc - - e37e2322584140228abb0979f9eb5225 e37e2322584140228abb0979f9eb5225] 199.204.45.95 "GET /v2.0/extensions HTTP/1.1" status: 200 len: 16525 time: 0.0068192
2026-07-22 15:07:26.390 9 WARNING neutron.scheduler.dhcp_agent_scheduler [None req-f3bf4452-ed3e-40b5-a670-6b8cd08290d3 8e6a961f10de4e11af3d2b8d54a3fe25 86e0e1c0a1f14810805148bd2196cbdc - - e37e2322584140228abb0979f9eb5225 e37e2322584140228abb0979f9eb5225] No more DHCP agents
2026-07-22 15:07:26.392 9 WARNING neutron.api.rpc.agentnotifiers.dhcp_rpc_agent_api [None req-f3bf4452-ed3e-40b5-a670-6b8cd08290d3 8e6a961f10de4e11af3d2b8d54a3fe25 86e0e1c0a1f14810805148bd2196cbdc - - e37e2322584140228abb0979f9eb5225 e37e2322584140228abb0979f9eb5225] Unable to schedule network 3b66ec4e-dbe3-43b4-bfbd-da638d986a03: no agents available; will retry on subsequent port and subnet creation events.
2026-07-22 15:07:26.543 9 INFO neutron.db.ovn_revision_numbers_db [None req-f3bf4452-ed3e-40b5-a670-6b8cd08290d3 8e6a961f10de4e11af3d2b8d54a3fe25 86e0e1c0a1f14810805148bd2196cbdc - - e37e2322584140228abb0979f9eb5225 e37e2322584140228abb0979f9eb5225] Successfully bumped revision number for resource 72eb4e9f-a963-4872-8623-1d9915719158 (type: ports) to 1
2026-07-22 15:07:26.742 9 INFO neutron.db.ovn_revision_numbers_db [None req-f3bf4452-ed3e-40b5-a670-6b8cd08290d3 8e6a961f10de4e11af3d2b8d54a3fe25 86e0e1c0a1f14810805148bd2196cbdc - - e37e2322584140228abb0979f9eb5225 e37e2322584140228abb0979f9eb5225] Successfully bumped revision number for resource 72eb4e9f-a963-4872-8623-1d9915719158 (type: ports) to 1
2026-07-22 15:07:26.767 9 INFO neutron.wsgi [None req-f3bf4452-ed3e-40b5-a670-6b8cd08290d3 8e6a961f10de4e11af3d2b8d54a3fe25 86e0e1c0a1f14810805148bd2196cbdc - - e37e2322584140228abb0979f9eb5225 e37e2322584140228abb0979f9eb5225] 199.204.45.95 "POST /v2.0/ports HTTP/1.1" status: 201 len: 1144 time: 0.6130970
2026-07-22 15:07:26.820 9 INFO neutron.wsgi [None req-0824c48c-2b4c-405d-a31c-1e40698897b7 8e6a961f10de4e11af3d2b8d54a3fe25 86e0e1c0a1f14810805148bd2196cbdc - - e37e2322584140228abb0979f9eb5225 e37e2322584140228abb0979f9eb5225] 199.204.45.95 "GET /v2.0/networks/3b66ec4e-dbe3-43b4-bfbd-da638d986a03 HTTP/1.1" status: 200 len: 906 time: 0.0464897
2026-07-22 15:07:27.648 10 INFO neutron.plugins.ml2.drivers.ovn.mech_driver.mech_driver [-] OVN reports status up for port: 72eb4e9f-a963-4872-8623-1d9915719158
2026-07-22 15:07:27.701 10 INFO neutron.plugins.ml2.plugin [None req-a95e7cce-003f-4257-bd49-f307de43da7e - - - - - -] Attempt 1 to provision port 72eb4e9f-a963-4872-8623-1d9915719158
2026-07-22 15:07:28.045 10 INFO neutron.db.ovn_revision_numbers_db [None req-a95e7cce-003f-4257-bd49-f307de43da7e - - - - - -] Successfully bumped revision number for resource 72eb4e9f-a963-4872-8623-1d9915719158 (type: ports) to 3
2026-07-22 15:07:28.657 9 INFO neutron.wsgi [-] 10.0.0.106 "GET / HTTP/1.1" status: 200 len: 246 time: 0.0024679
2026-07-22 15:07:28.660 9 INFO neutron.wsgi [-] 10.0.0.106 "GET / HTTP/1.1" status: 200 len: 246 time: 0.0018675
2026-07-22 15:07:29.407 9 INFO neutron.wsgi [None req-362f7c77-e77a-436a-8b70-f6d59e2cf9b6 8e6a961f10de4e11af3d2b8d54a3fe25 86e0e1c0a1f14810805148bd2196cbdc - - e37e2322584140228abb0979f9eb5225 e37e2322584140228abb0979f9eb5225] 199.204.45.95 "GET /v2.0/ports?device_id=manila-share&binding%3Ahost_id=instance HTTP/1.1" status: 200 len: 1172 time: 0.0438936
2026-07-22 15:07:29.464 9 INFO neutron.wsgi [None req-ec2f7596-2e67-4bf0-ad69-3ae910fc4f3f 8e6a961f10de4e11af3d2b8d54a3fe25 86e0e1c0a1f14810805148bd2196cbdc - - e37e2322584140228abb0979f9eb5225 e37e2322584140228abb0979f9eb5225] 199.204.45.95 "GET /v2.0/networks/3b66ec4e-dbe3-43b4-bfbd-da638d986a03 HTTP/1.1" status: 200 len: 906 time: 0.0493009
2026-07-22 15:07:41.985 10 INFO neutron.wsgi [None req-1c689dc5-1c5c-4077-96b1-aac9d5efc830 5c2d2eea7ebd43eaafe62f9f7646482d 1cefd14a2ae340718011307e746df049 - - default default] 199.204.45.95,10.0.0.106 "GET /v2.0/quotas/86e0e1c0a1f14810805148bd2196cbdc HTTP/1.1" status: 200 len: 362 time: 0.0204749
2026-07-22 15:07:42.463 10 INFO neutron.wsgi [None req-6273f5fc-6ced-49fc-b199-78ce10158cda 5c2d2eea7ebd43eaafe62f9f7646482d 1cefd14a2ae340718011307e746df049 - - default default] 199.204.45.95,10.0.0.106 "PUT /v2.0/quotas/86e0e1c0a1f14810805148bd2196cbdc HTTP/1.1" status: 200 len: 361 time: 0.0410848
2026-07-22 15:07:42.822 10 INFO neutron.wsgi [None req-07488e6b-eddb-4851-971b-1643f50572f9 5c2d2eea7ebd43eaafe62f9f7646482d 1cefd14a2ae340718011307e746df049 - - default default] 199.204.45.95,10.0.0.106 "GET /v2.0/quotas/86e0e1c0a1f14810805148bd2196cbdc HTTP/1.1" status: 200 len: 361 time: 0.0117927
2026-07-22 15:07:43.656 10 INFO neutron.wsgi [-] 10.0.0.106 "GET / HTTP/1.1" status: 200 len: 246 time: 0.0024898
2026-07-22 15:07:43.656 9 INFO neutron.wsgi [-] 10.0.0.106 "GET / HTTP/1.1" status: 200 len: 246 time: 0.0025635
2026-07-22 15:07:58.655 10 INFO neutron.wsgi [-] 10.0.0.106 "GET / HTTP/1.1" status: 200 len: 246 time: 0.0018454
2026-07-22 15:07:58.656 9 INFO neutron.wsgi [-] 10.0.0.106 "GET / HTTP/1.1" status: 200 len: 246 time: 0.0025833
2026-07-22 15:08:12.959 15 INFO neutron.db.ovn_revision_numbers_db [None req-7bf9ba59-c765-4bae-b7b8-333b0b127964 - - - - - -] Successfully bumped revision number for resource b1f9193d-701f-4c05-b814-f5107a366ac4 (type: security_groups) to 5
2026-07-22 15:08:12.960 15 INFO neutron.plugins.ml2.drivers.ovn.mech_driver.ovsdb.maintenance [None req-7bf9ba59-c765-4bae-b7b8-333b0b127964 - - - - - -] Maintenance task: Synchronization finished (took 0.05 seconds)
2026-07-22 15:08:13.656 10 INFO neutron.wsgi [-] 10.0.0.106 "GET / HTTP/1.1" status: 200 len: 246 time: 0.0023687
2026-07-22 15:08:13.657 9 INFO neutron.wsgi [-] 10.0.0.106 "GET / HTTP/1.1" status: 200 len: 246 time: 0.0026917
2026-07-22 15:08:28.658 10 INFO neutron.wsgi [-] 10.0.0.106 "GET / HTTP/1.1" status: 200 len: 246 time: 0.0039873
2026-07-22 15:08:28.660 9 INFO neutron.wsgi [-] 10.0.0.106 "GET / HTTP/1.1" status: 200 len: 246 time: 0.0068300 /var/lib/openstack/lib/python3.10/site-packages/pycadf/identifier.py:71: UserWarning: Invalid uuid: neutron. To ensure interoperability, identifiers should be a valid uuid. warnings.warn(('Invalid uuid: %s. To ensure interoperability, '
2026-07-22 15:08:40.903 10 INFO neutron.wsgi [None req-1bb2a21a-6d28-4c3e-a58d-79f7f9091a8c 5c2d2eea7ebd43eaafe62f9f7646482d 1cefd14a2ae340718011307e746df049 - - default default] 10.0.0.249 "GET /v2.0/subnets HTTP/1.1" status: 200 len: 1437 time: 0.1272314
2026-07-22 15:08:40.941 10 INFO neutron.wsgi [None req-20446745-1cac-4990-aab8-48a72c4b4d3c 5c2d2eea7ebd43eaafe62f9f7646482d 1cefd14a2ae340718011307e746df049 - - default default] 10.0.0.249 "GET /v2.0/subnets HTTP/1.1" status: 200 len: 1437 time: 0.0361238
2026-07-22 15:08:40.959 10 INFO neutron.wsgi [None req-ea49a593-3d60-422c-9791-773e1aebf89a 5c2d2eea7ebd43eaafe62f9f7646482d 1cefd14a2ae340718011307e746df049 - - default default] 10.0.0.249 "GET /v2.0/subnetpools HTTP/1.1" status: 200 len: 193 time: 0.0162458
2026-07-22 15:08:41.024 10 INFO neutron.wsgi [None req-85bdeda3-9ff6-4e8c-ab07-3b3491fa23ce 5c2d2eea7ebd43eaafe62f9f7646482d 1cefd14a2ae340718011307e746df049 - - default default] 10.0.0.249 "GET /v2.0/agents HTTP/1.1" status: 200 len: 997 time: 0.0628233
2026-07-22 15:08:41.042 10 INFO neutron.wsgi [None req-048ba981-5100-449a-afc7-e9658e7069cc 5c2d2eea7ebd43eaafe62f9f7646482d 1cefd14a2ae340718011307e746df049 - - default default] 10.0.0.249 "GET /v2.0/network-ip-availabilities HTTP/1.1" status: 200 len: 1280 time: 0.0173147
2026-07-22 15:08:41.089 10 INFO neutron.wsgi [None req-232e6186-82be-44de-99fb-1a98dadeb732 5c2d2eea7ebd43eaafe62f9f7646482d 1cefd14a2ae340718011307e746df049 - - default default] 10.0.0.249 "GET /v2.0/ports HTTP/1.1" status: 200 len: 5349 time: 0.0389011
2026-07-22 15:08:41.178 10 INFO neutron.wsgi [None req-8df48fc3-2e73-4fca-b857-4156abc9be29 5c2d2eea7ebd43eaafe62f9f7646482d 1cefd14a2ae340718011307e746df049 - - default default] 10.0.0.249 "GET /v2.0/security-groups HTTP/1.1" status: 200 len: 16803 time: 0.0779982
2026-07-22 15:08:41.228 10 INFO neutron.wsgi [None req-7c4491f9-d990-412b-bad9-9254c06e523d 5c2d2eea7ebd43eaafe62f9f7646482d 1cefd14a2ae340718011307e746df049 - - default default] 10.0.0.249 "GET /v2.0/routers HTTP/1.1" status: 200 len: 189 time: 0.0434380
2026-07-22 15:08:41.245 10 INFO neutron.wsgi [None req-6502ce5f-9427-4d7b-a571-e5c5159edb7a 5c2d2eea7ebd43eaafe62f9f7646482d 1cefd14a2ae340718011307e746df049 - - default default] 10.0.0.249 "GET /v2.0/agents?binary=ovn-controller HTTP/1.1" status: 200 len: 591 time: 0.0156033
2026-07-22 15:08:41.281 10 INFO neutron.wsgi [None req-31c582ac-fe19-4b91-b267-592f22b5c55f 5c2d2eea7ebd43eaafe62f9f7646482d 1cefd14a2ae340718011307e746df049 - - default default] 10.0.0.249 "GET /v2.0/floatingips HTTP/1.1" status: 200 len: 193 time: 0.0347469
2026-07-22 15:08:41.348 10 INFO neutron.wsgi [None req-337f8d09-aa8d-415b-8723-b741026c0c73 5c2d2eea7ebd43eaafe62f9f7646482d 1cefd14a2ae340718011307e746df049 - - default default] 10.0.0.249 "GET /v2.0/networks HTTP/1.1" status: 200 len: 2349 time: 0.0659814
2026-07-22 15:08:43.658 9 INFO neutron.wsgi [-] 10.0.0.106 "GET / HTTP/1.1" status: 200 len: 246 time: 0.0019405
2026-07-22 15:08:43.660 9 INFO neutron.wsgi [-] 10.0.0.106 "GET / HTTP/1.1" status: 200 len: 246 time: 0.0015712
2026-07-22 15:08:58.658 9 INFO neutron.wsgi [-] 10.0.0.106 "GET / HTTP/1.1" status: 200 len: 246 time: 0.0037735
2026-07-22 15:08:58.658 10 INFO neutron.wsgi [-] 10.0.0.106 "GET / HTTP/1.1" status: 200 len: 246 time: 0.0034397
2026-07-22 15:09:13.655 10 INFO neutron.wsgi [-] 10.0.0.106 "GET / HTTP/1.1" status: 200 len: 246 time: 0.0016401
2026-07-22 15:09:13.657 9 INFO neutron.wsgi [-] 10.0.0.106 "GET / HTTP/1.1" status: 200 len: 246 time: 0.0031383
2026-07-22 15:09:28.658 10 INFO neutron.wsgi [-] 10.0.0.106 "GET / HTTP/1.1" status: 200 len: 246 time: 0.0032582
2026-07-22 15:09:28.660 10 INFO neutron.wsgi [-] 10.0.0.106 "GET / HTTP/1.1" status: 200 len: 246 time: 0.0016773
2026-07-22 15:09:40.931 10 INFO neutron.wsgi [None req-b72f7d7b-96cc-4d81-bb33-93dc215e20fc 5c2d2eea7ebd43eaafe62f9f7646482d 1cefd14a2ae340718011307e746df049 - - default default] 10.0.0.249 "GET /v2.0/security-groups HTTP/1.1" status: 200 len: 16803 time: 0.1410317
2026-07-22 15:09:40.984 10 INFO neutron.wsgi [None req-5e6cae16-3a29-4474-9e9d-bf4b741634ea 5c2d2eea7ebd43eaafe62f9f7646482d 1cefd14a2ae340718011307e746df049 - - default default] 10.0.0.249 "GET /v2.0/subnets HTTP/1.1" status: 200 len: 1437 time: 0.0430253
2026-07-22 15:09:41.020 10 INFO neutron.wsgi [None req-864a9d1c-ebcf-4a33-be6f-ca095c4c098a 5c2d2eea7ebd43eaafe62f9f7646482d 1cefd14a2ae340718011307e746df049 - - default default] 10.0.0.249 "GET /v2.0/agents HTTP/1.1" status: 200 len: 997 time: 0.0351765
2026-07-22 15:09:41.091 10 INFO neutron.wsgi [None req-af0200a3-a1c2-4f6d-a749-cc57ea5070b7 5c2d2eea7ebd43eaafe62f9f7646482d 1cefd14a2ae340718011307e746df049 - - default default] 10.0.0.249 "GET /v2.0/networks HTTP/1.1" status: 200 len: 2349 time: 0.0693965
2026-07-22 15:09:41.130 10 INFO neutron.wsgi [None req-4c79a411-e1c7-4daf-ac02-58ae9041f472 5c2d2eea7ebd43eaafe62f9f7646482d 1cefd14a2ae340718011307e746df049 - - default default] 10.0.0.249 "GET /v2.0/floatingips HTTP/1.1" status: 200 len: 193 time: 0.0350327
2026-07-22 15:09:41.145 10 INFO neutron.wsgi [None req-a6d72a8a-8034-4cd9-ba51-7abc494c96ca 5c2d2eea7ebd43eaafe62f9f7646482d 1cefd14a2ae340718011307e746df049 - - default default] 10.0.0.249 "GET /v2.0/network-ip-availabilities HTTP/1.1" status: 200 len: 1280 time: 0.0142207
2026-07-22 15:09:41.254 10 INFO neutron.wsgi [None req-bddb6163-9270-4b34-a3ed-18055e984b8e 5c2d2eea7ebd43eaafe62f9f7646482d 1cefd14a2ae340718011307e746df049 - - default default] 10.0.0.249 "GET /v2.0/subnets HTTP/1.1" status: 200 len: 1437 time: 0.1075442
2026-07-22 15:09:41.265 10 INFO neutron.wsgi [None req-65c73a49-e983-4d49-9296-1b794aba9546 5c2d2eea7ebd43eaafe62f9f7646482d 1cefd14a2ae340718011307e746df049 - - default default] 10.0.0.249 "GET /v2.0/subnetpools HTTP/1.1" status: 200 len: 193 time: 0.0093925
2026-07-22 15:09:41.295 10 INFO neutron.wsgi [None req-f68caa2b-8df5-4f4a-a6b4-307944bac9fe 5c2d2eea7ebd43eaafe62f9f7646482d 1cefd14a2ae340718011307e746df049 - - default default] 10.0.0.249 "GET /v2.0/ports HTTP/1.1" status: 200 len: 5349 time: 0.0289648
2026-07-22 15:09:41.320 10 INFO neutron.wsgi [None req-cc897f5a-52e8-4a0e-987d-c6af2d328917 5c2d2eea7ebd43eaafe62f9f7646482d 1cefd14a2ae340718011307e746df049 - - default default] 10.0.0.249 "GET /v2.0/routers HTTP/1.1" status: 200 len: 189 time: 0.0203066
2026-07-22 15:09:41.329 10 INFO neutron.wsgi [None req-ea879111-0b3a-4030-8314-c958627a685b 5c2d2eea7ebd43eaafe62f9f7646482d 1cefd14a2ae340718011307e746df049 - - default default] 10.0.0.249 "GET /v2.0/agents?binary=ovn-controller HTTP/1.1" status: 200 len: 591 time: 0.0086372
2026-07-22 15:09:43.657 9 INFO neutron.wsgi [-] 10.0.0.106 "GET / HTTP/1.1" status: 200 len: 246 time: 0.0031724
2026-07-22 15:09:43.659 10 INFO neutron.wsgi [-] 10.0.0.106 "GET / HTTP/1.1" status: 200 len: 246 time: 0.0040283
2026-07-22 15:09:58.656 10 INFO neutron.wsgi [-] 10.0.0.106 "GET / HTTP/1.1" status: 200 len: 246 time: 0.0020220
2026-07-22 15:09:58.657 9 INFO neutron.wsgi [-] 10.0.0.106 "GET / HTTP/1.1" status: 200 len: 246 time: 0.0033712
2026-07-22 15:10:13.655 10 INFO neutron.wsgi [-] 10.0.0.106 "GET / HTTP/1.1" status: 200 len: 246 time: 0.0017457
2026-07-22 15:10:13.657 9 INFO neutron.wsgi [-] 10.0.0.106 "GET / HTTP/1.1" status: 200 len: 246 time: 0.0032399
2026-07-22 15:10:28.655 10 INFO neutron.wsgi [-] 10.0.0.106 "GET / HTTP/1.1" status: 200 len: 246 time: 0.0016954
2026-07-22 15:10:28.657 9 INFO neutron.wsgi [-] 10.0.0.106 "GET / HTTP/1.1" status: 200 len: 246 time: 0.0028441
2026-07-22 15:10:40.840 10 INFO neutron.wsgi [None req-226994af-6c75-4afd-8a7f-ac2fd1d63429 5c2d2eea7ebd43eaafe62f9f7646482d 1cefd14a2ae340718011307e746df049 - - default default] 10.0.0.249 "GET /v2.0/floatingips HTTP/1.1" status: 200 len: 193 time: 0.0661187
2026-07-22 15:10:40.874 10 INFO neutron.wsgi [None req-5e1a5364-a09c-4010-abfa-6fd023d82266 5c2d2eea7ebd43eaafe62f9f7646482d 1cefd14a2ae340718011307e746df049 - - default default] 10.0.0.249 "GET /v2.0/subnets HTTP/1.1" status: 200 len: 1437 time: 0.0313404
2026-07-22 15:10:40.884 10 INFO neutron.wsgi [None req-539f2606-2154-4245-b491-6da1daf02209 5c2d2eea7ebd43eaafe62f9f7646482d 1cefd14a2ae340718011307e746df049 - - default default] 10.0.0.249 "GET /v2.0/subnetpools HTTP/1.1" status: 200 len: 193 time: 0.0091171
2026-07-22 15:10:40.916 10 INFO neutron.wsgi [None req-e2596f60-7b61-45eb-86fa-f53ad1e032d5 5c2d2eea7ebd43eaafe62f9f7646482d 1cefd14a2ae340718011307e746df049 - - default default] 10.0.0.249 "GET /v2.0/ports HTTP/1.1" status: 200 len: 5349 time: 0.0311012
2026-07-22 15:10:40.981 10 INFO neutron.wsgi [None req-5e1d0368-033b-4414-9f4d-17487227dc8a 5c2d2eea7ebd43eaafe62f9f7646482d 1cefd14a2ae340718011307e746df049 - - default default] 10.0.0.249 "GET /v2.0/networks HTTP/1.1" status: 200 len: 2349 time: 0.0609181
2026-07-22 15:10:40.998 10 INFO neutron.wsgi [None req-93699657-3508-4bb2-8628-7ba6cc14fee4 5c2d2eea7ebd43eaafe62f9f7646482d 1cefd14a2ae340718011307e746df049 - - default default] 10.0.0.249 "GET /v2.0/network-ip-availabilities HTTP/1.1" status: 200 len: 1280 time: 0.0136502
2026-07-22 15:10:41.023 10 INFO neutron.wsgi [None req-591bdf66-13a7-432a-91b5-3e6c7e7c553a 5c2d2eea7ebd43eaafe62f9f7646482d 1cefd14a2ae340718011307e746df049 - - default default] 10.0.0.249 "GET /v2.0/routers HTTP/1.1" status: 200 len: 189 time: 0.0239522
2026-07-22 15:10:41.064 10 INFO neutron.wsgi [None req-7827cd4b-4a0a-4f53-a68d-9d5cab9211fe 5c2d2eea7ebd43eaafe62f9f7646482d 1cefd14a2ae340718011307e746df049 - - default default] 10.0.0.249 "GET /v2.0/agents?binary=ovn-controller HTTP/1.1" status: 200 len: 591 time: 0.0398765
2026-07-22 15:10:41.118 10 INFO neutron.wsgi [None req-61ae7751-0fa5-43d0-afc9-0c87eb535a7d 5c2d2eea7ebd43eaafe62f9f7646482d 1cefd14a2ae340718011307e746df049 - - default default] 10.0.0.249 "GET /v2.0/security-groups HTTP/1.1" status: 200 len: 16803 time: 0.0527604
2026-07-22 15:10:41.156 10 INFO neutron.wsgi [None req-abf9a514-806e-413f-a207-f2ea6aaca494 5c2d2eea7ebd43eaafe62f9f7646482d 1cefd14a2ae340718011307e746df049 - - default default] 10.0.0.249 "GET /v2.0/subnets HTTP/1.1" status: 200 len: 1437 time: 0.0324500
2026-07-22 15:10:41.170 10 INFO neutron.wsgi [None req-c79cc1d8-34bd-4719-b3c0-2ed03b381d48 5c2d2eea7ebd43eaafe62f9f7646482d 1cefd14a2ae340718011307e746df049 - - default default] 10.0.0.249 "GET /v2.0/agents HTTP/1.1" status: 200 len: 997 time: 0.0127370
2026-07-22 15:10:43.656 10 INFO neutron.wsgi [-] 10.0.0.106 "GET / HTTP/1.1" status: 200 len: 246 time: 0.0020273
2026-07-22 15:10:43.659 9 INFO neutron.wsgi [-] 10.0.0.106 "GET / HTTP/1.1" status: 200 len: 246 time: 0.0057104
2026-07-22 15:10:58.655 10 INFO neutron.wsgi [-] 10.0.0.106 "GET / HTTP/1.1" status: 200 len: 246 time: 0.0014122
2026-07-22 15:10:58.657 10 INFO neutron.wsgi [-] 10.0.0.106 "GET / HTTP/1.1" status: 200 len: 246 time: 0.0018864
2026-07-22 15:11:13.656 10 INFO neutron.wsgi [-] 10.0.0.106 "GET / HTTP/1.1" status: 200 len: 246 time: 0.0025940
2026-07-22 15:11:13.656 9 INFO neutron.wsgi [-] 10.0.0.106 "GET / HTTP/1.1" status: 200 len: 246 time: 0.0024071
2026-07-22 15:11:28.657 10 INFO neutron.wsgi [-] 10.0.0.106 "GET / HTTP/1.1" status: 200 len: 246 time: 0.0024216
2026-07-22 15:11:28.657 9 INFO neutron.wsgi [-] 10.0.0.106 "GET / HTTP/1.1" status: 200 len: 246 time: 0.0026486
2026-07-22 15:11:40.938 10 INFO neutron.wsgi [None req-447e2f8e-57c7-4260-8730-28a03d6996e2 5c2d2eea7ebd43eaafe62f9f7646482d 1cefd14a2ae340718011307e746df049 - - default default] 10.0.0.249 "GET /v2.0/networks HTTP/1.1" status: 200 len: 2349 time: 0.1353559
2026-07-22 15:11:41.000 10 INFO neutron.wsgi [None req-aebb59f7-84f3-455c-b799-a86a93ab3b05 5c2d2eea7ebd43eaafe62f9f7646482d 1cefd14a2ae340718011307e746df049 - - default default] 10.0.0.249 "GET /v2.0/agents HTTP/1.1" status: 200 len: 997 time: 0.0563784
2026-07-22 15:11:41.039 10 INFO neutron.wsgi [None req-e84f0b0e-fda9-4da5-b85b-06fa4adcefc3 5c2d2eea7ebd43eaafe62f9f7646482d 1cefd14a2ae340718011307e746df049 - - default default] 10.0.0.249 "GET /v2.0/ports HTTP/1.1" status: 200 len: 5349 time: 0.0372574
2026-07-22 15:11:41.066 10 INFO neutron.wsgi [None req-b554faf2-7d75-46be-9079-d17f03c3ded8 5c2d2eea7ebd43eaafe62f9f7646482d 1cefd14a2ae340718011307e746df049 - - default default] 10.0.0.249 "GET /v2.0/routers HTTP/1.1" status: 200 len: 189 time: 0.0247409
2026-07-22 15:11:41.079 10 INFO neutron.wsgi [None req-782b87cb-5bfc-4a32-9baf-f8fe32b57587 5c2d2eea7ebd43eaafe62f9f7646482d 1cefd14a2ae340718011307e746df049 - - default default] 10.0.0.249 "GET /v2.0/agents?binary=ovn-controller HTTP/1.1" status: 200 len: 591 time: 0.0114520
2026-07-22 15:11:41.129 10 INFO neutron.wsgi [None req-5cea9438-2732-42db-907c-fbfcd1cdd83d 5c2d2eea7ebd43eaafe62f9f7646482d 1cefd14a2ae340718011307e746df049 - - default default] 10.0.0.249 "GET /v2.0/security-groups HTTP/1.1" status: 200 len: 16803 time: 0.0492887
2026-07-22 15:11:41.188 10 INFO neutron.wsgi [None req-e1e231a6-d8ed-4e3d-8ceb-a1767151a8bb 5c2d2eea7ebd43eaafe62f9f7646482d 1cefd14a2ae340718011307e746df049 - - default default] 10.0.0.249 "GET /v2.0/subnets HTTP/1.1" status: 200 len: 1437 time: 0.0503888
2026-07-22 15:11:41.202 10 INFO neutron.wsgi [None req-88689726-fee4-4565-b94c-4f9c00d6b2b8 5c2d2eea7ebd43eaafe62f9f7646482d 1cefd14a2ae340718011307e746df049 - - default default] 10.0.0.249 "GET /v2.0/network-ip-availabilities HTTP/1.1" status: 200 len: 1280 time: 0.0130517
2026-07-22 15:11:41.240 10 INFO neutron.wsgi [None req-7a3a6207-8b1d-4f16-884a-9a85bb0afb4f 5c2d2eea7ebd43eaafe62f9f7646482d 1cefd14a2ae340718011307e746df049 - - default default] 10.0.0.249 "GET /v2.0/subnets HTTP/1.1" status: 200 len: 1437 time: 0.0367920
2026-07-22 15:11:41.249 10 INFO neutron.wsgi [None req-7aa5049a-7dbe-47d0-ad50-d5c398b2750e 5c2d2eea7ebd43eaafe62f9f7646482d 1cefd14a2ae340718011307e746df049 - - default default] 10.0.0.249 "GET /v2.0/subnetpools HTTP/1.1" status: 200 len: 193 time: 0.0080934
2026-07-22 15:11:41.271 10 INFO neutron.wsgi [None req-3f23896b-da1d-4bea-bdfc-c72da1f8bf6e 5c2d2eea7ebd43eaafe62f9f7646482d 1cefd14a2ae340718011307e746df049 - - default default] 10.0.0.249 "GET /v2.0/floatingips HTTP/1.1" status: 200 len: 193 time: 0.0211713
2026-07-22 15:11:43.655 9 INFO neutron.wsgi [-] 10.0.0.106 "GET / HTTP/1.1" status: 200 len: 246 time: 0.0017121
2026-07-22 15:11:43.658 9 INFO neutron.wsgi [-] 10.0.0.106 "GET / HTTP/1.1" status: 200 len: 246 time: 0.0012615
2026-07-22 15:11:58.655 9 INFO neutron.wsgi [-] 10.0.0.106 "GET / HTTP/1.1" status: 200 len: 246 time: 0.0018435
2026-07-22 15:11:58.657 10 INFO neutron.wsgi [-] 10.0.0.106 "GET / HTTP/1.1" status: 200 len: 246 time: 0.0026860
2026-07-22 15:12:13.657 10 INFO neutron.wsgi [-] 10.0.0.106 "GET / HTTP/1.1" status: 200 len: 246 time: 0.0026062
2026-07-22 15:12:13.658 9 INFO neutron.wsgi [-] 10.0.0.106 "GET / HTTP/1.1" status: 200 len: 246 time: 0.0033453
2026-07-22 15:12:28.660 9 INFO neutron.wsgi [-] 10.0.0.106 "GET / HTTP/1.1" status: 200 len: 246 time: 0.0019591
2026-07-22 15:12:28.661 10 INFO neutron.wsgi [-] 10.0.0.106 "GET / HTTP/1.1" status: 200 len: 246 time: 0.0032384
2026-07-22 15:12:40.863 10 INFO neutron.wsgi [None req-81495f29-c18f-4a1c-a31f-32c9240ee5e8 5c2d2eea7ebd43eaafe62f9f7646482d 1cefd14a2ae340718011307e746df049 - - default default] 10.0.0.249 "GET /v2.0/floatingips HTTP/1.1" status: 200 len: 193 time: 0.0757177
2026-07-22 15:12:40.906 10 INFO neutron.wsgi [None req-d5630f41-2d00-4fd8-a659-20eb14b1b293 5c2d2eea7ebd43eaafe62f9f7646482d 1cefd14a2ae340718011307e746df049 - - default default] 10.0.0.249 "GET /v2.0/security-groups HTTP/1.1" status: 200 len: 16803 time: 0.0422902
2026-07-22 15:12:40.952 10 INFO neutron.wsgi [None req-68dc489e-40cf-48d1-9b7b-2ad086d1b4ab 5c2d2eea7ebd43eaafe62f9f7646482d 1cefd14a2ae340718011307e746df049 - - default default] 10.0.0.249 "GET /v2.0/agents HTTP/1.1" status: 200 len: 997 time: 0.0386500
2026-07-22 15:12:40.966 10 INFO neutron.wsgi [None req-ec9958c8-424d-487c-8018-84c039abf9c9 5c2d2eea7ebd43eaafe62f9f7646482d 1cefd14a2ae340718011307e746df049 - - default default] 10.0.0.249 "GET /v2.0/network-ip-availabilities HTTP/1.1" status: 200 len: 1280 time: 0.0125587
2026-07-22 15:12:41.032 10 INFO neutron.wsgi [None req-15b724ad-bfbf-478a-a0c9-77784a28f3f8 5c2d2eea7ebd43eaafe62f9f7646482d 1cefd14a2ae340718011307e746df049 - - default default] 10.0.0.249 "GET /v2.0/networks HTTP/1.1" status: 200 len: 2349 time: 0.0647671
2026-07-22 15:12:41.075 10 INFO neutron.wsgi [None req-93a88a86-6b8b-4f38-aee4-1955dc8e4236 5c2d2eea7ebd43eaafe62f9f7646482d 1cefd14a2ae340718011307e746df049 - - default default] 10.0.0.249 "GET /v2.0/subnets HTTP/1.1" status: 200 len: 1437 time: 0.0398471
2026-07-22 15:12:41.088 10 INFO neutron.wsgi [None req-cb1448ea-dca6-419c-b79c-7b1b6a75c188 5c2d2eea7ebd43eaafe62f9f7646482d 1cefd14a2ae340718011307e746df049 - - default default] 10.0.0.249 "GET /v2.0/subnetpools HTTP/1.1" status: 200 len: 193 time: 0.0126340
2026-07-22 15:12:41.113 10 INFO neutron.wsgi [None req-0dba706f-34ae-4f2a-b866-fc42834012cb 5c2d2eea7ebd43eaafe62f9f7646482d 1cefd14a2ae340718011307e746df049 - - default default] 10.0.0.249 "GET /v2.0/routers HTTP/1.1" status: 200 len: 189 time: 0.0235057
2026-07-22 15:12:41.125 10 INFO neutron.wsgi [None req-0511e3a3-3f37-4b53-b554-6dc2b2e83c3c 5c2d2eea7ebd43eaafe62f9f7646482d 1cefd14a2ae340718011307e746df049 - - default default] 10.0.0.249 "GET /v2.0/agents?binary=ovn-controller HTTP/1.1" status: 200 len: 591 time: 0.0120709
2026-07-22 15:12:41.163 10 INFO neutron.wsgi [None req-6874cb46-8144-400a-9e2a-1585a812b5d3 5c2d2eea7ebd43eaafe62f9f7646482d 1cefd14a2ae340718011307e746df049 - - default default] 10.0.0.249 "GET /v2.0/ports HTTP/1.1" status: 200 len: 5349 time: 0.0364859
2026-07-22 15:12:41.203 10 INFO neutron.wsgi [None req-0157eba6-e40a-449e-846b-6997cab0ff55 5c2d2eea7ebd43eaafe62f9f7646482d 1cefd14a2ae340718011307e746df049 - - default default] 10.0.0.249 "GET /v2.0/subnets HTTP/1.1" status: 200 len: 1437 time: 0.0372162
2026-07-22 15:12:43.656 10 INFO neutron.wsgi [-] 10.0.0.106 "GET / HTTP/1.1" status: 200 len: 246 time: 0.0028329
2026-07-22 15:12:43.656 9 INFO neutron.wsgi [-] 10.0.0.106 "GET / HTTP/1.1" status: 200 len: 246 time: 0.0026937
2026-07-22 15:12:58.656 10 INFO neutron.wsgi [-] 10.0.0.106 "GET / HTTP/1.1" status: 200 len: 246 time: 0.0017884
2026-07-22 15:12:58.657 10 INFO neutron.wsgi [-] 10.0.0.106 "GET / HTTP/1.1" status: 200 len: 246 time: 0.0012608
2026-07-22 15:13:13.656 9 INFO neutron.wsgi [-] 10.0.0.106 "GET / HTTP/1.1" status: 200 len: 246 time: 0.0022805
2026-07-22 15:13:13.657 10 INFO neutron.wsgi [-] 10.0.0.106 "GET / HTTP/1.1" status: 200 len: 246 time: 0.0029113
2026-07-22 15:13:28.655 10 INFO neutron.wsgi [-] 10.0.0.106 "GET / HTTP/1.1" status: 200 len: 246 time: 0.0017748
2026-07-22 15:13:28.657 9 INFO neutron.wsgi [-] 10.0.0.106 "GET / HTTP/1.1" status: 200 len: 246 time: 0.0032434
2026-07-22 15:13:40.851 10 INFO neutron.wsgi [None req-72edc521-b68b-41c8-aa73-14291333e0c2 5c2d2eea7ebd43eaafe62f9f7646482d 1cefd14a2ae340718011307e746df049 - - default default] 10.0.0.249 "GET /v2.0/floatingips HTTP/1.1" status: 200 len: 193 time: 0.0705767
2026-07-22 15:13:40.902 10 INFO neutron.wsgi [None req-41be43eb-c5a0-4900-84fe-95d140d089a7 5c2d2eea7ebd43eaafe62f9f7646482d 1cefd14a2ae340718011307e746df049 - - default default] 10.0.0.249 "GET /v2.0/security-groups HTTP/1.1" status: 200 len: 16803 time: 0.0501313
2026-07-22 15:13:40.939 10 INFO neutron.wsgi [None req-223d041a-613c-4e5c-aade-23fe5c402509 5c2d2eea7ebd43eaafe62f9f7646482d 1cefd14a2ae340718011307e746df049 - - default default] 10.0.0.249 "GET /v2.0/subnets HTTP/1.1" status: 200 len: 1437 time: 0.0289681
2026-07-22 15:13:40.950 10 INFO neutron.wsgi [None req-1b32347e-0b93-4521-a27f-b77dce599c84 5c2d2eea7ebd43eaafe62f9f7646482d 1cefd14a2ae340718011307e746df049 - - default default] 10.0.0.249 "GET /v2.0/subnetpools HTTP/1.1" status: 200 len: 193 time: 0.0094557
2026-07-22 15:13:41.013 10 INFO neutron.wsgi [None req-be0b633b-78e3-4a86-b379-aec4745adad3 5c2d2eea7ebd43eaafe62f9f7646482d 1cefd14a2ae340718011307e746df049 - - default default] 10.0.0.249 "GET /v2.0/networks HTTP/1.1" status: 200 len: 2349 time: 0.0625732
2026-07-22 15:13:41.043 10 INFO neutron.wsgi [None req-895a47d8-a1a0-4f66-8605-0abab751c533 5c2d2eea7ebd43eaafe62f9f7646482d 1cefd14a2ae340718011307e746df049 - - default default] 10.0.0.249 "GET /v2.0/subnets HTTP/1.1" status: 200 len: 1437 time: 0.0267096
2026-07-22 15:13:41.082 10 INFO neutron.wsgi [None req-e35b614e-54c8-4d77-9750-9567db714a24 5c2d2eea7ebd43eaafe62f9f7646482d 1cefd14a2ae340718011307e746df049 - - default default] 10.0.0.249 "GET /v2.0/agents HTTP/1.1" status: 200 len: 997 time: 0.0381439
2026-07-22 15:13:41.118 10 INFO neutron.wsgi [None req-34c9d110-9348-4f52-b778-2c81cde91554 5c2d2eea7ebd43eaafe62f9f7646482d 1cefd14a2ae340718011307e746df049 - - default default] 10.0.0.249 "GET /v2.0/ports HTTP/1.1" status: 200 len: 5349 time: 0.0346277
2026-07-22 15:13:41.144 10 INFO neutron.wsgi [None req-9a577807-1cd0-42ed-8b01-f0157cd78791 5c2d2eea7ebd43eaafe62f9f7646482d 1cefd14a2ae340718011307e746df049 - - default default] 10.0.0.249 "GET /v2.0/routers HTTP/1.1" status: 200 len: 189 time: 0.0212209
2026-07-22 15:13:41.153 10 INFO neutron.wsgi [None req-79d794de-4e69-47b1-87f3-0d485b0bbb78 5c2d2eea7ebd43eaafe62f9f7646482d 1cefd14a2ae340718011307e746df049 - - default default] 10.0.0.249 "GET /v2.0/agents?binary=ovn-controller HTTP/1.1" status: 200 len: 591 time: 0.0084429
2026-07-22 15:13:41.164 10 INFO neutron.wsgi [None req-c1fef4c7-c4c8-45d3-810c-a3e6dc09c9d7 5c2d2eea7ebd43eaafe62f9f7646482d 1cefd14a2ae340718011307e746df049 - - default default] 10.0.0.249 "GET /v2.0/network-ip-availabilities HTTP/1.1" status: 200 len: 1280 time: 0.0097604
2026-07-22 15:13:43.655 10 INFO neutron.wsgi [-] 10.0.0.106 "GET / HTTP/1.1" status: 200 len: 246 time: 0.0018303
2026-07-22 15:13:43.656 9 INFO neutron.wsgi [-] 10.0.0.106 "GET / HTTP/1.1" status: 200 len: 246 time: 0.0019951
2026-07-22 15:13:58.656 10 INFO neutron.wsgi [-] 10.0.0.106 "GET / HTTP/1.1" status: 200 len: 246 time: 0.0024848
2026-07-22 15:13:58.659 10 INFO neutron.wsgi [-] 10.0.0.106 "GET / HTTP/1.1" status: 200 len: 246 time: 0.0017743
2026-07-22 15:14:13.655 10 INFO neutron.wsgi [-] 10.0.0.106 "GET / HTTP/1.1" status: 200 len: 246 time: 0.0018761
2026-07-22 15:14:13.660 10 INFO neutron.wsgi [-] 10.0.0.106 "GET / HTTP/1.1" status: 200 len: 246 time: 0.0021894
2026-07-22 15:14:28.656 9 INFO neutron.wsgi [-] 10.0.0.106 "GET / HTTP/1.1" status: 200 len: 246 time: 0.0022576
2026-07-22 15:14:28.656 10 INFO neutron.wsgi [-] 10.0.0.106 "GET / HTTP/1.1" status: 200 len: 246 time: 0.0023084
2026-07-22 15:14:40.950 10 INFO neutron.wsgi [None req-56fba2c6-d1da-44a2-b004-51f3a7d7de6f 5c2d2eea7ebd43eaafe62f9f7646482d 1cefd14a2ae340718011307e746df049 - - default default] 10.0.0.249 "GET /v2.0/floatingips HTTP/1.1" status: 200 len: 193 time: 0.0783188
2026-07-22 15:14:40.982 10 INFO neutron.wsgi [None req-023ad8b7-0060-445e-b422-2ae7b3b72cc1 5c2d2eea7ebd43eaafe62f9f7646482d 1cefd14a2ae340718011307e746df049 - - default default] 10.0.0.249 "GET /v2.0/ports HTTP/1.1" status: 200 len: 5349 time: 0.0312726
2026-07-22 15:14:41.004 10 INFO neutron.wsgi [None req-24d2c057-59b9-4c14-8148-b5b1b368d3c0 5c2d2eea7ebd43eaafe62f9f7646482d 1cefd14a2ae340718011307e746df049 - - default default] 10.0.0.249 "GET /v2.0/routers HTTP/1.1" status: 200 len: 189 time: 0.0193639
2026-07-22 15:14:41.057 10 INFO neutron.wsgi [None req-d5fc36da-e575-408a-937a-5d4aededb950 5c2d2eea7ebd43eaafe62f9f7646482d 1cefd14a2ae340718011307e746df049 - - default default] 10.0.0.249 "GET /v2.0/agents?binary=ovn-controller HTTP/1.1" status: 200 len: 591 time: 0.0514059
2026-07-22 15:14:41.096 10 INFO neutron.wsgi [None req-5b1a84a6-e0d7-4211-b415-94d2fe585859 5c2d2eea7ebd43eaafe62f9f7646482d 1cefd14a2ae340718011307e746df049 - - default default] 10.0.0.249 "GET /v2.0/subnets HTTP/1.1" status: 200 len: 1437 time: 0.0361297
2026-07-22 15:14:41.107 10 INFO neutron.wsgi [None req-93f75c12-1d24-4fc5-a47d-ab10f12406d8 5c2d2eea7ebd43eaafe62f9f7646482d 1cefd14a2ae340718011307e746df049 - - default default] 10.0.0.249 "GET /v2.0/subnetpools HTTP/1.1" status: 200 len: 193 time: 0.0099506
2026-07-22 15:14:41.139 10 INFO neutron.wsgi [None req-0222c411-f8b9-4388-bb38-a33c154c28f7 5c2d2eea7ebd43eaafe62f9f7646482d 1cefd14a2ae340718011307e746df049 - - default default] 10.0.0.249 "GET /v2.0/subnets HTTP/1.1" status: 200 len: 1437 time: 0.0312033
2026-07-22 15:14:41.189 10 INFO neutron.wsgi [None req-9340332d-1521-4d1f-96a3-7dc420a30b43 5c2d2eea7ebd43eaafe62f9f7646482d 1cefd14a2ae340718011307e746df049 - - default default] 10.0.0.249 "GET /v2.0/security-groups HTTP/1.1" status: 200 len: 16803 time: 0.0487430
2026-07-22 15:14:41.206 10 INFO neutron.wsgi [None req-972acef3-5cfd-445f-b219-d03bce38f492 5c2d2eea7ebd43eaafe62f9f7646482d 1cefd14a2ae340718011307e746df049 - - default default] 10.0.0.249 "GET /v2.0/agents HTTP/1.1" status: 200 len: 997 time: 0.0117559
2026-07-22 15:14:41.223 10 INFO neutron.wsgi [None req-683e605d-36ab-4dcb-b8f8-627ef48fb37d 5c2d2eea7ebd43eaafe62f9f7646482d 1cefd14a2ae340718011307e746df049 - - default default] 10.0.0.249 "GET /v2.0/network-ip-availabilities HTTP/1.1" status: 200 len: 1280 time: 0.0154202
2026-07-22 15:14:41.284 10 INFO neutron.wsgi [None req-2d4cfdf1-cbd9-432e-be18-0c2ef4dcba60 5c2d2eea7ebd43eaafe62f9f7646482d 1cefd14a2ae340718011307e746df049 - - default default] 10.0.0.249 "GET /v2.0/networks HTTP/1.1" status: 200 len: 2349 time: 0.0595891
2026-07-22 15:14:43.656 9 INFO neutron.wsgi [-] 10.0.0.106 "GET / HTTP/1.1" status: 200 len: 246 time: 0.0025876
2026-07-22 15:14:43.657 10 INFO neutron.wsgi [-] 10.0.0.106 "GET / HTTP/1.1" status: 200 len: 246 time: 0.0035772
2026-07-22 15:14:58.656 9 INFO neutron.wsgi [-] 10.0.0.106 "GET / HTTP/1.1" status: 200 len: 246 time: 0.0018461
2026-07-22 15:14:58.658 9 INFO neutron.wsgi [-] 10.0.0.106 "GET / HTTP/1.1" status: 200 len: 246 time: 0.0015361
2026-07-22 15:15:13.657 10 INFO neutron.wsgi [-] 10.0.0.106 "GET / HTTP/1.1" status: 200 len: 246 time: 0.0022507
2026-07-22 15:15:13.657 9 INFO neutron.wsgi [-] 10.0.0.106 "GET / HTTP/1.1" status: 200 len: 246 time: 0.0030668
2026-07-22 15:15:28.657 9 INFO neutron.wsgi [-] 10.0.0.106 "GET / HTTP/1.1" status: 200 len: 246 time: 0.0029895
2026-07-22 15:15:28.657 10 INFO neutron.wsgi [-] 10.0.0.106 "GET / HTTP/1.1" status: 200 len: 246 time: 0.0033565
2026-07-22 15:15:40.995 10 INFO neutron.wsgi [None req-764b86e6-bef7-43bc-993b-24e3592454be 5c2d2eea7ebd43eaafe62f9f7646482d 1cefd14a2ae340718011307e746df049 - - default default] 10.0.0.249 "GET /v2.0/agents HTTP/1.1" status: 200 len: 997 time: 0.1636019
2026-07-22 15:15:41.012 10 INFO neutron.wsgi [None req-57fcd61e-26bb-43e7-9816-66fc165b6c06 5c2d2eea7ebd43eaafe62f9f7646482d 1cefd14a2ae340718011307e746df049 - - default default] 10.0.0.249 "GET /v2.0/network-ip-availabilities HTTP/1.1" status: 200 len: 1280 time: 0.0168164
2026-07-22 15:15:41.069 10 INFO neutron.wsgi [None req-ea8d4b40-2990-4742-a71a-a59a6d400550 5c2d2eea7ebd43eaafe62f9f7646482d 1cefd14a2ae340718011307e746df049 - - default default] 10.0.0.249 "GET /v2.0/security-groups HTTP/1.1" status: 200 len: 16803 time: 0.0555365
2026-07-22 15:15:41.124 10 INFO neutron.wsgi [None req-d1a5b55c-19d4-4182-96f9-85f41d64ad4d 5c2d2eea7ebd43eaafe62f9f7646482d 1cefd14a2ae340718011307e746df049 - - default default] 10.0.0.249 "GET /v2.0/subnets HTTP/1.1" status: 200 len: 1437 time: 0.0480940
2026-07-22 15:15:41.135 10 INFO neutron.wsgi [None req-123deef3-c2a5-458a-89be-b0b36fc0d8d3 5c2d2eea7ebd43eaafe62f9f7646482d 1cefd14a2ae340718011307e746df049 - - default default] 10.0.0.249 "GET /v2.0/subnetpools HTTP/1.1" status: 200 len: 193 time: 0.0101881
2026-07-22 15:15:41.156 10 INFO neutron.wsgi [None req-3d6b4fdd-a069-4bcf-92ce-577ceb81fbfa 5c2d2eea7ebd43eaafe62f9f7646482d 1cefd14a2ae340718011307e746df049 - - default default] 10.0.0.249 "GET /v2.0/routers HTTP/1.1" status: 200 len: 189 time: 0.0197670
2026-07-22 15:15:41.167 10 INFO neutron.wsgi [None req-6ad89cac-c716-420e-9458-0bf134d35749 5c2d2eea7ebd43eaafe62f9f7646482d 1cefd14a2ae340718011307e746df049 - - default default] 10.0.0.249 "GET /v2.0/agents?binary=ovn-controller HTTP/1.1" status: 200 len: 591 time: 0.0103347
2026-07-22 15:15:41.242 10 INFO neutron.wsgi [None req-02dae110-8a25-4174-a5a2-790fe1a91ad9 5c2d2eea7ebd43eaafe62f9f7646482d 1cefd14a2ae340718011307e746df049 - - default default] 10.0.0.249 "GET /v2.0/networks HTTP/1.1" status: 200 len: 2349 time: 0.0738761
2026-07-22 15:15:41.274 10 INFO neutron.wsgi [None req-2dbe7e22-2c8a-4cce-b798-e1d382b1e935 5c2d2eea7ebd43eaafe62f9f7646482d 1cefd14a2ae340718011307e746df049 - - default default] 10.0.0.249 "GET /v2.0/subnets HTTP/1.1" status: 200 len: 1437 time: 0.0311105
2026-07-22 15:15:41.308 10 INFO neutron.wsgi [None req-24bf7a83-7161-4b8a-83cc-9e46d91fbb90 5c2d2eea7ebd43eaafe62f9f7646482d 1cefd14a2ae340718011307e746df049 - - default default] 10.0.0.249 "GET /v2.0/ports HTTP/1.1" status: 200 len: 5349 time: 0.0324330
2026-07-22 15:15:41.339 10 INFO neutron.wsgi [None req-ead23680-7c70-45e3-9f90-d2b65411ff60 5c2d2eea7ebd43eaafe62f9f7646482d 1cefd14a2ae340718011307e746df049 - - default default] 10.0.0.249 "GET /v2.0/floatingips HTTP/1.1" status: 200 len: 193 time: 0.0270736
2026-07-22 15:15:43.655 9 INFO neutron.wsgi [-] 10.0.0.106 "GET / HTTP/1.1" status: 200 len: 246 time: 0.0018079
2026-07-22 15:15:43.657 10 INFO neutron.wsgi [-] 10.0.0.106 "GET / HTTP/1.1" status: 200 len: 246 time: 0.0033824
2026-07-22 15:15:58.656 9 INFO neutron.wsgi [-] 10.0.0.106 "GET / HTTP/1.1" status: 200 len: 246 time: 0.0025706
2026-07-22 15:15:58.656 10 INFO neutron.wsgi [-] 10.0.0.106 "GET / HTTP/1.1" status: 200 len: 246 time: 0.0028198
2026-07-22 15:16:13.656 10 INFO neutron.wsgi [-] 10.0.0.106 "GET / HTTP/1.1" status: 200 len: 246 time: 0.0027883
2026-07-22 15:16:13.658 9 INFO neutron.wsgi [-] 10.0.0.106 "GET / HTTP/1.1" status: 200 len: 246 time: 0.0030346
2026-07-22 15:16:28.657 10 INFO neutron.wsgi [-] 10.0.0.106 "GET / HTTP/1.1" status: 200 len: 246 time: 0.0030122
2026-07-22 15:16:28.657 9 INFO neutron.wsgi [-] 10.0.0.106 "GET / HTTP/1.1" status: 200 len: 246 time: 0.0030751
2026-07-22 15:16:40.817 10 INFO neutron.wsgi [None req-cbe12d79-66dc-4130-93f6-d909e618d8b2 5c2d2eea7ebd43eaafe62f9f7646482d 1cefd14a2ae340718011307e746df049 - - default default] 10.0.0.249 "GET /v2.0/network-ip-availabilities HTTP/1.1" status: 200 len: 1280 time: 0.0513108
2026-07-22 15:16:40.865 10 INFO neutron.wsgi [None req-e0ebc015-58b2-408c-a77a-2ab27fd2c872 5c2d2eea7ebd43eaafe62f9f7646482d 1cefd14a2ae340718011307e746df049 - - default default] 10.0.0.249 "GET /v2.0/security-groups HTTP/1.1" status: 200 len: 16803 time: 0.0474625
2026-07-22 15:16:40.927 10 INFO neutron.wsgi [None req-f3fcadc0-457e-48b4-9978-653c85347088 5c2d2eea7ebd43eaafe62f9f7646482d 1cefd14a2ae340718011307e746df049 - - default default] 10.0.0.249 "GET /v2.0/subnets HTTP/1.1" status: 200 len: 1437 time: 0.0454271
2026-07-22 15:16:40.985 10 INFO neutron.wsgi [None req-b9fe1f2f-95b8-4fba-aa77-fefe31f1c072 5c2d2eea7ebd43eaafe62f9f7646482d 1cefd14a2ae340718011307e746df049 - - default default] 10.0.0.249 "GET /v2.0/agents HTTP/1.1" status: 200 len: 997 time: 0.0559433
2026-07-22 15:16:41.015 10 INFO neutron.wsgi [None req-9c278f34-4f17-4e6d-b309-a6717319549e 5c2d2eea7ebd43eaafe62f9f7646482d 1cefd14a2ae340718011307e746df049 - - default default] 10.0.0.249 "GET /v2.0/floatingips HTTP/1.1" status: 200 len: 193 time: 0.0294812
2026-07-22 15:16:41.076 10 INFO neutron.wsgi [None req-d7009630-38f8-40f8-af0e-dac80626dd22 5c2d2eea7ebd43eaafe62f9f7646482d 1cefd14a2ae340718011307e746df049 - - default default] 10.0.0.249 "GET /v2.0/networks HTTP/1.1" status: 200 len: 2349 time: 0.0601869
2026-07-22 15:16:41.097 10 INFO neutron.wsgi [None req-4722e59b-7d69-49b0-960c-2570c57572ff 5c2d2eea7ebd43eaafe62f9f7646482d 1cefd14a2ae340718011307e746df049 - - default default] 10.0.0.249 "GET /v2.0/routers HTTP/1.1" status: 200 len: 189 time: 0.0187285
2026-07-22 15:16:41.107 10 INFO neutron.wsgi [None req-024e5971-4c35-4d69-a25d-601bc826c096 5c2d2eea7ebd43eaafe62f9f7646482d 1cefd14a2ae340718011307e746df049 - - default default] 10.0.0.249 "GET /v2.0/agents?binary=ovn-controller HTTP/1.1" status: 200 len: 591 time: 0.0091484
2026-07-22 15:16:41.143 10 INFO neutron.wsgi [None req-115cce72-077c-4021-b1ae-a02351dd494f 5c2d2eea7ebd43eaafe62f9f7646482d 1cefd14a2ae340718011307e746df049 - - default default] 10.0.0.249 "GET /v2.0/ports HTTP/1.1" status: 200 len: 5349 time: 0.0351460
2026-07-22 15:16:41.184 10 INFO neutron.wsgi [None req-720184b1-50ad-4411-9c2c-23ad21ce199c 5c2d2eea7ebd43eaafe62f9f7646482d 1cefd14a2ae340718011307e746df049 - - default default] 10.0.0.249 "GET /v2.0/subnets HTTP/1.1" status: 200 len: 1437 time: 0.0352869
2026-07-22 15:16:41.196 10 INFO neutron.wsgi [None req-f4c7ddc6-238c-4eb3-91b2-08e9e7864cfb 5c2d2eea7ebd43eaafe62f9f7646482d 1cefd14a2ae340718011307e746df049 - - default default] 10.0.0.249 "GET /v2.0/subnetpools HTTP/1.1" status: 200 len: 193 time: 0.0118389
2026-07-22 15:16:43.656 9 INFO neutron.wsgi [-] 10.0.0.106 "GET / HTTP/1.1" status: 200 len: 246 time: 0.0016317
2026-07-22 15:16:43.658 9 INFO neutron.wsgi [-] 10.0.0.106 "GET / HTTP/1.1" status: 200 len: 246 time: 0.0012472
2026-07-22 15:16:58.657 9 INFO neutron.wsgi [-] 10.0.0.106 "GET / HTTP/1.1" status: 200 len: 246 time: 0.0036392
2026-07-22 15:16:58.660 9 INFO neutron.wsgi [-] 10.0.0.106 "GET / HTTP/1.1" status: 200 len: 246 time: 0.0015326
2026-07-22 15:17:13.656 9 INFO neutron.wsgi [-] 10.0.0.106 "GET / HTTP/1.1" status: 200 len: 246 time: 0.0026932
2026-07-22 15:17:13.659 9 INFO neutron.wsgi [-] 10.0.0.106 "GET / HTTP/1.1" status: 200 len: 246 time: 0.0019634
2026-07-22 15:17:28.656 10 INFO neutron.wsgi [-] 10.0.0.106 "GET / HTTP/1.1" status: 200 len: 246 time: 0.0025797
2026-07-22 15:17:28.664 9 INFO neutron.wsgi [-] 10.0.0.106 "GET / HTTP/1.1" status: 200 len: 246 time: 0.0108318
2026-07-22 15:17:40.941 10 INFO neutron.wsgi [None req-7b6c2873-d8fb-41a5-8fcd-d07ffcabc5fe 5c2d2eea7ebd43eaafe62f9f7646482d 1cefd14a2ae340718011307e746df049 - - default default] 10.0.0.249 "GET /v2.0/security-groups HTTP/1.1" status: 200 len: 16803 time: 0.1741874
2026-07-22 15:17:40.978 10 INFO neutron.wsgi [None req-3cec4658-d6b6-49a8-afb0-707211a98897 5c2d2eea7ebd43eaafe62f9f7646482d 1cefd14a2ae340718011307e746df049 - - default default] 10.0.0.249 "GET /v2.0/subnets HTTP/1.1" status: 200 len: 1437 time: 0.0323400
2026-07-22 15:17:40.988 10 INFO neutron.wsgi [None req-519d5f8b-ea18-45b1-b864-832eb898f7cc 5c2d2eea7ebd43eaafe62f9f7646482d 1cefd14a2ae340718011307e746df049 - - default default] 10.0.0.249 "GET /v2.0/network-ip-availabilities HTTP/1.1" status: 200 len: 1280 time: 0.0088310
2026-07-22 15:17:41.023 10 INFO neutron.wsgi [None req-bb07fa39-55b9-4d0e-b43b-f807ceebd6f9 5c2d2eea7ebd43eaafe62f9f7646482d 1cefd14a2ae340718011307e746df049 - - default default] 10.0.0.249 "GET /v2.0/ports HTTP/1.1" status: 200 len: 5349 time: 0.0330679
2026-07-22 15:17:41.070 10 INFO neutron.wsgi [None req-fd3d480c-3ee2-4d02-a9ba-33703325a6b2 5c2d2eea7ebd43eaafe62f9f7646482d 1cefd14a2ae340718011307e746df049 - - default default] 10.0.0.249 "GET /v2.0/agents HTTP/1.1" status: 200 len: 997 time: 0.0433745
2026-07-22 15:17:41.107 10 INFO neutron.wsgi [None req-d442254a-bb7b-4f07-9f8d-45a21a8da50b 5c2d2eea7ebd43eaafe62f9f7646482d 1cefd14a2ae340718011307e746df049 - - default default] 10.0.0.249 "GET /v2.0/subnets HTTP/1.1" status: 200 len: 1437 time: 0.0358860
2026-07-22 15:17:41.119 10 INFO neutron.wsgi [None req-74944dfd-c633-4ffb-9804-17ced6453bb5 5c2d2eea7ebd43eaafe62f9f7646482d 1cefd14a2ae340718011307e746df049 - - default default] 10.0.0.249 "GET /v2.0/subnetpools HTTP/1.1" status: 200 len: 193 time: 0.0098431
2026-07-22 15:17:41.141 10 INFO neutron.wsgi [None req-21731c59-1bd3-4f0c-ac7e-7afc089ad8ec 5c2d2eea7ebd43eaafe62f9f7646482d 1cefd14a2ae340718011307e746df049 - - default default] 10.0.0.249 "GET /v2.0/floatingips HTTP/1.1" status: 200 len: 193 time: 0.0211954
2026-07-22 15:17:41.176 10 INFO neutron.wsgi [None req-ee5fb9ed-1b2d-4ec6-ae99-5e62f54cf47b 5c2d2eea7ebd43eaafe62f9f7646482d 1cefd14a2ae340718011307e746df049 - - default default] 10.0.0.249 "GET /v2.0/routers HTTP/1.1" status: 200 len: 189 time: 0.0337200
2026-07-22 15:17:41.187 10 INFO neutron.wsgi [None req-b4c260e2-63d2-4191-8601-feb3d4126489 5c2d2eea7ebd43eaafe62f9f7646482d 1cefd14a2ae340718011307e746df049 - - default default] 10.0.0.249 "GET /v2.0/agents?binary=ovn-controller HTTP/1.1" status: 200 len: 591 time: 0.0105233
2026-07-22 15:17:41.260 10 INFO neutron.wsgi [None req-2da04b42-803b-43ee-94c8-c9f2b8a6beec 5c2d2eea7ebd43eaafe62f9f7646482d 1cefd14a2ae340718011307e746df049 - - default default] 10.0.0.249 "GET /v2.0/networks HTTP/1.1" status: 200 len: 2349 time: 0.0715714
2026-07-22 15:17:43.657 10 INFO neutron.wsgi [-] 10.0.0.106 "GET / HTTP/1.1" status: 200 len: 246 time: 0.0030289
2026-07-22 15:17:43.658 9 INFO neutron.wsgi [-] 10.0.0.106 "GET / HTTP/1.1" status: 200 len: 246 time: 0.0034108
2026-07-22 15:17:58.656 10 INFO neutron.wsgi [-] 10.0.0.106 "GET / HTTP/1.1" status: 200 len: 246 time: 0.0027006
2026-07-22 15:17:58.663 10 INFO neutron.wsgi [-] 10.0.0.106 "GET / HTTP/1.1" status: 200 len: 246 time: 0.0057032
2026-07-22 15:18:13.656 10 INFO neutron.wsgi [-] 10.0.0.106 "GET / HTTP/1.1" status: 200 len: 246 time: 0.0018084
2026-07-22 15:18:13.657 9 INFO neutron.wsgi [-] 10.0.0.106 "GET / HTTP/1.1" status: 200 len: 246 time: 0.0024822
2026-07-22 15:18:28.656 10 INFO neutron.wsgi [-] 10.0.0.106 "GET / HTTP/1.1" status: 200 len: 246 time: 0.0022893
2026-07-22 15:18:28.658 9 INFO neutron.wsgi [-] 10.0.0.106 "GET / HTTP/1.1" status: 200 len: 246 time: 0.0041635
2026-07-22 15:18:40.919 10 INFO neutron.wsgi [None req-29a8b168-3f5f-4290-abe2-6df946c67b7c 5c2d2eea7ebd43eaafe62f9f7646482d 1cefd14a2ae340718011307e746df049 - - default default] 10.0.0.249 "GET /v2.0/network-ip-availabilities HTTP/1.1" status: 200 len: 1280 time: 0.1036534
2026-07-22 15:18:40.999 10 INFO neutron.wsgi [None req-29d26857-473d-4127-bbfd-3b0d3847b85d 5c2d2eea7ebd43eaafe62f9f7646482d 1cefd14a2ae340718011307e746df049 - - default default] 10.0.0.249 "GET /v2.0/networks HTTP/1.1" status: 200 len: 2349 time: 0.0780814
2026-07-22 15:18:41.067 10 INFO neutron.wsgi [None req-50ef516e-36bd-4e4b-8985-b7f16fa6ad39 5c2d2eea7ebd43eaafe62f9f7646482d 1cefd14a2ae340718011307e746df049 - - default default] 10.0.0.249 "GET /v2.0/security-groups HTTP/1.1" status: 200 len: 16803 time: 0.0653188
2026-07-22 15:18:41.117 10 INFO neutron.wsgi [None req-b5faf1e3-4539-4bbd-bfcf-0212bdc57d96 5c2d2eea7ebd43eaafe62f9f7646482d 1cefd14a2ae340718011307e746df049 - - default default] 10.0.0.249 "GET /v2.0/subnets HTTP/1.1" status: 200 len: 1437 time: 0.0418890
2026-07-22 15:18:41.131 10 INFO neutron.wsgi [None req-8b8b5bfc-38a1-414b-b2d0-d441853f30ed 5c2d2eea7ebd43eaafe62f9f7646482d 1cefd14a2ae340718011307e746df049 - - default default] 10.0.0.249 "GET /v2.0/subnetpools HTTP/1.1" status: 200 len: 193 time: 0.0126474
2026-07-22 15:18:41.177 10 INFO neutron.wsgi [None req-2714634b-d1d0-40ef-ba5a-c75197e70aa2 5c2d2eea7ebd43eaafe62f9f7646482d 1cefd14a2ae340718011307e746df049 - - default default] 10.0.0.249 "GET /v2.0/subnets HTTP/1.1" status: 200 len: 1437 time: 0.0455577
2026-07-22 15:18:41.219 10 INFO neutron.wsgi [None req-c7f39c7e-7791-4fff-ad10-ca0fe5467a69 5c2d2eea7ebd43eaafe62f9f7646482d 1cefd14a2ae340718011307e746df049 - - default default] 10.0.0.249 "GET /v2.0/ports HTTP/1.1" status: 200 len: 5349 time: 0.0403869
2026-07-22 15:18:41.245 10 INFO neutron.wsgi [None req-2cccbe91-c680-4dce-af7e-9d44d0442a5d 5c2d2eea7ebd43eaafe62f9f7646482d 1cefd14a2ae340718011307e746df049 - - default default] 10.0.0.249 "GET /v2.0/floatingips HTTP/1.1" status: 200 len: 193 time: 0.0224187
2026-07-22 15:18:41.285 10 INFO neutron.wsgi [None req-4636efea-1c10-4a8e-97d7-6cc66d22a3cb 5c2d2eea7ebd43eaafe62f9f7646482d 1cefd14a2ae340718011307e746df049 - - default default] 10.0.0.249 "GET /v2.0/agents HTTP/1.1" status: 200 len: 997 time: 0.0389926
2026-07-22 15:18:41.312 10 INFO neutron.wsgi [None req-4823c559-d0a2-4438-a40d-574055eaf2a0 5c2d2eea7ebd43eaafe62f9f7646482d 1cefd14a2ae340718011307e746df049 - - default default] 10.0.0.249 "GET /v2.0/routers HTTP/1.1" status: 200 len: 189 time: 0.0262580
2026-07-22 15:18:41.323 10 INFO neutron.wsgi [None req-ed11d8c8-59d5-4aa6-ae1e-3289ad9130c3 5c2d2eea7ebd43eaafe62f9f7646482d 1cefd14a2ae340718011307e746df049 - - default default] 10.0.0.249 "GET /v2.0/agents?binary=ovn-controller HTTP/1.1" status: 200 len: 591 time: 0.0096338
2026-07-22 15:18:43.657 9 INFO neutron.wsgi [-] 10.0.0.106 "GET / HTTP/1.1" status: 200 len: 246 time: 0.0024710
2026-07-22 15:18:43.660 9 INFO neutron.wsgi [-] 10.0.0.106 "GET / HTTP/1.1" status: 200 len: 246 time: 0.0025783
2026-07-22 15:18:58.660 9 INFO neutron.wsgi [-] 10.0.0.106 "GET / HTTP/1.1" status: 200 len: 246 time: 0.0025587
2026-07-22 15:18:58.664 9 INFO neutron.wsgi [-] 10.0.0.106 "GET / HTTP/1.1" status: 200 len: 246 time: 0.0030706
2026-07-22 15:19:13.656 9 INFO neutron.wsgi [-] 10.0.0.106 "GET / HTTP/1.1" status: 200 len: 246 time: 0.0025182
2026-07-22 15:19:13.657 10 INFO neutron.wsgi [-] 10.0.0.106 "GET / HTTP/1.1" status: 200 len: 246 time: 0.0029664
2026-07-22 15:19:28.656 10 INFO neutron.wsgi [-] 10.0.0.106 "GET / HTTP/1.1" status: 200 len: 246 time: 0.0023553
2026-07-22 15:19:28.658 10 INFO neutron.wsgi [-] 10.0.0.106 "GET / HTTP/1.1" status: 200 len: 246 time: 0.0012813
2026-07-22 15:19:40.854 10 INFO neutron.wsgi [None req-45e0c500-d435-4d9e-9216-d9b9cb2ae749 5c2d2eea7ebd43eaafe62f9f7646482d 1cefd14a2ae340718011307e746df049 - - default default] 10.0.0.249 "GET /v2.0/network-ip-availabilities HTTP/1.1" status: 200 len: 1280 time: 0.0668039
2026-07-22 15:19:40.875 10 INFO neutron.wsgi [None req-b76127ee-8f1c-43a5-b2c9-68e5d1190ada 5c2d2eea7ebd43eaafe62f9f7646482d 1cefd14a2ae340718011307e746df049 - - default default] 10.0.0.249 "GET /v2.0/floatingips HTTP/1.1" status: 200 len: 193 time: 0.0206516
2026-07-22 15:19:40.924 10 INFO neutron.wsgi [None req-a1a42c42-f10b-47ac-8b32-bb87731e23ff 5c2d2eea7ebd43eaafe62f9f7646482d 1cefd14a2ae340718011307e746df049 - - default default] 10.0.0.249 "GET /v2.0/security-groups HTTP/1.1" status: 200 len: 16803 time: 0.0477142
2026-07-22 15:19:40.967 10 INFO neutron.wsgi [None req-412129ef-a437-459c-b79d-46cfd0b1112c 5c2d2eea7ebd43eaafe62f9f7646482d 1cefd14a2ae340718011307e746df049 - - default default] 10.0.0.249 "GET /v2.0/subnets HTTP/1.1" status: 200 len: 1437 time: 0.0357964
2026-07-22 15:19:40.977 10 INFO neutron.wsgi [None req-b4756590-c203-4e7d-ba31-ba7dc8673dc6 5c2d2eea7ebd43eaafe62f9f7646482d 1cefd14a2ae340718011307e746df049 - - default default] 10.0.0.249 "GET /v2.0/subnetpools HTTP/1.1" status: 200 len: 193 time: 0.0093119
