2026-07-22 14:50:43.657 10 INFO neutron.wsgi [-] 10.0.0.106 "GET / HTTP/1.1" status: 200 len: 246 time: 0.0016766
2026-07-22 14:50:43.657 9 INFO neutron.wsgi [-] 10.0.0.106 "GET / HTTP/1.1" status: 200 len: 246 time: 0.0031822
2026-07-22 14:50:58.657 10 INFO neutron.wsgi [-] 10.0.0.106 "GET / HTTP/1.1" status: 200 len: 246 time: 0.0028672
2026-07-22 14:50:58.657 9 INFO neutron.wsgi [-] 10.0.0.106 "GET / HTTP/1.1" status: 200 len: 246 time: 0.0032301
2026-07-22 14:51:13.658 9 INFO neutron.wsgi [-] 10.0.0.106 "GET / HTTP/1.1" status: 200 len: 246 time: 0.0022371
2026-07-22 14:51:13.659 10 INFO neutron.wsgi [-] 10.0.0.106 "GET / HTTP/1.1" status: 200 len: 246 time: 0.0037746
2026-07-22 14:51:28.657 10 INFO neutron.wsgi [-] 10.0.0.106 "GET / HTTP/1.1" status: 200 len: 246 time: 0.0030951
2026-07-22 14:51:28.658 9 INFO neutron.wsgi [-] 10.0.0.106 "GET / HTTP/1.1" status: 200 len: 246 time: 0.0030174
2026-07-22 14:51:43.657 10 INFO neutron.wsgi [-] 10.0.0.106 "GET / HTTP/1.1" status: 200 len: 246 time: 0.0026796
2026-07-22 14:51:43.657 9 INFO neutron.wsgi [-] 10.0.0.106 "GET / HTTP/1.1" status: 200 len: 246 time: 0.0032117
2026-07-22 14:51:58.657 10 INFO neutron.wsgi [-] 10.0.0.106 "GET / HTTP/1.1" status: 200 len: 246 time: 0.0035512
2026-07-22 14:51:58.658 9 INFO neutron.wsgi [-] 10.0.0.106 "GET / HTTP/1.1" status: 200 len: 246 time: 0.0039990
2026-07-22 14:52:13.655 10 INFO neutron.wsgi [-] 10.0.0.106 "GET / HTTP/1.1" status: 200 len: 246 time: 0.0014284
2026-07-22 14:52:13.655 9 INFO neutron.wsgi [-] 10.0.0.106 "GET / HTTP/1.1" status: 200 len: 246 time: 0.0014396
2026-07-22 14:52:28.658 10 INFO neutron.wsgi [-] 10.0.0.106 "GET / HTTP/1.1" status: 200 len: 246 time: 0.0035591
2026-07-22 14:52:28.658 9 INFO neutron.wsgi [-] 10.0.0.106 "GET / HTTP/1.1" status: 200 len: 246 time: 0.0028336
2026-07-22 14:52:43.656 9 INFO neutron.wsgi [-] 10.0.0.106 "GET / HTTP/1.1" status: 200 len: 246 time: 0.0025952
2026-07-22 14:52:43.656 10 INFO neutron.wsgi [-] 10.0.0.106 "GET / HTTP/1.1" status: 200 len: 246 time: 0.0026984
2026-07-22 14:52:58.656 9 INFO neutron.wsgi [-] 10.0.0.106 "GET / HTTP/1.1" status: 200 len: 246 time: 0.0013645
2026-07-22 14:52:58.659 10 INFO neutron.wsgi [-] 10.0.0.106 "GET / HTTP/1.1" status: 200 len: 246 time: 0.0040545
2026-07-22 14:53:12.979 15 INFO neutron.db.ovn_revision_numbers_db [None req-7bf9ba59-c765-4bae-b7b8-333b0b127964 - - - - - -] Successfully bumped revision number for resource 01aaf83a-285e-4494-8eff-240afccb5159 (type: networks) to 2
2026-07-22 14:53:12.979 15 INFO neutron.plugins.ml2.drivers.ovn.mech_driver.ovsdb.maintenance [None req-7bf9ba59-c765-4bae-b7b8-333b0b127964 - - - - - -] Maintenance task: Synchronization finished (took 0.15 seconds)
2026-07-22 14:53:13.656 9 INFO neutron.wsgi [-] 10.0.0.106 "GET / HTTP/1.1" status: 200 len: 246 time: 0.0024526
2026-07-22 14:53:13.657 10 INFO neutron.wsgi [-] 10.0.0.106 "GET / HTTP/1.1" status: 200 len: 246 time: 0.0031981
2026-07-22 14:53:28.657 10 INFO neutron.wsgi [-] 10.0.0.106 "GET / HTTP/1.1" status: 200 len: 246 time: 0.0026605
2026-07-22 14:53:28.657 9 INFO neutron.wsgi [-] 10.0.0.106 "GET / HTTP/1.1" status: 200 len: 246 time: 0.0030067
2026-07-22 14:53:43.656 9 INFO neutron.wsgi [-] 10.0.0.106 "GET / HTTP/1.1" status: 200 len: 246 time: 0.0024395
2026-07-22 14:53:43.657 10 INFO neutron.wsgi [-] 10.0.0.106 "GET / HTTP/1.1" status: 200 len: 246 time: 0.0030367
2026-07-22 14:53:58.656 9 INFO neutron.wsgi [-] 10.0.0.106 "GET / HTTP/1.1" status: 200 len: 246 time: 0.0020235
2026-07-22 14:53:58.657 10 INFO neutron.wsgi [-] 10.0.0.106 "GET / HTTP/1.1" status: 200 len: 246 time: 0.0025418
2026-07-22 14:54:13.656 9 INFO neutron.wsgi [-] 10.0.0.106 "GET / HTTP/1.1" status: 200 len: 246 time: 0.0025401
2026-07-22 14:54:13.657 10 INFO neutron.wsgi [-] 10.0.0.106 "GET / HTTP/1.1" status: 200 len: 246 time: 0.0030327
2026-07-22 14:54:28.656 9 INFO neutron.wsgi [-] 10.0.0.106 "GET / HTTP/1.1" status: 200 len: 246 time: 0.0017862
2026-07-22 14:54:28.657 10 INFO neutron.wsgi [-] 10.0.0.106 "GET / HTTP/1.1" status: 200 len: 246 time: 0.0026588
2026-07-22 14:54:43.656 9 INFO neutron.wsgi [-] 10.0.0.106 "GET / HTTP/1.1" status: 200 len: 246 time: 0.0030975
2026-07-22 14:54:43.659 9 INFO neutron.wsgi [-] 10.0.0.106 "GET / HTTP/1.1" status: 200 len: 246 time: 0.0021544
2026-07-22 14:54:58.655 10 INFO neutron.wsgi [-] 10.0.0.106 "GET / HTTP/1.1" status: 200 len: 246 time: 0.0019767
2026-07-22 14:54:58.656 9 INFO neutron.wsgi [-] 10.0.0.106 "GET / HTTP/1.1" status: 200 len: 246 time: 0.0029750 /var/lib/openstack/lib/python3.10/site-packages/memcache.py:1303: SyntaxWarning: "is" with a literal. Did you mean "=="? if key is '': /var/lib/openstack/lib/python3.10/site-packages/memcache.py:1304: SyntaxWarning: "is" with a literal. Did you mean "=="? if key_extra_len is 0: /var/lib/openstack/lib/python3.10/site-packages/pycadf/identifier.py:71: UserWarning: Invalid uuid: unknown. To ensure interoperability, identifiers should be a valid uuid. warnings.warn(('Invalid uuid: %s. To ensure interoperability, '
2026-07-22 14:55:06.458 10 WARNING oslo_policy.policy [None req-2bad2d35-cc85-4877-86f1-493ade0f640c 5c2d2eea7ebd43eaafe62f9f7646482d 1cefd14a2ae340718011307e746df049 - - default default] Policies ['delete_port', 'update_port:allowed_address_pairs', 'update_port:allowed_address_pairs:ip_address', 'update_port:allowed_address_pairs:mac_address', 'update_port:fixed_ips', 'update_port:mac_address'] reference a rule that is not defined.
2026-07-22 14:55:06.819 10 INFO neutron.wsgi [None req-2bad2d35-cc85-4877-86f1-493ade0f640c 5c2d2eea7ebd43eaafe62f9f7646482d 1cefd14a2ae340718011307e746df049 - - default default] 199.204.45.95,10.0.0.106 "GET /v2.0/networks HTTP/1.1" status: 200 len: 928 time: 0.9558079
2026-07-22 14:55:06.932 10 INFO neutron.db.segments_db [None req-97486545-d380-48ac-a490-9c181b0c49db 5c2d2eea7ebd43eaafe62f9f7646482d 1cefd14a2ae340718011307e746df049 - - default default] Added segment a811e7df-c132-4ed3-8885-e218354abe42 of type geneve for network 62e064e6-6f62-43bf-8e33-6a74e2a12b2f
2026-07-22 14:55:07.047 10 INFO neutron.plugins.ml2.drivers.ovn.mech_driver.ovsdb.extensions.qos [None req-97486545-d380-48ac-a490-9c181b0c49db 5c2d2eea7ebd43eaafe62f9f7646482d 1cefd14a2ae340718011307e746df049 - - default default] Starting OVNClientQosExtension
2026-07-22 14:55:07.048 10 INFO neutron.plugins.ml2.drivers.ovn.mech_driver.ovsdb.extensions.placement [None req-97486545-d380-48ac-a490-9c181b0c49db 5c2d2eea7ebd43eaafe62f9f7646482d 1cefd14a2ae340718011307e746df049 - - default default] Starting OVNClientPlacementExtension
2026-07-22 14:55:07.204 10 INFO neutron.db.ovn_revision_numbers_db [None req-97486545-d380-48ac-a490-9c181b0c49db 5c2d2eea7ebd43eaafe62f9f7646482d 1cefd14a2ae340718011307e746df049 - - default default] Successfully bumped revision number for resource 62e064e6-6f62-43bf-8e33-6a74e2a12b2f (type: networks) to 1
2026-07-22 14:55:07.422 10 WARNING neutron.scheduler.dhcp_agent_scheduler [None req-97486545-d380-48ac-a490-9c181b0c49db 5c2d2eea7ebd43eaafe62f9f7646482d 1cefd14a2ae340718011307e746df049 - - default default] No more DHCP agents
2026-07-22 14:55:07.424 10 WARNING neutron.api.rpc.agentnotifiers.dhcp_rpc_agent_api [None req-97486545-d380-48ac-a490-9c181b0c49db 5c2d2eea7ebd43eaafe62f9f7646482d 1cefd14a2ae340718011307e746df049 - - default default] Unable to schedule network 62e064e6-6f62-43bf-8e33-6a74e2a12b2f: no agents available; will retry on subsequent port and subnet creation events.
2026-07-22 14:55:07.539 10 INFO neutron.db.ovn_revision_numbers_db [None req-97486545-d380-48ac-a490-9c181b0c49db 5c2d2eea7ebd43eaafe62f9f7646482d 1cefd14a2ae340718011307e746df049 - - default default] Successfully bumped revision number for resource 681a56da-f835-4593-8d30-195b26bafe5a (type: ports) to 1
2026-07-22 14:55:07.577 10 INFO neutron.wsgi [None req-97486545-d380-48ac-a490-9c181b0c49db 5c2d2eea7ebd43eaafe62f9f7646482d 1cefd14a2ae340718011307e746df049 - - default default] 199.204.45.95,10.0.0.106 "POST /v2.0/networks HTTP/1.1" status: 201 len: 890 time: 0.7549870
2026-07-22 14:55:08.562 10 INFO neutron.wsgi [None req-6048afc1-4a24-4c58-9309-d683f96dbdc0 5c2d2eea7ebd43eaafe62f9f7646482d 1cefd14a2ae340718011307e746df049 - - default default] 199.204.45.95,10.0.0.106 "GET /v2.0/subnets HTTP/1.1" status: 200 len: 819 time: 0.0950673
2026-07-22 14:55:08.649 10 INFO neutron.wsgi [None req-0776d941-2d18-4e83-b134-1872c96dc012 5c2d2eea7ebd43eaafe62f9f7646482d 1cefd14a2ae340718011307e746df049 - - default default] 199.204.45.95,10.0.0.106 "GET /v2.0/networks HTTP/1.1" status: 200 len: 1615 time: 0.0708776
2026-07-22 14:55:08.863 10 WARNING neutron.scheduler.dhcp_agent_scheduler [None req-b5fc211c-d85a-48fa-b853-a56be37042db 5c2d2eea7ebd43eaafe62f9f7646482d 1cefd14a2ae340718011307e746df049 - - default default] No more DHCP agents
2026-07-22 14:55:08.865 10 WARNING neutron.api.rpc.agentnotifiers.dhcp_rpc_agent_api [None req-b5fc211c-d85a-48fa-b853-a56be37042db 5c2d2eea7ebd43eaafe62f9f7646482d 1cefd14a2ae340718011307e746df049 - - default default] Unable to schedule network 62e064e6-6f62-43bf-8e33-6a74e2a12b2f: no agents available; will retry on subsequent port and subnet creation events.
2026-07-22 14:55:09.411 10 INFO neutron.db.ovn_revision_numbers_db [None req-b5fc211c-d85a-48fa-b853-a56be37042db 5c2d2eea7ebd43eaafe62f9f7646482d 1cefd14a2ae340718011307e746df049 - - default default] Successfully bumped revision number for resource 681a56da-f835-4593-8d30-195b26bafe5a (type: ports) to 2
2026-07-22 14:55:09.456 10 INFO neutron.db.ovn_revision_numbers_db [None req-b5fc211c-d85a-48fa-b853-a56be37042db 5c2d2eea7ebd43eaafe62f9f7646482d 1cefd14a2ae340718011307e746df049 - - default default] Successfully bumped revision number for resource a2b73e37-d2cf-45e5-9ef5-0ae297cf4f6b (type: subnets) to 0
2026-07-22 14:55:09.470 10 INFO neutron.wsgi [None req-b5fc211c-d85a-48fa-b853-a56be37042db 5c2d2eea7ebd43eaafe62f9f7646482d 1cefd14a2ae340718011307e746df049 - - default default] 199.204.45.95,10.0.0.106 "POST /v2.0/subnets HTTP/1.1" status: 201 len: 807 time: 0.8162632
2026-07-22 14:55:10.458 10 INFO neutron.wsgi [None req-911cf8ae-8b58-4237-8b75-8106087cd1fe 5c2d2eea7ebd43eaafe62f9f7646482d 1cefd14a2ae340718011307e746df049 - - default default] 199.204.45.95,10.0.0.106 "GET /v2.0/security-groups?tenant_id=1cefd14a2ae340718011307e746df049 HTTP/1.1" status: 200 len: 2969 time: 0.0700889
2026-07-22 14:55:10.617 10 INFO neutron.db.ovn_revision_numbers_db [None req-d2413d2a-4835-45bf-a105-8a061c4e22b4 5c2d2eea7ebd43eaafe62f9f7646482d 1cefd14a2ae340718011307e746df049 - - default default] Successfully bumped revision number for resource 1fa970ab-f03f-41c7-b072-5c4b8d4d6479 (type: security_groups) to 1
2026-07-22 14:55:10.636 10 INFO neutron.db.ovn_revision_numbers_db [None req-d2413d2a-4835-45bf-a105-8a061c4e22b4 5c2d2eea7ebd43eaafe62f9f7646482d 1cefd14a2ae340718011307e746df049 - - default default] Successfully bumped revision number for resource 774328a3-9d8f-4695-bbac-ed545031b0c9 (type: security_group_rules) to 0
2026-07-22 14:55:10.646 10 INFO neutron.db.ovn_revision_numbers_db [None req-d2413d2a-4835-45bf-a105-8a061c4e22b4 5c2d2eea7ebd43eaafe62f9f7646482d 1cefd14a2ae340718011307e746df049 - - default default] Successfully bumped revision number for resource d92ab3ae-63bc-46c5-8f77-9f64d6f9582e (type: security_group_rules) to 0
2026-07-22 14:55:10.660 10 INFO neutron.wsgi [None req-d2413d2a-4835-45bf-a105-8a061c4e22b4 5c2d2eea7ebd43eaafe62f9f7646482d 1cefd14a2ae340718011307e746df049 - - default default] 199.204.45.95,10.0.0.106 "POST /v2.0/security-groups HTTP/1.1" status: 201 len: 1733 time: 0.1948428
2026-07-22 14:55:11.642 10 INFO neutron.wsgi [None req-8a2b3866-f70e-4abb-9b20-1bde1e8743ef 5c2d2eea7ebd43eaafe62f9f7646482d 1cefd14a2ae340718011307e746df049 - - default default] 199.204.45.95,10.0.0.106 "GET /v2.0/security-groups?tenant_id=1cefd14a2ae340718011307e746df049 HTTP/1.1" status: 200 len: 4503 time: 0.0739043
2026-07-22 14:55:11.688 10 INFO neutron.wsgi [None req-6ed35034-b723-4dab-b7e9-30e01f559710 5c2d2eea7ebd43eaafe62f9f7646482d 1cefd14a2ae340718011307e746df049 - - default default] 199.204.45.95,10.0.0.106 "GET /v2.0/security-groups HTTP/1.1" status: 200 len: 4503 time: 0.0364308
2026-07-22 14:55:11.802 10 INFO neutron.db.ovn_revision_numbers_db [None req-2f625fb3-5ee7-484c-93fa-89261e5926a6 5c2d2eea7ebd43eaafe62f9f7646482d 1cefd14a2ae340718011307e746df049 - - default default] Successfully bumped revision number for resource ce0eb9e2-0bb3-464e-9405-65c3b576ec15 (type: security_group_rules) to 0
2026-07-22 14:55:11.828 10 INFO neutron.wsgi [None req-2f625fb3-5ee7-484c-93fa-89261e5926a6 5c2d2eea7ebd43eaafe62f9f7646482d 1cefd14a2ae340718011307e746df049 - - default default] 199.204.45.95,10.0.0.106 "POST /v2.0/security-group-rules HTTP/1.1" status: 201 len: 749 time: 0.1350698
2026-07-22 14:55:12.687 10 INFO neutron.wsgi [None req-654c6284-184c-41ef-99e5-31a1a19e1e21 5c2d2eea7ebd43eaafe62f9f7646482d 1cefd14a2ae340718011307e746df049 - - default default] 199.204.45.95,10.0.0.106 "GET /v2.0/security-groups?tenant_id=1cefd14a2ae340718011307e746df049 HTTP/1.1" status: 200 len: 5085 time: 0.0737047
2026-07-22 14:55:12.730 10 INFO neutron.wsgi [None req-4762cd7f-c8ea-4240-9124-15122608734d 5c2d2eea7ebd43eaafe62f9f7646482d 1cefd14a2ae340718011307e746df049 - - default default] 199.204.45.95,10.0.0.106 "GET /v2.0/security-groups HTTP/1.1" status: 200 len: 5085 time: 0.0364456
2026-07-22 14:55:12.842 10 INFO neutron.db.ovn_revision_numbers_db [None req-29fa7823-7ddf-4fd1-a431-acb6a377a439 5c2d2eea7ebd43eaafe62f9f7646482d 1cefd14a2ae340718011307e746df049 - - default default] Successfully bumped revision number for resource d1b83fb4-12c6-4ebe-9632-4ca980d7c619 (type: security_group_rules) to 0
2026-07-22 14:55:12.865 10 INFO neutron.wsgi [None req-29fa7823-7ddf-4fd1-a431-acb6a377a439 5c2d2eea7ebd43eaafe62f9f7646482d 1cefd14a2ae340718011307e746df049 - - default default] 199.204.45.95,10.0.0.106 "POST /v2.0/security-group-rules HTTP/1.1" status: 201 len: 751 time: 0.1272926
2026-07-22 14:55:13.657 9 INFO neutron.wsgi [-] 10.0.0.106 "GET / HTTP/1.1" status: 200 len: 246 time: 0.0025315
2026-07-22 14:55:13.661 9 INFO neutron.wsgi [-] 10.0.0.106 "GET / HTTP/1.1" status: 200 len: 246 time: 0.0029597
2026-07-22 14:55:13.691 10 INFO neutron.wsgi [None req-f205c70d-3391-42c6-b4a6-1b9d2d229229 5c2d2eea7ebd43eaafe62f9f7646482d 1cefd14a2ae340718011307e746df049 - - default default] 199.204.45.95,10.0.0.106 "GET /v2.0/security-groups?tenant_id=1cefd14a2ae340718011307e746df049 HTTP/1.1" status: 200 len: 5669 time: 0.0705104
2026-07-22 14:55:13.742 10 INFO neutron.wsgi [None req-c35a5083-4546-417e-990c-0c536ce1c3e5 5c2d2eea7ebd43eaafe62f9f7646482d 1cefd14a2ae340718011307e746df049 - - default default] 199.204.45.95,10.0.0.106 "GET /v2.0/security-groups HTTP/1.1" status: 200 len: 5669 time: 0.0419118
2026-07-22 14:55:13.887 10 INFO neutron.db.ovn_revision_numbers_db [None req-e0a603c6-8dff-4d8b-96e7-dc54ee017e47 5c2d2eea7ebd43eaafe62f9f7646482d 1cefd14a2ae340718011307e746df049 - - default default] Successfully bumped revision number for resource 1b822c89-7030-47e8-b642-8ee8a5f7cd78 (type: security_group_rules) to 0
2026-07-22 14:55:13.912 10 INFO neutron.wsgi [None req-e0a603c6-8dff-4d8b-96e7-dc54ee017e47 5c2d2eea7ebd43eaafe62f9f7646482d 1cefd14a2ae340718011307e746df049 - - default default] 199.204.45.95,10.0.0.106 "POST /v2.0/security-group-rules HTTP/1.1" status: 201 len: 751 time: 0.1577852
2026-07-22 14:55:14.768 10 INFO neutron.wsgi [None req-5f534b94-512f-45fb-8570-e6c48c047c2f 5c2d2eea7ebd43eaafe62f9f7646482d 1cefd14a2ae340718011307e746df049 - - default default] 199.204.45.95,10.0.0.106 "GET /v2.0/security-groups?tenant_id=1cefd14a2ae340718011307e746df049 HTTP/1.1" status: 200 len: 6253 time: 0.0709491
2026-07-22 14:55:14.824 10 INFO neutron.wsgi [None req-30436fdc-0510-4c2c-85e1-d2f89bde5a1a 5c2d2eea7ebd43eaafe62f9f7646482d 1cefd14a2ae340718011307e746df049 - - default default] 199.204.45.95,10.0.0.106 "GET /v2.0/security-groups HTTP/1.1" status: 200 len: 6253 time: 0.0454676
2026-07-22 14:55:14.968 10 INFO neutron.db.ovn_revision_numbers_db [None req-b91a3222-8a10-48c9-a365-e337dce0350b 5c2d2eea7ebd43eaafe62f9f7646482d 1cefd14a2ae340718011307e746df049 - - default default] Successfully bumped revision number for resource 26c0114b-9f0d-4be3-99a5-50e4407e9318 (type: security_group_rules) to 0
2026-07-22 14:55:14.996 10 INFO neutron.wsgi [None req-b91a3222-8a10-48c9-a365-e337dce0350b 5c2d2eea7ebd43eaafe62f9f7646482d 1cefd14a2ae340718011307e746df049 - - default default] 199.204.45.95,10.0.0.106 "POST /v2.0/security-group-rules HTTP/1.1" status: 201 len: 751 time: 0.1631703
2026-07-22 14:55:15.864 10 INFO neutron.wsgi [None req-ed38e2e7-bf45-4d59-a7ed-d4130314fbf1 5c2d2eea7ebd43eaafe62f9f7646482d 1cefd14a2ae340718011307e746df049 - - default default] 199.204.45.95,10.0.0.106 "GET /v2.0/security-groups?tenant_id=1cefd14a2ae340718011307e746df049 HTTP/1.1" status: 200 len: 6837 time: 0.0773849
2026-07-22 14:55:15.911 10 INFO neutron.wsgi [None req-48ad4cf2-942f-4132-a691-43dc3d0396f9 5c2d2eea7ebd43eaafe62f9f7646482d 1cefd14a2ae340718011307e746df049 - - default default] 199.204.45.95,10.0.0.106 "GET /v2.0/security-groups HTTP/1.1" status: 200 len: 6837 time: 0.0405805
2026-07-22 14:55:16.053 10 INFO neutron.db.ovn_revision_numbers_db [None req-6b25d890-c7fa-4187-b906-439aa578d8db 5c2d2eea7ebd43eaafe62f9f7646482d 1cefd14a2ae340718011307e746df049 - - default default] Successfully bumped revision number for resource 800968a5-dea4-48a5-b3ec-c58ecbb08977 (type: security_group_rules) to 0
2026-07-22 14:55:16.082 10 INFO neutron.wsgi [None req-6b25d890-c7fa-4187-b906-439aa578d8db 5c2d2eea7ebd43eaafe62f9f7646482d 1cefd14a2ae340718011307e746df049 - - default default] 199.204.45.95,10.0.0.106 "POST /v2.0/security-group-rules HTTP/1.1" status: 201 len: 751 time: 0.1614976
2026-07-22 14:55:17.153 10 INFO neutron.wsgi [None req-6991a15f-e012-45b1-979f-6a1daba48134 5c2d2eea7ebd43eaafe62f9f7646482d 1cefd14a2ae340718011307e746df049 - - default default] 199.204.45.95,10.0.0.106 "GET /v2.0/security-groups HTTP/1.1" status: 200 len: 7421 time: 0.0797348
2026-07-22 14:55:17.201 10 INFO neutron.wsgi [None req-6cc4435d-7be6-4804-a755-a309a6c94e7a 5c2d2eea7ebd43eaafe62f9f7646482d 1cefd14a2ae340718011307e746df049 - - default default] 199.204.45.95,10.0.0.106 "GET /v2.0/ports HTTP/1.1" status: 200 len: 2301 time: 0.0395656
2026-07-22 14:55:17.267 10 INFO neutron.wsgi [None req-665c0d7a-fb8c-4d9b-baa5-b60d23773753 5c2d2eea7ebd43eaafe62f9f7646482d 1cefd14a2ae340718011307e746df049 - - default default] 199.204.45.95,10.0.0.106 "GET /v2.0/networks HTTP/1.1" status: 200 len: 1653 time: 0.0575895
2026-07-22 14:55:17.629 10 WARNING neutron.scheduler.dhcp_agent_scheduler [None req-0ea3d15a-5141-492d-9ab7-8b02426f0704 5c2d2eea7ebd43eaafe62f9f7646482d 1cefd14a2ae340718011307e746df049 - - default default] No more DHCP agents
2026-07-22 14:55:17.633 10 WARNING neutron.api.rpc.agentnotifiers.dhcp_rpc_agent_api [None req-0ea3d15a-5141-492d-9ab7-8b02426f0704 5c2d2eea7ebd43eaafe62f9f7646482d 1cefd14a2ae340718011307e746df049 - - default default] Unable to schedule network 62e064e6-6f62-43bf-8e33-6a74e2a12b2f: no agents available; will retry on subsequent port and subnet creation events.
2026-07-22 14:55:17.763 10 INFO neutron.db.ovn_revision_numbers_db [None req-0ea3d15a-5141-492d-9ab7-8b02426f0704 5c2d2eea7ebd43eaafe62f9f7646482d 1cefd14a2ae340718011307e746df049 - - default default] Successfully bumped revision number for resource cbbb182b-59d1-400b-9175-e1f7baf51dc2 (type: ports) to 1
2026-07-22 14:55:17.783 10 INFO neutron.wsgi [None req-0ea3d15a-5141-492d-9ab7-8b02426f0704 5c2d2eea7ebd43eaafe62f9f7646482d 1cefd14a2ae340718011307e746df049 - - default default] 199.204.45.95,10.0.0.106 "POST /v2.0/ports HTTP/1.1" status: 201 len: 1281 time: 0.5109403 /var/lib/openstack/lib/python3.10/site-packages/pycadf/identifier.py:71: UserWarning: Invalid uuid: unknown. To ensure interoperability, identifiers should be a valid uuid. warnings.warn(('Invalid uuid: %s. To ensure interoperability, '
2026-07-22 14:55:23.348 10 INFO neutron.pecan_wsgi.hooks.translation [None req-66b3a52b-9bd6-4528-9fa2-547a1dbc0bfb 5c2d2eea7ebd43eaafe62f9f7646482d 1cefd14a2ae340718011307e746df049 - - default default] GET failed (client error): The resource could not be found.
2026-07-22 14:55:23.350 10 INFO neutron.wsgi [None req-66b3a52b-9bd6-4528-9fa2-547a1dbc0bfb 5c2d2eea7ebd43eaafe62f9f7646482d 1cefd14a2ae340718011307e746df049 - - default default] 199.204.45.95,10.0.0.106 "GET /v2.0/ports/octavia-health-manager-port-instance HTTP/1.1" status: 404 len: 314 time: 0.0539315
2026-07-22 14:55:23.404 10 INFO neutron.wsgi [None req-435588db-7082-46e8-bfb3-f4e09c4abe42 5c2d2eea7ebd43eaafe62f9f7646482d 1cefd14a2ae340718011307e746df049 - - default default] 199.204.45.95,10.0.0.106 "GET /v2.0/ports?name=octavia-health-manager-port-instance HTTP/1.1" status: 200 len: 1279 time: 0.0456843
2026-07-22 14:55:23.795 10 INFO neutron.db.ovn_revision_numbers_db [None req-dede2122-23b4-43d9-8aae-d2cc692b1fb2 5c2d2eea7ebd43eaafe62f9f7646482d 1cefd14a2ae340718011307e746df049 - - default default] Successfully bumped revision number for resource cbbb182b-59d1-400b-9175-e1f7baf51dc2 (type: ports) to 1
2026-07-22 14:55:24.023 10 INFO neutron.db.ovn_revision_numbers_db [None req-dede2122-23b4-43d9-8aae-d2cc692b1fb2 5c2d2eea7ebd43eaafe62f9f7646482d 1cefd14a2ae340718011307e746df049 - - default default] Successfully bumped revision number for resource cbbb182b-59d1-400b-9175-e1f7baf51dc2 (type: ports) to 2
2026-07-22 14:55:24.039 10 INFO neutron.wsgi [None req-dede2122-23b4-43d9-8aae-d2cc692b1fb2 5c2d2eea7ebd43eaafe62f9f7646482d 1cefd14a2ae340718011307e746df049 - - default default] 199.204.45.95,10.0.0.106 "PUT /v2.0/ports/cbbb182b-59d1-400b-9175-e1f7baf51dc2 HTTP/1.1" status: 200 len: 1366 time: 0.6260068 /var/lib/openstack/lib/python3.10/site-packages/pycadf/identifier.py:71: UserWarning: Invalid uuid: unknown. To ensure interoperability, identifiers should be a valid uuid. warnings.warn(('Invalid uuid: %s. To ensure interoperability, '
2026-07-22 14:55:25.436 10 INFO neutron.wsgi [None req-f9ff4026-749e-4243-b509-d1db78890e31 5c2d2eea7ebd43eaafe62f9f7646482d 1cefd14a2ae340718011307e746df049 - - default default] 199.204.45.95,10.0.0.106 "GET /v2.0/ports HTTP/1.1" status: 200 len: 3511 time: 0.0817025
2026-07-22 14:55:26.397 10 INFO neutron.wsgi [None req-ba373023-102f-4d8c-a41c-b3db33c6988e 5c2d2eea7ebd43eaafe62f9f7646482d 1cefd14a2ae340718011307e746df049 - - default default] 199.204.45.95,10.0.0.106 "GET /v2.0/security-groups?tenant_id=1cefd14a2ae340718011307e746df049 HTTP/1.1" status: 200 len: 7421 time: 0.0794766
2026-07-22 14:55:26.524 10 INFO neutron.db.ovn_revision_numbers_db [None req-a10778ee-8394-493b-bc7b-f414ae95af52 5c2d2eea7ebd43eaafe62f9f7646482d 1cefd14a2ae340718011307e746df049 - - default default] Successfully bumped revision number for resource 77209ac0-0abf-401a-881e-9245761340bb (type: security_groups) to 1
2026-07-22 14:55:26.541 10 INFO neutron.db.ovn_revision_numbers_db [None req-a10778ee-8394-493b-bc7b-f414ae95af52 5c2d2eea7ebd43eaafe62f9f7646482d 1cefd14a2ae340718011307e746df049 - - default default] Successfully bumped revision number for resource 2555fc5a-fa2c-44e9-ae5f-9062c3678e0c (type: security_group_rules) to 0
2026-07-22 14:55:26.561 10 INFO neutron.db.ovn_revision_numbers_db [None req-a10778ee-8394-493b-bc7b-f414ae95af52 5c2d2eea7ebd43eaafe62f9f7646482d 1cefd14a2ae340718011307e746df049 - - default default] Successfully bumped revision number for resource a410112b-d612-4146-baa7-23ee92188ec9 (type: security_group_rules) to 0
2026-07-22 14:55:26.579 10 INFO neutron.wsgi [None req-a10778ee-8394-493b-bc7b-f414ae95af52 5c2d2eea7ebd43eaafe62f9f7646482d 1cefd14a2ae340718011307e746df049 - - default default] 199.204.45.95,10.0.0.106 "POST /v2.0/security-groups HTTP/1.1" status: 201 len: 1727 time: 0.1726372
2026-07-22 14:55:27.486 10 INFO neutron.wsgi [None req-3808b5b1-87c3-400b-aeb2-3bca1cabf0d7 5c2d2eea7ebd43eaafe62f9f7646482d 1cefd14a2ae340718011307e746df049 - - default default] 199.204.45.95,10.0.0.106 "GET /v2.0/security-groups?tenant_id=1cefd14a2ae340718011307e746df049 HTTP/1.1" status: 200 len: 8949 time: 0.0927949
2026-07-22 14:55:27.543 10 INFO neutron.wsgi [None req-cf4eef5e-656f-4fb4-8497-e1f8c435e2c2 5c2d2eea7ebd43eaafe62f9f7646482d 1cefd14a2ae340718011307e746df049 - - default default] 199.204.45.95,10.0.0.106 "GET /v2.0/security-groups HTTP/1.1" status: 200 len: 8949 time: 0.0497153
2026-07-22 14:55:27.717 10 INFO neutron.db.ovn_revision_numbers_db [None req-585032cb-d5e5-42d4-87b9-22e2f570da2f 5c2d2eea7ebd43eaafe62f9f7646482d 1cefd14a2ae340718011307e746df049 - - default default] Successfully bumped revision number for resource 9564f9e6-45a1-4da5-9155-7f3a892dfa49 (type: security_group_rules) to 0
2026-07-22 14:55:27.741 10 INFO neutron.wsgi [None req-585032cb-d5e5-42d4-87b9-22e2f570da2f 5c2d2eea7ebd43eaafe62f9f7646482d 1cefd14a2ae340718011307e746df049 - - default default] 199.204.45.95,10.0.0.106 "POST /v2.0/security-group-rules HTTP/1.1" status: 201 len: 771 time: 0.1897662
2026-07-22 14:55:28.614 10 INFO neutron.wsgi [None req-e930328b-31ff-4641-843a-31b8e9047f80 5c2d2eea7ebd43eaafe62f9f7646482d 1cefd14a2ae340718011307e746df049 - - default default] 199.204.45.95,10.0.0.106 "GET /v2.0/security-groups?tenant_id=1cefd14a2ae340718011307e746df049 HTTP/1.1" status: 200 len: 9553 time: 0.0959835
2026-07-22 14:55:28.656 9 INFO neutron.wsgi [-] 10.0.0.106 "GET / HTTP/1.1" status: 200 len: 246 time: 0.0019391
2026-07-22 14:55:28.659 9 INFO neutron.wsgi [-] 10.0.0.106 "GET / HTTP/1.1" status: 200 len: 246 time: 0.0021460
2026-07-22 14:55:28.671 10 INFO neutron.wsgi [None req-c8626e07-a8c5-4949-a7b9-f09ae3429bb3 5c2d2eea7ebd43eaafe62f9f7646482d 1cefd14a2ae340718011307e746df049 - - default default] 199.204.45.95,10.0.0.106 "GET /v2.0/security-groups HTTP/1.1" status: 200 len: 9553 time: 0.0466857
2026-07-22 14:55:28.803 10 INFO neutron.db.ovn_revision_numbers_db [None req-dee04168-af11-4421-a72d-3ecf43441dcd 5c2d2eea7ebd43eaafe62f9f7646482d 1cefd14a2ae340718011307e746df049 - - default default] Successfully bumped revision number for resource a075e54b-7b4f-405b-a812-90ba3adfd423 (type: security_group_rules) to 0
2026-07-22 14:55:28.837 10 INFO neutron.wsgi [None req-dee04168-af11-4421-a72d-3ecf43441dcd 5c2d2eea7ebd43eaafe62f9f7646482d 1cefd14a2ae340718011307e746df049 - - default default] 199.204.45.95,10.0.0.106 "POST /v2.0/security-group-rules HTTP/1.1" status: 201 len: 775 time: 0.1563721
2026-07-22 14:55:43.656 9 INFO neutron.wsgi [-] 10.0.0.106 "GET / HTTP/1.1" status: 200 len: 246 time: 0.0017493
2026-07-22 14:55:43.658 10 INFO neutron.wsgi [-] 10.0.0.106 "GET / HTTP/1.1" status: 200 len: 246 time: 0.0035567
2026-07-22 14:55:58.656 9 INFO neutron.wsgi [-] 10.0.0.106 "GET / HTTP/1.1" status: 200 len: 246 time: 0.0023537
2026-07-22 14:55:58.659 9 INFO neutron.wsgi [-] 10.0.0.106 "GET / HTTP/1.1" status: 200 len: 246 time: 0.0020685
2026-07-22 14:56:13.656 10 INFO neutron.wsgi [-] 10.0.0.106 "GET / HTTP/1.1" status: 200 len: 246 time: 0.0020556
2026-07-22 14:56:13.657 9 INFO neutron.wsgi [-] 10.0.0.106 "GET / HTTP/1.1" status: 200 len: 246 time: 0.0026112
2026-07-22 14:56:28.657 10 INFO neutron.wsgi [-] 10.0.0.106 "GET / HTTP/1.1" status: 200 len: 246 time: 0.0026896
2026-07-22 14:56:28.660 10 INFO neutron.wsgi [-] 10.0.0.106 "GET / HTTP/1.1" status: 200 len: 246 time: 0.0022330
2026-07-22 14:56:35.731 10 INFO neutron.wsgi [None req-be871b6b-c247-432d-93c0-cdf6451cad3e 5c2d2eea7ebd43eaafe62f9f7646482d 1cefd14a2ae340718011307e746df049 - - default default] 199.204.45.95,10.0.0.106 "GET /v2.0/quotas/1cefd14a2ae340718011307e746df049 HTTP/1.1" status: 200 len: 362 time: 0.0163784 /var/lib/openstack/lib/python3.10/site-packages/neutron/extensions/quotasv2.py:140: UserWarning: Neutron quota engine will require "--force" parameter to set a quota limit without checking the resource usage. warnings.warn('Neutron quota engine will require "--force" '
2026-07-22 14:56:36.079 10 INFO neutron.wsgi [None req-817fecb4-8099-4647-9c59-fed8dce223c3 5c2d2eea7ebd43eaafe62f9f7646482d 1cefd14a2ae340718011307e746df049 - - default default] 199.204.45.95,10.0.0.106 "PUT /v2.0/quotas/1cefd14a2ae340718011307e746df049 HTTP/1.1" status: 200 len: 361 time: 0.0350196
2026-07-22 14:56:36.393 10 INFO neutron.wsgi [None req-ab3de63b-0a6f-4a07-98cf-013f885a1d4d 5c2d2eea7ebd43eaafe62f9f7646482d 1cefd14a2ae340718011307e746df049 - - default default] 199.204.45.95,10.0.0.106 "GET /v2.0/quotas/1cefd14a2ae340718011307e746df049 HTTP/1.1" status: 200 len: 361 time: 0.0092750
2026-07-22 14:56:43.654 9 INFO neutron.wsgi [-] 10.0.0.106 "GET / HTTP/1.1" status: 200 len: 246 time: 0.0015481
2026-07-22 14:56:43.655 10 INFO neutron.wsgi [-] 10.0.0.106 "GET / HTTP/1.1" status: 200 len: 246 time: 0.0017936
2026-07-22 14:56:58.656 10 INFO neutron.wsgi [-] 10.0.0.106 "GET / HTTP/1.1" status: 200 len: 246 time: 0.0020678
2026-07-22 14:56:58.659 9 INFO neutron.wsgi [-] 10.0.0.106 "GET / HTTP/1.1" status: 200 len: 246 time: 0.0048227
2026-07-22 14:57:13.656 9 INFO neutron.wsgi [-] 10.0.0.106 "GET / HTTP/1.1" status: 200 len: 246 time: 0.0026870
2026-07-22 14:57:13.657 10 INFO neutron.wsgi [-] 10.0.0.106 "GET / HTTP/1.1" status: 200 len: 246 time: 0.0032632
2026-07-22 14:57:28.656 10 INFO neutron.wsgi [-] 10.0.0.106 "GET / HTTP/1.1" status: 200 len: 246 time: 0.0017393
2026-07-22 14:57:28.658 10 INFO neutron.wsgi [-] 10.0.0.106 "GET / HTTP/1.1" status: 200 len: 246 time: 0.0013525
2026-07-22 14:57:43.656 9 INFO neutron.wsgi [-] 10.0.0.106 "GET / HTTP/1.1" status: 200 len: 246 time: 0.0026062
2026-07-22 14:57:43.657 10 INFO neutron.wsgi [-] 10.0.0.106 "GET / HTTP/1.1" status: 200 len: 246 time: 0.0033875
2026-07-22 14:57:58.658 9 INFO neutron.wsgi [-] 10.0.0.106 "GET / HTTP/1.1" status: 200 len: 246 time: 0.0046799
2026-07-22 14:57:58.658 10 INFO neutron.wsgi [-] 10.0.0.106 "GET / HTTP/1.1" status: 200 len: 246 time: 0.0045111
2026-07-22 14:58:13.008 15 INFO neutron.db.ovn_revision_numbers_db [None req-7bf9ba59-c765-4bae-b7b8-333b0b127964 - - - - - -] Successfully bumped revision number for resource 62e064e6-6f62-43bf-8e33-6a74e2a12b2f (type: networks) to 2
2026-07-22 14:58:13.065 15 INFO neutron.db.ovn_revision_numbers_db [None req-7bf9ba59-c765-4bae-b7b8-333b0b127964 - - - - - -] Successfully bumped revision number for resource 1fa970ab-f03f-41c7-b072-5c4b8d4d6479 (type: security_groups) to 6
2026-07-22 14:58:13.120 15 INFO neutron.db.ovn_revision_numbers_db [None req-7bf9ba59-c765-4bae-b7b8-333b0b127964 - - - - - -] Successfully bumped revision number for resource 77209ac0-0abf-401a-881e-9245761340bb (type: security_groups) to 3
2026-07-22 14:58:13.315 15 INFO neutron.db.ovn_revision_numbers_db [None req-7bf9ba59-c765-4bae-b7b8-333b0b127964 - - - - - -] Successfully bumped revision number for resource cbbb182b-59d1-400b-9175-e1f7baf51dc2 (type: ports) to 3
2026-07-22 14:58:13.316 15 INFO neutron.plugins.ml2.drivers.ovn.mech_driver.ovsdb.maintenance [None req-7bf9ba59-c765-4bae-b7b8-333b0b127964 - - - - - -] Maintenance task: Synchronization finished (took 0.44 seconds)
2026-07-22 14:58:13.657 10 INFO neutron.wsgi [-] 10.0.0.106 "GET / HTTP/1.1" status: 200 len: 246 time: 0.0028348
2026-07-22 14:58:13.656 9 INFO neutron.wsgi [-] 10.0.0.106 "GET / HTTP/1.1" status: 200 len: 246 time: 0.0024865
2026-07-22 14:58:28.656 9 INFO neutron.wsgi [-] 10.0.0.106 "GET / HTTP/1.1" status: 200 len: 246 time: 0.0023894
2026-07-22 14:58:28.660 9 INFO neutron.wsgi [-] 10.0.0.106 "GET / HTTP/1.1" status: 200 len: 246 time: 0.0033555
2026-07-22 14:58:43.655 9 INFO neutron.wsgi [-] 10.0.0.106 "GET / HTTP/1.1" status: 200 len: 246 time: 0.0020435
2026-07-22 14:58:43.658 9 INFO neutron.wsgi [-] 10.0.0.106 "GET / HTTP/1.1" status: 200 len: 246 time: 0.0016799
2026-07-22 14:58:58.657 10 INFO neutron.wsgi [-] 10.0.0.106 "GET / HTTP/1.1" status: 200 len: 246 time: 0.0022898
2026-07-22 14:58:58.657 9 INFO neutron.wsgi [-] 10.0.0.106 "GET / HTTP/1.1" status: 200 len: 246 time: 0.0025554
2026-07-22 14:59:13.655 10 INFO neutron.wsgi [-] 10.0.0.106 "GET / HTTP/1.1" status: 200 len: 246 time: 0.0018723
2026-07-22 14:59:13.657 9 INFO neutron.wsgi [-] 10.0.0.106 "GET / HTTP/1.1" status: 200 len: 246 time: 0.0033076
2026-07-22 14:59:28.657 9 INFO neutron.wsgi [-] 10.0.0.106 "GET / HTTP/1.1" status: 200 len: 246 time: 0.0032015
2026-07-22 14:59:28.659 10 INFO neutron.wsgi [-] 10.0.0.106 "GET / HTTP/1.1" status: 200 len: 246 time: 0.0047343
2026-07-22 14:59:43.656 9 INFO neutron.wsgi [-] 10.0.0.106 "GET / HTTP/1.1" status: 200 len: 246 time: 0.0029395
2026-07-22 14:59:43.659 9 INFO neutron.wsgi [-] 10.0.0.106 "GET / HTTP/1.1" status: 200 len: 246 time: 0.0022604
2026-07-22 14:59:58.656 10 INFO neutron.wsgi [-] 10.0.0.106 "GET / HTTP/1.1" status: 200 len: 246 time: 0.0014560
2026-07-22 14:59:58.663 9 INFO neutron.wsgi [-] 10.0.0.106 "GET / HTTP/1.1" status: 200 len: 246 time: 0.0076411
2026-07-22 15:00:13.656 9 INFO neutron.wsgi [-] 10.0.0.106 "GET / HTTP/1.1" status: 200 len: 246 time: 0.0022626
2026-07-22 15:00:13.657 10 INFO neutron.wsgi [-] 10.0.0.106 "GET / HTTP/1.1" status: 200 len: 246 time: 0.0031483
2026-07-22 15:00:28.655 9 INFO neutron.wsgi [-] 10.0.0.106 "GET / HTTP/1.1" status: 200 len: 246 time: 0.0019908
2026-07-22 15:00:28.657 9 INFO neutron.wsgi [-] 10.0.0.106 "GET / HTTP/1.1" status: 200 len: 246 time: 0.0011349
2026-07-22 15:00:43.657 9 INFO neutron.wsgi [-] 10.0.0.106 "GET / HTTP/1.1" status: 200 len: 246 time: 0.0024004
2026-07-22 15:00:43.658 10 INFO neutron.wsgi [-] 10.0.0.106 "GET / HTTP/1.1" status: 200 len: 246 time: 0.0033076
2026-07-22 15:00:58.655 9 INFO neutron.wsgi [-] 10.0.0.106 "GET / HTTP/1.1" status: 200 len: 246 time: 0.0018485
2026-07-22 15:00:58.657 10 INFO neutron.wsgi [-] 10.0.0.106 "GET / HTTP/1.1" status: 200 len: 246 time: 0.0032198
2026-07-22 15:01:13.656 10 INFO neutron.wsgi [-] 10.0.0.106 "GET / HTTP/1.1" status: 200 len: 246 time: 0.0026367
2026-07-22 15:01:13.657 9 INFO neutron.wsgi [-] 10.0.0.106 "GET / HTTP/1.1" status: 200 len: 246 time: 0.0028050
2026-07-22 15:01:28.656 9 INFO neutron.wsgi [-] 10.0.0.106 "GET / HTTP/1.1" status: 200 len: 246 time: 0.0027165
2026-07-22 15:01:28.658 9 INFO neutron.wsgi [-] 10.0.0.106 "GET / HTTP/1.1" status: 200 len: 246 time: 0.0013371
2026-07-22 15:01:43.656 9 INFO neutron.wsgi [-] 10.0.0.106 "GET / HTTP/1.1" status: 200 len: 246 time: 0.0020652
2026-07-22 15:01:43.656 10 INFO neutron.wsgi [-] 10.0.0.106 "GET / HTTP/1.1" status: 200 len: 246 time: 0.0021899
2026-07-22 15:01:58.656 10 INFO neutron.wsgi [-] 10.0.0.106 "GET / HTTP/1.1" status: 200 len: 246 time: 0.0023482
2026-07-22 15:01:58.658 9 INFO neutron.wsgi [-] 10.0.0.106 "GET / HTTP/1.1" status: 200 len: 246 time: 0.0042353
2026-07-22 15:02:13.659 9 INFO neutron.wsgi [-] 10.0.0.106 "GET / HTTP/1.1" status: 200 len: 246 time: 0.0036707
2026-07-22 15:02:13.662 9 INFO neutron.wsgi [-] 10.0.0.106 "GET / HTTP/1.1" status: 200 len: 246 time: 0.0017760
2026-07-22 15:02:28.659 9 INFO neutron.wsgi [-] 10.0.0.106 "GET / HTTP/1.1" status: 200 len: 246 time: 0.0033660
2026-07-22 15:02:28.661 9 INFO neutron.wsgi [-] 10.0.0.106 "GET / HTTP/1.1" status: 200 len: 246 time: 0.0015535
2026-07-22 15:02:43.656 9 INFO neutron.wsgi [-] 10.0.0.106 "GET / HTTP/1.1" status: 200 len: 246 time: 0.0022094
2026-07-22 15:02:43.657 10 INFO neutron.wsgi [-] 10.0.0.106 "GET / HTTP/1.1" status: 200 len: 246 time: 0.0027897
2026-07-22 15:02:58.656 10 INFO neutron.wsgi [-] 10.0.0.106 "GET / HTTP/1.1" status: 200 len: 246 time: 0.0014977
2026-07-22 15:02:58.658 10 INFO neutron.wsgi [-] 10.0.0.106 "GET / HTTP/1.1" status: 200 len: 246 time: 0.0010433
2026-07-22 15:03:13.655 10 INFO neutron.wsgi [-] 10.0.0.106 "GET / HTTP/1.1" status: 200 len: 246 time: 0.0018148
2026-07-22 15:03:13.655 9 INFO neutron.wsgi [-] 10.0.0.106 "GET / HTTP/1.1" status: 200 len: 246 time: 0.0019546
2026-07-22 15:03:28.657 10 INFO neutron.wsgi [-] 10.0.0.106 "GET / HTTP/1.1" status: 200 len: 246 time: 0.0034423
2026-07-22 15:03:28.659 9 INFO neutron.wsgi [-] 10.0.0.106 "GET / HTTP/1.1" status: 200 len: 246 time: 0.0030863
2026-07-22 15:03:43.658 10 INFO neutron.wsgi [-] 10.0.0.106 "GET / HTTP/1.1" status: 200 len: 246 time: 0.0042810
2026-07-22 15:03:43.661 10 INFO neutron.wsgi [-] 10.0.0.106 "GET / HTTP/1.1" status: 200 len: 246 time: 0.0022101
2026-07-22 15:03:58.656 10 INFO neutron.wsgi [-] 10.0.0.106 "GET / HTTP/1.1" status: 200 len: 246 time: 0.0023324
2026-07-22 15:03:58.657 9 INFO neutron.wsgi [-] 10.0.0.106 "GET / HTTP/1.1" status: 200 len: 246 time: 0.0026288
2026-07-22 15:04:13.656 10 INFO neutron.wsgi [-] 10.0.0.106 "GET / HTTP/1.1" status: 200 len: 246 time: 0.0021052
2026-07-22 15:04:13.656 9 INFO neutron.wsgi [-] 10.0.0.106 "GET / HTTP/1.1" status: 200 len: 246 time: 0.0027738
2026-07-22 15:04:28.657 10 INFO neutron.wsgi [-] 10.0.0.106 "GET / HTTP/1.1" status: 200 len: 246 time: 0.0023856
2026-07-22 15:04:28.657 9 INFO neutron.wsgi [-] 10.0.0.106 "GET / HTTP/1.1" status: 200 len: 246 time: 0.0026286
2026-07-22 15:04:43.656 9 INFO neutron.wsgi [-] 10.0.0.106 "GET / HTTP/1.1" status: 200 len: 246 time: 0.0019007
2026-07-22 15:04:43.656 10 INFO neutron.wsgi [-] 10.0.0.106 "GET / HTTP/1.1" status: 200 len: 246 time: 0.0020406
2026-07-22 15:04:58.668 10 INFO neutron.wsgi [-] 10.0.0.106 "GET / HTTP/1.1" status: 200 len: 246 time: 0.0082440
2026-07-22 15:04:58.677 10 INFO neutron.wsgi [-] 10.0.0.106 "GET / HTTP/1.1" status: 200 len: 246 time: 0.0081828
2026-07-22 15:05:02.508 10 INFO neutron.db.ovn_revision_numbers_db [None req-219aa3f2-f2a5-4b66-91c6-60ac753c82b6 5c2d2eea7ebd43eaafe62f9f7646482d 1cefd14a2ae340718011307e746df049 - - default default] Successfully bumped revision number for resource 47444ab3-613e-424a-b9c8-601e007a7851 (type: security_groups) to 1
2026-07-22 15:05:02.546 10 INFO neutron.db.ovn_revision_numbers_db [None req-219aa3f2-f2a5-4b66-91c6-60ac753c82b6 5c2d2eea7ebd43eaafe62f9f7646482d 1cefd14a2ae340718011307e746df049 - - default default] Successfully bumped revision number for resource 32a5357e-951a-46f8-81f4-62a5c7eb928d (type: security_group_rules) to 0
2026-07-22 15:05:02.571 10 INFO neutron.db.ovn_revision_numbers_db [None req-219aa3f2-f2a5-4b66-91c6-60ac753c82b6 5c2d2eea7ebd43eaafe62f9f7646482d 1cefd14a2ae340718011307e746df049 - - default default] Successfully bumped revision number for resource 3e54fdc1-2324-46d7-a326-6d1be30d1376 (type: security_group_rules) to 0
2026-07-22 15:05:02.598 10 INFO neutron.db.ovn_revision_numbers_db [None req-219aa3f2-f2a5-4b66-91c6-60ac753c82b6 5c2d2eea7ebd43eaafe62f9f7646482d 1cefd14a2ae340718011307e746df049 - - default default] Successfully bumped revision number for resource e4ee45ad-cb6e-491c-b9f9-4c06fcd31fde (type: security_group_rules) to 0
2026-07-22 15:05:02.631 10 INFO neutron.db.ovn_revision_numbers_db [None req-219aa3f2-f2a5-4b66-91c6-60ac753c82b6 5c2d2eea7ebd43eaafe62f9f7646482d 1cefd14a2ae340718011307e746df049 - - default default] Successfully bumped revision number for resource ee65bb83-7400-4c59-a7fa-549d1fe042f0 (type: security_group_rules) to 0
2026-07-22 15:05:02.661 10 INFO neutron.wsgi [None req-219aa3f2-f2a5-4b66-91c6-60ac753c82b6 5c2d2eea7ebd43eaafe62f9f7646482d 1cefd14a2ae340718011307e746df049 - - default default] 199.204.45.95,10.0.0.106 "GET /v2.0/security-groups?tenant_id=86e0e1c0a1f14810805148bd2196cbdc HTTP/1.1" status: 200 len: 2973 time: 0.5406516
2026-07-22 15:05:02.952 10 INFO neutron.db.ovn_revision_numbers_db [None req-68127b97-7003-463c-9cdd-ad55825a0c61 5c2d2eea7ebd43eaafe62f9f7646482d 1cefd14a2ae340718011307e746df049 - - default default] Successfully bumped revision number for resource b1f9193d-701f-4c05-b814-f5107a366ac4 (type: security_groups) to 1
2026-07-22 15:05:03.068 10 INFO neutron.db.ovn_revision_numbers_db [None req-68127b97-7003-463c-9cdd-ad55825a0c61 5c2d2eea7ebd43eaafe62f9f7646482d 1cefd14a2ae340718011307e746df049 - - default default] Successfully bumped revision number for resource 4ac0c78f-e49f-4653-885f-5058c74e9ed3 (type: security_group_rules) to 0
2026-07-22 15:05:03.196 10 INFO neutron.db.ovn_revision_numbers_db [None req-68127b97-7003-463c-9cdd-ad55825a0c61 5c2d2eea7ebd43eaafe62f9f7646482d 1cefd14a2ae340718011307e746df049 - - default default] Successfully bumped revision number for resource 7fd96c56-a57c-406e-9001-30a4695269ff (type: security_group_rules) to 0
2026-07-22 15:05:03.442 10 INFO neutron.wsgi [None req-68127b97-7003-463c-9cdd-ad55825a0c61 5c2d2eea7ebd43eaafe62f9f7646482d 1cefd14a2ae340718011307e746df049 - - default default] 199.204.45.95,10.0.0.106 "POST /v2.0/security-groups HTTP/1.1" status: 201 len: 1741 time: 0.7735765
2026-07-22 15:05:04.693 10 INFO neutron.wsgi [None req-7b75d1a4-f216-423e-9c75-ece2af2191dc 5c2d2eea7ebd43eaafe62f9f7646482d 1cefd14a2ae340718011307e746df049 - - default default] 199.204.45.95,10.0.0.106 "GET /v2.0/security-groups?tenant_id=86e0e1c0a1f14810805148bd2196cbdc HTTP/1.1" status: 200 len: 4515 time: 0.3396714
2026-07-22 15:05:04.765 10 INFO neutron.wsgi [None req-bcc8da7f-3b64-4915-bb69-cb8ebf4d71ba 5c2d2eea7ebd43eaafe62f9f7646482d 1cefd14a2ae340718011307e746df049 - - default default] 199.204.45.95,10.0.0.106 "GET /v2.0/security-groups HTTP/1.1" status: 200 len: 14480 time: 0.0649545
2026-07-22 15:05:05.016 10 INFO neutron.db.ovn_revision_numbers_db [None req-ca6664ce-fc98-406b-b921-515f7f014d78 5c2d2eea7ebd43eaafe62f9f7646482d 1cefd14a2ae340718011307e746df049 - - default default] Successfully bumped revision number for resource ffe01a00-4b24-425b-a48c-09e3d9f3681d (type: security_group_rules) to 0
2026-07-22 15:05:05.052 10 INFO neutron.wsgi [None req-ca6664ce-fc98-406b-b921-515f7f014d78 5c2d2eea7ebd43eaafe62f9f7646482d 1cefd14a2ae340718011307e746df049 - - default default] 199.204.45.95,10.0.0.106 "POST /v2.0/security-group-rules HTTP/1.1" status: 201 len: 745 time: 0.2754331
2026-07-22 15:05:06.322 10 INFO neutron.wsgi [None req-ca0c7ad3-bfd8-404f-9550-2046e73b6cfd 5c2d2eea7ebd43eaafe62f9f7646482d 1cefd14a2ae340718011307e746df049 - - default default] 199.204.45.95,10.0.0.106 "GET /v2.0/security-groups?tenant_id=86e0e1c0a1f14810805148bd2196cbdc HTTP/1.1" status: 200 len: 5093 time: 0.1365423
2026-07-22 15:05:06.382 10 INFO neutron.wsgi [None req-20764ac2-fc78-488c-9a3c-fc9bf615451a 5c2d2eea7ebd43eaafe62f9f7646482d 1cefd14a2ae340718011307e746df049 - - default default] 199.204.45.95,10.0.0.106 "GET /v2.0/security-groups HTTP/1.1" status: 200 len: 15058 time: 0.0524416
2026-07-22 15:05:06.559 10 INFO neutron.db.ovn_revision_numbers_db [None req-667b6780-7048-4505-b294-532c1c4262f1 5c2d2eea7ebd43eaafe62f9f7646482d 1cefd14a2ae340718011307e746df049 - - default default] Successfully bumped revision number for resource ad3d5c7b-b402-47ec-80ab-82e6811e9475 (type: security_group_rules) to 0
2026-07-22 15:05:06.584 10 INFO neutron.wsgi [None req-667b6780-7048-4505-b294-532c1c4262f1 5c2d2eea7ebd43eaafe62f9f7646482d 1cefd14a2ae340718011307e746df049 - - default default] 199.204.45.95,10.0.0.106 "POST /v2.0/security-group-rules HTTP/1.1" status: 201 len: 747 time: 0.1917672
2026-07-22 15:05:07.590 10 INFO neutron.wsgi [None req-8b6f62a2-a287-4650-8e50-90108a969eba 5c2d2eea7ebd43eaafe62f9f7646482d 1cefd14a2ae340718011307e746df049 - - default default] 199.204.45.95,10.0.0.106 "GET /v2.0/security-groups?tenant_id=86e0e1c0a1f14810805148bd2196cbdc HTTP/1.1" status: 200 len: 5673 time: 0.1359956
2026-07-22 15:05:07.666 10 INFO neutron.wsgi [None req-e91691ce-8622-42b1-9de7-edde1160c8fe 5c2d2eea7ebd43eaafe62f9f7646482d 1cefd14a2ae340718011307e746df049 - - default default] 199.204.45.95,10.0.0.106 "GET /v2.0/security-groups HTTP/1.1" status: 200 len: 15638 time: 0.0672128
2026-07-22 15:05:07.835 10 INFO neutron.db.ovn_revision_numbers_db [None req-df1362e5-270c-4fe4-95ac-c2a1f2f3956d 5c2d2eea7ebd43eaafe62f9f7646482d 1cefd14a2ae340718011307e746df049 - - default default] Successfully bumped revision number for resource 2ba69496-22eb-4a23-9c75-37ba2420c881 (type: security_group_rules) to 0
2026-07-22 15:05:07.862 10 INFO neutron.wsgi [None req-df1362e5-270c-4fe4-95ac-c2a1f2f3956d 5c2d2eea7ebd43eaafe62f9f7646482d 1cefd14a2ae340718011307e746df049 - - default default] 199.204.45.95,10.0.0.106 "POST /v2.0/security-group-rules HTTP/1.1" status: 201 len: 749 time: 0.1822999
2026-07-22 15:05:08.881 10 INFO neutron.wsgi [None req-4162126f-ede8-4217-b771-16cadd764edb 5c2d2eea7ebd43eaafe62f9f7646482d 1cefd14a2ae340718011307e746df049 - - default default] 199.204.45.95,10.0.0.106 "GET /v2.0/security-groups?tenant_id=86e0e1c0a1f14810805148bd2196cbdc HTTP/1.1" status: 200 len: 6255 time: 0.0860064
2026-07-22 15:05:08.946 10 INFO neutron.wsgi [None req-65907872-fa18-4396-9d6b-862cdee45564 5c2d2eea7ebd43eaafe62f9f7646482d 1cefd14a2ae340718011307e746df049 - - default default] 199.204.45.95,10.0.0.106 "GET /v2.0/security-groups HTTP/1.1" status: 200 len: 16220 time: 0.0540018
2026-07-22 15:05:09.138 10 INFO neutron.db.ovn_revision_numbers_db [None req-598d3c08-42e1-49f2-a3b0-4eaf16ba2fa5 5c2d2eea7ebd43eaafe62f9f7646482d 1cefd14a2ae340718011307e746df049 - - default default] Successfully bumped revision number for resource 9dcca039-9d94-4543-b051-0b20a6654dcb (type: security_group_rules) to 0
2026-07-22 15:05:09.177 10 INFO neutron.wsgi [None req-598d3c08-42e1-49f2-a3b0-4eaf16ba2fa5 5c2d2eea7ebd43eaafe62f9f7646482d 1cefd14a2ae340718011307e746df049 - - default default] 199.204.45.95,10.0.0.106 "POST /v2.0/security-group-rules HTTP/1.1" status: 201 len: 750 time: 0.2181325
2026-07-22 15:05:13.655 9 INFO neutron.wsgi [-] 10.0.0.106 "GET / HTTP/1.1" status: 200 len: 246 time: 0.0018594
2026-07-22 15:05:13.656 10 INFO neutron.wsgi [-] 10.0.0.106 "GET / HTTP/1.1" status: 200 len: 246 time: 0.0020921
2026-07-22 15:05:28.656 10 INFO neutron.wsgi [-] 10.0.0.106 "GET / HTTP/1.1" status: 200 len: 246 time: 0.0018227
2026-07-22 15:05:28.658 9 INFO neutron.wsgi [-] 10.0.0.106 "GET / HTTP/1.1" status: 200 len: 246 time: 0.0041008
2026-07-22 15:05:43.657 10 INFO neutron.wsgi [-] 10.0.0.106 "GET / HTTP/1.1" status: 200 len: 246 time: 0.0028195
2026-07-22 15:05:43.659 10 INFO neutron.wsgi [-] 10.0.0.106 "GET / HTTP/1.1" status: 200 len: 246 time: 0.0013387
2026-07-22 15:05:58.656 10 INFO neutron.wsgi [-] 10.0.0.106 "GET / HTTP/1.1" status: 200 len: 246 time: 0.0018976
2026-07-22 15:05:58.657 9 INFO neutron.wsgi [-] 10.0.0.106 "GET / HTTP/1.1" status: 200 len: 246 time: 0.0025034
2026-07-22 15:06:13.656 9 INFO neutron.wsgi [-] 10.0.0.106 "GET / HTTP/1.1" status: 200 len: 246 time: 0.0023589
2026-07-22 15:06:13.658 10 INFO neutron.wsgi [-] 10.0.0.106 "GET / HTTP/1.1" status: 200 len: 246 time: 0.0031571
2026-07-22 15:06:28.659 9 INFO neutron.wsgi [-] 10.0.0.106 "GET / HTTP/1.1" status: 200 len: 246 time: 0.0041482
2026-07-22 15:06:28.662 9 INFO neutron.wsgi [-] 10.0.0.106 "GET / HTTP/1.1" status: 200 len: 246 time: 0.0017695
2026-07-22 15:06:43.657 10 INFO neutron.wsgi [-] 10.0.0.106 "GET / HTTP/1.1" status: 200 len: 246 time: 0.0030782
2026-07-22 15:06:43.659 10 INFO neutron.wsgi [-] 10.0.0.106 "GET / HTTP/1.1" status: 200 len: 246 time: 0.0014715
2026-07-22 15:06:58.655 10 INFO neutron.wsgi [-] 10.0.0.106 "GET / HTTP/1.1" status: 200 len: 246 time: 0.0017204
2026-07-22 15:06:58.657 9 INFO neutron.wsgi [-] 10.0.0.106 "GET / HTTP/1.1" status: 200 len: 246 time: 0.0033901
2026-07-22 15:07:13.655 10 INFO neutron.wsgi [-] 10.0.0.106 "GET / HTTP/1.1" status: 200 len: 246 time: 0.0014575
2026-07-22 15:07:13.656 9 INFO neutron.wsgi [-] 10.0.0.106 "GET / HTTP/1.1" status: 200 len: 246 time: 0.0016866 /var/lib/openstack/lib/python3.10/site-packages/pycadf/identifier.py:71: UserWarning: Invalid uuid: neutron. To ensure interoperability, identifiers should be a valid uuid. warnings.warn(('Invalid uuid: %s. To ensure interoperability, '
2026-07-22 15:07:25.475 9 INFO neutron.wsgi [None req-82ca1654-446e-4fd8-8e00-acafd0eba74a 8e6a961f10de4e11af3d2b8d54a3fe25 86e0e1c0a1f14810805148bd2196cbdc - - e37e2322584140228abb0979f9eb5225 e37e2322584140228abb0979f9eb5225] 199.204.45.95 "GET /v2.0/networks?tenant_id=86e0e1c0a1f14810805148bd2196cbdc&shared=False HTTP/1.1" status: 200 len: 213 time: 0.1770554
2026-07-22 15:07:25.595 9 INFO neutron.db.segments_db [None req-a6830617-ae65-4b2e-854e-62a2ca64e2aa 8e6a961f10de4e11af3d2b8d54a3fe25 86e0e1c0a1f14810805148bd2196cbdc - - e37e2322584140228abb0979f9eb5225 e37e2322584140228abb0979f9eb5225] Added segment 10119b0b-cd06-4a4c-967a-7728785246c5 of type geneve for network 3b66ec4e-dbe3-43b4-bfbd-da638d986a03
2026-07-22 15:07:25.801 9 INFO neutron.db.ovn_revision_numbers_db [None req-a6830617-ae65-4b2e-854e-62a2ca64e2aa 8e6a961f10de4e11af3d2b8d54a3fe25 86e0e1c0a1f14810805148bd2196cbdc - - e37e2322584140228abb0979f9eb5225 e37e2322584140228abb0979f9eb5225] Successfully bumped revision number for resource 3b66ec4e-dbe3-43b4-bfbd-da638d986a03 (type: networks) to 1
2026-07-22 15:07:25.968 9 WARNING neutron.scheduler.dhcp_agent_scheduler [None req-a6830617-ae65-4b2e-854e-62a2ca64e2aa 8e6a961f10de4e11af3d2b8d54a3fe25 86e0e1c0a1f14810805148bd2196cbdc - - e37e2322584140228abb0979f9eb5225 e37e2322584140228abb0979f9eb5225] No more DHCP agents
2026-07-22 15:07:25.969 9 WARNING neutron.api.rpc.agentnotifiers.dhcp_rpc_agent_api [None req-a6830617-ae65-4b2e-854e-62a2ca64e2aa 8e6a961f10de4e11af3d2b8d54a3fe25 86e0e1c0a1f14810805148bd2196cbdc - - e37e2322584140228abb0979f9eb5225 e37e2322584140228abb0979f9eb5225] Unable to schedule network 3b66ec4e-dbe3-43b4-bfbd-da638d986a03: no agents available; will retry on subsequent port and subnet creation events.
2026-07-22 15:07:26.059 9 INFO neutron.db.ovn_revision_numbers_db [None req-a6830617-ae65-4b2e-854e-62a2ca64e2aa 8e6a961f10de4e11af3d2b8d54a3fe25 86e0e1c0a1f14810805148bd2196cbdc - - e37e2322584140228abb0979f9eb5225 e37e2322584140228abb0979f9eb5225] Successfully bumped revision number for resource f3facf74-1bd8-44fc-8535-5a423b18dce2 (type: ports) to 1
