2026-07-22 15:25:52.599 9 INFO neutron.wsgi [req-f3dd7d38-a99b-401f-b610-c355fab98e44 req-c1121c0f-a3a8-4f5b-8bf5-6a8c4d93f2b3 e62eee8fa42a4163a3ae678d2c8ae9aa 86e0e1c0a1f14810805148bd2196cbdc - - e37e2322584140228abb0979f9eb5225 e37e2322584140228abb0979f9eb5225] 199.204.45.95 "GET /v2.0/networks/a0670e8e-ad06-44a9-88c2-0102eed546c9?fields=segments HTTP/1.1" status: 200 len: 212 time: 0.3259847
2026-07-22 15:25:52.608 9 WARNING neutron.scheduler.dhcp_agent_scheduler [None req-32ffbdb6-f51f-43b4-aebe-134295305b37 b4e447bb2a314c5b84c39ad80eb2e47d 04798592b0304f23b87a89f75f6b8c4d - - default default] No more DHCP agents
2026-07-22 15:25:52.611 9 WARNING neutron.api.rpc.agentnotifiers.dhcp_rpc_agent_api [None req-32ffbdb6-f51f-43b4-aebe-134295305b37 b4e447bb2a314c5b84c39ad80eb2e47d 04798592b0304f23b87a89f75f6b8c4d - - default default] Unable to schedule network c2af0242-a66d-484b-b34b-5bae674d9265: no agents available; will retry on subsequent port and subnet creation events. /var/lib/openstack/lib/python3.10/site-packages/pycadf/identifier.py:71: UserWarning: Invalid uuid: neutron. To ensure interoperability, identifiers should be a valid uuid. warnings.warn(('Invalid uuid: %s. To ensure interoperability, '
2026-07-22 15:25:52.667 9 WARNING neutron.scheduler.dhcp_agent_scheduler [None req-112f2683-1f3c-40f8-90c5-4fc088d72eb6 9282047a604c4d64a680cc9cb24471f2 cc8a2a38933d4d07bcc02fbf3747bad4 - - default default] No more DHCP agents
2026-07-22 15:25:52.678 9 WARNING neutron.api.rpc.agentnotifiers.dhcp_rpc_agent_api [None req-112f2683-1f3c-40f8-90c5-4fc088d72eb6 9282047a604c4d64a680cc9cb24471f2 cc8a2a38933d4d07bcc02fbf3747bad4 - - default default] Unable to schedule network c0347165-9978-47ca-a665-2e6f1e493136: no agents available; will retry on subsequent port and subnet creation events.
2026-07-22 15:25:52.747 9 INFO neutron.wsgi [req-f3dd7d38-a99b-401f-b610-c355fab98e44 req-edebbdd2-43e7-4871-bfbe-cc16fd2c1933 e62eee8fa42a4163a3ae678d2c8ae9aa 86e0e1c0a1f14810805148bd2196cbdc - - e37e2322584140228abb0979f9eb5225 e37e2322584140228abb0979f9eb5225] 199.204.45.95 "GET /v2.0/networks/a0670e8e-ad06-44a9-88c2-0102eed546c9?fields=provider%3Aphysical_network&fields=provider%3Anetwork_type HTTP/1.1" status: 200 len: 277 time: 0.1376166
2026-07-22 15:25:52.768 9 INFO neutron.db.ovn_revision_numbers_db [None req-32ffbdb6-f51f-43b4-aebe-134295305b37 b4e447bb2a314c5b84c39ad80eb2e47d 04798592b0304f23b87a89f75f6b8c4d - - default default] Successfully bumped revision number for resource b09588cc-ebaf-4c86-9d9c-c5219d89252a (type: ports) to 1
2026-07-22 15:25:52.818 9 INFO neutron.db.ovn_revision_numbers_db [None req-112f2683-1f3c-40f8-90c5-4fc088d72eb6 9282047a604c4d64a680cc9cb24471f2 cc8a2a38933d4d07bcc02fbf3747bad4 - - default default] Successfully bumped revision number for resource d1a325e6-a1e4-4d30-8c4f-0311d235fa31 (type: ports) to 1
2026-07-22 15:25:52.853 9 INFO neutron.wsgi [None req-112f2683-1f3c-40f8-90c5-4fc088d72eb6 9282047a604c4d64a680cc9cb24471f2 cc8a2a38933d4d07bcc02fbf3747bad4 - - default default] 10.0.0.179 "POST /v2.0/ports HTTP/1.1" status: 201 len: 973 time: 0.8693008
2026-07-22 15:25:52.858 9 INFO neutron.db.ovn_revision_numbers_db [None req-32ffbdb6-f51f-43b4-aebe-134295305b37 b4e447bb2a314c5b84c39ad80eb2e47d 04798592b0304f23b87a89f75f6b8c4d - - default default] Successfully bumped revision number for resource 492e111c-b5ea-4f3a-82e5-9034eb90a138 (type: networks) to 1
2026-07-22 15:25:52.967 9 INFO neutron.plugins.ml2.drivers.ovn.mech_driver.mech_driver [None req-dce3b029-d00b-4178-9294-9dee77922ec6 - - - - - -] OVN reports status down for port: 1e9f4b0b-05f4-4755-b5f9-d4134c86b08e
2026-07-22 15:25:53.089 9 WARNING neutron.scheduler.dhcp_agent_scheduler [None req-32ffbdb6-f51f-43b4-aebe-134295305b37 b4e447bb2a314c5b84c39ad80eb2e47d 04798592b0304f23b87a89f75f6b8c4d - - default default] No more DHCP agents
2026-07-22 15:25:53.090 9 WARNING neutron.api.rpc.agentnotifiers.dhcp_rpc_agent_api [None req-32ffbdb6-f51f-43b4-aebe-134295305b37 b4e447bb2a314c5b84c39ad80eb2e47d 04798592b0304f23b87a89f75f6b8c4d - - default default] Unable to schedule network 492e111c-b5ea-4f3a-82e5-9034eb90a138: no agents available; will retry on subsequent port and subnet creation events.
2026-07-22 15:25:53.132 9 INFO neutron.notifiers.nova [-] Nova event matching ['req-b7e670af-eedf-4de1-9d31-418c2877be8b'] response: {'server_uuid': 'cfc38cab-4807-425e-9943-2168b8e4c99e', 'name': 'network-vif-unplugged', 'status': 'completed', 'tag': '1e9f4b0b-05f4-4755-b5f9-d4134c86b08e', 'code': 200} /var/lib/openstack/lib/python3.10/site-packages/pycadf/identifier.py:71: UserWarning: Invalid uuid: neutron. To ensure interoperability, identifiers should be a valid uuid. warnings.warn(('Invalid uuid: %s. To ensure interoperability, '
2026-07-22 15:25:53.203 10 INFO neutron.wsgi [req-0484532d-a800-48c3-9906-ef0b55dee27d req-2d34d19c-0ec4-4e4d-b1bd-8dc0f9641fa5 c2a5c053a51e4f19bf96ddbfbab7937f 39fa64bd1f4e4da8bfceb01b08119666 - - default default] 10.0.0.64 "GET /v2.0/ports?device_id=cfc38cab-4807-425e-9943-2168b8e4c99e HTTP/1.1" status: 200 len: 1172 time: 0.0609434
2026-07-22 15:25:53.236 9 INFO neutron.db.ovn_revision_numbers_db [None req-32ffbdb6-f51f-43b4-aebe-134295305b37 b4e447bb2a314c5b84c39ad80eb2e47d 04798592b0304f23b87a89f75f6b8c4d - - default default] Successfully bumped revision number for resource b9ec4abf-f025-47f2-99bc-8e10b419c5b3 (type: ports) to 1
2026-07-22 15:25:53.253 10 INFO neutron.db.ovn_revision_numbers_db [None req-78accc2f-8d4b-40c8-a369-8b40a46b77df 9282047a604c4d64a680cc9cb24471f2 cc8a2a38933d4d07bcc02fbf3747bad4 - - default default] Successfully bumped revision number for resource d1a325e6-a1e4-4d30-8c4f-0311d235fa31 (type: ports) to 2
2026-07-22 15:25:53.264 9 INFO neutron.wsgi [None req-32ffbdb6-f51f-43b4-aebe-134295305b37 b4e447bb2a314c5b84c39ad80eb2e47d 04798592b0304f23b87a89f75f6b8c4d - - default default] 10.0.0.179 "POST /v2.0/networks HTTP/1.1" status: 201 len: 1445 time: 2.1698840
2026-07-22 15:25:53.267 10 INFO neutron.wsgi [None req-78accc2f-8d4b-40c8-a369-8b40a46b77df 9282047a604c4d64a680cc9cb24471f2 cc8a2a38933d4d07bcc02fbf3747bad4 - - default default] 10.0.0.179 "PUT /v2.0/ports/d1a325e6-a1e4-4d30-8c4f-0311d235fa31 HTTP/1.1" status: 200 len: 946 time: 0.4062328 /var/lib/openstack/lib/python3.10/site-packages/pycadf/identifier.py:71: UserWarning: Invalid uuid: neutron. To ensure interoperability, identifiers should be a valid uuid. warnings.warn(('Invalid uuid: %s. To ensure interoperability, '
2026-07-22 15:25:53.287 10 INFO neutron.wsgi [req-0484532d-a800-48c3-9906-ef0b55dee27d req-4a1b5ca9-8a38-4603-8700-9e6f53103c86 c2a5c053a51e4f19bf96ddbfbab7937f 39fa64bd1f4e4da8bfceb01b08119666 - - default default] 10.0.0.64 "GET /v2.0/security-groups?id=26be2f6d-1c5a-4fff-b841-df4d68866d27&fields=id&fields=name HTTP/1.1" status: 200 len: 313 time: 0.0747406
2026-07-22 15:25:53.325 10 INFO neutron.wsgi [None req-9ff8195f-6c80-441b-b708-20d6629827b2 a0410239f5db403180ba747e13ce11ee 745f023684a547bfabb6268415483278 - - default default] 10.0.0.179 "DELETE /v2.0/networks/ed70c806-5326-4a68-b797-ae1546ab68a8 HTTP/1.1" status: 204 len: 168 time: 0.7459397
2026-07-22 15:25:53.357 9 INFO neutron.wsgi [None req-db1ddc76-e56e-4bf2-95d2-12b7561464e8 b4e447bb2a314c5b84c39ad80eb2e47d 04798592b0304f23b87a89f75f6b8c4d - - default default] 10.0.0.179 "GET /v2.0/networks HTTP/1.1" status: 200 len: 2051 time: 0.0882888
2026-07-22 15:25:53.360 10 INFO neutron.pecan_wsgi.hooks.translation [None req-520360b5-aff9-44c2-963a-5fdbf24450f7 a0410239f5db403180ba747e13ce11ee 745f023684a547bfabb6268415483278 - - default default] DELETE failed (client error): The resource could not be found.
2026-07-22 15:25:53.363 10 INFO neutron.wsgi [None req-520360b5-aff9-44c2-963a-5fdbf24450f7 a0410239f5db403180ba747e13ce11ee 745f023684a547bfabb6268415483278 - - default default] 10.0.0.179 "DELETE /v2.0/networks/ed70c806-5326-4a68-b797-ae1546ab68a8 HTTP/1.1" status: 404 len: 339 time: 0.0292106
2026-07-22 15:25:53.384 9 INFO neutron.db.ovn_revision_numbers_db [None req-dce3b029-d00b-4178-9294-9dee77922ec6 - - - - - -] Successfully bumped revision number for resource 1e9f4b0b-05f4-4755-b5f9-d4134c86b08e (type: ports) to 5
2026-07-22 15:25:53.420 9 INFO neutron.plugins.ml2.drivers.ovn.mech_driver.mech_driver [None req-dce3b029-d00b-4178-9294-9dee77922ec6 - - - - - -] OVN reports status down for port: d1a325e6-a1e4-4d30-8c4f-0311d235fa31
2026-07-22 15:25:53.493 10 INFO neutron.wsgi [None req-6dcd856f-6493-4fce-a67d-247c32b1b11e a0410239f5db403180ba747e13ce11ee 745f023684a547bfabb6268415483278 - - default default] 10.0.0.179 "GET /v2.0/networks?router%3Aexternal=True HTTP/1.1" status: 200 len: 845 time: 0.1232336
2026-07-22 15:25:53.572 10 INFO neutron.wsgi [None req-999a92c8-9fd6-418e-a24f-712298f6cfdd a0410239f5db403180ba747e13ce11ee 745f023684a547bfabb6268415483278 - - default default] 10.0.0.179 "GET /v2.0/subnets?network_id=01aaf83a-285e-4494-8eff-240afccb5159 HTTP/1.1" status: 200 len: 820 time: 0.0722809
2026-07-22 15:25:53.581 9 INFO neutron.plugins.ml2.drivers.ovn.mech_driver.mech_driver [None req-dce3b029-d00b-4178-9294-9dee77922ec6 - - - - - -] OVN reports status up for port: 1e9f4b0b-05f4-4755-b5f9-d4134c86b08e
2026-07-22 15:25:53.582 10 INFO neutron.wsgi [None req-a3a4ba3b-c37c-4a95-8992-f5e231bc05d8 a0410239f5db403180ba747e13ce11ee 745f023684a547bfabb6268415483278 - - default default] 10.0.0.179 "GET /v2.0/extensions HTTP/1.1" status: 200 len: 16520 time: 0.0064523 /var/lib/openstack/lib/python3.10/site-packages/pycadf/identifier.py:71: UserWarning: Invalid uuid: neutron. To ensure interoperability, identifiers should be a valid uuid. warnings.warn(('Invalid uuid: %s. To ensure interoperability, '
2026-07-22 15:25:53.608 9 INFO neutron.plugins.ml2.plugin [None req-dce3b029-d00b-4178-9294-9dee77922ec6 - - - - - -] Attempt 1 to provision port 1e9f4b0b-05f4-4755-b5f9-d4134c86b08e
2026-07-22 15:25:53.657 10 INFO neutron.wsgi [None req-685a92c4-cff7-410c-a795-e290110fe358 9282047a604c4d64a680cc9cb24471f2 cc8a2a38933d4d07bcc02fbf3747bad4 - - default default] 10.0.0.179 "DELETE /v2.0/ports/d1a325e6-a1e4-4d30-8c4f-0311d235fa31 HTTP/1.1" status: 204 len: 168 time: 0.3830981
2026-07-22 15:25:53.715 9 INFO neutron.wsgi [None req-17c35c05-e0b9-4a77-821e-7b177376c297 a0410239f5db403180ba747e13ce11ee 745f023684a547bfabb6268415483278 - - default default] 10.0.0.179 "GET /v2.0/networks HTTP/1.1" status: 200 len: 1507 time: 0.1242683
2026-07-22 15:25:53.748 10 INFO neutron.wsgi [None req-033c540e-1894-4907-b0b4-b4f5cfc0797e 9282047a604c4d64a680cc9cb24471f2 cc8a2a38933d4d07bcc02fbf3747bad4 - - default default] 10.0.0.179 "GET /v2.0/ports HTTP/1.1" status: 200 len: 1729 time: 0.0862348
2026-07-22 15:25:53.768 10 INFO neutron.pecan_wsgi.hooks.translation [None req-42816068-1e52-4437-af26-e26326d3d566 9282047a604c4d64a680cc9cb24471f2 cc8a2a38933d4d07bcc02fbf3747bad4 - - default default] GET failed (client error): The resource could not be found.
2026-07-22 15:25:53.769 10 INFO neutron.wsgi [None req-42816068-1e52-4437-af26-e26326d3d566 9282047a604c4d64a680cc9cb24471f2 cc8a2a38933d4d07bcc02fbf3747bad4 - - default default] 10.0.0.179 "GET /v2.0/ports/d1a325e6-a1e4-4d30-8c4f-0311d235fa31 HTTP/1.1" status: 404 len: 333 time: 0.0169067
2026-07-22 15:25:53.781 9 INFO neutron.wsgi [None req-f2964b62-eb2f-4324-a8f2-3f6f20fcbefb a0410239f5db403180ba747e13ce11ee 745f023684a547bfabb6268415483278 - - default default] 10.0.0.179 "GET /v2.0/subnets HTTP/1.1" status: 200 len: 1460 time: 0.0556839
2026-07-22 15:25:53.815 10 INFO neutron.wsgi [None req-1601d437-49f3-4042-a577-851b209ae19e 9282047a604c4d64a680cc9cb24471f2 cc8a2a38933d4d07bcc02fbf3747bad4 - - default default] 10.0.0.179 "GET /v2.0/ports HTTP/1.1" status: 200 len: 1729 time: 0.0347319
2026-07-22 15:25:53.856 10 INFO neutron.wsgi [None req-16fbb62f-7c1e-45bb-aaf6-8f3a3218a6f4 9282047a604c4d64a680cc9cb24471f2 cc8a2a38933d4d07bcc02fbf3747bad4 - - default default] 10.0.0.179 "GET /v2.0/ports/781fcb3d-cd73-4c69-921b-aa3faa0f4f62 HTTP/1.1" status: 200 len: 969 time: 0.0346267
2026-07-22 15:25:53.888 10 INFO neutron.pecan_wsgi.hooks.translation [None req-25b549bc-7d73-47c1-b883-6ba5e75a789a 9282047a604c4d64a680cc9cb24471f2 cc8a2a38933d4d07bcc02fbf3747bad4 - - default default] DELETE failed (client error): The resource could not be found.
2026-07-22 15:25:53.890 9 INFO neutron.wsgi [None req-0392220f-e9f0-4bf8-a364-acdc812f4e53 a0410239f5db403180ba747e13ce11ee 745f023684a547bfabb6268415483278 - - default default] 10.0.0.179 "GET /v2.0/networks/5265c761-b02b-4d66-95e4-40262bfde494 HTTP/1.1" status: 200 len: 866 time: 0.0926280
2026-07-22 15:25:53.891 10 INFO neutron.wsgi [None req-25b549bc-7d73-47c1-b883-6ba5e75a789a 9282047a604c4d64a680cc9cb24471f2 cc8a2a38933d4d07bcc02fbf3747bad4 - - default default] 10.0.0.179 "DELETE /v2.0/ports/48cdc63c-de53-4f48-86db-724390e71710 HTTP/1.1" status: 404 len: 333 time: 0.0230718
2026-07-22 15:25:53.923 9 INFO neutron.services.segments.plugin [-] Segment 05ceeaac-57a0-468c-82b8-1c6af6b9fa08 resource provider aggregate not found
2026-07-22 15:25:53.925 10 INFO neutron.pecan_wsgi.hooks.translation [None req-3abc7eeb-d15d-4ca1-8392-4e35b02e03c4 9282047a604c4d64a680cc9cb24471f2 cc8a2a38933d4d07bcc02fbf3747bad4 - - default default] DELETE failed (client error): The resource could not be found.
2026-07-22 15:25:53.927 10 INFO neutron.wsgi [None req-3abc7eeb-d15d-4ca1-8392-4e35b02e03c4 9282047a604c4d64a680cc9cb24471f2 cc8a2a38933d4d07bcc02fbf3747bad4 - - default default] 10.0.0.179 "DELETE /v2.0/subnets/8000dc62-dc37-4d9f-adb3-3afa39813c75 HTTP/1.1" status: 404 len: 337 time: 0.0215485
2026-07-22 15:25:53.934 9 INFO neutron.services.segments.plugin [-] Segment 05ceeaac-57a0-468c-82b8-1c6af6b9fa08 resource provider aggregate not found
2026-07-22 15:25:53.947 9 INFO neutron.services.segments.plugin [-] Segment 05ceeaac-57a0-468c-82b8-1c6af6b9fa08 resource provider not found; error: Placement Client Error (4xx): {"errors": [{"status": 404, "title": "Not Found", "detail": "The resource could not be found.\n\n No resource provider with uuid 05ceeaac-57a0-468c-82b8-1c6af6b9fa08 found for delete ", "request_id": "req-1f84d1f6-0db0-4623-99ac-8fbc772d6c30"}]}
2026-07-22 15:25:53.954 10 INFO neutron.services.segments.plugin [-] Segment 73fe8c91-32ad-45b9-86c7-308c63b96ed8 resource provider aggregate not found
2026-07-22 15:25:53.955 9 INFO neutron.services.segments.plugin [-] Segment 05ceeaac-57a0-468c-82b8-1c6af6b9fa08 resource provider not found; error: Placement Client Error (4xx): {"errors": [{"status": 404, "title": "Not Found", "detail": "The resource could not be found.\n\n No resource provider with uuid 05ceeaac-57a0-468c-82b8-1c6af6b9fa08 found for delete ", "request_id": "req-40fd85ec-14cd-4d21-a410-5ae4ee8d18b2"}]}
2026-07-22 15:25:53.968 10 INFO neutron.wsgi [None req-a86be991-71e4-4ab8-802c-03d1f9159064 a0410239f5db403180ba747e13ce11ee 745f023684a547bfabb6268415483278 - - default default] 10.0.0.179 "GET /v2.0/subnets/0babb308-d6b9-4104-bf03-a3b6f223ab69 HTTP/1.1" status: 200 len: 843 time: 0.0705435
2026-07-22 15:25:53.969 10 INFO neutron.pecan_wsgi.hooks.translation [None req-41095d0a-47e6-43af-9fb1-28c467d6fb5f 9282047a604c4d64a680cc9cb24471f2 cc8a2a38933d4d07bcc02fbf3747bad4 - - default default] DELETE failed (client error): The resource could not be found.
2026-07-22 15:25:53.971 10 INFO neutron.wsgi [None req-41095d0a-47e6-43af-9fb1-28c467d6fb5f 9282047a604c4d64a680cc9cb24471f2 cc8a2a38933d4d07bcc02fbf3747bad4 - - default default] 10.0.0.179 "DELETE /v2.0/subnets/48721b90-0025-487b-919e-da9687ec9a6d HTTP/1.1" status: 404 len: 337 time: 0.0342700
2026-07-22 15:25:53.972 10 INFO neutron.services.segments.plugin [-] Segment 73fe8c91-32ad-45b9-86c7-308c63b96ed8 resource provider not found; error: Placement Client Error (4xx): {"errors": [{"status": 404, "title": "Not Found", "detail": "The resource could not be found.\n\n No resource provider with uuid 73fe8c91-32ad-45b9-86c7-308c63b96ed8 found for delete ", "request_id": "req-a8db8dd7-66f5-4631-9833-4f7d503e043a"}]}
2026-07-22 15:25:53.973 10 INFO neutron.services.segments.plugin [-] Segment 73fe8c91-32ad-45b9-86c7-308c63b96ed8 resource provider aggregate not found
2026-07-22 15:25:53.987 10 INFO neutron.services.segments.plugin [-] Segment 73fe8c91-32ad-45b9-86c7-308c63b96ed8 resource provider not found; error: Placement Client Error (4xx): {"errors": [{"status": 404, "title": "Not Found", "detail": "The resource could not be found.\n\n No resource provider with uuid 73fe8c91-32ad-45b9-86c7-308c63b96ed8 found for delete ", "request_id": "req-2766981b-97b8-43fa-88fa-2c03d28ca50a"}]}
2026-07-22 15:25:53.999 9 INFO neutron.wsgi [None req-85aaba21-573c-457a-80ec-fd9854fb348a b4e447bb2a314c5b84c39ad80eb2e47d 04798592b0304f23b87a89f75f6b8c4d - - default default] 10.0.0.179 "DELETE /v2.0/networks/c2af0242-a66d-484b-b34b-5bae674d9265 HTTP/1.1" status: 204 len: 168 time: 0.6300459
2026-07-22 15:25:54.007 9 INFO neutron.pecan_wsgi.hooks.translation [None req-28ddb5ad-2646-4b76-8646-cf6b988e7b59 a0410239f5db403180ba747e13ce11ee 745f023684a547bfabb6268415483278 - - default default] DELETE failed (client error): The resource could not be found.
2026-07-22 15:25:54.009 9 INFO neutron.wsgi [None req-28ddb5ad-2646-4b76-8646-cf6b988e7b59 a0410239f5db403180ba747e13ce11ee 745f023684a547bfabb6268415483278 - - default default] 10.0.0.179 "DELETE /v2.0/subnets/455d3d31-08df-4369-8fbd-d4b6a30f6c25 HTTP/1.1" status: 404 len: 337 time: 0.0325744
2026-07-22 15:25:54.035 9 INFO neutron.pecan_wsgi.hooks.translation [None req-f4df7b6c-1bcd-4d09-8722-3aad376ae0f1 a0410239f5db403180ba747e13ce11ee 745f023684a547bfabb6268415483278 - - default default] DELETE failed (client error): The resource could not be found.
2026-07-22 15:25:54.037 9 INFO neutron.wsgi [None req-f4df7b6c-1bcd-4d09-8722-3aad376ae0f1 a0410239f5db403180ba747e13ce11ee 745f023684a547bfabb6268415483278 - - default default] 10.0.0.179 "DELETE /v2.0/networks/ed70c806-5326-4a68-b797-ae1546ab68a8 HTTP/1.1" status: 404 len: 339 time: 0.0219114
2026-07-22 15:25:54.110 9 INFO neutron.db.ovn_revision_numbers_db [None req-dce3b029-d00b-4178-9294-9dee77922ec6 - - - - - -] Successfully bumped revision number for resource 1e9f4b0b-05f4-4755-b5f9-d4134c86b08e (type: ports) to 6
2026-07-22 15:25:54.256 10 INFO neutron.wsgi [None req-a3b22dd9-cf6b-46bf-aeed-575ee6336858 9282047a604c4d64a680cc9cb24471f2 cc8a2a38933d4d07bcc02fbf3747bad4 - - default default] 10.0.0.179 "DELETE /v2.0/ports/781fcb3d-cd73-4c69-921b-aa3faa0f4f62 HTTP/1.1" status: 204 len: 168 time: 0.2779458 /var/lib/openstack/lib/python3.10/site-packages/pycadf/identifier.py:71: UserWarning: Invalid uuid: neutron. To ensure interoperability, identifiers should be a valid uuid. warnings.warn(('Invalid uuid: %s. To ensure interoperability, '
2026-07-22 15:25:54.278 9 INFO neutron.wsgi [None req-73a265ce-de1c-4955-907d-0fd4791a57d0 a0410239f5db403180ba747e13ce11ee 745f023684a547bfabb6268415483278 - - default default] 10.0.0.179 "DELETE /v2.0/subnets/0babb308-d6b9-4104-bf03-a3b6f223ab69 HTTP/1.1" status: 204 len: 168 time: 0.2341192
2026-07-22 15:25:54.424 10 INFO neutron.wsgi [req-d702617a-224f-4229-a0ca-d83a83b34d0d req-15950e76-f51c-4c90-b2fa-8b96fdf82bc0 c2a5c053a51e4f19bf96ddbfbab7937f 39fa64bd1f4e4da8bfceb01b08119666 - - default default] 10.0.0.64 "GET /v2.0/ports?device_id=cfc38cab-4807-425e-9943-2168b8e4c99e HTTP/1.1" status: 200 len: 1174 time: 0.0694375
2026-07-22 15:25:54.488 10 INFO neutron.wsgi [req-d702617a-224f-4229-a0ca-d83a83b34d0d req-6dda2483-9488-45b1-8b31-a349f9bdbcce c2a5c053a51e4f19bf96ddbfbab7937f 39fa64bd1f4e4da8bfceb01b08119666 - - default default] 10.0.0.64 "GET /v2.0/security-groups?id=26be2f6d-1c5a-4fff-b841-df4d68866d27&fields=id&fields=name HTTP/1.1" status: 200 len: 313 time: 0.0587871
2026-07-22 15:25:54.588 10 INFO neutron.wsgi [None req-031a473b-09ff-45d1-adc1-5e3d56d4aebe b4e447bb2a314c5b84c39ad80eb2e47d 04798592b0304f23b87a89f75f6b8c4d - - default default] 10.0.0.179 "DELETE /v2.0/networks/492e111c-b5ea-4f3a-82e5-9034eb90a138 HTTP/1.1" status: 204 len: 168 time: 0.5812044
2026-07-22 15:25:54.682 9 INFO neutron.wsgi [None req-5e1107c5-df00-4a80-b72a-c10b100563d8 b4e447bb2a314c5b84c39ad80eb2e47d 04798592b0304f23b87a89f75f6b8c4d - - default default] 10.0.0.179 "GET /v2.0/networks HTTP/1.1" status: 200 len: 845 time: 0.0876341
2026-07-22 15:25:54.839 9 INFO neutron.db.segments_db [None req-c7c1796b-80ef-44dd-a342-48ffaa85a3bd b4e447bb2a314c5b84c39ad80eb2e47d 04798592b0304f23b87a89f75f6b8c4d - - default default] Added segment 184299cf-b410-47d3-b377-f31e52412da0 of type geneve for network 4ddc3421-d247-444d-8377-65bd903823a2
2026-07-22 15:25:54.880 9 INFO neutron.wsgi [None req-7ee47715-d7b0-459b-8e15-55e1d815354d a0410239f5db403180ba747e13ce11ee 745f023684a547bfabb6268415483278 - - default default] 10.0.0.179 "DELETE /v2.0/networks/5265c761-b02b-4d66-95e4-40262bfde494 HTTP/1.1" status: 204 len: 168 time: 0.5929654
2026-07-22 15:25:54.910 9 INFO neutron.wsgi [None req-624f4048-d691-4dce-af9a-b228021e2a1f 9282047a604c4d64a680cc9cb24471f2 cc8a2a38933d4d07bcc02fbf3747bad4 - - default default] 10.0.0.179 "DELETE /v2.0/networks/c0347165-9978-47ca-a665-2e6f1e493136 HTTP/1.1" status: 204 len: 168 time: 0.6454270
2026-07-22 15:25:55.012 9 INFO neutron.db.ovn_revision_numbers_db [None req-c7c1796b-80ef-44dd-a342-48ffaa85a3bd b4e447bb2a314c5b84c39ad80eb2e47d 04798592b0304f23b87a89f75f6b8c4d - - default default] Successfully bumped revision number for resource 4ddc3421-d247-444d-8377-65bd903823a2 (type: networks) to 1
2026-07-22 15:25:55.175 9 INFO neutron.notifiers.nova [-] Nova event matching ['req-3a4be72b-9ef2-4d03-939a-1185477a92a9'] response: {'server_uuid': 'cfc38cab-4807-425e-9943-2168b8e4c99e', 'name': 'network-vif-plugged', 'status': 'completed', 'tag': '1e9f4b0b-05f4-4755-b5f9-d4134c86b08e', 'code': 200}
2026-07-22 15:25:55.175 9 INFO neutron.notifiers.nova [-] Nova event matching ['req-3a4be72b-9ef2-4d03-939a-1185477a92a9'] response: {'server_uuid': 'cfc38cab-4807-425e-9943-2168b8e4c99e', 'name': 'network-vif-plugged', 'status': 'completed', 'tag': '1e9f4b0b-05f4-4755-b5f9-d4134c86b08e', 'code': 200}
2026-07-22 15:25:55.175 9 INFO neutron.notifiers.nova [-] Nova event matching ['req-3a4be72b-9ef2-4d03-939a-1185477a92a9'] response: {'server_uuid': 'cfc38cab-4807-425e-9943-2168b8e4c99e', 'name': 'network-vif-plugged', 'status': 'completed', 'tag': '1e9f4b0b-05f4-4755-b5f9-d4134c86b08e', 'code': 200}
2026-07-22 15:25:55.214 9 WARNING neutron.scheduler.dhcp_agent_scheduler [None req-c7c1796b-80ef-44dd-a342-48ffaa85a3bd b4e447bb2a314c5b84c39ad80eb2e47d 04798592b0304f23b87a89f75f6b8c4d - - default default] No more DHCP agents
2026-07-22 15:25:55.215 9 WARNING neutron.api.rpc.agentnotifiers.dhcp_rpc_agent_api [None req-c7c1796b-80ef-44dd-a342-48ffaa85a3bd b4e447bb2a314c5b84c39ad80eb2e47d 04798592b0304f23b87a89f75f6b8c4d - - default default] Unable to schedule network 4ddc3421-d247-444d-8377-65bd903823a2: no agents available; will retry on subsequent port and subnet creation events.
2026-07-22 15:25:55.288 9 INFO neutron.db.ovn_revision_numbers_db [None req-c7c1796b-80ef-44dd-a342-48ffaa85a3bd b4e447bb2a314c5b84c39ad80eb2e47d 04798592b0304f23b87a89f75f6b8c4d - - default default] Successfully bumped revision number for resource 95c026c6-d16b-492b-9e8d-40539076124e (type: ports) to 1
2026-07-22 15:25:55.307 9 INFO neutron.wsgi [None req-c7c1796b-80ef-44dd-a342-48ffaa85a3bd b4e447bb2a314c5b84c39ad80eb2e47d 04798592b0304f23b87a89f75f6b8c4d - - default default] 10.0.0.179 "POST /v2.0/networks HTTP/1.1" status: 201 len: 848 time: 0.6157367
2026-07-22 15:25:55.395 9 INFO neutron.db.segments_db [None req-55ca475c-9cfc-4e5f-aeae-66f4cde8d07d b4e447bb2a314c5b84c39ad80eb2e47d 04798592b0304f23b87a89f75f6b8c4d - - default default] Added segment 41930889-34f9-420e-853f-4adf23a33d21 of type geneve for network 5bc56b44-7cda-4c40-bca8-bd5173c5a78d
2026-07-22 15:25:55.590 9 INFO neutron.db.ovn_revision_numbers_db [None req-55ca475c-9cfc-4e5f-aeae-66f4cde8d07d b4e447bb2a314c5b84c39ad80eb2e47d 04798592b0304f23b87a89f75f6b8c4d - - default default] Successfully bumped revision number for resource 5bc56b44-7cda-4c40-bca8-bd5173c5a78d (type: networks) to 1
2026-07-22 15:25:55.680 10 INFO neutron.wsgi [req-836e3a3a-8452-490d-abfe-059e4af77860 req-16bb5050-4baf-41d0-bcb0-37544a3e0a00 c2a5c053a51e4f19bf96ddbfbab7937f 39fa64bd1f4e4da8bfceb01b08119666 - - default default] 10.0.0.64 "GET /v2.0/ports?device_id=cfc38cab-4807-425e-9943-2168b8e4c99e HTTP/1.1" status: 200 len: 1174 time: 0.0494962
2026-07-22 15:25:55.745 10 INFO neutron.wsgi [req-836e3a3a-8452-490d-abfe-059e4af77860 req-3ea9170a-96ad-44ef-97d0-71dde2f5d0ab c2a5c053a51e4f19bf96ddbfbab7937f 39fa64bd1f4e4da8bfceb01b08119666 - - default default] 10.0.0.64 "GET /v2.0/security-groups?id=26be2f6d-1c5a-4fff-b841-df4d68866d27&fields=id&fields=name HTTP/1.1" status: 200 len: 313 time: 0.0568631
2026-07-22 15:25:55.786 10 INFO neutron.wsgi [None req-c17ab730-f185-444b-a15e-2f6037f5fca1 5c2d2eea7ebd43eaafe62f9f7646482d 1cefd14a2ae340718011307e746df049 - - default default] 10.0.0.179 "GET /v2.0/security-groups?tenant_id=745f023684a547bfabb6268415483278&name=default HTTP/1.1" status: 200 len: 2996 time: 0.1714444
2026-07-22 15:25:55.813 10 INFO neutron.wsgi [None req-5b2eabd8-eb9b-44e7-bd75-4ad2b175be88 5c2d2eea7ebd43eaafe62f9f7646482d 1cefd14a2ae340718011307e746df049 - - default default] 10.0.0.179 "GET /v2.0/security-groups?tenant_id=cc8a2a38933d4d07bcc02fbf3747bad4&name=default HTTP/1.1" status: 200 len: 2996 time: 0.2109714
2026-07-22 15:25:55.980 9 INFO neutron.services.segments.plugin [-] Segment 85c17898-ba2b-4858-a0a5-5f9ed3261a78 resource provider aggregate not found
2026-07-22 15:25:55.985 9 INFO neutron.services.segments.plugin [-] Segment 85c17898-ba2b-4858-a0a5-5f9ed3261a78 resource provider aggregate not found
2026-07-22 15:25:55.994 10 INFO neutron.services.segments.plugin [-] Segment d60c722d-ec12-4b73-bf9b-43f4dff2087f resource provider aggregate not found
2026-07-22 15:25:55.998 9 WARNING neutron.scheduler.dhcp_agent_scheduler [None req-55ca475c-9cfc-4e5f-aeae-66f4cde8d07d b4e447bb2a314c5b84c39ad80eb2e47d 04798592b0304f23b87a89f75f6b8c4d - - default default] No more DHCP agents
2026-07-22 15:25:56.000 9 WARNING neutron.api.rpc.agentnotifiers.dhcp_rpc_agent_api [None req-55ca475c-9cfc-4e5f-aeae-66f4cde8d07d b4e447bb2a314c5b84c39ad80eb2e47d 04798592b0304f23b87a89f75f6b8c4d - - default default] Unable to schedule network 5bc56b44-7cda-4c40-bca8-bd5173c5a78d: no agents available; will retry on subsequent port and subnet creation events.
2026-07-22 15:25:56.002 9 INFO neutron.services.segments.plugin [-] Segment 85c17898-ba2b-4858-a0a5-5f9ed3261a78 resource provider not found; error: Placement Client Error (4xx): {"errors": [{"status": 404, "title": "Not Found", "detail": "The resource could not be found.\n\n No resource provider with uuid 85c17898-ba2b-4858-a0a5-5f9ed3261a78 found for delete ", "request_id": "req-c4059ba1-9a7b-49d1-a40c-ed4dafb5cb30"}]}
2026-07-22 15:25:56.007 9 INFO neutron.services.segments.plugin [-] Segment 85c17898-ba2b-4858-a0a5-5f9ed3261a78 resource provider not found; error: Placement Client Error (4xx): {"errors": [{"status": 404, "title": "Not Found", "detail": "The resource could not be found.\n\n No resource provider with uuid 85c17898-ba2b-4858-a0a5-5f9ed3261a78 found for delete ", "request_id": "req-d8e4d476-393a-431d-97f0-d4d88f098dfd"}]}
2026-07-22 15:25:56.013 10 INFO neutron.services.segments.plugin [-] Segment d60c722d-ec12-4b73-bf9b-43f4dff2087f resource provider not found; error: Placement Client Error (4xx): {"errors": [{"status": 404, "title": "Not Found", "detail": "The resource could not be found.\n\n No resource provider with uuid d60c722d-ec12-4b73-bf9b-43f4dff2087f found for delete ", "request_id": "req-2bb996e6-c3b6-4805-9fe5-565a0903b69f"}]}
2026-07-22 15:25:56.015 10 INFO neutron.services.segments.plugin [-] Segment d60c722d-ec12-4b73-bf9b-43f4dff2087f resource provider aggregate not found
2026-07-22 15:25:56.025 9 INFO neutron.services.segments.plugin [-] Segment 04e2fd8c-8c24-4059-891d-f4960f620cf9 resource provider aggregate not found
2026-07-22 15:25:56.032 9 INFO neutron.services.segments.plugin [-] Segment 04e2fd8c-8c24-4059-891d-f4960f620cf9 resource provider aggregate not found
2026-07-22 15:25:56.034 10 INFO neutron.services.segments.plugin [-] Segment d60c722d-ec12-4b73-bf9b-43f4dff2087f resource provider not found; error: Placement Client Error (4xx): {"errors": [{"status": 404, "title": "Not Found", "detail": "The resource could not be found.\n\n No resource provider with uuid d60c722d-ec12-4b73-bf9b-43f4dff2087f found for delete ", "request_id": "req-8a9d808e-16ca-4a5a-a8ef-cbc2641f80ac"}]}
2026-07-22 15:25:56.049 9 INFO neutron.services.segments.plugin [-] Segment 04e2fd8c-8c24-4059-891d-f4960f620cf9 resource provider not found; error: Placement Client Error (4xx): {"errors": [{"status": 404, "title": "Not Found", "detail": "The resource could not be found.\n\n No resource provider with uuid 04e2fd8c-8c24-4059-891d-f4960f620cf9 found for delete ", "request_id": "req-11395214-d20a-4642-8433-8a0b9d91f4f4"}]}
2026-07-22 15:25:56.052 9 INFO neutron.services.segments.plugin [-] Segment 04e2fd8c-8c24-4059-891d-f4960f620cf9 resource provider not found; error: Placement Client Error (4xx): {"errors": [{"status": 404, "title": "Not Found", "detail": "The resource could not be found.\n\n No resource provider with uuid 04e2fd8c-8c24-4059-891d-f4960f620cf9 found for delete ", "request_id": "req-b8ec7e65-0aa6-4174-bcac-1489d7fbccbc"}]}
2026-07-22 15:25:56.061 10 INFO neutron.wsgi [None req-c79f5f49-3ae3-4fb2-a8ae-fbd8831b3ec1 5c2d2eea7ebd43eaafe62f9f7646482d 1cefd14a2ae340718011307e746df049 - - default default] 10.0.0.179 "DELETE /v2.0/security-groups/aa1af205-ed55-449c-b123-01a05a6739f1 HTTP/1.1" status: 204 len: 168 time: 0.2695932
2026-07-22 15:25:56.081 10 INFO neutron.wsgi [None req-3b861e8c-721d-4dfa-a2b6-905db92e0cdd 5c2d2eea7ebd43eaafe62f9f7646482d 1cefd14a2ae340718011307e746df049 - - default default] 10.0.0.179 "DELETE /v2.0/security-groups/a02a14fd-1e7c-4144-8aa7-45ef56163fb6 HTTP/1.1" status: 204 len: 168 time: 0.2597852
2026-07-22 15:25:56.104 9 INFO neutron.db.ovn_revision_numbers_db [None req-55ca475c-9cfc-4e5f-aeae-66f4cde8d07d b4e447bb2a314c5b84c39ad80eb2e47d 04798592b0304f23b87a89f75f6b8c4d - - default default] Successfully bumped revision number for resource e714396f-a790-4504-8196-6233e76f6a68 (type: ports) to 1
2026-07-22 15:25:56.132 9 INFO neutron.wsgi [None req-55ca475c-9cfc-4e5f-aeae-66f4cde8d07d b4e447bb2a314c5b84c39ad80eb2e47d 04798592b0304f23b87a89f75f6b8c4d - - default default] 10.0.0.179 "POST /v2.0/networks HTTP/1.1" status: 201 len: 848 time: 0.8211257
2026-07-22 15:25:56.724 9 WARNING neutron.scheduler.dhcp_agent_scheduler [None req-b5f36cd6-4e15-4a09-b63c-0e74d23a3598 b4e447bb2a314c5b84c39ad80eb2e47d 04798592b0304f23b87a89f75f6b8c4d - - default default] No more DHCP agents
2026-07-22 15:25:56.725 9 WARNING neutron.api.rpc.agentnotifiers.dhcp_rpc_agent_api [None req-b5f36cd6-4e15-4a09-b63c-0e74d23a3598 b4e447bb2a314c5b84c39ad80eb2e47d 04798592b0304f23b87a89f75f6b8c4d - - default default] Unable to schedule network 4ddc3421-d247-444d-8377-65bd903823a2: no agents available; will retry on subsequent port and subnet creation events.
2026-07-22 15:25:56.805 9 INFO neutron.db.ovn_revision_numbers_db [None req-b5f36cd6-4e15-4a09-b63c-0e74d23a3598 b4e447bb2a314c5b84c39ad80eb2e47d 04798592b0304f23b87a89f75f6b8c4d - - default default] Successfully bumped revision number for resource e5699f06-5316-4b3e-a936-49e2a6c9f211 (type: ports) to 1
2026-07-22 15:25:56.836 9 WARNING neutron.scheduler.dhcp_agent_scheduler [None req-b5f36cd6-4e15-4a09-b63c-0e74d23a3598 b4e447bb2a314c5b84c39ad80eb2e47d 04798592b0304f23b87a89f75f6b8c4d - - default default] No more DHCP agents
2026-07-22 15:25:56.839 9 WARNING neutron.api.rpc.agentnotifiers.dhcp_rpc_agent_api [None req-b5f36cd6-4e15-4a09-b63c-0e74d23a3598 b4e447bb2a314c5b84c39ad80eb2e47d 04798592b0304f23b87a89f75f6b8c4d - - default default] Unable to schedule network 5bc56b44-7cda-4c40-bca8-bd5173c5a78d: no agents available; will retry on subsequent port and subnet creation events.
2026-07-22 15:25:56.939 9 INFO neutron.db.ovn_revision_numbers_db [None req-b5f36cd6-4e15-4a09-b63c-0e74d23a3598 b4e447bb2a314c5b84c39ad80eb2e47d 04798592b0304f23b87a89f75f6b8c4d - - default default] Successfully bumped revision number for resource 55f01c69-b7cf-4bbe-8a4f-01216a2ee785 (type: ports) to 1
2026-07-22 15:25:56.963 9 INFO neutron.wsgi [None req-b5f36cd6-4e15-4a09-b63c-0e74d23a3598 b4e447bb2a314c5b84c39ad80eb2e47d 04798592b0304f23b87a89f75f6b8c4d - - default default] 10.0.0.179 "POST /v2.0/ports HTTP/1.1" status: 201 len: 1706 time: 0.8210773 /var/lib/openstack/lib/python3.10/site-packages/pycadf/identifier.py:71: UserWarning: Invalid uuid: neutron. To ensure interoperability, identifiers should be a valid uuid. warnings.warn(('Invalid uuid: %s. To ensure interoperability, '
2026-07-22 15:25:57.087 9 INFO neutron.wsgi [None req-c9fef0f4-1fd5-45ee-9817-a4158a0b845e b4e447bb2a314c5b84c39ad80eb2e47d 04798592b0304f23b87a89f75f6b8c4d - - default default] 10.0.0.179 "GET /v2.0/ports HTTP/1.1" status: 200 len: 3213 time: 0.1203945
2026-07-22 15:25:57.299 9 INFO neutron.wsgi [None req-fbb3d827-c9e4-49b4-be4e-60e78e0b09a4 b4e447bb2a314c5b84c39ad80eb2e47d 04798592b0304f23b87a89f75f6b8c4d - - default default] 10.0.0.179 "DELETE /v2.0/ports/e5699f06-5316-4b3e-a936-49e2a6c9f211 HTTP/1.1" status: 204 len: 168 time: 0.2060366
2026-07-22 15:25:57.532 9 INFO neutron.wsgi [None req-dcf6d7e5-e429-41e8-9a9a-eba5acc7ee51 b4e447bb2a314c5b84c39ad80eb2e47d 04798592b0304f23b87a89f75f6b8c4d - - default default] 10.0.0.179 "DELETE /v2.0/ports/55f01c69-b7cf-4bbe-8a4f-01216a2ee785 HTTP/1.1" status: 204 len: 168 time: 0.2287686
2026-07-22 15:25:57.588 9 INFO neutron.wsgi [None req-e4cbe1aa-dd95-4ac9-b11e-6a0431d806f4 b4e447bb2a314c5b84c39ad80eb2e47d 04798592b0304f23b87a89f75f6b8c4d - - default default] 10.0.0.179 "GET /v2.0/ports HTTP/1.1" status: 200 len: 1718 time: 0.0449550
2026-07-22 15:25:57.701 9 INFO neutron.db.segments_db [None req-95edd770-aa50-4112-99b0-6e06c6178d66 b4e447bb2a314c5b84c39ad80eb2e47d 04798592b0304f23b87a89f75f6b8c4d - - default default] Added segment 593bbcec-75c1-4eaf-bec5-3610cbcd9c1a of type geneve for network c76eead5-f5f8-4699-babf-37516a6a9206
2026-07-22 15:25:57.849 9 INFO neutron.db.ovn_revision_numbers_db [None req-95edd770-aa50-4112-99b0-6e06c6178d66 b4e447bb2a314c5b84c39ad80eb2e47d 04798592b0304f23b87a89f75f6b8c4d - - default default] Successfully bumped revision number for resource c76eead5-f5f8-4699-babf-37516a6a9206 (type: networks) to 1
2026-07-22 15:25:58.051 9 WARNING neutron.scheduler.dhcp_agent_scheduler [None req-95edd770-aa50-4112-99b0-6e06c6178d66 b4e447bb2a314c5b84c39ad80eb2e47d 04798592b0304f23b87a89f75f6b8c4d - - default default] No more DHCP agents
2026-07-22 15:25:58.053 9 WARNING neutron.api.rpc.agentnotifiers.dhcp_rpc_agent_api [None req-95edd770-aa50-4112-99b0-6e06c6178d66 b4e447bb2a314c5b84c39ad80eb2e47d 04798592b0304f23b87a89f75f6b8c4d - - default default] Unable to schedule network c76eead5-f5f8-4699-babf-37516a6a9206: no agents available; will retry on subsequent port and subnet creation events.
2026-07-22 15:25:58.093 10 INFO neutron.wsgi [None req-95c6c9f0-e089-47dc-9578-525a7f1f09d9 d9974ae50f264f668ed90aafbac11cf6 72e938df5fb14c5c85e2df2091ed7554 - - default default] 10.0.0.179 "POST /v2.0/subnetpools HTTP/1.1" status: 201 len: 747 time: 0.2088025
2026-07-22 15:25:58.125 10 INFO neutron.wsgi [None req-a6bdcaba-a402-46dd-b68f-6835de1dde5a d9974ae50f264f668ed90aafbac11cf6 72e938df5fb14c5c85e2df2091ed7554 - - default default] 10.0.0.179 "GET /v2.0/subnetpools/a0de9bb8-124e-414f-8896-db5a073da16f HTTP/1.1" status: 200 len: 742 time: 0.0270748
2026-07-22 15:25:58.137 9 INFO neutron.db.ovn_revision_numbers_db [None req-95edd770-aa50-4112-99b0-6e06c6178d66 b4e447bb2a314c5b84c39ad80eb2e47d 04798592b0304f23b87a89f75f6b8c4d - - default default] Successfully bumped revision number for resource faa6a89d-eda2-4723-808e-b67b4a0404bc (type: ports) to 1
2026-07-22 15:25:58.167 9 INFO neutron.wsgi [None req-95edd770-aa50-4112-99b0-6e06c6178d66 b4e447bb2a314c5b84c39ad80eb2e47d 04798592b0304f23b87a89f75f6b8c4d - - default default] 10.0.0.179 "POST /v2.0/networks HTTP/1.1" status: 201 len: 848 time: 0.5682766
2026-07-22 15:25:58.197 10 INFO neutron.wsgi [None req-5d571892-afe7-4c71-bc1e-25792a1cfd01 d9974ae50f264f668ed90aafbac11cf6 72e938df5fb14c5c85e2df2091ed7554 - - default default] 10.0.0.179 "PUT /v2.0/subnetpools/a0de9bb8-124e-414f-8896-db5a073da16f HTTP/1.1" status: 200 len: 694 time: 0.0666766
2026-07-22 15:25:58.258 9 INFO neutron.db.segments_db [None req-20860f4f-a872-4d58-8f3c-942c34268b25 b4e447bb2a314c5b84c39ad80eb2e47d 04798592b0304f23b87a89f75f6b8c4d - - default default] Added segment 04f9af89-6f81-443d-8d9d-d1de066fd4ec of type geneve for network 59a0c08b-fc8d-44e8-98cc-56a27f990a69
2026-07-22 15:25:58.262 10 INFO neutron.wsgi [None req-42a2ccb8-f7bf-4922-8c73-aeba2bd0336b d9974ae50f264f668ed90aafbac11cf6 72e938df5fb14c5c85e2df2091ed7554 - - default default] 10.0.0.179 "DELETE /v2.0/subnetpools/a0de9bb8-124e-414f-8896-db5a073da16f HTTP/1.1" status: 204 len: 168 time: 0.0577900
2026-07-22 15:25:58.276 10 INFO neutron.api.v2.resource [None req-0eeb1a2b-c0af-4f4d-a905-4a55217d2475 d9974ae50f264f668ed90aafbac11cf6 72e938df5fb14c5c85e2df2091ed7554 - - default default] show failed (client error): The resource could not be found.
2026-07-22 15:25:58.277 10 INFO neutron.wsgi [None req-0eeb1a2b-c0af-4f4d-a905-4a55217d2475 d9974ae50f264f668ed90aafbac11cf6 72e938df5fb14c5c85e2df2091ed7554 - - default default] 10.0.0.179 "GET /v2.0/subnetpools/a0de9bb8-124e-414f-8896-db5a073da16f HTTP/1.1" status: 404 len: 346 time: 0.0085084
2026-07-22 15:25:58.290 10 INFO neutron.api.v2.resource [None req-387b51e1-48b1-4f0b-a6bc-e9923b8d279e d9974ae50f264f668ed90aafbac11cf6 72e938df5fb14c5c85e2df2091ed7554 - - default default] delete failed (client error): The resource could not be found.
2026-07-22 15:25:58.291 10 INFO neutron.wsgi [None req-387b51e1-48b1-4f0b-a6bc-e9923b8d279e d9974ae50f264f668ed90aafbac11cf6 72e938df5fb14c5c85e2df2091ed7554 - - default default] 10.0.0.179 "DELETE /v2.0/subnetpools/a0de9bb8-124e-414f-8896-db5a073da16f HTTP/1.1" status: 404 len: 346 time: 0.0095727
2026-07-22 15:25:58.297 9 INFO neutron.db.ovn_revision_numbers_db [None req-7cd70c63-ae24-4d69-bd81-50d7245cd275 e6708d11e7b3472f809e292def14e742 129f5522c5a748c49e4b3d00c1caf92c - - default default] Successfully bumped revision number for resource f40ed5b0-ca13-4690-ace1-d512ae499275 (type: security_groups) to 1
2026-07-22 15:25:58.323 9 INFO neutron.db.ovn_revision_numbers_db [None req-7cd70c63-ae24-4d69-bd81-50d7245cd275 e6708d11e7b3472f809e292def14e742 129f5522c5a748c49e4b3d00c1caf92c - - default default] Successfully bumped revision number for resource 1bc27af8-1ca2-44a7-8afb-1295c2fda0ac (type: security_group_rules) to 0
2026-07-22 15:25:58.343 9 INFO neutron.db.ovn_revision_numbers_db [None req-7cd70c63-ae24-4d69-bd81-50d7245cd275 e6708d11e7b3472f809e292def14e742 129f5522c5a748c49e4b3d00c1caf92c - - default default] Successfully bumped revision number for resource af4e55b8-aeac-4b1e-a160-b131a74615d8 (type: security_group_rules) to 0
2026-07-22 15:25:58.395 9 INFO neutron.db.ovn_revision_numbers_db [None req-7cd70c63-ae24-4d69-bd81-50d7245cd275 e6708d11e7b3472f809e292def14e742 129f5522c5a748c49e4b3d00c1caf92c - - default default] Successfully bumped revision number for resource eb3622b5-08fb-494a-8b2f-b3e0bfb47b98 (type: security_group_rules) to 0
2026-07-22 15:25:58.432 9 INFO neutron.db.ovn_revision_numbers_db [None req-7cd70c63-ae24-4d69-bd81-50d7245cd275 e6708d11e7b3472f809e292def14e742 129f5522c5a748c49e4b3d00c1caf92c - - default default] Successfully bumped revision number for resource f96e1fc5-0661-40bf-ae5d-65b8e2b38b84 (type: security_group_rules) to 0
2026-07-22 15:25:58.447 9 INFO neutron.db.ovn_revision_numbers_db [None req-20860f4f-a872-4d58-8f3c-942c34268b25 b4e447bb2a314c5b84c39ad80eb2e47d 04798592b0304f23b87a89f75f6b8c4d - - default default] Successfully bumped revision number for resource 59a0c08b-fc8d-44e8-98cc-56a27f990a69 (type: networks) to 1
2026-07-22 15:25:58.493 9 INFO neutron.db.segments_db [None req-7cd70c63-ae24-4d69-bd81-50d7245cd275 e6708d11e7b3472f809e292def14e742 129f5522c5a748c49e4b3d00c1caf92c - - default default] Added segment f81f2992-7442-48c2-9d36-5f028dc0bf02 of type geneve for network a41a2a66-f07a-428a-ac3a-2c8efa8da5a9
2026-07-22 15:25:58.657 9 INFO neutron.wsgi [-] 10.0.0.106 "GET / HTTP/1.1" status: 200 len: 246 time: 0.0012760
2026-07-22 15:25:58.658 9 INFO neutron.wsgi [-] 10.0.0.106 "GET / HTTP/1.1" status: 200 len: 246 time: 0.0010266
2026-07-22 15:25:58.724 9 INFO neutron.db.ovn_revision_numbers_db [None req-7cd70c63-ae24-4d69-bd81-50d7245cd275 e6708d11e7b3472f809e292def14e742 129f5522c5a748c49e4b3d00c1caf92c - - default default] Successfully bumped revision number for resource a41a2a66-f07a-428a-ac3a-2c8efa8da5a9 (type: networks) to 1
2026-07-22 15:25:58.768 9 WARNING neutron.scheduler.dhcp_agent_scheduler [None req-20860f4f-a872-4d58-8f3c-942c34268b25 b4e447bb2a314c5b84c39ad80eb2e47d 04798592b0304f23b87a89f75f6b8c4d - - default default] No more DHCP agents
2026-07-22 15:25:58.772 9 WARNING neutron.api.rpc.agentnotifiers.dhcp_rpc_agent_api [None req-20860f4f-a872-4d58-8f3c-942c34268b25 b4e447bb2a314c5b84c39ad80eb2e47d 04798592b0304f23b87a89f75f6b8c4d - - default default] Unable to schedule network 59a0c08b-fc8d-44e8-98cc-56a27f990a69: no agents available; will retry on subsequent port and subnet creation events.
2026-07-22 15:25:58.917 9 INFO neutron.db.ovn_revision_numbers_db [None req-20860f4f-a872-4d58-8f3c-942c34268b25 b4e447bb2a314c5b84c39ad80eb2e47d 04798592b0304f23b87a89f75f6b8c4d - - default default] Successfully bumped revision number for resource 779c1749-152a-473b-b752-6eadb09684f4 (type: ports) to 1
2026-07-22 15:25:58.962 9 INFO neutron.wsgi [None req-20860f4f-a872-4d58-8f3c-942c34268b25 b4e447bb2a314c5b84c39ad80eb2e47d 04798592b0304f23b87a89f75f6b8c4d - - default default] 10.0.0.179 "POST /v2.0/networks HTTP/1.1" status: 201 len: 848 time: 0.7913957
2026-07-22 15:25:59.012 9 WARNING neutron.scheduler.dhcp_agent_scheduler [None req-7cd70c63-ae24-4d69-bd81-50d7245cd275 e6708d11e7b3472f809e292def14e742 129f5522c5a748c49e4b3d00c1caf92c - - default default] No more DHCP agents
2026-07-22 15:25:59.016 9 WARNING neutron.api.rpc.agentnotifiers.dhcp_rpc_agent_api [None req-7cd70c63-ae24-4d69-bd81-50d7245cd275 e6708d11e7b3472f809e292def14e742 129f5522c5a748c49e4b3d00c1caf92c - - default default] Unable to schedule network a41a2a66-f07a-428a-ac3a-2c8efa8da5a9: no agents available; will retry on subsequent port and subnet creation events.
2026-07-22 15:25:59.155 9 INFO neutron.db.ovn_revision_numbers_db [None req-7cd70c63-ae24-4d69-bd81-50d7245cd275 e6708d11e7b3472f809e292def14e742 129f5522c5a748c49e4b3d00c1caf92c - - default default] Successfully bumped revision number for resource 8780ed08-7f0f-45be-a0cb-5f2efe5a003e (type: ports) to 1
2026-07-22 15:25:59.190 9 INFO neutron.wsgi [None req-7cd70c63-ae24-4d69-bd81-50d7245cd275 e6708d11e7b3472f809e292def14e742 129f5522c5a748c49e4b3d00c1caf92c - - default default] 10.0.0.179 "POST /v2.0/networks HTTP/1.1" status: 201 len: 828 time: 1.0825117
2026-07-22 15:25:59.195 9 INFO neutron.db.ovn_revision_numbers_db [None req-2ca24791-0f2c-4c82-866b-3b774d7d1d79 5c2d2eea7ebd43eaafe62f9f7646482d 1cefd14a2ae340718011307e746df049 - - default default] Successfully bumped revision number for resource 1708ad1e-57da-4ce3-9bc9-9fc2b60fd06e (type: security_groups) to 1
2026-07-22 15:25:59.225 9 INFO neutron.db.ovn_revision_numbers_db [None req-2ca24791-0f2c-4c82-866b-3b774d7d1d79 5c2d2eea7ebd43eaafe62f9f7646482d 1cefd14a2ae340718011307e746df049 - - default default] Successfully bumped revision number for resource 2c3683f9-f5cd-4afd-a128-a75deaa72264 (type: security_group_rules) to 0
2026-07-22 15:25:59.247 9 INFO neutron.db.ovn_revision_numbers_db [None req-2ca24791-0f2c-4c82-866b-3b774d7d1d79 5c2d2eea7ebd43eaafe62f9f7646482d 1cefd14a2ae340718011307e746df049 - - default default] Successfully bumped revision number for resource 8700c589-b67c-4072-b4c6-6720c272cced (type: security_group_rules) to 0
2026-07-22 15:25:59.259 9 INFO neutron.db.ovn_revision_numbers_db [None req-2ca24791-0f2c-4c82-866b-3b774d7d1d79 5c2d2eea7ebd43eaafe62f9f7646482d 1cefd14a2ae340718011307e746df049 - - default default] Successfully bumped revision number for resource 8c922def-371b-4afc-804c-3513d5908a09 (type: security_group_rules) to 0
2026-07-22 15:25:59.285 9 INFO neutron.db.ovn_revision_numbers_db [None req-2ca24791-0f2c-4c82-866b-3b774d7d1d79 5c2d2eea7ebd43eaafe62f9f7646482d 1cefd14a2ae340718011307e746df049 - - default default] Successfully bumped revision number for resource 9ef3d044-0cfd-43ec-baaf-99065e961968 (type: security_group_rules) to 0
2026-07-22 15:25:59.309 9 INFO neutron.db.segments_db [None req-135f5436-6d3f-4877-8a9f-c6657af7a372 e6708d11e7b3472f809e292def14e742 129f5522c5a748c49e4b3d00c1caf92c - - default default] Added segment a9e716af-f21b-4838-aa15-465e5674feb0 of type geneve for network dbd915f0-d952-4a94-98dd-bcfdfd751db8
2026-07-22 15:25:59.327 9 INFO neutron.wsgi [None req-2ca24791-0f2c-4c82-866b-3b774d7d1d79 5c2d2eea7ebd43eaafe62f9f7646482d 1cefd14a2ae340718011307e746df049 - - default default] 10.0.0.179 "GET /v2.0/security-groups?tenant_id=72e938df5fb14c5c85e2df2091ed7554&name=default HTTP/1.1" status: 200 len: 2996 time: 0.4899611
2026-07-22 15:25:59.503 9 INFO neutron.db.ovn_revision_numbers_db [None req-135f5436-6d3f-4877-8a9f-c6657af7a372 e6708d11e7b3472f809e292def14e742 129f5522c5a748c49e4b3d00c1caf92c - - default default] Successfully bumped revision number for resource dbd915f0-d952-4a94-98dd-bcfdfd751db8 (type: networks) to 1
2026-07-22 15:25:59.664 9 INFO neutron.wsgi [None req-9631f863-3b0f-4715-96fe-d15fb58cf5f9 5c2d2eea7ebd43eaafe62f9f7646482d 1cefd14a2ae340718011307e746df049 - - default default] 10.0.0.179 "DELETE /v2.0/security-groups/1708ad1e-57da-4ce3-9bc9-9fc2b60fd06e HTTP/1.1" status: 204 len: 168 time: 0.3318222
2026-07-22 15:25:59.734 9 WARNING neutron.scheduler.dhcp_agent_scheduler [None req-135f5436-6d3f-4877-8a9f-c6657af7a372 e6708d11e7b3472f809e292def14e742 129f5522c5a748c49e4b3d00c1caf92c - - default default] No more DHCP agents
2026-07-22 15:25:59.736 9 WARNING neutron.api.rpc.agentnotifiers.dhcp_rpc_agent_api [None req-135f5436-6d3f-4877-8a9f-c6657af7a372 e6708d11e7b3472f809e292def14e742 129f5522c5a748c49e4b3d00c1caf92c - - default default] Unable to schedule network dbd915f0-d952-4a94-98dd-bcfdfd751db8: no agents available; will retry on subsequent port and subnet creation events.
2026-07-22 15:25:59.798 10 WARNING neutron.scheduler.dhcp_agent_scheduler [None req-17b94033-d11d-4199-975e-3ab63d1dd76e b4e447bb2a314c5b84c39ad80eb2e47d 04798592b0304f23b87a89f75f6b8c4d - - default default] No more DHCP agents
2026-07-22 15:25:59.803 10 WARNING neutron.api.rpc.agentnotifiers.dhcp_rpc_agent_api [None req-17b94033-d11d-4199-975e-3ab63d1dd76e b4e447bb2a314c5b84c39ad80eb2e47d 04798592b0304f23b87a89f75f6b8c4d - - default default] Unable to schedule network c76eead5-f5f8-4699-babf-37516a6a9206: no agents available; will retry on subsequent port and subnet creation events.
2026-07-22 15:25:59.836 9 INFO neutron.db.ovn_revision_numbers_db [None req-135f5436-6d3f-4877-8a9f-c6657af7a372 e6708d11e7b3472f809e292def14e742 129f5522c5a748c49e4b3d00c1caf92c - - default default] Successfully bumped revision number for resource 57acac89-6953-44dd-bb11-221916ba8a0c (type: ports) to 1
2026-07-22 15:25:59.874 9 INFO neutron.wsgi [None req-135f5436-6d3f-4877-8a9f-c6657af7a372 e6708d11e7b3472f809e292def14e742 129f5522c5a748c49e4b3d00c1caf92c - - default default] 10.0.0.179 "POST /v2.0/networks HTTP/1.1" status: 201 len: 828 time: 0.6743088
2026-07-22 15:26:00.150 9 WARNING neutron.scheduler.dhcp_agent_scheduler [None req-14f8d4a3-9c75-4464-be82-f8e84f582b17 e6708d11e7b3472f809e292def14e742 129f5522c5a748c49e4b3d00c1caf92c - - default default] No more DHCP agents
2026-07-22 15:26:00.158 9 WARNING neutron.api.rpc.agentnotifiers.dhcp_rpc_agent_api [None req-14f8d4a3-9c75-4464-be82-f8e84f582b17 e6708d11e7b3472f809e292def14e742 129f5522c5a748c49e4b3d00c1caf92c - - default default] Unable to schedule network a41a2a66-f07a-428a-ac3a-2c8efa8da5a9: no agents available; will retry on subsequent port and subnet creation events.
2026-07-22 15:26:00.361 10 INFO neutron.db.ovn_revision_numbers_db [None req-17b94033-d11d-4199-975e-3ab63d1dd76e b4e447bb2a314c5b84c39ad80eb2e47d 04798592b0304f23b87a89f75f6b8c4d - - default default] Successfully bumped revision number for resource faa6a89d-eda2-4723-808e-b67b4a0404bc (type: ports) to 2
2026-07-22 15:26:00.399 10 INFO neutron.db.ovn_revision_numbers_db [None req-17b94033-d11d-4199-975e-3ab63d1dd76e b4e447bb2a314c5b84c39ad80eb2e47d 04798592b0304f23b87a89f75f6b8c4d - - default default] Successfully bumped revision number for resource cc6049b4-8312-4031-ab42-e1814952b654 (type: subnets) to 0
2026-07-22 15:26:00.423 10 WARNING neutron.scheduler.dhcp_agent_scheduler [None req-17b94033-d11d-4199-975e-3ab63d1dd76e b4e447bb2a314c5b84c39ad80eb2e47d 04798592b0304f23b87a89f75f6b8c4d - - default default] No more DHCP agents
2026-07-22 15:26:00.425 10 WARNING neutron.api.rpc.agentnotifiers.dhcp_rpc_agent_api [None req-17b94033-d11d-4199-975e-3ab63d1dd76e b4e447bb2a314c5b84c39ad80eb2e47d 04798592b0304f23b87a89f75f6b8c4d - - default default] Unable to schedule network 59a0c08b-fc8d-44e8-98cc-56a27f990a69: no agents available; will retry on subsequent port and subnet creation events.
