2026-07-22 15:19:41.036 10 INFO neutron.wsgi [None req-ba16a8ce-0e99-423f-9f0e-5cedbc379b0f 5c2d2eea7ebd43eaafe62f9f7646482d 1cefd14a2ae340718011307e746df049 - - default default] 10.0.0.249 "GET /v2.0/networks HTTP/1.1" status: 200 len: 2349 time: 0.0576959
2026-07-22 15:19:41.075 10 INFO neutron.wsgi [None req-f3eb2980-b7bd-4000-8b5c-89e456401552 5c2d2eea7ebd43eaafe62f9f7646482d 1cefd14a2ae340718011307e746df049 - - default default] 10.0.0.249 "GET /v2.0/ports HTTP/1.1" status: 200 len: 5349 time: 0.0366139
2026-07-22 15:19:41.099 10 INFO neutron.wsgi [None req-24c27f05-7670-4d44-a0c6-6cdf5d4c22d8 5c2d2eea7ebd43eaafe62f9f7646482d 1cefd14a2ae340718011307e746df049 - - default default] 10.0.0.249 "GET /v2.0/routers HTTP/1.1" status: 200 len: 189 time: 0.0189524
2026-07-22 15:19:41.143 10 INFO neutron.wsgi [None req-50ee73c1-880f-4c18-9121-a5a98df2d9f0 5c2d2eea7ebd43eaafe62f9f7646482d 1cefd14a2ae340718011307e746df049 - - default default] 10.0.0.249 "GET /v2.0/agents?binary=ovn-controller HTTP/1.1" status: 200 len: 591 time: 0.0433304
2026-07-22 15:19:41.179 10 INFO neutron.wsgi [None req-67b1f8c3-caeb-4911-bcd7-25d8e417a1fd 5c2d2eea7ebd43eaafe62f9f7646482d 1cefd14a2ae340718011307e746df049 - - default default] 10.0.0.249 "GET /v2.0/subnets HTTP/1.1" status: 200 len: 1437 time: 0.0352788
2026-07-22 15:19:41.188 10 INFO neutron.wsgi [None req-bd7e7075-39d5-4779-99ba-c14a90bfa38f 5c2d2eea7ebd43eaafe62f9f7646482d 1cefd14a2ae340718011307e746df049 - - default default] 10.0.0.249 "GET /v2.0/agents HTTP/1.1" status: 200 len: 997 time: 0.0079978
2026-07-22 15:19:43.658 10 INFO neutron.wsgi [-] 10.0.0.106 "GET / HTTP/1.1" status: 200 len: 246 time: 0.0031848
2026-07-22 15:19:43.657 9 INFO neutron.wsgi [-] 10.0.0.106 "GET / HTTP/1.1" status: 200 len: 246 time: 0.0027981
2026-07-22 15:19:58.655 9 INFO neutron.wsgi [-] 10.0.0.106 "GET / HTTP/1.1" status: 200 len: 246 time: 0.0017414
2026-07-22 15:19:58.657 10 INFO neutron.wsgi [-] 10.0.0.106 "GET / HTTP/1.1" status: 200 len: 246 time: 0.0036962
2026-07-22 15:20:13.656 10 INFO neutron.wsgi [-] 10.0.0.106 "GET / HTTP/1.1" status: 200 len: 246 time: 0.0024128
2026-07-22 15:20:13.657 9 INFO neutron.wsgi [-] 10.0.0.106 "GET / HTTP/1.1" status: 200 len: 246 time: 0.0026968
2026-07-22 15:20:17.273 10 INFO neutron.wsgi [None req-7f4a61ed-ea2f-4090-b33d-1ea0484bcab7 5c2d2eea7ebd43eaafe62f9f7646482d 1cefd14a2ae340718011307e746df049 - - default default] 199.204.45.95,10.0.0.106 "GET /v2.0/networks HTTP/1.1" status: 200 len: 2349 time: 0.1156125
2026-07-22 15:20:18.448 10 INFO neutron.wsgi [None req-8f10e1b1-abd3-4173-835e-68d28e200f2a 5c2d2eea7ebd43eaafe62f9f7646482d 1cefd14a2ae340718011307e746df049 - - default default] 199.204.45.95,10.0.0.106 "GET /v2.0/subnets HTTP/1.1" status: 200 len: 1437 time: 0.0660245
2026-07-22 15:20:18.565 10 INFO neutron.wsgi [None req-3e9fdcfe-d65d-4778-9789-6f08a14242a6 5c2d2eea7ebd43eaafe62f9f7646482d 1cefd14a2ae340718011307e746df049 - - default default] 199.204.45.95,10.0.0.106 "GET /v2.0/networks HTTP/1.1" status: 200 len: 2349 time: 0.1097951
2026-07-22 15:20:28.656 9 INFO neutron.wsgi [-] 10.0.0.106 "GET / HTTP/1.1" status: 200 len: 246 time: 0.0024068
2026-07-22 15:20:28.656 10 INFO neutron.wsgi [-] 10.0.0.106 "GET / HTTP/1.1" status: 200 len: 246 time: 0.0022821
2026-07-22 15:20:40.912 10 INFO neutron.wsgi [None req-2f243630-84ae-4160-99a6-1400397a1c8f 5c2d2eea7ebd43eaafe62f9f7646482d 1cefd14a2ae340718011307e746df049 - - default default] 10.0.0.249 "GET /v2.0/networks HTTP/1.1" status: 200 len: 2349 time: 0.1418724
2026-07-22 15:20:40.959 10 INFO neutron.wsgi [None req-f45f40d0-7ece-43bd-a009-782f8e4ef938 5c2d2eea7ebd43eaafe62f9f7646482d 1cefd14a2ae340718011307e746df049 - - default default] 10.0.0.249 "GET /v2.0/subnets HTTP/1.1" status: 200 len: 1437 time: 0.0391998
2026-07-22 15:20:40.981 10 INFO neutron.wsgi [None req-86f39407-83c7-427e-a4e4-6c12fd1c29a1 5c2d2eea7ebd43eaafe62f9f7646482d 1cefd14a2ae340718011307e746df049 - - default default] 10.0.0.249 "GET /v2.0/subnetpools HTTP/1.1" status: 200 len: 193 time: 0.0206835
2026-07-22 15:20:41.006 10 INFO neutron.wsgi [None req-48b5fca1-cac3-4fdf-8c30-7787ffd1deac 5c2d2eea7ebd43eaafe62f9f7646482d 1cefd14a2ae340718011307e746df049 - - default default] 10.0.0.249 "GET /v2.0/floatingips HTTP/1.1" status: 200 len: 193 time: 0.0245616
2026-07-22 15:20:41.077 10 INFO neutron.wsgi [None req-d1f3d092-2da4-4b3b-a57b-6ecd7a23dc67 5c2d2eea7ebd43eaafe62f9f7646482d 1cefd14a2ae340718011307e746df049 - - default default] 10.0.0.249 "GET /v2.0/security-groups HTTP/1.1" status: 200 len: 16803 time: 0.0696344
2026-07-22 15:20:41.130 10 INFO neutron.wsgi [None req-34809c2a-b601-4a4d-b64c-f7011a6fc3b8 5c2d2eea7ebd43eaafe62f9f7646482d 1cefd14a2ae340718011307e746df049 - - default default] 10.0.0.249 "GET /v2.0/subnets HTTP/1.1" status: 200 len: 1437 time: 0.0484819
2026-07-22 15:20:41.155 10 INFO neutron.wsgi [None req-a5358920-e1b4-4a81-be82-af455fa21c4c 5c2d2eea7ebd43eaafe62f9f7646482d 1cefd14a2ae340718011307e746df049 - - default default] 10.0.0.249 "GET /v2.0/routers HTTP/1.1" status: 200 len: 189 time: 0.0236826
2026-07-22 15:20:41.204 10 INFO neutron.wsgi [None req-4ba8cb4b-58bd-4d2f-a666-9f7ae52dcfd4 5c2d2eea7ebd43eaafe62f9f7646482d 1cefd14a2ae340718011307e746df049 - - default default] 10.0.0.249 "GET /v2.0/agents?binary=ovn-controller HTTP/1.1" status: 200 len: 591 time: 0.0474408
2026-07-22 15:20:41.224 10 INFO neutron.wsgi [None req-b68e2148-e7bd-4ddb-89b5-3508313802f9 5c2d2eea7ebd43eaafe62f9f7646482d 1cefd14a2ae340718011307e746df049 - - default default] 10.0.0.249 "GET /v2.0/network-ip-availabilities HTTP/1.1" status: 200 len: 1280 time: 0.0150778
2026-07-22 15:20:41.261 10 INFO neutron.wsgi [None req-9a651d2f-24e6-4c8a-8bd1-b87c51d46a94 5c2d2eea7ebd43eaafe62f9f7646482d 1cefd14a2ae340718011307e746df049 - - default default] 10.0.0.249 "GET /v2.0/ports HTTP/1.1" status: 200 len: 5349 time: 0.0360940
2026-07-22 15:20:41.278 10 INFO neutron.wsgi [None req-071260c9-e5ed-4d20-a8ee-f75f6e2cceca 5c2d2eea7ebd43eaafe62f9f7646482d 1cefd14a2ae340718011307e746df049 - - default default] 10.0.0.249 "GET /v2.0/agents HTTP/1.1" status: 200 len: 997 time: 0.0122194
2026-07-22 15:20:43.655 10 INFO neutron.wsgi [-] 10.0.0.106 "GET / HTTP/1.1" status: 200 len: 246 time: 0.0018291
2026-07-22 15:20:43.659 9 INFO neutron.wsgi [-] 10.0.0.106 "GET / HTTP/1.1" status: 200 len: 246 time: 0.0046337
2026-07-22 15:20:55.727 9 INFO neutron.wsgi [None req-d0a5fc53-c894-4452-9f4b-0d109733afcc 5c2d2eea7ebd43eaafe62f9f7646482d 1cefd14a2ae340718011307e746df049 - - default default] 199.204.45.95,10.0.0.106 "GET /v2.0/networks HTTP/1.1" status: 200 len: 2349 time: 0.1480596
2026-07-22 15:20:56.650 9 INFO neutron.wsgi [None req-1d6dc73e-2177-42f7-ba9d-cf9be4dd473a 5c2d2eea7ebd43eaafe62f9f7646482d 1cefd14a2ae340718011307e746df049 - - default default] 199.204.45.95,10.0.0.106 "GET /v2.0/subnets HTTP/1.1" status: 200 len: 1437 time: 0.0851738
2026-07-22 15:20:56.734 9 INFO neutron.wsgi [None req-d945a463-0d9d-4c51-9cda-9fd19d1927df 5c2d2eea7ebd43eaafe62f9f7646482d 1cefd14a2ae340718011307e746df049 - - default default] 199.204.45.95,10.0.0.106 "GET /v2.0/networks HTTP/1.1" status: 200 len: 2349 time: 0.0794370
2026-07-22 15:20:57.917 9 INFO neutron.wsgi [None req-254a2b19-edc7-414d-bbe4-a965d272fb7d 5c2d2eea7ebd43eaafe62f9f7646482d 1cefd14a2ae340718011307e746df049 - - default default] 199.204.45.95,10.0.0.106 "GET /v2.0/security-groups?tenant_id=1cefd14a2ae340718011307e746df049 HTTP/1.1" status: 200 len: 10161 time: 0.0941648
2026-07-22 15:20:58.657 9 INFO neutron.wsgi [-] 10.0.0.106 "GET / HTTP/1.1" status: 200 len: 246 time: 0.0018544
2026-07-22 15:20:58.659 9 INFO neutron.wsgi [-] 10.0.0.106 "GET / HTTP/1.1" status: 200 len: 246 time: 0.0013325
2026-07-22 15:20:59.103 9 INFO neutron.wsgi [None req-a433a518-6d7c-4b04-8520-36dc9ed6844d 5c2d2eea7ebd43eaafe62f9f7646482d 1cefd14a2ae340718011307e746df049 - - default default] 199.204.45.95,10.0.0.106 "GET /v2.0/security-groups?tenant_id=1cefd14a2ae340718011307e746df049 HTTP/1.1" status: 200 len: 10161 time: 0.0877421
2026-07-22 15:21:00.005 10 INFO neutron.wsgi [None req-11bfa3b7-6018-4b60-bba6-7821b55ba959 5c2d2eea7ebd43eaafe62f9f7646482d 1cefd14a2ae340718011307e746df049 - - default default] 199.204.45.95,10.0.0.106 "GET /v2.0/security-groups?tenant_id=1cefd14a2ae340718011307e746df049 HTTP/1.1" status: 200 len: 10161 time: 0.0789280
2026-07-22 15:21:00.904 10 INFO neutron.wsgi [None req-bf4f68ee-2139-403d-b5cc-845a0e3a85b8 5c2d2eea7ebd43eaafe62f9f7646482d 1cefd14a2ae340718011307e746df049 - - default default] 199.204.45.95,10.0.0.106 "GET /v2.0/security-groups?tenant_id=1cefd14a2ae340718011307e746df049 HTTP/1.1" status: 200 len: 10161 time: 0.0833449
2026-07-22 15:21:01.782 10 INFO neutron.wsgi [None req-0e9bfc98-3199-42ab-a431-1afb8a6ec68a 5c2d2eea7ebd43eaafe62f9f7646482d 1cefd14a2ae340718011307e746df049 - - default default] 199.204.45.95,10.0.0.106 "GET /v2.0/security-groups?tenant_id=1cefd14a2ae340718011307e746df049 HTTP/1.1" status: 200 len: 10161 time: 0.0916121
2026-07-22 15:21:02.662 9 INFO neutron.wsgi [None req-f6c49015-12d5-4215-996b-7c7df3ef5856 5c2d2eea7ebd43eaafe62f9f7646482d 1cefd14a2ae340718011307e746df049 - - default default] 199.204.45.95,10.0.0.106 "GET /v2.0/security-groups?tenant_id=1cefd14a2ae340718011307e746df049 HTTP/1.1" status: 200 len: 10161 time: 0.0957963
2026-07-22 15:21:03.905 9 INFO neutron.wsgi [None req-e0e1647c-723b-4162-982b-8b27ae70aeeb 5c2d2eea7ebd43eaafe62f9f7646482d 1cefd14a2ae340718011307e746df049 - - default default] 199.204.45.95,10.0.0.106 "GET /v2.0/security-groups HTTP/1.1" status: 200 len: 16803 time: 0.0870345
2026-07-22 15:21:03.962 9 INFO neutron.wsgi [None req-04c562d2-5b49-42ed-b36a-c2ad6e7310fb 5c2d2eea7ebd43eaafe62f9f7646482d 1cefd14a2ae340718011307e746df049 - - default default] 199.204.45.95,10.0.0.106 "GET /v2.0/ports HTTP/1.1" status: 200 len: 5349 time: 0.0453241
2026-07-22 15:21:10.633 9 INFO neutron.pecan_wsgi.hooks.translation [None req-f4ca70b3-87b3-47e4-be65-bc26e517f206 5c2d2eea7ebd43eaafe62f9f7646482d 1cefd14a2ae340718011307e746df049 - - default default] GET failed (client error): The resource could not be found.
2026-07-22 15:21:10.634 9 INFO neutron.wsgi [None req-f4ca70b3-87b3-47e4-be65-bc26e517f206 5c2d2eea7ebd43eaafe62f9f7646482d 1cefd14a2ae340718011307e746df049 - - default default] 199.204.45.95,10.0.0.106 "GET /v2.0/ports/octavia-health-manager-port-instance HTTP/1.1" status: 404 len: 314 time: 0.0660071
2026-07-22 15:21:10.692 9 INFO neutron.wsgi [None req-02ea8aa1-a40c-4b34-a5a5-5d58cf3ee935 5c2d2eea7ebd43eaafe62f9f7646482d 1cefd14a2ae340718011307e746df049 - - default default] 199.204.45.95,10.0.0.106 "GET /v2.0/ports?name=octavia-health-manager-port-instance HTTP/1.1" status: 200 len: 1397 time: 0.0512457
2026-07-22 15:21:12.257 9 INFO neutron.wsgi [None req-9014cec2-1316-42c8-81b4-bd5464ec0e7e 5c2d2eea7ebd43eaafe62f9f7646482d 1cefd14a2ae340718011307e746df049 - - default default] 199.204.45.95,10.0.0.106 "GET /v2.0/ports HTTP/1.1" status: 200 len: 5349 time: 0.0741124
2026-07-22 15:21:13.270 10 INFO neutron.wsgi [None req-0b92b05b-487f-4fc8-a32c-cbdb0643fa44 5c2d2eea7ebd43eaafe62f9f7646482d 1cefd14a2ae340718011307e746df049 - - default default] 199.204.45.95,10.0.0.106 "GET /v2.0/security-groups?tenant_id=1cefd14a2ae340718011307e746df049 HTTP/1.1" status: 200 len: 10161 time: 0.0711730
2026-07-22 15:21:13.655 9 INFO neutron.wsgi [-] 10.0.0.106 "GET / HTTP/1.1" status: 200 len: 246 time: 0.0016520
2026-07-22 15:21:13.658 9 INFO neutron.wsgi [-] 10.0.0.106 "GET / HTTP/1.1" status: 200 len: 246 time: 0.0020866
2026-07-22 15:21:14.235 10 INFO neutron.wsgi [None req-94811924-ad71-4421-bf09-56f873180bb1 5c2d2eea7ebd43eaafe62f9f7646482d 1cefd14a2ae340718011307e746df049 - - default default] 199.204.45.95,10.0.0.106 "GET /v2.0/security-groups?tenant_id=1cefd14a2ae340718011307e746df049 HTTP/1.1" status: 200 len: 10161 time: 0.0834634
2026-07-22 15:21:15.153 10 INFO neutron.wsgi [None req-045e8e0f-8378-4c69-b015-b017e3dc072b 5c2d2eea7ebd43eaafe62f9f7646482d 1cefd14a2ae340718011307e746df049 - - default default] 199.204.45.95,10.0.0.106 "GET /v2.0/security-groups?tenant_id=1cefd14a2ae340718011307e746df049 HTTP/1.1" status: 200 len: 10161 time: 0.0946002
2026-07-22 15:21:26.328 10 INFO neutron.wsgi [None req-95b7acdb-83db-4d90-9fbe-ed951a6d365d 5c2d2eea7ebd43eaafe62f9f7646482d 1cefd14a2ae340718011307e746df049 - - default default] 199.204.45.95,10.0.0.106 "GET /v2.0/quotas/1cefd14a2ae340718011307e746df049 HTTP/1.1" status: 200 len: 361 time: 0.0082629
2026-07-22 15:21:28.655 10 INFO neutron.wsgi [-] 10.0.0.106 "GET / HTTP/1.1" status: 200 len: 246 time: 0.0018203
2026-07-22 15:21:28.657 10 INFO neutron.wsgi [-] 10.0.0.106 "GET / HTTP/1.1" status: 200 len: 246 time: 0.0013840
2026-07-22 15:21:40.838 10 INFO neutron.wsgi [None req-3186e5d2-ef98-4301-b538-5c258788c18f 5c2d2eea7ebd43eaafe62f9f7646482d 1cefd14a2ae340718011307e746df049 - - default default] 10.0.0.249 "GET /v2.0/routers HTTP/1.1" status: 200 len: 189 time: 0.0623608
2026-07-22 15:21:40.894 10 INFO neutron.wsgi [None req-38face11-c76e-4655-b1f2-52f36eab93c0 5c2d2eea7ebd43eaafe62f9f7646482d 1cefd14a2ae340718011307e746df049 - - default default] 10.0.0.249 "GET /v2.0/agents?binary=ovn-controller HTTP/1.1" status: 200 len: 591 time: 0.0552480
2026-07-22 15:21:40.907 10 INFO neutron.wsgi [None req-1140ad02-2bd0-4962-bb3d-8dd51be90a32 5c2d2eea7ebd43eaafe62f9f7646482d 1cefd14a2ae340718011307e746df049 - - default default] 10.0.0.249 "GET /v2.0/network-ip-availabilities HTTP/1.1" status: 200 len: 1280 time: 0.0121808
2026-07-22 15:21:40.929 10 INFO neutron.wsgi [None req-c6429ec6-6400-44b7-9d86-e053afe20584 5c2d2eea7ebd43eaafe62f9f7646482d 1cefd14a2ae340718011307e746df049 - - default default] 10.0.0.249 "GET /v2.0/floatingips HTTP/1.1" status: 200 len: 193 time: 0.0208242
2026-07-22 15:21:41.000 10 INFO neutron.wsgi [None req-e5293b6d-d745-4e1c-af15-027d4618d28b 5c2d2eea7ebd43eaafe62f9f7646482d 1cefd14a2ae340718011307e746df049 - - default default] 10.0.0.249 "GET /v2.0/networks HTTP/1.1" status: 200 len: 2349 time: 0.0694168
2026-07-22 15:21:41.038 10 INFO neutron.wsgi [None req-78dde116-8e13-4e2f-934f-c3f07d449f82 5c2d2eea7ebd43eaafe62f9f7646482d 1cefd14a2ae340718011307e746df049 - - default default] 10.0.0.249 "GET /v2.0/ports HTTP/1.1" status: 200 len: 5349 time: 0.0349576
2026-07-22 15:21:41.054 10 INFO neutron.wsgi [None req-b4a22f62-4f19-4bdf-8fba-2cc7ccc52280 5c2d2eea7ebd43eaafe62f9f7646482d 1cefd14a2ae340718011307e746df049 - - default default] 10.0.0.249 "GET /v2.0/agents HTTP/1.1" status: 200 len: 997 time: 0.0120916
2026-07-22 15:21:41.102 10 INFO neutron.wsgi [None req-a3dd078f-4f15-4b3f-acd3-e3469c6af278 5c2d2eea7ebd43eaafe62f9f7646482d 1cefd14a2ae340718011307e746df049 - - default default] 10.0.0.249 "GET /v2.0/security-groups HTTP/1.1" status: 200 len: 16803 time: 0.0461693
2026-07-22 15:21:41.140 10 INFO neutron.wsgi [None req-4d515dea-1d12-4f53-8e9e-8bc4951c18bb 5c2d2eea7ebd43eaafe62f9f7646482d 1cefd14a2ae340718011307e746df049 - - default default] 10.0.0.249 "GET /v2.0/subnets HTTP/1.1" status: 200 len: 1437 time: 0.0326152
2026-07-22 15:21:41.181 10 INFO neutron.wsgi [None req-384ad159-8307-4984-aa85-104093577aba 5c2d2eea7ebd43eaafe62f9f7646482d 1cefd14a2ae340718011307e746df049 - - default default] 10.0.0.249 "GET /v2.0/subnets HTTP/1.1" status: 200 len: 1437 time: 0.0390210
2026-07-22 15:21:41.192 10 INFO neutron.wsgi [None req-b3e6cac3-807b-4e77-8d95-870f1f198b08 5c2d2eea7ebd43eaafe62f9f7646482d 1cefd14a2ae340718011307e746df049 - - default default] 10.0.0.249 "GET /v2.0/subnetpools HTTP/1.1" status: 200 len: 193 time: 0.0080662
2026-07-22 15:21:43.657 10 INFO neutron.wsgi [-] 10.0.0.106 "GET / HTTP/1.1" status: 200 len: 246 time: 0.0032809
2026-07-22 15:21:43.661 10 INFO neutron.wsgi [-] 10.0.0.106 "GET / HTTP/1.1" status: 200 len: 246 time: 0.0023794
2026-07-22 15:21:58.659 9 INFO neutron.wsgi [-] 10.0.0.106 "GET / HTTP/1.1" status: 200 len: 246 time: 0.0039916
2026-07-22 15:21:58.662 9 INFO neutron.wsgi [-] 10.0.0.106 "GET / HTTP/1.1" status: 200 len: 246 time: 0.0020630
2026-07-22 15:22:13.656 9 INFO neutron.wsgi [-] 10.0.0.106 "GET / HTTP/1.1" status: 200 len: 246 time: 0.0023506
2026-07-22 15:22:13.656 10 INFO neutron.wsgi [-] 10.0.0.106 "GET / HTTP/1.1" status: 200 len: 246 time: 0.0025494
2026-07-22 15:22:19.266 10 INFO neutron.wsgi [None req-2496ba41-d767-421b-8673-90b57da0a9f4 5c2d2eea7ebd43eaafe62f9f7646482d 1cefd14a2ae340718011307e746df049 - - default default] 199.204.45.95,10.0.0.106 "GET /v2.0/security-groups?tenant_id=86e0e1c0a1f14810805148bd2196cbdc HTTP/1.1" status: 200 len: 6838 time: 0.0889475
2026-07-22 15:22:20.255 10 INFO neutron.wsgi [None req-1f49a253-573e-4ad5-999e-383b29bdb59e 5c2d2eea7ebd43eaafe62f9f7646482d 1cefd14a2ae340718011307e746df049 - - default default] 199.204.45.95,10.0.0.106 "GET /v2.0/security-groups?tenant_id=86e0e1c0a1f14810805148bd2196cbdc HTTP/1.1" status: 200 len: 6838 time: 0.0847912
2026-07-22 15:22:21.136 10 INFO neutron.wsgi [None req-442e10f3-02b0-49e3-8f13-f1027345f88b 5c2d2eea7ebd43eaafe62f9f7646482d 1cefd14a2ae340718011307e746df049 - - default default] 199.204.45.95,10.0.0.106 "GET /v2.0/security-groups?tenant_id=86e0e1c0a1f14810805148bd2196cbdc HTTP/1.1" status: 200 len: 6838 time: 0.0785112
2026-07-22 15:22:22.001 10 INFO neutron.wsgi [None req-d9c4d14a-db21-4d3c-b19f-c6468e74f709 5c2d2eea7ebd43eaafe62f9f7646482d 1cefd14a2ae340718011307e746df049 - - default default] 199.204.45.95,10.0.0.106 "GET /v2.0/security-groups?tenant_id=86e0e1c0a1f14810805148bd2196cbdc HTTP/1.1" status: 200 len: 6838 time: 0.0717857
2026-07-22 15:22:23.025 10 INFO neutron.wsgi [None req-d24a6802-3a99-44da-b2b0-83d6ab1450c4 5c2d2eea7ebd43eaafe62f9f7646482d 1cefd14a2ae340718011307e746df049 - - default default] 199.204.45.95,10.0.0.106 "GET /v2.0/security-groups?tenant_id=86e0e1c0a1f14810805148bd2196cbdc HTTP/1.1" status: 200 len: 6838 time: 0.0849206
2026-07-22 15:22:28.656 10 INFO neutron.wsgi [-] 10.0.0.106 "GET / HTTP/1.1" status: 200 len: 246 time: 0.0024357
2026-07-22 15:22:28.659 10 INFO neutron.wsgi [-] 10.0.0.106 "GET / HTTP/1.1" status: 200 len: 246 time: 0.0017874
2026-07-22 15:22:30.553 10 INFO neutron.wsgi [None req-f6f07c00-6013-4b13-ba09-54af5af2cf1a 5c2d2eea7ebd43eaafe62f9f7646482d 1cefd14a2ae340718011307e746df049 - - default default] 199.204.45.95,10.0.0.106 "GET /v2.0/quotas/86e0e1c0a1f14810805148bd2196cbdc HTTP/1.1" status: 200 len: 361 time: 0.0166407
2026-07-22 15:22:40.831 10 INFO neutron.wsgi [None req-030b8ad2-f310-4298-8943-8a8059a898d4 5c2d2eea7ebd43eaafe62f9f7646482d 1cefd14a2ae340718011307e746df049 - - default default] 10.0.0.249 "GET /v2.0/network-ip-availabilities HTTP/1.1" status: 200 len: 1280 time: 0.0603313
2026-07-22 15:22:40.901 10 INFO neutron.wsgi [None req-5711bc20-0f6c-4edd-a1d7-c29c171fb8a7 5c2d2eea7ebd43eaafe62f9f7646482d 1cefd14a2ae340718011307e746df049 - - default default] 10.0.0.249 "GET /v2.0/networks HTTP/1.1" status: 200 len: 2349 time: 0.0674167
2026-07-22 15:22:40.943 10 INFO neutron.wsgi [None req-24f718b1-d10a-4215-87c9-3d32ff127d0d 5c2d2eea7ebd43eaafe62f9f7646482d 1cefd14a2ae340718011307e746df049 - - default default] 10.0.0.249 "GET /v2.0/agents HTTP/1.1" status: 200 len: 997 time: 0.0395565
2026-07-22 15:22:40.982 10 INFO neutron.wsgi [None req-7f2bac6b-d6a9-48fc-af12-155291863def 5c2d2eea7ebd43eaafe62f9f7646482d 1cefd14a2ae340718011307e746df049 - - default default] 10.0.0.249 "GET /v2.0/subnets HTTP/1.1" status: 200 len: 1437 time: 0.0374744
2026-07-22 15:22:41.011 10 INFO neutron.wsgi [None req-e56b1ff4-2e56-46e4-927a-b53f995f6288 5c2d2eea7ebd43eaafe62f9f7646482d 1cefd14a2ae340718011307e746df049 - - default default] 10.0.0.249 "GET /v2.0/routers HTTP/1.1" status: 200 len: 189 time: 0.0277102
2026-07-22 15:22:41.023 10 INFO neutron.wsgi [None req-98e9f013-8675-4b37-b77f-5a15c3409962 5c2d2eea7ebd43eaafe62f9f7646482d 1cefd14a2ae340718011307e746df049 - - default default] 10.0.0.249 "GET /v2.0/agents?binary=ovn-controller HTTP/1.1" status: 200 len: 591 time: 0.0117481
2026-07-22 15:22:41.046 10 INFO neutron.wsgi [None req-e03aa089-d4e3-467b-9d0c-bfe2b23795cf 5c2d2eea7ebd43eaafe62f9f7646482d 1cefd14a2ae340718011307e746df049 - - default default] 10.0.0.249 "GET /v2.0/floatingips HTTP/1.1" status: 200 len: 193 time: 0.0216305
2026-07-22 15:22:41.081 10 INFO neutron.wsgi [None req-9d9b5b4b-a9ac-4d5f-b830-fc47d4a33fdb 5c2d2eea7ebd43eaafe62f9f7646482d 1cefd14a2ae340718011307e746df049 - - default default] 10.0.0.249 "GET /v2.0/ports HTTP/1.1" status: 200 len: 5349 time: 0.0348036
2026-07-22 15:22:41.134 10 INFO neutron.wsgi [None req-27416c08-d55b-43ca-9dbf-c03038e4d459 5c2d2eea7ebd43eaafe62f9f7646482d 1cefd14a2ae340718011307e746df049 - - default default] 10.0.0.249 "GET /v2.0/security-groups HTTP/1.1" status: 200 len: 16803 time: 0.0493987
2026-07-22 15:22:41.168 10 INFO neutron.wsgi [None req-539a2694-3f8e-46af-95f2-efd459a39be5 5c2d2eea7ebd43eaafe62f9f7646482d 1cefd14a2ae340718011307e746df049 - - default default] 10.0.0.249 "GET /v2.0/subnets HTTP/1.1" status: 200 len: 1437 time: 0.0288744
2026-07-22 15:22:41.177 10 INFO neutron.wsgi [None req-cb487b3f-5799-48d8-bd0f-fc6279abe869 5c2d2eea7ebd43eaafe62f9f7646482d 1cefd14a2ae340718011307e746df049 - - default default] 10.0.0.249 "GET /v2.0/subnetpools HTTP/1.1" status: 200 len: 193 time: 0.0082715
2026-07-22 15:22:43.657 10 INFO neutron.wsgi [-] 10.0.0.106 "GET / HTTP/1.1" status: 200 len: 246 time: 0.0023794
2026-07-22 15:22:43.657 9 INFO neutron.wsgi [-] 10.0.0.106 "GET / HTTP/1.1" status: 200 len: 246 time: 0.0024493
2026-07-22 15:22:58.656 9 INFO neutron.wsgi [-] 10.0.0.106 "GET / HTTP/1.1" status: 200 len: 246 time: 0.0020480
2026-07-22 15:22:58.657 10 INFO neutron.wsgi [-] 10.0.0.106 "GET / HTTP/1.1" status: 200 len: 246 time: 0.0034878
2026-07-22 15:23:13.659 10 INFO neutron.wsgi [-] 10.0.0.106 "GET / HTTP/1.1" status: 200 len: 246 time: 0.0038145
2026-07-22 15:23:13.659 9 INFO neutron.wsgi [-] 10.0.0.106 "GET / HTTP/1.1" status: 200 len: 246 time: 0.0035133
2026-07-22 15:23:24.746 10 INFO neutron.wsgi [None req-9ec338ad-7bbd-4d82-a700-feddbb1f3b80 5c2d2eea7ebd43eaafe62f9f7646482d 1cefd14a2ae340718011307e746df049 - - default default] 199.204.45.95,10.0.0.106 "GET /v2.0/networks HTTP/1.1" status: 200 len: 2349 time: 0.1014872
2026-07-22 15:23:28.656 10 INFO neutron.wsgi [-] 10.0.0.106 "GET / HTTP/1.1" status: 200 len: 246 time: 0.0016069
2026-07-22 15:23:28.658 10 INFO neutron.wsgi [-] 10.0.0.106 "GET / HTTP/1.1" status: 200 len: 246 time: 0.0011456
2026-07-22 15:23:40.840 10 INFO neutron.wsgi [None req-005314c4-d376-4548-b302-bae96e28592b 5c2d2eea7ebd43eaafe62f9f7646482d 1cefd14a2ae340718011307e746df049 - - default default] 10.0.0.249 "GET /v2.0/ports HTTP/1.1" status: 200 len: 5349 time: 0.0829067
2026-07-22 15:23:40.866 10 INFO neutron.wsgi [None req-303e5abe-4112-4335-bb6b-6794a20fa33e 5c2d2eea7ebd43eaafe62f9f7646482d 1cefd14a2ae340718011307e746df049 - - default default] 10.0.0.249 "GET /v2.0/routers HTTP/1.1" status: 200 len: 189 time: 0.0213194
2026-07-22 15:23:40.907 10 INFO neutron.wsgi [None req-6f791c1c-1978-4112-98b6-e0097b350d48 5c2d2eea7ebd43eaafe62f9f7646482d 1cefd14a2ae340718011307e746df049 - - default default] 10.0.0.249 "GET /v2.0/agents?binary=ovn-controller HTTP/1.1" status: 200 len: 591 time: 0.0407879
2026-07-22 15:23:40.917 10 INFO neutron.wsgi [None req-559ab4ab-90db-4899-8904-c3ef6949a424 5c2d2eea7ebd43eaafe62f9f7646482d 1cefd14a2ae340718011307e746df049 - - default default] 10.0.0.249 "GET /v2.0/agents HTTP/1.1" status: 200 len: 997 time: 0.0090864
2026-07-22 15:23:40.945 10 INFO neutron.wsgi [None req-cac9897c-bcc9-406e-9dae-dfba846ad594 5c2d2eea7ebd43eaafe62f9f7646482d 1cefd14a2ae340718011307e746df049 - - default default] 10.0.0.249 "GET /v2.0/subnets HTTP/1.1" status: 200 len: 1437 time: 0.0267177
2026-07-22 15:23:40.984 10 INFO neutron.wsgi [None req-1712b92d-dbde-4fc0-a741-6c3a1113a572 5c2d2eea7ebd43eaafe62f9f7646482d 1cefd14a2ae340718011307e746df049 - - default default] 10.0.0.249 "GET /v2.0/subnets HTTP/1.1" status: 200 len: 1437 time: 0.0372837
2026-07-22 15:23:40.994 10 INFO neutron.wsgi [None req-bdda3a04-977f-4893-95b1-361f263fc0a2 5c2d2eea7ebd43eaafe62f9f7646482d 1cefd14a2ae340718011307e746df049 - - default default] 10.0.0.249 "GET /v2.0/subnetpools HTTP/1.1" status: 200 len: 193 time: 0.0083299
2026-07-22 15:23:41.010 10 INFO neutron.wsgi [None req-ed74d6d1-e842-4b23-8fbb-da0f04265194 5c2d2eea7ebd43eaafe62f9f7646482d 1cefd14a2ae340718011307e746df049 - - default default] 10.0.0.249 "GET /v2.0/floatingips HTTP/1.1" status: 200 len: 193 time: 0.0159910
2026-07-22 15:23:41.080 10 INFO neutron.wsgi [None req-199f9315-78a9-42e0-8ef5-21e8ea1f1266 5c2d2eea7ebd43eaafe62f9f7646482d 1cefd14a2ae340718011307e746df049 - - default default] 10.0.0.249 "GET /v2.0/networks HTTP/1.1" status: 200 len: 2349 time: 0.0686846
2026-07-22 15:23:41.136 10 INFO neutron.wsgi [None req-371e3fec-8110-4080-89bd-2391e796988d 5c2d2eea7ebd43eaafe62f9f7646482d 1cefd14a2ae340718011307e746df049 - - default default] 10.0.0.249 "GET /v2.0/security-groups HTTP/1.1" status: 200 len: 16803 time: 0.0530627
2026-07-22 15:23:41.153 10 INFO neutron.wsgi [None req-3debc4ec-b6b4-468c-abd8-3df2d954f0c4 5c2d2eea7ebd43eaafe62f9f7646482d 1cefd14a2ae340718011307e746df049 - - default default] 10.0.0.249 "GET /v2.0/network-ip-availabilities HTTP/1.1" status: 200 len: 1280 time: 0.0121412
2026-07-22 15:23:43.656 10 INFO neutron.wsgi [-] 10.0.0.106 "GET / HTTP/1.1" status: 200 len: 246 time: 0.0023866
2026-07-22 15:23:43.657 9 INFO neutron.wsgi [-] 10.0.0.106 "GET / HTTP/1.1" status: 200 len: 246 time: 0.0032516
2026-07-22 15:23:58.657 10 INFO neutron.wsgi [-] 10.0.0.106 "GET / HTTP/1.1" status: 200 len: 246 time: 0.0029051
2026-07-22 15:23:58.659 10 INFO neutron.wsgi [-] 10.0.0.106 "GET / HTTP/1.1" status: 200 len: 246 time: 0.0015919
2026-07-22 15:24:05.223 9 INFO neutron.wsgi [None req-833b280e-4546-418f-9eb6-1611c79be748 5c2d2eea7ebd43eaafe62f9f7646482d 1cefd14a2ae340718011307e746df049 - - default default] 10.0.0.179 "GET /v2.0/networks HTTP/1.1" status: 200 len: 2368 time: 0.1478267
2026-07-22 15:24:06.361 10 INFO neutron.wsgi [None req-c014fa83-4f2b-4114-a8ab-e3d3fd33687a 5c2d2eea7ebd43eaafe62f9f7646482d 1cefd14a2ae340718011307e746df049 - - default default] 10.0.0.179 "GET /v2.0/floatingips HTTP/1.1" status: 200 len: 212 time: 0.0267851
2026-07-22 15:24:06.391 10 INFO neutron.wsgi [None req-db873901-2d3a-4858-b5d7-e3ab4a792bc2 5c2d2eea7ebd43eaafe62f9f7646482d 1cefd14a2ae340718011307e746df049 - - default default] 10.0.0.179 "GET /v2.0/routers HTTP/1.1" status: 200 len: 208 time: 0.0230327
2026-07-22 15:24:06.432 10 INFO neutron.wsgi [None req-d575115e-bab8-4f25-8109-fd9cb2d7af64 5c2d2eea7ebd43eaafe62f9f7646482d 1cefd14a2ae340718011307e746df049 - - default default] 10.0.0.179 "GET /v2.0/ports HTTP/1.1" status: 200 len: 5368 time: 0.0362747
2026-07-22 15:24:06.469 10 INFO neutron.wsgi [None req-ec5c9719-4e29-462c-a14a-0e954ac7ca79 5c2d2eea7ebd43eaafe62f9f7646482d 1cefd14a2ae340718011307e746df049 - - default default] 10.0.0.179 "GET /v2.0/subnets HTTP/1.1" status: 200 len: 1456 time: 0.0318990
2026-07-22 15:24:06.549 10 INFO neutron.wsgi [None req-e387b051-554d-444d-ac50-0c1f1d55b27b 5c2d2eea7ebd43eaafe62f9f7646482d 1cefd14a2ae340718011307e746df049 - - default default] 10.0.0.179 "GET /v2.0/networks HTTP/1.1" status: 200 len: 2368 time: 0.0754840
2026-07-22 15:24:06.745 10 INFO neutron.wsgi [None req-f75ba85e-6565-480f-80ef-a972b1c22805 5c2d2eea7ebd43eaafe62f9f7646482d 1cefd14a2ae340718011307e746df049 - - default default] 10.0.0.179 "GET /v2.0/security-groups HTTP/1.1" status: 200 len: 16822 time: 0.1900833
2026-07-22 15:24:06.761 10 INFO neutron.wsgi [None req-13c005e7-fb11-41e0-9cd8-bd5e136cabb2 5c2d2eea7ebd43eaafe62f9f7646482d 1cefd14a2ae340718011307e746df049 - - default default] 10.0.0.179 "GET /v2.0/subnetpools HTTP/1.1" status: 200 len: 212 time: 0.0103517
2026-07-22 15:24:13.656 10 INFO neutron.wsgi [-] 10.0.0.106 "GET / HTTP/1.1" status: 200 len: 246 time: 0.0025036
2026-07-22 15:24:13.657 9 INFO neutron.wsgi [-] 10.0.0.106 "GET / HTTP/1.1" status: 200 len: 246 time: 0.0025382
2026-07-22 15:24:18.180 9 INFO neutron.db.ovn_revision_numbers_db [None req-d1144cb7-03f9-46ea-abc8-1909613dea72 5c2d2eea7ebd43eaafe62f9f7646482d 1cefd14a2ae340718011307e746df049 - - default default] Successfully bumped revision number for resource b0c45f0f-6513-4f53-9008-5b5eb71ed7b3 (type: security_groups) to 1
2026-07-22 15:24:18.187 10 INFO neutron.db.ovn_revision_numbers_db [None req-29e33433-3921-4ac9-8edd-ff5eadde7892 5c2d2eea7ebd43eaafe62f9f7646482d 1cefd14a2ae340718011307e746df049 - - default default] Successfully bumped revision number for resource 706d2926-8475-4556-bcdf-d158a0e09f32 (type: security_groups) to 1
2026-07-22 15:24:18.194 9 INFO neutron.db.ovn_revision_numbers_db [None req-d1144cb7-03f9-46ea-abc8-1909613dea72 5c2d2eea7ebd43eaafe62f9f7646482d 1cefd14a2ae340718011307e746df049 - - default default] Successfully bumped revision number for resource 65af9634-d4a8-4084-a56c-449363120d44 (type: security_group_rules) to 0
2026-07-22 15:24:18.204 10 INFO neutron.db.ovn_revision_numbers_db [None req-29e33433-3921-4ac9-8edd-ff5eadde7892 5c2d2eea7ebd43eaafe62f9f7646482d 1cefd14a2ae340718011307e746df049 - - default default] Successfully bumped revision number for resource 4a5b985e-ea3c-4a9e-9cb6-b2367391d58c (type: security_group_rules) to 0
2026-07-22 15:24:18.208 9 INFO neutron.db.ovn_revision_numbers_db [None req-d1144cb7-03f9-46ea-abc8-1909613dea72 5c2d2eea7ebd43eaafe62f9f7646482d 1cefd14a2ae340718011307e746df049 - - default default] Successfully bumped revision number for resource 93719c8b-c890-475b-b8da-15013f348521 (type: security_group_rules) to 0
2026-07-22 15:24:18.218 10 INFO neutron.db.ovn_revision_numbers_db [None req-29e33433-3921-4ac9-8edd-ff5eadde7892 5c2d2eea7ebd43eaafe62f9f7646482d 1cefd14a2ae340718011307e746df049 - - default default] Successfully bumped revision number for resource 4c90f108-2b35-4054-96ab-12997e2a8868 (type: security_group_rules) to 0
2026-07-22 15:24:18.244 9 INFO neutron.db.ovn_revision_numbers_db [None req-d1144cb7-03f9-46ea-abc8-1909613dea72 5c2d2eea7ebd43eaafe62f9f7646482d 1cefd14a2ae340718011307e746df049 - - default default] Successfully bumped revision number for resource 9d95fb1c-ccf9-482c-99d1-800e71d1827c (type: security_group_rules) to 0
2026-07-22 15:24:18.256 10 INFO neutron.db.ovn_revision_numbers_db [None req-29e33433-3921-4ac9-8edd-ff5eadde7892 5c2d2eea7ebd43eaafe62f9f7646482d 1cefd14a2ae340718011307e746df049 - - default default] Successfully bumped revision number for resource 57746d0c-7c54-481e-93d0-f8d1117fc604 (type: security_group_rules) to 0
2026-07-22 15:24:18.262 9 INFO neutron.db.ovn_revision_numbers_db [None req-d1144cb7-03f9-46ea-abc8-1909613dea72 5c2d2eea7ebd43eaafe62f9f7646482d 1cefd14a2ae340718011307e746df049 - - default default] Successfully bumped revision number for resource fd6df408-ef42-4bce-8397-bd45e2a98354 (type: security_group_rules) to 0
2026-07-22 15:24:18.271 10 INFO neutron.db.ovn_revision_numbers_db [None req-29e33433-3921-4ac9-8edd-ff5eadde7892 5c2d2eea7ebd43eaafe62f9f7646482d 1cefd14a2ae340718011307e746df049 - - default default] Successfully bumped revision number for resource a776bef5-8d13-48b2-9a3d-a02c9d3a118f (type: security_group_rules) to 0
2026-07-22 15:24:18.318 9 INFO neutron.db.segments_db [None req-d1144cb7-03f9-46ea-abc8-1909613dea72 5c2d2eea7ebd43eaafe62f9f7646482d 1cefd14a2ae340718011307e746df049 - - default default] Added segment a4d5a871-09c8-4e29-988e-744db1c6e977 of type geneve for network a8e3c300-0606-433b-b527-2ccfabaaabd3
2026-07-22 15:24:18.319 10 INFO neutron.db.segments_db [None req-29e33433-3921-4ac9-8edd-ff5eadde7892 5c2d2eea7ebd43eaafe62f9f7646482d 1cefd14a2ae340718011307e746df049 - - default default] Added segment 72d1b686-99fa-4bd0-aaab-3a3b09355f80 of type geneve for network 044800f9-d230-40a8-8ad1-3baeabf6084e
2026-07-22 15:24:18.400 9 INFO neutron.db.ovn_revision_numbers_db [None req-ee8ee5b1-6d18-44de-ba98-3fac83ec4606 5c2d2eea7ebd43eaafe62f9f7646482d 1cefd14a2ae340718011307e746df049 - - default default] Successfully bumped revision number for resource 3f6db377-ec8a-43b4-9781-8182eb447432 (type: security_groups) to 1
2026-07-22 15:24:18.486 10 INFO neutron.db.ovn_revision_numbers_db [None req-29e33433-3921-4ac9-8edd-ff5eadde7892 5c2d2eea7ebd43eaafe62f9f7646482d 1cefd14a2ae340718011307e746df049 - - default default] Successfully bumped revision number for resource 044800f9-d230-40a8-8ad1-3baeabf6084e (type: networks) to 1
2026-07-22 15:24:18.510 9 INFO neutron.db.ovn_revision_numbers_db [None req-ee8ee5b1-6d18-44de-ba98-3fac83ec4606 5c2d2eea7ebd43eaafe62f9f7646482d 1cefd14a2ae340718011307e746df049 - - default default] Successfully bumped revision number for resource 28f394bf-9bd3-4bc2-a930-616889d36b17 (type: security_group_rules) to 0
2026-07-22 15:24:18.542 9 INFO neutron.db.ovn_revision_numbers_db [None req-ee8ee5b1-6d18-44de-ba98-3fac83ec4606 5c2d2eea7ebd43eaafe62f9f7646482d 1cefd14a2ae340718011307e746df049 - - default default] Successfully bumped revision number for resource 547d52a1-5d98-47f6-b687-77b8b3ab73e9 (type: security_group_rules) to 0
2026-07-22 15:24:18.554 9 INFO neutron.db.ovn_revision_numbers_db [None req-d1144cb7-03f9-46ea-abc8-1909613dea72 5c2d2eea7ebd43eaafe62f9f7646482d 1cefd14a2ae340718011307e746df049 - - default default] Successfully bumped revision number for resource a8e3c300-0606-433b-b527-2ccfabaaabd3 (type: networks) to 1
2026-07-22 15:24:18.567 9 INFO neutron.db.ovn_revision_numbers_db [None req-ee8ee5b1-6d18-44de-ba98-3fac83ec4606 5c2d2eea7ebd43eaafe62f9f7646482d 1cefd14a2ae340718011307e746df049 - - default default] Successfully bumped revision number for resource 819cccc0-ec0c-4765-94bd-5d498c9de65d (type: security_group_rules) to 0
2026-07-22 15:24:18.594 9 INFO neutron.db.ovn_revision_numbers_db [None req-ee8ee5b1-6d18-44de-ba98-3fac83ec4606 5c2d2eea7ebd43eaafe62f9f7646482d 1cefd14a2ae340718011307e746df049 - - default default] Successfully bumped revision number for resource 8fa1ac8e-3669-4aa2-a171-6c2154bcbb18 (type: security_group_rules) to 0
2026-07-22 15:24:18.647 9 INFO neutron.db.segments_db [None req-ee8ee5b1-6d18-44de-ba98-3fac83ec4606 5c2d2eea7ebd43eaafe62f9f7646482d 1cefd14a2ae340718011307e746df049 - - default default] Added segment addf92a7-0aac-4719-bd3c-759f62634945 of type geneve for network 04460963-7cda-42ef-9a6c-cb4dc2979b8f
2026-07-22 15:24:18.714 10 WARNING neutron.scheduler.dhcp_agent_scheduler [None req-29e33433-3921-4ac9-8edd-ff5eadde7892 5c2d2eea7ebd43eaafe62f9f7646482d 1cefd14a2ae340718011307e746df049 - - default default] No more DHCP agents
2026-07-22 15:24:18.719 10 WARNING neutron.api.rpc.agentnotifiers.dhcp_rpc_agent_api [None req-29e33433-3921-4ac9-8edd-ff5eadde7892 5c2d2eea7ebd43eaafe62f9f7646482d 1cefd14a2ae340718011307e746df049 - - default default] Unable to schedule network 044800f9-d230-40a8-8ad1-3baeabf6084e: no agents available; will retry on subsequent port and subnet creation events.
2026-07-22 15:24:18.746 10 INFO neutron.db.ovn_revision_numbers_db [None req-a66c1fe9-45eb-461d-8120-931e8f15984e 5c2d2eea7ebd43eaafe62f9f7646482d 1cefd14a2ae340718011307e746df049 - - default default] Successfully bumped revision number for resource 72a058da-36f7-4bf6-84fa-17e751b7a6b8 (type: security_groups) to 1
2026-07-22 15:24:18.768 10 INFO neutron.db.ovn_revision_numbers_db [None req-a66c1fe9-45eb-461d-8120-931e8f15984e 5c2d2eea7ebd43eaafe62f9f7646482d 1cefd14a2ae340718011307e746df049 - - default default] Successfully bumped revision number for resource 4b10ee23-7ec4-48bc-98db-7670abe756c0 (type: security_group_rules) to 0
2026-07-22 15:24:18.796 9 WARNING neutron.scheduler.dhcp_agent_scheduler [None req-d1144cb7-03f9-46ea-abc8-1909613dea72 5c2d2eea7ebd43eaafe62f9f7646482d 1cefd14a2ae340718011307e746df049 - - default default] No more DHCP agents
2026-07-22 15:24:18.801 9 WARNING neutron.api.rpc.agentnotifiers.dhcp_rpc_agent_api [None req-d1144cb7-03f9-46ea-abc8-1909613dea72 5c2d2eea7ebd43eaafe62f9f7646482d 1cefd14a2ae340718011307e746df049 - - default default] Unable to schedule network a8e3c300-0606-433b-b527-2ccfabaaabd3: no agents available; will retry on subsequent port and subnet creation events.
2026-07-22 15:24:18.809 10 INFO neutron.db.ovn_revision_numbers_db [None req-a66c1fe9-45eb-461d-8120-931e8f15984e 5c2d2eea7ebd43eaafe62f9f7646482d 1cefd14a2ae340718011307e746df049 - - default default] Successfully bumped revision number for resource 789f4543-b832-414b-9c14-b019ee644c00 (type: security_group_rules) to 0
2026-07-22 15:24:18.832 10 INFO neutron.db.ovn_revision_numbers_db [None req-a66c1fe9-45eb-461d-8120-931e8f15984e 5c2d2eea7ebd43eaafe62f9f7646482d 1cefd14a2ae340718011307e746df049 - - default default] Successfully bumped revision number for resource d3543acf-ed66-482e-bade-0ec67fadb5d0 (type: security_group_rules) to 0
2026-07-22 15:24:18.833 10 INFO neutron.db.ovn_revision_numbers_db [None req-29e33433-3921-4ac9-8edd-ff5eadde7892 5c2d2eea7ebd43eaafe62f9f7646482d 1cefd14a2ae340718011307e746df049 - - default default] Successfully bumped revision number for resource 0547e240-2940-4c84-8e24-a65fd41fe6ac (type: ports) to 1
2026-07-22 15:24:18.847 10 INFO neutron.db.ovn_revision_numbers_db [None req-a66c1fe9-45eb-461d-8120-931e8f15984e 5c2d2eea7ebd43eaafe62f9f7646482d 1cefd14a2ae340718011307e746df049 - - default default] Successfully bumped revision number for resource f1ed2da8-8683-4cdc-a738-1c416e7296da (type: security_group_rules) to 0
2026-07-22 15:24:18.869 10 INFO neutron.wsgi [None req-29e33433-3921-4ac9-8edd-ff5eadde7892 5c2d2eea7ebd43eaafe62f9f7646482d 1cefd14a2ae340718011307e746df049 - - default default] 10.0.0.179 "POST /v2.0/networks HTTP/1.1" status: 201 len: 950 time: 0.8818333
2026-07-22 15:24:18.883 10 INFO neutron.wsgi [None req-a66c1fe9-45eb-461d-8120-931e8f15984e 5c2d2eea7ebd43eaafe62f9f7646482d 1cefd14a2ae340718011307e746df049 - - default default] 10.0.0.179 "GET /v2.0/security-groups?tenant_id=a1d6fed7c34c4994aab15f71e394850f&name=default HTTP/1.1" status: 200 len: 2992 time: 0.4254553
2026-07-22 15:24:18.928 9 INFO neutron.db.ovn_revision_numbers_db [None req-ee8ee5b1-6d18-44de-ba98-3fac83ec4606 5c2d2eea7ebd43eaafe62f9f7646482d 1cefd14a2ae340718011307e746df049 - - default default] Successfully bumped revision number for resource 04460963-7cda-42ef-9a6c-cb4dc2979b8f (type: networks) to 1
2026-07-22 15:24:18.971 9 INFO neutron.db.ovn_revision_numbers_db [None req-d1144cb7-03f9-46ea-abc8-1909613dea72 5c2d2eea7ebd43eaafe62f9f7646482d 1cefd14a2ae340718011307e746df049 - - default default] Successfully bumped revision number for resource 5d155580-1ddc-4069-9052-4af7e9d18413 (type: ports) to 1
2026-07-22 15:24:19.006 9 INFO neutron.wsgi [None req-d1144cb7-03f9-46ea-abc8-1909613dea72 5c2d2eea7ebd43eaafe62f9f7646482d 1cefd14a2ae340718011307e746df049 - - default default] 10.0.0.179 "POST /v2.0/networks HTTP/1.1" status: 201 len: 946 time: 1.0892990
2026-07-22 15:24:19.060 10 WARNING neutron.scheduler.dhcp_agent_scheduler [None req-df14b37f-c751-4a97-ac75-911a094bb428 5c2d2eea7ebd43eaafe62f9f7646482d 1cefd14a2ae340718011307e746df049 - - default default] No more DHCP agents
2026-07-22 15:24:19.062 10 WARNING neutron.api.rpc.agentnotifiers.dhcp_rpc_agent_api [None req-df14b37f-c751-4a97-ac75-911a094bb428 5c2d2eea7ebd43eaafe62f9f7646482d 1cefd14a2ae340718011307e746df049 - - default default] Unable to schedule network 044800f9-d230-40a8-8ad1-3baeabf6084e: no agents available; will retry on subsequent port and subnet creation events.
2026-07-22 15:24:19.102 9 WARNING neutron.scheduler.dhcp_agent_scheduler [None req-ee8ee5b1-6d18-44de-ba98-3fac83ec4606 5c2d2eea7ebd43eaafe62f9f7646482d 1cefd14a2ae340718011307e746df049 - - default default] No more DHCP agents
2026-07-22 15:24:19.104 9 WARNING neutron.api.rpc.agentnotifiers.dhcp_rpc_agent_api [None req-ee8ee5b1-6d18-44de-ba98-3fac83ec4606 5c2d2eea7ebd43eaafe62f9f7646482d 1cefd14a2ae340718011307e746df049 - - default default] Unable to schedule network 04460963-7cda-42ef-9a6c-cb4dc2979b8f: no agents available; will retry on subsequent port and subnet creation events.
2026-07-22 15:24:19.192 9 INFO neutron.db.ovn_revision_numbers_db [None req-ee8ee5b1-6d18-44de-ba98-3fac83ec4606 5c2d2eea7ebd43eaafe62f9f7646482d 1cefd14a2ae340718011307e746df049 - - default default] Successfully bumped revision number for resource 72912cb0-3a63-43e9-b006-8b020cadd0bb (type: ports) to 1
2026-07-22 15:24:19.215 9 INFO neutron.wsgi [None req-ee8ee5b1-6d18-44de-ba98-3fac83ec4606 5c2d2eea7ebd43eaafe62f9f7646482d 1cefd14a2ae340718011307e746df049 - - default default] 10.0.0.179 "POST /v2.0/networks HTTP/1.1" status: 201 len: 940 time: 1.2337072
2026-07-22 15:24:19.290 10 INFO neutron.wsgi [None req-b6e39a4f-9bdb-4319-a53f-2f9890df5df2 5c2d2eea7ebd43eaafe62f9f7646482d 1cefd14a2ae340718011307e746df049 - - default default] 10.0.0.179 "DELETE /v2.0/security-groups/72a058da-36f7-4bf6-84fa-17e751b7a6b8 HTTP/1.1" status: 204 len: 168 time: 0.4005778
2026-07-22 15:24:19.304 10 WARNING neutron.scheduler.dhcp_agent_scheduler [None req-493e81a6-9f88-44bf-9569-be76ee2dc788 5c2d2eea7ebd43eaafe62f9f7646482d 1cefd14a2ae340718011307e746df049 - - default default] No more DHCP agents
2026-07-22 15:24:19.310 10 WARNING neutron.api.rpc.agentnotifiers.dhcp_rpc_agent_api [None req-493e81a6-9f88-44bf-9569-be76ee2dc788 5c2d2eea7ebd43eaafe62f9f7646482d 1cefd14a2ae340718011307e746df049 - - default default] Unable to schedule network a8e3c300-0606-433b-b527-2ccfabaaabd3: no agents available; will retry on subsequent port and subnet creation events.
2026-07-22 15:24:19.379 9 WARNING neutron.scheduler.dhcp_agent_scheduler [None req-aed299c5-c260-49ac-ab15-35a847aaf337 5c2d2eea7ebd43eaafe62f9f7646482d 1cefd14a2ae340718011307e746df049 - - default default] No more DHCP agents
2026-07-22 15:24:19.383 9 WARNING neutron.api.rpc.agentnotifiers.dhcp_rpc_agent_api [None req-aed299c5-c260-49ac-ab15-35a847aaf337 5c2d2eea7ebd43eaafe62f9f7646482d 1cefd14a2ae340718011307e746df049 - - default default] Unable to schedule network 04460963-7cda-42ef-9a6c-cb4dc2979b8f: no agents available; will retry on subsequent port and subnet creation events.
2026-07-22 15:24:19.836 10 INFO neutron.db.ovn_revision_numbers_db [None req-df14b37f-c751-4a97-ac75-911a094bb428 5c2d2eea7ebd43eaafe62f9f7646482d 1cefd14a2ae340718011307e746df049 - - default default] Successfully bumped revision number for resource 0547e240-2940-4c84-8e24-a65fd41fe6ac (type: ports) to 2
2026-07-22 15:24:19.888 10 INFO neutron.db.ovn_revision_numbers_db [None req-df14b37f-c751-4a97-ac75-911a094bb428 5c2d2eea7ebd43eaafe62f9f7646482d 1cefd14a2ae340718011307e746df049 - - default default] Successfully bumped revision number for resource 01971efa-e1d5-4827-b16e-52c1187c1b7e (type: subnets) to 0
2026-07-22 15:24:19.912 10 INFO neutron.wsgi [None req-df14b37f-c751-4a97-ac75-911a094bb428 5c2d2eea7ebd43eaafe62f9f7646482d 1cefd14a2ae340718011307e746df049 - - default default] 10.0.0.179 "POST /v2.0/subnets HTTP/1.1" status: 201 len: 871 time: 1.0373960
2026-07-22 15:24:19.931 9 INFO neutron.db.ovn_revision_numbers_db [None req-aed299c5-c260-49ac-ab15-35a847aaf337 5c2d2eea7ebd43eaafe62f9f7646482d 1cefd14a2ae340718011307e746df049 - - default default] Successfully bumped revision number for resource 72912cb0-3a63-43e9-b006-8b020cadd0bb (type: ports) to 2
2026-07-22 15:24:19.980 9 INFO neutron.db.ovn_revision_numbers_db [None req-aed299c5-c260-49ac-ab15-35a847aaf337 5c2d2eea7ebd43eaafe62f9f7646482d 1cefd14a2ae340718011307e746df049 - - default default] Successfully bumped revision number for resource 37b3633d-0162-4743-8edb-72bdf5772fe4 (type: subnets) to 0
2026-07-22 15:24:20.012 9 INFO neutron.wsgi [None req-aed299c5-c260-49ac-ab15-35a847aaf337 5c2d2eea7ebd43eaafe62f9f7646482d 1cefd14a2ae340718011307e746df049 - - default default] 10.0.0.179 "POST /v2.0/subnets HTTP/1.1" status: 201 len: 860 time: 0.7917976
2026-07-22 15:24:20.063 10 INFO neutron.db.ovn_revision_numbers_db [None req-493e81a6-9f88-44bf-9569-be76ee2dc788 5c2d2eea7ebd43eaafe62f9f7646482d 1cefd14a2ae340718011307e746df049 - - default default] Successfully bumped revision number for resource 5d155580-1ddc-4069-9052-4af7e9d18413 (type: ports) to 2
2026-07-22 15:24:20.142 10 INFO neutron.db.ovn_revision_numbers_db [None req-493e81a6-9f88-44bf-9569-be76ee2dc788 5c2d2eea7ebd43eaafe62f9f7646482d 1cefd14a2ae340718011307e746df049 - - default default] Successfully bumped revision number for resource ed3cec24-2163-4cd8-a503-86a675998cd7 (type: subnets) to 0
2026-07-22 15:24:20.173 10 INFO neutron.wsgi [None req-493e81a6-9f88-44bf-9569-be76ee2dc788 5c2d2eea7ebd43eaafe62f9f7646482d 1cefd14a2ae340718011307e746df049 - - default default] 10.0.0.179 "POST /v2.0/subnets HTTP/1.1" status: 201 len: 866 time: 1.1592169
2026-07-22 15:24:20.564 10 WARNING neutron.scheduler.dhcp_agent_scheduler [None req-32d8bc6d-8be9-45d0-9be5-8e00e4f2773d 5c2d2eea7ebd43eaafe62f9f7646482d 1cefd14a2ae340718011307e746df049 - - default default] No more DHCP agents
2026-07-22 15:24:20.566 10 WARNING neutron.api.rpc.agentnotifiers.dhcp_rpc_agent_api [None req-32d8bc6d-8be9-45d0-9be5-8e00e4f2773d 5c2d2eea7ebd43eaafe62f9f7646482d 1cefd14a2ae340718011307e746df049 - - default default] Unable to schedule network 01aaf83a-285e-4494-8eff-240afccb5159: no agents available; will retry on subsequent port and subnet creation events.
2026-07-22 15:24:20.721 10 INFO neutron.db.ovn_revision_numbers_db [None req-32d8bc6d-8be9-45d0-9be5-8e00e4f2773d 5c2d2eea7ebd43eaafe62f9f7646482d 1cefd14a2ae340718011307e746df049 - - default default] Successfully bumped revision number for resource 9df8164f-4ca8-401a-bf58-e7a659311f01 (type: ports) to 1
2026-07-22 15:24:20.727 9 WARNING neutron.scheduler.dhcp_agent_scheduler [None req-395af768-629d-4346-8e76-ceab8733136a 5c2d2eea7ebd43eaafe62f9f7646482d 1cefd14a2ae340718011307e746df049 - - default default] No more DHCP agents
2026-07-22 15:24:20.739 9 WARNING neutron.api.rpc.agentnotifiers.dhcp_rpc_agent_api [None req-395af768-629d-4346-8e76-ceab8733136a 5c2d2eea7ebd43eaafe62f9f7646482d 1cefd14a2ae340718011307e746df049 - - default default] Unable to schedule network 01aaf83a-285e-4494-8eff-240afccb5159: no agents available; will retry on subsequent port and subnet creation events.
2026-07-22 15:24:20.857 9 WARNING neutron.scheduler.dhcp_agent_scheduler [None req-af771859-90d0-4c17-8bf5-9d3da98871e3 5c2d2eea7ebd43eaafe62f9f7646482d 1cefd14a2ae340718011307e746df049 - - default default] No more DHCP agents
2026-07-22 15:24:20.864 9 WARNING neutron.api.rpc.agentnotifiers.dhcp_rpc_agent_api [None req-af771859-90d0-4c17-8bf5-9d3da98871e3 5c2d2eea7ebd43eaafe62f9f7646482d 1cefd14a2ae340718011307e746df049 - - default default] Unable to schedule network 01aaf83a-285e-4494-8eff-240afccb5159: no agents available; will retry on subsequent port and subnet creation events.
2026-07-22 15:24:20.925 9 INFO neutron.db.ovn_revision_numbers_db [None req-395af768-629d-4346-8e76-ceab8733136a 5c2d2eea7ebd43eaafe62f9f7646482d 1cefd14a2ae340718011307e746df049 - - default default] Successfully bumped revision number for resource aba02ab4-514e-4fe3-9db8-2df81e8b0486 (type: ports) to 1
2026-07-22 15:24:21.099 10 INFO neutron.plugins.ml2.drivers.ovn.mech_driver.ovsdb.extensions.qos [None req-32d8bc6d-8be9-45d0-9be5-8e00e4f2773d 5c2d2eea7ebd43eaafe62f9f7646482d 1cefd14a2ae340718011307e746df049 - - default default] Starting OVNClientQosExtension
2026-07-22 15:24:21.124 9 INFO neutron.db.ovn_revision_numbers_db [None req-af771859-90d0-4c17-8bf5-9d3da98871e3 5c2d2eea7ebd43eaafe62f9f7646482d 1cefd14a2ae340718011307e746df049 - - default default] Successfully bumped revision number for resource a0a697aa-21a4-4f19-bfcc-3d19ff19cc0e (type: ports) to 1
2026-07-22 15:24:21.398 9 INFO neutron.plugins.ml2.drivers.ovn.mech_driver.ovsdb.extensions.qos [None req-395af768-629d-4346-8e76-ceab8733136a 5c2d2eea7ebd43eaafe62f9f7646482d 1cefd14a2ae340718011307e746df049 - - default default] Starting OVNClientQosExtension
2026-07-22 15:24:21.446 10 INFO neutron.db.ovn_revision_numbers_db [None req-32d8bc6d-8be9-45d0-9be5-8e00e4f2773d 5c2d2eea7ebd43eaafe62f9f7646482d 1cefd14a2ae340718011307e746df049 - - default default] Successfully bumped revision number for resource 9df8164f-4ca8-401a-bf58-e7a659311f01 (type: router_ports) to 1
2026-07-22 15:24:21.456 9 INFO neutron.plugins.ml2.drivers.ovn.mech_driver.mech_driver [-] OVN reports status up for port: 9df8164f-4ca8-401a-bf58-e7a659311f01
2026-07-22 15:24:21.456 9 INFO neutron.plugins.ml2.drivers.ovn.mech_driver.ovsdb.ovsdb_monitor [-] Router c82a2531-000e-426b-9ecd-c7d2f53ddcfa is bound to host instance
2026-07-22 15:24:21.507 9 INFO neutron.plugins.ml2.plugin [None req-dce3b029-d00b-4178-9294-9dee77922ec6 - - - - - -] Attempt 1 to provision port 9df8164f-4ca8-401a-bf58-e7a659311f01
2026-07-22 15:24:21.540 10 INFO neutron.db.ovn_revision_numbers_db [None req-32d8bc6d-8be9-45d0-9be5-8e00e4f2773d 5c2d2eea7ebd43eaafe62f9f7646482d 1cefd14a2ae340718011307e746df049 - - default default] Successfully bumped revision number for resource c82a2531-000e-426b-9ecd-c7d2f53ddcfa (type: routers) to 2
2026-07-22 15:24:21.556 10 INFO neutron.wsgi [None req-32d8bc6d-8be9-45d0-9be5-8e00e4f2773d 5c2d2eea7ebd43eaafe62f9f7646482d 1cefd14a2ae340718011307e746df049 - - default default] 10.0.0.179 "POST /v2.0/routers HTTP/1.1" status: 201 len: 871 time: 1.5328846
2026-07-22 15:24:21.583 9 INFO neutron.db.ovn_revision_numbers_db [None req-e0aaf735-7080-49ff-8df0-150d45c227f3 5c2d2eea7ebd43eaafe62f9f7646482d 1cefd14a2ae340718011307e746df049 - - default default] Successfully bumped revision number for resource 0a1ecb8f-d648-43f6-8407-7bf302711145 (type: security_groups) to 1
