2026-07-22 15:26:23.310 10 INFO neutron.wsgi [None req-840f4c35-38d7-4da1-836c-92480778ff7a 5c2d2eea7ebd43eaafe62f9f7646482d 1cefd14a2ae340718011307e746df049 - - default default] 10.0.0.179 "GET /v2.0/security-groups?tenant_id=a961c6369686431fbf34488cf838a453&name=default HTTP/1.1" status: 200 len: 2996 time: 0.3292148
2026-07-22 15:26:23.361 9 INFO neutron.db.ovn_revision_numbers_db [None req-0627bee5-5c39-4eef-bf49-d1aa171c467c efc4b1199c9e4e1795da0a0ef7ab2c5f a5e544406e834fdf8367fcbdfe8485c0 - - default default] Successfully bumped revision number for resource 3d4ab0b6-8535-4353-80e7-12e0390d0c89 (type: router_ports) to 2
2026-07-22 15:26:23.364 9 INFO neutron.wsgi [None req-0627bee5-5c39-4eef-bf49-d1aa171c467c efc4b1199c9e4e1795da0a0ef7ab2c5f a5e544406e834fdf8367fcbdfe8485c0 - - default default] 10.0.0.179 "PUT /v2.0/routers/3618aa4e-4290-4477-90a3-fead00955eb0/add_router_interface HTTP/1.1" status: 200 len: 503 time: 1.9685154
2026-07-22 15:26:23.415 10 INFO neutron.wsgi [None req-82bc0601-9428-4b6d-b969-d7c4419afeb7 efc4b1199c9e4e1795da0a0ef7ab2c5f a5e544406e834fdf8367fcbdfe8485c0 - - default default] 10.0.0.179 "GET /v2.0/ports/3d4ab0b6-8535-4353-80e7-12e0390d0c89 HTTP/1.1" status: 200 len: 1141 time: 0.0464907
2026-07-22 15:26:23.512 10 INFO neutron.db.ovn_revision_numbers_db [None req-4f89b380-6ccc-4be4-a27f-b5c4d0efa52d 4ce8f8d36af5403c8a2c036b1e069395 2e88e477aa1945a0ae790303903d94be - - default default] Successfully bumped revision number for resource 55dc20ae-9d14-4984-86e0-5d0e2304605c (type: security_groups) to 1
2026-07-22 15:26:23.535 10 INFO neutron.db.ovn_revision_numbers_db [None req-4f89b380-6ccc-4be4-a27f-b5c4d0efa52d 4ce8f8d36af5403c8a2c036b1e069395 2e88e477aa1945a0ae790303903d94be - - default default] Successfully bumped revision number for resource 30aa172b-4f51-4838-8f2d-98790d5b0785 (type: security_group_rules) to 0
2026-07-22 15:26:23.557 10 INFO neutron.db.ovn_revision_numbers_db [None req-4f89b380-6ccc-4be4-a27f-b5c4d0efa52d 4ce8f8d36af5403c8a2c036b1e069395 2e88e477aa1945a0ae790303903d94be - - default default] Successfully bumped revision number for resource 55499a52-8f82-44bd-ad59-8d913f814955 (type: security_group_rules) to 0
2026-07-22 15:26:23.576 10 INFO neutron.wsgi [None req-9e5cfd28-aed3-4e52-9e8f-e3ba85f11c41 5c2d2eea7ebd43eaafe62f9f7646482d 1cefd14a2ae340718011307e746df049 - - default default] 10.0.0.179 "DELETE /v2.0/security-groups/28a477c8-b866-4643-aa9a-15aa740c1817 HTTP/1.1" status: 204 len: 168 time: 0.2625914
2026-07-22 15:26:23.577 10 INFO neutron.db.ovn_revision_numbers_db [None req-4f89b380-6ccc-4be4-a27f-b5c4d0efa52d 4ce8f8d36af5403c8a2c036b1e069395 2e88e477aa1945a0ae790303903d94be - - default default] Successfully bumped revision number for resource 5eabf470-9301-4b5e-a3bf-4dbdaa0dc086 (type: security_group_rules) to 0
2026-07-22 15:26:23.594 10 INFO neutron.db.ovn_revision_numbers_db [None req-4f89b380-6ccc-4be4-a27f-b5c4d0efa52d 4ce8f8d36af5403c8a2c036b1e069395 2e88e477aa1945a0ae790303903d94be - - default default] Successfully bumped revision number for resource fe461029-e530-4a4e-aea4-874ccbce1362 (type: security_group_rules) to 0
2026-07-22 15:26:23.654 10 INFO neutron.db.segments_db [None req-4f89b380-6ccc-4be4-a27f-b5c4d0efa52d 4ce8f8d36af5403c8a2c036b1e069395 2e88e477aa1945a0ae790303903d94be - - default default] Added segment 37a8af2e-a48a-4cfe-a580-4b494e2d5bff of type geneve for network a4c240d9-c54a-4df0-a0c3-c32c48fc5a53
2026-07-22 15:26:23.777 9 WARNING neutron.scheduler.dhcp_agent_scheduler [None req-d882f995-e37b-41ed-8774-7d058dfcceb7 e6708d11e7b3472f809e292def14e742 129f5522c5a748c49e4b3d00c1caf92c - - default default] No more DHCP agents
2026-07-22 15:26:23.785 9 WARNING neutron.api.rpc.agentnotifiers.dhcp_rpc_agent_api [None req-d882f995-e37b-41ed-8774-7d058dfcceb7 e6708d11e7b3472f809e292def14e742 129f5522c5a748c49e4b3d00c1caf92c - - default default] Unable to schedule network 01aaf83a-285e-4494-8eff-240afccb5159: no agents available; will retry on subsequent port and subnet creation events.
2026-07-22 15:26:23.813 10 INFO neutron.db.ovn_revision_numbers_db [None req-4f89b380-6ccc-4be4-a27f-b5c4d0efa52d 4ce8f8d36af5403c8a2c036b1e069395 2e88e477aa1945a0ae790303903d94be - - default default] Successfully bumped revision number for resource a4c240d9-c54a-4df0-a0c3-c32c48fc5a53 (type: networks) to 1
2026-07-22 15:26:23.859 10 INFO neutron.db.ovn_revision_numbers_db [None req-154f9a2c-7165-4e16-88de-ae49860e0185 5c2d2eea7ebd43eaafe62f9f7646482d 1cefd14a2ae340718011307e746df049 - - default default] Successfully bumped revision number for resource 16c0a0c2-45cc-427a-b236-cf44dc66a869 (type: security_groups) to 1
2026-07-22 15:26:23.889 10 INFO neutron.db.ovn_revision_numbers_db [None req-154f9a2c-7165-4e16-88de-ae49860e0185 5c2d2eea7ebd43eaafe62f9f7646482d 1cefd14a2ae340718011307e746df049 - - default default] Successfully bumped revision number for resource 0e593f07-a37e-490f-8fef-ceb4c002655c (type: security_group_rules) to 0
2026-07-22 15:26:23.918 10 INFO neutron.db.ovn_revision_numbers_db [None req-154f9a2c-7165-4e16-88de-ae49860e0185 5c2d2eea7ebd43eaafe62f9f7646482d 1cefd14a2ae340718011307e746df049 - - default default] Successfully bumped revision number for resource 9bcb2dd2-d96f-4681-94ef-712a72ed0b0d (type: security_group_rules) to 0
2026-07-22 15:26:23.937 10 INFO neutron.db.ovn_revision_numbers_db [None req-154f9a2c-7165-4e16-88de-ae49860e0185 5c2d2eea7ebd43eaafe62f9f7646482d 1cefd14a2ae340718011307e746df049 - - default default] Successfully bumped revision number for resource fa6d5914-d3ff-4532-ac49-c0f5b54b4bc2 (type: security_group_rules) to 0
2026-07-22 15:26:23.963 10 INFO neutron.db.ovn_revision_numbers_db [None req-154f9a2c-7165-4e16-88de-ae49860e0185 5c2d2eea7ebd43eaafe62f9f7646482d 1cefd14a2ae340718011307e746df049 - - default default] Successfully bumped revision number for resource fc63b7cd-06af-4168-a0f7-3df5f58fb76b (type: security_group_rules) to 0
2026-07-22 15:26:23.994 9 INFO neutron.db.ovn_revision_numbers_db [None req-d882f995-e37b-41ed-8774-7d058dfcceb7 e6708d11e7b3472f809e292def14e742 129f5522c5a748c49e4b3d00c1caf92c - - default default] Successfully bumped revision number for resource 92aef582-fa5c-4f11-9ad5-4806786d94f5 (type: ports) to 1
2026-07-22 15:26:23.997 10 INFO neutron.wsgi [None req-154f9a2c-7165-4e16-88de-ae49860e0185 5c2d2eea7ebd43eaafe62f9f7646482d 1cefd14a2ae340718011307e746df049 - - default default] 10.0.0.179 "GET /v2.0/security-groups?tenant_id=787900fd7f754f7dbd3040aa696adaa8&name=default HTTP/1.1" status: 200 len: 2996 time: 0.3150003
2026-07-22 15:26:23.999 10 WARNING neutron.scheduler.dhcp_agent_scheduler [None req-4f89b380-6ccc-4be4-a27f-b5c4d0efa52d 4ce8f8d36af5403c8a2c036b1e069395 2e88e477aa1945a0ae790303903d94be - - default default] No more DHCP agents
2026-07-22 15:26:24.000 9 WARNING neutron.scheduler.dhcp_agent_scheduler [None req-acf87986-0242-4e6d-8796-b664fb2129b7 efc4b1199c9e4e1795da0a0ef7ab2c5f a5e544406e834fdf8367fcbdfe8485c0 - - default default] No more DHCP agents
2026-07-22 15:26:24.004 10 WARNING neutron.api.rpc.agentnotifiers.dhcp_rpc_agent_api [None req-4f89b380-6ccc-4be4-a27f-b5c4d0efa52d 4ce8f8d36af5403c8a2c036b1e069395 2e88e477aa1945a0ae790303903d94be - - default default] Unable to schedule network a4c240d9-c54a-4df0-a0c3-c32c48fc5a53: no agents available; will retry on subsequent port and subnet creation events.
2026-07-22 15:26:24.016 9 WARNING neutron.api.rpc.agentnotifiers.dhcp_rpc_agent_api [None req-acf87986-0242-4e6d-8796-b664fb2129b7 efc4b1199c9e4e1795da0a0ef7ab2c5f a5e544406e834fdf8367fcbdfe8485c0 - - default default] Unable to schedule network 06519d93-bcf0-4a2f-8fc8-9587a40722a3: no agents available; will retry on subsequent port and subnet creation events.
2026-07-22 15:26:24.095 10 INFO neutron.db.ovn_revision_numbers_db [None req-4f89b380-6ccc-4be4-a27f-b5c4d0efa52d 4ce8f8d36af5403c8a2c036b1e069395 2e88e477aa1945a0ae790303903d94be - - default default] Successfully bumped revision number for resource 63516ad3-5276-4570-9a79-630215d445c8 (type: ports) to 1
2026-07-22 15:26:24.120 10 INFO neutron.wsgi [None req-4f89b380-6ccc-4be4-a27f-b5c4d0efa52d 4ce8f8d36af5403c8a2c036b1e069395 2e88e477aa1945a0ae790303903d94be - - default default] 10.0.0.179 "POST /v2.0/networks HTTP/1.1" status: 201 len: 927 time: 0.8170223
2026-07-22 15:26:24.186 9 INFO neutron.db.ovn_revision_numbers_db [None req-acf87986-0242-4e6d-8796-b664fb2129b7 efc4b1199c9e4e1795da0a0ef7ab2c5f a5e544406e834fdf8367fcbdfe8485c0 - - default default] Successfully bumped revision number for resource 4c454c10-0f03-41a2-93c1-0c73a56b1e13 (type: ports) to 1
2026-07-22 15:26:24.263 10 INFO neutron.wsgi [None req-32bc2933-ad8b-41a6-b5ee-f4624130e30f 5c2d2eea7ebd43eaafe62f9f7646482d 1cefd14a2ae340718011307e746df049 - - default default] 10.0.0.179 "DELETE /v2.0/security-groups/16c0a0c2-45cc-427a-b236-cf44dc66a869 HTTP/1.1" status: 204 len: 168 time: 0.2614594
2026-07-22 15:26:24.294 10 WARNING neutron.scheduler.dhcp_agent_scheduler [None req-29731158-62b5-4a84-aee3-5c4ce170fc45 4ce8f8d36af5403c8a2c036b1e069395 2e88e477aa1945a0ae790303903d94be - - default default] No more DHCP agents
2026-07-22 15:26:24.297 10 WARNING neutron.api.rpc.agentnotifiers.dhcp_rpc_agent_api [None req-29731158-62b5-4a84-aee3-5c4ce170fc45 4ce8f8d36af5403c8a2c036b1e069395 2e88e477aa1945a0ae790303903d94be - - default default] Unable to schedule network a4c240d9-c54a-4df0-a0c3-c32c48fc5a53: no agents available; will retry on subsequent port and subnet creation events.
2026-07-22 15:26:24.792 10 INFO neutron.db.ovn_revision_numbers_db [None req-29731158-62b5-4a84-aee3-5c4ce170fc45 4ce8f8d36af5403c8a2c036b1e069395 2e88e477aa1945a0ae790303903d94be - - default default] Successfully bumped revision number for resource 63516ad3-5276-4570-9a79-630215d445c8 (type: ports) to 2
2026-07-22 15:26:24.795 9 INFO neutron.db.ovn_revision_numbers_db [None req-d882f995-e37b-41ed-8774-7d058dfcceb7 e6708d11e7b3472f809e292def14e742 129f5522c5a748c49e4b3d00c1caf92c - - default default] Successfully bumped revision number for resource 92aef582-fa5c-4f11-9ad5-4806786d94f5 (type: router_ports) to 1
2026-07-22 15:26:24.835 10 INFO neutron.db.ovn_revision_numbers_db [None req-29731158-62b5-4a84-aee3-5c4ce170fc45 4ce8f8d36af5403c8a2c036b1e069395 2e88e477aa1945a0ae790303903d94be - - default default] Successfully bumped revision number for resource d0595941-6dbc-4c87-9d7f-bddb0c74145f (type: subnets) to 0
2026-07-22 15:26:24.849 9 INFO neutron.db.ovn_revision_numbers_db [None req-acf87986-0242-4e6d-8796-b664fb2129b7 efc4b1199c9e4e1795da0a0ef7ab2c5f a5e544406e834fdf8367fcbdfe8485c0 - - default default] Successfully bumped revision number for resource 4c454c10-0f03-41a2-93c1-0c73a56b1e13 (type: router_ports) to 1
2026-07-22 15:26:24.851 10 INFO neutron.wsgi [None req-29731158-62b5-4a84-aee3-5c4ce170fc45 4ce8f8d36af5403c8a2c036b1e069395 2e88e477aa1945a0ae790303903d94be - - default default] 10.0.0.179 "POST /v2.0/subnets HTTP/1.1" status: 201 len: 819 time: 0.7249925
2026-07-22 15:26:24.859 10 WARNING neutron.api.v2.base [None req-638c0726-f76d-4478-a05d-55bd2a9df48b 4ce8f8d36af5403c8a2c036b1e069395 2e88e477aa1945a0ae790303903d94be - - default default] An exception happened while processing the request body. The exception message is [Invalid input for target_tenant. Reason: 'None' is not a valid string.].: webob.exc.HTTPBadRequest: Invalid input for target_tenant. Reason: 'None' is not a valid string.
2026-07-22 15:26:24.860 10 INFO neutron.api.v2.resource [None req-638c0726-f76d-4478-a05d-55bd2a9df48b 4ce8f8d36af5403c8a2c036b1e069395 2e88e477aa1945a0ae790303903d94be - - default default] create failed (client error): Invalid input for target_tenant. Reason: 'None' is not a valid string.
2026-07-22 15:26:24.861 10 INFO neutron.wsgi [None req-638c0726-f76d-4478-a05d-55bd2a9df48b 4ce8f8d36af5403c8a2c036b1e069395 2e88e477aa1945a0ae790303903d94be - - default default] 10.0.0.179 "POST /v2.0/rbac-policies HTTP/1.1" status: 400 len: 346 time: 0.0064242
2026-07-22 15:26:24.882 9 INFO neutron.db.ovn_revision_numbers_db [None req-d882f995-e37b-41ed-8774-7d058dfcceb7 e6708d11e7b3472f809e292def14e742 129f5522c5a748c49e4b3d00c1caf92c - - default default] Successfully bumped revision number for resource 6bb96432-9153-4961-883d-91f0bdce4002 (type: routers) to 2
2026-07-22 15:26:24.909 9 INFO neutron.wsgi [None req-d882f995-e37b-41ed-8774-7d058dfcceb7 e6708d11e7b3472f809e292def14e742 129f5522c5a748c49e4b3d00c1caf92c - - default default] 10.0.0.179 "POST /v2.0/routers HTTP/1.1" status: 201 len: 867 time: 2.1181846
2026-07-22 15:26:24.961 9 INFO neutron.db.ovn_revision_numbers_db [None req-acf87986-0242-4e6d-8796-b664fb2129b7 efc4b1199c9e4e1795da0a0ef7ab2c5f a5e544406e834fdf8367fcbdfe8485c0 - - default default] Successfully bumped revision number for resource 4c454c10-0f03-41a2-93c1-0c73a56b1e13 (type: ports) to 1
2026-07-22 15:26:24.994 10 INFO neutron.wsgi [None req-496fccb1-31d1-4915-ae9b-b6f363a57d53 e6708d11e7b3472f809e292def14e742 129f5522c5a748c49e4b3d00c1caf92c - - default default] 10.0.0.179 "GET /v2.0/routers/6bb96432-9153-4961-883d-91f0bdce4002 HTTP/1.1" status: 200 len: 868 time: 0.0788958
2026-07-22 15:26:25.333 9 WARNING neutron.scheduler.dhcp_agent_scheduler [None req-acf87986-0242-4e6d-8796-b664fb2129b7 efc4b1199c9e4e1795da0a0ef7ab2c5f a5e544406e834fdf8367fcbdfe8485c0 - - default default] No more DHCP agents
2026-07-22 15:26:25.338 9 WARNING neutron.api.rpc.agentnotifiers.dhcp_rpc_agent_api [None req-acf87986-0242-4e6d-8796-b664fb2129b7 efc4b1199c9e4e1795da0a0ef7ab2c5f a5e544406e834fdf8367fcbdfe8485c0 - - default default] Unable to schedule network 06519d93-bcf0-4a2f-8fc8-9587a40722a3: no agents available; will retry on subsequent port and subnet creation events.
2026-07-22 15:26:25.373 9 INFO neutron.wsgi [None req-c269b073-ed0e-480b-a874-86aca3477ffc e6708d11e7b3472f809e292def14e742 129f5522c5a748c49e4b3d00c1caf92c - - default default] 10.0.0.179 "GET /v2.0/routers HTTP/1.1" status: 200 len: 871 time: 0.3746221
2026-07-22 15:26:25.467 10 INFO neutron.services.segments.plugin [-] Segment 37a8af2e-a48a-4cfe-a580-4b494e2d5bff resource provider aggregate not found
2026-07-22 15:26:25.472 10 INFO neutron.services.segments.plugin [-] Segment 37a8af2e-a48a-4cfe-a580-4b494e2d5bff resource provider aggregate not found
2026-07-22 15:26:25.504 10 INFO neutron.services.segments.plugin [-] Segment 37a8af2e-a48a-4cfe-a580-4b494e2d5bff resource provider not found; error: Placement Client Error (4xx): {"errors": [{"status": 404, "title": "Not Found", "detail": "The resource could not be found.\n\n No resource provider with uuid 37a8af2e-a48a-4cfe-a580-4b494e2d5bff found for delete ", "request_id": "req-8aadb481-ef12-4012-8244-7f993c7fd130"}]}
2026-07-22 15:26:25.523 10 INFO neutron.services.segments.plugin [-] Segment 37a8af2e-a48a-4cfe-a580-4b494e2d5bff resource provider not found; error: Placement Client Error (4xx): {"errors": [{"status": 404, "title": "Not Found", "detail": "The resource could not be found.\n\n No resource provider with uuid 37a8af2e-a48a-4cfe-a580-4b494e2d5bff found for delete ", "request_id": "req-dfd1aa5b-6ada-4fbb-976d-e8e238268b0e"}]}
2026-07-22 15:26:25.539 9 INFO neutron.db.ovn_revision_numbers_db [None req-acf87986-0242-4e6d-8796-b664fb2129b7 efc4b1199c9e4e1795da0a0ef7ab2c5f a5e544406e834fdf8367fcbdfe8485c0 - - default default] Successfully bumped revision number for resource 4c454c10-0f03-41a2-93c1-0c73a56b1e13 (type: router_ports) to 1
2026-07-22 15:26:25.542 9 INFO neutron.wsgi [None req-acf87986-0242-4e6d-8796-b664fb2129b7 efc4b1199c9e4e1795da0a0ef7ab2c5f a5e544406e834fdf8367fcbdfe8485c0 - - default default] 10.0.0.179 "PUT /v2.0/routers/3618aa4e-4290-4477-90a3-fead00955eb0/add_router_interface HTTP/1.1" status: 200 len: 503 time: 2.1222770
2026-07-22 15:26:25.546 10 INFO neutron.wsgi [None req-7505c880-ef7e-476d-bf54-7ebcd1ba7b00 4ce8f8d36af5403c8a2c036b1e069395 2e88e477aa1945a0ae790303903d94be - - default default] 10.0.0.179 "DELETE /v2.0/networks/a4c240d9-c54a-4df0-a0c3-c32c48fc5a53 HTTP/1.1" status: 204 len: 168 time: 0.6812344
2026-07-22 15:26:25.644 9 INFO neutron.db.segments_db [None req-519da526-0f12-467e-bb74-87620a1f320c 4ce8f8d36af5403c8a2c036b1e069395 2e88e477aa1945a0ae790303903d94be - - default default] Added segment 7564a986-b8e6-485f-a0ee-20a600cbbd8d of type geneve for network 64f95559-e547-4844-b1e9-e028a2ee1fc0
2026-07-22 15:26:25.673 10 INFO neutron.wsgi [None req-0bc23f7b-f2d6-4343-88a9-fbe51c39a568 efc4b1199c9e4e1795da0a0ef7ab2c5f a5e544406e834fdf8367fcbdfe8485c0 - - default default] 10.0.0.179 "GET /v2.0/ports/4c454c10-0f03-41a2-93c1-0c73a56b1e13 HTTP/1.1" status: 200 len: 1147 time: 0.1241550
2026-07-22 15:26:25.735 9 INFO neutron.wsgi [None req-6b0edda4-b8fe-4e52-8dc4-44ec7cea6eac efc4b1199c9e4e1795da0a0ef7ab2c5f a5e544406e834fdf8367fcbdfe8485c0 - - default default] 10.0.0.179 "GET /v2.0/ports/4c454c10-0f03-41a2-93c1-0c73a56b1e13 HTTP/1.1" status: 200 len: 1147 time: 0.0509439
2026-07-22 15:26:25.809 9 INFO neutron.db.ovn_revision_numbers_db [None req-519da526-0f12-467e-bb74-87620a1f320c 4ce8f8d36af5403c8a2c036b1e069395 2e88e477aa1945a0ae790303903d94be - - default default] Successfully bumped revision number for resource 64f95559-e547-4844-b1e9-e028a2ee1fc0 (type: networks) to 1
2026-07-22 15:26:25.892 10 INFO neutron.db.ovn_revision_numbers_db [None req-d685caa1-30f8-4d61-ae90-99f8a6ea3634 e6708d11e7b3472f809e292def14e742 129f5522c5a748c49e4b3d00c1caf92c - - default default] Successfully bumped revision number for resource 6bb96432-9153-4961-883d-91f0bdce4002 (type: routers) to 3
2026-07-22 15:26:25.895 10 INFO neutron.wsgi [None req-d685caa1-30f8-4d61-ae90-99f8a6ea3634 e6708d11e7b3472f809e292def14e742 129f5522c5a748c49e4b3d00c1caf92c - - default default] 10.0.0.179 "PUT /v2.0/routers/6bb96432-9153-4961-883d-91f0bdce4002 HTTP/1.1" status: 200 len: 875 time: 0.5159810
2026-07-22 15:26:25.967 10 INFO neutron.wsgi [None req-ff5c112d-592e-4bd5-a13d-02e47f23963a e6708d11e7b3472f809e292def14e742 129f5522c5a748c49e4b3d00c1caf92c - - default default] 10.0.0.179 "GET /v2.0/routers/6bb96432-9153-4961-883d-91f0bdce4002 HTTP/1.1" status: 200 len: 875 time: 0.0666473
2026-07-22 15:26:25.980 9 WARNING neutron.scheduler.dhcp_agent_scheduler [None req-519da526-0f12-467e-bb74-87620a1f320c 4ce8f8d36af5403c8a2c036b1e069395 2e88e477aa1945a0ae790303903d94be - - default default] No more DHCP agents
2026-07-22 15:26:25.982 9 WARNING neutron.api.rpc.agentnotifiers.dhcp_rpc_agent_api [None req-519da526-0f12-467e-bb74-87620a1f320c 4ce8f8d36af5403c8a2c036b1e069395 2e88e477aa1945a0ae790303903d94be - - default default] Unable to schedule network 64f95559-e547-4844-b1e9-e028a2ee1fc0: no agents available; will retry on subsequent port and subnet creation events.
2026-07-22 15:26:25.991 10 INFO neutron.wsgi [None req-7e03bf53-128d-4e49-bf2f-9f0ddee03df7 e6708d11e7b3472f809e292def14e742 129f5522c5a748c49e4b3d00c1caf92c - - default default] 10.0.0.179 "GET /v2.0/ports?device_id=6bb96432-9153-4961-883d-91f0bdce4002 HTTP/1.1" status: 200 len: 205 time: 0.0180478
2026-07-22 15:26:26.078 9 INFO neutron.db.ovn_revision_numbers_db [None req-519da526-0f12-467e-bb74-87620a1f320c 4ce8f8d36af5403c8a2c036b1e069395 2e88e477aa1945a0ae790303903d94be - - default default] Successfully bumped revision number for resource ddc28987-58a9-4a9d-8cb0-c1400d15f00e (type: ports) to 1
2026-07-22 15:26:26.110 9 INFO neutron.wsgi [None req-519da526-0f12-467e-bb74-87620a1f320c 4ce8f8d36af5403c8a2c036b1e069395 2e88e477aa1945a0ae790303903d94be - - default default] 10.0.0.179 "POST /v2.0/networks HTTP/1.1" status: 201 len: 929 time: 0.5557575
2026-07-22 15:26:26.299 10 WARNING neutron.plugins.ml2.drivers.ovn.mech_driver.ovsdb.ovn_client [None req-a95e7cce-003f-4257-bd49-f307de43da7e - - - - - -] No port found with ID aeb46984-42a8-47d2-869f-1a103c6c1122: RuntimeError: No port found with ID aeb46984-42a8-47d2-869f-1a103c6c1122
2026-07-22 15:26:26.299 10 INFO neutron.plugins.ml2.drivers.ovn.mech_driver.mech_driver [None req-a95e7cce-003f-4257-bd49-f307de43da7e - - - - - -] OVN reports status up for port: 4c454c10-0f03-41a2-93c1-0c73a56b1e13
2026-07-22 15:26:26.309 10 INFO neutron.plugins.ml2.plugin [None req-a95e7cce-003f-4257-bd49-f307de43da7e - - - - - -] Attempt 1 to provision port 4c454c10-0f03-41a2-93c1-0c73a56b1e13
2026-07-22 15:26:26.312 9 WARNING neutron.scheduler.dhcp_agent_scheduler [None req-796de3a6-6824-41a2-9e9c-e52ca126279f 4ce8f8d36af5403c8a2c036b1e069395 2e88e477aa1945a0ae790303903d94be - - default default] No more DHCP agents
2026-07-22 15:26:26.314 9 WARNING neutron.api.rpc.agentnotifiers.dhcp_rpc_agent_api [None req-796de3a6-6824-41a2-9e9c-e52ca126279f 4ce8f8d36af5403c8a2c036b1e069395 2e88e477aa1945a0ae790303903d94be - - default default] Unable to schedule network 64f95559-e547-4844-b1e9-e028a2ee1fc0: no agents available; will retry on subsequent port and subnet creation events.
2026-07-22 15:26:26.672 10 INFO neutron.db.ovn_revision_numbers_db [None req-a95e7cce-003f-4257-bd49-f307de43da7e - - - - - -] Successfully bumped revision number for resource 4c454c10-0f03-41a2-93c1-0c73a56b1e13 (type: ports) to 2
2026-07-22 15:26:26.840 9 INFO neutron.wsgi [None req-62e0bcbe-59e6-49c9-8887-28dea926f3f7 efc4b1199c9e4e1795da0a0ef7ab2c5f a5e544406e834fdf8367fcbdfe8485c0 - - default default] 10.0.0.179 "GET /v2.0/ports/4c454c10-0f03-41a2-93c1-0c73a56b1e13 HTTP/1.1" status: 200 len: 1149 time: 0.1000962
2026-07-22 15:26:26.864 9 INFO neutron.db.ovn_revision_numbers_db [None req-796de3a6-6824-41a2-9e9c-e52ca126279f 4ce8f8d36af5403c8a2c036b1e069395 2e88e477aa1945a0ae790303903d94be - - default default] Successfully bumped revision number for resource ddc28987-58a9-4a9d-8cb0-c1400d15f00e (type: ports) to 2
2026-07-22 15:26:26.871 10 INFO neutron.db.ovn_revision_numbers_db [None req-a95e7cce-003f-4257-bd49-f307de43da7e - - - - - -] Successfully bumped revision number for resource 4c454c10-0f03-41a2-93c1-0c73a56b1e13 (type: router_ports) to 2
2026-07-22 15:26:26.899 9 INFO neutron.db.ovn_revision_numbers_db [None req-796de3a6-6824-41a2-9e9c-e52ca126279f 4ce8f8d36af5403c8a2c036b1e069395 2e88e477aa1945a0ae790303903d94be - - default default] Successfully bumped revision number for resource f14cc45e-2714-44fa-a787-d7bc4859147e (type: subnets) to 0
2026-07-22 15:26:26.916 9 INFO neutron.wsgi [None req-796de3a6-6824-41a2-9e9c-e52ca126279f 4ce8f8d36af5403c8a2c036b1e069395 2e88e477aa1945a0ae790303903d94be - - default default] 10.0.0.179 "POST /v2.0/subnets HTTP/1.1" status: 201 len: 822 time: 0.8001666
2026-07-22 15:26:26.927 9 WARNING neutron.api.v2.base [None req-e128f053-c2eb-4834-8c85-4ce6a5b7da8b 4ce8f8d36af5403c8a2c036b1e069395 2e88e477aa1945a0ae790303903d94be - - default default] An exception happened while processing the request body. The exception message is [Invalid input for target_tenant. Reason: '1234123412341234123412341234123412341234123412341234123412341234123412341234123412341234123412341234123412341234123412341234123412341234123412341234123412341234123412341234123412341234123412341234123412341234123412341234123412341234123412341234123412341234123412341234123412341234123412341234123412341234123412341234123412341234123412341234123412341234123412341234123412341234123412341234123412341234' exceeds maximum length of 255.].: webob.exc.HTTPBadRequest: Invalid input for target_tenant. Reason: '1234123412341234123412341234123412341234123412341234123412341234123412341234123412341234123412341234123412341234123412341234123412341234123412341234123412341234123412341234123412341234123412341234123412341234123412341234123412341234123412341234123412341234123412341234123412341234123412341234123412341234123412341234123412341234123412341234123412341234123412341234123412341234123412341234123412341234' exceeds maximum length of 255.
2026-07-22 15:26:26.928 9 INFO neutron.api.v2.resource [None req-e128f053-c2eb-4834-8c85-4ce6a5b7da8b 4ce8f8d36af5403c8a2c036b1e069395 2e88e477aa1945a0ae790303903d94be - - default default] create failed (client error): Invalid input for target_tenant. Reason: '1234123412341234123412341234123412341234123412341234123412341234123412341234123412341234123412341234123412341234123412341234123412341234123412341234123412341234123412341234123412341234123412341234123412341234123412341234123412341234123412341234123412341234123412341234123412341234123412341234123412341234123412341234123412341234123412341234123412341234123412341234123412341234123412341234123412341234' exceeds maximum length of 255.
2026-07-22 15:26:26.929 9 INFO neutron.wsgi [None req-e128f053-c2eb-4834-8c85-4ce6a5b7da8b 4ce8f8d36af5403c8a2c036b1e069395 2e88e477aa1945a0ae790303903d94be - - default default] 10.0.0.179 "POST /v2.0/rbac-policies HTTP/1.1" status: 400 len: 750 time: 0.0082898
2026-07-22 15:26:27.093 10 INFO neutron.wsgi [None req-684068d2-fe42-43b7-a47c-a9e1e9498f75 e6708d11e7b3472f809e292def14e742 129f5522c5a748c49e4b3d00c1caf92c - - default default] 10.0.0.179 "DELETE /v2.0/routers/6bb96432-9153-4961-883d-91f0bdce4002 HTTP/1.1" status: 204 len: 168 time: 1.0974708
2026-07-22 15:26:27.122 10 INFO neutron.wsgi [None req-1a66e15f-0ecb-4c5f-b841-50b4b1cc90a9 e6708d11e7b3472f809e292def14e742 129f5522c5a748c49e4b3d00c1caf92c - - default default] 10.0.0.179 "GET /v2.0/ports?device_id=6bb96432-9153-4961-883d-91f0bdce4002 HTTP/1.1" status: 200 len: 205 time: 0.0228477
2026-07-22 15:26:27.145 10 INFO neutron.api.v2.resource [None req-9af182f2-7ee7-4c42-872d-f15c6beafe6f e6708d11e7b3472f809e292def14e742 129f5522c5a748c49e4b3d00c1caf92c - - default default] delete failed (client error): The resource could not be found.
2026-07-22 15:26:27.147 10 INFO neutron.wsgi [None req-9af182f2-7ee7-4c42-872d-f15c6beafe6f e6708d11e7b3472f809e292def14e742 129f5522c5a748c49e4b3d00c1caf92c - - default default] 10.0.0.179 "DELETE /v2.0/routers/6bb96432-9153-4961-883d-91f0bdce4002 HTTP/1.1" status: 404 len: 336 time: 0.0211194
2026-07-22 15:26:27.180 9 INFO neutron.wsgi [None req-ff68dee0-2d67-448f-9a34-8e52a8a863ee e6708d11e7b3472f809e292def14e742 129f5522c5a748c49e4b3d00c1caf92c - - default default] 10.0.0.179 "GET /v2.0/ports?device_id=82bf304e-1a81-4720-81c3-16e294c0cf1a HTTP/1.1" status: 200 len: 205 time: 0.0274358
2026-07-22 15:26:27.212 10 INFO neutron.api.v2.resource [None req-1bc3e768-650f-44f7-bd11-5875349fc2b4 e6708d11e7b3472f809e292def14e742 129f5522c5a748c49e4b3d00c1caf92c - - default default] delete failed (client error): The resource could not be found.
2026-07-22 15:26:27.214 10 INFO neutron.wsgi [None req-1bc3e768-650f-44f7-bd11-5875349fc2b4 e6708d11e7b3472f809e292def14e742 129f5522c5a748c49e4b3d00c1caf92c - - default default] 10.0.0.179 "DELETE /v2.0/routers/82bf304e-1a81-4720-81c3-16e294c0cf1a HTTP/1.1" status: 404 len: 336 time: 0.0305271
2026-07-22 15:26:27.237 9 INFO neutron.pecan_wsgi.hooks.translation [None req-2e286173-0805-49ba-a3ac-d8ff51c4ae11 e6708d11e7b3472f809e292def14e742 129f5522c5a748c49e4b3d00c1caf92c - - default default] DELETE failed (client error): The resource could not be found.
2026-07-22 15:26:27.239 9 INFO neutron.wsgi [None req-2e286173-0805-49ba-a3ac-d8ff51c4ae11 e6708d11e7b3472f809e292def14e742 129f5522c5a748c49e4b3d00c1caf92c - - default default] 10.0.0.179 "DELETE /v2.0/subnets/74746eab-f867-4f47-a4ee-b1d1b24bbff7 HTTP/1.1" status: 404 len: 337 time: 0.0197124
2026-07-22 15:26:27.267 9 INFO neutron.wsgi [None req-0df86280-41d8-4795-96ba-ed448192716f e6708d11e7b3472f809e292def14e742 129f5522c5a748c49e4b3d00c1caf92c - - default default] 10.0.0.179 "GET /v2.0/ports?device_id=a1f80121-0076-4d9e-937d-8da6db993d9f HTTP/1.1" status: 200 len: 205 time: 0.0232995
2026-07-22 15:26:27.298 9 INFO neutron.api.v2.resource [None req-33874b97-5038-425a-81cc-f66b14a66baf e6708d11e7b3472f809e292def14e742 129f5522c5a748c49e4b3d00c1caf92c - - default default] delete failed (client error): The resource could not be found.
2026-07-22 15:26:27.299 9 INFO neutron.wsgi [None req-33874b97-5038-425a-81cc-f66b14a66baf e6708d11e7b3472f809e292def14e742 129f5522c5a748c49e4b3d00c1caf92c - - default default] 10.0.0.179 "DELETE /v2.0/routers/a1f80121-0076-4d9e-937d-8da6db993d9f HTTP/1.1" status: 404 len: 336 time: 0.0226097
2026-07-22 15:26:27.319 10 INFO neutron.pecan_wsgi.hooks.translation [None req-6274326d-ac00-4ca9-a9e8-bda72bb8d9ee e6708d11e7b3472f809e292def14e742 129f5522c5a748c49e4b3d00c1caf92c - - default default] DELETE failed (client error): The resource could not be found.
2026-07-22 15:26:27.322 10 INFO neutron.wsgi [None req-6274326d-ac00-4ca9-a9e8-bda72bb8d9ee e6708d11e7b3472f809e292def14e742 129f5522c5a748c49e4b3d00c1caf92c - - default default] 10.0.0.179 "DELETE /v2.0/subnets/2a8f9b2d-5ecf-4fb3-9b12-3429c8656df2 HTTP/1.1" status: 404 len: 337 time: 0.0173225
2026-07-22 15:26:27.350 9 INFO neutron.wsgi [None req-f51015ca-d038-4dfd-a483-5ecd8b3d60d6 e6708d11e7b3472f809e292def14e742 129f5522c5a748c49e4b3d00c1caf92c - - default default] 10.0.0.179 "GET /v2.0/ports?device_id=15e66b17-9229-4b0b-8690-c28857e34753 HTTP/1.1" status: 200 len: 205 time: 0.0224948
2026-07-22 15:26:27.380 9 INFO neutron.api.v2.resource [None req-9262a167-c3fa-4ddb-877d-692d9afc2f88 e6708d11e7b3472f809e292def14e742 129f5522c5a748c49e4b3d00c1caf92c - - default default] delete failed (client error): The resource could not be found.
2026-07-22 15:26:27.381 9 INFO neutron.wsgi [None req-9262a167-c3fa-4ddb-877d-692d9afc2f88 e6708d11e7b3472f809e292def14e742 129f5522c5a748c49e4b3d00c1caf92c - - default default] 10.0.0.179 "DELETE /v2.0/routers/15e66b17-9229-4b0b-8690-c28857e34753 HTTP/1.1" status: 404 len: 336 time: 0.0250545
2026-07-22 15:26:27.406 10 INFO neutron.pecan_wsgi.hooks.translation [None req-8c8b31b8-ca8f-480a-9b41-da5ccbfe81a8 e6708d11e7b3472f809e292def14e742 129f5522c5a748c49e4b3d00c1caf92c - - default default] DELETE failed (client error): The resource could not be found.
2026-07-22 15:26:27.408 10 INFO neutron.wsgi [None req-8c8b31b8-ca8f-480a-9b41-da5ccbfe81a8 e6708d11e7b3472f809e292def14e742 129f5522c5a748c49e4b3d00c1caf92c - - default default] 10.0.0.179 "DELETE /v2.0/subnets/57383240-bd81-4136-a851-5b27cdae9941 HTTP/1.1" status: 404 len: 337 time: 0.0195153
2026-07-22 15:26:27.440 10 INFO neutron.pecan_wsgi.hooks.translation [None req-61c26262-9513-46d2-be98-93e673166bf7 e6708d11e7b3472f809e292def14e742 129f5522c5a748c49e4b3d00c1caf92c - - default default] DELETE failed (client error): The resource could not be found.
2026-07-22 15:26:27.442 10 INFO neutron.wsgi [None req-61c26262-9513-46d2-be98-93e673166bf7 e6708d11e7b3472f809e292def14e742 129f5522c5a748c49e4b3d00c1caf92c - - default default] 10.0.0.179 "DELETE /v2.0/subnets/05b44578-3df1-4a24-90a3-49e02562c101 HTTP/1.1" status: 404 len: 337 time: 0.0280018
2026-07-22 15:26:27.592 9 INFO neutron.services.segments.plugin [-] Segment 7564a986-b8e6-485f-a0ee-20a600cbbd8d resource provider aggregate not found
2026-07-22 15:26:27.598 9 INFO neutron.services.segments.plugin [-] Segment 7564a986-b8e6-485f-a0ee-20a600cbbd8d resource provider aggregate not found
2026-07-22 15:26:27.616 9 INFO neutron.services.segments.plugin [-] Segment 7564a986-b8e6-485f-a0ee-20a600cbbd8d resource provider not found; error: Placement Client Error (4xx): {"errors": [{"status": 404, "title": "Not Found", "detail": "The resource could not be found.\n\n No resource provider with uuid 7564a986-b8e6-485f-a0ee-20a600cbbd8d found for delete ", "request_id": "req-ca00ecae-0b5e-42c1-8d09-2897e1d02496"}]}
2026-07-22 15:26:27.619 9 INFO neutron.services.segments.plugin [-] Segment 7564a986-b8e6-485f-a0ee-20a600cbbd8d resource provider not found; error: Placement Client Error (4xx): {"errors": [{"status": 404, "title": "Not Found", "detail": "The resource could not be found.\n\n No resource provider with uuid 7564a986-b8e6-485f-a0ee-20a600cbbd8d found for delete ", "request_id": "req-5a138756-e1bf-45b8-8a0e-a233fed446f4"}]}
2026-07-22 15:26:27.639 9 INFO neutron.wsgi [None req-998860b9-dc91-46da-b5df-7363ccb16295 4ce8f8d36af5403c8a2c036b1e069395 2e88e477aa1945a0ae790303903d94be - - default default] 10.0.0.179 "DELETE /v2.0/networks/64f95559-e547-4844-b1e9-e028a2ee1fc0 HTTP/1.1" status: 204 len: 168 time: 0.7035234 /var/lib/openstack/lib/python3.10/site-packages/pycadf/identifier.py:71: UserWarning: Invalid uuid: neutron. To ensure interoperability, identifiers should be a valid uuid. warnings.warn(('Invalid uuid: %s. To ensure interoperability, '
2026-07-22 15:26:27.658 10 INFO neutron.wsgi [None req-8bab9b8c-e239-4521-b29d-572ecfa21a9d efc4b1199c9e4e1795da0a0ef7ab2c5f a5e544406e834fdf8367fcbdfe8485c0 - - default default] 10.0.0.179 "PUT /v2.0/routers/3618aa4e-4290-4477-90a3-fead00955eb0/remove_router_interface HTTP/1.1" status: 200 len: 503 time: 0.8116829
2026-07-22 15:26:27.761 10 INFO neutron.wsgi [None req-e1545045-0ec2-4a13-9f20-6f68f2c7f109 efc4b1199c9e4e1795da0a0ef7ab2c5f a5e544406e834fdf8367fcbdfe8485c0 - - default default] 10.0.0.179 "GET /v2.0/ports/3d4ab0b6-8535-4353-80e7-12e0390d0c89 HTTP/1.1" status: 200 len: 1141 time: 0.0989258
2026-07-22 15:26:27.770 10 INFO neutron.db.segments_db [None req-e1de14a3-a32b-45ab-854c-04e5967e1e06 4ce8f8d36af5403c8a2c036b1e069395 2e88e477aa1945a0ae790303903d94be - - default default] Added segment 9bb45108-3580-4c21-9d1f-d81a13ea8e46 of type geneve for network 89c6a361-2f4e-40ab-b921-1454fa657a71
2026-07-22 15:26:27.919 10 INFO neutron.db.ovn_revision_numbers_db [None req-e1de14a3-a32b-45ab-854c-04e5967e1e06 4ce8f8d36af5403c8a2c036b1e069395 2e88e477aa1945a0ae790303903d94be - - default default] Successfully bumped revision number for resource 89c6a361-2f4e-40ab-b921-1454fa657a71 (type: networks) to 1
2026-07-22 15:26:28.091 10 WARNING neutron.scheduler.dhcp_agent_scheduler [None req-e1de14a3-a32b-45ab-854c-04e5967e1e06 4ce8f8d36af5403c8a2c036b1e069395 2e88e477aa1945a0ae790303903d94be - - default default] No more DHCP agents
2026-07-22 15:26:28.093 10 WARNING neutron.api.rpc.agentnotifiers.dhcp_rpc_agent_api [None req-e1de14a3-a32b-45ab-854c-04e5967e1e06 4ce8f8d36af5403c8a2c036b1e069395 2e88e477aa1945a0ae790303903d94be - - default default] Unable to schedule network 89c6a361-2f4e-40ab-b921-1454fa657a71: no agents available; will retry on subsequent port and subnet creation events.
2026-07-22 15:26:28.187 10 INFO neutron.db.ovn_revision_numbers_db [None req-e1de14a3-a32b-45ab-854c-04e5967e1e06 4ce8f8d36af5403c8a2c036b1e069395 2e88e477aa1945a0ae790303903d94be - - default default] Successfully bumped revision number for resource 4cf30fcb-20aa-4c4d-8935-04dc1aeb940d (type: ports) to 1
2026-07-22 15:26:28.225 10 INFO neutron.wsgi [None req-e1de14a3-a32b-45ab-854c-04e5967e1e06 4ce8f8d36af5403c8a2c036b1e069395 2e88e477aa1945a0ae790303903d94be - - default default] 10.0.0.179 "POST /v2.0/networks HTTP/1.1" status: 201 len: 927 time: 0.5800998
2026-07-22 15:26:28.241 10 INFO neutron.wsgi [None req-7963c2f0-2fe2-48a9-bd23-e3039f1655cf 5c2d2eea7ebd43eaafe62f9f7646482d 1cefd14a2ae340718011307e746df049 - - default default] 10.0.0.179 "GET /v2.0/security-groups?tenant_id=129f5522c5a748c49e4b3d00c1caf92c&name=default HTTP/1.1" status: 200 len: 2996 time: 0.2141485
2026-07-22 15:26:28.383 9 INFO neutron.wsgi [None req-527abfd8-f210-487a-80f9-ed9b82383cd2 efc4b1199c9e4e1795da0a0ef7ab2c5f a5e544406e834fdf8367fcbdfe8485c0 - - default default] 10.0.0.179 "PUT /v2.0/routers/3618aa4e-4290-4477-90a3-fead00955eb0/remove_router_interface HTTP/1.1" status: 200 len: 503 time: 0.6179361
2026-07-22 15:26:28.410 10 INFO neutron.wsgi [None req-f2c20d86-98fb-4ab5-a089-de6a89325d0a efc4b1199c9e4e1795da0a0ef7ab2c5f a5e544406e834fdf8367fcbdfe8485c0 - - default default] 10.0.0.179 "GET /v2.0/ports?device_id=3618aa4e-4290-4477-90a3-fead00955eb0 HTTP/1.1" status: 200 len: 205 time: 0.0200958
2026-07-22 15:26:28.415 10 WARNING neutron.scheduler.dhcp_agent_scheduler [None req-840fbcef-35f7-4e98-af05-e95ad7823bed 4ce8f8d36af5403c8a2c036b1e069395 2e88e477aa1945a0ae790303903d94be - - default default] No more DHCP agents
2026-07-22 15:26:28.418 10 WARNING neutron.api.rpc.agentnotifiers.dhcp_rpc_agent_api [None req-840fbcef-35f7-4e98-af05-e95ad7823bed 4ce8f8d36af5403c8a2c036b1e069395 2e88e477aa1945a0ae790303903d94be - - default default] Unable to schedule network 89c6a361-2f4e-40ab-b921-1454fa657a71: no agents available; will retry on subsequent port and subnet creation events.
2026-07-22 15:26:28.520 9 INFO neutron.wsgi [None req-39365580-7457-4f24-a42f-a221bbe5e173 5c2d2eea7ebd43eaafe62f9f7646482d 1cefd14a2ae340718011307e746df049 - - default default] 10.0.0.179 "DELETE /v2.0/security-groups/f40ed5b0-ca13-4690-ace1-d512ae499275 HTTP/1.1" status: 204 len: 168 time: 0.2740195
2026-07-22 15:26:28.655 10 INFO neutron.wsgi [-] 10.0.0.106 "GET / HTTP/1.1" status: 200 len: 246 time: 0.0012510
2026-07-22 15:26:28.658 9 INFO neutron.wsgi [-] 10.0.0.106 "GET / HTTP/1.1" status: 200 len: 246 time: 0.0030718
2026-07-22 15:26:28.699 10 INFO neutron.wsgi [None req-4d96609e-b8d9-4169-b389-448c01b8557a efc4b1199c9e4e1795da0a0ef7ab2c5f a5e544406e834fdf8367fcbdfe8485c0 - - default default] 10.0.0.179 "DELETE /v2.0/routers/3618aa4e-4290-4477-90a3-fead00955eb0 HTTP/1.1" status: 204 len: 168 time: 0.2780519 /var/lib/openstack/lib/python3.10/site-packages/pycadf/identifier.py:71: UserWarning: Invalid uuid: neutron. To ensure interoperability, identifiers should be a valid uuid. warnings.warn(('Invalid uuid: %s. To ensure interoperability, '
2026-07-22 15:26:28.902 9 INFO neutron.wsgi [None req-a5e1b054-81e6-43f8-9c8c-05424add1ce6 efc4b1199c9e4e1795da0a0ef7ab2c5f a5e544406e834fdf8367fcbdfe8485c0 - - default default] 10.0.0.179 "DELETE /v2.0/subnets/226784ea-e5fc-4f3d-b21f-4544815d3b5e HTTP/1.1" status: 204 len: 168 time: 0.1983426
2026-07-22 15:26:29.014 10 INFO neutron.db.ovn_revision_numbers_db [None req-840fbcef-35f7-4e98-af05-e95ad7823bed 4ce8f8d36af5403c8a2c036b1e069395 2e88e477aa1945a0ae790303903d94be - - default default] Successfully bumped revision number for resource 4cf30fcb-20aa-4c4d-8935-04dc1aeb940d (type: ports) to 2
2026-07-22 15:26:29.055 10 INFO neutron.db.ovn_revision_numbers_db [None req-840fbcef-35f7-4e98-af05-e95ad7823bed 4ce8f8d36af5403c8a2c036b1e069395 2e88e477aa1945a0ae790303903d94be - - default default] Successfully bumped revision number for resource 762efec2-5cb3-48fd-ac98-565c258405af (type: subnets) to 0
2026-07-22 15:26:29.069 10 INFO neutron.wsgi [None req-840fbcef-35f7-4e98-af05-e95ad7823bed 4ce8f8d36af5403c8a2c036b1e069395 2e88e477aa1945a0ae790303903d94be - - default default] 10.0.0.179 "POST /v2.0/subnets HTTP/1.1" status: 201 len: 822 time: 0.8399932
2026-07-22 15:26:29.146 9 INFO neutron.wsgi [None req-7ba8a4bc-2595-4a12-bfa3-aaa569583cf9 efc4b1199c9e4e1795da0a0ef7ab2c5f a5e544406e834fdf8367fcbdfe8485c0 - - default default] 10.0.0.179 "DELETE /v2.0/subnets/fc6348ad-cce3-4fd7-85a1-89493a30d938 HTTP/1.1" status: 204 len: 168 time: 0.2387249
2026-07-22 15:26:29.376 9 WARNING neutron.plugins.ml2.drivers.ovn.mech_driver.ovsdb.ovn_client [None req-dce3b029-d00b-4178-9294-9dee77922ec6 - - - - - -] No port found with ID 3d4ab0b6-8535-4353-80e7-12e0390d0c89: RuntimeError: No port found with ID 3d4ab0b6-8535-4353-80e7-12e0390d0c89
2026-07-22 15:26:29.377 9 INFO neutron.plugins.ml2.drivers.ovn.mech_driver.mech_driver [None req-dce3b029-d00b-4178-9294-9dee77922ec6 - - - - - -] OVN reports status up for port: 92aef582-fa5c-4f11-9ad5-4806786d94f5
2026-07-22 15:26:29.593 9 INFO neutron.wsgi [None req-06461270-1e99-4fa9-b20b-342c324cd933 efc4b1199c9e4e1795da0a0ef7ab2c5f a5e544406e834fdf8367fcbdfe8485c0 - - default default] 10.0.0.179 "DELETE /v2.0/networks/06519d93-bcf0-4a2f-8fc8-9587a40722a3 HTTP/1.1" status: 204 len: 168 time: 0.4418097
2026-07-22 15:26:29.660 9 INFO neutron.services.segments.plugin [-] Segment a5058679-485b-4be8-978e-7cf0f7c2ff3d resource provider aggregate not found
2026-07-22 15:26:29.665 10 INFO neutron.wsgi [None req-4ac0587b-b9b4-4773-9b83-b66486f1a444 4ce8f8d36af5403c8a2c036b1e069395 2e88e477aa1945a0ae790303903d94be - - default default] 10.0.0.179 "POST /v2.0/rbac-policies HTTP/1.1" status: 201 len: 523 time: 0.5865450
2026-07-22 15:26:29.669 9 INFO neutron.services.segments.plugin [-] Segment a5058679-485b-4be8-978e-7cf0f7c2ff3d resource provider aggregate not found
2026-07-22 15:26:29.693 9 INFO neutron.services.segments.plugin [-] Segment a5058679-485b-4be8-978e-7cf0f7c2ff3d resource provider not found; error: Placement Client Error (4xx): {"errors": [{"status": 404, "title": "Not Found", "detail": "The resource could not be found.\n\n No resource provider with uuid a5058679-485b-4be8-978e-7cf0f7c2ff3d found for delete ", "request_id": "req-642e71f6-691a-4f9b-a033-1ba9ac1d6d0e"}]}
2026-07-22 15:26:29.703 9 INFO neutron.services.segments.plugin [-] Segment a5058679-485b-4be8-978e-7cf0f7c2ff3d resource provider not found; error: Placement Client Error (4xx): {"errors": [{"status": 404, "title": "Not Found", "detail": "The resource could not be found.\n\n No resource provider with uuid a5058679-485b-4be8-978e-7cf0f7c2ff3d found for delete ", "request_id": "req-4ba3709c-0488-4e0a-8700-da89dd808bb3"}]}
2026-07-22 15:26:29.748 10 INFO neutron.db.ovn_revision_numbers_db [None req-86277c08-9c25-44e8-a46f-78bfdd72cb8a 5c2d2eea7ebd43eaafe62f9f7646482d 1cefd14a2ae340718011307e746df049 - - default default] Successfully bumped revision number for resource 1c935c3c-6a27-4364-8e3f-4f460045bb25 (type: security_groups) to 1
2026-07-22 15:26:29.771 10 INFO neutron.db.ovn_revision_numbers_db [None req-86277c08-9c25-44e8-a46f-78bfdd72cb8a 5c2d2eea7ebd43eaafe62f9f7646482d 1cefd14a2ae340718011307e746df049 - - default default] Successfully bumped revision number for resource 3f1f09b0-9725-445a-90bf-5fdec5f994d4 (type: security_group_rules) to 0
2026-07-22 15:26:29.786 10 INFO neutron.db.ovn_revision_numbers_db [None req-86277c08-9c25-44e8-a46f-78bfdd72cb8a 5c2d2eea7ebd43eaafe62f9f7646482d 1cefd14a2ae340718011307e746df049 - - default default] Successfully bumped revision number for resource 7de6dafd-b881-4466-8eaa-4888013034c6 (type: security_group_rules) to 0
2026-07-22 15:26:29.799 10 INFO neutron.db.ovn_revision_numbers_db [None req-86277c08-9c25-44e8-a46f-78bfdd72cb8a 5c2d2eea7ebd43eaafe62f9f7646482d 1cefd14a2ae340718011307e746df049 - - default default] Successfully bumped revision number for resource 807afc68-b82d-4b01-a778-a16d1e43592b (type: security_group_rules) to 0
2026-07-22 15:26:29.812 10 INFO neutron.db.ovn_revision_numbers_db [None req-86277c08-9c25-44e8-a46f-78bfdd72cb8a 5c2d2eea7ebd43eaafe62f9f7646482d 1cefd14a2ae340718011307e746df049 - - default default] Successfully bumped revision number for resource c27677a1-ee36-43d9-9a43-60c897a73feb (type: security_group_rules) to 0
2026-07-22 15:26:29.834 10 INFO neutron.wsgi [None req-86277c08-9c25-44e8-a46f-78bfdd72cb8a 5c2d2eea7ebd43eaafe62f9f7646482d 1cefd14a2ae340718011307e746df049 - - default default] 10.0.0.179 "GET /v2.0/security-groups?tenant_id=e97213dfc709484bb9dcb887e92bb588&name=default HTTP/1.1" status: 200 len: 2996 time: 0.5217378
2026-07-22 15:26:30.034 10 INFO neutron.wsgi [None req-af2fe960-9c9c-4bfc-a580-20fddfb34424 5c2d2eea7ebd43eaafe62f9f7646482d 1cefd14a2ae340718011307e746df049 - - default default] 10.0.0.179 "DELETE /v2.0/security-groups/1c935c3c-6a27-4364-8e3f-4f460045bb25 HTTP/1.1" status: 204 len: 168 time: 0.1945393
2026-07-22 15:26:30.145 9 INFO neutron.wsgi [None req-eee19128-665a-4309-945c-e2bf50ce6b58 efc4b1199c9e4e1795da0a0ef7ab2c5f a5e544406e834fdf8367fcbdfe8485c0 - - default default] 10.0.0.179 "DELETE /v2.0/networks/28d0fcc3-2e06-47ac-882f-267a50275c28 HTTP/1.1" status: 204 len: 168 time: 0.5451880
2026-07-22 15:26:30.256 10 INFO neutron.db.segments_db [None req-95d90b1d-3c97-41c9-a95f-20d342abd921 efc4b1199c9e4e1795da0a0ef7ab2c5f a5e544406e834fdf8367fcbdfe8485c0 - - default default] Added segment 5e469ed0-1d38-4a6b-b357-f9ee951bdb71 of type geneve for network eb189cda-082f-4f2e-b3ae-bc3ba48dce3d
2026-07-22 15:26:30.343 10 INFO neutron.db.ovn_revision_numbers_db [None req-72d69bcb-2490-44b8-8be4-a05b869e09f6 5c2d2eea7ebd43eaafe62f9f7646482d 1cefd14a2ae340718011307e746df049 - - default default] Successfully bumped revision number for resource d14ce751-9246-4f08-8adb-5982dd2c9512 (type: security_groups) to 1
2026-07-22 15:26:30.399 10 INFO neutron.db.ovn_revision_numbers_db [None req-72d69bcb-2490-44b8-8be4-a05b869e09f6 5c2d2eea7ebd43eaafe62f9f7646482d 1cefd14a2ae340718011307e746df049 - - default default] Successfully bumped revision number for resource 087e7925-4bd6-46de-a01f-6257428a1a2e (type: security_group_rules) to 0
2026-07-22 15:26:30.456 10 INFO neutron.db.ovn_revision_numbers_db [None req-72d69bcb-2490-44b8-8be4-a05b869e09f6 5c2d2eea7ebd43eaafe62f9f7646482d 1cefd14a2ae340718011307e746df049 - - default default] Successfully bumped revision number for resource 09a4d6ee-0480-4925-8afd-720afebc09bd (type: security_group_rules) to 0
2026-07-22 15:26:30.465 10 INFO neutron.wsgi [None req-dc26fa3e-94c2-4b5b-a636-704757c5a39e a580d3fce9ac4a40b6f4d3ad5876468a 5b4914aedef74af7a9ace5dbe46732c6 - - default default] 10.0.0.179 "GET /v2.0/networks/89c6a361-2f4e-40ab-b921-1454fa657a71 HTTP/1.1" status: 200 len: 848 time: 0.3802946
2026-07-22 15:26:30.489 10 INFO neutron.db.ovn_revision_numbers_db [None req-72d69bcb-2490-44b8-8be4-a05b869e09f6 5c2d2eea7ebd43eaafe62f9f7646482d 1cefd14a2ae340718011307e746df049 - - default default] Successfully bumped revision number for resource 4590423b-3958-4f2a-95db-5bfe448898e1 (type: security_group_rules) to 0
2026-07-22 15:26:30.491 10 INFO neutron.db.ovn_revision_numbers_db [None req-95d90b1d-3c97-41c9-a95f-20d342abd921 efc4b1199c9e4e1795da0a0ef7ab2c5f a5e544406e834fdf8367fcbdfe8485c0 - - default default] Successfully bumped revision number for resource eb189cda-082f-4f2e-b3ae-bc3ba48dce3d (type: networks) to 1
2026-07-22 15:26:30.516 10 INFO neutron.db.ovn_revision_numbers_db [None req-72d69bcb-2490-44b8-8be4-a05b869e09f6 5c2d2eea7ebd43eaafe62f9f7646482d 1cefd14a2ae340718011307e746df049 - - default default] Successfully bumped revision number for resource 657e1788-e228-413d-8e3a-608b9374c021 (type: security_group_rules) to 0
2026-07-22 15:26:30.548 10 INFO neutron.wsgi [None req-72d69bcb-2490-44b8-8be4-a05b869e09f6 5c2d2eea7ebd43eaafe62f9f7646482d 1cefd14a2ae340718011307e746df049 - - default default] 10.0.0.179 "GET /v2.0/security-groups?tenant_id=c56fee6f1211439c8ee99affa2321c73&name=default HTTP/1.1" status: 200 len: 2996 time: 0.3804567
2026-07-22 15:26:30.731 10 WARNING neutron.scheduler.dhcp_agent_scheduler [None req-95d90b1d-3c97-41c9-a95f-20d342abd921 efc4b1199c9e4e1795da0a0ef7ab2c5f a5e544406e834fdf8367fcbdfe8485c0 - - default default] No more DHCP agents
2026-07-22 15:26:30.736 10 WARNING neutron.api.rpc.agentnotifiers.dhcp_rpc_agent_api [None req-95d90b1d-3c97-41c9-a95f-20d342abd921 efc4b1199c9e4e1795da0a0ef7ab2c5f a5e544406e834fdf8367fcbdfe8485c0 - - default default] Unable to schedule network eb189cda-082f-4f2e-b3ae-bc3ba48dce3d: no agents available; will retry on subsequent port and subnet creation events.
2026-07-22 15:26:30.779 9 INFO neutron.wsgi [None req-441ae28a-2a3d-4486-acf9-97e99e221f94 5c2d2eea7ebd43eaafe62f9f7646482d 1cefd14a2ae340718011307e746df049 - - default default] 10.0.0.179 "DELETE /v2.0/security-groups/d14ce751-9246-4f08-8adb-5982dd2c9512 HTTP/1.1" status: 204 len: 168 time: 0.2251358
2026-07-22 15:26:30.838 10 INFO neutron.db.ovn_revision_numbers_db [None req-95d90b1d-3c97-41c9-a95f-20d342abd921 efc4b1199c9e4e1795da0a0ef7ab2c5f a5e544406e834fdf8367fcbdfe8485c0 - - default default] Successfully bumped revision number for resource fc2ff3d0-1fb6-4b34-9c95-8404d895c341 (type: ports) to 1
2026-07-22 15:26:30.864 10 INFO neutron.wsgi [None req-95d90b1d-3c97-41c9-a95f-20d342abd921 efc4b1199c9e4e1795da0a0ef7ab2c5f a5e544406e834fdf8367fcbdfe8485c0 - - default default] 10.0.0.179 "POST /v2.0/networks HTTP/1.1" status: 201 len: 832 time: 0.7107284
2026-07-22 15:26:30.917 9 INFO neutron.pecan_wsgi.hooks.translation [None req-69453ec9-a798-43ca-af28-d06c24e23510 12ae8c497aa84ece84f0499ff6e64507 fab7f04bdc1041439f1c78be96d8f077 - - default default] GET failed (client error): The resource could not be found.
2026-07-22 15:26:30.919 9 INFO neutron.wsgi [None req-69453ec9-a798-43ca-af28-d06c24e23510 12ae8c497aa84ece84f0499ff6e64507 fab7f04bdc1041439f1c78be96d8f077 - - default default] 10.0.0.179 "GET /v2.0/networks/89c6a361-2f4e-40ab-b921-1454fa657a71 HTTP/1.1" status: 404 len: 339 time: 0.0794573
2026-07-22 15:26:31.132 9 WARNING neutron.scheduler.dhcp_agent_scheduler [None req-9a80d33b-dbd8-438d-a907-4bd8e2e1891c efc4b1199c9e4e1795da0a0ef7ab2c5f a5e544406e834fdf8367fcbdfe8485c0 - - default default] No more DHCP agents
2026-07-22 15:26:31.137 9 WARNING neutron.api.rpc.agentnotifiers.dhcp_rpc_agent_api [None req-9a80d33b-dbd8-438d-a907-4bd8e2e1891c efc4b1199c9e4e1795da0a0ef7ab2c5f a5e544406e834fdf8367fcbdfe8485c0 - - default default] Unable to schedule network eb189cda-082f-4f2e-b3ae-bc3ba48dce3d: no agents available; will retry on subsequent port and subnet creation events.
2026-07-22 15:26:31.169 9 INFO neutron.db.ovn_revision_numbers_db [None req-9a80d33b-dbd8-438d-a907-4bd8e2e1891c efc4b1199c9e4e1795da0a0ef7ab2c5f a5e544406e834fdf8367fcbdfe8485c0 - - default default] Successfully bumped revision number for resource d945eab8-83b2-4f1a-8b60-78e259273c0e (type: subnets) to 0
2026-07-22 15:26:31.186 9 INFO neutron.wsgi [None req-9a80d33b-dbd8-438d-a907-4bd8e2e1891c efc4b1199c9e4e1795da0a0ef7ab2c5f a5e544406e834fdf8367fcbdfe8485c0 - - default default] 10.0.0.179 "POST /v2.0/subnets HTTP/1.1" status: 201 len: 821 time: 0.3160501
2026-07-22 15:26:31.389 9 INFO neutron.db.ovn_revision_numbers_db [None req-3dfe710f-a577-4e05-b977-47dcc294ac75 efc4b1199c9e4e1795da0a0ef7ab2c5f a5e544406e834fdf8367fcbdfe8485c0 - - default default] Successfully bumped revision number for resource 771101b0-f028-477c-9ae9-6e867b3ac3fc (type: routers) to 1
