2026-07-22 15:28:28.196 9 INFO neutron.wsgi [None req-6d9976d7-32ac-4c27-be2f-900578afd40e b404445a7f90413bb5654b5994203c7a a1b47c3a46cf4ad1a13eae73bb7e0cb8 - - default default] 10.0.0.179 "POST /v2.0/networks HTTP/1.1" status: 201 len: 830 time: 0.5500410
2026-07-22 15:28:28.549 10 INFO neutron.wsgi [None req-00befa4e-2a6f-433f-8f26-c45c6ad248f3 e27dd1d312f548ddba5401617801d3bc 6c002fdcbdcb4545b6fafabf3b2771ee - - default default] 10.0.0.179 "DELETE /v2.0/ports/29d82f8a-e303-4349-9c42-4e502f063bd1 HTTP/1.1" status: 204 len: 168 time: 0.5429280
2026-07-22 15:28:28.581 9 WARNING neutron.scheduler.dhcp_agent_scheduler [None req-182702bc-e8c7-4f48-a1a9-2b508dcae675 b404445a7f90413bb5654b5994203c7a a1b47c3a46cf4ad1a13eae73bb7e0cb8 - - default default] No more DHCP agents
2026-07-22 15:28:28.583 9 WARNING neutron.api.rpc.agentnotifiers.dhcp_rpc_agent_api [None req-182702bc-e8c7-4f48-a1a9-2b508dcae675 b404445a7f90413bb5654b5994203c7a a1b47c3a46cf4ad1a13eae73bb7e0cb8 - - default default] Unable to schedule network 3fb3291f-d596-46f4-b4f3-beca98cccd8f: no agents available; will retry on subsequent port and subnet creation events.
2026-07-22 15:28:28.656 9 INFO neutron.wsgi [-] 10.0.0.106 "GET / HTTP/1.1" status: 200 len: 246 time: 0.0018611
2026-07-22 15:28:28.658 9 INFO neutron.wsgi [-] 10.0.0.106 "GET / HTTP/1.1" status: 200 len: 246 time: 0.0014472
2026-07-22 15:28:28.706 9 INFO neutron.db.ovn_revision_numbers_db [None req-182702bc-e8c7-4f48-a1a9-2b508dcae675 b404445a7f90413bb5654b5994203c7a a1b47c3a46cf4ad1a13eae73bb7e0cb8 - - default default] Successfully bumped revision number for resource 8afefab9-371b-46c0-a171-f544c91ccb76 (type: ports) to 1
2026-07-22 15:28:28.728 9 INFO neutron.wsgi [None req-182702bc-e8c7-4f48-a1a9-2b508dcae675 b404445a7f90413bb5654b5994203c7a a1b47c3a46cf4ad1a13eae73bb7e0cb8 - - default default] 10.0.0.179 "POST /v2.0/ports HTTP/1.1" status: 201 len: 942 time: 0.5265017
2026-07-22 15:28:29.006 10 INFO neutron.services.segments.plugin [-] Segment 956749c6-2df8-4200-ac15-b286146e743d resource provider aggregate not found
2026-07-22 15:28:29.014 10 INFO neutron.services.segments.plugin [-] Segment 956749c6-2df8-4200-ac15-b286146e743d resource provider aggregate not found
2026-07-22 15:28:29.033 10 INFO neutron.services.segments.plugin [-] Segment 956749c6-2df8-4200-ac15-b286146e743d resource provider not found; error: Placement Client Error (4xx): {"errors": [{"status": 404, "title": "Not Found", "detail": "The resource could not be found.\n\n No resource provider with uuid 956749c6-2df8-4200-ac15-b286146e743d found for delete ", "request_id": "req-d0ea3120-92f2-468f-9872-633fbfc4b672"}]}
2026-07-22 15:28:29.035 10 INFO neutron.services.segments.plugin [-] Segment 956749c6-2df8-4200-ac15-b286146e743d resource provider not found; error: Placement Client Error (4xx): {"errors": [{"status": 404, "title": "Not Found", "detail": "The resource could not be found.\n\n No resource provider with uuid 956749c6-2df8-4200-ac15-b286146e743d found for delete ", "request_id": "req-15dc9d4d-612c-431c-a09b-7ec28d2206b0"}]}
2026-07-22 15:28:29.055 10 INFO neutron.wsgi [None req-6fbd002b-ab33-4e3f-85db-19fad6548e4e b404445a7f90413bb5654b5994203c7a a1b47c3a46cf4ad1a13eae73bb7e0cb8 - - default default] 10.0.0.179 "POST /v2.0/trunks HTTP/1.1" status: 201 len: 608 time: 0.3230512
2026-07-22 15:28:29.077 10 INFO neutron.wsgi [None req-7b5fe6bb-5075-40d3-b105-a413b29f3ed4 e27dd1d312f548ddba5401617801d3bc 6c002fdcbdcb4545b6fafabf3b2771ee - - default default] 10.0.0.179 "DELETE /v2.0/networks/af409881-009b-4304-a6af-06fe63f8f54e HTTP/1.1" status: 204 len: 168 time: 0.5208631
2026-07-22 15:28:29.165 10 INFO neutron.db.segments_db [None req-6591d3c4-bead-407e-a459-8f6dbf1ba587 b404445a7f90413bb5654b5994203c7a a1b47c3a46cf4ad1a13eae73bb7e0cb8 - - default default] Added segment 476bdeb1-fcdf-4884-99e4-8b8e1bd0537e of type geneve for network 88827f5f-4d94-4f30-9f88-85c6e3ba5789
2026-07-22 15:28:29.338 10 INFO neutron.db.ovn_revision_numbers_db [None req-6591d3c4-bead-407e-a459-8f6dbf1ba587 b404445a7f90413bb5654b5994203c7a a1b47c3a46cf4ad1a13eae73bb7e0cb8 - - default default] Successfully bumped revision number for resource 88827f5f-4d94-4f30-9f88-85c6e3ba5789 (type: networks) to 1
2026-07-22 15:28:29.604 10 WARNING neutron.scheduler.dhcp_agent_scheduler [None req-6591d3c4-bead-407e-a459-8f6dbf1ba587 b404445a7f90413bb5654b5994203c7a a1b47c3a46cf4ad1a13eae73bb7e0cb8 - - default default] No more DHCP agents
2026-07-22 15:28:29.605 10 WARNING neutron.api.rpc.agentnotifiers.dhcp_rpc_agent_api [None req-6591d3c4-bead-407e-a459-8f6dbf1ba587 b404445a7f90413bb5654b5994203c7a a1b47c3a46cf4ad1a13eae73bb7e0cb8 - - default default] Unable to schedule network 88827f5f-4d94-4f30-9f88-85c6e3ba5789: no agents available; will retry on subsequent port and subnet creation events.
2026-07-22 15:28:29.744 10 INFO neutron.db.ovn_revision_numbers_db [None req-6591d3c4-bead-407e-a459-8f6dbf1ba587 b404445a7f90413bb5654b5994203c7a a1b47c3a46cf4ad1a13eae73bb7e0cb8 - - default default] Successfully bumped revision number for resource 77769348-4933-4588-9e76-8c39e2690fa1 (type: ports) to 1
2026-07-22 15:28:29.766 10 INFO neutron.wsgi [None req-6591d3c4-bead-407e-a459-8f6dbf1ba587 b404445a7f90413bb5654b5994203c7a a1b47c3a46cf4ad1a13eae73bb7e0cb8 - - default default] 10.0.0.179 "POST /v2.0/networks HTTP/1.1" status: 201 len: 831 time: 0.7056208 /var/lib/openstack/lib/python3.10/site-packages/pycadf/identifier.py:71: UserWarning: Invalid uuid: neutron. To ensure interoperability, identifiers should be a valid uuid. warnings.warn(('Invalid uuid: %s. To ensure interoperability, '
2026-07-22 15:28:30.014 10 WARNING neutron.scheduler.dhcp_agent_scheduler [None req-d816ef8f-5894-43e7-a266-0ee4224678ff b404445a7f90413bb5654b5994203c7a a1b47c3a46cf4ad1a13eae73bb7e0cb8 - - default default] No more DHCP agents
2026-07-22 15:28:30.016 10 WARNING neutron.api.rpc.agentnotifiers.dhcp_rpc_agent_api [None req-d816ef8f-5894-43e7-a266-0ee4224678ff b404445a7f90413bb5654b5994203c7a a1b47c3a46cf4ad1a13eae73bb7e0cb8 - - default default] Unable to schedule network 88827f5f-4d94-4f30-9f88-85c6e3ba5789: no agents available; will retry on subsequent port and subnet creation events.
2026-07-22 15:28:30.106 10 INFO neutron.db.ovn_revision_numbers_db [None req-d816ef8f-5894-43e7-a266-0ee4224678ff b404445a7f90413bb5654b5994203c7a a1b47c3a46cf4ad1a13eae73bb7e0cb8 - - default default] Successfully bumped revision number for resource fa3d911e-d0f4-4aef-9305-6a46ea2be4c1 (type: ports) to 1
2026-07-22 15:28:30.117 9 INFO neutron.db.ovn_revision_numbers_db [None req-96752f91-f53b-4c99-b48c-c55e3c528b6d 5c2d2eea7ebd43eaafe62f9f7646482d 1cefd14a2ae340718011307e746df049 - - default default] Successfully bumped revision number for resource cd09e25a-c77b-4062-a943-e97d5419dace (type: security_groups) to 1
2026-07-22 15:28:30.135 10 INFO neutron.wsgi [None req-d816ef8f-5894-43e7-a266-0ee4224678ff b404445a7f90413bb5654b5994203c7a a1b47c3a46cf4ad1a13eae73bb7e0cb8 - - default default] 10.0.0.179 "POST /v2.0/ports HTTP/1.1" status: 201 len: 942 time: 0.3647459
2026-07-22 15:28:30.150 9 INFO neutron.db.ovn_revision_numbers_db [None req-96752f91-f53b-4c99-b48c-c55e3c528b6d 5c2d2eea7ebd43eaafe62f9f7646482d 1cefd14a2ae340718011307e746df049 - - default default] Successfully bumped revision number for resource 43b2c903-6f9d-45d9-9d87-def5faf8e7ed (type: security_group_rules) to 0
2026-07-22 15:28:30.170 9 INFO neutron.db.ovn_revision_numbers_db [None req-96752f91-f53b-4c99-b48c-c55e3c528b6d 5c2d2eea7ebd43eaafe62f9f7646482d 1cefd14a2ae340718011307e746df049 - - default default] Successfully bumped revision number for resource 69abed21-7d27-47f0-aa16-6f32e68ace24 (type: security_group_rules) to 0
2026-07-22 15:28:30.198 9 INFO neutron.db.ovn_revision_numbers_db [None req-96752f91-f53b-4c99-b48c-c55e3c528b6d 5c2d2eea7ebd43eaafe62f9f7646482d 1cefd14a2ae340718011307e746df049 - - default default] Successfully bumped revision number for resource e78828eb-838b-4e30-8af4-6a31ea3fc5ad (type: security_group_rules) to 0
2026-07-22 15:28:30.225 9 INFO neutron.db.ovn_revision_numbers_db [None req-96752f91-f53b-4c99-b48c-c55e3c528b6d 5c2d2eea7ebd43eaafe62f9f7646482d 1cefd14a2ae340718011307e746df049 - - default default] Successfully bumped revision number for resource f009211e-e9a2-49a7-a805-df3c6cc4164e (type: security_group_rules) to 0
2026-07-22 15:28:30.257 9 INFO neutron.wsgi [None req-96752f91-f53b-4c99-b48c-c55e3c528b6d 5c2d2eea7ebd43eaafe62f9f7646482d 1cefd14a2ae340718011307e746df049 - - default default] 10.0.0.179 "GET /v2.0/security-groups?tenant_id=45d1890ac35f4321b3ad7c73a493cadb&name=default HTTP/1.1" status: 200 len: 3000 time: 0.4288960 /var/lib/openstack/lib/python3.10/site-packages/pycadf/identifier.py:71: UserWarning: Invalid uuid: neutron. To ensure interoperability, identifiers should be a valid uuid. warnings.warn(('Invalid uuid: %s. To ensure interoperability, '
2026-07-22 15:28:30.406 9 INFO neutron.wsgi [None req-46da083e-c13d-4fbd-93e6-2f6204a135e0 b404445a7f90413bb5654b5994203c7a a1b47c3a46cf4ad1a13eae73bb7e0cb8 - - default default] 10.0.0.179 "POST /v2.0/trunks HTTP/1.1" status: 201 len: 608 time: 0.2667761
2026-07-22 15:28:30.443 10 INFO neutron.wsgi [None req-7a25ee6e-76fd-481d-bb6d-aa5e0c7d9657 6360a55eb85a43ac97c1e999155b39de 94409fce3b07422b82e2ce5de5417c37 - - default default] 10.0.0.179 "POST /v2.0/subnetpools HTTP/1.1" status: 201 len: 715 time: 0.1280911
2026-07-22 15:28:30.488 10 INFO neutron.wsgi [None req-eea9a064-653c-4ba6-b2ce-d83deb87545a 5c2d2eea7ebd43eaafe62f9f7646482d 1cefd14a2ae340718011307e746df049 - - default default] 10.0.0.179 "DELETE /v2.0/security-groups/cd09e25a-c77b-4062-a943-e97d5419dace HTTP/1.1" status: 204 len: 168 time: 0.2245686
2026-07-22 15:28:30.503 10 INFO neutron.wsgi [None req-64fa6fbf-3fa0-4876-af4c-d98cfb8e685c 6360a55eb85a43ac97c1e999155b39de 94409fce3b07422b82e2ce5de5417c37 - - default default] 10.0.0.179 "POST /v2.0/subnetpools HTTP/1.1" status: 201 len: 715 time: 0.0560308
2026-07-22 15:28:30.513 9 INFO neutron.db.segments_db [None req-5bc6bb19-951f-49e8-9bd4-a5c1a49ecd7c b404445a7f90413bb5654b5994203c7a a1b47c3a46cf4ad1a13eae73bb7e0cb8 - - default default] Added segment 55795ce3-2cbd-48ad-8b59-8b5b831b46ed of type geneve for network 4622d775-54fa-474b-9ad6-add8124c7ccc
2026-07-22 15:28:30.570 10 INFO neutron.wsgi [None req-f2dc2038-0525-4d3d-b021-b2e59f7d97a0 6360a55eb85a43ac97c1e999155b39de 94409fce3b07422b82e2ce5de5417c37 - - default default] 10.0.0.179 "POST /v2.0/subnetpools HTTP/1.1" status: 201 len: 715 time: 0.0595226
2026-07-22 15:28:30.653 10 INFO neutron.wsgi [None req-f15c05d6-c0fd-4d57-ade4-562270526f08 6360a55eb85a43ac97c1e999155b39de 94409fce3b07422b82e2ce5de5417c37 - - default default] 10.0.0.179 "POST /v2.0/subnetpools HTTP/1.1" status: 201 len: 715 time: 0.0764501
2026-07-22 15:28:30.673 10 INFO neutron.wsgi [None req-a76a8bc0-434d-49fc-b721-1b477ec8d33d 5c2d2eea7ebd43eaafe62f9f7646482d 1cefd14a2ae340718011307e746df049 - - default default] 10.0.0.179 "GET /v2.0/security-groups?tenant_id=6c002fdcbdcb4545b6fafabf3b2771ee&name=default HTTP/1.1" status: 200 len: 3000 time: 0.0522687
2026-07-22 15:28:30.684 9 INFO neutron.db.ovn_revision_numbers_db [None req-5bc6bb19-951f-49e8-9bd4-a5c1a49ecd7c b404445a7f90413bb5654b5994203c7a a1b47c3a46cf4ad1a13eae73bb7e0cb8 - - default default] Successfully bumped revision number for resource 4622d775-54fa-474b-9ad6-add8124c7ccc (type: networks) to 1
2026-07-22 15:28:30.729 10 INFO neutron.wsgi [None req-9e1b7ec3-2f12-43e8-bccd-e52ccdc17e47 6360a55eb85a43ac97c1e999155b39de 94409fce3b07422b82e2ce5de5417c37 - - default default] 10.0.0.179 "POST /v2.0/subnetpools HTTP/1.1" status: 201 len: 715 time: 0.0693986
2026-07-22 15:28:30.768 10 INFO neutron.wsgi [None req-82de8cdd-3ea5-4196-95c1-e2402e01d897 6360a55eb85a43ac97c1e999155b39de 94409fce3b07422b82e2ce5de5417c37 - - default default] 10.0.0.179 "PUT /v2.0/subnetpools/56777bc2-9a43-4197-80c7-6004c6af07e6/tags HTTP/1.1" status: 200 len: 210 time: 0.0338540
2026-07-22 15:28:30.813 10 INFO neutron.wsgi [None req-6064e9e7-9cea-4bdb-804b-92be990d064d 6360a55eb85a43ac97c1e999155b39de 94409fce3b07422b82e2ce5de5417c37 - - default default] 10.0.0.179 "PUT /v2.0/subnetpools/361066a7-2162-48c5-90fe-75dc911ef9eb/tags HTTP/1.1" status: 200 len: 218 time: 0.0382142
2026-07-22 15:28:30.849 10 INFO neutron.wsgi [None req-aaa7890e-59b6-4aa3-88cc-d78e3ec6a2f8 6360a55eb85a43ac97c1e999155b39de 94409fce3b07422b82e2ce5de5417c37 - - default default] 10.0.0.179 "PUT /v2.0/subnetpools/d0732d70-eaf9-46d1-bcdb-e82b3bdc7d85/tags HTTP/1.1" status: 200 len: 227 time: 0.0326746
2026-07-22 15:28:30.878 9 WARNING neutron.scheduler.dhcp_agent_scheduler [None req-5bc6bb19-951f-49e8-9bd4-a5c1a49ecd7c b404445a7f90413bb5654b5994203c7a a1b47c3a46cf4ad1a13eae73bb7e0cb8 - - default default] No more DHCP agents
2026-07-22 15:28:30.881 9 WARNING neutron.api.rpc.agentnotifiers.dhcp_rpc_agent_api [None req-5bc6bb19-951f-49e8-9bd4-a5c1a49ecd7c b404445a7f90413bb5654b5994203c7a a1b47c3a46cf4ad1a13eae73bb7e0cb8 - - default default] Unable to schedule network 4622d775-54fa-474b-9ad6-add8124c7ccc: no agents available; will retry on subsequent port and subnet creation events.
2026-07-22 15:28:30.883 10 INFO neutron.wsgi [None req-771031c0-3afb-49fe-b964-31c225d63dba 6360a55eb85a43ac97c1e999155b39de 94409fce3b07422b82e2ce5de5417c37 - - default default] 10.0.0.179 "PUT /v2.0/subnetpools/7b9ea081-a35a-46e2-9da5-b62bc851727c/tags HTTP/1.1" status: 200 len: 212 time: 0.0293450
2026-07-22 15:28:30.916 10 INFO neutron.wsgi [None req-1213844f-fe1f-42ac-a63e-e370899fc6c7 6360a55eb85a43ac97c1e999155b39de 94409fce3b07422b82e2ce5de5417c37 - - default default] 10.0.0.179 "GET /v2.0/subnetpools?tags=red HTTP/1.1" status: 200 len: 1758 time: 0.0263932
2026-07-22 15:28:30.924 10 INFO neutron.wsgi [None req-615023bd-548a-436b-a705-9b5a44b609f3 5c2d2eea7ebd43eaafe62f9f7646482d 1cefd14a2ae340718011307e746df049 - - default default] 10.0.0.179 "DELETE /v2.0/security-groups/6553d47e-4b8a-4e41-8a64-ffce9292b8a5 HTTP/1.1" status: 204 len: 168 time: 0.2453399
2026-07-22 15:28:30.963 9 INFO neutron.wsgi [None req-46e5c09c-977c-4044-9e95-020ca6b90a6e 6360a55eb85a43ac97c1e999155b39de 94409fce3b07422b82e2ce5de5417c37 - - default default] 10.0.0.179 "GET /v2.0/subnetpools?tags=red%2Cblue HTTP/1.1" status: 200 len: 1251 time: 0.0395448
2026-07-22 15:28:30.991 9 INFO neutron.db.ovn_revision_numbers_db [None req-5bc6bb19-951f-49e8-9bd4-a5c1a49ecd7c b404445a7f90413bb5654b5994203c7a a1b47c3a46cf4ad1a13eae73bb7e0cb8 - - default default] Successfully bumped revision number for resource e1ba8147-3c4c-4037-a792-ce8dfac334e4 (type: ports) to 1
2026-07-22 15:28:30.996 10 INFO neutron.wsgi [None req-54a6d4f0-eea8-4198-bc7a-af51bc1d1472 6360a55eb85a43ac97c1e999155b39de 94409fce3b07422b82e2ce5de5417c37 - - default default] 10.0.0.179 "GET /v2.0/subnetpools?tags-any=blue HTTP/1.1" status: 200 len: 1251 time: 0.0262961
2026-07-22 15:28:31.015 9 INFO neutron.wsgi [None req-5bc6bb19-951f-49e8-9bd4-a5c1a49ecd7c b404445a7f90413bb5654b5994203c7a a1b47c3a46cf4ad1a13eae73bb7e0cb8 - - default default] 10.0.0.179 "POST /v2.0/networks HTTP/1.1" status: 201 len: 830 time: 0.6033106
2026-07-22 15:28:31.023 10 INFO neutron.wsgi [None req-9b507688-ea94-42be-8eaf-04ed125cb3ad 6360a55eb85a43ac97c1e999155b39de 94409fce3b07422b82e2ce5de5417c37 - - default default] 10.0.0.179 "GET /v2.0/subnetpools?tags-any=red%2Cblue HTTP/1.1" status: 200 len: 1758 time: 0.0228777
2026-07-22 15:28:31.057 10 INFO neutron.wsgi [None req-9b0ff23a-a947-4577-8e83-a07dc55c90a4 6360a55eb85a43ac97c1e999155b39de 94409fce3b07422b82e2ce5de5417c37 - - default default] 10.0.0.179 "GET /v2.0/subnetpools?not-tags=red HTTP/1.1" status: 200 len: 1223 time: 0.0278261
2026-07-22 15:28:31.088 10 INFO neutron.wsgi [None req-9f8b18fb-e3b6-49c3-b46b-3ae902cd23f7 6360a55eb85a43ac97c1e999155b39de 94409fce3b07422b82e2ce5de5417c37 - - default default] 10.0.0.179 "GET /v2.0/subnetpools?not-tags=red%2Cblue HTTP/1.1" status: 200 len: 1730 time: 0.0256643
2026-07-22 15:28:31.119 10 INFO neutron.wsgi [None req-26a9bf30-5daf-4f69-a152-fecc3a6cf768 6360a55eb85a43ac97c1e999155b39de 94409fce3b07422b82e2ce5de5417c37 - - default default] 10.0.0.179 "GET /v2.0/subnetpools?not-tags-any=blue HTTP/1.1" status: 200 len: 1730 time: 0.0267196
2026-07-22 15:28:31.145 10 INFO neutron.wsgi [None req-781dcd17-539f-497e-9efa-c935cba9118f 6360a55eb85a43ac97c1e999155b39de 94409fce3b07422b82e2ce5de5417c37 - - default default] 10.0.0.179 "GET /v2.0/subnetpools?not-tags-any=red%2Cblue HTTP/1.1" status: 200 len: 1223 time: 0.0209084
2026-07-22 15:28:31.223 10 INFO neutron.wsgi [None req-977cd066-5350-4c38-88a1-dac25f154885 6360a55eb85a43ac97c1e999155b39de 94409fce3b07422b82e2ce5de5417c37 - - default default] 10.0.0.179 "DELETE /v2.0/subnetpools/56777bc2-9a43-4197-80c7-6004c6af07e6 HTTP/1.1" status: 204 len: 168 time: 0.0703843
2026-07-22 15:28:31.270 9 WARNING neutron.scheduler.dhcp_agent_scheduler [None req-db9168ba-9cfd-4ee0-9be7-12fe2afe43d3 b404445a7f90413bb5654b5994203c7a a1b47c3a46cf4ad1a13eae73bb7e0cb8 - - default default] No more DHCP agents
2026-07-22 15:28:31.274 9 WARNING neutron.api.rpc.agentnotifiers.dhcp_rpc_agent_api [None req-db9168ba-9cfd-4ee0-9be7-12fe2afe43d3 b404445a7f90413bb5654b5994203c7a a1b47c3a46cf4ad1a13eae73bb7e0cb8 - - default default] Unable to schedule network 4622d775-54fa-474b-9ad6-add8124c7ccc: no agents available; will retry on subsequent port and subnet creation events.
2026-07-22 15:28:31.312 10 INFO neutron.wsgi [None req-065f6c6e-7249-4042-b002-a0b0d89d91d4 6360a55eb85a43ac97c1e999155b39de 94409fce3b07422b82e2ce5de5417c37 - - default default] 10.0.0.179 "DELETE /v2.0/subnetpools/361066a7-2162-48c5-90fe-75dc911ef9eb HTTP/1.1" status: 204 len: 168 time: 0.0842924 /var/lib/openstack/lib/python3.10/site-packages/pycadf/identifier.py:71: UserWarning: Invalid uuid: neutron. To ensure interoperability, identifiers should be a valid uuid. warnings.warn(('Invalid uuid: %s. To ensure interoperability, '
2026-07-22 15:28:31.398 9 INFO neutron.db.ovn_revision_numbers_db [None req-db9168ba-9cfd-4ee0-9be7-12fe2afe43d3 b404445a7f90413bb5654b5994203c7a a1b47c3a46cf4ad1a13eae73bb7e0cb8 - - default default] Successfully bumped revision number for resource 068b4a49-cdd6-4a99-a85d-339158936d24 (type: ports) to 1
2026-07-22 15:28:31.416 9 INFO neutron.wsgi [None req-e2edd258-bfbc-4141-ada6-20771bcaba9f 6360a55eb85a43ac97c1e999155b39de 94409fce3b07422b82e2ce5de5417c37 - - default default] 10.0.0.179 "DELETE /v2.0/subnetpools/d0732d70-eaf9-46d1-bcdb-e82b3bdc7d85 HTTP/1.1" status: 204 len: 168 time: 0.0988107
2026-07-22 15:28:31.432 9 INFO neutron.wsgi [None req-db9168ba-9cfd-4ee0-9be7-12fe2afe43d3 b404445a7f90413bb5654b5994203c7a a1b47c3a46cf4ad1a13eae73bb7e0cb8 - - default default] 10.0.0.179 "POST /v2.0/ports HTTP/1.1" status: 201 len: 942 time: 0.4108961
2026-07-22 15:28:31.499 9 INFO neutron.wsgi [None req-b939c3f6-0608-4ecb-aa73-8fda0349f66d 6360a55eb85a43ac97c1e999155b39de 94409fce3b07422b82e2ce5de5417c37 - - default default] 10.0.0.179 "DELETE /v2.0/subnetpools/7b9ea081-a35a-46e2-9da5-b62bc851727c HTTP/1.1" status: 204 len: 168 time: 0.0788307
2026-07-22 15:28:31.594 10 INFO neutron.wsgi [None req-e20eae3c-e6be-448b-b3a2-1f423e12e7a5 6360a55eb85a43ac97c1e999155b39de 94409fce3b07422b82e2ce5de5417c37 - - default default] 10.0.0.179 "DELETE /v2.0/subnetpools/383cc25a-71d8-4ac2-8030-31c1b88d1997 HTTP/1.1" status: 204 len: 168 time: 0.0858197
2026-07-22 15:28:31.700 9 INFO neutron.wsgi [None req-f8bb56ee-30ba-4239-8a96-4a8637951a64 b404445a7f90413bb5654b5994203c7a a1b47c3a46cf4ad1a13eae73bb7e0cb8 - - default default] 10.0.0.179 "POST /v2.0/trunks HTTP/1.1" status: 201 len: 608 time: 0.2633896
2026-07-22 15:28:31.732 9 INFO neutron.wsgi [None req-cdcb545b-d822-4a28-80e6-afcd7ac4b80b b404445a7f90413bb5654b5994203c7a a1b47c3a46cf4ad1a13eae73bb7e0cb8 - - default default] 10.0.0.179 "PUT /v2.0/trunks/48225d8f-b87f-4f5a-aebe-1febab2a6ef0/tags HTTP/1.1" status: 200 len: 210 time: 0.0255082
2026-07-22 15:28:31.762 9 INFO neutron.wsgi [None req-149f93b0-8ea3-4427-89d5-6d165c96dc50 b404445a7f90413bb5654b5994203c7a a1b47c3a46cf4ad1a13eae73bb7e0cb8 - - default default] 10.0.0.179 "PUT /v2.0/trunks/cc0ea104-c094-47aa-a2e0-eebd998b5c23/tags HTTP/1.1" status: 200 len: 218 time: 0.0237639
2026-07-22 15:28:31.798 9 INFO neutron.wsgi [None req-5b2b59b1-54b4-4825-98c2-36800a08ec8f b404445a7f90413bb5654b5994203c7a a1b47c3a46cf4ad1a13eae73bb7e0cb8 - - default default] 10.0.0.179 "PUT /v2.0/trunks/a931b707-e0ef-4297-afd1-2062ecd2f8ca/tags HTTP/1.1" status: 200 len: 227 time: 0.0292816
2026-07-22 15:28:31.831 9 INFO neutron.wsgi [None req-4f23cbd1-3650-4391-bcc1-7cd62be3da05 b404445a7f90413bb5654b5994203c7a a1b47c3a46cf4ad1a13eae73bb7e0cb8 - - default default] 10.0.0.179 "PUT /v2.0/trunks/2469f0ab-4226-428a-a251-e0514ab24f9e/tags HTTP/1.1" status: 200 len: 212 time: 0.0265656
2026-07-22 15:28:31.899 9 INFO neutron.wsgi [None req-7deedf8a-cca4-484b-a083-91d0f7c72bb7 b404445a7f90413bb5654b5994203c7a a1b47c3a46cf4ad1a13eae73bb7e0cb8 - - default default] 10.0.0.179 "GET /v2.0/trunks?tags=red HTTP/1.1" status: 200 len: 1447 time: 0.0629864
2026-07-22 15:28:31.935 9 INFO neutron.wsgi [None req-7deae282-f183-44a6-ba1e-b36d1817af3b b404445a7f90413bb5654b5994203c7a a1b47c3a46cf4ad1a13eae73bb7e0cb8 - - default default] 10.0.0.179 "GET /v2.0/trunks?tags=red%2Cblue HTTP/1.1" status: 200 len: 1041 time: 0.0291145
2026-07-22 15:28:31.968 10 INFO neutron.wsgi [None req-191458b6-5a61-42dd-8311-334ab90b0886 b404445a7f90413bb5654b5994203c7a a1b47c3a46cf4ad1a13eae73bb7e0cb8 - - default default] 10.0.0.179 "GET /v2.0/trunks?tags-any=blue HTTP/1.1" status: 200 len: 1041 time: 0.0262923
2026-07-22 15:28:32.006 9 INFO neutron.wsgi [None req-427116d8-fa63-4742-adc0-3c8f424ea338 b404445a7f90413bb5654b5994203c7a a1b47c3a46cf4ad1a13eae73bb7e0cb8 - - default default] 10.0.0.179 "GET /v2.0/trunks?tags-any=red%2Cblue HTTP/1.1" status: 200 len: 1447 time: 0.0332220
2026-07-22 15:28:32.031 9 INFO neutron.wsgi [None req-a77bf15c-8d31-4827-9a82-1b09ece2b94f b404445a7f90413bb5654b5994203c7a a1b47c3a46cf4ad1a13eae73bb7e0cb8 - - default default] 10.0.0.179 "GET /v2.0/trunks?not-tags=red HTTP/1.1" status: 200 len: 1013 time: 0.0203168
2026-07-22 15:28:32.063 9 INFO neutron.wsgi [None req-39156cdf-b66a-43c4-990b-2586961c210b b404445a7f90413bb5654b5994203c7a a1b47c3a46cf4ad1a13eae73bb7e0cb8 - - default default] 10.0.0.179 "GET /v2.0/trunks?not-tags=red%2Cblue HTTP/1.1" status: 200 len: 1419 time: 0.0278227
2026-07-22 15:28:32.092 9 INFO neutron.wsgi [None req-36b1918e-3b22-403f-b20e-2b7e749a5de5 b404445a7f90413bb5654b5994203c7a a1b47c3a46cf4ad1a13eae73bb7e0cb8 - - default default] 10.0.0.179 "GET /v2.0/trunks?not-tags-any=blue HTTP/1.1" status: 200 len: 1419 time: 0.0226727
2026-07-22 15:28:32.120 9 INFO neutron.wsgi [None req-8c629731-dbec-4f63-a893-b2fbb217507f b404445a7f90413bb5654b5994203c7a a1b47c3a46cf4ad1a13eae73bb7e0cb8 - - default default] 10.0.0.179 "GET /v2.0/trunks?not-tags-any=red%2Cblue HTTP/1.1" status: 200 len: 1013 time: 0.0237439
2026-07-22 15:28:32.149 9 INFO neutron.wsgi [None req-8d1c7816-3262-40e5-8d46-e9eedf4bcc25 b404445a7f90413bb5654b5994203c7a a1b47c3a46cf4ad1a13eae73bb7e0cb8 - - default default] 10.0.0.179 "GET /v2.0/trunks/48225d8f-b87f-4f5a-aebe-1febab2a6ef0 HTTP/1.1" status: 200 len: 608 time: 0.0233848
2026-07-22 15:28:32.263 9 INFO neutron.wsgi [None req-1d2681c7-324b-41aa-bc76-e667607f3ae3 b404445a7f90413bb5654b5994203c7a a1b47c3a46cf4ad1a13eae73bb7e0cb8 - - default default] 10.0.0.179 "GET /v2.0/ports/d18339fb-9c9d-42bb-9efb-9bcaed7684ee HTTP/1.1" status: 200 len: 1020 time: 0.1087134
2026-07-22 15:28:32.342 9 INFO neutron.wsgi [None req-a669f7d3-256e-418e-8fd3-0a42433cf70e b404445a7f90413bb5654b5994203c7a a1b47c3a46cf4ad1a13eae73bb7e0cb8 - - default default] 10.0.0.179 "DELETE /v2.0/trunks/48225d8f-b87f-4f5a-aebe-1febab2a6ef0 HTTP/1.1" status: 204 len: 168 time: 0.0749679
2026-07-22 15:28:32.371 10 INFO neutron.wsgi [None req-04786877-f0e2-4fd1-b83f-34fa7e0cf43a b404445a7f90413bb5654b5994203c7a a1b47c3a46cf4ad1a13eae73bb7e0cb8 - - default default] 10.0.0.179 "GET /v2.0/trunks/cc0ea104-c094-47aa-a2e0-eebd998b5c23 HTTP/1.1" status: 200 len: 616 time: 0.0239186
2026-07-22 15:28:32.476 10 INFO neutron.wsgi [None req-fd56a397-1122-434e-9f7e-d294074b11ff b404445a7f90413bb5654b5994203c7a a1b47c3a46cf4ad1a13eae73bb7e0cb8 - - default default] 10.0.0.179 "GET /v2.0/ports/b57af94b-fb7c-4f9e-bef3-d27d079a28b2 HTTP/1.1" status: 200 len: 1020 time: 0.1002429
2026-07-22 15:28:32.599 10 INFO neutron.wsgi [None req-c5485c36-db02-4733-9913-f2879761392d b404445a7f90413bb5654b5994203c7a a1b47c3a46cf4ad1a13eae73bb7e0cb8 - - default default] 10.0.0.179 "DELETE /v2.0/trunks/cc0ea104-c094-47aa-a2e0-eebd998b5c23 HTTP/1.1" status: 204 len: 168 time: 0.1169279
2026-07-22 15:28:32.631 10 INFO neutron.wsgi [None req-15a766f6-615a-4340-ad2e-26277d02ce77 b404445a7f90413bb5654b5994203c7a a1b47c3a46cf4ad1a13eae73bb7e0cb8 - - default default] 10.0.0.179 "GET /v2.0/trunks/a931b707-e0ef-4297-afd1-2062ecd2f8ca HTTP/1.1" status: 200 len: 625 time: 0.0270624
2026-07-22 15:28:32.753 10 INFO neutron.wsgi [None req-5eeddf55-08be-4d1e-9916-be47265900bb b404445a7f90413bb5654b5994203c7a a1b47c3a46cf4ad1a13eae73bb7e0cb8 - - default default] 10.0.0.179 "GET /v2.0/ports/8afefab9-371b-46c0-a171-f544c91ccb76 HTTP/1.1" status: 200 len: 1020 time: 0.1161542
2026-07-22 15:28:32.754 9 INFO neutron.db.ovn_revision_numbers_db [None req-7bca8281-f042-4d0e-bb98-b53e48e1a64a 5c2d2eea7ebd43eaafe62f9f7646482d 1cefd14a2ae340718011307e746df049 - - default default] Successfully bumped revision number for resource 6d248294-fce9-42ab-b3d5-8fecfb1135ca (type: security_groups) to 1
2026-07-22 15:28:32.770 9 INFO neutron.db.ovn_revision_numbers_db [None req-7bca8281-f042-4d0e-bb98-b53e48e1a64a 5c2d2eea7ebd43eaafe62f9f7646482d 1cefd14a2ae340718011307e746df049 - - default default] Successfully bumped revision number for resource 57336ae9-adf9-406a-a6b0-e8f90349c580 (type: security_group_rules) to 0
2026-07-22 15:28:32.783 9 INFO neutron.db.ovn_revision_numbers_db [None req-7bca8281-f042-4d0e-bb98-b53e48e1a64a 5c2d2eea7ebd43eaafe62f9f7646482d 1cefd14a2ae340718011307e746df049 - - default default] Successfully bumped revision number for resource 87d04548-9c82-4cd1-9b55-8eaa929c271e (type: security_group_rules) to 0
2026-07-22 15:28:32.800 9 INFO neutron.db.ovn_revision_numbers_db [None req-7bca8281-f042-4d0e-bb98-b53e48e1a64a 5c2d2eea7ebd43eaafe62f9f7646482d 1cefd14a2ae340718011307e746df049 - - default default] Successfully bumped revision number for resource 8d0a904a-8b8c-40b4-adeb-9d29c0fc78f2 (type: security_group_rules) to 0
2026-07-22 15:28:32.819 9 INFO neutron.db.ovn_revision_numbers_db [None req-7bca8281-f042-4d0e-bb98-b53e48e1a64a 5c2d2eea7ebd43eaafe62f9f7646482d 1cefd14a2ae340718011307e746df049 - - default default] Successfully bumped revision number for resource cbbd5f14-975c-42af-841b-b9ad226fab29 (type: security_group_rules) to 0
2026-07-22 15:28:32.833 10 INFO neutron.wsgi [None req-901fe47f-1222-41cd-a89f-75be9a1330a0 b404445a7f90413bb5654b5994203c7a a1b47c3a46cf4ad1a13eae73bb7e0cb8 - - default default] 10.0.0.179 "DELETE /v2.0/trunks/a931b707-e0ef-4297-afd1-2062ecd2f8ca HTTP/1.1" status: 204 len: 168 time: 0.0753543
2026-07-22 15:28:32.842 9 INFO neutron.wsgi [None req-7bca8281-f042-4d0e-bb98-b53e48e1a64a 5c2d2eea7ebd43eaafe62f9f7646482d 1cefd14a2ae340718011307e746df049 - - default default] 10.0.0.179 "GET /v2.0/security-groups?tenant_id=94409fce3b07422b82e2ce5de5417c37&name=default HTTP/1.1" status: 200 len: 3000 time: 0.3785460
2026-07-22 15:28:32.866 10 INFO neutron.wsgi [None req-522c8615-7d62-424f-b84f-76c80bea2539 b404445a7f90413bb5654b5994203c7a a1b47c3a46cf4ad1a13eae73bb7e0cb8 - - default default] 10.0.0.179 "GET /v2.0/trunks/2469f0ab-4226-428a-a251-e0514ab24f9e HTTP/1.1" status: 200 len: 610 time: 0.0278666
2026-07-22 15:28:32.973 9 INFO neutron.wsgi [None req-1f5f3f19-7615-4ae4-9f3f-ef074fff4a13 b404445a7f90413bb5654b5994203c7a a1b47c3a46cf4ad1a13eae73bb7e0cb8 - - default default] 10.0.0.179 "GET /v2.0/ports/fa3d911e-d0f4-4aef-9305-6a46ea2be4c1 HTTP/1.1" status: 200 len: 1020 time: 0.0999055
2026-07-22 15:28:33.072 10 INFO neutron.wsgi [None req-166b095d-a200-43dc-b38b-e9780fb27946 b404445a7f90413bb5654b5994203c7a a1b47c3a46cf4ad1a13eae73bb7e0cb8 - - default default] 10.0.0.179 "DELETE /v2.0/trunks/2469f0ab-4226-428a-a251-e0514ab24f9e HTTP/1.1" status: 204 len: 168 time: 0.0916212
2026-07-22 15:28:33.089 9 INFO neutron.wsgi [None req-331798bd-ec20-4be8-bc38-53c7b40dfa5b 5c2d2eea7ebd43eaafe62f9f7646482d 1cefd14a2ae340718011307e746df049 - - default default] 10.0.0.179 "DELETE /v2.0/security-groups/6d248294-fce9-42ab-b3d5-8fecfb1135ca HTTP/1.1" status: 204 len: 168 time: 0.2417984
2026-07-22 15:28:33.092 10 INFO neutron.wsgi [None req-ab89e74a-45e3-4717-9dc6-707008595d89 b404445a7f90413bb5654b5994203c7a a1b47c3a46cf4ad1a13eae73bb7e0cb8 - - default default] 10.0.0.179 "GET /v2.0/trunks/b73f6b35-8ee5-497e-8b3e-4f2ea9998019 HTTP/1.1" status: 200 len: 603 time: 0.0153365
2026-07-22 15:28:33.184 10 INFO neutron.wsgi [None req-9ca4e208-9ddd-4d0d-a700-088aac40517a b404445a7f90413bb5654b5994203c7a a1b47c3a46cf4ad1a13eae73bb7e0cb8 - - default default] 10.0.0.179 "GET /v2.0/ports/068b4a49-cdd6-4a99-a85d-339158936d24 HTTP/1.1" status: 200 len: 1020 time: 0.0887816
2026-07-22 15:28:33.283 10 INFO neutron.wsgi [None req-ec2e5565-a6e9-4ef1-96ff-8891d76ddc49 b404445a7f90413bb5654b5994203c7a a1b47c3a46cf4ad1a13eae73bb7e0cb8 - - default default] 10.0.0.179 "DELETE /v2.0/trunks/b73f6b35-8ee5-497e-8b3e-4f2ea9998019 HTTP/1.1" status: 204 len: 168 time: 0.0940399
2026-07-22 15:28:33.336 10 INFO neutron.db.ovn_revision_numbers_db [None req-2688254f-1efa-448e-ab0e-5d7648145a33 5c2d2eea7ebd43eaafe62f9f7646482d 1cefd14a2ae340718011307e746df049 - - default default] Successfully bumped revision number for resource 4ad69240-8308-41be-8218-51ecfef4783d (type: security_groups) to 1
2026-07-22 15:28:33.349 10 INFO neutron.db.ovn_revision_numbers_db [None req-2688254f-1efa-448e-ab0e-5d7648145a33 5c2d2eea7ebd43eaafe62f9f7646482d 1cefd14a2ae340718011307e746df049 - - default default] Successfully bumped revision number for resource 1cbae691-2b13-4d2d-b5a6-3ecf65089f9f (type: security_group_rules) to 0
2026-07-22 15:28:33.363 10 INFO neutron.db.ovn_revision_numbers_db [None req-2688254f-1efa-448e-ab0e-5d7648145a33 5c2d2eea7ebd43eaafe62f9f7646482d 1cefd14a2ae340718011307e746df049 - - default default] Successfully bumped revision number for resource 1e624f47-1db2-4ae9-9d31-a12e4e6ad481 (type: security_group_rules) to 0
2026-07-22 15:28:33.377 10 INFO neutron.db.ovn_revision_numbers_db [None req-2688254f-1efa-448e-ab0e-5d7648145a33 5c2d2eea7ebd43eaafe62f9f7646482d 1cefd14a2ae340718011307e746df049 - - default default] Successfully bumped revision number for resource 8b9761e6-3b72-40fb-a8fe-9fdd19994179 (type: security_group_rules) to 0
2026-07-22 15:28:33.392 10 INFO neutron.db.ovn_revision_numbers_db [None req-2688254f-1efa-448e-ab0e-5d7648145a33 5c2d2eea7ebd43eaafe62f9f7646482d 1cefd14a2ae340718011307e746df049 - - default default] Successfully bumped revision number for resource fc841364-b994-4326-8757-35e5cc40a53c (type: security_group_rules) to 0
2026-07-22 15:28:33.417 10 INFO neutron.wsgi [None req-2688254f-1efa-448e-ab0e-5d7648145a33 5c2d2eea7ebd43eaafe62f9f7646482d 1cefd14a2ae340718011307e746df049 - - default default] 10.0.0.179 "GET /v2.0/security-groups?tenant_id=201699a5ed8842e9b4f2f155625ce0cf&name=default HTTP/1.1" status: 200 len: 3000 time: 0.2294545
2026-07-22 15:28:33.540 9 INFO neutron.wsgi [None req-c82888ad-4076-488b-bf2a-08a207719c9c b404445a7f90413bb5654b5994203c7a a1b47c3a46cf4ad1a13eae73bb7e0cb8 - - default default] 10.0.0.179 "DELETE /v2.0/ports/d18339fb-9c9d-42bb-9efb-9bcaed7684ee HTTP/1.1" status: 204 len: 168 time: 0.2505355
2026-07-22 15:28:33.671 10 INFO neutron.wsgi [None req-d9921df7-4a6d-4520-a4d3-e116dc2ca26d 5c2d2eea7ebd43eaafe62f9f7646482d 1cefd14a2ae340718011307e746df049 - - default default] 10.0.0.179 "DELETE /v2.0/security-groups/4ad69240-8308-41be-8218-51ecfef4783d HTTP/1.1" status: 204 len: 168 time: 0.2475471
2026-07-22 15:28:33.817 9 INFO neutron.wsgi [None req-babd72c9-fae8-4fd4-b771-1b84180d330e b404445a7f90413bb5654b5994203c7a a1b47c3a46cf4ad1a13eae73bb7e0cb8 - - default default] 10.0.0.179 "DELETE /v2.0/ports/b57af94b-fb7c-4f9e-bef3-d27d079a28b2 HTTP/1.1" status: 204 len: 168 time: 0.2711020
2026-07-22 15:28:33.933 10 INFO neutron.db.ovn_revision_numbers_db [None req-938e0ac9-c9bf-4ca1-9c2d-b94ce667414e 5c2d2eea7ebd43eaafe62f9f7646482d 1cefd14a2ae340718011307e746df049 - - default default] Successfully bumped revision number for resource 4eef110a-abe9-47e3-8f01-18a10f1ebd4d (type: security_groups) to 1
2026-07-22 15:28:33.946 10 INFO neutron.db.ovn_revision_numbers_db [None req-938e0ac9-c9bf-4ca1-9c2d-b94ce667414e 5c2d2eea7ebd43eaafe62f9f7646482d 1cefd14a2ae340718011307e746df049 - - default default] Successfully bumped revision number for resource 302b9321-15d1-4cb7-9f59-abc792fea2b8 (type: security_group_rules) to 0
2026-07-22 15:28:33.965 10 INFO neutron.db.ovn_revision_numbers_db [None req-938e0ac9-c9bf-4ca1-9c2d-b94ce667414e 5c2d2eea7ebd43eaafe62f9f7646482d 1cefd14a2ae340718011307e746df049 - - default default] Successfully bumped revision number for resource 4a469783-e627-40eb-b846-0db77a65d7b4 (type: security_group_rules) to 0
2026-07-22 15:28:33.984 10 INFO neutron.db.ovn_revision_numbers_db [None req-938e0ac9-c9bf-4ca1-9c2d-b94ce667414e 5c2d2eea7ebd43eaafe62f9f7646482d 1cefd14a2ae340718011307e746df049 - - default default] Successfully bumped revision number for resource bb31a325-799c-414d-b6b3-539501e75fae (type: security_group_rules) to 0
2026-07-22 15:28:34.000 10 INFO neutron.db.ovn_revision_numbers_db [None req-938e0ac9-c9bf-4ca1-9c2d-b94ce667414e 5c2d2eea7ebd43eaafe62f9f7646482d 1cefd14a2ae340718011307e746df049 - - default default] Successfully bumped revision number for resource d0a68cf3-7bde-4f2b-bb9d-4a9548525b62 (type: security_group_rules) to 0
2026-07-22 15:28:34.028 10 INFO neutron.wsgi [None req-938e0ac9-c9bf-4ca1-9c2d-b94ce667414e 5c2d2eea7ebd43eaafe62f9f7646482d 1cefd14a2ae340718011307e746df049 - - default default] 10.0.0.179 "GET /v2.0/security-groups?tenant_id=5fef85a0b87b484ea4c373baa317b552&name=default HTTP/1.1" status: 200 len: 3000 time: 0.1997499
2026-07-22 15:28:34.053 9 INFO neutron.wsgi [None req-c57f439d-3b99-43c9-a79e-bc027adf5093 b404445a7f90413bb5654b5994203c7a a1b47c3a46cf4ad1a13eae73bb7e0cb8 - - default default] 10.0.0.179 "DELETE /v2.0/ports/8afefab9-371b-46c0-a171-f544c91ccb76 HTTP/1.1" status: 204 len: 168 time: 0.2303505
2026-07-22 15:28:34.243 10 INFO neutron.wsgi [None req-3e8675c5-f6f8-489a-a322-aa0f77318b4c 5c2d2eea7ebd43eaafe62f9f7646482d 1cefd14a2ae340718011307e746df049 - - default default] 10.0.0.179 "DELETE /v2.0/security-groups/4eef110a-abe9-47e3-8f01-18a10f1ebd4d HTTP/1.1" status: 204 len: 168 time: 0.2071133
2026-07-22 15:28:34.328 9 INFO neutron.wsgi [None req-da832736-55a2-456a-9a17-43e192d95ddd b404445a7f90413bb5654b5994203c7a a1b47c3a46cf4ad1a13eae73bb7e0cb8 - - default default] 10.0.0.179 "DELETE /v2.0/ports/fa3d911e-d0f4-4aef-9305-6a46ea2be4c1 HTTP/1.1" status: 204 len: 168 time: 0.2682545
2026-07-22 15:28:34.600 9 INFO neutron.wsgi [None req-4a441da8-9769-42f0-86aa-9d7377befb65 b404445a7f90413bb5654b5994203c7a a1b47c3a46cf4ad1a13eae73bb7e0cb8 - - default default] 10.0.0.179 "DELETE /v2.0/ports/068b4a49-cdd6-4a99-a85d-339158936d24 HTTP/1.1" status: 204 len: 168 time: 0.2659731
2026-07-22 15:28:34.957 10 INFO neutron.db.ovn_revision_numbers_db [None req-c3309a54-bbfb-46ab-9056-4a389fad49a4 34c9e6f05be14a6298138a7271c117a4 14bfa28c1d5a45aa88b59539ae255ea2 - - default default] Successfully bumped revision number for resource 40176643-79a3-4c35-9341-e6882f6f6d99 (type: routers) to 1
2026-07-22 15:28:34.991 10 INFO neutron.wsgi [None req-c3309a54-bbfb-46ab-9056-4a389fad49a4 34c9e6f05be14a6298138a7271c117a4 14bfa28c1d5a45aa88b59539ae255ea2 - - default default] 10.0.0.179 "POST /v2.0/routers HTTP/1.1" status: 201 len: 654 time: 0.4216478
2026-07-22 15:28:35.076 9 INFO neutron.wsgi [None req-d0a6a34a-e60b-4a88-8d56-bd6548b064da 34c9e6f05be14a6298138a7271c117a4 14bfa28c1d5a45aa88b59539ae255ea2 - - default default] 10.0.0.179 "PUT /v2.0/routers/40176643-79a3-4c35-9341-e6882f6f6d99/tags HTTP/1.1" status: 200 len: 218 time: 0.0803804
2026-07-22 15:28:35.082 9 INFO neutron.services.segments.plugin [-] Segment d456e56e-730c-43ce-8be5-907cf1ece542 resource provider aggregate not found
2026-07-22 15:28:35.086 9 INFO neutron.services.segments.plugin [-] Segment d456e56e-730c-43ce-8be5-907cf1ece542 resource provider aggregate not found
2026-07-22 15:28:35.100 9 INFO neutron.services.segments.plugin [-] Segment d456e56e-730c-43ce-8be5-907cf1ece542 resource provider not found; error: Placement Client Error (4xx): {"errors": [{"status": 404, "title": "Not Found", "detail": "The resource could not be found.\n\n No resource provider with uuid d456e56e-730c-43ce-8be5-907cf1ece542 found for delete ", "request_id": "req-890312d9-6ee0-4227-956d-1df72b95ee78"}]}
2026-07-22 15:28:35.114 9 INFO neutron.services.segments.plugin [-] Segment d456e56e-730c-43ce-8be5-907cf1ece542 resource provider not found; error: Placement Client Error (4xx): {"errors": [{"status": 404, "title": "Not Found", "detail": "The resource could not be found.\n\n No resource provider with uuid d456e56e-730c-43ce-8be5-907cf1ece542 found for delete ", "request_id": "req-ea9eb27c-be44-4cb3-9498-968ba1c71f8c"}]}
2026-07-22 15:28:35.136 10 INFO neutron.wsgi [None req-3815c524-1eed-411e-b1a1-1018e68559cd 34c9e6f05be14a6298138a7271c117a4 14bfa28c1d5a45aa88b59539ae255ea2 - - default default] 10.0.0.179 "GET /v2.0/routers/40176643-79a3-4c35-9341-e6882f6f6d99/tags HTTP/1.1" status: 200 len: 218 time: 0.0529406
2026-07-22 15:28:35.139 9 INFO neutron.wsgi [None req-cce9389b-8ac9-4274-8692-0161adf9256c b404445a7f90413bb5654b5994203c7a a1b47c3a46cf4ad1a13eae73bb7e0cb8 - - default default] 10.0.0.179 "DELETE /v2.0/networks/da9e9cac-7e41-466a-836e-4937d1867822 HTTP/1.1" status: 204 len: 168 time: 0.5349562
2026-07-22 15:28:35.216 10 INFO neutron.wsgi [None req-791dcd22-34ad-45e2-b5c8-0a824212e635 34c9e6f05be14a6298138a7271c117a4 14bfa28c1d5a45aa88b59539ae255ea2 - - default default] 10.0.0.179 "PUT /v2.0/routers/40176643-79a3-4c35-9341-e6882f6f6d99/tags/green HTTP/1.1" status: 201 len: 201 time: 0.0731959
2026-07-22 15:28:35.275 10 INFO neutron.wsgi [None req-681ef187-05c3-4d47-b286-6ff4a08b2132 34c9e6f05be14a6298138a7271c117a4 14bfa28c1d5a45aa88b59539ae255ea2 - - default default] 10.0.0.179 "GET /v2.0/routers/40176643-79a3-4c35-9341-e6882f6f6d99/tags HTTP/1.1" status: 200 len: 227 time: 0.0535967
2026-07-22 15:28:35.330 10 INFO neutron.wsgi [None req-049cf7a9-684a-4736-a76b-d917819385da 34c9e6f05be14a6298138a7271c117a4 14bfa28c1d5a45aa88b59539ae255ea2 - - default default] 10.0.0.179 "PUT /v2.0/routers/40176643-79a3-4c35-9341-e6882f6f6d99/tags/red HTTP/1.1" status: 201 len: 201 time: 0.0508921
2026-07-22 15:28:35.371 10 INFO neutron.wsgi [None req-11e2886b-530b-41c4-b514-8b01ac05bebe 34c9e6f05be14a6298138a7271c117a4 14bfa28c1d5a45aa88b59539ae255ea2 - - default default] 10.0.0.179 "GET /v2.0/routers/40176643-79a3-4c35-9341-e6882f6f6d99/tags HTTP/1.1" status: 200 len: 227 time: 0.0371623
2026-07-22 15:28:35.447 10 INFO neutron.wsgi [None req-69b25c08-e75c-4eb4-9c7b-f9c32f9c4372 34c9e6f05be14a6298138a7271c117a4 14bfa28c1d5a45aa88b59539ae255ea2 - - default default] 10.0.0.179 "PUT /v2.0/routers/40176643-79a3-4c35-9341-e6882f6f6d99/tags/black.or.white HTTP/1.1" status: 201 len: 201 time: 0.0686440
2026-07-22 15:28:35.511 10 INFO neutron.wsgi [None req-a28930bf-240b-4b73-9e43-9199666967fb 34c9e6f05be14a6298138a7271c117a4 14bfa28c1d5a45aa88b59539ae255ea2 - - default default] 10.0.0.179 "GET /v2.0/routers/40176643-79a3-4c35-9341-e6882f6f6d99/tags HTTP/1.1" status: 200 len: 245 time: 0.0547483
2026-07-22 15:28:35.597 10 INFO neutron.wsgi [None req-e2ae1e0b-a9da-4749-83c4-9b4579ba2d95 34c9e6f05be14a6298138a7271c117a4 14bfa28c1d5a45aa88b59539ae255ea2 - - default default] 10.0.0.179 "PUT /v2.0/routers/40176643-79a3-4c35-9341-e6882f6f6d99/tags HTTP/1.1" status: 200 len: 230 time: 0.0810192
2026-07-22 15:28:35.650 9 INFO neutron.wsgi [None req-cebfa6ac-4e0d-410f-9b69-77cf02381b25 b404445a7f90413bb5654b5994203c7a a1b47c3a46cf4ad1a13eae73bb7e0cb8 - - default default] 10.0.0.179 "DELETE /v2.0/networks/5902b985-79dc-4532-9ec0-fff6f2ccb1d8 HTTP/1.1" status: 204 len: 168 time: 0.5023122
2026-07-22 15:28:35.653 9 INFO neutron.wsgi [None req-67a9b56e-8ce4-4ecd-9fde-f3b94c866d6c 34c9e6f05be14a6298138a7271c117a4 14bfa28c1d5a45aa88b59539ae255ea2 - - default default] 10.0.0.179 "GET /v2.0/routers/40176643-79a3-4c35-9341-e6882f6f6d99/tags HTTP/1.1" status: 200 len: 230 time: 0.0515020
2026-07-22 15:28:35.703 9 INFO neutron.wsgi [None req-9cd3ddd5-ec5f-4254-b75c-07be086aa99c 34c9e6f05be14a6298138a7271c117a4 14bfa28c1d5a45aa88b59539ae255ea2 - - default default] 10.0.0.179 "GET /v2.0/routers/40176643-79a3-4c35-9341-e6882f6f6d99/tags/red HTTP/1.1" status: 204 len: 168 time: 0.0447652
2026-07-22 15:28:35.754 9 INFO neutron.api.v2.resource [None req-2bf08022-d021-48a6-a245-a1a2253a5cd7 34c9e6f05be14a6298138a7271c117a4 14bfa28c1d5a45aa88b59539ae255ea2 - - default default] show failed (client error): The resource could not be found.
2026-07-22 15:28:35.756 9 INFO neutron.wsgi [None req-2bf08022-d021-48a6-a245-a1a2253a5cd7 34c9e6f05be14a6298138a7271c117a4 14bfa28c1d5a45aa88b59539ae255ea2 - - default default] 10.0.0.179 "GET /v2.0/routers/40176643-79a3-4c35-9341-e6882f6f6d99/tags/green HTTP/1.1" status: 404 len: 299 time: 0.0473866
2026-07-22 15:28:35.817 9 INFO neutron.wsgi [None req-8239b157-42f4-4af1-a255-6839432a4dae 34c9e6f05be14a6298138a7271c117a4 14bfa28c1d5a45aa88b59539ae255ea2 - - default default] 10.0.0.179 "DELETE /v2.0/routers/40176643-79a3-4c35-9341-e6882f6f6d99/tags/red HTTP/1.1" status: 204 len: 168 time: 0.0557833
2026-07-22 15:28:36.037 10 INFO neutron.services.segments.plugin [-] Segment a8905520-0a76-49a3-9309-4b2972b3bfa6 resource provider aggregate not found
2026-07-22 15:28:36.046 10 INFO neutron.services.segments.plugin [-] Segment a8905520-0a76-49a3-9309-4b2972b3bfa6 resource provider aggregate not found
2026-07-22 15:28:36.064 10 INFO neutron.services.segments.plugin [-] Segment a8905520-0a76-49a3-9309-4b2972b3bfa6 resource provider not found; error: Placement Client Error (4xx): {"errors": [{"status": 404, "title": "Not Found", "detail": "The resource could not be found.\n\n No resource provider with uuid a8905520-0a76-49a3-9309-4b2972b3bfa6 found for delete ", "request_id": "req-5932d970-1ba2-4854-b74d-ff2ef81d762b"}]}
2026-07-22 15:28:36.065 10 INFO neutron.services.segments.plugin [-] Segment a8905520-0a76-49a3-9309-4b2972b3bfa6 resource provider not found; error: Placement Client Error (4xx): {"errors": [{"status": 404, "title": "Not Found", "detail": "The resource could not be found.\n\n No resource provider with uuid a8905520-0a76-49a3-9309-4b2972b3bfa6 found for delete ", "request_id": "req-1c427082-09f2-4d22-8916-d32d9a20e58f"}]}
2026-07-22 15:28:36.093 10 INFO neutron.wsgi [None req-61099a73-6b01-47d3-8faa-d42412d278e7 b404445a7f90413bb5654b5994203c7a a1b47c3a46cf4ad1a13eae73bb7e0cb8 - - default default] 10.0.0.179 "DELETE /v2.0/networks/3fb3291f-d596-46f4-b4f3-beca98cccd8f HTTP/1.1" status: 204 len: 168 time: 0.4365439
2026-07-22 15:28:36.149 9 INFO neutron.wsgi [None req-21365544-eb4a-44fa-a9fb-760b61698f67 34c9e6f05be14a6298138a7271c117a4 14bfa28c1d5a45aa88b59539ae255ea2 - - default default] 10.0.0.179 "GET /v2.0/routers/40176643-79a3-4c35-9341-e6882f6f6d99/tags HTTP/1.1" status: 200 len: 223 time: 0.3274386
2026-07-22 15:28:36.213 10 INFO neutron.api.v2.resource [None req-de7ab54f-7269-41e1-9f3f-52ee1ef3cfd3 34c9e6f05be14a6298138a7271c117a4 14bfa28c1d5a45aa88b59539ae255ea2 - - default default] delete failed (client error): The resource could not be found.
2026-07-22 15:28:36.214 10 INFO neutron.wsgi [None req-de7ab54f-7269-41e1-9f3f-52ee1ef3cfd3 34c9e6f05be14a6298138a7271c117a4 14bfa28c1d5a45aa88b59539ae255ea2 - - default default] 10.0.0.179 "DELETE /v2.0/routers/40176643-79a3-4c35-9341-e6882f6f6d99/tags/green HTTP/1.1" status: 404 len: 299 time: 0.0581944
2026-07-22 15:28:36.284 9 INFO neutron.wsgi [None req-6095bd1c-7dbd-43e3-be81-d364197df4c2 34c9e6f05be14a6298138a7271c117a4 14bfa28c1d5a45aa88b59539ae255ea2 - - default default] 10.0.0.179 "DELETE /v2.0/routers/40176643-79a3-4c35-9341-e6882f6f6d99/tags HTTP/1.1" status: 204 len: 168 time: 0.0643871
2026-07-22 15:28:36.357 10 INFO neutron.wsgi [None req-1766c687-31e3-42b1-965d-0b054fa696ab 34c9e6f05be14a6298138a7271c117a4 14bfa28c1d5a45aa88b59539ae255ea2 - - default default] 10.0.0.179 "GET /v2.0/routers/40176643-79a3-4c35-9341-e6882f6f6d99/tags HTTP/1.1" status: 200 len: 205 time: 0.0665169
2026-07-22 15:28:36.693 10 INFO neutron.wsgi [None req-93c2351c-bd3e-4fa3-8f22-25c9e5d25862 34c9e6f05be14a6298138a7271c117a4 14bfa28c1d5a45aa88b59539ae255ea2 - - default default] 10.0.0.179 "GET /v2.0/routers/40176643-79a3-4c35-9341-e6882f6f6d99 HTTP/1.1" status: 200 len: 655 time: 0.3291056
2026-07-22 15:28:36.857 10 INFO neutron.wsgi [None req-f31e135d-d27f-4a29-b26c-20d5c607fe88 b404445a7f90413bb5654b5994203c7a a1b47c3a46cf4ad1a13eae73bb7e0cb8 - - default default] 10.0.0.179 "DELETE /v2.0/networks/88827f5f-4d94-4f30-9f88-85c6e3ba5789 HTTP/1.1" status: 204 len: 168 time: 0.7556400
2026-07-22 15:28:37.132 9 INFO neutron.services.segments.plugin [-] Segment 31fbac1f-d1c2-41d4-bb7a-0ca66283250d resource provider aggregate not found
2026-07-22 15:28:37.145 9 INFO neutron.services.segments.plugin [-] Segment 31fbac1f-d1c2-41d4-bb7a-0ca66283250d resource provider aggregate not found
2026-07-22 15:28:37.149 9 INFO neutron.db.ovn_revision_numbers_db [None req-9f6a408d-5d1b-442f-8a26-f3198f59096f 34c9e6f05be14a6298138a7271c117a4 14bfa28c1d5a45aa88b59539ae255ea2 - - default default] Successfully bumped revision number for resource 40176643-79a3-4c35-9341-e6882f6f6d99 (type: routers) to 7
2026-07-22 15:28:37.153 9 INFO neutron.wsgi [None req-9f6a408d-5d1b-442f-8a26-f3198f59096f 34c9e6f05be14a6298138a7271c117a4 14bfa28c1d5a45aa88b59539ae255ea2 - - default default] 10.0.0.179 "PUT /v2.0/routers/40176643-79a3-4c35-9341-e6882f6f6d99 HTTP/1.1" status: 200 len: 655 time: 0.4542646
2026-07-22 15:28:37.154 9 INFO neutron.services.segments.plugin [-] Segment 31fbac1f-d1c2-41d4-bb7a-0ca66283250d resource provider not found; error: Placement Client Error (4xx): {"errors": [{"status": 404, "title": "Not Found", "detail": "The resource could not be found.\n\n No resource provider with uuid 31fbac1f-d1c2-41d4-bb7a-0ca66283250d found for delete ", "request_id": "req-b3f74bfc-7149-4ccd-8ead-6c0ec7b1b947"}]}
2026-07-22 15:28:37.164 9 INFO neutron.services.segments.plugin [-] Segment 31fbac1f-d1c2-41d4-bb7a-0ca66283250d resource provider not found; error: Placement Client Error (4xx): {"errors": [{"status": 404, "title": "Not Found", "detail": "The resource could not be found.\n\n No resource provider with uuid 31fbac1f-d1c2-41d4-bb7a-0ca66283250d found for delete ", "request_id": "req-00ed905a-acf7-4dd9-acbc-f1c1c3e03c35"}]}
2026-07-22 15:28:37.177 9 INFO neutron.wsgi [None req-1b7fc89a-632b-4f20-9d27-66eb18a12b8e 34c9e6f05be14a6298138a7271c117a4 14bfa28c1d5a45aa88b59539ae255ea2 - - default default] 10.0.0.179 "GET /v2.0/ports?device_id=40176643-79a3-4c35-9341-e6882f6f6d99 HTTP/1.1" status: 200 len: 205 time: 0.0187190
2026-07-22 15:28:37.241 10 INFO neutron.wsgi [None req-ce98122d-75d4-4636-b575-d8359a16ee2b b404445a7f90413bb5654b5994203c7a a1b47c3a46cf4ad1a13eae73bb7e0cb8 - - default default] 10.0.0.179 "DELETE /v2.0/networks/4622d775-54fa-474b-9ad6-add8124c7ccc HTTP/1.1" status: 204 len: 168 time: 0.3774202
2026-07-22 15:28:37.399 9 INFO neutron.wsgi [None req-ccda0787-5167-4fec-b334-072c94b3248a 34c9e6f05be14a6298138a7271c117a4 14bfa28c1d5a45aa88b59539ae255ea2 - - default default] 10.0.0.179 "DELETE /v2.0/routers/40176643-79a3-4c35-9341-e6882f6f6d99 HTTP/1.1" status: 204 len: 168 time: 0.2170985
2026-07-22 15:28:38.056 10 INFO neutron.db.ovn_revision_numbers_db [None req-7b6c407f-379e-4742-97e2-4156a0e582d9 47d6834e6e93455fba674acc46acfe94 7016a938fb9e4fb3b63ff963c4ff46de - - default default] Successfully bumped revision number for resource 46f73878-a57f-42a7-b49a-86f8d6dd0b9e (type: security_groups) to 1
2026-07-22 15:28:38.083 10 INFO neutron.services.segments.plugin [-] Segment 476bdeb1-fcdf-4884-99e4-8b8e1bd0537e resource provider aggregate not found
2026-07-22 15:28:38.091 10 INFO neutron.services.segments.plugin [-] Segment 476bdeb1-fcdf-4884-99e4-8b8e1bd0537e resource provider aggregate not found
2026-07-22 15:28:38.096 10 INFO neutron.db.ovn_revision_numbers_db [None req-7b6c407f-379e-4742-97e2-4156a0e582d9 47d6834e6e93455fba674acc46acfe94 7016a938fb9e4fb3b63ff963c4ff46de - - default default] Successfully bumped revision number for resource 026eade0-04d2-4a7a-bd5d-ea9b4c718f13 (type: security_group_rules) to 0
2026-07-22 15:28:38.102 10 INFO neutron.services.segments.plugin [-] Segment 476bdeb1-fcdf-4884-99e4-8b8e1bd0537e resource provider not found; error: Placement Client Error (4xx): {"errors": [{"status": 404, "title": "Not Found", "detail": "The resource could not be found.\n\n No resource provider with uuid 476bdeb1-fcdf-4884-99e4-8b8e1bd0537e found for delete ", "request_id": "req-e4662784-b9ea-4584-9584-a14d3261b9b8"}]}
