2026-07-22 15:27:06.593 9 INFO neutron.wsgi [req-76ecb501-75a1-48a6-ad6a-314725267430 req-d7ed107c-fb87-4466-83c0-35531bcb9ec3 e62eee8fa42a4163a3ae678d2c8ae9aa 86e0e1c0a1f14810805148bd2196cbdc - - e37e2322584140228abb0979f9eb5225 e37e2322584140228abb0979f9eb5225] 10.0.0.64 "GET /v2.0/networks/e2e993bc-271b-4af5-8579-1adbc0e3f829?fields=segments HTTP/1.1" status: 200 len: 212 time: 0.1069260
2026-07-22 15:27:06.597 9 INFO neutron.db.ovn_revision_numbers_db [None req-1ad9f18e-e10c-47a8-abdb-684d0c662a72 5c2d2eea7ebd43eaafe62f9f7646482d 1cefd14a2ae340718011307e746df049 - - default default] Successfully bumped revision number for resource b7d11f0e-41fd-4069-88a9-c57174e80dd1 (type: security_group_rules) to 0
2026-07-22 15:27:06.625 9 INFO neutron.db.ovn_revision_numbers_db [None req-1ad9f18e-e10c-47a8-abdb-684d0c662a72 5c2d2eea7ebd43eaafe62f9f7646482d 1cefd14a2ae340718011307e746df049 - - default default] Successfully bumped revision number for resource dd03b4c9-9e93-496b-a68c-c0156629aa11 (type: security_group_rules) to 0
2026-07-22 15:27:06.658 9 INFO neutron.wsgi [None req-1ad9f18e-e10c-47a8-abdb-684d0c662a72 5c2d2eea7ebd43eaafe62f9f7646482d 1cefd14a2ae340718011307e746df049 - - default default] 10.0.0.179 "GET /v2.0/security-groups?tenant_id=21183a9b2d3440d2b2c9d3e6992467c4&name=default HTTP/1.1" status: 200 len: 2996 time: 0.5931182
2026-07-22 15:27:06.677 9 INFO neutron.wsgi [req-76ecb501-75a1-48a6-ad6a-314725267430 req-c380d071-1b53-474a-9215-0a48696961cf e62eee8fa42a4163a3ae678d2c8ae9aa 86e0e1c0a1f14810805148bd2196cbdc - - e37e2322584140228abb0979f9eb5225 e37e2322584140228abb0979f9eb5225] 10.0.0.64 "GET /v2.0/networks/e2e993bc-271b-4af5-8579-1adbc0e3f829?fields=provider%3Aphysical_network&fields=provider%3Anetwork_type HTTP/1.1" status: 200 len: 277 time: 0.0741351
2026-07-22 15:27:06.810 10 INFO neutron.wsgi [req-02ce8b1b-30df-496a-a9c7-70df872405cd req-6b2c2d7b-9f10-4ae5-b81e-e4114d08dd7f ca76f645e64644118b908ab75859a3d5 7641aa7c16654384b53364192387d911 - - default default] 10.0.0.64 "GET /v2.0/ports?device_id=71c38e07-82d2-43bc-a49f-9d6dda24680b HTTP/1.1" status: 200 len: 210 time: 0.0220506
2026-07-22 15:27:06.930 10 INFO neutron.wsgi [None req-a74fedbb-cd2b-4305-b14e-87f50fc45e6f 5c2d2eea7ebd43eaafe62f9f7646482d 1cefd14a2ae340718011307e746df049 - - default default] 10.0.0.179 "DELETE /v2.0/security-groups/cae0cffb-343d-4fac-962b-95df056fb7f9 HTTP/1.1" status: 204 len: 168 time: 0.2662513
2026-07-22 15:27:07.116 10 INFO neutron.wsgi [None req-a53c83a9-705d-4a13-9d29-602d1e2544ec 5c2d2eea7ebd43eaafe62f9f7646482d 1cefd14a2ae340718011307e746df049 - - default default] 10.0.0.179 "GET /v2.0/security-groups?tenant_id=65e8d318a8b34c45bc7a50ef8ec48183&name=default HTTP/1.1" status: 200 len: 2996 time: 0.0368950
2026-07-22 15:27:07.330 10 INFO neutron.wsgi [None req-e1f55d73-80cb-4001-acf8-fae276e4b687 5c2d2eea7ebd43eaafe62f9f7646482d 1cefd14a2ae340718011307e746df049 - - default default] 10.0.0.179 "DELETE /v2.0/security-groups/39a1372f-d99d-4433-bc40-04c1a64973a8 HTTP/1.1" status: 204 len: 168 time: 0.2045155
2026-07-22 15:27:07.554 10 WARNING neutron.plugins.ml2.drivers.ovn.mech_driver.ovsdb.ovn_client [None req-a95e7cce-003f-4257-bd49-f307de43da7e - - - - - -] No hosting information found for port b0b47f01-34fb-4dea-8ec7-397e20b7da17: RuntimeError: No hosting information found for port b0b47f01-34fb-4dea-8ec7-397e20b7da17
2026-07-22 15:27:07.639 9 INFO neutron.wsgi [req-76ecb501-75a1-48a6-ad6a-314725267430 req-a14783c8-b63e-442d-8c4c-21c3e136ee16 ca76f645e64644118b908ab75859a3d5 7641aa7c16654384b53364192387d911 - - default default] 199.204.45.95 "GET /v2.0/networks?id=e2e993bc-271b-4af5-8579-1adbc0e3f829 HTTP/1.1" status: 200 len: 872 time: 0.0931780
2026-07-22 15:27:07.908 9 INFO neutron.wsgi [req-18c9c2b1-e62b-4abd-bce8-07c23c3bff23 req-a60db9c7-d997-47ee-bf92-ed6e49bdb628 ca76f645e64644118b908ab75859a3d5 7641aa7c16654384b53364192387d911 - - default default] 10.0.0.64 "GET /v2.0/ports?device_id=71c38e07-82d2-43bc-a49f-9d6dda24680b HTTP/1.1" status: 200 len: 210 time: 0.0248802
2026-07-22 15:27:08.053 9 WARNING neutron.scheduler.dhcp_agent_scheduler [req-76ecb501-75a1-48a6-ad6a-314725267430 req-a0a00c69-b093-459d-ada2-88325ee95ccf ca76f645e64644118b908ab75859a3d5 7641aa7c16654384b53364192387d911 - - default default] No more DHCP agents
2026-07-22 15:27:08.057 9 WARNING neutron.api.rpc.agentnotifiers.dhcp_rpc_agent_api [req-76ecb501-75a1-48a6-ad6a-314725267430 req-a0a00c69-b093-459d-ada2-88325ee95ccf ca76f645e64644118b908ab75859a3d5 7641aa7c16654384b53364192387d911 - - default default] Unable to schedule network e2e993bc-271b-4af5-8579-1adbc0e3f829: no agents available; will retry on subsequent port and subnet creation events.
2026-07-22 15:27:08.227 9 INFO neutron.db.ovn_revision_numbers_db [req-76ecb501-75a1-48a6-ad6a-314725267430 req-a0a00c69-b093-459d-ada2-88325ee95ccf ca76f645e64644118b908ab75859a3d5 7641aa7c16654384b53364192387d911 - - default default] Successfully bumped revision number for resource 3a8d2b06-fa41-4502-9f86-f3081647c891 (type: ports) to 1
2026-07-22 15:27:08.252 9 INFO neutron.wsgi [req-76ecb501-75a1-48a6-ad6a-314725267430 req-a0a00c69-b093-459d-ada2-88325ee95ccf ca76f645e64644118b908ab75859a3d5 7641aa7c16654384b53364192387d911 - - default default] 199.204.45.95 "POST /v2.0/ports HTTP/1.1" status: 201 len: 1158 time: 0.6015992 /var/lib/openstack/lib/python3.10/site-packages/pycadf/identifier.py:71: UserWarning: Invalid uuid: neutron. To ensure interoperability, identifiers should be a valid uuid. warnings.warn(('Invalid uuid: %s. To ensure interoperability, '
2026-07-22 15:27:08.770 9 INFO neutron.db.ovn_revision_numbers_db [req-76ecb501-75a1-48a6-ad6a-314725267430 req-e7b31aca-03f9-4e96-80a8-7d23fd570233 e62eee8fa42a4163a3ae678d2c8ae9aa 86e0e1c0a1f14810805148bd2196cbdc - - e37e2322584140228abb0979f9eb5225 e37e2322584140228abb0979f9eb5225] Successfully bumped revision number for resource 3a8d2b06-fa41-4502-9f86-f3081647c891 (type: ports) to 2 /var/lib/openstack/lib/python3.10/site-packages/pycadf/identifier.py:71: UserWarning: Invalid uuid: neutron. To ensure interoperability, identifiers should be a valid uuid. warnings.warn(('Invalid uuid: %s. To ensure interoperability, '
2026-07-22 15:27:09.027 9 INFO neutron.db.ovn_revision_numbers_db [req-76ecb501-75a1-48a6-ad6a-314725267430 req-e7b31aca-03f9-4e96-80a8-7d23fd570233 e62eee8fa42a4163a3ae678d2c8ae9aa 86e0e1c0a1f14810805148bd2196cbdc - - e37e2322584140228abb0979f9eb5225 e37e2322584140228abb0979f9eb5225] Successfully bumped revision number for resource 3a8d2b06-fa41-4502-9f86-f3081647c891 (type: ports) to 2
2026-07-22 15:27:09.044 9 INFO neutron.wsgi [req-76ecb501-75a1-48a6-ad6a-314725267430 req-e7b31aca-03f9-4e96-80a8-7d23fd570233 e62eee8fa42a4163a3ae678d2c8ae9aa 86e0e1c0a1f14810805148bd2196cbdc - - e37e2322584140228abb0979f9eb5225 e37e2322584140228abb0979f9eb5225] 199.204.45.95 "PUT /v2.0/ports/3a8d2b06-fa41-4502-9f86-f3081647c891 HTTP/1.1" status: 200 len: 1376 time: 0.7839870
2026-07-22 15:27:09.087 9 INFO neutron.notifiers.nova [-] Nova event matching ['req-d3d9effd-7783-4c4e-9b9c-49baea893e4b'] response: {'name': 'network-changed', 'server_uuid': '71c38e07-82d2-43bc-a49f-9d6dda24680b', 'tag': '3a8d2b06-fa41-4502-9f86-f3081647c891', 'status': 'completed', 'code': 200} /var/lib/openstack/lib/python3.10/site-packages/pycadf/identifier.py:71: UserWarning: Invalid uuid: neutron. To ensure interoperability, identifiers should be a valid uuid. warnings.warn(('Invalid uuid: %s. To ensure interoperability, '
2026-07-22 15:27:09.129 10 INFO neutron.wsgi [req-cc485494-1cc8-4234-b551-387d7b5b495d req-02089e17-d110-4759-950b-a578a1a2d97e ca76f645e64644118b908ab75859a3d5 7641aa7c16654384b53364192387d911 - - default default] 10.0.0.64 "GET /v2.0/ports?device_id=71c38e07-82d2-43bc-a49f-9d6dda24680b HTTP/1.1" status: 200 len: 1168 time: 0.1297247
2026-07-22 15:27:09.138 9 INFO neutron.wsgi [req-76ecb501-75a1-48a6-ad6a-314725267430 req-64adc7ce-6bdc-4a9b-9549-c2194dff854e e62eee8fa42a4163a3ae678d2c8ae9aa 86e0e1c0a1f14810805148bd2196cbdc - - e37e2322584140228abb0979f9eb5225 e37e2322584140228abb0979f9eb5225] 199.204.45.95 "GET /v2.0/ports?tenant_id=7641aa7c16654384b53364192387d911&device_id=71c38e07-82d2-43bc-a49f-9d6dda24680b HTTP/1.1" status: 200 len: 1407 time: 0.0362470
2026-07-22 15:27:09.192 10 INFO neutron.wsgi [req-cc485494-1cc8-4234-b551-387d7b5b495d req-e6539651-375d-4728-9a4a-5846dd9667b6 ca76f645e64644118b908ab75859a3d5 7641aa7c16654384b53364192387d911 - - default default] 10.0.0.64 "GET /v2.0/security-groups?id=d2b551ab-43fa-4995-be09-4cc48b430f4f&fields=id&fields=name HTTP/1.1" status: 200 len: 286 time: 0.0437791
2026-07-22 15:27:09.192 9 INFO neutron.wsgi [req-76ecb501-75a1-48a6-ad6a-314725267430 req-f1056ede-b417-4006-9138-5128bd8dfaea e62eee8fa42a4163a3ae678d2c8ae9aa 86e0e1c0a1f14810805148bd2196cbdc - - e37e2322584140228abb0979f9eb5225 e37e2322584140228abb0979f9eb5225] 199.204.45.95 "GET /v2.0/floatingips?fixed_ip_address=10.100.0.5&port_id=3a8d2b06-fa41-4502-9f86-f3081647c891 HTTP/1.1" status: 200 len: 217 time: 0.0451946
2026-07-22 15:27:09.241 9 INFO neutron.wsgi [req-76ecb501-75a1-48a6-ad6a-314725267430 req-eddb9083-e715-40de-bb2c-c500113c197c e62eee8fa42a4163a3ae678d2c8ae9aa 86e0e1c0a1f14810805148bd2196cbdc - - e37e2322584140228abb0979f9eb5225 e37e2322584140228abb0979f9eb5225] 199.204.45.95 "GET /v2.0/subnets?id=a31a4809-7dfc-47b5-b268-b33d90153221 HTTP/1.1" status: 200 len: 866 time: 0.0419405
2026-07-22 15:27:09.268 9 INFO neutron.wsgi [req-76ecb501-75a1-48a6-ad6a-314725267430 req-7e39b3bb-721e-4580-8f46-c8da154582c5 e62eee8fa42a4163a3ae678d2c8ae9aa 86e0e1c0a1f14810805148bd2196cbdc - - e37e2322584140228abb0979f9eb5225 e37e2322584140228abb0979f9eb5225] 199.204.45.95 "GET /v2.0/ports?network_id=e2e993bc-271b-4af5-8579-1adbc0e3f829&device_owner=network%3Adhcp HTTP/1.1" status: 200 len: 210 time: 0.0199509
2026-07-22 15:27:09.339 9 INFO neutron.wsgi [req-76ecb501-75a1-48a6-ad6a-314725267430 req-f0b1dded-d038-468f-8dbb-1e25cc56be37 e62eee8fa42a4163a3ae678d2c8ae9aa 86e0e1c0a1f14810805148bd2196cbdc - - e37e2322584140228abb0979f9eb5225 e37e2322584140228abb0979f9eb5225] 199.204.45.95 "GET /v2.0/networks/e2e993bc-271b-4af5-8579-1adbc0e3f829?fields=segments HTTP/1.1" status: 200 len: 212 time: 0.0641496
2026-07-22 15:27:09.404 9 INFO neutron.wsgi [req-76ecb501-75a1-48a6-ad6a-314725267430 req-7930c22f-c9bb-4699-a069-b69f583b9160 e62eee8fa42a4163a3ae678d2c8ae9aa 86e0e1c0a1f14810805148bd2196cbdc - - e37e2322584140228abb0979f9eb5225 e37e2322584140228abb0979f9eb5225] 199.204.45.95 "GET /v2.0/networks/e2e993bc-271b-4af5-8579-1adbc0e3f829?fields=provider%3Aphysical_network&fields=provider%3Anetwork_type HTTP/1.1" status: 200 len: 277 time: 0.0558610
2026-07-22 15:27:09.498 9 INFO neutron.wsgi [req-f74dd894-3eb4-4481-840c-fdbee6e9d592 req-0909dc2a-7490-4686-96df-dcfebe2af567 e62eee8fa42a4163a3ae678d2c8ae9aa 86e0e1c0a1f14810805148bd2196cbdc - - e37e2322584140228abb0979f9eb5225 e37e2322584140228abb0979f9eb5225] 199.204.45.95 "GET /v2.0/ports?tenant_id=7641aa7c16654384b53364192387d911&device_id=71c38e07-82d2-43bc-a49f-9d6dda24680b HTTP/1.1" status: 200 len: 1407 time: 0.0427487
2026-07-22 15:27:09.708 9 INFO neutron.wsgi [req-f74dd894-3eb4-4481-840c-fdbee6e9d592 req-c5f8ef72-398c-4d7a-adcc-6db41e7b47c8 e62eee8fa42a4163a3ae678d2c8ae9aa 86e0e1c0a1f14810805148bd2196cbdc - - e37e2322584140228abb0979f9eb5225 e37e2322584140228abb0979f9eb5225] 199.204.45.95 "GET /v2.0/networks?id=e2e993bc-271b-4af5-8579-1adbc0e3f829 HTTP/1.1" status: 200 len: 971 time: 0.2034450
2026-07-22 15:27:09.722 9 INFO neutron.plugins.ml2.drivers.ovn.mech_driver.mech_driver [None req-dce3b029-d00b-4178-9294-9dee77922ec6 - - - - - -] OVN reports status up for port: 3a8d2b06-fa41-4502-9f86-f3081647c891
2026-07-22 15:27:09.743 9 INFO neutron.wsgi [req-f74dd894-3eb4-4481-840c-fdbee6e9d592 req-7ec62526-c020-4317-86a9-2eae908d5582 e62eee8fa42a4163a3ae678d2c8ae9aa 86e0e1c0a1f14810805148bd2196cbdc - - e37e2322584140228abb0979f9eb5225 e37e2322584140228abb0979f9eb5225] 199.204.45.95 "GET /v2.0/floatingips?fixed_ip_address=10.100.0.5&port_id=3a8d2b06-fa41-4502-9f86-f3081647c891 HTTP/1.1" status: 200 len: 217 time: 0.0239873
2026-07-22 15:27:09.745 9 INFO neutron.plugins.ml2.plugin [None req-dce3b029-d00b-4178-9294-9dee77922ec6 - - - - - -] Attempt 1 to provision port 3a8d2b06-fa41-4502-9f86-f3081647c891
2026-07-22 15:27:09.788 9 INFO neutron.wsgi [req-f74dd894-3eb4-4481-840c-fdbee6e9d592 req-85c9b69c-8b17-4b77-ba6c-19cfddce5d74 e62eee8fa42a4163a3ae678d2c8ae9aa 86e0e1c0a1f14810805148bd2196cbdc - - e37e2322584140228abb0979f9eb5225 e37e2322584140228abb0979f9eb5225] 199.204.45.95 "GET /v2.0/subnets?id=a31a4809-7dfc-47b5-b268-b33d90153221 HTTP/1.1" status: 200 len: 866 time: 0.0409920
2026-07-22 15:27:09.833 9 INFO neutron.wsgi [req-f74dd894-3eb4-4481-840c-fdbee6e9d592 req-df6ef69c-7225-4b14-acfd-7b295e81814a e62eee8fa42a4163a3ae678d2c8ae9aa 86e0e1c0a1f14810805148bd2196cbdc - - e37e2322584140228abb0979f9eb5225 e37e2322584140228abb0979f9eb5225] 199.204.45.95 "GET /v2.0/ports?network_id=e2e993bc-271b-4af5-8579-1adbc0e3f829&device_owner=network%3Adhcp HTTP/1.1" status: 200 len: 210 time: 0.0378034
2026-07-22 15:27:09.905 9 INFO neutron.wsgi [req-f74dd894-3eb4-4481-840c-fdbee6e9d592 req-6209d6ff-e33c-4941-924b-603f287ec413 e62eee8fa42a4163a3ae678d2c8ae9aa 86e0e1c0a1f14810805148bd2196cbdc - - e37e2322584140228abb0979f9eb5225 e37e2322584140228abb0979f9eb5225] 199.204.45.95 "GET /v2.0/networks/e2e993bc-271b-4af5-8579-1adbc0e3f829?fields=segments HTTP/1.1" status: 200 len: 212 time: 0.0646672
2026-07-22 15:27:10.001 9 INFO neutron.wsgi [req-f74dd894-3eb4-4481-840c-fdbee6e9d592 req-2fbdef25-d83a-42ed-b129-3db3db9aa10c e62eee8fa42a4163a3ae678d2c8ae9aa 86e0e1c0a1f14810805148bd2196cbdc - - e37e2322584140228abb0979f9eb5225 e37e2322584140228abb0979f9eb5225] 199.204.45.95 "GET /v2.0/networks/e2e993bc-271b-4af5-8579-1adbc0e3f829?fields=provider%3Aphysical_network&fields=provider%3Anetwork_type HTTP/1.1" status: 200 len: 277 time: 0.0876467
2026-07-22 15:27:10.117 9 INFO neutron.db.ovn_revision_numbers_db [None req-dce3b029-d00b-4178-9294-9dee77922ec6 - - - - - -] Successfully bumped revision number for resource 3a8d2b06-fa41-4502-9f86-f3081647c891 (type: ports) to 4 /var/lib/openstack/lib/python3.10/site-packages/pycadf/identifier.py:71: UserWarning: Invalid uuid: neutron. To ensure interoperability, identifiers should be a valid uuid. warnings.warn(('Invalid uuid: %s. To ensure interoperability, '
2026-07-22 15:27:10.308 9 INFO neutron.wsgi [req-c5a0de53-2529-4195-ae98-4296c544dbee req-829a4954-2a07-451e-97ec-a77f7d2992b5 ca76f645e64644118b908ab75859a3d5 7641aa7c16654384b53364192387d911 - - default default] 10.0.0.64 "GET /v2.0/ports?device_id=71c38e07-82d2-43bc-a49f-9d6dda24680b HTTP/1.1" status: 200 len: 1170 time: 0.0356569
2026-07-22 15:27:10.346 9 INFO neutron.wsgi [req-c5a0de53-2529-4195-ae98-4296c544dbee req-33628022-d7af-40a5-abaa-c2c0916bdc62 ca76f645e64644118b908ab75859a3d5 7641aa7c16654384b53364192387d911 - - default default] 10.0.0.64 "GET /v2.0/security-groups?id=d2b551ab-43fa-4995-be09-4cc48b430f4f&fields=id&fields=name HTTP/1.1" status: 200 len: 286 time: 0.0320444
2026-07-22 15:27:11.033 10 INFO neutron.db.ovn_revision_numbers_db [None req-c6853d39-1e02-4324-ae73-ce469edfe803 785fa836e7114fe79aea49822d67d6ee 4a6df29e04e846cd82c55adc78640ea5 - - default default] Successfully bumped revision number for resource 1f98f8f6-47b3-47b0-851e-30528754a0ee (type: security_groups) to 1
2026-07-22 15:27:11.048 10 INFO neutron.db.ovn_revision_numbers_db [None req-c6853d39-1e02-4324-ae73-ce469edfe803 785fa836e7114fe79aea49822d67d6ee 4a6df29e04e846cd82c55adc78640ea5 - - default default] Successfully bumped revision number for resource 15b18467-2863-4b6b-a708-a936988958c8 (type: security_group_rules) to 0
2026-07-22 15:27:11.062 10 INFO neutron.db.ovn_revision_numbers_db [None req-c6853d39-1e02-4324-ae73-ce469edfe803 785fa836e7114fe79aea49822d67d6ee 4a6df29e04e846cd82c55adc78640ea5 - - default default] Successfully bumped revision number for resource a511a5db-058c-4764-9404-375c00acd547 (type: security_group_rules) to 0
2026-07-22 15:27:11.077 10 INFO neutron.db.ovn_revision_numbers_db [None req-c6853d39-1e02-4324-ae73-ce469edfe803 785fa836e7114fe79aea49822d67d6ee 4a6df29e04e846cd82c55adc78640ea5 - - default default] Successfully bumped revision number for resource a806d1b1-6394-47c7-877e-3d4f199a3427 (type: security_group_rules) to 0
2026-07-22 15:27:11.089 10 INFO neutron.db.ovn_revision_numbers_db [None req-c6853d39-1e02-4324-ae73-ce469edfe803 785fa836e7114fe79aea49822d67d6ee 4a6df29e04e846cd82c55adc78640ea5 - - default default] Successfully bumped revision number for resource a8daba43-2563-43d8-903f-42b057973196 (type: security_group_rules) to 0
2026-07-22 15:27:11.124 9 INFO neutron.notifiers.nova [-] Nova event matching ['req-6520c1c0-91ec-4308-9c0a-7b8cd3a8c2c8'] response: {'server_uuid': '71c38e07-82d2-43bc-a49f-9d6dda24680b', 'name': 'network-vif-plugged', 'status': 'completed', 'tag': '3a8d2b06-fa41-4502-9f86-f3081647c891', 'code': 200}
2026-07-22 15:27:11.124 9 INFO neutron.notifiers.nova [-] Nova event matching ['req-6520c1c0-91ec-4308-9c0a-7b8cd3a8c2c8'] response: {'server_uuid': '71c38e07-82d2-43bc-a49f-9d6dda24680b', 'name': 'network-vif-plugged', 'status': 'completed', 'tag': '3a8d2b06-fa41-4502-9f86-f3081647c891', 'code': 200}
2026-07-22 15:27:11.141 10 INFO neutron.db.segments_db [None req-c6853d39-1e02-4324-ae73-ce469edfe803 785fa836e7114fe79aea49822d67d6ee 4a6df29e04e846cd82c55adc78640ea5 - - default default] Added segment 762bc05e-c71e-4aa2-9977-468c3467eea6 of type geneve for network f86fdb3a-3703-4f3d-a6ef-4a44fee6ae43
2026-07-22 15:27:11.282 10 INFO neutron.db.ovn_revision_numbers_db [None req-c6853d39-1e02-4324-ae73-ce469edfe803 785fa836e7114fe79aea49822d67d6ee 4a6df29e04e846cd82c55adc78640ea5 - - default default] Successfully bumped revision number for resource f86fdb3a-3703-4f3d-a6ef-4a44fee6ae43 (type: networks) to 1
2026-07-22 15:27:11.469 10 WARNING neutron.scheduler.dhcp_agent_scheduler [None req-c6853d39-1e02-4324-ae73-ce469edfe803 785fa836e7114fe79aea49822d67d6ee 4a6df29e04e846cd82c55adc78640ea5 - - default default] No more DHCP agents
2026-07-22 15:27:11.469 9 INFO neutron.wsgi [req-47cb8598-44d2-4b10-b877-d3a36433b68d req-be15bf6e-cffc-445b-b946-f58d0152c8c7 ca76f645e64644118b908ab75859a3d5 7641aa7c16654384b53364192387d911 - - default default] 10.0.0.64 "GET /v2.0/ports?device_id=71c38e07-82d2-43bc-a49f-9d6dda24680b HTTP/1.1" status: 200 len: 1170 time: 0.0438862
2026-07-22 15:27:11.471 10 WARNING neutron.api.rpc.agentnotifiers.dhcp_rpc_agent_api [None req-c6853d39-1e02-4324-ae73-ce469edfe803 785fa836e7114fe79aea49822d67d6ee 4a6df29e04e846cd82c55adc78640ea5 - - default default] Unable to schedule network f86fdb3a-3703-4f3d-a6ef-4a44fee6ae43: no agents available; will retry on subsequent port and subnet creation events.
2026-07-22 15:27:11.533 9 INFO neutron.wsgi [req-47cb8598-44d2-4b10-b877-d3a36433b68d req-4faa7bb1-2892-4678-a823-0320316a1490 ca76f645e64644118b908ab75859a3d5 7641aa7c16654384b53364192387d911 - - default default] 10.0.0.64 "GET /v2.0/security-groups?id=d2b551ab-43fa-4995-be09-4cc48b430f4f&fields=id&fields=name HTTP/1.1" status: 200 len: 286 time: 0.0524473
2026-07-22 15:27:11.571 10 INFO neutron.db.ovn_revision_numbers_db [None req-c6853d39-1e02-4324-ae73-ce469edfe803 785fa836e7114fe79aea49822d67d6ee 4a6df29e04e846cd82c55adc78640ea5 - - default default] Successfully bumped revision number for resource 1d136f44-f787-44d1-bd47-0a55a0dd47f6 (type: ports) to 1
2026-07-22 15:27:11.599 10 INFO neutron.wsgi [None req-c6853d39-1e02-4324-ae73-ce469edfe803 785fa836e7114fe79aea49822d67d6ee 4a6df29e04e846cd82c55adc78640ea5 - - default default] 10.0.0.179 "POST /v2.0/networks HTTP/1.1" status: 201 len: 830 time: 0.8621054
2026-07-22 15:27:11.839 10 WARNING neutron.scheduler.dhcp_agent_scheduler [None req-ec74243b-922f-4107-9d07-327fb78c4e28 785fa836e7114fe79aea49822d67d6ee 4a6df29e04e846cd82c55adc78640ea5 - - default default] No more DHCP agents
2026-07-22 15:27:11.843 10 WARNING neutron.api.rpc.agentnotifiers.dhcp_rpc_agent_api [None req-ec74243b-922f-4107-9d07-327fb78c4e28 785fa836e7114fe79aea49822d67d6ee 4a6df29e04e846cd82c55adc78640ea5 - - default default] Unable to schedule network f86fdb3a-3703-4f3d-a6ef-4a44fee6ae43: no agents available; will retry on subsequent port and subnet creation events.
2026-07-22 15:27:11.938 10 INFO neutron.db.ovn_revision_numbers_db [None req-ec74243b-922f-4107-9d07-327fb78c4e28 785fa836e7114fe79aea49822d67d6ee 4a6df29e04e846cd82c55adc78640ea5 - - default default] Successfully bumped revision number for resource 6945b1bf-635b-4e30-b747-e96df672b97f (type: ports) to 1
2026-07-22 15:27:11.961 10 INFO neutron.wsgi [None req-ec74243b-922f-4107-9d07-327fb78c4e28 785fa836e7114fe79aea49822d67d6ee 4a6df29e04e846cd82c55adc78640ea5 - - default default] 10.0.0.179 "POST /v2.0/ports HTTP/1.1" status: 201 len: 942 time: 0.3562808 /var/lib/openstack/lib/python3.10/site-packages/pycadf/identifier.py:71: UserWarning: Invalid uuid: neutron. To ensure interoperability, identifiers should be a valid uuid. warnings.warn(('Invalid uuid: %s. To ensure interoperability, '
2026-07-22 15:27:12.144 9 INFO neutron.plugins.ml2.drivers.ovn.mech_driver.mech_driver [None req-dce3b029-d00b-4178-9294-9dee77922ec6 - - - - - -] OVN reports status down for port: 3a8d2b06-fa41-4502-9f86-f3081647c891
2026-07-22 15:27:12.212 9 INFO neutron.wsgi [req-354c3435-ad53-4cbb-9bfa-6ec2665d9321 req-b9a1f5b2-f118-4f1b-955d-9d402477d8b0 ca76f645e64644118b908ab75859a3d5 7641aa7c16654384b53364192387d911 - - default default] 10.0.0.64 "GET /v2.0/ports?device_id=71c38e07-82d2-43bc-a49f-9d6dda24680b HTTP/1.1" status: 200 len: 1170 time: 0.1288207
2026-07-22 15:27:12.213 10 INFO neutron.wsgi [None req-484ab006-fda5-4bbf-b7e0-274b4a9a2d3f 785fa836e7114fe79aea49822d67d6ee 4a6df29e04e846cd82c55adc78640ea5 - - default default] 10.0.0.179 "POST /v2.0/trunks HTTP/1.1" status: 201 len: 608 time: 0.2473750
2026-07-22 15:27:12.252 10 INFO neutron.wsgi [None req-8464f91a-9d83-4878-add1-dfac9ded2777 785fa836e7114fe79aea49822d67d6ee 4a6df29e04e846cd82c55adc78640ea5 - - default default] 10.0.0.179 "PUT /v2.0/trunks/6b68da1f-66ea-411e-8c47-421113ff9a4a/tags HTTP/1.1" status: 200 len: 218 time: 0.0328579
2026-07-22 15:27:12.279 9 INFO neutron.wsgi [req-354c3435-ad53-4cbb-9bfa-6ec2665d9321 req-ee42f581-4d71-44b7-a40f-726cde586b67 ca76f645e64644118b908ab75859a3d5 7641aa7c16654384b53364192387d911 - - default default] 10.0.0.64 "GET /v2.0/security-groups?id=d2b551ab-43fa-4995-be09-4cc48b430f4f&fields=id&fields=name HTTP/1.1" status: 200 len: 286 time: 0.0553021
2026-07-22 15:27:12.279 10 INFO neutron.wsgi [None req-ad7fadb4-c490-46e0-8b80-d22310c929d1 785fa836e7114fe79aea49822d67d6ee 4a6df29e04e846cd82c55adc78640ea5 - - default default] 10.0.0.179 "GET /v2.0/trunks/6b68da1f-66ea-411e-8c47-421113ff9a4a/tags HTTP/1.1" status: 200 len: 218 time: 0.0157237
2026-07-22 15:27:12.312 10 INFO neutron.wsgi [None req-85cb090f-33ac-470e-a3c7-2ac628bb4f32 785fa836e7114fe79aea49822d67d6ee 4a6df29e04e846cd82c55adc78640ea5 - - default default] 10.0.0.179 "PUT /v2.0/trunks/6b68da1f-66ea-411e-8c47-421113ff9a4a/tags/green HTTP/1.1" status: 201 len: 201 time: 0.0278001
2026-07-22 15:27:12.332 10 INFO neutron.wsgi [None req-5749a25b-54c4-4e41-b209-7df3c3312512 785fa836e7114fe79aea49822d67d6ee 4a6df29e04e846cd82c55adc78640ea5 - - default default] 10.0.0.179 "GET /v2.0/trunks/6b68da1f-66ea-411e-8c47-421113ff9a4a/tags HTTP/1.1" status: 200 len: 227 time: 0.0158117
2026-07-22 15:27:12.353 10 INFO neutron.wsgi [None req-e6bc5052-baf9-4de4-a619-4928d3bfaced 785fa836e7114fe79aea49822d67d6ee 4a6df29e04e846cd82c55adc78640ea5 - - default default] 10.0.0.179 "PUT /v2.0/trunks/6b68da1f-66ea-411e-8c47-421113ff9a4a/tags/red HTTP/1.1" status: 201 len: 201 time: 0.0152302
2026-07-22 15:27:12.389 10 INFO neutron.wsgi [None req-96e4bbae-6d7d-4c9c-ad74-cfa9f51bc28d 785fa836e7114fe79aea49822d67d6ee 4a6df29e04e846cd82c55adc78640ea5 - - default default] 10.0.0.179 "GET /v2.0/trunks/6b68da1f-66ea-411e-8c47-421113ff9a4a/tags HTTP/1.1" status: 200 len: 227 time: 0.0281487
2026-07-22 15:27:12.432 10 INFO neutron.wsgi [None req-47d964b1-858d-4760-afe1-40c4d8608e88 785fa836e7114fe79aea49822d67d6ee 4a6df29e04e846cd82c55adc78640ea5 - - default default] 10.0.0.179 "PUT /v2.0/trunks/6b68da1f-66ea-411e-8c47-421113ff9a4a/tags/black.or.white HTTP/1.1" status: 201 len: 201 time: 0.0354855
2026-07-22 15:27:12.462 10 INFO neutron.wsgi [None req-39abcaae-a294-4599-ae98-189150fe8acd 785fa836e7114fe79aea49822d67d6ee 4a6df29e04e846cd82c55adc78640ea5 - - default default] 10.0.0.179 "GET /v2.0/trunks/6b68da1f-66ea-411e-8c47-421113ff9a4a/tags HTTP/1.1" status: 200 len: 245 time: 0.0232415
2026-07-22 15:27:12.472 9 INFO neutron.wsgi [req-76c9d4fb-f801-4177-8117-043764834bb2 req-69e80b25-7136-4ec7-84df-344f61a7e0ff ca76f645e64644118b908ab75859a3d5 7641aa7c16654384b53364192387d911 - - default default] 199.204.45.95 "GET /v2.0/ports?device_id=71c38e07-82d2-43bc-a49f-9d6dda24680b HTTP/1.1" status: 200 len: 1168 time: 0.0537634
2026-07-22 15:27:12.498 10 INFO neutron.wsgi [None req-a8e296cb-e7f6-4143-a399-4c7cc4a004aa 785fa836e7114fe79aea49822d67d6ee 4a6df29e04e846cd82c55adc78640ea5 - - default default] 10.0.0.179 "PUT /v2.0/trunks/6b68da1f-66ea-411e-8c47-421113ff9a4a/tags HTTP/1.1" status: 200 len: 230 time: 0.0309091
2026-07-22 15:27:12.528 10 INFO neutron.wsgi [None req-21d40294-6ec3-48b6-89d8-249243abcbc6 785fa836e7114fe79aea49822d67d6ee 4a6df29e04e846cd82c55adc78640ea5 - - default default] 10.0.0.179 "GET /v2.0/trunks/6b68da1f-66ea-411e-8c47-421113ff9a4a/tags HTTP/1.1" status: 200 len: 230 time: 0.0235388
2026-07-22 15:27:12.559 10 INFO neutron.wsgi [None req-fe0f42ef-72b8-41c7-9053-febf4140b1f9 785fa836e7114fe79aea49822d67d6ee 4a6df29e04e846cd82c55adc78640ea5 - - default default] 10.0.0.179 "GET /v2.0/trunks/6b68da1f-66ea-411e-8c47-421113ff9a4a/tags/red HTTP/1.1" status: 204 len: 168 time: 0.0254672
2026-07-22 15:27:12.586 10 INFO neutron.api.v2.resource [None req-3cea882a-708f-405d-bb28-c051ce602cb2 785fa836e7114fe79aea49822d67d6ee 4a6df29e04e846cd82c55adc78640ea5 - - default default] show failed (client error): The resource could not be found.
2026-07-22 15:27:12.587 10 INFO neutron.wsgi [None req-3cea882a-708f-405d-bb28-c051ce602cb2 785fa836e7114fe79aea49822d67d6ee 4a6df29e04e846cd82c55adc78640ea5 - - default default] 10.0.0.179 "GET /v2.0/trunks/6b68da1f-66ea-411e-8c47-421113ff9a4a/tags/green HTTP/1.1" status: 404 len: 299 time: 0.0200944
2026-07-22 15:27:12.588 9 INFO neutron.db.ovn_revision_numbers_db [None req-dce3b029-d00b-4178-9294-9dee77922ec6 - - - - - -] Successfully bumped revision number for resource 3a8d2b06-fa41-4502-9f86-f3081647c891 (type: ports) to 5
2026-07-22 15:27:12.643 10 INFO neutron.wsgi [None req-5b913ea3-f711-461a-88ea-d12c93adeaf3 785fa836e7114fe79aea49822d67d6ee 4a6df29e04e846cd82c55adc78640ea5 - - default default] 10.0.0.179 "DELETE /v2.0/trunks/6b68da1f-66ea-411e-8c47-421113ff9a4a/tags/red HTTP/1.1" status: 204 len: 168 time: 0.0524268
2026-07-22 15:27:12.666 10 INFO neutron.wsgi [None req-017c3d12-15fa-4d62-a14e-9cc0d4ef000c 785fa836e7114fe79aea49822d67d6ee 4a6df29e04e846cd82c55adc78640ea5 - - default default] 10.0.0.179 "GET /v2.0/trunks/6b68da1f-66ea-411e-8c47-421113ff9a4a/tags HTTP/1.1" status: 200 len: 223 time: 0.0163884
2026-07-22 15:27:12.704 10 INFO neutron.api.v2.resource [None req-f47e7ab5-4328-4f2e-9bdb-b6073a414aab 785fa836e7114fe79aea49822d67d6ee 4a6df29e04e846cd82c55adc78640ea5 - - default default] delete failed (client error): The resource could not be found.
2026-07-22 15:27:12.705 10 INFO neutron.wsgi [None req-f47e7ab5-4328-4f2e-9bdb-b6073a414aab 785fa836e7114fe79aea49822d67d6ee 4a6df29e04e846cd82c55adc78640ea5 - - default default] 10.0.0.179 "DELETE /v2.0/trunks/6b68da1f-66ea-411e-8c47-421113ff9a4a/tags/green HTTP/1.1" status: 404 len: 299 time: 0.0342319
2026-07-22 15:27:12.738 10 INFO neutron.wsgi [None req-81eb35e2-be5b-4654-bb13-b94ecf8c7886 785fa836e7114fe79aea49822d67d6ee 4a6df29e04e846cd82c55adc78640ea5 - - default default] 10.0.0.179 "DELETE /v2.0/trunks/6b68da1f-66ea-411e-8c47-421113ff9a4a/tags HTTP/1.1" status: 204 len: 168 time: 0.0295024 /var/lib/openstack/lib/python3.10/site-packages/pycadf/identifier.py:71: UserWarning: Invalid uuid: neutron. To ensure interoperability, identifiers should be a valid uuid. warnings.warn(('Invalid uuid: %s. To ensure interoperability, '
2026-07-22 15:27:12.785 9 INFO neutron.wsgi [None req-329c8c47-f0d3-465e-900d-c0271dc98d06 785fa836e7114fe79aea49822d67d6ee 4a6df29e04e846cd82c55adc78640ea5 - - default default] 10.0.0.179 "GET /v2.0/trunks/6b68da1f-66ea-411e-8c47-421113ff9a4a/tags HTTP/1.1" status: 200 len: 205 time: 0.0421989
2026-07-22 15:27:12.830 9 INFO neutron.wsgi [None req-0249665d-7aca-4dca-976e-3a4de6a783f5 785fa836e7114fe79aea49822d67d6ee 4a6df29e04e846cd82c55adc78640ea5 - - default default] 10.0.0.179 "GET /v2.0/trunks/6b68da1f-66ea-411e-8c47-421113ff9a4a HTTP/1.1" status: 200 len: 603 time: 0.0262105
2026-07-22 15:27:12.914 9 INFO neutron.wsgi [req-76c9d4fb-f801-4177-8117-043764834bb2 req-118441d8-a392-4ab0-9520-98d634708272 ca76f645e64644118b908ab75859a3d5 7641aa7c16654384b53364192387d911 - - default default] 199.204.45.95 "DELETE /v2.0/ports/3a8d2b06-fa41-4502-9f86-f3081647c891 HTTP/1.1" status: 204 len: 173 time: 0.4379163
2026-07-22 15:27:12.943 9 INFO neutron.wsgi [None req-ff501c83-841c-49f7-975d-e3bf11eb71b4 785fa836e7114fe79aea49822d67d6ee 4a6df29e04e846cd82c55adc78640ea5 - - default default] 10.0.0.179 "GET /v2.0/ports/6945b1bf-635b-4e30-b747-e96df672b97f HTTP/1.1" status: 200 len: 1020 time: 0.1084831
2026-07-22 15:27:13.049 9 INFO neutron.wsgi [None req-2df261ca-b3f5-47b5-ac6b-973b9a3cc486 785fa836e7114fe79aea49822d67d6ee 4a6df29e04e846cd82c55adc78640ea5 - - default default] 10.0.0.179 "DELETE /v2.0/trunks/6b68da1f-66ea-411e-8c47-421113ff9a4a HTTP/1.1" status: 204 len: 168 time: 0.1008625
2026-07-22 15:27:13.072 10 INFO neutron.db.ovn_revision_numbers_db [None req-5d0c1ba3-763c-4d03-96f6-73357747401f 5c2d2eea7ebd43eaafe62f9f7646482d 1cefd14a2ae340718011307e746df049 - - default default] Successfully bumped revision number for resource 3cbc7c42-9349-4bca-9939-c14fb6558169 (type: security_groups) to 1
2026-07-22 15:27:13.088 10 INFO neutron.db.ovn_revision_numbers_db [None req-5d0c1ba3-763c-4d03-96f6-73357747401f 5c2d2eea7ebd43eaafe62f9f7646482d 1cefd14a2ae340718011307e746df049 - - default default] Successfully bumped revision number for resource 04dbd5bc-f97e-40b4-bdbf-2d2ae0507523 (type: security_group_rules) to 0
2026-07-22 15:27:13.115 10 INFO neutron.db.ovn_revision_numbers_db [None req-5d0c1ba3-763c-4d03-96f6-73357747401f 5c2d2eea7ebd43eaafe62f9f7646482d 1cefd14a2ae340718011307e746df049 - - default default] Successfully bumped revision number for resource 17f687e3-c659-4413-ad44-2ee4c5154800 (type: security_group_rules) to 0
2026-07-22 15:27:13.134 10 INFO neutron.db.ovn_revision_numbers_db [None req-5d0c1ba3-763c-4d03-96f6-73357747401f 5c2d2eea7ebd43eaafe62f9f7646482d 1cefd14a2ae340718011307e746df049 - - default default] Successfully bumped revision number for resource 4580784f-af0a-4056-bb1e-5b35fac2e591 (type: security_group_rules) to 0
2026-07-22 15:27:13.150 10 INFO neutron.db.ovn_revision_numbers_db [None req-5d0c1ba3-763c-4d03-96f6-73357747401f 5c2d2eea7ebd43eaafe62f9f7646482d 1cefd14a2ae340718011307e746df049 - - default default] Successfully bumped revision number for resource 96d1d9ae-2960-4ea8-bb0c-4537e6eb2138 (type: security_group_rules) to 0
2026-07-22 15:27:13.166 9 INFO neutron.notifiers.nova [-] Nova event matching ['req-684cbaa0-d0d7-43ad-988f-4bc037fcedfa'] response: {'server_uuid': '71c38e07-82d2-43bc-a49f-9d6dda24680b', 'name': 'network-vif-unplugged', 'status': 'completed', 'tag': '3a8d2b06-fa41-4502-9f86-f3081647c891', 'code': 200}
2026-07-22 15:27:13.166 9 INFO neutron.notifiers.nova [-] Nova event matching ['req-684cbaa0-d0d7-43ad-988f-4bc037fcedfa'] response: {'server_uuid': '71c38e07-82d2-43bc-a49f-9d6dda24680b', 'name': 'network-vif-plugged', 'status': 'completed', 'tag': '3a8d2b06-fa41-4502-9f86-f3081647c891', 'code': 200}
2026-07-22 15:27:13.166 9 INFO neutron.notifiers.nova [-] Nova event matching ['req-684cbaa0-d0d7-43ad-988f-4bc037fcedfa'] response: {'server_uuid': '71c38e07-82d2-43bc-a49f-9d6dda24680b', 'name': 'network-vif-deleted', 'tag': '3a8d2b06-fa41-4502-9f86-f3081647c891', 'status': 'completed', 'code': 200}
2026-07-22 15:27:13.176 10 INFO neutron.wsgi [None req-5d0c1ba3-763c-4d03-96f6-73357747401f 5c2d2eea7ebd43eaafe62f9f7646482d 1cefd14a2ae340718011307e746df049 - - default default] 10.0.0.179 "GET /v2.0/security-groups?tenant_id=d819b3d6fa11419c881706c055f4ae55&name=default HTTP/1.1" status: 200 len: 2996 time: 0.3075929
2026-07-22 15:27:13.387 10 INFO neutron.wsgi [None req-89e87055-4b0c-4e3c-aed6-cc6c7c5cb0dd 5c2d2eea7ebd43eaafe62f9f7646482d 1cefd14a2ae340718011307e746df049 - - default default] 10.0.0.179 "DELETE /v2.0/security-groups/3cbc7c42-9349-4bca-9939-c14fb6558169 HTTP/1.1" status: 204 len: 168 time: 0.2052338
2026-07-22 15:27:13.623 9 INFO neutron.wsgi [None req-caeb822b-b1c6-4b80-aecb-899472d62225 785fa836e7114fe79aea49822d67d6ee 4a6df29e04e846cd82c55adc78640ea5 - - default default] 10.0.0.179 "DELETE /v2.0/ports/6945b1bf-635b-4e30-b747-e96df672b97f HTTP/1.1" status: 204 len: 168 time: 0.5653522
2026-07-22 15:27:13.656 9 INFO neutron.wsgi [-] 10.0.0.106 "GET / HTTP/1.1" status: 200 len: 246 time: 0.0028322
2026-07-22 15:27:13.658 9 INFO neutron.wsgi [-] 10.0.0.106 "GET / HTTP/1.1" status: 200 len: 246 time: 0.0014684
2026-07-22 15:27:13.995 10 INFO neutron.services.segments.plugin [-] Segment 762bc05e-c71e-4aa2-9977-468c3467eea6 resource provider aggregate not found
2026-07-22 15:27:14.000 10 INFO neutron.services.segments.plugin [-] Segment 762bc05e-c71e-4aa2-9977-468c3467eea6 resource provider aggregate not found
2026-07-22 15:27:14.015 10 INFO neutron.services.segments.plugin [-] Segment 762bc05e-c71e-4aa2-9977-468c3467eea6 resource provider not found; error: Placement Client Error (4xx): {"errors": [{"status": 404, "title": "Not Found", "detail": "The resource could not be found.\n\n No resource provider with uuid 762bc05e-c71e-4aa2-9977-468c3467eea6 found for delete ", "request_id": "req-ac08e35d-8c85-4be4-b411-3205b5b143c5"}]}
2026-07-22 15:27:14.016 10 INFO neutron.services.segments.plugin [-] Segment 762bc05e-c71e-4aa2-9977-468c3467eea6 resource provider not found; error: Placement Client Error (4xx): {"errors": [{"status": 404, "title": "Not Found", "detail": "The resource could not be found.\n\n No resource provider with uuid 762bc05e-c71e-4aa2-9977-468c3467eea6 found for delete ", "request_id": "req-562d59f7-2248-4a13-b990-80dcdcaa46ad"}]}
2026-07-22 15:27:14.036 10 INFO neutron.wsgi [None req-8f937d43-eb3e-456b-aff4-dba1a9f58d1a 785fa836e7114fe79aea49822d67d6ee 4a6df29e04e846cd82c55adc78640ea5 - - default default] 10.0.0.179 "DELETE /v2.0/networks/f86fdb3a-3703-4f3d-a6ef-4a44fee6ae43 HTTP/1.1" status: 204 len: 168 time: 0.4086156
2026-07-22 15:27:14.831 9 INFO neutron.wsgi [None req-cddd9d4d-48d6-4e62-b19e-1c010b488249 5c2d2eea7ebd43eaafe62f9f7646482d 1cefd14a2ae340718011307e746df049 - - default default] 10.0.0.179 "GET /v2.0/security-groups?tenant_id=4a6df29e04e846cd82c55adc78640ea5&name=default HTTP/1.1" status: 200 len: 2996 time: 0.2377758
2026-07-22 15:27:15.033 10 INFO neutron.wsgi [None req-80bf1e1a-7b59-4931-aa2c-4b7830eda993 5c2d2eea7ebd43eaafe62f9f7646482d 1cefd14a2ae340718011307e746df049 - - default default] 10.0.0.179 "DELETE /v2.0/security-groups/1f98f8f6-47b3-47b0-851e-30528754a0ee HTTP/1.1" status: 204 len: 168 time: 0.1969168
2026-07-22 15:27:15.330 9 INFO neutron.db.ovn_revision_numbers_db [None req-bf736309-6989-409d-8fd4-cda096676ddb 5c2d2eea7ebd43eaafe62f9f7646482d 1cefd14a2ae340718011307e746df049 - - default default] Successfully bumped revision number for resource d3135c88-f3d6-4903-b221-2563edc837c4 (type: security_groups) to 1
2026-07-22 15:27:15.351 9 INFO neutron.db.ovn_revision_numbers_db [None req-bf736309-6989-409d-8fd4-cda096676ddb 5c2d2eea7ebd43eaafe62f9f7646482d 1cefd14a2ae340718011307e746df049 - - default default] Successfully bumped revision number for resource 05b6aaca-3db1-4be9-bd96-6ee4e946c224 (type: security_group_rules) to 0
2026-07-22 15:27:15.369 9 INFO neutron.db.ovn_revision_numbers_db [None req-bf736309-6989-409d-8fd4-cda096676ddb 5c2d2eea7ebd43eaafe62f9f7646482d 1cefd14a2ae340718011307e746df049 - - default default] Successfully bumped revision number for resource 14c475b2-f139-4ae5-abd4-f65d3dbe8fd6 (type: security_group_rules) to 0
2026-07-22 15:27:15.393 9 INFO neutron.db.ovn_revision_numbers_db [None req-bf736309-6989-409d-8fd4-cda096676ddb 5c2d2eea7ebd43eaafe62f9f7646482d 1cefd14a2ae340718011307e746df049 - - default default] Successfully bumped revision number for resource 247caf40-4491-401d-aa93-c10e16fc5c6a (type: security_group_rules) to 0
2026-07-22 15:27:15.411 9 INFO neutron.db.ovn_revision_numbers_db [None req-bf736309-6989-409d-8fd4-cda096676ddb 5c2d2eea7ebd43eaafe62f9f7646482d 1cefd14a2ae340718011307e746df049 - - default default] Successfully bumped revision number for resource 89d325f6-b42d-4d3d-8d32-4c983fabc3e7 (type: security_group_rules) to 0
2026-07-22 15:27:15.446 9 INFO neutron.wsgi [None req-bf736309-6989-409d-8fd4-cda096676ddb 5c2d2eea7ebd43eaafe62f9f7646482d 1cefd14a2ae340718011307e746df049 - - default default] 10.0.0.179 "GET /v2.0/security-groups?tenant_id=74990e38decb4e058b6f5890398779c1&name=default HTTP/1.1" status: 200 len: 2996 time: 0.2713597
2026-07-22 15:27:15.676 10 INFO neutron.wsgi [None req-e9340002-9024-44e9-8c1f-627d3650b040 5c2d2eea7ebd43eaafe62f9f7646482d 1cefd14a2ae340718011307e746df049 - - default default] 10.0.0.179 "DELETE /v2.0/security-groups/d3135c88-f3d6-4903-b221-2563edc837c4 HTTP/1.1" status: 204 len: 168 time: 0.2257531
2026-07-22 15:27:15.697 9 INFO neutron.wsgi [None req-f6746b1d-4765-4048-9668-d3eae1421207 5c2d2eea7ebd43eaafe62f9f7646482d 1cefd14a2ae340718011307e746df049 - - default default] 10.0.0.179 "PUT /v2.0/routers/f870a9bc-edc4-4a8a-badb-134199016910/remove_router_interface HTTP/1.1" status: 200 len: 503 time: 1.1705434
2026-07-22 15:27:16.313 10 INFO neutron.wsgi [None req-305ff5ba-98fb-499a-82ea-27aeaa5cdcc1 5c2d2eea7ebd43eaafe62f9f7646482d 1cefd14a2ae340718011307e746df049 - - default default] 10.0.0.179 "DELETE /v2.0/routers/f870a9bc-edc4-4a8a-badb-134199016910 HTTP/1.1" status: 204 len: 168 time: 0.6126654 /var/lib/openstack/lib/python3.10/site-packages/pycadf/identifier.py:71: UserWarning: Invalid uuid: neutron. To ensure interoperability, identifiers should be a valid uuid. warnings.warn(('Invalid uuid: %s. To ensure interoperability, '
2026-07-22 15:27:16.566 9 INFO neutron.wsgi [None req-a27c7541-067e-4a72-8b4c-7ce68d695afa 5c2d2eea7ebd43eaafe62f9f7646482d 1cefd14a2ae340718011307e746df049 - - default default] 10.0.0.179 "DELETE /v2.0/subnets/a31a4809-7dfc-47b5-b268-b33d90153221 HTTP/1.1" status: 204 len: 168 time: 0.2475977
2026-07-22 15:27:16.669 9 INFO neutron.db.ovn_revision_numbers_db [None req-e1696029-730b-402d-8ce3-8c529677c728 c5decff5e07a4a46af54f979b231697a ed8280b24552403eab8d104f561792cf - - default default] Successfully bumped revision number for resource f59eca4b-bf78-452b-8927-52f4fa31a70c (type: security_groups) to 1
2026-07-22 15:27:16.682 9 INFO neutron.db.ovn_revision_numbers_db [None req-e1696029-730b-402d-8ce3-8c529677c728 c5decff5e07a4a46af54f979b231697a ed8280b24552403eab8d104f561792cf - - default default] Successfully bumped revision number for resource 17933789-b5ed-47e4-814e-5a366b30a142 (type: security_group_rules) to 0
2026-07-22 15:27:16.696 9 INFO neutron.db.ovn_revision_numbers_db [None req-e1696029-730b-402d-8ce3-8c529677c728 c5decff5e07a4a46af54f979b231697a ed8280b24552403eab8d104f561792cf - - default default] Successfully bumped revision number for resource 43f7b337-e926-41ed-b5ad-4704c3ce0caf (type: security_group_rules) to 0
2026-07-22 15:27:16.711 9 INFO neutron.db.ovn_revision_numbers_db [None req-e1696029-730b-402d-8ce3-8c529677c728 c5decff5e07a4a46af54f979b231697a ed8280b24552403eab8d104f561792cf - - default default] Successfully bumped revision number for resource 744674b2-82d0-4ea5-bde7-fc8c87527c2b (type: security_group_rules) to 0
2026-07-22 15:27:16.725 9 INFO neutron.db.ovn_revision_numbers_db [None req-e1696029-730b-402d-8ce3-8c529677c728 c5decff5e07a4a46af54f979b231697a ed8280b24552403eab8d104f561792cf - - default default] Successfully bumped revision number for resource 99f08383-a970-4764-902d-f4a5ea8c1665 (type: security_group_rules) to 0
2026-07-22 15:27:16.787 9 INFO neutron.db.segments_db [None req-e1696029-730b-402d-8ce3-8c529677c728 c5decff5e07a4a46af54f979b231697a ed8280b24552403eab8d104f561792cf - - default default] Added segment e065c30e-f020-4481-8743-0f7c23d443aa of type geneve for network 8196a4fd-3283-4b22-b639-518c28238901
2026-07-22 15:27:16.902 10 INFO neutron.services.segments.plugin [-] Segment 15aa089c-703f-4b1d-a9ba-ac610e010b17 resource provider aggregate not found
2026-07-22 15:27:16.906 10 INFO neutron.services.segments.plugin [-] Segment 15aa089c-703f-4b1d-a9ba-ac610e010b17 resource provider aggregate not found
2026-07-22 15:27:16.923 10 INFO neutron.services.segments.plugin [-] Segment 15aa089c-703f-4b1d-a9ba-ac610e010b17 resource provider not found; error: Placement Client Error (4xx): {"errors": [{"status": 404, "title": "Not Found", "detail": "The resource could not be found.\n\n No resource provider with uuid 15aa089c-703f-4b1d-a9ba-ac610e010b17 found for delete ", "request_id": "req-e89cd3a7-1146-4d25-96aa-1bfa3a8cb391"}]}
2026-07-22 15:27:16.930 10 INFO neutron.services.segments.plugin [-] Segment 15aa089c-703f-4b1d-a9ba-ac610e010b17 resource provider not found; error: Placement Client Error (4xx): {"errors": [{"status": 404, "title": "Not Found", "detail": "The resource could not be found.\n\n No resource provider with uuid 15aa089c-703f-4b1d-a9ba-ac610e010b17 found for delete ", "request_id": "req-a9b3e671-a60e-4390-ae22-8a57e1220eca"}]}
2026-07-22 15:27:16.949 10 INFO neutron.wsgi [None req-469c82cf-7215-4d49-a917-f0117dc8c22b 5c2d2eea7ebd43eaafe62f9f7646482d 1cefd14a2ae340718011307e746df049 - - default default] 10.0.0.179 "DELETE /v2.0/networks/e2e993bc-271b-4af5-8579-1adbc0e3f829 HTTP/1.1" status: 204 len: 168 time: 0.3776886
2026-07-22 15:27:16.953 9 INFO neutron.db.ovn_revision_numbers_db [None req-e1696029-730b-402d-8ce3-8c529677c728 c5decff5e07a4a46af54f979b231697a ed8280b24552403eab8d104f561792cf - - default default] Successfully bumped revision number for resource 8196a4fd-3283-4b22-b639-518c28238901 (type: networks) to 1
2026-07-22 15:27:17.161 10 INFO neutron.wsgi [None req-d99b859b-932d-48fa-b09b-f0e4192e669a 5c2d2eea7ebd43eaafe62f9f7646482d 1cefd14a2ae340718011307e746df049 - - default default] 10.0.0.179 "GET /v2.0/security-groups?tenant_id=7641aa7c16654384b53364192387d911&name=default HTTP/1.1" status: 200 len: 2996 time: 0.0486968
2026-07-22 15:27:17.176 9 WARNING neutron.scheduler.dhcp_agent_scheduler [None req-e1696029-730b-402d-8ce3-8c529677c728 c5decff5e07a4a46af54f979b231697a ed8280b24552403eab8d104f561792cf - - default default] No more DHCP agents
2026-07-22 15:27:17.179 9 WARNING neutron.api.rpc.agentnotifiers.dhcp_rpc_agent_api [None req-e1696029-730b-402d-8ce3-8c529677c728 c5decff5e07a4a46af54f979b231697a ed8280b24552403eab8d104f561792cf - - default default] Unable to schedule network 8196a4fd-3283-4b22-b639-518c28238901: no agents available; will retry on subsequent port and subnet creation events.
2026-07-22 15:27:17.263 9 INFO neutron.db.ovn_revision_numbers_db [None req-e1696029-730b-402d-8ce3-8c529677c728 c5decff5e07a4a46af54f979b231697a ed8280b24552403eab8d104f561792cf - - default default] Successfully bumped revision number for resource 7ed0b207-7071-42fb-bd63-ceb135315af8 (type: ports) to 1
2026-07-22 15:27:17.290 9 INFO neutron.wsgi [None req-e1696029-730b-402d-8ce3-8c529677c728 c5decff5e07a4a46af54f979b231697a ed8280b24552403eab8d104f561792cf - - default default] 10.0.0.179 "POST /v2.0/networks HTTP/1.1" status: 201 len: 832 time: 1.0478110
2026-07-22 15:27:17.404 10 INFO neutron.wsgi [None req-002b1230-e6c0-400e-a045-ea5e1ee72e4a 5c2d2eea7ebd43eaafe62f9f7646482d 1cefd14a2ae340718011307e746df049 - - default default] 10.0.0.179 "DELETE /v2.0/security-groups/d2b551ab-43fa-4995-be09-4cc48b430f4f HTTP/1.1" status: 204 len: 168 time: 0.2387326
2026-07-22 15:27:17.970 9 WARNING neutron.scheduler.dhcp_agent_scheduler [None req-4e1d5f29-626b-4b53-8ff0-fb0e974705b5 c5decff5e07a4a46af54f979b231697a ed8280b24552403eab8d104f561792cf - - default default] No more DHCP agents
2026-07-22 15:27:17.972 9 WARNING neutron.api.rpc.agentnotifiers.dhcp_rpc_agent_api [None req-4e1d5f29-626b-4b53-8ff0-fb0e974705b5 c5decff5e07a4a46af54f979b231697a ed8280b24552403eab8d104f561792cf - - default default] Unable to schedule network 01aaf83a-285e-4494-8eff-240afccb5159: no agents available; will retry on subsequent port and subnet creation events.
2026-07-22 15:27:18.119 9 INFO neutron.db.ovn_revision_numbers_db [None req-4e1d5f29-626b-4b53-8ff0-fb0e974705b5 c5decff5e07a4a46af54f979b231697a ed8280b24552403eab8d104f561792cf - - default default] Successfully bumped revision number for resource d2896a2e-d483-42f0-9eb6-9a1586d585f0 (type: ports) to 1
2026-07-22 15:27:18.715 10 INFO neutron.plugins.ml2.drivers.ovn.mech_driver.mech_driver [None req-a95e7cce-003f-4257-bd49-f307de43da7e - - - - - -] OVN reports status up for port: d2896a2e-d483-42f0-9eb6-9a1586d585f0
2026-07-22 15:27:18.729 9 INFO neutron.plugins.ml2.drivers.ovn.mech_driver.ovsdb.ovsdb_monitor [None req-cd48fbcf-c6b9-4ffb-ba44-6aeb08353b35 - - - - - -] Router 0228f87a-2043-43c2-851f-ae0be00f0758 is bound to host instance
2026-07-22 15:27:18.733 10 INFO neutron.plugins.ml2.plugin [None req-a95e7cce-003f-4257-bd49-f307de43da7e - - - - - -] Attempt 1 to provision port d2896a2e-d483-42f0-9eb6-9a1586d585f0
2026-07-22 15:27:18.811 9 INFO neutron.db.ovn_revision_numbers_db [None req-4e1d5f29-626b-4b53-8ff0-fb0e974705b5 c5decff5e07a4a46af54f979b231697a ed8280b24552403eab8d104f561792cf - - default default] Successfully bumped revision number for resource d2896a2e-d483-42f0-9eb6-9a1586d585f0 (type: router_ports) to 1
2026-07-22 15:27:18.916 9 INFO neutron.db.ovn_revision_numbers_db [None req-4e1d5f29-626b-4b53-8ff0-fb0e974705b5 c5decff5e07a4a46af54f979b231697a ed8280b24552403eab8d104f561792cf - - default default] Successfully bumped revision number for resource 0228f87a-2043-43c2-851f-ae0be00f0758 (type: routers) to 2
2026-07-22 15:27:18.939 9 INFO neutron.wsgi [None req-4e1d5f29-626b-4b53-8ff0-fb0e974705b5 c5decff5e07a4a46af54f979b231697a ed8280b24552403eab8d104f561792cf - - default default] 10.0.0.179 "POST /v2.0/routers HTTP/1.1" status: 201 len: 874 time: 1.6427996
2026-07-22 15:27:19.171 10 INFO neutron.wsgi [req-5f05cabf-9326-4d85-834b-73d16389cae4 req-a502d5c9-8c03-4863-afc9-d05f48d33d91 a50a3b793733481fae19a55e275acb39 1c1e2d4ddd9846bdba5d4f3b4a16c63a - - default default] 10.0.0.64 "GET /v2.0/ports?device_id=c23fac66-bdbf-4aac-aba1-4a770d8bc7b7 HTTP/1.1" status: 200 len: 1214 time: 0.1062562
2026-07-22 15:27:19.220 10 INFO neutron.wsgi [req-5f05cabf-9326-4d85-834b-73d16389cae4 req-28ddc596-0b0f-46bf-9399-d94aed07490e a50a3b793733481fae19a55e275acb39 1c1e2d4ddd9846bdba5d4f3b4a16c63a - - default default] 10.0.0.64 "GET /v2.0/security-groups?id=828d3d2d-2d31-4c9f-8ff6-67df9495a408&id=0fe23792-9c09-4a0d-9552-0aa4f09f8e08&fields=id&fields=name HTTP/1.1" status: 200 len: 404 time: 0.0414381
2026-07-22 15:27:19.265 10 INFO neutron.wsgi [None req-e2516ad1-5372-4eec-8fe8-2e2d5199468a 3b91e180f5a04870b2e279421c859053 3066af12eebb41f09372c4c506ddf8f7 - - default default] 10.0.0.179 "GET /v2.0/subnets?project_id=ed8280b24552403eab8d104f561792cf&cidr=10.100.0.0%2F28 HTTP/1.1" status: 200 len: 207 time: 0.3143587
2026-07-22 15:27:19.306 9 INFO neutron.db.ovn_revision_numbers_db [None req-cd48fbcf-c6b9-4ffb-ba44-6aeb08353b35 - - - - - -] Successfully bumped revision number for resource d2896a2e-d483-42f0-9eb6-9a1586d585f0 (type: ports) to 1
2026-07-22 15:27:19.350 10 INFO neutron.wsgi [None req-66f19731-a5e5-481a-ac5b-e5b631e3b72e 3b91e180f5a04870b2e279421c859053 3066af12eebb41f09372c4c506ddf8f7 - - default default] 10.0.0.179 "GET /v2.0/networks?router%3Aexternal=True HTTP/1.1" status: 200 len: 947 time: 0.0799198
2026-07-22 15:27:19.377 10 INFO neutron.wsgi [None req-327dcf22-0172-437e-b012-adbc9012900a 3b91e180f5a04870b2e279421c859053 3066af12eebb41f09372c4c506ddf8f7 - - default default] 10.0.0.179 "GET /v2.0/subnets?network_id=01aaf83a-285e-4494-8eff-240afccb5159&cidr=10.100.0.0%2F28 HTTP/1.1" status: 200 len: 207 time: 0.0222595
2026-07-22 15:27:19.390 9 INFO neutron.wsgi [None req-b195ee17-f5f0-4443-8851-0fd646bb8988 9abfd5de793a4b738e8b252a488fda34 f50248346c0e4dc1bb1d45f624833242 - - default default] 10.0.0.179 "GET /v2.0/ports?device_id=c23fac66-bdbf-4aac-aba1-4a770d8bc7b7 HTTP/1.1" status: 200 len: 1447 time: 0.1446774
2026-07-22 15:27:19.603 9 INFO neutron.db.ovn_revision_numbers_db [None req-cd48fbcf-c6b9-4ffb-ba44-6aeb08353b35 - - - - - -] Successfully bumped revision number for resource d2896a2e-d483-42f0-9eb6-9a1586d585f0 (type: router_ports) to 3
2026-07-22 15:27:19.687 10 INFO neutron.wsgi [None req-2e60c9a8-7ada-4297-ae92-4d83d83ae905 a50a3b793733481fae19a55e275acb39 1c1e2d4ddd9846bdba5d4f3b4a16c63a - - default default] 10.0.0.179 "GET /v2.0/floatingips?floating_network_id=01aaf83a-285e-4494-8eff-240afccb5159&port_id=f971413b-729f-48ec-9e42-596ba501f0fb HTTP/1.1" status: 200 len: 1055 time: 0.2877841
2026-07-22 15:27:19.797 9 INFO neutron.db.ovn_revision_numbers_db [None req-cd48fbcf-c6b9-4ffb-ba44-6aeb08353b35 - - - - - -] Successfully bumped revision number for resource d2896a2e-d483-42f0-9eb6-9a1586d585f0 (type: ports) to 2
