2026-07-22 15:28:05.019 9 INFO neutron.wsgi [None req-bd1ff2a5-7e64-432d-8cc1-ce7bdad1d437 5c2d2eea7ebd43eaafe62f9f7646482d 1cefd14a2ae340718011307e746df049 - - default default] 10.0.0.179 "GET /v2.0/security-groups?tenant_id=ca353de781fe4908bc1a073f7eb822b4&name=default HTTP/1.1" status: 200 len: 2996 time: 0.3645382
2026-07-22 15:28:05.221 9 INFO neutron.wsgi [None req-5a48c821-5ef5-446d-8de3-60acebaaa1bf 5c2d2eea7ebd43eaafe62f9f7646482d 1cefd14a2ae340718011307e746df049 - - default default] 10.0.0.179 "DELETE /v2.0/security-groups/41a23e24-e0f9-45eb-b476-fbb1048c5408 HTTP/1.1" status: 204 len: 168 time: 0.1971657
2026-07-22 15:28:05.235 10 INFO neutron.wsgi [None req-3203f826-6cac-472c-9f57-ff0b7d98af74 5c2d2eea7ebd43eaafe62f9f7646482d 1cefd14a2ae340718011307e746df049 - - default default] 10.0.0.179 "DELETE /v2.0/security-groups/c77d3642-5f25-48be-99b7-c01801e671bb HTTP/1.1" status: 204 len: 168 time: 0.2160385
2026-07-22 15:28:05.400 9 INFO neutron.wsgi [None req-ebd74552-c7a6-4027-a714-c308c19045b6 5c2d2eea7ebd43eaafe62f9f7646482d 1cefd14a2ae340718011307e746df049 - - default default] 10.0.0.179 "GET /v2.0/security-groups?tenant_id=160612a36b3b4fa4af17d1fef6657e44&name=default HTTP/1.1" status: 200 len: 2996 time: 0.0346537
2026-07-22 15:28:05.635 9 INFO neutron.wsgi [None req-bd8621f2-b08f-4860-b4a0-fcba26571f48 5c2d2eea7ebd43eaafe62f9f7646482d 1cefd14a2ae340718011307e746df049 - - default default] 10.0.0.179 "DELETE /v2.0/security-groups/b1867e8b-ea29-410d-8e19-7b62f83eacff HTTP/1.1" status: 204 len: 168 time: 0.2298784
2026-07-22 15:28:05.902 9 INFO neutron.db.ovn_revision_numbers_db [None req-05c574b4-029c-4cd6-831b-aba6ebf972ec 5c2d2eea7ebd43eaafe62f9f7646482d 1cefd14a2ae340718011307e746df049 - - default default] Successfully bumped revision number for resource 2fc2da1d-f1ff-4e64-ad45-0168f69731dd (type: security_groups) to 1
2026-07-22 15:28:05.917 9 INFO neutron.db.ovn_revision_numbers_db [None req-05c574b4-029c-4cd6-831b-aba6ebf972ec 5c2d2eea7ebd43eaafe62f9f7646482d 1cefd14a2ae340718011307e746df049 - - default default] Successfully bumped revision number for resource 4eaf8f6c-9733-4bf2-af97-aae1d974c35a (type: security_group_rules) to 0
2026-07-22 15:28:05.930 9 INFO neutron.db.ovn_revision_numbers_db [None req-05c574b4-029c-4cd6-831b-aba6ebf972ec 5c2d2eea7ebd43eaafe62f9f7646482d 1cefd14a2ae340718011307e746df049 - - default default] Successfully bumped revision number for resource 60fd0762-4595-48f7-a7a6-ddc222d36c8d (type: security_group_rules) to 0
2026-07-22 15:28:05.944 9 INFO neutron.db.ovn_revision_numbers_db [None req-05c574b4-029c-4cd6-831b-aba6ebf972ec 5c2d2eea7ebd43eaafe62f9f7646482d 1cefd14a2ae340718011307e746df049 - - default default] Successfully bumped revision number for resource bc0559a5-4f4d-4f4b-a1c8-1727a7b6dc97 (type: security_group_rules) to 0
2026-07-22 15:28:05.980 9 INFO neutron.db.ovn_revision_numbers_db [None req-05c574b4-029c-4cd6-831b-aba6ebf972ec 5c2d2eea7ebd43eaafe62f9f7646482d 1cefd14a2ae340718011307e746df049 - - default default] Successfully bumped revision number for resource fbc39dc6-2c09-4888-ad14-8f33c2172c18 (type: security_group_rules) to 0
2026-07-22 15:28:06.008 9 INFO neutron.wsgi [None req-05c574b4-029c-4cd6-831b-aba6ebf972ec 5c2d2eea7ebd43eaafe62f9f7646482d 1cefd14a2ae340718011307e746df049 - - default default] 10.0.0.179 "GET /v2.0/security-groups?tenant_id=0d880e91dbee4d3182869fd19508e69e&name=default HTTP/1.1" status: 200 len: 2996 time: 0.2263689
2026-07-22 15:28:06.219 9 INFO neutron.wsgi [None req-d41e5f24-c66e-48d9-b34c-6845e86f7297 5c2d2eea7ebd43eaafe62f9f7646482d 1cefd14a2ae340718011307e746df049 - - default default] 10.0.0.179 "DELETE /v2.0/security-groups/2fc2da1d-f1ff-4e64-ad45-0168f69731dd HTTP/1.1" status: 204 len: 168 time: 0.2062762
2026-07-22 15:28:06.794 9 INFO neutron.plugins.ml2.drivers.ovn.mech_driver.mech_driver [None req-dce3b029-d00b-4178-9294-9dee77922ec6 - - - - - -] OVN reports status down for port: 2f9261ab-b23e-4136-8033-8fc0a73aa96b
2026-07-22 15:28:06.837 10 INFO neutron.wsgi [req-0d48520f-30aa-4b89-89b5-7a736693f1cc req-a61cfde4-add1-4d90-aa78-51b66ac082cc c5decff5e07a4a46af54f979b231697a ed8280b24552403eab8d104f561792cf - - default default] 10.0.0.64 "GET /v2.0/ports?device_id=4d9beabe-d750-4599-822a-10930d4a493f HTTP/1.1" status: 200 len: 1170 time: 0.0988946
2026-07-22 15:28:06.886 10 INFO neutron.wsgi [req-0d48520f-30aa-4b89-89b5-7a736693f1cc req-41b27fd2-3a90-467c-9673-9893403c6979 c5decff5e07a4a46af54f979b231697a ed8280b24552403eab8d104f561792cf - - default default] 10.0.0.64 "GET /v2.0/security-groups?id=f3a36de8-62af-44d9-bf9a-7923b1759d6d&fields=id&fields=name HTTP/1.1" status: 200 len: 312 time: 0.0393174
2026-07-22 15:28:06.960 9 INFO neutron.notifiers.nova [-] Nova event matching ['req-f9dfe7b3-a456-49ea-9ced-48903dfb015d'] response: {'server_uuid': '4d9beabe-d750-4599-822a-10930d4a493f', 'name': 'network-vif-unplugged', 'status': 'completed', 'tag': '2f9261ab-b23e-4136-8033-8fc0a73aa96b', 'code': 200}
2026-07-22 15:28:07.152 9 INFO neutron.wsgi [req-5bd36bda-54d1-4fc6-8d18-04e3f626482f req-528b1d14-8b7d-4848-84b9-f104139a021e c5decff5e07a4a46af54f979b231697a ed8280b24552403eab8d104f561792cf - - default default] 199.204.45.95 "GET /v2.0/ports?device_id=4d9beabe-d750-4599-822a-10930d4a493f HTTP/1.1" status: 200 len: 1168 time: 0.1172323
2026-07-22 15:28:07.167 9 INFO neutron.db.ovn_revision_numbers_db [None req-dce3b029-d00b-4178-9294-9dee77922ec6 - - - - - -] Successfully bumped revision number for resource 2f9261ab-b23e-4136-8033-8fc0a73aa96b (type: ports) to 5
2026-07-22 15:28:07.471 9 INFO neutron.db.l3_db [req-5bd36bda-54d1-4fc6-8d18-04e3f626482f req-6d3f10e1-b977-489b-8094-d2454c85dd0c c5decff5e07a4a46af54f979b231697a ed8280b24552403eab8d104f561792cf - - default default] Floating IP d457be5c-1f87-47b0-b155-e0c3e62da7c4 disassociated. External IP: 10.96.250.220, port: 2f9261ab-b23e-4136-8033-8fc0a73aa96b.
2026-07-22 15:28:07.708 9 INFO neutron.wsgi [req-5bd36bda-54d1-4fc6-8d18-04e3f626482f req-6d3f10e1-b977-489b-8094-d2454c85dd0c c5decff5e07a4a46af54f979b231697a ed8280b24552403eab8d104f561792cf - - default default] 199.204.45.95 "DELETE /v2.0/ports/2f9261ab-b23e-4136-8033-8fc0a73aa96b HTTP/1.1" status: 204 len: 173 time: 0.5494657
2026-07-22 15:28:07.995 10 INFO neutron.wsgi [req-b3217eaf-86f0-4d74-9b77-cf72276eda81 req-57ff6999-fd30-4ea4-b5b9-1f7c29745b49 c5decff5e07a4a46af54f979b231697a ed8280b24552403eab8d104f561792cf - - default default] 10.0.0.64 "GET /v2.0/ports?device_id=4d9beabe-d750-4599-822a-10930d4a493f HTTP/1.1" status: 200 len: 210 time: 0.0332117
2026-07-22 15:28:09.011 9 INFO neutron.notifiers.nova [-] Nova event matching ['req-2ede6d98-93da-4eef-95b9-6e8ff01d6f8a'] response: {'server_uuid': '4d9beabe-d750-4599-822a-10930d4a493f', 'name': 'network-vif-plugged', 'status': 'completed', 'tag': '2f9261ab-b23e-4136-8033-8fc0a73aa96b', 'code': 200}
2026-07-22 15:28:09.012 9 INFO neutron.notifiers.nova [-] Nova event matching ['req-2ede6d98-93da-4eef-95b9-6e8ff01d6f8a'] response: {'server_uuid': '4d9beabe-d750-4599-822a-10930d4a493f', 'name': 'network-vif-deleted', 'tag': '2f9261ab-b23e-4136-8033-8fc0a73aa96b', 'status': 'completed', 'code': 200} /var/lib/openstack/lib/python3.10/site-packages/pycadf/identifier.py:71: UserWarning: Invalid uuid: neutron. To ensure interoperability, identifiers should be a valid uuid. warnings.warn(('Invalid uuid: %s. To ensure interoperability, '
2026-07-22 15:28:09.236 9 INFO neutron.wsgi [None req-a5d78977-42b3-4447-9003-b6c3b8a68f4e c5decff5e07a4a46af54f979b231697a ed8280b24552403eab8d104f561792cf - - default default] 10.0.0.179 "DELETE /v2.0/security-groups/f3a36de8-62af-44d9-bf9a-7923b1759d6d HTTP/1.1" status: 204 len: 168 time: 0.1616700
2026-07-22 15:28:09.654 9 INFO neutron.wsgi [None req-4b032021-ce9e-4ed9-8dba-f1e65a6b1ad2 c5decff5e07a4a46af54f979b231697a ed8280b24552403eab8d104f561792cf - - default default] 10.0.0.179 "DELETE /v2.0/floatingips/d457be5c-1f87-47b0-b155-e0c3e62da7c4 HTTP/1.1" status: 204 len: 168 time: 0.3814945
2026-07-22 15:28:09.838 10 INFO neutron.db.ovn_revision_numbers_db [None req-ea037f44-ff57-492a-9076-0b2435c54565 3fd8b9135afe48e99a2e6a952158ea37 a6f533c6b5aa461292a4019a9f374160 - - default default] Successfully bumped revision number for resource a936d3e1-0d58-40f2-ba39-1bfda65cb208 (type: routers) to 1
2026-07-22 15:28:09.846 9 INFO neutron.wsgi [req-38b18b5a-63f8-404d-9528-b437580a8f48 req-43f89dd3-e6db-4017-af52-711651d6739d c5decff5e07a4a46af54f979b231697a ed8280b24552403eab8d104f561792cf - - default default] 10.0.0.64 "GET /v2.0/ports?device_id=46c4fc23-d2de-40b9-b54c-8331885a8b0b HTTP/1.1" status: 200 len: 1170 time: 0.0413885
2026-07-22 15:28:09.860 10 INFO neutron.wsgi [None req-ea037f44-ff57-492a-9076-0b2435c54565 3fd8b9135afe48e99a2e6a952158ea37 a6f533c6b5aa461292a4019a9f374160 - - default default] 10.0.0.179 "POST /v2.0/routers HTTP/1.1" status: 201 len: 654 time: 0.3098743
2026-07-22 15:28:09.869 9 INFO neutron.plugins.ml2.drivers.ovn.mech_driver.mech_driver [None req-dce3b029-d00b-4178-9294-9dee77922ec6 - - - - - -] OVN reports status down for port: 040a9b7d-d89f-4a0c-a3dd-48e8ce06ad09
2026-07-22 15:28:09.954 9 INFO neutron.wsgi [req-38b18b5a-63f8-404d-9528-b437580a8f48 req-9efb38c6-f953-4816-aca7-0760886dc830 c5decff5e07a4a46af54f979b231697a ed8280b24552403eab8d104f561792cf - - default default] 10.0.0.64 "GET /v2.0/security-groups?id=20392f37-1311-43ae-9d67-213bdbe5251e&fields=id&fields=name HTTP/1.1" status: 200 len: 312 time: 0.0993223
2026-07-22 15:28:10.073 10 INFO neutron.db.ovn_revision_numbers_db [None req-9d6d5745-ea3c-4a56-92bd-e9293f5780b3 3fd8b9135afe48e99a2e6a952158ea37 a6f533c6b5aa461292a4019a9f374160 - - default default] Successfully bumped revision number for resource f8066c3e-b57c-4773-be35-42b79f40cb5d (type: routers) to 1
2026-07-22 15:28:10.092 10 INFO neutron.wsgi [None req-9d6d5745-ea3c-4a56-92bd-e9293f5780b3 3fd8b9135afe48e99a2e6a952158ea37 a6f533c6b5aa461292a4019a9f374160 - - default default] 10.0.0.179 "POST /v2.0/routers HTTP/1.1" status: 201 len: 654 time: 0.2261102
2026-07-22 15:28:10.148 9 WARNING neutron.scheduler.dhcp_agent_scheduler [None req-2faf4efb-7f2c-401f-b7fa-f03e460fcf25 7be1565c942145ff935594b76aef8dce e992b90b2c1d49d48c3487788f3e26c7 - - default default] No more DHCP agents
2026-07-22 15:28:10.152 9 WARNING neutron.api.rpc.agentnotifiers.dhcp_rpc_agent_api [None req-2faf4efb-7f2c-401f-b7fa-f03e460fcf25 7be1565c942145ff935594b76aef8dce e992b90b2c1d49d48c3487788f3e26c7 - - default default] Unable to schedule network 01aaf83a-285e-4494-8eff-240afccb5159: no agents available; will retry on subsequent port and subnet creation events.
2026-07-22 15:28:10.204 9 INFO neutron.wsgi [req-4ffae05d-ed33-4064-a1e3-2d4f09ebd6ff req-075e055d-69e2-447c-adba-5437f0e98d11 c5decff5e07a4a46af54f979b231697a ed8280b24552403eab8d104f561792cf - - default default] 199.204.45.95 "GET /v2.0/ports?device_id=46c4fc23-d2de-40b9-b54c-8331885a8b0b HTTP/1.1" status: 200 len: 1168 time: 0.0499473
2026-07-22 15:28:10.254 10 INFO neutron.db.ovn_revision_numbers_db [None req-91634bbd-2e4a-4839-81c0-bb0bef585a77 3fd8b9135afe48e99a2e6a952158ea37 a6f533c6b5aa461292a4019a9f374160 - - default default] Successfully bumped revision number for resource b76ab2cd-1335-4202-93ca-f1252d0128dc (type: routers) to 1
2026-07-22 15:28:10.269 10 INFO neutron.wsgi [None req-91634bbd-2e4a-4839-81c0-bb0bef585a77 3fd8b9135afe48e99a2e6a952158ea37 a6f533c6b5aa461292a4019a9f374160 - - default default] 10.0.0.179 "POST /v2.0/routers HTTP/1.1" status: 201 len: 654 time: 0.1717150
2026-07-22 15:28:10.325 9 INFO neutron.db.ovn_revision_numbers_db [None req-dce3b029-d00b-4178-9294-9dee77922ec6 - - - - - -] Successfully bumped revision number for resource 040a9b7d-d89f-4a0c-a3dd-48e8ce06ad09 (type: ports) to 5
2026-07-22 15:28:10.440 10 INFO neutron.db.ovn_revision_numbers_db [None req-3139ad9c-0719-4ba1-a389-51db3f4fd6fd 3fd8b9135afe48e99a2e6a952158ea37 a6f533c6b5aa461292a4019a9f374160 - - default default] Successfully bumped revision number for resource fd2651dd-8653-44c8-b8f7-95e7b6b3011b (type: routers) to 1
2026-07-22 15:28:10.453 10 INFO neutron.wsgi [None req-3139ad9c-0719-4ba1-a389-51db3f4fd6fd 3fd8b9135afe48e99a2e6a952158ea37 a6f533c6b5aa461292a4019a9f374160 - - default default] 10.0.0.179 "POST /v2.0/routers HTTP/1.1" status: 201 len: 654 time: 0.1784937
2026-07-22 15:28:10.644 9 INFO neutron.wsgi [req-4ffae05d-ed33-4064-a1e3-2d4f09ebd6ff req-b6cc6c50-4ebe-4790-8350-b702a81c86d4 c5decff5e07a4a46af54f979b231697a ed8280b24552403eab8d104f561792cf - - default default] 199.204.45.95 "DELETE /v2.0/ports/040a9b7d-d89f-4a0c-a3dd-48e8ce06ad09 HTTP/1.1" status: 204 len: 173 time: 0.4321792
2026-07-22 15:28:10.652 10 INFO neutron.db.ovn_revision_numbers_db [None req-4271bd48-bbaf-42b7-aa1e-ce5bd318cc39 3fd8b9135afe48e99a2e6a952158ea37 a6f533c6b5aa461292a4019a9f374160 - - default default] Successfully bumped revision number for resource a7a91701-47c8-496d-851f-1293e25cf2f5 (type: routers) to 1
2026-07-22 15:28:10.670 10 INFO neutron.wsgi [None req-4271bd48-bbaf-42b7-aa1e-ce5bd318cc39 3fd8b9135afe48e99a2e6a952158ea37 a6f533c6b5aa461292a4019a9f374160 - - default default] 10.0.0.179 "POST /v2.0/routers HTTP/1.1" status: 201 len: 654 time: 0.2112663 /var/lib/openstack/lib/python3.10/site-packages/pycadf/identifier.py:71: UserWarning: Invalid uuid: neutron. To ensure interoperability, identifiers should be a valid uuid. warnings.warn(('Invalid uuid: %s. To ensure interoperability, '
2026-07-22 15:28:10.681 9 INFO neutron.db.ovn_revision_numbers_db [None req-2faf4efb-7f2c-401f-b7fa-f03e460fcf25 7be1565c942145ff935594b76aef8dce e992b90b2c1d49d48c3487788f3e26c7 - - default default] Successfully bumped revision number for resource 335a1b72-2f3e-4eb8-bd79-98ce630ed487 (type: floatingips) to 0
2026-07-22 15:28:10.706 9 INFO neutron.wsgi [None req-2faf4efb-7f2c-401f-b7fa-f03e460fcf25 7be1565c942145ff935594b76aef8dce e992b90b2c1d49d48c3487788f3e26c7 - - default default] 10.0.0.179 "POST /v2.0/floatingips HTTP/1.1" status: 201 len: 751 time: 1.0205524
2026-07-22 15:28:10.727 9 INFO neutron.wsgi [None req-f57015da-09be-4f16-ac34-ca6d52ca1ea8 3fd8b9135afe48e99a2e6a952158ea37 a6f533c6b5aa461292a4019a9f374160 - - default default] 10.0.0.179 "PUT /v2.0/routers/a936d3e1-0d58-40f2-ba39-1bfda65cb208/tags HTTP/1.1" status: 200 len: 210 time: 0.0526412
2026-07-22 15:28:10.758 10 INFO neutron.wsgi [None req-f38f7170-a36f-43a6-8a21-685596517480 7be1565c942145ff935594b76aef8dce e992b90b2c1d49d48c3487788f3e26c7 - - default default] 10.0.0.179 "PUT /v2.0/floatingips/335a1b72-2f3e-4eb8-bd79-98ce630ed487/tags HTTP/1.1" status: 200 len: 218 time: 0.0454540
2026-07-22 15:28:10.791 10 INFO neutron.wsgi [None req-03aa90c9-fdd0-47a0-9e45-d71347d7fdce 7be1565c942145ff935594b76aef8dce e992b90b2c1d49d48c3487788f3e26c7 - - default default] 10.0.0.179 "GET /v2.0/floatingips/335a1b72-2f3e-4eb8-bd79-98ce630ed487/tags HTTP/1.1" status: 200 len: 218 time: 0.0271304
2026-07-22 15:28:10.793 9 INFO neutron.wsgi [None req-733cfe2b-fdd3-4d51-9792-30cbc658df86 3fd8b9135afe48e99a2e6a952158ea37 a6f533c6b5aa461292a4019a9f374160 - - default default] 10.0.0.179 "PUT /v2.0/routers/f8066c3e-b57c-4773-be35-42b79f40cb5d/tags HTTP/1.1" status: 200 len: 218 time: 0.0614605
2026-07-22 15:28:10.834 10 INFO neutron.wsgi [None req-5eee701c-9a29-410e-81cb-696d313e4d68 7be1565c942145ff935594b76aef8dce e992b90b2c1d49d48c3487788f3e26c7 - - default default] 10.0.0.179 "PUT /v2.0/floatingips/335a1b72-2f3e-4eb8-bd79-98ce630ed487/tags/green HTTP/1.1" status: 201 len: 201 time: 0.0369554
2026-07-22 15:28:10.866 10 INFO neutron.wsgi [None req-28c63548-7c93-43d6-8a44-65916784f732 7be1565c942145ff935594b76aef8dce e992b90b2c1d49d48c3487788f3e26c7 - - default default] 10.0.0.179 "GET /v2.0/floatingips/335a1b72-2f3e-4eb8-bd79-98ce630ed487/tags HTTP/1.1" status: 200 len: 227 time: 0.0271947
2026-07-22 15:28:10.871 9 INFO neutron.wsgi [None req-6d57bed7-af84-41fe-9179-d629fdcedd3e 3fd8b9135afe48e99a2e6a952158ea37 a6f533c6b5aa461292a4019a9f374160 - - default default] 10.0.0.179 "PUT /v2.0/routers/b76ab2cd-1335-4202-93ca-f1252d0128dc/tags HTTP/1.1" status: 200 len: 227 time: 0.0700040
2026-07-22 15:28:10.901 10 INFO neutron.wsgi [None req-28a64ad8-f6b9-4834-b2dd-b91bd9bac4a1 7be1565c942145ff935594b76aef8dce e992b90b2c1d49d48c3487788f3e26c7 - - default default] 10.0.0.179 "PUT /v2.0/floatingips/335a1b72-2f3e-4eb8-bd79-98ce630ed487/tags/red HTTP/1.1" status: 201 len: 201 time: 0.0288396
2026-07-22 15:28:10.928 10 INFO neutron.wsgi [None req-f499dee1-91ee-4ee7-948c-6ddb760f8f8f 7be1565c942145ff935594b76aef8dce e992b90b2c1d49d48c3487788f3e26c7 - - default default] 10.0.0.179 "GET /v2.0/floatingips/335a1b72-2f3e-4eb8-bd79-98ce630ed487/tags HTTP/1.1" status: 200 len: 227 time: 0.0228798
2026-07-22 15:28:10.929 9 INFO neutron.wsgi [None req-be571728-84d1-445e-876e-be872a87d507 3fd8b9135afe48e99a2e6a952158ea37 a6f533c6b5aa461292a4019a9f374160 - - default default] 10.0.0.179 "PUT /v2.0/routers/fd2651dd-8653-44c8-b8f7-95e7b6b3011b/tags HTTP/1.1" status: 200 len: 212 time: 0.0527074
2026-07-22 15:28:10.969 10 INFO neutron.wsgi [None req-5f83fcb6-16e8-4539-86ae-66ff8415ff0b 7be1565c942145ff935594b76aef8dce e992b90b2c1d49d48c3487788f3e26c7 - - default default] 10.0.0.179 "PUT /v2.0/floatingips/335a1b72-2f3e-4eb8-bd79-98ce630ed487/tags/black.or.white HTTP/1.1" status: 201 len: 201 time: 0.0356832
2026-07-22 15:28:11.134 10 INFO neutron.wsgi [None req-28726ed3-58b8-4832-96e0-5ce28decb91b c5decff5e07a4a46af54f979b231697a ed8280b24552403eab8d104f561792cf - - default default] 10.0.0.179 "DELETE /v2.0/security-groups/20392f37-1311-43ae-9d67-213bdbe5251e HTTP/1.1" status: 204 len: 168 time: 0.1324601
2026-07-22 15:28:11.268 9 INFO neutron.wsgi [None req-6994893a-8d68-4e2c-94b1-ff6c7937c06d 7be1565c942145ff935594b76aef8dce e992b90b2c1d49d48c3487788f3e26c7 - - default default] 10.0.0.179 "GET /v2.0/floatingips/335a1b72-2f3e-4eb8-bd79-98ce630ed487/tags HTTP/1.1" status: 200 len: 245 time: 0.2937934
2026-07-22 15:28:11.272 9 INFO neutron.wsgi [None req-94192f19-d421-4348-a64f-d74ff176390c 3fd8b9135afe48e99a2e6a952158ea37 a6f533c6b5aa461292a4019a9f374160 - - default default] 10.0.0.179 "GET /v2.0/routers?tags=red HTTP/1.1" status: 200 len: 1601 time: 0.3365672
2026-07-22 15:28:11.290 9 INFO neutron.notifiers.nova [-] Nova event matching ['req-f0b035f3-feba-4937-8a89-49afc9bf7e3a'] response: {'server_uuid': '46c4fc23-d2de-40b9-b54c-8331885a8b0b', 'name': 'network-vif-unplugged', 'status': 'completed', 'tag': '040a9b7d-d89f-4a0c-a3dd-48e8ce06ad09', 'code': 200}
2026-07-22 15:28:11.290 9 INFO neutron.notifiers.nova [-] Nova event matching ['req-f0b035f3-feba-4937-8a89-49afc9bf7e3a'] response: {'server_uuid': '46c4fc23-d2de-40b9-b54c-8331885a8b0b', 'name': 'network-vif-plugged', 'status': 'completed', 'tag': '040a9b7d-d89f-4a0c-a3dd-48e8ce06ad09', 'code': 200}
2026-07-22 15:28:11.290 9 INFO neutron.notifiers.nova [-] Nova event matching ['req-f0b035f3-feba-4937-8a89-49afc9bf7e3a'] response: {'server_uuid': '46c4fc23-d2de-40b9-b54c-8331885a8b0b', 'name': 'network-vif-deleted', 'tag': '040a9b7d-d89f-4a0c-a3dd-48e8ce06ad09', 'status': 'completed', 'code': 200}
2026-07-22 15:28:11.309 9 INFO neutron.wsgi [None req-e3b21a18-90d9-4f2d-bab7-ae0d00b71b85 7be1565c942145ff935594b76aef8dce e992b90b2c1d49d48c3487788f3e26c7 - - default default] 10.0.0.179 "PUT /v2.0/floatingips/335a1b72-2f3e-4eb8-bd79-98ce630ed487/tags HTTP/1.1" status: 200 len: 230 time: 0.0363476
2026-07-22 15:28:11.346 9 INFO neutron.wsgi [None req-3ccc4290-3012-43e0-bfb1-6b187f231097 7be1565c942145ff935594b76aef8dce e992b90b2c1d49d48c3487788f3e26c7 - - default default] 10.0.0.179 "GET /v2.0/floatingips/335a1b72-2f3e-4eb8-bd79-98ce630ed487/tags HTTP/1.1" status: 200 len: 230 time: 0.0320878
2026-07-22 15:28:11.384 9 INFO neutron.wsgi [None req-d7219f32-81ea-4cfa-8a6f-c820405d0df1 7be1565c942145ff935594b76aef8dce e992b90b2c1d49d48c3487788f3e26c7 - - default default] 10.0.0.179 "GET /v2.0/floatingips/335a1b72-2f3e-4eb8-bd79-98ce630ed487/tags/red HTTP/1.1" status: 204 len: 168 time: 0.0334194
2026-07-22 15:28:11.413 9 INFO neutron.api.v2.resource [None req-5c92a4e2-be48-4c2a-b06d-0b52cd2d28cc 7be1565c942145ff935594b76aef8dce e992b90b2c1d49d48c3487788f3e26c7 - - default default] show failed (client error): The resource could not be found.
2026-07-22 15:28:11.414 9 INFO neutron.wsgi [None req-5c92a4e2-be48-4c2a-b06d-0b52cd2d28cc 7be1565c942145ff935594b76aef8dce e992b90b2c1d49d48c3487788f3e26c7 - - default default] 10.0.0.179 "GET /v2.0/floatingips/335a1b72-2f3e-4eb8-bd79-98ce630ed487/tags/green HTTP/1.1" status: 404 len: 299 time: 0.0257418
2026-07-22 15:28:11.457 9 INFO neutron.wsgi [None req-18b24484-07b0-4951-a01c-d5c25cc1d11d 7be1565c942145ff935594b76aef8dce e992b90b2c1d49d48c3487788f3e26c7 - - default default] 10.0.0.179 "DELETE /v2.0/floatingips/335a1b72-2f3e-4eb8-bd79-98ce630ed487/tags/red HTTP/1.1" status: 204 len: 168 time: 0.0378735
2026-07-22 15:28:11.489 9 INFO neutron.wsgi [None req-fd355f76-5dc5-47f4-9c0c-9b48fd0814f2 7be1565c942145ff935594b76aef8dce e992b90b2c1d49d48c3487788f3e26c7 - - default default] 10.0.0.179 "GET /v2.0/floatingips/335a1b72-2f3e-4eb8-bd79-98ce630ed487/tags HTTP/1.1" status: 200 len: 223 time: 0.0278399
2026-07-22 15:28:11.527 9 INFO neutron.api.v2.resource [None req-3cffc043-f3ad-4384-a635-3d77294c8817 7be1565c942145ff935594b76aef8dce e992b90b2c1d49d48c3487788f3e26c7 - - default default] delete failed (client error): The resource could not be found.
2026-07-22 15:28:11.528 9 INFO neutron.wsgi [None req-3cffc043-f3ad-4384-a635-3d77294c8817 7be1565c942145ff935594b76aef8dce e992b90b2c1d49d48c3487788f3e26c7 - - default default] 10.0.0.179 "DELETE /v2.0/floatingips/335a1b72-2f3e-4eb8-bd79-98ce630ed487/tags/green HTTP/1.1" status: 404 len: 299 time: 0.0331674
2026-07-22 15:28:11.546 10 INFO neutron.wsgi [None req-135a6393-9e76-4dfc-b694-ea5db58f78e2 3fd8b9135afe48e99a2e6a952158ea37 a6f533c6b5aa461292a4019a9f374160 - - default default] 10.0.0.179 "GET /v2.0/routers?tags=red%2Cblue HTTP/1.1" status: 200 len: 1144 time: 0.2694290
2026-07-22 15:28:11.586 9 INFO neutron.wsgi [None req-33e29011-e9ba-495f-87cb-47b47a8bd8d4 7be1565c942145ff935594b76aef8dce e992b90b2c1d49d48c3487788f3e26c7 - - default default] 10.0.0.179 "DELETE /v2.0/floatingips/335a1b72-2f3e-4eb8-bd79-98ce630ed487/tags HTTP/1.1" status: 204 len: 168 time: 0.0500324
2026-07-22 15:28:11.635 9 INFO neutron.wsgi [None req-40f766c8-6e62-496d-aa0b-96ee600275bb 7be1565c942145ff935594b76aef8dce e992b90b2c1d49d48c3487788f3e26c7 - - default default] 10.0.0.179 "GET /v2.0/floatingips/335a1b72-2f3e-4eb8-bd79-98ce630ed487/tags HTTP/1.1" status: 200 len: 205 time: 0.0443034
2026-07-22 15:28:11.654 10 INFO neutron.wsgi [None req-1865e74d-d8c6-48f4-89d1-63d3ddef9917 3fd8b9135afe48e99a2e6a952158ea37 a6f533c6b5aa461292a4019a9f374160 - - default default] 10.0.0.179 "GET /v2.0/routers?tags-any=blue HTTP/1.1" status: 200 len: 1144 time: 0.0987411
2026-07-22 15:28:11.735 9 INFO neutron.wsgi [None req-f9e74cc7-b5bc-4edd-8327-0d2964ab308b 3fd8b9135afe48e99a2e6a952158ea37 a6f533c6b5aa461292a4019a9f374160 - - default default] 10.0.0.179 "GET /v2.0/routers?tags-any=red%2Cblue HTTP/1.1" status: 200 len: 1601 time: 0.0750799
2026-07-22 15:28:11.812 9 INFO neutron.wsgi [None req-c12e668a-951b-4c43-ad08-1aa468624117 3fd8b9135afe48e99a2e6a952158ea37 a6f533c6b5aa461292a4019a9f374160 - - default default] 10.0.0.179 "GET /v2.0/routers?not-tags=red HTTP/1.1" status: 200 len: 1116 time: 0.0730631
2026-07-22 15:28:11.893 9 INFO neutron.wsgi [None req-25ef93b4-610e-4314-b916-a1e402b66fc9 3fd8b9135afe48e99a2e6a952158ea37 a6f533c6b5aa461292a4019a9f374160 - - default default] 10.0.0.179 "GET /v2.0/routers?not-tags=red%2Cblue HTTP/1.1" status: 200 len: 1573 time: 0.0755756
2026-07-22 15:28:11.969 9 INFO neutron.wsgi [None req-e635c165-2942-4f46-bf98-3acdc9610cc0 3fd8b9135afe48e99a2e6a952158ea37 a6f533c6b5aa461292a4019a9f374160 - - default default] 10.0.0.179 "GET /v2.0/routers?not-tags-any=blue HTTP/1.1" status: 200 len: 1573 time: 0.0711799
2026-07-22 15:28:12.040 10 INFO neutron.wsgi [None req-1d14b095-8823-481f-9342-0278e31aec01 3fd8b9135afe48e99a2e6a952158ea37 a6f533c6b5aa461292a4019a9f374160 - - default default] 10.0.0.179 "GET /v2.0/routers?not-tags-any=red%2Cblue HTTP/1.1" status: 200 len: 1116 time: 0.0644932
2026-07-22 15:28:12.102 9 INFO neutron.wsgi [None req-b5d32f9d-7ab8-4b55-9dff-3cfa3e25a85d 3fd8b9135afe48e99a2e6a952158ea37 a6f533c6b5aa461292a4019a9f374160 - - default default] 10.0.0.179 "GET /v2.0/routers/a936d3e1-0d58-40f2-ba39-1bfda65cb208 HTTP/1.1" status: 200 len: 660 time: 0.0547791
2026-07-22 15:28:12.176 9 INFO neutron.wsgi [None req-1b929953-bb6d-4963-9fd4-c2cb65c8d8b3 7be1565c942145ff935594b76aef8dce e992b90b2c1d49d48c3487788f3e26c7 - - default default] 10.0.0.179 "DELETE /v2.0/floatingips/335a1b72-2f3e-4eb8-bd79-98ce630ed487 HTTP/1.1" status: 204 len: 168 time: 0.5355487
2026-07-22 15:28:12.501 10 INFO neutron.wsgi [None req-5ea7a162-eb23-4798-b7cf-b9e581ec5cb8 c5decff5e07a4a46af54f979b231697a ed8280b24552403eab8d104f561792cf - - default default] 10.0.0.179 "PUT /v2.0/routers/0228f87a-2043-43c2-851f-ae0be00f0758/remove_router_interface HTTP/1.1" status: 200 len: 503 time: 1.3358178
2026-07-22 15:28:12.751 9 INFO neutron.wsgi [None req-838ac285-96a7-42f9-8209-a331d656db77 c5decff5e07a4a46af54f979b231697a ed8280b24552403eab8d104f561792cf - - default default] 10.0.0.179 "DELETE /v2.0/subnets/21503e0a-18d5-4722-a6ec-d0e745cd9662 HTTP/1.1" status: 204 len: 168 time: 0.2455397
2026-07-22 15:28:12.867 10 INFO neutron.db.ovn_revision_numbers_db [None req-4989ae0a-7cfc-45d0-bf49-0b9387c73600 3fd8b9135afe48e99a2e6a952158ea37 a6f533c6b5aa461292a4019a9f374160 - - default default] Successfully bumped revision number for resource a936d3e1-0d58-40f2-ba39-1bfda65cb208 (type: routers) to 2
2026-07-22 15:28:12.870 10 INFO neutron.wsgi [None req-4989ae0a-7cfc-45d0-bf49-0b9387c73600 3fd8b9135afe48e99a2e6a952158ea37 a6f533c6b5aa461292a4019a9f374160 - - default default] 10.0.0.179 "PUT /v2.0/routers/a936d3e1-0d58-40f2-ba39-1bfda65cb208 HTTP/1.1" status: 200 len: 660 time: 0.7615714
2026-07-22 15:28:12.898 9 INFO neutron.wsgi [None req-30af9753-2a8b-4d42-9f86-d421455ce045 3fd8b9135afe48e99a2e6a952158ea37 a6f533c6b5aa461292a4019a9f374160 - - default default] 10.0.0.179 "GET /v2.0/ports?device_id=a936d3e1-0d58-40f2-ba39-1bfda65cb208 HTTP/1.1" status: 200 len: 205 time: 0.0238812 /var/lib/openstack/lib/python3.10/site-packages/pycadf/identifier.py:71: UserWarning: Invalid uuid: neutron. To ensure interoperability, identifiers should be a valid uuid. warnings.warn(('Invalid uuid: %s. To ensure interoperability, '
2026-07-22 15:28:13.176 10 INFO neutron.wsgi [None req-de06bdef-27ca-48ff-8c65-6842ab15e654 3fd8b9135afe48e99a2e6a952158ea37 a6f533c6b5aa461292a4019a9f374160 - - default default] 10.0.0.179 "DELETE /v2.0/routers/a936d3e1-0d58-40f2-ba39-1bfda65cb208 HTTP/1.1" status: 204 len: 168 time: 0.2702224
2026-07-22 15:28:13.211 10 INFO neutron.db.ovn_revision_numbers_db [None req-0ce1dc07-c8a1-4bc5-b7fd-2826ab27b3d5 5c2d2eea7ebd43eaafe62f9f7646482d 1cefd14a2ae340718011307e746df049 - - default default] Successfully bumped revision number for resource 4fd0769d-838a-4530-989f-080245589341 (type: security_groups) to 1
2026-07-22 15:28:13.238 10 INFO neutron.wsgi [None req-87230e86-6779-4b76-ae49-c3645e36f9ca 3fd8b9135afe48e99a2e6a952158ea37 a6f533c6b5aa461292a4019a9f374160 - - default default] 10.0.0.179 "GET /v2.0/routers/f8066c3e-b57c-4773-be35-42b79f40cb5d HTTP/1.1" status: 200 len: 668 time: 0.0580275
2026-07-22 15:28:13.249 10 INFO neutron.db.ovn_revision_numbers_db [None req-0ce1dc07-c8a1-4bc5-b7fd-2826ab27b3d5 5c2d2eea7ebd43eaafe62f9f7646482d 1cefd14a2ae340718011307e746df049 - - default default] Successfully bumped revision number for resource 17987075-cc6e-40f5-930e-fd9bcc98a2b4 (type: security_group_rules) to 0
2026-07-22 15:28:13.290 10 INFO neutron.db.ovn_revision_numbers_db [None req-0ce1dc07-c8a1-4bc5-b7fd-2826ab27b3d5 5c2d2eea7ebd43eaafe62f9f7646482d 1cefd14a2ae340718011307e746df049 - - default default] Successfully bumped revision number for resource 61a4ba5f-938a-4a77-8efe-b24a20dae7df (type: security_group_rules) to 0
2026-07-22 15:28:13.327 10 INFO neutron.db.ovn_revision_numbers_db [None req-0ce1dc07-c8a1-4bc5-b7fd-2826ab27b3d5 5c2d2eea7ebd43eaafe62f9f7646482d 1cefd14a2ae340718011307e746df049 - - default default] Successfully bumped revision number for resource 94b28f6a-f875-45cc-86b5-8f7fa3d7c98b (type: security_group_rules) to 0
2026-07-22 15:28:13.362 10 INFO neutron.db.ovn_revision_numbers_db [None req-0ce1dc07-c8a1-4bc5-b7fd-2826ab27b3d5 5c2d2eea7ebd43eaafe62f9f7646482d 1cefd14a2ae340718011307e746df049 - - default default] Successfully bumped revision number for resource bd59bbca-6f82-422c-bafa-4221e26ed5f8 (type: security_group_rules) to 0
2026-07-22 15:28:13.383 9 INFO neutron.wsgi [None req-b9a327aa-35ae-43b3-909f-2b4325dbb84e c5decff5e07a4a46af54f979b231697a ed8280b24552403eab8d104f561792cf - - default default] 10.0.0.179 "DELETE /v2.0/routers/0228f87a-2043-43c2-851f-ae0be00f0758 HTTP/1.1" status: 204 len: 168 time: 0.6250985
2026-07-22 15:28:13.418 10 INFO neutron.wsgi [None req-0ce1dc07-c8a1-4bc5-b7fd-2826ab27b3d5 5c2d2eea7ebd43eaafe62f9f7646482d 1cefd14a2ae340718011307e746df049 - - default default] 10.0.0.179 "GET /v2.0/security-groups?tenant_id=00733e209b96450bb27598311ce67c7b&name=default HTTP/1.1" status: 200 len: 2996 time: 0.5292013
2026-07-22 15:28:13.655 10 INFO neutron.wsgi [-] 10.0.0.106 "GET / HTTP/1.1" status: 200 len: 246 time: 0.0014529
2026-07-22 15:28:13.656 9 INFO neutron.wsgi [-] 10.0.0.106 "GET / HTTP/1.1" status: 200 len: 246 time: 0.0022726
2026-07-22 15:28:13.712 10 INFO neutron.db.ovn_revision_numbers_db [None req-944519c3-baa7-4b70-ba01-1dc5a90b96dc 3fd8b9135afe48e99a2e6a952158ea37 a6f533c6b5aa461292a4019a9f374160 - - default default] Successfully bumped revision number for resource f8066c3e-b57c-4773-be35-42b79f40cb5d (type: routers) to 2
2026-07-22 15:28:13.715 10 INFO neutron.wsgi [None req-944519c3-baa7-4b70-ba01-1dc5a90b96dc 3fd8b9135afe48e99a2e6a952158ea37 a6f533c6b5aa461292a4019a9f374160 - - default default] 10.0.0.179 "PUT /v2.0/routers/f8066c3e-b57c-4773-be35-42b79f40cb5d HTTP/1.1" status: 200 len: 668 time: 0.4723673
2026-07-22 15:28:13.737 9 INFO neutron.wsgi [None req-33d647eb-9480-4def-82b2-5fd04ba47c15 3fd8b9135afe48e99a2e6a952158ea37 a6f533c6b5aa461292a4019a9f374160 - - default default] 10.0.0.179 "GET /v2.0/ports?device_id=f8066c3e-b57c-4773-be35-42b79f40cb5d HTTP/1.1" status: 200 len: 205 time: 0.0173221
2026-07-22 15:28:13.767 10 INFO neutron.wsgi [None req-90f1029c-a7f9-410a-8523-c375fc934351 5c2d2eea7ebd43eaafe62f9f7646482d 1cefd14a2ae340718011307e746df049 - - default default] 10.0.0.179 "DELETE /v2.0/security-groups/4fd0769d-838a-4530-989f-080245589341 HTTP/1.1" status: 204 len: 168 time: 0.3439817
2026-07-22 15:28:13.812 9 INFO neutron.services.segments.plugin [-] Segment e065c30e-f020-4481-8743-0f7c23d443aa resource provider aggregate not found
2026-07-22 15:28:13.817 9 INFO neutron.services.segments.plugin [-] Segment e065c30e-f020-4481-8743-0f7c23d443aa resource provider aggregate not found
2026-07-22 15:28:13.833 9 INFO neutron.services.segments.plugin [-] Segment e065c30e-f020-4481-8743-0f7c23d443aa resource provider not found; error: Placement Client Error (4xx): {"errors": [{"status": 404, "title": "Not Found", "detail": "The resource could not be found.\n\n No resource provider with uuid e065c30e-f020-4481-8743-0f7c23d443aa found for delete ", "request_id": "req-5f52ed40-95b5-4e41-807b-4816e0c2d99b"}]}
2026-07-22 15:28:13.835 9 INFO neutron.services.segments.plugin [-] Segment e065c30e-f020-4481-8743-0f7c23d443aa resource provider not found; error: Placement Client Error (4xx): {"errors": [{"status": 404, "title": "Not Found", "detail": "The resource could not be found.\n\n No resource provider with uuid e065c30e-f020-4481-8743-0f7c23d443aa found for delete ", "request_id": "req-904eded0-665d-4688-9767-8a98166f703f"}]}
2026-07-22 15:28:13.902 9 INFO neutron.wsgi [None req-e3d524d8-d396-45bc-b49f-fb234d17922c c5decff5e07a4a46af54f979b231697a ed8280b24552403eab8d104f561792cf - - default default] 10.0.0.179 "DELETE /v2.0/networks/8196a4fd-3283-4b22-b639-518c28238901 HTTP/1.1" status: 204 len: 168 time: 0.5137823
2026-07-22 15:28:14.012 9 INFO neutron.wsgi [None req-eaa871ba-3d16-441d-a730-de088f155ca9 3fd8b9135afe48e99a2e6a952158ea37 a6f533c6b5aa461292a4019a9f374160 - - default default] 10.0.0.179 "DELETE /v2.0/routers/f8066c3e-b57c-4773-be35-42b79f40cb5d HTTP/1.1" status: 204 len: 168 time: 0.2693007
2026-07-22 15:28:14.062 10 INFO neutron.wsgi [None req-a21c124a-7314-436e-8f64-7992d291c81c 3fd8b9135afe48e99a2e6a952158ea37 a6f533c6b5aa461292a4019a9f374160 - - default default] 10.0.0.179 "GET /v2.0/routers/b76ab2cd-1335-4202-93ca-f1252d0128dc HTTP/1.1" status: 200 len: 677 time: 0.0452654
2026-07-22 15:28:14.068 9 INFO neutron.db.ovn_revision_numbers_db [None req-73eabdaa-d7fe-4daa-ac2d-2a9a6f4041bf 5c2d2eea7ebd43eaafe62f9f7646482d 1cefd14a2ae340718011307e746df049 - - default default] Successfully bumped revision number for resource b57f2da7-ec50-4742-a15c-b8f16435ed2a (type: security_groups) to 1
2026-07-22 15:28:14.088 9 INFO neutron.db.ovn_revision_numbers_db [None req-73eabdaa-d7fe-4daa-ac2d-2a9a6f4041bf 5c2d2eea7ebd43eaafe62f9f7646482d 1cefd14a2ae340718011307e746df049 - - default default] Successfully bumped revision number for resource 93ec3932-64f7-4a9c-9786-0d316d73a67a (type: security_group_rules) to 0
2026-07-22 15:28:14.107 9 INFO neutron.db.ovn_revision_numbers_db [None req-73eabdaa-d7fe-4daa-ac2d-2a9a6f4041bf 5c2d2eea7ebd43eaafe62f9f7646482d 1cefd14a2ae340718011307e746df049 - - default default] Successfully bumped revision number for resource 9aed75eb-9c0e-4da6-b04b-4f06a348dbd5 (type: security_group_rules) to 0
2026-07-22 15:28:14.128 9 INFO neutron.db.ovn_revision_numbers_db [None req-73eabdaa-d7fe-4daa-ac2d-2a9a6f4041bf 5c2d2eea7ebd43eaafe62f9f7646482d 1cefd14a2ae340718011307e746df049 - - default default] Successfully bumped revision number for resource e61f0272-3291-419e-8bef-79e194ce8592 (type: security_group_rules) to 0
2026-07-22 15:28:14.142 9 INFO neutron.db.ovn_revision_numbers_db [None req-73eabdaa-d7fe-4daa-ac2d-2a9a6f4041bf 5c2d2eea7ebd43eaafe62f9f7646482d 1cefd14a2ae340718011307e746df049 - - default default] Successfully bumped revision number for resource efe356a0-dcdb-4211-be4d-3e0127473080 (type: security_group_rules) to 0
2026-07-22 15:28:14.168 9 INFO neutron.wsgi [None req-73eabdaa-d7fe-4daa-ac2d-2a9a6f4041bf 5c2d2eea7ebd43eaafe62f9f7646482d 1cefd14a2ae340718011307e746df049 - - default default] 10.0.0.179 "GET /v2.0/security-groups?tenant_id=e992b90b2c1d49d48c3487788f3e26c7&name=default HTTP/1.1" status: 200 len: 2996 time: 0.2962222
2026-07-22 15:28:14.388 9 INFO neutron.wsgi [None req-45081a4d-7af6-4313-ae94-6c54cb299949 5c2d2eea7ebd43eaafe62f9f7646482d 1cefd14a2ae340718011307e746df049 - - default default] 10.0.0.179 "DELETE /v2.0/security-groups/b57f2da7-ec50-4742-a15c-b8f16435ed2a HTTP/1.1" status: 204 len: 168 time: 0.2158759
2026-07-22 15:28:14.499 10 INFO neutron.db.ovn_revision_numbers_db [None req-e7865af7-b7db-4a0d-b599-ec985e88aca9 3fd8b9135afe48e99a2e6a952158ea37 a6f533c6b5aa461292a4019a9f374160 - - default default] Successfully bumped revision number for resource b76ab2cd-1335-4202-93ca-f1252d0128dc (type: routers) to 2
2026-07-22 15:28:14.502 10 INFO neutron.wsgi [None req-e7865af7-b7db-4a0d-b599-ec985e88aca9 3fd8b9135afe48e99a2e6a952158ea37 a6f533c6b5aa461292a4019a9f374160 - - default default] 10.0.0.179 "PUT /v2.0/routers/b76ab2cd-1335-4202-93ca-f1252d0128dc HTTP/1.1" status: 200 len: 677 time: 0.4346945
2026-07-22 15:28:14.538 9 INFO neutron.wsgi [None req-0db0ce37-5897-4ae7-af03-bb070fbe938c 3fd8b9135afe48e99a2e6a952158ea37 a6f533c6b5aa461292a4019a9f374160 - - default default] 10.0.0.179 "GET /v2.0/ports?device_id=b76ab2cd-1335-4202-93ca-f1252d0128dc HTTP/1.1" status: 200 len: 205 time: 0.0313649
2026-07-22 15:28:14.917 15 INFO neutron.plugins.ml2.drivers.ovn.mech_driver.ovsdb.maintenance [None req-7bf9ba59-c765-4bae-b7b8-333b0b127964 - - - - - -] Maintenance task: Synchronization finished (took 1.94 seconds)
2026-07-22 15:28:15.053 9 INFO neutron.wsgi [None req-a84890c5-3251-40bb-a487-6ef7d285e1fd 3fd8b9135afe48e99a2e6a952158ea37 a6f533c6b5aa461292a4019a9f374160 - - default default] 10.0.0.179 "DELETE /v2.0/routers/b76ab2cd-1335-4202-93ca-f1252d0128dc HTTP/1.1" status: 204 len: 168 time: 0.5088992
2026-07-22 15:28:15.102 9 INFO neutron.db.ovn_revision_numbers_db [None req-0be4c35a-9496-45dd-a1c2-b099560a5746 5c2d2eea7ebd43eaafe62f9f7646482d 1cefd14a2ae340718011307e746df049 - - default default] Successfully bumped revision number for resource 80f5d341-7a10-405f-ae34-3d6f9df333c9 (type: security_groups) to 1
2026-07-22 15:28:15.104 10 INFO neutron.wsgi [None req-836bc982-c138-45e4-aa9f-e24f7aff4b8d 3fd8b9135afe48e99a2e6a952158ea37 a6f533c6b5aa461292a4019a9f374160 - - default default] 10.0.0.179 "GET /v2.0/routers/fd2651dd-8653-44c8-b8f7-95e7b6b3011b HTTP/1.1" status: 200 len: 662 time: 0.0468411
2026-07-22 15:28:15.132 9 INFO neutron.db.ovn_revision_numbers_db [None req-0be4c35a-9496-45dd-a1c2-b099560a5746 5c2d2eea7ebd43eaafe62f9f7646482d 1cefd14a2ae340718011307e746df049 - - default default] Successfully bumped revision number for resource 24c86644-6f55-437c-baf6-93b55749c86e (type: security_group_rules) to 0
2026-07-22 15:28:15.150 9 INFO neutron.db.ovn_revision_numbers_db [None req-0be4c35a-9496-45dd-a1c2-b099560a5746 5c2d2eea7ebd43eaafe62f9f7646482d 1cefd14a2ae340718011307e746df049 - - default default] Successfully bumped revision number for resource 3439db02-4741-4705-bd00-97d9f6d7ce34 (type: security_group_rules) to 0
2026-07-22 15:28:15.173 9 INFO neutron.db.ovn_revision_numbers_db [None req-0be4c35a-9496-45dd-a1c2-b099560a5746 5c2d2eea7ebd43eaafe62f9f7646482d 1cefd14a2ae340718011307e746df049 - - default default] Successfully bumped revision number for resource cf5d831f-e194-4404-acb3-587dcdd35f1a (type: security_group_rules) to 0
2026-07-22 15:28:15.187 9 INFO neutron.db.ovn_revision_numbers_db [None req-0be4c35a-9496-45dd-a1c2-b099560a5746 5c2d2eea7ebd43eaafe62f9f7646482d 1cefd14a2ae340718011307e746df049 - - default default] Successfully bumped revision number for resource dc2852a9-5f00-4d04-b6db-839c82810ec2 (type: security_group_rules) to 0
2026-07-22 15:28:15.209 9 INFO neutron.wsgi [None req-0be4c35a-9496-45dd-a1c2-b099560a5746 5c2d2eea7ebd43eaafe62f9f7646482d 1cefd14a2ae340718011307e746df049 - - default default] 10.0.0.179 "GET /v2.0/security-groups?tenant_id=3066af12eebb41f09372c4c506ddf8f7&name=default HTTP/1.1" status: 200 len: 2996 time: 0.6409233
2026-07-22 15:28:15.393 9 INFO neutron.wsgi [None req-7e3d8463-7962-4552-94d7-5ce37a8fca8d 5c2d2eea7ebd43eaafe62f9f7646482d 1cefd14a2ae340718011307e746df049 - - default default] 10.0.0.179 "DELETE /v2.0/security-groups/80f5d341-7a10-405f-ae34-3d6f9df333c9 HTTP/1.1" status: 204 len: 168 time: 0.1783285
2026-07-22 15:28:15.618 9 INFO neutron.wsgi [None req-eb477ecd-4ff1-4fc4-aea8-5991157afdcd 5c2d2eea7ebd43eaafe62f9f7646482d 1cefd14a2ae340718011307e746df049 - - default default] 10.0.0.179 "GET /v2.0/security-groups?tenant_id=ed8280b24552403eab8d104f561792cf&name=default HTTP/1.1" status: 200 len: 2996 time: 0.0419652
2026-07-22 15:28:15.801 9 INFO neutron.wsgi [None req-1a92e4cb-3afd-45c7-9ee5-4c19041276f1 5c2d2eea7ebd43eaafe62f9f7646482d 1cefd14a2ae340718011307e746df049 - - default default] 10.0.0.179 "DELETE /v2.0/security-groups/f59eca4b-bf78-452b-8927-52f4fa31a70c HTTP/1.1" status: 204 len: 168 time: 0.1765115
2026-07-22 15:28:15.832 10 INFO neutron.db.ovn_revision_numbers_db [None req-ca984029-7bf9-41c0-9d19-304b82e1a809 3fd8b9135afe48e99a2e6a952158ea37 a6f533c6b5aa461292a4019a9f374160 - - default default] Successfully bumped revision number for resource fd2651dd-8653-44c8-b8f7-95e7b6b3011b (type: routers) to 2
2026-07-22 15:28:15.836 10 INFO neutron.wsgi [None req-ca984029-7bf9-41c0-9d19-304b82e1a809 3fd8b9135afe48e99a2e6a952158ea37 a6f533c6b5aa461292a4019a9f374160 - - default default] 10.0.0.179 "PUT /v2.0/routers/fd2651dd-8653-44c8-b8f7-95e7b6b3011b HTTP/1.1" status: 200 len: 662 time: 0.7263339
2026-07-22 15:28:15.867 9 INFO neutron.wsgi [None req-5f1c1076-4d47-473c-a374-898ae509c78c 3fd8b9135afe48e99a2e6a952158ea37 a6f533c6b5aa461292a4019a9f374160 - - default default] 10.0.0.179 "GET /v2.0/ports?device_id=fd2651dd-8653-44c8-b8f7-95e7b6b3011b HTTP/1.1" status: 200 len: 205 time: 0.0252132
2026-07-22 15:28:16.067 9 INFO neutron.wsgi [None req-c62c08af-d33b-41c9-b5e7-a22dace73532 3fd8b9135afe48e99a2e6a952158ea37 a6f533c6b5aa461292a4019a9f374160 - - default default] 10.0.0.179 "DELETE /v2.0/routers/fd2651dd-8653-44c8-b8f7-95e7b6b3011b HTTP/1.1" status: 204 len: 168 time: 0.1953850
2026-07-22 15:28:16.127 9 INFO neutron.wsgi [None req-c3c402b3-cc94-4e0b-a299-776ae8f7238d 3fd8b9135afe48e99a2e6a952158ea37 a6f533c6b5aa461292a4019a9f374160 - - default default] 10.0.0.179 "GET /v2.0/routers/a7a91701-47c8-496d-851f-1293e25cf2f5 HTTP/1.1" status: 200 len: 655 time: 0.0521274
2026-07-22 15:28:16.534 9 INFO neutron.wsgi [None req-71fdb1be-ece9-4b64-9777-c93de1f596c3 3fd8b9135afe48e99a2e6a952158ea37 a6f533c6b5aa461292a4019a9f374160 - - default default] 10.0.0.179 "PUT /v2.0/routers/a7a91701-47c8-496d-851f-1293e25cf2f5 HTTP/1.1" status: 200 len: 655 time: 0.4027681
2026-07-22 15:28:16.561 9 INFO neutron.wsgi [None req-72741c1d-92c9-4f18-b33c-9141db0d509a 3fd8b9135afe48e99a2e6a952158ea37 a6f533c6b5aa461292a4019a9f374160 - - default default] 10.0.0.179 "GET /v2.0/ports?device_id=a7a91701-47c8-496d-851f-1293e25cf2f5 HTTP/1.1" status: 200 len: 205 time: 0.0232484
2026-07-22 15:28:16.786 9 INFO neutron.wsgi [None req-e18a33ee-198b-4530-bdd3-a3e037ca7f68 3fd8b9135afe48e99a2e6a952158ea37 a6f533c6b5aa461292a4019a9f374160 - - default default] 10.0.0.179 "DELETE /v2.0/routers/a7a91701-47c8-496d-851f-1293e25cf2f5 HTTP/1.1" status: 204 len: 168 time: 0.2185798
2026-07-22 15:28:17.950 10 INFO neutron.db.ovn_revision_numbers_db [None req-87b3d29e-9b51-47c8-88a8-27bfce55d067 5c2d2eea7ebd43eaafe62f9f7646482d 1cefd14a2ae340718011307e746df049 - - default default] Successfully bumped revision number for resource 8200e200-5289-4dd3-8140-66dd79178759 (type: security_groups) to 1
2026-07-22 15:28:17.966 10 INFO neutron.db.ovn_revision_numbers_db [None req-87b3d29e-9b51-47c8-88a8-27bfce55d067 5c2d2eea7ebd43eaafe62f9f7646482d 1cefd14a2ae340718011307e746df049 - - default default] Successfully bumped revision number for resource 1b6e0a54-5694-47af-a182-cfaeb5c809d1 (type: security_group_rules) to 0
2026-07-22 15:28:17.993 10 INFO neutron.db.ovn_revision_numbers_db [None req-87b3d29e-9b51-47c8-88a8-27bfce55d067 5c2d2eea7ebd43eaafe62f9f7646482d 1cefd14a2ae340718011307e746df049 - - default default] Successfully bumped revision number for resource 47b59279-5ee2-44b3-b6b8-56d610b8f722 (type: security_group_rules) to 0
2026-07-22 15:28:18.034 10 INFO neutron.db.ovn_revision_numbers_db [None req-87b3d29e-9b51-47c8-88a8-27bfce55d067 5c2d2eea7ebd43eaafe62f9f7646482d 1cefd14a2ae340718011307e746df049 - - default default] Successfully bumped revision number for resource 9ddfefde-be36-4dc6-9db6-5324a149b185 (type: security_group_rules) to 0
2026-07-22 15:28:18.061 10 INFO neutron.db.ovn_revision_numbers_db [None req-87b3d29e-9b51-47c8-88a8-27bfce55d067 5c2d2eea7ebd43eaafe62f9f7646482d 1cefd14a2ae340718011307e746df049 - - default default] Successfully bumped revision number for resource efa27aad-a4f3-4ca4-994f-ddc0f6a101a3 (type: security_group_rules) to 0
2026-07-22 15:28:18.098 10 INFO neutron.wsgi [None req-87b3d29e-9b51-47c8-88a8-27bfce55d067 5c2d2eea7ebd43eaafe62f9f7646482d 1cefd14a2ae340718011307e746df049 - - default default] 10.0.0.179 "GET /v2.0/security-groups?tenant_id=a6f533c6b5aa461292a4019a9f374160&name=default HTTP/1.1" status: 200 len: 2996 time: 0.4707177
2026-07-22 15:28:18.178 10 INFO neutron.db.ovn_revision_numbers_db [None req-878e7f27-0b7b-4fcc-aa5b-467485b03145 790c2b98e5684c628bc1a9e868288618 6ae1af299bd8499c92522323c98dede1 - - default default] Successfully bumped revision number for resource 6390cce2-8781-4bbc-8faf-f97c72ba1354 (type: security_groups) to 1
2026-07-22 15:28:18.200 10 INFO neutron.db.ovn_revision_numbers_db [None req-878e7f27-0b7b-4fcc-aa5b-467485b03145 790c2b98e5684c628bc1a9e868288618 6ae1af299bd8499c92522323c98dede1 - - default default] Successfully bumped revision number for resource 68f4fe9e-bca1-44c5-b6bd-0fb958c7167c (type: security_group_rules) to 0
2026-07-22 15:28:18.225 10 INFO neutron.db.ovn_revision_numbers_db [None req-878e7f27-0b7b-4fcc-aa5b-467485b03145 790c2b98e5684c628bc1a9e868288618 6ae1af299bd8499c92522323c98dede1 - - default default] Successfully bumped revision number for resource 7cade360-6f1b-4aff-969f-8f6c4935d061 (type: security_group_rules) to 0
2026-07-22 15:28:18.244 10 INFO neutron.db.ovn_revision_numbers_db [None req-878e7f27-0b7b-4fcc-aa5b-467485b03145 790c2b98e5684c628bc1a9e868288618 6ae1af299bd8499c92522323c98dede1 - - default default] Successfully bumped revision number for resource 9baf3ee8-03af-4794-8e18-66bd45c20595 (type: security_group_rules) to 0
2026-07-22 15:28:18.263 10 INFO neutron.db.ovn_revision_numbers_db [None req-878e7f27-0b7b-4fcc-aa5b-467485b03145 790c2b98e5684c628bc1a9e868288618 6ae1af299bd8499c92522323c98dede1 - - default default] Successfully bumped revision number for resource cb32e3dd-be27-4ced-bd43-9e193b520f7b (type: security_group_rules) to 0
2026-07-22 15:28:18.328 10 INFO neutron.db.segments_db [None req-878e7f27-0b7b-4fcc-aa5b-467485b03145 790c2b98e5684c628bc1a9e868288618 6ae1af299bd8499c92522323c98dede1 - - default default] Added segment 91df1282-910e-4dd7-ab55-4c252cead6ca of type geneve for network c0480560-c31f-42ef-8d1a-c304a16f9c7c
2026-07-22 15:28:18.391 9 INFO neutron.wsgi [None req-b16582f8-e940-416f-90cd-8cf3688a74af 5c2d2eea7ebd43eaafe62f9f7646482d 1cefd14a2ae340718011307e746df049 - - default default] 10.0.0.179 "DELETE /v2.0/security-groups/8200e200-5289-4dd3-8140-66dd79178759 HTTP/1.1" status: 204 len: 168 time: 0.2851040
2026-07-22 15:28:18.483 10 INFO neutron.db.ovn_revision_numbers_db [None req-878e7f27-0b7b-4fcc-aa5b-467485b03145 790c2b98e5684c628bc1a9e868288618 6ae1af299bd8499c92522323c98dede1 - - default default] Successfully bumped revision number for resource c0480560-c31f-42ef-8d1a-c304a16f9c7c (type: networks) to 1
2026-07-22 15:28:18.724 10 WARNING neutron.scheduler.dhcp_agent_scheduler [None req-878e7f27-0b7b-4fcc-aa5b-467485b03145 790c2b98e5684c628bc1a9e868288618 6ae1af299bd8499c92522323c98dede1 - - default default] No more DHCP agents
2026-07-22 15:28:18.727 10 WARNING neutron.api.rpc.agentnotifiers.dhcp_rpc_agent_api [None req-878e7f27-0b7b-4fcc-aa5b-467485b03145 790c2b98e5684c628bc1a9e868288618 6ae1af299bd8499c92522323c98dede1 - - default default] Unable to schedule network c0480560-c31f-42ef-8d1a-c304a16f9c7c: no agents available; will retry on subsequent port and subnet creation events.
2026-07-22 15:28:18.737 9 INFO neutron.db.ovn_revision_numbers_db [None req-b6937bc0-0db2-4d5e-bc96-4dce3d317afd 5c2d2eea7ebd43eaafe62f9f7646482d 1cefd14a2ae340718011307e746df049 - - default default] Successfully bumped revision number for resource 5606a859-8a53-48d1-949d-7916cca81c5e (type: security_groups) to 1
2026-07-22 15:28:18.755 9 INFO neutron.db.ovn_revision_numbers_db [None req-b6937bc0-0db2-4d5e-bc96-4dce3d317afd 5c2d2eea7ebd43eaafe62f9f7646482d 1cefd14a2ae340718011307e746df049 - - default default] Successfully bumped revision number for resource 4a11c3e9-c9b5-402b-acbf-c343cd529e12 (type: security_group_rules) to 0
2026-07-22 15:28:18.773 9 INFO neutron.db.ovn_revision_numbers_db [None req-b6937bc0-0db2-4d5e-bc96-4dce3d317afd 5c2d2eea7ebd43eaafe62f9f7646482d 1cefd14a2ae340718011307e746df049 - - default default] Successfully bumped revision number for resource 4f6fab66-303c-488e-b053-d708c4d629ac (type: security_group_rules) to 0
2026-07-22 15:28:18.793 9 INFO neutron.db.ovn_revision_numbers_db [None req-b6937bc0-0db2-4d5e-bc96-4dce3d317afd 5c2d2eea7ebd43eaafe62f9f7646482d 1cefd14a2ae340718011307e746df049 - - default default] Successfully bumped revision number for resource 732bf585-6974-469b-9d3a-21595c7a655a (type: security_group_rules) to 0
2026-07-22 15:28:18.817 10 INFO neutron.db.ovn_revision_numbers_db [None req-878e7f27-0b7b-4fcc-aa5b-467485b03145 790c2b98e5684c628bc1a9e868288618 6ae1af299bd8499c92522323c98dede1 - - default default] Successfully bumped revision number for resource c8fb7f83-9c8f-48e3-89f9-78cebd5c7c64 (type: ports) to 1
2026-07-22 15:28:18.819 9 INFO neutron.db.ovn_revision_numbers_db [None req-b6937bc0-0db2-4d5e-bc96-4dce3d317afd 5c2d2eea7ebd43eaafe62f9f7646482d 1cefd14a2ae340718011307e746df049 - - default default] Successfully bumped revision number for resource b0522a4b-0fa6-441f-b2d9-c2cabcd13de5 (type: security_group_rules) to 0
2026-07-22 15:28:18.846 9 INFO neutron.wsgi [None req-b6937bc0-0db2-4d5e-bc96-4dce3d317afd 5c2d2eea7ebd43eaafe62f9f7646482d 1cefd14a2ae340718011307e746df049 - - default default] 10.0.0.179 "GET /v2.0/security-groups?tenant_id=f4c657af04034cab9cc9d209b55adb0d&name=default HTTP/1.1" status: 200 len: 2996 time: 0.2448797
2026-07-22 15:28:18.856 10 INFO neutron.wsgi [None req-878e7f27-0b7b-4fcc-aa5b-467485b03145 790c2b98e5684c628bc1a9e868288618 6ae1af299bd8499c92522323c98dede1 - - default default] 10.0.0.179 "POST /v2.0/networks HTTP/1.1" status: 201 len: 830 time: 1.0558238
2026-07-22 15:28:18.913 10 INFO neutron.wsgi [None req-66331756-5eee-4697-92f3-fc92210baed8 790c2b98e5684c628bc1a9e868288618 6ae1af299bd8499c92522323c98dede1 - - default default] 10.0.0.179 "PUT /v2.0/networks/c0480560-c31f-42ef-8d1a-c304a16f9c7c/tags HTTP/1.1" status: 200 len: 218 time: 0.0505297
