2026-07-22 15:24:49.445 9 INFO neutron.wsgi [req-528629d2-6dd6-42a2-a572-994e14ce3666 req-73f5ba39-fdb2-429e-9695-a0746b2effb1 4203cd334d204119bc83993adff8a89e 874bcdc4ad254d06ad07cb5c864f7d6f - - default default] 199.204.45.95 "GET /v2.0/security-groups?fields=id&fields=name&tenant_id=874bcdc4ad254d06ad07cb5c864f7d6f HTTP/1.1" status: 200 len: 378 time: 0.0866146
2026-07-22 15:24:49.511 9 INFO neutron.db.ovn_revision_numbers_db [None req-cd48fbcf-c6b9-4ffb-ba44-6aeb08353b35 - - - - - -] Successfully bumped revision number for resource 27772b43-a84e-43b1-a285-e97c3468617b (type: router_ports) to 4
2026-07-22 15:24:49.609 10 INFO neutron.wsgi [req-7a4a1151-bfac-4175-8f37-47014987a91d req-4b7a4e07-39fa-48a1-ae92-a79938b70c82 4203cd334d204119bc83993adff8a89e 874bcdc4ad254d06ad07cb5c864f7d6f - - default default] 10.0.0.64 "GET /v2.0/ports?device_id=d3918434-fa69-4192-8b48-2e4740066065 HTTP/1.1" status: 200 len: 210 time: 0.0456586
2026-07-22 15:24:49.740 10 INFO neutron.wsgi [None req-605a0086-6465-4d51-ade0-18eb46b3212f 5c2d2eea7ebd43eaafe62f9f7646482d 1cefd14a2ae340718011307e746df049 - - default default] 10.0.0.179 "DELETE /v2.0/subnets/37b3633d-0162-4743-8edb-72bdf5772fe4 HTTP/1.1" status: 204 len: 168 time: 0.3245456
2026-07-22 15:24:49.867 9 WARNING neutron.scheduler.dhcp_agent_scheduler [req-528629d2-6dd6-42a2-a572-994e14ce3666 req-89ba1d85-db3d-454d-b00b-4622ead20aca 4203cd334d204119bc83993adff8a89e 874bcdc4ad254d06ad07cb5c864f7d6f - - default default] No more DHCP agents
2026-07-22 15:24:49.869 9 WARNING neutron.api.rpc.agentnotifiers.dhcp_rpc_agent_api [req-528629d2-6dd6-42a2-a572-994e14ce3666 req-89ba1d85-db3d-454d-b00b-4622ead20aca 4203cd334d204119bc83993adff8a89e 874bcdc4ad254d06ad07cb5c864f7d6f - - default default] Unable to schedule network 665f7969-053f-4a34-b9f7-c54571407f74: no agents available; will retry on subsequent port and subnet creation events.
2026-07-22 15:24:50.032 9 INFO neutron.db.ovn_revision_numbers_db [req-528629d2-6dd6-42a2-a572-994e14ce3666 req-89ba1d85-db3d-454d-b00b-4622ead20aca 4203cd334d204119bc83993adff8a89e 874bcdc4ad254d06ad07cb5c864f7d6f - - default default] Successfully bumped revision number for resource fe585365-2ba2-419f-8198-579fbbb06de2 (type: ports) to 1
2026-07-22 15:24:50.056 9 INFO neutron.wsgi [req-528629d2-6dd6-42a2-a572-994e14ce3666 req-89ba1d85-db3d-454d-b00b-4622ead20aca 4203cd334d204119bc83993adff8a89e 874bcdc4ad254d06ad07cb5c864f7d6f - - default default] 199.204.45.95 "POST /v2.0/ports HTTP/1.1" status: 201 len: 1158 time: 0.5877211 /var/lib/openstack/lib/python3.10/site-packages/pycadf/identifier.py:71: UserWarning: Invalid uuid: neutron. To ensure interoperability, identifiers should be a valid uuid. warnings.warn(('Invalid uuid: %s. To ensure interoperability, '
2026-07-22 15:24:50.135 10 INFO neutron.services.segments.plugin [-] Segment addf92a7-0aac-4719-bd3c-759f62634945 resource provider aggregate not found
2026-07-22 15:24:50.142 10 INFO neutron.services.segments.plugin [-] Segment addf92a7-0aac-4719-bd3c-759f62634945 resource provider aggregate not found
2026-07-22 15:24:50.154 10 INFO neutron.services.segments.plugin [-] Segment addf92a7-0aac-4719-bd3c-759f62634945 resource provider not found; error: Placement Client Error (4xx): {"errors": [{"status": 404, "title": "Not Found", "detail": "The resource could not be found.\n\n No resource provider with uuid addf92a7-0aac-4719-bd3c-759f62634945 found for delete ", "request_id": "req-43b47296-f512-4bde-90c3-e0b296a379c3"}]}
2026-07-22 15:24:50.155 10 INFO neutron.services.segments.plugin [-] Segment addf92a7-0aac-4719-bd3c-759f62634945 resource provider not found; error: Placement Client Error (4xx): {"errors": [{"status": 404, "title": "Not Found", "detail": "The resource could not be found.\n\n No resource provider with uuid addf92a7-0aac-4719-bd3c-759f62634945 found for delete ", "request_id": "req-ea07e9ee-43e4-4430-aa9d-2db413807969"}]}
2026-07-22 15:24:50.194 10 INFO neutron.wsgi [None req-208a439b-5093-43e2-b94e-81b8074e4884 5c2d2eea7ebd43eaafe62f9f7646482d 1cefd14a2ae340718011307e746df049 - - default default] 10.0.0.179 "DELETE /v2.0/networks/04460963-7cda-42ef-9a6c-cb4dc2979b8f HTTP/1.1" status: 204 len: 168 time: 0.4485207
2026-07-22 15:24:50.252 9 INFO neutron.wsgi [req-5e96e5fa-37bc-47b1-83a5-bca0283ab562 req-5905e20a-1735-484d-ae8e-7bbc6e0207e8 2dd508a593244f4a857bf2c3ea4d04f1 61f47672dfb74b59ac2fad0900c88041 - - default default] 199.204.45.95 "GET /v2.0/networks?id=d13b2be3-bc6d-4b27-8ef5-e9a19b81e735 HTTP/1.1" status: 200 len: 877 time: 0.1197820
2026-07-22 15:24:50.391 9 INFO neutron.wsgi [req-baac4bff-f073-4973-a002-7cc4255a6c4c req-c8900a63-98bb-4ba3-afbf-12f417f5fd53 2dd508a593244f4a857bf2c3ea4d04f1 61f47672dfb74b59ac2fad0900c88041 - - default default] 10.0.0.64 "GET /v2.0/ports?device_id=e1637f21-a923-4722-8711-89b7c6b9e9e0 HTTP/1.1" status: 200 len: 210 time: 0.0238693
2026-07-22 15:24:50.482 10 INFO neutron.wsgi [None req-c317c7c2-0797-415c-b90d-dc14cef92a26 5c2d2eea7ebd43eaafe62f9f7646482d 1cefd14a2ae340718011307e746df049 - - default default] 10.0.0.179 "GET /v2.0/security-groups?tenant_id=ffcffe8bb119493ab8be47389b3ee91c&name=default HTTP/1.1" status: 200 len: 2992 time: 0.0737400
2026-07-22 15:24:50.634 10 INFO neutron.wsgi [req-044147a5-eb4f-4262-9332-2e60c45885f2 req-218b5c42-9aaa-4bcd-9fea-03723ec1146d cb782252aa734d16b2b3db318b377d5b 69881b7620b44a08a99ffb3dc0110d28 - - default default] 10.0.0.64 "GET /v2.0/ports?device_id=949429f1-d458-47da-b0fa-a155d234ed3b HTTP/1.1" status: 200 len: 1168 time: 0.1140704
2026-07-22 15:24:50.682 10 INFO neutron.wsgi [req-044147a5-eb4f-4262-9332-2e60c45885f2 req-55fe34eb-7f11-433d-80c7-6d0dfe129286 cb782252aa734d16b2b3db318b377d5b 69881b7620b44a08a99ffb3dc0110d28 - - default default] 10.0.0.64 "GET /v2.0/security-groups?id=9594fb76-44ee-416c-8e0d-16e27570dd0b&fields=id&fields=name HTTP/1.1" status: 200 len: 312 time: 0.0409241 /var/lib/openstack/lib/python3.10/site-packages/pycadf/identifier.py:71: UserWarning: Invalid uuid: neutron. To ensure interoperability, identifiers should be a valid uuid. warnings.warn(('Invalid uuid: %s. To ensure interoperability, '
2026-07-22 15:24:50.777 10 INFO neutron.wsgi [None req-c5040238-9370-4d9d-aebc-27ea25057c8e 5c2d2eea7ebd43eaafe62f9f7646482d 1cefd14a2ae340718011307e746df049 - - default default] 10.0.0.179 "DELETE /v2.0/security-groups/3f6db377-ec8a-43b4-9781-8182eb447432 HTTP/1.1" status: 204 len: 168 time: 0.2892463
2026-07-22 15:24:50.844 9 INFO neutron.wsgi [req-869ed631-35f4-4c18-a7bc-635b9c8e7d72 req-402a6620-5da4-4e81-a01f-9a176e3cd447 4203cd334d204119bc83993adff8a89e 874bcdc4ad254d06ad07cb5c864f7d6f - - default default] 10.0.0.64 "GET /v2.0/ports?device_id=d3918434-fa69-4192-8b48-2e4740066065 HTTP/1.1" status: 200 len: 1168 time: 0.1573193
2026-07-22 15:24:50.910 9 INFO neutron.wsgi [req-869ed631-35f4-4c18-a7bc-635b9c8e7d72 req-fc1a3db6-4055-4813-b882-c51ec1d02bfb 4203cd334d204119bc83993adff8a89e 874bcdc4ad254d06ad07cb5c864f7d6f - - default default] 10.0.0.64 "GET /v2.0/security-groups?id=02ab910f-042c-4c80-8bf4-acc4568f80dd&fields=id&fields=name HTTP/1.1" status: 200 len: 311 time: 0.0566175
2026-07-22 15:24:50.913 9 INFO neutron.db.ovn_revision_numbers_db [req-528629d2-6dd6-42a2-a572-994e14ce3666 req-a8f36e82-05f6-438f-9866-9ed13708ca8a e62eee8fa42a4163a3ae678d2c8ae9aa 86e0e1c0a1f14810805148bd2196cbdc - - e37e2322584140228abb0979f9eb5225 e37e2322584140228abb0979f9eb5225] Successfully bumped revision number for resource fe585365-2ba2-419f-8198-579fbbb06de2 (type: ports) to 2
2026-07-22 15:24:50.991 9 WARNING neutron.scheduler.dhcp_agent_scheduler [req-5e96e5fa-37bc-47b1-83a5-bca0283ab562 req-45595909-bbd2-4c29-a272-e00ca6ddcdc9 2dd508a593244f4a857bf2c3ea4d04f1 61f47672dfb74b59ac2fad0900c88041 - - default default] No more DHCP agents
2026-07-22 15:24:50.996 9 WARNING neutron.api.rpc.agentnotifiers.dhcp_rpc_agent_api [req-5e96e5fa-37bc-47b1-83a5-bca0283ab562 req-45595909-bbd2-4c29-a272-e00ca6ddcdc9 2dd508a593244f4a857bf2c3ea4d04f1 61f47672dfb74b59ac2fad0900c88041 - - default default] Unable to schedule network d13b2be3-bc6d-4b27-8ef5-e9a19b81e735: no agents available; will retry on subsequent port and subnet creation events.
2026-07-22 15:24:51.214 9 INFO neutron.db.ovn_revision_numbers_db [req-5e96e5fa-37bc-47b1-83a5-bca0283ab562 req-45595909-bbd2-4c29-a272-e00ca6ddcdc9 2dd508a593244f4a857bf2c3ea4d04f1 61f47672dfb74b59ac2fad0900c88041 - - default default] Successfully bumped revision number for resource f3491ee9-58c6-42b2-8be1-ca22c13ce5ec (type: ports) to 1
2026-07-22 15:24:51.241 9 INFO neutron.db.ovn_revision_numbers_db [req-528629d2-6dd6-42a2-a572-994e14ce3666 req-a8f36e82-05f6-438f-9866-9ed13708ca8a e62eee8fa42a4163a3ae678d2c8ae9aa 86e0e1c0a1f14810805148bd2196cbdc - - e37e2322584140228abb0979f9eb5225 e37e2322584140228abb0979f9eb5225] Successfully bumped revision number for resource fe585365-2ba2-419f-8198-579fbbb06de2 (type: ports) to 2
2026-07-22 15:24:51.254 9 INFO neutron.wsgi [req-528629d2-6dd6-42a2-a572-994e14ce3666 req-a8f36e82-05f6-438f-9866-9ed13708ca8a e62eee8fa42a4163a3ae678d2c8ae9aa 86e0e1c0a1f14810805148bd2196cbdc - - e37e2322584140228abb0979f9eb5225 e37e2322584140228abb0979f9eb5225] 199.204.45.95 "PUT /v2.0/ports/fe585365-2ba2-419f-8198-579fbbb06de2 HTTP/1.1" status: 200 len: 1376 time: 1.1863551
2026-07-22 15:24:51.261 9 INFO neutron.wsgi [req-5e96e5fa-37bc-47b1-83a5-bca0283ab562 req-45595909-bbd2-4c29-a272-e00ca6ddcdc9 2dd508a593244f4a857bf2c3ea4d04f1 61f47672dfb74b59ac2fad0900c88041 - - default default] 199.204.45.95 "POST /v2.0/ports HTTP/1.1" status: 201 len: 1158 time: 1.0000148 /var/lib/openstack/lib/python3.10/site-packages/pycadf/identifier.py:71: UserWarning: Invalid uuid: neutron. To ensure interoperability, identifiers should be a valid uuid. warnings.warn(('Invalid uuid: %s. To ensure interoperability, '
2026-07-22 15:24:51.290 9 INFO neutron.notifiers.nova [-] Nova event matching ['req-8185f26a-3058-4085-82e3-0e48bec03228'] response: {'name': 'network-changed', 'server_uuid': 'd3918434-fa69-4192-8b48-2e4740066065', 'tag': 'fe585365-2ba2-419f-8198-579fbbb06de2', 'status': 'completed', 'code': 200}
2026-07-22 15:24:51.345 9 INFO neutron.wsgi [req-528629d2-6dd6-42a2-a572-994e14ce3666 req-b6f1c857-7ef8-4a43-92c2-e07c121dd93b e62eee8fa42a4163a3ae678d2c8ae9aa 86e0e1c0a1f14810805148bd2196cbdc - - e37e2322584140228abb0979f9eb5225 e37e2322584140228abb0979f9eb5225] 199.204.45.95 "GET /v2.0/ports?tenant_id=874bcdc4ad254d06ad07cb5c864f7d6f&device_id=d3918434-fa69-4192-8b48-2e4740066065 HTTP/1.1" status: 200 len: 1407 time: 0.0487654
2026-07-22 15:24:51.381 9 INFO neutron.wsgi [req-528629d2-6dd6-42a2-a572-994e14ce3666 req-27cfeb83-c24d-4d34-9d40-db727a903292 e62eee8fa42a4163a3ae678d2c8ae9aa 86e0e1c0a1f14810805148bd2196cbdc - - e37e2322584140228abb0979f9eb5225 e37e2322584140228abb0979f9eb5225] 199.204.45.95 "GET /v2.0/floatingips?fixed_ip_address=10.100.0.8&port_id=fe585365-2ba2-419f-8198-579fbbb06de2 HTTP/1.1" status: 200 len: 217 time: 0.0289707
2026-07-22 15:24:51.447 9 INFO neutron.wsgi [req-528629d2-6dd6-42a2-a572-994e14ce3666 req-cb58d9a6-8fa9-425b-9572-03a9a21e667e e62eee8fa42a4163a3ae678d2c8ae9aa 86e0e1c0a1f14810805148bd2196cbdc - - e37e2322584140228abb0979f9eb5225 e37e2322584140228abb0979f9eb5225] 199.204.45.95 "GET /v2.0/subnets?id=1051589f-4e67-4a2b-ba8b-4bc66bfaeb2d HTTP/1.1" status: 200 len: 876 time: 0.0535014
2026-07-22 15:24:51.484 9 INFO neutron.wsgi [req-528629d2-6dd6-42a2-a572-994e14ce3666 req-39ceecc4-4a95-42bd-b2eb-c3f57aff468a e62eee8fa42a4163a3ae678d2c8ae9aa 86e0e1c0a1f14810805148bd2196cbdc - - e37e2322584140228abb0979f9eb5225 e37e2322584140228abb0979f9eb5225] 199.204.45.95 "GET /v2.0/ports?network_id=665f7969-053f-4a34-b9f7-c54571407f74&device_owner=network%3Adhcp HTTP/1.1" status: 200 len: 210 time: 0.0295641
2026-07-22 15:24:51.629 9 INFO neutron.wsgi [req-528629d2-6dd6-42a2-a572-994e14ce3666 req-411f52b7-99b1-4847-ae1e-8c547bcc638c e62eee8fa42a4163a3ae678d2c8ae9aa 86e0e1c0a1f14810805148bd2196cbdc - - e37e2322584140228abb0979f9eb5225 e37e2322584140228abb0979f9eb5225] 199.204.45.95 "GET /v2.0/networks/665f7969-053f-4a34-b9f7-c54571407f74?fields=segments HTTP/1.1" status: 200 len: 212 time: 0.1311257
2026-07-22 15:24:51.631 9 WARNING neutron.plugins.ml2.drivers.ovn.mech_driver.ovsdb.ovn_client [None req-dce3b029-d00b-4178-9294-9dee77922ec6 - - - - - -] No hosting information found for port a3b8c224-ad8a-4615-aed8-465f6c534be2: RuntimeError: No hosting information found for port a3b8c224-ad8a-4615-aed8-465f6c534be2
2026-07-22 15:24:51.666 9 INFO neutron.plugins.ml2.drivers.ovn.mech_driver.mech_driver [None req-dce3b029-d00b-4178-9294-9dee77922ec6 - - - - - -] OVN reports status up for port: aa841d70-ce06-4b17-8488-76952c4ab0df /var/lib/openstack/lib/python3.10/site-packages/pycadf/identifier.py:71: UserWarning: Invalid uuid: neutron. To ensure interoperability, identifiers should be a valid uuid. warnings.warn(('Invalid uuid: %s. To ensure interoperability, '
2026-07-22 15:24:51.714 9 INFO neutron.wsgi [req-778be83c-e18d-4e1b-9c5b-3c8602992195 req-5fd2d67b-81df-4977-b602-90bb76a1d61c 2dd508a593244f4a857bf2c3ea4d04f1 61f47672dfb74b59ac2fad0900c88041 - - default default] 10.0.0.64 "GET /v2.0/ports?device_id=e1637f21-a923-4722-8711-89b7c6b9e9e0 HTTP/1.1" status: 200 len: 1156 time: 0.2478287
2026-07-22 15:24:51.718 9 INFO neutron.plugins.ml2.plugin [None req-dce3b029-d00b-4178-9294-9dee77922ec6 - - - - - -] Attempt 1 to provision port aa841d70-ce06-4b17-8488-76952c4ab0df
2026-07-22 15:24:51.777 9 INFO neutron.wsgi [req-528629d2-6dd6-42a2-a572-994e14ce3666 req-1e0d964f-7c01-420d-9809-b43f606b3082 e62eee8fa42a4163a3ae678d2c8ae9aa 86e0e1c0a1f14810805148bd2196cbdc - - e37e2322584140228abb0979f9eb5225 e37e2322584140228abb0979f9eb5225] 199.204.45.95 "GET /v2.0/networks/665f7969-053f-4a34-b9f7-c54571407f74?fields=provider%3Aphysical_network&fields=provider%3Anetwork_type HTTP/1.1" status: 200 len: 277 time: 0.1226840
2026-07-22 15:24:51.799 10 INFO neutron.wsgi [req-98e8255f-2fa8-44c4-bb58-2b00184eaeb0 req-afd536d4-8514-4beb-aed4-d8454699a020 cb782252aa734d16b2b3db318b377d5b 69881b7620b44a08a99ffb3dc0110d28 - - default default] 10.0.0.64 "GET /v2.0/ports?device_id=949429f1-d458-47da-b0fa-a155d234ed3b HTTP/1.1" status: 200 len: 1168 time: 0.0508387
2026-07-22 15:24:51.820 9 INFO neutron.wsgi [req-778be83c-e18d-4e1b-9c5b-3c8602992195 req-26d49904-ae79-4552-bf2e-b6b2be84bdd8 2dd508a593244f4a857bf2c3ea4d04f1 61f47672dfb74b59ac2fad0900c88041 - - default default] 10.0.0.64 "GET /v2.0/security-groups?id=d7659e89-2108-46a2-b17c-9b30176f1fb2&fields=id&fields=name HTTP/1.1" status: 200 len: 286 time: 0.0992186 /var/lib/openstack/lib/python3.10/site-packages/pycadf/identifier.py:71: UserWarning: Invalid uuid: neutron. To ensure interoperability, identifiers should be a valid uuid. warnings.warn(('Invalid uuid: %s. To ensure interoperability, '
2026-07-22 15:24:51.871 10 INFO neutron.wsgi [req-98e8255f-2fa8-44c4-bb58-2b00184eaeb0 req-abd47150-f278-4084-b8a4-c7642064cbaa cb782252aa734d16b2b3db318b377d5b 69881b7620b44a08a99ffb3dc0110d28 - - default default] 10.0.0.64 "GET /v2.0/security-groups?id=9594fb76-44ee-416c-8e0d-16e27570dd0b&fields=id&fields=name HTTP/1.1" status: 200 len: 312 time: 0.0604427
2026-07-22 15:24:51.892 9 INFO neutron.wsgi [req-c759368c-ffce-4b61-b7b1-680cf610af4d req-939964cd-6aa2-4af3-b87d-894a5b2018d4 e62eee8fa42a4163a3ae678d2c8ae9aa 86e0e1c0a1f14810805148bd2196cbdc - - e37e2322584140228abb0979f9eb5225 e37e2322584140228abb0979f9eb5225] 199.204.45.95 "GET /v2.0/ports?tenant_id=874bcdc4ad254d06ad07cb5c864f7d6f&device_id=d3918434-fa69-4192-8b48-2e4740066065 HTTP/1.1" status: 200 len: 1407 time: 0.0650339
2026-07-22 15:24:52.053 9 INFO neutron.wsgi [req-c759368c-ffce-4b61-b7b1-680cf610af4d req-efe9d410-91a8-45cd-b3e9-915e6f0c261f e62eee8fa42a4163a3ae678d2c8ae9aa 86e0e1c0a1f14810805148bd2196cbdc - - e37e2322584140228abb0979f9eb5225 e37e2322584140228abb0979f9eb5225] 199.204.45.95 "GET /v2.0/networks?id=665f7969-053f-4a34-b9f7-c54571407f74 HTTP/1.1" status: 200 len: 981 time: 0.1550076
2026-07-22 15:24:52.078 9 INFO neutron.wsgi [req-58a5db28-cdf8-4ae6-9ea8-ae722b22abb4 req-60d520ee-fd5e-4b6e-8c8f-42f297a26e89 4203cd334d204119bc83993adff8a89e 874bcdc4ad254d06ad07cb5c864f7d6f - - default default] 10.0.0.64 "GET /v2.0/ports?device_id=d3918434-fa69-4192-8b48-2e4740066065 HTTP/1.1" status: 200 len: 1168 time: 0.0983214
2026-07-22 15:24:52.099 9 INFO neutron.wsgi [req-c759368c-ffce-4b61-b7b1-680cf610af4d req-8043d089-8d86-4474-8bbd-e7df4b80c2b7 e62eee8fa42a4163a3ae678d2c8ae9aa 86e0e1c0a1f14810805148bd2196cbdc - - e37e2322584140228abb0979f9eb5225 e37e2322584140228abb0979f9eb5225] 199.204.45.95 "GET /v2.0/floatingips?fixed_ip_address=10.100.0.8&port_id=fe585365-2ba2-419f-8198-579fbbb06de2 HTTP/1.1" status: 200 len: 217 time: 0.0388312
2026-07-22 15:24:52.172 9 INFO neutron.wsgi [req-c759368c-ffce-4b61-b7b1-680cf610af4d req-799e217b-84ff-48dd-a8a9-fb21fb1945d7 e62eee8fa42a4163a3ae678d2c8ae9aa 86e0e1c0a1f14810805148bd2196cbdc - - e37e2322584140228abb0979f9eb5225 e37e2322584140228abb0979f9eb5225] 199.204.45.95 "GET /v2.0/subnets?id=1051589f-4e67-4a2b-ba8b-4bc66bfaeb2d HTTP/1.1" status: 200 len: 876 time: 0.0622778
2026-07-22 15:24:52.178 9 INFO neutron.wsgi [req-58a5db28-cdf8-4ae6-9ea8-ae722b22abb4 req-48abee7b-4922-47ce-a1b1-65b80dc69a1a 4203cd334d204119bc83993adff8a89e 874bcdc4ad254d06ad07cb5c864f7d6f - - default default] 10.0.0.64 "GET /v2.0/security-groups?id=02ab910f-042c-4c80-8bf4-acc4568f80dd&fields=id&fields=name HTTP/1.1" status: 200 len: 311 time: 0.0854411
2026-07-22 15:24:52.199 9 INFO neutron.db.ovn_revision_numbers_db [req-5e96e5fa-37bc-47b1-83a5-bca0283ab562 req-871d4780-2fed-49e3-963d-ab16cd14792b e62eee8fa42a4163a3ae678d2c8ae9aa 86e0e1c0a1f14810805148bd2196cbdc - - e37e2322584140228abb0979f9eb5225 e37e2322584140228abb0979f9eb5225] Successfully bumped revision number for resource f3491ee9-58c6-42b2-8be1-ca22c13ce5ec (type: ports) to 2
2026-07-22 15:24:52.214 9 INFO neutron.wsgi [req-c759368c-ffce-4b61-b7b1-680cf610af4d req-258c9502-7a0a-4e25-9a3e-214863beb2da e62eee8fa42a4163a3ae678d2c8ae9aa 86e0e1c0a1f14810805148bd2196cbdc - - e37e2322584140228abb0979f9eb5225 e37e2322584140228abb0979f9eb5225] 199.204.45.95 "GET /v2.0/ports?network_id=665f7969-053f-4a34-b9f7-c54571407f74&device_owner=network%3Adhcp HTTP/1.1" status: 200 len: 210 time: 0.0346887
2026-07-22 15:24:52.316 9 INFO neutron.db.ovn_revision_numbers_db [None req-dce3b029-d00b-4178-9294-9dee77922ec6 - - - - - -] Successfully bumped revision number for resource aa841d70-ce06-4b17-8488-76952c4ab0df (type: ports) to 4
2026-07-22 15:24:52.324 9 INFO neutron.wsgi [req-c759368c-ffce-4b61-b7b1-680cf610af4d req-f7e90634-7158-4ae7-86ae-7fd26f2411b1 e62eee8fa42a4163a3ae678d2c8ae9aa 86e0e1c0a1f14810805148bd2196cbdc - - e37e2322584140228abb0979f9eb5225 e37e2322584140228abb0979f9eb5225] 199.204.45.95 "GET /v2.0/networks/665f7969-053f-4a34-b9f7-c54571407f74?fields=segments HTTP/1.1" status: 200 len: 212 time: 0.1013412
2026-07-22 15:24:52.673 9 INFO neutron.wsgi [req-c759368c-ffce-4b61-b7b1-680cf610af4d req-db34933b-cae5-4ef7-ac37-96c89cbf5e9f e62eee8fa42a4163a3ae678d2c8ae9aa 86e0e1c0a1f14810805148bd2196cbdc - - e37e2322584140228abb0979f9eb5225 e37e2322584140228abb0979f9eb5225] 199.204.45.95 "GET /v2.0/networks/665f7969-053f-4a34-b9f7-c54571407f74?fields=provider%3Aphysical_network&fields=provider%3Anetwork_type HTTP/1.1" status: 200 len: 277 time: 0.3362813
2026-07-22 15:24:52.770 9 INFO neutron.db.ovn_revision_numbers_db [req-5e96e5fa-37bc-47b1-83a5-bca0283ab562 req-871d4780-2fed-49e3-963d-ab16cd14792b e62eee8fa42a4163a3ae678d2c8ae9aa 86e0e1c0a1f14810805148bd2196cbdc - - e37e2322584140228abb0979f9eb5225 e37e2322584140228abb0979f9eb5225] Successfully bumped revision number for resource f3491ee9-58c6-42b2-8be1-ca22c13ce5ec (type: ports) to 2
2026-07-22 15:24:52.787 9 INFO neutron.wsgi [req-5e96e5fa-37bc-47b1-83a5-bca0283ab562 req-871d4780-2fed-49e3-963d-ab16cd14792b e62eee8fa42a4163a3ae678d2c8ae9aa 86e0e1c0a1f14810805148bd2196cbdc - - e37e2322584140228abb0979f9eb5225 e37e2322584140228abb0979f9eb5225] 199.204.45.95 "PUT /v2.0/ports/f3491ee9-58c6-42b2-8be1-ca22c13ce5ec HTTP/1.1" status: 200 len: 1376 time: 1.5160837 /var/lib/openstack/lib/python3.10/site-packages/pycadf/identifier.py:71: UserWarning: Invalid uuid: neutron. To ensure interoperability, identifiers should be a valid uuid. warnings.warn(('Invalid uuid: %s. To ensure interoperability, '
2026-07-22 15:24:52.849 9 INFO neutron.wsgi [req-5e96e5fa-37bc-47b1-83a5-bca0283ab562 req-aefe08b5-eb8b-483c-ab7f-e3196d8c4b8c e62eee8fa42a4163a3ae678d2c8ae9aa 86e0e1c0a1f14810805148bd2196cbdc - - e37e2322584140228abb0979f9eb5225 e37e2322584140228abb0979f9eb5225] 199.204.45.95 "GET /v2.0/ports?tenant_id=61f47672dfb74b59ac2fad0900c88041&device_id=e1637f21-a923-4722-8711-89b7c6b9e9e0 HTTP/1.1" status: 200 len: 1407 time: 0.0291598
2026-07-22 15:24:52.879 9 INFO neutron.wsgi [req-5e96e5fa-37bc-47b1-83a5-bca0283ab562 req-edc82b9b-e0c7-4774-a0b3-026c93526dbe e62eee8fa42a4163a3ae678d2c8ae9aa 86e0e1c0a1f14810805148bd2196cbdc - - e37e2322584140228abb0979f9eb5225 e37e2322584140228abb0979f9eb5225] 199.204.45.95 "GET /v2.0/floatingips?fixed_ip_address=10.100.0.6&port_id=f3491ee9-58c6-42b2-8be1-ca22c13ce5ec HTTP/1.1" status: 200 len: 217 time: 0.0220270
2026-07-22 15:24:52.923 10 INFO neutron.wsgi [req-c4d0fcd7-1dca-4c1a-a853-82ed00dbe753 req-67aa776a-4cf4-4be3-966b-a4482f03c65f 2dd508a593244f4a857bf2c3ea4d04f1 61f47672dfb74b59ac2fad0900c88041 - - default default] 10.0.0.64 "GET /v2.0/ports?device_id=e1637f21-a923-4722-8711-89b7c6b9e9e0 HTTP/1.1" status: 200 len: 1168 time: 0.0395164
2026-07-22 15:24:52.925 9 INFO neutron.wsgi [req-5e96e5fa-37bc-47b1-83a5-bca0283ab562 req-203b4f1b-b170-4421-b767-1c70393972dc e62eee8fa42a4163a3ae678d2c8ae9aa 86e0e1c0a1f14810805148bd2196cbdc - - e37e2322584140228abb0979f9eb5225 e37e2322584140228abb0979f9eb5225] 199.204.45.95 "GET /v2.0/subnets?id=44d21e03-2ade-4d00-a1b8-9a8f7df25bb2 HTTP/1.1" status: 200 len: 871 time: 0.0396013
2026-07-22 15:24:52.962 9 INFO neutron.wsgi [req-5e96e5fa-37bc-47b1-83a5-bca0283ab562 req-a2f482b3-1f36-43fb-9231-87061f1fc664 e62eee8fa42a4163a3ae678d2c8ae9aa 86e0e1c0a1f14810805148bd2196cbdc - - e37e2322584140228abb0979f9eb5225 e37e2322584140228abb0979f9eb5225] 199.204.45.95 "GET /v2.0/ports?network_id=d13b2be3-bc6d-4b27-8ef5-e9a19b81e735&device_owner=network%3Adhcp HTTP/1.1" status: 200 len: 210 time: 0.0280225
2026-07-22 15:24:52.980 10 INFO neutron.wsgi [req-c4d0fcd7-1dca-4c1a-a853-82ed00dbe753 req-ef71019d-89da-48c7-a862-b1c8bd8c998a 2dd508a593244f4a857bf2c3ea4d04f1 61f47672dfb74b59ac2fad0900c88041 - - default default] 10.0.0.64 "GET /v2.0/security-groups?id=d7659e89-2108-46a2-b17c-9b30176f1fb2&fields=id&fields=name HTTP/1.1" status: 200 len: 286 time: 0.0472174
2026-07-22 15:24:53.016 10 INFO neutron.db.ovn_revision_numbers_db [None req-7f762dc5-5850-4b69-84ce-62ea6b38ab32 5c2d2eea7ebd43eaafe62f9f7646482d 1cefd14a2ae340718011307e746df049 - - default default] Successfully bumped revision number for resource f98a9086-563f-4e13-bd27-ad94dd42873e (type: security_groups) to 1
2026-07-22 15:24:53.035 10 INFO neutron.db.ovn_revision_numbers_db [None req-7f762dc5-5850-4b69-84ce-62ea6b38ab32 5c2d2eea7ebd43eaafe62f9f7646482d 1cefd14a2ae340718011307e746df049 - - default default] Successfully bumped revision number for resource 17b09f4e-6c4a-4310-9fe8-e3b059c31299 (type: security_group_rules) to 0
2026-07-22 15:24:53.048 10 INFO neutron.db.ovn_revision_numbers_db [None req-7f762dc5-5850-4b69-84ce-62ea6b38ab32 5c2d2eea7ebd43eaafe62f9f7646482d 1cefd14a2ae340718011307e746df049 - - default default] Successfully bumped revision number for resource 2e62d610-f30c-4608-adfe-12c1034a8d7f (type: security_group_rules) to 0
2026-07-22 15:24:53.058 9 INFO neutron.wsgi [req-5e96e5fa-37bc-47b1-83a5-bca0283ab562 req-18f438ec-d9e7-4229-b623-f20c134fc040 e62eee8fa42a4163a3ae678d2c8ae9aa 86e0e1c0a1f14810805148bd2196cbdc - - e37e2322584140228abb0979f9eb5225 e37e2322584140228abb0979f9eb5225] 199.204.45.95 "GET /v2.0/networks/d13b2be3-bc6d-4b27-8ef5-e9a19b81e735?fields=segments HTTP/1.1" status: 200 len: 212 time: 0.0887065
2026-07-22 15:24:53.063 10 INFO neutron.db.ovn_revision_numbers_db [None req-7f762dc5-5850-4b69-84ce-62ea6b38ab32 5c2d2eea7ebd43eaafe62f9f7646482d 1cefd14a2ae340718011307e746df049 - - default default] Successfully bumped revision number for resource 40f28448-4a19-4aeb-941c-1c9c92956667 (type: security_group_rules) to 0
2026-07-22 15:24:53.073 9 INFO neutron.wsgi [req-94f9d0ea-dbcb-45d6-a757-366bc645a9aa req-10160e7a-8526-4eb9-a93e-e52ea8f2a65e cb782252aa734d16b2b3db318b377d5b 69881b7620b44a08a99ffb3dc0110d28 - - default default] 10.0.0.64 "GET /v2.0/ports?device_id=949429f1-d458-47da-b0fa-a155d234ed3b HTTP/1.1" status: 200 len: 1170 time: 0.1256874
2026-07-22 15:24:53.079 10 INFO neutron.db.ovn_revision_numbers_db [None req-7f762dc5-5850-4b69-84ce-62ea6b38ab32 5c2d2eea7ebd43eaafe62f9f7646482d 1cefd14a2ae340718011307e746df049 - - default default] Successfully bumped revision number for resource 694d1963-89bd-4173-935b-cfd09a9484f1 (type: security_group_rules) to 0
2026-07-22 15:24:53.134 9 INFO neutron.wsgi [req-94f9d0ea-dbcb-45d6-a757-366bc645a9aa req-edb8c0d4-2687-4996-9e8b-5325d4785600 cb782252aa734d16b2b3db318b377d5b 69881b7620b44a08a99ffb3dc0110d28 - - default default] 10.0.0.64 "GET /v2.0/security-groups?id=9594fb76-44ee-416c-8e0d-16e27570dd0b&fields=id&fields=name HTTP/1.1" status: 200 len: 312 time: 0.0536220
2026-07-22 15:24:53.136 9 INFO neutron.wsgi [req-5e96e5fa-37bc-47b1-83a5-bca0283ab562 req-d95fb2df-37c1-4f22-b304-e237ae545601 e62eee8fa42a4163a3ae678d2c8ae9aa 86e0e1c0a1f14810805148bd2196cbdc - - e37e2322584140228abb0979f9eb5225 e37e2322584140228abb0979f9eb5225] 199.204.45.95 "GET /v2.0/networks/d13b2be3-bc6d-4b27-8ef5-e9a19b81e735?fields=provider%3Aphysical_network&fields=provider%3Anetwork_type HTTP/1.1" status: 200 len: 277 time: 0.0736034
2026-07-22 15:24:53.139 10 INFO neutron.db.segments_db [None req-7f762dc5-5850-4b69-84ce-62ea6b38ab32 5c2d2eea7ebd43eaafe62f9f7646482d 1cefd14a2ae340718011307e746df049 - - default default] Added segment 6064e41b-327d-4566-b83f-d2d83fbb8ffe of type geneve for network 72592db4-0f57-4c16-b5cf-b6851cc86ff0
2026-07-22 15:24:53.341 10 INFO neutron.db.ovn_revision_numbers_db [None req-7f762dc5-5850-4b69-84ce-62ea6b38ab32 5c2d2eea7ebd43eaafe62f9f7646482d 1cefd14a2ae340718011307e746df049 - - default default] Successfully bumped revision number for resource 72592db4-0f57-4c16-b5cf-b6851cc86ff0 (type: networks) to 1
2026-07-22 15:24:53.382 9 INFO neutron.notifiers.nova [-] Nova event matching ['req-357ff044-a5dc-4543-8788-e13edd7ab76a'] response: {'server_uuid': '949429f1-d458-47da-b0fa-a155d234ed3b', 'name': 'network-vif-plugged', 'status': 'completed', 'tag': 'aa841d70-ce06-4b17-8488-76952c4ab0df', 'code': 200}
2026-07-22 15:24:53.383 9 INFO neutron.notifiers.nova [-] Nova event matching ['req-357ff044-a5dc-4543-8788-e13edd7ab76a'] response: {'server_uuid': '949429f1-d458-47da-b0fa-a155d234ed3b', 'name': 'network-vif-plugged', 'status': 'completed', 'tag': 'aa841d70-ce06-4b17-8488-76952c4ab0df', 'code': 200}
2026-07-22 15:24:53.383 9 INFO neutron.notifiers.nova [-] Nova event matching ['req-357ff044-a5dc-4543-8788-e13edd7ab76a'] response: {'name': 'network-changed', 'server_uuid': 'e1637f21-a923-4722-8711-89b7c6b9e9e0', 'tag': 'f3491ee9-58c6-42b2-8be1-ca22c13ce5ec', 'status': 'completed', 'code': 200}
2026-07-22 15:24:53.423 10 INFO neutron.wsgi [req-71814454-95ef-4233-885a-8b155f5d3be0 req-aa246cc7-9395-4365-8d39-9859b4d6c571 4203cd334d204119bc83993adff8a89e 874bcdc4ad254d06ad07cb5c864f7d6f - - default default] 10.0.0.64 "GET /v2.0/ports?device_id=d3918434-fa69-4192-8b48-2e4740066065 HTTP/1.1" status: 200 len: 1168 time: 0.1712487
2026-07-22 15:24:53.467 9 INFO neutron.wsgi [req-4d418397-c027-4d7f-a947-50b603edfb9a req-fc69efcf-e551-4f64-9a64-f727b93016e3 e62eee8fa42a4163a3ae678d2c8ae9aa 86e0e1c0a1f14810805148bd2196cbdc - - e37e2322584140228abb0979f9eb5225 e37e2322584140228abb0979f9eb5225] 199.204.45.95 "GET /v2.0/ports?tenant_id=61f47672dfb74b59ac2fad0900c88041&device_id=e1637f21-a923-4722-8711-89b7c6b9e9e0 HTTP/1.1" status: 200 len: 1407 time: 0.0459461
2026-07-22 15:24:53.521 10 INFO neutron.wsgi [req-71814454-95ef-4233-885a-8b155f5d3be0 req-9ab50331-2338-4248-a386-ab117f4049bb 4203cd334d204119bc83993adff8a89e 874bcdc4ad254d06ad07cb5c864f7d6f - - default default] 10.0.0.64 "GET /v2.0/security-groups?id=02ab910f-042c-4c80-8bf4-acc4568f80dd&fields=id&fields=name HTTP/1.1" status: 200 len: 311 time: 0.0863123
2026-07-22 15:24:53.573 9 INFO neutron.wsgi [req-4d418397-c027-4d7f-a947-50b603edfb9a req-2528f462-e4b0-4a8b-8d48-0e01d5e8983b e62eee8fa42a4163a3ae678d2c8ae9aa 86e0e1c0a1f14810805148bd2196cbdc - - e37e2322584140228abb0979f9eb5225 e37e2322584140228abb0979f9eb5225] 199.204.45.95 "GET /v2.0/networks?id=d13b2be3-bc6d-4b27-8ef5-e9a19b81e735 HTTP/1.1" status: 200 len: 976 time: 0.0960646
2026-07-22 15:24:53.604 9 INFO neutron.wsgi [req-4d418397-c027-4d7f-a947-50b603edfb9a req-83fb3df9-9bdb-4f5b-8b35-0b4f2bfccdda e62eee8fa42a4163a3ae678d2c8ae9aa 86e0e1c0a1f14810805148bd2196cbdc - - e37e2322584140228abb0979f9eb5225 e37e2322584140228abb0979f9eb5225] 199.204.45.95 "GET /v2.0/floatingips?fixed_ip_address=10.100.0.6&port_id=f3491ee9-58c6-42b2-8be1-ca22c13ce5ec HTTP/1.1" status: 200 len: 217 time: 0.0239058
2026-07-22 15:24:53.653 10 WARNING neutron.scheduler.dhcp_agent_scheduler [None req-7f762dc5-5850-4b69-84ce-62ea6b38ab32 5c2d2eea7ebd43eaafe62f9f7646482d 1cefd14a2ae340718011307e746df049 - - default default] No more DHCP agents
2026-07-22 15:24:53.657 9 INFO neutron.wsgi [req-4d418397-c027-4d7f-a947-50b603edfb9a req-9a8116b8-9182-4382-91aa-9603e03a7f3c e62eee8fa42a4163a3ae678d2c8ae9aa 86e0e1c0a1f14810805148bd2196cbdc - - e37e2322584140228abb0979f9eb5225 e37e2322584140228abb0979f9eb5225] 199.204.45.95 "GET /v2.0/subnets?id=44d21e03-2ade-4d00-a1b8-9a8f7df25bb2 HTTP/1.1" status: 200 len: 871 time: 0.0388935
2026-07-22 15:24:53.657 10 WARNING neutron.api.rpc.agentnotifiers.dhcp_rpc_agent_api [None req-7f762dc5-5850-4b69-84ce-62ea6b38ab32 5c2d2eea7ebd43eaafe62f9f7646482d 1cefd14a2ae340718011307e746df049 - - default default] Unable to schedule network 72592db4-0f57-4c16-b5cf-b6851cc86ff0: no agents available; will retry on subsequent port and subnet creation events.
2026-07-22 15:24:53.694 9 INFO neutron.wsgi [req-4d418397-c027-4d7f-a947-50b603edfb9a req-f779dccf-003d-44f7-97d9-13f739ad5022 e62eee8fa42a4163a3ae678d2c8ae9aa 86e0e1c0a1f14810805148bd2196cbdc - - e37e2322584140228abb0979f9eb5225 e37e2322584140228abb0979f9eb5225] 199.204.45.95 "GET /v2.0/ports?network_id=d13b2be3-bc6d-4b27-8ef5-e9a19b81e735&device_owner=network%3Adhcp HTTP/1.1" status: 200 len: 210 time: 0.0243335
2026-07-22 15:24:53.786 9 INFO neutron.wsgi [req-4d418397-c027-4d7f-a947-50b603edfb9a req-94448ccc-4515-4b5e-9bcd-26ca9de37513 e62eee8fa42a4163a3ae678d2c8ae9aa 86e0e1c0a1f14810805148bd2196cbdc - - e37e2322584140228abb0979f9eb5225 e37e2322584140228abb0979f9eb5225] 199.204.45.95 "GET /v2.0/networks/d13b2be3-bc6d-4b27-8ef5-e9a19b81e735?fields=segments HTTP/1.1" status: 200 len: 212 time: 0.0788004
2026-07-22 15:24:53.791 10 INFO neutron.db.ovn_revision_numbers_db [None req-7f762dc5-5850-4b69-84ce-62ea6b38ab32 5c2d2eea7ebd43eaafe62f9f7646482d 1cefd14a2ae340718011307e746df049 - - default default] Successfully bumped revision number for resource cd7f9b89-77b6-452e-8029-d17c76fd0ffb (type: ports) to 1
2026-07-22 15:24:53.816 10 INFO neutron.wsgi [None req-7f762dc5-5850-4b69-84ce-62ea6b38ab32 5c2d2eea7ebd43eaafe62f9f7646482d 1cefd14a2ae340718011307e746df049 - - default default] 10.0.0.179 "POST /v2.0/networks HTTP/1.1" status: 201 len: 946 time: 1.1250749
2026-07-22 15:24:53.867 9 INFO neutron.wsgi [req-4d418397-c027-4d7f-a947-50b603edfb9a req-bf94da11-d320-4c20-a3fa-7df92ab51372 e62eee8fa42a4163a3ae678d2c8ae9aa 86e0e1c0a1f14810805148bd2196cbdc - - e37e2322584140228abb0979f9eb5225 e37e2322584140228abb0979f9eb5225] 199.204.45.95 "GET /v2.0/networks/d13b2be3-bc6d-4b27-8ef5-e9a19b81e735?fields=provider%3Aphysical_network&fields=provider%3Anetwork_type HTTP/1.1" status: 200 len: 277 time: 0.0700591
2026-07-22 15:24:53.995 10 WARNING neutron.plugins.ml2.drivers.ovn.mech_driver.ovsdb.ovn_client [None req-a95e7cce-003f-4257-bd49-f307de43da7e - - - - - -] No hosting information found for port 2c10aefc-477d-421a-933b-c4ba4a7e7068: RuntimeError: No hosting information found for port 2c10aefc-477d-421a-933b-c4ba4a7e7068
2026-07-22 15:24:53.996 10 INFO neutron.plugins.ml2.drivers.ovn.mech_driver.mech_driver [None req-a95e7cce-003f-4257-bd49-f307de43da7e - - - - - -] OVN reports status up for port: fe585365-2ba2-419f-8198-579fbbb06de2
2026-07-22 15:24:54.016 10 INFO neutron.plugins.ml2.plugin [None req-a95e7cce-003f-4257-bd49-f307de43da7e - - - - - -] Attempt 1 to provision port fe585365-2ba2-419f-8198-579fbbb06de2
2026-07-22 15:24:54.033 10 WARNING neutron.scheduler.dhcp_agent_scheduler [None req-e86f101d-492f-44e8-9398-fea115fc9440 5c2d2eea7ebd43eaafe62f9f7646482d 1cefd14a2ae340718011307e746df049 - - default default] No more DHCP agents
2026-07-22 15:24:54.038 10 WARNING neutron.api.rpc.agentnotifiers.dhcp_rpc_agent_api [None req-e86f101d-492f-44e8-9398-fea115fc9440 5c2d2eea7ebd43eaafe62f9f7646482d 1cefd14a2ae340718011307e746df049 - - default default] Unable to schedule network 72592db4-0f57-4c16-b5cf-b6851cc86ff0: no agents available; will retry on subsequent port and subnet creation events.
2026-07-22 15:24:54.098 9 INFO neutron.wsgi [req-af550a02-009b-4fb9-a1b3-3905b74476d4 req-32d69363-6137-4cd3-b803-59a5a17b6577 2dd508a593244f4a857bf2c3ea4d04f1 61f47672dfb74b59ac2fad0900c88041 - - default default] 10.0.0.64 "GET /v2.0/ports?device_id=e1637f21-a923-4722-8711-89b7c6b9e9e0 HTTP/1.1" status: 200 len: 1168 time: 0.0457370
2026-07-22 15:24:54.146 9 INFO neutron.wsgi [req-af550a02-009b-4fb9-a1b3-3905b74476d4 req-a5f987e1-cef9-4b32-92ab-a01b805b45fb 2dd508a593244f4a857bf2c3ea4d04f1 61f47672dfb74b59ac2fad0900c88041 - - default default] 10.0.0.64 "GET /v2.0/security-groups?id=d7659e89-2108-46a2-b17c-9b30176f1fb2&fields=id&fields=name HTTP/1.1" status: 200 len: 286 time: 0.0410933
2026-07-22 15:24:54.165 10 INFO neutron.notifiers.nova [-] Nova event matching ['req-d2705574-083f-4620-9328-928f377b0622'] response: {'server_uuid': 'd3918434-fa69-4192-8b48-2e4740066065', 'name': 'network-vif-plugged', 'status': 'completed', 'tag': 'fe585365-2ba2-419f-8198-579fbbb06de2', 'code': 200}
2026-07-22 15:24:54.246 9 INFO neutron.wsgi [req-eaab9114-5ec4-458f-bc77-e460b8300ed2 req-666e1e98-5874-440b-b396-61cf81953bc0 cb782252aa734d16b2b3db318b377d5b 69881b7620b44a08a99ffb3dc0110d28 - - default default] 10.0.0.64 "GET /v2.0/ports?device_id=949429f1-d458-47da-b0fa-a155d234ed3b HTTP/1.1" status: 200 len: 1170 time: 0.0458934
2026-07-22 15:24:54.297 9 INFO neutron.wsgi [req-eaab9114-5ec4-458f-bc77-e460b8300ed2 req-01cf1ff1-9e72-4103-a382-caf9943a5009 cb782252aa734d16b2b3db318b377d5b 69881b7620b44a08a99ffb3dc0110d28 - - default default] 10.0.0.64 "GET /v2.0/security-groups?id=9594fb76-44ee-416c-8e0d-16e27570dd0b&fields=id&fields=name HTTP/1.1" status: 200 len: 312 time: 0.0426626
2026-07-22 15:24:54.463 10 INFO neutron.wsgi [req-6f10eafa-f3f5-4391-98e5-ae8e7dc1d7e7 req-6531d34d-4026-4f1c-8979-db9f8b49c0cb cb782252aa734d16b2b3db318b377d5b 69881b7620b44a08a99ffb3dc0110d28 - - default default] 10.0.0.64 "GET /v2.0/ports?device_id=949429f1-d458-47da-b0fa-a155d234ed3b HTTP/1.1" status: 200 len: 1170 time: 0.0649025
2026-07-22 15:24:54.640 10 INFO neutron.db.ovn_revision_numbers_db [None req-a95e7cce-003f-4257-bd49-f307de43da7e - - - - - -] Successfully bumped revision number for resource fe585365-2ba2-419f-8198-579fbbb06de2 (type: ports) to 4
2026-07-22 15:24:54.700 9 INFO neutron.wsgi [req-b2bf8578-448e-44f4-ac5e-d64a1f6c91f5 req-e4206cad-2670-4065-8925-cca16ad2e41c 4203cd334d204119bc83993adff8a89e 874bcdc4ad254d06ad07cb5c864f7d6f - - default default] 10.0.0.64 "GET /v2.0/ports?device_id=d3918434-fa69-4192-8b48-2e4740066065 HTTP/1.1" status: 200 len: 1170 time: 0.0797160
2026-07-22 15:24:54.743 10 INFO neutron.plugins.ml2.drivers.ovn.mech_driver.mech_driver [None req-a95e7cce-003f-4257-bd49-f307de43da7e - - - - - -] OVN reports status up for port: f3491ee9-58c6-42b2-8be1-ca22c13ce5ec
2026-07-22 15:24:54.778 10 INFO neutron.plugins.ml2.plugin [None req-a95e7cce-003f-4257-bd49-f307de43da7e - - - - - -] Attempt 1 to provision port f3491ee9-58c6-42b2-8be1-ca22c13ce5ec
2026-07-22 15:24:54.825 9 INFO neutron.wsgi [req-b2bf8578-448e-44f4-ac5e-d64a1f6c91f5 req-aca255ad-db6a-4653-b5f3-042bfa973458 4203cd334d204119bc83993adff8a89e 874bcdc4ad254d06ad07cb5c864f7d6f - - default default] 10.0.0.64 "GET /v2.0/security-groups?id=02ab910f-042c-4c80-8bf4-acc4568f80dd&fields=id&fields=name HTTP/1.1" status: 200 len: 311 time: 0.1183848
2026-07-22 15:24:54.851 9 INFO neutron.db.l3_db [None req-2e81334d-4f74-4b38-8c06-6814cb9e281f cb782252aa734d16b2b3db318b377d5b 69881b7620b44a08a99ffb3dc0110d28 - - default default] Floating IP 0d381c9f-54aa-429d-8817-dd77cff2829f associated. External IP: 10.96.250.219, port: aa841d70-ce06-4b17-8488-76952c4ab0df. /var/lib/openstack/lib/python3.10/site-packages/pycadf/identifier.py:71: UserWarning: Invalid uuid: neutron. To ensure interoperability, identifiers should be a valid uuid. warnings.warn(('Invalid uuid: %s. To ensure interoperability, '
2026-07-22 15:24:54.961 10 INFO neutron.wsgi [req-2a3910a0-964c-45cb-85b9-aaf7cda5fbf3 req-516779be-0381-4970-b49b-5909d080c0dd 4203cd334d204119bc83993adff8a89e 874bcdc4ad254d06ad07cb5c864f7d6f - - default default] 10.0.0.64 "GET /v2.0/ports?device_id=d3918434-fa69-4192-8b48-2e4740066065 HTTP/1.1" status: 200 len: 1170 time: 0.0723147
2026-07-22 15:24:55.032 10 INFO neutron.db.ovn_revision_numbers_db [None req-e86f101d-492f-44e8-9398-fea115fc9440 5c2d2eea7ebd43eaafe62f9f7646482d 1cefd14a2ae340718011307e746df049 - - default default] Successfully bumped revision number for resource cd7f9b89-77b6-452e-8029-d17c76fd0ffb (type: ports) to 2
2026-07-22 15:24:55.084 10 INFO neutron.db.ovn_revision_numbers_db [None req-e86f101d-492f-44e8-9398-fea115fc9440 5c2d2eea7ebd43eaafe62f9f7646482d 1cefd14a2ae340718011307e746df049 - - default default] Successfully bumped revision number for resource 6fd0cf71-4f36-4a1f-a6fe-fd71b642b006 (type: subnets) to 0
2026-07-22 15:24:55.113 10 INFO neutron.wsgi [None req-e86f101d-492f-44e8-9398-fea115fc9440 5c2d2eea7ebd43eaafe62f9f7646482d 1cefd14a2ae340718011307e746df049 - - default default] 10.0.0.179 "POST /v2.0/subnets HTTP/1.1" status: 201 len: 866 time: 1.2877393
2026-07-22 15:24:55.171 9 INFO neutron.db.ovn_revision_numbers_db [None req-2e81334d-4f74-4b38-8c06-6814cb9e281f cb782252aa734d16b2b3db318b377d5b 69881b7620b44a08a99ffb3dc0110d28 - - default default] Successfully bumped revision number for resource 0d381c9f-54aa-429d-8817-dd77cff2829f (type: floatingips) to 1
2026-07-22 15:24:55.178 10 INFO neutron.db.ovn_revision_numbers_db [None req-a95e7cce-003f-4257-bd49-f307de43da7e - - - - - -] Successfully bumped revision number for resource f3491ee9-58c6-42b2-8be1-ca22c13ce5ec (type: ports) to 4
2026-07-22 15:24:55.337 9 INFO neutron.wsgi [req-a3df6e3c-545d-4b27-b876-bc5683dd8758 req-0e0fb9bd-55cf-49c9-af01-06a2fc37bf19 2dd508a593244f4a857bf2c3ea4d04f1 61f47672dfb74b59ac2fad0900c88041 - - default default] 10.0.0.64 "GET /v2.0/ports?device_id=e1637f21-a923-4722-8711-89b7c6b9e9e0 HTTP/1.1" status: 200 len: 1170 time: 0.1114149
2026-07-22 15:24:55.751 9 INFO neutron.db.l3_db [None req-ecf16d57-7a54-4c31-8c23-455663fb61e2 4203cd334d204119bc83993adff8a89e 874bcdc4ad254d06ad07cb5c864f7d6f - - default default] Floating IP abcd526e-86df-4fd7-9757-a98409f58b42 associated. External IP: 10.96.250.212, port: fe585365-2ba2-419f-8198-579fbbb06de2.
2026-07-22 15:24:55.805 9 INFO neutron.wsgi [req-a3df6e3c-545d-4b27-b876-bc5683dd8758 req-0c83ea4f-aef6-494b-94aa-922d9ad2762a 2dd508a593244f4a857bf2c3ea4d04f1 61f47672dfb74b59ac2fad0900c88041 - - default default] 10.0.0.64 "GET /v2.0/security-groups?id=d7659e89-2108-46a2-b17c-9b30176f1fb2&fields=id&fields=name HTTP/1.1" status: 200 len: 286 time: 0.4588513
2026-07-22 15:24:55.822 9 INFO neutron.db.ovn_revision_numbers_db [None req-2e81334d-4f74-4b38-8c06-6814cb9e281f cb782252aa734d16b2b3db318b377d5b 69881b7620b44a08a99ffb3dc0110d28 - - default default] Successfully bumped revision number for resource 0d381c9f-54aa-429d-8817-dd77cff2829f (type: floatingips) to 2
2026-07-22 15:24:55.865 9 INFO neutron.wsgi [None req-2e81334d-4f74-4b38-8c06-6814cb9e281f cb782252aa734d16b2b3db318b377d5b 69881b7620b44a08a99ffb3dc0110d28 - - default default] 10.0.0.179 "PUT /v2.0/floatingips/0d381c9f-54aa-429d-8817-dd77cff2829f HTTP/1.1" status: 200 len: 1049 time: 1.3866835
2026-07-22 15:24:55.925 9 INFO neutron.notifiers.nova [-] Nova event matching ['req-35270f28-340c-4cbf-8363-c80c091374ea'] response: {'name': 'network-changed', 'server_uuid': '949429f1-d458-47da-b0fa-a155d234ed3b', 'tag': 'aa841d70-ce06-4b17-8488-76952c4ab0df', 'status': 'completed', 'code': 200} /var/lib/openstack/lib/python3.10/site-packages/pycadf/identifier.py:71: UserWarning: Invalid uuid: neutron. To ensure interoperability, identifiers should be a valid uuid. warnings.warn(('Invalid uuid: %s. To ensure interoperability, '
2026-07-22 15:24:56.007 9 INFO neutron.wsgi [req-bab18b77-5c55-40a4-8217-79d1fba20421 req-f269bb17-b87e-44a6-86c6-39369952e2e2 e62eee8fa42a4163a3ae678d2c8ae9aa 86e0e1c0a1f14810805148bd2196cbdc - - e37e2322584140228abb0979f9eb5225 e37e2322584140228abb0979f9eb5225] 199.204.45.95 "GET /v2.0/ports?tenant_id=69881b7620b44a08a99ffb3dc0110d28&device_id=949429f1-d458-47da-b0fa-a155d234ed3b HTTP/1.1" status: 200 len: 1409 time: 0.0600386
2026-07-22 15:24:56.051 10 INFO neutron.wsgi [req-ece4ae8a-62da-4959-a981-7140d096426f req-92ad5a15-304d-4ac3-b75d-860de10b22d0 cb782252aa734d16b2b3db318b377d5b 69881b7620b44a08a99ffb3dc0110d28 - - default default] 10.0.0.64 "GET /v2.0/ports?device_id=949429f1-d458-47da-b0fa-a155d234ed3b HTTP/1.1" status: 200 len: 1170 time: 0.1111190
2026-07-22 15:24:56.111 10 INFO neutron.wsgi [req-ece4ae8a-62da-4959-a981-7140d096426f req-1b084782-df45-44c4-8968-7d74c893fc25 cb782252aa734d16b2b3db318b377d5b 69881b7620b44a08a99ffb3dc0110d28 - - default default] 10.0.0.64 "GET /v2.0/security-groups?id=9594fb76-44ee-416c-8e0d-16e27570dd0b&fields=id&fields=name HTTP/1.1" status: 200 len: 312 time: 0.0477359
2026-07-22 15:24:56.187 9 INFO neutron.wsgi [req-bab18b77-5c55-40a4-8217-79d1fba20421 req-f9085b42-90fd-4cb5-b8e5-3c6bc08fbeb5 e62eee8fa42a4163a3ae678d2c8ae9aa 86e0e1c0a1f14810805148bd2196cbdc - - e37e2322584140228abb0979f9eb5225 e37e2322584140228abb0979f9eb5225] 199.204.45.95 "GET /v2.0/networks?id=f5b33400-40e3-4aea-8a5b-eadb40c902c9 HTTP/1.1" status: 200 len: 978 time: 0.1697440 /var/lib/openstack/lib/python3.10/site-packages/pycadf/identifier.py:71: UserWarning: Invalid uuid: neutron. To ensure interoperability, identifiers should be a valid uuid. warnings.warn(('Invalid uuid: %s. To ensure interoperability, '
2026-07-22 15:24:56.210 10 INFO neutron.notifiers.nova [-] Nova event matching ['req-d4370898-a004-40e4-baf9-651184b3da4d'] response: {'server_uuid': 'd3918434-fa69-4192-8b48-2e4740066065', 'name': 'network-vif-plugged', 'status': 'completed', 'tag': 'fe585365-2ba2-419f-8198-579fbbb06de2', 'code': 200}
2026-07-22 15:24:56.210 10 INFO neutron.notifiers.nova [-] Nova event matching ['req-d4370898-a004-40e4-baf9-651184b3da4d'] response: {'server_uuid': 'e1637f21-a923-4722-8711-89b7c6b9e9e0', 'name': 'network-vif-plugged', 'status': 'completed', 'tag': 'f3491ee9-58c6-42b2-8be1-ca22c13ce5ec', 'code': 200}
2026-07-22 15:24:56.210 10 INFO neutron.notifiers.nova [-] Nova event matching ['req-d4370898-a004-40e4-baf9-651184b3da4d'] response: {'server_uuid': 'e1637f21-a923-4722-8711-89b7c6b9e9e0', 'name': 'network-vif-plugged', 'status': 'completed', 'tag': 'f3491ee9-58c6-42b2-8be1-ca22c13ce5ec', 'code': 200}
2026-07-22 15:24:56.237 9 INFO neutron.db.ovn_revision_numbers_db [None req-ecf16d57-7a54-4c31-8c23-455663fb61e2 4203cd334d204119bc83993adff8a89e 874bcdc4ad254d06ad07cb5c864f7d6f - - default default] Successfully bumped revision number for resource abcd526e-86df-4fd7-9757-a98409f58b42 (type: floatingips) to 1
2026-07-22 15:24:56.272 9 INFO neutron.wsgi [req-bab18b77-5c55-40a4-8217-79d1fba20421 req-5930cc1d-c250-4b53-8667-832ee41f1f12 e62eee8fa42a4163a3ae678d2c8ae9aa 86e0e1c0a1f14810805148bd2196cbdc - - e37e2322584140228abb0979f9eb5225 e37e2322584140228abb0979f9eb5225] 199.204.45.95 "GET /v2.0/floatingips?fixed_ip_address=10.100.0.6&port_id=aa841d70-ce06-4b17-8488-76952c4ab0df HTTP/1.1" status: 200 len: 1059 time: 0.0767927
2026-07-22 15:24:56.346 9 INFO neutron.wsgi [req-bab18b77-5c55-40a4-8217-79d1fba20421 req-a23f0bb8-4ed1-4dd4-9ad3-33971727c89b e62eee8fa42a4163a3ae678d2c8ae9aa 86e0e1c0a1f14810805148bd2196cbdc - - e37e2322584140228abb0979f9eb5225 e37e2322584140228abb0979f9eb5225] 199.204.45.95 "GET /v2.0/subnets?id=6b4cc670-2d06-4272-9121-f796165fdd1b HTTP/1.1" status: 200 len: 873 time: 0.0683789
2026-07-22 15:24:56.393 9 INFO neutron.wsgi [req-bab18b77-5c55-40a4-8217-79d1fba20421 req-4ab6f2c8-9c7d-4853-aca6-4e9b960ad11c e62eee8fa42a4163a3ae678d2c8ae9aa 86e0e1c0a1f14810805148bd2196cbdc - - e37e2322584140228abb0979f9eb5225 e37e2322584140228abb0979f9eb5225] 199.204.45.95 "GET /v2.0/ports?network_id=f5b33400-40e3-4aea-8a5b-eadb40c902c9&device_owner=network%3Adhcp HTTP/1.1" status: 200 len: 210 time: 0.0244484
2026-07-22 15:24:56.452 9 INFO neutron.db.ovn_revision_numbers_db [None req-ecf16d57-7a54-4c31-8c23-455663fb61e2 4203cd334d204119bc83993adff8a89e 874bcdc4ad254d06ad07cb5c864f7d6f - - default default] Successfully bumped revision number for resource abcd526e-86df-4fd7-9757-a98409f58b42 (type: floatingips) to 2
2026-07-22 15:24:56.491 9 INFO neutron.plugins.ml2.drivers.ovn.mech_driver.mech_driver [None req-dce3b029-d00b-4178-9294-9dee77922ec6 - - - - - -] OVN reports status down for port: aa841d70-ce06-4b17-8488-76952c4ab0df
2026-07-22 15:24:56.517 9 INFO neutron.wsgi [req-896de4ff-1b42-4475-b198-d9a8ff290ba5 req-3d8a263e-b1a2-4155-b433-e3bbbcff46dc cb782252aa734d16b2b3db318b377d5b 69881b7620b44a08a99ffb3dc0110d28 - - default default] 10.0.0.64 "GET /v2.0/ports?device_id=949429f1-d458-47da-b0fa-a155d234ed3b HTTP/1.1" status: 200 len: 1170 time: 0.1162195
2026-07-22 15:24:56.529 9 WARNING neutron.scheduler.dhcp_agent_scheduler [None req-eb0f3386-179c-4a57-b5a0-b04d802f174d 5c2d2eea7ebd43eaafe62f9f7646482d 1cefd14a2ae340718011307e746df049 - - default default] No more DHCP agents
2026-07-22 15:24:56.545 9 INFO neutron.wsgi [None req-ecf16d57-7a54-4c31-8c23-455663fb61e2 4203cd334d204119bc83993adff8a89e 874bcdc4ad254d06ad07cb5c864f7d6f - - default default] 10.0.0.179 "PUT /v2.0/floatingips/abcd526e-86df-4fd7-9757-a98409f58b42 HTTP/1.1" status: 200 len: 1049 time: 1.5731812
2026-07-22 15:24:56.549 9 WARNING neutron.api.rpc.agentnotifiers.dhcp_rpc_agent_api [None req-eb0f3386-179c-4a57-b5a0-b04d802f174d 5c2d2eea7ebd43eaafe62f9f7646482d 1cefd14a2ae340718011307e746df049 - - default default] Unable to schedule network 01aaf83a-285e-4494-8eff-240afccb5159: no agents available; will retry on subsequent port and subnet creation events.
2026-07-22 15:24:56.597 9 INFO neutron.wsgi [req-bab18b77-5c55-40a4-8217-79d1fba20421 req-59453845-f0ea-4855-8ca0-47fd42e115f2 e62eee8fa42a4163a3ae678d2c8ae9aa 86e0e1c0a1f14810805148bd2196cbdc - - e37e2322584140228abb0979f9eb5225 e37e2322584140228abb0979f9eb5225] 199.204.45.95 "GET /v2.0/networks/f5b33400-40e3-4aea-8a5b-eadb40c902c9?fields=segments HTTP/1.1" status: 200 len: 212 time: 0.1955070
2026-07-22 15:24:56.664 10 INFO neutron.wsgi [req-0c1a3671-540c-446c-a805-ab01fb737b95 req-d809e56b-133e-4417-bfd1-6a46d7b80bda 4203cd334d204119bc83993adff8a89e 874bcdc4ad254d06ad07cb5c864f7d6f - - default default] 10.0.0.64 "GET /v2.0/ports?device_id=d3918434-fa69-4192-8b48-2e4740066065 HTTP/1.1" status: 200 len: 1170 time: 0.0452721
2026-07-22 15:24:56.665 9 INFO neutron.wsgi [req-896de4ff-1b42-4475-b198-d9a8ff290ba5 req-2acb8cef-35ef-40d5-bab5-fdcdfeaaacb7 cb782252aa734d16b2b3db318b377d5b 69881b7620b44a08a99ffb3dc0110d28 - - default default] 10.0.0.64 "GET /v2.0/security-groups?id=9594fb76-44ee-416c-8e0d-16e27570dd0b&fields=id&fields=name HTTP/1.1" status: 200 len: 312 time: 0.1316512
2026-07-22 15:24:56.710 10 INFO neutron.wsgi [req-0c1a3671-540c-446c-a805-ab01fb737b95 req-fc3847e1-dcb6-4338-9c38-7560bc3600ca 4203cd334d204119bc83993adff8a89e 874bcdc4ad254d06ad07cb5c864f7d6f - - default default] 10.0.0.64 "GET /v2.0/security-groups?id=02ab910f-042c-4c80-8bf4-acc4568f80dd&fields=id&fields=name HTTP/1.1" status: 200 len: 311 time: 0.0378032
2026-07-22 15:24:56.735 9 INFO neutron.wsgi [req-bab18b77-5c55-40a4-8217-79d1fba20421 req-93c2c36a-2eae-4f9f-97f5-030a9e91d93e e62eee8fa42a4163a3ae678d2c8ae9aa 86e0e1c0a1f14810805148bd2196cbdc - - e37e2322584140228abb0979f9eb5225 e37e2322584140228abb0979f9eb5225] 199.204.45.95 "GET /v2.0/networks/f5b33400-40e3-4aea-8a5b-eadb40c902c9?fields=provider%3Aphysical_network&fields=provider%3Anetwork_type HTTP/1.1" status: 200 len: 277 time: 0.1297762
2026-07-22 15:24:56.803 9 INFO neutron.wsgi [req-c2a220fd-32be-4d77-a3a6-aeefceea1134 req-a16c6706-ece7-429f-a26f-f6c4daf815cc cb782252aa734d16b2b3db318b377d5b 69881b7620b44a08a99ffb3dc0110d28 - - default default] 199.204.45.95 "GET /v2.0/ports?device_id=949429f1-d458-47da-b0fa-a155d234ed3b HTTP/1.1" status: 200 len: 1170 time: 0.0634139
2026-07-22 15:24:57.177 9 INFO neutron.db.ovn_revision_numbers_db [None req-eb0f3386-179c-4a57-b5a0-b04d802f174d 5c2d2eea7ebd43eaafe62f9f7646482d 1cefd14a2ae340718011307e746df049 - - default default] Successfully bumped revision number for resource 6c5bfe96-1624-4ac5-854b-35f63e478c8e (type: ports) to 1
