2026-07-22 15:27:33.997 9 INFO neutron.wsgi [req-7c82dcbe-ec3f-4d06-a287-84ba9c466783 req-5577bb0a-4f4f-4a29-b4bd-d1a0fb811a99 e62eee8fa42a4163a3ae678d2c8ae9aa 86e0e1c0a1f14810805148bd2196cbdc - - e37e2322584140228abb0979f9eb5225 e37e2322584140228abb0979f9eb5225] 199.204.45.95 "GET /v2.0/networks/8196a4fd-3283-4b22-b639-518c28238901?fields=provider%3Aphysical_network&fields=provider%3Anetwork_type HTTP/1.1" status: 200 len: 277 time: 0.0573485
2026-07-22 15:27:34.589 10 INFO neutron.wsgi [None req-7e361bc6-fbcc-4539-8da8-85e866de4d64 fb3f520c76ba490b9ab6a9e68cad1504 f5e6252e392f4db0b8a285196b85d3d3 - - default default] 10.0.0.46 "GET /v2.0/extensions HTTP/1.1" status: 200 len: 16525 time: 0.0068910
2026-07-22 15:27:34.717 9 INFO neutron.wsgi [None req-c968f5b6-923d-43a9-b727-e0837824a2f3 fb3f520c76ba490b9ab6a9e68cad1504 f5e6252e392f4db0b8a285196b85d3d3 - - default default] 10.0.0.46 "GET /v2.0/quotas/f5e6252e392f4db0b8a285196b85d3d3/details HTTP/1.1" status: 200 len: 756 time: 0.0998387
2026-07-22 15:27:37.416 9 INFO neutron.db.ovn_revision_numbers_db [None req-8013eda7-0a74-4292-9509-117370e55512 c58f2ee88cd449c48569550d14244866 eb1a91ae90e94e44ac34dc6909ac961a - - default default] Successfully bumped revision number for resource 1b436341-c82e-4b2d-a5c7-0859fe0404d5 (type: security_groups) to 1
2026-07-22 15:27:37.431 9 INFO neutron.db.ovn_revision_numbers_db [None req-8013eda7-0a74-4292-9509-117370e55512 c58f2ee88cd449c48569550d14244866 eb1a91ae90e94e44ac34dc6909ac961a - - default default] Successfully bumped revision number for resource 0287b9fa-a304-4349-b638-09009b3567ed (type: security_group_rules) to 0
2026-07-22 15:27:37.446 9 INFO neutron.db.ovn_revision_numbers_db [None req-8013eda7-0a74-4292-9509-117370e55512 c58f2ee88cd449c48569550d14244866 eb1a91ae90e94e44ac34dc6909ac961a - - default default] Successfully bumped revision number for resource 6df303b3-00c1-4a32-932d-2b6e4f4a815e (type: security_group_rules) to 0
2026-07-22 15:27:37.460 9 INFO neutron.db.ovn_revision_numbers_db [None req-8013eda7-0a74-4292-9509-117370e55512 c58f2ee88cd449c48569550d14244866 eb1a91ae90e94e44ac34dc6909ac961a - - default default] Successfully bumped revision number for resource 7176f19d-39f8-4e38-abbf-82d109f70896 (type: security_group_rules) to 0
2026-07-22 15:27:37.471 9 INFO neutron.db.ovn_revision_numbers_db [None req-8013eda7-0a74-4292-9509-117370e55512 c58f2ee88cd449c48569550d14244866 eb1a91ae90e94e44ac34dc6909ac961a - - default default] Successfully bumped revision number for resource f96da009-e835-4295-8843-7543f376c180 (type: security_group_rules) to 0
2026-07-22 15:27:37.477 10 INFO neutron.db.ovn_revision_numbers_db [None req-86413dff-9dff-45c3-87eb-ed6fa4315b5e 5c2d2eea7ebd43eaafe62f9f7646482d 1cefd14a2ae340718011307e746df049 - - default default] Successfully bumped revision number for resource 17f57500-b01d-45b4-8625-5ee3df489237 (type: security_groups) to 1
2026-07-22 15:27:37.494 10 INFO neutron.db.ovn_revision_numbers_db [None req-86413dff-9dff-45c3-87eb-ed6fa4315b5e 5c2d2eea7ebd43eaafe62f9f7646482d 1cefd14a2ae340718011307e746df049 - - default default] Successfully bumped revision number for resource 94f82bda-80ad-45e5-979a-7c0007660c2d (type: security_group_rules) to 0
2026-07-22 15:27:37.510 10 INFO neutron.db.ovn_revision_numbers_db [None req-86413dff-9dff-45c3-87eb-ed6fa4315b5e 5c2d2eea7ebd43eaafe62f9f7646482d 1cefd14a2ae340718011307e746df049 - - default default] Successfully bumped revision number for resource a1253d8c-1e51-42b1-a790-f82bb4c35429 (type: security_group_rules) to 0
2026-07-22 15:27:37.525 9 INFO neutron.db.segments_db [None req-8013eda7-0a74-4292-9509-117370e55512 c58f2ee88cd449c48569550d14244866 eb1a91ae90e94e44ac34dc6909ac961a - - default default] Added segment e149a287-2cc8-4de1-8a70-0d35db710241 of type geneve for network 7f9a3d7e-eb1e-44ae-9dd9-65a8188e3208
2026-07-22 15:27:37.529 10 INFO neutron.db.ovn_revision_numbers_db [None req-86413dff-9dff-45c3-87eb-ed6fa4315b5e 5c2d2eea7ebd43eaafe62f9f7646482d 1cefd14a2ae340718011307e746df049 - - default default] Successfully bumped revision number for resource b6774a64-f4f5-48bc-abbb-3a350faa25a6 (type: security_group_rules) to 0
2026-07-22 15:27:37.545 10 INFO neutron.db.ovn_revision_numbers_db [None req-86413dff-9dff-45c3-87eb-ed6fa4315b5e 5c2d2eea7ebd43eaafe62f9f7646482d 1cefd14a2ae340718011307e746df049 - - default default] Successfully bumped revision number for resource f05d66db-eaef-4a54-99a2-0ad9b41a2444 (type: security_group_rules) to 0
2026-07-22 15:27:37.577 10 INFO neutron.wsgi [None req-86413dff-9dff-45c3-87eb-ed6fa4315b5e 5c2d2eea7ebd43eaafe62f9f7646482d 1cefd14a2ae340718011307e746df049 - - default default] 10.0.0.179 "GET /v2.0/security-groups?tenant_id=f5e6252e392f4db0b8a285196b85d3d3&name=default HTTP/1.1" status: 200 len: 2996 time: 0.2920642
2026-07-22 15:27:37.723 9 INFO neutron.db.ovn_revision_numbers_db [None req-8013eda7-0a74-4292-9509-117370e55512 c58f2ee88cd449c48569550d14244866 eb1a91ae90e94e44ac34dc6909ac961a - - default default] Successfully bumped revision number for resource 7f9a3d7e-eb1e-44ae-9dd9-65a8188e3208 (type: networks) to 1
2026-07-22 15:27:37.794 10 INFO neutron.wsgi [None req-c850aacf-df5d-46be-91e8-7f00bdc0a704 5c2d2eea7ebd43eaafe62f9f7646482d 1cefd14a2ae340718011307e746df049 - - default default] 10.0.0.179 "DELETE /v2.0/security-groups/17f57500-b01d-45b4-8625-5ee3df489237 HTTP/1.1" status: 204 len: 168 time: 0.2098222
2026-07-22 15:27:37.908 9 WARNING neutron.scheduler.dhcp_agent_scheduler [None req-8013eda7-0a74-4292-9509-117370e55512 c58f2ee88cd449c48569550d14244866 eb1a91ae90e94e44ac34dc6909ac961a - - default default] No more DHCP agents
2026-07-22 15:27:37.911 9 WARNING neutron.api.rpc.agentnotifiers.dhcp_rpc_agent_api [None req-8013eda7-0a74-4292-9509-117370e55512 c58f2ee88cd449c48569550d14244866 eb1a91ae90e94e44ac34dc6909ac961a - - default default] Unable to schedule network 7f9a3d7e-eb1e-44ae-9dd9-65a8188e3208: no agents available; will retry on subsequent port and subnet creation events.
2026-07-22 15:27:38.002 9 INFO neutron.db.ovn_revision_numbers_db [None req-8013eda7-0a74-4292-9509-117370e55512 c58f2ee88cd449c48569550d14244866 eb1a91ae90e94e44ac34dc6909ac961a - - default default] Successfully bumped revision number for resource ee726b14-48ff-4e5e-87a0-e3b085fb7c35 (type: ports) to 1
2026-07-22 15:27:38.029 9 INFO neutron.wsgi [None req-8013eda7-0a74-4292-9509-117370e55512 c58f2ee88cd449c48569550d14244866 eb1a91ae90e94e44ac34dc6909ac961a - - default default] 10.0.0.179 "POST /v2.0/networks HTTP/1.1" status: 201 len: 830 time: 0.8993793
2026-07-22 15:27:38.119 9 INFO neutron.db.segments_db [None req-eb4c7096-9bdf-4737-b87e-6e85f91f07a0 c58f2ee88cd449c48569550d14244866 eb1a91ae90e94e44ac34dc6909ac961a - - default default] Added segment fe79f4d0-307a-40a7-89ef-fe3e00c15cc5 of type geneve for network 0f5e6445-482b-4c5f-b1fd-d56497e2cbc5
2026-07-22 15:27:38.263 9 INFO neutron.db.ovn_revision_numbers_db [None req-eb4c7096-9bdf-4737-b87e-6e85f91f07a0 c58f2ee88cd449c48569550d14244866 eb1a91ae90e94e44ac34dc6909ac961a - - default default] Successfully bumped revision number for resource 0f5e6445-482b-4c5f-b1fd-d56497e2cbc5 (type: networks) to 1
2026-07-22 15:27:38.450 9 WARNING neutron.scheduler.dhcp_agent_scheduler [None req-eb4c7096-9bdf-4737-b87e-6e85f91f07a0 c58f2ee88cd449c48569550d14244866 eb1a91ae90e94e44ac34dc6909ac961a - - default default] No more DHCP agents
2026-07-22 15:27:38.452 9 WARNING neutron.api.rpc.agentnotifiers.dhcp_rpc_agent_api [None req-eb4c7096-9bdf-4737-b87e-6e85f91f07a0 c58f2ee88cd449c48569550d14244866 eb1a91ae90e94e44ac34dc6909ac961a - - default default] Unable to schedule network 0f5e6445-482b-4c5f-b1fd-d56497e2cbc5: no agents available; will retry on subsequent port and subnet creation events.
2026-07-22 15:27:38.534 9 INFO neutron.db.ovn_revision_numbers_db [None req-eb4c7096-9bdf-4737-b87e-6e85f91f07a0 c58f2ee88cd449c48569550d14244866 eb1a91ae90e94e44ac34dc6909ac961a - - default default] Successfully bumped revision number for resource cd1e3207-77b9-4ca6-8df5-1aff6e1c03f9 (type: ports) to 1
2026-07-22 15:27:38.582 9 INFO neutron.wsgi [None req-eb4c7096-9bdf-4737-b87e-6e85f91f07a0 c58f2ee88cd449c48569550d14244866 eb1a91ae90e94e44ac34dc6909ac961a - - default default] 10.0.0.179 "POST /v2.0/networks HTTP/1.1" status: 201 len: 831 time: 0.5476792
2026-07-22 15:27:38.696 9 INFO neutron.db.segments_db [None req-943fd886-ab8b-4207-ad0b-55481808546a c58f2ee88cd449c48569550d14244866 eb1a91ae90e94e44ac34dc6909ac961a - - default default] Added segment b104d000-60bd-4a42-8abb-0a47c6371586 of type geneve for network 72eea6c1-f116-49ab-a4de-6495fd988106
2026-07-22 15:27:38.843 9 INFO neutron.db.ovn_revision_numbers_db [None req-943fd886-ab8b-4207-ad0b-55481808546a c58f2ee88cd449c48569550d14244866 eb1a91ae90e94e44ac34dc6909ac961a - - default default] Successfully bumped revision number for resource 72eea6c1-f116-49ab-a4de-6495fd988106 (type: networks) to 1
2026-07-22 15:27:39.033 9 WARNING neutron.scheduler.dhcp_agent_scheduler [None req-943fd886-ab8b-4207-ad0b-55481808546a c58f2ee88cd449c48569550d14244866 eb1a91ae90e94e44ac34dc6909ac961a - - default default] No more DHCP agents
2026-07-22 15:27:39.035 9 WARNING neutron.api.rpc.agentnotifiers.dhcp_rpc_agent_api [None req-943fd886-ab8b-4207-ad0b-55481808546a c58f2ee88cd449c48569550d14244866 eb1a91ae90e94e44ac34dc6909ac961a - - default default] Unable to schedule network 72eea6c1-f116-49ab-a4de-6495fd988106: no agents available; will retry on subsequent port and subnet creation events.
2026-07-22 15:27:39.131 9 INFO neutron.db.ovn_revision_numbers_db [None req-943fd886-ab8b-4207-ad0b-55481808546a c58f2ee88cd449c48569550d14244866 eb1a91ae90e94e44ac34dc6909ac961a - - default default] Successfully bumped revision number for resource 01280a89-3a74-4b80-9e34-189f6b6b4875 (type: ports) to 1
2026-07-22 15:27:39.151 9 INFO neutron.wsgi [None req-943fd886-ab8b-4207-ad0b-55481808546a c58f2ee88cd449c48569550d14244866 eb1a91ae90e94e44ac34dc6909ac961a - - default default] 10.0.0.179 "POST /v2.0/networks HTTP/1.1" status: 201 len: 830 time: 0.5631714
2026-07-22 15:27:39.247 9 INFO neutron.db.segments_db [None req-70f07a9a-bb7e-48ca-b88a-29609992b285 c58f2ee88cd449c48569550d14244866 eb1a91ae90e94e44ac34dc6909ac961a - - default default] Added segment 9a20e3ab-ba06-4865-a277-216fbb52c6c5 of type geneve for network bd874968-5a08-49f6-bbe0-0b7345f3260b
2026-07-22 15:27:39.386 9 INFO neutron.db.ovn_revision_numbers_db [None req-70f07a9a-bb7e-48ca-b88a-29609992b285 c58f2ee88cd449c48569550d14244866 eb1a91ae90e94e44ac34dc6909ac961a - - default default] Successfully bumped revision number for resource bd874968-5a08-49f6-bbe0-0b7345f3260b (type: networks) to 1
2026-07-22 15:27:39.575 9 WARNING neutron.scheduler.dhcp_agent_scheduler [None req-70f07a9a-bb7e-48ca-b88a-29609992b285 c58f2ee88cd449c48569550d14244866 eb1a91ae90e94e44ac34dc6909ac961a - - default default] No more DHCP agents
2026-07-22 15:27:39.580 9 WARNING neutron.api.rpc.agentnotifiers.dhcp_rpc_agent_api [None req-70f07a9a-bb7e-48ca-b88a-29609992b285 c58f2ee88cd449c48569550d14244866 eb1a91ae90e94e44ac34dc6909ac961a - - default default] Unable to schedule network bd874968-5a08-49f6-bbe0-0b7345f3260b: no agents available; will retry on subsequent port and subnet creation events.
2026-07-22 15:27:39.692 9 INFO neutron.db.ovn_revision_numbers_db [None req-70f07a9a-bb7e-48ca-b88a-29609992b285 c58f2ee88cd449c48569550d14244866 eb1a91ae90e94e44ac34dc6909ac961a - - default default] Successfully bumped revision number for resource c9e62266-e2dd-4c99-b3c9-98a4a0aed6fb (type: ports) to 1
2026-07-22 15:27:39.717 9 INFO neutron.wsgi [None req-70f07a9a-bb7e-48ca-b88a-29609992b285 c58f2ee88cd449c48569550d14244866 eb1a91ae90e94e44ac34dc6909ac961a - - default default] 10.0.0.179 "POST /v2.0/networks HTTP/1.1" status: 201 len: 830 time: 0.5602648
2026-07-22 15:27:39.806 9 INFO neutron.db.segments_db [None req-7d67937e-ce85-4c22-a690-a16b671eb796 c58f2ee88cd449c48569550d14244866 eb1a91ae90e94e44ac34dc6909ac961a - - default default] Added segment ce379806-9bf0-4790-b4b9-ed1354204ee6 of type geneve for network 7575a0d8-bed0-47df-ac61-f86d04fe2e20
2026-07-22 15:27:39.965 9 INFO neutron.db.ovn_revision_numbers_db [None req-7d67937e-ce85-4c22-a690-a16b671eb796 c58f2ee88cd449c48569550d14244866 eb1a91ae90e94e44ac34dc6909ac961a - - default default] Successfully bumped revision number for resource 7575a0d8-bed0-47df-ac61-f86d04fe2e20 (type: networks) to 1
2026-07-22 15:27:40.154 9 WARNING neutron.scheduler.dhcp_agent_scheduler [None req-7d67937e-ce85-4c22-a690-a16b671eb796 c58f2ee88cd449c48569550d14244866 eb1a91ae90e94e44ac34dc6909ac961a - - default default] No more DHCP agents
2026-07-22 15:27:40.157 9 WARNING neutron.api.rpc.agentnotifiers.dhcp_rpc_agent_api [None req-7d67937e-ce85-4c22-a690-a16b671eb796 c58f2ee88cd449c48569550d14244866 eb1a91ae90e94e44ac34dc6909ac961a - - default default] Unable to schedule network 7575a0d8-bed0-47df-ac61-f86d04fe2e20: no agents available; will retry on subsequent port and subnet creation events.
2026-07-22 15:27:40.240 9 INFO neutron.db.ovn_revision_numbers_db [None req-7d67937e-ce85-4c22-a690-a16b671eb796 c58f2ee88cd449c48569550d14244866 eb1a91ae90e94e44ac34dc6909ac961a - - default default] Successfully bumped revision number for resource c0c827bd-3840-4f4a-8b97-10a56d695dfa (type: ports) to 1
2026-07-22 15:27:40.261 9 INFO neutron.wsgi [None req-7d67937e-ce85-4c22-a690-a16b671eb796 c58f2ee88cd449c48569550d14244866 eb1a91ae90e94e44ac34dc6909ac961a - - default default] 10.0.0.179 "POST /v2.0/networks HTTP/1.1" status: 201 len: 831 time: 0.5386364
2026-07-22 15:27:40.312 9 INFO neutron.wsgi [None req-ef18c288-6b6b-41a9-894e-59e6b5fbefec c58f2ee88cd449c48569550d14244866 eb1a91ae90e94e44ac34dc6909ac961a - - default default] 10.0.0.179 "PUT /v2.0/networks/7f9a3d7e-eb1e-44ae-9dd9-65a8188e3208/tags HTTP/1.1" status: 200 len: 210 time: 0.0455656
2026-07-22 15:27:40.374 9 INFO neutron.wsgi [None req-0263121d-1244-4238-818f-28a483925a5e c58f2ee88cd449c48569550d14244866 eb1a91ae90e94e44ac34dc6909ac961a - - default default] 10.0.0.179 "PUT /v2.0/networks/0f5e6445-482b-4c5f-b1fd-d56497e2cbc5/tags HTTP/1.1" status: 200 len: 218 time: 0.0582755
2026-07-22 15:27:40.430 9 INFO neutron.wsgi [None req-e1b2b795-2549-4ee6-9907-f58d171b50b6 c58f2ee88cd449c48569550d14244866 eb1a91ae90e94e44ac34dc6909ac961a - - default default] 10.0.0.179 "PUT /v2.0/networks/72eea6c1-f116-49ab-a4de-6495fd988106/tags HTTP/1.1" status: 200 len: 227 time: 0.0503619
2026-07-22 15:27:40.477 9 INFO neutron.wsgi [None req-0a031afb-e5fa-4643-98d6-317a43081b2f c58f2ee88cd449c48569550d14244866 eb1a91ae90e94e44ac34dc6909ac961a - - default default] 10.0.0.179 "PUT /v2.0/networks/bd874968-5a08-49f6-bbe0-0b7345f3260b/tags HTTP/1.1" status: 200 len: 212 time: 0.0423770
2026-07-22 15:27:40.601 9 INFO neutron.wsgi [None req-37eae15a-76a4-4095-b2a1-f494c6ec97db c58f2ee88cd449c48569550d14244866 eb1a91ae90e94e44ac34dc6909ac961a - - default default] 10.0.0.179 "GET /v2.0/networks?tags=red HTTP/1.1" status: 200 len: 2068 time: 0.1175606
2026-07-22 15:27:40.695 10 INFO neutron.wsgi [None req-709e5c1f-2e97-45ea-b4b1-8689b07459de c58f2ee88cd449c48569550d14244866 eb1a91ae90e94e44ac34dc6909ac961a - - default default] 10.0.0.179 "GET /v2.0/networks?tags=red%2Cblue HTTP/1.1" status: 200 len: 1456 time: 0.0881712
2026-07-22 15:27:40.772 10 INFO neutron.wsgi [None req-d9f568bf-bc08-4017-bf42-4d5adf61b3f4 c58f2ee88cd449c48569550d14244866 eb1a91ae90e94e44ac34dc6909ac961a - - default default] 10.0.0.179 "GET /v2.0/networks?tags-any=blue HTTP/1.1" status: 200 len: 1456 time: 0.0718694
2026-07-22 15:27:40.864 9 INFO neutron.wsgi [None req-b62ab87f-bdf4-4294-9bb5-21212bc6f76c c58f2ee88cd449c48569550d14244866 eb1a91ae90e94e44ac34dc6909ac961a - - default default] 10.0.0.179 "GET /v2.0/networks?tags-any=red%2Cblue HTTP/1.1" status: 200 len: 2068 time: 0.0861032
2026-07-22 15:27:40.977 9 INFO neutron.wsgi [req-9a323902-6407-483a-92d1-4c34875f7bfc req-e5ece6c2-843f-4359-a79b-a892049f2a0f e62eee8fa42a4163a3ae678d2c8ae9aa 86e0e1c0a1f14810805148bd2196cbdc - - e37e2322584140228abb0979f9eb5225 e37e2322584140228abb0979f9eb5225] 10.0.0.97 "GET /v2.0/ports?device_id=46c4fc23-d2de-40b9-b54c-8331885a8b0b HTTP/1.1" status: 200 len: 1409 time: 0.0529518
2026-07-22 15:27:40.997 9 INFO neutron.wsgi [None req-b13d8e3b-ddd7-4123-aade-fde6d0cb37ad c58f2ee88cd449c48569550d14244866 eb1a91ae90e94e44ac34dc6909ac961a - - default default] 10.0.0.179 "GET /v2.0/networks?not-tags=red HTTP/1.1" status: 200 len: 2068 time: 0.1275640
2026-07-22 15:27:41.038 9 INFO neutron.wsgi [req-9a323902-6407-483a-92d1-4c34875f7bfc req-34933aee-6d68-4a95-97b9-eb1ca729b4af e62eee8fa42a4163a3ae678d2c8ae9aa 86e0e1c0a1f14810805148bd2196cbdc - - e37e2322584140228abb0979f9eb5225 e37e2322584140228abb0979f9eb5225] 10.0.0.97 "GET /v2.0/security-groups?id=20392f37-1311-43ae-9d67-213bdbe5251e&fields=id&fields=name HTTP/1.1" status: 200 len: 312 time: 0.0561306
2026-07-22 15:27:41.177 10 INFO neutron.wsgi [None req-2cc46998-9489-4de2-a817-40ba34447827 c58f2ee88cd449c48569550d14244866 eb1a91ae90e94e44ac34dc6909ac961a - - default default] 10.0.0.179 "GET /v2.0/networks?not-tags=red%2Cblue HTTP/1.1" status: 200 len: 2680 time: 0.1735222
2026-07-22 15:27:41.198 10 INFO neutron.wsgi [None req-164f36e1-bf0b-4575-bdb0-361d476ebecd 5c2d2eea7ebd43eaafe62f9f7646482d 1cefd14a2ae340718011307e746df049 - - default default] 10.0.0.249 "GET /v2.0/security-groups HTTP/1.1" status: 200 len: 27455 time: 0.3338537
2026-07-22 15:27:41.255 10 INFO neutron.wsgi [None req-14c1c4a6-0a05-4161-a0c2-99c7fd3db859 5c2d2eea7ebd43eaafe62f9f7646482d 1cefd14a2ae340718011307e746df049 - - default default] 10.0.0.249 "GET /v2.0/floatingips HTTP/1.1" status: 200 len: 1035 time: 0.0523493
2026-07-22 15:27:41.290 10 INFO neutron.wsgi [None req-1468f7d6-fcdf-4afc-8ac2-49c8cf2e0c9c 5c2d2eea7ebd43eaafe62f9f7646482d 1cefd14a2ae340718011307e746df049 - - default default] 10.0.0.249 "GET /v2.0/subnets HTTP/1.1" status: 200 len: 2076 time: 0.0341463
2026-07-22 15:27:41.304 10 INFO neutron.wsgi [None req-35285b1c-a9e4-4ea9-a871-3180f4bcf770 5c2d2eea7ebd43eaafe62f9f7646482d 1cefd14a2ae340718011307e746df049 - - default default] 10.0.0.249 "GET /v2.0/agents HTTP/1.1" status: 200 len: 997 time: 0.0126846
2026-07-22 15:27:41.313 9 INFO neutron.wsgi [None req-5b18ee2e-5094-414f-aed7-1e2a3280231c c58f2ee88cd449c48569550d14244866 eb1a91ae90e94e44ac34dc6909ac961a - - default default] 10.0.0.179 "GET /v2.0/networks?not-tags-any=blue HTTP/1.1" status: 200 len: 2680 time: 0.1289451
2026-07-22 15:27:41.347 10 INFO neutron.wsgi [None req-9f24d985-6c7c-48bc-915c-ebb537b83bfd 5c2d2eea7ebd43eaafe62f9f7646482d 1cefd14a2ae340718011307e746df049 - - default default] 10.0.0.249 "GET /v2.0/ports HTTP/1.1" status: 200 len: 15147 time: 0.0417442
2026-07-22 15:27:41.394 9 INFO neutron.wsgi [None req-4195226d-f39d-476d-b9e7-df98d34ee856 c58f2ee88cd449c48569550d14244866 eb1a91ae90e94e44ac34dc6909ac961a - - default default] 10.0.0.179 "GET /v2.0/networks?not-tags-any=red%2Cblue HTTP/1.1" status: 200 len: 2068 time: 0.0763609
2026-07-22 15:27:41.429 10 INFO neutron.wsgi [None req-042430e6-72bf-4335-8567-b82f0cdb5c60 5c2d2eea7ebd43eaafe62f9f7646482d 1cefd14a2ae340718011307e746df049 - - default default] 10.0.0.249 "GET /v2.0/networks HTTP/1.1" status: 200 len: 6671 time: 0.0684137
2026-07-22 15:27:41.491 10 INFO neutron.wsgi [None req-be9c916a-0dce-489c-8fed-1fadbc3296c9 5c2d2eea7ebd43eaafe62f9f7646482d 1cefd14a2ae340718011307e746df049 - - default default] 10.0.0.249 "GET /v2.0/routers HTTP/1.1" status: 200 len: 859 time: 0.0593462
2026-07-22 15:27:41.503 10 INFO neutron.wsgi [None req-80219efa-906c-4a86-9ea0-3865c777eaf7 5c2d2eea7ebd43eaafe62f9f7646482d 1cefd14a2ae340718011307e746df049 - - default default] 10.0.0.249 "GET /v2.0/agents?binary=ovn-controller HTTP/1.1" status: 200 len: 591 time: 0.0110257
2026-07-22 15:27:41.521 10 INFO neutron.wsgi [None req-4b59152a-f292-4eff-9028-bb9799ad4ddc 5c2d2eea7ebd43eaafe62f9f7646482d 1cefd14a2ae340718011307e746df049 - - default default] 10.0.0.249 "GET /v2.0/network-ip-availabilities HTTP/1.1" status: 200 len: 3062 time: 0.0173397
2026-07-22 15:27:41.557 10 INFO neutron.wsgi [None req-50d5b07c-980a-47b2-99a6-495b8bb2b466 5c2d2eea7ebd43eaafe62f9f7646482d 1cefd14a2ae340718011307e746df049 - - default default] 10.0.0.249 "GET /v2.0/subnets HTTP/1.1" status: 200 len: 2076 time: 0.0349882
2026-07-22 15:27:41.573 10 INFO neutron.wsgi [None req-d61cd17c-76a0-4ed9-8caf-ec345eda54b5 5c2d2eea7ebd43eaafe62f9f7646482d 1cefd14a2ae340718011307e746df049 - - default default] 10.0.0.249 "GET /v2.0/subnetpools HTTP/1.1" status: 200 len: 193 time: 0.0119460
2026-07-22 15:27:42.010 10 INFO neutron.wsgi [None req-ca769d8f-6e80-4bf3-bd4a-97f972608a77 3b91e180f5a04870b2e279421c859053 3066af12eebb41f09372c4c506ddf8f7 - - default default] 10.0.0.179 "GET /v2.0/ports?project_id=ed8280b24552403eab8d104f561792cf&network_id=8196a4fd-3283-4b22-b639-518c28238901 HTTP/1.1" status: 200 len: 3510 time: 0.0514750
2026-07-22 15:27:42.047 9 INFO neutron.services.segments.plugin [-] Segment e149a287-2cc8-4de1-8a70-0d35db710241 resource provider aggregate not found
2026-07-22 15:27:42.053 9 INFO neutron.services.segments.plugin [-] Segment e149a287-2cc8-4de1-8a70-0d35db710241 resource provider aggregate not found
2026-07-22 15:27:42.069 9 INFO neutron.services.segments.plugin [-] Segment e149a287-2cc8-4de1-8a70-0d35db710241 resource provider not found; error: Placement Client Error (4xx): {"errors": [{"status": 404, "title": "Not Found", "detail": "The resource could not be found.\n\n No resource provider with uuid e149a287-2cc8-4de1-8a70-0d35db710241 found for delete ", "request_id": "req-be2fc5d7-df7d-42d8-9147-4a987c10c0bb"}]}
2026-07-22 15:27:42.072 9 INFO neutron.services.segments.plugin [-] Segment e149a287-2cc8-4de1-8a70-0d35db710241 resource provider not found; error: Placement Client Error (4xx): {"errors": [{"status": 404, "title": "Not Found", "detail": "The resource could not be found.\n\n No resource provider with uuid e149a287-2cc8-4de1-8a70-0d35db710241 found for delete ", "request_id": "req-39add721-a556-4013-802f-271fd364c748"}]}
2026-07-22 15:27:42.095 9 INFO neutron.wsgi [None req-fb036edc-13d0-4273-b205-6a95efc1b584 c58f2ee88cd449c48569550d14244866 eb1a91ae90e94e44ac34dc6909ac961a - - default default] 10.0.0.179 "DELETE /v2.0/networks/7f9a3d7e-eb1e-44ae-9dd9-65a8188e3208 HTTP/1.1" status: 204 len: 168 time: 0.6928291
2026-07-22 15:27:42.311 9 INFO neutron.wsgi [None req-00e71d1d-c0b0-4be7-9896-50d6a36b957f 3b91e180f5a04870b2e279421c859053 3066af12eebb41f09372c4c506ddf8f7 - - default default] 10.0.0.179 "GET /v2.0/subnets?network_id=01aaf83a-285e-4494-8eff-240afccb5159 HTTP/1.1" status: 200 len: 838 time: 0.0465984
2026-07-22 15:27:42.352 10 INFO neutron.db.ovn_revision_numbers_db [None req-62d93ad2-e479-4684-af1d-f1d3f8654264 386391139d6b4caa959485abf4685172 4394f46c866a4737b72aebffab0e1b9f - - default default] Successfully bumped revision number for resource fde4f8a1-bac7-4bc8-af49-ab4caed77106 (type: security_groups) to 1
2026-07-22 15:27:42.364 10 INFO neutron.db.ovn_revision_numbers_db [None req-62d93ad2-e479-4684-af1d-f1d3f8654264 386391139d6b4caa959485abf4685172 4394f46c866a4737b72aebffab0e1b9f - - default default] Successfully bumped revision number for resource 158c0149-946a-48ee-bde7-c6ac6be35c8d (type: security_group_rules) to 0
2026-07-22 15:27:42.386 10 INFO neutron.db.ovn_revision_numbers_db [None req-62d93ad2-e479-4684-af1d-f1d3f8654264 386391139d6b4caa959485abf4685172 4394f46c866a4737b72aebffab0e1b9f - - default default] Successfully bumped revision number for resource 5eadfaf5-5065-4c1a-9e5f-a02102d09b17 (type: security_group_rules) to 0
2026-07-22 15:27:42.412 10 INFO neutron.db.ovn_revision_numbers_db [None req-62d93ad2-e479-4684-af1d-f1d3f8654264 386391139d6b4caa959485abf4685172 4394f46c866a4737b72aebffab0e1b9f - - default default] Successfully bumped revision number for resource ce2394cd-c692-4ec3-9f69-802a7bbcdac2 (type: security_group_rules) to 0
2026-07-22 15:27:42.430 10 INFO neutron.db.ovn_revision_numbers_db [None req-62d93ad2-e479-4684-af1d-f1d3f8654264 386391139d6b4caa959485abf4685172 4394f46c866a4737b72aebffab0e1b9f - - default default] Successfully bumped revision number for resource cf468b2a-3270-47bc-92bd-44df5d4ff5b4 (type: security_group_rules) to 0
2026-07-22 15:27:42.475 10 INFO neutron.services.segments.plugin [-] Segment fe79f4d0-307a-40a7-89ef-fe3e00c15cc5 resource provider aggregate not found
2026-07-22 15:27:42.481 10 INFO neutron.services.segments.plugin [-] Segment fe79f4d0-307a-40a7-89ef-fe3e00c15cc5 resource provider aggregate not found
2026-07-22 15:27:42.504 10 INFO neutron.services.segments.plugin [-] Segment fe79f4d0-307a-40a7-89ef-fe3e00c15cc5 resource provider not found; error: Placement Client Error (4xx): {"errors": [{"status": 404, "title": "Not Found", "detail": "The resource could not be found.\n\n No resource provider with uuid fe79f4d0-307a-40a7-89ef-fe3e00c15cc5 found for delete ", "request_id": "req-e5d92fe4-aa27-45f2-9740-b933d9efd394"}]}
2026-07-22 15:27:42.505 10 INFO neutron.db.segments_db [None req-62d93ad2-e479-4684-af1d-f1d3f8654264 386391139d6b4caa959485abf4685172 4394f46c866a4737b72aebffab0e1b9f - - default default] Added segment 2ab2dddf-c082-49c4-8626-df920fc6f7c7 of type geneve for network 5ba0699d-cd1d-4848-a8a4-a108b7d16c2a
2026-07-22 15:27:42.507 10 INFO neutron.services.segments.plugin [-] Segment fe79f4d0-307a-40a7-89ef-fe3e00c15cc5 resource provider not found; error: Placement Client Error (4xx): {"errors": [{"status": 404, "title": "Not Found", "detail": "The resource could not be found.\n\n No resource provider with uuid fe79f4d0-307a-40a7-89ef-fe3e00c15cc5 found for delete ", "request_id": "req-866e5db0-1503-4bfa-b466-3a080e52518d"}]}
2026-07-22 15:27:42.564 10 INFO neutron.wsgi [None req-aab58050-8eb8-48c3-80a0-6aa0374b8998 c58f2ee88cd449c48569550d14244866 eb1a91ae90e94e44ac34dc6909ac961a - - default default] 10.0.0.179 "DELETE /v2.0/networks/0f5e6445-482b-4c5f-b1fd-d56497e2cbc5 HTTP/1.1" status: 204 len: 168 time: 0.4614525
2026-07-22 15:27:42.687 10 INFO neutron.db.l3_db [None req-9eb6ba19-dd7e-4b20-a7e4-f7b8cc7d1924 c5decff5e07a4a46af54f979b231697a ed8280b24552403eab8d104f561792cf - - default default] Floating IP d457be5c-1f87-47b0-b155-e0c3e62da7c4 disassociated. External IP: 10.96.250.220, port: 040a9b7d-d89f-4a0c-a3dd-48e8ce06ad09.
2026-07-22 15:27:42.690 9 INFO neutron.wsgi [req-89a5530c-73d1-4d52-93a3-dcdbb629a1a8 req-60eab9b8-fc14-4800-a5e4-deefe94a4950 e62eee8fa42a4163a3ae678d2c8ae9aa 86e0e1c0a1f14810805148bd2196cbdc - - e37e2322584140228abb0979f9eb5225 e37e2322584140228abb0979f9eb5225] 199.204.45.95 "GET /v2.0/ports?device_id=46c4fc23-d2de-40b9-b54c-8331885a8b0b&fields=binding%3Ahost_id&fields=binding%3Avif_type HTTP/1.1" status: 200 len: 265 time: 0.0447121
2026-07-22 15:27:42.734 10 INFO neutron.db.ovn_revision_numbers_db [None req-62d93ad2-e479-4684-af1d-f1d3f8654264 386391139d6b4caa959485abf4685172 4394f46c866a4737b72aebffab0e1b9f - - default default] Successfully bumped revision number for resource 5ba0699d-cd1d-4848-a8a4-a108b7d16c2a (type: networks) to 1
2026-07-22 15:27:42.737 10 INFO neutron.db.ovn_revision_numbers_db [None req-9eb6ba19-dd7e-4b20-a7e4-f7b8cc7d1924 c5decff5e07a4a46af54f979b231697a ed8280b24552403eab8d104f561792cf - - default default] Successfully bumped revision number for resource d457be5c-1f87-47b0-b155-e0c3e62da7c4 (type: floatingips) to 2 /var/lib/openstack/lib/python3.10/site-packages/pycadf/identifier.py:71: UserWarning: Invalid uuid: neutron. To ensure interoperability, identifiers should be a valid uuid. warnings.warn(('Invalid uuid: %s. To ensure interoperability, '
2026-07-22 15:27:42.788 9 INFO neutron.wsgi [req-89a5530c-73d1-4d52-93a3-dcdbb629a1a8 req-e3c761ac-59f0-4b2d-80fb-2b4c71adf043 e62eee8fa42a4163a3ae678d2c8ae9aa 86e0e1c0a1f14810805148bd2196cbdc - - e37e2322584140228abb0979f9eb5225 e37e2322584140228abb0979f9eb5225] 199.204.45.95 "GET /v2.0/ports?tenant_id=ed8280b24552403eab8d104f561792cf&device_id=46c4fc23-d2de-40b9-b54c-8331885a8b0b HTTP/1.1" status: 200 len: 1409 time: 0.0486591
2026-07-22 15:27:42.841 10 INFO neutron.wsgi [None req-9eb6ba19-dd7e-4b20-a7e4-f7b8cc7d1924 c5decff5e07a4a46af54f979b231697a ed8280b24552403eab8d104f561792cf - - default default] 10.0.0.179 "PUT /v2.0/floatingips/d457be5c-1f87-47b0-b155-e0c3e62da7c4 HTTP/1.1" status: 200 len: 748 time: 0.3449242
2026-07-22 15:27:42.888 10 INFO neutron.notifiers.nova [-] Nova event matching ['req-f9ca3461-98b6-4dbb-96ca-aa5366ab01c1'] response: {'name': 'network-changed', 'server_uuid': '46c4fc23-d2de-40b9-b54c-8331885a8b0b', 'tag': '040a9b7d-d89f-4a0c-a3dd-48e8ce06ad09', 'status': 'completed', 'code': 200}
2026-07-22 15:27:42.903 9 INFO neutron.wsgi [req-89a5530c-73d1-4d52-93a3-dcdbb629a1a8 req-3d663f64-ba06-4559-a8e5-597333910c34 e62eee8fa42a4163a3ae678d2c8ae9aa 86e0e1c0a1f14810805148bd2196cbdc - - e37e2322584140228abb0979f9eb5225 e37e2322584140228abb0979f9eb5225] 199.204.45.95 "GET /v2.0/networks?id=8196a4fd-3283-4b22-b639-518c28238901 HTTP/1.1" status: 200 len: 959 time: 0.0934069
2026-07-22 15:27:42.904 10 INFO neutron.wsgi [None req-7fb795e0-9cfe-4fb5-a049-2517e3dc824a c5decff5e07a4a46af54f979b231697a ed8280b24552403eab8d104f561792cf - - default default] 10.0.0.179 "GET /v2.0/floatingips/d457be5c-1f87-47b0-b155-e0c3e62da7c4 HTTP/1.1" status: 200 len: 746 time: 0.0515723
2026-07-22 15:27:42.937 9 INFO neutron.wsgi [req-89a5530c-73d1-4d52-93a3-dcdbb629a1a8 req-5e027863-c4f2-434e-92b3-81686cd59c68 e62eee8fa42a4163a3ae678d2c8ae9aa 86e0e1c0a1f14810805148bd2196cbdc - - e37e2322584140228abb0979f9eb5225 e37e2322584140228abb0979f9eb5225] 199.204.45.95 "GET /v2.0/floatingips?fixed_ip_address=10.100.0.4&port_id=040a9b7d-d89f-4a0c-a3dd-48e8ce06ad09 HTTP/1.1" status: 200 len: 217 time: 0.0253725
2026-07-22 15:27:42.983 10 WARNING neutron.scheduler.dhcp_agent_scheduler [None req-62d93ad2-e479-4684-af1d-f1d3f8654264 386391139d6b4caa959485abf4685172 4394f46c866a4737b72aebffab0e1b9f - - default default] No more DHCP agents
2026-07-22 15:27:42.984 10 WARNING neutron.api.rpc.agentnotifiers.dhcp_rpc_agent_api [None req-62d93ad2-e479-4684-af1d-f1d3f8654264 386391139d6b4caa959485abf4685172 4394f46c866a4737b72aebffab0e1b9f - - default default] Unable to schedule network 5ba0699d-cd1d-4848-a8a4-a108b7d16c2a: no agents available; will retry on subsequent port and subnet creation events.
2026-07-22 15:27:42.993 9 INFO neutron.wsgi [req-89a5530c-73d1-4d52-93a3-dcdbb629a1a8 req-adb9e6ce-b67f-489a-b440-8dd512508e43 e62eee8fa42a4163a3ae678d2c8ae9aa 86e0e1c0a1f14810805148bd2196cbdc - - e37e2322584140228abb0979f9eb5225 e37e2322584140228abb0979f9eb5225] 199.204.45.95 "GET /v2.0/subnets?id=21503e0a-18d5-4722-a6ec-d0e745cd9662 HTTP/1.1" status: 200 len: 851 time: 0.0501959
2026-07-22 15:27:43.018 9 INFO neutron.wsgi [req-89a5530c-73d1-4d52-93a3-dcdbb629a1a8 req-2037426f-9898-43f7-bb8d-abec572b5f0c e62eee8fa42a4163a3ae678d2c8ae9aa 86e0e1c0a1f14810805148bd2196cbdc - - e37e2322584140228abb0979f9eb5225 e37e2322584140228abb0979f9eb5225] 199.204.45.95 "GET /v2.0/ports?network_id=8196a4fd-3283-4b22-b639-518c28238901&device_owner=network%3Adhcp HTTP/1.1" status: 200 len: 210 time: 0.0196338
2026-07-22 15:27:43.071 10 INFO neutron.db.ovn_revision_numbers_db [None req-62d93ad2-e479-4684-af1d-f1d3f8654264 386391139d6b4caa959485abf4685172 4394f46c866a4737b72aebffab0e1b9f - - default default] Successfully bumped revision number for resource e0d0990c-7ee1-4d6a-bfd1-afa8c54a4853 (type: ports) to 1
2026-07-22 15:27:43.091 10 INFO neutron.wsgi [None req-62d93ad2-e479-4684-af1d-f1d3f8654264 386391139d6b4caa959485abf4685172 4394f46c866a4737b72aebffab0e1b9f - - default default] 10.0.0.179 "POST /v2.0/networks HTTP/1.1" status: 201 len: 830 time: 1.0651441
2026-07-22 15:27:43.098 9 INFO neutron.wsgi [req-89a5530c-73d1-4d52-93a3-dcdbb629a1a8 req-a8e309ea-da37-4f63-9898-c1c4d6f5bf3d e62eee8fa42a4163a3ae678d2c8ae9aa 86e0e1c0a1f14810805148bd2196cbdc - - e37e2322584140228abb0979f9eb5225 e37e2322584140228abb0979f9eb5225] 199.204.45.95 "GET /v2.0/networks/8196a4fd-3283-4b22-b639-518c28238901?fields=segments HTTP/1.1" status: 200 len: 212 time: 0.0742924
2026-07-22 15:27:43.121 9 INFO neutron.wsgi [None req-90979db5-1580-4202-b5a3-7b00895d4296 c58f2ee88cd449c48569550d14244866 eb1a91ae90e94e44ac34dc6909ac961a - - default default] 10.0.0.179 "DELETE /v2.0/networks/72eea6c1-f116-49ab-a4de-6495fd988106 HTTP/1.1" status: 204 len: 168 time: 0.5514657
2026-07-22 15:27:43.181 9 INFO neutron.wsgi [req-89a5530c-73d1-4d52-93a3-dcdbb629a1a8 req-99083f2b-15e1-456d-b9ee-6c049ba5e2bc e62eee8fa42a4163a3ae678d2c8ae9aa 86e0e1c0a1f14810805148bd2196cbdc - - e37e2322584140228abb0979f9eb5225 e37e2322584140228abb0979f9eb5225] 199.204.45.95 "GET /v2.0/networks/8196a4fd-3283-4b22-b639-518c28238901?fields=provider%3Aphysical_network&fields=provider%3Anetwork_type HTTP/1.1" status: 200 len: 277 time: 0.0765829
2026-07-22 15:27:43.257 9 INFO neutron.wsgi [req-19f2a4d4-39c3-47ce-a65f-42fb67c5e1d1 req-32f25560-6e74-4149-97a4-507b8129ba1f e62eee8fa42a4163a3ae678d2c8ae9aa 86e0e1c0a1f14810805148bd2196cbdc - - e37e2322584140228abb0979f9eb5225 e37e2322584140228abb0979f9eb5225] 199.204.45.95 "GET /v2.0/ports?tenant_id=ed8280b24552403eab8d104f561792cf&device_id=46c4fc23-d2de-40b9-b54c-8331885a8b0b HTTP/1.1" status: 200 len: 1409 time: 0.0344985
2026-07-22 15:27:43.325 9 INFO neutron.wsgi [req-19f2a4d4-39c3-47ce-a65f-42fb67c5e1d1 req-185cd42f-19ba-48ad-8056-68b6482fadc1 e62eee8fa42a4163a3ae678d2c8ae9aa 86e0e1c0a1f14810805148bd2196cbdc - - e37e2322584140228abb0979f9eb5225 e37e2322584140228abb0979f9eb5225] 199.204.45.95 "GET /v2.0/networks?id=8196a4fd-3283-4b22-b639-518c28238901 HTTP/1.1" status: 200 len: 959 time: 0.0594609
2026-07-22 15:27:43.355 9 INFO neutron.wsgi [req-19f2a4d4-39c3-47ce-a65f-42fb67c5e1d1 req-7a972497-f852-4221-bd26-e3840a37c1da e62eee8fa42a4163a3ae678d2c8ae9aa 86e0e1c0a1f14810805148bd2196cbdc - - e37e2322584140228abb0979f9eb5225 e37e2322584140228abb0979f9eb5225] 199.204.45.95 "GET /v2.0/floatingips?fixed_ip_address=10.100.0.4&port_id=040a9b7d-d89f-4a0c-a3dd-48e8ce06ad09 HTTP/1.1" status: 200 len: 217 time: 0.0224581
2026-07-22 15:27:43.385 10 WARNING neutron.scheduler.dhcp_agent_scheduler [None req-e7e77d0a-95e6-4616-9d55-463266d029a6 386391139d6b4caa959485abf4685172 4394f46c866a4737b72aebffab0e1b9f - - default default] No more DHCP agents
2026-07-22 15:27:43.388 10 WARNING neutron.api.rpc.agentnotifiers.dhcp_rpc_agent_api [None req-e7e77d0a-95e6-4616-9d55-463266d029a6 386391139d6b4caa959485abf4685172 4394f46c866a4737b72aebffab0e1b9f - - default default] Unable to schedule network 5ba0699d-cd1d-4848-a8a4-a108b7d16c2a: no agents available; will retry on subsequent port and subnet creation events.
2026-07-22 15:27:43.405 9 INFO neutron.wsgi [req-19f2a4d4-39c3-47ce-a65f-42fb67c5e1d1 req-85e05e05-e211-4417-bc3b-3d3f648ece3b e62eee8fa42a4163a3ae678d2c8ae9aa 86e0e1c0a1f14810805148bd2196cbdc - - e37e2322584140228abb0979f9eb5225 e37e2322584140228abb0979f9eb5225] 199.204.45.95 "GET /v2.0/subnets?id=21503e0a-18d5-4722-a6ec-d0e745cd9662 HTTP/1.1" status: 200 len: 851 time: 0.0439355
2026-07-22 15:27:43.438 9 INFO neutron.wsgi [req-19f2a4d4-39c3-47ce-a65f-42fb67c5e1d1 req-5307328f-74ff-4fbc-bdaa-be87eaeab9c1 e62eee8fa42a4163a3ae678d2c8ae9aa 86e0e1c0a1f14810805148bd2196cbdc - - e37e2322584140228abb0979f9eb5225 e37e2322584140228abb0979f9eb5225] 199.204.45.95 "GET /v2.0/ports?network_id=8196a4fd-3283-4b22-b639-518c28238901&device_owner=network%3Adhcp HTTP/1.1" status: 200 len: 210 time: 0.0246170
2026-07-22 15:27:43.499 10 INFO neutron.db.ovn_revision_numbers_db [None req-e7e77d0a-95e6-4616-9d55-463266d029a6 386391139d6b4caa959485abf4685172 4394f46c866a4737b72aebffab0e1b9f - - default default] Successfully bumped revision number for resource d3353085-2c13-4ebd-8490-29aa55daf28d (type: ports) to 1
2026-07-22 15:27:43.508 9 INFO neutron.wsgi [req-19f2a4d4-39c3-47ce-a65f-42fb67c5e1d1 req-e0dcc446-9455-4d95-8923-9fe883d83a7a e62eee8fa42a4163a3ae678d2c8ae9aa 86e0e1c0a1f14810805148bd2196cbdc - - e37e2322584140228abb0979f9eb5225 e37e2322584140228abb0979f9eb5225] 199.204.45.95 "GET /v2.0/networks/8196a4fd-3283-4b22-b639-518c28238901?fields=segments HTTP/1.1" status: 200 len: 212 time: 0.0642803
2026-07-22 15:27:43.528 10 INFO neutron.wsgi [None req-e7e77d0a-95e6-4616-9d55-463266d029a6 386391139d6b4caa959485abf4685172 4394f46c866a4737b72aebffab0e1b9f - - default default] 10.0.0.179 "POST /v2.0/ports HTTP/1.1" status: 201 len: 942 time: 0.4317958 /var/lib/openstack/lib/python3.10/site-packages/pycadf/identifier.py:71: UserWarning: Invalid uuid: neutron. To ensure interoperability, identifiers should be a valid uuid. warnings.warn(('Invalid uuid: %s. To ensure interoperability, '
2026-07-22 15:27:43.575 9 INFO neutron.wsgi [req-19f2a4d4-39c3-47ce-a65f-42fb67c5e1d1 req-44d8be57-805a-4006-a216-8c14c56ffb8c e62eee8fa42a4163a3ae678d2c8ae9aa 86e0e1c0a1f14810805148bd2196cbdc - - e37e2322584140228abb0979f9eb5225 e37e2322584140228abb0979f9eb5225] 199.204.45.95 "GET /v2.0/networks/8196a4fd-3283-4b22-b639-518c28238901?fields=provider%3Aphysical_network&fields=provider%3Anetwork_type HTTP/1.1" status: 200 len: 277 time: 0.0607247
2026-07-22 15:27:43.607 10 INFO neutron.wsgi [None req-cae63a65-9907-4610-b2a2-4d94646794e8 c58f2ee88cd449c48569550d14244866 eb1a91ae90e94e44ac34dc6909ac961a - - default default] 10.0.0.179 "DELETE /v2.0/networks/bd874968-5a08-49f6-bbe0-0b7345f3260b HTTP/1.1" status: 204 len: 168 time: 0.4797542
2026-07-22 15:27:43.655 10 INFO neutron.db.segments_db [None req-282ee394-2c14-4e98-baf6-ceec5fbd9d4d 386391139d6b4caa959485abf4685172 4394f46c866a4737b72aebffab0e1b9f - - default default] Added segment a842929c-b7ed-44ff-8020-07cca5cc5029 of type geneve for network 68a7499b-5de4-41b5-8b24-ce7cebab93ef
2026-07-22 15:27:43.657 9 INFO neutron.wsgi [-] 10.0.0.106 "GET / HTTP/1.1" status: 200 len: 246 time: 0.0027294
2026-07-22 15:27:43.664 9 INFO neutron.wsgi [-] 10.0.0.106 "GET / HTTP/1.1" status: 200 len: 246 time: 0.0059721
2026-07-22 15:27:44.091 9 INFO neutron.services.segments.plugin [-] Segment b104d000-60bd-4a42-8abb-0a47c6371586 resource provider aggregate not found
2026-07-22 15:27:44.099 9 INFO neutron.services.segments.plugin [-] Segment b104d000-60bd-4a42-8abb-0a47c6371586 resource provider aggregate not found
2026-07-22 15:27:44.108 10 INFO neutron.db.ovn_revision_numbers_db [None req-282ee394-2c14-4e98-baf6-ceec5fbd9d4d 386391139d6b4caa959485abf4685172 4394f46c866a4737b72aebffab0e1b9f - - default default] Successfully bumped revision number for resource 68a7499b-5de4-41b5-8b24-ce7cebab93ef (type: networks) to 1
2026-07-22 15:27:44.110 9 INFO neutron.services.segments.plugin [-] Segment b104d000-60bd-4a42-8abb-0a47c6371586 resource provider not found; error: Placement Client Error (4xx): {"errors": [{"status": 404, "title": "Not Found", "detail": "The resource could not be found.\n\n No resource provider with uuid b104d000-60bd-4a42-8abb-0a47c6371586 found for delete ", "request_id": "req-16897a6f-7f3f-4813-a2f9-488c92c88928"}]}
2026-07-22 15:27:44.119 9 INFO neutron.services.segments.plugin [-] Segment b104d000-60bd-4a42-8abb-0a47c6371586 resource provider not found; error: Placement Client Error (4xx): {"errors": [{"status": 404, "title": "Not Found", "detail": "The resource could not be found.\n\n No resource provider with uuid b104d000-60bd-4a42-8abb-0a47c6371586 found for delete ", "request_id": "req-f6cf557c-f395-43f1-b3ff-802a7c9bf230"}]}
2026-07-22 15:27:44.121 9 INFO neutron.db.ovn_revision_numbers_db [None req-7fdd4fca-3f0f-4ffd-b76c-25be21e81c39 c5decff5e07a4a46af54f979b231697a ed8280b24552403eab8d104f561792cf - - default default] Successfully bumped revision number for resource f3a36de8-62af-44d9-bf9a-7923b1759d6d (type: security_groups) to 1
2026-07-22 15:27:44.136 9 INFO neutron.db.ovn_revision_numbers_db [None req-7fdd4fca-3f0f-4ffd-b76c-25be21e81c39 c5decff5e07a4a46af54f979b231697a ed8280b24552403eab8d104f561792cf - - default default] Successfully bumped revision number for resource 06a3ab60-6de5-4cc9-9f98-97564bfebf3b (type: security_group_rules) to 0
2026-07-22 15:27:44.153 9 INFO neutron.db.ovn_revision_numbers_db [None req-7fdd4fca-3f0f-4ffd-b76c-25be21e81c39 c5decff5e07a4a46af54f979b231697a ed8280b24552403eab8d104f561792cf - - default default] Successfully bumped revision number for resource 50ac59c8-75ab-4830-aa60-40f64b61de1d (type: security_group_rules) to 0
2026-07-22 15:27:44.174 9 INFO neutron.wsgi [None req-7fdd4fca-3f0f-4ffd-b76c-25be21e81c39 c5decff5e07a4a46af54f979b231697a ed8280b24552403eab8d104f561792cf - - default default] 10.0.0.179 "POST /v2.0/security-groups HTTP/1.1" status: 201 len: 1809 time: 0.1934130
2026-07-22 15:27:44.321 9 INFO neutron.db.ovn_revision_numbers_db [None req-d644b3c9-8ef6-44b2-80e2-2895939e9a7b c5decff5e07a4a46af54f979b231697a ed8280b24552403eab8d104f561792cf - - default default] Successfully bumped revision number for resource 56d681e8-a219-490d-8910-8f91167e3ed4 (type: security_group_rules) to 0
2026-07-22 15:27:44.349 9 INFO neutron.wsgi [None req-d644b3c9-8ef6-44b2-80e2-2895939e9a7b c5decff5e07a4a46af54f979b231697a ed8280b24552403eab8d104f561792cf - - default default] 10.0.0.179 "POST /v2.0/security-group-rules HTTP/1.1" status: 201 len: 764 time: 0.1681783
2026-07-22 15:27:44.364 10 WARNING neutron.scheduler.dhcp_agent_scheduler [None req-282ee394-2c14-4e98-baf6-ceec5fbd9d4d 386391139d6b4caa959485abf4685172 4394f46c866a4737b72aebffab0e1b9f - - default default] No more DHCP agents
2026-07-22 15:27:44.369 10 WARNING neutron.api.rpc.agentnotifiers.dhcp_rpc_agent_api [None req-282ee394-2c14-4e98-baf6-ceec5fbd9d4d 386391139d6b4caa959485abf4685172 4394f46c866a4737b72aebffab0e1b9f - - default default] Unable to schedule network 68a7499b-5de4-41b5-8b24-ce7cebab93ef: no agents available; will retry on subsequent port and subnet creation events.
2026-07-22 15:27:44.460 10 INFO neutron.wsgi [None req-6586205a-7f50-4558-aee3-80fb90e80623 c58f2ee88cd449c48569550d14244866 eb1a91ae90e94e44ac34dc6909ac961a - - default default] 10.0.0.179 "DELETE /v2.0/networks/7575a0d8-bed0-47df-ac61-f86d04fe2e20 HTTP/1.1" status: 204 len: 168 time: 0.8470776
2026-07-22 15:27:44.485 10 INFO neutron.db.ovn_revision_numbers_db [None req-282ee394-2c14-4e98-baf6-ceec5fbd9d4d 386391139d6b4caa959485abf4685172 4394f46c866a4737b72aebffab0e1b9f - - default default] Successfully bumped revision number for resource da5bb55c-2cb2-43ee-9b20-4e31bd95e074 (type: ports) to 1
2026-07-22 15:27:44.496 9 INFO neutron.db.ovn_revision_numbers_db [None req-2d6e37de-6b1e-4f32-960e-f50a58662e39 c5decff5e07a4a46af54f979b231697a ed8280b24552403eab8d104f561792cf - - default default] Successfully bumped revision number for resource f361385e-62c4-4e0b-a0d4-32f66b503fe4 (type: security_group_rules) to 0
2026-07-22 15:27:44.517 10 INFO neutron.wsgi [None req-282ee394-2c14-4e98-baf6-ceec5fbd9d4d 386391139d6b4caa959485abf4685172 4394f46c866a4737b72aebffab0e1b9f - - default default] 10.0.0.179 "POST /v2.0/networks HTTP/1.1" status: 201 len: 831 time: 0.9821768
2026-07-22 15:27:44.521 9 INFO neutron.wsgi [None req-2d6e37de-6b1e-4f32-960e-f50a58662e39 c5decff5e07a4a46af54f979b231697a ed8280b24552403eab8d104f561792cf - - default default] 10.0.0.179 "POST /v2.0/security-group-rules HTTP/1.1" status: 201 len: 763 time: 0.1638410
2026-07-22 15:27:44.522 10 INFO neutron.services.segments.plugin [-] Segment 9a20e3ab-ba06-4865-a277-216fbb52c6c5 resource provider aggregate not found
2026-07-22 15:27:44.539 10 INFO neutron.services.segments.plugin [-] Segment 9a20e3ab-ba06-4865-a277-216fbb52c6c5 resource provider aggregate not found
2026-07-22 15:27:44.547 10 INFO neutron.services.segments.plugin [-] Segment 9a20e3ab-ba06-4865-a277-216fbb52c6c5 resource provider not found; error: Placement Client Error (4xx): {"errors": [{"status": 404, "title": "Not Found", "detail": "The resource could not be found.\n\n No resource provider with uuid 9a20e3ab-ba06-4865-a277-216fbb52c6c5 found for delete ", "request_id": "req-43ac3929-509a-4904-90fa-389fd410607c"}]}
2026-07-22 15:27:44.559 10 INFO neutron.services.segments.plugin [-] Segment 9a20e3ab-ba06-4865-a277-216fbb52c6c5 resource provider not found; error: Placement Client Error (4xx): {"errors": [{"status": 404, "title": "Not Found", "detail": "The resource could not be found.\n\n No resource provider with uuid 9a20e3ab-ba06-4865-a277-216fbb52c6c5 found for delete ", "request_id": "req-7b2155b0-f902-478b-bd49-baa599211f68"}]}
2026-07-22 15:27:44.570 10 INFO neutron.services.segments.plugin [-] Segment ce379806-9bf0-4790-b4b9-ed1354204ee6 resource provider aggregate not found
2026-07-22 15:27:44.580 10 INFO neutron.services.segments.plugin [-] Segment ce379806-9bf0-4790-b4b9-ed1354204ee6 resource provider aggregate not found
2026-07-22 15:27:44.589 10 INFO neutron.services.segments.plugin [-] Segment ce379806-9bf0-4790-b4b9-ed1354204ee6 resource provider not found; error: Placement Client Error (4xx): {"errors": [{"status": 404, "title": "Not Found", "detail": "The resource could not be found.\n\n No resource provider with uuid ce379806-9bf0-4790-b4b9-ed1354204ee6 found for delete ", "request_id": "req-d322328f-292d-4d51-8ae8-1979cf6e67c0"}]}
2026-07-22 15:27:44.601 10 INFO neutron.services.segments.plugin [-] Segment ce379806-9bf0-4790-b4b9-ed1354204ee6 resource provider not found; error: Placement Client Error (4xx): {"errors": [{"status": 404, "title": "Not Found", "detail": "The resource could not be found.\n\n No resource provider with uuid ce379806-9bf0-4790-b4b9-ed1354204ee6 found for delete ", "request_id": "req-ac61be63-c6ea-4db2-b52d-86fca01e956c"}]}
2026-07-22 15:27:44.682 10 INFO neutron.db.ovn_revision_numbers_db [None req-3b16e6d7-bd37-45e2-9750-5a90e1a89e33 c5decff5e07a4a46af54f979b231697a ed8280b24552403eab8d104f561792cf - - default default] Successfully bumped revision number for resource 9e86fb50-9965-439d-beeb-71e05781140c (type: security_group_rules) to 0
2026-07-22 15:27:44.715 10 INFO neutron.wsgi [None req-3b16e6d7-bd37-45e2-9750-5a90e1a89e33 c5decff5e07a4a46af54f979b231697a ed8280b24552403eab8d104f561792cf - - default default] 10.0.0.179 "POST /v2.0/security-group-rules HTTP/1.1" status: 201 len: 769 time: 0.1876197
2026-07-22 15:27:44.772 9 WARNING neutron.scheduler.dhcp_agent_scheduler [None req-e3e7dd7e-ea83-41a1-90f5-f5cdb2d18b6b 386391139d6b4caa959485abf4685172 4394f46c866a4737b72aebffab0e1b9f - - default default] No more DHCP agents
2026-07-22 15:27:44.774 9 WARNING neutron.api.rpc.agentnotifiers.dhcp_rpc_agent_api [None req-e3e7dd7e-ea83-41a1-90f5-f5cdb2d18b6b 386391139d6b4caa959485abf4685172 4394f46c866a4737b72aebffab0e1b9f - - default default] Unable to schedule network 68a7499b-5de4-41b5-8b24-ce7cebab93ef: no agents available; will retry on subsequent port and subnet creation events.
2026-07-22 15:27:44.844 10 INFO neutron.db.ovn_revision_numbers_db [None req-f5dcef30-f10d-4384-b51f-b624f75802f7 c5decff5e07a4a46af54f979b231697a ed8280b24552403eab8d104f561792cf - - default default] Successfully bumped revision number for resource df33344f-e5f6-4d40-81d8-a64f9c8193ae (type: security_group_rules) to 0
2026-07-22 15:27:44.860 9 INFO neutron.db.ovn_revision_numbers_db [None req-e3e7dd7e-ea83-41a1-90f5-f5cdb2d18b6b 386391139d6b4caa959485abf4685172 4394f46c866a4737b72aebffab0e1b9f - - default default] Successfully bumped revision number for resource 351bf578-b5dd-4325-849b-ca1a3c9bbd18 (type: ports) to 1
2026-07-22 15:27:44.869 10 INFO neutron.wsgi [None req-f5dcef30-f10d-4384-b51f-b624f75802f7 c5decff5e07a4a46af54f979b231697a ed8280b24552403eab8d104f561792cf - - default default] 10.0.0.179 "POST /v2.0/security-group-rules HTTP/1.1" status: 201 len: 768 time: 0.1491704
2026-07-22 15:27:44.883 9 INFO neutron.wsgi [None req-e3e7dd7e-ea83-41a1-90f5-f5cdb2d18b6b 386391139d6b4caa959485abf4685172 4394f46c866a4737b72aebffab0e1b9f - - default default] 10.0.0.179 "POST /v2.0/ports HTTP/1.1" status: 201 len: 942 time: 0.3613386 /var/lib/openstack/lib/python3.10/site-packages/pycadf/identifier.py:71: UserWarning: Invalid uuid: neutron. To ensure interoperability, identifiers should be a valid uuid. warnings.warn(('Invalid uuid: %s. To ensure interoperability, '
2026-07-22 15:27:44.909 10 INFO neutron.db.securitygroups_db [None req-195f3189-692a-4c06-8b68-83110e2055d0 c5decff5e07a4a46af54f979b231697a ed8280b24552403eab8d104f561792cf - - default default] Project ed8280b24552403eab8d104f561792cf added a security group rule with legacy IPv6 ICMP protocol name icmp, ipv6-icmp should be used instead. It was automatically converted.
2026-07-22 15:27:44.990 9 INFO neutron.db.segments_db [None req-cade9f56-d24a-4caf-a4cf-90298efbe4b3 386391139d6b4caa959485abf4685172 4394f46c866a4737b72aebffab0e1b9f - - default default] Added segment 554a40c8-ffcb-453c-90e0-43b171b8b3ec of type geneve for network d090c217-7e9c-4638-b598-f7768bcdeb8d
2026-07-22 15:27:45.004 10 INFO neutron.db.ovn_revision_numbers_db [None req-195f3189-692a-4c06-8b68-83110e2055d0 c5decff5e07a4a46af54f979b231697a ed8280b24552403eab8d104f561792cf - - default default] Successfully bumped revision number for resource 755925ce-fed7-4e01-ac8e-a57fcd4f21a1 (type: security_group_rules) to 0
2026-07-22 15:27:45.025 10 INFO neutron.wsgi [None req-195f3189-692a-4c06-8b68-83110e2055d0 c5decff5e07a4a46af54f979b231697a ed8280b24552403eab8d104f561792cf - - default default] 10.0.0.179 "POST /v2.0/security-group-rules HTTP/1.1" status: 201 len: 774 time: 0.1504905
2026-07-22 15:27:45.051 10 INFO neutron.db.securitygroups_db [None req-f93f95e7-2ba8-4041-95a7-b772ce98acc8 c5decff5e07a4a46af54f979b231697a ed8280b24552403eab8d104f561792cf - - default default] Project ed8280b24552403eab8d104f561792cf added a security group rule with legacy IPv6 ICMP protocol name icmp, ipv6-icmp should be used instead. It was automatically converted.
