2026-07-22 15:26:49.921 10 INFO neutron.plugins.ml2.plugin [None req-a95e7cce-003f-4257-bd49-f307de43da7e - - - - - -] Attempt 1 to provision port b12856fe-0e1e-4f26-9af3-afc039be46af
2026-07-22 15:26:49.925 10 INFO neutron.wsgi [None req-0bd9994a-87cb-4e01-abf7-6139798ab100 fbd3a94e755a452587307e40fcadab12 6c5327eecc8d4e6b9ac6a3b3c7a077eb - - default default] 10.0.0.179 "POST /v2.0/security-group-rules HTTP/1.1" status: 201 len: 768 time: 0.1766872
2026-07-22 15:26:49.926 9 INFO neutron.db.ovn_revision_numbers_db [None req-d712c184-07d2-4fa0-9a66-94221deb2d52 5c2d2eea7ebd43eaafe62f9f7646482d 1cefd14a2ae340718011307e746df049 - - default default] Successfully bumped revision number for resource b12856fe-0e1e-4f26-9af3-afc039be46af (type: router_ports) to 1
2026-07-22 15:26:49.945 10 INFO neutron.db.ovn_revision_numbers_db [None req-29e5a03b-e67d-473e-9427-5ab9d573ab78 5c2d2eea7ebd43eaafe62f9f7646482d 1cefd14a2ae340718011307e746df049 - - default default] Successfully bumped revision number for resource da005cdb-59ae-488d-8a3f-015779b87a89 (type: security_group_rules) to 0
2026-07-22 15:26:49.972 10 INFO neutron.plugins.ml2.drivers.ovn.mech_driver.ovsdb.ovsdb_monitor [None req-f7c3c4be-54d9-48ee-b219-3c2e0ef7a6f1 - - - - - -] Router e9b64649-c7b9-48a9-b30a-3d1f74c99a4f is bound to host instance
2026-07-22 15:26:49.974 9 INFO neutron.wsgi [None req-a6ef8689-b7e9-43e8-8d87-804e4414ee32 fbd3a94e755a452587307e40fcadab12 6c5327eecc8d4e6b9ac6a3b3c7a077eb - - default default] 10.0.0.179 "GET /v2.0/security-group-rules/e5cfd019-8708-492e-82a7-f2fa25e27195 HTTP/1.1" status: 200 len: 763 time: 0.0439780
2026-07-22 15:26:49.980 10 INFO neutron.wsgi [None req-29e5a03b-e67d-473e-9427-5ab9d573ab78 5c2d2eea7ebd43eaafe62f9f7646482d 1cefd14a2ae340718011307e746df049 - - default default] 10.0.0.179 "GET /v2.0/security-groups?tenant_id=19de3016974f4e9d86013f181019b82e&name=default HTTP/1.1" status: 200 len: 2996 time: 0.2673042
2026-07-22 15:26:50.020 9 INFO neutron.db.ovn_revision_numbers_db [None req-d712c184-07d2-4fa0-9a66-94221deb2d52 5c2d2eea7ebd43eaafe62f9f7646482d 1cefd14a2ae340718011307e746df049 - - default default] Successfully bumped revision number for resource e9b64649-c7b9-48a9-b30a-3d1f74c99a4f (type: routers) to 2
2026-07-22 15:26:50.032 9 INFO neutron.wsgi [None req-508eff39-83ed-4b2b-ac63-91f29b918436 fbd3a94e755a452587307e40fcadab12 6c5327eecc8d4e6b9ac6a3b3c7a077eb - - default default] 10.0.0.179 "GET /v2.0/security-group-rules HTTP/1.1" status: 200 len: 4113 time: 0.0485620
2026-07-22 15:26:50.038 9 INFO neutron.wsgi [None req-d712c184-07d2-4fa0-9a66-94221deb2d52 5c2d2eea7ebd43eaafe62f9f7646482d 1cefd14a2ae340718011307e746df049 - - default default] 10.0.0.179 "POST /v2.0/routers HTTP/1.1" status: 201 len: 874 time: 1.8149810
2026-07-22 15:26:50.550 10 INFO neutron.wsgi [None req-e3d8197e-4edc-4758-9a74-ec83cf18887e fbd3a94e755a452587307e40fcadab12 6c5327eecc8d4e6b9ac6a3b3c7a077eb - - default default] 10.0.0.179 "DELETE /v2.0/security-group-rules/e5cfd019-8708-492e-82a7-f2fa25e27195 HTTP/1.1" status: 204 len: 168 time: 0.5119948
2026-07-22 15:26:50.598 9 WARNING neutron.plugins.ml2.drivers.ovn.mech_driver.ovsdb.ovn_client [None req-dce3b029-d00b-4178-9294-9dee77922ec6 - - - - - -] No hosting information found for port 4a3eba3a-3da3-4dbf-b32a-6f73f6a09810: RuntimeError: No hosting information found for port 4a3eba3a-3da3-4dbf-b32a-6f73f6a09810
2026-07-22 15:26:50.599 9 WARNING neutron.scheduler.dhcp_agent_scheduler [None req-f83e4cdf-de5f-420c-9f26-ed3c5e17ed44 5c2d2eea7ebd43eaafe62f9f7646482d 1cefd14a2ae340718011307e746df049 - - default default] No more DHCP agents
2026-07-22 15:26:50.600 9 WARNING neutron.api.rpc.agentnotifiers.dhcp_rpc_agent_api [None req-f83e4cdf-de5f-420c-9f26-ed3c5e17ed44 5c2d2eea7ebd43eaafe62f9f7646482d 1cefd14a2ae340718011307e746df049 - - default default] Unable to schedule network 9d93f205-5246-4b53-82c1-bfe61da6211b: no agents available; will retry on subsequent port and subnet creation events.
2026-07-22 15:26:50.641 10 INFO neutron.wsgi [None req-fad6995b-8290-437b-870b-84f74a148584 fbd3a94e755a452587307e40fcadab12 6c5327eecc8d4e6b9ac6a3b3c7a077eb - - default default] 10.0.0.179 "GET /v2.0/security-group-rules HTTP/1.1" status: 200 len: 3567 time: 0.0822802
2026-07-22 15:26:50.669 10 INFO neutron.wsgi [None req-65da7257-a168-48b7-878b-f87a9c815e99 5c2d2eea7ebd43eaafe62f9f7646482d 1cefd14a2ae340718011307e746df049 - - default default] 10.0.0.179 "DELETE /v2.0/security-groups/a02dbd90-b837-45d4-b843-823971f26aed HTTP/1.1" status: 204 len: 168 time: 0.6828201
2026-07-22 15:26:50.805 9 INFO neutron.db.ovn_revision_numbers_db [None req-f83e4cdf-de5f-420c-9f26-ed3c5e17ed44 5c2d2eea7ebd43eaafe62f9f7646482d 1cefd14a2ae340718011307e746df049 - - default default] Successfully bumped revision number for resource 76e394f5-2636-4b53-afef-ab31dc003751 (type: ports) to 1
2026-07-22 15:26:50.812 9 INFO neutron.db.ovn_revision_numbers_db [None req-9e686ece-0c50-405f-90ae-32887ca53766 fbd3a94e755a452587307e40fcadab12 6c5327eecc8d4e6b9ac6a3b3c7a077eb - - default default] Successfully bumped revision number for resource 0ac9873e-ca53-470b-a68b-b4e4dc040040 (type: security_group_rules) to 0
2026-07-22 15:26:50.862 9 INFO neutron.wsgi [None req-9e686ece-0c50-405f-90ae-32887ca53766 fbd3a94e755a452587307e40fcadab12 6c5327eecc8d4e6b9ac6a3b3c7a077eb - - default default] 10.0.0.179 "POST /v2.0/security-group-rules HTTP/1.1" status: 201 len: 768 time: 0.2129467
2026-07-22 15:26:50.893 9 INFO neutron.wsgi [None req-d6fca386-e108-4537-a38a-14a620882a53 fbd3a94e755a452587307e40fcadab12 6c5327eecc8d4e6b9ac6a3b3c7a077eb - - default default] 10.0.0.179 "GET /v2.0/security-group-rules/0ac9873e-ca53-470b-a68b-b4e4dc040040 HTTP/1.1" status: 200 len: 763 time: 0.0260882
2026-07-22 15:26:50.904 10 INFO neutron.db.ovn_revision_numbers_db [None req-f7c3c4be-54d9-48ee-b219-3c2e0ef7a6f1 - - - - - -] Successfully bumped revision number for resource b12856fe-0e1e-4f26-9af3-afc039be46af (type: ports) to 1
2026-07-22 15:26:50.955 9 INFO neutron.wsgi [None req-889bae8a-b3b0-4d4a-9fd0-ce6f68a725b1 fbd3a94e755a452587307e40fcadab12 6c5327eecc8d4e6b9ac6a3b3c7a077eb - - default default] 10.0.0.179 "GET /v2.0/security-group-rules HTTP/1.1" status: 200 len: 4113 time: 0.0521069
2026-07-22 15:26:51.102 9 INFO neutron.wsgi [None req-f83a6233-f04d-4be2-b01e-912c5fc03e56 fbd3a94e755a452587307e40fcadab12 6c5327eecc8d4e6b9ac6a3b3c7a077eb - - default default] 10.0.0.179 "DELETE /v2.0/security-group-rules/0ac9873e-ca53-470b-a68b-b4e4dc040040 HTTP/1.1" status: 204 len: 168 time: 0.1412411
2026-07-22 15:26:51.160 10 INFO neutron.wsgi [None req-ba3da5f5-9de4-4498-9bae-751aa3e9953e fbd3a94e755a452587307e40fcadab12 6c5327eecc8d4e6b9ac6a3b3c7a077eb - - default default] 10.0.0.179 "GET /v2.0/security-group-rules HTTP/1.1" status: 200 len: 3567 time: 0.0478077
2026-07-22 15:26:51.197 10 INFO neutron.db.securitygroups_db [None req-dc805806-2b28-4210-8848-57207b8d512f fbd3a94e755a452587307e40fcadab12 6c5327eecc8d4e6b9ac6a3b3c7a077eb - - default default] Project 6c5327eecc8d4e6b9ac6a3b3c7a077eb added a security group rule with legacy IPv6 ICMP protocol name icmp, ipv6-icmp should be used instead. It was automatically converted.
2026-07-22 15:26:51.255 10 INFO neutron.db.ovn_revision_numbers_db [None req-f7c3c4be-54d9-48ee-b219-3c2e0ef7a6f1 - - - - - -] Successfully bumped revision number for resource b12856fe-0e1e-4f26-9af3-afc039be46af (type: router_ports) to 3
2026-07-22 15:26:51.300 9 INFO neutron.db.ovn_revision_numbers_db [None req-f83e4cdf-de5f-420c-9f26-ed3c5e17ed44 5c2d2eea7ebd43eaafe62f9f7646482d 1cefd14a2ae340718011307e746df049 - - default default] Successfully bumped revision number for resource 76e394f5-2636-4b53-afef-ab31dc003751 (type: router_ports) to 1
2026-07-22 15:26:51.372 10 INFO neutron.db.ovn_revision_numbers_db [None req-dc805806-2b28-4210-8848-57207b8d512f fbd3a94e755a452587307e40fcadab12 6c5327eecc8d4e6b9ac6a3b3c7a077eb - - default default] Successfully bumped revision number for resource 82715542-ba37-4191-8a9b-8db3db44a51f (type: security_group_rules) to 0
2026-07-22 15:26:51.414 10 INFO neutron.wsgi [None req-dc805806-2b28-4210-8848-57207b8d512f fbd3a94e755a452587307e40fcadab12 6c5327eecc8d4e6b9ac6a3b3c7a077eb - - default default] 10.0.0.179 "POST /v2.0/security-group-rules HTTP/1.1" status: 201 len: 774 time: 0.2484858
2026-07-22 15:26:51.437 9 INFO neutron.wsgi [None req-9f88f37b-a6fc-4958-aa49-2ffc25c3c23a fbd3a94e755a452587307e40fcadab12 6c5327eecc8d4e6b9ac6a3b3c7a077eb - - default default] 10.0.0.179 "GET /v2.0/security-group-rules/82715542-ba37-4191-8a9b-8db3db44a51f HTTP/1.1" status: 200 len: 769 time: 0.0195456
2026-07-22 15:26:51.468 10 INFO neutron.db.ovn_revision_numbers_db [None req-f7c3c4be-54d9-48ee-b219-3c2e0ef7a6f1 - - - - - -] Successfully bumped revision number for resource b12856fe-0e1e-4f26-9af3-afc039be46af (type: ports) to 2
2026-07-22 15:26:51.476 9 INFO neutron.db.ovn_revision_numbers_db [None req-f83e4cdf-de5f-420c-9f26-ed3c5e17ed44 5c2d2eea7ebd43eaafe62f9f7646482d 1cefd14a2ae340718011307e746df049 - - default default] Successfully bumped revision number for resource 76e394f5-2636-4b53-afef-ab31dc003751 (type: ports) to 1
2026-07-22 15:26:51.492 10 INFO neutron.wsgi [None req-1010b89e-235c-43f9-ae97-bb2852574a2e fbd3a94e755a452587307e40fcadab12 6c5327eecc8d4e6b9ac6a3b3c7a077eb - - default default] 10.0.0.179 "GET /v2.0/security-group-rules HTTP/1.1" status: 200 len: 4119 time: 0.0503833
2026-07-22 15:26:51.558 9 WARNING neutron.scheduler.dhcp_agent_scheduler [None req-f83e4cdf-de5f-420c-9f26-ed3c5e17ed44 5c2d2eea7ebd43eaafe62f9f7646482d 1cefd14a2ae340718011307e746df049 - - default default] No more DHCP agents
2026-07-22 15:26:51.561 9 WARNING neutron.api.rpc.agentnotifiers.dhcp_rpc_agent_api [None req-f83e4cdf-de5f-420c-9f26-ed3c5e17ed44 5c2d2eea7ebd43eaafe62f9f7646482d 1cefd14a2ae340718011307e746df049 - - default default] Unable to schedule network 9d93f205-5246-4b53-82c1-bfe61da6211b: no agents available; will retry on subsequent port and subnet creation events.
2026-07-22 15:26:51.696 10 INFO neutron.wsgi [None req-547c3148-1e68-4872-ad03-aacee2649ac1 fbd3a94e755a452587307e40fcadab12 6c5327eecc8d4e6b9ac6a3b3c7a077eb - - default default] 10.0.0.179 "DELETE /v2.0/security-group-rules/82715542-ba37-4191-8a9b-8db3db44a51f HTTP/1.1" status: 204 len: 168 time: 0.1946914
2026-07-22 15:26:51.749 9 INFO neutron.wsgi [None req-6b3bbef6-e197-47d1-bc26-9eeae53d0367 fbd3a94e755a452587307e40fcadab12 6c5327eecc8d4e6b9ac6a3b3c7a077eb - - default default] 10.0.0.179 "GET /v2.0/security-group-rules HTTP/1.1" status: 200 len: 3567 time: 0.0466690
2026-07-22 15:26:51.803 10 INFO neutron.db.ovn_revision_numbers_db [None req-f7c3c4be-54d9-48ee-b219-3c2e0ef7a6f1 - - - - - -] Successfully bumped revision number for resource b12856fe-0e1e-4f26-9af3-afc039be46af (type: ports) to 4
2026-07-22 15:26:51.931 10 INFO neutron.wsgi [None req-1425d449-e67b-4c75-b192-6c0ddd40a245 fbd3a94e755a452587307e40fcadab12 6c5327eecc8d4e6b9ac6a3b3c7a077eb - - default default] 10.0.0.179 "DELETE /v2.0/security-groups/90d84005-84bb-4ad6-8554-5cf5096dd8f0 HTTP/1.1" status: 204 len: 168 time: 0.1747341
2026-07-22 15:26:51.990 9 INFO neutron.wsgi [None req-7ac3cd67-eaa6-4a17-b137-3bf80acb571a fbd3a94e755a452587307e40fcadab12 6c5327eecc8d4e6b9ac6a3b3c7a077eb - - default default] 10.0.0.179 "GET /v2.0/security-groups HTTP/1.1" status: 200 len: 2996 time: 0.0481946
2026-07-22 15:26:52.050 10 INFO neutron.wsgi [None req-0c5e058a-984a-4f08-a4f5-3fda537ac6ae fbd3a94e755a452587307e40fcadab12 6c5327eecc8d4e6b9ac6a3b3c7a077eb - - default default] 10.0.0.179 "GET /v2.0/security-groups HTTP/1.1" status: 200 len: 2996 time: 0.0494049
2026-07-22 15:26:52.094 10 INFO neutron.db.ovn_revision_numbers_db [None req-f7c3c4be-54d9-48ee-b219-3c2e0ef7a6f1 - - - - - -] Successfully bumped revision number for resource b12856fe-0e1e-4f26-9af3-afc039be46af (type: router_ports) to 4
2026-07-22 15:26:52.182 9 INFO neutron.db.ovn_revision_numbers_db [None req-f83e4cdf-de5f-420c-9f26-ed3c5e17ed44 5c2d2eea7ebd43eaafe62f9f7646482d 1cefd14a2ae340718011307e746df049 - - default default] Successfully bumped revision number for resource 76e394f5-2636-4b53-afef-ab31dc003751 (type: router_ports) to 1
2026-07-22 15:26:52.186 9 INFO neutron.wsgi [None req-f83e4cdf-de5f-420c-9f26-ed3c5e17ed44 5c2d2eea7ebd43eaafe62f9f7646482d 1cefd14a2ae340718011307e746df049 - - default default] 10.0.0.179 "PUT /v2.0/routers/e9b64649-c7b9-48a9-b30a-3d1f74c99a4f/add_router_interface HTTP/1.1" status: 200 len: 503 time: 2.1422188
2026-07-22 15:26:52.634 10 INFO neutron.plugins.ml2.drivers.ovn.mech_driver.mech_driver [None req-a95e7cce-003f-4257-bd49-f307de43da7e - - - - - -] OVN reports status up for port: 76e394f5-2636-4b53-afef-ab31dc003751
2026-07-22 15:26:52.642 10 INFO neutron.plugins.ml2.plugin [None req-a95e7cce-003f-4257-bd49-f307de43da7e - - - - - -] Attempt 1 to provision port 76e394f5-2636-4b53-afef-ab31dc003751
2026-07-22 15:26:52.833 10 INFO neutron.wsgi [None req-0d29370a-4546-4db6-935f-2340c0cdb9d6 5c2d2eea7ebd43eaafe62f9f7646482d 1cefd14a2ae340718011307e746df049 - - default default] 10.0.0.179 "GET /v2.0/security-groups?tenant_id=6c5327eecc8d4e6b9ac6a3b3c7a077eb&name=default HTTP/1.1" status: 200 len: 2996 time: 0.2514024
2026-07-22 15:26:53.029 10 INFO neutron.db.ovn_revision_numbers_db [None req-a95e7cce-003f-4257-bd49-f307de43da7e - - - - - -] Successfully bumped revision number for resource 76e394f5-2636-4b53-afef-ab31dc003751 (type: ports) to 2
2026-07-22 15:26:53.060 9 INFO neutron.wsgi [None req-a31a0911-af83-4461-9f2b-466f07fdbcc9 5c2d2eea7ebd43eaafe62f9f7646482d 1cefd14a2ae340718011307e746df049 - - default default] 10.0.0.179 "DELETE /v2.0/security-groups/3830d56d-d42d-4135-9323-c41b3fcb79ed HTTP/1.1" status: 204 len: 168 time: 0.2230191
2026-07-22 15:26:53.134 10 INFO neutron.db.ovn_revision_numbers_db [None req-9c51eb48-c13d-41a6-8bbc-fff784424888 a50a3b793733481fae19a55e275acb39 1c1e2d4ddd9846bdba5d4f3b4a16c63a - - default default] Successfully bumped revision number for resource 828d3d2d-2d31-4c9f-8ff6-67df9495a408 (type: security_groups) to 1
2026-07-22 15:26:53.158 10 INFO neutron.db.ovn_revision_numbers_db [None req-9c51eb48-c13d-41a6-8bbc-fff784424888 a50a3b793733481fae19a55e275acb39 1c1e2d4ddd9846bdba5d4f3b4a16c63a - - default default] Successfully bumped revision number for resource 3e221c3c-eb43-4b55-991d-c0e6bbb3d0aa (type: security_group_rules) to 0
2026-07-22 15:26:53.174 10 INFO neutron.db.ovn_revision_numbers_db [None req-9c51eb48-c13d-41a6-8bbc-fff784424888 a50a3b793733481fae19a55e275acb39 1c1e2d4ddd9846bdba5d4f3b4a16c63a - - default default] Successfully bumped revision number for resource c7b8d6bc-7766-4ba1-98a8-bc7965e10156 (type: security_group_rules) to 0
2026-07-22 15:26:53.201 10 INFO neutron.wsgi [None req-9c51eb48-c13d-41a6-8bbc-fff784424888 a50a3b793733481fae19a55e275acb39 1c1e2d4ddd9846bdba5d4f3b4a16c63a - - default default] 10.0.0.179 "POST /v2.0/security-groups HTTP/1.1" status: 201 len: 1807 time: 0.2656236
2026-07-22 15:26:53.211 10 INFO neutron.db.ovn_revision_numbers_db [None req-a95e7cce-003f-4257-bd49-f307de43da7e - - - - - -] Successfully bumped revision number for resource 76e394f5-2636-4b53-afef-ab31dc003751 (type: router_ports) to 2
2026-07-22 15:26:53.348 10 INFO neutron.db.ovn_revision_numbers_db [None req-8dc1a1a7-5dc3-4a4f-b34e-a0eb9d43436d a50a3b793733481fae19a55e275acb39 1c1e2d4ddd9846bdba5d4f3b4a16c63a - - default default] Successfully bumped revision number for resource 4b41e4dd-51cf-4a39-8e91-7f0b7667daf7 (type: security_group_rules) to 0
2026-07-22 15:26:53.377 10 INFO neutron.wsgi [None req-8dc1a1a7-5dc3-4a4f-b34e-a0eb9d43436d a50a3b793733481fae19a55e275acb39 1c1e2d4ddd9846bdba5d4f3b4a16c63a - - default default] 10.0.0.179 "POST /v2.0/security-group-rules HTTP/1.1" status: 201 len: 764 time: 0.1716013
2026-07-22 15:26:53.502 10 INFO neutron.db.ovn_revision_numbers_db [None req-c417e9f6-527f-4de1-98ff-32233c01ee0f a50a3b793733481fae19a55e275acb39 1c1e2d4ddd9846bdba5d4f3b4a16c63a - - default default] Successfully bumped revision number for resource a5c1364f-4564-48f4-b272-b4d5ae28c775 (type: security_group_rules) to 0
2026-07-22 15:26:53.533 10 INFO neutron.wsgi [None req-c417e9f6-527f-4de1-98ff-32233c01ee0f a50a3b793733481fae19a55e275acb39 1c1e2d4ddd9846bdba5d4f3b4a16c63a - - default default] 10.0.0.179 "POST /v2.0/security-group-rules HTTP/1.1" status: 201 len: 763 time: 0.1520278
2026-07-22 15:26:53.683 10 INFO neutron.db.ovn_revision_numbers_db [None req-54ad3276-bdd4-4c66-847c-1ce430842f54 a50a3b793733481fae19a55e275acb39 1c1e2d4ddd9846bdba5d4f3b4a16c63a - - default default] Successfully bumped revision number for resource 1b7bb11f-cd3f-42c8-b1bc-fad6daf079b3 (type: security_group_rules) to 0
2026-07-22 15:26:53.708 10 INFO neutron.wsgi [None req-54ad3276-bdd4-4c66-847c-1ce430842f54 a50a3b793733481fae19a55e275acb39 1c1e2d4ddd9846bdba5d4f3b4a16c63a - - default default] 10.0.0.179 "POST /v2.0/security-group-rules HTTP/1.1" status: 201 len: 769 time: 0.1697850
2026-07-22 15:26:53.821 9 INFO neutron.db.ovn_revision_numbers_db [None req-a907cc2b-d908-46f2-aaee-d7c2a27473a9 a50a3b793733481fae19a55e275acb39 1c1e2d4ddd9846bdba5d4f3b4a16c63a - - default default] Successfully bumped revision number for resource 24fcfc3b-fdf0-4cb5-b267-a77748536c10 (type: security_group_rules) to 0
2026-07-22 15:26:53.844 9 INFO neutron.wsgi [None req-a907cc2b-d908-46f2-aaee-d7c2a27473a9 a50a3b793733481fae19a55e275acb39 1c1e2d4ddd9846bdba5d4f3b4a16c63a - - default default] 10.0.0.179 "POST /v2.0/security-group-rules HTTP/1.1" status: 201 len: 768 time: 0.1312332
2026-07-22 15:26:53.869 9 INFO neutron.db.securitygroups_db [None req-08925e98-1a6c-44f6-9d98-4c6ade7cae2f a50a3b793733481fae19a55e275acb39 1c1e2d4ddd9846bdba5d4f3b4a16c63a - - default default] Project 1c1e2d4ddd9846bdba5d4f3b4a16c63a added a security group rule with legacy IPv6 ICMP protocol name icmp, ipv6-icmp should be used instead. It was automatically converted.
2026-07-22 15:26:53.959 9 INFO neutron.db.ovn_revision_numbers_db [None req-08925e98-1a6c-44f6-9d98-4c6ade7cae2f a50a3b793733481fae19a55e275acb39 1c1e2d4ddd9846bdba5d4f3b4a16c63a - - default default] Successfully bumped revision number for resource fad9748b-e0d1-42c8-a51a-aa88327f58cc (type: security_group_rules) to 0
2026-07-22 15:26:53.981 9 INFO neutron.wsgi [None req-08925e98-1a6c-44f6-9d98-4c6ade7cae2f a50a3b793733481fae19a55e275acb39 1c1e2d4ddd9846bdba5d4f3b4a16c63a - - default default] 10.0.0.179 "POST /v2.0/security-group-rules HTTP/1.1" status: 201 len: 774 time: 0.1319654
2026-07-22 15:26:54.015 9 INFO neutron.db.securitygroups_db [None req-2a3f92f1-3945-43c1-8781-a1f2b7bcaaf8 a50a3b793733481fae19a55e275acb39 1c1e2d4ddd9846bdba5d4f3b4a16c63a - - default default] Project 1c1e2d4ddd9846bdba5d4f3b4a16c63a added a security group rule with legacy IPv6 ICMP protocol name icmp, ipv6-icmp should be used instead. It was automatically converted.
2026-07-22 15:26:54.143 9 INFO neutron.db.ovn_revision_numbers_db [None req-2a3f92f1-3945-43c1-8781-a1f2b7bcaaf8 a50a3b793733481fae19a55e275acb39 1c1e2d4ddd9846bdba5d4f3b4a16c63a - - default default] Successfully bumped revision number for resource 0940633f-dbeb-425b-b88e-dab80a0e5d88 (type: security_group_rules) to 0
2026-07-22 15:26:54.178 9 INFO neutron.wsgi [None req-2a3f92f1-3945-43c1-8781-a1f2b7bcaaf8 a50a3b793733481fae19a55e275acb39 1c1e2d4ddd9846bdba5d4f3b4a16c63a - - default default] 10.0.0.179 "POST /v2.0/security-group-rules HTTP/1.1" status: 201 len: 773 time: 0.1919410
2026-07-22 15:26:54.224 10 INFO neutron.wsgi [None req-fc6d4887-a5a6-41c9-a1bf-4b512ecf8683 f3bef87a92a4449ebe376befd40798cf ecd014e671f2408e957e7d22627f2157 - - default default] 10.0.0.179 "POST /v2.0/qos/policies HTTP/1.1" status: 201 len: 558 time: 0.2894387
2026-07-22 15:26:54.225 9 INFO neutron.db.ovn_revision_numbers_db [None req-9a2dcb62-aa94-4d42-8f3b-f08e2e621ace 5c2d2eea7ebd43eaafe62f9f7646482d 1cefd14a2ae340718011307e746df049 - - default default] Successfully bumped revision number for resource 05110d85-816a-41eb-a72e-40f6c13b4f2c (type: security_groups) to 1
2026-07-22 15:26:54.242 9 INFO neutron.db.ovn_revision_numbers_db [None req-9a2dcb62-aa94-4d42-8f3b-f08e2e621ace 5c2d2eea7ebd43eaafe62f9f7646482d 1cefd14a2ae340718011307e746df049 - - default default] Successfully bumped revision number for resource 522a09c6-dc5f-419a-a64d-35e30b7ed5d7 (type: security_group_rules) to 0
2026-07-22 15:26:54.249 10 INFO neutron.wsgi [None req-0c5b272a-731b-40a4-b192-f78ab3f7cbd1 f3bef87a92a4449ebe376befd40798cf ecd014e671f2408e957e7d22627f2157 - - default default] 10.0.0.179 "PUT /v2.0/policies/6333ffb8-b52e-4f67-94a9-c4bb9900b74b/tags HTTP/1.1" status: 200 len: 218 time: 0.0190203
2026-07-22 15:26:54.265 9 INFO neutron.db.ovn_revision_numbers_db [None req-9a2dcb62-aa94-4d42-8f3b-f08e2e621ace 5c2d2eea7ebd43eaafe62f9f7646482d 1cefd14a2ae340718011307e746df049 - - default default] Successfully bumped revision number for resource b2eaf9d7-61b7-4b0d-a1d5-316a0b4431a7 (type: security_group_rules) to 0
2026-07-22 15:26:54.268 10 INFO neutron.wsgi [None req-d4ef7460-1927-4442-bbed-eb163a7a7352 f3bef87a92a4449ebe376befd40798cf ecd014e671f2408e957e7d22627f2157 - - default default] 10.0.0.179 "GET /v2.0/policies/6333ffb8-b52e-4f67-94a9-c4bb9900b74b/tags HTTP/1.1" status: 200 len: 218 time: 0.0144465
2026-07-22 15:26:54.289 9 INFO neutron.db.ovn_revision_numbers_db [None req-9a2dcb62-aa94-4d42-8f3b-f08e2e621ace 5c2d2eea7ebd43eaafe62f9f7646482d 1cefd14a2ae340718011307e746df049 - - default default] Successfully bumped revision number for resource b32be7fb-dbd3-4db7-a652-5ce251ecc7ef (type: security_group_rules) to 0
2026-07-22 15:26:54.295 10 INFO neutron.wsgi [None req-05c09f95-2982-460f-9b3d-ffef82e477d2 f3bef87a92a4449ebe376befd40798cf ecd014e671f2408e957e7d22627f2157 - - default default] 10.0.0.179 "PUT /v2.0/policies/6333ffb8-b52e-4f67-94a9-c4bb9900b74b/tags/green HTTP/1.1" status: 201 len: 201 time: 0.0238359
2026-07-22 15:26:54.305 9 INFO neutron.db.ovn_revision_numbers_db [None req-9a2dcb62-aa94-4d42-8f3b-f08e2e621ace 5c2d2eea7ebd43eaafe62f9f7646482d 1cefd14a2ae340718011307e746df049 - - default default] Successfully bumped revision number for resource bd30776a-ca25-4c36-87a2-869d4cfbc6c4 (type: security_group_rules) to 0
2026-07-22 15:26:54.314 10 INFO neutron.wsgi [None req-586882f2-d456-4ea9-aa67-9ce65a3dbdab f3bef87a92a4449ebe376befd40798cf ecd014e671f2408e957e7d22627f2157 - - default default] 10.0.0.179 "GET /v2.0/policies/6333ffb8-b52e-4f67-94a9-c4bb9900b74b/tags HTTP/1.1" status: 200 len: 227 time: 0.0148029
2026-07-22 15:26:54.331 9 INFO neutron.wsgi [None req-9a2dcb62-aa94-4d42-8f3b-f08e2e621ace 5c2d2eea7ebd43eaafe62f9f7646482d 1cefd14a2ae340718011307e746df049 - - default default] 10.0.0.179 "GET /v2.0/security-groups?tenant_id=51f73438a30a4ff681cd016516949993&name=default HTTP/1.1" status: 200 len: 2996 time: 0.3947511
2026-07-22 15:26:54.332 10 INFO neutron.wsgi [None req-906dbcb9-30ed-402a-abaf-4c09f28bfaa7 f3bef87a92a4449ebe376befd40798cf ecd014e671f2408e957e7d22627f2157 - - default default] 10.0.0.179 "PUT /v2.0/policies/6333ffb8-b52e-4f67-94a9-c4bb9900b74b/tags/red HTTP/1.1" status: 201 len: 201 time: 0.0121050
2026-07-22 15:26:54.356 9 INFO neutron.wsgi [None req-611eea2c-63d4-422f-9934-94cec644ac4a f3bef87a92a4449ebe376befd40798cf ecd014e671f2408e957e7d22627f2157 - - default default] 10.0.0.179 "GET /v2.0/policies/6333ffb8-b52e-4f67-94a9-c4bb9900b74b/tags HTTP/1.1" status: 200 len: 227 time: 0.0200472
2026-07-22 15:26:54.394 10 INFO neutron.wsgi [None req-ee9b2cf8-d80d-4d87-9508-d04dd5eecd73 f3bef87a92a4449ebe376befd40798cf ecd014e671f2408e957e7d22627f2157 - - default default] 10.0.0.179 "PUT /v2.0/policies/6333ffb8-b52e-4f67-94a9-c4bb9900b74b/tags/black.or.white HTTP/1.1" status: 201 len: 201 time: 0.0316019
2026-07-22 15:26:54.412 9 INFO neutron.wsgi [None req-0dec5f0a-bb89-43fd-988d-598551a283cb f3bef87a92a4449ebe376befd40798cf ecd014e671f2408e957e7d22627f2157 - - default default] 10.0.0.179 "GET /v2.0/policies/6333ffb8-b52e-4f67-94a9-c4bb9900b74b/tags HTTP/1.1" status: 200 len: 245 time: 0.0144091
2026-07-22 15:26:54.447 9 INFO neutron.wsgi [None req-107b43f0-641a-413f-8ebb-2dcdae037293 f3bef87a92a4449ebe376befd40798cf ecd014e671f2408e957e7d22627f2157 - - default default] 10.0.0.179 "PUT /v2.0/policies/6333ffb8-b52e-4f67-94a9-c4bb9900b74b/tags HTTP/1.1" status: 200 len: 230 time: 0.0287576
2026-07-22 15:26:54.469 9 INFO neutron.wsgi [None req-d206c9b9-1c72-492c-b966-731fb2a7118d f3bef87a92a4449ebe376befd40798cf ecd014e671f2408e957e7d22627f2157 - - default default] 10.0.0.179 "GET /v2.0/policies/6333ffb8-b52e-4f67-94a9-c4bb9900b74b/tags HTTP/1.1" status: 200 len: 230 time: 0.0177338
2026-07-22 15:26:54.498 9 INFO neutron.wsgi [None req-27f6c9cb-741c-4a84-9dd6-e8e850607107 f3bef87a92a4449ebe376befd40798cf ecd014e671f2408e957e7d22627f2157 - - default default] 10.0.0.179 "GET /v2.0/policies/6333ffb8-b52e-4f67-94a9-c4bb9900b74b/tags/red HTTP/1.1" status: 204 len: 168 time: 0.0216076
2026-07-22 15:26:54.518 9 INFO neutron.api.v2.resource [None req-8d75cca0-8534-41ad-a91c-b961eafd979a f3bef87a92a4449ebe376befd40798cf ecd014e671f2408e957e7d22627f2157 - - default default] show failed (client error): The resource could not be found.
2026-07-22 15:26:54.520 9 INFO neutron.wsgi [None req-8d75cca0-8534-41ad-a91c-b961eafd979a f3bef87a92a4449ebe376befd40798cf ecd014e671f2408e957e7d22627f2157 - - default default] 10.0.0.179 "GET /v2.0/policies/6333ffb8-b52e-4f67-94a9-c4bb9900b74b/tags/green HTTP/1.1" status: 404 len: 299 time: 0.0161831
2026-07-22 15:26:54.561 10 INFO neutron.wsgi [None req-bb179158-107e-4951-9b5c-db33a4a450de f3bef87a92a4449ebe376befd40798cf ecd014e671f2408e957e7d22627f2157 - - default default] 10.0.0.179 "DELETE /v2.0/policies/6333ffb8-b52e-4f67-94a9-c4bb9900b74b/tags/red HTTP/1.1" status: 204 len: 168 time: 0.0330749
2026-07-22 15:26:54.584 10 INFO neutron.wsgi [None req-eb199a93-16dc-4e74-b345-194c155eb749 5c2d2eea7ebd43eaafe62f9f7646482d 1cefd14a2ae340718011307e746df049 - - default default] 10.0.0.179 "DELETE /v2.0/security-groups/05110d85-816a-41eb-a72e-40f6c13b4f2c HTTP/1.1" status: 204 len: 168 time: 0.2487147
2026-07-22 15:26:54.589 10 INFO neutron.wsgi [None req-52af4255-c8d2-47dc-8d3c-b5b2690ad5fe f3bef87a92a4449ebe376befd40798cf ecd014e671f2408e957e7d22627f2157 - - default default] 10.0.0.179 "GET /v2.0/policies/6333ffb8-b52e-4f67-94a9-c4bb9900b74b/tags HTTP/1.1" status: 200 len: 223 time: 0.0234618
2026-07-22 15:26:54.633 10 INFO neutron.api.v2.resource [None req-99489ab8-1ff2-4153-b780-ee919caa7124 f3bef87a92a4449ebe376befd40798cf ecd014e671f2408e957e7d22627f2157 - - default default] delete failed (client error): The resource could not be found.
2026-07-22 15:26:54.634 10 INFO neutron.wsgi [None req-99489ab8-1ff2-4153-b780-ee919caa7124 f3bef87a92a4449ebe376befd40798cf ecd014e671f2408e957e7d22627f2157 - - default default] 10.0.0.179 "DELETE /v2.0/policies/6333ffb8-b52e-4f67-94a9-c4bb9900b74b/tags/green HTTP/1.1" status: 404 len: 299 time: 0.0282269
2026-07-22 15:26:54.668 10 INFO neutron.wsgi [None req-57205a54-30f3-4e73-9f57-2100deb6a90f f3bef87a92a4449ebe376befd40798cf ecd014e671f2408e957e7d22627f2157 - - default default] 10.0.0.179 "DELETE /v2.0/policies/6333ffb8-b52e-4f67-94a9-c4bb9900b74b/tags HTTP/1.1" status: 204 len: 168 time: 0.0276916
2026-07-22 15:26:54.687 10 INFO neutron.wsgi [None req-c6b67790-358e-4b07-8a6f-66b18eeffbd1 f3bef87a92a4449ebe376befd40798cf ecd014e671f2408e957e7d22627f2157 - - default default] 10.0.0.179 "GET /v2.0/policies/6333ffb8-b52e-4f67-94a9-c4bb9900b74b/tags HTTP/1.1" status: 200 len: 205 time: 0.0146391
2026-07-22 15:26:54.756 10 INFO neutron.wsgi [None req-d24c4fd1-eaa4-4262-a616-d642fca86197 f3bef87a92a4449ebe376befd40798cf ecd014e671f2408e957e7d22627f2157 - - default default] 10.0.0.179 "DELETE /v2.0/qos/policies/6333ffb8-b52e-4f67-94a9-c4bb9900b74b HTTP/1.1" status: 204 len: 168 time: 0.0605435
2026-07-22 15:26:54.791 9 INFO neutron.db.ovn_revision_numbers_db [None req-4b6c1308-f1c3-410a-a407-d867922d4bd5 a50a3b793733481fae19a55e275acb39 1c1e2d4ddd9846bdba5d4f3b4a16c63a - - default default] Successfully bumped revision number for resource 0fe23792-9c09-4a0d-9552-0aa4f09f8e08 (type: security_groups) to 1
2026-07-22 15:26:54.807 9 INFO neutron.db.ovn_revision_numbers_db [None req-4b6c1308-f1c3-410a-a407-d867922d4bd5 a50a3b793733481fae19a55e275acb39 1c1e2d4ddd9846bdba5d4f3b4a16c63a - - default default] Successfully bumped revision number for resource 090756f9-01de-45a5-be8f-cb299556f9fb (type: security_group_rules) to 0
2026-07-22 15:26:54.830 9 INFO neutron.db.ovn_revision_numbers_db [None req-4b6c1308-f1c3-410a-a407-d867922d4bd5 a50a3b793733481fae19a55e275acb39 1c1e2d4ddd9846bdba5d4f3b4a16c63a - - default default] Successfully bumped revision number for resource bd2baf3c-6dd9-4e29-92ea-d6cdd07bcbc2 (type: security_group_rules) to 0
2026-07-22 15:26:54.861 9 INFO neutron.wsgi [None req-4b6c1308-f1c3-410a-a407-d867922d4bd5 a50a3b793733481fae19a55e275acb39 1c1e2d4ddd9846bdba5d4f3b4a16c63a - - default default] 10.0.0.179 "POST /v2.0/security-groups HTTP/1.1" status: 201 len: 1797 time: 0.2076373
2026-07-22 15:26:54.875 9 INFO neutron.db.ovn_revision_numbers_db [None req-83516a33-969d-4f3f-9c94-0c32c7d939bf 5c2d2eea7ebd43eaafe62f9f7646482d 1cefd14a2ae340718011307e746df049 - - default default] Successfully bumped revision number for resource 3f311103-a4bf-4fc4-9f77-4788b9f536c0 (type: security_groups) to 1
2026-07-22 15:26:54.891 9 INFO neutron.db.ovn_revision_numbers_db [None req-83516a33-969d-4f3f-9c94-0c32c7d939bf 5c2d2eea7ebd43eaafe62f9f7646482d 1cefd14a2ae340718011307e746df049 - - default default] Successfully bumped revision number for resource 063df23a-e8db-4f22-bf44-afbfde21bdbf (type: security_group_rules) to 0
2026-07-22 15:26:54.905 9 INFO neutron.db.ovn_revision_numbers_db [None req-83516a33-969d-4f3f-9c94-0c32c7d939bf 5c2d2eea7ebd43eaafe62f9f7646482d 1cefd14a2ae340718011307e746df049 - - default default] Successfully bumped revision number for resource 2fe18ddd-769d-4231-b5b9-30b31b55e968 (type: security_group_rules) to 0
2026-07-22 15:26:54.922 9 INFO neutron.db.ovn_revision_numbers_db [None req-83516a33-969d-4f3f-9c94-0c32c7d939bf 5c2d2eea7ebd43eaafe62f9f7646482d 1cefd14a2ae340718011307e746df049 - - default default] Successfully bumped revision number for resource 53a09cf8-4712-45ad-8b3b-20bc2776bdcc (type: security_group_rules) to 0
2026-07-22 15:26:54.937 9 INFO neutron.db.ovn_revision_numbers_db [None req-83516a33-969d-4f3f-9c94-0c32c7d939bf 5c2d2eea7ebd43eaafe62f9f7646482d 1cefd14a2ae340718011307e746df049 - - default default] Successfully bumped revision number for resource c6cf1abf-8419-4135-a452-d2337b520870 (type: security_group_rules) to 0
2026-07-22 15:26:54.967 9 INFO neutron.wsgi [None req-83516a33-969d-4f3f-9c94-0c32c7d939bf 5c2d2eea7ebd43eaafe62f9f7646482d 1cefd14a2ae340718011307e746df049 - - default default] 10.0.0.179 "GET /v2.0/security-groups?tenant_id=dfe81d5f21244920807f86128d1bbf8b&name=default HTTP/1.1" status: 200 len: 2996 time: 0.2240391
2026-07-22 15:26:54.989 10 INFO neutron.db.ovn_revision_numbers_db [None req-b2a89ef1-c0f3-4277-b3c7-2ebff0797982 a50a3b793733481fae19a55e275acb39 1c1e2d4ddd9846bdba5d4f3b4a16c63a - - default default] Successfully bumped revision number for resource 1f95a7e1-4f59-4860-8036-432b924afccf (type: security_group_rules) to 0
2026-07-22 15:26:55.024 10 INFO neutron.wsgi [None req-b2a89ef1-c0f3-4277-b3c7-2ebff0797982 a50a3b793733481fae19a55e275acb39 1c1e2d4ddd9846bdba5d4f3b4a16c63a - - default default] 10.0.0.179 "POST /v2.0/security-group-rules HTTP/1.1" status: 201 len: 764 time: 0.1581419
2026-07-22 15:26:55.148 10 INFO neutron.db.ovn_revision_numbers_db [None req-215a1b81-eddc-4c5f-a768-f7e7ce1ac0d6 2aa9bb0e7df74004b6bf2897d472955c 27eb9134d97f4c85befdcfd9b6a6a47e - - default default] Successfully bumped revision number for resource a6fe8d7c-cfa4-4ce4-8f21-dd457fb6bad3 (type: security_groups) to 1
2026-07-22 15:26:55.164 10 INFO neutron.db.ovn_revision_numbers_db [None req-215a1b81-eddc-4c5f-a768-f7e7ce1ac0d6 2aa9bb0e7df74004b6bf2897d472955c 27eb9134d97f4c85befdcfd9b6a6a47e - - default default] Successfully bumped revision number for resource 0452a3cf-2a1c-4e9e-a1a5-604a7ff1a319 (type: security_group_rules) to 0
2026-07-22 15:26:55.167 10 INFO neutron.db.ovn_revision_numbers_db [None req-12c6d3dd-4097-44e4-87dd-7b8661141eb9 a50a3b793733481fae19a55e275acb39 1c1e2d4ddd9846bdba5d4f3b4a16c63a - - default default] Successfully bumped revision number for resource 5c14499b-5685-462b-958c-670850b67376 (type: security_group_rules) to 0
2026-07-22 15:26:55.186 10 INFO neutron.db.ovn_revision_numbers_db [None req-215a1b81-eddc-4c5f-a768-f7e7ce1ac0d6 2aa9bb0e7df74004b6bf2897d472955c 27eb9134d97f4c85befdcfd9b6a6a47e - - default default] Successfully bumped revision number for resource 89112e81-a08b-475c-95bd-31b1cfd11086 (type: security_group_rules) to 0
2026-07-22 15:26:55.190 9 INFO neutron.wsgi [None req-7003cbe2-ed01-46ce-9484-4782188a1580 5c2d2eea7ebd43eaafe62f9f7646482d 1cefd14a2ae340718011307e746df049 - - default default] 10.0.0.179 "DELETE /v2.0/security-groups/3f311103-a4bf-4fc4-9f77-4788b9f536c0 HTTP/1.1" status: 204 len: 168 time: 0.2175858
2026-07-22 15:26:55.199 10 INFO neutron.wsgi [None req-12c6d3dd-4097-44e4-87dd-7b8661141eb9 a50a3b793733481fae19a55e275acb39 1c1e2d4ddd9846bdba5d4f3b4a16c63a - - default default] 10.0.0.179 "POST /v2.0/security-group-rules HTTP/1.1" status: 201 len: 769 time: 0.1678061
2026-07-22 15:26:55.203 10 INFO neutron.db.ovn_revision_numbers_db [None req-215a1b81-eddc-4c5f-a768-f7e7ce1ac0d6 2aa9bb0e7df74004b6bf2897d472955c 27eb9134d97f4c85befdcfd9b6a6a47e - - default default] Successfully bumped revision number for resource 8a5ed0a2-c8e7-42e5-8591-c0c23350b08f (type: security_group_rules) to 0
2026-07-22 15:26:55.218 10 INFO neutron.db.ovn_revision_numbers_db [None req-215a1b81-eddc-4c5f-a768-f7e7ce1ac0d6 2aa9bb0e7df74004b6bf2897d472955c 27eb9134d97f4c85befdcfd9b6a6a47e - - default default] Successfully bumped revision number for resource bae7b61b-cd9a-4945-b1fc-675ed05c607c (type: security_group_rules) to 0
2026-07-22 15:26:55.300 10 INFO neutron.db.ovn_revision_numbers_db [None req-215a1b81-eddc-4c5f-a768-f7e7ce1ac0d6 2aa9bb0e7df74004b6bf2897d472955c 27eb9134d97f4c85befdcfd9b6a6a47e - - default default] Successfully bumped revision number for resource f8f3be2a-4ef9-4433-8010-033f66ddf947 (type: security_groups) to 1
2026-07-22 15:26:55.315 10 INFO neutron.db.ovn_revision_numbers_db [None req-215a1b81-eddc-4c5f-a768-f7e7ce1ac0d6 2aa9bb0e7df74004b6bf2897d472955c 27eb9134d97f4c85befdcfd9b6a6a47e - - default default] Successfully bumped revision number for resource 013459b5-1126-4946-8751-638fb89b92ea (type: security_group_rules) to 0
2026-07-22 15:26:55.327 10 INFO neutron.db.ovn_revision_numbers_db [None req-215a1b81-eddc-4c5f-a768-f7e7ce1ac0d6 2aa9bb0e7df74004b6bf2897d472955c 27eb9134d97f4c85befdcfd9b6a6a47e - - default default] Successfully bumped revision number for resource 911e8992-6e04-4ec0-986b-62343da18e14 (type: security_group_rules) to 0
2026-07-22 15:26:55.350 10 INFO neutron.wsgi [None req-215a1b81-eddc-4c5f-a768-f7e7ce1ac0d6 2aa9bb0e7df74004b6bf2897d472955c 27eb9134d97f4c85befdcfd9b6a6a47e - - default default] 10.0.0.179 "POST /v2.0/security-groups HTTP/1.1" status: 201 len: 1761 time: 0.5377007
2026-07-22 15:26:55.390 10 INFO neutron.wsgi [None req-4ba201ab-4e98-4b51-aa8e-51bce22fe6b6 2aa9bb0e7df74004b6bf2897d472955c 27eb9134d97f4c85befdcfd9b6a6a47e - - default default] 10.0.0.179 "GET /v2.0/security-groups HTTP/1.1" status: 200 len: 4539 time: 0.0357957
2026-07-22 15:26:55.462 9 WARNING neutron.scheduler.dhcp_agent_scheduler [None req-66fac971-e0da-46c7-af9d-3978f81774f4 a50a3b793733481fae19a55e275acb39 1c1e2d4ddd9846bdba5d4f3b4a16c63a - - default default] No more DHCP agents
2026-07-22 15:26:55.465 9 WARNING neutron.api.rpc.agentnotifiers.dhcp_rpc_agent_api [None req-66fac971-e0da-46c7-af9d-3978f81774f4 a50a3b793733481fae19a55e275acb39 1c1e2d4ddd9846bdba5d4f3b4a16c63a - - default default] Unable to schedule network 01aaf83a-285e-4494-8eff-240afccb5159: no agents available; will retry on subsequent port and subnet creation events.
2026-07-22 15:26:55.473 10 INFO neutron.db.ovn_revision_numbers_db [None req-e33db654-7d57-49c4-8849-d6564b9e9cf4 2aa9bb0e7df74004b6bf2897d472955c 27eb9134d97f4c85befdcfd9b6a6a47e - - default default] Successfully bumped revision number for resource f8f3be2a-4ef9-4433-8010-033f66ddf947 (type: security_groups) to 2
2026-07-22 15:26:55.477 10 INFO neutron.wsgi [None req-e33db654-7d57-49c4-8849-d6564b9e9cf4 2aa9bb0e7df74004b6bf2897d472955c 27eb9134d97f4c85befdcfd9b6a6a47e - - default default] 10.0.0.179 "PUT /v2.0/security-groups/f8f3be2a-4ef9-4433-8010-033f66ddf947 HTTP/1.1" status: 200 len: 1795 time: 0.0820439
2026-07-22 15:26:55.546 9 INFO neutron.wsgi [None req-0cb2aead-0d1b-4173-8c5d-7c9885166fc0 2aa9bb0e7df74004b6bf2897d472955c 27eb9134d97f4c85befdcfd9b6a6a47e - - default default] 10.0.0.179 "GET /v2.0/security-groups/f8f3be2a-4ef9-4433-8010-033f66ddf947 HTTP/1.1" status: 200 len: 1795 time: 0.0634780
2026-07-22 15:26:55.780 9 INFO neutron.wsgi [None req-36c01be6-d9f0-4674-811b-863d103d4571 2aa9bb0e7df74004b6bf2897d472955c 27eb9134d97f4c85befdcfd9b6a6a47e - - default default] 10.0.0.179 "DELETE /v2.0/security-groups/f8f3be2a-4ef9-4433-8010-033f66ddf947 HTTP/1.1" status: 204 len: 168 time: 0.2278614
2026-07-22 15:26:55.794 9 INFO neutron.db.ovn_revision_numbers_db [None req-ec3dcc94-cd3c-4c2b-abf9-e918777cfa0a 5c2d2eea7ebd43eaafe62f9f7646482d 1cefd14a2ae340718011307e746df049 - - default default] Successfully bumped revision number for resource a82cd67e-9f0e-4880-b30a-91a90c472684 (type: security_groups) to 1
2026-07-22 15:26:55.811 9 INFO neutron.db.ovn_revision_numbers_db [None req-ec3dcc94-cd3c-4c2b-abf9-e918777cfa0a 5c2d2eea7ebd43eaafe62f9f7646482d 1cefd14a2ae340718011307e746df049 - - default default] Successfully bumped revision number for resource 2eb751a7-c4cd-48c5-9560-3d4485f411ef (type: security_group_rules) to 0
2026-07-22 15:26:55.818 10 INFO neutron.wsgi [None req-3bfcc41b-bf40-4ddb-bceb-807c67af27f1 2aa9bb0e7df74004b6bf2897d472955c 27eb9134d97f4c85befdcfd9b6a6a47e - - default default] 10.0.0.179 "GET /v2.0/security-groups HTTP/1.1" status: 200 len: 2996 time: 0.0330677
2026-07-22 15:26:55.832 10 INFO neutron.api.v2.resource [None req-968d6c15-d4ee-4d3d-8043-473c3ec75b05 2aa9bb0e7df74004b6bf2897d472955c 27eb9134d97f4c85befdcfd9b6a6a47e - - default default] delete failed (client error): The resource could not be found.
2026-07-22 15:26:55.834 10 INFO neutron.wsgi [None req-968d6c15-d4ee-4d3d-8043-473c3ec75b05 2aa9bb0e7df74004b6bf2897d472955c 27eb9134d97f4c85befdcfd9b6a6a47e - - default default] 10.0.0.179 "DELETE /v2.0/security-groups/f8f3be2a-4ef9-4433-8010-033f66ddf947 HTTP/1.1" status: 404 len: 347 time: 0.0104373
2026-07-22 15:26:55.836 9 INFO neutron.db.ovn_revision_numbers_db [None req-ec3dcc94-cd3c-4c2b-abf9-e918777cfa0a 5c2d2eea7ebd43eaafe62f9f7646482d 1cefd14a2ae340718011307e746df049 - - default default] Successfully bumped revision number for resource 655fd49c-6255-4e75-8d64-717dd9349b87 (type: security_group_rules) to 0
2026-07-22 15:26:55.863 9 INFO neutron.db.ovn_revision_numbers_db [None req-ec3dcc94-cd3c-4c2b-abf9-e918777cfa0a 5c2d2eea7ebd43eaafe62f9f7646482d 1cefd14a2ae340718011307e746df049 - - default default] Successfully bumped revision number for resource a2fb607b-a9b5-4bbd-971c-53625c3924db (type: security_group_rules) to 0
2026-07-22 15:26:55.881 9 INFO neutron.db.ovn_revision_numbers_db [None req-ec3dcc94-cd3c-4c2b-abf9-e918777cfa0a 5c2d2eea7ebd43eaafe62f9f7646482d 1cefd14a2ae340718011307e746df049 - - default default] Successfully bumped revision number for resource bae4b412-b208-4589-8400-b0c60956e836 (type: security_group_rules) to 0
2026-07-22 15:26:55.917 9 INFO neutron.wsgi [None req-ec3dcc94-cd3c-4c2b-abf9-e918777cfa0a 5c2d2eea7ebd43eaafe62f9f7646482d 1cefd14a2ae340718011307e746df049 - - default default] 10.0.0.179 "GET /v2.0/security-groups?tenant_id=ecd014e671f2408e957e7d22627f2157&name=default HTTP/1.1" status: 200 len: 2996 time: 0.4948955
2026-07-22 15:26:55.934 9 INFO neutron.db.ovn_revision_numbers_db [None req-66fac971-e0da-46c7-af9d-3978f81774f4 a50a3b793733481fae19a55e275acb39 1c1e2d4ddd9846bdba5d4f3b4a16c63a - - default default] Successfully bumped revision number for resource 54c2cbe9-495e-42b8-8fd2-57f59a993bd7 (type: floatingips) to 0
2026-07-22 15:26:55.944 10 INFO neutron.db.ovn_revision_numbers_db [None req-5abe8167-87e2-4be1-b532-5fd1c760048e 2aa9bb0e7df74004b6bf2897d472955c 27eb9134d97f4c85befdcfd9b6a6a47e - - default default] Successfully bumped revision number for resource fa8c6a87-a846-47e9-abde-e9c76f16d5eb (type: security_groups) to 1
2026-07-22 15:26:55.953 9 INFO neutron.wsgi [None req-66fac971-e0da-46c7-af9d-3978f81774f4 a50a3b793733481fae19a55e275acb39 1c1e2d4ddd9846bdba5d4f3b4a16c63a - - default default] 10.0.0.179 "POST /v2.0/floatingips HTTP/1.1" status: 201 len: 751 time: 0.7499702
2026-07-22 15:26:55.955 10 INFO neutron.db.ovn_revision_numbers_db [None req-5abe8167-87e2-4be1-b532-5fd1c760048e 2aa9bb0e7df74004b6bf2897d472955c 27eb9134d97f4c85befdcfd9b6a6a47e - - default default] Successfully bumped revision number for resource 0808f50c-01c0-4ecc-bd91-7ec3a67ed862 (type: security_group_rules) to 0
2026-07-22 15:26:55.967 10 INFO neutron.db.ovn_revision_numbers_db [None req-5abe8167-87e2-4be1-b532-5fd1c760048e 2aa9bb0e7df74004b6bf2897d472955c 27eb9134d97f4c85befdcfd9b6a6a47e - - default default] Successfully bumped revision number for resource 304912c9-b0a5-4ea1-9e9c-ab9ebc4b60a7 (type: security_group_rules) to 0
2026-07-22 15:26:55.993 10 INFO neutron.wsgi [None req-5abe8167-87e2-4be1-b532-5fd1c760048e 2aa9bb0e7df74004b6bf2897d472955c 27eb9134d97f4c85befdcfd9b6a6a47e - - default default] 10.0.0.179 "POST /v2.0/security-groups HTTP/1.1" status: 201 len: 1761 time: 0.1531279
2026-07-22 15:26:56.116 9 INFO neutron.wsgi [None req-f7a479b1-3d2d-4d06-87be-45d9f98d16be 5c2d2eea7ebd43eaafe62f9f7646482d 1cefd14a2ae340718011307e746df049 - - default default] 10.0.0.179 "DELETE /v2.0/security-groups/a82cd67e-9f0e-4880-b30a-91a90c472684 HTTP/1.1" status: 204 len: 168 time: 0.1942501
2026-07-22 15:26:56.284 10 INFO neutron.wsgi [req-56441e84-ff4c-4859-a884-5097da9fb659 req-ea03e9d0-92d0-45e3-a9f2-5ee906e2462b a50a3b793733481fae19a55e275acb39 1c1e2d4ddd9846bdba5d4f3b4a16c63a - - default default] 10.0.0.64 "GET /v2.0/security-groups?name=tempest-securitygroup--1072316086&fields=id&tenant_id=1c1e2d4ddd9846bdba5d4f3b4a16c63a HTTP/1.1" status: 200 len: 267 time: 0.2573655
2026-07-22 15:26:56.338 10 INFO neutron.wsgi [req-56441e84-ff4c-4859-a884-5097da9fb659 req-7acac87f-1519-424d-a05c-38430e6d835f a50a3b793733481fae19a55e275acb39 1c1e2d4ddd9846bdba5d4f3b4a16c63a - - default default] 10.0.0.64 "GET /v2.0/security-groups?name=tempest-secgroup-smoke-71833117&fields=id&tenant_id=1c1e2d4ddd9846bdba5d4f3b4a16c63a HTTP/1.1" status: 200 len: 267 time: 0.0460362
2026-07-22 15:26:56.370 9 INFO neutron.db.ovn_revision_numbers_db [None req-e61d5796-f355-45b7-ac5b-bf0a6a3e8a04 5c2d2eea7ebd43eaafe62f9f7646482d 1cefd14a2ae340718011307e746df049 - - default default] Successfully bumped revision number for resource 6c53c9a5-1328-4160-b82a-dbaa707dbc41 (type: security_groups) to 1
2026-07-22 15:26:56.377 10 INFO neutron.db.ovn_revision_numbers_db [None req-7d8720ac-f0fc-4955-aa5d-ce9016bee9df 2aa9bb0e7df74004b6bf2897d472955c 27eb9134d97f4c85befdcfd9b6a6a47e - - default default] Successfully bumped revision number for resource 3d0826ba-6844-409e-b588-c95ff6403192 (type: security_group_rules) to 0
2026-07-22 15:26:56.385 9 INFO neutron.db.ovn_revision_numbers_db [None req-e61d5796-f355-45b7-ac5b-bf0a6a3e8a04 5c2d2eea7ebd43eaafe62f9f7646482d 1cefd14a2ae340718011307e746df049 - - default default] Successfully bumped revision number for resource 08982542-bd5f-42bf-8c7e-6990c05511f8 (type: security_group_rules) to 0
2026-07-22 15:26:56.399 9 INFO neutron.db.ovn_revision_numbers_db [None req-e61d5796-f355-45b7-ac5b-bf0a6a3e8a04 5c2d2eea7ebd43eaafe62f9f7646482d 1cefd14a2ae340718011307e746df049 - - default default] Successfully bumped revision number for resource 1f624396-7521-4c4d-aa98-38d027b3eb48 (type: security_group_rules) to 0
2026-07-22 15:26:56.429 9 INFO neutron.db.ovn_revision_numbers_db [None req-e61d5796-f355-45b7-ac5b-bf0a6a3e8a04 5c2d2eea7ebd43eaafe62f9f7646482d 1cefd14a2ae340718011307e746df049 - - default default] Successfully bumped revision number for resource 5080ae92-14f1-4237-bb7f-a891a39fb119 (type: security_group_rules) to 0
2026-07-22 15:26:56.431 10 INFO neutron.wsgi [None req-7d8720ac-f0fc-4955-aa5d-ce9016bee9df 2aa9bb0e7df74004b6bf2897d472955c 27eb9134d97f4c85befdcfd9b6a6a47e - - default default] 10.0.0.179 "POST /v2.0/security-group-rules HTTP/1.1" status: 201 len: 768 time: 0.4337659
2026-07-22 15:26:56.454 10 INFO neutron.wsgi [req-56441e84-ff4c-4859-a884-5097da9fb659 req-c82691b1-523d-4aa2-a278-2b08d6c2a2bf a50a3b793733481fae19a55e275acb39 1c1e2d4ddd9846bdba5d4f3b4a16c63a - - default default] 10.0.0.64 "GET /v2.0/networks?id=4e7fc128-a945-49ca-b374-275779e71a12 HTTP/1.1" status: 200 len: 871 time: 0.1059296
2026-07-22 15:26:56.455 9 INFO neutron.wsgi [None req-ca067841-451f-4a84-87b8-5b62b6593c9c 2aa9bb0e7df74004b6bf2897d472955c 27eb9134d97f4c85befdcfd9b6a6a47e - - default default] 10.0.0.179 "GET /v2.0/security-group-rules/3d0826ba-6844-409e-b588-c95ff6403192 HTTP/1.1" status: 200 len: 763 time: 0.0186045
2026-07-22 15:26:56.457 9 INFO neutron.db.ovn_revision_numbers_db [None req-e61d5796-f355-45b7-ac5b-bf0a6a3e8a04 5c2d2eea7ebd43eaafe62f9f7646482d 1cefd14a2ae340718011307e746df049 - - default default] Successfully bumped revision number for resource 78cc753e-739b-45e2-99a0-6cd4607fb388 (type: security_group_rules) to 0
2026-07-22 15:26:56.485 9 INFO neutron.wsgi [None req-e61d5796-f355-45b7-ac5b-bf0a6a3e8a04 5c2d2eea7ebd43eaafe62f9f7646482d 1cefd14a2ae340718011307e746df049 - - default default] 10.0.0.179 "GET /v2.0/security-groups?tenant_id=dad7ac63e20f40ef98eafc589b7b0ba7&name=default HTTP/1.1" status: 200 len: 2996 time: 0.2373848
2026-07-22 15:26:56.502 10 INFO neutron.wsgi [req-56441e84-ff4c-4859-a884-5097da9fb659 req-68dd9bbb-d9e3-412e-8400-a343e5264aee a50a3b793733481fae19a55e275acb39 1c1e2d4ddd9846bdba5d4f3b4a16c63a - - default default] 10.0.0.64 "GET /v2.0/quotas/1c1e2d4ddd9846bdba5d4f3b4a16c63a HTTP/1.1" status: 200 len: 386 time: 0.0392528
2026-07-22 15:26:56.568 10 INFO neutron.wsgi [None req-5c498707-7064-4a59-bf19-cd357480beeb 2aa9bb0e7df74004b6bf2897d472955c 27eb9134d97f4c85befdcfd9b6a6a47e - - default default] 10.0.0.179 "GET /v2.0/security-group-rules HTTP/1.1" status: 200 len: 4113 time: 0.1039240
2026-07-22 15:26:56.644 10 INFO neutron.wsgi [req-56441e84-ff4c-4859-a884-5097da9fb659 req-8b69369c-948d-4b73-88bf-49a27c69fe71 a50a3b793733481fae19a55e275acb39 1c1e2d4ddd9846bdba5d4f3b4a16c63a - - default default] 10.0.0.64 "GET /v2.0/ports?tenant_id=1c1e2d4ddd9846bdba5d4f3b4a16c63a&fields=id HTTP/1.1" status: 200 len: 302 time: 0.1345096
2026-07-22 15:26:56.713 9 INFO neutron.wsgi [None req-ed120bbf-8954-4e30-90e7-aa622fbd39fa 2aa9bb0e7df74004b6bf2897d472955c 27eb9134d97f4c85befdcfd9b6a6a47e - - default default] 10.0.0.179 "DELETE /v2.0/security-group-rules/3d0826ba-6844-409e-b588-c95ff6403192 HTTP/1.1" status: 204 len: 168 time: 0.1373670
2026-07-22 15:26:56.714 10 INFO neutron.wsgi [req-56441e84-ff4c-4859-a884-5097da9fb659 req-262250d1-2580-453d-977c-83e7c57e8113 e62eee8fa42a4163a3ae678d2c8ae9aa 86e0e1c0a1f14810805148bd2196cbdc - - e37e2322584140228abb0979f9eb5225 e37e2322584140228abb0979f9eb5225] 10.0.0.64 "GET /v2.0/networks/4e7fc128-a945-49ca-b374-275779e71a12?fields=segments HTTP/1.1" status: 200 len: 212 time: 0.0545850
2026-07-22 15:26:56.728 9 INFO neutron.wsgi [None req-b3cee060-1317-4c90-9862-4c1a601b0d33 5c2d2eea7ebd43eaafe62f9f7646482d 1cefd14a2ae340718011307e746df049 - - default default] 10.0.0.179 "DELETE /v2.0/security-groups/6c53c9a5-1328-4160-b82a-dbaa707dbc41 HTTP/1.1" status: 204 len: 168 time: 0.2370830
2026-07-22 15:26:56.775 10 INFO neutron.wsgi [None req-88a3fcb7-eed0-48d1-bfcd-feae8485e25d 2aa9bb0e7df74004b6bf2897d472955c 27eb9134d97f4c85befdcfd9b6a6a47e - - default default] 10.0.0.179 "GET /v2.0/security-group-rules HTTP/1.1" status: 200 len: 3567 time: 0.0567675
2026-07-22 15:26:56.789 10 INFO neutron.wsgi [req-56441e84-ff4c-4859-a884-5097da9fb659 req-a5dc4feb-7433-4f14-a2df-03ba89136fcc e62eee8fa42a4163a3ae678d2c8ae9aa 86e0e1c0a1f14810805148bd2196cbdc - - e37e2322584140228abb0979f9eb5225 e37e2322584140228abb0979f9eb5225] 10.0.0.64 "GET /v2.0/networks/4e7fc128-a945-49ca-b374-275779e71a12?fields=provider%3Aphysical_network&fields=provider%3Anetwork_type HTTP/1.1" status: 200 len: 277 time: 0.0647213
2026-07-22 15:26:56.884 9 INFO neutron.db.ovn_revision_numbers_db [None req-b6fe50bd-8fbc-432a-8483-b611a04196e7 2aa9bb0e7df74004b6bf2897d472955c 27eb9134d97f4c85befdcfd9b6a6a47e - - default default] Successfully bumped revision number for resource 81ead8bc-3b71-4074-8680-a8dd4e8ea2b7 (type: security_group_rules) to 0
2026-07-22 15:26:56.912 9 INFO neutron.wsgi [None req-b6fe50bd-8fbc-432a-8483-b611a04196e7 2aa9bb0e7df74004b6bf2897d472955c 27eb9134d97f4c85befdcfd9b6a6a47e - - default default] 10.0.0.179 "POST /v2.0/security-group-rules HTTP/1.1" status: 201 len: 768 time: 0.1305087
2026-07-22 15:26:56.936 10 INFO neutron.wsgi [None req-44a13e76-69c1-4a88-ad52-a7636979e68c 2aa9bb0e7df74004b6bf2897d472955c 27eb9134d97f4c85befdcfd9b6a6a47e - - default default] 10.0.0.179 "GET /v2.0/security-group-rules/81ead8bc-3b71-4074-8680-a8dd4e8ea2b7 HTTP/1.1" status: 200 len: 763 time: 0.0148108
