2026-07-22 15:25:15.412 10 INFO neutron.db.ovn_revision_numbers_db [None req-9a9413ec-88a1-4d44-b662-d3b69ad90c4e 5c2d2eea7ebd43eaafe62f9f7646482d 1cefd14a2ae340718011307e746df049 - - default default] Successfully bumped revision number for resource 83f343bd-93d0-40af-b671-239ccc71e325 (type: security_group_rules) to 0
2026-07-22 15:25:15.437 10 INFO neutron.db.ovn_revision_numbers_db [None req-9a9413ec-88a1-4d44-b662-d3b69ad90c4e 5c2d2eea7ebd43eaafe62f9f7646482d 1cefd14a2ae340718011307e746df049 - - default default] Successfully bumped revision number for resource f9a7d08e-ddc6-436a-b915-1cd05e5c9c97 (type: security_group_rules) to 0
2026-07-22 15:25:15.461 10 INFO neutron.wsgi [None req-9a9413ec-88a1-4d44-b662-d3b69ad90c4e 5c2d2eea7ebd43eaafe62f9f7646482d 1cefd14a2ae340718011307e746df049 - - default default] 10.0.0.179 "GET /v2.0/security-groups?tenant_id=f76ecb060fa04459ba29aa4e47619fd6&name=default HTTP/1.1" status: 200 len: 2996 time: 0.2107685
2026-07-22 15:25:15.486 9 INFO neutron.db.ovn_revision_numbers_db [None req-c4cf4cf2-fc70-40c1-9cbc-1a3d3885f977 f10464e5f0d5444fb44699f0150f1db1 bd8ce3ea0fd7482491236ca6897ac4da - - default default] Successfully bumped revision number for resource 4b10c57a-6ecd-4751-b8d6-af417a5d6984 (type: networks) to 1
2026-07-22 15:25:15.689 10 INFO neutron.wsgi [None req-9be229d7-4940-4217-8b27-74e8cb66b70a 5c2d2eea7ebd43eaafe62f9f7646482d 1cefd14a2ae340718011307e746df049 - - default default] 10.0.0.179 "DELETE /v2.0/security-groups/7d4296e2-35c0-4c45-898b-717ece591308 HTTP/1.1" status: 204 len: 168 time: 0.2216723
2026-07-22 15:25:16.099 9 WARNING neutron.scheduler.dhcp_agent_scheduler [None req-c4cf4cf2-fc70-40c1-9cbc-1a3d3885f977 f10464e5f0d5444fb44699f0150f1db1 bd8ce3ea0fd7482491236ca6897ac4da - - default default] No more DHCP agents
2026-07-22 15:25:16.103 9 WARNING neutron.api.rpc.agentnotifiers.dhcp_rpc_agent_api [None req-c4cf4cf2-fc70-40c1-9cbc-1a3d3885f977 f10464e5f0d5444fb44699f0150f1db1 bd8ce3ea0fd7482491236ca6897ac4da - - default default] Unable to schedule network 4b10c57a-6ecd-4751-b8d6-af417a5d6984: no agents available; will retry on subsequent port and subnet creation events.
2026-07-22 15:25:16.254 9 INFO neutron.db.ovn_revision_numbers_db [None req-c4cf4cf2-fc70-40c1-9cbc-1a3d3885f977 f10464e5f0d5444fb44699f0150f1db1 bd8ce3ea0fd7482491236ca6897ac4da - - default default] Successfully bumped revision number for resource 4c6893e7-a8cb-4f49-816b-aefec8aee7a8 (type: ports) to 1
2026-07-22 15:25:16.399 9 INFO neutron.db.ovn_revision_numbers_db [None req-c4cf4cf2-fc70-40c1-9cbc-1a3d3885f977 f10464e5f0d5444fb44699f0150f1db1 bd8ce3ea0fd7482491236ca6897ac4da - - default default] Successfully bumped revision number for resource 5ae28d01-1d66-4398-902c-bdec0c7c8afb (type: networks) to 1
2026-07-22 15:25:16.543 9 INFO neutron.db.ovn_revision_numbers_db [req-db1fe50e-91a8-4aa8-9fe3-b20cb8393bd3 req-bb338b9f-b673-4c3b-bdff-7c5fb4ae58c7 4203cd334d204119bc83993adff8a89e 874bcdc4ad254d06ad07cb5c864f7d6f - - default default] Successfully bumped revision number for resource fe585365-2ba2-419f-8198-579fbbb06de2 (type: ports) to 6
2026-07-22 15:25:16.566 9 INFO neutron.wsgi [None req-987afd50-14dd-44a5-8fb3-62d376f9612a 5c2d2eea7ebd43eaafe62f9f7646482d 1cefd14a2ae340718011307e746df049 - - default default] 10.0.0.179 "DELETE /v2.0/routers/8c25d310-8109-47c2-9bd5-b36b33115cd8 HTTP/1.1" status: 204 len: 168 time: 1.4719918
2026-07-22 15:25:16.581 9 INFO neutron.wsgi [req-db1fe50e-91a8-4aa8-9fe3-b20cb8393bd3 req-bb338b9f-b673-4c3b-bdff-7c5fb4ae58c7 4203cd334d204119bc83993adff8a89e 874bcdc4ad254d06ad07cb5c864f7d6f - - default default] 199.204.45.95 "PUT /v2.0/ports/fe585365-2ba2-419f-8198-579fbbb06de2 HTTP/1.1" status: 200 len: 1167 time: 1.1633809 /var/lib/openstack/lib/python3.10/site-packages/pycadf/identifier.py:71: UserWarning: Invalid uuid: neutron. To ensure interoperability, identifiers should be a valid uuid. warnings.warn(('Invalid uuid: %s. To ensure interoperability, '
2026-07-22 15:25:16.654 9 INFO neutron.notifiers.nova [-] Nova event matching ['req-2d7e79f3-f28c-43b1-8dcf-64210e748251'] response: {'name': 'network-changed', 'server_uuid': 'd3918434-fa69-4192-8b48-2e4740066065', 'tag': 'fe585365-2ba2-419f-8198-579fbbb06de2', 'status': 'completed', 'code': 200}
2026-07-22 15:25:16.711 9 INFO neutron.wsgi [req-db1fe50e-91a8-4aa8-9fe3-b20cb8393bd3 req-c55d8ac1-0686-4fb6-b3f4-6d45d29a6972 e62eee8fa42a4163a3ae678d2c8ae9aa 86e0e1c0a1f14810805148bd2196cbdc - - e37e2322584140228abb0979f9eb5225 e37e2322584140228abb0979f9eb5225] 199.204.45.95 "GET /v2.0/ports?tenant_id=874bcdc4ad254d06ad07cb5c864f7d6f&device_id=d3918434-fa69-4192-8b48-2e4740066065 HTTP/1.1" status: 200 len: 1409 time: 0.0852234
2026-07-22 15:25:16.787 9 WARNING neutron.scheduler.dhcp_agent_scheduler [None req-c4cf4cf2-fc70-40c1-9cbc-1a3d3885f977 f10464e5f0d5444fb44699f0150f1db1 bd8ce3ea0fd7482491236ca6897ac4da - - default default] No more DHCP agents
2026-07-22 15:25:16.791 9 WARNING neutron.api.rpc.agentnotifiers.dhcp_rpc_agent_api [None req-c4cf4cf2-fc70-40c1-9cbc-1a3d3885f977 f10464e5f0d5444fb44699f0150f1db1 bd8ce3ea0fd7482491236ca6897ac4da - - default default] Unable to schedule network 5ae28d01-1d66-4398-902c-bdec0c7c8afb: no agents available; will retry on subsequent port and subnet creation events.
2026-07-22 15:25:16.819 9 INFO neutron.wsgi [req-db1fe50e-91a8-4aa8-9fe3-b20cb8393bd3 req-e7d15938-5383-4605-8ad6-03934038bad0 e62eee8fa42a4163a3ae678d2c8ae9aa 86e0e1c0a1f14810805148bd2196cbdc - - e37e2322584140228abb0979f9eb5225 e37e2322584140228abb0979f9eb5225] 199.204.45.95 "GET /v2.0/networks?id=665f7969-053f-4a34-b9f7-c54571407f74 HTTP/1.1" status: 200 len: 981 time: 0.0997405
2026-07-22 15:25:16.828 10 INFO neutron.wsgi [None req-28b0da67-2535-4d28-bfc6-ada6cfcea6a9 5c2d2eea7ebd43eaafe62f9f7646482d 1cefd14a2ae340718011307e746df049 - - default default] 10.0.0.179 "DELETE /v2.0/subnets/6fd0cf71-4f36-4a1f-a6fe-fd71b642b006 HTTP/1.1" status: 204 len: 168 time: 0.2554905
2026-07-22 15:25:16.890 9 INFO neutron.wsgi [req-db1fe50e-91a8-4aa8-9fe3-b20cb8393bd3 req-ea6a255a-a02d-40e3-90c4-c4cc402f2e80 e62eee8fa42a4163a3ae678d2c8ae9aa 86e0e1c0a1f14810805148bd2196cbdc - - e37e2322584140228abb0979f9eb5225 e37e2322584140228abb0979f9eb5225] 199.204.45.95 "GET /v2.0/floatingips?fixed_ip_address=10.100.0.8&port_id=fe585365-2ba2-419f-8198-579fbbb06de2 HTTP/1.1" status: 200 len: 1059 time: 0.0580473
2026-07-22 15:25:16.912 9 INFO neutron.db.ovn_revision_numbers_db [None req-c4cf4cf2-fc70-40c1-9cbc-1a3d3885f977 f10464e5f0d5444fb44699f0150f1db1 bd8ce3ea0fd7482491236ca6897ac4da - - default default] Successfully bumped revision number for resource 3196fa66-814e-413c-aa2c-cec159cd4e40 (type: ports) to 1
2026-07-22 15:25:16.937 9 INFO neutron.wsgi [None req-c4cf4cf2-fc70-40c1-9cbc-1a3d3885f977 f10464e5f0d5444fb44699f0150f1db1 bd8ce3ea0fd7482491236ca6897ac4da - - default default] 10.0.0.179 "POST /v2.0/networks HTTP/1.1" status: 201 len: 1445 time: 2.4444785
2026-07-22 15:25:16.957 9 INFO neutron.wsgi [req-db1fe50e-91a8-4aa8-9fe3-b20cb8393bd3 req-d8e9b7fc-242f-4b8a-a7fa-2438c45f54ff e62eee8fa42a4163a3ae678d2c8ae9aa 86e0e1c0a1f14810805148bd2196cbdc - - e37e2322584140228abb0979f9eb5225 e37e2322584140228abb0979f9eb5225] 199.204.45.95 "GET /v2.0/subnets?id=1051589f-4e67-4a2b-ba8b-4bc66bfaeb2d HTTP/1.1" status: 200 len: 876 time: 0.0604589
2026-07-22 15:25:16.986 9 INFO neutron.wsgi [req-db1fe50e-91a8-4aa8-9fe3-b20cb8393bd3 req-dc308f20-16f0-4186-8fbc-374ede6328d7 e62eee8fa42a4163a3ae678d2c8ae9aa 86e0e1c0a1f14810805148bd2196cbdc - - e37e2322584140228abb0979f9eb5225 e37e2322584140228abb0979f9eb5225] 199.204.45.95 "GET /v2.0/ports?network_id=665f7969-053f-4a34-b9f7-c54571407f74&device_owner=network%3Adhcp HTTP/1.1" status: 200 len: 210 time: 0.0229621
2026-07-22 15:25:17.058 9 INFO neutron.wsgi [None req-d7e60a15-806d-456e-b00d-58a545efed45 f10464e5f0d5444fb44699f0150f1db1 bd8ce3ea0fd7482491236ca6897ac4da - - default default] 10.0.0.179 "GET /v2.0/networks HTTP/1.1" status: 200 len: 2051 time: 0.1162808
2026-07-22 15:25:17.088 9 INFO neutron.wsgi [req-db1fe50e-91a8-4aa8-9fe3-b20cb8393bd3 req-25a2a4d2-9c79-4ee9-b221-060bad2c3dfc e62eee8fa42a4163a3ae678d2c8ae9aa 86e0e1c0a1f14810805148bd2196cbdc - - e37e2322584140228abb0979f9eb5225 e37e2322584140228abb0979f9eb5225] 199.204.45.95 "GET /v2.0/networks/665f7969-053f-4a34-b9f7-c54571407f74?fields=segments HTTP/1.1" status: 200 len: 212 time: 0.0926306
2026-07-22 15:25:17.172 9 INFO neutron.wsgi [req-db1fe50e-91a8-4aa8-9fe3-b20cb8393bd3 req-58c951bc-be7d-44eb-9025-4773581366e6 e62eee8fa42a4163a3ae678d2c8ae9aa 86e0e1c0a1f14810805148bd2196cbdc - - e37e2322584140228abb0979f9eb5225 e37e2322584140228abb0979f9eb5225] 199.204.45.95 "GET /v2.0/networks/665f7969-053f-4a34-b9f7-c54571407f74?fields=provider%3Aphysical_network&fields=provider%3Anetwork_type HTTP/1.1" status: 200 len: 277 time: 0.0803137
2026-07-22 15:25:17.174 10 INFO neutron.services.segments.plugin [-] Segment 6064e41b-327d-4566-b83f-d2d83fbb8ffe resource provider aggregate not found
2026-07-22 15:25:17.180 10 INFO neutron.services.segments.plugin [-] Segment 6064e41b-327d-4566-b83f-d2d83fbb8ffe resource provider aggregate not found
2026-07-22 15:25:17.199 10 INFO neutron.services.segments.plugin [-] Segment 6064e41b-327d-4566-b83f-d2d83fbb8ffe resource provider not found; error: Placement Client Error (4xx): {"errors": [{"status": 404, "title": "Not Found", "detail": "The resource could not be found.\n\n No resource provider with uuid 6064e41b-327d-4566-b83f-d2d83fbb8ffe found for delete ", "request_id": "req-19ce6843-6001-4b96-94dd-85ba52d741b2"}]}
2026-07-22 15:25:17.201 10 INFO neutron.services.segments.plugin [-] Segment 6064e41b-327d-4566-b83f-d2d83fbb8ffe resource provider not found; error: Placement Client Error (4xx): {"errors": [{"status": 404, "title": "Not Found", "detail": "The resource could not be found.\n\n No resource provider with uuid 6064e41b-327d-4566-b83f-d2d83fbb8ffe found for delete ", "request_id": "req-b44a43fc-33b7-4f07-bd2d-7014ef61c994"}]}
2026-07-22 15:25:17.220 10 INFO neutron.wsgi [None req-5f3766c0-61fc-4011-844f-65077d781fc1 5c2d2eea7ebd43eaafe62f9f7646482d 1cefd14a2ae340718011307e746df049 - - default default] 10.0.0.179 "DELETE /v2.0/networks/72592db4-0f57-4c16-b5cf-b6851cc86ff0 HTTP/1.1" status: 204 len: 168 time: 0.3881824
2026-07-22 15:25:17.251 9 INFO neutron.wsgi [req-616f68d0-4789-40fc-be7e-a68136aa14c7 req-f740786c-74c2-4706-8146-52094035d360 e62eee8fa42a4163a3ae678d2c8ae9aa 86e0e1c0a1f14810805148bd2196cbdc - - e37e2322584140228abb0979f9eb5225 e37e2322584140228abb0979f9eb5225] 199.204.45.95 "GET /v2.0/ports?tenant_id=874bcdc4ad254d06ad07cb5c864f7d6f&device_id=d3918434-fa69-4192-8b48-2e4740066065 HTTP/1.1" status: 200 len: 1409 time: 0.0335708
2026-07-22 15:25:17.323 9 INFO neutron.wsgi [req-616f68d0-4789-40fc-be7e-a68136aa14c7 req-de5a5ad2-4156-487b-8117-a72069c09a84 e62eee8fa42a4163a3ae678d2c8ae9aa 86e0e1c0a1f14810805148bd2196cbdc - - e37e2322584140228abb0979f9eb5225 e37e2322584140228abb0979f9eb5225] 199.204.45.95 "GET /v2.0/networks?id=665f7969-053f-4a34-b9f7-c54571407f74 HTTP/1.1" status: 200 len: 981 time: 0.0635152
2026-07-22 15:25:17.379 9 INFO neutron.wsgi [req-616f68d0-4789-40fc-be7e-a68136aa14c7 req-6fbacf69-c90c-48e6-bc03-82adc51b027c e62eee8fa42a4163a3ae678d2c8ae9aa 86e0e1c0a1f14810805148bd2196cbdc - - e37e2322584140228abb0979f9eb5225 e37e2322584140228abb0979f9eb5225] 199.204.45.95 "GET /v2.0/floatingips?fixed_ip_address=10.100.0.8&port_id=fe585365-2ba2-419f-8198-579fbbb06de2 HTTP/1.1" status: 200 len: 1059 time: 0.0410357
2026-07-22 15:25:17.427 9 INFO neutron.wsgi [req-616f68d0-4789-40fc-be7e-a68136aa14c7 req-a064d275-c3f1-4e0d-82c8-69516e6c115b e62eee8fa42a4163a3ae678d2c8ae9aa 86e0e1c0a1f14810805148bd2196cbdc - - e37e2322584140228abb0979f9eb5225 e37e2322584140228abb0979f9eb5225] 199.204.45.95 "GET /v2.0/subnets?id=1051589f-4e67-4a2b-ba8b-4bc66bfaeb2d HTTP/1.1" status: 200 len: 876 time: 0.0397928
2026-07-22 15:25:17.447 10 INFO neutron.wsgi [None req-cbead31a-4583-4f4b-9a4f-8f8822a20a98 5c2d2eea7ebd43eaafe62f9f7646482d 1cefd14a2ae340718011307e746df049 - - default default] 10.0.0.179 "GET /v2.0/security-groups?tenant_id=2de718994ea64ab09e36b8c011ced30f&name=default HTTP/1.1" status: 200 len: 2996 time: 0.0467992
2026-07-22 15:25:17.466 9 INFO neutron.wsgi [req-616f68d0-4789-40fc-be7e-a68136aa14c7 req-48ae434a-339c-4a86-8419-967644e12ee3 e62eee8fa42a4163a3ae678d2c8ae9aa 86e0e1c0a1f14810805148bd2196cbdc - - e37e2322584140228abb0979f9eb5225 e37e2322584140228abb0979f9eb5225] 199.204.45.95 "GET /v2.0/ports?network_id=665f7969-053f-4a34-b9f7-c54571407f74&device_owner=network%3Adhcp HTTP/1.1" status: 200 len: 210 time: 0.0256836
2026-07-22 15:25:17.525 9 INFO neutron.services.segments.plugin [-] Segment 6b81f9b7-b08b-43a0-a06f-ee69088cd25f resource provider aggregate not found
2026-07-22 15:25:17.530 9 INFO neutron.services.segments.plugin [-] Segment 6b81f9b7-b08b-43a0-a06f-ee69088cd25f resource provider aggregate not found
2026-07-22 15:25:17.556 9 INFO neutron.services.segments.plugin [-] Segment 6b81f9b7-b08b-43a0-a06f-ee69088cd25f resource provider not found; error: Placement Client Error (4xx): {"errors": [{"status": 404, "title": "Not Found", "detail": "The resource could not be found.\n\n No resource provider with uuid 6b81f9b7-b08b-43a0-a06f-ee69088cd25f found for delete ", "request_id": "req-2e122484-397c-4740-a062-6fe9722d3554"}]}
2026-07-22 15:25:17.557 9 INFO neutron.services.segments.plugin [-] Segment 6b81f9b7-b08b-43a0-a06f-ee69088cd25f resource provider not found; error: Placement Client Error (4xx): {"errors": [{"status": 404, "title": "Not Found", "detail": "The resource could not be found.\n\n No resource provider with uuid 6b81f9b7-b08b-43a0-a06f-ee69088cd25f found for delete ", "request_id": "req-6dfe0baa-8f6c-4087-95d8-96795f2fb9f0"}]}
2026-07-22 15:25:17.580 9 INFO neutron.wsgi [req-616f68d0-4789-40fc-be7e-a68136aa14c7 req-5c01356e-42ca-4ccb-844e-1ca23fb01857 e62eee8fa42a4163a3ae678d2c8ae9aa 86e0e1c0a1f14810805148bd2196cbdc - - e37e2322584140228abb0979f9eb5225 e37e2322584140228abb0979f9eb5225] 199.204.45.95 "GET /v2.0/networks/665f7969-053f-4a34-b9f7-c54571407f74?fields=segments HTTP/1.1" status: 200 len: 212 time: 0.1079729
2026-07-22 15:25:17.591 9 INFO neutron.wsgi [None req-2a78cd9a-c6f6-47de-ad2e-fd57b5056f2a f10464e5f0d5444fb44699f0150f1db1 bd8ce3ea0fd7482491236ca6897ac4da - - default default] 10.0.0.179 "DELETE /v2.0/networks/4b10c57a-6ecd-4751-b8d6-af417a5d6984 HTTP/1.1" status: 204 len: 168 time: 0.5222170
2026-07-22 15:25:17.650 10 INFO neutron.plugins.ml2.drivers.ovn.mech_driver.mech_driver [None req-a95e7cce-003f-4257-bd49-f307de43da7e - - - - - -] OVN reports status down for port: fe585365-2ba2-419f-8198-579fbbb06de2
2026-07-22 15:25:17.661 9 INFO neutron.wsgi [req-616f68d0-4789-40fc-be7e-a68136aa14c7 req-ea1f8447-be21-4193-9b2d-0823e1432968 e62eee8fa42a4163a3ae678d2c8ae9aa 86e0e1c0a1f14810805148bd2196cbdc - - e37e2322584140228abb0979f9eb5225 e37e2322584140228abb0979f9eb5225] 199.204.45.95 "GET /v2.0/networks/665f7969-053f-4a34-b9f7-c54571407f74?fields=provider%3Aphysical_network&fields=provider%3Anetwork_type HTTP/1.1" status: 200 len: 277 time: 0.0728235
2026-07-22 15:25:17.773 9 INFO neutron.wsgi [req-4c0ea03b-8aff-4b7a-9d5c-c4d6944b4e7e req-5f958bc4-867b-4293-b348-bb037646d25e 4203cd334d204119bc83993adff8a89e 874bcdc4ad254d06ad07cb5c864f7d6f - - default default] 10.0.0.64 "GET /v2.0/ports?device_id=d3918434-fa69-4192-8b48-2e4740066065 HTTP/1.1" status: 200 len: 1170 time: 0.1423757
2026-07-22 15:25:17.803 10 INFO neutron.wsgi [None req-6d6afb9d-5a61-4dcc-9b76-eb685fee2dc9 5c2d2eea7ebd43eaafe62f9f7646482d 1cefd14a2ae340718011307e746df049 - - default default] 10.0.0.179 "DELETE /v2.0/security-groups/f98a9086-563f-4e13-bd27-ad94dd42873e HTTP/1.1" status: 204 len: 168 time: 0.3478305
2026-07-22 15:25:17.859 9 INFO neutron.wsgi [req-4c0ea03b-8aff-4b7a-9d5c-c4d6944b4e7e req-08aeaf3c-da2b-4b2c-b59e-98a96dc1f23c 4203cd334d204119bc83993adff8a89e 874bcdc4ad254d06ad07cb5c864f7d6f - - default default] 10.0.0.64 "GET /v2.0/security-groups?id=02ab910f-042c-4c80-8bf4-acc4568f80dd&fields=id&fields=name HTTP/1.1" status: 200 len: 311 time: 0.0766995
2026-07-22 15:25:17.871 10 INFO neutron.notifiers.nova [-] Nova event matching ['req-b6a6b270-e153-43bd-9f1c-1676a7a2e74b'] response: {'server_uuid': 'd3918434-fa69-4192-8b48-2e4740066065', 'name': 'network-vif-unplugged', 'status': 'completed', 'tag': 'fe585365-2ba2-419f-8198-579fbbb06de2', 'code': 200}
2026-07-22 15:25:17.994 9 INFO neutron.wsgi [req-28a32214-242d-44b6-bb18-12a2697a37bc req-60d89495-1735-4093-b906-b4d6d18ab1da 4203cd334d204119bc83993adff8a89e 874bcdc4ad254d06ad07cb5c864f7d6f - - default default] 199.204.45.95 "GET /v2.0/ports?device_id=d3918434-fa69-4192-8b48-2e4740066065 HTTP/1.1" status: 200 len: 1168 time: 0.0740836
2026-07-22 15:25:18.096 10 INFO neutron.db.ovn_revision_numbers_db [None req-a95e7cce-003f-4257-bd49-f307de43da7e - - - - - -] Successfully bumped revision number for resource fe585365-2ba2-419f-8198-579fbbb06de2 (type: ports) to 7
2026-07-22 15:25:18.181 10 INFO neutron.wsgi [None req-7a539a67-b615-472a-898a-4d204557686f f10464e5f0d5444fb44699f0150f1db1 bd8ce3ea0fd7482491236ca6897ac4da - - default default] 10.0.0.179 "DELETE /v2.0/networks/5ae28d01-1d66-4398-902c-bdec0c7c8afb HTTP/1.1" status: 204 len: 168 time: 0.5835707 /var/lib/openstack/lib/python3.10/site-packages/pycadf/identifier.py:71: UserWarning: Invalid uuid: neutron. To ensure interoperability, identifiers should be a valid uuid. warnings.warn(('Invalid uuid: %s. To ensure interoperability, '
2026-07-22 15:25:18.305 10 INFO neutron.wsgi [None req-2541577b-f865-4d2e-b9e5-f11a7915daed f10464e5f0d5444fb44699f0150f1db1 bd8ce3ea0fd7482491236ca6897ac4da - - default default] 10.0.0.179 "GET /v2.0/networks HTTP/1.1" status: 200 len: 845 time: 0.1171470
2026-07-22 15:25:18.391 10 INFO neutron.db.segments_db [None req-e12a00f3-380a-4491-8a36-3065dc22806c f10464e5f0d5444fb44699f0150f1db1 bd8ce3ea0fd7482491236ca6897ac4da - - default default] Added segment 0f4cbcb7-b996-4109-88e4-0a14386eefae of type geneve for network 1786dc87-2d78-4664-9d00-1f9de6d89426
2026-07-22 15:25:18.569 9 INFO neutron.db.l3_db [req-28a32214-242d-44b6-bb18-12a2697a37bc req-54354baf-582c-49d2-bf0a-7620a77be20d 4203cd334d204119bc83993adff8a89e 874bcdc4ad254d06ad07cb5c864f7d6f - - default default] Floating IP abcd526e-86df-4fd7-9757-a98409f58b42 disassociated. External IP: 10.96.250.212, port: fe585365-2ba2-419f-8198-579fbbb06de2.
2026-07-22 15:25:18.571 10 INFO neutron.db.ovn_revision_numbers_db [None req-e12a00f3-380a-4491-8a36-3065dc22806c f10464e5f0d5444fb44699f0150f1db1 bd8ce3ea0fd7482491236ca6897ac4da - - default default] Successfully bumped revision number for resource 1786dc87-2d78-4664-9d00-1f9de6d89426 (type: networks) to 1
2026-07-22 15:25:18.792 9 INFO neutron.wsgi [req-28a32214-242d-44b6-bb18-12a2697a37bc req-54354baf-582c-49d2-bf0a-7620a77be20d 4203cd334d204119bc83993adff8a89e 874bcdc4ad254d06ad07cb5c864f7d6f - - default default] 199.204.45.95 "DELETE /v2.0/ports/fe585365-2ba2-419f-8198-579fbbb06de2 HTTP/1.1" status: 204 len: 173 time: 0.7947323
2026-07-22 15:25:18.815 10 WARNING neutron.scheduler.dhcp_agent_scheduler [None req-e12a00f3-380a-4491-8a36-3065dc22806c f10464e5f0d5444fb44699f0150f1db1 bd8ce3ea0fd7482491236ca6897ac4da - - default default] No more DHCP agents
2026-07-22 15:25:18.817 10 WARNING neutron.api.rpc.agentnotifiers.dhcp_rpc_agent_api [None req-e12a00f3-380a-4491-8a36-3065dc22806c f10464e5f0d5444fb44699f0150f1db1 bd8ce3ea0fd7482491236ca6897ac4da - - default default] Unable to schedule network 1786dc87-2d78-4664-9d00-1f9de6d89426: no agents available; will retry on subsequent port and subnet creation events.
2026-07-22 15:25:18.833 9 INFO neutron.notifiers.nova [-] Nova event matching ['req-ac85b46a-7ab4-450b-830e-2062b20411d1'] response: {'server_uuid': 'd3918434-fa69-4192-8b48-2e4740066065', 'name': 'network-vif-deleted', 'tag': 'fe585365-2ba2-419f-8198-579fbbb06de2', 'status': 'completed', 'code': 200}
2026-07-22 15:25:18.909 10 INFO neutron.db.ovn_revision_numbers_db [None req-e12a00f3-380a-4491-8a36-3065dc22806c f10464e5f0d5444fb44699f0150f1db1 bd8ce3ea0fd7482491236ca6897ac4da - - default default] Successfully bumped revision number for resource f6a573a5-2e3d-486f-8186-9c9712f386eb (type: ports) to 1
2026-07-22 15:25:18.929 10 INFO neutron.wsgi [None req-e12a00f3-380a-4491-8a36-3065dc22806c f10464e5f0d5444fb44699f0150f1db1 bd8ce3ea0fd7482491236ca6897ac4da - - default default] 10.0.0.179 "POST /v2.0/networks HTTP/1.1" status: 201 len: 852 time: 0.6169271 /var/lib/openstack/lib/python3.10/site-packages/pycadf/identifier.py:71: UserWarning: Invalid uuid: neutron. To ensure interoperability, identifiers should be a valid uuid. warnings.warn(('Invalid uuid: %s. To ensure interoperability, '
2026-07-22 15:25:18.991 9 INFO neutron.wsgi [req-bde947f5-3903-453d-9e38-ddf1c48b26b0 req-5a9fa595-f0bb-4f1a-a833-dc62eaea667a 4203cd334d204119bc83993adff8a89e 874bcdc4ad254d06ad07cb5c864f7d6f - - default default] 10.0.0.64 "GET /v2.0/ports?device_id=d3918434-fa69-4192-8b48-2e4740066065 HTTP/1.1" status: 200 len: 210 time: 0.0310638
2026-07-22 15:25:19.037 10 INFO neutron.db.segments_db [None req-3a84044e-7f78-4c81-a717-560b33e3afd2 f10464e5f0d5444fb44699f0150f1db1 bd8ce3ea0fd7482491236ca6897ac4da - - default default] Added segment f190288f-6766-4542-bb20-de4a601217e7 of type geneve for network fdb6a4e0-66ee-44ad-ae1c-578ed78b9b41
2026-07-22 15:25:19.218 10 INFO neutron.services.segments.plugin [-] Segment cfe1ca8a-295c-4ea9-9d75-5993c5551df7 resource provider aggregate not found
2026-07-22 15:25:19.228 10 INFO neutron.services.segments.plugin [-] Segment cfe1ca8a-295c-4ea9-9d75-5993c5551df7 resource provider aggregate not found
2026-07-22 15:25:19.237 10 INFO neutron.services.segments.plugin [-] Segment cfe1ca8a-295c-4ea9-9d75-5993c5551df7 resource provider not found; error: Placement Client Error (4xx): {"errors": [{"status": 404, "title": "Not Found", "detail": "The resource could not be found.\n\n No resource provider with uuid cfe1ca8a-295c-4ea9-9d75-5993c5551df7 found for delete ", "request_id": "req-685d0fda-5488-490a-8ce0-7e60487abfbd"}]}
2026-07-22 15:25:19.238 10 INFO neutron.db.ovn_revision_numbers_db [None req-3a84044e-7f78-4c81-a717-560b33e3afd2 f10464e5f0d5444fb44699f0150f1db1 bd8ce3ea0fd7482491236ca6897ac4da - - default default] Successfully bumped revision number for resource fdb6a4e0-66ee-44ad-ae1c-578ed78b9b41 (type: networks) to 1
2026-07-22 15:25:19.252 10 INFO neutron.services.segments.plugin [-] Segment cfe1ca8a-295c-4ea9-9d75-5993c5551df7 resource provider not found; error: Placement Client Error (4xx): {"errors": [{"status": 404, "title": "Not Found", "detail": "The resource could not be found.\n\n No resource provider with uuid cfe1ca8a-295c-4ea9-9d75-5993c5551df7 found for delete ", "request_id": "req-123593d7-070c-4af7-bc13-32a2a213decd"}]}
2026-07-22 15:25:19.416 10 WARNING neutron.scheduler.dhcp_agent_scheduler [None req-3a84044e-7f78-4c81-a717-560b33e3afd2 f10464e5f0d5444fb44699f0150f1db1 bd8ce3ea0fd7482491236ca6897ac4da - - default default] No more DHCP agents
2026-07-22 15:25:19.419 10 WARNING neutron.api.rpc.agentnotifiers.dhcp_rpc_agent_api [None req-3a84044e-7f78-4c81-a717-560b33e3afd2 f10464e5f0d5444fb44699f0150f1db1 bd8ce3ea0fd7482491236ca6897ac4da - - default default] Unable to schedule network fdb6a4e0-66ee-44ad-ae1c-578ed78b9b41: no agents available; will retry on subsequent port and subnet creation events.
2026-07-22 15:25:19.514 10 INFO neutron.db.ovn_revision_numbers_db [None req-3a84044e-7f78-4c81-a717-560b33e3afd2 f10464e5f0d5444fb44699f0150f1db1 bd8ce3ea0fd7482491236ca6897ac4da - - default default] Successfully bumped revision number for resource 1ced4ffd-324c-4fca-ae27-9dc7b7fc8705 (type: ports) to 1
2026-07-22 15:25:19.551 10 INFO neutron.wsgi [None req-3a84044e-7f78-4c81-a717-560b33e3afd2 f10464e5f0d5444fb44699f0150f1db1 bd8ce3ea0fd7482491236ca6897ac4da - - default default] 10.0.0.179 "POST /v2.0/networks HTTP/1.1" status: 201 len: 853 time: 0.6153889
2026-07-22 15:25:19.916 10 INFO neutron.notifiers.nova [-] Nova event matching ['req-1a18a4ce-a3a2-4874-8cb2-36b0ba8e804e'] response: {'server_uuid': 'd3918434-fa69-4192-8b48-2e4740066065', 'name': 'network-vif-plugged', 'status': 'completed', 'tag': 'fe585365-2ba2-419f-8198-579fbbb06de2', 'code': 200}
2026-07-22 15:25:20.248 9 INFO neutron.db.ovn_revision_numbers_db [None req-d7390de8-b14b-47b1-a671-eee2dfcd998b 5c2d2eea7ebd43eaafe62f9f7646482d 1cefd14a2ae340718011307e746df049 - - default default] Successfully bumped revision number for resource 3c161605-c8df-46a3-b33e-de546ac656a2 (type: security_groups) to 1
2026-07-22 15:25:20.270 9 INFO neutron.db.ovn_revision_numbers_db [None req-d7390de8-b14b-47b1-a671-eee2dfcd998b 5c2d2eea7ebd43eaafe62f9f7646482d 1cefd14a2ae340718011307e746df049 - - default default] Successfully bumped revision number for resource 4d67f383-7d5b-4f0f-b1ed-42d347a0e26e (type: security_group_rules) to 0
2026-07-22 15:25:20.285 9 INFO neutron.db.ovn_revision_numbers_db [None req-d3d76e83-3d76-44bc-8380-b621537bc28b 5c2d2eea7ebd43eaafe62f9f7646482d 1cefd14a2ae340718011307e746df049 - - default default] Successfully bumped revision number for resource 12a6fa88-34ff-4f7f-b204-4d52f76caf65 (type: security_groups) to 1
2026-07-22 15:25:20.299 9 INFO neutron.db.ovn_revision_numbers_db [None req-d7390de8-b14b-47b1-a671-eee2dfcd998b 5c2d2eea7ebd43eaafe62f9f7646482d 1cefd14a2ae340718011307e746df049 - - default default] Successfully bumped revision number for resource 99eeeb37-38d8-43ac-83d2-85162182e0bf (type: security_group_rules) to 0
2026-07-22 15:25:20.305 9 INFO neutron.wsgi [None req-5c5c0171-2068-453b-9b3c-0a87ed7822e6 4203cd334d204119bc83993adff8a89e 874bcdc4ad254d06ad07cb5c864f7d6f - - default default] 10.0.0.179 "DELETE /v2.0/security-groups/02ab910f-042c-4c80-8bf4-acc4568f80dd HTTP/1.1" status: 204 len: 168 time: 0.2151012
2026-07-22 15:25:20.310 9 INFO neutron.db.ovn_revision_numbers_db [None req-d3d76e83-3d76-44bc-8380-b621537bc28b 5c2d2eea7ebd43eaafe62f9f7646482d 1cefd14a2ae340718011307e746df049 - - default default] Successfully bumped revision number for resource 0b2c3ebb-54f2-4d9e-a533-7420b87d28d8 (type: security_group_rules) to 0 /var/lib/openstack/lib/python3.10/site-packages/pycadf/identifier.py:71: UserWarning: Invalid uuid: neutron. To ensure interoperability, identifiers should be a valid uuid. warnings.warn(('Invalid uuid: %s. To ensure interoperability, '
2026-07-22 15:25:20.330 10 INFO neutron.api.v2.resource [None req-b8de7c2f-40c2-4d14-94ac-3ff9640ecdb3 4203cd334d204119bc83993adff8a89e 874bcdc4ad254d06ad07cb5c864f7d6f - - default default] show failed (client error): The resource could not be found.
2026-07-22 15:25:20.331 10 INFO neutron.wsgi [None req-b8de7c2f-40c2-4d14-94ac-3ff9640ecdb3 4203cd334d204119bc83993adff8a89e 874bcdc4ad254d06ad07cb5c864f7d6f - - default default] 10.0.0.179 "GET /v2.0/security-groups/02ab910f-042c-4c80-8bf4-acc4568f80dd HTTP/1.1" status: 404 len: 347 time: 0.0158942
2026-07-22 15:25:20.333 9 INFO neutron.db.ovn_revision_numbers_db [None req-d7390de8-b14b-47b1-a671-eee2dfcd998b 5c2d2eea7ebd43eaafe62f9f7646482d 1cefd14a2ae340718011307e746df049 - - default default] Successfully bumped revision number for resource aa8c9201-7846-4ce5-9f79-5d9befa2c02c (type: security_group_rules) to 0
2026-07-22 15:25:20.336 9 INFO neutron.db.ovn_revision_numbers_db [None req-d3d76e83-3d76-44bc-8380-b621537bc28b 5c2d2eea7ebd43eaafe62f9f7646482d 1cefd14a2ae340718011307e746df049 - - default default] Successfully bumped revision number for resource 12f31b58-b1e9-4281-b1ae-7495997ed643 (type: security_group_rules) to 0
2026-07-22 15:25:20.357 9 INFO neutron.db.ovn_revision_numbers_db [None req-d7390de8-b14b-47b1-a671-eee2dfcd998b 5c2d2eea7ebd43eaafe62f9f7646482d 1cefd14a2ae340718011307e746df049 - - default default] Successfully bumped revision number for resource fb14f757-82b8-426e-aff8-32a3fc501c85 (type: security_group_rules) to 0
2026-07-22 15:25:20.368 9 INFO neutron.db.ovn_revision_numbers_db [None req-d3d76e83-3d76-44bc-8380-b621537bc28b 5c2d2eea7ebd43eaafe62f9f7646482d 1cefd14a2ae340718011307e746df049 - - default default] Successfully bumped revision number for resource 444700a6-abeb-42a8-ae14-ff60fd9925b7 (type: security_group_rules) to 0
2026-07-22 15:25:20.395 9 INFO neutron.wsgi [None req-d7390de8-b14b-47b1-a671-eee2dfcd998b 5c2d2eea7ebd43eaafe62f9f7646482d 1cefd14a2ae340718011307e746df049 - - default default] 10.0.0.179 "GET /v2.0/security-groups?tenant_id=a56c12e9cc97446e9659db3544f66f89&name=default HTTP/1.1" status: 200 len: 2996 time: 0.4729571
2026-07-22 15:25:20.418 9 INFO neutron.db.ovn_revision_numbers_db [None req-d3d76e83-3d76-44bc-8380-b621537bc28b 5c2d2eea7ebd43eaafe62f9f7646482d 1cefd14a2ae340718011307e746df049 - - default default] Successfully bumped revision number for resource 6ff73f65-27db-4508-a016-385e81019d9f (type: security_group_rules) to 0
2026-07-22 15:25:20.476 9 INFO neutron.db.segments_db [None req-d3d76e83-3d76-44bc-8380-b621537bc28b 5c2d2eea7ebd43eaafe62f9f7646482d 1cefd14a2ae340718011307e746df049 - - default default] Added segment bf00d1c9-f041-42ef-baa5-513e803a40a2 of type geneve for network a0670e8e-ad06-44a9-88c2-0102eed546c9
2026-07-22 15:25:20.501 10 WARNING neutron.scheduler.dhcp_agent_scheduler [None req-613ccd62-8bd4-49f2-b9e6-eb056f795fc8 f10464e5f0d5444fb44699f0150f1db1 bd8ce3ea0fd7482491236ca6897ac4da - - default default] No more DHCP agents
2026-07-22 15:25:20.505 10 WARNING neutron.api.rpc.agentnotifiers.dhcp_rpc_agent_api [None req-613ccd62-8bd4-49f2-b9e6-eb056f795fc8 f10464e5f0d5444fb44699f0150f1db1 bd8ce3ea0fd7482491236ca6897ac4da - - default default] Unable to schedule network 1786dc87-2d78-4664-9d00-1f9de6d89426: no agents available; will retry on subsequent port and subnet creation events.
2026-07-22 15:25:20.643 10 INFO neutron.db.ovn_revision_numbers_db [None req-613ccd62-8bd4-49f2-b9e6-eb056f795fc8 f10464e5f0d5444fb44699f0150f1db1 bd8ce3ea0fd7482491236ca6897ac4da - - default default] Successfully bumped revision number for resource 250b5da9-b673-4c1d-89be-076656dd78e0 (type: ports) to 1
2026-07-22 15:25:20.666 9 INFO neutron.db.ovn_revision_numbers_db [None req-d3d76e83-3d76-44bc-8380-b621537bc28b 5c2d2eea7ebd43eaafe62f9f7646482d 1cefd14a2ae340718011307e746df049 - - default default] Successfully bumped revision number for resource a0670e8e-ad06-44a9-88c2-0102eed546c9 (type: networks) to 1
2026-07-22 15:25:20.684 10 WARNING neutron.scheduler.dhcp_agent_scheduler [None req-613ccd62-8bd4-49f2-b9e6-eb056f795fc8 f10464e5f0d5444fb44699f0150f1db1 bd8ce3ea0fd7482491236ca6897ac4da - - default default] No more DHCP agents
2026-07-22 15:25:20.688 10 WARNING neutron.api.rpc.agentnotifiers.dhcp_rpc_agent_api [None req-613ccd62-8bd4-49f2-b9e6-eb056f795fc8 f10464e5f0d5444fb44699f0150f1db1 bd8ce3ea0fd7482491236ca6897ac4da - - default default] Unable to schedule network fdb6a4e0-66ee-44ad-ae1c-578ed78b9b41: no agents available; will retry on subsequent port and subnet creation events.
2026-07-22 15:25:20.752 9 INFO neutron.wsgi [None req-65d32f00-db45-4794-82b6-8dee868ee5c4 5c2d2eea7ebd43eaafe62f9f7646482d 1cefd14a2ae340718011307e746df049 - - default default] 10.0.0.179 "DELETE /v2.0/security-groups/3c161605-c8df-46a3-b33e-de546ac656a2 HTTP/1.1" status: 204 len: 168 time: 0.3427730
2026-07-22 15:25:20.806 10 INFO neutron.db.ovn_revision_numbers_db [None req-613ccd62-8bd4-49f2-b9e6-eb056f795fc8 f10464e5f0d5444fb44699f0150f1db1 bd8ce3ea0fd7482491236ca6897ac4da - - default default] Successfully bumped revision number for resource 9c124b81-3278-45fd-b471-3ac0039fa146 (type: ports) to 1
2026-07-22 15:25:20.832 10 INFO neutron.wsgi [None req-613ccd62-8bd4-49f2-b9e6-eb056f795fc8 f10464e5f0d5444fb44699f0150f1db1 bd8ce3ea0fd7482491236ca6897ac4da - - default default] 10.0.0.179 "POST /v2.0/ports HTTP/1.1" status: 201 len: 1705 time: 1.2740815
2026-07-22 15:25:20.842 10 INFO neutron.wsgi [None req-6beed379-280e-4322-9870-a35a01818ce3 4203cd334d204119bc83993adff8a89e 874bcdc4ad254d06ad07cb5c864f7d6f - - default default] 10.0.0.179 "DELETE /v2.0/floatingips/abcd526e-86df-4fd7-9757-a98409f58b42 HTTP/1.1" status: 204 len: 168 time: 0.5058789 /var/lib/openstack/lib/python3.10/site-packages/pycadf/identifier.py:71: UserWarning: Invalid uuid: neutron. To ensure interoperability, identifiers should be a valid uuid. warnings.warn(('Invalid uuid: %s. To ensure interoperability, '
2026-07-22 15:25:20.860 9 WARNING neutron.scheduler.dhcp_agent_scheduler [None req-d3d76e83-3d76-44bc-8380-b621537bc28b 5c2d2eea7ebd43eaafe62f9f7646482d 1cefd14a2ae340718011307e746df049 - - default default] No more DHCP agents
2026-07-22 15:25:20.862 9 WARNING neutron.api.rpc.agentnotifiers.dhcp_rpc_agent_api [None req-d3d76e83-3d76-44bc-8380-b621537bc28b 5c2d2eea7ebd43eaafe62f9f7646482d 1cefd14a2ae340718011307e746df049 - - default default] Unable to schedule network a0670e8e-ad06-44a9-88c2-0102eed546c9: no agents available; will retry on subsequent port and subnet creation events.
2026-07-22 15:25:20.983 9 INFO neutron.db.ovn_revision_numbers_db [None req-d3d76e83-3d76-44bc-8380-b621537bc28b 5c2d2eea7ebd43eaafe62f9f7646482d 1cefd14a2ae340718011307e746df049 - - default default] Successfully bumped revision number for resource cc387e9b-10c6-433e-b359-5f2c6f69901a (type: ports) to 1
2026-07-22 15:25:21.006 9 INFO neutron.wsgi [None req-d3d76e83-3d76-44bc-8380-b621537bc28b 5c2d2eea7ebd43eaafe62f9f7646482d 1cefd14a2ae340718011307e746df049 - - default default] 10.0.0.179 "POST /v2.0/networks HTTP/1.1" status: 201 len: 946 time: 1.1044192
2026-07-22 15:25:21.042 9 INFO neutron.db.ovn_revision_numbers_db [None req-6e18d220-9144-4d70-a63b-dbd83331a77e 5c2d2eea7ebd43eaafe62f9f7646482d 1cefd14a2ae340718011307e746df049 - - default default] Successfully bumped revision number for resource 2c10ef5f-6897-4b8a-9ba1-0afc21f39141 (type: security_groups) to 1
2026-07-22 15:25:21.049 10 INFO neutron.wsgi [None req-e48f9e74-c9ab-4942-86e4-707b0856e16b f10464e5f0d5444fb44699f0150f1db1 bd8ce3ea0fd7482491236ca6897ac4da - - default default] 10.0.0.179 "GET /v2.0/ports HTTP/1.1" status: 200 len: 3212 time: 0.2061563
2026-07-22 15:25:21.073 9 INFO neutron.db.ovn_revision_numbers_db [None req-6e18d220-9144-4d70-a63b-dbd83331a77e 5c2d2eea7ebd43eaafe62f9f7646482d 1cefd14a2ae340718011307e746df049 - - default default] Successfully bumped revision number for resource 14dad30f-a6ee-45f4-9c9c-495b1b417e21 (type: security_group_rules) to 0
2026-07-22 15:25:21.094 9 INFO neutron.db.ovn_revision_numbers_db [None req-6e18d220-9144-4d70-a63b-dbd83331a77e 5c2d2eea7ebd43eaafe62f9f7646482d 1cefd14a2ae340718011307e746df049 - - default default] Successfully bumped revision number for resource 25ef2981-53a4-4370-a7bd-4075befbbf06 (type: security_group_rules) to 0
2026-07-22 15:25:21.113 9 INFO neutron.db.ovn_revision_numbers_db [None req-6e18d220-9144-4d70-a63b-dbd83331a77e 5c2d2eea7ebd43eaafe62f9f7646482d 1cefd14a2ae340718011307e746df049 - - default default] Successfully bumped revision number for resource 896e2d2b-1b7e-48bc-95a1-ef1747be3f69 (type: security_group_rules) to 0
2026-07-22 15:25:21.136 9 INFO neutron.db.ovn_revision_numbers_db [None req-6e18d220-9144-4d70-a63b-dbd83331a77e 5c2d2eea7ebd43eaafe62f9f7646482d 1cefd14a2ae340718011307e746df049 - - default default] Successfully bumped revision number for resource b66b8efc-015a-497f-a828-78726d4f2513 (type: security_group_rules) to 0
2026-07-22 15:25:21.178 9 INFO neutron.wsgi [None req-6e18d220-9144-4d70-a63b-dbd83331a77e 5c2d2eea7ebd43eaafe62f9f7646482d 1cefd14a2ae340718011307e746df049 - - default default] 10.0.0.179 "GET /v2.0/security-groups?tenant_id=bf17f88da1864c71b3de8dd4b3a14fd7&name=default HTTP/1.1" status: 200 len: 2996 time: 0.3011520
2026-07-22 15:25:21.229 9 WARNING neutron.scheduler.dhcp_agent_scheduler [None req-978c1c8b-28a9-472d-9f5c-346dbe1f982d 5c2d2eea7ebd43eaafe62f9f7646482d 1cefd14a2ae340718011307e746df049 - - default default] No more DHCP agents
2026-07-22 15:25:21.232 9 WARNING neutron.api.rpc.agentnotifiers.dhcp_rpc_agent_api [None req-978c1c8b-28a9-472d-9f5c-346dbe1f982d 5c2d2eea7ebd43eaafe62f9f7646482d 1cefd14a2ae340718011307e746df049 - - default default] Unable to schedule network a0670e8e-ad06-44a9-88c2-0102eed546c9: no agents available; will retry on subsequent port and subnet creation events.
2026-07-22 15:25:21.379 10 INFO neutron.wsgi [None req-9f3a49a7-57d1-4aee-9d29-963a34f692f0 f10464e5f0d5444fb44699f0150f1db1 bd8ce3ea0fd7482491236ca6897ac4da - - default default] 10.0.0.179 "DELETE /v2.0/ports/250b5da9-b673-4c1d-89be-076656dd78e0 HTTP/1.1" status: 204 len: 168 time: 0.3252759
2026-07-22 15:25:21.483 9 INFO neutron.wsgi [None req-26819e45-a9c3-4069-b00e-d1b5e7152bfb 5c2d2eea7ebd43eaafe62f9f7646482d 1cefd14a2ae340718011307e746df049 - - default default] 10.0.0.179 "DELETE /v2.0/security-groups/2c10ef5f-6897-4b8a-9ba1-0afc21f39141 HTTP/1.1" status: 204 len: 168 time: 0.2978582
2026-07-22 15:25:21.711 10 INFO neutron.wsgi [None req-fec189f3-8b43-4a2a-98f0-745d2f3b474d f10464e5f0d5444fb44699f0150f1db1 bd8ce3ea0fd7482491236ca6897ac4da - - default default] 10.0.0.179 "DELETE /v2.0/ports/9c124b81-3278-45fd-b471-3ac0039fa146 HTTP/1.1" status: 204 len: 168 time: 0.3200457
2026-07-22 15:25:21.752 10 INFO neutron.wsgi [None req-3f2fb5ea-73b4-44be-b905-eed44b49a0dd f10464e5f0d5444fb44699f0150f1db1 bd8ce3ea0fd7482491236ca6897ac4da - - default default] 10.0.0.179 "GET /v2.0/ports HTTP/1.1" status: 200 len: 1718 time: 0.0356469
2026-07-22 15:25:21.833 9 INFO neutron.db.ovn_revision_numbers_db [None req-978c1c8b-28a9-472d-9f5c-346dbe1f982d 5c2d2eea7ebd43eaafe62f9f7646482d 1cefd14a2ae340718011307e746df049 - - default default] Successfully bumped revision number for resource cc387e9b-10c6-433e-b359-5f2c6f69901a (type: ports) to 2
2026-07-22 15:25:21.868 9 INFO neutron.db.segments_db [None req-5ef31e6f-d902-47d3-86fe-7134f87f4296 f10464e5f0d5444fb44699f0150f1db1 bd8ce3ea0fd7482491236ca6897ac4da - - default default] Added segment ffbc4042-2504-49f6-879c-c4b35c165c03 of type geneve for network 217e1a0d-13b4-4d59-9c14-ab1633a7e15c
2026-07-22 15:25:21.882 9 INFO neutron.db.ovn_revision_numbers_db [None req-978c1c8b-28a9-472d-9f5c-346dbe1f982d 5c2d2eea7ebd43eaafe62f9f7646482d 1cefd14a2ae340718011307e746df049 - - default default] Successfully bumped revision number for resource 0b4060a1-3a9f-413c-bb0b-8f45957c5394 (type: subnets) to 0
2026-07-22 15:25:21.902 9 INFO neutron.wsgi [None req-978c1c8b-28a9-472d-9f5c-346dbe1f982d 5c2d2eea7ebd43eaafe62f9f7646482d 1cefd14a2ae340718011307e746df049 - - default default] 10.0.0.179 "POST /v2.0/subnets HTTP/1.1" status: 201 len: 866 time: 0.8856049
2026-07-22 15:25:22.067 10 INFO neutron.wsgi [None req-5a87f878-7c36-430e-9f69-c712115a0b84 5c2d2eea7ebd43eaafe62f9f7646482d 1cefd14a2ae340718011307e746df049 - - default default] 10.0.0.179 "PUT /v2.0/routers/5634c57c-db00-484a-91fa-709d6586ecf0/remove_router_interface HTTP/1.1" status: 200 len: 503 time: 1.1527567
2026-07-22 15:25:22.070 9 INFO neutron.db.ovn_revision_numbers_db [None req-5ef31e6f-d902-47d3-86fe-7134f87f4296 f10464e5f0d5444fb44699f0150f1db1 bd8ce3ea0fd7482491236ca6897ac4da - - default default] Successfully bumped revision number for resource 217e1a0d-13b4-4d59-9c14-ab1633a7e15c (type: networks) to 1
2026-07-22 15:25:22.470 9 WARNING neutron.scheduler.dhcp_agent_scheduler [None req-5ef31e6f-d902-47d3-86fe-7134f87f4296 f10464e5f0d5444fb44699f0150f1db1 bd8ce3ea0fd7482491236ca6897ac4da - - default default] No more DHCP agents
2026-07-22 15:25:22.474 9 WARNING neutron.api.rpc.agentnotifiers.dhcp_rpc_agent_api [None req-5ef31e6f-d902-47d3-86fe-7134f87f4296 f10464e5f0d5444fb44699f0150f1db1 bd8ce3ea0fd7482491236ca6897ac4da - - default default] Unable to schedule network 217e1a0d-13b4-4d59-9c14-ab1633a7e15c: no agents available; will retry on subsequent port and subnet creation events.
2026-07-22 15:25:22.691 9 INFO neutron.db.ovn_revision_numbers_db [None req-5ef31e6f-d902-47d3-86fe-7134f87f4296 f10464e5f0d5444fb44699f0150f1db1 bd8ce3ea0fd7482491236ca6897ac4da - - default default] Successfully bumped revision number for resource 80a7aea8-0415-47f1-aeac-36a2dbf0c918 (type: ports) to 1
2026-07-22 15:25:22.744 9 INFO neutron.wsgi [None req-5ef31e6f-d902-47d3-86fe-7134f87f4296 f10464e5f0d5444fb44699f0150f1db1 bd8ce3ea0fd7482491236ca6897ac4da - - default default] 10.0.0.179 "POST /v2.0/networks HTTP/1.1" status: 201 len: 852 time: 0.9842017 /var/lib/openstack/lib/python3.10/site-packages/pycadf/identifier.py:71: UserWarning: Invalid uuid: neutron. To ensure interoperability, identifiers should be a valid uuid. warnings.warn(('Invalid uuid: %s. To ensure interoperability, '
2026-07-22 15:25:22.793 9 WARNING neutron.scheduler.dhcp_agent_scheduler [None req-85ab485b-f75a-4262-b9d4-50f71fdbeb10 5c2d2eea7ebd43eaafe62f9f7646482d 1cefd14a2ae340718011307e746df049 - - default default] No more DHCP agents
2026-07-22 15:25:22.797 9 WARNING neutron.api.rpc.agentnotifiers.dhcp_rpc_agent_api [None req-85ab485b-f75a-4262-b9d4-50f71fdbeb10 5c2d2eea7ebd43eaafe62f9f7646482d 1cefd14a2ae340718011307e746df049 - - default default] Unable to schedule network 01aaf83a-285e-4494-8eff-240afccb5159: no agents available; will retry on subsequent port and subnet creation events.
2026-07-22 15:25:22.851 10 INFO neutron.db.segments_db [None req-57e127cb-565a-4e5c-b391-fbf52f5f5260 f10464e5f0d5444fb44699f0150f1db1 bd8ce3ea0fd7482491236ca6897ac4da - - default default] Added segment c28c3cf0-1a4f-46c7-90ab-b68ee9c8f907 of type geneve for network 525bb9a9-8e2d-4692-8602-61491a0fd804
2026-07-22 15:25:23.012 10 INFO neutron.db.ovn_revision_numbers_db [None req-57e127cb-565a-4e5c-b391-fbf52f5f5260 f10464e5f0d5444fb44699f0150f1db1 bd8ce3ea0fd7482491236ca6897ac4da - - default default] Successfully bumped revision number for resource 525bb9a9-8e2d-4692-8602-61491a0fd804 (type: networks) to 1
2026-07-22 15:25:23.188 9 INFO neutron.db.ovn_revision_numbers_db [None req-85ab485b-f75a-4262-b9d4-50f71fdbeb10 5c2d2eea7ebd43eaafe62f9f7646482d 1cefd14a2ae340718011307e746df049 - - default default] Successfully bumped revision number for resource 932feb18-b660-4e26-8964-57fe0201a182 (type: ports) to 1
2026-07-22 15:25:23.204 10 WARNING neutron.scheduler.dhcp_agent_scheduler [None req-57e127cb-565a-4e5c-b391-fbf52f5f5260 f10464e5f0d5444fb44699f0150f1db1 bd8ce3ea0fd7482491236ca6897ac4da - - default default] No more DHCP agents
2026-07-22 15:25:23.205 10 WARNING neutron.api.rpc.agentnotifiers.dhcp_rpc_agent_api [None req-57e127cb-565a-4e5c-b391-fbf52f5f5260 f10464e5f0d5444fb44699f0150f1db1 bd8ce3ea0fd7482491236ca6897ac4da - - default default] Unable to schedule network 525bb9a9-8e2d-4692-8602-61491a0fd804: no agents available; will retry on subsequent port and subnet creation events.
2026-07-22 15:25:23.308 10 INFO neutron.db.ovn_revision_numbers_db [None req-57e127cb-565a-4e5c-b391-fbf52f5f5260 f10464e5f0d5444fb44699f0150f1db1 bd8ce3ea0fd7482491236ca6897ac4da - - default default] Successfully bumped revision number for resource b5648f68-53d1-4028-a259-98e3d2112c52 (type: ports) to 1
2026-07-22 15:25:23.335 10 INFO neutron.wsgi [None req-57e127cb-565a-4e5c-b391-fbf52f5f5260 f10464e5f0d5444fb44699f0150f1db1 bd8ce3ea0fd7482491236ca6897ac4da - - default default] 10.0.0.179 "POST /v2.0/networks HTTP/1.1" status: 201 len: 853 time: 0.5839295
2026-07-22 15:25:23.348 9 INFO neutron.wsgi [None req-33be317c-54af-48a9-90c2-73cf66faacad 5c2d2eea7ebd43eaafe62f9f7646482d 1cefd14a2ae340718011307e746df049 - - default default] 10.0.0.179 "DELETE /v2.0/routers/5634c57c-db00-484a-91fa-709d6586ecf0 HTTP/1.1" status: 204 len: 168 time: 1.2732153
2026-07-22 15:25:23.558 10 INFO neutron.wsgi [None req-43cae2a6-d20a-4320-bfbb-e83fb2be3d86 5c2d2eea7ebd43eaafe62f9f7646482d 1cefd14a2ae340718011307e746df049 - - default default] 10.0.0.179 "DELETE /v2.0/subnets/1051589f-4e67-4a2b-ba8b-4bc66bfaeb2d HTTP/1.1" status: 204 len: 168 time: 0.2042651
2026-07-22 15:25:23.902 10 INFO neutron.plugins.ml2.drivers.ovn.mech_driver.mech_driver [None req-a95e7cce-003f-4257-bd49-f307de43da7e - - - - - -] OVN reports status up for port: 932feb18-b660-4e26-8964-57fe0201a182
2026-07-22 15:25:23.913 10 INFO neutron.plugins.ml2.drivers.ovn.mech_driver.ovsdb.ovsdb_monitor [None req-f7c3c4be-54d9-48ee-b219-3c2e0ef7a6f1 - - - - - -] Router 71b28b12-0ee7-4b67-a03a-fa82629bfc48 is bound to host instance
2026-07-22 15:25:23.916 10 INFO neutron.services.segments.plugin [-] Segment 6080421c-c1f4-4e81-8ba1-e3efcaec259d resource provider aggregate not found
2026-07-22 15:25:23.921 10 INFO neutron.services.segments.plugin [-] Segment 6080421c-c1f4-4e81-8ba1-e3efcaec259d resource provider aggregate not found
2026-07-22 15:25:23.947 10 INFO neutron.services.segments.plugin [-] Segment 6080421c-c1f4-4e81-8ba1-e3efcaec259d resource provider not found; error: Placement Client Error (4xx): {"errors": [{"status": 404, "title": "Not Found", "detail": "The resource could not be found.\n\n No resource provider with uuid 6080421c-c1f4-4e81-8ba1-e3efcaec259d found for delete ", "request_id": "req-ff283867-4d65-4709-a69e-e7074f51040b"}]}
2026-07-22 15:25:23.951 10 INFO neutron.plugins.ml2.plugin [None req-a95e7cce-003f-4257-bd49-f307de43da7e - - - - - -] Attempt 1 to provision port 932feb18-b660-4e26-8964-57fe0201a182
2026-07-22 15:25:23.954 10 INFO neutron.services.segments.plugin [-] Segment 6080421c-c1f4-4e81-8ba1-e3efcaec259d resource provider not found; error: Placement Client Error (4xx): {"errors": [{"status": 404, "title": "Not Found", "detail": "The resource could not be found.\n\n No resource provider with uuid 6080421c-c1f4-4e81-8ba1-e3efcaec259d found for delete ", "request_id": "req-a22e9a11-fdc6-410b-9066-3ba168cc8433"}]}
2026-07-22 15:25:23.957 9 INFO neutron.db.ovn_revision_numbers_db [None req-85ab485b-f75a-4262-b9d4-50f71fdbeb10 5c2d2eea7ebd43eaafe62f9f7646482d 1cefd14a2ae340718011307e746df049 - - default default] Successfully bumped revision number for resource 932feb18-b660-4e26-8964-57fe0201a182 (type: router_ports) to 1
2026-07-22 15:25:24.021 10 INFO neutron.wsgi [None req-cde443db-6492-46b8-ab19-dd403dc51ead 5c2d2eea7ebd43eaafe62f9f7646482d 1cefd14a2ae340718011307e746df049 - - default default] 10.0.0.179 "DELETE /v2.0/networks/665f7969-053f-4a34-b9f7-c54571407f74 HTTP/1.1" status: 204 len: 168 time: 0.4582150
2026-07-22 15:25:24.054 9 INFO neutron.db.ovn_revision_numbers_db [None req-85ab485b-f75a-4262-b9d4-50f71fdbeb10 5c2d2eea7ebd43eaafe62f9f7646482d 1cefd14a2ae340718011307e746df049 - - default default] Successfully bumped revision number for resource 71b28b12-0ee7-4b67-a03a-fa82629bfc48 (type: routers) to 2
2026-07-22 15:25:24.069 9 INFO neutron.wsgi [None req-85ab485b-f75a-4262-b9d4-50f71fdbeb10 5c2d2eea7ebd43eaafe62f9f7646482d 1cefd14a2ae340718011307e746df049 - - default default] 10.0.0.179 "POST /v2.0/routers HTTP/1.1" status: 201 len: 877 time: 2.1615436
2026-07-22 15:25:24.458 10 INFO neutron.wsgi [None req-6adfc575-4eb0-49d2-9264-0bfad277e8e6 5c2d2eea7ebd43eaafe62f9f7646482d 1cefd14a2ae340718011307e746df049 - - default default] 10.0.0.179 "GET /v2.0/security-groups?tenant_id=874bcdc4ad254d06ad07cb5c864f7d6f&name=default HTTP/1.1" status: 200 len: 2996 time: 0.0529206
2026-07-22 15:25:24.647 9 WARNING neutron.scheduler.dhcp_agent_scheduler [None req-d67e2753-5803-4848-8a4b-cc80b0149d8c f10464e5f0d5444fb44699f0150f1db1 bd8ce3ea0fd7482491236ca6897ac4da - - default default] No more DHCP agents
2026-07-22 15:25:24.651 9 WARNING neutron.api.rpc.agentnotifiers.dhcp_rpc_agent_api [None req-d67e2753-5803-4848-8a4b-cc80b0149d8c f10464e5f0d5444fb44699f0150f1db1 bd8ce3ea0fd7482491236ca6897ac4da - - default default] Unable to schedule network 217e1a0d-13b4-4d59-9c14-ab1633a7e15c: no agents available; will retry on subsequent port and subnet creation events.
2026-07-22 15:25:24.716 9 INFO neutron.db.ovn_revision_numbers_db [None req-d67e2753-5803-4848-8a4b-cc80b0149d8c f10464e5f0d5444fb44699f0150f1db1 bd8ce3ea0fd7482491236ca6897ac4da - - default default] Successfully bumped revision number for resource 731acc75-84ba-4ed9-ba6c-5866f3fd7173 (type: subnets) to 0
2026-07-22 15:25:24.719 10 INFO neutron.db.ovn_revision_numbers_db [None req-f7c3c4be-54d9-48ee-b219-3c2e0ef7a6f1 - - - - - -] Successfully bumped revision number for resource 932feb18-b660-4e26-8964-57fe0201a182 (type: ports) to 1
2026-07-22 15:25:24.750 9 WARNING neutron.scheduler.dhcp_agent_scheduler [None req-d67e2753-5803-4848-8a4b-cc80b0149d8c f10464e5f0d5444fb44699f0150f1db1 bd8ce3ea0fd7482491236ca6897ac4da - - default default] No more DHCP agents
2026-07-22 15:25:24.761 9 WARNING neutron.api.rpc.agentnotifiers.dhcp_rpc_agent_api [None req-d67e2753-5803-4848-8a4b-cc80b0149d8c f10464e5f0d5444fb44699f0150f1db1 bd8ce3ea0fd7482491236ca6897ac4da - - default default] Unable to schedule network 525bb9a9-8e2d-4692-8602-61491a0fd804: no agents available; will retry on subsequent port and subnet creation events.
2026-07-22 15:25:24.772 9 WARNING neutron.scheduler.dhcp_agent_scheduler [None req-aa4d5713-3117-4097-ab29-73ebb669214c 5c2d2eea7ebd43eaafe62f9f7646482d 1cefd14a2ae340718011307e746df049 - - default default] No more DHCP agents
2026-07-22 15:25:24.774 9 WARNING neutron.api.rpc.agentnotifiers.dhcp_rpc_agent_api [None req-aa4d5713-3117-4097-ab29-73ebb669214c 5c2d2eea7ebd43eaafe62f9f7646482d 1cefd14a2ae340718011307e746df049 - - default default] Unable to schedule network a0670e8e-ad06-44a9-88c2-0102eed546c9: no agents available; will retry on subsequent port and subnet creation events.
2026-07-22 15:25:24.821 9 INFO neutron.db.ovn_revision_numbers_db [None req-d67e2753-5803-4848-8a4b-cc80b0149d8c f10464e5f0d5444fb44699f0150f1db1 bd8ce3ea0fd7482491236ca6897ac4da - - default default] Successfully bumped revision number for resource 981157cd-112a-4d1d-bce6-d952b4466edc (type: subnets) to 0
