2026-07-22 15:27:31.206 8 INFO placement.requestlog [None req-d9163308-9144-48f2-8529-8f25f1a8600c - - - - - -] 10.0.0.106 "GET /" status: 200 len: 136 microversion: 1.0
2026-07-22 15:27:31.404 7 INFO placement.requestlog [None req-a8c8ab06-b5dd-4f82-b422-3929b1c91038 e62eee8fa42a4163a3ae678d2c8ae9aa 86e0e1c0a1f14810805148bd2196cbdc - - e37e2322584140228abb0979f9eb5225 e37e2322584140228abb0979f9eb5225] 10.0.0.70 "GET /resource_providers/173ea653-49fb-4bdb-b25c-4f4452fc6d1c/aggregates" status: 404 len: 235 microversion: 1.1 [pid: 7|app: 0|req: 491/972] 10.0.0.70 () {32 vars in 824 bytes} [Wed Jul 22 15:27:31 2026] GET /resource_providers/173ea653-49fb-4bdb-b25c-4f4452fc6d1c/aggregates => generated 235 bytes in 10 msecs (HTTP/1.1 404) 5 headers in 202 bytes (1 switches on core 0)
2026-07-22 15:27:31.414 8 INFO placement.requestlog [None req-1b42ce3b-3812-4bd6-adae-c4e896bd3e9e e62eee8fa42a4163a3ae678d2c8ae9aa 86e0e1c0a1f14810805148bd2196cbdc - - e37e2322584140228abb0979f9eb5225 e37e2322584140228abb0979f9eb5225] 10.0.0.70 "GET /resource_providers/173ea653-49fb-4bdb-b25c-4f4452fc6d1c/aggregates" status: 404 len: 235 microversion: 1.1 [pid: 8|app: 0|req: 482/973] 10.0.0.70 () {32 vars in 824 bytes} [Wed Jul 22 15:27:31 2026] GET /resource_providers/173ea653-49fb-4bdb-b25c-4f4452fc6d1c/aggregates => generated 235 bytes in 20 msecs (HTTP/1.1 404) 5 headers in 202 bytes (1 switches on core 0)
2026-07-22 15:27:31.420 7 INFO placement.requestlog [None req-ffdadd2c-5f45-413c-9f89-edef2c363314 e62eee8fa42a4163a3ae678d2c8ae9aa 86e0e1c0a1f14810805148bd2196cbdc - - e37e2322584140228abb0979f9eb5225 e37e2322584140228abb0979f9eb5225] 10.0.0.70 "DELETE /resource_providers/173ea653-49fb-4bdb-b25c-4f4452fc6d1c" status: 404 len: 246 microversion: 1.1 [pid: 7|app: 0|req: 492/974] 10.0.0.70 () {34 vars in 824 bytes} [Wed Jul 22 15:27:31 2026] DELETE /resource_providers/173ea653-49fb-4bdb-b25c-4f4452fc6d1c => generated 246 bytes in 11 msecs (HTTP/1.1 404) 6 headers in 231 bytes (1 switches on core 0)
2026-07-22 15:27:31.437 8 INFO placement.requestlog [None req-bf297b42-b402-4caf-9fc2-2e69acca842b e62eee8fa42a4163a3ae678d2c8ae9aa 86e0e1c0a1f14810805148bd2196cbdc - - e37e2322584140228abb0979f9eb5225 e37e2322584140228abb0979f9eb5225] 10.0.0.70 "DELETE /resource_providers/173ea653-49fb-4bdb-b25c-4f4452fc6d1c" status: 404 len: 246 microversion: 1.1 [pid: 8|app: 0|req: 483/975] 10.0.0.70 () {34 vars in 824 bytes} [Wed Jul 22 15:27:31 2026] DELETE /resource_providers/173ea653-49fb-4bdb-b25c-4f4452fc6d1c => generated 246 bytes in 16 msecs (HTTP/1.1 404) 6 headers in 231 bytes (1 switches on core 0)
2026-07-22 15:27:31.835 7 INFO placement.requestlog [req-a2f6e793-3f25-457e-b451-4e1ef44462ab req-77c6fdf8-4b0e-47ab-a50e-4d281162a104 aa6faaaee05b4362b869bfc6dae680be 86e0e1c0a1f14810805148bd2196cbdc - - e37e2322584140228abb0979f9eb5225 e37e2322584140228abb0979f9eb5225] 199.204.45.95 "GET /resource_providers/283521df-9641-45a1-ae4f-ca27220547e6/allocations" status: 200 len: 153 microversion: 1.0 [pid: 7|app: 0|req: 493/976] 199.204.45.95 () {32 vars in 856 bytes} [Wed Jul 22 15:27:31 2026] GET /resource_providers/283521df-9641-45a1-ae4f-ca27220547e6/allocations => generated 153 bytes in 21 msecs (HTTP/1.1 200) 6 headers in 224 bytes (1 switches on core 0)
2026-07-22 15:27:31.886 8 INFO placement.requestlog [req-a2f6e793-3f25-457e-b451-4e1ef44462ab req-560859a1-65e3-40a5-bd52-7cf9b360d74f aa6faaaee05b4362b869bfc6dae680be 86e0e1c0a1f14810805148bd2196cbdc - - e37e2322584140228abb0979f9eb5225 e37e2322584140228abb0979f9eb5225] 199.204.45.95 "GET /resource_providers/283521df-9641-45a1-ae4f-ca27220547e6/allocations" status: 200 len: 153 microversion: 1.0 [pid: 8|app: 0|req: 484/977] 199.204.45.95 () {32 vars in 856 bytes} [Wed Jul 22 15:27:31 2026] GET /resource_providers/283521df-9641-45a1-ae4f-ca27220547e6/allocations => generated 153 bytes in 39 msecs (HTTP/1.1 200) 6 headers in 224 bytes (1 switches on core 0)
2026-07-22 15:27:31.908 7 INFO placement.requestlog [req-a2f6e793-3f25-457e-b451-4e1ef44462ab req-9183c69a-d847-49bd-8a04-3f65556f77eb aa6faaaee05b4362b869bfc6dae680be 86e0e1c0a1f14810805148bd2196cbdc - - e37e2322584140228abb0979f9eb5225 e37e2322584140228abb0979f9eb5225] 199.204.45.95 "GET /allocations/46c4fc23-d2de-40b9-b54c-8331885a8b0b" status: 200 len: 258 microversion: 1.28 [pid: 7|app: 0|req: 494/978] 199.204.45.95 () {34 vars in 862 bytes} [Wed Jul 22 15:27:31 2026] GET /allocations/46c4fc23-d2de-40b9-b54c-8331885a8b0b => generated 258 bytes in 15 msecs (HTTP/1.1 200) 8 headers in 296 bytes (1 switches on core 0)
2026-07-22 15:27:41.206 8 INFO placement.requestlog [None req-46d91cca-df08-4524-aff5-ec159611b7be - - - - - -] 10.0.0.106 "GET /" status: 200 len: 136 microversion: 1.0
2026-07-22 15:27:41.206 7 INFO placement.requestlog [None req-c8e7b98b-a405-4fd2-9344-1e8def5d75bc - - - - - -] 10.0.0.106 "GET /" status: 200 len: 136 microversion: 1.0
2026-07-22 15:27:42.041 8 INFO placement.requestlog [None req-22e80b3f-f6fc-4c6e-9169-8ff85c5637d3 e62eee8fa42a4163a3ae678d2c8ae9aa 86e0e1c0a1f14810805148bd2196cbdc - - e37e2322584140228abb0979f9eb5225 e37e2322584140228abb0979f9eb5225] 10.0.0.70 "GET /resource_providers/e149a287-2cc8-4de1-8a70-0d35db710241/aggregates" status: 404 len: 235 microversion: 1.1 [pid: 8|app: 0|req: 486/981] 10.0.0.70 () {32 vars in 824 bytes} [Wed Jul 22 15:27:42 2026] GET /resource_providers/e149a287-2cc8-4de1-8a70-0d35db710241/aggregates => generated 235 bytes in 7 msecs (HTTP/1.1 404) 5 headers in 202 bytes (1 switches on core 0)
2026-07-22 15:27:42.047 7 INFO placement.requestlog [None req-7c11fc6a-abe3-4db1-9874-3d48dd2dc32f e62eee8fa42a4163a3ae678d2c8ae9aa 86e0e1c0a1f14810805148bd2196cbdc - - e37e2322584140228abb0979f9eb5225 e37e2322584140228abb0979f9eb5225] 10.0.0.70 "GET /resource_providers/e149a287-2cc8-4de1-8a70-0d35db710241/aggregates" status: 404 len: 235 microversion: 1.1 [pid: 7|app: 0|req: 496/982] 10.0.0.70 () {32 vars in 824 bytes} [Wed Jul 22 15:27:42 2026] GET /resource_providers/e149a287-2cc8-4de1-8a70-0d35db710241/aggregates => generated 235 bytes in 13 msecs (HTTP/1.1 404) 5 headers in 202 bytes (1 switches on core 0)
2026-07-22 15:27:42.068 8 INFO placement.requestlog [None req-be2fc5d7-df7d-42d8-9147-4a987c10c0bb e62eee8fa42a4163a3ae678d2c8ae9aa 86e0e1c0a1f14810805148bd2196cbdc - - e37e2322584140228abb0979f9eb5225 e37e2322584140228abb0979f9eb5225] 10.0.0.70 "DELETE /resource_providers/e149a287-2cc8-4de1-8a70-0d35db710241" status: 404 len: 246 microversion: 1.1 [pid: 8|app: 0|req: 487/983] 10.0.0.70 () {34 vars in 824 bytes} [Wed Jul 22 15:27:42 2026] DELETE /resource_providers/e149a287-2cc8-4de1-8a70-0d35db710241 => generated 246 bytes in 10 msecs (HTTP/1.1 404) 6 headers in 231 bytes (1 switches on core 0)
2026-07-22 15:27:42.071 7 INFO placement.requestlog [None req-39add721-a556-4013-802f-271fd364c748 e62eee8fa42a4163a3ae678d2c8ae9aa 86e0e1c0a1f14810805148bd2196cbdc - - e37e2322584140228abb0979f9eb5225 e37e2322584140228abb0979f9eb5225] 10.0.0.70 "DELETE /resource_providers/e149a287-2cc8-4de1-8a70-0d35db710241" status: 404 len: 246 microversion: 1.1 [pid: 7|app: 0|req: 497/984] 10.0.0.70 () {34 vars in 824 bytes} [Wed Jul 22 15:27:42 2026] DELETE /resource_providers/e149a287-2cc8-4de1-8a70-0d35db710241 => generated 246 bytes in 12 msecs (HTTP/1.1 404) 6 headers in 231 bytes (1 switches on core 0)
2026-07-22 15:27:42.471 7 INFO placement.requestlog [None req-10907c91-ee4c-4071-a229-813c65558879 e62eee8fa42a4163a3ae678d2c8ae9aa 86e0e1c0a1f14810805148bd2196cbdc - - e37e2322584140228abb0979f9eb5225 e37e2322584140228abb0979f9eb5225] 10.0.0.70 "GET /resource_providers/fe79f4d0-307a-40a7-89ef-fe3e00c15cc5/aggregates" status: 404 len: 235 microversion: 1.1 [pid: 7|app: 0|req: 498/985] 10.0.0.70 () {32 vars in 824 bytes} [Wed Jul 22 15:27:42 2026] GET /resource_providers/fe79f4d0-307a-40a7-89ef-fe3e00c15cc5/aggregates => generated 235 bytes in 12 msecs (HTTP/1.1 404) 5 headers in 202 bytes (1 switches on core 0)
2026-07-22 15:27:42.474 8 INFO placement.requestlog [None req-38c5097c-fcfc-45bd-94c1-27e720adf6b3 e62eee8fa42a4163a3ae678d2c8ae9aa 86e0e1c0a1f14810805148bd2196cbdc - - e37e2322584140228abb0979f9eb5225 e37e2322584140228abb0979f9eb5225] 10.0.0.70 "GET /resource_providers/fe79f4d0-307a-40a7-89ef-fe3e00c15cc5/aggregates" status: 404 len: 235 microversion: 1.1 [pid: 8|app: 0|req: 488/986] 10.0.0.70 () {32 vars in 824 bytes} [Wed Jul 22 15:27:42 2026] GET /resource_providers/fe79f4d0-307a-40a7-89ef-fe3e00c15cc5/aggregates => generated 235 bytes in 15 msecs (HTTP/1.1 404) 5 headers in 202 bytes (1 switches on core 0)
2026-07-22 15:27:42.497 7 INFO placement.requestlog [None req-e5d92fe4-aa27-45f2-9740-b933d9efd394 e62eee8fa42a4163a3ae678d2c8ae9aa 86e0e1c0a1f14810805148bd2196cbdc - - e37e2322584140228abb0979f9eb5225 e37e2322584140228abb0979f9eb5225] 10.0.0.70 "DELETE /resource_providers/fe79f4d0-307a-40a7-89ef-fe3e00c15cc5" status: 404 len: 246 microversion: 1.1 [pid: 7|app: 0|req: 499/987] 10.0.0.70 () {34 vars in 824 bytes} [Wed Jul 22 15:27:42 2026] DELETE /resource_providers/fe79f4d0-307a-40a7-89ef-fe3e00c15cc5 => generated 246 bytes in 13 msecs (HTTP/1.1 404) 6 headers in 231 bytes (1 switches on core 0)
2026-07-22 15:27:42.502 8 INFO placement.requestlog [None req-866e5db0-1503-4bfa-b466-3a080e52518d e62eee8fa42a4163a3ae678d2c8ae9aa 86e0e1c0a1f14810805148bd2196cbdc - - e37e2322584140228abb0979f9eb5225 e37e2322584140228abb0979f9eb5225] 10.0.0.70 "DELETE /resource_providers/fe79f4d0-307a-40a7-89ef-fe3e00c15cc5" status: 404 len: 246 microversion: 1.1 [pid: 8|app: 0|req: 489/988] 10.0.0.70 () {34 vars in 824 bytes} [Wed Jul 22 15:27:42 2026] DELETE /resource_providers/fe79f4d0-307a-40a7-89ef-fe3e00c15cc5 => generated 246 bytes in 16 msecs (HTTP/1.1 404) 6 headers in 231 bytes (1 switches on core 0)
2026-07-22 15:27:44.088 7 INFO placement.requestlog [None req-932b9f07-2b4b-4858-92d7-2888f493bc41 e62eee8fa42a4163a3ae678d2c8ae9aa 86e0e1c0a1f14810805148bd2196cbdc - - e37e2322584140228abb0979f9eb5225 e37e2322584140228abb0979f9eb5225] 10.0.0.70 "GET /resource_providers/b104d000-60bd-4a42-8abb-0a47c6371586/aggregates" status: 404 len: 235 microversion: 1.1 [pid: 7|app: 0|req: 500/989] 10.0.0.70 () {32 vars in 824 bytes} [Wed Jul 22 15:27:44 2026] GET /resource_providers/b104d000-60bd-4a42-8abb-0a47c6371586/aggregates => generated 235 bytes in 10 msecs (HTTP/1.1 404) 5 headers in 202 bytes (1 switches on core 0)
2026-07-22 15:27:44.098 8 INFO placement.requestlog [None req-a3898c88-79ab-4788-9205-4ebf5b90a85b e62eee8fa42a4163a3ae678d2c8ae9aa 86e0e1c0a1f14810805148bd2196cbdc - - e37e2322584140228abb0979f9eb5225 e37e2322584140228abb0979f9eb5225] 10.0.0.70 "GET /resource_providers/b104d000-60bd-4a42-8abb-0a47c6371586/aggregates" status: 404 len: 235 microversion: 1.1 [pid: 8|app: 0|req: 490/990] 10.0.0.70 () {32 vars in 824 bytes} [Wed Jul 22 15:27:44 2026] GET /resource_providers/b104d000-60bd-4a42-8abb-0a47c6371586/aggregates => generated 235 bytes in 12 msecs (HTTP/1.1 404) 5 headers in 202 bytes (1 switches on core 0)
2026-07-22 15:27:44.108 7 INFO placement.requestlog [None req-16897a6f-7f3f-4813-a2f9-488c92c88928 e62eee8fa42a4163a3ae678d2c8ae9aa 86e0e1c0a1f14810805148bd2196cbdc - - e37e2322584140228abb0979f9eb5225 e37e2322584140228abb0979f9eb5225] 10.0.0.70 "DELETE /resource_providers/b104d000-60bd-4a42-8abb-0a47c6371586" status: 404 len: 246 microversion: 1.1 [pid: 7|app: 0|req: 501/991] 10.0.0.70 () {34 vars in 824 bytes} [Wed Jul 22 15:27:44 2026] DELETE /resource_providers/b104d000-60bd-4a42-8abb-0a47c6371586 => generated 246 bytes in 11 msecs (HTTP/1.1 404) 6 headers in 231 bytes (1 switches on core 0)
2026-07-22 15:27:44.118 8 INFO placement.requestlog [None req-f6cf557c-f395-43f1-b3ff-802a7c9bf230 e62eee8fa42a4163a3ae678d2c8ae9aa 86e0e1c0a1f14810805148bd2196cbdc - - e37e2322584140228abb0979f9eb5225 e37e2322584140228abb0979f9eb5225] 10.0.0.70 "DELETE /resource_providers/b104d000-60bd-4a42-8abb-0a47c6371586" status: 404 len: 246 microversion: 1.1 [pid: 8|app: 0|req: 491/992] 10.0.0.70 () {34 vars in 824 bytes} [Wed Jul 22 15:27:44 2026] DELETE /resource_providers/b104d000-60bd-4a42-8abb-0a47c6371586 => generated 246 bytes in 13 msecs (HTTP/1.1 404) 6 headers in 231 bytes (1 switches on core 0)
2026-07-22 15:27:44.519 7 INFO placement.requestlog [None req-05fa5e0a-f37a-42f7-aed7-f26d314a5a79 e62eee8fa42a4163a3ae678d2c8ae9aa 86e0e1c0a1f14810805148bd2196cbdc - - e37e2322584140228abb0979f9eb5225 e37e2322584140228abb0979f9eb5225] 10.0.0.70 "GET /resource_providers/9a20e3ab-ba06-4865-a277-216fbb52c6c5/aggregates" status: 404 len: 235 microversion: 1.1 [pid: 7|app: 0|req: 502/993] 10.0.0.70 () {32 vars in 824 bytes} [Wed Jul 22 15:27:44 2026] GET /resource_providers/9a20e3ab-ba06-4865-a277-216fbb52c6c5/aggregates => generated 235 bytes in 9 msecs (HTTP/1.1 404) 5 headers in 202 bytes (1 switches on core 0)
2026-07-22 15:27:44.532 8 INFO placement.requestlog [None req-b18e2e2e-f972-4f02-9f6d-5cce350cd8a6 e62eee8fa42a4163a3ae678d2c8ae9aa 86e0e1c0a1f14810805148bd2196cbdc - - e37e2322584140228abb0979f9eb5225 e37e2322584140228abb0979f9eb5225] 10.0.0.70 "GET /resource_providers/9a20e3ab-ba06-4865-a277-216fbb52c6c5/aggregates" status: 404 len: 235 microversion: 1.1 [pid: 8|app: 0|req: 492/994] 10.0.0.70 () {32 vars in 824 bytes} [Wed Jul 22 15:27:44 2026] GET /resource_providers/9a20e3ab-ba06-4865-a277-216fbb52c6c5/aggregates => generated 235 bytes in 14 msecs (HTTP/1.1 404) 5 headers in 202 bytes (1 switches on core 0)
2026-07-22 15:27:44.539 7 INFO placement.requestlog [None req-43ac3929-509a-4904-90fa-389fd410607c e62eee8fa42a4163a3ae678d2c8ae9aa 86e0e1c0a1f14810805148bd2196cbdc - - e37e2322584140228abb0979f9eb5225 e37e2322584140228abb0979f9eb5225] 10.0.0.70 "DELETE /resource_providers/9a20e3ab-ba06-4865-a277-216fbb52c6c5" status: 404 len: 246 microversion: 1.1 [pid: 7|app: 0|req: 503/995] 10.0.0.70 () {34 vars in 824 bytes} [Wed Jul 22 15:27:44 2026] DELETE /resource_providers/9a20e3ab-ba06-4865-a277-216fbb52c6c5 => generated 246 bytes in 13 msecs (HTTP/1.1 404) 6 headers in 231 bytes (1 switches on core 0)
2026-07-22 15:27:44.557 8 INFO placement.requestlog [None req-7b2155b0-f902-478b-bd49-baa599211f68 e62eee8fa42a4163a3ae678d2c8ae9aa 86e0e1c0a1f14810805148bd2196cbdc - - e37e2322584140228abb0979f9eb5225 e37e2322584140228abb0979f9eb5225] 10.0.0.70 "DELETE /resource_providers/9a20e3ab-ba06-4865-a277-216fbb52c6c5" status: 404 len: 246 microversion: 1.1 [pid: 8|app: 0|req: 493/996] 10.0.0.70 () {34 vars in 824 bytes} [Wed Jul 22 15:27:44 2026] DELETE /resource_providers/9a20e3ab-ba06-4865-a277-216fbb52c6c5 => generated 246 bytes in 12 msecs (HTTP/1.1 404) 6 headers in 231 bytes (1 switches on core 0)
2026-07-22 15:27:44.569 7 INFO placement.requestlog [None req-d39722c0-01f9-4db7-9d67-e21ebac232a6 e62eee8fa42a4163a3ae678d2c8ae9aa 86e0e1c0a1f14810805148bd2196cbdc - - e37e2322584140228abb0979f9eb5225 e37e2322584140228abb0979f9eb5225] 10.0.0.70 "GET /resource_providers/ce379806-9bf0-4790-b4b9-ed1354204ee6/aggregates" status: 404 len: 235 microversion: 1.1 [pid: 7|app: 0|req: 504/997] 10.0.0.70 () {32 vars in 824 bytes} [Wed Jul 22 15:27:44 2026] GET /resource_providers/ce379806-9bf0-4790-b4b9-ed1354204ee6/aggregates => generated 235 bytes in 17 msecs (HTTP/1.1 404) 5 headers in 202 bytes (1 switches on core 0)
2026-07-22 15:27:44.578 8 INFO placement.requestlog [None req-d1eb4cd0-9ce8-4e26-8aa7-2e125f4fb4de e62eee8fa42a4163a3ae678d2c8ae9aa 86e0e1c0a1f14810805148bd2196cbdc - - e37e2322584140228abb0979f9eb5225 e37e2322584140228abb0979f9eb5225] 10.0.0.70 "GET /resource_providers/ce379806-9bf0-4790-b4b9-ed1354204ee6/aggregates" status: 404 len: 235 microversion: 1.1 [pid: 8|app: 0|req: 494/998] 10.0.0.70 () {32 vars in 824 bytes} [Wed Jul 22 15:27:44 2026] GET /resource_providers/ce379806-9bf0-4790-b4b9-ed1354204ee6/aggregates => generated 235 bytes in 15 msecs (HTTP/1.1 404) 5 headers in 202 bytes (1 switches on core 0)
2026-07-22 15:27:44.587 7 INFO placement.requestlog [None req-d322328f-292d-4d51-8ae8-1979cf6e67c0 e62eee8fa42a4163a3ae678d2c8ae9aa 86e0e1c0a1f14810805148bd2196cbdc - - e37e2322584140228abb0979f9eb5225 e37e2322584140228abb0979f9eb5225] 10.0.0.70 "DELETE /resource_providers/ce379806-9bf0-4790-b4b9-ed1354204ee6" status: 404 len: 246 microversion: 1.1 [pid: 7|app: 0|req: 505/999] 10.0.0.70 () {34 vars in 824 bytes} [Wed Jul 22 15:27:44 2026] DELETE /resource_providers/ce379806-9bf0-4790-b4b9-ed1354204ee6 => generated 246 bytes in 12 msecs (HTTP/1.1 404) 6 headers in 231 bytes (1 switches on core 0)
2026-07-22 15:27:44.599 8 INFO placement.requestlog [None req-ac61be63-c6ea-4db2-b52d-86fca01e956c e62eee8fa42a4163a3ae678d2c8ae9aa 86e0e1c0a1f14810805148bd2196cbdc - - e37e2322584140228abb0979f9eb5225 e37e2322584140228abb0979f9eb5225] 10.0.0.70 "DELETE /resource_providers/ce379806-9bf0-4790-b4b9-ed1354204ee6" status: 404 len: 246 microversion: 1.1 [pid: 8|app: 0|req: 495/1000] 10.0.0.70 () {34 vars in 824 bytes} [Wed Jul 22 15:27:44 2026] DELETE /resource_providers/ce379806-9bf0-4790-b4b9-ed1354204ee6 => generated 246 bytes in 13 msecs (HTTP/1.1 404) 6 headers in 231 bytes (1 switches on core 0)
2026-07-22 15:27:46.422 7 INFO placement.requestlog [req-1f8eced2-7645-4cdd-a273-79e7f217e342 req-dee1207d-dfb3-4ae0-829d-fd07fe42bc3a aa6faaaee05b4362b869bfc6dae680be 86e0e1c0a1f14810805148bd2196cbdc - - e37e2322584140228abb0979f9eb5225 e37e2322584140228abb0979f9eb5225] 10.0.0.226 "GET /allocation_candidates?limit=1000&resources=DISK_GB%3A1%2CMEMORY_MB%3A512%2CVCPU%3A1&root_required=%21COMPUTE_STATUS_DISABLED" status: 200 len: 2149 microversion: 1.36 [pid: 7|app: 0|req: 506/1001] 10.0.0.226 () {34 vars in 1012 bytes} [Wed Jul 22 15:27:46 2026] GET /allocation_candidates?limit=1000&resources=DISK_GB%3A1%2CMEMORY_MB%3A512%2CVCPU%3A1&root_required=%21COMPUTE_STATUS_DISABLED => generated 2149 bytes in 37 msecs (HTTP/1.1 200) 8 headers in 297 bytes (1 switches on core 0)
2026-07-22 15:27:46.519 8 INFO placement.requestlog [req-1f8eced2-7645-4cdd-a273-79e7f217e342 req-3c3ce95b-ce6b-4e15-be0a-a98e151ba8a4 aa6faaaee05b4362b869bfc6dae680be 86e0e1c0a1f14810805148bd2196cbdc - - e37e2322584140228abb0979f9eb5225 e37e2322584140228abb0979f9eb5225] 10.0.0.226 "GET /allocations/4d9beabe-d750-4599-822a-10930d4a493f" status: 200 len: 19 microversion: 1.28 [pid: 8|app: 0|req: 496/1002] 10.0.0.226 () {34 vars in 861 bytes} [Wed Jul 22 15:27:46 2026] GET /allocations/4d9beabe-d750-4599-822a-10930d4a493f => generated 19 bytes in 80 msecs (HTTP/1.1 200) 8 headers in 295 bytes (1 switches on core 0)
2026-07-22 15:27:46.614 7 INFO placement.requestlog [req-1f8eced2-7645-4cdd-a273-79e7f217e342 req-08616c47-7863-4c26-ae75-905bcd1091cd aa6faaaee05b4362b869bfc6dae680be 86e0e1c0a1f14810805148bd2196cbdc - - e37e2322584140228abb0979f9eb5225 e37e2322584140228abb0979f9eb5225] 10.0.0.226 "PUT /allocations/4d9beabe-d750-4599-822a-10930d4a493f" status: 204 len: 0 microversion: 1.36 [pid: 7|app: 0|req: 507/1003] 10.0.0.226 () {38 vars in 914 bytes} [Wed Jul 22 15:27:46 2026] PUT /allocations/4d9beabe-d750-4599-822a-10930d4a493f => generated 0 bytes in 87 msecs (HTTP/1.1 204) 5 headers in 199 bytes (1 switches on core 0)
2026-07-22 15:27:46.878 8 INFO placement.requestlog [req-1f8eced2-7645-4cdd-a273-79e7f217e342 req-c516e8a3-499d-4228-a652-83ac398555b9 aa6faaaee05b4362b869bfc6dae680be 86e0e1c0a1f14810805148bd2196cbdc - - e37e2322584140228abb0979f9eb5225 e37e2322584140228abb0979f9eb5225] 199.204.45.95 "GET /allocations/4d9beabe-d750-4599-822a-10930d4a493f" status: 200 len: 258 microversion: 1.28 [pid: 8|app: 0|req: 497/1004] 199.204.45.95 () {34 vars in 862 bytes} [Wed Jul 22 15:27:46 2026] GET /allocations/4d9beabe-d750-4599-822a-10930d4a493f => generated 258 bytes in 19 msecs (HTTP/1.1 200) 8 headers in 296 bytes (1 switches on core 0)
2026-07-22 15:27:46.980 7 INFO placement.requestlog [req-1f8eced2-7645-4cdd-a273-79e7f217e342 req-59fbbd26-8afb-4fdc-bbe5-016a73363731 aa6faaaee05b4362b869bfc6dae680be 86e0e1c0a1f14810805148bd2196cbdc - - e37e2322584140228abb0979f9eb5225 e37e2322584140228abb0979f9eb5225] 199.204.45.95 "GET /resource_providers/283521df-9641-45a1-ae4f-ca27220547e6/allocations" status: 200 len: 253 microversion: 1.0 [pid: 7|app: 0|req: 508/1005] 199.204.45.95 () {32 vars in 856 bytes} [Wed Jul 22 15:27:46 2026] GET /resource_providers/283521df-9641-45a1-ae4f-ca27220547e6/allocations => generated 253 bytes in 21 msecs (HTTP/1.1 200) 6 headers in 224 bytes (1 switches on core 0)
2026-07-22 15:27:47.003 8 INFO placement.requestlog [req-1f8eced2-7645-4cdd-a273-79e7f217e342 req-6f426303-71b5-4ac8-8bd3-602b07432487 aa6faaaee05b4362b869bfc6dae680be 86e0e1c0a1f14810805148bd2196cbdc - - e37e2322584140228abb0979f9eb5225 e37e2322584140228abb0979f9eb5225] 199.204.45.95 "GET /allocations/46c4fc23-d2de-40b9-b54c-8331885a8b0b" status: 200 len: 258 microversion: 1.28 [pid: 8|app: 0|req: 498/1006] 199.204.45.95 () {34 vars in 862 bytes} [Wed Jul 22 15:27:46 2026] GET /allocations/46c4fc23-d2de-40b9-b54c-8331885a8b0b => generated 258 bytes in 16 msecs (HTTP/1.1 200) 8 headers in 296 bytes (1 switches on core 0)
2026-07-22 15:27:47.025 7 INFO placement.requestlog [req-1f8eced2-7645-4cdd-a273-79e7f217e342 req-02d63321-5d00-4b4e-8c6b-c33b6f1134f1 aa6faaaee05b4362b869bfc6dae680be 86e0e1c0a1f14810805148bd2196cbdc - - e37e2322584140228abb0979f9eb5225 e37e2322584140228abb0979f9eb5225] 199.204.45.95 "GET /allocations/4d9beabe-d750-4599-822a-10930d4a493f" status: 200 len: 258 microversion: 1.28 [pid: 7|app: 0|req: 509/1007] 199.204.45.95 () {34 vars in 862 bytes} [Wed Jul 22 15:27:47 2026] GET /allocations/4d9beabe-d750-4599-822a-10930d4a493f => generated 258 bytes in 14 msecs (HTTP/1.1 200) 8 headers in 296 bytes (1 switches on core 0)
2026-07-22 15:27:51.206 8 INFO placement.requestlog [None req-75857449-eddb-4353-80c8-b35794ab769c - - - - - -] 10.0.0.106 "GET /" status: 200 len: 136 microversion: 1.0
2026-07-22 15:27:51.206 7 INFO placement.requestlog [None req-a0dda8ad-b34c-48a1-9176-8d3aa181eb49 - - - - - -] 10.0.0.106 "GET /" status: 200 len: 136 microversion: 1.0
2026-07-22 15:27:51.347 8 INFO placement.requestlog [None req-6c635ca7-dcbe-49d5-8b0b-29160a6cbebb e62eee8fa42a4163a3ae678d2c8ae9aa 86e0e1c0a1f14810805148bd2196cbdc - - e37e2322584140228abb0979f9eb5225 e37e2322584140228abb0979f9eb5225] 10.0.0.70 "GET /resource_providers/2ab2dddf-c082-49c4-8626-df920fc6f7c7/aggregates" status: 404 len: 235 microversion: 1.1 [pid: 8|app: 0|req: 500/1010] 10.0.0.70 () {32 vars in 824 bytes} [Wed Jul 22 15:27:51 2026] GET /resource_providers/2ab2dddf-c082-49c4-8626-df920fc6f7c7/aggregates => generated 235 bytes in 12 msecs (HTTP/1.1 404) 5 headers in 202 bytes (1 switches on core 0)
2026-07-22 15:27:51.350 7 INFO placement.requestlog [None req-f9e2f93f-632f-4750-8d9a-1668b78dd492 e62eee8fa42a4163a3ae678d2c8ae9aa 86e0e1c0a1f14810805148bd2196cbdc - - e37e2322584140228abb0979f9eb5225 e37e2322584140228abb0979f9eb5225] 10.0.0.70 "GET /resource_providers/2ab2dddf-c082-49c4-8626-df920fc6f7c7/aggregates" status: 404 len: 235 microversion: 1.1 [pid: 7|app: 0|req: 511/1011] 10.0.0.70 () {32 vars in 824 bytes} [Wed Jul 22 15:27:51 2026] GET /resource_providers/2ab2dddf-c082-49c4-8626-df920fc6f7c7/aggregates => generated 235 bytes in 15 msecs (HTTP/1.1 404) 5 headers in 202 bytes (1 switches on core 0)
2026-07-22 15:27:51.361 8 INFO placement.requestlog [None req-d072da94-2404-42df-b596-99bd94d9c0a2 e62eee8fa42a4163a3ae678d2c8ae9aa 86e0e1c0a1f14810805148bd2196cbdc - - e37e2322584140228abb0979f9eb5225 e37e2322584140228abb0979f9eb5225] 10.0.0.70 "DELETE /resource_providers/2ab2dddf-c082-49c4-8626-df920fc6f7c7" status: 404 len: 246 microversion: 1.1 [pid: 8|app: 0|req: 501/1012] 10.0.0.70 () {34 vars in 824 bytes} [Wed Jul 22 15:27:51 2026] DELETE /resource_providers/2ab2dddf-c082-49c4-8626-df920fc6f7c7 => generated 246 bytes in 7 msecs (HTTP/1.1 404) 6 headers in 231 bytes (1 switches on core 0)
2026-07-22 15:27:51.376 7 INFO placement.requestlog [None req-79395dac-11f4-40ae-a00c-c33825e89eaa e62eee8fa42a4163a3ae678d2c8ae9aa 86e0e1c0a1f14810805148bd2196cbdc - - e37e2322584140228abb0979f9eb5225 e37e2322584140228abb0979f9eb5225] 10.0.0.70 "DELETE /resource_providers/2ab2dddf-c082-49c4-8626-df920fc6f7c7" status: 404 len: 246 microversion: 1.1 [pid: 7|app: 0|req: 512/1013] 10.0.0.70 () {34 vars in 824 bytes} [Wed Jul 22 15:27:51 2026] DELETE /resource_providers/2ab2dddf-c082-49c4-8626-df920fc6f7c7 => generated 246 bytes in 15 msecs (HTTP/1.1 404) 6 headers in 231 bytes (1 switches on core 0)
2026-07-22 15:27:53.396 7 INFO placement.requestlog [None req-6f224826-8062-4f88-89be-f2bef1851fb3 e62eee8fa42a4163a3ae678d2c8ae9aa 86e0e1c0a1f14810805148bd2196cbdc - - e37e2322584140228abb0979f9eb5225 e37e2322584140228abb0979f9eb5225] 10.0.0.70 "GET /resource_providers/a842929c-b7ed-44ff-8020-07cca5cc5029/aggregates" status: 404 len: 235 microversion: 1.1 [pid: 7|app: 0|req: 513/1014] 10.0.0.70 () {32 vars in 824 bytes} [Wed Jul 22 15:27:53 2026] GET /resource_providers/a842929c-b7ed-44ff-8020-07cca5cc5029/aggregates => generated 235 bytes in 13 msecs (HTTP/1.1 404) 5 headers in 202 bytes (1 switches on core 0)
2026-07-22 15:27:53.397 8 INFO placement.requestlog [None req-fca95e74-5cfe-4e6d-9684-54e055133126 e62eee8fa42a4163a3ae678d2c8ae9aa 86e0e1c0a1f14810805148bd2196cbdc - - e37e2322584140228abb0979f9eb5225 e37e2322584140228abb0979f9eb5225] 10.0.0.70 "GET /resource_providers/a842929c-b7ed-44ff-8020-07cca5cc5029/aggregates" status: 404 len: 235 microversion: 1.1 [pid: 8|app: 0|req: 502/1015] 10.0.0.70 () {32 vars in 824 bytes} [Wed Jul 22 15:27:53 2026] GET /resource_providers/a842929c-b7ed-44ff-8020-07cca5cc5029/aggregates => generated 235 bytes in 15 msecs (HTTP/1.1 404) 5 headers in 202 bytes (1 switches on core 0)
2026-07-22 15:27:53.424 7 INFO placement.requestlog [None req-bf7d7d80-5e65-4c36-99a6-b02fb5ad5aff e62eee8fa42a4163a3ae678d2c8ae9aa 86e0e1c0a1f14810805148bd2196cbdc - - e37e2322584140228abb0979f9eb5225 e37e2322584140228abb0979f9eb5225] 10.0.0.70 "DELETE /resource_providers/a842929c-b7ed-44ff-8020-07cca5cc5029" status: 404 len: 246 microversion: 1.1 [pid: 7|app: 0|req: 514/1016] 10.0.0.70 () {34 vars in 824 bytes} [Wed Jul 22 15:27:53 2026] DELETE /resource_providers/a842929c-b7ed-44ff-8020-07cca5cc5029 => generated 246 bytes in 13 msecs (HTTP/1.1 404) 6 headers in 231 bytes (1 switches on core 0)
2026-07-22 15:27:53.428 8 INFO placement.requestlog [None req-fc3042d4-a8c1-4839-a532-2b7fe36d25d9 e62eee8fa42a4163a3ae678d2c8ae9aa 86e0e1c0a1f14810805148bd2196cbdc - - e37e2322584140228abb0979f9eb5225 e37e2322584140228abb0979f9eb5225] 10.0.0.70 "DELETE /resource_providers/a842929c-b7ed-44ff-8020-07cca5cc5029" status: 404 len: 246 microversion: 1.1 [pid: 8|app: 0|req: 503/1017] 10.0.0.70 () {34 vars in 824 bytes} [Wed Jul 22 15:27:53 2026] DELETE /resource_providers/a842929c-b7ed-44ff-8020-07cca5cc5029 => generated 246 bytes in 11 msecs (HTTP/1.1 404) 6 headers in 231 bytes (1 switches on core 0)
2026-07-22 15:27:53.445 7 INFO placement.requestlog [None req-3f3ba8c9-6533-40d7-9d9b-c22fbbeb7b62 e62eee8fa42a4163a3ae678d2c8ae9aa 86e0e1c0a1f14810805148bd2196cbdc - - e37e2322584140228abb0979f9eb5225 e37e2322584140228abb0979f9eb5225] 10.0.0.70 "GET /resource_providers/554a40c8-ffcb-453c-90e0-43b171b8b3ec/aggregates" status: 404 len: 235 microversion: 1.1 [pid: 7|app: 0|req: 515/1018] 10.0.0.70 () {32 vars in 824 bytes} [Wed Jul 22 15:27:53 2026] GET /resource_providers/554a40c8-ffcb-453c-90e0-43b171b8b3ec/aggregates => generated 235 bytes in 13 msecs (HTTP/1.1 404) 5 headers in 202 bytes (1 switches on core 0)
2026-07-22 15:27:53.449 8 INFO placement.requestlog [None req-8808e6a8-83d7-43cd-bd75-92d003ce7505 e62eee8fa42a4163a3ae678d2c8ae9aa 86e0e1c0a1f14810805148bd2196cbdc - - e37e2322584140228abb0979f9eb5225 e37e2322584140228abb0979f9eb5225] 10.0.0.70 "GET /resource_providers/554a40c8-ffcb-453c-90e0-43b171b8b3ec/aggregates" status: 404 len: 235 microversion: 1.1 [pid: 8|app: 0|req: 504/1019] 10.0.0.70 () {32 vars in 824 bytes} [Wed Jul 22 15:27:53 2026] GET /resource_providers/554a40c8-ffcb-453c-90e0-43b171b8b3ec/aggregates => generated 235 bytes in 9 msecs (HTTP/1.1 404) 5 headers in 202 bytes (1 switches on core 0)
2026-07-22 15:27:53.465 8 INFO placement.requestlog [None req-75fbe8b4-741d-41ac-a780-9491d50f94aa e62eee8fa42a4163a3ae678d2c8ae9aa 86e0e1c0a1f14810805148bd2196cbdc - - e37e2322584140228abb0979f9eb5225 e37e2322584140228abb0979f9eb5225] 10.0.0.70 "DELETE /resource_providers/554a40c8-ffcb-453c-90e0-43b171b8b3ec" status: 404 len: 246 microversion: 1.1 [pid: 8|app: 0|req: 505/1020] 10.0.0.70 () {34 vars in 824 bytes} [Wed Jul 22 15:27:53 2026] DELETE /resource_providers/554a40c8-ffcb-453c-90e0-43b171b8b3ec => generated 246 bytes in 10 msecs (HTTP/1.1 404) 6 headers in 231 bytes (1 switches on core 0)
2026-07-22 15:27:53.467 7 INFO placement.requestlog [None req-fae14c06-408f-4d8d-ae89-dc03fae21d77 e62eee8fa42a4163a3ae678d2c8ae9aa 86e0e1c0a1f14810805148bd2196cbdc - - e37e2322584140228abb0979f9eb5225 e37e2322584140228abb0979f9eb5225] 10.0.0.70 "DELETE /resource_providers/554a40c8-ffcb-453c-90e0-43b171b8b3ec" status: 404 len: 246 microversion: 1.1 [pid: 7|app: 0|req: 516/1021] 10.0.0.70 () {34 vars in 824 bytes} [Wed Jul 22 15:27:53 2026] DELETE /resource_providers/554a40c8-ffcb-453c-90e0-43b171b8b3ec => generated 246 bytes in 12 msecs (HTTP/1.1 404) 6 headers in 231 bytes (1 switches on core 0)
2026-07-22 15:27:53.487 8 INFO placement.requestlog [None req-84d85122-7a94-464b-9b38-4eafec1069b2 e62eee8fa42a4163a3ae678d2c8ae9aa 86e0e1c0a1f14810805148bd2196cbdc - - e37e2322584140228abb0979f9eb5225 e37e2322584140228abb0979f9eb5225] 10.0.0.70 "GET /resource_providers/2199adc8-9052-44c0-b2ad-27dac6c0039f/aggregates" status: 404 len: 235 microversion: 1.1 [pid: 8|app: 0|req: 506/1022] 10.0.0.70 () {32 vars in 824 bytes} [Wed Jul 22 15:27:53 2026] GET /resource_providers/2199adc8-9052-44c0-b2ad-27dac6c0039f/aggregates => generated 235 bytes in 13 msecs (HTTP/1.1 404) 5 headers in 202 bytes (1 switches on core 0)
2026-07-22 15:27:53.496 7 INFO placement.requestlog [None req-b896951d-3c50-436f-bb60-ec707f7771e2 e62eee8fa42a4163a3ae678d2c8ae9aa 86e0e1c0a1f14810805148bd2196cbdc - - e37e2322584140228abb0979f9eb5225 e37e2322584140228abb0979f9eb5225] 10.0.0.70 "GET /resource_providers/2199adc8-9052-44c0-b2ad-27dac6c0039f/aggregates" status: 404 len: 235 microversion: 1.1 [pid: 7|app: 0|req: 517/1023] 10.0.0.70 () {32 vars in 824 bytes} [Wed Jul 22 15:27:53 2026] GET /resource_providers/2199adc8-9052-44c0-b2ad-27dac6c0039f/aggregates => generated 235 bytes in 17 msecs (HTTP/1.1 404) 5 headers in 202 bytes (1 switches on core 0)
2026-07-22 15:27:53.503 8 INFO placement.requestlog [None req-5b0e888f-37e8-41bf-b067-69673b012f3d e62eee8fa42a4163a3ae678d2c8ae9aa 86e0e1c0a1f14810805148bd2196cbdc - - e37e2322584140228abb0979f9eb5225 e37e2322584140228abb0979f9eb5225] 10.0.0.70 "DELETE /resource_providers/2199adc8-9052-44c0-b2ad-27dac6c0039f" status: 404 len: 246 microversion: 1.1 [pid: 8|app: 0|req: 507/1024] 10.0.0.70 () {34 vars in 824 bytes} [Wed Jul 22 15:27:53 2026] DELETE /resource_providers/2199adc8-9052-44c0-b2ad-27dac6c0039f => generated 246 bytes in 11 msecs (HTTP/1.1 404) 6 headers in 231 bytes (1 switches on core 0)
2026-07-22 15:27:53.515 7 INFO placement.requestlog [None req-ffc03249-ac18-49f8-ac5e-3cd442273d2d e62eee8fa42a4163a3ae678d2c8ae9aa 86e0e1c0a1f14810805148bd2196cbdc - - e37e2322584140228abb0979f9eb5225 e37e2322584140228abb0979f9eb5225] 10.0.0.70 "DELETE /resource_providers/2199adc8-9052-44c0-b2ad-27dac6c0039f" status: 404 len: 246 microversion: 1.1 [pid: 7|app: 0|req: 518/1025] 10.0.0.70 () {34 vars in 824 bytes} [Wed Jul 22 15:27:53 2026] DELETE /resource_providers/2199adc8-9052-44c0-b2ad-27dac6c0039f => generated 246 bytes in 14 msecs (HTTP/1.1 404) 6 headers in 231 bytes (1 switches on core 0)
2026-07-22 15:27:53.523 8 INFO placement.requestlog [None req-1b98ab66-62ad-435c-9627-7b6539658f53 e62eee8fa42a4163a3ae678d2c8ae9aa 86e0e1c0a1f14810805148bd2196cbdc - - e37e2322584140228abb0979f9eb5225 e37e2322584140228abb0979f9eb5225] 10.0.0.70 "GET /resource_providers/9cfd416f-0d35-4dd9-93eb-11de1aa5aa88/aggregates" status: 404 len: 235 microversion: 1.1 [pid: 8|app: 0|req: 508/1026] 10.0.0.70 () {32 vars in 824 bytes} [Wed Jul 22 15:27:53 2026] GET /resource_providers/9cfd416f-0d35-4dd9-93eb-11de1aa5aa88/aggregates => generated 235 bytes in 14 msecs (HTTP/1.1 404) 5 headers in 202 bytes (1 switches on core 0)
2026-07-22 15:27:53.542 8 INFO placement.requestlog [None req-93d945a5-f51c-4eb7-8af8-0a17c3fe7e0c e62eee8fa42a4163a3ae678d2c8ae9aa 86e0e1c0a1f14810805148bd2196cbdc - - e37e2322584140228abb0979f9eb5225 e37e2322584140228abb0979f9eb5225] 10.0.0.70 "DELETE /resource_providers/9cfd416f-0d35-4dd9-93eb-11de1aa5aa88" status: 404 len: 246 microversion: 1.1 [pid: 8|app: 0|req: 509/1027] 10.0.0.70 () {34 vars in 824 bytes} [Wed Jul 22 15:27:53 2026] DELETE /resource_providers/9cfd416f-0d35-4dd9-93eb-11de1aa5aa88 => generated 246 bytes in 10 msecs (HTTP/1.1 404) 6 headers in 231 bytes (1 switches on core 0)
2026-07-22 15:27:53.543 7 INFO placement.requestlog [None req-8dc63aff-542e-475e-a42f-c90e6ceaa1fd e62eee8fa42a4163a3ae678d2c8ae9aa 86e0e1c0a1f14810805148bd2196cbdc - - e37e2322584140228abb0979f9eb5225 e37e2322584140228abb0979f9eb5225] 10.0.0.70 "GET /resource_providers/9cfd416f-0d35-4dd9-93eb-11de1aa5aa88/aggregates" status: 404 len: 235 microversion: 1.1 [pid: 7|app: 0|req: 519/1028] 10.0.0.70 () {32 vars in 824 bytes} [Wed Jul 22 15:27:53 2026] GET /resource_providers/9cfd416f-0d35-4dd9-93eb-11de1aa5aa88/aggregates => generated 235 bytes in 12 msecs (HTTP/1.1 404) 5 headers in 202 bytes (1 switches on core 0)
2026-07-22 15:27:53.559 8 INFO placement.requestlog [None req-98e5b252-64ac-40dd-8c7a-d4e7dc96f97e e62eee8fa42a4163a3ae678d2c8ae9aa 86e0e1c0a1f14810805148bd2196cbdc - - e37e2322584140228abb0979f9eb5225 e37e2322584140228abb0979f9eb5225] 10.0.0.70 "DELETE /resource_providers/9cfd416f-0d35-4dd9-93eb-11de1aa5aa88" status: 404 len: 246 microversion: 1.1 [pid: 8|app: 0|req: 510/1029] 10.0.0.70 () {34 vars in 824 bytes} [Wed Jul 22 15:27:53 2026] DELETE /resource_providers/9cfd416f-0d35-4dd9-93eb-11de1aa5aa88 => generated 246 bytes in 10 msecs (HTTP/1.1 404) 6 headers in 231 bytes (1 switches on core 0)
2026-07-22 15:28:01.206 8 INFO placement.requestlog [None req-a803e0b0-57b5-4291-9241-9454595e8ce1 - - - - - -] 10.0.0.106 "GET /" status: 200 len: 136 microversion: 1.0
2026-07-22 15:28:01.206 7 INFO placement.requestlog [None req-1eb0fdbb-8d9e-46c1-a7e8-25cc20173ccf - - - - - -] 10.0.0.106 "GET /" status: 200 len: 136 microversion: 1.0
2026-07-22 15:28:01.763 8 INFO placement.requestlog [None req-7953b733-34a1-4067-9639-8a9517421259 e62eee8fa42a4163a3ae678d2c8ae9aa 86e0e1c0a1f14810805148bd2196cbdc - - e37e2322584140228abb0979f9eb5225 e37e2322584140228abb0979f9eb5225] 10.0.0.70 "GET /resource_providers/9796c4d6-7a09-4992-82a6-70195e1fe8ea/aggregates" status: 404 len: 235 microversion: 1.1 [pid: 8|app: 0|req: 512/1032] 10.0.0.70 () {32 vars in 824 bytes} [Wed Jul 22 15:28:01 2026] GET /resource_providers/9796c4d6-7a09-4992-82a6-70195e1fe8ea/aggregates => generated 235 bytes in 8 msecs (HTTP/1.1 404) 5 headers in 202 bytes (1 switches on core 0)
2026-07-22 15:28:01.771 7 INFO placement.requestlog [None req-75c674b9-01a4-430e-b8f2-35df5bea5c20 e62eee8fa42a4163a3ae678d2c8ae9aa 86e0e1c0a1f14810805148bd2196cbdc - - e37e2322584140228abb0979f9eb5225 e37e2322584140228abb0979f9eb5225] 10.0.0.70 "GET /resource_providers/9796c4d6-7a09-4992-82a6-70195e1fe8ea/aggregates" status: 404 len: 235 microversion: 1.1 [pid: 7|app: 0|req: 521/1033] 10.0.0.70 () {32 vars in 824 bytes} [Wed Jul 22 15:28:01 2026] GET /resource_providers/9796c4d6-7a09-4992-82a6-70195e1fe8ea/aggregates => generated 235 bytes in 16 msecs (HTTP/1.1 404) 5 headers in 202 bytes (1 switches on core 0)
2026-07-22 15:28:02.024 8 INFO placement.requestlog [None req-026861bf-22dc-422a-946a-e513a71c1122 e62eee8fa42a4163a3ae678d2c8ae9aa 86e0e1c0a1f14810805148bd2196cbdc - - e37e2322584140228abb0979f9eb5225 e37e2322584140228abb0979f9eb5225] 10.0.0.70 "DELETE /resource_providers/9796c4d6-7a09-4992-82a6-70195e1fe8ea" status: 404 len: 246 microversion: 1.1 [pid: 8|app: 0|req: 513/1034] 10.0.0.70 () {34 vars in 824 bytes} [Wed Jul 22 15:28:02 2026] DELETE /resource_providers/9796c4d6-7a09-4992-82a6-70195e1fe8ea => generated 246 bytes in 11 msecs (HTTP/1.1 404) 6 headers in 231 bytes (1 switches on core 0)
2026-07-22 15:28:02.028 7 INFO placement.requestlog [None req-161b50e9-b02d-4202-89f8-2b44f35b3a53 e62eee8fa42a4163a3ae678d2c8ae9aa 86e0e1c0a1f14810805148bd2196cbdc - - e37e2322584140228abb0979f9eb5225 e37e2322584140228abb0979f9eb5225] 10.0.0.70 "DELETE /resource_providers/9796c4d6-7a09-4992-82a6-70195e1fe8ea" status: 404 len: 246 microversion: 1.1 [pid: 7|app: 0|req: 522/1035] 10.0.0.70 () {34 vars in 824 bytes} [Wed Jul 22 15:28:02 2026] DELETE /resource_providers/9796c4d6-7a09-4992-82a6-70195e1fe8ea => generated 246 bytes in 9 msecs (HTTP/1.1 404) 6 headers in 231 bytes (1 switches on core 0)
2026-07-22 15:28:02.453 8 INFO placement.requestlog [None req-f3f1237a-ee12-4e8f-a6a9-8731ddcbfa54 e62eee8fa42a4163a3ae678d2c8ae9aa 86e0e1c0a1f14810805148bd2196cbdc - - e37e2322584140228abb0979f9eb5225 e37e2322584140228abb0979f9eb5225] 10.0.0.70 "GET /resource_providers/b4d139a3-0f4c-4527-bb8b-32a299a04f63/aggregates" status: 404 len: 235 microversion: 1.1 [pid: 8|app: 0|req: 514/1036] 10.0.0.70 () {32 vars in 824 bytes} [Wed Jul 22 15:28:02 2026] GET /resource_providers/b4d139a3-0f4c-4527-bb8b-32a299a04f63/aggregates => generated 235 bytes in 8 msecs (HTTP/1.1 404) 5 headers in 202 bytes (1 switches on core 0)
2026-07-22 15:28:02.455 7 INFO placement.requestlog [None req-fa1fd98d-dbfe-4cc3-a1ba-57f0b5a20745 e62eee8fa42a4163a3ae678d2c8ae9aa 86e0e1c0a1f14810805148bd2196cbdc - - e37e2322584140228abb0979f9eb5225 e37e2322584140228abb0979f9eb5225] 10.0.0.70 "GET /resource_providers/b4d139a3-0f4c-4527-bb8b-32a299a04f63/aggregates" status: 404 len: 235 microversion: 1.1 [pid: 7|app: 0|req: 523/1037] 10.0.0.70 () {32 vars in 824 bytes} [Wed Jul 22 15:28:02 2026] GET /resource_providers/b4d139a3-0f4c-4527-bb8b-32a299a04f63/aggregates => generated 235 bytes in 10 msecs (HTTP/1.1 404) 5 headers in 202 bytes (1 switches on core 0)
2026-07-22 15:28:02.484 8 INFO placement.requestlog [None req-d76d8245-2809-4307-909a-3a4242141e68 e62eee8fa42a4163a3ae678d2c8ae9aa 86e0e1c0a1f14810805148bd2196cbdc - - e37e2322584140228abb0979f9eb5225 e37e2322584140228abb0979f9eb5225] 10.0.0.70 "DELETE /resource_providers/b4d139a3-0f4c-4527-bb8b-32a299a04f63" status: 404 len: 246 microversion: 1.1 [pid: 8|app: 0|req: 515/1038] 10.0.0.70 () {34 vars in 824 bytes} [Wed Jul 22 15:28:02 2026] DELETE /resource_providers/b4d139a3-0f4c-4527-bb8b-32a299a04f63 => generated 246 bytes in 11 msecs (HTTP/1.1 404) 6 headers in 231 bytes (1 switches on core 0)
2026-07-22 15:28:02.488 7 INFO placement.requestlog [None req-f59ef33f-a3dc-47c8-88a9-f6dceebf7b79 e62eee8fa42a4163a3ae678d2c8ae9aa 86e0e1c0a1f14810805148bd2196cbdc - - e37e2322584140228abb0979f9eb5225 e37e2322584140228abb0979f9eb5225] 10.0.0.70 "DELETE /resource_providers/b4d139a3-0f4c-4527-bb8b-32a299a04f63" status: 404 len: 246 microversion: 1.1 [pid: 7|app: 0|req: 524/1039] 10.0.0.70 () {34 vars in 824 bytes} [Wed Jul 22 15:28:02 2026] DELETE /resource_providers/b4d139a3-0f4c-4527-bb8b-32a299a04f63 => generated 246 bytes in 14 msecs (HTTP/1.1 404) 6 headers in 231 bytes (1 switches on core 0)
2026-07-22 15:28:04.046 8 INFO placement.requestlog [None req-3ea4c690-bbc6-40ae-b442-d0e585768d29 e62eee8fa42a4163a3ae678d2c8ae9aa 86e0e1c0a1f14810805148bd2196cbdc - - e37e2322584140228abb0979f9eb5225 e37e2322584140228abb0979f9eb5225] 10.0.0.70 "GET /resource_providers/2846b3ec-78f2-4d58-a1de-83fcc42e9146/aggregates" status: 404 len: 235 microversion: 1.1 [pid: 8|app: 0|req: 516/1040] 10.0.0.70 () {32 vars in 824 bytes} [Wed Jul 22 15:28:04 2026] GET /resource_providers/2846b3ec-78f2-4d58-a1de-83fcc42e9146/aggregates => generated 235 bytes in 13 msecs (HTTP/1.1 404) 5 headers in 202 bytes (1 switches on core 0)
2026-07-22 15:28:04.049 7 INFO placement.requestlog [None req-a570e9a6-68ef-4bbf-ae15-2243e76be327 e62eee8fa42a4163a3ae678d2c8ae9aa 86e0e1c0a1f14810805148bd2196cbdc - - e37e2322584140228abb0979f9eb5225 e37e2322584140228abb0979f9eb5225] 10.0.0.70 "GET /resource_providers/2846b3ec-78f2-4d58-a1de-83fcc42e9146/aggregates" status: 404 len: 235 microversion: 1.1 [pid: 7|app: 0|req: 525/1041] 10.0.0.70 () {32 vars in 824 bytes} [Wed Jul 22 15:28:04 2026] GET /resource_providers/2846b3ec-78f2-4d58-a1de-83fcc42e9146/aggregates => generated 235 bytes in 12 msecs (HTTP/1.1 404) 5 headers in 202 bytes (1 switches on core 0)
2026-07-22 15:28:04.069 8 INFO placement.requestlog [None req-6604f167-b427-4744-9e69-5164dcf5b995 e62eee8fa42a4163a3ae678d2c8ae9aa 86e0e1c0a1f14810805148bd2196cbdc - - e37e2322584140228abb0979f9eb5225 e37e2322584140228abb0979f9eb5225] 10.0.0.70 "DELETE /resource_providers/2846b3ec-78f2-4d58-a1de-83fcc42e9146" status: 404 len: 246 microversion: 1.1 [pid: 8|app: 0|req: 517/1042] 10.0.0.70 () {34 vars in 824 bytes} [Wed Jul 22 15:28:04 2026] DELETE /resource_providers/2846b3ec-78f2-4d58-a1de-83fcc42e9146 => generated 246 bytes in 15 msecs (HTTP/1.1 404) 6 headers in 231 bytes (1 switches on core 0)
2026-07-22 15:28:04.075 7 INFO placement.requestlog [None req-f23f54af-c8cf-4532-bffd-4c4a763dc333 e62eee8fa42a4163a3ae678d2c8ae9aa 86e0e1c0a1f14810805148bd2196cbdc - - e37e2322584140228abb0979f9eb5225 e37e2322584140228abb0979f9eb5225] 10.0.0.70 "DELETE /resource_providers/2846b3ec-78f2-4d58-a1de-83fcc42e9146" status: 404 len: 246 microversion: 1.1 [pid: 7|app: 0|req: 526/1043] 10.0.0.70 () {34 vars in 824 bytes} [Wed Jul 22 15:28:04 2026] DELETE /resource_providers/2846b3ec-78f2-4d58-a1de-83fcc42e9146 => generated 246 bytes in 13 msecs (HTTP/1.1 404) 6 headers in 231 bytes (1 switches on core 0)
2026-07-22 15:28:04.088 8 INFO placement.requestlog [None req-bebaecf6-1a10-4d83-b372-0d3d679659a7 e62eee8fa42a4163a3ae678d2c8ae9aa 86e0e1c0a1f14810805148bd2196cbdc - - e37e2322584140228abb0979f9eb5225 e37e2322584140228abb0979f9eb5225] 10.0.0.70 "GET /resource_providers/88c99157-466e-47f8-88d4-2c6d22f15a81/aggregates" status: 404 len: 235 microversion: 1.1 [pid: 8|app: 0|req: 518/1044] 10.0.0.70 () {32 vars in 824 bytes} [Wed Jul 22 15:28:04 2026] GET /resource_providers/88c99157-466e-47f8-88d4-2c6d22f15a81/aggregates => generated 235 bytes in 12 msecs (HTTP/1.1 404) 5 headers in 202 bytes (1 switches on core 0)
2026-07-22 15:28:04.116 7 INFO placement.requestlog [None req-6f6b7720-6b18-4d5f-9380-b58d7fc64228 e62eee8fa42a4163a3ae678d2c8ae9aa 86e0e1c0a1f14810805148bd2196cbdc - - e37e2322584140228abb0979f9eb5225 e37e2322584140228abb0979f9eb5225] 10.0.0.70 "GET /resource_providers/88c99157-466e-47f8-88d4-2c6d22f15a81/aggregates" status: 404 len: 235 microversion: 1.1 [pid: 7|app: 0|req: 527/1045] 10.0.0.70 () {32 vars in 824 bytes} [Wed Jul 22 15:28:04 2026] GET /resource_providers/88c99157-466e-47f8-88d4-2c6d22f15a81/aggregates => generated 235 bytes in 21 msecs (HTTP/1.1 404) 5 headers in 202 bytes (1 switches on core 0)
2026-07-22 15:28:04.121 8 INFO placement.requestlog [None req-d14a6e51-374e-40e8-8709-28ad9832b27b e62eee8fa42a4163a3ae678d2c8ae9aa 86e0e1c0a1f14810805148bd2196cbdc - - e37e2322584140228abb0979f9eb5225 e37e2322584140228abb0979f9eb5225] 10.0.0.70 "DELETE /resource_providers/88c99157-466e-47f8-88d4-2c6d22f15a81" status: 404 len: 246 microversion: 1.1 [pid: 8|app: 0|req: 519/1046] 10.0.0.70 () {34 vars in 824 bytes} [Wed Jul 22 15:28:04 2026] DELETE /resource_providers/88c99157-466e-47f8-88d4-2c6d22f15a81 => generated 246 bytes in 19 msecs (HTTP/1.1 404) 6 headers in 231 bytes (1 switches on core 0)
2026-07-22 15:28:04.137 7 INFO placement.requestlog [None req-80893f98-6084-4273-bd83-b69499a880a2 e62eee8fa42a4163a3ae678d2c8ae9aa 86e0e1c0a1f14810805148bd2196cbdc - - e37e2322584140228abb0979f9eb5225 e37e2322584140228abb0979f9eb5225] 10.0.0.70 "DELETE /resource_providers/88c99157-466e-47f8-88d4-2c6d22f15a81" status: 404 len: 246 microversion: 1.1 [pid: 7|app: 0|req: 528/1047] 10.0.0.70 () {34 vars in 824 bytes} [Wed Jul 22 15:28:04 2026] DELETE /resource_providers/88c99157-466e-47f8-88d4-2c6d22f15a81 => generated 246 bytes in 11 msecs (HTTP/1.1 404) 6 headers in 231 bytes (1 switches on core 0)
2026-07-22 15:28:04.507 8 INFO placement.requestlog [None req-c53e6d9a-c91d-41a4-ba5f-f5f358e640a1 e62eee8fa42a4163a3ae678d2c8ae9aa 86e0e1c0a1f14810805148bd2196cbdc - - e37e2322584140228abb0979f9eb5225 e37e2322584140228abb0979f9eb5225] 10.0.0.70 "GET /resource_providers/ceb5f964-b6f3-49c3-8e72-6fc40d7c843c/aggregates" status: 404 len: 235 microversion: 1.1 [pid: 8|app: 0|req: 520/1048] 10.0.0.70 () {32 vars in 824 bytes} [Wed Jul 22 15:28:04 2026] GET /resource_providers/ceb5f964-b6f3-49c3-8e72-6fc40d7c843c/aggregates => generated 235 bytes in 12 msecs (HTTP/1.1 404) 5 headers in 202 bytes (1 switches on core 0)
2026-07-22 15:28:04.519 7 INFO placement.requestlog [None req-3bf29b51-ebaf-4fe8-bee9-e2a09fab9ba5 e62eee8fa42a4163a3ae678d2c8ae9aa 86e0e1c0a1f14810805148bd2196cbdc - - e37e2322584140228abb0979f9eb5225 e37e2322584140228abb0979f9eb5225] 10.0.0.70 "GET /resource_providers/ceb5f964-b6f3-49c3-8e72-6fc40d7c843c/aggregates" status: 404 len: 235 microversion: 1.1 [pid: 7|app: 0|req: 529/1049] 10.0.0.70 () {32 vars in 824 bytes} [Wed Jul 22 15:28:04 2026] GET /resource_providers/ceb5f964-b6f3-49c3-8e72-6fc40d7c843c/aggregates => generated 235 bytes in 17 msecs (HTTP/1.1 404) 5 headers in 202 bytes (1 switches on core 0)
2026-07-22 15:28:04.527 8 INFO placement.requestlog [None req-e56bb086-df9c-4f4e-a67c-549c1523bac3 e62eee8fa42a4163a3ae678d2c8ae9aa 86e0e1c0a1f14810805148bd2196cbdc - - e37e2322584140228abb0979f9eb5225 e37e2322584140228abb0979f9eb5225] 10.0.0.70 "DELETE /resource_providers/ceb5f964-b6f3-49c3-8e72-6fc40d7c843c" status: 404 len: 246 microversion: 1.1 [pid: 8|app: 0|req: 521/1050] 10.0.0.70 () {34 vars in 824 bytes} [Wed Jul 22 15:28:04 2026] DELETE /resource_providers/ceb5f964-b6f3-49c3-8e72-6fc40d7c843c => generated 246 bytes in 13 msecs (HTTP/1.1 404) 6 headers in 231 bytes (1 switches on core 0)
2026-07-22 15:28:04.549 7 INFO placement.requestlog [None req-572326f5-424a-4b14-a50f-240aec423117 e62eee8fa42a4163a3ae678d2c8ae9aa 86e0e1c0a1f14810805148bd2196cbdc - - e37e2322584140228abb0979f9eb5225 e37e2322584140228abb0979f9eb5225] 10.0.0.70 "DELETE /resource_providers/ceb5f964-b6f3-49c3-8e72-6fc40d7c843c" status: 404 len: 246 microversion: 1.1 [pid: 7|app: 0|req: 530/1051] 10.0.0.70 () {34 vars in 824 bytes} [Wed Jul 22 15:28:04 2026] DELETE /resource_providers/ceb5f964-b6f3-49c3-8e72-6fc40d7c843c => generated 246 bytes in 24 msecs (HTTP/1.1 404) 6 headers in 231 bytes (1 switches on core 0)
2026-07-22 15:28:07.814 8 INFO placement.requestlog [req-5bd36bda-54d1-4fc6-8d18-04e3f626482f req-9a1985bd-de1c-46cc-89bf-00c97cb1ecca aa6faaaee05b4362b869bfc6dae680be 86e0e1c0a1f14810805148bd2196cbdc - - e37e2322584140228abb0979f9eb5225 e37e2322584140228abb0979f9eb5225] 199.204.45.95 "GET /resource_providers/283521df-9641-45a1-ae4f-ca27220547e6/allocations" status: 200 len: 253 microversion: 1.0 [pid: 8|app: 0|req: 522/1052] 199.204.45.95 () {32 vars in 856 bytes} [Wed Jul 22 15:28:07 2026] GET /resource_providers/283521df-9641-45a1-ae4f-ca27220547e6/allocations => generated 253 bytes in 18 msecs (HTTP/1.1 200) 6 headers in 224 bytes (1 switches on core 0)
2026-07-22 15:28:07.837 7 INFO placement.requestlog [req-5bd36bda-54d1-4fc6-8d18-04e3f626482f req-12c6770c-1c96-4f5a-851c-8e22ebc7442c aa6faaaee05b4362b869bfc6dae680be 86e0e1c0a1f14810805148bd2196cbdc - - e37e2322584140228abb0979f9eb5225 e37e2322584140228abb0979f9eb5225] 199.204.45.95 "GET /allocations/46c4fc23-d2de-40b9-b54c-8331885a8b0b" status: 200 len: 258 microversion: 1.28 [pid: 7|app: 0|req: 531/1053] 199.204.45.95 () {34 vars in 862 bytes} [Wed Jul 22 15:28:07 2026] GET /allocations/46c4fc23-d2de-40b9-b54c-8331885a8b0b => generated 258 bytes in 18 msecs (HTTP/1.1 200) 8 headers in 296 bytes (1 switches on core 0)
2026-07-22 15:28:07.855 8 INFO placement.requestlog [req-5bd36bda-54d1-4fc6-8d18-04e3f626482f req-dc08813e-6409-4b76-ad9b-92a1a154ca19 aa6faaaee05b4362b869bfc6dae680be 86e0e1c0a1f14810805148bd2196cbdc - - e37e2322584140228abb0979f9eb5225 e37e2322584140228abb0979f9eb5225] 199.204.45.95 "GET /allocations/4d9beabe-d750-4599-822a-10930d4a493f" status: 200 len: 258 microversion: 1.28 [pid: 8|app: 0|req: 523/1054] 199.204.45.95 () {34 vars in 862 bytes} [Wed Jul 22 15:28:07 2026] GET /allocations/4d9beabe-d750-4599-822a-10930d4a493f => generated 258 bytes in 12 msecs (HTTP/1.1 200) 8 headers in 296 bytes (1 switches on core 0)
2026-07-22 15:28:07.939 7 INFO placement.requestlog [req-5bd36bda-54d1-4fc6-8d18-04e3f626482f req-0e8b0ae7-7324-4b96-a11e-4c706e6b0d69 aa6faaaee05b4362b869bfc6dae680be 86e0e1c0a1f14810805148bd2196cbdc - - e37e2322584140228abb0979f9eb5225 e37e2322584140228abb0979f9eb5225] 199.204.45.95 "DELETE /allocations/4d9beabe-d750-4599-822a-10930d4a493f" status: 204 len: 0 microversion: 1.0 [pid: 7|app: 0|req: 532/1055] 199.204.45.95 () {34 vars in 840 bytes} [Wed Jul 22 15:28:07 2026] DELETE /allocations/4d9beabe-d750-4599-822a-10930d4a493f => generated 0 bytes in 28 msecs (HTTP/1.1 204) 5 headers in 198 bytes (1 switches on core 0)
