2026-07-22 15:20:51.206 7 INFO placement.requestlog [None req-81e0ad37-60c2-4c4d-a610-1c4ed6205326 - - - - - -] 10.0.0.106 "GET /" status: 200 len: 136 microversion: 1.0
2026-07-22 15:20:51.206 8 INFO placement.requestlog [None req-a716d5ab-5abe-4096-9bad-b07b7e355a52 - - - - - -] 10.0.0.106 "GET /" status: 200 len: 136 microversion: 1.0
2026-07-22 15:21:01.206 7 INFO placement.requestlog [None req-ff3f2d83-595c-4343-b4f2-4354f9ea99c5 - - - - - -] 10.0.0.106 "GET /" status: 200 len: 136 microversion: 1.0
2026-07-22 15:21:01.207 8 INFO placement.requestlog [None req-9d175298-10f6-42bb-85e1-ce22e64fbaf3 - - - - - -] 10.0.0.106 "GET /" status: 200 len: 136 microversion: 1.0
2026-07-22 15:21:11.207 7 INFO placement.requestlog [None req-d766f98c-ea9f-4b47-814c-6084efec7540 - - - - - -] 10.0.0.106 "GET /" status: 200 len: 136 microversion: 1.0
2026-07-22 15:21:11.207 8 INFO placement.requestlog [None req-99f81852-89f0-4488-b1b9-7948dc224d55 - - - - - -] 10.0.0.106 "GET /" status: 200 len: 136 microversion: 1.0
2026-07-22 15:21:21.207 8 INFO placement.requestlog [None req-2f61ad60-f323-4eb1-8cf8-743ff8cb9334 - - - - - -] 10.0.0.106 "GET /" status: 200 len: 136 microversion: 1.0
2026-07-22 15:21:21.207 7 INFO placement.requestlog [None req-95412697-3a6e-4306-9fdd-4732011a5feb - - - - - -] 10.0.0.106 "GET /" status: 200 len: 136 microversion: 1.0
2026-07-22 15:21:26.513 8 INFO placement.requestlog [req-9b9c3234-c365-4b86-8a21-188b4a3767e1 req-44d89833-eeef-4a42-a7db-065e450eff9d aa6faaaee05b4362b869bfc6dae680be 86e0e1c0a1f14810805148bd2196cbdc - - e37e2322584140228abb0979f9eb5225 e37e2322584140228abb0979f9eb5225] 199.204.45.95 "GET /resource_providers/283521df-9641-45a1-ae4f-ca27220547e6/allocations" status: 200 len: 54 microversion: 1.0 [pid: 8|app: 0|req: 301/602] 199.204.45.95 () {32 vars in 856 bytes} [Wed Jul 22 15:21:26 2026] GET /resource_providers/283521df-9641-45a1-ae4f-ca27220547e6/allocations => generated 54 bytes in 179 msecs (HTTP/1.1 200) 6 headers in 223 bytes (1 switches on core 0)
2026-07-22 15:21:26.551 7 INFO placement.requestlog [req-9b9c3234-c365-4b86-8a21-188b4a3767e1 req-1d347487-eba6-400c-aa73-d3fbf7659cc6 aa6faaaee05b4362b869bfc6dae680be 86e0e1c0a1f14810805148bd2196cbdc - - e37e2322584140228abb0979f9eb5225 e37e2322584140228abb0979f9eb5225] 199.204.45.95 "GET /resource_providers?in_tree=283521df-9641-45a1-ae4f-ca27220547e6" status: 200 len: 797 microversion: 1.14 [pid: 7|app: 0|req: 302/603] 199.204.45.95 () {34 vars in 891 bytes} [Wed Jul 22 15:21:26 2026] GET /resource_providers?in_tree=283521df-9641-45a1-ae4f-ca27220547e6 => generated 797 bytes in 26 msecs (HTTP/1.1 200) 6 headers in 225 bytes (1 switches on core 0)
2026-07-22 15:21:26.579 8 INFO placement.requestlog [req-9b9c3234-c365-4b86-8a21-188b4a3767e1 req-e25b4c5f-bd0d-4f30-a8bf-eb83c2d01239 aa6faaaee05b4362b869bfc6dae680be 86e0e1c0a1f14810805148bd2196cbdc - - e37e2322584140228abb0979f9eb5225 e37e2322584140228abb0979f9eb5225] 199.204.45.95 "GET /resource_providers/283521df-9641-45a1-ae4f-ca27220547e6/inventories" status: 200 len: 400 microversion: 1.0 [pid: 8|app: 0|req: 302/604] 199.204.45.95 () {32 vars in 856 bytes} [Wed Jul 22 15:21:26 2026] GET /resource_providers/283521df-9641-45a1-ae4f-ca27220547e6/inventories => generated 400 bytes in 15 msecs (HTTP/1.1 200) 6 headers in 224 bytes (1 switches on core 0)
2026-07-22 15:21:26.607 7 INFO placement.requestlog [req-9b9c3234-c365-4b86-8a21-188b4a3767e1 req-1ec8dc3f-ae55-45e0-9e8f-ab483c07252b aa6faaaee05b4362b869bfc6dae680be 86e0e1c0a1f14810805148bd2196cbdc - - e37e2322584140228abb0979f9eb5225 e37e2322584140228abb0979f9eb5225] 199.204.45.95 "GET /resource_providers/283521df-9641-45a1-ae4f-ca27220547e6/aggregates" status: 200 len: 53 microversion: 1.19 [pid: 7|app: 0|req: 303/605] 199.204.45.95 () {34 vars in 898 bytes} [Wed Jul 22 15:21:26 2026] GET /resource_providers/283521df-9641-45a1-ae4f-ca27220547e6/aggregates => generated 53 bytes in 17 msecs (HTTP/1.1 200) 8 headers in 295 bytes (1 switches on core 0)
2026-07-22 15:21:26.634 8 INFO placement.requestlog [req-9b9c3234-c365-4b86-8a21-188b4a3767e1 req-51d4ea25-daad-4069-a2fb-67ae10805bb7 aa6faaaee05b4362b869bfc6dae680be 86e0e1c0a1f14810805148bd2196cbdc - - e37e2322584140228abb0979f9eb5225 e37e2322584140228abb0979f9eb5225] 199.204.45.95 "GET /resource_providers/283521df-9641-45a1-ae4f-ca27220547e6/traits" status: 200 len: 1682 microversion: 1.6 [pid: 8|app: 0|req: 303/606] 199.204.45.95 () {34 vars in 889 bytes} [Wed Jul 22 15:21:26 2026] GET /resource_providers/283521df-9641-45a1-ae4f-ca27220547e6/traits => generated 1682 bytes in 19 msecs (HTTP/1.1 200) 6 headers in 225 bytes (1 switches on core 0)
2026-07-22 15:21:26.655 7 INFO placement.requestlog [req-9b9c3234-c365-4b86-8a21-188b4a3767e1 req-952eb435-bbdf-4957-a718-05705d49071a aa6faaaee05b4362b869bfc6dae680be 86e0e1c0a1f14810805148bd2196cbdc - - e37e2322584140228abb0979f9eb5225 e37e2322584140228abb0979f9eb5225] 199.204.45.95 "GET /resource_providers/283521df-9641-45a1-ae4f-ca27220547e6/allocations" status: 200 len: 54 microversion: 1.0 [pid: 7|app: 0|req: 304/607] 199.204.45.95 () {32 vars in 856 bytes} [Wed Jul 22 15:21:26 2026] GET /resource_providers/283521df-9641-45a1-ae4f-ca27220547e6/allocations => generated 54 bytes in 14 msecs (HTTP/1.1 200) 6 headers in 223 bytes (1 switches on core 0)
2026-07-22 15:21:31.206 8 INFO placement.requestlog [None req-cf1700bd-749a-446e-b648-8ecba604a803 - - - - - -] 10.0.0.106 "GET /" status: 200 len: 136 microversion: 1.0
2026-07-22 15:21:31.207 7 INFO placement.requestlog [None req-e3f1af52-f32a-4ee4-ba3d-75e01bde3d43 - - - - - -] 10.0.0.106 "GET /" status: 200 len: 136 microversion: 1.0
2026-07-22 15:21:41.207 7 INFO placement.requestlog [None req-13ce74ed-d9f9-4c4d-99d2-7b7c026a27c9 - - - - - -] 10.0.0.106 "GET /" status: 200 len: 136 microversion: 1.0
2026-07-22 15:21:41.207 8 INFO placement.requestlog [None req-00861c3b-2e33-44f9-bc33-3df4b4ef64ad - - - - - -] 10.0.0.106 "GET /" status: 200 len: 136 microversion: 1.0
2026-07-22 15:21:51.206 7 INFO placement.requestlog [None req-0f72e948-d9d1-4a30-8e0b-937e2027b99c - - - - - -] 10.0.0.106 "GET /" status: 200 len: 136 microversion: 1.0
2026-07-22 15:21:51.206 8 INFO placement.requestlog [None req-4795215e-e1aa-40b8-8a5e-aaab3f75a021 - - - - - -] 10.0.0.106 "GET /" status: 200 len: 136 microversion: 1.0
2026-07-22 15:22:01.207 8 INFO placement.requestlog [None req-f00c48c8-bd7b-4e7c-a4d4-489d77cc0098 - - - - - -] 10.0.0.106 "GET /" status: 200 len: 136 microversion: 1.0
2026-07-22 15:22:01.207 7 INFO placement.requestlog [None req-062c4f29-6dd0-48d4-8093-2c255cda66d8 - - - - - -] 10.0.0.106 "GET /" status: 200 len: 136 microversion: 1.0
2026-07-22 15:22:11.207 7 INFO placement.requestlog [None req-90973391-4ae1-4dbe-b2c9-4fb71c580734 - - - - - -] 10.0.0.106 "GET /" status: 200 len: 136 microversion: 1.0
2026-07-22 15:22:11.207 8 INFO placement.requestlog [None req-896c321e-893e-407e-9da6-6478eb67be79 - - - - - -] 10.0.0.106 "GET /" status: 200 len: 136 microversion: 1.0
2026-07-22 15:22:21.207 7 INFO placement.requestlog [None req-14ac8d26-1e32-4f4f-b77b-0e60b9af119a - - - - - -] 10.0.0.106 "GET /" status: 200 len: 136 microversion: 1.0
2026-07-22 15:22:21.207 8 INFO placement.requestlog [None req-867c08ee-00d2-4fd2-a4b8-741cd1bc88bf - - - - - -] 10.0.0.106 "GET /" status: 200 len: 136 microversion: 1.0
2026-07-22 15:22:28.524 7 INFO placement.requestlog [req-04c4500d-112a-47da-aaff-c9e4ecfdd0f4 req-9b878718-6d9a-4867-8187-5dd23fc123d6 aa6faaaee05b4362b869bfc6dae680be 86e0e1c0a1f14810805148bd2196cbdc - - e37e2322584140228abb0979f9eb5225 e37e2322584140228abb0979f9eb5225] 199.204.45.95 "GET /resource_providers/283521df-9641-45a1-ae4f-ca27220547e6/allocations" status: 200 len: 54 microversion: 1.0 [pid: 7|app: 0|req: 311/620] 199.204.45.95 () {32 vars in 856 bytes} [Wed Jul 22 15:22:28 2026] GET /resource_providers/283521df-9641-45a1-ae4f-ca27220547e6/allocations => generated 54 bytes in 18 msecs (HTTP/1.1 200) 6 headers in 223 bytes (1 switches on core 0)
2026-07-22 15:22:28.556 8 INFO placement.requestlog [req-04c4500d-112a-47da-aaff-c9e4ecfdd0f4 req-a018faea-c594-47eb-b5fa-d1b7971d9a9a aa6faaaee05b4362b869bfc6dae680be 86e0e1c0a1f14810805148bd2196cbdc - - e37e2322584140228abb0979f9eb5225 e37e2322584140228abb0979f9eb5225] 199.204.45.95 "GET /resource_providers/283521df-9641-45a1-ae4f-ca27220547e6/allocations" status: 200 len: 54 microversion: 1.0 [pid: 8|app: 0|req: 310/621] 199.204.45.95 () {32 vars in 856 bytes} [Wed Jul 22 15:22:28 2026] GET /resource_providers/283521df-9641-45a1-ae4f-ca27220547e6/allocations => generated 54 bytes in 21 msecs (HTTP/1.1 200) 6 headers in 223 bytes (1 switches on core 0)
2026-07-22 15:22:31.207 8 INFO placement.requestlog [None req-bf1672e9-006a-4fdb-ad80-bf3d485b75fa - - - - - -] 10.0.0.106 "GET /" status: 200 len: 136 microversion: 1.0
2026-07-22 15:22:31.208 7 INFO placement.requestlog [None req-5732c89c-37d6-43c5-a910-92597c22aa26 - - - - - -] 10.0.0.106 "GET /" status: 200 len: 136 microversion: 1.0
2026-07-22 15:22:41.206 8 INFO placement.requestlog [None req-dcc543e0-96b7-49f9-bcd8-5ef711e72e82 - - - - - -] 10.0.0.106 "GET /" status: 200 len: 136 microversion: 1.0
2026-07-22 15:22:41.207 7 INFO placement.requestlog [None req-46c1a8ee-ed5f-49b7-9886-b866a640b769 - - - - - -] 10.0.0.106 "GET /" status: 200 len: 136 microversion: 1.0
2026-07-22 15:22:51.207 8 INFO placement.requestlog [None req-1563e97c-b8b2-4670-b73c-0730d4778c97 - - - - - -] 10.0.0.106 "GET /" status: 200 len: 136 microversion: 1.0
2026-07-22 15:22:51.207 7 INFO placement.requestlog [None req-1e8c2fe3-b146-41f3-99d9-157d591a8199 - - - - - -] 10.0.0.106 "GET /" status: 200 len: 136 microversion: 1.0
2026-07-22 15:23:01.206 7 INFO placement.requestlog [None req-2bdc0d26-f7f8-46c2-9586-11a9102c38da - - - - - -] 10.0.0.106 "GET /" status: 200 len: 136 microversion: 1.0
2026-07-22 15:23:01.208 8 INFO placement.requestlog [None req-32669def-7adf-4c8b-8e9e-475289a3ebcf - - - - - -] 10.0.0.106 "GET /" status: 200 len: 136 microversion: 1.0
2026-07-22 15:23:11.206 8 INFO placement.requestlog [None req-4084ff12-ff41-4533-80c7-91240d4ecae5 - - - - - -] 10.0.0.106 "GET /" status: 200 len: 136 microversion: 1.0
2026-07-22 15:23:11.206 7 INFO placement.requestlog [None req-75f79818-d0d0-487f-9087-a915a7ec2f9e - - - - - -] 10.0.0.106 "GET /" status: 200 len: 136 microversion: 1.0
2026-07-22 15:23:21.207 7 INFO placement.requestlog [None req-c879857e-ab25-4e6e-bcbb-75cbb0ff0cf3 - - - - - -] 10.0.0.106 "GET /" status: 200 len: 136 microversion: 1.0
2026-07-22 15:23:21.207 8 INFO placement.requestlog [None req-b8404bc4-ac1c-4129-8bc0-8138ee96c53b - - - - - -] 10.0.0.106 "GET /" status: 200 len: 136 microversion: 1.0
2026-07-22 15:23:29.459 7 INFO placement.requestlog [req-902d6e83-42ab-49b6-aa2a-c432fbf95eeb req-06a56342-9867-4ff8-aca5-b3cbdf1aa564 aa6faaaee05b4362b869bfc6dae680be 86e0e1c0a1f14810805148bd2196cbdc - - e37e2322584140228abb0979f9eb5225 e37e2322584140228abb0979f9eb5225] 199.204.45.95 "GET /resource_providers/283521df-9641-45a1-ae4f-ca27220547e6/allocations" status: 200 len: 54 microversion: 1.0 [pid: 7|app: 0|req: 318/634] 199.204.45.95 () {32 vars in 856 bytes} [Wed Jul 22 15:23:29 2026] GET /resource_providers/283521df-9641-45a1-ae4f-ca27220547e6/allocations => generated 54 bytes in 17 msecs (HTTP/1.1 200) 6 headers in 223 bytes (1 switches on core 0)
2026-07-22 15:23:29.517 8 INFO placement.requestlog [req-902d6e83-42ab-49b6-aa2a-c432fbf95eeb req-351261d2-26e3-44f4-8ad5-810ecb222008 aa6faaaee05b4362b869bfc6dae680be 86e0e1c0a1f14810805148bd2196cbdc - - e37e2322584140228abb0979f9eb5225 e37e2322584140228abb0979f9eb5225] 199.204.45.95 "GET /resource_providers/283521df-9641-45a1-ae4f-ca27220547e6/allocations" status: 200 len: 54 microversion: 1.0 [pid: 8|app: 0|req: 317/635] 199.204.45.95 () {32 vars in 856 bytes} [Wed Jul 22 15:23:29 2026] GET /resource_providers/283521df-9641-45a1-ae4f-ca27220547e6/allocations => generated 54 bytes in 45 msecs (HTTP/1.1 200) 6 headers in 223 bytes (1 switches on core 0)
2026-07-22 15:23:31.206 7 INFO placement.requestlog [None req-4f3b406b-2cea-455e-baf1-5c802b896d09 - - - - - -] 10.0.0.106 "GET /" status: 200 len: 136 microversion: 1.0
2026-07-22 15:23:31.209 8 INFO placement.requestlog [None req-480e16d2-b008-4b8c-9e29-aecf763f91f1 - - - - - -] 10.0.0.106 "GET /" status: 200 len: 136 microversion: 1.0
2026-07-22 15:23:41.206 7 INFO placement.requestlog [None req-74a55832-e350-4d11-b5fb-f1ba49d5b5e9 - - - - - -] 10.0.0.106 "GET /" status: 200 len: 136 microversion: 1.0
2026-07-22 15:23:41.207 8 INFO placement.requestlog [None req-de09401c-e871-43b2-8536-122ea7b5b0e5 - - - - - -] 10.0.0.106 "GET /" status: 200 len: 136 microversion: 1.0
2026-07-22 15:23:51.206 7 INFO placement.requestlog [None req-cff1bc1f-5435-4a9e-acdf-551531006bbe - - - - - -] 10.0.0.106 "GET /" status: 200 len: 136 microversion: 1.0
2026-07-22 15:23:51.207 8 INFO placement.requestlog [None req-c1843ad3-edbd-4e27-8eca-00c680ec7730 - - - - - -] 10.0.0.106 "GET /" status: 200 len: 136 microversion: 1.0
2026-07-22 15:24:01.207 7 INFO placement.requestlog [None req-5332b310-9160-49f8-b0d4-0d0b5f4de617 - - - - - -] 10.0.0.106 "GET /" status: 200 len: 136 microversion: 1.0
2026-07-22 15:24:01.210 8 INFO placement.requestlog [None req-44034858-ed5c-4b72-ab9f-29e0ca77e279 - - - - - -] 10.0.0.106 "GET /" status: 200 len: 136 microversion: 1.0
2026-07-22 15:24:11.206 8 INFO placement.requestlog [None req-19a814e1-3858-4296-86bf-faeb07bae6c5 - - - - - -] 10.0.0.106 "GET /" status: 200 len: 136 microversion: 1.0
2026-07-22 15:24:11.206 7 INFO placement.requestlog [None req-0f672aad-163f-4c66-b75e-47b79f4b1d48 - - - - - -] 10.0.0.106 "GET /" status: 200 len: 136 microversion: 1.0
2026-07-22 15:24:21.206 7 INFO placement.requestlog [None req-f480a1f2-35fa-4f44-a603-16631f1d2be7 - - - - - -] 10.0.0.106 "GET /" status: 200 len: 136 microversion: 1.0
2026-07-22 15:24:21.207 8 INFO placement.requestlog [None req-fb0e3b1c-0c82-450e-87c0-6e62d9a4d9cf - - - - - -] 10.0.0.106 "GET /" status: 200 len: 136 microversion: 1.0
2026-07-22 15:24:29.782 7 INFO placement.requestlog [req-738e5df9-ca51-4090-b8f5-2aabc2600f97 req-dd374d39-bd77-4b07-946d-04b6c0d67e5b aa6faaaee05b4362b869bfc6dae680be 86e0e1c0a1f14810805148bd2196cbdc - - e37e2322584140228abb0979f9eb5225 e37e2322584140228abb0979f9eb5225] 10.0.0.226 "GET /allocation_candidates?limit=1000&resources=DISK_GB%3A1%2CMEMORY_MB%3A512%2CVCPU%3A1&root_required=%21COMPUTE_STATUS_DISABLED" status: 200 len: 2147 microversion: 1.36 [pid: 7|app: 0|req: 325/648] 10.0.0.226 () {34 vars in 1012 bytes} [Wed Jul 22 15:24:29 2026] GET /allocation_candidates?limit=1000&resources=DISK_GB%3A1%2CMEMORY_MB%3A512%2CVCPU%3A1&root_required=%21COMPUTE_STATUS_DISABLED => generated 2147 bytes in 184 msecs (HTTP/1.1 200) 8 headers in 297 bytes (1 switches on core 0)
2026-07-22 15:24:29.821 8 INFO placement.requestlog [req-738e5df9-ca51-4090-b8f5-2aabc2600f97 req-d2ca0ef9-47ad-4d3e-a50f-eab6371fb538 aa6faaaee05b4362b869bfc6dae680be 86e0e1c0a1f14810805148bd2196cbdc - - e37e2322584140228abb0979f9eb5225 e37e2322584140228abb0979f9eb5225] 10.0.0.226 "GET /allocations/d29c2153-2f6f-4652-bc3f-7f9edd1041d8" status: 200 len: 19 microversion: 1.28 [pid: 8|app: 0|req: 324/649] 10.0.0.226 () {34 vars in 861 bytes} [Wed Jul 22 15:24:29 2026] GET /allocations/d29c2153-2f6f-4652-bc3f-7f9edd1041d8 => generated 19 bytes in 14 msecs (HTTP/1.1 200) 8 headers in 295 bytes (1 switches on core 0)
2026-07-22 15:24:29.896 7 INFO placement.requestlog [req-738e5df9-ca51-4090-b8f5-2aabc2600f97 req-2a0167fb-2f13-46f5-b561-4a774f238567 aa6faaaee05b4362b869bfc6dae680be 86e0e1c0a1f14810805148bd2196cbdc - - e37e2322584140228abb0979f9eb5225 e37e2322584140228abb0979f9eb5225] 10.0.0.226 "PUT /allocations/d29c2153-2f6f-4652-bc3f-7f9edd1041d8" status: 204 len: 0 microversion: 1.36 [pid: 7|app: 0|req: 326/650] 10.0.0.226 () {38 vars in 914 bytes} [Wed Jul 22 15:24:29 2026] PUT /allocations/d29c2153-2f6f-4652-bc3f-7f9edd1041d8 => generated 0 bytes in 64 msecs (HTTP/1.1 204) 5 headers in 199 bytes (1 switches on core 0)
2026-07-22 15:24:30.423 8 INFO placement.requestlog [req-738e5df9-ca51-4090-b8f5-2aabc2600f97 req-7abce773-de22-4d8a-9091-821b5eb5ca4f aa6faaaee05b4362b869bfc6dae680be 86e0e1c0a1f14810805148bd2196cbdc - - e37e2322584140228abb0979f9eb5225 e37e2322584140228abb0979f9eb5225] 199.204.45.95 "GET /allocations/d29c2153-2f6f-4652-bc3f-7f9edd1041d8" status: 200 len: 257 microversion: 1.28 [pid: 8|app: 0|req: 325/651] 199.204.45.95 () {34 vars in 862 bytes} [Wed Jul 22 15:24:30 2026] GET /allocations/d29c2153-2f6f-4652-bc3f-7f9edd1041d8 => generated 257 bytes in 17 msecs (HTTP/1.1 200) 8 headers in 296 bytes (1 switches on core 0)
2026-07-22 15:24:30.573 7 INFO placement.requestlog [req-738e5df9-ca51-4090-b8f5-2aabc2600f97 req-922c1347-bfc5-426e-a0bc-ebbeb11828e3 aa6faaaee05b4362b869bfc6dae680be 86e0e1c0a1f14810805148bd2196cbdc - - e37e2322584140228abb0979f9eb5225 e37e2322584140228abb0979f9eb5225] 199.204.45.95 "GET /resource_providers/283521df-9641-45a1-ae4f-ca27220547e6/allocations" status: 200 len: 152 microversion: 1.0 [pid: 7|app: 0|req: 327/652] 199.204.45.95 () {32 vars in 856 bytes} [Wed Jul 22 15:24:30 2026] GET /resource_providers/283521df-9641-45a1-ae4f-ca27220547e6/allocations => generated 152 bytes in 19 msecs (HTTP/1.1 200) 6 headers in 224 bytes (1 switches on core 0)
2026-07-22 15:24:30.601 8 INFO placement.requestlog [req-738e5df9-ca51-4090-b8f5-2aabc2600f97 req-ee2b6732-1a2a-43d9-981c-92a51114cc09 aa6faaaee05b4362b869bfc6dae680be 86e0e1c0a1f14810805148bd2196cbdc - - e37e2322584140228abb0979f9eb5225 e37e2322584140228abb0979f9eb5225] 199.204.45.95 "GET /allocations/d29c2153-2f6f-4652-bc3f-7f9edd1041d8" status: 200 len: 257 microversion: 1.28 [pid: 8|app: 0|req: 326/653] 199.204.45.95 () {34 vars in 862 bytes} [Wed Jul 22 15:24:30 2026] GET /allocations/d29c2153-2f6f-4652-bc3f-7f9edd1041d8 => generated 257 bytes in 23 msecs (HTTP/1.1 200) 8 headers in 296 bytes (1 switches on core 0)
2026-07-22 15:24:30.859 7 INFO placement.requestlog [req-0ef18179-5776-4238-a162-4f994c78cfb0 req-31a186d8-b596-412e-b295-efe20be2c795 aa6faaaee05b4362b869bfc6dae680be 86e0e1c0a1f14810805148bd2196cbdc - - e37e2322584140228abb0979f9eb5225 e37e2322584140228abb0979f9eb5225] 199.204.45.95 "GET /resource_providers/283521df-9641-45a1-ae4f-ca27220547e6/allocations" status: 200 len: 152 microversion: 1.0 [pid: 7|app: 0|req: 328/654] 199.204.45.95 () {32 vars in 856 bytes} [Wed Jul 22 15:24:30 2026] GET /resource_providers/283521df-9641-45a1-ae4f-ca27220547e6/allocations => generated 152 bytes in 23 msecs (HTTP/1.1 200) 6 headers in 224 bytes (1 switches on core 0)
2026-07-22 15:24:30.884 8 INFO placement.requestlog [req-0ef18179-5776-4238-a162-4f994c78cfb0 req-76e6828c-5a2d-487f-9a2a-73ab9be59385 aa6faaaee05b4362b869bfc6dae680be 86e0e1c0a1f14810805148bd2196cbdc - - e37e2322584140228abb0979f9eb5225 e37e2322584140228abb0979f9eb5225] 199.204.45.95 "GET /resource_providers/283521df-9641-45a1-ae4f-ca27220547e6/allocations" status: 200 len: 152 microversion: 1.0 [pid: 8|app: 0|req: 327/655] 199.204.45.95 () {32 vars in 856 bytes} [Wed Jul 22 15:24:30 2026] GET /resource_providers/283521df-9641-45a1-ae4f-ca27220547e6/allocations => generated 152 bytes in 22 msecs (HTTP/1.1 200) 6 headers in 224 bytes (1 switches on core 0)
2026-07-22 15:24:30.912 7 INFO placement.requestlog [req-0ef18179-5776-4238-a162-4f994c78cfb0 req-14e1b630-fad1-4d33-9091-cf37a0ee9a4e aa6faaaee05b4362b869bfc6dae680be 86e0e1c0a1f14810805148bd2196cbdc - - e37e2322584140228abb0979f9eb5225 e37e2322584140228abb0979f9eb5225] 199.204.45.95 "GET /allocations/d29c2153-2f6f-4652-bc3f-7f9edd1041d8" status: 200 len: 257 microversion: 1.28 [pid: 7|app: 0|req: 329/656] 199.204.45.95 () {34 vars in 862 bytes} [Wed Jul 22 15:24:30 2026] GET /allocations/d29c2153-2f6f-4652-bc3f-7f9edd1041d8 => generated 257 bytes in 16 msecs (HTTP/1.1 200) 8 headers in 296 bytes (1 switches on core 0)
2026-07-22 15:24:31.206 8 INFO placement.requestlog [None req-3eaf8b24-50c8-4f42-87e4-586b869a7e2f - - - - - -] 10.0.0.106 "GET /" status: 200 len: 136 microversion: 1.0
2026-07-22 15:24:31.207 7 INFO placement.requestlog [None req-371a0886-711e-488f-8135-fd3910056392 - - - - - -] 10.0.0.106 "GET /" status: 200 len: 136 microversion: 1.0
2026-07-22 15:24:34.919 7 INFO placement.requestlog [None req-c175e398-3b12-4e60-a2fd-8a65866c916b e62eee8fa42a4163a3ae678d2c8ae9aa 86e0e1c0a1f14810805148bd2196cbdc - - e37e2322584140228abb0979f9eb5225 e37e2322584140228abb0979f9eb5225] 10.0.0.70 "GET /resource_providers/a4d5a871-09c8-4e29-988e-744db1c6e977/aggregates" status: 404 len: 235 microversion: 1.1 [pid: 7|app: 0|req: 331/659] 10.0.0.70 () {32 vars in 824 bytes} [Wed Jul 22 15:24:34 2026] GET /resource_providers/a4d5a871-09c8-4e29-988e-744db1c6e977/aggregates => generated 235 bytes in 57 msecs (HTTP/1.1 404) 5 headers in 202 bytes (1 switches on core 0)
2026-07-22 15:24:34.925 8 INFO placement.requestlog [None req-94841c14-21d9-4fad-96e0-b660724890c0 e62eee8fa42a4163a3ae678d2c8ae9aa 86e0e1c0a1f14810805148bd2196cbdc - - e37e2322584140228abb0979f9eb5225 e37e2322584140228abb0979f9eb5225] 10.0.0.70 "GET /resource_providers/a4d5a871-09c8-4e29-988e-744db1c6e977/aggregates" status: 404 len: 235 microversion: 1.1 [pid: 8|app: 0|req: 329/660] 10.0.0.70 () {32 vars in 824 bytes} [Wed Jul 22 15:24:34 2026] GET /resource_providers/a4d5a871-09c8-4e29-988e-744db1c6e977/aggregates => generated 235 bytes in 72 msecs (HTTP/1.1 404) 5 headers in 202 bytes (1 switches on core 0)
2026-07-22 15:24:35.127 7 INFO placement.requestlog [None req-a296295d-871f-4990-aee0-91358d27ec48 e62eee8fa42a4163a3ae678d2c8ae9aa 86e0e1c0a1f14810805148bd2196cbdc - - e37e2322584140228abb0979f9eb5225 e37e2322584140228abb0979f9eb5225] 10.0.0.70 "GET /resource_providers/72d1b686-99fa-4bd0-aaab-3a3b09355f80/aggregates" status: 404 len: 235 microversion: 1.1 [pid: 7|app: 0|req: 332/661] 10.0.0.70 () {32 vars in 824 bytes} [Wed Jul 22 15:24:34 2026] GET /resource_providers/72d1b686-99fa-4bd0-aaab-3a3b09355f80/aggregates => generated 235 bytes in 208 msecs (HTTP/1.1 404) 5 headers in 202 bytes (1 switches on core 0)
2026-07-22 15:24:35.136 7 INFO placement.requestlog [None req-dd56e8ec-5721-4950-84d5-79ba3e7e5c4c e62eee8fa42a4163a3ae678d2c8ae9aa 86e0e1c0a1f14810805148bd2196cbdc - - e37e2322584140228abb0979f9eb5225 e37e2322584140228abb0979f9eb5225] 10.0.0.70 "DELETE /resource_providers/a4d5a871-09c8-4e29-988e-744db1c6e977" status: 404 len: 246 microversion: 1.1 [pid: 7|app: 0|req: 333/662] 10.0.0.70 () {34 vars in 824 bytes} [Wed Jul 22 15:24:35 2026] DELETE /resource_providers/a4d5a871-09c8-4e29-988e-744db1c6e977 => generated 246 bytes in 8 msecs (HTTP/1.1 404) 6 headers in 231 bytes (1 switches on core 0)
2026-07-22 15:24:35.139 8 INFO placement.requestlog [None req-25f13acb-97fa-4741-8df5-c6ce13abcd83 e62eee8fa42a4163a3ae678d2c8ae9aa 86e0e1c0a1f14810805148bd2196cbdc - - e37e2322584140228abb0979f9eb5225 e37e2322584140228abb0979f9eb5225] 10.0.0.70 "GET /resource_providers/72d1b686-99fa-4bd0-aaab-3a3b09355f80/aggregates" status: 404 len: 235 microversion: 1.1 [pid: 8|app: 0|req: 330/663] 10.0.0.70 () {32 vars in 824 bytes} [Wed Jul 22 15:24:34 2026] GET /resource_providers/72d1b686-99fa-4bd0-aaab-3a3b09355f80/aggregates => generated 235 bytes in 214 msecs (HTTP/1.1 404) 5 headers in 202 bytes (1 switches on core 0)
2026-07-22 15:24:35.147 7 INFO placement.requestlog [None req-d9583b63-81a7-42b7-ac24-094750cd224a e62eee8fa42a4163a3ae678d2c8ae9aa 86e0e1c0a1f14810805148bd2196cbdc - - e37e2322584140228abb0979f9eb5225 e37e2322584140228abb0979f9eb5225] 10.0.0.70 "DELETE /resource_providers/a4d5a871-09c8-4e29-988e-744db1c6e977" status: 404 len: 246 microversion: 1.1 [pid: 7|app: 0|req: 334/664] 10.0.0.70 () {34 vars in 824 bytes} [Wed Jul 22 15:24:35 2026] DELETE /resource_providers/a4d5a871-09c8-4e29-988e-744db1c6e977 => generated 246 bytes in 10 msecs (HTTP/1.1 404) 6 headers in 231 bytes (1 switches on core 0)
2026-07-22 15:24:35.148 8 INFO placement.requestlog [None req-6301013b-8a48-4d71-a27d-06c9954e1e48 e62eee8fa42a4163a3ae678d2c8ae9aa 86e0e1c0a1f14810805148bd2196cbdc - - e37e2322584140228abb0979f9eb5225 e37e2322584140228abb0979f9eb5225] 10.0.0.70 "DELETE /resource_providers/72d1b686-99fa-4bd0-aaab-3a3b09355f80" status: 404 len: 246 microversion: 1.1 [pid: 8|app: 0|req: 331/665] 10.0.0.70 () {34 vars in 824 bytes} [Wed Jul 22 15:24:35 2026] DELETE /resource_providers/72d1b686-99fa-4bd0-aaab-3a3b09355f80 => generated 246 bytes in 8 msecs (HTTP/1.1 404) 6 headers in 231 bytes (1 switches on core 0)
2026-07-22 15:24:35.155 7 INFO placement.requestlog [None req-3c33fe18-af8c-4021-b98c-4cd5adf09fea e62eee8fa42a4163a3ae678d2c8ae9aa 86e0e1c0a1f14810805148bd2196cbdc - - e37e2322584140228abb0979f9eb5225 e37e2322584140228abb0979f9eb5225] 10.0.0.70 "DELETE /resource_providers/72d1b686-99fa-4bd0-aaab-3a3b09355f80" status: 404 len: 246 microversion: 1.1 [pid: 7|app: 0|req: 335/666] 10.0.0.70 () {34 vars in 824 bytes} [Wed Jul 22 15:24:35 2026] DELETE /resource_providers/72d1b686-99fa-4bd0-aaab-3a3b09355f80 => generated 246 bytes in 8 msecs (HTTP/1.1 404) 6 headers in 231 bytes (1 switches on core 0)
2026-07-22 15:24:39.508 8 INFO placement.requestlog [req-7456823d-0a19-46d4-8e81-b30e4d2b1f6a req-29eb9855-71dc-438e-ad0c-077768628619 aa6faaaee05b4362b869bfc6dae680be 86e0e1c0a1f14810805148bd2196cbdc - - e37e2322584140228abb0979f9eb5225 e37e2322584140228abb0979f9eb5225] 10.0.0.226 "GET /allocation_candidates?limit=1000&resources=MEMORY_MB%3A512%2CVCPU%3A1&root_required=%21COMPUTE_STATUS_DISABLED" status: 200 len: 2135 microversion: 1.36 [pid: 8|app: 0|req: 332/667] 10.0.0.226 () {34 vars in 984 bytes} [Wed Jul 22 15:24:39 2026] GET /allocation_candidates?limit=1000&resources=MEMORY_MB%3A512%2CVCPU%3A1&root_required=%21COMPUTE_STATUS_DISABLED => generated 2135 bytes in 66 msecs (HTTP/1.1 200) 8 headers in 297 bytes (1 switches on core 0)
2026-07-22 15:24:39.555 7 INFO placement.requestlog [req-7456823d-0a19-46d4-8e81-b30e4d2b1f6a req-a6abd4d6-1436-43b4-a2e6-2ecc6b20c402 aa6faaaee05b4362b869bfc6dae680be 86e0e1c0a1f14810805148bd2196cbdc - - e37e2322584140228abb0979f9eb5225 e37e2322584140228abb0979f9eb5225] 10.0.0.226 "GET /allocations/949429f1-d458-47da-b0fa-a155d234ed3b" status: 200 len: 19 microversion: 1.28 [pid: 7|app: 0|req: 336/668] 10.0.0.226 () {34 vars in 861 bytes} [Wed Jul 22 15:24:39 2026] GET /allocations/949429f1-d458-47da-b0fa-a155d234ed3b => generated 19 bytes in 14 msecs (HTTP/1.1 200) 8 headers in 295 bytes (1 switches on core 0)
2026-07-22 15:24:39.669 8 INFO placement.requestlog [req-7456823d-0a19-46d4-8e81-b30e4d2b1f6a req-814520cf-8d06-4197-a6db-66dad86a0e24 aa6faaaee05b4362b869bfc6dae680be 86e0e1c0a1f14810805148bd2196cbdc - - e37e2322584140228abb0979f9eb5225 e37e2322584140228abb0979f9eb5225] 10.0.0.226 "PUT /allocations/949429f1-d458-47da-b0fa-a155d234ed3b" status: 204 len: 0 microversion: 1.36 [pid: 8|app: 0|req: 333/669] 10.0.0.226 () {38 vars in 914 bytes} [Wed Jul 22 15:24:39 2026] PUT /allocations/949429f1-d458-47da-b0fa-a155d234ed3b => generated 0 bytes in 107 msecs (HTTP/1.1 204) 5 headers in 199 bytes (1 switches on core 0)
2026-07-22 15:24:39.989 7 INFO placement.requestlog [req-7456823d-0a19-46d4-8e81-b30e4d2b1f6a req-c88481e2-e82f-4d3f-9a20-2d373b90795c aa6faaaee05b4362b869bfc6dae680be 86e0e1c0a1f14810805148bd2196cbdc - - e37e2322584140228abb0979f9eb5225 e37e2322584140228abb0979f9eb5225] 199.204.45.95 "GET /allocations/949429f1-d458-47da-b0fa-a155d234ed3b" status: 200 len: 243 microversion: 1.28 [pid: 7|app: 0|req: 337/670] 199.204.45.95 () {34 vars in 862 bytes} [Wed Jul 22 15:24:39 2026] GET /allocations/949429f1-d458-47da-b0fa-a155d234ed3b => generated 243 bytes in 15 msecs (HTTP/1.1 200) 8 headers in 296 bytes (1 switches on core 0)
2026-07-22 15:24:40.119 8 INFO placement.requestlog [req-7456823d-0a19-46d4-8e81-b30e4d2b1f6a req-e798e483-c2f0-49b9-bb89-5f17afe8dc11 aa6faaaee05b4362b869bfc6dae680be 86e0e1c0a1f14810805148bd2196cbdc - - e37e2322584140228abb0979f9eb5225 e37e2322584140228abb0979f9eb5225] 199.204.45.95 "GET /resource_providers/283521df-9641-45a1-ae4f-ca27220547e6/allocations" status: 200 len: 238 microversion: 1.0 [pid: 8|app: 0|req: 334/671] 199.204.45.95 () {32 vars in 856 bytes} [Wed Jul 22 15:24:40 2026] GET /resource_providers/283521df-9641-45a1-ae4f-ca27220547e6/allocations => generated 238 bytes in 27 msecs (HTTP/1.1 200) 6 headers in 224 bytes (1 switches on core 0)
2026-07-22 15:24:40.151 7 INFO placement.requestlog [req-7456823d-0a19-46d4-8e81-b30e4d2b1f6a req-4930e452-6fc7-4957-abef-f1d2e7908ec6 aa6faaaee05b4362b869bfc6dae680be 86e0e1c0a1f14810805148bd2196cbdc - - e37e2322584140228abb0979f9eb5225 e37e2322584140228abb0979f9eb5225] 199.204.45.95 "GET /allocations/949429f1-d458-47da-b0fa-a155d234ed3b" status: 200 len: 243 microversion: 1.28 [pid: 7|app: 0|req: 338/672] 199.204.45.95 () {34 vars in 862 bytes} [Wed Jul 22 15:24:40 2026] GET /allocations/949429f1-d458-47da-b0fa-a155d234ed3b => generated 243 bytes in 26 msecs (HTTP/1.1 200) 8 headers in 296 bytes (1 switches on core 0)
2026-07-22 15:24:40.195 8 INFO placement.requestlog [req-7456823d-0a19-46d4-8e81-b30e4d2b1f6a req-b4f3bd65-19fa-4d9e-a259-aaa008e55c22 aa6faaaee05b4362b869bfc6dae680be 86e0e1c0a1f14810805148bd2196cbdc - - e37e2322584140228abb0979f9eb5225 e37e2322584140228abb0979f9eb5225] 199.204.45.95 "GET /allocations/d29c2153-2f6f-4652-bc3f-7f9edd1041d8" status: 200 len: 257 microversion: 1.28 [pid: 8|app: 0|req: 335/673] 199.204.45.95 () {34 vars in 862 bytes} [Wed Jul 22 15:24:40 2026] GET /allocations/d29c2153-2f6f-4652-bc3f-7f9edd1041d8 => generated 257 bytes in 31 msecs (HTTP/1.1 200) 8 headers in 296 bytes (1 switches on core 0)
2026-07-22 15:24:41.207 7 INFO placement.requestlog [None req-4c62dfc9-bfca-4cf3-ab1e-6524b0e4c0e2 - - - - - -] 10.0.0.106 "GET /" status: 200 len: 136 microversion: 1.0
2026-07-22 15:24:41.207 8 INFO placement.requestlog [None req-78bbc628-31cd-464d-b64b-e398ed883201 - - - - - -] 10.0.0.106 "GET /" status: 200 len: 136 microversion: 1.0
2026-07-22 15:24:44.995 7 INFO placement.requestlog [req-95c9c762-67dd-41b1-8e58-49deacae64d8 req-37050507-aae8-47a7-a62c-024c16185e24 aa6faaaee05b4362b869bfc6dae680be 86e0e1c0a1f14810805148bd2196cbdc - - e37e2322584140228abb0979f9eb5225 e37e2322584140228abb0979f9eb5225] 199.204.45.95 "GET /resource_providers/283521df-9641-45a1-ae4f-ca27220547e6/allocations" status: 200 len: 238 microversion: 1.0 [pid: 7|app: 0|req: 340/676] 199.204.45.95 () {32 vars in 856 bytes} [Wed Jul 22 15:24:44 2026] GET /resource_providers/283521df-9641-45a1-ae4f-ca27220547e6/allocations => generated 238 bytes in 20 msecs (HTTP/1.1 200) 6 headers in 224 bytes (1 switches on core 0)
2026-07-22 15:24:45.015 8 INFO placement.requestlog [req-95c9c762-67dd-41b1-8e58-49deacae64d8 req-240790cc-5dc1-4fe5-b37d-d0c98b78f008 aa6faaaee05b4362b869bfc6dae680be 86e0e1c0a1f14810805148bd2196cbdc - - e37e2322584140228abb0979f9eb5225 e37e2322584140228abb0979f9eb5225] 199.204.45.95 "GET /allocations/949429f1-d458-47da-b0fa-a155d234ed3b" status: 200 len: 243 microversion: 1.28 [pid: 8|app: 0|req: 337/677] 199.204.45.95 () {34 vars in 862 bytes} [Wed Jul 22 15:24:45 2026] GET /allocations/949429f1-d458-47da-b0fa-a155d234ed3b => generated 243 bytes in 13 msecs (HTTP/1.1 200) 8 headers in 296 bytes (1 switches on core 0)
2026-07-22 15:24:45.034 7 INFO placement.requestlog [req-95c9c762-67dd-41b1-8e58-49deacae64d8 req-90316b2c-1110-44a4-9675-7f88baff4b9f aa6faaaee05b4362b869bfc6dae680be 86e0e1c0a1f14810805148bd2196cbdc - - e37e2322584140228abb0979f9eb5225 e37e2322584140228abb0979f9eb5225] 199.204.45.95 "GET /allocations/d29c2153-2f6f-4652-bc3f-7f9edd1041d8" status: 200 len: 257 microversion: 1.28 [pid: 7|app: 0|req: 341/678] 199.204.45.95 () {34 vars in 862 bytes} [Wed Jul 22 15:24:45 2026] GET /allocations/d29c2153-2f6f-4652-bc3f-7f9edd1041d8 => generated 257 bytes in 12 msecs (HTTP/1.1 200) 8 headers in 296 bytes (1 switches on core 0)
2026-07-22 15:24:45.109 8 INFO placement.requestlog [req-95c9c762-67dd-41b1-8e58-49deacae64d8 req-e77a96d2-6e2b-4fa3-8960-d7b0e519e660 aa6faaaee05b4362b869bfc6dae680be 86e0e1c0a1f14810805148bd2196cbdc - - e37e2322584140228abb0979f9eb5225 e37e2322584140228abb0979f9eb5225] 199.204.45.95 "DELETE /allocations/d29c2153-2f6f-4652-bc3f-7f9edd1041d8" status: 204 len: 0 microversion: 1.0 [pid: 8|app: 0|req: 338/679] 199.204.45.95 () {34 vars in 840 bytes} [Wed Jul 22 15:24:45 2026] DELETE /allocations/d29c2153-2f6f-4652-bc3f-7f9edd1041d8 => generated 0 bytes in 22 msecs (HTTP/1.1 204) 5 headers in 198 bytes (1 switches on core 0)
2026-07-22 15:24:48.438 7 INFO placement.requestlog [req-528629d2-6dd6-42a2-a572-994e14ce3666 req-b264446e-792e-4da5-ab88-a42bf042fedf aa6faaaee05b4362b869bfc6dae680be 86e0e1c0a1f14810805148bd2196cbdc - - e37e2322584140228abb0979f9eb5225 e37e2322584140228abb0979f9eb5225] 10.0.0.226 "GET /allocation_candidates?limit=1000&resources=DISK_GB%3A1%2CMEMORY_MB%3A512%2CVCPU%3A1&root_required=%21COMPUTE_STATUS_DISABLED" status: 200 len: 2149 microversion: 1.36 [pid: 7|app: 0|req: 342/680] 10.0.0.226 () {34 vars in 1012 bytes} [Wed Jul 22 15:24:48 2026] GET /allocation_candidates?limit=1000&resources=DISK_GB%3A1%2CMEMORY_MB%3A512%2CVCPU%3A1&root_required=%21COMPUTE_STATUS_DISABLED => generated 2149 bytes in 51 msecs (HTTP/1.1 200) 8 headers in 297 bytes (1 switches on core 0)
2026-07-22 15:24:48.471 8 INFO placement.requestlog [req-528629d2-6dd6-42a2-a572-994e14ce3666 req-19c2c0fe-be2d-416e-ab54-850436a250ad aa6faaaee05b4362b869bfc6dae680be 86e0e1c0a1f14810805148bd2196cbdc - - e37e2322584140228abb0979f9eb5225 e37e2322584140228abb0979f9eb5225] 10.0.0.226 "GET /allocations/d3918434-fa69-4192-8b48-2e4740066065" status: 200 len: 19 microversion: 1.28 [pid: 8|app: 0|req: 339/681] 10.0.0.226 () {34 vars in 861 bytes} [Wed Jul 22 15:24:48 2026] GET /allocations/d3918434-fa69-4192-8b48-2e4740066065 => generated 19 bytes in 11 msecs (HTTP/1.1 200) 8 headers in 295 bytes (1 switches on core 0)
2026-07-22 15:24:48.570 7 INFO placement.requestlog [req-528629d2-6dd6-42a2-a572-994e14ce3666 req-6a8676f0-a2fe-4104-b742-7f656caf099d aa6faaaee05b4362b869bfc6dae680be 86e0e1c0a1f14810805148bd2196cbdc - - e37e2322584140228abb0979f9eb5225 e37e2322584140228abb0979f9eb5225] 10.0.0.226 "PUT /allocations/d3918434-fa69-4192-8b48-2e4740066065" status: 204 len: 0 microversion: 1.36 [pid: 7|app: 0|req: 343/682] 10.0.0.226 () {38 vars in 914 bytes} [Wed Jul 22 15:24:48 2026] PUT /allocations/d3918434-fa69-4192-8b48-2e4740066065 => generated 0 bytes in 85 msecs (HTTP/1.1 204) 5 headers in 199 bytes (1 switches on core 0)
2026-07-22 15:24:48.847 8 INFO placement.requestlog [req-528629d2-6dd6-42a2-a572-994e14ce3666 req-d3d677b7-a233-4c4f-8879-ee1f77cd0bf5 aa6faaaee05b4362b869bfc6dae680be 86e0e1c0a1f14810805148bd2196cbdc - - e37e2322584140228abb0979f9eb5225 e37e2322584140228abb0979f9eb5225] 199.204.45.95 "GET /allocations/d3918434-fa69-4192-8b48-2e4740066065" status: 200 len: 257 microversion: 1.28 [pid: 8|app: 0|req: 340/683] 199.204.45.95 () {34 vars in 862 bytes} [Wed Jul 22 15:24:48 2026] GET /allocations/d3918434-fa69-4192-8b48-2e4740066065 => generated 257 bytes in 16 msecs (HTTP/1.1 200) 8 headers in 296 bytes (1 switches on core 0)
2026-07-22 15:24:48.958 7 INFO placement.requestlog [req-528629d2-6dd6-42a2-a572-994e14ce3666 req-52496e2a-8f95-4b79-8900-bff5388f8409 aa6faaaee05b4362b869bfc6dae680be 86e0e1c0a1f14810805148bd2196cbdc - - e37e2322584140228abb0979f9eb5225 e37e2322584140228abb0979f9eb5225] 199.204.45.95 "GET /resource_providers/283521df-9641-45a1-ae4f-ca27220547e6/allocations" status: 200 len: 238 microversion: 1.0 [pid: 7|app: 0|req: 344/684] 199.204.45.95 () {32 vars in 856 bytes} [Wed Jul 22 15:24:48 2026] GET /resource_providers/283521df-9641-45a1-ae4f-ca27220547e6/allocations => generated 238 bytes in 18 msecs (HTTP/1.1 200) 6 headers in 224 bytes (1 switches on core 0)
2026-07-22 15:24:48.982 8 INFO placement.requestlog [req-528629d2-6dd6-42a2-a572-994e14ce3666 req-06409fc0-1e66-437c-afcb-dd365abc3d58 aa6faaaee05b4362b869bfc6dae680be 86e0e1c0a1f14810805148bd2196cbdc - - e37e2322584140228abb0979f9eb5225 e37e2322584140228abb0979f9eb5225] 199.204.45.95 "GET /allocations/d3918434-fa69-4192-8b48-2e4740066065" status: 200 len: 257 microversion: 1.28 [pid: 8|app: 0|req: 341/685] 199.204.45.95 () {34 vars in 862 bytes} [Wed Jul 22 15:24:48 2026] GET /allocations/d3918434-fa69-4192-8b48-2e4740066065 => generated 257 bytes in 15 msecs (HTTP/1.1 200) 8 headers in 296 bytes (1 switches on core 0)
2026-07-22 15:24:49.004 7 INFO placement.requestlog [req-528629d2-6dd6-42a2-a572-994e14ce3666 req-06f604da-79bd-4a7f-ad20-ca13764e4696 aa6faaaee05b4362b869bfc6dae680be 86e0e1c0a1f14810805148bd2196cbdc - - e37e2322584140228abb0979f9eb5225 e37e2322584140228abb0979f9eb5225] 199.204.45.95 "GET /allocations/949429f1-d458-47da-b0fa-a155d234ed3b" status: 200 len: 243 microversion: 1.28 [pid: 7|app: 0|req: 345/686] 199.204.45.95 () {34 vars in 862 bytes} [Wed Jul 22 15:24:48 2026] GET /allocations/949429f1-d458-47da-b0fa-a155d234ed3b => generated 243 bytes in 14 msecs (HTTP/1.1 200) 8 headers in 296 bytes (1 switches on core 0)
2026-07-22 15:24:49.344 8 INFO placement.requestlog [req-5e96e5fa-37bc-47b1-83a5-bca0283ab562 req-d2c04dce-2afc-4f45-9e79-1c54777787e2 aa6faaaee05b4362b869bfc6dae680be 86e0e1c0a1f14810805148bd2196cbdc - - e37e2322584140228abb0979f9eb5225 e37e2322584140228abb0979f9eb5225] 10.0.0.226 "GET /allocation_candidates?limit=1000&resources=DISK_GB%3A1%2CMEMORY_MB%3A512%2CVCPU%3A1&root_required=%21COMPUTE_STATUS_DISABLED" status: 200 len: 2150 microversion: 1.36 [pid: 8|app: 0|req: 342/687] 10.0.0.226 () {34 vars in 1012 bytes} [Wed Jul 22 15:24:49 2026] GET /allocation_candidates?limit=1000&resources=DISK_GB%3A1%2CMEMORY_MB%3A512%2CVCPU%3A1&root_required=%21COMPUTE_STATUS_DISABLED => generated 2150 bytes in 42 msecs (HTTP/1.1 200) 8 headers in 297 bytes (1 switches on core 0)
2026-07-22 15:24:49.377 7 INFO placement.requestlog [req-5e96e5fa-37bc-47b1-83a5-bca0283ab562 req-4a8a6c45-072d-40ca-9654-bee010de7d08 aa6faaaee05b4362b869bfc6dae680be 86e0e1c0a1f14810805148bd2196cbdc - - e37e2322584140228abb0979f9eb5225 e37e2322584140228abb0979f9eb5225] 10.0.0.226 "GET /allocations/e1637f21-a923-4722-8711-89b7c6b9e9e0" status: 200 len: 19 microversion: 1.28 [pid: 7|app: 0|req: 346/688] 10.0.0.226 () {34 vars in 861 bytes} [Wed Jul 22 15:24:49 2026] GET /allocations/e1637f21-a923-4722-8711-89b7c6b9e9e0 => generated 19 bytes in 12 msecs (HTTP/1.1 200) 8 headers in 295 bytes (1 switches on core 0)
2026-07-22 15:24:49.445 8 INFO placement.requestlog [req-5e96e5fa-37bc-47b1-83a5-bca0283ab562 req-41bc9fe9-c405-46aa-89c9-43d56bbdfb3d aa6faaaee05b4362b869bfc6dae680be 86e0e1c0a1f14810805148bd2196cbdc - - e37e2322584140228abb0979f9eb5225 e37e2322584140228abb0979f9eb5225] 10.0.0.226 "PUT /allocations/e1637f21-a923-4722-8711-89b7c6b9e9e0" status: 204 len: 0 microversion: 1.36 [pid: 8|app: 0|req: 343/689] 10.0.0.226 () {38 vars in 914 bytes} [Wed Jul 22 15:24:49 2026] PUT /allocations/e1637f21-a923-4722-8711-89b7c6b9e9e0 => generated 0 bytes in 58 msecs (HTTP/1.1 204) 5 headers in 199 bytes (1 switches on core 0)
2026-07-22 15:24:49.836 7 INFO placement.requestlog [req-5e96e5fa-37bc-47b1-83a5-bca0283ab562 req-2dfb5b04-549c-454c-bb12-cf35ccde30b6 aa6faaaee05b4362b869bfc6dae680be 86e0e1c0a1f14810805148bd2196cbdc - - e37e2322584140228abb0979f9eb5225 e37e2322584140228abb0979f9eb5225] 199.204.45.95 "GET /allocations/e1637f21-a923-4722-8711-89b7c6b9e9e0" status: 200 len: 257 microversion: 1.28 [pid: 7|app: 0|req: 347/690] 199.204.45.95 () {34 vars in 862 bytes} [Wed Jul 22 15:24:49 2026] GET /allocations/e1637f21-a923-4722-8711-89b7c6b9e9e0 => generated 257 bytes in 12 msecs (HTTP/1.1 200) 8 headers in 296 bytes (1 switches on core 0)
2026-07-22 15:24:49.945 8 INFO placement.requestlog [req-5e96e5fa-37bc-47b1-83a5-bca0283ab562 req-928fee4e-013f-4db7-9a8e-595dbe196152 aa6faaaee05b4362b869bfc6dae680be 86e0e1c0a1f14810805148bd2196cbdc - - e37e2322584140228abb0979f9eb5225 e37e2322584140228abb0979f9eb5225] 199.204.45.95 "GET /resource_providers/283521df-9641-45a1-ae4f-ca27220547e6/allocations" status: 200 len: 338 microversion: 1.0 [pid: 8|app: 0|req: 344/691] 199.204.45.95 () {32 vars in 856 bytes} [Wed Jul 22 15:24:49 2026] GET /resource_providers/283521df-9641-45a1-ae4f-ca27220547e6/allocations => generated 338 bytes in 22 msecs (HTTP/1.1 200) 6 headers in 224 bytes (1 switches on core 0)
2026-07-22 15:24:49.970 7 INFO placement.requestlog [req-5e96e5fa-37bc-47b1-83a5-bca0283ab562 req-d848835f-0652-4af9-bbe8-1fea6e484049 aa6faaaee05b4362b869bfc6dae680be 86e0e1c0a1f14810805148bd2196cbdc - - e37e2322584140228abb0979f9eb5225 e37e2322584140228abb0979f9eb5225] 199.204.45.95 "GET /allocations/d3918434-fa69-4192-8b48-2e4740066065" status: 200 len: 257 microversion: 1.28 [pid: 7|app: 0|req: 348/692] 199.204.45.95 () {34 vars in 862 bytes} [Wed Jul 22 15:24:49 2026] GET /allocations/d3918434-fa69-4192-8b48-2e4740066065 => generated 257 bytes in 16 msecs (HTTP/1.1 200) 8 headers in 296 bytes (1 switches on core 0)
2026-07-22 15:24:49.992 8 INFO placement.requestlog [req-5e96e5fa-37bc-47b1-83a5-bca0283ab562 req-3c324442-be04-419f-9a08-d3a9903415f2 aa6faaaee05b4362b869bfc6dae680be 86e0e1c0a1f14810805148bd2196cbdc - - e37e2322584140228abb0979f9eb5225 e37e2322584140228abb0979f9eb5225] 199.204.45.95 "GET /allocations/e1637f21-a923-4722-8711-89b7c6b9e9e0" status: 200 len: 257 microversion: 1.28 [pid: 8|app: 0|req: 345/693] 199.204.45.95 () {34 vars in 862 bytes} [Wed Jul 22 15:24:49 2026] GET /allocations/e1637f21-a923-4722-8711-89b7c6b9e9e0 => generated 257 bytes in 13 msecs (HTTP/1.1 200) 8 headers in 296 bytes (1 switches on core 0)
2026-07-22 15:24:50.018 7 INFO placement.requestlog [req-5e96e5fa-37bc-47b1-83a5-bca0283ab562 req-3a7d726e-229c-499b-b6b5-6ad2e96d953a aa6faaaee05b4362b869bfc6dae680be 86e0e1c0a1f14810805148bd2196cbdc - - e37e2322584140228abb0979f9eb5225 e37e2322584140228abb0979f9eb5225] 199.204.45.95 "GET /allocations/949429f1-d458-47da-b0fa-a155d234ed3b" status: 200 len: 243 microversion: 1.28 [pid: 7|app: 0|req: 349/694] 199.204.45.95 () {34 vars in 862 bytes} [Wed Jul 22 15:24:50 2026] GET /allocations/949429f1-d458-47da-b0fa-a155d234ed3b => generated 243 bytes in 15 msecs (HTTP/1.1 200) 8 headers in 296 bytes (1 switches on core 0)
2026-07-22 15:24:50.134 7 INFO placement.requestlog [None req-84e2b015-f38e-444b-9783-11ce5686c303 e62eee8fa42a4163a3ae678d2c8ae9aa 86e0e1c0a1f14810805148bd2196cbdc - - e37e2322584140228abb0979f9eb5225 e37e2322584140228abb0979f9eb5225] 10.0.0.70 "GET /resource_providers/addf92a7-0aac-4719-bd3c-759f62634945/aggregates" status: 404 len: 235 microversion: 1.1 [pid: 7|app: 0|req: 350/695] 10.0.0.70 () {32 vars in 824 bytes} [Wed Jul 22 15:24:50 2026] GET /resource_providers/addf92a7-0aac-4719-bd3c-759f62634945/aggregates => generated 235 bytes in 10 msecs (HTTP/1.1 404) 5 headers in 202 bytes (1 switches on core 0)
2026-07-22 15:24:50.134 8 INFO placement.requestlog [None req-6fed4308-df3c-445c-b740-cbeb92c814c5 e62eee8fa42a4163a3ae678d2c8ae9aa 86e0e1c0a1f14810805148bd2196cbdc - - e37e2322584140228abb0979f9eb5225 e37e2322584140228abb0979f9eb5225] 10.0.0.70 "GET /resource_providers/addf92a7-0aac-4719-bd3c-759f62634945/aggregates" status: 404 len: 235 microversion: 1.1 [pid: 8|app: 0|req: 346/696] 10.0.0.70 () {32 vars in 824 bytes} [Wed Jul 22 15:24:50 2026] GET /resource_providers/addf92a7-0aac-4719-bd3c-759f62634945/aggregates => generated 235 bytes in 10 msecs (HTTP/1.1 404) 5 headers in 202 bytes (1 switches on core 0)
2026-07-22 15:24:50.153 7 INFO placement.requestlog [None req-43b47296-f512-4bde-90c3-e0b296a379c3 e62eee8fa42a4163a3ae678d2c8ae9aa 86e0e1c0a1f14810805148bd2196cbdc - - e37e2322584140228abb0979f9eb5225 e37e2322584140228abb0979f9eb5225] 10.0.0.70 "DELETE /resource_providers/addf92a7-0aac-4719-bd3c-759f62634945" status: 404 len: 246 microversion: 1.1 [pid: 7|app: 0|req: 351/697] 10.0.0.70 () {34 vars in 824 bytes} [Wed Jul 22 15:24:50 2026] DELETE /resource_providers/addf92a7-0aac-4719-bd3c-759f62634945 => generated 246 bytes in 11 msecs (HTTP/1.1 404) 6 headers in 231 bytes (1 switches on core 0)
2026-07-22 15:24:50.155 8 INFO placement.requestlog [None req-ea07e9ee-43e4-4430-aa9d-2db413807969 e62eee8fa42a4163a3ae678d2c8ae9aa 86e0e1c0a1f14810805148bd2196cbdc - - e37e2322584140228abb0979f9eb5225 e37e2322584140228abb0979f9eb5225] 10.0.0.70 "DELETE /resource_providers/addf92a7-0aac-4719-bd3c-759f62634945" status: 404 len: 246 microversion: 1.1 [pid: 8|app: 0|req: 347/698] 10.0.0.70 () {34 vars in 824 bytes} [Wed Jul 22 15:24:50 2026] DELETE /resource_providers/addf92a7-0aac-4719-bd3c-759f62634945 => generated 246 bytes in 7 msecs (HTTP/1.1 404) 6 headers in 231 bytes (1 switches on core 0)
2026-07-22 15:24:51.206 8 INFO placement.requestlog [None req-467a797f-d01e-44c2-93c2-43cd5ccaa0c2 - - - - - -] 10.0.0.106 "GET /" status: 200 len: 136 microversion: 1.0
2026-07-22 15:24:51.207 7 INFO placement.requestlog [None req-8a523eea-c9db-4aa7-8339-2055092f7d06 - - - - - -] 10.0.0.106 "GET /" status: 200 len: 136 microversion: 1.0
2026-07-22 15:24:58.307 8 INFO placement.requestlog [req-c2a220fd-32be-4d77-a3a6-aeefceea1134 req-50716028-e079-417b-ae94-b296d2b202a9 aa6faaaee05b4362b869bfc6dae680be 86e0e1c0a1f14810805148bd2196cbdc - - e37e2322584140228abb0979f9eb5225 e37e2322584140228abb0979f9eb5225] 199.204.45.95 "GET /resource_providers/283521df-9641-45a1-ae4f-ca27220547e6/allocations" status: 200 len: 338 microversion: 1.0 [pid: 8|app: 0|req: 349/701] 199.204.45.95 () {32 vars in 856 bytes} [Wed Jul 22 15:24:58 2026] GET /resource_providers/283521df-9641-45a1-ae4f-ca27220547e6/allocations => generated 338 bytes in 26 msecs (HTTP/1.1 200) 6 headers in 224 bytes (1 switches on core 0)
2026-07-22 15:24:58.330 7 INFO placement.requestlog [req-c2a220fd-32be-4d77-a3a6-aeefceea1134 req-266d30a6-7ade-4bab-9ded-d11fab7ebc72 aa6faaaee05b4362b869bfc6dae680be 86e0e1c0a1f14810805148bd2196cbdc - - e37e2322584140228abb0979f9eb5225 e37e2322584140228abb0979f9eb5225] 199.204.45.95 "GET /allocations/d3918434-fa69-4192-8b48-2e4740066065" status: 200 len: 257 microversion: 1.28 [pid: 7|app: 0|req: 353/702] 199.204.45.95 () {34 vars in 862 bytes} [Wed Jul 22 15:24:58 2026] GET /allocations/d3918434-fa69-4192-8b48-2e4740066065 => generated 257 bytes in 13 msecs (HTTP/1.1 200) 8 headers in 296 bytes (1 switches on core 0)
2026-07-22 15:24:58.360 8 INFO placement.requestlog [req-c2a220fd-32be-4d77-a3a6-aeefceea1134 req-989e6ace-d9a9-4bd2-a551-b2ca8c2d9899 aa6faaaee05b4362b869bfc6dae680be 86e0e1c0a1f14810805148bd2196cbdc - - e37e2322584140228abb0979f9eb5225 e37e2322584140228abb0979f9eb5225] 199.204.45.95 "GET /allocations/e1637f21-a923-4722-8711-89b7c6b9e9e0" status: 200 len: 257 microversion: 1.28 [pid: 8|app: 0|req: 350/703] 199.204.45.95 () {34 vars in 862 bytes} [Wed Jul 22 15:24:58 2026] GET /allocations/e1637f21-a923-4722-8711-89b7c6b9e9e0 => generated 257 bytes in 22 msecs (HTTP/1.1 200) 8 headers in 296 bytes (1 switches on core 0)
2026-07-22 15:24:58.396 7 INFO placement.requestlog [req-c2a220fd-32be-4d77-a3a6-aeefceea1134 req-21c87399-0f77-455b-a784-240038389109 aa6faaaee05b4362b869bfc6dae680be 86e0e1c0a1f14810805148bd2196cbdc - - e37e2322584140228abb0979f9eb5225 e37e2322584140228abb0979f9eb5225] 199.204.45.95 "GET /allocations/949429f1-d458-47da-b0fa-a155d234ed3b" status: 200 len: 243 microversion: 1.28 [pid: 7|app: 0|req: 354/704] 199.204.45.95 () {34 vars in 862 bytes} [Wed Jul 22 15:24:58 2026] GET /allocations/949429f1-d458-47da-b0fa-a155d234ed3b => generated 243 bytes in 17 msecs (HTTP/1.1 200) 8 headers in 296 bytes (1 switches on core 0)
2026-07-22 15:24:58.485 8 INFO placement.requestlog [req-c2a220fd-32be-4d77-a3a6-aeefceea1134 req-d1fc6636-8c7c-414b-90d1-2b4fcc2f89c2 aa6faaaee05b4362b869bfc6dae680be 86e0e1c0a1f14810805148bd2196cbdc - - e37e2322584140228abb0979f9eb5225 e37e2322584140228abb0979f9eb5225] 199.204.45.95 "DELETE /allocations/949429f1-d458-47da-b0fa-a155d234ed3b" status: 204 len: 0 microversion: 1.0 [pid: 8|app: 0|req: 351/705] 199.204.45.95 () {34 vars in 840 bytes} [Wed Jul 22 15:24:58 2026] DELETE /allocations/949429f1-d458-47da-b0fa-a155d234ed3b => generated 0 bytes in 19 msecs (HTTP/1.1 204) 5 headers in 198 bytes (1 switches on core 0)
2026-07-22 15:24:59.134 7 INFO placement.requestlog [req-1fa9979c-e79f-4b26-923f-eca722f849eb req-3b8f3703-cede-40f3-8865-36f32f27c882 aa6faaaee05b4362b869bfc6dae680be 86e0e1c0a1f14810805148bd2196cbdc - - e37e2322584140228abb0979f9eb5225 e37e2322584140228abb0979f9eb5225] 199.204.45.95 "GET /resource_providers/283521df-9641-45a1-ae4f-ca27220547e6/allocations" status: 200 len: 252 microversion: 1.0 [pid: 7|app: 0|req: 355/706] 199.204.45.95 () {32 vars in 856 bytes} [Wed Jul 22 15:24:59 2026] GET /resource_providers/283521df-9641-45a1-ae4f-ca27220547e6/allocations => generated 252 bytes in 20 msecs (HTTP/1.1 200) 6 headers in 224 bytes (1 switches on core 0)
2026-07-22 15:24:59.157 8 INFO placement.requestlog [req-1fa9979c-e79f-4b26-923f-eca722f849eb req-37de372b-5d35-4b44-a5ba-ff35d68050bc aa6faaaee05b4362b869bfc6dae680be 86e0e1c0a1f14810805148bd2196cbdc - - e37e2322584140228abb0979f9eb5225 e37e2322584140228abb0979f9eb5225] 199.204.45.95 "GET /allocations/d3918434-fa69-4192-8b48-2e4740066065" status: 200 len: 257 microversion: 1.28 [pid: 8|app: 0|req: 352/707] 199.204.45.95 () {34 vars in 862 bytes} [Wed Jul 22 15:24:59 2026] GET /allocations/d3918434-fa69-4192-8b48-2e4740066065 => generated 257 bytes in 16 msecs (HTTP/1.1 200) 8 headers in 296 bytes (1 switches on core 0)
