Aug 31 07:32:40.226155 np0000191559 devstack@n-api.service[98686]: INFO nova.api.openstack.requestlog [None req-8c5c6ec4-f60a-4696-ba06-3127249b5f4d admin admin] 162.253.55.116 "POST /compute/v2.1/flavors" status: 200 len: 430 microversion: 2.61 time: 0.026154
Aug 31 07:32:40.226524 np0000191559 devstack@n-api.service[98686]: [pid: 98686|app: 0|req: 14/57] 162.253.55.116 () {72 vars in 1429 bytes} [Mon Aug 31 07:32:40 2026] POST /compute/v2.1/flavors => generated 430 bytes in 27 msecs (HTTP/1.1 200) 9 headers in 359 bytes (1 switches on core 0)
Aug 31 07:32:43.646824 np0000191559 devstack@n-api.service[98685]: DEBUG dbcounter [-] [98685] Writing DB stats nova_api:SELECT=12,nova_api:SAVEPOINT=6,nova_api:RELEASE=6,nova_api:INSERT=4 {{(pid=98685) stat_writer /opt/stack/data/venv/lib/python3.12/site-packages/dbcounter.py:115}}
Aug 31 07:32:43.727728 np0000191559 devstack@n-api.service[98688]: DEBUG dbcounter [-] [98688] Writing DB stats nova_api:SELECT=14,nova_api:SAVEPOINT=9,nova_api:RELEASE=9,nova_api:INSERT=6 {{(pid=98688) stat_writer /opt/stack/data/venv/lib/python3.12/site-packages/dbcounter.py:115}}
Aug 31 07:32:49.873675 np0000191559 devstack@n-api.service[98687]: DEBUG dbcounter [-] [98687] Writing DB stats nova_api:SELECT=14,nova_api:SAVEPOINT=9,nova_api:RELEASE=9,nova_api:INSERT=6 {{(pid=98687) stat_writer /opt/stack/data/venv/lib/python3.12/site-packages/dbcounter.py:115}}
Aug 31 07:32:50.218873 np0000191559 devstack@n-api.service[98686]: DEBUG dbcounter [-] [98686] Writing DB stats nova_api:SELECT=13,nova_api:SAVEPOINT=6,nova_api:RELEASE=6,nova_api:INSERT=5 {{(pid=98686) stat_writer /opt/stack/data/venv/lib/python3.12/site-packages/dbcounter.py:115}}
Aug 31 07:36:24.668401 np0000191559 devstack@n-api.service[98685]: DEBUG nova.api.openstack.wsgi [None req-04cb2306-b971-44be-be05-9d16f3c98d46 admin admin] Calling method '>' {{(pid=98685) _process_stack /opt/stack/nova/nova/api/openstack/wsgi.py:551}}
Aug 31 07:36:24.674017 np0000191559 devstack@n-api.service[98685]: WARNING oslo_db.sqlalchemy.utils [None req-04cb2306-b971-44be-be05-9d16f3c98d46 admin admin] Unique keys not in sort_keys. The sorting order may be unstable.
Aug 31 07:36:24.688455 np0000191559 devstack@n-api.service[98685]: INFO nova.api.openstack.requestlog [None req-04cb2306-b971-44be-be05-9d16f3c98d46 admin admin] 162.253.55.116 "GET /compute/v2.1/os-keypairs" status: 200 len: 16 microversion: 2.10 time: 0.186445
Aug 31 07:36:24.688828 np0000191559 devstack@n-api.service[98685]: [pid: 98685|app: 0|req: 15/58] 162.253.55.116 () {68 vars in 1400 bytes} [Mon Aug 31 07:36:24 2026] GET /compute/v2.1/os-keypairs => generated 16 bytes in 187 msecs (HTTP/1.1 200) 9 headers in 358 bytes (1 switches on core 0)
Aug 31 07:36:24.982197 np0000191559 devstack@n-api.service[98688]: DEBUG nova.api.openstack.wsgi [None req-900079b3-9b08-40d5-86cb-3a027a5c0360 admin admin] Action: 'create', calling method: >, body: {"keypair": {"name": "manila-service", "public_key": "ecdsa-sha2-nistp256 AAAAE2VjZHNhLXNoYTItbmlzdHAyNTYAAAAIbmlzdHAyNTYAAABBBIN0ZvcrwqVl0pqzwa47nI79IpkFO0VpdqS+WrOCAuPiFvQCRHk1IbcndVc/3nD0Vjpq+SfzBnB2voJtZuzViWA= stack@np0000191559\n"}} {{(pid=98688) _process_stack /opt/stack/nova/nova/api/openstack/wsgi.py:549}}
Aug 31 07:36:25.021942 np0000191559 devstack@n-api.service[98688]: DEBUG nova.quota [None req-900079b3-9b08-40d5-86cb-3a027a5c0360 admin admin] Getting quotas for project 56cd9c7adb074980bb8998fa8977d962. Resources: {'key_pairs'} {{(pid=98688) _get_quotas /opt/stack/nova/nova/quota.py:389}}
Aug 31 07:36:25.028790 np0000191559 devstack@n-api.service[98688]: DEBUG nova.quota [None req-900079b3-9b08-40d5-86cb-3a027a5c0360 admin admin] Getting quotas for user 09932b8ab5884fb68c56bf0b233ee4a6 and project 56cd9c7adb074980bb8998fa8977d962. Resources: {'key_pairs'} {{(pid=98688) _get_quotas /opt/stack/nova/nova/quota.py:379}}
Aug 31 07:36:25.090170 np0000191559 devstack@n-api.service[98688]: INFO nova.api.openstack.requestlog [None req-900079b3-9b08-40d5-86cb-3a027a5c0360 admin admin] 162.253.55.116 "POST /compute/v2.1/os-keypairs" status: 201 len: 366 microversion: 2.10 time: 0.113375
Aug 31 07:36:25.090673 np0000191559 devstack@n-api.service[98688]: [pid: 98688|app: 0|req: 16/59] 162.253.55.116 () {72 vars in 1441 bytes} [Mon Aug 31 07:36:24 2026] POST /compute/v2.1/os-keypairs => generated 366 bytes in 115 msecs (HTTP/1.1 201) 9 headers in 364 bytes (1 switches on core 0)
Aug 31 07:36:34.681420 np0000191559 devstack@n-api.service[98685]: DEBUG dbcounter [-] [98685] Writing DB stats nova_api:SELECT=1 {{(pid=98685) stat_writer /opt/stack/data/venv/lib/python3.12/site-packages/dbcounter.py:115}}
Aug 31 07:36:35.039444 np0000191559 devstack@n-api.service[98688]: DEBUG dbcounter [-] [98688] Writing DB stats nova_cell0:SELECT=2 {{(pid=98688) stat_writer /opt/stack/data/venv/lib/python3.12/site-packages/dbcounter.py:115}}
Aug 31 07:36:35.075588 np0000191559 devstack@n-api.service[98688]: DEBUG dbcounter [-] [98688] Writing DB stats nova_api:SELECT=5,nova_api:INSERT=1 {{(pid=98688) stat_writer /opt/stack/data/venv/lib/python3.12/site-packages/dbcounter.py:115}}
Aug 31 07:36:59.932337 np0000191559 devstack@n-api.service[98687]: DEBUG nova.api.openstack.wsgi [None req-d3375aa1-54f2-4d3a-82b7-1983192c3065 admin admin] Calling method '>' {{(pid=98687) _process_stack /opt/stack/nova/nova/api/openstack/wsgi.py:551}}
Aug 31 07:36:59.936487 np0000191559 devstack@n-api.service[98687]: DEBUG oslo_concurrency.lockutils [None req-d3375aa1-54f2-4d3a-82b7-1983192c3065 admin admin] Acquiring lock "00000000-0000-0000-0000-000000000000" by "nova.context.set_target_cell..get_or_set_cached_cell_and_set_connections" {{(pid=98687) inner /opt/stack/data/venv/lib/python3.12/site-packages/oslo_concurrency/lockutils.py:512}}
Aug 31 07:36:59.936882 np0000191559 devstack@n-api.service[98687]: DEBUG oslo_concurrency.lockutils [None req-d3375aa1-54f2-4d3a-82b7-1983192c3065 admin admin] Lock "00000000-0000-0000-0000-000000000000" acquired by "nova.context.set_target_cell..get_or_set_cached_cell_and_set_connections" :: waited 0.000s {{(pid=98687) inner /opt/stack/data/venv/lib/python3.12/site-packages/oslo_concurrency/lockutils.py:525}}
Aug 31 07:36:59.937228 np0000191559 devstack@n-api.service[98687]: DEBUG oslo_concurrency.lockutils [None req-d3375aa1-54f2-4d3a-82b7-1983192c3065 admin admin] Lock "00000000-0000-0000-0000-000000000000" "released" by "nova.context.set_target_cell..get_or_set_cached_cell_and_set_connections" :: held 0.000s {{(pid=98687) inner /opt/stack/data/venv/lib/python3.12/site-packages/oslo_concurrency/lockutils.py:544}}
Aug 31 07:36:59.938796 np0000191559 devstack@n-api.service[98687]: DEBUG oslo_concurrency.lockutils [None req-d3375aa1-54f2-4d3a-82b7-1983192c3065 admin admin] Acquiring lock "94bdd221-df82-474e-9794-67afb74cdf0d" by "nova.context.set_target_cell..get_or_set_cached_cell_and_set_connections" {{(pid=98687) inner /opt/stack/data/venv/lib/python3.12/site-packages/oslo_concurrency/lockutils.py:512}}
Aug 31 07:36:59.939186 np0000191559 devstack@n-api.service[98687]: DEBUG oslo_concurrency.lockutils [None req-d3375aa1-54f2-4d3a-82b7-1983192c3065 admin admin] Lock "94bdd221-df82-474e-9794-67afb74cdf0d" acquired by "nova.context.set_target_cell..get_or_set_cached_cell_and_set_connections" :: waited 0.000s {{(pid=98687) inner /opt/stack/data/venv/lib/python3.12/site-packages/oslo_concurrency/lockutils.py:525}}
Aug 31 07:36:59.939546 np0000191559 devstack@n-api.service[98687]: DEBUG oslo_concurrency.lockutils [None req-d3375aa1-54f2-4d3a-82b7-1983192c3065 admin admin] Lock "94bdd221-df82-474e-9794-67afb74cdf0d" "released" by "nova.context.set_target_cell..get_or_set_cached_cell_and_set_connections" :: held 0.000s {{(pid=98687) inner /opt/stack/data/venv/lib/python3.12/site-packages/oslo_concurrency/lockutils.py:544}}
Aug 31 07:37:00.041381 np0000191559 devstack@n-api.service[98687]: INFO nova.api.openstack.requestlog [None req-d3375aa1-54f2-4d3a-82b7-1983192c3065 admin admin] 162.253.55.116 "GET /compute/v2.1/os-services?binary=nova-compute&host=np0000191559" status: 200 len: 255 microversion: 2.69 time: 0.113326
Aug 31 07:37:00.041920 np0000191559 devstack@n-api.service[98687]: [pid: 98687|app: 0|req: 15/60] 162.253.55.116 () {68 vars in 1475 bytes} [Mon Aug 31 07:36:59 2026] GET /compute/v2.1/os-services?binary=nova-compute&host=np0000191559 => generated 255 bytes in 115 msecs (HTTP/1.1 200) 9 headers in 359 bytes (1 switches on core 0)
Aug 31 07:37:09.948043 np0000191559 devstack@n-api.service[98687]: DEBUG dbcounter [-] [98687] Writing DB stats nova_cell0:SELECT=1 {{(pid=98687) stat_writer /opt/stack/data/venv/lib/python3.12/site-packages/dbcounter.py:115}}
Aug 31 07:37:09.954797 np0000191559 devstack@n-api.service[98687]: DEBUG dbcounter [-] [98687] Writing DB stats nova_cell1:SELECT=1 {{(pid=98687) stat_writer /opt/stack/data/venv/lib/python3.12/site-packages/dbcounter.py:115}}
Aug 31 07:37:10.029939 np0000191559 devstack@n-api.service[98687]: DEBUG dbcounter [-] [98687] Writing DB stats nova_api:SELECT=2 {{(pid=98687) stat_writer /opt/stack/data/venv/lib/python3.12/site-packages/dbcounter.py:115}}
Aug 31 07:37:37.627953 np0000191559 devstack@n-api.service[98686]: DEBUG nova.api.openstack.wsgi [None req-8c5c6ec4-f60a-4696-ba06-3127249b5f4d admin admin] Calling method '>' {{(pid=98686) _process_stack /opt/stack/nova/nova/api/openstack/wsgi.py:551}}
Aug 31 07:37:37.634278 np0000191559 devstack@n-api.service[98686]: INFO nova.api.openstack.requestlog [None req-8c5c6ec4-f60a-4696-ba06-3127249b5f4d admin admin] 162.253.55.116 "GET /compute/v2.1" status: 200 len: 393 microversion: 2.1 time: 0.007200
Aug 31 07:37:37.634737 np0000191559 devstack@n-api.service[98686]: [pid: 98686|app: 0|req: 15/61] 162.253.55.116 () {62 vars in 1063 bytes} [Mon Aug 31 07:37:37 2026] GET /compute/v2.1 => generated 393 bytes in 8 msecs (HTTP/1.1 200) 9 headers in 357 bytes (1 switches on core 0)
Aug 31 07:37:37.673566 np0000191559 devstack@n-api.service[98685]: DEBUG nova.api.openstack.wsgi [None req-04cb2306-b971-44be-be05-9d16f3c98d46 admin admin] Calling method '>' {{(pid=98685) _process_stack /opt/stack/nova/nova/api/openstack/wsgi.py:551}}
Aug 31 07:37:37.683240 np0000191559 devstack@n-api.service[98685]: INFO nova.api.openstack.requestlog [None req-04cb2306-b971-44be-be05-9d16f3c98d46 admin admin] 162.253.55.116 "GET /compute/v2.1/" status: 200 len: 393 microversion: 2.1 time: 0.010202
Aug 31 07:37:37.683798 np0000191559 devstack@n-api.service[98685]: [pid: 98685|app: 0|req: 16/62] 162.253.55.116 () {62 vars in 1066 bytes} [Mon Aug 31 07:37:37 2026] GET /compute/v2.1/ => generated 393 bytes in 11 msecs (HTTP/1.1 200) 9 headers in 357 bytes (1 switches on core 0)
Aug 31 07:37:37.726828 np0000191559 devstack@n-api.service[98688]: DEBUG nova.api.openstack.wsgi [None req-87428d8f-170b-4bdc-bd7d-0de7db04e5f2 demo demo] Calling method '>' {{(pid=98688) _process_stack /opt/stack/nova/nova/api/openstack/wsgi.py:551}}
Aug 31 07:37:37.774699 np0000191559 devstack@n-api.service[98688]: INFO nova.api.openstack.requestlog [None req-87428d8f-170b-4bdc-bd7d-0de7db04e5f2 demo demo] 162.253.55.116 "GET /compute/v2.1/flavors/detail?is_public=None" status: 200 len: 5262 microversion: 2.61 time: 0.052494
Aug 31 07:37:37.775084 np0000191559 devstack@n-api.service[98688]: [pid: 98688|app: 0|req: 17/63] 162.253.55.116 () {68 vars in 1424 bytes} [Mon Aug 31 07:37:37 2026] GET /compute/v2.1/flavors/detail?is_public=None => generated 5262 bytes in 54 msecs (HTTP/1.1 200) 9 headers in 360 bytes (1 switches on core 0)
Aug 31 07:37:37.839217 np0000191559 devstack@n-api.service[98687]: DEBUG nova.api.openstack.wsgi [None req-9a444e53-cc93-4e1a-a0b4-94ad10ffb3e8 demo demo] Calling method '>' {{(pid=98687) _process_stack /opt/stack/nova/nova/api/openstack/wsgi.py:551}}
Aug 31 07:37:37.889072 np0000191559 devstack@n-api.service[98687]: INFO nova.api.openstack.requestlog [None req-9a444e53-cc93-4e1a-a0b4-94ad10ffb3e8 demo demo] 162.253.55.116 "GET /compute/v2.1/flavors/detail?is_public=None" status: 200 len: 5262 microversion: 2.61 time: 0.053623
Aug 31 07:37:37.889517 np0000191559 devstack@n-api.service[98687]: [pid: 98687|app: 0|req: 16/64] 162.253.55.116 () {68 vars in 1424 bytes} [Mon Aug 31 07:37:37 2026] GET /compute/v2.1/flavors/detail?is_public=None => generated 5262 bytes in 55 msecs (HTTP/1.1 200) 9 headers in 360 bytes (1 switches on core 0)
Aug 31 07:37:38.411104 np0000191559 devstack@n-api.service[98686]: DEBUG nova.api.openstack.wsgi [None req-8c5c6ec4-f60a-4696-ba06-3127249b5f4d admin admin] Calling method '>' {{(pid=98686) _process_stack /opt/stack/nova/nova/api/openstack/wsgi.py:551}}
Aug 31 07:37:38.417244 np0000191559 devstack@n-api.service[98686]: INFO nova.api.openstack.requestlog [None req-8c5c6ec4-f60a-4696-ba06-3127249b5f4d admin admin] 162.253.55.116 "GET /compute/v2.1" status: 200 len: 393 microversion: 2.1 time: 0.006567
Aug 31 07:37:38.417650 np0000191559 devstack@n-api.service[98686]: [pid: 98686|app: 0|req: 16/65] 162.253.55.116 () {62 vars in 1063 bytes} [Mon Aug 31 07:37:38 2026] GET /compute/v2.1 => generated 393 bytes in 7 msecs (HTTP/1.1 200) 9 headers in 357 bytes (2 switches on core 0)
Aug 31 07:37:38.450896 np0000191559 devstack@n-api.service[98685]: DEBUG nova.api.openstack.wsgi [None req-04cb2306-b971-44be-be05-9d16f3c98d46 admin admin] Calling method '>' {{(pid=98685) _process_stack /opt/stack/nova/nova/api/openstack/wsgi.py:551}}
Aug 31 07:37:38.455081 np0000191559 devstack@n-api.service[98685]: INFO nova.api.openstack.requestlog [None req-04cb2306-b971-44be-be05-9d16f3c98d46 admin admin] 162.253.55.116 "GET /compute/v2.1/" status: 200 len: 393 microversion: 2.1 time: 0.004232
Aug 31 07:37:38.455081 np0000191559 devstack@n-api.service[98685]: [pid: 98685|app: 0|req: 17/66] 162.253.55.116 () {62 vars in 1066 bytes} [Mon Aug 31 07:37:38 2026] GET /compute/v2.1/ => generated 393 bytes in 5 msecs (HTTP/1.1 200) 9 headers in 357 bytes (1 switches on core 0)
Aug 31 07:37:38.492022 np0000191559 devstack@n-api.service[98688]: DEBUG nova.api.openstack.wsgi [None req-0183dd72-63ef-4444-a361-cde881e67d48 demo demo] Calling method '>' {{(pid=98688) _process_stack /opt/stack/nova/nova/api/openstack/wsgi.py:551}}
Aug 31 07:37:38.527010 np0000191559 devstack@n-api.service[98688]: INFO nova.api.openstack.requestlog [None req-0183dd72-63ef-4444-a361-cde881e67d48 demo demo] 162.253.55.116 "GET /compute/v2.1/flavors/detail?is_public=None" status: 200 len: 5262 microversion: 2.61 time: 0.039101
Aug 31 07:37:38.528275 np0000191559 devstack@n-api.service[98688]: [pid: 98688|app: 0|req: 18/67] 162.253.55.116 () {68 vars in 1424 bytes} [Mon Aug 31 07:37:38 2026] GET /compute/v2.1/flavors/detail?is_public=None => generated 5262 bytes in 41 msecs (HTTP/1.1 200) 9 headers in 360 bytes (1 switches on core 0)
Aug 31 07:37:38.665633 np0000191559 devstack@n-api.service[98687]: DEBUG nova.api.openstack.wsgi [None req-e55a1c80-f725-431f-b6a8-6ecc355dd749 demo demo] Calling method '>' {{(pid=98687) _process_stack /opt/stack/nova/nova/api/openstack/wsgi.py:551}}
Aug 31 07:37:38.701155 np0000191559 devstack@n-api.service[98687]: INFO nova.api.openstack.requestlog [None req-e55a1c80-f725-431f-b6a8-6ecc355dd749 demo demo] 162.253.55.116 "GET /compute/v2.1/flavors/detail?is_public=None" status: 200 len: 5262 microversion: 2.61 time: 0.038550
Aug 31 07:37:38.701793 np0000191559 devstack@n-api.service[98687]: [pid: 98687|app: 0|req: 17/68] 162.253.55.116 () {68 vars in 1424 bytes} [Mon Aug 31 07:37:38 2026] GET /compute/v2.1/flavors/detail?is_public=None => generated 5262 bytes in 40 msecs (HTTP/1.1 200) 9 headers in 360 bytes (1 switches on core 0)
Aug 31 07:37:42.921216 np0000191559 devstack@n-api.service[98686]: DEBUG nova.api.openstack.wsgi [None req-8c5c6ec4-f60a-4696-ba06-3127249b5f4d admin admin] Calling method '>' {{(pid=98686) _process_stack /opt/stack/nova/nova/api/openstack/wsgi.py:551}}
Aug 31 07:37:42.927220 np0000191559 devstack@n-api.service[98686]: INFO nova.api.openstack.requestlog [None req-8c5c6ec4-f60a-4696-ba06-3127249b5f4d admin admin] 162.253.55.116 "GET /compute/v2.1" status: 200 len: 393 microversion: 2.1 time: 0.006349
Aug 31 07:37:42.927700 np0000191559 devstack@n-api.service[98686]: [pid: 98686|app: 0|req: 17/69] 162.253.55.116 () {62 vars in 1063 bytes} [Mon Aug 31 07:37:42 2026] GET /compute/v2.1 => generated 393 bytes in 7 msecs (HTTP/1.1 200) 9 headers in 357 bytes (1 switches on core 0)
Aug 31 07:37:42.959429 np0000191559 devstack@n-api.service[98685]: DEBUG nova.api.openstack.wsgi [None req-04cb2306-b971-44be-be05-9d16f3c98d46 admin admin] Calling method '>' {{(pid=98685) _process_stack /opt/stack/nova/nova/api/openstack/wsgi.py:551}}
Aug 31 07:37:42.963982 np0000191559 devstack@n-api.service[98685]: INFO nova.api.openstack.requestlog [None req-04cb2306-b971-44be-be05-9d16f3c98d46 admin admin] 162.253.55.116 "GET /compute/v2.1/" status: 200 len: 393 microversion: 2.1 time: 0.003472
Aug 31 07:37:42.963982 np0000191559 devstack@n-api.service[98685]: [pid: 98685|app: 0|req: 18/70] 162.253.55.116 () {62 vars in 1066 bytes} [Mon Aug 31 07:37:42 2026] GET /compute/v2.1/ => generated 393 bytes in 4 msecs (HTTP/1.1 200) 9 headers in 357 bytes (1 switches on core 0)
Aug 31 07:37:42.998560 np0000191559 devstack@n-api.service[98688]: DEBUG nova.api.openstack.wsgi [None req-f584ecfd-1477-4f24-94ea-765389199c76 demo demo] Calling method '>' {{(pid=98688) _process_stack /opt/stack/nova/nova/api/openstack/wsgi.py:551}}
Aug 31 07:37:43.015433 np0000191559 devstack@n-api.service[98688]: INFO nova.api.openstack.requestlog [None req-f584ecfd-1477-4f24-94ea-765389199c76 demo demo] 162.253.55.116 "GET /compute/v2.1/flavors/detail?is_public=None" status: 200 len: 5262 microversion: 2.61 time: 0.018733
Aug 31 07:37:43.015696 np0000191559 devstack@n-api.service[98688]: [pid: 98688|app: 0|req: 19/71] 162.253.55.116 () {68 vars in 1424 bytes} [Mon Aug 31 07:37:42 2026] GET /compute/v2.1/flavors/detail?is_public=None => generated 5262 bytes in 19 msecs (HTTP/1.1 200) 9 headers in 360 bytes (1 switches on core 0)
Aug 31 07:37:43.062014 np0000191559 devstack@n-api.service[98687]: DEBUG nova.api.openstack.wsgi [None req-864c7c65-c973-4488-895c-e5cd47939cb4 demo demo] Calling method '>' {{(pid=98687) _process_stack /opt/stack/nova/nova/api/openstack/wsgi.py:551}}
Aug 31 07:37:43.085127 np0000191559 devstack@n-api.service[98687]: INFO nova.api.openstack.requestlog [None req-864c7c65-c973-4488-895c-e5cd47939cb4 demo demo] 162.253.55.116 "GET /compute/v2.1/flavors/detail?is_public=None" status: 200 len: 5262 microversion: 2.61 time: 0.024846
Aug 31 07:37:43.085406 np0000191559 devstack@n-api.service[98687]: [pid: 98687|app: 0|req: 18/72] 162.253.55.116 () {68 vars in 1424 bytes} [Mon Aug 31 07:37:43 2026] GET /compute/v2.1/flavors/detail?is_public=None => generated 5262 bytes in 25 msecs (HTTP/1.1 200) 9 headers in 360 bytes (1 switches on core 0)
Aug 31 07:37:43.219690 np0000191559 devstack@n-api.service[98686]: DEBUG nova.api.openstack.wsgi [None req-8c5c6ec4-f60a-4696-ba06-3127249b5f4d admin admin] Calling method '>' {{(pid=98686) _process_stack /opt/stack/nova/nova/api/openstack/wsgi.py:551}}
Aug 31 07:37:43.225214 np0000191559 devstack@n-api.service[98686]: INFO nova.api.openstack.requestlog [None req-8c5c6ec4-f60a-4696-ba06-3127249b5f4d admin admin] 162.253.55.116 "GET /compute/v2.1" status: 200 len: 393 microversion: 2.1 time: 0.006064
Aug 31 07:37:43.225622 np0000191559 devstack@n-api.service[98686]: [pid: 98686|app: 0|req: 18/73] 162.253.55.116 () {62 vars in 1063 bytes} [Mon Aug 31 07:37:43 2026] GET /compute/v2.1 => generated 393 bytes in 7 msecs (HTTP/1.1 200) 9 headers in 357 bytes (1 switches on core 0)
Aug 31 07:37:43.256792 np0000191559 devstack@n-api.service[98685]: DEBUG nova.api.openstack.wsgi [None req-04cb2306-b971-44be-be05-9d16f3c98d46 admin admin] Calling method '>' {{(pid=98685) _process_stack /opt/stack/nova/nova/api/openstack/wsgi.py:551}}
Aug 31 07:37:43.262669 np0000191559 devstack@n-api.service[98685]: INFO nova.api.openstack.requestlog [None req-04cb2306-b971-44be-be05-9d16f3c98d46 admin admin] 162.253.55.116 "GET /compute/v2.1/" status: 200 len: 393 microversion: 2.1 time: 0.006192
Aug 31 07:37:43.263071 np0000191559 devstack@n-api.service[98685]: [pid: 98685|app: 0|req: 19/74] 162.253.55.116 () {62 vars in 1066 bytes} [Mon Aug 31 07:37:43 2026] GET /compute/v2.1/ => generated 393 bytes in 7 msecs (HTTP/1.1 200) 9 headers in 357 bytes (1 switches on core 0)
Aug 31 07:37:43.297510 np0000191559 devstack@n-api.service[98688]: DEBUG nova.api.openstack.wsgi [None req-0fb3e9d8-17d4-411e-881e-fac17583d789 demo demo] Calling method '>' {{(pid=98688) _process_stack /opt/stack/nova/nova/api/openstack/wsgi.py:551}}
Aug 31 07:37:43.331489 np0000191559 devstack@n-api.service[98688]: INFO nova.api.openstack.requestlog [None req-0fb3e9d8-17d4-411e-881e-fac17583d789 demo demo] 162.253.55.116 "GET /compute/v2.1/flavors/detail?is_public=None" status: 200 len: 5262 microversion: 2.61 time: 0.037104
Aug 31 07:37:43.331997 np0000191559 devstack@n-api.service[98688]: [pid: 98688|app: 0|req: 20/75] 162.253.55.116 () {68 vars in 1424 bytes} [Mon Aug 31 07:37:43 2026] GET /compute/v2.1/flavors/detail?is_public=None => generated 5262 bytes in 38 msecs (HTTP/1.1 200) 9 headers in 360 bytes (1 switches on core 0)
Aug 31 07:37:43.386043 np0000191559 devstack@n-api.service[98687]: DEBUG nova.api.openstack.wsgi [None req-f4e7c6ac-a8d6-4ded-adde-2b2a95a8e5a1 demo demo] Calling method '>' {{(pid=98687) _process_stack /opt/stack/nova/nova/api/openstack/wsgi.py:551}}
Aug 31 07:37:43.418936 np0000191559 devstack@n-api.service[98687]: INFO nova.api.openstack.requestlog [None req-f4e7c6ac-a8d6-4ded-adde-2b2a95a8e5a1 demo demo] 162.253.55.116 "GET /compute/v2.1/flavors/detail?is_public=None" status: 200 len: 5262 microversion: 2.61 time: 0.035917
Aug 31 07:37:43.419417 np0000191559 devstack@n-api.service[98687]: [pid: 98687|app: 0|req: 19/76] 162.253.55.116 () {68 vars in 1424 bytes} [Mon Aug 31 07:37:43 2026] GET /compute/v2.1/flavors/detail?is_public=None => generated 5262 bytes in 37 msecs (HTTP/1.1 200) 9 headers in 360 bytes (1 switches on core 0)
Aug 31 07:37:47.889076 np0000191559 devstack@n-api.service[98686]: DEBUG nova.api.openstack.wsgi [None req-8c5c6ec4-f60a-4696-ba06-3127249b5f4d admin admin] Calling method '>' {{(pid=98686) _process_stack /opt/stack/nova/nova/api/openstack/wsgi.py:551}}
Aug 31 07:37:47.895325 np0000191559 devstack@n-api.service[98686]: INFO nova.api.openstack.requestlog [None req-8c5c6ec4-f60a-4696-ba06-3127249b5f4d admin admin] 162.253.55.116 "GET /compute/v2.1" status: 200 len: 393 microversion: 2.1 time: 0.006739
Aug 31 07:37:47.895835 np0000191559 devstack@n-api.service[98686]: [pid: 98686|app: 0|req: 19/77] 162.253.55.116 () {62 vars in 1074 bytes} [Mon Aug 31 07:37:47 2026] GET /compute/v2.1 => generated 393 bytes in 8 msecs (HTTP/1.1 200) 9 headers in 357 bytes (1 switches on core 0)
Aug 31 07:37:47.926714 np0000191559 devstack@n-api.service[98685]: DEBUG nova.api.openstack.wsgi [None req-04cb2306-b971-44be-be05-9d16f3c98d46 admin admin] Calling method '>' {{(pid=98685) _process_stack /opt/stack/nova/nova/api/openstack/wsgi.py:551}}
Aug 31 07:37:47.932272 np0000191559 devstack@n-api.service[98685]: INFO nova.api.openstack.requestlog [None req-04cb2306-b971-44be-be05-9d16f3c98d46 admin admin] 162.253.55.116 "GET /compute/v2.1/" status: 200 len: 393 microversion: 2.1 time: 0.005926
Aug 31 07:37:47.932735 np0000191559 devstack@n-api.service[98685]: [pid: 98685|app: 0|req: 20/78] 162.253.55.116 () {62 vars in 1077 bytes} [Mon Aug 31 07:37:47 2026] GET /compute/v2.1/ => generated 393 bytes in 7 msecs (HTTP/1.1 200) 9 headers in 357 bytes (1 switches on core 0)
Aug 31 07:37:47.965908 np0000191559 devstack@n-api.service[98688]: DEBUG nova.api.openstack.wsgi [None req-2280bc7c-8ca7-481c-91db-5607fd5b9d72 demo demo] Calling method '>' {{(pid=98688) _process_stack /opt/stack/nova/nova/api/openstack/wsgi.py:551}}
Aug 31 07:37:48.004169 np0000191559 devstack@n-api.service[98688]: INFO nova.api.openstack.requestlog [None req-2280bc7c-8ca7-481c-91db-5607fd5b9d72 demo demo] 162.253.55.116 "GET /compute/v2.1/os-server-groups" status: 200 len: 21 microversion: 2.64 time: 0.041405
Aug 31 07:37:48.004820 np0000191559 devstack@n-api.service[98688]: [pid: 98688|app: 0|req: 21/79] 162.253.55.116 () {68 vars in 1412 bytes} [Mon Aug 31 07:37:47 2026] GET /compute/v2.1/os-server-groups => generated 21 bytes in 43 msecs (HTTP/1.1 200) 9 headers in 358 bytes (1 switches on core 0)
Aug 31 07:37:48.053461 np0000191559 devstack@n-api.service[98687]: DEBUG nova.api.openstack.wsgi [None req-f4e7c6ac-a8d6-4ded-adde-2b2a95a8e5a1 demo demo] Calling method '>' {{(pid=98687) _process_stack /opt/stack/nova/nova/api/openstack/wsgi.py:551}}
Aug 31 07:37:48.058011 np0000191559 devstack@n-api.service[98687]: INFO nova.api.openstack.requestlog [None req-f4e7c6ac-a8d6-4ded-adde-2b2a95a8e5a1 demo demo] 162.253.55.116 "GET /compute/v2.1" status: 200 len: 393 microversion: 2.1 time: 0.005810
Aug 31 07:37:48.058386 np0000191559 devstack@n-api.service[98687]: [pid: 98687|app: 0|req: 20/80] 162.253.55.116 () {62 vars in 1074 bytes} [Mon Aug 31 07:37:48 2026] GET /compute/v2.1 => generated 393 bytes in 7 msecs (HTTP/1.1 200) 9 headers in 357 bytes (1 switches on core 0)
Aug 31 07:37:48.092963 np0000191559 devstack@n-api.service[98686]: DEBUG nova.api.openstack.wsgi [None req-8c5c6ec4-f60a-4696-ba06-3127249b5f4d admin admin] Calling method '>' {{(pid=98686) _process_stack /opt/stack/nova/nova/api/openstack/wsgi.py:551}}
Aug 31 07:37:48.100155 np0000191559 devstack@n-api.service[98686]: INFO nova.api.openstack.requestlog [None req-8c5c6ec4-f60a-4696-ba06-3127249b5f4d admin admin] 162.253.55.116 "GET /compute/v2.1/" status: 200 len: 393 microversion: 2.1 time: 0.007512
Aug 31 07:37:48.100493 np0000191559 devstack@n-api.service[98686]: [pid: 98686|app: 0|req: 20/81] 162.253.55.116 () {62 vars in 1077 bytes} [Mon Aug 31 07:37:48 2026] GET /compute/v2.1/ => generated 393 bytes in 8 msecs (HTTP/1.1 200) 9 headers in 357 bytes (1 switches on core 0)
Aug 31 07:37:48.136759 np0000191559 devstack@n-api.service[98685]: DEBUG nova.api.openstack.wsgi [None req-2c51fd23-4580-4a8c-b0c6-2d76c09b1072 demo demo] Action: 'create', calling method: >, body: {"server_group": {"name": "kube-jti8o", "policy": "soft-anti-affinity"}} {{(pid=98685) _process_stack /opt/stack/nova/nova/api/openstack/wsgi.py:549}}
Aug 31 07:37:48.177934 np0000191559 devstack@n-api.service[98685]: DEBUG nova.quota [None req-2c51fd23-4580-4a8c-b0c6-2d76c09b1072 demo demo] Getting quotas for project bcea5433e86341a1ba83d8ebb7245ccc. Resources: {'server_groups'} {{(pid=98685) _get_quotas /opt/stack/nova/nova/quota.py:389}}
Aug 31 07:37:48.184407 np0000191559 devstack@n-api.service[98685]: DEBUG nova.quota [None req-2c51fd23-4580-4a8c-b0c6-2d76c09b1072 demo demo] Getting quotas for user 2811ea94238c4f45bb38421e0ae38180 and project bcea5433e86341a1ba83d8ebb7245ccc. Resources: {'server_groups'} {{(pid=98685) _get_quotas /opt/stack/nova/nova/quota.py:379}}
Aug 31 07:37:48.254423 np0000191559 devstack@n-api.service[98685]: DEBUG nova.quota [None req-2c51fd23-4580-4a8c-b0c6-2d76c09b1072 demo demo] Getting quotas for project bcea5433e86341a1ba83d8ebb7245ccc. Resources: {'server_groups'} {{(pid=98685) _get_quotas /opt/stack/nova/nova/quota.py:389}}
Aug 31 07:37:48.258147 np0000191559 devstack@n-api.service[98685]: DEBUG nova.quota [None req-2c51fd23-4580-4a8c-b0c6-2d76c09b1072 demo demo] Getting quotas for user 2811ea94238c4f45bb38421e0ae38180 and project bcea5433e86341a1ba83d8ebb7245ccc. Resources: {'server_groups'} {{(pid=98685) _get_quotas /opt/stack/nova/nova/quota.py:379}}
Aug 31 07:37:48.277441 np0000191559 devstack@n-api.service[98685]: INFO nova.api.openstack.requestlog [None req-2c51fd23-4580-4a8c-b0c6-2d76c09b1072 demo demo] 162.253.55.116 "POST /compute/v2.1/os-server-groups" status: 200 len: 243 microversion: 2.64 time: 0.143927
Aug 31 07:37:48.277441 np0000191559 devstack@n-api.service[98685]: [pid: 98685|app: 0|req: 21/82] 162.253.55.116 () {72 vars in 1452 bytes} [Mon Aug 31 07:37:48 2026] POST /compute/v2.1/os-server-groups => generated 243 bytes in 145 msecs (HTTP/1.1 200) 9 headers in 359 bytes (1 switches on core 0)
Aug 31 07:37:48.350476 np0000191559 devstack@n-api.service[98688]: DEBUG nova.api.openstack.wsgi [None req-2280bc7c-8ca7-481c-91db-5607fd5b9d72 demo demo] Calling method '>' {{(pid=98688) _process_stack /opt/stack/nova/nova/api/openstack/wsgi.py:551}}
Aug 31 07:37:48.355784 np0000191559 devstack@n-api.service[98688]: INFO nova.api.openstack.requestlog [None req-2280bc7c-8ca7-481c-91db-5607fd5b9d72 demo demo] 162.253.55.116 "GET /compute/v2.1" status: 200 len: 393 microversion: 2.1 time: 0.005614
Aug 31 07:37:48.356134 np0000191559 devstack@n-api.service[98688]: [pid: 98688|app: 0|req: 22/83] 162.253.55.116 () {62 vars in 1074 bytes} [Mon Aug 31 07:37:48 2026] GET /compute/v2.1 => generated 393 bytes in 7 msecs (HTTP/1.1 200) 9 headers in 357 bytes (1 switches on core 0)
Aug 31 07:37:48.394535 np0000191559 devstack@n-api.service[98687]: DEBUG nova.api.openstack.wsgi [None req-f4e7c6ac-a8d6-4ded-adde-2b2a95a8e5a1 demo demo] Calling method '>' {{(pid=98687) _process_stack /opt/stack/nova/nova/api/openstack/wsgi.py:551}}
Aug 31 07:37:48.400134 np0000191559 devstack@n-api.service[98687]: INFO nova.api.openstack.requestlog [None req-f4e7c6ac-a8d6-4ded-adde-2b2a95a8e5a1 demo demo] 162.253.55.116 "GET /compute/v2.1/" status: 200 len: 393 microversion: 2.1 time: 0.006309
Aug 31 07:37:48.400542 np0000191559 devstack@n-api.service[98687]: [pid: 98687|app: 0|req: 21/84] 162.253.55.116 () {62 vars in 1077 bytes} [Mon Aug 31 07:37:48 2026] GET /compute/v2.1/ => generated 393 bytes in 7 msecs (HTTP/1.1 200) 9 headers in 357 bytes (1 switches on core 0)
Aug 31 07:37:48.438109 np0000191559 devstack@n-api.service[98686]: DEBUG nova.api.openstack.wsgi [None req-5f948c42-ece9-4f39-a9d5-7352d1852c3d demo demo] Calling method '>' {{(pid=98686) _process_stack /opt/stack/nova/nova/api/openstack/wsgi.py:551}}
Aug 31 07:37:48.463608 np0000191559 devstack@n-api.service[98686]: INFO nova.api.openstack.requestlog [None req-5f948c42-ece9-4f39-a9d5-7352d1852c3d demo demo] 162.253.55.116 "GET /compute/v2.1/os-server-groups" status: 200 len: 246 microversion: 2.64 time: 0.029248
Aug 31 07:37:48.464039 np0000191559 devstack@n-api.service[98686]: [pid: 98686|app: 0|req: 21/85] 162.253.55.116 () {68 vars in 1412 bytes} [Mon Aug 31 07:37:48 2026] GET /compute/v2.1/os-server-groups => generated 246 bytes in 30 msecs (HTTP/1.1 200) 9 headers in 359 bytes (1 switches on core 0)
Aug 31 07:37:48.497468 np0000191559 devstack@n-api.service[98685]: DEBUG nova.api.openstack.wsgi [None req-2c51fd23-4580-4a8c-b0c6-2d76c09b1072 demo demo] Calling method '>' {{(pid=98685) _process_stack /opt/stack/nova/nova/api/openstack/wsgi.py:551}}
Aug 31 07:37:48.503027 np0000191559 devstack@n-api.service[98685]: INFO nova.api.openstack.requestlog [None req-2c51fd23-4580-4a8c-b0c6-2d76c09b1072 demo demo] 162.253.55.116 "GET /compute/v2.1" status: 200 len: 393 microversion: 2.1 time: 0.005985
Aug 31 07:37:48.503633 np0000191559 devstack@n-api.service[98685]: [pid: 98685|app: 0|req: 22/86] 162.253.55.116 () {62 vars in 1074 bytes} [Mon Aug 31 07:37:48 2026] GET /compute/v2.1 => generated 393 bytes in 7 msecs (HTTP/1.1 200) 9 headers in 357 bytes (1 switches on core 0)
Aug 31 07:37:48.536847 np0000191559 devstack@n-api.service[98688]: DEBUG nova.api.openstack.wsgi [None req-2280bc7c-8ca7-481c-91db-5607fd5b9d72 demo demo] Calling method '>' {{(pid=98688) _process_stack /opt/stack/nova/nova/api/openstack/wsgi.py:551}}
Aug 31 07:37:48.544032 np0000191559 devstack@n-api.service[98688]: INFO nova.api.openstack.requestlog [None req-2280bc7c-8ca7-481c-91db-5607fd5b9d72 demo demo] 162.253.55.116 "GET /compute/v2.1/" status: 200 len: 393 microversion: 2.1 time: 0.007631
Aug 31 07:37:48.544391 np0000191559 devstack@n-api.service[98688]: [pid: 98688|app: 0|req: 23/87] 162.253.55.116 () {62 vars in 1077 bytes} [Mon Aug 31 07:37:48 2026] GET /compute/v2.1/ => generated 393 bytes in 9 msecs (HTTP/1.1 200) 9 headers in 357 bytes (1 switches on core 0)
Aug 31 07:37:48.578402 np0000191559 devstack@n-api.service[98687]: DEBUG nova.api.openstack.wsgi [None req-fef29c70-01f8-4c73-8b53-d6db7327c2d7 demo demo] Action: 'create', calling method: >, body: {"server_group": {"name": "kube-jti8o-default-worker", "policy": "soft-anti-affinity"}} {{(pid=98687) _process_stack /opt/stack/nova/nova/api/openstack/wsgi.py:549}}
Aug 31 07:37:48.618620 np0000191559 devstack@n-api.service[98687]: DEBUG nova.quota [None req-fef29c70-01f8-4c73-8b53-d6db7327c2d7 demo demo] Getting quotas for project bcea5433e86341a1ba83d8ebb7245ccc. Resources: {'server_groups'} {{(pid=98687) _get_quotas /opt/stack/nova/nova/quota.py:389}}
Aug 31 07:37:48.624894 np0000191559 devstack@n-api.service[98687]: DEBUG nova.quota [None req-fef29c70-01f8-4c73-8b53-d6db7327c2d7 demo demo] Getting quotas for user 2811ea94238c4f45bb38421e0ae38180 and project bcea5433e86341a1ba83d8ebb7245ccc. Resources: {'server_groups'} {{(pid=98687) _get_quotas /opt/stack/nova/nova/quota.py:379}}
Aug 31 07:37:48.709996 np0000191559 devstack@n-api.service[98687]: DEBUG nova.quota [None req-fef29c70-01f8-4c73-8b53-d6db7327c2d7 demo demo] Getting quotas for project bcea5433e86341a1ba83d8ebb7245ccc. Resources: {'server_groups'} {{(pid=98687) _get_quotas /opt/stack/nova/nova/quota.py:389}}
Aug 31 07:37:48.712665 np0000191559 devstack@n-api.service[98687]: DEBUG nova.quota [None req-fef29c70-01f8-4c73-8b53-d6db7327c2d7 demo demo] Getting quotas for user 2811ea94238c4f45bb38421e0ae38180 and project bcea5433e86341a1ba83d8ebb7245ccc. Resources: {'server_groups'} {{(pid=98687) _get_quotas /opt/stack/nova/nova/quota.py:379}}
Aug 31 07:37:48.723518 np0000191559 devstack@n-api.service[98687]: INFO nova.api.openstack.requestlog [None req-fef29c70-01f8-4c73-8b53-d6db7327c2d7 demo demo] 162.253.55.116 "POST /compute/v2.1/os-server-groups" status: 200 len: 258 microversion: 2.64 time: 0.148632
Aug 31 07:37:48.724159 np0000191559 devstack@n-api.service[98687]: [pid: 98687|app: 0|req: 22/88] 162.253.55.116 () {72 vars in 1452 bytes} [Mon Aug 31 07:37:48 2026] POST /compute/v2.1/os-server-groups => generated 258 bytes in 150 msecs (HTTP/1.1 200) 9 headers in 359 bytes (1 switches on core 0)
Aug 31 07:37:52.183484 np0000191559 devstack@n-api.service[98686]: DEBUG nova.api.openstack.wsgi [None req-5f948c42-ece9-4f39-a9d5-7352d1852c3d demo demo] Calling method '>' {{(pid=98686) _process_stack /opt/stack/nova/nova/api/openstack/wsgi.py:551}}
Aug 31 07:37:52.189151 np0000191559 devstack@n-api.service[98686]: INFO nova.api.openstack.requestlog [None req-5f948c42-ece9-4f39-a9d5-7352d1852c3d demo demo] 162.253.55.116 "GET /compute/v2.1" status: 200 len: 393 microversion: 2.1 time: 0.006001
Aug 31 07:37:52.189480 np0000191559 devstack@n-api.service[98686]: [pid: 98686|app: 0|req: 22/89] 162.253.55.116 () {62 vars in 1074 bytes} [Mon Aug 31 07:37:52 2026] GET /compute/v2.1 => generated 393 bytes in 7 msecs (HTTP/1.1 200) 9 headers in 357 bytes (1 switches on core 0)
Aug 31 07:37:52.221086 np0000191559 devstack@n-api.service[98685]: DEBUG nova.api.openstack.wsgi [None req-2c51fd23-4580-4a8c-b0c6-2d76c09b1072 demo demo] Calling method '>' {{(pid=98685) _process_stack /opt/stack/nova/nova/api/openstack/wsgi.py:551}}
Aug 31 07:37:52.226642 np0000191559 devstack@n-api.service[98685]: INFO nova.api.openstack.requestlog [None req-2c51fd23-4580-4a8c-b0c6-2d76c09b1072 demo demo] 162.253.55.116 "GET /compute/v2.1/" status: 200 len: 393 microversion: 2.1 time: 0.005948
Aug 31 07:37:52.227021 np0000191559 devstack@n-api.service[98685]: [pid: 98685|app: 0|req: 23/90] 162.253.55.116 () {62 vars in 1077 bytes} [Mon Aug 31 07:37:52 2026] GET /compute/v2.1/ => generated 393 bytes in 7 msecs (HTTP/1.1 200) 9 headers in 357 bytes (1 switches on core 0)
Aug 31 07:37:52.261819 np0000191559 devstack@n-api.service[98688]: DEBUG nova.api.openstack.wsgi [None req-86c0ee1c-e351-4b36-85fe-0e3d68e9a62d demo demo] Calling method '>' {{(pid=98688) _process_stack /opt/stack/nova/nova/api/openstack/wsgi.py:551}}
Aug 31 07:37:52.300004 np0000191559 devstack@n-api.service[98688]: INFO nova.api.openstack.requestlog [None req-86c0ee1c-e351-4b36-85fe-0e3d68e9a62d demo demo] 162.253.55.116 "GET /compute/v2.1/flavors/detail?is_public=None" status: 200 len: 5262 microversion: 2.61 time: 0.041664
Aug 31 07:37:52.300559 np0000191559 devstack@n-api.service[98688]: [pid: 98688|app: 0|req: 24/91] 162.253.55.116 () {68 vars in 1435 bytes} [Mon Aug 31 07:37:52 2026] GET /compute/v2.1/flavors/detail?is_public=None => generated 5262 bytes in 43 msecs (HTTP/1.1 200) 9 headers in 360 bytes (1 switches on core 0)
Aug 31 07:37:52.343141 np0000191559 devstack@n-api.service[98687]: DEBUG nova.api.openstack.wsgi [None req-27dd04a5-700e-426a-a163-4a6ea32de183 demo demo] Calling method '>' {{(pid=98687) _process_stack /opt/stack/nova/nova/api/openstack/wsgi.py:551}}
Aug 31 07:37:52.379467 np0000191559 devstack@n-api.service[98687]: INFO nova.api.openstack.requestlog [None req-27dd04a5-700e-426a-a163-4a6ea32de183 demo demo] 162.253.55.116 "GET /compute/v2.1/flavors/detail?is_public=None" status: 200 len: 5262 microversion: 2.61 time: 0.039634
Aug 31 07:37:52.380115 np0000191559 devstack@n-api.service[98687]: [pid: 98687|app: 0|req: 23/92] 162.253.55.116 () {68 vars in 1435 bytes} [Mon Aug 31 07:37:52 2026] GET /compute/v2.1/flavors/detail?is_public=None => generated 5262 bytes in 41 msecs (HTTP/1.1 200) 9 headers in 360 bytes (1 switches on core 0)
Aug 31 07:37:52.531297 np0000191559 devstack@n-api.service[98686]: DEBUG nova.api.openstack.wsgi [None req-5f948c42-ece9-4f39-a9d5-7352d1852c3d demo demo] Calling method '>' {{(pid=98686) _process_stack /opt/stack/nova/nova/api/openstack/wsgi.py:551}}
Aug 31 07:37:52.537928 np0000191559 devstack@n-api.service[98686]: INFO nova.api.openstack.requestlog [None req-5f948c42-ece9-4f39-a9d5-7352d1852c3d demo demo] 162.253.55.116 "GET /compute/v2.1" status: 200 len: 393 microversion: 2.1 time: 0.007017
Aug 31 07:37:52.538271 np0000191559 devstack@n-api.service[98686]: [pid: 98686|app: 0|req: 23/93] 162.253.55.116 () {62 vars in 1074 bytes} [Mon Aug 31 07:37:52 2026] GET /compute/v2.1 => generated 393 bytes in 8 msecs (HTTP/1.1 200) 9 headers in 357 bytes (1 switches on core 0)
Aug 31 07:37:52.575384 np0000191559 devstack@n-api.service[98685]: DEBUG nova.api.openstack.wsgi [None req-2c51fd23-4580-4a8c-b0c6-2d76c09b1072 demo demo] Calling method '>' {{(pid=98685) _process_stack /opt/stack/nova/nova/api/openstack/wsgi.py:551}}
Aug 31 07:37:52.581251 np0000191559 devstack@n-api.service[98685]: INFO nova.api.openstack.requestlog [None req-2c51fd23-4580-4a8c-b0c6-2d76c09b1072 demo demo] 162.253.55.116 "GET /compute/v2.1/" status: 200 len: 393 microversion: 2.1 time: 0.006254
Aug 31 07:37:52.581661 np0000191559 devstack@n-api.service[98685]: [pid: 98685|app: 0|req: 24/94] 162.253.55.116 () {62 vars in 1077 bytes} [Mon Aug 31 07:37:52 2026] GET /compute/v2.1/ => generated 393 bytes in 7 msecs (HTTP/1.1 200) 9 headers in 357 bytes (1 switches on core 0)
Aug 31 07:37:52.622984 np0000191559 devstack@n-api.service[98688]: DEBUG nova.api.openstack.wsgi [None req-9363045c-0c68-4cec-a359-27987c364512 demo demo] Calling method '>' {{(pid=98688) _process_stack /opt/stack/nova/nova/api/openstack/wsgi.py:551}}
Aug 31 07:37:52.660544 np0000191559 devstack@n-api.service[98688]: INFO nova.api.openstack.requestlog [None req-9363045c-0c68-4cec-a359-27987c364512 demo demo] 162.253.55.116 "GET /compute/v2.1/flavors/detail?is_public=None" status: 200 len: 5262 microversion: 2.61 time: 0.040908
Aug 31 07:37:52.661085 np0000191559 devstack@n-api.service[98688]: [pid: 98688|app: 0|req: 25/95] 162.253.55.116 () {68 vars in 1435 bytes} [Mon Aug 31 07:37:52 2026] GET /compute/v2.1/flavors/detail?is_public=None => generated 5262 bytes in 42 msecs (HTTP/1.1 200) 9 headers in 360 bytes (1 switches on core 0)
Aug 31 07:37:58.265544 np0000191559 devstack@n-api.service[98685]: DEBUG dbcounter [-] [98685] Writing DB stats nova_cell0:SELECT=4 {{(pid=98685) stat_writer /opt/stack/data/venv/lib/python3.12/site-packages/dbcounter.py:115}}
Aug 31 07:37:58.270337 np0000191559 devstack@n-api.service[98685]: DEBUG dbcounter [-] [98685] Writing DB stats nova_api:SELECT=14,nova_api:INSERT=2 {{(pid=98685) stat_writer /opt/stack/data/venv/lib/python3.12/site-packages/dbcounter.py:115}}
Aug 31 07:37:58.459737 np0000191559 devstack@n-api.service[98686]: DEBUG dbcounter [-] [98686] Writing DB stats nova_api:SELECT=2 {{(pid=98686) stat_writer /opt/stack/data/venv/lib/python3.12/site-packages/dbcounter.py:115}}
Aug 31 07:37:58.717131 np0000191559 devstack@n-api.service[98687]: DEBUG dbcounter [-] [98687] Writing DB stats nova_cell0:SELECT=4 {{(pid=98687) stat_writer /opt/stack/data/venv/lib/python3.12/site-packages/dbcounter.py:115}}
Aug 31 07:38:02.350841 np0000191559 devstack@n-api.service[98687]: DEBUG dbcounter [-] [98687] Writing DB stats nova_api:SELECT=19,nova_api:INSERT=2 {{(pid=98687) stat_writer /opt/stack/data/venv/lib/python3.12/site-packages/dbcounter.py:115}}
Aug 31 07:38:02.631273 np0000191559 devstack@n-api.service[98688]: DEBUG dbcounter [-] [98688] Writing DB stats nova_api:SELECT=8 {{(pid=98688) stat_writer /opt/stack/data/venv/lib/python3.12/site-packages/dbcounter.py:115}}
Aug 31 07:38:16.380339 np0000191559 devstack@n-api.service[98687]: DEBUG nova.api.openstack.wsgi [None req-27dd04a5-700e-426a-a163-4a6ea32de183 demo demo] Calling method '>' {{(pid=98687) _process_stack /opt/stack/nova/nova/api/openstack/wsgi.py:551}}
Aug 31 07:38:16.386042 np0000191559 devstack@n-api.service[98687]: INFO nova.api.openstack.requestlog [None req-27dd04a5-700e-426a-a163-4a6ea32de183 demo demo] 172.18.0.2 "GET /compute/v2.1/" status: 200 len: 393 microversion: 2.1 time: 0.006174
Aug 31 07:38:16.386475 np0000191559 devstack@n-api.service[98687]: [pid: 98687|app: 0|req: 24/96] 162.253.55.116 () {64 vars in 1272 bytes} [Mon Aug 31 07:38:16 2026] GET /compute/v2.1/ => generated 393 bytes in 7 msecs (HTTP/1.1 200) 9 headers in 357 bytes (1 switches on core 0)
Aug 31 07:38:16.397158 np0000191559 devstack@n-api.service[98686]: DEBUG nova.api.openstack.wsgi [None req-d40a0369-0cac-4752-9328-6d1e463f763c demo demo] Calling method '>' {{(pid=98686) _process_stack /opt/stack/nova/nova/api/openstack/wsgi.py:551}}
Aug 31 07:38:16.400908 np0000191559 devstack@n-api.service[98686]: DEBUG oslo_concurrency.lockutils [None req-d40a0369-0cac-4752-9328-6d1e463f763c demo demo] Acquiring lock "00000000-0000-0000-0000-000000000000" by "nova.context.set_target_cell..get_or_set_cached_cell_and_set_connections" {{(pid=98686) inner /opt/stack/data/venv/lib/python3.12/site-packages/oslo_concurrency/lockutils.py:512}}
Aug 31 07:38:16.401353 np0000191559 devstack@n-api.service[98686]: DEBUG oslo_concurrency.lockutils [None req-d40a0369-0cac-4752-9328-6d1e463f763c demo demo] Lock "00000000-0000-0000-0000-000000000000" acquired by "nova.context.set_target_cell..get_or_set_cached_cell_and_set_connections" :: waited 0.001s {{(pid=98686) inner /opt/stack/data/venv/lib/python3.12/site-packages/oslo_concurrency/lockutils.py:525}}
Aug 31 07:38:16.401677 np0000191559 devstack@n-api.service[98686]: DEBUG oslo_concurrency.lockutils [None req-d40a0369-0cac-4752-9328-6d1e463f763c demo demo] Lock "00000000-0000-0000-0000-000000000000" "released" by "nova.context.set_target_cell..get_or_set_cached_cell_and_set_connections" :: held 0.000s {{(pid=98686) inner /opt/stack/data/venv/lib/python3.12/site-packages/oslo_concurrency/lockutils.py:544}}
Aug 31 07:38:16.403353 np0000191559 devstack@n-api.service[98686]: DEBUG oslo_concurrency.lockutils [None req-d40a0369-0cac-4752-9328-6d1e463f763c demo demo] Acquiring lock "94bdd221-df82-474e-9794-67afb74cdf0d" by "nova.context.set_target_cell..get_or_set_cached_cell_and_set_connections" {{(pid=98686) inner /opt/stack/data/venv/lib/python3.12/site-packages/oslo_concurrency/lockutils.py:512}}
Aug 31 07:38:16.403770 np0000191559 devstack@n-api.service[98686]: DEBUG oslo_concurrency.lockutils [None req-d40a0369-0cac-4752-9328-6d1e463f763c demo demo] Lock "94bdd221-df82-474e-9794-67afb74cdf0d" acquired by "nova.context.set_target_cell..get_or_set_cached_cell_and_set_connections" :: waited 0.000s {{(pid=98686) inner /opt/stack/data/venv/lib/python3.12/site-packages/oslo_concurrency/lockutils.py:525}}
Aug 31 07:38:16.404136 np0000191559 devstack@n-api.service[98686]: DEBUG oslo_concurrency.lockutils [None req-d40a0369-0cac-4752-9328-6d1e463f763c demo demo] Lock "94bdd221-df82-474e-9794-67afb74cdf0d" "released" by "nova.context.set_target_cell..get_or_set_cached_cell_and_set_connections" :: held 0.000s {{(pid=98686) inner /opt/stack/data/venv/lib/python3.12/site-packages/oslo_concurrency/lockutils.py:544}}
Aug 31 07:38:16.500035 np0000191559 devstack@n-api.service[98686]: INFO nova.api.openstack.requestlog [None req-d40a0369-0cac-4752-9328-6d1e463f763c demo demo] 172.18.0.2 "GET /compute/v2.1/os-availability-zone" status: 200 len: 97 microversion: 2.38 time: 0.105924
Aug 31 07:38:16.500803 np0000191559 devstack@n-api.service[98686]: [pid: 98686|app: 0|req: 24/97] 162.253.55.116 () {68 vars in 1415 bytes} [Mon Aug 31 07:38:16 2026] GET /compute/v2.1/os-availability-zone => generated 97 bytes in 107 msecs (HTTP/1.1 200) 9 headers in 358 bytes (1 switches on core 0)
Aug 31 07:38:17.614870 np0000191559 devstack@n-api.service[98685]: DEBUG nova.api.openstack.wsgi [None req-2c51fd23-4580-4a8c-b0c6-2d76c09b1072 demo demo] Calling method '>' {{(pid=98685) _process_stack /opt/stack/nova/nova/api/openstack/wsgi.py:551}}
Aug 31 07:38:17.621058 np0000191559 devstack@n-api.service[98685]: INFO nova.api.openstack.requestlog [None req-2c51fd23-4580-4a8c-b0c6-2d76c09b1072 demo demo] 172.18.0.2 "GET /compute/v2.1/" status: 200 len: 393 microversion: 2.1 time: 0.006778
Aug 31 07:38:17.624046 np0000191559 devstack@n-api.service[98685]: [pid: 98685|app: 0|req: 25/98] 162.253.55.116 () {64 vars in 1272 bytes} [Mon Aug 31 07:38:17 2026] GET /compute/v2.1/ => generated 393 bytes in 11 msecs (HTTP/1.1 200) 9 headers in 357 bytes (1 switches on core 0)
Aug 31 07:38:17.635316 np0000191559 devstack@n-api.service[98688]: DEBUG nova.api.openstack.wsgi [None req-6d142509-48ff-43d9-8db5-5da65abe06a6 demo demo] Calling method '>' {{(pid=98688) _process_stack /opt/stack/nova/nova/api/openstack/wsgi.py:551}}
Aug 31 07:38:17.638019 np0000191559 devstack@n-api.service[98688]: DEBUG oslo_concurrency.lockutils [None req-6d142509-48ff-43d9-8db5-5da65abe06a6 demo demo] Acquiring lock "00000000-0000-0000-0000-000000000000" by "nova.context.set_target_cell..get_or_set_cached_cell_and_set_connections" {{(pid=98688) inner /opt/stack/data/venv/lib/python3.12/site-packages/oslo_concurrency/lockutils.py:512}}
Aug 31 07:38:17.638236 np0000191559 devstack@n-api.service[98688]: DEBUG oslo_concurrency.lockutils [None req-6d142509-48ff-43d9-8db5-5da65abe06a6 demo demo] Lock "00000000-0000-0000-0000-000000000000" acquired by "nova.context.set_target_cell..get_or_set_cached_cell_and_set_connections" :: waited 0.000s {{(pid=98688) inner /opt/stack/data/venv/lib/python3.12/site-packages/oslo_concurrency/lockutils.py:525}}
Aug 31 07:38:17.638477 np0000191559 devstack@n-api.service[98688]: DEBUG oslo_concurrency.lockutils [None req-6d142509-48ff-43d9-8db5-5da65abe06a6 demo demo] Lock "00000000-0000-0000-0000-000000000000" "released" by "nova.context.set_target_cell..get_or_set_cached_cell_and_set_connections" :: held 0.000s {{(pid=98688) inner /opt/stack/data/venv/lib/python3.12/site-packages/oslo_concurrency/lockutils.py:544}}
Aug 31 07:38:17.639338 np0000191559 devstack@n-api.service[98688]: DEBUG oslo_concurrency.lockutils [None req-6d142509-48ff-43d9-8db5-5da65abe06a6 demo demo] Acquiring lock "94bdd221-df82-474e-9794-67afb74cdf0d" by "nova.context.set_target_cell..get_or_set_cached_cell_and_set_connections" {{(pid=98688) inner /opt/stack/data/venv/lib/python3.12/site-packages/oslo_concurrency/lockutils.py:512}}
Aug 31 07:38:17.639598 np0000191559 devstack@n-api.service[98688]: DEBUG oslo_concurrency.lockutils [None req-6d142509-48ff-43d9-8db5-5da65abe06a6 demo demo] Lock "94bdd221-df82-474e-9794-67afb74cdf0d" acquired by "nova.context.set_target_cell..get_or_set_cached_cell_and_set_connections" :: waited 0.000s {{(pid=98688) inner /opt/stack/data/venv/lib/python3.12/site-packages/oslo_concurrency/lockutils.py:525}}
Aug 31 07:38:17.639774 np0000191559 devstack@n-api.service[98688]: DEBUG oslo_concurrency.lockutils [None req-6d142509-48ff-43d9-8db5-5da65abe06a6 demo demo] Lock "94bdd221-df82-474e-9794-67afb74cdf0d" "released" by "nova.context.set_target_cell..get_or_set_cached_cell_and_set_connections" :: held 0.000s {{(pid=98688) inner /opt/stack/data/venv/lib/python3.12/site-packages/oslo_concurrency/lockutils.py:544}}
Aug 31 07:38:17.733264 np0000191559 devstack@n-api.service[98688]: INFO nova.api.openstack.requestlog [None req-6d142509-48ff-43d9-8db5-5da65abe06a6 demo demo] 172.18.0.2 "GET /compute/v2.1/os-availability-zone" status: 200 len: 97 microversion: 2.38 time: 0.100646
Aug 31 07:38:17.734118 np0000191559 devstack@n-api.service[98688]: [pid: 98688|app: 0|req: 26/99] 162.253.55.116 () {68 vars in 1415 bytes} [Mon Aug 31 07:38:17 2026] GET /compute/v2.1/os-availability-zone => generated 97 bytes in 102 msecs (HTTP/1.1 200) 9 headers in 358 bytes (1 switches on core 0)
Aug 31 07:38:23.344527 np0000191559 devstack@n-api.service[98687]: DEBUG nova.api.openstack.wsgi [None req-27dd04a5-700e-426a-a163-4a6ea32de183 demo demo] Calling method '>' {{(pid=98687) _process_stack /opt/stack/nova/nova/api/openstack/wsgi.py:551}}
