Jul 26 00:56:13.494292 np0000186905 systemd[1]: Starting devstack@n-api-meta.service - Devstack devstack@n-api-meta.service...
Jul 26 00:56:13.502282 np0000186905 devstack@n-api-meta.service[106718]: [uWSGI] getting INI configuration from /etc/nova/nova-metadata-uwsgi.ini
Jul 26 00:56:13.505733 np0000186905 devstack@n-api-meta.service[106718]: *** Starting uWSGI 2.0.24-debian (64bit) on [Sun Jul 26 00:56:13 2026] ***
Jul 26 00:56:13.505733 np0000186905 devstack@n-api-meta.service[106718]: compiled with version: 13.2.0 on 17 April 2024 16:23:48
Jul 26 00:56:13.505733 np0000186905 devstack@n-api-meta.service[106718]: os: Linux-6.8.0-136-generic #136-Ubuntu SMP PREEMPT_DYNAMIC Wed Jul 1 21:53:05 UTC 2026
Jul 26 00:56:13.505733 np0000186905 devstack@n-api-meta.service[106718]: nodename: np0000186905
Jul 26 00:56:13.505733 np0000186905 devstack@n-api-meta.service[106718]: machine: x86_64
Jul 26 00:56:13.505733 np0000186905 devstack@n-api-meta.service[106718]: clock source: unix
Jul 26 00:56:13.505733 np0000186905 devstack@n-api-meta.service[106718]: pcre jit disabled
Jul 26 00:56:13.505733 np0000186905 devstack@n-api-meta.service[106718]: detected number of CPU cores: 16
Jul 26 00:56:13.505733 np0000186905 devstack@n-api-meta.service[106718]: current working directory: /
Jul 26 00:56:13.505733 np0000186905 devstack@n-api-meta.service[106718]: detected binary path: /usr/bin/uwsgi-core
Jul 26 00:56:13.505733 np0000186905 devstack@n-api-meta.service[106718]: your processes number limit is 256916
Jul 26 00:56:13.505733 np0000186905 devstack@n-api-meta.service[106718]: your memory page size is 4096 bytes
Jul 26 00:56:13.505733 np0000186905 devstack@n-api-meta.service[106718]: detected max file descriptor number: 2048
Jul 26 00:56:13.505733 np0000186905 devstack@n-api-meta.service[106718]: lock engine: pthread robust mutexes
Jul 26 00:56:13.506493 np0000186905 devstack@n-api-meta.service[106718]: thunder lock: enabled
Jul 26 00:56:13.506493 np0000186905 devstack@n-api-meta.service[106718]: uWSGI http bound on 0.0.0.0:8775 fd 5
Jul 26 00:56:13.506493 np0000186905 devstack@n-api-meta.service[106718]: uwsgi socket 0 bound to TCP address 127.0.0.1:45977 (port auto-assigned) fd 4
Jul 26 00:56:13.506493 np0000186905 devstack@n-api-meta.service[106718]: Python version: 3.12.3 (main, Jun 19 2026, 12:46:00) [GCC 13.3.0]
Jul 26 00:56:13.506493 np0000186905 devstack@n-api-meta.service[106718]: PEP 405 virtualenv detected: /opt/stack/data/venv
Jul 26 00:56:13.506493 np0000186905 devstack@n-api-meta.service[106718]: Set PythonHome to /opt/stack/data/venv
Jul 26 00:56:13.542470 np0000186905 devstack@n-api-meta.service[106718]: Python main interpreter initialized at 0x7836ef8a4668
Jul 26 00:56:13.542470 np0000186905 devstack@n-api-meta.service[106718]: python threads support enabled
Jul 26 00:56:13.542470 np0000186905 devstack@n-api-meta.service[106718]: your server socket listen backlog is limited to 100 connections
Jul 26 00:56:13.542470 np0000186905 devstack@n-api-meta.service[106718]: your mercy for graceful operations on workers is 80 seconds
Jul 26 00:56:13.543080 np0000186905 devstack@n-api-meta.service[106718]: mapped 671795 bytes (656 KB) for 4 cores
Jul 26 00:56:13.543236 np0000186905 devstack@n-api-meta.service[106718]: *** Operational MODE: preforking ***
Jul 26 00:56:13.543403 np0000186905 devstack@n-api-meta.service[106718]: *** uWSGI is running in multiple interpreter mode ***
Jul 26 00:56:13.543403 np0000186905 devstack@n-api-meta.service[106718]: spawned uWSGI master process (pid: 106718)
Jul 26 00:56:13.543615 np0000186905 systemd[1]: Started devstack@n-api-meta.service - Devstack devstack@n-api-meta.service.
Jul 26 00:56:13.544341 np0000186905 devstack@n-api-meta.service[106718]: spawned uWSGI worker 1 (pid: 106719, cores: 1)
Jul 26 00:56:13.545070 np0000186905 devstack@n-api-meta.service[106718]: spawned uWSGI worker 2 (pid: 106720, cores: 1)
Jul 26 00:56:13.545940 np0000186905 devstack@n-api-meta.service[106718]: spawned uWSGI worker 3 (pid: 106721, cores: 1)
Jul 26 00:56:13.546474 np0000186905 devstack@n-api-meta.service[106718]: spawned uWSGI worker 4 (pid: 106722, cores: 1)
Jul 26 00:56:13.547085 np0000186905 devstack@n-api-meta.service[106718]: spawned uWSGI http 1 (pid: 106723)
Jul 26 00:56:13.547085 np0000186905 devstack@n-api-meta.service[106718]: running "unix_signal:15 gracefully_kill_them_all" (master-start)...
Jul 26 00:56:15.243247 np0000186905 devstack@n-api-meta.service[106720]: INFO dbcounter [None req-3f1c35b2-6fb4-4e5c-9f81-d7d9a9a2f95d None None] Registered counter for database nova_api
Jul 26 00:56:15.270848 np0000186905 devstack@n-api-meta.service[106721]: INFO dbcounter [None req-e81b0cba-9718-4441-a778-f411614e6efa None None] Registered counter for database nova_api
Jul 26 00:56:15.287488 np0000186905 devstack@n-api-meta.service[106720]: DEBUG oslo_db.sqlalchemy.engines [None req-3f1c35b2-6fb4-4e5c-9f81-d7d9a9a2f95d None None] MySQL server mode set to STRICT_TRANS_TABLES,STRICT_ALL_TABLES,NO_ZERO_IN_DATE,NO_ZERO_DATE,ERROR_FOR_DIVISION_BY_ZERO,TRADITIONAL,NO_ENGINE_SUBSTITUTION {{(pid=106720) _check_effective_sql_mode /opt/stack/data/venv/lib/python3.12/site-packages/oslo_db/sqlalchemy/engines.py:325}}
Jul 26 00:56:15.296179 np0000186905 devstack@n-api-meta.service[106719]: INFO dbcounter [None req-e8d9bab5-8b8c-40b6-83ff-47a10c35684b None None] Registered counter for database nova_api
Jul 26 00:56:15.317244 np0000186905 devstack@n-api-meta.service[106721]: DEBUG oslo_db.sqlalchemy.engines [None req-e81b0cba-9718-4441-a778-f411614e6efa None None] MySQL server mode set to STRICT_TRANS_TABLES,STRICT_ALL_TABLES,NO_ZERO_IN_DATE,NO_ZERO_DATE,ERROR_FOR_DIVISION_BY_ZERO,TRADITIONAL,NO_ENGINE_SUBSTITUTION {{(pid=106721) _check_effective_sql_mode /opt/stack/data/venv/lib/python3.12/site-packages/oslo_db/sqlalchemy/engines.py:325}}
Jul 26 00:56:15.322396 np0000186905 devstack@n-api-meta.service[106720]: DEBUG dbcounter [-] [106720] Writer thread running {{(pid=106720) stat_writer /opt/stack/data/venv/lib/python3.12/site-packages/dbcounter.py:102}}
Jul 26 00:56:15.324733 np0000186905 devstack@n-api-meta.service[106720]: DEBUG nova.context [None req-3f1c35b2-6fb4-4e5c-9f81-d7d9a9a2f95d None None] Found 2 cells: 00000000-0000-0000-0000-000000000000(cell0),6e6ad937-8376-4ed2-b1ea-68ead2dc30d2(cell1) {{(pid=106720) load_cells /opt/stack/nova/nova/context.py:509}}
Jul 26 00:56:15.324984 np0000186905 devstack@n-api-meta.service[106720]: INFO nova.utils [None req-3f1c35b2-6fb4-4e5c-9f81-d7d9a9a2f95d None None] The cell worker thread pool MainProcess.cell_worker is initialized
Jul 26 00:56:15.326749 np0000186905 devstack@n-api-meta.service[106720]: DEBUG oslo_concurrency.lockutils [None req-3f1c35b2-6fb4-4e5c-9f81-d7d9a9a2f95d None None] Acquiring lock "00000000-0000-0000-0000-000000000000" by "nova.context.set_target_cell..get_or_set_cached_cell_and_set_connections" {{(pid=106720) inner /opt/stack/data/venv/lib/python3.12/site-packages/oslo_concurrency/lockutils.py:512}}
Jul 26 00:56:15.326960 np0000186905 devstack@n-api-meta.service[106720]: DEBUG oslo_concurrency.lockutils [None req-3f1c35b2-6fb4-4e5c-9f81-d7d9a9a2f95d None None] Lock "00000000-0000-0000-0000-000000000000" acquired by "nova.context.set_target_cell..get_or_set_cached_cell_and_set_connections" :: waited 0.000s {{(pid=106720) inner /opt/stack/data/venv/lib/python3.12/site-packages/oslo_concurrency/lockutils.py:525}}
Jul 26 00:56:15.327326 np0000186905 devstack@n-api-meta.service[106720]: DEBUG oslo_concurrency.lockutils [None req-3f1c35b2-6fb4-4e5c-9f81-d7d9a9a2f95d None None] Lock "00000000-0000-0000-0000-000000000000" "released" by "nova.context.set_target_cell..get_or_set_cached_cell_and_set_connections" :: held 0.000s {{(pid=106720) inner /opt/stack/data/venv/lib/python3.12/site-packages/oslo_concurrency/lockutils.py:544}}
Jul 26 00:56:15.328318 np0000186905 devstack@n-api-meta.service[106720]: DEBUG oslo_concurrency.lockutils [None req-3f1c35b2-6fb4-4e5c-9f81-d7d9a9a2f95d None None] Acquiring lock "6e6ad937-8376-4ed2-b1ea-68ead2dc30d2" by "nova.context.set_target_cell..get_or_set_cached_cell_and_set_connections" {{(pid=106720) inner /opt/stack/data/venv/lib/python3.12/site-packages/oslo_concurrency/lockutils.py:512}}
Jul 26 00:56:15.328456 np0000186905 devstack@n-api-meta.service[106720]: DEBUG oslo_concurrency.lockutils [None req-3f1c35b2-6fb4-4e5c-9f81-d7d9a9a2f95d None None] Lock "6e6ad937-8376-4ed2-b1ea-68ead2dc30d2" acquired by "nova.context.set_target_cell..get_or_set_cached_cell_and_set_connections" :: waited 0.000s {{(pid=106720) inner /opt/stack/data/venv/lib/python3.12/site-packages/oslo_concurrency/lockutils.py:525}}
Jul 26 00:56:15.329318 np0000186905 devstack@n-api-meta.service[106720]: DEBUG oslo_concurrency.lockutils [None req-3f1c35b2-6fb4-4e5c-9f81-d7d9a9a2f95d None None] Lock "6e6ad937-8376-4ed2-b1ea-68ead2dc30d2" "released" by "nova.context.set_target_cell..get_or_set_cached_cell_and_set_connections" :: held 0.001s {{(pid=106720) inner /opt/stack/data/venv/lib/python3.12/site-packages/oslo_concurrency/lockutils.py:544}}
Jul 26 00:56:15.333581 np0000186905 devstack@n-api-meta.service[106720]: INFO dbcounter [None req-3f1c35b2-6fb4-4e5c-9f81-d7d9a9a2f95d None None] Registered counter for database nova_cell0
Jul 26 00:56:15.338159 np0000186905 devstack@n-api-meta.service[106722]: INFO dbcounter [None req-d52a3dc9-e932-4038-99e4-ec3fa7a659cc None None] Registered counter for database nova_api
Jul 26 00:56:15.340872 np0000186905 devstack@n-api-meta.service[106720]: INFO dbcounter [None req-3f1c35b2-6fb4-4e5c-9f81-d7d9a9a2f95d None None] Registered counter for database nova_cell1
Jul 26 00:56:15.342840 np0000186905 devstack@n-api-meta.service[106719]: DEBUG oslo_db.sqlalchemy.engines [None req-e8d9bab5-8b8c-40b6-83ff-47a10c35684b None None] MySQL server mode set to STRICT_TRANS_TABLES,STRICT_ALL_TABLES,NO_ZERO_IN_DATE,NO_ZERO_DATE,ERROR_FOR_DIVISION_BY_ZERO,TRADITIONAL,NO_ENGINE_SUBSTITUTION {{(pid=106719) _check_effective_sql_mode /opt/stack/data/venv/lib/python3.12/site-packages/oslo_db/sqlalchemy/engines.py:325}}
Jul 26 00:56:15.349096 np0000186905 devstack@n-api-meta.service[106721]: DEBUG dbcounter [-] [106721] Writer thread running {{(pid=106721) stat_writer /opt/stack/data/venv/lib/python3.12/site-packages/dbcounter.py:102}}
Jul 26 00:56:15.351346 np0000186905 devstack@n-api-meta.service[106721]: DEBUG nova.context [None req-e81b0cba-9718-4441-a778-f411614e6efa None None] Found 2 cells: 00000000-0000-0000-0000-000000000000(cell0),6e6ad937-8376-4ed2-b1ea-68ead2dc30d2(cell1) {{(pid=106721) load_cells /opt/stack/nova/nova/context.py:509}}
Jul 26 00:56:15.351575 np0000186905 devstack@n-api-meta.service[106721]: INFO nova.utils [None req-e81b0cba-9718-4441-a778-f411614e6efa None None] The cell worker thread pool MainProcess.cell_worker is initialized
Jul 26 00:56:15.353343 np0000186905 devstack@n-api-meta.service[106721]: DEBUG oslo_concurrency.lockutils [None req-e81b0cba-9718-4441-a778-f411614e6efa None None] Acquiring lock "00000000-0000-0000-0000-000000000000" by "nova.context.set_target_cell..get_or_set_cached_cell_and_set_connections" {{(pid=106721) inner /opt/stack/data/venv/lib/python3.12/site-packages/oslo_concurrency/lockutils.py:512}}
Jul 26 00:56:15.353498 np0000186905 devstack@n-api-meta.service[106721]: DEBUG oslo_concurrency.lockutils [None req-e81b0cba-9718-4441-a778-f411614e6efa None None] Lock "00000000-0000-0000-0000-000000000000" acquired by "nova.context.set_target_cell..get_or_set_cached_cell_and_set_connections" :: waited 0.000s {{(pid=106721) inner /opt/stack/data/venv/lib/python3.12/site-packages/oslo_concurrency/lockutils.py:525}}
Jul 26 00:56:15.353874 np0000186905 devstack@n-api-meta.service[106721]: DEBUG oslo_concurrency.lockutils [None req-e81b0cba-9718-4441-a778-f411614e6efa None None] Lock "00000000-0000-0000-0000-000000000000" "released" by "nova.context.set_target_cell..get_or_set_cached_cell_and_set_connections" :: held 0.000s {{(pid=106721) inner /opt/stack/data/venv/lib/python3.12/site-packages/oslo_concurrency/lockutils.py:544}}
Jul 26 00:56:15.354623 np0000186905 devstack@n-api-meta.service[106721]: DEBUG oslo_concurrency.lockutils [None req-e81b0cba-9718-4441-a778-f411614e6efa None None] Acquiring lock "6e6ad937-8376-4ed2-b1ea-68ead2dc30d2" by "nova.context.set_target_cell..get_or_set_cached_cell_and_set_connections" {{(pid=106721) inner /opt/stack/data/venv/lib/python3.12/site-packages/oslo_concurrency/lockutils.py:512}}
Jul 26 00:56:15.354766 np0000186905 devstack@n-api-meta.service[106721]: DEBUG oslo_concurrency.lockutils [None req-e81b0cba-9718-4441-a778-f411614e6efa None None] Lock "6e6ad937-8376-4ed2-b1ea-68ead2dc30d2" acquired by "nova.context.set_target_cell..get_or_set_cached_cell_and_set_connections" :: waited 0.000s {{(pid=106721) inner /opt/stack/data/venv/lib/python3.12/site-packages/oslo_concurrency/lockutils.py:525}}
Jul 26 00:56:15.355685 np0000186905 devstack@n-api-meta.service[106721]: DEBUG oslo_concurrency.lockutils [None req-e81b0cba-9718-4441-a778-f411614e6efa None None] Lock "6e6ad937-8376-4ed2-b1ea-68ead2dc30d2" "released" by "nova.context.set_target_cell..get_or_set_cached_cell_and_set_connections" :: held 0.001s {{(pid=106721) inner /opt/stack/data/venv/lib/python3.12/site-packages/oslo_concurrency/lockutils.py:544}}
Jul 26 00:56:15.358760 np0000186905 devstack@n-api-meta.service[106721]: INFO dbcounter [None req-e81b0cba-9718-4441-a778-f411614e6efa None None] Registered counter for database nova_cell0
Jul 26 00:56:15.363937 np0000186905 devstack@n-api-meta.service[106721]: INFO dbcounter [None req-e81b0cba-9718-4441-a778-f411614e6efa None None] Registered counter for database nova_cell1
Jul 26 00:56:15.376734 np0000186905 devstack@n-api-meta.service[106719]: DEBUG dbcounter [-] [106719] Writer thread running {{(pid=106719) stat_writer /opt/stack/data/venv/lib/python3.12/site-packages/dbcounter.py:102}}
Jul 26 00:56:15.379476 np0000186905 devstack@n-api-meta.service[106719]: DEBUG nova.context [None req-e8d9bab5-8b8c-40b6-83ff-47a10c35684b None None] Found 2 cells: 00000000-0000-0000-0000-000000000000(cell0),6e6ad937-8376-4ed2-b1ea-68ead2dc30d2(cell1) {{(pid=106719) load_cells /opt/stack/nova/nova/context.py:509}}
Jul 26 00:56:15.379476 np0000186905 devstack@n-api-meta.service[106719]: INFO nova.utils [None req-e8d9bab5-8b8c-40b6-83ff-47a10c35684b None None] The cell worker thread pool MainProcess.cell_worker is initialized
Jul 26 00:56:15.380810 np0000186905 devstack@n-api-meta.service[106719]: DEBUG oslo_concurrency.lockutils [None req-e8d9bab5-8b8c-40b6-83ff-47a10c35684b None None] Acquiring lock "00000000-0000-0000-0000-000000000000" by "nova.context.set_target_cell..get_or_set_cached_cell_and_set_connections" {{(pid=106719) inner /opt/stack/data/venv/lib/python3.12/site-packages/oslo_concurrency/lockutils.py:512}}
Jul 26 00:56:15.381287 np0000186905 devstack@n-api-meta.service[106719]: DEBUG oslo_concurrency.lockutils [None req-e8d9bab5-8b8c-40b6-83ff-47a10c35684b None None] Lock "00000000-0000-0000-0000-000000000000" acquired by "nova.context.set_target_cell..get_or_set_cached_cell_and_set_connections" :: waited 0.000s {{(pid=106719) inner /opt/stack/data/venv/lib/python3.12/site-packages/oslo_concurrency/lockutils.py:525}}
Jul 26 00:56:15.381365 np0000186905 devstack@n-api-meta.service[106719]: DEBUG oslo_concurrency.lockutils [None req-e8d9bab5-8b8c-40b6-83ff-47a10c35684b None None] Lock "00000000-0000-0000-0000-000000000000" "released" by "nova.context.set_target_cell..get_or_set_cached_cell_and_set_connections" :: held 0.000s {{(pid=106719) inner /opt/stack/data/venv/lib/python3.12/site-packages/oslo_concurrency/lockutils.py:544}}
Jul 26 00:56:15.382073 np0000186905 devstack@n-api-meta.service[106719]: DEBUG oslo_concurrency.lockutils [None req-e8d9bab5-8b8c-40b6-83ff-47a10c35684b None None] Acquiring lock "6e6ad937-8376-4ed2-b1ea-68ead2dc30d2" by "nova.context.set_target_cell..get_or_set_cached_cell_and_set_connections" {{(pid=106719) inner /opt/stack/data/venv/lib/python3.12/site-packages/oslo_concurrency/lockutils.py:512}}
Jul 26 00:56:15.382219 np0000186905 devstack@n-api-meta.service[106719]: DEBUG oslo_concurrency.lockutils [None req-e8d9bab5-8b8c-40b6-83ff-47a10c35684b None None] Lock "6e6ad937-8376-4ed2-b1ea-68ead2dc30d2" acquired by "nova.context.set_target_cell..get_or_set_cached_cell_and_set_connections" :: waited 0.000s {{(pid=106719) inner /opt/stack/data/venv/lib/python3.12/site-packages/oslo_concurrency/lockutils.py:525}}
Jul 26 00:56:15.383092 np0000186905 devstack@n-api-meta.service[106719]: DEBUG oslo_concurrency.lockutils [None req-e8d9bab5-8b8c-40b6-83ff-47a10c35684b None None] Lock "6e6ad937-8376-4ed2-b1ea-68ead2dc30d2" "released" by "nova.context.set_target_cell..get_or_set_cached_cell_and_set_connections" :: held 0.001s {{(pid=106719) inner /opt/stack/data/venv/lib/python3.12/site-packages/oslo_concurrency/lockutils.py:544}}
Jul 26 00:56:15.386288 np0000186905 devstack@n-api-meta.service[106719]: INFO dbcounter [None req-e8d9bab5-8b8c-40b6-83ff-47a10c35684b None None] Registered counter for database nova_cell0
Jul 26 00:56:15.387509 np0000186905 devstack@n-api-meta.service[106722]: DEBUG oslo_db.sqlalchemy.engines [None req-d52a3dc9-e932-4038-99e4-ec3fa7a659cc None None] MySQL server mode set to STRICT_TRANS_TABLES,STRICT_ALL_TABLES,NO_ZERO_IN_DATE,NO_ZERO_DATE,ERROR_FOR_DIVISION_BY_ZERO,TRADITIONAL,NO_ENGINE_SUBSTITUTION {{(pid=106722) _check_effective_sql_mode /opt/stack/data/venv/lib/python3.12/site-packages/oslo_db/sqlalchemy/engines.py:325}}
Jul 26 00:56:15.391617 np0000186905 devstack@n-api-meta.service[106719]: INFO dbcounter [None req-e8d9bab5-8b8c-40b6-83ff-47a10c35684b None None] Registered counter for database nova_cell1
Jul 26 00:56:15.415626 np0000186905 devstack@n-api-meta.service[106720]: DEBUG oslo_db.sqlalchemy.engines [None req-3f1c35b2-6fb4-4e5c-9f81-d7d9a9a2f95d None None] MySQL server mode set to STRICT_TRANS_TABLES,STRICT_ALL_TABLES,NO_ZERO_IN_DATE,NO_ZERO_DATE,ERROR_FOR_DIVISION_BY_ZERO,TRADITIONAL,NO_ENGINE_SUBSTITUTION {{(pid=106720) _check_effective_sql_mode /opt/stack/data/venv/lib/python3.12/site-packages/oslo_db/sqlalchemy/engines.py:325}}
Jul 26 00:56:15.417607 np0000186905 devstack@n-api-meta.service[106722]: DEBUG dbcounter [-] [106722] Writer thread running {{(pid=106722) stat_writer /opt/stack/data/venv/lib/python3.12/site-packages/dbcounter.py:102}}
Jul 26 00:56:15.420234 np0000186905 devstack@n-api-meta.service[106722]: DEBUG nova.context [None req-d52a3dc9-e932-4038-99e4-ec3fa7a659cc None None] Found 2 cells: 00000000-0000-0000-0000-000000000000(cell0),6e6ad937-8376-4ed2-b1ea-68ead2dc30d2(cell1) {{(pid=106722) load_cells /opt/stack/nova/nova/context.py:509}}
Jul 26 00:56:15.420470 np0000186905 devstack@n-api-meta.service[106722]: INFO nova.utils [None req-d52a3dc9-e932-4038-99e4-ec3fa7a659cc None None] The cell worker thread pool MainProcess.cell_worker is initialized
Jul 26 00:56:15.422361 np0000186905 devstack@n-api-meta.service[106722]: DEBUG oslo_concurrency.lockutils [None req-d52a3dc9-e932-4038-99e4-ec3fa7a659cc None None] Acquiring lock "00000000-0000-0000-0000-000000000000" by "nova.context.set_target_cell..get_or_set_cached_cell_and_set_connections" {{(pid=106722) inner /opt/stack/data/venv/lib/python3.12/site-packages/oslo_concurrency/lockutils.py:512}}
Jul 26 00:56:15.422595 np0000186905 devstack@n-api-meta.service[106722]: DEBUG oslo_concurrency.lockutils [None req-d52a3dc9-e932-4038-99e4-ec3fa7a659cc None None] Lock "00000000-0000-0000-0000-000000000000" acquired by "nova.context.set_target_cell..get_or_set_cached_cell_and_set_connections" :: waited 0.000s {{(pid=106722) inner /opt/stack/data/venv/lib/python3.12/site-packages/oslo_concurrency/lockutils.py:525}}
Jul 26 00:56:15.423011 np0000186905 devstack@n-api-meta.service[106722]: DEBUG oslo_concurrency.lockutils [None req-d52a3dc9-e932-4038-99e4-ec3fa7a659cc None None] Lock "00000000-0000-0000-0000-000000000000" "released" by "nova.context.set_target_cell..get_or_set_cached_cell_and_set_connections" :: held 0.000s {{(pid=106722) inner /opt/stack/data/venv/lib/python3.12/site-packages/oslo_concurrency/lockutils.py:544}}
Jul 26 00:56:15.423909 np0000186905 devstack@n-api-meta.service[106722]: DEBUG oslo_concurrency.lockutils [None req-d52a3dc9-e932-4038-99e4-ec3fa7a659cc None None] Acquiring lock "6e6ad937-8376-4ed2-b1ea-68ead2dc30d2" by "nova.context.set_target_cell..get_or_set_cached_cell_and_set_connections" {{(pid=106722) inner /opt/stack/data/venv/lib/python3.12/site-packages/oslo_concurrency/lockutils.py:512}}
Jul 26 00:56:15.424041 np0000186905 devstack@n-api-meta.service[106722]: DEBUG oslo_concurrency.lockutils [None req-d52a3dc9-e932-4038-99e4-ec3fa7a659cc None None] Lock "6e6ad937-8376-4ed2-b1ea-68ead2dc30d2" acquired by "nova.context.set_target_cell..get_or_set_cached_cell_and_set_connections" :: waited 0.000s {{(pid=106722) inner /opt/stack/data/venv/lib/python3.12/site-packages/oslo_concurrency/lockutils.py:525}}
Jul 26 00:56:15.424954 np0000186905 devstack@n-api-meta.service[106722]: DEBUG oslo_concurrency.lockutils [None req-d52a3dc9-e932-4038-99e4-ec3fa7a659cc None None] Lock "6e6ad937-8376-4ed2-b1ea-68ead2dc30d2" "released" by "nova.context.set_target_cell..get_or_set_cached_cell_and_set_connections" :: held 0.001s {{(pid=106722) inner /opt/stack/data/venv/lib/python3.12/site-packages/oslo_concurrency/lockutils.py:544}}
Jul 26 00:56:15.429189 np0000186905 devstack@n-api-meta.service[106722]: INFO dbcounter [None req-d52a3dc9-e932-4038-99e4-ec3fa7a659cc None None] Registered counter for database nova_cell0
Jul 26 00:56:15.435821 np0000186905 devstack@n-api-meta.service[106720]: DEBUG oslo_db.sqlalchemy.engines [None req-3f1c35b2-6fb4-4e5c-9f81-d7d9a9a2f95d None None] MySQL server mode set to STRICT_TRANS_TABLES,STRICT_ALL_TABLES,NO_ZERO_IN_DATE,NO_ZERO_DATE,ERROR_FOR_DIVISION_BY_ZERO,TRADITIONAL,NO_ENGINE_SUBSTITUTION {{(pid=106720) _check_effective_sql_mode /opt/stack/data/venv/lib/python3.12/site-packages/oslo_db/sqlalchemy/engines.py:325}}
Jul 26 00:56:15.435919 np0000186905 devstack@n-api-meta.service[106722]: INFO dbcounter [None req-d52a3dc9-e932-4038-99e4-ec3fa7a659cc None None] Registered counter for database nova_cell1
Jul 26 00:56:15.438001 np0000186905 devstack@n-api-meta.service[106721]: DEBUG oslo_db.sqlalchemy.engines [None req-e81b0cba-9718-4441-a778-f411614e6efa None None] MySQL server mode set to STRICT_TRANS_TABLES,STRICT_ALL_TABLES,NO_ZERO_IN_DATE,NO_ZERO_DATE,ERROR_FOR_DIVISION_BY_ZERO,TRADITIONAL,NO_ENGINE_SUBSTITUTION {{(pid=106721) _check_effective_sql_mode /opt/stack/data/venv/lib/python3.12/site-packages/oslo_db/sqlalchemy/engines.py:325}}
Jul 26 00:56:15.442755 np0000186905 devstack@n-api-meta.service[106721]: DEBUG oslo_db.sqlalchemy.engines [None req-e81b0cba-9718-4441-a778-f411614e6efa None None] MySQL server mode set to STRICT_TRANS_TABLES,STRICT_ALL_TABLES,NO_ZERO_IN_DATE,NO_ZERO_DATE,ERROR_FOR_DIVISION_BY_ZERO,TRADITIONAL,NO_ENGINE_SUBSTITUTION {{(pid=106721) _check_effective_sql_mode /opt/stack/data/venv/lib/python3.12/site-packages/oslo_db/sqlalchemy/engines.py:325}}
Jul 26 00:56:15.452277 np0000186905 devstack@n-api-meta.service[106719]: DEBUG oslo_db.sqlalchemy.engines [None req-e8d9bab5-8b8c-40b6-83ff-47a10c35684b None None] MySQL server mode set to STRICT_TRANS_TABLES,STRICT_ALL_TABLES,NO_ZERO_IN_DATE,NO_ZERO_DATE,ERROR_FOR_DIVISION_BY_ZERO,TRADITIONAL,NO_ENGINE_SUBSTITUTION {{(pid=106719) _check_effective_sql_mode /opt/stack/data/venv/lib/python3.12/site-packages/oslo_db/sqlalchemy/engines.py:325}}
Jul 26 00:56:15.456363 np0000186905 devstack@n-api-meta.service[106719]: DEBUG oslo_db.sqlalchemy.engines [None req-e8d9bab5-8b8c-40b6-83ff-47a10c35684b None None] MySQL server mode set to STRICT_TRANS_TABLES,STRICT_ALL_TABLES,NO_ZERO_IN_DATE,NO_ZERO_DATE,ERROR_FOR_DIVISION_BY_ZERO,TRADITIONAL,NO_ENGINE_SUBSTITUTION {{(pid=106719) _check_effective_sql_mode /opt/stack/data/venv/lib/python3.12/site-packages/oslo_db/sqlalchemy/engines.py:325}}
Jul 26 00:56:15.506076 np0000186905 devstack@n-api-meta.service[106722]: DEBUG oslo_db.sqlalchemy.engines [None req-d52a3dc9-e932-4038-99e4-ec3fa7a659cc None None] MySQL server mode set to STRICT_TRANS_TABLES,STRICT_ALL_TABLES,NO_ZERO_IN_DATE,NO_ZERO_DATE,ERROR_FOR_DIVISION_BY_ZERO,TRADITIONAL,NO_ENGINE_SUBSTITUTION {{(pid=106722) _check_effective_sql_mode /opt/stack/data/venv/lib/python3.12/site-packages/oslo_db/sqlalchemy/engines.py:325}}
Jul 26 00:56:15.508766 np0000186905 devstack@n-api-meta.service[106722]: DEBUG oslo_db.sqlalchemy.engines [None req-d52a3dc9-e932-4038-99e4-ec3fa7a659cc None None] MySQL server mode set to STRICT_TRANS_TABLES,STRICT_ALL_TABLES,NO_ZERO_IN_DATE,NO_ZERO_DATE,ERROR_FOR_DIVISION_BY_ZERO,TRADITIONAL,NO_ENGINE_SUBSTITUTION {{(pid=106722) _check_effective_sql_mode /opt/stack/data/venv/lib/python3.12/site-packages/oslo_db/sqlalchemy/engines.py:325}}
Jul 26 00:56:15.511174 np0000186905 devstack@n-api-meta.service[106720]: DEBUG dbcounter [-] [106720] Writer thread running {{(pid=106720) stat_writer /opt/stack/data/venv/lib/python3.12/site-packages/dbcounter.py:102}}
Jul 26 00:56:15.518095 np0000186905 devstack@n-api-meta.service[106720]: DEBUG dbcounter [-] [106720] Writer thread running {{(pid=106720) stat_writer /opt/stack/data/venv/lib/python3.12/site-packages/dbcounter.py:102}}
Jul 26 00:56:15.526459 np0000186905 devstack@n-api-meta.service[106720]: INFO dbcounter [None req-3f1c35b2-6fb4-4e5c-9f81-d7d9a9a2f95d None None] Registered counter for database nova_cell0
Jul 26 00:56:15.543345 np0000186905 devstack@n-api-meta.service[106719]: DEBUG dbcounter [-] [106719] Writer thread running {{(pid=106719) stat_writer /opt/stack/data/venv/lib/python3.12/site-packages/dbcounter.py:102}}
Jul 26 00:56:15.546436 np0000186905 devstack@n-api-meta.service[106721]: DEBUG dbcounter [-] [106721] Writer thread running {{(pid=106721) stat_writer /opt/stack/data/venv/lib/python3.12/site-packages/dbcounter.py:102}}
Jul 26 00:56:15.547689 np0000186905 devstack@n-api-meta.service[106721]: DEBUG dbcounter [-] [106721] Writer thread running {{(pid=106721) stat_writer /opt/stack/data/venv/lib/python3.12/site-packages/dbcounter.py:102}}
Jul 26 00:56:15.549768 np0000186905 devstack@n-api-meta.service[106719]: DEBUG dbcounter [-] [106719] Writer thread running {{(pid=106719) stat_writer /opt/stack/data/venv/lib/python3.12/site-packages/dbcounter.py:102}}
Jul 26 00:56:15.554462 np0000186905 devstack@n-api-meta.service[106719]: INFO dbcounter [None req-e8d9bab5-8b8c-40b6-83ff-47a10c35684b None None] Registered counter for database nova_cell0
Jul 26 00:56:15.556378 np0000186905 devstack@n-api-meta.service[106721]: INFO dbcounter [None req-e81b0cba-9718-4441-a778-f411614e6efa None None] Registered counter for database nova_cell0
Jul 26 00:56:15.564617 np0000186905 devstack@n-api-meta.service[106720]: DEBUG oslo_db.sqlalchemy.engines [None req-3f1c35b2-6fb4-4e5c-9f81-d7d9a9a2f95d None None] MySQL server mode set to STRICT_TRANS_TABLES,STRICT_ALL_TABLES,NO_ZERO_IN_DATE,NO_ZERO_DATE,ERROR_FOR_DIVISION_BY_ZERO,TRADITIONAL,NO_ENGINE_SUBSTITUTION {{(pid=106720) _check_effective_sql_mode /opt/stack/data/venv/lib/python3.12/site-packages/oslo_db/sqlalchemy/engines.py:325}}
Jul 26 00:56:15.574993 np0000186905 devstack@n-api-meta.service[106720]: DEBUG dbcounter [-] [106720] Writer thread running {{(pid=106720) stat_writer /opt/stack/data/venv/lib/python3.12/site-packages/dbcounter.py:102}}
Jul 26 00:56:15.597630 np0000186905 devstack@n-api-meta.service[106719]: DEBUG oslo_db.sqlalchemy.engines [None req-e8d9bab5-8b8c-40b6-83ff-47a10c35684b None None] MySQL server mode set to STRICT_TRANS_TABLES,STRICT_ALL_TABLES,NO_ZERO_IN_DATE,NO_ZERO_DATE,ERROR_FOR_DIVISION_BY_ZERO,TRADITIONAL,NO_ENGINE_SUBSTITUTION {{(pid=106719) _check_effective_sql_mode /opt/stack/data/venv/lib/python3.12/site-packages/oslo_db/sqlalchemy/engines.py:325}}
Jul 26 00:56:15.599661 np0000186905 devstack@n-api-meta.service[106722]: DEBUG dbcounter [-] [106722] Writer thread running {{(pid=106722) stat_writer /opt/stack/data/venv/lib/python3.12/site-packages/dbcounter.py:102}}
Jul 26 00:56:15.601189 np0000186905 devstack@n-api-meta.service[106721]: DEBUG oslo_db.sqlalchemy.engines [None req-e81b0cba-9718-4441-a778-f411614e6efa None None] MySQL server mode set to STRICT_TRANS_TABLES,STRICT_ALL_TABLES,NO_ZERO_IN_DATE,NO_ZERO_DATE,ERROR_FOR_DIVISION_BY_ZERO,TRADITIONAL,NO_ENGINE_SUBSTITUTION {{(pid=106721) _check_effective_sql_mode /opt/stack/data/venv/lib/python3.12/site-packages/oslo_db/sqlalchemy/engines.py:325}}
Jul 26 00:56:15.606137 np0000186905 devstack@n-api-meta.service[106722]: DEBUG dbcounter [-] [106722] Writer thread running {{(pid=106722) stat_writer /opt/stack/data/venv/lib/python3.12/site-packages/dbcounter.py:102}}
Jul 26 00:56:15.606662 np0000186905 devstack@n-api-meta.service[106719]: DEBUG dbcounter [-] [106719] Writer thread running {{(pid=106719) stat_writer /opt/stack/data/venv/lib/python3.12/site-packages/dbcounter.py:102}}
Jul 26 00:56:15.610967 np0000186905 devstack@n-api-meta.service[106722]: INFO dbcounter [None req-d52a3dc9-e932-4038-99e4-ec3fa7a659cc None None] Registered counter for database nova_cell0
Jul 26 00:56:15.613150 np0000186905 devstack@n-api-meta.service[106721]: DEBUG dbcounter [-] [106721] Writer thread running {{(pid=106721) stat_writer /opt/stack/data/venv/lib/python3.12/site-packages/dbcounter.py:102}}
Jul 26 00:56:15.618718 np0000186905 devstack@n-api-meta.service[106720]: WARNING nova.api.metadata.handler [None req-3f1c35b2-6fb4-4e5c-9f81-d7d9a9a2f95d None None] metadata_proxy_shared_secret is not configured, the metadata information returned by the proxy cannot be trusted
Jul 26 00:56:15.621269 np0000186905 devstack@n-api-meta.service[106720]: DEBUG nova.api.openstack.wsgi_app [None req-3f1c35b2-6fb4-4e5c-9f81-d7d9a9a2f95d None None] ******************************************************************************** {{(pid=106720) log_opt_values /opt/stack/data/venv/lib/python3.12/site-packages/oslo_config/cfg.py:3226}}
Jul 26 00:56:15.621366 np0000186905 devstack@n-api-meta.service[106720]: DEBUG nova.api.openstack.wsgi_app [None req-3f1c35b2-6fb4-4e5c-9f81-d7d9a9a2f95d None None] Configuration options gathered from: {{(pid=106720) log_opt_values /opt/stack/data/venv/lib/python3.12/site-packages/oslo_config/cfg.py:3227}}
Jul 26 00:56:15.621499 np0000186905 devstack@n-api-meta.service[106720]: DEBUG nova.api.openstack.wsgi_app [None req-3f1c35b2-6fb4-4e5c-9f81-d7d9a9a2f95d None None] command line args: [] {{(pid=106720) log_opt_values /opt/stack/data/venv/lib/python3.12/site-packages/oslo_config/cfg.py:3228}}
Jul 26 00:56:15.621655 np0000186905 devstack@n-api-meta.service[106720]: DEBUG nova.api.openstack.wsgi_app [None req-3f1c35b2-6fb4-4e5c-9f81-d7d9a9a2f95d None None] config files: ['/etc/nova/api-paste.ini', '/etc/nova/nova.conf'] {{(pid=106720) log_opt_values /opt/stack/data/venv/lib/python3.12/site-packages/oslo_config/cfg.py:3229}}
Jul 26 00:56:15.621744 np0000186905 devstack@n-api-meta.service[106720]: DEBUG nova.api.openstack.wsgi_app [None req-3f1c35b2-6fb4-4e5c-9f81-d7d9a9a2f95d None None] ================================================================================ {{(pid=106720) log_opt_values /opt/stack/data/venv/lib/python3.12/site-packages/oslo_config/cfg.py:3234}}
Jul 26 00:56:15.621957 np0000186905 devstack@n-api-meta.service[106720]: DEBUG nova.api.openstack.wsgi_app [None req-3f1c35b2-6fb4-4e5c-9f81-d7d9a9a2f95d None None] allow_resize_to_same_host = True {{(pid=106720) log_opt_values /opt/stack/data/venv/lib/python3.12/site-packages/oslo_config/cfg.py:3242}}
Jul 26 00:56:15.622086 np0000186905 devstack@n-api-meta.service[106720]: DEBUG nova.api.openstack.wsgi_app [None req-3f1c35b2-6fb4-4e5c-9f81-d7d9a9a2f95d None None] arq_binding_timeout = 300 {{(pid=106720) log_opt_values /opt/stack/data/venv/lib/python3.12/site-packages/oslo_config/cfg.py:3242}}
Jul 26 00:56:15.622219 np0000186905 devstack@n-api-meta.service[106720]: DEBUG nova.api.openstack.wsgi_app [None req-3f1c35b2-6fb4-4e5c-9f81-d7d9a9a2f95d None None] block_device_allocate_retries = 60 {{(pid=106720) log_opt_values /opt/stack/data/venv/lib/python3.12/site-packages/oslo_config/cfg.py:3242}}
Jul 26 00:56:15.622360 np0000186905 devstack@n-api-meta.service[106720]: DEBUG nova.api.openstack.wsgi_app [None req-3f1c35b2-6fb4-4e5c-9f81-d7d9a9a2f95d None None] block_device_allocate_retries_interval = 3 {{(pid=106720) log_opt_values /opt/stack/data/venv/lib/python3.12/site-packages/oslo_config/cfg.py:3242}}
Jul 26 00:56:15.622489 np0000186905 devstack@n-api-meta.service[106720]: DEBUG nova.api.openstack.wsgi_app [None req-3f1c35b2-6fb4-4e5c-9f81-d7d9a9a2f95d None None] cell_worker_thread_pool_size = 5 {{(pid=106720) log_opt_values /opt/stack/data/venv/lib/python3.12/site-packages/oslo_config/cfg.py:3242}}
Jul 26 00:56:15.622627 np0000186905 devstack@n-api-meta.service[106720]: DEBUG nova.api.openstack.wsgi_app [None req-3f1c35b2-6fb4-4e5c-9f81-d7d9a9a2f95d None None] cert = self.pem {{(pid=106720) log_opt_values /opt/stack/data/venv/lib/python3.12/site-packages/oslo_config/cfg.py:3242}}
Jul 26 00:56:15.622763 np0000186905 devstack@n-api-meta.service[106720]: DEBUG nova.api.openstack.wsgi_app [None req-3f1c35b2-6fb4-4e5c-9f81-d7d9a9a2f95d None None] compute_driver = libvirt.LibvirtDriver {{(pid=106720) log_opt_values /opt/stack/data/venv/lib/python3.12/site-packages/oslo_config/cfg.py:3242}}
Jul 26 00:56:15.622925 np0000186905 devstack@n-api-meta.service[106720]: DEBUG nova.api.openstack.wsgi_app [None req-3f1c35b2-6fb4-4e5c-9f81-d7d9a9a2f95d None None] compute_monitors = [] {{(pid=106720) log_opt_values /opt/stack/data/venv/lib/python3.12/site-packages/oslo_config/cfg.py:3242}}
Jul 26 00:56:15.623064 np0000186905 devstack@n-api-meta.service[106720]: DEBUG nova.api.openstack.wsgi_app [None req-3f1c35b2-6fb4-4e5c-9f81-d7d9a9a2f95d None None] concurrency_backend = auto {{(pid=106720) log_opt_values /opt/stack/data/venv/lib/python3.12/site-packages/oslo_config/cfg.py:3242}}
Jul 26 00:56:15.623199 np0000186905 devstack@n-api-meta.service[106720]: DEBUG nova.api.openstack.wsgi_app [None req-3f1c35b2-6fb4-4e5c-9f81-d7d9a9a2f95d None None] config_dir = [] {{(pid=106720) log_opt_values /opt/stack/data/venv/lib/python3.12/site-packages/oslo_config/cfg.py:3242}}
Jul 26 00:56:15.623336 np0000186905 devstack@n-api-meta.service[106720]: DEBUG nova.api.openstack.wsgi_app [None req-3f1c35b2-6fb4-4e5c-9f81-d7d9a9a2f95d None None] config_drive_format = iso9660 {{(pid=106720) log_opt_values /opt/stack/data/venv/lib/python3.12/site-packages/oslo_config/cfg.py:3242}}
Jul 26 00:56:15.623444 np0000186905 devstack@n-api-meta.service[106720]: DEBUG nova.api.openstack.wsgi_app [None req-3f1c35b2-6fb4-4e5c-9f81-d7d9a9a2f95d None None] config_file = ['/etc/nova/api-paste.ini', '/etc/nova/nova.conf'] {{(pid=106720) log_opt_values /opt/stack/data/venv/lib/python3.12/site-packages/oslo_config/cfg.py:3242}}
Jul 26 00:56:15.623575 np0000186905 devstack@n-api-meta.service[106720]: DEBUG nova.api.openstack.wsgi_app [None req-3f1c35b2-6fb4-4e5c-9f81-d7d9a9a2f95d None None] config_source = [] {{(pid=106720) log_opt_values /opt/stack/data/venv/lib/python3.12/site-packages/oslo_config/cfg.py:3242}}
Jul 26 00:56:15.623709 np0000186905 devstack@n-api-meta.service[106720]: DEBUG nova.api.openstack.wsgi_app [None req-3f1c35b2-6fb4-4e5c-9f81-d7d9a9a2f95d None None] console_host = np0000186905 {{(pid=106720) log_opt_values /opt/stack/data/venv/lib/python3.12/site-packages/oslo_config/cfg.py:3242}}
Jul 26 00:56:15.623870 np0000186905 devstack@n-api-meta.service[106720]: DEBUG nova.api.openstack.wsgi_app [None req-3f1c35b2-6fb4-4e5c-9f81-d7d9a9a2f95d None None] control_exchange = nova {{(pid=106720) log_opt_values /opt/stack/data/venv/lib/python3.12/site-packages/oslo_config/cfg.py:3242}}
Jul 26 00:56:15.623992 np0000186905 devstack@n-api-meta.service[106720]: DEBUG nova.api.openstack.wsgi_app [None req-3f1c35b2-6fb4-4e5c-9f81-d7d9a9a2f95d None None] cpu_allocation_ratio = None {{(pid=106720) log_opt_values /opt/stack/data/venv/lib/python3.12/site-packages/oslo_config/cfg.py:3242}}
Jul 26 00:56:15.624120 np0000186905 devstack@n-api-meta.service[106720]: DEBUG nova.api.openstack.wsgi_app [None req-3f1c35b2-6fb4-4e5c-9f81-d7d9a9a2f95d None None] daemon = False {{(pid=106720) log_opt_values /opt/stack/data/venv/lib/python3.12/site-packages/oslo_config/cfg.py:3242}}
Jul 26 00:56:15.624254 np0000186905 devstack@n-api-meta.service[106720]: DEBUG nova.api.openstack.wsgi_app [None req-3f1c35b2-6fb4-4e5c-9f81-d7d9a9a2f95d None None] debug = True {{(pid=106720) log_opt_values /opt/stack/data/venv/lib/python3.12/site-packages/oslo_config/cfg.py:3242}}
Jul 26 00:56:15.624382 np0000186905 devstack@n-api-meta.service[106720]: DEBUG nova.api.openstack.wsgi_app [None req-3f1c35b2-6fb4-4e5c-9f81-d7d9a9a2f95d None None] default_access_ip_network_name = None {{(pid=106720) log_opt_values /opt/stack/data/venv/lib/python3.12/site-packages/oslo_config/cfg.py:3242}}
Jul 26 00:56:15.624516 np0000186905 devstack@n-api-meta.service[106720]: DEBUG nova.api.openstack.wsgi_app [None req-3f1c35b2-6fb4-4e5c-9f81-d7d9a9a2f95d None None] default_availability_zone = nova {{(pid=106720) log_opt_values /opt/stack/data/venv/lib/python3.12/site-packages/oslo_config/cfg.py:3242}}
Jul 26 00:56:15.624649 np0000186905 devstack@n-api-meta.service[106720]: DEBUG nova.api.openstack.wsgi_app [None req-3f1c35b2-6fb4-4e5c-9f81-d7d9a9a2f95d None None] default_ephemeral_format = ext4 {{(pid=106720) log_opt_values /opt/stack/data/venv/lib/python3.12/site-packages/oslo_config/cfg.py:3242}}
Jul 26 00:56:15.624804 np0000186905 devstack@n-api-meta.service[106720]: DEBUG nova.api.openstack.wsgi_app [None req-3f1c35b2-6fb4-4e5c-9f81-d7d9a9a2f95d None None] default_green_pool_size = 1000 {{(pid=106720) log_opt_values /opt/stack/data/venv/lib/python3.12/site-packages/oslo_config/cfg.py:3242}}
Jul 26 00:56:15.625026 np0000186905 devstack@n-api-meta.service[106720]: DEBUG nova.api.openstack.wsgi_app [None req-3f1c35b2-6fb4-4e5c-9f81-d7d9a9a2f95d None None] default_log_levels = ['amqp=WARN', 'boto=WARN', 'sqlalchemy=WARN', 'suds=INFO', 'oslo.messaging=INFO', 'oslo_messaging=INFO', 'iso8601=WARN', 'requests.packages.urllib3.connectionpool=WARN', 'urllib3.connectionpool=WARN', 'websocket=WARN', 'requests.packages.urllib3.util.retry=WARN', 'urllib3.util.retry=WARN', 'keystonemiddleware=WARN', 'routes.middleware=WARN', 'stevedore=WARN', 'taskflow=WARN', 'keystoneauth=WARN', 'oslo.cache=INFO', 'oslo_policy=INFO', 'dogpile.core.dogpile=INFO', 'glanceclient=WARN', 'oslo.privsep.daemon=INFO'] {{(pid=106720) log_opt_values /opt/stack/data/venv/lib/python3.12/site-packages/oslo_config/cfg.py:3242}}
Jul 26 00:56:15.625161 np0000186905 devstack@n-api-meta.service[106720]: DEBUG nova.api.openstack.wsgi_app [None req-3f1c35b2-6fb4-4e5c-9f81-d7d9a9a2f95d None None] default_schedule_zone = None {{(pid=106720) log_opt_values /opt/stack/data/venv/lib/python3.12/site-packages/oslo_config/cfg.py:3242}}
Jul 26 00:56:15.625267 np0000186905 devstack@n-api-meta.service[106720]: DEBUG nova.api.openstack.wsgi_app [None req-3f1c35b2-6fb4-4e5c-9f81-d7d9a9a2f95d None None] default_thread_pool_size = 10 {{(pid=106720) log_opt_values /opt/stack/data/venv/lib/python3.12/site-packages/oslo_config/cfg.py:3242}}
Jul 26 00:56:15.625392 np0000186905 devstack@n-api-meta.service[106720]: DEBUG nova.api.openstack.wsgi_app [None req-3f1c35b2-6fb4-4e5c-9f81-d7d9a9a2f95d None None] disk_allocation_ratio = None {{(pid=106720) log_opt_values /opt/stack/data/venv/lib/python3.12/site-packages/oslo_config/cfg.py:3242}}
Jul 26 00:56:15.625519 np0000186905 devstack@n-api-meta.service[106720]: DEBUG nova.api.openstack.wsgi_app [None req-3f1c35b2-6fb4-4e5c-9f81-d7d9a9a2f95d None None] enable_new_services = True {{(pid=106720) log_opt_values /opt/stack/data/venv/lib/python3.12/site-packages/oslo_config/cfg.py:3242}}
Jul 26 00:56:15.625649 np0000186905 devstack@n-api-meta.service[106720]: DEBUG nova.api.openstack.wsgi_app [None req-3f1c35b2-6fb4-4e5c-9f81-d7d9a9a2f95d None None] flat_injected = False {{(pid=106720) log_opt_values /opt/stack/data/venv/lib/python3.12/site-packages/oslo_config/cfg.py:3242}}
Jul 26 00:56:15.625807 np0000186905 devstack@n-api-meta.service[106720]: DEBUG nova.api.openstack.wsgi_app [None req-3f1c35b2-6fb4-4e5c-9f81-d7d9a9a2f95d None None] force_config_drive = False {{(pid=106720) log_opt_values /opt/stack/data/venv/lib/python3.12/site-packages/oslo_config/cfg.py:3242}}
Jul 26 00:56:15.625945 np0000186905 devstack@n-api-meta.service[106720]: DEBUG nova.api.openstack.wsgi_app [None req-3f1c35b2-6fb4-4e5c-9f81-d7d9a9a2f95d None None] force_raw_images = True {{(pid=106720) log_opt_values /opt/stack/data/venv/lib/python3.12/site-packages/oslo_config/cfg.py:3242}}
Jul 26 00:56:15.626084 np0000186905 devstack@n-api-meta.service[106720]: DEBUG nova.api.openstack.wsgi_app [None req-3f1c35b2-6fb4-4e5c-9f81-d7d9a9a2f95d None None] graceful_shutdown_timeout = 5 {{(pid=106720) log_opt_values /opt/stack/data/venv/lib/python3.12/site-packages/oslo_config/cfg.py:3242}}
Jul 26 00:56:15.626230 np0000186905 devstack@n-api-meta.service[106720]: DEBUG nova.api.openstack.wsgi_app [None req-3f1c35b2-6fb4-4e5c-9f81-d7d9a9a2f95d None None] heal_instance_info_cache_interval = -1 {{(pid=106720) log_opt_values /opt/stack/data/venv/lib/python3.12/site-packages/oslo_config/cfg.py:3242}}
Jul 26 00:56:15.626408 np0000186905 devstack@n-api-meta.service[106720]: DEBUG nova.api.openstack.wsgi_app [None req-3f1c35b2-6fb4-4e5c-9f81-d7d9a9a2f95d None None] host = np0000186905 {{(pid=106720) log_opt_values /opt/stack/data/venv/lib/python3.12/site-packages/oslo_config/cfg.py:3242}}
Jul 26 00:56:15.626544 np0000186905 devstack@n-api-meta.service[106720]: DEBUG nova.api.openstack.wsgi_app [None req-3f1c35b2-6fb4-4e5c-9f81-d7d9a9a2f95d None None] initial_cpu_allocation_ratio = 4.0 {{(pid=106720) log_opt_values /opt/stack/data/venv/lib/python3.12/site-packages/oslo_config/cfg.py:3242}}
Jul 26 00:56:15.626676 np0000186905 devstack@n-api-meta.service[106720]: DEBUG nova.api.openstack.wsgi_app [None req-3f1c35b2-6fb4-4e5c-9f81-d7d9a9a2f95d None None] initial_disk_allocation_ratio = 1.0 {{(pid=106720) log_opt_values /opt/stack/data/venv/lib/python3.12/site-packages/oslo_config/cfg.py:3242}}
Jul 26 00:56:15.626830 np0000186905 devstack@n-api-meta.service[106720]: DEBUG nova.api.openstack.wsgi_app [None req-3f1c35b2-6fb4-4e5c-9f81-d7d9a9a2f95d None None] initial_ram_allocation_ratio = 1.0 {{(pid=106720) log_opt_values /opt/stack/data/venv/lib/python3.12/site-packages/oslo_config/cfg.py:3242}}
Jul 26 00:56:15.627088 np0000186905 devstack@n-api-meta.service[106720]: DEBUG nova.api.openstack.wsgi_app [None req-3f1c35b2-6fb4-4e5c-9f81-d7d9a9a2f95d None None] injected_network_template = /opt/stack/nova/nova/virt/interfaces.template {{(pid=106720) log_opt_values /opt/stack/data/venv/lib/python3.12/site-packages/oslo_config/cfg.py:3242}}
Jul 26 00:56:15.627221 np0000186905 devstack@n-api-meta.service[106720]: DEBUG nova.api.openstack.wsgi_app [None req-3f1c35b2-6fb4-4e5c-9f81-d7d9a9a2f95d None None] instance_build_timeout = 0 {{(pid=106720) log_opt_values /opt/stack/data/venv/lib/python3.12/site-packages/oslo_config/cfg.py:3242}}
Jul 26 00:56:15.627350 np0000186905 devstack@n-api-meta.service[106720]: DEBUG nova.api.openstack.wsgi_app [None req-3f1c35b2-6fb4-4e5c-9f81-d7d9a9a2f95d None None] instance_delete_interval = 300 {{(pid=106720) log_opt_values /opt/stack/data/venv/lib/python3.12/site-packages/oslo_config/cfg.py:3242}}
Jul 26 00:56:15.627486 np0000186905 devstack@n-api-meta.service[106720]: DEBUG nova.api.openstack.wsgi_app [None req-3f1c35b2-6fb4-4e5c-9f81-d7d9a9a2f95d None None] instance_format = [instance: %(uuid)s] {{(pid=106720) log_opt_values /opt/stack/data/venv/lib/python3.12/site-packages/oslo_config/cfg.py:3242}}
Jul 26 00:56:15.627620 np0000186905 devstack@n-api-meta.service[106720]: DEBUG nova.api.openstack.wsgi_app [None req-3f1c35b2-6fb4-4e5c-9f81-d7d9a9a2f95d None None] instance_name_template = instance-%08x {{(pid=106720) log_opt_values /opt/stack/data/venv/lib/python3.12/site-packages/oslo_config/cfg.py:3242}}
Jul 26 00:56:15.627749 np0000186905 devstack@n-api-meta.service[106720]: DEBUG nova.api.openstack.wsgi_app [None req-3f1c35b2-6fb4-4e5c-9f81-d7d9a9a2f95d None None] instance_usage_audit = False {{(pid=106720) log_opt_values /opt/stack/data/venv/lib/python3.12/site-packages/oslo_config/cfg.py:3242}}
Jul 26 00:56:15.627908 np0000186905 devstack@n-api-meta.service[106720]: DEBUG nova.api.openstack.wsgi_app [None req-3f1c35b2-6fb4-4e5c-9f81-d7d9a9a2f95d None None] instance_usage_audit_period = month {{(pid=106720) log_opt_values /opt/stack/data/venv/lib/python3.12/site-packages/oslo_config/cfg.py:3242}}
Jul 26 00:56:15.628042 np0000186905 devstack@n-api-meta.service[106720]: DEBUG nova.api.openstack.wsgi_app [None req-3f1c35b2-6fb4-4e5c-9f81-d7d9a9a2f95d None None] instance_uuid_format = [instance: %(uuid)s] {{(pid=106720) log_opt_values /opt/stack/data/venv/lib/python3.12/site-packages/oslo_config/cfg.py:3242}}
Jul 26 00:56:15.628175 np0000186905 devstack@n-api-meta.service[106720]: DEBUG nova.api.openstack.wsgi_app [None req-3f1c35b2-6fb4-4e5c-9f81-d7d9a9a2f95d None None] instances_path = /opt/stack/data/nova/instances {{(pid=106720) log_opt_values /opt/stack/data/venv/lib/python3.12/site-packages/oslo_config/cfg.py:3242}}
Jul 26 00:56:15.628316 np0000186905 devstack@n-api-meta.service[106720]: DEBUG nova.api.openstack.wsgi_app [None req-3f1c35b2-6fb4-4e5c-9f81-d7d9a9a2f95d None None] internal_service_availability_zone = internal {{(pid=106720) log_opt_values /opt/stack/data/venv/lib/python3.12/site-packages/oslo_config/cfg.py:3242}}
Jul 26 00:56:15.628442 np0000186905 devstack@n-api-meta.service[106720]: DEBUG nova.api.openstack.wsgi_app [None req-3f1c35b2-6fb4-4e5c-9f81-d7d9a9a2f95d None None] key = None {{(pid=106720) log_opt_values /opt/stack/data/venv/lib/python3.12/site-packages/oslo_config/cfg.py:3242}}
Jul 26 00:56:15.628570 np0000186905 devstack@n-api-meta.service[106720]: DEBUG nova.api.openstack.wsgi_app [None req-3f1c35b2-6fb4-4e5c-9f81-d7d9a9a2f95d None None] live_migration_retry_count = 30 {{(pid=106720) log_opt_values /opt/stack/data/venv/lib/python3.12/site-packages/oslo_config/cfg.py:3242}}
Jul 26 00:56:15.628706 np0000186905 devstack@n-api-meta.service[106720]: DEBUG nova.api.openstack.wsgi_app [None req-3f1c35b2-6fb4-4e5c-9f81-d7d9a9a2f95d None None] log_color = False {{(pid=106720) log_opt_values /opt/stack/data/venv/lib/python3.12/site-packages/oslo_config/cfg.py:3242}}
Jul 26 00:56:15.628858 np0000186905 devstack@n-api-meta.service[106720]: DEBUG nova.api.openstack.wsgi_app [None req-3f1c35b2-6fb4-4e5c-9f81-d7d9a9a2f95d None None] log_config_append = None {{(pid=106720) log_opt_values /opt/stack/data/venv/lib/python3.12/site-packages/oslo_config/cfg.py:3242}}
Jul 26 00:56:15.628995 np0000186905 devstack@n-api-meta.service[106720]: DEBUG nova.api.openstack.wsgi_app [None req-3f1c35b2-6fb4-4e5c-9f81-d7d9a9a2f95d None None] log_date_format = %Y-%m-%d %H:%M:%S {{(pid=106720) log_opt_values /opt/stack/data/venv/lib/python3.12/site-packages/oslo_config/cfg.py:3242}}
Jul 26 00:56:15.629125 np0000186905 devstack@n-api-meta.service[106720]: DEBUG nova.api.openstack.wsgi_app [None req-3f1c35b2-6fb4-4e5c-9f81-d7d9a9a2f95d None None] log_dir = None {{(pid=106720) log_opt_values /opt/stack/data/venv/lib/python3.12/site-packages/oslo_config/cfg.py:3242}}
Jul 26 00:56:15.629252 np0000186905 devstack@n-api-meta.service[106720]: DEBUG nova.api.openstack.wsgi_app [None req-3f1c35b2-6fb4-4e5c-9f81-d7d9a9a2f95d None None] log_file = None {{(pid=106720) log_opt_values /opt/stack/data/venv/lib/python3.12/site-packages/oslo_config/cfg.py:3242}}
Jul 26 00:56:15.629355 np0000186905 devstack@n-api-meta.service[106720]: DEBUG nova.api.openstack.wsgi_app [None req-3f1c35b2-6fb4-4e5c-9f81-d7d9a9a2f95d None None] log_options = True {{(pid=106720) log_opt_values /opt/stack/data/venv/lib/python3.12/site-packages/oslo_config/cfg.py:3242}}
Jul 26 00:56:15.629483 np0000186905 devstack@n-api-meta.service[106720]: DEBUG nova.api.openstack.wsgi_app [None req-3f1c35b2-6fb4-4e5c-9f81-d7d9a9a2f95d None None] log_rotate_interval = 1 {{(pid=106720) log_opt_values /opt/stack/data/venv/lib/python3.12/site-packages/oslo_config/cfg.py:3242}}
Jul 26 00:56:15.629618 np0000186905 devstack@n-api-meta.service[106720]: DEBUG nova.api.openstack.wsgi_app [None req-3f1c35b2-6fb4-4e5c-9f81-d7d9a9a2f95d None None] log_rotate_interval_type = days {{(pid=106720) log_opt_values /opt/stack/data/venv/lib/python3.12/site-packages/oslo_config/cfg.py:3242}}
Jul 26 00:56:15.629752 np0000186905 devstack@n-api-meta.service[106720]: DEBUG nova.api.openstack.wsgi_app [None req-3f1c35b2-6fb4-4e5c-9f81-d7d9a9a2f95d None None] log_rotation_type = none {{(pid=106720) log_opt_values /opt/stack/data/venv/lib/python3.12/site-packages/oslo_config/cfg.py:3242}}
Jul 26 00:56:15.629878 np0000186905 devstack@n-api-meta.service[106720]: DEBUG nova.api.openstack.wsgi_app [None req-3f1c35b2-6fb4-4e5c-9f81-d7d9a9a2f95d None None] logging_context_format_string = %(color)s%(levelname)s %(name)s [%(global_request_id)s %(request_id)s %(project_name)s %(user_name)s%(color)s] %(instance)s%(color)s%(message)s {{(pid=106720) log_opt_values /opt/stack/data/venv/lib/python3.12/site-packages/oslo_config/cfg.py:3242}}
Jul 26 00:56:15.629980 np0000186905 devstack@n-api-meta.service[106720]: DEBUG nova.api.openstack.wsgi_app [None req-3f1c35b2-6fb4-4e5c-9f81-d7d9a9a2f95d None None] logging_debug_format_suffix = {{(pid=%(process)d) %(funcName)s %(pathname)s:%(lineno)d}} {{(pid=106720) log_opt_values /opt/stack/data/venv/lib/python3.12/site-packages/oslo_config/cfg.py:3242}}
