2026-07-17 17:12:03.093 8 INFO placement.requestlog [None req-e686c0c6-82e5-40fc-a6a1-dbd9554fad9d 936aaf4c883c429f8d87fa90f84e9d94 9b1883fa294f4bfab43fba282329c1af - - 5e9c0c43af26453c88be1a57534c75db 5e9c0c43af26453c88be1a57534c75db] 10.0.0.9 "DELETE /resource_providers/480582df-f420-452b-87e4-925869cb34f2" status: 404 len: 246 microversion: 1.1 [pid: 8|app: 0|req: 605/1215] 10.0.0.9 () {34 vars in 814 bytes} [Fri Jul 17 17:12:03 2026] DELETE /resource_providers/480582df-f420-452b-87e4-925869cb34f2 => generated 246 bytes in 4 msecs (HTTP/1.1 404) 6 headers in 231 bytes (1 switches on core 0)
2026-07-17 17:12:03.098 7 INFO placement.requestlog [None req-2767bbcd-8e34-43d2-a243-4bfbe36864a6 936aaf4c883c429f8d87fa90f84e9d94 9b1883fa294f4bfab43fba282329c1af - - 5e9c0c43af26453c88be1a57534c75db 5e9c0c43af26453c88be1a57534c75db] 10.0.0.9 "DELETE /resource_providers/c4eec143-0e40-40e7-a8c8-bcfa91953b07" status: 404 len: 246 microversion: 1.1 [pid: 7|app: 0|req: 611/1216] 10.0.0.9 () {34 vars in 814 bytes} [Fri Jul 17 17:12:03 2026] DELETE /resource_providers/c4eec143-0e40-40e7-a8c8-bcfa91953b07 => generated 246 bytes in 10 msecs (HTTP/1.1 404) 6 headers in 231 bytes (1 switches on core 0)
2026-07-17 17:12:03.103 8 INFO placement.requestlog [None req-71234b89-3bca-4971-b282-b2461441613f 936aaf4c883c429f8d87fa90f84e9d94 9b1883fa294f4bfab43fba282329c1af - - 5e9c0c43af26453c88be1a57534c75db 5e9c0c43af26453c88be1a57534c75db] 10.0.0.9 "GET /resource_providers/c4eec143-0e40-40e7-a8c8-bcfa91953b07/aggregates" status: 404 len: 235 microversion: 1.1 [pid: 8|app: 0|req: 606/1217] 10.0.0.9 () {32 vars in 814 bytes} [Fri Jul 17 17:12:03 2026] GET /resource_providers/c4eec143-0e40-40e7-a8c8-bcfa91953b07/aggregates => generated 235 bytes in 6 msecs (HTTP/1.1 404) 5 headers in 202 bytes (1 switches on core 0)
2026-07-17 17:12:03.119 7 INFO placement.requestlog [None req-89c1384a-2470-403a-977b-a1cae6b3341a 936aaf4c883c429f8d87fa90f84e9d94 9b1883fa294f4bfab43fba282329c1af - - 5e9c0c43af26453c88be1a57534c75db 5e9c0c43af26453c88be1a57534c75db] 10.0.0.9 "DELETE /resource_providers/c4eec143-0e40-40e7-a8c8-bcfa91953b07" status: 404 len: 246 microversion: 1.1 [pid: 7|app: 0|req: 612/1218] 10.0.0.9 () {34 vars in 814 bytes} [Fri Jul 17 17:12:03 2026] DELETE /resource_providers/c4eec143-0e40-40e7-a8c8-bcfa91953b07 => generated 246 bytes in 8 msecs (HTTP/1.1 404) 6 headers in 231 bytes (1 switches on core 0)
2026-07-17 17:12:08.330 8 INFO placement.requestlog [None req-2fed9319-b410-4e08-880f-b8e095203860 - - - - - -] 10.0.0.58 "GET /" status: 200 len: 136 microversion: 1.0
2026-07-17 17:12:08.331 7 INFO placement.requestlog [None req-4dd95c69-285e-4156-84cb-ae8287e9f468 - - - - - -] 10.0.0.58 "GET /" status: 200 len: 136 microversion: 1.0
2026-07-17 17:12:18.329 8 INFO placement.requestlog [None req-cbb54257-148d-4d57-bfeb-1155846cf284 - - - - - -] 10.0.0.58 "GET /" status: 200 len: 136 microversion: 1.0
2026-07-17 17:12:18.329 7 INFO placement.requestlog [None req-5f98a378-2390-4668-9781-cf092b0b04b8 - - - - - -] 10.0.0.58 "GET /" status: 200 len: 136 microversion: 1.0
2026-07-17 17:12:21.698 8 INFO placement.requestlog [req-57f38cf6-e58d-4c03-b621-c14e25ec4e47 req-8861e266-08ae-407d-bcef-db4945362890 bdb2e30dfcca45cb9c7362c02d93b678 9b1883fa294f4bfab43fba282329c1af - - 5e9c0c43af26453c88be1a57534c75db 5e9c0c43af26453c88be1a57534c75db] 10.0.0.243 "GET /allocation_candidates?limit=1000&resources=MEMORY_MB%3A2048%2CVCPU%3A2&root_required=%21COMPUTE_STATUS_DISABLED" status: 200 len: 2771 microversion: 1.36 [pid: 8|app: 0|req: 609/1223] 10.0.0.243 () {34 vars in 986 bytes} [Fri Jul 17 17:12:21 2026] GET /allocation_candidates?limit=1000&resources=MEMORY_MB%3A2048%2CVCPU%3A2&root_required=%21COMPUTE_STATUS_DISABLED => generated 2771 bytes in 120 msecs (HTTP/1.1 200) 8 headers in 297 bytes (1 switches on core 0)
2026-07-17 17:12:21.730 7 INFO placement.requestlog [req-57f38cf6-e58d-4c03-b621-c14e25ec4e47 req-db3727e4-5030-45e6-b52a-9f1a4b7d38d5 bdb2e30dfcca45cb9c7362c02d93b678 9b1883fa294f4bfab43fba282329c1af - - 5e9c0c43af26453c88be1a57534c75db 5e9c0c43af26453c88be1a57534c75db] 10.0.0.243 "GET /allocations/710ab749-912e-408b-ae8e-8287eae4ee2f" status: 200 len: 19 microversion: 1.28 [pid: 7|app: 0|req: 615/1224] 10.0.0.243 () {34 vars in 861 bytes} [Fri Jul 17 17:12:21 2026] GET /allocations/710ab749-912e-408b-ae8e-8287eae4ee2f => generated 19 bytes in 10 msecs (HTTP/1.1 200) 8 headers in 295 bytes (1 switches on core 0)
2026-07-17 17:12:21.791 8 INFO placement.requestlog [req-57f38cf6-e58d-4c03-b621-c14e25ec4e47 req-0b229444-cacd-4035-8b3d-106440cff791 bdb2e30dfcca45cb9c7362c02d93b678 9b1883fa294f4bfab43fba282329c1af - - 5e9c0c43af26453c88be1a57534c75db 5e9c0c43af26453c88be1a57534c75db] 10.0.0.243 "PUT /allocations/710ab749-912e-408b-ae8e-8287eae4ee2f" status: 204 len: 0 microversion: 1.36 [pid: 8|app: 0|req: 610/1225] 10.0.0.243 () {38 vars in 914 bytes} [Fri Jul 17 17:12:21 2026] PUT /allocations/710ab749-912e-408b-ae8e-8287eae4ee2f => generated 0 bytes in 55 msecs (HTTP/1.1 204) 5 headers in 199 bytes (1 switches on core 0)
2026-07-17 17:12:23.259 7 INFO placement.requestlog [req-57f38cf6-e58d-4c03-b621-c14e25ec4e47 req-2581908e-c0c2-48d9-bd8e-23328aa4a8f0 bdb2e30dfcca45cb9c7362c02d93b678 9b1883fa294f4bfab43fba282329c1af - - 5e9c0c43af26453c88be1a57534c75db 5e9c0c43af26453c88be1a57534c75db] 199.19.213.67 "GET /allocations/710ab749-912e-408b-ae8e-8287eae4ee2f" status: 200 len: 245 microversion: 1.28 [pid: 7|app: 0|req: 616/1226] 199.19.213.67 () {34 vars in 862 bytes} [Fri Jul 17 17:12:23 2026] GET /allocations/710ab749-912e-408b-ae8e-8287eae4ee2f => generated 245 bytes in 12 msecs (HTTP/1.1 200) 8 headers in 296 bytes (1 switches on core 0)
2026-07-17 17:12:24.300 8 INFO placement.requestlog [req-57f38cf6-e58d-4c03-b621-c14e25ec4e47 req-5d1652b1-15d5-47b7-b865-39f244e625d9 bdb2e30dfcca45cb9c7362c02d93b678 9b1883fa294f4bfab43fba282329c1af - - 5e9c0c43af26453c88be1a57534c75db 5e9c0c43af26453c88be1a57534c75db] 199.19.213.67 "GET /resource_providers/35a135c7-d7b1-45a0-81f2-ab61dc444a41/allocations" status: 200 len: 340 microversion: 1.0 [pid: 8|app: 0|req: 611/1227] 199.19.213.67 () {32 vars in 856 bytes} [Fri Jul 17 17:12:24 2026] GET /resource_providers/35a135c7-d7b1-45a0-81f2-ab61dc444a41/allocations => generated 340 bytes in 14 msecs (HTTP/1.1 200) 6 headers in 224 bytes (1 switches on core 0)
2026-07-17 17:12:24.322 7 INFO placement.requestlog [req-57f38cf6-e58d-4c03-b621-c14e25ec4e47 req-b99dc63f-defb-4241-b2dc-abab71a5f69f bdb2e30dfcca45cb9c7362c02d93b678 9b1883fa294f4bfab43fba282329c1af - - 5e9c0c43af26453c88be1a57534c75db 5e9c0c43af26453c88be1a57534c75db] 199.19.213.67 "GET /allocations/710ab749-912e-408b-ae8e-8287eae4ee2f" status: 200 len: 245 microversion: 1.28 [pid: 7|app: 0|req: 617/1228] 199.19.213.67 () {34 vars in 862 bytes} [Fri Jul 17 17:12:24 2026] GET /allocations/710ab749-912e-408b-ae8e-8287eae4ee2f => generated 245 bytes in 17 msecs (HTTP/1.1 200) 8 headers in 296 bytes (1 switches on core 0)
2026-07-17 17:12:24.348 8 INFO placement.requestlog [req-57f38cf6-e58d-4c03-b621-c14e25ec4e47 req-9ff9a95f-f3c9-4796-94a7-0a3d27ccafb7 bdb2e30dfcca45cb9c7362c02d93b678 9b1883fa294f4bfab43fba282329c1af - - 5e9c0c43af26453c88be1a57534c75db 5e9c0c43af26453c88be1a57534c75db] 199.19.213.67 "GET /allocations/1d61e507-614b-4746-b48e-76df0204e991" status: 200 len: 258 microversion: 1.28 [pid: 8|app: 0|req: 612/1229] 199.19.213.67 () {34 vars in 862 bytes} [Fri Jul 17 17:12:24 2026] GET /allocations/1d61e507-614b-4746-b48e-76df0204e991 => generated 258 bytes in 18 msecs (HTTP/1.1 200) 8 headers in 296 bytes (1 switches on core 0)
2026-07-17 17:12:24.367 7 INFO placement.requestlog [req-57f38cf6-e58d-4c03-b621-c14e25ec4e47 req-d7f1a87b-32ad-4add-8371-eceac770cb60 bdb2e30dfcca45cb9c7362c02d93b678 9b1883fa294f4bfab43fba282329c1af - - 5e9c0c43af26453c88be1a57534c75db 5e9c0c43af26453c88be1a57534c75db] 199.19.213.67 "GET /allocations/9bc6b00a-e363-4c90-9722-464f08562ec1" status: 200 len: 258 microversion: 1.28 [pid: 7|app: 0|req: 618/1230] 199.19.213.67 () {34 vars in 862 bytes} [Fri Jul 17 17:12:24 2026] GET /allocations/9bc6b00a-e363-4c90-9722-464f08562ec1 => generated 258 bytes in 14 msecs (HTTP/1.1 200) 8 headers in 296 bytes (1 switches on core 0)
2026-07-17 17:12:28.328 8 INFO placement.requestlog [None req-eee0106b-f00b-4810-a487-1010501a499e - - - - - -] 10.0.0.58 "GET /" status: 200 len: 136 microversion: 1.0
2026-07-17 17:12:28.329 7 INFO placement.requestlog [None req-edb84ed4-d6a3-40bd-bf75-8488d099fb2e - - - - - -] 10.0.0.58 "GET /" status: 200 len: 136 microversion: 1.0
2026-07-17 17:12:38.328 8 INFO placement.requestlog [None req-c6d3663f-2607-4a53-bda8-4b6a632d6f4b - - - - - -] 10.0.0.58 "GET /" status: 200 len: 136 microversion: 1.0
2026-07-17 17:12:38.329 7 INFO placement.requestlog [None req-5f667c6f-c525-4d1b-8987-a1c5f576c72c - - - - - -] 10.0.0.58 "GET /" status: 200 len: 136 microversion: 1.0
2026-07-17 17:12:48.331 7 INFO placement.requestlog [None req-ed41e9f5-a950-477c-a144-a5c3dd5bb4db - - - - - -] 10.0.0.58 "GET /" status: 200 len: 136 microversion: 1.0
2026-07-17 17:12:48.340 8 INFO placement.requestlog [None req-2cfdb4d8-92ee-4121-a996-6ead15bdc713 - - - - - -] 10.0.0.58 "GET /" status: 200 len: 136 microversion: 1.0
2026-07-17 17:12:51.686 7 INFO placement.requestlog [req-3348acf8-43bc-43aa-a64e-54d733e90314 req-0cce9ef7-0bd4-45e1-b556-9f54b658926a bdb2e30dfcca45cb9c7362c02d93b678 9b1883fa294f4bfab43fba282329c1af - - 5e9c0c43af26453c88be1a57534c75db 5e9c0c43af26453c88be1a57534c75db] 199.19.213.67 "GET /resource_providers/35a135c7-d7b1-45a0-81f2-ab61dc444a41/allocations" status: 200 len: 340 microversion: 1.0 [pid: 7|app: 0|req: 622/1237] 199.19.213.67 () {32 vars in 856 bytes} [Fri Jul 17 17:12:51 2026] GET /resource_providers/35a135c7-d7b1-45a0-81f2-ab61dc444a41/allocations => generated 340 bytes in 15 msecs (HTTP/1.1 200) 6 headers in 224 bytes (1 switches on core 0)
2026-07-17 17:12:51.707 8 INFO placement.requestlog [req-3348acf8-43bc-43aa-a64e-54d733e90314 req-b22b610f-1a89-4177-8396-404472e513db bdb2e30dfcca45cb9c7362c02d93b678 9b1883fa294f4bfab43fba282329c1af - - 5e9c0c43af26453c88be1a57534c75db 5e9c0c43af26453c88be1a57534c75db] 199.19.213.67 "GET /resource_providers/35a135c7-d7b1-45a0-81f2-ab61dc444a41/allocations" status: 200 len: 340 microversion: 1.0 [pid: 8|app: 0|req: 616/1238] 199.19.213.67 () {32 vars in 856 bytes} [Fri Jul 17 17:12:51 2026] GET /resource_providers/35a135c7-d7b1-45a0-81f2-ab61dc444a41/allocations => generated 340 bytes in 15 msecs (HTTP/1.1 200) 6 headers in 224 bytes (1 switches on core 0)
2026-07-17 17:12:51.726 7 INFO placement.requestlog [req-3348acf8-43bc-43aa-a64e-54d733e90314 req-b645d3fa-fbb9-4577-8e35-1d9258bbedb4 bdb2e30dfcca45cb9c7362c02d93b678 9b1883fa294f4bfab43fba282329c1af - - 5e9c0c43af26453c88be1a57534c75db 5e9c0c43af26453c88be1a57534c75db] 199.19.213.67 "GET /allocations/710ab749-912e-408b-ae8e-8287eae4ee2f" status: 200 len: 245 microversion: 1.28 [pid: 7|app: 0|req: 623/1239] 199.19.213.67 () {34 vars in 862 bytes} [Fri Jul 17 17:12:51 2026] GET /allocations/710ab749-912e-408b-ae8e-8287eae4ee2f => generated 245 bytes in 13 msecs (HTTP/1.1 200) 8 headers in 296 bytes (1 switches on core 0)
2026-07-17 17:12:51.743 8 INFO placement.requestlog [req-3348acf8-43bc-43aa-a64e-54d733e90314 req-4ca4f3ae-6dc2-471f-91d2-78439d7f23b1 bdb2e30dfcca45cb9c7362c02d93b678 9b1883fa294f4bfab43fba282329c1af - - 5e9c0c43af26453c88be1a57534c75db 5e9c0c43af26453c88be1a57534c75db] 199.19.213.67 "GET /allocations/1d61e507-614b-4746-b48e-76df0204e991" status: 200 len: 258 microversion: 1.28 [pid: 8|app: 0|req: 617/1240] 199.19.213.67 () {34 vars in 862 bytes} [Fri Jul 17 17:12:51 2026] GET /allocations/1d61e507-614b-4746-b48e-76df0204e991 => generated 258 bytes in 12 msecs (HTTP/1.1 200) 8 headers in 296 bytes (1 switches on core 0)
2026-07-17 17:12:51.758 7 INFO placement.requestlog [req-3348acf8-43bc-43aa-a64e-54d733e90314 req-1c976164-2988-4c8b-b0e6-0a1e4a862de5 bdb2e30dfcca45cb9c7362c02d93b678 9b1883fa294f4bfab43fba282329c1af - - 5e9c0c43af26453c88be1a57534c75db 5e9c0c43af26453c88be1a57534c75db] 199.19.213.67 "GET /allocations/9bc6b00a-e363-4c90-9722-464f08562ec1" status: 200 len: 258 microversion: 1.28 [pid: 7|app: 0|req: 624/1241] 199.19.213.67 () {34 vars in 862 bytes} [Fri Jul 17 17:12:51 2026] GET /allocations/9bc6b00a-e363-4c90-9722-464f08562ec1 => generated 258 bytes in 10 msecs (HTTP/1.1 200) 8 headers in 296 bytes (1 switches on core 0)
2026-07-17 17:12:58.329 8 INFO placement.requestlog [None req-0fadeb77-d228-4425-94b2-9edc75c817d5 - - - - - -] 10.0.0.58 "GET /" status: 200 len: 136 microversion: 1.0
2026-07-17 17:12:58.331 7 INFO placement.requestlog [None req-94f77192-2f9e-4657-84bf-47838c98be5c - - - - - -] 10.0.0.58 "GET /" status: 200 len: 136 microversion: 1.0
2026-07-17 17:13:08.329 7 INFO placement.requestlog [None req-011058b4-d2af-49d1-9c67-2b025572c087 - - - - - -] 10.0.0.58 "GET /" status: 200 len: 136 microversion: 1.0
2026-07-17 17:13:08.329 8 INFO placement.requestlog [None req-78548532-3998-4cbc-bc79-a022a5818239 - - - - - -] 10.0.0.58 "GET /" status: 200 len: 136 microversion: 1.0
2026-07-17 17:13:18.329 8 INFO placement.requestlog [None req-2160acf1-95d3-4fec-bca7-0a0f649ab0ea - - - - - -] 10.0.0.58 "GET /" status: 200 len: 136 microversion: 1.0
2026-07-17 17:13:18.329 7 INFO placement.requestlog [None req-d51d9762-e286-41f9-abe5-47a9272c864d - - - - - -] 10.0.0.58 "GET /" status: 200 len: 136 microversion: 1.0
2026-07-17 17:13:28.330 8 INFO placement.requestlog [None req-bc82be7f-80a6-453d-a972-eb2242780130 - - - - - -] 10.0.0.58 "GET /" status: 200 len: 136 microversion: 1.0
2026-07-17 17:13:28.330 7 INFO placement.requestlog [None req-082af422-2e81-4d6a-8623-9fe00468e219 - - - - - -] 10.0.0.58 "GET /" status: 200 len: 136 microversion: 1.0
2026-07-17 17:13:38.329 8 INFO placement.requestlog [None req-98d46bb2-153c-4e04-960e-81049c12c588 - - - - - -] 10.0.0.58 "GET /" status: 200 len: 136 microversion: 1.0
2026-07-17 17:13:38.330 7 INFO placement.requestlog [None req-8e45905c-238b-4e71-b691-10599fc427e4 - - - - - -] 10.0.0.58 "GET /" status: 200 len: 136 microversion: 1.0
2026-07-17 17:13:48.328 8 INFO placement.requestlog [None req-a1cb61af-a95e-438a-b325-f6b5652e3223 - - - - - -] 10.0.0.58 "GET /" status: 200 len: 136 microversion: 1.0
2026-07-17 17:13:48.330 7 INFO placement.requestlog [None req-3c8bfd74-7213-44e9-8be4-a7311067a20c - - - - - -] 10.0.0.58 "GET /" status: 200 len: 136 microversion: 1.0
2026-07-17 17:13:52.146 8 INFO placement.requestlog [req-6a8639c5-17db-4ee8-ad4e-98bd1a1669a7 req-e353c5a6-7974-415f-96ec-08de3f22791c bdb2e30dfcca45cb9c7362c02d93b678 9b1883fa294f4bfab43fba282329c1af - - 5e9c0c43af26453c88be1a57534c75db 5e9c0c43af26453c88be1a57534c75db] 199.19.213.67 "GET /resource_providers/35a135c7-d7b1-45a0-81f2-ab61dc444a41/allocations" status: 200 len: 340 microversion: 1.0 [pid: 8|app: 0|req: 624/1254] 199.19.213.67 () {32 vars in 856 bytes} [Fri Jul 17 17:13:52 2026] GET /resource_providers/35a135c7-d7b1-45a0-81f2-ab61dc444a41/allocations => generated 340 bytes in 18 msecs (HTTP/1.1 200) 6 headers in 224 bytes (1 switches on core 0)
2026-07-17 17:13:52.174 7 INFO placement.requestlog [req-6a8639c5-17db-4ee8-ad4e-98bd1a1669a7 req-2ec6a192-d61c-407f-b49d-1609fa82607a bdb2e30dfcca45cb9c7362c02d93b678 9b1883fa294f4bfab43fba282329c1af - - 5e9c0c43af26453c88be1a57534c75db 5e9c0c43af26453c88be1a57534c75db] 199.19.213.67 "GET /resource_providers/35a135c7-d7b1-45a0-81f2-ab61dc444a41/allocations" status: 200 len: 340 microversion: 1.0 [pid: 7|app: 0|req: 631/1255] 199.19.213.67 () {32 vars in 856 bytes} [Fri Jul 17 17:13:52 2026] GET /resource_providers/35a135c7-d7b1-45a0-81f2-ab61dc444a41/allocations => generated 340 bytes in 17 msecs (HTTP/1.1 200) 6 headers in 224 bytes (1 switches on core 0)
2026-07-17 17:13:52.191 8 INFO placement.requestlog [req-6a8639c5-17db-4ee8-ad4e-98bd1a1669a7 req-64c0b9ae-e806-45a7-911a-41bda0232780 bdb2e30dfcca45cb9c7362c02d93b678 9b1883fa294f4bfab43fba282329c1af - - 5e9c0c43af26453c88be1a57534c75db 5e9c0c43af26453c88be1a57534c75db] 199.19.213.67 "GET /allocations/710ab749-912e-408b-ae8e-8287eae4ee2f" status: 200 len: 245 microversion: 1.28 [pid: 8|app: 0|req: 625/1256] 199.19.213.67 () {34 vars in 862 bytes} [Fri Jul 17 17:13:52 2026] GET /allocations/710ab749-912e-408b-ae8e-8287eae4ee2f => generated 245 bytes in 11 msecs (HTTP/1.1 200) 8 headers in 296 bytes (1 switches on core 0)
2026-07-17 17:13:52.215 7 INFO placement.requestlog [req-6a8639c5-17db-4ee8-ad4e-98bd1a1669a7 req-96a6435e-b914-42e3-a76a-057d27e9179f bdb2e30dfcca45cb9c7362c02d93b678 9b1883fa294f4bfab43fba282329c1af - - 5e9c0c43af26453c88be1a57534c75db 5e9c0c43af26453c88be1a57534c75db] 199.19.213.67 "GET /allocations/1d61e507-614b-4746-b48e-76df0204e991" status: 200 len: 258 microversion: 1.28 [pid: 7|app: 0|req: 632/1257] 199.19.213.67 () {34 vars in 862 bytes} [Fri Jul 17 17:13:52 2026] GET /allocations/1d61e507-614b-4746-b48e-76df0204e991 => generated 258 bytes in 19 msecs (HTTP/1.1 200) 8 headers in 296 bytes (1 switches on core 0)
2026-07-17 17:13:52.236 8 INFO placement.requestlog [req-6a8639c5-17db-4ee8-ad4e-98bd1a1669a7 req-19628531-6c4b-465f-af96-3a43aaa36ca6 bdb2e30dfcca45cb9c7362c02d93b678 9b1883fa294f4bfab43fba282329c1af - - 5e9c0c43af26453c88be1a57534c75db 5e9c0c43af26453c88be1a57534c75db] 199.19.213.67 "GET /allocations/9bc6b00a-e363-4c90-9722-464f08562ec1" status: 200 len: 258 microversion: 1.28 [pid: 8|app: 0|req: 626/1258] 199.19.213.67 () {34 vars in 862 bytes} [Fri Jul 17 17:13:52 2026] GET /allocations/9bc6b00a-e363-4c90-9722-464f08562ec1 => generated 258 bytes in 12 msecs (HTTP/1.1 200) 8 headers in 296 bytes (1 switches on core 0)
2026-07-17 17:13:58.328 7 INFO placement.requestlog [None req-bd98705a-34fc-4be1-a68c-c30e9707028e - - - - - -] 10.0.0.58 "GET /" status: 200 len: 136 microversion: 1.0
2026-07-17 17:13:58.329 8 INFO placement.requestlog [None req-bfdf0f9f-2309-4c0a-b156-757c1a89ab16 - - - - - -] 10.0.0.58 "GET /" status: 200 len: 136 microversion: 1.0
2026-07-17 17:14:08.331 7 INFO placement.requestlog [None req-7701a26f-6aa6-4ede-a2f7-5d2e54bc5a66 - - - - - -] 10.0.0.58 "GET /" status: 200 len: 136 microversion: 1.0
2026-07-17 17:14:08.333 8 INFO placement.requestlog [None req-4ae4107e-e3a7-4f62-90cb-6fa99dacb9f9 - - - - - -] 10.0.0.58 "GET /" status: 200 len: 136 microversion: 1.0
2026-07-17 17:14:18.328 7 INFO placement.requestlog [None req-6df2714c-21ad-4d57-9af1-f5408402e32f - - - - - -] 10.0.0.58 "GET /" status: 200 len: 136 microversion: 1.0
2026-07-17 17:14:18.329 8 INFO placement.requestlog [None req-6f7b9546-0e94-4b48-90ee-736c8893697d - - - - - -] 10.0.0.58 "GET /" status: 200 len: 136 microversion: 1.0
2026-07-17 17:14:28.330 7 INFO placement.requestlog [None req-0089a435-2358-4e2c-8707-c334893c48dc - - - - - -] 10.0.0.58 "GET /" status: 200 len: 136 microversion: 1.0
2026-07-17 17:14:28.330 8 INFO placement.requestlog [None req-b3348a23-e171-4bb6-82ae-b75511b7280c - - - - - -] 10.0.0.58 "GET /" status: 200 len: 136 microversion: 1.0
2026-07-17 17:14:38.329 8 INFO placement.requestlog [None req-88a7ebfb-c2f0-4158-93cd-e24aad4c5d56 - - - - - -] 10.0.0.58 "GET /" status: 200 len: 136 microversion: 1.0
2026-07-17 17:14:38.332 7 INFO placement.requestlog [None req-9ef644eb-e86b-4594-8230-6f85f2f11bcb - - - - - -] 10.0.0.58 "GET /" status: 200 len: 136 microversion: 1.0
2026-07-17 17:14:48.329 7 INFO placement.requestlog [None req-0609e7be-a7f6-4520-bde6-33202da5c9f8 - - - - - -] 10.0.0.58 "GET /" status: 200 len: 136 microversion: 1.0
2026-07-17 17:14:48.330 8 INFO placement.requestlog [None req-2d3d160f-9638-4a34-bbc8-99b1e085b182 - - - - - -] 10.0.0.58 "GET /" status: 200 len: 136 microversion: 1.0
2026-07-17 17:14:53.767 7 INFO placement.requestlog [req-79fde6bf-915e-44b9-84f3-34a01c836bdf req-2e04c851-72e6-4d8f-af59-113834ab3a04 bdb2e30dfcca45cb9c7362c02d93b678 9b1883fa294f4bfab43fba282329c1af - - 5e9c0c43af26453c88be1a57534c75db 5e9c0c43af26453c88be1a57534c75db] 199.19.213.67 "GET /resource_providers/35a135c7-d7b1-45a0-81f2-ab61dc444a41/allocations" status: 200 len: 340 microversion: 1.0 [pid: 7|app: 0|req: 639/1271] 199.19.213.67 () {32 vars in 856 bytes} [Fri Jul 17 17:14:53 2026] GET /resource_providers/35a135c7-d7b1-45a0-81f2-ab61dc444a41/allocations => generated 340 bytes in 113 msecs (HTTP/1.1 200) 6 headers in 224 bytes (1 switches on core 0)
2026-07-17 17:14:53.800 8 INFO placement.requestlog [req-79fde6bf-915e-44b9-84f3-34a01c836bdf req-dbe0962d-285f-4a08-8e7c-59a19fd8cb4a bdb2e30dfcca45cb9c7362c02d93b678 9b1883fa294f4bfab43fba282329c1af - - 5e9c0c43af26453c88be1a57534c75db 5e9c0c43af26453c88be1a57534c75db] 199.19.213.67 "GET /resource_providers?in_tree=35a135c7-d7b1-45a0-81f2-ab61dc444a41" status: 200 len: 798 microversion: 1.14 [pid: 8|app: 0|req: 633/1272] 199.19.213.67 () {34 vars in 891 bytes} [Fri Jul 17 17:14:53 2026] GET /resource_providers?in_tree=35a135c7-d7b1-45a0-81f2-ab61dc444a41 => generated 798 bytes in 23 msecs (HTTP/1.1 200) 6 headers in 225 bytes (1 switches on core 0)
2026-07-17 17:14:53.826 7 INFO placement.requestlog [req-79fde6bf-915e-44b9-84f3-34a01c836bdf req-188510d8-eb59-4670-ae11-c8bf0b5e46a1 bdb2e30dfcca45cb9c7362c02d93b678 9b1883fa294f4bfab43fba282329c1af - - 5e9c0c43af26453c88be1a57534c75db 5e9c0c43af26453c88be1a57534c75db] 199.19.213.67 "GET /resource_providers/35a135c7-d7b1-45a0-81f2-ab61dc444a41/inventories" status: 200 len: 401 microversion: 1.0 [pid: 7|app: 0|req: 640/1273] 199.19.213.67 () {32 vars in 856 bytes} [Fri Jul 17 17:14:53 2026] GET /resource_providers/35a135c7-d7b1-45a0-81f2-ab61dc444a41/inventories => generated 401 bytes in 18 msecs (HTTP/1.1 200) 6 headers in 224 bytes (1 switches on core 0)
2026-07-17 17:14:53.847 8 INFO placement.requestlog [req-79fde6bf-915e-44b9-84f3-34a01c836bdf req-df979d74-fd52-4f57-9f2a-3a71e13d86dd bdb2e30dfcca45cb9c7362c02d93b678 9b1883fa294f4bfab43fba282329c1af - - 5e9c0c43af26453c88be1a57534c75db 5e9c0c43af26453c88be1a57534c75db] 199.19.213.67 "GET /resource_providers/35a135c7-d7b1-45a0-81f2-ab61dc444a41/aggregates" status: 200 len: 54 microversion: 1.19 [pid: 8|app: 0|req: 634/1274] 199.19.213.67 () {34 vars in 898 bytes} [Fri Jul 17 17:14:53 2026] GET /resource_providers/35a135c7-d7b1-45a0-81f2-ab61dc444a41/aggregates => generated 54 bytes in 14 msecs (HTTP/1.1 200) 8 headers in 295 bytes (1 switches on core 0)
2026-07-17 17:14:53.872 7 INFO placement.requestlog [req-79fde6bf-915e-44b9-84f3-34a01c836bdf req-811d544f-4c1e-41d3-8181-c2568f1e0330 bdb2e30dfcca45cb9c7362c02d93b678 9b1883fa294f4bfab43fba282329c1af - - 5e9c0c43af26453c88be1a57534c75db 5e9c0c43af26453c88be1a57534c75db] 199.19.213.67 "GET /resource_providers/35a135c7-d7b1-45a0-81f2-ab61dc444a41/traits" status: 200 len: 2317 microversion: 1.6 [pid: 7|app: 0|req: 641/1275] 199.19.213.67 () {34 vars in 889 bytes} [Fri Jul 17 17:14:53 2026] GET /resource_providers/35a135c7-d7b1-45a0-81f2-ab61dc444a41/traits => generated 2317 bytes in 20 msecs (HTTP/1.1 200) 6 headers in 225 bytes (1 switches on core 0)
2026-07-17 17:14:53.893 8 INFO placement.requestlog [req-79fde6bf-915e-44b9-84f3-34a01c836bdf req-d6a93252-065c-4463-989e-44f73acf5732 bdb2e30dfcca45cb9c7362c02d93b678 9b1883fa294f4bfab43fba282329c1af - - 5e9c0c43af26453c88be1a57534c75db 5e9c0c43af26453c88be1a57534c75db] 199.19.213.67 "GET /resource_providers/35a135c7-d7b1-45a0-81f2-ab61dc444a41/allocations" status: 200 len: 340 microversion: 1.0 [pid: 8|app: 0|req: 635/1276] 199.19.213.67 () {32 vars in 856 bytes} [Fri Jul 17 17:14:53 2026] GET /resource_providers/35a135c7-d7b1-45a0-81f2-ab61dc444a41/allocations => generated 340 bytes in 15 msecs (HTTP/1.1 200) 6 headers in 224 bytes (1 switches on core 0)
2026-07-17 17:14:53.912 7 INFO placement.requestlog [req-79fde6bf-915e-44b9-84f3-34a01c836bdf req-8bd9da57-b8df-44b5-a70a-d4b832d2e017 bdb2e30dfcca45cb9c7362c02d93b678 9b1883fa294f4bfab43fba282329c1af - - 5e9c0c43af26453c88be1a57534c75db 5e9c0c43af26453c88be1a57534c75db] 199.19.213.67 "GET /allocations/710ab749-912e-408b-ae8e-8287eae4ee2f" status: 200 len: 245 microversion: 1.28 [pid: 7|app: 0|req: 642/1277] 199.19.213.67 () {34 vars in 862 bytes} [Fri Jul 17 17:14:53 2026] GET /allocations/710ab749-912e-408b-ae8e-8287eae4ee2f => generated 245 bytes in 13 msecs (HTTP/1.1 200) 8 headers in 296 bytes (1 switches on core 0)
2026-07-17 17:14:53.931 8 INFO placement.requestlog [req-79fde6bf-915e-44b9-84f3-34a01c836bdf req-b4ad5237-2855-4942-b085-6a432079c8c3 bdb2e30dfcca45cb9c7362c02d93b678 9b1883fa294f4bfab43fba282329c1af - - 5e9c0c43af26453c88be1a57534c75db 5e9c0c43af26453c88be1a57534c75db] 199.19.213.67 "GET /allocations/1d61e507-614b-4746-b48e-76df0204e991" status: 200 len: 258 microversion: 1.28 [pid: 8|app: 0|req: 636/1278] 199.19.213.67 () {34 vars in 862 bytes} [Fri Jul 17 17:14:53 2026] GET /allocations/1d61e507-614b-4746-b48e-76df0204e991 => generated 258 bytes in 13 msecs (HTTP/1.1 200) 8 headers in 296 bytes (1 switches on core 0)
2026-07-17 17:14:53.951 7 INFO placement.requestlog [req-79fde6bf-915e-44b9-84f3-34a01c836bdf req-6856c6b3-fe54-4634-9235-414500ec8861 bdb2e30dfcca45cb9c7362c02d93b678 9b1883fa294f4bfab43fba282329c1af - - 5e9c0c43af26453c88be1a57534c75db 5e9c0c43af26453c88be1a57534c75db] 199.19.213.67 "GET /allocations/9bc6b00a-e363-4c90-9722-464f08562ec1" status: 200 len: 258 microversion: 1.28 [pid: 7|app: 0|req: 643/1279] 199.19.213.67 () {34 vars in 862 bytes} [Fri Jul 17 17:14:53 2026] GET /allocations/9bc6b00a-e363-4c90-9722-464f08562ec1 => generated 258 bytes in 14 msecs (HTTP/1.1 200) 8 headers in 296 bytes (1 switches on core 0)
2026-07-17 17:14:58.329 8 INFO placement.requestlog [None req-b25cb412-e883-45b8-b741-ffcc239e7c04 - - - - - -] 10.0.0.58 "GET /" status: 200 len: 136 microversion: 1.0
2026-07-17 17:14:58.329 7 INFO placement.requestlog [None req-8c6e03d6-8d39-4afa-8d72-df13ed4ef242 - - - - - -] 10.0.0.58 "GET /" status: 200 len: 136 microversion: 1.0
2026-07-17 17:15:08.329 7 INFO placement.requestlog [None req-0ea02f71-a329-40fe-94e5-ae32b002b7b9 - - - - - -] 10.0.0.58 "GET /" status: 200 len: 136 microversion: 1.0
2026-07-17 17:15:08.329 8 INFO placement.requestlog [None req-37ff8dcf-64cd-41b2-a6dd-45c00b45a7dd - - - - - -] 10.0.0.58 "GET /" status: 200 len: 136 microversion: 1.0
2026-07-17 17:15:12.117 8 INFO placement.requestlog [req-a996f528-a277-4db2-bedb-e85a553e945f req-ccbc9ac5-0f21-427e-a5bc-298c753eb039 bdb2e30dfcca45cb9c7362c02d93b678 9b1883fa294f4bfab43fba282329c1af - - 5e9c0c43af26453c88be1a57534c75db 5e9c0c43af26453c88be1a57534c75db] 199.19.213.67 "GET /resource_providers/35a135c7-d7b1-45a0-81f2-ab61dc444a41/allocations" status: 200 len: 340 microversion: 1.0 [pid: 8|app: 0|req: 639/1284] 199.19.213.67 () {32 vars in 856 bytes} [Fri Jul 17 17:15:12 2026] GET /resource_providers/35a135c7-d7b1-45a0-81f2-ab61dc444a41/allocations => generated 340 bytes in 15 msecs (HTTP/1.1 200) 6 headers in 224 bytes (1 switches on core 0)
2026-07-17 17:15:12.136 7 INFO placement.requestlog [req-a996f528-a277-4db2-bedb-e85a553e945f req-935c7524-749b-49d6-827c-8132ef43012b bdb2e30dfcca45cb9c7362c02d93b678 9b1883fa294f4bfab43fba282329c1af - - 5e9c0c43af26453c88be1a57534c75db 5e9c0c43af26453c88be1a57534c75db] 199.19.213.67 "GET /allocations/710ab749-912e-408b-ae8e-8287eae4ee2f" status: 200 len: 245 microversion: 1.28 [pid: 7|app: 0|req: 646/1285] 199.19.213.67 () {34 vars in 862 bytes} [Fri Jul 17 17:15:12 2026] GET /allocations/710ab749-912e-408b-ae8e-8287eae4ee2f => generated 245 bytes in 11 msecs (HTTP/1.1 200) 8 headers in 296 bytes (1 switches on core 0)
2026-07-17 17:15:12.155 8 INFO placement.requestlog [req-a996f528-a277-4db2-bedb-e85a553e945f req-58700ebf-37d4-4a64-8383-8f5a69dc1ba3 bdb2e30dfcca45cb9c7362c02d93b678 9b1883fa294f4bfab43fba282329c1af - - 5e9c0c43af26453c88be1a57534c75db 5e9c0c43af26453c88be1a57534c75db] 199.19.213.67 "GET /allocations/1d61e507-614b-4746-b48e-76df0204e991" status: 200 len: 258 microversion: 1.28 [pid: 8|app: 0|req: 640/1286] 199.19.213.67 () {34 vars in 862 bytes} [Fri Jul 17 17:15:12 2026] GET /allocations/1d61e507-614b-4746-b48e-76df0204e991 => generated 258 bytes in 12 msecs (HTTP/1.1 200) 8 headers in 296 bytes (1 switches on core 0)
2026-07-17 17:15:12.171 7 INFO placement.requestlog [req-a996f528-a277-4db2-bedb-e85a553e945f req-c47c1adf-2275-411a-9a62-8062b49041d7 bdb2e30dfcca45cb9c7362c02d93b678 9b1883fa294f4bfab43fba282329c1af - - 5e9c0c43af26453c88be1a57534c75db 5e9c0c43af26453c88be1a57534c75db] 199.19.213.67 "GET /allocations/9bc6b00a-e363-4c90-9722-464f08562ec1" status: 200 len: 258 microversion: 1.28 [pid: 7|app: 0|req: 647/1287] 199.19.213.67 () {34 vars in 862 bytes} [Fri Jul 17 17:15:12 2026] GET /allocations/9bc6b00a-e363-4c90-9722-464f08562ec1 => generated 258 bytes in 11 msecs (HTTP/1.1 200) 8 headers in 296 bytes (1 switches on core 0)
2026-07-17 17:15:13.229 8 INFO placement.requestlog [req-a996f528-a277-4db2-bedb-e85a553e945f req-ec30399f-c538-44f9-aff1-ee348301b981 bdb2e30dfcca45cb9c7362c02d93b678 9b1883fa294f4bfab43fba282329c1af - - 5e9c0c43af26453c88be1a57534c75db 5e9c0c43af26453c88be1a57534c75db] 199.19.213.67 "DELETE /allocations/710ab749-912e-408b-ae8e-8287eae4ee2f" status: 204 len: 0 microversion: 1.0 [pid: 8|app: 0|req: 641/1288] 199.19.213.67 () {34 vars in 840 bytes} [Fri Jul 17 17:15:13 2026] DELETE /allocations/710ab749-912e-408b-ae8e-8287eae4ee2f => generated 0 bytes in 30 msecs (HTTP/1.1 204) 5 headers in 198 bytes (1 switches on core 0)
2026-07-17 17:15:16.183 7 INFO placement.requestlog [req-b84f6b8a-1546-475d-8ea9-880483c46725 req-4de06791-b74c-43dc-87d0-e77444c5389d bdb2e30dfcca45cb9c7362c02d93b678 9b1883fa294f4bfab43fba282329c1af - - 5e9c0c43af26453c88be1a57534c75db 5e9c0c43af26453c88be1a57534c75db] 199.19.213.67 "GET /resource_providers/35a135c7-d7b1-45a0-81f2-ab61dc444a41/allocations" status: 200 len: 253 microversion: 1.0 [pid: 7|app: 0|req: 648/1289] 199.19.213.67 () {32 vars in 856 bytes} [Fri Jul 17 17:15:16 2026] GET /resource_providers/35a135c7-d7b1-45a0-81f2-ab61dc444a41/allocations => generated 253 bytes in 17 msecs (HTTP/1.1 200) 6 headers in 224 bytes (1 switches on core 0)
2026-07-17 17:15:16.205 8 INFO placement.requestlog [req-b84f6b8a-1546-475d-8ea9-880483c46725 req-424f05f7-3936-47a4-ac05-dceb7917b59f bdb2e30dfcca45cb9c7362c02d93b678 9b1883fa294f4bfab43fba282329c1af - - 5e9c0c43af26453c88be1a57534c75db 5e9c0c43af26453c88be1a57534c75db] 199.19.213.67 "GET /allocations/1d61e507-614b-4746-b48e-76df0204e991" status: 200 len: 258 microversion: 1.28 [pid: 8|app: 0|req: 642/1290] 199.19.213.67 () {34 vars in 862 bytes} [Fri Jul 17 17:15:16 2026] GET /allocations/1d61e507-614b-4746-b48e-76df0204e991 => generated 258 bytes in 17 msecs (HTTP/1.1 200) 8 headers in 296 bytes (1 switches on core 0)
2026-07-17 17:15:16.224 7 INFO placement.requestlog [req-b84f6b8a-1546-475d-8ea9-880483c46725 req-9025fa0b-f2ac-40a5-a215-906196f26364 bdb2e30dfcca45cb9c7362c02d93b678 9b1883fa294f4bfab43fba282329c1af - - 5e9c0c43af26453c88be1a57534c75db 5e9c0c43af26453c88be1a57534c75db] 199.19.213.67 "GET /allocations/9bc6b00a-e363-4c90-9722-464f08562ec1" status: 200 len: 258 microversion: 1.28 [pid: 7|app: 0|req: 649/1291] 199.19.213.67 () {34 vars in 862 bytes} [Fri Jul 17 17:15:16 2026] GET /allocations/9bc6b00a-e363-4c90-9722-464f08562ec1 => generated 258 bytes in 11 msecs (HTTP/1.1 200) 8 headers in 296 bytes (1 switches on core 0)
2026-07-17 17:15:17.280 8 INFO placement.requestlog [req-b84f6b8a-1546-475d-8ea9-880483c46725 req-21c21761-e778-423f-aa81-893ace28d9f7 bdb2e30dfcca45cb9c7362c02d93b678 9b1883fa294f4bfab43fba282329c1af - - 5e9c0c43af26453c88be1a57534c75db 5e9c0c43af26453c88be1a57534c75db] 199.19.213.67 "DELETE /allocations/9bc6b00a-e363-4c90-9722-464f08562ec1" status: 204 len: 0 microversion: 1.0 [pid: 8|app: 0|req: 643/1292] 199.19.213.67 () {34 vars in 840 bytes} [Fri Jul 17 17:15:17 2026] DELETE /allocations/9bc6b00a-e363-4c90-9722-464f08562ec1 => generated 0 bytes in 29 msecs (HTTP/1.1 204) 5 headers in 198 bytes (1 switches on core 0)
2026-07-17 17:15:18.328 7 INFO placement.requestlog [None req-9db8a555-133e-4985-b182-6dc3790e4036 - - - - - -] 10.0.0.58 "GET /" status: 200 len: 136 microversion: 1.0
2026-07-17 17:15:18.329 8 INFO placement.requestlog [None req-5c368dc7-b013-47f2-bd5c-b3a63b434c53 - - - - - -] 10.0.0.58 "GET /" status: 200 len: 136 microversion: 1.0
2026-07-17 17:15:27.443 7 INFO placement.requestlog [req-fd8fe3d3-c4cf-4f5f-a8e5-39d237dd7d73 req-c76e1937-5778-4adb-9466-29ed7f19b08e bdb2e30dfcca45cb9c7362c02d93b678 9b1883fa294f4bfab43fba282329c1af - - 5e9c0c43af26453c88be1a57534c75db 5e9c0c43af26453c88be1a57534c75db] 199.19.213.67 "GET /resource_providers/35a135c7-d7b1-45a0-81f2-ab61dc444a41/allocations" status: 200 len: 153 microversion: 1.0 [pid: 7|app: 0|req: 651/1295] 199.19.213.67 () {32 vars in 856 bytes} [Fri Jul 17 17:15:27 2026] GET /resource_providers/35a135c7-d7b1-45a0-81f2-ab61dc444a41/allocations => generated 153 bytes in 26 msecs (HTTP/1.1 200) 6 headers in 224 bytes (1 switches on core 0)
2026-07-17 17:15:27.465 8 INFO placement.requestlog [req-fd8fe3d3-c4cf-4f5f-a8e5-39d237dd7d73 req-88dd3c4f-db26-4997-8bed-4b6239dfb6f5 bdb2e30dfcca45cb9c7362c02d93b678 9b1883fa294f4bfab43fba282329c1af - - 5e9c0c43af26453c88be1a57534c75db 5e9c0c43af26453c88be1a57534c75db] 199.19.213.67 "GET /allocations/1d61e507-614b-4746-b48e-76df0204e991" status: 200 len: 258 microversion: 1.28 [pid: 8|app: 0|req: 645/1296] 199.19.213.67 () {34 vars in 862 bytes} [Fri Jul 17 17:15:27 2026] GET /allocations/1d61e507-614b-4746-b48e-76df0204e991 => generated 258 bytes in 14 msecs (HTTP/1.1 200) 8 headers in 296 bytes (1 switches on core 0)
2026-07-17 17:15:28.328 7 INFO placement.requestlog [None req-48fbcf74-0a6f-4286-a24b-30ebe2c3d72e - - - - - -] 10.0.0.58 "GET /" status: 200 len: 136 microversion: 1.0
2026-07-17 17:15:28.328 8 INFO placement.requestlog [None req-24709ddc-081e-4dc6-bf6a-5e68b2b97e1f - - - - - -] 10.0.0.58 "GET /" status: 200 len: 136 microversion: 1.0
2026-07-17 17:15:28.516 7 INFO placement.requestlog [req-fd8fe3d3-c4cf-4f5f-a8e5-39d237dd7d73 req-830cace0-cb69-454e-bc95-9648a8f672fd bdb2e30dfcca45cb9c7362c02d93b678 9b1883fa294f4bfab43fba282329c1af - - 5e9c0c43af26453c88be1a57534c75db 5e9c0c43af26453c88be1a57534c75db] 199.19.213.67 "DELETE /allocations/1d61e507-614b-4746-b48e-76df0204e991" status: 204 len: 0 microversion: 1.0 [pid: 7|app: 0|req: 653/1299] 199.19.213.67 () {34 vars in 840 bytes} [Fri Jul 17 17:15:28 2026] DELETE /allocations/1d61e507-614b-4746-b48e-76df0204e991 => generated 0 bytes in 28 msecs (HTTP/1.1 204) 5 headers in 198 bytes (1 switches on core 0)
2026-07-17 17:15:38.329 8 INFO placement.requestlog [None req-569e1662-ff43-4013-9ada-4cb2ab367a4f - - - - - -] 10.0.0.58 "GET /" status: 200 len: 136 microversion: 1.0
2026-07-17 17:15:38.330 7 INFO placement.requestlog [None req-042c65cd-e32a-483f-a705-1ac467211943 - - - - - -] 10.0.0.58 "GET /" status: 200 len: 136 microversion: 1.0
2026-07-17 17:15:38.838 8 INFO placement.requestlog [None req-b03bbbf7-d62f-4ed1-a588-962e11c601ff 936aaf4c883c429f8d87fa90f84e9d94 9b1883fa294f4bfab43fba282329c1af - - 5e9c0c43af26453c88be1a57534c75db 5e9c0c43af26453c88be1a57534c75db] 10.0.0.9 "GET /resource_providers/736571df-7b69-4188-b7ea-6e4d05496ed4/aggregates" status: 404 len: 235 microversion: 1.1 [pid: 8|app: 0|req: 648/1302] 10.0.0.9 () {32 vars in 814 bytes} [Fri Jul 17 17:15:38 2026] GET /resource_providers/736571df-7b69-4188-b7ea-6e4d05496ed4/aggregates => generated 235 bytes in 10 msecs (HTTP/1.1 404) 5 headers in 202 bytes (1 switches on core 0)
2026-07-17 17:15:38.840 7 INFO placement.requestlog [None req-c3bf63da-7b97-40a5-9ccf-6d79e2166cdf 936aaf4c883c429f8d87fa90f84e9d94 9b1883fa294f4bfab43fba282329c1af - - 5e9c0c43af26453c88be1a57534c75db 5e9c0c43af26453c88be1a57534c75db] 10.0.0.9 "GET /resource_providers/736571df-7b69-4188-b7ea-6e4d05496ed4/aggregates" status: 404 len: 235 microversion: 1.1 [pid: 7|app: 0|req: 655/1303] 10.0.0.9 () {32 vars in 814 bytes} [Fri Jul 17 17:15:38 2026] GET /resource_providers/736571df-7b69-4188-b7ea-6e4d05496ed4/aggregates => generated 235 bytes in 8 msecs (HTTP/1.1 404) 5 headers in 202 bytes (1 switches on core 0)
2026-07-17 17:15:38.860 7 INFO placement.requestlog [None req-5a2ddb33-cea4-4c40-9c00-a8c93551018b 936aaf4c883c429f8d87fa90f84e9d94 9b1883fa294f4bfab43fba282329c1af - - 5e9c0c43af26453c88be1a57534c75db 5e9c0c43af26453c88be1a57534c75db] 10.0.0.9 "DELETE /resource_providers/736571df-7b69-4188-b7ea-6e4d05496ed4" status: 404 len: 246 microversion: 1.1 [pid: 7|app: 0|req: 656/1304] 10.0.0.9 () {34 vars in 814 bytes} [Fri Jul 17 17:15:38 2026] DELETE /resource_providers/736571df-7b69-4188-b7ea-6e4d05496ed4 => generated 246 bytes in 8 msecs (HTTP/1.1 404) 6 headers in 231 bytes (1 switches on core 0)
2026-07-17 17:15:38.860 8 INFO placement.requestlog [None req-70d3995c-ba61-46da-9179-97b79d5a4395 936aaf4c883c429f8d87fa90f84e9d94 9b1883fa294f4bfab43fba282329c1af - - 5e9c0c43af26453c88be1a57534c75db 5e9c0c43af26453c88be1a57534c75db] 10.0.0.9 "DELETE /resource_providers/736571df-7b69-4188-b7ea-6e4d05496ed4" status: 404 len: 246 microversion: 1.1 [pid: 8|app: 0|req: 649/1305] 10.0.0.9 () {34 vars in 814 bytes} [Fri Jul 17 17:15:38 2026] DELETE /resource_providers/736571df-7b69-4188-b7ea-6e4d05496ed4 => generated 246 bytes in 10 msecs (HTTP/1.1 404) 6 headers in 231 bytes (1 switches on core 0)
2026-07-17 17:15:40.891 7 INFO placement.requestlog [None req-0a4b2435-c46d-4162-b68a-4d3eae618a33 936aaf4c883c429f8d87fa90f84e9d94 9b1883fa294f4bfab43fba282329c1af - - 5e9c0c43af26453c88be1a57534c75db 5e9c0c43af26453c88be1a57534c75db] 10.0.0.9 "GET /resource_providers/fabcd665-55a9-4ee6-8e34-03b8a2f7885f/aggregates" status: 404 len: 235 microversion: 1.1 [pid: 7|app: 0|req: 657/1306] 10.0.0.9 () {32 vars in 814 bytes} [Fri Jul 17 17:15:40 2026] GET /resource_providers/fabcd665-55a9-4ee6-8e34-03b8a2f7885f/aggregates => generated 235 bytes in 11 msecs (HTTP/1.1 404) 5 headers in 202 bytes (1 switches on core 0)
2026-07-17 17:15:40.892 8 INFO placement.requestlog [None req-e1a1c1bd-0735-40d8-826f-3844c9810ffb 936aaf4c883c429f8d87fa90f84e9d94 9b1883fa294f4bfab43fba282329c1af - - 5e9c0c43af26453c88be1a57534c75db 5e9c0c43af26453c88be1a57534c75db] 10.0.0.9 "GET /resource_providers/fabcd665-55a9-4ee6-8e34-03b8a2f7885f/aggregates" status: 404 len: 235 microversion: 1.1 [pid: 8|app: 0|req: 650/1307] 10.0.0.9 () {32 vars in 814 bytes} [Fri Jul 17 17:15:40 2026] GET /resource_providers/fabcd665-55a9-4ee6-8e34-03b8a2f7885f/aggregates => generated 235 bytes in 11 msecs (HTTP/1.1 404) 5 headers in 202 bytes (1 switches on core 0)
2026-07-17 17:15:40.911 8 INFO placement.requestlog [None req-04f45e87-bee1-4bbc-8472-73ec4bbf7116 936aaf4c883c429f8d87fa90f84e9d94 9b1883fa294f4bfab43fba282329c1af - - 5e9c0c43af26453c88be1a57534c75db 5e9c0c43af26453c88be1a57534c75db] 10.0.0.9 "DELETE /resource_providers/fabcd665-55a9-4ee6-8e34-03b8a2f7885f" status: 404 len: 246 microversion: 1.1 [pid: 8|app: 0|req: 651/1308] 10.0.0.9 () {34 vars in 814 bytes} [Fri Jul 17 17:15:40 2026] DELETE /resource_providers/fabcd665-55a9-4ee6-8e34-03b8a2f7885f => generated 246 bytes in 6 msecs (HTTP/1.1 404) 6 headers in 231 bytes (1 switches on core 0)
2026-07-17 17:15:40.919 7 INFO placement.requestlog [None req-a9c2358c-91b1-4389-b08b-115a19a2c55c 936aaf4c883c429f8d87fa90f84e9d94 9b1883fa294f4bfab43fba282329c1af - - 5e9c0c43af26453c88be1a57534c75db 5e9c0c43af26453c88be1a57534c75db] 10.0.0.9 "DELETE /resource_providers/fabcd665-55a9-4ee6-8e34-03b8a2f7885f" status: 404 len: 246 microversion: 1.1 [pid: 7|app: 0|req: 658/1309] 10.0.0.9 () {34 vars in 814 bytes} [Fri Jul 17 17:15:40 2026] DELETE /resource_providers/fabcd665-55a9-4ee6-8e34-03b8a2f7885f => generated 246 bytes in 14 msecs (HTTP/1.1 404) 6 headers in 231 bytes (1 switches on core 0)
2026-07-17 17:15:40.924 8 INFO placement.requestlog [None req-84e9bf14-89ee-4aa3-b409-0a469fce9ef4 936aaf4c883c429f8d87fa90f84e9d94 9b1883fa294f4bfab43fba282329c1af - - 5e9c0c43af26453c88be1a57534c75db 5e9c0c43af26453c88be1a57534c75db] 10.0.0.9 "GET /resource_providers/ffa8e882-33ab-4c61-96bb-4364ed4183b4/aggregates" status: 404 len: 235 microversion: 1.1 [pid: 8|app: 0|req: 652/1310] 10.0.0.9 () {32 vars in 814 bytes} [Fri Jul 17 17:15:40 2026] GET /resource_providers/ffa8e882-33ab-4c61-96bb-4364ed4183b4/aggregates => generated 235 bytes in 5 msecs (HTTP/1.1 404) 5 headers in 202 bytes (1 switches on core 0)
2026-07-17 17:15:40.940 7 INFO placement.requestlog [None req-88254fc5-cf8a-4986-a082-7345d1e9ddad 936aaf4c883c429f8d87fa90f84e9d94 9b1883fa294f4bfab43fba282329c1af - - 5e9c0c43af26453c88be1a57534c75db 5e9c0c43af26453c88be1a57534c75db] 10.0.0.9 "GET /resource_providers/ffa8e882-33ab-4c61-96bb-4364ed4183b4/aggregates" status: 404 len: 235 microversion: 1.1 [pid: 7|app: 0|req: 659/1311] 10.0.0.9 () {32 vars in 814 bytes} [Fri Jul 17 17:15:40 2026] GET /resource_providers/ffa8e882-33ab-4c61-96bb-4364ed4183b4/aggregates => generated 235 bytes in 8 msecs (HTTP/1.1 404) 5 headers in 202 bytes (1 switches on core 0)
2026-07-17 17:15:40.948 8 INFO placement.requestlog [None req-b1b677ea-b1d3-4c77-b6f1-e9eb7aaeff98 936aaf4c883c429f8d87fa90f84e9d94 9b1883fa294f4bfab43fba282329c1af - - 5e9c0c43af26453c88be1a57534c75db 5e9c0c43af26453c88be1a57534c75db] 10.0.0.9 "DELETE /resource_providers/ffa8e882-33ab-4c61-96bb-4364ed4183b4" status: 404 len: 246 microversion: 1.1 [pid: 8|app: 0|req: 653/1312] 10.0.0.9 () {34 vars in 814 bytes} [Fri Jul 17 17:15:40 2026] DELETE /resource_providers/ffa8e882-33ab-4c61-96bb-4364ed4183b4 => generated 246 bytes in 10 msecs (HTTP/1.1 404) 6 headers in 231 bytes (1 switches on core 0)
2026-07-17 17:15:40.955 7 INFO placement.requestlog [None req-108fb217-743d-4faa-ad71-979794a8a69f 936aaf4c883c429f8d87fa90f84e9d94 9b1883fa294f4bfab43fba282329c1af - - 5e9c0c43af26453c88be1a57534c75db 5e9c0c43af26453c88be1a57534c75db] 10.0.0.9 "DELETE /resource_providers/ffa8e882-33ab-4c61-96bb-4364ed4183b4" status: 404 len: 246 microversion: 1.1 [pid: 7|app: 0|req: 660/1313] 10.0.0.9 () {34 vars in 814 bytes} [Fri Jul 17 17:15:40 2026] DELETE /resource_providers/ffa8e882-33ab-4c61-96bb-4364ed4183b4 => generated 246 bytes in 8 msecs (HTTP/1.1 404) 6 headers in 231 bytes (1 switches on core 0)
2026-07-17 17:15:42.967 8 INFO placement.requestlog [None req-74e6934b-ac8b-4be9-b015-d40cf72c48a9 936aaf4c883c429f8d87fa90f84e9d94 9b1883fa294f4bfab43fba282329c1af - - 5e9c0c43af26453c88be1a57534c75db 5e9c0c43af26453c88be1a57534c75db] 10.0.0.9 "GET /resource_providers/2fc9a2db-ba0c-4f30-864c-2cc7e1896df6/aggregates" status: 404 len: 235 microversion: 1.1 [pid: 8|app: 0|req: 654/1314] 10.0.0.9 () {32 vars in 814 bytes} [Fri Jul 17 17:15:42 2026] GET /resource_providers/2fc9a2db-ba0c-4f30-864c-2cc7e1896df6/aggregates => generated 235 bytes in 10 msecs (HTTP/1.1 404) 5 headers in 202 bytes (1 switches on core 0)
2026-07-17 17:15:42.980 7 INFO placement.requestlog [None req-95f96a01-49fa-48c1-a7a3-e70e7dedd5e9 936aaf4c883c429f8d87fa90f84e9d94 9b1883fa294f4bfab43fba282329c1af - - 5e9c0c43af26453c88be1a57534c75db 5e9c0c43af26453c88be1a57534c75db] 10.0.0.9 "GET /resource_providers/2fc9a2db-ba0c-4f30-864c-2cc7e1896df6/aggregates" status: 404 len: 235 microversion: 1.1 [pid: 7|app: 0|req: 661/1315] 10.0.0.9 () {32 vars in 814 bytes} [Fri Jul 17 17:15:42 2026] GET /resource_providers/2fc9a2db-ba0c-4f30-864c-2cc7e1896df6/aggregates => generated 235 bytes in 12 msecs (HTTP/1.1 404) 5 headers in 202 bytes (1 switches on core 0)
2026-07-17 17:15:42.989 8 INFO placement.requestlog [None req-961b3431-fbd1-4220-a4d0-797f3d0eabc7 936aaf4c883c429f8d87fa90f84e9d94 9b1883fa294f4bfab43fba282329c1af - - 5e9c0c43af26453c88be1a57534c75db 5e9c0c43af26453c88be1a57534c75db] 10.0.0.9 "DELETE /resource_providers/2fc9a2db-ba0c-4f30-864c-2cc7e1896df6" status: 404 len: 246 microversion: 1.1 [pid: 8|app: 0|req: 655/1316] 10.0.0.9 () {34 vars in 814 bytes} [Fri Jul 17 17:15:42 2026] DELETE /resource_providers/2fc9a2db-ba0c-4f30-864c-2cc7e1896df6 => generated 246 bytes in 9 msecs (HTTP/1.1 404) 6 headers in 231 bytes (1 switches on core 0)
2026-07-17 17:15:42.994 7 INFO placement.requestlog [None req-fbbc837c-45a1-4b5f-a3b5-92ed76e4319b 936aaf4c883c429f8d87fa90f84e9d94 9b1883fa294f4bfab43fba282329c1af - - 5e9c0c43af26453c88be1a57534c75db 5e9c0c43af26453c88be1a57534c75db] 10.0.0.9 "DELETE /resource_providers/2fc9a2db-ba0c-4f30-864c-2cc7e1896df6" status: 404 len: 246 microversion: 1.1 [pid: 7|app: 0|req: 662/1317] 10.0.0.9 () {34 vars in 814 bytes} [Fri Jul 17 17:15:42 2026] DELETE /resource_providers/2fc9a2db-ba0c-4f30-864c-2cc7e1896df6 => generated 246 bytes in 7 msecs (HTTP/1.1 404) 6 headers in 231 bytes (1 switches on core 0)
2026-07-17 17:15:48.329 8 INFO placement.requestlog [None req-6e2a8d6f-6740-4b58-9e49-736ee7e3aab2 - - - - - -] 10.0.0.58 "GET /" status: 200 len: 136 microversion: 1.0
2026-07-17 17:15:48.331 7 INFO placement.requestlog [None req-d219b903-a74d-4cc2-bdee-6d95043a316a - - - - - -] 10.0.0.58 "GET /" status: 200 len: 136 microversion: 1.0
2026-07-17 17:15:52.371 8 INFO placement.requestlog [req-fed6506d-72f4-4ecf-9f68-1e2d2f46bdd0 req-c96e6fc3-3108-4b96-8a20-ea30520e63ac bdb2e30dfcca45cb9c7362c02d93b678 9b1883fa294f4bfab43fba282329c1af - - 5e9c0c43af26453c88be1a57534c75db 5e9c0c43af26453c88be1a57534c75db] 199.19.213.67 "GET /resource_providers/35a135c7-d7b1-45a0-81f2-ab61dc444a41/allocations" status: 200 len: 55 microversion: 1.0 [pid: 8|app: 0|req: 657/1320] 199.19.213.67 () {32 vars in 856 bytes} [Fri Jul 17 17:15:52 2026] GET /resource_providers/35a135c7-d7b1-45a0-81f2-ab61dc444a41/allocations => generated 55 bytes in 23 msecs (HTTP/1.1 200) 6 headers in 223 bytes (1 switches on core 0)
2026-07-17 17:15:52.392 7 INFO placement.requestlog [req-fed6506d-72f4-4ecf-9f68-1e2d2f46bdd0 req-bcc2622d-ca87-4a58-affa-bd39577d6680 bdb2e30dfcca45cb9c7362c02d93b678 9b1883fa294f4bfab43fba282329c1af - - 5e9c0c43af26453c88be1a57534c75db 5e9c0c43af26453c88be1a57534c75db] 199.19.213.67 "GET /resource_providers/35a135c7-d7b1-45a0-81f2-ab61dc444a41/allocations" status: 200 len: 55 microversion: 1.0 [pid: 7|app: 0|req: 664/1321] 199.19.213.67 () {32 vars in 856 bytes} [Fri Jul 17 17:15:52 2026] GET /resource_providers/35a135c7-d7b1-45a0-81f2-ab61dc444a41/allocations => generated 55 bytes in 13 msecs (HTTP/1.1 200) 6 headers in 223 bytes (1 switches on core 0)
2026-07-17 17:15:58.330 8 INFO placement.requestlog [None req-2f2384e2-7d1f-441f-a564-e89d6ce4f724 - - - - - -] 10.0.0.58 "GET /" status: 200 len: 136 microversion: 1.0
2026-07-17 17:15:58.330 7 INFO placement.requestlog [None req-78b1531c-98a3-430a-a3a7-de9c4f391c52 - - - - - -] 10.0.0.58 "GET /" status: 200 len: 136 microversion: 1.0
2026-07-17 17:16:08.329 8 INFO placement.requestlog [None req-cd0090cf-cf41-490a-b18e-c596251af1ef - - - - - -] 10.0.0.58 "GET /" status: 200 len: 136 microversion: 1.0
2026-07-17 17:16:08.329 7 INFO placement.requestlog [None req-6286985b-ef81-456a-bd8c-f685638b07a3 - - - - - -] 10.0.0.58 "GET /" status: 200 len: 136 microversion: 1.0
2026-07-17 17:16:18.329 7 INFO placement.requestlog [None req-ab1bd05a-4035-44c1-bb19-eb6276223f57 - - - - - -] 10.0.0.58 "GET /" status: 200 len: 136 microversion: 1.0
2026-07-17 17:16:18.329 8 INFO placement.requestlog [None req-c01f1c79-83d1-4b23-ad9d-24ef02a1564b - - - - - -] 10.0.0.58 "GET /" status: 200 len: 136 microversion: 1.0
2026-07-17 17:16:28.328 7 INFO placement.requestlog [None req-66da87a8-17a3-4599-b5da-b96b22cb552e - - - - - -] 10.0.0.58 "GET /" status: 200 len: 136 microversion: 1.0
2026-07-17 17:16:28.331 8 INFO placement.requestlog [None req-c97a5254-3ae9-45ae-bec8-32fe3f82fab3 - - - - - -] 10.0.0.58 "GET /" status: 200 len: 136 microversion: 1.0
2026-07-17 17:16:38.329 7 INFO placement.requestlog [None req-cdd74079-b0ee-4234-8e2f-3741da839f26 - - - - - -] 10.0.0.58 "GET /" status: 200 len: 136 microversion: 1.0
2026-07-17 17:16:38.329 8 INFO placement.requestlog [None req-17d143db-3e1e-4937-8ef7-3e4654594fdf - - - - - -] 10.0.0.58 "GET /" status: 200 len: 136 microversion: 1.0
2026-07-17 17:16:48.329 8 INFO placement.requestlog [None req-260260af-ebe5-460c-9e74-79121ff35fa0 - - - - - -] 10.0.0.58 "GET /" status: 200 len: 136 microversion: 1.0
2026-07-17 17:16:48.329 7 INFO placement.requestlog [None req-332286dd-07fc-4fc3-a675-4524984ed96f - - - - - -] 10.0.0.58 "GET /" status: 200 len: 136 microversion: 1.0
2026-07-17 17:16:52.717 8 INFO placement.requestlog [req-8e14eee0-9b0e-4a6d-ad23-0caf75eba3d3 req-3ab9c856-daab-4429-b1e0-c6284e3b414c bdb2e30dfcca45cb9c7362c02d93b678 9b1883fa294f4bfab43fba282329c1af - - 5e9c0c43af26453c88be1a57534c75db 5e9c0c43af26453c88be1a57534c75db] 199.19.213.67 "GET /resource_providers/35a135c7-d7b1-45a0-81f2-ab61dc444a41/allocations" status: 200 len: 55 microversion: 1.0 [pid: 8|app: 0|req: 664/1334] 199.19.213.67 () {32 vars in 856 bytes} [Fri Jul 17 17:16:52 2026] GET /resource_providers/35a135c7-d7b1-45a0-81f2-ab61dc444a41/allocations => generated 55 bytes in 23 msecs (HTTP/1.1 200) 6 headers in 223 bytes (1 switches on core 0)
2026-07-17 17:16:52.741 7 INFO placement.requestlog [req-8e14eee0-9b0e-4a6d-ad23-0caf75eba3d3 req-fb8fb602-a776-48c3-8a61-f770b0796d74 bdb2e30dfcca45cb9c7362c02d93b678 9b1883fa294f4bfab43fba282329c1af - - 5e9c0c43af26453c88be1a57534c75db 5e9c0c43af26453c88be1a57534c75db] 199.19.213.67 "GET /resource_providers/35a135c7-d7b1-45a0-81f2-ab61dc444a41/allocations" status: 200 len: 55 microversion: 1.0 [pid: 7|app: 0|req: 671/1335] 199.19.213.67 () {32 vars in 856 bytes} [Fri Jul 17 17:16:52 2026] GET /resource_providers/35a135c7-d7b1-45a0-81f2-ab61dc444a41/allocations => generated 55 bytes in 15 msecs (HTTP/1.1 200) 6 headers in 223 bytes (1 switches on core 0)
2026-07-17 17:16:58.333 8 INFO placement.requestlog [None req-5ab33d7a-547d-49e8-aff6-4bb2777cd666 - - - - - -] 10.0.0.58 "GET /" status: 200 len: 136 microversion: 1.0
