2026-07-17 17:08:38.096 7 INFO placement.requestlog [None req-b7ff4e44-43a2-4a46-8029-35faed48a67e 936aaf4c883c429f8d87fa90f84e9d94 9b1883fa294f4bfab43fba282329c1af - - 5e9c0c43af26453c88be1a57534c75db 5e9c0c43af26453c88be1a57534c75db] 10.0.0.9 "DELETE /resource_providers/46ded24c-2225-4897-9350-78fea0fb217f" status: 404 len: 246 microversion: 1.1 [pid: 7|app: 0|req: 432/863] 10.0.0.9 () {34 vars in 814 bytes} [Fri Jul 17 17:08:38 2026] DELETE /resource_providers/46ded24c-2225-4897-9350-78fea0fb217f => generated 246 bytes in 14 msecs (HTTP/1.1 404) 6 headers in 231 bytes (1 switches on core 0)
2026-07-17 17:08:38.331 7 INFO placement.requestlog [None req-f3d9e700-f57d-4e72-ae96-f54de00f6c6a - - - - - -] 10.0.0.58 "GET /" status: 200 len: 136 microversion: 1.0
2026-07-17 17:08:38.337 8 INFO placement.requestlog [None req-da950b1e-ba4b-4183-ab38-5af4346a0afb - - - - - -] 10.0.0.58 "GET /" status: 200 len: 136 microversion: 1.0
2026-07-17 17:08:38.783 8 INFO placement.requestlog [None req-fcdb9a68-2097-4b08-b488-00b7ab28a7f8 936aaf4c883c429f8d87fa90f84e9d94 9b1883fa294f4bfab43fba282329c1af - - 5e9c0c43af26453c88be1a57534c75db 5e9c0c43af26453c88be1a57534c75db] 10.0.0.9 "GET /resource_providers/dfb3c59c-e159-41c8-a0a5-7f1479a30e20/aggregates" status: 404 len: 235 microversion: 1.1 [pid: 8|app: 0|req: 433/866] 10.0.0.9 () {32 vars in 814 bytes} [Fri Jul 17 17:08:38 2026] GET /resource_providers/dfb3c59c-e159-41c8-a0a5-7f1479a30e20/aggregates => generated 235 bytes in 9 msecs (HTTP/1.1 404) 5 headers in 202 bytes (1 switches on core 0)
2026-07-17 17:08:38.785 7 INFO placement.requestlog [None req-11ccd711-6a09-4f81-a0d6-54541193b7b2 936aaf4c883c429f8d87fa90f84e9d94 9b1883fa294f4bfab43fba282329c1af - - 5e9c0c43af26453c88be1a57534c75db 5e9c0c43af26453c88be1a57534c75db] 10.0.0.9 "GET /resource_providers/dfb3c59c-e159-41c8-a0a5-7f1479a30e20/aggregates" status: 404 len: 235 microversion: 1.1 [pid: 7|app: 0|req: 434/867] 10.0.0.9 () {32 vars in 814 bytes} [Fri Jul 17 17:08:38 2026] GET /resource_providers/dfb3c59c-e159-41c8-a0a5-7f1479a30e20/aggregates => generated 235 bytes in 11 msecs (HTTP/1.1 404) 5 headers in 202 bytes (1 switches on core 0)
2026-07-17 17:08:38.803 8 INFO placement.requestlog [None req-ecac9687-8a0b-4211-8364-7fc97c3237dd 936aaf4c883c429f8d87fa90f84e9d94 9b1883fa294f4bfab43fba282329c1af - - 5e9c0c43af26453c88be1a57534c75db 5e9c0c43af26453c88be1a57534c75db] 10.0.0.9 "DELETE /resource_providers/dfb3c59c-e159-41c8-a0a5-7f1479a30e20" status: 404 len: 246 microversion: 1.1 [pid: 8|app: 0|req: 434/868] 10.0.0.9 () {34 vars in 814 bytes} [Fri Jul 17 17:08:38 2026] DELETE /resource_providers/dfb3c59c-e159-41c8-a0a5-7f1479a30e20 => generated 246 bytes in 7 msecs (HTTP/1.1 404) 6 headers in 231 bytes (1 switches on core 0)
2026-07-17 17:08:38.810 7 INFO placement.requestlog [None req-1842ec8c-32e9-46cf-94b4-b37ffa897773 936aaf4c883c429f8d87fa90f84e9d94 9b1883fa294f4bfab43fba282329c1af - - 5e9c0c43af26453c88be1a57534c75db 5e9c0c43af26453c88be1a57534c75db] 10.0.0.9 "DELETE /resource_providers/dfb3c59c-e159-41c8-a0a5-7f1479a30e20" status: 404 len: 246 microversion: 1.1 [pid: 7|app: 0|req: 435/869] 10.0.0.9 () {34 vars in 814 bytes} [Fri Jul 17 17:08:38 2026] DELETE /resource_providers/dfb3c59c-e159-41c8-a0a5-7f1479a30e20 => generated 246 bytes in 10 msecs (HTTP/1.1 404) 6 headers in 231 bytes (1 switches on core 0)
2026-07-17 17:08:40.102 8 INFO placement.requestlog [None req-e3d86662-9002-44c4-bb66-1b212685223b 936aaf4c883c429f8d87fa90f84e9d94 9b1883fa294f4bfab43fba282329c1af - - 5e9c0c43af26453c88be1a57534c75db 5e9c0c43af26453c88be1a57534c75db] 10.0.0.9 "GET /resource_providers/5c4d55a4-0b1a-4ff0-a277-64b96ad4fc01/aggregates" status: 404 len: 235 microversion: 1.1 [pid: 8|app: 0|req: 435/870] 10.0.0.9 () {32 vars in 814 bytes} [Fri Jul 17 17:08:40 2026] GET /resource_providers/5c4d55a4-0b1a-4ff0-a277-64b96ad4fc01/aggregates => generated 235 bytes in 26 msecs (HTTP/1.1 404) 5 headers in 202 bytes (1 switches on core 0)
2026-07-17 17:08:40.123 8 INFO placement.requestlog [None req-e6321770-1e8f-4354-915f-4fac965ebfbc 936aaf4c883c429f8d87fa90f84e9d94 9b1883fa294f4bfab43fba282329c1af - - 5e9c0c43af26453c88be1a57534c75db 5e9c0c43af26453c88be1a57534c75db] 10.0.0.9 "DELETE /resource_providers/5c4d55a4-0b1a-4ff0-a277-64b96ad4fc01" status: 404 len: 246 microversion: 1.1 [pid: 8|app: 0|req: 436/871] 10.0.0.9 () {34 vars in 814 bytes} [Fri Jul 17 17:08:40 2026] DELETE /resource_providers/5c4d55a4-0b1a-4ff0-a277-64b96ad4fc01 => generated 246 bytes in 9 msecs (HTTP/1.1 404) 6 headers in 231 bytes (1 switches on core 0)
2026-07-17 17:08:40.136 7 INFO placement.requestlog [None req-15798108-0dc2-4563-b005-0f70b20b0cac 936aaf4c883c429f8d87fa90f84e9d94 9b1883fa294f4bfab43fba282329c1af - - 5e9c0c43af26453c88be1a57534c75db 5e9c0c43af26453c88be1a57534c75db] 10.0.0.9 "GET /resource_providers/5c4d55a4-0b1a-4ff0-a277-64b96ad4fc01/aggregates" status: 404 len: 235 microversion: 1.1 [pid: 7|app: 0|req: 436/872] 10.0.0.9 () {32 vars in 814 bytes} [Fri Jul 17 17:08:40 2026] GET /resource_providers/5c4d55a4-0b1a-4ff0-a277-64b96ad4fc01/aggregates => generated 235 bytes in 22 msecs (HTTP/1.1 404) 5 headers in 202 bytes (1 switches on core 0)
2026-07-17 17:08:40.156 8 INFO placement.requestlog [None req-f15809ee-6893-488c-8935-d88ae4380950 936aaf4c883c429f8d87fa90f84e9d94 9b1883fa294f4bfab43fba282329c1af - - 5e9c0c43af26453c88be1a57534c75db 5e9c0c43af26453c88be1a57534c75db] 10.0.0.9 "DELETE /resource_providers/5c4d55a4-0b1a-4ff0-a277-64b96ad4fc01" status: 404 len: 246 microversion: 1.1 [pid: 8|app: 0|req: 437/873] 10.0.0.9 () {34 vars in 814 bytes} [Fri Jul 17 17:08:40 2026] DELETE /resource_providers/5c4d55a4-0b1a-4ff0-a277-64b96ad4fc01 => generated 246 bytes in 11 msecs (HTTP/1.1 404) 6 headers in 231 bytes (1 switches on core 0)
2026-07-17 17:08:40.826 7 INFO placement.requestlog [None req-8824d494-ca70-4d60-b9b9-5daade9c0d18 936aaf4c883c429f8d87fa90f84e9d94 9b1883fa294f4bfab43fba282329c1af - - 5e9c0c43af26453c88be1a57534c75db 5e9c0c43af26453c88be1a57534c75db] 10.0.0.9 "GET /resource_providers/ec16437e-c8ba-416e-8505-6e07988db3c6/aggregates" status: 404 len: 235 microversion: 1.1 [pid: 7|app: 0|req: 437/874] 10.0.0.9 () {32 vars in 814 bytes} [Fri Jul 17 17:08:40 2026] GET /resource_providers/ec16437e-c8ba-416e-8505-6e07988db3c6/aggregates => generated 235 bytes in 8 msecs (HTTP/1.1 404) 5 headers in 202 bytes (1 switches on core 0)
2026-07-17 17:08:40.830 8 INFO placement.requestlog [None req-9a98e8b7-8204-4cfe-9206-faf1b9c5d0a9 936aaf4c883c429f8d87fa90f84e9d94 9b1883fa294f4bfab43fba282329c1af - - 5e9c0c43af26453c88be1a57534c75db 5e9c0c43af26453c88be1a57534c75db] 10.0.0.9 "GET /resource_providers/ec16437e-c8ba-416e-8505-6e07988db3c6/aggregates" status: 404 len: 235 microversion: 1.1 [pid: 8|app: 0|req: 438/875] 10.0.0.9 () {32 vars in 814 bytes} [Fri Jul 17 17:08:40 2026] GET /resource_providers/ec16437e-c8ba-416e-8505-6e07988db3c6/aggregates => generated 235 bytes in 10 msecs (HTTP/1.1 404) 5 headers in 202 bytes (1 switches on core 0)
2026-07-17 17:08:40.847 7 INFO placement.requestlog [None req-b7670429-c546-43af-aef9-576c8a20e57d 936aaf4c883c429f8d87fa90f84e9d94 9b1883fa294f4bfab43fba282329c1af - - 5e9c0c43af26453c88be1a57534c75db 5e9c0c43af26453c88be1a57534c75db] 10.0.0.9 "DELETE /resource_providers/ec16437e-c8ba-416e-8505-6e07988db3c6" status: 404 len: 246 microversion: 1.1 [pid: 7|app: 0|req: 438/876] 10.0.0.9 () {34 vars in 814 bytes} [Fri Jul 17 17:08:40 2026] DELETE /resource_providers/ec16437e-c8ba-416e-8505-6e07988db3c6 => generated 246 bytes in 9 msecs (HTTP/1.1 404) 6 headers in 231 bytes (1 switches on core 0)
2026-07-17 17:08:40.853 8 INFO placement.requestlog [None req-0807059c-710b-4f43-adfc-7f632510b202 936aaf4c883c429f8d87fa90f84e9d94 9b1883fa294f4bfab43fba282329c1af - - 5e9c0c43af26453c88be1a57534c75db 5e9c0c43af26453c88be1a57534c75db] 10.0.0.9 "DELETE /resource_providers/ec16437e-c8ba-416e-8505-6e07988db3c6" status: 404 len: 246 microversion: 1.1 [pid: 8|app: 0|req: 439/877] 10.0.0.9 () {34 vars in 814 bytes} [Fri Jul 17 17:08:40 2026] DELETE /resource_providers/ec16437e-c8ba-416e-8505-6e07988db3c6 => generated 246 bytes in 11 msecs (HTTP/1.1 404) 6 headers in 231 bytes (1 switches on core 0)
2026-07-17 17:08:43.487 7 INFO placement.requestlog [req-54687983-7bc0-4109-9b40-3178a16badc7 req-70da984c-8821-4d0d-a4dd-5fbb33da405e bdb2e30dfcca45cb9c7362c02d93b678 9b1883fa294f4bfab43fba282329c1af - - 5e9c0c43af26453c88be1a57534c75db 5e9c0c43af26453c88be1a57534c75db] 199.19.213.67 "GET /resource_providers/35a135c7-d7b1-45a0-81f2-ab61dc444a41/allocations" status: 200 len: 152 microversion: 1.0 [pid: 7|app: 0|req: 439/878] 199.19.213.67 () {32 vars in 856 bytes} [Fri Jul 17 17:08:43 2026] GET /resource_providers/35a135c7-d7b1-45a0-81f2-ab61dc444a41/allocations => generated 152 bytes in 16 msecs (HTTP/1.1 200) 6 headers in 224 bytes (1 switches on core 0)
2026-07-17 17:08:43.509 8 INFO placement.requestlog [req-54687983-7bc0-4109-9b40-3178a16badc7 req-37db2dfd-363b-4f0a-82e4-9dc8e2a011ac bdb2e30dfcca45cb9c7362c02d93b678 9b1883fa294f4bfab43fba282329c1af - - 5e9c0c43af26453c88be1a57534c75db 5e9c0c43af26453c88be1a57534c75db] 199.19.213.67 "GET /resource_providers/35a135c7-d7b1-45a0-81f2-ab61dc444a41/allocations" status: 200 len: 152 microversion: 1.0 [pid: 8|app: 0|req: 440/879] 199.19.213.67 () {32 vars in 856 bytes} [Fri Jul 17 17:08:43 2026] GET /resource_providers/35a135c7-d7b1-45a0-81f2-ab61dc444a41/allocations => generated 152 bytes in 18 msecs (HTTP/1.1 200) 6 headers in 224 bytes (1 switches on core 0)
2026-07-17 17:08:43.523 7 INFO placement.requestlog [req-54687983-7bc0-4109-9b40-3178a16badc7 req-a4e51e5c-7f97-4c36-bcf0-099c0b032a92 bdb2e30dfcca45cb9c7362c02d93b678 9b1883fa294f4bfab43fba282329c1af - - 5e9c0c43af26453c88be1a57534c75db 5e9c0c43af26453c88be1a57534c75db] 199.19.213.67 "GET /allocations/4e8fab5a-6f40-4cb4-a836-e675063cb56d" status: 200 len: 257 microversion: 1.28 [pid: 7|app: 0|req: 440/880] 199.19.213.67 () {34 vars in 862 bytes} [Fri Jul 17 17:08:43 2026] GET /allocations/4e8fab5a-6f40-4cb4-a836-e675063cb56d => generated 257 bytes in 11 msecs (HTTP/1.1 200) 8 headers in 296 bytes (1 switches on core 0)
2026-07-17 17:08:43.813 8 INFO placement.requestlog [None req-5d2e8690-d076-418a-8464-a7612ea4e0db 936aaf4c883c429f8d87fa90f84e9d94 9b1883fa294f4bfab43fba282329c1af - - 5e9c0c43af26453c88be1a57534c75db 5e9c0c43af26453c88be1a57534c75db] 10.0.0.9 "GET /resource_providers/dbf1181f-9f3b-4a72-bf87-7d2e5455219c/aggregates" status: 404 len: 235 microversion: 1.1 [pid: 8|app: 0|req: 441/881] 10.0.0.9 () {32 vars in 814 bytes} [Fri Jul 17 17:08:43 2026] GET /resource_providers/dbf1181f-9f3b-4a72-bf87-7d2e5455219c/aggregates => generated 235 bytes in 13 msecs (HTTP/1.1 404) 5 headers in 202 bytes (1 switches on core 0)
2026-07-17 17:08:43.817 7 INFO placement.requestlog [None req-7ca66623-c73a-49a1-bbfa-d44e72fd90b0 936aaf4c883c429f8d87fa90f84e9d94 9b1883fa294f4bfab43fba282329c1af - - 5e9c0c43af26453c88be1a57534c75db 5e9c0c43af26453c88be1a57534c75db] 10.0.0.9 "GET /resource_providers/dbf1181f-9f3b-4a72-bf87-7d2e5455219c/aggregates" status: 404 len: 235 microversion: 1.1 [pid: 7|app: 0|req: 441/882] 10.0.0.9 () {32 vars in 814 bytes} [Fri Jul 17 17:08:43 2026] GET /resource_providers/dbf1181f-9f3b-4a72-bf87-7d2e5455219c/aggregates => generated 235 bytes in 11 msecs (HTTP/1.1 404) 5 headers in 202 bytes (1 switches on core 0)
2026-07-17 17:08:43.833 8 INFO placement.requestlog [None req-3a454d26-9db9-49d3-9a36-0a0ffcfdd7d1 936aaf4c883c429f8d87fa90f84e9d94 9b1883fa294f4bfab43fba282329c1af - - 5e9c0c43af26453c88be1a57534c75db 5e9c0c43af26453c88be1a57534c75db] 10.0.0.9 "DELETE /resource_providers/dbf1181f-9f3b-4a72-bf87-7d2e5455219c" status: 404 len: 246 microversion: 1.1 [pid: 8|app: 0|req: 442/883] 10.0.0.9 () {34 vars in 814 bytes} [Fri Jul 17 17:08:43 2026] DELETE /resource_providers/dbf1181f-9f3b-4a72-bf87-7d2e5455219c => generated 246 bytes in 11 msecs (HTTP/1.1 404) 6 headers in 231 bytes (1 switches on core 0)
2026-07-17 17:08:43.838 7 INFO placement.requestlog [None req-8e01f1e0-b494-4520-9d23-6258cd602a48 936aaf4c883c429f8d87fa90f84e9d94 9b1883fa294f4bfab43fba282329c1af - - 5e9c0c43af26453c88be1a57534c75db 5e9c0c43af26453c88be1a57534c75db] 10.0.0.9 "DELETE /resource_providers/dbf1181f-9f3b-4a72-bf87-7d2e5455219c" status: 404 len: 246 microversion: 1.1 [pid: 7|app: 0|req: 442/884] 10.0.0.9 () {34 vars in 814 bytes} [Fri Jul 17 17:08:43 2026] DELETE /resource_providers/dbf1181f-9f3b-4a72-bf87-7d2e5455219c => generated 246 bytes in 7 msecs (HTTP/1.1 404) 6 headers in 231 bytes (1 switches on core 0)
2026-07-17 17:08:44.582 8 INFO placement.requestlog [req-87dd7560-4310-4562-906f-aff462be6cd2 req-bef4d6d1-6eae-4bfd-bc11-59ca4eb1d0f9 bdb2e30dfcca45cb9c7362c02d93b678 9b1883fa294f4bfab43fba282329c1af - - 5e9c0c43af26453c88be1a57534c75db 5e9c0c43af26453c88be1a57534c75db] 199.19.213.67 "DELETE /allocations/4e8fab5a-6f40-4cb4-a836-e675063cb56d" status: 204 len: 0 microversion: 1.0 [pid: 8|app: 0|req: 443/885] 199.19.213.67 () {34 vars in 840 bytes} [Fri Jul 17 17:08:44 2026] DELETE /allocations/4e8fab5a-6f40-4cb4-a836-e675063cb56d => generated 0 bytes in 27 msecs (HTTP/1.1 204) 5 headers in 198 bytes (1 switches on core 0)
2026-07-17 17:08:45.864 7 INFO placement.requestlog [None req-33e99ddc-ff14-4bd7-b685-fe25ef0deab1 936aaf4c883c429f8d87fa90f84e9d94 9b1883fa294f4bfab43fba282329c1af - - 5e9c0c43af26453c88be1a57534c75db 5e9c0c43af26453c88be1a57534c75db] 10.0.0.9 "GET /resource_providers/78bf76ac-679f-4772-a3a2-0fad8bcba1ec/aggregates" status: 404 len: 235 microversion: 1.1 [pid: 7|app: 0|req: 443/886] 10.0.0.9 () {32 vars in 814 bytes} [Fri Jul 17 17:08:45 2026] GET /resource_providers/78bf76ac-679f-4772-a3a2-0fad8bcba1ec/aggregates => generated 235 bytes in 18 msecs (HTTP/1.1 404) 5 headers in 202 bytes (1 switches on core 0)
2026-07-17 17:08:45.868 8 INFO placement.requestlog [None req-f2ee1c4e-8aa7-4b79-966f-f356d1747084 936aaf4c883c429f8d87fa90f84e9d94 9b1883fa294f4bfab43fba282329c1af - - 5e9c0c43af26453c88be1a57534c75db 5e9c0c43af26453c88be1a57534c75db] 10.0.0.9 "GET /resource_providers/78bf76ac-679f-4772-a3a2-0fad8bcba1ec/aggregates" status: 404 len: 235 microversion: 1.1 [pid: 8|app: 0|req: 444/887] 10.0.0.9 () {32 vars in 814 bytes} [Fri Jul 17 17:08:45 2026] GET /resource_providers/78bf76ac-679f-4772-a3a2-0fad8bcba1ec/aggregates => generated 235 bytes in 14 msecs (HTTP/1.1 404) 5 headers in 202 bytes (1 switches on core 0)
2026-07-17 17:08:45.890 8 INFO placement.requestlog [None req-9fb70d3e-3159-4328-8bca-0fdc784309aa 936aaf4c883c429f8d87fa90f84e9d94 9b1883fa294f4bfab43fba282329c1af - - 5e9c0c43af26453c88be1a57534c75db 5e9c0c43af26453c88be1a57534c75db] 10.0.0.9 "DELETE /resource_providers/78bf76ac-679f-4772-a3a2-0fad8bcba1ec" status: 404 len: 246 microversion: 1.1 [pid: 8|app: 0|req: 445/888] 10.0.0.9 () {34 vars in 814 bytes} [Fri Jul 17 17:08:45 2026] DELETE /resource_providers/78bf76ac-679f-4772-a3a2-0fad8bcba1ec => generated 246 bytes in 9 msecs (HTTP/1.1 404) 6 headers in 231 bytes (1 switches on core 0)
2026-07-17 17:08:45.893 7 INFO placement.requestlog [None req-6ca05950-d78d-4ec1-a38e-b8bf9a5a9026 936aaf4c883c429f8d87fa90f84e9d94 9b1883fa294f4bfab43fba282329c1af - - 5e9c0c43af26453c88be1a57534c75db 5e9c0c43af26453c88be1a57534c75db] 10.0.0.9 "DELETE /resource_providers/78bf76ac-679f-4772-a3a2-0fad8bcba1ec" status: 404 len: 246 microversion: 1.1 [pid: 7|app: 0|req: 444/889] 10.0.0.9 () {34 vars in 814 bytes} [Fri Jul 17 17:08:45 2026] DELETE /resource_providers/78bf76ac-679f-4772-a3a2-0fad8bcba1ec => generated 246 bytes in 15 msecs (HTTP/1.1 404) 6 headers in 231 bytes (1 switches on core 0)
2026-07-17 17:08:48.329 7 INFO placement.requestlog [None req-36daa4a4-e9bd-4195-b85e-893a71f981c4 - - - - - -] 10.0.0.58 "GET /" status: 200 len: 136 microversion: 1.0
2026-07-17 17:08:48.329 8 INFO placement.requestlog [None req-30546b87-dcae-44d9-8270-e865ae6da195 - - - - - -] 10.0.0.58 "GET /" status: 200 len: 136 microversion: 1.0
2026-07-17 17:08:48.953 8 INFO placement.requestlog [None req-b820fd81-a9eb-4d5d-b332-9f5ad675e983 936aaf4c883c429f8d87fa90f84e9d94 9b1883fa294f4bfab43fba282329c1af - - 5e9c0c43af26453c88be1a57534c75db 5e9c0c43af26453c88be1a57534c75db] 10.0.0.9 "GET /resource_providers/bf241f97-d8be-4f84-bca9-177a2a44d507/aggregates" status: 404 len: 235 microversion: 1.1 [pid: 8|app: 0|req: 447/892] 10.0.0.9 () {32 vars in 814 bytes} [Fri Jul 17 17:08:48 2026] GET /resource_providers/bf241f97-d8be-4f84-bca9-177a2a44d507/aggregates => generated 235 bytes in 11 msecs (HTTP/1.1 404) 5 headers in 202 bytes (1 switches on core 0)
2026-07-17 17:08:48.954 7 INFO placement.requestlog [None req-da70e163-1354-45ff-9d9d-94ff31da63b4 936aaf4c883c429f8d87fa90f84e9d94 9b1883fa294f4bfab43fba282329c1af - - 5e9c0c43af26453c88be1a57534c75db 5e9c0c43af26453c88be1a57534c75db] 10.0.0.9 "GET /resource_providers/bf241f97-d8be-4f84-bca9-177a2a44d507/aggregates" status: 404 len: 235 microversion: 1.1 [pid: 7|app: 0|req: 446/893] 10.0.0.9 () {32 vars in 814 bytes} [Fri Jul 17 17:08:48 2026] GET /resource_providers/bf241f97-d8be-4f84-bca9-177a2a44d507/aggregates => generated 235 bytes in 13 msecs (HTTP/1.1 404) 5 headers in 202 bytes (1 switches on core 0)
2026-07-17 17:08:48.977 8 INFO placement.requestlog [None req-82bcb4c4-1170-4442-9fec-13a5fab3e582 936aaf4c883c429f8d87fa90f84e9d94 9b1883fa294f4bfab43fba282329c1af - - 5e9c0c43af26453c88be1a57534c75db 5e9c0c43af26453c88be1a57534c75db] 10.0.0.9 "DELETE /resource_providers/bf241f97-d8be-4f84-bca9-177a2a44d507" status: 404 len: 246 microversion: 1.1 [pid: 8|app: 0|req: 448/894] 10.0.0.9 () {34 vars in 814 bytes} [Fri Jul 17 17:08:48 2026] DELETE /resource_providers/bf241f97-d8be-4f84-bca9-177a2a44d507 => generated 246 bytes in 8 msecs (HTTP/1.1 404) 6 headers in 231 bytes (1 switches on core 0)
2026-07-17 17:08:48.982 7 INFO placement.requestlog [None req-7eee00d0-394d-4616-8335-261aa7e32028 936aaf4c883c429f8d87fa90f84e9d94 9b1883fa294f4bfab43fba282329c1af - - 5e9c0c43af26453c88be1a57534c75db 5e9c0c43af26453c88be1a57534c75db] 10.0.0.9 "DELETE /resource_providers/bf241f97-d8be-4f84-bca9-177a2a44d507" status: 404 len: 246 microversion: 1.1 [pid: 7|app: 0|req: 447/895] 10.0.0.9 () {34 vars in 814 bytes} [Fri Jul 17 17:08:48 2026] DELETE /resource_providers/bf241f97-d8be-4f84-bca9-177a2a44d507 => generated 246 bytes in 12 msecs (HTTP/1.1 404) 6 headers in 231 bytes (1 switches on core 0)
2026-07-17 17:08:50.104 8 INFO placement.requestlog [None req-8e9cdc9a-37fd-4a31-9331-c1957d5620f5 936aaf4c883c429f8d87fa90f84e9d94 9b1883fa294f4bfab43fba282329c1af - - 5e9c0c43af26453c88be1a57534c75db 5e9c0c43af26453c88be1a57534c75db] 10.0.0.9 "GET /resource_providers/df7fdfc7-77b1-43ab-a6bb-0c6cfa7297de/aggregates" status: 404 len: 235 microversion: 1.1 [pid: 8|app: 0|req: 449/896] 10.0.0.9 () {32 vars in 814 bytes} [Fri Jul 17 17:08:50 2026] GET /resource_providers/df7fdfc7-77b1-43ab-a6bb-0c6cfa7297de/aggregates => generated 235 bytes in 15 msecs (HTTP/1.1 404) 5 headers in 202 bytes (1 switches on core 0)
2026-07-17 17:08:50.107 7 INFO placement.requestlog [None req-bd83d09a-0e85-4fc4-b8cf-f7b78d0ea8db 936aaf4c883c429f8d87fa90f84e9d94 9b1883fa294f4bfab43fba282329c1af - - 5e9c0c43af26453c88be1a57534c75db 5e9c0c43af26453c88be1a57534c75db] 10.0.0.9 "GET /resource_providers/df7fdfc7-77b1-43ab-a6bb-0c6cfa7297de/aggregates" status: 404 len: 235 microversion: 1.1 [pid: 7|app: 0|req: 448/897] 10.0.0.9 () {32 vars in 814 bytes} [Fri Jul 17 17:08:50 2026] GET /resource_providers/df7fdfc7-77b1-43ab-a6bb-0c6cfa7297de/aggregates => generated 235 bytes in 12 msecs (HTTP/1.1 404) 5 headers in 202 bytes (1 switches on core 0)
2026-07-17 17:08:50.130 8 INFO placement.requestlog [None req-baf69452-55d7-4792-8ed4-a30b90ba9cba 936aaf4c883c429f8d87fa90f84e9d94 9b1883fa294f4bfab43fba282329c1af - - 5e9c0c43af26453c88be1a57534c75db 5e9c0c43af26453c88be1a57534c75db] 10.0.0.9 "DELETE /resource_providers/df7fdfc7-77b1-43ab-a6bb-0c6cfa7297de" status: 404 len: 246 microversion: 1.1 [pid: 8|app: 0|req: 450/898] 10.0.0.9 () {34 vars in 814 bytes} [Fri Jul 17 17:08:50 2026] DELETE /resource_providers/df7fdfc7-77b1-43ab-a6bb-0c6cfa7297de => generated 246 bytes in 11 msecs (HTTP/1.1 404) 6 headers in 231 bytes (1 switches on core 0)
2026-07-17 17:08:50.146 7 INFO placement.requestlog [None req-0c2e7ec3-f747-4085-9583-5ca05bb648da 936aaf4c883c429f8d87fa90f84e9d94 9b1883fa294f4bfab43fba282329c1af - - 5e9c0c43af26453c88be1a57534c75db 5e9c0c43af26453c88be1a57534c75db] 10.0.0.9 "DELETE /resource_providers/df7fdfc7-77b1-43ab-a6bb-0c6cfa7297de" status: 404 len: 246 microversion: 1.1 [pid: 7|app: 0|req: 449/899] 10.0.0.9 () {34 vars in 814 bytes} [Fri Jul 17 17:08:50 2026] DELETE /resource_providers/df7fdfc7-77b1-43ab-a6bb-0c6cfa7297de => generated 246 bytes in 25 msecs (HTTP/1.1 404) 6 headers in 231 bytes (1 switches on core 0)
2026-07-17 17:08:51.004 8 INFO placement.requestlog [None req-01d7dc9f-7f23-4c7e-8ab8-963085bf2d14 936aaf4c883c429f8d87fa90f84e9d94 9b1883fa294f4bfab43fba282329c1af - - 5e9c0c43af26453c88be1a57534c75db 5e9c0c43af26453c88be1a57534c75db] 10.0.0.9 "GET /resource_providers/757d852c-d98d-4908-b815-f8c689a5ce35/aggregates" status: 404 len: 235 microversion: 1.1 [pid: 8|app: 0|req: 451/900] 10.0.0.9 () {32 vars in 814 bytes} [Fri Jul 17 17:08:50 2026] GET /resource_providers/757d852c-d98d-4908-b815-f8c689a5ce35/aggregates => generated 235 bytes in 20 msecs (HTTP/1.1 404) 5 headers in 202 bytes (1 switches on core 0)
2026-07-17 17:08:51.019 7 INFO placement.requestlog [None req-9b801a42-4dd8-45da-8285-efc612fab7b1 936aaf4c883c429f8d87fa90f84e9d94 9b1883fa294f4bfab43fba282329c1af - - 5e9c0c43af26453c88be1a57534c75db 5e9c0c43af26453c88be1a57534c75db] 10.0.0.9 "GET /resource_providers/757d852c-d98d-4908-b815-f8c689a5ce35/aggregates" status: 404 len: 235 microversion: 1.1 [pid: 7|app: 0|req: 450/901] 10.0.0.9 () {32 vars in 814 bytes} [Fri Jul 17 17:08:51 2026] GET /resource_providers/757d852c-d98d-4908-b815-f8c689a5ce35/aggregates => generated 235 bytes in 15 msecs (HTTP/1.1 404) 5 headers in 202 bytes (1 switches on core 0)
2026-07-17 17:08:51.025 8 INFO placement.requestlog [None req-8ba5f892-63d6-4661-9a53-51f21c1f2828 936aaf4c883c429f8d87fa90f84e9d94 9b1883fa294f4bfab43fba282329c1af - - 5e9c0c43af26453c88be1a57534c75db 5e9c0c43af26453c88be1a57534c75db] 10.0.0.9 "DELETE /resource_providers/757d852c-d98d-4908-b815-f8c689a5ce35" status: 404 len: 246 microversion: 1.1 [pid: 8|app: 0|req: 452/902] 10.0.0.9 () {34 vars in 814 bytes} [Fri Jul 17 17:08:51 2026] DELETE /resource_providers/757d852c-d98d-4908-b815-f8c689a5ce35 => generated 246 bytes in 7 msecs (HTTP/1.1 404) 6 headers in 231 bytes (1 switches on core 0)
2026-07-17 17:08:51.042 7 INFO placement.requestlog [None req-354a404f-2f00-4627-885c-a4ac8cd4c79e 936aaf4c883c429f8d87fa90f84e9d94 9b1883fa294f4bfab43fba282329c1af - - 5e9c0c43af26453c88be1a57534c75db 5e9c0c43af26453c88be1a57534c75db] 10.0.0.9 "DELETE /resource_providers/757d852c-d98d-4908-b815-f8c689a5ce35" status: 404 len: 246 microversion: 1.1 [pid: 7|app: 0|req: 451/903] 10.0.0.9 () {34 vars in 814 bytes} [Fri Jul 17 17:08:51 2026] DELETE /resource_providers/757d852c-d98d-4908-b815-f8c689a5ce35 => generated 246 bytes in 12 msecs (HTTP/1.1 404) 6 headers in 231 bytes (1 switches on core 0)
2026-07-17 17:08:51.045 8 INFO placement.requestlog [None req-88f5ce21-e36d-4fa2-9a55-21baa2bd715a 936aaf4c883c429f8d87fa90f84e9d94 9b1883fa294f4bfab43fba282329c1af - - 5e9c0c43af26453c88be1a57534c75db 5e9c0c43af26453c88be1a57534c75db] 10.0.0.9 "GET /resource_providers/72579ee3-0cd4-49fd-8be7-f8fb575fb2b7/aggregates" status: 404 len: 235 microversion: 1.1 [pid: 8|app: 0|req: 453/904] 10.0.0.9 () {32 vars in 814 bytes} [Fri Jul 17 17:08:51 2026] GET /resource_providers/72579ee3-0cd4-49fd-8be7-f8fb575fb2b7/aggregates => generated 235 bytes in 11 msecs (HTTP/1.1 404) 5 headers in 202 bytes (1 switches on core 0)
2026-07-17 17:08:51.066 7 INFO placement.requestlog [None req-c4ff7140-f54b-49ad-bc75-4199c2689433 936aaf4c883c429f8d87fa90f84e9d94 9b1883fa294f4bfab43fba282329c1af - - 5e9c0c43af26453c88be1a57534c75db 5e9c0c43af26453c88be1a57534c75db] 10.0.0.9 "GET /resource_providers/72579ee3-0cd4-49fd-8be7-f8fb575fb2b7/aggregates" status: 404 len: 235 microversion: 1.1 [pid: 7|app: 0|req: 452/905] 10.0.0.9 () {32 vars in 814 bytes} [Fri Jul 17 17:08:51 2026] GET /resource_providers/72579ee3-0cd4-49fd-8be7-f8fb575fb2b7/aggregates => generated 235 bytes in 13 msecs (HTTP/1.1 404) 5 headers in 202 bytes (1 switches on core 0)
2026-07-17 17:08:51.067 8 INFO placement.requestlog [None req-a0e723ca-91b2-4712-8eaf-88e5319dd711 936aaf4c883c429f8d87fa90f84e9d94 9b1883fa294f4bfab43fba282329c1af - - 5e9c0c43af26453c88be1a57534c75db 5e9c0c43af26453c88be1a57534c75db] 10.0.0.9 "DELETE /resource_providers/72579ee3-0cd4-49fd-8be7-f8fb575fb2b7" status: 404 len: 246 microversion: 1.1 [pid: 8|app: 0|req: 454/906] 10.0.0.9 () {34 vars in 814 bytes} [Fri Jul 17 17:08:51 2026] DELETE /resource_providers/72579ee3-0cd4-49fd-8be7-f8fb575fb2b7 => generated 246 bytes in 8 msecs (HTTP/1.1 404) 6 headers in 231 bytes (1 switches on core 0)
2026-07-17 17:08:51.090 8 INFO placement.requestlog [None req-7e0e7c82-11d4-4079-acde-d247f66055ec 936aaf4c883c429f8d87fa90f84e9d94 9b1883fa294f4bfab43fba282329c1af - - 5e9c0c43af26453c88be1a57534c75db 5e9c0c43af26453c88be1a57534c75db] 10.0.0.9 "GET /resource_providers/4381d164-4d81-48bd-9dce-acc70b752d73/aggregates" status: 404 len: 235 microversion: 1.1 [pid: 8|app: 0|req: 455/907] 10.0.0.9 () {32 vars in 814 bytes} [Fri Jul 17 17:08:51 2026] GET /resource_providers/4381d164-4d81-48bd-9dce-acc70b752d73/aggregates => generated 235 bytes in 8 msecs (HTTP/1.1 404) 5 headers in 202 bytes (1 switches on core 0)
2026-07-17 17:08:51.096 7 INFO placement.requestlog [None req-40d4a045-b5f0-40dc-91ad-8cb668750641 936aaf4c883c429f8d87fa90f84e9d94 9b1883fa294f4bfab43fba282329c1af - - 5e9c0c43af26453c88be1a57534c75db 5e9c0c43af26453c88be1a57534c75db] 10.0.0.9 "DELETE /resource_providers/72579ee3-0cd4-49fd-8be7-f8fb575fb2b7" status: 404 len: 246 microversion: 1.1 [pid: 7|app: 0|req: 453/908] 10.0.0.9 () {34 vars in 814 bytes} [Fri Jul 17 17:08:51 2026] DELETE /resource_providers/72579ee3-0cd4-49fd-8be7-f8fb575fb2b7 => generated 246 bytes in 21 msecs (HTTP/1.1 404) 6 headers in 231 bytes (1 switches on core 0)
2026-07-17 17:08:51.120 8 INFO placement.requestlog [None req-d243e2b4-6023-4017-b4d2-8804422c5831 936aaf4c883c429f8d87fa90f84e9d94 9b1883fa294f4bfab43fba282329c1af - - 5e9c0c43af26453c88be1a57534c75db 5e9c0c43af26453c88be1a57534c75db] 10.0.0.9 "GET /resource_providers/4381d164-4d81-48bd-9dce-acc70b752d73/aggregates" status: 404 len: 235 microversion: 1.1 [pid: 8|app: 0|req: 456/909] 10.0.0.9 () {32 vars in 814 bytes} [Fri Jul 17 17:08:51 2026] GET /resource_providers/4381d164-4d81-48bd-9dce-acc70b752d73/aggregates => generated 235 bytes in 7 msecs (HTTP/1.1 404) 5 headers in 202 bytes (1 switches on core 0)
2026-07-17 17:08:51.129 7 INFO placement.requestlog [None req-bb464a6d-7311-48be-a778-84b76f036e5c 936aaf4c883c429f8d87fa90f84e9d94 9b1883fa294f4bfab43fba282329c1af - - 5e9c0c43af26453c88be1a57534c75db 5e9c0c43af26453c88be1a57534c75db] 10.0.0.9 "DELETE /resource_providers/4381d164-4d81-48bd-9dce-acc70b752d73" status: 404 len: 246 microversion: 1.1 [pid: 7|app: 0|req: 454/910] 10.0.0.9 () {34 vars in 814 bytes} [Fri Jul 17 17:08:51 2026] DELETE /resource_providers/4381d164-4d81-48bd-9dce-acc70b752d73 => generated 246 bytes in 14 msecs (HTTP/1.1 404) 6 headers in 231 bytes (1 switches on core 0)
2026-07-17 17:08:51.142 8 INFO placement.requestlog [None req-b5305c6a-7657-4a1d-a6e3-07cedf17ccd9 936aaf4c883c429f8d87fa90f84e9d94 9b1883fa294f4bfab43fba282329c1af - - 5e9c0c43af26453c88be1a57534c75db 5e9c0c43af26453c88be1a57534c75db] 10.0.0.9 "DELETE /resource_providers/4381d164-4d81-48bd-9dce-acc70b752d73" status: 404 len: 246 microversion: 1.1 [pid: 8|app: 0|req: 457/911] 10.0.0.9 () {34 vars in 814 bytes} [Fri Jul 17 17:08:51 2026] DELETE /resource_providers/4381d164-4d81-48bd-9dce-acc70b752d73 => generated 246 bytes in 11 msecs (HTTP/1.1 404) 6 headers in 231 bytes (1 switches on core 0)
2026-07-17 17:08:52.153 7 INFO placement.requestlog [None req-64de73aa-d21a-4374-8f6b-de57b02643c0 936aaf4c883c429f8d87fa90f84e9d94 9b1883fa294f4bfab43fba282329c1af - - 5e9c0c43af26453c88be1a57534c75db 5e9c0c43af26453c88be1a57534c75db] 10.0.0.9 "GET /resource_providers/a49d66de-fa64-402f-83b6-52001cf237c0/aggregates" status: 404 len: 235 microversion: 1.1 [pid: 7|app: 0|req: 455/912] 10.0.0.9 () {32 vars in 814 bytes} [Fri Jul 17 17:08:52 2026] GET /resource_providers/a49d66de-fa64-402f-83b6-52001cf237c0/aggregates => generated 235 bytes in 13 msecs (HTTP/1.1 404) 5 headers in 202 bytes (1 switches on core 0)
2026-07-17 17:08:52.182 8 INFO placement.requestlog [None req-9dcb3a08-4220-482a-9661-bd23f1b23e53 936aaf4c883c429f8d87fa90f84e9d94 9b1883fa294f4bfab43fba282329c1af - - 5e9c0c43af26453c88be1a57534c75db 5e9c0c43af26453c88be1a57534c75db] 10.0.0.9 "GET /resource_providers/a49d66de-fa64-402f-83b6-52001cf237c0/aggregates" status: 404 len: 235 microversion: 1.1 [pid: 8|app: 0|req: 458/913] 10.0.0.9 () {32 vars in 814 bytes} [Fri Jul 17 17:08:52 2026] GET /resource_providers/a49d66de-fa64-402f-83b6-52001cf237c0/aggregates => generated 235 bytes in 19 msecs (HTTP/1.1 404) 5 headers in 202 bytes (1 switches on core 0)
2026-07-17 17:08:52.191 7 INFO placement.requestlog [None req-818d11c0-fe3b-43b4-8717-07e666a8294c 936aaf4c883c429f8d87fa90f84e9d94 9b1883fa294f4bfab43fba282329c1af - - 5e9c0c43af26453c88be1a57534c75db 5e9c0c43af26453c88be1a57534c75db] 10.0.0.9 "DELETE /resource_providers/a49d66de-fa64-402f-83b6-52001cf237c0" status: 404 len: 246 microversion: 1.1 [pid: 7|app: 0|req: 456/914] 10.0.0.9 () {34 vars in 814 bytes} [Fri Jul 17 17:08:52 2026] DELETE /resource_providers/a49d66de-fa64-402f-83b6-52001cf237c0 => generated 246 bytes in 20 msecs (HTTP/1.1 404) 6 headers in 231 bytes (1 switches on core 0)
2026-07-17 17:08:52.207 8 INFO placement.requestlog [None req-66fc7b7d-fbd0-44d2-b8b8-7ea14f86b524 936aaf4c883c429f8d87fa90f84e9d94 9b1883fa294f4bfab43fba282329c1af - - 5e9c0c43af26453c88be1a57534c75db 5e9c0c43af26453c88be1a57534c75db] 10.0.0.9 "DELETE /resource_providers/a49d66de-fa64-402f-83b6-52001cf237c0" status: 404 len: 246 microversion: 1.1 [pid: 8|app: 0|req: 459/915] 10.0.0.9 () {34 vars in 814 bytes} [Fri Jul 17 17:08:52 2026] DELETE /resource_providers/a49d66de-fa64-402f-83b6-52001cf237c0 => generated 246 bytes in 10 msecs (HTTP/1.1 404) 6 headers in 231 bytes (1 switches on core 0)
2026-07-17 17:08:55.197 8 INFO placement.requestlog [None req-b6614fbc-d1f9-44df-a044-061ef0f8dc7f 936aaf4c883c429f8d87fa90f84e9d94 9b1883fa294f4bfab43fba282329c1af - - 5e9c0c43af26453c88be1a57534c75db 5e9c0c43af26453c88be1a57534c75db] 10.0.0.9 "GET /resource_providers/0b42d49a-93d1-4b87-aa68-20568c0749a5/aggregates" status: 404 len: 235 microversion: 1.1 [pid: 8|app: 0|req: 460/916] 10.0.0.9 () {32 vars in 814 bytes} [Fri Jul 17 17:08:55 2026] GET /resource_providers/0b42d49a-93d1-4b87-aa68-20568c0749a5/aggregates => generated 235 bytes in 11 msecs (HTTP/1.1 404) 5 headers in 202 bytes (1 switches on core 0)
2026-07-17 17:08:55.203 7 INFO placement.requestlog [None req-3f9cff47-6a6b-463f-b912-34ce30f2d4c5 936aaf4c883c429f8d87fa90f84e9d94 9b1883fa294f4bfab43fba282329c1af - - 5e9c0c43af26453c88be1a57534c75db 5e9c0c43af26453c88be1a57534c75db] 10.0.0.9 "GET /resource_providers/0b42d49a-93d1-4b87-aa68-20568c0749a5/aggregates" status: 404 len: 235 microversion: 1.1 [pid: 7|app: 0|req: 457/917] 10.0.0.9 () {32 vars in 814 bytes} [Fri Jul 17 17:08:55 2026] GET /resource_providers/0b42d49a-93d1-4b87-aa68-20568c0749a5/aggregates => generated 235 bytes in 17 msecs (HTTP/1.1 404) 5 headers in 202 bytes (1 switches on core 0)
2026-07-17 17:08:55.225 8 INFO placement.requestlog [None req-c0ed5d76-dece-49b5-8d3c-99a8b80bf12e 936aaf4c883c429f8d87fa90f84e9d94 9b1883fa294f4bfab43fba282329c1af - - 5e9c0c43af26453c88be1a57534c75db 5e9c0c43af26453c88be1a57534c75db] 10.0.0.9 "DELETE /resource_providers/0b42d49a-93d1-4b87-aa68-20568c0749a5" status: 404 len: 246 microversion: 1.1 [pid: 8|app: 0|req: 461/918] 10.0.0.9 () {34 vars in 814 bytes} [Fri Jul 17 17:08:55 2026] DELETE /resource_providers/0b42d49a-93d1-4b87-aa68-20568c0749a5 => generated 246 bytes in 11 msecs (HTTP/1.1 404) 6 headers in 231 bytes (1 switches on core 0)
2026-07-17 17:08:55.229 7 INFO placement.requestlog [None req-bca19ad0-267e-4434-8ac7-f2f753d0d3ab 936aaf4c883c429f8d87fa90f84e9d94 9b1883fa294f4bfab43fba282329c1af - - 5e9c0c43af26453c88be1a57534c75db 5e9c0c43af26453c88be1a57534c75db] 10.0.0.9 "DELETE /resource_providers/0b42d49a-93d1-4b87-aa68-20568c0749a5" status: 404 len: 246 microversion: 1.1 [pid: 7|app: 0|req: 458/919] 10.0.0.9 () {34 vars in 814 bytes} [Fri Jul 17 17:08:55 2026] DELETE /resource_providers/0b42d49a-93d1-4b87-aa68-20568c0749a5 => generated 246 bytes in 11 msecs (HTTP/1.1 404) 6 headers in 231 bytes (1 switches on core 0)
2026-07-17 17:08:57.245 8 INFO placement.requestlog [None req-1cb3870f-c6b6-4f7a-9be4-721057b443ac 936aaf4c883c429f8d87fa90f84e9d94 9b1883fa294f4bfab43fba282329c1af - - 5e9c0c43af26453c88be1a57534c75db 5e9c0c43af26453c88be1a57534c75db] 10.0.0.9 "GET /resource_providers/693ad9d4-d4d4-4903-befc-c2857cc8ee1a/aggregates" status: 404 len: 235 microversion: 1.1 [pid: 8|app: 0|req: 462/920] 10.0.0.9 () {32 vars in 814 bytes} [Fri Jul 17 17:08:57 2026] GET /resource_providers/693ad9d4-d4d4-4903-befc-c2857cc8ee1a/aggregates => generated 235 bytes in 9 msecs (HTTP/1.1 404) 5 headers in 202 bytes (1 switches on core 0)
2026-07-17 17:08:57.254 7 INFO placement.requestlog [None req-09e07797-79fe-4362-abdb-d3c330310be1 936aaf4c883c429f8d87fa90f84e9d94 9b1883fa294f4bfab43fba282329c1af - - 5e9c0c43af26453c88be1a57534c75db 5e9c0c43af26453c88be1a57534c75db] 10.0.0.9 "GET /resource_providers/693ad9d4-d4d4-4903-befc-c2857cc8ee1a/aggregates" status: 404 len: 235 microversion: 1.1 [pid: 7|app: 0|req: 459/921] 10.0.0.9 () {32 vars in 814 bytes} [Fri Jul 17 17:08:57 2026] GET /resource_providers/693ad9d4-d4d4-4903-befc-c2857cc8ee1a/aggregates => generated 235 bytes in 12 msecs (HTTP/1.1 404) 5 headers in 202 bytes (1 switches on core 0)
2026-07-17 17:08:57.260 8 INFO placement.requestlog [None req-c5c6d988-2c68-4acd-8ff8-46e24e5fed16 936aaf4c883c429f8d87fa90f84e9d94 9b1883fa294f4bfab43fba282329c1af - - 5e9c0c43af26453c88be1a57534c75db 5e9c0c43af26453c88be1a57534c75db] 10.0.0.9 "DELETE /resource_providers/693ad9d4-d4d4-4903-befc-c2857cc8ee1a" status: 404 len: 246 microversion: 1.1 [pid: 8|app: 0|req: 463/922] 10.0.0.9 () {34 vars in 814 bytes} [Fri Jul 17 17:08:57 2026] DELETE /resource_providers/693ad9d4-d4d4-4903-befc-c2857cc8ee1a => generated 246 bytes in 7 msecs (HTTP/1.1 404) 6 headers in 231 bytes (1 switches on core 0)
2026-07-17 17:08:57.282 7 INFO placement.requestlog [None req-9dc23093-ff52-4fc7-b378-753067765312 936aaf4c883c429f8d87fa90f84e9d94 9b1883fa294f4bfab43fba282329c1af - - 5e9c0c43af26453c88be1a57534c75db 5e9c0c43af26453c88be1a57534c75db] 10.0.0.9 "DELETE /resource_providers/693ad9d4-d4d4-4903-befc-c2857cc8ee1a" status: 404 len: 246 microversion: 1.1 [pid: 7|app: 0|req: 460/923] 10.0.0.9 () {34 vars in 814 bytes} [Fri Jul 17 17:08:57 2026] DELETE /resource_providers/693ad9d4-d4d4-4903-befc-c2857cc8ee1a => generated 246 bytes in 17 msecs (HTTP/1.1 404) 6 headers in 231 bytes (1 switches on core 0)
2026-07-17 17:08:58.328 8 INFO placement.requestlog [None req-da28c7c1-a9fd-484e-8a94-594f80713cb8 - - - - - -] 10.0.0.58 "GET /" status: 200 len: 136 microversion: 1.0
2026-07-17 17:08:58.328 7 INFO placement.requestlog [None req-6bfddf5d-d64d-4808-8f96-e0eb0d5791a9 - - - - - -] 10.0.0.58 "GET /" status: 200 len: 136 microversion: 1.0
2026-07-17 17:08:59.721 7 INFO placement.requestlog [None req-4c7a9a60-16b3-4ba0-92ee-6960fd60d1ea 936aaf4c883c429f8d87fa90f84e9d94 9b1883fa294f4bfab43fba282329c1af - - 5e9c0c43af26453c88be1a57534c75db 5e9c0c43af26453c88be1a57534c75db] 10.0.0.9 "GET /resource_providers/c2875c91-be31-4920-841f-faf8dfa9a331/aggregates" status: 404 len: 235 microversion: 1.1 [pid: 7|app: 0|req: 462/926] 10.0.0.9 () {32 vars in 814 bytes} [Fri Jul 17 17:08:59 2026] GET /resource_providers/c2875c91-be31-4920-841f-faf8dfa9a331/aggregates => generated 235 bytes in 8 msecs (HTTP/1.1 404) 5 headers in 202 bytes (1 switches on core 0)
2026-07-17 17:08:59.729 8 INFO placement.requestlog [None req-b48d2d4b-db20-4353-8244-0306d90744d2 936aaf4c883c429f8d87fa90f84e9d94 9b1883fa294f4bfab43fba282329c1af - - 5e9c0c43af26453c88be1a57534c75db 5e9c0c43af26453c88be1a57534c75db] 10.0.0.9 "GET /resource_providers/c2875c91-be31-4920-841f-faf8dfa9a331/aggregates" status: 404 len: 235 microversion: 1.1 [pid: 8|app: 0|req: 465/927] 10.0.0.9 () {32 vars in 814 bytes} [Fri Jul 17 17:08:59 2026] GET /resource_providers/c2875c91-be31-4920-841f-faf8dfa9a331/aggregates => generated 235 bytes in 18 msecs (HTTP/1.1 404) 5 headers in 202 bytes (1 switches on core 0)
2026-07-17 17:08:59.736 7 INFO placement.requestlog [None req-f69fa679-3619-4fb9-8b3b-272fc22944f4 936aaf4c883c429f8d87fa90f84e9d94 9b1883fa294f4bfab43fba282329c1af - - 5e9c0c43af26453c88be1a57534c75db 5e9c0c43af26453c88be1a57534c75db] 10.0.0.9 "DELETE /resource_providers/c2875c91-be31-4920-841f-faf8dfa9a331" status: 404 len: 246 microversion: 1.1 [pid: 7|app: 0|req: 463/928] 10.0.0.9 () {34 vars in 814 bytes} [Fri Jul 17 17:08:59 2026] DELETE /resource_providers/c2875c91-be31-4920-841f-faf8dfa9a331 => generated 246 bytes in 6 msecs (HTTP/1.1 404) 6 headers in 231 bytes (1 switches on core 0)
2026-07-17 17:08:59.753 8 INFO placement.requestlog [None req-3ce1a2f8-2e72-4f25-84f4-0ad38e3e4b6d 936aaf4c883c429f8d87fa90f84e9d94 9b1883fa294f4bfab43fba282329c1af - - 5e9c0c43af26453c88be1a57534c75db 5e9c0c43af26453c88be1a57534c75db] 10.0.0.9 "DELETE /resource_providers/c2875c91-be31-4920-841f-faf8dfa9a331" status: 404 len: 246 microversion: 1.1 [pid: 8|app: 0|req: 466/929] 10.0.0.9 () {34 vars in 814 bytes} [Fri Jul 17 17:08:59 2026] DELETE /resource_providers/c2875c91-be31-4920-841f-faf8dfa9a331 => generated 246 bytes in 13 msecs (HTTP/1.1 404) 6 headers in 231 bytes (1 switches on core 0)
2026-07-17 17:09:01.759 7 INFO placement.requestlog [None req-6718e6b7-d2a3-4802-a0a2-0e48752ebfc5 936aaf4c883c429f8d87fa90f84e9d94 9b1883fa294f4bfab43fba282329c1af - - 5e9c0c43af26453c88be1a57534c75db 5e9c0c43af26453c88be1a57534c75db] 10.0.0.9 "GET /resource_providers/9f5e6ecb-c0ab-4310-88fa-474855b19d27/aggregates" status: 404 len: 235 microversion: 1.1 [pid: 7|app: 0|req: 464/930] 10.0.0.9 () {32 vars in 814 bytes} [Fri Jul 17 17:09:01 2026] GET /resource_providers/9f5e6ecb-c0ab-4310-88fa-474855b19d27/aggregates => generated 235 bytes in 11 msecs (HTTP/1.1 404) 5 headers in 202 bytes (1 switches on core 0)
2026-07-17 17:09:01.776 8 INFO placement.requestlog [None req-78e21171-f46a-4d42-9680-9d5b2f729d92 936aaf4c883c429f8d87fa90f84e9d94 9b1883fa294f4bfab43fba282329c1af - - 5e9c0c43af26453c88be1a57534c75db 5e9c0c43af26453c88be1a57534c75db] 10.0.0.9 "GET /resource_providers/9f5e6ecb-c0ab-4310-88fa-474855b19d27/aggregates" status: 404 len: 235 microversion: 1.1 [pid: 8|app: 0|req: 467/931] 10.0.0.9 () {32 vars in 814 bytes} [Fri Jul 17 17:09:01 2026] GET /resource_providers/9f5e6ecb-c0ab-4310-88fa-474855b19d27/aggregates => generated 235 bytes in 8 msecs (HTTP/1.1 404) 5 headers in 202 bytes (1 switches on core 0)
2026-07-17 17:09:01.782 7 INFO placement.requestlog [None req-ecc8f6c6-b32f-4aa1-98fc-119f0c1c7cbe 936aaf4c883c429f8d87fa90f84e9d94 9b1883fa294f4bfab43fba282329c1af - - 5e9c0c43af26453c88be1a57534c75db 5e9c0c43af26453c88be1a57534c75db] 10.0.0.9 "DELETE /resource_providers/9f5e6ecb-c0ab-4310-88fa-474855b19d27" status: 404 len: 246 microversion: 1.1 [pid: 7|app: 0|req: 465/932] 10.0.0.9 () {34 vars in 814 bytes} [Fri Jul 17 17:09:01 2026] DELETE /resource_providers/9f5e6ecb-c0ab-4310-88fa-474855b19d27 => generated 246 bytes in 12 msecs (HTTP/1.1 404) 6 headers in 231 bytes (1 switches on core 0)
2026-07-17 17:09:01.797 8 INFO placement.requestlog [None req-3a15e481-abfe-42d6-a21b-0abfa49dcc3a 936aaf4c883c429f8d87fa90f84e9d94 9b1883fa294f4bfab43fba282329c1af - - 5e9c0c43af26453c88be1a57534c75db 5e9c0c43af26453c88be1a57534c75db] 10.0.0.9 "DELETE /resource_providers/9f5e6ecb-c0ab-4310-88fa-474855b19d27" status: 404 len: 246 microversion: 1.1 [pid: 8|app: 0|req: 468/933] 10.0.0.9 () {34 vars in 814 bytes} [Fri Jul 17 17:09:01 2026] DELETE /resource_providers/9f5e6ecb-c0ab-4310-88fa-474855b19d27 => generated 246 bytes in 10 msecs (HTTP/1.1 404) 6 headers in 231 bytes (1 switches on core 0)
2026-07-17 17:09:04.300 7 INFO placement.requestlog [None req-c132236d-c419-4868-9d85-db28ce3c24c8 936aaf4c883c429f8d87fa90f84e9d94 9b1883fa294f4bfab43fba282329c1af - - 5e9c0c43af26453c88be1a57534c75db 5e9c0c43af26453c88be1a57534c75db] 10.0.0.9 "GET /resource_providers/1392c8e7-c298-4afc-b52a-d13196510dea/aggregates" status: 404 len: 235 microversion: 1.1 [pid: 7|app: 0|req: 466/934] 10.0.0.9 () {32 vars in 814 bytes} [Fri Jul 17 17:09:04 2026] GET /resource_providers/1392c8e7-c298-4afc-b52a-d13196510dea/aggregates => generated 235 bytes in 8 msecs (HTTP/1.1 404) 5 headers in 202 bytes (1 switches on core 0)
2026-07-17 17:09:04.310 8 INFO placement.requestlog [None req-4820662a-a9d5-4e62-808f-a951b8b7647e 936aaf4c883c429f8d87fa90f84e9d94 9b1883fa294f4bfab43fba282329c1af - - 5e9c0c43af26453c88be1a57534c75db 5e9c0c43af26453c88be1a57534c75db] 10.0.0.9 "GET /resource_providers/1392c8e7-c298-4afc-b52a-d13196510dea/aggregates" status: 404 len: 235 microversion: 1.1 [pid: 8|app: 0|req: 469/935] 10.0.0.9 () {32 vars in 814 bytes} [Fri Jul 17 17:09:04 2026] GET /resource_providers/1392c8e7-c298-4afc-b52a-d13196510dea/aggregates => generated 235 bytes in 14 msecs (HTTP/1.1 404) 5 headers in 202 bytes (1 switches on core 0)
2026-07-17 17:09:04.317 7 INFO placement.requestlog [None req-cc2e85eb-0f82-4eff-b014-3385f2804647 936aaf4c883c429f8d87fa90f84e9d94 9b1883fa294f4bfab43fba282329c1af - - 5e9c0c43af26453c88be1a57534c75db 5e9c0c43af26453c88be1a57534c75db] 10.0.0.9 "DELETE /resource_providers/1392c8e7-c298-4afc-b52a-d13196510dea" status: 404 len: 246 microversion: 1.1 [pid: 7|app: 0|req: 467/936] 10.0.0.9 () {34 vars in 814 bytes} [Fri Jul 17 17:09:04 2026] DELETE /resource_providers/1392c8e7-c298-4afc-b52a-d13196510dea => generated 246 bytes in 7 msecs (HTTP/1.1 404) 6 headers in 231 bytes (1 switches on core 0)
2026-07-17 17:09:04.324 8 INFO placement.requestlog [None req-7cdeaec2-5186-48b7-9c5d-e31b2afd7e4f 936aaf4c883c429f8d87fa90f84e9d94 9b1883fa294f4bfab43fba282329c1af - - 5e9c0c43af26453c88be1a57534c75db 5e9c0c43af26453c88be1a57534c75db] 10.0.0.9 "DELETE /resource_providers/1392c8e7-c298-4afc-b52a-d13196510dea" status: 404 len: 246 microversion: 1.1 [pid: 8|app: 0|req: 470/937] 10.0.0.9 () {34 vars in 814 bytes} [Fri Jul 17 17:09:04 2026] DELETE /resource_providers/1392c8e7-c298-4afc-b52a-d13196510dea => generated 246 bytes in 8 msecs (HTTP/1.1 404) 6 headers in 231 bytes (1 switches on core 0)
2026-07-17 17:09:06.033 7 INFO placement.requestlog [req-d57be5b2-d662-426d-8bf0-68d8ddc62604 req-157ae00e-9c99-4e4b-bfff-8eb7a6268b79 bdb2e30dfcca45cb9c7362c02d93b678 9b1883fa294f4bfab43fba282329c1af - - 5e9c0c43af26453c88be1a57534c75db 5e9c0c43af26453c88be1a57534c75db] 10.0.0.243 "GET /allocation_candidates?limit=1000&resources=DISK_GB%3A1%2CMEMORY_MB%3A512%2CVCPU%3A1&root_required=%21COMPUTE_STATUS_DISABLED" status: 200 len: 2781 microversion: 1.36 [pid: 7|app: 0|req: 468/938] 10.0.0.243 () {34 vars in 1012 bytes} [Fri Jul 17 17:09:05 2026] GET /allocation_candidates?limit=1000&resources=DISK_GB%3A1%2CMEMORY_MB%3A512%2CVCPU%3A1&root_required=%21COMPUTE_STATUS_DISABLED => generated 2781 bytes in 60 msecs (HTTP/1.1 200) 8 headers in 297 bytes (1 switches on core 0)
2026-07-17 17:09:06.093 8 INFO placement.requestlog [req-d57be5b2-d662-426d-8bf0-68d8ddc62604 req-94ba7b50-8eb0-494a-88e2-2803b165054e bdb2e30dfcca45cb9c7362c02d93b678 9b1883fa294f4bfab43fba282329c1af - - 5e9c0c43af26453c88be1a57534c75db 5e9c0c43af26453c88be1a57534c75db] 10.0.0.243 "GET /allocations/76de8917-1122-4feb-b053-4e01a24cca24" status: 200 len: 19 microversion: 1.28 [pid: 8|app: 0|req: 471/939] 10.0.0.243 () {34 vars in 861 bytes} [Fri Jul 17 17:09:06 2026] GET /allocations/76de8917-1122-4feb-b053-4e01a24cca24 => generated 19 bytes in 15 msecs (HTTP/1.1 200) 8 headers in 295 bytes (1 switches on core 0)
2026-07-17 17:09:06.190 7 INFO placement.requestlog [req-d57be5b2-d662-426d-8bf0-68d8ddc62604 req-da687d15-2565-4625-8a4a-2d8ffc506254 bdb2e30dfcca45cb9c7362c02d93b678 9b1883fa294f4bfab43fba282329c1af - - 5e9c0c43af26453c88be1a57534c75db 5e9c0c43af26453c88be1a57534c75db] 10.0.0.243 "PUT /allocations/76de8917-1122-4feb-b053-4e01a24cca24" status: 204 len: 0 microversion: 1.36 [pid: 7|app: 0|req: 469/940] 10.0.0.243 () {38 vars in 914 bytes} [Fri Jul 17 17:09:06 2026] PUT /allocations/76de8917-1122-4feb-b053-4e01a24cca24 => generated 0 bytes in 89 msecs (HTTP/1.1 204) 5 headers in 199 bytes (1 switches on core 0)
2026-07-17 17:09:07.671 8 INFO placement.requestlog [req-d57be5b2-d662-426d-8bf0-68d8ddc62604 req-34bc2ff6-9176-464a-a210-aa940670dc8a bdb2e30dfcca45cb9c7362c02d93b678 9b1883fa294f4bfab43fba282329c1af - - 5e9c0c43af26453c88be1a57534c75db 5e9c0c43af26453c88be1a57534c75db] 199.19.213.67 "GET /allocations/76de8917-1122-4feb-b053-4e01a24cca24" status: 200 len: 257 microversion: 1.28 [pid: 8|app: 0|req: 472/941] 199.19.213.67 () {34 vars in 862 bytes} [Fri Jul 17 17:09:07 2026] GET /allocations/76de8917-1122-4feb-b053-4e01a24cca24 => generated 257 bytes in 15 msecs (HTTP/1.1 200) 8 headers in 296 bytes (1 switches on core 0)
2026-07-17 17:09:08.332 7 INFO placement.requestlog [None req-c047275d-8801-4f95-bec4-0097a704e067 - - - - - -] 10.0.0.58 "GET /" status: 200 len: 136 microversion: 1.0
2026-07-17 17:09:08.335 8 INFO placement.requestlog [None req-52be22a3-44ce-41da-90cd-4923668a02bf - - - - - -] 10.0.0.58 "GET /" status: 200 len: 136 microversion: 1.0
2026-07-17 17:09:08.725 7 INFO placement.requestlog [req-d57be5b2-d662-426d-8bf0-68d8ddc62604 req-aca3a2ae-b7f7-4046-82e9-ee3ad88eea6d bdb2e30dfcca45cb9c7362c02d93b678 9b1883fa294f4bfab43fba282329c1af - - 5e9c0c43af26453c88be1a57534c75db 5e9c0c43af26453c88be1a57534c75db] 199.19.213.67 "GET /resource_providers/35a135c7-d7b1-45a0-81f2-ab61dc444a41/allocations" status: 200 len: 152 microversion: 1.0 [pid: 7|app: 0|req: 471/944] 199.19.213.67 () {32 vars in 856 bytes} [Fri Jul 17 17:09:08 2026] GET /resource_providers/35a135c7-d7b1-45a0-81f2-ab61dc444a41/allocations => generated 152 bytes in 29 msecs (HTTP/1.1 200) 6 headers in 224 bytes (1 switches on core 0)
2026-07-17 17:09:08.745 8 INFO placement.requestlog [req-d57be5b2-d662-426d-8bf0-68d8ddc62604 req-15ffd45c-8d42-4377-a169-2f0261b0919c bdb2e30dfcca45cb9c7362c02d93b678 9b1883fa294f4bfab43fba282329c1af - - 5e9c0c43af26453c88be1a57534c75db 5e9c0c43af26453c88be1a57534c75db] 199.19.213.67 "GET /allocations/76de8917-1122-4feb-b053-4e01a24cca24" status: 200 len: 257 microversion: 1.28 [pid: 8|app: 0|req: 474/945] 199.19.213.67 () {34 vars in 862 bytes} [Fri Jul 17 17:09:08 2026] GET /allocations/76de8917-1122-4feb-b053-4e01a24cca24 => generated 257 bytes in 13 msecs (HTTP/1.1 200) 8 headers in 296 bytes (1 switches on core 0)
2026-07-17 17:09:13.175 7 INFO placement.requestlog [None req-0a3bceb2-8f5c-4802-9d8a-661ddabe7b54 936aaf4c883c429f8d87fa90f84e9d94 9b1883fa294f4bfab43fba282329c1af - - 5e9c0c43af26453c88be1a57534c75db 5e9c0c43af26453c88be1a57534c75db] 10.0.0.9 "GET /resource_providers/a20b52d5-b7ae-4eb8-be04-34995eb91abd/aggregates" status: 404 len: 235 microversion: 1.1 [pid: 7|app: 0|req: 472/946] 10.0.0.9 () {32 vars in 814 bytes} [Fri Jul 17 17:09:13 2026] GET /resource_providers/a20b52d5-b7ae-4eb8-be04-34995eb91abd/aggregates => generated 235 bytes in 10 msecs (HTTP/1.1 404) 5 headers in 202 bytes (1 switches on core 0)
2026-07-17 17:09:13.177 8 INFO placement.requestlog [None req-c5fd5113-a68a-48a2-92ab-a1a7247752a3 936aaf4c883c429f8d87fa90f84e9d94 9b1883fa294f4bfab43fba282329c1af - - 5e9c0c43af26453c88be1a57534c75db 5e9c0c43af26453c88be1a57534c75db] 10.0.0.9 "GET /resource_providers/a20b52d5-b7ae-4eb8-be04-34995eb91abd/aggregates" status: 404 len: 235 microversion: 1.1 [pid: 8|app: 0|req: 475/947] 10.0.0.9 () {32 vars in 814 bytes} [Fri Jul 17 17:09:13 2026] GET /resource_providers/a20b52d5-b7ae-4eb8-be04-34995eb91abd/aggregates => generated 235 bytes in 12 msecs (HTTP/1.1 404) 5 headers in 202 bytes (1 switches on core 0)
2026-07-17 17:09:13.198 7 INFO placement.requestlog [None req-eda087cd-eb8a-43f1-8196-7b481247636c 936aaf4c883c429f8d87fa90f84e9d94 9b1883fa294f4bfab43fba282329c1af - - 5e9c0c43af26453c88be1a57534c75db 5e9c0c43af26453c88be1a57534c75db] 10.0.0.9 "DELETE /resource_providers/a20b52d5-b7ae-4eb8-be04-34995eb91abd" status: 404 len: 246 microversion: 1.1 [pid: 7|app: 0|req: 473/948] 10.0.0.9 () {34 vars in 814 bytes} [Fri Jul 17 17:09:13 2026] DELETE /resource_providers/a20b52d5-b7ae-4eb8-be04-34995eb91abd => generated 246 bytes in 10 msecs (HTTP/1.1 404) 6 headers in 231 bytes (1 switches on core 0)
2026-07-17 17:09:13.200 8 INFO placement.requestlog [None req-56a0ceff-a604-4d76-9d17-d160f2b1ff91 936aaf4c883c429f8d87fa90f84e9d94 9b1883fa294f4bfab43fba282329c1af - - 5e9c0c43af26453c88be1a57534c75db 5e9c0c43af26453c88be1a57534c75db] 10.0.0.9 "DELETE /resource_providers/a20b52d5-b7ae-4eb8-be04-34995eb91abd" status: 404 len: 246 microversion: 1.1 [pid: 8|app: 0|req: 476/949] 10.0.0.9 () {34 vars in 814 bytes} [Fri Jul 17 17:09:13 2026] DELETE /resource_providers/a20b52d5-b7ae-4eb8-be04-34995eb91abd => generated 246 bytes in 10 msecs (HTTP/1.1 404) 6 headers in 231 bytes (1 switches on core 0)
