+ COMMAND=start + start + for KEYSTONE_WSGI_SCRIPT in keystone-wsgi-public ++ type -p keystone-wsgi-public + cp -a /var/lib/openstack/bin/keystone-wsgi-public /var/www/cgi-bin/keystone/ + '[' -f /etc/apache2/envvars ']' + source /etc/apache2/envvars ++ unset HOME ++ '[' '' '!=' '' ']' ++ SUFFIX= ++ export APACHE_RUN_USER=www-data ++ APACHE_RUN_USER=www-data ++ export APACHE_RUN_GROUP=www-data ++ APACHE_RUN_GROUP=www-data ++ export APACHE_PID_FILE=/var/run/apache2/apache2.pid ++ APACHE_PID_FILE=/var/run/apache2/apache2.pid ++ export APACHE_RUN_DIR=/var/run/apache2 ++ APACHE_RUN_DIR=/var/run/apache2 ++ export APACHE_LOCK_DIR=/var/lock/apache2 ++ APACHE_LOCK_DIR=/var/lock/apache2 ++ export APACHE_LOG_DIR=/var/log/apache2 ++ APACHE_LOG_DIR=/var/log/apache2 ++ export LANG=C ++ LANG=C ++ export LANG + '[' -f /var/run/apache2/apache2.pid ']' + exec apache2 -DFOREGROUND AH00558: apache2: Could not reliably determine the server's fully qualified domain name, using 10.0.0.63. Set the 'ServerName' directive globally to suppress this message AH00558: apache2: Could not reliably determine the server's fully qualified domain name, using 10.0.0.63. Set the 'ServerName' directive globally to suppress this message
[Fri Jul 17 12:52:17.197872 2026] [mpm_event:notice] [pid 1:tid 140642482771840] AH00489: Apache/2.4.58 (Ubuntu) mod_wsgi/5.0.0 Python/3.12 configured -- resuming normal operations
[Fri Jul 17 12:52:17.197970 2026] [core:notice] [pid 1:tid 140642482771840] AH00094: Command line: 'apache2 -D FOREGROUND'
[Fri Jul 17 12:53:16.005008 2026] [wsgi:error] [pid 12:tid 140641844950720] /var/lib/openstack/lib/python3.12/site-packages/oslo_utils/importutils.py:77: EventletDeprecationWarning:
[Fri Jul 17 12:53:16.005056 2026] [wsgi:error] [pid 12:tid 140641844950720] Eventlet is deprecated. It is currently being maintained in bugfix mode, and
[Fri Jul 17 12:53:16.005058 2026] [wsgi:error] [pid 12:tid 140641844950720] we strongly recommend against using it for new projects.
[Fri Jul 17 12:53:16.005060 2026] [wsgi:error] [pid 12:tid 140641844950720]
[Fri Jul 17 12:53:16.005061 2026] [wsgi:error] [pid 12:tid 140641844950720] If you are already using Eventlet, we recommend migrating to a different
[Fri Jul 17 12:53:16.005062 2026] [wsgi:error] [pid 12:tid 140641844950720] framework. For more detail see
[Fri Jul 17 12:53:16.005063 2026] [wsgi:error] [pid 12:tid 140641844950720] https://eventlet.readthedocs.io/en/latest/asyncio/migration.html
[Fri Jul 17 12:53:16.005064 2026] [wsgi:error] [pid 12:tid 140641844950720]
[Fri Jul 17 12:53:16.005065 2026] [wsgi:error] [pid 12:tid 140641844950720] __import__(import_str)
[Fri Jul 17 12:53:16.062212 2026] [wsgi:error] [pid 10:tid 140641844950720] /var/lib/openstack/lib/python3.12/site-packages/oslo_utils/importutils.py:77: EventletDeprecationWarning:
[Fri Jul 17 12:53:16.062259 2026] [wsgi:error] [pid 10:tid 140641844950720] Eventlet is deprecated. It is currently being maintained in bugfix mode, and
[Fri Jul 17 12:53:16.062262 2026] [wsgi:error] [pid 10:tid 140641844950720] we strongly recommend against using it for new projects.
[Fri Jul 17 12:53:16.062264 2026] [wsgi:error] [pid 10:tid 140641844950720]
[Fri Jul 17 12:53:16.062265 2026] [wsgi:error] [pid 10:tid 140641844950720] If you are already using Eventlet, we recommend migrating to a different
[Fri Jul 17 12:53:16.062266 2026] [wsgi:error] [pid 10:tid 140641844950720] framework. For more detail see
[Fri Jul 17 12:53:16.062267 2026] [wsgi:error] [pid 10:tid 140641844950720] https://eventlet.readthedocs.io/en/latest/asyncio/migration.html
[Fri Jul 17 12:53:16.062268 2026] [wsgi:error] [pid 10:tid 140641844950720]
[Fri Jul 17 12:53:16.062269 2026] [wsgi:error] [pid 10:tid 140641844950720] __import__(import_str) 10.0.0.252 - - [17/Jul/2026:12:53:15 +0000] "GET /v3/ HTTP/1.1" 200 249 10.0.0.252 - - [17/Jul/2026:12:53:15 +0000] "GET /v3/ HTTP/1.1" 200 249
[Fri Jul 17 12:53:21.565133 2026] [wsgi:error] [pid 11:tid 140641844950720] /var/lib/openstack/lib/python3.12/site-packages/oslo_utils/importutils.py:77: EventletDeprecationWarning:
[Fri Jul 17 12:53:21.565183 2026] [wsgi:error] [pid 11:tid 140641844950720] Eventlet is deprecated. It is currently being maintained in bugfix mode, and
[Fri Jul 17 12:53:21.565185 2026] [wsgi:error] [pid 11:tid 140641844950720] we strongly recommend against using it for new projects.
[Fri Jul 17 12:53:21.565186 2026] [wsgi:error] [pid 11:tid 140641844950720]
[Fri Jul 17 12:53:21.565187 2026] [wsgi:error] [pid 11:tid 140641844950720] If you are already using Eventlet, we recommend migrating to a different
[Fri Jul 17 12:53:21.565189 2026] [wsgi:error] [pid 11:tid 140641844950720] framework. For more detail see
[Fri Jul 17 12:53:21.565190 2026] [wsgi:error] [pid 11:tid 140641844950720] https://eventlet.readthedocs.io/en/latest/asyncio/migration.html
[Fri Jul 17 12:53:21.565191 2026] [wsgi:error] [pid 11:tid 140641844950720]
[Fri Jul 17 12:53:21.565192 2026] [wsgi:error] [pid 11:tid 140641844950720] __import__(import_str) 10.0.0.252 - - [17/Jul/2026:12:53:20 +0000] "GET /v3/ HTTP/1.1" 200 249
[Fri Jul 17 12:53:28.293783 2026] [wsgi:error] [pid 9:tid 140641844950720] /var/lib/openstack/lib/python3.12/site-packages/oslo_utils/importutils.py:77: EventletDeprecationWarning:
[Fri Jul 17 12:53:28.293815 2026] [wsgi:error] [pid 9:tid 140641844950720] Eventlet is deprecated. It is currently being maintained in bugfix mode, and
[Fri Jul 17 12:53:28.293817 2026] [wsgi:error] [pid 9:tid 140641844950720] we strongly recommend against using it for new projects.
[Fri Jul 17 12:53:28.293819 2026] [wsgi:error] [pid 9:tid 140641844950720]
[Fri Jul 17 12:53:28.293820 2026] [wsgi:error] [pid 9:tid 140641844950720] If you are already using Eventlet, we recommend migrating to a different
[Fri Jul 17 12:53:28.293821 2026] [wsgi:error] [pid 9:tid 140641844950720] framework. For more detail see
[Fri Jul 17 12:53:28.293822 2026] [wsgi:error] [pid 9:tid 140641844950720] https://eventlet.readthedocs.io/en/latest/asyncio/migration.html
[Fri Jul 17 12:53:28.293823 2026] [wsgi:error] [pid 9:tid 140641844950720]
[Fri Jul 17 12:53:28.293824 2026] [wsgi:error] [pid 9:tid 140641844950720] __import__(import_str) 10.0.0.20 - - [17/Jul/2026:12:53:27 +0000] "GET / HTTP/1.1" 300 295
[Fri Jul 17 12:53:33.059756 2026] [wsgi:error] [pid 10:tid 140641844950720] [remote 10.0.0.20:53678] 2026-07-17 12:53:33.056 10 WARNING keystone.identity.core [None req-b8cbffba-7218-49d5-a32b-8d8e6e69cf2b - - - - - -] Invalid domain name (atmosphere) found in config file name: keystone.exception.DomainNotFound: Could not find domain: atmosphere.
[Fri Jul 17 12:53:33.135415 2026] [wsgi:error] [pid 10:tid 140641844950720] [remote 10.0.0.20:53678] 2026-07-17 12:53:33.134 10 WARNING keystone.common.password_hashing [None req-b8cbffba-7218-49d5-a32b-8d8e6e69cf2b - - - - - -] Truncating password to algorithm specific maximum length 72 characters.
[Fri Jul 17 12:53:33.435861 2026] [wsgi:error] [pid 10:tid 140641844950720] [remote 10.0.0.20:53678] 2026-07-17 12:53:33.435 10 WARNING keystone.common.fernet_utils [None req-b8cbffba-7218-49d5-a32b-8d8e6e69cf2b - - - - - -] key_repository is world readable: /etc/keystone/fernet-keys/ 10.0.0.20 - - [17/Jul/2026:12:53:32 +0000] "POST /v3/auth/tokens HTTP/1.1" 201 1360
[Fri Jul 17 12:53:33.818560 2026] [wsgi:error] [pid 12:tid 140641844950720] [remote 10.0.0.20:53678] 2026-07-17 12:53:33.816 12 WARNING keystone.identity.core [None req-5acb8f2b-8f4f-474d-a76a-506d3f7f6d0e - - - - - -] Invalid domain name (atmosphere) found in config file name: keystone.exception.DomainNotFound: Could not find domain: atmosphere. 10.0.0.20 - - [17/Jul/2026:12:53:33 +0000] "POST /v3/domains HTTP/1.1" 201 261 10.0.0.187 - - [17/Jul/2026:12:53:45 +0000] "GET / HTTP/1.1" 300 295
[Fri Jul 17 12:53:45.976514 2026] [wsgi:error] [pid 9:tid 140641844950720] [remote 10.0.0.187:51464] 2026-07-17 12:53:45.975 9 WARNING keystone.common.password_hashing [None req-406cb0d0-d831-40bb-9b5b-d00009609b2c - - - - - -] Truncating password to algorithm specific maximum length 72 characters.
[Fri Jul 17 12:53:46.249949 2026] [wsgi:error] [pid 9:tid 140641844950720] [remote 10.0.0.187:51464] 2026-07-17 12:53:46.249 9 WARNING keystone.common.fernet_utils [None req-406cb0d0-d831-40bb-9b5b-d00009609b2c - - - - - -] key_repository is world readable: /etc/keystone/fernet-keys/ 10.0.0.187 - - [17/Jul/2026:12:53:45 +0000] "POST /v3/auth/tokens HTTP/1.1" 201 1360 10.0.0.187 - - [17/Jul/2026:12:53:46 +0000] "GET /v3/roles/admin HTTP/1.1" 404 83
[Fri Jul 17 12:53:46.515214 2026] [wsgi:error] [pid 12:tid 140641844950720] [remote 10.0.0.187:51464] 2026-07-17 12:53:46.514 12 WARNING keystone.common.rbac_enforcer.enforcer [None req-d6e901d4-4347-470c-be13-c9b1516513b0 0bad554cc3194169bc222c92fb137d31 e110cec32cf54b26af8816e1d114a3ab - - default default] Deprecated policy rules found. Use oslopolicy-policy-generator and oslopolicy-policy-upgrade to detect and resolve deprecated policies in your configuration. 10.0.0.187 - - [17/Jul/2026:12:53:46 +0000] "GET /v3/roles?name=admin HTTP/1.1" 200 389
[Fri Jul 17 12:53:47.008848 2026] [wsgi:error] [pid 11:tid 140641844950720] [remote 10.0.0.187:51464] 2026-07-17 12:53:47.008 11 WARNING keystone.common.rbac_enforcer.enforcer [None req-39c30590-d801-479a-b50b-67d23143a023 0bad554cc3194169bc222c92fb137d31 e110cec32cf54b26af8816e1d114a3ab - - default default] Deprecated policy rules found. Use oslopolicy-policy-generator and oslopolicy-policy-upgrade to detect and resolve deprecated policies in your configuration. 10.0.0.187 - - [17/Jul/2026:12:53:46 +0000] "GET /v3/users/admin-RegionOne HTTP/1.1" 404 93
[Fri Jul 17 12:53:47.154654 2026] [wsgi:error] [pid 9:tid 140641844950720] [remote 10.0.0.187:51464] 2026-07-17 12:53:47.154 9 WARNING keystone.common.rbac_enforcer.enforcer [None req-6018246b-85dc-4f4f-85fc-70f993016ea3 0bad554cc3194169bc222c92fb137d31 e110cec32cf54b26af8816e1d114a3ab - - default default] Deprecated policy rules found. Use oslopolicy-policy-generator and oslopolicy-policy-upgrade to detect and resolve deprecated policies in your configuration. 10.0.0.187 - - [17/Jul/2026:12:53:47 +0000] "GET /v3/users?name=admin-RegionOne HTTP/1.1" 200 422
[Fri Jul 17 12:53:47.331537 2026] [wsgi:error] [pid 10:tid 140641844950720] [remote 10.0.0.187:51464] 2026-07-17 12:53:47.331 10 WARNING keystone.common.rbac_enforcer.enforcer [None req-ee96117c-c06c-4817-802b-6e39c2720c77 0bad554cc3194169bc222c92fb137d31 e110cec32cf54b26af8816e1d114a3ab - - default default] Deprecated policy rules found. Use oslopolicy-policy-generator and oslopolicy-policy-upgrade to detect and resolve deprecated policies in your configuration. 10.0.0.187 - - [17/Jul/2026:12:53:47 +0000] "GET /v3/domains/default HTTP/1.1" 200 224 10.0.0.187 - - [17/Jul/2026:12:53:47 +0000] "PUT /v3/domains/default/users/0bad554cc3194169bc222c92fb137d31/roles/9787f4e5642e45df8a4182fcafeb281c HTTP/1.1" 204 - 10.0.0.252 - - [17/Jul/2026:12:53:56 +0000] "GET / HTTP/1.1" 300 281 10.0.0.252 - - [17/Jul/2026:12:53:57 +0000] "GET /v3 HTTP/1.1" 200 266
[Fri Jul 17 12:53:58.029713 2026] [wsgi:error] [pid 10:tid 140641844950720] [remote 10.0.0.252:36104] 2026-07-17 12:53:58.029 10 WARNING keystone.common.password_hashing [None req-76ec905b-2bd4-499b-884b-da38442b8484 - - - - - -] Truncating password to algorithm specific maximum length 72 characters.
[Fri Jul 17 12:53:58.306648 2026] [wsgi:error] [pid 10:tid 140641844950720] [remote 10.0.0.252:36104] 2026-07-17 12:53:58.306 10 WARNING keystone.common.fernet_utils [None req-76ec905b-2bd4-499b-884b-da38442b8484 - - - - - -] key_repository is world readable: /etc/keystone/fernet-keys/ 10.0.0.252 - - [17/Jul/2026:12:53:57 +0000] "POST /v3/auth/tokens HTTP/1.1" 201 1360 10.0.0.252 - - [17/Jul/2026:12:53:58 +0000] "GET / HTTP/1.1" 300 281 10.0.0.252 - - [17/Jul/2026:12:53:58 +0000] "GET /v3/domains/atmosphere HTTP/1.1" 404 90 10.0.0.252 - - [17/Jul/2026:12:53:58 +0000] "GET /v3/domains?name=atmosphere HTTP/1.1" 200 370 10.0.0.252 - - [17/Jul/2026:12:53:58 +0000] "GET /v3/domains/4e4eb2194e144a689528b2f3bc4840c8 HTTP/1.1" 200 247 10.0.0.252 - - [17/Jul/2026:12:53:59 +0000] "GET /v3 HTTP/1.1" 200 266
[Fri Jul 17 12:53:59.379589 2026] [wsgi:error] [pid 11:tid 140641844950720] [remote 10.0.0.252:36118] 2026-07-17 12:53:59.379 11 WARNING keystone.common.password_hashing [None req-af23c729-c904-4825-9b6a-b3803f9dbfff - - - - - -] Truncating password to algorithm specific maximum length 72 characters.
[Fri Jul 17 12:53:59.660137 2026] [wsgi:error] [pid 11:tid 140641844950720] [remote 10.0.0.252:36118] 2026-07-17 12:53:59.659 11 WARNING keystone.common.fernet_utils [None req-af23c729-c904-4825-9b6a-b3803f9dbfff - - - - - -] key_repository is world readable: /etc/keystone/fernet-keys/ 10.0.0.252 - - [17/Jul/2026:12:53:59 +0000] "POST /v3/auth/tokens HTTP/1.1" 201 1360 10.0.0.252 - - [17/Jul/2026:12:53:59 +0000] "GET / HTTP/1.1" 300 281 10.0.0.252 - - [17/Jul/2026:12:53:59 +0000] "GET /v3/OS-FEDERATION/identity_providers/atmosphere HTTP/1.1" 404 101 10.0.0.252 - - [17/Jul/2026:12:53:59 +0000] "GET /v3/OS-FEDERATION/identity_providers HTTP/1.1" 200 156 10.0.0.252 - - [17/Jul/2026:12:53:59 +0000] "PUT /v3/OS-FEDERATION/identity_providers/atmosphere HTTP/1.1" 201 342 10.0.0.252 - - [17/Jul/2026:12:54:00 +0000] "GET /v3 HTTP/1.1" 200 266
[Fri Jul 17 12:54:00.506569 2026] [wsgi:error] [pid 10:tid 140641844950720] [remote 10.0.0.252:36118] 2026-07-17 12:54:00.506 10 WARNING keystone.common.password_hashing [None req-0297e1cf-c9a9-4104-9a17-27a46a0d37bf - - - - - -] Truncating password to algorithm specific maximum length 72 characters.
[Fri Jul 17 12:54:00.781090 2026] [wsgi:error] [pid 10:tid 140641844950720] [remote 10.0.0.252:36118] 2026-07-17 12:54:00.780 10 WARNING keystone.common.fernet_utils [None req-0297e1cf-c9a9-4104-9a17-27a46a0d37bf - - - - - -] key_repository is world readable: /etc/keystone/fernet-keys/ 10.0.0.252 - - [17/Jul/2026:12:54:00 +0000] "POST /v3/auth/tokens HTTP/1.1" 201 1360 10.0.0.252 - - [17/Jul/2026:12:54:00 +0000] "GET / HTTP/1.1" 300 281 10.0.0.252 - - [17/Jul/2026:12:54:00 +0000] "GET /v3/OS-FEDERATION/mappings/atmosphere-openid HTTP/1.1" 404 98 10.0.0.252 - - [17/Jul/2026:12:54:00 +0000] "GET /v3/OS-FEDERATION/mappings HTTP/1.1" 200 136 10.0.0.252 - - [17/Jul/2026:12:54:00 +0000] "PUT /v3/OS-FEDERATION/mappings/atmosphere-openid HTTP/1.1" 201 357 10.0.0.252 - - [17/Jul/2026:12:54:01 +0000] "GET /v3 HTTP/1.1" 200 266
[Fri Jul 17 12:54:01.614306 2026] [wsgi:error] [pid 11:tid 140641844950720] [remote 10.0.0.252:36118] 2026-07-17 12:54:01.614 11 WARNING keystone.common.password_hashing [None req-947d4e8e-4dc8-47c4-93a9-cceba377445b - - - - - -] Truncating password to algorithm specific maximum length 72 characters.
[Fri Jul 17 12:54:01.892608 2026] [wsgi:error] [pid 11:tid 140641844950720] [remote 10.0.0.252:36118] 2026-07-17 12:54:01.892 11 WARNING keystone.common.fernet_utils [None req-947d4e8e-4dc8-47c4-93a9-cceba377445b - - - - - -] key_repository is world readable: /etc/keystone/fernet-keys/ 10.0.0.252 - - [17/Jul/2026:12:54:01 +0000] "POST /v3/auth/tokens HTTP/1.1" 201 1360 10.0.0.252 - - [17/Jul/2026:12:54:01 +0000] "GET / HTTP/1.1" 300 281 10.0.0.252 - - [17/Jul/2026:12:54:01 +0000] "GET /v3/OS-FEDERATION/identity_providers/atmosphere/protocols/openid?idp_id=atmosphere HTTP/1.1" 404 131 10.0.0.252 - - [17/Jul/2026:12:54:01 +0000] "GET /v3/OS-FEDERATION/identity_providers/atmosphere/protocols HTTP/1.1" 200 168 10.0.0.252 - - [17/Jul/2026:12:54:01 +0000] "PUT /v3/OS-FEDERATION/identity_providers/atmosphere/protocols/openid HTTP/1.1" 201 224 10.0.0.252 - - [17/Jul/2026:12:54:15 +0000] "GET /v3/ HTTP/1.1" 200 249 10.0.0.252 - - [17/Jul/2026:12:54:15 +0000] "GET /v3/ HTTP/1.1" 200 249 10.0.0.252 - - [17/Jul/2026:12:55:15 +0000] "GET /v3/ HTTP/1.1" 200 249 10.0.0.252 - - [17/Jul/2026:12:55:15 +0000] "GET /v3/ HTTP/1.1" 200 249 10.0.0.221 - - [17/Jul/2026:12:55:24 +0000] "GET / HTTP/1.1" 300 295
[Fri Jul 17 12:55:24.599249 2026] [wsgi:error] [pid 10:tid 140641844950720] [remote 10.0.0.221:51232] 2026-07-17 12:55:24.599 10 WARNING keystone.common.password_hashing [None req-26b7b5bf-ba72-4714-a684-80ca6da517e3 - - - - - -] Truncating password to algorithm specific maximum length 72 characters.
[Fri Jul 17 12:55:24.876696 2026] [wsgi:error] [pid 10:tid 140641844950720] [remote 10.0.0.221:51232] 2026-07-17 12:55:24.876 10 WARNING keystone.common.fernet_utils [None req-26b7b5bf-ba72-4714-a684-80ca6da517e3 - - - - - -] key_repository is world readable: /etc/keystone/fernet-keys/ 10.0.0.221 - - [17/Jul/2026:12:55:24 +0000] "POST /v3/auth/tokens HTTP/1.1" 201 1360 10.0.0.221 - - [17/Jul/2026:12:55:24 +0000] "GET /v3/services HTTP/1.1" 200 355 10.0.0.221 - - [17/Jul/2026:12:55:28 +0000] "GET / HTTP/1.1" 300 295
[Fri Jul 17 12:55:28.579327 2026] [wsgi:error] [pid 9:tid 140641844950720] [remote 10.0.0.221:53648] 2026-07-17 12:55:28.579 9 WARNING keystone.common.password_hashing [None req-03584c4c-09b1-4f51-93ec-52aa9dcedeb1 - - - - - -] Truncating password to algorithm specific maximum length 72 characters.
[Fri Jul 17 12:55:28.854506 2026] [wsgi:error] [pid 9:tid 140641844950720] [remote 10.0.0.221:53648] 2026-07-17 12:55:28.854 9 WARNING keystone.common.fernet_utils [None req-03584c4c-09b1-4f51-93ec-52aa9dcedeb1 - - - - - -] key_repository is world readable: /etc/keystone/fernet-keys/ 10.0.0.221 - - [17/Jul/2026:12:55:28 +0000] "POST /v3/auth/tokens HTTP/1.1" 201 1360 10.0.0.221 - - [17/Jul/2026:12:55:28 +0000] "GET /v3/services HTTP/1.1" 200 355 10.0.0.221 - - [17/Jul/2026:12:55:32 +0000] "GET / HTTP/1.1" 300 295
[Fri Jul 17 12:55:32.701773 2026] [wsgi:error] [pid 11:tid 140641844950720] [remote 10.0.0.221:53654] 2026-07-17 12:55:32.701 11 WARNING keystone.common.password_hashing [None req-d5f36e56-308f-405e-bc5e-a4bcd0dad964 - - - - - -] Truncating password to algorithm specific maximum length 72 characters.
[Fri Jul 17 12:55:32.987329 2026] [wsgi:error] [pid 11:tid 140641844950720] [remote 10.0.0.221:53654] 2026-07-17 12:55:32.987 11 WARNING keystone.common.fernet_utils [None req-d5f36e56-308f-405e-bc5e-a4bcd0dad964 - - - - - -] key_repository is world readable: /etc/keystone/fernet-keys/ 10.0.0.221 - - [17/Jul/2026:12:55:32 +0000] "POST /v3/auth/tokens HTTP/1.1" 201 1360 10.0.0.221 - - [17/Jul/2026:12:55:33 +0000] "GET /v3/services HTTP/1.1" 200 355 10.0.0.221 - - [17/Jul/2026:12:55:36 +0000] "GET / HTTP/1.1" 300 295
[Fri Jul 17 12:55:36.714441 2026] [wsgi:error] [pid 12:tid 140641844950720] [remote 10.0.0.221:38560] 2026-07-17 12:55:36.714 12 WARNING keystone.common.password_hashing [None req-05fdbf31-9b41-4e2b-bc14-ebcb0807b0fc - - - - - -] Truncating password to algorithm specific maximum length 72 characters.
[Fri Jul 17 12:55:36.988374 2026] [wsgi:error] [pid 12:tid 140641844950720] [remote 10.0.0.221:38560] 2026-07-17 12:55:36.988 12 WARNING keystone.common.fernet_utils [None req-05fdbf31-9b41-4e2b-bc14-ebcb0807b0fc - - - - - -] key_repository is world readable: /etc/keystone/fernet-keys/ 10.0.0.221 - - [17/Jul/2026:12:55:36 +0000] "POST /v3/auth/tokens HTTP/1.1" 201 1360 10.0.0.221 - - [17/Jul/2026:12:55:37 +0000] "POST /v3/services HTTP/1.1" 201 296 10.0.0.156 - - [17/Jul/2026:12:55:48 +0000] "GET / HTTP/1.1" 300 295
[Fri Jul 17 12:55:48.997185 2026] [wsgi:error] [pid 10:tid 140641844950720] [remote 10.0.0.156:47794] 2026-07-17 12:55:48.997 10 WARNING keystone.common.password_hashing [None req-f786144e-fcc5-4f58-bcd8-4bd3afba3068 - - - - - -] Truncating password to algorithm specific maximum length 72 characters. 10.0.0.156 - - [17/Jul/2026:12:55:49 +0000] "GET / HTTP/1.1" 300 295
[Fri Jul 17 12:55:49.048792 2026] [wsgi:error] [pid 11:tid 140641844950720] [remote 10.0.0.156:47800] 2026-07-17 12:55:49.048 11 WARNING keystone.common.password_hashing [None req-d5d2d694-0ff4-4e41-8c11-643af8befe5b - - - - - -] Truncating password to algorithm specific maximum length 72 characters. 10.0.0.156 - - [17/Jul/2026:12:55:49 +0000] "GET / HTTP/1.1" 300 295
[Fri Jul 17 12:55:49.177629 2026] [wsgi:error] [pid 12:tid 140641844950720] [remote 10.0.0.156:47812] 2026-07-17 12:55:49.177 12 WARNING keystone.common.password_hashing [None req-74a8a310-1938-41e4-a2b1-20adb71c01b4 - - - - - -] Truncating password to algorithm specific maximum length 72 characters.
[Fri Jul 17 12:55:49.271153 2026] [wsgi:error] [pid 10:tid 140641844950720] [remote 10.0.0.156:47794] 2026-07-17 12:55:49.270 10 WARNING keystone.common.fernet_utils [None req-f786144e-fcc5-4f58-bcd8-4bd3afba3068 - - - - - -] key_repository is world readable: /etc/keystone/fernet-keys/ 10.0.0.156 - - [17/Jul/2026:12:55:48 +0000] "POST /v3/auth/tokens HTTP/1.1" 201 1464
[Fri Jul 17 12:55:49.355922 2026] [wsgi:error] [pid 11:tid 140641844950720] [remote 10.0.0.156:47800] 2026-07-17 12:55:49.355 11 WARNING keystone.common.fernet_utils [None req-d5d2d694-0ff4-4e41-8c11-643af8befe5b - - - - - -] key_repository is world readable: /etc/keystone/fernet-keys/ 10.0.0.156 - - [17/Jul/2026:12:55:49 +0000] "POST /v3/auth/tokens HTTP/1.1" 201 1464 10.0.0.156 - - [17/Jul/2026:12:55:49 +0000] "GET /v3/services HTTP/1.1" 200 639
[Fri Jul 17 12:55:49.490204 2026] [wsgi:error] [pid 12:tid 140641844950720] [remote 10.0.0.156:47812] 2026-07-17 12:55:49.490 12 WARNING keystone.common.fernet_utils [None req-74a8a310-1938-41e4-a2b1-20adb71c01b4 - - - - - -] key_repository is world readable: /etc/keystone/fernet-keys/ 10.0.0.156 - - [17/Jul/2026:12:55:49 +0000] "POST /v3/auth/tokens HTTP/1.1" 201 1464 10.0.0.156 - - [17/Jul/2026:12:55:49 +0000] "GET /v3/services HTTP/1.1" 200 639 10.0.0.156 - - [17/Jul/2026:12:55:49 +0000] "GET /v3/services HTTP/1.1" 200 639 10.0.0.156 - - [17/Jul/2026:12:55:51 +0000] "GET / HTTP/1.1" 300 295
[Fri Jul 17 12:55:51.185319 2026] [wsgi:error] [pid 12:tid 140641844950720] [remote 10.0.0.156:47814] 2026-07-17 12:55:51.185 12 WARNING keystone.common.password_hashing [None req-055c8f89-417b-4226-8722-dfaa21991099 - - - - - -] Truncating password to algorithm specific maximum length 72 characters. 10.0.0.156 - - [17/Jul/2026:12:55:51 +0000] "GET / HTTP/1.1" 300 295
[Fri Jul 17 12:55:51.315565 2026] [wsgi:error] [pid 11:tid 140641844950720] [remote 10.0.0.156:47826] 2026-07-17 12:55:51.315 11 WARNING keystone.common.password_hashing [None req-76532f2e-2458-423c-a596-d4c646b277d8 - - - - - -] Truncating password to algorithm specific maximum length 72 characters. 10.0.0.156 - - [17/Jul/2026:12:55:51 +0000] "GET / HTTP/1.1" 300 295
[Fri Jul 17 12:55:51.385236 2026] [wsgi:error] [pid 9:tid 140641844950720] [remote 10.0.0.156:47832] 2026-07-17 12:55:51.385 9 WARNING keystone.common.password_hashing [None req-21c2631e-dbba-47ca-8347-45c567b2c82b - - - - - -] Truncating password to algorithm specific maximum length 72 characters.
[Fri Jul 17 12:55:51.466939 2026] [wsgi:error] [pid 12:tid 140641844950720] [remote 10.0.0.156:47814] 2026-07-17 12:55:51.466 12 WARNING keystone.common.fernet_utils [None req-055c8f89-417b-4226-8722-dfaa21991099 - - - - - -] key_repository is world readable: /etc/keystone/fernet-keys/ 10.0.0.156 - - [17/Jul/2026:12:55:51 +0000] "POST /v3/auth/tokens HTTP/1.1" 201 1464
[Fri Jul 17 12:55:51.600409 2026] [wsgi:error] [pid 11:tid 140641844950720] [remote 10.0.0.156:47826] 2026-07-17 12:55:51.600 11 WARNING keystone.common.fernet_utils [None req-76532f2e-2458-423c-a596-d4c646b277d8 - - - - - -] key_repository is world readable: /etc/keystone/fernet-keys/ 10.0.0.156 - - [17/Jul/2026:12:55:51 +0000] "POST /v3/auth/tokens HTTP/1.1" 201 1464 10.0.0.156 - - [17/Jul/2026:12:55:51 +0000] "GET /v3/endpoints HTTP/1.1" 200 1227 10.0.0.156 - - [17/Jul/2026:12:55:51 +0000] "GET /v3/services/b6f55ef82ef64ea2946202bee196d87d HTTP/1.1" 200 233 10.0.0.156 - - [17/Jul/2026:12:55:51 +0000] "GET /v3/services/b6f55ef82ef64ea2946202bee196d87d HTTP/1.1" 200 233
[Fri Jul 17 12:55:51.686363 2026] [wsgi:error] [pid 9:tid 140641844950720] [remote 10.0.0.156:47832] 2026-07-17 12:55:51.686 9 WARNING keystone.common.fernet_utils [None req-21c2631e-dbba-47ca-8347-45c567b2c82b - - - - - -] key_repository is world readable: /etc/keystone/fernet-keys/ 10.0.0.156 - - [17/Jul/2026:12:55:51 +0000] "POST /v3/auth/tokens HTTP/1.1" 201 1464 10.0.0.156 - - [17/Jul/2026:12:55:51 +0000] "GET /v3/services/b6f55ef82ef64ea2946202bee196d87d HTTP/1.1" 200 233 10.0.0.156 - - [17/Jul/2026:12:55:51 +0000] "GET /v3/endpoints HTTP/1.1" 200 1227 10.0.0.156 - - [17/Jul/2026:12:55:51 +0000] "GET /v3/services/b6f55ef82ef64ea2946202bee196d87d HTTP/1.1" 200 233 10.0.0.156 - - [17/Jul/2026:12:55:51 +0000] "GET /v3/endpoints HTTP/1.1" 200 1227 10.0.0.156 - - [17/Jul/2026:12:55:51 +0000] "GET /v3/services/b6f55ef82ef64ea2946202bee196d87d HTTP/1.1" 200 233 10.0.0.156 - - [17/Jul/2026:12:55:51 +0000] "GET /v3/services/b6f55ef82ef64ea2946202bee196d87d HTTP/1.1" 200 233 10.0.0.156 - - [17/Jul/2026:12:55:51 +0000] "GET /v3/services/b6f55ef82ef64ea2946202bee196d87d HTTP/1.1" 200 233 10.0.0.156 - - [17/Jul/2026:12:55:51 +0000] "GET /v3/services/b6f55ef82ef64ea2946202bee196d87d HTTP/1.1" 200 233 10.0.0.156 - - [17/Jul/2026:12:55:51 +0000] "GET /v3/services/b6f55ef82ef64ea2946202bee196d87d HTTP/1.1" 200 233 10.0.0.156 - - [17/Jul/2026:12:55:53 +0000] "GET / HTTP/1.1" 300 295
[Fri Jul 17 12:55:53.352548 2026] [wsgi:error] [pid 11:tid 140641844950720] [remote 10.0.0.156:47848] 2026-07-17 12:55:53.352 11 WARNING keystone.common.password_hashing [None req-6d382c7e-8782-4f3d-82bf-d1a6876694a9 - - - - - -] Truncating password to algorithm specific maximum length 72 characters. 10.0.0.156 - - [17/Jul/2026:12:55:53 +0000] "GET / HTTP/1.1" 300 295
[Fri Jul 17 12:55:53.472550 2026] [wsgi:error] [pid 10:tid 140641844950720] [remote 10.0.0.156:47860] 2026-07-17 12:55:53.472 10 WARNING keystone.common.password_hashing [None req-a4cdda3f-df2d-4c8c-9948-525111d829c9 - - - - - -] Truncating password to algorithm specific maximum length 72 characters. 10.0.0.156 - - [17/Jul/2026:12:55:53 +0000] "GET / HTTP/1.1" 300 295
[Fri Jul 17 12:55:53.556866 2026] [wsgi:error] [pid 9:tid 140641844950720] [remote 10.0.0.156:47874] 2026-07-17 12:55:53.556 9 WARNING keystone.common.password_hashing [None req-ed0d2f14-86b7-4bf2-9c3e-43411a774257 - - - - - -] Truncating password to algorithm specific maximum length 72 characters.
[Fri Jul 17 12:55:53.635510 2026] [wsgi:error] [pid 11:tid 140641844950720] [remote 10.0.0.156:47848] 2026-07-17 12:55:53.635 11 WARNING keystone.common.fernet_utils [None req-6d382c7e-8782-4f3d-82bf-d1a6876694a9 - - - - - -] key_repository is world readable: /etc/keystone/fernet-keys/ 10.0.0.156 - - [17/Jul/2026:12:55:53 +0000] "POST /v3/auth/tokens HTTP/1.1" 201 1464
[Fri Jul 17 12:55:53.751290 2026] [wsgi:error] [pid 10:tid 140641844950720] [remote 10.0.0.156:47860] 2026-07-17 12:55:53.751 10 WARNING keystone.common.fernet_utils [None req-a4cdda3f-df2d-4c8c-9948-525111d829c9 - - - - - -] key_repository is world readable: /etc/keystone/fernet-keys/ 10.0.0.156 - - [17/Jul/2026:12:55:53 +0000] "POST /v3/auth/tokens HTTP/1.1" 201 1464 10.0.0.156 - - [17/Jul/2026:12:55:53 +0000] "GET /v3/services/53aa426748354fc18f4376be6728074b HTTP/1.1" 200 296 10.0.0.156 - - [17/Jul/2026:12:55:53 +0000] "GET /v3/regions/RegionOne HTTP/1.1" 200 173
[Fri Jul 17 12:55:53.838855 2026] [wsgi:error] [pid 9:tid 140641844950720] [remote 10.0.0.156:47874] 2026-07-17 12:55:53.838 9 WARNING keystone.common.fernet_utils [None req-ed0d2f14-86b7-4bf2-9c3e-43411a774257 - - - - - -] key_repository is world readable: /etc/keystone/fernet-keys/ 10.0.0.156 - - [17/Jul/2026:12:55:53 +0000] "POST /v3/auth/tokens HTTP/1.1" 201 1464 10.0.0.156 - - [17/Jul/2026:12:55:53 +0000] "GET /v3/services/53aa426748354fc18f4376be6728074b HTTP/1.1" 200 296 10.0.0.156 - - [17/Jul/2026:12:55:53 +0000] "GET /v3/regions/RegionOne HTTP/1.1" 200 173 10.0.0.156 - - [17/Jul/2026:12:55:53 +0000] "POST /v3/endpoints HTTP/1.1" 201 380 10.0.0.156 - - [17/Jul/2026:12:55:53 +0000] "GET /v3/services/53aa426748354fc18f4376be6728074b HTTP/1.1" 200 296 10.0.0.156 - - [17/Jul/2026:12:55:53 +0000] "GET /v3/regions/RegionOne HTTP/1.1" 200 173 10.0.0.156 - - [17/Jul/2026:12:55:53 +0000] "POST /v3/endpoints HTTP/1.1" 201 370 10.0.0.156 - - [17/Jul/2026:12:55:53 +0000] "POST /v3/endpoints HTTP/1.1" 201 383 10.0.0.156 - - [17/Jul/2026:12:55:55 +0000] "GET / HTTP/1.1" 300 295
[Fri Jul 17 12:55:55.633681 2026] [wsgi:error] [pid 11:tid 140641844950720] [remote 10.0.0.156:40568] 2026-07-17 12:55:55.633 11 WARNING keystone.common.password_hashing [None req-1f72ecbd-f32e-496d-9cb1-ffb17c443e8e - - - - - -] Truncating password to algorithm specific maximum length 72 characters. 10.0.0.156 - - [17/Jul/2026:12:55:55 +0000] "GET / HTTP/1.1" 300 295
[Fri Jul 17 12:55:55.762885 2026] [wsgi:error] [pid 9:tid 140641844950720] [remote 10.0.0.156:40572] 2026-07-17 12:55:55.762 9 WARNING keystone.common.password_hashing [None req-3b6b655f-9ea1-405f-a515-1265417ac086 - - - - - -] Truncating password to algorithm specific maximum length 72 characters.
[Fri Jul 17 12:55:55.913311 2026] [wsgi:error] [pid 11:tid 140641844950720] [remote 10.0.0.156:40568] 2026-07-17 12:55:55.913 11 WARNING keystone.common.fernet_utils [None req-1f72ecbd-f32e-496d-9cb1-ffb17c443e8e - - - - - -] key_repository is world readable: /etc/keystone/fernet-keys/ 10.0.0.156 - - [17/Jul/2026:12:55:55 +0000] "POST /v3/auth/tokens HTTP/1.1" 201 1992 10.0.0.156 - - [17/Jul/2026:12:55:55 +0000] "GET / HTTP/1.1" 300 295
[Fri Jul 17 12:55:56.004530 2026] [wsgi:error] [pid 10:tid 140641844950720] [remote 10.0.0.156:40582] 2026-07-17 12:55:56.004 10 WARNING keystone.common.password_hashing [None req-264c875e-0061-45a7-b2ac-6bf9664befc4 - - - - - -] Truncating password to algorithm specific maximum length 72 characters.
[Fri Jul 17 12:55:56.030922 2026] [wsgi:error] [pid 9:tid 140641844950720] [remote 10.0.0.156:40572] 2026-07-17 12:55:56.030 9 WARNING keystone.common.fernet_utils [None req-3b6b655f-9ea1-405f-a515-1265417ac086 - - - - - -] key_repository is world readable: /etc/keystone/fernet-keys/ 10.0.0.156 - - [17/Jul/2026:12:55:55 +0000] "POST /v3/auth/tokens HTTP/1.1" 201 1992 10.0.0.156 - - [17/Jul/2026:12:55:56 +0000] "GET /v3/endpoints/b7462b22ce6144718241099ecf0887e8 HTTP/1.1" 200 380 10.0.0.156 - - [17/Jul/2026:12:55:56 +0000] "GET /v3/services/53aa426748354fc18f4376be6728074b HTTP/1.1" 200 296 10.0.0.156 - - [17/Jul/2026:12:55:56 +0000] "GET /v3/endpoints/098f2e533b954a2da5ca6032e33c443c HTTP/1.1" 200 370 10.0.0.156 - - [17/Jul/2026:12:55:56 +0000] "GET /v3/services/53aa426748354fc18f4376be6728074b HTTP/1.1" 200 296
[Fri Jul 17 12:55:56.282059 2026] [wsgi:error] [pid 10:tid 140641844950720] [remote 10.0.0.156:40582] 2026-07-17 12:55:56.281 10 WARNING keystone.common.fernet_utils [None req-264c875e-0061-45a7-b2ac-6bf9664befc4 - - - - - -] key_repository is world readable: /etc/keystone/fernet-keys/ 10.0.0.156 - - [17/Jul/2026:12:55:55 +0000] "POST /v3/auth/tokens HTTP/1.1" 201 1992 10.0.0.156 - - [17/Jul/2026:12:55:56 +0000] "GET /v3/endpoints/2577a552b7df4b15a4f5d5f8b9c38417 HTTP/1.1" 200 383 10.0.0.156 - - [17/Jul/2026:12:55:56 +0000] "GET /v3/services/53aa426748354fc18f4376be6728074b HTTP/1.1" 200 296 10.0.0.126 - - [17/Jul/2026:12:56:08 +0000] "GET / HTTP/1.1" 300 295
[Fri Jul 17 12:56:08.061189 2026] [wsgi:error] [pid 10:tid 140641844950720] [remote 10.0.0.126:51370] 2026-07-17 12:56:08.060 10 WARNING keystone.common.password_hashing [None req-76b77f51-2fcf-418b-9369-ec6ff8ac56e1 - - - - - -] Truncating password to algorithm specific maximum length 72 characters.
[Fri Jul 17 12:56:08.339079 2026] [wsgi:error] [pid 10:tid 140641844950720] [remote 10.0.0.126:51370] 2026-07-17 12:56:08.338 10 WARNING keystone.common.fernet_utils [None req-76b77f51-2fcf-418b-9369-ec6ff8ac56e1 - - - - - -] key_repository is world readable: /etc/keystone/fernet-keys/ 10.0.0.126 - - [17/Jul/2026:12:56:08 +0000] "POST /v3/auth/tokens HTTP/1.1" 201 1992 10.0.0.126 - - [17/Jul/2026:12:56:08 +0000] "POST /v3/domains HTTP/1.1" 201 284 10.0.0.126 - - [17/Jul/2026:12:56:10 +0000] "GET / HTTP/1.1" 300 295
[Fri Jul 17 12:56:10.255228 2026] [wsgi:error] [pid 11:tid 140641844950720] [remote 10.0.0.126:51384] 2026-07-17 12:56:10.255 11 WARNING keystone.common.password_hashing [None req-1f56bd1d-a9e7-4493-98c4-cc926649b183 - - - - - -] Truncating password to algorithm specific maximum length 72 characters.
[Fri Jul 17 12:56:10.531749 2026] [wsgi:error] [pid 11:tid 140641844950720] [remote 10.0.0.126:51384] 2026-07-17 12:56:10.531 11 WARNING keystone.common.fernet_utils [None req-1f56bd1d-a9e7-4493-98c4-cc926649b183 - - - - - -] key_repository is world readable: /etc/keystone/fernet-keys/ 10.0.0.126 - - [17/Jul/2026:12:56:10 +0000] "POST /v3/auth/tokens HTTP/1.1" 201 1992
[Fri Jul 17 12:56:10.714499 2026] [wsgi:error] [pid 10:tid 140641844950720] [remote 10.0.0.126:51384] 2026-07-17 12:56:10.698 10 ERROR keystone.server.flask.application [None req-44ae7a62-5faa-4d7f-ae86-d52c7923aac4 0bad554cc3194169bc222c92fb137d31 e110cec32cf54b26af8816e1d114a3ab - - default default] Conflict occurred attempting to store project - it is not permitted to have two projects acting as domains with the same name: service.: keystone.exception.Conflict: Conflict occurred attempting to store project - it is not permitted to have two projects acting as domains with the same name: service.
[Fri Jul 17 12:56:10.714531 2026] [wsgi:error] [pid 10:tid 140641844950720] [remote 10.0.0.126:51384] 2026-07-17 12:56:10.698 10 ERROR keystone.server.flask.application
Traceback (most recent call last):
[Fri Jul 17 12:56:10.714533 2026] [wsgi:error] [pid 10:tid 140641844950720] [remote 10.0.0.126:51384] 2026-07-17 12:56:10.698 10 ERROR keystone.server.flask.application
File "/var/lib/openstack/lib/python3.12/site-packages/sqlalchemy/engine/base.py", line 1969, in _exec_single_context
[Fri Jul 17 12:56:10.714535 2026] [wsgi:error] [pid 10:tid 140641844950720] [remote 10.0.0.126:51384] 2026-07-17 12:56:10.698 10 ERROR keystone.server.flask.application self.dialect.do_execute(
[Fri Jul 17 12:56:10.714536 2026] [wsgi:error] [pid 10:tid 140641844950720] [remote 10.0.0.126:51384] 2026-07-17 12:56:10.698 10 ERROR keystone.server.flask.application
File "/var/lib/openstack/lib/python3.12/site-packages/sqlalchemy/engine/default.py", line 952, in do_execute
[Fri Jul 17 12:56:10.714538 2026] [wsgi:error] [pid 10:tid 140641844950720] [remote 10.0.0.126:51384] 2026-07-17 12:56:10.698 10 ERROR keystone.server.flask.application cursor.execute(statement, parameters)
[Fri Jul 17 12:56:10.714539 2026] [wsgi:error] [pid 10:tid 140641844950720] [remote 10.0.0.126:51384] 2026-07-17 12:56:10.698 10 ERROR keystone.server.flask.application
File "/var/lib/openstack/lib/python3.12/site-packages/pymysql/cursors.py", line 159, in execute
[Fri Jul 17 12:56:10.714541 2026] [wsgi:error] [pid 10:tid 140641844950720] [remote 10.0.0.126:51384] 2026-07-17 12:56:10.698 10 ERROR keystone.server.flask.application result = self._query(query)
[Fri Jul 17 12:56:10.714542 2026] [wsgi:error] [pid 10:tid 140641844950720] [remote 10.0.0.126:51384] 2026-07-17 12:56:10.698 10 ERROR keystone.server.flask.application ^^^^^^^^^^^^^^^^^^
[Fri Jul 17 12:56:10.714543 2026] [wsgi:error] [pid 10:tid 140641844950720] [remote 10.0.0.126:51384] 2026-07-17 12:56:10.698 10 ERROR keystone.server.flask.application
File "/var/lib/openstack/lib/python3.12/site-packages/pymysql/cursors.py", line 330, in _query
[Fri Jul 17 12:56:10.714545 2026] [wsgi:error] [pid 10:tid 140641844950720] [remote 10.0.0.126:51384] 2026-07-17 12:56:10.698 10 ERROR keystone.server.flask.application conn.query(q)
[Fri Jul 17 12:56:10.714546 2026] [wsgi:error] [pid 10:tid 140641844950720] [remote 10.0.0.126:51384] 2026-07-17 12:56:10.698 10 ERROR keystone.server.flask.application
File "/var/lib/openstack/lib/python3.12/site-packages/pymysql/connections.py", line 582, in query
[Fri Jul 17 12:56:10.714548 2026] [wsgi:error] [pid 10:tid 140641844950720] [remote 10.0.0.126:51384] 2026-07-17 12:56:10.698 10 ERROR keystone.server.flask.application self._affected_rows = self._read_query_result(unbuffered=unbuffered)
[Fri Jul 17 12:56:10.714550 2026] [wsgi:error] [pid 10:tid 140641844950720] [remote 10.0.0.126:51384] 2026-07-17 12:56:10.698 10 ERROR keystone.server.flask.application ^^^^^^^^^^^^^^^^^^^^^^^^^^^^^^^^^^^^^^^^^^^^^^
[Fri Jul 17 12:56:10.714551 2026] [wsgi:error] [pid 10:tid 140641844950720] [remote 10.0.0.126:51384] 2026-07-17 12:56:10.698 10 ERROR keystone.server.flask.application
File "/var/lib/openstack/lib/python3.12/site-packages/pymysql/connections.py", line 847, in _read_query_result
[Fri Jul 17 12:56:10.714552 2026] [wsgi:error] [pid 10:tid 140641844950720] [remote 10.0.0.126:51384] 2026-07-17 12:56:10.698 10 ERROR keystone.server.flask.application result.read()
[Fri Jul 17 12:56:10.714555 2026] [wsgi:error] [pid 10:tid 140641844950720] [remote 10.0.0.126:51384] 2026-07-17 12:56:10.698 10 ERROR keystone.server.flask.application
File "/var/lib/openstack/lib/python3.12/site-packages/pymysql/connections.py", line 1245, in read
[Fri Jul 17 12:56:10.714557 2026] [wsgi:error] [pid 10:tid 140641844950720] [remote 10.0.0.126:51384] 2026-07-17 12:56:10.698 10 ERROR keystone.server.flask.application first_packet = self.connection._read_packet()
[Fri Jul 17 12:56:10.714558 2026] [wsgi:error] [pid 10:tid 140641844950720] [remote 10.0.0.126:51384] 2026-07-17 12:56:10.698 10 ERROR keystone.server.flask.application ^^^^^^^^^^^^^^^^^^^^^^^^^^^^^^
[Fri Jul 17 12:56:10.714560 2026] [wsgi:error] [pid 10:tid 140641844950720] [remote 10.0.0.126:51384] 2026-07-17 12:56:10.698 10 ERROR keystone.server.flask.application
File "/var/lib/openstack/lib/python3.12/site-packages/pymysql/connections.py", line 803, in _read_packet
[Fri Jul 17 12:56:10.714561 2026] [wsgi:error] [pid 10:tid 140641844950720] [remote 10.0.0.126:51384] 2026-07-17 12:56:10.698 10 ERROR keystone.server.flask.application packet.raise_for_error()
[Fri Jul 17 12:56:10.714562 2026] [wsgi:error] [pid 10:tid 140641844950720] [remote 10.0.0.126:51384] 2026-07-17 12:56:10.698 10 ERROR keystone.server.flask.application
File "/var/lib/openstack/lib/python3.12/site-packages/pymysql/protocol.py", line 219, in raise_for_error
[Fri Jul 17 12:56:10.714564 2026] [wsgi:error] [pid 10:tid 140641844950720] [remote 10.0.0.126:51384] 2026-07-17 12:56:10.698 10 ERROR keystone.server.flask.application err.raise_mysql_exception(self._data)
[Fri Jul 17 12:56:10.714565 2026] [wsgi:error] [pid 10:tid 140641844950720] [remote 10.0.0.126:51384] 2026-07-17 12:56:10.698 10 ERROR keystone.server.flask.application
File "/var/lib/openstack/lib/python3.12/site-packages/pymysql/err.py", line 154, in raise_mysql_exception
[Fri Jul 17 12:56:10.714567 2026] [wsgi:error] [pid 10:tid 140641844950720] [remote 10.0.0.126:51384] 2026-07-17 12:56:10.698 10 ERROR keystone.server.flask.application raise errorclass(errno, errval, sqlstate=sqlstate)
[Fri Jul 17 12:56:10.714568 2026] [wsgi:error] [pid 10:tid 140641844950720] [remote 10.0.0.126:51384] 2026-07-17 12:56:10.698 10 ERROR keystone.server.flask.application pymysql.err.IntegrityError: (1062, "Duplicate entry '<>-service' for key 'project.ixu_project_name_domain_id'")
[Fri Jul 17 12:56:10.714570 2026] [wsgi:error] [pid 10:tid 140641844950720] [remote 10.0.0.126:51384] 2026-07-17 12:56:10.698 10 ERROR keystone.server.flask.application
[Fri Jul 17 12:56:10.714571 2026] [wsgi:error] [pid 10:tid 140641844950720] [remote 10.0.0.126:51384] 2026-07-17 12:56:10.698 10 ERROR keystone.server.flask.application The above exception was the direct cause of the following exception:
[Fri Jul 17 12:56:10.714573 2026] [wsgi:error] [pid 10:tid 140641844950720] [remote 10.0.0.126:51384] 2026-07-17 12:56:10.698 10 ERROR keystone.server.flask.application
[Fri Jul 17 12:56:10.714574 2026] [wsgi:error] [pid 10:tid 140641844950720] [remote 10.0.0.126:51384] 2026-07-17 12:56:10.698 10 ERROR keystone.server.flask.application
Traceback (most recent call last):
[Fri Jul 17 12:56:10.714575 2026] [wsgi:error] [pid 10:tid 140641844950720] [remote 10.0.0.126:51384] 2026-07-17 12:56:10.698 10 ERROR keystone.server.flask.application
File "/var/lib/openstack/lib/python3.12/site-packages/keystone/common/sql/core.py", line 575, in wrapper
[Fri Jul 17 12:56:10.714577 2026] [wsgi:error] [pid 10:tid 140641844950720] [remote 10.0.0.126:51384] 2026-07-17 12:56:10.698 10 ERROR keystone.server.flask.application return method(*args, **kwargs)
[Fri Jul 17 12:56:10.714578 2026] [wsgi:error] [pid 10:tid 140641844950720] [remote 10.0.0.126:51384] 2026-07-17 12:56:10.698 10 ERROR keystone.server.flask.application ^^^^^^^^^^^^^^^^^^^^^^^
[Fri Jul 17 12:56:10.714580 2026] [wsgi:error] [pid 10:tid 140641844950720] [remote 10.0.0.126:51384] 2026-07-17 12:56:10.698 10 ERROR keystone.server.flask.application
File "/var/lib/openstack/lib/python3.12/site-packages/keystone/resource/backends/sql.py", line 278, in create_project
[Fri Jul 17 12:56:10.714582 2026] [wsgi:error] [pid 10:tid 140641844950720] [remote 10.0.0.126:51384] 2026-07-17 12:56:10.698 10 ERROR keystone.server.flask.application with sql.session_for_write() as session:
[Fri Jul 17 12:56:10.714583 2026] [wsgi:error] [pid 10:tid 140641844950720] [remote 10.0.0.126:51384] 2026-07-17 12:56:10.698 10 ERROR keystone.server.flask.application
File "/usr/lib/python3.12/contextlib.py", line 144, in __exit__
[Fri Jul 17 12:56:10.714585 2026] [wsgi:error] [pid 10:tid 140641844950720] [remote 10.0.0.126:51384] 2026-07-17 12:56:10.698 10 ERROR keystone.server.flask.application next(self.gen)
[Fri Jul 17 12:56:10.714586 2026] [wsgi:error] [pid 10:tid 140641844950720] [remote 10.0.0.126:51384] 2026-07-17 12:56:10.698 10 ERROR keystone.server.flask.application
File "/var/lib/openstack/lib/python3.12/site-packages/oslo_db/sqlalchemy/enginefacade.py", line 1175, in _transaction_scope
[Fri Jul 17 12:56:10.714587 2026] [wsgi:error] [pid 10:tid 140641844950720] [remote 10.0.0.126:51384] 2026-07-17 12:56:10.698 10 ERROR keystone.server.flask.application with current._produce_block(
[Fri Jul 17 12:56:10.714589 2026] [wsgi:error] [pid 10:tid 140641844950720] [remote 10.0.0.126:51384] 2026-07-17 12:56:10.698 10 ERROR keystone.server.flask.application
File "/usr/lib/python3.12/contextlib.py", line 144, in __exit__
[Fri Jul 17 12:56:10.714590 2026] [wsgi:error] [pid 10:tid 140641844950720] [remote 10.0.0.126:51384] 2026-07-17 12:56:10.698 10 ERROR keystone.server.flask.application next(self.gen)
[Fri Jul 17 12:56:10.714591 2026] [wsgi:error] [pid 10:tid 140641844950720] [remote 10.0.0.126:51384] 2026-07-17 12:56:10.698 10 ERROR keystone.server.flask.application
File "/var/lib/openstack/lib/python3.12/site-packages/oslo_db/sqlalchemy/enginefacade.py", line 837, in _session
[Fri Jul 17 12:56:10.714593 2026] [wsgi:error] [pid 10:tid 140641844950720] [remote 10.0.0.126:51384] 2026-07-17 12:56:10.698 10 ERROR keystone.server.flask.application with excutils.save_and_reraise_exception():
[Fri Jul 17 12:56:10.714594 2026] [wsgi:error] [pid 10:tid 140641844950720] [remote 10.0.0.126:51384] 2026-07-17 12:56:10.698 10 ERROR keystone.server.flask.application
File "/var/lib/openstack/lib/python3.12/site-packages/oslo_utils/excutils.py", line 266, in __exit__
[Fri Jul 17 12:56:10.714596 2026] [wsgi:error] [pid 10:tid 140641844950720] [remote 10.0.0.126:51384] 2026-07-17 12:56:10.698 10 ERROR keystone.server.flask.application self.force_reraise()
[Fri Jul 17 12:56:10.714597 2026] [wsgi:error] [pid 10:tid 140641844950720] [remote 10.0.0.126:51384] 2026-07-17 12:56:10.698 10 ERROR keystone.server.flask.application
File "/var/lib/openstack/lib/python3.12/site-packages/oslo_utils/excutils.py", line 232, in force_reraise
[Fri Jul 17 12:56:10.714598 2026] [wsgi:error] [pid 10:tid 140641844950720] [remote 10.0.0.126:51384] 2026-07-17 12:56:10.698 10 ERROR keystone.server.flask.application raise self.value
[Fri Jul 17 12:56:10.714600 2026] [wsgi:error] [pid 10:tid 140641844950720] [remote 10.0.0.126:51384] 2026-07-17 12:56:10.698 10 ERROR keystone.server.flask.application
File "/var/lib/openstack/lib/python3.12/site-packages/oslo_db/sqlalchemy/enginefacade.py", line 835, in _session
[Fri Jul 17 12:56:10.714601 2026] [wsgi:error] [pid 10:tid 140641844950720] [remote 10.0.0.126:51384] 2026-07-17 12:56:10.698 10 ERROR keystone.server.flask.application self._end_session_transaction(self.session)
[Fri Jul 17 12:56:10.714602 2026] [wsgi:error] [pid 10:tid 140641844950720] [remote 10.0.0.126:51384] 2026-07-17 12:56:10.698 10 ERROR keystone.server.flask.application
File "/var/lib/openstack/lib/python3.12/site-packages/oslo_db/sqlalchemy/enginefacade.py", line 748, in _end_session_transaction
[Fri Jul 17 12:56:10.714605 2026] [wsgi:error] [pid 10:tid 140641844950720] [remote 10.0.0.126:51384] 2026-07-17 12:56:10.698 10 ERROR keystone.server.flask.application session.commit()
[Fri Jul 17 12:56:10.714632 2026] [wsgi:error] [pid 10:tid 140641844950720] [remote 10.0.0.126:51384] 2026-07-17 12:56:10.698 10 ERROR keystone.server.flask.application
File "/var/lib/openstack/lib/python3.12/site-packages/sqlalchemy/orm/session.py", line 2034, in commit
[Fri Jul 17 12:56:10.714634 2026] [wsgi:error] [pid 10:tid 140641844950720] [remote 10.0.0.126:51384] 2026-07-17 12:56:10.698 10 ERROR keystone.server.flask.application trans.commit(_to_root=True)
[Fri Jul 17 12:56:10.714635 2026] [wsgi:error] [pid 10:tid 140641844950720] [remote 10.0.0.126:51384] 2026-07-17 12:56:10.698 10 ERROR keystone.server.flask.application File "", line 2, in commit
[Fri Jul 17 12:56:10.714637 2026] [wsgi:error] [pid 10:tid 140641844950720] [remote 10.0.0.126:51384] 2026-07-17 12:56:10.698 10 ERROR keystone.server.flask.application
File "/var/lib/openstack/lib/python3.12/site-packages/sqlalchemy/orm/state_changes.py", line 137, in _go
[Fri Jul 17 12:56:10.714638 2026] [wsgi:error] [pid 10:tid 140641844950720] [remote 10.0.0.126:51384] 2026-07-17 12:56:10.698 10 ERROR keystone.server.flask.application ret_value = fn(self, *arg, **kw)
[Fri Jul 17 12:56:10.714640 2026] [wsgi:error] [pid 10:tid 140641844950720] [remote 10.0.0.126:51384] 2026-07-17 12:56:10.698 10 ERROR keystone.server.flask.application ^^^^^^^^^^^^^^^^^^^^
[Fri Jul 17 12:56:10.714641 2026] [wsgi:error] [pid 10:tid 140641844950720] [remote 10.0.0.126:51384] 2026-07-17 12:56:10.698 10 ERROR keystone.server.flask.application
File "/var/lib/openstack/lib/python3.12/site-packages/sqlalchemy/orm/session.py", line 1315, in commit
[Fri Jul 17 12:56:10.714643 2026] [wsgi:error] [pid 10:tid 140641844950720] [remote 10.0.0.126:51384] 2026-07-17 12:56:10.698 10 ERROR keystone.server.flask.application self._prepare_impl()
[Fri Jul 17 12:56:10.714644 2026] [wsgi:error] [pid 10:tid 140641844950720] [remote 10.0.0.126:51384] 2026-07-17 12:56:10.698 10 ERROR keystone.server.flask.application File "", line 2, in _prepare_impl
[Fri Jul 17 12:56:10.714645 2026] [wsgi:error] [pid 10:tid 140641844950720] [remote 10.0.0.126:51384] 2026-07-17 12:56:10.698 10 ERROR keystone.server.flask.application
File "/var/lib/openstack/lib/python3.12/site-packages/sqlalchemy/orm/state_changes.py", line 137, in _go
[Fri Jul 17 12:56:10.714647 2026] [wsgi:error] [pid 10:tid 140641844950720] [remote 10.0.0.126:51384] 2026-07-17 12:56:10.698 10 ERROR keystone.server.flask.application ret_value = fn(self, *arg, **kw)
[Fri Jul 17 12:56:10.714648 2026] [wsgi:error] [pid 10:tid 140641844950720] [remote 10.0.0.126:51384] 2026-07-17 12:56:10.698 10 ERROR keystone.server.flask.application ^^^^^^^^^^^^^^^^^^^^
[Fri Jul 17 12:56:10.714650 2026] [wsgi:error] [pid 10:tid 140641844950720] [remote 10.0.0.126:51384] 2026-07-17 12:56:10.698 10 ERROR keystone.server.flask.application
File "/var/lib/openstack/lib/python3.12/site-packages/sqlalchemy/orm/session.py", line 1290, in _prepare_impl
[Fri Jul 17 12:56:10.714651 2026] [wsgi:error] [pid 10:tid 140641844950720] [remote 10.0.0.126:51384] 2026-07-17 12:56:10.698 10 ERROR keystone.server.flask.application self.session.flush()
[Fri Jul 17 12:56:10.714653 2026] [wsgi:error] [pid 10:tid 140641844950720] [remote 10.0.0.126:51384] 2026-07-17 12:56:10.698 10 ERROR keystone.server.flask.application
File "/var/lib/openstack/lib/python3.12/site-packages/sqlalchemy/orm/session.py", line 4352, in flush
[Fri Jul 17 12:56:10.714654 2026] [wsgi:error] [pid 10:tid 140641844950720] [remote 10.0.0.126:51384] 2026-07-17 12:56:10.698 10 ERROR keystone.server.flask.application self._flush(objects)
[Fri Jul 17 12:56:10.714656 2026] [wsgi:error] [pid 10:tid 140641844950720] [remote 10.0.0.126:51384] 2026-07-17 12:56:10.698 10 ERROR keystone.server.flask.application
File "/var/lib/openstack/lib/python3.12/site-packages/sqlalchemy/orm/session.py", line 4487, in _flush
[Fri Jul 17 12:56:10.714658 2026] [wsgi:error] [pid 10:tid 140641844950720] [remote 10.0.0.126:51384] 2026-07-17 12:56:10.698 10 ERROR keystone.server.flask.application with util.safe_reraise():
[Fri Jul 17 12:56:10.714660 2026] [wsgi:error] [pid 10:tid 140641844950720] [remote 10.0.0.126:51384] 2026-07-17 12:56:10.698 10 ERROR keystone.server.flask.application
File "/var/lib/openstack/lib/python3.12/site-packages/sqlalchemy/util/langhelpers.py", line 122, in __exit__
[Fri Jul 17 12:56:10.714663 2026] [wsgi:error] [pid 10:tid 140641844950720] [remote 10.0.0.126:51384] 2026-07-17 12:56:10.698 10 ERROR keystone.server.flask.application raise exc_value.with_traceback(exc_tb)
[Fri Jul 17 12:56:10.714665 2026] [wsgi:error] [pid 10:tid 140641844950720] [remote 10.0.0.126:51384] 2026-07-17 12:56:10.698 10 ERROR keystone.server.flask.application
File "/var/lib/openstack/lib/python3.12/site-packages/sqlalchemy/orm/session.py", line 4448, in _flush
[Fri Jul 17 12:56:10.714667 2026] [wsgi:error] [pid 10:tid 140641844950720] [remote 10.0.0.126:51384] 2026-07-17 12:56:10.698 10 ERROR keystone.server.flask.application flush_context.execute()
[Fri Jul 17 12:56:10.714669 2026] [wsgi:error] [pid 10:tid 140641844950720] [remote 10.0.0.126:51384] 2026-07-17 12:56:10.698 10 ERROR keystone.server.flask.application
