2026-07-17 13:18:48.522 7 INFO neutron.api.extensions [None req-57dcba31-d2c6-461d-80de-6ec9ab047d8f - - - - - -] Loaded extension: net-mtu
2026-07-17 13:18:48.522 8 INFO neutron.api.extensions [None req-afba41ec-dcbf-4ef4-96c3-a7f192d30654 - - - - - -] Loaded extension: trunk-details
2026-07-17 13:18:48.523 8 INFO neutron.api.extensions [None req-afba41ec-dcbf-4ef4-96c3-a7f192d30654 - - - - - -] Extension uplink-status-propagation not supported by any of loaded plugins
2026-07-17 13:18:48.523 7 INFO neutron.api.extensions [None req-57dcba31-d2c6-461d-80de-6ec9ab047d8f - - - - - -] Loaded extension: net-mtu-writable
2026-07-17 13:18:48.523 8 INFO neutron.api.extensions [None req-afba41ec-dcbf-4ef4-96c3-a7f192d30654 - - - - - -] Extension uplink-status-propagation-updatable not supported by any of loaded plugins
2026-07-17 13:18:48.524 7 INFO neutron.api.extensions [None req-57dcba31-d2c6-461d-80de-6ec9ab047d8f - - - - - -] Loaded extension: network_availability_zone
2026-07-17 13:18:48.524 8 INFO neutron.api.extensions [None req-afba41ec-dcbf-4ef4-96c3-a7f192d30654 - - - - - -] Extension vlan-transparent not supported by any of loaded plugins
2026-07-17 13:18:48.524 7 INFO neutron.api.extensions [None req-57dcba31-d2c6-461d-80de-6ec9ab047d8f - - - - - -] Loaded extension: network_ha
2026-07-17 13:18:48.524 8 INFO neutron.api.extensions [None req-afba41ec-dcbf-4ef4-96c3-a7f192d30654 - - - - - -] Loaded extension: vpn-aes-ctr
2026-07-17 13:18:48.525 7 INFO neutron.api.extensions [None req-57dcba31-d2c6-461d-80de-6ec9ab047d8f - - - - - -] Loaded extension: network-ip-availability
2026-07-17 13:18:48.526 7 INFO neutron.api.extensions [None req-57dcba31-d2c6-461d-80de-6ec9ab047d8f - - - - - -] Loaded extension: network-ip-availability-details
2026-07-17 13:18:48.526 8 INFO neutron.api.extensions [None req-afba41ec-dcbf-4ef4-96c3-a7f192d30654 - - - - - -] Extension vpn-agent-scheduler not supported by any of loaded plugins
2026-07-17 13:18:48.527 7 INFO neutron.api.extensions [None req-57dcba31-d2c6-461d-80de-6ec9ab047d8f - - - - - -] Extension network-segment-range not supported by any of loaded plugins
2026-07-17 13:18:48.527 8 INFO neutron.api.extensions [None req-afba41ec-dcbf-4ef4-96c3-a7f192d30654 - - - - - -] Loaded extension: vpn-endpoint-groups
2026-07-17 13:18:48.527 7 INFO neutron.api.extensions [None req-57dcba31-d2c6-461d-80de-6ec9ab047d8f - - - - - -] Loaded extension: pagination
2026-07-17 13:18:48.528 8 INFO neutron.api.extensions [None req-afba41ec-dcbf-4ef4-96c3-a7f192d30654 - - - - - -] Loaded extension: vpn-flavors
2026-07-17 13:18:48.528 7 INFO neutron.api.extensions [None req-57dcba31-d2c6-461d-80de-6ec9ab047d8f - - - - - -] Loaded extension: port-device-profile
2026-07-17 13:18:48.528 7 INFO neutron.api.extensions [None req-57dcba31-d2c6-461d-80de-6ec9ab047d8f - - - - - -] Extension port-hardware-offload-type not supported by any of loaded plugins
2026-07-17 13:18:48.529 7 INFO neutron.api.extensions [None req-57dcba31-d2c6-461d-80de-6ec9ab047d8f - - - - - -] Extension port-hint-ovs-tx-steering not supported by any of loaded plugins
2026-07-17 13:18:48.529 8 INFO neutron.api.extensions [None req-afba41ec-dcbf-4ef4-96c3-a7f192d30654 - - - - - -] Loaded extension: vpnaas
2026-07-17 13:18:48.529 7 INFO neutron.api.extensions [None req-57dcba31-d2c6-461d-80de-6ec9ab047d8f - - - - - -] Extension port-hints not supported by any of loaded plugins
2026-07-17 13:18:48.530 7 INFO neutron.api.extensions [None req-57dcba31-d2c6-461d-80de-6ec9ab047d8f - - - - - -] Loaded extension: port-mac-override
2026-07-17 13:18:48.530 7 INFO neutron.api.extensions [None req-57dcba31-d2c6-461d-80de-6ec9ab047d8f - - - - - -] Loaded extension: port-mac-address-regenerate
2026-07-17 13:18:48.530 8 INFO neutron.api.extensions [None req-afba41ec-dcbf-4ef4-96c3-a7f192d30654 - - - - - -] Loaded extension: taas
2026-07-17 13:18:48.531 7 INFO neutron.api.extensions [None req-57dcba31-d2c6-461d-80de-6ec9ab047d8f - - - - - -] Loaded extension: port-numa-affinity-policy
2026-07-17 13:18:48.531 7 INFO neutron.api.extensions [None req-57dcba31-d2c6-461d-80de-6ec9ab047d8f - - - - - -] Loaded extension: port-numa-affinity-policy-socket
2026-07-17 13:18:48.531 8 INFO neutron.api.extensions [None req-afba41ec-dcbf-4ef4-96c3-a7f192d30654 - - - - - -] Loaded extension: tap-mirror
2026-07-17 13:18:48.532 7 INFO neutron.api.extensions [None req-57dcba31-d2c6-461d-80de-6ec9ab047d8f - - - - - -] Loaded extension: port-resource-request
2026-07-17 13:18:48.532 8 INFO neutron.api.extensions [None req-afba41ec-dcbf-4ef4-96c3-a7f192d30654 - - - - - -] Loaded extension: tap-mirror-both-direction
2026-07-17 13:18:48.533 7 INFO neutron.api.extensions [None req-57dcba31-d2c6-461d-80de-6ec9ab047d8f - - - - - -] Loaded extension: port-resource-request-groups
2026-07-17 13:18:48.533 8 INFO neutron.api.extensions [None req-afba41ec-dcbf-4ef4-96c3-a7f192d30654 - - - - - -] Loaded extension: taas-vlan-filter
2026-07-17 13:18:48.533 7 INFO neutron.api.extensions [None req-57dcba31-d2c6-461d-80de-6ec9ab047d8f - - - - - -] Extension port-trusted-vif not supported by any of loaded plugins
2026-07-17 13:18:48.534 7 INFO neutron.api.extensions [None req-57dcba31-d2c6-461d-80de-6ec9ab047d8f - - - - - -] Loaded extension: binding
2026-07-17 13:18:48.534 7 INFO neutron.api.extensions [None req-57dcba31-d2c6-461d-80de-6ec9ab047d8f - - - - - -] Loaded extension: binding-extended
2026-07-17 13:18:48.535 7 INFO neutron.api.extensions [None req-57dcba31-d2c6-461d-80de-6ec9ab047d8f - - - - - -] Loaded extension: port-security
2026-07-17 13:18:48.535 7 INFO neutron.api.extensions [None req-57dcba31-d2c6-461d-80de-6ec9ab047d8f - - - - - -] Loaded extension: project-id
2026-07-17 13:18:48.536 8 INFO neutron.quota.resource_registry [None req-afba41ec-dcbf-4ef4-96c3-a7f192d30654 - - - - - -] Creating instance of TrackedResource for resource:network
2026-07-17 13:18:48.536 8 INFO neutron.quota.resource_registry [None req-afba41ec-dcbf-4ef4-96c3-a7f192d30654 - - - - - -] Creating instance of TrackedResource for resource:subnet
2026-07-17 13:18:48.536 7 INFO neutron.api.extensions [None req-57dcba31-d2c6-461d-80de-6ec9ab047d8f - - - - - -] Loaded extension: provider
2026-07-17 13:18:48.536 8 INFO neutron.quota.resource_registry [None req-afba41ec-dcbf-4ef4-96c3-a7f192d30654 - - - - - -] Creating instance of TrackedResource for resource:subnetpool
2026-07-17 13:18:48.536 8 INFO neutron.quota.resource_registry [None req-afba41ec-dcbf-4ef4-96c3-a7f192d30654 - - - - - -] Creating instance of TrackedResource for resource:port
2026-07-17 13:18:48.536 7 INFO neutron.api.extensions [None req-57dcba31-d2c6-461d-80de-6ec9ab047d8f - - - - - -] Extension pvlan not supported by any of loaded plugins
2026-07-17 13:18:48.537 7 INFO neutron.api.extensions [None req-57dcba31-d2c6-461d-80de-6ec9ab047d8f - - - - - -] Extension qinq not supported by any of loaded plugins
2026-07-17 13:18:48.539 8 INFO neutron.quota.resource_registry [None req-afba41ec-dcbf-4ef4-96c3-a7f192d30654 - - - - - -] Creating instance of CountableResource for resource:router_route
2026-07-17 13:18:48.539 7 INFO neutron.api.extensions [None req-57dcba31-d2c6-461d-80de-6ec9ab047d8f - - - - - -] Loaded extension: qos
2026-07-17 13:18:48.540 7 INFO neutron.api.extensions [None req-57dcba31-d2c6-461d-80de-6ec9ab047d8f - - - - - -] Loaded extension: qos-bw-limit-direction
2026-07-17 13:18:48.541 7 INFO neutron.api.extensions [None req-57dcba31-d2c6-461d-80de-6ec9ab047d8f - - - - - -] Loaded extension: qos-bw-minimum-ingress
2026-07-17 13:18:48.541 8 INFO neutron.quota.resource_registry [None req-afba41ec-dcbf-4ef4-96c3-a7f192d30654 - - - - - -] Creating instance of TrackedResource for resource:router
2026-07-17 13:18:48.541 7 INFO neutron.api.extensions [None req-57dcba31-d2c6-461d-80de-6ec9ab047d8f - - - - - -] Loaded extension: qos-default
2026-07-17 13:18:48.541 8 INFO neutron.quota.resource_registry [None req-afba41ec-dcbf-4ef4-96c3-a7f192d30654 - - - - - -] Creating instance of TrackedResource for resource:floatingip
2026-07-17 13:18:48.542 7 INFO neutron.api.extensions [None req-57dcba31-d2c6-461d-80de-6ec9ab047d8f - - - - - -] Loaded extension: qos-fip
2026-07-17 13:18:48.542 7 INFO neutron.api.extensions [None req-57dcba31-d2c6-461d-80de-6ec9ab047d8f - - - - - -] Extension qos-fip-network-policy not supported by any of loaded plugins
2026-07-17 13:18:48.543 7 INFO neutron.api.extensions [None req-57dcba31-d2c6-461d-80de-6ec9ab047d8f - - - - - -] Loaded extension: qos-gateway-ip
2026-07-17 13:18:48.543 7 INFO neutron.api.extensions [None req-57dcba31-d2c6-461d-80de-6ec9ab047d8f - - - - - -] Loaded extension: qos-port-network-policy
2026-07-17 13:18:48.544 7 INFO neutron.api.extensions [None req-57dcba31-d2c6-461d-80de-6ec9ab047d8f - - - - - -] Loaded extension: qos-pps-minimum
2026-07-17 13:18:48.545 7 INFO neutron.api.extensions [None req-57dcba31-d2c6-461d-80de-6ec9ab047d8f - - - - - -] Loaded extension: qos-pps-minimum-rule-alias
2026-07-17 13:18:48.545 7 INFO neutron.api.extensions [None req-57dcba31-d2c6-461d-80de-6ec9ab047d8f - - - - - -] Loaded extension: qos-pps
2026-07-17 13:18:48.545 8 INFO neutron.quota.resource_registry [None req-afba41ec-dcbf-4ef4-96c3-a7f192d30654 - - - - - -] Creating instance of CountableResource for resource:rbac_policy
2026-07-17 13:18:48.546 7 INFO neutron.api.extensions [None req-57dcba31-d2c6-461d-80de-6ec9ab047d8f - - - - - -] Loaded extension: qos-rule-type-details
2026-07-17 13:18:48.546 8 INFO neutron.quota.resource_registry [None req-afba41ec-dcbf-4ef4-96c3-a7f192d30654 - - - - - -] Creating instance of TrackedResource for resource:security_group
2026-07-17 13:18:48.546 7 INFO neutron.api.extensions [None req-57dcba31-d2c6-461d-80de-6ec9ab047d8f - - - - - -] Loaded extension: qos-rule-type-filter
2026-07-17 13:18:48.547 8 INFO neutron.quota.resource_registry [None req-afba41ec-dcbf-4ef4-96c3-a7f192d30654 - - - - - -] Creating instance of TrackedResource for resource:security_group_rule
2026-07-17 13:18:48.547 7 INFO neutron.api.extensions [None req-57dcba31-d2c6-461d-80de-6ec9ab047d8f - - - - - -] Loaded extension: qos-rules-alias
2026-07-17 13:18:48.547 7 INFO neutron.api.extensions [None req-57dcba31-d2c6-461d-80de-6ec9ab047d8f - - - - - -] Loaded extension: quota-check-limit
2026-07-17 13:18:48.548 8 INFO neutron.quota.resource_registry [None req-afba41ec-dcbf-4ef4-96c3-a7f192d30654 - - - - - -] Creating instance of TrackedResource for resource:subnetpool
2026-07-17 13:18:48.548 8 WARNING neutron.quota.resource_registry [None req-afba41ec-dcbf-4ef4-96c3-a7f192d30654 - - - - - -] subnetpool is already registered
2026-07-17 13:18:48.548 7 INFO neutron.api.extensions [None req-57dcba31-d2c6-461d-80de-6ec9ab047d8f - - - - - -] Loaded extension: quota-check-limit-default
2026-07-17 13:18:48.548 8 INFO neutron.quota.resource_registry [None req-afba41ec-dcbf-4ef4-96c3-a7f192d30654 - - - - - -] Creating instance of TrackedResource for resource:subnetpool
2026-07-17 13:18:48.548 8 WARNING neutron.quota.resource_registry [None req-afba41ec-dcbf-4ef4-96c3-a7f192d30654 - - - - - -] subnetpool is already registered
2026-07-17 13:18:48.549 8 INFO neutron.quota.resource_registry [None req-afba41ec-dcbf-4ef4-96c3-a7f192d30654 - - - - - -] Creating instance of CountableResource for resource:trunk
2026-07-17 13:18:48.549 8 INFO neutron.quota.resource_registry [None req-afba41ec-dcbf-4ef4-96c3-a7f192d30654 - - - - - -] Creating instance of CountableResource for resource:ikepolicy
2026-07-17 13:18:48.550 8 INFO neutron.quota.resource_registry [None req-afba41ec-dcbf-4ef4-96c3-a7f192d30654 - - - - - -] Creating instance of CountableResource for resource:ipsecpolicy
2026-07-17 13:18:48.550 8 INFO neutron.quota.resource_registry [None req-afba41ec-dcbf-4ef4-96c3-a7f192d30654 - - - - - -] Creating instance of CountableResource for resource:endpoint_group
2026-07-17 13:18:48.550 8 INFO neutron.quota.resource_registry [None req-afba41ec-dcbf-4ef4-96c3-a7f192d30654 - - - - - -] Creating instance of CountableResource for resource:vpnservice
2026-07-17 13:18:48.551 8 INFO neutron.quota.resource_registry [None req-afba41ec-dcbf-4ef4-96c3-a7f192d30654 - - - - - -] Creating instance of CountableResource for resource:ipsec_site_connection
2026-07-17 13:18:48.551 8 INFO neutron.quota.resource_registry [None req-afba41ec-dcbf-4ef4-96c3-a7f192d30654 - - - - - -] Creating instance of CountableResource for resource:ipsecpolicy
2026-07-17 13:18:48.552 8 WARNING neutron.quota.resource_registry [None req-afba41ec-dcbf-4ef4-96c3-a7f192d30654 - - - - - -] ipsecpolicy is already registered
2026-07-17 13:18:48.552 8 INFO neutron.quota.resource_registry [None req-afba41ec-dcbf-4ef4-96c3-a7f192d30654 - - - - - -] Creating instance of CountableResource for resource:ikepolicy
2026-07-17 13:18:48.552 7 INFO neutron.api.extensions [None req-57dcba31-d2c6-461d-80de-6ec9ab047d8f - - - - - -] Loaded extension: quotas
2026-07-17 13:18:48.552 8 WARNING neutron.quota.resource_registry [None req-afba41ec-dcbf-4ef4-96c3-a7f192d30654 - - - - - -] ikepolicy is already registered
2026-07-17 13:18:48.553 7 INFO neutron.api.extensions [None req-57dcba31-d2c6-461d-80de-6ec9ab047d8f - - - - - -] Loaded extension: quota_details
2026-07-17 13:18:48.555 7 INFO neutron.api.extensions [None req-57dcba31-d2c6-461d-80de-6ec9ab047d8f - - - - - -] Loaded extension: rbac-policies
2026-07-17 13:18:48.555 7 INFO neutron.api.extensions [None req-57dcba31-d2c6-461d-80de-6ec9ab047d8f - - - - - -] Loaded extension: rbac-address-group
2026-07-17 13:18:48.556 7 INFO neutron.api.extensions [None req-57dcba31-d2c6-461d-80de-6ec9ab047d8f - - - - - -] Loaded extension: rbac-address-scope
2026-07-17 13:18:48.556 7 INFO neutron.api.extensions [None req-57dcba31-d2c6-461d-80de-6ec9ab047d8f - - - - - -] Loaded extension: rbac-security-groups
2026-07-17 13:18:48.556 8 INFO neutron.quota.resource_registry [None req-afba41ec-dcbf-4ef4-96c3-a7f192d30654 - - - - - -] Creating instance of CountableResource for resource:router_route
2026-07-17 13:18:48.556 8 WARNING neutron.quota.resource_registry [None req-afba41ec-dcbf-4ef4-96c3-a7f192d30654 - - - - - -] router_route is already registered
2026-07-17 13:18:48.557 7 INFO neutron.api.extensions [None req-57dcba31-d2c6-461d-80de-6ec9ab047d8f - - - - - -] Loaded extension: rbac-subnetpool
2026-07-17 13:18:48.557 7 INFO neutron.api.extensions [None req-57dcba31-d2c6-461d-80de-6ec9ab047d8f - - - - - -] Loaded extension: revision-if-match
2026-07-17 13:18:48.558 8 INFO neutron.quota.resource_registry [None req-afba41ec-dcbf-4ef4-96c3-a7f192d30654 - - - - - -] Creating instance of TrackedResource for resource:router
2026-07-17 13:18:48.558 8 WARNING neutron.quota.resource_registry [None req-afba41ec-dcbf-4ef4-96c3-a7f192d30654 - - - - - -] router is already registered
2026-07-17 13:18:48.558 7 INFO neutron.api.extensions [None req-57dcba31-d2c6-461d-80de-6ec9ab047d8f - - - - - -] Loaded extension: standard-attr-revisions
2026-07-17 13:18:48.558 8 INFO neutron.quota.resource_registry [None req-afba41ec-dcbf-4ef4-96c3-a7f192d30654 - - - - - -] Creating instance of TrackedResource for resource:floatingip
2026-07-17 13:18:48.559 7 INFO neutron.api.extensions [None req-57dcba31-d2c6-461d-80de-6ec9ab047d8f - - - - - -] Loaded extension: router_availability_zone
2026-07-17 13:18:48.559 8 WARNING neutron.quota.resource_registry [None req-afba41ec-dcbf-4ef4-96c3-a7f192d30654 - - - - - -] floatingip is already registered
2026-07-17 13:18:48.559 7 INFO neutron.api.extensions [None req-57dcba31-d2c6-461d-80de-6ec9ab047d8f - - - - - -] Extension router-enable-snat not supported by any of loaded plugins
2026-07-17 13:18:48.560 7 INFO neutron.api.extensions [None req-57dcba31-d2c6-461d-80de-6ec9ab047d8f - - - - - -] Extension router-service-type not supported by any of loaded plugins
2026-07-17 13:18:48.562 7 INFO neutron.api.extensions [None req-57dcba31-d2c6-461d-80de-6ec9ab047d8f - - - - - -] Loaded extension: security-groups-default-rules
2026-07-17 13:18:48.562 8 INFO neutron.quota.resource_registry [None req-afba41ec-dcbf-4ef4-96c3-a7f192d30654 - - - - - -] Creating instance of CountableResource for resource:rbac_policy
2026-07-17 13:18:48.563 8 WARNING neutron.quota.resource_registry [None req-afba41ec-dcbf-4ef4-96c3-a7f192d30654 - - - - - -] rbac_policy is already registered
2026-07-17 13:18:48.563 7 INFO neutron.api.extensions [None req-57dcba31-d2c6-461d-80de-6ec9ab047d8f - - - - - -] Loaded extension: security-groups-default-statefulness
2026-07-17 13:18:48.563 8 INFO neutron.quota.resource_registry [None req-afba41ec-dcbf-4ef4-96c3-a7f192d30654 - - - - - -] Creating instance of TrackedResource for resource:security_group
2026-07-17 13:18:48.564 7 INFO neutron.api.extensions [None req-57dcba31-d2c6-461d-80de-6ec9ab047d8f - - - - - -] Loaded extension: security-groups-normalized-cidr
2026-07-17 13:18:48.564 8 WARNING neutron.quota.resource_registry [None req-afba41ec-dcbf-4ef4-96c3-a7f192d30654 - - - - - -] security_group is already registered
2026-07-17 13:18:48.564 8 INFO neutron.quota.resource_registry [None req-afba41ec-dcbf-4ef4-96c3-a7f192d30654 - - - - - -] Creating instance of TrackedResource for resource:security_group_rule
2026-07-17 13:18:48.564 8 WARNING neutron.quota.resource_registry [None req-afba41ec-dcbf-4ef4-96c3-a7f192d30654 - - - - - -] security_group_rule is already registered
2026-07-17 13:18:48.564 7 INFO neutron.api.extensions [None req-57dcba31-d2c6-461d-80de-6ec9ab047d8f - - - - - -] Loaded extension: port-security-groups-filtering
2026-07-17 13:18:48.565 7 INFO neutron.api.extensions [None req-57dcba31-d2c6-461d-80de-6ec9ab047d8f - - - - - -] Loaded extension: security-groups-remote-address-group
2026-07-17 13:18:48.565 8 INFO neutron.quota.resource_registry [None req-afba41ec-dcbf-4ef4-96c3-a7f192d30654 - - - - - -] Creating instance of TrackedResource for resource:subnetpool
2026-07-17 13:18:48.565 8 WARNING neutron.quota.resource_registry [None req-afba41ec-dcbf-4ef4-96c3-a7f192d30654 - - - - - -] subnetpool is already registered
2026-07-17 13:18:48.566 8 INFO neutron.quota.resource_registry [None req-afba41ec-dcbf-4ef4-96c3-a7f192d30654 - - - - - -] Creating instance of TrackedResource for resource:subnetpool
2026-07-17 13:18:48.566 7 INFO neutron.api.extensions [None req-57dcba31-d2c6-461d-80de-6ec9ab047d8f - - - - - -] Loaded extension: security-groups-rules-belongs-to-default-sg
2026-07-17 13:18:48.566 8 WARNING neutron.quota.resource_registry [None req-afba41ec-dcbf-4ef4-96c3-a7f192d30654 - - - - - -] subnetpool is already registered
2026-07-17 13:18:48.566 8 INFO neutron.quota.resource_registry [None req-afba41ec-dcbf-4ef4-96c3-a7f192d30654 - - - - - -] Creating instance of CountableResource for resource:trunk
2026-07-17 13:18:48.566 7 INFO neutron.api.extensions [None req-57dcba31-d2c6-461d-80de-6ec9ab047d8f - - - - - -] Loaded extension: security-groups-shared-filtering
2026-07-17 13:18:48.566 8 WARNING neutron.quota.resource_registry [None req-afba41ec-dcbf-4ef4-96c3-a7f192d30654 - - - - - -] trunk is already registered
2026-07-17 13:18:48.567 8 INFO neutron.quota.resource_registry [None req-afba41ec-dcbf-4ef4-96c3-a7f192d30654 - - - - - -] Creating instance of CountableResource for resource:ikepolicy
2026-07-17 13:18:48.567 8 WARNING neutron.quota.resource_registry [None req-afba41ec-dcbf-4ef4-96c3-a7f192d30654 - - - - - -] ikepolicy is already registered
2026-07-17 13:18:48.567 8 INFO neutron.quota.resource_registry [None req-afba41ec-dcbf-4ef4-96c3-a7f192d30654 - - - - - -] Creating instance of CountableResource for resource:ipsecpolicy
2026-07-17 13:18:48.568 8 WARNING neutron.quota.resource_registry [None req-afba41ec-dcbf-4ef4-96c3-a7f192d30654 - - - - - -] ipsecpolicy is already registered
2026-07-17 13:18:48.568 8 INFO neutron.quota.resource_registry [None req-afba41ec-dcbf-4ef4-96c3-a7f192d30654 - - - - - -] Creating instance of CountableResource for resource:endpoint_group
2026-07-17 13:18:48.568 8 WARNING neutron.quota.resource_registry [None req-afba41ec-dcbf-4ef4-96c3-a7f192d30654 - - - - - -] endpoint_group is already registered
2026-07-17 13:18:48.568 8 INFO neutron.quota.resource_registry [None req-afba41ec-dcbf-4ef4-96c3-a7f192d30654 - - - - - -] Creating instance of CountableResource for resource:vpnservice
2026-07-17 13:18:48.568 8 WARNING neutron.quota.resource_registry [None req-afba41ec-dcbf-4ef4-96c3-a7f192d30654 - - - - - -] vpnservice is already registered
2026-07-17 13:18:48.569 8 INFO neutron.quota.resource_registry [None req-afba41ec-dcbf-4ef4-96c3-a7f192d30654 - - - - - -] Creating instance of CountableResource for resource:ipsec_site_connection
2026-07-17 13:18:48.569 8 WARNING neutron.quota.resource_registry [None req-afba41ec-dcbf-4ef4-96c3-a7f192d30654 - - - - - -] ipsec_site_connection is already registered
2026-07-17 13:18:48.569 8 INFO neutron.quota.resource_registry [None req-afba41ec-dcbf-4ef4-96c3-a7f192d30654 - - - - - -] Creating instance of CountableResource for resource:ipsecpolicy
2026-07-17 13:18:48.569 8 WARNING neutron.quota.resource_registry [None req-afba41ec-dcbf-4ef4-96c3-a7f192d30654 - - - - - -] ipsecpolicy is already registered
2026-07-17 13:18:48.570 8 INFO neutron.quota.resource_registry [None req-afba41ec-dcbf-4ef4-96c3-a7f192d30654 - - - - - -] Creating instance of CountableResource for resource:ikepolicy
2026-07-17 13:18:48.570 8 WARNING neutron.quota.resource_registry [None req-afba41ec-dcbf-4ef4-96c3-a7f192d30654 - - - - - -] ikepolicy is already registered
2026-07-17 13:18:48.573 7 INFO neutron.api.extensions [None req-57dcba31-d2c6-461d-80de-6ec9ab047d8f - - - - - -] Loaded extension: security-group
2026-07-17 13:18:48.574 7 INFO neutron.api.extensions [None req-57dcba31-d2c6-461d-80de-6ec9ab047d8f - - - - - -] Loaded extension: segment
2026-07-17 13:18:48.575 7 INFO neutron.api.extensions [None req-57dcba31-d2c6-461d-80de-6ec9ab047d8f - - - - - -] Loaded extension: segments-peer-subnet-host-routes
2026-07-17 13:18:48.576 7 INFO neutron.api.extensions [None req-57dcba31-d2c6-461d-80de-6ec9ab047d8f - - - - - -] Loaded extension: service-type
2026-07-17 13:18:48.577 7 INFO neutron.api.extensions [None req-57dcba31-d2c6-461d-80de-6ec9ab047d8f - - - - - -] Loaded extension: sorting
2026-07-17 13:18:48.578 7 INFO neutron.api.extensions [None req-57dcba31-d2c6-461d-80de-6ec9ab047d8f - - - - - -] Loaded extension: standard-attr-segment
2026-07-17 13:18:48.578 7 INFO neutron.api.extensions [None req-57dcba31-d2c6-461d-80de-6ec9ab047d8f - - - - - -] Loaded extension: standard-attr-description
2026-07-17 13:18:48.579 7 INFO neutron.api.extensions [None req-57dcba31-d2c6-461d-80de-6ec9ab047d8f - - - - - -] Loaded extension: stateful-security-group
2026-07-17 13:18:48.579 7 WARNING neutron.api.extensions [None req-57dcba31-d2c6-461d-80de-6ec9ab047d8f - - - - - -] Did not find expected name "Stdattrs_common" in /var/lib/openstack/lib/python3.12/site-packages/neutron/extensions/stdattrs_common.py
2026-07-17 13:18:48.580 7 INFO neutron.api.extensions [None req-57dcba31-d2c6-461d-80de-6ec9ab047d8f - - - - - -] Extension subnet-dns-publish-fixed-ip not supported by any of loaded plugins
2026-07-17 13:18:48.580 7 INFO neutron.api.extensions [None req-57dcba31-d2c6-461d-80de-6ec9ab047d8f - - - - - -] Loaded extension: subnet-external-network
2026-07-17 13:18:48.581 7 INFO neutron.api.extensions [None req-57dcba31-d2c6-461d-80de-6ec9ab047d8f - - - - - -] Loaded extension: subnet_onboard
2026-07-17 13:18:48.581 7 INFO neutron.api.extensions [None req-57dcba31-d2c6-461d-80de-6ec9ab047d8f - - - - - -] Loaded extension: subnet-segmentid-writable
2026-07-17 13:18:48.582 7 INFO neutron.api.extensions [None req-57dcba31-d2c6-461d-80de-6ec9ab047d8f - - - - - -] Loaded extension: subnet-service-types
2026-07-17 13:18:48.582 7 INFO neutron.api.extensions [None req-57dcba31-d2c6-461d-80de-6ec9ab047d8f - - - - - -] Loaded extension: subnet_allocation
2026-07-17 13:18:48.583 7 INFO neutron.api.extensions [None req-57dcba31-d2c6-461d-80de-6ec9ab047d8f - - - - - -] Loaded extension: subnetpool-prefix-ops
2026-07-17 13:18:48.584 7 INFO neutron.api.extensions [None req-57dcba31-d2c6-461d-80de-6ec9ab047d8f - - - - - -] Loaded extension: tag-creation
2026-07-17 13:18:48.584 7 INFO neutron.api.extensions [None req-57dcba31-d2c6-461d-80de-6ec9ab047d8f - - - - - -] Extension tag-ports-during-bulk-creation not supported by any of loaded plugins
2026-07-17 13:18:48.588 7 INFO neutron.api.extensions [None req-57dcba31-d2c6-461d-80de-6ec9ab047d8f - - - - - -] Loaded extension: standard-attr-tag
2026-07-17 13:18:48.591 7 INFO neutron.api.extensions [None req-57dcba31-d2c6-461d-80de-6ec9ab047d8f - - - - - -] Loaded extension: standard-attr-timestamp
2026-07-17 13:18:48.591 7 INFO neutron.api.extensions [None req-57dcba31-d2c6-461d-80de-6ec9ab047d8f - - - - - -] Loaded extension: trunk
2026-07-17 13:18:48.592 7 INFO neutron.api.extensions [None req-57dcba31-d2c6-461d-80de-6ec9ab047d8f - - - - - -] Loaded extension: trunk-details
2026-07-17 13:18:48.592 7 INFO neutron.api.extensions [None req-57dcba31-d2c6-461d-80de-6ec9ab047d8f - - - - - -] Extension uplink-status-propagation not supported by any of loaded plugins
2026-07-17 13:18:48.593 7 INFO neutron.api.extensions [None req-57dcba31-d2c6-461d-80de-6ec9ab047d8f - - - - - -] Extension uplink-status-propagation-updatable not supported by any of loaded plugins
2026-07-17 13:18:48.594 7 INFO neutron.api.extensions [None req-57dcba31-d2c6-461d-80de-6ec9ab047d8f - - - - - -] Extension vlan-transparent not supported by any of loaded plugins
2026-07-17 13:18:48.594 7 INFO neutron.api.extensions [None req-57dcba31-d2c6-461d-80de-6ec9ab047d8f - - - - - -] Loaded extension: vpn-aes-ctr
2026-07-17 13:18:48.596 7 INFO neutron.api.extensions [None req-57dcba31-d2c6-461d-80de-6ec9ab047d8f - - - - - -] Extension vpn-agent-scheduler not supported by any of loaded plugins
2026-07-17 13:18:48.597 7 INFO neutron.api.extensions [None req-57dcba31-d2c6-461d-80de-6ec9ab047d8f - - - - - -] Loaded extension: vpn-endpoint-groups
2026-07-17 13:18:48.598 7 INFO neutron.api.extensions [None req-57dcba31-d2c6-461d-80de-6ec9ab047d8f - - - - - -] Loaded extension: vpn-flavors
2026-07-17 13:18:48.600 7 INFO neutron.api.extensions [None req-57dcba31-d2c6-461d-80de-6ec9ab047d8f - - - - - -] Loaded extension: vpnaas
2026-07-17 13:18:48.601 7 INFO neutron.api.extensions [None req-57dcba31-d2c6-461d-80de-6ec9ab047d8f - - - - - -] Loaded extension: taas
2026-07-17 13:18:48.602 7 INFO neutron.api.extensions [None req-57dcba31-d2c6-461d-80de-6ec9ab047d8f - - - - - -] Loaded extension: tap-mirror
2026-07-17 13:18:48.603 7 INFO neutron.api.extensions [None req-57dcba31-d2c6-461d-80de-6ec9ab047d8f - - - - - -] Loaded extension: tap-mirror-both-direction
2026-07-17 13:18:48.604 7 INFO neutron.api.extensions [None req-57dcba31-d2c6-461d-80de-6ec9ab047d8f - - - - - -] Loaded extension: taas-vlan-filter
2026-07-17 13:18:48.607 7 INFO neutron.quota.resource_registry [None req-57dcba31-d2c6-461d-80de-6ec9ab047d8f - - - - - -] Creating instance of TrackedResource for resource:network
2026-07-17 13:18:48.607 7 INFO neutron.quota.resource_registry [None req-57dcba31-d2c6-461d-80de-6ec9ab047d8f - - - - - -] Creating instance of TrackedResource for resource:subnet
2026-07-17 13:18:48.607 7 INFO neutron.quota.resource_registry [None req-57dcba31-d2c6-461d-80de-6ec9ab047d8f - - - - - -] Creating instance of TrackedResource for resource:subnetpool
2026-07-17 13:18:48.607 7 INFO neutron.quota.resource_registry [None req-57dcba31-d2c6-461d-80de-6ec9ab047d8f - - - - - -] Creating instance of TrackedResource for resource:port
2026-07-17 13:18:48.609 8 WARNING keystonemiddleware._common.config [None req-afba41ec-dcbf-4ef4-96c3-a7f192d30654 - - - - - -] The option "audit_map_file" is not known to keystonemiddleware
2026-07-17 13:18:48.610 7 INFO neutron.quota.resource_registry [None req-57dcba31-d2c6-461d-80de-6ec9ab047d8f - - - - - -] Creating instance of CountableResource for resource:router_route
2026-07-17 13:18:48.611 7 INFO neutron.quota.resource_registry [None req-57dcba31-d2c6-461d-80de-6ec9ab047d8f - - - - - -] Creating instance of TrackedResource for resource:router
2026-07-17 13:18:48.612 7 INFO neutron.quota.resource_registry [None req-57dcba31-d2c6-461d-80de-6ec9ab047d8f - - - - - -] Creating instance of TrackedResource for resource:floatingip
2026-07-17 13:18:48.616 8 WARNING keystonemiddleware.auth_token [None req-afba41ec-dcbf-4ef4-96c3-a7f192d30654 - - - - - -] Configuring www_authenticate_uri to point to the public identity endpoint is required; clients may not be able to authenticate against an admin endpoint
2026-07-17 13:18:48.616 7 INFO neutron.quota.resource_registry [None req-57dcba31-d2c6-461d-80de-6ec9ab047d8f - - - - - -] Creating instance of CountableResource for resource:rbac_policy
2026-07-17 13:18:48.617 7 INFO neutron.quota.resource_registry [None req-57dcba31-d2c6-461d-80de-6ec9ab047d8f - - - - - -] Creating instance of TrackedResource for resource:security_group
2026-07-17 13:18:48.617 7 INFO neutron.quota.resource_registry [None req-57dcba31-d2c6-461d-80de-6ec9ab047d8f - - - - - -] Creating instance of TrackedResource for resource:security_group_rule
2026-07-17 13:18:48.618 7 INFO neutron.quota.resource_registry [None req-57dcba31-d2c6-461d-80de-6ec9ab047d8f - - - - - -] Creating instance of TrackedResource for resource:subnetpool WSGI app 0 (mountpoint='') ready in 8 seconds on interpreter 0x7f086cd3b668 pid: 8 (default app)
2026-07-17 13:18:48.619 7 WARNING neutron.quota.resource_registry [None req-57dcba31-d2c6-461d-80de-6ec9ab047d8f - - - - - -] subnetpool is already registered
2026-07-17 13:18:48.619 7 INFO neutron.quota.resource_registry [None req-57dcba31-d2c6-461d-80de-6ec9ab047d8f - - - - - -] Creating instance of TrackedResource for resource:subnetpool
2026-07-17 13:18:48.619 7 WARNING neutron.quota.resource_registry [None req-57dcba31-d2c6-461d-80de-6ec9ab047d8f - - - - - -] subnetpool is already registered
2026-07-17 13:18:48.620 7 INFO neutron.quota.resource_registry [None req-57dcba31-d2c6-461d-80de-6ec9ab047d8f - - - - - -] Creating instance of CountableResource for resource:trunk
2026-07-17 13:18:48.620 7 INFO neutron.quota.resource_registry [None req-57dcba31-d2c6-461d-80de-6ec9ab047d8f - - - - - -] Creating instance of CountableResource for resource:ikepolicy
2026-07-17 13:18:48.621 7 INFO neutron.quota.resource_registry [None req-57dcba31-d2c6-461d-80de-6ec9ab047d8f - - - - - -] Creating instance of CountableResource for resource:ipsecpolicy
2026-07-17 13:18:48.621 7 INFO neutron.quota.resource_registry [None req-57dcba31-d2c6-461d-80de-6ec9ab047d8f - - - - - -] Creating instance of CountableResource for resource:endpoint_group
2026-07-17 13:18:48.622 7 INFO neutron.quota.resource_registry [None req-57dcba31-d2c6-461d-80de-6ec9ab047d8f - - - - - -] Creating instance of CountableResource for resource:vpnservice
2026-07-17 13:18:48.622 7 INFO neutron.quota.resource_registry [None req-57dcba31-d2c6-461d-80de-6ec9ab047d8f - - - - - -] Creating instance of CountableResource for resource:ipsec_site_connection
2026-07-17 13:18:48.622 7 INFO neutron.quota.resource_registry [None req-57dcba31-d2c6-461d-80de-6ec9ab047d8f - - - - - -] Creating instance of CountableResource for resource:ipsecpolicy
2026-07-17 13:18:48.623 7 WARNING neutron.quota.resource_registry [None req-57dcba31-d2c6-461d-80de-6ec9ab047d8f - - - - - -] ipsecpolicy is already registered
2026-07-17 13:18:48.623 7 INFO neutron.quota.resource_registry [None req-57dcba31-d2c6-461d-80de-6ec9ab047d8f - - - - - -] Creating instance of CountableResource for resource:ikepolicy
2026-07-17 13:18:48.623 7 WARNING neutron.quota.resource_registry [None req-57dcba31-d2c6-461d-80de-6ec9ab047d8f - - - - - -] ikepolicy is already registered
2026-07-17 13:18:48.627 7 INFO neutron.quota.resource_registry [None req-57dcba31-d2c6-461d-80de-6ec9ab047d8f - - - - - -] Creating instance of CountableResource for resource:router_route
2026-07-17 13:18:48.627 7 WARNING neutron.quota.resource_registry [None req-57dcba31-d2c6-461d-80de-6ec9ab047d8f - - - - - -] router_route is already registered
2026-07-17 13:18:48.629 7 INFO neutron.quota.resource_registry [None req-57dcba31-d2c6-461d-80de-6ec9ab047d8f - - - - - -] Creating instance of TrackedResource for resource:router
2026-07-17 13:18:48.629 7 WARNING neutron.quota.resource_registry [None req-57dcba31-d2c6-461d-80de-6ec9ab047d8f - - - - - -] router is already registered
2026-07-17 13:18:48.629 7 INFO neutron.quota.resource_registry [None req-57dcba31-d2c6-461d-80de-6ec9ab047d8f - - - - - -] Creating instance of TrackedResource for resource:floatingip
2026-07-17 13:18:48.630 7 WARNING neutron.quota.resource_registry [None req-57dcba31-d2c6-461d-80de-6ec9ab047d8f - - - - - -] floatingip is already registered
2026-07-17 13:18:48.634 7 INFO neutron.quota.resource_registry [None req-57dcba31-d2c6-461d-80de-6ec9ab047d8f - - - - - -] Creating instance of CountableResource for resource:rbac_policy
2026-07-17 13:18:48.634 7 WARNING neutron.quota.resource_registry [None req-57dcba31-d2c6-461d-80de-6ec9ab047d8f - - - - - -] rbac_policy is already registered
2026-07-17 13:18:48.635 7 INFO neutron.quota.resource_registry [None req-57dcba31-d2c6-461d-80de-6ec9ab047d8f - - - - - -] Creating instance of TrackedResource for resource:security_group
2026-07-17 13:18:48.635 7 WARNING neutron.quota.resource_registry [None req-57dcba31-d2c6-461d-80de-6ec9ab047d8f - - - - - -] security_group is already registered
2026-07-17 13:18:48.635 7 INFO neutron.quota.resource_registry [None req-57dcba31-d2c6-461d-80de-6ec9ab047d8f - - - - - -] Creating instance of TrackedResource for resource:security_group_rule
2026-07-17 13:18:48.635 7 WARNING neutron.quota.resource_registry [None req-57dcba31-d2c6-461d-80de-6ec9ab047d8f - - - - - -] security_group_rule is already registered
2026-07-17 13:18:48.636 7 INFO neutron.quota.resource_registry [None req-57dcba31-d2c6-461d-80de-6ec9ab047d8f - - - - - -] Creating instance of TrackedResource for resource:subnetpool
2026-07-17 13:18:48.636 7 WARNING neutron.quota.resource_registry [None req-57dcba31-d2c6-461d-80de-6ec9ab047d8f - - - - - -] subnetpool is already registered
2026-07-17 13:18:48.637 7 INFO neutron.quota.resource_registry [None req-57dcba31-d2c6-461d-80de-6ec9ab047d8f - - - - - -] Creating instance of TrackedResource for resource:subnetpool
2026-07-17 13:18:48.637 7 WARNING neutron.quota.resource_registry [None req-57dcba31-d2c6-461d-80de-6ec9ab047d8f - - - - - -] subnetpool is already registered
2026-07-17 13:18:48.637 7 INFO neutron.quota.resource_registry [None req-57dcba31-d2c6-461d-80de-6ec9ab047d8f - - - - - -] Creating instance of CountableResource for resource:trunk
2026-07-17 13:18:48.638 7 WARNING neutron.quota.resource_registry [None req-57dcba31-d2c6-461d-80de-6ec9ab047d8f - - - - - -] trunk is already registered
2026-07-17 13:18:48.638 7 INFO neutron.quota.resource_registry [None req-57dcba31-d2c6-461d-80de-6ec9ab047d8f - - - - - -] Creating instance of CountableResource for resource:ikepolicy
2026-07-17 13:18:48.638 7 WARNING neutron.quota.resource_registry [None req-57dcba31-d2c6-461d-80de-6ec9ab047d8f - - - - - -] ikepolicy is already registered
2026-07-17 13:18:48.638 7 INFO neutron.quota.resource_registry [None req-57dcba31-d2c6-461d-80de-6ec9ab047d8f - - - - - -] Creating instance of CountableResource for resource:ipsecpolicy
2026-07-17 13:18:48.639 7 WARNING neutron.quota.resource_registry [None req-57dcba31-d2c6-461d-80de-6ec9ab047d8f - - - - - -] ipsecpolicy is already registered
2026-07-17 13:18:48.639 7 INFO neutron.quota.resource_registry [None req-57dcba31-d2c6-461d-80de-6ec9ab047d8f - - - - - -] Creating instance of CountableResource for resource:endpoint_group
2026-07-17 13:18:48.639 7 WARNING neutron.quota.resource_registry [None req-57dcba31-d2c6-461d-80de-6ec9ab047d8f - - - - - -] endpoint_group is already registered
2026-07-17 13:18:48.639 7 INFO neutron.quota.resource_registry [None req-57dcba31-d2c6-461d-80de-6ec9ab047d8f - - - - - -] Creating instance of CountableResource for resource:vpnservice
2026-07-17 13:18:48.640 7 WARNING neutron.quota.resource_registry [None req-57dcba31-d2c6-461d-80de-6ec9ab047d8f - - - - - -] vpnservice is already registered
2026-07-17 13:18:48.640 7 INFO neutron.quota.resource_registry [None req-57dcba31-d2c6-461d-80de-6ec9ab047d8f - - - - - -] Creating instance of CountableResource for resource:ipsec_site_connection
2026-07-17 13:18:48.640 7 WARNING neutron.quota.resource_registry [None req-57dcba31-d2c6-461d-80de-6ec9ab047d8f - - - - - -] ipsec_site_connection is already registered
2026-07-17 13:18:48.640 7 INFO neutron.quota.resource_registry [None req-57dcba31-d2c6-461d-80de-6ec9ab047d8f - - - - - -] Creating instance of CountableResource for resource:ipsecpolicy
2026-07-17 13:18:48.641 7 WARNING neutron.quota.resource_registry [None req-57dcba31-d2c6-461d-80de-6ec9ab047d8f - - - - - -] ipsecpolicy is already registered
2026-07-17 13:18:48.641 7 INFO neutron.quota.resource_registry [None req-57dcba31-d2c6-461d-80de-6ec9ab047d8f - - - - - -] Creating instance of CountableResource for resource:ikepolicy
2026-07-17 13:18:48.641 7 WARNING neutron.quota.resource_registry [None req-57dcba31-d2c6-461d-80de-6ec9ab047d8f - - - - - -] ikepolicy is already registered
2026-07-17 13:18:48.681 7 WARNING keystonemiddleware._common.config [None req-57dcba31-d2c6-461d-80de-6ec9ab047d8f - - - - - -] The option "audit_map_file" is not known to keystonemiddleware
2026-07-17 13:18:48.688 7 WARNING keystonemiddleware.auth_token [None req-57dcba31-d2c6-461d-80de-6ec9ab047d8f - - - - - -] Configuring www_authenticate_uri to point to the public identity endpoint is required; clients may not be able to authenticate against an admin endpoint WSGI app 0 (mountpoint='') ready in 8 seconds on interpreter 0x7f086cd3b668 pid: 7 (default app) /var/lib/openstack/lib/python3.12/site-packages/pycadf/identifier.py:70: UserWarning: Invalid uuid: unknown. To ensure interoperability, identifiers should be a valid uuid. warnings.warn(('Invalid uuid: %s. To ensure interoperability, '
2026-07-17 13:18:53.072 8 INFO neutron.pecan_wsgi.hooks.translation [None req-34c14be2-4307-4c1c-a14e-2cb9e4025b2b 0bad554cc3194169bc222c92fb137d31 e110cec32cf54b26af8816e1d114a3ab - - default default] GET failed (client error): The resource could not be found. [pid: 8|app: 0|req: 3/3] 199.204.45.242 () {44 vars in 927 bytes} [Fri Jul 17 13:18:52 2026] GET /v2.0/networks/public => generated 108 bytes in 691 msecs (HTTP/1.1 404) 4 headers in 164 bytes (1 switches on core 0) /var/lib/openstack/lib/python3.12/site-packages/pycadf/identifier.py:70: UserWarning: Invalid uuid: unknown. To ensure interoperability, identifiers should be a valid uuid. warnings.warn(('Invalid uuid: %s. To ensure interoperability, ' [pid: 7|app: 0|req: 1/4] 199.204.45.242 () {44 vars in 949 bytes} [Fri Jul 17 13:18:53 2026] GET /v2.0/networks?name=public => generated 15 bytes in 414 msecs (HTTP/1.1 200) 4 headers in 156 bytes (1 switches on core 0)
2026-07-17 13:18:54.063 8 ERROR stevedore.extension [None req-4accb628-7bda-433c-8e5f-9110892b9093 0bad554cc3194169bc222c92fb137d31 e110cec32cf54b26af8816e1d114a3ab - - default default] Could not load 'tap-as-a-service': module 'neutron.conf.policies.base' has no attribute 'ADMIN_OR_PROJECT_MEMBER'
2026-07-17 13:18:54.065 8 ERROR stevedore.extension [None req-4accb628-7bda-433c-8e5f-9110892b9093 0bad554cc3194169bc222c92fb137d31 e110cec32cf54b26af8816e1d114a3ab - - default default] Could not load 'neutron-vpnaas': module 'neutron.conf.policies.base' has no attribute 'ADMIN_OR_PROJECT_MEMBER'
2026-07-17 13:18:54.066 8 ERROR stevedore.extension [None req-4accb628-7bda-433c-8e5f-9110892b9093 0bad554cc3194169bc222c92fb137d31 e110cec32cf54b26af8816e1d114a3ab - - default default] Could not load 'neutron-dynamic-routing': module 'neutron.conf.policies.base' has no attribute 'ADMIN'
2026-07-17 13:18:54.429 8 WARNING neutron.services.revisions.revision_plugin [None req-4accb628-7bda-433c-8e5f-9110892b9093 0bad554cc3194169bc222c92fb137d31 e110cec32cf54b26af8816e1d114a3ab - - default default] Could not find related network for resource to bump revision.
2026-07-17 13:18:54.461 8 INFO neutron.db.segments_db [None req-4accb628-7bda-433c-8e5f-9110892b9093 0bad554cc3194169bc222c92fb137d31 e110cec32cf54b26af8816e1d114a3ab - - default default] Added segment bf9931bd-3f1d-4d00-937c-2e634374a3fb of type flat for network 12fb2141-c5b6-43ab-928e-21dd6257fd9f
2026-07-17 13:18:54.518 8 INFO neutron.pecan_wsgi.hooks.translation [None req-4accb628-7bda-433c-8e5f-9110892b9093 0bad554cc3194169bc222c92fb137d31 e110cec32cf54b26af8816e1d114a3ab - - default default] POST failed (client error): The resource could not be found. [pid: 8|app: 0|req: 4/5] 199.204.45.242 () {48 vars in 967 bytes} [Fri Jul 17 13:18:53 2026] POST /v2.0/networks => generated 124 bytes in 1041 msecs (HTTP/1.1 404) 4 headers in 164 bytes (1 switches on core 0)
2026-07-17 13:19:00.384 8 INFO neutron.pecan_wsgi.hooks.translation [None req-f8942033-722a-4b03-882b-af17541cd166 0bad554cc3194169bc222c92fb137d31 e110cec32cf54b26af8816e1d114a3ab - - default default] GET failed (client error): The resource could not be found. [pid: 8|app: 0|req: 5/7] 199.204.45.242 () {44 vars in 927 bytes} [Fri Jul 17 13:19:00 2026] GET /v2.0/networks/public => generated 108 bytes in 46 msecs (HTTP/1.1 404) 4 headers in 164 bytes (1 switches on core 0) [pid: 7|app: 0|req: 3/8] 199.204.45.242 () {44 vars in 949 bytes} [Fri Jul 17 13:19:00 2026] GET /v2.0/networks?name=public => generated 15 bytes in 16 msecs (HTTP/1.1 200) 4 headers in 156 bytes (1 switches on core 0)
2026-07-17 13:19:00.453 8 WARNING neutron.services.revisions.revision_plugin [None req-3a45b166-eb5b-4a5f-b448-077b9bd393fc 0bad554cc3194169bc222c92fb137d31 e110cec32cf54b26af8816e1d114a3ab - - default default] Could not find related network for resource to bump revision.
2026-07-17 13:19:00.469 8 INFO neutron.db.segments_db [None req-3a45b166-eb5b-4a5f-b448-077b9bd393fc 0bad554cc3194169bc222c92fb137d31 e110cec32cf54b26af8816e1d114a3ab - - default default] Added segment 0a069ec9-5e77-4eff-9cac-96436b89fd72 of type flat for network 3e7cd38c-e70f-4bfb-8a90-e0326a03adeb
2026-07-17 13:19:00.497 8 INFO neutron.pecan_wsgi.hooks.translation [None req-3a45b166-eb5b-4a5f-b448-077b9bd393fc 0bad554cc3194169bc222c92fb137d31 e110cec32cf54b26af8816e1d114a3ab - - default default] POST failed (client error): The resource could not be found. [pid: 8|app: 0|req: 6/9] 199.204.45.242 () {48 vars in 967 bytes} [Fri Jul 17 13:19:00 2026] POST /v2.0/networks => generated 124 bytes in 95 msecs (HTTP/1.1 404) 4 headers in 164 bytes (1 switches on core 0)
2026-07-17 13:19:06.724 7 INFO neutron.pecan_wsgi.hooks.translation [None req-b4ad4ad2-cba3-4542-98c0-b06a0cd872d5 0bad554cc3194169bc222c92fb137d31 e110cec32cf54b26af8816e1d114a3ab - - default default] GET failed (client error): The resource could not be found. [pid: 7|app: 0|req: 4/10] 199.204.45.242 () {44 vars in 927 bytes} [Fri Jul 17 13:19:06 2026] GET /v2.0/networks/public => generated 108 bytes in 389 msecs (HTTP/1.1 404) 4 headers in 164 bytes (1 switches on core 0) [pid: 8|app: 0|req: 7/11] 199.204.45.242 () {44 vars in 949 bytes} [Fri Jul 17 13:19:06 2026] GET /v2.0/networks?name=public => generated 15 bytes in 20 msecs (HTTP/1.1 200) 4 headers in 156 bytes (1 switches on core 0)
2026-07-17 13:19:06.971 7 ERROR stevedore.extension [None req-15e54132-0ef8-443d-ba41-2f937a11c9b9 0bad554cc3194169bc222c92fb137d31 e110cec32cf54b26af8816e1d114a3ab - - default default] Could not load 'tap-as-a-service': module 'neutron.conf.policies.base' has no attribute 'ADMIN_OR_PROJECT_MEMBER'
2026-07-17 13:19:06.973 7 ERROR stevedore.extension [None req-15e54132-0ef8-443d-ba41-2f937a11c9b9 0bad554cc3194169bc222c92fb137d31 e110cec32cf54b26af8816e1d114a3ab - - default default] Could not load 'neutron-vpnaas': module 'neutron.conf.policies.base' has no attribute 'ADMIN_OR_PROJECT_MEMBER'
2026-07-17 13:19:06.974 7 ERROR stevedore.extension [None req-15e54132-0ef8-443d-ba41-2f937a11c9b9 0bad554cc3194169bc222c92fb137d31 e110cec32cf54b26af8816e1d114a3ab - - default default] Could not load 'neutron-dynamic-routing': module 'neutron.conf.policies.base' has no attribute 'ADMIN'
2026-07-17 13:19:07.138 7 WARNING neutron.services.revisions.revision_plugin [None req-15e54132-0ef8-443d-ba41-2f937a11c9b9 0bad554cc3194169bc222c92fb137d31 e110cec32cf54b26af8816e1d114a3ab - - default default] Could not find related network for resource to bump revision.
2026-07-17 13:19:07.158 7 INFO neutron.db.segments_db [None req-15e54132-0ef8-443d-ba41-2f937a11c9b9 0bad554cc3194169bc222c92fb137d31 e110cec32cf54b26af8816e1d114a3ab - - default default] Added segment fafdfb5b-b05e-4c64-8507-9b8895f4c215 of type flat for network 1aed0534-6c1e-4f8b-9f84-ad7be9065c4b
2026-07-17 13:19:07.219 7 INFO neutron.pecan_wsgi.hooks.translation [None req-15e54132-0ef8-443d-ba41-2f937a11c9b9 0bad554cc3194169bc222c92fb137d31 e110cec32cf54b26af8816e1d114a3ab - - default default] POST failed (client error): The resource could not be found. [pid: 7|app: 0|req: 5/12] 199.204.45.242 () {48 vars in 967 bytes} [Fri Jul 17 13:19:06 2026] POST /v2.0/networks => generated 124 bytes in 483 msecs (HTTP/1.1 404) 4 headers in 164 bytes (1 switches on core 0)
2026-07-17 13:19:13.083 8 INFO neutron.pecan_wsgi.hooks.translation [None req-5a36f694-edd0-411d-9895-2673151f6c9a 0bad554cc3194169bc222c92fb137d31 e110cec32cf54b26af8816e1d114a3ab - - default default] GET failed (client error): The resource could not be found. [pid: 8|app: 0|req: 8/13] 199.204.45.242 () {44 vars in 927 bytes} [Fri Jul 17 13:19:13 2026] GET /v2.0/networks/public => generated 108 bytes in 40 msecs (HTTP/1.1 404) 4 headers in 164 bytes (1 switches on core 0) [pid: 7|app: 0|req: 6/14] 199.204.45.242 () {44 vars in 949 bytes} [Fri Jul 17 13:19:13 2026] GET /v2.0/networks?name=public => generated 15 bytes in 15 msecs (HTTP/1.1 200) 4 headers in 156 bytes (1 switches on core 0)
2026-07-17 13:19:13.157 8 WARNING neutron.services.revisions.revision_plugin [None req-dcdcf3af-2a13-44e4-8776-b5e842c4aa35 0bad554cc3194169bc222c92fb137d31 e110cec32cf54b26af8816e1d114a3ab - - default default] Could not find related network for resource to bump revision.
2026-07-17 13:19:13.182 8 INFO neutron.db.segments_db [None req-dcdcf3af-2a13-44e4-8776-b5e842c4aa35 0bad554cc3194169bc222c92fb137d31 e110cec32cf54b26af8816e1d114a3ab - - default default] Added segment 7b4a59f9-1903-4a9b-848f-778c0145f325 of type flat for network 0933d5f4-5b6d-4751-9d36-65389eacc459
2026-07-17 13:19:13.208 8 INFO neutron.pecan_wsgi.hooks.translation [None req-dcdcf3af-2a13-44e4-8776-b5e842c4aa35 0bad554cc3194169bc222c92fb137d31 e110cec32cf54b26af8816e1d114a3ab - - default default] POST failed (client error): The resource could not be found. [pid: 8|app: 0|req: 9/15] 199.204.45.242 () {48 vars in 967 bytes} [Fri Jul 17 13:19:13 2026] POST /v2.0/networks => generated 124 bytes in 111 msecs (HTTP/1.1 404) 4 headers in 164 bytes (1 switches on core 0)
2026-07-17 13:19:19.100 8 INFO neutron.pecan_wsgi.hooks.translation [None req-63467ae0-a7ca-4ac0-bb2a-9bb95a6aed37 0bad554cc3194169bc222c92fb137d31 e110cec32cf54b26af8816e1d114a3ab - - default default] GET failed (client error): The resource could not be found. [pid: 8|app: 0|req: 10/17] 199.204.45.242 () {44 vars in 927 bytes} [Fri Jul 17 13:19:19 2026] GET /v2.0/networks/public => generated 108 bytes in 44 msecs (HTTP/1.1 404) 4 headers in 164 bytes (1 switches on core 0) [pid: 7|app: 0|req: 8/18] 199.204.45.242 () {44 vars in 949 bytes} [Fri Jul 17 13:19:19 2026] GET /v2.0/networks?name=public => generated 15 bytes in 14 msecs (HTTP/1.1 200) 4 headers in 156 bytes (1 switches on core 0)
2026-07-17 13:19:19.168 8 WARNING neutron.services.revisions.revision_plugin [None req-010585a3-7563-471a-98ef-7b957b6b2bc1 0bad554cc3194169bc222c92fb137d31 e110cec32cf54b26af8816e1d114a3ab - - default default] Could not find related network for resource to bump revision.
2026-07-17 13:19:19.189 8 INFO neutron.db.segments_db [None req-010585a3-7563-471a-98ef-7b957b6b2bc1 0bad554cc3194169bc222c92fb137d31 e110cec32cf54b26af8816e1d114a3ab - - default default] Added segment b7d1a431-8055-4933-b444-c51a6a4c0faf of type flat for network d1d75164-7aee-4a72-a4b0-e5a38e56d2d0
2026-07-17 13:19:19.212 8 INFO neutron.pecan_wsgi.hooks.translation [None req-010585a3-7563-471a-98ef-7b957b6b2bc1 0bad554cc3194169bc222c92fb137d31 e110cec32cf54b26af8816e1d114a3ab - - default default] POST failed (client error): The resource could not be found. [pid: 8|app: 0|req: 11/19] 199.204.45.242 () {48 vars in 967 bytes} [Fri Jul 17 13:19:19 2026] POST /v2.0/networks => generated 124 bytes in 98 msecs (HTTP/1.1 404) 4 headers in 164 bytes (1 switches on core 0)
2026-07-17 13:19:25.079 7 INFO neutron.pecan_wsgi.hooks.translation [None req-8f54f7f8-a6eb-4dfa-8b73-1420f4ed9aa4 0bad554cc3194169bc222c92fb137d31 e110cec32cf54b26af8816e1d114a3ab - - default default] GET failed (client error): The resource could not be found. [pid: 7|app: 0|req: 9/20] 199.204.45.242 () {44 vars in 927 bytes} [Fri Jul 17 13:19:25 2026] GET /v2.0/networks/public => generated 108 bytes in 43 msecs (HTTP/1.1 404) 4 headers in 164 bytes (1 switches on core 0) [pid: 8|app: 0|req: 12/21] 199.204.45.242 () {44 vars in 949 bytes} [Fri Jul 17 13:19:25 2026] GET /v2.0/networks?name=public => generated 15 bytes in 9 msecs (HTTP/1.1 200) 4 headers in 156 bytes (1 switches on core 0)
2026-07-17 13:19:25.320 7 WARNING neutron.services.revisions.revision_plugin [None req-c6e8f96b-4b1e-4535-bb5e-a47d2e43856b 0bad554cc3194169bc222c92fb137d31 e110cec32cf54b26af8816e1d114a3ab - - default default] Could not find related network for resource to bump revision.
