2026-07-24 18:46:42.444 7 INFO neutron.db.segments_db [None req-bb282feb-b2dd-45be-b0a4-a3b2cc4330fd 65ccbce0262d4896814a37ec4c686576 3373fba6f8bd4e318546c87350d1de6d - - default default] Added segment e7388c0b-8cf1-4db0-994a-6c2b045b190d of type geneve for network 1af4be06-dceb-45e6-9c01-f60b6c16de09
2026-07-24 18:46:42.559 7 INFO neutron.db.ovn_revision_numbers_db [None req-349a845b-e991-4256-9d78-b91341b4719a - - - - - -] Successfully bumped revision number for resource cf54c977-37bd-4e8d-95ab-a43017e2f793 (type: ports) to 4
2026-07-24 18:46:42.617 7 INFO neutron.db.segments_db [None req-bb282feb-b2dd-45be-b0a4-a3b2cc4330fd 65ccbce0262d4896814a37ec4c686576 3373fba6f8bd4e318546c87350d1de6d - - default default] Added segment fbae298c-9eac-4c09-ac3d-ca3067085bf9 of type geneve for network a461cf02-15a6-437c-9598-d2189c92154a
2026-07-24 18:46:42.835 7 INFO neutron.db.ovn_revision_numbers_db [None req-bb282feb-b2dd-45be-b0a4-a3b2cc4330fd 65ccbce0262d4896814a37ec4c686576 3373fba6f8bd4e318546c87350d1de6d - - default default] Successfully bumped revision number for resource 1af4be06-dceb-45e6-9c01-f60b6c16de09 (type: networks) to 1
2026-07-24 18:46:43.159 7 WARNING neutron.scheduler.dhcp_agent_scheduler [None req-bb282feb-b2dd-45be-b0a4-a3b2cc4330fd 65ccbce0262d4896814a37ec4c686576 3373fba6f8bd4e318546c87350d1de6d - - default default] No more DHCP agents
2026-07-24 18:46:43.160 7 INFO neutron.db.ovn_revision_numbers_db [None req-349a845b-e991-4256-9d78-b91341b4719a - - - - - -] Successfully bumped revision number for resource cf54c977-37bd-4e8d-95ab-a43017e2f793 (type: ports) to 5
2026-07-24 18:46:43.163 7 WARNING neutron.api.rpc.agentnotifiers.dhcp_rpc_agent_api [None req-bb282feb-b2dd-45be-b0a4-a3b2cc4330fd 65ccbce0262d4896814a37ec4c686576 3373fba6f8bd4e318546c87350d1de6d - - default default] Unable to schedule network 1af4be06-dceb-45e6-9c01-f60b6c16de09: no agents available; will retry on subsequent port and subnet creation events.
2026-07-24 18:46:43.236 8 INFO neutron.plugins.ml2.drivers.ovn.mech_driver.mech_driver [None req-12fb65ae-445d-4d28-a6bb-8a50a48b7bc3 - - - - - -] OVN reports status down for port: 4890428b-dc24-44c2-9d04-5a832b256f44
2026-07-24 18:46:43.306 7 INFO neutron.db.ovn_revision_numbers_db [None req-bb282feb-b2dd-45be-b0a4-a3b2cc4330fd 65ccbce0262d4896814a37ec4c686576 3373fba6f8bd4e318546c87350d1de6d - - default default] Successfully bumped revision number for resource 4890428b-dc24-44c2-9d04-5a832b256f44 (type: ports) to 1
2026-07-24 18:46:43.354 8 INFO neutron.plugins.ml2.drivers.ovn.mech_driver.mech_driver [None req-12fb65ae-445d-4d28-a6bb-8a50a48b7bc3 - - - - - -] OVN reports status up for port: f62d7e85-21e9-4e44-93b4-132544e8058c
2026-07-24 18:46:43.374 8 INFO neutron.plugins.ml2.plugin [None req-12fb65ae-445d-4d28-a6bb-8a50a48b7bc3 - - - - - -] Attempt 1 to provision port f62d7e85-21e9-4e44-93b4-132544e8058c
2026-07-24 18:46:43.393 7 INFO neutron.db.ovn_revision_numbers_db [None req-bb282feb-b2dd-45be-b0a4-a3b2cc4330fd 65ccbce0262d4896814a37ec4c686576 3373fba6f8bd4e318546c87350d1de6d - - default default] Successfully bumped revision number for resource a461cf02-15a6-437c-9598-d2189c92154a (type: networks) to 1
2026-07-24 18:46:43.443 8 WARNING neutron.scheduler.dhcp_agent_scheduler [None req-f7cea0a7-f2f3-4e8d-a1d5-26fd7a143b49 a73c43138b3d4c938f8c5719557a7f8c 7ab1780863024b4aba8604147d8f2d81 - - default default] No more DHCP agents
2026-07-24 18:46:43.446 8 WARNING neutron.api.rpc.agentnotifiers.dhcp_rpc_agent_api [None req-f7cea0a7-f2f3-4e8d-a1d5-26fd7a143b49 a73c43138b3d4c938f8c5719557a7f8c 7ab1780863024b4aba8604147d8f2d81 - - default default] Unable to schedule network e4ebdc89-358a-4a04-b6ce-63d985108cc6: no agents available; will retry on subsequent port and subnet creation events.
2026-07-24 18:46:43.551 7 WARNING neutron.scheduler.dhcp_agent_scheduler [None req-bb282feb-b2dd-45be-b0a4-a3b2cc4330fd 65ccbce0262d4896814a37ec4c686576 3373fba6f8bd4e318546c87350d1de6d - - default default] No more DHCP agents
2026-07-24 18:46:43.552 7 WARNING neutron.api.rpc.agentnotifiers.dhcp_rpc_agent_api [None req-bb282feb-b2dd-45be-b0a4-a3b2cc4330fd 65ccbce0262d4896814a37ec4c686576 3373fba6f8bd4e318546c87350d1de6d - - default default] Unable to schedule network a461cf02-15a6-437c-9598-d2189c92154a: no agents available; will retry on subsequent port and subnet creation events.
2026-07-24 18:46:43.629 7 INFO neutron.db.ovn_revision_numbers_db [None req-bb282feb-b2dd-45be-b0a4-a3b2cc4330fd 65ccbce0262d4896814a37ec4c686576 3373fba6f8bd4e318546c87350d1de6d - - default default] Successfully bumped revision number for resource 37c14ed9-0888-4024-81ae-5d09dd6d0393 (type: ports) to 1 [pid: 7|app: 0|req: 556/1105] 10.0.0.136 () {34 vars in 670 bytes} [Fri Jul 24 18:46:41 2026] POST /v2.0/networks => generated 1322 bytes in 2001 msecs (HTTP/1.1 201) 4 headers in 163 bytes (1 switches on core 0)
2026-07-24 18:46:43.906 7 INFO neutron.db.ovn_revision_numbers_db [None req-ac481eca-7c98-45b8-b4e3-adef52415925 a73c43138b3d4c938f8c5719557a7f8c 7ab1780863024b4aba8604147d8f2d81 - - default default] Successfully bumped revision number for resource ac562c21-b22f-4213-aa43-0e06d4e9bc68 (type: security_groups) to 1
2026-07-24 18:46:43.920 7 INFO neutron.db.ovn_revision_numbers_db [None req-ac481eca-7c98-45b8-b4e3-adef52415925 a73c43138b3d4c938f8c5719557a7f8c 7ab1780863024b4aba8604147d8f2d81 - - default default] Successfully bumped revision number for resource 8e9cc6b6-a172-4d03-a48f-9e66e290c5d7 (type: security_group_rules) to 0
2026-07-24 18:46:43.937 7 INFO neutron.db.ovn_revision_numbers_db [None req-ac481eca-7c98-45b8-b4e3-adef52415925 a73c43138b3d4c938f8c5719557a7f8c 7ab1780863024b4aba8604147d8f2d81 - - default default] Successfully bumped revision number for resource a11c55b9-5234-41d7-82e6-91e0f453043e (type: security_group_rules) to 0
2026-07-24 18:46:43.953 7 INFO neutron.db.ovn_revision_numbers_db [None req-ac481eca-7c98-45b8-b4e3-adef52415925 a73c43138b3d4c938f8c5719557a7f8c 7ab1780863024b4aba8604147d8f2d81 - - default default] Successfully bumped revision number for resource d69c1423-04de-4a9d-ac25-89f6c0acfb80 (type: security_group_rules) to 0
2026-07-24 18:46:43.966 7 INFO neutron.db.ovn_revision_numbers_db [None req-ac481eca-7c98-45b8-b4e3-adef52415925 a73c43138b3d4c938f8c5719557a7f8c 7ab1780863024b4aba8604147d8f2d81 - - default default] Successfully bumped revision number for resource eb45349f-f4c1-410f-8b97-0b62d592bde8 (type: security_group_rules) to 0 [pid: 7|app: 0|req: 557/1106] 10.0.0.136 () {32 vars in 774 bytes} [Fri Jul 24 18:46:43 2026] GET /v2.0/security-groups?tenant_id=d47ba622be41488ab69ac1fdf9f1587f&name=default => generated 2925 bytes in 352 msecs (HTTP/1.1 200) 4 headers in 158 bytes (1 switches on core 0)
2026-07-24 18:46:44.007 8 INFO neutron.db.ovn_revision_numbers_db [None req-12fb65ae-445d-4d28-a6bb-8a50a48b7bc3 - - - - - -] Successfully bumped revision number for resource f62d7e85-21e9-4e44-93b4-132544e8058c (type: ports) to 2 [pid: 7|app: 0|req: 558/1107] 10.0.0.136 () {32 vars in 649 bytes} [Fri Jul 24 18:46:44 2026] GET /v2.0/networks => generated 1971 bytes in 76 msecs (HTTP/1.1 200) 4 headers in 158 bytes (1 switches on core 0)
2026-07-24 18:46:44.140 8 INFO neutron.plugins.ml2.drivers.ovn.mech_driver.mech_driver [None req-f1a70124-4e87-4bc4-9a87-1b95ea611960 - - - - - -] OVN reports status down for port: 37c14ed9-0888-4024-81ae-5d09dd6d0393 [pid: 7|app: 0|req: 559/1108] 10.0.0.136 () {32 vars in 740 bytes} [Fri Jul 24 18:46:44 2026] DELETE /v2.0/security-groups/ac562c21-b22f-4213-aa43-0e06d4e9bc68 => generated 0 bytes in 245 msecs (HTTP/1.1 204) 2 headers in 112 bytes (1 switches on core 0)
2026-07-24 18:46:44.352 8 INFO neutron.db.ovn_revision_numbers_db [None req-f7cea0a7-f2f3-4e8d-a1d5-26fd7a143b49 a73c43138b3d4c938f8c5719557a7f8c 7ab1780863024b4aba8604147d8f2d81 - - default default] Successfully bumped revision number for resource f62d7e85-21e9-4e44-93b4-132544e8058c (type: router_ports) to 1 [pid: 8|app: 0|req: 550/1109] 10.0.0.136 () {34 vars in 783 bytes} [Fri Jul 24 18:46:41 2026] PUT /v2.0/routers/495c5fd6-8185-4ff6-8185-37adf6838450/add_router_interface => generated 309 bytes in 2817 msecs (HTTP/1.1 200) 4 headers in 157 bytes (1 switches on core 0)
2026-07-24 18:46:44.415 8 INFO neutron.db.ovn_revision_numbers_db [None req-f1a70124-4e87-4bc4-9a87-1b95ea611960 - - - - - -] Successfully bumped revision number for resource f62d7e85-21e9-4e44-93b4-132544e8058c (type: router_ports) to 2
2026-07-24 18:46:44.475 7 INFO neutron_taas.services.taas.taas_plugin [None req-777bbfc8-4083-457f-a3f6-8eb9cbad825f 65ccbce0262d4896814a37ec4c686576 3373fba6f8bd4e318546c87350d1de6d - - default default] TaaS: Handle Delete Port: 4890428b-dc24-44c2-9d04-5a832b256f44
2026-07-24 18:46:44.478 7 INFO neutron_taas.services.taas.tap_mirror_plugin [None req-777bbfc8-4083-457f-a3f6-8eb9cbad825f 65ccbce0262d4896814a37ec4c686576 3373fba6f8bd4e318546c87350d1de6d - - default default] Tap Mirror: Handle Delete Port: 4890428b-dc24-44c2-9d04-5a832b256f44
2026-07-24 18:46:44.580 8 INFO neutron.db.ovn_revision_numbers_db [None req-b1849559-6fca-4293-b539-22fac723bc3d a73c43138b3d4c938f8c5719557a7f8c 7ab1780863024b4aba8604147d8f2d81 - - default default] Successfully bumped revision number for resource 1294d4ce-6822-40bc-9fe2-b7dfb7a92657 (type: security_groups) to 1
2026-07-24 18:46:44.593 8 INFO neutron.db.ovn_revision_numbers_db [None req-b1849559-6fca-4293-b539-22fac723bc3d a73c43138b3d4c938f8c5719557a7f8c 7ab1780863024b4aba8604147d8f2d81 - - default default] Successfully bumped revision number for resource 00ed2fa1-81c9-442e-8a7e-b5b33ad2a3d9 (type: security_group_rules) to 0
2026-07-24 18:46:44.609 8 INFO neutron.db.ovn_revision_numbers_db [None req-b1849559-6fca-4293-b539-22fac723bc3d a73c43138b3d4c938f8c5719557a7f8c 7ab1780863024b4aba8604147d8f2d81 - - default default] Successfully bumped revision number for resource 0a4b339f-f142-4829-994f-12eb1cf7d18f (type: security_group_rules) to 0
2026-07-24 18:46:44.624 8 INFO neutron.db.ovn_revision_numbers_db [None req-b1849559-6fca-4293-b539-22fac723bc3d a73c43138b3d4c938f8c5719557a7f8c 7ab1780863024b4aba8604147d8f2d81 - - default default] Successfully bumped revision number for resource 1a504d6c-d85e-4f87-9735-6f7a517cb35b (type: security_group_rules) to 0
2026-07-24 18:46:44.638 8 INFO neutron.db.ovn_revision_numbers_db [None req-b1849559-6fca-4293-b539-22fac723bc3d a73c43138b3d4c938f8c5719557a7f8c 7ab1780863024b4aba8604147d8f2d81 - - default default] Successfully bumped revision number for resource 962e7691-779b-431f-8cb5-94ca7529e906 (type: security_group_rules) to 0
2026-07-24 18:46:44.663 7 INFO neutron.services.segments.plugin [-] Segment e7388c0b-8cf1-4db0-994a-6c2b045b190d resource provider aggregate not found
2026-07-24 18:46:44.669 7 INFO neutron.services.segments.plugin [-] Segment e7388c0b-8cf1-4db0-994a-6c2b045b190d resource provider aggregate not found [pid: 8|app: 0|req: 551/1110] 10.0.0.136 () {32 vars in 774 bytes} [Fri Jul 24 18:46:44 2026] GET /v2.0/security-groups?tenant_id=4477ba5988d94909a929466e301d7e2a&name=default => generated 2925 bytes in 237 msecs (HTTP/1.1 200) 4 headers in 158 bytes (1 switches on core 0)
2026-07-24 18:46:44.689 7 INFO neutron.services.segments.plugin [-] Client error retrieving segment e7388c0b-8cf1-4db0-994a-6c2b045b190d resource provider; error: Placement Client Error (4xx): {"errors": [{"status": 404, "title": "Not Found", "detail": "The resource could not be found.\n\n No resource provider with uuid e7388c0b-8cf1-4db0-994a-6c2b045b190d found for delete ", "request_id": "req-5482abc0-5c0b-4b8b-894e-9747a1e811b6"}]}
2026-07-24 18:46:44.690 7 INFO neutron.services.segments.plugin [-] Client error retrieving segment e7388c0b-8cf1-4db0-994a-6c2b045b190d resource provider; error: Placement Client Error (4xx): {"errors": [{"status": 404, "title": "Not Found", "detail": "The resource could not be found.\n\n No resource provider with uuid e7388c0b-8cf1-4db0-994a-6c2b045b190d found for delete ", "request_id": "req-66f988d0-d17b-4557-ae05-0e085f8725ab"}]} [pid: 7|app: 0|req: 560/1111] 10.0.0.136 () {32 vars in 726 bytes} [Fri Jul 24 18:46:44 2026] DELETE /v2.0/networks/1af4be06-dceb-45e6-9c01-f60b6c16de09 => generated 0 bytes in 387 msecs (HTTP/1.1 204) 3 headers in 131 bytes (1 switches on core 0)
2026-07-24 18:46:44.842 7 INFO neutron_taas.services.taas.taas_plugin [None req-75fac0dc-ab9f-46a1-bb5b-ca73629bff47 65ccbce0262d4896814a37ec4c686576 3373fba6f8bd4e318546c87350d1de6d - - default default] TaaS: Handle Delete Port: 37c14ed9-0888-4024-81ae-5d09dd6d0393
2026-07-24 18:46:44.847 7 INFO neutron_taas.services.taas.tap_mirror_plugin [None req-75fac0dc-ab9f-46a1-bb5b-ca73629bff47 65ccbce0262d4896814a37ec4c686576 3373fba6f8bd4e318546c87350d1de6d - - default default] Tap Mirror: Handle Delete Port: 37c14ed9-0888-4024-81ae-5d09dd6d0393 [pid: 8|app: 0|req: 552/1112] 10.0.0.136 () {32 vars in 740 bytes} [Fri Jul 24 18:46:44 2026] DELETE /v2.0/security-groups/1294d4ce-6822-40bc-9fe2-b7dfb7a92657 => generated 0 bytes in 240 msecs (HTTP/1.1 204) 2 headers in 112 bytes (1 switches on core 0) [pid: 8|app: 0|req: 553/1113] 10.0.0.41 () {34 vars in 989 bytes} [Fri Jul 24 18:46:44 2026] GET /v2.0/ports?device_id=3b1b6e10-9d74-4e9c-b723-f020811ec174 => generated 1213 bytes in 43 msecs (HTTP/1.1 200) 4 headers in 158 bytes (1 switches on core 0) [pid: 7|app: 0|req: 561/1114] 10.0.0.136 () {32 vars in 726 bytes} [Fri Jul 24 18:46:44 2026] DELETE /v2.0/networks/a461cf02-15a6-437c-9598-d2189c92154a => generated 0 bytes in 380 msecs (HTTP/1.1 204) 3 headers in 131 bytes (1 switches on core 0) [pid: 7|app: 0|req: 562/1115] 10.0.0.41 () {34 vars in 1039 bytes} [Fri Jul 24 18:46:45 2026] GET /v2.0/security-groups?id=5b3329b2-9928-4203-90e8-ecf48570142c&fields=id&fields=name => generated 113 bytes in 46 msecs (HTTP/1.1 200) 4 headers in 157 bytes (1 switches on core 0)
2026-07-24 18:46:45.150 8 INFO neutron.db.ovn_revision_numbers_db [None req-31bc7d7c-c40a-4d03-91ee-e9704fae261d b690672fe3c44faeb0df31b14aa3a978 dbdb699ce6544262a7962cdaf1943e45 - - default default] Successfully bumped revision number for resource 06f4dace-67b3-4e5e-8674-fab2a978b8c6 (type: security_groups) to 1
2026-07-24 18:46:45.161 8 INFO neutron.db.ovn_revision_numbers_db [None req-31bc7d7c-c40a-4d03-91ee-e9704fae261d b690672fe3c44faeb0df31b14aa3a978 dbdb699ce6544262a7962cdaf1943e45 - - default default] Successfully bumped revision number for resource 5ce36d08-2e10-468b-b394-0804c5bbb254 (type: security_group_rules) to 0
2026-07-24 18:46:45.173 8 INFO neutron.db.ovn_revision_numbers_db [None req-31bc7d7c-c40a-4d03-91ee-e9704fae261d b690672fe3c44faeb0df31b14aa3a978 dbdb699ce6544262a7962cdaf1943e45 - - default default] Successfully bumped revision number for resource 65673343-27d3-4041-ace2-eb3b608b9877 (type: security_group_rules) to 0 [pid: 7|app: 0|req: 563/1116] 10.0.0.136 () {32 vars in 649 bytes} [Fri Jul 24 18:46:45 2026] GET /v2.0/networks => generated 689 bytes in 46 msecs (HTTP/1.1 200) 4 headers in 157 bytes (1 switches on core 0) [pid: 8|app: 0|req: 554/1117] 10.0.0.136 () {34 vars in 685 bytes} [Fri Jul 24 18:46:45 2026] POST /v2.0/security-groups => generated 1659 bytes in 177 msecs (HTTP/1.1 201) 4 headers in 163 bytes (1 switches on core 0)
2026-07-24 18:46:45.303 7 INFO neutron.db.segments_db [None req-f53c1a18-11c9-4217-a15b-aace46130f26 65ccbce0262d4896814a37ec4c686576 3373fba6f8bd4e318546c87350d1de6d - - default default] Added segment 9e7a992c-c055-45f3-a87d-6f6661454f5a of type geneve for network de974adc-05e6-4423-b2b7-2cf813493571
2026-07-24 18:46:45.399 8 INFO neutron.db.ovn_revision_numbers_db [None req-1f1dbd7e-0cbd-4533-a283-f445130f1aae b690672fe3c44faeb0df31b14aa3a978 dbdb699ce6544262a7962cdaf1943e45 - - default default] Successfully bumped revision number for resource d5631b91-7402-4685-8f94-d50dd58073c3 (type: security_group_rules) to 0 [pid: 8|app: 0|req: 555/1118] 10.0.0.136 () {34 vars in 695 bytes} [Fri Jul 24 18:46:45 2026] POST /v2.0/security-group-rules => generated 597 bytes in 229 msecs (HTTP/1.1 201) 4 headers in 162 bytes (1 switches on core 0)
2026-07-24 18:46:45.455 7 INFO neutron.db.ovn_revision_numbers_db [None req-f53c1a18-11c9-4217-a15b-aace46130f26 65ccbce0262d4896814a37ec4c686576 3373fba6f8bd4e318546c87350d1de6d - - default default] Successfully bumped revision number for resource de974adc-05e6-4423-b2b7-2cf813493571 (type: networks) to 1
2026-07-24 18:46:45.581 8 INFO neutron.db.ovn_revision_numbers_db [None req-8f5954f8-9a23-40ab-a6ac-a01aeb569ba3 b690672fe3c44faeb0df31b14aa3a978 dbdb699ce6544262a7962cdaf1943e45 - - default default] Successfully bumped revision number for resource 69168dbd-20fb-4df7-b6a1-06e6556a2939 (type: security_group_rules) to 0 [pid: 8|app: 0|req: 556/1119] 10.0.0.136 () {34 vars in 695 bytes} [Fri Jul 24 18:46:45 2026] POST /v2.0/security-group-rules => generated 602 bytes in 160 msecs (HTTP/1.1 201) 4 headers in 162 bytes (1 switches on core 0)
2026-07-24 18:46:45.626 7 WARNING neutron.scheduler.dhcp_agent_scheduler [None req-f53c1a18-11c9-4217-a15b-aace46130f26 65ccbce0262d4896814a37ec4c686576 3373fba6f8bd4e318546c87350d1de6d - - default default] No more DHCP agents
2026-07-24 18:46:45.628 7 WARNING neutron.api.rpc.agentnotifiers.dhcp_rpc_agent_api [None req-f53c1a18-11c9-4217-a15b-aace46130f26 65ccbce0262d4896814a37ec4c686576 3373fba6f8bd4e318546c87350d1de6d - - default default] Unable to schedule network de974adc-05e6-4423-b2b7-2cf813493571: no agents available; will retry on subsequent port and subnet creation events.
2026-07-24 18:46:45.689 8 INFO neutron.plugins.ml2.drivers.ovn.mech_driver.mech_driver [None req-f1a70124-4e87-4bc4-9a87-1b95ea611960 - - - - - -] OVN reports status down for port: aa8cc388-c9d5-47bd-9e8b-e47134785169
2026-07-24 18:46:45.715 7 INFO neutron.db.ovn_revision_numbers_db [None req-f53c1a18-11c9-4217-a15b-aace46130f26 65ccbce0262d4896814a37ec4c686576 3373fba6f8bd4e318546c87350d1de6d - - default default] Successfully bumped revision number for resource aa8cc388-c9d5-47bd-9e8b-e47134785169 (type: ports) to 1 [pid: 7|app: 0|req: 564/1120] 10.0.0.136 () {34 vars in 670 bytes} [Fri Jul 24 18:46:45 2026] POST /v2.0/networks => generated 692 bytes in 531 msecs (HTTP/1.1 201) 4 headers in 162 bytes (1 switches on core 0)
2026-07-24 18:46:45.816 7 INFO neutron.db.segments_db [None req-06db76be-735a-4e49-b3cc-ff7fac91302a 65ccbce0262d4896814a37ec4c686576 3373fba6f8bd4e318546c87350d1de6d - - default default] Added segment 8c4d17b5-af1f-460f-b5a4-59578df76db8 of type geneve for network 3c7438f7-00cb-43c7-b234-7ddea9f99acc
2026-07-24 18:46:45.904 7 INFO neutron.db.ovn_revision_numbers_db [None req-06db76be-735a-4e49-b3cc-ff7fac91302a 65ccbce0262d4896814a37ec4c686576 3373fba6f8bd4e318546c87350d1de6d - - default default] Successfully bumped revision number for resource 3c7438f7-00cb-43c7-b234-7ddea9f99acc (type: networks) to 1
2026-07-24 18:46:45.948 8 WARNING neutron.scheduler.dhcp_agent_scheduler [None req-7b121a08-c4b7-4b1a-8102-23684f0d30c4 b690672fe3c44faeb0df31b14aa3a978 dbdb699ce6544262a7962cdaf1943e45 - - default default] No more DHCP agents
2026-07-24 18:46:45.950 8 WARNING neutron.api.rpc.agentnotifiers.dhcp_rpc_agent_api [None req-7b121a08-c4b7-4b1a-8102-23684f0d30c4 b690672fe3c44faeb0df31b14aa3a978 dbdb699ce6544262a7962cdaf1943e45 - - default default] Unable to schedule network 44cb9f04-b733-4ef1-96e6-f026a2b3a019: no agents available; will retry on subsequent port and subnet creation events.
2026-07-24 18:46:46.061 7 WARNING neutron.scheduler.dhcp_agent_scheduler [None req-06db76be-735a-4e49-b3cc-ff7fac91302a 65ccbce0262d4896814a37ec4c686576 3373fba6f8bd4e318546c87350d1de6d - - default default] No more DHCP agents
2026-07-24 18:46:46.062 7 WARNING neutron.api.rpc.agentnotifiers.dhcp_rpc_agent_api [None req-06db76be-735a-4e49-b3cc-ff7fac91302a 65ccbce0262d4896814a37ec4c686576 3373fba6f8bd4e318546c87350d1de6d - - default default] Unable to schedule network 3c7438f7-00cb-43c7-b234-7ddea9f99acc: no agents available; will retry on subsequent port and subnet creation events.
2026-07-24 18:46:46.117 7 INFO neutron.plugins.ml2.drivers.ovn.mech_driver.mech_driver [None req-e0735974-7f31-4714-b9ba-af16218bafa3 - - - - - -] OVN reports status down for port: e9a658e0-7369-4d11-b1c8-24da2153318c
2026-07-24 18:46:46.172 7 INFO neutron.db.ovn_revision_numbers_db [None req-06db76be-735a-4e49-b3cc-ff7fac91302a 65ccbce0262d4896814a37ec4c686576 3373fba6f8bd4e318546c87350d1de6d - - default default] Successfully bumped revision number for resource e9a658e0-7369-4d11-b1c8-24da2153318c (type: ports) to 1 [pid: 7|app: 0|req: 565/1121] 10.0.0.136 () {34 vars in 670 bytes} [Fri Jul 24 18:46:45 2026] POST /v2.0/networks => generated 691 bytes in 480 msecs (HTTP/1.1 201) 4 headers in 162 bytes (1 switches on core 0) [pid: 8|app: 0|req: 557/1122] 10.0.0.136 () {34 vars in 676 bytes} [Fri Jul 24 18:46:45 2026] POST /v2.0/floatingips => generated 552 bytes in 667 msecs (HTTP/1.1 201) 4 headers in 162 bytes (1 switches on core 0)
2026-07-24 18:46:46.604 7 WARNING neutron.scheduler.dhcp_agent_scheduler [None req-9f2be60e-6a84-4ce3-8ae3-0c5ff4fbbd37 65ccbce0262d4896814a37ec4c686576 3373fba6f8bd4e318546c87350d1de6d - - default default] No more DHCP agents
2026-07-24 18:46:46.606 7 WARNING neutron.api.rpc.agentnotifiers.dhcp_rpc_agent_api [None req-9f2be60e-6a84-4ce3-8ae3-0c5ff4fbbd37 65ccbce0262d4896814a37ec4c686576 3373fba6f8bd4e318546c87350d1de6d - - default default] Unable to schedule network de974adc-05e6-4423-b2b7-2cf813493571: no agents available; will retry on subsequent port and subnet creation events.
2026-07-24 18:46:46.661 7 INFO neutron.plugins.ml2.drivers.ovn.mech_driver.mech_driver [None req-e0735974-7f31-4714-b9ba-af16218bafa3 - - - - - -] OVN reports status down for port: ffd053f6-2d00-4117-85cb-174240601f59
2026-07-24 18:46:46.711 7 INFO neutron.services.segments.plugin [-] Segment fbae298c-9eac-4c09-ac3d-ca3067085bf9 resource provider aggregate not found
2026-07-24 18:46:46.715 7 INFO neutron.services.segments.plugin [-] Segment fbae298c-9eac-4c09-ac3d-ca3067085bf9 resource provider aggregate not found
2026-07-24 18:46:46.733 7 INFO neutron.services.segments.plugin [-] Client error retrieving segment fbae298c-9eac-4c09-ac3d-ca3067085bf9 resource provider; error: Placement Client Error (4xx): {"errors": [{"status": 404, "title": "Not Found", "detail": "The resource could not be found.\n\n No resource provider with uuid fbae298c-9eac-4c09-ac3d-ca3067085bf9 found for delete ", "request_id": "req-774d36ef-2b03-454a-8c76-36ee8871c0e5"}]}
2026-07-24 18:46:46.736 7 INFO neutron.services.segments.plugin [-] Client error retrieving segment fbae298c-9eac-4c09-ac3d-ca3067085bf9 resource provider; error: Placement Client Error (4xx): {"errors": [{"status": 404, "title": "Not Found", "detail": "The resource could not be found.\n\n No resource provider with uuid fbae298c-9eac-4c09-ac3d-ca3067085bf9 found for delete ", "request_id": "req-2bb75fb9-1709-4c6a-95ba-b699046f3c4c"}]}
2026-07-24 18:46:46.767 7 INFO neutron.db.ovn_revision_numbers_db [None req-9f2be60e-6a84-4ce3-8ae3-0c5ff4fbbd37 65ccbce0262d4896814a37ec4c686576 3373fba6f8bd4e318546c87350d1de6d - - default default] Successfully bumped revision number for resource ffd053f6-2d00-4117-85cb-174240601f59 (type: ports) to 1 [pid: 8|app: 0|req: 560/1125] 10.0.0.70 () {34 vars in 1097 bytes} [Fri Jul 24 18:46:46 2026] GET /v2.0/security-groups?name=tempest-securitygroup--510945896&fields=id&tenant_id=dbdb699ce6544262a7962cdaf1943e45 => generated 69 bytes in 37 msecs (HTTP/1.1 200) 4 headers in 156 bytes (1 switches on core 0)
2026-07-24 18:46:46.831 7 WARNING neutron.scheduler.dhcp_agent_scheduler [None req-9f2be60e-6a84-4ce3-8ae3-0c5ff4fbbd37 65ccbce0262d4896814a37ec4c686576 3373fba6f8bd4e318546c87350d1de6d - - default default] No more DHCP agents
2026-07-24 18:46:46.833 7 WARNING neutron.api.rpc.agentnotifiers.dhcp_rpc_agent_api [None req-9f2be60e-6a84-4ce3-8ae3-0c5ff4fbbd37 65ccbce0262d4896814a37ec4c686576 3373fba6f8bd4e318546c87350d1de6d - - default default] Unable to schedule network 3c7438f7-00cb-43c7-b234-7ddea9f99acc: no agents available; will retry on subsequent port and subnet creation events. [pid: 8|app: 0|req: 561/1126] 10.0.0.70 () {34 vars in 981 bytes} [Fri Jul 24 18:46:46 2026] GET /v2.0/networks?id=e4ebdc89-358a-4a04-b6ce-63d985108cc6 => generated 713 bytes in 63 msecs (HTTP/1.1 200) 4 headers in 157 bytes (1 switches on core 0) [pid: 8|app: 0|req: 562/1127] 10.0.0.70 () {34 vars in 964 bytes} [Fri Jul 24 18:46:46 2026] GET /v2.0/quotas/dbdb699ce6544262a7962cdaf1943e45 => generated 292 bytes in 9 msecs (HTTP/1.1 200) 4 headers in 157 bytes (1 switches on core 0)
2026-07-24 18:46:46.911 7 INFO neutron.plugins.ml2.drivers.ovn.mech_driver.mech_driver [None req-e0735974-7f31-4714-b9ba-af16218bafa3 - - - - - -] OVN reports status down for port: 661f5d4c-d51a-484f-a35d-a37f93a4b789
2026-07-24 18:46:46.991 7 INFO neutron.db.ovn_revision_numbers_db [None req-9f2be60e-6a84-4ce3-8ae3-0c5ff4fbbd37 65ccbce0262d4896814a37ec4c686576 3373fba6f8bd4e318546c87350d1de6d - - default default] Successfully bumped revision number for resource 661f5d4c-d51a-484f-a35d-a37f93a4b789 (type: ports) to 1 [pid: 8|app: 0|req: 563/1128] 10.0.0.70 () {34 vars in 1001 bytes} [Fri Jul 24 18:46:46 2026] GET /v2.0/ports?tenant_id=dbdb699ce6544262a7962cdaf1943e45&fields=id => generated 103 bytes in 127 msecs (HTTP/1.1 200) 4 headers in 157 bytes (1 switches on core 0) [pid: 7|app: 0|req: 566/1129] 10.0.0.136 () {34 vars in 665 bytes} [Fri Jul 24 18:46:46 2026] POST /v2.0/ports => generated 1506 bytes in 875 msecs (HTTP/1.1 201) 4 headers in 163 bytes (1 switches on core 0) /var/lib/openstack/lib/python3.12/site-packages/pycadf/identifier.py:70: UserWarning: Invalid uuid: neutron. To ensure interoperability, identifiers should be a valid uuid. warnings.warn(('Invalid uuid: %s. To ensure interoperability, ' [pid: 8|app: 0|req: 564/1130] 10.0.0.70 () {34 vars in 1007 bytes} [Fri Jul 24 18:46:47 2026] GET /v2.0/networks/e4ebdc89-358a-4a04-b6ce-63d985108cc6?fields=segments => generated 14 bytes in 72 msecs (HTTP/1.1 200) 4 headers in 156 bytes (1 switches on core 0) [pid: 8|app: 0|req: 565/1131] 10.0.0.70 () {34 vars in 1107 bytes} [Fri Jul 24 18:46:47 2026] GET /v2.0/networks/e4ebdc89-358a-4a04-b6ce-63d985108cc6?fields=provider%3Aphysical_network&fields=provider%3Anetwork_type => generated 79 bytes in 44 msecs (HTTP/1.1 200) 4 headers in 156 bytes (1 switches on core 0) [pid: 7|app: 0|req: 567/1132] 10.0.0.136 () {32 vars in 643 bytes} [Fri Jul 24 18:46:47 2026] GET /v2.0/ports => generated 3018 bytes in 70 msecs (HTTP/1.1 200) 4 headers in 158 bytes (1 switches on core 0) [pid: 7|app: 0|req: 568/1133] 10.0.0.70 () {34 vars in 989 bytes} [Fri Jul 24 18:46:47 2026] GET /v2.0/ports?device_id=b820c58d-1f3c-49d2-860f-c6704bdd018a => generated 12 bytes in 23 msecs (HTTP/1.1 200) 4 headers in 156 bytes (1 switches on core 0)
2026-07-24 18:46:47.333 8 INFO neutron_taas.services.taas.taas_plugin [None req-ab5126a4-9448-4961-80ba-7a7d5df71008 65ccbce0262d4896814a37ec4c686576 3373fba6f8bd4e318546c87350d1de6d - - default default] TaaS: Handle Delete Port: ffd053f6-2d00-4117-85cb-174240601f59
2026-07-24 18:46:47.337 8 INFO neutron_taas.services.taas.tap_mirror_plugin [None req-ab5126a4-9448-4961-80ba-7a7d5df71008 65ccbce0262d4896814a37ec4c686576 3373fba6f8bd4e318546c87350d1de6d - - default default] Tap Mirror: Handle Delete Port: ffd053f6-2d00-4117-85cb-174240601f59 [pid: 8|app: 0|req: 566/1134] 10.0.0.136 () {32 vars in 720 bytes} [Fri Jul 24 18:46:47 2026] DELETE /v2.0/ports/ffd053f6-2d00-4117-85cb-174240601f59 => generated 0 bytes in 292 msecs (HTTP/1.1 204) 3 headers in 131 bytes (1 switches on core 0)
2026-07-24 18:46:47.620 7 INFO neutron_taas.services.taas.taas_plugin [None req-3411baf8-ab1f-4247-8876-efd87944cb57 65ccbce0262d4896814a37ec4c686576 3373fba6f8bd4e318546c87350d1de6d - - default default] TaaS: Handle Delete Port: 661f5d4c-d51a-484f-a35d-a37f93a4b789
2026-07-24 18:46:47.624 7 INFO neutron_taas.services.taas.tap_mirror_plugin [None req-3411baf8-ab1f-4247-8876-efd87944cb57 65ccbce0262d4896814a37ec4c686576 3373fba6f8bd4e318546c87350d1de6d - - default default] Tap Mirror: Handle Delete Port: 661f5d4c-d51a-484f-a35d-a37f93a4b789 [pid: 7|app: 0|req: 569/1135] 10.0.0.136 () {32 vars in 720 bytes} [Fri Jul 24 18:46:47 2026] DELETE /v2.0/ports/661f5d4c-d51a-484f-a35d-a37f93a4b789 => generated 0 bytes in 246 msecs (HTTP/1.1 204) 3 headers in 131 bytes (1 switches on core 0) [pid: 8|app: 0|req: 567/1136] 10.0.0.136 () {32 vars in 643 bytes} [Fri Jul 24 18:46:47 2026] GET /v2.0/ports => generated 1523 bytes in 133 msecs (HTTP/1.1 200) 4 headers in 158 bytes (1 switches on core 0)
2026-07-24 18:46:47.990 7 INFO neutron.db.segments_db [None req-5aa56636-5141-47f3-88e5-59c10c61638e 65ccbce0262d4896814a37ec4c686576 3373fba6f8bd4e318546c87350d1de6d - - default default] Added segment 0acb038b-035e-40f7-bfae-9ef3e70a0b18 of type geneve for network 2ac8fc24-cbce-4f90-9085-7d31e1e22070
2026-07-24 18:46:48.121 7 INFO neutron.db.ovn_revision_numbers_db [None req-5aa56636-5141-47f3-88e5-59c10c61638e 65ccbce0262d4896814a37ec4c686576 3373fba6f8bd4e318546c87350d1de6d - - default default] Successfully bumped revision number for resource 2ac8fc24-cbce-4f90-9085-7d31e1e22070 (type: networks) to 1
2026-07-24 18:46:48.277 7 WARNING neutron.scheduler.dhcp_agent_scheduler [None req-5aa56636-5141-47f3-88e5-59c10c61638e 65ccbce0262d4896814a37ec4c686576 3373fba6f8bd4e318546c87350d1de6d - - default default] No more DHCP agents
2026-07-24 18:46:48.278 7 WARNING neutron.api.rpc.agentnotifiers.dhcp_rpc_agent_api [None req-5aa56636-5141-47f3-88e5-59c10c61638e 65ccbce0262d4896814a37ec4c686576 3373fba6f8bd4e318546c87350d1de6d - - default default] Unable to schedule network 2ac8fc24-cbce-4f90-9085-7d31e1e22070: no agents available; will retry on subsequent port and subnet creation events.
2026-07-24 18:46:48.325 8 INFO neutron.plugins.ml2.drivers.ovn.mech_driver.mech_driver [None req-f1a70124-4e87-4bc4-9a87-1b95ea611960 - - - - - -] OVN reports status down for port: 92d0edb9-ee65-47ae-84e5-fe2367b4c34b
2026-07-24 18:46:48.349 7 INFO neutron.db.ovn_revision_numbers_db [None req-5aa56636-5141-47f3-88e5-59c10c61638e 65ccbce0262d4896814a37ec4c686576 3373fba6f8bd4e318546c87350d1de6d - - default default] Successfully bumped revision number for resource 92d0edb9-ee65-47ae-84e5-fe2367b4c34b (type: ports) to 1 [pid: 7|app: 0|req: 570/1137] 10.0.0.136 () {34 vars in 670 bytes} [Fri Jul 24 18:46:47 2026] POST /v2.0/networks => generated 691 bytes in 493 msecs (HTTP/1.1 201) 4 headers in 162 bytes (1 switches on core 0) [pid: 7|app: 0|req: 571/1138] 10.0.0.70 () {34 vars in 989 bytes} [Fri Jul 24 18:46:48 2026] GET /v2.0/ports?device_id=b820c58d-1f3c-49d2-860f-c6704bdd018a => generated 12 bytes in 16 msecs (HTTP/1.1 200) 4 headers in 156 bytes (1 switches on core 0)
2026-07-24 18:46:48.470 8 INFO neutron.db.segments_db [None req-6501eff6-2e35-46cf-9946-1e43d1573daf 65ccbce0262d4896814a37ec4c686576 3373fba6f8bd4e318546c87350d1de6d - - default default] Added segment a29636c2-2988-4bc0-b2bd-9b7bf564ccc8 of type geneve for network 90ff02bf-4aa8-45c9-a965-b713dbe126fa
2026-07-24 18:46:48.583 8 INFO neutron.db.ovn_revision_numbers_db [None req-6501eff6-2e35-46cf-9946-1e43d1573daf 65ccbce0262d4896814a37ec4c686576 3373fba6f8bd4e318546c87350d1de6d - - default default] Successfully bumped revision number for resource 90ff02bf-4aa8-45c9-a965-b713dbe126fa (type: networks) to 1
2026-07-24 18:46:48.768 8 WARNING neutron.scheduler.dhcp_agent_scheduler [None req-6501eff6-2e35-46cf-9946-1e43d1573daf 65ccbce0262d4896814a37ec4c686576 3373fba6f8bd4e318546c87350d1de6d - - default default] No more DHCP agents
2026-07-24 18:46:48.770 8 WARNING neutron.api.rpc.agentnotifiers.dhcp_rpc_agent_api [None req-6501eff6-2e35-46cf-9946-1e43d1573daf 65ccbce0262d4896814a37ec4c686576 3373fba6f8bd4e318546c87350d1de6d - - default default] Unable to schedule network 90ff02bf-4aa8-45c9-a965-b713dbe126fa: no agents available; will retry on subsequent port and subnet creation events.
2026-07-24 18:46:48.827 7 INFO neutron.plugins.ml2.drivers.ovn.mech_driver.mech_driver [None req-e0735974-7f31-4714-b9ba-af16218bafa3 - - - - - -] OVN reports status down for port: 9b401b01-a437-4d96-80bd-3d69fe8cfa88
2026-07-24 18:46:48.847 8 INFO neutron.db.ovn_revision_numbers_db [None req-6501eff6-2e35-46cf-9946-1e43d1573daf 65ccbce0262d4896814a37ec4c686576 3373fba6f8bd4e318546c87350d1de6d - - default default] Successfully bumped revision number for resource 9b401b01-a437-4d96-80bd-3d69fe8cfa88 (type: ports) to 1 [pid: 8|app: 0|req: 568/1139] 10.0.0.136 () {34 vars in 670 bytes} [Fri Jul 24 18:46:48 2026] POST /v2.0/networks => generated 692 bytes in 497 msecs (HTTP/1.1 201) 4 headers in 162 bytes (1 switches on core 0) [pid: 8|app: 0|req: 569/1140] 10.0.0.70 () {34 vars in 989 bytes} [Fri Jul 24 18:46:49 2026] GET /v2.0/ports?device_id=b820c58d-1f3c-49d2-860f-c6704bdd018a => generated 12 bytes in 21 msecs (HTTP/1.1 200) 4 headers in 156 bytes (1 switches on core 0)
2026-07-24 18:46:49.607 7 WARNING neutron.scheduler.dhcp_agent_scheduler [None req-93d2f8ab-51b2-4523-8cc2-47582f52d97e 65ccbce0262d4896814a37ec4c686576 3373fba6f8bd4e318546c87350d1de6d - - default default] No more DHCP agents
2026-07-24 18:46:49.609 7 WARNING neutron.api.rpc.agentnotifiers.dhcp_rpc_agent_api [None req-93d2f8ab-51b2-4523-8cc2-47582f52d97e 65ccbce0262d4896814a37ec4c686576 3373fba6f8bd4e318546c87350d1de6d - - default default] Unable to schedule network 2ac8fc24-cbce-4f90-9085-7d31e1e22070: no agents available; will retry on subsequent port and subnet creation events.
2026-07-24 18:46:49.645 7 INFO neutron.db.ovn_revision_numbers_db [None req-93d2f8ab-51b2-4523-8cc2-47582f52d97e 65ccbce0262d4896814a37ec4c686576 3373fba6f8bd4e318546c87350d1de6d - - default default] Successfully bumped revision number for resource 4744a7da-15ed-4206-8334-5163b6c420eb (type: subnets) to 0
2026-07-24 18:46:49.676 7 WARNING neutron.scheduler.dhcp_agent_scheduler [None req-93d2f8ab-51b2-4523-8cc2-47582f52d97e 65ccbce0262d4896814a37ec4c686576 3373fba6f8bd4e318546c87350d1de6d - - default default] No more DHCP agents
2026-07-24 18:46:49.677 7 WARNING neutron.api.rpc.agentnotifiers.dhcp_rpc_agent_api [None req-93d2f8ab-51b2-4523-8cc2-47582f52d97e 65ccbce0262d4896814a37ec4c686576 3373fba6f8bd4e318546c87350d1de6d - - default default] Unable to schedule network 90ff02bf-4aa8-45c9-a965-b713dbe126fa: no agents available; will retry on subsequent port and subnet creation events.
2026-07-24 18:46:49.709 7 INFO neutron.db.ovn_revision_numbers_db [None req-93d2f8ab-51b2-4523-8cc2-47582f52d97e 65ccbce0262d4896814a37ec4c686576 3373fba6f8bd4e318546c87350d1de6d - - default default] Successfully bumped revision number for resource e8890378-53f9-4e13-bc85-061a4388440f (type: subnets) to 0 [pid: 7|app: 0|req: 572/1141] 10.0.0.136 () {34 vars in 669 bytes} [Fri Jul 24 18:46:49 2026] POST /v2.0/subnets => generated 1323 bytes in 407 msecs (HTTP/1.1 201) 4 headers in 163 bytes (1 switches on core 0) [pid: 8|app: 0|req: 570/1142] 10.0.0.136 () {32 vars in 647 bytes} [Fri Jul 24 18:46:49 2026] GET /v2.0/subnets => generated 1959 bytes in 43 msecs (HTTP/1.1 200) 4 headers in 158 bytes (1 switches on core 0) [pid: 7|app: 0|req: 573/1143] 10.0.0.136 () {32 vars in 724 bytes} [Fri Jul 24 18:46:49 2026] DELETE /v2.0/subnets/4744a7da-15ed-4206-8334-5163b6c420eb => generated 0 bytes in 173 msecs (HTTP/1.1 204) 3 headers in 131 bytes (1 switches on core 0) [pid: 8|app: 0|req: 571/1144] 10.0.0.136 () {32 vars in 724 bytes} [Fri Jul 24 18:46:49 2026] DELETE /v2.0/subnets/e8890378-53f9-4e13-bc85-061a4388440f => generated 0 bytes in 126 msecs (HTTP/1.1 204) 3 headers in 131 bytes (1 switches on core 0) [pid: 7|app: 0|req: 574/1145] 10.0.0.136 () {32 vars in 647 bytes} [Fri Jul 24 18:46:50 2026] GET /v2.0/subnets => generated 649 bytes in 37 msecs (HTTP/1.1 200) 4 headers in 157 bytes (1 switches on core 0)
2026-07-24 18:46:50.272 8 INFO neutron_taas.services.taas.taas_plugin [None req-28618d72-ef46-4785-9574-6b1f2e8c67d8 65ccbce0262d4896814a37ec4c686576 3373fba6f8bd4e318546c87350d1de6d - - default default] TaaS: Handle Delete Port: 9b401b01-a437-4d96-80bd-3d69fe8cfa88
2026-07-24 18:46:50.276 8 INFO neutron_taas.services.taas.tap_mirror_plugin [None req-28618d72-ef46-4785-9574-6b1f2e8c67d8 65ccbce0262d4896814a37ec4c686576 3373fba6f8bd4e318546c87350d1de6d - - default default] Tap Mirror: Handle Delete Port: 9b401b01-a437-4d96-80bd-3d69fe8cfa88
2026-07-24 18:46:50.455 8 INFO neutron.services.segments.plugin [-] Segment a29636c2-2988-4bc0-b2bd-9b7bf564ccc8 resource provider aggregate not found
2026-07-24 18:46:50.462 8 INFO neutron.services.segments.plugin [-] Segment a29636c2-2988-4bc0-b2bd-9b7bf564ccc8 resource provider aggregate not found
2026-07-24 18:46:50.482 8 INFO neutron.services.segments.plugin [-] Client error retrieving segment a29636c2-2988-4bc0-b2bd-9b7bf564ccc8 resource provider; error: Placement Client Error (4xx): {"errors": [{"status": 404, "title": "Not Found", "detail": "The resource could not be found.\n\n No resource provider with uuid a29636c2-2988-4bc0-b2bd-9b7bf564ccc8 found for delete ", "request_id": "req-bc9703bc-f5c5-46c5-b8d9-836b5bdc4285"}]}
2026-07-24 18:46:50.485 8 INFO neutron.services.segments.plugin [-] Client error retrieving segment a29636c2-2988-4bc0-b2bd-9b7bf564ccc8 resource provider; error: Placement Client Error (4xx): {"errors": [{"status": 404, "title": "Not Found", "detail": "The resource could not be found.\n\n No resource provider with uuid a29636c2-2988-4bc0-b2bd-9b7bf564ccc8 found for delete ", "request_id": "req-7fb760ff-60fd-4105-a224-a62d1a67a2e9"}]} [pid: 8|app: 0|req: 572/1146] 10.0.0.136 () {32 vars in 726 bytes} [Fri Jul 24 18:46:50 2026] DELETE /v2.0/networks/90ff02bf-4aa8-45c9-a965-b713dbe126fa => generated 0 bytes in 357 msecs (HTTP/1.1 204) 3 headers in 131 bytes (1 switches on core 0) [pid: 8|app: 0|req: 573/1147] 10.0.0.70 () {34 vars in 989 bytes} [Fri Jul 24 18:46:50 2026] GET /v2.0/ports?device_id=3b1b6e10-9d74-4e9c-b723-f020811ec174 => generated 975 bytes in 77 msecs (HTTP/1.1 200) 4 headers in 157 bytes (1 switches on core 0) [pid: 8|app: 0|req: 574/1148] 10.0.0.70 () {34 vars in 989 bytes} [Fri Jul 24 18:46:50 2026] GET /v2.0/ports?device_id=b820c58d-1f3c-49d2-860f-c6704bdd018a => generated 12 bytes in 19 msecs (HTTP/1.1 200) 4 headers in 156 bytes (1 switches on core 0) [pid: 8|app: 0|req: 575/1149] 10.0.0.70 () {34 vars in 1039 bytes} [Fri Jul 24 18:46:50 2026] GET /v2.0/security-groups?id=5b3329b2-9928-4203-90e8-ecf48570142c&fields=id&fields=name => generated 113 bytes in 27 msecs (HTTP/1.1 200) 4 headers in 157 bytes (1 switches on core 0)
2026-07-24 18:46:50.962 7 INFO neutron_taas.services.taas.taas_plugin [None req-d55c5310-30d5-421d-b72a-5888d02a8712 65ccbce0262d4896814a37ec4c686576 3373fba6f8bd4e318546c87350d1de6d - - default default] TaaS: Handle Delete Port: 92d0edb9-ee65-47ae-84e5-fe2367b4c34b
2026-07-24 18:46:50.965 7 INFO neutron_taas.services.taas.tap_mirror_plugin [None req-d55c5310-30d5-421d-b72a-5888d02a8712 65ccbce0262d4896814a37ec4c686576 3373fba6f8bd4e318546c87350d1de6d - - default default] Tap Mirror: Handle Delete Port: 92d0edb9-ee65-47ae-84e5-fe2367b4c34b
2026-07-24 18:46:51.075 8 INFO neutron.db.ovn_revision_numbers_db [None req-12270adb-2fa2-4973-bda1-e5cdb8737c48 a73c43138b3d4c938f8c5719557a7f8c 7ab1780863024b4aba8604147d8f2d81 - - default default] Successfully bumped revision number for resource 7786fd42-145a-430d-95a8-93f65815525a (type: security_groups) to 1
2026-07-24 18:46:51.088 8 INFO neutron.db.ovn_revision_numbers_db [None req-12270adb-2fa2-4973-bda1-e5cdb8737c48 a73c43138b3d4c938f8c5719557a7f8c 7ab1780863024b4aba8604147d8f2d81 - - default default] Successfully bumped revision number for resource 2dacc61e-60f0-43bc-8abd-ff5ea4eaceb0 (type: security_group_rules) to 0
2026-07-24 18:46:51.103 8 INFO neutron.db.ovn_revision_numbers_db [None req-12270adb-2fa2-4973-bda1-e5cdb8737c48 a73c43138b3d4c938f8c5719557a7f8c 7ab1780863024b4aba8604147d8f2d81 - - default default] Successfully bumped revision number for resource 4c00d41a-a3f8-45d5-a173-44886abcf1f8 (type: security_group_rules) to 0
2026-07-24 18:46:51.116 8 INFO neutron.db.ovn_revision_numbers_db [None req-12270adb-2fa2-4973-bda1-e5cdb8737c48 a73c43138b3d4c938f8c5719557a7f8c 7ab1780863024b4aba8604147d8f2d81 - - default default] Successfully bumped revision number for resource 8d703a6f-a03d-4358-8a68-26ef83559d35 (type: security_group_rules) to 0
2026-07-24 18:46:51.129 8 INFO neutron.db.ovn_revision_numbers_db [None req-12270adb-2fa2-4973-bda1-e5cdb8737c48 a73c43138b3d4c938f8c5719557a7f8c 7ab1780863024b4aba8604147d8f2d81 - - default default] Successfully bumped revision number for resource f99ebea1-f2a4-42eb-ba60-322cfc181507 (type: security_group_rules) to 0
2026-07-24 18:46:51.139 7 INFO neutron.services.segments.plugin [-] Segment 0acb038b-035e-40f7-bfae-9ef3e70a0b18 resource provider aggregate not found
2026-07-24 18:46:51.143 7 INFO neutron.services.segments.plugin [-] Segment 0acb038b-035e-40f7-bfae-9ef3e70a0b18 resource provider aggregate not found
2026-07-24 18:46:51.157 7 INFO neutron.services.segments.plugin [-] Client error retrieving segment 0acb038b-035e-40f7-bfae-9ef3e70a0b18 resource provider; error: Placement Client Error (4xx): {"errors": [{"status": 404, "title": "Not Found", "detail": "The resource could not be found.\n\n No resource provider with uuid 0acb038b-035e-40f7-bfae-9ef3e70a0b18 found for delete ", "request_id": "req-318cd9c3-9919-4174-9ca3-b3a282c119d8"}]}
2026-07-24 18:46:51.159 7 INFO neutron.services.segments.plugin [-] Client error retrieving segment 0acb038b-035e-40f7-bfae-9ef3e70a0b18 resource provider; error: Placement Client Error (4xx): {"errors": [{"status": 404, "title": "Not Found", "detail": "The resource could not be found.\n\n No resource provider with uuid 0acb038b-035e-40f7-bfae-9ef3e70a0b18 found for delete ", "request_id": "req-2b9ab0b1-ca09-4ae1-80c0-4339292b34bd"}]} [pid: 8|app: 0|req: 576/1150] 10.0.0.136 () {32 vars in 774 bytes} [Fri Jul 24 18:46:50 2026] GET /v2.0/security-groups?tenant_id=7ab0d1e53b1045bfaa8d6504539d6fdf&name=default => generated 2925 bytes in 408 msecs (HTTP/1.1 200) 4 headers in 158 bytes (1 switches on core 0) [pid: 7|app: 0|req: 575/1151] 10.0.0.136 () {32 vars in 726 bytes} [Fri Jul 24 18:46:50 2026] DELETE /v2.0/networks/2ac8fc24-cbce-4f90-9085-7d31e1e22070 => generated 0 bytes in 681 msecs (HTTP/1.1 204) 3 headers in 131 bytes (1 switches on core 0) [pid: 8|app: 0|req: 577/1152] 10.0.0.70 () {34 vars in 989 bytes} [Fri Jul 24 18:46:51 2026] GET /v2.0/ports?device_id=3b1b6e10-9d74-4e9c-b723-f020811ec174 => generated 975 bytes in 35 msecs (HTTP/1.1 200) 4 headers in 157 bytes (1 switches on core 0)
2026-07-24 18:46:51.327 8 INFO neutron_taas.services.taas.taas_plugin [None req-cc42a706-01e8-4be1-8e8f-8d6f78867fbe 65ccbce0262d4896814a37ec4c686576 3373fba6f8bd4e318546c87350d1de6d - - default default] TaaS: Handle Delete Port: e9a658e0-7369-4d11-b1c8-24da2153318c
2026-07-24 18:46:51.329 8 INFO neutron_taas.services.taas.tap_mirror_plugin [None req-cc42a706-01e8-4be1-8e8f-8d6f78867fbe 65ccbce0262d4896814a37ec4c686576 3373fba6f8bd4e318546c87350d1de6d - - default default] Tap Mirror: Handle Delete Port: e9a658e0-7369-4d11-b1c8-24da2153318c [pid: 7|app: 0|req: 576/1153] 10.0.0.136 () {32 vars in 740 bytes} [Fri Jul 24 18:46:51 2026] DELETE /v2.0/security-groups/7786fd42-145a-430d-95a8-93f65815525a => generated 0 bytes in 233 msecs (HTTP/1.1 204) 2 headers in 112 bytes (1 switches on core 0) [pid: 7|app: 0|req: 577/1154] 10.0.0.70 () {34 vars in 1039 bytes} [Fri Jul 24 18:46:51 2026] GET /v2.0/security-groups?id=5b3329b2-9928-4203-90e8-ecf48570142c&fields=id&fields=name => generated 113 bytes in 47 msecs (HTTP/1.1 200) 4 headers in 157 bytes (1 switches on core 0) [pid: 8|app: 0|req: 578/1155] 10.0.0.136 () {32 vars in 726 bytes} [Fri Jul 24 18:46:51 2026] DELETE /v2.0/networks/3c7438f7-00cb-43c7-b234-7ddea9f99acc => generated 0 bytes in 337 msecs (HTTP/1.1 204) 3 headers in 131 bytes (1 switches on core 0)
2026-07-24 18:46:51.634 7 INFO neutron.db.ovn_revision_numbers_db [None req-a0a32b00-ca78-40ec-9036-2e76df812ca9 a73c43138b3d4c938f8c5719557a7f8c 7ab1780863024b4aba8604147d8f2d81 - - default default] Successfully bumped revision number for resource 00ab466c-52a2-4718-bfbe-11e26e1873e8 (type: security_groups) to 1
2026-07-24 18:46:51.646 7 INFO neutron.db.ovn_revision_numbers_db [None req-a0a32b00-ca78-40ec-9036-2e76df812ca9 a73c43138b3d4c938f8c5719557a7f8c 7ab1780863024b4aba8604147d8f2d81 - - default default] Successfully bumped revision number for resource 2476f4e5-8598-417b-909e-2f32cb878d0e (type: security_group_rules) to 0
2026-07-24 18:46:51.658 7 INFO neutron.db.ovn_revision_numbers_db [None req-a0a32b00-ca78-40ec-9036-2e76df812ca9 a73c43138b3d4c938f8c5719557a7f8c 7ab1780863024b4aba8604147d8f2d81 - - default default] Successfully bumped revision number for resource 5eb5d641-ecbc-469d-95d8-fa781d81cce1 (type: security_group_rules) to 0
2026-07-24 18:46:51.671 7 INFO neutron.db.ovn_revision_numbers_db [None req-a0a32b00-ca78-40ec-9036-2e76df812ca9 a73c43138b3d4c938f8c5719557a7f8c 7ab1780863024b4aba8604147d8f2d81 - - default default] Successfully bumped revision number for resource d0ed8336-9ad5-4563-8848-21ca4c6c1522 (type: security_group_rules) to 0
2026-07-24 18:46:51.675 8 INFO neutron_taas.services.taas.taas_plugin [None req-f7798f1b-ba71-4622-9a17-c1dd6f50649f 65ccbce0262d4896814a37ec4c686576 3373fba6f8bd4e318546c87350d1de6d - - default default] TaaS: Handle Delete Port: aa8cc388-c9d5-47bd-9e8b-e47134785169
2026-07-24 18:46:51.678 8 INFO neutron_taas.services.taas.tap_mirror_plugin [None req-f7798f1b-ba71-4622-9a17-c1dd6f50649f 65ccbce0262d4896814a37ec4c686576 3373fba6f8bd4e318546c87350d1de6d - - default default] Tap Mirror: Handle Delete Port: aa8cc388-c9d5-47bd-9e8b-e47134785169
2026-07-24 18:46:51.682 7 INFO neutron.db.ovn_revision_numbers_db [None req-a0a32b00-ca78-40ec-9036-2e76df812ca9 a73c43138b3d4c938f8c5719557a7f8c 7ab1780863024b4aba8604147d8f2d81 - - default default] Successfully bumped revision number for resource e1230331-e6b1-4c41-a82d-23208f54d06f (type: security_group_rules) to 0 [pid: 7|app: 0|req: 578/1156] 10.0.0.136 () {32 vars in 774 bytes} [Fri Jul 24 18:46:51 2026] GET /v2.0/security-groups?tenant_id=abaa71080bf24327a71b0df8983c77fa&name=default => generated 2925 bytes in 215 msecs (HTTP/1.1 200) 4 headers in 158 bytes (1 switches on core 0) [pid: 7|app: 0|req: 579/1157] 10.0.0.70 () {34 vars in 989 bytes} [Fri Jul 24 18:46:51 2026] GET /v2.0/ports?device_id=b820c58d-1f3c-49d2-860f-c6704bdd018a => generated 12 bytes in 16 msecs (HTTP/1.1 200) 4 headers in 156 bytes (1 switches on core 0)
2026-07-24 18:46:51.918 7 INFO neutron.plugins.ml2.drivers.ovn.mech_driver.mech_driver [None req-e0735974-7f31-4714-b9ba-af16218bafa3 - - - - - -] OVN reports status down for port: c23613e0-7689-4057-be40-927129c48e5f [pid: 8|app: 0|req: 579/1158] 10.0.0.136 () {32 vars in 726 bytes} [Fri Jul 24 18:46:51 2026] DELETE /v2.0/networks/de974adc-05e6-4423-b2b7-2cf813493571 => generated 0 bytes in 376 msecs (HTTP/1.1 204) 3 headers in 131 bytes (1 switches on core 0) [pid: 8|app: 0|req: 580/1159] 199.204.45.74 () {34 vars in 985 bytes} [Fri Jul 24 18:46:51 2026] GET /v2.0/networks?id=e4ebdc89-358a-4a04-b6ce-63d985108cc6 => generated 713 bytes in 58 msecs (HTTP/1.1 200) 4 headers in 157 bytes (1 switches on core 0) [pid: 8|app: 0|req: 581/1160] 199.204.45.74 () {34 vars in 1049 bytes} [Fri Jul 24 18:46:51 2026] GET /v2.0/security-groups?fields=id&fields=name&tenant_id=dbdb699ce6544262a7962cdaf1943e45 => generated 180 bytes in 44 msecs (HTTP/1.1 200) 4 headers in 157 bytes (1 switches on core 0)
2026-07-24 18:46:52.082 7 INFO neutron.notifiers.nova [-] Nova event matching ['req-76b1c5fe-d174-42ae-b854-805393553a36'] response: {'server_uuid': '3b1b6e10-9d74-4e9c-b723-f020811ec174', 'name': 'network-vif-unplugged', 'status': 'completed', 'tag': 'c23613e0-7689-4057-be40-927129c48e5f', 'code': 200} [pid: 7|app: 0|req: 580/1161] 10.0.0.136 () {32 vars in 740 bytes} [Fri Jul 24 18:46:51 2026] DELETE /v2.0/security-groups/00ab466c-52a2-4718-bfbe-11e26e1873e8 => generated 0 bytes in 403 msecs (HTTP/1.1 204) 2 headers in 112 bytes (1 switches on core 0)
2026-07-24 18:46:52.216 7 INFO neutron.db.ovn_revision_numbers_db [None req-e0735974-7f31-4714-b9ba-af16218bafa3 - - - - - -] Successfully bumped revision number for resource c23613e0-7689-4057-be40-927129c48e5f (type: ports) to 8
2026-07-24 18:46:52.364 8 WARNING neutron.scheduler.dhcp_agent_scheduler [req-f208560c-2ac5-48db-8d08-dc3f4f73a949 req-783e3642-0e48-4b8d-b74e-4b8dbc389657 b690672fe3c44faeb0df31b14aa3a978 dbdb699ce6544262a7962cdaf1943e45 - - default default] No more DHCP agents
2026-07-24 18:46:52.365 8 WARNING neutron.api.rpc.agentnotifiers.dhcp_rpc_agent_api [req-f208560c-2ac5-48db-8d08-dc3f4f73a949 req-783e3642-0e48-4b8d-b74e-4b8dbc389657 b690672fe3c44faeb0df31b14aa3a978 dbdb699ce6544262a7962cdaf1943e45 - - default default] Unable to schedule network e4ebdc89-358a-4a04-b6ce-63d985108cc6: no agents available; will retry on subsequent port and subnet creation events.
2026-07-24 18:46:52.508 8 INFO neutron.services.segments.plugin [-] Segment 8c4d17b5-af1f-460f-b5a4-59578df76db8 resource provider aggregate not found
2026-07-24 18:46:52.510 8 INFO neutron.services.segments.plugin [-] Segment 8c4d17b5-af1f-460f-b5a4-59578df76db8 resource provider aggregate not found
2026-07-24 18:46:52.521 7 INFO neutron.plugins.ml2.drivers.ovn.mech_driver.mech_driver [None req-f57c381a-9f25-4ff3-9e35-6942405b205a - - - - - -] OVN reports status down for port: 422fb74f-8d46-455c-9d9b-b13682e7bf43
