2026-07-24 18:47:44.271 7 INFO neutron.api.v2.resource [None req-c13553e4-1599-4b1a-8f10-e2c547171b30 04404eb06a9a47e896e1da70af733f09 f4f4d072bbe6478ebd651803338486a7 - - default default] delete failed (client error): The resource could not be found. [pid: 7|app: 0|req: 869/1602] 10.0.0.136 () {32 vars in 724 bytes} [Fri Jul 24 18:47:44 2026] DELETE /v2.0/routers/6d8fe2bb-f8ee-4e24-bac6-3fef5c1f3b7d => generated 135 bytes in 19 msecs (HTTP/1.1 404) 4 headers in 164 bytes (1 switches on core 0)
2026-07-24 18:47:44.382 8 INFO neutron.db.ovn_revision_numbers_db [None req-1317f205-7250-4c8c-b51f-a41eef284a20 a73c43138b3d4c938f8c5719557a7f8c 7ab1780863024b4aba8604147d8f2d81 - - default default] Successfully bumped revision number for resource 0e388e92-c5ba-4e22-9e73-7e4bd7e53c8b (type: ports) to 1
2026-07-24 18:47:44.383 7 INFO neutron_taas.services.taas.taas_plugin [None req-bf8bdfb2-6319-46d8-a7a6-d38ab89e88c6 d301d8b33bd44877b162db899120a15c a7b936a61dc643249b2ac8bde7032457 - - default default] TaaS: Handle Delete Port: a8b3b7fe-f160-4673-80a0-2f29d789cc0a
2026-07-24 18:47:44.387 7 INFO neutron_taas.services.taas.tap_mirror_plugin [None req-bf8bdfb2-6319-46d8-a7a6-d38ab89e88c6 d301d8b33bd44877b162db899120a15c a7b936a61dc643249b2ac8bde7032457 - - default default] Tap Mirror: Handle Delete Port: a8b3b7fe-f160-4673-80a0-2f29d789cc0a [pid: 7|app: 0|req: 870/1603] 10.0.0.136 () {32 vars in 726 bytes} [Fri Jul 24 18:47:44 2026] DELETE /v2.0/networks/4633ae47-08b0-4610-bf62-2ec7047bbaf3 => generated 0 bytes in 318 msecs (HTTP/1.1 204) 3 headers in 131 bytes (1 switches on core 0)
2026-07-24 18:47:44.600 7 INFO neutron.pecan_wsgi.hooks.translation [None req-b4f2caec-8c15-412a-88c7-ecdeb0e4b969 04404eb06a9a47e896e1da70af733f09 f4f4d072bbe6478ebd651803338486a7 - - default default] DELETE failed (client error): The resource could not be found. [pid: 7|app: 0|req: 871/1604] 10.0.0.136 () {32 vars in 724 bytes} [Fri Jul 24 18:47:44 2026] DELETE /v2.0/subnets/fcf0893b-0e55-4044-85c2-c16d98bfda92 => generated 136 bytes in 11 msecs (HTTP/1.1 404) 4 headers in 164 bytes (1 switches on core 0)
2026-07-24 18:47:44.611 8 INFO neutron.db.ovn_revision_numbers_db [None req-ccf63080-d232-418c-98d6-da2ff301dcaf - - - - - -] Successfully bumped revision number for resource 8f0a9520-f8b0-44a9-9117-7c769cede227 (type: ports) to 4
2026-07-24 18:47:44.620 7 INFO neutron.pecan_wsgi.hooks.translation [None req-d8553787-003c-4b25-be36-ad9599179a00 04404eb06a9a47e896e1da70af733f09 f4f4d072bbe6478ebd651803338486a7 - - default default] DELETE failed (client error): The resource could not be found. [pid: 7|app: 0|req: 872/1605] 10.0.0.136 () {32 vars in 724 bytes} [Fri Jul 24 18:47:44 2026] DELETE /v2.0/subnets/ef8c09ac-c23d-4235-8bff-6a9672f331ca => generated 136 bytes in 13 msecs (HTTP/1.1 404) 4 headers in 164 bytes (1 switches on core 0)
2026-07-24 18:47:44.659 7 INFO neutron.services.segments.plugin [-] Segment 8884453e-8438-498b-ba9e-23d457d160b2 resource provider aggregate not found
2026-07-24 18:47:44.676 7 INFO neutron.services.segments.plugin [-] Segment 8884453e-8438-498b-ba9e-23d457d160b2 resource provider aggregate not found
2026-07-24 18:47:44.683 7 INFO neutron.services.segments.plugin [-] Client error retrieving segment 8884453e-8438-498b-ba9e-23d457d160b2 resource provider; error: Placement Client Error (4xx): {"errors": [{"status": 404, "title": "Not Found", "detail": "The resource could not be found.\n\n No resource provider with uuid 8884453e-8438-498b-ba9e-23d457d160b2 found for delete ", "request_id": "req-b0b01e46-683b-436d-8bcb-444d3a90f13e"}]}
2026-07-24 18:47:44.692 7 INFO neutron.services.segments.plugin [-] Client error retrieving segment 8884453e-8438-498b-ba9e-23d457d160b2 resource provider; error: Placement Client Error (4xx): {"errors": [{"status": 404, "title": "Not Found", "detail": "The resource could not be found.\n\n No resource provider with uuid 8884453e-8438-498b-ba9e-23d457d160b2 found for delete ", "request_id": "req-42275a38-c501-427f-90c9-ad4ab16c5fc6"}]} [pid: 7|app: 0|req: 873/1606] 10.0.0.70 () {34 vars in 989 bytes} [Fri Jul 24 18:47:44 2026] GET /v2.0/ports?device_id=abed6d20-6ecb-46d4-b642-89c9d5e13b4f => generated 971 bytes in 38 msecs (HTTP/1.1 200) 4 headers in 157 bytes (1 switches on core 0) [pid: 7|app: 0|req: 874/1607] 10.0.0.70 () {34 vars in 1039 bytes} [Fri Jul 24 18:47:44 2026] GET /v2.0/security-groups?id=debc65d0-90e5-4c4e-919b-0b3030d81f03&fields=id&fields=name => generated 88 bytes in 34 msecs (HTTP/1.1 200) 4 headers in 156 bytes (1 switches on core 0)
2026-07-24 18:47:45.271 8 INFO neutron.db.ovn_revision_numbers_db [None req-ccf63080-d232-418c-98d6-da2ff301dcaf - - - - - -] Successfully bumped revision number for resource 8f0a9520-f8b0-44a9-9117-7c769cede227 (type: ports) to 5 [pid: 7|app: 0|req: 875/1608] 10.0.0.136 () {32 vars in 774 bytes} [Fri Jul 24 18:47:45 2026] GET /v2.0/security-groups?tenant_id=a7b936a61dc643249b2ac8bde7032457&name=default => generated 2925 bytes in 176 msecs (HTTP/1.1 200) 4 headers in 158 bytes (1 switches on core 0) [pid: 7|app: 0|req: 876/1609] 10.0.0.136 () {32 vars in 774 bytes} [Fri Jul 24 18:47:45 2026] GET /v2.0/security-groups?tenant_id=f4f4d072bbe6478ebd651803338486a7&name=default => generated 2925 bytes in 74 msecs (HTTP/1.1 200) 4 headers in 158 bytes (1 switches on core 0)
2026-07-24 18:47:45.556 8 WARNING neutron.scheduler.dhcp_agent_scheduler [None req-1317f205-7250-4c8c-b51f-a41eef284a20 a73c43138b3d4c938f8c5719557a7f8c 7ab1780863024b4aba8604147d8f2d81 - - default default] No more DHCP agents
2026-07-24 18:47:45.557 8 WARNING neutron.api.rpc.agentnotifiers.dhcp_rpc_agent_api [None req-1317f205-7250-4c8c-b51f-a41eef284a20 a73c43138b3d4c938f8c5719557a7f8c 7ab1780863024b4aba8604147d8f2d81 - - default default] Unable to schedule network d1162eab-b35f-40a7-b12c-dc8e9e5851a7: no agents available; will retry on subsequent port and subnet creation events. [pid: 7|app: 0|req: 877/1610] 10.0.0.136 () {32 vars in 740 bytes} [Fri Jul 24 18:47:45 2026] DELETE /v2.0/security-groups/9078ffa2-d405-407d-9635-f366d1dde80b => generated 0 bytes in 245 msecs (HTTP/1.1 204) 2 headers in 112 bytes (1 switches on core 0) [pid: 7|app: 0|req: 878/1611] 10.0.0.136 () {32 vars in 740 bytes} [Fri Jul 24 18:47:45 2026] DELETE /v2.0/security-groups/8d0a8177-67f0-4fbf-a4f4-582ba3bbe563 => generated 0 bytes in 217 msecs (HTTP/1.1 204) 2 headers in 112 bytes (1 switches on core 0) [pid: 7|app: 0|req: 879/1612] 199.204.45.74 () {34 vars in 993 bytes} [Fri Jul 24 18:47:45 2026] GET /v2.0/ports?device_id=abed6d20-6ecb-46d4-b642-89c9d5e13b4f => generated 971 bytes in 38 msecs (HTTP/1.1 200) 4 headers in 157 bytes (1 switches on core 0)
2026-07-24 18:47:46.010 7 WARNING neutron.plugins.ml2.drivers.ovn.mech_driver.ovsdb.ovn_client [None req-924aa8c7-e798-4b44-9d56-b1070d0e5e2f - - - - - -] No port found with ID 9a174284-d888-47e8-a856-a0999c3bb831: RuntimeError: No port found with ID 9a174284-d888-47e8-a856-a0999c3bb831
2026-07-24 18:47:46.010 7 INFO neutron.plugins.ml2.drivers.ovn.mech_driver.mech_driver [None req-924aa8c7-e798-4b44-9d56-b1070d0e5e2f - - - - - -] OVN reports status down for port: 6b5efc12-3790-4ffb-aa6d-0e09a7b64876
2026-07-24 18:47:46.078 8 INFO neutron.db.ovn_revision_numbers_db [None req-1317f205-7250-4c8c-b51f-a41eef284a20 a73c43138b3d4c938f8c5719557a7f8c 7ab1780863024b4aba8604147d8f2d81 - - default default] Successfully bumped revision number for resource 0e388e92-c5ba-4e22-9e73-7e4bd7e53c8b (type: router_ports) to 1 [pid: 8|app: 0|req: 734/1613] 10.0.0.136 () {34 vars in 783 bytes} [Fri Jul 24 18:47:43 2026] PUT /v2.0/routers/aabf03ed-9025-4ab2-a956-2f242764c737/add_router_interface => generated 309 bytes in 2632 msecs (HTTP/1.1 200) 4 headers in 157 bytes (1 switches on core 0)
2026-07-24 18:47:46.133 7 INFO neutron.plugins.ml2.drivers.ovn.mech_driver.mech_driver [None req-924aa8c7-e798-4b44-9d56-b1070d0e5e2f - - - - - -] OVN reports status down for port: eb1f6c26-cb5f-4ff1-af45-53da8c600db5
2026-07-24 18:47:46.154 7 INFO neutron_taas.services.taas.taas_plugin [req-eeaa22fe-7e17-4a22-abf5-b448b271af1e req-d276342e-d1d2-4d96-8571-8ffbe2c62a94 8f4ad600b8e44793bf5cdb62249e4c12 b4924915f78846799cac47af638de153 - - default default] TaaS: Handle Delete Port: a1b346e5-ada9-434f-8b62-601895e5aa88
2026-07-24 18:47:46.155 7 INFO neutron.plugins.ml2.drivers.ovn.mech_driver.mech_driver [None req-924aa8c7-e798-4b44-9d56-b1070d0e5e2f - - - - - -] OVN reports status down for port: eb1f6c26-cb5f-4ff1-af45-53da8c600db5
2026-07-24 18:47:46.157 7 INFO neutron_taas.services.taas.tap_mirror_plugin [req-eeaa22fe-7e17-4a22-abf5-b448b271af1e req-d276342e-d1d2-4d96-8571-8ffbe2c62a94 8f4ad600b8e44793bf5cdb62249e4c12 b4924915f78846799cac47af638de153 - - default default] Tap Mirror: Handle Delete Port: a1b346e5-ada9-434f-8b62-601895e5aa88 [pid: 8|app: 0|req: 735/1614] 10.0.0.70 () {34 vars in 989 bytes} [Fri Jul 24 18:47:46 2026] GET /v2.0/ports?device_id=abed6d20-6ecb-46d4-b642-89c9d5e13b4f => generated 971 bytes in 82 msecs (HTTP/1.1 200) 4 headers in 157 bytes (1 switches on core 0) [pid: 8|app: 0|req: 736/1615] 10.0.0.70 () {34 vars in 1039 bytes} [Fri Jul 24 18:47:46 2026] GET /v2.0/security-groups?id=debc65d0-90e5-4c4e-919b-0b3030d81f03&fields=id&fields=name => generated 88 bytes in 27 msecs (HTTP/1.1 200) 4 headers in 156 bytes (1 switches on core 0)
2026-07-24 18:47:46.250 8 INFO neutron.plugins.ml2.drivers.ovn.mech_driver.mech_driver [None req-a4e1d0e7-d904-48c6-98e4-4267cb86a9ae - - - - - -] OVN reports status down for port: 0e388e92-c5ba-4e22-9e73-7e4bd7e53c8b [pid: 7|app: 0|req: 880/1616] 199.204.45.74 () {36 vars in 996 bytes} [Fri Jul 24 18:47:45 2026] DELETE /v2.0/ports/a1b346e5-ada9-434f-8b62-601895e5aa88 => generated 0 bytes in 356 msecs (HTTP/1.1 204) 3 headers in 131 bytes (1 switches on core 0)
2026-07-24 18:47:46.311 8 INFO neutron.plugins.ml2.drivers.ovn.mech_driver.mech_driver [None req-a4e1d0e7-d904-48c6-98e4-4267cb86a9ae - - - - - -] OVN reports status down for port: a1b346e5-ada9-434f-8b62-601895e5aa88
2026-07-24 18:47:46.322 7 INFO neutron.notifiers.nova [-] Nova event matching ['req-f4ec7737-c561-4ed1-b066-badcf741d458'] response: {'server_uuid': 'abed6d20-6ecb-46d4-b642-89c9d5e13b4f', 'name': 'network-vif-deleted', 'tag': 'a1b346e5-ada9-434f-8b62-601895e5aa88', 'status': 'completed', 'code': 200}
2026-07-24 18:47:46.323 8 INFO neutron.plugins.ml2.drivers.ovn.mech_driver.mech_driver [None req-a4e1d0e7-d904-48c6-98e4-4267cb86a9ae - - - - - -] OVN reports status up for port: 0e388e92-c5ba-4e22-9e73-7e4bd7e53c8b
2026-07-24 18:47:46.340 8 INFO neutron.plugins.ml2.plugin [None req-a4e1d0e7-d904-48c6-98e4-4267cb86a9ae - - - - - -] Attempt 1 to provision port 0e388e92-c5ba-4e22-9e73-7e4bd7e53c8b
2026-07-24 18:47:46.770 8 INFO neutron.db.ovn_revision_numbers_db [None req-a4e1d0e7-d904-48c6-98e4-4267cb86a9ae - - - - - -] Successfully bumped revision number for resource 0e388e92-c5ba-4e22-9e73-7e4bd7e53c8b (type: ports) to 2
2026-07-24 18:47:46.946 8 INFO neutron.db.ovn_revision_numbers_db [None req-aa35b04a-49e3-463d-ab7f-88deed772eca - - - - - -] Successfully bumped revision number for resource 0e388e92-c5ba-4e22-9e73-7e4bd7e53c8b (type: router_ports) to 2 [pid: 8|app: 0|req: 738/1619] 10.0.0.70 () {34 vars in 989 bytes} [Fri Jul 24 18:47:47 2026] GET /v2.0/ports?device_id=abed6d20-6ecb-46d4-b642-89c9d5e13b4f => generated 12 bytes in 21 msecs (HTTP/1.1 200) 4 headers in 156 bytes (1 switches on core 0)
2026-07-24 18:47:47.306 7 INFO neutron.db.ovn_revision_numbers_db [None req-9cd9eed3-9c4b-42c5-833f-552b9c670e83 a73c43138b3d4c938f8c5719557a7f8c 7ab1780863024b4aba8604147d8f2d81 - - default default] Successfully bumped revision number for resource 0239d551-8d21-4f15-a673-bcdfcb06318a (type: security_groups) to 1
2026-07-24 18:47:47.318 7 INFO neutron.db.ovn_revision_numbers_db [None req-9cd9eed3-9c4b-42c5-833f-552b9c670e83 a73c43138b3d4c938f8c5719557a7f8c 7ab1780863024b4aba8604147d8f2d81 - - default default] Successfully bumped revision number for resource 4287d85a-2984-4841-b8ea-b502785b4c07 (type: security_group_rules) to 0
2026-07-24 18:47:47.333 7 INFO neutron.db.ovn_revision_numbers_db [None req-9cd9eed3-9c4b-42c5-833f-552b9c670e83 a73c43138b3d4c938f8c5719557a7f8c 7ab1780863024b4aba8604147d8f2d81 - - default default] Successfully bumped revision number for resource 5e9cc013-fa33-4d93-bbf7-94e9710044a0 (type: security_group_rules) to 0
2026-07-24 18:47:47.344 7 INFO neutron.db.ovn_revision_numbers_db [None req-9cd9eed3-9c4b-42c5-833f-552b9c670e83 a73c43138b3d4c938f8c5719557a7f8c 7ab1780863024b4aba8604147d8f2d81 - - default default] Successfully bumped revision number for resource 6007f9ee-407f-4e09-9b44-43278f3dcc74 (type: security_group_rules) to 0
2026-07-24 18:47:47.356 7 INFO neutron.db.ovn_revision_numbers_db [None req-9cd9eed3-9c4b-42c5-833f-552b9c670e83 a73c43138b3d4c938f8c5719557a7f8c 7ab1780863024b4aba8604147d8f2d81 - - default default] Successfully bumped revision number for resource 6e23f22c-3799-46d5-9d7b-2e4617c83e4a (type: security_group_rules) to 0
2026-07-24 18:47:47.448 7 INFO neutron.db.segments_db [None req-9cd9eed3-9c4b-42c5-833f-552b9c670e83 a73c43138b3d4c938f8c5719557a7f8c 7ab1780863024b4aba8604147d8f2d81 - - default default] Added segment 246f21d6-0fd2-484b-81a0-a0ad5aeefffe of type geneve for network e5878555-ed27-4d39-8e98-c9eea5f3c874
2026-07-24 18:47:47.574 7 INFO neutron.db.ovn_revision_numbers_db [None req-9cd9eed3-9c4b-42c5-833f-552b9c670e83 a73c43138b3d4c938f8c5719557a7f8c 7ab1780863024b4aba8604147d8f2d81 - - default default] Successfully bumped revision number for resource e5878555-ed27-4d39-8e98-c9eea5f3c874 (type: networks) to 1
2026-07-24 18:47:47.575 8 INFO neutron.db.ovn_revision_numbers_db [None req-6d063f12-7a5f-4780-ab6a-634939f74753 d4602d7cec3c4c46aef1c408560e9136 b27b89fa8dc648138ea8c99ddcb91246 - - default default] Successfully bumped revision number for resource ac3dd706-4a6d-4dbd-beac-af663563b087 (type: security_groups) to 1
2026-07-24 18:47:47.585 8 INFO neutron.db.ovn_revision_numbers_db [None req-6d063f12-7a5f-4780-ab6a-634939f74753 d4602d7cec3c4c46aef1c408560e9136 b27b89fa8dc648138ea8c99ddcb91246 - - default default] Successfully bumped revision number for resource 6c85dfbb-b4f1-46d3-84de-9efffb41475d (type: security_group_rules) to 0
2026-07-24 18:47:47.596 8 INFO neutron.db.ovn_revision_numbers_db [None req-6d063f12-7a5f-4780-ab6a-634939f74753 d4602d7cec3c4c46aef1c408560e9136 b27b89fa8dc648138ea8c99ddcb91246 - - default default] Successfully bumped revision number for resource a76d994f-bc1f-41f6-974b-11384f63155e (type: security_group_rules) to 0
2026-07-24 18:47:47.606 8 INFO neutron.db.ovn_revision_numbers_db [None req-6d063f12-7a5f-4780-ab6a-634939f74753 d4602d7cec3c4c46aef1c408560e9136 b27b89fa8dc648138ea8c99ddcb91246 - - default default] Successfully bumped revision number for resource e22b3e31-93bc-4bce-b7ca-6208036f01fc (type: security_group_rules) to 0
2026-07-24 18:47:47.617 8 INFO neutron.db.ovn_revision_numbers_db [None req-6d063f12-7a5f-4780-ab6a-634939f74753 d4602d7cec3c4c46aef1c408560e9136 b27b89fa8dc648138ea8c99ddcb91246 - - default default] Successfully bumped revision number for resource ef3037d2-33a8-48eb-bab1-c377d592b68d (type: security_group_rules) to 0
2026-07-24 18:47:47.723 8 INFO neutron.db.ovn_revision_numbers_db [None req-6d063f12-7a5f-4780-ab6a-634939f74753 d4602d7cec3c4c46aef1c408560e9136 b27b89fa8dc648138ea8c99ddcb91246 - - default default] Successfully bumped revision number for resource b1dcde1d-c0d1-4e6b-bd03-340a62797659 (type: security_groups) to 1
2026-07-24 18:47:47.726 7 WARNING neutron.scheduler.dhcp_agent_scheduler [None req-9cd9eed3-9c4b-42c5-833f-552b9c670e83 a73c43138b3d4c938f8c5719557a7f8c 7ab1780863024b4aba8604147d8f2d81 - - default default] No more DHCP agents
2026-07-24 18:47:47.727 7 WARNING neutron.api.rpc.agentnotifiers.dhcp_rpc_agent_api [None req-9cd9eed3-9c4b-42c5-833f-552b9c670e83 a73c43138b3d4c938f8c5719557a7f8c 7ab1780863024b4aba8604147d8f2d81 - - default default] Unable to schedule network e5878555-ed27-4d39-8e98-c9eea5f3c874: no agents available; will retry on subsequent port and subnet creation events.
2026-07-24 18:47:47.735 8 INFO neutron.db.ovn_revision_numbers_db [None req-6d063f12-7a5f-4780-ab6a-634939f74753 d4602d7cec3c4c46aef1c408560e9136 b27b89fa8dc648138ea8c99ddcb91246 - - default default] Successfully bumped revision number for resource 9dd7b8c5-669f-4df0-85ef-c45684cb9208 (type: security_group_rules) to 0
2026-07-24 18:47:47.746 8 INFO neutron.db.ovn_revision_numbers_db [None req-6d063f12-7a5f-4780-ab6a-634939f74753 d4602d7cec3c4c46aef1c408560e9136 b27b89fa8dc648138ea8c99ddcb91246 - - default default] Successfully bumped revision number for resource de599650-f38c-4ea9-be4c-1c7021dbf8b8 (type: security_group_rules) to 0
2026-07-24 18:47:47.779 7 INFO neutron.plugins.ml2.drivers.ovn.mech_driver.mech_driver [None req-924aa8c7-e798-4b44-9d56-b1070d0e5e2f - - - - - -] OVN reports status down for port: 364fe827-076d-476d-bfa0-432d37a445ac [pid: 8|app: 0|req: 739/1620] 10.0.0.136 () {34 vars in 684 bytes} [Fri Jul 24 18:47:47 2026] POST /v2.0/security-groups => generated 1625 bytes in 513 msecs (HTTP/1.1 201) 4 headers in 163 bytes (1 switches on core 0)
2026-07-24 18:47:47.858 7 INFO neutron.db.ovn_revision_numbers_db [None req-9cd9eed3-9c4b-42c5-833f-552b9c670e83 a73c43138b3d4c938f8c5719557a7f8c 7ab1780863024b4aba8604147d8f2d81 - - default default] Successfully bumped revision number for resource 364fe827-076d-476d-bfa0-432d37a445ac (type: ports) to 1 [pid: 7|app: 0|req: 882/1621] 10.0.0.136 () {34 vars in 671 bytes} [Fri Jul 24 18:47:47 2026] POST /v2.0/networks => generated 782 bytes in 763 msecs (HTTP/1.1 201) 4 headers in 162 bytes (1 switches on core 0) [pid: 7|app: 0|req: 883/1622] 10.0.0.136 () {32 vars in 663 bytes} [Fri Jul 24 18:47:47 2026] GET /v2.0/security-groups => generated 4530 bytes in 40 msecs (HTTP/1.1 200) 4 headers in 158 bytes (1 switches on core 0)
2026-07-24 18:47:48.008 8 INFO neutron.db.ovn_revision_numbers_db [None req-fc01e71b-3cbb-49db-9e86-07fc031fd90b 720efd41cfeb4f4c8106845a60a9ac50 9fbdf79aee274996b0f402f9987a2958 - - default default] Successfully bumped revision number for resource a4f345de-619c-46bd-8bfc-2674a4ef9c8e (type: security_groups) to 1
2026-07-24 18:47:48.021 8 INFO neutron.db.ovn_revision_numbers_db [None req-fc01e71b-3cbb-49db-9e86-07fc031fd90b 720efd41cfeb4f4c8106845a60a9ac50 9fbdf79aee274996b0f402f9987a2958 - - default default] Successfully bumped revision number for resource 52a0b967-ba15-4d00-a0f4-f23f24e74916 (type: security_group_rules) to 0
2026-07-24 18:47:48.032 8 INFO neutron.db.ovn_revision_numbers_db [None req-fc01e71b-3cbb-49db-9e86-07fc031fd90b 720efd41cfeb4f4c8106845a60a9ac50 9fbdf79aee274996b0f402f9987a2958 - - default default] Successfully bumped revision number for resource 5b4d66c9-5c5a-48e6-a263-1c8f0f40dcd0 (type: security_group_rules) to 0
2026-07-24 18:47:48.044 8 INFO neutron.db.ovn_revision_numbers_db [None req-fc01e71b-3cbb-49db-9e86-07fc031fd90b 720efd41cfeb4f4c8106845a60a9ac50 9fbdf79aee274996b0f402f9987a2958 - - default default] Successfully bumped revision number for resource 7555537c-d640-473b-947f-f55c95497ec4 (type: security_group_rules) to 0
2026-07-24 18:47:48.057 8 INFO neutron.db.ovn_revision_numbers_db [None req-fc01e71b-3cbb-49db-9e86-07fc031fd90b 720efd41cfeb4f4c8106845a60a9ac50 9fbdf79aee274996b0f402f9987a2958 - - default default] Successfully bumped revision number for resource 84072810-31b9-451f-92e3-cc2b48d3bef8 (type: security_group_rules) to 0
2026-07-24 18:47:48.096 7 WARNING neutron.scheduler.dhcp_agent_scheduler [None req-03e2f3e9-9f20-44d6-abfc-4180bd293eae a73c43138b3d4c938f8c5719557a7f8c 7ab1780863024b4aba8604147d8f2d81 - - default default] No more DHCP agents
2026-07-24 18:47:48.097 7 WARNING neutron.api.rpc.agentnotifiers.dhcp_rpc_agent_api [None req-03e2f3e9-9f20-44d6-abfc-4180bd293eae a73c43138b3d4c938f8c5719557a7f8c 7ab1780863024b4aba8604147d8f2d81 - - default default] Unable to schedule network e5878555-ed27-4d39-8e98-c9eea5f3c874: no agents available; will retry on subsequent port and subnet creation events.
2026-07-24 18:47:48.130 8 INFO neutron.db.segments_db [None req-fc01e71b-3cbb-49db-9e86-07fc031fd90b 720efd41cfeb4f4c8106845a60a9ac50 9fbdf79aee274996b0f402f9987a2958 - - default default] Added segment ebbfed95-8279-43c1-a735-56dc4e0e511b of type geneve for network 1f333472-1d1b-40d0-b543-67a05de84a26
2026-07-24 18:47:48.261 8 INFO neutron.db.ovn_revision_numbers_db [None req-fc01e71b-3cbb-49db-9e86-07fc031fd90b 720efd41cfeb4f4c8106845a60a9ac50 9fbdf79aee274996b0f402f9987a2958 - - default default] Successfully bumped revision number for resource 1f333472-1d1b-40d0-b543-67a05de84a26 (type: networks) to 1
2026-07-24 18:47:48.396 8 WARNING neutron.scheduler.dhcp_agent_scheduler [None req-fc01e71b-3cbb-49db-9e86-07fc031fd90b 720efd41cfeb4f4c8106845a60a9ac50 9fbdf79aee274996b0f402f9987a2958 - - default default] No more DHCP agents
2026-07-24 18:47:48.397 8 WARNING neutron.api.rpc.agentnotifiers.dhcp_rpc_agent_api [None req-fc01e71b-3cbb-49db-9e86-07fc031fd90b 720efd41cfeb4f4c8106845a60a9ac50 9fbdf79aee274996b0f402f9987a2958 - - default default] Unable to schedule network 1f333472-1d1b-40d0-b543-67a05de84a26: no agents available; will retry on subsequent port and subnet creation events.
2026-07-24 18:47:48.443 7 INFO neutron.plugins.ml2.drivers.ovn.mech_driver.mech_driver [None req-924aa8c7-e798-4b44-9d56-b1070d0e5e2f - - - - - -] OVN reports status down for port: 45bdc3d9-c1c6-4e08-8197-e27b564e142f
2026-07-24 18:47:48.464 8 INFO neutron.db.ovn_revision_numbers_db [None req-fc01e71b-3cbb-49db-9e86-07fc031fd90b 720efd41cfeb4f4c8106845a60a9ac50 9fbdf79aee274996b0f402f9987a2958 - - default default] Successfully bumped revision number for resource 45bdc3d9-c1c6-4e08-8197-e27b564e142f (type: ports) to 1 [pid: 8|app: 0|req: 740/1623] 10.0.0.136 () {34 vars in 670 bytes} [Fri Jul 24 18:47:47 2026] POST /v2.0/networks => generated 668 bytes in 681 msecs (HTTP/1.1 201) 4 headers in 162 bytes (1 switches on core 0)
2026-07-24 18:47:48.533 8 INFO neutron.db.ovn_revision_numbers_db [None req-9b3bb252-3192-44f5-b725-1cf2ba7626d5 d4602d7cec3c4c46aef1c408560e9136 b27b89fa8dc648138ea8c99ddcb91246 - - default default] Successfully bumped revision number for resource b1dcde1d-c0d1-4e6b-bd03-340a62797659 (type: security_groups) to 2 [pid: 8|app: 0|req: 741/1624] 10.0.0.136 () {34 vars in 758 bytes} [Fri Jul 24 18:47:48 2026] PUT /v2.0/security-groups/b1dcde1d-c0d1-4e6b-bd03-340a62797659 => generated 1663 bytes in 68 msecs (HTTP/1.1 200) 4 headers in 158 bytes (1 switches on core 0) [pid: 8|app: 0|req: 742/1625] 10.0.0.70 () {34 vars in 989 bytes} [Fri Jul 24 18:47:48 2026] GET /v2.0/ports?device_id=abed6d20-6ecb-46d4-b642-89c9d5e13b4f => generated 12 bytes in 13 msecs (HTTP/1.1 200) 4 headers in 156 bytes (1 switches on core 0)
2026-07-24 18:47:48.624 7 INFO neutron.db.ovn_revision_numbers_db [None req-23ffeff4-ba75-437c-b9f7-ab97a7a390dd - - - - - -] Successfully bumped revision number for resource 364fe827-076d-476d-bfa0-432d37a445ac (type: ports) to 2
2026-07-24 18:47:48.647 7 INFO neutron.db.ovn_revision_numbers_db [None req-23ffeff4-ba75-437c-b9f7-ab97a7a390dd - - - - - -] Successfully bumped revision number for resource 62d4f553-d11a-4c13-8bc9-a61a387c1d83 (type: subnets) to 0 [pid: 7|app: 0|req: 884/1626] 10.0.0.136 () {34 vars in 669 bytes} [Fri Jul 24 18:47:47 2026] POST /v2.0/subnets => generated 688 bytes in 700 msecs (HTTP/1.1 201) 4 headers in 162 bytes (1 switches on core 0)
2026-07-24 18:47:48.662 8 INFO neutron.db.segments_db [None req-71937604-5c5f-492d-97f6-12a1b257aa8a 720efd41cfeb4f4c8106845a60a9ac50 9fbdf79aee274996b0f402f9987a2958 - - default default] Added segment b2c16e5e-9b5e-470d-9b81-480f77fff394 of type geneve for network 67eec0f3-2bab-42b7-95aa-a6b5f03b12f9 [pid: 7|app: 0|req: 885/1627] 10.0.0.136 () {32 vars in 737 bytes} [Fri Jul 24 18:47:48 2026] GET /v2.0/security-groups/b1dcde1d-c0d1-4e6b-bd03-340a62797659 => generated 1663 bytes in 16 msecs (HTTP/1.1 200) 4 headers in 158 bytes (1 switches on core 0)
2026-07-24 18:47:48.798 8 INFO neutron.db.ovn_revision_numbers_db [None req-71937604-5c5f-492d-97f6-12a1b257aa8a 720efd41cfeb4f4c8106845a60a9ac50 9fbdf79aee274996b0f402f9987a2958 - - default default] Successfully bumped revision number for resource 67eec0f3-2bab-42b7-95aa-a6b5f03b12f9 (type: networks) to 1
2026-07-24 18:47:48.987 8 WARNING neutron.scheduler.dhcp_agent_scheduler [None req-71937604-5c5f-492d-97f6-12a1b257aa8a 720efd41cfeb4f4c8106845a60a9ac50 9fbdf79aee274996b0f402f9987a2958 - - default default] No more DHCP agents
2026-07-24 18:47:48.989 8 WARNING neutron.api.rpc.agentnotifiers.dhcp_rpc_agent_api [None req-71937604-5c5f-492d-97f6-12a1b257aa8a 720efd41cfeb4f4c8106845a60a9ac50 9fbdf79aee274996b0f402f9987a2958 - - default default] Unable to schedule network 67eec0f3-2bab-42b7-95aa-a6b5f03b12f9: no agents available; will retry on subsequent port and subnet creation events.
2026-07-24 18:47:49.037 8 INFO neutron.plugins.ml2.drivers.ovn.mech_driver.mech_driver [None req-aa35b04a-49e3-463d-ab7f-88deed772eca - - - - - -] OVN reports status down for port: 9599770a-a998-4c44-85f7-0e8fcc10f475
2026-07-24 18:47:49.090 8 INFO neutron.db.ovn_revision_numbers_db [None req-71937604-5c5f-492d-97f6-12a1b257aa8a 720efd41cfeb4f4c8106845a60a9ac50 9fbdf79aee274996b0f402f9987a2958 - - default default] Successfully bumped revision number for resource 9599770a-a998-4c44-85f7-0e8fcc10f475 (type: ports) to 1 [pid: 8|app: 0|req: 743/1628] 10.0.0.136 () {34 vars in 670 bytes} [Fri Jul 24 18:47:48 2026] POST /v2.0/networks => generated 668 bytes in 561 msecs (HTTP/1.1 201) 4 headers in 162 bytes (1 switches on core 0)
2026-07-24 18:47:49.142 7 WARNING neutron.scheduler.dhcp_agent_scheduler [None req-44542984-fdc3-4aa6-8c66-aa46118e41c0 a73c43138b3d4c938f8c5719557a7f8c 7ab1780863024b4aba8604147d8f2d81 - - default default] No more DHCP agents
2026-07-24 18:47:49.143 7 WARNING neutron.api.rpc.agentnotifiers.dhcp_rpc_agent_api [None req-44542984-fdc3-4aa6-8c66-aa46118e41c0 a73c43138b3d4c938f8c5719557a7f8c 7ab1780863024b4aba8604147d8f2d81 - - default default] Unable to schedule network 44cb9f04-b733-4ef1-96e6-f026a2b3a019: no agents available; will retry on subsequent port and subnet creation events. [pid: 8|app: 0|req: 744/1629] 10.0.0.136 () {32 vars in 740 bytes} [Fri Jul 24 18:47:49 2026] DELETE /v2.0/security-groups/b1dcde1d-c0d1-4e6b-bd03-340a62797659 => generated 0 bytes in 112 msecs (HTTP/1.1 204) 2 headers in 112 bytes (1 switches on core 0)
2026-07-24 18:47:49.266 7 INFO neutron.plugins.ml2.drivers.ovn.mech_driver.mech_driver [None req-924aa8c7-e798-4b44-9d56-b1070d0e5e2f - - - - - -] OVN reports status down for port: 8966a67a-7347-4fdb-9313-1e9b1fcb0371
2026-07-24 18:47:49.326 7 INFO neutron.db.ovn_revision_numbers_db [None req-44542984-fdc3-4aa6-8c66-aa46118e41c0 a73c43138b3d4c938f8c5719557a7f8c 7ab1780863024b4aba8604147d8f2d81 - - default default] Successfully bumped revision number for resource 8966a67a-7347-4fdb-9313-1e9b1fcb0371 (type: ports) to 1
2026-07-24 18:47:49.441 8 WARNING neutron.scheduler.dhcp_agent_scheduler [None req-c0bb8925-1657-4f9c-bda6-412e395988f7 720efd41cfeb4f4c8106845a60a9ac50 9fbdf79aee274996b0f402f9987a2958 - - default default] No more DHCP agents
2026-07-24 18:47:49.443 8 WARNING neutron.api.rpc.agentnotifiers.dhcp_rpc_agent_api [None req-c0bb8925-1657-4f9c-bda6-412e395988f7 720efd41cfeb4f4c8106845a60a9ac50 9fbdf79aee274996b0f402f9987a2958 - - default default] Unable to schedule network 1f333472-1d1b-40d0-b543-67a05de84a26: no agents available; will retry on subsequent port and subnet creation events.
2026-07-24 18:47:49.873 8 INFO neutron.db.ovn_revision_numbers_db [None req-868b46e6-01e6-4d9d-aa0c-e8e8a448ac77 - - - - - -] Successfully bumped revision number for resource 45bdc3d9-c1c6-4e08-8197-e27b564e142f (type: ports) to 2
2026-07-24 18:47:49.917 8 INFO neutron.db.ovn_revision_numbers_db [None req-868b46e6-01e6-4d9d-aa0c-e8e8a448ac77 - - - - - -] Successfully bumped revision number for resource 1f6cff8c-f1ac-4341-8a0b-c2bdffd0e823 (type: subnets) to 0 [pid: 8|app: 0|req: 745/1630] 10.0.0.136 () {34 vars in 669 bytes} [Fri Jul 24 18:47:49 2026] POST /v2.0/subnets => generated 626 bytes in 702 msecs (HTTP/1.1 201) 4 headers in 162 bytes (1 switches on core 0) [pid: 8|app: 0|req: 746/1631] 10.0.0.136 () {32 vars in 663 bytes} [Fri Jul 24 18:47:49 2026] GET /v2.0/security-groups => generated 2925 bytes in 36 msecs (HTTP/1.1 200) 4 headers in 158 bytes (1 switches on core 0)
2026-07-24 18:47:49.985 7 INFO neutron.plugins.ml2.drivers.ovn.mech_driver.ovsdb.commands [None req-a788abaf-01aa-4022-b545-c9cf9f88ec44 - - - - - -] Schedule LRP lrp-8966a67a-7347-4fdb-9313-1e9b1fcb0371 on gateway b4649cd3-4f4b-4d59-ab8f-2666da2d6ea6 with priority 1
2026-07-24 18:47:50.021 7 INFO neutron.plugins.ml2.drivers.ovn.mech_driver.mech_driver [None req-924aa8c7-e798-4b44-9d56-b1070d0e5e2f - - - - - -] OVN reports status up for port: 8966a67a-7347-4fdb-9313-1e9b1fcb0371
2026-07-24 18:47:50.038 7 INFO neutron.plugins.ml2.plugin [None req-924aa8c7-e798-4b44-9d56-b1070d0e5e2f - - - - - -] Attempt 1 to provision port 8966a67a-7347-4fdb-9313-1e9b1fcb0371
2026-07-24 18:47:50.078 7 INFO neutron.db.ovn_revision_numbers_db [None req-44542984-fdc3-4aa6-8c66-aa46118e41c0 a73c43138b3d4c938f8c5719557a7f8c 7ab1780863024b4aba8604147d8f2d81 - - default default] Successfully bumped revision number for resource 8966a67a-7347-4fdb-9313-1e9b1fcb0371 (type: router_ports) to 1
2026-07-24 18:47:50.083 8 INFO neutron.plugins.ml2.drivers.ovn.mech_driver.ovsdb.ovsdb_monitor [None req-ccf63080-d232-418c-98d6-da2ff301dcaf - - - - - -] Router f015472d-a840-4180-9858-6216f487341f is bound to host instance
2026-07-24 18:47:50.174 7 INFO neutron.db.ovn_revision_numbers_db [None req-44542984-fdc3-4aa6-8c66-aa46118e41c0 a73c43138b3d4c938f8c5719557a7f8c 7ab1780863024b4aba8604147d8f2d81 - - default default] Successfully bumped revision number for resource f015472d-a840-4180-9858-6216f487341f (type: routers) to 2 [pid: 7|app: 0|req: 886/1632] 10.0.0.136 () {34 vars in 669 bytes} [Fri Jul 24 18:47:48 2026] POST /v2.0/routers => generated 966 bytes in 1516 msecs (HTTP/1.1 201) 4 headers in 162 bytes (1 switches on core 0)
2026-07-24 18:47:50.384 7 WARNING neutron.scheduler.dhcp_agent_scheduler [None req-bbb73fc9-527c-4bc0-86df-9ba934ec3927 720efd41cfeb4f4c8106845a60a9ac50 9fbdf79aee274996b0f402f9987a2958 - - default default] No more DHCP agents
2026-07-24 18:47:50.385 7 WARNING neutron.api.rpc.agentnotifiers.dhcp_rpc_agent_api [None req-bbb73fc9-527c-4bc0-86df-9ba934ec3927 720efd41cfeb4f4c8106845a60a9ac50 9fbdf79aee274996b0f402f9987a2958 - - default default] Unable to schedule network 67eec0f3-2bab-42b7-95aa-a6b5f03b12f9: no agents available; will retry on subsequent port and subnet creation events.
2026-07-24 18:47:50.543 8 INFO neutron_taas.services.taas.taas_plugin [None req-0ca477ec-f2e9-4803-9e0f-d47ede20d742 a73c43138b3d4c938f8c5719557a7f8c 7ab1780863024b4aba8604147d8f2d81 - - default default] TaaS: Handle Delete Port: a8a2acdb-f9c5-4834-9144-3ea88cde7558
2026-07-24 18:47:50.549 8 INFO neutron_taas.services.taas.tap_mirror_plugin [None req-0ca477ec-f2e9-4803-9e0f-d47ede20d742 a73c43138b3d4c938f8c5719557a7f8c 7ab1780863024b4aba8604147d8f2d81 - - default default] Tap Mirror: Handle Delete Port: a8a2acdb-f9c5-4834-9144-3ea88cde7558
2026-07-24 18:47:50.808 7 INFO neutron.db.ovn_revision_numbers_db [None req-08b12db1-a900-43a6-8aa2-4c0d89a4715c - - - - - -] Successfully bumped revision number for resource 9599770a-a998-4c44-85f7-0e8fcc10f475 (type: ports) to 2
2026-07-24 18:47:50.861 7 INFO neutron.db.ovn_revision_numbers_db [None req-08b12db1-a900-43a6-8aa2-4c0d89a4715c - - - - - -] Successfully bumped revision number for resource 3d53d31e-c7a3-4b0c-8999-df7d9d19c48d (type: subnets) to 0 [pid: 7|app: 0|req: 887/1633] 10.0.0.136 () {34 vars in 669 bytes} [Fri Jul 24 18:47:50 2026] POST /v2.0/subnets => generated 626 bytes in 697 msecs (HTTP/1.1 201) 4 headers in 162 bytes (1 switches on core 0)
2026-07-24 18:47:50.928 7 INFO neutron.api.v2.resource [None req-644a96cf-8ecd-48f7-9c61-b31a0f10afbe d4602d7cec3c4c46aef1c408560e9136 b27b89fa8dc648138ea8c99ddcb91246 - - default default] delete failed (client error): The resource could not be found. [pid: 7|app: 0|req: 888/1634] 10.0.0.136 () {32 vars in 740 bytes} [Fri Jul 24 18:47:50 2026] DELETE /v2.0/security-groups/b1dcde1d-c0d1-4e6b-bd03-340a62797659 => generated 146 bytes in 39 msecs (HTTP/1.1 404) 4 headers in 164 bytes (1 switches on core 0)
2026-07-24 18:47:51.366 7 WARNING neutron.scheduler.dhcp_agent_scheduler [None req-9b294815-4be2-4c53-a3d5-94e430dff47b a73c43138b3d4c938f8c5719557a7f8c 7ab1780863024b4aba8604147d8f2d81 - - default default] No more DHCP agents
2026-07-24 18:47:51.367 7 WARNING neutron.api.rpc.agentnotifiers.dhcp_rpc_agent_api [None req-9b294815-4be2-4c53-a3d5-94e430dff47b a73c43138b3d4c938f8c5719557a7f8c 7ab1780863024b4aba8604147d8f2d81 - - default default] Unable to schedule network e5878555-ed27-4d39-8e98-c9eea5f3c874: no agents available; will retry on subsequent port and subnet creation events.
2026-07-24 18:47:51.503 8 INFO neutron.db.ovn_revision_numbers_db [None req-80a09d4a-e927-4ea5-aa21-c8b77e7684ae - - - - - -] Successfully bumped revision number for resource 8966a67a-7347-4fdb-9313-1e9b1fcb0371 (type: ports) to 4
2026-07-24 18:47:51.530 7 INFO neutron.db.ovn_revision_numbers_db [None req-9b294815-4be2-4c53-a3d5-94e430dff47b a73c43138b3d4c938f8c5719557a7f8c 7ab1780863024b4aba8604147d8f2d81 - - default default] Successfully bumped revision number for resource ccdd88db-f454-47e9-b8d7-be019a600ffd (type: ports) to 1 [pid: 8|app: 0|req: 747/1635] 10.0.0.136 () {34 vars in 789 bytes} [Fri Jul 24 18:47:49 2026] PUT /v2.0/routers/425de1d7-5a68-4e13-8d37-0a6601881f1d/remove_router_interface => generated 309 bytes in 1686 msecs (HTTP/1.1 200) 4 headers in 157 bytes (1 switches on core 0) /var/lib/openstack/lib/python3.12/site-packages/pycadf/identifier.py:70: UserWarning: Invalid uuid: neutron. To ensure interoperability, identifiers should be a valid uuid. warnings.warn(('Invalid uuid: %s. To ensure interoperability, '
2026-07-24 18:47:51.865 8 INFO neutron.db.ovn_revision_numbers_db [None req-d2d4447d-2a4a-49fc-9cda-15aaeaf0e66f 720efd41cfeb4f4c8106845a60a9ac50 9fbdf79aee274996b0f402f9987a2958 - - default default] Successfully bumped revision number for resource 33878126-8715-4645-9c59-72b8f1ce5787 (type: routers) to 1 [pid: 8|app: 0|req: 748/1636] 10.0.0.136 () {34 vars in 669 bytes} [Fri Jul 24 18:47:51 2026] POST /v2.0/routers => generated 602 bytes in 240 msecs (HTTP/1.1 201) 4 headers in 162 bytes (1 switches on core 0)
2026-07-24 18:47:52.064 8 INFO neutron.db.ovn_revision_numbers_db [None req-80a09d4a-e927-4ea5-aa21-c8b77e7684ae - - - - - -] Successfully bumped revision number for resource 8966a67a-7347-4fdb-9313-1e9b1fcb0371 (type: ports) to 5
2026-07-24 18:47:52.127 8 INFO neutron.db.ovn_revision_numbers_db [None req-011f55d0-3bdb-40ee-8693-96b821b70702 d4602d7cec3c4c46aef1c408560e9136 b27b89fa8dc648138ea8c99ddcb91246 - - default default] Successfully bumped revision number for resource c197bf32-cbc8-4d1f-9371-b1ad20b63453 (type: security_groups) to 1
2026-07-24 18:47:52.156 8 INFO neutron.db.ovn_revision_numbers_db [None req-011f55d0-3bdb-40ee-8693-96b821b70702 d4602d7cec3c4c46aef1c408560e9136 b27b89fa8dc648138ea8c99ddcb91246 - - default default] Successfully bumped revision number for resource 6b121d18-5f4e-4f32-be73-79a77bd6ea8c (type: security_group_rules) to 0
2026-07-24 18:47:52.174 8 INFO neutron.db.ovn_revision_numbers_db [None req-011f55d0-3bdb-40ee-8693-96b821b70702 d4602d7cec3c4c46aef1c408560e9136 b27b89fa8dc648138ea8c99ddcb91246 - - default default] Successfully bumped revision number for resource 78245498-be42-47c6-b0dd-a6a2a768df51 (type: security_group_rules) to 0 [pid: 8|app: 0|req: 749/1637] 10.0.0.136 () {34 vars in 684 bytes} [Fri Jul 24 18:47:51 2026] POST /v2.0/security-groups => generated 1625 bytes in 308 msecs (HTTP/1.1 201) 4 headers in 163 bytes (1 switches on core 0)
2026-07-24 18:47:52.224 7 WARNING neutron.scheduler.dhcp_agent_scheduler [None req-9b294815-4be2-4c53-a3d5-94e430dff47b a73c43138b3d4c938f8c5719557a7f8c 7ab1780863024b4aba8604147d8f2d81 - - default default] No more DHCP agents
2026-07-24 18:47:52.226 7 WARNING neutron.api.rpc.agentnotifiers.dhcp_rpc_agent_api [None req-9b294815-4be2-4c53-a3d5-94e430dff47b a73c43138b3d4c938f8c5719557a7f8c 7ab1780863024b4aba8604147d8f2d81 - - default default] Unable to schedule network e5878555-ed27-4d39-8e98-c9eea5f3c874: no agents available; will retry on subsequent port and subnet creation events.
2026-07-24 18:47:52.506 8 INFO neutron_taas.services.taas.taas_plugin [None req-fa1cf1e6-9911-44eb-ac5f-427f4c8691c9 a73c43138b3d4c938f8c5719557a7f8c 7ab1780863024b4aba8604147d8f2d81 - - default default] TaaS: Handle Delete Port: cd647f89-0dbc-4ea8-9df5-0a366480570e
2026-07-24 18:47:52.510 8 INFO neutron_taas.services.taas.tap_mirror_plugin [None req-fa1cf1e6-9911-44eb-ac5f-427f4c8691c9 a73c43138b3d4c938f8c5719557a7f8c 7ab1780863024b4aba8604147d8f2d81 - - default default] Tap Mirror: Handle Delete Port: cd647f89-0dbc-4ea8-9df5-0a366480570e
2026-07-24 18:47:52.736 7 INFO neutron.plugins.ml2.drivers.ovn.mech_driver.mech_driver [None req-924aa8c7-e798-4b44-9d56-b1070d0e5e2f - - - - - -] OVN reports status down for port: ccdd88db-f454-47e9-b8d7-be019a600ffd
2026-07-24 18:47:52.778 7 INFO neutron.db.ovn_revision_numbers_db [None req-9b294815-4be2-4c53-a3d5-94e430dff47b a73c43138b3d4c938f8c5719557a7f8c 7ab1780863024b4aba8604147d8f2d81 - - default default] Successfully bumped revision number for resource ccdd88db-f454-47e9-b8d7-be019a600ffd (type: router_ports) to 1 [pid: 7|app: 0|req: 889/1638] 10.0.0.136 () {34 vars in 783 bytes} [Fri Jul 24 18:47:50 2026] PUT /v2.0/routers/f015472d-a840-4180-9858-6216f487341f/add_router_interface => generated 309 bytes in 1857 msecs (HTTP/1.1 200) 4 headers in 157 bytes (1 switches on core 0)
2026-07-24 18:47:52.856 7 INFO neutron.plugins.ml2.drivers.ovn.mech_driver.mech_driver [None req-924aa8c7-e798-4b44-9d56-b1070d0e5e2f - - - - - -] OVN reports status up for port: ccdd88db-f454-47e9-b8d7-be019a600ffd [pid: 8|app: 0|req: 750/1639] 10.0.0.136 () {32 vars in 724 bytes} [Fri Jul 24 18:47:52 2026] DELETE /v2.0/routers/425de1d7-5a68-4e13-8d37-0a6601881f1d => generated 0 bytes in 686 msecs (HTTP/1.1 204) 2 headers in 112 bytes (1 switches on core 0)
2026-07-24 18:47:52.900 7 INFO neutron.plugins.ml2.plugin [None req-924aa8c7-e798-4b44-9d56-b1070d0e5e2f - - - - - -] Attempt 1 to provision port ccdd88db-f454-47e9-b8d7-be019a600ffd
2026-07-24 18:47:53.051 8 INFO neutron.db.ovn_revision_numbers_db [None req-f72da065-34f6-45b1-9b9d-aab1b674df45 d4602d7cec3c4c46aef1c408560e9136 b27b89fa8dc648138ea8c99ddcb91246 - - default default] Successfully bumped revision number for resource 55d55831-f93a-45ee-870d-c1e1779f6959 (type: security_group_rules) to 0 [pid: 8|app: 0|req: 751/1640] 10.0.0.136 () {34 vars in 695 bytes} [Fri Jul 24 18:47:52 2026] POST /v2.0/security-group-rules => generated 601 bytes in 188 msecs (HTTP/1.1 201) 4 headers in 162 bytes (1 switches on core 0) [pid: 8|app: 0|req: 752/1641] 10.0.0.136 () {32 vars in 724 bytes} [Fri Jul 24 18:47:53 2026] DELETE /v2.0/subnets/8fd8239f-993c-4554-a982-ce93b56a581a => generated 0 bytes in 161 msecs (HTTP/1.1 204) 3 headers in 131 bytes (1 switches on core 0) [pid: 8|app: 0|req: 753/1642] 10.0.0.136 () {32 vars in 747 bytes} [Fri Jul 24 18:47:53 2026] GET /v2.0/security-group-rules/55d55831-f93a-45ee-870d-c1e1779f6959 => generated 601 bytes in 15 msecs (HTTP/1.1 200) 4 headers in 157 bytes (1 switches on core 0)
2026-07-24 18:47:53.385 8 INFO neutron_taas.services.taas.taas_plugin [None req-f53b6182-dbdf-475b-b756-8f8a36281498 a73c43138b3d4c938f8c5719557a7f8c 7ab1780863024b4aba8604147d8f2d81 - - default default] TaaS: Handle Delete Port: 9c97d049-57ab-4ac7-82df-248fa3adf07a
2026-07-24 18:47:53.387 8 INFO neutron_taas.services.taas.tap_mirror_plugin [None req-f53b6182-dbdf-475b-b756-8f8a36281498 a73c43138b3d4c938f8c5719557a7f8c 7ab1780863024b4aba8604147d8f2d81 - - default default] Tap Mirror: Handle Delete Port: 9c97d049-57ab-4ac7-82df-248fa3adf07a
2026-07-24 18:47:53.435 7 WARNING neutron.scheduler.dhcp_agent_scheduler [None req-d8e8fcd2-ff21-41e2-8ead-beaf817acd91 720efd41cfeb4f4c8106845a60a9ac50 9fbdf79aee274996b0f402f9987a2958 - - default default] No more DHCP agents
2026-07-24 18:47:53.449 7 WARNING neutron.api.rpc.agentnotifiers.dhcp_rpc_agent_api [None req-d8e8fcd2-ff21-41e2-8ead-beaf817acd91 720efd41cfeb4f4c8106845a60a9ac50 9fbdf79aee274996b0f402f9987a2958 - - default default] Unable to schedule network 1f333472-1d1b-40d0-b543-67a05de84a26: no agents available; will retry on subsequent port and subnet creation events.
2026-07-24 18:47:53.543 8 INFO neutron.services.segments.plugin [-] Segment 5b76e3ec-83ed-4335-9322-92e3c3318bf0 resource provider aggregate not found
2026-07-24 18:47:53.551 8 INFO neutron.services.segments.plugin [-] Segment 5b76e3ec-83ed-4335-9322-92e3c3318bf0 resource provider aggregate not found
2026-07-24 18:47:53.567 8 INFO neutron.services.segments.plugin [-] Client error retrieving segment 5b76e3ec-83ed-4335-9322-92e3c3318bf0 resource provider; error: Placement Client Error (4xx): {"errors": [{"status": 404, "title": "Not Found", "detail": "The resource could not be found.\n\n No resource provider with uuid 5b76e3ec-83ed-4335-9322-92e3c3318bf0 found for delete ", "request_id": "req-30cad960-7924-4ec6-af16-e7aa2392fdbd"}]}
2026-07-24 18:47:53.572 8 INFO neutron.services.segments.plugin [-] Client error retrieving segment 5b76e3ec-83ed-4335-9322-92e3c3318bf0 resource provider; error: Placement Client Error (4xx): {"errors": [{"status": 404, "title": "Not Found", "detail": "The resource could not be found.\n\n No resource provider with uuid 5b76e3ec-83ed-4335-9322-92e3c3318bf0 found for delete ", "request_id": "req-40b12a42-3b3d-4cb8-98f6-ae6da9db0349"}]} [pid: 8|app: 0|req: 754/1643] 10.0.0.136 () {32 vars in 726 bytes} [Fri Jul 24 18:47:53 2026] DELETE /v2.0/networks/34699edc-f64b-481a-8c28-225adfd86b33 => generated 0 bytes in 324 msecs (HTTP/1.1 204) 3 headers in 131 bytes (1 switches on core 0) [pid: 8|app: 0|req: 755/1644] 10.0.0.136 () {32 vars in 673 bytes} [Fri Jul 24 18:47:53 2026] GET /v2.0/security-group-rules => generated 4138 bytes in 74 msecs (HTTP/1.1 200) 4 headers in 158 bytes (1 switches on core 0)
2026-07-24 18:47:53.703 7 INFO neutron.db.ovn_revision_numbers_db [None req-924aa8c7-e798-4b44-9d56-b1070d0e5e2f - - - - - -] Successfully bumped revision number for resource ccdd88db-f454-47e9-b8d7-be019a600ffd (type: ports) to 2
2026-07-24 18:47:53.750 8 INFO neutron.plugins.ml2.drivers.ovn.mech_driver.mech_driver [None req-aa35b04a-49e3-463d-ab7f-88deed772eca - - - - - -] OVN reports status down for port: ecb372ce-1369-48ca-b1b4-9fd945107a25
2026-07-24 18:47:53.760 7 INFO neutron.db.ovn_revision_numbers_db [None req-d8e8fcd2-ff21-41e2-8ead-beaf817acd91 720efd41cfeb4f4c8106845a60a9ac50 9fbdf79aee274996b0f402f9987a2958 - - default default] Successfully bumped revision number for resource ecb372ce-1369-48ca-b1b4-9fd945107a25 (type: ports) to 1
2026-07-24 18:47:53.815 8 INFO neutron.db.ovn_revision_numbers_db [None req-1dc7eca3-acb3-4314-8875-d98f9e2bef63 397b223cd21f43d0ad1c39823dab03e0 e3d00c5aac73486684b72db4a263db62 - - default default] Successfully bumped revision number for resource 59c4c3dc-7bc9-47d9-83cd-23ba6c73691b (type: security_groups) to 1
2026-07-24 18:47:53.837 8 INFO neutron.db.ovn_revision_numbers_db [None req-1dc7eca3-acb3-4314-8875-d98f9e2bef63 397b223cd21f43d0ad1c39823dab03e0 e3d00c5aac73486684b72db4a263db62 - - default default] Successfully bumped revision number for resource f0b48a48-117b-49f1-8da9-d3e038cdaa8f (type: security_group_rules) to 0
2026-07-24 18:47:53.856 8 INFO neutron.db.ovn_revision_numbers_db [None req-1dc7eca3-acb3-4314-8875-d98f9e2bef63 397b223cd21f43d0ad1c39823dab03e0 e3d00c5aac73486684b72db4a263db62 - - default default] Successfully bumped revision number for resource f9ee1bd1-cf2b-4489-8537-326f0d9d6635 (type: security_group_rules) to 0 [pid: 8|app: 0|req: 756/1645] 10.0.0.136 () {34 vars in 685 bytes} [Fri Jul 24 18:47:53 2026] POST /v2.0/security-groups => generated 1675 bytes in 243 msecs (HTTP/1.1 201) 4 headers in 163 bytes (1 switches on core 0)
2026-07-24 18:47:54.012 7 INFO neutron.db.ovn_revision_numbers_db [None req-cdc12bb7-c13f-4080-a9cb-fa6fabf7e8dd - - - - - -] Successfully bumped revision number for resource ccdd88db-f454-47e9-b8d7-be019a600ffd (type: router_ports) to 2 [pid: 8|app: 0|req: 757/1646] 10.0.0.136 () {32 vars in 750 bytes} [Fri Jul 24 18:47:53 2026] DELETE /v2.0/security-group-rules/55d55831-f93a-45ee-870d-c1e1779f6959 => generated 0 bytes in 124 msecs (HTTP/1.1 204) 2 headers in 112 bytes (1 switches on core 0) [pid: 8|app: 0|req: 758/1647] 10.0.0.136 () {32 vars in 774 bytes} [Fri Jul 24 18:47:54 2026] GET /v2.0/security-groups?tenant_id=b4924915f78846799cac47af638de153&name=default => generated 2925 bytes in 34 msecs (HTTP/1.1 200) 4 headers in 158 bytes (1 switches on core 0)
2026-07-24 18:47:54.206 8 INFO neutron.db.ovn_revision_numbers_db [None req-68c23701-75b7-4d19-ae07-3846c9a42b4f 397b223cd21f43d0ad1c39823dab03e0 e3d00c5aac73486684b72db4a263db62 - - default default] Successfully bumped revision number for resource a6d7c453-217f-476d-919d-2f0dcce96019 (type: security_group_rules) to 0 [pid: 8|app: 0|req: 759/1648] 10.0.0.136 () {34 vars in 695 bytes} [Fri Jul 24 18:47:54 2026] POST /v2.0/security-group-rules => generated 597 bytes in 179 msecs (HTTP/1.1 201) 4 headers in 162 bytes (1 switches on core 0) [pid: 8|app: 0|req: 760/1649] 10.0.0.136 () {32 vars in 673 bytes} [Fri Jul 24 18:47:54 2026] GET /v2.0/security-group-rules => generated 3560 bytes in 52 msecs (HTTP/1.1 200) 4 headers in 158 bytes (1 switches on core 0)
2026-07-24 18:47:54.472 8 INFO neutron.plugins.ml2.drivers.ovn.mech_driver.mech_driver [None req-aa35b04a-49e3-463d-ab7f-88deed772eca - - - - - -] OVN reports status up for port: ecb372ce-1369-48ca-b1b4-9fd945107a25
2026-07-24 18:47:54.489 8 INFO neutron.plugins.ml2.plugin [None req-aa35b04a-49e3-463d-ab7f-88deed772eca - - - - - -] Attempt 1 to provision port ecb372ce-1369-48ca-b1b4-9fd945107a25
2026-07-24 18:47:54.532 7 WARNING neutron.scheduler.dhcp_agent_scheduler [None req-d8e8fcd2-ff21-41e2-8ead-beaf817acd91 720efd41cfeb4f4c8106845a60a9ac50 9fbdf79aee274996b0f402f9987a2958 - - default default] No more DHCP agents
2026-07-24 18:47:54.533 7 WARNING neutron.api.rpc.agentnotifiers.dhcp_rpc_agent_api [None req-d8e8fcd2-ff21-41e2-8ead-beaf817acd91 720efd41cfeb4f4c8106845a60a9ac50 9fbdf79aee274996b0f402f9987a2958 - - default default] Unable to schedule network 1f333472-1d1b-40d0-b543-67a05de84a26: no agents available; will retry on subsequent port and subnet creation events. [pid: 8|app: 0|req: 761/1650] 10.0.0.136 () {32 vars in 740 bytes} [Fri Jul 24 18:47:54 2026] DELETE /v2.0/security-groups/debc65d0-90e5-4c4e-919b-0b3030d81f03 => generated 0 bytes in 241 msecs (HTTP/1.1 204) 2 headers in 112 bytes (1 switches on core 0)
2026-07-24 18:47:54.724 7 INFO neutron.db.ovn_revision_numbers_db [None req-d8e8fcd2-ff21-41e2-8ead-beaf817acd91 720efd41cfeb4f4c8106845a60a9ac50 9fbdf79aee274996b0f402f9987a2958 - - default default] Successfully bumped revision number for resource ecb372ce-1369-48ca-b1b4-9fd945107a25 (type: router_ports) to 1 [pid: 7|app: 0|req: 890/1651] 10.0.0.136 () {34 vars in 783 bytes} [Fri Jul 24 18:47:52 2026] PUT /v2.0/routers/33878126-8715-4645-9c59-72b8f1ce5787/add_router_interface => generated 309 bytes in 1947 msecs (HTTP/1.1 200) 4 headers in 157 bytes (1 switches on core 0)
2026-07-24 18:47:54.834 8 INFO neutron.db.ovn_revision_numbers_db [None req-fba142c4-a191-4412-9f4b-a724c5709dbe 397b223cd21f43d0ad1c39823dab03e0 e3d00c5aac73486684b72db4a263db62 - - default default] Successfully bumped revision number for resource d1dcd586-49cd-4d82-bd65-e27bee5e715d (type: security_group_rules) to 0
2026-07-24 18:47:54.866 7 INFO neutron.db.ovn_revision_numbers_db [None req-22937425-150a-415d-9f9d-ea50b58fa4f2 d4602d7cec3c4c46aef1c408560e9136 b27b89fa8dc648138ea8c99ddcb91246 - - default default] Successfully bumped revision number for resource e49f8a1a-12e2-4fc2-bd3a-d5ebbd2764f4 (type: security_group_rules) to 0 [pid: 8|app: 0|req: 762/1652] 10.0.0.136 () {34 vars in 695 bytes} [Fri Jul 24 18:47:54 2026] POST /v2.0/security-group-rules => generated 596 bytes in 352 msecs (HTTP/1.1 201) 4 headers in 162 bytes (1 switches on core 0) [pid: 7|app: 0|req: 891/1653] 10.0.0.136 () {34 vars in 695 bytes} [Fri Jul 24 18:47:54 2026] POST /v2.0/security-group-rules => generated 601 bytes in 173 msecs (HTTP/1.1 201) 4 headers in 162 bytes (1 switches on core 0) [pid: 8|app: 0|req: 763/1654] 10.0.0.136 () {32 vars in 717 bytes} [Fri Jul 24 18:47:54 2026] GET /v2.0/ports/ecb372ce-1369-48ca-b1b4-9fd945107a25 => generated 943 bytes in 149 msecs (HTTP/1.1 200) 4 headers in 157 bytes (1 switches on core 0) [pid: 8|app: 0|req: 764/1655] 10.0.0.136 () {32 vars in 747 bytes} [Fri Jul 24 18:47:55 2026] GET /v2.0/security-group-rules/e49f8a1a-12e2-4fc2-bd3a-d5ebbd2764f4 => generated 601 bytes in 27 msecs (HTTP/1.1 200) 4 headers in 157 bytes (1 switches on core 0)
