2026-07-24 18:47:11.760 7 INFO neutron.pecan_wsgi.hooks.translation [None req-c49db9cc-feb9-481a-b2ce-ffaa302fdf5e 1788e6ec9ae64828a445e5e8e4d84866 e4bb8cbad79d4307baaf2a4fa417f1b8 - - default default] DELETE failed (client error): The resource could not be found. [pid: 7|app: 0|req: 661/1303] 10.0.0.136 () {32 vars in 726 bytes} [Fri Jul 24 18:47:11 2026] DELETE /v2.0/networks/5ec23442-a6a1-4d67-bce0-f7d981c49dae => generated 138 bytes in 13 msecs (HTTP/1.1 404) 4 headers in 164 bytes (1 switches on core 0) [pid: 8|app: 0|req: 643/1304] 10.0.0.136 () {32 vars in 732 bytes} [Fri Jul 24 18:47:11 2026] DELETE /v2.0/floatingips/5d707007-ee4b-4b82-b4d2-69e13253bc5e => generated 0 bytes in 705 msecs (HTTP/1.1 204) 2 headers in 112 bytes (1 switches on core 0) [pid: 7|app: 0|req: 662/1305] 10.0.0.136 () {32 vars in 724 bytes} [Fri Jul 24 18:47:11 2026] DELETE /v2.0/subnets/d220879e-0594-473e-80ce-6a9571836d55 => generated 0 bytes in 182 msecs (HTTP/1.1 204) 3 headers in 131 bytes (1 switches on core 0)
2026-07-24 18:47:12.098 7 INFO neutron_taas.services.taas.taas_plugin [None req-3284f0d1-50b0-466e-8fa4-b2e2771d9b71 1788e6ec9ae64828a445e5e8e4d84866 e4bb8cbad79d4307baaf2a4fa417f1b8 - - default default] TaaS: Handle Delete Port: c1f660a5-270f-471f-bc68-9b706aedf6b6
2026-07-24 18:47:12.101 7 INFO neutron_taas.services.taas.tap_mirror_plugin [None req-3284f0d1-50b0-466e-8fa4-b2e2771d9b71 1788e6ec9ae64828a445e5e8e4d84866 e4bb8cbad79d4307baaf2a4fa417f1b8 - - default default] Tap Mirror: Handle Delete Port: c1f660a5-270f-471f-bc68-9b706aedf6b6
2026-07-24 18:47:12.156 8 INFO neutron_taas.services.taas.taas_plugin [None req-dca5c22f-6609-486e-a521-014cb6c39869 a73c43138b3d4c938f8c5719557a7f8c 7ab1780863024b4aba8604147d8f2d81 - - default default] TaaS: Handle Delete Port: f62d7e85-21e9-4e44-93b4-132544e8058c
2026-07-24 18:47:12.165 8 INFO neutron_taas.services.taas.tap_mirror_plugin [None req-dca5c22f-6609-486e-a521-014cb6c39869 a73c43138b3d4c938f8c5719557a7f8c 7ab1780863024b4aba8604147d8f2d81 - - default default] Tap Mirror: Handle Delete Port: f62d7e85-21e9-4e44-93b4-132544e8058c [pid: 7|app: 0|req: 663/1306] 10.0.0.136 () {32 vars in 726 bytes} [Fri Jul 24 18:47:11 2026] DELETE /v2.0/networks/e474bc74-5573-4eea-a7d0-5da115b587dd => generated 0 bytes in 338 msecs (HTTP/1.1 204) 3 headers in 131 bytes (1 switches on core 0) [pid: 7|app: 0|req: 664/1307] 10.0.0.136 () {32 vars in 774 bytes} [Fri Jul 24 18:47:12 2026] GET /v2.0/security-groups?tenant_id=d2a5e4315a3045978bec011666cf5a5c&name=default => generated 2925 bytes in 261 msecs (HTTP/1.1 200) 4 headers in 158 bytes (1 switches on core 0) [pid: 8|app: 0|req: 644/1308] 10.0.0.136 () {34 vars in 789 bytes} [Fri Jul 24 18:47:11 2026] PUT /v2.0/routers/495c5fd6-8185-4ff6-8185-37adf6838450/remove_router_interface => generated 309 bytes in 892 msecs (HTTP/1.1 200) 4 headers in 157 bytes (1 switches on core 0) /var/lib/openstack/lib/python3.12/site-packages/pycadf/identifier.py:70: UserWarning: Invalid uuid: neutron. To ensure interoperability, identifiers should be a valid uuid. warnings.warn(('Invalid uuid: %s. To ensure interoperability, '
2026-07-24 18:47:12.888 7 INFO neutron.db.ovn_revision_numbers_db [None req-dc8f42d9-d1df-4e8f-ab84-9a5caecdefd1 a73c43138b3d4c938f8c5719557a7f8c 7ab1780863024b4aba8604147d8f2d81 - - default default] Successfully bumped revision number for resource 41ff2e83-0a4b-4f69-98cf-922fbf4dcae5 (type: security_groups) to 1
2026-07-24 18:47:12.903 7 INFO neutron.db.ovn_revision_numbers_db [None req-dc8f42d9-d1df-4e8f-ab84-9a5caecdefd1 a73c43138b3d4c938f8c5719557a7f8c 7ab1780863024b4aba8604147d8f2d81 - - default default] Successfully bumped revision number for resource 16e1c01b-9aed-4443-bdbc-2ea8a11b78ff (type: security_group_rules) to 0
2026-07-24 18:47:12.918 7 INFO neutron.db.ovn_revision_numbers_db [None req-dc8f42d9-d1df-4e8f-ab84-9a5caecdefd1 a73c43138b3d4c938f8c5719557a7f8c 7ab1780863024b4aba8604147d8f2d81 - - default default] Successfully bumped revision number for resource b393bd7f-bc04-413f-8b2f-b525ed25612a (type: security_group_rules) to 0
2026-07-24 18:47:12.941 7 INFO neutron.services.segments.plugin [-] Segment 8518b888-8de4-4269-91ee-71d74f8c73c5 resource provider aggregate not found
2026-07-24 18:47:12.947 7 INFO neutron.services.segments.plugin [-] Segment 8518b888-8de4-4269-91ee-71d74f8c73c5 resource provider aggregate not found
2026-07-24 18:47:12.953 7 INFO neutron.db.ovn_revision_numbers_db [None req-dc8f42d9-d1df-4e8f-ab84-9a5caecdefd1 a73c43138b3d4c938f8c5719557a7f8c 7ab1780863024b4aba8604147d8f2d81 - - default default] Successfully bumped revision number for resource d7af313f-5def-476e-9c54-89c9e5670040 (type: security_group_rules) to 0
2026-07-24 18:47:12.964 7 INFO neutron.services.segments.plugin [-] Client error retrieving segment 8518b888-8de4-4269-91ee-71d74f8c73c5 resource provider; error: Placement Client Error (4xx): {"errors": [{"status": 404, "title": "Not Found", "detail": "The resource could not be found.\n\n No resource provider with uuid 8518b888-8de4-4269-91ee-71d74f8c73c5 found for delete ", "request_id": "req-abfe97f0-1d6d-4580-9732-46da061e02cd"}]}
2026-07-24 18:47:12.969 7 INFO neutron.services.segments.plugin [-] Client error retrieving segment 8518b888-8de4-4269-91ee-71d74f8c73c5 resource provider; error: Placement Client Error (4xx): {"errors": [{"status": 404, "title": "Not Found", "detail": "The resource could not be found.\n\n No resource provider with uuid 8518b888-8de4-4269-91ee-71d74f8c73c5 found for delete ", "request_id": "req-6d98c82c-ae34-4f7c-bf49-92238f8e715d"}]}
2026-07-24 18:47:12.977 7 INFO neutron.db.ovn_revision_numbers_db [None req-dc8f42d9-d1df-4e8f-ab84-9a5caecdefd1 a73c43138b3d4c938f8c5719557a7f8c 7ab1780863024b4aba8604147d8f2d81 - - default default] Successfully bumped revision number for resource f0a8f3c5-28e3-4ad5-a73a-53713352016b (type: security_group_rules) to 0
2026-07-24 18:47:12.983 7 INFO neutron.services.segments.plugin [-] Segment ec428cbc-b888-4303-8d88-0a3e50b17212 resource provider aggregate not found
2026-07-24 18:47:12.990 7 INFO neutron.services.segments.plugin [-] Segment ec428cbc-b888-4303-8d88-0a3e50b17212 resource provider aggregate not found
2026-07-24 18:47:13.002 7 INFO neutron.services.segments.plugin [-] Client error retrieving segment ec428cbc-b888-4303-8d88-0a3e50b17212 resource provider; error: Placement Client Error (4xx): {"errors": [{"status": 404, "title": "Not Found", "detail": "The resource could not be found.\n\n No resource provider with uuid ec428cbc-b888-4303-8d88-0a3e50b17212 found for delete ", "request_id": "req-4ae28a84-64f9-42e6-a1a4-5d5a3467377e"}]} [pid: 8|app: 0|req: 645/1309] 10.0.0.136 () {32 vars in 740 bytes} [Fri Jul 24 18:47:12 2026] DELETE /v2.0/security-groups/51ab7e5c-c449-4e38-b1a8-9981913a00be => generated 0 bytes in 230 msecs (HTTP/1.1 204) 2 headers in 112 bytes (1 switches on core 0)
2026-07-24 18:47:13.009 7 INFO neutron.services.segments.plugin [-] Client error retrieving segment ec428cbc-b888-4303-8d88-0a3e50b17212 resource provider; error: Placement Client Error (4xx): {"errors": [{"status": 404, "title": "Not Found", "detail": "The resource could not be found.\n\n No resource provider with uuid ec428cbc-b888-4303-8d88-0a3e50b17212 found for delete ", "request_id": "req-729a1291-acfe-4de5-848d-e05cfa3e1ee3"}]} [pid: 7|app: 0|req: 665/1310] 10.0.0.136 () {32 vars in 774 bytes} [Fri Jul 24 18:47:12 2026] GET /v2.0/security-groups?tenant_id=3001efa33bed4d77a555384fd2374fb3&name=default => generated 2925 bytes in 465 msecs (HTTP/1.1 200) 4 headers in 158 bytes (1 switches on core 0) [pid: 8|app: 0|req: 646/1311] 10.0.0.136 () {32 vars in 774 bytes} [Fri Jul 24 18:47:13 2026] GET /v2.0/security-groups?tenant_id=e4bb8cbad79d4307baaf2a4fa417f1b8&name=default => generated 2925 bytes in 65 msecs (HTTP/1.1 200) 4 headers in 158 bytes (1 switches on core 0) [pid: 8|app: 0|req: 647/1312] 10.0.0.136 () {32 vars in 740 bytes} [Fri Jul 24 18:47:13 2026] DELETE /v2.0/security-groups/41ff2e83-0a4b-4f69-98cf-922fbf4dcae5 => generated 0 bytes in 197 msecs (HTTP/1.1 204) 2 headers in 112 bytes (1 switches on core 0)
2026-07-24 18:47:13.326 7 INFO neutron_taas.services.taas.taas_plugin [None req-7c121b5e-8ab8-47e5-ae99-ddf19e97e079 a73c43138b3d4c938f8c5719557a7f8c 7ab1780863024b4aba8604147d8f2d81 - - default default] TaaS: Handle Delete Port: cf54c977-37bd-4e8d-95ab-a43017e2f793
2026-07-24 18:47:13.329 7 INFO neutron_taas.services.taas.tap_mirror_plugin [None req-7c121b5e-8ab8-47e5-ae99-ddf19e97e079 a73c43138b3d4c938f8c5719557a7f8c 7ab1780863024b4aba8604147d8f2d81 - - default default] Tap Mirror: Handle Delete Port: cf54c977-37bd-4e8d-95ab-a43017e2f793 [pid: 8|app: 0|req: 648/1313] 10.0.0.136 () {32 vars in 740 bytes} [Fri Jul 24 18:47:13 2026] DELETE /v2.0/security-groups/fbbb2db7-1d5b-4a39-9b76-35acfb74fc2f => generated 0 bytes in 210 msecs (HTTP/1.1 204) 2 headers in 112 bytes (1 switches on core 0)
2026-07-24 18:47:13.628 8 INFO neutron.db.ovn_revision_numbers_db [None req-8b7fa78d-8ab7-4f79-a8a8-73daf151b781 a73c43138b3d4c938f8c5719557a7f8c 7ab1780863024b4aba8604147d8f2d81 - - default default] Successfully bumped revision number for resource c68e4c18-717b-4392-a651-8061ef35201d (type: security_groups) to 1
2026-07-24 18:47:13.644 8 INFO neutron.db.ovn_revision_numbers_db [None req-8b7fa78d-8ab7-4f79-a8a8-73daf151b781 a73c43138b3d4c938f8c5719557a7f8c 7ab1780863024b4aba8604147d8f2d81 - - default default] Successfully bumped revision number for resource 111ddd66-aca8-4092-8a9b-941645a4ab69 (type: security_group_rules) to 0
2026-07-24 18:47:13.661 8 INFO neutron.db.ovn_revision_numbers_db [None req-8b7fa78d-8ab7-4f79-a8a8-73daf151b781 a73c43138b3d4c938f8c5719557a7f8c 7ab1780863024b4aba8604147d8f2d81 - - default default] Successfully bumped revision number for resource 3be15e6a-3e9d-421c-86e8-46e3bd991c64 (type: security_group_rules) to 0
2026-07-24 18:47:13.682 8 INFO neutron.db.ovn_revision_numbers_db [None req-8b7fa78d-8ab7-4f79-a8a8-73daf151b781 a73c43138b3d4c938f8c5719557a7f8c 7ab1780863024b4aba8604147d8f2d81 - - default default] Successfully bumped revision number for resource 47a55be1-ceb3-4760-a920-685d9a86534f (type: security_group_rules) to 0
2026-07-24 18:47:13.694 8 INFO neutron.db.ovn_revision_numbers_db [None req-8b7fa78d-8ab7-4f79-a8a8-73daf151b781 a73c43138b3d4c938f8c5719557a7f8c 7ab1780863024b4aba8604147d8f2d81 - - default default] Successfully bumped revision number for resource 5a7a423f-d815-4e57-b086-e59029f28273 (type: security_group_rules) to 0 [pid: 8|app: 0|req: 649/1314] 10.0.0.136 () {32 vars in 774 bytes} [Fri Jul 24 18:47:13 2026] GET /v2.0/security-groups?tenant_id=c530ce999bad437290664e4fa5346c53&name=default => generated 2925 bytes in 250 msecs (HTTP/1.1 200) 4 headers in 158 bytes (1 switches on core 0) [pid: 7|app: 0|req: 666/1315] 10.0.0.136 () {32 vars in 724 bytes} [Fri Jul 24 18:47:13 2026] DELETE /v2.0/routers/495c5fd6-8185-4ff6-8185-37adf6838450 => generated 0 bytes in 730 msecs (HTTP/1.1 204) 2 headers in 112 bytes (1 switches on core 0) [pid: 7|app: 0|req: 667/1316] 10.0.0.136 () {32 vars in 724 bytes} [Fri Jul 24 18:47:13 2026] DELETE /v2.0/subnets/b1e5a56c-7785-4692-86b7-569ab4e74822 => generated 0 bytes in 191 msecs (HTTP/1.1 204) 3 headers in 131 bytes (1 switches on core 0) [pid: 8|app: 0|req: 650/1317] 10.0.0.136 () {32 vars in 740 bytes} [Fri Jul 24 18:47:13 2026] DELETE /v2.0/security-groups/c68e4c18-717b-4392-a651-8061ef35201d => generated 0 bytes in 265 msecs (HTTP/1.1 204) 2 headers in 112 bytes (1 switches on core 0)
2026-07-24 18:47:14.061 7 INFO neutron_taas.services.taas.taas_plugin [None req-afb0a3b2-6d92-4d10-8f3f-34a2dc39e43f a73c43138b3d4c938f8c5719557a7f8c 7ab1780863024b4aba8604147d8f2d81 - - default default] TaaS: Handle Delete Port: 49ceaffa-56fc-4ff0-b6f6-0d58a66b798a
2026-07-24 18:47:14.063 7 INFO neutron_taas.services.taas.tap_mirror_plugin [None req-afb0a3b2-6d92-4d10-8f3f-34a2dc39e43f a73c43138b3d4c938f8c5719557a7f8c 7ab1780863024b4aba8604147d8f2d81 - - default default] Tap Mirror: Handle Delete Port: 49ceaffa-56fc-4ff0-b6f6-0d58a66b798a [pid: 7|app: 0|req: 668/1318] 10.0.0.136 () {32 vars in 726 bytes} [Fri Jul 24 18:47:13 2026] DELETE /v2.0/networks/e4ebdc89-358a-4a04-b6ce-63d985108cc6 => generated 0 bytes in 309 msecs (HTTP/1.1 204) 3 headers in 131 bytes (1 switches on core 0) [pid: 8|app: 0|req: 651/1319] 10.0.0.136 () {32 vars in 774 bytes} [Fri Jul 24 18:47:14 2026] GET /v2.0/security-groups?tenant_id=dbdb699ce6544262a7962cdaf1943e45&name=default => generated 2925 bytes in 39 msecs (HTTP/1.1 200) 4 headers in 158 bytes (1 switches on core 0) [pid: 7|app: 0|req: 669/1320] 10.0.0.136 () {32 vars in 740 bytes} [Fri Jul 24 18:47:14 2026] DELETE /v2.0/security-groups/f956466d-fcbd-4cb4-a459-3c84b7e84bc7 => generated 0 bytes in 266 msecs (HTTP/1.1 204) 2 headers in 112 bytes (1 switches on core 0)
2026-07-24 18:47:15.024 7 INFO neutron.services.segments.plugin [-] Segment 1de6441f-8446-423b-8e71-1427c082cf15 resource provider aggregate not found
2026-07-24 18:47:15.027 7 INFO neutron.services.segments.plugin [-] Segment 1de6441f-8446-423b-8e71-1427c082cf15 resource provider aggregate not found
2026-07-24 18:47:15.049 7 INFO neutron.services.segments.plugin [-] Client error retrieving segment 1de6441f-8446-423b-8e71-1427c082cf15 resource provider; error: Placement Client Error (4xx): {"errors": [{"status": 404, "title": "Not Found", "detail": "The resource could not be found.\n\n No resource provider with uuid 1de6441f-8446-423b-8e71-1427c082cf15 found for delete ", "request_id": "req-ee1e8344-06f3-46df-b819-e3cec73a746a"}]}
2026-07-24 18:47:15.051 7 INFO neutron.services.segments.plugin [-] Client error retrieving segment 1de6441f-8446-423b-8e71-1427c082cf15 resource provider; error: Placement Client Error (4xx): {"errors": [{"status": 404, "title": "Not Found", "detail": "The resource could not be found.\n\n No resource provider with uuid 1de6441f-8446-423b-8e71-1427c082cf15 found for delete ", "request_id": "req-b20b9c28-4fde-4473-9759-7b5ed62d774e"}]}
2026-07-24 18:47:15.283 8 INFO neutron.db.ovn_revision_numbers_db [None req-241e54f9-9c7b-4584-81bb-7769861178f5 bfae2858e0d744409a9c1823ee249b35 9d1af91fb634460f88cd16390265c238 - - default default] Successfully bumped revision number for resource f849c92a-a83e-4bd2-b69f-0834717325c3 (type: security_groups) to 1
2026-07-24 18:47:15.296 8 INFO neutron.db.ovn_revision_numbers_db [None req-241e54f9-9c7b-4584-81bb-7769861178f5 bfae2858e0d744409a9c1823ee249b35 9d1af91fb634460f88cd16390265c238 - - default default] Successfully bumped revision number for resource 05013dac-6a97-4368-8974-ac7a6baa767b (type: security_group_rules) to 0
2026-07-24 18:47:15.307 8 INFO neutron.db.ovn_revision_numbers_db [None req-241e54f9-9c7b-4584-81bb-7769861178f5 bfae2858e0d744409a9c1823ee249b35 9d1af91fb634460f88cd16390265c238 - - default default] Successfully bumped revision number for resource 2b97c1f1-4473-441b-99e9-14922b3c15e3 (type: security_group_rules) to 0
2026-07-24 18:47:15.321 8 INFO neutron.db.ovn_revision_numbers_db [None req-241e54f9-9c7b-4584-81bb-7769861178f5 bfae2858e0d744409a9c1823ee249b35 9d1af91fb634460f88cd16390265c238 - - default default] Successfully bumped revision number for resource ae1457a1-328e-4324-8cb6-b773ff86dff8 (type: security_group_rules) to 0
2026-07-24 18:47:15.336 8 INFO neutron.db.ovn_revision_numbers_db [None req-241e54f9-9c7b-4584-81bb-7769861178f5 bfae2858e0d744409a9c1823ee249b35 9d1af91fb634460f88cd16390265c238 - - default default] Successfully bumped revision number for resource c7f51c6e-b92e-43d9-a06d-550c657075d2 (type: security_group_rules) to 0
2026-07-24 18:47:15.424 8 INFO neutron.db.segments_db [None req-241e54f9-9c7b-4584-81bb-7769861178f5 bfae2858e0d744409a9c1823ee249b35 9d1af91fb634460f88cd16390265c238 - - default default] Added segment 7d15731e-73b2-498a-87de-4942c9f6f0a3 of type geneve for network d0b719c7-fe12-4edf-9a4c-6739ac814af8
2026-07-24 18:47:15.527 8 INFO neutron.db.ovn_revision_numbers_db [None req-241e54f9-9c7b-4584-81bb-7769861178f5 bfae2858e0d744409a9c1823ee249b35 9d1af91fb634460f88cd16390265c238 - - default default] Successfully bumped revision number for resource d0b719c7-fe12-4edf-9a4c-6739ac814af8 (type: networks) to 1
2026-07-24 18:47:15.695 7 INFO neutron.db.ovn_revision_numbers_db [None req-3c2dd0d5-0d93-4cc5-a2b9-ea6469ebfe50 04404eb06a9a47e896e1da70af733f09 f4f4d072bbe6478ebd651803338486a7 - - default default] Successfully bumped revision number for resource 8d0a8177-67f0-4fbf-a4f4-582ba3bbe563 (type: security_groups) to 1
2026-07-24 18:47:15.706 7 INFO neutron.db.ovn_revision_numbers_db [None req-3c2dd0d5-0d93-4cc5-a2b9-ea6469ebfe50 04404eb06a9a47e896e1da70af733f09 f4f4d072bbe6478ebd651803338486a7 - - default default] Successfully bumped revision number for resource 194b82ab-ac6f-4cb3-afd7-17fded34c4c4 (type: security_group_rules) to 0
2026-07-24 18:47:15.717 8 WARNING neutron.scheduler.dhcp_agent_scheduler [None req-241e54f9-9c7b-4584-81bb-7769861178f5 bfae2858e0d744409a9c1823ee249b35 9d1af91fb634460f88cd16390265c238 - - default default] No more DHCP agents
2026-07-24 18:47:15.718 8 WARNING neutron.api.rpc.agentnotifiers.dhcp_rpc_agent_api [None req-241e54f9-9c7b-4584-81bb-7769861178f5 bfae2858e0d744409a9c1823ee249b35 9d1af91fb634460f88cd16390265c238 - - default default] Unable to schedule network d0b719c7-fe12-4edf-9a4c-6739ac814af8: no agents available; will retry on subsequent port and subnet creation events.
2026-07-24 18:47:15.719 7 INFO neutron.db.ovn_revision_numbers_db [None req-3c2dd0d5-0d93-4cc5-a2b9-ea6469ebfe50 04404eb06a9a47e896e1da70af733f09 f4f4d072bbe6478ebd651803338486a7 - - default default] Successfully bumped revision number for resource 8f3eaa64-283c-4a81-93dc-f3501daf3993 (type: security_group_rules) to 0
2026-07-24 18:47:15.731 7 INFO neutron.db.ovn_revision_numbers_db [None req-3c2dd0d5-0d93-4cc5-a2b9-ea6469ebfe50 04404eb06a9a47e896e1da70af733f09 f4f4d072bbe6478ebd651803338486a7 - - default default] Successfully bumped revision number for resource df1e932b-251c-45b1-ada9-7920b6ae3b87 (type: security_group_rules) to 0
2026-07-24 18:47:15.743 7 INFO neutron.db.ovn_revision_numbers_db [None req-3c2dd0d5-0d93-4cc5-a2b9-ea6469ebfe50 04404eb06a9a47e896e1da70af733f09 f4f4d072bbe6478ebd651803338486a7 - - default default] Successfully bumped revision number for resource e703005d-0e82-42de-bff8-085ab7ea2545 (type: security_group_rules) to 0
2026-07-24 18:47:15.770 7 INFO neutron.plugins.ml2.drivers.ovn.mech_driver.mech_driver [None req-30a22300-49c8-475c-a1c9-7b364a3f911c - - - - - -] OVN reports status down for port: 89157721-8502-469a-9617-74170f3e21e1
2026-07-24 18:47:15.789 8 INFO neutron.db.ovn_revision_numbers_db [None req-241e54f9-9c7b-4584-81bb-7769861178f5 bfae2858e0d744409a9c1823ee249b35 9d1af91fb634460f88cd16390265c238 - - default default] Successfully bumped revision number for resource 89157721-8502-469a-9617-74170f3e21e1 (type: ports) to 1 [pid: 8|app: 0|req: 652/1321] 10.0.0.136 () {34 vars in 670 bytes} [Fri Jul 24 18:47:14 2026] POST /v2.0/networks => generated 683 bytes in 916 msecs (HTTP/1.1 201) 4 headers in 162 bytes (1 switches on core 0)
2026-07-24 18:47:15.903 7 INFO neutron.db.segments_db [None req-3c2dd0d5-0d93-4cc5-a2b9-ea6469ebfe50 04404eb06a9a47e896e1da70af733f09 f4f4d072bbe6478ebd651803338486a7 - - default default] Added segment 72b2979c-f3dd-4b13-8610-6c7a15d5282b of type geneve for network b11ef6b5-786a-46c2-923e-fe3dee24ce22
2026-07-24 18:47:16.033 7 INFO neutron.db.ovn_revision_numbers_db [None req-3c2dd0d5-0d93-4cc5-a2b9-ea6469ebfe50 04404eb06a9a47e896e1da70af733f09 f4f4d072bbe6478ebd651803338486a7 - - default default] Successfully bumped revision number for resource b11ef6b5-786a-46c2-923e-fe3dee24ce22 (type: networks) to 1
2026-07-24 18:47:16.061 8 WARNING neutron.scheduler.dhcp_agent_scheduler [None req-ae49b392-aaa4-4699-99c1-3a7e60916326 bfae2858e0d744409a9c1823ee249b35 9d1af91fb634460f88cd16390265c238 - - default default] No more DHCP agents
2026-07-24 18:47:16.063 8 WARNING neutron.api.rpc.agentnotifiers.dhcp_rpc_agent_api [None req-ae49b392-aaa4-4699-99c1-3a7e60916326 bfae2858e0d744409a9c1823ee249b35 9d1af91fb634460f88cd16390265c238 - - default default] Unable to schedule network d0b719c7-fe12-4edf-9a4c-6739ac814af8: no agents available; will retry on subsequent port and subnet creation events.
2026-07-24 18:47:16.144 8 INFO neutron.plugins.ml2.drivers.ovn.mech_driver.mech_driver [None req-6f4c0cd7-64fb-42fc-83d2-ffc1503323c6 - - - - - -] OVN reports status down for port: 73275b43-01ea-4d78-bdd2-a90318413225
2026-07-24 18:47:16.147 8 INFO neutron.db.ovn_revision_numbers_db [None req-ae49b392-aaa4-4699-99c1-3a7e60916326 bfae2858e0d744409a9c1823ee249b35 9d1af91fb634460f88cd16390265c238 - - default default] Successfully bumped revision number for resource 73275b43-01ea-4d78-bdd2-a90318413225 (type: ports) to 1 [pid: 8|app: 0|req: 653/1322] 10.0.0.136 () {34 vars in 665 bytes} [Fri Jul 24 18:47:15 2026] POST /v2.0/ports => generated 775 bytes in 402 msecs (HTTP/1.1 201) 4 headers in 162 bytes (1 switches on core 0) /var/lib/openstack/lib/python3.12/site-packages/pycadf/identifier.py:70: UserWarning: Invalid uuid: neutron. To ensure interoperability, identifiers should be a valid uuid. warnings.warn(('Invalid uuid: %s. To ensure interoperability, '
2026-07-24 18:47:16.238 7 WARNING neutron.scheduler.dhcp_agent_scheduler [None req-3c2dd0d5-0d93-4cc5-a2b9-ea6469ebfe50 04404eb06a9a47e896e1da70af733f09 f4f4d072bbe6478ebd651803338486a7 - - default default] No more DHCP agents
2026-07-24 18:47:16.240 7 WARNING neutron.api.rpc.agentnotifiers.dhcp_rpc_agent_api [None req-3c2dd0d5-0d93-4cc5-a2b9-ea6469ebfe50 04404eb06a9a47e896e1da70af733f09 f4f4d072bbe6478ebd651803338486a7 - - default default] Unable to schedule network b11ef6b5-786a-46c2-923e-fe3dee24ce22: no agents available; will retry on subsequent port and subnet creation events.
2026-07-24 18:47:16.297 7 INFO neutron.plugins.ml2.drivers.ovn.mech_driver.mech_driver [None req-30a22300-49c8-475c-a1c9-7b364a3f911c - - - - - -] OVN reports status down for port: 1d0b8ddc-3099-48a7-895f-e059268e410d
2026-07-24 18:47:16.314 8 INFO neutron.db.segments_db [None req-78b28c72-b74a-4a91-bf45-1ebe3ed6cd5e bfae2858e0d744409a9c1823ee249b35 9d1af91fb634460f88cd16390265c238 - - default default] Added segment eccef924-ff9a-4653-85bf-006ca57296c5 of type geneve for network d0a7dae2-f7e1-4aff-8800-84cca3f5ee70
2026-07-24 18:47:16.374 7 INFO neutron.db.ovn_revision_numbers_db [None req-3c2dd0d5-0d93-4cc5-a2b9-ea6469ebfe50 04404eb06a9a47e896e1da70af733f09 f4f4d072bbe6478ebd651803338486a7 - - default default] Successfully bumped revision number for resource 1d0b8ddc-3099-48a7-895f-e059268e410d (type: ports) to 1
2026-07-24 18:47:16.423 8 INFO neutron.db.ovn_revision_numbers_db [None req-78b28c72-b74a-4a91-bf45-1ebe3ed6cd5e bfae2858e0d744409a9c1823ee249b35 9d1af91fb634460f88cd16390265c238 - - default default] Successfully bumped revision number for resource d0a7dae2-f7e1-4aff-8800-84cca3f5ee70 (type: networks) to 1 [pid: 7|app: 0|req: 670/1323] 10.0.0.136 () {34 vars in 670 bytes} [Fri Jul 24 18:47:15 2026] POST /v2.0/networks => generated 672 bytes in 1088 msecs (HTTP/1.1 201) 4 headers in 162 bytes (1 switches on core 0)
2026-07-24 18:47:16.524 7 INFO neutron.db.segments_db [None req-11a52ecf-d257-409d-b4d9-0cc81ca642c4 04404eb06a9a47e896e1da70af733f09 f4f4d072bbe6478ebd651803338486a7 - - default default] Added segment ba947f88-7c90-4046-bb19-23a7558c8b8a of type geneve for network e5c45b6a-83a3-461e-99fe-5a86f020092f
2026-07-24 18:47:16.589 8 WARNING neutron.scheduler.dhcp_agent_scheduler [None req-78b28c72-b74a-4a91-bf45-1ebe3ed6cd5e bfae2858e0d744409a9c1823ee249b35 9d1af91fb634460f88cd16390265c238 - - default default] No more DHCP agents
2026-07-24 18:47:16.591 8 WARNING neutron.api.rpc.agentnotifiers.dhcp_rpc_agent_api [None req-78b28c72-b74a-4a91-bf45-1ebe3ed6cd5e bfae2858e0d744409a9c1823ee249b35 9d1af91fb634460f88cd16390265c238 - - default default] Unable to schedule network d0a7dae2-f7e1-4aff-8800-84cca3f5ee70: no agents available; will retry on subsequent port and subnet creation events.
2026-07-24 18:47:16.645 7 INFO neutron.plugins.ml2.drivers.ovn.mech_driver.mech_driver [None req-30a22300-49c8-475c-a1c9-7b364a3f911c - - - - - -] OVN reports status down for port: 60e6da8c-43a3-4e96-93df-7cad3801ff9b
2026-07-24 18:47:16.665 7 INFO neutron.db.ovn_revision_numbers_db [None req-11a52ecf-d257-409d-b4d9-0cc81ca642c4 04404eb06a9a47e896e1da70af733f09 f4f4d072bbe6478ebd651803338486a7 - - default default] Successfully bumped revision number for resource e5c45b6a-83a3-461e-99fe-5a86f020092f (type: networks) to 1
2026-07-24 18:47:16.666 8 INFO neutron.db.ovn_revision_numbers_db [None req-78b28c72-b74a-4a91-bf45-1ebe3ed6cd5e bfae2858e0d744409a9c1823ee249b35 9d1af91fb634460f88cd16390265c238 - - default default] Successfully bumped revision number for resource 60e6da8c-43a3-4e96-93df-7cad3801ff9b (type: ports) to 1 [pid: 8|app: 0|req: 654/1324] 10.0.0.136 () {34 vars in 670 bytes} [Fri Jul 24 18:47:16 2026] POST /v2.0/networks => generated 670 bytes in 457 msecs (HTTP/1.1 201) 4 headers in 162 bytes (1 switches on core 0)
2026-07-24 18:47:16.877 7 WARNING neutron.scheduler.dhcp_agent_scheduler [None req-11a52ecf-d257-409d-b4d9-0cc81ca642c4 04404eb06a9a47e896e1da70af733f09 f4f4d072bbe6478ebd651803338486a7 - - default default] No more DHCP agents
2026-07-24 18:47:16.879 7 WARNING neutron.api.rpc.agentnotifiers.dhcp_rpc_agent_api [None req-11a52ecf-d257-409d-b4d9-0cc81ca642c4 04404eb06a9a47e896e1da70af733f09 f4f4d072bbe6478ebd651803338486a7 - - default default] Unable to schedule network e5c45b6a-83a3-461e-99fe-5a86f020092f: no agents available; will retry on subsequent port and subnet creation events.
2026-07-24 18:47:16.927 7 INFO neutron.plugins.ml2.drivers.ovn.mech_driver.mech_driver [None req-30a22300-49c8-475c-a1c9-7b364a3f911c - - - - - -] OVN reports status down for port: 734de565-53aa-48af-9283-575df53b8d78
2026-07-24 18:47:16.981 7 INFO neutron.db.ovn_revision_numbers_db [None req-11a52ecf-d257-409d-b4d9-0cc81ca642c4 04404eb06a9a47e896e1da70af733f09 f4f4d072bbe6478ebd651803338486a7 - - default default] Successfully bumped revision number for resource 734de565-53aa-48af-9283-575df53b8d78 (type: ports) to 1 [pid: 7|app: 0|req: 671/1325] 10.0.0.136 () {34 vars in 670 bytes} [Fri Jul 24 18:47:16 2026] POST /v2.0/networks => generated 672 bytes in 577 msecs (HTTP/1.1 201) 4 headers in 162 bytes (1 switches on core 0)
2026-07-24 18:47:17.068 8 INFO neutron.db.ovn_revision_numbers_db [None req-be364ff6-5a5a-4d25-be88-6e39ad3f1d86 a73c43138b3d4c938f8c5719557a7f8c 7ab1780863024b4aba8604147d8f2d81 - - default default] Successfully bumped revision number for resource debc65d0-90e5-4c4e-919b-0b3030d81f03 (type: security_groups) to 1
2026-07-24 18:47:17.080 8 INFO neutron.db.ovn_revision_numbers_db [None req-be364ff6-5a5a-4d25-be88-6e39ad3f1d86 a73c43138b3d4c938f8c5719557a7f8c 7ab1780863024b4aba8604147d8f2d81 - - default default] Successfully bumped revision number for resource 07046d44-7a54-4e7e-a153-2904bedc76ac (type: security_group_rules) to 0
2026-07-24 18:47:17.089 8 INFO neutron.db.ovn_revision_numbers_db [None req-be364ff6-5a5a-4d25-be88-6e39ad3f1d86 a73c43138b3d4c938f8c5719557a7f8c 7ab1780863024b4aba8604147d8f2d81 - - default default] Successfully bumped revision number for resource 5bf20d41-9a38-4f9b-a94c-a2e3110bbe57 (type: security_group_rules) to 0
2026-07-24 18:47:17.102 8 INFO neutron.db.ovn_revision_numbers_db [None req-be364ff6-5a5a-4d25-be88-6e39ad3f1d86 a73c43138b3d4c938f8c5719557a7f8c 7ab1780863024b4aba8604147d8f2d81 - - default default] Successfully bumped revision number for resource b0022004-e297-4bbc-8674-9a9db52693f0 (type: security_group_rules) to 0
2026-07-24 18:47:17.114 8 INFO neutron.db.ovn_revision_numbers_db [None req-be364ff6-5a5a-4d25-be88-6e39ad3f1d86 a73c43138b3d4c938f8c5719557a7f8c 7ab1780863024b4aba8604147d8f2d81 - - default default] Successfully bumped revision number for resource c2318263-0605-414a-9fbd-a14bfd9cb7db (type: security_group_rules) to 0
2026-07-24 18:47:17.179 8 INFO neutron.db.segments_db [None req-be364ff6-5a5a-4d25-be88-6e39ad3f1d86 a73c43138b3d4c938f8c5719557a7f8c 7ab1780863024b4aba8604147d8f2d81 - - default default] Added segment 5b76e3ec-83ed-4335-9322-92e3c3318bf0 of type geneve for network 34699edc-f64b-481a-8c28-225adfd86b33
2026-07-24 18:47:17.221 7 WARNING neutron.scheduler.dhcp_agent_scheduler [None req-22fdd1c4-a851-4eb8-8df9-55d25af27b78 bfae2858e0d744409a9c1823ee249b35 9d1af91fb634460f88cd16390265c238 - - default default] No more DHCP agents
2026-07-24 18:47:17.222 7 WARNING neutron.api.rpc.agentnotifiers.dhcp_rpc_agent_api [None req-22fdd1c4-a851-4eb8-8df9-55d25af27b78 bfae2858e0d744409a9c1823ee249b35 9d1af91fb634460f88cd16390265c238 - - default default] Unable to schedule network d0a7dae2-f7e1-4aff-8800-84cca3f5ee70: no agents available; will retry on subsequent port and subnet creation events.
2026-07-24 18:47:17.278 8 INFO neutron.db.ovn_revision_numbers_db [None req-be364ff6-5a5a-4d25-be88-6e39ad3f1d86 a73c43138b3d4c938f8c5719557a7f8c 7ab1780863024b4aba8604147d8f2d81 - - default default] Successfully bumped revision number for resource 34699edc-f64b-481a-8c28-225adfd86b33 (type: networks) to 1
2026-07-24 18:47:17.471 8 WARNING neutron.scheduler.dhcp_agent_scheduler [None req-be364ff6-5a5a-4d25-be88-6e39ad3f1d86 a73c43138b3d4c938f8c5719557a7f8c 7ab1780863024b4aba8604147d8f2d81 - - default default] No more DHCP agents
2026-07-24 18:47:17.473 8 WARNING neutron.api.rpc.agentnotifiers.dhcp_rpc_agent_api [None req-be364ff6-5a5a-4d25-be88-6e39ad3f1d86 a73c43138b3d4c938f8c5719557a7f8c 7ab1780863024b4aba8604147d8f2d81 - - default default] Unable to schedule network 34699edc-f64b-481a-8c28-225adfd86b33: no agents available; will retry on subsequent port and subnet creation events.
2026-07-24 18:47:17.520 8 INFO neutron.plugins.ml2.drivers.ovn.mech_driver.mech_driver [None req-6f4c0cd7-64fb-42fc-83d2-ffc1503323c6 - - - - - -] OVN reports status down for port: 9c97d049-57ab-4ac7-82df-248fa3adf07a
2026-07-24 18:47:17.574 8 INFO neutron.db.ovn_revision_numbers_db [None req-be364ff6-5a5a-4d25-be88-6e39ad3f1d86 a73c43138b3d4c938f8c5719557a7f8c 7ab1780863024b4aba8604147d8f2d81 - - default default] Successfully bumped revision number for resource 9c97d049-57ab-4ac7-82df-248fa3adf07a (type: ports) to 1 [pid: 8|app: 0|req: 655/1328] 10.0.0.136 () {34 vars in 671 bytes} [Fri Jul 24 18:47:16 2026] POST /v2.0/networks => generated 786 bytes in 939 msecs (HTTP/1.1 201) 4 headers in 162 bytes (1 switches on core 0)
2026-07-24 18:47:17.731 7 INFO neutron.db.ovn_revision_numbers_db [None req-3873dc1b-801f-4846-8fa2-958a4d5f13cf - - - - - -] Successfully bumped revision number for resource 60e6da8c-43a3-4e96-93df-7cad3801ff9b (type: ports) to 2
2026-07-24 18:47:17.764 7 INFO neutron.db.ovn_revision_numbers_db [None req-3873dc1b-801f-4846-8fa2-958a4d5f13cf - - - - - -] Successfully bumped revision number for resource e4673c77-0d84-4339-a58b-d93094e22600 (type: subnets) to 0 [pid: 7|app: 0|req: 674/1329] 10.0.0.136 () {34 vars in 669 bytes} [Fri Jul 24 18:47:17 2026] POST /v2.0/subnets => generated 626 bytes in 757 msecs (HTTP/1.1 201) 4 headers in 162 bytes (1 switches on core 0)
2026-07-24 18:47:17.830 8 WARNING neutron.scheduler.dhcp_agent_scheduler [None req-2c181661-68a0-48ef-bab6-3788d39dddd3 04404eb06a9a47e896e1da70af733f09 f4f4d072bbe6478ebd651803338486a7 - - default default] No more DHCP agents
2026-07-24 18:47:17.833 8 WARNING neutron.api.rpc.agentnotifiers.dhcp_rpc_agent_api [None req-2c181661-68a0-48ef-bab6-3788d39dddd3 04404eb06a9a47e896e1da70af733f09 f4f4d072bbe6478ebd651803338486a7 - - default default] Unable to schedule network b11ef6b5-786a-46c2-923e-fe3dee24ce22: no agents available; will retry on subsequent port and subnet creation events.
2026-07-24 18:47:17.873 8 INFO neutron.db.ovn_revision_numbers_db [None req-2c181661-68a0-48ef-bab6-3788d39dddd3 04404eb06a9a47e896e1da70af733f09 f4f4d072bbe6478ebd651803338486a7 - - default default] Successfully bumped revision number for resource ef8c09ac-c23d-4235-8bff-6a9672f331ca (type: subnets) to 0 [pid: 8|app: 0|req: 656/1330] 10.0.0.136 () {34 vars in 669 bytes} [Fri Jul 24 18:47:17 2026] POST /v2.0/subnets => generated 646 bytes in 270 msecs (HTTP/1.1 201) 4 headers in 162 bytes (1 switches on core 0)
2026-07-24 18:47:17.948 7 WARNING neutron.scheduler.dhcp_agent_scheduler [None req-774e7bf7-d237-47d5-baac-9da65ca12d4a a73c43138b3d4c938f8c5719557a7f8c 7ab1780863024b4aba8604147d8f2d81 - - default default] No more DHCP agents
2026-07-24 18:47:17.949 7 WARNING neutron.api.rpc.agentnotifiers.dhcp_rpc_agent_api [None req-774e7bf7-d237-47d5-baac-9da65ca12d4a a73c43138b3d4c938f8c5719557a7f8c 7ab1780863024b4aba8604147d8f2d81 - - default default] Unable to schedule network 34699edc-f64b-481a-8c28-225adfd86b33: no agents available; will retry on subsequent port and subnet creation events.
2026-07-24 18:47:18.206 8 WARNING neutron.scheduler.dhcp_agent_scheduler [None req-2a526194-4395-43bb-8e36-18dccc95c728 bfae2858e0d744409a9c1823ee249b35 9d1af91fb634460f88cd16390265c238 - - default default] No more DHCP agents
2026-07-24 18:47:18.207 8 WARNING neutron.api.rpc.agentnotifiers.dhcp_rpc_agent_api [None req-2a526194-4395-43bb-8e36-18dccc95c728 bfae2858e0d744409a9c1823ee249b35 9d1af91fb634460f88cd16390265c238 - - default default] Unable to schedule network d0a7dae2-f7e1-4aff-8800-84cca3f5ee70: no agents available; will retry on subsequent port and subnet creation events.
2026-07-24 18:47:18.313 7 INFO neutron.plugins.ml2.drivers.ovn.mech_driver.mech_driver [None req-30a22300-49c8-475c-a1c9-7b364a3f911c - - - - - -] OVN reports status down for port: afe904d4-226a-4ab7-bb8a-618471c414bb
2026-07-24 18:47:18.359 8 INFO neutron.db.ovn_revision_numbers_db [None req-2a526194-4395-43bb-8e36-18dccc95c728 bfae2858e0d744409a9c1823ee249b35 9d1af91fb634460f88cd16390265c238 - - default default] Successfully bumped revision number for resource afe904d4-226a-4ab7-bb8a-618471c414bb (type: ports) to 1 [pid: 8|app: 0|req: 657/1331] 10.0.0.136 () {34 vars in 665 bytes} [Fri Jul 24 18:47:17 2026] POST /v2.0/ports => generated 954 bytes in 531 msecs (HTTP/1.1 201) 4 headers in 162 bytes (1 switches on core 0) /var/lib/openstack/lib/python3.12/site-packages/pycadf/identifier.py:70: UserWarning: Invalid uuid: neutron. To ensure interoperability, identifiers should be a valid uuid. warnings.warn(('Invalid uuid: %s. To ensure interoperability, '
2026-07-24 18:47:18.455 7 INFO neutron.db.ovn_revision_numbers_db [None req-87d8f80c-7fcd-4a06-a5c7-ac19560b056a - - - - - -] Successfully bumped revision number for resource 9c97d049-57ab-4ac7-82df-248fa3adf07a (type: ports) to 2
2026-07-24 18:47:18.492 7 INFO neutron.db.ovn_revision_numbers_db [None req-87d8f80c-7fcd-4a06-a5c7-ac19560b056a - - - - - -] Successfully bumped revision number for resource 8fd8239f-993c-4554-a982-ce93b56a581a (type: subnets) to 0 [pid: 7|app: 0|req: 675/1332] 10.0.0.136 () {34 vars in 669 bytes} [Fri Jul 24 18:47:17 2026] POST /v2.0/subnets => generated 692 bytes in 725 msecs (HTTP/1.1 201) 4 headers in 162 bytes (1 switches on core 0)
2026-07-24 18:47:18.599 8 WARNING neutron.scheduler.dhcp_agent_scheduler [None req-63049fa0-dde6-46aa-8c67-b26bc39aec25 04404eb06a9a47e896e1da70af733f09 f4f4d072bbe6478ebd651803338486a7 - - default default] No more DHCP agents
2026-07-24 18:47:18.601 8 WARNING neutron.api.rpc.agentnotifiers.dhcp_rpc_agent_api [None req-63049fa0-dde6-46aa-8c67-b26bc39aec25 04404eb06a9a47e896e1da70af733f09 f4f4d072bbe6478ebd651803338486a7 - - default default] Unable to schedule network e5c45b6a-83a3-461e-99fe-5a86f020092f: no agents available; will retry on subsequent port and subnet creation events.
2026-07-24 18:47:18.624 7 INFO neutron_taas.services.taas.taas_plugin [None req-ff3ee4c8-3060-4816-be58-38d000f27c0c bfae2858e0d744409a9c1823ee249b35 9d1af91fb634460f88cd16390265c238 - - default default] TaaS: Handle Delete Port: afe904d4-226a-4ab7-bb8a-618471c414bb
2026-07-24 18:47:18.625 8 INFO neutron.db.ovn_revision_numbers_db [None req-63049fa0-dde6-46aa-8c67-b26bc39aec25 04404eb06a9a47e896e1da70af733f09 f4f4d072bbe6478ebd651803338486a7 - - default default] Successfully bumped revision number for resource fcf0893b-0e55-4044-85c2-c16d98bfda92 (type: subnets) to 0
2026-07-24 18:47:18.628 7 INFO neutron_taas.services.taas.tap_mirror_plugin [None req-ff3ee4c8-3060-4816-be58-38d000f27c0c bfae2858e0d744409a9c1823ee249b35 9d1af91fb634460f88cd16390265c238 - - default default] Tap Mirror: Handle Delete Port: afe904d4-226a-4ab7-bb8a-618471c414bb [pid: 8|app: 0|req: 658/1333] 10.0.0.136 () {34 vars in 669 bytes} [Fri Jul 24 18:47:18 2026] POST /v2.0/subnets => generated 655 bytes in 218 msecs (HTTP/1.1 201) 4 headers in 162 bytes (1 switches on core 0) [pid: 7|app: 0|req: 676/1334] 10.0.0.136 () {32 vars in 720 bytes} [Fri Jul 24 18:47:18 2026] DELETE /v2.0/ports/afe904d4-226a-4ab7-bb8a-618471c414bb => generated 0 bytes in 307 msecs (HTTP/1.1 204) 3 headers in 131 bytes (1 switches on core 0)
2026-07-24 18:47:18.913 8 INFO neutron.db.ovn_revision_numbers_db [None req-d2675530-1050-4a7a-9a3e-fe89f74ffb7f a73c43138b3d4c938f8c5719557a7f8c 7ab1780863024b4aba8604147d8f2d81 - - default default] Successfully bumped revision number for resource ab6ee9b1-ab53-4411-bfe4-8ac73ec1dd60 (type: security_groups) to 1
2026-07-24 18:47:18.925 8 INFO neutron.db.ovn_revision_numbers_db [None req-d2675530-1050-4a7a-9a3e-fe89f74ffb7f a73c43138b3d4c938f8c5719557a7f8c 7ab1780863024b4aba8604147d8f2d81 - - default default] Successfully bumped revision number for resource 04aedc2a-ec27-48b0-b356-4524e2a8fff7 (type: security_group_rules) to 0
2026-07-24 18:47:18.937 8 INFO neutron.db.ovn_revision_numbers_db [None req-d2675530-1050-4a7a-9a3e-fe89f74ffb7f a73c43138b3d4c938f8c5719557a7f8c 7ab1780863024b4aba8604147d8f2d81 - - default default] Successfully bumped revision number for resource c47ac53c-7c5e-42ca-b5a9-c676928b7230 (type: security_group_rules) to 0
2026-07-24 18:47:18.953 8 INFO neutron.db.ovn_revision_numbers_db [None req-d2675530-1050-4a7a-9a3e-fe89f74ffb7f a73c43138b3d4c938f8c5719557a7f8c 7ab1780863024b4aba8604147d8f2d81 - - default default] Successfully bumped revision number for resource e8b4938e-466b-49ea-baa9-9776463ecf72 (type: security_group_rules) to 0
2026-07-24 18:47:18.966 8 INFO neutron.db.ovn_revision_numbers_db [None req-d2675530-1050-4a7a-9a3e-fe89f74ffb7f a73c43138b3d4c938f8c5719557a7f8c 7ab1780863024b4aba8604147d8f2d81 - - default default] Successfully bumped revision number for resource edf09f38-d0d6-49b0-807a-c9d9afef86ec (type: security_group_rules) to 0 [pid: 8|app: 0|req: 659/1335] 10.0.0.136 () {32 vars in 774 bytes} [Fri Jul 24 18:47:18 2026] GET /v2.0/security-groups?tenant_id=24e0a0e7401d4d029fab39722337643c&name=default => generated 2925 bytes in 354 msecs (HTTP/1.1 200) 4 headers in 158 bytes (1 switches on core 0)
2026-07-24 18:47:19.108 8 INFO neutron.db.ovn_revision_numbers_db [None req-f2e1c95e-3111-4913-9513-6fad78673336 04404eb06a9a47e896e1da70af733f09 f4f4d072bbe6478ebd651803338486a7 - - default default] Successfully bumped revision number for resource 6d8fe2bb-f8ee-4e24-bac6-3fef5c1f3b7d (type: routers) to 1 [pid: 8|app: 0|req: 660/1336] 10.0.0.136 () {34 vars in 669 bytes} [Fri Jul 24 18:47:19 2026] POST /v2.0/routers => generated 605 bytes in 120 msecs (HTTP/1.1 201) 4 headers in 162 bytes (1 switches on core 0)
2026-07-24 18:47:19.137 8 INFO neutron.pecan_wsgi.hooks.translation [None req-3cb8f9f0-fafe-4037-9500-03d4c8ee91c5 bfae2858e0d744409a9c1823ee249b35 9d1af91fb634460f88cd16390265c238 - - default default] DELETE failed (client error): The resource could not be found. [pid: 8|app: 0|req: 661/1337] 10.0.0.136 () {32 vars in 720 bytes} [Fri Jul 24 18:47:19 2026] DELETE /v2.0/ports/afe904d4-226a-4ab7-bb8a-618471c414bb => generated 132 bytes in 15 msecs (HTTP/1.1 404) 4 headers in 164 bytes (1 switches on core 0)
2026-07-24 18:47:19.223 7 WARNING neutron.scheduler.dhcp_agent_scheduler [None req-deeb8e61-615a-43f3-8a71-6b0eeb7d14a0 a73c43138b3d4c938f8c5719557a7f8c 7ab1780863024b4aba8604147d8f2d81 - - default default] No more DHCP agents
2026-07-24 18:47:19.225 7 WARNING neutron.api.rpc.agentnotifiers.dhcp_rpc_agent_api [None req-deeb8e61-615a-43f3-8a71-6b0eeb7d14a0 a73c43138b3d4c938f8c5719557a7f8c 7ab1780863024b4aba8604147d8f2d81 - - default default] Unable to schedule network 44cb9f04-b733-4ef1-96e6-f026a2b3a019: no agents available; will retry on subsequent port and subnet creation events.
2026-07-24 18:47:19.326 7 INFO neutron.plugins.ml2.drivers.ovn.mech_driver.mech_driver [None req-30a22300-49c8-475c-a1c9-7b364a3f911c - - - - - -] OVN reports status down for port: cd647f89-0dbc-4ea8-9df5-0a366480570e [pid: 8|app: 0|req: 662/1338] 10.0.0.136 () {32 vars in 740 bytes} [Fri Jul 24 18:47:19 2026] DELETE /v2.0/security-groups/ab6ee9b1-ab53-4411-bfe4-8ac73ec1dd60 => generated 0 bytes in 218 msecs (HTTP/1.1 204) 2 headers in 112 bytes (1 switches on core 0)
2026-07-24 18:47:19.389 7 INFO neutron.db.ovn_revision_numbers_db [None req-deeb8e61-615a-43f3-8a71-6b0eeb7d14a0 a73c43138b3d4c938f8c5719557a7f8c 7ab1780863024b4aba8604147d8f2d81 - - default default] Successfully bumped revision number for resource cd647f89-0dbc-4ea8-9df5-0a366480570e (type: ports) to 1
2026-07-24 18:47:19.726 8 WARNING neutron.scheduler.dhcp_agent_scheduler [None req-69e79e4d-cbc5-45ce-9c7e-5d416564c1b8 04404eb06a9a47e896e1da70af733f09 f4f4d072bbe6478ebd651803338486a7 - - default default] No more DHCP agents
2026-07-24 18:47:19.727 8 WARNING neutron.api.rpc.agentnotifiers.dhcp_rpc_agent_api [None req-69e79e4d-cbc5-45ce-9c7e-5d416564c1b8 04404eb06a9a47e896e1da70af733f09 f4f4d072bbe6478ebd651803338486a7 - - default default] Unable to schedule network b11ef6b5-786a-46c2-923e-fe3dee24ce22: no agents available; will retry on subsequent port and subnet creation events.
2026-07-24 18:47:19.806 8 INFO neutron.db.ovn_revision_numbers_db [None req-69e79e4d-cbc5-45ce-9c7e-5d416564c1b8 04404eb06a9a47e896e1da70af733f09 f4f4d072bbe6478ebd651803338486a7 - - default default] Successfully bumped revision number for resource 1d440824-541d-4d87-b451-be8d81e3a7d5 (type: ports) to 1
2026-07-24 18:47:19.902 7 INFO neutron.plugins.ml2.drivers.ovn.mech_driver.mech_driver [None req-30a22300-49c8-475c-a1c9-7b364a3f911c - - - - - -] OVN reports status down for port: 1d440824-541d-4d87-b451-be8d81e3a7d5
2026-07-24 18:47:20.297 7 INFO neutron.plugins.ml2.drivers.ovn.mech_driver.mech_driver [None req-30a22300-49c8-475c-a1c9-7b364a3f911c - - - - - -] OVN reports status up for port: 1d440824-541d-4d87-b451-be8d81e3a7d5
2026-07-24 18:47:20.321 7 INFO neutron.plugins.ml2.plugin [None req-30a22300-49c8-475c-a1c9-7b364a3f911c - - - - - -] Attempt 1 to provision port 1d440824-541d-4d87-b451-be8d81e3a7d5
2026-07-24 18:47:20.323 8 INFO neutron.plugins.ml2.plugin [None req-69e79e4d-cbc5-45ce-9c7e-5d416564c1b8 04404eb06a9a47e896e1da70af733f09 f4f4d072bbe6478ebd651803338486a7 - - default default] Attempt 1 to provision port 1d440824-541d-4d87-b451-be8d81e3a7d5
2026-07-24 18:47:20.382 8 WARNING neutron.scheduler.dhcp_agent_scheduler [None req-69e79e4d-cbc5-45ce-9c7e-5d416564c1b8 04404eb06a9a47e896e1da70af733f09 f4f4d072bbe6478ebd651803338486a7 - - default default] No more DHCP agents
2026-07-24 18:47:20.383 8 WARNING neutron.api.rpc.agentnotifiers.dhcp_rpc_agent_api [None req-69e79e4d-cbc5-45ce-9c7e-5d416564c1b8 04404eb06a9a47e896e1da70af733f09 f4f4d072bbe6478ebd651803338486a7 - - default default] Unable to schedule network b11ef6b5-786a-46c2-923e-fe3dee24ce22: no agents available; will retry on subsequent port and subnet creation events.
2026-07-24 18:47:20.555 8 INFO neutron.db.ovn_revision_numbers_db [None req-69e79e4d-cbc5-45ce-9c7e-5d416564c1b8 04404eb06a9a47e896e1da70af733f09 f4f4d072bbe6478ebd651803338486a7 - - default default] Successfully bumped revision number for resource 1d440824-541d-4d87-b451-be8d81e3a7d5 (type: router_ports) to 1 [pid: 8|app: 0|req: 663/1339] 10.0.0.136 () {34 vars in 783 bytes} [Fri Jul 24 18:47:19 2026] PUT /v2.0/routers/6d8fe2bb-f8ee-4e24-bac6-3fef5c1f3b7d/add_router_interface => generated 309 bytes in 1202 msecs (HTTP/1.1 200) 4 headers in 157 bytes (1 switches on core 0)
2026-07-24 18:47:20.577 8 INFO neutron.pecan_wsgi.hooks.translation [None req-76b9a5d2-7014-4980-864d-b0be29dd3a30 bfae2858e0d744409a9c1823ee249b35 9d1af91fb634460f88cd16390265c238 - - default default] GET failed (client error): The resource could not be found. [pid: 8|app: 0|req: 664/1340] 10.0.0.136 () {32 vars in 717 bytes} [Fri Jul 24 18:47:20 2026] GET /v2.0/ports/afe904d4-226a-4ab7-bb8a-618471c414bb => generated 132 bytes in 19 msecs (HTTP/1.1 404) 4 headers in 164 bytes (1 switches on core 0)
2026-07-24 18:47:20.698 8 INFO neutron.db.ovn_revision_numbers_db [None req-9a32c76f-e217-4619-9e03-367a6bd36e63 a73c43138b3d4c938f8c5719557a7f8c 7ab1780863024b4aba8604147d8f2d81 - - default default] Successfully bumped revision number for resource 1d277658-be89-48da-bcba-480c7f18e3cc (type: security_groups) to 1
2026-07-24 18:47:20.710 8 INFO neutron.db.ovn_revision_numbers_db [None req-9a32c76f-e217-4619-9e03-367a6bd36e63 a73c43138b3d4c938f8c5719557a7f8c 7ab1780863024b4aba8604147d8f2d81 - - default default] Successfully bumped revision number for resource 6730efc5-411e-4a04-aee1-de6e57795e12 (type: security_group_rules) to 0
2026-07-24 18:47:20.723 8 INFO neutron.db.ovn_revision_numbers_db [None req-9a32c76f-e217-4619-9e03-367a6bd36e63 a73c43138b3d4c938f8c5719557a7f8c 7ab1780863024b4aba8604147d8f2d81 - - default default] Successfully bumped revision number for resource 917b5b98-c941-42b9-8a39-61d02588c0a6 (type: security_group_rules) to 0
2026-07-24 18:47:20.730 7 INFO neutron.plugins.ml2.drivers.ovn.mech_driver.ovsdb.commands [None req-a788abaf-01aa-4022-b545-c9cf9f88ec44 - - - - - -] Schedule LRP lrp-cd647f89-0dbc-4ea8-9df5-0a366480570e on gateway b4649cd3-4f4b-4d59-ab8f-2666da2d6ea6 with priority 1
2026-07-24 18:47:20.742 8 INFO neutron.db.ovn_revision_numbers_db [None req-9a32c76f-e217-4619-9e03-367a6bd36e63 a73c43138b3d4c938f8c5719557a7f8c 7ab1780863024b4aba8604147d8f2d81 - - default default] Successfully bumped revision number for resource 96d22e99-f6ca-4993-bce1-f4d577da9097 (type: security_group_rules) to 0
2026-07-24 18:47:20.771 8 INFO neutron.db.ovn_revision_numbers_db [None req-9a32c76f-e217-4619-9e03-367a6bd36e63 a73c43138b3d4c938f8c5719557a7f8c 7ab1780863024b4aba8604147d8f2d81 - - default default] Successfully bumped revision number for resource da5065f7-4e3c-468e-a347-b2daa6527046 (type: security_group_rules) to 0
2026-07-24 18:47:20.812 7 INFO neutron.plugins.ml2.drivers.ovn.mech_driver.ovsdb.ovsdb_monitor [None req-349a845b-e991-4256-9d78-b91341b4719a - - - - - -] Router 425de1d7-5a68-4e13-8d37-0a6601881f1d is bound to host instance [pid: 8|app: 0|req: 665/1341] 10.0.0.136 () {32 vars in 774 bytes} [Fri Jul 24 18:47:20 2026] GET /v2.0/security-groups?tenant_id=95eb7d4127f74162be104e4841003f02&name=default => generated 2925 bytes in 237 msecs (HTTP/1.1 200) 4 headers in 158 bytes (1 switches on core 0)
2026-07-24 18:47:20.821 7 INFO neutron.db.ovn_revision_numbers_db [None req-deeb8e61-615a-43f3-8a71-6b0eeb7d14a0 a73c43138b3d4c938f8c5719557a7f8c 7ab1780863024b4aba8604147d8f2d81 - - default default] Successfully bumped revision number for resource cd647f89-0dbc-4ea8-9df5-0a366480570e (type: router_ports) to 1 [pid: 8|app: 0|req: 666/1342] 10.0.0.136 () {32 vars in 717 bytes} [Fri Jul 24 18:47:20 2026] GET /v2.0/ports/1d440824-541d-4d87-b451-be8d81e3a7d5 => generated 947 bytes in 37 msecs (HTTP/1.1 200) 4 headers in 157 bytes (1 switches on core 0)
2026-07-24 18:47:21.115 7 INFO neutron.db.ovn_revision_numbers_db [None req-deeb8e61-615a-43f3-8a71-6b0eeb7d14a0 a73c43138b3d4c938f8c5719557a7f8c 7ab1780863024b4aba8604147d8f2d81 - - default default] Successfully bumped revision number for resource 425de1d7-5a68-4e13-8d37-0a6601881f1d (type: routers) to 2 [pid: 8|app: 0|req: 667/1343] 10.0.0.136 () {32 vars in 724 bytes} [Fri Jul 24 18:47:20 2026] DELETE /v2.0/subnets/e4673c77-0d84-4339-a58b-d93094e22600 => generated 0 bytes in 272 msecs (HTTP/1.1 204) 3 headers in 131 bytes (1 switches on core 0) [pid: 7|app: 0|req: 677/1344] 10.0.0.136 () {34 vars in 669 bytes} [Fri Jul 24 18:47:18 2026] POST /v2.0/routers => generated 970 bytes in 2352 msecs (HTTP/1.1 201) 4 headers in 162 bytes (1 switches on core 0) [pid: 8|app: 0|req: 668/1345] 10.0.0.136 () {32 vars in 740 bytes} [Fri Jul 24 18:47:21 2026] DELETE /v2.0/security-groups/1d277658-be89-48da-bcba-480c7f18e3cc => generated 0 bytes in 238 msecs (HTTP/1.1 204) 2 headers in 112 bytes (1 switches on core 0)
2026-07-24 18:47:21.471 7 INFO neutron.db.ovn_revision_numbers_db [None req-30a22300-49c8-475c-a1c9-7b364a3f911c - - - - - -] Successfully bumped revision number for resource 1d440824-541d-4d87-b451-be8d81e3a7d5 (type: ports) to 2
2026-07-24 18:47:21.485 8 INFO neutron_taas.services.taas.taas_plugin [None req-2d489af6-f337-4371-a5e1-abb563c4aa22 bfae2858e0d744409a9c1823ee249b35 9d1af91fb634460f88cd16390265c238 - - default default] TaaS: Handle Delete Port: 60e6da8c-43a3-4e96-93df-7cad3801ff9b
2026-07-24 18:47:21.488 8 INFO neutron_taas.services.taas.tap_mirror_plugin [None req-2d489af6-f337-4371-a5e1-abb563c4aa22 bfae2858e0d744409a9c1823ee249b35 9d1af91fb634460f88cd16390265c238 - - default default] Tap Mirror: Handle Delete Port: 60e6da8c-43a3-4e96-93df-7cad3801ff9b
2026-07-24 18:47:21.674 8 INFO neutron.services.segments.plugin [-] Segment eccef924-ff9a-4653-85bf-006ca57296c5 resource provider aggregate not found
2026-07-24 18:47:21.679 8 INFO neutron.services.segments.plugin [-] Segment eccef924-ff9a-4653-85bf-006ca57296c5 resource provider aggregate not found
