2026-07-24 18:50:17.236 8 WARNING neutron.api.rpc.agentnotifiers.dhcp_rpc_agent_api [None req-8fffb568-f905-4b85-9616-79b4a241d245 ef881bdf69a54dc0a1985b473762f925 05c59711f39744278d0dfc551695cec3 - - default default] Unable to schedule network c211381c-9bde-4e9f-bd62-1a272465b14b: no agents available; will retry on subsequent port and subnet creation events.
2026-07-24 18:50:17.319 7 INFO neutron.plugins.ml2.drivers.ovn.mech_driver.mech_driver [None req-4406bc74-211f-4a21-9c35-e3d6c088779b - - - - - -] OVN reports status down for port: 60d9a953-4754-4861-9c9d-c8ddf45ffecf
2026-07-24 18:50:17.373 7 INFO neutron.plugins.ml2.drivers.ovn.mech_driver.mech_driver [None req-4406bc74-211f-4a21-9c35-e3d6c088779b - - - - - -] OVN reports status up for port: 60d9a953-4754-4861-9c9d-c8ddf45ffecf
2026-07-24 18:50:17.382 7 INFO neutron.plugins.ml2.plugin [None req-4406bc74-211f-4a21-9c35-e3d6c088779b - - - - - -] Attempt 1 to provision port 60d9a953-4754-4861-9c9d-c8ddf45ffecf
2026-07-24 18:50:17.562 8 INFO neutron.db.ovn_revision_numbers_db [None req-8fffb568-f905-4b85-9616-79b4a241d245 ef881bdf69a54dc0a1985b473762f925 05c59711f39744278d0dfc551695cec3 - - default default] Successfully bumped revision number for resource 60d9a953-4754-4861-9c9d-c8ddf45ffecf (type: router_ports) to 1 [pid: 8|app: 0|req: 1302/2766] 10.0.0.136 () {34 vars in 783 bytes} [Fri Jul 24 18:50:14 2026] PUT /v2.0/routers/9aa4af1a-bb2a-402b-b186-3eed497ba106/add_router_interface => generated 309 bytes in 2580 msecs (HTTP/1.1 200) 4 headers in 157 bytes (1 switches on core 0)
2026-07-24 18:50:18.137 7 INFO neutron.db.ovn_revision_numbers_db [None req-4406bc74-211f-4a21-9c35-e3d6c088779b - - - - - -] Successfully bumped revision number for resource 60d9a953-4754-4861-9c9d-c8ddf45ffecf (type: ports) to 2
2026-07-24 18:50:18.427 7 INFO neutron.db.ovn_revision_numbers_db [None req-935b2391-6aea-416b-922d-c29134a469a5 - - - - - -] Successfully bumped revision number for resource 60d9a953-4754-4861-9c9d-c8ddf45ffecf (type: router_ports) to 2
2026-07-24 18:50:18.501 7 WARNING neutron.scheduler.dhcp_agent_scheduler [None req-6d85ff0f-52a9-4379-b474-21db444abe00 ef881bdf69a54dc0a1985b473762f925 05c59711f39744278d0dfc551695cec3 - - default default] No more DHCP agents
2026-07-24 18:50:18.502 7 WARNING neutron.api.rpc.agentnotifiers.dhcp_rpc_agent_api [None req-6d85ff0f-52a9-4379-b474-21db444abe00 ef881bdf69a54dc0a1985b473762f925 05c59711f39744278d0dfc551695cec3 - - default default] Unable to schedule network 105562d6-b71b-4348-a0b7-e373673d3dcd: no agents available; will retry on subsequent port and subnet creation events.
2026-07-24 18:50:18.599 7 INFO neutron.plugins.ml2.drivers.ovn.mech_driver.mech_driver [None req-935b2391-6aea-416b-922d-c29134a469a5 - - - - - -] OVN reports status down for port: 9526fee0-72ae-4197-bbc0-f01159022e35
2026-07-24 18:50:18.646 7 INFO neutron.db.ovn_revision_numbers_db [None req-6d85ff0f-52a9-4379-b474-21db444abe00 ef881bdf69a54dc0a1985b473762f925 05c59711f39744278d0dfc551695cec3 - - default default] Successfully bumped revision number for resource 9526fee0-72ae-4197-bbc0-f01159022e35 (type: ports) to 1
2026-07-24 18:50:19.295 7 INFO neutron.plugins.ml2.drivers.ovn.mech_driver.mech_driver [None req-935b2391-6aea-416b-922d-c29134a469a5 - - - - - -] OVN reports status up for port: 9526fee0-72ae-4197-bbc0-f01159022e35
2026-07-24 18:50:19.324 7 INFO neutron.plugins.ml2.plugin [None req-935b2391-6aea-416b-922d-c29134a469a5 - - - - - -] Attempt 1 to provision port 9526fee0-72ae-4197-bbc0-f01159022e35
2026-07-24 18:50:19.422 7 WARNING neutron.scheduler.dhcp_agent_scheduler [None req-6d85ff0f-52a9-4379-b474-21db444abe00 ef881bdf69a54dc0a1985b473762f925 05c59711f39744278d0dfc551695cec3 - - default default] No more DHCP agents
2026-07-24 18:50:19.424 7 WARNING neutron.api.rpc.agentnotifiers.dhcp_rpc_agent_api [None req-6d85ff0f-52a9-4379-b474-21db444abe00 ef881bdf69a54dc0a1985b473762f925 05c59711f39744278d0dfc551695cec3 - - default default] Unable to schedule network 105562d6-b71b-4348-a0b7-e373673d3dcd: no agents available; will retry on subsequent port and subnet creation events.
2026-07-24 18:50:19.930 7 INFO neutron.db.ovn_revision_numbers_db [None req-935b2391-6aea-416b-922d-c29134a469a5 - - - - - -] Successfully bumped revision number for resource 9526fee0-72ae-4197-bbc0-f01159022e35 (type: ports) to 2
2026-07-24 18:50:20.028 8 INFO neutron.db.ovn_revision_numbers_db [None req-794b2e2f-ddb3-415b-b137-7b327ecc9f08 fd2f1c4a5a59468a83cc8789e61f7069 0303291f69664976899b41bcd9809b7e - - default default] Successfully bumped revision number for resource f8ca3c75-1b2e-4928-8408-a67b25ac8f3d (type: security_groups) to 1
2026-07-24 18:50:20.042 8 INFO neutron.db.ovn_revision_numbers_db [None req-794b2e2f-ddb3-415b-b137-7b327ecc9f08 fd2f1c4a5a59468a83cc8789e61f7069 0303291f69664976899b41bcd9809b7e - - default default] Successfully bumped revision number for resource 86eefbcc-ca9a-4750-88f6-b24e1be13427 (type: security_group_rules) to 0
2026-07-24 18:50:20.055 8 INFO neutron.db.ovn_revision_numbers_db [None req-794b2e2f-ddb3-415b-b137-7b327ecc9f08 fd2f1c4a5a59468a83cc8789e61f7069 0303291f69664976899b41bcd9809b7e - - default default] Successfully bumped revision number for resource 98842940-c552-4bc6-8aef-2d6a90105099 (type: security_group_rules) to 0
2026-07-24 18:50:20.069 8 INFO neutron.db.ovn_revision_numbers_db [None req-794b2e2f-ddb3-415b-b137-7b327ecc9f08 fd2f1c4a5a59468a83cc8789e61f7069 0303291f69664976899b41bcd9809b7e - - default default] Successfully bumped revision number for resource b257d095-fa60-45a7-813e-2f18abaefc37 (type: security_group_rules) to 0
2026-07-24 18:50:20.085 8 INFO neutron.db.ovn_revision_numbers_db [None req-794b2e2f-ddb3-415b-b137-7b327ecc9f08 fd2f1c4a5a59468a83cc8789e61f7069 0303291f69664976899b41bcd9809b7e - - default default] Successfully bumped revision number for resource fdf9da2a-5e7d-43fc-972b-cd877c188a7a (type: security_group_rules) to 0
2026-07-24 18:50:20.108 7 INFO neutron.db.ovn_revision_numbers_db [None req-6d85ff0f-52a9-4379-b474-21db444abe00 ef881bdf69a54dc0a1985b473762f925 05c59711f39744278d0dfc551695cec3 - - default default] Successfully bumped revision number for resource 9526fee0-72ae-4197-bbc0-f01159022e35 (type: router_ports) to 1 [pid: 7|app: 0|req: 1465/2767] 10.0.0.136 () {34 vars in 783 bytes} [Fri Jul 24 18:50:17 2026] PUT /v2.0/routers/9aa4af1a-bb2a-402b-b186-3eed497ba106/add_router_interface => generated 309 bytes in 2543 msecs (HTTP/1.1 200) 4 headers in 157 bytes (1 switches on core 0)
2026-07-24 18:50:20.153 8 INFO neutron.db.segments_db [None req-794b2e2f-ddb3-415b-b137-7b327ecc9f08 fd2f1c4a5a59468a83cc8789e61f7069 0303291f69664976899b41bcd9809b7e - - default default] Added segment 94cd40e0-1fa0-4096-8b30-5b9211dc79a1 of type geneve for network e5a3c6bd-c4e9-4fde-a259-c845fb6eb7c6
2026-07-24 18:50:20.197 7 INFO neutron.db.ovn_revision_numbers_db [None req-d4a05ed8-3b1a-459f-8724-05198f8ce04e - - - - - -] Successfully bumped revision number for resource 9526fee0-72ae-4197-bbc0-f01159022e35 (type: router_ports) to 2
2026-07-24 18:50:20.256 8 INFO neutron.db.ovn_revision_numbers_db [None req-794b2e2f-ddb3-415b-b137-7b327ecc9f08 fd2f1c4a5a59468a83cc8789e61f7069 0303291f69664976899b41bcd9809b7e - - default default] Successfully bumped revision number for resource e5a3c6bd-c4e9-4fde-a259-c845fb6eb7c6 (type: networks) to 1
2026-07-24 18:50:20.423 8 WARNING neutron.scheduler.dhcp_agent_scheduler [None req-794b2e2f-ddb3-415b-b137-7b327ecc9f08 fd2f1c4a5a59468a83cc8789e61f7069 0303291f69664976899b41bcd9809b7e - - default default] No more DHCP agents
2026-07-24 18:50:20.424 8 WARNING neutron.api.rpc.agentnotifiers.dhcp_rpc_agent_api [None req-794b2e2f-ddb3-415b-b137-7b327ecc9f08 fd2f1c4a5a59468a83cc8789e61f7069 0303291f69664976899b41bcd9809b7e - - default default] Unable to schedule network e5a3c6bd-c4e9-4fde-a259-c845fb6eb7c6: no agents available; will retry on subsequent port and subnet creation events.
2026-07-24 18:50:20.468 7 INFO neutron.plugins.ml2.drivers.ovn.mech_driver.mech_driver [None req-d4a05ed8-3b1a-459f-8724-05198f8ce04e - - - - - -] OVN reports status down for port: 63900605-34d7-4458-b038-cd38cc486cdf
2026-07-24 18:50:20.492 8 INFO neutron.db.ovn_revision_numbers_db [None req-794b2e2f-ddb3-415b-b137-7b327ecc9f08 fd2f1c4a5a59468a83cc8789e61f7069 0303291f69664976899b41bcd9809b7e - - default default] Successfully bumped revision number for resource 63900605-34d7-4458-b038-cd38cc486cdf (type: ports) to 1 [pid: 8|app: 0|req: 1303/2768] 10.0.0.136 () {34 vars in 670 bytes} [Fri Jul 24 18:50:19 2026] POST /v2.0/networks => generated 670 bytes in 732 msecs (HTTP/1.1 201) 4 headers in 162 bytes (1 switches on core 0)
2026-07-24 18:50:20.595 8 INFO neutron.db.segments_db [None req-72c098a5-ef1d-4017-a9f4-8143da9693e3 fd2f1c4a5a59468a83cc8789e61f7069 0303291f69664976899b41bcd9809b7e - - default default] Added segment 84180716-5147-4b1d-948b-68326cbdd743 of type geneve for network 8c840806-136d-4b58-b77e-66c23fe22439
2026-07-24 18:50:20.693 8 INFO neutron.db.ovn_revision_numbers_db [None req-72c098a5-ef1d-4017-a9f4-8143da9693e3 fd2f1c4a5a59468a83cc8789e61f7069 0303291f69664976899b41bcd9809b7e - - default default] Successfully bumped revision number for resource 8c840806-136d-4b58-b77e-66c23fe22439 (type: networks) to 1
2026-07-24 18:50:20.742 7 WARNING neutron.scheduler.dhcp_agent_scheduler [None req-31ac12c0-1649-463d-8864-79ecdca8d283 ef881bdf69a54dc0a1985b473762f925 05c59711f39744278d0dfc551695cec3 - - default default] No more DHCP agents
2026-07-24 18:50:20.744 7 WARNING neutron.api.rpc.agentnotifiers.dhcp_rpc_agent_api [None req-31ac12c0-1649-463d-8864-79ecdca8d283 ef881bdf69a54dc0a1985b473762f925 05c59711f39744278d0dfc551695cec3 - - default default] Unable to schedule network f87e181f-97e4-44f6-8a8b-58f200d68b00: no agents available; will retry on subsequent port and subnet creation events.
2026-07-24 18:50:20.849 7 INFO neutron.plugins.ml2.drivers.ovn.mech_driver.mech_driver [None req-d4a05ed8-3b1a-459f-8724-05198f8ce04e - - - - - -] OVN reports status down for port: c9acd436-d812-42bd-9d10-8bfa22696415
2026-07-24 18:50:20.978 8 WARNING neutron.scheduler.dhcp_agent_scheduler [None req-72c098a5-ef1d-4017-a9f4-8143da9693e3 fd2f1c4a5a59468a83cc8789e61f7069 0303291f69664976899b41bcd9809b7e - - default default] No more DHCP agents
2026-07-24 18:50:20.982 8 WARNING neutron.api.rpc.agentnotifiers.dhcp_rpc_agent_api [None req-72c098a5-ef1d-4017-a9f4-8143da9693e3 fd2f1c4a5a59468a83cc8789e61f7069 0303291f69664976899b41bcd9809b7e - - default default] Unable to schedule network 8c840806-136d-4b58-b77e-66c23fe22439: no agents available; will retry on subsequent port and subnet creation events.
2026-07-24 18:50:21.016 7 INFO neutron.db.ovn_revision_numbers_db [None req-31ac12c0-1649-463d-8864-79ecdca8d283 ef881bdf69a54dc0a1985b473762f925 05c59711f39744278d0dfc551695cec3 - - default default] Successfully bumped revision number for resource c9acd436-d812-42bd-9d10-8bfa22696415 (type: ports) to 1
2026-07-24 18:50:21.076 8 INFO neutron.db.ovn_revision_numbers_db [None req-72c098a5-ef1d-4017-a9f4-8143da9693e3 fd2f1c4a5a59468a83cc8789e61f7069 0303291f69664976899b41bcd9809b7e - - default default] Successfully bumped revision number for resource 7f76e200-6c58-44a1-ac45-da370eb49300 (type: ports) to 1
2026-07-24 18:50:21.105 7 INFO neutron.plugins.ml2.drivers.ovn.mech_driver.mech_driver [None req-d4a05ed8-3b1a-459f-8724-05198f8ce04e - - - - - -] OVN reports status down for port: 7f76e200-6c58-44a1-ac45-da370eb49300 [pid: 8|app: 0|req: 1304/2769] 10.0.0.136 () {34 vars in 670 bytes} [Fri Jul 24 18:50:20 2026] POST /v2.0/networks => generated 670 bytes in 590 msecs (HTTP/1.1 201) 4 headers in 162 bytes (1 switches on core 0) [pid: 8|app: 0|req: 1305/2770] 10.0.0.136 () {34 vars in 753 bytes} [Fri Jul 24 18:50:21 2026] PUT /v2.0/networks/e5a3c6bd-c4e9-4fde-a259-c845fb6eb7c6/tags => generated 25 bytes in 62 msecs (HTTP/1.1 200) 4 headers in 156 bytes (1 switches on core 0) [pid: 8|app: 0|req: 1306/2771] 10.0.0.136 () {32 vars in 733 bytes} [Fri Jul 24 18:50:21 2026] GET /v2.0/networks/e5a3c6bd-c4e9-4fde-a259-c845fb6eb7c6/tags => generated 25 bytes in 48 msecs (HTTP/1.1 200) 4 headers in 156 bytes (1 switches on core 0) [pid: 8|app: 0|req: 1307/2772] 10.0.0.136 () {34 vars in 753 bytes} [Fri Jul 24 18:50:21 2026] PUT /v2.0/networks/8c840806-136d-4b58-b77e-66c23fe22439/tags => generated 17 bytes in 40 msecs (HTTP/1.1 200) 4 headers in 156 bytes (1 switches on core 0) [pid: 8|app: 0|req: 1308/2773] 10.0.0.136 () {32 vars in 733 bytes} [Fri Jul 24 18:50:21 2026] GET /v2.0/networks/8c840806-136d-4b58-b77e-66c23fe22439/tags => generated 17 bytes in 41 msecs (HTTP/1.1 200) 4 headers in 156 bytes (1 switches on core 0) [pid: 8|app: 0|req: 1309/2774] 10.0.0.136 () {34 vars in 753 bytes} [Fri Jul 24 18:50:21 2026] PUT /v2.0/networks/8c840806-136d-4b58-b77e-66c23fe22439/tags => generated 12 bytes in 56 msecs (HTTP/1.1 200) 4 headers in 156 bytes (1 switches on core 0) [pid: 8|app: 0|req: 1310/2775] 10.0.0.136 () {32 vars in 733 bytes} [Fri Jul 24 18:50:21 2026] GET /v2.0/networks/8c840806-136d-4b58-b77e-66c23fe22439/tags => generated 12 bytes in 36 msecs (HTTP/1.1 200) 4 headers in 156 bytes (1 switches on core 0) [pid: 8|app: 0|req: 1311/2776] 10.0.0.136 () {32 vars in 733 bytes} [Fri Jul 24 18:50:21 2026] GET /v2.0/networks/e5a3c6bd-c4e9-4fde-a259-c845fb6eb7c6/tags => generated 25 bytes in 38 msecs (HTTP/1.1 200) 4 headers in 156 bytes (1 switches on core 0)
2026-07-24 18:50:21.576 8 INFO neutron_taas.services.taas.taas_plugin [None req-5fb36fd2-a00f-401c-b8a2-35707925eaf6 fd2f1c4a5a59468a83cc8789e61f7069 0303291f69664976899b41bcd9809b7e - - default default] TaaS: Handle Delete Port: 63900605-34d7-4458-b038-cd38cc486cdf
2026-07-24 18:50:21.579 8 INFO neutron_taas.services.taas.tap_mirror_plugin [None req-5fb36fd2-a00f-401c-b8a2-35707925eaf6 fd2f1c4a5a59468a83cc8789e61f7069 0303291f69664976899b41bcd9809b7e - - default default] Tap Mirror: Handle Delete Port: 63900605-34d7-4458-b038-cd38cc486cdf
2026-07-24 18:50:21.738 8 INFO neutron.services.segments.plugin [-] Segment 94cd40e0-1fa0-4096-8b30-5b9211dc79a1 resource provider aggregate not found
2026-07-24 18:50:21.751 8 INFO neutron.services.segments.plugin [-] Segment 94cd40e0-1fa0-4096-8b30-5b9211dc79a1 resource provider aggregate not found
2026-07-24 18:50:21.760 8 INFO neutron.services.segments.plugin [-] Client error retrieving segment 94cd40e0-1fa0-4096-8b30-5b9211dc79a1 resource provider; error: Placement Client Error (4xx): {"errors": [{"status": 404, "title": "Not Found", "detail": "The resource could not be found.\n\n No resource provider with uuid 94cd40e0-1fa0-4096-8b30-5b9211dc79a1 found for delete ", "request_id": "req-cde904a0-9f60-4c1a-a48b-3a32dccaf6ca"}]}
2026-07-24 18:50:21.771 8 INFO neutron.services.segments.plugin [-] Client error retrieving segment 94cd40e0-1fa0-4096-8b30-5b9211dc79a1 resource provider; error: Placement Client Error (4xx): {"errors": [{"status": 404, "title": "Not Found", "detail": "The resource could not be found.\n\n No resource provider with uuid 94cd40e0-1fa0-4096-8b30-5b9211dc79a1 found for delete ", "request_id": "req-5369538e-87d2-4d46-acbf-f5e060c7cf21"}]} [pid: 8|app: 0|req: 1312/2777] 10.0.0.136 () {32 vars in 726 bytes} [Fri Jul 24 18:50:21 2026] DELETE /v2.0/networks/e5a3c6bd-c4e9-4fde-a259-c845fb6eb7c6 => generated 0 bytes in 311 msecs (HTTP/1.1 204) 3 headers in 131 bytes (1 switches on core 0)
2026-07-24 18:50:21.839 7 INFO neutron.plugins.ml2.drivers.ovn.mech_driver.mech_driver [None req-d4a05ed8-3b1a-459f-8724-05198f8ce04e - - - - - -] OVN reports status up for port: c9acd436-d812-42bd-9d10-8bfa22696415
2026-07-24 18:50:21.867 7 INFO neutron.plugins.ml2.plugin [None req-d4a05ed8-3b1a-459f-8724-05198f8ce04e - - - - - -] Attempt 1 to provision port c9acd436-d812-42bd-9d10-8bfa22696415
2026-07-24 18:50:21.939 8 INFO neutron_taas.services.taas.taas_plugin [None req-ee03d768-6464-413a-bb22-6dddb90d4384 fd2f1c4a5a59468a83cc8789e61f7069 0303291f69664976899b41bcd9809b7e - - default default] TaaS: Handle Delete Port: 7f76e200-6c58-44a1-ac45-da370eb49300
2026-07-24 18:50:21.941 8 INFO neutron_taas.services.taas.tap_mirror_plugin [None req-ee03d768-6464-413a-bb22-6dddb90d4384 fd2f1c4a5a59468a83cc8789e61f7069 0303291f69664976899b41bcd9809b7e - - default default] Tap Mirror: Handle Delete Port: 7f76e200-6c58-44a1-ac45-da370eb49300
2026-07-24 18:50:21.987 7 WARNING neutron.scheduler.dhcp_agent_scheduler [None req-31ac12c0-1649-463d-8864-79ecdca8d283 ef881bdf69a54dc0a1985b473762f925 05c59711f39744278d0dfc551695cec3 - - default default] No more DHCP agents
2026-07-24 18:50:21.990 7 WARNING neutron.api.rpc.agentnotifiers.dhcp_rpc_agent_api [None req-31ac12c0-1649-463d-8864-79ecdca8d283 ef881bdf69a54dc0a1985b473762f925 05c59711f39744278d0dfc551695cec3 - - default default] Unable to schedule network f87e181f-97e4-44f6-8a8b-58f200d68b00: no agents available; will retry on subsequent port and subnet creation events. [pid: 8|app: 0|req: 1313/2778] 10.0.0.136 () {32 vars in 726 bytes} [Fri Jul 24 18:50:21 2026] DELETE /v2.0/networks/8c840806-136d-4b58-b77e-66c23fe22439 => generated 0 bytes in 362 msecs (HTTP/1.1 204) 3 headers in 131 bytes (1 switches on core 0)
2026-07-24 18:50:22.523 7 INFO neutron.db.ovn_revision_numbers_db [None req-d4a05ed8-3b1a-459f-8724-05198f8ce04e - - - - - -] Successfully bumped revision number for resource c9acd436-d812-42bd-9d10-8bfa22696415 (type: ports) to 2
2026-07-24 18:50:22.719 7 INFO neutron.db.ovn_revision_numbers_db [None req-31ac12c0-1649-463d-8864-79ecdca8d283 ef881bdf69a54dc0a1985b473762f925 05c59711f39744278d0dfc551695cec3 - - default default] Successfully bumped revision number for resource c9acd436-d812-42bd-9d10-8bfa22696415 (type: router_ports) to 1 [pid: 7|app: 0|req: 1466/2779] 10.0.0.136 () {34 vars in 783 bytes} [Fri Jul 24 18:50:20 2026] PUT /v2.0/routers/9aa4af1a-bb2a-402b-b186-3eed497ba106/add_router_interface => generated 309 bytes in 2606 msecs (HTTP/1.1 200) 4 headers in 157 bytes (1 switches on core 0)
2026-07-24 18:50:22.773 7 INFO neutron.db.ovn_revision_numbers_db [None req-abdbc643-c7b8-4939-8261-4b4c48861c13 - - - - - -] Successfully bumped revision number for resource c9acd436-d812-42bd-9d10-8bfa22696415 (type: router_ports) to 2
2026-07-24 18:50:22.916 8 INFO neutron.db.ovn_revision_numbers_db [None req-d335a73a-2bcf-4918-beca-310d9cae329d ef881bdf69a54dc0a1985b473762f925 05c59711f39744278d0dfc551695cec3 - - default default] Successfully bumped revision number for resource 9b7f113b-f624-48d8-8d93-bfba9491a0dd (type: security_groups) to 1
2026-07-24 18:50:22.929 8 INFO neutron.db.ovn_revision_numbers_db [None req-d335a73a-2bcf-4918-beca-310d9cae329d ef881bdf69a54dc0a1985b473762f925 05c59711f39744278d0dfc551695cec3 - - default default] Successfully bumped revision number for resource 5f1021ed-9778-44c8-9cf3-143ccc0f3f19 (type: security_group_rules) to 0
2026-07-24 18:50:22.940 8 INFO neutron.db.ovn_revision_numbers_db [None req-d335a73a-2bcf-4918-beca-310d9cae329d ef881bdf69a54dc0a1985b473762f925 05c59711f39744278d0dfc551695cec3 - - default default] Successfully bumped revision number for resource 7a3d2829-0186-4c3c-8b35-4206b0c1b99b (type: security_group_rules) to 0 [pid: 7|app: 0|req: 1467/2780] 10.0.0.136 () {32 vars in 774 bytes} [Fri Jul 24 18:50:22 2026] GET /v2.0/security-groups?tenant_id=0303291f69664976899b41bcd9809b7e&name=default => generated 2929 bytes in 152 msecs (HTTP/1.1 200) 4 headers in 158 bytes (1 switches on core 0) [pid: 8|app: 0|req: 1314/2781] 10.0.0.136 () {34 vars in 684 bytes} [Fri Jul 24 18:50:22 2026] POST /v2.0/security-groups => generated 1629 bytes in 207 msecs (HTTP/1.1 201) 4 headers in 163 bytes (1 switches on core 0)
2026-07-24 18:50:23.121 8 INFO neutron.db.ovn_revision_numbers_db [None req-10d5febc-e1cb-4727-a567-e5284652085b ef881bdf69a54dc0a1985b473762f925 05c59711f39744278d0dfc551695cec3 - - default default] Successfully bumped revision number for resource 2b472056-df93-48e1-952e-ec35833385bb (type: security_group_rules) to 0 [pid: 8|app: 0|req: 1315/2782] 10.0.0.136 () {34 vars in 695 bytes} [Fri Jul 24 18:50:22 2026] POST /v2.0/security-group-rules => generated 597 bytes in 167 msecs (HTTP/1.1 201) 4 headers in 162 bytes (1 switches on core 0) [pid: 7|app: 0|req: 1468/2783] 10.0.0.136 () {32 vars in 740 bytes} [Fri Jul 24 18:50:22 2026] DELETE /v2.0/security-groups/f8ca3c75-1b2e-4928-8408-a67b25ac8f3d => generated 0 bytes in 273 msecs (HTTP/1.1 204) 2 headers in 112 bytes (1 switches on core 0)
2026-07-24 18:50:23.262 8 INFO neutron.db.ovn_revision_numbers_db [None req-0f18cb3a-1238-44fe-b00b-26a0f5bb5643 ef881bdf69a54dc0a1985b473762f925 05c59711f39744278d0dfc551695cec3 - - default default] Successfully bumped revision number for resource 9da4234c-19aa-4ae8-b0ef-b6774691ed63 (type: security_group_rules) to 0 [pid: 8|app: 0|req: 1316/2784] 10.0.0.136 () {34 vars in 695 bytes} [Fri Jul 24 18:50:23 2026] POST /v2.0/security-group-rules => generated 597 bytes in 133 msecs (HTTP/1.1 201) 4 headers in 162 bytes (1 switches on core 0)
2026-07-24 18:50:23.444 8 INFO neutron.db.ovn_revision_numbers_db [None req-a145b751-81a2-4537-bee5-ab070d2ca451 a73c43138b3d4c938f8c5719557a7f8c 7ab1780863024b4aba8604147d8f2d81 - - default default] Successfully bumped revision number for resource 58aceb69-8702-401d-97c8-11faf076a5c3 (type: security_groups) to 1
2026-07-24 18:50:23.459 8 INFO neutron.db.ovn_revision_numbers_db [None req-a145b751-81a2-4537-bee5-ab070d2ca451 a73c43138b3d4c938f8c5719557a7f8c 7ab1780863024b4aba8604147d8f2d81 - - default default] Successfully bumped revision number for resource 694769d5-4946-4104-96a1-3aa92bdd0397 (type: security_group_rules) to 0
2026-07-24 18:50:23.461 7 INFO neutron.db.ovn_revision_numbers_db [None req-9ac162d7-cc19-4f73-9776-83e43b9c75e3 ef881bdf69a54dc0a1985b473762f925 05c59711f39744278d0dfc551695cec3 - - default default] Successfully bumped revision number for resource bed22899-6c7c-4ec0-aaa1-9874afad84aa (type: security_group_rules) to 0
2026-07-24 18:50:23.472 8 INFO neutron.db.ovn_revision_numbers_db [None req-a145b751-81a2-4537-bee5-ab070d2ca451 a73c43138b3d4c938f8c5719557a7f8c 7ab1780863024b4aba8604147d8f2d81 - - default default] Successfully bumped revision number for resource 8e89ed9a-d3ed-43bf-a5fb-fa576280d58b (type: security_group_rules) to 0
2026-07-24 18:50:23.483 8 INFO neutron.db.ovn_revision_numbers_db [None req-a145b751-81a2-4537-bee5-ab070d2ca451 a73c43138b3d4c938f8c5719557a7f8c 7ab1780863024b4aba8604147d8f2d81 - - default default] Successfully bumped revision number for resource 9d638804-bd63-4385-aa50-51abb900b1eb (type: security_group_rules) to 0 [pid: 7|app: 0|req: 1469/2785] 10.0.0.136 () {34 vars in 695 bytes} [Fri Jul 24 18:50:23 2026] POST /v2.0/security-group-rules => generated 599 bytes in 193 msecs (HTTP/1.1 201) 4 headers in 162 bytes (1 switches on core 0)
2026-07-24 18:50:23.493 8 INFO neutron.db.ovn_revision_numbers_db [None req-a145b751-81a2-4537-bee5-ab070d2ca451 a73c43138b3d4c938f8c5719557a7f8c 7ab1780863024b4aba8604147d8f2d81 - - default default] Successfully bumped revision number for resource a91584d2-6c01-4938-9689-7b946c2cab71 (type: security_group_rules) to 0 [pid: 8|app: 0|req: 1317/2786] 10.0.0.136 () {32 vars in 774 bytes} [Fri Jul 24 18:50:23 2026] GET /v2.0/security-groups?tenant_id=0a6a53a70e2a40a585ef7f5c1ed91337&name=default => generated 2929 bytes in 221 msecs (HTTP/1.1 200) 4 headers in 158 bytes (1 switches on core 0)
2026-07-24 18:50:23.645 7 INFO neutron.db.ovn_revision_numbers_db [None req-b8a36a32-a63a-490d-ad23-53b4be6d656d ef881bdf69a54dc0a1985b473762f925 05c59711f39744278d0dfc551695cec3 - - default default] Successfully bumped revision number for resource 55cb5cff-06be-43ec-bc7f-28e235de7c06 (type: security_group_rules) to 0 [pid: 7|app: 0|req: 1470/2787] 10.0.0.136 () {34 vars in 695 bytes} [Fri Jul 24 18:50:23 2026] POST /v2.0/security-group-rules => generated 601 bytes in 176 msecs (HTTP/1.1 201) 4 headers in 162 bytes (1 switches on core 0) [pid: 8|app: 0|req: 1318/2788] 10.0.0.136 () {32 vars in 740 bytes} [Fri Jul 24 18:50:23 2026] DELETE /v2.0/security-groups/58aceb69-8702-401d-97c8-11faf076a5c3 => generated 0 bytes in 218 msecs (HTTP/1.1 204) 2 headers in 112 bytes (1 switches on core 0)
2026-07-24 18:50:23.777 8 INFO neutron.services.segments.plugin [-] Segment 84180716-5147-4b1d-948b-68326cbdd743 resource provider aggregate not found
2026-07-24 18:50:23.788 8 INFO neutron.services.segments.plugin [-] Client error retrieving segment 84180716-5147-4b1d-948b-68326cbdd743 resource provider; error: Placement Client Error (4xx): {"errors": [{"status": 404, "title": "Not Found", "detail": "The resource could not be found.\n\n No resource provider with uuid 84180716-5147-4b1d-948b-68326cbdd743 found for delete ", "request_id": "req-15e8049a-4aab-48c1-9396-14401edcbbc2"}]}
2026-07-24 18:50:23.790 8 INFO neutron.services.segments.plugin [-] Segment 84180716-5147-4b1d-948b-68326cbdd743 resource provider aggregate not found
2026-07-24 18:50:23.803 8 INFO neutron.services.segments.plugin [-] Client error retrieving segment 84180716-5147-4b1d-948b-68326cbdd743 resource provider; error: Placement Client Error (4xx): {"errors": [{"status": 404, "title": "Not Found", "detail": "The resource could not be found.\n\n No resource provider with uuid 84180716-5147-4b1d-948b-68326cbdd743 found for delete ", "request_id": "req-0aca86fa-3dcb-45ef-8d1e-da35101e8737"}]}
2026-07-24 18:50:23.827 7 INFO neutron.db.ovn_revision_numbers_db [None req-a61fc0da-f035-4dc2-876c-32e9f050adb1 ef881bdf69a54dc0a1985b473762f925 05c59711f39744278d0dfc551695cec3 - - default default] Successfully bumped revision number for resource 2bcd3ac9-923c-444d-bd88-e2d6844cdc7d (type: security_group_rules) to 0 [pid: 7|app: 0|req: 1471/2789] 10.0.0.136 () {34 vars in 695 bytes} [Fri Jul 24 18:50:23 2026] POST /v2.0/security-group-rules => generated 601 bytes in 193 msecs (HTTP/1.1 201) 4 headers in 162 bytes (1 switches on core 0)
2026-07-24 18:50:24.018 8 INFO neutron.db.ovn_revision_numbers_db [None req-5314c463-882b-41a4-a8af-2641bbd5d6fa ef881bdf69a54dc0a1985b473762f925 05c59711f39744278d0dfc551695cec3 - - default default] Successfully bumped revision number for resource fbab779d-8b16-4329-8399-b88985873719 (type: security_group_rules) to 0 [pid: 8|app: 0|req: 1319/2790] 10.0.0.136 () {34 vars in 695 bytes} [Fri Jul 24 18:50:23 2026] POST /v2.0/security-group-rules => generated 597 bytes in 171 msecs (HTTP/1.1 201) 4 headers in 162 bytes (1 switches on core 0)
2026-07-24 18:50:24.239 7 INFO neutron.db.ovn_revision_numbers_db [None req-b629c0f3-9615-4e26-ac68-dcb5ff7b2b11 ef881bdf69a54dc0a1985b473762f925 05c59711f39744278d0dfc551695cec3 - - default default] Successfully bumped revision number for resource e4b4e43b-9289-43dd-8fa2-c7c7c62becfb (type: security_group_rules) to 0 [pid: 7|app: 0|req: 1472/2791] 10.0.0.136 () {34 vars in 695 bytes} [Fri Jul 24 18:50:24 2026] POST /v2.0/security-group-rules => generated 597 bytes in 193 msecs (HTTP/1.1 201) 4 headers in 162 bytes (1 switches on core 0)
2026-07-24 18:50:24.471 8 INFO neutron.db.ovn_revision_numbers_db [None req-8f91c2fd-1f68-4aaa-b65c-7cf0a52a3072 ef881bdf69a54dc0a1985b473762f925 05c59711f39744278d0dfc551695cec3 - - default default] Successfully bumped revision number for resource df4325ab-6a1b-4397-8444-f416b36ae9ad (type: security_group_rules) to 0 [pid: 8|app: 0|req: 1320/2792] 10.0.0.136 () {34 vars in 695 bytes} [Fri Jul 24 18:50:24 2026] POST /v2.0/security-group-rules => generated 597 bytes in 229 msecs (HTTP/1.1 201) 4 headers in 162 bytes (1 switches on core 0)
2026-07-24 18:50:24.664 7 INFO neutron.db.ovn_revision_numbers_db [None req-ca230b99-c0a6-4baf-9b0d-5e78f9dcf6ae ef881bdf69a54dc0a1985b473762f925 05c59711f39744278d0dfc551695cec3 - - default default] Successfully bumped revision number for resource 09497478-eea0-41f9-908a-5fa4c1cf1033 (type: security_group_rules) to 0 [pid: 7|app: 0|req: 1473/2793] 10.0.0.136 () {34 vars in 695 bytes} [Fri Jul 24 18:50:24 2026] POST /v2.0/security-group-rules => generated 599 bytes in 189 msecs (HTTP/1.1 201) 4 headers in 162 bytes (1 switches on core 0)
2026-07-24 18:50:24.856 8 INFO neutron.db.ovn_revision_numbers_db [None req-92b52f30-9ce9-4d56-afa4-1eeebffec1e4 ef881bdf69a54dc0a1985b473762f925 05c59711f39744278d0dfc551695cec3 - - default default] Successfully bumped revision number for resource c202b46f-a721-405c-87bd-3779322de734 (type: security_group_rules) to 0 [pid: 8|app: 0|req: 1321/2794] 10.0.0.136 () {34 vars in 695 bytes} [Fri Jul 24 18:50:24 2026] POST /v2.0/security-group-rules => generated 601 bytes in 193 msecs (HTTP/1.1 201) 4 headers in 162 bytes (1 switches on core 0)
2026-07-24 18:50:25.100 7 INFO neutron.db.ovn_revision_numbers_db [None req-f1511953-9915-46ca-8166-8253e3efa091 ef881bdf69a54dc0a1985b473762f925 05c59711f39744278d0dfc551695cec3 - - default default] Successfully bumped revision number for resource d82e60b7-f70d-4afd-93fb-084410b3b03a (type: security_group_rules) to 0 [pid: 7|app: 0|req: 1474/2795] 10.0.0.136 () {34 vars in 695 bytes} [Fri Jul 24 18:50:24 2026] POST /v2.0/security-group-rules => generated 597 bytes in 233 msecs (HTTP/1.1 201) 4 headers in 162 bytes (1 switches on core 0) [pid: 8|app: 0|req: 1322/2796] 10.0.0.70 () {34 vars in 1093 bytes} [Fri Jul 24 18:50:25 2026] GET /v2.0/security-groups?name=tempest-lb_member_SG-298939125&fields=id&tenant_id=05c59711f39744278d0dfc551695cec3 => generated 69 bytes in 30 msecs (HTTP/1.1 200) 4 headers in 156 bytes (1 switches on core 0) [pid: 7|app: 0|req: 1475/2797] 10.0.0.70 () {34 vars in 981 bytes} [Fri Jul 24 18:50:25 2026] GET /v2.0/networks?id=105562d6-b71b-4348-a0b7-e373673d3dcd => generated 742 bytes in 44 msecs (HTTP/1.1 200) 4 headers in 157 bytes (1 switches on core 0) [pid: 8|app: 0|req: 1323/2798] 10.0.0.70 () {34 vars in 964 bytes} [Fri Jul 24 18:50:25 2026] GET /v2.0/quotas/05c59711f39744278d0dfc551695cec3 => generated 292 bytes in 12 msecs (HTTP/1.1 200) 4 headers in 157 bytes (1 switches on core 0) [pid: 7|app: 0|req: 1476/2799] 10.0.0.70 () {34 vars in 1001 bytes} [Fri Jul 24 18:50:25 2026] GET /v2.0/ports?tenant_id=05c59711f39744278d0dfc551695cec3&fields=id => generated 287 bytes in 148 msecs (HTTP/1.1 200) 4 headers in 157 bytes (1 switches on core 0) [pid: 8|app: 0|req: 1324/2800] 10.0.0.70 () {34 vars in 1007 bytes} [Fri Jul 24 18:50:25 2026] GET /v2.0/networks/105562d6-b71b-4348-a0b7-e373673d3dcd?fields=segments => generated 14 bytes in 43 msecs (HTTP/1.1 200) 4 headers in 156 bytes (1 switches on core 0) [pid: 7|app: 0|req: 1477/2801] 10.0.0.70 () {34 vars in 1107 bytes} [Fri Jul 24 18:50:25 2026] GET /v2.0/networks/105562d6-b71b-4348-a0b7-e373673d3dcd?fields=provider%3Aphysical_network&fields=provider%3Anetwork_type => generated 79 bytes in 42 msecs (HTTP/1.1 200) 4 headers in 156 bytes (1 switches on core 0) [pid: 8|app: 0|req: 1325/2802] 10.0.0.70 () {34 vars in 989 bytes} [Fri Jul 24 18:50:25 2026] GET /v2.0/ports?device_id=993b393c-21ee-41cd-a547-fba796214a59 => generated 12 bytes in 16 msecs (HTTP/1.1 200) 4 headers in 156 bytes (1 switches on core 0)
2026-07-24 18:50:27.135 7 INFO neutron.db.ovn_revision_numbers_db [None req-c4571976-11a2-4b5c-b545-c9cd6cd50eaf 44feacd8421341a79c84c32ae6afc2b4 eadc8983fbb14cfebd62a2fd8f078ba1 - - default default] Successfully bumped revision number for resource c0721df1-d585-4f40-ba93-b5a3e0ccf432 (type: security_groups) to 1
2026-07-24 18:50:27.146 7 INFO neutron.db.ovn_revision_numbers_db [None req-c4571976-11a2-4b5c-b545-c9cd6cd50eaf 44feacd8421341a79c84c32ae6afc2b4 eadc8983fbb14cfebd62a2fd8f078ba1 - - default default] Successfully bumped revision number for resource 713ddcf1-3deb-427b-81b4-b413767fc45d (type: security_group_rules) to 0
2026-07-24 18:50:27.157 7 INFO neutron.db.ovn_revision_numbers_db [None req-c4571976-11a2-4b5c-b545-c9cd6cd50eaf 44feacd8421341a79c84c32ae6afc2b4 eadc8983fbb14cfebd62a2fd8f078ba1 - - default default] Successfully bumped revision number for resource 9650efd9-a0dc-4f6c-9c4b-291b05dc6017 (type: security_group_rules) to 0
2026-07-24 18:50:27.169 7 INFO neutron.db.ovn_revision_numbers_db [None req-c4571976-11a2-4b5c-b545-c9cd6cd50eaf 44feacd8421341a79c84c32ae6afc2b4 eadc8983fbb14cfebd62a2fd8f078ba1 - - default default] Successfully bumped revision number for resource d0bd3331-bd4f-4aac-92fd-1b2901e1fa92 (type: security_group_rules) to 0
2026-07-24 18:50:27.185 7 INFO neutron.db.ovn_revision_numbers_db [None req-c4571976-11a2-4b5c-b545-c9cd6cd50eaf 44feacd8421341a79c84c32ae6afc2b4 eadc8983fbb14cfebd62a2fd8f078ba1 - - default default] Successfully bumped revision number for resource dd20889b-c5c6-462c-87ea-2d43a8ac7a87 (type: security_group_rules) to 0
2026-07-24 18:50:27.263 7 INFO neutron.db.segments_db [None req-c4571976-11a2-4b5c-b545-c9cd6cd50eaf 44feacd8421341a79c84c32ae6afc2b4 eadc8983fbb14cfebd62a2fd8f078ba1 - - default default] Added segment 90711690-7013-4420-a57a-6160a93f48a8 of type geneve for network 46b865ae-a3b7-4ba5-8fcf-741997c41a92
2026-07-24 18:50:27.361 7 INFO neutron.db.ovn_revision_numbers_db [None req-c4571976-11a2-4b5c-b545-c9cd6cd50eaf 44feacd8421341a79c84c32ae6afc2b4 eadc8983fbb14cfebd62a2fd8f078ba1 - - default default] Successfully bumped revision number for resource 46b865ae-a3b7-4ba5-8fcf-741997c41a92 (type: networks) to 1
2026-07-24 18:50:27.532 7 WARNING neutron.scheduler.dhcp_agent_scheduler [None req-c4571976-11a2-4b5c-b545-c9cd6cd50eaf 44feacd8421341a79c84c32ae6afc2b4 eadc8983fbb14cfebd62a2fd8f078ba1 - - default default] No more DHCP agents
2026-07-24 18:50:27.534 7 WARNING neutron.api.rpc.agentnotifiers.dhcp_rpc_agent_api [None req-c4571976-11a2-4b5c-b545-c9cd6cd50eaf 44feacd8421341a79c84c32ae6afc2b4 eadc8983fbb14cfebd62a2fd8f078ba1 - - default default] Unable to schedule network 46b865ae-a3b7-4ba5-8fcf-741997c41a92: no agents available; will retry on subsequent port and subnet creation events.
2026-07-24 18:50:27.585 7 INFO neutron.plugins.ml2.drivers.ovn.mech_driver.mech_driver [None req-abdbc643-c7b8-4939-8261-4b4c48861c13 - - - - - -] OVN reports status down for port: 7d16b19e-0c86-4c10-96fa-e80929c0c22b
2026-07-24 18:50:27.638 7 INFO neutron.db.ovn_revision_numbers_db [None req-c4571976-11a2-4b5c-b545-c9cd6cd50eaf 44feacd8421341a79c84c32ae6afc2b4 eadc8983fbb14cfebd62a2fd8f078ba1 - - default default] Successfully bumped revision number for resource 7d16b19e-0c86-4c10-96fa-e80929c0c22b (type: ports) to 1 [pid: 7|app: 0|req: 1478/2803] 10.0.0.136 () {34 vars in 670 bytes} [Fri Jul 24 18:50:26 2026] POST /v2.0/networks => generated 665 bytes in 869 msecs (HTTP/1.1 201) 4 headers in 162 bytes (1 switches on core 0)
2026-07-24 18:50:27.890 8 WARNING neutron.scheduler.dhcp_agent_scheduler [None req-35e4187f-25e5-4f5b-9820-54d0a767a0b4 44feacd8421341a79c84c32ae6afc2b4 eadc8983fbb14cfebd62a2fd8f078ba1 - - default default] No more DHCP agents
2026-07-24 18:50:27.891 8 WARNING neutron.api.rpc.agentnotifiers.dhcp_rpc_agent_api [None req-35e4187f-25e5-4f5b-9820-54d0a767a0b4 44feacd8421341a79c84c32ae6afc2b4 eadc8983fbb14cfebd62a2fd8f078ba1 - - default default] Unable to schedule network 46b865ae-a3b7-4ba5-8fcf-741997c41a92: no agents available; will retry on subsequent port and subnet creation events.
2026-07-24 18:50:28.794 8 INFO neutron.db.ovn_revision_numbers_db [None req-de1cd29c-c811-44d6-aee2-dd5831cd159d - - - - - -] Successfully bumped revision number for resource 7d16b19e-0c86-4c10-96fa-e80929c0c22b (type: ports) to 2
2026-07-24 18:50:28.827 8 INFO neutron.db.ovn_revision_numbers_db [None req-de1cd29c-c811-44d6-aee2-dd5831cd159d - - - - - -] Successfully bumped revision number for resource 50ab72a8-9bd1-41f4-8b2a-d06ec5d8a48a (type: subnets) to 0 [pid: 8|app: 0|req: 1326/2804] 10.0.0.136 () {34 vars in 669 bytes} [Fri Jul 24 18:50:27 2026] POST /v2.0/subnets => generated 626 bytes in 1163 msecs (HTTP/1.1 201) 4 headers in 162 bytes (1 switches on core 0)
2026-07-24 18:50:29.254 7 WARNING neutron.scheduler.dhcp_agent_scheduler [None req-ae2b6e35-1e35-402b-b6ca-66e3022f9e25 44feacd8421341a79c84c32ae6afc2b4 eadc8983fbb14cfebd62a2fd8f078ba1 - - default default] No more DHCP agents
2026-07-24 18:50:29.255 7 WARNING neutron.api.rpc.agentnotifiers.dhcp_rpc_agent_api [None req-ae2b6e35-1e35-402b-b6ca-66e3022f9e25 44feacd8421341a79c84c32ae6afc2b4 eadc8983fbb14cfebd62a2fd8f078ba1 - - default default] Unable to schedule network 44cb9f04-b733-4ef1-96e6-f026a2b3a019: no agents available; will retry on subsequent port and subnet creation events.
2026-07-24 18:50:29.340 7 INFO neutron.plugins.ml2.drivers.ovn.mech_driver.mech_driver [None req-abdbc643-c7b8-4939-8261-4b4c48861c13 - - - - - -] OVN reports status down for port: 5b770077-249b-4667-9148-a9aa6ef47c6b
2026-07-24 18:50:29.396 7 INFO neutron.db.ovn_revision_numbers_db [None req-ae2b6e35-1e35-402b-b6ca-66e3022f9e25 44feacd8421341a79c84c32ae6afc2b4 eadc8983fbb14cfebd62a2fd8f078ba1 - - default default] Successfully bumped revision number for resource 5b770077-249b-4667-9148-a9aa6ef47c6b (type: ports) to 1
2026-07-24 18:50:29.946 7 INFO neutron.plugins.ml2.drivers.ovn.mech_driver.ovsdb.commands [None req-a788abaf-01aa-4022-b545-c9cf9f88ec44 - - - - - -] Schedule LRP lrp-5b770077-249b-4667-9148-a9aa6ef47c6b on gateway b4649cd3-4f4b-4d59-ab8f-2666da2d6ea6 with priority 1
2026-07-24 18:50:29.983 7 INFO neutron.plugins.ml2.drivers.ovn.mech_driver.mech_driver [None req-abdbc643-c7b8-4939-8261-4b4c48861c13 - - - - - -] OVN reports status up for port: 5b770077-249b-4667-9148-a9aa6ef47c6b
2026-07-24 18:50:30.010 7 INFO neutron.plugins.ml2.plugin [None req-abdbc643-c7b8-4939-8261-4b4c48861c13 - - - - - -] Attempt 1 to provision port 5b770077-249b-4667-9148-a9aa6ef47c6b
2026-07-24 18:50:30.031 7 INFO neutron.db.ovn_revision_numbers_db [None req-ae2b6e35-1e35-402b-b6ca-66e3022f9e25 44feacd8421341a79c84c32ae6afc2b4 eadc8983fbb14cfebd62a2fd8f078ba1 - - default default] Successfully bumped revision number for resource 5b770077-249b-4667-9148-a9aa6ef47c6b (type: router_ports) to 1 [pid: 8|app: 0|req: 1327/2805] 199.204.45.74 () {34 vars in 985 bytes} [Fri Jul 24 18:50:30 2026] GET /v2.0/networks?id=105562d6-b71b-4348-a0b7-e373673d3dcd => generated 742 bytes in 51 msecs (HTTP/1.1 200) 4 headers in 157 bytes (1 switches on core 0) [pid: 8|app: 0|req: 1328/2806] 199.204.45.74 () {34 vars in 1049 bytes} [Fri Jul 24 18:50:30 2026] GET /v2.0/security-groups?fields=id&fields=name&tenant_id=05c59711f39744278d0dfc551695cec3 => generated 178 bytes in 35 msecs (HTTP/1.1 200) 4 headers in 157 bytes (1 switches on core 0)
2026-07-24 18:50:30.147 7 INFO neutron.db.ovn_revision_numbers_db [None req-ae2b6e35-1e35-402b-b6ca-66e3022f9e25 44feacd8421341a79c84c32ae6afc2b4 eadc8983fbb14cfebd62a2fd8f078ba1 - - default default] Successfully bumped revision number for resource 06f39b39-6777-4010-bd19-a7ffee1843e9 (type: routers) to 2 [pid: 7|app: 0|req: 1479/2807] 10.0.0.136 () {34 vars in 669 bytes} [Fri Jul 24 18:50:28 2026] POST /v2.0/routers => generated 935 bytes in 1309 msecs (HTTP/1.1 201) 4 headers in 162 bytes (1 switches on core 0)
2026-07-24 18:50:30.402 8 WARNING neutron.scheduler.dhcp_agent_scheduler [req-5143cae3-0ed7-41c5-aa85-51594f431707 req-6b01fadd-c280-4c58-8ee8-c69891d1f0b8 ef881bdf69a54dc0a1985b473762f925 05c59711f39744278d0dfc551695cec3 - - default default] No more DHCP agents
2026-07-24 18:50:30.403 8 WARNING neutron.api.rpc.agentnotifiers.dhcp_rpc_agent_api [req-5143cae3-0ed7-41c5-aa85-51594f431707 req-6b01fadd-c280-4c58-8ee8-c69891d1f0b8 ef881bdf69a54dc0a1985b473762f925 05c59711f39744278d0dfc551695cec3 - - default default] Unable to schedule network 105562d6-b71b-4348-a0b7-e373673d3dcd: no agents available; will retry on subsequent port and subnet creation events.
2026-07-24 18:50:30.507 8 INFO neutron.plugins.ml2.drivers.ovn.mech_driver.mech_driver [None req-ad7f3621-5df1-42cd-937e-50f1f54094a5 - - - - - -] OVN reports status down for port: 1738f985-da74-40a9-9749-a0e0b9649545
2026-07-24 18:50:30.576 8 INFO neutron.db.ovn_revision_numbers_db [req-5143cae3-0ed7-41c5-aa85-51594f431707 req-6b01fadd-c280-4c58-8ee8-c69891d1f0b8 ef881bdf69a54dc0a1985b473762f925 05c59711f39744278d0dfc551695cec3 - - default default] Successfully bumped revision number for resource 1738f985-da74-40a9-9749-a0e0b9649545 (type: ports) to 1 [pid: 8|app: 0|req: 1329/2808] 199.204.45.74 () {38 vars in 954 bytes} [Fri Jul 24 18:50:30 2026] POST /v2.0/ports => generated 1179 bytes in 550 msecs (HTTP/1.1 201) 4 headers in 163 bytes (1 switches on core 0) /var/lib/openstack/lib/python3.12/site-packages/pycadf/identifier.py:70: UserWarning: Invalid uuid: neutron. To ensure interoperability, identifiers should be a valid uuid. warnings.warn(('Invalid uuid: %s. To ensure interoperability, '
2026-07-24 18:50:31.055 8 INFO neutron.db.ovn_revision_numbers_db [req-5143cae3-0ed7-41c5-aa85-51594f431707 req-b998216d-a29b-408f-b3e2-c6128dc273c7 f8b0fc17324240b28efd18c97206b832 89719a70b97b434ba33fa2c9827a0ccb - - 0ba95e82e6174f718fc15701b3e563c2 0ba95e82e6174f718fc15701b3e563c2] Successfully bumped revision number for resource 1738f985-da74-40a9-9749-a0e0b9649545 (type: ports) to 2
2026-07-24 18:50:31.202 7 WARNING neutron.scheduler.dhcp_agent_scheduler [None req-9f5c5e86-c123-4aca-ba42-bf6da972e504 44feacd8421341a79c84c32ae6afc2b4 eadc8983fbb14cfebd62a2fd8f078ba1 - - default default] No more DHCP agents
2026-07-24 18:50:31.203 7 WARNING neutron.api.rpc.agentnotifiers.dhcp_rpc_agent_api [None req-9f5c5e86-c123-4aca-ba42-bf6da972e504 44feacd8421341a79c84c32ae6afc2b4 eadc8983fbb14cfebd62a2fd8f078ba1 - - default default] Unable to schedule network 46b865ae-a3b7-4ba5-8fcf-741997c41a92: no agents available; will retry on subsequent port and subnet creation events.
2026-07-24 18:50:31.262 8 INFO neutron.db.ovn_revision_numbers_db [req-5143cae3-0ed7-41c5-aa85-51594f431707 req-b998216d-a29b-408f-b3e2-c6128dc273c7 f8b0fc17324240b28efd18c97206b832 89719a70b97b434ba33fa2c9827a0ccb - - 0ba95e82e6174f718fc15701b3e563c2 0ba95e82e6174f718fc15701b3e563c2] Successfully bumped revision number for resource 1738f985-da74-40a9-9749-a0e0b9649545 (type: ports) to 4 [pid: 8|app: 0|req: 1330/2809] 199.204.45.74 () {38 vars in 1027 bytes} [Fri Jul 24 18:50:30 2026] PUT /v2.0/ports/1738f985-da74-40a9-9749-a0e0b9649545 => generated 1429 bytes in 608 msecs (HTTP/1.1 200) 4 headers in 158 bytes (1 switches on core 0) /var/lib/openstack/lib/python3.12/site-packages/pycadf/identifier.py:70: UserWarning: Invalid uuid: neutron. To ensure interoperability, identifiers should be a valid uuid. warnings.warn(('Invalid uuid: %s. To ensure interoperability, '
2026-07-24 18:50:31.325 8 INFO neutron.notifiers.nova [-] Nova event matching ['req-4010a137-90bd-4bbd-b9e5-a6f1719f1937'] response: {'name': 'network-changed', 'server_uuid': '993b393c-21ee-41cd-a547-fba796214a59', 'tag': '1738f985-da74-40a9-9749-a0e0b9649545', 'status': 'completed', 'code': 200} [pid: 8|app: 0|req: 1331/2810] 10.0.0.70 () {34 vars in 989 bytes} [Fri Jul 24 18:50:31 2026] GET /v2.0/ports?device_id=993b393c-21ee-41cd-a547-fba796214a59 => generated 1194 bytes in 59 msecs (HTTP/1.1 200) 4 headers in 158 bytes (1 switches on core 0)
2026-07-24 18:50:31.358 7 INFO neutron.db.ovn_revision_numbers_db [None req-9f5c5e86-c123-4aca-ba42-bf6da972e504 44feacd8421341a79c84c32ae6afc2b4 eadc8983fbb14cfebd62a2fd8f078ba1 - - default default] Successfully bumped revision number for resource bd30c092-3044-4976-b5ff-dd8674333135 (type: ports) to 1 [pid: 8|app: 0|req: 1332/2811] 10.0.0.70 () {34 vars in 1039 bytes} [Fri Jul 24 18:50:31 2026] GET /v2.0/security-groups?id=9b7f113b-f624-48d8-8d93-bfba9491a0dd&fields=id&fields=name => generated 111 bytes in 33 msecs (HTTP/1.1 200) 4 headers in 157 bytes (1 switches on core 0) [pid: 8|app: 0|req: 1335/2814] 199.204.45.74 () {34 vars in 1079 bytes} [Fri Jul 24 18:50:31 2026] GET /v2.0/ports?tenant_id=05c59711f39744278d0dfc551695cec3&device_id=993b393c-21ee-41cd-a547-fba796214a59 => generated 1432 bytes in 35 msecs (HTTP/1.1 200) 4 headers in 158 bytes (1 switches on core 0) [pid: 8|app: 0|req: 1336/2815] 199.204.45.74 () {34 vars in 1017 bytes} [Fri Jul 24 18:50:31 2026] GET /v2.0/networks?tenant_id=05c59711f39744278d0dfc551695cec3&shared=False => generated 2497 bytes in 80 msecs (HTTP/1.1 200) 4 headers in 158 bytes (1 switches on core 0) [pid: 8|app: 0|req: 1337/2816] 199.204.45.74 () {34 vars in 929 bytes} [Fri Jul 24 18:50:31 2026] GET /v2.0/networks?shared=True => generated 791 bytes in 38 msecs (HTTP/1.1 200) 4 headers in 157 bytes (1 switches on core 0)
2026-07-24 18:50:32.022 7 WARNING neutron.scheduler.dhcp_agent_scheduler [None req-9f5c5e86-c123-4aca-ba42-bf6da972e504 44feacd8421341a79c84c32ae6afc2b4 eadc8983fbb14cfebd62a2fd8f078ba1 - - default default] No more DHCP agents
2026-07-24 18:50:32.023 7 WARNING neutron.api.rpc.agentnotifiers.dhcp_rpc_agent_api [None req-9f5c5e86-c123-4aca-ba42-bf6da972e504 44feacd8421341a79c84c32ae6afc2b4 eadc8983fbb14cfebd62a2fd8f078ba1 - - default default] Unable to schedule network 46b865ae-a3b7-4ba5-8fcf-741997c41a92: no agents available; will retry on subsequent port and subnet creation events.
2026-07-24 18:50:32.393 7 INFO neutron.db.ovn_revision_numbers_db [None req-9f5c5e86-c123-4aca-ba42-bf6da972e504 44feacd8421341a79c84c32ae6afc2b4 eadc8983fbb14cfebd62a2fd8f078ba1 - - default default] Successfully bumped revision number for resource bd30c092-3044-4976-b5ff-dd8674333135 (type: router_ports) to 1 [pid: 7|app: 0|req: 1480/2817] 10.0.0.136 () {34 vars in 783 bytes} [Fri Jul 24 18:50:30 2026] PUT /v2.0/routers/06f39b39-6777-4010-bd19-a7ffee1843e9/add_router_interface => generated 309 bytes in 2226 msecs (HTTP/1.1 200) 4 headers in 157 bytes (1 switches on core 0) [pid: 7|app: 0|req: 1481/2818] 199.204.45.74 () {34 vars in 1079 bytes} [Fri Jul 24 18:50:33 2026] GET /v2.0/ports?tenant_id=05c59711f39744278d0dfc551695cec3&device_id=993b393c-21ee-41cd-a547-fba796214a59 => generated 1432 bytes in 41 msecs (HTTP/1.1 200) 4 headers in 158 bytes (1 switches on core 0)
2026-07-24 18:50:33.055 8 WARNING neutron.scheduler.dhcp_agent_scheduler [None req-f9908d99-2e09-494c-a7a0-e8b9fb40cacd - - - - - -] No more DHCP agents
2026-07-24 18:50:33.056 8 WARNING neutron.api.rpc.agentnotifiers.dhcp_rpc_agent_api [None req-f9908d99-2e09-494c-a7a0-e8b9fb40cacd - - - - - -] Unable to schedule network 44cb9f04-b733-4ef1-96e6-f026a2b3a019: no agents available; will retry on subsequent port and subnet creation events. [pid: 7|app: 0|req: 1482/2819] 199.204.45.74 () {34 vars in 1055 bytes} [Fri Jul 24 18:50:33 2026] GET /v2.0/floatingips?fixed_ip_address=10.2.1.64&port_id=1738f985-da74-40a9-9749-a0e0b9649545 => generated 19 bytes in 18 msecs (HTTP/1.1 200) 4 headers in 156 bytes (1 switches on core 0) [pid: 7|app: 0|req: 1483/2820] 199.204.45.74 () {34 vars in 1103 bytes} [Fri Jul 24 18:50:33 2026] GET /v2.0/floatingips?fixed_ip_address=fd7b%3Af9f7%3Afff%3A4eca%3A%3A292&port_id=1738f985-da74-40a9-9749-a0e0b9649545 => generated 19 bytes in 22 msecs (HTTP/1.1 200) 4 headers in 156 bytes (1 switches on core 0) [pid: 7|app: 0|req: 1484/2821] 199.204.45.74 () {34 vars in 1063 bytes} [Fri Jul 24 18:50:33 2026] GET /v2.0/subnets?id=a68c22e4-6b32-4ae1-b6a0-b8b124cef4bd&id=e341ed00-745a-48f3-8724-1261781f8453 => generated 1410 bytes in 32 msecs (HTTP/1.1 200) 4 headers in 158 bytes (1 switches on core 0) [pid: 7|app: 0|req: 1485/2822] 199.204.45.74 () {34 vars in 1051 bytes} [Fri Jul 24 18:50:33 2026] GET /v2.0/ports?network_id=105562d6-b71b-4348-a0b7-e373673d3dcd&device_owner=network%3Adhcp => generated 12 bytes in 44 msecs (HTTP/1.1 200) 4 headers in 156 bytes (1 switches on core 0)
2026-07-24 18:50:33.212 8 INFO neutron.db.ovn_revision_numbers_db [None req-f9908d99-2e09-494c-a7a0-e8b9fb40cacd - - - - - -] Successfully bumped revision number for resource 6b783d29-60c6-455b-9ed6-68cbb957e631 (type: ports) to 1 [pid: 7|app: 0|req: 1486/2823] 199.204.45.74 () {34 vars in 1051 bytes} [Fri Jul 24 18:50:33 2026] GET /v2.0/ports?network_id=105562d6-b71b-4348-a0b7-e373673d3dcd&device_owner=network%3Adhcp => generated 12 bytes in 33 msecs (HTTP/1.1 200) 4 headers in 156 bytes (1 switches on core 0) [pid: 7|app: 0|req: 1487/2824] 199.204.45.74 () {34 vars in 1011 bytes} [Fri Jul 24 18:50:33 2026] GET /v2.0/networks/105562d6-b71b-4348-a0b7-e373673d3dcd?fields=segments => generated 14 bytes in 47 msecs (HTTP/1.1 200) 4 headers in 156 bytes (1 switches on core 0) [pid: 7|app: 0|req: 1488/2825] 199.204.45.74 () {34 vars in 1111 bytes} [Fri Jul 24 18:50:33 2026] GET /v2.0/networks/105562d6-b71b-4348-a0b7-e373673d3dcd?fields=provider%3Aphysical_network&fields=provider%3Anetwork_type => generated 79 bytes in 40 msecs (HTTP/1.1 200) 4 headers in 156 bytes (1 switches on core 0)
2026-07-24 18:50:33.481 8 INFO neutron.db.ovn_revision_numbers_db [None req-f9908d99-2e09-494c-a7a0-e8b9fb40cacd - - - - - -] Successfully bumped revision number for resource 6b783d29-60c6-455b-9ed6-68cbb957e631 (type: ports) to 3
2026-07-24 18:50:33.549 8 INFO neutron.db.segments_db [None req-f9908d99-2e09-494c-a7a0-e8b9fb40cacd - - - - - -] Added segment dd5f482a-10b0-48a9-bd8d-2fe116777bca of type geneve for network 344e85ea-a60e-4f39-97a0-a380d42607e9
2026-07-24 18:50:33.637 8 INFO neutron.db.ovn_revision_numbers_db [None req-20a1fd79-fc1a-4748-8637-1dc0335eb920 - - - - - -] Successfully bumped revision number for resource 344e85ea-a60e-4f39-97a0-a380d42607e9 (type: networks) to 1
2026-07-24 18:50:33.774 8 WARNING neutron.scheduler.dhcp_agent_scheduler [None req-20a1fd79-fc1a-4748-8637-1dc0335eb920 - - - - - -] No more DHCP agents
2026-07-24 18:50:33.775 8 WARNING neutron.api.rpc.agentnotifiers.dhcp_rpc_agent_api [None req-20a1fd79-fc1a-4748-8637-1dc0335eb920 - - - - - -] Unable to schedule network 344e85ea-a60e-4f39-97a0-a380d42607e9: no agents available; will retry on subsequent port and subnet creation events.
