2026-07-24 18:46:52.531 8 INFO neutron.services.segments.plugin [-] Client error retrieving segment 8c4d17b5-af1f-460f-b5a4-59578df76db8 resource provider; error: Placement Client Error (4xx): {"errors": [{"status": 404, "title": "Not Found", "detail": "The resource could not be found.\n\n No resource provider with uuid 8c4d17b5-af1f-460f-b5a4-59578df76db8 found for delete ", "request_id": "req-11dfeb0a-9563-4bd5-acfa-76bda8b82ddf"}]}
2026-07-24 18:46:52.538 8 INFO neutron.services.segments.plugin [-] Client error retrieving segment 8c4d17b5-af1f-460f-b5a4-59578df76db8 resource provider; error: Placement Client Error (4xx): {"errors": [{"status": 404, "title": "Not Found", "detail": "The resource could not be found.\n\n No resource provider with uuid 8c4d17b5-af1f-460f-b5a4-59578df76db8 found for delete ", "request_id": "req-c76cb0b5-5ec1-4bb6-a901-6b952db4652b"}]}
2026-07-24 18:46:52.543 8 INFO neutron.services.segments.plugin [-] Segment 9e7a992c-c055-45f3-a87d-6f6661454f5a resource provider aggregate not found
2026-07-24 18:46:52.558 8 INFO neutron.db.ovn_revision_numbers_db [req-f208560c-2ac5-48db-8d08-dc3f4f73a949 req-783e3642-0e48-4b8d-b74e-4b8dbc389657 b690672fe3c44faeb0df31b14aa3a978 dbdb699ce6544262a7962cdaf1943e45 - - default default] Successfully bumped revision number for resource 422fb74f-8d46-455c-9d9b-b13682e7bf43 (type: ports) to 1
2026-07-24 18:46:52.562 8 INFO neutron.services.segments.plugin [-] Segment 9e7a992c-c055-45f3-a87d-6f6661454f5a resource provider aggregate not found
2026-07-24 18:46:52.572 8 INFO neutron.services.segments.plugin [-] Client error retrieving segment 9e7a992c-c055-45f3-a87d-6f6661454f5a resource provider; error: Placement Client Error (4xx): {"errors": [{"status": 404, "title": "Not Found", "detail": "The resource could not be found.\n\n No resource provider with uuid 9e7a992c-c055-45f3-a87d-6f6661454f5a found for delete ", "request_id": "req-046b318b-7c4f-4105-8629-1d409d1f72d3"}]}
2026-07-24 18:46:52.589 8 INFO neutron.services.segments.plugin [-] Client error retrieving segment 9e7a992c-c055-45f3-a87d-6f6661454f5a resource provider; error: Placement Client Error (4xx): {"errors": [{"status": 404, "title": "Not Found", "detail": "The resource could not be found.\n\n No resource provider with uuid 9e7a992c-c055-45f3-a87d-6f6661454f5a found for delete ", "request_id": "req-c64c6c05-a877-4e97-b642-48cbdf908c7a"}]} [pid: 8|app: 0|req: 582/1162] 199.204.45.74 () {38 vars in 954 bytes} [Fri Jul 24 18:46:52 2026] POST /v2.0/ports => generated 954 bytes in 590 msecs (HTTP/1.1 201) 4 headers in 162 bytes (1 switches on core 0) /var/lib/openstack/lib/python3.12/site-packages/pycadf/identifier.py:70: UserWarning: Invalid uuid: neutron. To ensure interoperability, identifiers should be a valid uuid. warnings.warn(('Invalid uuid: %s. To ensure interoperability, ' [pid: 8|app: 0|req: 583/1163] 10.0.0.70 () {34 vars in 989 bytes} [Fri Jul 24 18:46:52 2026] GET /v2.0/ports?device_id=3b1b6e10-9d74-4e9c-b723-f020811ec174 => generated 973 bytes in 34 msecs (HTTP/1.1 200) 4 headers in 157 bytes (1 switches on core 0) /var/lib/openstack/lib/python3.12/site-packages/pycadf/identifier.py:70: UserWarning: Invalid uuid: neutron. To ensure interoperability, identifiers should be a valid uuid. warnings.warn(('Invalid uuid: %s. To ensure interoperability, ' [pid: 7|app: 0|req: 581/1164] 10.0.0.136 () {32 vars in 774 bytes} [Fri Jul 24 18:46:52 2026] GET /v2.0/security-groups?tenant_id=3373fba6f8bd4e318546c87350d1de6d&name=default => generated 2925 bytes in 226 msecs (HTTP/1.1 200) 4 headers in 158 bytes (1 switches on core 0) [pid: 7|app: 0|req: 582/1165] 10.0.0.70 () {34 vars in 1039 bytes} [Fri Jul 24 18:46:52 2026] GET /v2.0/security-groups?id=5b3329b2-9928-4203-90e8-ecf48570142c&fields=id&fields=name => generated 113 bytes in 28 msecs (HTTP/1.1 200) 4 headers in 157 bytes (1 switches on core 0) [pid: 7|app: 0|req: 583/1166] 10.0.0.136 () {32 vars in 740 bytes} [Fri Jul 24 18:46:52 2026] DELETE /v2.0/security-groups/52bec12a-4312-4415-9048-158cc8099c52 => generated 0 bytes in 307 msecs (HTTP/1.1 204) 2 headers in 112 bytes (1 switches on core 0)
2026-07-24 18:46:53.052 8 INFO neutron.db.ovn_revision_numbers_db [req-f208560c-2ac5-48db-8d08-dc3f4f73a949 req-7ecd3725-c84c-4bc7-86a6-218a07dc8870 f8b0fc17324240b28efd18c97206b832 89719a70b97b434ba33fa2c9827a0ccb - - 0ba95e82e6174f718fc15701b3e563c2 0ba95e82e6174f718fc15701b3e563c2] Successfully bumped revision number for resource 422fb74f-8d46-455c-9d9b-b13682e7bf43 (type: ports) to 2 [pid: 7|app: 0|req: 584/1167] 10.0.0.70 () {34 vars in 989 bytes} [Fri Jul 24 18:46:53 2026] GET /v2.0/ports?device_id=b820c58d-1f3c-49d2-860f-c6704bdd018a => generated 969 bytes in 56 msecs (HTTP/1.1 200) 4 headers in 157 bytes (1 switches on core 0) [pid: 7|app: 0|req: 585/1168] 199.204.45.74 () {34 vars in 993 bytes} [Fri Jul 24 18:46:53 2026] GET /v2.0/ports?device_id=3b1b6e10-9d74-4e9c-b723-f020811ec174 => generated 973 bytes in 70 msecs (HTTP/1.1 200) 4 headers in 157 bytes (1 switches on core 0) [pid: 7|app: 0|req: 586/1169] 10.0.0.70 () {34 vars in 1039 bytes} [Fri Jul 24 18:46:53 2026] GET /v2.0/security-groups?id=06f4dace-67b3-4e5e-8674-fab2a978b8c6&fields=id&fields=name => generated 113 bytes in 26 msecs (HTTP/1.1 200) 4 headers in 157 bytes (1 switches on core 0)
2026-07-24 18:46:53.260 8 INFO neutron.db.ovn_revision_numbers_db [req-f208560c-2ac5-48db-8d08-dc3f4f73a949 req-7ecd3725-c84c-4bc7-86a6-218a07dc8870 f8b0fc17324240b28efd18c97206b832 89719a70b97b434ba33fa2c9827a0ccb - - 0ba95e82e6174f718fc15701b3e563c2 0ba95e82e6174f718fc15701b3e563c2] Successfully bumped revision number for resource 422fb74f-8d46-455c-9d9b-b13682e7bf43 (type: ports) to 4 [pid: 8|app: 0|req: 584/1170] 199.204.45.74 () {38 vars in 1027 bytes} [Fri Jul 24 18:46:52 2026] PUT /v2.0/ports/422fb74f-8d46-455c-9d9b-b13682e7bf43 => generated 1204 bytes in 614 msecs (HTTP/1.1 200) 4 headers in 158 bytes (1 switches on core 0)
2026-07-24 18:46:53.316 8 INFO neutron.notifiers.nova [-] Nova event matching ['req-7aa3161a-d7f5-4475-bb61-03316a2fc173'] response: {'name': 'network-changed', 'server_uuid': 'b820c58d-1f3c-49d2-860f-c6704bdd018a', 'tag': '422fb74f-8d46-455c-9d9b-b13682e7bf43', 'status': 'completed', 'code': 200}
2026-07-24 18:46:53.328 7 INFO neutron_taas.services.taas.taas_plugin [req-f7f263de-87fc-49c4-986e-b064133b44bf req-d076d5c6-f8d4-487e-ad08-32d8fed9d760 a00de05de0454871b4167cc81fa81961 af13b8f3b22c44c39497bda5ef5bff66 - - default default] TaaS: Handle Delete Port: c23613e0-7689-4057-be40-927129c48e5f
2026-07-24 18:46:53.331 7 INFO neutron_taas.services.taas.tap_mirror_plugin [req-f7f263de-87fc-49c4-986e-b064133b44bf req-d076d5c6-f8d4-487e-ad08-32d8fed9d760 a00de05de0454871b4167cc81fa81961 af13b8f3b22c44c39497bda5ef5bff66 - - default default] Tap Mirror: Handle Delete Port: c23613e0-7689-4057-be40-927129c48e5f
2026-07-24 18:46:53.551 7 INFO neutron.db.l3_db [req-f7f263de-87fc-49c4-986e-b064133b44bf req-d076d5c6-f8d4-487e-ad08-32d8fed9d760 a00de05de0454871b4167cc81fa81961 af13b8f3b22c44c39497bda5ef5bff66 - - default default] Floating IP 8b673a8d-61e8-4532-9088-e968e5b2b1ba disassociated. External IP: 10.96.250.201, port: c23613e0-7689-4057-be40-927129c48e5f. [pid: 7|app: 0|req: 587/1171] 199.204.45.74 () {36 vars in 996 bytes} [Fri Jul 24 18:46:53 2026] DELETE /v2.0/ports/c23613e0-7689-4057-be40-927129c48e5f => generated 0 bytes in 485 msecs (HTTP/1.1 204) 3 headers in 131 bytes (1 switches on core 0) /var/lib/openstack/lib/python3.12/site-packages/pycadf/identifier.py:70: UserWarning: Invalid uuid: neutron. To ensure interoperability, identifiers should be a valid uuid. warnings.warn(('Invalid uuid: %s. To ensure interoperability, ' [pid: 8|app: 0|req: 585/1172] 10.0.0.70 () {34 vars in 989 bytes} [Fri Jul 24 18:46:53 2026] GET /v2.0/ports?device_id=3b1b6e10-9d74-4e9c-b723-f020811ec174 => generated 12 bytes in 24 msecs (HTTP/1.1 200) 4 headers in 156 bytes (1 switches on core 0) /var/lib/openstack/lib/python3.12/site-packages/pycadf/identifier.py:70: UserWarning: Invalid uuid: neutron. To ensure interoperability, identifiers should be a valid uuid. warnings.warn(('Invalid uuid: %s. To ensure interoperability, ' [pid: 7|app: 0|req: 588/1173] 199.204.45.74 () {34 vars in 1079 bytes} [Fri Jul 24 18:46:53 2026] GET /v2.0/ports?tenant_id=dbdb699ce6544262a7962cdaf1943e45&device_id=b820c58d-1f3c-49d2-860f-c6704bdd018a => generated 1207 bytes in 42 msecs (HTTP/1.1 200) 4 headers in 158 bytes (1 switches on core 0) [pid: 8|app: 0|req: 586/1174] 199.204.45.74 () {34 vars in 1017 bytes} [Fri Jul 24 18:46:53 2026] GET /v2.0/networks?tenant_id=dbdb699ce6544262a7962cdaf1943e45&shared=False => generated 812 bytes in 54 msecs (HTTP/1.1 200) 4 headers in 157 bytes (1 switches on core 0) [pid: 7|app: 0|req: 589/1175] 199.204.45.74 () {34 vars in 929 bytes} [Fri Jul 24 18:46:53 2026] GET /v2.0/networks?shared=True => generated 791 bytes in 52 msecs (HTTP/1.1 200) 4 headers in 157 bytes (1 switches on core 0)
2026-07-24 18:46:54.118 7 INFO neutron.notifiers.nova [-] Nova event matching ['req-71af9d2b-400a-4bba-b80b-4a5669e14457'] response: {'server_uuid': '3b1b6e10-9d74-4e9c-b723-f020811ec174', 'name': 'network-vif-unplugged', 'status': 'completed', 'tag': 'c23613e0-7689-4057-be40-927129c48e5f', 'code': 200}
2026-07-24 18:46:54.119 7 INFO neutron.notifiers.nova [-] Nova event matching ['req-71af9d2b-400a-4bba-b80b-4a5669e14457'] response: {'server_uuid': '3b1b6e10-9d74-4e9c-b723-f020811ec174', 'name': 'network-vif-deleted', 'tag': 'c23613e0-7689-4057-be40-927129c48e5f', 'status': 'completed', 'code': 200} [pid: 8|app: 0|req: 587/1176] 10.0.0.70 () {34 vars in 989 bytes} [Fri Jul 24 18:46:54 2026] GET /v2.0/ports?device_id=b820c58d-1f3c-49d2-860f-c6704bdd018a => generated 969 bytes in 30 msecs (HTTP/1.1 200) 4 headers in 157 bytes (1 switches on core 0) [pid: 7|app: 0|req: 590/1177] 10.0.0.70 () {34 vars in 1039 bytes} [Fri Jul 24 18:46:54 2026] GET /v2.0/security-groups?id=06f4dace-67b3-4e5e-8674-fab2a978b8c6&fields=id&fields=name => generated 113 bytes in 39 msecs (HTTP/1.1 200) 4 headers in 157 bytes (1 switches on core 0)
2026-07-24 18:46:54.737 8 INFO neutron.db.ovn_revision_numbers_db [None req-22f29815-09db-4477-b608-f03e27c087a4 a73c43138b3d4c938f8c5719557a7f8c 7ab1780863024b4aba8604147d8f2d81 - - default default] Successfully bumped revision number for resource 448d371a-6897-4b24-b7c5-32daaa465de0 (type: security_groups) to 1
2026-07-24 18:46:54.746 8 INFO neutron.db.ovn_revision_numbers_db [None req-22f29815-09db-4477-b608-f03e27c087a4 a73c43138b3d4c938f8c5719557a7f8c 7ab1780863024b4aba8604147d8f2d81 - - default default] Successfully bumped revision number for resource 450b9b39-4df3-40e2-8634-7aa61f5820d1 (type: security_group_rules) to 0
2026-07-24 18:46:54.757 8 INFO neutron.db.ovn_revision_numbers_db [None req-22f29815-09db-4477-b608-f03e27c087a4 a73c43138b3d4c938f8c5719557a7f8c 7ab1780863024b4aba8604147d8f2d81 - - default default] Successfully bumped revision number for resource a4f75dbd-22d3-45c8-a48a-4d2c4360ed88 (type: security_group_rules) to 0
2026-07-24 18:46:54.773 8 INFO neutron.db.ovn_revision_numbers_db [None req-22f29815-09db-4477-b608-f03e27c087a4 a73c43138b3d4c938f8c5719557a7f8c 7ab1780863024b4aba8604147d8f2d81 - - default default] Successfully bumped revision number for resource a50a33e9-0950-4581-9ead-72c523190604 (type: security_group_rules) to 0
2026-07-24 18:46:54.783 8 INFO neutron.db.ovn_revision_numbers_db [None req-22f29815-09db-4477-b608-f03e27c087a4 a73c43138b3d4c938f8c5719557a7f8c 7ab1780863024b4aba8604147d8f2d81 - - default default] Successfully bumped revision number for resource b418a9dd-227e-4b59-8ef6-e0439dfa54bf (type: security_group_rules) to 0 [pid: 8|app: 0|req: 588/1178] 10.0.0.136 () {32 vars in 774 bytes} [Fri Jul 24 18:46:54 2026] GET /v2.0/security-groups?tenant_id=a8d16b27c3f84742a62ad7fd70b894b1&name=default => generated 2925 bytes in 383 msecs (HTTP/1.1 200) 4 headers in 158 bytes (1 switches on core 0) [pid: 8|app: 0|req: 589/1179] 10.0.0.70 () {34 vars in 989 bytes} [Fri Jul 24 18:46:54 2026] GET /v2.0/ports?device_id=3b1b6e10-9d74-4e9c-b723-f020811ec174 => generated 12 bytes in 20 msecs (HTTP/1.1 200) 4 headers in 156 bytes (1 switches on core 0) [pid: 7|app: 0|req: 591/1180] 10.0.0.136 () {32 vars in 740 bytes} [Fri Jul 24 18:46:54 2026] DELETE /v2.0/security-groups/448d371a-6897-4b24-b7c5-32daaa465de0 => generated 0 bytes in 312 msecs (HTTP/1.1 204) 2 headers in 112 bytes (1 switches on core 0)
2026-07-24 18:46:55.148 8 INFO neutron.db.ovn_revision_numbers_db [None req-d43468d5-9cb2-4f86-8a70-83bac2776f3c 13e91c3e037e41bea3ccebbd93c9dcbd 7d03a9c409b14786b3f0db0917a460fc - - default default] Successfully bumped revision number for resource 5b09b629-99f1-4d07-aa2f-f07c291e762c (type: security_groups) to 1
2026-07-24 18:46:55.165 8 INFO neutron.db.ovn_revision_numbers_db [None req-d43468d5-9cb2-4f86-8a70-83bac2776f3c 13e91c3e037e41bea3ccebbd93c9dcbd 7d03a9c409b14786b3f0db0917a460fc - - default default] Successfully bumped revision number for resource 12706954-64fc-4912-a3ec-0708863445d9 (type: security_group_rules) to 0 [pid: 7|app: 0|req: 592/1181] 199.204.45.74 () {34 vars in 1079 bytes} [Fri Jul 24 18:46:55 2026] GET /v2.0/ports?tenant_id=dbdb699ce6544262a7962cdaf1943e45&device_id=b820c58d-1f3c-49d2-860f-c6704bdd018a => generated 1207 bytes in 42 msecs (HTTP/1.1 200) 4 headers in 158 bytes (1 switches on core 0)
2026-07-24 18:46:55.178 8 INFO neutron.db.ovn_revision_numbers_db [None req-d43468d5-9cb2-4f86-8a70-83bac2776f3c 13e91c3e037e41bea3ccebbd93c9dcbd 7d03a9c409b14786b3f0db0917a460fc - - default default] Successfully bumped revision number for resource 1eabaed3-3d63-4da3-8be0-074adc7d8a55 (type: security_group_rules) to 0
2026-07-24 18:46:55.190 8 INFO neutron.db.ovn_revision_numbers_db [None req-d43468d5-9cb2-4f86-8a70-83bac2776f3c 13e91c3e037e41bea3ccebbd93c9dcbd 7d03a9c409b14786b3f0db0917a460fc - - default default] Successfully bumped revision number for resource 8779bc9f-00bc-42d2-848b-cc5cfe0946d6 (type: security_group_rules) to 0 [pid: 7|app: 0|req: 593/1182] 199.204.45.74 () {34 vars in 1057 bytes} [Fri Jul 24 18:46:55 2026] GET /v2.0/floatingips?fixed_ip_address=10.100.0.8&port_id=422fb74f-8d46-455c-9d9b-b13682e7bf43 => generated 19 bytes in 20 msecs (HTTP/1.1 200) 4 headers in 156 bytes (1 switches on core 0)
2026-07-24 18:46:55.201 8 INFO neutron.db.ovn_revision_numbers_db [None req-d43468d5-9cb2-4f86-8a70-83bac2776f3c 13e91c3e037e41bea3ccebbd93c9dcbd 7d03a9c409b14786b3f0db0917a460fc - - default default] Successfully bumped revision number for resource 916bba50-d999-40ae-a3ac-4b93d7ccec3d (type: security_group_rules) to 0 [pid: 7|app: 0|req: 594/1183] 199.204.45.74 () {34 vars in 983 bytes} [Fri Jul 24 18:46:55 2026] GET /v2.0/subnets?id=b1e5a56c-7785-4692-86b7-569ab4e74822 => generated 693 bytes in 30 msecs (HTTP/1.1 200) 4 headers in 157 bytes (1 switches on core 0) [pid: 7|app: 0|req: 595/1184] 199.204.45.74 () {34 vars in 1051 bytes} [Fri Jul 24 18:46:55 2026] GET /v2.0/ports?network_id=e4ebdc89-358a-4a04-b6ce-63d985108cc6&device_owner=network%3Adhcp => generated 12 bytes in 21 msecs (HTTP/1.1 200) 4 headers in 156 bytes (1 switches on core 0)
2026-07-24 18:46:55.286 8 INFO neutron.db.segments_db [None req-d43468d5-9cb2-4f86-8a70-83bac2776f3c 13e91c3e037e41bea3ccebbd93c9dcbd 7d03a9c409b14786b3f0db0917a460fc - - default default] Added segment 72a1c2b8-3d8e-4886-a0f8-a9bd7bfc32c3 of type geneve for network e954e4b9-83b5-4354-b149-b9aa991307c4 [pid: 7|app: 0|req: 596/1185] 199.204.45.74 () {34 vars in 1011 bytes} [Fri Jul 24 18:46:55 2026] GET /v2.0/networks/e4ebdc89-358a-4a04-b6ce-63d985108cc6?fields=segments => generated 14 bytes in 46 msecs (HTTP/1.1 200) 4 headers in 156 bytes (1 switches on core 0) [pid: 7|app: 0|req: 597/1186] 199.204.45.74 () {34 vars in 1111 bytes} [Fri Jul 24 18:46:55 2026] GET /v2.0/networks/e4ebdc89-358a-4a04-b6ce-63d985108cc6?fields=provider%3Aphysical_network&fields=provider%3Anetwork_type => generated 79 bytes in 46 msecs (HTTP/1.1 200) 4 headers in 156 bytes (1 switches on core 0)
2026-07-24 18:46:55.376 8 INFO neutron.db.ovn_revision_numbers_db [None req-d43468d5-9cb2-4f86-8a70-83bac2776f3c 13e91c3e037e41bea3ccebbd93c9dcbd 7d03a9c409b14786b3f0db0917a460fc - - default default] Successfully bumped revision number for resource e954e4b9-83b5-4354-b149-b9aa991307c4 (type: networks) to 1 [pid: 7|app: 0|req: 598/1187] 10.0.0.70 () {34 vars in 989 bytes} [Fri Jul 24 18:46:55 2026] GET /v2.0/ports?device_id=b820c58d-1f3c-49d2-860f-c6704bdd018a => generated 969 bytes in 33 msecs (HTTP/1.1 200) 4 headers in 157 bytes (1 switches on core 0) [pid: 7|app: 0|req: 599/1188] 10.0.0.70 () {34 vars in 1039 bytes} [Fri Jul 24 18:46:55 2026] GET /v2.0/security-groups?id=06f4dace-67b3-4e5e-8674-fab2a978b8c6&fields=id&fields=name => generated 113 bytes in 24 msecs (HTTP/1.1 200) 4 headers in 157 bytes (1 switches on core 0)
2026-07-24 18:46:55.546 8 WARNING neutron.scheduler.dhcp_agent_scheduler [None req-d43468d5-9cb2-4f86-8a70-83bac2776f3c 13e91c3e037e41bea3ccebbd93c9dcbd 7d03a9c409b14786b3f0db0917a460fc - - default default] No more DHCP agents
2026-07-24 18:46:55.547 8 WARNING neutron.api.rpc.agentnotifiers.dhcp_rpc_agent_api [None req-d43468d5-9cb2-4f86-8a70-83bac2776f3c 13e91c3e037e41bea3ccebbd93c9dcbd 7d03a9c409b14786b3f0db0917a460fc - - default default] Unable to schedule network e954e4b9-83b5-4354-b149-b9aa991307c4: no agents available; will retry on subsequent port and subnet creation events.
2026-07-24 18:46:55.601 7 INFO neutron.plugins.ml2.drivers.ovn.mech_driver.mech_driver [None req-f57c381a-9f25-4ff3-9e35-6942405b205a - - - - - -] OVN reports status down for port: a07cc7b9-91e0-4656-9459-e76af7f3330f
2026-07-24 18:46:55.631 8 INFO neutron.db.ovn_revision_numbers_db [None req-d43468d5-9cb2-4f86-8a70-83bac2776f3c 13e91c3e037e41bea3ccebbd93c9dcbd 7d03a9c409b14786b3f0db0917a460fc - - default default] Successfully bumped revision number for resource a07cc7b9-91e0-4656-9459-e76af7f3330f (type: ports) to 1 [pid: 8|app: 0|req: 590/1189] 10.0.0.136 () {34 vars in 670 bytes} [Fri Jul 24 18:46:54 2026] POST /v2.0/networks => generated 684 bytes in 741 msecs (HTTP/1.1 201) 4 headers in 162 bytes (1 switches on core 0) [pid: 7|app: 0|req: 600/1190] 10.0.0.70 () {34 vars in 989 bytes} [Fri Jul 24 18:46:55 2026] GET /v2.0/ports?device_id=3b1b6e10-9d74-4e9c-b723-f020811ec174 => generated 12 bytes in 21 msecs (HTTP/1.1 200) 4 headers in 156 bytes (1 switches on core 0)
2026-07-24 18:46:56.357 8 WARNING neutron.scheduler.dhcp_agent_scheduler [None req-a10dc149-84f5-4021-9602-4bc2f96ac08e 13e91c3e037e41bea3ccebbd93c9dcbd 7d03a9c409b14786b3f0db0917a460fc - - default default] No more DHCP agents
2026-07-24 18:46:56.358 8 WARNING neutron.api.rpc.agentnotifiers.dhcp_rpc_agent_api [None req-a10dc149-84f5-4021-9602-4bc2f96ac08e 13e91c3e037e41bea3ccebbd93c9dcbd 7d03a9c409b14786b3f0db0917a460fc - - default default] Unable to schedule network e954e4b9-83b5-4354-b149-b9aa991307c4: no agents available; will retry on subsequent port and subnet creation events.
2026-07-24 18:46:56.384 8 INFO neutron.db.ovn_revision_numbers_db [None req-a10dc149-84f5-4021-9602-4bc2f96ac08e 13e91c3e037e41bea3ccebbd93c9dcbd 7d03a9c409b14786b3f0db0917a460fc - - default default] Successfully bumped revision number for resource f9909f18-b518-483d-9d22-685bf6d116da (type: subnets) to 0 [pid: 8|app: 0|req: 591/1191] 10.0.0.136 () {34 vars in 669 bytes} [Fri Jul 24 18:46:56 2026] POST /v2.0/subnets => generated 673 bytes in 235 msecs (HTTP/1.1 201) 4 headers in 162 bytes (1 switches on core 0)
2026-07-24 18:46:56.502 7 INFO neutron.db.segments_db [None req-105998e7-a3bc-49a2-a67e-dbd253f15da9 13e91c3e037e41bea3ccebbd93c9dcbd 7d03a9c409b14786b3f0db0917a460fc - - default default] Added segment f911a62e-52e2-407b-8e4f-1538dcd41020 of type geneve for network 8d98ecd8-ebaf-4402-ab5e-f505855e908f [pid: 8|app: 0|req: 592/1192] 10.0.0.70 () {34 vars in 989 bytes} [Fri Jul 24 18:46:56 2026] GET /v2.0/ports?device_id=b820c58d-1f3c-49d2-860f-c6704bdd018a => generated 969 bytes in 35 msecs (HTTP/1.1 200) 4 headers in 157 bytes (1 switches on core 0)
2026-07-24 18:46:56.611 7 INFO neutron.db.ovn_revision_numbers_db [None req-105998e7-a3bc-49a2-a67e-dbd253f15da9 13e91c3e037e41bea3ccebbd93c9dcbd 7d03a9c409b14786b3f0db0917a460fc - - default default] Successfully bumped revision number for resource 8d98ecd8-ebaf-4402-ab5e-f505855e908f (type: networks) to 1 [pid: 8|app: 0|req: 593/1193] 10.0.0.70 () {34 vars in 1039 bytes} [Fri Jul 24 18:46:56 2026] GET /v2.0/security-groups?id=06f4dace-67b3-4e5e-8674-fab2a978b8c6&fields=id&fields=name => generated 113 bytes in 34 msecs (HTTP/1.1 200) 4 headers in 157 bytes (1 switches on core 0)
2026-07-24 18:46:56.786 7 WARNING neutron.scheduler.dhcp_agent_scheduler [None req-105998e7-a3bc-49a2-a67e-dbd253f15da9 13e91c3e037e41bea3ccebbd93c9dcbd 7d03a9c409b14786b3f0db0917a460fc - - default default] No more DHCP agents
2026-07-24 18:46:56.788 7 WARNING neutron.api.rpc.agentnotifiers.dhcp_rpc_agent_api [None req-105998e7-a3bc-49a2-a67e-dbd253f15da9 13e91c3e037e41bea3ccebbd93c9dcbd 7d03a9c409b14786b3f0db0917a460fc - - default default] Unable to schedule network 8d98ecd8-ebaf-4402-ab5e-f505855e908f: no agents available; will retry on subsequent port and subnet creation events.
2026-07-24 18:46:56.847 7 INFO neutron.plugins.ml2.drivers.ovn.mech_driver.mech_driver [None req-f57c381a-9f25-4ff3-9e35-6942405b205a - - - - - -] OVN reports status down for port: 3d41bf72-5831-462e-a987-45380dbbdd3d
2026-07-24 18:46:56.917 7 INFO neutron.db.ovn_revision_numbers_db [None req-105998e7-a3bc-49a2-a67e-dbd253f15da9 13e91c3e037e41bea3ccebbd93c9dcbd 7d03a9c409b14786b3f0db0917a460fc - - default default] Successfully bumped revision number for resource 3d41bf72-5831-462e-a987-45380dbbdd3d (type: ports) to 1 [pid: 7|app: 0|req: 601/1194] 10.0.0.136 () {34 vars in 670 bytes} [Fri Jul 24 18:46:56 2026] POST /v2.0/networks => generated 686 bytes in 561 msecs (HTTP/1.1 201) 4 headers in 162 bytes (1 switches on core 0)
2026-07-24 18:46:57.122 8 INFO neutron.db.ovn_revision_numbers_db [None req-53e3dafd-3ecf-40f2-a371-a1b041b1ac0b 3c9396659769401f8a18206d4c60557b d2a5e4315a3045978bec011666cf5a5c - - default default] Successfully bumped revision number for resource 51ab7e5c-c449-4e38-b1a8-9981913a00be (type: security_groups) to 1
2026-07-24 18:46:57.139 8 INFO neutron.db.ovn_revision_numbers_db [None req-53e3dafd-3ecf-40f2-a371-a1b041b1ac0b 3c9396659769401f8a18206d4c60557b d2a5e4315a3045978bec011666cf5a5c - - default default] Successfully bumped revision number for resource 2139f136-8eb7-48bf-867a-85d98bdc637b (type: security_group_rules) to 0
2026-07-24 18:46:57.151 8 INFO neutron.db.ovn_revision_numbers_db [None req-53e3dafd-3ecf-40f2-a371-a1b041b1ac0b 3c9396659769401f8a18206d4c60557b d2a5e4315a3045978bec011666cf5a5c - - default default] Successfully bumped revision number for resource 97afda10-b76e-4a63-8cfd-cf65ab1113cc (type: security_group_rules) to 0
2026-07-24 18:46:57.153 7 INFO neutron.db.ovn_revision_numbers_db [None req-cf1c5691-6206-49c0-bf91-f7064a128b67 13e91c3e037e41bea3ccebbd93c9dcbd 7d03a9c409b14786b3f0db0917a460fc - - default default] Successfully bumped revision number for resource 8d98ecd8-ebaf-4402-ab5e-f505855e908f (type: networks) to 2 [pid: 7|app: 0|req: 602/1195] 10.0.0.136 () {34 vars in 743 bytes} [Fri Jul 24 18:46:56 2026] PUT /v2.0/networks/8d98ecd8-ebaf-4402-ab5e-f505855e908f => generated 636 bytes in 188 msecs (HTTP/1.1 200) 4 headers in 157 bytes (1 switches on core 0)
2026-07-24 18:46:57.165 8 INFO neutron.db.ovn_revision_numbers_db [None req-53e3dafd-3ecf-40f2-a371-a1b041b1ac0b 3c9396659769401f8a18206d4c60557b d2a5e4315a3045978bec011666cf5a5c - - default default] Successfully bumped revision number for resource b6dd1510-ae24-4299-9bd4-c143de9a51cd (type: security_group_rules) to 0
2026-07-24 18:46:57.175 8 INFO neutron.db.ovn_revision_numbers_db [None req-53e3dafd-3ecf-40f2-a371-a1b041b1ac0b 3c9396659769401f8a18206d4c60557b d2a5e4315a3045978bec011666cf5a5c - - default default] Successfully bumped revision number for resource f9dfe3b9-4e8e-4b00-aeb4-ccb632255563 (type: security_group_rules) to 0
2026-07-24 18:46:57.256 8 INFO neutron.db.segments_db [None req-53e3dafd-3ecf-40f2-a371-a1b041b1ac0b 3c9396659769401f8a18206d4c60557b d2a5e4315a3045978bec011666cf5a5c - - default default] Added segment 8518b888-8de4-4269-91ee-71d74f8c73c5 of type geneve for network f9cab83a-b150-4f23-bb7c-d36118822f8a [pid: 7|app: 0|req: 603/1196] 10.0.0.136 () {32 vars in 740 bytes} [Fri Jul 24 18:46:57 2026] DELETE /v2.0/security-groups/5b3329b2-9928-4203-90e8-ecf48570142c => generated 0 bytes in 123 msecs (HTTP/1.1 204) 2 headers in 112 bytes (1 switches on core 0)
2026-07-24 18:46:57.373 8 INFO neutron.db.ovn_revision_numbers_db [None req-53e3dafd-3ecf-40f2-a371-a1b041b1ac0b 3c9396659769401f8a18206d4c60557b d2a5e4315a3045978bec011666cf5a5c - - default default] Successfully bumped revision number for resource f9cab83a-b150-4f23-bb7c-d36118822f8a (type: networks) to 1
2026-07-24 18:46:57.476 7 WARNING neutron.scheduler.dhcp_agent_scheduler [None req-318ea70f-b357-4304-b1ed-9f6b5f8d6660 13e91c3e037e41bea3ccebbd93c9dcbd 7d03a9c409b14786b3f0db0917a460fc - - default default] No more DHCP agents
2026-07-24 18:46:57.477 7 WARNING neutron.api.rpc.agentnotifiers.dhcp_rpc_agent_api [None req-318ea70f-b357-4304-b1ed-9f6b5f8d6660 13e91c3e037e41bea3ccebbd93c9dcbd 7d03a9c409b14786b3f0db0917a460fc - - default default] Unable to schedule network 8d98ecd8-ebaf-4402-ab5e-f505855e908f: no agents available; will retry on subsequent port and subnet creation events.
2026-07-24 18:46:57.513 7 INFO neutron.db.ovn_revision_numbers_db [None req-318ea70f-b357-4304-b1ed-9f6b5f8d6660 13e91c3e037e41bea3ccebbd93c9dcbd 7d03a9c409b14786b3f0db0917a460fc - - default default] Successfully bumped revision number for resource 004f34d0-9c4a-4956-bc76-d8daf39fe0ce (type: subnets) to 0 [pid: 7|app: 0|req: 604/1197] 10.0.0.136 () {34 vars in 669 bytes} [Fri Jul 24 18:46:57 2026] POST /v2.0/subnets => generated 646 bytes in 249 msecs (HTTP/1.1 201) 4 headers in 162 bytes (1 switches on core 0)
2026-07-24 18:46:57.559 7 INFO neutron.api.v2.resource [None req-da88d622-9e1e-41d1-a497-78384abf5b0f a00de05de0454871b4167cc81fa81961 af13b8f3b22c44c39497bda5ef5bff66 - - default default] show failed (client error): The resource could not be found. [pid: 7|app: 0|req: 605/1198] 10.0.0.136 () {32 vars in 737 bytes} [Fri Jul 24 18:46:57 2026] GET /v2.0/security-groups/5b3329b2-9928-4203-90e8-ecf48570142c => generated 146 bytes in 28 msecs (HTTP/1.1 404) 4 headers in 164 bytes (1 switches on core 0)
2026-07-24 18:46:57.581 8 WARNING neutron.scheduler.dhcp_agent_scheduler [None req-53e3dafd-3ecf-40f2-a371-a1b041b1ac0b 3c9396659769401f8a18206d4c60557b d2a5e4315a3045978bec011666cf5a5c - - default default] No more DHCP agents
2026-07-24 18:46:57.582 8 WARNING neutron.api.rpc.agentnotifiers.dhcp_rpc_agent_api [None req-53e3dafd-3ecf-40f2-a371-a1b041b1ac0b 3c9396659769401f8a18206d4c60557b d2a5e4315a3045978bec011666cf5a5c - - default default] Unable to schedule network f9cab83a-b150-4f23-bb7c-d36118822f8a: no agents available; will retry on subsequent port and subnet creation events.
2026-07-24 18:46:57.659 7 INFO neutron.plugins.ml2.drivers.ovn.mech_driver.mech_driver [None req-f57c381a-9f25-4ff3-9e35-6942405b205a - - - - - -] OVN reports status down for port: 6946a09e-29a9-483c-832c-8e17fe94dd76
2026-07-24 18:46:57.667 8 INFO neutron.db.ovn_revision_numbers_db [None req-53e3dafd-3ecf-40f2-a371-a1b041b1ac0b 3c9396659769401f8a18206d4c60557b d2a5e4315a3045978bec011666cf5a5c - - default default] Successfully bumped revision number for resource 6946a09e-29a9-483c-832c-8e17fe94dd76 (type: ports) to 1 [pid: 8|app: 0|req: 594/1199] 10.0.0.136 () {34 vars in 670 bytes} [Fri Jul 24 18:46:56 2026] POST /v2.0/networks => generated 688 bytes in 904 msecs (HTTP/1.1 201) 4 headers in 162 bytes (1 switches on core 0)
2026-07-24 18:46:57.807 8 INFO neutron_taas.services.taas.taas_plugin [None req-d934cba6-90b3-470b-a6f2-16dd4435e534 a00de05de0454871b4167cc81fa81961 af13b8f3b22c44c39497bda5ef5bff66 - - default default] TaaS: Handle Delete Port: d52cc3f9-3548-44f0-8ab6-6234f0525274
2026-07-24 18:46:57.810 8 INFO neutron_taas.services.taas.tap_mirror_plugin [None req-d934cba6-90b3-470b-a6f2-16dd4435e534 a00de05de0454871b4167cc81fa81961 af13b8f3b22c44c39497bda5ef5bff66 - - default default] Tap Mirror: Handle Delete Port: d52cc3f9-3548-44f0-8ab6-6234f0525274 [pid: 8|app: 0|req: 595/1200] 10.0.0.136 () {32 vars in 732 bytes} [Fri Jul 24 18:46:57 2026] DELETE /v2.0/floatingips/8b673a8d-61e8-4532-9088-e968e5b2b1ba => generated 0 bytes in 322 msecs (HTTP/1.1 204) 2 headers in 112 bytes (1 switches on core 0)
2026-07-24 18:46:58.044 7 INFO neutron.plugins.ml2.drivers.ovn.mech_driver.mech_driver [None req-f57c381a-9f25-4ff3-9e35-6942405b205a - - - - - -] OVN reports status up for port: 422fb74f-8d46-455c-9d9b-b13682e7bf43
2026-07-24 18:46:58.079 7 INFO neutron.plugins.ml2.plugin [None req-f57c381a-9f25-4ff3-9e35-6942405b205a - - - - - -] Attempt 1 to provision port 422fb74f-8d46-455c-9d9b-b13682e7bf43 [pid: 8|app: 0|req: 596/1201] 10.0.0.70 () {34 vars in 989 bytes} [Fri Jul 24 18:46:58 2026] GET /v2.0/ports?device_id=b820c58d-1f3c-49d2-860f-c6704bdd018a => generated 969 bytes in 81 msecs (HTTP/1.1 200) 4 headers in 157 bytes (1 switches on core 0)
2026-07-24 18:46:58.353 7 INFO neutron.notifiers.nova [-] Nova event matching ['req-ca704f98-de96-4679-a104-23f410ba29f3'] response: {'server_uuid': 'b820c58d-1f3c-49d2-860f-c6704bdd018a', 'name': 'network-vif-plugged', 'status': 'completed', 'tag': '422fb74f-8d46-455c-9d9b-b13682e7bf43', 'code': 200}
2026-07-24 18:46:58.373 8 WARNING neutron.scheduler.dhcp_agent_scheduler [None req-0dad6a97-9d47-420c-9b7b-a6f90d40564c 3c9396659769401f8a18206d4c60557b d2a5e4315a3045978bec011666cf5a5c - - default default] No more DHCP agents
2026-07-24 18:46:58.390 8 WARNING neutron.api.rpc.agentnotifiers.dhcp_rpc_agent_api [None req-0dad6a97-9d47-420c-9b7b-a6f90d40564c 3c9396659769401f8a18206d4c60557b d2a5e4315a3045978bec011666cf5a5c - - default default] Unable to schedule network f9cab83a-b150-4f23-bb7c-d36118822f8a: no agents available; will retry on subsequent port and subnet creation events.
2026-07-24 18:46:58.430 8 INFO neutron.db.ovn_revision_numbers_db [None req-0dad6a97-9d47-420c-9b7b-a6f90d40564c 3c9396659769401f8a18206d4c60557b d2a5e4315a3045978bec011666cf5a5c - - default default] Successfully bumped revision number for resource dd7d4534-b0f5-4f10-9a82-87de3ca281b1 (type: subnets) to 0 [pid: 8|app: 0|req: 597/1202] 10.0.0.136 () {34 vars in 669 bytes} [Fri Jul 24 18:46:58 2026] POST /v2.0/subnets => generated 627 bytes in 350 msecs (HTTP/1.1 201) 4 headers in 162 bytes (1 switches on core 0)
2026-07-24 18:46:58.577 7 INFO neutron.db.ovn_revision_numbers_db [None req-229d7449-4ad7-42c3-974d-a2353dd3a234 - - - - - -] Successfully bumped revision number for resource 3d41bf72-5831-462e-a987-45380dbbdd3d (type: ports) to 2
2026-07-24 18:46:58.651 7 INFO neutron.db.ovn_revision_numbers_db [None req-229d7449-4ad7-42c3-974d-a2353dd3a234 - - - - - -] Successfully bumped revision number for resource 004f34d0-9c4a-4956-bc76-d8daf39fe0ce (type: subnets) to 1 [pid: 7|app: 0|req: 606/1203] 10.0.0.136 () {34 vars in 741 bytes} [Fri Jul 24 18:46:57 2026] PUT /v2.0/subnets/004f34d0-9c4a-4956-bc76-d8daf39fe0ce => generated 656 bytes in 1095 msecs (HTTP/1.1 200) 4 headers in 157 bytes (1 switches on core 0)
2026-07-24 18:46:58.656 7 INFO neutron.db.ovn_revision_numbers_db [None req-f57c381a-9f25-4ff3-9e35-6942405b205a - - - - - -] Successfully bumped revision number for resource 422fb74f-8d46-455c-9d9b-b13682e7bf43 (type: ports) to 5 [pid: 7|app: 0|req: 607/1204] 10.0.0.70 () {34 vars in 1039 bytes} [Fri Jul 24 18:46:58 2026] GET /v2.0/security-groups?id=06f4dace-67b3-4e5e-8674-fab2a978b8c6&fields=id&fields=name => generated 113 bytes in 66 msecs (HTTP/1.1 200) 4 headers in 157 bytes (1 switches on core 0) /var/lib/openstack/lib/python3.12/site-packages/pycadf/identifier.py:70: UserWarning: Invalid uuid: neutron. To ensure interoperability, identifiers should be a valid uuid. warnings.warn(('Invalid uuid: %s. To ensure interoperability, '
2026-07-24 18:46:58.742 8 INFO neutron_taas.services.taas.taas_plugin [None req-c46ab432-7206-4d66-86f3-2209acf4ea20 a73c43138b3d4c938f8c5719557a7f8c 7ab1780863024b4aba8604147d8f2d81 - - default default] TaaS: Handle Delete Port: 0c58f869-f8e8-41c9-a8d5-c416986047df
2026-07-24 18:46:58.745 8 INFO neutron_taas.services.taas.tap_mirror_plugin [None req-c46ab432-7206-4d66-86f3-2209acf4ea20 a73c43138b3d4c938f8c5719557a7f8c 7ab1780863024b4aba8604147d8f2d81 - - default default] Tap Mirror: Handle Delete Port: 0c58f869-f8e8-41c9-a8d5-c416986047df
2026-07-24 18:46:59.268 7 WARNING neutron.scheduler.dhcp_agent_scheduler [None req-5ebd3db7-3fe3-4eb7-80ee-003530406fd6 3c9396659769401f8a18206d4c60557b d2a5e4315a3045978bec011666cf5a5c - - default default] No more DHCP agents
2026-07-24 18:46:59.270 7 WARNING neutron.api.rpc.agentnotifiers.dhcp_rpc_agent_api [None req-5ebd3db7-3fe3-4eb7-80ee-003530406fd6 3c9396659769401f8a18206d4c60557b d2a5e4315a3045978bec011666cf5a5c - - default default] Unable to schedule network 44cb9f04-b733-4ef1-96e6-f026a2b3a019: no agents available; will retry on subsequent port and subnet creation events.
2026-07-24 18:46:59.386 7 INFO neutron.plugins.ml2.drivers.ovn.mech_driver.mech_driver [None req-999e9b56-c502-432d-9786-a7761f43832e - - - - - -] OVN reports status down for port: 3a70b505-b7a5-4743-ab0c-19a42fe6734c [pid: 8|app: 0|req: 598/1205] 10.0.0.136 () {34 vars in 789 bytes} [Fri Jul 24 18:46:58 2026] PUT /v2.0/routers/cfd9583f-39a1-4ae7-99e8-1144f7922afb/remove_router_interface => generated 309 bytes in 1005 msecs (HTTP/1.1 200) 4 headers in 157 bytes (1 switches on core 0) /var/lib/openstack/lib/python3.12/site-packages/pycadf/identifier.py:70: UserWarning: Invalid uuid: neutron. To ensure interoperability, identifiers should be a valid uuid. warnings.warn(('Invalid uuid: %s. To ensure interoperability, '
2026-07-24 18:46:59.467 7 INFO neutron.db.ovn_revision_numbers_db [None req-5ebd3db7-3fe3-4eb7-80ee-003530406fd6 3c9396659769401f8a18206d4c60557b d2a5e4315a3045978bec011666cf5a5c - - default default] Successfully bumped revision number for resource 3a70b505-b7a5-4743-ab0c-19a42fe6734c (type: ports) to 1
2026-07-24 18:46:59.621 8 INFO neutron_taas.services.taas.taas_plugin [None req-b5e961d6-c9d4-42f7-9ca7-c364c5416808 13e91c3e037e41bea3ccebbd93c9dcbd 7d03a9c409b14786b3f0db0917a460fc - - default default] TaaS: Handle Delete Port: 3d41bf72-5831-462e-a987-45380dbbdd3d
2026-07-24 18:46:59.624 8 INFO neutron_taas.services.taas.tap_mirror_plugin [None req-b5e961d6-c9d4-42f7-9ca7-c364c5416808 13e91c3e037e41bea3ccebbd93c9dcbd 7d03a9c409b14786b3f0db0917a460fc - - default default] Tap Mirror: Handle Delete Port: 3d41bf72-5831-462e-a987-45380dbbdd3d
2026-07-24 18:46:59.970 8 INFO neutron.services.segments.plugin [-] Segment f911a62e-52e2-407b-8e4f-1538dcd41020 resource provider aggregate not found
2026-07-24 18:46:59.976 8 INFO neutron.services.segments.plugin [-] Segment f911a62e-52e2-407b-8e4f-1538dcd41020 resource provider aggregate not found
2026-07-24 18:46:59.989 8 INFO neutron.services.segments.plugin [-] Client error retrieving segment f911a62e-52e2-407b-8e4f-1538dcd41020 resource provider; error: Placement Client Error (4xx): {"errors": [{"status": 404, "title": "Not Found", "detail": "The resource could not be found.\n\n No resource provider with uuid f911a62e-52e2-407b-8e4f-1538dcd41020 found for delete ", "request_id": "req-d21fff63-21cd-4542-8887-c1b46427cf86"}]}
2026-07-24 18:46:59.993 8 INFO neutron.services.segments.plugin [-] Client error retrieving segment f911a62e-52e2-407b-8e4f-1538dcd41020 resource provider; error: Placement Client Error (4xx): {"errors": [{"status": 404, "title": "Not Found", "detail": "The resource could not be found.\n\n No resource provider with uuid f911a62e-52e2-407b-8e4f-1538dcd41020 found for delete ", "request_id": "req-0d3693cd-d8d7-444b-9f32-d1ad74dd8835"}]} [pid: 8|app: 0|req: 599/1206] 10.0.0.136 () {32 vars in 726 bytes} [Fri Jul 24 18:46:59 2026] DELETE /v2.0/networks/8d98ecd8-ebaf-4402-ab5e-f505855e908f => generated 0 bytes in 563 msecs (HTTP/1.1 204) 3 headers in 131 bytes (1 switches on core 0)
2026-07-24 18:47:00.190 7 INFO neutron.plugins.ml2.drivers.ovn.mech_driver.ovsdb.commands [None req-a788abaf-01aa-4022-b545-c9cf9f88ec44 - - - - - -] Schedule LRP lrp-3a70b505-b7a5-4743-ab0c-19a42fe6734c on gateway b4649cd3-4f4b-4d59-ab8f-2666da2d6ea6 with priority 1
2026-07-24 18:47:00.218 7 INFO neutron.plugins.ml2.drivers.ovn.mech_driver.mech_driver [None req-999e9b56-c502-432d-9786-a7761f43832e - - - - - -] OVN reports status up for port: 3a70b505-b7a5-4743-ab0c-19a42fe6734c
2026-07-24 18:47:00.245 7 INFO neutron.db.ovn_revision_numbers_db [None req-5ebd3db7-3fe3-4eb7-80ee-003530406fd6 3c9396659769401f8a18206d4c60557b d2a5e4315a3045978bec011666cf5a5c - - default default] Successfully bumped revision number for resource 3a70b505-b7a5-4743-ab0c-19a42fe6734c (type: router_ports) to 1
2026-07-24 18:47:00.266 7 INFO neutron.plugins.ml2.plugin [None req-999e9b56-c502-432d-9786-a7761f43832e - - - - - -] Attempt 1 to provision port 3a70b505-b7a5-4743-ab0c-19a42fe6734c
2026-07-24 18:47:00.365 7 INFO neutron.db.ovn_revision_numbers_db [None req-5ebd3db7-3fe3-4eb7-80ee-003530406fd6 3c9396659769401f8a18206d4c60557b d2a5e4315a3045978bec011666cf5a5c - - default default] Successfully bumped revision number for resource eae6e525-7b2f-484c-9f6e-5224ab2bffa9 (type: routers) to 2
2026-07-24 18:47:00.369 8 INFO neutron_taas.services.taas.taas_plugin [None req-9d190d7e-adbc-4ff5-939b-95fb117cf4f1 a73c43138b3d4c938f8c5719557a7f8c 7ab1780863024b4aba8604147d8f2d81 - - default default] TaaS: Handle Delete Port: c0cfe4fa-d441-4615-9aa1-7c893fa8b128
2026-07-24 18:47:00.372 8 INFO neutron_taas.services.taas.tap_mirror_plugin [None req-9d190d7e-adbc-4ff5-939b-95fb117cf4f1 a73c43138b3d4c938f8c5719557a7f8c 7ab1780863024b4aba8604147d8f2d81 - - default default] Tap Mirror: Handle Delete Port: c0cfe4fa-d441-4615-9aa1-7c893fa8b128 [pid: 7|app: 0|req: 608/1207] 10.0.0.136 () {34 vars in 669 bytes} [Fri Jul 24 18:46:58 2026] POST /v2.0/routers => generated 954 bytes in 1664 msecs (HTTP/1.1 201) 4 headers in 162 bytes (1 switches on core 0)
2026-07-24 18:47:00.405 7 INFO neutron.notifiers.nova [-] Nova event matching ['req-480656a5-a4d9-459c-a2f1-019c69c0b341'] response: {'server_uuid': 'b820c58d-1f3c-49d2-860f-c6704bdd018a', 'name': 'network-vif-plugged', 'status': 'completed', 'tag': '422fb74f-8d46-455c-9d9b-b13682e7bf43', 'code': 200} [pid: 7|app: 0|req: 609/1208] 10.0.0.70 () {34 vars in 989 bytes} [Fri Jul 24 18:47:00 2026] GET /v2.0/ports?device_id=b820c58d-1f3c-49d2-860f-c6704bdd018a => generated 971 bytes in 101 msecs (HTTP/1.1 200) 4 headers in 157 bytes (1 switches on core 0)
2026-07-24 18:47:00.500 7 INFO neutron.pecan_wsgi.hooks.translation [None req-9512334e-cfee-463a-871d-2d751c81deec 13e91c3e037e41bea3ccebbd93c9dcbd 7d03a9c409b14786b3f0db0917a460fc - - default default] DELETE failed (client error): The resource could not be found. [pid: 7|app: 0|req: 610/1209] 10.0.0.136 () {32 vars in 726 bytes} [Fri Jul 24 18:47:00 2026] DELETE /v2.0/networks/8d98ecd8-ebaf-4402-ab5e-f505855e908f => generated 138 bytes in 14 msecs (HTTP/1.1 404) 4 headers in 164 bytes (1 switches on core 0) [pid: 8|app: 0|req: 600/1210] 10.0.0.136 () {32 vars in 724 bytes} [Fri Jul 24 18:47:00 2026] DELETE /v2.0/routers/cfd9583f-39a1-4ae7-99e8-1144f7922afb => generated 0 bytes in 743 msecs (HTTP/1.1 204) 2 headers in 112 bytes (1 switches on core 0) [pid: 8|app: 0|req: 601/1211] 10.0.0.70 () {34 vars in 1039 bytes} [Fri Jul 24 18:47:00 2026] GET /v2.0/security-groups?id=06f4dace-67b3-4e5e-8674-fab2a978b8c6&fields=id&fields=name => generated 113 bytes in 34 msecs (HTTP/1.1 200) 4 headers in 157 bytes (1 switches on core 0) [pid: 8|app: 0|req: 602/1212] 10.0.0.136 () {32 vars in 694 bytes} [Fri Jul 24 18:47:00 2026] GET /v2.0/networks?router%3Aexternal=True => generated 689 bytes in 77 msecs (HTTP/1.1 200) 4 headers in 157 bytes (1 switches on core 0)
2026-07-24 18:47:01.037 7 WARNING neutron.scheduler.dhcp_agent_scheduler [None req-9913dbd4-2730-4b35-b669-4b798f82162f 3c9396659769401f8a18206d4c60557b d2a5e4315a3045978bec011666cf5a5c - - default default] No more DHCP agents [pid: 8|app: 0|req: 603/1213] 10.0.0.136 () {32 vars in 724 bytes} [Fri Jul 24 18:47:00 2026] DELETE /v2.0/subnets/dffda7ee-c38d-4046-bfc5-0ecd9be5531f => generated 0 bytes in 164 msecs (HTTP/1.1 204) 3 headers in 131 bytes (1 switches on core 0)
2026-07-24 18:47:01.038 7 WARNING neutron.api.rpc.agentnotifiers.dhcp_rpc_agent_api [None req-9913dbd4-2730-4b35-b669-4b798f82162f 3c9396659769401f8a18206d4c60557b d2a5e4315a3045978bec011666cf5a5c - - default default] Unable to schedule network f9cab83a-b150-4f23-bb7c-d36118822f8a: no agents available; will retry on subsequent port and subnet creation events. [pid: 8|app: 0|req: 604/1214] 10.0.0.70 () {34 vars in 989 bytes} [Fri Jul 24 18:47:01 2026] GET /v2.0/ports?device_id=b820c58d-1f3c-49d2-860f-c6704bdd018a => generated 971 bytes in 37 msecs (HTTP/1.1 200) 4 headers in 157 bytes (1 switches on core 0) [pid: 8|app: 0|req: 605/1215] 10.0.0.136 () {32 vars in 742 bytes} [Fri Jul 24 18:47:01 2026] GET /v2.0/subnets?network_id=44cb9f04-b733-4ef1-96e6-f026a2b3a019 => generated 649 bytes in 24 msecs (HTTP/1.1 200) 4 headers in 157 bytes (1 switches on core 0)
2026-07-24 18:47:01.156 8 INFO neutron.plugins.ml2.drivers.ovn.mech_driver.mech_driver [None req-f1a70124-4e87-4bc4-9a87-1b95ea611960 - - - - - -] OVN reports status down for port: 328c7341-337b-4f12-9926-613843ecc81c
2026-07-24 18:47:01.172 7 INFO neutron.db.ovn_revision_numbers_db [None req-9913dbd4-2730-4b35-b669-4b798f82162f 3c9396659769401f8a18206d4c60557b d2a5e4315a3045978bec011666cf5a5c - - default default] Successfully bumped revision number for resource 328c7341-337b-4f12-9926-613843ecc81c (type: ports) to 1
2026-07-24 18:47:01.266 8 INFO neutron_taas.services.taas.taas_plugin [None req-0bdaceea-b63e-4099-af70-9b4d5c0ff2ae a73c43138b3d4c938f8c5719557a7f8c 7ab1780863024b4aba8604147d8f2d81 - - default default] TaaS: Handle Delete Port: e62aaa56-154f-432e-ae66-ae3941f0ebf2
2026-07-24 18:47:01.269 8 INFO neutron_taas.services.taas.tap_mirror_plugin [None req-0bdaceea-b63e-4099-af70-9b4d5c0ff2ae a73c43138b3d4c938f8c5719557a7f8c 7ab1780863024b4aba8604147d8f2d81 - - default default] Tap Mirror: Handle Delete Port: e62aaa56-154f-432e-ae66-ae3941f0ebf2 [pid: 8|app: 0|req: 606/1216] 10.0.0.136 () {32 vars in 726 bytes} [Fri Jul 24 18:47:01 2026] DELETE /v2.0/networks/e3408f1f-d458-4f1a-918e-22bce8d74e67 => generated 0 bytes in 389 msecs (HTTP/1.1 204) 3 headers in 131 bytes (1 switches on core 0)
2026-07-24 18:47:01.837 8 INFO neutron.plugins.ml2.drivers.ovn.mech_driver.mech_driver [None req-f1a70124-4e87-4bc4-9a87-1b95ea611960 - - - - - -] OVN reports status up for port: 328c7341-337b-4f12-9926-613843ecc81c
2026-07-24 18:47:01.861 8 INFO neutron.plugins.ml2.plugin [None req-f1a70124-4e87-4bc4-9a87-1b95ea611960 - - - - - -] Attempt 1 to provision port 328c7341-337b-4f12-9926-613843ecc81c
2026-07-24 18:47:01.904 7 WARNING neutron.scheduler.dhcp_agent_scheduler [None req-9913dbd4-2730-4b35-b669-4b798f82162f 3c9396659769401f8a18206d4c60557b d2a5e4315a3045978bec011666cf5a5c - - default default] No more DHCP agents
2026-07-24 18:47:01.905 7 WARNING neutron.api.rpc.agentnotifiers.dhcp_rpc_agent_api [None req-9913dbd4-2730-4b35-b669-4b798f82162f 3c9396659769401f8a18206d4c60557b d2a5e4315a3045978bec011666cf5a5c - - default default] Unable to schedule network f9cab83a-b150-4f23-bb7c-d36118822f8a: no agents available; will retry on subsequent port and subnet creation events.
2026-07-24 18:47:02.019 8 INFO neutron.services.segments.plugin [-] Segment 3da51333-da1e-40a6-9701-3ccaec151e50 resource provider aggregate not found
2026-07-24 18:47:02.025 8 INFO neutron.services.segments.plugin [-] Segment 3da51333-da1e-40a6-9701-3ccaec151e50 resource provider aggregate not found
2026-07-24 18:47:02.045 8 INFO neutron.services.segments.plugin [-] Client error retrieving segment 3da51333-da1e-40a6-9701-3ccaec151e50 resource provider; error: Placement Client Error (4xx): {"errors": [{"status": 404, "title": "Not Found", "detail": "The resource could not be found.\n\n No resource provider with uuid 3da51333-da1e-40a6-9701-3ccaec151e50 found for delete ", "request_id": "req-14037f4d-8ef3-4e80-aa7a-c946272e0e1d"}]}
2026-07-24 18:47:02.052 8 INFO neutron.services.segments.plugin [-] Client error retrieving segment 3da51333-da1e-40a6-9701-3ccaec151e50 resource provider; error: Placement Client Error (4xx): {"errors": [{"status": 404, "title": "Not Found", "detail": "The resource could not be found.\n\n No resource provider with uuid 3da51333-da1e-40a6-9701-3ccaec151e50 found for delete ", "request_id": "req-608ba6ba-4945-4982-80cf-06a19079ac96"}]}
2026-07-24 18:47:02.132 8 INFO neutron.db.ovn_revision_numbers_db [None req-0b40c9a2-8709-4369-8ad6-53ef2a2a8660 b690672fe3c44faeb0df31b14aa3a978 dbdb699ce6544262a7962cdaf1943e45 - - default default] Successfully bumped revision number for resource 5d707007-ee4b-4b82-b4d2-69e13253bc5e (type: floatingips) to 1
2026-07-24 18:47:02.274 7 INFO neutron.db.ovn_revision_numbers_db [None req-9913dbd4-2730-4b35-b669-4b798f82162f 3c9396659769401f8a18206d4c60557b d2a5e4315a3045978bec011666cf5a5c - - default default] Successfully bumped revision number for resource 328c7341-337b-4f12-9926-613843ecc81c (type: router_ports) to 1 [pid: 7|app: 0|req: 611/1217] 10.0.0.136 () {34 vars in 783 bytes} [Fri Jul 24 18:47:00 2026] PUT /v2.0/routers/eae6e525-7b2f-484c-9f6e-5224ab2bffa9/add_router_interface => generated 309 bytes in 1777 msecs (HTTP/1.1 200) 4 headers in 157 bytes (1 switches on core 0) [pid: 7|app: 0|req: 612/1218] 10.0.0.136 () {32 vars in 653 bytes} [Fri Jul 24 18:47:02 2026] GET /v2.0/extensions => generated 20541 bytes in 6 msecs (HTTP/1.1 200) 4 headers in 159 bytes (1 switches on core 0) [pid: 7|app: 0|req: 615/1221] 10.0.0.136 () {32 vars in 774 bytes} [Fri Jul 24 18:47:02 2026] GET /v2.0/security-groups?tenant_id=af13b8f3b22c44c39497bda5ef5bff66&name=default => generated 2925 bytes in 24 msecs (HTTP/1.1 200) 4 headers in 158 bytes (1 switches on core 0)
2026-07-24 18:47:02.434 8 INFO neutron.db.ovn_revision_numbers_db [None req-0b40c9a2-8709-4369-8ad6-53ef2a2a8660 b690672fe3c44faeb0df31b14aa3a978 dbdb699ce6544262a7962cdaf1943e45 - - default default] Successfully bumped revision number for resource 5d707007-ee4b-4b82-b4d2-69e13253bc5e (type: floatingips) to 2
2026-07-24 18:47:02.434 8 INFO neutron.db.l3_db [None req-0b40c9a2-8709-4369-8ad6-53ef2a2a8660 b690672fe3c44faeb0df31b14aa3a978 dbdb699ce6544262a7962cdaf1943e45 - - default default] Floating IP 5d707007-ee4b-4b82-b4d2-69e13253bc5e associated. External IP: 10.96.250.203, port: 422fb74f-8d46-455c-9d9b-b13682e7bf43. [pid: 8|app: 0|req: 607/1222] 10.0.0.136 () {34 vars in 749 bytes} [Fri Jul 24 18:47:01 2026] PUT /v2.0/floatingips/5d707007-ee4b-4b82-b4d2-69e13253bc5e => generated 855 bytes in 991 msecs (HTTP/1.1 200) 4 headers in 157 bytes (1 switches on core 0)
2026-07-24 18:47:02.583 8 INFO neutron.notifiers.nova [-] Nova event matching ['req-74ffad1e-d60f-4a9b-9e94-8968b74d4ba3'] response: {'name': 'network-changed', 'server_uuid': 'b820c58d-1f3c-49d2-860f-c6704bdd018a', 'tag': '422fb74f-8d46-455c-9d9b-b13682e7bf43', 'status': 'completed', 'code': 200} [pid: 8|app: 0|req: 608/1223] 10.0.0.136 () {32 vars in 649 bytes} [Fri Jul 24 18:47:02 2026] GET /v2.0/networks => generated 1387 bytes in 132 msecs (HTTP/1.1 200) 4 headers in 158 bytes (1 switches on core 0)
2026-07-24 18:47:02.624 7 WARNING neutron.scheduler.dhcp_agent_scheduler [None req-e87fd2bd-45d2-4d71-a457-6873e278892e 3c9396659769401f8a18206d4c60557b d2a5e4315a3045978bec011666cf5a5c - - default default] No more DHCP agents
2026-07-24 18:47:02.626 7 WARNING neutron.api.rpc.agentnotifiers.dhcp_rpc_agent_api [None req-e87fd2bd-45d2-4d71-a457-6873e278892e 3c9396659769401f8a18206d4c60557b d2a5e4315a3045978bec011666cf5a5c - - default default] Unable to schedule network f9cab83a-b150-4f23-bb7c-d36118822f8a: no agents available; will retry on subsequent port and subnet creation events.
2026-07-24 18:47:02.785 7 INFO neutron.db.ovn_revision_numbers_db [None req-e87fd2bd-45d2-4d71-a457-6873e278892e 3c9396659769401f8a18206d4c60557b d2a5e4315a3045978bec011666cf5a5c - - default default] Successfully bumped revision number for resource b9bbf118-425e-40ed-8013-7f58dd5107c2 (type: ports) to 1
