2026-07-22 23:27:06.675 8 INFO placement.requestlog [req-db270d6f-a5a2-4a3c-9bdf-a9a040111f72 req-e213971f-f155-4de6-9f13-958c167923b9 89e8cf38230f4467b0f597f3a1ebfad2 7693be8e0c1c42898260063211e8e428 - - 940432aa509642b888fb60441110f573 940432aa509642b888fb60441110f573] 199.204.45.115 "GET /allocations/1218cf1a-5c90-43dd-b2be-9d8d6766d73a" status: 200 len: 258 microversion: 1.28 [pid: 8|app: 0|req: 603/1213] 199.204.45.115 () {34 vars in 863 bytes} [Wed Jul 22 23:27:06 2026] GET /allocations/1218cf1a-5c90-43dd-b2be-9d8d6766d73a => generated 258 bytes in 17 msecs (HTTP/1.1 200) 8 headers in 296 bytes (1 switches on core 0)
2026-07-22 23:27:07.717 7 INFO placement.requestlog [req-db270d6f-a5a2-4a3c-9bdf-a9a040111f72 req-433da851-3cdb-44c5-b268-997c6e138de2 89e8cf38230f4467b0f597f3a1ebfad2 7693be8e0c1c42898260063211e8e428 - - 940432aa509642b888fb60441110f573 940432aa509642b888fb60441110f573] 199.204.45.115 "GET /resource_providers/52e1183b-81ad-4ca8-9df3-385db45c04c2/allocations" status: 200 len: 253 microversion: 1.0 [pid: 7|app: 0|req: 611/1214] 199.204.45.115 () {32 vars in 857 bytes} [Wed Jul 22 23:27:07 2026] GET /resource_providers/52e1183b-81ad-4ca8-9df3-385db45c04c2/allocations => generated 253 bytes in 17 msecs (HTTP/1.1 200) 6 headers in 224 bytes (1 switches on core 0)
2026-07-22 23:27:07.738 8 INFO placement.requestlog [req-db270d6f-a5a2-4a3c-9bdf-a9a040111f72 req-f7ceb79a-9a8a-453e-9aae-17e45325ca3d 89e8cf38230f4467b0f597f3a1ebfad2 7693be8e0c1c42898260063211e8e428 - - 940432aa509642b888fb60441110f573 940432aa509642b888fb60441110f573] 199.204.45.115 "GET /allocations/971a527c-5384-43fc-b5f4-ee78cf3a3a50" status: 200 len: 258 microversion: 1.28 [pid: 8|app: 0|req: 604/1215] 199.204.45.115 () {34 vars in 863 bytes} [Wed Jul 22 23:27:07 2026] GET /allocations/971a527c-5384-43fc-b5f4-ee78cf3a3a50 => generated 258 bytes in 13 msecs (HTTP/1.1 200) 8 headers in 296 bytes (1 switches on core 0)
2026-07-22 23:27:07.755 7 INFO placement.requestlog [req-db270d6f-a5a2-4a3c-9bdf-a9a040111f72 req-6d0383b0-68ef-41c3-853b-8886c163ff35 89e8cf38230f4467b0f597f3a1ebfad2 7693be8e0c1c42898260063211e8e428 - - 940432aa509642b888fb60441110f573 940432aa509642b888fb60441110f573] 199.204.45.115 "GET /allocations/1218cf1a-5c90-43dd-b2be-9d8d6766d73a" status: 200 len: 258 microversion: 1.28 [pid: 7|app: 0|req: 612/1216] 199.204.45.115 () {34 vars in 863 bytes} [Wed Jul 22 23:27:07 2026] GET /allocations/1218cf1a-5c90-43dd-b2be-9d8d6766d73a => generated 258 bytes in 14 msecs (HTTP/1.1 200) 8 headers in 296 bytes (1 switches on core 0)
2026-07-22 23:27:08.413 8 INFO placement.requestlog [None req-6584dd2a-7d38-43ef-b36f-c3a4a8e9ed2f - - - - - -] 10.0.0.105 "GET /" status: 200 len: 136 microversion: 1.0
2026-07-22 23:27:08.413 7 INFO placement.requestlog [None req-3fc034da-36f1-4d85-a801-7dfdb08328c7 - - - - - -] 10.0.0.105 "GET /" status: 200 len: 136 microversion: 1.0
2026-07-22 23:27:18.413 8 INFO placement.requestlog [None req-1a77e787-2df0-4652-82ea-c38be59f24b1 - - - - - -] 10.0.0.105 "GET /" status: 200 len: 136 microversion: 1.0
2026-07-22 23:27:18.413 7 INFO placement.requestlog [None req-591272dd-d93e-4037-9732-a61d5bbe8bf2 - - - - - -] 10.0.0.105 "GET /" status: 200 len: 136 microversion: 1.0
2026-07-22 23:27:28.413 8 INFO placement.requestlog [None req-0088e5f0-aba2-4e30-849f-39e6c670003b - - - - - -] 10.0.0.105 "GET /" status: 200 len: 136 microversion: 1.0
2026-07-22 23:27:28.413 7 INFO placement.requestlog [None req-193bd4e8-aa36-4653-b380-3011b24908dd - - - - - -] 10.0.0.105 "GET /" status: 200 len: 136 microversion: 1.0
2026-07-22 23:27:34.587 8 INFO placement.requestlog [req-d6d927e1-c30c-4415-a04c-9360072320b1 req-daed028a-2590-4674-92b3-5a365f46f2f9 89e8cf38230f4467b0f597f3a1ebfad2 7693be8e0c1c42898260063211e8e428 - - 940432aa509642b888fb60441110f573 940432aa509642b888fb60441110f573] 199.204.45.115 "GET /resource_providers/52e1183b-81ad-4ca8-9df3-385db45c04c2/allocations" status: 200 len: 253 microversion: 1.0 [pid: 8|app: 0|req: 608/1223] 199.204.45.115 () {32 vars in 857 bytes} [Wed Jul 22 23:27:34 2026] GET /resource_providers/52e1183b-81ad-4ca8-9df3-385db45c04c2/allocations => generated 253 bytes in 17 msecs (HTTP/1.1 200) 6 headers in 224 bytes (1 switches on core 0)
2026-07-22 23:27:34.611 7 INFO placement.requestlog [req-d6d927e1-c30c-4415-a04c-9360072320b1 req-6daeba95-30bc-46d6-a1dc-10cbe0dbd19b 89e8cf38230f4467b0f597f3a1ebfad2 7693be8e0c1c42898260063211e8e428 - - 940432aa509642b888fb60441110f573 940432aa509642b888fb60441110f573] 199.204.45.115 "GET /resource_providers/52e1183b-81ad-4ca8-9df3-385db45c04c2/allocations" status: 200 len: 253 microversion: 1.0 [pid: 7|app: 0|req: 616/1224] 199.204.45.115 () {32 vars in 857 bytes} [Wed Jul 22 23:27:34 2026] GET /resource_providers/52e1183b-81ad-4ca8-9df3-385db45c04c2/allocations => generated 253 bytes in 17 msecs (HTTP/1.1 200) 6 headers in 224 bytes (1 switches on core 0)
2026-07-22 23:27:34.631 8 INFO placement.requestlog [req-d6d927e1-c30c-4415-a04c-9360072320b1 req-2190ff4d-55ae-46bd-bc5a-fb8961379e1d 89e8cf38230f4467b0f597f3a1ebfad2 7693be8e0c1c42898260063211e8e428 - - 940432aa509642b888fb60441110f573 940432aa509642b888fb60441110f573] 199.204.45.115 "GET /allocations/971a527c-5384-43fc-b5f4-ee78cf3a3a50" status: 200 len: 258 microversion: 1.28 [pid: 8|app: 0|req: 609/1225] 199.204.45.115 () {34 vars in 863 bytes} [Wed Jul 22 23:27:34 2026] GET /allocations/971a527c-5384-43fc-b5f4-ee78cf3a3a50 => generated 258 bytes in 13 msecs (HTTP/1.1 200) 8 headers in 296 bytes (1 switches on core 0)
2026-07-22 23:27:34.649 7 INFO placement.requestlog [req-d6d927e1-c30c-4415-a04c-9360072320b1 req-d55c8d72-87a7-471b-97c0-4d15a48cf803 89e8cf38230f4467b0f597f3a1ebfad2 7693be8e0c1c42898260063211e8e428 - - 940432aa509642b888fb60441110f573 940432aa509642b888fb60441110f573] 199.204.45.115 "GET /allocations/1218cf1a-5c90-43dd-b2be-9d8d6766d73a" status: 200 len: 258 microversion: 1.28 [pid: 7|app: 0|req: 617/1226] 199.204.45.115 () {34 vars in 863 bytes} [Wed Jul 22 23:27:34 2026] GET /allocations/1218cf1a-5c90-43dd-b2be-9d8d6766d73a => generated 258 bytes in 12 msecs (HTTP/1.1 200) 8 headers in 296 bytes (1 switches on core 0)
2026-07-22 23:27:38.414 7 INFO placement.requestlog [None req-4bd325a0-895e-4dd2-bdbc-b55866ddd5d0 - - - - - -] 10.0.0.105 "GET /" status: 200 len: 136 microversion: 1.0
2026-07-22 23:27:38.414 8 INFO placement.requestlog [None req-3ae0979d-1b13-4a21-82a1-062257b50081 - - - - - -] 10.0.0.105 "GET /" status: 200 len: 136 microversion: 1.0
2026-07-22 23:27:48.413 7 INFO placement.requestlog [None req-f5fbb31d-fbb7-4ca8-b8e3-9c07474262dd - - - - - -] 10.0.0.105 "GET /" status: 200 len: 136 microversion: 1.0
2026-07-22 23:27:48.413 8 INFO placement.requestlog [None req-45983797-7b9b-4575-8164-12eb7299c728 - - - - - -] 10.0.0.105 "GET /" status: 200 len: 136 microversion: 1.0
2026-07-22 23:27:58.413 7 INFO placement.requestlog [None req-418dcba0-5a82-43e8-834b-7fc89ec2b48f - - - - - -] 10.0.0.105 "GET /" status: 200 len: 136 microversion: 1.0
2026-07-22 23:27:58.413 8 INFO placement.requestlog [None req-48937abd-9c15-48dd-a845-273505f31a33 - - - - - -] 10.0.0.105 "GET /" status: 200 len: 136 microversion: 1.0
2026-07-22 23:27:58.653 7 INFO placement.requestlog [req-9a2a3b83-5caf-49e6-baf3-b96901140c9d req-7b39dc3d-8857-4745-a192-a9970d6d7566 89e8cf38230f4467b0f597f3a1ebfad2 7693be8e0c1c42898260063211e8e428 - - 940432aa509642b888fb60441110f573 940432aa509642b888fb60441110f573] 10.0.0.164 "GET /allocation_candidates?limit=1000&resources=MEMORY_MB%3A2048%2CVCPU%3A2&root_required=%21COMPUTE_STATUS_DISABLED" status: 200 len: 2630 microversion: 1.36 [pid: 7|app: 0|req: 621/1233] 10.0.0.164 () {34 vars in 986 bytes} [Wed Jul 22 23:27:58 2026] GET /allocation_candidates?limit=1000&resources=MEMORY_MB%3A2048%2CVCPU%3A2&root_required=%21COMPUTE_STATUS_DISABLED => generated 2630 bytes in 41 msecs (HTTP/1.1 200) 8 headers in 297 bytes (1 switches on core 0)
2026-07-22 23:27:58.679 8 INFO placement.requestlog [req-9a2a3b83-5caf-49e6-baf3-b96901140c9d req-2636335a-a47b-42c5-a6f4-ed3f3807f791 89e8cf38230f4467b0f597f3a1ebfad2 7693be8e0c1c42898260063211e8e428 - - 940432aa509642b888fb60441110f573 940432aa509642b888fb60441110f573] 10.0.0.164 "GET /allocations/b69d74da-095a-41fb-916b-64b5fbf99827" status: 200 len: 19 microversion: 1.28 [pid: 8|app: 0|req: 613/1234] 10.0.0.164 () {34 vars in 861 bytes} [Wed Jul 22 23:27:58 2026] GET /allocations/b69d74da-095a-41fb-916b-64b5fbf99827 => generated 19 bytes in 10 msecs (HTTP/1.1 200) 8 headers in 295 bytes (1 switches on core 0)
2026-07-22 23:27:58.751 7 INFO placement.requestlog [req-9a2a3b83-5caf-49e6-baf3-b96901140c9d req-52436d19-2c6e-4a81-a614-5f4efeff7daf 89e8cf38230f4467b0f597f3a1ebfad2 7693be8e0c1c42898260063211e8e428 - - 940432aa509642b888fb60441110f573 940432aa509642b888fb60441110f573] 10.0.0.164 "PUT /allocations/b69d74da-095a-41fb-916b-64b5fbf99827" status: 204 len: 0 microversion: 1.36 [pid: 7|app: 0|req: 622/1235] 10.0.0.164 () {38 vars in 914 bytes} [Wed Jul 22 23:27:58 2026] PUT /allocations/b69d74da-095a-41fb-916b-64b5fbf99827 => generated 0 bytes in 64 msecs (HTTP/1.1 204) 5 headers in 199 bytes (1 switches on core 0)
2026-07-22 23:28:00.273 8 INFO placement.requestlog [req-9a2a3b83-5caf-49e6-baf3-b96901140c9d req-046c08ba-3be2-4ffd-83cb-d9f16996a0f6 89e8cf38230f4467b0f597f3a1ebfad2 7693be8e0c1c42898260063211e8e428 - - 940432aa509642b888fb60441110f573 940432aa509642b888fb60441110f573] 199.204.45.115 "GET /allocations/b69d74da-095a-41fb-916b-64b5fbf99827" status: 200 len: 245 microversion: 1.28 [pid: 8|app: 0|req: 614/1236] 199.204.45.115 () {34 vars in 863 bytes} [Wed Jul 22 23:28:00 2026] GET /allocations/b69d74da-095a-41fb-916b-64b5fbf99827 => generated 245 bytes in 18 msecs (HTTP/1.1 200) 8 headers in 296 bytes (1 switches on core 0)
2026-07-22 23:28:01.318 7 INFO placement.requestlog [req-9a2a3b83-5caf-49e6-baf3-b96901140c9d req-72b9de96-b82b-4f5a-86a7-54b3e7399219 89e8cf38230f4467b0f597f3a1ebfad2 7693be8e0c1c42898260063211e8e428 - - 940432aa509642b888fb60441110f573 940432aa509642b888fb60441110f573] 199.204.45.115 "GET /resource_providers/52e1183b-81ad-4ca8-9df3-385db45c04c2/allocations" status: 200 len: 340 microversion: 1.0 [pid: 7|app: 0|req: 623/1237] 199.204.45.115 () {32 vars in 857 bytes} [Wed Jul 22 23:28:01 2026] GET /resource_providers/52e1183b-81ad-4ca8-9df3-385db45c04c2/allocations => generated 340 bytes in 22 msecs (HTTP/1.1 200) 6 headers in 224 bytes (1 switches on core 0)
2026-07-22 23:28:01.342 8 INFO placement.requestlog [req-9a2a3b83-5caf-49e6-baf3-b96901140c9d req-00b805d2-f3db-45d1-8f5a-2ecfd4d043f2 89e8cf38230f4467b0f597f3a1ebfad2 7693be8e0c1c42898260063211e8e428 - - 940432aa509642b888fb60441110f573 940432aa509642b888fb60441110f573] 199.204.45.115 "GET /allocations/b69d74da-095a-41fb-916b-64b5fbf99827" status: 200 len: 245 microversion: 1.28 [pid: 8|app: 0|req: 615/1238] 199.204.45.115 () {34 vars in 863 bytes} [Wed Jul 22 23:28:01 2026] GET /allocations/b69d74da-095a-41fb-916b-64b5fbf99827 => generated 245 bytes in 18 msecs (HTTP/1.1 200) 8 headers in 296 bytes (1 switches on core 0)
2026-07-22 23:28:01.361 7 INFO placement.requestlog [req-9a2a3b83-5caf-49e6-baf3-b96901140c9d req-2015e83f-d124-4217-a993-b9fd67bfc368 89e8cf38230f4467b0f597f3a1ebfad2 7693be8e0c1c42898260063211e8e428 - - 940432aa509642b888fb60441110f573 940432aa509642b888fb60441110f573] 199.204.45.115 "GET /allocations/971a527c-5384-43fc-b5f4-ee78cf3a3a50" status: 200 len: 258 microversion: 1.28 [pid: 7|app: 0|req: 624/1239] 199.204.45.115 () {34 vars in 863 bytes} [Wed Jul 22 23:28:01 2026] GET /allocations/971a527c-5384-43fc-b5f4-ee78cf3a3a50 => generated 258 bytes in 12 msecs (HTTP/1.1 200) 8 headers in 296 bytes (1 switches on core 0)
2026-07-22 23:28:01.393 8 INFO placement.requestlog [req-9a2a3b83-5caf-49e6-baf3-b96901140c9d req-ffacc2f5-677b-4d1a-9626-5e3e8dbf1b89 89e8cf38230f4467b0f597f3a1ebfad2 7693be8e0c1c42898260063211e8e428 - - 940432aa509642b888fb60441110f573 940432aa509642b888fb60441110f573] 199.204.45.115 "GET /allocations/1218cf1a-5c90-43dd-b2be-9d8d6766d73a" status: 200 len: 258 microversion: 1.28 [pid: 8|app: 0|req: 616/1240] 199.204.45.115 () {34 vars in 863 bytes} [Wed Jul 22 23:28:01 2026] GET /allocations/1218cf1a-5c90-43dd-b2be-9d8d6766d73a => generated 258 bytes in 26 msecs (HTTP/1.1 200) 8 headers in 296 bytes (1 switches on core 0)
2026-07-22 23:28:08.412 7 INFO placement.requestlog [None req-ec42f859-dcad-4399-a7ad-b1913197d5d8 - - - - - -] 10.0.0.105 "GET /" status: 200 len: 136 microversion: 1.0
2026-07-22 23:28:08.413 8 INFO placement.requestlog [None req-f3e3d922-a8ed-4d8c-b929-aad2434f9cf7 - - - - - -] 10.0.0.105 "GET /" status: 200 len: 136 microversion: 1.0
2026-07-22 23:28:18.414 7 INFO placement.requestlog [None req-7f463822-e49d-4180-a792-761dbf1fab5e - - - - - -] 10.0.0.105 "GET /" status: 200 len: 136 microversion: 1.0
2026-07-22 23:28:18.414 8 INFO placement.requestlog [None req-6b79c463-7bc6-40c4-8d0a-12a0483ca1fe - - - - - -] 10.0.0.105 "GET /" status: 200 len: 136 microversion: 1.0
2026-07-22 23:28:28.414 8 INFO placement.requestlog [None req-c073f74f-539f-445c-86cb-dd3146eccd3c - - - - - -] 10.0.0.105 "GET /" status: 200 len: 136 microversion: 1.0
2026-07-22 23:28:28.415 7 INFO placement.requestlog [None req-345ba97c-5a82-4fe2-a99c-9215c3bb73ad - - - - - -] 10.0.0.105 "GET /" status: 200 len: 136 microversion: 1.0
2026-07-22 23:28:36.817 8 INFO placement.requestlog [req-a9510188-9922-4eee-8226-b127de3dcc4f req-113319a1-30dc-4197-bbec-ad76f874af81 89e8cf38230f4467b0f597f3a1ebfad2 7693be8e0c1c42898260063211e8e428 - - 940432aa509642b888fb60441110f573 940432aa509642b888fb60441110f573] 199.204.45.115 "GET /resource_providers/52e1183b-81ad-4ca8-9df3-385db45c04c2/allocations" status: 200 len: 340 microversion: 1.0 [pid: 8|app: 0|req: 620/1247] 199.204.45.115 () {32 vars in 857 bytes} [Wed Jul 22 23:28:36 2026] GET /resource_providers/52e1183b-81ad-4ca8-9df3-385db45c04c2/allocations => generated 340 bytes in 161 msecs (HTTP/1.1 200) 6 headers in 224 bytes (1 switches on core 0)
2026-07-22 23:28:36.852 7 INFO placement.requestlog [req-a9510188-9922-4eee-8226-b127de3dcc4f req-14f94f08-4594-4594-8375-fea81a3bfbd7 89e8cf38230f4467b0f597f3a1ebfad2 7693be8e0c1c42898260063211e8e428 - - 940432aa509642b888fb60441110f573 940432aa509642b888fb60441110f573] 199.204.45.115 "GET /resource_providers?in_tree=52e1183b-81ad-4ca8-9df3-385db45c04c2" status: 200 len: 798 microversion: 1.14 [pid: 7|app: 0|req: 628/1248] 199.204.45.115 () {34 vars in 892 bytes} [Wed Jul 22 23:28:36 2026] GET /resource_providers?in_tree=52e1183b-81ad-4ca8-9df3-385db45c04c2 => generated 798 bytes in 19 msecs (HTTP/1.1 200) 6 headers in 225 bytes (1 switches on core 0)
2026-07-22 23:28:36.889 8 INFO placement.requestlog [req-a9510188-9922-4eee-8226-b127de3dcc4f req-68051f2a-7349-4605-bdbb-388478458364 89e8cf38230f4467b0f597f3a1ebfad2 7693be8e0c1c42898260063211e8e428 - - 940432aa509642b888fb60441110f573 940432aa509642b888fb60441110f573] 199.204.45.115 "GET /resource_providers/52e1183b-81ad-4ca8-9df3-385db45c04c2/inventories" status: 200 len: 401 microversion: 1.0 [pid: 8|app: 0|req: 621/1249] 199.204.45.115 () {32 vars in 857 bytes} [Wed Jul 22 23:28:36 2026] GET /resource_providers/52e1183b-81ad-4ca8-9df3-385db45c04c2/inventories => generated 401 bytes in 23 msecs (HTTP/1.1 200) 6 headers in 224 bytes (1 switches on core 0)
2026-07-22 23:28:36.912 7 INFO placement.requestlog [req-a9510188-9922-4eee-8226-b127de3dcc4f req-85376299-8ad8-474c-ad07-277235faa3a3 89e8cf38230f4467b0f597f3a1ebfad2 7693be8e0c1c42898260063211e8e428 - - 940432aa509642b888fb60441110f573 940432aa509642b888fb60441110f573] 199.204.45.115 "GET /resource_providers/52e1183b-81ad-4ca8-9df3-385db45c04c2/aggregates" status: 200 len: 54 microversion: 1.19 [pid: 7|app: 0|req: 629/1250] 199.204.45.115 () {34 vars in 899 bytes} [Wed Jul 22 23:28:36 2026] GET /resource_providers/52e1183b-81ad-4ca8-9df3-385db45c04c2/aggregates => generated 54 bytes in 17 msecs (HTTP/1.1 200) 8 headers in 295 bytes (1 switches on core 0)
2026-07-22 23:28:36.939 8 INFO placement.requestlog [req-a9510188-9922-4eee-8226-b127de3dcc4f req-e92b886d-6fe3-4d74-9168-910feb8d609d 89e8cf38230f4467b0f597f3a1ebfad2 7693be8e0c1c42898260063211e8e428 - - 940432aa509642b888fb60441110f573 940432aa509642b888fb60441110f573] 199.204.45.115 "GET /resource_providers/52e1183b-81ad-4ca8-9df3-385db45c04c2/traits" status: 200 len: 2176 microversion: 1.6 [pid: 8|app: 0|req: 622/1251] 199.204.45.115 () {34 vars in 890 bytes} [Wed Jul 22 23:28:36 2026] GET /resource_providers/52e1183b-81ad-4ca8-9df3-385db45c04c2/traits => generated 2176 bytes in 20 msecs (HTTP/1.1 200) 6 headers in 225 bytes (1 switches on core 0)
2026-07-22 23:28:36.964 7 INFO placement.requestlog [req-a9510188-9922-4eee-8226-b127de3dcc4f req-fe7e6412-56ba-46dd-9aa5-bc7f481d5253 89e8cf38230f4467b0f597f3a1ebfad2 7693be8e0c1c42898260063211e8e428 - - 940432aa509642b888fb60441110f573 940432aa509642b888fb60441110f573] 199.204.45.115 "GET /resource_providers/52e1183b-81ad-4ca8-9df3-385db45c04c2/allocations" status: 200 len: 340 microversion: 1.0 [pid: 7|app: 0|req: 630/1252] 199.204.45.115 () {32 vars in 857 bytes} [Wed Jul 22 23:28:36 2026] GET /resource_providers/52e1183b-81ad-4ca8-9df3-385db45c04c2/allocations => generated 340 bytes in 17 msecs (HTTP/1.1 200) 6 headers in 224 bytes (1 switches on core 0)
2026-07-22 23:28:36.984 8 INFO placement.requestlog [req-a9510188-9922-4eee-8226-b127de3dcc4f req-00d8a9df-d159-4abb-8112-206b4b08ebde 89e8cf38230f4467b0f597f3a1ebfad2 7693be8e0c1c42898260063211e8e428 - - 940432aa509642b888fb60441110f573 940432aa509642b888fb60441110f573] 199.204.45.115 "GET /allocations/b69d74da-095a-41fb-916b-64b5fbf99827" status: 200 len: 245 microversion: 1.28 [pid: 8|app: 0|req: 623/1253] 199.204.45.115 () {34 vars in 863 bytes} [Wed Jul 22 23:28:36 2026] GET /allocations/b69d74da-095a-41fb-916b-64b5fbf99827 => generated 245 bytes in 15 msecs (HTTP/1.1 200) 8 headers in 296 bytes (1 switches on core 0)
2026-07-22 23:28:37.005 7 INFO placement.requestlog [req-a9510188-9922-4eee-8226-b127de3dcc4f req-2531b2d2-b5aa-4392-aeca-d6b61ee179cc 89e8cf38230f4467b0f597f3a1ebfad2 7693be8e0c1c42898260063211e8e428 - - 940432aa509642b888fb60441110f573 940432aa509642b888fb60441110f573] 199.204.45.115 "GET /allocations/971a527c-5384-43fc-b5f4-ee78cf3a3a50" status: 200 len: 258 microversion: 1.28 [pid: 7|app: 0|req: 631/1254] 199.204.45.115 () {34 vars in 863 bytes} [Wed Jul 22 23:28:36 2026] GET /allocations/971a527c-5384-43fc-b5f4-ee78cf3a3a50 => generated 258 bytes in 13 msecs (HTTP/1.1 200) 8 headers in 296 bytes (1 switches on core 0)
2026-07-22 23:28:37.027 8 INFO placement.requestlog [req-a9510188-9922-4eee-8226-b127de3dcc4f req-547338d8-26c0-4efb-8dd7-d0b5574a992e 89e8cf38230f4467b0f597f3a1ebfad2 7693be8e0c1c42898260063211e8e428 - - 940432aa509642b888fb60441110f573 940432aa509642b888fb60441110f573] 199.204.45.115 "GET /allocations/1218cf1a-5c90-43dd-b2be-9d8d6766d73a" status: 200 len: 258 microversion: 1.28 [pid: 8|app: 0|req: 624/1255] 199.204.45.115 () {34 vars in 863 bytes} [Wed Jul 22 23:28:37 2026] GET /allocations/1218cf1a-5c90-43dd-b2be-9d8d6766d73a => generated 258 bytes in 18 msecs (HTTP/1.1 200) 8 headers in 296 bytes (1 switches on core 0)
2026-07-22 23:28:38.412 7 INFO placement.requestlog [None req-fee668f2-bbec-404e-a595-91c8d150e87a - - - - - -] 10.0.0.105 "GET /" status: 200 len: 136 microversion: 1.0
2026-07-22 23:28:38.413 8 INFO placement.requestlog [None req-fcd1cc7e-4b2c-4f35-ac63-0ffbaf079b99 - - - - - -] 10.0.0.105 "GET /" status: 200 len: 136 microversion: 1.0
2026-07-22 23:28:48.413 7 INFO placement.requestlog [None req-c01c29e8-cb56-4419-9050-ba282d057a06 - - - - - -] 10.0.0.105 "GET /" status: 200 len: 136 microversion: 1.0
2026-07-22 23:28:48.413 8 INFO placement.requestlog [None req-2c503314-3e2a-4130-a325-aafb5d983367 - - - - - -] 10.0.0.105 "GET /" status: 200 len: 136 microversion: 1.0
2026-07-22 23:28:58.413 7 INFO placement.requestlog [None req-2afe8a70-715c-425a-8a01-5ca2f2ca0568 - - - - - -] 10.0.0.105 "GET /" status: 200 len: 136 microversion: 1.0
2026-07-22 23:28:58.413 8 INFO placement.requestlog [None req-fab1f857-90d0-4d4f-9d65-31e3a3c1b3ba - - - - - -] 10.0.0.105 "GET /" status: 200 len: 136 microversion: 1.0
2026-07-22 23:29:08.412 8 INFO placement.requestlog [None req-9e089bb2-7a27-49c7-b126-3422927020b2 - - - - - -] 10.0.0.105 "GET /" status: 200 len: 136 microversion: 1.0
2026-07-22 23:29:08.412 7 INFO placement.requestlog [None req-2bff05c4-9334-49d2-8840-a1f071cd64c4 - - - - - -] 10.0.0.105 "GET /" status: 200 len: 136 microversion: 1.0
2026-07-22 23:29:18.413 7 INFO placement.requestlog [None req-6e288233-c038-46ff-b973-2fb230740abf - - - - - -] 10.0.0.105 "GET /" status: 200 len: 136 microversion: 1.0
2026-07-22 23:29:18.413 8 INFO placement.requestlog [None req-addbf46b-e514-4284-bc1d-133c49530c80 - - - - - -] 10.0.0.105 "GET /" status: 200 len: 136 microversion: 1.0
2026-07-22 23:29:28.413 8 INFO placement.requestlog [None req-e11e5e30-78c6-411b-b597-cde37b26e287 - - - - - -] 10.0.0.105 "GET /" status: 200 len: 136 microversion: 1.0
2026-07-22 23:29:28.414 7 INFO placement.requestlog [None req-18ed56f2-9680-4c53-a4ac-cafb3f4ef96a - - - - - -] 10.0.0.105 "GET /" status: 200 len: 136 microversion: 1.0
2026-07-22 23:29:36.190 8 INFO placement.requestlog [req-daf0ad8f-7c71-42c0-ab4e-42f5d8d9d903 req-71ce3bbc-e124-4c30-9936-82cf8a84be8a 89e8cf38230f4467b0f597f3a1ebfad2 7693be8e0c1c42898260063211e8e428 - - 940432aa509642b888fb60441110f573 940432aa509642b888fb60441110f573] 199.204.45.115 "GET /resource_providers/52e1183b-81ad-4ca8-9df3-385db45c04c2/allocations" status: 200 len: 340 microversion: 1.0 [pid: 8|app: 0|req: 631/1268] 199.204.45.115 () {32 vars in 857 bytes} [Wed Jul 22 23:29:36 2026] GET /resource_providers/52e1183b-81ad-4ca8-9df3-385db45c04c2/allocations => generated 340 bytes in 15 msecs (HTTP/1.1 200) 6 headers in 224 bytes (1 switches on core 0)
2026-07-22 23:29:36.214 7 INFO placement.requestlog [req-daf0ad8f-7c71-42c0-ab4e-42f5d8d9d903 req-02529539-f9c8-4ffe-9976-799dcb0c5316 89e8cf38230f4467b0f597f3a1ebfad2 7693be8e0c1c42898260063211e8e428 - - 940432aa509642b888fb60441110f573 940432aa509642b888fb60441110f573] 199.204.45.115 "GET /resource_providers/52e1183b-81ad-4ca8-9df3-385db45c04c2/allocations" status: 200 len: 340 microversion: 1.0 [pid: 7|app: 0|req: 638/1269] 199.204.45.115 () {32 vars in 857 bytes} [Wed Jul 22 23:29:36 2026] GET /resource_providers/52e1183b-81ad-4ca8-9df3-385db45c04c2/allocations => generated 340 bytes in 16 msecs (HTTP/1.1 200) 6 headers in 224 bytes (1 switches on core 0)
2026-07-22 23:29:36.235 8 INFO placement.requestlog [req-daf0ad8f-7c71-42c0-ab4e-42f5d8d9d903 req-29c6e387-af06-4db5-9f2f-882b708ddf3c 89e8cf38230f4467b0f597f3a1ebfad2 7693be8e0c1c42898260063211e8e428 - - 940432aa509642b888fb60441110f573 940432aa509642b888fb60441110f573] 199.204.45.115 "GET /allocations/b69d74da-095a-41fb-916b-64b5fbf99827" status: 200 len: 245 microversion: 1.28 [pid: 8|app: 0|req: 632/1270] 199.204.45.115 () {34 vars in 863 bytes} [Wed Jul 22 23:29:36 2026] GET /allocations/b69d74da-095a-41fb-916b-64b5fbf99827 => generated 245 bytes in 14 msecs (HTTP/1.1 200) 8 headers in 296 bytes (1 switches on core 0)
2026-07-22 23:29:36.255 7 INFO placement.requestlog [req-daf0ad8f-7c71-42c0-ab4e-42f5d8d9d903 req-32a68049-66bc-4514-8e37-9f06dde8716b 89e8cf38230f4467b0f597f3a1ebfad2 7693be8e0c1c42898260063211e8e428 - - 940432aa509642b888fb60441110f573 940432aa509642b888fb60441110f573] 199.204.45.115 "GET /allocations/971a527c-5384-43fc-b5f4-ee78cf3a3a50" status: 200 len: 258 microversion: 1.28 [pid: 7|app: 0|req: 639/1271] 199.204.45.115 () {34 vars in 863 bytes} [Wed Jul 22 23:29:36 2026] GET /allocations/971a527c-5384-43fc-b5f4-ee78cf3a3a50 => generated 258 bytes in 14 msecs (HTTP/1.1 200) 8 headers in 296 bytes (1 switches on core 0)
2026-07-22 23:29:36.276 8 INFO placement.requestlog [req-daf0ad8f-7c71-42c0-ab4e-42f5d8d9d903 req-3f02e6cf-19c6-4a45-916c-bf0e01f0008e 89e8cf38230f4467b0f597f3a1ebfad2 7693be8e0c1c42898260063211e8e428 - - 940432aa509642b888fb60441110f573 940432aa509642b888fb60441110f573] 199.204.45.115 "GET /allocations/1218cf1a-5c90-43dd-b2be-9d8d6766d73a" status: 200 len: 258 microversion: 1.28 [pid: 8|app: 0|req: 633/1272] 199.204.45.115 () {34 vars in 863 bytes} [Wed Jul 22 23:29:36 2026] GET /allocations/1218cf1a-5c90-43dd-b2be-9d8d6766d73a => generated 258 bytes in 14 msecs (HTTP/1.1 200) 8 headers in 296 bytes (1 switches on core 0)
2026-07-22 23:29:38.413 7 INFO placement.requestlog [None req-d8c88e51-06d2-4663-b126-602ed68f1a98 - - - - - -] 10.0.0.105 "GET /" status: 200 len: 136 microversion: 1.0
2026-07-22 23:29:38.414 8 INFO placement.requestlog [None req-dc0f1cc5-fff0-49db-9e20-ba5be8570168 - - - - - -] 10.0.0.105 "GET /" status: 200 len: 136 microversion: 1.0
2026-07-22 23:29:48.413 8 INFO placement.requestlog [None req-93f7ff31-b4f8-4b0a-8030-5235ac7bd7f9 - - - - - -] 10.0.0.105 "GET /" status: 200 len: 136 microversion: 1.0
2026-07-22 23:29:48.413 7 INFO placement.requestlog [None req-bb7f7b04-45fb-4db4-877a-c4621c5c5107 - - - - - -] 10.0.0.105 "GET /" status: 200 len: 136 microversion: 1.0
2026-07-22 23:29:58.413 8 INFO placement.requestlog [None req-fdf3d77b-1efa-4c46-b0c8-beae87a823a9 - - - - - -] 10.0.0.105 "GET /" status: 200 len: 136 microversion: 1.0
2026-07-22 23:29:58.413 7 INFO placement.requestlog [None req-6597765d-7eea-4e5f-b5e3-233731880bd0 - - - - - -] 10.0.0.105 "GET /" status: 200 len: 136 microversion: 1.0
2026-07-22 23:30:08.413 7 INFO placement.requestlog [None req-b9320d19-0e4a-4e49-a52c-022a668d2a12 - - - - - -] 10.0.0.105 "GET /" status: 200 len: 136 microversion: 1.0
2026-07-22 23:30:08.414 8 INFO placement.requestlog [None req-31e433fd-ccd8-4de5-9928-13d72c99065f - - - - - -] 10.0.0.105 "GET /" status: 200 len: 136 microversion: 1.0
2026-07-22 23:30:18.413 8 INFO placement.requestlog [None req-6b932db5-76e5-414f-8803-cee911ffa33c - - - - - -] 10.0.0.105 "GET /" status: 200 len: 136 microversion: 1.0
2026-07-22 23:30:18.413 7 INFO placement.requestlog [None req-eea6f74e-6cf8-47e4-a925-96de0febc7e7 - - - - - -] 10.0.0.105 "GET /" status: 200 len: 136 microversion: 1.0
2026-07-22 23:30:28.413 7 INFO placement.requestlog [None req-dc6cc4ee-7056-4b36-89a2-1e792bc7b9ac - - - - - -] 10.0.0.105 "GET /" status: 200 len: 136 microversion: 1.0
2026-07-22 23:30:28.413 8 INFO placement.requestlog [None req-15ffad23-924f-4eb4-b000-e245afd478d4 - - - - - -] 10.0.0.105 "GET /" status: 200 len: 136 microversion: 1.0
2026-07-22 23:30:37.603 7 INFO placement.requestlog [req-a13b75c9-a73a-4f24-aadb-96eff7157418 req-9e96703d-2dea-46c9-acca-15d1a692c2e4 89e8cf38230f4467b0f597f3a1ebfad2 7693be8e0c1c42898260063211e8e428 - - 940432aa509642b888fb60441110f573 940432aa509642b888fb60441110f573] 199.204.45.115 "GET /resource_providers/52e1183b-81ad-4ca8-9df3-385db45c04c2/allocations" status: 200 len: 340 microversion: 1.0 [pid: 7|app: 0|req: 646/1285] 199.204.45.115 () {32 vars in 857 bytes} [Wed Jul 22 23:30:37 2026] GET /resource_providers/52e1183b-81ad-4ca8-9df3-385db45c04c2/allocations => generated 340 bytes in 19 msecs (HTTP/1.1 200) 6 headers in 224 bytes (1 switches on core 0)
2026-07-22 23:30:37.636 8 INFO placement.requestlog [req-a13b75c9-a73a-4f24-aadb-96eff7157418 req-6d236ec0-edf8-44ef-b2ae-1e47ee17521d 89e8cf38230f4467b0f597f3a1ebfad2 7693be8e0c1c42898260063211e8e428 - - 940432aa509642b888fb60441110f573 940432aa509642b888fb60441110f573] 199.204.45.115 "GET /resource_providers/52e1183b-81ad-4ca8-9df3-385db45c04c2/allocations" status: 200 len: 340 microversion: 1.0 [pid: 8|app: 0|req: 640/1286] 199.204.45.115 () {32 vars in 857 bytes} [Wed Jul 22 23:30:37 2026] GET /resource_providers/52e1183b-81ad-4ca8-9df3-385db45c04c2/allocations => generated 340 bytes in 26 msecs (HTTP/1.1 200) 6 headers in 224 bytes (1 switches on core 0)
2026-07-22 23:30:37.654 7 INFO placement.requestlog [req-a13b75c9-a73a-4f24-aadb-96eff7157418 req-22a3d313-1ccd-491c-8318-74c5235e92f0 89e8cf38230f4467b0f597f3a1ebfad2 7693be8e0c1c42898260063211e8e428 - - 940432aa509642b888fb60441110f573 940432aa509642b888fb60441110f573] 199.204.45.115 "GET /allocations/b69d74da-095a-41fb-916b-64b5fbf99827" status: 200 len: 245 microversion: 1.28 [pid: 7|app: 0|req: 647/1287] 199.204.45.115 () {34 vars in 863 bytes} [Wed Jul 22 23:30:37 2026] GET /allocations/b69d74da-095a-41fb-916b-64b5fbf99827 => generated 245 bytes in 12 msecs (HTTP/1.1 200) 8 headers in 296 bytes (1 switches on core 0)
2026-07-22 23:30:37.672 8 INFO placement.requestlog [req-a13b75c9-a73a-4f24-aadb-96eff7157418 req-c2f479f6-6f74-4283-b9e5-6da7f911214f 89e8cf38230f4467b0f597f3a1ebfad2 7693be8e0c1c42898260063211e8e428 - - 940432aa509642b888fb60441110f573 940432aa509642b888fb60441110f573] 199.204.45.115 "GET /allocations/971a527c-5384-43fc-b5f4-ee78cf3a3a50" status: 200 len: 258 microversion: 1.28 [pid: 8|app: 0|req: 641/1288] 199.204.45.115 () {34 vars in 863 bytes} [Wed Jul 22 23:30:37 2026] GET /allocations/971a527c-5384-43fc-b5f4-ee78cf3a3a50 => generated 258 bytes in 12 msecs (HTTP/1.1 200) 8 headers in 296 bytes (1 switches on core 0)
2026-07-22 23:30:37.686 7 INFO placement.requestlog [req-a13b75c9-a73a-4f24-aadb-96eff7157418 req-b111e3b4-30dc-4643-8d22-10288afe7828 89e8cf38230f4467b0f597f3a1ebfad2 7693be8e0c1c42898260063211e8e428 - - 940432aa509642b888fb60441110f573 940432aa509642b888fb60441110f573] 199.204.45.115 "GET /allocations/1218cf1a-5c90-43dd-b2be-9d8d6766d73a" status: 200 len: 258 microversion: 1.28 [pid: 7|app: 0|req: 648/1289] 199.204.45.115 () {34 vars in 863 bytes} [Wed Jul 22 23:30:37 2026] GET /allocations/1218cf1a-5c90-43dd-b2be-9d8d6766d73a => generated 258 bytes in 11 msecs (HTTP/1.1 200) 8 headers in 296 bytes (1 switches on core 0)
2026-07-22 23:30:38.413 8 INFO placement.requestlog [None req-8c3ab961-f0ef-41f5-825c-0368589e6ba5 - - - - - -] 10.0.0.105 "GET /" status: 200 len: 136 microversion: 1.0
2026-07-22 23:30:38.413 7 INFO placement.requestlog [None req-1432c478-58db-4463-a7ec-28bf047a426c - - - - - -] 10.0.0.105 "GET /" status: 200 len: 136 microversion: 1.0
2026-07-22 23:30:48.413 8 INFO placement.requestlog [None req-cd4f3cca-99f6-4763-9b49-8edd2aceec1d - - - - - -] 10.0.0.105 "GET /" status: 200 len: 136 microversion: 1.0
2026-07-22 23:30:48.413 7 INFO placement.requestlog [None req-e7f13758-68fa-4cec-ad1c-306a1ca87899 - - - - - -] 10.0.0.105 "GET /" status: 200 len: 136 microversion: 1.0
2026-07-22 23:30:49.849 8 INFO placement.requestlog [req-49494d25-384a-48d1-8b7a-05d6d4f1dc36 req-0c0419fc-47a0-4bdb-984f-d94ee702a23a 89e8cf38230f4467b0f597f3a1ebfad2 7693be8e0c1c42898260063211e8e428 - - 940432aa509642b888fb60441110f573 940432aa509642b888fb60441110f573] 199.204.45.115 "GET /resource_providers/52e1183b-81ad-4ca8-9df3-385db45c04c2/allocations" status: 200 len: 340 microversion: 1.0 [pid: 8|app: 0|req: 644/1294] 199.204.45.115 () {32 vars in 857 bytes} [Wed Jul 22 23:30:49 2026] GET /resource_providers/52e1183b-81ad-4ca8-9df3-385db45c04c2/allocations => generated 340 bytes in 18 msecs (HTTP/1.1 200) 6 headers in 224 bytes (1 switches on core 0)
2026-07-22 23:30:49.871 7 INFO placement.requestlog [req-49494d25-384a-48d1-8b7a-05d6d4f1dc36 req-52e1c87c-9731-4e2b-936d-8c5d180789f3 89e8cf38230f4467b0f597f3a1ebfad2 7693be8e0c1c42898260063211e8e428 - - 940432aa509642b888fb60441110f573 940432aa509642b888fb60441110f573] 199.204.45.115 "GET /allocations/b69d74da-095a-41fb-916b-64b5fbf99827" status: 200 len: 245 microversion: 1.28 [pid: 7|app: 0|req: 651/1295] 199.204.45.115 () {34 vars in 863 bytes} [Wed Jul 22 23:30:49 2026] GET /allocations/b69d74da-095a-41fb-916b-64b5fbf99827 => generated 245 bytes in 16 msecs (HTTP/1.1 200) 8 headers in 296 bytes (1 switches on core 0)
2026-07-22 23:30:49.892 8 INFO placement.requestlog [req-49494d25-384a-48d1-8b7a-05d6d4f1dc36 req-c517ab21-0717-46df-9356-f99cbd23d817 89e8cf38230f4467b0f597f3a1ebfad2 7693be8e0c1c42898260063211e8e428 - - 940432aa509642b888fb60441110f573 940432aa509642b888fb60441110f573] 199.204.45.115 "GET /allocations/971a527c-5384-43fc-b5f4-ee78cf3a3a50" status: 200 len: 258 microversion: 1.28 [pid: 8|app: 0|req: 645/1296] 199.204.45.115 () {34 vars in 863 bytes} [Wed Jul 22 23:30:49 2026] GET /allocations/971a527c-5384-43fc-b5f4-ee78cf3a3a50 => generated 258 bytes in 13 msecs (HTTP/1.1 200) 8 headers in 296 bytes (1 switches on core 0)
2026-07-22 23:30:49.908 7 INFO placement.requestlog [req-49494d25-384a-48d1-8b7a-05d6d4f1dc36 req-e133e136-74b7-480f-9ad9-0be3cfad1af5 89e8cf38230f4467b0f597f3a1ebfad2 7693be8e0c1c42898260063211e8e428 - - 940432aa509642b888fb60441110f573 940432aa509642b888fb60441110f573] 199.204.45.115 "GET /allocations/1218cf1a-5c90-43dd-b2be-9d8d6766d73a" status: 200 len: 258 microversion: 1.28 [pid: 7|app: 0|req: 652/1297] 199.204.45.115 () {34 vars in 863 bytes} [Wed Jul 22 23:30:49 2026] GET /allocations/1218cf1a-5c90-43dd-b2be-9d8d6766d73a => generated 258 bytes in 11 msecs (HTTP/1.1 200) 8 headers in 296 bytes (1 switches on core 0)
2026-07-22 23:30:50.974 8 INFO placement.requestlog [req-49494d25-384a-48d1-8b7a-05d6d4f1dc36 req-a082371d-aabb-40c4-9239-39c7522ae71e 89e8cf38230f4467b0f597f3a1ebfad2 7693be8e0c1c42898260063211e8e428 - - 940432aa509642b888fb60441110f573 940432aa509642b888fb60441110f573] 199.204.45.115 "DELETE /allocations/b69d74da-095a-41fb-916b-64b5fbf99827" status: 204 len: 0 microversion: 1.0 [pid: 8|app: 0|req: 646/1298] 199.204.45.115 () {34 vars in 841 bytes} [Wed Jul 22 23:30:50 2026] DELETE /allocations/b69d74da-095a-41fb-916b-64b5fbf99827 => generated 0 bytes in 31 msecs (HTTP/1.1 204) 5 headers in 198 bytes (1 switches on core 0)
2026-07-22 23:30:53.484 7 INFO placement.requestlog [req-e48bea66-df04-4648-b428-cbd4993d5ca1 req-2eb01c58-a548-4e12-aabb-5a0f85dd7173 89e8cf38230f4467b0f597f3a1ebfad2 7693be8e0c1c42898260063211e8e428 - - 940432aa509642b888fb60441110f573 940432aa509642b888fb60441110f573] 199.204.45.115 "GET /resource_providers/52e1183b-81ad-4ca8-9df3-385db45c04c2/allocations" status: 200 len: 253 microversion: 1.0 [pid: 7|app: 0|req: 653/1299] 199.204.45.115 () {32 vars in 857 bytes} [Wed Jul 22 23:30:53 2026] GET /resource_providers/52e1183b-81ad-4ca8-9df3-385db45c04c2/allocations => generated 253 bytes in 18 msecs (HTTP/1.1 200) 6 headers in 224 bytes (1 switches on core 0)
2026-07-22 23:30:53.501 8 INFO placement.requestlog [req-e48bea66-df04-4648-b428-cbd4993d5ca1 req-8c8e0712-5cdf-4693-b71d-5398f4415ebc 89e8cf38230f4467b0f597f3a1ebfad2 7693be8e0c1c42898260063211e8e428 - - 940432aa509642b888fb60441110f573 940432aa509642b888fb60441110f573] 199.204.45.115 "GET /allocations/971a527c-5384-43fc-b5f4-ee78cf3a3a50" status: 200 len: 258 microversion: 1.28 [pid: 8|app: 0|req: 647/1300] 199.204.45.115 () {34 vars in 863 bytes} [Wed Jul 22 23:30:53 2026] GET /allocations/971a527c-5384-43fc-b5f4-ee78cf3a3a50 => generated 258 bytes in 12 msecs (HTTP/1.1 200) 8 headers in 296 bytes (1 switches on core 0)
2026-07-22 23:30:53.522 7 INFO placement.requestlog [req-e48bea66-df04-4648-b428-cbd4993d5ca1 req-4307479e-e18b-4896-91f1-8dead46d8949 89e8cf38230f4467b0f597f3a1ebfad2 7693be8e0c1c42898260063211e8e428 - - 940432aa509642b888fb60441110f573 940432aa509642b888fb60441110f573] 199.204.45.115 "GET /allocations/1218cf1a-5c90-43dd-b2be-9d8d6766d73a" status: 200 len: 258 microversion: 1.28 [pid: 7|app: 0|req: 654/1301] 199.204.45.115 () {34 vars in 863 bytes} [Wed Jul 22 23:30:53 2026] GET /allocations/1218cf1a-5c90-43dd-b2be-9d8d6766d73a => generated 258 bytes in 13 msecs (HTTP/1.1 200) 8 headers in 296 bytes (1 switches on core 0)
2026-07-22 23:30:54.572 8 INFO placement.requestlog [req-e48bea66-df04-4648-b428-cbd4993d5ca1 req-dae53bec-dca0-4e14-8fee-faa33662666f 89e8cf38230f4467b0f597f3a1ebfad2 7693be8e0c1c42898260063211e8e428 - - 940432aa509642b888fb60441110f573 940432aa509642b888fb60441110f573] 199.204.45.115 "DELETE /allocations/1218cf1a-5c90-43dd-b2be-9d8d6766d73a" status: 204 len: 0 microversion: 1.0 [pid: 8|app: 0|req: 648/1302] 199.204.45.115 () {34 vars in 841 bytes} [Wed Jul 22 23:30:54 2026] DELETE /allocations/1218cf1a-5c90-43dd-b2be-9d8d6766d73a => generated 0 bytes in 24 msecs (HTTP/1.1 204) 5 headers in 198 bytes (1 switches on core 0)
2026-07-22 23:30:58.413 8 INFO placement.requestlog [None req-7c674fdf-e1b0-4501-b549-b09ca6bd3390 - - - - - -] 10.0.0.105 "GET /" status: 200 len: 136 microversion: 1.0
2026-07-22 23:30:58.413 7 INFO placement.requestlog [None req-4ddc8d6b-5dd8-4336-aed5-5756bc51ce4c - - - - - -] 10.0.0.105 "GET /" status: 200 len: 136 microversion: 1.0
2026-07-22 23:31:04.687 8 INFO placement.requestlog [req-61486803-b658-477d-91c0-ae6ea5384886 req-0bdd9208-e1f3-4510-9b5b-eddacaa1c2eb 89e8cf38230f4467b0f597f3a1ebfad2 7693be8e0c1c42898260063211e8e428 - - 940432aa509642b888fb60441110f573 940432aa509642b888fb60441110f573] 199.204.45.115 "GET /resource_providers/52e1183b-81ad-4ca8-9df3-385db45c04c2/allocations" status: 200 len: 153 microversion: 1.0 [pid: 8|app: 0|req: 650/1305] 199.204.45.115 () {32 vars in 857 bytes} [Wed Jul 22 23:31:04 2026] GET /resource_providers/52e1183b-81ad-4ca8-9df3-385db45c04c2/allocations => generated 153 bytes in 16 msecs (HTTP/1.1 200) 6 headers in 224 bytes (1 switches on core 0)
2026-07-22 23:31:04.718 7 INFO placement.requestlog [req-61486803-b658-477d-91c0-ae6ea5384886 req-461ee055-0ed0-4130-8ea8-5b29b51efd13 89e8cf38230f4467b0f597f3a1ebfad2 7693be8e0c1c42898260063211e8e428 - - 940432aa509642b888fb60441110f573 940432aa509642b888fb60441110f573] 199.204.45.115 "GET /allocations/971a527c-5384-43fc-b5f4-ee78cf3a3a50" status: 200 len: 258 microversion: 1.28 [pid: 7|app: 0|req: 656/1306] 199.204.45.115 () {34 vars in 863 bytes} [Wed Jul 22 23:31:04 2026] GET /allocations/971a527c-5384-43fc-b5f4-ee78cf3a3a50 => generated 258 bytes in 25 msecs (HTTP/1.1 200) 8 headers in 296 bytes (1 switches on core 0)
2026-07-22 23:31:05.775 8 INFO placement.requestlog [req-61486803-b658-477d-91c0-ae6ea5384886 req-fc86f12b-6d27-4ec5-bac3-3c92d2321ab7 89e8cf38230f4467b0f597f3a1ebfad2 7693be8e0c1c42898260063211e8e428 - - 940432aa509642b888fb60441110f573 940432aa509642b888fb60441110f573] 199.204.45.115 "DELETE /allocations/971a527c-5384-43fc-b5f4-ee78cf3a3a50" status: 204 len: 0 microversion: 1.0 [pid: 8|app: 0|req: 651/1307] 199.204.45.115 () {34 vars in 841 bytes} [Wed Jul 22 23:31:05 2026] DELETE /allocations/971a527c-5384-43fc-b5f4-ee78cf3a3a50 => generated 0 bytes in 28 msecs (HTTP/1.1 204) 5 headers in 198 bytes (1 switches on core 0)
2026-07-22 23:31:08.413 7 INFO placement.requestlog [None req-22d8ef5b-1de3-4f93-823f-0d1e0ab12105 - - - - - -] 10.0.0.105 "GET /" status: 200 len: 136 microversion: 1.0
2026-07-22 23:31:08.413 8 INFO placement.requestlog [None req-411f9887-d609-4f85-8d18-2f882df720f5 - - - - - -] 10.0.0.105 "GET /" status: 200 len: 136 microversion: 1.0
2026-07-22 23:31:16.623 8 INFO placement.requestlog [None req-a6a4e6f8-590f-4091-b1b9-f7a108225a93 25635082f5844927b19575a8d790f86b 7693be8e0c1c42898260063211e8e428 - - 940432aa509642b888fb60441110f573 940432aa509642b888fb60441110f573] 10.0.0.42 "GET /resource_providers/424761aa-a8f9-4f22-9ec7-483a073e581b/aggregates" status: 404 len: 235 microversion: 1.1 [pid: 8|app: 0|req: 653/1310] 10.0.0.42 () {32 vars in 815 bytes} [Wed Jul 22 23:31:16 2026] GET /resource_providers/424761aa-a8f9-4f22-9ec7-483a073e581b/aggregates => generated 235 bytes in 52 msecs (HTTP/1.1 404) 5 headers in 202 bytes (1 switches on core 0)
2026-07-22 23:31:16.637 7 INFO placement.requestlog [None req-0cc9a5a9-aeae-44bd-9fb4-85da6f0e8a00 25635082f5844927b19575a8d790f86b 7693be8e0c1c42898260063211e8e428 - - 940432aa509642b888fb60441110f573 940432aa509642b888fb60441110f573] 10.0.0.42 "GET /resource_providers/424761aa-a8f9-4f22-9ec7-483a073e581b/aggregates" status: 404 len: 235 microversion: 1.1 [pid: 7|app: 0|req: 658/1311] 10.0.0.42 () {32 vars in 815 bytes} [Wed Jul 22 23:31:16 2026] GET /resource_providers/424761aa-a8f9-4f22-9ec7-483a073e581b/aggregates => generated 235 bytes in 67 msecs (HTTP/1.1 404) 5 headers in 202 bytes (1 switches on core 0)
2026-07-22 23:31:16.641 8 INFO placement.requestlog [None req-0a9bee7c-e73c-4f21-9995-2bb3d9a65f36 25635082f5844927b19575a8d790f86b 7693be8e0c1c42898260063211e8e428 - - 940432aa509642b888fb60441110f573 940432aa509642b888fb60441110f573] 10.0.0.42 "DELETE /resource_providers/424761aa-a8f9-4f22-9ec7-483a073e581b" status: 404 len: 246 microversion: 1.1 [pid: 8|app: 0|req: 654/1312] 10.0.0.42 () {34 vars in 815 bytes} [Wed Jul 22 23:31:16 2026] DELETE /resource_providers/424761aa-a8f9-4f22-9ec7-483a073e581b => generated 246 bytes in 9 msecs (HTTP/1.1 404) 6 headers in 231 bytes (1 switches on core 0)
2026-07-22 23:31:16.651 7 INFO placement.requestlog [None req-9a464bd7-9abc-4477-800c-3aaea8baf0fc 25635082f5844927b19575a8d790f86b 7693be8e0c1c42898260063211e8e428 - - 940432aa509642b888fb60441110f573 940432aa509642b888fb60441110f573] 10.0.0.42 "DELETE /resource_providers/424761aa-a8f9-4f22-9ec7-483a073e581b" status: 404 len: 246 microversion: 1.1 [pid: 7|app: 0|req: 659/1313] 10.0.0.42 () {34 vars in 815 bytes} [Wed Jul 22 23:31:16 2026] DELETE /resource_providers/424761aa-a8f9-4f22-9ec7-483a073e581b => generated 246 bytes in 8 msecs (HTTP/1.1 404) 6 headers in 231 bytes (1 switches on core 0)
2026-07-22 23:31:18.413 8 INFO placement.requestlog [None req-4f5fbc40-c15b-487d-805c-92b390701532 - - - - - -] 10.0.0.105 "GET /" status: 200 len: 136 microversion: 1.0
2026-07-22 23:31:18.414 7 INFO placement.requestlog [None req-edab5b15-029e-443e-a3a8-7ae0c2c7d157 - - - - - -] 10.0.0.105 "GET /" status: 200 len: 136 microversion: 1.0
2026-07-22 23:31:18.665 8 INFO placement.requestlog [None req-0617b4fc-aa19-4b97-a37c-9191843a3c0d 25635082f5844927b19575a8d790f86b 7693be8e0c1c42898260063211e8e428 - - 940432aa509642b888fb60441110f573 940432aa509642b888fb60441110f573] 10.0.0.42 "GET /resource_providers/5822d368-64e6-48bb-9997-d57d911af5aa/aggregates" status: 404 len: 235 microversion: 1.1 [pid: 8|app: 0|req: 656/1316] 10.0.0.42 () {32 vars in 815 bytes} [Wed Jul 22 23:31:18 2026] GET /resource_providers/5822d368-64e6-48bb-9997-d57d911af5aa/aggregates => generated 235 bytes in 12 msecs (HTTP/1.1 404) 5 headers in 202 bytes (1 switches on core 0)
2026-07-22 23:31:18.672 7 INFO placement.requestlog [None req-b61b77f3-92c2-49ca-aa9c-773bf748a684 25635082f5844927b19575a8d790f86b 7693be8e0c1c42898260063211e8e428 - - 940432aa509642b888fb60441110f573 940432aa509642b888fb60441110f573] 10.0.0.42 "GET /resource_providers/5822d368-64e6-48bb-9997-d57d911af5aa/aggregates" status: 404 len: 235 microversion: 1.1 [pid: 7|app: 0|req: 661/1317] 10.0.0.42 () {32 vars in 815 bytes} [Wed Jul 22 23:31:18 2026] GET /resource_providers/5822d368-64e6-48bb-9997-d57d911af5aa/aggregates => generated 235 bytes in 10 msecs (HTTP/1.1 404) 5 headers in 202 bytes (1 switches on core 0)
2026-07-22 23:31:18.683 8 INFO placement.requestlog [None req-a1d3e7ad-5d02-48a9-8652-5652af7cf5ec 25635082f5844927b19575a8d790f86b 7693be8e0c1c42898260063211e8e428 - - 940432aa509642b888fb60441110f573 940432aa509642b888fb60441110f573] 10.0.0.42 "DELETE /resource_providers/5822d368-64e6-48bb-9997-d57d911af5aa" status: 404 len: 246 microversion: 1.1 [pid: 8|app: 0|req: 657/1318] 10.0.0.42 () {34 vars in 815 bytes} [Wed Jul 22 23:31:18 2026] DELETE /resource_providers/5822d368-64e6-48bb-9997-d57d911af5aa => generated 246 bytes in 9 msecs (HTTP/1.1 404) 6 headers in 231 bytes (1 switches on core 0)
2026-07-22 23:31:18.691 7 INFO placement.requestlog [None req-17e66ca6-d162-491e-bf0a-5680b1a823da 25635082f5844927b19575a8d790f86b 7693be8e0c1c42898260063211e8e428 - - 940432aa509642b888fb60441110f573 940432aa509642b888fb60441110f573] 10.0.0.42 "DELETE /resource_providers/5822d368-64e6-48bb-9997-d57d911af5aa" status: 404 len: 246 microversion: 1.1 [pid: 7|app: 0|req: 662/1319] 10.0.0.42 () {34 vars in 815 bytes} [Wed Jul 22 23:31:18 2026] DELETE /resource_providers/5822d368-64e6-48bb-9997-d57d911af5aa => generated 246 bytes in 11 msecs (HTTP/1.1 404) 6 headers in 231 bytes (1 switches on core 0)
2026-07-22 23:31:18.710 8 INFO placement.requestlog [None req-b66756e9-374b-4f79-862e-f8b74352ef40 25635082f5844927b19575a8d790f86b 7693be8e0c1c42898260063211e8e428 - - 940432aa509642b888fb60441110f573 940432aa509642b888fb60441110f573] 10.0.0.42 "GET /resource_providers/66b3908d-234b-4cf6-94ef-92edcd249a72/aggregates" status: 404 len: 235 microversion: 1.1 [pid: 8|app: 0|req: 658/1320] 10.0.0.42 () {32 vars in 815 bytes} [Wed Jul 22 23:31:18 2026] GET /resource_providers/66b3908d-234b-4cf6-94ef-92edcd249a72/aggregates => generated 235 bytes in 11 msecs (HTTP/1.1 404) 5 headers in 202 bytes (1 switches on core 0)
2026-07-22 23:31:18.718 7 INFO placement.requestlog [None req-b585ce33-fedc-4c31-b659-4a3559a661d8 25635082f5844927b19575a8d790f86b 7693be8e0c1c42898260063211e8e428 - - 940432aa509642b888fb60441110f573 940432aa509642b888fb60441110f573] 10.0.0.42 "GET /resource_providers/66b3908d-234b-4cf6-94ef-92edcd249a72/aggregates" status: 404 len: 235 microversion: 1.1 [pid: 7|app: 0|req: 663/1321] 10.0.0.42 () {32 vars in 815 bytes} [Wed Jul 22 23:31:18 2026] GET /resource_providers/66b3908d-234b-4cf6-94ef-92edcd249a72/aggregates => generated 235 bytes in 12 msecs (HTTP/1.1 404) 5 headers in 202 bytes (1 switches on core 0)
2026-07-22 23:31:18.727 8 INFO placement.requestlog [None req-c807361b-e717-4bb9-bcc3-a8f3982d0076 25635082f5844927b19575a8d790f86b 7693be8e0c1c42898260063211e8e428 - - 940432aa509642b888fb60441110f573 940432aa509642b888fb60441110f573] 10.0.0.42 "DELETE /resource_providers/66b3908d-234b-4cf6-94ef-92edcd249a72" status: 404 len: 246 microversion: 1.1 [pid: 8|app: 0|req: 659/1322] 10.0.0.42 () {34 vars in 815 bytes} [Wed Jul 22 23:31:18 2026] DELETE /resource_providers/66b3908d-234b-4cf6-94ef-92edcd249a72 => generated 246 bytes in 9 msecs (HTTP/1.1 404) 6 headers in 231 bytes (1 switches on core 0)
2026-07-22 23:31:18.746 7 INFO placement.requestlog [None req-e3ac0ff9-c3d0-47f9-b03d-c2c1cdfb05c2 25635082f5844927b19575a8d790f86b 7693be8e0c1c42898260063211e8e428 - - 940432aa509642b888fb60441110f573 940432aa509642b888fb60441110f573] 10.0.0.42 "DELETE /resource_providers/66b3908d-234b-4cf6-94ef-92edcd249a72" status: 404 len: 246 microversion: 1.1 [pid: 7|app: 0|req: 664/1323] 10.0.0.42 () {34 vars in 815 bytes} [Wed Jul 22 23:31:18 2026] DELETE /resource_providers/66b3908d-234b-4cf6-94ef-92edcd249a72 => generated 246 bytes in 11 msecs (HTTP/1.1 404) 6 headers in 231 bytes (1 switches on core 0)
2026-07-22 23:31:20.757 8 INFO placement.requestlog [None req-dce62e18-f818-4c61-ae6b-8a2b1e63a3c8 25635082f5844927b19575a8d790f86b 7693be8e0c1c42898260063211e8e428 - - 940432aa509642b888fb60441110f573 940432aa509642b888fb60441110f573] 10.0.0.42 "GET /resource_providers/641f4cf9-da62-43ed-8990-ff5b6bb4414f/aggregates" status: 404 len: 235 microversion: 1.1 [pid: 8|app: 0|req: 660/1324] 10.0.0.42 () {32 vars in 815 bytes} [Wed Jul 22 23:31:20 2026] GET /resource_providers/641f4cf9-da62-43ed-8990-ff5b6bb4414f/aggregates => generated 235 bytes in 13 msecs (HTTP/1.1 404) 5 headers in 202 bytes (1 switches on core 0)
2026-07-22 23:31:20.774 7 INFO placement.requestlog [None req-5ee71f23-f722-4e5d-9365-0c88f5b288e9 25635082f5844927b19575a8d790f86b 7693be8e0c1c42898260063211e8e428 - - 940432aa509642b888fb60441110f573 940432aa509642b888fb60441110f573] 10.0.0.42 "GET /resource_providers/641f4cf9-da62-43ed-8990-ff5b6bb4414f/aggregates" status: 404 len: 235 microversion: 1.1 [pid: 7|app: 0|req: 665/1325] 10.0.0.42 () {32 vars in 815 bytes} [Wed Jul 22 23:31:20 2026] GET /resource_providers/641f4cf9-da62-43ed-8990-ff5b6bb4414f/aggregates => generated 235 bytes in 15 msecs (HTTP/1.1 404) 5 headers in 202 bytes (1 switches on core 0)
2026-07-22 23:31:20.782 8 INFO placement.requestlog [None req-946bf44c-95bb-406d-99df-4ee44ead4b6f 25635082f5844927b19575a8d790f86b 7693be8e0c1c42898260063211e8e428 - - 940432aa509642b888fb60441110f573 940432aa509642b888fb60441110f573] 10.0.0.42 "DELETE /resource_providers/641f4cf9-da62-43ed-8990-ff5b6bb4414f" status: 404 len: 246 microversion: 1.1 [pid: 8|app: 0|req: 661/1326] 10.0.0.42 () {34 vars in 815 bytes} [Wed Jul 22 23:31:20 2026] DELETE /resource_providers/641f4cf9-da62-43ed-8990-ff5b6bb4414f => generated 246 bytes in 10 msecs (HTTP/1.1 404) 6 headers in 231 bytes (1 switches on core 0)
2026-07-22 23:31:20.791 7 INFO placement.requestlog [None req-3453853b-fee5-4e07-bf1b-afb5bc030ec7 25635082f5844927b19575a8d790f86b 7693be8e0c1c42898260063211e8e428 - - 940432aa509642b888fb60441110f573 940432aa509642b888fb60441110f573] 10.0.0.42 "DELETE /resource_providers/641f4cf9-da62-43ed-8990-ff5b6bb4414f" status: 404 len: 246 microversion: 1.1 [pid: 7|app: 0|req: 666/1327] 10.0.0.42 () {34 vars in 815 bytes} [Wed Jul 22 23:31:20 2026] DELETE /resource_providers/641f4cf9-da62-43ed-8990-ff5b6bb4414f => generated 246 bytes in 10 msecs (HTTP/1.1 404) 6 headers in 231 bytes (1 switches on core 0)
2026-07-22 23:31:28.413 8 INFO placement.requestlog [None req-c5692d02-37dc-4b37-909f-c0e07097d510 - - - - - -] 10.0.0.105 "GET /" status: 200 len: 136 microversion: 1.0
2026-07-22 23:31:28.414 7 INFO placement.requestlog [None req-4b55b8d1-693f-4b80-abf4-542ac0d69c0e - - - - - -] 10.0.0.105 "GET /" status: 200 len: 136 microversion: 1.0
