Jul 24 00:49:17.011135 np0000186464 devstack@neutron-api.service[101737]: DEBUG neutron_lib.callbacks.manager [None req-58d7b1fb-54d8-4132-a042-4d51a4843e50 None None] Subscribe: > security_group_rule after_create 55550000, False {{(pid=101737) subscribe /opt/stack/data/venv/lib/python3.12/site-packages/neutron_lib/callbacks/manager.py:52}}
Jul 24 00:49:17.011135 np0000186464 devstack@neutron-api.service[101737]: DEBUG neutron_lib.callbacks.manager [None req-58d7b1fb-54d8-4132-a042-4d51a4843e50 None None] Subscribe: > security_group_rule after_update 55550000, False {{(pid=101737) subscribe /opt/stack/data/venv/lib/python3.12/site-packages/neutron_lib/callbacks/manager.py:52}}
Jul 24 00:49:17.011497 np0000186464 devstack@neutron-api.service[101734]: DEBUG neutron.api.extensions [None req-1aaf2412-4315-4c25-891c-fa5b17c6f47b None None] Ext name="DNS domain names with keywords allowed" alias="dns-integration-domain-keywords" description="Allows to use keywords like , , and as DNS domain name" updated="2020-06-15T18:00:00-00:00" {{(pid=101734) _check_extension /opt/stack/neutron/neutron/api/extensions.py:415}}
Jul 24 00:49:17.011711 np0000186464 devstack@neutron-api.service[101737]: DEBUG neutron_lib.callbacks.manager [None req-58d7b1fb-54d8-4132-a042-4d51a4843e50 None None] Subscribe: > security_group_rule after_delete 55550000, False {{(pid=101737) subscribe /opt/stack/data/venv/lib/python3.12/site-packages/neutron_lib/callbacks/manager.py:52}}
Jul 24 00:49:17.011840 np0000186464 devstack@neutron-api.service[101734]: INFO neutron.api.extensions [None req-1aaf2412-4315-4c25-891c-fa5b17c6f47b None None] Loaded extension: dns-integration-domain-keywords
Jul 24 00:49:17.011958 np0000186464 devstack@neutron-api.service[101737]: DEBUG neutron_lib.callbacks.manager [None req-58d7b1fb-54d8-4132-a042-4d51a4843e50 None None] Subscribe: > address_group after_create 55550000, False {{(pid=101737) subscribe /opt/stack/data/venv/lib/python3.12/site-packages/neutron_lib/callbacks/manager.py:52}}
Jul 24 00:49:17.012043 np0000186464 devstack@neutron-api.service[101734]: DEBUG neutron.api.extensions [None req-1aaf2412-4315-4c25-891c-fa5b17c6f47b None None] Loading extension file: dvr.py {{(pid=101734) _load_all_extensions_from_path /opt/stack/neutron/neutron/api/extensions.py:449}}
Jul 24 00:49:17.012102 np0000186464 devstack@neutron-api.service[101737]: DEBUG neutron_lib.callbacks.manager [None req-58d7b1fb-54d8-4132-a042-4d51a4843e50 None None] Subscribe: > address_group after_update 55550000, False {{(pid=101737) subscribe /opt/stack/data/venv/lib/python3.12/site-packages/neutron_lib/callbacks/manager.py:52}}
Jul 24 00:49:17.012102 np0000186464 devstack@neutron-api.service[101737]: DEBUG neutron_lib.callbacks.manager [None req-58d7b1fb-54d8-4132-a042-4d51a4843e50 None None] Subscribe: > address_group after_delete 55550000, False {{(pid=101737) subscribe /opt/stack/data/venv/lib/python3.12/site-packages/neutron_lib/callbacks/manager.py:52}}
Jul 24 00:49:17.012102 np0000186464 devstack@neutron-api.service[101737]: DEBUG neutron.plugins.ml2.ovo_rpc [None req-58d7b1fb-54d8-4132-a042-4d51a4843e50 None None] ML2 OVO RPC backend initialized. {{(pid=101737) __init__ /opt/stack/neutron/neutron/plugins/ml2/ovo_rpc.py:117}}
Jul 24 00:49:17.012242 np0000186464 devstack@neutron-api.service[101734]: DEBUG neutron.api.extensions [None req-1aaf2412-4315-4c25-891c-fa5b17c6f47b None None] Ext name="Distributed Virtual Router" alias="dvr" description="Enables configuration of Distributed Virtual Routers." updated="2014-06-1T10:00:00-00:00" {{(pid=101734) _check_extension /opt/stack/neutron/neutron/api/extensions.py:415}}
Jul 24 00:49:17.012242 np0000186464 devstack@neutron-api.service[101734]: INFO neutron.api.extensions [None req-1aaf2412-4315-4c25-891c-fa5b17c6f47b None None] Extension dvr not supported by any of loaded plugins
Jul 24 00:49:17.012242 np0000186464 devstack@neutron-api.service[101734]: DEBUG neutron.api.extensions [None req-1aaf2412-4315-4c25-891c-fa5b17c6f47b None None] Loading extension file: ecmp_routes.py {{(pid=101734) _load_all_extensions_from_path /opt/stack/neutron/neutron/api/extensions.py:449}}
Jul 24 00:49:17.012242 np0000186464 devstack@neutron-api.service[101734]: DEBUG neutron.api.extensions [None req-1aaf2412-4315-4c25-891c-fa5b17c6f47b None None] Ext name="Equal Cost Multipath Routing" alias="ecmp_routes" description="Allows traffic to reach thesame destination via multiple different links " updated="2020-11-26T18:00:00-00:00" {{(pid=101734) _check_extension /opt/stack/neutron/neutron/api/extensions.py:415}}
Jul 24 00:49:17.012242 np0000186464 devstack@neutron-api.service[101734]: INFO neutron.api.extensions [None req-1aaf2412-4315-4c25-891c-fa5b17c6f47b None None] Extension ecmp_routes not supported by any of loaded plugins
Jul 24 00:49:17.012242 np0000186464 devstack@neutron-api.service[101734]: DEBUG neutron.api.extensions [None req-1aaf2412-4315-4c25-891c-fa5b17c6f47b None None] Loading extension file: empty_string_filtering.py {{(pid=101734) _load_all_extensions_from_path /opt/stack/neutron/neutron/api/extensions.py:449}}
Jul 24 00:49:17.012481 np0000186464 devstack@neutron-api.service[101737]: INFO neutron.quota [None req-58d7b1fb-54d8-4132-a042-4d51a4843e50 None None] Loaded quota_driver: .
Jul 24 00:49:17.012481 np0000186464 devstack@neutron-api.service[101737]: INFO neutron.plugins.ml2.plugin [None req-58d7b1fb-54d8-4132-a042-4d51a4843e50 None None] Modular L2 Plugin initialization complete
Jul 24 00:49:17.012570 np0000186464 devstack@neutron-api.service[101734]: DEBUG neutron.api.extensions [None req-1aaf2412-4315-4c25-891c-fa5b17c6f47b None None] Ext name="Empty String Filtering Extension" alias="empty-string-filtering" description="Allow filtering by attributes with empty string value" updated="2018-05-01T10:00:00-00:00" {{(pid=101734) _check_extension /opt/stack/neutron/neutron/api/extensions.py:415}}
Jul 24 00:49:17.012633 np0000186464 devstack@neutron-api.service[101737]: DEBUG neutron.manager [None req-58d7b1fb-54d8-4132-a042-4d51a4843e50 None None] Loading services supported by the core plugin {{(pid=101737) _load_services_from_core_plugin /opt/stack/neutron/neutron/manager.py:167}}
Jul 24 00:49:17.012724 np0000186464 devstack@neutron-api.service[101734]: INFO neutron.api.extensions [None req-1aaf2412-4315-4c25-891c-fa5b17c6f47b None None] Loaded extension: empty-string-filtering
Jul 24 00:49:17.012809 np0000186464 devstack@neutron-api.service[101737]: INFO neutron.plugins.ml2.managers [None req-58d7b1fb-54d8-4132-a042-4d51a4843e50 None None] Got port-security extension from driver 'port_security'
Jul 24 00:49:17.012892 np0000186464 devstack@neutron-api.service[101734]: DEBUG neutron.api.extensions [None req-1aaf2412-4315-4c25-891c-fa5b17c6f47b None None] Loading extension file: evpn.py {{(pid=101734) _load_all_extensions_from_path /opt/stack/neutron/neutron/api/extensions.py:449}}
Jul 24 00:49:17.012980 np0000186464 devstack@neutron-api.service[101737]: DEBUG neutron.manager [None req-58d7b1fb-54d8-4132-a042-4d51a4843e50 None None] Loading service plugins: ['ovn-router', 'auto_allocate', 'tag', 'timestamp', 'network_ip_availability', 'flavors', 'revisions'] {{(pid=101737) _load_service_plugins /opt/stack/neutron/neutron/manager.py:192}}
Jul 24 00:49:17.013071 np0000186464 devstack@neutron-api.service[101734]: DEBUG neutron.api.extensions [None req-1aaf2412-4315-4c25-891c-fa5b17c6f47b None None] Ext name="EVPN" alias="evpn" description="Router extension to support EVPN Type-5 route advertisement" updated="2026-04-28T00:00:00-00:00" {{(pid=101734) _check_extension /opt/stack/neutron/neutron/api/extensions.py:415}}
Jul 24 00:49:17.013182 np0000186464 devstack@neutron-api.service[101737]: INFO neutron.manager [None req-58d7b1fb-54d8-4132-a042-4d51a4843e50 None None] Loading Plugin: ovn-router
Jul 24 00:49:17.013261 np0000186464 devstack@neutron-api.service[101734]: INFO neutron.api.extensions [None req-1aaf2412-4315-4c25-891c-fa5b17c6f47b None None] Extension evpn not supported by any of loaded plugins
Jul 24 00:49:17.013261 np0000186464 devstack@neutron-api.service[101734]: DEBUG neutron.api.extensions [None req-1aaf2412-4315-4c25-891c-fa5b17c6f47b None None] Loading extension file: expose_l3_conntrack_helper.py {{(pid=101734) _load_all_extensions_from_path /opt/stack/neutron/neutron/api/extensions.py:449}}
Jul 24 00:49:17.013366 np0000186464 devstack@neutron-api.service[101734]: DEBUG neutron.api.extensions [None req-1aaf2412-4315-4c25-891c-fa5b17c6f47b None None] Ext name="Expose CT target rules for conntrack helper" alias="expose-l3-conntrack-helper" description="Expose allow adding CT target rules for conntrack helper" updated="2019-04-04T10:00:00-00:00" {{(pid=101734) _check_extension /opt/stack/neutron/neutron/api/extensions.py:415}}
Jul 24 00:49:17.013528 np0000186464 devstack@neutron-api.service[101734]: INFO neutron.api.extensions [None req-1aaf2412-4315-4c25-891c-fa5b17c6f47b None None] Extension expose-l3-conntrack-helper not supported by any of loaded plugins
Jul 24 00:49:17.013614 np0000186464 devstack@neutron-api.service[101734]: DEBUG neutron.api.extensions [None req-1aaf2412-4315-4c25-891c-fa5b17c6f47b None None] Loading extension file: expose_port_forwarding_in_fip.py {{(pid=101734) _load_all_extensions_from_path /opt/stack/neutron/neutron/api/extensions.py:449}}
Jul 24 00:49:17.013858 np0000186464 devstack@neutron-api.service[101734]: DEBUG neutron.api.extensions [None req-1aaf2412-4315-4c25-891c-fa5b17c6f47b None None] Ext name="Expose Floating IP port forwardings" alias="expose-port-forwarding-in-fip" description="Expose port forwarding fields in floating IP response" updated="2018-06-28T16:00:00-00:00" {{(pid=101734) _check_extension /opt/stack/neutron/neutron/api/extensions.py:415}}
Jul 24 00:49:17.014037 np0000186464 devstack@neutron-api.service[101734]: INFO neutron.api.extensions [None req-1aaf2412-4315-4c25-891c-fa5b17c6f47b None None] Extension expose-port-forwarding-in-fip not supported by any of loaded plugins
Jul 24 00:49:17.014230 np0000186464 devstack@neutron-api.service[101734]: DEBUG neutron.api.extensions [None req-1aaf2412-4315-4c25-891c-fa5b17c6f47b None None] Loading extension file: external_net.py {{(pid=101734) _load_all_extensions_from_path /opt/stack/neutron/neutron/api/extensions.py:449}}
Jul 24 00:49:17.014446 np0000186464 devstack@neutron-api.service[101734]: DEBUG neutron.api.extensions [None req-1aaf2412-4315-4c25-891c-fa5b17c6f47b None None] Ext name="Neutron external network" alias="external-net" description="Adds external network attribute to network resource." updated="2013-01-14T10:00:00-00:00" {{(pid=101734) _check_extension /opt/stack/neutron/neutron/api/extensions.py:415}}
Jul 24 00:49:17.014599 np0000186464 devstack@neutron-api.service[101734]: INFO neutron.api.extensions [None req-1aaf2412-4315-4c25-891c-fa5b17c6f47b None None] Loaded extension: external-net
Jul 24 00:49:17.014704 np0000186464 devstack@neutron-api.service[101734]: DEBUG neutron.api.extensions [None req-1aaf2412-4315-4c25-891c-fa5b17c6f47b None None] Loading extension file: extra_dhcp_opt.py {{(pid=101734) _load_all_extensions_from_path /opt/stack/neutron/neutron/api/extensions.py:449}}
Jul 24 00:49:17.014934 np0000186464 devstack@neutron-api.service[101734]: DEBUG neutron.api.extensions [None req-1aaf2412-4315-4c25-891c-fa5b17c6f47b None None] Ext name="Neutron Extra DHCP options" alias="extra_dhcp_opt" description="Extra options configuration for DHCP. For example PXE boot options to DHCP clients can be specified (e.g. tftp-server, server-ip-address, bootfile-name)" updated="2013-03-17T12:00:00-00:00" {{(pid=101734) _check_extension /opt/stack/neutron/neutron/api/extensions.py:415}}
Jul 24 00:49:17.015107 np0000186464 devstack@neutron-api.service[101734]: INFO neutron.api.extensions [None req-1aaf2412-4315-4c25-891c-fa5b17c6f47b None None] Loaded extension: extra_dhcp_opt
Jul 24 00:49:17.015207 np0000186464 devstack@neutron-api.service[101734]: DEBUG neutron.api.extensions [None req-1aaf2412-4315-4c25-891c-fa5b17c6f47b None None] Loading extension file: extraroute.py {{(pid=101734) _load_all_extensions_from_path /opt/stack/neutron/neutron/api/extensions.py:449}}
Jul 24 00:49:17.015822 np0000186464 devstack@neutron-api.service[101734]: DEBUG neutron.api.extensions [None req-1aaf2412-4315-4c25-891c-fa5b17c6f47b None None] Ext name="Neutron Extra Route" alias="extraroute" description="Extra routes configuration for L3 router" updated="2013-02-01T10:00:00-00:00" {{(pid=101734) _check_extension /opt/stack/neutron/neutron/api/extensions.py:415}}
Jul 24 00:49:17.015822 np0000186464 devstack@neutron-api.service[101734]: INFO neutron.api.extensions [None req-1aaf2412-4315-4c25-891c-fa5b17c6f47b None None] Loaded extension: extraroute
Jul 24 00:49:17.015822 np0000186464 devstack@neutron-api.service[101734]: DEBUG neutron.api.extensions [None req-1aaf2412-4315-4c25-891c-fa5b17c6f47b None None] Loading extension file: extraroute_atomic.py {{(pid=101734) _load_all_extensions_from_path /opt/stack/neutron/neutron/api/extensions.py:449}}
Jul 24 00:49:17.015966 np0000186464 devstack@neutron-api.service[101734]: DEBUG neutron.api.extensions [None req-1aaf2412-4315-4c25-891c-fa5b17c6f47b None None] Ext name="Atomically add/remove extra routes" alias="extraroute-atomic" description="Edit extra routes of a router on server side by atomically adding/removing extra routes" updated="2019-07-10T00:00:00+00:00" {{(pid=101734) _check_extension /opt/stack/neutron/neutron/api/extensions.py:415}}
Jul 24 00:49:17.016080 np0000186464 devstack@neutron-api.service[101734]: INFO neutron.api.extensions [None req-1aaf2412-4315-4c25-891c-fa5b17c6f47b None None] Loaded extension: extraroute-atomic
Jul 24 00:49:17.016168 np0000186464 devstack@neutron-api.service[101734]: DEBUG neutron.api.extensions [None req-1aaf2412-4315-4c25-891c-fa5b17c6f47b None None] Loading extension file: filter_validation.py {{(pid=101734) _load_all_extensions_from_path /opt/stack/neutron/neutron/api/extensions.py:449}}
Jul 24 00:49:17.016523 np0000186464 devstack@neutron-api.service[101734]: DEBUG neutron.api.extensions [None req-1aaf2412-4315-4c25-891c-fa5b17c6f47b None None] Ext name="Filter parameters validation" alias="filter-validation" description="Provides validation on filter parameters." updated="2018-07-04T10:00:00-00:00" {{(pid=101734) _check_extension /opt/stack/neutron/neutron/api/extensions.py:415}}
Jul 24 00:49:17.016595 np0000186464 devstack@neutron-api.service[101734]: INFO neutron.api.extensions [None req-1aaf2412-4315-4c25-891c-fa5b17c6f47b None None] Loaded extension: filter-validation
Jul 24 00:49:17.016709 np0000186464 devstack@neutron-api.service[101734]: DEBUG neutron.api.extensions [None req-1aaf2412-4315-4c25-891c-fa5b17c6f47b None None] Loading extension file: fip_pf_description.py {{(pid=101734) _load_all_extensions_from_path /opt/stack/neutron/neutron/api/extensions.py:449}}
Jul 24 00:49:17.016900 np0000186464 devstack@neutron-api.service[101734]: DEBUG neutron.api.extensions [None req-1aaf2412-4315-4c25-891c-fa5b17c6f47b None None] Ext name="Floating IP Port Forwarding new attribute description" alias="floating-ip-port-forwarding-description" description="Add a description field to Port Forwarding rules" updated="2019-11-01T10:00:00-00:00" {{(pid=101734) _check_extension /opt/stack/neutron/neutron/api/extensions.py:415}}
Jul 24 00:49:17.017056 np0000186464 devstack@neutron-api.service[101734]: INFO neutron.api.extensions [None req-1aaf2412-4315-4c25-891c-fa5b17c6f47b None None] Extension floating-ip-port-forwarding-description not supported by any of loaded plugins
Jul 24 00:49:17.017142 np0000186464 devstack@neutron-api.service[101734]: DEBUG neutron.api.extensions [None req-1aaf2412-4315-4c25-891c-fa5b17c6f47b None None] Loading extension file: fip_pf_detail.py {{(pid=101734) _load_all_extensions_from_path /opt/stack/neutron/neutron/api/extensions.py:449}}
Jul 24 00:49:17.017389 np0000186464 devstack@neutron-api.service[101734]: DEBUG neutron.api.extensions [None req-1aaf2412-4315-4c25-891c-fa5b17c6f47b None None] Ext name="Floating IP port forwarding detail" alias="floating-ip-port-forwarding-detail" description="Allow list floating ip return more port forwarding data, include'id' and 'internal_port_id'" updated="2022-05-06T10:00:00-00:00" {{(pid=101734) _check_extension /opt/stack/neutron/neutron/api/extensions.py:415}}
Jul 24 00:49:17.017525 np0000186464 devstack@neutron-api.service[101734]: INFO neutron.api.extensions [None req-1aaf2412-4315-4c25-891c-fa5b17c6f47b None None] Loaded extension: floating-ip-port-forwarding-detail
Jul 24 00:49:17.017646 np0000186464 devstack@neutron-api.service[101734]: DEBUG neutron.api.extensions [None req-1aaf2412-4315-4c25-891c-fa5b17c6f47b None None] Loading extension file: fip_pf_port_range.py {{(pid=101734) _load_all_extensions_from_path /opt/stack/neutron/neutron/api/extensions.py:449}}
Jul 24 00:49:17.018130 np0000186464 devstack@neutron-api.service[101734]: DEBUG neutron.api.extensions [None req-1aaf2412-4315-4c25-891c-fa5b17c6f47b None None] Ext name="Floating IP Port Forwarding support port ranges" alias="floating-ip-port-forwarding-port-ranges" description="Add support to port ranges" updated="2020-07-01T10:00:00-00:00" {{(pid=101734) _check_extension /opt/stack/neutron/neutron/api/extensions.py:415}}
Jul 24 00:49:17.018130 np0000186464 devstack@neutron-api.service[101734]: INFO neutron.api.extensions [None req-1aaf2412-4315-4c25-891c-fa5b17c6f47b None None] Extension floating-ip-port-forwarding-port-ranges not supported by any of loaded plugins
Jul 24 00:49:17.018130 np0000186464 devstack@neutron-api.service[101734]: DEBUG neutron.api.extensions [None req-1aaf2412-4315-4c25-891c-fa5b17c6f47b None None] Loading extension file: fip_port_details.py {{(pid=101734) _load_all_extensions_from_path /opt/stack/neutron/neutron/api/extensions.py:449}}
Jul 24 00:49:17.018412 np0000186464 devstack@neutron-api.service[101734]: DEBUG neutron.api.extensions [None req-1aaf2412-4315-4c25-891c-fa5b17c6f47b None None] Ext name="Floating IP Port Details Extension" alias="fip-port-details" description="Add port_details attribute to Floating IP resource" updated="2018-04-09T10:00:00-00:00" {{(pid=101734) _check_extension /opt/stack/neutron/neutron/api/extensions.py:415}}
Jul 24 00:49:17.018591 np0000186464 devstack@neutron-api.service[101734]: INFO neutron.api.extensions [None req-1aaf2412-4315-4c25-891c-fa5b17c6f47b None None] Loaded extension: fip-port-details
Jul 24 00:49:17.018656 np0000186464 devstack@neutron-api.service[101734]: DEBUG neutron.api.extensions [None req-1aaf2412-4315-4c25-891c-fa5b17c6f47b None None] Loading extension file: flavors.py {{(pid=101734) _load_all_extensions_from_path /opt/stack/neutron/neutron/api/extensions.py:449}}
Jul 24 00:49:17.018916 np0000186464 devstack@neutron-api.service[101734]: DEBUG neutron.api.extensions [None req-1aaf2412-4315-4c25-891c-fa5b17c6f47b None None] Ext name="Neutron Service Flavors" alias="flavors" description="Flavor specification for Neutron advanced services." updated="2015-09-17T10:00:00-00:00" {{(pid=101734) _check_extension /opt/stack/neutron/neutron/api/extensions.py:415}}
Jul 24 00:49:17.019171 np0000186464 devstack@neutron-api.service[101734]: INFO neutron.api.extensions [None req-1aaf2412-4315-4c25-891c-fa5b17c6f47b None None] Loaded extension: flavors
Jul 24 00:49:17.019171 np0000186464 devstack@neutron-api.service[101734]: DEBUG neutron.api.extensions [None req-1aaf2412-4315-4c25-891c-fa5b17c6f47b None None] Loading extension file: floating_ip_port_forwarding.py {{(pid=101734) _load_all_extensions_from_path /opt/stack/neutron/neutron/api/extensions.py:449}}
Jul 24 00:49:17.019491 np0000186464 devstack@neutron-api.service[101734]: DEBUG neutron.api.extensions [None req-1aaf2412-4315-4c25-891c-fa5b17c6f47b None None] Ext name="Floating IP Port Forwarding" alias="floating-ip-port-forwarding" description="Allow port forwarding from floating IP port to an internal port" updated="2018-01-19T10:00:00-00:00" {{(pid=101734) _check_extension /opt/stack/neutron/neutron/api/extensions.py:415}}
Jul 24 00:49:17.019664 np0000186464 devstack@neutron-api.service[101734]: INFO neutron.api.extensions [None req-1aaf2412-4315-4c25-891c-fa5b17c6f47b None None] Extension floating-ip-port-forwarding not supported by any of loaded plugins
Jul 24 00:49:17.019815 np0000186464 devstack@neutron-api.service[101734]: DEBUG neutron.api.extensions [None req-1aaf2412-4315-4c25-891c-fa5b17c6f47b None None] Loading extension file: floatingip_pools.py {{(pid=101734) _load_all_extensions_from_path /opt/stack/neutron/neutron/api/extensions.py:449}}
Jul 24 00:49:17.020033 np0000186464 devstack@neutron-api.service[101734]: DEBUG neutron.api.extensions [None req-1aaf2412-4315-4c25-891c-fa5b17c6f47b None None] Ext name="Floating IP Pools Extension" alias="floatingip-pools" description="Provides a floating IP pools API." updated="2018-03-21T10:00:00-00:00" {{(pid=101734) _check_extension /opt/stack/neutron/neutron/api/extensions.py:415}}
Jul 24 00:49:17.020238 np0000186464 devstack@neutron-api.service[101734]: INFO neutron.api.extensions [None req-1aaf2412-4315-4c25-891c-fa5b17c6f47b None None] Loaded extension: floatingip-pools
Jul 24 00:49:17.020238 np0000186464 devstack@neutron-api.service[101734]: DEBUG neutron.api.extensions [None req-1aaf2412-4315-4c25-891c-fa5b17c6f47b None None] Loading extension file: ip_allocation.py {{(pid=101734) _load_all_extensions_from_path /opt/stack/neutron/neutron/api/extensions.py:449}}
Jul 24 00:49:17.020503 np0000186464 devstack@neutron-api.service[101734]: DEBUG neutron.api.extensions [None req-1aaf2412-4315-4c25-891c-fa5b17c6f47b None None] Ext name="IP Allocation" alias="ip_allocation" description="IP allocation extension." updated="2016-06-10T23:00:00-00:00" {{(pid=101734) _check_extension /opt/stack/neutron/neutron/api/extensions.py:415}}
Jul 24 00:49:17.020666 np0000186464 devstack@neutron-api.service[101734]: INFO neutron.api.extensions [None req-1aaf2412-4315-4c25-891c-fa5b17c6f47b None None] Extension ip_allocation not supported by any of loaded plugins
Jul 24 00:49:17.020750 np0000186464 devstack@neutron-api.service[101734]: DEBUG neutron.api.extensions [None req-1aaf2412-4315-4c25-891c-fa5b17c6f47b None None] Loading extension file: ip_substring_port_filtering.py {{(pid=101734) _load_all_extensions_from_path /opt/stack/neutron/neutron/api/extensions.py:449}}
Jul 24 00:49:17.020951 np0000186464 devstack@neutron-api.service[101734]: DEBUG neutron.api.extensions [None req-1aaf2412-4315-4c25-891c-fa5b17c6f47b None None] Ext name="IP address substring filtering" alias="ip-substring-filtering" description="Provides IP address substring filtering when listing ports" updated="2017-11-28T09:00:00-00:00" {{(pid=101734) _check_extension /opt/stack/neutron/neutron/api/extensions.py:415}}
Jul 24 00:49:17.021152 np0000186464 devstack@neutron-api.service[101734]: INFO neutron.api.extensions [None req-1aaf2412-4315-4c25-891c-fa5b17c6f47b None None] Extension ip-substring-filtering not supported by any of loaded plugins
Jul 24 00:49:17.021152 np0000186464 devstack@neutron-api.service[101734]: DEBUG neutron.api.extensions [None req-1aaf2412-4315-4c25-891c-fa5b17c6f47b None None] Loading extension file: l2_adjacency.py {{(pid=101734) _load_all_extensions_from_path /opt/stack/neutron/neutron/api/extensions.py:449}}
Jul 24 00:49:17.021427 np0000186464 devstack@neutron-api.service[101734]: DEBUG neutron.api.extensions [None req-1aaf2412-4315-4c25-891c-fa5b17c6f47b None None] Ext name="L2 Adjacency" alias="l2_adjacency" description="Display L2 Adjacency for Neutron Networks." updated="2016-04-12T16:00:00-00:00" {{(pid=101734) _check_extension /opt/stack/neutron/neutron/api/extensions.py:415}}
Jul 24 00:49:17.021607 np0000186464 devstack@neutron-api.service[101734]: INFO neutron.api.extensions [None req-1aaf2412-4315-4c25-891c-fa5b17c6f47b None None] Extension l2_adjacency not supported by any of loaded plugins
Jul 24 00:49:17.021703 np0000186464 devstack@neutron-api.service[101734]: DEBUG neutron.api.extensions [None req-1aaf2412-4315-4c25-891c-fa5b17c6f47b None None] Loading extension file: l3.py {{(pid=101734) _load_all_extensions_from_path /opt/stack/neutron/neutron/api/extensions.py:449}}
Jul 24 00:49:17.022163 np0000186464 devstack@neutron-api.service[101734]: DEBUG neutron.api.extensions [None req-1aaf2412-4315-4c25-891c-fa5b17c6f47b None None] Ext name="Neutron L3 Router" alias="router" description="Router abstraction for basic L3 forwarding between L2 Neutron networks and access to external networks via a NAT gateway." updated="2012-07-20T10:00:00-00:00" {{(pid=101734) _check_extension /opt/stack/neutron/neutron/api/extensions.py:415}}
Jul 24 00:49:17.022256 np0000186464 devstack@neutron-api.service[101734]: INFO neutron.api.extensions [None req-1aaf2412-4315-4c25-891c-fa5b17c6f47b None None] Loaded extension: router
Jul 24 00:49:17.022412 np0000186464 devstack@neutron-api.service[101734]: DEBUG neutron.api.extensions [None req-1aaf2412-4315-4c25-891c-fa5b17c6f47b None None] Loading extension file: l3_agent_scheduler_ha_chassis_priority.py {{(pid=101734) _load_all_extensions_from_path /opt/stack/neutron/neutron/api/extensions.py:449}}
Jul 24 00:49:17.022585 np0000186464 devstack@neutron-api.service[101734]: DEBUG neutron.api.extensions [None req-1aaf2412-4315-4c25-891c-fa5b17c6f47b None None] Ext name="L3 Agent Scheduler HA Chassis Priority" alias="l3-agent-scheduler-ha-chassis-priority" description="Exposes the HA_Chassis priority in the L3 Agent Scheduler API responses and allows setting priority when scheduling a router to a chassis." updated="2026-03-31T00:00:00-00:00" {{(pid=101734) _check_extension /opt/stack/neutron/neutron/api/extensions.py:415}}
Jul 24 00:49:17.022810 np0000186464 devstack@neutron-api.service[101734]: INFO neutron.api.extensions [None req-1aaf2412-4315-4c25-891c-fa5b17c6f47b None None] Loaded extension: l3-agent-scheduler-ha-chassis-priority
Jul 24 00:49:17.022903 np0000186464 devstack@neutron-api.service[101734]: DEBUG neutron.api.extensions [None req-1aaf2412-4315-4c25-891c-fa5b17c6f47b None None] Loading extension file: l3_conntrack_helper.py {{(pid=101734) _load_all_extensions_from_path /opt/stack/neutron/neutron/api/extensions.py:449}}
Jul 24 00:49:17.023275 np0000186464 devstack@neutron-api.service[101737]: DEBUG neutron_lib.callbacks.manager [None req-58d7b1fb-54d8-4132-a042-4d51a4843e50 None None] Subscribe: > router before_delete 55550000, False {{(pid=101737) subscribe /opt/stack/data/venv/lib/python3.12/site-packages/neutron_lib/callbacks/manager.py:52}}
Jul 24 00:49:17.023362 np0000186464 devstack@neutron-api.service[101737]: DEBUG neutron_lib.callbacks.manager [None req-58d7b1fb-54d8-4132-a042-4d51a4843e50 None None] Subscribe: port before_update 55550000, False {{(pid=101737) subscribe /opt/stack/data/venv/lib/python3.12/site-packages/neutron_lib/callbacks/manager.py:52}}
Jul 24 00:49:17.023491 np0000186464 devstack@neutron-api.service[101737]: DEBUG neutron_lib.callbacks.manager [None req-58d7b1fb-54d8-4132-a042-4d51a4843e50 None None] Subscribe: port after_update 55550000, False {{(pid=101737) subscribe /opt/stack/data/venv/lib/python3.12/site-packages/neutron_lib/callbacks/manager.py:52}}
Jul 24 00:49:17.023584 np0000186464 devstack@neutron-api.service[101734]: DEBUG neutron.api.extensions [None req-1aaf2412-4315-4c25-891c-fa5b17c6f47b None None] Ext name="L3 Conntrack helper" alias="l3-conntrack-helper" description="Allow adding CT target rules for conntrack helper" updated="2019-04-04T10:00:00-00:00" {{(pid=101734) _check_extension /opt/stack/neutron/neutron/api/extensions.py:415}}
Jul 24 00:49:17.023668 np0000186464 devstack@neutron-api.service[101737]: DEBUG neutron_lib.callbacks.manager [None req-58d7b1fb-54d8-4132-a042-4d51a4843e50 None None] Subscribe: > port precommit_delete 55550000, False {{(pid=101737) subscribe /opt/stack/data/venv/lib/python3.12/site-packages/neutron_lib/callbacks/manager.py:52}}
Jul 24 00:49:17.023668 np0000186464 devstack@neutron-api.service[101737]: DEBUG neutron_lib.callbacks.manager [None req-58d7b1fb-54d8-4132-a042-4d51a4843e50 None None] Subscribe: port before_update 55550000, False {{(pid=101737) subscribe /opt/stack/data/venv/lib/python3.12/site-packages/neutron_lib/callbacks/manager.py:52}}
Jul 24 00:49:17.023741 np0000186464 devstack@neutron-api.service[101734]: INFO neutron.api.extensions [None req-1aaf2412-4315-4c25-891c-fa5b17c6f47b None None] Extension l3-conntrack-helper not supported by any of loaded plugins
Jul 24 00:49:17.023741 np0000186464 devstack@neutron-api.service[101734]: DEBUG neutron.api.extensions [None req-1aaf2412-4315-4c25-891c-fa5b17c6f47b None None] Loading extension file: l3_enable_default_route_bfd.py {{(pid=101734) _load_all_extensions_from_path /opt/stack/neutron/neutron/api/extensions.py:449}}
Jul 24 00:49:17.023856 np0000186464 devstack@neutron-api.service[101737]: DEBUG neutron_lib.callbacks.manager [None req-58d7b1fb-54d8-4132-a042-4d51a4843e50 None None] Subscribe: port before_delete 55550000, False {{(pid=101737) subscribe /opt/stack/data/venv/lib/python3.12/site-packages/neutron_lib/callbacks/manager.py:52}}
Jul 24 00:49:17.023856 np0000186464 devstack@neutron-api.service[101737]: DEBUG neutron_lib.callbacks.manager [None req-58d7b1fb-54d8-4132-a042-4d51a4843e50 None None] Subscribe: > router precommit_create 55550000, False {{(pid=101737) subscribe /opt/stack/data/venv/lib/python3.12/site-packages/neutron_lib/callbacks/manager.py:52}}
Jul 24 00:49:17.023965 np0000186464 devstack@neutron-api.service[101737]: DEBUG neutron_lib.callbacks.manager [None req-58d7b1fb-54d8-4132-a042-4d51a4843e50 None None] Subscribe: > router precommit_create 55550000, False {{(pid=101737) subscribe /opt/stack/data/venv/lib/python3.12/site-packages/neutron_lib/callbacks/manager.py:52}}
Jul 24 00:49:17.024077 np0000186464 devstack@neutron-api.service[101734]: DEBUG neutron.api.extensions [None req-1aaf2412-4315-4c25-891c-fa5b17c6f47b None None] Ext name="Enable Default Route BFD" alias="enable-default-route-bfd" description="Enables configurable BFD behavior for default routes" updated="2023-02-27T00:00:00-00:00" {{(pid=101734) _check_extension /opt/stack/neutron/neutron/api/extensions.py:415}}
Jul 24 00:49:17.024175 np0000186464 devstack@neutron-api.service[101737]: DEBUG neutron_lib.callbacks.manager [None req-58d7b1fb-54d8-4132-a042-4d51a4843e50 None None] Subscribe: > router precommit_update 55550000, False {{(pid=101737) subscribe /opt/stack/data/venv/lib/python3.12/site-packages/neutron_lib/callbacks/manager.py:52}}
Jul 24 00:49:17.024175 np0000186464 devstack@neutron-api.service[101737]: DEBUG neutron_lib.callbacks.manager [None req-58d7b1fb-54d8-4132-a042-4d51a4843e50 None None] Subscribe: subnet after_update 55550000, False {{(pid=101737) subscribe /opt/stack/data/venv/lib/python3.12/site-packages/neutron_lib/callbacks/manager.py:52}}
Jul 24 00:49:17.024441 np0000186464 devstack@neutron-api.service[101734]: INFO neutron.api.extensions [None req-1aaf2412-4315-4c25-891c-fa5b17c6f47b None None] Loaded extension: enable-default-route-bfd
Jul 24 00:49:17.024441 np0000186464 devstack@neutron-api.service[101734]: DEBUG neutron.api.extensions [None req-1aaf2412-4315-4c25-891c-fa5b17c6f47b None None] Loading extension file: l3_enable_default_route_ecmp.py {{(pid=101734) _load_all_extensions_from_path /opt/stack/neutron/neutron/api/extensions.py:449}}
Jul 24 00:49:17.024562 np0000186464 devstack@neutron-api.service[101737]: DEBUG neutron.quota.resource_registry [None req-58d7b1fb-54d8-4132-a042-4d51a4843e50 None None] Tracking information for resource: router configured {{(pid=101737) set_tracked_resource /opt/stack/neutron/neutron/quota/resource_registry.py:203}}
Jul 24 00:49:17.024562 np0000186464 devstack@neutron-api.service[101737]: DEBUG neutron.quota.resource_registry [None req-58d7b1fb-54d8-4132-a042-4d51a4843e50 None None] Tracking information for resource: floatingip configured {{(pid=101737) set_tracked_resource /opt/stack/neutron/neutron/quota/resource_registry.py:203}}
Jul 24 00:49:17.024689 np0000186464 devstack@neutron-api.service[101734]: DEBUG neutron.api.extensions [None req-1aaf2412-4315-4c25-891c-fa5b17c6f47b None None] Ext name="Enable Default Route ECMP" alias="enable-default-route-ecmp" description="Enables configurable ECMP behavior for default routes" updated="2023-02-27T00:00:00-00:00" {{(pid=101734) _check_extension /opt/stack/neutron/neutron/api/extensions.py:415}}
Jul 24 00:49:17.024778 np0000186464 devstack@neutron-api.service[101737]: INFO neutron.services.ovn_l3.plugin [None req-58d7b1fb-54d8-4132-a042-4d51a4843e50 None None] Starting OVNL3RouterPlugin
Jul 24 00:49:17.024872 np0000186464 devstack@neutron-api.service[101734]: INFO neutron.api.extensions [None req-1aaf2412-4315-4c25-891c-fa5b17c6f47b None None] Loaded extension: enable-default-route-ecmp
Jul 24 00:49:17.024872 np0000186464 devstack@neutron-api.service[101734]: DEBUG neutron.api.extensions [None req-1aaf2412-4315-4c25-891c-fa5b17c6f47b None None] Loading extension file: l3_ext_gw_mode.py {{(pid=101734) _load_all_extensions_from_path /opt/stack/neutron/neutron/api/extensions.py:449}}
Jul 24 00:49:17.024985 np0000186464 devstack@neutron-api.service[101737]: DEBUG neutron_lib.callbacks.manager [None req-58d7b1fb-54d8-4132-a042-4d51a4843e50 None None] Subscribe: > port_forwarding_plugin after_init 55550000, False {{(pid=101737) subscribe /opt/stack/data/venv/lib/python3.12/site-packages/neutron_lib/callbacks/manager.py:52}}
Jul 24 00:49:17.025071 np0000186464 devstack@neutron-api.service[101734]: DEBUG neutron.api.extensions [None req-1aaf2412-4315-4c25-891c-fa5b17c6f47b None None] Ext name="Neutron L3 Configurable external gateway mode" alias="ext-gw-mode" description="Extension of the router abstraction for specifying whether SNAT should occur on the external gateway" updated="2013-03-28T10:00:00-00:00" {{(pid=101734) _check_extension /opt/stack/neutron/neutron/api/extensions.py:415}}
Jul 24 00:49:17.025160 np0000186464 devstack@neutron-api.service[101737]: DEBUG neutron_lib.callbacks.manager [None req-58d7b1fb-54d8-4132-a042-4d51a4843e50 None None] Subscribe: > router before_create 55550100, False {{(pid=101737) subscribe /opt/stack/data/venv/lib/python3.12/site-packages/neutron_lib/callbacks/manager.py:52}}
Jul 24 00:49:17.025160 np0000186464 devstack@neutron-api.service[101737]: DEBUG neutron_lib.callbacks.manager [None req-58d7b1fb-54d8-4132-a042-4d51a4843e50 None None] Subscribe: > router precommit_delete 55550100, False {{(pid=101737) subscribe /opt/stack/data/venv/lib/python3.12/site-packages/neutron_lib/callbacks/manager.py:52}}
Jul 24 00:49:17.025329 np0000186464 devstack@neutron-api.service[101734]: INFO neutron.api.extensions [None req-1aaf2412-4315-4c25-891c-fa5b17c6f47b None None] Loaded extension: ext-gw-mode
Jul 24 00:49:17.025462 np0000186464 devstack@neutron-api.service[101737]: DEBUG neutron_lib.callbacks.manager [None req-58d7b1fb-54d8-4132-a042-4d51a4843e50 None None] Subscribe: > router precommit_create 55550100, False {{(pid=101737) subscribe /opt/stack/data/venv/lib/python3.12/site-packages/neutron_lib/callbacks/manager.py:52}}
Jul 24 00:49:17.025606 np0000186464 devstack@neutron-api.service[101734]: DEBUG neutron.api.extensions [None req-1aaf2412-4315-4c25-891c-fa5b17c6f47b None None] Loading extension file: l3_ext_ha_mode.py {{(pid=101734) _load_all_extensions_from_path /opt/stack/neutron/neutron/api/extensions.py:449}}
Jul 24 00:49:17.025720 np0000186464 devstack@neutron-api.service[101737]: DEBUG neutron_lib.callbacks.manager [None req-58d7b1fb-54d8-4132-a042-4d51a4843e50 None None] Subscribe: > router precommit_update 55550100, False {{(pid=101737) subscribe /opt/stack/data/venv/lib/python3.12/site-packages/neutron_lib/callbacks/manager.py:52}}
Jul 24 00:49:17.025838 np0000186464 devstack@neutron-api.service[101734]: DEBUG neutron.api.extensions [None req-1aaf2412-4315-4c25-891c-fa5b17c6f47b None None] Ext name="HA Router extension" alias="l3-ha" description="Adds HA capability to routers." updated="2014-04-26T00:00:00-00:00" {{(pid=101734) _check_extension /opt/stack/neutron/neutron/api/extensions.py:415}}
Jul 24 00:49:17.025838 np0000186464 devstack@neutron-api.service[101734]: INFO neutron.api.extensions [None req-1aaf2412-4315-4c25-891c-fa5b17c6f47b None None] Loaded extension: l3-ha
Jul 24 00:49:17.025838 np0000186464 devstack@neutron-api.service[101734]: DEBUG neutron.api.extensions [None req-1aaf2412-4315-4c25-891c-fa5b17c6f47b None None] Loading extension file: l3_ext_ndp_proxy.py {{(pid=101734) _load_all_extensions_from_path /opt/stack/neutron/neutron/api/extensions.py:449}}
Jul 24 00:49:17.025983 np0000186464 devstack@neutron-api.service[101734]: DEBUG neutron.api.extensions [None req-1aaf2412-4315-4c25-891c-fa5b17c6f47b None None] Ext name="Router support to enable NDP proxy" alias="l3-ext-ndp-proxy" description="Router extension to enable ndp proxy" updated="2020-08-25T00:00:00-00:00" {{(pid=101734) _check_extension /opt/stack/neutron/neutron/api/extensions.py:415}}
Jul 24 00:49:17.026104 np0000186464 devstack@neutron-api.service[101734]: INFO neutron.api.extensions [None req-1aaf2412-4315-4c25-891c-fa5b17c6f47b None None] Extension l3-ext-ndp-proxy not supported by any of loaded plugins
Jul 24 00:49:17.026216 np0000186464 devstack@neutron-api.service[101734]: DEBUG neutron.api.extensions [None req-1aaf2412-4315-4c25-891c-fa5b17c6f47b None None] Loading extension file: l3_extra_gws.py {{(pid=101734) _load_all_extensions_from_path /opt/stack/neutron/neutron/api/extensions.py:449}}
Jul 24 00:49:17.026525 np0000186464 devstack@neutron-api.service[101734]: DEBUG neutron.api.extensions [None req-1aaf2412-4315-4c25-891c-fa5b17c6f47b None None] Ext name="Neutron L3 External Gateway Multihoming" alias="external-gateway-multihoming" description="Allow multiple external gateway ports per router" updated="2023-01-18T00:00:00-00:00" {{(pid=101734) _check_extension /opt/stack/neutron/neutron/api/extensions.py:415}}
Jul 24 00:49:17.026627 np0000186464 devstack@neutron-api.service[101734]: INFO neutron.api.extensions [None req-1aaf2412-4315-4c25-891c-fa5b17c6f47b None None] Loaded extension: external-gateway-multihoming
Jul 24 00:49:17.027000 np0000186464 devstack@neutron-api.service[101734]: DEBUG neutron.api.extensions [None req-1aaf2412-4315-4c25-891c-fa5b17c6f47b None None] Loading extension file: l3_flavors.py {{(pid=101734) _load_all_extensions_from_path /opt/stack/neutron/neutron/api/extensions.py:449}}
Jul 24 00:49:17.027327 np0000186464 devstack@neutron-api.service[101734]: DEBUG neutron.api.extensions [None req-1aaf2412-4315-4c25-891c-fa5b17c6f47b None None] Ext name="Router Flavor Extension" alias="l3-flavors" description="Flavor support for routers." updated="2016-05-17T00:00:00-00:00" {{(pid=101734) _check_extension /opt/stack/neutron/neutron/api/extensions.py:415}}
Jul 24 00:49:17.027327 np0000186464 devstack@neutron-api.service[101734]: INFO neutron.api.extensions [None req-1aaf2412-4315-4c25-891c-fa5b17c6f47b None None] Loaded extension: l3-flavors
Jul 24 00:49:17.027327 np0000186464 devstack@neutron-api.service[101734]: DEBUG neutron.api.extensions [None req-1aaf2412-4315-4c25-891c-fa5b17c6f47b None None] Loading extension file: l3_ndp_proxy.py {{(pid=101734) _load_all_extensions_from_path /opt/stack/neutron/neutron/api/extensions.py:449}}
Jul 24 00:49:17.027789 np0000186464 devstack@neutron-api.service[101734]: DEBUG neutron.api.extensions [None req-1aaf2412-4315-4c25-891c-fa5b17c6f47b None None] Ext name="name" alias="l3-ndp-proxy" description="description" updated="2021-06-29T10:00:00-00:00" {{(pid=101734) _check_extension /opt/stack/neutron/neutron/api/extensions.py:415}}
Jul 24 00:49:17.028361 np0000186464 devstack@neutron-api.service[101734]: INFO neutron.api.extensions [None req-1aaf2412-4315-4c25-891c-fa5b17c6f47b None None] Extension l3-ndp-proxy not supported by any of loaded plugins
Jul 24 00:49:17.028361 np0000186464 devstack@neutron-api.service[101734]: DEBUG neutron.api.extensions [None req-1aaf2412-4315-4c25-891c-fa5b17c6f47b None None] Loading extension file: l3_port_ip_change_not_allowed.py {{(pid=101734) _load_all_extensions_from_path /opt/stack/neutron/neutron/api/extensions.py:449}}
Jul 24 00:49:17.028361 np0000186464 devstack@neutron-api.service[101734]: DEBUG neutron.api.extensions [None req-1aaf2412-4315-4c25-891c-fa5b17c6f47b None None] Ext name="Prevent L3 router ports IP address change extension" alias="l3-port-ip-change-not-allowed" description="Prevent change of IP address for some L3 router ports" updated="2018-10-09T10:00:00-00:00" {{(pid=101734) _check_extension /opt/stack/neutron/neutron/api/extensions.py:415}}
Jul 24 00:49:17.028361 np0000186464 devstack@neutron-api.service[101734]: INFO neutron.api.extensions [None req-1aaf2412-4315-4c25-891c-fa5b17c6f47b None None] Extension l3-port-ip-change-not-allowed not supported by any of loaded plugins
Jul 24 00:49:17.028361 np0000186464 devstack@neutron-api.service[101734]: DEBUG neutron.api.extensions [None req-1aaf2412-4315-4c25-891c-fa5b17c6f47b None None] Loading extension file: l3agentscheduler.py {{(pid=101734) _load_all_extensions_from_path /opt/stack/neutron/neutron/api/extensions.py:449}}
Jul 24 00:49:17.029143 np0000186464 devstack@neutron-api.service[101734]: DEBUG neutron.api.extensions [None req-1aaf2412-4315-4c25-891c-fa5b17c6f47b None None] Ext name="L3 Agent Scheduler" alias="l3_agent_scheduler" description="Schedule routers among l3 agents" updated="2013-02-07T10:00:00-00:00" {{(pid=101734) _check_extension /opt/stack/neutron/neutron/api/extensions.py:415}}
Jul 24 00:49:17.029387 np0000186464 devstack@neutron-api.service[101737]: DEBUG neutron.services.provider_configuration [None req-58d7b1fb-54d8-4132-a042-4d51a4843e50 None None] Service providers = [] {{(pid=101737) parse_service_provider_opt /opt/stack/neutron/neutron/services/provider_configuration.py:170}}
Jul 24 00:49:17.029638 np0000186464 devstack@neutron-api.service[101734]: INFO neutron.api.extensions [None req-1aaf2412-4315-4c25-891c-fa5b17c6f47b None None] Loaded extension: l3_agent_scheduler
Jul 24 00:49:17.029832 np0000186464 devstack@neutron-api.service[101737]: DEBUG neutron.db.servicetype_db [None req-58d7b1fb-54d8-4132-a042-4d51a4843e50 None None] Adding provider configuration for service L3_ROUTER_NAT {{(pid=101737) add_provider_configuration /opt/stack/neutron/neutron/db/servicetype_db.py:45}}
Jul 24 00:49:17.030053 np0000186464 devstack@neutron-api.service[101734]: DEBUG neutron.api.extensions [None req-1aaf2412-4315-4c25-891c-fa5b17c6f47b None None] Loading extension file: local_ip.py {{(pid=101734) _load_all_extensions_from_path /opt/stack/neutron/neutron/api/extensions.py:449}}
Jul 24 00:49:17.030053 np0000186464 devstack@neutron-api.service[101734]: DEBUG neutron.api.extensions [None req-1aaf2412-4315-4c25-891c-fa5b17c6f47b None None] Ext name="Local IP" alias="local_ip" description="Support Node Local Virtual IP" updated="2021-07-26T10:00:00-00:00" {{(pid=101734) _check_extension /opt/stack/neutron/neutron/api/extensions.py:415}}
Jul 24 00:49:17.030053 np0000186464 devstack@neutron-api.service[101734]: INFO neutron.api.extensions [None req-1aaf2412-4315-4c25-891c-fa5b17c6f47b None None] Extension local_ip not supported by any of loaded plugins
Jul 24 00:49:17.030053 np0000186464 devstack@neutron-api.service[101734]: DEBUG neutron.api.extensions [None req-1aaf2412-4315-4c25-891c-fa5b17c6f47b None None] Loading extension file: logging.py {{(pid=101734) _load_all_extensions_from_path /opt/stack/neutron/neutron/api/extensions.py:449}}
Jul 24 00:49:17.030465 np0000186464 devstack@neutron-api.service[101734]: DEBUG neutron.api.extensions [None req-1aaf2412-4315-4c25-891c-fa5b17c6f47b None None] Ext name="Logging API Extension" alias="logging" description="Provides a logging API for resources such as security group and firewall." updated="2017-01-01T10:00:00-00:00" {{(pid=101734) _check_extension /opt/stack/neutron/neutron/api/extensions.py:415}}
Jul 24 00:49:17.030465 np0000186464 devstack@neutron-api.service[101734]: INFO neutron.api.extensions [None req-1aaf2412-4315-4c25-891c-fa5b17c6f47b None None] Extension logging not supported by any of loaded plugins
Jul 24 00:49:17.030465 np0000186464 devstack@neutron-api.service[101734]: DEBUG neutron.api.extensions [None req-1aaf2412-4315-4c25-891c-fa5b17c6f47b None None] Loading extension file: metering.py {{(pid=101734) _load_all_extensions_from_path /opt/stack/neutron/neutron/api/extensions.py:449}}
Jul 24 00:49:17.030825 np0000186464 devstack@neutron-api.service[101737]: DEBUG neutron_lib.callbacks.manager [None req-58d7b1fb-54d8-4132-a042-4d51a4843e50 None None] Subscribe: > router precommit_create 55549900, False {{(pid=101737) subscribe /opt/stack/data/venv/lib/python3.12/site-packages/neutron_lib/callbacks/manager.py:52}}
Jul 24 00:49:17.030825 np0000186464 devstack@neutron-api.service[101737]: DEBUG neutron_lib.callbacks.manager [None req-58d7b1fb-54d8-4132-a042-4d51a4843e50 None None] Subscribe: > router_interface after_create 55550000, False {{(pid=101737) subscribe /opt/stack/data/venv/lib/python3.12/site-packages/neutron_lib/callbacks/manager.py:52}}
Jul 24 00:49:17.031161 np0000186464 devstack@neutron-api.service[101734]: DEBUG neutron.api.extensions [None req-1aaf2412-4315-4c25-891c-fa5b17c6f47b None None] Ext name="Neutron Metering" alias="metering" description="Neutron Metering extension." updated="2013-06-12T10:00:00-00:00" {{(pid=101734) _check_extension /opt/stack/neutron/neutron/api/extensions.py:415}}
Jul 24 00:49:17.031553 np0000186464 devstack@neutron-api.service[101737]: DEBUG neutron_lib.callbacks.manager [None req-58d7b1fb-54d8-4132-a042-4d51a4843e50 None None] Subscribe: > floatingip after_create 55550000, False {{(pid=101737) subscribe /opt/stack/data/venv/lib/python3.12/site-packages/neutron_lib/callbacks/manager.py:52}}
Jul 24 00:49:17.031770 np0000186464 devstack@neutron-api.service[101734]: INFO neutron.api.extensions [None req-1aaf2412-4315-4c25-891c-fa5b17c6f47b None None] Extension metering not supported by any of loaded plugins
Jul 24 00:49:17.031993 np0000186464 devstack@neutron-api.service[101737]: DEBUG neutron_lib.callbacks.manager [None req-58d7b1fb-54d8-4132-a042-4d51a4843e50 None None] Subscribe: > floatingip precommit_create 55550000, False {{(pid=101737) subscribe /opt/stack/data/venv/lib/python3.12/site-packages/neutron_lib/callbacks/manager.py:52}}
Jul 24 00:49:17.032237 np0000186464 devstack@neutron-api.service[101734]: DEBUG neutron.api.extensions [None req-1aaf2412-4315-4c25-891c-fa5b17c6f47b None None] Loading extension file: metering_source_and_destination_fields.py {{(pid=101734) _load_all_extensions_from_path /opt/stack/neutron/neutron/api/extensions.py:449}}
Jul 24 00:49:17.032467 np0000186464 devstack@neutron-api.service[101737]: DEBUG neutron_lib.callbacks.manager [None req-58d7b1fb-54d8-4132-a042-4d51a4843e50 None None] Subscribe: > floatingip precommit_update 55550000, False {{(pid=101737) subscribe /opt/stack/data/venv/lib/python3.12/site-packages/neutron_lib/callbacks/manager.py:52}}
Jul 24 00:49:17.032467 np0000186464 devstack@neutron-api.service[101737]: DEBUG neutron_lib.callbacks.manager [None req-58d7b1fb-54d8-4132-a042-4d51a4843e50 None None] Subscribe: > floatingip after_delete 55550000, False {{(pid=101737) subscribe /opt/stack/data/venv/lib/python3.12/site-packages/neutron_lib/callbacks/manager.py:52}}
Jul 24 00:49:17.032467 np0000186464 devstack@neutron-api.service[101737]: DEBUG neutron_lib.callbacks.manager [None req-58d7b1fb-54d8-4132-a042-4d51a4843e50 None None] Subscribe: > floatingip after_status_update 55550000, False {{(pid=101737) subscribe /opt/stack/data/venv/lib/python3.12/site-packages/neutron_lib/callbacks/manager.py:52}}
Jul 24 00:49:17.032871 np0000186464 devstack@neutron-api.service[101734]: DEBUG neutron.api.extensions [None req-1aaf2412-4315-4c25-891c-fa5b17c6f47b None None] Ext name="Neutron Metering with source and destination filtering" alias="metering_source_and_destination_fields" description="Neutron Metering extension that enables the use of source and destination IP prefixes to create metering label rules." updated="2020-08-21T08:12:00-00:00" {{(pid=101734) _check_extension /opt/stack/neutron/neutron/api/extensions.py:415}}
Jul 24 00:49:17.033077 np0000186464 devstack@neutron-api.service[101737]: DEBUG neutron_lib.callbacks.manager [None req-58d7b1fb-54d8-4132-a042-4d51a4843e50 None None] Subscribe: > floatingip after_update 55550000, False {{(pid=101737) subscribe /opt/stack/data/venv/lib/python3.12/site-packages/neutron_lib/callbacks/manager.py:52}}
Jul 24 00:49:17.033077 np0000186464 devstack@neutron-api.service[101737]: DEBUG neutron_lib.callbacks.manager [None req-58d7b1fb-54d8-4132-a042-4d51a4843e50 None None] Subscribe: > port_forwarding after_create 55550000, False {{(pid=101737) subscribe /opt/stack/data/venv/lib/python3.12/site-packages/neutron_lib/callbacks/manager.py:52}}
Jul 24 00:49:17.033357 np0000186464 devstack@neutron-api.service[101734]: INFO neutron.api.extensions [None req-1aaf2412-4315-4c25-891c-fa5b17c6f47b None None] Extension metering_source_and_destination_fields not supported by any of loaded plugins
Jul 24 00:49:17.033596 np0000186464 devstack@neutron-api.service[101737]: DEBUG neutron_lib.callbacks.manager [None req-58d7b1fb-54d8-4132-a042-4d51a4843e50 None None] Subscribe: > router_interface after_delete 55550000, False {{(pid=101737) subscribe /opt/stack/data/venv/lib/python3.12/site-packages/neutron_lib/callbacks/manager.py:52}}
