2026-07-21 22:06:58.311 9 INFO neutron.wsgi [None req-c8814c45-65ac-4e1f-8d9d-eb0c559eb525 a179550bd99a4fd6af3a5e6f28150aeb 9e55c4fc1fa7418d8af6eabbdbfc05de - - default default] 199.19.213.130,10.0.0.133 "GET /v2.0/security-groups?tenant_id=9e55c4fc1fa7418d8af6eabbdbfc05de HTTP/1.1" status: 200 len: 10161 time: 0.0832663
2026-07-21 22:06:59.417 9 INFO neutron.wsgi [None req-b96c4b16-a9c5-448d-b443-629c785fb335 a179550bd99a4fd6af3a5e6f28150aeb 9e55c4fc1fa7418d8af6eabbdbfc05de - - default default] 199.19.213.130,10.0.0.133 "GET /v2.0/security-groups?tenant_id=9e55c4fc1fa7418d8af6eabbdbfc05de HTTP/1.1" status: 200 len: 10161 time: 0.0789070
2026-07-21 22:07:00.216 9 INFO neutron.wsgi [None req-03c64cd5-5cc4-4273-a376-1225d78196be a179550bd99a4fd6af3a5e6f28150aeb 9e55c4fc1fa7418d8af6eabbdbfc05de - - default default] 199.19.213.130,10.0.0.133 "GET /v2.0/security-groups?tenant_id=9e55c4fc1fa7418d8af6eabbdbfc05de HTTP/1.1" status: 200 len: 10161 time: 0.0736625
2026-07-21 22:07:01.067 9 INFO neutron.wsgi [None req-fb23259e-e6eb-4589-9bbf-58385e467cca a179550bd99a4fd6af3a5e6f28150aeb 9e55c4fc1fa7418d8af6eabbdbfc05de - - default default] 199.19.213.130,10.0.0.133 "GET /v2.0/security-groups?tenant_id=9e55c4fc1fa7418d8af6eabbdbfc05de HTTP/1.1" status: 200 len: 10161 time: 0.0885620
2026-07-21 22:07:01.908 9 INFO neutron.wsgi [None req-2b5caa8e-8c2b-4d30-9df0-d70cc23a876b a179550bd99a4fd6af3a5e6f28150aeb 9e55c4fc1fa7418d8af6eabbdbfc05de - - default default] 199.19.213.130,10.0.0.133 "GET /v2.0/security-groups?tenant_id=9e55c4fc1fa7418d8af6eabbdbfc05de HTTP/1.1" status: 200 len: 10161 time: 0.1123104
2026-07-21 22:07:02.745 9 INFO neutron.wsgi [None req-dd30db1c-1dc2-4085-9dce-6b8b492ea9d6 a179550bd99a4fd6af3a5e6f28150aeb 9e55c4fc1fa7418d8af6eabbdbfc05de - - default default] 199.19.213.130,10.0.0.133 "GET /v2.0/security-groups?tenant_id=9e55c4fc1fa7418d8af6eabbdbfc05de HTTP/1.1" status: 200 len: 10161 time: 0.1013119
2026-07-21 22:07:03.806 9 INFO neutron.wsgi [None req-fecb7e55-7cfd-4f3f-99d2-408aee99c9ce a179550bd99a4fd6af3a5e6f28150aeb 9e55c4fc1fa7418d8af6eabbdbfc05de - - default default] 199.19.213.130,10.0.0.133 "GET /v2.0/security-groups HTTP/1.1" status: 200 len: 16803 time: 0.0997300
2026-07-21 22:07:03.853 9 INFO neutron.wsgi [None req-718b9a43-11bc-410a-937e-f0d9e3eb68f2 a179550bd99a4fd6af3a5e6f28150aeb 9e55c4fc1fa7418d8af6eabbdbfc05de - - default default] 199.19.213.130,10.0.0.133 "GET /v2.0/ports HTTP/1.1" status: 200 len: 5255 time: 0.0365534
2026-07-21 22:07:04.132 9 INFO neutron.wsgi [None req-b0e46e85-4a31-4179-97e2-d1340e899f67 a179550bd99a4fd6af3a5e6f28150aeb 9e55c4fc1fa7418d8af6eabbdbfc05de - - default default] 10.0.0.119 "GET /v2.0/agents HTTP/1.1" status: 200 len: 997 time: 0.0900004
2026-07-21 22:07:04.144 9 INFO neutron.wsgi [None req-3c13381c-a35b-4ea5-b0de-c6a6907686c3 a179550bd99a4fd6af3a5e6f28150aeb 9e55c4fc1fa7418d8af6eabbdbfc05de - - default default] 10.0.0.119 "GET /v2.0/network-ip-availabilities HTTP/1.1" status: 200 len: 1280 time: 0.0100329
2026-07-21 22:07:04.174 9 INFO neutron.wsgi [None req-ea42d82c-4fac-47e9-8e39-94ef5f481024 a179550bd99a4fd6af3a5e6f28150aeb 9e55c4fc1fa7418d8af6eabbdbfc05de - - default default] 10.0.0.119 "GET /v2.0/subnets HTTP/1.1" status: 200 len: 1437 time: 0.0295630
2026-07-21 22:07:04.204 9 INFO neutron.wsgi [None req-458a96ea-b957-4be6-846c-b6c8ea46cce1 a179550bd99a4fd6af3a5e6f28150aeb 9e55c4fc1fa7418d8af6eabbdbfc05de - - default default] 10.0.0.119 "GET /v2.0/ports HTTP/1.1" status: 200 len: 5255 time: 0.0290682
2026-07-21 22:07:04.229 9 INFO neutron.wsgi [None req-c39390cf-7747-4469-95ef-f5317f8effe1 a179550bd99a4fd6af3a5e6f28150aeb 9e55c4fc1fa7418d8af6eabbdbfc05de - - default default] 10.0.0.119 "GET /v2.0/floatingips HTTP/1.1" status: 200 len: 193 time: 0.0224750
2026-07-21 22:07:04.286 9 INFO neutron.wsgi [None req-2ec52fb8-412d-4485-8056-8c071ade1ce0 a179550bd99a4fd6af3a5e6f28150aeb 9e55c4fc1fa7418d8af6eabbdbfc05de - - default default] 10.0.0.119 "GET /v2.0/networks HTTP/1.1" status: 200 len: 2350 time: 0.0558865
2026-07-21 22:07:04.345 9 INFO neutron.wsgi [None req-a1d5d1a2-d74b-4cb6-a4d7-9464d59084ee a179550bd99a4fd6af3a5e6f28150aeb 9e55c4fc1fa7418d8af6eabbdbfc05de - - default default] 10.0.0.119 "GET /v2.0/security-groups HTTP/1.1" status: 200 len: 16803 time: 0.0554855
2026-07-21 22:07:04.383 9 INFO neutron.wsgi [None req-309b0ffc-59f2-443c-b566-cda7ba27f998 a179550bd99a4fd6af3a5e6f28150aeb 9e55c4fc1fa7418d8af6eabbdbfc05de - - default default] 10.0.0.119 "GET /v2.0/routers HTTP/1.1" status: 200 len: 189 time: 0.0347593
2026-07-21 22:07:04.393 9 INFO neutron.wsgi [None req-f38a86e3-79b3-4e4d-858a-8721ad791f97 a179550bd99a4fd6af3a5e6f28150aeb 9e55c4fc1fa7418d8af6eabbdbfc05de - - default default] 10.0.0.119 "GET /v2.0/agents?binary=ovn-controller HTTP/1.1" status: 200 len: 591 time: 0.0093656
2026-07-21 22:07:04.420 9 INFO neutron.wsgi [None req-17d1cc33-f5e5-4881-9c50-3b284586ef80 a179550bd99a4fd6af3a5e6f28150aeb 9e55c4fc1fa7418d8af6eabbdbfc05de - - default default] 10.0.0.119 "GET /v2.0/subnets HTTP/1.1" status: 200 len: 1437 time: 0.0263901
2026-07-21 22:07:04.430 9 INFO neutron.wsgi [None req-4cf7cd7f-24da-4714-a234-3622043c1bb0 a179550bd99a4fd6af3a5e6f28150aeb 9e55c4fc1fa7418d8af6eabbdbfc05de - - default default] 10.0.0.119 "GET /v2.0/subnetpools HTTP/1.1" status: 200 len: 193 time: 0.0092413
2026-07-21 22:07:09.932 9 INFO neutron.pecan_wsgi.hooks.translation [None req-9281c706-b2c7-4e18-92d7-86fef434cdac a179550bd99a4fd6af3a5e6f28150aeb 9e55c4fc1fa7418d8af6eabbdbfc05de - - default default] GET failed (client error): The resource could not be found.
2026-07-21 22:07:09.934 9 INFO neutron.wsgi [None req-9281c706-b2c7-4e18-92d7-86fef434cdac a179550bd99a4fd6af3a5e6f28150aeb 9e55c4fc1fa7418d8af6eabbdbfc05de - - default default] 199.19.213.130,10.0.0.133 "GET /v2.0/ports/octavia-health-manager-port-instance HTTP/1.1" status: 404 len: 314 time: 0.0807228
2026-07-21 22:07:09.979 9 INFO neutron.wsgi [None req-6ad20766-431d-4e9d-bee0-a4e7910303a1 a179550bd99a4fd6af3a5e6f28150aeb 9e55c4fc1fa7418d8af6eabbdbfc05de - - default default] 199.19.213.130,10.0.0.133 "GET /v2.0/ports?name=octavia-health-manager-port-instance HTTP/1.1" status: 200 len: 1351 time: 0.0422766
2026-07-21 22:07:10.544 10 INFO neutron.wsgi [-] 10.0.0.133 "GET / HTTP/1.1" status: 200 len: 246 time: 0.0019536
2026-07-21 22:07:10.545 9 INFO neutron.wsgi [-] 10.0.0.133 "GET / HTTP/1.1" status: 200 len: 246 time: 0.0028548
2026-07-21 22:07:11.456 9 INFO neutron.wsgi [None req-bb0f5bc9-75ed-420e-a3d2-6a3386bd28dc a179550bd99a4fd6af3a5e6f28150aeb 9e55c4fc1fa7418d8af6eabbdbfc05de - - default default] 199.19.213.130,10.0.0.133 "GET /v2.0/ports HTTP/1.1" status: 200 len: 5255 time: 0.0696137
2026-07-21 22:07:12.424 9 INFO neutron.wsgi [None req-b7af9141-993b-4bf5-a326-ab73a18ab453 a179550bd99a4fd6af3a5e6f28150aeb 9e55c4fc1fa7418d8af6eabbdbfc05de - - default default] 199.19.213.130,10.0.0.133 "GET /v2.0/security-groups?tenant_id=9e55c4fc1fa7418d8af6eabbdbfc05de HTTP/1.1" status: 200 len: 10161 time: 0.0872729
2026-07-21 22:07:13.424 9 INFO neutron.wsgi [None req-7f45b2fd-a1b5-4151-8620-080af78cb97e a179550bd99a4fd6af3a5e6f28150aeb 9e55c4fc1fa7418d8af6eabbdbfc05de - - default default] 199.19.213.130,10.0.0.133 "GET /v2.0/security-groups?tenant_id=9e55c4fc1fa7418d8af6eabbdbfc05de HTTP/1.1" status: 200 len: 10161 time: 0.0911059
2026-07-21 22:07:14.257 9 INFO neutron.wsgi [None req-cd6ba3fe-7448-4ec6-9ba8-b607b18febbc a179550bd99a4fd6af3a5e6f28150aeb 9e55c4fc1fa7418d8af6eabbdbfc05de - - default default] 199.19.213.130,10.0.0.133 "GET /v2.0/security-groups?tenant_id=9e55c4fc1fa7418d8af6eabbdbfc05de HTTP/1.1" status: 200 len: 10161 time: 0.0811765
2026-07-21 22:07:25.068 9 INFO neutron.wsgi [None req-e43a0943-ba18-4a83-a026-adbee6b69604 a179550bd99a4fd6af3a5e6f28150aeb 9e55c4fc1fa7418d8af6eabbdbfc05de - - default default] 199.19.213.130,10.0.0.133 "GET /v2.0/quotas/9e55c4fc1fa7418d8af6eabbdbfc05de HTTP/1.1" status: 200 len: 361 time: 0.0092473
2026-07-21 22:07:25.545 10 INFO neutron.wsgi [-] 10.0.0.133 "GET / HTTP/1.1" status: 200 len: 246 time: 0.0023341
2026-07-21 22:07:25.547 9 INFO neutron.wsgi [-] 10.0.0.133 "GET / HTTP/1.1" status: 200 len: 246 time: 0.0036819
2026-07-21 22:07:40.545 9 INFO neutron.wsgi [-] 10.0.0.133 "GET / HTTP/1.1" status: 200 len: 246 time: 0.0024860
2026-07-21 22:07:40.546 10 INFO neutron.wsgi [-] 10.0.0.133 "GET / HTTP/1.1" status: 200 len: 246 time: 0.0033638
2026-07-21 22:07:55.545 10 INFO neutron.wsgi [-] 10.0.0.133 "GET / HTTP/1.1" status: 200 len: 246 time: 0.0018821
2026-07-21 22:07:55.549 9 INFO neutron.wsgi [-] 10.0.0.133 "GET / HTTP/1.1" status: 200 len: 246 time: 0.0028574
2026-07-21 22:08:04.093 9 INFO neutron.wsgi [None req-9cc19b36-5a4e-499a-8dee-057668031c0a a179550bd99a4fd6af3a5e6f28150aeb 9e55c4fc1fa7418d8af6eabbdbfc05de - - default default] 10.0.0.119 "GET /v2.0/network-ip-availabilities HTTP/1.1" status: 200 len: 1280 time: 0.0514467
2026-07-21 22:08:04.151 9 INFO neutron.wsgi [None req-afa4e57d-030f-40e5-b31f-a05b5d85178b a179550bd99a4fd6af3a5e6f28150aeb 9e55c4fc1fa7418d8af6eabbdbfc05de - - default default] 10.0.0.119 "GET /v2.0/networks HTTP/1.1" status: 200 len: 2350 time: 0.0571206
2026-07-21 22:08:04.187 9 INFO neutron.wsgi [None req-00d0fda3-6061-40c7-87f4-660367107145 a179550bd99a4fd6af3a5e6f28150aeb 9e55c4fc1fa7418d8af6eabbdbfc05de - - default default] 10.0.0.119 "GET /v2.0/subnets HTTP/1.1" status: 200 len: 1437 time: 0.0340607
2026-07-21 22:08:04.201 9 INFO neutron.wsgi [None req-c7bb34f6-8a40-4998-8f5b-e7ada10a6db9 a179550bd99a4fd6af3a5e6f28150aeb 9e55c4fc1fa7418d8af6eabbdbfc05de - - default default] 10.0.0.119 "GET /v2.0/subnetpools HTTP/1.1" status: 200 len: 193 time: 0.0124946
2026-07-21 22:08:04.225 9 INFO neutron.wsgi [None req-b1a89f91-8d32-4ae7-8b36-31051871b256 a179550bd99a4fd6af3a5e6f28150aeb 9e55c4fc1fa7418d8af6eabbdbfc05de - - default default] 10.0.0.119 "GET /v2.0/floatingips HTTP/1.1" status: 200 len: 193 time: 0.0239522
2026-07-21 22:08:04.278 9 INFO neutron.wsgi [None req-4c379483-4c50-48f1-ba50-de4f706a61e8 a179550bd99a4fd6af3a5e6f28150aeb 9e55c4fc1fa7418d8af6eabbdbfc05de - - default default] 10.0.0.119 "GET /v2.0/security-groups HTTP/1.1" status: 200 len: 16803 time: 0.0522382
2026-07-21 22:08:04.320 9 INFO neutron.wsgi [None req-611d512f-d714-49e8-8f73-e04acd1582b0 a179550bd99a4fd6af3a5e6f28150aeb 9e55c4fc1fa7418d8af6eabbdbfc05de - - default default] 10.0.0.119 "GET /v2.0/subnets HTTP/1.1" status: 200 len: 1437 time: 0.0364237
2026-07-21 22:08:04.351 9 INFO neutron.wsgi [None req-89483bdc-6474-4a92-8406-e7496fb406a7 a179550bd99a4fd6af3a5e6f28150aeb 9e55c4fc1fa7418d8af6eabbdbfc05de - - default default] 10.0.0.119 "GET /v2.0/routers HTTP/1.1" status: 200 len: 189 time: 0.0287042
2026-07-21 22:08:04.380 9 INFO neutron.wsgi [None req-a8cb4c91-8a9a-45af-a78f-c8ee2245077e a179550bd99a4fd6af3a5e6f28150aeb 9e55c4fc1fa7418d8af6eabbdbfc05de - - default default] 10.0.0.119 "GET /v2.0/agents?binary=ovn-controller HTTP/1.1" status: 200 len: 591 time: 0.0288234
2026-07-21 22:08:04.390 9 INFO neutron.wsgi [None req-656edec5-c22f-462f-a325-3cbefa712ddc a179550bd99a4fd6af3a5e6f28150aeb 9e55c4fc1fa7418d8af6eabbdbfc05de - - default default] 10.0.0.119 "GET /v2.0/agents HTTP/1.1" status: 200 len: 997 time: 0.0085139
2026-07-21 22:08:04.419 9 INFO neutron.wsgi [None req-5fe11957-d6ed-4192-89c7-d9a6b7b1dbb9 a179550bd99a4fd6af3a5e6f28150aeb 9e55c4fc1fa7418d8af6eabbdbfc05de - - default default] 10.0.0.119 "GET /v2.0/ports HTTP/1.1" status: 200 len: 5255 time: 0.0270946
2026-07-21 22:08:10.546 10 INFO neutron.wsgi [-] 10.0.0.133 "GET / HTTP/1.1" status: 200 len: 246 time: 0.0031955
2026-07-21 22:08:10.550 9 INFO neutron.wsgi [-] 10.0.0.133 "GET / HTTP/1.1" status: 200 len: 246 time: 0.0026145
2026-07-21 22:08:17.286 9 INFO neutron.wsgi [None req-189f2549-0199-404b-a8aa-32ae17f1d996 a179550bd99a4fd6af3a5e6f28150aeb 9e55c4fc1fa7418d8af6eabbdbfc05de - - default default] 199.19.213.130,10.0.0.133 "GET /v2.0/security-groups?tenant_id=7e304895c205435cba65cc2763387986 HTTP/1.1" status: 200 len: 6838 time: 0.0759408
2026-07-21 22:08:18.189 9 INFO neutron.wsgi [None req-f06e911e-09ee-4ef0-a085-89af92aad4af a179550bd99a4fd6af3a5e6f28150aeb 9e55c4fc1fa7418d8af6eabbdbfc05de - - default default] 199.19.213.130,10.0.0.133 "GET /v2.0/security-groups?tenant_id=7e304895c205435cba65cc2763387986 HTTP/1.1" status: 200 len: 6838 time: 0.0708020
2026-07-21 22:08:19.055 9 INFO neutron.wsgi [None req-e73e07b3-1fb0-457a-a735-557ea45a9cd3 a179550bd99a4fd6af3a5e6f28150aeb 9e55c4fc1fa7418d8af6eabbdbfc05de - - default default] 199.19.213.130,10.0.0.133 "GET /v2.0/security-groups?tenant_id=7e304895c205435cba65cc2763387986 HTTP/1.1" status: 200 len: 6838 time: 0.0827270
2026-07-21 22:08:20.010 9 INFO neutron.wsgi [None req-17d32af0-6c14-4013-b7d2-a8739daacbbd a179550bd99a4fd6af3a5e6f28150aeb 9e55c4fc1fa7418d8af6eabbdbfc05de - - default default] 199.19.213.130,10.0.0.133 "GET /v2.0/security-groups?tenant_id=7e304895c205435cba65cc2763387986 HTTP/1.1" status: 200 len: 6838 time: 0.1799352
2026-07-21 22:08:20.981 9 INFO neutron.wsgi [None req-d0f3f753-7d60-49a2-b0eb-8ed336ecc8dc a179550bd99a4fd6af3a5e6f28150aeb 9e55c4fc1fa7418d8af6eabbdbfc05de - - default default] 199.19.213.130,10.0.0.133 "GET /v2.0/security-groups?tenant_id=7e304895c205435cba65cc2763387986 HTTP/1.1" status: 200 len: 6838 time: 0.0759127
2026-07-21 22:08:25.544 9 INFO neutron.wsgi [-] 10.0.0.133 "GET / HTTP/1.1" status: 200 len: 246 time: 0.0016198
2026-07-21 22:08:25.546 10 INFO neutron.wsgi [-] 10.0.0.133 "GET / HTTP/1.1" status: 200 len: 246 time: 0.0028608
2026-07-21 22:08:28.133 9 INFO neutron.wsgi [None req-20368fc9-a4da-4e82-a50e-c5099cbafea5 a179550bd99a4fd6af3a5e6f28150aeb 9e55c4fc1fa7418d8af6eabbdbfc05de - - default default] 199.19.213.130,10.0.0.133 "GET /v2.0/quotas/7e304895c205435cba65cc2763387986 HTTP/1.1" status: 200 len: 361 time: 0.0109444
2026-07-21 22:08:40.546 10 INFO neutron.wsgi [-] 10.0.0.133 "GET / HTTP/1.1" status: 200 len: 246 time: 0.0031199
2026-07-21 22:08:40.549 10 INFO neutron.wsgi [-] 10.0.0.133 "GET / HTTP/1.1" status: 200 len: 246 time: 0.0021577
2026-07-21 22:08:55.544 10 INFO neutron.wsgi [-] 10.0.0.133 "GET / HTTP/1.1" status: 200 len: 246 time: 0.0023539
2026-07-21 22:08:55.544 9 INFO neutron.wsgi [-] 10.0.0.133 "GET / HTTP/1.1" status: 200 len: 246 time: 0.0024202
2026-07-21 22:09:04.103 9 INFO neutron.wsgi [None req-3fdcb7fd-e32b-44dd-9694-a6bb5a4f0ca4 a179550bd99a4fd6af3a5e6f28150aeb 9e55c4fc1fa7418d8af6eabbdbfc05de - - default default] 10.0.0.119 "GET /v2.0/subnets HTTP/1.1" status: 200 len: 1437 time: 0.0758040
2026-07-21 22:09:04.118 9 INFO neutron.wsgi [None req-51639f21-7668-4864-90b0-d82c558c9866 a179550bd99a4fd6af3a5e6f28150aeb 9e55c4fc1fa7418d8af6eabbdbfc05de - - default default] 10.0.0.119 "GET /v2.0/subnetpools HTTP/1.1" status: 200 len: 193 time: 0.0132732
2026-07-21 22:09:04.175 9 INFO neutron.wsgi [None req-61699725-c4a4-4ed4-8724-951a41e1ded8 a179550bd99a4fd6af3a5e6f28150aeb 9e55c4fc1fa7418d8af6eabbdbfc05de - - default default] 10.0.0.119 "GET /v2.0/security-groups HTTP/1.1" status: 200 len: 16803 time: 0.0564227
2026-07-21 22:09:04.214 9 INFO neutron.wsgi [None req-aaa62288-8cd3-40c9-987e-5937469861c6 a179550bd99a4fd6af3a5e6f28150aeb 9e55c4fc1fa7418d8af6eabbdbfc05de - - default default] 10.0.0.119 "GET /v2.0/subnets HTTP/1.1" status: 200 len: 1437 time: 0.0332837
2026-07-21 22:09:04.246 9 INFO neutron.wsgi [None req-eef8abf5-522e-43b2-b6d1-07bb78abb136 a179550bd99a4fd6af3a5e6f28150aeb 9e55c4fc1fa7418d8af6eabbdbfc05de - - default default] 10.0.0.119 "GET /v2.0/agents HTTP/1.1" status: 200 len: 997 time: 0.0310681
2026-07-21 22:09:04.275 9 INFO neutron.wsgi [None req-b681bb99-21a4-492d-90b0-8de1d5a66d5c a179550bd99a4fd6af3a5e6f28150aeb 9e55c4fc1fa7418d8af6eabbdbfc05de - - default default] 10.0.0.119 "GET /v2.0/floatingips HTTP/1.1" status: 200 len: 193 time: 0.0275958
2026-07-21 22:09:04.348 9 INFO neutron.wsgi [None req-45f67dae-6049-4596-afab-94e9bbbe850c a179550bd99a4fd6af3a5e6f28150aeb 9e55c4fc1fa7418d8af6eabbdbfc05de - - default default] 10.0.0.119 "GET /v2.0/networks HTTP/1.1" status: 200 len: 2350 time: 0.0722778
2026-07-21 22:09:04.380 9 INFO neutron.wsgi [None req-7475a187-dc60-4fbf-aa7d-d358401b56ee a179550bd99a4fd6af3a5e6f28150aeb 9e55c4fc1fa7418d8af6eabbdbfc05de - - default default] 10.0.0.119 "GET /v2.0/ports HTTP/1.1" status: 200 len: 5255 time: 0.0293684
2026-07-21 22:09:04.407 9 INFO neutron.wsgi [None req-76d7fc45-e51b-4481-a0ba-54d6a4d19c35 a179550bd99a4fd6af3a5e6f28150aeb 9e55c4fc1fa7418d8af6eabbdbfc05de - - default default] 10.0.0.119 "GET /v2.0/routers HTTP/1.1" status: 200 len: 189 time: 0.0235124
2026-07-21 22:09:04.416 9 INFO neutron.wsgi [None req-23a4841a-1c35-4827-a948-10ea509b535c a179550bd99a4fd6af3a5e6f28150aeb 9e55c4fc1fa7418d8af6eabbdbfc05de - - default default] 10.0.0.119 "GET /v2.0/agents?binary=ovn-controller HTTP/1.1" status: 200 len: 591 time: 0.0086324
2026-07-21 22:09:04.428 9 INFO neutron.wsgi [None req-951300e4-43da-4405-9721-ac17790b34bf a179550bd99a4fd6af3a5e6f28150aeb 9e55c4fc1fa7418d8af6eabbdbfc05de - - default default] 10.0.0.119 "GET /v2.0/network-ip-availabilities HTTP/1.1" status: 200 len: 1280 time: 0.0110464
2026-07-21 22:09:10.543 9 INFO neutron.wsgi [-] 10.0.0.133 "GET / HTTP/1.1" status: 200 len: 246 time: 0.0016363
2026-07-21 22:09:10.545 10 INFO neutron.wsgi [-] 10.0.0.133 "GET / HTTP/1.1" status: 200 len: 246 time: 0.0024593
2026-07-21 22:09:21.609 9 INFO neutron.wsgi [None req-7c4eaa7e-92e3-4ca4-b9dd-51adf19c0f6c a179550bd99a4fd6af3a5e6f28150aeb 9e55c4fc1fa7418d8af6eabbdbfc05de - - default default] 199.19.213.130,10.0.0.133 "GET /v2.0/networks HTTP/1.1" status: 200 len: 2350 time: 0.0975671
2026-07-21 22:09:25.543 9 INFO neutron.wsgi [-] 10.0.0.133 "GET / HTTP/1.1" status: 200 len: 246 time: 0.0013223
2026-07-21 22:09:25.545 10 INFO neutron.wsgi [-] 10.0.0.133 "GET / HTTP/1.1" status: 200 len: 246 time: 0.0026109
2026-07-21 22:09:40.544 9 INFO neutron.wsgi [-] 10.0.0.133 "GET / HTTP/1.1" status: 200 len: 246 time: 0.0025494
2026-07-21 22:09:40.545 10 INFO neutron.wsgi [-] 10.0.0.133 "GET / HTTP/1.1" status: 200 len: 246 time: 0.0035477
2026-07-21 22:09:55.544 10 INFO neutron.wsgi [-] 10.0.0.133 "GET / HTTP/1.1" status: 200 len: 246 time: 0.0016801
2026-07-21 22:09:55.546 9 INFO neutron.wsgi [-] 10.0.0.133 "GET / HTTP/1.1" status: 200 len: 246 time: 0.0035956 /var/lib/openstack/lib/python3.10/site-packages/pycadf/identifier.py:71: UserWarning: Invalid uuid: neutron. To ensure interoperability, identifiers should be a valid uuid. warnings.warn(('Invalid uuid: %s. To ensure interoperability, '
2026-07-21 22:10:00.957 10 INFO neutron.wsgi [None req-ea3fa042-bc2c-435e-b60c-daccf6dac104 a179550bd99a4fd6af3a5e6f28150aeb 9e55c4fc1fa7418d8af6eabbdbfc05de - - default default] 10.0.0.116 "GET /v2.0/networks HTTP/1.1" status: 200 len: 2369 time: 0.2502377
2026-07-21 22:10:02.171 9 INFO neutron.wsgi [None req-633b342b-3d50-4866-8294-ef89dbd02009 a179550bd99a4fd6af3a5e6f28150aeb 9e55c4fc1fa7418d8af6eabbdbfc05de - - default default] 10.0.0.116 "GET /v2.0/floatingips HTTP/1.1" status: 200 len: 212 time: 0.0291944
2026-07-21 22:10:02.299 10 INFO neutron.wsgi [None req-9cfb5e05-880c-4317-8a53-bf3029baaa5b a179550bd99a4fd6af3a5e6f28150aeb 9e55c4fc1fa7418d8af6eabbdbfc05de - - default default] 10.0.0.116 "GET /v2.0/routers HTTP/1.1" status: 200 len: 208 time: 0.1220431
2026-07-21 22:10:02.343 9 INFO neutron.wsgi [None req-3177c5ee-43fe-4d57-baa0-776163310b70 a179550bd99a4fd6af3a5e6f28150aeb 9e55c4fc1fa7418d8af6eabbdbfc05de - - default default] 10.0.0.116 "GET /v2.0/ports HTTP/1.1" status: 200 len: 5274 time: 0.0388951
2026-07-21 22:10:02.416 10 INFO neutron.wsgi [None req-16e8980b-f3e6-4d85-831b-1e3352d14454 a179550bd99a4fd6af3a5e6f28150aeb 9e55c4fc1fa7418d8af6eabbdbfc05de - - default default] 10.0.0.116 "GET /v2.0/subnets HTTP/1.1" status: 200 len: 1456 time: 0.0680404
2026-07-21 22:10:02.490 10 INFO neutron.wsgi [None req-bdc7c20d-4883-45db-83d9-6bceee8aab91 a179550bd99a4fd6af3a5e6f28150aeb 9e55c4fc1fa7418d8af6eabbdbfc05de - - default default] 10.0.0.116 "GET /v2.0/networks HTTP/1.1" status: 200 len: 2369 time: 0.0682149
2026-07-21 22:10:02.560 10 INFO neutron.wsgi [None req-4a30cb9c-2ac2-42d3-a8b0-fbee7b32dca0 a179550bd99a4fd6af3a5e6f28150aeb 9e55c4fc1fa7418d8af6eabbdbfc05de - - default default] 10.0.0.116 "GET /v2.0/security-groups HTTP/1.1" status: 200 len: 16822 time: 0.0600798
2026-07-21 22:10:02.581 9 INFO neutron.wsgi [None req-01747137-db0d-4d2f-b39e-91f0ee23ac6b a179550bd99a4fd6af3a5e6f28150aeb 9e55c4fc1fa7418d8af6eabbdbfc05de - - default default] 10.0.0.116 "GET /v2.0/subnetpools HTTP/1.1" status: 200 len: 212 time: 0.0166335
2026-07-21 22:10:04.142 9 INFO neutron.wsgi [None req-f2eb9391-ce92-4344-bea4-b727a2c12edf a179550bd99a4fd6af3a5e6f28150aeb 9e55c4fc1fa7418d8af6eabbdbfc05de - - default default] 10.0.0.119 "GET /v2.0/network-ip-availabilities HTTP/1.1" status: 200 len: 1280 time: 0.1064737
2026-07-21 22:10:04.178 9 INFO neutron.wsgi [None req-0bdd4606-34fe-4594-9bd0-c5542276f0fb a179550bd99a4fd6af3a5e6f28150aeb 9e55c4fc1fa7418d8af6eabbdbfc05de - - default default] 10.0.0.119 "GET /v2.0/subnets HTTP/1.1" status: 200 len: 1437 time: 0.0351422
2026-07-21 22:10:04.206 9 INFO neutron.wsgi [None req-b4abce47-a556-47f3-bc09-80acef30c6ec a179550bd99a4fd6af3a5e6f28150aeb 9e55c4fc1fa7418d8af6eabbdbfc05de - - default default] 10.0.0.119 "GET /v2.0/subnets HTTP/1.1" status: 200 len: 1437 time: 0.0262165
2026-07-21 22:10:04.217 9 INFO neutron.wsgi [None req-7df718ab-b5ec-4986-837d-fb177d3c952f a179550bd99a4fd6af3a5e6f28150aeb 9e55c4fc1fa7418d8af6eabbdbfc05de - - default default] 10.0.0.119 "GET /v2.0/subnetpools HTTP/1.1" status: 200 len: 193 time: 0.0091932
2026-07-21 22:10:04.272 9 INFO neutron.wsgi [None req-f48c0ec9-0d55-4290-acbe-ab5cb14079f8 a179550bd99a4fd6af3a5e6f28150aeb 9e55c4fc1fa7418d8af6eabbdbfc05de - - default default] 10.0.0.119 "GET /v2.0/security-groups HTTP/1.1" status: 200 len: 16803 time: 0.0548830
2026-07-21 22:10:04.314 9 INFO neutron.wsgi [None req-9bc4dcdd-78b7-4701-a575-2eef06d87bf0 a179550bd99a4fd6af3a5e6f28150aeb 9e55c4fc1fa7418d8af6eabbdbfc05de - - default default] 10.0.0.119 "GET /v2.0/ports HTTP/1.1" status: 200 len: 5255 time: 0.0322411
2026-07-21 22:10:04.349 9 INFO neutron.wsgi [None req-1d9355c6-a0c1-498c-8523-0f0cace92b14 a179550bd99a4fd6af3a5e6f28150aeb 9e55c4fc1fa7418d8af6eabbdbfc05de - - default default] 10.0.0.119 "GET /v2.0/agents HTTP/1.1" status: 200 len: 997 time: 0.0331218
2026-07-21 22:10:04.424 9 INFO neutron.wsgi [None req-f8018aa7-e5cc-4f8a-a219-7a9679c1ab33 a179550bd99a4fd6af3a5e6f28150aeb 9e55c4fc1fa7418d8af6eabbdbfc05de - - default default] 10.0.0.119 "GET /v2.0/networks HTTP/1.1" status: 200 len: 2350 time: 0.0740848
2026-07-21 22:10:04.449 9 INFO neutron.wsgi [None req-8106cda2-3866-44f3-b374-98f9cb630ad1 a179550bd99a4fd6af3a5e6f28150aeb 9e55c4fc1fa7418d8af6eabbdbfc05de - - default default] 10.0.0.119 "GET /v2.0/routers HTTP/1.1" status: 200 len: 189 time: 0.0229774
2026-07-21 22:10:04.458 9 INFO neutron.wsgi [None req-df4774b4-9614-40b9-852b-3307a9b9dd5e a179550bd99a4fd6af3a5e6f28150aeb 9e55c4fc1fa7418d8af6eabbdbfc05de - - default default] 10.0.0.119 "GET /v2.0/agents?binary=ovn-controller HTTP/1.1" status: 200 len: 591 time: 0.0087898
2026-07-21 22:10:04.476 9 INFO neutron.wsgi [None req-39b89f77-458c-49de-ab1d-6110ae651302 a179550bd99a4fd6af3a5e6f28150aeb 9e55c4fc1fa7418d8af6eabbdbfc05de - - default default] 10.0.0.119 "GET /v2.0/floatingips HTTP/1.1" status: 200 len: 193 time: 0.0168474
2026-07-21 22:10:10.544 10 INFO neutron.wsgi [-] 10.0.0.133 "GET / HTTP/1.1" status: 200 len: 246 time: 0.0018961
2026-07-21 22:10:10.546 9 INFO neutron.wsgi [-] 10.0.0.133 "GET / HTTP/1.1" status: 200 len: 246 time: 0.0027227
2026-07-21 22:10:13.682 9 INFO neutron.db.ovn_revision_numbers_db [None req-41136ab4-9939-4563-a223-c87c040a53cf a179550bd99a4fd6af3a5e6f28150aeb 9e55c4fc1fa7418d8af6eabbdbfc05de - - - -] Successfully bumped revision number for resource 5f58318f-1011-45f6-9c0f-a230ccbaa0f9 (type: security_groups) to 1
2026-07-21 22:10:13.730 9 INFO neutron.db.segments_db [None req-41136ab4-9939-4563-a223-c87c040a53cf a179550bd99a4fd6af3a5e6f28150aeb 9e55c4fc1fa7418d8af6eabbdbfc05de - - - -] Added segment 7050a054-54e0-433c-beaf-7f03e8d9c7c5 of type geneve for network e6905f30-0c79-4a2d-9bd0-705454001607
2026-07-21 22:10:13.880 9 INFO neutron.db.ovn_revision_numbers_db [None req-41136ab4-9939-4563-a223-c87c040a53cf a179550bd99a4fd6af3a5e6f28150aeb 9e55c4fc1fa7418d8af6eabbdbfc05de - - - -] Successfully bumped revision number for resource e6905f30-0c79-4a2d-9bd0-705454001607 (type: networks) to 1
2026-07-21 22:10:14.054 9 WARNING neutron.scheduler.dhcp_agent_scheduler [None req-41136ab4-9939-4563-a223-c87c040a53cf a179550bd99a4fd6af3a5e6f28150aeb 9e55c4fc1fa7418d8af6eabbdbfc05de - - - -] No more DHCP agents
2026-07-21 22:10:14.056 9 WARNING neutron.api.rpc.agentnotifiers.dhcp_rpc_agent_api [None req-41136ab4-9939-4563-a223-c87c040a53cf a179550bd99a4fd6af3a5e6f28150aeb 9e55c4fc1fa7418d8af6eabbdbfc05de - - - -] Unable to schedule network e6905f30-0c79-4a2d-9bd0-705454001607: no agents available; will retry on subsequent port and subnet creation events.
2026-07-21 22:10:14.130 9 INFO neutron.db.ovn_revision_numbers_db [None req-41136ab4-9939-4563-a223-c87c040a53cf a179550bd99a4fd6af3a5e6f28150aeb 9e55c4fc1fa7418d8af6eabbdbfc05de - - - -] Successfully bumped revision number for resource d3e90aed-1a87-4d2e-857d-06ddbaece77f (type: ports) to 1
2026-07-21 22:10:14.158 9 INFO neutron.wsgi [None req-41136ab4-9939-4563-a223-c87c040a53cf a179550bd99a4fd6af3a5e6f28150aeb 9e55c4fc1fa7418d8af6eabbdbfc05de - - - -] 10.0.0.116 "POST /v2.0/networks HTTP/1.1" status: 201 len: 950 time: 0.6598773
2026-07-21 22:10:14.337 9 WARNING neutron.scheduler.dhcp_agent_scheduler [None req-652f2e56-dbca-4075-9b38-c12110a3d409 a179550bd99a4fd6af3a5e6f28150aeb 9e55c4fc1fa7418d8af6eabbdbfc05de - - - -] No more DHCP agents
2026-07-21 22:10:14.339 9 WARNING neutron.api.rpc.agentnotifiers.dhcp_rpc_agent_api [None req-652f2e56-dbca-4075-9b38-c12110a3d409 a179550bd99a4fd6af3a5e6f28150aeb 9e55c4fc1fa7418d8af6eabbdbfc05de - - - -] Unable to schedule network e6905f30-0c79-4a2d-9bd0-705454001607: no agents available; will retry on subsequent port and subnet creation events.
2026-07-21 22:10:14.539 9 INFO neutron.db.ovn_revision_numbers_db [None req-bf0581bd-6517-4757-ba78-61b1e7c6b81f a179550bd99a4fd6af3a5e6f28150aeb 9e55c4fc1fa7418d8af6eabbdbfc05de - - default default] Successfully bumped revision number for resource d8010510-b1a5-40d8-9fbf-de2e76071c0c (type: security_groups) to 1
2026-07-21 22:10:14.564 9 INFO neutron.wsgi [None req-bf0581bd-6517-4757-ba78-61b1e7c6b81f a179550bd99a4fd6af3a5e6f28150aeb 9e55c4fc1fa7418d8af6eabbdbfc05de - - default default] 10.0.0.116 "GET /v2.0/security-groups?tenant_id=a0e2cc783aa842c585bde5bc4342b57f&name=default HTTP/1.1" status: 200 len: 2992 time: 0.3748550
2026-07-21 22:10:14.791 10 INFO neutron.db.ovn_revision_numbers_db [None req-dc3e047b-e409-4e45-8f1d-a058fa277f08 a179550bd99a4fd6af3a5e6f28150aeb 9e55c4fc1fa7418d8af6eabbdbfc05de - - default default] Successfully bumped revision number for resource 853efbcb-76b0-408d-afe5-1d0b31fde1fc (type: security_groups) to 1
2026-07-21 22:10:14.821 10 INFO neutron.wsgi [None req-dc3e047b-e409-4e45-8f1d-a058fa277f08 a179550bd99a4fd6af3a5e6f28150aeb 9e55c4fc1fa7418d8af6eabbdbfc05de - - default default] 10.0.0.116 "GET /v2.0/security-groups?tenant_id=e2a4f784e2bb4317a7faa0a632f65f36&name=default HTTP/1.1" status: 200 len: 2992 time: 0.2306070
2026-07-21 22:10:14.908 9 INFO neutron.wsgi [None req-1b4b4872-c2b4-41bf-b32e-721faaa0c76a a179550bd99a4fd6af3a5e6f28150aeb 9e55c4fc1fa7418d8af6eabbdbfc05de - - - -] 10.0.0.116 "DELETE /v2.0/security-groups/d8010510-b1a5-40d8-9fbf-de2e76071c0c HTTP/1.1" status: 204 len: 168 time: 0.3374972
2026-07-21 22:10:14.927 9 INFO neutron.db.ovn_revision_numbers_db [None req-652f2e56-dbca-4075-9b38-c12110a3d409 a179550bd99a4fd6af3a5e6f28150aeb 9e55c4fc1fa7418d8af6eabbdbfc05de - - - -] Successfully bumped revision number for resource d3e90aed-1a87-4d2e-857d-06ddbaece77f (type: ports) to 2
2026-07-21 22:10:14.943 9 INFO neutron.db.ovn_revision_numbers_db [None req-652f2e56-dbca-4075-9b38-c12110a3d409 a179550bd99a4fd6af3a5e6f28150aeb 9e55c4fc1fa7418d8af6eabbdbfc05de - - - -] Successfully bumped revision number for resource d3f504d2-8a6a-4bec-ab99-d63473c30bba (type: subnets) to 0
2026-07-21 22:10:14.958 9 INFO neutron.wsgi [None req-652f2e56-dbca-4075-9b38-c12110a3d409 a179550bd99a4fd6af3a5e6f28150aeb 9e55c4fc1fa7418d8af6eabbdbfc05de - - - -] 10.0.0.116 "POST /v2.0/subnets HTTP/1.1" status: 201 len: 870 time: 0.7944996
2026-07-21 22:10:15.074 10 INFO neutron.wsgi [None req-3863ffef-7bf6-4d0e-9d59-db418634772f a179550bd99a4fd6af3a5e6f28150aeb 9e55c4fc1fa7418d8af6eabbdbfc05de - - - -] 10.0.0.116 "DELETE /v2.0/security-groups/853efbcb-76b0-408d-afe5-1d0b31fde1fc HTTP/1.1" status: 204 len: 168 time: 0.2468286
2026-07-21 22:10:15.525 9 WARNING neutron.scheduler.dhcp_agent_scheduler [None req-1a58e9a6-45f8-42f3-ab9f-a5d84ec43ac3 a179550bd99a4fd6af3a5e6f28150aeb 9e55c4fc1fa7418d8af6eabbdbfc05de - - - -] No more DHCP agents
2026-07-21 22:10:15.528 9 WARNING neutron.api.rpc.agentnotifiers.dhcp_rpc_agent_api [None req-1a58e9a6-45f8-42f3-ab9f-a5d84ec43ac3 a179550bd99a4fd6af3a5e6f28150aeb 9e55c4fc1fa7418d8af6eabbdbfc05de - - - -] Unable to schedule network 526b6b94-2985-444b-8360-bdb71d9ad5a1: no agents available; will retry on subsequent port and subnet creation events.
2026-07-21 22:10:15.644 9 INFO neutron.db.ovn_revision_numbers_db [None req-1a58e9a6-45f8-42f3-ab9f-a5d84ec43ac3 a179550bd99a4fd6af3a5e6f28150aeb 9e55c4fc1fa7418d8af6eabbdbfc05de - - - -] Successfully bumped revision number for resource 73aae5ac-c88c-44ec-9880-fb3ee46b62c0 (type: ports) to 1
2026-07-21 22:10:15.912 9 INFO neutron.plugins.ml2.drivers.ovn.mech_driver.ovsdb.extensions.qos [None req-1a58e9a6-45f8-42f3-ab9f-a5d84ec43ac3 a179550bd99a4fd6af3a5e6f28150aeb 9e55c4fc1fa7418d8af6eabbdbfc05de - - - -] Starting OVNClientQosExtension
2026-07-21 22:10:16.239 10 INFO neutron.plugins.ml2.drivers.ovn.mech_driver.mech_driver [None req-58c51a0d-b544-4932-b343-a9faa2598fbf - - - - - -] OVN reports status up for port: 73aae5ac-c88c-44ec-9880-fb3ee46b62c0
2026-07-21 22:10:16.257 9 INFO neutron.db.ovn_revision_numbers_db [None req-1a58e9a6-45f8-42f3-ab9f-a5d84ec43ac3 a179550bd99a4fd6af3a5e6f28150aeb 9e55c4fc1fa7418d8af6eabbdbfc05de - - - -] Successfully bumped revision number for resource 73aae5ac-c88c-44ec-9880-fb3ee46b62c0 (type: router_ports) to 1
2026-07-21 22:10:16.261 9 INFO neutron.plugins.ml2.drivers.ovn.mech_driver.ovsdb.ovsdb_monitor [-] Router 9ae4b7f8-9180-4021-b145-80965e005f27 is bound to host instance
2026-07-21 22:10:16.264 10 INFO neutron.plugins.ml2.plugin [None req-58c51a0d-b544-4932-b343-a9faa2598fbf - - - - - -] Attempt 1 to provision port 73aae5ac-c88c-44ec-9880-fb3ee46b62c0
2026-07-21 22:10:16.361 9 INFO neutron.db.ovn_revision_numbers_db [None req-1a58e9a6-45f8-42f3-ab9f-a5d84ec43ac3 a179550bd99a4fd6af3a5e6f28150aeb 9e55c4fc1fa7418d8af6eabbdbfc05de - - - -] Successfully bumped revision number for resource 9ae4b7f8-9180-4021-b145-80965e005f27 (type: routers) to 3
2026-07-21 22:10:16.401 9 INFO neutron.wsgi [None req-1a58e9a6-45f8-42f3-ab9f-a5d84ec43ac3 a179550bd99a4fd6af3a5e6f28150aeb 9e55c4fc1fa7418d8af6eabbdbfc05de - - - -] 10.0.0.116 "POST /v2.0/routers HTTP/1.1" status: 201 len: 881 time: 1.4372973
2026-07-21 22:10:16.854 10 WARNING neutron.scheduler.dhcp_agent_scheduler [None req-dde4c20b-0e95-4a19-b916-15231e994266 a179550bd99a4fd6af3a5e6f28150aeb 9e55c4fc1fa7418d8af6eabbdbfc05de - - default default] No more DHCP agents
2026-07-21 22:10:16.856 10 WARNING neutron.api.rpc.agentnotifiers.dhcp_rpc_agent_api [None req-dde4c20b-0e95-4a19-b916-15231e994266 a179550bd99a4fd6af3a5e6f28150aeb 9e55c4fc1fa7418d8af6eabbdbfc05de - - default default] Unable to schedule network e6905f30-0c79-4a2d-9bd0-705454001607: no agents available; will retry on subsequent port and subnet creation events.
2026-07-21 22:10:16.978 9 INFO neutron.db.ovn_revision_numbers_db [None req-ef22b0fb-5d3e-403b-aec2-8cbf41a336ee - - - - - -] Successfully bumped revision number for resource 73aae5ac-c88c-44ec-9880-fb3ee46b62c0 (type: ports) to 1
2026-07-21 22:10:16.999 10 INFO neutron.db.ovn_revision_numbers_db [None req-dde4c20b-0e95-4a19-b916-15231e994266 a179550bd99a4fd6af3a5e6f28150aeb 9e55c4fc1fa7418d8af6eabbdbfc05de - - default default] Successfully bumped revision number for resource 9c190a7f-e2ff-484a-a14c-15f06a4b4ef7 (type: ports) to 1
2026-07-21 22:10:17.024 9 INFO neutron.db.ovn_revision_numbers_db [None req-1466b9ab-8069-412a-b0f4-637c0cca895d a179550bd99a4fd6af3a5e6f28150aeb 9e55c4fc1fa7418d8af6eabbdbfc05de - - - -] Successfully bumped revision number for resource d83ac784-e585-4d9c-99f7-28c00ccea2c2 (type: security_groups) to 1
2026-07-21 22:10:17.086 9 INFO neutron.db.segments_db [None req-1466b9ab-8069-412a-b0f4-637c0cca895d a179550bd99a4fd6af3a5e6f28150aeb 9e55c4fc1fa7418d8af6eabbdbfc05de - - - -] Added segment 08edb443-0523-4e74-9f23-de16af742fa9 of type geneve for network 40c782f4-5e33-478c-9640-2a3d9b296ab2
2026-07-21 22:10:17.265 9 INFO neutron.db.ovn_revision_numbers_db [None req-1466b9ab-8069-412a-b0f4-637c0cca895d a179550bd99a4fd6af3a5e6f28150aeb 9e55c4fc1fa7418d8af6eabbdbfc05de - - - -] Successfully bumped revision number for resource 40c782f4-5e33-478c-9640-2a3d9b296ab2 (type: networks) to 1
2026-07-21 22:10:17.346 9 INFO neutron.db.ovn_revision_numbers_db [None req-ef22b0fb-5d3e-403b-aec2-8cbf41a336ee - - - - - -] Successfully bumped revision number for resource 73aae5ac-c88c-44ec-9880-fb3ee46b62c0 (type: router_ports) to 3
2026-07-21 22:10:17.447 10 INFO neutron.plugins.ml2.drivers.ovn.mech_driver.ovsdb.extensions.qos [None req-dde4c20b-0e95-4a19-b916-15231e994266 a179550bd99a4fd6af3a5e6f28150aeb 9e55c4fc1fa7418d8af6eabbdbfc05de - - default default] Starting OVNClientQosExtension
2026-07-21 22:10:17.487 9 WARNING neutron.scheduler.dhcp_agent_scheduler [None req-1466b9ab-8069-412a-b0f4-637c0cca895d a179550bd99a4fd6af3a5e6f28150aeb 9e55c4fc1fa7418d8af6eabbdbfc05de - - - -] No more DHCP agents
2026-07-21 22:10:17.490 9 WARNING neutron.api.rpc.agentnotifiers.dhcp_rpc_agent_api [None req-1466b9ab-8069-412a-b0f4-637c0cca895d a179550bd99a4fd6af3a5e6f28150aeb 9e55c4fc1fa7418d8af6eabbdbfc05de - - - -] Unable to schedule network 40c782f4-5e33-478c-9640-2a3d9b296ab2: no agents available; will retry on subsequent port and subnet creation events.
2026-07-21 22:10:17.499 9 INFO neutron.db.ovn_revision_numbers_db [None req-ef22b0fb-5d3e-403b-aec2-8cbf41a336ee - - - - - -] Successfully bumped revision number for resource 73aae5ac-c88c-44ec-9880-fb3ee46b62c0 (type: ports) to 2
2026-07-21 22:10:17.546 10 INFO neutron.db.ovn_revision_numbers_db [None req-dde4c20b-0e95-4a19-b916-15231e994266 a179550bd99a4fd6af3a5e6f28150aeb 9e55c4fc1fa7418d8af6eabbdbfc05de - - default default] Successfully bumped revision number for resource 9c190a7f-e2ff-484a-a14c-15f06a4b4ef7 (type: router_ports) to 2
2026-07-21 22:10:17.625 9 INFO neutron.plugins.ml2.drivers.ovn.mech_driver.mech_driver [-] OVN reports status up for port: 9c190a7f-e2ff-484a-a14c-15f06a4b4ef7
2026-07-21 22:10:17.654 9 INFO neutron.plugins.ml2.plugin [None req-4cf41096-bd17-4445-8bb0-dfb4722b3ce6 - - - - - -] Attempt 1 to provision port 9c190a7f-e2ff-484a-a14c-15f06a4b4ef7
2026-07-21 22:10:17.655 10 INFO neutron.db.ovn_revision_numbers_db [None req-dde4c20b-0e95-4a19-b916-15231e994266 a179550bd99a4fd6af3a5e6f28150aeb 9e55c4fc1fa7418d8af6eabbdbfc05de - - default default] Successfully bumped revision number for resource 9c190a7f-e2ff-484a-a14c-15f06a4b4ef7 (type: ports) to 2
2026-07-21 22:10:17.687 9 INFO neutron.db.ovn_revision_numbers_db [None req-1466b9ab-8069-412a-b0f4-637c0cca895d a179550bd99a4fd6af3a5e6f28150aeb 9e55c4fc1fa7418d8af6eabbdbfc05de - - - -] Successfully bumped revision number for resource fe0e84fc-8c70-466f-b1a9-8c2ad226228f (type: ports) to 1
2026-07-21 22:10:17.720 10 WARNING neutron.scheduler.dhcp_agent_scheduler [None req-dde4c20b-0e95-4a19-b916-15231e994266 a179550bd99a4fd6af3a5e6f28150aeb 9e55c4fc1fa7418d8af6eabbdbfc05de - - default default] No more DHCP agents
2026-07-21 22:10:17.721 10 WARNING neutron.api.rpc.agentnotifiers.dhcp_rpc_agent_api [None req-dde4c20b-0e95-4a19-b916-15231e994266 a179550bd99a4fd6af3a5e6f28150aeb 9e55c4fc1fa7418d8af6eabbdbfc05de - - default default] Unable to schedule network e6905f30-0c79-4a2d-9bd0-705454001607: no agents available; will retry on subsequent port and subnet creation events.
2026-07-21 22:10:17.746 9 INFO neutron.wsgi [None req-1466b9ab-8069-412a-b0f4-637c0cca895d a179550bd99a4fd6af3a5e6f28150aeb 9e55c4fc1fa7418d8af6eabbdbfc05de - - - -] 10.0.0.116 "POST /v2.0/networks HTTP/1.1" status: 201 len: 946 time: 1.0048132
2026-07-21 22:10:17.986 9 INFO neutron.db.ovn_revision_numbers_db [None req-ef22b0fb-5d3e-403b-aec2-8cbf41a336ee - - - - - -] Successfully bumped revision number for resource 73aae5ac-c88c-44ec-9880-fb3ee46b62c0 (type: ports) to 4
2026-07-21 22:10:18.034 9 WARNING neutron.scheduler.dhcp_agent_scheduler [None req-1aa1717e-c464-44e3-95a8-a40f1a3421f5 a179550bd99a4fd6af3a5e6f28150aeb 9e55c4fc1fa7418d8af6eabbdbfc05de - - - -] No more DHCP agents
2026-07-21 22:10:18.044 9 WARNING neutron.api.rpc.agentnotifiers.dhcp_rpc_agent_api [None req-1aa1717e-c464-44e3-95a8-a40f1a3421f5 a179550bd99a4fd6af3a5e6f28150aeb 9e55c4fc1fa7418d8af6eabbdbfc05de - - - -] Unable to schedule network 40c782f4-5e33-478c-9640-2a3d9b296ab2: no agents available; will retry on subsequent port and subnet creation events.
2026-07-21 22:10:18.047 9 INFO neutron.db.ovn_revision_numbers_db [None req-4cf41096-bd17-4445-8bb0-dfb4722b3ce6 - - - - - -] Successfully bumped revision number for resource 9c190a7f-e2ff-484a-a14c-15f06a4b4ef7 (type: ports) to 3
2026-07-21 22:10:18.172 10 INFO neutron.db.ovn_revision_numbers_db [None req-dde4c20b-0e95-4a19-b916-15231e994266 a179550bd99a4fd6af3a5e6f28150aeb 9e55c4fc1fa7418d8af6eabbdbfc05de - - - -] Successfully bumped revision number for resource 9c190a7f-e2ff-484a-a14c-15f06a4b4ef7 (type: router_ports) to 2
2026-07-21 22:10:18.175 10 INFO neutron.wsgi [None req-dde4c20b-0e95-4a19-b916-15231e994266 a179550bd99a4fd6af3a5e6f28150aeb 9e55c4fc1fa7418d8af6eabbdbfc05de - - - -] 10.0.0.116 "PUT /v2.0/routers/9ae4b7f8-9180-4021-b145-80965e005f27/add_router_interface HTTP/1.1" status: 200 len: 503 time: 1.7666147
2026-07-21 22:10:18.274 9 INFO neutron.db.ovn_revision_numbers_db [None req-4cf41096-bd17-4445-8bb0-dfb4722b3ce6 - - - - - -] Successfully bumped revision number for resource 9c190a7f-e2ff-484a-a14c-15f06a4b4ef7 (type: router_ports) to 3
2026-07-21 22:10:18.507 9 INFO neutron.db.ovn_revision_numbers_db [None req-ef22b0fb-5d3e-403b-aec2-8cbf41a336ee - - - - - -] Successfully bumped revision number for resource 73aae5ac-c88c-44ec-9880-fb3ee46b62c0 (type: router_ports) to 4
2026-07-21 22:10:18.673 10 INFO neutron.db.ovn_revision_numbers_db [None req-65285d7f-8328-4c79-aeaa-34c96b6fab7a a179550bd99a4fd6af3a5e6f28150aeb 9e55c4fc1fa7418d8af6eabbdbfc05de - - default default] Successfully bumped revision number for resource 90b848e8-e9ec-46be-a253-1ec43e76ed4e (type: security_groups) to 1
2026-07-21 22:10:18.696 10 INFO neutron.wsgi [None req-65285d7f-8328-4c79-aeaa-34c96b6fab7a a179550bd99a4fd6af3a5e6f28150aeb 9e55c4fc1fa7418d8af6eabbdbfc05de - - default default] 10.0.0.116 "GET /v2.0/security-groups?tenant_id=ce568a40f90e4672844165846a3c6503&name=default HTTP/1.1" status: 200 len: 2992 time: 0.4590685
2026-07-21 22:10:18.730 9 INFO neutron.db.ovn_revision_numbers_db [None req-1aa1717e-c464-44e3-95a8-a40f1a3421f5 a179550bd99a4fd6af3a5e6f28150aeb 9e55c4fc1fa7418d8af6eabbdbfc05de - - - -] Successfully bumped revision number for resource fe0e84fc-8c70-466f-b1a9-8c2ad226228f (type: ports) to 2
2026-07-21 22:10:18.741 9 INFO neutron.db.ovn_revision_numbers_db [None req-1aa1717e-c464-44e3-95a8-a40f1a3421f5 a179550bd99a4fd6af3a5e6f28150aeb 9e55c4fc1fa7418d8af6eabbdbfc05de - - - -] Successfully bumped revision number for resource 179c0c22-3cb4-4562-b53e-c280d460a749 (type: subnets) to 0
2026-07-21 22:10:18.753 9 INFO neutron.wsgi [None req-1aa1717e-c464-44e3-95a8-a40f1a3421f5 a179550bd99a4fd6af3a5e6f28150aeb 9e55c4fc1fa7418d8af6eabbdbfc05de - - - -] 10.0.0.116 "POST /v2.0/subnets HTTP/1.1" status: 201 len: 867 time: 0.9910431
2026-07-21 22:10:18.907 10 INFO neutron.wsgi [None req-4ef39c25-ca1b-46d0-a064-efcc82b69ad1 a179550bd99a4fd6af3a5e6f28150aeb 9e55c4fc1fa7418d8af6eabbdbfc05de - - - -] 10.0.0.116 "DELETE /v2.0/security-groups/90b848e8-e9ec-46be-a253-1ec43e76ed4e HTTP/1.1" status: 204 len: 168 time: 0.2052264
2026-07-21 22:10:19.151 10 INFO neutron.db.ovn_revision_numbers_db [None req-ae1d1a69-a010-40a2-b376-2e08ffe4da3f a179550bd99a4fd6af3a5e6f28150aeb 9e55c4fc1fa7418d8af6eabbdbfc05de - - default default] Successfully bumped revision number for resource cf2f70db-23df-44ac-9b3b-4c0179f94b67 (type: security_groups) to 1
2026-07-21 22:10:19.171 10 INFO neutron.wsgi [None req-ae1d1a69-a010-40a2-b376-2e08ffe4da3f a179550bd99a4fd6af3a5e6f28150aeb 9e55c4fc1fa7418d8af6eabbdbfc05de - - default default] 10.0.0.116 "GET /v2.0/security-groups?tenant_id=470d1579e12140d3846a7e7a194a214d&name=default HTTP/1.1" status: 200 len: 2992 time: 0.1050217
2026-07-21 22:10:19.275 9 WARNING neutron.scheduler.dhcp_agent_scheduler [None req-8f867d66-3a3c-4017-b288-10aab6a209c2 a179550bd99a4fd6af3a5e6f28150aeb 9e55c4fc1fa7418d8af6eabbdbfc05de - - - -] No more DHCP agents
2026-07-21 22:10:19.279 9 WARNING neutron.api.rpc.agentnotifiers.dhcp_rpc_agent_api [None req-8f867d66-3a3c-4017-b288-10aab6a209c2 a179550bd99a4fd6af3a5e6f28150aeb 9e55c4fc1fa7418d8af6eabbdbfc05de - - - -] Unable to schedule network 526b6b94-2985-444b-8360-bdb71d9ad5a1: no agents available; will retry on subsequent port and subnet creation events.
2026-07-21 22:10:19.388 9 INFO neutron.db.ovn_revision_numbers_db [None req-8f867d66-3a3c-4017-b288-10aab6a209c2 a179550bd99a4fd6af3a5e6f28150aeb 9e55c4fc1fa7418d8af6eabbdbfc05de - - - -] Successfully bumped revision number for resource d15bf498-ea9a-4faa-aff4-ff0e9ba6f7a3 (type: ports) to 1
2026-07-21 22:10:19.417 10 INFO neutron.db.ovn_revision_numbers_db [None req-cf43ac2b-47f2-40b5-b0e1-be437ab48128 3c69342a41914391adac93118e2e913c b26ae56ec8544032a9f11ae5d90f0b98 - - - -] Successfully bumped revision number for resource 4de9f2f7-f363-4f09-a9ba-b64ba87b422e (type: security_groups) to 1
2026-07-21 22:10:19.439 10 INFO neutron.wsgi [None req-cf43ac2b-47f2-40b5-b0e1-be437ab48128 3c69342a41914391adac93118e2e913c b26ae56ec8544032a9f11ae5d90f0b98 - - - -] 10.0.0.62 "POST /v2.0/security-groups HTTP/1.1" status: 201 len: 1824 time: 0.3640783
2026-07-21 22:10:19.441 9 INFO neutron.wsgi [None req-64768635-4b6a-4c30-9034-3416610b4c03 a179550bd99a4fd6af3a5e6f28150aeb 9e55c4fc1fa7418d8af6eabbdbfc05de - - - -] 10.0.0.116 "DELETE /v2.0/security-groups/cf2f70db-23df-44ac-9b3b-4c0179f94b67 HTTP/1.1" status: 204 len: 168 time: 0.2647617
2026-07-21 22:10:20.070 9 INFO neutron.db.ovn_revision_numbers_db [None req-8f867d66-3a3c-4017-b288-10aab6a209c2 a179550bd99a4fd6af3a5e6f28150aeb 9e55c4fc1fa7418d8af6eabbdbfc05de - - - -] Successfully bumped revision number for resource d15bf498-ea9a-4faa-aff4-ff0e9ba6f7a3 (type: router_ports) to 1
2026-07-21 22:10:20.073 10 INFO neutron.plugins.ml2.drivers.ovn.mech_driver.ovsdb.ovsdb_monitor [-] Router e3aeb6ce-36ad-4fc5-9755-ba0bd9cfce36 is bound to host instance
2026-07-21 22:10:20.130 9 INFO neutron.db.ovn_revision_numbers_db [None req-8f867d66-3a3c-4017-b288-10aab6a209c2 a179550bd99a4fd6af3a5e6f28150aeb 9e55c4fc1fa7418d8af6eabbdbfc05de - - - -] Successfully bumped revision number for resource e3aeb6ce-36ad-4fc5-9755-ba0bd9cfce36 (type: routers) to 3
2026-07-21 22:10:20.143 9 INFO neutron.wsgi [None req-8f867d66-3a3c-4017-b288-10aab6a209c2 a179550bd99a4fd6af3a5e6f28150aeb 9e55c4fc1fa7418d8af6eabbdbfc05de - - - -] 10.0.0.116 "POST /v2.0/routers HTTP/1.1" status: 201 len: 878 time: 1.3849223
2026-07-21 22:10:20.149 10 INFO neutron.wsgi [req-713ee732-7f5f-4bbd-be32-75f37e37649f req-b0e8bfad-4650-48c0-97c2-c45935623fe9 3c69342a41914391adac93118e2e913c b26ae56ec8544032a9f11ae5d90f0b98 - - default default] 10.0.0.62 "GET /v2.0/security-groups/4de9f2f7-f363-4f09-a9ba-b64ba87b422e HTTP/1.1" status: 200 len: 1819 time: 0.2927971
2026-07-21 22:10:20.320 10 INFO neutron.db.ovn_revision_numbers_db [None req-72e5885f-25c4-4cd8-810e-573fe74138fb 3c69342a41914391adac93118e2e913c b26ae56ec8544032a9f11ae5d90f0b98 - - - -] Successfully bumped revision number for resource b49b2609-55fe-4d7d-bf73-3946f59d074b (type: security_group_rules) to 0
2026-07-21 22:10:20.359 10 INFO neutron.wsgi [None req-72e5885f-25c4-4cd8-810e-573fe74138fb 3c69342a41914391adac93118e2e913c b26ae56ec8544032a9f11ae5d90f0b98 - - - -] 10.0.0.62 "POST /v2.0/security-group-rules HTTP/1.1" status: 201 len: 786 time: 0.1988750
2026-07-21 22:10:20.532 10 INFO neutron.db.ovn_revision_numbers_db [None req-86cf48f6-153a-4e62-b42a-60c39e26c5d6 3c69342a41914391adac93118e2e913c b26ae56ec8544032a9f11ae5d90f0b98 - - - -] Successfully bumped revision number for resource b8169ea6-520a-49dc-a2f1-337e1d58bc8a (type: security_groups) to 1
2026-07-21 22:10:20.552 10 INFO neutron.wsgi [None req-86cf48f6-153a-4e62-b42a-60c39e26c5d6 3c69342a41914391adac93118e2e913c b26ae56ec8544032a9f11ae5d90f0b98 - - - -] 10.0.0.62 "POST /v2.0/security-groups HTTP/1.1" status: 201 len: 1824 time: 0.1510036
2026-07-21 22:10:20.596 9 WARNING neutron.scheduler.dhcp_agent_scheduler [None req-ffb9c9d2-ef98-42e9-9506-a30f129f5977 a179550bd99a4fd6af3a5e6f28150aeb 9e55c4fc1fa7418d8af6eabbdbfc05de - - default default] No more DHCP agents
2026-07-21 22:10:20.600 9 WARNING neutron.api.rpc.agentnotifiers.dhcp_rpc_agent_api [None req-ffb9c9d2-ef98-42e9-9506-a30f129f5977 a179550bd99a4fd6af3a5e6f28150aeb 9e55c4fc1fa7418d8af6eabbdbfc05de - - default default] Unable to schedule network 40c782f4-5e33-478c-9640-2a3d9b296ab2: no agents available; will retry on subsequent port and subnet creation events.
2026-07-21 22:10:20.617 10 INFO neutron.wsgi [req-1c778648-6b3f-4f52-a536-261c8a7249f8 req-e8054a37-a76c-4450-860f-a18105161418 3c69342a41914391adac93118e2e913c b26ae56ec8544032a9f11ae5d90f0b98 - - default default] 10.0.0.62 "GET /v2.0/security-groups/b8169ea6-520a-49dc-a2f1-337e1d58bc8a HTTP/1.1" status: 200 len: 1819 time: 0.0365732
2026-07-21 22:10:20.621 10 INFO neutron.db.ovn_revision_numbers_db [None req-4ec855a2-f762-4aab-ba04-c986023c43f5 - - - - - -] Successfully bumped revision number for resource d15bf498-ea9a-4faa-aff4-ff0e9ba6f7a3 (type: ports) to 1
2026-07-21 22:10:20.707 9 INFO neutron.db.ovn_revision_numbers_db [None req-ffb9c9d2-ef98-42e9-9506-a30f129f5977 a179550bd99a4fd6af3a5e6f28150aeb 9e55c4fc1fa7418d8af6eabbdbfc05de - - default default] Successfully bumped revision number for resource 5629d118-0067-41c5-a76d-b620b3ee60b9 (type: ports) to 1
2026-07-21 22:10:20.787 10 INFO neutron.db.ovn_revision_numbers_db [None req-aa41001d-c414-40fc-8f24-bfbb82c8a372 3c69342a41914391adac93118e2e913c b26ae56ec8544032a9f11ae5d90f0b98 - - - -] Successfully bumped revision number for resource 34317537-45bb-465e-a972-5722f5287165 (type: security_group_rules) to 0
2026-07-21 22:10:20.843 10 INFO neutron.wsgi [None req-aa41001d-c414-40fc-8f24-bfbb82c8a372 3c69342a41914391adac93118e2e913c b26ae56ec8544032a9f11ae5d90f0b98 - - - -] 10.0.0.62 "POST /v2.0/security-group-rules HTTP/1.1" status: 201 len: 786 time: 0.2177436
2026-07-21 22:10:20.879 10 INFO neutron.db.ovn_revision_numbers_db [None req-4ec855a2-f762-4aab-ba04-c986023c43f5 - - - - - -] Successfully bumped revision number for resource d15bf498-ea9a-4faa-aff4-ff0e9ba6f7a3 (type: router_ports) to 3
2026-07-21 22:10:20.915 10 INFO neutron.wsgi [req-6de536b5-24c0-4774-906e-46f329529004 req-5a2e1cae-ddd0-46f3-9779-93477f2cde47 3c69342a41914391adac93118e2e913c b26ae56ec8544032a9f11ae5d90f0b98 - - default default] 10.0.0.62 "GET /v2.0/security-groups/b8169ea6-520a-49dc-a2f1-337e1d58bc8a HTTP/1.1" status: 200 len: 2411 time: 0.0452106
2026-07-21 22:10:20.993 10 INFO neutron.db.ovn_revision_numbers_db [None req-4ec855a2-f762-4aab-ba04-c986023c43f5 - - - - - -] Successfully bumped revision number for resource d15bf498-ea9a-4faa-aff4-ff0e9ba6f7a3 (type: ports) to 2
2026-07-21 22:10:21.052 10 INFO neutron.db.ovn_revision_numbers_db [None req-a7b01af3-28b6-45ed-8361-832e573db80d 3c69342a41914391adac93118e2e913c b26ae56ec8544032a9f11ae5d90f0b98 - - - -] Successfully bumped revision number for resource 0c3afc5f-d582-49cd-8b45-7d40fa4bfc99 (type: security_group_rules) to 0
2026-07-21 22:10:21.090 10 INFO neutron.wsgi [None req-a7b01af3-28b6-45ed-8361-832e573db80d 3c69342a41914391adac93118e2e913c b26ae56ec8544032a9f11ae5d90f0b98 - - - -] 10.0.0.62 "POST /v2.0/security-group-rules HTTP/1.1" status: 201 len: 791 time: 0.1652951
2026-07-21 22:10:21.245 10 INFO neutron.wsgi [req-e73ee76d-7857-4afa-9d16-b8b7ebe51b7f req-21988ba5-2015-44ee-ae4e-0a2dfca077a1 3c69342a41914391adac93118e2e913c b26ae56ec8544032a9f11ae5d90f0b98 - - default default] 10.0.0.62 "GET /v2.0/security-groups/b8169ea6-520a-49dc-a2f1-337e1d58bc8a HTTP/1.1" status: 200 len: 3008 time: 0.0351827
2026-07-21 22:10:21.291 10 INFO neutron.wsgi [req-aa6545b1-e95b-47b4-ac06-7c2c1387b1b1 req-52c235ba-ad86-4b95-b046-ef594838622f 3c69342a41914391adac93118e2e913c b26ae56ec8544032a9f11ae5d90f0b98 - - default default] 10.0.0.62 "GET /v2.0/security-group-rules/0c3afc5f-d582-49cd-8b45-7d40fa4bfc99 HTTP/1.1" status: 200 len: 783 time: 0.0190456
2026-07-21 22:10:21.291 10 INFO neutron.db.ovn_revision_numbers_db [None req-4ec855a2-f762-4aab-ba04-c986023c43f5 - - - - - -] Successfully bumped revision number for resource d15bf498-ea9a-4faa-aff4-ff0e9ba6f7a3 (type: ports) to 4
