2026-07-21 22:12:15.128 9 INFO neutron.plugins.ml2.drivers.ovn.mech_driver.mech_driver [None req-4cf41096-bd17-4445-8bb0-dfb4722b3ce6 - - - - - -] OVN reports status up for port: d4076eb1-7ffd-4325-9dbd-9ec62402cbe8
2026-07-21 22:12:15.172 9 INFO neutron.plugins.ml2.plugin [None req-4cf41096-bd17-4445-8bb0-dfb4722b3ce6 - - - - - -] Attempt 1 to provision port d4076eb1-7ffd-4325-9dbd-9ec62402cbe8
2026-07-21 22:12:15.320 9 INFO neutron.notifiers.nova [-] Nova event matching ['req-8cc2173d-5b17-4559-bb46-37a8a2925247'] response: {'server_uuid': '0d2e1709-ee05-4eb3-bd4f-0272e0662759', 'name': 'network-vif-plugged', 'status': 'completed', 'tag': 'd4076eb1-7ffd-4325-9dbd-9ec62402cbe8', 'code': 200}
2026-07-21 22:12:15.528 9 INFO neutron.db.ovn_revision_numbers_db [None req-4cf41096-bd17-4445-8bb0-dfb4722b3ce6 - - - - - -] Successfully bumped revision number for resource d4076eb1-7ffd-4325-9dbd-9ec62402cbe8 (type: ports) to 4
2026-07-21 22:12:15.580 10 INFO neutron.wsgi [req-4f0a9337-d295-4cd7-8622-da816296cb5d req-1a25883e-aa15-400f-b2ba-a55ab429ad56 a04f1414973c4338830bc716a45593dd 954cc051fd7047b2b47a0d364ec860f7 - - default default] 10.0.0.62 "GET /v2.0/ports?device_id=0d2e1709-ee05-4eb3-bd4f-0272e0662759 HTTP/1.1" status: 200 len: 1174 time: 0.0363581
2026-07-21 22:12:15.593 9 INFO neutron.plugins.ml2.drivers.ovn.mech_driver.mech_driver [None req-4cf41096-bd17-4445-8bb0-dfb4722b3ce6 - - - - - -] OVN reports status up for port: 0888ab4e-8b18-4e61-9dbd-48151bd796f9
2026-07-21 22:12:15.616 10 INFO neutron.wsgi [req-4f0a9337-d295-4cd7-8622-da816296cb5d req-08d2ef68-e656-4ed4-a765-c3a7a0c52c3b a04f1414973c4338830bc716a45593dd 954cc051fd7047b2b47a0d364ec860f7 - - default default] 10.0.0.62 "GET /v2.0/security-groups?id=6bda445e-a365-4d5e-8299-3f53b8ff07da&fields=id&fields=name HTTP/1.1" status: 200 len: 312 time: 0.0299814
2026-07-21 22:12:15.729 10 INFO neutron.wsgi [req-1cac8665-f45c-4827-b34d-754d75c13957 req-61cbdc72-dbfd-4249-be20-ae2a16a72d17 a04f1414973c4338830bc716a45593dd 954cc051fd7047b2b47a0d364ec860f7 - - default default] 10.0.0.62 "GET /v2.0/ports?device_id=0d2e1709-ee05-4eb3-bd4f-0272e0662759 HTTP/1.1" status: 200 len: 1174 time: 0.0447538
2026-07-21 22:12:15.778 9 INFO neutron.wsgi [None req-bddd224e-3fe9-412f-962b-b2ad86fb92e0 a84eadf7cdfa4fae926d85fd23e5ae37 99eaed1df45a4af38da926155de1c1fb - - - -] 10.0.0.116 "DELETE /v2.0/routers/b7a68135-f32b-40e4-82ce-7f7715a903f6 HTTP/1.1" status: 204 len: 168 time: 0.7606864 /var/lib/openstack/lib/python3.10/site-packages/pycadf/identifier.py:71: UserWarning: Invalid uuid: neutron. To ensure interoperability, identifiers should be a valid uuid. warnings.warn(('Invalid uuid: %s. To ensure interoperability, '
2026-07-21 22:12:15.815 9 INFO neutron.wsgi [None req-60cefbf9-ca03-4868-997d-2d593717365b a84eadf7cdfa4fae926d85fd23e5ae37 99eaed1df45a4af38da926155de1c1fb - - default default] 10.0.0.116 "GET /v2.0/ports?device_id=b7a68135-f32b-40e4-82ce-7f7715a903f6 HTTP/1.1" status: 200 len: 205 time: 0.0319297
2026-07-21 22:12:15.850 9 INFO neutron.wsgi [-] 10.0.0.116 "GET / HTTP/1.1" status: 200 len: 279 time: 0.0014074
2026-07-21 22:12:15.851 9 INFO neutron.api.v2.resource [None req-ab86ed67-92b1-4d86-9ee2-7e03e26499db a84eadf7cdfa4fae926d85fd23e5ae37 99eaed1df45a4af38da926155de1c1fb - - - -] delete failed (client error): The resource could not be found.
2026-07-21 22:12:15.852 9 INFO neutron.wsgi [None req-ab86ed67-92b1-4d86-9ee2-7e03e26499db a84eadf7cdfa4fae926d85fd23e5ae37 99eaed1df45a4af38da926155de1c1fb - - - -] 10.0.0.116 "DELETE /v2.0/routers/b7a68135-f32b-40e4-82ce-7f7715a903f6 HTTP/1.1" status: 404 len: 336 time: 0.0319107
2026-07-21 22:12:15.889 9 INFO neutron.wsgi [None req-a7a660ae-a22d-4f99-a005-20f0ccd25d57 a84eadf7cdfa4fae926d85fd23e5ae37 99eaed1df45a4af38da926155de1c1fb - - default default] 10.0.0.116 "GET /v2.0/ports?device_id=39af7f4c-95a4-4ce1-aef3-c93d8b074d32 HTTP/1.1" status: 200 len: 205 time: 0.0338876
2026-07-21 22:12:15.917 9 INFO neutron.api.v2.resource [None req-5797cfe4-5cd9-401e-bbea-707dd5e2ae4b a84eadf7cdfa4fae926d85fd23e5ae37 99eaed1df45a4af38da926155de1c1fb - - - -] delete failed (client error): The resource could not be found.
2026-07-21 22:12:15.919 9 INFO neutron.wsgi [None req-5797cfe4-5cd9-401e-bbea-707dd5e2ae4b a84eadf7cdfa4fae926d85fd23e5ae37 99eaed1df45a4af38da926155de1c1fb - - - -] 10.0.0.116 "DELETE /v2.0/routers/39af7f4c-95a4-4ce1-aef3-c93d8b074d32 HTTP/1.1" status: 404 len: 336 time: 0.0256827
2026-07-21 22:12:15.941 9 INFO neutron.pecan_wsgi.hooks.translation [None req-ac988ca3-4074-4914-b9be-395b7dd9f4b7 a84eadf7cdfa4fae926d85fd23e5ae37 99eaed1df45a4af38da926155de1c1fb - - - -] DELETE failed (client error): The resource could not be found.
2026-07-21 22:12:15.943 9 INFO neutron.wsgi [None req-ac988ca3-4074-4914-b9be-395b7dd9f4b7 a84eadf7cdfa4fae926d85fd23e5ae37 99eaed1df45a4af38da926155de1c1fb - - - -] 10.0.0.116 "DELETE /v2.0/subnets/b8f58ab8-cf4c-4711-80b7-c2d43dba499b HTTP/1.1" status: 404 len: 337 time: 0.0183752
2026-07-21 22:12:15.971 9 INFO neutron.wsgi [None req-b59a9eea-c27b-43cc-a7dd-c9ba9b6f2645 a84eadf7cdfa4fae926d85fd23e5ae37 99eaed1df45a4af38da926155de1c1fb - - default default] 10.0.0.116 "GET /v2.0/ports?device_id=3a2c891a-70c6-4f5e-937a-aa047e3a0bf5 HTTP/1.1" status: 200 len: 205 time: 0.0237126
2026-07-21 22:12:15.975 10 INFO neutron.db.l3_db [None req-721203c1-5564-4d19-b27d-8617a7258c28 a04f1414973c4338830bc716a45593dd 954cc051fd7047b2b47a0d364ec860f7 - - - -] Floating IP bd2886ce-1b03-4062-85d5-4a21dbd88a27 associated. External IP: 10.96.250.213, port: d4076eb1-7ffd-4325-9dbd-9ec62402cbe8.
2026-07-21 22:12:16.000 9 INFO neutron.api.v2.resource [None req-58976fcb-9901-4e8f-afa0-b774c60c7f61 a84eadf7cdfa4fae926d85fd23e5ae37 99eaed1df45a4af38da926155de1c1fb - - - -] delete failed (client error): The resource could not be found.
2026-07-21 22:12:16.001 9 INFO neutron.wsgi [None req-58976fcb-9901-4e8f-afa0-b774c60c7f61 a84eadf7cdfa4fae926d85fd23e5ae37 99eaed1df45a4af38da926155de1c1fb - - - -] 10.0.0.116 "DELETE /v2.0/routers/3a2c891a-70c6-4f5e-937a-aa047e3a0bf5 HTTP/1.1" status: 404 len: 336 time: 0.0246472
2026-07-21 22:12:16.022 9 INFO neutron.pecan_wsgi.hooks.translation [None req-319916fb-2fca-40ba-bb4d-dae639ee1570 a84eadf7cdfa4fae926d85fd23e5ae37 99eaed1df45a4af38da926155de1c1fb - - - -] DELETE failed (client error): The resource could not be found.
2026-07-21 22:12:16.024 9 INFO neutron.wsgi [None req-319916fb-2fca-40ba-bb4d-dae639ee1570 a84eadf7cdfa4fae926d85fd23e5ae37 99eaed1df45a4af38da926155de1c1fb - - - -] 10.0.0.116 "DELETE /v2.0/subnets/4a60e347-2323-4eb5-bafd-c02a41f377a8 HTTP/1.1" status: 404 len: 337 time: 0.0183463
2026-07-21 22:12:16.043 9 INFO neutron.wsgi [None req-2a3f6da2-a8e3-410b-b6e5-b07cef3285bd 7d171599b38d414f959365a46e769dcd 2c7835165c0548a79c597c82afc3caf4 - - default default] 10.0.0.116 "GET /v2.0/ HTTP/1.1" status: 200 len: 826 time: 0.1870420
2026-07-21 22:12:16.057 9 INFO neutron.wsgi [None req-60f34bd3-350b-44dc-a7e2-4b3af9fafce6 a84eadf7cdfa4fae926d85fd23e5ae37 99eaed1df45a4af38da926155de1c1fb - - default default] 10.0.0.116 "GET /v2.0/ports?device_id=a67c277f-f787-4247-89fc-05fcffc15d0e HTTP/1.1" status: 200 len: 205 time: 0.0276959
2026-07-21 22:12:16.087 9 INFO neutron.api.v2.resource [None req-48f84b64-4d99-4887-b0e4-2487c1b60bb6 a84eadf7cdfa4fae926d85fd23e5ae37 99eaed1df45a4af38da926155de1c1fb - - - -] delete failed (client error): The resource could not be found.
2026-07-21 22:12:16.089 9 INFO neutron.wsgi [None req-48f84b64-4d99-4887-b0e4-2487c1b60bb6 a84eadf7cdfa4fae926d85fd23e5ae37 99eaed1df45a4af38da926155de1c1fb - - - -] 10.0.0.116 "DELETE /v2.0/routers/a67c277f-f787-4247-89fc-05fcffc15d0e HTTP/1.1" status: 404 len: 336 time: 0.0270605
2026-07-21 22:12:16.114 9 INFO neutron.pecan_wsgi.hooks.translation [None req-f34f6f79-1ba0-4b8f-9489-5479a52a50e0 a84eadf7cdfa4fae926d85fd23e5ae37 99eaed1df45a4af38da926155de1c1fb - - - -] DELETE failed (client error): The resource could not be found.
2026-07-21 22:12:16.117 9 INFO neutron.wsgi [None req-f34f6f79-1ba0-4b8f-9489-5479a52a50e0 a84eadf7cdfa4fae926d85fd23e5ae37 99eaed1df45a4af38da926155de1c1fb - - - -] 10.0.0.116 "DELETE /v2.0/subnets/d34008a3-d9da-41ae-947a-e3052b25f932 HTTP/1.1" status: 404 len: 337 time: 0.0233362
2026-07-21 22:12:16.142 10 INFO neutron.pecan_wsgi.hooks.translation [None req-c8ab8dd7-5549-4a58-b4cb-820b30622e47 a84eadf7cdfa4fae926d85fd23e5ae37 99eaed1df45a4af38da926155de1c1fb - - - -] DELETE failed (client error): The resource could not be found.
2026-07-21 22:12:16.144 10 INFO neutron.wsgi [None req-c8ab8dd7-5549-4a58-b4cb-820b30622e47 a84eadf7cdfa4fae926d85fd23e5ae37 99eaed1df45a4af38da926155de1c1fb - - - -] 10.0.0.116 "DELETE /v2.0/subnets/c0961bef-959b-4fb0-99e0-73cdba0d5c19 HTTP/1.1" status: 404 len: 337 time: 0.0204790
2026-07-21 22:12:16.191 10 INFO neutron.db.ovn_revision_numbers_db [None req-721203c1-5564-4d19-b27d-8617a7258c28 a04f1414973c4338830bc716a45593dd 954cc051fd7047b2b47a0d364ec860f7 - - - -] Successfully bumped revision number for resource bd2886ce-1b03-4062-85d5-4a21dbd88a27 (type: floatingips) to 1
2026-07-21 22:12:16.291 10 INFO neutron.db.ovn_revision_numbers_db [None req-721203c1-5564-4d19-b27d-8617a7258c28 a04f1414973c4338830bc716a45593dd 954cc051fd7047b2b47a0d364ec860f7 - - - -] Successfully bumped revision number for resource bd2886ce-1b03-4062-85d5-4a21dbd88a27 (type: floatingips) to 2
2026-07-21 22:12:16.315 10 INFO neutron.wsgi [None req-721203c1-5564-4d19-b27d-8617a7258c28 a04f1414973c4338830bc716a45593dd 954cc051fd7047b2b47a0d364ec860f7 - - - -] 10.0.0.116 "PUT /v2.0/floatingips/bd2886ce-1b03-4062-85d5-4a21dbd88a27 HTTP/1.1" status: 200 len: 1050 time: 0.5741439
2026-07-21 22:12:16.352 10 INFO neutron.notifiers.nova [-] Nova event matching ['req-b350489c-e8c7-455a-9d0a-7c09467d1a54'] response: {'name': 'network-changed', 'server_uuid': '0d2e1709-ee05-4eb3-bd4f-0272e0662759', 'tag': 'd4076eb1-7ffd-4325-9dbd-9ec62402cbe8', 'status': 'completed', 'code': 200}
2026-07-21 22:12:16.406 9 INFO neutron.wsgi [req-6c8846b8-dd95-41f6-8248-c004b93c1ebe req-127172b9-e03f-451c-a5d1-201c82be6712 b240058b33e640b08ca027793d4a2929 7e304895c205435cba65cc2763387986 - - 5fa42b4933be45809bb7aed0a16706c5 5fa42b4933be45809bb7aed0a16706c5] 199.19.213.130 "GET /v2.0/ports?tenant_id=954cc051fd7047b2b47a0d364ec860f7&device_id=0d2e1709-ee05-4eb3-bd4f-0272e0662759 HTTP/1.1" status: 200 len: 1365 time: 0.0313103
2026-07-21 22:12:16.488 9 INFO neutron.wsgi [req-6c8846b8-dd95-41f6-8248-c004b93c1ebe req-eee0c77f-0f0e-4fde-8593-d2933cc75a27 b240058b33e640b08ca027793d4a2929 7e304895c205435cba65cc2763387986 - - 5fa42b4933be45809bb7aed0a16706c5 5fa42b4933be45809bb7aed0a16706c5] 199.19.213.130 "GET /v2.0/networks?id=f20fa6bb-e91d-4d9e-acd2-234c5308438c HTTP/1.1" status: 200 len: 973 time: 0.0745802
2026-07-21 22:12:16.553 9 INFO neutron.wsgi [req-6c8846b8-dd95-41f6-8248-c004b93c1ebe req-342f63cd-6b6c-429d-9d66-cfacf4bc1a8e b240058b33e640b08ca027793d4a2929 7e304895c205435cba65cc2763387986 - - 5fa42b4933be45809bb7aed0a16706c5 5fa42b4933be45809bb7aed0a16706c5] 199.19.213.130 "GET /v2.0/floatingips?fixed_ip_address=10.100.0.13&port_id=d4076eb1-7ffd-4325-9dbd-9ec62402cbe8 HTTP/1.1" status: 200 len: 1060 time: 0.0604272
2026-07-21 22:12:16.601 9 INFO neutron.wsgi [req-6c8846b8-dd95-41f6-8248-c004b93c1ebe req-4090fc6c-1ee7-4f6a-b06a-48979b68093f b240058b33e640b08ca027793d4a2929 7e304895c205435cba65cc2763387986 - - 5fa42b4933be45809bb7aed0a16706c5 5fa42b4933be45809bb7aed0a16706c5] 199.19.213.130 "GET /v2.0/subnets?id=483ce789-9a1c-4001-9926-58f9df33166f HTTP/1.1" status: 200 len: 869 time: 0.0414293
2026-07-21 22:12:16.634 9 INFO neutron.wsgi [req-6c8846b8-dd95-41f6-8248-c004b93c1ebe req-b37765f2-5ccf-4656-8bcb-69aabbe817ea b240058b33e640b08ca027793d4a2929 7e304895c205435cba65cc2763387986 - - 5fa42b4933be45809bb7aed0a16706c5 5fa42b4933be45809bb7aed0a16706c5] 199.19.213.130 "GET /v2.0/ports?network_id=f20fa6bb-e91d-4d9e-acd2-234c5308438c&device_owner=network%3Adhcp HTTP/1.1" status: 200 len: 210 time: 0.0261817
2026-07-21 22:12:16.683 9 INFO neutron.wsgi [req-6c8846b8-dd95-41f6-8248-c004b93c1ebe req-d97d8061-2f01-432d-8b16-583d084b3469 b240058b33e640b08ca027793d4a2929 7e304895c205435cba65cc2763387986 - - 5fa42b4933be45809bb7aed0a16706c5 5fa42b4933be45809bb7aed0a16706c5] 199.19.213.130 "GET /v2.0/networks/f20fa6bb-e91d-4d9e-acd2-234c5308438c?fields=segments HTTP/1.1" status: 200 len: 212 time: 0.0426788 /var/lib/openstack/lib/python3.10/site-packages/pycadf/identifier.py:71: UserWarning: Invalid uuid: neutron. To ensure interoperability, identifiers should be a valid uuid. warnings.warn(('Invalid uuid: %s. To ensure interoperability, '
2026-07-21 22:12:16.740 9 INFO neutron.wsgi [req-6c8846b8-dd95-41f6-8248-c004b93c1ebe req-166eb762-ac92-492d-b0fc-4607dc439d29 b240058b33e640b08ca027793d4a2929 7e304895c205435cba65cc2763387986 - - 5fa42b4933be45809bb7aed0a16706c5 5fa42b4933be45809bb7aed0a16706c5] 199.19.213.130 "GET /v2.0/networks/f20fa6bb-e91d-4d9e-acd2-234c5308438c?fields=provider%3Aphysical_network&fields=provider%3Anetwork_type HTTP/1.1" status: 200 len: 277 time: 0.0492320
2026-07-21 22:12:16.763 10 INFO neutron.wsgi [None req-188859fd-697b-4fbb-805b-802a410c13b7 a179550bd99a4fd6af3a5e6f28150aeb 9e55c4fc1fa7418d8af6eabbdbfc05de - - default default] 10.0.0.116 "GET /v2.0/security-groups?tenant_id=99eaed1df45a4af38da926155de1c1fb&name=default HTTP/1.1" status: 200 len: 2996 time: 0.1623971
2026-07-21 22:12:16.906 10 INFO neutron.db.ovn_revision_numbers_db [None req-da07299d-e81d-4f5b-aa58-c99b86e14a66 a179550bd99a4fd6af3a5e6f28150aeb 9e55c4fc1fa7418d8af6eabbdbfc05de - - default default] Successfully bumped revision number for resource 83cff8bd-5409-4235-9131-d969cd135551 (type: security_groups) to 1
2026-07-21 22:12:16.939 10 INFO neutron.wsgi [None req-da07299d-e81d-4f5b-aa58-c99b86e14a66 a179550bd99a4fd6af3a5e6f28150aeb 9e55c4fc1fa7418d8af6eabbdbfc05de - - default default] 10.0.0.116 "GET /v2.0/security-groups?tenant_id=2c7835165c0548a79c597c82afc3caf4&name=default HTTP/1.1" status: 200 len: 2996 time: 0.3508427
2026-07-21 22:12:17.058 10 INFO neutron.wsgi [None req-9875fc1a-56e3-45e5-99a5-2c5cba278bc3 a179550bd99a4fd6af3a5e6f28150aeb 9e55c4fc1fa7418d8af6eabbdbfc05de - - - -] 10.0.0.116 "DELETE /v2.0/security-groups/cddfada7-4360-41d1-9f7c-c1b652baa5fa HTTP/1.1" status: 204 len: 168 time: 0.2896109
2026-07-21 22:12:17.151 10 INFO neutron.wsgi [None req-859cf925-82d8-4f4b-aadc-ef9a33ab71cb a179550bd99a4fd6af3a5e6f28150aeb 9e55c4fc1fa7418d8af6eabbdbfc05de - - - -] 10.0.0.116 "DELETE /v2.0/security-groups/83cff8bd-5409-4235-9131-d969cd135551 HTTP/1.1" status: 204 len: 168 time: 0.2060337
2026-07-21 22:12:17.360 9 INFO neutron.notifiers.nova [-] Nova event matching ['req-31d467af-3271-4293-8e5d-683b1c390717'] response: {'server_uuid': '0d2e1709-ee05-4eb3-bd4f-0272e0662759', 'name': 'network-vif-plugged', 'status': 'completed', 'tag': 'd4076eb1-7ffd-4325-9dbd-9ec62402cbe8', 'code': 200}
2026-07-21 22:12:21.591 10 INFO neutron.db.ovn_revision_numbers_db [None req-85275c00-cc98-41bd-8d96-73824dafbf15 a179550bd99a4fd6af3a5e6f28150aeb 9e55c4fc1fa7418d8af6eabbdbfc05de - - default default] Successfully bumped revision number for resource 7150f1ab-c65f-4839-98f2-6e9daeba9d2a (type: security_groups) to 1
2026-07-21 22:12:21.610 10 INFO neutron.wsgi [None req-85275c00-cc98-41bd-8d96-73824dafbf15 a179550bd99a4fd6af3a5e6f28150aeb 9e55c4fc1fa7418d8af6eabbdbfc05de - - default default] 10.0.0.116 "GET /v2.0/security-groups?tenant_id=9dd8af5efe144fe39e0b048c8df633de&name=default HTTP/1.1" status: 200 len: 2996 time: 0.2589228
2026-07-21 22:12:21.780 10 INFO neutron.wsgi [None req-778a0c5d-ff3d-4d8f-b711-059f220ad12d a179550bd99a4fd6af3a5e6f28150aeb 9e55c4fc1fa7418d8af6eabbdbfc05de - - - -] 10.0.0.116 "DELETE /v2.0/security-groups/7150f1ab-c65f-4839-98f2-6e9daeba9d2a HTTP/1.1" status: 204 len: 168 time: 0.1646225
2026-07-21 22:12:21.999 9 INFO neutron.db.ovn_revision_numbers_db [None req-50daf09c-0159-42a0-a4fb-2c464ff53f2e a179550bd99a4fd6af3a5e6f28150aeb 9e55c4fc1fa7418d8af6eabbdbfc05de - - default default] Successfully bumped revision number for resource 7744884e-25a2-4e04-acfe-cca4ec721bc0 (type: security_groups) to 1
2026-07-21 22:12:22.018 9 INFO neutron.wsgi [None req-50daf09c-0159-42a0-a4fb-2c464ff53f2e a179550bd99a4fd6af3a5e6f28150aeb 9e55c4fc1fa7418d8af6eabbdbfc05de - - default default] 10.0.0.116 "GET /v2.0/security-groups?tenant_id=35c9a2d2ed7a43f2935800f964cb9eb7&name=default HTTP/1.1" status: 200 len: 2996 time: 0.1181707
2026-07-21 22:12:22.201 9 INFO neutron.wsgi [None req-15595e41-26e7-48c9-bfa4-3a575630edb0 a179550bd99a4fd6af3a5e6f28150aeb 9e55c4fc1fa7418d8af6eabbdbfc05de - - - -] 10.0.0.116 "DELETE /v2.0/security-groups/7744884e-25a2-4e04-acfe-cca4ec721bc0 HTTP/1.1" status: 204 len: 168 time: 0.1775699
2026-07-21 22:12:23.373 10 INFO neutron.wsgi [req-e4a64516-5357-48ed-bb50-c24044e4604e req-45603036-0042-431c-9cdf-5c5f42adb787 12cea10d8690477eb8853427bac7c580 b32dca31434641b4af8255e1be4e6709 - - default default] 10.0.0.62 "GET /v2.0/ports?device_id=669f3a42-9a11-480d-87bf-fe5e1d0aac69 HTTP/1.1" status: 200 len: 1210 time: 0.0793848
2026-07-21 22:12:23.418 10 INFO neutron.wsgi [req-e4a64516-5357-48ed-bb50-c24044e4604e req-e8120b2b-cb8e-410c-903f-9eb28204d130 12cea10d8690477eb8853427bac7c580 b32dca31434641b4af8255e1be4e6709 - - default default] 10.0.0.62 "GET /v2.0/security-groups?id=3c771648-5317-4aaf-a809-68826ceeba4f&id=a2bab57f-5b54-4f2c-98c2-3fd1611e8288&fields=id&fields=name HTTP/1.1" status: 200 len: 405 time: 0.0408137
2026-07-21 22:12:23.678 10 INFO neutron.wsgi [None req-b4fca808-a4e9-4631-b6eb-851586ff839a bdd7538b8a4b4818aa12ea8a31919fbc 7351028974fc41d5baccd0811592f3a5 - - default default] 10.0.0.116 "GET /v2.0/ports?device_id=669f3a42-9a11-480d-87bf-fe5e1d0aac69 HTTP/1.1" status: 200 len: 1395 time: 0.2313082
2026-07-21 22:12:23.748 10 INFO neutron.wsgi [None req-9f8211d3-22ed-4875-b823-3e9d528bb240 12cea10d8690477eb8853427bac7c580 b32dca31434641b4af8255e1be4e6709 - - default default] 10.0.0.116 "GET /v2.0/floatingips?floating_network_id=526b6b94-2985-444b-8360-bdb71d9ad5a1&port_id=ae613066-f9bd-44aa-af98-0e6319d9fca4 HTTP/1.1" status: 200 len: 1054 time: 0.0649376
2026-07-21 22:12:24.938 9 INFO neutron.wsgi [req-1a840db3-ff3d-486d-b268-ce81fcc2193e req-76fba772-63f6-4666-8ad8-ecdaa847f974 b240058b33e640b08ca027793d4a2929 7e304895c205435cba65cc2763387986 - - 5fa42b4933be45809bb7aed0a16706c5 5fa42b4933be45809bb7aed0a16706c5] 10.0.0.232 "GET /v2.0/ports?device_id=669f3a42-9a11-480d-87bf-fe5e1d0aac69 HTTP/1.1" status: 200 len: 1400 time: 0.2110431
2026-07-21 22:12:24.983 9 INFO neutron.wsgi [req-1a840db3-ff3d-486d-b268-ce81fcc2193e req-e6828a21-d501-4020-9579-48c890076361 b240058b33e640b08ca027793d4a2929 7e304895c205435cba65cc2763387986 - - 5fa42b4933be45809bb7aed0a16706c5 5fa42b4933be45809bb7aed0a16706c5] 10.0.0.232 "GET /v2.0/security-groups?id=a2bab57f-5b54-4f2c-98c2-3fd1611e8288&id=3c771648-5317-4aaf-a809-68826ceeba4f&fields=id&fields=name HTTP/1.1" status: 200 len: 405 time: 0.0371840
2026-07-21 22:12:25.544 9 INFO neutron.wsgi [-] 10.0.0.133 "GET / HTTP/1.1" status: 200 len: 246 time: 0.0026295
2026-07-21 22:12:25.545 10 INFO neutron.wsgi [-] 10.0.0.133 "GET / HTTP/1.1" status: 200 len: 246 time: 0.0030181
2026-07-21 22:12:27.064 10 INFO neutron.wsgi [req-550dda2d-55c4-4a8f-855f-0c834e378916 req-187e44e3-499a-4a2f-ac69-9d8ffdd02d65 12cea10d8690477eb8853427bac7c580 b32dca31434641b4af8255e1be4e6709 - - default default] 10.0.0.62 "GET /v2.0/ports?device_id=669f3a42-9a11-480d-87bf-fe5e1d0aac69 HTTP/1.1" status: 200 len: 1210 time: 0.0552382
2026-07-21 22:12:27.092 10 INFO neutron.plugins.ml2.drivers.ovn.mech_driver.mech_driver [None req-58c51a0d-b544-4932-b343-a9faa2598fbf - - - - - -] OVN reports status down for port: ae613066-f9bd-44aa-af98-0e6319d9fca4
2026-07-21 22:12:27.142 10 INFO neutron.wsgi [req-550dda2d-55c4-4a8f-855f-0c834e378916 req-1d68c51a-ff10-47c3-b532-1c690efc7ae6 12cea10d8690477eb8853427bac7c580 b32dca31434641b4af8255e1be4e6709 - - default default] 10.0.0.62 "GET /v2.0/security-groups?id=3c771648-5317-4aaf-a809-68826ceeba4f&id=a2bab57f-5b54-4f2c-98c2-3fd1611e8288&fields=id&fields=name HTTP/1.1" status: 200 len: 405 time: 0.0683658
2026-07-21 22:12:27.271 10 INFO neutron.notifiers.nova [-] Nova event matching ['req-afe27f3e-f862-4609-a863-df0834df53db'] response: {'server_uuid': '669f3a42-9a11-480d-87bf-fe5e1d0aac69', 'name': 'network-vif-unplugged', 'status': 'completed', 'tag': 'ae613066-f9bd-44aa-af98-0e6319d9fca4', 'code': 200}
2026-07-21 22:12:27.399 10 INFO neutron.db.ovn_revision_numbers_db [None req-58c51a0d-b544-4932-b343-a9faa2598fbf - - - - - -] Successfully bumped revision number for resource ae613066-f9bd-44aa-af98-0e6319d9fca4 (type: ports) to 5
2026-07-21 22:12:27.467 9 INFO neutron.wsgi [req-15a1489d-9c00-4f20-bc13-9d421d6ba6ee req-0ed6118d-d485-4675-ab03-415acff9e0be 12cea10d8690477eb8853427bac7c580 b32dca31434641b4af8255e1be4e6709 - - default default] 199.19.213.130 "GET /v2.0/ports?device_id=669f3a42-9a11-480d-87bf-fe5e1d0aac69 HTTP/1.1" status: 200 len: 1208 time: 0.1066654
2026-07-21 22:12:27.531 9 INFO neutron.db.ovn_revision_numbers_db [None req-d668f73d-8684-4f78-a084-6204b1cc9a78 a179550bd99a4fd6af3a5e6f28150aeb 9e55c4fc1fa7418d8af6eabbdbfc05de - - default default] Successfully bumped revision number for resource 0d9a283c-5b34-4954-8688-2df181439f6f (type: security_groups) to 1
2026-07-21 22:12:27.558 9 INFO neutron.db.ovn_revision_numbers_db [None req-fd4c3856-b32c-492e-8f3b-be2dfe2d21e1 a179550bd99a4fd6af3a5e6f28150aeb 9e55c4fc1fa7418d8af6eabbdbfc05de - - default default] Successfully bumped revision number for resource 7f61c32a-d0bc-4121-b189-99d59b7d1c51 (type: security_groups) to 1
2026-07-21 22:12:27.572 9 INFO neutron.wsgi [None req-d668f73d-8684-4f78-a084-6204b1cc9a78 a179550bd99a4fd6af3a5e6f28150aeb 9e55c4fc1fa7418d8af6eabbdbfc05de - - default default] 10.0.0.116 "GET /v2.0/security-groups?tenant_id=f14218edcca74cb9babe987b60c01b8d&name=default HTTP/1.1" status: 200 len: 2996 time: 0.3497226 /var/lib/openstack/lib/python3.10/site-packages/pycadf/identifier.py:71: UserWarning: Invalid uuid: neutron. To ensure interoperability, identifiers should be a valid uuid. warnings.warn(('Invalid uuid: %s. To ensure interoperability, '
2026-07-21 22:12:27.583 9 INFO neutron.wsgi [None req-fd4c3856-b32c-492e-8f3b-be2dfe2d21e1 a179550bd99a4fd6af3a5e6f28150aeb 9e55c4fc1fa7418d8af6eabbdbfc05de - - default default] 10.0.0.116 "GET /v2.0/security-groups?tenant_id=2a2fb3eaa98e4422bacc2613e9a22d36&name=default HTTP/1.1" status: 200 len: 2996 time: 0.4293120
2026-07-21 22:12:27.663 9 INFO neutron.wsgi [req-a5fe9326-047f-468d-82b2-d199121771f0 req-a1df03a0-14e6-46d0-9cdb-d484c29e4bcf b240058b33e640b08ca027793d4a2929 7e304895c205435cba65cc2763387986 - - 5fa42b4933be45809bb7aed0a16706c5 5fa42b4933be45809bb7aed0a16706c5] 10.0.0.232 "GET /v2.0/ports?device_id=0d2e1709-ee05-4eb3-bd4f-0272e0662759 HTTP/1.1" status: 200 len: 1365 time: 0.0612175
2026-07-21 22:12:27.810 10 INFO neutron.wsgi [None req-5da3c2e3-1822-4441-bd86-32d4c0d1b235 a179550bd99a4fd6af3a5e6f28150aeb 9e55c4fc1fa7418d8af6eabbdbfc05de - - - -] 10.0.0.116 "DELETE /v2.0/security-groups/7f61c32a-d0bc-4121-b189-99d59b7d1c51 HTTP/1.1" status: 204 len: 168 time: 0.2226739
2026-07-21 22:12:27.813 10 INFO neutron.wsgi [None req-c799f0bb-fdb1-4407-b29f-9e5d99cfb91d a179550bd99a4fd6af3a5e6f28150aeb 9e55c4fc1fa7418d8af6eabbdbfc05de - - - -] 10.0.0.116 "DELETE /v2.0/security-groups/0d9a283c-5b34-4954-8688-2df181439f6f HTTP/1.1" status: 204 len: 168 time: 0.2357512
2026-07-21 22:12:28.010 10 INFO neutron.db.ovn_revision_numbers_db [None req-851b4a56-74ad-4286-ad85-84bcd1be092f a179550bd99a4fd6af3a5e6f28150aeb 9e55c4fc1fa7418d8af6eabbdbfc05de - - default default] Successfully bumped revision number for resource a8fadff4-5754-4999-8766-35a3ef5473a0 (type: security_groups) to 1
2026-07-21 22:12:28.030 10 INFO neutron.wsgi [None req-851b4a56-74ad-4286-ad85-84bcd1be092f a179550bd99a4fd6af3a5e6f28150aeb 9e55c4fc1fa7418d8af6eabbdbfc05de - - default default] 10.0.0.116 "GET /v2.0/security-groups?tenant_id=e9e29b4e27d84ef39212fabf3d646bb0&name=default HTTP/1.1" status: 200 len: 2996 time: 0.1253569
2026-07-21 22:12:28.033 9 INFO neutron.wsgi [req-a5fe9326-047f-468d-82b2-d199121771f0 req-b2c15a18-cc90-42d2-8a7d-57ada7d3bdbf b240058b33e640b08ca027793d4a2929 7e304895c205435cba65cc2763387986 - - 5fa42b4933be45809bb7aed0a16706c5 5fa42b4933be45809bb7aed0a16706c5] 10.0.0.232 "GET /v2.0/security-groups?id=6bda445e-a365-4d5e-8299-3f53b8ff07da&fields=id&fields=name HTTP/1.1" status: 200 len: 312 time: 0.3613479
2026-07-21 22:12:28.198 9 INFO neutron.db.l3_db [None req-f4469b57-5a9a-4e14-8a2c-e27f0d58577f 12cea10d8690477eb8853427bac7c580 b32dca31434641b4af8255e1be4e6709 - - - -] Floating IP da104059-121b-4f64-950c-b70346166044 disassociated. External IP: 10.96.250.205, port: ae613066-f9bd-44aa-af98-0e6319d9fca4.
2026-07-21 22:12:28.253 10 INFO neutron.wsgi [None req-afdc2ea1-9106-4869-8e9c-5f72a4af3845 a179550bd99a4fd6af3a5e6f28150aeb 9e55c4fc1fa7418d8af6eabbdbfc05de - - - -] 10.0.0.116 "DELETE /v2.0/security-groups/a8fadff4-5754-4999-8766-35a3ef5473a0 HTTP/1.1" status: 204 len: 168 time: 0.2181425
2026-07-21 22:12:28.260 10 INFO neutron.wsgi [req-d8f3146b-ff12-484f-bcb1-6278a8f8a494 req-fbc6195c-9f98-40bc-ab27-fea1db42d4b1 12cea10d8690477eb8853427bac7c580 b32dca31434641b4af8255e1be4e6709 - - default default] 10.0.0.62 "GET /v2.0/ports?device_id=669f3a42-9a11-480d-87bf-fe5e1d0aac69 HTTP/1.1" status: 200 len: 1208 time: 0.0440645
2026-07-21 22:12:28.308 10 INFO neutron.wsgi [req-d8f3146b-ff12-484f-bcb1-6278a8f8a494 req-e0d8f4f4-adc7-4eca-a548-9bd51258316c 12cea10d8690477eb8853427bac7c580 b32dca31434641b4af8255e1be4e6709 - - default default] 10.0.0.62 "GET /v2.0/security-groups?id=3c771648-5317-4aaf-a809-68826ceeba4f&id=a2bab57f-5b54-4f2c-98c2-3fd1611e8288&fields=id&fields=name HTTP/1.1" status: 200 len: 405 time: 0.0427802
2026-07-21 22:12:28.395 9 INFO neutron.wsgi [None req-f4469b57-5a9a-4e14-8a2c-e27f0d58577f 12cea10d8690477eb8853427bac7c580 b32dca31434641b4af8255e1be4e6709 - - - -] 199.19.213.130 "DELETE /v2.0/ports/ae613066-f9bd-44aa-af98-0e6319d9fca4 HTTP/1.1" status: 204 len: 173 time: 0.9199312
2026-07-21 22:12:28.433 9 INFO neutron.notifiers.nova [-] Nova event matching ['req-86b409f9-46b4-419b-8be3-4466b2818e1b'] response: {'server_uuid': '669f3a42-9a11-480d-87bf-fe5e1d0aac69', 'name': 'network-vif-deleted', 'tag': 'ae613066-f9bd-44aa-af98-0e6319d9fca4', 'status': 'completed', 'code': 200}
2026-07-21 22:12:29.314 10 INFO neutron.notifiers.nova [-] Nova event matching ['req-3369731e-f12b-4d3f-a77a-469c3caf7378'] response: {'server_uuid': '669f3a42-9a11-480d-87bf-fe5e1d0aac69', 'name': 'network-vif-plugged', 'status': 'completed', 'tag': 'ae613066-f9bd-44aa-af98-0e6319d9fca4', 'code': 200}
2026-07-21 22:12:29.569 10 INFO neutron.wsgi [None req-22f85cc8-dfd2-49e6-a347-d30ee9d79bb9 12cea10d8690477eb8853427bac7c580 b32dca31434641b4af8255e1be4e6709 - - - -] 10.0.0.116 "DELETE /v2.0/security-groups/a2bab57f-5b54-4f2c-98c2-3fd1611e8288 HTTP/1.1" status: 204 len: 168 time: 0.1088800
2026-07-21 22:12:29.588 10 INFO neutron.api.v2.resource [None req-f7360829-7c83-486e-8af4-943c7378934e 12cea10d8690477eb8853427bac7c580 b32dca31434641b4af8255e1be4e6709 - - default default] show failed (client error): The resource could not be found.
2026-07-21 22:12:29.589 10 INFO neutron.wsgi [None req-f7360829-7c83-486e-8af4-943c7378934e 12cea10d8690477eb8853427bac7c580 b32dca31434641b4af8255e1be4e6709 - - default default] 10.0.0.116 "GET /v2.0/security-groups/a2bab57f-5b54-4f2c-98c2-3fd1611e8288 HTTP/1.1" status: 404 len: 347 time: 0.0127156
2026-07-21 22:12:29.914 10 INFO neutron.wsgi [None req-c32f4d49-d10b-459f-bde7-02ede0b7058c 12cea10d8690477eb8853427bac7c580 b32dca31434641b4af8255e1be4e6709 - - - -] 10.0.0.116 "DELETE /v2.0/floatingips/da104059-121b-4f64-950c-b70346166044 HTTP/1.1" status: 204 len: 168 time: 0.3188267
2026-07-21 22:12:30.036 10 INFO neutron.wsgi [None req-90f2ad9d-06ff-4af9-8a34-3177d07509aa 12cea10d8690477eb8853427bac7c580 b32dca31434641b4af8255e1be4e6709 - - - -] 10.0.0.116 "DELETE /v2.0/security-groups/3c771648-5317-4aaf-a809-68826ceeba4f HTTP/1.1" status: 204 len: 168 time: 0.1126566 /var/lib/openstack/lib/python3.10/site-packages/pycadf/identifier.py:71: UserWarning: Invalid uuid: neutron. To ensure interoperability, identifiers should be a valid uuid. warnings.warn(('Invalid uuid: %s. To ensure interoperability, '
2026-07-21 22:12:31.313 9 INFO neutron.wsgi [None req-702f7f7b-d6cb-4966-96ff-e6d9a1a6b2b1 a179550bd99a4fd6af3a5e6f28150aeb 9e55c4fc1fa7418d8af6eabbdbfc05de - - - -] 10.0.0.116 "PUT /v2.0/routers/ab50c0d2-f1b1-4249-9b2f-e0e23cc8ce44/remove_router_interface HTTP/1.1" status: 200 len: 503 time: 1.2333832 /var/lib/openstack/lib/python3.10/site-packages/pycadf/identifier.py:71: UserWarning: Invalid uuid: neutron. To ensure interoperability, identifiers should be a valid uuid. warnings.warn(('Invalid uuid: %s. To ensure interoperability, '
2026-07-21 22:12:31.839 10 INFO neutron.wsgi [req-1f368595-4aa7-4720-875e-e4efa70155cc req-efa1b430-ad10-4786-ac04-e6a390336de0 a04f1414973c4338830bc716a45593dd 954cc051fd7047b2b47a0d364ec860f7 - - default default] 10.0.0.62 "GET /v2.0/ports?device_id=0d2e1709-ee05-4eb3-bd4f-0272e0662759 HTTP/1.1" status: 200 len: 1174 time: 0.1097236
2026-07-21 22:12:31.890 10 INFO neutron.wsgi [req-1f368595-4aa7-4720-875e-e4efa70155cc req-130cc31b-cfdd-4dff-acec-3aa68c39b354 a04f1414973c4338830bc716a45593dd 954cc051fd7047b2b47a0d364ec860f7 - - default default] 10.0.0.62 "GET /v2.0/security-groups?id=6bda445e-a365-4d5e-8299-3f53b8ff07da&fields=id&fields=name HTTP/1.1" status: 200 len: 312 time: 0.0422592
2026-07-21 22:12:31.997 10 INFO neutron.wsgi [req-4d072bed-71c9-441a-b50b-df8be2bba8a3 req-5267959a-ffc1-4c0a-88b0-e15cdbd96739 a04f1414973c4338830bc716a45593dd 954cc051fd7047b2b47a0d364ec860f7 - - default default] 10.0.0.62 "GET /v2.0/ports?device_id=0d2e1709-ee05-4eb3-bd4f-0272e0662759 HTTP/1.1" status: 200 len: 1174 time: 0.0444515
2026-07-21 22:12:32.013 9 INFO neutron.wsgi [None req-e54f8e4c-4889-46fb-a1e4-7dd6a7b5c50d a179550bd99a4fd6af3a5e6f28150aeb 9e55c4fc1fa7418d8af6eabbdbfc05de - - - -] 10.0.0.116 "DELETE /v2.0/routers/ab50c0d2-f1b1-4249-9b2f-e0e23cc8ce44 HTTP/1.1" status: 204 len: 168 time: 0.6952109
2026-07-21 22:12:32.040 9 INFO neutron.db.ovn_revision_numbers_db [None req-bba6d7d7-077c-45c2-ac61-3ee613685abb a179550bd99a4fd6af3a5e6f28150aeb 9e55c4fc1fa7418d8af6eabbdbfc05de - - default default] Successfully bumped revision number for resource eb25f011-2927-45e0-83b9-03d1abd0ee0c (type: security_groups) to 1
2026-07-21 22:12:32.056 10 INFO neutron.wsgi [req-4d072bed-71c9-441a-b50b-df8be2bba8a3 req-eae8955f-6949-4667-b20a-8bfe7aa58b9e a04f1414973c4338830bc716a45593dd 954cc051fd7047b2b47a0d364ec860f7 - - default default] 10.0.0.62 "GET /v2.0/security-groups?id=6bda445e-a365-4d5e-8299-3f53b8ff07da&fields=id&fields=name HTTP/1.1" status: 200 len: 312 time: 0.0516973
2026-07-21 22:12:32.070 9 INFO neutron.db.ovn_revision_numbers_db [None req-47a84d6a-22e3-4751-a790-ce36b6f05d44 f02d3ee417f54b569c5dd8852efd7213 819ab4c8aec7487fa7a642285a4283b5 - - - -] Successfully bumped revision number for resource 23bfa9b9-992f-4582-ac47-4fe6c2a0a296 (type: security_groups) to 1
2026-07-21 22:12:32.074 9 INFO neutron.wsgi [None req-bba6d7d7-077c-45c2-ac61-3ee613685abb a179550bd99a4fd6af3a5e6f28150aeb 9e55c4fc1fa7418d8af6eabbdbfc05de - - default default] 10.0.0.116 "GET /v2.0/security-groups?tenant_id=c174934590e04db58a979b8aae175077&name=default HTTP/1.1" status: 200 len: 2996 time: 0.3634398
2026-07-21 22:12:32.120 9 INFO neutron.db.segments_db [None req-47a84d6a-22e3-4751-a790-ce36b6f05d44 f02d3ee417f54b569c5dd8852efd7213 819ab4c8aec7487fa7a642285a4283b5 - - - -] Added segment 4d94b10c-389a-41c0-8a9a-e48d39757dc1 of type geneve for network 03dd49cf-c574-4c56-85ac-d347931b328d
2026-07-21 22:12:32.249 10 INFO neutron.wsgi [None req-e5dcd3d2-1750-4163-99f8-f552d7cad67c a179550bd99a4fd6af3a5e6f28150aeb 9e55c4fc1fa7418d8af6eabbdbfc05de - - - -] 10.0.0.116 "DELETE /v2.0/subnets/1006c3ac-d25f-4869-8209-eea87f5616b5 HTTP/1.1" status: 204 len: 168 time: 0.2267945
2026-07-21 22:12:32.266 9 INFO neutron.db.ovn_revision_numbers_db [None req-47a84d6a-22e3-4751-a790-ce36b6f05d44 f02d3ee417f54b569c5dd8852efd7213 819ab4c8aec7487fa7a642285a4283b5 - - - -] Successfully bumped revision number for resource 03dd49cf-c574-4c56-85ac-d347931b328d (type: networks) to 1
2026-07-21 22:12:32.384 9 INFO neutron.wsgi [None req-e92d760b-83c3-4443-baaf-3867dac69adc a179550bd99a4fd6af3a5e6f28150aeb 9e55c4fc1fa7418d8af6eabbdbfc05de - - - -] 10.0.0.116 "DELETE /v2.0/security-groups/eb25f011-2927-45e0-83b9-03d1abd0ee0c HTTP/1.1" status: 204 len: 168 time: 0.3025348
2026-07-21 22:12:32.449 9 WARNING neutron.scheduler.dhcp_agent_scheduler [None req-47a84d6a-22e3-4751-a790-ce36b6f05d44 f02d3ee417f54b569c5dd8852efd7213 819ab4c8aec7487fa7a642285a4283b5 - - - -] No more DHCP agents
2026-07-21 22:12:32.457 9 WARNING neutron.api.rpc.agentnotifiers.dhcp_rpc_agent_api [None req-47a84d6a-22e3-4751-a790-ce36b6f05d44 f02d3ee417f54b569c5dd8852efd7213 819ab4c8aec7487fa7a642285a4283b5 - - - -] Unable to schedule network 03dd49cf-c574-4c56-85ac-d347931b328d: no agents available; will retry on subsequent port and subnet creation events.
2026-07-21 22:12:32.465 10 INFO neutron.wsgi [req-759e993f-e2c8-4169-9957-5081fee1d15e req-69d27843-54ae-4372-9cfd-fb6743903a81 a04f1414973c4338830bc716a45593dd 954cc051fd7047b2b47a0d364ec860f7 - - default default] 10.0.0.62 "GET /v2.0/ports?device_id=0d2e1709-ee05-4eb3-bd4f-0272e0662759 HTTP/1.1" status: 200 len: 1174 time: 0.0442183
2026-07-21 22:12:32.488 9 INFO neutron.wsgi [req-82693477-a969-4400-b877-5775ddb0987b req-30999e1a-83e6-4a8e-a92a-f75c136e3837 b240058b33e640b08ca027793d4a2929 7e304895c205435cba65cc2763387986 - - 5fa42b4933be45809bb7aed0a16706c5 5fa42b4933be45809bb7aed0a16706c5] 199.19.213.130 "GET /v2.0/ports?tenant_id=954cc051fd7047b2b47a0d364ec860f7&device_id=0d2e1709-ee05-4eb3-bd4f-0272e0662759 HTTP/1.1" status: 200 len: 1365 time: 0.0419512
2026-07-21 22:12:32.504 10 INFO neutron.wsgi [req-759e993f-e2c8-4169-9957-5081fee1d15e req-eaed9225-48e2-436b-a900-b124d4505f75 a04f1414973c4338830bc716a45593dd 954cc051fd7047b2b47a0d364ec860f7 - - default default] 10.0.0.62 "GET /v2.0/security-groups?id=6bda445e-a365-4d5e-8299-3f53b8ff07da&fields=id&fields=name HTTP/1.1" status: 200 len: 312 time: 0.0320694
2026-07-21 22:12:32.559 9 INFO neutron.db.ovn_revision_numbers_db [None req-47a84d6a-22e3-4751-a790-ce36b6f05d44 f02d3ee417f54b569c5dd8852efd7213 819ab4c8aec7487fa7a642285a4283b5 - - - -] Successfully bumped revision number for resource f0539d86-66a7-4bb8-a015-29b9bb2a62a7 (type: ports) to 1
2026-07-21 22:12:32.569 9 INFO neutron.wsgi [req-82693477-a969-4400-b877-5775ddb0987b req-6487515e-54af-4be0-83f0-9380626ff300 b240058b33e640b08ca027793d4a2929 7e304895c205435cba65cc2763387986 - - 5fa42b4933be45809bb7aed0a16706c5 5fa42b4933be45809bb7aed0a16706c5] 199.19.213.130 "GET /v2.0/networks?id=f20fa6bb-e91d-4d9e-acd2-234c5308438c HTTP/1.1" status: 200 len: 973 time: 0.0742276
2026-07-21 22:12:32.595 9 INFO neutron.wsgi [None req-47a84d6a-22e3-4751-a790-ce36b6f05d44 f02d3ee417f54b569c5dd8852efd7213 819ab4c8aec7487fa7a642285a4283b5 - - - -] 10.0.0.116 "POST /v2.0/networks HTTP/1.1" status: 201 len: 929 time: 0.8206038
2026-07-21 22:12:32.627 9 INFO neutron.wsgi [req-82693477-a969-4400-b877-5775ddb0987b req-485f0267-e37e-4637-9fa5-a2426594c74d b240058b33e640b08ca027793d4a2929 7e304895c205435cba65cc2763387986 - - 5fa42b4933be45809bb7aed0a16706c5 5fa42b4933be45809bb7aed0a16706c5] 199.19.213.130 "GET /v2.0/floatingips?fixed_ip_address=10.100.0.13&port_id=d4076eb1-7ffd-4325-9dbd-9ec62402cbe8 HTTP/1.1" status: 200 len: 1060 time: 0.0477800
2026-07-21 22:12:32.674 9 INFO neutron.wsgi [req-82693477-a969-4400-b877-5775ddb0987b req-b88c77de-be9a-4d1a-9ff8-f1ad12b536ea b240058b33e640b08ca027793d4a2929 7e304895c205435cba65cc2763387986 - - 5fa42b4933be45809bb7aed0a16706c5 5fa42b4933be45809bb7aed0a16706c5] 199.19.213.130 "GET /v2.0/subnets?id=483ce789-9a1c-4001-9926-58f9df33166f HTTP/1.1" status: 200 len: 869 time: 0.0359912
2026-07-21 22:12:32.695 10 INFO neutron.services.segments.plugin [-] Segment 76440bc5-372a-4336-bcc2-6f9b4c63a6cc resource provider aggregate not found
2026-07-21 22:12:32.702 10 INFO neutron.services.segments.plugin [-] Segment 76440bc5-372a-4336-bcc2-6f9b4c63a6cc resource provider aggregate not found
2026-07-21 22:12:32.712 9 INFO neutron.wsgi [req-82693477-a969-4400-b877-5775ddb0987b req-dc52ea64-be5a-41b3-ae80-203ece49011c b240058b33e640b08ca027793d4a2929 7e304895c205435cba65cc2763387986 - - 5fa42b4933be45809bb7aed0a16706c5 5fa42b4933be45809bb7aed0a16706c5] 199.19.213.130 "GET /v2.0/ports?network_id=f20fa6bb-e91d-4d9e-acd2-234c5308438c&device_owner=network%3Adhcp HTTP/1.1" status: 200 len: 210 time: 0.0303588
2026-07-21 22:12:32.727 10 INFO neutron.services.segments.plugin [-] Segment 76440bc5-372a-4336-bcc2-6f9b4c63a6cc resource provider not found; error: Placement Client Error (4xx): {"errors": [{"status": 404, "title": "Not Found", "detail": "The resource could not be found.\n\n No resource provider with uuid 76440bc5-372a-4336-bcc2-6f9b4c63a6cc found for delete ", "request_id": "req-f0afd31b-195d-4bde-b108-1acd763c124c"}]}
2026-07-21 22:12:32.727 10 INFO neutron.services.segments.plugin [-] Segment 76440bc5-372a-4336-bcc2-6f9b4c63a6cc resource provider not found; error: Placement Client Error (4xx): {"errors": [{"status": 404, "title": "Not Found", "detail": "The resource could not be found.\n\n No resource provider with uuid 76440bc5-372a-4336-bcc2-6f9b4c63a6cc found for delete ", "request_id": "req-c6d6b644-344b-4a2d-904b-cf5d9e4db8de"}]}
2026-07-21 22:12:32.777 9 INFO neutron.wsgi [req-82693477-a969-4400-b877-5775ddb0987b req-b8567142-486c-417c-b0f9-5ab662454109 b240058b33e640b08ca027793d4a2929 7e304895c205435cba65cc2763387986 - - 5fa42b4933be45809bb7aed0a16706c5 5fa42b4933be45809bb7aed0a16706c5] 199.19.213.130 "GET /v2.0/networks/f20fa6bb-e91d-4d9e-acd2-234c5308438c?fields=segments HTTP/1.1" status: 200 len: 212 time: 0.0521421
2026-07-21 22:12:32.855 9 INFO neutron.wsgi [req-82693477-a969-4400-b877-5775ddb0987b req-384a7c43-2f86-4e3b-bb48-b1411cb9d142 b240058b33e640b08ca027793d4a2929 7e304895c205435cba65cc2763387986 - - 5fa42b4933be45809bb7aed0a16706c5 5fa42b4933be45809bb7aed0a16706c5] 199.19.213.130 "GET /v2.0/networks/f20fa6bb-e91d-4d9e-acd2-234c5308438c?fields=provider%3Aphysical_network&fields=provider%3Anetwork_type HTTP/1.1" status: 200 len: 277 time: 0.0692961
2026-07-21 22:12:33.047 10 INFO neutron.wsgi [None req-7be182c5-b49e-4884-a589-f7f9f9120fd1 a179550bd99a4fd6af3a5e6f28150aeb 9e55c4fc1fa7418d8af6eabbdbfc05de - - - -] 10.0.0.116 "DELETE /v2.0/networks/bf067056-8a27-46ab-b20a-b35921fde4da HTTP/1.1" status: 204 len: 168 time: 0.7916973
2026-07-21 22:12:33.064 9 INFO neutron.plugins.ml2.drivers.ovn.mech_driver.mech_driver [None req-4cf41096-bd17-4445-8bb0-dfb4722b3ce6 - - - - - -] OVN reports status down for port: d4076eb1-7ffd-4325-9dbd-9ec62402cbe8
2026-07-21 22:12:33.194 10 WARNING neutron.scheduler.dhcp_agent_scheduler [None req-a2610bd5-131d-47ba-92d5-a6f069231c24 f02d3ee417f54b569c5dd8852efd7213 819ab4c8aec7487fa7a642285a4283b5 - - - -] No more DHCP agents
2026-07-21 22:12:33.195 9 INFO neutron.notifiers.nova [-] Nova event matching ['req-5d1e2082-400b-41fc-be42-fc4f1b42aa7d'] response: {'server_uuid': '0d2e1709-ee05-4eb3-bd4f-0272e0662759', 'name': 'network-vif-unplugged', 'status': 'completed', 'tag': 'd4076eb1-7ffd-4325-9dbd-9ec62402cbe8', 'code': 200}
2026-07-21 22:12:33.207 10 WARNING neutron.api.rpc.agentnotifiers.dhcp_rpc_agent_api [None req-a2610bd5-131d-47ba-92d5-a6f069231c24 f02d3ee417f54b569c5dd8852efd7213 819ab4c8aec7487fa7a642285a4283b5 - - - -] Unable to schedule network 03dd49cf-c574-4c56-85ac-d347931b328d: no agents available; will retry on subsequent port and subnet creation events.
2026-07-21 22:12:33.332 9 INFO neutron.db.ovn_revision_numbers_db [None req-4cf41096-bd17-4445-8bb0-dfb4722b3ce6 - - - - - -] Successfully bumped revision number for resource d4076eb1-7ffd-4325-9dbd-9ec62402cbe8 (type: ports) to 5
2026-07-21 22:12:33.672 10 INFO neutron.wsgi [req-29b6cdba-c818-400c-935d-90c3bfe58494 req-a3bee6a4-7018-4b5d-bad6-172e43febfab a04f1414973c4338830bc716a45593dd 954cc051fd7047b2b47a0d364ec860f7 - - default default] 10.0.0.62 "GET /v2.0/ports?device_id=0d2e1709-ee05-4eb3-bd4f-0272e0662759 HTTP/1.1" status: 200 len: 1172 time: 0.0901217
2026-07-21 22:12:33.741 10 INFO neutron.wsgi [req-29b6cdba-c818-400c-935d-90c3bfe58494 req-de40c28f-5be0-4744-9acd-4e541ad30468 a04f1414973c4338830bc716a45593dd 954cc051fd7047b2b47a0d364ec860f7 - - default default] 10.0.0.62 "GET /v2.0/security-groups?id=6bda445e-a365-4d5e-8299-3f53b8ff07da&fields=id&fields=name HTTP/1.1" status: 200 len: 312 time: 0.0623496
2026-07-21 22:12:33.815 9 INFO neutron.plugins.ml2.drivers.ovn.mech_driver.mech_driver [None req-4cf41096-bd17-4445-8bb0-dfb4722b3ce6 - - - - - -] OVN reports status up for port: d4076eb1-7ffd-4325-9dbd-9ec62402cbe8
2026-07-21 22:12:33.839 9 INFO neutron.plugins.ml2.plugin [None req-4cf41096-bd17-4445-8bb0-dfb4722b3ce6 - - - - - -] Attempt 1 to provision port d4076eb1-7ffd-4325-9dbd-9ec62402cbe8
2026-07-21 22:12:33.992 10 INFO neutron.db.ovn_revision_numbers_db [None req-a2610bd5-131d-47ba-92d5-a6f069231c24 f02d3ee417f54b569c5dd8852efd7213 819ab4c8aec7487fa7a642285a4283b5 - - - -] Successfully bumped revision number for resource f0539d86-66a7-4bb8-a015-29b9bb2a62a7 (type: ports) to 2
2026-07-21 22:12:34.027 10 INFO neutron.db.ovn_revision_numbers_db [None req-a2610bd5-131d-47ba-92d5-a6f069231c24 f02d3ee417f54b569c5dd8852efd7213 819ab4c8aec7487fa7a642285a4283b5 - - - -] Successfully bumped revision number for resource 9efce7b9-c36d-4f75-bbf7-3b0cefe54661 (type: subnets) to 0
2026-07-21 22:12:34.055 10 INFO neutron.wsgi [None req-a2610bd5-131d-47ba-92d5-a6f069231c24 f02d3ee417f54b569c5dd8852efd7213 819ab4c8aec7487fa7a642285a4283b5 - - - -] 10.0.0.116 "POST /v2.0/subnets HTTP/1.1" status: 201 len: 819 time: 1.4525156
2026-07-21 22:12:34.069 10 WARNING neutron.api.v2.base [None req-f2dd0c80-9701-406c-9450-92d111a8a528 f02d3ee417f54b569c5dd8852efd7213 819ab4c8aec7487fa7a642285a4283b5 - - - -] An exception happened while processing the request body. The exception message is [Invalid input for target_tenant. Reason: 'None' is not a valid string.].: webob.exc.HTTPBadRequest: Invalid input for target_tenant. Reason: 'None' is not a valid string.
2026-07-21 22:12:34.070 10 INFO neutron.api.v2.resource [None req-f2dd0c80-9701-406c-9450-92d111a8a528 f02d3ee417f54b569c5dd8852efd7213 819ab4c8aec7487fa7a642285a4283b5 - - - -] create failed (client error): Invalid input for target_tenant. Reason: 'None' is not a valid string.
2026-07-21 22:12:34.071 10 INFO neutron.wsgi [None req-f2dd0c80-9701-406c-9450-92d111a8a528 f02d3ee417f54b569c5dd8852efd7213 819ab4c8aec7487fa7a642285a4283b5 - - - -] 10.0.0.116 "POST /v2.0/rbac-policies HTTP/1.1" status: 400 len: 346 time: 0.0076394
2026-07-21 22:12:34.115 9 INFO neutron.db.ovn_revision_numbers_db [None req-4cf41096-bd17-4445-8bb0-dfb4722b3ce6 - - - - - -] Successfully bumped revision number for resource d4076eb1-7ffd-4325-9dbd-9ec62402cbe8 (type: ports) to 6
2026-07-21 22:12:34.549 10 INFO neutron.wsgi [None req-aab300d5-44bd-4ff0-b190-716451031355 a179550bd99a4fd6af3a5e6f28150aeb 9e55c4fc1fa7418d8af6eabbdbfc05de - - - -] 10.0.0.116 "PUT /v2.0/routers/83b3ed66-7936-4e8a-af86-47c298959e5a/remove_router_interface HTTP/1.1" status: 200 len: 503 time: 1.4908023 /var/lib/openstack/lib/python3.10/site-packages/pycadf/identifier.py:71: UserWarning: Invalid uuid: neutron. To ensure interoperability, identifiers should be a valid uuid. warnings.warn(('Invalid uuid: %s. To ensure interoperability, '
2026-07-21 22:12:34.775 10 INFO neutron.services.segments.plugin [-] Segment 4d94b10c-389a-41c0-8a9a-e48d39757dc1 resource provider aggregate not found
2026-07-21 22:12:34.785 10 INFO neutron.services.segments.plugin [-] Segment 4d94b10c-389a-41c0-8a9a-e48d39757dc1 resource provider aggregate not found
2026-07-21 22:12:34.800 10 INFO neutron.services.segments.plugin [-] Segment 4d94b10c-389a-41c0-8a9a-e48d39757dc1 resource provider not found; error: Placement Client Error (4xx): {"errors": [{"status": 404, "title": "Not Found", "detail": "The resource could not be found.\n\n No resource provider with uuid 4d94b10c-389a-41c0-8a9a-e48d39757dc1 found for delete ", "request_id": "req-697b9bdf-f5ed-4735-b964-34e758c98984"}]}
2026-07-21 22:12:34.806 10 INFO neutron.services.segments.plugin [-] Segment 4d94b10c-389a-41c0-8a9a-e48d39757dc1 resource provider not found; error: Placement Client Error (4xx): {"errors": [{"status": 404, "title": "Not Found", "detail": "The resource could not be found.\n\n No resource provider with uuid 4d94b10c-389a-41c0-8a9a-e48d39757dc1 found for delete ", "request_id": "req-db064f51-c49a-4137-8205-ba43b5cb6b32"}]}
2026-07-21 22:12:34.816 10 INFO neutron.wsgi [None req-6d06c0e4-4828-4d8c-8ed3-2566644b1b5d f02d3ee417f54b569c5dd8852efd7213 819ab4c8aec7487fa7a642285a4283b5 - - - -] 10.0.0.116 "DELETE /v2.0/networks/03dd49cf-c574-4c56-85ac-d347931b328d HTTP/1.1" status: 204 len: 168 time: 0.7383084 /var/lib/openstack/lib/python3.10/site-packages/pycadf/identifier.py:71: UserWarning: Invalid uuid: neutron. To ensure interoperability, identifiers should be a valid uuid. warnings.warn(('Invalid uuid: %s. To ensure interoperability, '
2026-07-21 22:12:34.869 10 INFO neutron.wsgi [req-6d509a2e-3461-4a86-afa2-12c266df8e7f req-5491de76-3b0e-47e0-8c35-0a7ad512c515 a04f1414973c4338830bc716a45593dd 954cc051fd7047b2b47a0d364ec860f7 - - default default] 10.0.0.62 "GET /v2.0/ports?device_id=0d2e1709-ee05-4eb3-bd4f-0272e0662759 HTTP/1.1" status: 200 len: 1174 time: 0.0527887
2026-07-21 22:12:34.912 10 INFO neutron.wsgi [req-6d509a2e-3461-4a86-afa2-12c266df8e7f req-4b083c6b-17ec-428f-b145-5f0d7b226c1a a04f1414973c4338830bc716a45593dd 954cc051fd7047b2b47a0d364ec860f7 - - default default] 10.0.0.62 "GET /v2.0/security-groups?id=6bda445e-a365-4d5e-8299-3f53b8ff07da&fields=id&fields=name HTTP/1.1" status: 200 len: 312 time: 0.0369215
2026-07-21 22:12:34.982 9 INFO neutron.db.segments_db [None req-354083aa-4ffa-49c5-a442-c1f1a6105746 f02d3ee417f54b569c5dd8852efd7213 819ab4c8aec7487fa7a642285a4283b5 - - - -] Added segment b568dbb2-c3c1-4396-abf2-23fd4d2c178f of type geneve for network 4a9b8c77-7528-437c-a712-b346a2f6db3c
2026-07-21 22:12:35.185 9 INFO neutron.db.ovn_revision_numbers_db [None req-354083aa-4ffa-49c5-a442-c1f1a6105746 f02d3ee417f54b569c5dd8852efd7213 819ab4c8aec7487fa7a642285a4283b5 - - - -] Successfully bumped revision number for resource 4a9b8c77-7528-437c-a712-b346a2f6db3c (type: networks) to 1
2026-07-21 22:12:35.233 9 INFO neutron.notifiers.nova [-] Nova event matching ['req-b3992e05-e62c-4913-861e-9a7174bbf668'] response: {'server_uuid': '0d2e1709-ee05-4eb3-bd4f-0272e0662759', 'name': 'network-vif-plugged', 'status': 'completed', 'tag': 'd4076eb1-7ffd-4325-9dbd-9ec62402cbe8', 'code': 200}
2026-07-21 22:12:35.234 9 INFO neutron.notifiers.nova [-] Nova event matching ['req-b3992e05-e62c-4913-861e-9a7174bbf668'] response: {'server_uuid': '0d2e1709-ee05-4eb3-bd4f-0272e0662759', 'name': 'network-vif-plugged', 'status': 'completed', 'tag': 'd4076eb1-7ffd-4325-9dbd-9ec62402cbe8', 'code': 200}
2026-07-21 22:12:35.234 9 INFO neutron.notifiers.nova [-] Nova event matching ['req-b3992e05-e62c-4913-861e-9a7174bbf668'] response: {'server_uuid': '0d2e1709-ee05-4eb3-bd4f-0272e0662759', 'name': 'network-vif-plugged', 'status': 'completed', 'tag': 'd4076eb1-7ffd-4325-9dbd-9ec62402cbe8', 'code': 200}
2026-07-21 22:12:35.434 9 WARNING neutron.scheduler.dhcp_agent_scheduler [None req-354083aa-4ffa-49c5-a442-c1f1a6105746 f02d3ee417f54b569c5dd8852efd7213 819ab4c8aec7487fa7a642285a4283b5 - - - -] No more DHCP agents
2026-07-21 22:12:35.437 9 INFO neutron.wsgi [None req-f0075f6e-ac6e-4182-88d8-cb291b279346 a179550bd99a4fd6af3a5e6f28150aeb 9e55c4fc1fa7418d8af6eabbdbfc05de - - - -] 10.0.0.116 "DELETE /v2.0/routers/83b3ed66-7936-4e8a-af86-47c298959e5a HTTP/1.1" status: 204 len: 168 time: 0.8833425
2026-07-21 22:12:35.438 9 WARNING neutron.api.rpc.agentnotifiers.dhcp_rpc_agent_api [None req-354083aa-4ffa-49c5-a442-c1f1a6105746 f02d3ee417f54b569c5dd8852efd7213 819ab4c8aec7487fa7a642285a4283b5 - - - -] Unable to schedule network 4a9b8c77-7528-437c-a712-b346a2f6db3c: no agents available; will retry on subsequent port and subnet creation events.
2026-07-21 22:12:35.513 9 INFO neutron.db.ovn_revision_numbers_db [None req-354083aa-4ffa-49c5-a442-c1f1a6105746 f02d3ee417f54b569c5dd8852efd7213 819ab4c8aec7487fa7a642285a4283b5 - - - -] Successfully bumped revision number for resource 8ca50301-3739-4480-8b18-697095c8ca31 (type: ports) to 1
2026-07-21 22:12:35.535 9 INFO neutron.wsgi [None req-354083aa-4ffa-49c5-a442-c1f1a6105746 f02d3ee417f54b569c5dd8852efd7213 819ab4c8aec7487fa7a642285a4283b5 - - - -] 10.0.0.116 "POST /v2.0/networks HTTP/1.1" status: 201 len: 929 time: 0.7119834
2026-07-21 22:12:35.647 10 INFO neutron.wsgi [None req-35a53494-8d70-4f2d-8a43-568c1163f5ea a179550bd99a4fd6af3a5e6f28150aeb 9e55c4fc1fa7418d8af6eabbdbfc05de - - - -] 10.0.0.116 "DELETE /v2.0/subnets/8a634ae9-4f33-48fc-9caa-5bb7b1c054a1 HTTP/1.1" status: 204 len: 168 time: 0.2034509
2026-07-21 22:12:35.715 9 WARNING neutron.scheduler.dhcp_agent_scheduler [None req-c5df2454-02f8-48d7-9355-88c0bfcebfe7 f02d3ee417f54b569c5dd8852efd7213 819ab4c8aec7487fa7a642285a4283b5 - - - -] No more DHCP agents
