2026-07-21 22:11:06.236 9 WARNING neutron.api.rpc.agentnotifiers.dhcp_rpc_agent_api [None req-cb678828-c73d-4da9-8a8f-ec31193a5f9b a179550bd99a4fd6af3a5e6f28150aeb 9e55c4fc1fa7418d8af6eabbdbfc05de - - - -] Unable to schedule network 526b6b94-2985-444b-8360-bdb71d9ad5a1: no agents available; will retry on subsequent port and subnet creation events.
2026-07-21 22:11:06.387 9 INFO neutron.db.ovn_revision_numbers_db [None req-cb678828-c73d-4da9-8a8f-ec31193a5f9b a179550bd99a4fd6af3a5e6f28150aeb 9e55c4fc1fa7418d8af6eabbdbfc05de - - - -] Successfully bumped revision number for resource 567af427-9474-42d1-ae78-4b6433da2334 (type: ports) to 1
2026-07-21 22:11:06.501 9 INFO neutron.wsgi [None req-cc725c30-b1b2-4272-8b92-5d88d2c5a3d5 a179550bd99a4fd6af3a5e6f28150aeb 9e55c4fc1fa7418d8af6eabbdbfc05de - - - -] 10.0.0.116 "DELETE /v2.0/security-groups/84799d06-153b-45e4-97a7-974a2e099ef1 HTTP/1.1" status: 204 len: 168 time: 0.3042376
2026-07-21 22:11:07.028 9 INFO neutron.plugins.ml2.drivers.ovn.mech_driver.mech_driver [None req-4cf41096-bd17-4445-8bb0-dfb4722b3ce6 - - - - - -] OVN reports status up for port: 567af427-9474-42d1-ae78-4b6433da2334
2026-07-21 22:11:07.047 9 INFO neutron.plugins.ml2.drivers.ovn.mech_driver.ovsdb.ovsdb_monitor [None req-ef22b0fb-5d3e-403b-aec2-8cbf41a336ee - - - - - -] Router d4c5e6e0-e3cd-4fbe-8f51-cdfde9aa0e42 is bound to host instance
2026-07-21 22:11:07.049 9 INFO neutron.plugins.ml2.plugin [None req-4cf41096-bd17-4445-8bb0-dfb4722b3ce6 - - - - - -] Attempt 1 to provision port 567af427-9474-42d1-ae78-4b6433da2334
2026-07-21 22:11:07.050 9 INFO neutron.db.ovn_revision_numbers_db [None req-cb678828-c73d-4da9-8a8f-ec31193a5f9b a179550bd99a4fd6af3a5e6f28150aeb 9e55c4fc1fa7418d8af6eabbdbfc05de - - - -] Successfully bumped revision number for resource 567af427-9474-42d1-ae78-4b6433da2334 (type: router_ports) to 1
2026-07-21 22:11:07.197 9 INFO neutron.db.ovn_revision_numbers_db [None req-cb678828-c73d-4da9-8a8f-ec31193a5f9b a179550bd99a4fd6af3a5e6f28150aeb 9e55c4fc1fa7418d8af6eabbdbfc05de - - - -] Successfully bumped revision number for resource d4c5e6e0-e3cd-4fbe-8f51-cdfde9aa0e42 (type: routers) to 3
2026-07-21 22:11:07.220 9 INFO neutron.wsgi [None req-cb678828-c73d-4da9-8a8f-ec31193a5f9b a179550bd99a4fd6af3a5e6f28150aeb 9e55c4fc1fa7418d8af6eabbdbfc05de - - - -] 10.0.0.116 "POST /v2.0/routers HTTP/1.1" status: 201 len: 871 time: 1.7727644
2026-07-21 22:11:07.482 10 INFO neutron.services.segments.plugin [-] Segment 128e3667-1d30-4e6a-8469-3c413dff41d1 resource provider aggregate not found
2026-07-21 22:11:07.488 10 INFO neutron.services.segments.plugin [-] Segment 128e3667-1d30-4e6a-8469-3c413dff41d1 resource provider aggregate not found
2026-07-21 22:11:07.502 10 INFO neutron.services.segments.plugin [-] Segment 128e3667-1d30-4e6a-8469-3c413dff41d1 resource provider not found; error: Placement Client Error (4xx): {"errors": [{"status": 404, "title": "Not Found", "detail": "The resource could not be found.\n\n No resource provider with uuid 128e3667-1d30-4e6a-8469-3c413dff41d1 found for delete ", "request_id": "req-dcabfb9d-ba5f-4237-899c-a1964b315342"}]}
2026-07-21 22:11:07.504 10 INFO neutron.services.segments.plugin [-] Segment 128e3667-1d30-4e6a-8469-3c413dff41d1 resource provider not found; error: Placement Client Error (4xx): {"errors": [{"status": 404, "title": "Not Found", "detail": "The resource could not be found.\n\n No resource provider with uuid 128e3667-1d30-4e6a-8469-3c413dff41d1 found for delete ", "request_id": "req-e8dfb481-7a3e-4c2b-8b4a-c9b10528e8f1"}]}
2026-07-21 22:11:07.596 9 INFO neutron.db.ovn_revision_numbers_db [None req-ef22b0fb-5d3e-403b-aec2-8cbf41a336ee - - - - - -] Successfully bumped revision number for resource 567af427-9474-42d1-ae78-4b6433da2334 (type: ports) to 1
2026-07-21 22:11:07.648 10 WARNING neutron.scheduler.dhcp_agent_scheduler [None req-6763d7e9-83f9-4c2b-a305-ad23ab228c88 a179550bd99a4fd6af3a5e6f28150aeb 9e55c4fc1fa7418d8af6eabbdbfc05de - - default default] No more DHCP agents
2026-07-21 22:11:07.651 10 WARNING neutron.api.rpc.agentnotifiers.dhcp_rpc_agent_api [None req-6763d7e9-83f9-4c2b-a305-ad23ab228c88 a179550bd99a4fd6af3a5e6f28150aeb 9e55c4fc1fa7418d8af6eabbdbfc05de - - default default] Unable to schedule network c0c88738-35f3-4754-8f19-d9ecfdf00bcd: no agents available; will retry on subsequent port and subnet creation events.
2026-07-21 22:11:07.708 9 INFO neutron.db.ovn_revision_numbers_db [None req-b3a53a07-995c-4f4b-9514-b12f2d9bd237 ac5220b444c14425831cce4eeaf8556d e57e399179ee40228cc5c3922edb23b9 - - - -] Successfully bumped revision number for resource 99ae8332-41d4-4638-b27c-d00723ec4030 (type: security_groups) to 1
2026-07-21 22:11:07.765 9 INFO neutron.db.segments_db [None req-b3a53a07-995c-4f4b-9514-b12f2d9bd237 ac5220b444c14425831cce4eeaf8556d e57e399179ee40228cc5c3922edb23b9 - - - -] Added segment e20bf78b-f605-4d75-9e24-b12be54a7584 of type geneve for network 02b6b232-89d0-453b-9819-32f388bbab23
2026-07-21 22:11:07.782 10 INFO neutron.db.ovn_revision_numbers_db [None req-6763d7e9-83f9-4c2b-a305-ad23ab228c88 a179550bd99a4fd6af3a5e6f28150aeb 9e55c4fc1fa7418d8af6eabbdbfc05de - - default default] Successfully bumped revision number for resource 73a506e4-d392-473b-b80a-1d5bb2d809cb (type: ports) to 1
2026-07-21 22:11:07.927 9 INFO neutron.db.ovn_revision_numbers_db [None req-ef22b0fb-5d3e-403b-aec2-8cbf41a336ee - - - - - -] Successfully bumped revision number for resource 567af427-9474-42d1-ae78-4b6433da2334 (type: router_ports) to 3
2026-07-21 22:11:07.937 9 INFO neutron.db.ovn_revision_numbers_db [None req-b3a53a07-995c-4f4b-9514-b12f2d9bd237 ac5220b444c14425831cce4eeaf8556d e57e399179ee40228cc5c3922edb23b9 - - - -] Successfully bumped revision number for resource 02b6b232-89d0-453b-9819-32f388bbab23 (type: networks) to 1
2026-07-21 22:11:08.108 9 INFO neutron.db.ovn_revision_numbers_db [None req-ef22b0fb-5d3e-403b-aec2-8cbf41a336ee - - - - - -] Successfully bumped revision number for resource 567af427-9474-42d1-ae78-4b6433da2334 (type: ports) to 2
2026-07-21 22:11:08.139 9 WARNING neutron.scheduler.dhcp_agent_scheduler [None req-b3a53a07-995c-4f4b-9514-b12f2d9bd237 ac5220b444c14425831cce4eeaf8556d e57e399179ee40228cc5c3922edb23b9 - - - -] No more DHCP agents
2026-07-21 22:11:08.143 9 WARNING neutron.api.rpc.agentnotifiers.dhcp_rpc_agent_api [None req-b3a53a07-995c-4f4b-9514-b12f2d9bd237 ac5220b444c14425831cce4eeaf8556d e57e399179ee40228cc5c3922edb23b9 - - - -] Unable to schedule network 02b6b232-89d0-453b-9819-32f388bbab23: no agents available; will retry on subsequent port and subnet creation events.
2026-07-21 22:11:08.223 9 INFO neutron.db.ovn_revision_numbers_db [None req-b3a53a07-995c-4f4b-9514-b12f2d9bd237 ac5220b444c14425831cce4eeaf8556d e57e399179ee40228cc5c3922edb23b9 - - - -] Successfully bumped revision number for resource 53bb257e-ea76-4213-b7e6-ad8f0bfc9be0 (type: ports) to 1
2026-07-21 22:11:08.256 10 INFO neutron.db.ovn_revision_numbers_db [None req-6763d7e9-83f9-4c2b-a305-ad23ab228c88 a179550bd99a4fd6af3a5e6f28150aeb 9e55c4fc1fa7418d8af6eabbdbfc05de - - default default] Successfully bumped revision number for resource 73a506e4-d392-473b-b80a-1d5bb2d809cb (type: router_ports) to 2
2026-07-21 22:11:08.266 9 INFO neutron.wsgi [None req-b3a53a07-995c-4f4b-9514-b12f2d9bd237 ac5220b444c14425831cce4eeaf8556d e57e399179ee40228cc5c3922edb23b9 - - - -] 10.0.0.116 "POST /v2.0/networks HTTP/1.1" status: 201 len: 832 time: 1.0251231
2026-07-21 22:11:08.377 9 INFO neutron.db.ovn_revision_numbers_db [None req-ef22b0fb-5d3e-403b-aec2-8cbf41a336ee - - - - - -] Successfully bumped revision number for resource 567af427-9474-42d1-ae78-4b6433da2334 (type: ports) to 4
2026-07-21 22:11:08.445 10 INFO neutron.db.segments_db [None req-9c37b43f-2038-4c95-b1fa-2b274547f1de ac5220b444c14425831cce4eeaf8556d e57e399179ee40228cc5c3922edb23b9 - - - -] Added segment f639bfbe-7e03-471e-873c-4d4825e3a2f5 of type geneve for network dbf9dbdc-fd7e-4782-a117-869456e5a21b
2026-07-21 22:11:08.477 10 INFO neutron.wsgi [req-12494fd7-ba87-4a07-8874-b4fd4c20df6b req-3f51fa21-8937-464d-90ec-b68178121553 0f7f7e053e3442a78037b49262306c6b d386bf8f0a4a4805aaf1257f24304db5 - - default default] 10.0.0.62 "GET /v2.0/ports?device_id=fcf6965e-8050-4492-a856-912288f570f2 HTTP/1.1" status: 200 len: 1174 time: 0.1928964
2026-07-21 22:11:08.525 10 INFO neutron.db.ovn_revision_numbers_db [None req-6763d7e9-83f9-4c2b-a305-ad23ab228c88 a179550bd99a4fd6af3a5e6f28150aeb 9e55c4fc1fa7418d8af6eabbdbfc05de - - default default] Successfully bumped revision number for resource 73a506e4-d392-473b-b80a-1d5bb2d809cb (type: ports) to 2
2026-07-21 22:11:08.627 10 INFO neutron.wsgi [req-72ed5490-1268-4b06-86c6-66fec6e66095 req-018b404d-694b-4390-ab56-4e95aded066c 0f7f7e053e3442a78037b49262306c6b d386bf8f0a4a4805aaf1257f24304db5 - - default default] 10.0.0.62 "GET /v2.0/ports/cad8bd85-688b-4e4a-a4be-b719a1e3f16f HTTP/1.1" status: 200 len: 1171 time: 0.0707610
2026-07-21 22:11:08.648 9 INFO neutron.db.ovn_revision_numbers_db [None req-ef22b0fb-5d3e-403b-aec2-8cbf41a336ee - - - - - -] Successfully bumped revision number for resource 567af427-9474-42d1-ae78-4b6433da2334 (type: router_ports) to 4
2026-07-21 22:11:08.661 10 INFO neutron.db.ovn_revision_numbers_db [None req-9c37b43f-2038-4c95-b1fa-2b274547f1de ac5220b444c14425831cce4eeaf8556d e57e399179ee40228cc5c3922edb23b9 - - - -] Successfully bumped revision number for resource dbf9dbdc-fd7e-4782-a117-869456e5a21b (type: networks) to 1
2026-07-21 22:11:08.690 10 WARNING neutron.scheduler.dhcp_agent_scheduler [None req-6763d7e9-83f9-4c2b-a305-ad23ab228c88 a179550bd99a4fd6af3a5e6f28150aeb 9e55c4fc1fa7418d8af6eabbdbfc05de - - default default] No more DHCP agents
2026-07-21 22:11:08.692 10 WARNING neutron.api.rpc.agentnotifiers.dhcp_rpc_agent_api [None req-6763d7e9-83f9-4c2b-a305-ad23ab228c88 a179550bd99a4fd6af3a5e6f28150aeb 9e55c4fc1fa7418d8af6eabbdbfc05de - - default default] Unable to schedule network c0c88738-35f3-4754-8f19-d9ecfdf00bcd: no agents available; will retry on subsequent port and subnet creation events.
2026-07-21 22:11:08.826 9 INFO neutron.wsgi [req-06f9bdde-e177-452a-a7b8-b66c3da1fa72 req-9cc5bae8-bb2a-4b78-8254-edb73fe9344f 0f7f7e053e3442a78037b49262306c6b d386bf8f0a4a4805aaf1257f24304db5 - - default default] 199.19.213.130 "GET /v2.0/subnets?network_id=ed2fffa9-0b42-4214-a354-0f6a81078ca0 HTTP/1.1" status: 200 len: 858 time: 0.0581307
2026-07-21 22:11:08.899 10 WARNING neutron.scheduler.dhcp_agent_scheduler [None req-9c37b43f-2038-4c95-b1fa-2b274547f1de ac5220b444c14425831cce4eeaf8556d e57e399179ee40228cc5c3922edb23b9 - - - -] No more DHCP agents
2026-07-21 22:11:08.903 10 WARNING neutron.api.rpc.agentnotifiers.dhcp_rpc_agent_api [None req-9c37b43f-2038-4c95-b1fa-2b274547f1de ac5220b444c14425831cce4eeaf8556d e57e399179ee40228cc5c3922edb23b9 - - - -] Unable to schedule network dbf9dbdc-fd7e-4782-a117-869456e5a21b: no agents available; will retry on subsequent port and subnet creation events.
2026-07-21 22:11:08.937 9 INFO neutron.wsgi [req-06f9bdde-e177-452a-a7b8-b66c3da1fa72 req-d802f3b7-7721-43c9-b054-819ede9b74db 0f7f7e053e3442a78037b49262306c6b d386bf8f0a4a4805aaf1257f24304db5 - - default default] 199.19.213.130 "GET /v2.0/ports?device_id=fcf6965e-8050-4492-a856-912288f570f2&device_owner=compute%3Anova&network_id=ed2fffa9-0b42-4214-a354-0f6a81078ca0 HTTP/1.1" status: 200 len: 1174 time: 0.1076779
2026-07-21 22:11:08.999 10 INFO neutron.db.ovn_revision_numbers_db [None req-9c37b43f-2038-4c95-b1fa-2b274547f1de ac5220b444c14425831cce4eeaf8556d e57e399179ee40228cc5c3922edb23b9 - - - -] Successfully bumped revision number for resource b156e1ee-8b15-4982-b8bd-5c1d7b3909b3 (type: ports) to 1
2026-07-21 22:11:09.481 10 INFO neutron.wsgi [None req-9c37b43f-2038-4c95-b1fa-2b274547f1de ac5220b444c14425831cce4eeaf8556d e57e399179ee40228cc5c3922edb23b9 - - - -] 10.0.0.116 "POST /v2.0/networks HTTP/1.1" status: 201 len: 832 time: 1.2053845
2026-07-21 22:11:09.619 9 INFO neutron.plugins.ml2.drivers.ovn.mech_driver.mech_driver [None req-4cf41096-bd17-4445-8bb0-dfb4722b3ce6 - - - - - -] OVN reports status up for port: 73a506e4-d392-473b-b80a-1d5bb2d809cb
2026-07-21 22:11:09.630 9 INFO neutron.plugins.ml2.plugin [None req-4cf41096-bd17-4445-8bb0-dfb4722b3ce6 - - - - - -] Attempt 1 to provision port 73a506e4-d392-473b-b80a-1d5bb2d809cb
2026-07-21 22:11:09.715 9 INFO neutron.db.ovn_revision_numbers_db [None req-1f9408c9-495d-4178-bd32-e58d42a37986 0f7f7e053e3442a78037b49262306c6b d386bf8f0a4a4805aaf1257f24304db5 - - - -] Successfully bumped revision number for resource cad8bd85-688b-4e4a-a4be-b719a1e3f16f (type: ports) to 5
2026-07-21 22:11:09.732 9 INFO neutron.wsgi [None req-1f9408c9-495d-4178-bd32-e58d42a37986 0f7f7e053e3442a78037b49262306c6b d386bf8f0a4a4805aaf1257f24304db5 - - - -] 199.19.213.130 "PUT /v2.0/ports/cad8bd85-688b-4e4a-a4be-b719a1e3f16f HTTP/1.1" status: 200 len: 1353 time: 0.7910173 /var/lib/openstack/lib/python3.10/site-packages/pycadf/identifier.py:71: UserWarning: Invalid uuid: neutron. To ensure interoperability, identifiers should be a valid uuid. warnings.warn(('Invalid uuid: %s. To ensure interoperability, '
2026-07-21 22:11:09.792 9 INFO neutron.notifiers.nova [-] Nova event matching ['req-e30a856a-23c8-4034-83af-79fb2568e35e'] response: {'name': 'network-changed', 'server_uuid': 'fcf6965e-8050-4492-a856-912288f570f2', 'tag': 'cad8bd85-688b-4e4a-a4be-b719a1e3f16f', 'status': 'completed', 'code': 200}
2026-07-21 22:11:09.817 10 INFO neutron.db.ovn_revision_numbers_db [None req-6763d7e9-83f9-4c2b-a305-ad23ab228c88 a179550bd99a4fd6af3a5e6f28150aeb 9e55c4fc1fa7418d8af6eabbdbfc05de - - - -] Successfully bumped revision number for resource 73a506e4-d392-473b-b80a-1d5bb2d809cb (type: router_ports) to 2
2026-07-21 22:11:09.819 10 INFO neutron.wsgi [None req-6763d7e9-83f9-4c2b-a305-ad23ab228c88 a179550bd99a4fd6af3a5e6f28150aeb 9e55c4fc1fa7418d8af6eabbdbfc05de - - - -] 10.0.0.116 "PUT /v2.0/routers/d4c5e6e0-e3cd-4fbe-8f51-cdfde9aa0e42/add_router_interface HTTP/1.1" status: 200 len: 503 time: 2.5922577
2026-07-21 22:11:09.824 9 INFO neutron.wsgi [req-06f9bdde-e177-452a-a7b8-b66c3da1fa72 req-5beaa341-359a-47e2-ae7f-39a97723393b b240058b33e640b08ca027793d4a2929 7e304895c205435cba65cc2763387986 - - 5fa42b4933be45809bb7aed0a16706c5 5fa42b4933be45809bb7aed0a16706c5] 199.19.213.130 "GET /v2.0/ports?tenant_id=d386bf8f0a4a4805aaf1257f24304db5&device_id=fcf6965e-8050-4492-a856-912288f570f2 HTTP/1.1" status: 200 len: 1546 time: 0.0649602
2026-07-21 22:11:09.825 10 WARNING neutron.scheduler.dhcp_agent_scheduler [None req-a1c342e6-fcbd-42d8-b6ad-54afc755bb25 ac5220b444c14425831cce4eeaf8556d e57e399179ee40228cc5c3922edb23b9 - - - -] No more DHCP agents
2026-07-21 22:11:09.827 10 WARNING neutron.api.rpc.agentnotifiers.dhcp_rpc_agent_api [None req-a1c342e6-fcbd-42d8-b6ad-54afc755bb25 ac5220b444c14425831cce4eeaf8556d e57e399179ee40228cc5c3922edb23b9 - - - -] Unable to schedule network 02b6b232-89d0-453b-9819-32f388bbab23: no agents available; will retry on subsequent port and subnet creation events.
2026-07-21 22:11:09.842 10 INFO neutron.db.ovn_revision_numbers_db [None req-a1c342e6-fcbd-42d8-b6ad-54afc755bb25 ac5220b444c14425831cce4eeaf8556d e57e399179ee40228cc5c3922edb23b9 - - - -] Successfully bumped revision number for resource 7f68d78b-03af-44d1-add0-cebfe094bcbb (type: subnets) to 0
2026-07-21 22:11:09.858 10 INFO neutron.wsgi [None req-a1c342e6-fcbd-42d8-b6ad-54afc755bb25 ac5220b444c14425831cce4eeaf8556d e57e399179ee40228cc5c3922edb23b9 - - - -] 10.0.0.116 "POST /v2.0/subnets HTTP/1.1" status: 201 len: 821 time: 0.3710942
2026-07-21 22:11:09.906 9 INFO neutron.wsgi [req-06f9bdde-e177-452a-a7b8-b66c3da1fa72 req-b5556cbb-5fd7-4577-878d-a8596ec69d78 b240058b33e640b08ca027793d4a2929 7e304895c205435cba65cc2763387986 - - 5fa42b4933be45809bb7aed0a16706c5 5fa42b4933be45809bb7aed0a16706c5] 199.19.213.130 "GET /v2.0/networks?id=ed2fffa9-0b42-4214-a354-0f6a81078ca0 HTTP/1.1" status: 200 len: 980 time: 0.0771122
2026-07-21 22:11:09.954 9 INFO neutron.wsgi [req-06f9bdde-e177-452a-a7b8-b66c3da1fa72 req-a39fe5ed-41fb-4cf9-8b19-e8bf0a7927fe b240058b33e640b08ca027793d4a2929 7e304895c205435cba65cc2763387986 - - 5fa42b4933be45809bb7aed0a16706c5 5fa42b4933be45809bb7aed0a16706c5] 199.19.213.130 "GET /v2.0/floatingips?fixed_ip_address=10.100.0.13&port_id=cad8bd85-688b-4e4a-a4be-b719a1e3f16f HTTP/1.1" status: 200 len: 1060 time: 0.0419533
2026-07-21 22:11:09.990 9 INFO neutron.wsgi [req-06f9bdde-e177-452a-a7b8-b66c3da1fa72 req-6d14eafa-91c4-4cc9-bd87-9d84a8d3e535 b240058b33e640b08ca027793d4a2929 7e304895c205435cba65cc2763387986 - - 5fa42b4933be45809bb7aed0a16706c5 5fa42b4933be45809bb7aed0a16706c5] 199.19.213.130 "GET /v2.0/floatingips?fixed_ip_address=10.100.0.14&port_id=cad8bd85-688b-4e4a-a4be-b719a1e3f16f HTTP/1.1" status: 200 len: 217 time: 0.0220740
2026-07-21 22:11:10.036 9 INFO neutron.db.ovn_revision_numbers_db [None req-4cf41096-bd17-4445-8bb0-dfb4722b3ce6 - - - - - -] Successfully bumped revision number for resource 73a506e4-d392-473b-b80a-1d5bb2d809cb (type: ports) to 3
2026-07-21 22:11:10.060 9 INFO neutron.wsgi [req-06f9bdde-e177-452a-a7b8-b66c3da1fa72 req-5ee48f3e-96f3-45dc-ba56-b03eecfef8e8 b240058b33e640b08ca027793d4a2929 7e304895c205435cba65cc2763387986 - - 5fa42b4933be45809bb7aed0a16706c5 5fa42b4933be45809bb7aed0a16706c5] 199.19.213.130 "GET /v2.0/subnets?id=9847a49c-389a-4f0b-b579-4c7a8bc8d9d9 HTTP/1.1" status: 200 len: 876 time: 0.0626724
2026-07-21 22:11:10.087 10 WARNING neutron.scheduler.dhcp_agent_scheduler [None req-aeb69b42-9cdd-4446-9a09-5a76c5e8367a ac5220b444c14425831cce4eeaf8556d e57e399179ee40228cc5c3922edb23b9 - - - -] No more DHCP agents
2026-07-21 22:11:10.090 10 WARNING neutron.api.rpc.agentnotifiers.dhcp_rpc_agent_api [None req-aeb69b42-9cdd-4446-9a09-5a76c5e8367a ac5220b444c14425831cce4eeaf8556d e57e399179ee40228cc5c3922edb23b9 - - - -] Unable to schedule network dbf9dbdc-fd7e-4782-a117-869456e5a21b: no agents available; will retry on subsequent port and subnet creation events.
2026-07-21 22:11:10.096 9 INFO neutron.wsgi [req-06f9bdde-e177-452a-a7b8-b66c3da1fa72 req-7373f24e-b934-4912-8ffb-e82357ad61bb b240058b33e640b08ca027793d4a2929 7e304895c205435cba65cc2763387986 - - 5fa42b4933be45809bb7aed0a16706c5 5fa42b4933be45809bb7aed0a16706c5] 199.19.213.130 "GET /v2.0/ports?network_id=ed2fffa9-0b42-4214-a354-0f6a81078ca0&device_owner=network%3Adhcp HTTP/1.1" status: 200 len: 210 time: 0.0248680
2026-07-21 22:11:10.105 10 INFO neutron.db.ovn_revision_numbers_db [None req-aeb69b42-9cdd-4446-9a09-5a76c5e8367a ac5220b444c14425831cce4eeaf8556d e57e399179ee40228cc5c3922edb23b9 - - - -] Successfully bumped revision number for resource bd8854c0-9b26-42fc-961f-12f10efe5d48 (type: subnets) to 0
2026-07-21 22:11:10.119 10 INFO neutron.wsgi [None req-aeb69b42-9cdd-4446-9a09-5a76c5e8367a ac5220b444c14425831cce4eeaf8556d e57e399179ee40228cc5c3922edb23b9 - - - -] 10.0.0.116 "POST /v2.0/subnets HTTP/1.1" status: 201 len: 830 time: 0.2512264
2026-07-21 22:11:10.175 9 INFO neutron.wsgi [req-06f9bdde-e177-452a-a7b8-b66c3da1fa72 req-614172f5-1d91-4791-9404-1923ab843a73 b240058b33e640b08ca027793d4a2929 7e304895c205435cba65cc2763387986 - - 5fa42b4933be45809bb7aed0a16706c5 5fa42b4933be45809bb7aed0a16706c5] 199.19.213.130 "GET /v2.0/networks/ed2fffa9-0b42-4214-a354-0f6a81078ca0?fields=segments HTTP/1.1" status: 200 len: 212 time: 0.0714178
2026-07-21 22:11:10.180 9 INFO neutron.db.ovn_revision_numbers_db [None req-4cf41096-bd17-4445-8bb0-dfb4722b3ce6 - - - - - -] Successfully bumped revision number for resource 73a506e4-d392-473b-b80a-1d5bb2d809cb (type: router_ports) to 3
2026-07-21 22:11:10.256 9 INFO neutron.wsgi [req-06f9bdde-e177-452a-a7b8-b66c3da1fa72 req-82756a77-80fe-40c2-80b3-3909f9e7fe21 b240058b33e640b08ca027793d4a2929 7e304895c205435cba65cc2763387986 - - 5fa42b4933be45809bb7aed0a16706c5 5fa42b4933be45809bb7aed0a16706c5] 199.19.213.130 "GET /v2.0/networks/ed2fffa9-0b42-4214-a354-0f6a81078ca0?fields=provider%3Aphysical_network&fields=provider%3Anetwork_type HTTP/1.1" status: 200 len: 277 time: 0.0637367
2026-07-21 22:11:10.278 10 INFO neutron.db.ovn_revision_numbers_db [None req-eb2784c7-c2d7-48e4-ae66-98d1b3c9e92d ac5220b444c14425831cce4eeaf8556d e57e399179ee40228cc5c3922edb23b9 - - - -] Successfully bumped revision number for resource b759d7b5-f6ac-458c-a690-642b2d8f36f7 (type: routers) to 1
2026-07-21 22:11:10.292 10 INFO neutron.wsgi [None req-eb2784c7-c2d7-48e4-ae66-98d1b3c9e92d ac5220b444c14425831cce4eeaf8556d e57e399179ee40228cc5c3922edb23b9 - - - -] 10.0.0.116 "POST /v2.0/routers HTTP/1.1" status: 201 len: 690 time: 0.1554203
2026-07-21 22:11:10.326 9 INFO neutron.wsgi [req-dfb1ebfd-c709-47b9-9faf-c2d7e1a5ceae req-d351298d-8276-48e1-8643-76f28d6e483b b240058b33e640b08ca027793d4a2929 7e304895c205435cba65cc2763387986 - - 5fa42b4933be45809bb7aed0a16706c5 5fa42b4933be45809bb7aed0a16706c5] 199.19.213.130 "GET /v2.0/ports?tenant_id=d386bf8f0a4a4805aaf1257f24304db5&device_id=fcf6965e-8050-4492-a856-912288f570f2 HTTP/1.1" status: 200 len: 1546 time: 0.0337329
2026-07-21 22:11:10.383 9 INFO neutron.wsgi [req-dfb1ebfd-c709-47b9-9faf-c2d7e1a5ceae req-f1844faa-5efb-436e-b803-3312c7122c82 b240058b33e640b08ca027793d4a2929 7e304895c205435cba65cc2763387986 - - 5fa42b4933be45809bb7aed0a16706c5 5fa42b4933be45809bb7aed0a16706c5] 199.19.213.130 "GET /v2.0/networks?id=ed2fffa9-0b42-4214-a354-0f6a81078ca0 HTTP/1.1" status: 200 len: 980 time: 0.0511792
2026-07-21 22:11:10.433 9 INFO neutron.wsgi [req-dfb1ebfd-c709-47b9-9faf-c2d7e1a5ceae req-1f237776-32e5-4efd-8e16-24a8b6f236d0 b240058b33e640b08ca027793d4a2929 7e304895c205435cba65cc2763387986 - - 5fa42b4933be45809bb7aed0a16706c5 5fa42b4933be45809bb7aed0a16706c5] 199.19.213.130 "GET /v2.0/floatingips?fixed_ip_address=10.100.0.13&port_id=cad8bd85-688b-4e4a-a4be-b719a1e3f16f HTTP/1.1" status: 200 len: 1060 time: 0.0422869
2026-07-21 22:11:10.466 9 INFO neutron.wsgi [req-dfb1ebfd-c709-47b9-9faf-c2d7e1a5ceae req-0f482d6a-0c5a-4877-b1b3-8d7bfeb31421 b240058b33e640b08ca027793d4a2929 7e304895c205435cba65cc2763387986 - - 5fa42b4933be45809bb7aed0a16706c5 5fa42b4933be45809bb7aed0a16706c5] 199.19.213.130 "GET /v2.0/floatingips?fixed_ip_address=10.100.0.14&port_id=cad8bd85-688b-4e4a-a4be-b719a1e3f16f HTTP/1.1" status: 200 len: 217 time: 0.0282626
2026-07-21 22:11:10.515 9 INFO neutron.wsgi [req-dfb1ebfd-c709-47b9-9faf-c2d7e1a5ceae req-254fe17d-15f6-480e-aa13-2b3be793b52d b240058b33e640b08ca027793d4a2929 7e304895c205435cba65cc2763387986 - - 5fa42b4933be45809bb7aed0a16706c5 5fa42b4933be45809bb7aed0a16706c5] 199.19.213.130 "GET /v2.0/subnets?id=9847a49c-389a-4f0b-b579-4c7a8bc8d9d9 HTTP/1.1" status: 200 len: 876 time: 0.0406938
2026-07-21 22:11:10.547 9 INFO neutron.wsgi [-] 10.0.0.133 "GET / HTTP/1.1" status: 200 len: 246 time: 0.0012479
2026-07-21 22:11:10.549 9 INFO neutron.wsgi [-] 10.0.0.133 "GET / HTTP/1.1" status: 200 len: 246 time: 0.0009537
2026-07-21 22:11:10.553 9 INFO neutron.wsgi [req-dfb1ebfd-c709-47b9-9faf-c2d7e1a5ceae req-d687c601-65c5-40ca-8cd2-3680be607331 b240058b33e640b08ca027793d4a2929 7e304895c205435cba65cc2763387986 - - 5fa42b4933be45809bb7aed0a16706c5 5fa42b4933be45809bb7aed0a16706c5] 199.19.213.130 "GET /v2.0/ports?network_id=ed2fffa9-0b42-4214-a354-0f6a81078ca0&device_owner=network%3Adhcp HTTP/1.1" status: 200 len: 210 time: 0.0317812
2026-07-21 22:11:10.628 9 INFO neutron.db.ovn_revision_numbers_db [None req-0d549a21-8dcb-46aa-844e-61fa8756fa9c a179550bd99a4fd6af3a5e6f28150aeb 9e55c4fc1fa7418d8af6eabbdbfc05de - - default default] Successfully bumped revision number for resource d46b61f1-2f7e-4ebe-9b6d-485d164e059e (type: security_groups) to 1
2026-07-21 22:11:10.631 9 INFO neutron.wsgi [req-dfb1ebfd-c709-47b9-9faf-c2d7e1a5ceae req-58dae183-f4fb-47e0-bd83-5c69996d636d b240058b33e640b08ca027793d4a2929 7e304895c205435cba65cc2763387986 - - 5fa42b4933be45809bb7aed0a16706c5 5fa42b4933be45809bb7aed0a16706c5] 199.19.213.130 "GET /v2.0/networks/ed2fffa9-0b42-4214-a354-0f6a81078ca0?fields=segments HTTP/1.1" status: 200 len: 212 time: 0.0677450
2026-07-21 22:11:10.632 9 INFO neutron.db.ovn_revision_numbers_db [None req-94272ee9-5dc7-434c-9b3b-6bbce6b222fe 25edbe39aea0484fba3b8998dc14d667 5e5d076111984350840abe4668aa36d5 - - - -] Successfully bumped revision number for resource c62f2b08-aa22-4f55-998f-9c2eb07f7bc6 (type: security_groups) to 1
2026-07-21 22:11:10.662 9 INFO neutron.wsgi [None req-0d549a21-8dcb-46aa-844e-61fa8756fa9c a179550bd99a4fd6af3a5e6f28150aeb 9e55c4fc1fa7418d8af6eabbdbfc05de - - default default] 10.0.0.116 "GET /v2.0/security-groups?tenant_id=48233586b37f4b359df56f4a619951a2&name=default HTTP/1.1" status: 200 len: 2996 time: 0.3439596
2026-07-21 22:11:10.669 9 INFO neutron.wsgi [None req-94272ee9-5dc7-434c-9b3b-6bbce6b222fe 25edbe39aea0484fba3b8998dc14d667 5e5d076111984350840abe4668aa36d5 - - - -] 10.0.0.116 "POST /v2.0/security-groups HTTP/1.1" status: 201 len: 1797 time: 0.2061458
2026-07-21 22:11:10.706 9 INFO neutron.wsgi [req-dfb1ebfd-c709-47b9-9faf-c2d7e1a5ceae req-53f26689-5995-40b7-8e11-cd5904c3a8e6 b240058b33e640b08ca027793d4a2929 7e304895c205435cba65cc2763387986 - - 5fa42b4933be45809bb7aed0a16706c5 5fa42b4933be45809bb7aed0a16706c5] 199.19.213.130 "GET /v2.0/networks/ed2fffa9-0b42-4214-a354-0f6a81078ca0?fields=provider%3Aphysical_network&fields=provider%3Anetwork_type HTTP/1.1" status: 200 len: 277 time: 0.0656450
2026-07-21 22:11:10.806 10 WARNING neutron.scheduler.dhcp_agent_scheduler [None req-6af636d9-51af-489c-bfd4-0a6ed2e964b8 ac5220b444c14425831cce4eeaf8556d e57e399179ee40228cc5c3922edb23b9 - - default default] No more DHCP agents
2026-07-21 22:11:10.810 10 WARNING neutron.api.rpc.agentnotifiers.dhcp_rpc_agent_api [None req-6af636d9-51af-489c-bfd4-0a6ed2e964b8 ac5220b444c14425831cce4eeaf8556d e57e399179ee40228cc5c3922edb23b9 - - default default] Unable to schedule network 02b6b232-89d0-453b-9819-32f388bbab23: no agents available; will retry on subsequent port and subnet creation events.
2026-07-21 22:11:10.886 10 INFO neutron.db.ovn_revision_numbers_db [None req-5d6dbb1c-4119-4d54-a2bb-5f72f13aaffd 25edbe39aea0484fba3b8998dc14d667 5e5d076111984350840abe4668aa36d5 - - - -] Successfully bumped revision number for resource f392d5ca-ce5e-421f-89b5-70fc472d00a6 (type: security_group_rules) to 0
2026-07-21 22:11:10.933 10 INFO neutron.wsgi [None req-5d6dbb1c-4119-4d54-a2bb-5f72f13aaffd 25edbe39aea0484fba3b8998dc14d667 5e5d076111984350840abe4668aa36d5 - - - -] 10.0.0.116 "POST /v2.0/security-group-rules HTTP/1.1" status: 201 len: 764 time: 0.2552161
2026-07-21 22:11:10.939 10 INFO neutron.db.ovn_revision_numbers_db [None req-6af636d9-51af-489c-bfd4-0a6ed2e964b8 ac5220b444c14425831cce4eeaf8556d e57e399179ee40228cc5c3922edb23b9 - - default default] Successfully bumped revision number for resource 16223c15-539d-4ed1-a36a-3907c88f7776 (type: ports) to 1
2026-07-21 22:11:11.001 10 INFO neutron.wsgi [req-01e97cb0-a528-4d55-ac89-760f185fa301 req-fae05add-b818-41e3-8886-4ac640db1fc2 0f7f7e053e3442a78037b49262306c6b d386bf8f0a4a4805aaf1257f24304db5 - - default default] 10.0.0.62 "GET /v2.0/ports?device_id=fcf6965e-8050-4492-a856-912288f570f2 HTTP/1.1" status: 200 len: 1356 time: 0.0473795
2026-07-21 22:11:11.054 10 INFO neutron.wsgi [req-01e97cb0-a528-4d55-ac89-760f185fa301 req-2844727f-2fe5-4ae5-aa04-fa14c98e4320 0f7f7e053e3442a78037b49262306c6b d386bf8f0a4a4805aaf1257f24304db5 - - default default] 10.0.0.62 "GET /v2.0/security-groups?id=ef1cfaa0-250f-47c8-97a8-65f8ef4cf7a7&fields=id&fields=name HTTP/1.1" status: 200 len: 312 time: 0.0421467
2026-07-21 22:11:11.058 9 INFO neutron.db.ovn_revision_numbers_db [None req-c8cb6daa-17a1-47a7-b133-17a215eefd33 25edbe39aea0484fba3b8998dc14d667 5e5d076111984350840abe4668aa36d5 - - - -] Successfully bumped revision number for resource ce5205de-26ec-43fc-9b59-f71eadd315c2 (type: security_group_rules) to 0
2026-07-21 22:11:11.066 10 INFO neutron.wsgi [None req-de169124-9fc6-4354-89ff-90ab8fcace26 a179550bd99a4fd6af3a5e6f28150aeb 9e55c4fc1fa7418d8af6eabbdbfc05de - - - -] 10.0.0.116 "DELETE /v2.0/security-groups/d46b61f1-2f7e-4ebe-9b6d-485d164e059e HTTP/1.1" status: 204 len: 168 time: 0.3994076
2026-07-21 22:11:11.087 9 INFO neutron.wsgi [None req-c8cb6daa-17a1-47a7-b133-17a215eefd33 25edbe39aea0484fba3b8998dc14d667 5e5d076111984350840abe4668aa36d5 - - - -] 10.0.0.116 "POST /v2.0/security-group-rules HTTP/1.1" status: 201 len: 769 time: 0.1488810
2026-07-21 22:11:11.235 9 INFO neutron.wsgi [req-1954bd1f-5fb5-4608-850d-692d2d71361e req-95e07948-6acd-4cd9-bcae-0856e1cb6491 0f7f7e053e3442a78037b49262306c6b d386bf8f0a4a4805aaf1257f24304db5 - - default default] 199.19.213.130 "GET /v2.0/ports?device_id=fcf6965e-8050-4492-a856-912288f570f2&device_owner=compute%3Anova&fixed_ips=ip_address%3D10.100.0.14 HTTP/1.1" status: 200 len: 1356 time: 0.0687728
2026-07-21 22:11:11.382 10 INFO neutron.db.ovn_revision_numbers_db [None req-6af636d9-51af-489c-bfd4-0a6ed2e964b8 ac5220b444c14425831cce4eeaf8556d e57e399179ee40228cc5c3922edb23b9 - - default default] Successfully bumped revision number for resource 16223c15-539d-4ed1-a36a-3907c88f7776 (type: router_ports) to 2
2026-07-21 22:11:11.468 9 WARNING neutron.scheduler.dhcp_agent_scheduler [None req-a0d09eb9-73c2-4d5f-9eef-7a14e0f00b03 25edbe39aea0484fba3b8998dc14d667 5e5d076111984350840abe4668aa36d5 - - - -] No more DHCP agents
2026-07-21 22:11:11.470 10 INFO neutron.db.ovn_revision_numbers_db [None req-6af636d9-51af-489c-bfd4-0a6ed2e964b8 ac5220b444c14425831cce4eeaf8556d e57e399179ee40228cc5c3922edb23b9 - - default default] Successfully bumped revision number for resource 16223c15-539d-4ed1-a36a-3907c88f7776 (type: ports) to 2
2026-07-21 22:11:11.473 9 WARNING neutron.api.rpc.agentnotifiers.dhcp_rpc_agent_api [None req-a0d09eb9-73c2-4d5f-9eef-7a14e0f00b03 25edbe39aea0484fba3b8998dc14d667 5e5d076111984350840abe4668aa36d5 - - - -] Unable to schedule network 526b6b94-2985-444b-8360-bdb71d9ad5a1: no agents available; will retry on subsequent port and subnet creation events.
2026-07-21 22:11:11.533 10 WARNING neutron.scheduler.dhcp_agent_scheduler [None req-6af636d9-51af-489c-bfd4-0a6ed2e964b8 ac5220b444c14425831cce4eeaf8556d e57e399179ee40228cc5c3922edb23b9 - - default default] No more DHCP agents
2026-07-21 22:11:11.534 10 WARNING neutron.api.rpc.agentnotifiers.dhcp_rpc_agent_api [None req-6af636d9-51af-489c-bfd4-0a6ed2e964b8 ac5220b444c14425831cce4eeaf8556d e57e399179ee40228cc5c3922edb23b9 - - default default] Unable to schedule network 02b6b232-89d0-453b-9819-32f388bbab23: no agents available; will retry on subsequent port and subnet creation events.
2026-07-21 22:11:11.694 10 INFO neutron.db.ovn_revision_numbers_db [None req-6af636d9-51af-489c-bfd4-0a6ed2e964b8 ac5220b444c14425831cce4eeaf8556d e57e399179ee40228cc5c3922edb23b9 - - - -] Successfully bumped revision number for resource 16223c15-539d-4ed1-a36a-3907c88f7776 (type: router_ports) to 2
2026-07-21 22:11:11.698 10 INFO neutron.wsgi [None req-6af636d9-51af-489c-bfd4-0a6ed2e964b8 ac5220b444c14425831cce4eeaf8556d e57e399179ee40228cc5c3922edb23b9 - - - -] 10.0.0.116 "PUT /v2.0/routers/b759d7b5-f6ac-458c-a690-642b2d8f36f7/add_router_interface HTTP/1.1" status: 200 len: 503 time: 1.3998725
2026-07-21 22:11:11.740 10 INFO neutron.wsgi [None req-5031867c-f3d4-4782-9cb5-5b92dc78e884 ac5220b444c14425831cce4eeaf8556d e57e399179ee40228cc5c3922edb23b9 - - default default] 10.0.0.116 "GET /v2.0/ports/16223c15-539d-4ed1-a36a-3907c88f7776 HTTP/1.1" status: 200 len: 1139 time: 0.0354218
2026-07-21 22:11:11.777 9 INFO neutron.db.ovn_revision_numbers_db [None req-fd6d4ced-6f32-4783-af8a-7ffacad4f2fb 0f7f7e053e3442a78037b49262306c6b d386bf8f0a4a4805aaf1257f24304db5 - - - -] Successfully bumped revision number for resource cad8bd85-688b-4e4a-a4be-b719a1e3f16f (type: ports) to 6
2026-07-21 22:11:11.806 9 INFO neutron.wsgi [None req-fd6d4ced-6f32-4783-af8a-7ffacad4f2fb 0f7f7e053e3442a78037b49262306c6b d386bf8f0a4a4805aaf1257f24304db5 - - - -] 199.19.213.130 "PUT /v2.0/ports/cad8bd85-688b-4e4a-a4be-b719a1e3f16f HTTP/1.1" status: 200 len: 1171 time: 0.5653083 /var/lib/openstack/lib/python3.10/site-packages/pycadf/identifier.py:71: UserWarning: Invalid uuid: neutron. To ensure interoperability, identifiers should be a valid uuid. warnings.warn(('Invalid uuid: %s. To ensure interoperability, '
2026-07-21 22:11:11.852 9 INFO neutron.notifiers.nova [-] Nova event matching ['req-43cde671-aedc-492e-ac10-3d514a43e83e'] response: {'name': 'network-changed', 'server_uuid': 'fcf6965e-8050-4492-a856-912288f570f2', 'tag': 'cad8bd85-688b-4e4a-a4be-b719a1e3f16f', 'status': 'completed', 'code': 200}
2026-07-21 22:11:11.881 9 INFO neutron.wsgi [req-1954bd1f-5fb5-4608-850d-692d2d71361e req-4a1bad59-4876-4eaf-b59c-e72e226e0ea7 b240058b33e640b08ca027793d4a2929 7e304895c205435cba65cc2763387986 - - 5fa42b4933be45809bb7aed0a16706c5 5fa42b4933be45809bb7aed0a16706c5] 199.19.213.130 "GET /v2.0/ports?tenant_id=d386bf8f0a4a4805aaf1257f24304db5&device_id=fcf6965e-8050-4492-a856-912288f570f2 HTTP/1.1" status: 200 len: 1365 time: 0.0371475
2026-07-21 22:11:11.897 9 INFO neutron.db.ovn_revision_numbers_db [None req-a0d09eb9-73c2-4d5f-9eef-7a14e0f00b03 25edbe39aea0484fba3b8998dc14d667 5e5d076111984350840abe4668aa36d5 - - - -] Successfully bumped revision number for resource 65a372a5-886b-4d9b-9fc9-7b1f881f0e4b (type: floatingips) to 0
2026-07-21 22:11:11.920 9 INFO neutron.wsgi [None req-a0d09eb9-73c2-4d5f-9eef-7a14e0f00b03 25edbe39aea0484fba3b8998dc14d667 5e5d076111984350840abe4668aa36d5 - - - -] 10.0.0.116 "POST /v2.0/floatingips HTTP/1.1" status: 201 len: 751 time: 0.8271022
2026-07-21 22:11:11.987 9 INFO neutron.wsgi [req-1954bd1f-5fb5-4608-850d-692d2d71361e req-a98f9f58-92ef-4db2-98a0-8a87a3122106 b240058b33e640b08ca027793d4a2929 7e304895c205435cba65cc2763387986 - - 5fa42b4933be45809bb7aed0a16706c5 5fa42b4933be45809bb7aed0a16706c5] 199.19.213.130 "GET /v2.0/networks?id=ed2fffa9-0b42-4214-a354-0f6a81078ca0 HTTP/1.1" status: 200 len: 980 time: 0.0978467
2026-07-21 22:11:12.052 9 INFO neutron.wsgi [req-1954bd1f-5fb5-4608-850d-692d2d71361e req-954be186-af1c-49ea-847f-e749b1bc8313 b240058b33e640b08ca027793d4a2929 7e304895c205435cba65cc2763387986 - - 5fa42b4933be45809bb7aed0a16706c5 5fa42b4933be45809bb7aed0a16706c5] 199.19.213.130 "GET /v2.0/floatingips?fixed_ip_address=10.100.0.13&port_id=cad8bd85-688b-4e4a-a4be-b719a1e3f16f HTTP/1.1" status: 200 len: 1060 time: 0.0535321
2026-07-21 22:11:12.093 9 INFO neutron.wsgi [req-1954bd1f-5fb5-4608-850d-692d2d71361e req-63b3d9b9-72c6-43aa-83b3-c59b6e124b25 b240058b33e640b08ca027793d4a2929 7e304895c205435cba65cc2763387986 - - 5fa42b4933be45809bb7aed0a16706c5 5fa42b4933be45809bb7aed0a16706c5] 199.19.213.130 "GET /v2.0/subnets?id=9847a49c-389a-4f0b-b579-4c7a8bc8d9d9 HTTP/1.1" status: 200 len: 876 time: 0.0326853
2026-07-21 22:11:12.126 9 INFO neutron.wsgi [req-1954bd1f-5fb5-4608-850d-692d2d71361e req-79ca3634-3db4-440a-a9dc-a36bbdadfa6e b240058b33e640b08ca027793d4a2929 7e304895c205435cba65cc2763387986 - - 5fa42b4933be45809bb7aed0a16706c5 5fa42b4933be45809bb7aed0a16706c5] 199.19.213.130 "GET /v2.0/ports?network_id=ed2fffa9-0b42-4214-a354-0f6a81078ca0&device_owner=network%3Adhcp HTTP/1.1" status: 200 len: 210 time: 0.0277836
2026-07-21 22:11:12.191 9 INFO neutron.wsgi [req-1954bd1f-5fb5-4608-850d-692d2d71361e req-ca7cb352-a2aa-4fd3-bba8-f94fd22054ee b240058b33e640b08ca027793d4a2929 7e304895c205435cba65cc2763387986 - - 5fa42b4933be45809bb7aed0a16706c5 5fa42b4933be45809bb7aed0a16706c5] 199.19.213.130 "GET /v2.0/networks/ed2fffa9-0b42-4214-a354-0f6a81078ca0?fields=segments HTTP/1.1" status: 200 len: 212 time: 0.0592172
2026-07-21 22:11:12.254 9 INFO neutron.wsgi [req-1954bd1f-5fb5-4608-850d-692d2d71361e req-5797a751-ffff-4245-9d9e-e99d143d4e87 b240058b33e640b08ca027793d4a2929 7e304895c205435cba65cc2763387986 - - 5fa42b4933be45809bb7aed0a16706c5 5fa42b4933be45809bb7aed0a16706c5] 199.19.213.130 "GET /v2.0/networks/ed2fffa9-0b42-4214-a354-0f6a81078ca0?fields=provider%3Aphysical_network&fields=provider%3Anetwork_type HTTP/1.1" status: 200 len: 277 time: 0.0540328
2026-07-21 22:11:12.325 9 INFO neutron.wsgi [req-630d56c4-f0d7-4ee0-bd37-a75e95261920 req-810cea8c-cc93-4443-9397-f1b162b3c420 b240058b33e640b08ca027793d4a2929 7e304895c205435cba65cc2763387986 - - 5fa42b4933be45809bb7aed0a16706c5 5fa42b4933be45809bb7aed0a16706c5] 199.19.213.130 "GET /v2.0/ports?tenant_id=d386bf8f0a4a4805aaf1257f24304db5&device_id=fcf6965e-8050-4492-a856-912288f570f2 HTTP/1.1" status: 200 len: 1365 time: 0.0352163
2026-07-21 22:11:12.393 10 INFO neutron.wsgi [req-ce1998ea-13ae-4702-9a47-253a54844862 req-f12a62e9-0999-4734-8616-e6cc451d8428 25edbe39aea0484fba3b8998dc14d667 5e5d076111984350840abe4668aa36d5 - - default default] 10.0.0.62 "GET /v2.0/security-groups?name=tempest-securitygroup--1962262691&fields=id&tenant_id=5e5d076111984350840abe4668aa36d5 HTTP/1.1" status: 200 len: 267 time: 0.0478740
2026-07-21 22:11:12.398 9 INFO neutron.wsgi [req-630d56c4-f0d7-4ee0-bd37-a75e95261920 req-4515fa08-fb57-49e3-85ce-886393c42fac b240058b33e640b08ca027793d4a2929 7e304895c205435cba65cc2763387986 - - 5fa42b4933be45809bb7aed0a16706c5 5fa42b4933be45809bb7aed0a16706c5] 199.19.213.130 "GET /v2.0/networks?id=ed2fffa9-0b42-4214-a354-0f6a81078ca0 HTTP/1.1" status: 200 len: 980 time: 0.0670381
2026-07-21 22:11:12.487 10 INFO neutron.wsgi [req-ce1998ea-13ae-4702-9a47-253a54844862 req-8df602f2-6e7a-4c2e-8a0c-729ffc636b34 25edbe39aea0484fba3b8998dc14d667 5e5d076111984350840abe4668aa36d5 - - default default] 10.0.0.62 "GET /v2.0/networks?id=c0c88738-35f3-4754-8f19-d9ecfdf00bcd HTTP/1.1" status: 200 len: 869 time: 0.0777128
2026-07-21 22:11:12.514 10 INFO neutron.wsgi [req-ce1998ea-13ae-4702-9a47-253a54844862 req-2b0570f9-e43d-497e-8eb6-a174909b80f8 25edbe39aea0484fba3b8998dc14d667 5e5d076111984350840abe4668aa36d5 - - default default] 10.0.0.62 "GET /v2.0/quotas/5e5d076111984350840abe4668aa36d5 HTTP/1.1" status: 200 len: 386 time: 0.0151656
2026-07-21 22:11:12.631 10 INFO neutron.wsgi [req-ce1998ea-13ae-4702-9a47-253a54844862 req-4ec798b6-5172-44c1-9d08-a84ea5069c31 25edbe39aea0484fba3b8998dc14d667 5e5d076111984350840abe4668aa36d5 - - default default] 10.0.0.62 "GET /v2.0/ports?tenant_id=5e5d076111984350840abe4668aa36d5&fields=id HTTP/1.1" status: 200 len: 302 time: 0.1084745
2026-07-21 22:11:12.672 10 WARNING neutron.scheduler.dhcp_agent_scheduler [None req-ca768db8-eb5f-4aae-a707-43c43502c54e ac5220b444c14425831cce4eeaf8556d e57e399179ee40228cc5c3922edb23b9 - - default default] No more DHCP agents
2026-07-21 22:11:12.677 10 WARNING neutron.api.rpc.agentnotifiers.dhcp_rpc_agent_api [None req-ca768db8-eb5f-4aae-a707-43c43502c54e ac5220b444c14425831cce4eeaf8556d e57e399179ee40228cc5c3922edb23b9 - - default default] Unable to schedule network dbf9dbdc-fd7e-4782-a117-869456e5a21b: no agents available; will retry on subsequent port and subnet creation events.
2026-07-21 22:11:12.712 9 INFO neutron.wsgi [req-630d56c4-f0d7-4ee0-bd37-a75e95261920 req-c7a95ffa-3e3e-4c32-95a0-d0d29ca9a511 b240058b33e640b08ca027793d4a2929 7e304895c205435cba65cc2763387986 - - 5fa42b4933be45809bb7aed0a16706c5 5fa42b4933be45809bb7aed0a16706c5] 199.19.213.130 "GET /v2.0/floatingips?fixed_ip_address=10.100.0.13&port_id=cad8bd85-688b-4e4a-a4be-b719a1e3f16f HTTP/1.1" status: 200 len: 1060 time: 0.2977779
2026-07-21 22:11:12.721 10 INFO neutron.wsgi [req-ce1998ea-13ae-4702-9a47-253a54844862 req-7e7c9988-30cf-437c-9f54-bcad0cb5a633 b240058b33e640b08ca027793d4a2929 7e304895c205435cba65cc2763387986 - - 5fa42b4933be45809bb7aed0a16706c5 5fa42b4933be45809bb7aed0a16706c5] 10.0.0.62 "GET /v2.0/networks/c0c88738-35f3-4754-8f19-d9ecfdf00bcd?fields=segments HTTP/1.1" status: 200 len: 212 time: 0.0693414
2026-07-21 22:11:12.750 9 INFO neutron.wsgi [req-630d56c4-f0d7-4ee0-bd37-a75e95261920 req-94287f72-c39a-4031-828b-9126ca9653f1 b240058b33e640b08ca027793d4a2929 7e304895c205435cba65cc2763387986 - - 5fa42b4933be45809bb7aed0a16706c5 5fa42b4933be45809bb7aed0a16706c5] 199.19.213.130 "GET /v2.0/subnets?id=9847a49c-389a-4f0b-b579-4c7a8bc8d9d9 HTTP/1.1" status: 200 len: 876 time: 0.0306363
2026-07-21 22:11:12.776 9 INFO neutron.wsgi [req-630d56c4-f0d7-4ee0-bd37-a75e95261920 req-3850c52d-fa33-46a3-9d32-8da9f40523de b240058b33e640b08ca027793d4a2929 7e304895c205435cba65cc2763387986 - - 5fa42b4933be45809bb7aed0a16706c5 5fa42b4933be45809bb7aed0a16706c5] 199.19.213.130 "GET /v2.0/ports?network_id=ed2fffa9-0b42-4214-a354-0f6a81078ca0&device_owner=network%3Adhcp HTTP/1.1" status: 200 len: 210 time: 0.0203207
2026-07-21 22:11:12.796 10 INFO neutron.wsgi [req-ce1998ea-13ae-4702-9a47-253a54844862 req-63399ca2-ebe9-4344-b98a-2478b2cf8649 b240058b33e640b08ca027793d4a2929 7e304895c205435cba65cc2763387986 - - 5fa42b4933be45809bb7aed0a16706c5 5fa42b4933be45809bb7aed0a16706c5] 10.0.0.62 "GET /v2.0/networks/c0c88738-35f3-4754-8f19-d9ecfdf00bcd?fields=provider%3Aphysical_network&fields=provider%3Anetwork_type HTTP/1.1" status: 200 len: 277 time: 0.0559189
2026-07-21 22:11:12.797 10 INFO neutron.db.ovn_revision_numbers_db [None req-ca768db8-eb5f-4aae-a707-43c43502c54e ac5220b444c14425831cce4eeaf8556d e57e399179ee40228cc5c3922edb23b9 - - default default] Successfully bumped revision number for resource 7f333b66-7e91-4089-a62a-5fbf823f08f3 (type: ports) to 1
2026-07-21 22:11:12.835 9 INFO neutron.wsgi [req-630d56c4-f0d7-4ee0-bd37-a75e95261920 req-56225026-4fd0-4dda-9e15-bb33a0690070 b240058b33e640b08ca027793d4a2929 7e304895c205435cba65cc2763387986 - - 5fa42b4933be45809bb7aed0a16706c5 5fa42b4933be45809bb7aed0a16706c5] 199.19.213.130 "GET /v2.0/networks/ed2fffa9-0b42-4214-a354-0f6a81078ca0?fields=segments HTTP/1.1" status: 200 len: 212 time: 0.0528119
2026-07-21 22:11:12.915 9 INFO neutron.wsgi [req-630d56c4-f0d7-4ee0-bd37-a75e95261920 req-ebb5163e-c2c4-442e-ad38-58cccd2bd1a3 b240058b33e640b08ca027793d4a2929 7e304895c205435cba65cc2763387986 - - 5fa42b4933be45809bb7aed0a16706c5 5fa42b4933be45809bb7aed0a16706c5] 199.19.213.130 "GET /v2.0/networks/ed2fffa9-0b42-4214-a354-0f6a81078ca0?fields=provider%3Aphysical_network&fields=provider%3Anetwork_type HTTP/1.1" status: 200 len: 277 time: 0.0701585
2026-07-21 22:11:13.003 10 INFO neutron.wsgi [req-8b7df099-5a67-4073-afc3-2b98e785ebdd req-0003bb8e-b639-44d1-9b66-d9a55b7bff02 25edbe39aea0484fba3b8998dc14d667 5e5d076111984350840abe4668aa36d5 - - default default] 10.0.0.62 "GET /v2.0/ports?device_id=24adb144-eb08-4089-ad0e-03b79d7eab96 HTTP/1.1" status: 200 len: 210 time: 0.0287087
2026-07-21 22:11:13.302 10 INFO neutron.plugins.ml2.drivers.ovn.mech_driver.mech_driver [None req-58c51a0d-b544-4932-b343-a9faa2598fbf - - - - - -] OVN reports status up for port: 7f333b66-7e91-4089-a62a-5fbf823f08f3
2026-07-21 22:11:13.310 10 INFO neutron.plugins.ml2.plugin [None req-58c51a0d-b544-4932-b343-a9faa2598fbf - - - - - -] Attempt 1 to provision port 7f333b66-7e91-4089-a62a-5fbf823f08f3
2026-07-21 22:11:13.312 10 INFO neutron.db.ovn_revision_numbers_db [None req-ca768db8-eb5f-4aae-a707-43c43502c54e ac5220b444c14425831cce4eeaf8556d e57e399179ee40228cc5c3922edb23b9 - - default default] Successfully bumped revision number for resource 7f333b66-7e91-4089-a62a-5fbf823f08f3 (type: router_ports) to 2
2026-07-21 22:11:13.446 10 INFO neutron.wsgi [req-583e633b-936f-4f27-b2b0-d26834dee5c5 req-1c2348bd-3fed-46a7-8ed6-b37d4b5d6e8f 0f7f7e053e3442a78037b49262306c6b d386bf8f0a4a4805aaf1257f24304db5 - - default default] 10.0.0.62 "GET /v2.0/ports?device_id=fcf6965e-8050-4492-a856-912288f570f2 HTTP/1.1" status: 200 len: 1174 time: 0.0425742
2026-07-21 22:11:13.468 10 INFO neutron.db.ovn_revision_numbers_db [None req-ca768db8-eb5f-4aae-a707-43c43502c54e ac5220b444c14425831cce4eeaf8556d e57e399179ee40228cc5c3922edb23b9 - - default default] Successfully bumped revision number for resource 7f333b66-7e91-4089-a62a-5fbf823f08f3 (type: ports) to 2
2026-07-21 22:11:13.506 10 INFO neutron.wsgi [req-583e633b-936f-4f27-b2b0-d26834dee5c5 req-f101f20c-fdde-4da6-9a34-ab2210cb5ba3 0f7f7e053e3442a78037b49262306c6b d386bf8f0a4a4805aaf1257f24304db5 - - default default] 10.0.0.62 "GET /v2.0/security-groups?id=ef1cfaa0-250f-47c8-97a8-65f8ef4cf7a7&fields=id&fields=name HTTP/1.1" status: 200 len: 312 time: 0.0482502
2026-07-21 22:11:13.565 10 WARNING neutron.scheduler.dhcp_agent_scheduler [None req-ca768db8-eb5f-4aae-a707-43c43502c54e ac5220b444c14425831cce4eeaf8556d e57e399179ee40228cc5c3922edb23b9 - - default default] No more DHCP agents
2026-07-21 22:11:13.567 10 WARNING neutron.api.rpc.agentnotifiers.dhcp_rpc_agent_api [None req-ca768db8-eb5f-4aae-a707-43c43502c54e ac5220b444c14425831cce4eeaf8556d e57e399179ee40228cc5c3922edb23b9 - - default default] Unable to schedule network dbf9dbdc-fd7e-4782-a117-869456e5a21b: no agents available; will retry on subsequent port and subnet creation events.
2026-07-21 22:11:13.674 10 INFO neutron.db.ovn_revision_numbers_db [None req-58c51a0d-b544-4932-b343-a9faa2598fbf - - - - - -] Successfully bumped revision number for resource 7f333b66-7e91-4089-a62a-5fbf823f08f3 (type: ports) to 3
2026-07-21 22:11:13.740 9 INFO neutron.wsgi [req-ce1998ea-13ae-4702-9a47-253a54844862 req-38cdcc1a-8186-4b6a-9911-bed5affdf7d3 25edbe39aea0484fba3b8998dc14d667 5e5d076111984350840abe4668aa36d5 - - default default] 199.19.213.130 "GET /v2.0/networks?id=c0c88738-35f3-4754-8f19-d9ecfdf00bcd HTTP/1.1" status: 200 len: 869 time: 0.0795634
2026-07-21 22:11:13.766 9 INFO neutron.wsgi [req-bce9637a-f4b7-4d4c-9214-29e252378540 req-e241c69f-1564-47c6-93db-ecec6343319c 0f7f7e053e3442a78037b49262306c6b d386bf8f0a4a4805aaf1257f24304db5 - - default default] 199.19.213.130 "GET /v2.0/ports?device_id=fcf6965e-8050-4492-a856-912288f570f2 HTTP/1.1" status: 200 len: 1174 time: 0.0410554
2026-07-21 22:11:13.784 10 INFO neutron.db.ovn_revision_numbers_db [None req-ca768db8-eb5f-4aae-a707-43c43502c54e ac5220b444c14425831cce4eeaf8556d e57e399179ee40228cc5c3922edb23b9 - - - -] Successfully bumped revision number for resource 7f333b66-7e91-4089-a62a-5fbf823f08f3 (type: router_ports) to 3
2026-07-21 22:11:13.787 10 INFO neutron.wsgi [None req-ca768db8-eb5f-4aae-a707-43c43502c54e ac5220b444c14425831cce4eeaf8556d e57e399179ee40228cc5c3922edb23b9 - - - -] 10.0.0.116 "PUT /v2.0/routers/b759d7b5-f6ac-458c-a690-642b2d8f36f7/add_router_interface HTTP/1.1" status: 200 len: 503 time: 2.0389836
2026-07-21 22:11:13.805 9 INFO neutron.wsgi [req-ce1998ea-13ae-4702-9a47-253a54844862 req-07c5177e-bd5a-43cb-a142-03a1edc1b1c4 25edbe39aea0484fba3b8998dc14d667 5e5d076111984350840abe4668aa36d5 - - default default] 199.19.213.130 "GET /v2.0/security-groups?fields=id&fields=name&tenant_id=5e5d076111984350840abe4668aa36d5 HTTP/1.1" status: 200 len: 380 time: 0.0571668
2026-07-21 22:11:13.840 10 INFO neutron.wsgi [None req-02dc4ff1-8764-4826-a9b0-07a821c1f6a4 ac5220b444c14425831cce4eeaf8556d e57e399179ee40228cc5c3922edb23b9 - - default default] 10.0.0.116 "GET /v2.0/ports/7f333b66-7e91-4089-a62a-5fbf823f08f3 HTTP/1.1" status: 200 len: 1149 time: 0.0448072
2026-07-21 22:11:13.885 10 INFO neutron.wsgi [None req-e8f7997e-dc42-46e8-941d-35bef5900afb ac5220b444c14425831cce4eeaf8556d e57e399179ee40228cc5c3922edb23b9 - - default default] 10.0.0.116 "GET /v2.0/ports/7f333b66-7e91-4089-a62a-5fbf823f08f3 HTTP/1.1" status: 200 len: 1149 time: 0.0389247
2026-07-21 22:11:14.104 10 INFO neutron.wsgi [req-ffa3dd1e-8e72-4fbd-b8df-a546c605aab3 req-5f730426-b53d-40fb-b925-797ec2bf245d 25edbe39aea0484fba3b8998dc14d667 5e5d076111984350840abe4668aa36d5 - - default default] 10.0.0.62 "GET /v2.0/ports?device_id=24adb144-eb08-4089-ad0e-03b79d7eab96 HTTP/1.1" status: 200 len: 210 time: 0.0312397
2026-07-21 22:11:14.176 9 INFO neutron.db.l3_db [None req-ec6f429e-f940-4475-a65a-87d082fe9ff4 0f7f7e053e3442a78037b49262306c6b d386bf8f0a4a4805aaf1257f24304db5 - - - -] Floating IP 317eaed5-e3b8-41f7-98ee-e64675ac7ebd disassociated. External IP: 10.96.250.213, port: cad8bd85-688b-4e4a-a4be-b719a1e3f16f.
2026-07-21 22:11:14.300 9 WARNING neutron.scheduler.dhcp_agent_scheduler [None req-b9f41b52-e614-4fb7-a1a4-64317155c603 25edbe39aea0484fba3b8998dc14d667 5e5d076111984350840abe4668aa36d5 - - - -] No more DHCP agents
2026-07-21 22:11:14.301 9 WARNING neutron.api.rpc.agentnotifiers.dhcp_rpc_agent_api [None req-b9f41b52-e614-4fb7-a1a4-64317155c603 25edbe39aea0484fba3b8998dc14d667 5e5d076111984350840abe4668aa36d5 - - - -] Unable to schedule network c0c88738-35f3-4754-8f19-d9ecfdf00bcd: no agents available; will retry on subsequent port and subnet creation events.
2026-07-21 22:11:14.396 9 INFO neutron.wsgi [None req-ec6f429e-f940-4475-a65a-87d082fe9ff4 0f7f7e053e3442a78037b49262306c6b d386bf8f0a4a4805aaf1257f24304db5 - - - -] 199.19.213.130 "DELETE /v2.0/ports/cad8bd85-688b-4e4a-a4be-b719a1e3f16f HTTP/1.1" status: 204 len: 173 time: 0.6204131
2026-07-21 22:11:14.441 9 INFO neutron.notifiers.nova [-] Nova event matching ['req-1ed1a283-4af0-43fc-8b3b-0f566553ec3b'] response: {'server_uuid': 'fcf6965e-8050-4492-a856-912288f570f2', 'name': 'network-vif-deleted', 'tag': 'cad8bd85-688b-4e4a-a4be-b719a1e3f16f', 'status': 'completed', 'code': 200}
2026-07-21 22:11:14.493 9 INFO neutron.db.ovn_revision_numbers_db [None req-b9f41b52-e614-4fb7-a1a4-64317155c603 25edbe39aea0484fba3b8998dc14d667 5e5d076111984350840abe4668aa36d5 - - - -] Successfully bumped revision number for resource 77440a44-efa4-472b-be59-4f57502c6002 (type: ports) to 1
2026-07-21 22:11:14.516 9 INFO neutron.wsgi [None req-b9f41b52-e614-4fb7-a1a4-64317155c603 25edbe39aea0484fba3b8998dc14d667 5e5d076111984350840abe4668aa36d5 - - - -] 199.19.213.130 "POST /v2.0/ports HTTP/1.1" status: 201 len: 1162 time: 0.7053499 /var/lib/openstack/lib/python3.10/site-packages/pycadf/identifier.py:71: UserWarning: Invalid uuid: neutron. To ensure interoperability, identifiers should be a valid uuid. warnings.warn(('Invalid uuid: %s. To ensure interoperability, '
