2026-07-21 22:15:11.255 10 INFO neutron.db.ovn_revision_numbers_db [None req-a7d08bbe-892a-4e72-b4e0-8ad18f997dff 53a54d13135a4888b98edc1c9fbfacbb dc47df5da8024306bc550e35acc2461a - - - -] Successfully bumped revision number for resource caf5fefb-9d56-48c3-87e2-bb43523a7ebe (type: security_group_rules) to 0
2026-07-21 22:15:11.287 10 INFO neutron.wsgi [None req-a7d08bbe-892a-4e72-b4e0-8ad18f997dff 53a54d13135a4888b98edc1c9fbfacbb dc47df5da8024306bc550e35acc2461a - - - -] 10.0.0.116 "POST /v2.0/security-group-rules HTTP/1.1" status: 201 len: 764 time: 0.1710081
2026-07-21 22:15:11.503 9 WARNING neutron.plugins.ml2.drivers.ovn.mech_driver.ovsdb.ovn_client [None req-4cf41096-bd17-4445-8bb0-dfb4722b3ce6 - - - - - -] No hosting information found for port 4362b4c2-152d-4818-ae7e-2691d3eb1502: RuntimeError: No hosting information found for port 4362b4c2-152d-4818-ae7e-2691d3eb1502
2026-07-21 22:15:11.605 10 INFO neutron.wsgi [req-b3189d36-19e2-4cd2-bc40-4f997decfee4 req-d66d98e0-032c-469f-aeab-91a9195e1b93 53a54d13135a4888b98edc1c9fbfacbb dc47df5da8024306bc550e35acc2461a - - default default] 10.0.0.62 "GET /v2.0/security-groups?name=tempest-lb_member_SG-340983342&fields=id&tenant_id=dc47df5da8024306bc550e35acc2461a HTTP/1.1" status: 200 len: 267 time: 0.0453010
2026-07-21 22:15:11.691 10 INFO neutron.wsgi [req-b3189d36-19e2-4cd2-bc40-4f997decfee4 req-5dd7ee08-3a36-4a5e-9e74-65f4192b93b1 53a54d13135a4888b98edc1c9fbfacbb dc47df5da8024306bc550e35acc2461a - - default default] 10.0.0.62 "GET /v2.0/networks?id=31d65037-0332-4a12-9aa0-dadf00d734a3 HTTP/1.1" status: 200 len: 903 time: 0.0794756
2026-07-21 22:15:11.710 10 INFO neutron.wsgi [req-b3189d36-19e2-4cd2-bc40-4f997decfee4 req-9aa1c2c9-c067-4719-a007-4bb1b06aaca9 53a54d13135a4888b98edc1c9fbfacbb dc47df5da8024306bc550e35acc2461a - - default default] 10.0.0.62 "GET /v2.0/quotas/dc47df5da8024306bc550e35acc2461a HTTP/1.1" status: 200 len: 386 time: 0.0122027
2026-07-21 22:15:12.235 10 INFO neutron.wsgi [req-b3189d36-19e2-4cd2-bc40-4f997decfee4 req-89fdc8c6-7b90-4805-aca2-1c8f84b039a5 53a54d13135a4888b98edc1c9fbfacbb dc47df5da8024306bc550e35acc2461a - - default default] 10.0.0.62 "GET /v2.0/ports?tenant_id=dc47df5da8024306bc550e35acc2461a&fields=id HTTP/1.1" status: 200 len: 486 time: 0.5193160
2026-07-21 22:15:12.302 10 INFO neutron.wsgi [req-b3189d36-19e2-4cd2-bc40-4f997decfee4 req-9065fdd2-c22b-48f2-899b-16331c9536e0 b240058b33e640b08ca027793d4a2929 7e304895c205435cba65cc2763387986 - - 5fa42b4933be45809bb7aed0a16706c5 5fa42b4933be45809bb7aed0a16706c5] 10.0.0.62 "GET /v2.0/networks/31d65037-0332-4a12-9aa0-dadf00d734a3?fields=segments HTTP/1.1" status: 200 len: 212 time: 0.0549757
2026-07-21 22:15:12.372 10 INFO neutron.wsgi [req-b3189d36-19e2-4cd2-bc40-4f997decfee4 req-1df9f03c-bb82-43d9-a55e-374486e5ff10 b240058b33e640b08ca027793d4a2929 7e304895c205435cba65cc2763387986 - - 5fa42b4933be45809bb7aed0a16706c5 5fa42b4933be45809bb7aed0a16706c5] 10.0.0.62 "GET /v2.0/networks/31d65037-0332-4a12-9aa0-dadf00d734a3?fields=provider%3Aphysical_network&fields=provider%3Anetwork_type HTTP/1.1" status: 200 len: 277 time: 0.0608060
2026-07-21 22:15:12.516 10 INFO neutron.wsgi [req-e0ae774f-5407-445e-bd84-3e9fd06fb1f2 req-a98b5e16-e65a-4533-bf0c-d5e6aee51cc0 53a54d13135a4888b98edc1c9fbfacbb dc47df5da8024306bc550e35acc2461a - - default default] 10.0.0.62 "GET /v2.0/ports?device_id=c0dd93e7-0893-478d-9e20-d05a851905db HTTP/1.1" status: 200 len: 210 time: 0.0229611
2026-07-21 22:15:13.284 9 INFO neutron.wsgi [req-b3189d36-19e2-4cd2-bc40-4f997decfee4 req-2fb0e8a8-a050-4d1f-8ddf-53579b337d30 53a54d13135a4888b98edc1c9fbfacbb dc47df5da8024306bc550e35acc2461a - - default default] 199.19.213.130 "GET /v2.0/networks?id=31d65037-0332-4a12-9aa0-dadf00d734a3 HTTP/1.1" status: 200 len: 903 time: 0.1038408
2026-07-21 22:15:13.344 9 INFO neutron.wsgi [req-b3189d36-19e2-4cd2-bc40-4f997decfee4 req-36f2403c-93e8-4bc7-b1b1-8e535b79c9a0 53a54d13135a4888b98edc1c9fbfacbb dc47df5da8024306bc550e35acc2461a - - default default] 199.19.213.130 "GET /v2.0/security-groups?fields=id&fields=name&tenant_id=dc47df5da8024306bc550e35acc2461a HTTP/1.1" status: 200 len: 377 time: 0.0533292
2026-07-21 22:15:13.396 10 WARNING neutron.plugins.ml2.drivers.ovn.mech_driver.ovsdb.ovn_client [None req-58c51a0d-b544-4932-b343-a9faa2598fbf - - - - - -] No hosting information found for port faccc5d0-6f1e-4a0a-a45d-8bc00baff52d: RuntimeError: No hosting information found for port faccc5d0-6f1e-4a0a-a45d-8bc00baff52d
2026-07-21 22:15:13.734 9 WARNING neutron.scheduler.dhcp_agent_scheduler [None req-20c71ef0-867d-4876-b18b-972d290056ae 53a54d13135a4888b98edc1c9fbfacbb dc47df5da8024306bc550e35acc2461a - - - -] No more DHCP agents
2026-07-21 22:15:13.736 9 WARNING neutron.api.rpc.agentnotifiers.dhcp_rpc_agent_api [None req-20c71ef0-867d-4876-b18b-972d290056ae 53a54d13135a4888b98edc1c9fbfacbb dc47df5da8024306bc550e35acc2461a - - - -] Unable to schedule network 31d65037-0332-4a12-9aa0-dadf00d734a3: no agents available; will retry on subsequent port and subnet creation events.
2026-07-21 22:15:13.889 9 INFO neutron.db.ovn_revision_numbers_db [None req-20c71ef0-867d-4876-b18b-972d290056ae 53a54d13135a4888b98edc1c9fbfacbb dc47df5da8024306bc550e35acc2461a - - - -] Successfully bumped revision number for resource 09468418-0d60-4bbc-8dbd-930facd3d412 (type: ports) to 1
2026-07-21 22:15:13.925 9 INFO neutron.wsgi [None req-20c71ef0-867d-4876-b18b-972d290056ae 53a54d13135a4888b98edc1c9fbfacbb dc47df5da8024306bc550e35acc2461a - - - -] 199.19.213.130 "POST /v2.0/ports HTTP/1.1" status: 201 len: 1380 time: 0.5575204 /var/lib/openstack/lib/python3.10/site-packages/pycadf/identifier.py:71: UserWarning: Invalid uuid: neutron. To ensure interoperability, identifiers should be a valid uuid. warnings.warn(('Invalid uuid: %s. To ensure interoperability, '
2026-07-21 22:15:14.315 9 INFO neutron.db.ovn_revision_numbers_db [None req-e37b9a39-bda2-47d5-a513-073422b4896a b240058b33e640b08ca027793d4a2929 7e304895c205435cba65cc2763387986 - - - -] Successfully bumped revision number for resource 09468418-0d60-4bbc-8dbd-930facd3d412 (type: ports) to 2
2026-07-21 22:15:14.488 9 INFO neutron.db.ovn_revision_numbers_db [None req-e37b9a39-bda2-47d5-a513-073422b4896a b240058b33e640b08ca027793d4a2929 7e304895c205435cba65cc2763387986 - - - -] Successfully bumped revision number for resource 09468418-0d60-4bbc-8dbd-930facd3d412 (type: ports) to 2
2026-07-21 22:15:14.502 9 INFO neutron.wsgi [None req-e37b9a39-bda2-47d5-a513-073422b4896a b240058b33e640b08ca027793d4a2929 7e304895c205435cba65cc2763387986 - - - -] 199.19.213.130 "PUT /v2.0/ports/09468418-0d60-4bbc-8dbd-930facd3d412 HTTP/1.1" status: 200 len: 1549 time: 0.5682149
2026-07-21 22:15:14.538 9 INFO neutron.notifiers.nova [-] Nova event matching ['req-43680769-0c5b-4b6a-b4b7-d7ea58a667e7'] response: {'name': 'network-changed', 'server_uuid': 'c0dd93e7-0893-478d-9e20-d05a851905db', 'tag': '09468418-0d60-4bbc-8dbd-930facd3d412', 'status': 'completed', 'code': 200} /var/lib/openstack/lib/python3.10/site-packages/pycadf/identifier.py:71: UserWarning: Invalid uuid: neutron. To ensure interoperability, identifiers should be a valid uuid. warnings.warn(('Invalid uuid: %s. To ensure interoperability, '
2026-07-21 22:15:14.592 9 INFO neutron.wsgi [req-b3189d36-19e2-4cd2-bc40-4f997decfee4 req-35613a4c-14f2-4d78-a281-86d0ab0a0702 b240058b33e640b08ca027793d4a2929 7e304895c205435cba65cc2763387986 - - 5fa42b4933be45809bb7aed0a16706c5 5fa42b4933be45809bb7aed0a16706c5] 199.19.213.130 "GET /v2.0/ports?tenant_id=dc47df5da8024306bc550e35acc2461a&device_id=c0dd93e7-0893-478d-9e20-d05a851905db HTTP/1.1" status: 200 len: 1580 time: 0.0481796
2026-07-21 22:15:14.638 9 INFO neutron.wsgi [req-b3189d36-19e2-4cd2-bc40-4f997decfee4 req-a664c547-4636-4fcf-9e6f-0cbcf874623a b240058b33e640b08ca027793d4a2929 7e304895c205435cba65cc2763387986 - - 5fa42b4933be45809bb7aed0a16706c5 5fa42b4933be45809bb7aed0a16706c5] 199.19.213.130 "GET /v2.0/floatingips?fixed_ip_address=10.2.1.54&port_id=09468418-0d60-4bbc-8dbd-930facd3d412 HTTP/1.1" status: 200 len: 217 time: 0.0377281
2026-07-21 22:15:14.670 9 INFO neutron.wsgi [req-b3189d36-19e2-4cd2-bc40-4f997decfee4 req-06a34338-7ff7-4e09-b435-925f5292aa9a b240058b33e640b08ca027793d4a2929 7e304895c205435cba65cc2763387986 - - 5fa42b4933be45809bb7aed0a16706c5 5fa42b4933be45809bb7aed0a16706c5] 199.19.213.130 "GET /v2.0/floatingips?fixed_ip_address=fd7b%3Af9f7%3Afff%3A4eca%3A%3A33&port_id=09468418-0d60-4bbc-8dbd-930facd3d412 HTTP/1.1" status: 200 len: 217 time: 0.0245941
2026-07-21 22:15:14.714 9 INFO neutron.wsgi [req-b3189d36-19e2-4cd2-bc40-4f997decfee4 req-ead0ba98-8645-4389-ab3b-6882db2be8aa b240058b33e640b08ca027793d4a2929 7e304895c205435cba65cc2763387986 - - 5fa42b4933be45809bb7aed0a16706c5 5fa42b4933be45809bb7aed0a16706c5] 199.19.213.130 "GET /v2.0/subnets?id=1a741d8b-b3c4-4608-9f37-5cd053cb30a1&id=2843f9c9-d3e0-4db8-a6ce-686a4265847c HTTP/1.1" status: 200 len: 1562 time: 0.0362074
2026-07-21 22:15:14.751 9 INFO neutron.wsgi [req-b3189d36-19e2-4cd2-bc40-4f997decfee4 req-be8d081f-b58d-41e2-be7d-6b5a210cc209 b240058b33e640b08ca027793d4a2929 7e304895c205435cba65cc2763387986 - - 5fa42b4933be45809bb7aed0a16706c5 5fa42b4933be45809bb7aed0a16706c5] 199.19.213.130 "GET /v2.0/ports?network_id=31d65037-0332-4a12-9aa0-dadf00d734a3&device_owner=network%3Adhcp HTTP/1.1" status: 200 len: 210 time: 0.0297892
2026-07-21 22:15:14.795 9 INFO neutron.wsgi [req-b3189d36-19e2-4cd2-bc40-4f997decfee4 req-bb7a9bcc-0ebb-4f58-ab0c-eaf4dce7d1d0 b240058b33e640b08ca027793d4a2929 7e304895c205435cba65cc2763387986 - - 5fa42b4933be45809bb7aed0a16706c5 5fa42b4933be45809bb7aed0a16706c5] 199.19.213.130 "GET /v2.0/ports?network_id=31d65037-0332-4a12-9aa0-dadf00d734a3&device_owner=network%3Adhcp HTTP/1.1" status: 200 len: 210 time: 0.0387158
2026-07-21 22:15:14.854 9 INFO neutron.wsgi [req-b3189d36-19e2-4cd2-bc40-4f997decfee4 req-e3789736-24bd-4319-ba35-6af5bb576202 b240058b33e640b08ca027793d4a2929 7e304895c205435cba65cc2763387986 - - 5fa42b4933be45809bb7aed0a16706c5 5fa42b4933be45809bb7aed0a16706c5] 199.19.213.130 "GET /v2.0/networks/31d65037-0332-4a12-9aa0-dadf00d734a3?fields=segments HTTP/1.1" status: 200 len: 212 time: 0.0509915
2026-07-21 22:15:14.932 9 INFO neutron.wsgi [req-b3189d36-19e2-4cd2-bc40-4f997decfee4 req-518d690e-3121-44d1-a334-c3c8a8bc3b20 b240058b33e640b08ca027793d4a2929 7e304895c205435cba65cc2763387986 - - 5fa42b4933be45809bb7aed0a16706c5 5fa42b4933be45809bb7aed0a16706c5] 199.19.213.130 "GET /v2.0/networks/31d65037-0332-4a12-9aa0-dadf00d734a3?fields=provider%3Aphysical_network&fields=provider%3Anetwork_type HTTP/1.1" status: 200 len: 277 time: 0.0714297
2026-07-21 22:15:15.008 9 INFO neutron.wsgi [req-f5c0e1e5-585b-4d87-87e2-d8ab15e7ba88 req-614cbc04-f95c-4f68-a4d5-c71479f0fefc b240058b33e640b08ca027793d4a2929 7e304895c205435cba65cc2763387986 - - 5fa42b4933be45809bb7aed0a16706c5 5fa42b4933be45809bb7aed0a16706c5] 199.19.213.130 "GET /v2.0/ports?tenant_id=dc47df5da8024306bc550e35acc2461a&device_id=c0dd93e7-0893-478d-9e20-d05a851905db HTTP/1.1" status: 200 len: 1580 time: 0.0386052
2026-07-21 22:15:15.076 9 INFO neutron.wsgi [req-f5c0e1e5-585b-4d87-87e2-d8ab15e7ba88 req-ed7c2a6f-75b1-4ecb-933e-9a7d4b57ac52 b240058b33e640b08ca027793d4a2929 7e304895c205435cba65cc2763387986 - - 5fa42b4933be45809bb7aed0a16706c5 5fa42b4933be45809bb7aed0a16706c5] 199.19.213.130 "GET /v2.0/networks?id=31d65037-0332-4a12-9aa0-dadf00d734a3 HTTP/1.1" status: 200 len: 1002 time: 0.0599933
2026-07-21 22:15:15.109 9 INFO neutron.wsgi [req-f5c0e1e5-585b-4d87-87e2-d8ab15e7ba88 req-7a1842ab-4bdb-44a4-aff4-57188666d6d6 b240058b33e640b08ca027793d4a2929 7e304895c205435cba65cc2763387986 - - 5fa42b4933be45809bb7aed0a16706c5 5fa42b4933be45809bb7aed0a16706c5] 199.19.213.130 "GET /v2.0/floatingips?fixed_ip_address=10.2.1.54&port_id=09468418-0d60-4bbc-8dbd-930facd3d412 HTTP/1.1" status: 200 len: 217 time: 0.0249751
2026-07-21 22:15:15.146 9 INFO neutron.plugins.ml2.drivers.ovn.mech_driver.mech_driver [None req-4cf41096-bd17-4445-8bb0-dfb4722b3ce6 - - - - - -] OVN reports status up for port: 09468418-0d60-4bbc-8dbd-930facd3d412
2026-07-21 22:15:15.149 9 INFO neutron.wsgi [req-f5c0e1e5-585b-4d87-87e2-d8ab15e7ba88 req-9a717f32-c6a1-486a-b7bb-06f4ea315d82 b240058b33e640b08ca027793d4a2929 7e304895c205435cba65cc2763387986 - - 5fa42b4933be45809bb7aed0a16706c5 5fa42b4933be45809bb7aed0a16706c5] 199.19.213.130 "GET /v2.0/floatingips?fixed_ip_address=fd7b%3Af9f7%3Afff%3A4eca%3A%3A33&port_id=09468418-0d60-4bbc-8dbd-930facd3d412 HTTP/1.1" status: 200 len: 217 time: 0.0336680
2026-07-21 22:15:15.163 9 INFO neutron.plugins.ml2.plugin [None req-4cf41096-bd17-4445-8bb0-dfb4722b3ce6 - - - - - -] Attempt 1 to provision port 09468418-0d60-4bbc-8dbd-930facd3d412
2026-07-21 22:15:15.228 9 INFO neutron.wsgi [req-f5c0e1e5-585b-4d87-87e2-d8ab15e7ba88 req-d7dcf1f6-b5ae-46f4-80fb-db320ee42107 b240058b33e640b08ca027793d4a2929 7e304895c205435cba65cc2763387986 - - 5fa42b4933be45809bb7aed0a16706c5 5fa42b4933be45809bb7aed0a16706c5] 199.19.213.130 "GET /v2.0/subnets?id=1a741d8b-b3c4-4608-9f37-5cd053cb30a1&id=2843f9c9-d3e0-4db8-a6ce-686a4265847c HTTP/1.1" status: 200 len: 1562 time: 0.0722578
2026-07-21 22:15:15.260 9 INFO neutron.wsgi [req-f5c0e1e5-585b-4d87-87e2-d8ab15e7ba88 req-6e34e9ea-6427-4647-b6b2-f80de886778f b240058b33e640b08ca027793d4a2929 7e304895c205435cba65cc2763387986 - - 5fa42b4933be45809bb7aed0a16706c5 5fa42b4933be45809bb7aed0a16706c5] 199.19.213.130 "GET /v2.0/ports?network_id=31d65037-0332-4a12-9aa0-dadf00d734a3&device_owner=network%3Adhcp HTTP/1.1" status: 200 len: 210 time: 0.0252585
2026-07-21 22:15:15.305 9 INFO neutron.wsgi [req-f5c0e1e5-585b-4d87-87e2-d8ab15e7ba88 req-941ee438-7064-48ca-9709-b88ba9c18446 b240058b33e640b08ca027793d4a2929 7e304895c205435cba65cc2763387986 - - 5fa42b4933be45809bb7aed0a16706c5 5fa42b4933be45809bb7aed0a16706c5] 199.19.213.130 "GET /v2.0/ports?network_id=31d65037-0332-4a12-9aa0-dadf00d734a3&device_owner=network%3Adhcp HTTP/1.1" status: 200 len: 210 time: 0.0349717
2026-07-21 22:15:15.409 9 INFO neutron.wsgi [req-f5c0e1e5-585b-4d87-87e2-d8ab15e7ba88 req-6fbe27c7-df17-476d-aa74-0769a71a9247 b240058b33e640b08ca027793d4a2929 7e304895c205435cba65cc2763387986 - - 5fa42b4933be45809bb7aed0a16706c5 5fa42b4933be45809bb7aed0a16706c5] 199.19.213.130 "GET /v2.0/networks/31d65037-0332-4a12-9aa0-dadf00d734a3?fields=segments HTTP/1.1" status: 200 len: 212 time: 0.0930748
2026-07-21 22:15:15.765 9 INFO neutron.wsgi [req-f5c0e1e5-585b-4d87-87e2-d8ab15e7ba88 req-448d3fd0-b636-4101-a371-5b3be5884459 b240058b33e640b08ca027793d4a2929 7e304895c205435cba65cc2763387986 - - 5fa42b4933be45809bb7aed0a16706c5 5fa42b4933be45809bb7aed0a16706c5] 199.19.213.130 "GET /v2.0/networks/31d65037-0332-4a12-9aa0-dadf00d734a3?fields=provider%3Aphysical_network&fields=provider%3Anetwork_type HTTP/1.1" status: 200 len: 277 time: 0.3468821
2026-07-21 22:15:15.791 9 INFO neutron.db.ovn_revision_numbers_db [None req-4cf41096-bd17-4445-8bb0-dfb4722b3ce6 - - - - - -] Successfully bumped revision number for resource 09468418-0d60-4bbc-8dbd-930facd3d412 (type: ports) to 4
2026-07-21 22:15:16.592 9 INFO neutron.notifiers.nova [-] Nova event matching ['req-3785c13d-0f61-4f2b-8736-202d9eddf1bb'] response: {'server_uuid': 'c0dd93e7-0893-478d-9e20-d05a851905db', 'name': 'network-vif-plugged', 'status': 'completed', 'tag': '09468418-0d60-4bbc-8dbd-930facd3d412', 'code': 200}
2026-07-21 22:15:16.593 9 INFO neutron.notifiers.nova [-] Nova event matching ['req-3785c13d-0f61-4f2b-8736-202d9eddf1bb'] response: {'server_uuid': 'c0dd93e7-0893-478d-9e20-d05a851905db', 'name': 'network-vif-plugged', 'status': 'completed', 'tag': '09468418-0d60-4bbc-8dbd-930facd3d412', 'code': 200}
2026-07-21 22:15:17.682 10 INFO neutron.wsgi [req-f31dd2e7-9086-4abd-b275-8eded1c7adcf req-ec2573e0-c18f-43a3-beba-b8351c46b530 53a54d13135a4888b98edc1c9fbfacbb dc47df5da8024306bc550e35acc2461a - - default default] 10.0.0.62 "GET /v2.0/ports?device_id=c0dd93e7-0893-478d-9e20-d05a851905db HTTP/1.1" status: 200 len: 1392 time: 0.0928345
2026-07-21 22:15:17.717 10 INFO neutron.wsgi [req-f31dd2e7-9086-4abd-b275-8eded1c7adcf req-15cf8b0b-1a46-4ac4-b3e8-8b883e21df3b 53a54d13135a4888b98edc1c9fbfacbb dc47df5da8024306bc550e35acc2461a - - default default] 10.0.0.62 "GET /v2.0/security-groups?id=2aa62961-0626-42e3-ac51-54cd333bd1c4&fields=id&fields=name HTTP/1.1" status: 200 len: 310 time: 0.0305228 /var/lib/openstack/lib/python3.10/site-packages/pycadf/identifier.py:71: UserWarning: Invalid uuid: neutron. To ensure interoperability, identifiers should be a valid uuid. warnings.warn(('Invalid uuid: %s. To ensure interoperability, '
2026-07-21 22:15:17.858 9 INFO neutron.wsgi [None req-ee058405-11bf-492a-a7c5-40ac412232af 53a54d13135a4888b98edc1c9fbfacbb dc47df5da8024306bc550e35acc2461a - - default default] 10.0.0.116 "GET /v2.0/ports?network_id=31d65037-0332-4a12-9aa0-dadf00d734a3&mac_address=fa%3A16%3A3e%3Aa9%3A75%3Ab5 HTTP/1.1" status: 200 len: 1387 time: 0.1165552
2026-07-21 22:15:18.114 9 WARNING neutron.scheduler.dhcp_agent_scheduler [None req-c1b7b9f9-ba42-4003-80d7-47f40b101c15 53a54d13135a4888b98edc1c9fbfacbb dc47df5da8024306bc550e35acc2461a - - - -] No more DHCP agents
2026-07-21 22:15:18.116 9 WARNING neutron.api.rpc.agentnotifiers.dhcp_rpc_agent_api [None req-c1b7b9f9-ba42-4003-80d7-47f40b101c15 53a54d13135a4888b98edc1c9fbfacbb dc47df5da8024306bc550e35acc2461a - - - -] Unable to schedule network 526b6b94-2985-444b-8360-bdb71d9ad5a1: no agents available; will retry on subsequent port and subnet creation events.
2026-07-21 22:15:18.551 9 INFO neutron.db.l3_db [None req-c1b7b9f9-ba42-4003-80d7-47f40b101c15 53a54d13135a4888b98edc1c9fbfacbb dc47df5da8024306bc550e35acc2461a - - - -] Floating IP 1237e95e-f661-4e38-b327-f860017d001e associated. External IP: 10.96.250.201, port: 09468418-0d60-4bbc-8dbd-930facd3d412.
2026-07-21 22:15:18.721 9 INFO neutron.db.ovn_revision_numbers_db [None req-c1b7b9f9-ba42-4003-80d7-47f40b101c15 53a54d13135a4888b98edc1c9fbfacbb dc47df5da8024306bc550e35acc2461a - - - -] Successfully bumped revision number for resource 1237e95e-f661-4e38-b327-f860017d001e (type: floatingips) to 0
2026-07-21 22:15:18.805 9 INFO neutron.db.ovn_revision_numbers_db [None req-c1b7b9f9-ba42-4003-80d7-47f40b101c15 53a54d13135a4888b98edc1c9fbfacbb dc47df5da8024306bc550e35acc2461a - - - -] Successfully bumped revision number for resource 1237e95e-f661-4e38-b327-f860017d001e (type: floatingips) to 1
2026-07-21 22:15:18.840 9 INFO neutron.wsgi [None req-c1b7b9f9-ba42-4003-80d7-47f40b101c15 53a54d13135a4888b98edc1c9fbfacbb dc47df5da8024306bc550e35acc2461a - - - -] 10.0.0.116 "POST /v2.0/floatingips HTTP/1.1" status: 201 len: 1053 time: 0.9753544
2026-07-21 22:15:18.879 9 INFO neutron.notifiers.nova [-] Nova event matching ['req-a2dfb687-1b8a-42ac-a221-7715debc16db'] response: {'name': 'network-changed', 'server_uuid': 'c0dd93e7-0893-478d-9e20-d05a851905db', 'tag': '09468418-0d60-4bbc-8dbd-930facd3d412', 'status': 'completed', 'code': 200} /var/lib/openstack/lib/python3.10/site-packages/pycadf/identifier.py:71: UserWarning: Invalid uuid: neutron. To ensure interoperability, identifiers should be a valid uuid. warnings.warn(('Invalid uuid: %s. To ensure interoperability, '
2026-07-21 22:15:18.943 9 INFO neutron.wsgi [req-128f4096-1075-4305-96c8-6af0d7629516 req-de62f218-4188-4e06-8299-e2950974e546 b240058b33e640b08ca027793d4a2929 7e304895c205435cba65cc2763387986 - - 5fa42b4933be45809bb7aed0a16706c5 5fa42b4933be45809bb7aed0a16706c5] 199.19.213.130 "GET /v2.0/ports?tenant_id=dc47df5da8024306bc550e35acc2461a&device_id=c0dd93e7-0893-478d-9e20-d05a851905db HTTP/1.1" status: 200 len: 1582 time: 0.0385215
2026-07-21 22:15:18.973 10 INFO neutron.wsgi [req-4317de52-e161-4b3d-a6a4-69cfb833c542 req-6f13466d-55a0-4d8c-8201-06fde8b49cd3 53a54d13135a4888b98edc1c9fbfacbb dc47df5da8024306bc550e35acc2461a - - default default] 10.0.0.62 "GET /v2.0/security-groups?name=tempest-lb_member_SG-340983342&fields=id&tenant_id=dc47df5da8024306bc550e35acc2461a HTTP/1.1" status: 200 len: 267 time: 0.0395052
2026-07-21 22:15:19.012 9 INFO neutron.wsgi [req-128f4096-1075-4305-96c8-6af0d7629516 req-584b0481-8d06-46b7-8e5b-a2170ab32462 b240058b33e640b08ca027793d4a2929 7e304895c205435cba65cc2763387986 - - 5fa42b4933be45809bb7aed0a16706c5 5fa42b4933be45809bb7aed0a16706c5] 199.19.213.130 "GET /v2.0/networks?id=31d65037-0332-4a12-9aa0-dadf00d734a3 HTTP/1.1" status: 200 len: 1002 time: 0.0610874
2026-07-21 22:15:19.063 10 INFO neutron.wsgi [req-4317de52-e161-4b3d-a6a4-69cfb833c542 req-ac883ec1-a9e8-4776-bb3b-bdf4fb91713b 53a54d13135a4888b98edc1c9fbfacbb dc47df5da8024306bc550e35acc2461a - - default default] 10.0.0.62 "GET /v2.0/networks?id=11729ce0-710d-4d3e-9bb3-9cccb548cce2 HTTP/1.1" status: 200 len: 903 time: 0.0828190
2026-07-21 22:15:19.079 9 INFO neutron.wsgi [req-128f4096-1075-4305-96c8-6af0d7629516 req-2654038c-ffcc-4ae6-ab99-158055c461cd b240058b33e640b08ca027793d4a2929 7e304895c205435cba65cc2763387986 - - 5fa42b4933be45809bb7aed0a16706c5 5fa42b4933be45809bb7aed0a16706c5] 199.19.213.130 "GET /v2.0/floatingips?fixed_ip_address=10.2.1.54&port_id=09468418-0d60-4bbc-8dbd-930facd3d412 HTTP/1.1" status: 200 len: 1058 time: 0.0611176
2026-07-21 22:15:19.081 10 INFO neutron.wsgi [req-4317de52-e161-4b3d-a6a4-69cfb833c542 req-ccaadea3-5bac-4fe2-a958-4d77fa132b02 53a54d13135a4888b98edc1c9fbfacbb dc47df5da8024306bc550e35acc2461a - - default default] 10.0.0.62 "GET /v2.0/quotas/dc47df5da8024306bc550e35acc2461a HTTP/1.1" status: 200 len: 386 time: 0.0115578
2026-07-21 22:15:19.108 9 INFO neutron.wsgi [req-128f4096-1075-4305-96c8-6af0d7629516 req-5e2ea944-0c58-4aae-bc64-e74c7c5fba1a b240058b33e640b08ca027793d4a2929 7e304895c205435cba65cc2763387986 - - 5fa42b4933be45809bb7aed0a16706c5 5fa42b4933be45809bb7aed0a16706c5] 199.19.213.130 "GET /v2.0/floatingips?fixed_ip_address=fd7b%3Af9f7%3Afff%3A4eca%3A%3A33&port_id=09468418-0d60-4bbc-8dbd-930facd3d412 HTTP/1.1" status: 200 len: 217 time: 0.0221415
2026-07-21 22:15:19.171 9 INFO neutron.wsgi [req-128f4096-1075-4305-96c8-6af0d7629516 req-eb1c5e35-6ca1-446b-898f-b216b47776c7 b240058b33e640b08ca027793d4a2929 7e304895c205435cba65cc2763387986 - - 5fa42b4933be45809bb7aed0a16706c5 5fa42b4933be45809bb7aed0a16706c5] 199.19.213.130 "GET /v2.0/subnets?id=1a741d8b-b3c4-4608-9f37-5cd053cb30a1&id=2843f9c9-d3e0-4db8-a6ce-686a4265847c HTTP/1.1" status: 200 len: 1562 time: 0.0571661
2026-07-21 22:15:19.207 9 INFO neutron.wsgi [req-128f4096-1075-4305-96c8-6af0d7629516 req-9ec0bd06-9794-4f0a-8506-671bb522c240 b240058b33e640b08ca027793d4a2929 7e304895c205435cba65cc2763387986 - - 5fa42b4933be45809bb7aed0a16706c5 5fa42b4933be45809bb7aed0a16706c5] 199.19.213.130 "GET /v2.0/ports?network_id=31d65037-0332-4a12-9aa0-dadf00d734a3&device_owner=network%3Adhcp HTTP/1.1" status: 200 len: 210 time: 0.0268481
2026-07-21 22:15:19.219 10 INFO neutron.wsgi [req-4317de52-e161-4b3d-a6a4-69cfb833c542 req-de063af5-75b3-4852-a5ee-2ae0c2a51223 53a54d13135a4888b98edc1c9fbfacbb dc47df5da8024306bc550e35acc2461a - - default default] 10.0.0.62 "GET /v2.0/ports?tenant_id=dc47df5da8024306bc550e35acc2461a&fields=id HTTP/1.1" status: 200 len: 532 time: 0.1313467
2026-07-21 22:15:19.245 9 INFO neutron.wsgi [req-128f4096-1075-4305-96c8-6af0d7629516 req-aa8a3ea4-7394-4c1d-b74f-588bad078789 b240058b33e640b08ca027793d4a2929 7e304895c205435cba65cc2763387986 - - 5fa42b4933be45809bb7aed0a16706c5 5fa42b4933be45809bb7aed0a16706c5] 199.19.213.130 "GET /v2.0/ports?network_id=31d65037-0332-4a12-9aa0-dadf00d734a3&device_owner=network%3Adhcp HTTP/1.1" status: 200 len: 210 time: 0.0322685
2026-07-21 22:15:19.288 10 INFO neutron.wsgi [req-4317de52-e161-4b3d-a6a4-69cfb833c542 req-5db79b3f-798d-4d1b-a942-b319634c0bbb b240058b33e640b08ca027793d4a2929 7e304895c205435cba65cc2763387986 - - 5fa42b4933be45809bb7aed0a16706c5 5fa42b4933be45809bb7aed0a16706c5] 10.0.0.62 "GET /v2.0/networks/11729ce0-710d-4d3e-9bb3-9cccb548cce2?fields=segments HTTP/1.1" status: 200 len: 212 time: 0.0523152
2026-07-21 22:15:19.315 9 INFO neutron.wsgi [req-128f4096-1075-4305-96c8-6af0d7629516 req-d0cb3f88-5f78-43c4-8579-4d878bfbccee b240058b33e640b08ca027793d4a2929 7e304895c205435cba65cc2763387986 - - 5fa42b4933be45809bb7aed0a16706c5 5fa42b4933be45809bb7aed0a16706c5] 199.19.213.130 "GET /v2.0/networks/31d65037-0332-4a12-9aa0-dadf00d734a3?fields=segments HTTP/1.1" status: 200 len: 212 time: 0.0631933
2026-07-21 22:15:19.355 10 INFO neutron.wsgi [req-4317de52-e161-4b3d-a6a4-69cfb833c542 req-77f2a068-5397-464b-8b80-df294b3627c1 b240058b33e640b08ca027793d4a2929 7e304895c205435cba65cc2763387986 - - 5fa42b4933be45809bb7aed0a16706c5 5fa42b4933be45809bb7aed0a16706c5] 10.0.0.62 "GET /v2.0/networks/11729ce0-710d-4d3e-9bb3-9cccb548cce2?fields=provider%3Aphysical_network&fields=provider%3Anetwork_type HTTP/1.1" status: 200 len: 277 time: 0.0597360
2026-07-21 22:15:19.379 9 INFO neutron.wsgi [req-128f4096-1075-4305-96c8-6af0d7629516 req-aaf2895b-612a-4dc7-babd-3c498d2e7af8 b240058b33e640b08ca027793d4a2929 7e304895c205435cba65cc2763387986 - - 5fa42b4933be45809bb7aed0a16706c5 5fa42b4933be45809bb7aed0a16706c5] 199.19.213.130 "GET /v2.0/networks/31d65037-0332-4a12-9aa0-dadf00d734a3?fields=provider%3Aphysical_network&fields=provider%3Anetwork_type HTTP/1.1" status: 200 len: 277 time: 0.0579643
2026-07-21 22:15:19.718 10 INFO neutron.wsgi [req-3e70579b-e86c-443e-afaa-69bc0c053c85 req-c64bbe6a-0061-4a39-9e93-53923710249c 53a54d13135a4888b98edc1c9fbfacbb dc47df5da8024306bc550e35acc2461a - - default default] 10.0.0.62 "GET /v2.0/ports?device_id=16eff0fc-87e3-4632-bc47-b98df949f50c HTTP/1.1" status: 200 len: 210 time: 0.2430630
2026-07-21 22:15:20.238 9 INFO neutron.wsgi [req-4317de52-e161-4b3d-a6a4-69cfb833c542 req-1c2467fa-283f-4b2f-a0e7-4ef79086e1f2 53a54d13135a4888b98edc1c9fbfacbb dc47df5da8024306bc550e35acc2461a - - default default] 199.19.213.130 "GET /v2.0/networks?id=11729ce0-710d-4d3e-9bb3-9cccb548cce2 HTTP/1.1" status: 200 len: 903 time: 0.0737865
2026-07-21 22:15:20.289 9 INFO neutron.wsgi [req-4317de52-e161-4b3d-a6a4-69cfb833c542 req-c007a84d-4602-451a-ad1b-fab05daac9d4 53a54d13135a4888b98edc1c9fbfacbb dc47df5da8024306bc550e35acc2461a - - default default] 199.19.213.130 "GET /v2.0/security-groups?fields=id&fields=name&tenant_id=dc47df5da8024306bc550e35acc2461a HTTP/1.1" status: 200 len: 377 time: 0.0433669
2026-07-21 22:15:21.047 9 WARNING neutron.scheduler.dhcp_agent_scheduler [None req-cd56c4a3-2564-4665-86da-0e75725f3cdf 53a54d13135a4888b98edc1c9fbfacbb dc47df5da8024306bc550e35acc2461a - - - -] No more DHCP agents
2026-07-21 22:15:21.049 9 WARNING neutron.api.rpc.agentnotifiers.dhcp_rpc_agent_api [None req-cd56c4a3-2564-4665-86da-0e75725f3cdf 53a54d13135a4888b98edc1c9fbfacbb dc47df5da8024306bc550e35acc2461a - - - -] Unable to schedule network 11729ce0-710d-4d3e-9bb3-9cccb548cce2: no agents available; will retry on subsequent port and subnet creation events.
2026-07-21 22:15:21.206 9 INFO neutron.db.ovn_revision_numbers_db [None req-cd56c4a3-2564-4665-86da-0e75725f3cdf 53a54d13135a4888b98edc1c9fbfacbb dc47df5da8024306bc550e35acc2461a - - - -] Successfully bumped revision number for resource 1cc4a4b7-30ec-4804-8a1a-25738bc9678a (type: ports) to 1
2026-07-21 22:15:21.229 9 INFO neutron.wsgi [None req-cd56c4a3-2564-4665-86da-0e75725f3cdf 53a54d13135a4888b98edc1c9fbfacbb dc47df5da8024306bc550e35acc2461a - - - -] 199.19.213.130 "POST /v2.0/ports HTTP/1.1" status: 201 len: 1392 time: 0.9340782 /var/lib/openstack/lib/python3.10/site-packages/pycadf/identifier.py:71: UserWarning: Invalid uuid: neutron. To ensure interoperability, identifiers should be a valid uuid. warnings.warn(('Invalid uuid: %s. To ensure interoperability, '
2026-07-21 22:15:21.621 9 INFO neutron.db.ovn_revision_numbers_db [None req-abbd6738-8a9e-4b72-8cc9-4287e0dce38e b240058b33e640b08ca027793d4a2929 7e304895c205435cba65cc2763387986 - - - -] Successfully bumped revision number for resource 1cc4a4b7-30ec-4804-8a1a-25738bc9678a (type: ports) to 2
2026-07-21 22:15:21.810 9 INFO neutron.db.ovn_revision_numbers_db [None req-abbd6738-8a9e-4b72-8cc9-4287e0dce38e b240058b33e640b08ca027793d4a2929 7e304895c205435cba65cc2763387986 - - - -] Successfully bumped revision number for resource 1cc4a4b7-30ec-4804-8a1a-25738bc9678a (type: ports) to 2
2026-07-21 22:15:21.827 9 INFO neutron.wsgi [None req-abbd6738-8a9e-4b72-8cc9-4287e0dce38e b240058b33e640b08ca027793d4a2929 7e304895c205435cba65cc2763387986 - - - -] 199.19.213.130 "PUT /v2.0/ports/1cc4a4b7-30ec-4804-8a1a-25738bc9678a HTTP/1.1" status: 200 len: 1561 time: 0.5899372
2026-07-21 22:15:21.861 9 INFO neutron.notifiers.nova [-] Nova event matching ['req-daed8356-920b-473f-8c31-a3d0d4618182'] response: {'name': 'network-changed', 'server_uuid': '16eff0fc-87e3-4632-bc47-b98df949f50c', 'tag': '1cc4a4b7-30ec-4804-8a1a-25738bc9678a', 'status': 'completed', 'code': 200} /var/lib/openstack/lib/python3.10/site-packages/pycadf/identifier.py:71: UserWarning: Invalid uuid: neutron. To ensure interoperability, identifiers should be a valid uuid. warnings.warn(('Invalid uuid: %s. To ensure interoperability, '
2026-07-21 22:15:21.906 9 INFO neutron.wsgi [req-4317de52-e161-4b3d-a6a4-69cfb833c542 req-cfbed68f-5a4a-42c3-b342-3735ad0e16a2 b240058b33e640b08ca027793d4a2929 7e304895c205435cba65cc2763387986 - - 5fa42b4933be45809bb7aed0a16706c5 5fa42b4933be45809bb7aed0a16706c5] 199.19.213.130 "GET /v2.0/ports?tenant_id=dc47df5da8024306bc550e35acc2461a&device_id=16eff0fc-87e3-4632-bc47-b98df949f50c HTTP/1.1" status: 200 len: 1592 time: 0.0417252
2026-07-21 22:15:21.958 9 INFO neutron.wsgi [req-4317de52-e161-4b3d-a6a4-69cfb833c542 req-4b61ffcf-2a3a-4cdc-9d70-3cf8ae9e83b7 b240058b33e640b08ca027793d4a2929 7e304895c205435cba65cc2763387986 - - 5fa42b4933be45809bb7aed0a16706c5 5fa42b4933be45809bb7aed0a16706c5] 199.19.213.130 "GET /v2.0/floatingips?fixed_ip_address=10.2.2.187&port_id=1cc4a4b7-30ec-4804-8a1a-25738bc9678a HTTP/1.1" status: 200 len: 217 time: 0.0374522
2026-07-21 22:15:21.996 9 INFO neutron.wsgi [req-4317de52-e161-4b3d-a6a4-69cfb833c542 req-b0b7c5b7-afd9-4cab-839b-5bc0d313b56c b240058b33e640b08ca027793d4a2929 7e304895c205435cba65cc2763387986 - - 5fa42b4933be45809bb7aed0a16706c5 5fa42b4933be45809bb7aed0a16706c5] 199.19.213.130 "GET /v2.0/floatingips?fixed_ip_address=fd77%3A1457%3A4cf0%3A26a8%3A%3A1cd&port_id=1cc4a4b7-30ec-4804-8a1a-25738bc9678a HTTP/1.1" status: 200 len: 217 time: 0.0294180
2026-07-21 22:15:22.036 9 INFO neutron.wsgi [req-4317de52-e161-4b3d-a6a4-69cfb833c542 req-d31d85ec-82da-40c8-b03d-2a35f60b3f80 b240058b33e640b08ca027793d4a2929 7e304895c205435cba65cc2763387986 - - 5fa42b4933be45809bb7aed0a16706c5 5fa42b4933be45809bb7aed0a16706c5] 199.19.213.130 "GET /v2.0/subnets?id=386a0ecf-02d8-457e-995b-be9a5038d39c&id=b57c0b94-f5bf-487c-8d8c-275d54c482ab HTTP/1.1" status: 200 len: 1567 time: 0.0349560
2026-07-21 22:15:22.070 9 INFO neutron.wsgi [req-4317de52-e161-4b3d-a6a4-69cfb833c542 req-47541b57-2016-4297-a857-3f5a8658f4b2 b240058b33e640b08ca027793d4a2929 7e304895c205435cba65cc2763387986 - - 5fa42b4933be45809bb7aed0a16706c5 5fa42b4933be45809bb7aed0a16706c5] 199.19.213.130 "GET /v2.0/ports?network_id=11729ce0-710d-4d3e-9bb3-9cccb548cce2&device_owner=network%3Adhcp HTTP/1.1" status: 200 len: 210 time: 0.0267782
2026-07-21 22:15:22.101 9 INFO neutron.wsgi [req-4317de52-e161-4b3d-a6a4-69cfb833c542 req-50ddfe4c-0b1a-4f0e-8d6d-e46ff3bc1fa4 b240058b33e640b08ca027793d4a2929 7e304895c205435cba65cc2763387986 - - 5fa42b4933be45809bb7aed0a16706c5 5fa42b4933be45809bb7aed0a16706c5] 199.19.213.130 "GET /v2.0/ports?network_id=11729ce0-710d-4d3e-9bb3-9cccb548cce2&device_owner=network%3Adhcp HTTP/1.1" status: 200 len: 210 time: 0.0275102
2026-07-21 22:15:22.168 9 INFO neutron.wsgi [req-4317de52-e161-4b3d-a6a4-69cfb833c542 req-fd31d222-70d1-43ad-bd9d-a37895c43287 b240058b33e640b08ca027793d4a2929 7e304895c205435cba65cc2763387986 - - 5fa42b4933be45809bb7aed0a16706c5 5fa42b4933be45809bb7aed0a16706c5] 199.19.213.130 "GET /v2.0/networks/11729ce0-710d-4d3e-9bb3-9cccb548cce2?fields=segments HTTP/1.1" status: 200 len: 212 time: 0.0599539
2026-07-21 22:15:22.229 9 INFO neutron.wsgi [req-4317de52-e161-4b3d-a6a4-69cfb833c542 req-8d5e3836-740a-44ee-b065-776e1c6703d6 b240058b33e640b08ca027793d4a2929 7e304895c205435cba65cc2763387986 - - 5fa42b4933be45809bb7aed0a16706c5 5fa42b4933be45809bb7aed0a16706c5] 199.19.213.130 "GET /v2.0/networks/11729ce0-710d-4d3e-9bb3-9cccb548cce2?fields=provider%3Aphysical_network&fields=provider%3Anetwork_type HTTP/1.1" status: 200 len: 277 time: 0.0549276
2026-07-21 22:15:22.310 9 INFO neutron.wsgi [req-a19cee04-79b5-4ef5-9d9e-431b3d67e295 req-2252ec38-5c47-4ff4-8bdb-135d2f61ad45 b240058b33e640b08ca027793d4a2929 7e304895c205435cba65cc2763387986 - - 5fa42b4933be45809bb7aed0a16706c5 5fa42b4933be45809bb7aed0a16706c5] 199.19.213.130 "GET /v2.0/ports?tenant_id=dc47df5da8024306bc550e35acc2461a&device_id=16eff0fc-87e3-4632-bc47-b98df949f50c HTTP/1.1" status: 200 len: 1592 time: 0.0378914
2026-07-21 22:15:22.384 9 INFO neutron.wsgi [req-a19cee04-79b5-4ef5-9d9e-431b3d67e295 req-b540f21f-6c24-45b0-ac82-8062b2d50a5c b240058b33e640b08ca027793d4a2929 7e304895c205435cba65cc2763387986 - - 5fa42b4933be45809bb7aed0a16706c5 5fa42b4933be45809bb7aed0a16706c5] 199.19.213.130 "GET /v2.0/networks?id=11729ce0-710d-4d3e-9bb3-9cccb548cce2 HTTP/1.1" status: 200 len: 1002 time: 0.0687304
2026-07-21 22:15:22.432 9 INFO neutron.wsgi [req-a19cee04-79b5-4ef5-9d9e-431b3d67e295 req-6a8e3783-314e-46bc-a49b-33517d9288e0 b240058b33e640b08ca027793d4a2929 7e304895c205435cba65cc2763387986 - - 5fa42b4933be45809bb7aed0a16706c5 5fa42b4933be45809bb7aed0a16706c5] 199.19.213.130 "GET /v2.0/floatingips?fixed_ip_address=10.2.2.187&port_id=1cc4a4b7-30ec-4804-8a1a-25738bc9678a HTTP/1.1" status: 200 len: 217 time: 0.0271709
2026-07-21 22:15:22.439 10 INFO neutron.plugins.ml2.drivers.ovn.mech_driver.mech_driver [None req-58c51a0d-b544-4932-b343-a9faa2598fbf - - - - - -] OVN reports status up for port: 1cc4a4b7-30ec-4804-8a1a-25738bc9678a
2026-07-21 22:15:22.455 10 INFO neutron.plugins.ml2.plugin [None req-58c51a0d-b544-4932-b343-a9faa2598fbf - - - - - -] Attempt 1 to provision port 1cc4a4b7-30ec-4804-8a1a-25738bc9678a
2026-07-21 22:15:22.484 9 INFO neutron.wsgi [req-a19cee04-79b5-4ef5-9d9e-431b3d67e295 req-2a63cebd-21ce-4137-8116-34f514eb29be b240058b33e640b08ca027793d4a2929 7e304895c205435cba65cc2763387986 - - 5fa42b4933be45809bb7aed0a16706c5 5fa42b4933be45809bb7aed0a16706c5] 199.19.213.130 "GET /v2.0/floatingips?fixed_ip_address=fd77%3A1457%3A4cf0%3A26a8%3A%3A1cd&port_id=1cc4a4b7-30ec-4804-8a1a-25738bc9678a HTTP/1.1" status: 200 len: 217 time: 0.0437193
2026-07-21 22:15:22.531 9 INFO neutron.wsgi [req-a19cee04-79b5-4ef5-9d9e-431b3d67e295 req-7c29ab30-041b-4e99-a2ac-4f51f0e02813 b240058b33e640b08ca027793d4a2929 7e304895c205435cba65cc2763387986 - - 5fa42b4933be45809bb7aed0a16706c5 5fa42b4933be45809bb7aed0a16706c5] 199.19.213.130 "GET /v2.0/subnets?id=386a0ecf-02d8-457e-995b-be9a5038d39c&id=b57c0b94-f5bf-487c-8d8c-275d54c482ab HTTP/1.1" status: 200 len: 1567 time: 0.0356739
2026-07-21 22:15:22.566 9 INFO neutron.wsgi [req-a19cee04-79b5-4ef5-9d9e-431b3d67e295 req-814e480b-7cf0-43e0-b975-0f8aa8a41d3a b240058b33e640b08ca027793d4a2929 7e304895c205435cba65cc2763387986 - - 5fa42b4933be45809bb7aed0a16706c5 5fa42b4933be45809bb7aed0a16706c5] 199.19.213.130 "GET /v2.0/ports?network_id=11729ce0-710d-4d3e-9bb3-9cccb548cce2&device_owner=network%3Adhcp HTTP/1.1" status: 200 len: 210 time: 0.0266290
2026-07-21 22:15:22.584 10 INFO neutron.notifiers.nova [-] Nova event matching ['req-2f5dea6a-20d7-46a2-9d0b-74728b3c322b'] response: {'server_uuid': '16eff0fc-87e3-4632-bc47-b98df949f50c', 'name': 'network-vif-plugged', 'status': 'completed', 'tag': '1cc4a4b7-30ec-4804-8a1a-25738bc9678a', 'code': 200}
2026-07-21 22:15:22.601 9 INFO neutron.wsgi [req-a19cee04-79b5-4ef5-9d9e-431b3d67e295 req-f1e29cfc-2fc7-49be-b8cd-a2a67aba7f32 b240058b33e640b08ca027793d4a2929 7e304895c205435cba65cc2763387986 - - 5fa42b4933be45809bb7aed0a16706c5 5fa42b4933be45809bb7aed0a16706c5] 199.19.213.130 "GET /v2.0/ports?network_id=11729ce0-710d-4d3e-9bb3-9cccb548cce2&device_owner=network%3Adhcp HTTP/1.1" status: 200 len: 210 time: 0.0278776
2026-07-21 22:15:22.664 9 INFO neutron.wsgi [req-a19cee04-79b5-4ef5-9d9e-431b3d67e295 req-597832fd-d6bb-4a32-9dd7-c1eee35e125d b240058b33e640b08ca027793d4a2929 7e304895c205435cba65cc2763387986 - - 5fa42b4933be45809bb7aed0a16706c5 5fa42b4933be45809bb7aed0a16706c5] 199.19.213.130 "GET /v2.0/networks/11729ce0-710d-4d3e-9bb3-9cccb548cce2?fields=segments HTTP/1.1" status: 200 len: 212 time: 0.0538859
2026-07-21 22:15:22.724 9 INFO neutron.wsgi [req-a19cee04-79b5-4ef5-9d9e-431b3d67e295 req-559328bb-ca56-49fc-afa7-90018975746a b240058b33e640b08ca027793d4a2929 7e304895c205435cba65cc2763387986 - - 5fa42b4933be45809bb7aed0a16706c5 5fa42b4933be45809bb7aed0a16706c5] 199.19.213.130 "GET /v2.0/networks/11729ce0-710d-4d3e-9bb3-9cccb548cce2?fields=provider%3Aphysical_network&fields=provider%3Anetwork_type HTTP/1.1" status: 200 len: 277 time: 0.0551391
2026-07-21 22:15:22.756 10 INFO neutron.db.ovn_revision_numbers_db [None req-58c51a0d-b544-4932-b343-a9faa2598fbf - - - - - -] Successfully bumped revision number for resource 1cc4a4b7-30ec-4804-8a1a-25738bc9678a (type: ports) to 4
2026-07-21 22:15:24.621 10 INFO neutron.notifiers.nova [-] Nova event matching ['req-ba8788d2-2f0a-4f08-b662-dc089be96a05'] response: {'server_uuid': '16eff0fc-87e3-4632-bc47-b98df949f50c', 'name': 'network-vif-plugged', 'status': 'completed', 'tag': '1cc4a4b7-30ec-4804-8a1a-25738bc9678a', 'code': 200} /var/lib/openstack/lib/python3.10/site-packages/pycadf/identifier.py:71: UserWarning: Invalid uuid: neutron. To ensure interoperability, identifiers should be a valid uuid. warnings.warn(('Invalid uuid: %s. To ensure interoperability, '
2026-07-21 22:15:24.934 10 INFO neutron.wsgi [req-b0b31314-2336-48db-9257-a4441f264731 req-7ff66cb1-d531-4fe0-8ff7-49fe04ffc23f 53a54d13135a4888b98edc1c9fbfacbb dc47df5da8024306bc550e35acc2461a - - default default] 10.0.0.62 "GET /v2.0/ports?device_id=16eff0fc-87e3-4632-bc47-b98df949f50c HTTP/1.1" status: 200 len: 1404 time: 0.1447039
2026-07-21 22:15:24.976 10 INFO neutron.wsgi [req-b0b31314-2336-48db-9257-a4441f264731 req-70986186-1c5c-4c09-9657-1d31b5f2e6b7 53a54d13135a4888b98edc1c9fbfacbb dc47df5da8024306bc550e35acc2461a - - default default] 10.0.0.62 "GET /v2.0/security-groups?id=2aa62961-0626-42e3-ac51-54cd333bd1c4&fields=id&fields=name HTTP/1.1" status: 200 len: 310 time: 0.0342474
2026-07-21 22:15:25.095 9 INFO neutron.wsgi [None req-b38c4502-c4be-4dde-88fd-fbce8349c1ad 53a54d13135a4888b98edc1c9fbfacbb dc47df5da8024306bc550e35acc2461a - - default default] 10.0.0.116 "GET /v2.0/ports?network_id=11729ce0-710d-4d3e-9bb3-9cccb548cce2&mac_address=fa%3A16%3A3e%3A27%3Aa9%3A29 HTTP/1.1" status: 200 len: 1399 time: 0.0872846
2026-07-21 22:15:25.354 9 WARNING neutron.scheduler.dhcp_agent_scheduler [None req-b8461401-55c1-4f83-af00-28b84d556e34 53a54d13135a4888b98edc1c9fbfacbb dc47df5da8024306bc550e35acc2461a - - - -] No more DHCP agents
2026-07-21 22:15:25.367 9 WARNING neutron.api.rpc.agentnotifiers.dhcp_rpc_agent_api [None req-b8461401-55c1-4f83-af00-28b84d556e34 53a54d13135a4888b98edc1c9fbfacbb dc47df5da8024306bc550e35acc2461a - - - -] Unable to schedule network 526b6b94-2985-444b-8360-bdb71d9ad5a1: no agents available; will retry on subsequent port and subnet creation events.
2026-07-21 22:15:25.543 9 INFO neutron.wsgi [-] 10.0.0.133 "GET / HTTP/1.1" status: 200 len: 246 time: 0.0017977
2026-07-21 22:15:25.547 9 INFO neutron.wsgi [-] 10.0.0.133 "GET / HTTP/1.1" status: 200 len: 246 time: 0.0015984
2026-07-21 22:15:25.842 9 INFO neutron.db.l3_db [None req-b8461401-55c1-4f83-af00-28b84d556e34 53a54d13135a4888b98edc1c9fbfacbb dc47df5da8024306bc550e35acc2461a - - - -] Floating IP 3f8f4094-f579-4f4e-ad59-3de9b11dcc7d associated. External IP: 10.96.250.219, port: 1cc4a4b7-30ec-4804-8a1a-25738bc9678a.
2026-07-21 22:15:26.024 9 INFO neutron.db.ovn_revision_numbers_db [None req-b8461401-55c1-4f83-af00-28b84d556e34 53a54d13135a4888b98edc1c9fbfacbb dc47df5da8024306bc550e35acc2461a - - - -] Successfully bumped revision number for resource 3f8f4094-f579-4f4e-ad59-3de9b11dcc7d (type: floatingips) to 0
2026-07-21 22:15:26.111 9 INFO neutron.db.ovn_revision_numbers_db [None req-b8461401-55c1-4f83-af00-28b84d556e34 53a54d13135a4888b98edc1c9fbfacbb dc47df5da8024306bc550e35acc2461a - - - -] Successfully bumped revision number for resource 3f8f4094-f579-4f4e-ad59-3de9b11dcc7d (type: floatingips) to 1
2026-07-21 22:15:26.176 9 INFO neutron.wsgi [None req-b8461401-55c1-4f83-af00-28b84d556e34 53a54d13135a4888b98edc1c9fbfacbb dc47df5da8024306bc550e35acc2461a - - - -] 10.0.0.116 "POST /v2.0/floatingips HTTP/1.1" status: 201 len: 1054 time: 1.0762615
2026-07-21 22:15:26.216 9 INFO neutron.notifiers.nova [-] Nova event matching ['req-b56c32b2-c51c-428d-a59f-2c9f32aa3e8b'] response: {'name': 'network-changed', 'server_uuid': '16eff0fc-87e3-4632-bc47-b98df949f50c', 'tag': '1cc4a4b7-30ec-4804-8a1a-25738bc9678a', 'status': 'completed', 'code': 200}
2026-07-21 22:15:26.288 9 INFO neutron.wsgi [req-8a1e26da-a39c-437b-b9ed-514495248d49 req-bc0d6cf0-da02-4210-bd8f-de355497bdc5 b240058b33e640b08ca027793d4a2929 7e304895c205435cba65cc2763387986 - - 5fa42b4933be45809bb7aed0a16706c5 5fa42b4933be45809bb7aed0a16706c5] 199.19.213.130 "GET /v2.0/ports?tenant_id=dc47df5da8024306bc550e35acc2461a&device_id=16eff0fc-87e3-4632-bc47-b98df949f50c HTTP/1.1" status: 200 len: 1594 time: 0.0372543
2026-07-21 22:15:26.352 9 INFO neutron.wsgi [req-8a1e26da-a39c-437b-b9ed-514495248d49 req-cf77bb5c-2fbb-4a1e-a798-607b5c8d691a b240058b33e640b08ca027793d4a2929 7e304895c205435cba65cc2763387986 - - 5fa42b4933be45809bb7aed0a16706c5 5fa42b4933be45809bb7aed0a16706c5] 199.19.213.130 "GET /v2.0/networks?id=11729ce0-710d-4d3e-9bb3-9cccb548cce2 HTTP/1.1" status: 200 len: 1002 time: 0.0568693
2026-07-21 22:15:26.403 9 INFO neutron.wsgi [req-8a1e26da-a39c-437b-b9ed-514495248d49 req-ef992766-dff1-4c66-ad5d-936eb17663e9 b240058b33e640b08ca027793d4a2929 7e304895c205435cba65cc2763387986 - - 5fa42b4933be45809bb7aed0a16706c5 5fa42b4933be45809bb7aed0a16706c5] 199.19.213.130 "GET /v2.0/floatingips?fixed_ip_address=10.2.2.187&port_id=1cc4a4b7-30ec-4804-8a1a-25738bc9678a HTTP/1.1" status: 200 len: 1059 time: 0.0432220
2026-07-21 22:15:26.456 9 INFO neutron.wsgi [req-8a1e26da-a39c-437b-b9ed-514495248d49 req-fcb464c7-1a66-46c3-a3c2-cb467eb0f924 b240058b33e640b08ca027793d4a2929 7e304895c205435cba65cc2763387986 - - 5fa42b4933be45809bb7aed0a16706c5 5fa42b4933be45809bb7aed0a16706c5] 199.19.213.130 "GET /v2.0/floatingips?fixed_ip_address=fd77%3A1457%3A4cf0%3A26a8%3A%3A1cd&port_id=1cc4a4b7-30ec-4804-8a1a-25738bc9678a HTTP/1.1" status: 200 len: 217 time: 0.0474782
2026-07-21 22:15:26.496 9 INFO neutron.wsgi [req-8a1e26da-a39c-437b-b9ed-514495248d49 req-8d6820da-4645-4d17-8ce2-d79d8e8e8697 b240058b33e640b08ca027793d4a2929 7e304895c205435cba65cc2763387986 - - 5fa42b4933be45809bb7aed0a16706c5 5fa42b4933be45809bb7aed0a16706c5] 199.19.213.130 "GET /v2.0/subnets?id=386a0ecf-02d8-457e-995b-be9a5038d39c&id=b57c0b94-f5bf-487c-8d8c-275d54c482ab HTTP/1.1" status: 200 len: 1567 time: 0.0338366
2026-07-21 22:15:26.523 9 INFO neutron.wsgi [req-8a1e26da-a39c-437b-b9ed-514495248d49 req-637c939d-4b78-4bc4-9677-cd74c0c375ce b240058b33e640b08ca027793d4a2929 7e304895c205435cba65cc2763387986 - - 5fa42b4933be45809bb7aed0a16706c5 5fa42b4933be45809bb7aed0a16706c5] 199.19.213.130 "GET /v2.0/ports?network_id=11729ce0-710d-4d3e-9bb3-9cccb548cce2&device_owner=network%3Adhcp HTTP/1.1" status: 200 len: 210 time: 0.0189776
2026-07-21 22:15:26.554 9 INFO neutron.wsgi [req-8a1e26da-a39c-437b-b9ed-514495248d49 req-82212988-434e-4b89-8ba4-0c5123818973 b240058b33e640b08ca027793d4a2929 7e304895c205435cba65cc2763387986 - - 5fa42b4933be45809bb7aed0a16706c5 5fa42b4933be45809bb7aed0a16706c5] 199.19.213.130 "GET /v2.0/ports?network_id=11729ce0-710d-4d3e-9bb3-9cccb548cce2&device_owner=network%3Adhcp HTTP/1.1" status: 200 len: 210 time: 0.0254252
2026-07-21 22:15:26.620 9 INFO neutron.wsgi [req-8a1e26da-a39c-437b-b9ed-514495248d49 req-1fdd94d0-ed5b-4acf-8a39-412e9bf07b0c b240058b33e640b08ca027793d4a2929 7e304895c205435cba65cc2763387986 - - 5fa42b4933be45809bb7aed0a16706c5 5fa42b4933be45809bb7aed0a16706c5] 199.19.213.130 "GET /v2.0/networks/11729ce0-710d-4d3e-9bb3-9cccb548cce2?fields=segments HTTP/1.1" status: 200 len: 212 time: 0.0609045
2026-07-21 22:15:26.709 9 INFO neutron.wsgi [req-8a1e26da-a39c-437b-b9ed-514495248d49 req-09b6674c-a443-4e4c-b198-e4b4db9bdf85 b240058b33e640b08ca027793d4a2929 7e304895c205435cba65cc2763387986 - - 5fa42b4933be45809bb7aed0a16706c5 5fa42b4933be45809bb7aed0a16706c5] 199.19.213.130 "GET /v2.0/networks/11729ce0-710d-4d3e-9bb3-9cccb548cce2?fields=provider%3Aphysical_network&fields=provider%3Anetwork_type HTTP/1.1" status: 200 len: 277 time: 0.0801535
2026-07-21 22:15:26.771 9 INFO neutron.wsgi [req-ee07489b-4023-4da0-ac9f-f5de5bb7ae4c req-eb969323-8e1c-49af-9a40-a737bea2bbd6 b240058b33e640b08ca027793d4a2929 7e304895c205435cba65cc2763387986 - - 5fa42b4933be45809bb7aed0a16706c5 5fa42b4933be45809bb7aed0a16706c5] 10.0.0.232 "GET /v2.0/ports?device_id=c0dd93e7-0893-478d-9e20-d05a851905db HTTP/1.1" status: 200 len: 1582 time: 0.0541732
2026-07-21 22:15:26.860 9 INFO neutron.wsgi [req-ee07489b-4023-4da0-ac9f-f5de5bb7ae4c req-bfc8529f-8e47-4c8e-96e8-80a86ee7030e b240058b33e640b08ca027793d4a2929 7e304895c205435cba65cc2763387986 - - 5fa42b4933be45809bb7aed0a16706c5 5fa42b4933be45809bb7aed0a16706c5] 10.0.0.232 "GET /v2.0/security-groups?id=2aa62961-0626-42e3-ac51-54cd333bd1c4&fields=id&fields=name HTTP/1.1" status: 200 len: 310 time: 0.0787430
2026-07-21 22:15:33.567 9 INFO neutron.wsgi [req-b9a0f00b-95f0-42d1-999d-3b20650830c1 req-4a2d9881-06ad-4769-9d0f-3ce32e54e433 b240058b33e640b08ca027793d4a2929 7e304895c205435cba65cc2763387986 - - 5fa42b4933be45809bb7aed0a16706c5 5fa42b4933be45809bb7aed0a16706c5] 10.0.0.232 "GET /v2.0/ports?device_id=16eff0fc-87e3-4632-bc47-b98df949f50c HTTP/1.1" status: 200 len: 1594 time: 0.0339127
2026-07-21 22:15:33.604 9 INFO neutron.wsgi [req-b9a0f00b-95f0-42d1-999d-3b20650830c1 req-24283324-2f29-4035-9065-e51aca1b8ad1 b240058b33e640b08ca027793d4a2929 7e304895c205435cba65cc2763387986 - - 5fa42b4933be45809bb7aed0a16706c5 5fa42b4933be45809bb7aed0a16706c5] 10.0.0.232 "GET /v2.0/security-groups?id=2aa62961-0626-42e3-ac51-54cd333bd1c4&fields=id&fields=name HTTP/1.1" status: 200 len: 310 time: 0.0300174
2026-07-21 22:15:38.868 9 INFO neutron.wsgi [None req-384d34ce-4a3d-4a7f-bcef-e239f0843714 9ec7d41fe62f4bffb320baa4a1fd4029 a544e6e8c3934258a9646a069c552476 - - default default] 10.0.0.116 "GET /v2.0/subnets/8d428cff-fbe9-4052-bf55-acc842848617 HTTP/1.1" status: 200 len: 845 time: 0.0514033
2026-07-21 22:15:39.476 9 INFO neutron.wsgi [None req-22caac5b-103a-4808-8b67-4edc3ccf7632 a179550bd99a4fd6af3a5e6f28150aeb 9e55c4fc1fa7418d8af6eabbdbfc05de - - default default] 10.0.0.194 "GET /v2.0/extensions/security-group HTTP/1.1" status: 200 len: 369 time: 0.0445783
2026-07-21 22:15:39.487 9 INFO neutron.wsgi [None req-6ff0f1ae-a88a-49ec-9413-f10433cb8b06 a179550bd99a4fd6af3a5e6f28150aeb 9e55c4fc1fa7418d8af6eabbdbfc05de - - default default] 10.0.0.194 "GET /v2.0/extensions/dns-integration HTTP/1.1" status: 200 len: 371 time: 0.0043421
2026-07-21 22:15:39.494 9 INFO neutron.wsgi [None req-a8014b89-2ef4-418f-8d71-c7492d7f4fa8 a179550bd99a4fd6af3a5e6f28150aeb 9e55c4fc1fa7418d8af6eabbdbfc05de - - default default] 10.0.0.194 "GET /v2.0/extensions/qos HTTP/1.1" status: 200 len: 365 time: 0.0040455
2026-07-21 22:15:39.504 9 INFO neutron.wsgi [None req-d13a3cb1-0924-474f-8197-643e62a53ca1 a179550bd99a4fd6af3a5e6f28150aeb 9e55c4fc1fa7418d8af6eabbdbfc05de - - default default] 10.0.0.194 "GET /v2.0/extensions/allowed-address-pairs HTTP/1.1" status: 200 len: 383 time: 0.0045309
2026-07-21 22:15:39.993 10 INFO neutron.wsgi [-] 10.0.0.194 "GET / HTTP/1.1" status: 200 len: 284 time: 0.0039356 /var/lib/openstack/lib/python3.10/site-packages/pycadf/identifier.py:71: UserWarning: Invalid uuid: neutron. To ensure interoperability, identifiers should be a valid uuid. warnings.warn(('Invalid uuid: %s. To ensure interoperability, '
2026-07-21 22:15:40.034 10 INFO neutron.wsgi [None req-f7c4fdee-98bb-4ef9-a5a8-ffe205e50be6 53a54d13135a4888b98edc1c9fbfacbb dc47df5da8024306bc550e35acc2461a - - default default] 10.0.0.194 "GET /v2.0/subnets/8d428cff-fbe9-4052-bf55-acc842848617 HTTP/1.1" status: 200 len: 832 time: 0.0350795
2026-07-21 22:15:40.049 9 INFO neutron.wsgi [None req-fa0d20c4-bfc0-4da2-9efd-a71d183151c5 a179550bd99a4fd6af3a5e6f28150aeb 9e55c4fc1fa7418d8af6eabbdbfc05de - - default default] 10.0.0.194 "GET /v2.0/extensions/security-group HTTP/1.1" status: 200 len: 369 time: 0.0065553
2026-07-21 22:15:40.061 9 INFO neutron.wsgi [None req-82e65712-65b7-45f7-af21-284fabcb5c7c a179550bd99a4fd6af3a5e6f28150aeb 9e55c4fc1fa7418d8af6eabbdbfc05de - - default default] 10.0.0.194 "GET /v2.0/extensions/dns-integration HTTP/1.1" status: 200 len: 371 time: 0.0046074
2026-07-21 22:15:40.074 9 INFO neutron.wsgi [None req-22aa9200-217a-4378-92dd-d5012721ae6f a179550bd99a4fd6af3a5e6f28150aeb 9e55c4fc1fa7418d8af6eabbdbfc05de - - default default] 10.0.0.194 "GET /v2.0/extensions/qos HTTP/1.1" status: 200 len: 365 time: 0.0061646
2026-07-21 22:15:40.085 9 INFO neutron.wsgi [None req-c2fdad5d-5288-4b64-aefc-37bcb3a8f992 a179550bd99a4fd6af3a5e6f28150aeb 9e55c4fc1fa7418d8af6eabbdbfc05de - - default default] 10.0.0.194 "GET /v2.0/extensions/allowed-address-pairs HTTP/1.1" status: 200 len: 383 time: 0.0038466
2026-07-21 22:15:40.129 9 INFO neutron.wsgi [None req-e2724f50-00c8-4d28-9e85-0926655637e4 a179550bd99a4fd6af3a5e6f28150aeb 9e55c4fc1fa7418d8af6eabbdbfc05de - - default default] 10.0.0.194 "GET /v2.0/subnets/8d428cff-fbe9-4052-bf55-acc842848617 HTTP/1.1" status: 200 len: 850 time: 0.0353789
