2026-07-21 22:13:06.427 9 INFO neutron.wsgi [None req-cc48312d-6522-41a1-bfc2-ae87e781bd58 6183d545864b47b386d859d8b1452b79 97162781439f43b5835f16b39a9082e9 - - default default] 10.0.0.116 "GET /v2.0/subnetpools?not-tags-any=red%2Cblue HTTP/1.1" status: 200 len: 1223 time: 0.0305989
2026-07-21 22:13:06.451 10 INFO neutron.wsgi [req-63cca63c-a17c-4b99-bbba-66d2261d6cfd req-757a331f-7dab-49d6-a054-ca2d1e712dca fae84ff3382a454a972b9dab63fccdc2 9a530b36155a4a78bd24fc613c1c1ac2 - - default default] 10.0.0.62 "GET /v2.0/ports?tenant_id=9a530b36155a4a78bd24fc613c1c1ac2&fields=id HTTP/1.1" status: 200 len: 348 time: 0.4209459
2026-07-21 22:13:06.465 10 INFO neutron.wsgi [req-e8e6a15b-9dc1-4168-8be4-2effe06011dd req-f009fd6c-e628-4e64-9e2a-af24e03fe118 afbe7d71ed6243b6bbe12c66c676adcd efb1ec9adb7e445b88b12409f502bfc3 - - default default] 10.0.0.62 "GET /v2.0/networks?id=fc33705f-a7a2-4ada-af07-4715c173dc8b HTTP/1.1" status: 200 len: 876 time: 0.0734098
2026-07-21 22:13:06.494 10 INFO neutron.wsgi [req-e8e6a15b-9dc1-4168-8be4-2effe06011dd req-b58e9c03-307b-41f2-b4bd-d36efaa1756b afbe7d71ed6243b6bbe12c66c676adcd efb1ec9adb7e445b88b12409f502bfc3 - - default default] 10.0.0.62 "GET /v2.0/quotas/efb1ec9adb7e445b88b12409f502bfc3 HTTP/1.1" status: 200 len: 386 time: 0.0173445
2026-07-21 22:13:06.511 9 INFO neutron.wsgi [None req-c8d0fe37-0171-4389-9e83-5a85bd9439db 6183d545864b47b386d859d8b1452b79 97162781439f43b5835f16b39a9082e9 - - - -] 10.0.0.116 "DELETE /v2.0/subnetpools/cb21951c-a892-4f11-8a29-829cb25b1c96 HTTP/1.1" status: 204 len: 168 time: 0.0764968
2026-07-21 22:13:06.543 10 INFO neutron.wsgi [req-63cca63c-a17c-4b99-bbba-66d2261d6cfd req-48e4111e-2bdb-49bc-ba34-3238486fe8c7 b240058b33e640b08ca027793d4a2929 7e304895c205435cba65cc2763387986 - - 5fa42b4933be45809bb7aed0a16706c5 5fa42b4933be45809bb7aed0a16706c5] 10.0.0.62 "GET /v2.0/networks/87d19e01-5a19-4ebf-8834-22a5b71f13df?fields=segments HTTP/1.1" status: 200 len: 212 time: 0.0735710
2026-07-21 22:13:06.581 9 INFO neutron.wsgi [None req-89341ace-a1e8-49d5-9f16-56e24c7d8839 6183d545864b47b386d859d8b1452b79 97162781439f43b5835f16b39a9082e9 - - - -] 10.0.0.116 "DELETE /v2.0/subnetpools/1813d2dd-a0cf-4ac2-9f17-950cbbc62edd HTTP/1.1" status: 204 len: 168 time: 0.0646498
2026-07-21 22:13:06.621 10 INFO neutron.wsgi [req-63cca63c-a17c-4b99-bbba-66d2261d6cfd req-52780a19-65cb-4145-a217-86f532bc6596 b240058b33e640b08ca027793d4a2929 7e304895c205435cba65cc2763387986 - - 5fa42b4933be45809bb7aed0a16706c5 5fa42b4933be45809bb7aed0a16706c5] 10.0.0.62 "GET /v2.0/networks/87d19e01-5a19-4ebf-8834-22a5b71f13df?fields=provider%3Aphysical_network&fields=provider%3Anetwork_type HTTP/1.1" status: 200 len: 277 time: 0.0683210
2026-07-21 22:13:06.626 10 INFO neutron.wsgi [req-e8e6a15b-9dc1-4168-8be4-2effe06011dd req-7c21b423-2f14-40cd-b08b-daa8057d61b5 afbe7d71ed6243b6bbe12c66c676adcd efb1ec9adb7e445b88b12409f502bfc3 - - default default] 10.0.0.62 "GET /v2.0/ports?tenant_id=efb1ec9adb7e445b88b12409f502bfc3&fields=id HTTP/1.1" status: 200 len: 302 time: 0.1166422
2026-07-21 22:13:06.632 9 INFO neutron.wsgi [None req-a4f49dee-578f-4915-9d39-c2ba0217ba16 6183d545864b47b386d859d8b1452b79 97162781439f43b5835f16b39a9082e9 - - - -] 10.0.0.116 "DELETE /v2.0/subnetpools/6f7d90d2-daff-4442-8734-63847ed37300 HTTP/1.1" status: 204 len: 168 time: 0.0458498
2026-07-21 22:13:06.690 9 INFO neutron.wsgi [None req-44519ee9-42f1-41e6-b435-812694f2df7c 6183d545864b47b386d859d8b1452b79 97162781439f43b5835f16b39a9082e9 - - - -] 10.0.0.116 "DELETE /v2.0/subnetpools/a98fbe9d-bfd8-49c2-b77c-401291cb8e18 HTTP/1.1" status: 204 len: 168 time: 0.0515156
2026-07-21 22:13:06.693 10 INFO neutron.wsgi [req-e8e6a15b-9dc1-4168-8be4-2effe06011dd req-354080d7-a986-4d45-afcd-8041a0bd1324 b240058b33e640b08ca027793d4a2929 7e304895c205435cba65cc2763387986 - - 5fa42b4933be45809bb7aed0a16706c5 5fa42b4933be45809bb7aed0a16706c5] 10.0.0.62 "GET /v2.0/networks/fc33705f-a7a2-4ada-af07-4715c173dc8b?fields=segments HTTP/1.1" status: 200 len: 212 time: 0.0576725
2026-07-21 22:13:06.760 9 INFO neutron.wsgi [None req-ceff4fa5-8036-411b-851e-002faf02ae64 6183d545864b47b386d859d8b1452b79 97162781439f43b5835f16b39a9082e9 - - - -] 10.0.0.116 "DELETE /v2.0/subnetpools/37c68850-1f7d-430d-85e5-6cc10087c844 HTTP/1.1" status: 204 len: 168 time: 0.0639491
2026-07-21 22:13:06.779 10 INFO neutron.wsgi [req-7e5cb09b-62bb-4896-8ed7-fe8e231f52aa req-f360320b-c5b0-4629-ab95-b38f5478f0fb fae84ff3382a454a972b9dab63fccdc2 9a530b36155a4a78bd24fc613c1c1ac2 - - default default] 10.0.0.62 "GET /v2.0/ports?device_id=7ee49aff-8b1a-4b50-b15a-2de15b5b2ed1 HTTP/1.1" status: 200 len: 210 time: 0.0367885
2026-07-21 22:13:06.802 10 INFO neutron.wsgi [req-e8e6a15b-9dc1-4168-8be4-2effe06011dd req-69213c3d-9f3a-48fb-941c-4d7415145765 b240058b33e640b08ca027793d4a2929 7e304895c205435cba65cc2763387986 - - 5fa42b4933be45809bb7aed0a16706c5 5fa42b4933be45809bb7aed0a16706c5] 10.0.0.62 "GET /v2.0/networks/fc33705f-a7a2-4ada-af07-4715c173dc8b?fields=provider%3Aphysical_network&fields=provider%3Anetwork_type HTTP/1.1" status: 200 len: 277 time: 0.1034334
2026-07-21 22:13:06.847 10 INFO neutron.db.ovn_revision_numbers_db [None req-56383ffa-dd17-4672-8860-b4e4f8a7dc59 637f3c116b3c4790a045be9fe28d4836 9c0fad59209546d7896933a44a49b636 - - - -] Successfully bumped revision number for resource dd729536-e39b-4d68-ade9-c8b896572192 (type: security_groups) to 1
2026-07-21 22:13:06.904 10 INFO neutron.db.segments_db [None req-56383ffa-dd17-4672-8860-b4e4f8a7dc59 637f3c116b3c4790a045be9fe28d4836 9c0fad59209546d7896933a44a49b636 - - - -] Added segment a485fe7d-b923-4277-86ed-b6d9c919b7d5 of type geneve for network 4a7254b3-4633-460f-9277-9323ad621266
2026-07-21 22:13:06.975 10 INFO neutron.wsgi [req-73328092-e095-4730-b6e8-0eb5f2cb5d07 req-9695c0b7-044f-4b93-8423-7295cff8f761 afbe7d71ed6243b6bbe12c66c676adcd efb1ec9adb7e445b88b12409f502bfc3 - - default default] 10.0.0.62 "GET /v2.0/ports?device_id=e6ccc143-8e7e-4e6f-9f28-7de5a77f03d1 HTTP/1.1" status: 200 len: 210 time: 0.0335736
2026-07-21 22:13:07.083 10 INFO neutron.db.ovn_revision_numbers_db [None req-56383ffa-dd17-4672-8860-b4e4f8a7dc59 637f3c116b3c4790a045be9fe28d4836 9c0fad59209546d7896933a44a49b636 - - - -] Successfully bumped revision number for resource 4a7254b3-4633-460f-9277-9323ad621266 (type: networks) to 1
2026-07-21 22:13:07.325 10 WARNING neutron.scheduler.dhcp_agent_scheduler [None req-56383ffa-dd17-4672-8860-b4e4f8a7dc59 637f3c116b3c4790a045be9fe28d4836 9c0fad59209546d7896933a44a49b636 - - - -] No more DHCP agents
2026-07-21 22:13:07.332 10 WARNING neutron.api.rpc.agentnotifiers.dhcp_rpc_agent_api [None req-56383ffa-dd17-4672-8860-b4e4f8a7dc59 637f3c116b3c4790a045be9fe28d4836 9c0fad59209546d7896933a44a49b636 - - - -] Unable to schedule network 4a7254b3-4633-460f-9277-9323ad621266: no agents available; will retry on subsequent port and subnet creation events.
2026-07-21 22:13:07.420 10 INFO neutron.db.ovn_revision_numbers_db [None req-56383ffa-dd17-4672-8860-b4e4f8a7dc59 637f3c116b3c4790a045be9fe28d4836 9c0fad59209546d7896933a44a49b636 - - - -] Successfully bumped revision number for resource c91b274c-7bfe-4296-928f-fd2a1f42954d (type: ports) to 1
2026-07-21 22:13:07.446 10 INFO neutron.wsgi [None req-56383ffa-dd17-4672-8860-b4e4f8a7dc59 637f3c116b3c4790a045be9fe28d4836 9c0fad59209546d7896933a44a49b636 - - - -] 10.0.0.116 "POST /v2.0/networks HTTP/1.1" status: 201 len: 831 time: 0.8970900
2026-07-21 22:13:07.551 9 INFO neutron.db.segments_db [None req-d7540059-31b3-4404-ad56-42fc759cfde9 637f3c116b3c4790a045be9fe28d4836 9c0fad59209546d7896933a44a49b636 - - - -] Added segment 88588510-129f-4c33-ada6-a88e113055c6 of type geneve for network d6fc2d42-62fb-4f92-8cba-b66db12191eb
2026-07-21 22:13:07.712 9 INFO neutron.wsgi [req-63cca63c-a17c-4b99-bbba-66d2261d6cfd req-820f123a-97c9-42c7-8adb-2fcfd92960bd fae84ff3382a454a972b9dab63fccdc2 9a530b36155a4a78bd24fc613c1c1ac2 - - default default] 199.19.213.130 "GET /v2.0/networks?id=87d19e01-5a19-4ebf-8834-22a5b71f13df HTTP/1.1" status: 200 len: 860 time: 0.1522214
2026-07-21 22:13:07.922 10 INFO neutron.wsgi [req-bb25c140-b947-494e-b98f-3e0a81322a93 req-4a810c89-fe9d-408b-8a7b-aedc1cd4c6a2 fae84ff3382a454a972b9dab63fccdc2 9a530b36155a4a78bd24fc613c1c1ac2 - - default default] 10.0.0.62 "GET /v2.0/ports?device_id=7ee49aff-8b1a-4b50-b15a-2de15b5b2ed1 HTTP/1.1" status: 200 len: 210 time: 0.0392315
2026-07-21 22:13:08.046 10 INFO neutron.db.ovn_revision_numbers_db [None req-dbe2efbf-1f4e-4bd4-aeca-8f376a4ba84d a179550bd99a4fd6af3a5e6f28150aeb 9e55c4fc1fa7418d8af6eabbdbfc05de - - default default] Successfully bumped revision number for resource efb28f05-aac7-4d4c-bdf7-a02294ed6add (type: security_groups) to 1
2026-07-21 22:13:08.078 10 INFO neutron.wsgi [None req-dbe2efbf-1f4e-4bd4-aeca-8f376a4ba84d a179550bd99a4fd6af3a5e6f28150aeb 9e55c4fc1fa7418d8af6eabbdbfc05de - - default default] 10.0.0.116 "GET /v2.0/security-groups?tenant_id=97162781439f43b5835f16b39a9082e9&name=default HTTP/1.1" status: 200 len: 2996 time: 0.3753610
2026-07-21 22:13:08.088 10 INFO neutron.wsgi [req-b2179bc6-7166-4086-9982-700819e5a3eb req-136570d0-4699-4352-a77d-0e1cdb07afd0 afbe7d71ed6243b6bbe12c66c676adcd efb1ec9adb7e445b88b12409f502bfc3 - - default default] 10.0.0.62 "GET /v2.0/ports?device_id=e6ccc143-8e7e-4e6f-9f28-7de5a77f03d1 HTTP/1.1" status: 200 len: 210 time: 0.0245249
2026-07-21 22:13:08.099 9 INFO neutron.db.ovn_revision_numbers_db [None req-d7540059-31b3-4404-ad56-42fc759cfde9 637f3c116b3c4790a045be9fe28d4836 9c0fad59209546d7896933a44a49b636 - - - -] Successfully bumped revision number for resource d6fc2d42-62fb-4f92-8cba-b66db12191eb (type: networks) to 1
2026-07-21 22:13:08.173 9 INFO neutron.wsgi [req-63cca63c-a17c-4b99-bbba-66d2261d6cfd req-b8aafc28-6b1e-4464-85e8-76fdc7eb9c07 fae84ff3382a454a972b9dab63fccdc2 9a530b36155a4a78bd24fc613c1c1ac2 - - default default] 199.19.213.130 "GET /v2.0/security-groups?fields=id&fields=name&tenant_id=9a530b36155a4a78bd24fc613c1c1ac2 HTTP/1.1" status: 200 len: 471 time: 0.4518435
2026-07-21 22:13:08.190 9 INFO neutron.wsgi [req-e8e6a15b-9dc1-4168-8be4-2effe06011dd req-c93f0427-b5a8-459c-8c42-95161d42a9d8 afbe7d71ed6243b6bbe12c66c676adcd efb1ec9adb7e445b88b12409f502bfc3 - - default default] 199.19.213.130 "GET /v2.0/networks?id=fc33705f-a7a2-4ada-af07-4715c173dc8b HTTP/1.1" status: 200 len: 876 time: 0.1515582
2026-07-21 22:13:08.541 9 WARNING neutron.scheduler.dhcp_agent_scheduler [None req-d7540059-31b3-4404-ad56-42fc759cfde9 637f3c116b3c4790a045be9fe28d4836 9c0fad59209546d7896933a44a49b636 - - - -] No more DHCP agents
2026-07-21 22:13:08.553 9 WARNING neutron.api.rpc.agentnotifiers.dhcp_rpc_agent_api [None req-d7540059-31b3-4404-ad56-42fc759cfde9 637f3c116b3c4790a045be9fe28d4836 9c0fad59209546d7896933a44a49b636 - - - -] Unable to schedule network d6fc2d42-62fb-4f92-8cba-b66db12191eb: no agents available; will retry on subsequent port and subnet creation events.
2026-07-21 22:13:08.682 9 INFO neutron.db.ovn_revision_numbers_db [None req-d7540059-31b3-4404-ad56-42fc759cfde9 637f3c116b3c4790a045be9fe28d4836 9c0fad59209546d7896933a44a49b636 - - - -] Successfully bumped revision number for resource cfc972a9-d6dc-428f-9aec-ea7e62c58451 (type: ports) to 1
2026-07-21 22:13:08.729 9 INFO neutron.wsgi [None req-a6d6c83e-54cf-4d56-ae59-5a8685d87656 a179550bd99a4fd6af3a5e6f28150aeb 9e55c4fc1fa7418d8af6eabbdbfc05de - - - -] 10.0.0.116 "DELETE /v2.0/security-groups/efb28f05-aac7-4d4c-bdf7-a02294ed6add HTTP/1.1" status: 204 len: 168 time: 0.6417546
2026-07-21 22:13:08.753 9 INFO neutron.wsgi [None req-d7540059-31b3-4404-ad56-42fc759cfde9 637f3c116b3c4790a045be9fe28d4836 9c0fad59209546d7896933a44a49b636 - - - -] 10.0.0.116 "POST /v2.0/networks HTTP/1.1" status: 201 len: 831 time: 1.2994764
2026-07-21 22:13:08.825 10 INFO neutron.wsgi [None req-a8559114-1e87-40ce-a7de-123b99c9ebfa 637f3c116b3c4790a045be9fe28d4836 9c0fad59209546d7896933a44a49b636 - - - -] 10.0.0.116 "PUT /v2.0/networks/4a7254b3-4633-460f-9277-9323ad621266/tags HTTP/1.1" status: 200 len: 218 time: 0.0660081
2026-07-21 22:13:08.833 9 WARNING neutron.scheduler.dhcp_agent_scheduler [None req-37d1119d-4aca-4f84-b2c4-66fac8986f80 fae84ff3382a454a972b9dab63fccdc2 9a530b36155a4a78bd24fc613c1c1ac2 - - - -] No more DHCP agents
2026-07-21 22:13:08.835 9 WARNING neutron.api.rpc.agentnotifiers.dhcp_rpc_agent_api [None req-37d1119d-4aca-4f84-b2c4-66fac8986f80 fae84ff3382a454a972b9dab63fccdc2 9a530b36155a4a78bd24fc613c1c1ac2 - - - -] Unable to schedule network 87d19e01-5a19-4ebf-8834-22a5b71f13df: no agents available; will retry on subsequent port and subnet creation events.
2026-07-21 22:13:08.872 9 WARNING neutron.scheduler.dhcp_agent_scheduler [None req-bfba394c-5fce-4ad9-a778-f56c548e7ec9 afbe7d71ed6243b6bbe12c66c676adcd efb1ec9adb7e445b88b12409f502bfc3 - - - -] No more DHCP agents
2026-07-21 22:13:08.875 9 WARNING neutron.api.rpc.agentnotifiers.dhcp_rpc_agent_api [None req-bfba394c-5fce-4ad9-a778-f56c548e7ec9 afbe7d71ed6243b6bbe12c66c676adcd efb1ec9adb7e445b88b12409f502bfc3 - - - -] Unable to schedule network fc33705f-a7a2-4ada-af07-4715c173dc8b: no agents available; will retry on subsequent port and subnet creation events.
2026-07-21 22:13:08.926 10 INFO neutron.wsgi [None req-21c82215-b342-4a7c-b0f4-bc9cc964dd9e 637f3c116b3c4790a045be9fe28d4836 9c0fad59209546d7896933a44a49b636 - - default default] 10.0.0.116 "GET /v2.0/networks/4a7254b3-4633-460f-9277-9323ad621266/tags HTTP/1.1" status: 200 len: 218 time: 0.0885053 /var/lib/openstack/lib/python3.10/site-packages/pycadf/identifier.py:71: UserWarning: Invalid uuid: neutron. To ensure interoperability, identifiers should be a valid uuid. warnings.warn(('Invalid uuid: %s. To ensure interoperability, '
2026-07-21 22:13:09.006 10 INFO neutron.db.ovn_revision_numbers_db [None req-f851dcac-54b9-4448-ad99-e63d83054476 a179550bd99a4fd6af3a5e6f28150aeb 9e55c4fc1fa7418d8af6eabbdbfc05de - - default default] Successfully bumped revision number for resource 69eaca3b-0a91-4903-ab03-f18ab8fa6454 (type: security_groups) to 1
2026-07-21 22:13:09.008 9 INFO neutron.wsgi [None req-5bf38073-35ba-4ebc-80a1-58ed33259449 637f3c116b3c4790a045be9fe28d4836 9c0fad59209546d7896933a44a49b636 - - - -] 10.0.0.116 "PUT /v2.0/networks/d6fc2d42-62fb-4f92-8cba-b66db12191eb/tags HTTP/1.1" status: 200 len: 210 time: 0.0752602
2026-07-21 22:13:09.033 10 INFO neutron.wsgi [req-364bf83b-51d3-46f2-ada2-fbc80b2f2cce req-80bc1306-2918-46ea-8587-f0457b50a61b fae84ff3382a454a972b9dab63fccdc2 9a530b36155a4a78bd24fc613c1c1ac2 - - default default] 10.0.0.62 "GET /v2.0/ports?device_id=7ee49aff-8b1a-4b50-b15a-2de15b5b2ed1 HTTP/1.1" status: 200 len: 1156 time: 0.0519359
2026-07-21 22:13:09.041 10 INFO neutron.wsgi [None req-f851dcac-54b9-4448-ad99-e63d83054476 a179550bd99a4fd6af3a5e6f28150aeb 9e55c4fc1fa7418d8af6eabbdbfc05de - - default default] 10.0.0.116 "GET /v2.0/security-groups?tenant_id=b3b968dc6c674d7ea2c55ee0f1805898&name=default HTTP/1.1" status: 200 len: 2996 time: 0.2124236
2026-07-21 22:13:09.054 9 INFO neutron.db.ovn_revision_numbers_db [None req-37d1119d-4aca-4f84-b2c4-66fac8986f80 fae84ff3382a454a972b9dab63fccdc2 9a530b36155a4a78bd24fc613c1c1ac2 - - - -] Successfully bumped revision number for resource 9f6a0062-cffa-4886-8c03-196ac71f24a8 (type: ports) to 1
2026-07-21 22:13:09.083 10 INFO neutron.wsgi [None req-f79c5b3e-4984-4f89-9a06-238bcec97011 637f3c116b3c4790a045be9fe28d4836 9c0fad59209546d7896933a44a49b636 - - default default] 10.0.0.116 "GET /v2.0/networks/d6fc2d42-62fb-4f92-8cba-b66db12191eb/tags HTTP/1.1" status: 200 len: 210 time: 0.0658138
2026-07-21 22:13:09.088 9 INFO neutron.db.ovn_revision_numbers_db [None req-bfba394c-5fce-4ad9-a778-f56c548e7ec9 afbe7d71ed6243b6bbe12c66c676adcd efb1ec9adb7e445b88b12409f502bfc3 - - - -] Successfully bumped revision number for resource 9cd59fb7-543c-4099-81dd-f9eb4d687dd9 (type: ports) to 1
2026-07-21 22:13:09.091 9 INFO neutron.wsgi [None req-37d1119d-4aca-4f84-b2c4-66fac8986f80 fae84ff3382a454a972b9dab63fccdc2 9a530b36155a4a78bd24fc613c1c1ac2 - - - -] 199.19.213.130 "POST /v2.0/ports HTTP/1.1" status: 201 len: 1158 time: 0.9097292
2026-07-21 22:13:09.113 10 INFO neutron.wsgi [req-364bf83b-51d3-46f2-ada2-fbc80b2f2cce req-fbbd351d-84a1-4eec-adb0-2c2a5876c649 fae84ff3382a454a972b9dab63fccdc2 9a530b36155a4a78bd24fc613c1c1ac2 - - default default] 10.0.0.62 "GET /v2.0/security-groups?id=829e70a8-9de0-4134-87fa-984c90e56372&fields=id&fields=name HTTP/1.1" status: 200 len: 312 time: 0.0712595
2026-07-21 22:13:09.124 9 INFO neutron.wsgi [None req-bfba394c-5fce-4ad9-a778-f56c548e7ec9 afbe7d71ed6243b6bbe12c66c676adcd efb1ec9adb7e445b88b12409f502bfc3 - - - -] 199.19.213.130 "POST /v2.0/ports HTTP/1.1" status: 201 len: 1158 time: 0.9267712
2026-07-21 22:13:09.150 10 INFO neutron.wsgi [None req-7b79b410-4511-41e2-8f29-5e5c09c55ec9 637f3c116b3c4790a045be9fe28d4836 9c0fad59209546d7896933a44a49b636 - - - -] 10.0.0.116 "PUT /v2.0/networks/d6fc2d42-62fb-4f92-8cba-b66db12191eb/tags HTTP/1.1" status: 200 len: 205 time: 0.0590937
2026-07-21 22:13:09.210 10 INFO neutron.wsgi [None req-a48c757a-e00f-4096-ac10-54ab2e038811 637f3c116b3c4790a045be9fe28d4836 9c0fad59209546d7896933a44a49b636 - - default default] 10.0.0.116 "GET /v2.0/networks/d6fc2d42-62fb-4f92-8cba-b66db12191eb/tags HTTP/1.1" status: 200 len: 205 time: 0.0517786
2026-07-21 22:13:09.218 10 INFO neutron.wsgi [req-6e865f5d-70a8-4e28-892f-fc3305d05fde req-17e7342b-2c8e-4ac3-a2d2-3a0ddf334653 afbe7d71ed6243b6bbe12c66c676adcd efb1ec9adb7e445b88b12409f502bfc3 - - default default] 10.0.0.62 "GET /v2.0/ports?device_id=e6ccc143-8e7e-4e6f-9f28-7de5a77f03d1 HTTP/1.1" status: 200 len: 1156 time: 0.0446174
2026-07-21 22:13:09.265 10 INFO neutron.wsgi [None req-9da26f15-1933-4c5f-901d-f27e97482cf4 637f3c116b3c4790a045be9fe28d4836 9c0fad59209546d7896933a44a49b636 - - default default] 10.0.0.116 "GET /v2.0/networks/4a7254b3-4633-460f-9277-9323ad621266/tags HTTP/1.1" status: 200 len: 218 time: 0.0461769
2026-07-21 22:13:09.273 10 INFO neutron.wsgi [req-6e865f5d-70a8-4e28-892f-fc3305d05fde req-a6da15f5-4fb9-4391-b0d0-bfe8a566322c afbe7d71ed6243b6bbe12c66c676adcd efb1ec9adb7e445b88b12409f502bfc3 - - default default] 10.0.0.62 "GET /v2.0/security-groups?id=d889de7e-049b-490b-b8ac-dd333f66c969&fields=id&fields=name HTTP/1.1" status: 200 len: 286 time: 0.0471039
2026-07-21 22:13:09.618 10 INFO neutron.services.segments.plugin [-] Segment a485fe7d-b923-4277-86ed-b6d9c919b7d5 resource provider aggregate not found
2026-07-21 22:13:09.622 10 INFO neutron.services.segments.plugin [-] Segment a485fe7d-b923-4277-86ed-b6d9c919b7d5 resource provider aggregate not found
2026-07-21 22:13:09.644 10 INFO neutron.services.segments.plugin [-] Segment a485fe7d-b923-4277-86ed-b6d9c919b7d5 resource provider not found; error: Placement Client Error (4xx): {"errors": [{"status": 404, "title": "Not Found", "detail": "The resource could not be found.\n\n No resource provider with uuid a485fe7d-b923-4277-86ed-b6d9c919b7d5 found for delete ", "request_id": "req-d58acd4b-6839-45bc-8a35-01636b59454d"}]}
2026-07-21 22:13:09.644 10 INFO neutron.services.segments.plugin [-] Segment a485fe7d-b923-4277-86ed-b6d9c919b7d5 resource provider not found; error: Placement Client Error (4xx): {"errors": [{"status": 404, "title": "Not Found", "detail": "The resource could not be found.\n\n No resource provider with uuid a485fe7d-b923-4277-86ed-b6d9c919b7d5 found for delete ", "request_id": "req-6ba84860-d28d-4a77-b49a-5e1725f22a8b"}]}
2026-07-21 22:13:09.658 10 INFO neutron.wsgi [None req-68873132-0bfc-4892-9404-f56005c3b503 637f3c116b3c4790a045be9fe28d4836 9c0fad59209546d7896933a44a49b636 - - - -] 10.0.0.116 "DELETE /v2.0/networks/4a7254b3-4633-460f-9277-9323ad621266 HTTP/1.1" status: 204 len: 168 time: 0.3709764
2026-07-21 22:13:09.684 9 INFO neutron.wsgi [None req-3cc53bc2-4672-49df-afe9-af4d6de6a1ed a179550bd99a4fd6af3a5e6f28150aeb 9e55c4fc1fa7418d8af6eabbdbfc05de - - - -] 10.0.0.116 "DELETE /v2.0/security-groups/69eaca3b-0a91-4903-ab03-f18ab8fa6454 HTTP/1.1" status: 204 len: 168 time: 0.6322579
2026-07-21 22:13:09.920 9 INFO neutron.db.ovn_revision_numbers_db [None req-9720bf27-b86a-430b-9b8c-b48ecf5ee714 b240058b33e640b08ca027793d4a2929 7e304895c205435cba65cc2763387986 - - - -] Successfully bumped revision number for resource 9cd59fb7-543c-4099-81dd-f9eb4d687dd9 (type: ports) to 2
2026-07-21 22:13:09.928 9 INFO neutron.db.ovn_revision_numbers_db [None req-149f0ea9-7da5-410e-80b6-ab00a2868f11 b240058b33e640b08ca027793d4a2929 7e304895c205435cba65cc2763387986 - - - -] Successfully bumped revision number for resource 9f6a0062-cffa-4886-8c03-196ac71f24a8 (type: ports) to 2
2026-07-21 22:13:09.979 10 INFO neutron.db.ovn_revision_numbers_db [None req-857e8b27-afc9-4dc0-982e-f2cfe2f7da18 a179550bd99a4fd6af3a5e6f28150aeb 9e55c4fc1fa7418d8af6eabbdbfc05de - - default default] Successfully bumped revision number for resource c70cb289-ada2-43f3-8618-7f494547607f (type: security_groups) to 1
2026-07-21 22:13:10.013 10 INFO neutron.wsgi [None req-857e8b27-afc9-4dc0-982e-f2cfe2f7da18 a179550bd99a4fd6af3a5e6f28150aeb 9e55c4fc1fa7418d8af6eabbdbfc05de - - default default] 10.0.0.116 "GET /v2.0/security-groups?tenant_id=4d40450786844b9eafaa508d512ac757&name=default HTTP/1.1" status: 200 len: 2996 time: 0.1849878
2026-07-21 22:13:10.114 10 INFO neutron.wsgi [None req-a732884d-94b5-4d89-81b2-06a16c99e30b 637f3c116b3c4790a045be9fe28d4836 9c0fad59209546d7896933a44a49b636 - - - -] 10.0.0.116 "DELETE /v2.0/networks/d6fc2d42-62fb-4f92-8cba-b66db12191eb HTTP/1.1" status: 204 len: 168 time: 0.4503822
2026-07-21 22:13:10.174 9 INFO neutron.db.ovn_revision_numbers_db [None req-9720bf27-b86a-430b-9b8c-b48ecf5ee714 b240058b33e640b08ca027793d4a2929 7e304895c205435cba65cc2763387986 - - - -] Successfully bumped revision number for resource 9cd59fb7-543c-4099-81dd-f9eb4d687dd9 (type: ports) to 2
2026-07-21 22:13:10.181 9 INFO neutron.db.ovn_revision_numbers_db [None req-149f0ea9-7da5-410e-80b6-ab00a2868f11 b240058b33e640b08ca027793d4a2929 7e304895c205435cba65cc2763387986 - - - -] Successfully bumped revision number for resource 9f6a0062-cffa-4886-8c03-196ac71f24a8 (type: ports) to 2
2026-07-21 22:13:10.189 9 INFO neutron.wsgi [None req-9720bf27-b86a-430b-9b8c-b48ecf5ee714 b240058b33e640b08ca027793d4a2929 7e304895c205435cba65cc2763387986 - - - -] 199.19.213.130 "PUT /v2.0/ports/9cd59fb7-543c-4099-81dd-f9eb4d687dd9 HTTP/1.1" status: 200 len: 1328 time: 1.0505679
2026-07-21 22:13:10.203 9 INFO neutron.wsgi [None req-149f0ea9-7da5-410e-80b6-ab00a2868f11 b240058b33e640b08ca027793d4a2929 7e304895c205435cba65cc2763387986 - - - -] 199.19.213.130 "PUT /v2.0/ports/9f6a0062-cffa-4886-8c03-196ac71f24a8 HTTP/1.1" status: 200 len: 1328 time: 1.1044796 /var/lib/openstack/lib/python3.10/site-packages/pycadf/identifier.py:71: UserWarning: Invalid uuid: neutron. To ensure interoperability, identifiers should be a valid uuid. warnings.warn(('Invalid uuid: %s. To ensure interoperability, '
2026-07-21 22:13:10.237 9 INFO neutron.notifiers.nova [-] Nova event matching ['req-c7fb3e34-f0a5-4a95-8a28-baa5a885ecdf'] response: {'name': 'network-changed', 'server_uuid': 'e6ccc143-8e7e-4e6f-9f28-7de5a77f03d1', 'tag': '9cd59fb7-543c-4099-81dd-f9eb4d687dd9', 'status': 'completed', 'code': 200}
2026-07-21 22:13:10.243 10 INFO neutron.wsgi [req-a917357a-8a53-45eb-ade4-725abd9ca949 req-d5a86caa-0dd0-44fb-959c-58b26b8e0e99 fae84ff3382a454a972b9dab63fccdc2 9a530b36155a4a78bd24fc613c1c1ac2 - - default default] 10.0.0.62 "GET /v2.0/ports?device_id=7ee49aff-8b1a-4b50-b15a-2de15b5b2ed1 HTTP/1.1" status: 200 len: 1168 time: 0.0587766
2026-07-21 22:13:10.282 10 INFO neutron.wsgi [None req-93bd34f9-7a52-46be-a784-9c0f93fb3aa4 a179550bd99a4fd6af3a5e6f28150aeb 9e55c4fc1fa7418d8af6eabbdbfc05de - - - -] 10.0.0.116 "DELETE /v2.0/security-groups/c70cb289-ada2-43f3-8618-7f494547607f HTTP/1.1" status: 204 len: 168 time: 0.2641428
2026-07-21 22:13:10.284 10 INFO neutron.wsgi [req-a917357a-8a53-45eb-ade4-725abd9ca949 req-67b55776-c95a-4c35-9df8-c29c7604d815 fae84ff3382a454a972b9dab63fccdc2 9a530b36155a4a78bd24fc613c1c1ac2 - - default default] 10.0.0.62 "GET /v2.0/security-groups?id=829e70a8-9de0-4134-87fa-984c90e56372&fields=id&fields=name HTTP/1.1" status: 200 len: 312 time: 0.0353475
2026-07-21 22:13:10.297 9 INFO neutron.wsgi [req-e8e6a15b-9dc1-4168-8be4-2effe06011dd req-8303d8e3-ca9f-423f-b915-9e8e52145c65 b240058b33e640b08ca027793d4a2929 7e304895c205435cba65cc2763387986 - - 5fa42b4933be45809bb7aed0a16706c5 5fa42b4933be45809bb7aed0a16706c5] 199.19.213.130 "GET /v2.0/ports?tenant_id=efb1ec9adb7e445b88b12409f502bfc3&device_id=e6ccc143-8e7e-4e6f-9f28-7de5a77f03d1 HTTP/1.1" status: 200 len: 1359 time: 0.0738826
2026-07-21 22:13:10.303 10 WARNING neutron.plugins.ml2.drivers.ovn.mech_driver.ovsdb.ovn_client [None req-58c51a0d-b544-4932-b343-a9faa2598fbf - - - - - -] No hosting information found for port 6ef52e14-e121-4361-b4ed-d61409373544: RuntimeError: No hosting information found for port 6ef52e14-e121-4361-b4ed-d61409373544
2026-07-21 22:13:10.306 9 INFO neutron.wsgi [req-63cca63c-a17c-4b99-bbba-66d2261d6cfd req-950130f9-15b1-4d54-b277-e2cac4954209 b240058b33e640b08ca027793d4a2929 7e304895c205435cba65cc2763387986 - - 5fa42b4933be45809bb7aed0a16706c5 5fa42b4933be45809bb7aed0a16706c5] 199.19.213.130 "GET /v2.0/ports?tenant_id=9a530b36155a4a78bd24fc613c1c1ac2&device_id=7ee49aff-8b1a-4b50-b15a-2de15b5b2ed1 HTTP/1.1" status: 200 len: 1359 time: 0.0660145
2026-07-21 22:13:10.332 9 INFO neutron.wsgi [req-e8e6a15b-9dc1-4168-8be4-2effe06011dd req-819c5171-4cbe-4572-9997-fde7eaa4d869 b240058b33e640b08ca027793d4a2929 7e304895c205435cba65cc2763387986 - - 5fa42b4933be45809bb7aed0a16706c5 5fa42b4933be45809bb7aed0a16706c5] 199.19.213.130 "GET /v2.0/floatingips?fixed_ip_address=10.100.0.9&port_id=9cd59fb7-543c-4099-81dd-f9eb4d687dd9 HTTP/1.1" status: 200 len: 217 time: 0.0257936
2026-07-21 22:13:10.347 9 INFO neutron.wsgi [req-63cca63c-a17c-4b99-bbba-66d2261d6cfd req-2ed5d89b-3d79-4cbb-9514-693069f80b87 b240058b33e640b08ca027793d4a2929 7e304895c205435cba65cc2763387986 - - 5fa42b4933be45809bb7aed0a16706c5 5fa42b4933be45809bb7aed0a16706c5] 199.19.213.130 "GET /v2.0/floatingips?fixed_ip_address=10.100.0.7&port_id=9f6a0062-cffa-4886-8c03-196ac71f24a8 HTTP/1.1" status: 200 len: 217 time: 0.0340743
2026-07-21 22:13:10.384 10 INFO neutron.wsgi [req-d56d9a7e-54f5-4059-b326-51fe36f16944 req-80071d9a-f874-43ad-8869-c72604869cfa afbe7d71ed6243b6bbe12c66c676adcd efb1ec9adb7e445b88b12409f502bfc3 - - default default] 10.0.0.62 "GET /v2.0/ports?device_id=e6ccc143-8e7e-4e6f-9f28-7de5a77f03d1 HTTP/1.1" status: 200 len: 1168 time: 0.0412619
2026-07-21 22:13:10.384 9 INFO neutron.wsgi [req-e8e6a15b-9dc1-4168-8be4-2effe06011dd req-d38cc019-063c-45ec-afc4-9c4a96ea6621 b240058b33e640b08ca027793d4a2929 7e304895c205435cba65cc2763387986 - - 5fa42b4933be45809bb7aed0a16706c5 5fa42b4933be45809bb7aed0a16706c5] 199.19.213.130 "GET /v2.0/subnets?id=e84935a1-bda9-4d5a-95cc-d133ddb74159 HTTP/1.1" status: 200 len: 870 time: 0.0394130
2026-07-21 22:13:10.388 9 INFO neutron.wsgi [req-63cca63c-a17c-4b99-bbba-66d2261d6cfd req-2b815b86-f97a-4924-8cfd-ff4908435d4f b240058b33e640b08ca027793d4a2929 7e304895c205435cba65cc2763387986 - - 5fa42b4933be45809bb7aed0a16706c5 5fa42b4933be45809bb7aed0a16706c5] 199.19.213.130 "GET /v2.0/subnets?id=96e60c8c-7ef6-4f7e-ad9d-c9860f734051 HTTP/1.1" status: 200 len: 852 time: 0.0355117
2026-07-21 22:13:10.425 10 INFO neutron.wsgi [req-d56d9a7e-54f5-4059-b326-51fe36f16944 req-bc93a4d7-1d78-4818-9105-4366add07e12 afbe7d71ed6243b6bbe12c66c676adcd efb1ec9adb7e445b88b12409f502bfc3 - - default default] 10.0.0.62 "GET /v2.0/security-groups?id=d889de7e-049b-490b-b8ac-dd333f66c969&fields=id&fields=name HTTP/1.1" status: 200 len: 286 time: 0.0326424
2026-07-21 22:13:10.431 9 INFO neutron.wsgi [req-63cca63c-a17c-4b99-bbba-66d2261d6cfd req-6406f55a-fe42-421a-9058-3a48afae94c1 b240058b33e640b08ca027793d4a2929 7e304895c205435cba65cc2763387986 - - 5fa42b4933be45809bb7aed0a16706c5 5fa42b4933be45809bb7aed0a16706c5] 199.19.213.130 "GET /v2.0/ports?network_id=87d19e01-5a19-4ebf-8834-22a5b71f13df&device_owner=network%3Adhcp HTTP/1.1" status: 200 len: 210 time: 0.0331044
2026-07-21 22:13:10.432 9 INFO neutron.wsgi [req-e8e6a15b-9dc1-4168-8be4-2effe06011dd req-590700da-feba-4513-9128-b37d8b9eb006 b240058b33e640b08ca027793d4a2929 7e304895c205435cba65cc2763387986 - - 5fa42b4933be45809bb7aed0a16706c5 5fa42b4933be45809bb7aed0a16706c5] 199.19.213.130 "GET /v2.0/ports?network_id=fc33705f-a7a2-4ada-af07-4715c173dc8b&device_owner=network%3Adhcp HTTP/1.1" status: 200 len: 210 time: 0.0357311
2026-07-21 22:13:10.520 9 INFO neutron.wsgi [req-63cca63c-a17c-4b99-bbba-66d2261d6cfd req-97c06d9b-3df7-4f1c-852b-38e713b4f19b b240058b33e640b08ca027793d4a2929 7e304895c205435cba65cc2763387986 - - 5fa42b4933be45809bb7aed0a16706c5 5fa42b4933be45809bb7aed0a16706c5] 199.19.213.130 "GET /v2.0/networks/87d19e01-5a19-4ebf-8834-22a5b71f13df?fields=segments HTTP/1.1" status: 200 len: 212 time: 0.0776100
2026-07-21 22:13:10.523 9 INFO neutron.wsgi [req-e8e6a15b-9dc1-4168-8be4-2effe06011dd req-c2c205d1-2663-4d75-a8b8-6b01f2638470 b240058b33e640b08ca027793d4a2929 7e304895c205435cba65cc2763387986 - - 5fa42b4933be45809bb7aed0a16706c5 5fa42b4933be45809bb7aed0a16706c5] 199.19.213.130 "GET /v2.0/networks/fc33705f-a7a2-4ada-af07-4715c173dc8b?fields=segments HTTP/1.1" status: 200 len: 212 time: 0.0775831
2026-07-21 22:13:10.545 10 INFO neutron.wsgi [-] 10.0.0.133 "GET / HTTP/1.1" status: 200 len: 246 time: 0.0028379
2026-07-21 22:13:10.548 10 INFO neutron.wsgi [-] 10.0.0.133 "GET / HTTP/1.1" status: 200 len: 246 time: 0.0020306
2026-07-21 22:13:10.605 9 INFO neutron.wsgi [req-e8e6a15b-9dc1-4168-8be4-2effe06011dd req-ea7320e8-e94f-4def-a5da-89b937de1711 b240058b33e640b08ca027793d4a2929 7e304895c205435cba65cc2763387986 - - 5fa42b4933be45809bb7aed0a16706c5 5fa42b4933be45809bb7aed0a16706c5] 199.19.213.130 "GET /v2.0/networks/fc33705f-a7a2-4ada-af07-4715c173dc8b?fields=provider%3Aphysical_network&fields=provider%3Anetwork_type HTTP/1.1" status: 200 len: 277 time: 0.0681508
2026-07-21 22:13:10.631 9 INFO neutron.wsgi [req-63cca63c-a17c-4b99-bbba-66d2261d6cfd req-943e5d94-4559-4f6f-844a-7f70d01bb027 b240058b33e640b08ca027793d4a2929 7e304895c205435cba65cc2763387986 - - 5fa42b4933be45809bb7aed0a16706c5 5fa42b4933be45809bb7aed0a16706c5] 199.19.213.130 "GET /v2.0/networks/87d19e01-5a19-4ebf-8834-22a5b71f13df?fields=provider%3Aphysical_network&fields=provider%3Anetwork_type HTTP/1.1" status: 200 len: 277 time: 0.0948188
2026-07-21 22:13:10.727 9 INFO neutron.wsgi [req-3238ca6e-78b0-4e80-97ff-dcecd65a1761 req-5d188ef0-d7e6-48cd-8066-bfeae8b5dd80 b240058b33e640b08ca027793d4a2929 7e304895c205435cba65cc2763387986 - - 5fa42b4933be45809bb7aed0a16706c5 5fa42b4933be45809bb7aed0a16706c5] 199.19.213.130 "GET /v2.0/ports?tenant_id=efb1ec9adb7e445b88b12409f502bfc3&device_id=e6ccc143-8e7e-4e6f-9f28-7de5a77f03d1 HTTP/1.1" status: 200 len: 1359 time: 0.0566494
2026-07-21 22:13:10.829 9 INFO neutron.wsgi [req-3238ca6e-78b0-4e80-97ff-dcecd65a1761 req-98e37e85-9cbd-40f7-af5d-f5f55469d374 b240058b33e640b08ca027793d4a2929 7e304895c205435cba65cc2763387986 - - 5fa42b4933be45809bb7aed0a16706c5 5fa42b4933be45809bb7aed0a16706c5] 199.19.213.130 "GET /v2.0/networks?id=fc33705f-a7a2-4ada-af07-4715c173dc8b HTTP/1.1" status: 200 len: 974 time: 0.0940588
2026-07-21 22:13:10.873 10 INFO neutron.plugins.ml2.drivers.ovn.mech_driver.mech_driver [None req-58c51a0d-b544-4932-b343-a9faa2598fbf - - - - - -] OVN reports status up for port: 9cd59fb7-543c-4099-81dd-f9eb4d687dd9
2026-07-21 22:13:10.911 10 INFO neutron.plugins.ml2.plugin [None req-58c51a0d-b544-4932-b343-a9faa2598fbf - - - - - -] Attempt 1 to provision port 9cd59fb7-543c-4099-81dd-f9eb4d687dd9
2026-07-21 22:13:10.912 9 INFO neutron.plugins.ml2.drivers.ovn.mech_driver.mech_driver [None req-4cf41096-bd17-4445-8bb0-dfb4722b3ce6 - - - - - -] OVN reports status up for port: 9f6a0062-cffa-4886-8c03-196ac71f24a8
2026-07-21 22:13:10.917 9 INFO neutron.wsgi [req-3238ca6e-78b0-4e80-97ff-dcecd65a1761 req-811f3a15-5d01-4c2d-b516-7837c5100a4b b240058b33e640b08ca027793d4a2929 7e304895c205435cba65cc2763387986 - - 5fa42b4933be45809bb7aed0a16706c5 5fa42b4933be45809bb7aed0a16706c5] 199.19.213.130 "GET /v2.0/floatingips?fixed_ip_address=10.100.0.9&port_id=9cd59fb7-543c-4099-81dd-f9eb4d687dd9 HTTP/1.1" status: 200 len: 217 time: 0.0818563
2026-07-21 22:13:10.949 9 INFO neutron.plugins.ml2.plugin [None req-4cf41096-bd17-4445-8bb0-dfb4722b3ce6 - - - - - -] Attempt 1 to provision port 9f6a0062-cffa-4886-8c03-196ac71f24a8
2026-07-21 22:13:10.972 9 INFO neutron.wsgi [req-3238ca6e-78b0-4e80-97ff-dcecd65a1761 req-83d743cd-2c18-46f7-823d-c3d5e40dbe45 b240058b33e640b08ca027793d4a2929 7e304895c205435cba65cc2763387986 - - 5fa42b4933be45809bb7aed0a16706c5 5fa42b4933be45809bb7aed0a16706c5] 199.19.213.130 "GET /v2.0/subnets?id=e84935a1-bda9-4d5a-95cc-d133ddb74159 HTTP/1.1" status: 200 len: 870 time: 0.0512018
2026-07-21 22:13:11.003 9 INFO neutron.wsgi [req-3238ca6e-78b0-4e80-97ff-dcecd65a1761 req-2b589e37-420e-488e-8df4-8b0ae0c60d2c b240058b33e640b08ca027793d4a2929 7e304895c205435cba65cc2763387986 - - 5fa42b4933be45809bb7aed0a16706c5 5fa42b4933be45809bb7aed0a16706c5] 199.19.213.130 "GET /v2.0/ports?network_id=fc33705f-a7a2-4ada-af07-4715c173dc8b&device_owner=network%3Adhcp HTTP/1.1" status: 200 len: 210 time: 0.0224037
2026-07-21 22:13:11.082 9 INFO neutron.wsgi [req-3238ca6e-78b0-4e80-97ff-dcecd65a1761 req-d967dfc1-f516-40b0-8a5f-5e1bf82e9bd4 b240058b33e640b08ca027793d4a2929 7e304895c205435cba65cc2763387986 - - 5fa42b4933be45809bb7aed0a16706c5 5fa42b4933be45809bb7aed0a16706c5] 199.19.213.130 "GET /v2.0/networks/fc33705f-a7a2-4ada-af07-4715c173dc8b?fields=segments HTTP/1.1" status: 200 len: 212 time: 0.0735044
2026-07-21 22:13:11.107 10 INFO neutron.notifiers.nova [-] Nova event matching ['req-56eb2f48-e862-4008-b869-341efb507949'] response: {'server_uuid': 'e6ccc143-8e7e-4e6f-9f28-7de5a77f03d1', 'name': 'network-vif-plugged', 'status': 'completed', 'tag': '9cd59fb7-543c-4099-81dd-f9eb4d687dd9', 'code': 200}
2026-07-21 22:13:11.168 9 INFO neutron.wsgi [req-3238ca6e-78b0-4e80-97ff-dcecd65a1761 req-1efee730-3373-4d01-8156-f3a17cfc6624 b240058b33e640b08ca027793d4a2929 7e304895c205435cba65cc2763387986 - - 5fa42b4933be45809bb7aed0a16706c5 5fa42b4933be45809bb7aed0a16706c5] 199.19.213.130 "GET /v2.0/networks/fc33705f-a7a2-4ada-af07-4715c173dc8b?fields=provider%3Aphysical_network&fields=provider%3Anetwork_type HTTP/1.1" status: 200 len: 277 time: 0.0699415
2026-07-21 22:13:11.265 9 INFO neutron.db.ovn_revision_numbers_db [None req-4cf41096-bd17-4445-8bb0-dfb4722b3ce6 - - - - - -] Successfully bumped revision number for resource 9f6a0062-cffa-4886-8c03-196ac71f24a8 (type: ports) to 4
2026-07-21 22:13:11.400 10 INFO neutron.wsgi [req-ad09fcf4-5a4c-4cf2-a779-af9d15f0fea8 req-c8ded7f3-e403-43eb-8167-6fdf4fb0ba51 fae84ff3382a454a972b9dab63fccdc2 9a530b36155a4a78bd24fc613c1c1ac2 - - default default] 10.0.0.62 "GET /v2.0/ports?device_id=7ee49aff-8b1a-4b50-b15a-2de15b5b2ed1 HTTP/1.1" status: 200 len: 1170 time: 0.0471807
2026-07-21 22:13:11.470 10 INFO neutron.wsgi [req-ad09fcf4-5a4c-4cf2-a779-af9d15f0fea8 req-8a812e83-96b4-4313-aae4-4f3d0a025b8c fae84ff3382a454a972b9dab63fccdc2 9a530b36155a4a78bd24fc613c1c1ac2 - - default default] 10.0.0.62 "GET /v2.0/security-groups?id=829e70a8-9de0-4134-87fa-984c90e56372&fields=id&fields=name HTTP/1.1" status: 200 len: 312 time: 0.0623906
2026-07-21 22:13:11.555 10 INFO neutron.wsgi [req-f540e587-0cf4-435c-9495-b1dea3d2aa2d req-3512346f-de85-4081-b563-fb673030de5d afbe7d71ed6243b6bbe12c66c676adcd efb1ec9adb7e445b88b12409f502bfc3 - - default default] 10.0.0.62 "GET /v2.0/ports?device_id=e6ccc143-8e7e-4e6f-9f28-7de5a77f03d1 HTTP/1.1" status: 200 len: 1170 time: 0.0570202
2026-07-21 22:13:11.571 10 INFO neutron.db.ovn_revision_numbers_db [None req-7fe8465d-8ec8-4b4b-81fb-fce8adbaf928 a179550bd99a4fd6af3a5e6f28150aeb 9e55c4fc1fa7418d8af6eabbdbfc05de - - default default] Successfully bumped revision number for resource 1b2ce9f8-ce35-4ed6-85f4-3b8b6d79cfa4 (type: security_groups) to 1
2026-07-21 22:13:11.574 10 INFO neutron.db.ovn_revision_numbers_db [None req-58c51a0d-b544-4932-b343-a9faa2598fbf - - - - - -] Successfully bumped revision number for resource 9cd59fb7-543c-4099-81dd-f9eb4d687dd9 (type: ports) to 4
2026-07-21 22:13:11.603 10 INFO neutron.wsgi [None req-7fe8465d-8ec8-4b4b-81fb-fce8adbaf928 a179550bd99a4fd6af3a5e6f28150aeb 9e55c4fc1fa7418d8af6eabbdbfc05de - - default default] 10.0.0.116 "GET /v2.0/security-groups?tenant_id=fb66e74bd2d24865895d9a69cebdb0a6&name=default HTTP/1.1" status: 200 len: 2996 time: 0.6362391 /var/lib/openstack/lib/python3.10/site-packages/pycadf/identifier.py:71: UserWarning: Invalid uuid: neutron. To ensure interoperability, identifiers should be a valid uuid. warnings.warn(('Invalid uuid: %s. To ensure interoperability, '
2026-07-21 22:13:11.643 10 INFO neutron.wsgi [req-f540e587-0cf4-435c-9495-b1dea3d2aa2d req-97b79726-7f9c-4e2d-9311-884fa63b4747 afbe7d71ed6243b6bbe12c66c676adcd efb1ec9adb7e445b88b12409f502bfc3 - - default default] 10.0.0.62 "GET /v2.0/security-groups?id=d889de7e-049b-490b-b8ac-dd333f66c969&fields=id&fields=name HTTP/1.1" status: 200 len: 286 time: 0.0787327
2026-07-21 22:13:11.685 10 INFO neutron.services.segments.plugin [-] Segment 88588510-129f-4c33-ada6-a88e113055c6 resource provider aggregate not found
2026-07-21 22:13:11.691 10 INFO neutron.services.segments.plugin [-] Segment 88588510-129f-4c33-ada6-a88e113055c6 resource provider aggregate not found
2026-07-21 22:13:11.701 10 INFO neutron.services.segments.plugin [-] Segment 88588510-129f-4c33-ada6-a88e113055c6 resource provider not found; error: Placement Client Error (4xx): {"errors": [{"status": 404, "title": "Not Found", "detail": "The resource could not be found.\n\n No resource provider with uuid 88588510-129f-4c33-ada6-a88e113055c6 found for delete ", "request_id": "req-f4eac77e-52c0-4cee-a82b-5a67a760690b"}]}
2026-07-21 22:13:11.711 10 INFO neutron.services.segments.plugin [-] Segment 88588510-129f-4c33-ada6-a88e113055c6 resource provider not found; error: Placement Client Error (4xx): {"errors": [{"status": 404, "title": "Not Found", "detail": "The resource could not be found.\n\n No resource provider with uuid 88588510-129f-4c33-ada6-a88e113055c6 found for delete ", "request_id": "req-daae8027-3628-4419-9e4e-68c2b834b580"}]}
2026-07-21 22:13:11.841 9 INFO neutron.wsgi [None req-27f5593c-a410-47fb-ad0d-881e6af2e7f5 a179550bd99a4fd6af3a5e6f28150aeb 9e55c4fc1fa7418d8af6eabbdbfc05de - - - -] 10.0.0.116 "DELETE /v2.0/security-groups/1b2ce9f8-ce35-4ed6-85f4-3b8b6d79cfa4 HTTP/1.1" status: 204 len: 168 time: 0.2301102
2026-07-21 22:13:12.024 9 INFO neutron.wsgi [None req-39a93b09-2ca1-444f-93db-3622129cc932 a179550bd99a4fd6af3a5e6f28150aeb 9e55c4fc1fa7418d8af6eabbdbfc05de - - default default] 10.0.0.116 "GET /v2.0/security-groups?tenant_id=9c0fad59209546d7896933a44a49b636&name=default HTTP/1.1" status: 200 len: 2996 time: 0.0356047
2026-07-21 22:13:12.209 9 INFO neutron.wsgi [None req-bbf91fe4-b4a9-411d-8640-a7d989931c7b a179550bd99a4fd6af3a5e6f28150aeb 9e55c4fc1fa7418d8af6eabbdbfc05de - - - -] 10.0.0.116 "DELETE /v2.0/security-groups/dd729536-e39b-4d68-ade9-c8b896572192 HTTP/1.1" status: 204 len: 168 time: 0.1788628
2026-07-21 22:13:12.282 9 INFO neutron.notifiers.nova [-] Nova event matching ['req-aabfee17-fe03-4e45-8c25-5e1f4b5199af'] response: {'name': 'network-changed', 'server_uuid': '7ee49aff-8b1a-4b50-b15a-2de15b5b2ed1', 'tag': '9f6a0062-cffa-4886-8c03-196ac71f24a8', 'status': 'completed', 'code': 200}
2026-07-21 22:13:12.282 9 INFO neutron.notifiers.nova [-] Nova event matching ['req-aabfee17-fe03-4e45-8c25-5e1f4b5199af'] response: {'server_uuid': '7ee49aff-8b1a-4b50-b15a-2de15b5b2ed1', 'name': 'network-vif-plugged', 'status': 'completed', 'tag': '9f6a0062-cffa-4886-8c03-196ac71f24a8', 'code': 200}
2026-07-21 22:13:12.283 9 INFO neutron.notifiers.nova [-] Nova event matching ['req-aabfee17-fe03-4e45-8c25-5e1f4b5199af'] response: {'server_uuid': '7ee49aff-8b1a-4b50-b15a-2de15b5b2ed1', 'name': 'network-vif-plugged', 'status': 'completed', 'tag': '9f6a0062-cffa-4886-8c03-196ac71f24a8', 'code': 200}
2026-07-21 22:13:12.360 9 INFO neutron.wsgi [req-cec4934e-916f-4bbb-a419-267a05ab5e7e req-809845cf-926d-4707-b809-58dd0f42412a b240058b33e640b08ca027793d4a2929 7e304895c205435cba65cc2763387986 - - 5fa42b4933be45809bb7aed0a16706c5 5fa42b4933be45809bb7aed0a16706c5] 199.19.213.130 "GET /v2.0/ports?tenant_id=9a530b36155a4a78bd24fc613c1c1ac2&device_id=7ee49aff-8b1a-4b50-b15a-2de15b5b2ed1 HTTP/1.1" status: 200 len: 1361 time: 0.0403485
2026-07-21 22:13:12.450 9 INFO neutron.wsgi [req-cec4934e-916f-4bbb-a419-267a05ab5e7e req-ab6a7ff4-d863-4530-bf9c-484b53cd5be8 b240058b33e640b08ca027793d4a2929 7e304895c205435cba65cc2763387986 - - 5fa42b4933be45809bb7aed0a16706c5 5fa42b4933be45809bb7aed0a16706c5] 199.19.213.130 "GET /v2.0/networks?id=87d19e01-5a19-4ebf-8834-22a5b71f13df HTTP/1.1" status: 200 len: 959 time: 0.0817955
2026-07-21 22:13:12.481 9 INFO neutron.wsgi [req-cec4934e-916f-4bbb-a419-267a05ab5e7e req-e087e978-136f-4799-b4c8-c6badd977b56 b240058b33e640b08ca027793d4a2929 7e304895c205435cba65cc2763387986 - - 5fa42b4933be45809bb7aed0a16706c5 5fa42b4933be45809bb7aed0a16706c5] 199.19.213.130 "GET /v2.0/floatingips?fixed_ip_address=10.100.0.7&port_id=9f6a0062-cffa-4886-8c03-196ac71f24a8 HTTP/1.1" status: 200 len: 217 time: 0.0253384
2026-07-21 22:13:12.529 9 INFO neutron.wsgi [req-cec4934e-916f-4bbb-a419-267a05ab5e7e req-6733bec5-7b48-4922-8f5d-5dee70740911 b240058b33e640b08ca027793d4a2929 7e304895c205435cba65cc2763387986 - - 5fa42b4933be45809bb7aed0a16706c5 5fa42b4933be45809bb7aed0a16706c5] 199.19.213.130 "GET /v2.0/subnets?id=96e60c8c-7ef6-4f7e-ad9d-c9860f734051 HTTP/1.1" status: 200 len: 852 time: 0.0415251 /var/lib/openstack/lib/python3.10/site-packages/pycadf/identifier.py:71: UserWarning: Invalid uuid: neutron. To ensure interoperability, identifiers should be a valid uuid. warnings.warn(('Invalid uuid: %s. To ensure interoperability, '
2026-07-21 22:13:12.564 9 INFO neutron.wsgi [req-cec4934e-916f-4bbb-a419-267a05ab5e7e req-7c5543d5-2834-43e7-a8de-55633c84cdaf b240058b33e640b08ca027793d4a2929 7e304895c205435cba65cc2763387986 - - 5fa42b4933be45809bb7aed0a16706c5 5fa42b4933be45809bb7aed0a16706c5] 199.19.213.130 "GET /v2.0/ports?network_id=87d19e01-5a19-4ebf-8834-22a5b71f13df&device_owner=network%3Adhcp HTTP/1.1" status: 200 len: 210 time: 0.0274465
2026-07-21 22:13:12.656 10 INFO neutron.wsgi [req-ba1f1ab4-5992-4a19-8cf4-bc88fec28749 req-f2cfa20e-a8a5-4323-a06b-7236ff917df9 fae84ff3382a454a972b9dab63fccdc2 9a530b36155a4a78bd24fc613c1c1ac2 - - default default] 10.0.0.62 "GET /v2.0/ports?device_id=7ee49aff-8b1a-4b50-b15a-2de15b5b2ed1 HTTP/1.1" status: 200 len: 1170 time: 0.1229095
2026-07-21 22:13:12.670 9 INFO neutron.wsgi [req-cec4934e-916f-4bbb-a419-267a05ab5e7e req-f4745d49-c129-45d3-b154-dfa30347a03b b240058b33e640b08ca027793d4a2929 7e304895c205435cba65cc2763387986 - - 5fa42b4933be45809bb7aed0a16706c5 5fa42b4933be45809bb7aed0a16706c5] 199.19.213.130 "GET /v2.0/networks/87d19e01-5a19-4ebf-8834-22a5b71f13df?fields=segments HTTP/1.1" status: 200 len: 212 time: 0.0725412
2026-07-21 22:13:12.700 10 INFO neutron.wsgi [req-ba1f1ab4-5992-4a19-8cf4-bc88fec28749 req-8e4ca4d4-37c5-4235-bdcd-3728b3747953 fae84ff3382a454a972b9dab63fccdc2 9a530b36155a4a78bd24fc613c1c1ac2 - - default default] 10.0.0.62 "GET /v2.0/security-groups?id=829e70a8-9de0-4134-87fa-984c90e56372&fields=id&fields=name HTTP/1.1" status: 200 len: 312 time: 0.0388863
2026-07-21 22:13:12.745 9 INFO neutron.wsgi [req-cec4934e-916f-4bbb-a419-267a05ab5e7e req-f2bc0a54-e1a3-4d1e-8fbe-d2e73142671f b240058b33e640b08ca027793d4a2929 7e304895c205435cba65cc2763387986 - - 5fa42b4933be45809bb7aed0a16706c5 5fa42b4933be45809bb7aed0a16706c5] 199.19.213.130 "GET /v2.0/networks/87d19e01-5a19-4ebf-8834-22a5b71f13df?fields=provider%3Aphysical_network&fields=provider%3Anetwork_type HTTP/1.1" status: 200 len: 277 time: 0.0670271
2026-07-21 22:13:12.827 10 INFO neutron.wsgi [req-1e70cb84-7d23-4247-b064-92534c846511 req-cc1e1592-07d0-4b7d-921a-e721eaa6cb8b afbe7d71ed6243b6bbe12c66c676adcd efb1ec9adb7e445b88b12409f502bfc3 - - default default] 10.0.0.62 "GET /v2.0/ports?device_id=e6ccc143-8e7e-4e6f-9f28-7de5a77f03d1 HTTP/1.1" status: 200 len: 1170 time: 0.1138186
2026-07-21 22:13:12.878 10 INFO neutron.wsgi [req-1e70cb84-7d23-4247-b064-92534c846511 req-7f6aeef5-956f-4b48-a9d1-df30fca5a4cd afbe7d71ed6243b6bbe12c66c676adcd efb1ec9adb7e445b88b12409f502bfc3 - - default default] 10.0.0.62 "GET /v2.0/security-groups?id=d889de7e-049b-490b-b8ac-dd333f66c969&fields=id&fields=name HTTP/1.1" status: 200 len: 286 time: 0.0404570
2026-07-21 22:13:13.226 10 INFO neutron.notifiers.nova [-] Nova event matching ['req-b87324ae-3e2e-4874-bd40-f076bcd5b9f2'] response: {'server_uuid': 'e6ccc143-8e7e-4e6f-9f28-7de5a77f03d1', 'name': 'network-vif-plugged', 'status': 'completed', 'tag': '9cd59fb7-543c-4099-81dd-f9eb4d687dd9', 'code': 200}
2026-07-21 22:13:13.415 10 INFO neutron.wsgi [req-7b9355e5-c1d3-464a-9295-db4a7fa753b1 req-9b40ccd6-dec4-4e9b-891b-f5e1d04d7d69 afbe7d71ed6243b6bbe12c66c676adcd efb1ec9adb7e445b88b12409f502bfc3 - - default default] 10.0.0.62 "GET /v2.0/ports?device_id=e6ccc143-8e7e-4e6f-9f28-7de5a77f03d1 HTTP/1.1" status: 200 len: 1170 time: 0.0491042
2026-07-21 22:13:13.447 10 INFO neutron.plugins.ml2.drivers.ovn.mech_driver.mech_driver [None req-58c51a0d-b544-4932-b343-a9faa2598fbf - - - - - -] OVN reports status down for port: 9cd59fb7-543c-4099-81dd-f9eb4d687dd9
2026-07-21 22:13:13.477 10 INFO neutron.wsgi [req-7b9355e5-c1d3-464a-9295-db4a7fa753b1 req-f0072ce2-8fce-4028-a07a-514f5ce8ac2e afbe7d71ed6243b6bbe12c66c676adcd efb1ec9adb7e445b88b12409f502bfc3 - - default default] 10.0.0.62 "GET /v2.0/security-groups?id=d889de7e-049b-490b-b8ac-dd333f66c969&fields=id&fields=name HTTP/1.1" status: 200 len: 286 time: 0.0531220
2026-07-21 22:13:13.793 9 INFO neutron.wsgi [req-4eb1ddb1-41a2-4c70-96bf-790c99c978c3 req-b9040169-8e5d-4627-9613-ef0887744da9 afbe7d71ed6243b6bbe12c66c676adcd efb1ec9adb7e445b88b12409f502bfc3 - - default default] 199.19.213.130 "GET /v2.0/ports?device_id=e6ccc143-8e7e-4e6f-9f28-7de5a77f03d1 HTTP/1.1" status: 200 len: 1168 time: 0.0970032
2026-07-21 22:13:13.824 10 INFO neutron.db.ovn_revision_numbers_db [None req-58c51a0d-b544-4932-b343-a9faa2598fbf - - - - - -] Successfully bumped revision number for resource 9cd59fb7-543c-4099-81dd-f9eb4d687dd9 (type: ports) to 5
2026-07-21 22:13:13.850 10 INFO neutron.wsgi [req-d6aada28-fd95-476d-9adb-c1b4a44ad184 req-384a17ba-8160-4782-a059-463bde0d4870 fae84ff3382a454a972b9dab63fccdc2 9a530b36155a4a78bd24fc613c1c1ac2 - - default default] 10.0.0.62 "GET /v2.0/ports?device_id=7ee49aff-8b1a-4b50-b15a-2de15b5b2ed1 HTTP/1.1" status: 200 len: 1170 time: 0.0784860
2026-07-21 22:13:13.927 10 INFO neutron.wsgi [req-d6aada28-fd95-476d-9adb-c1b4a44ad184 req-316b7823-597d-440c-9891-6f64cd6c2525 fae84ff3382a454a972b9dab63fccdc2 9a530b36155a4a78bd24fc613c1c1ac2 - - default default] 10.0.0.62 "GET /v2.0/security-groups?id=829e70a8-9de0-4134-87fa-984c90e56372&fields=id&fields=name HTTP/1.1" status: 200 len: 312 time: 0.0676169 /var/lib/openstack/lib/python3.10/site-packages/pycadf/identifier.py:71: UserWarning: Invalid uuid: neutron. To ensure interoperability, identifiers should be a valid uuid. warnings.warn(('Invalid uuid: %s. To ensure interoperability, '
2026-07-21 22:13:14.041 10 INFO neutron.wsgi [req-4f70b012-632c-4946-915b-c83e2c536b0e req-b531263a-0c83-456b-8766-1f64a062b8c4 fae84ff3382a454a972b9dab63fccdc2 9a530b36155a4a78bd24fc613c1c1ac2 - - default default] 10.0.0.62 "GET /v2.0/ports?device_id=7ee49aff-8b1a-4b50-b15a-2de15b5b2ed1 HTTP/1.1" status: 200 len: 1170 time: 0.0470943
2026-07-21 22:13:14.072 10 INFO neutron.wsgi [req-4f70b012-632c-4946-915b-c83e2c536b0e req-682e4b72-9ff8-468e-9081-9aee58298d57 fae84ff3382a454a972b9dab63fccdc2 9a530b36155a4a78bd24fc613c1c1ac2 - - default default] 10.0.0.62 "GET /v2.0/security-groups?id=829e70a8-9de0-4134-87fa-984c90e56372&fields=id&fields=name HTTP/1.1" status: 200 len: 312 time: 0.0259595
2026-07-21 22:13:14.130 10 INFO neutron.wsgi [None req-af78bb35-679f-44e8-94fe-dc60118f57b1 3f5c6227a5b441e0b5ac068d9ddf66eb 0e42db5c2a0d4af380a0711c40669bfb - - default default] 10.0.0.116 "GET /v2.0/ports?device_id=7ee49aff-8b1a-4b50-b15a-2de15b5b2ed1 HTTP/1.1" status: 200 len: 1356 time: 0.0351241
2026-07-21 22:13:14.391 9 INFO neutron.wsgi [None req-13a5007f-5b42-473a-898b-6db61b9c7f31 afbe7d71ed6243b6bbe12c66c676adcd efb1ec9adb7e445b88b12409f502bfc3 - - - -] 199.19.213.130 "DELETE /v2.0/ports/9cd59fb7-543c-4099-81dd-f9eb4d687dd9 HTTP/1.1" status: 204 len: 173 time: 0.5911422
2026-07-21 22:13:14.394 10 INFO neutron.db.l3_db [None req-73f8fb53-17ab-4105-9faf-ccbcdf852fd9 fae84ff3382a454a972b9dab63fccdc2 9a530b36155a4a78bd24fc613c1c1ac2 - - - -] Floating IP 5d06a0bf-8631-4f26-ab1e-31e075d1c1b9 associated. External IP: 10.96.250.208, port: 9f6a0062-cffa-4886-8c03-196ac71f24a8.
2026-07-21 22:13:14.438 9 INFO neutron.notifiers.nova [-] Nova event matching ['req-3702040c-23ca-4cdb-953b-c892a4cad141'] response: {'server_uuid': 'e6ccc143-8e7e-4e6f-9f28-7de5a77f03d1', 'name': 'network-vif-deleted', 'tag': '9cd59fb7-543c-4099-81dd-f9eb4d687dd9', 'status': 'completed', 'code': 200}
2026-07-21 22:13:14.522 10 INFO neutron.db.ovn_revision_numbers_db [None req-386723bc-52f6-46c3-b406-8e929e7b0710 b8e6a26b75f04ae6a4185dcb3396df4a f49ff67ace364a8da413e8ba67166ad8 - - - -] Successfully bumped revision number for resource 367ea5c4-1fb1-477e-bdfe-201a4cf2120f (type: security_groups) to 1 /var/lib/openstack/lib/python3.10/site-packages/pycadf/identifier.py:71: UserWarning: Invalid uuid: neutron. To ensure interoperability, identifiers should be a valid uuid. warnings.warn(('Invalid uuid: %s. To ensure interoperability, '
