2026-07-21 22:10:56.334 9 INFO neutron.wsgi [req-3b746e8e-eaa0-46b2-9fdb-d07409ebba12 req-61066cbf-10ef-4dcd-aba2-36eaf00125c8 b240058b33e640b08ca027793d4a2929 7e304895c205435cba65cc2763387986 - - 5fa42b4933be45809bb7aed0a16706c5 5fa42b4933be45809bb7aed0a16706c5] 199.19.213.130 "GET /v2.0/networks/0fc4a83d-1136-4d2f-b939-06474778e4e1?fields=provider%3Aphysical_network&fields=provider%3Anetwork_type HTTP/1.1" status: 200 len: 277 time: 0.1672127
2026-07-21 22:10:56.355 9 INFO neutron.db.ovn_revision_numbers_db [None req-d8a9b973-0fdc-4d84-8294-f70d3c22e7b3 c043d15f85934a648e847d66c6d6f4f4 0181f5c44ba445b1b246916e1e21fa31 - - - -] Successfully bumped revision number for resource 97edd58c-6c98-4259-96dc-79a4953cd925 (type: ports) to 1
2026-07-21 22:10:56.424 9 WARNING neutron.scheduler.dhcp_agent_scheduler [None req-d8a9b973-0fdc-4d84-8294-f70d3c22e7b3 c043d15f85934a648e847d66c6d6f4f4 0181f5c44ba445b1b246916e1e21fa31 - - - -] No more DHCP agents
2026-07-21 22:10:56.425 9 WARNING neutron.api.rpc.agentnotifiers.dhcp_rpc_agent_api [None req-d8a9b973-0fdc-4d84-8294-f70d3c22e7b3 c043d15f85934a648e847d66c6d6f4f4 0181f5c44ba445b1b246916e1e21fa31 - - - -] Unable to schedule network 7329f6ea-eddf-4dff-aee2-843fb6802951: no agents available; will retry on subsequent port and subnet creation events.
2026-07-21 22:10:56.448 9 INFO neutron.db.l3_db [None req-8c149e48-5b02-4d29-844b-06e85b289362 6fe4852ed003473a8fe0ff0689f76c23 2fc43ed097b24d5cb55a3920a4fe8397 - - - -] Floating IP 98965c09-9ca0-44ed-bd0d-6ce064b15b9c disassociated. External IP: 10.96.250.207, port: 158c8509-0a01-4fb9-b76b-4ffdd674212a.
2026-07-21 22:10:56.516 9 INFO neutron.db.ovn_revision_numbers_db [None req-d8a9b973-0fdc-4d84-8294-f70d3c22e7b3 c043d15f85934a648e847d66c6d6f4f4 0181f5c44ba445b1b246916e1e21fa31 - - - -] Successfully bumped revision number for resource 13c67228-e15e-49da-93f5-705c02e44b5c (type: ports) to 1
2026-07-21 22:10:56.517 10 WARNING neutron.scheduler.dhcp_agent_scheduler [None req-e29707e6-7510-4eb4-b211-250c03812ea1 d572886731c44454a838d7dc7f3648be ee7f10b7286c4e92a0a27eef5dc78dc2 - - - -] No more DHCP agents
2026-07-21 22:10:56.519 10 WARNING neutron.api.rpc.agentnotifiers.dhcp_rpc_agent_api [None req-e29707e6-7510-4eb4-b211-250c03812ea1 d572886731c44454a838d7dc7f3648be ee7f10b7286c4e92a0a27eef5dc78dc2 - - - -] Unable to schedule network 1d27c677-bebf-4d20-acf7-b535ba9b2c0f: no agents available; will retry on subsequent port and subnet creation events.
2026-07-21 22:10:56.557 9 INFO neutron.wsgi [None req-d8a9b973-0fdc-4d84-8294-f70d3c22e7b3 c043d15f85934a648e847d66c6d6f4f4 0181f5c44ba445b1b246916e1e21fa31 - - - -] 10.0.0.116 "POST /v2.0/ports HTTP/1.1" status: 201 len: 1706 time: 1.7708049 /var/lib/openstack/lib/python3.10/site-packages/pycadf/identifier.py:71: UserWarning: Invalid uuid: neutron. To ensure interoperability, identifiers should be a valid uuid. warnings.warn(('Invalid uuid: %s. To ensure interoperability, '
2026-07-21 22:10:56.606 10 INFO neutron.db.ovn_revision_numbers_db [None req-e29707e6-7510-4eb4-b211-250c03812ea1 d572886731c44454a838d7dc7f3648be ee7f10b7286c4e92a0a27eef5dc78dc2 - - - -] Successfully bumped revision number for resource 99a036d5-f25b-4881-b828-b1d0929e2d7a (type: ports) to 1
2026-07-21 22:10:56.632 10 INFO neutron.wsgi [None req-e29707e6-7510-4eb4-b211-250c03812ea1 d572886731c44454a838d7dc7f3648be ee7f10b7286c4e92a0a27eef5dc78dc2 - - - -] 10.0.0.116 "POST /v2.0/networks HTTP/1.1" status: 201 len: 831 time: 0.5901597
2026-07-21 22:10:56.992 9 INFO neutron.wsgi [None req-65f28d70-cbfa-4f98-83d9-2651e3c80253 c043d15f85934a648e847d66c6d6f4f4 0181f5c44ba445b1b246916e1e21fa31 - - default default] 10.0.0.116 "GET /v2.0/ports HTTP/1.1" status: 200 len: 3213 time: 0.4278359
2026-07-21 22:10:56.999 9 INFO neutron.wsgi [None req-8c149e48-5b02-4d29-844b-06e85b289362 6fe4852ed003473a8fe0ff0689f76c23 2fc43ed097b24d5cb55a3920a4fe8397 - - - -] 199.19.213.130 "DELETE /v2.0/ports/158c8509-0a01-4fb9-b76b-4ffdd674212a HTTP/1.1" status: 204 len: 173 time: 1.2967839 /var/lib/openstack/lib/python3.10/site-packages/pycadf/identifier.py:71: UserWarning: Invalid uuid: neutron. To ensure interoperability, identifiers should be a valid uuid. warnings.warn(('Invalid uuid: %s. To ensure interoperability, '
2026-07-21 22:10:57.204 9 WARNING neutron.scheduler.dhcp_agent_scheduler [None req-f7bf46e4-473d-48fd-bc32-4015237597d4 d572886731c44454a838d7dc7f3648be ee7f10b7286c4e92a0a27eef5dc78dc2 - - - -] No more DHCP agents
2026-07-21 22:10:57.207 9 WARNING neutron.api.rpc.agentnotifiers.dhcp_rpc_agent_api [None req-f7bf46e4-473d-48fd-bc32-4015237597d4 d572886731c44454a838d7dc7f3648be ee7f10b7286c4e92a0a27eef5dc78dc2 - - - -] Unable to schedule network 1d27c677-bebf-4d20-acf7-b535ba9b2c0f: no agents available; will retry on subsequent port and subnet creation events.
2026-07-21 22:10:57.299 10 INFO neutron.wsgi [None req-fc1f3d4c-6f5c-477e-8acc-38ae7dacb401 c043d15f85934a648e847d66c6d6f4f4 0181f5c44ba445b1b246916e1e21fa31 - - - -] 10.0.0.116 "DELETE /v2.0/ports/97edd58c-6c98-4259-96dc-79a4953cd925 HTTP/1.1" status: 204 len: 168 time: 0.3006680
2026-07-21 22:10:57.455 10 INFO neutron.wsgi [req-190325da-0459-474c-8d86-f6de726effb8 req-181d007e-06de-4165-a93a-9e3eb5ef0ff4 6fe4852ed003473a8fe0ff0689f76c23 2fc43ed097b24d5cb55a3920a4fe8397 - - default default] 10.0.0.62 "GET /v2.0/ports?device_id=74937c46-f258-49ef-a353-e96b8775e6e2 HTTP/1.1" status: 200 len: 210 time: 0.0271113
2026-07-21 22:10:57.589 10 INFO neutron.wsgi [None req-c17211e1-5daf-4858-a08a-c5445d931e33 c043d15f85934a648e847d66c6d6f4f4 0181f5c44ba445b1b246916e1e21fa31 - - - -] 10.0.0.116 "DELETE /v2.0/ports/13c67228-e15e-49da-93f5-705c02e44b5c HTTP/1.1" status: 204 len: 168 time: 0.2857058
2026-07-21 22:10:57.711 9 INFO neutron.db.ovn_revision_numbers_db [None req-f7bf46e4-473d-48fd-bc32-4015237597d4 d572886731c44454a838d7dc7f3648be ee7f10b7286c4e92a0a27eef5dc78dc2 - - - -] Successfully bumped revision number for resource 99a036d5-f25b-4881-b828-b1d0929e2d7a (type: ports) to 2
2026-07-21 22:10:57.725 9 INFO neutron.notifiers.nova [-] Nova event matching ['req-26fc16d5-9d8d-48e6-90dd-a57517d22f22'] response: {'server_uuid': '74937c46-f258-49ef-a353-e96b8775e6e2', 'name': 'network-vif-plugged', 'status': 'completed', 'tag': '158c8509-0a01-4fb9-b76b-4ffdd674212a', 'code': 200}
2026-07-21 22:10:57.725 9 INFO neutron.notifiers.nova [-] Nova event matching ['req-26fc16d5-9d8d-48e6-90dd-a57517d22f22'] response: {'server_uuid': '74937c46-f258-49ef-a353-e96b8775e6e2', 'name': 'network-vif-deleted', 'tag': '158c8509-0a01-4fb9-b76b-4ffdd674212a', 'status': 'completed', 'code': 200}
2026-07-21 22:10:57.726 9 INFO neutron.db.ovn_revision_numbers_db [None req-f7bf46e4-473d-48fd-bc32-4015237597d4 d572886731c44454a838d7dc7f3648be ee7f10b7286c4e92a0a27eef5dc78dc2 - - - -] Successfully bumped revision number for resource c0914b94-1f9e-435b-a18d-68c59ce0ecb9 (type: subnets) to 0
2026-07-21 22:10:57.742 9 INFO neutron.wsgi [None req-f7bf46e4-473d-48fd-bc32-4015237597d4 d572886731c44454a838d7dc7f3648be ee7f10b7286c4e92a0a27eef5dc78dc2 - - - -] 10.0.0.116 "POST /v2.0/subnets HTTP/1.1" status: 201 len: 801 time: 1.1051061
2026-07-21 22:10:57.949 10 INFO neutron.wsgi [None req-07cc9e1d-32bb-46f9-a481-c0fb85e25f52 c043d15f85934a648e847d66c6d6f4f4 0181f5c44ba445b1b246916e1e21fa31 - - default default] 10.0.0.116 "GET /v2.0/ports HTTP/1.1" status: 200 len: 1718 time: 0.3535025
2026-07-21 22:10:58.045 9 INFO neutron.db.segments_db [None req-a7c37c58-0e95-4bdf-9b72-ffa0f8d43a60 c043d15f85934a648e847d66c6d6f4f4 0181f5c44ba445b1b246916e1e21fa31 - - - -] Added segment 8d091b49-e1e8-4bd3-859f-4238d591dc34 of type geneve for network 478fd448-dad9-4215-b60a-603797f935a3
2026-07-21 22:10:58.124 9 WARNING neutron.scheduler.dhcp_agent_scheduler [None req-f525048d-85c8-4c7e-b1b9-8bfc646da8fb d572886731c44454a838d7dc7f3648be ee7f10b7286c4e92a0a27eef5dc78dc2 - - - -] No more DHCP agents
2026-07-21 22:10:58.138 9 WARNING neutron.api.rpc.agentnotifiers.dhcp_rpc_agent_api [None req-f525048d-85c8-4c7e-b1b9-8bfc646da8fb d572886731c44454a838d7dc7f3648be ee7f10b7286c4e92a0a27eef5dc78dc2 - - - -] Unable to schedule network 1d27c677-bebf-4d20-acf7-b535ba9b2c0f: no agents available; will retry on subsequent port and subnet creation events.
2026-07-21 22:10:58.226 9 INFO neutron.db.ovn_revision_numbers_db [None req-a7c37c58-0e95-4bdf-9b72-ffa0f8d43a60 c043d15f85934a648e847d66c6d6f4f4 0181f5c44ba445b1b246916e1e21fa31 - - - -] Successfully bumped revision number for resource 478fd448-dad9-4215-b60a-603797f935a3 (type: networks) to 1
2026-07-21 22:10:58.370 9 INFO neutron.db.ovn_revision_numbers_db [None req-f525048d-85c8-4c7e-b1b9-8bfc646da8fb d572886731c44454a838d7dc7f3648be ee7f10b7286c4e92a0a27eef5dc78dc2 - - - -] Successfully bumped revision number for resource 73da6d91-a4a7-407d-9897-b2d21f86dcb9 (type: ports) to 1
2026-07-21 22:10:58.404 9 INFO neutron.wsgi [None req-f525048d-85c8-4c7e-b1b9-8bfc646da8fb d572886731c44454a838d7dc7f3648be ee7f10b7286c4e92a0a27eef5dc78dc2 - - - -] 10.0.0.116 "POST /v2.0/ports HTTP/1.1" status: 201 len: 1152 time: 0.6510527 /var/lib/openstack/lib/python3.10/site-packages/pycadf/identifier.py:71: UserWarning: Invalid uuid: neutron. To ensure interoperability, identifiers should be a valid uuid. warnings.warn(('Invalid uuid: %s. To ensure interoperability, '
2026-07-21 22:10:58.459 9 WARNING neutron.scheduler.dhcp_agent_scheduler [None req-a7c37c58-0e95-4bdf-9b72-ffa0f8d43a60 c043d15f85934a648e847d66c6d6f4f4 0181f5c44ba445b1b246916e1e21fa31 - - - -] No more DHCP agents
2026-07-21 22:10:58.461 9 WARNING neutron.api.rpc.agentnotifiers.dhcp_rpc_agent_api [None req-a7c37c58-0e95-4bdf-9b72-ffa0f8d43a60 c043d15f85934a648e847d66c6d6f4f4 0181f5c44ba445b1b246916e1e21fa31 - - - -] Unable to schedule network 478fd448-dad9-4215-b60a-603797f935a3: no agents available; will retry on subsequent port and subnet creation events.
2026-07-21 22:10:58.541 9 INFO neutron.db.ovn_revision_numbers_db [None req-a7c37c58-0e95-4bdf-9b72-ffa0f8d43a60 c043d15f85934a648e847d66c6d6f4f4 0181f5c44ba445b1b246916e1e21fa31 - - - -] Successfully bumped revision number for resource 1f7445f5-fc4c-4c46-a35e-034a303e856f (type: ports) to 1
2026-07-21 22:10:58.584 9 INFO neutron.wsgi [None req-a7c37c58-0e95-4bdf-9b72-ffa0f8d43a60 c043d15f85934a648e847d66c6d6f4f4 0181f5c44ba445b1b246916e1e21fa31 - - - -] 10.0.0.116 "POST /v2.0/networks HTTP/1.1" status: 201 len: 849 time: 0.6282747
2026-07-21 22:10:58.672 10 INFO neutron.wsgi [None req-16158016-1016-4338-a1f5-10a4c1cd659d 6fe4852ed003473a8fe0ff0689f76c23 2fc43ed097b24d5cb55a3920a4fe8397 - - - -] 10.0.0.116 "DELETE /v2.0/security-groups/e67e9971-152c-4d1d-b95f-74fa72ef9294 HTTP/1.1" status: 204 len: 168 time: 0.1207683
2026-07-21 22:10:58.689 10 INFO neutron.api.v2.resource [None req-d5370e49-17f8-470a-a3bc-ad6364f46e5a 6fe4852ed003473a8fe0ff0689f76c23 2fc43ed097b24d5cb55a3920a4fe8397 - - default default] show failed (client error): The resource could not be found.
2026-07-21 22:10:58.690 10 INFO neutron.wsgi [None req-d5370e49-17f8-470a-a3bc-ad6364f46e5a 6fe4852ed003473a8fe0ff0689f76c23 2fc43ed097b24d5cb55a3920a4fe8397 - - default default] 10.0.0.116 "GET /v2.0/security-groups/e67e9971-152c-4d1d-b95f-74fa72ef9294 HTTP/1.1" status: 404 len: 347 time: 0.0121222
2026-07-21 22:10:58.692 10 INFO neutron.db.segments_db [None req-0311b302-9d03-48b5-b773-d8698414bd2f c043d15f85934a648e847d66c6d6f4f4 0181f5c44ba445b1b246916e1e21fa31 - - - -] Added segment 2aad5801-0b15-4bbc-b578-3d76ccc9d80b of type geneve for network 471ef2b7-b4b9-4452-b69c-4244e970efdf
2026-07-21 22:10:58.825 10 INFO neutron.db.ovn_revision_numbers_db [None req-0311b302-9d03-48b5-b773-d8698414bd2f c043d15f85934a648e847d66c6d6f4f4 0181f5c44ba445b1b246916e1e21fa31 - - - -] Successfully bumped revision number for resource 471ef2b7-b4b9-4452-b69c-4244e970efdf (type: networks) to 1
2026-07-21 22:10:58.850 9 INFO neutron.wsgi [None req-2d53322c-0eaf-4ae5-87a0-eab3f62c3f73 d572886731c44454a838d7dc7f3648be ee7f10b7286c4e92a0a27eef5dc78dc2 - - - -] 10.0.0.116 "DELETE /v2.0/ports/73da6d91-a4a7-407d-9897-b2d21f86dcb9 HTTP/1.1" status: 204 len: 168 time: 0.4409282
2026-07-21 22:10:58.894 10 INFO neutron.pecan_wsgi.hooks.translation [None req-86c3d901-ac9f-40b7-8d23-2d9a597ac169 d572886731c44454a838d7dc7f3648be ee7f10b7286c4e92a0a27eef5dc78dc2 - - - -] DELETE failed (client error): The resource could not be found.
2026-07-21 22:10:58.898 10 INFO neutron.wsgi [None req-86c3d901-ac9f-40b7-8d23-2d9a597ac169 d572886731c44454a838d7dc7f3648be ee7f10b7286c4e92a0a27eef5dc78dc2 - - - -] 10.0.0.116 "DELETE /v2.0/ports/73da6d91-a4a7-407d-9897-b2d21f86dcb9 HTTP/1.1" status: 404 len: 333 time: 0.0366764
2026-07-21 22:10:58.926 10 INFO neutron.pecan_wsgi.hooks.translation [None req-49e86d1f-dacc-41f6-a87d-6961916644bd d572886731c44454a838d7dc7f3648be ee7f10b7286c4e92a0a27eef5dc78dc2 - - default default] GET failed (client error): The resource could not be found.
2026-07-21 22:10:58.929 10 INFO neutron.wsgi [None req-49e86d1f-dacc-41f6-a87d-6961916644bd d572886731c44454a838d7dc7f3648be ee7f10b7286c4e92a0a27eef5dc78dc2 - - default default] 10.0.0.116 "GET /v2.0/ports/73da6d91-a4a7-407d-9897-b2d21f86dcb9 HTTP/1.1" status: 404 len: 333 time: 0.0262518
2026-07-21 22:10:59.104 10 WARNING neutron.scheduler.dhcp_agent_scheduler [None req-0311b302-9d03-48b5-b773-d8698414bd2f c043d15f85934a648e847d66c6d6f4f4 0181f5c44ba445b1b246916e1e21fa31 - - - -] No more DHCP agents
2026-07-21 22:10:59.107 10 WARNING neutron.api.rpc.agentnotifiers.dhcp_rpc_agent_api [None req-0311b302-9d03-48b5-b773-d8698414bd2f c043d15f85934a648e847d66c6d6f4f4 0181f5c44ba445b1b246916e1e21fa31 - - - -] Unable to schedule network 471ef2b7-b4b9-4452-b69c-4244e970efdf: no agents available; will retry on subsequent port and subnet creation events.
2026-07-21 22:10:59.185 10 INFO neutron.db.ovn_revision_numbers_db [None req-0311b302-9d03-48b5-b773-d8698414bd2f c043d15f85934a648e847d66c6d6f4f4 0181f5c44ba445b1b246916e1e21fa31 - - - -] Successfully bumped revision number for resource d0de9bab-3bbe-4335-9b04-aa47410ff1b6 (type: ports) to 1
2026-07-21 22:10:59.191 9 INFO neutron.wsgi [None req-19efe12d-dd88-48d2-a7d6-0a6d53b6caaf d572886731c44454a838d7dc7f3648be ee7f10b7286c4e92a0a27eef5dc78dc2 - - - -] 10.0.0.116 "DELETE /v2.0/subnets/c0914b94-1f9e-435b-a18d-68c59ce0ecb9 HTTP/1.1" status: 204 len: 168 time: 0.2515521
2026-07-21 22:10:59.207 9 INFO neutron.wsgi [None req-c81b18ab-0792-443e-9a2f-833443bae97e 6fe4852ed003473a8fe0ff0689f76c23 2fc43ed097b24d5cb55a3920a4fe8397 - - - -] 10.0.0.116 "DELETE /v2.0/floatingips/98965c09-9ca0-44ed-bd0d-6ce064b15b9c HTTP/1.1" status: 204 len: 168 time: 0.5122237
2026-07-21 22:10:59.223 10 INFO neutron.wsgi [None req-0311b302-9d03-48b5-b773-d8698414bd2f c043d15f85934a648e847d66c6d6f4f4 0181f5c44ba445b1b246916e1e21fa31 - - - -] 10.0.0.116 "POST /v2.0/networks HTTP/1.1" status: 201 len: 849 time: 0.6311624
2026-07-21 22:10:59.641 9 INFO neutron.services.segments.plugin [-] Segment 6c5857f6-d648-4d1f-b482-420c56d8748b resource provider aggregate not found
2026-07-21 22:10:59.646 9 INFO neutron.services.segments.plugin [-] Segment 6c5857f6-d648-4d1f-b482-420c56d8748b resource provider aggregate not found
2026-07-21 22:10:59.665 9 INFO neutron.services.segments.plugin [-] Segment 6c5857f6-d648-4d1f-b482-420c56d8748b resource provider not found; error: Placement Client Error (4xx): {"errors": [{"status": 404, "title": "Not Found", "detail": "The resource could not be found.\n\n No resource provider with uuid 6c5857f6-d648-4d1f-b482-420c56d8748b found for delete ", "request_id": "req-811761f4-2071-4546-856f-57f2720e949f"}]}
2026-07-21 22:10:59.667 9 INFO neutron.services.segments.plugin [-] Segment 6c5857f6-d648-4d1f-b482-420c56d8748b resource provider not found; error: Placement Client Error (4xx): {"errors": [{"status": 404, "title": "Not Found", "detail": "The resource could not be found.\n\n No resource provider with uuid 6c5857f6-d648-4d1f-b482-420c56d8748b found for delete ", "request_id": "req-df446a68-8128-4ea3-9422-657a96ecafe1"}]}
2026-07-21 22:10:59.701 9 INFO neutron.wsgi [None req-60170e2f-debc-4f76-ab89-70fae1cfd9f0 d572886731c44454a838d7dc7f3648be ee7f10b7286c4e92a0a27eef5dc78dc2 - - - -] 10.0.0.116 "DELETE /v2.0/networks/1d27c677-bebf-4d20-acf7-b535ba9b2c0f HTTP/1.1" status: 204 len: 168 time: 0.5030298
2026-07-21 22:10:59.786 9 WARNING neutron.scheduler.dhcp_agent_scheduler [None req-819b1cdd-bf01-4099-828d-7d349a61f6fa c043d15f85934a648e847d66c6d6f4f4 0181f5c44ba445b1b246916e1e21fa31 - - - -] No more DHCP agents
2026-07-21 22:10:59.788 9 WARNING neutron.api.rpc.agentnotifiers.dhcp_rpc_agent_api [None req-819b1cdd-bf01-4099-828d-7d349a61f6fa c043d15f85934a648e847d66c6d6f4f4 0181f5c44ba445b1b246916e1e21fa31 - - - -] Unable to schedule network 478fd448-dad9-4215-b60a-603797f935a3: no agents available; will retry on subsequent port and subnet creation events.
2026-07-21 22:10:59.814 9 INFO neutron.db.segments_db [None req-b0ab99ac-e00e-48c6-8f64-dc18b09e2360 d572886731c44454a838d7dc7f3648be ee7f10b7286c4e92a0a27eef5dc78dc2 - - - -] Added segment 56206a57-2836-4d53-8685-2a984160fdd6 of type geneve for network acbda43e-e0aa-4ccd-ac24-b684d2695f97
2026-07-21 22:11:00.180 9 INFO neutron.db.ovn_revision_numbers_db [None req-b0ab99ac-e00e-48c6-8f64-dc18b09e2360 d572886731c44454a838d7dc7f3648be ee7f10b7286c4e92a0a27eef5dc78dc2 - - - -] Successfully bumped revision number for resource acbda43e-e0aa-4ccd-ac24-b684d2695f97 (type: networks) to 1
2026-07-21 22:11:00.180 10 INFO neutron.wsgi [None req-fd749342-bdcc-42d5-a3ad-c1a93b5f595e a179550bd99a4fd6af3a5e6f28150aeb 9e55c4fc1fa7418d8af6eabbdbfc05de - - - -] 10.0.0.116 "PUT /v2.0/routers/ac987d79-4176-4b90-bc86-212ef66335b9/remove_router_interface HTTP/1.1" status: 200 len: 503 time: 0.9668715 /var/lib/openstack/lib/python3.10/site-packages/pycadf/identifier.py:71: UserWarning: Invalid uuid: neutron. To ensure interoperability, identifiers should be a valid uuid. warnings.warn(('Invalid uuid: %s. To ensure interoperability, '
2026-07-21 22:11:00.395 9 WARNING neutron.scheduler.dhcp_agent_scheduler [None req-b0ab99ac-e00e-48c6-8f64-dc18b09e2360 d572886731c44454a838d7dc7f3648be ee7f10b7286c4e92a0a27eef5dc78dc2 - - - -] No more DHCP agents
2026-07-21 22:11:00.398 9 WARNING neutron.api.rpc.agentnotifiers.dhcp_rpc_agent_api [None req-b0ab99ac-e00e-48c6-8f64-dc18b09e2360 d572886731c44454a838d7dc7f3648be ee7f10b7286c4e92a0a27eef5dc78dc2 - - - -] Unable to schedule network acbda43e-e0aa-4ccd-ac24-b684d2695f97: no agents available; will retry on subsequent port and subnet creation events.
2026-07-21 22:11:00.480 9 INFO neutron.db.ovn_revision_numbers_db [None req-b0ab99ac-e00e-48c6-8f64-dc18b09e2360 d572886731c44454a838d7dc7f3648be ee7f10b7286c4e92a0a27eef5dc78dc2 - - - -] Successfully bumped revision number for resource 0395e866-76e0-46bf-8225-d64fadeac9a5 (type: ports) to 1
2026-07-21 22:11:00.509 9 INFO neutron.wsgi [None req-b0ab99ac-e00e-48c6-8f64-dc18b09e2360 d572886731c44454a838d7dc7f3648be ee7f10b7286c4e92a0a27eef5dc78dc2 - - - -] 10.0.0.116 "POST /v2.0/networks HTTP/1.1" status: 201 len: 831 time: 0.7982926
2026-07-21 22:11:00.579 9 INFO neutron.db.ovn_revision_numbers_db [None req-819b1cdd-bf01-4099-828d-7d349a61f6fa c043d15f85934a648e847d66c6d6f4f4 0181f5c44ba445b1b246916e1e21fa31 - - - -] Successfully bumped revision number for resource 1f7445f5-fc4c-4c46-a35e-034a303e856f (type: ports) to 2
2026-07-21 22:11:00.596 9 INFO neutron.db.ovn_revision_numbers_db [None req-819b1cdd-bf01-4099-828d-7d349a61f6fa c043d15f85934a648e847d66c6d6f4f4 0181f5c44ba445b1b246916e1e21fa31 - - - -] Successfully bumped revision number for resource f94e9e9a-0e9f-4422-a4f8-27724c29a33b (type: subnets) to 0
2026-07-21 22:11:00.639 9 WARNING neutron.scheduler.dhcp_agent_scheduler [None req-819b1cdd-bf01-4099-828d-7d349a61f6fa c043d15f85934a648e847d66c6d6f4f4 0181f5c44ba445b1b246916e1e21fa31 - - - -] No more DHCP agents
2026-07-21 22:11:00.641 9 WARNING neutron.api.rpc.agentnotifiers.dhcp_rpc_agent_api [None req-819b1cdd-bf01-4099-828d-7d349a61f6fa c043d15f85934a648e847d66c6d6f4f4 0181f5c44ba445b1b246916e1e21fa31 - - - -] Unable to schedule network 471ef2b7-b4b9-4452-b69c-4244e970efdf: no agents available; will retry on subsequent port and subnet creation events.
2026-07-21 22:11:00.795 10 INFO neutron.wsgi [None req-fa0d4d6d-a7f0-46f7-8941-12bc5e70f15f a179550bd99a4fd6af3a5e6f28150aeb 9e55c4fc1fa7418d8af6eabbdbfc05de - - - -] 10.0.0.116 "DELETE /v2.0/routers/ac987d79-4176-4b90-bc86-212ef66335b9 HTTP/1.1" status: 204 len: 168 time: 0.6095560
2026-07-21 22:11:00.838 9 WARNING neutron.scheduler.dhcp_agent_scheduler [None req-560baaa1-b0b0-4079-b5e6-fb7817b65909 d572886731c44454a838d7dc7f3648be ee7f10b7286c4e92a0a27eef5dc78dc2 - - - -] No more DHCP agents
2026-07-21 22:11:00.842 9 WARNING neutron.api.rpc.agentnotifiers.dhcp_rpc_agent_api [None req-560baaa1-b0b0-4079-b5e6-fb7817b65909 d572886731c44454a838d7dc7f3648be ee7f10b7286c4e92a0a27eef5dc78dc2 - - - -] Unable to schedule network acbda43e-e0aa-4ccd-ac24-b684d2695f97: no agents available; will retry on subsequent port and subnet creation events.
2026-07-21 22:11:00.986 10 INFO neutron.wsgi [None req-6566b9f2-9c07-48e2-b3a1-a28986e3e706 a179550bd99a4fd6af3a5e6f28150aeb 9e55c4fc1fa7418d8af6eabbdbfc05de - - - -] 10.0.0.116 "DELETE /v2.0/subnets/3a27716e-94bb-40e9-90f2-5393d41e84f3 HTTP/1.1" status: 204 len: 168 time: 0.1832132
2026-07-21 22:11:01.247 9 INFO neutron.db.ovn_revision_numbers_db [None req-819b1cdd-bf01-4099-828d-7d349a61f6fa c043d15f85934a648e847d66c6d6f4f4 0181f5c44ba445b1b246916e1e21fa31 - - - -] Successfully bumped revision number for resource d0de9bab-3bbe-4335-9b04-aa47410ff1b6 (type: ports) to 2
2026-07-21 22:11:01.265 9 INFO neutron.db.ovn_revision_numbers_db [None req-819b1cdd-bf01-4099-828d-7d349a61f6fa c043d15f85934a648e847d66c6d6f4f4 0181f5c44ba445b1b246916e1e21fa31 - - - -] Successfully bumped revision number for resource 906c5957-06fa-4b71-b999-779a0f17d66f (type: subnets) to 0
2026-07-21 22:11:01.287 9 INFO neutron.wsgi [None req-819b1cdd-bf01-4099-828d-7d349a61f6fa c043d15f85934a648e847d66c6d6f4f4 0181f5c44ba445b1b246916e1e21fa31 - - - -] 10.0.0.116 "POST /v2.0/subnets HTTP/1.1" status: 201 len: 1425 time: 2.0249476
2026-07-21 22:11:01.321 10 INFO neutron.services.segments.plugin [-] Segment 6240bda9-291b-4a50-b869-2efe9794d948 resource provider aggregate not found
2026-07-21 22:11:01.327 10 INFO neutron.services.segments.plugin [-] Segment 6240bda9-291b-4a50-b869-2efe9794d948 resource provider aggregate not found
2026-07-21 22:11:01.342 9 INFO neutron.wsgi [None req-18214fbd-5674-4bb9-a61d-13c6e33ab68b c043d15f85934a648e847d66c6d6f4f4 0181f5c44ba445b1b246916e1e21fa31 - - default default] 10.0.0.116 "GET /v2.0/subnets HTTP/1.1" status: 200 len: 2033 time: 0.0472412
2026-07-21 22:11:01.347 10 INFO neutron.services.segments.plugin [-] Segment 6240bda9-291b-4a50-b869-2efe9794d948 resource provider not found; error: Placement Client Error (4xx): {"errors": [{"status": 404, "title": "Not Found", "detail": "The resource could not be found.\n\n No resource provider with uuid 6240bda9-291b-4a50-b869-2efe9794d948 found for delete ", "request_id": "req-2ba7a5d3-f934-4e17-b33e-f7e173b759e1"}]}
2026-07-21 22:11:01.351 10 INFO neutron.services.segments.plugin [-] Segment 6240bda9-291b-4a50-b869-2efe9794d948 resource provider not found; error: Placement Client Error (4xx): {"errors": [{"status": 404, "title": "Not Found", "detail": "The resource could not be found.\n\n No resource provider with uuid 6240bda9-291b-4a50-b869-2efe9794d948 found for delete ", "request_id": "req-5f40a562-5130-40d9-976a-434be73ca917"}]}
2026-07-21 22:11:01.363 10 INFO neutron.wsgi [None req-831952f9-11e7-4649-9ec8-8f7f4d5ed5fa a179550bd99a4fd6af3a5e6f28150aeb 9e55c4fc1fa7418d8af6eabbdbfc05de - - - -] 10.0.0.116 "DELETE /v2.0/networks/0fc4a83d-1136-4d2f-b939-06474778e4e1 HTTP/1.1" status: 204 len: 168 time: 0.3717473
2026-07-21 22:11:01.406 9 INFO neutron.db.ovn_revision_numbers_db [None req-560baaa1-b0b0-4079-b5e6-fb7817b65909 d572886731c44454a838d7dc7f3648be ee7f10b7286c4e92a0a27eef5dc78dc2 - - - -] Successfully bumped revision number for resource 0395e866-76e0-46bf-8225-d64fadeac9a5 (type: ports) to 2
2026-07-21 22:11:01.428 9 INFO neutron.db.ovn_revision_numbers_db [None req-560baaa1-b0b0-4079-b5e6-fb7817b65909 d572886731c44454a838d7dc7f3648be ee7f10b7286c4e92a0a27eef5dc78dc2 - - - -] Successfully bumped revision number for resource 10b7e474-be9d-46fa-8456-1c11d441a2f7 (type: subnets) to 0
2026-07-21 22:11:01.443 9 INFO neutron.wsgi [None req-560baaa1-b0b0-4079-b5e6-fb7817b65909 d572886731c44454a838d7dc7f3648be ee7f10b7286c4e92a0a27eef5dc78dc2 - - - -] 10.0.0.116 "POST /v2.0/subnets HTTP/1.1" status: 201 len: 801 time: 0.9261029
2026-07-21 22:11:01.538 10 INFO neutron.wsgi [None req-400f0b90-8cfb-47dd-a7e3-5edb9aaf735c a179550bd99a4fd6af3a5e6f28150aeb 9e55c4fc1fa7418d8af6eabbdbfc05de - - default default] 10.0.0.116 "GET /v2.0/security-groups?tenant_id=2fc43ed097b24d5cb55a3920a4fe8397&name=default HTTP/1.1" status: 200 len: 2996 time: 0.0265534
2026-07-21 22:11:01.602 9 INFO neutron.wsgi [None req-013ed914-0e86-4425-a684-b246cca05c2f c043d15f85934a648e847d66c6d6f4f4 0181f5c44ba445b1b246916e1e21fa31 - - - -] 10.0.0.116 "DELETE /v2.0/subnets/f94e9e9a-0e9f-4422-a4f8-27724c29a33b HTTP/1.1" status: 204 len: 168 time: 0.2536190
2026-07-21 22:11:01.741 10 INFO neutron.wsgi [None req-954adddb-0b98-4432-8b25-9b16992f6968 a179550bd99a4fd6af3a5e6f28150aeb 9e55c4fc1fa7418d8af6eabbdbfc05de - - - -] 10.0.0.116 "DELETE /v2.0/security-groups/7f52a70d-e46c-4710-8ab5-38c2a0959745 HTTP/1.1" status: 204 len: 168 time: 0.1981285
2026-07-21 22:11:01.846 9 WARNING neutron.scheduler.dhcp_agent_scheduler [None req-ae9145f5-69e0-481a-aa74-2fa32839312c d572886731c44454a838d7dc7f3648be ee7f10b7286c4e92a0a27eef5dc78dc2 - - - -] No more DHCP agents
2026-07-21 22:11:01.851 9 WARNING neutron.api.rpc.agentnotifiers.dhcp_rpc_agent_api [None req-ae9145f5-69e0-481a-aa74-2fa32839312c d572886731c44454a838d7dc7f3648be ee7f10b7286c4e92a0a27eef5dc78dc2 - - - -] Unable to schedule network acbda43e-e0aa-4ccd-ac24-b684d2695f97: no agents available; will retry on subsequent port and subnet creation events.
2026-07-21 22:11:01.877 9 INFO neutron.wsgi [None req-0a36dbd2-0edc-465a-82bf-a11b05cff709 c043d15f85934a648e847d66c6d6f4f4 0181f5c44ba445b1b246916e1e21fa31 - - - -] 10.0.0.116 "DELETE /v2.0/subnets/906c5957-06fa-4b71-b999-779a0f17d66f HTTP/1.1" status: 204 len: 168 time: 0.2679491
2026-07-21 22:11:01.924 10 INFO neutron.wsgi [None req-549cd054-c8b5-41a5-ae69-40e8771bf770 c043d15f85934a648e847d66c6d6f4f4 0181f5c44ba445b1b246916e1e21fa31 - - default default] 10.0.0.116 "GET /v2.0/subnets HTTP/1.1" status: 200 len: 820 time: 0.0382693
2026-07-21 22:11:02.032 9 INFO neutron.db.ovn_revision_numbers_db [None req-ae9145f5-69e0-481a-aa74-2fa32839312c d572886731c44454a838d7dc7f3648be ee7f10b7286c4e92a0a27eef5dc78dc2 - - - -] Successfully bumped revision number for resource b7771a6c-c6fd-4167-8772-6225006eaf05 (type: ports) to 1
2026-07-21 22:11:02.062 9 INFO neutron.wsgi [None req-ae9145f5-69e0-481a-aa74-2fa32839312c d572886731c44454a838d7dc7f3648be ee7f10b7286c4e92a0a27eef5dc78dc2 - - - -] 10.0.0.116 "POST /v2.0/ports HTTP/1.1" status: 201 len: 1110 time: 0.6069393
2026-07-21 22:11:02.307 10 INFO neutron.wsgi [None req-8a4e38b8-7645-4fd1-b0d0-a7c780a487e5 c043d15f85934a648e847d66c6d6f4f4 0181f5c44ba445b1b246916e1e21fa31 - - - -] 10.0.0.116 "DELETE /v2.0/networks/471ef2b7-b4b9-4452-b69c-4244e970efdf HTTP/1.1" status: 204 len: 168 time: 0.3740697
2026-07-21 22:11:02.509 9 INFO neutron.wsgi [None req-63e70fec-e3cf-4652-81a9-816c38315a6b d572886731c44454a838d7dc7f3648be ee7f10b7286c4e92a0a27eef5dc78dc2 - - - -] 10.0.0.116 "DELETE /v2.0/ports/b7771a6c-c6fd-4167-8772-6225006eaf05 HTTP/1.1" status: 204 len: 168 time: 0.4416821
2026-07-21 22:11:02.555 9 INFO neutron.pecan_wsgi.hooks.translation [None req-a49f2b64-80e6-426b-8c7d-dbb2a99b8e1a d572886731c44454a838d7dc7f3648be ee7f10b7286c4e92a0a27eef5dc78dc2 - - default default] GET failed (client error): The resource could not be found.
2026-07-21 22:11:02.558 9 INFO neutron.wsgi [None req-a49f2b64-80e6-426b-8c7d-dbb2a99b8e1a d572886731c44454a838d7dc7f3648be ee7f10b7286c4e92a0a27eef5dc78dc2 - - default default] 10.0.0.116 "GET /v2.0/ports/b7771a6c-c6fd-4167-8772-6225006eaf05 HTTP/1.1" status: 404 len: 333 time: 0.0405414
2026-07-21 22:11:03.016 9 INFO neutron.services.segments.plugin [-] Segment 8d091b49-e1e8-4bd3-859f-4238d591dc34 resource provider aggregate not found
2026-07-21 22:11:03.021 9 INFO neutron.services.segments.plugin [-] Segment 8d091b49-e1e8-4bd3-859f-4238d591dc34 resource provider aggregate not found
2026-07-21 22:11:03.033 9 INFO neutron.services.segments.plugin [-] Segment 8d091b49-e1e8-4bd3-859f-4238d591dc34 resource provider not found; error: Placement Client Error (4xx): {"errors": [{"status": 404, "title": "Not Found", "detail": "The resource could not be found.\n\n No resource provider with uuid 8d091b49-e1e8-4bd3-859f-4238d591dc34 found for delete ", "request_id": "req-f117d61c-e2e6-4134-989b-ca83c35d7eb2"}]}
2026-07-21 22:11:03.036 9 INFO neutron.services.segments.plugin [-] Segment 8d091b49-e1e8-4bd3-859f-4238d591dc34 resource provider not found; error: Placement Client Error (4xx): {"errors": [{"status": 404, "title": "Not Found", "detail": "The resource could not be found.\n\n No resource provider with uuid 8d091b49-e1e8-4bd3-859f-4238d591dc34 found for delete ", "request_id": "req-4796af95-9ac9-450c-a38f-7cbaadaa0b56"}]}
2026-07-21 22:11:03.053 9 INFO neutron.wsgi [None req-ed23daf7-1f3d-4ab6-9540-259bbe8fb9aa d572886731c44454a838d7dc7f3648be ee7f10b7286c4e92a0a27eef5dc78dc2 - - - -] 10.0.0.116 "DELETE /v2.0/subnets/10b7e474-be9d-46fa-8456-1c11d441a2f7 HTTP/1.1" status: 204 len: 168 time: 0.4897723
2026-07-21 22:11:03.070 9 INFO neutron.wsgi [None req-fab4d297-aba1-43d3-888a-f34fc0f1a7f3 c043d15f85934a648e847d66c6d6f4f4 0181f5c44ba445b1b246916e1e21fa31 - - - -] 10.0.0.116 "DELETE /v2.0/networks/478fd448-dad9-4215-b60a-603797f935a3 HTTP/1.1" status: 204 len: 168 time: 0.7581520
2026-07-21 22:11:03.370 10 INFO neutron.services.segments.plugin [-] Segment 2aad5801-0b15-4bbc-b578-3d76ccc9d80b resource provider aggregate not found
2026-07-21 22:11:03.390 10 INFO neutron.services.segments.plugin [-] Segment 2aad5801-0b15-4bbc-b578-3d76ccc9d80b resource provider not found; error: Placement Client Error (4xx): {"errors": [{"status": 404, "title": "Not Found", "detail": "The resource could not be found.\n\n No resource provider with uuid 2aad5801-0b15-4bbc-b578-3d76ccc9d80b found for delete ", "request_id": "req-f565adbb-eedc-4bbd-9df4-63fe4c02957d"}]}
2026-07-21 22:11:03.391 10 INFO neutron.services.segments.plugin [-] Segment 2aad5801-0b15-4bbc-b578-3d76ccc9d80b resource provider aggregate not found
2026-07-21 22:11:03.416 10 INFO neutron.services.segments.plugin [-] Segment 2aad5801-0b15-4bbc-b578-3d76ccc9d80b resource provider not found; error: Placement Client Error (4xx): {"errors": [{"status": 404, "title": "Not Found", "detail": "The resource could not be found.\n\n No resource provider with uuid 2aad5801-0b15-4bbc-b578-3d76ccc9d80b found for delete ", "request_id": "req-7f0e5f99-7621-4508-8081-445c407977b5"}]}
2026-07-21 22:11:03.463 9 INFO neutron.wsgi [None req-0b4d36bb-28fa-4dcc-b3fb-d29d3e5cecf5 d572886731c44454a838d7dc7f3648be ee7f10b7286c4e92a0a27eef5dc78dc2 - - - -] 10.0.0.116 "DELETE /v2.0/networks/acbda43e-e0aa-4ccd-ac24-b684d2695f97 HTTP/1.1" status: 204 len: 168 time: 0.4045959
2026-07-21 22:11:03.696 9 INFO neutron.db.ovn_revision_numbers_db [None req-39f327d0-e934-4e2a-8f7c-78a608728a30 a179550bd99a4fd6af3a5e6f28150aeb 9e55c4fc1fa7418d8af6eabbdbfc05de - - - -] Successfully bumped revision number for resource f6b7cd10-a01c-4584-87af-1c2d4ceb2822 (type: security_groups) to 1
2026-07-21 22:11:03.699 10 INFO neutron.wsgi [None req-8c7db003-1097-496d-acd1-fc47cc5398a5 c043d15f85934a648e847d66c6d6f4f4 0181f5c44ba445b1b246916e1e21fa31 - - - -] 10.0.0.116 "DELETE /v2.0/networks/7329f6ea-eddf-4dff-aee2-843fb6802951 HTTP/1.1" status: 204 len: 168 time: 0.6226184
2026-07-21 22:11:03.768 9 INFO neutron.db.segments_db [None req-39f327d0-e934-4e2a-8f7c-78a608728a30 a179550bd99a4fd6af3a5e6f28150aeb 9e55c4fc1fa7418d8af6eabbdbfc05de - - - -] Added segment fd5c8066-a165-40c7-8421-9b175188df75 of type geneve for network c0c88738-35f3-4754-8f19-d9ecfdf00bcd
2026-07-21 22:11:03.937 10 WARNING neutron.scheduler.dhcp_agent_scheduler [None req-2d18a62e-0830-40d6-bc44-a75f558a7e5f d572886731c44454a838d7dc7f3648be ee7f10b7286c4e92a0a27eef5dc78dc2 - - - -] No more DHCP agents
2026-07-21 22:11:03.939 10 WARNING neutron.api.rpc.agentnotifiers.dhcp_rpc_agent_api [None req-2d18a62e-0830-40d6-bc44-a75f558a7e5f d572886731c44454a838d7dc7f3648be ee7f10b7286c4e92a0a27eef5dc78dc2 - - - -] Unable to schedule network fab5a1f8-6795-46b4-af31-ea80bfeda248: no agents available; will retry on subsequent port and subnet creation events.
2026-07-21 22:11:03.951 9 INFO neutron.db.ovn_revision_numbers_db [None req-39f327d0-e934-4e2a-8f7c-78a608728a30 a179550bd99a4fd6af3a5e6f28150aeb 9e55c4fc1fa7418d8af6eabbdbfc05de - - - -] Successfully bumped revision number for resource c0c88738-35f3-4754-8f19-d9ecfdf00bcd (type: networks) to 1
2026-07-21 22:11:03.981 9 INFO neutron.wsgi [req-2df7e81e-7c25-439b-bf58-0d68c5f263e9 req-7beaa892-f028-4571-97ba-8f11df76e424 b240058b33e640b08ca027793d4a2929 7e304895c205435cba65cc2763387986 - - 5fa42b4933be45809bb7aed0a16706c5 5fa42b4933be45809bb7aed0a16706c5] 10.0.0.232 "GET /v2.0/ports?device_id=fcf6965e-8050-4492-a856-912288f570f2 HTTP/1.1" status: 200 len: 1365 time: 0.1837237
2026-07-21 22:11:04.003 10 INFO neutron.db.ovn_revision_numbers_db [None req-2d18a62e-0830-40d6-bc44-a75f558a7e5f d572886731c44454a838d7dc7f3648be ee7f10b7286c4e92a0a27eef5dc78dc2 - - - -] Successfully bumped revision number for resource ef02c9b8-8a13-4af5-a00a-9cdab168612f (type: ports) to 1
2026-07-21 22:11:04.027 10 INFO neutron.wsgi [None req-2d18a62e-0830-40d6-bc44-a75f558a7e5f d572886731c44454a838d7dc7f3648be ee7f10b7286c4e92a0a27eef5dc78dc2 - - - -] 10.0.0.116 "POST /v2.0/ports HTTP/1.1" status: 201 len: 974 time: 0.5562425 /var/lib/openstack/lib/python3.10/site-packages/pycadf/identifier.py:71: UserWarning: Invalid uuid: neutron. To ensure interoperability, identifiers should be a valid uuid. warnings.warn(('Invalid uuid: %s. To ensure interoperability, '
2026-07-21 22:11:04.068 9 INFO neutron.wsgi [req-2df7e81e-7c25-439b-bf58-0d68c5f263e9 req-351435a0-b4fb-47da-bbc8-77212c82f044 b240058b33e640b08ca027793d4a2929 7e304895c205435cba65cc2763387986 - - 5fa42b4933be45809bb7aed0a16706c5 5fa42b4933be45809bb7aed0a16706c5] 10.0.0.232 "GET /v2.0/security-groups?id=ef1cfaa0-250f-47c8-97a8-65f8ef4cf7a7&fields=id&fields=name HTTP/1.1" status: 200 len: 312 time: 0.0761411
2026-07-21 22:11:04.234 9 INFO neutron.wsgi [None req-b5509c7d-0817-4471-b9ab-ee990f75b6f2 a179550bd99a4fd6af3a5e6f28150aeb 9e55c4fc1fa7418d8af6eabbdbfc05de - - default default] 10.0.0.119 "GET /v2.0/networks HTTP/1.1" status: 200 len: 5277 time: 0.1696594
2026-07-21 22:11:04.283 9 WARNING neutron.scheduler.dhcp_agent_scheduler [None req-39f327d0-e934-4e2a-8f7c-78a608728a30 a179550bd99a4fd6af3a5e6f28150aeb 9e55c4fc1fa7418d8af6eabbdbfc05de - - - -] No more DHCP agents
2026-07-21 22:11:04.301 10 INFO neutron.db.ovn_revision_numbers_db [None req-0c79ae0a-e6df-48fd-a95b-8c178b4c0279 d572886731c44454a838d7dc7f3648be ee7f10b7286c4e92a0a27eef5dc78dc2 - - - -] Successfully bumped revision number for resource ef02c9b8-8a13-4af5-a00a-9cdab168612f (type: ports) to 2
2026-07-21 22:11:04.302 9 WARNING neutron.api.rpc.agentnotifiers.dhcp_rpc_agent_api [None req-39f327d0-e934-4e2a-8f7c-78a608728a30 a179550bd99a4fd6af3a5e6f28150aeb 9e55c4fc1fa7418d8af6eabbdbfc05de - - - -] Unable to schedule network c0c88738-35f3-4754-8f19-d9ecfdf00bcd: no agents available; will retry on subsequent port and subnet creation events.
2026-07-21 22:11:04.313 10 INFO neutron.wsgi [None req-0c79ae0a-e6df-48fd-a95b-8c178b4c0279 d572886731c44454a838d7dc7f3648be ee7f10b7286c4e92a0a27eef5dc78dc2 - - - -] 10.0.0.116 "PUT /v2.0/ports/ef02c9b8-8a13-4af5-a00a-9cdab168612f HTTP/1.1" status: 200 len: 946 time: 0.2803063 /var/lib/openstack/lib/python3.10/site-packages/pycadf/identifier.py:71: UserWarning: Invalid uuid: neutron. To ensure interoperability, identifiers should be a valid uuid. warnings.warn(('Invalid uuid: %s. To ensure interoperability, '
2026-07-21 22:11:04.331 9 INFO neutron.wsgi [None req-eead3a18-bb10-48c1-92e7-60c2746f1444 a179550bd99a4fd6af3a5e6f28150aeb 9e55c4fc1fa7418d8af6eabbdbfc05de - - default default] 10.0.0.119 "GET /v2.0/subnets HTTP/1.1" status: 200 len: 2101 time: 0.0932541
2026-07-21 22:11:04.355 9 INFO neutron.wsgi [None req-32deb97e-1f16-46b5-8964-cf4b0c9af47d a179550bd99a4fd6af3a5e6f28150aeb 9e55c4fc1fa7418d8af6eabbdbfc05de - - default default] 10.0.0.119 "GET /v2.0/network-ip-availabilities HTTP/1.1" status: 200 len: 2615 time: 0.0208414
2026-07-21 22:11:04.422 9 INFO neutron.wsgi [None req-493a9104-ff76-4336-995d-d42a3be28f91 a179550bd99a4fd6af3a5e6f28150aeb 9e55c4fc1fa7418d8af6eabbdbfc05de - - default default] 10.0.0.119 "GET /v2.0/agents HTTP/1.1" status: 200 len: 997 time: 0.0642037
2026-07-21 22:11:04.470 9 INFO neutron.db.ovn_revision_numbers_db [None req-39f327d0-e934-4e2a-8f7c-78a608728a30 a179550bd99a4fd6af3a5e6f28150aeb 9e55c4fc1fa7418d8af6eabbdbfc05de - - - -] Successfully bumped revision number for resource 48686bb5-27d5-4d9a-a916-9ac9e65dcc67 (type: ports) to 1
2026-07-21 22:11:04.490 9 INFO neutron.wsgi [None req-14abfe53-f9ff-41a2-8027-2ce30fb1cb49 a179550bd99a4fd6af3a5e6f28150aeb 9e55c4fc1fa7418d8af6eabbdbfc05de - - default default] 10.0.0.119 "GET /v2.0/subnets HTTP/1.1" status: 200 len: 2101 time: 0.0649581
2026-07-21 22:11:04.514 9 INFO neutron.wsgi [None req-69457fe7-0447-41f6-9e03-6b2916fb75a4 c043d15f85934a648e847d66c6d6f4f4 0181f5c44ba445b1b246916e1e21fa31 - - - -] 10.0.0.116 "DELETE /v2.0/networks/85e18f20-1977-40a5-8ba3-c5504e4c25b3 HTTP/1.1" status: 204 len: 168 time: 0.8042974
2026-07-21 22:11:04.516 9 INFO neutron.wsgi [None req-39f327d0-e934-4e2a-8f7c-78a608728a30 a179550bd99a4fd6af3a5e6f28150aeb 9e55c4fc1fa7418d8af6eabbdbfc05de - - - -] 10.0.0.116 "POST /v2.0/networks HTTP/1.1" status: 201 len: 940 time: 0.9828916
2026-07-21 22:11:04.534 9 INFO neutron.wsgi [None req-62c5d352-9745-4e7b-b8d9-9d3601e68f32 a179550bd99a4fd6af3a5e6f28150aeb 9e55c4fc1fa7418d8af6eabbdbfc05de - - default default] 10.0.0.119 "GET /v2.0/subnetpools HTTP/1.1" status: 200 len: 193 time: 0.0423963
2026-07-21 22:11:04.607 10 INFO neutron.wsgi [None req-6e636046-3028-4b90-84d5-ba844c696519 d572886731c44454a838d7dc7f3648be ee7f10b7286c4e92a0a27eef5dc78dc2 - - - -] 10.0.0.116 "DELETE /v2.0/ports/ef02c9b8-8a13-4af5-a00a-9cdab168612f HTTP/1.1" status: 204 len: 168 time: 0.2872548
2026-07-21 22:11:04.664 9 INFO neutron.wsgi [None req-7d66859c-ee06-4070-971d-7b753f0007c0 a179550bd99a4fd6af3a5e6f28150aeb 9e55c4fc1fa7418d8af6eabbdbfc05de - - default default] 10.0.0.119 "GET /v2.0/security-groups HTTP/1.1" status: 200 len: 30664 time: 0.1279399
2026-07-21 22:11:04.679 10 INFO neutron.wsgi [None req-71a9a959-1bb3-4077-ac4b-a49e5be2a21d d572886731c44454a838d7dc7f3648be ee7f10b7286c4e92a0a27eef5dc78dc2 - - default default] 10.0.0.116 "GET /v2.0/ports HTTP/1.1" status: 200 len: 1728 time: 0.0654249
2026-07-21 22:11:04.698 10 INFO neutron.pecan_wsgi.hooks.translation [None req-4b2f86c5-a558-49d2-a50e-f27ebbe463aa d572886731c44454a838d7dc7f3648be ee7f10b7286c4e92a0a27eef5dc78dc2 - - default default] GET failed (client error): The resource could not be found.
2026-07-21 22:11:04.699 10 INFO neutron.wsgi [None req-4b2f86c5-a558-49d2-a50e-f27ebbe463aa d572886731c44454a838d7dc7f3648be ee7f10b7286c4e92a0a27eef5dc78dc2 - - default default] 10.0.0.116 "GET /v2.0/ports/ef02c9b8-8a13-4af5-a00a-9cdab168612f HTTP/1.1" status: 404 len: 333 time: 0.0153427
2026-07-21 22:11:04.739 9 INFO neutron.wsgi [None req-da7291b4-cd7a-4b2c-8a31-49b53a2d8dd1 a179550bd99a4fd6af3a5e6f28150aeb 9e55c4fc1fa7418d8af6eabbdbfc05de - - default default] 10.0.0.119 "GET /v2.0/ports HTTP/1.1" status: 200 len: 13219 time: 0.0660520
2026-07-21 22:11:04.741 10 INFO neutron.wsgi [None req-e4168944-4b8b-4647-9d9d-95f790a780f6 d572886731c44454a838d7dc7f3648be ee7f10b7286c4e92a0a27eef5dc78dc2 - - default default] 10.0.0.116 "GET /v2.0/ports HTTP/1.1" status: 200 len: 1728 time: 0.0362861
2026-07-21 22:11:04.786 10 INFO neutron.wsgi [None req-66f4407c-c46f-4c53-8aaa-bfc7676597d9 d572886731c44454a838d7dc7f3648be ee7f10b7286c4e92a0a27eef5dc78dc2 - - default default] 10.0.0.116 "GET /v2.0/ports/67c34f04-6162-4b51-a1f2-53550d5711c0 HTTP/1.1" status: 200 len: 968 time: 0.0368690
2026-07-21 22:11:04.818 10 INFO neutron.pecan_wsgi.hooks.translation [None req-bd53c53c-e40b-4991-b50b-0d418d18d251 d572886731c44454a838d7dc7f3648be ee7f10b7286c4e92a0a27eef5dc78dc2 - - - -] DELETE failed (client error): The resource could not be found.
2026-07-21 22:11:04.820 10 INFO neutron.wsgi [None req-bd53c53c-e40b-4991-b50b-0d418d18d251 d572886731c44454a838d7dc7f3648be ee7f10b7286c4e92a0a27eef5dc78dc2 - - - -] 10.0.0.116 "DELETE /v2.0/ports/b7771a6c-c6fd-4167-8772-6225006eaf05 HTTP/1.1" status: 404 len: 333 time: 0.0241783
2026-07-21 22:11:04.820 9 WARNING neutron.scheduler.dhcp_agent_scheduler [None req-57c9e09e-c1de-4c50-92c0-4e01bcb3b004 a179550bd99a4fd6af3a5e6f28150aeb 9e55c4fc1fa7418d8af6eabbdbfc05de - - - -] No more DHCP agents
2026-07-21 22:11:04.832 9 WARNING neutron.api.rpc.agentnotifiers.dhcp_rpc_agent_api [None req-57c9e09e-c1de-4c50-92c0-4e01bcb3b004 a179550bd99a4fd6af3a5e6f28150aeb 9e55c4fc1fa7418d8af6eabbdbfc05de - - - -] Unable to schedule network c0c88738-35f3-4754-8f19-d9ecfdf00bcd: no agents available; will retry on subsequent port and subnet creation events.
2026-07-21 22:11:04.839 9 INFO neutron.wsgi [None req-42e3a3cf-1180-4789-a0f1-d21f54a22b2e a179550bd99a4fd6af3a5e6f28150aeb 9e55c4fc1fa7418d8af6eabbdbfc05de - - default default] 10.0.0.119 "GET /v2.0/floatingips HTTP/1.1" status: 200 len: 1036 time: 0.0863748
2026-07-21 22:11:04.842 10 INFO neutron.pecan_wsgi.hooks.translation [None req-f9fa923d-97ae-473c-b720-fa3ab5961b99 d572886731c44454a838d7dc7f3648be ee7f10b7286c4e92a0a27eef5dc78dc2 - - - -] DELETE failed (client error): The resource could not be found.
2026-07-21 22:11:04.845 10 INFO neutron.wsgi [None req-f9fa923d-97ae-473c-b720-fa3ab5961b99 d572886731c44454a838d7dc7f3648be ee7f10b7286c4e92a0a27eef5dc78dc2 - - - -] 10.0.0.116 "DELETE /v2.0/subnets/10b7e474-be9d-46fa-8456-1c11d441a2f7 HTTP/1.1" status: 404 len: 337 time: 0.0194643
2026-07-21 22:11:04.914 9 INFO neutron.pecan_wsgi.hooks.translation [None req-2a84a472-10ed-4f68-8b75-e8d2732ad5d7 d572886731c44454a838d7dc7f3648be ee7f10b7286c4e92a0a27eef5dc78dc2 - - - -] DELETE failed (client error): The resource could not be found.
2026-07-21 22:11:04.916 9 INFO neutron.wsgi [None req-2a84a472-10ed-4f68-8b75-e8d2732ad5d7 d572886731c44454a838d7dc7f3648be ee7f10b7286c4e92a0a27eef5dc78dc2 - - - -] 10.0.0.116 "DELETE /v2.0/subnets/c0914b94-1f9e-435b-a18d-68c59ce0ecb9 HTTP/1.1" status: 404 len: 337 time: 0.0647552
2026-07-21 22:11:04.980 9 INFO neutron.wsgi [None req-f2a2f58c-e57c-4558-a84f-fba3f9f2fcda a179550bd99a4fd6af3a5e6f28150aeb 9e55c4fc1fa7418d8af6eabbdbfc05de - - default default] 10.0.0.119 "GET /v2.0/routers HTTP/1.1" status: 200 len: 869 time: 0.1303742
2026-07-21 22:11:04.994 9 INFO neutron.wsgi [None req-f277a2bb-2e92-403d-9465-1a65e8c0943e a179550bd99a4fd6af3a5e6f28150aeb 9e55c4fc1fa7418d8af6eabbdbfc05de - - default default] 10.0.0.119 "GET /v2.0/agents?binary=ovn-controller HTTP/1.1" status: 200 len: 591 time: 0.0117357
2026-07-21 22:11:05.062 9 INFO neutron.services.segments.plugin [-] Segment 56206a57-2836-4d53-8685-2a984160fdd6 resource provider aggregate not found
2026-07-21 22:11:05.068 9 INFO neutron.services.segments.plugin [-] Segment 56206a57-2836-4d53-8685-2a984160fdd6 resource provider aggregate not found
2026-07-21 22:11:05.084 9 INFO neutron.services.segments.plugin [-] Segment 56206a57-2836-4d53-8685-2a984160fdd6 resource provider not found; error: Placement Client Error (4xx): {"errors": [{"status": 404, "title": "Not Found", "detail": "The resource could not be found.\n\n No resource provider with uuid 56206a57-2836-4d53-8685-2a984160fdd6 found for delete ", "request_id": "req-5a0a5b11-7e6d-478c-81bf-5be58a4f4592"}]}
2026-07-21 22:11:05.090 9 INFO neutron.services.segments.plugin [-] Segment 56206a57-2836-4d53-8685-2a984160fdd6 resource provider not found; error: Placement Client Error (4xx): {"errors": [{"status": 404, "title": "Not Found", "detail": "The resource could not be found.\n\n No resource provider with uuid 56206a57-2836-4d53-8685-2a984160fdd6 found for delete ", "request_id": "req-feb8d8bd-162f-4867-bc8e-8ddfe6f0617e"}]}
2026-07-21 22:11:05.106 9 INFO neutron.services.segments.plugin [-] Segment 61dbf49c-0230-4247-ad48-92b2a50a03a6 resource provider aggregate not found
2026-07-21 22:11:05.113 9 INFO neutron.services.segments.plugin [-] Segment 61dbf49c-0230-4247-ad48-92b2a50a03a6 resource provider aggregate not found
2026-07-21 22:11:05.122 9 INFO neutron.services.segments.plugin [-] Segment 61dbf49c-0230-4247-ad48-92b2a50a03a6 resource provider not found; error: Placement Client Error (4xx): {"errors": [{"status": 404, "title": "Not Found", "detail": "The resource could not be found.\n\n No resource provider with uuid 61dbf49c-0230-4247-ad48-92b2a50a03a6 found for delete ", "request_id": "req-cdc39581-5e41-4016-bd7d-52f59b527f07"}]}
2026-07-21 22:11:05.136 9 INFO neutron.services.segments.plugin [-] Segment 61dbf49c-0230-4247-ad48-92b2a50a03a6 resource provider not found; error: Placement Client Error (4xx): {"errors": [{"status": 404, "title": "Not Found", "detail": "The resource could not be found.\n\n No resource provider with uuid 61dbf49c-0230-4247-ad48-92b2a50a03a6 found for delete ", "request_id": "req-36406cab-aa73-47af-8371-61cf96a6b8c6"}]}
2026-07-21 22:11:05.156 9 INFO neutron.wsgi [None req-3bdc8af1-de34-42d7-b6eb-ddb54d19d9f3 a179550bd99a4fd6af3a5e6f28150aeb 9e55c4fc1fa7418d8af6eabbdbfc05de - - default default] 10.0.0.116 "GET /v2.0/security-groups?tenant_id=0181f5c44ba445b1b246916e1e21fa31&name=default HTTP/1.1" status: 200 len: 2996 time: 0.1331432
2026-07-21 22:11:05.189 10 INFO neutron.wsgi [None req-ff4286c1-475b-4e5a-aa82-bc8c5cc62ddd d572886731c44454a838d7dc7f3648be ee7f10b7286c4e92a0a27eef5dc78dc2 - - - -] 10.0.0.116 "DELETE /v2.0/ports/67c34f04-6162-4b51-a1f2-53550d5711c0 HTTP/1.1" status: 204 len: 168 time: 0.2655246
2026-07-21 22:11:05.411 10 INFO neutron.services.segments.plugin [-] Segment 65c6b45e-c5d8-4572-ae85-8b80bc922f14 resource provider aggregate not found
2026-07-21 22:11:05.412 9 INFO neutron.wsgi [None req-f1d0a0af-0d51-4ca6-b379-c95f301a4037 a179550bd99a4fd6af3a5e6f28150aeb 9e55c4fc1fa7418d8af6eabbdbfc05de - - - -] 10.0.0.116 "DELETE /v2.0/security-groups/48e776a1-3809-42c2-97a9-14f1c35cdd7b HTTP/1.1" status: 204 len: 168 time: 0.2501547
2026-07-21 22:11:05.414 9 INFO neutron.db.ovn_revision_numbers_db [None req-57c9e09e-c1de-4c50-92c0-4e01bcb3b004 a179550bd99a4fd6af3a5e6f28150aeb 9e55c4fc1fa7418d8af6eabbdbfc05de - - - -] Successfully bumped revision number for resource 48686bb5-27d5-4d9a-a916-9ac9e65dcc67 (type: ports) to 2
2026-07-21 22:11:05.429 9 INFO neutron.db.ovn_revision_numbers_db [None req-57c9e09e-c1de-4c50-92c0-4e01bcb3b004 a179550bd99a4fd6af3a5e6f28150aeb 9e55c4fc1fa7418d8af6eabbdbfc05de - - - -] Successfully bumped revision number for resource 1d181e18-1d15-4f77-814c-9881e9e1091a (type: subnets) to 0
2026-07-21 22:11:05.435 10 INFO neutron.services.segments.plugin [-] Segment 65c6b45e-c5d8-4572-ae85-8b80bc922f14 resource provider aggregate not found
2026-07-21 22:11:05.441 10 INFO neutron.services.segments.plugin [-] Segment 65c6b45e-c5d8-4572-ae85-8b80bc922f14 resource provider not found; error: Placement Client Error (4xx): {"errors": [{"status": 404, "title": "Not Found", "detail": "The resource could not be found.\n\n No resource provider with uuid 65c6b45e-c5d8-4572-ae85-8b80bc922f14 found for delete ", "request_id": "req-b8856ef5-36e6-4b5a-b276-4d3f6e863e5c"}]}
2026-07-21 22:11:05.442 9 INFO neutron.wsgi [None req-57c9e09e-c1de-4c50-92c0-4e01bcb3b004 a179550bd99a4fd6af3a5e6f28150aeb 9e55c4fc1fa7418d8af6eabbdbfc05de - - - -] 10.0.0.116 "POST /v2.0/subnets HTTP/1.1" status: 201 len: 860 time: 0.9067605
2026-07-21 22:11:05.450 10 INFO neutron.services.segments.plugin [-] Segment 65c6b45e-c5d8-4572-ae85-8b80bc922f14 resource provider not found; error: Placement Client Error (4xx): {"errors": [{"status": 404, "title": "Not Found", "detail": "The resource could not be found.\n\n No resource provider with uuid 65c6b45e-c5d8-4572-ae85-8b80bc922f14 found for delete ", "request_id": "req-dc4ff705-6f44-45f5-b15e-682149d047fe"}]}
2026-07-21 22:11:05.612 10 INFO neutron.wsgi [None req-2257082f-d0d1-4728-9a42-efd9d8d759f5 d572886731c44454a838d7dc7f3648be ee7f10b7286c4e92a0a27eef5dc78dc2 - - - -] 10.0.0.116 "DELETE /v2.0/networks/fab5a1f8-6795-46b4-af31-ea80bfeda248 HTTP/1.1" status: 204 len: 168 time: 0.4180746
2026-07-21 22:11:06.189 9 INFO neutron.wsgi [None req-7cf25e9e-4054-491c-b86a-f5b0962d6d33 a179550bd99a4fd6af3a5e6f28150aeb 9e55c4fc1fa7418d8af6eabbdbfc05de - - default default] 10.0.0.116 "GET /v2.0/security-groups?tenant_id=ee7f10b7286c4e92a0a27eef5dc78dc2&name=default HTTP/1.1" status: 200 len: 2996 time: 0.1309817
2026-07-21 22:11:06.232 9 WARNING neutron.scheduler.dhcp_agent_scheduler [None req-cb678828-c73d-4da9-8a8f-ec31193a5f9b a179550bd99a4fd6af3a5e6f28150aeb 9e55c4fc1fa7418d8af6eabbdbfc05de - - - -] No more DHCP agents
