2026-07-21 21:40:04.317 15 INFO neutron.db.ovn_revision_numbers_db [None req-36ded306-7219-4e4c-9bcb-ed435df2cd95 - - - - - -] Successfully bumped revision number for resource 526b6b94-2985-444b-8360-bdb71d9ad5a1 (type: networks) to 2
2026-07-21 21:40:04.317 15 INFO neutron.plugins.ml2.drivers.ovn.mech_driver.ovsdb.maintenance [None req-36ded306-7219-4e4c-9bcb-ed435df2cd95 - - - - - -] Maintenance task: Synchronization finished (took 0.13 seconds)
2026-07-21 21:40:10.545 10 INFO neutron.wsgi [-] 10.0.0.133 "GET / HTTP/1.1" status: 200 len: 246 time: 0.0025368
2026-07-21 21:40:10.548 10 INFO neutron.wsgi [-] 10.0.0.133 "GET / HTTP/1.1" status: 200 len: 246 time: 0.0019882
2026-07-21 21:40:25.544 9 INFO neutron.wsgi [-] 10.0.0.133 "GET / HTTP/1.1" status: 200 len: 246 time: 0.0015113
2026-07-21 21:40:25.546 10 INFO neutron.wsgi [-] 10.0.0.133 "GET / HTTP/1.1" status: 200 len: 246 time: 0.0033805
2026-07-21 21:40:40.543 9 INFO neutron.wsgi [-] 10.0.0.133 "GET / HTTP/1.1" status: 200 len: 246 time: 0.0019453
2026-07-21 21:40:40.544 10 INFO neutron.wsgi [-] 10.0.0.133 "GET / HTTP/1.1" status: 200 len: 246 time: 0.0024042
2026-07-21 21:40:55.545 9 INFO neutron.wsgi [-] 10.0.0.133 "GET / HTTP/1.1" status: 200 len: 246 time: 0.0023642
2026-07-21 21:40:55.545 10 INFO neutron.wsgi [-] 10.0.0.133 "GET / HTTP/1.1" status: 200 len: 246 time: 0.0028212
2026-07-21 21:41:10.544 9 INFO neutron.wsgi [-] 10.0.0.133 "GET / HTTP/1.1" status: 200 len: 246 time: 0.0015783
2026-07-21 21:41:10.544 10 INFO neutron.wsgi [-] 10.0.0.133 "GET / HTTP/1.1" status: 200 len: 246 time: 0.0012548
2026-07-21 21:41:25.545 10 INFO neutron.wsgi [-] 10.0.0.133 "GET / HTTP/1.1" status: 200 len: 246 time: 0.0023503
2026-07-21 21:41:25.545 9 INFO neutron.wsgi [-] 10.0.0.133 "GET / HTTP/1.1" status: 200 len: 246 time: 0.0029097
2026-07-21 21:41:40.545 10 INFO neutron.wsgi [-] 10.0.0.133 "GET / HTTP/1.1" status: 200 len: 246 time: 0.0025403
2026-07-21 21:41:40.545 9 INFO neutron.wsgi [-] 10.0.0.133 "GET / HTTP/1.1" status: 200 len: 246 time: 0.0025835
2026-07-21 21:41:55.545 10 INFO neutron.wsgi [-] 10.0.0.133 "GET / HTTP/1.1" status: 200 len: 246 time: 0.0026698
2026-07-21 21:41:55.545 9 INFO neutron.wsgi [-] 10.0.0.133 "GET / HTTP/1.1" status: 200 len: 246 time: 0.0025928
2026-07-21 21:41:56.120 10 INFO neutron.wsgi [None req-0ef4ab0e-a17d-4bff-acca-af1abb6fbcb0 a179550bd99a4fd6af3a5e6f28150aeb 9e55c4fc1fa7418d8af6eabbdbfc05de - - default default] 199.19.213.130,10.0.0.133 "GET /v2.0/networks HTTP/1.1" status: 200 len: 928 time: 0.1682568
2026-07-21 21:41:56.199 10 INFO neutron.db.segments_db [None req-12533abc-ae15-4c36-82e4-0eb01aa41620 a179550bd99a4fd6af3a5e6f28150aeb 9e55c4fc1fa7418d8af6eabbdbfc05de - - - -] Added segment c2a250b0-8f36-4952-9c15-ffe7136b3242 of type geneve for network b36cf923-51c9-47af-9ed7-54005fb163bf
2026-07-21 21:41:56.342 10 INFO neutron.db.ovn_revision_numbers_db [None req-12533abc-ae15-4c36-82e4-0eb01aa41620 a179550bd99a4fd6af3a5e6f28150aeb 9e55c4fc1fa7418d8af6eabbdbfc05de - - - -] Successfully bumped revision number for resource b36cf923-51c9-47af-9ed7-54005fb163bf (type: networks) to 1
2026-07-21 21:41:56.497 10 WARNING neutron.scheduler.dhcp_agent_scheduler [None req-12533abc-ae15-4c36-82e4-0eb01aa41620 a179550bd99a4fd6af3a5e6f28150aeb 9e55c4fc1fa7418d8af6eabbdbfc05de - - - -] No more DHCP agents
2026-07-21 21:41:56.499 10 WARNING neutron.api.rpc.agentnotifiers.dhcp_rpc_agent_api [None req-12533abc-ae15-4c36-82e4-0eb01aa41620 a179550bd99a4fd6af3a5e6f28150aeb 9e55c4fc1fa7418d8af6eabbdbfc05de - - - -] Unable to schedule network b36cf923-51c9-47af-9ed7-54005fb163bf: no agents available; will retry on subsequent port and subnet creation events.
2026-07-21 21:41:56.551 10 INFO neutron.db.ovn_revision_numbers_db [None req-12533abc-ae15-4c36-82e4-0eb01aa41620 a179550bd99a4fd6af3a5e6f28150aeb 9e55c4fc1fa7418d8af6eabbdbfc05de - - - -] Successfully bumped revision number for resource 5e053fbc-8c38-4565-9dc0-9e0ca43f5089 (type: ports) to 1
2026-07-21 21:41:56.569 10 INFO neutron.wsgi [None req-12533abc-ae15-4c36-82e4-0eb01aa41620 a179550bd99a4fd6af3a5e6f28150aeb 9e55c4fc1fa7418d8af6eabbdbfc05de - - - -] 199.19.213.130,10.0.0.133 "POST /v2.0/networks HTTP/1.1" status: 201 len: 890 time: 0.4446142 /var/lib/openstack/lib/python3.10/site-packages/memcache.py:1303: SyntaxWarning: "is" with a literal. Did you mean "=="? if key is '': /var/lib/openstack/lib/python3.10/site-packages/memcache.py:1304: SyntaxWarning: "is" with a literal. Did you mean "=="? if key_extra_len is 0: /var/lib/openstack/lib/python3.10/site-packages/pycadf/identifier.py:71: UserWarning: Invalid uuid: unknown. To ensure interoperability, identifiers should be a valid uuid. warnings.warn(('Invalid uuid: %s. To ensure interoperability, '
2026-07-21 21:41:57.762 9 WARNING oslo_policy.policy [None req-75ff752c-352e-437f-88dc-d4e66487fe22 a179550bd99a4fd6af3a5e6f28150aeb 9e55c4fc1fa7418d8af6eabbdbfc05de - - default default] Policies ['delete_port', 'update_port:allowed_address_pairs', 'update_port:allowed_address_pairs:ip_address', 'update_port:allowed_address_pairs:mac_address', 'update_port:fixed_ips', 'update_port:mac_address'] reference a rule that is not defined.
2026-07-21 21:41:58.041 9 INFO neutron.wsgi [None req-75ff752c-352e-437f-88dc-d4e66487fe22 a179550bd99a4fd6af3a5e6f28150aeb 9e55c4fc1fa7418d8af6eabbdbfc05de - - default default] 199.19.213.130,10.0.0.133 "GET /v2.0/subnets HTTP/1.1" status: 200 len: 819 time: 0.6818635
2026-07-21 21:41:58.145 9 INFO neutron.wsgi [None req-ca68259f-2529-43e5-a23f-7fa3efe94aee a179550bd99a4fd6af3a5e6f28150aeb 9e55c4fc1fa7418d8af6eabbdbfc05de - - default default] 199.19.213.130,10.0.0.133 "GET /v2.0/networks HTTP/1.1" status: 200 len: 1615 time: 0.0972247
2026-07-21 21:41:58.371 9 WARNING neutron.scheduler.dhcp_agent_scheduler [None req-41d93906-3ae4-495f-89b2-ff09350252ff a179550bd99a4fd6af3a5e6f28150aeb 9e55c4fc1fa7418d8af6eabbdbfc05de - - - -] No more DHCP agents
2026-07-21 21:41:58.373 9 WARNING neutron.api.rpc.agentnotifiers.dhcp_rpc_agent_api [None req-41d93906-3ae4-495f-89b2-ff09350252ff a179550bd99a4fd6af3a5e6f28150aeb 9e55c4fc1fa7418d8af6eabbdbfc05de - - - -] Unable to schedule network b36cf923-51c9-47af-9ed7-54005fb163bf: no agents available; will retry on subsequent port and subnet creation events.
2026-07-21 21:41:58.373 9 INFO neutron.plugins.ml2.drivers.ovn.mech_driver.ovsdb.extensions.qos [None req-41d93906-3ae4-495f-89b2-ff09350252ff a179550bd99a4fd6af3a5e6f28150aeb 9e55c4fc1fa7418d8af6eabbdbfc05de - - - -] Starting OVNClientQosExtension
2026-07-21 21:41:58.373 9 INFO neutron.plugins.ml2.drivers.ovn.mech_driver.ovsdb.extensions.placement [None req-41d93906-3ae4-495f-89b2-ff09350252ff a179550bd99a4fd6af3a5e6f28150aeb 9e55c4fc1fa7418d8af6eabbdbfc05de - - - -] Starting OVNClientPlacementExtension
2026-07-21 21:41:58.937 9 INFO neutron.db.ovn_revision_numbers_db [None req-41d93906-3ae4-495f-89b2-ff09350252ff a179550bd99a4fd6af3a5e6f28150aeb 9e55c4fc1fa7418d8af6eabbdbfc05de - - - -] Successfully bumped revision number for resource 5e053fbc-8c38-4565-9dc0-9e0ca43f5089 (type: ports) to 2
2026-07-21 21:41:58.952 9 INFO neutron.db.ovn_revision_numbers_db [None req-41d93906-3ae4-495f-89b2-ff09350252ff a179550bd99a4fd6af3a5e6f28150aeb 9e55c4fc1fa7418d8af6eabbdbfc05de - - - -] Successfully bumped revision number for resource 41b93454-7924-49a7-9134-84d3892a6c3c (type: subnets) to 0
2026-07-21 21:41:58.974 9 INFO neutron.wsgi [None req-41d93906-3ae4-495f-89b2-ff09350252ff a179550bd99a4fd6af3a5e6f28150aeb 9e55c4fc1fa7418d8af6eabbdbfc05de - - - -] 199.19.213.130,10.0.0.133 "POST /v2.0/subnets HTTP/1.1" status: 201 len: 807 time: 0.8242412
2026-07-21 21:42:00.092 9 INFO neutron.wsgi [None req-c6761c6d-0c23-4f98-969d-a528c98b6473 a179550bd99a4fd6af3a5e6f28150aeb 9e55c4fc1fa7418d8af6eabbdbfc05de - - default default] 199.19.213.130,10.0.0.133 "GET /v2.0/security-groups?tenant_id=9e55c4fc1fa7418d8af6eabbdbfc05de HTTP/1.1" status: 200 len: 2969 time: 0.1249928
2026-07-21 21:42:00.191 9 INFO neutron.db.ovn_revision_numbers_db [None req-e0889ee6-21b4-4680-9422-0f34e8f89233 a179550bd99a4fd6af3a5e6f28150aeb 9e55c4fc1fa7418d8af6eabbdbfc05de - - - -] Successfully bumped revision number for resource da0357f4-f53f-494f-a757-ae78da465627 (type: security_groups) to 1
2026-07-21 21:42:00.210 9 INFO neutron.wsgi [None req-e0889ee6-21b4-4680-9422-0f34e8f89233 a179550bd99a4fd6af3a5e6f28150aeb 9e55c4fc1fa7418d8af6eabbdbfc05de - - - -] 199.19.213.130,10.0.0.133 "POST /v2.0/security-groups HTTP/1.1" status: 201 len: 1733 time: 0.1095519
2026-07-21 21:42:01.232 9 INFO neutron.wsgi [None req-600ce164-a0cf-40ea-a1d2-f09ecad2d10f a179550bd99a4fd6af3a5e6f28150aeb 9e55c4fc1fa7418d8af6eabbdbfc05de - - default default] 199.19.213.130,10.0.0.133 "GET /v2.0/security-groups?tenant_id=9e55c4fc1fa7418d8af6eabbdbfc05de HTTP/1.1" status: 200 len: 4503 time: 0.0715518
2026-07-21 21:42:01.279 9 INFO neutron.wsgi [None req-68506529-e55d-41f1-b373-998c412a11ec a179550bd99a4fd6af3a5e6f28150aeb 9e55c4fc1fa7418d8af6eabbdbfc05de - - default default] 199.19.213.130,10.0.0.133 "GET /v2.0/security-groups HTTP/1.1" status: 200 len: 4503 time: 0.0377040
2026-07-21 21:42:01.396 9 INFO neutron.db.ovn_revision_numbers_db [None req-60b1c963-e67b-40db-a8f0-f65c0ca0c95b a179550bd99a4fd6af3a5e6f28150aeb 9e55c4fc1fa7418d8af6eabbdbfc05de - - - -] Successfully bumped revision number for resource 6a9be49e-995c-4309-a40f-5b92780e4615 (type: security_group_rules) to 0
2026-07-21 21:42:01.421 9 INFO neutron.wsgi [None req-60b1c963-e67b-40db-a8f0-f65c0ca0c95b a179550bd99a4fd6af3a5e6f28150aeb 9e55c4fc1fa7418d8af6eabbdbfc05de - - - -] 199.19.213.130,10.0.0.133 "POST /v2.0/security-group-rules HTTP/1.1" status: 201 len: 749 time: 0.1341696
2026-07-21 21:42:02.253 9 INFO neutron.wsgi [None req-b9100328-ea1c-4c3c-8988-fb4f3d2c48d1 a179550bd99a4fd6af3a5e6f28150aeb 9e55c4fc1fa7418d8af6eabbdbfc05de - - default default] 199.19.213.130,10.0.0.133 "GET /v2.0/security-groups?tenant_id=9e55c4fc1fa7418d8af6eabbdbfc05de HTTP/1.1" status: 200 len: 5085 time: 0.0827739
2026-07-21 21:42:02.295 9 INFO neutron.wsgi [None req-f8e15a9a-34ea-4765-a7c4-62a5a979d9df a179550bd99a4fd6af3a5e6f28150aeb 9e55c4fc1fa7418d8af6eabbdbfc05de - - default default] 199.19.213.130,10.0.0.133 "GET /v2.0/security-groups HTTP/1.1" status: 200 len: 5085 time: 0.0329332
2026-07-21 21:42:02.403 9 INFO neutron.db.ovn_revision_numbers_db [None req-5f91975f-338f-4130-9b26-a7ac31c95f2a a179550bd99a4fd6af3a5e6f28150aeb 9e55c4fc1fa7418d8af6eabbdbfc05de - - - -] Successfully bumped revision number for resource 12357ed8-e828-4a25-8148-3d6fa2de6b84 (type: security_group_rules) to 0
2026-07-21 21:42:02.426 9 INFO neutron.wsgi [None req-5f91975f-338f-4130-9b26-a7ac31c95f2a a179550bd99a4fd6af3a5e6f28150aeb 9e55c4fc1fa7418d8af6eabbdbfc05de - - - -] 199.19.213.130,10.0.0.133 "POST /v2.0/security-group-rules HTTP/1.1" status: 201 len: 751 time: 0.1225946
2026-07-21 21:42:03.273 9 INFO neutron.wsgi [None req-2cb96fcf-ab94-4747-89bb-55c8905954f5 a179550bd99a4fd6af3a5e6f28150aeb 9e55c4fc1fa7418d8af6eabbdbfc05de - - default default] 199.19.213.130,10.0.0.133 "GET /v2.0/security-groups?tenant_id=9e55c4fc1fa7418d8af6eabbdbfc05de HTTP/1.1" status: 200 len: 5669 time: 0.0647948
2026-07-21 21:42:03.316 9 INFO neutron.wsgi [None req-f18673ae-8bc8-4031-9a02-d06f8b73df0d a179550bd99a4fd6af3a5e6f28150aeb 9e55c4fc1fa7418d8af6eabbdbfc05de - - default default] 199.19.213.130,10.0.0.133 "GET /v2.0/security-groups HTTP/1.1" status: 200 len: 5669 time: 0.0376086
2026-07-21 21:42:03.424 9 INFO neutron.db.ovn_revision_numbers_db [None req-f9ca6882-1947-4c72-b352-efec34e076cd a179550bd99a4fd6af3a5e6f28150aeb 9e55c4fc1fa7418d8af6eabbdbfc05de - - - -] Successfully bumped revision number for resource d36164cb-27d3-4ec0-b337-b73e0993b029 (type: security_group_rules) to 0
2026-07-21 21:42:03.450 9 INFO neutron.wsgi [None req-f9ca6882-1947-4c72-b352-efec34e076cd a179550bd99a4fd6af3a5e6f28150aeb 9e55c4fc1fa7418d8af6eabbdbfc05de - - - -] 199.19.213.130,10.0.0.133 "POST /v2.0/security-group-rules HTTP/1.1" status: 201 len: 751 time: 0.1257079
2026-07-21 21:42:04.252 10 INFO neutron.wsgi [None req-3b965206-c78c-42ec-9d8b-c551a7ba43a1 a179550bd99a4fd6af3a5e6f28150aeb 9e55c4fc1fa7418d8af6eabbdbfc05de - - default default] 199.19.213.130,10.0.0.133 "GET /v2.0/security-groups?tenant_id=9e55c4fc1fa7418d8af6eabbdbfc05de HTTP/1.1" status: 200 len: 6253 time: 0.0783229
2026-07-21 21:42:04.298 10 INFO neutron.wsgi [None req-d9e9eebd-eb92-4dae-9dd0-4f36bb950544 a179550bd99a4fd6af3a5e6f28150aeb 9e55c4fc1fa7418d8af6eabbdbfc05de - - default default] 199.19.213.130,10.0.0.133 "GET /v2.0/security-groups HTTP/1.1" status: 200 len: 6253 time: 0.0369601
2026-07-21 21:42:04.426 10 INFO neutron.db.ovn_revision_numbers_db [None req-9d8cd4c0-b9f9-4498-9362-a737b97d639d a179550bd99a4fd6af3a5e6f28150aeb 9e55c4fc1fa7418d8af6eabbdbfc05de - - - -] Successfully bumped revision number for resource 86592839-d6c1-4648-bcdf-c51194fe803b (type: security_group_rules) to 0
2026-07-21 21:42:04.511 10 INFO neutron.wsgi [None req-9d8cd4c0-b9f9-4498-9362-a737b97d639d a179550bd99a4fd6af3a5e6f28150aeb 9e55c4fc1fa7418d8af6eabbdbfc05de - - - -] 199.19.213.130,10.0.0.133 "POST /v2.0/security-group-rules HTTP/1.1" status: 201 len: 751 time: 0.2044785
2026-07-21 21:42:05.287 10 INFO neutron.wsgi [None req-01253ae3-3af5-4541-b081-1eb9025ff991 a179550bd99a4fd6af3a5e6f28150aeb 9e55c4fc1fa7418d8af6eabbdbfc05de - - default default] 199.19.213.130,10.0.0.133 "GET /v2.0/security-groups?tenant_id=9e55c4fc1fa7418d8af6eabbdbfc05de HTTP/1.1" status: 200 len: 6837 time: 0.0682766
2026-07-21 21:42:05.337 10 INFO neutron.wsgi [None req-a5554e59-5a90-432f-a769-3dbc90631910 a179550bd99a4fd6af3a5e6f28150aeb 9e55c4fc1fa7418d8af6eabbdbfc05de - - default default] 199.19.213.130,10.0.0.133 "GET /v2.0/security-groups HTTP/1.1" status: 200 len: 6837 time: 0.0414240
2026-07-21 21:42:05.444 10 INFO neutron.db.ovn_revision_numbers_db [None req-bb429a95-4ebb-4f66-93b5-b0fc84e7ea70 a179550bd99a4fd6af3a5e6f28150aeb 9e55c4fc1fa7418d8af6eabbdbfc05de - - - -] Successfully bumped revision number for resource 2bf04a20-b592-45c0-b892-7105e5553a03 (type: security_group_rules) to 0
2026-07-21 21:42:05.468 10 INFO neutron.wsgi [None req-bb429a95-4ebb-4f66-93b5-b0fc84e7ea70 a179550bd99a4fd6af3a5e6f28150aeb 9e55c4fc1fa7418d8af6eabbdbfc05de - - - -] 199.19.213.130,10.0.0.133 "POST /v2.0/security-group-rules HTTP/1.1" status: 201 len: 751 time: 0.1248713
2026-07-21 21:42:06.476 10 INFO neutron.wsgi [None req-5b0ca3d8-b59b-4816-8771-f1ce5053c776 a179550bd99a4fd6af3a5e6f28150aeb 9e55c4fc1fa7418d8af6eabbdbfc05de - - default default] 199.19.213.130,10.0.0.133 "GET /v2.0/security-groups HTTP/1.1" status: 200 len: 7421 time: 0.0711038
2026-07-21 21:42:06.535 10 INFO neutron.wsgi [None req-cfde767d-fc87-4ee1-adc2-d51f91909514 a179550bd99a4fd6af3a5e6f28150aeb 9e55c4fc1fa7418d8af6eabbdbfc05de - - default default] 199.19.213.130,10.0.0.133 "GET /v2.0/ports HTTP/1.1" status: 200 len: 2301 time: 0.0522320
2026-07-21 21:42:06.604 10 INFO neutron.wsgi [None req-01a15cdb-4935-4839-9cf1-994565060a26 a179550bd99a4fd6af3a5e6f28150aeb 9e55c4fc1fa7418d8af6eabbdbfc05de - - default default] 199.19.213.130,10.0.0.133 "GET /v2.0/networks HTTP/1.1" status: 200 len: 1653 time: 0.0598307
2026-07-21 21:42:06.889 10 WARNING neutron.scheduler.dhcp_agent_scheduler [None req-b0b6e511-838e-45a5-884b-ee38f4370dd3 a179550bd99a4fd6af3a5e6f28150aeb 9e55c4fc1fa7418d8af6eabbdbfc05de - - - -] No more DHCP agents
2026-07-21 21:42:06.891 10 WARNING neutron.api.rpc.agentnotifiers.dhcp_rpc_agent_api [None req-b0b6e511-838e-45a5-884b-ee38f4370dd3 a179550bd99a4fd6af3a5e6f28150aeb 9e55c4fc1fa7418d8af6eabbdbfc05de - - - -] Unable to schedule network b36cf923-51c9-47af-9ed7-54005fb163bf: no agents available; will retry on subsequent port and subnet creation events.
2026-07-21 21:42:07.000 10 INFO neutron.db.ovn_revision_numbers_db [None req-b0b6e511-838e-45a5-884b-ee38f4370dd3 a179550bd99a4fd6af3a5e6f28150aeb 9e55c4fc1fa7418d8af6eabbdbfc05de - - - -] Successfully bumped revision number for resource 802fc30c-24f1-4d24-9975-86bc9bb44067 (type: ports) to 1
2026-07-21 21:42:07.018 10 INFO neutron.wsgi [None req-b0b6e511-838e-45a5-884b-ee38f4370dd3 a179550bd99a4fd6af3a5e6f28150aeb 9e55c4fc1fa7418d8af6eabbdbfc05de - - - -] 199.19.213.130,10.0.0.133 "POST /v2.0/ports HTTP/1.1" status: 201 len: 1281 time: 0.4077086
2026-07-21 21:42:10.544 10 INFO neutron.wsgi [-] 10.0.0.133 "GET / HTTP/1.1" status: 200 len: 246 time: 0.0018845
2026-07-21 21:42:10.546 10 INFO neutron.wsgi [-] 10.0.0.133 "GET / HTTP/1.1" status: 200 len: 246 time: 0.0017400 /var/lib/openstack/lib/python3.10/site-packages/pycadf/identifier.py:71: UserWarning: Invalid uuid: unknown. To ensure interoperability, identifiers should be a valid uuid. warnings.warn(('Invalid uuid: %s. To ensure interoperability, '
2026-07-21 21:42:13.652 10 INFO neutron.pecan_wsgi.hooks.translation [None req-1d5b29ba-0f28-49e2-88ec-a22e21a6875f a179550bd99a4fd6af3a5e6f28150aeb 9e55c4fc1fa7418d8af6eabbdbfc05de - - default default] GET failed (client error): The resource could not be found.
2026-07-21 21:42:13.654 10 INFO neutron.wsgi [None req-1d5b29ba-0f28-49e2-88ec-a22e21a6875f a179550bd99a4fd6af3a5e6f28150aeb 9e55c4fc1fa7418d8af6eabbdbfc05de - - default default] 199.19.213.130,10.0.0.133 "GET /v2.0/ports/octavia-health-manager-port-instance HTTP/1.1" status: 404 len: 314 time: 0.0585887
2026-07-21 21:42:13.692 10 INFO neutron.wsgi [None req-721ec0f5-6d6d-4f2b-a4cc-51d681c755ea a179550bd99a4fd6af3a5e6f28150aeb 9e55c4fc1fa7418d8af6eabbdbfc05de - - default default] 199.19.213.130,10.0.0.133 "GET /v2.0/ports?name=octavia-health-manager-port-instance HTTP/1.1" status: 200 len: 1279 time: 0.0352361
2026-07-21 21:42:14.093 10 INFO neutron.db.ovn_revision_numbers_db [None req-9ca7021e-81c6-4c0c-ae0f-aeb14eb92827 a179550bd99a4fd6af3a5e6f28150aeb 9e55c4fc1fa7418d8af6eabbdbfc05de - - - -] Successfully bumped revision number for resource 802fc30c-24f1-4d24-9975-86bc9bb44067 (type: ports) to 1
2026-07-21 21:42:14.349 10 INFO neutron.db.ovn_revision_numbers_db [None req-9ca7021e-81c6-4c0c-ae0f-aeb14eb92827 a179550bd99a4fd6af3a5e6f28150aeb 9e55c4fc1fa7418d8af6eabbdbfc05de - - - -] Successfully bumped revision number for resource 802fc30c-24f1-4d24-9975-86bc9bb44067 (type: ports) to 2
2026-07-21 21:42:14.363 10 INFO neutron.wsgi [None req-9ca7021e-81c6-4c0c-ae0f-aeb14eb92827 a179550bd99a4fd6af3a5e6f28150aeb 9e55c4fc1fa7418d8af6eabbdbfc05de - - - -] 199.19.213.130,10.0.0.133 "PUT /v2.0/ports/802fc30c-24f1-4d24-9975-86bc9bb44067 HTTP/1.1" status: 200 len: 1318 time: 0.6666565 /var/lib/openstack/lib/python3.10/site-packages/pycadf/identifier.py:71: UserWarning: Invalid uuid: unknown. To ensure interoperability, identifiers should be a valid uuid. warnings.warn(('Invalid uuid: %s. To ensure interoperability, '
2026-07-21 21:42:15.733 10 INFO neutron.wsgi [None req-f9386912-a38a-49b4-b5f9-5b9e334c14cf a179550bd99a4fd6af3a5e6f28150aeb 9e55c4fc1fa7418d8af6eabbdbfc05de - - default default] 199.19.213.130,10.0.0.133 "GET /v2.0/ports HTTP/1.1" status: 200 len: 3463 time: 0.0690293
2026-07-21 21:42:16.709 9 INFO neutron.wsgi [None req-d8a14a6f-873b-4fc4-bcb8-92fb60b6fd7d a179550bd99a4fd6af3a5e6f28150aeb 9e55c4fc1fa7418d8af6eabbdbfc05de - - default default] 199.19.213.130,10.0.0.133 "GET /v2.0/security-groups?tenant_id=9e55c4fc1fa7418d8af6eabbdbfc05de HTTP/1.1" status: 200 len: 7421 time: 0.0769949
2026-07-21 21:42:16.805 9 INFO neutron.db.ovn_revision_numbers_db [None req-3dd64656-1fa1-4deb-b511-4946cebe2bbe a179550bd99a4fd6af3a5e6f28150aeb 9e55c4fc1fa7418d8af6eabbdbfc05de - - - -] Successfully bumped revision number for resource 6cb89186-0fad-4007-96f1-9a42aa504fc7 (type: security_groups) to 1
2026-07-21 21:42:16.826 9 INFO neutron.wsgi [None req-3dd64656-1fa1-4deb-b511-4946cebe2bbe a179550bd99a4fd6af3a5e6f28150aeb 9e55c4fc1fa7418d8af6eabbdbfc05de - - - -] 199.19.213.130,10.0.0.133 "POST /v2.0/security-groups HTTP/1.1" status: 201 len: 1727 time: 0.1070035
2026-07-21 21:42:17.715 10 INFO neutron.wsgi [None req-fb3b3ea2-4426-47da-bcaa-68d6f5f91b48 a179550bd99a4fd6af3a5e6f28150aeb 9e55c4fc1fa7418d8af6eabbdbfc05de - - default default] 199.19.213.130,10.0.0.133 "GET /v2.0/security-groups?tenant_id=9e55c4fc1fa7418d8af6eabbdbfc05de HTTP/1.1" status: 200 len: 8949 time: 0.0912147
2026-07-21 21:42:17.766 10 INFO neutron.wsgi [None req-97c34b46-d5a2-4234-9f26-90822af0d38e a179550bd99a4fd6af3a5e6f28150aeb 9e55c4fc1fa7418d8af6eabbdbfc05de - - default default] 199.19.213.130,10.0.0.133 "GET /v2.0/security-groups HTTP/1.1" status: 200 len: 8949 time: 0.0401521
2026-07-21 21:42:17.892 10 INFO neutron.db.ovn_revision_numbers_db [None req-a2b7b077-693a-4ce4-952e-249067911484 a179550bd99a4fd6af3a5e6f28150aeb 9e55c4fc1fa7418d8af6eabbdbfc05de - - - -] Successfully bumped revision number for resource 282b945f-cd62-4f04-94e1-271429b17910 (type: security_group_rules) to 0
2026-07-21 21:42:17.914 10 INFO neutron.wsgi [None req-a2b7b077-693a-4ce4-952e-249067911484 a179550bd99a4fd6af3a5e6f28150aeb 9e55c4fc1fa7418d8af6eabbdbfc05de - - - -] 199.19.213.130,10.0.0.133 "POST /v2.0/security-group-rules HTTP/1.1" status: 201 len: 771 time: 0.1376932
2026-07-21 21:42:18.721 9 INFO neutron.wsgi [None req-0bad09cb-2a3f-4c39-80e2-a1f135f633fe a179550bd99a4fd6af3a5e6f28150aeb 9e55c4fc1fa7418d8af6eabbdbfc05de - - default default] 199.19.213.130,10.0.0.133 "GET /v2.0/security-groups?tenant_id=9e55c4fc1fa7418d8af6eabbdbfc05de HTTP/1.1" status: 200 len: 9553 time: 0.0816727
2026-07-21 21:42:18.771 9 INFO neutron.wsgi [None req-8fb8e4a5-f205-4ebc-b33c-41367710bd39 a179550bd99a4fd6af3a5e6f28150aeb 9e55c4fc1fa7418d8af6eabbdbfc05de - - default default] 199.19.213.130,10.0.0.133 "GET /v2.0/security-groups HTTP/1.1" status: 200 len: 9553 time: 0.0398023
2026-07-21 21:42:18.889 9 INFO neutron.db.ovn_revision_numbers_db [None req-1a3604e5-104a-4ef3-a15a-3610cdc25e4e a179550bd99a4fd6af3a5e6f28150aeb 9e55c4fc1fa7418d8af6eabbdbfc05de - - - -] Successfully bumped revision number for resource 3afea4a9-2130-459c-b5b0-16a4f8f3b01c (type: security_group_rules) to 0
2026-07-21 21:42:18.912 9 INFO neutron.wsgi [None req-1a3604e5-104a-4ef3-a15a-3610cdc25e4e a179550bd99a4fd6af3a5e6f28150aeb 9e55c4fc1fa7418d8af6eabbdbfc05de - - - -] 199.19.213.130,10.0.0.133 "POST /v2.0/security-group-rules HTTP/1.1" status: 201 len: 775 time: 0.1317346
2026-07-21 21:42:25.544 10 INFO neutron.wsgi [-] 10.0.0.133 "GET / HTTP/1.1" status: 200 len: 246 time: 0.0016801
2026-07-21 21:42:25.544 9 INFO neutron.wsgi [-] 10.0.0.133 "GET / HTTP/1.1" status: 200 len: 246 time: 0.0017474
2026-07-21 21:42:40.544 10 INFO neutron.wsgi [-] 10.0.0.133 "GET / HTTP/1.1" status: 200 len: 246 time: 0.0020165
2026-07-21 21:42:40.545 9 INFO neutron.wsgi [-] 10.0.0.133 "GET / HTTP/1.1" status: 200 len: 246 time: 0.0029826
2026-07-21 21:42:55.546 10 INFO neutron.wsgi [-] 10.0.0.133 "GET / HTTP/1.1" status: 200 len: 246 time: 0.0034819
2026-07-21 21:42:55.552 9 INFO neutron.wsgi [-] 10.0.0.133 "GET / HTTP/1.1" status: 200 len: 246 time: 0.0085089
2026-07-21 21:43:10.544 10 INFO neutron.wsgi [-] 10.0.0.133 "GET / HTTP/1.1" status: 200 len: 246 time: 0.0023406
2026-07-21 21:43:10.546 9 INFO neutron.wsgi [-] 10.0.0.133 "GET / HTTP/1.1" status: 200 len: 246 time: 0.0041008
2026-07-21 21:43:25.547 9 INFO neutron.wsgi [-] 10.0.0.133 "GET / HTTP/1.1" status: 200 len: 246 time: 0.0032578
2026-07-21 21:43:25.549 9 INFO neutron.wsgi [-] 10.0.0.133 "GET / HTTP/1.1" status: 200 len: 246 time: 0.0012169
2026-07-21 21:43:26.581 10 INFO neutron.wsgi [None req-a012e89e-ccda-44f7-b171-b3949ed0a308 a179550bd99a4fd6af3a5e6f28150aeb 9e55c4fc1fa7418d8af6eabbdbfc05de - - default default] 199.19.213.130,10.0.0.133 "GET /v2.0/quotas/9e55c4fc1fa7418d8af6eabbdbfc05de HTTP/1.1" status: 200 len: 362 time: 0.0179884 /var/lib/openstack/lib/python3.10/site-packages/neutron/extensions/quotasv2.py:140: UserWarning: Neutron quota engine will require "--force" parameter to set a quota limit without checking the resource usage. warnings.warn('Neutron quota engine will require "--force" '
2026-07-21 21:43:26.913 10 INFO neutron.wsgi [None req-de602b68-5a95-4da8-8a52-67516a9ba21f a179550bd99a4fd6af3a5e6f28150aeb 9e55c4fc1fa7418d8af6eabbdbfc05de - - default default] 199.19.213.130,10.0.0.133 "PUT /v2.0/quotas/9e55c4fc1fa7418d8af6eabbdbfc05de HTTP/1.1" status: 200 len: 361 time: 0.0329475
2026-07-21 21:43:27.191 10 INFO neutron.wsgi [None req-b8fc42b0-936e-4e0a-b562-94b73152130e a179550bd99a4fd6af3a5e6f28150aeb 9e55c4fc1fa7418d8af6eabbdbfc05de - - default default] 199.19.213.130,10.0.0.133 "GET /v2.0/quotas/9e55c4fc1fa7418d8af6eabbdbfc05de HTTP/1.1" status: 200 len: 361 time: 0.0136735
2026-07-21 21:43:40.544 10 INFO neutron.wsgi [-] 10.0.0.133 "GET / HTTP/1.1" status: 200 len: 246 time: 0.0016694
2026-07-21 21:43:40.545 9 INFO neutron.wsgi [-] 10.0.0.133 "GET / HTTP/1.1" status: 200 len: 246 time: 0.0024071
2026-07-21 21:43:55.545 10 INFO neutron.wsgi [-] 10.0.0.133 "GET / HTTP/1.1" status: 200 len: 246 time: 0.0028911
2026-07-21 21:43:55.545 9 INFO neutron.wsgi [-] 10.0.0.133 "GET / HTTP/1.1" status: 200 len: 246 time: 0.0023642
2026-07-21 21:44:10.545 9 INFO neutron.wsgi [-] 10.0.0.133 "GET / HTTP/1.1" status: 200 len: 246 time: 0.0022898
2026-07-21 21:44:10.545 10 INFO neutron.wsgi [-] 10.0.0.133 "GET / HTTP/1.1" status: 200 len: 246 time: 0.0022199
2026-07-21 21:44:25.544 10 INFO neutron.wsgi [-] 10.0.0.133 "GET / HTTP/1.1" status: 200 len: 246 time: 0.0024087
2026-07-21 21:44:25.545 9 INFO neutron.wsgi [-] 10.0.0.133 "GET / HTTP/1.1" status: 200 len: 246 time: 0.0024102
2026-07-21 21:44:40.545 9 INFO neutron.wsgi [-] 10.0.0.133 "GET / HTTP/1.1" status: 200 len: 246 time: 0.0024056
2026-07-21 21:44:40.545 10 INFO neutron.wsgi [-] 10.0.0.133 "GET / HTTP/1.1" status: 200 len: 246 time: 0.0031712
2026-07-21 21:44:55.544 10 INFO neutron.wsgi [-] 10.0.0.133 "GET / HTTP/1.1" status: 200 len: 246 time: 0.0023804
2026-07-21 21:44:55.546 9 INFO neutron.wsgi [-] 10.0.0.133 "GET / HTTP/1.1" status: 200 len: 246 time: 0.0030389
2026-07-21 21:45:04.322 15 INFO neutron.db.ovn_revision_numbers_db [None req-36ded306-7219-4e4c-9bcb-ed435df2cd95 - - - - - -] Successfully bumped revision number for resource b36cf923-51c9-47af-9ed7-54005fb163bf (type: networks) to 2
2026-07-21 21:45:04.360 15 INFO neutron.db.ovn_revision_numbers_db [None req-36ded306-7219-4e4c-9bcb-ed435df2cd95 - - - - - -] Successfully bumped revision number for resource da0357f4-f53f-494f-a757-ae78da465627 (type: security_groups) to 6
2026-07-21 21:45:04.387 15 INFO neutron.db.ovn_revision_numbers_db [None req-36ded306-7219-4e4c-9bcb-ed435df2cd95 - - - - - -] Successfully bumped revision number for resource 6cb89186-0fad-4007-96f1-9a42aa504fc7 (type: security_groups) to 3
2026-07-21 21:45:04.560 15 INFO neutron.db.ovn_revision_numbers_db [None req-36ded306-7219-4e4c-9bcb-ed435df2cd95 - - - - - -] Successfully bumped revision number for resource 802fc30c-24f1-4d24-9975-86bc9bb44067 (type: ports) to 3
2026-07-21 21:45:04.560 15 INFO neutron.plugins.ml2.drivers.ovn.mech_driver.ovsdb.maintenance [None req-36ded306-7219-4e4c-9bcb-ed435df2cd95 - - - - - -] Maintenance task: Synchronization finished (took 0.33 seconds)
2026-07-21 21:45:10.544 9 INFO neutron.wsgi [-] 10.0.0.133 "GET / HTTP/1.1" status: 200 len: 246 time: 0.0019014
2026-07-21 21:45:10.547 9 INFO neutron.wsgi [-] 10.0.0.133 "GET / HTTP/1.1" status: 200 len: 246 time: 0.0015140
2026-07-21 21:45:25.546 10 INFO neutron.wsgi [-] 10.0.0.133 "GET / HTTP/1.1" status: 200 len: 246 time: 0.0030501
2026-07-21 21:45:25.548 10 INFO neutron.wsgi [-] 10.0.0.133 "GET / HTTP/1.1" status: 200 len: 246 time: 0.0014648 /var/lib/openstack/lib/python3.10/site-packages/pycadf/identifier.py:71: UserWarning: Invalid uuid: neutron. To ensure interoperability, identifiers should be a valid uuid. warnings.warn(('Invalid uuid: %s. To ensure interoperability, '
2026-07-21 21:45:26.015 10 INFO neutron.pecan_wsgi.hooks.translation [None req-6d6f9beb-9540-4d89-91dd-fe33cf6dbaa6 a179550bd99a4fd6af3a5e6f28150aeb 9e55c4fc1fa7418d8af6eabbdbfc05de - - default default] GET failed (client error): The resource could not be found.
2026-07-21 21:45:26.016 10 INFO neutron.wsgi [None req-6d6f9beb-9540-4d89-91dd-fe33cf6dbaa6 a179550bd99a4fd6af3a5e6f28150aeb 9e55c4fc1fa7418d8af6eabbdbfc05de - - default default] 199.19.213.130 "GET /v2.0/ports/octavia-health-manager-port-instance HTTP/1.1" status: 404 len: 338 time: 0.2301002
2026-07-21 21:45:26.054 10 INFO neutron.wsgi [None req-afae13bf-4a9a-46d1-9de8-3e85eb31c0e4 a179550bd99a4fd6af3a5e6f28150aeb 9e55c4fc1fa7418d8af6eabbdbfc05de - - default default] 199.19.213.130 "GET /v2.0/ports?name=octavia-health-manager-port-instance HTTP/1.1" status: 200 len: 1373 time: 0.0324941
2026-07-21 21:45:27.702 10 INFO neutron.pecan_wsgi.hooks.translation [None req-47a3e7dd-0c71-4228-8a84-9ed6da8bff96 a179550bd99a4fd6af3a5e6f28150aeb 9e55c4fc1fa7418d8af6eabbdbfc05de - - default default] GET failed (client error): The resource could not be found.
2026-07-21 21:45:27.705 10 INFO neutron.wsgi [None req-47a3e7dd-0c71-4228-8a84-9ed6da8bff96 a179550bd99a4fd6af3a5e6f28150aeb 9e55c4fc1fa7418d8af6eabbdbfc05de - - default default] 199.19.213.130 "GET /v2.0/ports/octavia-health-manager-port-instance HTTP/1.1" status: 404 len: 338 time: 0.0653133
2026-07-21 21:45:27.740 10 INFO neutron.wsgi [None req-46573d87-0b7b-4359-8839-706c432c1b3d a179550bd99a4fd6af3a5e6f28150aeb 9e55c4fc1fa7418d8af6eabbdbfc05de - - default default] 199.19.213.130 "GET /v2.0/ports?name=octavia-health-manager-port-instance HTTP/1.1" status: 200 len: 1373 time: 0.0295782
2026-07-21 21:45:28.817 10 INFO neutron.plugins.ml2.drivers.ovn.mech_driver.mech_driver [-] OVN reports status up for port: 802fc30c-24f1-4d24-9975-86bc9bb44067
2026-07-21 21:45:28.834 10 INFO neutron.plugins.ml2.plugin [None req-58c51a0d-b544-4932-b343-a9faa2598fbf - - - - - -] Attempt 1 to provision port 802fc30c-24f1-4d24-9975-86bc9bb44067
2026-07-21 21:45:29.105 10 INFO neutron.db.ovn_revision_numbers_db [None req-58c51a0d-b544-4932-b343-a9faa2598fbf - - - - - -] Successfully bumped revision number for resource 802fc30c-24f1-4d24-9975-86bc9bb44067 (type: ports) to 4
2026-07-21 21:45:40.545 9 INFO neutron.wsgi [-] 10.0.0.133 "GET / HTTP/1.1" status: 200 len: 246 time: 0.0023732
2026-07-21 21:45:40.545 10 INFO neutron.wsgi [-] 10.0.0.133 "GET / HTTP/1.1" status: 200 len: 246 time: 0.0025876
2026-07-21 21:45:55.544 10 INFO neutron.wsgi [-] 10.0.0.133 "GET / HTTP/1.1" status: 200 len: 246 time: 0.0016952
2026-07-21 21:45:55.549 10 INFO neutron.wsgi [-] 10.0.0.133 "GET / HTTP/1.1" status: 200 len: 246 time: 0.0033562
2026-07-21 21:46:10.543 9 INFO neutron.wsgi [-] 10.0.0.133 "GET / HTTP/1.1" status: 200 len: 246 time: 0.0018144
2026-07-21 21:46:10.544 10 INFO neutron.wsgi [-] 10.0.0.133 "GET / HTTP/1.1" status: 200 len: 246 time: 0.0025523
2026-07-21 21:46:25.545 9 INFO neutron.wsgi [-] 10.0.0.133 "GET / HTTP/1.1" status: 200 len: 246 time: 0.0022128
2026-07-21 21:46:25.547 9 INFO neutron.wsgi [-] 10.0.0.133 "GET / HTTP/1.1" status: 200 len: 246 time: 0.0014656
2026-07-21 21:46:40.543 10 INFO neutron.wsgi [-] 10.0.0.133 "GET / HTTP/1.1" status: 200 len: 246 time: 0.0016389
2026-07-21 21:46:40.544 9 INFO neutron.wsgi [-] 10.0.0.133 "GET / HTTP/1.1" status: 200 len: 246 time: 0.0019791
2026-07-21 21:46:55.544 9 INFO neutron.wsgi [-] 10.0.0.133 "GET / HTTP/1.1" status: 200 len: 246 time: 0.0016501
2026-07-21 21:46:55.547 10 INFO neutron.wsgi [-] 10.0.0.133 "GET / HTTP/1.1" status: 200 len: 246 time: 0.0046542
2026-07-21 21:47:10.544 9 INFO neutron.wsgi [-] 10.0.0.133 "GET / HTTP/1.1" status: 200 len: 246 time: 0.0020378
2026-07-21 21:47:10.545 10 INFO neutron.wsgi [-] 10.0.0.133 "GET / HTTP/1.1" status: 200 len: 246 time: 0.0025892
2026-07-21 21:47:25.545 10 INFO neutron.wsgi [-] 10.0.0.133 "GET / HTTP/1.1" status: 200 len: 246 time: 0.0025146
2026-07-21 21:47:25.545 9 INFO neutron.wsgi [-] 10.0.0.133 "GET / HTTP/1.1" status: 200 len: 246 time: 0.0027187
2026-07-21 21:47:40.544 9 INFO neutron.wsgi [-] 10.0.0.133 "GET / HTTP/1.1" status: 200 len: 246 time: 0.0025439
2026-07-21 21:47:40.545 10 INFO neutron.wsgi [-] 10.0.0.133 "GET / HTTP/1.1" status: 200 len: 246 time: 0.0034585
2026-07-21 21:47:55.545 10 INFO neutron.wsgi [-] 10.0.0.133 "GET / HTTP/1.1" status: 200 len: 246 time: 0.0026846
2026-07-21 21:47:55.554 9 INFO neutron.wsgi [-] 10.0.0.133 "GET / HTTP/1.1" status: 200 len: 246 time: 0.0016396
2026-07-21 21:48:10.545 10 INFO neutron.wsgi [-] 10.0.0.133 "GET / HTTP/1.1" status: 200 len: 246 time: 0.0024097
2026-07-21 21:48:10.545 9 INFO neutron.wsgi [-] 10.0.0.133 "GET / HTTP/1.1" status: 200 len: 246 time: 0.0025272
2026-07-21 21:48:25.544 10 INFO neutron.wsgi [-] 10.0.0.133 "GET / HTTP/1.1" status: 200 len: 246 time: 0.0020626
2026-07-21 21:48:25.546 9 INFO neutron.wsgi [-] 10.0.0.133 "GET / HTTP/1.1" status: 200 len: 246 time: 0.0034094
2026-07-21 21:48:40.545 10 INFO neutron.wsgi [-] 10.0.0.133 "GET / HTTP/1.1" status: 200 len: 246 time: 0.0026321
2026-07-21 21:48:40.548 10 INFO neutron.wsgi [-] 10.0.0.133 "GET / HTTP/1.1" status: 200 len: 246 time: 0.0013032
2026-07-21 21:48:55.544 9 INFO neutron.wsgi [-] 10.0.0.133 "GET / HTTP/1.1" status: 200 len: 246 time: 0.0025613
2026-07-21 21:48:55.545 10 INFO neutron.wsgi [-] 10.0.0.133 "GET / HTTP/1.1" status: 200 len: 246 time: 0.0025802
2026-07-21 21:49:10.545 10 INFO neutron.wsgi [-] 10.0.0.133 "GET / HTTP/1.1" status: 200 len: 246 time: 0.0024099
2026-07-21 21:49:10.546 9 INFO neutron.wsgi [-] 10.0.0.133 "GET / HTTP/1.1" status: 200 len: 246 time: 0.0035243
2026-07-21 21:49:25.546 9 INFO neutron.wsgi [-] 10.0.0.133 "GET / HTTP/1.1" status: 200 len: 246 time: 0.0034897
2026-07-21 21:49:25.546 10 INFO neutron.wsgi [-] 10.0.0.133 "GET / HTTP/1.1" status: 200 len: 246 time: 0.0037348
2026-07-21 21:49:40.545 9 INFO neutron.wsgi [-] 10.0.0.133 "GET / HTTP/1.1" status: 200 len: 246 time: 0.0026073
2026-07-21 21:49:40.547 10 INFO neutron.wsgi [-] 10.0.0.133 "GET / HTTP/1.1" status: 200 len: 246 time: 0.0041559
2026-07-21 21:49:55.544 9 INFO neutron.wsgi [-] 10.0.0.133 "GET / HTTP/1.1" status: 200 len: 246 time: 0.0016434
2026-07-21 21:49:55.545 10 INFO neutron.wsgi [-] 10.0.0.133 "GET / HTTP/1.1" status: 200 len: 246 time: 0.0025244
2026-07-21 21:50:10.545 9 INFO neutron.wsgi [-] 10.0.0.133 "GET / HTTP/1.1" status: 200 len: 246 time: 0.0026309
2026-07-21 21:50:10.546 10 INFO neutron.wsgi [-] 10.0.0.133 "GET / HTTP/1.1" status: 200 len: 246 time: 0.0028591
2026-07-21 21:50:25.544 9 INFO neutron.wsgi [-] 10.0.0.133 "GET / HTTP/1.1" status: 200 len: 246 time: 0.0018332
2026-07-21 21:50:25.545 10 INFO neutron.wsgi [-] 10.0.0.133 "GET / HTTP/1.1" status: 200 len: 246 time: 0.0023870
2026-07-21 21:50:40.544 10 INFO neutron.wsgi [-] 10.0.0.133 "GET / HTTP/1.1" status: 200 len: 246 time: 0.0027273
2026-07-21 21:50:40.545 9 INFO neutron.wsgi [-] 10.0.0.133 "GET / HTTP/1.1" status: 200 len: 246 time: 0.0028651
2026-07-21 21:50:55.545 10 INFO neutron.wsgi [-] 10.0.0.133 "GET / HTTP/1.1" status: 200 len: 246 time: 0.0025139
2026-07-21 21:50:55.546 9 INFO neutron.wsgi [-] 10.0.0.133 "GET / HTTP/1.1" status: 200 len: 246 time: 0.0029442
2026-07-21 21:51:10.543 10 INFO neutron.wsgi [-] 10.0.0.133 "GET / HTTP/1.1" status: 200 len: 246 time: 0.0016625
2026-07-21 21:51:10.544 9 INFO neutron.wsgi [-] 10.0.0.133 "GET / HTTP/1.1" status: 200 len: 246 time: 0.0022650
2026-07-21 21:51:25.545 9 INFO neutron.wsgi [-] 10.0.0.133 "GET / HTTP/1.1" status: 200 len: 246 time: 0.0026338
2026-07-21 21:51:25.548 9 INFO neutron.wsgi [-] 10.0.0.133 "GET / HTTP/1.1" status: 200 len: 246 time: 0.0021515
2026-07-21 21:51:40.545 10 INFO neutron.wsgi [-] 10.0.0.133 "GET / HTTP/1.1" status: 200 len: 246 time: 0.0023968
2026-07-21 21:51:40.546 9 INFO neutron.wsgi [-] 10.0.0.133 "GET / HTTP/1.1" status: 200 len: 246 time: 0.0027676
2026-07-21 21:51:45.424 9 INFO neutron.db.ovn_revision_numbers_db [None req-9a13779b-f552-45a7-9377-1d37bf5ae702 a179550bd99a4fd6af3a5e6f28150aeb 9e55c4fc1fa7418d8af6eabbdbfc05de - - default default] Successfully bumped revision number for resource 38512a4d-faaf-43ef-8f3d-155cd5faa53b (type: security_groups) to 1
2026-07-21 21:51:45.445 9 INFO neutron.wsgi [None req-9a13779b-f552-45a7-9377-1d37bf5ae702 a179550bd99a4fd6af3a5e6f28150aeb 9e55c4fc1fa7418d8af6eabbdbfc05de - - default default] 199.19.213.130,10.0.0.133 "GET /v2.0/security-groups?tenant_id=7e304895c205435cba65cc2763387986 HTTP/1.1" status: 200 len: 2973 time: 0.2487698
2026-07-21 21:51:45.554 9 INFO neutron.db.ovn_revision_numbers_db [None req-1ad3c474-eca5-471e-a6c6-1f0abd27a5b5 a179550bd99a4fd6af3a5e6f28150aeb 9e55c4fc1fa7418d8af6eabbdbfc05de - - - -] Successfully bumped revision number for resource a4b1d379-279f-4f3e-aabc-4737bac0b230 (type: security_groups) to 1
2026-07-21 21:51:45.577 9 INFO neutron.wsgi [None req-1ad3c474-eca5-471e-a6c6-1f0abd27a5b5 a179550bd99a4fd6af3a5e6f28150aeb 9e55c4fc1fa7418d8af6eabbdbfc05de - - - -] 199.19.213.130,10.0.0.133 "POST /v2.0/security-groups HTTP/1.1" status: 201 len: 1741 time: 0.1201520 /var/lib/openstack/lib/python3.10/site-packages/pycadf/identifier.py:71: UserWarning: Invalid uuid: unknown. To ensure interoperability, identifiers should be a valid uuid. warnings.warn(('Invalid uuid: %s. To ensure interoperability, '
2026-07-21 21:51:46.488 10 INFO neutron.wsgi [None req-3b2386aa-da6b-468c-9a25-11169b565861 a179550bd99a4fd6af3a5e6f28150aeb 9e55c4fc1fa7418d8af6eabbdbfc05de - - default default] 199.19.213.130,10.0.0.133 "GET /v2.0/security-groups?tenant_id=7e304895c205435cba65cc2763387986 HTTP/1.1" status: 200 len: 4515 time: 0.0788400
2026-07-21 21:51:46.545 10 INFO neutron.wsgi [None req-af373430-89b9-4b6c-a020-7a5a92ad7a0d a179550bd99a4fd6af3a5e6f28150aeb 9e55c4fc1fa7418d8af6eabbdbfc05de - - default default] 199.19.213.130,10.0.0.133 "GET /v2.0/security-groups HTTP/1.1" status: 200 len: 14480 time: 0.0485144
2026-07-21 21:51:46.647 10 INFO neutron.db.ovn_revision_numbers_db [None req-4683a42c-4bdb-499e-b4b4-2e36562d3901 a179550bd99a4fd6af3a5e6f28150aeb 9e55c4fc1fa7418d8af6eabbdbfc05de - - - -] Successfully bumped revision number for resource 138f7a86-e2de-4f80-bab4-7c5325cebcce (type: security_group_rules) to 0
2026-07-21 21:51:46.670 10 INFO neutron.wsgi [None req-4683a42c-4bdb-499e-b4b4-2e36562d3901 a179550bd99a4fd6af3a5e6f28150aeb 9e55c4fc1fa7418d8af6eabbdbfc05de - - - -] 199.19.213.130,10.0.0.133 "POST /v2.0/security-group-rules HTTP/1.1" status: 201 len: 745 time: 0.1121011
2026-07-21 21:51:47.505 9 INFO neutron.wsgi [None req-9a57efd7-a7e5-4511-9831-faad4328d16a a179550bd99a4fd6af3a5e6f28150aeb 9e55c4fc1fa7418d8af6eabbdbfc05de - - default default] 199.19.213.130,10.0.0.133 "GET /v2.0/security-groups?tenant_id=7e304895c205435cba65cc2763387986 HTTP/1.1" status: 200 len: 5093 time: 0.0665739
2026-07-21 21:51:47.565 9 INFO neutron.wsgi [None req-e147e60c-177a-40fb-a419-77b155c66e94 a179550bd99a4fd6af3a5e6f28150aeb 9e55c4fc1fa7418d8af6eabbdbfc05de - - default default] 199.19.213.130,10.0.0.133 "GET /v2.0/security-groups HTTP/1.1" status: 200 len: 15058 time: 0.0512712
2026-07-21 21:51:47.663 9 INFO neutron.db.ovn_revision_numbers_db [None req-634b9ac1-fd1b-4482-a62b-1eae3aaffe2c a179550bd99a4fd6af3a5e6f28150aeb 9e55c4fc1fa7418d8af6eabbdbfc05de - - - -] Successfully bumped revision number for resource e58ecad6-9d5c-45a1-a68f-0c273ffd97d7 (type: security_group_rules) to 0
2026-07-21 21:51:47.684 9 INFO neutron.wsgi [None req-634b9ac1-fd1b-4482-a62b-1eae3aaffe2c a179550bd99a4fd6af3a5e6f28150aeb 9e55c4fc1fa7418d8af6eabbdbfc05de - - - -] 199.19.213.130,10.0.0.133 "POST /v2.0/security-group-rules HTTP/1.1" status: 201 len: 747 time: 0.1075368
2026-07-21 21:51:48.544 10 INFO neutron.wsgi [None req-7e9d3b32-40dd-4866-95a7-cf446a83231c a179550bd99a4fd6af3a5e6f28150aeb 9e55c4fc1fa7418d8af6eabbdbfc05de - - default default] 199.19.213.130,10.0.0.133 "GET /v2.0/security-groups?tenant_id=7e304895c205435cba65cc2763387986 HTTP/1.1" status: 200 len: 5673 time: 0.0670693
2026-07-21 21:51:48.609 10 INFO neutron.wsgi [None req-bdcd0ce4-2372-47e9-975c-a7a705febb82 a179550bd99a4fd6af3a5e6f28150aeb 9e55c4fc1fa7418d8af6eabbdbfc05de - - default default] 199.19.213.130,10.0.0.133 "GET /v2.0/security-groups HTTP/1.1" status: 200 len: 15638 time: 0.0559945
2026-07-21 21:51:48.716 10 INFO neutron.db.ovn_revision_numbers_db [None req-a23d38b2-1d46-47b1-ab4f-1016fba64daa a179550bd99a4fd6af3a5e6f28150aeb 9e55c4fc1fa7418d8af6eabbdbfc05de - - - -] Successfully bumped revision number for resource bb243abe-038a-49ae-b6fd-5cc66e106d03 (type: security_group_rules) to 0
2026-07-21 21:51:48.737 10 INFO neutron.wsgi [None req-a23d38b2-1d46-47b1-ab4f-1016fba64daa a179550bd99a4fd6af3a5e6f28150aeb 9e55c4fc1fa7418d8af6eabbdbfc05de - - - -] 199.19.213.130,10.0.0.133 "POST /v2.0/security-group-rules HTTP/1.1" status: 201 len: 749 time: 0.1177177
2026-07-21 21:51:49.625 10 INFO neutron.wsgi [None req-33220ff0-5ffb-441d-b60a-d410f0126ed1 a179550bd99a4fd6af3a5e6f28150aeb 9e55c4fc1fa7418d8af6eabbdbfc05de - - default default] 199.19.213.130,10.0.0.133 "GET /v2.0/security-groups?tenant_id=7e304895c205435cba65cc2763387986 HTTP/1.1" status: 200 len: 6255 time: 0.0741208
2026-07-21 21:51:49.697 10 INFO neutron.wsgi [None req-0daaf068-782e-4874-b793-95b8eb8b92e1 a179550bd99a4fd6af3a5e6f28150aeb 9e55c4fc1fa7418d8af6eabbdbfc05de - - default default] 199.19.213.130,10.0.0.133 "GET /v2.0/security-groups HTTP/1.1" status: 200 len: 16220 time: 0.0632994
2026-07-21 21:51:49.814 10 INFO neutron.db.ovn_revision_numbers_db [None req-73147541-be7e-4f92-9726-6716be3ac2d7 a179550bd99a4fd6af3a5e6f28150aeb 9e55c4fc1fa7418d8af6eabbdbfc05de - - - -] Successfully bumped revision number for resource cc48f54f-944a-4273-8910-d82e29a40ba8 (type: security_group_rules) to 0
2026-07-21 21:51:49.844 10 INFO neutron.wsgi [None req-73147541-be7e-4f92-9726-6716be3ac2d7 a179550bd99a4fd6af3a5e6f28150aeb 9e55c4fc1fa7418d8af6eabbdbfc05de - - - -] 199.19.213.130,10.0.0.133 "POST /v2.0/security-group-rules HTTP/1.1" status: 201 len: 750 time: 0.1347528
2026-07-21 21:51:55.544 10 INFO neutron.wsgi [-] 10.0.0.133 "GET / HTTP/1.1" status: 200 len: 246 time: 0.0024655
2026-07-21 21:51:55.545 9 INFO neutron.wsgi [-] 10.0.0.133 "GET / HTTP/1.1" status: 200 len: 246 time: 0.0029273
2026-07-21 21:52:10.545 9 INFO neutron.wsgi [-] 10.0.0.133 "GET / HTTP/1.1" status: 200 len: 246 time: 0.0024221
2026-07-21 21:52:10.553 9 INFO neutron.wsgi [-] 10.0.0.133 "GET / HTTP/1.1" status: 200 len: 246 time: 0.0035913
2026-07-21 21:52:25.544 10 INFO neutron.wsgi [-] 10.0.0.133 "GET / HTTP/1.1" status: 200 len: 246 time: 0.0016546
2026-07-21 21:52:25.545 9 INFO neutron.wsgi [-] 10.0.0.133 "GET / HTTP/1.1" status: 200 len: 246 time: 0.0026138
2026-07-21 21:52:40.544 9 INFO neutron.wsgi [-] 10.0.0.133 "GET / HTTP/1.1" status: 200 len: 246 time: 0.0019577
2026-07-21 21:52:40.545 10 INFO neutron.wsgi [-] 10.0.0.133 "GET / HTTP/1.1" status: 200 len: 246 time: 0.0026221
2026-07-21 21:52:55.546 9 INFO neutron.wsgi [-] 10.0.0.133 "GET / HTTP/1.1" status: 200 len: 246 time: 0.0032902
2026-07-21 21:52:55.549 9 INFO neutron.wsgi [-] 10.0.0.133 "GET / HTTP/1.1" status: 200 len: 246 time: 0.0019555
2026-07-21 21:53:10.543 10 INFO neutron.wsgi [-] 10.0.0.133 "GET / HTTP/1.1" status: 200 len: 246 time: 0.0013816
2026-07-21 21:53:10.545 10 INFO neutron.wsgi [-] 10.0.0.133 "GET / HTTP/1.1" status: 200 len: 246 time: 0.0009778
2026-07-21 21:53:25.551 9 INFO neutron.wsgi [-] 10.0.0.133 "GET / HTTP/1.1" status: 200 len: 246 time: 0.0081317
2026-07-21 21:53:25.553 9 INFO neutron.wsgi [-] 10.0.0.133 "GET / HTTP/1.1" status: 200 len: 246 time: 0.0013783
2026-07-21 21:53:40.544 9 INFO neutron.wsgi [-] 10.0.0.133 "GET / HTTP/1.1" status: 200 len: 246 time: 0.0024259
2026-07-21 21:53:40.548 9 INFO neutron.wsgi [-] 10.0.0.133 "GET / HTTP/1.1" status: 200 len: 246 time: 0.0022826 /var/lib/openstack/lib/python3.10/site-packages/pycadf/identifier.py:71: UserWarning: Invalid uuid: neutron. To ensure interoperability, identifiers should be a valid uuid. warnings.warn(('Invalid uuid: %s. To ensure interoperability, '
2026-07-21 21:53:51.172 9 INFO neutron.wsgi [None req-71240848-05ad-4fb6-aef4-8e8262009b7c 1ce070cfd68346a3ae0aaac81e3a9a69 7e304895c205435cba65cc2763387986 - - 5fa42b4933be45809bb7aed0a16706c5 5fa42b4933be45809bb7aed0a16706c5] 199.19.213.130 "GET /v2.0/networks?tenant_id=7e304895c205435cba65cc2763387986&shared=False HTTP/1.1" status: 200 len: 213 time: 0.1380754
2026-07-21 21:53:51.261 9 INFO neutron.db.segments_db [None req-9511881f-3874-4abd-a440-4227ae47f7be 1ce070cfd68346a3ae0aaac81e3a9a69 7e304895c205435cba65cc2763387986 - - - -] Added segment 7d5211e4-881d-4feb-a09f-0acf34382df6 of type geneve for network 037cec9c-641c-4a81-b6ce-fdcb6c2045df
2026-07-21 21:53:51.422 9 INFO neutron.db.ovn_revision_numbers_db [None req-9511881f-3874-4abd-a440-4227ae47f7be 1ce070cfd68346a3ae0aaac81e3a9a69 7e304895c205435cba65cc2763387986 - - - -] Successfully bumped revision number for resource 037cec9c-641c-4a81-b6ce-fdcb6c2045df (type: networks) to 1
2026-07-21 21:53:51.635 9 WARNING neutron.scheduler.dhcp_agent_scheduler [None req-9511881f-3874-4abd-a440-4227ae47f7be 1ce070cfd68346a3ae0aaac81e3a9a69 7e304895c205435cba65cc2763387986 - - - -] No more DHCP agents
2026-07-21 21:53:51.637 9 WARNING neutron.api.rpc.agentnotifiers.dhcp_rpc_agent_api [None req-9511881f-3874-4abd-a440-4227ae47f7be 1ce070cfd68346a3ae0aaac81e3a9a69 7e304895c205435cba65cc2763387986 - - - -] Unable to schedule network 037cec9c-641c-4a81-b6ce-fdcb6c2045df: no agents available; will retry on subsequent port and subnet creation events.
2026-07-21 21:53:51.701 9 INFO neutron.db.ovn_revision_numbers_db [None req-9511881f-3874-4abd-a440-4227ae47f7be 1ce070cfd68346a3ae0aaac81e3a9a69 7e304895c205435cba65cc2763387986 - - - -] Successfully bumped revision number for resource 4dea0297-5b8b-4d30-9489-84c824546e10 (type: ports) to 1
2026-07-21 21:53:51.717 9 INFO neutron.wsgi [None req-9511881f-3874-4abd-a440-4227ae47f7be 1ce070cfd68346a3ae0aaac81e3a9a69 7e304895c205435cba65cc2763387986 - - - -] 199.19.213.130 "POST /v2.0/networks HTTP/1.1" status: 201 len: 925 time: 0.5381548
2026-07-21 21:53:51.767 9 INFO neutron.wsgi [None req-fd8df59b-7400-43ba-8696-762a9e9ac2de 1ce070cfd68346a3ae0aaac81e3a9a69 7e304895c205435cba65cc2763387986 - - 5fa42b4933be45809bb7aed0a16706c5 5fa42b4933be45809bb7aed0a16706c5] 199.19.213.130 "GET /v2.0/ports?device_id=manila-share&binding%3Ahost_id=instance HTTP/1.1" status: 200 len: 210 time: 0.0433173
2026-07-21 21:53:51.789 9 INFO neutron.wsgi [None req-cd856d6f-acd5-490d-98f0-6016d0545e9a 1ce070cfd68346a3ae0aaac81e3a9a69 7e304895c205435cba65cc2763387986 - - 5fa42b4933be45809bb7aed0a16706c5 5fa42b4933be45809bb7aed0a16706c5] 199.19.213.130 "GET /v2.0/extensions HTTP/1.1" status: 200 len: 16525 time: 0.0133543
2026-07-21 21:53:52.031 9 WARNING neutron.scheduler.dhcp_agent_scheduler [None req-c1f5279a-cfe4-4c0d-a2d7-372aec3d46cf 1ce070cfd68346a3ae0aaac81e3a9a69 7e304895c205435cba65cc2763387986 - - - -] No more DHCP agents
2026-07-21 21:53:52.033 9 WARNING neutron.api.rpc.agentnotifiers.dhcp_rpc_agent_api [None req-c1f5279a-cfe4-4c0d-a2d7-372aec3d46cf 1ce070cfd68346a3ae0aaac81e3a9a69 7e304895c205435cba65cc2763387986 - - - -] Unable to schedule network 037cec9c-641c-4a81-b6ce-fdcb6c2045df: no agents available; will retry on subsequent port and subnet creation events.
2026-07-21 21:53:52.092 9 INFO neutron.db.ovn_revision_numbers_db [None req-c1f5279a-cfe4-4c0d-a2d7-372aec3d46cf 1ce070cfd68346a3ae0aaac81e3a9a69 7e304895c205435cba65cc2763387986 - - - -] Successfully bumped revision number for resource 94be0794-b881-4256-be41-790c81fbe041 (type: ports) to 1
2026-07-21 21:53:52.237 9 INFO neutron.db.ovn_revision_numbers_db [None req-c1f5279a-cfe4-4c0d-a2d7-372aec3d46cf 1ce070cfd68346a3ae0aaac81e3a9a69 7e304895c205435cba65cc2763387986 - - - -] Successfully bumped revision number for resource 94be0794-b881-4256-be41-790c81fbe041 (type: ports) to 1
2026-07-21 21:53:52.260 9 INFO neutron.wsgi [None req-c1f5279a-cfe4-4c0d-a2d7-372aec3d46cf 1ce070cfd68346a3ae0aaac81e3a9a69 7e304895c205435cba65cc2763387986 - - - -] 199.19.213.130 "POST /v2.0/ports HTTP/1.1" status: 201 len: 1096 time: 0.4626815
2026-07-21 21:53:52.312 9 INFO neutron.wsgi [None req-7a13d28c-fd57-4c10-8b34-c3472870f801 1ce070cfd68346a3ae0aaac81e3a9a69 7e304895c205435cba65cc2763387986 - - 5fa42b4933be45809bb7aed0a16706c5 5fa42b4933be45809bb7aed0a16706c5] 199.19.213.130 "GET /v2.0/networks/037cec9c-641c-4a81-b6ce-fdcb6c2045df HTTP/1.1" status: 200 len: 907 time: 0.0446470
2026-07-21 21:53:53.120 10 INFO neutron.plugins.ml2.drivers.ovn.mech_driver.mech_driver [None req-58c51a0d-b544-4932-b343-a9faa2598fbf - - - - - -] OVN reports status up for port: 94be0794-b881-4256-be41-790c81fbe041
2026-07-21 21:53:53.134 10 INFO neutron.plugins.ml2.plugin [None req-58c51a0d-b544-4932-b343-a9faa2598fbf - - - - - -] Attempt 1 to provision port 94be0794-b881-4256-be41-790c81fbe041
2026-07-21 21:53:53.330 10 INFO neutron.db.ovn_revision_numbers_db [None req-58c51a0d-b544-4932-b343-a9faa2598fbf - - - - - -] Successfully bumped revision number for resource 94be0794-b881-4256-be41-790c81fbe041 (type: ports) to 3
2026-07-21 21:53:54.712 9 INFO neutron.wsgi [None req-8fc7fa06-81b2-4c30-a36c-102d1401fde8 1ce070cfd68346a3ae0aaac81e3a9a69 7e304895c205435cba65cc2763387986 - - 5fa42b4933be45809bb7aed0a16706c5 5fa42b4933be45809bb7aed0a16706c5] 199.19.213.130 "GET /v2.0/ports?device_id=manila-share&binding%3Ahost_id=instance HTTP/1.1" status: 200 len: 1124 time: 0.0387805
2026-07-21 21:53:54.766 9 INFO neutron.wsgi [None req-3272a55a-90d3-460b-ab20-ea28d6a08833 1ce070cfd68346a3ae0aaac81e3a9a69 7e304895c205435cba65cc2763387986 - - 5fa42b4933be45809bb7aed0a16706c5 5fa42b4933be45809bb7aed0a16706c5] 199.19.213.130 "GET /v2.0/networks/037cec9c-641c-4a81-b6ce-fdcb6c2045df HTTP/1.1" status: 200 len: 907 time: 0.0465291
