2026-07-21 22:14:22.026 10 INFO neutron.db.ovn_revision_numbers_db [None req-5ea9ee78-b2df-461f-8bb8-dd1a36ce3d7d 227e0995eb0a47d588257bd60018ec0b 16e97f613e524f4aa6d0ad5b29901302 - - - -] Successfully bumped revision number for resource f350e1a3-ee46-4af8-9485-40aa347a6147 (type: ports) to 1
2026-07-21 22:14:22.045 10 INFO neutron.wsgi [None req-5ea9ee78-b2df-461f-8bb8-dd1a36ce3d7d 227e0995eb0a47d588257bd60018ec0b 16e97f613e524f4aa6d0ad5b29901302 - - - -] 10.0.0.116 "POST /v2.0/networks HTTP/1.1" status: 201 len: 831 time: 0.7406747
2026-07-21 22:14:22.262 10 WARNING neutron.scheduler.dhcp_agent_scheduler [None req-1af14df2-9ce3-4815-ab89-bf01cce41180 227e0995eb0a47d588257bd60018ec0b 16e97f613e524f4aa6d0ad5b29901302 - - - -] No more DHCP agents
2026-07-21 22:14:22.264 10 WARNING neutron.api.rpc.agentnotifiers.dhcp_rpc_agent_api [None req-1af14df2-9ce3-4815-ab89-bf01cce41180 227e0995eb0a47d588257bd60018ec0b 16e97f613e524f4aa6d0ad5b29901302 - - - -] Unable to schedule network aea9d95b-42a5-447e-a573-d48109a7b981: no agents available; will retry on subsequent port and subnet creation events.
2026-07-21 22:14:22.714 10 INFO neutron.db.ovn_revision_numbers_db [None req-1af14df2-9ce3-4815-ab89-bf01cce41180 227e0995eb0a47d588257bd60018ec0b 16e97f613e524f4aa6d0ad5b29901302 - - - -] Successfully bumped revision number for resource f350e1a3-ee46-4af8-9485-40aa347a6147 (type: ports) to 2
2026-07-21 22:14:22.730 10 INFO neutron.db.ovn_revision_numbers_db [None req-1af14df2-9ce3-4815-ab89-bf01cce41180 227e0995eb0a47d588257bd60018ec0b 16e97f613e524f4aa6d0ad5b29901302 - - - -] Successfully bumped revision number for resource 4f462860-273b-4d85-908b-81b3c500b98d (type: subnets) to 0
2026-07-21 22:14:22.747 10 INFO neutron.wsgi [None req-1af14df2-9ce3-4815-ab89-bf01cce41180 227e0995eb0a47d588257bd60018ec0b 16e97f613e524f4aa6d0ad5b29901302 - - - -] 10.0.0.116 "POST /v2.0/subnets HTTP/1.1" status: 201 len: 801 time: 0.6977997
2026-07-21 22:14:22.842 10 INFO neutron.db.segments_db [None req-cf47f203-41e0-45d4-9ba0-0332988590d7 227e0995eb0a47d588257bd60018ec0b 16e97f613e524f4aa6d0ad5b29901302 - - - -] Added segment 534d6ef4-1e3e-4226-a6ac-beb511fd81d5 of type geneve for network a996289e-8cab-4ef3-b950-b9adda17d35b
2026-07-21 22:14:23.304 10 INFO neutron.db.ovn_revision_numbers_db [None req-cf47f203-41e0-45d4-9ba0-0332988590d7 227e0995eb0a47d588257bd60018ec0b 16e97f613e524f4aa6d0ad5b29901302 - - - -] Successfully bumped revision number for resource a996289e-8cab-4ef3-b950-b9adda17d35b (type: networks) to 1
2026-07-21 22:14:23.507 10 WARNING neutron.scheduler.dhcp_agent_scheduler [None req-cf47f203-41e0-45d4-9ba0-0332988590d7 227e0995eb0a47d588257bd60018ec0b 16e97f613e524f4aa6d0ad5b29901302 - - - -] No more DHCP agents
2026-07-21 22:14:23.510 10 WARNING neutron.api.rpc.agentnotifiers.dhcp_rpc_agent_api [None req-cf47f203-41e0-45d4-9ba0-0332988590d7 227e0995eb0a47d588257bd60018ec0b 16e97f613e524f4aa6d0ad5b29901302 - - - -] Unable to schedule network a996289e-8cab-4ef3-b950-b9adda17d35b: no agents available; will retry on subsequent port and subnet creation events.
2026-07-21 22:14:23.575 10 INFO neutron.db.ovn_revision_numbers_db [None req-cf47f203-41e0-45d4-9ba0-0332988590d7 227e0995eb0a47d588257bd60018ec0b 16e97f613e524f4aa6d0ad5b29901302 - - - -] Successfully bumped revision number for resource 510ab5f9-2fb0-4246-981f-c5216696770a (type: ports) to 1
2026-07-21 22:14:23.594 10 INFO neutron.wsgi [None req-cf47f203-41e0-45d4-9ba0-0332988590d7 227e0995eb0a47d588257bd60018ec0b 16e97f613e524f4aa6d0ad5b29901302 - - - -] 10.0.0.116 "POST /v2.0/networks HTTP/1.1" status: 201 len: 831 time: 0.8414626
2026-07-21 22:14:23.849 10 WARNING neutron.scheduler.dhcp_agent_scheduler [None req-e51dc715-889c-4e69-80b8-09b7bc37af3c 227e0995eb0a47d588257bd60018ec0b 16e97f613e524f4aa6d0ad5b29901302 - - - -] No more DHCP agents
2026-07-21 22:14:23.851 10 WARNING neutron.api.rpc.agentnotifiers.dhcp_rpc_agent_api [None req-e51dc715-889c-4e69-80b8-09b7bc37af3c 227e0995eb0a47d588257bd60018ec0b 16e97f613e524f4aa6d0ad5b29901302 - - - -] Unable to schedule network a996289e-8cab-4ef3-b950-b9adda17d35b: no agents available; will retry on subsequent port and subnet creation events.
2026-07-21 22:14:24.368 10 INFO neutron.db.ovn_revision_numbers_db [None req-e51dc715-889c-4e69-80b8-09b7bc37af3c 227e0995eb0a47d588257bd60018ec0b 16e97f613e524f4aa6d0ad5b29901302 - - - -] Successfully bumped revision number for resource 510ab5f9-2fb0-4246-981f-c5216696770a (type: ports) to 2
2026-07-21 22:14:24.381 10 INFO neutron.db.ovn_revision_numbers_db [None req-e51dc715-889c-4e69-80b8-09b7bc37af3c 227e0995eb0a47d588257bd60018ec0b 16e97f613e524f4aa6d0ad5b29901302 - - - -] Successfully bumped revision number for resource cf53f9dc-5cfe-46ec-a173-166e602378cd (type: subnets) to 0
2026-07-21 22:14:24.397 10 INFO neutron.wsgi [None req-e51dc715-889c-4e69-80b8-09b7bc37af3c 227e0995eb0a47d588257bd60018ec0b 16e97f613e524f4aa6d0ad5b29901302 - - - -] 10.0.0.116 "POST /v2.0/subnets HTTP/1.1" status: 201 len: 804 time: 0.7968807
2026-07-21 22:14:24.491 10 INFO neutron.db.segments_db [None req-9e13f0a2-fd85-4e17-8100-27e1d85c5639 227e0995eb0a47d588257bd60018ec0b 16e97f613e524f4aa6d0ad5b29901302 - - - -] Added segment 5a1f7384-5faa-4b1c-9798-2ac4f81994f3 of type geneve for network dd7c117c-ab90-4f19-acd7-66dbe47b369c
2026-07-21 22:14:24.581 9 INFO neutron.db.ovn_revision_numbers_db [None req-63f6f1ea-922c-4be9-80d7-686e22032615 17a4ae78c02447b1947cdcddbb8e8136 16f29bdd3cd84e41bd08b5836d45dbd0 - - - -] Successfully bumped revision number for resource 1a6bf085-5bcf-44e3-9aed-849b37d265d9 (type: routers) to 1
2026-07-21 22:14:24.595 9 INFO neutron.wsgi [None req-63f6f1ea-922c-4be9-80d7-686e22032615 17a4ae78c02447b1947cdcddbb8e8136 16f29bdd3cd84e41bd08b5836d45dbd0 - - - -] 10.0.0.116 "POST /v2.0/routers HTTP/1.1" status: 201 len: 654 time: 0.3788095
2026-07-21 22:14:24.619 10 INFO neutron.db.ovn_revision_numbers_db [None req-9e13f0a2-fd85-4e17-8100-27e1d85c5639 227e0995eb0a47d588257bd60018ec0b 16e97f613e524f4aa6d0ad5b29901302 - - - -] Successfully bumped revision number for resource dd7c117c-ab90-4f19-acd7-66dbe47b369c (type: networks) to 1
2026-07-21 22:14:24.772 9 INFO neutron.db.ovn_revision_numbers_db [None req-acad8004-6fcb-4b0d-84f0-51a3f7f7756e 17a4ae78c02447b1947cdcddbb8e8136 16f29bdd3cd84e41bd08b5836d45dbd0 - - - -] Successfully bumped revision number for resource 9c26bdae-c392-4910-9bd1-6d418f00fe97 (type: routers) to 1
2026-07-21 22:14:24.790 9 INFO neutron.wsgi [None req-acad8004-6fcb-4b0d-84f0-51a3f7f7756e 17a4ae78c02447b1947cdcddbb8e8136 16f29bdd3cd84e41bd08b5836d45dbd0 - - - -] 10.0.0.116 "POST /v2.0/routers HTTP/1.1" status: 201 len: 654 time: 0.1885750
2026-07-21 22:14:24.814 10 WARNING neutron.scheduler.dhcp_agent_scheduler [None req-9e13f0a2-fd85-4e17-8100-27e1d85c5639 227e0995eb0a47d588257bd60018ec0b 16e97f613e524f4aa6d0ad5b29901302 - - - -] No more DHCP agents
2026-07-21 22:14:24.816 10 WARNING neutron.api.rpc.agentnotifiers.dhcp_rpc_agent_api [None req-9e13f0a2-fd85-4e17-8100-27e1d85c5639 227e0995eb0a47d588257bd60018ec0b 16e97f613e524f4aa6d0ad5b29901302 - - - -] Unable to schedule network dd7c117c-ab90-4f19-acd7-66dbe47b369c: no agents available; will retry on subsequent port and subnet creation events.
2026-07-21 22:14:24.888 10 INFO neutron.db.ovn_revision_numbers_db [None req-9e13f0a2-fd85-4e17-8100-27e1d85c5639 227e0995eb0a47d588257bd60018ec0b 16e97f613e524f4aa6d0ad5b29901302 - - - -] Successfully bumped revision number for resource 9b1969d4-4b14-4c2c-a8d1-5ecf6919ff29 (type: ports) to 1
2026-07-21 22:14:24.915 10 INFO neutron.wsgi [None req-9e13f0a2-fd85-4e17-8100-27e1d85c5639 227e0995eb0a47d588257bd60018ec0b 16e97f613e524f4aa6d0ad5b29901302 - - - -] 10.0.0.116 "POST /v2.0/networks HTTP/1.1" status: 201 len: 830 time: 0.5128284
2026-07-21 22:14:24.980 9 INFO neutron.db.ovn_revision_numbers_db [None req-8d8d934d-c845-48f2-aaee-036b9739f8a9 17a4ae78c02447b1947cdcddbb8e8136 16f29bdd3cd84e41bd08b5836d45dbd0 - - - -] Successfully bumped revision number for resource 1078b10f-343b-486f-9690-a19f6255e827 (type: routers) to 1
2026-07-21 22:14:24.994 9 INFO neutron.wsgi [None req-8d8d934d-c845-48f2-aaee-036b9739f8a9 17a4ae78c02447b1947cdcddbb8e8136 16f29bdd3cd84e41bd08b5836d45dbd0 - - - -] 10.0.0.116 "POST /v2.0/routers HTTP/1.1" status: 201 len: 654 time: 0.1958039
2026-07-21 22:14:25.209 10 INFO neutron.db.ovn_revision_numbers_db [None req-81dccef0-a02a-4aad-899b-725b2e09b30f 17a4ae78c02447b1947cdcddbb8e8136 16f29bdd3cd84e41bd08b5836d45dbd0 - - - -] Successfully bumped revision number for resource c989fc3b-9edd-41f4-9502-4b80b0d90085 (type: routers) to 1
2026-07-21 22:14:25.228 10 INFO neutron.wsgi [None req-81dccef0-a02a-4aad-899b-725b2e09b30f 17a4ae78c02447b1947cdcddbb8e8136 16f29bdd3cd84e41bd08b5836d45dbd0 - - - -] 10.0.0.116 "POST /v2.0/routers HTTP/1.1" status: 201 len: 654 time: 0.2288096
2026-07-21 22:14:25.242 10 WARNING neutron.scheduler.dhcp_agent_scheduler [None req-7a1f093a-5c98-4ee1-bac4-7eb21518aa8f 227e0995eb0a47d588257bd60018ec0b 16e97f613e524f4aa6d0ad5b29901302 - - - -] No more DHCP agents
2026-07-21 22:14:25.244 10 WARNING neutron.api.rpc.agentnotifiers.dhcp_rpc_agent_api [None req-7a1f093a-5c98-4ee1-bac4-7eb21518aa8f 227e0995eb0a47d588257bd60018ec0b 16e97f613e524f4aa6d0ad5b29901302 - - - -] Unable to schedule network dd7c117c-ab90-4f19-acd7-66dbe47b369c: no agents available; will retry on subsequent port and subnet creation events.
2026-07-21 22:14:25.435 9 INFO neutron.db.ovn_revision_numbers_db [None req-2efc0852-a62f-4344-a89b-af0378ea4391 17a4ae78c02447b1947cdcddbb8e8136 16f29bdd3cd84e41bd08b5836d45dbd0 - - - -] Successfully bumped revision number for resource f50a9500-2c47-430a-934f-b599b65439f7 (type: routers) to 1
2026-07-21 22:14:25.459 9 INFO neutron.wsgi [None req-2efc0852-a62f-4344-a89b-af0378ea4391 17a4ae78c02447b1947cdcddbb8e8136 16f29bdd3cd84e41bd08b5836d45dbd0 - - - -] 10.0.0.116 "POST /v2.0/routers HTTP/1.1" status: 201 len: 654 time: 0.2253375
2026-07-21 22:14:25.518 9 INFO neutron.wsgi [None req-56f3445c-5bc9-47c0-8b13-33a0a16dfad8 17a4ae78c02447b1947cdcddbb8e8136 16f29bdd3cd84e41bd08b5836d45dbd0 - - - -] 10.0.0.116 "PUT /v2.0/routers/1a6bf085-5bcf-44e3-9aed-849b37d265d9/tags HTTP/1.1" status: 200 len: 210 time: 0.0538082
2026-07-21 22:14:25.549 10 INFO neutron.wsgi [-] 10.0.0.133 "GET / HTTP/1.1" status: 200 len: 246 time: 0.0017478
2026-07-21 22:14:25.551 10 INFO neutron.wsgi [-] 10.0.0.133 "GET / HTTP/1.1" status: 200 len: 246 time: 0.0011880
2026-07-21 22:14:25.585 9 INFO neutron.wsgi [None req-d73f4cf2-5717-4dbf-8bbe-8a122db2848f 17a4ae78c02447b1947cdcddbb8e8136 16f29bdd3cd84e41bd08b5836d45dbd0 - - - -] 10.0.0.116 "PUT /v2.0/routers/9c26bdae-c392-4910-9bd1-6d418f00fe97/tags HTTP/1.1" status: 200 len: 218 time: 0.0620079
2026-07-21 22:14:25.646 9 INFO neutron.wsgi [None req-1fe9bc96-e1f7-4b5b-b5e6-417bac17ba09 17a4ae78c02447b1947cdcddbb8e8136 16f29bdd3cd84e41bd08b5836d45dbd0 - - - -] 10.0.0.116 "PUT /v2.0/routers/1078b10f-343b-486f-9690-a19f6255e827/tags HTTP/1.1" status: 200 len: 227 time: 0.0544965
2026-07-21 22:14:25.696 9 INFO neutron.wsgi [None req-aa01979d-5f5a-4985-a237-3ede30f6bdac 17a4ae78c02447b1947cdcddbb8e8136 16f29bdd3cd84e41bd08b5836d45dbd0 - - - -] 10.0.0.116 "PUT /v2.0/routers/c989fc3b-9edd-41f4-9502-4b80b0d90085/tags HTTP/1.1" status: 200 len: 212 time: 0.0449922
2026-07-21 22:14:25.759 10 INFO neutron.db.ovn_revision_numbers_db [None req-7a1f093a-5c98-4ee1-bac4-7eb21518aa8f 227e0995eb0a47d588257bd60018ec0b 16e97f613e524f4aa6d0ad5b29901302 - - - -] Successfully bumped revision number for resource 9b1969d4-4b14-4c2c-a8d1-5ecf6919ff29 (type: ports) to 2
2026-07-21 22:14:25.773 10 INFO neutron.db.ovn_revision_numbers_db [None req-7a1f093a-5c98-4ee1-bac4-7eb21518aa8f 227e0995eb0a47d588257bd60018ec0b 16e97f613e524f4aa6d0ad5b29901302 - - - -] Successfully bumped revision number for resource 1ca55956-50b0-40b9-9e08-577b11ac1785 (type: subnets) to 0
2026-07-21 22:14:25.788 9 INFO neutron.wsgi [None req-67bbeb04-34cd-4afb-927e-81032bc80a85 17a4ae78c02447b1947cdcddbb8e8136 16f29bdd3cd84e41bd08b5836d45dbd0 - - default default] 10.0.0.116 "GET /v2.0/routers?tags=red HTTP/1.1" status: 200 len: 1601 time: 0.0860953
2026-07-21 22:14:25.790 10 INFO neutron.wsgi [None req-7a1f093a-5c98-4ee1-bac4-7eb21518aa8f 227e0995eb0a47d588257bd60018ec0b 16e97f613e524f4aa6d0ad5b29901302 - - - -] 10.0.0.116 "POST /v2.0/subnets HTTP/1.1" status: 201 len: 804 time: 0.8695893
2026-07-21 22:14:25.899 9 INFO neutron.wsgi [None req-6cd55ee6-a78f-4000-932e-3aea8a9c6b6a 17a4ae78c02447b1947cdcddbb8e8136 16f29bdd3cd84e41bd08b5836d45dbd0 - - default default] 10.0.0.116 "GET /v2.0/routers?tags=red%2Cblue HTTP/1.1" status: 200 len: 1144 time: 0.1038725
2026-07-21 22:14:25.901 10 INFO neutron.db.segments_db [None req-95e3055b-1a56-4025-8c72-fa717547fcd2 227e0995eb0a47d588257bd60018ec0b 16e97f613e524f4aa6d0ad5b29901302 - - - -] Added segment affca41c-1025-4ee1-a011-22ccbc6688fb of type geneve for network 4e413037-1fe4-4612-8cfd-aa4b135ac03b
2026-07-21 22:14:25.981 9 INFO neutron.wsgi [None req-19de4fe9-1536-4d2c-8d7e-1badc64165ec 17a4ae78c02447b1947cdcddbb8e8136 16f29bdd3cd84e41bd08b5836d45dbd0 - - default default] 10.0.0.116 "GET /v2.0/routers?tags-any=blue HTTP/1.1" status: 200 len: 1144 time: 0.0759978
2026-07-21 22:14:26.041 10 INFO neutron.db.ovn_revision_numbers_db [None req-95e3055b-1a56-4025-8c72-fa717547fcd2 227e0995eb0a47d588257bd60018ec0b 16e97f613e524f4aa6d0ad5b29901302 - - - -] Successfully bumped revision number for resource 4e413037-1fe4-4612-8cfd-aa4b135ac03b (type: networks) to 1
2026-07-21 22:14:26.273 10 WARNING neutron.scheduler.dhcp_agent_scheduler [None req-95e3055b-1a56-4025-8c72-fa717547fcd2 227e0995eb0a47d588257bd60018ec0b 16e97f613e524f4aa6d0ad5b29901302 - - - -] No more DHCP agents
2026-07-21 22:14:26.274 10 WARNING neutron.api.rpc.agentnotifiers.dhcp_rpc_agent_api [None req-95e3055b-1a56-4025-8c72-fa717547fcd2 227e0995eb0a47d588257bd60018ec0b 16e97f613e524f4aa6d0ad5b29901302 - - - -] Unable to schedule network 4e413037-1fe4-4612-8cfd-aa4b135ac03b: no agents available; will retry on subsequent port and subnet creation events.
2026-07-21 22:14:26.373 10 INFO neutron.db.ovn_revision_numbers_db [None req-95e3055b-1a56-4025-8c72-fa717547fcd2 227e0995eb0a47d588257bd60018ec0b 16e97f613e524f4aa6d0ad5b29901302 - - - -] Successfully bumped revision number for resource 80bbe94d-3b35-47e1-931e-b6d78b2e4995 (type: ports) to 1
2026-07-21 22:14:26.400 10 INFO neutron.wsgi [None req-95e3055b-1a56-4025-8c72-fa717547fcd2 227e0995eb0a47d588257bd60018ec0b 16e97f613e524f4aa6d0ad5b29901302 - - - -] 10.0.0.116 "POST /v2.0/networks HTTP/1.1" status: 201 len: 831 time: 0.6038074
2026-07-21 22:14:26.419 9 INFO neutron.wsgi [None req-df09dcc9-cb89-442d-b90a-1f2354b27d70 17a4ae78c02447b1947cdcddbb8e8136 16f29bdd3cd84e41bd08b5836d45dbd0 - - default default] 10.0.0.116 "GET /v2.0/routers?tags-any=red%2Cblue HTTP/1.1" status: 200 len: 1601 time: 0.4317086
2026-07-21 22:14:26.514 9 INFO neutron.wsgi [None req-1c61f5c4-065b-4319-9009-c656d4ab4539 17a4ae78c02447b1947cdcddbb8e8136 16f29bdd3cd84e41bd08b5836d45dbd0 - - default default] 10.0.0.116 "GET /v2.0/routers?not-tags=red HTTP/1.1" status: 200 len: 1116 time: 0.0908036
2026-07-21 22:14:26.611 9 INFO neutron.wsgi [None req-b8ea9dd6-91e3-441b-8fee-f1d9b9d2cf46 17a4ae78c02447b1947cdcddbb8e8136 16f29bdd3cd84e41bd08b5836d45dbd0 - - default default] 10.0.0.116 "GET /v2.0/routers?not-tags=red%2Cblue HTTP/1.1" status: 200 len: 1573 time: 0.0906236
2026-07-21 22:14:26.702 9 INFO neutron.wsgi [None req-8f421f29-916b-4cb1-bf7c-988bb6f8851a 17a4ae78c02447b1947cdcddbb8e8136 16f29bdd3cd84e41bd08b5836d45dbd0 - - default default] 10.0.0.116 "GET /v2.0/routers?not-tags-any=blue HTTP/1.1" status: 200 len: 1573 time: 0.0862577
2026-07-21 22:14:26.712 10 WARNING neutron.scheduler.dhcp_agent_scheduler [None req-a21f8326-2976-464c-b63d-3383a79edafc 227e0995eb0a47d588257bd60018ec0b 16e97f613e524f4aa6d0ad5b29901302 - - - -] No more DHCP agents
2026-07-21 22:14:26.714 10 WARNING neutron.api.rpc.agentnotifiers.dhcp_rpc_agent_api [None req-a21f8326-2976-464c-b63d-3383a79edafc 227e0995eb0a47d588257bd60018ec0b 16e97f613e524f4aa6d0ad5b29901302 - - - -] Unable to schedule network 4e413037-1fe4-4612-8cfd-aa4b135ac03b: no agents available; will retry on subsequent port and subnet creation events.
2026-07-21 22:14:26.767 9 INFO neutron.wsgi [None req-c574f7cd-4cc8-480c-b3c1-e637deb7451a 17a4ae78c02447b1947cdcddbb8e8136 16f29bdd3cd84e41bd08b5836d45dbd0 - - default default] 10.0.0.116 "GET /v2.0/routers?not-tags-any=red%2Cblue HTTP/1.1" status: 200 len: 1116 time: 0.0598974
2026-07-21 22:14:26.822 9 INFO neutron.wsgi [None req-9bb06f3e-25d0-4a31-9579-0d840784ef88 17a4ae78c02447b1947cdcddbb8e8136 16f29bdd3cd84e41bd08b5836d45dbd0 - - default default] 10.0.0.116 "GET /v2.0/routers/1a6bf085-5bcf-44e3-9aed-849b37d265d9 HTTP/1.1" status: 200 len: 660 time: 0.0494924
2026-07-21 22:14:27.194 10 INFO neutron.db.ovn_revision_numbers_db [None req-a21f8326-2976-464c-b63d-3383a79edafc 227e0995eb0a47d588257bd60018ec0b 16e97f613e524f4aa6d0ad5b29901302 - - - -] Successfully bumped revision number for resource 80bbe94d-3b35-47e1-931e-b6d78b2e4995 (type: ports) to 2
2026-07-21 22:14:27.212 10 INFO neutron.db.ovn_revision_numbers_db [None req-a21f8326-2976-464c-b63d-3383a79edafc 227e0995eb0a47d588257bd60018ec0b 16e97f613e524f4aa6d0ad5b29901302 - - - -] Successfully bumped revision number for resource 9e4bde18-8995-454e-b545-7ee82a010cdf (type: subnets) to 0
2026-07-21 22:14:27.227 10 INFO neutron.wsgi [None req-a21f8326-2976-464c-b63d-3383a79edafc 227e0995eb0a47d588257bd60018ec0b 16e97f613e524f4aa6d0ad5b29901302 - - - -] 10.0.0.116 "POST /v2.0/subnets HTTP/1.1" status: 201 len: 804 time: 0.8223207
2026-07-21 22:14:27.261 9 INFO neutron.db.ovn_revision_numbers_db [None req-d227c444-4d00-46c5-bceb-0637fa2295a4 17a4ae78c02447b1947cdcddbb8e8136 16f29bdd3cd84e41bd08b5836d45dbd0 - - - -] Successfully bumped revision number for resource 1a6bf085-5bcf-44e3-9aed-849b37d265d9 (type: routers) to 4
2026-07-21 22:14:27.264 9 INFO neutron.wsgi [None req-d227c444-4d00-46c5-bceb-0637fa2295a4 17a4ae78c02447b1947cdcddbb8e8136 16f29bdd3cd84e41bd08b5836d45dbd0 - - - -] 10.0.0.116 "PUT /v2.0/routers/1a6bf085-5bcf-44e3-9aed-849b37d265d9 HTTP/1.1" status: 200 len: 660 time: 0.4382825
2026-07-21 22:14:27.293 9 INFO neutron.wsgi [None req-0227ba14-f85d-47ed-9e10-23f604b1036e 17a4ae78c02447b1947cdcddbb8e8136 16f29bdd3cd84e41bd08b5836d45dbd0 - - default default] 10.0.0.116 "GET /v2.0/ports?device_id=1a6bf085-5bcf-44e3-9aed-849b37d265d9 HTTP/1.1" status: 200 len: 205 time: 0.0235868
2026-07-21 22:14:27.314 10 INFO neutron.db.segments_db [None req-6d780d8f-6f05-492a-824e-e247e5d15e7a 227e0995eb0a47d588257bd60018ec0b 16e97f613e524f4aa6d0ad5b29901302 - - - -] Added segment c084d013-4e02-4b3c-a4ab-122479f61ff7 of type geneve for network cb1d129d-0f40-4105-b117-a39bd8157670
2026-07-21 22:14:27.443 10 INFO neutron.db.ovn_revision_numbers_db [None req-6d780d8f-6f05-492a-824e-e247e5d15e7a 227e0995eb0a47d588257bd60018ec0b 16e97f613e524f4aa6d0ad5b29901302 - - - -] Successfully bumped revision number for resource cb1d129d-0f40-4105-b117-a39bd8157670 (type: networks) to 1
2026-07-21 22:14:27.768 9 INFO neutron.wsgi [None req-9dee7f14-2486-4a43-8828-689e72b73b11 17a4ae78c02447b1947cdcddbb8e8136 16f29bdd3cd84e41bd08b5836d45dbd0 - - - -] 10.0.0.116 "DELETE /v2.0/routers/1a6bf085-5bcf-44e3-9aed-849b37d265d9 HTTP/1.1" status: 204 len: 168 time: 0.4699032
2026-07-21 22:14:27.822 9 INFO neutron.wsgi [None req-117aa8b1-a7d3-429a-a9df-ac7710a165bf 17a4ae78c02447b1947cdcddbb8e8136 16f29bdd3cd84e41bd08b5836d45dbd0 - - default default] 10.0.0.116 "GET /v2.0/routers/9c26bdae-c392-4910-9bd1-6d418f00fe97 HTTP/1.1" status: 200 len: 668 time: 0.0483143
2026-07-21 22:14:27.965 10 WARNING neutron.scheduler.dhcp_agent_scheduler [None req-6d780d8f-6f05-492a-824e-e247e5d15e7a 227e0995eb0a47d588257bd60018ec0b 16e97f613e524f4aa6d0ad5b29901302 - - - -] No more DHCP agents
2026-07-21 22:14:27.967 10 WARNING neutron.api.rpc.agentnotifiers.dhcp_rpc_agent_api [None req-6d780d8f-6f05-492a-824e-e247e5d15e7a 227e0995eb0a47d588257bd60018ec0b 16e97f613e524f4aa6d0ad5b29901302 - - - -] Unable to schedule network cb1d129d-0f40-4105-b117-a39bd8157670: no agents available; will retry on subsequent port and subnet creation events.
2026-07-21 22:14:28.031 10 INFO neutron.db.ovn_revision_numbers_db [None req-6d780d8f-6f05-492a-824e-e247e5d15e7a 227e0995eb0a47d588257bd60018ec0b 16e97f613e524f4aa6d0ad5b29901302 - - - -] Successfully bumped revision number for resource a09c9323-0a69-4730-b67d-32f0be98cb61 (type: ports) to 1
2026-07-21 22:14:28.054 10 INFO neutron.wsgi [None req-6d780d8f-6f05-492a-824e-e247e5d15e7a 227e0995eb0a47d588257bd60018ec0b 16e97f613e524f4aa6d0ad5b29901302 - - - -] 10.0.0.116 "POST /v2.0/networks HTTP/1.1" status: 201 len: 830 time: 0.8193507
2026-07-21 22:14:28.277 9 INFO neutron.db.ovn_revision_numbers_db [None req-c0b5bd91-2450-46a9-a93b-5ab8f2e72512 17a4ae78c02447b1947cdcddbb8e8136 16f29bdd3cd84e41bd08b5836d45dbd0 - - - -] Successfully bumped revision number for resource 9c26bdae-c392-4910-9bd1-6d418f00fe97 (type: routers) to 4
2026-07-21 22:14:28.281 9 INFO neutron.wsgi [None req-c0b5bd91-2450-46a9-a93b-5ab8f2e72512 17a4ae78c02447b1947cdcddbb8e8136 16f29bdd3cd84e41bd08b5836d45dbd0 - - - -] 10.0.0.116 "PUT /v2.0/routers/9c26bdae-c392-4910-9bd1-6d418f00fe97 HTTP/1.1" status: 200 len: 668 time: 0.4544089
2026-07-21 22:14:28.306 10 WARNING neutron.scheduler.dhcp_agent_scheduler [None req-dc3b9c6f-99bc-4634-91e3-e0f394168b0a 227e0995eb0a47d588257bd60018ec0b 16e97f613e524f4aa6d0ad5b29901302 - - - -] No more DHCP agents
2026-07-21 22:14:28.308 10 WARNING neutron.api.rpc.agentnotifiers.dhcp_rpc_agent_api [None req-dc3b9c6f-99bc-4634-91e3-e0f394168b0a 227e0995eb0a47d588257bd60018ec0b 16e97f613e524f4aa6d0ad5b29901302 - - - -] Unable to schedule network cb1d129d-0f40-4105-b117-a39bd8157670: no agents available; will retry on subsequent port and subnet creation events.
2026-07-21 22:14:28.312 9 INFO neutron.wsgi [None req-f97094b4-0455-4c4b-8add-60fae666c3be 17a4ae78c02447b1947cdcddbb8e8136 16f29bdd3cd84e41bd08b5836d45dbd0 - - default default] 10.0.0.116 "GET /v2.0/ports?device_id=9c26bdae-c392-4910-9bd1-6d418f00fe97 HTTP/1.1" status: 200 len: 205 time: 0.0242729
2026-07-21 22:14:28.561 9 INFO neutron.wsgi [None req-8112cdd7-0906-47d4-8a84-4182ffad170b 17a4ae78c02447b1947cdcddbb8e8136 16f29bdd3cd84e41bd08b5836d45dbd0 - - - -] 10.0.0.116 "DELETE /v2.0/routers/9c26bdae-c392-4910-9bd1-6d418f00fe97 HTTP/1.1" status: 204 len: 168 time: 0.2419410
2026-07-21 22:14:28.634 9 INFO neutron.wsgi [None req-95249bd6-d148-45a5-b457-0a5d005fbbd5 17a4ae78c02447b1947cdcddbb8e8136 16f29bdd3cd84e41bd08b5836d45dbd0 - - default default] 10.0.0.116 "GET /v2.0/routers/1078b10f-343b-486f-9690-a19f6255e827 HTTP/1.1" status: 200 len: 677 time: 0.0682464
2026-07-21 22:14:28.744 10 INFO neutron.db.ovn_revision_numbers_db [None req-dc3b9c6f-99bc-4634-91e3-e0f394168b0a 227e0995eb0a47d588257bd60018ec0b 16e97f613e524f4aa6d0ad5b29901302 - - - -] Successfully bumped revision number for resource a09c9323-0a69-4730-b67d-32f0be98cb61 (type: ports) to 2
2026-07-21 22:14:28.761 10 INFO neutron.db.ovn_revision_numbers_db [None req-dc3b9c6f-99bc-4634-91e3-e0f394168b0a 227e0995eb0a47d588257bd60018ec0b 16e97f613e524f4aa6d0ad5b29901302 - - - -] Successfully bumped revision number for resource 32e279f6-d95f-4e18-9669-5771cb52aeff (type: subnets) to 0
2026-07-21 22:14:28.778 10 INFO neutron.wsgi [None req-dc3b9c6f-99bc-4634-91e3-e0f394168b0a 227e0995eb0a47d588257bd60018ec0b 16e97f613e524f4aa6d0ad5b29901302 - - - -] 10.0.0.116 "POST /v2.0/subnets HTTP/1.1" status: 201 len: 804 time: 0.7184808
2026-07-21 22:14:28.840 10 INFO neutron.wsgi [None req-2495999a-3acd-4f08-a67d-23c4dee325ee 227e0995eb0a47d588257bd60018ec0b 16e97f613e524f4aa6d0ad5b29901302 - - - -] 10.0.0.116 "PUT /v2.0/subnets/4f462860-273b-4d85-908b-81b3c500b98d/tags HTTP/1.1" status: 200 len: 210 time: 0.0556588
2026-07-21 22:14:28.892 10 INFO neutron.wsgi [None req-564db0bd-9443-4e2a-92e2-fa9cee970b18 227e0995eb0a47d588257bd60018ec0b 16e97f613e524f4aa6d0ad5b29901302 - - - -] 10.0.0.116 "PUT /v2.0/subnets/cf53f9dc-5cfe-46ec-a173-166e602378cd/tags HTTP/1.1" status: 200 len: 218 time: 0.0442505
2026-07-21 22:14:29.004 9 INFO neutron.wsgi [None req-e8291dbd-240b-4943-a1a0-10210d6722d2 227e0995eb0a47d588257bd60018ec0b 16e97f613e524f4aa6d0ad5b29901302 - - - -] 10.0.0.116 "PUT /v2.0/subnets/1ca55956-50b0-40b9-9e08-577b11ac1785/tags HTTP/1.1" status: 200 len: 227 time: 0.1065032
2026-07-21 22:14:29.111 9 INFO neutron.wsgi [None req-1ff78906-9f44-434a-904f-7ac60481b69d 227e0995eb0a47d588257bd60018ec0b 16e97f613e524f4aa6d0ad5b29901302 - - - -] 10.0.0.116 "PUT /v2.0/subnets/9e4bde18-8995-454e-b545-7ee82a010cdf/tags HTTP/1.1" status: 200 len: 212 time: 0.1005437
2026-07-21 22:14:29.434 9 INFO neutron.wsgi [None req-3760fb71-5fb8-43a1-b8c2-aef5ca644719 227e0995eb0a47d588257bd60018ec0b 16e97f613e524f4aa6d0ad5b29901302 - - default default] 10.0.0.116 "GET /v2.0/subnets?tags=red HTTP/1.1" status: 200 len: 2027 time: 0.3188889
2026-07-21 22:14:29.514 9 INFO neutron.db.ovn_revision_numbers_db [None req-7f68a381-0e6f-4ce6-82e5-4f0d58d67122 17a4ae78c02447b1947cdcddbb8e8136 16f29bdd3cd84e41bd08b5836d45dbd0 - - - -] Successfully bumped revision number for resource 1078b10f-343b-486f-9690-a19f6255e827 (type: routers) to 4
2026-07-21 22:14:29.518 9 INFO neutron.wsgi [None req-7f68a381-0e6f-4ce6-82e5-4f0d58d67122 17a4ae78c02447b1947cdcddbb8e8136 16f29bdd3cd84e41bd08b5836d45dbd0 - - - -] 10.0.0.116 "PUT /v2.0/routers/1078b10f-343b-486f-9690-a19f6255e827 HTTP/1.1" status: 200 len: 677 time: 0.8776517
2026-07-21 22:14:29.535 10 INFO neutron.wsgi [None req-1baaf9ae-47e6-41f5-9cd4-8b2d37de4957 227e0995eb0a47d588257bd60018ec0b 16e97f613e524f4aa6d0ad5b29901302 - - default default] 10.0.0.116 "GET /v2.0/subnets?tags=red%2Cblue HTTP/1.1" status: 200 len: 1430 time: 0.0950282
2026-07-21 22:14:29.544 10 INFO neutron.wsgi [None req-884872f2-116c-4428-9650-c48fea9aa7c6 17a4ae78c02447b1947cdcddbb8e8136 16f29bdd3cd84e41bd08b5836d45dbd0 - - default default] 10.0.0.116 "GET /v2.0/ports?device_id=1078b10f-343b-486f-9690-a19f6255e827 HTTP/1.1" status: 200 len: 205 time: 0.0211177
2026-07-21 22:14:29.620 9 INFO neutron.wsgi [None req-17414554-8ff2-4d68-9c81-c0d1f5f564a9 227e0995eb0a47d588257bd60018ec0b 16e97f613e524f4aa6d0ad5b29901302 - - default default] 10.0.0.116 "GET /v2.0/subnets?tags-any=blue HTTP/1.1" status: 200 len: 1430 time: 0.0795765
2026-07-21 22:14:29.666 9 INFO neutron.wsgi [None req-2d6ae05a-03af-422c-befc-ccb6fe24f9bf 227e0995eb0a47d588257bd60018ec0b 16e97f613e524f4aa6d0ad5b29901302 - - default default] 10.0.0.116 "GET /v2.0/subnets?tags-any=red%2Cblue HTTP/1.1" status: 200 len: 2027 time: 0.0410254
2026-07-21 22:14:29.741 9 INFO neutron.wsgi [None req-1d41d04e-b921-4907-bfad-36d71111f920 227e0995eb0a47d588257bd60018ec0b 16e97f613e524f4aa6d0ad5b29901302 - - default default] 10.0.0.116 "GET /v2.0/subnets?not-tags=red HTTP/1.1" status: 200 len: 2018 time: 0.0690825
2026-07-21 22:14:29.753 10 INFO neutron.wsgi [None req-6a855b56-a6e5-4043-a0d3-fa42ed26a2b2 17a4ae78c02447b1947cdcddbb8e8136 16f29bdd3cd84e41bd08b5836d45dbd0 - - - -] 10.0.0.116 "DELETE /v2.0/routers/1078b10f-343b-486f-9690-a19f6255e827 HTTP/1.1" status: 204 len: 168 time: 0.2031946
2026-07-21 22:14:29.813 10 INFO neutron.wsgi [None req-fe016d3b-89cd-4f08-b7d7-b77ce2b4275b 17a4ae78c02447b1947cdcddbb8e8136 16f29bdd3cd84e41bd08b5836d45dbd0 - - default default] 10.0.0.116 "GET /v2.0/routers/c989fc3b-9edd-41f4-9502-4b80b0d90085 HTTP/1.1" status: 200 len: 662 time: 0.0551035
2026-07-21 22:14:29.821 9 INFO neutron.wsgi [None req-317365da-7480-4759-8b69-605b813c5634 227e0995eb0a47d588257bd60018ec0b 16e97f613e524f4aa6d0ad5b29901302 - - default default] 10.0.0.116 "GET /v2.0/subnets?not-tags=red%2Cblue HTTP/1.1" status: 200 len: 2615 time: 0.0755720
2026-07-21 22:14:29.891 9 INFO neutron.wsgi [None req-685fc26d-a58b-46d1-9277-2533edb06ba9 227e0995eb0a47d588257bd60018ec0b 16e97f613e524f4aa6d0ad5b29901302 - - default default] 10.0.0.116 "GET /v2.0/subnets?not-tags-any=blue HTTP/1.1" status: 200 len: 2615 time: 0.0629287
2026-07-21 22:14:29.950 9 INFO neutron.wsgi [None req-903f46be-9e1e-4c6a-bee2-f2d070009d01 227e0995eb0a47d588257bd60018ec0b 16e97f613e524f4aa6d0ad5b29901302 - - default default] 10.0.0.116 "GET /v2.0/subnets?not-tags-any=red%2Cblue HTTP/1.1" status: 200 len: 2018 time: 0.0478225
2026-07-21 22:14:30.160 9 INFO neutron.wsgi [None req-019f4e89-5c5b-4917-93e2-baac3cd9568d 227e0995eb0a47d588257bd60018ec0b 16e97f613e524f4aa6d0ad5b29901302 - - - -] 10.0.0.116 "DELETE /v2.0/subnets/4f462860-273b-4d85-908b-81b3c500b98d HTTP/1.1" status: 204 len: 168 time: 0.1999567
2026-07-21 22:14:30.337 10 INFO neutron.db.ovn_revision_numbers_db [None req-309eadf8-e43f-41ea-913e-1789fd582c30 17a4ae78c02447b1947cdcddbb8e8136 16f29bdd3cd84e41bd08b5836d45dbd0 - - - -] Successfully bumped revision number for resource c989fc3b-9edd-41f4-9502-4b80b0d90085 (type: routers) to 4
2026-07-21 22:14:30.341 10 INFO neutron.wsgi [None req-309eadf8-e43f-41ea-913e-1789fd582c30 17a4ae78c02447b1947cdcddbb8e8136 16f29bdd3cd84e41bd08b5836d45dbd0 - - - -] 10.0.0.116 "PUT /v2.0/routers/c989fc3b-9edd-41f4-9502-4b80b0d90085 HTTP/1.1" status: 200 len: 662 time: 0.5229194
2026-07-21 22:14:30.366 9 INFO neutron.wsgi [None req-ae4f3354-3bc1-4a65-bc6e-c961203e66c5 227e0995eb0a47d588257bd60018ec0b 16e97f613e524f4aa6d0ad5b29901302 - - - -] 10.0.0.116 "DELETE /v2.0/subnets/cf53f9dc-5cfe-46ec-a173-166e602378cd HTTP/1.1" status: 204 len: 168 time: 0.1992695
2026-07-21 22:14:30.366 10 INFO neutron.wsgi [None req-0ff480c8-060a-4dbd-b5cc-d72cf05f78b5 17a4ae78c02447b1947cdcddbb8e8136 16f29bdd3cd84e41bd08b5836d45dbd0 - - default default] 10.0.0.116 "GET /v2.0/ports?device_id=c989fc3b-9edd-41f4-9502-4b80b0d90085 HTTP/1.1" status: 200 len: 205 time: 0.0199094
2026-07-21 22:14:30.582 10 INFO neutron.wsgi [None req-ef82d6b2-2c64-4e9d-92f4-c217431cb36a 17a4ae78c02447b1947cdcddbb8e8136 16f29bdd3cd84e41bd08b5836d45dbd0 - - - -] 10.0.0.116 "DELETE /v2.0/routers/c989fc3b-9edd-41f4-9502-4b80b0d90085 HTTP/1.1" status: 204 len: 168 time: 0.2108715
2026-07-21 22:14:30.601 9 INFO neutron.wsgi [None req-e08b1702-91ef-41bf-85de-688a0e5d1ba7 227e0995eb0a47d588257bd60018ec0b 16e97f613e524f4aa6d0ad5b29901302 - - - -] 10.0.0.116 "DELETE /v2.0/subnets/1ca55956-50b0-40b9-9e08-577b11ac1785 HTTP/1.1" status: 204 len: 168 time: 0.2290089
2026-07-21 22:14:30.634 10 INFO neutron.wsgi [None req-128d78dd-fe4b-4136-8f35-7b82db4b88b0 17a4ae78c02447b1947cdcddbb8e8136 16f29bdd3cd84e41bd08b5836d45dbd0 - - default default] 10.0.0.116 "GET /v2.0/routers/f50a9500-2c47-430a-934f-b599b65439f7 HTTP/1.1" status: 200 len: 655 time: 0.0458841
2026-07-21 22:14:31.024 9 INFO neutron.wsgi [None req-1ffd977d-d6d1-4958-9a48-1251cd18acec 227e0995eb0a47d588257bd60018ec0b 16e97f613e524f4aa6d0ad5b29901302 - - - -] 10.0.0.116 "DELETE /v2.0/subnets/9e4bde18-8995-454e-b545-7ee82a010cdf HTTP/1.1" status: 204 len: 168 time: 0.4167538
2026-07-21 22:14:31.159 9 INFO neutron.db.ovn_revision_numbers_db [None req-2092b79b-c76d-453c-8ca4-3ef3a4a53023 17a4ae78c02447b1947cdcddbb8e8136 16f29bdd3cd84e41bd08b5836d45dbd0 - - - -] Successfully bumped revision number for resource f50a9500-2c47-430a-934f-b599b65439f7 (type: routers) to 3
2026-07-21 22:14:31.162 9 INFO neutron.wsgi [None req-2092b79b-c76d-453c-8ca4-3ef3a4a53023 17a4ae78c02447b1947cdcddbb8e8136 16f29bdd3cd84e41bd08b5836d45dbd0 - - - -] 10.0.0.116 "PUT /v2.0/routers/f50a9500-2c47-430a-934f-b599b65439f7 HTTP/1.1" status: 200 len: 655 time: 0.5233924
2026-07-21 22:14:31.198 9 INFO neutron.wsgi [None req-8d302c5b-e827-4d76-ab95-3a9ef17d622e 17a4ae78c02447b1947cdcddbb8e8136 16f29bdd3cd84e41bd08b5836d45dbd0 - - default default] 10.0.0.116 "GET /v2.0/ports?device_id=f50a9500-2c47-430a-934f-b599b65439f7 HTTP/1.1" status: 200 len: 205 time: 0.0296555
2026-07-21 22:14:31.232 10 INFO neutron.wsgi [None req-df47991d-7924-4f04-84d7-8f55116d559b 227e0995eb0a47d588257bd60018ec0b 16e97f613e524f4aa6d0ad5b29901302 - - - -] 10.0.0.116 "DELETE /v2.0/subnets/32e279f6-d95f-4e18-9669-5771cb52aeff HTTP/1.1" status: 204 len: 168 time: 0.2015579
2026-07-21 22:14:31.583 10 INFO neutron.services.segments.plugin [-] Segment 124e00c4-3ed6-4e4f-9afa-9396fc26881d resource provider aggregate not found
2026-07-21 22:14:31.588 10 INFO neutron.services.segments.plugin [-] Segment 124e00c4-3ed6-4e4f-9afa-9396fc26881d resource provider aggregate not found
2026-07-21 22:14:31.611 10 INFO neutron.services.segments.plugin [-] Segment 124e00c4-3ed6-4e4f-9afa-9396fc26881d resource provider not found; error: Placement Client Error (4xx): {"errors": [{"status": 404, "title": "Not Found", "detail": "The resource could not be found.\n\n No resource provider with uuid 124e00c4-3ed6-4e4f-9afa-9396fc26881d found for delete ", "request_id": "req-73e9a280-4a6c-4a5c-8ade-aa969b8baf3d"}]}
2026-07-21 22:14:31.613 10 INFO neutron.services.segments.plugin [-] Segment 124e00c4-3ed6-4e4f-9afa-9396fc26881d resource provider not found; error: Placement Client Error (4xx): {"errors": [{"status": 404, "title": "Not Found", "detail": "The resource could not be found.\n\n No resource provider with uuid 124e00c4-3ed6-4e4f-9afa-9396fc26881d found for delete ", "request_id": "req-148102f0-4378-4b7a-bb0f-3a177b14ce78"}]}
2026-07-21 22:14:31.625 10 INFO neutron.wsgi [None req-6a32fd1f-5f8c-49dc-b5b6-17a1c7415def 227e0995eb0a47d588257bd60018ec0b 16e97f613e524f4aa6d0ad5b29901302 - - - -] 10.0.0.116 "DELETE /v2.0/networks/aea9d95b-42a5-447e-a573-d48109a7b981 HTTP/1.1" status: 204 len: 168 time: 0.3889022
2026-07-21 22:14:31.730 9 INFO neutron.wsgi [None req-a87cb0a0-70e1-462b-b3d2-1d632671fad9 17a4ae78c02447b1947cdcddbb8e8136 16f29bdd3cd84e41bd08b5836d45dbd0 - - - -] 10.0.0.116 "DELETE /v2.0/routers/f50a9500-2c47-430a-934f-b599b65439f7 HTTP/1.1" status: 204 len: 168 time: 0.5279763
2026-07-21 22:14:32.386 10 INFO neutron.wsgi [None req-298ce868-8b3c-41d4-bf62-b305035de225 227e0995eb0a47d588257bd60018ec0b 16e97f613e524f4aa6d0ad5b29901302 - - - -] 10.0.0.116 "DELETE /v2.0/networks/a996289e-8cab-4ef3-b950-b9adda17d35b HTTP/1.1" status: 204 len: 168 time: 0.7535937
2026-07-21 22:14:32.797 10 INFO neutron.wsgi [None req-57724a96-e8aa-47ea-85de-b3e478858a74 227e0995eb0a47d588257bd60018ec0b 16e97f613e524f4aa6d0ad5b29901302 - - - -] 10.0.0.116 "DELETE /v2.0/networks/dd7c117c-ab90-4f19-acd7-66dbe47b369c HTTP/1.1" status: 204 len: 168 time: 0.3996871
2026-07-21 22:14:33.123 9 INFO neutron.db.ovn_revision_numbers_db [None req-219205d0-bcb9-460f-adfa-52fbbfd0bda2 a179550bd99a4fd6af3a5e6f28150aeb 9e55c4fc1fa7418d8af6eabbdbfc05de - - default default] Successfully bumped revision number for resource 5e20b8e6-cfbb-40b0-93bc-7c34da8eaf72 (type: security_groups) to 1
2026-07-21 22:14:33.155 9 INFO neutron.wsgi [None req-219205d0-bcb9-460f-adfa-52fbbfd0bda2 a179550bd99a4fd6af3a5e6f28150aeb 9e55c4fc1fa7418d8af6eabbdbfc05de - - default default] 10.0.0.116 "GET /v2.0/security-groups?tenant_id=b85b4c8cfc5941dfb69808cd96c08306&name=default HTTP/1.1" status: 200 len: 3000 time: 0.4316113
2026-07-21 22:14:33.271 9 INFO neutron.services.segments.plugin [-] Segment affca41c-1025-4ee1-a011-22ccbc6688fb resource provider aggregate not found
2026-07-21 22:14:33.291 9 INFO neutron.services.segments.plugin [-] Segment affca41c-1025-4ee1-a011-22ccbc6688fb resource provider not found; error: Placement Client Error (4xx): {"errors": [{"status": 404, "title": "Not Found", "detail": "The resource could not be found.\n\n No resource provider with uuid affca41c-1025-4ee1-a011-22ccbc6688fb found for delete ", "request_id": "req-e74406d2-07d8-4bcd-9c1a-32a2f06f914b"}]}
2026-07-21 22:14:33.291 9 INFO neutron.services.segments.plugin [-] Segment affca41c-1025-4ee1-a011-22ccbc6688fb resource provider aggregate not found
2026-07-21 22:14:33.311 9 INFO neutron.services.segments.plugin [-] Segment affca41c-1025-4ee1-a011-22ccbc6688fb resource provider not found; error: Placement Client Error (4xx): {"errors": [{"status": 404, "title": "Not Found", "detail": "The resource could not be found.\n\n No resource provider with uuid affca41c-1025-4ee1-a011-22ccbc6688fb found for delete ", "request_id": "req-39624f2e-7c3d-43f3-8155-5ddcbc7885fd"}]}
2026-07-21 22:14:33.325 9 INFO neutron.wsgi [None req-5d8fc257-89a4-48f2-8caf-c31737a17668 227e0995eb0a47d588257bd60018ec0b 16e97f613e524f4aa6d0ad5b29901302 - - - -] 10.0.0.116 "DELETE /v2.0/networks/4e413037-1fe4-4612-8cfd-aa4b135ac03b HTTP/1.1" status: 204 len: 168 time: 0.5202355
2026-07-21 22:14:33.350 10 INFO neutron.wsgi [None req-da756882-b83e-4779-ba17-ec9ccb6474c0 a179550bd99a4fd6af3a5e6f28150aeb 9e55c4fc1fa7418d8af6eabbdbfc05de - - - -] 10.0.0.116 "DELETE /v2.0/security-groups/5e20b8e6-cfbb-40b0-93bc-7c34da8eaf72 HTTP/1.1" status: 204 len: 168 time: 0.1891308
2026-07-21 22:14:33.528 9 INFO neutron.db.ovn_revision_numbers_db [None req-ef9dbe16-0684-4f96-8a6b-f6099d921ca0 a179550bd99a4fd6af3a5e6f28150aeb 9e55c4fc1fa7418d8af6eabbdbfc05de - - default default] Successfully bumped revision number for resource 62923e60-3cad-48d8-b069-c97b0dca730e (type: security_groups) to 1
2026-07-21 22:14:33.550 9 INFO neutron.wsgi [None req-ef9dbe16-0684-4f96-8a6b-f6099d921ca0 a179550bd99a4fd6af3a5e6f28150aeb 9e55c4fc1fa7418d8af6eabbdbfc05de - - default default] 10.0.0.116 "GET /v2.0/security-groups?tenant_id=16f29bdd3cd84e41bd08b5836d45dbd0&name=default HTTP/1.1" status: 200 len: 3000 time: 0.1083093
2026-07-21 22:14:33.636 10 INFO neutron.services.segments.plugin [-] Segment 534d6ef4-1e3e-4226-a6ac-beb511fd81d5 resource provider aggregate not found
2026-07-21 22:14:33.643 10 INFO neutron.services.segments.plugin [-] Segment 534d6ef4-1e3e-4226-a6ac-beb511fd81d5 resource provider aggregate not found
2026-07-21 22:14:33.659 10 INFO neutron.services.segments.plugin [-] Segment 534d6ef4-1e3e-4226-a6ac-beb511fd81d5 resource provider not found; error: Placement Client Error (4xx): {"errors": [{"status": 404, "title": "Not Found", "detail": "The resource could not be found.\n\n No resource provider with uuid 534d6ef4-1e3e-4226-a6ac-beb511fd81d5 found for delete ", "request_id": "req-f7237ac0-4956-4a74-bbbc-d5cc26fe2a18"}]}
2026-07-21 22:14:33.665 10 INFO neutron.services.segments.plugin [-] Segment 534d6ef4-1e3e-4226-a6ac-beb511fd81d5 resource provider not found; error: Placement Client Error (4xx): {"errors": [{"status": 404, "title": "Not Found", "detail": "The resource could not be found.\n\n No resource provider with uuid 534d6ef4-1e3e-4226-a6ac-beb511fd81d5 found for delete ", "request_id": "req-0119ce6d-b924-4159-a8b0-7aa226341eef"}]}
2026-07-21 22:14:33.678 10 INFO neutron.services.segments.plugin [-] Segment 5a1f7384-5faa-4b1c-9798-2ac4f81994f3 resource provider aggregate not found
2026-07-21 22:14:33.685 10 INFO neutron.services.segments.plugin [-] Segment 5a1f7384-5faa-4b1c-9798-2ac4f81994f3 resource provider aggregate not found
2026-07-21 22:14:33.699 10 INFO neutron.services.segments.plugin [-] Segment 5a1f7384-5faa-4b1c-9798-2ac4f81994f3 resource provider not found; error: Placement Client Error (4xx): {"errors": [{"status": 404, "title": "Not Found", "detail": "The resource could not be found.\n\n No resource provider with uuid 5a1f7384-5faa-4b1c-9798-2ac4f81994f3 found for delete ", "request_id": "req-782363ad-e713-431c-9880-9ecfbb9a5341"}]}
2026-07-21 22:14:33.701 10 INFO neutron.services.segments.plugin [-] Segment 5a1f7384-5faa-4b1c-9798-2ac4f81994f3 resource provider not found; error: Placement Client Error (4xx): {"errors": [{"status": 404, "title": "Not Found", "detail": "The resource could not be found.\n\n No resource provider with uuid 5a1f7384-5faa-4b1c-9798-2ac4f81994f3 found for delete ", "request_id": "req-b0b11a17-5d51-480a-8543-f4d7a2497aab"}]}
2026-07-21 22:14:33.744 9 INFO neutron.wsgi [None req-7880e31f-ac36-434e-a947-dcc83ea01c7d a179550bd99a4fd6af3a5e6f28150aeb 9e55c4fc1fa7418d8af6eabbdbfc05de - - - -] 10.0.0.116 "DELETE /v2.0/security-groups/62923e60-3cad-48d8-b069-c97b0dca730e HTTP/1.1" status: 204 len: 168 time: 0.1870878
2026-07-21 22:14:33.745 10 INFO neutron.wsgi [None req-77720f1d-f5f0-4d07-aaf6-9ec08830ed3e 227e0995eb0a47d588257bd60018ec0b 16e97f613e524f4aa6d0ad5b29901302 - - - -] 10.0.0.116 "DELETE /v2.0/networks/cb1d129d-0f40-4105-b117-a39bd8157670 HTTP/1.1" status: 204 len: 168 time: 0.4156570
2026-07-21 22:14:34.045 10 INFO neutron.db.ovn_revision_numbers_db [None req-5e6805d5-d897-4d1e-9c50-a56f0d70876d a179550bd99a4fd6af3a5e6f28150aeb 9e55c4fc1fa7418d8af6eabbdbfc05de - - default default] Successfully bumped revision number for resource f02abd65-0ec8-461f-b581-e5d305e0f732 (type: security_groups) to 1
2026-07-21 22:14:34.065 10 INFO neutron.wsgi [None req-5e6805d5-d897-4d1e-9c50-a56f0d70876d a179550bd99a4fd6af3a5e6f28150aeb 9e55c4fc1fa7418d8af6eabbdbfc05de - - default default] 10.0.0.116 "GET /v2.0/security-groups?tenant_id=a90d520fa35a4137861f8c033f0f47ab&name=default HTTP/1.1" status: 200 len: 3000 time: 0.1220520
2026-07-21 22:14:34.285 10 INFO neutron.wsgi [None req-9c2348ec-6f48-4237-b520-02d84ad6c43e a179550bd99a4fd6af3a5e6f28150aeb 9e55c4fc1fa7418d8af6eabbdbfc05de - - - -] 10.0.0.116 "DELETE /v2.0/security-groups/f02abd65-0ec8-461f-b581-e5d305e0f732 HTTP/1.1" status: 204 len: 168 time: 0.2147443
2026-07-21 22:14:34.985 10 INFO neutron.db.ovn_revision_numbers_db [None req-35ed7559-ca90-419d-96bf-788e476c6acb a179550bd99a4fd6af3a5e6f28150aeb 9e55c4fc1fa7418d8af6eabbdbfc05de - - default default] Successfully bumped revision number for resource 41602c46-8742-4e48-a180-ff8d789c62d6 (type: security_groups) to 1
2026-07-21 22:14:35.005 10 INFO neutron.wsgi [None req-35ed7559-ca90-419d-96bf-788e476c6acb a179550bd99a4fd6af3a5e6f28150aeb 9e55c4fc1fa7418d8af6eabbdbfc05de - - default default] 10.0.0.116 "GET /v2.0/security-groups?tenant_id=f447466654a346f597319bdcef65ab16&name=default HTTP/1.1" status: 200 len: 3000 time: 0.3131962
2026-07-21 22:14:35.196 10 INFO neutron.wsgi [None req-c9951428-60ef-4a43-a9a8-4ff30f244de2 a179550bd99a4fd6af3a5e6f28150aeb 9e55c4fc1fa7418d8af6eabbdbfc05de - - - -] 10.0.0.116 "DELETE /v2.0/security-groups/41602c46-8742-4e48-a180-ff8d789c62d6 HTTP/1.1" status: 204 len: 168 time: 0.1832182
2026-07-21 22:14:35.448 10 INFO neutron.db.ovn_revision_numbers_db [None req-0744ec43-5c34-46af-88f9-4153e288cbb0 a179550bd99a4fd6af3a5e6f28150aeb 9e55c4fc1fa7418d8af6eabbdbfc05de - - default default] Successfully bumped revision number for resource 7d80b254-5f09-42ea-9e2a-68e1bbbf194c (type: security_groups) to 1
2026-07-21 22:14:35.470 10 INFO neutron.wsgi [None req-0744ec43-5c34-46af-88f9-4153e288cbb0 a179550bd99a4fd6af3a5e6f28150aeb 9e55c4fc1fa7418d8af6eabbdbfc05de - - default default] 10.0.0.116 "GET /v2.0/security-groups?tenant_id=34a9618e596d4121a9dccfd492d4eca8&name=default HTTP/1.1" status: 200 len: 3000 time: 0.1229799
2026-07-21 22:14:35.666 10 INFO neutron.wsgi [None req-a3fe3336-5d5c-46cd-8861-80443ba195e9 a179550bd99a4fd6af3a5e6f28150aeb 9e55c4fc1fa7418d8af6eabbdbfc05de - - - -] 10.0.0.116 "DELETE /v2.0/security-groups/7d80b254-5f09-42ea-9e2a-68e1bbbf194c HTTP/1.1" status: 204 len: 168 time: 0.1901364
2026-07-21 22:14:35.723 10 INFO neutron.services.segments.plugin [-] Segment c084d013-4e02-4b3c-a4ab-122479f61ff7 resource provider aggregate not found
2026-07-21 22:14:35.729 10 INFO neutron.services.segments.plugin [-] Segment c084d013-4e02-4b3c-a4ab-122479f61ff7 resource provider aggregate not found
2026-07-21 22:14:35.744 10 INFO neutron.services.segments.plugin [-] Segment c084d013-4e02-4b3c-a4ab-122479f61ff7 resource provider not found; error: Placement Client Error (4xx): {"errors": [{"status": 404, "title": "Not Found", "detail": "The resource could not be found.\n\n No resource provider with uuid c084d013-4e02-4b3c-a4ab-122479f61ff7 found for delete ", "request_id": "req-643c9888-cbf4-408b-ac71-9084eef2999a"}]}
2026-07-21 22:14:35.751 10 INFO neutron.services.segments.plugin [-] Segment c084d013-4e02-4b3c-a4ab-122479f61ff7 resource provider not found; error: Placement Client Error (4xx): {"errors": [{"status": 404, "title": "Not Found", "detail": "The resource could not be found.\n\n No resource provider with uuid c084d013-4e02-4b3c-a4ab-122479f61ff7 found for delete ", "request_id": "req-836c0b95-fa6f-4c05-9c8a-686bf82a69e7"}]}
2026-07-21 22:14:35.901 9 INFO neutron.wsgi [None req-b00d02ec-864a-439c-9491-309cdacc8db7 a179550bd99a4fd6af3a5e6f28150aeb 9e55c4fc1fa7418d8af6eabbdbfc05de - - default default] 10.0.0.116 "GET /v2.0/security-groups?tenant_id=16e97f613e524f4aa6d0ad5b29901302&name=default HTTP/1.1" status: 200 len: 3000 time: 0.0267861
2026-07-21 22:14:36.090 9 INFO neutron.wsgi [None req-ba71ef34-b478-41fb-b97d-c73c0484c32f a179550bd99a4fd6af3a5e6f28150aeb 9e55c4fc1fa7418d8af6eabbdbfc05de - - - -] 10.0.0.116 "DELETE /v2.0/security-groups/348d3932-eda7-46e0-bd00-06f97b48520a HTTP/1.1" status: 204 len: 168 time: 0.1811903
2026-07-21 22:14:38.967 9 INFO neutron.db.ovn_revision_numbers_db [None req-ee210e63-7585-4b90-92b2-affc013e7902 2b586ae289c340e18babf31a1b4878b3 dfed8f2a4d8d48adb42656ddb0972345 - - - -] Successfully bumped revision number for resource d119c7d4-e500-4c79-b09f-9919a664dbf5 (type: security_groups) to 1
2026-07-21 22:14:39.023 9 INFO neutron.db.segments_db [None req-ee210e63-7585-4b90-92b2-affc013e7902 2b586ae289c340e18babf31a1b4878b3 dfed8f2a4d8d48adb42656ddb0972345 - - - -] Added segment 961b487a-4611-4e1d-ae7e-afec3e915f75 of type geneve for network 845aff85-9450-4e5c-b67d-df4b1e8ebe37
2026-07-21 22:14:39.172 9 INFO neutron.db.ovn_revision_numbers_db [None req-ee210e63-7585-4b90-92b2-affc013e7902 2b586ae289c340e18babf31a1b4878b3 dfed8f2a4d8d48adb42656ddb0972345 - - - -] Successfully bumped revision number for resource 845aff85-9450-4e5c-b67d-df4b1e8ebe37 (type: networks) to 1
2026-07-21 22:14:39.362 9 WARNING neutron.scheduler.dhcp_agent_scheduler [None req-ee210e63-7585-4b90-92b2-affc013e7902 2b586ae289c340e18babf31a1b4878b3 dfed8f2a4d8d48adb42656ddb0972345 - - - -] No more DHCP agents
2026-07-21 22:14:39.364 9 WARNING neutron.api.rpc.agentnotifiers.dhcp_rpc_agent_api [None req-ee210e63-7585-4b90-92b2-affc013e7902 2b586ae289c340e18babf31a1b4878b3 dfed8f2a4d8d48adb42656ddb0972345 - - - -] Unable to schedule network 845aff85-9450-4e5c-b67d-df4b1e8ebe37: no agents available; will retry on subsequent port and subnet creation events.
2026-07-21 22:14:39.449 9 INFO neutron.db.ovn_revision_numbers_db [None req-ee210e63-7585-4b90-92b2-affc013e7902 2b586ae289c340e18babf31a1b4878b3 dfed8f2a4d8d48adb42656ddb0972345 - - - -] Successfully bumped revision number for resource 70ef439e-113b-42d0-abf7-fc4427ebd1fb (type: ports) to 1
2026-07-21 22:14:39.482 9 INFO neutron.wsgi [None req-ee210e63-7585-4b90-92b2-affc013e7902 2b586ae289c340e18babf31a1b4878b3 dfed8f2a4d8d48adb42656ddb0972345 - - - -] 10.0.0.116 "POST /v2.0/networks HTTP/1.1" status: 201 len: 829 time: 0.7985687
2026-07-21 22:14:39.540 10 INFO neutron.db.ovn_revision_numbers_db [None req-df5cd932-708b-414e-8549-8cd076759118 2a832b7b43614bccbe68078d6f0c048a 3f619870e43b4d7ab345d933ba131c64 - - - -] Successfully bumped revision number for resource e483ac02-7955-4e40-b495-f7095b1802ed (type: security_groups) to 1
2026-07-21 22:14:39.594 10 INFO neutron.db.segments_db [None req-df5cd932-708b-414e-8549-8cd076759118 2a832b7b43614bccbe68078d6f0c048a 3f619870e43b4d7ab345d933ba131c64 - - - -] Added segment cac90a18-1840-46dd-aebc-3e39b2594afb of type geneve for network 10e652d2-031b-48fe-9d24-041d334448de
2026-07-21 22:14:39.712 10 INFO neutron.db.ovn_revision_numbers_db [None req-df5cd932-708b-414e-8549-8cd076759118 2a832b7b43614bccbe68078d6f0c048a 3f619870e43b4d7ab345d933ba131c64 - - - -] Successfully bumped revision number for resource 10e652d2-031b-48fe-9d24-041d334448de (type: networks) to 1
2026-07-21 22:14:39.750 9 WARNING neutron.scheduler.dhcp_agent_scheduler [None req-c7670116-908c-4b19-88ef-c6cf3239d624 2b586ae289c340e18babf31a1b4878b3 dfed8f2a4d8d48adb42656ddb0972345 - - - -] No more DHCP agents
2026-07-21 22:14:39.752 9 WARNING neutron.api.rpc.agentnotifiers.dhcp_rpc_agent_api [None req-c7670116-908c-4b19-88ef-c6cf3239d624 2b586ae289c340e18babf31a1b4878b3 dfed8f2a4d8d48adb42656ddb0972345 - - - -] Unable to schedule network 845aff85-9450-4e5c-b67d-df4b1e8ebe37: no agents available; will retry on subsequent port and subnet creation events.
2026-07-21 22:14:39.815 9 INFO neutron.db.ovn_revision_numbers_db [None req-c7670116-908c-4b19-88ef-c6cf3239d624 2b586ae289c340e18babf31a1b4878b3 dfed8f2a4d8d48adb42656ddb0972345 - - - -] Successfully bumped revision number for resource 0aebbd6e-ee64-4369-811b-d2357194c94e (type: ports) to 1
2026-07-21 22:14:39.835 9 INFO neutron.wsgi [None req-c7670116-908c-4b19-88ef-c6cf3239d624 2b586ae289c340e18babf31a1b4878b3 dfed8f2a4d8d48adb42656ddb0972345 - - - -] 10.0.0.116 "POST /v2.0/ports HTTP/1.1" status: 201 len: 942 time: 0.3470559 /var/lib/openstack/lib/python3.10/site-packages/pycadf/identifier.py:71: UserWarning: Invalid uuid: neutron. To ensure interoperability, identifiers should be a valid uuid. warnings.warn(('Invalid uuid: %s. To ensure interoperability, '
2026-07-21 22:14:39.925 10 WARNING neutron.scheduler.dhcp_agent_scheduler [None req-df5cd932-708b-414e-8549-8cd076759118 2a832b7b43614bccbe68078d6f0c048a 3f619870e43b4d7ab345d933ba131c64 - - - -] No more DHCP agents
2026-07-21 22:14:39.928 10 WARNING neutron.api.rpc.agentnotifiers.dhcp_rpc_agent_api [None req-df5cd932-708b-414e-8549-8cd076759118 2a832b7b43614bccbe68078d6f0c048a 3f619870e43b4d7ab345d933ba131c64 - - - -] Unable to schedule network 10e652d2-031b-48fe-9d24-041d334448de: no agents available; will retry on subsequent port and subnet creation events.
