2026-07-21 22:14:55.320 10 INFO neutron.db.ovn_revision_numbers_db [None req-d2113f2b-5d4f-4771-a03e-db134f8d5876 53a54d13135a4888b98edc1c9fbfacbb dc47df5da8024306bc550e35acc2461a - - - -] Successfully bumped revision number for resource 810ee4c6-95ed-4f96-b5fc-bc9b717e66f1 (type: ports) to 1
2026-07-21 22:14:55.342 10 INFO neutron.wsgi [None req-d2113f2b-5d4f-4771-a03e-db134f8d5876 53a54d13135a4888b98edc1c9fbfacbb dc47df5da8024306bc550e35acc2461a - - - -] 10.0.0.116 "POST /v2.0/networks HTTP/1.1" status: 201 len: 836 time: 0.4863894
2026-07-21 22:14:55.544 10 INFO neutron.wsgi [-] 10.0.0.133 "GET / HTTP/1.1" status: 200 len: 246 time: 0.0019672
2026-07-21 22:14:55.547 10 INFO neutron.wsgi [-] 10.0.0.133 "GET / HTTP/1.1" status: 200 len: 246 time: 0.0017762
2026-07-21 22:14:55.625 10 WARNING neutron.scheduler.dhcp_agent_scheduler [None req-65a8cd39-bc9e-4eea-a917-dd3fd6960ec0 53a54d13135a4888b98edc1c9fbfacbb dc47df5da8024306bc550e35acc2461a - - - -] No more DHCP agents
2026-07-21 22:14:55.628 10 WARNING neutron.api.rpc.agentnotifiers.dhcp_rpc_agent_api [None req-65a8cd39-bc9e-4eea-a917-dd3fd6960ec0 53a54d13135a4888b98edc1c9fbfacbb dc47df5da8024306bc550e35acc2461a - - - -] Unable to schedule network 31d65037-0332-4a12-9aa0-dadf00d734a3: no agents available; will retry on subsequent port and subnet creation events.
2026-07-21 22:14:55.901 9 INFO neutron.wsgi [None req-4deece6d-6625-4efb-9751-f7fda56918ee 152b6cda0faa400791e7bd31cb2c8b99 4488847c30b3440dbd5384d5d20331af - - - -] 10.0.0.116 "POST /v2.0/qos/policies HTTP/1.1" status: 201 len: 558 time: 0.2386463
2026-07-21 22:14:55.938 9 INFO neutron.wsgi [None req-2da67f86-3887-465d-8e0c-7d4abd61cc10 152b6cda0faa400791e7bd31cb2c8b99 4488847c30b3440dbd5384d5d20331af - - - -] 10.0.0.116 "PUT /v2.0/policies/a82d6986-69c5-4854-84a7-ee8348123aae/tags HTTP/1.1" status: 200 len: 218 time: 0.0308938
2026-07-21 22:14:55.956 9 INFO neutron.wsgi [None req-8d0fe9be-2591-4404-b0ee-977c3bf08e3c 152b6cda0faa400791e7bd31cb2c8b99 4488847c30b3440dbd5384d5d20331af - - default default] 10.0.0.116 "GET /v2.0/policies/a82d6986-69c5-4854-84a7-ee8348123aae/tags HTTP/1.1" status: 200 len: 218 time: 0.0130901
2026-07-21 22:14:56.007 9 INFO neutron.wsgi [None req-353964f9-bf09-4472-8472-35295efaf82c 152b6cda0faa400791e7bd31cb2c8b99 4488847c30b3440dbd5384d5d20331af - - - -] 10.0.0.116 "PUT /v2.0/policies/a82d6986-69c5-4854-84a7-ee8348123aae/tags/green HTTP/1.1" status: 201 len: 201 time: 0.0440996
2026-07-21 22:14:56.025 9 INFO neutron.wsgi [None req-e825743b-b326-413b-8e09-4d4f9b2bc64a 152b6cda0faa400791e7bd31cb2c8b99 4488847c30b3440dbd5384d5d20331af - - default default] 10.0.0.116 "GET /v2.0/policies/a82d6986-69c5-4854-84a7-ee8348123aae/tags HTTP/1.1" status: 200 len: 227 time: 0.0131209
2026-07-21 22:14:56.042 9 INFO neutron.wsgi [None req-cb3ef93e-15dd-4952-a840-f2f3b950ca9a 152b6cda0faa400791e7bd31cb2c8b99 4488847c30b3440dbd5384d5d20331af - - - -] 10.0.0.116 "PUT /v2.0/policies/a82d6986-69c5-4854-84a7-ee8348123aae/tags/red HTTP/1.1" status: 201 len: 201 time: 0.0128579
2026-07-21 22:14:56.060 9 INFO neutron.wsgi [None req-41e0a9e9-d29c-4121-b152-ff7e909be506 152b6cda0faa400791e7bd31cb2c8b99 4488847c30b3440dbd5384d5d20331af - - default default] 10.0.0.116 "GET /v2.0/policies/a82d6986-69c5-4854-84a7-ee8348123aae/tags HTTP/1.1" status: 200 len: 227 time: 0.0148799
2026-07-21 22:14:56.093 9 INFO neutron.wsgi [None req-c1b2c6bf-d84d-41ad-9584-29d8e73b6098 152b6cda0faa400791e7bd31cb2c8b99 4488847c30b3440dbd5384d5d20331af - - - -] 10.0.0.116 "PUT /v2.0/policies/a82d6986-69c5-4854-84a7-ee8348123aae/tags/black.or.white HTTP/1.1" status: 201 len: 201 time: 0.0288692
2026-07-21 22:14:56.111 9 INFO neutron.wsgi [None req-fe1bc547-99db-458f-b8a8-2d4e568563f3 152b6cda0faa400791e7bd31cb2c8b99 4488847c30b3440dbd5384d5d20331af - - default default] 10.0.0.116 "GET /v2.0/policies/a82d6986-69c5-4854-84a7-ee8348123aae/tags HTTP/1.1" status: 200 len: 245 time: 0.0132065
2026-07-21 22:14:56.120 10 INFO neutron.db.ovn_revision_numbers_db [None req-65a8cd39-bc9e-4eea-a917-dd3fd6960ec0 53a54d13135a4888b98edc1c9fbfacbb dc47df5da8024306bc550e35acc2461a - - - -] Successfully bumped revision number for resource 810ee4c6-95ed-4f96-b5fc-bc9b717e66f1 (type: ports) to 2
2026-07-21 22:14:56.133 10 INFO neutron.db.ovn_revision_numbers_db [None req-65a8cd39-bc9e-4eea-a917-dd3fd6960ec0 53a54d13135a4888b98edc1c9fbfacbb dc47df5da8024306bc550e35acc2461a - - - -] Successfully bumped revision number for resource 2843f9c9-d3e0-4db8-a6ce-686a4265847c (type: subnets) to 0
2026-07-21 22:14:56.143 9 INFO neutron.wsgi [None req-9b31f078-cfe3-4c86-81c3-2cf14c8f4732 152b6cda0faa400791e7bd31cb2c8b99 4488847c30b3440dbd5384d5d20331af - - - -] 10.0.0.116 "PUT /v2.0/policies/a82d6986-69c5-4854-84a7-ee8348123aae/tags HTTP/1.1" status: 200 len: 230 time: 0.0265141
2026-07-21 22:14:56.148 10 INFO neutron.wsgi [None req-65a8cd39-bc9e-4eea-a917-dd3fd6960ec0 53a54d13135a4888b98edc1c9fbfacbb dc47df5da8024306bc550e35acc2461a - - - -] 10.0.0.116 "POST /v2.0/subnets HTTP/1.1" status: 201 len: 831 time: 0.7987192
2026-07-21 22:14:56.161 9 INFO neutron.wsgi [None req-1790752c-c356-4352-8ef0-f5a58edcdc7a 152b6cda0faa400791e7bd31cb2c8b99 4488847c30b3440dbd5384d5d20331af - - default default] 10.0.0.116 "GET /v2.0/policies/a82d6986-69c5-4854-84a7-ee8348123aae/tags HTTP/1.1" status: 200 len: 230 time: 0.0132933
2026-07-21 22:14:56.181 9 INFO neutron.wsgi [None req-836f4a26-c687-41ec-a303-63be73681649 152b6cda0faa400791e7bd31cb2c8b99 4488847c30b3440dbd5384d5d20331af - - default default] 10.0.0.116 "GET /v2.0/policies/a82d6986-69c5-4854-84a7-ee8348123aae/tags/red HTTP/1.1" status: 204 len: 168 time: 0.0153151
2026-07-21 22:14:56.201 9 INFO neutron.api.v2.resource [None req-a687b2a0-e990-46fd-9061-822dda584706 152b6cda0faa400791e7bd31cb2c8b99 4488847c30b3440dbd5384d5d20331af - - default default] show failed (client error): The resource could not be found.
2026-07-21 22:14:56.202 9 INFO neutron.wsgi [None req-a687b2a0-e990-46fd-9061-822dda584706 152b6cda0faa400791e7bd31cb2c8b99 4488847c30b3440dbd5384d5d20331af - - default default] 10.0.0.116 "GET /v2.0/policies/a82d6986-69c5-4854-84a7-ee8348123aae/tags/green HTTP/1.1" status: 404 len: 299 time: 0.0172184
2026-07-21 22:14:56.235 9 INFO neutron.wsgi [None req-a4901ee5-6629-48ee-8def-1304f3c9df36 152b6cda0faa400791e7bd31cb2c8b99 4488847c30b3440dbd5384d5d20331af - - - -] 10.0.0.116 "DELETE /v2.0/policies/a82d6986-69c5-4854-84a7-ee8348123aae/tags/red HTTP/1.1" status: 204 len: 168 time: 0.0276976
2026-07-21 22:14:56.260 9 INFO neutron.wsgi [None req-87e46793-591d-4b0d-9e67-3a215896bc45 152b6cda0faa400791e7bd31cb2c8b99 4488847c30b3440dbd5384d5d20331af - - default default] 10.0.0.116 "GET /v2.0/policies/a82d6986-69c5-4854-84a7-ee8348123aae/tags HTTP/1.1" status: 200 len: 223 time: 0.0200329
2026-07-21 22:14:56.280 9 INFO neutron.api.v2.resource [None req-b2f75d78-bad8-46cf-b7cf-6edceb179576 152b6cda0faa400791e7bd31cb2c8b99 4488847c30b3440dbd5384d5d20331af - - - -] delete failed (client error): The resource could not be found.
2026-07-21 22:14:56.282 9 INFO neutron.wsgi [None req-b2f75d78-bad8-46cf-b7cf-6edceb179576 152b6cda0faa400791e7bd31cb2c8b99 4488847c30b3440dbd5384d5d20331af - - - -] 10.0.0.116 "DELETE /v2.0/policies/a82d6986-69c5-4854-84a7-ee8348123aae/tags/green HTTP/1.1" status: 404 len: 299 time: 0.0169721
2026-07-21 22:14:56.310 9 INFO neutron.wsgi [None req-85341695-ae1b-46a9-8231-b6ae51d0ee04 152b6cda0faa400791e7bd31cb2c8b99 4488847c30b3440dbd5384d5d20331af - - - -] 10.0.0.116 "DELETE /v2.0/policies/a82d6986-69c5-4854-84a7-ee8348123aae/tags HTTP/1.1" status: 204 len: 168 time: 0.0234227
2026-07-21 22:14:56.326 9 INFO neutron.wsgi [None req-a2ac8c1b-3dc4-4bbd-a70b-108642911f70 152b6cda0faa400791e7bd31cb2c8b99 4488847c30b3440dbd5384d5d20331af - - default default] 10.0.0.116 "GET /v2.0/policies/a82d6986-69c5-4854-84a7-ee8348123aae/tags HTTP/1.1" status: 200 len: 205 time: 0.0111578
2026-07-21 22:14:56.371 9 INFO neutron.wsgi [None req-a5b4d7a8-e7e8-4e1c-9f4d-81839f4de348 152b6cda0faa400791e7bd31cb2c8b99 4488847c30b3440dbd5384d5d20331af - - - -] 10.0.0.116 "DELETE /v2.0/qos/policies/a82d6986-69c5-4854-84a7-ee8348123aae HTTP/1.1" status: 204 len: 168 time: 0.0416865
2026-07-21 22:14:56.394 10 WARNING neutron.scheduler.dhcp_agent_scheduler [None req-57c7f58a-7e63-4a6f-9533-72bb80c2c4e1 53a54d13135a4888b98edc1c9fbfacbb dc47df5da8024306bc550e35acc2461a - - - -] No more DHCP agents
2026-07-21 22:14:56.399 10 WARNING neutron.api.rpc.agentnotifiers.dhcp_rpc_agent_api [None req-57c7f58a-7e63-4a6f-9533-72bb80c2c4e1 53a54d13135a4888b98edc1c9fbfacbb dc47df5da8024306bc550e35acc2461a - - - -] Unable to schedule network 31d65037-0332-4a12-9aa0-dadf00d734a3: no agents available; will retry on subsequent port and subnet creation events.
2026-07-21 22:14:56.411 10 INFO neutron.db.ovn_revision_numbers_db [None req-57c7f58a-7e63-4a6f-9533-72bb80c2c4e1 53a54d13135a4888b98edc1c9fbfacbb dc47df5da8024306bc550e35acc2461a - - - -] Successfully bumped revision number for resource 1a741d8b-b3c4-4608-9f37-5cd053cb30a1 (type: subnets) to 0
2026-07-21 22:14:56.425 10 INFO neutron.wsgi [None req-57c7f58a-7e63-4a6f-9533-72bb80c2c4e1 53a54d13135a4888b98edc1c9fbfacbb dc47df5da8024306bc550e35acc2461a - - - -] 10.0.0.116 "POST /v2.0/subnets HTTP/1.1" status: 201 len: 900 time: 0.2725413
2026-07-21 22:14:56.508 10 INFO neutron.db.segments_db [None req-4c1bba37-e93f-467c-ac06-46e13e555533 53a54d13135a4888b98edc1c9fbfacbb dc47df5da8024306bc550e35acc2461a - - - -] Added segment 2d82195e-8aa4-41be-ae6f-d8d449413a80 of type geneve for network 11729ce0-710d-4d3e-9bb3-9cccb548cce2
2026-07-21 22:14:56.653 10 INFO neutron.db.ovn_revision_numbers_db [None req-4c1bba37-e93f-467c-ac06-46e13e555533 53a54d13135a4888b98edc1c9fbfacbb dc47df5da8024306bc550e35acc2461a - - - -] Successfully bumped revision number for resource 11729ce0-710d-4d3e-9bb3-9cccb548cce2 (type: networks) to 1
2026-07-21 22:14:57.112 10 WARNING neutron.scheduler.dhcp_agent_scheduler [None req-4c1bba37-e93f-467c-ac06-46e13e555533 53a54d13135a4888b98edc1c9fbfacbb dc47df5da8024306bc550e35acc2461a - - - -] No more DHCP agents
2026-07-21 22:14:57.115 10 WARNING neutron.api.rpc.agentnotifiers.dhcp_rpc_agent_api [None req-4c1bba37-e93f-467c-ac06-46e13e555533 53a54d13135a4888b98edc1c9fbfacbb dc47df5da8024306bc550e35acc2461a - - - -] Unable to schedule network 11729ce0-710d-4d3e-9bb3-9cccb548cce2: no agents available; will retry on subsequent port and subnet creation events.
2026-07-21 22:14:57.196 10 INFO neutron.db.ovn_revision_numbers_db [None req-4c1bba37-e93f-467c-ac06-46e13e555533 53a54d13135a4888b98edc1c9fbfacbb dc47df5da8024306bc550e35acc2461a - - - -] Successfully bumped revision number for resource cea24b7f-516b-479a-9023-030ac2a3ff77 (type: ports) to 1
2026-07-21 22:14:57.221 10 INFO neutron.wsgi [None req-4c1bba37-e93f-467c-ac06-46e13e555533 53a54d13135a4888b98edc1c9fbfacbb dc47df5da8024306bc550e35acc2461a - - - -] 10.0.0.116 "POST /v2.0/networks HTTP/1.1" status: 201 len: 836 time: 0.7909002
2026-07-21 22:14:57.299 9 INFO neutron.db.ovn_revision_numbers_db [None req-2d2e5aaf-b611-4d8a-bfdf-a7031ad4dcf8 a179550bd99a4fd6af3a5e6f28150aeb 9e55c4fc1fa7418d8af6eabbdbfc05de - - default default] Successfully bumped revision number for resource efda468c-051f-46ac-b73a-94d49f05536f (type: security_groups) to 1
2026-07-21 22:14:57.341 9 INFO neutron.wsgi [None req-2d2e5aaf-b611-4d8a-bfdf-a7031ad4dcf8 a179550bd99a4fd6af3a5e6f28150aeb 9e55c4fc1fa7418d8af6eabbdbfc05de - - default default] 10.0.0.116 "GET /v2.0/security-groups?tenant_id=8b594d0cff984fb2970ac7fc3c963f94&name=default HTTP/1.1" status: 200 len: 3000 time: 0.3000569
2026-07-21 22:14:57.507 9 WARNING neutron.scheduler.dhcp_agent_scheduler [None req-0a0b38a6-2045-4242-8979-d6cf111e0e48 53a54d13135a4888b98edc1c9fbfacbb dc47df5da8024306bc550e35acc2461a - - - -] No more DHCP agents
2026-07-21 22:14:57.511 9 WARNING neutron.api.rpc.agentnotifiers.dhcp_rpc_agent_api [None req-0a0b38a6-2045-4242-8979-d6cf111e0e48 53a54d13135a4888b98edc1c9fbfacbb dc47df5da8024306bc550e35acc2461a - - - -] Unable to schedule network 11729ce0-710d-4d3e-9bb3-9cccb548cce2: no agents available; will retry on subsequent port and subnet creation events.
2026-07-21 22:14:57.530 10 INFO neutron.wsgi [None req-625ca387-3f3a-4bd2-9362-c723ca012ab8 a179550bd99a4fd6af3a5e6f28150aeb 9e55c4fc1fa7418d8af6eabbdbfc05de - - - -] 10.0.0.116 "DELETE /v2.0/security-groups/efda468c-051f-46ac-b73a-94d49f05536f HTTP/1.1" status: 204 len: 168 time: 0.1815226
2026-07-21 22:14:57.734 10 INFO neutron.db.ovn_revision_numbers_db [None req-191cedc7-d48b-4794-91a5-ba8f4e9c5520 a179550bd99a4fd6af3a5e6f28150aeb 9e55c4fc1fa7418d8af6eabbdbfc05de - - default default] Successfully bumped revision number for resource 2315656e-d334-4ec2-8ed8-1db4be83bee5 (type: security_groups) to 1
2026-07-21 22:14:57.753 10 INFO neutron.wsgi [None req-191cedc7-d48b-4794-91a5-ba8f4e9c5520 a179550bd99a4fd6af3a5e6f28150aeb 9e55c4fc1fa7418d8af6eabbdbfc05de - - default default] 10.0.0.116 "GET /v2.0/security-groups?tenant_id=4488847c30b3440dbd5384d5d20331af&name=default HTTP/1.1" status: 200 len: 3000 time: 0.1112473
2026-07-21 22:14:57.965 10 INFO neutron.wsgi [None req-19d4ad86-1846-4e52-86c4-e9c5ac2ae0eb a179550bd99a4fd6af3a5e6f28150aeb 9e55c4fc1fa7418d8af6eabbdbfc05de - - - -] 10.0.0.116 "DELETE /v2.0/security-groups/2315656e-d334-4ec2-8ed8-1db4be83bee5 HTTP/1.1" status: 204 len: 168 time: 0.2051942
2026-07-21 22:14:58.051 9 INFO neutron.db.ovn_revision_numbers_db [None req-0a0b38a6-2045-4242-8979-d6cf111e0e48 53a54d13135a4888b98edc1c9fbfacbb dc47df5da8024306bc550e35acc2461a - - - -] Successfully bumped revision number for resource cea24b7f-516b-479a-9023-030ac2a3ff77 (type: ports) to 2
2026-07-21 22:14:58.066 9 INFO neutron.db.ovn_revision_numbers_db [None req-0a0b38a6-2045-4242-8979-d6cf111e0e48 53a54d13135a4888b98edc1c9fbfacbb dc47df5da8024306bc550e35acc2461a - - - -] Successfully bumped revision number for resource 386a0ecf-02d8-457e-995b-be9a5038d39c (type: subnets) to 0
2026-07-21 22:14:58.080 9 INFO neutron.wsgi [None req-0a0b38a6-2045-4242-8979-d6cf111e0e48 53a54d13135a4888b98edc1c9fbfacbb dc47df5da8024306bc550e35acc2461a - - - -] 10.0.0.116 "POST /v2.0/subnets HTTP/1.1" status: 201 len: 831 time: 0.8524945
2026-07-21 22:14:58.341 9 WARNING neutron.scheduler.dhcp_agent_scheduler [None req-9443457a-d4a1-4082-9d0f-24664c66614e 53a54d13135a4888b98edc1c9fbfacbb dc47df5da8024306bc550e35acc2461a - - - -] No more DHCP agents
2026-07-21 22:14:58.344 9 WARNING neutron.api.rpc.agentnotifiers.dhcp_rpc_agent_api [None req-9443457a-d4a1-4082-9d0f-24664c66614e 53a54d13135a4888b98edc1c9fbfacbb dc47df5da8024306bc550e35acc2461a - - - -] Unable to schedule network 11729ce0-710d-4d3e-9bb3-9cccb548cce2: no agents available; will retry on subsequent port and subnet creation events.
2026-07-21 22:14:58.359 9 INFO neutron.db.ovn_revision_numbers_db [None req-9443457a-d4a1-4082-9d0f-24664c66614e 53a54d13135a4888b98edc1c9fbfacbb dc47df5da8024306bc550e35acc2461a - - - -] Successfully bumped revision number for resource b57c0b94-f5bf-487c-8d8c-275d54c482ab (type: subnets) to 0
2026-07-21 22:14:58.375 9 INFO neutron.wsgi [None req-9443457a-d4a1-4082-9d0f-24664c66614e 53a54d13135a4888b98edc1c9fbfacbb dc47df5da8024306bc550e35acc2461a - - - -] 10.0.0.116 "POST /v2.0/subnets HTTP/1.1" status: 201 len: 905 time: 0.2885296
2026-07-21 22:14:59.265 9 WARNING neutron.scheduler.dhcp_agent_scheduler [None req-9c868adc-d82e-42a3-82e8-90d2e89deff5 53a54d13135a4888b98edc1c9fbfacbb dc47df5da8024306bc550e35acc2461a - - - -] No more DHCP agents
2026-07-21 22:14:59.268 9 WARNING neutron.api.rpc.agentnotifiers.dhcp_rpc_agent_api [None req-9c868adc-d82e-42a3-82e8-90d2e89deff5 53a54d13135a4888b98edc1c9fbfacbb dc47df5da8024306bc550e35acc2461a - - - -] Unable to schedule network 526b6b94-2985-444b-8360-bdb71d9ad5a1: no agents available; will retry on subsequent port and subnet creation events.
2026-07-21 22:14:59.405 9 INFO neutron.db.ovn_revision_numbers_db [None req-9c868adc-d82e-42a3-82e8-90d2e89deff5 53a54d13135a4888b98edc1c9fbfacbb dc47df5da8024306bc550e35acc2461a - - - -] Successfully bumped revision number for resource a5334c23-ca2f-4c8b-8640-0efa91767ccf (type: ports) to 1
2026-07-21 22:15:00.032 10 INFO neutron.plugins.ml2.drivers.ovn.mech_driver.mech_driver [None req-58c51a0d-b544-4932-b343-a9faa2598fbf - - - - - -] OVN reports status up for port: a5334c23-ca2f-4c8b-8640-0efa91767ccf
2026-07-21 22:15:00.040 9 INFO neutron.plugins.ml2.drivers.ovn.mech_driver.ovsdb.ovsdb_monitor [None req-ef22b0fb-5d3e-403b-aec2-8cbf41a336ee - - - - - -] Router 1fb6a2a5-c83c-4fc4-a37d-4d951d40ab09 is bound to host instance
2026-07-21 22:15:00.048 9 INFO neutron.db.ovn_revision_numbers_db [None req-9c868adc-d82e-42a3-82e8-90d2e89deff5 53a54d13135a4888b98edc1c9fbfacbb dc47df5da8024306bc550e35acc2461a - - - -] Successfully bumped revision number for resource a5334c23-ca2f-4c8b-8640-0efa91767ccf (type: router_ports) to 1
2026-07-21 22:15:00.054 10 INFO neutron.plugins.ml2.plugin [None req-58c51a0d-b544-4932-b343-a9faa2598fbf - - - - - -] Attempt 1 to provision port a5334c23-ca2f-4c8b-8640-0efa91767ccf
2026-07-21 22:15:00.165 9 INFO neutron.db.ovn_revision_numbers_db [None req-9c868adc-d82e-42a3-82e8-90d2e89deff5 53a54d13135a4888b98edc1c9fbfacbb dc47df5da8024306bc550e35acc2461a - - - -] Successfully bumped revision number for resource 1fb6a2a5-c83c-4fc4-a37d-4d951d40ab09 (type: routers) to 3
2026-07-21 22:15:00.201 9 INFO neutron.wsgi [None req-9c868adc-d82e-42a3-82e8-90d2e89deff5 53a54d13135a4888b98edc1c9fbfacbb dc47df5da8024306bc550e35acc2461a - - - -] 10.0.0.116 "POST /v2.0/routers HTTP/1.1" status: 201 len: 865 time: 1.8208714
2026-07-21 22:15:01.134 9 INFO neutron.db.ovn_revision_numbers_db [None req-ef22b0fb-5d3e-403b-aec2-8cbf41a336ee - - - - - -] Successfully bumped revision number for resource a5334c23-ca2f-4c8b-8640-0efa91767ccf (type: ports) to 1
2026-07-21 22:15:01.222 9 WARNING neutron.scheduler.dhcp_agent_scheduler [None req-7fb68823-544b-4358-951f-12be1d4e7ca1 53a54d13135a4888b98edc1c9fbfacbb dc47df5da8024306bc550e35acc2461a - - default default] No more DHCP agents
2026-07-21 22:15:01.228 9 WARNING neutron.api.rpc.agentnotifiers.dhcp_rpc_agent_api [None req-7fb68823-544b-4358-951f-12be1d4e7ca1 53a54d13135a4888b98edc1c9fbfacbb dc47df5da8024306bc550e35acc2461a - - default default] Unable to schedule network d95de555-fdd7-4a44-ae7a-614b1f3b7584: no agents available; will retry on subsequent port and subnet creation events.
2026-07-21 22:15:01.477 9 INFO neutron.db.ovn_revision_numbers_db [None req-7fb68823-544b-4358-951f-12be1d4e7ca1 53a54d13135a4888b98edc1c9fbfacbb dc47df5da8024306bc550e35acc2461a - - default default] Successfully bumped revision number for resource c346760f-cf93-4515-a934-bf4ec7da6839 (type: ports) to 1
2026-07-21 22:15:01.575 9 INFO neutron.db.ovn_revision_numbers_db [None req-ef22b0fb-5d3e-403b-aec2-8cbf41a336ee - - - - - -] Successfully bumped revision number for resource a5334c23-ca2f-4c8b-8640-0efa91767ccf (type: router_ports) to 3
2026-07-21 22:15:01.584 10 INFO neutron.db.ovn_revision_numbers_db [None req-accdcf7b-7a5e-45c0-ad74-60b29dc6d946 4401824d121547cab5dba1918e7f9fe6 646b9c25464e40d18535951958f305df - - - -] Successfully bumped revision number for resource 0723aaa9-a119-420c-9bbb-4237ad589067 (type: routers) to 1
2026-07-21 22:15:01.606 10 INFO neutron.wsgi [None req-accdcf7b-7a5e-45c0-ad74-60b29dc6d946 4401824d121547cab5dba1918e7f9fe6 646b9c25464e40d18535951958f305df - - - -] 10.0.0.116 "POST /v2.0/routers HTTP/1.1" status: 201 len: 654 time: 0.4827673
2026-07-21 22:15:01.672 10 INFO neutron.wsgi [None req-938a2268-0f42-4f4a-9a7f-15a042d3ac95 4401824d121547cab5dba1918e7f9fe6 646b9c25464e40d18535951958f305df - - - -] 10.0.0.116 "PUT /v2.0/routers/0723aaa9-a119-420c-9bbb-4237ad589067/tags HTTP/1.1" status: 200 len: 218 time: 0.0595872
2026-07-21 22:15:01.730 10 INFO neutron.wsgi [None req-fb078a9c-b4ec-4147-b15d-44286125308d 4401824d121547cab5dba1918e7f9fe6 646b9c25464e40d18535951958f305df - - default default] 10.0.0.116 "GET /v2.0/routers/0723aaa9-a119-420c-9bbb-4237ad589067/tags HTTP/1.1" status: 200 len: 218 time: 0.0513709
2026-07-21 22:15:01.807 10 INFO neutron.wsgi [None req-b3ef567d-062e-442f-aad4-b7852a6adbc9 4401824d121547cab5dba1918e7f9fe6 646b9c25464e40d18535951958f305df - - - -] 10.0.0.116 "PUT /v2.0/routers/0723aaa9-a119-420c-9bbb-4237ad589067/tags/green HTTP/1.1" status: 201 len: 201 time: 0.0690775
2026-07-21 22:15:01.859 9 INFO neutron.db.ovn_revision_numbers_db [None req-ef22b0fb-5d3e-403b-aec2-8cbf41a336ee - - - - - -] Successfully bumped revision number for resource a5334c23-ca2f-4c8b-8640-0efa91767ccf (type: ports) to 2
2026-07-21 22:15:01.863 10 INFO neutron.wsgi [None req-8927b996-ea3e-47be-a308-f50c075be8b1 4401824d121547cab5dba1918e7f9fe6 646b9c25464e40d18535951958f305df - - default default] 10.0.0.116 "GET /v2.0/routers/0723aaa9-a119-420c-9bbb-4237ad589067/tags HTTP/1.1" status: 200 len: 227 time: 0.0494099
2026-07-21 22:15:01.925 10 INFO neutron.wsgi [None req-fe3ec297-9d18-4c11-81ef-33a8661c11e8 4401824d121547cab5dba1918e7f9fe6 646b9c25464e40d18535951958f305df - - - -] 10.0.0.116 "PUT /v2.0/routers/0723aaa9-a119-420c-9bbb-4237ad589067/tags/red HTTP/1.1" status: 201 len: 201 time: 0.0582030
2026-07-21 22:15:02.020 9 INFO neutron.wsgi [None req-b2b963f3-7070-4e6d-b2f1-5ee12bb06d16 4401824d121547cab5dba1918e7f9fe6 646b9c25464e40d18535951958f305df - - default default] 10.0.0.116 "GET /v2.0/routers/0723aaa9-a119-420c-9bbb-4237ad589067/tags HTTP/1.1" status: 200 len: 227 time: 0.0873001
2026-07-21 22:15:02.098 10 INFO neutron.wsgi [None req-ac84c53e-250e-4236-af2a-8f6e5571668e 4401824d121547cab5dba1918e7f9fe6 646b9c25464e40d18535951958f305df - - - -] 10.0.0.116 "PUT /v2.0/routers/0723aaa9-a119-420c-9bbb-4237ad589067/tags/black.or.white HTTP/1.1" status: 201 len: 201 time: 0.0702255
2026-07-21 22:15:02.143 10 INFO neutron.wsgi [None req-9e9c4c03-a360-4802-8a1c-e0092a6dc519 4401824d121547cab5dba1918e7f9fe6 646b9c25464e40d18535951958f305df - - default default] 10.0.0.116 "GET /v2.0/routers/0723aaa9-a119-420c-9bbb-4237ad589067/tags HTTP/1.1" status: 200 len: 245 time: 0.0413406
2026-07-21 22:15:02.214 10 INFO neutron.wsgi [None req-030d6749-c362-4ec8-9a6c-9320a30443c1 4401824d121547cab5dba1918e7f9fe6 646b9c25464e40d18535951958f305df - - - -] 10.0.0.116 "PUT /v2.0/routers/0723aaa9-a119-420c-9bbb-4237ad589067/tags HTTP/1.1" status: 200 len: 230 time: 0.0667679
2026-07-21 22:15:02.284 10 INFO neutron.wsgi [None req-626b5c00-152c-4d85-b3cc-a56abaedd8d0 4401824d121547cab5dba1918e7f9fe6 646b9c25464e40d18535951958f305df - - default default] 10.0.0.116 "GET /v2.0/routers/0723aaa9-a119-420c-9bbb-4237ad589067/tags HTTP/1.1" status: 200 len: 230 time: 0.0627694
2026-07-21 22:15:02.308 9 INFO neutron.db.ovn_revision_numbers_db [None req-ef22b0fb-5d3e-403b-aec2-8cbf41a336ee - - - - - -] Successfully bumped revision number for resource a5334c23-ca2f-4c8b-8640-0efa91767ccf (type: ports) to 4
2026-07-21 22:15:02.333 10 INFO neutron.wsgi [None req-53cdc60a-f24b-4d88-bca7-ab59e515a1e1 4401824d121547cab5dba1918e7f9fe6 646b9c25464e40d18535951958f305df - - default default] 10.0.0.116 "GET /v2.0/routers/0723aaa9-a119-420c-9bbb-4237ad589067/tags/red HTTP/1.1" status: 204 len: 168 time: 0.0456643
2026-07-21 22:15:02.383 10 INFO neutron.api.v2.resource [None req-f8f5afdf-96ba-461d-95ca-adcb1b55c5ca 4401824d121547cab5dba1918e7f9fe6 646b9c25464e40d18535951958f305df - - default default] show failed (client error): The resource could not be found.
2026-07-21 22:15:02.384 10 INFO neutron.wsgi [None req-f8f5afdf-96ba-461d-95ca-adcb1b55c5ca 4401824d121547cab5dba1918e7f9fe6 646b9c25464e40d18535951958f305df - - default default] 10.0.0.116 "GET /v2.0/routers/0723aaa9-a119-420c-9bbb-4237ad589067/tags/green HTTP/1.1" status: 404 len: 299 time: 0.0453398
2026-07-21 22:15:02.388 9 INFO neutron.db.ovn_revision_numbers_db [None req-7fb68823-544b-4358-951f-12be1d4e7ca1 53a54d13135a4888b98edc1c9fbfacbb dc47df5da8024306bc550e35acc2461a - - default default] Successfully bumped revision number for resource c346760f-cf93-4515-a934-bf4ec7da6839 (type: router_ports) to 2
2026-07-21 22:15:02.865 10 INFO neutron.plugins.ml2.drivers.ovn.mech_driver.mech_driver [None req-58c51a0d-b544-4932-b343-a9faa2598fbf - - - - - -] OVN reports status up for port: c346760f-cf93-4515-a934-bf4ec7da6839
2026-07-21 22:15:02.874 10 INFO neutron.plugins.ml2.plugin [None req-58c51a0d-b544-4932-b343-a9faa2598fbf - - - - - -] Attempt 1 to provision port c346760f-cf93-4515-a934-bf4ec7da6839
2026-07-21 22:15:03.104 10 INFO neutron.db.ovn_revision_numbers_db [None req-58c51a0d-b544-4932-b343-a9faa2598fbf - - - - - -] Successfully bumped revision number for resource c346760f-cf93-4515-a934-bf4ec7da6839 (type: ports) to 3
2026-07-21 22:15:03.137 9 INFO neutron.wsgi [None req-e0882d49-6e20-426f-98de-00004e3075a7 4401824d121547cab5dba1918e7f9fe6 646b9c25464e40d18535951958f305df - - - -] 10.0.0.116 "DELETE /v2.0/routers/0723aaa9-a119-420c-9bbb-4237ad589067/tags/red HTTP/1.1" status: 204 len: 168 time: 0.7467265
2026-07-21 22:15:03.302 9 ERROR ovsdbapp.backend.ovs_idl.transaction [None req-7fb68823-544b-4358-951f-12be1d4e7ca1 53a54d13135a4888b98edc1c9fbfacbb dc47df5da8024306bc550e35acc2461a - - default default]
Traceback (most recent call last): File "/var/lib/openstack/lib/python3.10/site-packages/ovsdbapp/backend/ovs_idl/connection.py", line 118, in run txn.results.put(txn.do_commit())
File "/var/lib/openstack/lib/python3.10/site-packages/ovsdbapp/backend/ovs_idl/transaction.py", line 92, in do_commit command.run_idl(txn)
File "/var/lib/openstack/lib/python3.10/site-packages/neutron/plugins/ml2/drivers/ovn/mech_driver/ovsdb/commands.py", line 801, in run_idl raise ovn_exc.RevisionConflict( neutron.common.ovn.exceptions.RevisionConflict: OVN revision number for c346760f-cf93-4515-a934-bf4ec7da6839 (type: ports) is equal or higher than the given resource. Skipping update 
2026-07-21 22:15:03.302 9 INFO neutron.plugins.ml2.drivers.ovn.mech_driver.ovsdb.impl_idl_ovn [None req-7fb68823-544b-4358-951f-12be1d4e7ca1 53a54d13135a4888b98edc1c9fbfacbb dc47df5da8024306bc550e35acc2461a - - default default] Transaction aborted. Reason: OVN revision number for c346760f-cf93-4515-a934-bf4ec7da6839 (type: ports) is equal or higher than the given resource. Skipping update
2026-07-21 22:15:03.344 9 INFO neutron.db.ovn_revision_numbers_db [None req-ef22b0fb-5d3e-403b-aec2-8cbf41a336ee - - - - - -] Successfully bumped revision number for resource a5334c23-ca2f-4c8b-8640-0efa91767ccf (type: router_ports) to 4
2026-07-21 22:15:03.412 9 WARNING neutron.scheduler.dhcp_agent_scheduler [None req-7fb68823-544b-4358-951f-12be1d4e7ca1 53a54d13135a4888b98edc1c9fbfacbb dc47df5da8024306bc550e35acc2461a - - default default] No more DHCP agents
2026-07-21 22:15:03.414 9 WARNING neutron.api.rpc.agentnotifiers.dhcp_rpc_agent_api [None req-7fb68823-544b-4358-951f-12be1d4e7ca1 53a54d13135a4888b98edc1c9fbfacbb dc47df5da8024306bc550e35acc2461a - - default default] Unable to schedule network d95de555-fdd7-4a44-ae7a-614b1f3b7584: no agents available; will retry on subsequent port and subnet creation events.
2026-07-21 22:15:03.421 10 INFO neutron.wsgi [None req-f018dc00-d1fd-4877-870e-87f2ba8c6cc9 4401824d121547cab5dba1918e7f9fe6 646b9c25464e40d18535951958f305df - - default default] 10.0.0.116 "GET /v2.0/routers/0723aaa9-a119-420c-9bbb-4237ad589067/tags HTTP/1.1" status: 200 len: 223 time: 0.2764091
2026-07-21 22:15:03.480 10 INFO neutron.api.v2.resource [None req-3d937c1a-ba01-4eb2-bedf-822deb455af3 4401824d121547cab5dba1918e7f9fe6 646b9c25464e40d18535951958f305df - - - -] delete failed (client error): The resource could not be found.
2026-07-21 22:15:03.481 10 INFO neutron.wsgi [None req-3d937c1a-ba01-4eb2-bedf-822deb455af3 4401824d121547cab5dba1918e7f9fe6 646b9c25464e40d18535951958f305df - - - -] 10.0.0.116 "DELETE /v2.0/routers/0723aaa9-a119-420c-9bbb-4237ad589067/tags/green HTTP/1.1" status: 404 len: 299 time: 0.0546577
2026-07-21 22:15:03.482 10 INFO neutron.db.ovn_revision_numbers_db [None req-58c51a0d-b544-4932-b343-a9faa2598fbf - - - - - -] Successfully bumped revision number for resource c346760f-cf93-4515-a934-bf4ec7da6839 (type: router_ports) to 3
2026-07-21 22:15:03.560 9 INFO neutron.wsgi [None req-7237ab64-66f8-465c-befc-4a744e087000 4401824d121547cab5dba1918e7f9fe6 646b9c25464e40d18535951958f305df - - - -] 10.0.0.116 "DELETE /v2.0/routers/0723aaa9-a119-420c-9bbb-4237ad589067/tags HTTP/1.1" status: 204 len: 168 time: 0.0736074
2026-07-21 22:15:03.613 10 INFO neutron.wsgi [None req-59b19a76-17f5-4240-b956-db3d974eb589 4401824d121547cab5dba1918e7f9fe6 646b9c25464e40d18535951958f305df - - default default] 10.0.0.116 "GET /v2.0/routers/0723aaa9-a119-420c-9bbb-4237ad589067/tags HTTP/1.1" status: 200 len: 205 time: 0.0477166
2026-07-21 22:15:03.697 10 INFO neutron.wsgi [None req-a61eec31-9717-40d2-8f96-320b1349ee4a 4401824d121547cab5dba1918e7f9fe6 646b9c25464e40d18535951958f305df - - default default] 10.0.0.116 "GET /v2.0/routers/0723aaa9-a119-420c-9bbb-4237ad589067 HTTP/1.1" status: 200 len: 655 time: 0.0486639
2026-07-21 22:15:03.739 9 INFO neutron.db.ovn_revision_numbers_db [None req-7fb68823-544b-4358-951f-12be1d4e7ca1 53a54d13135a4888b98edc1c9fbfacbb dc47df5da8024306bc550e35acc2461a - - - -] Successfully bumped revision number for resource c346760f-cf93-4515-a934-bf4ec7da6839 (type: router_ports) to 3
2026-07-21 22:15:03.742 9 INFO neutron.wsgi [None req-7fb68823-544b-4358-951f-12be1d4e7ca1 53a54d13135a4888b98edc1c9fbfacbb dc47df5da8024306bc550e35acc2461a - - - -] 10.0.0.116 "PUT /v2.0/routers/1fb6a2a5-c83c-4fc4-a37d-4d951d40ab09/add_router_interface HTTP/1.1" status: 200 len: 503 time: 3.5357013
2026-07-21 22:15:04.128 10 INFO neutron.db.ovn_revision_numbers_db [None req-afec0cef-6ffd-462c-8cfa-9b8e721ff4dc 4401824d121547cab5dba1918e7f9fe6 646b9c25464e40d18535951958f305df - - - -] Successfully bumped revision number for resource 0723aaa9-a119-420c-9bbb-4237ad589067 (type: routers) to 9
2026-07-21 22:15:04.132 10 INFO neutron.wsgi [None req-afec0cef-6ffd-462c-8cfa-9b8e721ff4dc 4401824d121547cab5dba1918e7f9fe6 646b9c25464e40d18535951958f305df - - - -] 10.0.0.116 "PUT /v2.0/routers/0723aaa9-a119-420c-9bbb-4237ad589067 HTTP/1.1" status: 200 len: 655 time: 0.4294510
2026-07-21 22:15:04.169 10 INFO neutron.wsgi [None req-4ed981a3-6a92-4865-8323-3415a743be15 4401824d121547cab5dba1918e7f9fe6 646b9c25464e40d18535951958f305df - - default default] 10.0.0.116 "GET /v2.0/ports?device_id=0723aaa9-a119-420c-9bbb-4237ad589067 HTTP/1.1" status: 200 len: 205 time: 0.0298057
2026-07-21 22:15:04.244 9 INFO neutron.wsgi [None req-8c782913-09e7-4e73-8bfa-fdeef18a11ee a179550bd99a4fd6af3a5e6f28150aeb 9e55c4fc1fa7418d8af6eabbdbfc05de - - default default] 10.0.0.119 "GET /v2.0/floatingips HTTP/1.1" status: 200 len: 193 time: 0.0969868
2026-07-21 22:15:04.501 10 INFO neutron.wsgi [None req-eeaa563a-c43f-4dee-a9df-5e018d09da29 4401824d121547cab5dba1918e7f9fe6 646b9c25464e40d18535951958f305df - - - -] 10.0.0.116 "DELETE /v2.0/routers/0723aaa9-a119-420c-9bbb-4237ad589067 HTTP/1.1" status: 204 len: 168 time: 0.3261166
2026-07-21 22:15:04.640 9 INFO neutron.wsgi [None req-14d792d3-1ae0-4c71-8f09-532da0aa7033 a179550bd99a4fd6af3a5e6f28150aeb 9e55c4fc1fa7418d8af6eabbdbfc05de - - default default] 10.0.0.119 "GET /v2.0/networks HTTP/1.1" status: 200 len: 4720 time: 0.3944860
2026-07-21 22:15:04.752 9 WARNING neutron.scheduler.dhcp_agent_scheduler [None req-081c827f-244a-46a6-bd41-f0f22567d641 53a54d13135a4888b98edc1c9fbfacbb dc47df5da8024306bc550e35acc2461a - - default default] No more DHCP agents
2026-07-21 22:15:04.760 9 WARNING neutron.api.rpc.agentnotifiers.dhcp_rpc_agent_api [None req-081c827f-244a-46a6-bd41-f0f22567d641 53a54d13135a4888b98edc1c9fbfacbb dc47df5da8024306bc550e35acc2461a - - default default] Unable to schedule network 31d65037-0332-4a12-9aa0-dadf00d734a3: no agents available; will retry on subsequent port and subnet creation events.
2026-07-21 22:15:04.791 15 INFO neutron.plugins.ml2.drivers.ovn.mech_driver.ovsdb.maintenance [None req-36ded306-7219-4e4c-9bcb-ed435df2cd95 - - - - - -] Maintenance task: Synchronization finished (took 0.50 seconds)
2026-07-21 22:15:04.796 9 INFO neutron.wsgi [None req-fbd76351-4c43-452a-85f7-3db088a55991 a179550bd99a4fd6af3a5e6f28150aeb 9e55c4fc1fa7418d8af6eabbdbfc05de - - default default] 10.0.0.119 "GET /v2.0/routers HTTP/1.1" status: 200 len: 850 time: 0.1481931
2026-07-21 22:15:04.820 9 INFO neutron.wsgi [None req-9fe739d4-c121-4531-95ca-faab96de4f94 a179550bd99a4fd6af3a5e6f28150aeb 9e55c4fc1fa7418d8af6eabbdbfc05de - - default default] 10.0.0.119 "GET /v2.0/agents?binary=ovn-controller HTTP/1.1" status: 200 len: 591 time: 0.0222626
2026-07-21 22:15:04.885 9 INFO neutron.wsgi [None req-5c73f347-34ea-4515-ac1b-6c5d67b3a620 a179550bd99a4fd6af3a5e6f28150aeb 9e55c4fc1fa7418d8af6eabbdbfc05de - - default default] 10.0.0.119 "GET /v2.0/ports HTTP/1.1" status: 200 len: 11548 time: 0.0563202
2026-07-21 22:15:04.904 9 INFO neutron.wsgi [None req-31c596b9-ce80-4a04-aa3c-a7b1599a30b6 a179550bd99a4fd6af3a5e6f28150aeb 9e55c4fc1fa7418d8af6eabbdbfc05de - - default default] 10.0.0.119 "GET /v2.0/agents HTTP/1.1" status: 200 len: 997 time: 0.0111873
2026-07-21 22:15:04.960 9 INFO neutron.wsgi [None req-d77144f3-43ec-4d6a-bff8-7115f4a43af0 a179550bd99a4fd6af3a5e6f28150aeb 9e55c4fc1fa7418d8af6eabbdbfc05de - - default default] 10.0.0.119 "GET /v2.0/subnets HTTP/1.1" status: 200 len: 5497 time: 0.0547454
2026-07-21 22:15:04.997 9 INFO neutron.wsgi [None req-5e0d9b6d-bf34-4d98-a4d5-f6b5e5113cdf a179550bd99a4fd6af3a5e6f28150aeb 9e55c4fc1fa7418d8af6eabbdbfc05de - - default default] 10.0.0.119 "GET /v2.0/network-ip-availabilities HTTP/1.1" status: 200 len: 3363 time: 0.0349488
2026-07-21 22:15:05.032 9 INFO neutron.db.ovn_revision_numbers_db [None req-081c827f-244a-46a6-bd41-f0f22567d641 53a54d13135a4888b98edc1c9fbfacbb dc47df5da8024306bc550e35acc2461a - - default default] Successfully bumped revision number for resource 4362b4c2-152d-4818-ae7e-2691d3eb1502 (type: ports) to 1
2026-07-21 22:15:05.036 9 INFO neutron.wsgi [None req-e1027d90-d6fc-4c37-b97d-de51f3dea8ef a179550bd99a4fd6af3a5e6f28150aeb 9e55c4fc1fa7418d8af6eabbdbfc05de - - default default] 10.0.0.119 "GET /v2.0/subnets HTTP/1.1" status: 200 len: 5497 time: 0.0375125
2026-07-21 22:15:05.053 9 INFO neutron.wsgi [None req-916474b1-529e-4048-acc4-97aaaaf9953c a179550bd99a4fd6af3a5e6f28150aeb 9e55c4fc1fa7418d8af6eabbdbfc05de - - default default] 10.0.0.119 "GET /v2.0/subnetpools HTTP/1.1" status: 200 len: 193 time: 0.0142021
2026-07-21 22:15:05.155 9 INFO neutron.wsgi [None req-a06c5855-0128-460d-bb4c-bc5bfae91d21 a179550bd99a4fd6af3a5e6f28150aeb 9e55c4fc1fa7418d8af6eabbdbfc05de - - default default] 10.0.0.119 "GET /v2.0/security-groups HTTP/1.1" status: 200 len: 19587 time: 0.0995111
2026-07-21 22:15:05.399 10 INFO neutron.db.ovn_revision_numbers_db [None req-93b95249-0999-4811-959c-78b7a2ca7496 a179550bd99a4fd6af3a5e6f28150aeb 9e55c4fc1fa7418d8af6eabbdbfc05de - - default default] Successfully bumped revision number for resource 78454f86-650e-4fb6-9ff3-b1a7ad6f66f8 (type: security_groups) to 1
2026-07-21 22:15:05.429 10 INFO neutron.wsgi [None req-93b95249-0999-4811-959c-78b7a2ca7496 a179550bd99a4fd6af3a5e6f28150aeb 9e55c4fc1fa7418d8af6eabbdbfc05de - - default default] 10.0.0.116 "GET /v2.0/security-groups?tenant_id=d46ce9088cfa464f9c12c166f46517bf&name=default HTTP/1.1" status: 200 len: 3000 time: 0.2592819
2026-07-21 22:15:05.672 10 INFO neutron.wsgi [None req-f384ad9f-0551-4b88-87f7-a4c23ccfd5a1 a179550bd99a4fd6af3a5e6f28150aeb 9e55c4fc1fa7418d8af6eabbdbfc05de - - - -] 10.0.0.116 "DELETE /v2.0/security-groups/78454f86-650e-4fb6-9ff3-b1a7ad6f66f8 HTTP/1.1" status: 204 len: 168 time: 0.2370594
2026-07-21 22:15:05.690 9 INFO neutron.plugins.ml2.drivers.ovn.mech_driver.mech_driver [None req-4cf41096-bd17-4445-8bb0-dfb4722b3ce6 - - - - - -] OVN reports status up for port: 4362b4c2-152d-4818-ae7e-2691d3eb1502
2026-07-21 22:15:05.695 9 INFO neutron.db.ovn_revision_numbers_db [None req-081c827f-244a-46a6-bd41-f0f22567d641 53a54d13135a4888b98edc1c9fbfacbb dc47df5da8024306bc550e35acc2461a - - default default] Successfully bumped revision number for resource 4362b4c2-152d-4818-ae7e-2691d3eb1502 (type: router_ports) to 2
2026-07-21 22:15:05.698 9 INFO neutron.plugins.ml2.plugin [None req-4cf41096-bd17-4445-8bb0-dfb4722b3ce6 - - - - - -] Attempt 1 to provision port 4362b4c2-152d-4818-ae7e-2691d3eb1502
2026-07-21 22:15:05.969 9 INFO neutron.db.ovn_revision_numbers_db [None req-081c827f-244a-46a6-bd41-f0f22567d641 53a54d13135a4888b98edc1c9fbfacbb dc47df5da8024306bc550e35acc2461a - - default default] Successfully bumped revision number for resource 4362b4c2-152d-4818-ae7e-2691d3eb1502 (type: ports) to 2
2026-07-21 22:15:06.046 9 INFO neutron.db.ovn_revision_numbers_db [None req-51072e57-0d36-4d8a-add2-4ce622231579 a179550bd99a4fd6af3a5e6f28150aeb 9e55c4fc1fa7418d8af6eabbdbfc05de - - default default] Successfully bumped revision number for resource a0db0862-d2d0-4696-8971-74aed527641d (type: security_groups) to 1
2026-07-21 22:15:06.107 9 INFO neutron.wsgi [None req-51072e57-0d36-4d8a-add2-4ce622231579 a179550bd99a4fd6af3a5e6f28150aeb 9e55c4fc1fa7418d8af6eabbdbfc05de - - default default] 10.0.0.116 "GET /v2.0/security-groups?tenant_id=646b9c25464e40d18535951958f305df&name=default HTTP/1.1" status: 200 len: 3000 time: 0.3191230
2026-07-21 22:15:06.128 9 WARNING neutron.scheduler.dhcp_agent_scheduler [None req-081c827f-244a-46a6-bd41-f0f22567d641 53a54d13135a4888b98edc1c9fbfacbb dc47df5da8024306bc550e35acc2461a - - default default] No more DHCP agents
2026-07-21 22:15:06.135 9 WARNING neutron.api.rpc.agentnotifiers.dhcp_rpc_agent_api [None req-081c827f-244a-46a6-bd41-f0f22567d641 53a54d13135a4888b98edc1c9fbfacbb dc47df5da8024306bc550e35acc2461a - - default default] Unable to schedule network 31d65037-0332-4a12-9aa0-dadf00d734a3: no agents available; will retry on subsequent port and subnet creation events.
2026-07-21 22:15:06.170 9 INFO neutron.db.ovn_revision_numbers_db [None req-4cf41096-bd17-4445-8bb0-dfb4722b3ce6 - - - - - -] Successfully bumped revision number for resource 4362b4c2-152d-4818-ae7e-2691d3eb1502 (type: ports) to 3
2026-07-21 22:15:06.653 9 INFO neutron.db.ovn_revision_numbers_db [None req-4cf41096-bd17-4445-8bb0-dfb4722b3ce6 - - - - - -] Successfully bumped revision number for resource 4362b4c2-152d-4818-ae7e-2691d3eb1502 (type: router_ports) to 3
2026-07-21 22:15:06.808 9 INFO neutron.wsgi [None req-2e8e16bd-380f-483c-a16e-5acce0ac0882 a179550bd99a4fd6af3a5e6f28150aeb 9e55c4fc1fa7418d8af6eabbdbfc05de - - - -] 10.0.0.116 "DELETE /v2.0/security-groups/a0db0862-d2d0-4696-8971-74aed527641d HTTP/1.1" status: 204 len: 168 time: 0.6953011
2026-07-21 22:15:06.880 9 INFO neutron.db.ovn_revision_numbers_db [None req-081c827f-244a-46a6-bd41-f0f22567d641 53a54d13135a4888b98edc1c9fbfacbb dc47df5da8024306bc550e35acc2461a - - - -] Successfully bumped revision number for resource 4362b4c2-152d-4818-ae7e-2691d3eb1502 (type: router_ports) to 3
2026-07-21 22:15:06.883 9 INFO neutron.wsgi [None req-081c827f-244a-46a6-bd41-f0f22567d641 53a54d13135a4888b98edc1c9fbfacbb dc47df5da8024306bc550e35acc2461a - - - -] 10.0.0.116 "PUT /v2.0/routers/1fb6a2a5-c83c-4fc4-a37d-4d951d40ab09/add_router_interface HTTP/1.1" status: 200 len: 503 time: 3.1342053
2026-07-21 22:15:07.781 10 WARNING neutron.scheduler.dhcp_agent_scheduler [None req-5e971aa6-8a85-4cc1-a5bb-d28ffd6d40ae 53a54d13135a4888b98edc1c9fbfacbb dc47df5da8024306bc550e35acc2461a - - default default] No more DHCP agents
2026-07-21 22:15:07.784 10 WARNING neutron.api.rpc.agentnotifiers.dhcp_rpc_agent_api [None req-5e971aa6-8a85-4cc1-a5bb-d28ffd6d40ae 53a54d13135a4888b98edc1c9fbfacbb dc47df5da8024306bc550e35acc2461a - - default default] Unable to schedule network 11729ce0-710d-4d3e-9bb3-9cccb548cce2: no agents available; will retry on subsequent port and subnet creation events.
2026-07-21 22:15:07.956 10 INFO neutron.db.ovn_revision_numbers_db [None req-5e971aa6-8a85-4cc1-a5bb-d28ffd6d40ae 53a54d13135a4888b98edc1c9fbfacbb dc47df5da8024306bc550e35acc2461a - - default default] Successfully bumped revision number for resource faccc5d0-6f1e-4a0a-a45d-8bc00baff52d (type: ports) to 1
2026-07-21 22:15:08.108 10 WARNING neutron.plugins.ml2.drivers.ovn.mech_driver.ovsdb.ovn_client [None req-58c51a0d-b544-4932-b343-a9faa2598fbf - - - - - -] No hosting information found for port c346760f-cf93-4515-a934-bf4ec7da6839: RuntimeError: No hosting information found for port c346760f-cf93-4515-a934-bf4ec7da6839
2026-07-21 22:15:08.572 10 INFO neutron.plugins.ml2.drivers.ovn.mech_driver.mech_driver [None req-58c51a0d-b544-4932-b343-a9faa2598fbf - - - - - -] OVN reports status up for port: faccc5d0-6f1e-4a0a-a45d-8bc00baff52d
2026-07-21 22:15:08.589 10 INFO neutron.db.ovn_revision_numbers_db [None req-5e971aa6-8a85-4cc1-a5bb-d28ffd6d40ae 53a54d13135a4888b98edc1c9fbfacbb dc47df5da8024306bc550e35acc2461a - - default default] Successfully bumped revision number for resource faccc5d0-6f1e-4a0a-a45d-8bc00baff52d (type: router_ports) to 2
2026-07-21 22:15:08.593 10 INFO neutron.plugins.ml2.plugin [None req-58c51a0d-b544-4932-b343-a9faa2598fbf - - - - - -] Attempt 1 to provision port faccc5d0-6f1e-4a0a-a45d-8bc00baff52d
2026-07-21 22:15:08.798 10 INFO neutron.db.ovn_revision_numbers_db [None req-5e971aa6-8a85-4cc1-a5bb-d28ffd6d40ae 53a54d13135a4888b98edc1c9fbfacbb dc47df5da8024306bc550e35acc2461a - - default default] Successfully bumped revision number for resource faccc5d0-6f1e-4a0a-a45d-8bc00baff52d (type: ports) to 2
2026-07-21 22:15:08.924 10 WARNING neutron.scheduler.dhcp_agent_scheduler [None req-5e971aa6-8a85-4cc1-a5bb-d28ffd6d40ae 53a54d13135a4888b98edc1c9fbfacbb dc47df5da8024306bc550e35acc2461a - - default default] No more DHCP agents
2026-07-21 22:15:08.926 10 WARNING neutron.api.rpc.agentnotifiers.dhcp_rpc_agent_api [None req-5e971aa6-8a85-4cc1-a5bb-d28ffd6d40ae 53a54d13135a4888b98edc1c9fbfacbb dc47df5da8024306bc550e35acc2461a - - default default] Unable to schedule network 11729ce0-710d-4d3e-9bb3-9cccb548cce2: no agents available; will retry on subsequent port and subnet creation events.
2026-07-21 22:15:08.954 10 INFO neutron.db.ovn_revision_numbers_db [None req-58c51a0d-b544-4932-b343-a9faa2598fbf - - - - - -] Successfully bumped revision number for resource faccc5d0-6f1e-4a0a-a45d-8bc00baff52d (type: ports) to 3
2026-07-21 22:15:09.103 10 INFO neutron.db.ovn_revision_numbers_db [None req-58c51a0d-b544-4932-b343-a9faa2598fbf - - - - - -] Successfully bumped revision number for resource faccc5d0-6f1e-4a0a-a45d-8bc00baff52d (type: router_ports) to 3
2026-07-21 22:15:09.305 10 INFO neutron.db.ovn_revision_numbers_db [None req-5e971aa6-8a85-4cc1-a5bb-d28ffd6d40ae 53a54d13135a4888b98edc1c9fbfacbb dc47df5da8024306bc550e35acc2461a - - - -] Successfully bumped revision number for resource faccc5d0-6f1e-4a0a-a45d-8bc00baff52d (type: router_ports) to 3
2026-07-21 22:15:09.310 10 INFO neutron.wsgi [None req-5e971aa6-8a85-4cc1-a5bb-d28ffd6d40ae 53a54d13135a4888b98edc1c9fbfacbb dc47df5da8024306bc550e35acc2461a - - - -] 10.0.0.116 "PUT /v2.0/routers/1fb6a2a5-c83c-4fc4-a37d-4d951d40ab09/add_router_interface HTTP/1.1" status: 200 len: 503 time: 2.4202554
2026-07-21 22:15:09.503 9 INFO neutron.db.ovn_revision_numbers_db [None req-44f4bca4-769f-4743-a6c6-a9a4f07d25cf 53a54d13135a4888b98edc1c9fbfacbb dc47df5da8024306bc550e35acc2461a - - - -] Successfully bumped revision number for resource 2aa62961-0626-42e3-ac51-54cd333bd1c4 (type: security_groups) to 1
2026-07-21 22:15:09.522 9 INFO neutron.wsgi [None req-44f4bca4-769f-4743-a6c6-a9a4f07d25cf 53a54d13135a4888b98edc1c9fbfacbb dc47df5da8024306bc550e35acc2461a - - - -] 10.0.0.116 "POST /v2.0/security-groups HTTP/1.1" status: 201 len: 1765 time: 0.1543753
2026-07-21 22:15:09.655 9 INFO neutron.db.ovn_revision_numbers_db [None req-0c18718d-24e2-4834-bc24-2ace29c9362b 53a54d13135a4888b98edc1c9fbfacbb dc47df5da8024306bc550e35acc2461a - - - -] Successfully bumped revision number for resource ff65ccfb-3ea3-4123-8175-aa1e78fd458a (type: security_group_rules) to 0
2026-07-21 22:15:09.686 9 INFO neutron.wsgi [None req-0c18718d-24e2-4834-bc24-2ace29c9362b 53a54d13135a4888b98edc1c9fbfacbb dc47df5da8024306bc550e35acc2461a - - - -] 10.0.0.116 "POST /v2.0/security-group-rules HTTP/1.1" status: 201 len: 764 time: 0.1586456
2026-07-21 22:15:09.817 9 INFO neutron.db.ovn_revision_numbers_db [None req-c1788969-ceb3-4710-9def-197afe954b4a 53a54d13135a4888b98edc1c9fbfacbb dc47df5da8024306bc550e35acc2461a - - - -] Successfully bumped revision number for resource 6fe7f098-9159-40dc-98bd-b9b2bb950240 (type: security_group_rules) to 0
2026-07-21 22:15:09.845 9 INFO neutron.wsgi [None req-c1788969-ceb3-4710-9def-197afe954b4a 53a54d13135a4888b98edc1c9fbfacbb dc47df5da8024306bc550e35acc2461a - - - -] 10.0.0.116 "POST /v2.0/security-group-rules HTTP/1.1" status: 201 len: 764 time: 0.1541052
2026-07-21 22:15:09.982 9 INFO neutron.db.ovn_revision_numbers_db [None req-5d053e51-69c9-4eba-af4c-280632501715 53a54d13135a4888b98edc1c9fbfacbb dc47df5da8024306bc550e35acc2461a - - - -] Successfully bumped revision number for resource 12f72849-447b-46d1-ba76-4957238139e3 (type: security_group_rules) to 0
2026-07-21 22:15:10.011 9 INFO neutron.wsgi [None req-5d053e51-69c9-4eba-af4c-280632501715 53a54d13135a4888b98edc1c9fbfacbb dc47df5da8024306bc550e35acc2461a - - - -] 10.0.0.116 "POST /v2.0/security-group-rules HTTP/1.1" status: 201 len: 766 time: 0.1602411
2026-07-21 22:15:10.141 9 INFO neutron.db.ovn_revision_numbers_db [None req-2c4cf62a-8891-46f2-ae97-03b17f5dccc4 53a54d13135a4888b98edc1c9fbfacbb dc47df5da8024306bc550e35acc2461a - - - -] Successfully bumped revision number for resource c572945a-e975-4da9-9fa8-31807412bde8 (type: security_group_rules) to 0
2026-07-21 22:15:10.162 9 INFO neutron.wsgi [None req-2c4cf62a-8891-46f2-ae97-03b17f5dccc4 53a54d13135a4888b98edc1c9fbfacbb dc47df5da8024306bc550e35acc2461a - - - -] 10.0.0.116 "POST /v2.0/security-group-rules HTTP/1.1" status: 201 len: 768 time: 0.1454461
2026-07-21 22:15:10.259 9 INFO neutron.db.ovn_revision_numbers_db [None req-c7e43d6a-a6a5-4815-824e-d1b389ab0bc1 53a54d13135a4888b98edc1c9fbfacbb dc47df5da8024306bc550e35acc2461a - - - -] Successfully bumped revision number for resource 59465da9-8327-463c-ba42-093bc1696a25 (type: security_group_rules) to 0
2026-07-21 22:15:10.283 9 INFO neutron.wsgi [None req-c7e43d6a-a6a5-4815-824e-d1b389ab0bc1 53a54d13135a4888b98edc1c9fbfacbb dc47df5da8024306bc550e35acc2461a - - - -] 10.0.0.116 "POST /v2.0/security-group-rules HTTP/1.1" status: 201 len: 768 time: 0.1148698
2026-07-21 22:15:10.413 9 INFO neutron.db.ovn_revision_numbers_db [None req-17b95fd3-1e04-4acd-b43d-8831a88a2582 53a54d13135a4888b98edc1c9fbfacbb dc47df5da8024306bc550e35acc2461a - - - -] Successfully bumped revision number for resource 002a34e2-dab5-48f6-9df1-369ff5b717a7 (type: security_group_rules) to 0
2026-07-21 22:15:10.449 9 INFO neutron.wsgi [None req-17b95fd3-1e04-4acd-b43d-8831a88a2582 53a54d13135a4888b98edc1c9fbfacbb dc47df5da8024306bc550e35acc2461a - - - -] 10.0.0.116 "POST /v2.0/security-group-rules HTTP/1.1" status: 201 len: 764 time: 0.1615522
2026-07-21 22:15:10.545 10 INFO neutron.wsgi [-] 10.0.0.133 "GET / HTTP/1.1" status: 200 len: 246 time: 0.0016572
2026-07-21 22:15:10.547 9 INFO neutron.wsgi [-] 10.0.0.133 "GET / HTTP/1.1" status: 200 len: 246 time: 0.0031133
2026-07-21 22:15:10.604 10 INFO neutron.db.ovn_revision_numbers_db [None req-10877c89-5ce4-49ec-ab23-07f58e8c1f99 53a54d13135a4888b98edc1c9fbfacbb dc47df5da8024306bc550e35acc2461a - - - -] Successfully bumped revision number for resource ad8f813a-b6ae-4317-af5a-ad4c03d16a16 (type: security_group_rules) to 0
2026-07-21 22:15:10.631 10 INFO neutron.wsgi [None req-10877c89-5ce4-49ec-ab23-07f58e8c1f99 53a54d13135a4888b98edc1c9fbfacbb dc47df5da8024306bc550e35acc2461a - - - -] 10.0.0.116 "POST /v2.0/security-group-rules HTTP/1.1" status: 201 len: 764 time: 0.1755693
2026-07-21 22:15:10.753 10 INFO neutron.db.ovn_revision_numbers_db [None req-22aedeb2-3c52-493a-9349-a9a737533206 53a54d13135a4888b98edc1c9fbfacbb dc47df5da8024306bc550e35acc2461a - - - -] Successfully bumped revision number for resource e527e4b5-87e1-453e-9f03-66fbbbe034da (type: security_group_rules) to 0
2026-07-21 22:15:10.779 10 INFO neutron.wsgi [None req-22aedeb2-3c52-493a-9349-a9a737533206 53a54d13135a4888b98edc1c9fbfacbb dc47df5da8024306bc550e35acc2461a - - - -] 10.0.0.116 "POST /v2.0/security-group-rules HTTP/1.1" status: 201 len: 764 time: 0.1413510
2026-07-21 22:15:10.927 10 INFO neutron.db.ovn_revision_numbers_db [None req-debf3f2a-a9b3-4c76-b30c-7b2e68db7c30 53a54d13135a4888b98edc1c9fbfacbb dc47df5da8024306bc550e35acc2461a - - - -] Successfully bumped revision number for resource bf82788a-cbb6-4dcf-911e-e1c66eabd270 (type: security_group_rules) to 0
2026-07-21 22:15:10.951 10 INFO neutron.wsgi [None req-debf3f2a-a9b3-4c76-b30c-7b2e68db7c30 53a54d13135a4888b98edc1c9fbfacbb dc47df5da8024306bc550e35acc2461a - - - -] 10.0.0.116 "POST /v2.0/security-group-rules HTTP/1.1" status: 201 len: 766 time: 0.1599078
2026-07-21 22:15:11.078 10 INFO neutron.db.ovn_revision_numbers_db [None req-7dc21bef-d39f-45e4-a0db-d52ba47b5642 53a54d13135a4888b98edc1c9fbfacbb dc47df5da8024306bc550e35acc2461a - - - -] Successfully bumped revision number for resource 54671e37-9a1e-40e6-89a5-a00b0a4c2cd1 (type: security_group_rules) to 0
2026-07-21 22:15:11.110 10 INFO neutron.wsgi [None req-7dc21bef-d39f-45e4-a0db-d52ba47b5642 53a54d13135a4888b98edc1c9fbfacbb dc47df5da8024306bc550e35acc2461a - - - -] 10.0.0.116 "POST /v2.0/security-group-rules HTTP/1.1" status: 201 len: 768 time: 0.1523976
