2026-07-21 22:11:25.871 9 INFO neutron.wsgi [None req-4bb0ac54-0faf-4ebf-9966-a1af67e87b05 a179550bd99a4fd6af3a5e6f28150aeb 9e55c4fc1fa7418d8af6eabbdbfc05de - - - -] 10.0.0.116 "PUT /v2.0/routers/d4c5e6e0-e3cd-4fbe-8f51-cdfde9aa0e42/remove_router_interface HTTP/1.1" status: 200 len: 503 time: 1.6164100 /var/lib/openstack/lib/python3.10/site-packages/pycadf/identifier.py:71: UserWarning: Invalid uuid: neutron. To ensure interoperability, identifiers should be a valid uuid. warnings.warn(('Invalid uuid: %s. To ensure interoperability, '
2026-07-21 22:11:25.904 10 INFO neutron.wsgi [None req-94fa93d9-ba7b-433b-8b5a-29b4215ee53a ac5220b444c14425831cce4eeaf8556d e57e399179ee40228cc5c3922edb23b9 - - - -] 10.0.0.116 "DELETE /v2.0/subnets/4ebd180b-c93d-446a-a9f1-70fea6f82618 HTTP/1.1" status: 204 len: 168 time: 0.1991310
2026-07-21 22:11:26.319 10 INFO neutron.services.segments.plugin [-] Segment 53f0a992-c3b3-4a69-a408-ce68a8ea175c resource provider aggregate not found
2026-07-21 22:11:26.326 10 INFO neutron.services.segments.plugin [-] Segment 53f0a992-c3b3-4a69-a408-ce68a8ea175c resource provider aggregate not found
2026-07-21 22:11:26.340 10 INFO neutron.services.segments.plugin [-] Segment 53f0a992-c3b3-4a69-a408-ce68a8ea175c resource provider not found; error: Placement Client Error (4xx): {"errors": [{"status": 404, "title": "Not Found", "detail": "The resource could not be found.\n\n No resource provider with uuid 53f0a992-c3b3-4a69-a408-ce68a8ea175c found for delete ", "request_id": "req-12bc06d2-f58c-4bd3-9334-f2e813947a75"}]}
2026-07-21 22:11:26.349 10 INFO neutron.services.segments.plugin [-] Segment 53f0a992-c3b3-4a69-a408-ce68a8ea175c resource provider not found; error: Placement Client Error (4xx): {"errors": [{"status": 404, "title": "Not Found", "detail": "The resource could not be found.\n\n No resource provider with uuid 53f0a992-c3b3-4a69-a408-ce68a8ea175c found for delete ", "request_id": "req-22f326c5-0cd9-4bf1-9bc7-eb14fde4c90d"}]}
2026-07-21 22:11:26.367 10 INFO neutron.wsgi [None req-0b732e97-8bd1-4e91-8598-071daebd97c1 ac5220b444c14425831cce4eeaf8556d e57e399179ee40228cc5c3922edb23b9 - - - -] 10.0.0.116 "DELETE /v2.0/networks/5ffea67c-9ead-4ea7-995e-1894c30c0ccb HTTP/1.1" status: 204 len: 168 time: 0.4539926
2026-07-21 22:11:26.474 10 INFO neutron.db.segments_db [None req-ba0d9a80-4d1a-4d80-b0ce-f2d97bee31cb ac5220b444c14425831cce4eeaf8556d e57e399179ee40228cc5c3922edb23b9 - - - -] Added segment 16ec1a2c-1396-4b56-9c44-7898c571abca of type geneve for network b791049e-8854-4f9b-8d58-04891ad95099
2026-07-21 22:11:26.609 9 INFO neutron.wsgi [None req-df431bcb-d81d-4889-8a85-e257ca75eb68 a179550bd99a4fd6af3a5e6f28150aeb 9e55c4fc1fa7418d8af6eabbdbfc05de - - - -] 10.0.0.116 "DELETE /v2.0/routers/d4c5e6e0-e3cd-4fbe-8f51-cdfde9aa0e42 HTTP/1.1" status: 204 len: 168 time: 0.7305427
2026-07-21 22:11:26.624 10 INFO neutron.db.ovn_revision_numbers_db [None req-ba0d9a80-4d1a-4d80-b0ce-f2d97bee31cb ac5220b444c14425831cce4eeaf8556d e57e399179ee40228cc5c3922edb23b9 - - - -] Successfully bumped revision number for resource b791049e-8854-4f9b-8d58-04891ad95099 (type: networks) to 1
2026-07-21 22:11:26.797 10 WARNING neutron.scheduler.dhcp_agent_scheduler [None req-ba0d9a80-4d1a-4d80-b0ce-f2d97bee31cb ac5220b444c14425831cce4eeaf8556d e57e399179ee40228cc5c3922edb23b9 - - - -] No more DHCP agents
2026-07-21 22:11:26.806 10 WARNING neutron.api.rpc.agentnotifiers.dhcp_rpc_agent_api [None req-ba0d9a80-4d1a-4d80-b0ce-f2d97bee31cb ac5220b444c14425831cce4eeaf8556d e57e399179ee40228cc5c3922edb23b9 - - - -] Unable to schedule network b791049e-8854-4f9b-8d58-04891ad95099: no agents available; will retry on subsequent port and subnet creation events.
2026-07-21 22:11:26.816 9 INFO neutron.wsgi [None req-1b6d509d-0ae1-4895-86ba-af1c555a0d59 a179550bd99a4fd6af3a5e6f28150aeb 9e55c4fc1fa7418d8af6eabbdbfc05de - - - -] 10.0.0.116 "DELETE /v2.0/subnets/1d181e18-1d15-4f77-814c-9881e9e1091a HTTP/1.1" status: 204 len: 168 time: 0.1989892
2026-07-21 22:11:26.907 10 INFO neutron.db.ovn_revision_numbers_db [None req-ba0d9a80-4d1a-4d80-b0ce-f2d97bee31cb ac5220b444c14425831cce4eeaf8556d e57e399179ee40228cc5c3922edb23b9 - - - -] Successfully bumped revision number for resource ab4face4-09d5-4e8e-94d8-bd52e79bd532 (type: ports) to 1
2026-07-21 22:11:26.938 10 INFO neutron.wsgi [None req-ba0d9a80-4d1a-4d80-b0ce-f2d97bee31cb ac5220b444c14425831cce4eeaf8556d e57e399179ee40228cc5c3922edb23b9 - - - -] 10.0.0.116 "POST /v2.0/networks HTTP/1.1" status: 201 len: 832 time: 0.5630732
2026-07-21 22:11:27.459 10 WARNING neutron.scheduler.dhcp_agent_scheduler [None req-39c152ad-5b57-41ae-9e02-9c0b5d6f0b5a ac5220b444c14425831cce4eeaf8556d e57e399179ee40228cc5c3922edb23b9 - - - -] No more DHCP agents
2026-07-21 22:11:27.471 10 WARNING neutron.api.rpc.agentnotifiers.dhcp_rpc_agent_api [None req-39c152ad-5b57-41ae-9e02-9c0b5d6f0b5a ac5220b444c14425831cce4eeaf8556d e57e399179ee40228cc5c3922edb23b9 - - - -] Unable to schedule network b791049e-8854-4f9b-8d58-04891ad95099: no agents available; will retry on subsequent port and subnet creation events.
2026-07-21 22:11:27.496 10 INFO neutron.db.ovn_revision_numbers_db [None req-39c152ad-5b57-41ae-9e02-9c0b5d6f0b5a ac5220b444c14425831cce4eeaf8556d e57e399179ee40228cc5c3922edb23b9 - - - -] Successfully bumped revision number for resource fef55cd5-47c4-41c7-85cf-c56c921fcf51 (type: subnets) to 0
2026-07-21 22:11:27.499 10 WARNING neutron.plugins.ml2.drivers.ovn.mech_driver.ovsdb.ovn_client [None req-58c51a0d-b544-4932-b343-a9faa2598fbf - - - - - -] No port found with ID c3b33d9f-b9d2-404e-9e34-d201ae14edb3: RuntimeError: No port found with ID c3b33d9f-b9d2-404e-9e34-d201ae14edb3
2026-07-21 22:11:27.512 10 INFO neutron.wsgi [None req-dcb6a8e2-a2cd-4bce-8e19-628afea947be a179550bd99a4fd6af3a5e6f28150aeb 9e55c4fc1fa7418d8af6eabbdbfc05de - - - -] 10.0.0.116 "DELETE /v2.0/networks/c0c88738-35f3-4754-8f19-d9ecfdf00bcd HTTP/1.1" status: 204 len: 168 time: 0.6909444
2026-07-21 22:11:27.515 10 INFO neutron.wsgi [None req-39c152ad-5b57-41ae-9e02-9c0b5d6f0b5a ac5220b444c14425831cce4eeaf8556d e57e399179ee40228cc5c3922edb23b9 - - - -] 10.0.0.116 "POST /v2.0/subnets HTTP/1.1" status: 201 len: 821 time: 0.5720570
2026-07-21 22:11:27.691 9 INFO neutron.db.ovn_revision_numbers_db [None req-b2ce2d77-2407-40d2-bac5-91e707e44142 ac5220b444c14425831cce4eeaf8556d e57e399179ee40228cc5c3922edb23b9 - - - -] Successfully bumped revision number for resource fe58189b-97eb-4956-858d-43bb9fa64283 (type: routers) to 1
2026-07-21 22:11:27.702 10 INFO neutron.wsgi [None req-27100eae-b565-49fd-9851-cbd4c70a6047 a179550bd99a4fd6af3a5e6f28150aeb 9e55c4fc1fa7418d8af6eabbdbfc05de - - default default] 10.0.0.116 "GET /v2.0/security-groups?tenant_id=5e5d076111984350840abe4668aa36d5&name=default HTTP/1.1" status: 200 len: 2996 time: 0.0281119
2026-07-21 22:11:27.705 9 INFO neutron.wsgi [None req-b2ce2d77-2407-40d2-bac5-91e707e44142 ac5220b444c14425831cce4eeaf8556d e57e399179ee40228cc5c3922edb23b9 - - - -] 10.0.0.116 "POST /v2.0/routers HTTP/1.1" status: 201 len: 691 time: 0.1849024
2026-07-21 22:11:27.884 9 INFO neutron.wsgi [None req-465eaa8e-a362-437e-b61a-eee46f383bd8 a179550bd99a4fd6af3a5e6f28150aeb 9e55c4fc1fa7418d8af6eabbdbfc05de - - - -] 10.0.0.116 "DELETE /v2.0/security-groups/f6b7cd10-a01c-4584-87af-1c2d4ceb2822 HTTP/1.1" status: 204 len: 168 time: 0.1769714
2026-07-21 22:11:28.184 10 WARNING neutron.scheduler.dhcp_agent_scheduler [None req-85aaf5e1-e68f-4544-9264-38ab3c145f86 ac5220b444c14425831cce4eeaf8556d e57e399179ee40228cc5c3922edb23b9 - - default default] No more DHCP agents
2026-07-21 22:11:28.188 10 WARNING neutron.api.rpc.agentnotifiers.dhcp_rpc_agent_api [None req-85aaf5e1-e68f-4544-9264-38ab3c145f86 ac5220b444c14425831cce4eeaf8556d e57e399179ee40228cc5c3922edb23b9 - - default default] Unable to schedule network b791049e-8854-4f9b-8d58-04891ad95099: no agents available; will retry on subsequent port and subnet creation events.
2026-07-21 22:11:28.290 10 INFO neutron.db.ovn_revision_numbers_db [None req-85aaf5e1-e68f-4544-9264-38ab3c145f86 ac5220b444c14425831cce4eeaf8556d e57e399179ee40228cc5c3922edb23b9 - - default default] Successfully bumped revision number for resource 04a83f89-0d9c-45b1-8ff7-d72d2a864857 (type: ports) to 1
2026-07-21 22:11:28.377 10 INFO neutron.services.segments.plugin [-] Segment fd5c8066-a165-40c7-8421-9b175188df75 resource provider aggregate not found
2026-07-21 22:11:28.383 10 INFO neutron.services.segments.plugin [-] Segment fd5c8066-a165-40c7-8421-9b175188df75 resource provider aggregate not found
2026-07-21 22:11:28.401 10 INFO neutron.services.segments.plugin [-] Segment fd5c8066-a165-40c7-8421-9b175188df75 resource provider not found; error: Placement Client Error (4xx): {"errors": [{"status": 404, "title": "Not Found", "detail": "The resource could not be found.\n\n No resource provider with uuid fd5c8066-a165-40c7-8421-9b175188df75 found for delete ", "request_id": "req-73882167-f513-4c8a-8496-246e4aa63aa3"}]}
2026-07-21 22:11:28.404 10 INFO neutron.services.segments.plugin [-] Segment fd5c8066-a165-40c7-8421-9b175188df75 resource provider not found; error: Placement Client Error (4xx): {"errors": [{"status": 404, "title": "Not Found", "detail": "The resource could not be found.\n\n No resource provider with uuid fd5c8066-a165-40c7-8421-9b175188df75 found for delete ", "request_id": "req-1dac31dc-bb0b-4ea9-b816-ad9061e46dca"}]}
2026-07-21 22:11:28.704 10 INFO neutron.plugins.ml2.drivers.ovn.mech_driver.mech_driver [None req-58c51a0d-b544-4932-b343-a9faa2598fbf - - - - - -] OVN reports status up for port: 04a83f89-0d9c-45b1-8ff7-d72d2a864857
2026-07-21 22:11:28.712 10 INFO neutron.plugins.ml2.plugin [None req-58c51a0d-b544-4932-b343-a9faa2598fbf - - - - - -] Attempt 1 to provision port 04a83f89-0d9c-45b1-8ff7-d72d2a864857
2026-07-21 22:11:28.713 10 INFO neutron.db.ovn_revision_numbers_db [None req-85aaf5e1-e68f-4544-9264-38ab3c145f86 ac5220b444c14425831cce4eeaf8556d e57e399179ee40228cc5c3922edb23b9 - - default default] Successfully bumped revision number for resource 04a83f89-0d9c-45b1-8ff7-d72d2a864857 (type: router_ports) to 2
2026-07-21 22:11:28.840 10 INFO neutron.db.ovn_revision_numbers_db [None req-85aaf5e1-e68f-4544-9264-38ab3c145f86 ac5220b444c14425831cce4eeaf8556d e57e399179ee40228cc5c3922edb23b9 - - default default] Successfully bumped revision number for resource 04a83f89-0d9c-45b1-8ff7-d72d2a864857 (type: ports) to 2
2026-07-21 22:11:28.927 10 WARNING neutron.scheduler.dhcp_agent_scheduler [None req-85aaf5e1-e68f-4544-9264-38ab3c145f86 ac5220b444c14425831cce4eeaf8556d e57e399179ee40228cc5c3922edb23b9 - - default default] No more DHCP agents
2026-07-21 22:11:28.936 10 WARNING neutron.api.rpc.agentnotifiers.dhcp_rpc_agent_api [None req-85aaf5e1-e68f-4544-9264-38ab3c145f86 ac5220b444c14425831cce4eeaf8556d e57e399179ee40228cc5c3922edb23b9 - - default default] Unable to schedule network b791049e-8854-4f9b-8d58-04891ad95099: no agents available; will retry on subsequent port and subnet creation events.
2026-07-21 22:11:29.047 10 INFO neutron.db.ovn_revision_numbers_db [None req-58c51a0d-b544-4932-b343-a9faa2598fbf - - - - - -] Successfully bumped revision number for resource 04a83f89-0d9c-45b1-8ff7-d72d2a864857 (type: ports) to 3
2026-07-21 22:11:29.137 10 INFO neutron.db.ovn_revision_numbers_db [None req-85aaf5e1-e68f-4544-9264-38ab3c145f86 ac5220b444c14425831cce4eeaf8556d e57e399179ee40228cc5c3922edb23b9 - - - -] Successfully bumped revision number for resource 04a83f89-0d9c-45b1-8ff7-d72d2a864857 (type: router_ports) to 3
2026-07-21 22:11:29.139 10 INFO neutron.wsgi [None req-85aaf5e1-e68f-4544-9264-38ab3c145f86 ac5220b444c14425831cce4eeaf8556d e57e399179ee40228cc5c3922edb23b9 - - - -] 10.0.0.116 "PUT /v2.0/routers/fe58189b-97eb-4956-858d-43bb9fa64283/add_router_interface HTTP/1.1" status: 200 len: 503 time: 1.4291530
2026-07-21 22:11:29.267 9 INFO neutron.wsgi [None req-5840b55d-063f-42f4-9f21-4f10f33e40e4 ac5220b444c14425831cce4eeaf8556d e57e399179ee40228cc5c3922edb23b9 - - default default] 10.0.0.116 "GET /v2.0/ports/04a83f89-0d9c-45b1-8ff7-d72d2a864857 HTTP/1.1" status: 200 len: 1141 time: 0.1226978
2026-07-21 22:11:29.324 9 INFO neutron.wsgi [None req-c5313b1e-9904-428a-a182-9d6627bb3f8f ac5220b444c14425831cce4eeaf8556d e57e399179ee40228cc5c3922edb23b9 - - default default] 10.0.0.116 "GET /v2.0/ports/04a83f89-0d9c-45b1-8ff7-d72d2a864857 HTTP/1.1" status: 200 len: 1141 time: 0.0521381
2026-07-21 22:11:29.966 9 INFO neutron.wsgi [None req-e26f5d31-e362-43ef-981e-083ad06a27b2 ac5220b444c14425831cce4eeaf8556d e57e399179ee40228cc5c3922edb23b9 - - - -] 10.0.0.116 "PUT /v2.0/routers/fe58189b-97eb-4956-858d-43bb9fa64283/remove_router_interface HTTP/1.1" status: 200 len: 503 time: 0.6367047
2026-07-21 22:11:29.993 10 INFO neutron.wsgi [None req-84f3f8eb-275b-4fec-93ab-054d6e15b1e3 ac5220b444c14425831cce4eeaf8556d e57e399179ee40228cc5c3922edb23b9 - - default default] 10.0.0.116 "GET /v2.0/ports?device_id=fe58189b-97eb-4956-858d-43bb9fa64283 HTTP/1.1" status: 200 len: 205 time: 0.0228457 /var/lib/openstack/lib/python3.10/site-packages/pycadf/identifier.py:71: UserWarning: Invalid uuid: neutron. To ensure interoperability, identifiers should be a valid uuid. warnings.warn(('Invalid uuid: %s. To ensure interoperability, '
2026-07-21 22:11:30.086 10 INFO neutron.db.ovn_revision_numbers_db [None req-fc3d55a0-8e9f-4853-b0ea-d99301ddabb3 a179550bd99a4fd6af3a5e6f28150aeb 9e55c4fc1fa7418d8af6eabbdbfc05de - - - -] Successfully bumped revision number for resource 914c15b0-fac5-4cad-85d9-516a1cb16ec5 (type: security_groups) to 1
2026-07-21 22:11:30.135 10 INFO neutron.db.segments_db [None req-fc3d55a0-8e9f-4853-b0ea-d99301ddabb3 a179550bd99a4fd6af3a5e6f28150aeb 9e55c4fc1fa7418d8af6eabbdbfc05de - - - -] Added segment 01007c6a-e5a2-4c5a-aab6-64d6194fd2b5 of type geneve for network 90cd2dad-9cbf-4276-b22b-f567937647a6
2026-07-21 22:11:30.228 9 INFO neutron.wsgi [None req-56aee96d-4c81-4d59-994a-79a5bddb0714 ac5220b444c14425831cce4eeaf8556d e57e399179ee40228cc5c3922edb23b9 - - - -] 10.0.0.116 "DELETE /v2.0/routers/fe58189b-97eb-4956-858d-43bb9fa64283 HTTP/1.1" status: 204 len: 168 time: 0.2287343
2026-07-21 22:11:30.256 10 INFO neutron.db.ovn_revision_numbers_db [None req-fc3d55a0-8e9f-4853-b0ea-d99301ddabb3 a179550bd99a4fd6af3a5e6f28150aeb 9e55c4fc1fa7418d8af6eabbdbfc05de - - - -] Successfully bumped revision number for resource 90cd2dad-9cbf-4276-b22b-f567937647a6 (type: networks) to 1
2026-07-21 22:11:30.422 10 WARNING neutron.scheduler.dhcp_agent_scheduler [None req-fc3d55a0-8e9f-4853-b0ea-d99301ddabb3 a179550bd99a4fd6af3a5e6f28150aeb 9e55c4fc1fa7418d8af6eabbdbfc05de - - - -] No more DHCP agents
2026-07-21 22:11:30.425 10 WARNING neutron.api.rpc.agentnotifiers.dhcp_rpc_agent_api [None req-fc3d55a0-8e9f-4853-b0ea-d99301ddabb3 a179550bd99a4fd6af3a5e6f28150aeb 9e55c4fc1fa7418d8af6eabbdbfc05de - - - -] Unable to schedule network 90cd2dad-9cbf-4276-b22b-f567937647a6: no agents available; will retry on subsequent port and subnet creation events.
2026-07-21 22:11:30.431 9 INFO neutron.wsgi [None req-d19648a1-7844-4ee8-8e32-65df9d34eb18 ac5220b444c14425831cce4eeaf8556d e57e399179ee40228cc5c3922edb23b9 - - - -] 10.0.0.116 "DELETE /v2.0/subnets/fef55cd5-47c4-41c7-85cf-c56c921fcf51 HTTP/1.1" status: 204 len: 168 time: 0.1979282
2026-07-21 22:11:30.512 10 INFO neutron.db.ovn_revision_numbers_db [None req-fc3d55a0-8e9f-4853-b0ea-d99301ddabb3 a179550bd99a4fd6af3a5e6f28150aeb 9e55c4fc1fa7418d8af6eabbdbfc05de - - - -] Successfully bumped revision number for resource 4a8a9c98-3afd-4a97-b9ae-f515108d6499 (type: ports) to 1
2026-07-21 22:11:30.542 10 INFO neutron.wsgi [None req-fc3d55a0-8e9f-4853-b0ea-d99301ddabb3 a179550bd99a4fd6af3a5e6f28150aeb 9e55c4fc1fa7418d8af6eabbdbfc05de - - - -] 10.0.0.116 "POST /v2.0/networks HTTP/1.1" status: 201 len: 946 time: 0.8644524
2026-07-21 22:11:30.628 9 INFO neutron.db.ovn_revision_numbers_db [None req-c2d778b7-7aa1-4357-a104-4b05b3b054bf a179550bd99a4fd6af3a5e6f28150aeb 9e55c4fc1fa7418d8af6eabbdbfc05de - - default default] Successfully bumped revision number for resource bcf8bc37-e524-4f02-a132-49d68b1ab7d2 (type: security_groups) to 1
2026-07-21 22:11:30.651 9 INFO neutron.wsgi [None req-c2d778b7-7aa1-4357-a104-4b05b3b054bf a179550bd99a4fd6af3a5e6f28150aeb 9e55c4fc1fa7418d8af6eabbdbfc05de - - default default] 10.0.0.116 "GET /v2.0/security-groups?tenant_id=ef7a3e3aa6214d528f469886747a353c&name=default HTTP/1.1" status: 200 len: 2996 time: 0.2910094
2026-07-21 22:11:30.765 10 WARNING neutron.scheduler.dhcp_agent_scheduler [None req-049c301a-e3e4-4f2a-a62a-232da91e24a4 a179550bd99a4fd6af3a5e6f28150aeb 9e55c4fc1fa7418d8af6eabbdbfc05de - - - -] No more DHCP agents
2026-07-21 22:11:30.773 10 WARNING neutron.api.rpc.agentnotifiers.dhcp_rpc_agent_api [None req-049c301a-e3e4-4f2a-a62a-232da91e24a4 a179550bd99a4fd6af3a5e6f28150aeb 9e55c4fc1fa7418d8af6eabbdbfc05de - - - -] Unable to schedule network 90cd2dad-9cbf-4276-b22b-f567937647a6: no agents available; will retry on subsequent port and subnet creation events.
2026-07-21 22:11:30.856 9 INFO neutron.wsgi [None req-bf3e2afc-6d1b-41ca-b773-988615f38457 a179550bd99a4fd6af3a5e6f28150aeb 9e55c4fc1fa7418d8af6eabbdbfc05de - - - -] 10.0.0.116 "DELETE /v2.0/security-groups/bcf8bc37-e524-4f02-a132-49d68b1ab7d2 HTTP/1.1" status: 204 len: 168 time: 0.1955667
2026-07-21 22:11:30.922 10 INFO neutron.services.segments.plugin [-] Segment 16ec1a2c-1396-4b56-9c44-7898c571abca resource provider aggregate not found
2026-07-21 22:11:30.934 10 INFO neutron.services.segments.plugin [-] Segment 16ec1a2c-1396-4b56-9c44-7898c571abca resource provider aggregate not found
2026-07-21 22:11:30.950 10 INFO neutron.services.segments.plugin [-] Segment 16ec1a2c-1396-4b56-9c44-7898c571abca resource provider not found; error: Placement Client Error (4xx): {"errors": [{"status": 404, "title": "Not Found", "detail": "The resource could not be found.\n\n No resource provider with uuid 16ec1a2c-1396-4b56-9c44-7898c571abca found for delete ", "request_id": "req-b8d5e672-d0fe-43b9-9cc7-8aea1531ef0e"}]}
2026-07-21 22:11:30.967 10 INFO neutron.services.segments.plugin [-] Segment 16ec1a2c-1396-4b56-9c44-7898c571abca resource provider not found; error: Placement Client Error (4xx): {"errors": [{"status": 404, "title": "Not Found", "detail": "The resource could not be found.\n\n No resource provider with uuid 16ec1a2c-1396-4b56-9c44-7898c571abca found for delete ", "request_id": "req-7af0f553-92dd-48fc-bab6-4e5ac842d48b"}]}
2026-07-21 22:11:30.988 10 INFO neutron.wsgi [None req-60e763ce-d297-424a-89b5-d4e3a7c77be6 ac5220b444c14425831cce4eeaf8556d e57e399179ee40228cc5c3922edb23b9 - - - -] 10.0.0.116 "DELETE /v2.0/networks/b791049e-8854-4f9b-8d58-04891ad95099 HTTP/1.1" status: 204 len: 168 time: 0.5507765
2026-07-21 22:11:31.133 9 INFO neutron.db.ovn_revision_numbers_db [None req-99b5bea7-9fac-4254-8ff7-b2a9a3a61962 a179550bd99a4fd6af3a5e6f28150aeb 9e55c4fc1fa7418d8af6eabbdbfc05de - - default default] Successfully bumped revision number for resource cc9f7da8-4be5-4c43-b299-abb101565b8b (type: security_groups) to 1
2026-07-21 22:11:31.167 9 INFO neutron.wsgi [None req-99b5bea7-9fac-4254-8ff7-b2a9a3a61962 a179550bd99a4fd6af3a5e6f28150aeb 9e55c4fc1fa7418d8af6eabbdbfc05de - - default default] 10.0.0.116 "GET /v2.0/security-groups?tenant_id=3b617ededa0245e1829b760fb71bee21&name=default HTTP/1.1" status: 200 len: 2996 time: 0.1916621
2026-07-21 22:11:31.338 10 INFO neutron.db.ovn_revision_numbers_db [None req-049c301a-e3e4-4f2a-a62a-232da91e24a4 a179550bd99a4fd6af3a5e6f28150aeb 9e55c4fc1fa7418d8af6eabbdbfc05de - - - -] Successfully bumped revision number for resource 4a8a9c98-3afd-4a97-b9ae-f515108d6499 (type: ports) to 2
2026-07-21 22:11:31.361 10 INFO neutron.db.ovn_revision_numbers_db [None req-049c301a-e3e4-4f2a-a62a-232da91e24a4 a179550bd99a4fd6af3a5e6f28150aeb 9e55c4fc1fa7418d8af6eabbdbfc05de - - - -] Successfully bumped revision number for resource aa64e228-d394-4d37-ad8a-38ed5a5dfe21 (type: subnets) to 0
2026-07-21 22:11:31.376 10 INFO neutron.wsgi [None req-049c301a-e3e4-4f2a-a62a-232da91e24a4 a179550bd99a4fd6af3a5e6f28150aeb 9e55c4fc1fa7418d8af6eabbdbfc05de - - - -] 10.0.0.116 "POST /v2.0/subnets HTTP/1.1" status: 201 len: 866 time: 0.8277180
2026-07-21 22:11:31.716 9 WARNING neutron.scheduler.dhcp_agent_scheduler [None req-aa597fab-da51-4ac0-a71c-6727ed45915d ac5220b444c14425831cce4eeaf8556d e57e399179ee40228cc5c3922edb23b9 - - - -] No more DHCP agents
2026-07-21 22:11:31.718 9 WARNING neutron.api.rpc.agentnotifiers.dhcp_rpc_agent_api [None req-aa597fab-da51-4ac0-a71c-6727ed45915d ac5220b444c14425831cce4eeaf8556d e57e399179ee40228cc5c3922edb23b9 - - - -] Unable to schedule network 526b6b94-2985-444b-8360-bdb71d9ad5a1: no agents available; will retry on subsequent port and subnet creation events.
2026-07-21 22:11:31.846 9 INFO neutron.db.ovn_revision_numbers_db [None req-aa597fab-da51-4ac0-a71c-6727ed45915d ac5220b444c14425831cce4eeaf8556d e57e399179ee40228cc5c3922edb23b9 - - - -] Successfully bumped revision number for resource bcc45dd4-f08d-46cf-a65d-50ab054beffe (type: ports) to 1
2026-07-21 22:11:31.899 10 INFO neutron.wsgi [None req-80877137-4d44-461f-91d3-e996f29aa68e a179550bd99a4fd6af3a5e6f28150aeb 9e55c4fc1fa7418d8af6eabbdbfc05de - - - -] 10.0.0.116 "DELETE /v2.0/security-groups/cc9f7da8-4be5-4c43-b299-abb101565b8b HTTP/1.1" status: 204 len: 168 time: 0.7266157
2026-07-21 22:11:32.285 10 WARNING neutron.scheduler.dhcp_agent_scheduler [None req-1691ff24-ae37-467c-ac6a-ba357b858d10 a179550bd99a4fd6af3a5e6f28150aeb 9e55c4fc1fa7418d8af6eabbdbfc05de - - - -] No more DHCP agents
2026-07-21 22:11:32.287 10 WARNING neutron.api.rpc.agentnotifiers.dhcp_rpc_agent_api [None req-1691ff24-ae37-467c-ac6a-ba357b858d10 a179550bd99a4fd6af3a5e6f28150aeb 9e55c4fc1fa7418d8af6eabbdbfc05de - - - -] Unable to schedule network 526b6b94-2985-444b-8360-bdb71d9ad5a1: no agents available; will retry on subsequent port and subnet creation events.
2026-07-21 22:11:32.378 9 INFO neutron.db.ovn_revision_numbers_db [None req-cd31d39c-923a-4883-b992-dc8050b75f07 a179550bd99a4fd6af3a5e6f28150aeb 9e55c4fc1fa7418d8af6eabbdbfc05de - - default default] Successfully bumped revision number for resource 1306cd6f-ee6b-45fc-8772-be94e6bf1f6e (type: security_groups) to 1
2026-07-21 22:11:32.416 9 INFO neutron.wsgi [None req-cd31d39c-923a-4883-b992-dc8050b75f07 a179550bd99a4fd6af3a5e6f28150aeb 9e55c4fc1fa7418d8af6eabbdbfc05de - - default default] 10.0.0.116 "GET /v2.0/security-groups?tenant_id=f7faa63c81fa492389f4261981ab774a&name=default HTTP/1.1" status: 200 len: 2996 time: 0.4756804
2026-07-21 22:11:32.426 10 INFO neutron.db.ovn_revision_numbers_db [None req-1691ff24-ae37-467c-ac6a-ba357b858d10 a179550bd99a4fd6af3a5e6f28150aeb 9e55c4fc1fa7418d8af6eabbdbfc05de - - - -] Successfully bumped revision number for resource 9ab11617-aa95-4863-afee-796fb09a99d0 (type: ports) to 1
2026-07-21 22:11:32.579 9 INFO neutron.db.ovn_revision_numbers_db [None req-aa597fab-da51-4ac0-a71c-6727ed45915d ac5220b444c14425831cce4eeaf8556d e57e399179ee40228cc5c3922edb23b9 - - - -] Successfully bumped revision number for resource bcc45dd4-f08d-46cf-a65d-50ab054beffe (type: router_ports) to 1
2026-07-21 22:11:32.650 9 INFO neutron.db.ovn_revision_numbers_db [None req-aa597fab-da51-4ac0-a71c-6727ed45915d ac5220b444c14425831cce4eeaf8556d e57e399179ee40228cc5c3922edb23b9 - - - -] Successfully bumped revision number for resource eaedfde7-e6ba-44a3-a75b-a9989a3874ad (type: routers) to 3
2026-07-21 22:11:32.670 9 INFO neutron.wsgi [None req-aa597fab-da51-4ac0-a71c-6727ed45915d ac5220b444c14425831cce4eeaf8556d e57e399179ee40228cc5c3922edb23b9 - - - -] 10.0.0.116 "POST /v2.0/routers HTTP/1.1" status: 201 len: 871 time: 1.6744280
2026-07-21 22:11:32.715 10 INFO neutron.wsgi [None req-b6d8a2df-ffc6-4eb6-ad71-66c3de2ed398 a179550bd99a4fd6af3a5e6f28150aeb 9e55c4fc1fa7418d8af6eabbdbfc05de - - - -] 10.0.0.116 "DELETE /v2.0/security-groups/1306cd6f-ee6b-45fc-8772-be94e6bf1f6e HTTP/1.1" status: 204 len: 168 time: 0.2947748
2026-07-21 22:11:32.774 9 INFO neutron.wsgi [None req-ac54d98e-0be6-41b5-a7f0-e4b0ff8fa7ae ac5220b444c14425831cce4eeaf8556d e57e399179ee40228cc5c3922edb23b9 - - default default] 10.0.0.116 "GET /v2.0/routers/eaedfde7-e6ba-44a3-a75b-a9989a3874ad HTTP/1.1" status: 200 len: 872 time: 0.0942757
2026-07-21 22:11:32.950 9 INFO neutron.wsgi [None req-a6685f86-7cbd-49e2-8746-fb07cd474f54 ac5220b444c14425831cce4eeaf8556d e57e399179ee40228cc5c3922edb23b9 - - default default] 10.0.0.116 "GET /v2.0/routers HTTP/1.1" status: 200 len: 875 time: 0.1696408
2026-07-21 22:11:33.078 10 INFO neutron.plugins.ml2.drivers.ovn.mech_driver.ovsdb.ovsdb_monitor [None req-4ec855a2-f762-4aab-ba04-c986023c43f5 - - - - - -] Router 8486d818-0021-4200-9d24-e2fc24b8a459 is bound to host instance
2026-07-21 22:11:33.080 10 INFO neutron.db.ovn_revision_numbers_db [None req-1691ff24-ae37-467c-ac6a-ba357b858d10 a179550bd99a4fd6af3a5e6f28150aeb 9e55c4fc1fa7418d8af6eabbdbfc05de - - - -] Successfully bumped revision number for resource 9ab11617-aa95-4863-afee-796fb09a99d0 (type: router_ports) to 1
2026-07-21 22:11:33.169 10 INFO neutron.db.ovn_revision_numbers_db [None req-1691ff24-ae37-467c-ac6a-ba357b858d10 a179550bd99a4fd6af3a5e6f28150aeb 9e55c4fc1fa7418d8af6eabbdbfc05de - - - -] Successfully bumped revision number for resource 8486d818-0021-4200-9d24-e2fc24b8a459 (type: routers) to 3
2026-07-21 22:11:33.188 10 INFO neutron.wsgi [None req-1691ff24-ae37-467c-ac6a-ba357b858d10 a179550bd99a4fd6af3a5e6f28150aeb 9e55c4fc1fa7418d8af6eabbdbfc05de - - - -] 10.0.0.116 "POST /v2.0/routers HTTP/1.1" status: 201 len: 877 time: 1.8065965
2026-07-21 22:11:33.631 10 INFO neutron.db.ovn_revision_numbers_db [None req-4ec855a2-f762-4aab-ba04-c986023c43f5 - - - - - -] Successfully bumped revision number for resource 9ab11617-aa95-4863-afee-796fb09a99d0 (type: ports) to 1
2026-07-21 22:11:34.061 10 INFO neutron.db.ovn_revision_numbers_db [None req-4ec855a2-f762-4aab-ba04-c986023c43f5 - - - - - -] Successfully bumped revision number for resource 9ab11617-aa95-4863-afee-796fb09a99d0 (type: router_ports) to 3
2026-07-21 22:11:34.132 9 INFO neutron.db.ovn_revision_numbers_db [None req-6e57eeb9-d1ee-4656-b4b8-99a553974480 ac5220b444c14425831cce4eeaf8556d e57e399179ee40228cc5c3922edb23b9 - - - -] Successfully bumped revision number for resource eaedfde7-e6ba-44a3-a75b-a9989a3874ad (type: routers) to 4
2026-07-21 22:11:34.135 9 INFO neutron.wsgi [None req-6e57eeb9-d1ee-4656-b4b8-99a553974480 ac5220b444c14425831cce4eeaf8556d e57e399179ee40228cc5c3922edb23b9 - - - -] 10.0.0.116 "PUT /v2.0/routers/eaedfde7-e6ba-44a3-a75b-a9989a3874ad HTTP/1.1" status: 200 len: 879 time: 1.1800601
2026-07-21 22:11:34.149 10 WARNING neutron.plugins.ml2.drivers.ovn.mech_driver.ovsdb.ovn_client [None req-58c51a0d-b544-4932-b343-a9faa2598fbf - - - - - -] No port found with ID 04a83f89-0d9c-45b1-8ff7-d72d2a864857: RuntimeError: No port found with ID 04a83f89-0d9c-45b1-8ff7-d72d2a864857
2026-07-21 22:11:34.149 10 INFO neutron.plugins.ml2.drivers.ovn.mech_driver.mech_driver [None req-58c51a0d-b544-4932-b343-a9faa2598fbf - - - - - -] OVN reports status up for port: bcc45dd4-f08d-46cf-a65d-50ab054beffe
2026-07-21 22:11:34.156 10 INFO neutron.plugins.ml2.plugin [None req-58c51a0d-b544-4932-b343-a9faa2598fbf - - - - - -] Attempt 1 to provision port bcc45dd4-f08d-46cf-a65d-50ab054beffe
2026-07-21 22:11:34.223 10 INFO neutron.db.ovn_revision_numbers_db [None req-4ec855a2-f762-4aab-ba04-c986023c43f5 - - - - - -] Successfully bumped revision number for resource 9ab11617-aa95-4863-afee-796fb09a99d0 (type: ports) to 2
2026-07-21 22:11:34.242 9 INFO neutron.wsgi [None req-8cfd01b5-157b-4538-8e75-c1651b2bdbb8 ac5220b444c14425831cce4eeaf8556d e57e399179ee40228cc5c3922edb23b9 - - default default] 10.0.0.116 "GET /v2.0/routers/eaedfde7-e6ba-44a3-a75b-a9989a3874ad HTTP/1.1" status: 200 len: 879 time: 0.0975235
2026-07-21 22:11:34.290 9 INFO neutron.wsgi [None req-4aa332c8-dc93-45ce-80a4-39c55b7ba74a ac5220b444c14425831cce4eeaf8556d e57e399179ee40228cc5c3922edb23b9 - - default default] 10.0.0.116 "GET /v2.0/ports?device_id=eaedfde7-e6ba-44a3-a75b-a9989a3874ad HTTP/1.1" status: 200 len: 205 time: 0.0367560
2026-07-21 22:11:34.359 9 WARNING neutron.scheduler.dhcp_agent_scheduler [None req-57f06873-f68e-4c79-acbb-c9df8e684e54 a179550bd99a4fd6af3a5e6f28150aeb 9e55c4fc1fa7418d8af6eabbdbfc05de - - default default] No more DHCP agents
2026-07-21 22:11:34.361 9 WARNING neutron.api.rpc.agentnotifiers.dhcp_rpc_agent_api [None req-57f06873-f68e-4c79-acbb-c9df8e684e54 a179550bd99a4fd6af3a5e6f28150aeb 9e55c4fc1fa7418d8af6eabbdbfc05de - - default default] Unable to schedule network 90cd2dad-9cbf-4276-b22b-f567937647a6: no agents available; will retry on subsequent port and subnet creation events.
2026-07-21 22:11:34.496 10 INFO neutron.db.ovn_revision_numbers_db [None req-4ec855a2-f762-4aab-ba04-c986023c43f5 - - - - - -] Successfully bumped revision number for resource 9ab11617-aa95-4863-afee-796fb09a99d0 (type: ports) to 4
2026-07-21 22:11:34.503 9 INFO neutron.db.ovn_revision_numbers_db [None req-57f06873-f68e-4c79-acbb-c9df8e684e54 a179550bd99a4fd6af3a5e6f28150aeb 9e55c4fc1fa7418d8af6eabbdbfc05de - - default default] Successfully bumped revision number for resource 7235e6d3-b394-4a45-ae8c-56558327a0ec (type: ports) to 1
2026-07-21 22:11:34.818 10 INFO neutron.db.ovn_revision_numbers_db [None req-4ec855a2-f762-4aab-ba04-c986023c43f5 - - - - - -] Successfully bumped revision number for resource 9ab11617-aa95-4863-afee-796fb09a99d0 (type: router_ports) to 4
2026-07-21 22:11:34.889 10 INFO neutron.db.ovn_revision_numbers_db [None req-4b74b979-d417-45f3-aaba-cba0b3893758 a179550bd99a4fd6af3a5e6f28150aeb 9e55c4fc1fa7418d8af6eabbdbfc05de - - - -] Successfully bumped revision number for resource 378840ec-832b-4006-abe8-5a5d0f55bbae (type: security_groups) to 1
2026-07-21 22:11:34.944 9 INFO neutron.plugins.ml2.drivers.ovn.mech_driver.mech_driver [None req-4cf41096-bd17-4445-8bb0-dfb4722b3ce6 - - - - - -] OVN reports status up for port: 7235e6d3-b394-4a45-ae8c-56558327a0ec
2026-07-21 22:11:34.952 9 INFO neutron.plugins.ml2.plugin [None req-4cf41096-bd17-4445-8bb0-dfb4722b3ce6 - - - - - -] Attempt 1 to provision port 7235e6d3-b394-4a45-ae8c-56558327a0ec
2026-07-21 22:11:34.953 9 INFO neutron.db.ovn_revision_numbers_db [None req-57f06873-f68e-4c79-acbb-c9df8e684e54 a179550bd99a4fd6af3a5e6f28150aeb 9e55c4fc1fa7418d8af6eabbdbfc05de - - default default] Successfully bumped revision number for resource 7235e6d3-b394-4a45-ae8c-56558327a0ec (type: router_ports) to 2
2026-07-21 22:11:34.954 10 INFO neutron.db.segments_db [None req-4b74b979-d417-45f3-aaba-cba0b3893758 a179550bd99a4fd6af3a5e6f28150aeb 9e55c4fc1fa7418d8af6eabbdbfc05de - - - -] Added segment 76440bc5-372a-4336-bcc2-6f9b4c63a6cc of type geneve for network bf067056-8a27-46ab-b20a-b35921fde4da
2026-07-21 22:11:35.124 10 INFO neutron.db.ovn_revision_numbers_db [None req-4b74b979-d417-45f3-aaba-cba0b3893758 a179550bd99a4fd6af3a5e6f28150aeb 9e55c4fc1fa7418d8af6eabbdbfc05de - - - -] Successfully bumped revision number for resource bf067056-8a27-46ab-b20a-b35921fde4da (type: networks) to 1
2026-07-21 22:11:35.129 10 INFO neutron.wsgi [None req-c32f82e3-10fc-4508-8430-53f473adbd2f ac5220b444c14425831cce4eeaf8556d e57e399179ee40228cc5c3922edb23b9 - - - -] 10.0.0.116 "DELETE /v2.0/routers/eaedfde7-e6ba-44a3-a75b-a9989a3874ad HTTP/1.1" status: 204 len: 168 time: 0.8286569
2026-07-21 22:11:35.177 9 INFO neutron.wsgi [None req-501984f8-f7a9-4e47-a598-8e582b32d213 ac5220b444c14425831cce4eeaf8556d e57e399179ee40228cc5c3922edb23b9 - - default default] 10.0.0.116 "GET /v2.0/ports?device_id=eaedfde7-e6ba-44a3-a75b-a9989a3874ad HTTP/1.1" status: 200 len: 205 time: 0.0322678
2026-07-21 22:11:35.188 9 INFO neutron.db.ovn_revision_numbers_db [None req-57f06873-f68e-4c79-acbb-c9df8e684e54 a179550bd99a4fd6af3a5e6f28150aeb 9e55c4fc1fa7418d8af6eabbdbfc05de - - default default] Successfully bumped revision number for resource 7235e6d3-b394-4a45-ae8c-56558327a0ec (type: ports) to 2
2026-07-21 22:11:35.220 10 INFO neutron.api.v2.resource [None req-99231711-ef85-499b-946d-99dc2198c3e7 ac5220b444c14425831cce4eeaf8556d e57e399179ee40228cc5c3922edb23b9 - - - -] delete failed (client error): The resource could not be found.
2026-07-21 22:11:35.221 10 INFO neutron.wsgi [None req-99231711-ef85-499b-946d-99dc2198c3e7 ac5220b444c14425831cce4eeaf8556d e57e399179ee40228cc5c3922edb23b9 - - - -] 10.0.0.116 "DELETE /v2.0/routers/eaedfde7-e6ba-44a3-a75b-a9989a3874ad HTTP/1.1" status: 404 len: 336 time: 0.0395281
2026-07-21 22:11:35.251 10 INFO neutron.wsgi [None req-3643df46-e8a4-4bd5-a426-17e962baac86 ac5220b444c14425831cce4eeaf8556d e57e399179ee40228cc5c3922edb23b9 - - default default] 10.0.0.116 "GET /v2.0/ports?device_id=fe58189b-97eb-4956-858d-43bb9fa64283 HTTP/1.1" status: 200 len: 205 time: 0.0255108
2026-07-21 22:11:35.294 9 INFO neutron.api.v2.resource [None req-3c0201b1-b7ef-4af0-ba90-35904dc70f27 ac5220b444c14425831cce4eeaf8556d e57e399179ee40228cc5c3922edb23b9 - - - -] delete failed (client error): The resource could not be found.
2026-07-21 22:11:35.296 9 INFO neutron.wsgi [None req-3c0201b1-b7ef-4af0-ba90-35904dc70f27 ac5220b444c14425831cce4eeaf8556d e57e399179ee40228cc5c3922edb23b9 - - - -] 10.0.0.116 "DELETE /v2.0/routers/fe58189b-97eb-4956-858d-43bb9fa64283 HTTP/1.1" status: 404 len: 336 time: 0.0312345
2026-07-21 22:11:35.302 9 WARNING neutron.scheduler.dhcp_agent_scheduler [None req-57f06873-f68e-4c79-acbb-c9df8e684e54 a179550bd99a4fd6af3a5e6f28150aeb 9e55c4fc1fa7418d8af6eabbdbfc05de - - default default] No more DHCP agents
2026-07-21 22:11:35.306 9 WARNING neutron.api.rpc.agentnotifiers.dhcp_rpc_agent_api [None req-57f06873-f68e-4c79-acbb-c9df8e684e54 a179550bd99a4fd6af3a5e6f28150aeb 9e55c4fc1fa7418d8af6eabbdbfc05de - - default default] Unable to schedule network 90cd2dad-9cbf-4276-b22b-f567937647a6: no agents available; will retry on subsequent port and subnet creation events.
2026-07-21 22:11:35.320 10 INFO neutron.pecan_wsgi.hooks.translation [None req-906db457-7d4e-446e-a4f0-acb27a2eff1f ac5220b444c14425831cce4eeaf8556d e57e399179ee40228cc5c3922edb23b9 - - - -] DELETE failed (client error): The resource could not be found.
2026-07-21 22:11:35.322 10 INFO neutron.wsgi [None req-906db457-7d4e-446e-a4f0-acb27a2eff1f ac5220b444c14425831cce4eeaf8556d e57e399179ee40228cc5c3922edb23b9 - - - -] 10.0.0.116 "DELETE /v2.0/subnets/fef55cd5-47c4-41c7-85cf-c56c921fcf51 HTTP/1.1" status: 404 len: 337 time: 0.0217042
2026-07-21 22:11:35.342 9 INFO neutron.db.ovn_revision_numbers_db [None req-4cf41096-bd17-4445-8bb0-dfb4722b3ce6 - - - - - -] Successfully bumped revision number for resource 7235e6d3-b394-4a45-ae8c-56558327a0ec (type: ports) to 3
2026-07-21 22:11:35.345 10 WARNING neutron.scheduler.dhcp_agent_scheduler [None req-4b74b979-d417-45f3-aaba-cba0b3893758 a179550bd99a4fd6af3a5e6f28150aeb 9e55c4fc1fa7418d8af6eabbdbfc05de - - - -] No more DHCP agents
2026-07-21 22:11:35.347 10 WARNING neutron.api.rpc.agentnotifiers.dhcp_rpc_agent_api [None req-4b74b979-d417-45f3-aaba-cba0b3893758 a179550bd99a4fd6af3a5e6f28150aeb 9e55c4fc1fa7418d8af6eabbdbfc05de - - - -] Unable to schedule network bf067056-8a27-46ab-b20a-b35921fde4da: no agents available; will retry on subsequent port and subnet creation events.
2026-07-21 22:11:35.373 9 INFO neutron.wsgi [None req-2f13b2e0-7bf9-4f6c-8953-097b7f4a5e3a ac5220b444c14425831cce4eeaf8556d e57e399179ee40228cc5c3922edb23b9 - - default default] 10.0.0.116 "GET /v2.0/ports?device_id=9dad31a5-c94d-458c-80c6-6ae5f4c36bff HTTP/1.1" status: 200 len: 205 time: 0.0426402
2026-07-21 22:11:35.407 10 INFO neutron.api.v2.resource [None req-0fab04d0-81e4-4672-b43b-5963356c2759 ac5220b444c14425831cce4eeaf8556d e57e399179ee40228cc5c3922edb23b9 - - - -] delete failed (client error): The resource could not be found.
2026-07-21 22:11:35.408 10 INFO neutron.wsgi [None req-0fab04d0-81e4-4672-b43b-5963356c2759 ac5220b444c14425831cce4eeaf8556d e57e399179ee40228cc5c3922edb23b9 - - - -] 10.0.0.116 "DELETE /v2.0/routers/9dad31a5-c94d-458c-80c6-6ae5f4c36bff HTTP/1.1" status: 404 len: 336 time: 0.0234327
2026-07-21 22:11:35.432 10 INFO neutron.db.ovn_revision_numbers_db [None req-4b74b979-d417-45f3-aaba-cba0b3893758 a179550bd99a4fd6af3a5e6f28150aeb 9e55c4fc1fa7418d8af6eabbdbfc05de - - - -] Successfully bumped revision number for resource b669cd0e-fd5e-41ce-9540-cb8d01d78baa (type: ports) to 1
2026-07-21 22:11:35.440 10 INFO neutron.pecan_wsgi.hooks.translation [None req-795e1706-1c8d-4cd8-a91c-0ad020a7bb77 ac5220b444c14425831cce4eeaf8556d e57e399179ee40228cc5c3922edb23b9 - - - -] DELETE failed (client error): The resource could not be found.
2026-07-21 22:11:35.442 10 INFO neutron.wsgi [None req-795e1706-1c8d-4cd8-a91c-0ad020a7bb77 ac5220b444c14425831cce4eeaf8556d e57e399179ee40228cc5c3922edb23b9 - - - -] 10.0.0.116 "DELETE /v2.0/subnets/4ebd180b-c93d-446a-a9f1-70fea6f82618 HTTP/1.1" status: 404 len: 337 time: 0.0187232
2026-07-21 22:11:35.468 10 INFO neutron.wsgi [None req-4b74b979-d417-45f3-aaba-cba0b3893758 a179550bd99a4fd6af3a5e6f28150aeb 9e55c4fc1fa7418d8af6eabbdbfc05de - - - -] 10.0.0.116 "POST /v2.0/networks HTTP/1.1" status: 201 len: 942 time: 1.0453954
2026-07-21 22:11:35.470 10 INFO neutron.wsgi [None req-4b021a54-dc47-4fe5-ab28-9a3a634cf825 ac5220b444c14425831cce4eeaf8556d e57e399179ee40228cc5c3922edb23b9 - - default default] 10.0.0.116 "GET /v2.0/ports?device_id=b759d7b5-f6ac-458c-a690-642b2d8f36f7 HTTP/1.1" status: 200 len: 205 time: 0.0212109
2026-07-21 22:11:35.512 9 INFO neutron.api.v2.resource [None req-593f1d92-3f3b-4cb2-9a96-f59860f105b3 ac5220b444c14425831cce4eeaf8556d e57e399179ee40228cc5c3922edb23b9 - - - -] delete failed (client error): The resource could not be found.
2026-07-21 22:11:35.514 9 INFO neutron.wsgi [None req-593f1d92-3f3b-4cb2-9a96-f59860f105b3 ac5220b444c14425831cce4eeaf8556d e57e399179ee40228cc5c3922edb23b9 - - - -] 10.0.0.116 "DELETE /v2.0/routers/b759d7b5-f6ac-458c-a690-642b2d8f36f7 HTTP/1.1" status: 404 len: 336 time: 0.0382967
2026-07-21 22:11:35.547 9 INFO neutron.db.ovn_revision_numbers_db [None req-4cf41096-bd17-4445-8bb0-dfb4722b3ce6 - - - - - -] Successfully bumped revision number for resource 7235e6d3-b394-4a45-ae8c-56558327a0ec (type: router_ports) to 3
2026-07-21 22:11:35.548 10 INFO neutron.pecan_wsgi.hooks.translation [None req-4078595a-4882-49d2-a82a-4bed6e457a22 ac5220b444c14425831cce4eeaf8556d e57e399179ee40228cc5c3922edb23b9 - - - -] DELETE failed (client error): The resource could not be found.
2026-07-21 22:11:35.550 10 INFO neutron.wsgi [None req-4078595a-4882-49d2-a82a-4bed6e457a22 ac5220b444c14425831cce4eeaf8556d e57e399179ee40228cc5c3922edb23b9 - - - -] 10.0.0.116 "DELETE /v2.0/subnets/bd8854c0-9b26-42fc-961f-12f10efe5d48 HTTP/1.1" status: 404 len: 337 time: 0.0243165
2026-07-21 22:11:35.571 10 INFO neutron.pecan_wsgi.hooks.translation [None req-e46a2a44-ceef-4da3-a92d-bb88740cccc9 ac5220b444c14425831cce4eeaf8556d e57e399179ee40228cc5c3922edb23b9 - - - -] DELETE failed (client error): The resource could not be found.
2026-07-21 22:11:35.573 10 INFO neutron.wsgi [None req-e46a2a44-ceef-4da3-a92d-bb88740cccc9 ac5220b444c14425831cce4eeaf8556d e57e399179ee40228cc5c3922edb23b9 - - - -] 10.0.0.116 "DELETE /v2.0/subnets/7f68d78b-03af-44d1-add0-cebfe094bcbb HTTP/1.1" status: 404 len: 337 time: 0.0176935
2026-07-21 22:11:35.663 10 WARNING neutron.scheduler.dhcp_agent_scheduler [None req-9c1d3bda-ab25-4997-9ebe-154e33172a4a a179550bd99a4fd6af3a5e6f28150aeb 9e55c4fc1fa7418d8af6eabbdbfc05de - - - -] No more DHCP agents
2026-07-21 22:11:35.665 10 WARNING neutron.api.rpc.agentnotifiers.dhcp_rpc_agent_api [None req-9c1d3bda-ab25-4997-9ebe-154e33172a4a a179550bd99a4fd6af3a5e6f28150aeb 9e55c4fc1fa7418d8af6eabbdbfc05de - - - -] Unable to schedule network bf067056-8a27-46ab-b20a-b35921fde4da: no agents available; will retry on subsequent port and subnet creation events.
2026-07-21 22:11:36.122 9 INFO neutron.db.ovn_revision_numbers_db [None req-57f06873-f68e-4c79-acbb-c9df8e684e54 a179550bd99a4fd6af3a5e6f28150aeb 9e55c4fc1fa7418d8af6eabbdbfc05de - - - -] Successfully bumped revision number for resource 7235e6d3-b394-4a45-ae8c-56558327a0ec (type: router_ports) to 3
2026-07-21 22:11:36.125 9 INFO neutron.wsgi [None req-57f06873-f68e-4c79-acbb-c9df8e684e54 a179550bd99a4fd6af3a5e6f28150aeb 9e55c4fc1fa7418d8af6eabbdbfc05de - - - -] 10.0.0.116 "PUT /v2.0/routers/8486d818-0021-4200-9d24-e2fc24b8a459/add_router_interface HTTP/1.1" status: 200 len: 503 time: 2.9324491
2026-07-21 22:11:36.323 10 INFO neutron.db.ovn_revision_numbers_db [None req-9c1d3bda-ab25-4997-9ebe-154e33172a4a a179550bd99a4fd6af3a5e6f28150aeb 9e55c4fc1fa7418d8af6eabbdbfc05de - - - -] Successfully bumped revision number for resource b669cd0e-fd5e-41ce-9540-cb8d01d78baa (type: ports) to 2
2026-07-21 22:11:36.331 9 INFO neutron.wsgi [None req-d68f6294-8cd1-4555-9add-8eb5fef241a3 a179550bd99a4fd6af3a5e6f28150aeb 9e55c4fc1fa7418d8af6eabbdbfc05de - - default default] 10.0.0.116 "GET /v2.0/security-groups?tenant_id=e57e399179ee40228cc5c3922edb23b9&name=default HTTP/1.1" status: 200 len: 2996 time: 0.1334848
2026-07-21 22:11:36.363 10 INFO neutron.db.ovn_revision_numbers_db [None req-9c1d3bda-ab25-4997-9ebe-154e33172a4a a179550bd99a4fd6af3a5e6f28150aeb 9e55c4fc1fa7418d8af6eabbdbfc05de - - - -] Successfully bumped revision number for resource 1006c3ac-d25f-4869-8209-eea87f5616b5 (type: subnets) to 0
2026-07-21 22:11:36.411 10 INFO neutron.wsgi [None req-9c1d3bda-ab25-4997-9ebe-154e33172a4a a179550bd99a4fd6af3a5e6f28150aeb 9e55c4fc1fa7418d8af6eabbdbfc05de - - - -] 10.0.0.116 "POST /v2.0/subnets HTTP/1.1" status: 201 len: 862 time: 0.9370604
2026-07-21 22:11:36.610 10 INFO neutron.wsgi [None req-4120285a-52ce-44f7-a159-3dea610be5c9 a179550bd99a4fd6af3a5e6f28150aeb 9e55c4fc1fa7418d8af6eabbdbfc05de - - - -] 10.0.0.116 "DELETE /v2.0/security-groups/99ae8332-41d4-4638-b27c-d00723ec4030 HTTP/1.1" status: 204 len: 168 time: 0.2737932
2026-07-21 22:11:37.006 9 WARNING neutron.scheduler.dhcp_agent_scheduler [None req-c57da068-b45b-415e-bb38-edf38e266849 a179550bd99a4fd6af3a5e6f28150aeb 9e55c4fc1fa7418d8af6eabbdbfc05de - - - -] No more DHCP agents
2026-07-21 22:11:37.009 9 WARNING neutron.api.rpc.agentnotifiers.dhcp_rpc_agent_api [None req-c57da068-b45b-415e-bb38-edf38e266849 a179550bd99a4fd6af3a5e6f28150aeb 9e55c4fc1fa7418d8af6eabbdbfc05de - - - -] Unable to schedule network 526b6b94-2985-444b-8360-bdb71d9ad5a1: no agents available; will retry on subsequent port and subnet creation events.
2026-07-21 22:11:37.014 10 INFO neutron.db.ovn_revision_numbers_db [None req-21e486c6-e402-4665-86a9-a99ac0f71209 4e8c7dba4dd740ea967a0bb4fcc53ca6 b7866a3628a74d7aa8b646147c2f8800 - - - -] Successfully bumped revision number for resource a4df49ee-db59-4847-89c4-f12d6eb5ceb2 (type: security_groups) to 1
2026-07-21 22:11:37.043 10 INFO neutron.wsgi [None req-21e486c6-e402-4665-86a9-a99ac0f71209 4e8c7dba4dd740ea967a0bb4fcc53ca6 b7866a3628a74d7aa8b646147c2f8800 - - - -] 10.0.0.116 "POST /v2.0/security-groups HTTP/1.1" status: 201 len: 1795 time: 0.1424780
2026-07-21 22:11:37.143 9 INFO neutron.db.ovn_revision_numbers_db [None req-c57da068-b45b-415e-bb38-edf38e266849 a179550bd99a4fd6af3a5e6f28150aeb 9e55c4fc1fa7418d8af6eabbdbfc05de - - - -] Successfully bumped revision number for resource d9f1082f-768d-4765-ace5-e4f0e2f66654 (type: ports) to 1
2026-07-21 22:11:37.221 10 INFO neutron.db.ovn_revision_numbers_db [None req-79cb54ed-785c-4d94-86bf-1726dd45e5e2 4e8c7dba4dd740ea967a0bb4fcc53ca6 b7866a3628a74d7aa8b646147c2f8800 - - - -] Successfully bumped revision number for resource 9e1e902d-d92b-4941-bebb-bcc79a1a465a (type: security_group_rules) to 0
2026-07-21 22:11:37.249 10 INFO neutron.wsgi [None req-79cb54ed-785c-4d94-86bf-1726dd45e5e2 4e8c7dba4dd740ea967a0bb4fcc53ca6 b7866a3628a74d7aa8b646147c2f8800 - - - -] 10.0.0.116 "POST /v2.0/security-group-rules HTTP/1.1" status: 201 len: 764 time: 0.1997504
2026-07-21 22:11:37.398 10 INFO neutron.db.ovn_revision_numbers_db [None req-b7254b72-66ac-439b-a2d9-70befbd9d0d6 4e8c7dba4dd740ea967a0bb4fcc53ca6 b7866a3628a74d7aa8b646147c2f8800 - - - -] Successfully bumped revision number for resource 1fe089bc-c30e-4436-a66d-f252fe840fd4 (type: security_group_rules) to 0
2026-07-21 22:11:37.423 10 INFO neutron.wsgi [None req-b7254b72-66ac-439b-a2d9-70befbd9d0d6 4e8c7dba4dd740ea967a0bb4fcc53ca6 b7866a3628a74d7aa8b646147c2f8800 - - - -] 10.0.0.116 "POST /v2.0/security-group-rules HTTP/1.1" status: 201 len: 769 time: 0.1681392
2026-07-21 22:11:37.704 10 WARNING neutron.scheduler.dhcp_agent_scheduler [None req-93de2b45-874d-4f39-81c7-efb9bf3dec32 4e8c7dba4dd740ea967a0bb4fcc53ca6 b7866a3628a74d7aa8b646147c2f8800 - - - -] No more DHCP agents
2026-07-21 22:11:37.706 10 WARNING neutron.api.rpc.agentnotifiers.dhcp_rpc_agent_api [None req-93de2b45-874d-4f39-81c7-efb9bf3dec32 4e8c7dba4dd740ea967a0bb4fcc53ca6 b7866a3628a74d7aa8b646147c2f8800 - - - -] Unable to schedule network 526b6b94-2985-444b-8360-bdb71d9ad5a1: no agents available; will retry on subsequent port and subnet creation events.
2026-07-21 22:11:37.735 9 INFO neutron.db.ovn_revision_numbers_db [None req-c57da068-b45b-415e-bb38-edf38e266849 a179550bd99a4fd6af3a5e6f28150aeb 9e55c4fc1fa7418d8af6eabbdbfc05de - - - -] Successfully bumped revision number for resource d9f1082f-768d-4765-ace5-e4f0e2f66654 (type: router_ports) to 1
2026-07-21 22:11:37.759 9 INFO neutron.plugins.ml2.drivers.ovn.mech_driver.ovsdb.ovsdb_monitor [None req-ef22b0fb-5d3e-403b-aec2-8cbf41a336ee - - - - - -] Router ab50c0d2-f1b1-4249-9b2f-e0e23cc8ce44 is bound to host instance
2026-07-21 22:11:37.830 9 INFO neutron.db.ovn_revision_numbers_db [None req-c57da068-b45b-415e-bb38-edf38e266849 a179550bd99a4fd6af3a5e6f28150aeb 9e55c4fc1fa7418d8af6eabbdbfc05de - - - -] Successfully bumped revision number for resource ab50c0d2-f1b1-4249-9b2f-e0e23cc8ce44 (type: routers) to 3
2026-07-21 22:11:37.854 9 INFO neutron.wsgi [None req-c57da068-b45b-415e-bb38-edf38e266849 a179550bd99a4fd6af3a5e6f28150aeb 9e55c4fc1fa7418d8af6eabbdbfc05de - - - -] 10.0.0.116 "POST /v2.0/routers HTTP/1.1" status: 201 len: 873 time: 1.4296350
2026-07-21 22:11:38.189 10 INFO neutron.db.ovn_revision_numbers_db [None req-93de2b45-874d-4f39-81c7-efb9bf3dec32 4e8c7dba4dd740ea967a0bb4fcc53ca6 b7866a3628a74d7aa8b646147c2f8800 - - - -] Successfully bumped revision number for resource c2fe2df8-ac01-4a09-881d-d4c5e55524a1 (type: floatingips) to 0
2026-07-21 22:11:38.216 10 INFO neutron.wsgi [None req-93de2b45-874d-4f39-81c7-efb9bf3dec32 4e8c7dba4dd740ea967a0bb4fcc53ca6 b7866a3628a74d7aa8b646147c2f8800 - - - -] 10.0.0.116 "POST /v2.0/floatingips HTTP/1.1" status: 201 len: 751 time: 0.7877541
2026-07-21 22:11:38.320 9 INFO neutron.db.ovn_revision_numbers_db [None req-ef22b0fb-5d3e-403b-aec2-8cbf41a336ee - - - - - -] Successfully bumped revision number for resource d9f1082f-768d-4765-ace5-e4f0e2f66654 (type: ports) to 1
2026-07-21 22:11:38.439 10 WARNING neutron.scheduler.dhcp_agent_scheduler [None req-64c9cc94-5568-4934-9b9d-5c14b1090fd4 a179550bd99a4fd6af3a5e6f28150aeb 9e55c4fc1fa7418d8af6eabbdbfc05de - - default default] No more DHCP agents
2026-07-21 22:11:38.442 10 WARNING neutron.api.rpc.agentnotifiers.dhcp_rpc_agent_api [None req-64c9cc94-5568-4934-9b9d-5c14b1090fd4 a179550bd99a4fd6af3a5e6f28150aeb 9e55c4fc1fa7418d8af6eabbdbfc05de - - default default] Unable to schedule network bf067056-8a27-46ab-b20a-b35921fde4da: no agents available; will retry on subsequent port and subnet creation events.
2026-07-21 22:11:38.577 10 INFO neutron.db.ovn_revision_numbers_db [None req-64c9cc94-5568-4934-9b9d-5c14b1090fd4 a179550bd99a4fd6af3a5e6f28150aeb 9e55c4fc1fa7418d8af6eabbdbfc05de - - default default] Successfully bumped revision number for resource 8d7132cd-2288-408e-b7a8-7e7b30357d39 (type: ports) to 1
2026-07-21 22:11:38.774 10 INFO neutron.wsgi [req-91ee3fa9-68a5-4b5d-94f0-f0fce5e0f4ad req-56ccb1f1-5a28-496b-84e0-c09f7cd7cee3 4e8c7dba4dd740ea967a0bb4fcc53ca6 b7866a3628a74d7aa8b646147c2f8800 - - default default] 10.0.0.62 "GET /v2.0/security-groups?name=tempest-securitygroup--61502814&fields=id&tenant_id=b7866a3628a74d7aa8b646147c2f8800 HTTP/1.1" status: 200 len: 267 time: 0.0441279
2026-07-21 22:11:38.885 10 INFO neutron.wsgi [req-91ee3fa9-68a5-4b5d-94f0-f0fce5e0f4ad req-8962d444-aeb1-412d-a228-52c2befc0cae 4e8c7dba4dd740ea967a0bb4fcc53ca6 b7866a3628a74d7aa8b646147c2f8800 - - default default] 10.0.0.62 "GET /v2.0/networks?id=90cd2dad-9cbf-4276-b22b-f567937647a6 HTTP/1.1" status: 200 len: 875 time: 0.1026356
2026-07-21 22:11:38.918 10 INFO neutron.wsgi [req-91ee3fa9-68a5-4b5d-94f0-f0fce5e0f4ad req-45ff969b-2059-44fe-9366-ab945b92b7c9 4e8c7dba4dd740ea967a0bb4fcc53ca6 b7866a3628a74d7aa8b646147c2f8800 - - default default] 10.0.0.62 "GET /v2.0/quotas/b7866a3628a74d7aa8b646147c2f8800 HTTP/1.1" status: 200 len: 386 time: 0.0244203
2026-07-21 22:11:39.060 10 INFO neutron.wsgi [req-91ee3fa9-68a5-4b5d-94f0-f0fce5e0f4ad req-f07562bf-c6ec-40c0-8a71-6f937e2c9dd2 4e8c7dba4dd740ea967a0bb4fcc53ca6 b7866a3628a74d7aa8b646147c2f8800 - - default default] 10.0.0.62 "GET /v2.0/ports?tenant_id=b7866a3628a74d7aa8b646147c2f8800&fields=id HTTP/1.1" status: 200 len: 302 time: 0.1359379
2026-07-21 22:11:39.081 10 WARNING neutron.plugins.ml2.drivers.ovn.mech_driver.ovsdb.ovn_client [None req-58c51a0d-b544-4932-b343-a9faa2598fbf - - - - - -] No port found with ID bcc45dd4-f08d-46cf-a65d-50ab054beffe: RuntimeError: No port found with ID bcc45dd4-f08d-46cf-a65d-50ab054beffe
2026-07-21 22:11:39.082 10 INFO neutron.plugins.ml2.drivers.ovn.mech_driver.mech_driver [None req-58c51a0d-b544-4932-b343-a9faa2598fbf - - - - - -] OVN reports status up for port: 9ab11617-aa95-4863-afee-796fb09a99d0
2026-07-21 22:11:39.116 10 INFO neutron.plugins.ml2.plugin [None req-58c51a0d-b544-4932-b343-a9faa2598fbf - - - - - -] Attempt 1 to provision port 9ab11617-aa95-4863-afee-796fb09a99d0
