2026-07-21 22:17:53.525 9 INFO neutron.wsgi [req-19d48f52-0b7b-4339-89e2-150c736d748c req-d3a424f5-e857-49d4-9b49-fd09d89e8311 b240058b33e640b08ca027793d4a2929 7e304895c205435cba65cc2763387986 - - 5fa42b4933be45809bb7aed0a16706c5 5fa42b4933be45809bb7aed0a16706c5] 199.19.213.130 "GET /v2.0/ports/6141f041-47ad-4b08-a008-1c71ca84f764 HTTP/1.1" status: 200 len: 1470 time: 0.0506914
2026-07-21 22:17:53.576 9 INFO neutron.wsgi [req-42bb1990-699c-40f5-93dc-802dd7702af2 req-eb67b2ab-16ef-4139-a531-38d52e42a596 b240058b33e640b08ca027793d4a2929 7e304895c205435cba65cc2763387986 - - 5fa42b4933be45809bb7aed0a16706c5 5fa42b4933be45809bb7aed0a16706c5] 199.19.213.130 "GET /v2.0/ports?network_id=31d65037-0332-4a12-9aa0-dadf00d734a3&device_owner=network%3Adhcp HTTP/1.1" status: 200 len: 210 time: 0.0437057
2026-07-21 22:17:53.584 9 INFO neutron.wsgi [req-19d48f52-0b7b-4339-89e2-150c736d748c req-71de28eb-eed1-450a-9a6c-572a037d2a0b a179550bd99a4fd6af3a5e6f28150aeb 9e55c4fc1fa7418d8af6eabbdbfc05de - - default default] 199.19.213.130 "GET /v2.0/ports/6141f041-47ad-4b08-a008-1c71ca84f764?fields=binding%3Aprofile&fields=network_id HTTP/1.1" status: 200 len: 281 time: 0.0499818
2026-07-21 22:17:53.619 9 INFO neutron.wsgi [req-42bb1990-699c-40f5-93dc-802dd7702af2 req-1ba8301d-7aa2-4761-825a-9858733b6f66 b240058b33e640b08ca027793d4a2929 7e304895c205435cba65cc2763387986 - - 5fa42b4933be45809bb7aed0a16706c5 5fa42b4933be45809bb7aed0a16706c5] 199.19.213.130 "GET /v2.0/ports?network_id=31d65037-0332-4a12-9aa0-dadf00d734a3&device_owner=network%3Adhcp HTTP/1.1" status: 200 len: 210 time: 0.0313280
2026-07-21 22:17:53.668 9 INFO neutron.notifiers.nova [-] Nova event matching ['req-9bb94417-40a7-4b27-acdd-0de0298fc09c'] response: {'server_uuid': 'ee42c123-c9f2-4184-b37e-f4c0ff6ad2d8', 'name': 'network-vif-unplugged', 'status': 'completed', 'tag': '6141f041-47ad-4b08-a008-1c71ca84f764', 'code': 200}
2026-07-21 22:17:53.714 9 INFO neutron.wsgi [req-19d48f52-0b7b-4339-89e2-150c736d748c req-98931724-05fa-42f0-9acb-0c5f5173cc2f a179550bd99a4fd6af3a5e6f28150aeb 9e55c4fc1fa7418d8af6eabbdbfc05de - - default default] 199.19.213.130 "GET /v2.0/networks/d95de555-fdd7-4a44-ae7a-614b1f3b7584?fields=dns_domain HTTP/1.1" status: 200 len: 227 time: 0.1257432
2026-07-21 22:17:53.733 9 INFO neutron.wsgi [req-42bb1990-699c-40f5-93dc-802dd7702af2 req-4b5ae36a-7e6f-4355-bdb7-7bab951d7fa0 b240058b33e640b08ca027793d4a2929 7e304895c205435cba65cc2763387986 - - 5fa42b4933be45809bb7aed0a16706c5 5fa42b4933be45809bb7aed0a16706c5] 199.19.213.130 "GET /v2.0/networks/31d65037-0332-4a12-9aa0-dadf00d734a3?fields=segments HTTP/1.1" status: 200 len: 212 time: 0.1023438
2026-07-21 22:17:53.838 9 INFO neutron.wsgi [req-42bb1990-699c-40f5-93dc-802dd7702af2 req-d7808ca1-0191-4f4c-8906-dbfbe12556e3 b240058b33e640b08ca027793d4a2929 7e304895c205435cba65cc2763387986 - - 5fa42b4933be45809bb7aed0a16706c5 5fa42b4933be45809bb7aed0a16706c5] 199.19.213.130 "GET /v2.0/networks/31d65037-0332-4a12-9aa0-dadf00d734a3?fields=provider%3Aphysical_network&fields=provider%3Anetwork_type HTTP/1.1" status: 200 len: 277 time: 0.0968091
2026-07-21 22:17:53.915 9 INFO neutron.db.ovn_revision_numbers_db [None req-4cf41096-bd17-4445-8bb0-dfb4722b3ce6 - - - - - -] Successfully bumped revision number for resource 6141f041-47ad-4b08-a008-1c71ca84f764 (type: ports) to 7
2026-07-21 22:17:53.943 9 INFO neutron.plugins.ml2.drivers.ovn.mech_driver.mech_driver [None req-4cf41096-bd17-4445-8bb0-dfb4722b3ce6 - - - - - -] OVN reports status down for port: 002617f6-83f4-406d-88f8-2e0a18c45175
2026-07-21 22:17:54.148 9 INFO neutron.db.ovn_revision_numbers_db [None req-ff5260a3-3726-4516-a3ab-c79d8a3a5e61 b240058b33e640b08ca027793d4a2929 7e304895c205435cba65cc2763387986 - - - -] Successfully bumped revision number for resource 6141f041-47ad-4b08-a008-1c71ca84f764 (type: ports) to 8
2026-07-21 22:17:54.161 9 INFO neutron.wsgi [None req-ff5260a3-3726-4516-a3ab-c79d8a3a5e61 b240058b33e640b08ca027793d4a2929 7e304895c205435cba65cc2763387986 - - - -] 199.19.213.130 "PUT /v2.0/ports/6141f041-47ad-4b08-a008-1c71ca84f764 HTTP/1.1" status: 200 len: 1350 time: 0.4392312
2026-07-21 22:17:54.187 10 INFO neutron.wsgi [None req-9c3ab0cf-d2c1-4135-995b-09016da8f0d6 a179550bd99a4fd6af3a5e6f28150aeb 9e55c4fc1fa7418d8af6eabbdbfc05de - - default default] 199.19.213.130 "GET /v2.0/ports?device_id=ee42c123-c9f2-4184-b37e-f4c0ff6ad2d8 HTTP/1.1" status: 200 len: 1369 time: 0.0354979 /var/lib/openstack/lib/python3.10/site-packages/pycadf/identifier.py:71: UserWarning: Invalid uuid: neutron. To ensure interoperability, identifiers should be a valid uuid. warnings.warn(('Invalid uuid: %s. To ensure interoperability, '
2026-07-21 22:17:54.252 9 INFO neutron.wsgi [req-19d48f52-0b7b-4339-89e2-150c736d748c req-b65fd297-1c84-451d-9531-145ef5383694 b240058b33e640b08ca027793d4a2929 7e304895c205435cba65cc2763387986 - - 5fa42b4933be45809bb7aed0a16706c5 5fa42b4933be45809bb7aed0a16706c5] 199.19.213.130 "GET /v2.0/ports?tenant_id=9e55c4fc1fa7418d8af6eabbdbfc05de&device_id=ee42c123-c9f2-4184-b37e-f4c0ff6ad2d8 HTTP/1.1" status: 200 len: 1369 time: 0.0292845
2026-07-21 22:17:54.316 9 INFO neutron.wsgi [req-19d48f52-0b7b-4339-89e2-150c736d748c req-5941a7f5-dfd0-4733-81eb-df1de0ac6a57 b240058b33e640b08ca027793d4a2929 7e304895c205435cba65cc2763387986 - - 5fa42b4933be45809bb7aed0a16706c5 5fa42b4933be45809bb7aed0a16706c5] 199.19.213.130 "GET /v2.0/networks?id=b36cf923-51c9-47af-9ed7-54005fb163bf&id=d95de555-fdd7-4a44-ae7a-614b1f3b7584 HTTP/1.1" status: 200 len: 1730 time: 0.0573874
2026-07-21 22:17:54.346 9 INFO neutron.wsgi [req-19d48f52-0b7b-4339-89e2-150c736d748c req-9687a314-f6dd-4fee-b5f6-c287732d36db b240058b33e640b08ca027793d4a2929 7e304895c205435cba65cc2763387986 - - 5fa42b4933be45809bb7aed0a16706c5 5fa42b4933be45809bb7aed0a16706c5] 199.19.213.130 "GET /v2.0/floatingips?fixed_ip_address=172.24.0.127&port_id=abad5e65-e1f5-4faf-aa36-7d449a82b7c0 HTTP/1.1" status: 200 len: 217 time: 0.0237401
2026-07-21 22:17:54.381 9 INFO neutron.wsgi [req-19d48f52-0b7b-4339-89e2-150c736d748c req-df752dc5-195d-4192-8fc5-a25d4000beb6 b240058b33e640b08ca027793d4a2929 7e304895c205435cba65cc2763387986 - - 5fa42b4933be45809bb7aed0a16706c5 5fa42b4933be45809bb7aed0a16706c5] 199.19.213.130 "GET /v2.0/subnets?id=41b93454-7924-49a7-9134-84d3892a6c3c HTTP/1.1" status: 200 len: 829 time: 0.0266855
2026-07-21 22:17:54.405 9 INFO neutron.wsgi [req-19d48f52-0b7b-4339-89e2-150c736d748c req-c342c2f3-8148-4b45-8ee7-85aca93c6ed0 b240058b33e640b08ca027793d4a2929 7e304895c205435cba65cc2763387986 - - 5fa42b4933be45809bb7aed0a16706c5 5fa42b4933be45809bb7aed0a16706c5] 199.19.213.130 "GET /v2.0/ports?network_id=b36cf923-51c9-47af-9ed7-54005fb163bf&device_owner=network%3Adhcp HTTP/1.1" status: 200 len: 210 time: 0.0190904
2026-07-21 22:17:54.468 9 INFO neutron.wsgi [req-19d48f52-0b7b-4339-89e2-150c736d748c req-05d6b8a0-ac38-4e34-9fe5-fb89dd3fb76c b240058b33e640b08ca027793d4a2929 7e304895c205435cba65cc2763387986 - - 5fa42b4933be45809bb7aed0a16706c5 5fa42b4933be45809bb7aed0a16706c5] 199.19.213.130 "GET /v2.0/networks/b36cf923-51c9-47af-9ed7-54005fb163bf?fields=segments HTTP/1.1" status: 200 len: 212 time: 0.0569661
2026-07-21 22:17:54.539 10 INFO neutron.db.ovn_revision_numbers_db [None req-02fdb377-12ea-4d56-bd6a-08ed4fe6f626 a179550bd99a4fd6af3a5e6f28150aeb 9e55c4fc1fa7418d8af6eabbdbfc05de - - - -] Successfully bumped revision number for resource 6141f041-47ad-4b08-a008-1c71ca84f764 (type: ports) to 9
2026-07-21 22:17:54.539 9 INFO neutron.wsgi [req-19d48f52-0b7b-4339-89e2-150c736d748c req-bbf36816-967d-4854-b634-5af3924f6102 b240058b33e640b08ca027793d4a2929 7e304895c205435cba65cc2763387986 - - 5fa42b4933be45809bb7aed0a16706c5 5fa42b4933be45809bb7aed0a16706c5] 199.19.213.130 "GET /v2.0/networks/b36cf923-51c9-47af-9ed7-54005fb163bf?fields=provider%3Aphysical_network&fields=provider%3Anetwork_type HTTP/1.1" status: 200 len: 277 time: 0.0636990
2026-07-21 22:17:54.563 10 INFO neutron.wsgi [None req-02fdb377-12ea-4d56-bd6a-08ed4fe6f626 a179550bd99a4fd6af3a5e6f28150aeb 9e55c4fc1fa7418d8af6eabbdbfc05de - - - -] 199.19.213.130 "PUT /v2.0/ports/6141f041-47ad-4b08-a008-1c71ca84f764 HTTP/1.1" status: 200 len: 1290 time: 0.3674104 /var/lib/openstack/lib/python3.10/site-packages/pycadf/identifier.py:71: UserWarning: Invalid uuid: neutron. To ensure interoperability, identifiers should be a valid uuid. warnings.warn(('Invalid uuid: %s. To ensure interoperability, '
2026-07-21 22:17:54.599 10 INFO neutron.wsgi [None req-8e03643f-9709-4a39-a409-78978f82a100 a179550bd99a4fd6af3a5e6f28150aeb 9e55c4fc1fa7418d8af6eabbdbfc05de - - default default] 199.19.213.130 "GET /v2.0/ports/6141f041-47ad-4b08-a008-1c71ca84f764 HTTP/1.1" status: 200 len: 1290 time: 0.0282111
2026-07-21 22:17:54.896 10 INFO neutron.wsgi [None req-1054b589-6d3d-48d7-822a-35831ce6b11a a179550bd99a4fd6af3a5e6f28150aeb 9e55c4fc1fa7418d8af6eabbdbfc05de - - - -] 199.19.213.130 "DELETE /v2.0/ports/6141f041-47ad-4b08-a008-1c71ca84f764 HTTP/1.1" status: 204 len: 173 time: 0.2917213
2026-07-21 22:17:54.940 10 INFO neutron.wsgi [None req-80c62603-e971-43de-9531-68ca1d7d19f4 a179550bd99a4fd6af3a5e6f28150aeb 9e55c4fc1fa7418d8af6eabbdbfc05de - - default default] 199.19.213.130 "GET /v2.0/extensions/security-group HTTP/1.1" status: 200 len: 369 time: 0.0067508
2026-07-21 22:17:54.950 10 INFO neutron.wsgi [None req-b426f138-9624-4ee9-bcce-9282398f2121 a179550bd99a4fd6af3a5e6f28150aeb 9e55c4fc1fa7418d8af6eabbdbfc05de - - default default] 199.19.213.130 "GET /v2.0/extensions/dns-integration HTTP/1.1" status: 200 len: 371 time: 0.0063827
2026-07-21 22:17:54.960 10 INFO neutron.wsgi [None req-93c644ec-7fb6-49e3-9673-f0d20cefa343 a179550bd99a4fd6af3a5e6f28150aeb 9e55c4fc1fa7418d8af6eabbdbfc05de - - default default] 199.19.213.130 "GET /v2.0/extensions/qos HTTP/1.1" status: 200 len: 365 time: 0.0053294
2026-07-21 22:17:54.975 10 INFO neutron.wsgi [None req-3f168cd6-6a2a-4f5b-9c5c-59eebcf61ede a179550bd99a4fd6af3a5e6f28150aeb 9e55c4fc1fa7418d8af6eabbdbfc05de - - default default] 199.19.213.130 "GET /v2.0/extensions/allowed-address-pairs HTTP/1.1" status: 200 len: 383 time: 0.0102406
2026-07-21 22:17:55.005 10 INFO neutron.pecan_wsgi.hooks.translation [None req-f0270e5e-d4d9-4267-8b2c-638b21e23187 a179550bd99a4fd6af3a5e6f28150aeb 9e55c4fc1fa7418d8af6eabbdbfc05de - - - -] DELETE failed (client error): The resource could not be found.
2026-07-21 22:17:55.008 10 INFO neutron.wsgi [None req-f0270e5e-d4d9-4267-8b2c-638b21e23187 a179550bd99a4fd6af3a5e6f28150aeb 9e55c4fc1fa7418d8af6eabbdbfc05de - - - -] 199.19.213.130 "DELETE /v2.0/ports/6141f041-47ad-4b08-a008-1c71ca84f764 HTTP/1.1" status: 404 len: 338 time: 0.0241880
2026-07-21 22:17:55.040 10 INFO neutron.wsgi [None req-5ad45639-2438-4bb7-8c18-62450ac8907d a179550bd99a4fd6af3a5e6f28150aeb 9e55c4fc1fa7418d8af6eabbdbfc05de - - default default] 199.19.213.130 "GET /v2.0/ports/002617f6-83f4-406d-88f8-2e0a18c45175 HTTP/1.1" status: 200 len: 1329 time: 0.0265086
2026-07-21 22:17:55.071 10 INFO neutron.wsgi [None req-70661c63-7539-452a-9a9a-0ea8238759f0 a179550bd99a4fd6af3a5e6f28150aeb 9e55c4fc1fa7418d8af6eabbdbfc05de - - default default] 199.19.213.130 "GET /v2.0/security-groups?name=lb-a90b4aa0-4237-43c0-a108-ee4bcbd7c0c7 HTTP/1.1" status: 200 len: 1777 time: 0.0268846
2026-07-21 22:17:55.102 10 INFO neutron.wsgi [None req-52e23884-a5fe-4315-b50d-0e5798f42f77 a179550bd99a4fd6af3a5e6f28150aeb 9e55c4fc1fa7418d8af6eabbdbfc05de - - default default] 199.19.213.130 "GET /v2.0/ports/002617f6-83f4-406d-88f8-2e0a18c45175 HTTP/1.1" status: 200 len: 1329 time: 0.0265162
2026-07-21 22:17:55.409 10 INFO neutron.db.ovn_revision_numbers_db [None req-a5a8a16f-d9ca-4754-bcc7-deb62e77d950 a179550bd99a4fd6af3a5e6f28150aeb 9e55c4fc1fa7418d8af6eabbdbfc05de - - - -] Successfully bumped revision number for resource 002617f6-83f4-406d-88f8-2e0a18c45175 (type: ports) to 17
2026-07-21 22:17:55.423 10 INFO neutron.wsgi [None req-a5a8a16f-d9ca-4754-bcc7-deb62e77d950 a179550bd99a4fd6af3a5e6f28150aeb 9e55c4fc1fa7418d8af6eabbdbfc05de - - - -] 199.19.213.130 "PUT /v2.0/ports/002617f6-83f4-406d-88f8-2e0a18c45175 HTTP/1.1" status: 200 len: 1291 time: 0.3122110
2026-07-21 22:17:55.540 10 INFO neutron.wsgi [None req-7ed271ae-cecf-4e0f-a2f8-130132d84dfb a179550bd99a4fd6af3a5e6f28150aeb 9e55c4fc1fa7418d8af6eabbdbfc05de - - - -] 199.19.213.130 "DELETE /v2.0/security-groups/f2f9fd6c-f0bd-4ce4-bd10-825593c0c131 HTTP/1.1" status: 204 len: 173 time: 0.1086190
2026-07-21 22:17:55.546 9 INFO neutron.wsgi [-] 10.0.0.133 "GET / HTTP/1.1" status: 200 len: 246 time: 0.0029433
2026-07-21 22:17:55.549 9 INFO neutron.wsgi [-] 10.0.0.133 "GET / HTTP/1.1" status: 200 len: 246 time: 0.0024447
2026-07-21 22:17:55.708 9 INFO neutron.notifiers.nova [-] Nova event matching ['req-a71b565e-8730-43f8-a4f2-0c09c6041c3a'] response: {'server_uuid': 'ee42c123-c9f2-4184-b37e-f4c0ff6ad2d8', 'name': 'network-vif-plugged', 'status': 'completed', 'tag': '6141f041-47ad-4b08-a008-1c71ca84f764', 'code': 200}
2026-07-21 22:17:55.840 10 INFO neutron.wsgi [None req-61cac00f-f599-4220-925b-290a705beb61 a179550bd99a4fd6af3a5e6f28150aeb 9e55c4fc1fa7418d8af6eabbdbfc05de - - - -] 199.19.213.130 "DELETE /v2.0/ports/002617f6-83f4-406d-88f8-2e0a18c45175 HTTP/1.1" status: 204 len: 173 time: 0.2916069
2026-07-21 22:17:56.136 10 INFO neutron.plugins.ml2.drivers.ovn.mech_driver.mech_driver [None req-58c51a0d-b544-4932-b343-a9faa2598fbf - - - - - -] OVN reports status down for port: abad5e65-e1f5-4faf-aa36-7d449a82b7c0
2026-07-21 22:17:56.281 10 INFO neutron.notifiers.nova [-] Nova event matching ['req-970c17e6-43bd-4c5c-9497-c6f5a81a5fae'] response: {'server_uuid': 'ee42c123-c9f2-4184-b37e-f4c0ff6ad2d8', 'name': 'network-vif-unplugged', 'status': 'completed', 'tag': 'abad5e65-e1f5-4faf-aa36-7d449a82b7c0', 'code': 200}
2026-07-21 22:17:56.415 10 INFO neutron.db.ovn_revision_numbers_db [None req-58c51a0d-b544-4932-b343-a9faa2598fbf - - - - - -] Successfully bumped revision number for resource abad5e65-e1f5-4faf-aa36-7d449a82b7c0 (type: ports) to 5
2026-07-21 22:17:56.431 9 INFO neutron.wsgi [req-50b6c581-2a5f-4518-b7cc-fc52714daf85 req-bad48077-8edc-464e-b31f-85518a798ca3 a179550bd99a4fd6af3a5e6f28150aeb 9e55c4fc1fa7418d8af6eabbdbfc05de - - default default] 199.19.213.130 "GET /v2.0/ports?device_id=ee42c123-c9f2-4184-b37e-f4c0ff6ad2d8 HTTP/1.1" status: 200 len: 1367 time: 0.0330517
2026-07-21 22:17:56.681 9 INFO neutron.wsgi [None req-70b5b269-6412-44c4-9003-12eed81a9f3a a179550bd99a4fd6af3a5e6f28150aeb 9e55c4fc1fa7418d8af6eabbdbfc05de - - - -] 199.19.213.130 "DELETE /v2.0/ports/abad5e65-e1f5-4faf-aa36-7d449a82b7c0 HTTP/1.1" status: 204 len: 173 time: 0.2441778
2026-07-21 22:17:57.748 9 INFO neutron.notifiers.nova [-] Nova event matching ['req-d66ef315-ffc7-43c8-9d45-c90e5be26f4e'] response: {'server_uuid': 'ee42c123-c9f2-4184-b37e-f4c0ff6ad2d8', 'name': 'network-vif-deleted', 'tag': 'abad5e65-e1f5-4faf-aa36-7d449a82b7c0', 'status': 'completed', 'code': 200}
2026-07-21 22:17:58.325 10 INFO neutron.notifiers.nova [-] Nova event matching ['req-092cf162-fe6a-4829-837e-a5ccc51f7c47'] response: {'server_uuid': 'ee42c123-c9f2-4184-b37e-f4c0ff6ad2d8', 'name': 'network-vif-plugged', 'status': 'completed', 'tag': 'abad5e65-e1f5-4faf-aa36-7d449a82b7c0', 'code': 200}
2026-07-21 22:17:58.560 9 INFO neutron.db.l3_db [None req-051c3eb4-22da-41eb-9b82-f71ef6c75318 53a54d13135a4888b98edc1c9fbfacbb dc47df5da8024306bc550e35acc2461a - - - -] Floating IP 3f8f4094-f579-4f4e-ad59-3de9b11dcc7d disassociated (deleted). External IP: 10.96.250.219, port: 1cc4a4b7-30ec-4804-8a1a-25738bc9678a.
2026-07-21 22:17:58.599 9 INFO neutron.wsgi [None req-051c3eb4-22da-41eb-9b82-f71ef6c75318 53a54d13135a4888b98edc1c9fbfacbb dc47df5da8024306bc550e35acc2461a - - - -] 10.0.0.116 "DELETE /v2.0/floatingips/3f8f4094-f579-4f4e-ad59-3de9b11dcc7d HTTP/1.1" status: 204 len: 168 time: 0.7671244
2026-07-21 22:17:58.627 9 INFO neutron.api.v2.resource [None req-c2eda1c9-e81d-40aa-9175-2dd262b96da4 53a54d13135a4888b98edc1c9fbfacbb dc47df5da8024306bc550e35acc2461a - - default default] show failed (client error): The resource could not be found.
2026-07-21 22:17:58.628 9 INFO neutron.wsgi [None req-c2eda1c9-e81d-40aa-9175-2dd262b96da4 53a54d13135a4888b98edc1c9fbfacbb dc47df5da8024306bc550e35acc2461a - - default default] 10.0.0.116 "GET /v2.0/floatingips/3f8f4094-f579-4f4e-ad59-3de9b11dcc7d HTTP/1.1" status: 404 len: 345 time: 0.0255952 /var/lib/openstack/lib/python3.10/site-packages/pycadf/identifier.py:71: UserWarning: Invalid uuid: neutron. To ensure interoperability, identifiers should be a valid uuid. warnings.warn(('Invalid uuid: %s. To ensure interoperability, '
2026-07-21 22:17:58.836 10 INFO neutron.plugins.ml2.drivers.ovn.mech_driver.mech_driver [None req-58c51a0d-b544-4932-b343-a9faa2598fbf - - - - - -] OVN reports status down for port: 1cc4a4b7-30ec-4804-8a1a-25738bc9678a
2026-07-21 22:17:58.903 10 INFO neutron.wsgi [req-9bcb59a6-21cb-4c1e-a33b-46af430d6e8c req-e840e5a8-cc46-4c9a-b547-eebde0a9da3d 53a54d13135a4888b98edc1c9fbfacbb dc47df5da8024306bc550e35acc2461a - - default default] 10.0.0.62 "GET /v2.0/ports?device_id=16eff0fc-87e3-4632-bc47-b98df949f50c HTTP/1.1" status: 200 len: 1404 time: 0.1346519
2026-07-21 22:17:58.991 10 INFO neutron.wsgi [req-9bcb59a6-21cb-4c1e-a33b-46af430d6e8c req-0f592daa-8b16-4907-8faf-668b85f57121 53a54d13135a4888b98edc1c9fbfacbb dc47df5da8024306bc550e35acc2461a - - default default] 10.0.0.62 "GET /v2.0/security-groups?id=2aa62961-0626-42e3-ac51-54cd333bd1c4&fields=id&fields=name HTTP/1.1" status: 200 len: 310 time: 0.0810637
2026-07-21 22:17:59.191 9 INFO neutron.wsgi [req-e5521672-1c3f-481c-b07d-a71756586cab req-f7987324-6204-4d4f-9346-86648cc73f89 53a54d13135a4888b98edc1c9fbfacbb dc47df5da8024306bc550e35acc2461a - - default default] 199.19.213.130 "GET /v2.0/ports?device_id=16eff0fc-87e3-4632-bc47-b98df949f50c HTTP/1.1" status: 200 len: 1402 time: 0.1002657
2026-07-21 22:17:59.192 10 INFO neutron.db.ovn_revision_numbers_db [None req-58c51a0d-b544-4932-b343-a9faa2598fbf - - - - - -] Successfully bumped revision number for resource 1cc4a4b7-30ec-4804-8a1a-25738bc9678a (type: ports) to 5
2026-07-21 22:17:59.540 9 INFO neutron.wsgi [None req-ac343ee5-3278-455a-922a-3cf69847188d 53a54d13135a4888b98edc1c9fbfacbb dc47df5da8024306bc550e35acc2461a - - - -] 199.19.213.130 "DELETE /v2.0/ports/1cc4a4b7-30ec-4804-8a1a-25738bc9678a HTTP/1.1" status: 204 len: 173 time: 0.3430469
2026-07-21 22:17:59.784 9 INFO neutron.notifiers.nova [-] Nova event matching ['req-034fedc6-e4eb-467b-bf10-93c9ad0cb938'] response: {'name': 'network-changed', 'server_uuid': '16eff0fc-87e3-4632-bc47-b98df949f50c', 'tag': '1cc4a4b7-30ec-4804-8a1a-25738bc9678a', 'status': 'completed', 'code': 200}
2026-07-21 22:17:59.784 9 INFO neutron.notifiers.nova [-] Nova event matching ['req-034fedc6-e4eb-467b-bf10-93c9ad0cb938'] response: {'server_uuid': '16eff0fc-87e3-4632-bc47-b98df949f50c', 'name': 'network-vif-deleted', 'tag': '1cc4a4b7-30ec-4804-8a1a-25738bc9678a', 'status': 'completed', 'code': 200}
2026-07-21 22:17:59.833 9 INFO neutron.wsgi [req-00977186-9bef-459e-bf88-461870326f03 req-d334145c-580a-4b53-91c1-9ba3edd8b5ae b240058b33e640b08ca027793d4a2929 7e304895c205435cba65cc2763387986 - - 5fa42b4933be45809bb7aed0a16706c5 5fa42b4933be45809bb7aed0a16706c5] 199.19.213.130 "GET /v2.0/ports?tenant_id=dc47df5da8024306bc550e35acc2461a&device_id=16eff0fc-87e3-4632-bc47-b98df949f50c HTTP/1.1" status: 200 len: 210 time: 0.0288270
2026-07-21 22:18:00.012 9 INFO neutron.wsgi [req-00977186-9bef-459e-bf88-461870326f03 req-dc03dc88-422e-4241-999a-cffebd3d7b48 b240058b33e640b08ca027793d4a2929 7e304895c205435cba65cc2763387986 - - 5fa42b4933be45809bb7aed0a16706c5 5fa42b4933be45809bb7aed0a16706c5] 199.19.213.130 "GET /v2.0/networks?tenant_id=dc47df5da8024306bc550e35acc2461a&shared=False HTTP/1.1" status: 200 len: 2584 time: 0.1633677
2026-07-21 22:18:00.135 9 INFO neutron.wsgi [req-00977186-9bef-459e-bf88-461870326f03 req-bf2f7e0e-d00f-4d3b-8e32-dbe03aca36e4 b240058b33e640b08ca027793d4a2929 7e304895c205435cba65cc2763387986 - - 5fa42b4933be45809bb7aed0a16706c5 5fa42b4933be45809bb7aed0a16706c5] 199.19.213.130 "GET /v2.0/networks?shared=True HTTP/1.1" status: 200 len: 952 time: 0.1153061
2026-07-21 22:18:00.365 10 INFO neutron.notifiers.nova [-] Nova event matching ['req-b4de66a1-cfab-431e-9b29-262dba9c8b08'] response: {'server_uuid': '16eff0fc-87e3-4632-bc47-b98df949f50c', 'name': 'network-vif-unplugged', 'status': 'completed', 'tag': '1cc4a4b7-30ec-4804-8a1a-25738bc9678a', 'code': 200}
2026-07-21 22:18:00.365 10 INFO neutron.notifiers.nova [-] Nova event matching ['req-b4de66a1-cfab-431e-9b29-262dba9c8b08'] response: {'server_uuid': '16eff0fc-87e3-4632-bc47-b98df949f50c', 'name': 'network-vif-plugged', 'status': 'completed', 'tag': '1cc4a4b7-30ec-4804-8a1a-25738bc9678a', 'code': 200} /var/lib/openstack/lib/python3.10/site-packages/pycadf/identifier.py:71: UserWarning: Invalid uuid: neutron. To ensure interoperability, identifiers should be a valid uuid. warnings.warn(('Invalid uuid: %s. To ensure interoperability, '
2026-07-21 22:18:04.132 9 INFO neutron.wsgi [None req-8dd7b6b4-c3b4-402f-a890-cb7f2b44afc2 a179550bd99a4fd6af3a5e6f28150aeb 9e55c4fc1fa7418d8af6eabbdbfc05de - - default default] 10.0.0.119 "GET /v2.0/network-ip-availabilities HTTP/1.1" status: 200 len: 3363 time: 0.0666249
2026-07-21 22:18:04.172 9 INFO neutron.wsgi [None req-3b2891d0-e440-4c2e-ac4e-fc5e6fbfb68f a179550bd99a4fd6af3a5e6f28150aeb 9e55c4fc1fa7418d8af6eabbdbfc05de - - default default] 10.0.0.119 "GET /v2.0/ports HTTP/1.1" status: 200 len: 14962 time: 0.0383935
2026-07-21 22:18:04.220 9 INFO neutron.wsgi [None req-2e8372f3-5529-4e4f-a3e8-79c1e0800c79 a179550bd99a4fd6af3a5e6f28150aeb 9e55c4fc1fa7418d8af6eabbdbfc05de - - default default] 10.0.0.119 "GET /v2.0/subnets HTTP/1.1" status: 200 len: 5497 time: 0.0400591
2026-07-21 22:18:04.287 9 INFO neutron.wsgi [None req-8564d60e-3d31-491a-afd3-50e4b5cbd7b9 a179550bd99a4fd6af3a5e6f28150aeb 9e55c4fc1fa7418d8af6eabbdbfc05de - - default default] 10.0.0.119 "GET /v2.0/networks HTTP/1.1" status: 200 len: 4720 time: 0.0653412
2026-07-21 22:18:04.306 9 INFO neutron.wsgi [None req-77f86f7a-663a-4403-ac13-d2f6393a9f28 a179550bd99a4fd6af3a5e6f28150aeb 9e55c4fc1fa7418d8af6eabbdbfc05de - - default default] 10.0.0.119 "GET /v2.0/agents HTTP/1.1" status: 200 len: 997 time: 0.0156376
2026-07-21 22:18:04.345 9 INFO neutron.wsgi [None req-62ec9845-f713-48e5-96df-92f34dcb8d00 a179550bd99a4fd6af3a5e6f28150aeb 9e55c4fc1fa7418d8af6eabbdbfc05de - - default default] 10.0.0.119 "GET /v2.0/subnets HTTP/1.1" status: 200 len: 5497 time: 0.0376844
2026-07-21 22:18:04.361 9 INFO neutron.wsgi [None req-34375ad7-1d28-42b2-bcad-d421ff843b0f a179550bd99a4fd6af3a5e6f28150aeb 9e55c4fc1fa7418d8af6eabbdbfc05de - - default default] 10.0.0.119 "GET /v2.0/subnetpools HTTP/1.1" status: 200 len: 193 time: 0.0115142
2026-07-21 22:18:04.385 9 INFO neutron.wsgi [None req-fdf325ad-b281-47f3-93cf-e202cdda339a a179550bd99a4fd6af3a5e6f28150aeb 9e55c4fc1fa7418d8af6eabbdbfc05de - - default default] 10.0.0.119 "GET /v2.0/floatingips HTTP/1.1" status: 200 len: 193 time: 0.0235136
2026-07-21 22:18:04.404 10 INFO neutron.db.l3_db [None req-524e055c-858a-4311-a005-cddb8579c310 53a54d13135a4888b98edc1c9fbfacbb dc47df5da8024306bc550e35acc2461a - - - -] Floating IP 1237e95e-f661-4e38-b327-f860017d001e disassociated (deleted). External IP: 10.96.250.201, port: 09468418-0d60-4bbc-8dbd-930facd3d412.
2026-07-21 22:18:04.456 9 INFO neutron.wsgi [None req-8ff7f4ec-d15a-4559-8d03-36cf8b933de4 a179550bd99a4fd6af3a5e6f28150aeb 9e55c4fc1fa7418d8af6eabbdbfc05de - - default default] 10.0.0.119 "GET /v2.0/security-groups HTTP/1.1" status: 200 len: 27531 time: 0.0696962
2026-07-21 22:18:04.496 10 INFO neutron.wsgi [None req-524e055c-858a-4311-a005-cddb8579c310 53a54d13135a4888b98edc1c9fbfacbb dc47df5da8024306bc550e35acc2461a - - - -] 10.0.0.116 "DELETE /v2.0/floatingips/1237e95e-f661-4e38-b327-f860017d001e HTTP/1.1" status: 204 len: 168 time: 0.4447529 /var/lib/openstack/lib/python3.10/site-packages/pycadf/identifier.py:71: UserWarning: Invalid uuid: neutron. To ensure interoperability, identifiers should be a valid uuid. warnings.warn(('Invalid uuid: %s. To ensure interoperability, '
2026-07-21 22:18:04.529 10 INFO neutron.api.v2.resource [None req-6d8b5fd4-189d-487f-8834-8c0a754998fc 53a54d13135a4888b98edc1c9fbfacbb dc47df5da8024306bc550e35acc2461a - - default default] show failed (client error): The resource could not be found.
2026-07-21 22:18:04.531 10 INFO neutron.wsgi [None req-6d8b5fd4-189d-487f-8834-8c0a754998fc 53a54d13135a4888b98edc1c9fbfacbb dc47df5da8024306bc550e35acc2461a - - default default] 10.0.0.116 "GET /v2.0/floatingips/1237e95e-f661-4e38-b327-f860017d001e HTTP/1.1" status: 404 len: 345 time: 0.0261538
2026-07-21 22:18:04.534 10 INFO neutron.notifiers.nova [-] Nova event matching ['req-bddc7d2d-23ae-4e94-b853-6645886d773d'] response: {'name': 'network-changed', 'server_uuid': 'c0dd93e7-0893-478d-9e20-d05a851905db', 'tag': '09468418-0d60-4bbc-8dbd-930facd3d412', 'status': 'completed', 'code': 200}
2026-07-21 22:18:04.548 9 INFO neutron.wsgi [None req-e5c4c12a-e1c9-431f-bfe6-3b60b581f685 a179550bd99a4fd6af3a5e6f28150aeb 9e55c4fc1fa7418d8af6eabbdbfc05de - - default default] 10.0.0.119 "GET /v2.0/routers HTTP/1.1" status: 200 len: 850 time: 0.0848889
2026-07-21 22:18:04.561 9 INFO neutron.wsgi [None req-a70c2f9e-a644-4794-b3c2-563ff41753e6 a179550bd99a4fd6af3a5e6f28150aeb 9e55c4fc1fa7418d8af6eabbdbfc05de - - default default] 10.0.0.119 "GET /v2.0/agents?binary=ovn-controller HTTP/1.1" status: 200 len: 591 time: 0.0125046
2026-07-21 22:18:04.592 9 INFO neutron.wsgi [req-1aa14939-c86f-4b0f-ba1a-dc3868d3a97a req-2fce0abd-05e3-43c1-af09-bb9f27270a68 b240058b33e640b08ca027793d4a2929 7e304895c205435cba65cc2763387986 - - 5fa42b4933be45809bb7aed0a16706c5 5fa42b4933be45809bb7aed0a16706c5] 199.19.213.130 "GET /v2.0/ports?tenant_id=dc47df5da8024306bc550e35acc2461a&device_id=c0dd93e7-0893-478d-9e20-d05a851905db HTTP/1.1" status: 200 len: 1582 time: 0.0343928
2026-07-21 22:18:04.658 9 INFO neutron.wsgi [req-1aa14939-c86f-4b0f-ba1a-dc3868d3a97a req-c4a0836b-02cd-4053-aad7-9c2881f42826 b240058b33e640b08ca027793d4a2929 7e304895c205435cba65cc2763387986 - - 5fa42b4933be45809bb7aed0a16706c5 5fa42b4933be45809bb7aed0a16706c5] 199.19.213.130 "GET /v2.0/networks?id=31d65037-0332-4a12-9aa0-dadf00d734a3 HTTP/1.1" status: 200 len: 1002 time: 0.0590131
2026-07-21 22:18:04.691 9 INFO neutron.wsgi [req-1aa14939-c86f-4b0f-ba1a-dc3868d3a97a req-e1e8d54d-0673-49fa-9858-d7b854b23a1e b240058b33e640b08ca027793d4a2929 7e304895c205435cba65cc2763387986 - - 5fa42b4933be45809bb7aed0a16706c5 5fa42b4933be45809bb7aed0a16706c5] 199.19.213.130 "GET /v2.0/floatingips?fixed_ip_address=10.2.1.54&port_id=09468418-0d60-4bbc-8dbd-930facd3d412 HTTP/1.1" status: 200 len: 217 time: 0.0270698
2026-07-21 22:18:04.724 9 INFO neutron.plugins.ml2.drivers.ovn.mech_driver.mech_driver [None req-4cf41096-bd17-4445-8bb0-dfb4722b3ce6 - - - - - -] OVN reports status down for port: 09468418-0d60-4bbc-8dbd-930facd3d412
2026-07-21 22:18:04.728 9 INFO neutron.wsgi [req-1aa14939-c86f-4b0f-ba1a-dc3868d3a97a req-fbf12c32-07a3-4c8e-b698-46006820bc87 b240058b33e640b08ca027793d4a2929 7e304895c205435cba65cc2763387986 - - 5fa42b4933be45809bb7aed0a16706c5 5fa42b4933be45809bb7aed0a16706c5] 199.19.213.130 "GET /v2.0/floatingips?fixed_ip_address=fd7b%3Af9f7%3Afff%3A4eca%3A%3A33&port_id=09468418-0d60-4bbc-8dbd-930facd3d412 HTTP/1.1" status: 200 len: 217 time: 0.0316734
2026-07-21 22:18:04.781 10 INFO neutron.wsgi [req-58e9d2f9-dc55-4805-8d61-1bcf39b18a4a req-ad1c560c-be29-452b-af75-3f9306dfcaec 53a54d13135a4888b98edc1c9fbfacbb dc47df5da8024306bc550e35acc2461a - - default default] 10.0.0.62 "GET /v2.0/ports?device_id=c0dd93e7-0893-478d-9e20-d05a851905db HTTP/1.1" status: 200 len: 1392 time: 0.1033776
2026-07-21 22:18:04.782 9 INFO neutron.wsgi [req-1aa14939-c86f-4b0f-ba1a-dc3868d3a97a req-068dea52-4ad8-4f41-bd3e-1a1e64a88fd4 b240058b33e640b08ca027793d4a2929 7e304895c205435cba65cc2763387986 - - 5fa42b4933be45809bb7aed0a16706c5 5fa42b4933be45809bb7aed0a16706c5] 199.19.213.130 "GET /v2.0/subnets?id=1a741d8b-b3c4-4608-9f37-5cd053cb30a1&id=2843f9c9-d3e0-4db8-a6ce-686a4265847c HTTP/1.1" status: 200 len: 1562 time: 0.0392759
2026-07-21 22:18:04.828 9 INFO neutron.wsgi [req-1aa14939-c86f-4b0f-ba1a-dc3868d3a97a req-fb4e827f-e841-43f3-9b29-ebd6410da342 b240058b33e640b08ca027793d4a2929 7e304895c205435cba65cc2763387986 - - 5fa42b4933be45809bb7aed0a16706c5 5fa42b4933be45809bb7aed0a16706c5] 199.19.213.130 "GET /v2.0/ports?network_id=31d65037-0332-4a12-9aa0-dadf00d734a3&device_owner=network%3Adhcp HTTP/1.1" status: 200 len: 210 time: 0.0380619
2026-07-21 22:18:04.845 10 INFO neutron.wsgi [req-58e9d2f9-dc55-4805-8d61-1bcf39b18a4a req-9410545d-c1c2-4168-91c0-aefe2340ed8c 53a54d13135a4888b98edc1c9fbfacbb dc47df5da8024306bc550e35acc2461a - - default default] 10.0.0.62 "GET /v2.0/security-groups?id=2aa62961-0626-42e3-ac51-54cd333bd1c4&fields=id&fields=name HTTP/1.1" status: 200 len: 310 time: 0.0527606
2026-07-21 22:18:04.876 9 INFO neutron.wsgi [req-1aa14939-c86f-4b0f-ba1a-dc3868d3a97a req-1f2daf50-40f3-4dcd-b4a1-302600db84b3 b240058b33e640b08ca027793d4a2929 7e304895c205435cba65cc2763387986 - - 5fa42b4933be45809bb7aed0a16706c5 5fa42b4933be45809bb7aed0a16706c5] 199.19.213.130 "GET /v2.0/ports?network_id=31d65037-0332-4a12-9aa0-dadf00d734a3&device_owner=network%3Adhcp HTTP/1.1" status: 200 len: 210 time: 0.0401337
2026-07-21 22:18:04.904 9 INFO neutron.notifiers.nova [-] Nova event matching ['req-a525bdb7-6389-47ad-8584-d872ab8438b1'] response: {'server_uuid': 'c0dd93e7-0893-478d-9e20-d05a851905db', 'name': 'network-vif-unplugged', 'status': 'completed', 'tag': '09468418-0d60-4bbc-8dbd-930facd3d412', 'code': 200}
2026-07-21 22:18:04.971 9 INFO neutron.wsgi [req-1aa14939-c86f-4b0f-ba1a-dc3868d3a97a req-9a3a5560-1ac7-4fbd-81a9-871fc732e694 b240058b33e640b08ca027793d4a2929 7e304895c205435cba65cc2763387986 - - 5fa42b4933be45809bb7aed0a16706c5 5fa42b4933be45809bb7aed0a16706c5] 199.19.213.130 "GET /v2.0/networks/31d65037-0332-4a12-9aa0-dadf00d734a3?fields=segments HTTP/1.1" status: 200 len: 212 time: 0.0874672
2026-07-21 22:18:05.073 9 INFO neutron.wsgi [req-1aa14939-c86f-4b0f-ba1a-dc3868d3a97a req-19a901a9-3a47-4803-977b-eec45401dbaf b240058b33e640b08ca027793d4a2929 7e304895c205435cba65cc2763387986 - - 5fa42b4933be45809bb7aed0a16706c5 5fa42b4933be45809bb7aed0a16706c5] 199.19.213.130 "GET /v2.0/networks/31d65037-0332-4a12-9aa0-dadf00d734a3?fields=provider%3Aphysical_network&fields=provider%3Anetwork_type HTTP/1.1" status: 200 len: 277 time: 0.0960798
2026-07-21 22:18:05.133 9 INFO neutron.wsgi [req-81143594-ded8-430b-9dfc-de6c00de29d2 req-e6db9b00-0a4a-4e1c-95be-68ba66a5023d 53a54d13135a4888b98edc1c9fbfacbb dc47df5da8024306bc550e35acc2461a - - default default] 199.19.213.130 "GET /v2.0/ports?device_id=c0dd93e7-0893-478d-9e20-d05a851905db HTTP/1.1" status: 200 len: 1390 time: 0.1394887
2026-07-21 22:18:05.149 9 INFO neutron.db.ovn_revision_numbers_db [None req-4cf41096-bd17-4445-8bb0-dfb4722b3ce6 - - - - - -] Successfully bumped revision number for resource 09468418-0d60-4bbc-8dbd-930facd3d412 (type: ports) to 5
2026-07-21 22:18:05.481 9 INFO neutron.wsgi [None req-159c9d6e-a21e-4c16-becb-f75880f28f05 53a54d13135a4888b98edc1c9fbfacbb dc47df5da8024306bc550e35acc2461a - - - -] 199.19.213.130 "DELETE /v2.0/ports/09468418-0d60-4bbc-8dbd-930facd3d412 HTTP/1.1" status: 204 len: 173 time: 0.3416793
2026-07-21 22:18:06.943 9 INFO neutron.notifiers.nova [-] Nova event matching ['req-658c6c4b-b601-4745-b05f-5861a8ab3b39'] response: {'server_uuid': 'c0dd93e7-0893-478d-9e20-d05a851905db', 'name': 'network-vif-plugged', 'status': 'completed', 'tag': '09468418-0d60-4bbc-8dbd-930facd3d412', 'code': 200}
2026-07-21 22:18:06.944 9 INFO neutron.notifiers.nova [-] Nova event matching ['req-658c6c4b-b601-4745-b05f-5861a8ab3b39'] response: {'server_uuid': 'c0dd93e7-0893-478d-9e20-d05a851905db', 'name': 'network-vif-deleted', 'tag': '09468418-0d60-4bbc-8dbd-930facd3d412', 'status': 'completed', 'code': 200} /var/lib/openstack/lib/python3.10/site-packages/pycadf/identifier.py:71: UserWarning: Invalid uuid: neutron. To ensure interoperability, identifiers should be a valid uuid. warnings.warn(('Invalid uuid: %s. To ensure interoperability, '
2026-07-21 22:18:10.059 9 INFO neutron.wsgi [None req-bd54103b-95db-455e-927e-b507e35bac94 53a54d13135a4888b98edc1c9fbfacbb dc47df5da8024306bc550e35acc2461a - - - -] 10.0.0.116 "DELETE /v2.0/security-group-rules/caf5fefb-9d56-48c3-87e2-bb43523a7ebe HTTP/1.1" status: 204 len: 168 time: 0.1298192
2026-07-21 22:18:10.078 9 INFO neutron.api.v2.resource [None req-468bf36f-6892-438e-a941-dc149185c14b 53a54d13135a4888b98edc1c9fbfacbb dc47df5da8024306bc550e35acc2461a - - default default] show failed (client error): The resource could not be found.
2026-07-21 22:18:10.079 9 INFO neutron.wsgi [None req-468bf36f-6892-438e-a941-dc149185c14b 53a54d13135a4888b98edc1c9fbfacbb dc47df5da8024306bc550e35acc2461a - - default default] 10.0.0.116 "GET /v2.0/security-group-rules/caf5fefb-9d56-48c3-87e2-bb43523a7ebe HTTP/1.1" status: 404 len: 356 time: 0.0144081
2026-07-21 22:18:10.195 10 INFO neutron.wsgi [None req-f654001e-077a-4a0c-900c-9d6746f42340 53a54d13135a4888b98edc1c9fbfacbb dc47df5da8024306bc550e35acc2461a - - - -] 10.0.0.116 "DELETE /v2.0/security-group-rules/54671e37-9a1e-40e6-89a5-a00b0a4c2cd1 HTTP/1.1" status: 204 len: 168 time: 0.1115162
2026-07-21 22:18:10.210 10 INFO neutron.api.v2.resource [None req-0e9eaccb-9d43-4450-b374-535851fe49df 53a54d13135a4888b98edc1c9fbfacbb dc47df5da8024306bc550e35acc2461a - - default default] show failed (client error): The resource could not be found.
2026-07-21 22:18:10.212 10 INFO neutron.wsgi [None req-0e9eaccb-9d43-4450-b374-535851fe49df 53a54d13135a4888b98edc1c9fbfacbb dc47df5da8024306bc550e35acc2461a - - default default] 10.0.0.116 "GET /v2.0/security-group-rules/54671e37-9a1e-40e6-89a5-a00b0a4c2cd1 HTTP/1.1" status: 404 len: 356 time: 0.0112660
2026-07-21 22:18:10.324 10 INFO neutron.wsgi [None req-ad7740a5-372f-4344-bc79-3dee5d687798 53a54d13135a4888b98edc1c9fbfacbb dc47df5da8024306bc550e35acc2461a - - - -] 10.0.0.116 "DELETE /v2.0/security-group-rules/bf82788a-cbb6-4dcf-911e-e1c66eabd270 HTTP/1.1" status: 204 len: 168 time: 0.1076624
2026-07-21 22:18:10.341 10 INFO neutron.api.v2.resource [None req-6502165b-bce5-420b-b75c-02c893cc1401 53a54d13135a4888b98edc1c9fbfacbb dc47df5da8024306bc550e35acc2461a - - default default] show failed (client error): The resource could not be found.
2026-07-21 22:18:10.342 10 INFO neutron.wsgi [None req-6502165b-bce5-420b-b75c-02c893cc1401 53a54d13135a4888b98edc1c9fbfacbb dc47df5da8024306bc550e35acc2461a - - default default] 10.0.0.116 "GET /v2.0/security-group-rules/bf82788a-cbb6-4dcf-911e-e1c66eabd270 HTTP/1.1" status: 404 len: 356 time: 0.0118358
2026-07-21 22:18:10.452 10 INFO neutron.wsgi [None req-d7e0834f-3ce1-4dba-8501-9cbc03d64d68 53a54d13135a4888b98edc1c9fbfacbb dc47df5da8024306bc550e35acc2461a - - - -] 10.0.0.116 "DELETE /v2.0/security-group-rules/e527e4b5-87e1-453e-9f03-66fbbbe034da HTTP/1.1" status: 204 len: 168 time: 0.1052485
2026-07-21 22:18:10.466 10 INFO neutron.api.v2.resource [None req-2f54a2bf-70e5-4b31-a9f3-b04caf7eb78c 53a54d13135a4888b98edc1c9fbfacbb dc47df5da8024306bc550e35acc2461a - - default default] show failed (client error): The resource could not be found.
2026-07-21 22:18:10.467 10 INFO neutron.wsgi [None req-2f54a2bf-70e5-4b31-a9f3-b04caf7eb78c 53a54d13135a4888b98edc1c9fbfacbb dc47df5da8024306bc550e35acc2461a - - default default] 10.0.0.116 "GET /v2.0/security-group-rules/e527e4b5-87e1-453e-9f03-66fbbbe034da HTTP/1.1" status: 404 len: 356 time: 0.0100961
2026-07-21 22:18:10.545 9 INFO neutron.wsgi [-] 10.0.0.133 "GET / HTTP/1.1" status: 200 len: 246 time: 0.0024726
2026-07-21 22:18:10.547 9 INFO neutron.wsgi [-] 10.0.0.133 "GET / HTTP/1.1" status: 200 len: 246 time: 0.0012984
2026-07-21 22:18:10.569 10 INFO neutron.wsgi [None req-1e139f72-e60e-4e8b-948c-35ac8ae8cd17 53a54d13135a4888b98edc1c9fbfacbb dc47df5da8024306bc550e35acc2461a - - - -] 10.0.0.116 "DELETE /v2.0/security-group-rules/ad8f813a-b6ae-4317-af5a-ad4c03d16a16 HTTP/1.1" status: 204 len: 168 time: 0.0977747
2026-07-21 22:18:10.584 10 INFO neutron.api.v2.resource [None req-e05f3add-e591-42d0-96dd-58099bd7c9af 53a54d13135a4888b98edc1c9fbfacbb dc47df5da8024306bc550e35acc2461a - - default default] show failed (client error): The resource could not be found.
2026-07-21 22:18:10.586 10 INFO neutron.wsgi [None req-e05f3add-e591-42d0-96dd-58099bd7c9af 53a54d13135a4888b98edc1c9fbfacbb dc47df5da8024306bc550e35acc2461a - - default default] 10.0.0.116 "GET /v2.0/security-group-rules/ad8f813a-b6ae-4317-af5a-ad4c03d16a16 HTTP/1.1" status: 404 len: 356 time: 0.0117953
2026-07-21 22:18:10.695 10 INFO neutron.wsgi [None req-cd754f11-bd51-429f-9ad3-aad54ec04ff4 53a54d13135a4888b98edc1c9fbfacbb dc47df5da8024306bc550e35acc2461a - - - -] 10.0.0.116 "DELETE /v2.0/security-group-rules/002a34e2-dab5-48f6-9df1-369ff5b717a7 HTTP/1.1" status: 204 len: 168 time: 0.1024146
2026-07-21 22:18:10.713 10 INFO neutron.api.v2.resource [None req-7eba2ada-0c72-478c-8b91-9650ed1c7dd5 53a54d13135a4888b98edc1c9fbfacbb dc47df5da8024306bc550e35acc2461a - - default default] show failed (client error): The resource could not be found.
2026-07-21 22:18:10.715 10 INFO neutron.wsgi [None req-7eba2ada-0c72-478c-8b91-9650ed1c7dd5 53a54d13135a4888b98edc1c9fbfacbb dc47df5da8024306bc550e35acc2461a - - default default] 10.0.0.116 "GET /v2.0/security-group-rules/002a34e2-dab5-48f6-9df1-369ff5b717a7 HTTP/1.1" status: 404 len: 356 time: 0.0129209
2026-07-21 22:18:10.821 10 INFO neutron.wsgi [None req-7939fb93-571c-4077-aec5-357a3df52b79 53a54d13135a4888b98edc1c9fbfacbb dc47df5da8024306bc550e35acc2461a - - - -] 10.0.0.116 "DELETE /v2.0/security-group-rules/59465da9-8327-463c-ba42-093bc1696a25 HTTP/1.1" status: 204 len: 168 time: 0.1026859
2026-07-21 22:18:10.846 10 INFO neutron.api.v2.resource [None req-1668ab7c-28d5-48b7-ab15-91cfe4f1c847 53a54d13135a4888b98edc1c9fbfacbb dc47df5da8024306bc550e35acc2461a - - default default] show failed (client error): The resource could not be found.
2026-07-21 22:18:10.848 10 INFO neutron.wsgi [None req-1668ab7c-28d5-48b7-ab15-91cfe4f1c847 53a54d13135a4888b98edc1c9fbfacbb dc47df5da8024306bc550e35acc2461a - - default default] 10.0.0.116 "GET /v2.0/security-group-rules/59465da9-8327-463c-ba42-093bc1696a25 HTTP/1.1" status: 404 len: 356 time: 0.0217371
2026-07-21 22:18:10.982 10 INFO neutron.wsgi [None req-a297d27e-fa46-4a15-ae0a-e4e1f1e12715 53a54d13135a4888b98edc1c9fbfacbb dc47df5da8024306bc550e35acc2461a - - - -] 10.0.0.116 "DELETE /v2.0/security-group-rules/c572945a-e975-4da9-9fa8-31807412bde8 HTTP/1.1" status: 204 len: 168 time: 0.1271613
2026-07-21 22:18:10.997 10 INFO neutron.api.v2.resource [None req-48812678-c368-48de-afbc-a33d22603508 53a54d13135a4888b98edc1c9fbfacbb dc47df5da8024306bc550e35acc2461a - - default default] show failed (client error): The resource could not be found.
2026-07-21 22:18:10.999 10 INFO neutron.wsgi [None req-48812678-c368-48de-afbc-a33d22603508 53a54d13135a4888b98edc1c9fbfacbb dc47df5da8024306bc550e35acc2461a - - default default] 10.0.0.116 "GET /v2.0/security-group-rules/c572945a-e975-4da9-9fa8-31807412bde8 HTTP/1.1" status: 404 len: 356 time: 0.0109720
2026-07-21 22:18:11.107 10 INFO neutron.wsgi [None req-0adf95d4-cc18-450e-8ba0-36958b0ce87b 53a54d13135a4888b98edc1c9fbfacbb dc47df5da8024306bc550e35acc2461a - - - -] 10.0.0.116 "DELETE /v2.0/security-group-rules/12f72849-447b-46d1-ba76-4957238139e3 HTTP/1.1" status: 204 len: 168 time: 0.1034386
2026-07-21 22:18:11.122 10 INFO neutron.api.v2.resource [None req-d162d367-5cc4-4fb1-9969-6e26aada9438 53a54d13135a4888b98edc1c9fbfacbb dc47df5da8024306bc550e35acc2461a - - default default] show failed (client error): The resource could not be found.
2026-07-21 22:18:11.124 10 INFO neutron.wsgi [None req-d162d367-5cc4-4fb1-9969-6e26aada9438 53a54d13135a4888b98edc1c9fbfacbb dc47df5da8024306bc550e35acc2461a - - default default] 10.0.0.116 "GET /v2.0/security-group-rules/12f72849-447b-46d1-ba76-4957238139e3 HTTP/1.1" status: 404 len: 356 time: 0.0113313
2026-07-21 22:18:11.216 10 INFO neutron.wsgi [None req-e227ed94-07ae-4002-8e74-89159e693058 53a54d13135a4888b98edc1c9fbfacbb dc47df5da8024306bc550e35acc2461a - - - -] 10.0.0.116 "DELETE /v2.0/security-group-rules/6fe7f098-9159-40dc-98bd-b9b2bb950240 HTTP/1.1" status: 204 len: 168 time: 0.0866683
2026-07-21 22:18:11.230 10 INFO neutron.api.v2.resource [None req-a33abc1e-6bdc-4cbc-893a-7aee5e93dadb 53a54d13135a4888b98edc1c9fbfacbb dc47df5da8024306bc550e35acc2461a - - default default] show failed (client error): The resource could not be found.
2026-07-21 22:18:11.231 10 INFO neutron.wsgi [None req-a33abc1e-6bdc-4cbc-893a-7aee5e93dadb 53a54d13135a4888b98edc1c9fbfacbb dc47df5da8024306bc550e35acc2461a - - default default] 10.0.0.116 "GET /v2.0/security-group-rules/6fe7f098-9159-40dc-98bd-b9b2bb950240 HTTP/1.1" status: 404 len: 356 time: 0.0100985
2026-07-21 22:18:11.331 10 INFO neutron.wsgi [None req-7064f224-6e23-4762-9b02-9e72c9989498 53a54d13135a4888b98edc1c9fbfacbb dc47df5da8024306bc550e35acc2461a - - - -] 10.0.0.116 "DELETE /v2.0/security-group-rules/ff65ccfb-3ea3-4123-8175-aa1e78fd458a HTTP/1.1" status: 204 len: 168 time: 0.0962167
2026-07-21 22:18:11.345 10 INFO neutron.api.v2.resource [None req-b4edbe59-e21c-46de-aa47-9771adbb57ae 53a54d13135a4888b98edc1c9fbfacbb dc47df5da8024306bc550e35acc2461a - - default default] show failed (client error): The resource could not be found.
2026-07-21 22:18:11.346 10 INFO neutron.wsgi [None req-b4edbe59-e21c-46de-aa47-9771adbb57ae 53a54d13135a4888b98edc1c9fbfacbb dc47df5da8024306bc550e35acc2461a - - default default] 10.0.0.116 "GET /v2.0/security-group-rules/ff65ccfb-3ea3-4123-8175-aa1e78fd458a HTTP/1.1" status: 404 len: 356 time: 0.0100977
2026-07-21 22:18:11.460 10 INFO neutron.wsgi [None req-6b189d6d-468a-4e04-bfdb-19b34b6c84ac 53a54d13135a4888b98edc1c9fbfacbb dc47df5da8024306bc550e35acc2461a - - - -] 10.0.0.116 "DELETE /v2.0/security-groups/2aa62961-0626-42e3-ac51-54cd333bd1c4 HTTP/1.1" status: 204 len: 168 time: 0.1093407
2026-07-21 22:18:11.476 10 INFO neutron.api.v2.resource [None req-76d603ef-f043-43f6-ac01-dd1788ef1b7f 53a54d13135a4888b98edc1c9fbfacbb dc47df5da8024306bc550e35acc2461a - - default default] show failed (client error): The resource could not be found.
2026-07-21 22:18:11.478 10 INFO neutron.wsgi [None req-76d603ef-f043-43f6-ac01-dd1788ef1b7f 53a54d13135a4888b98edc1c9fbfacbb dc47df5da8024306bc550e35acc2461a - - default default] 10.0.0.116 "GET /v2.0/security-groups/2aa62961-0626-42e3-ac51-54cd333bd1c4 HTTP/1.1" status: 404 len: 347 time: 0.0110664
2026-07-21 22:18:12.898 10 INFO neutron.wsgi [None req-72b63b73-3d92-4b86-8f22-3c143dd3f4b8 53a54d13135a4888b98edc1c9fbfacbb dc47df5da8024306bc550e35acc2461a - - - -] 10.0.0.116 "PUT /v2.0/routers/1fb6a2a5-c83c-4fc4-a37d-4d951d40ab09/remove_router_interface HTTP/1.1" status: 200 len: 503 time: 1.3681827 /var/lib/openstack/lib/python3.10/site-packages/pycadf/identifier.py:71: UserWarning: Invalid uuid: neutron. To ensure interoperability, identifiers should be a valid uuid. warnings.warn(('Invalid uuid: %s. To ensure interoperability, '
2026-07-21 22:18:13.048 10 INFO neutron.api.v2.resource [None req-0f0377b3-4917-4360-9b4b-a4e21cf9b3a6 53a54d13135a4888b98edc1c9fbfacbb dc47df5da8024306bc550e35acc2461a - - default default] remove_router_interface failed (client error): The resource could not be found.
2026-07-21 22:18:13.050 10 INFO neutron.wsgi [None req-0f0377b3-4917-4360-9b4b-a4e21cf9b3a6 53a54d13135a4888b98edc1c9fbfacbb dc47df5da8024306bc550e35acc2461a - - default default] 10.0.0.116 "PUT /v2.0/routers/1fb6a2a5-c83c-4fc4-a37d-4d951d40ab09/remove_router_interface HTTP/1.1" status: 404 len: 399 time: 0.1356249
2026-07-21 22:18:14.490 9 INFO neutron.wsgi [None req-e1c75e26-750b-4f05-bac8-fd4f281fc663 53a54d13135a4888b98edc1c9fbfacbb dc47df5da8024306bc550e35acc2461a - - - -] 10.0.0.116 "PUT /v2.0/routers/1fb6a2a5-c83c-4fc4-a37d-4d951d40ab09/remove_router_interface HTTP/1.1" status: 200 len: 503 time: 1.4345462
2026-07-21 22:18:14.634 10 INFO neutron.api.v2.resource [None req-af531061-036d-45b9-b480-150a370477e4 53a54d13135a4888b98edc1c9fbfacbb dc47df5da8024306bc550e35acc2461a - - default default] remove_router_interface failed (client error): The resource could not be found.
2026-07-21 22:18:14.635 10 INFO neutron.wsgi [None req-af531061-036d-45b9-b480-150a370477e4 53a54d13135a4888b98edc1c9fbfacbb dc47df5da8024306bc550e35acc2461a - - default default] 10.0.0.116 "PUT /v2.0/routers/1fb6a2a5-c83c-4fc4-a37d-4d951d40ab09/remove_router_interface HTTP/1.1" status: 404 len: 399 time: 0.1408367
2026-07-21 22:18:15.539 10 INFO neutron.wsgi [None req-432b882c-d810-401c-8799-e44fc9741c22 53a54d13135a4888b98edc1c9fbfacbb dc47df5da8024306bc550e35acc2461a - - - -] 10.0.0.116 "PUT /v2.0/routers/1fb6a2a5-c83c-4fc4-a37d-4d951d40ab09/remove_router_interface HTTP/1.1" status: 200 len: 503 time: 0.8972712 /var/lib/openstack/lib/python3.10/site-packages/pycadf/identifier.py:71: UserWarning: Invalid uuid: neutron. To ensure interoperability, identifiers should be a valid uuid. warnings.warn(('Invalid uuid: %s. To ensure interoperability, '
2026-07-21 22:18:15.659 10 INFO neutron.api.v2.resource [None req-928eaf41-7c76-4876-ade1-7f57e2139ec6 53a54d13135a4888b98edc1c9fbfacbb dc47df5da8024306bc550e35acc2461a - - default default] remove_router_interface failed (client error): The resource could not be found.
2026-07-21 22:18:15.661 10 INFO neutron.wsgi [None req-928eaf41-7c76-4876-ade1-7f57e2139ec6 53a54d13135a4888b98edc1c9fbfacbb dc47df5da8024306bc550e35acc2461a - - default default] 10.0.0.116 "PUT /v2.0/routers/1fb6a2a5-c83c-4fc4-a37d-4d951d40ab09/remove_router_interface HTTP/1.1" status: 404 len: 399 time: 0.1176710
2026-07-21 22:18:16.332 10 INFO neutron.wsgi [None req-0859dd59-692d-4a00-9ddc-9b8869b083bb 53a54d13135a4888b98edc1c9fbfacbb dc47df5da8024306bc550e35acc2461a - - - -] 10.0.0.116 "DELETE /v2.0/routers/1fb6a2a5-c83c-4fc4-a37d-4d951d40ab09 HTTP/1.1" status: 204 len: 168 time: 0.6664739 /var/lib/openstack/lib/python3.10/site-packages/pycadf/identifier.py:71: UserWarning: Invalid uuid: neutron. To ensure interoperability, identifiers should be a valid uuid. warnings.warn(('Invalid uuid: %s. To ensure interoperability, '
2026-07-21 22:18:16.410 9 INFO neutron.api.v2.resource [None req-3672d357-f37f-4862-b17c-6d21ed4cd3d5 53a54d13135a4888b98edc1c9fbfacbb dc47df5da8024306bc550e35acc2461a - - default default] show failed (client error): The resource could not be found.
2026-07-21 22:18:16.411 9 INFO neutron.wsgi [None req-3672d357-f37f-4862-b17c-6d21ed4cd3d5 53a54d13135a4888b98edc1c9fbfacbb dc47df5da8024306bc550e35acc2461a - - default default] 10.0.0.116 "GET /v2.0/routers/1fb6a2a5-c83c-4fc4-a37d-4d951d40ab09 HTTP/1.1" status: 404 len: 336 time: 0.0605476
2026-07-21 22:18:16.610 9 INFO neutron.wsgi [None req-f513e420-c18b-45b0-98ed-40ade91c7a03 53a54d13135a4888b98edc1c9fbfacbb dc47df5da8024306bc550e35acc2461a - - - -] 10.0.0.116 "DELETE /v2.0/subnets/b57c0b94-f5bf-487c-8d8c-275d54c482ab HTTP/1.1" status: 204 len: 168 time: 0.1949108
2026-07-21 22:18:16.632 9 INFO neutron.pecan_wsgi.hooks.translation [None req-5f2070b5-ef47-4f5c-8b3f-28de18d4da49 53a54d13135a4888b98edc1c9fbfacbb dc47df5da8024306bc550e35acc2461a - - default default] GET failed (client error): The resource could not be found.
2026-07-21 22:18:16.634 9 INFO neutron.wsgi [None req-5f2070b5-ef47-4f5c-8b3f-28de18d4da49 53a54d13135a4888b98edc1c9fbfacbb dc47df5da8024306bc550e35acc2461a - - default default] 10.0.0.116 "GET /v2.0/subnets/b57c0b94-f5bf-487c-8d8c-275d54c482ab HTTP/1.1" status: 404 len: 337 time: 0.0184479
2026-07-21 22:18:16.903 9 INFO neutron.wsgi [None req-e7caaeef-7e00-441c-bb3c-6dcc3c7c6b3c 53a54d13135a4888b98edc1c9fbfacbb dc47df5da8024306bc550e35acc2461a - - - -] 10.0.0.116 "DELETE /v2.0/subnets/386a0ecf-02d8-457e-995b-be9a5038d39c HTTP/1.1" status: 204 len: 168 time: 0.2652040
2026-07-21 22:18:16.928 9 INFO neutron.pecan_wsgi.hooks.translation [None req-d33eec95-11e2-463c-8029-954255ed6959 53a54d13135a4888b98edc1c9fbfacbb dc47df5da8024306bc550e35acc2461a - - default default] GET failed (client error): The resource could not be found.
2026-07-21 22:18:16.930 9 INFO neutron.wsgi [None req-d33eec95-11e2-463c-8029-954255ed6959 53a54d13135a4888b98edc1c9fbfacbb dc47df5da8024306bc550e35acc2461a - - default default] 10.0.0.116 "GET /v2.0/subnets/386a0ecf-02d8-457e-995b-be9a5038d39c HTTP/1.1" status: 404 len: 337 time: 0.0225563
2026-07-21 22:18:17.355 9 INFO neutron.services.segments.plugin [-] Segment 2d82195e-8aa4-41be-ae6f-d8d449413a80 resource provider aggregate not found
2026-07-21 22:18:17.360 9 INFO neutron.services.segments.plugin [-] Segment 2d82195e-8aa4-41be-ae6f-d8d449413a80 resource provider aggregate not found
2026-07-21 22:18:17.370 9 INFO neutron.wsgi [None req-ad1762fb-fc4b-4661-8c5f-efc84b57b71a 53a54d13135a4888b98edc1c9fbfacbb dc47df5da8024306bc550e35acc2461a - - - -] 10.0.0.116 "DELETE /v2.0/networks/11729ce0-710d-4d3e-9bb3-9cccb548cce2 HTTP/1.1" status: 204 len: 168 time: 0.4372175
2026-07-21 22:18:17.377 9 INFO neutron.services.segments.plugin [-] Segment 2d82195e-8aa4-41be-ae6f-d8d449413a80 resource provider not found; error: Placement Client Error (4xx): {"errors": [{"status": 404, "title": "Not Found", "detail": "The resource could not be found.\n\n No resource provider with uuid 2d82195e-8aa4-41be-ae6f-d8d449413a80 found for delete ", "request_id": "req-53b07460-0388-4de3-9278-76cb49ad06e4"}]}
