2026-07-21 22:13:14.600 10 INFO neutron.db.segments_db [None req-386723bc-52f6-46c3-b406-8e929e7b0710 b8e6a26b75f04ae6a4185dcb3396df4a f49ff67ace364a8da413e8ba67166ad8 - - - -] Added segment 8c762d16-8abc-47dc-9790-b295a62fcb12 of type geneve for network d4e1023e-46b4-4beb-8a77-e7e4afc05354
2026-07-21 22:13:14.617 10 INFO neutron.wsgi [req-f23e9d93-a6aa-4933-9e1a-7d39f0d550e7 req-7e75ab9b-6c53-42f8-83da-94d5a180d41b afbe7d71ed6243b6bbe12c66c676adcd efb1ec9adb7e445b88b12409f502bfc3 - - default default] 10.0.0.62 "GET /v2.0/ports?device_id=e6ccc143-8e7e-4e6f-9f28-7de5a77f03d1 HTTP/1.1" status: 200 len: 210 time: 0.0296669
2026-07-21 22:13:14.625 10 INFO neutron.db.ovn_revision_numbers_db [None req-73f8fb53-17ab-4105-9faf-ccbcdf852fd9 fae84ff3382a454a972b9dab63fccdc2 9a530b36155a4a78bd24fc613c1c1ac2 - - - -] Successfully bumped revision number for resource 5d06a0bf-8631-4f26-ab1e-31e075d1c1b9 (type: floatingips) to 4
2026-07-21 22:13:14.746 10 INFO neutron.db.ovn_revision_numbers_db [None req-73f8fb53-17ab-4105-9faf-ccbcdf852fd9 fae84ff3382a454a972b9dab63fccdc2 9a530b36155a4a78bd24fc613c1c1ac2 - - - -] Successfully bumped revision number for resource 5d06a0bf-8631-4f26-ab1e-31e075d1c1b9 (type: floatingips) to 5
2026-07-21 22:13:14.751 10 INFO neutron.db.ovn_revision_numbers_db [None req-386723bc-52f6-46c3-b406-8e929e7b0710 b8e6a26b75f04ae6a4185dcb3396df4a f49ff67ace364a8da413e8ba67166ad8 - - - -] Successfully bumped revision number for resource d4e1023e-46b4-4beb-8a77-e7e4afc05354 (type: networks) to 1
2026-07-21 22:13:14.786 10 INFO neutron.wsgi [None req-73f8fb53-17ab-4105-9faf-ccbcdf852fd9 fae84ff3382a454a972b9dab63fccdc2 9a530b36155a4a78bd24fc613c1c1ac2 - - - -] 10.0.0.116 "PUT /v2.0/floatingips/5d06a0bf-8631-4f26-ab1e-31e075d1c1b9 HTTP/1.1" status: 200 len: 1049 time: 0.6523514
2026-07-21 22:13:14.834 10 INFO neutron.wsgi [None req-7c1a312d-3e07-4c2c-9451-7ca418b0266a fae84ff3382a454a972b9dab63fccdc2 9a530b36155a4a78bd24fc613c1c1ac2 - - default default] 10.0.0.116 "GET /v2.0/floatingips/5d06a0bf-8631-4f26-ab1e-31e075d1c1b9 HTTP/1.1" status: 200 len: 1051 time: 0.0395820
2026-07-21 22:13:14.992 10 WARNING neutron.scheduler.dhcp_agent_scheduler [None req-386723bc-52f6-46c3-b406-8e929e7b0710 b8e6a26b75f04ae6a4185dcb3396df4a f49ff67ace364a8da413e8ba67166ad8 - - - -] No more DHCP agents
2026-07-21 22:13:14.993 10 WARNING neutron.api.rpc.agentnotifiers.dhcp_rpc_agent_api [None req-386723bc-52f6-46c3-b406-8e929e7b0710 b8e6a26b75f04ae6a4185dcb3396df4a f49ff67ace364a8da413e8ba67166ad8 - - - -] Unable to schedule network d4e1023e-46b4-4beb-8a77-e7e4afc05354: no agents available; will retry on subsequent port and subnet creation events.
2026-07-21 22:13:15.066 10 INFO neutron.db.ovn_revision_numbers_db [None req-386723bc-52f6-46c3-b406-8e929e7b0710 b8e6a26b75f04ae6a4185dcb3396df4a f49ff67ace364a8da413e8ba67166ad8 - - - -] Successfully bumped revision number for resource 03364bf6-e5e7-4dcf-bb8b-a3e907103c8b (type: ports) to 1
2026-07-21 22:13:15.093 10 INFO neutron.wsgi [None req-386723bc-52f6-46c3-b406-8e929e7b0710 b8e6a26b75f04ae6a4185dcb3396df4a f49ff67ace364a8da413e8ba67166ad8 - - - -] 10.0.0.116 "POST /v2.0/networks HTTP/1.1" status: 201 len: 831 time: 0.9145689
2026-07-21 22:13:15.154 10 INFO neutron.wsgi [None req-d255950e-713f-43b8-ba91-750b0100c744 b8e6a26b75f04ae6a4185dcb3396df4a f49ff67ace364a8da413e8ba67166ad8 - - - -] 10.0.0.116 "PUT /v2.0/networks/d4e1023e-46b4-4beb-8a77-e7e4afc05354/tags HTTP/1.1" status: 200 len: 218 time: 0.0545604
2026-07-21 22:13:15.207 10 INFO neutron.wsgi [None req-0d6fb376-ec45-4d4f-8c83-f18d4713f383 b8e6a26b75f04ae6a4185dcb3396df4a f49ff67ace364a8da413e8ba67166ad8 - - default default] 10.0.0.116 "GET /v2.0/networks/d4e1023e-46b4-4beb-8a77-e7e4afc05354/tags HTTP/1.1" status: 200 len: 218 time: 0.0490241
2026-07-21 22:13:15.272 10 INFO neutron.wsgi [None req-cfaabba8-abf8-4f5c-98e4-c9e7894fe383 b8e6a26b75f04ae6a4185dcb3396df4a f49ff67ace364a8da413e8ba67166ad8 - - - -] 10.0.0.116 "PUT /v2.0/networks/d4e1023e-46b4-4beb-8a77-e7e4afc05354/tags/green HTTP/1.1" status: 201 len: 201 time: 0.0591066
2026-07-21 22:13:15.283 10 INFO neutron.notifiers.nova [-] Nova event matching ['req-96d6b1de-5384-4d4d-82be-a4e0eee3d7af'] response: {'server_uuid': 'e6ccc143-8e7e-4e6f-9f28-7de5a77f03d1', 'name': 'network-vif-unplugged', 'status': 'completed', 'tag': '9cd59fb7-543c-4099-81dd-f9eb4d687dd9', 'code': 200}
2026-07-21 22:13:15.283 10 INFO neutron.notifiers.nova [-] Nova event matching ['req-96d6b1de-5384-4d4d-82be-a4e0eee3d7af'] response: {'server_uuid': 'e6ccc143-8e7e-4e6f-9f28-7de5a77f03d1', 'name': 'network-vif-plugged', 'status': 'completed', 'tag': '9cd59fb7-543c-4099-81dd-f9eb4d687dd9', 'code': 200}
2026-07-21 22:13:15.283 10 INFO neutron.notifiers.nova [-] Nova event matching ['req-96d6b1de-5384-4d4d-82be-a4e0eee3d7af'] response: {'name': 'network-changed', 'server_uuid': '7ee49aff-8b1a-4b50-b15a-2de15b5b2ed1', 'tag': '9f6a0062-cffa-4886-8c03-196ac71f24a8', 'status': 'completed', 'code': 200}
2026-07-21 22:13:15.312 10 INFO neutron.wsgi [None req-974417d5-f503-4a41-bac8-2a61c889adea b8e6a26b75f04ae6a4185dcb3396df4a f49ff67ace364a8da413e8ba67166ad8 - - default default] 10.0.0.116 "GET /v2.0/networks/d4e1023e-46b4-4beb-8a77-e7e4afc05354/tags HTTP/1.1" status: 200 len: 227 time: 0.0352972
2026-07-21 22:13:15.347 9 INFO neutron.wsgi [req-cdbc8786-1d13-4bba-8b37-637fcd226222 req-acf865fe-55e5-48ae-a2ff-d523b4480f51 b240058b33e640b08ca027793d4a2929 7e304895c205435cba65cc2763387986 - - 5fa42b4933be45809bb7aed0a16706c5 5fa42b4933be45809bb7aed0a16706c5] 199.19.213.130 "GET /v2.0/ports?tenant_id=9a530b36155a4a78bd24fc613c1c1ac2&device_id=7ee49aff-8b1a-4b50-b15a-2de15b5b2ed1 HTTP/1.1" status: 200 len: 1361 time: 0.0438638
2026-07-21 22:13:15.366 10 INFO neutron.wsgi [None req-bc433d38-2f22-4539-8812-d9d624656f60 b8e6a26b75f04ae6a4185dcb3396df4a f49ff67ace364a8da413e8ba67166ad8 - - - -] 10.0.0.116 "PUT /v2.0/networks/d4e1023e-46b4-4beb-8a77-e7e4afc05354/tags/red HTTP/1.1" status: 201 len: 201 time: 0.0447783
2026-07-21 22:13:15.414 10 INFO neutron.wsgi [None req-b2aa62fd-0a68-44df-b1b9-4189e941c4dc b8e6a26b75f04ae6a4185dcb3396df4a f49ff67ace364a8da413e8ba67166ad8 - - default default] 10.0.0.116 "GET /v2.0/networks/d4e1023e-46b4-4beb-8a77-e7e4afc05354/tags HTTP/1.1" status: 200 len: 227 time: 0.0405622
2026-07-21 22:13:15.420 9 INFO neutron.wsgi [req-cdbc8786-1d13-4bba-8b37-637fcd226222 req-61744e7f-7129-422d-b1e8-64607e58d891 b240058b33e640b08ca027793d4a2929 7e304895c205435cba65cc2763387986 - - 5fa42b4933be45809bb7aed0a16706c5 5fa42b4933be45809bb7aed0a16706c5] 199.19.213.130 "GET /v2.0/networks?id=87d19e01-5a19-4ebf-8834-22a5b71f13df HTTP/1.1" status: 200 len: 959 time: 0.0652001
2026-07-21 22:13:15.472 10 INFO neutron.wsgi [None req-d1f67973-f1cb-4a2d-aa54-7f1b73f6c0aa b8e6a26b75f04ae6a4185dcb3396df4a f49ff67ace364a8da413e8ba67166ad8 - - - -] 10.0.0.116 "PUT /v2.0/networks/d4e1023e-46b4-4beb-8a77-e7e4afc05354/tags/black.or.white HTTP/1.1" status: 201 len: 201 time: 0.0519078
2026-07-21 22:13:15.477 9 INFO neutron.wsgi [req-cdbc8786-1d13-4bba-8b37-637fcd226222 req-08809274-0c45-48c1-88de-bb937beaefc7 b240058b33e640b08ca027793d4a2929 7e304895c205435cba65cc2763387986 - - 5fa42b4933be45809bb7aed0a16706c5 5fa42b4933be45809bb7aed0a16706c5] 199.19.213.130 "GET /v2.0/floatingips?fixed_ip_address=10.100.0.7&port_id=9f6a0062-cffa-4886-8c03-196ac71f24a8 HTTP/1.1" status: 200 len: 1059 time: 0.0506563
2026-07-21 22:13:15.514 9 INFO neutron.wsgi [req-cdbc8786-1d13-4bba-8b37-637fcd226222 req-7793ef4f-1043-4714-b442-fe558b131da0 b240058b33e640b08ca027793d4a2929 7e304895c205435cba65cc2763387986 - - 5fa42b4933be45809bb7aed0a16706c5 5fa42b4933be45809bb7aed0a16706c5] 199.19.213.130 "GET /v2.0/subnets?id=96e60c8c-7ef6-4f7e-ad9d-c9860f734051 HTTP/1.1" status: 200 len: 852 time: 0.0293012
2026-07-21 22:13:15.518 10 INFO neutron.wsgi [None req-5db2f3f0-abac-4a54-9c7b-c0b5e0c6683b b8e6a26b75f04ae6a4185dcb3396df4a f49ff67ace364a8da413e8ba67166ad8 - - default default] 10.0.0.116 "GET /v2.0/networks/d4e1023e-46b4-4beb-8a77-e7e4afc05354/tags HTTP/1.1" status: 200 len: 245 time: 0.0376034
2026-07-21 22:13:15.547 9 INFO neutron.wsgi [req-cdbc8786-1d13-4bba-8b37-637fcd226222 req-dc120511-5dc1-408e-8db9-245acac62e0e b240058b33e640b08ca027793d4a2929 7e304895c205435cba65cc2763387986 - - 5fa42b4933be45809bb7aed0a16706c5 5fa42b4933be45809bb7aed0a16706c5] 199.19.213.130 "GET /v2.0/ports?network_id=87d19e01-5a19-4ebf-8834-22a5b71f13df&device_owner=network%3Adhcp HTTP/1.1" status: 200 len: 210 time: 0.0259049
2026-07-21 22:13:15.580 10 INFO neutron.wsgi [None req-07b5c7a8-c79f-4890-9961-8ee11620d2b8 b8e6a26b75f04ae6a4185dcb3396df4a f49ff67ace364a8da413e8ba67166ad8 - - - -] 10.0.0.116 "PUT /v2.0/networks/d4e1023e-46b4-4beb-8a77-e7e4afc05354/tags HTTP/1.1" status: 200 len: 230 time: 0.0534470
2026-07-21 22:13:15.612 9 INFO neutron.wsgi [req-cdbc8786-1d13-4bba-8b37-637fcd226222 req-8bf1efbf-b630-4b93-b9ab-233eccf577f3 b240058b33e640b08ca027793d4a2929 7e304895c205435cba65cc2763387986 - - 5fa42b4933be45809bb7aed0a16706c5 5fa42b4933be45809bb7aed0a16706c5] 199.19.213.130 "GET /v2.0/networks/87d19e01-5a19-4ebf-8834-22a5b71f13df?fields=segments HTTP/1.1" status: 200 len: 212 time: 0.0569789
2026-07-21 22:13:15.624 10 INFO neutron.wsgi [None req-16adb107-66bf-47e1-95d1-78644268ec34 b8e6a26b75f04ae6a4185dcb3396df4a f49ff67ace364a8da413e8ba67166ad8 - - default default] 10.0.0.116 "GET /v2.0/networks/d4e1023e-46b4-4beb-8a77-e7e4afc05354/tags HTTP/1.1" status: 200 len: 230 time: 0.0371242
2026-07-21 22:13:15.669 10 INFO neutron.wsgi [None req-a04169d6-2747-414d-b7b4-13fa07ce9e83 b8e6a26b75f04ae6a4185dcb3396df4a f49ff67ace364a8da413e8ba67166ad8 - - default default] 10.0.0.116 "GET /v2.0/networks/d4e1023e-46b4-4beb-8a77-e7e4afc05354/tags/red HTTP/1.1" status: 204 len: 168 time: 0.0395691
2026-07-21 22:13:15.672 9 INFO neutron.wsgi [req-cdbc8786-1d13-4bba-8b37-637fcd226222 req-5279bc17-b028-4fd1-becc-a0d63801f2c5 b240058b33e640b08ca027793d4a2929 7e304895c205435cba65cc2763387986 - - 5fa42b4933be45809bb7aed0a16706c5 5fa42b4933be45809bb7aed0a16706c5] 199.19.213.130 "GET /v2.0/networks/87d19e01-5a19-4ebf-8834-22a5b71f13df?fields=provider%3Aphysical_network&fields=provider%3Anetwork_type HTTP/1.1" status: 200 len: 277 time: 0.0521016
2026-07-21 22:13:15.722 9 INFO neutron.api.v2.resource [None req-84b05022-c300-4020-b8c4-0167d2175033 b8e6a26b75f04ae6a4185dcb3396df4a f49ff67ace364a8da413e8ba67166ad8 - - default default] show failed (client error): The resource could not be found.
2026-07-21 22:13:15.724 9 INFO neutron.wsgi [None req-84b05022-c300-4020-b8c4-0167d2175033 b8e6a26b75f04ae6a4185dcb3396df4a f49ff67ace364a8da413e8ba67166ad8 - - default default] 10.0.0.116 "GET /v2.0/networks/d4e1023e-46b4-4beb-8a77-e7e4afc05354/tags/green HTTP/1.1" status: 404 len: 299 time: 0.0463877
2026-07-21 22:13:15.782 10 INFO neutron.wsgi [None req-c0193ffa-fa55-4fff-9ae0-236be5710ebd b8e6a26b75f04ae6a4185dcb3396df4a f49ff67ace364a8da413e8ba67166ad8 - - - -] 10.0.0.116 "DELETE /v2.0/networks/d4e1023e-46b4-4beb-8a77-e7e4afc05354/tags/red HTTP/1.1" status: 204 len: 168 time: 0.0527947
2026-07-21 22:13:15.850 10 INFO neutron.wsgi [None req-02e10b77-9160-4c19-9082-c3af71cb0c31 b8e6a26b75f04ae6a4185dcb3396df4a f49ff67ace364a8da413e8ba67166ad8 - - default default] 10.0.0.116 "GET /v2.0/networks/d4e1023e-46b4-4beb-8a77-e7e4afc05354/tags HTTP/1.1" status: 200 len: 223 time: 0.0630369
2026-07-21 22:13:15.907 9 INFO neutron.api.v2.resource [None req-b9deb185-669f-47ef-9954-b138925a310a b8e6a26b75f04ae6a4185dcb3396df4a f49ff67ace364a8da413e8ba67166ad8 - - - -] delete failed (client error): The resource could not be found.
2026-07-21 22:13:15.909 9 INFO neutron.wsgi [None req-b9deb185-669f-47ef-9954-b138925a310a b8e6a26b75f04ae6a4185dcb3396df4a f49ff67ace364a8da413e8ba67166ad8 - - - -] 10.0.0.116 "DELETE /v2.0/networks/d4e1023e-46b4-4beb-8a77-e7e4afc05354/tags/green HTTP/1.1" status: 404 len: 299 time: 0.0535498
2026-07-21 22:13:15.973 9 INFO neutron.wsgi [None req-3dde508f-6cf9-4160-8d07-92b3c4c80196 b8e6a26b75f04ae6a4185dcb3396df4a f49ff67ace364a8da413e8ba67166ad8 - - - -] 10.0.0.116 "DELETE /v2.0/networks/d4e1023e-46b4-4beb-8a77-e7e4afc05354/tags HTTP/1.1" status: 204 len: 168 time: 0.0605278
2026-07-21 22:13:16.023 9 INFO neutron.wsgi [None req-8cd9b105-a85b-480f-bd52-65cd6fb985dd b8e6a26b75f04ae6a4185dcb3396df4a f49ff67ace364a8da413e8ba67166ad8 - - default default] 10.0.0.116 "GET /v2.0/networks/d4e1023e-46b4-4beb-8a77-e7e4afc05354/tags HTTP/1.1" status: 200 len: 205 time: 0.0439415
2026-07-21 22:13:16.431 9 INFO neutron.services.segments.plugin [-] Segment 8c762d16-8abc-47dc-9790-b295a62fcb12 resource provider aggregate not found
2026-07-21 22:13:16.437 9 INFO neutron.services.segments.plugin [-] Segment 8c762d16-8abc-47dc-9790-b295a62fcb12 resource provider aggregate not found
2026-07-21 22:13:16.462 9 INFO neutron.services.segments.plugin [-] Segment 8c762d16-8abc-47dc-9790-b295a62fcb12 resource provider not found; error: Placement Client Error (4xx): {"errors": [{"status": 404, "title": "Not Found", "detail": "The resource could not be found.\n\n No resource provider with uuid 8c762d16-8abc-47dc-9790-b295a62fcb12 found for delete ", "request_id": "req-37b2456c-8479-40a1-9a10-fb1642e106f0"}]}
2026-07-21 22:13:16.471 9 INFO neutron.services.segments.plugin [-] Segment 8c762d16-8abc-47dc-9790-b295a62fcb12 resource provider not found; error: Placement Client Error (4xx): {"errors": [{"status": 404, "title": "Not Found", "detail": "The resource could not be found.\n\n No resource provider with uuid 8c762d16-8abc-47dc-9790-b295a62fcb12 found for delete ", "request_id": "req-31a3bb1c-8e38-4966-abe9-15a52012dc14"}]}
2026-07-21 22:13:16.491 9 INFO neutron.wsgi [None req-bc605bbc-7a43-4f47-b066-5d2e8b29660e b8e6a26b75f04ae6a4185dcb3396df4a f49ff67ace364a8da413e8ba67166ad8 - - - -] 10.0.0.116 "DELETE /v2.0/networks/d4e1023e-46b4-4beb-8a77-e7e4afc05354 HTTP/1.1" status: 204 len: 168 time: 0.4555933
2026-07-21 22:13:17.239 10 INFO neutron.wsgi [None req-3b7aebb8-41ca-47e1-9464-1e70cea0ab81 a179550bd99a4fd6af3a5e6f28150aeb 9e55c4fc1fa7418d8af6eabbdbfc05de - - - -] 10.0.0.116 "PUT /v2.0/routers/8a9ab702-ef6c-4cc3-a4c5-4c07124a25eb/remove_router_interface HTTP/1.1" status: 200 len: 503 time: 1.5623357 /var/lib/openstack/lib/python3.10/site-packages/pycadf/identifier.py:71: UserWarning: Invalid uuid: neutron. To ensure interoperability, identifiers should be a valid uuid. warnings.warn(('Invalid uuid: %s. To ensure interoperability, '
2026-07-21 22:13:17.383 10 INFO neutron.wsgi [None req-e00bc951-d613-4ba2-a82f-2f5a8067a4dc a179550bd99a4fd6af3a5e6f28150aeb 9e55c4fc1fa7418d8af6eabbdbfc05de - - default default] 10.0.0.116 "GET /v2.0/security-groups?tenant_id=f49ff67ace364a8da413e8ba67166ad8&name=default HTTP/1.1" status: 200 len: 2996 time: 0.1361957
2026-07-21 22:13:17.559 10 INFO neutron.wsgi [None req-f4205f93-7b2f-4f49-b913-92e9db62d834 a179550bd99a4fd6af3a5e6f28150aeb 9e55c4fc1fa7418d8af6eabbdbfc05de - - - -] 10.0.0.116 "DELETE /v2.0/security-groups/367ea5c4-1fb1-477e-bdfe-201a4cf2120f HTTP/1.1" status: 204 len: 168 time: 0.1710706
2026-07-21 22:13:17.739 10 INFO neutron.db.ovn_revision_numbers_db [None req-fe93e59f-8344-4364-8140-00d0c6570976 a179550bd99a4fd6af3a5e6f28150aeb 9e55c4fc1fa7418d8af6eabbdbfc05de - - default default] Successfully bumped revision number for resource c28bb714-01be-407f-9c99-eab89a28b361 (type: security_groups) to 1
2026-07-21 22:13:17.759 10 INFO neutron.wsgi [None req-fe93e59f-8344-4364-8140-00d0c6570976 a179550bd99a4fd6af3a5e6f28150aeb 9e55c4fc1fa7418d8af6eabbdbfc05de - - default default] 10.0.0.116 "GET /v2.0/security-groups?tenant_id=fe448c92a8084886bb00a0ac5e180fa5&name=default HTTP/1.1" status: 200 len: 2996 time: 0.1176782
2026-07-21 22:13:17.836 9 INFO neutron.wsgi [None req-f9f10bda-0dd5-4cea-9570-20dd3bdef765 a179550bd99a4fd6af3a5e6f28150aeb 9e55c4fc1fa7418d8af6eabbdbfc05de - - - -] 10.0.0.116 "DELETE /v2.0/routers/8a9ab702-ef6c-4cc3-a4c5-4c07124a25eb HTTP/1.1" status: 204 len: 168 time: 0.5908968
2026-07-21 22:13:17.965 10 INFO neutron.wsgi [None req-06dd810a-93ac-442f-868c-47825cdd7f6b a179550bd99a4fd6af3a5e6f28150aeb 9e55c4fc1fa7418d8af6eabbdbfc05de - - - -] 10.0.0.116 "DELETE /v2.0/security-groups/c28bb714-01be-407f-9c99-eab89a28b361 HTTP/1.1" status: 204 len: 168 time: 0.2005007
2026-07-21 22:13:18.096 9 INFO neutron.wsgi [None req-7cf94b12-1ccd-4a6c-8e88-80ed487c72a6 a179550bd99a4fd6af3a5e6f28150aeb 9e55c4fc1fa7418d8af6eabbdbfc05de - - - -] 10.0.0.116 "DELETE /v2.0/subnets/e84935a1-bda9-4d5a-95cc-d133ddb74159 HTTP/1.1" status: 204 len: 168 time: 0.2554450
2026-07-21 22:13:18.482 9 INFO neutron.wsgi [None req-70023cda-f1ce-4724-a9c8-4dbfc01906df a179550bd99a4fd6af3a5e6f28150aeb 9e55c4fc1fa7418d8af6eabbdbfc05de - - - -] 10.0.0.116 "DELETE /v2.0/networks/fc33705f-a7a2-4ada-af07-4715c173dc8b HTTP/1.1" status: 204 len: 168 time: 0.3813820
2026-07-21 22:13:18.485 9 INFO neutron.services.segments.plugin [-] Segment bc74168e-ffae-4eee-a24d-b3516fbbf352 resource provider aggregate not found
2026-07-21 22:13:18.494 9 INFO neutron.services.segments.plugin [-] Segment bc74168e-ffae-4eee-a24d-b3516fbbf352 resource provider aggregate not found
2026-07-21 22:13:18.510 9 INFO neutron.services.segments.plugin [-] Segment bc74168e-ffae-4eee-a24d-b3516fbbf352 resource provider not found; error: Placement Client Error (4xx): {"errors": [{"status": 404, "title": "Not Found", "detail": "The resource could not be found.\n\n No resource provider with uuid bc74168e-ffae-4eee-a24d-b3516fbbf352 found for delete ", "request_id": "req-0171c60a-00c5-4229-96f5-eb4b1855e989"}]}
2026-07-21 22:13:18.511 9 INFO neutron.services.segments.plugin [-] Segment bc74168e-ffae-4eee-a24d-b3516fbbf352 resource provider not found; error: Placement Client Error (4xx): {"errors": [{"status": 404, "title": "Not Found", "detail": "The resource could not be found.\n\n No resource provider with uuid bc74168e-ffae-4eee-a24d-b3516fbbf352 found for delete ", "request_id": "req-ce2ac647-662e-4135-ba23-7a3fe44c8223"}]}
2026-07-21 22:13:18.621 10 INFO neutron.wsgi [None req-8c0e2f6c-869b-4268-a259-6db1f59c1306 a179550bd99a4fd6af3a5e6f28150aeb 9e55c4fc1fa7418d8af6eabbdbfc05de - - default default] 10.0.0.116 "GET /v2.0/security-groups?tenant_id=efb1ec9adb7e445b88b12409f502bfc3&name=default HTTP/1.1" status: 200 len: 2996 time: 0.0331233
2026-07-21 22:13:18.798 10 INFO neutron.wsgi [None req-7aa6ccec-e9ea-4ffa-a8f0-105e70222ac8 a179550bd99a4fd6af3a5e6f28150aeb 9e55c4fc1fa7418d8af6eabbdbfc05de - - - -] 10.0.0.116 "DELETE /v2.0/security-groups/d889de7e-049b-490b-b8ac-dd333f66c969 HTTP/1.1" status: 204 len: 168 time: 0.1718035
2026-07-21 22:13:21.609 9 INFO neutron.db.ovn_revision_numbers_db [None req-5f574f14-7cc8-4344-ab13-9d948f05a75b d7a4c68445e548efa5a0bb5bda135e3c 04401182cf5b4b5e80edc8bb73fa2b89 - - - -] Successfully bumped revision number for resource 28f58bb0-298b-465a-826f-bce5b44f61e2 (type: security_groups) to 1
2026-07-21 22:13:21.661 9 INFO neutron.db.segments_db [None req-5f574f14-7cc8-4344-ab13-9d948f05a75b d7a4c68445e548efa5a0bb5bda135e3c 04401182cf5b4b5e80edc8bb73fa2b89 - - - -] Added segment 99557ea0-84ba-4f1c-b581-4ea0ccd2e5fb of type geneve for network 71bb39f2-d9a2-49d4-9868-3cddea90ac81
2026-07-21 22:13:21.803 9 INFO neutron.db.ovn_revision_numbers_db [None req-5f574f14-7cc8-4344-ab13-9d948f05a75b d7a4c68445e548efa5a0bb5bda135e3c 04401182cf5b4b5e80edc8bb73fa2b89 - - - -] Successfully bumped revision number for resource 71bb39f2-d9a2-49d4-9868-3cddea90ac81 (type: networks) to 1
2026-07-21 22:13:21.998 9 WARNING neutron.scheduler.dhcp_agent_scheduler [None req-5f574f14-7cc8-4344-ab13-9d948f05a75b d7a4c68445e548efa5a0bb5bda135e3c 04401182cf5b4b5e80edc8bb73fa2b89 - - - -] No more DHCP agents
2026-07-21 22:13:22.000 9 WARNING neutron.api.rpc.agentnotifiers.dhcp_rpc_agent_api [None req-5f574f14-7cc8-4344-ab13-9d948f05a75b d7a4c68445e548efa5a0bb5bda135e3c 04401182cf5b4b5e80edc8bb73fa2b89 - - - -] Unable to schedule network 71bb39f2-d9a2-49d4-9868-3cddea90ac81: no agents available; will retry on subsequent port and subnet creation events.
2026-07-21 22:13:22.074 9 INFO neutron.db.ovn_revision_numbers_db [None req-5f574f14-7cc8-4344-ab13-9d948f05a75b d7a4c68445e548efa5a0bb5bda135e3c 04401182cf5b4b5e80edc8bb73fa2b89 - - - -] Successfully bumped revision number for resource c47b2e41-2413-46e0-821b-f5eec1a5b44c (type: ports) to 1
2026-07-21 22:13:22.092 9 INFO neutron.wsgi [None req-5f574f14-7cc8-4344-ab13-9d948f05a75b d7a4c68445e548efa5a0bb5bda135e3c 04401182cf5b4b5e80edc8bb73fa2b89 - - - -] 10.0.0.116 "POST /v2.0/networks HTTP/1.1" status: 201 len: 830 time: 0.7670448
2026-07-21 22:13:22.331 9 WARNING neutron.scheduler.dhcp_agent_scheduler [None req-3123b5bc-609b-44fc-ba07-27870f386f5b d7a4c68445e548efa5a0bb5bda135e3c 04401182cf5b4b5e80edc8bb73fa2b89 - - - -] No more DHCP agents
2026-07-21 22:13:22.333 9 WARNING neutron.api.rpc.agentnotifiers.dhcp_rpc_agent_api [None req-3123b5bc-609b-44fc-ba07-27870f386f5b d7a4c68445e548efa5a0bb5bda135e3c 04401182cf5b4b5e80edc8bb73fa2b89 - - - -] Unable to schedule network 71bb39f2-d9a2-49d4-9868-3cddea90ac81: no agents available; will retry on subsequent port and subnet creation events.
2026-07-21 22:13:22.396 9 INFO neutron.db.ovn_revision_numbers_db [None req-3123b5bc-609b-44fc-ba07-27870f386f5b d7a4c68445e548efa5a0bb5bda135e3c 04401182cf5b4b5e80edc8bb73fa2b89 - - - -] Successfully bumped revision number for resource 22c5a779-2a83-4695-a3a6-8684448712f8 (type: ports) to 1
2026-07-21 22:13:22.423 9 INFO neutron.wsgi [None req-3123b5bc-609b-44fc-ba07-27870f386f5b d7a4c68445e548efa5a0bb5bda135e3c 04401182cf5b4b5e80edc8bb73fa2b89 - - - -] 10.0.0.116 "POST /v2.0/ports HTTP/1.1" status: 201 len: 942 time: 0.3248677 /var/lib/openstack/lib/python3.10/site-packages/pycadf/identifier.py:71: UserWarning: Invalid uuid: neutron. To ensure interoperability, identifiers should be a valid uuid. warnings.warn(('Invalid uuid: %s. To ensure interoperability, '
2026-07-21 22:13:22.956 9 INFO neutron.wsgi [None req-8bfd1dae-f59c-4b45-97d7-981a79cf3349 d7a4c68445e548efa5a0bb5bda135e3c 04401182cf5b4b5e80edc8bb73fa2b89 - - - -] 10.0.0.116 "PUT /v2.0/ports/22c5a779-2a83-4695-a3a6-8684448712f8/tags HTTP/1.1" status: 200 len: 218 time: 0.5247760
2026-07-21 22:13:23.002 9 INFO neutron.wsgi [None req-89195198-4114-4aa2-b868-8834ac9aeb1a d7a4c68445e548efa5a0bb5bda135e3c 04401182cf5b4b5e80edc8bb73fa2b89 - - default default] 10.0.0.116 "GET /v2.0/ports/22c5a779-2a83-4695-a3a6-8684448712f8/tags HTTP/1.1" status: 200 len: 218 time: 0.0400703
2026-07-21 22:13:23.059 9 INFO neutron.wsgi [None req-390dcaaa-abb2-400c-a2c8-512e57a2824f d7a4c68445e548efa5a0bb5bda135e3c 04401182cf5b4b5e80edc8bb73fa2b89 - - - -] 10.0.0.116 "PUT /v2.0/ports/22c5a779-2a83-4695-a3a6-8684448712f8/tags/green HTTP/1.1" status: 201 len: 201 time: 0.0517430
2026-07-21 22:13:23.093 9 INFO neutron.wsgi [None req-423f05e9-63de-42d4-bfb2-48d11854ba1f d7a4c68445e548efa5a0bb5bda135e3c 04401182cf5b4b5e80edc8bb73fa2b89 - - default default] 10.0.0.116 "GET /v2.0/ports/22c5a779-2a83-4695-a3a6-8684448712f8/tags HTTP/1.1" status: 200 len: 227 time: 0.0298338
2026-07-21 22:13:23.136 9 INFO neutron.wsgi [None req-3f204986-bafc-45aa-8954-3ff86b7d6c31 d7a4c68445e548efa5a0bb5bda135e3c 04401182cf5b4b5e80edc8bb73fa2b89 - - - -] 10.0.0.116 "PUT /v2.0/ports/22c5a779-2a83-4695-a3a6-8684448712f8/tags/red HTTP/1.1" status: 201 len: 201 time: 0.0382133
2026-07-21 22:13:23.180 10 INFO neutron.wsgi [None req-7dab9899-caf8-4ce3-990e-ed6e5a9a0743 d7a4c68445e548efa5a0bb5bda135e3c 04401182cf5b4b5e80edc8bb73fa2b89 - - default default] 10.0.0.116 "GET /v2.0/ports/22c5a779-2a83-4695-a3a6-8684448712f8/tags HTTP/1.1" status: 200 len: 227 time: 0.0383072
2026-07-21 22:13:23.231 10 INFO neutron.wsgi [None req-3867eba5-dc7f-4eac-aea5-fa28e3556d88 d7a4c68445e548efa5a0bb5bda135e3c 04401182cf5b4b5e80edc8bb73fa2b89 - - - -] 10.0.0.116 "PUT /v2.0/ports/22c5a779-2a83-4695-a3a6-8684448712f8/tags/black.or.white HTTP/1.1" status: 201 len: 201 time: 0.0446651
2026-07-21 22:13:23.262 10 INFO neutron.wsgi [None req-1f956137-72b0-4325-a9cb-2fc43867b625 d7a4c68445e548efa5a0bb5bda135e3c 04401182cf5b4b5e80edc8bb73fa2b89 - - default default] 10.0.0.116 "GET /v2.0/ports/22c5a779-2a83-4695-a3a6-8684448712f8/tags HTTP/1.1" status: 200 len: 245 time: 0.0282340
2026-07-21 22:13:23.312 10 INFO neutron.wsgi [None req-cce284ab-bafb-43dd-b10c-fb41449bf39c d7a4c68445e548efa5a0bb5bda135e3c 04401182cf5b4b5e80edc8bb73fa2b89 - - - -] 10.0.0.116 "PUT /v2.0/ports/22c5a779-2a83-4695-a3a6-8684448712f8/tags HTTP/1.1" status: 200 len: 230 time: 0.0455005
2026-07-21 22:13:23.345 10 INFO neutron.wsgi [None req-f992edf8-a2ab-42eb-b9e3-1540f40c63b9 d7a4c68445e548efa5a0bb5bda135e3c 04401182cf5b4b5e80edc8bb73fa2b89 - - default default] 10.0.0.116 "GET /v2.0/ports/22c5a779-2a83-4695-a3a6-8684448712f8/tags HTTP/1.1" status: 200 len: 230 time: 0.0278130
2026-07-21 22:13:23.393 10 INFO neutron.wsgi [None req-b1aabc92-a064-4585-af66-0e6395e8b794 d7a4c68445e548efa5a0bb5bda135e3c 04401182cf5b4b5e80edc8bb73fa2b89 - - default default] 10.0.0.116 "GET /v2.0/ports/22c5a779-2a83-4695-a3a6-8684448712f8/tags/red HTTP/1.1" status: 204 len: 168 time: 0.0427573
2026-07-21 22:13:23.423 10 INFO neutron.api.v2.resource [None req-d0e42a1a-bca0-4a21-ae6b-3c89629e6a6e d7a4c68445e548efa5a0bb5bda135e3c 04401182cf5b4b5e80edc8bb73fa2b89 - - default default] show failed (client error): The resource could not be found.
2026-07-21 22:13:23.425 10 INFO neutron.wsgi [None req-d0e42a1a-bca0-4a21-ae6b-3c89629e6a6e d7a4c68445e548efa5a0bb5bda135e3c 04401182cf5b4b5e80edc8bb73fa2b89 - - default default] 10.0.0.116 "GET /v2.0/ports/22c5a779-2a83-4695-a3a6-8684448712f8/tags/green HTTP/1.1" status: 404 len: 299 time: 0.0263484
2026-07-21 22:13:23.473 9 INFO neutron.wsgi [None req-e4e346c6-eaa2-49f7-b25a-7e06c3e284dd d7a4c68445e548efa5a0bb5bda135e3c 04401182cf5b4b5e80edc8bb73fa2b89 - - - -] 10.0.0.116 "DELETE /v2.0/ports/22c5a779-2a83-4695-a3a6-8684448712f8/tags/red HTTP/1.1" status: 204 len: 168 time: 0.0423028
2026-07-21 22:13:23.511 9 INFO neutron.wsgi [None req-d05663d5-51b5-4309-ab17-805bf7215fd4 d7a4c68445e548efa5a0bb5bda135e3c 04401182cf5b4b5e80edc8bb73fa2b89 - - default default] 10.0.0.116 "GET /v2.0/ports/22c5a779-2a83-4695-a3a6-8684448712f8/tags HTTP/1.1" status: 200 len: 223 time: 0.0316246
2026-07-21 22:13:23.548 9 INFO neutron.api.v2.resource [None req-f2275fc3-eed6-4775-a8cd-c45fdf59f804 d7a4c68445e548efa5a0bb5bda135e3c 04401182cf5b4b5e80edc8bb73fa2b89 - - - -] delete failed (client error): The resource could not be found.
2026-07-21 22:13:23.549 9 INFO neutron.wsgi [None req-f2275fc3-eed6-4775-a8cd-c45fdf59f804 d7a4c68445e548efa5a0bb5bda135e3c 04401182cf5b4b5e80edc8bb73fa2b89 - - - -] 10.0.0.116 "DELETE /v2.0/ports/22c5a779-2a83-4695-a3a6-8684448712f8/tags/green HTTP/1.1" status: 404 len: 299 time: 0.0334077
2026-07-21 22:13:23.601 9 INFO neutron.wsgi [None req-06845cab-1fea-4b76-8738-490946bc4258 d7a4c68445e548efa5a0bb5bda135e3c 04401182cf5b4b5e80edc8bb73fa2b89 - - - -] 10.0.0.116 "DELETE /v2.0/ports/22c5a779-2a83-4695-a3a6-8684448712f8/tags HTTP/1.1" status: 204 len: 168 time: 0.0469923
2026-07-21 22:13:23.635 9 INFO neutron.wsgi [None req-eb0601cc-5e45-4f79-81ac-fc9084835f5b d7a4c68445e548efa5a0bb5bda135e3c 04401182cf5b4b5e80edc8bb73fa2b89 - - default default] 10.0.0.116 "GET /v2.0/ports/22c5a779-2a83-4695-a3a6-8684448712f8/tags HTTP/1.1" status: 200 len: 205 time: 0.0304859
2026-07-21 22:13:23.913 9 INFO neutron.wsgi [None req-36b2bd2a-80c9-4822-ad78-d9c1b1561480 d7a4c68445e548efa5a0bb5bda135e3c 04401182cf5b4b5e80edc8bb73fa2b89 - - - -] 10.0.0.116 "DELETE /v2.0/ports/22c5a779-2a83-4695-a3a6-8684448712f8 HTTP/1.1" status: 204 len: 168 time: 0.2724741
2026-07-21 22:13:24.327 9 INFO neutron.services.segments.plugin [-] Segment 99557ea0-84ba-4f1c-b581-4ea0ccd2e5fb resource provider aggregate not found
2026-07-21 22:13:24.332 9 INFO neutron.services.segments.plugin [-] Segment 99557ea0-84ba-4f1c-b581-4ea0ccd2e5fb resource provider aggregate not found
2026-07-21 22:13:24.347 9 INFO neutron.services.segments.plugin [-] Segment 99557ea0-84ba-4f1c-b581-4ea0ccd2e5fb resource provider not found; error: Placement Client Error (4xx): {"errors": [{"status": 404, "title": "Not Found", "detail": "The resource could not be found.\n\n No resource provider with uuid 99557ea0-84ba-4f1c-b581-4ea0ccd2e5fb found for delete ", "request_id": "req-d407136c-e40a-4f91-88d0-82e7dd3df920"}]}
2026-07-21 22:13:24.353 9 INFO neutron.services.segments.plugin [-] Segment 99557ea0-84ba-4f1c-b581-4ea0ccd2e5fb resource provider not found; error: Placement Client Error (4xx): {"errors": [{"status": 404, "title": "Not Found", "detail": "The resource could not be found.\n\n No resource provider with uuid 99557ea0-84ba-4f1c-b581-4ea0ccd2e5fb found for delete ", "request_id": "req-e96a1efa-0620-4531-84aa-87852c14527a"}]}
2026-07-21 22:13:24.364 9 INFO neutron.wsgi [None req-43bf47aa-235d-46bb-94ee-a67c820ae1ae d7a4c68445e548efa5a0bb5bda135e3c 04401182cf5b4b5e80edc8bb73fa2b89 - - - -] 10.0.0.116 "DELETE /v2.0/networks/71bb39f2-d9a2-49d4-9868-3cddea90ac81 HTTP/1.1" status: 204 len: 168 time: 0.4461794
2026-07-21 22:13:24.530 10 INFO neutron.db.ovn_revision_numbers_db [None req-68276c83-324d-461d-ae39-3d9a12b77bd0 a179550bd99a4fd6af3a5e6f28150aeb 9e55c4fc1fa7418d8af6eabbdbfc05de - - default default] Successfully bumped revision number for resource fd0297af-1acd-4b09-b6d3-41932bdbd531 (type: security_groups) to 1
2026-07-21 22:13:24.555 10 INFO neutron.wsgi [None req-68276c83-324d-461d-ae39-3d9a12b77bd0 a179550bd99a4fd6af3a5e6f28150aeb 9e55c4fc1fa7418d8af6eabbdbfc05de - - default default] 10.0.0.116 "GET /v2.0/security-groups?tenant_id=06c7ba9837414491818b6ba608f2fe07&name=default HTTP/1.1" status: 200 len: 2996 time: 0.3066676
2026-07-21 22:13:24.744 10 INFO neutron.wsgi [None req-21c96e00-dd07-41d1-bbfd-32048ec1726c a179550bd99a4fd6af3a5e6f28150aeb 9e55c4fc1fa7418d8af6eabbdbfc05de - - - -] 10.0.0.116 "DELETE /v2.0/security-groups/fd0297af-1acd-4b09-b6d3-41932bdbd531 HTTP/1.1" status: 204 len: 168 time: 0.1824310
2026-07-21 22:13:24.991 9 INFO neutron.db.ovn_revision_numbers_db [None req-c6e47799-20c6-40cb-aeae-7cd1ca44470e a179550bd99a4fd6af3a5e6f28150aeb 9e55c4fc1fa7418d8af6eabbdbfc05de - - default default] Successfully bumped revision number for resource 28996855-2700-4c67-8364-40ea4de11e87 (type: security_groups) to 1
2026-07-21 22:13:25.012 9 INFO neutron.wsgi [None req-c6e47799-20c6-40cb-aeae-7cd1ca44470e a179550bd99a4fd6af3a5e6f28150aeb 9e55c4fc1fa7418d8af6eabbdbfc05de - - default default] 10.0.0.116 "GET /v2.0/security-groups?tenant_id=ba31f4d4013f4c43aaa714ef121b7c8c&name=default HTTP/1.1" status: 200 len: 2996 time: 0.1267984
2026-07-21 22:13:25.145 10 INFO neutron.wsgi [None req-3873d1b2-5d1b-4960-af55-a003d17f33e4 a179550bd99a4fd6af3a5e6f28150aeb 9e55c4fc1fa7418d8af6eabbdbfc05de - - default default] 10.0.0.116 "GET /v2.0/security-groups?tenant_id=04401182cf5b4b5e80edc8bb73fa2b89&name=default HTTP/1.1" status: 200 len: 2996 time: 0.1575432
2026-07-21 22:13:25.214 10 INFO neutron.wsgi [None req-3208db86-288c-46ba-a4c0-5249fdea6682 a179550bd99a4fd6af3a5e6f28150aeb 9e55c4fc1fa7418d8af6eabbdbfc05de - - - -] 10.0.0.116 "DELETE /v2.0/security-groups/28996855-2700-4c67-8364-40ea4de11e87 HTTP/1.1" status: 204 len: 168 time: 0.1964269
2026-07-21 22:13:25.262 9 INFO neutron.wsgi [req-6f74a342-97d6-48e6-b81a-65138b885ff7 req-d062c943-fd77-4266-b9ad-4b181803e8cc b240058b33e640b08ca027793d4a2929 7e304895c205435cba65cc2763387986 - - 5fa42b4933be45809bb7aed0a16706c5 5fa42b4933be45809bb7aed0a16706c5] 10.0.0.232 "GET /v2.0/ports?device_id=7ee49aff-8b1a-4b50-b15a-2de15b5b2ed1 HTTP/1.1" status: 200 len: 1361 time: 0.0332463
2026-07-21 22:13:25.297 9 INFO neutron.wsgi [req-6f74a342-97d6-48e6-b81a-65138b885ff7 req-06215387-d9d4-41ef-bfa4-345311c0098b b240058b33e640b08ca027793d4a2929 7e304895c205435cba65cc2763387986 - - 5fa42b4933be45809bb7aed0a16706c5 5fa42b4933be45809bb7aed0a16706c5] 10.0.0.232 "GET /v2.0/security-groups?id=829e70a8-9de0-4134-87fa-984c90e56372&fields=id&fields=name HTTP/1.1" status: 200 len: 312 time: 0.0252628
2026-07-21 22:13:25.335 10 INFO neutron.wsgi [None req-2d76341d-00d2-46f0-bd48-64dc18bd0a58 a179550bd99a4fd6af3a5e6f28150aeb 9e55c4fc1fa7418d8af6eabbdbfc05de - - - -] 10.0.0.116 "DELETE /v2.0/security-groups/28f58bb0-298b-465a-826f-bce5b44f61e2 HTTP/1.1" status: 204 len: 168 time: 0.1849682
2026-07-21 22:13:25.546 10 INFO neutron.wsgi [-] 10.0.0.133 "GET / HTTP/1.1" status: 200 len: 246 time: 0.0034423
2026-07-21 22:13:25.549 9 INFO neutron.wsgi [-] 10.0.0.133 "GET / HTTP/1.1" status: 200 len: 246 time: 0.0031450
2026-07-21 22:13:25.602 9 INFO neutron.db.ovn_revision_numbers_db [None req-6f130eca-21e5-4f06-9f01-759e881cf56c a179550bd99a4fd6af3a5e6f28150aeb 9e55c4fc1fa7418d8af6eabbdbfc05de - - default default] Successfully bumped revision number for resource cb505f13-1a46-4e72-a07e-1f016065e04d (type: security_groups) to 1
2026-07-21 22:13:25.627 9 INFO neutron.wsgi [None req-6f130eca-21e5-4f06-9f01-759e881cf56c a179550bd99a4fd6af3a5e6f28150aeb 9e55c4fc1fa7418d8af6eabbdbfc05de - - default default] 10.0.0.116 "GET /v2.0/security-groups?tenant_id=0f838d4220594e22bfc5532e90f10271&name=default HTTP/1.1" status: 200 len: 2996 time: 0.1387579
2026-07-21 22:13:25.865 10 INFO neutron.wsgi [None req-de1c1646-b9bb-4750-b861-cc052d4bb7ba a179550bd99a4fd6af3a5e6f28150aeb 9e55c4fc1fa7418d8af6eabbdbfc05de - - - -] 10.0.0.116 "DELETE /v2.0/security-groups/cb505f13-1a46-4e72-a07e-1f016065e04d HTTP/1.1" status: 204 len: 168 time: 0.2333672
2026-07-21 22:13:27.713 9 INFO neutron.plugins.ml2.drivers.ovn.mech_driver.mech_driver [None req-4cf41096-bd17-4445-8bb0-dfb4722b3ce6 - - - - - -] OVN reports status down for port: 9f6a0062-cffa-4886-8c03-196ac71f24a8
2026-07-21 22:13:27.753 10 INFO neutron.wsgi [req-702d8c88-3e5d-44db-afde-1618fc593037 req-8fd07207-4c1a-49a9-a2e3-2adc61d0073b fae84ff3382a454a972b9dab63fccdc2 9a530b36155a4a78bd24fc613c1c1ac2 - - default default] 10.0.0.62 "GET /v2.0/ports?device_id=7ee49aff-8b1a-4b50-b15a-2de15b5b2ed1 HTTP/1.1" status: 200 len: 1170 time: 0.1052263
2026-07-21 22:13:27.794 10 INFO neutron.wsgi [req-702d8c88-3e5d-44db-afde-1618fc593037 req-1bc77601-6e5a-4c3d-89fd-86229adfaae0 fae84ff3382a454a972b9dab63fccdc2 9a530b36155a4a78bd24fc613c1c1ac2 - - default default] 10.0.0.62 "GET /v2.0/security-groups?id=829e70a8-9de0-4134-87fa-984c90e56372&fields=id&fields=name HTTP/1.1" status: 200 len: 312 time: 0.0357456
2026-07-21 22:13:27.851 9 INFO neutron.notifiers.nova [-] Nova event matching ['req-4dfa1a9c-2454-47bd-b631-8d638a77ad36'] response: {'server_uuid': '7ee49aff-8b1a-4b50-b15a-2de15b5b2ed1', 'name': 'network-vif-unplugged', 'status': 'completed', 'tag': '9f6a0062-cffa-4886-8c03-196ac71f24a8', 'code': 200}
2026-07-21 22:13:27.919 9 INFO neutron.db.ovn_revision_numbers_db [None req-a19d29bc-f74b-4692-b9d9-a86389cb7fd6 a179550bd99a4fd6af3a5e6f28150aeb 9e55c4fc1fa7418d8af6eabbdbfc05de - - default default] Successfully bumped revision number for resource 8dc85618-a028-4141-9f00-f1edda055830 (type: security_groups) to 1
2026-07-21 22:13:27.946 9 INFO neutron.wsgi [None req-a19d29bc-f74b-4692-b9d9-a86389cb7fd6 a179550bd99a4fd6af3a5e6f28150aeb 9e55c4fc1fa7418d8af6eabbdbfc05de - - default default] 10.0.0.116 "GET /v2.0/security-groups?tenant_id=2eced74a53c34b93b1938d2644a236a8&name=default HTTP/1.1" status: 200 len: 2996 time: 0.3469493
2026-07-21 22:13:28.063 9 INFO neutron.wsgi [req-c4042bfe-c8bb-4f6a-9426-b3afaff190a1 req-2f512d81-055b-4cb6-8582-75c8251c53c9 fae84ff3382a454a972b9dab63fccdc2 9a530b36155a4a78bd24fc613c1c1ac2 - - default default] 199.19.213.130 "GET /v2.0/ports?device_id=7ee49aff-8b1a-4b50-b15a-2de15b5b2ed1 HTTP/1.1" status: 200 len: 1168 time: 0.1072114
2026-07-21 22:13:28.067 9 INFO neutron.db.ovn_revision_numbers_db [None req-4cf41096-bd17-4445-8bb0-dfb4722b3ce6 - - - - - -] Successfully bumped revision number for resource 9f6a0062-cffa-4886-8c03-196ac71f24a8 (type: ports) to 5
2026-07-21 22:13:28.191 10 INFO neutron.wsgi [None req-ded6b3a1-22d0-4f64-ac17-2b29b0619b35 a179550bd99a4fd6af3a5e6f28150aeb 9e55c4fc1fa7418d8af6eabbdbfc05de - - - -] 10.0.0.116 "DELETE /v2.0/security-groups/8dc85618-a028-4141-9f00-f1edda055830 HTTP/1.1" status: 204 len: 168 time: 0.2392094
2026-07-21 22:13:28.414 9 INFO neutron.db.l3_db [None req-e86cc675-8506-406e-ab6c-f343155e98b5 fae84ff3382a454a972b9dab63fccdc2 9a530b36155a4a78bd24fc613c1c1ac2 - - - -] Floating IP 5d06a0bf-8631-4f26-ab1e-31e075d1c1b9 disassociated. External IP: 10.96.250.208, port: 9f6a0062-cffa-4886-8c03-196ac71f24a8.
2026-07-21 22:13:28.602 9 INFO neutron.wsgi [None req-e86cc675-8506-406e-ab6c-f343155e98b5 fae84ff3382a454a972b9dab63fccdc2 9a530b36155a4a78bd24fc613c1c1ac2 - - - -] 199.19.213.130 "DELETE /v2.0/ports/9f6a0062-cffa-4886-8c03-196ac71f24a8 HTTP/1.1" status: 204 len: 173 time: 0.5360391 /var/lib/openstack/lib/python3.10/site-packages/pycadf/identifier.py:71: UserWarning: Invalid uuid: neutron. To ensure interoperability, identifiers should be a valid uuid. warnings.warn(('Invalid uuid: %s. To ensure interoperability, '
2026-07-21 22:13:28.937 10 INFO neutron.wsgi [req-d1daf9c1-3be9-41f5-a7d9-d8441a23829c req-ff7c35ff-f565-4996-b03b-997c3e5750d5 fae84ff3382a454a972b9dab63fccdc2 9a530b36155a4a78bd24fc613c1c1ac2 - - default default] 10.0.0.62 "GET /v2.0/ports?device_id=7ee49aff-8b1a-4b50-b15a-2de15b5b2ed1 HTTP/1.1" status: 200 len: 210 time: 0.0313475 /var/lib/openstack/lib/python3.10/site-packages/pycadf/identifier.py:71: UserWarning: Invalid uuid: neutron. To ensure interoperability, identifiers should be a valid uuid. warnings.warn(('Invalid uuid: %s. To ensure interoperability, '
2026-07-21 22:13:29.379 9 INFO neutron.db.ovn_revision_numbers_db [None req-89bcc13a-5d24-4da1-83e1-a5585a1cd63d afacb2487db944d481f76359cd73a9ab 96ef4d856b6b44f2b80593ebaf8969fd - - - -] Successfully bumped revision number for resource e040c1e9-1ea4-4b8c-9027-8ab070f365bb (type: security_groups) to 1
2026-07-21 22:13:29.430 9 INFO neutron.db.segments_db [None req-89bcc13a-5d24-4da1-83e1-a5585a1cd63d afacb2487db944d481f76359cd73a9ab 96ef4d856b6b44f2b80593ebaf8969fd - - - -] Added segment fdd925b7-6078-4d43-86ce-689a2ef1d836 of type geneve for network 0543487f-9a38-4482-9310-55824a64d980
2026-07-21 22:13:29.545 9 INFO neutron.db.ovn_revision_numbers_db [None req-89bcc13a-5d24-4da1-83e1-a5585a1cd63d afacb2487db944d481f76359cd73a9ab 96ef4d856b6b44f2b80593ebaf8969fd - - - -] Successfully bumped revision number for resource 0543487f-9a38-4482-9310-55824a64d980 (type: networks) to 1
2026-07-21 22:13:29.736 9 WARNING neutron.scheduler.dhcp_agent_scheduler [None req-89bcc13a-5d24-4da1-83e1-a5585a1cd63d afacb2487db944d481f76359cd73a9ab 96ef4d856b6b44f2b80593ebaf8969fd - - - -] No more DHCP agents
2026-07-21 22:13:29.738 9 WARNING neutron.api.rpc.agentnotifiers.dhcp_rpc_agent_api [None req-89bcc13a-5d24-4da1-83e1-a5585a1cd63d afacb2487db944d481f76359cd73a9ab 96ef4d856b6b44f2b80593ebaf8969fd - - - -] Unable to schedule network 0543487f-9a38-4482-9310-55824a64d980: no agents available; will retry on subsequent port and subnet creation events.
2026-07-21 22:13:29.799 9 INFO neutron.db.ovn_revision_numbers_db [None req-89bcc13a-5d24-4da1-83e1-a5585a1cd63d afacb2487db944d481f76359cd73a9ab 96ef4d856b6b44f2b80593ebaf8969fd - - - -] Successfully bumped revision number for resource a0c1e04e-7ed0-4977-84e8-1b5329fb2927 (type: ports) to 1
2026-07-21 22:13:29.828 9 INFO neutron.wsgi [None req-89bcc13a-5d24-4da1-83e1-a5585a1cd63d afacb2487db944d481f76359cd73a9ab 96ef4d856b6b44f2b80593ebaf8969fd - - - -] 10.0.0.116 "POST /v2.0/networks HTTP/1.1" status: 201 len: 830 time: 0.7123754
2026-07-21 22:13:29.911 9 INFO neutron.notifiers.nova [-] Nova event matching ['req-ed0f2a76-36f7-4552-9a19-b22ed5e2cc9e'] response: {'server_uuid': '7ee49aff-8b1a-4b50-b15a-2de15b5b2ed1', 'name': 'network-vif-plugged', 'status': 'completed', 'tag': '9f6a0062-cffa-4886-8c03-196ac71f24a8', 'code': 200}
2026-07-21 22:13:29.911 9 INFO neutron.notifiers.nova [-] Nova event matching ['req-ed0f2a76-36f7-4552-9a19-b22ed5e2cc9e'] response: {'server_uuid': '7ee49aff-8b1a-4b50-b15a-2de15b5b2ed1', 'name': 'network-vif-deleted', 'tag': '9f6a0062-cffa-4886-8c03-196ac71f24a8', 'status': 'completed', 'code': 200}
2026-07-21 22:13:30.129 9 INFO neutron.db.ovn_revision_numbers_db [None req-162f6c43-7fd0-40fb-b90e-b50db5665926 073d6ed29a284a6ea2e961d98657bbbc 5c7b5a53de064db69ae884473ef0b7dc - - - -] Successfully bumped revision number for resource c0038d93-9f91-4ec3-8f68-c6f778960245 (type: security_groups) to 1
2026-07-21 22:13:30.142 10 INFO neutron.wsgi [None req-a6a5bcee-2148-4965-89d2-61f3a4541dde fae84ff3382a454a972b9dab63fccdc2 9a530b36155a4a78bd24fc613c1c1ac2 - - - -] 10.0.0.116 "DELETE /v2.0/security-groups/829e70a8-9de0-4134-87fa-984c90e56372 HTTP/1.1" status: 204 len: 168 time: 0.1464663
2026-07-21 22:13:30.167 9 WARNING neutron.scheduler.dhcp_agent_scheduler [None req-2fc78eed-e8eb-4028-a34f-7b03d03f0417 afacb2487db944d481f76359cd73a9ab 96ef4d856b6b44f2b80593ebaf8969fd - - - -] No more DHCP agents
2026-07-21 22:13:30.169 9 WARNING neutron.api.rpc.agentnotifiers.dhcp_rpc_agent_api [None req-2fc78eed-e8eb-4028-a34f-7b03d03f0417 afacb2487db944d481f76359cd73a9ab 96ef4d856b6b44f2b80593ebaf8969fd - - - -] Unable to schedule network 0543487f-9a38-4482-9310-55824a64d980: no agents available; will retry on subsequent port and subnet creation events.
2026-07-21 22:13:30.203 9 INFO neutron.db.segments_db [None req-162f6c43-7fd0-40fb-b90e-b50db5665926 073d6ed29a284a6ea2e961d98657bbbc 5c7b5a53de064db69ae884473ef0b7dc - - - -] Added segment aa7307d7-99d2-4810-a832-3c539745add0 of type geneve for network cc6e87c1-5120-476a-a907-205b6f7c7918
2026-07-21 22:13:30.383 9 INFO neutron.db.ovn_revision_numbers_db [None req-162f6c43-7fd0-40fb-b90e-b50db5665926 073d6ed29a284a6ea2e961d98657bbbc 5c7b5a53de064db69ae884473ef0b7dc - - - -] Successfully bumped revision number for resource cc6e87c1-5120-476a-a907-205b6f7c7918 (type: networks) to 1
2026-07-21 22:13:30.492 10 INFO neutron.wsgi [None req-a98e294b-abef-496d-b6ec-489ad7008b93 fae84ff3382a454a972b9dab63fccdc2 9a530b36155a4a78bd24fc613c1c1ac2 - - - -] 10.0.0.116 "DELETE /v2.0/floatingips/5d06a0bf-8631-4f26-ab1e-31e075d1c1b9 HTTP/1.1" status: 204 len: 168 time: 0.3145669
2026-07-21 22:13:30.639 9 WARNING neutron.scheduler.dhcp_agent_scheduler [None req-162f6c43-7fd0-40fb-b90e-b50db5665926 073d6ed29a284a6ea2e961d98657bbbc 5c7b5a53de064db69ae884473ef0b7dc - - - -] No more DHCP agents
2026-07-21 22:13:30.650 9 WARNING neutron.api.rpc.agentnotifiers.dhcp_rpc_agent_api [None req-162f6c43-7fd0-40fb-b90e-b50db5665926 073d6ed29a284a6ea2e961d98657bbbc 5c7b5a53de064db69ae884473ef0b7dc - - - -] Unable to schedule network cc6e87c1-5120-476a-a907-205b6f7c7918: no agents available; will retry on subsequent port and subnet creation events.
2026-07-21 22:13:30.675 10 INFO neutron.wsgi [req-05957bd5-99de-41f3-a17b-e217af09c43b req-5eda77cc-8e5f-4081-ae32-44d3fe354c9f fae84ff3382a454a972b9dab63fccdc2 9a530b36155a4a78bd24fc613c1c1ac2 - - default default] 10.0.0.62 "GET /v2.0/ports?device_id=5019941d-9f10-41cb-80ee-9be9fd235673 HTTP/1.1" status: 200 len: 1174 time: 0.0402715
2026-07-21 22:13:30.681 9 INFO neutron.plugins.ml2.drivers.ovn.mech_driver.mech_driver [None req-4cf41096-bd17-4445-8bb0-dfb4722b3ce6 - - - - - -] OVN reports status down for port: 854ca01a-366f-4fc9-ad3a-33b72db7fc31
2026-07-21 22:13:30.721 10 INFO neutron.wsgi [req-05957bd5-99de-41f3-a17b-e217af09c43b req-0075f25f-4c01-4c1f-8030-e6d86cf30d6a fae84ff3382a454a972b9dab63fccdc2 9a530b36155a4a78bd24fc613c1c1ac2 - - default default] 10.0.0.62 "GET /v2.0/security-groups?id=ae569b37-7254-45ad-92a4-d4b4d83a12bc&fields=id&fields=name HTTP/1.1" status: 200 len: 312 time: 0.0387816
2026-07-21 22:13:30.821 9 INFO neutron.db.ovn_revision_numbers_db [None req-162f6c43-7fd0-40fb-b90e-b50db5665926 073d6ed29a284a6ea2e961d98657bbbc 5c7b5a53de064db69ae884473ef0b7dc - - - -] Successfully bumped revision number for resource 12f5a101-6dec-4830-b8c5-209dd8f15e57 (type: ports) to 1
2026-07-21 22:13:30.874 9 INFO neutron.wsgi [None req-162f6c43-7fd0-40fb-b90e-b50db5665926 073d6ed29a284a6ea2e961d98657bbbc 5c7b5a53de064db69ae884473ef0b7dc - - - -] 10.0.0.116 "POST /v2.0/networks HTTP/1.1" status: 201 len: 842 time: 1.0554259
2026-07-21 22:13:31.458 9 INFO neutron.db.ovn_revision_numbers_db [None req-2fc78eed-e8eb-4028-a34f-7b03d03f0417 afacb2487db944d481f76359cd73a9ab 96ef4d856b6b44f2b80593ebaf8969fd - - - -] Successfully bumped revision number for resource a0c1e04e-7ed0-4977-84e8-1b5329fb2927 (type: ports) to 2
2026-07-21 22:13:31.476 9 INFO neutron.wsgi [req-629f80ce-e899-4678-a6af-90f13cd5ccd6 req-e40234ac-e3d7-43cb-9700-bf15a2554d26 fae84ff3382a454a972b9dab63fccdc2 9a530b36155a4a78bd24fc613c1c1ac2 - - default default] 199.19.213.130 "GET /v2.0/ports?device_id=5019941d-9f10-41cb-80ee-9be9fd235673 HTTP/1.1" status: 200 len: 1172 time: 0.0668061
2026-07-21 22:13:31.515 9 INFO neutron.db.ovn_revision_numbers_db [None req-2fc78eed-e8eb-4028-a34f-7b03d03f0417 afacb2487db944d481f76359cd73a9ab 96ef4d856b6b44f2b80593ebaf8969fd - - - -] Successfully bumped revision number for resource bdaf46a9-cd18-4a11-971d-661a95ef665b (type: subnets) to 0
2026-07-21 22:13:31.559 9 INFO neutron.wsgi [None req-2fc78eed-e8eb-4028-a34f-7b03d03f0417 afacb2487db944d481f76359cd73a9ab 96ef4d856b6b44f2b80593ebaf8969fd - - - -] 10.0.0.116 "POST /v2.0/subnets HTTP/1.1" status: 201 len: 801 time: 1.7251256
2026-07-21 22:13:31.627 10 INFO neutron.wsgi [None req-f8cc1fa3-d570-4203-9c7d-7d3988f31d9e afacb2487db944d481f76359cd73a9ab 96ef4d856b6b44f2b80593ebaf8969fd - - - -] 10.0.0.116 "PUT /v2.0/subnets/bdaf46a9-cd18-4a11-971d-661a95ef665b/tags HTTP/1.1" status: 200 len: 218 time: 0.0601444
2026-07-21 22:13:31.659 9 INFO neutron.db.ovn_revision_numbers_db [None req-4cf41096-bd17-4445-8bb0-dfb4722b3ce6 - - - - - -] Successfully bumped revision number for resource 854ca01a-366f-4fc9-ad3a-33b72db7fc31 (type: ports) to 5
2026-07-21 22:13:31.666 10 INFO neutron.wsgi [None req-dbe34961-2f85-4ee2-8fea-0c836a440a88 afacb2487db944d481f76359cd73a9ab 96ef4d856b6b44f2b80593ebaf8969fd - - default default] 10.0.0.116 "GET /v2.0/subnets/bdaf46a9-cd18-4a11-971d-661a95ef665b/tags HTTP/1.1" status: 200 len: 218 time: 0.0280845
2026-07-21 22:13:31.713 10 INFO neutron.wsgi [None req-93944c05-6989-49ce-a25a-e125a9c859ca afacb2487db944d481f76359cd73a9ab 96ef4d856b6b44f2b80593ebaf8969fd - - - -] 10.0.0.116 "PUT /v2.0/subnets/bdaf46a9-cd18-4a11-971d-661a95ef665b/tags/green HTTP/1.1" status: 201 len: 201 time: 0.0426643
2026-07-21 22:13:31.747 10 INFO neutron.wsgi [None req-aba315bf-e476-48d4-a5cd-e8c3459af677 afacb2487db944d481f76359cd73a9ab 96ef4d856b6b44f2b80593ebaf8969fd - - default default] 10.0.0.116 "GET /v2.0/subnets/bdaf46a9-cd18-4a11-971d-661a95ef665b/tags HTTP/1.1" status: 200 len: 227 time: 0.0289254
2026-07-21 22:13:31.789 10 INFO neutron.wsgi [None req-0b97c4cd-0e3e-4283-b81f-f0e6cbe575bc afacb2487db944d481f76359cd73a9ab 96ef4d856b6b44f2b80593ebaf8969fd - - - -] 10.0.0.116 "PUT /v2.0/subnets/bdaf46a9-cd18-4a11-971d-661a95ef665b/tags/red HTTP/1.1" status: 201 len: 201 time: 0.0368369
2026-07-21 22:13:31.827 9 WARNING neutron.scheduler.dhcp_agent_scheduler [None req-1beaccb9-f9b7-4437-b42b-da2459a5fd70 073d6ed29a284a6ea2e961d98657bbbc 5c7b5a53de064db69ae884473ef0b7dc - - - -] No more DHCP agents
2026-07-21 22:13:31.831 9 WARNING neutron.api.rpc.agentnotifiers.dhcp_rpc_agent_api [None req-1beaccb9-f9b7-4437-b42b-da2459a5fd70 073d6ed29a284a6ea2e961d98657bbbc 5c7b5a53de064db69ae884473ef0b7dc - - - -] Unable to schedule network cc6e87c1-5120-476a-a907-205b6f7c7918: no agents available; will retry on subsequent port and subnet creation events.
2026-07-21 22:13:31.840 10 INFO neutron.wsgi [None req-90efc5e1-9f79-4f6a-b502-931876f0382e afacb2487db944d481f76359cd73a9ab 96ef4d856b6b44f2b80593ebaf8969fd - - default default] 10.0.0.116 "GET /v2.0/subnets/bdaf46a9-cd18-4a11-971d-661a95ef665b/tags HTTP/1.1" status: 200 len: 227 time: 0.0441394
2026-07-21 22:13:31.884 10 INFO neutron.wsgi [req-90b3cd9c-6f66-4068-83e6-096c1e01059c req-5b53d39c-a4d2-49d8-b57d-78ce03a63cf0 fae84ff3382a454a972b9dab63fccdc2 9a530b36155a4a78bd24fc613c1c1ac2 - - default default] 10.0.0.62 "GET /v2.0/ports?device_id=5019941d-9f10-41cb-80ee-9be9fd235673 HTTP/1.1" status: 200 len: 1172 time: 0.0696464
2026-07-21 22:13:31.927 10 INFO neutron.wsgi [None req-bc413eb4-6c88-45b5-be39-742245396a30 afacb2487db944d481f76359cd73a9ab 96ef4d856b6b44f2b80593ebaf8969fd - - - -] 10.0.0.116 "PUT /v2.0/subnets/bdaf46a9-cd18-4a11-971d-661a95ef665b/tags/black.or.white HTTP/1.1" status: 201 len: 201 time: 0.0802348
2026-07-21 22:13:31.930 10 INFO neutron.wsgi [req-90b3cd9c-6f66-4068-83e6-096c1e01059c req-b084b145-ff51-4d2d-99a6-12b82eae0169 fae84ff3382a454a972b9dab63fccdc2 9a530b36155a4a78bd24fc613c1c1ac2 - - default default] 10.0.0.62 "GET /v2.0/security-groups?id=ae569b37-7254-45ad-92a4-d4b4d83a12bc&fields=id&fields=name HTTP/1.1" status: 200 len: 312 time: 0.0363503
2026-07-21 22:13:31.956 9 INFO neutron.notifiers.nova [-] Nova event matching ['req-bce0c39b-41c0-4b02-bb48-6527408ffc6e'] response: {'server_uuid': '5019941d-9f10-41cb-80ee-9be9fd235673', 'name': 'network-vif-unplugged', 'status': 'completed', 'tag': '854ca01a-366f-4fc9-ad3a-33b72db7fc31', 'code': 200}
2026-07-21 22:13:31.956 9 INFO neutron.notifiers.nova [-] Nova event matching ['req-bce0c39b-41c0-4b02-bb48-6527408ffc6e'] response: {'server_uuid': '5019941d-9f10-41cb-80ee-9be9fd235673', 'name': 'network-vif-plugged', 'status': 'completed', 'tag': '854ca01a-366f-4fc9-ad3a-33b72db7fc31', 'code': 200}
