2026-07-21 22:12:06.663 10 INFO neutron.wsgi [req-248555d8-1870-4f76-a847-af56a4765786 req-28e42240-8610-46b4-b57f-90e53f210f87 12cea10d8690477eb8853427bac7c580 b32dca31434641b4af8255e1be4e6709 - - default default] 10.0.0.62 "GET /v2.0/ports?device_id=669f3a42-9a11-480d-87bf-fe5e1d0aac69 HTTP/1.1" status: 200 len: 1210 time: 0.1370645
2026-07-21 22:12:06.693 9 INFO neutron.db.ovn_revision_numbers_db [None req-324f8981-0eae-40b9-a007-cb7f76326f80 a84eadf7cdfa4fae926d85fd23e5ae37 99eaed1df45a4af38da926155de1c1fb - - default default] Successfully bumped revision number for resource 15e3b38a-4552-420b-bb6e-a31b2be62816 (type: ports) to 1
2026-07-21 22:12:07.089 9 WARNING neutron.scheduler.dhcp_agent_scheduler [None req-d7b54d73-e00f-4d60-bea7-e3d7f4f279b3 6dbc51d4ad714a41b7f19203008b8570 ac782ae2a6d247eeb56f6ef49a7ca23b - - - -] No more DHCP agents
2026-07-21 22:12:07.092 9 WARNING neutron.api.rpc.agentnotifiers.dhcp_rpc_agent_api [None req-d7b54d73-e00f-4d60-bea7-e3d7f4f279b3 6dbc51d4ad714a41b7f19203008b8570 ac782ae2a6d247eeb56f6ef49a7ca23b - - - -] Unable to schedule network b2a8f2da-2c4b-434b-87d5-992b2f0afd79: no agents available; will retry on subsequent port and subnet creation events.
2026-07-21 22:12:07.211 9 INFO neutron.db.ovn_revision_numbers_db [None req-324f8981-0eae-40b9-a007-cb7f76326f80 a84eadf7cdfa4fae926d85fd23e5ae37 99eaed1df45a4af38da926155de1c1fb - - default default] Successfully bumped revision number for resource 15e3b38a-4552-420b-bb6e-a31b2be62816 (type: router_ports) to 2
2026-07-21 22:12:07.260 9 INFO neutron.db.ovn_revision_numbers_db [None req-d7b54d73-e00f-4d60-bea7-e3d7f4f279b3 6dbc51d4ad714a41b7f19203008b8570 ac782ae2a6d247eeb56f6ef49a7ca23b - - - -] Successfully bumped revision number for resource f4b07b6b-7503-47db-9de9-762fa1ddf9c4 (type: ports) to 1
2026-07-21 22:12:07.297 9 INFO neutron.wsgi [None req-d7b54d73-e00f-4d60-bea7-e3d7f4f279b3 6dbc51d4ad714a41b7f19203008b8570 ac782ae2a6d247eeb56f6ef49a7ca23b - - - -] 10.0.0.116 "POST /v2.0/ports HTTP/1.1" status: 201 len: 1165 time: 0.6678548 /var/lib/openstack/lib/python3.10/site-packages/pycadf/identifier.py:71: UserWarning: Invalid uuid: neutron. To ensure interoperability, identifiers should be a valid uuid. warnings.warn(('Invalid uuid: %s. To ensure interoperability, '
2026-07-21 22:12:07.407 10 INFO neutron.db.l3_db [None req-7a3dbd7e-900d-4b0d-9047-4cfbd33af3a0 12cea10d8690477eb8853427bac7c580 b32dca31434641b4af8255e1be4e6709 - - - -] Floating IP da104059-121b-4f64-950c-b70346166044 associated. External IP: 10.96.250.205, port: ae613066-f9bd-44aa-af98-0e6319d9fca4.
2026-07-21 22:12:07.454 9 INFO neutron.db.ovn_revision_numbers_db [None req-324f8981-0eae-40b9-a007-cb7f76326f80 a84eadf7cdfa4fae926d85fd23e5ae37 99eaed1df45a4af38da926155de1c1fb - - default default] Successfully bumped revision number for resource 15e3b38a-4552-420b-bb6e-a31b2be62816 (type: ports) to 2
2026-07-21 22:12:07.560 9 WARNING neutron.scheduler.dhcp_agent_scheduler [None req-324f8981-0eae-40b9-a007-cb7f76326f80 a84eadf7cdfa4fae926d85fd23e5ae37 99eaed1df45a4af38da926155de1c1fb - - default default] No more DHCP agents
2026-07-21 22:12:07.562 9 WARNING neutron.api.rpc.agentnotifiers.dhcp_rpc_agent_api [None req-324f8981-0eae-40b9-a007-cb7f76326f80 a84eadf7cdfa4fae926d85fd23e5ae37 99eaed1df45a4af38da926155de1c1fb - - default default] Unable to schedule network e778f880-cf70-4967-b832-b3d353f37e24: no agents available; will retry on subsequent port and subnet creation events.
2026-07-21 22:12:07.585 10 INFO neutron.db.ovn_revision_numbers_db [None req-f814302a-a33c-41b6-89c8-ee7633250153 a04f1414973c4338830bc716a45593dd 954cc051fd7047b2b47a0d364ec860f7 - - - -] Successfully bumped revision number for resource bd2886ce-1b03-4062-85d5-4a21dbd88a27 (type: floatingips) to 0
2026-07-21 22:12:07.593 10 INFO neutron.notifiers.nova [-] Nova event matching ['req-81b66add-6fd4-4f12-97bf-e4af9c5bd187'] response: {'server_uuid': '669f3a42-9a11-480d-87bf-fe5e1d0aac69', 'name': 'network-vif-plugged', 'status': 'completed', 'tag': 'ae613066-f9bd-44aa-af98-0e6319d9fca4', 'code': 200}
2026-07-21 22:12:07.602 10 INFO neutron.wsgi [None req-f814302a-a33c-41b6-89c8-ee7633250153 a04f1414973c4338830bc716a45593dd 954cc051fd7047b2b47a0d364ec860f7 - - - -] 10.0.0.116 "POST /v2.0/floatingips HTTP/1.1" status: 201 len: 751 time: 1.4582465
2026-07-21 22:12:07.613 10 INFO neutron.db.ovn_revision_numbers_db [None req-7a3dbd7e-900d-4b0d-9047-4cfbd33af3a0 12cea10d8690477eb8853427bac7c580 b32dca31434641b4af8255e1be4e6709 - - - -] Successfully bumped revision number for resource da104059-121b-4f64-950c-b70346166044 (type: floatingips) to 1
2026-07-21 22:12:07.709 10 INFO neutron.db.ovn_revision_numbers_db [None req-7a3dbd7e-900d-4b0d-9047-4cfbd33af3a0 12cea10d8690477eb8853427bac7c580 b32dca31434641b4af8255e1be4e6709 - - - -] Successfully bumped revision number for resource da104059-121b-4f64-950c-b70346166044 (type: floatingips) to 2
2026-07-21 22:12:07.729 9 INFO neutron.wsgi [None req-6568075a-6b8d-49a3-9d83-a52d88ccd66a 6dbc51d4ad714a41b7f19203008b8570 ac782ae2a6d247eeb56f6ef49a7ca23b - - - -] 10.0.0.116 "DELETE /v2.0/ports/f4b07b6b-7503-47db-9de9-762fa1ddf9c4 HTTP/1.1" status: 204 len: 168 time: 0.4255900
2026-07-21 22:12:07.754 10 INFO neutron.wsgi [None req-7a3dbd7e-900d-4b0d-9047-4cfbd33af3a0 12cea10d8690477eb8853427bac7c580 b32dca31434641b4af8255e1be4e6709 - - - -] 10.0.0.116 "PUT /v2.0/floatingips/da104059-121b-4f64-950c-b70346166044 HTTP/1.1" status: 200 len: 1049 time: 1.0702434
2026-07-21 22:12:07.755 10 INFO neutron.pecan_wsgi.hooks.translation [None req-fbe37927-b6b0-4159-822e-a94c4abfc39b 6dbc51d4ad714a41b7f19203008b8570 ac782ae2a6d247eeb56f6ef49a7ca23b - - - -] DELETE failed (client error): The resource could not be found.
2026-07-21 22:12:07.756 10 INFO neutron.wsgi [None req-fbe37927-b6b0-4159-822e-a94c4abfc39b 6dbc51d4ad714a41b7f19203008b8570 ac782ae2a6d247eeb56f6ef49a7ca23b - - - -] 10.0.0.116 "DELETE /v2.0/ports/f4b07b6b-7503-47db-9de9-762fa1ddf9c4 HTTP/1.1" status: 404 len: 333 time: 0.0212419
2026-07-21 22:12:07.773 9 INFO neutron.db.ovn_revision_numbers_db [None req-324f8981-0eae-40b9-a007-cb7f76326f80 a84eadf7cdfa4fae926d85fd23e5ae37 99eaed1df45a4af38da926155de1c1fb - - - -] Successfully bumped revision number for resource 15e3b38a-4552-420b-bb6e-a31b2be62816 (type: router_ports) to 2
2026-07-21 22:12:07.775 9 INFO neutron.wsgi [None req-324f8981-0eae-40b9-a007-cb7f76326f80 a84eadf7cdfa4fae926d85fd23e5ae37 99eaed1df45a4af38da926155de1c1fb - - - -] 10.0.0.116 "PUT /v2.0/routers/39af7f4c-95a4-4ce1-aef3-c93d8b074d32/add_router_interface HTTP/1.1" status: 200 len: 503 time: 1.9059484
2026-07-21 22:12:07.780 10 INFO neutron.pecan_wsgi.hooks.translation [None req-dc17a560-7917-44c8-93c0-137bb8e7c254 6dbc51d4ad714a41b7f19203008b8570 ac782ae2a6d247eeb56f6ef49a7ca23b - - default default] GET failed (client error): The resource could not be found.
2026-07-21 22:12:07.782 10 INFO neutron.wsgi [None req-dc17a560-7917-44c8-93c0-137bb8e7c254 6dbc51d4ad714a41b7f19203008b8570 ac782ae2a6d247eeb56f6ef49a7ca23b - - default default] 10.0.0.116 "GET /v2.0/ports/f4b07b6b-7503-47db-9de9-762fa1ddf9c4 HTTP/1.1" status: 404 len: 333 time: 0.0198691
2026-07-21 22:12:07.821 9 INFO neutron.wsgi [None req-c4c3c77d-3031-41c7-b244-794cea2dd357 a84eadf7cdfa4fae926d85fd23e5ae37 99eaed1df45a4af38da926155de1c1fb - - default default] 10.0.0.116 "GET /v2.0/ports/15e3b38a-4552-420b-bb6e-a31b2be62816 HTTP/1.1" status: 200 len: 1135 time: 0.0375707
2026-07-21 22:12:07.856 9 INFO neutron.wsgi [None req-adb57bc3-1345-49bd-8cd7-e847ecc4f90d a84eadf7cdfa4fae926d85fd23e5ae37 99eaed1df45a4af38da926155de1c1fb - - default default] 10.0.0.116 "GET /v2.0/ports/15e3b38a-4552-420b-bb6e-a31b2be62816 HTTP/1.1" status: 200 len: 1135 time: 0.0306201
2026-07-21 22:12:08.000 10 INFO neutron.wsgi [None req-7c6e3ff7-93a4-45cf-8c68-0c1d4b5b203e 6dbc51d4ad714a41b7f19203008b8570 ac782ae2a6d247eeb56f6ef49a7ca23b - - - -] 10.0.0.116 "DELETE /v2.0/subnets/27ab37a3-a038-4255-947b-68efb8d38be1 HTTP/1.1" status: 204 len: 168 time: 0.2132940
2026-07-21 22:12:08.030 10 INFO neutron.wsgi [req-7ddd159d-a0d1-494f-825e-2f417daaae78 req-41ce7d63-b125-4d1a-94c5-aa4909cf5dc2 a04f1414973c4338830bc716a45593dd 954cc051fd7047b2b47a0d364ec860f7 - - default default] 10.0.0.62 "GET /v2.0/security-groups?name=tempest-securitygroup--570589594&fields=id&tenant_id=954cc051fd7047b2b47a0d364ec860f7 HTTP/1.1" status: 200 len: 267 time: 0.0330772
2026-07-21 22:12:08.111 10 INFO neutron.wsgi [req-7ddd159d-a0d1-494f-825e-2f417daaae78 req-60ab3999-4b71-4d37-9ad5-9c4b85da30eb a04f1414973c4338830bc716a45593dd 954cc051fd7047b2b47a0d364ec860f7 - - default default] 10.0.0.62 "GET /v2.0/networks?id=f20fa6bb-e91d-4d9e-acd2-234c5308438c HTTP/1.1" status: 200 len: 875 time: 0.0732143
2026-07-21 22:12:08.129 10 INFO neutron.wsgi [req-7ddd159d-a0d1-494f-825e-2f417daaae78 req-be618a2d-9df2-4f6b-8a25-53b0a18efe02 a04f1414973c4338830bc716a45593dd 954cc051fd7047b2b47a0d364ec860f7 - - default default] 10.0.0.62 "GET /v2.0/quotas/954cc051fd7047b2b47a0d364ec860f7 HTTP/1.1" status: 200 len: 386 time: 0.0125918
2026-07-21 22:12:08.228 10 INFO neutron.wsgi [req-7ddd159d-a0d1-494f-825e-2f417daaae78 req-daabb613-acca-49ff-9f7d-19e7c937aa16 a04f1414973c4338830bc716a45593dd 954cc051fd7047b2b47a0d364ec860f7 - - default default] 10.0.0.62 "GET /v2.0/ports?tenant_id=954cc051fd7047b2b47a0d364ec860f7&fields=id HTTP/1.1" status: 200 len: 302 time: 0.0922606
2026-07-21 22:12:08.303 10 INFO neutron.wsgi [req-7ddd159d-a0d1-494f-825e-2f417daaae78 req-f779e58d-cffe-4da8-868b-519443998259 b240058b33e640b08ca027793d4a2929 7e304895c205435cba65cc2763387986 - - 5fa42b4933be45809bb7aed0a16706c5 5fa42b4933be45809bb7aed0a16706c5] 10.0.0.62 "GET /v2.0/networks/f20fa6bb-e91d-4d9e-acd2-234c5308438c?fields=segments HTTP/1.1" status: 200 len: 212 time: 0.0571070
2026-07-21 22:12:08.363 10 INFO neutron.wsgi [req-7ddd159d-a0d1-494f-825e-2f417daaae78 req-12dd38bb-ffc9-41a2-b3ff-1fa113b904ff b240058b33e640b08ca027793d4a2929 7e304895c205435cba65cc2763387986 - - 5fa42b4933be45809bb7aed0a16706c5 5fa42b4933be45809bb7aed0a16706c5] 10.0.0.62 "GET /v2.0/networks/f20fa6bb-e91d-4d9e-acd2-234c5308438c?fields=provider%3Aphysical_network&fields=provider%3Anetwork_type HTTP/1.1" status: 200 len: 277 time: 0.0543635
2026-07-21 22:12:08.367 9 INFO neutron.services.segments.plugin [-] Segment 5e1214ab-6478-4c2b-8d02-f487ce620cd4 resource provider aggregate not found
2026-07-21 22:12:08.398 9 INFO neutron.services.segments.plugin [-] Segment 5e1214ab-6478-4c2b-8d02-f487ce620cd4 resource provider aggregate not found
2026-07-21 22:12:08.405 9 INFO neutron.services.segments.plugin [-] Segment 5e1214ab-6478-4c2b-8d02-f487ce620cd4 resource provider not found; error: Placement Client Error (4xx): {"errors": [{"status": 404, "title": "Not Found", "detail": "The resource could not be found.\n\n No resource provider with uuid 5e1214ab-6478-4c2b-8d02-f487ce620cd4 found for delete ", "request_id": "req-e21fb62a-dba0-42aa-92cc-8a1ba353ff95"}]}
2026-07-21 22:12:08.432 9 INFO neutron.wsgi [None req-57aca816-b360-4c6c-98d3-311561f9968f 6dbc51d4ad714a41b7f19203008b8570 ac782ae2a6d247eeb56f6ef49a7ca23b - - - -] 10.0.0.116 "DELETE /v2.0/networks/b2a8f2da-2c4b-434b-87d5-992b2f0afd79 HTTP/1.1" status: 204 len: 168 time: 0.4252155
2026-07-21 22:12:08.433 9 INFO neutron.services.segments.plugin [-] Segment 5e1214ab-6478-4c2b-8d02-f487ce620cd4 resource provider not found; error: Placement Client Error (4xx): {"errors": [{"status": 404, "title": "Not Found", "detail": "The resource could not be found.\n\n No resource provider with uuid 5e1214ab-6478-4c2b-8d02-f487ce620cd4 found for delete ", "request_id": "req-7b156a3b-56a8-4cc9-9c4c-aa4ba4c56989"}]}
2026-07-21 22:12:08.540 9 INFO neutron.db.segments_db [None req-a9c8c8eb-f90b-49d7-bf58-ec970f9cdf86 6dbc51d4ad714a41b7f19203008b8570 ac782ae2a6d247eeb56f6ef49a7ca23b - - - -] Added segment e8c3d0af-560c-426d-8275-293baee17ccd of type geneve for network 47496bd6-a893-45c3-92dc-040c88e4eb39
2026-07-21 22:12:08.568 10 INFO neutron.wsgi [req-5df8ae8c-d575-4074-8790-70869b2e4286 req-ffbac5bf-462f-41a6-9112-4b036b63ab65 a04f1414973c4338830bc716a45593dd 954cc051fd7047b2b47a0d364ec860f7 - - default default] 10.0.0.62 "GET /v2.0/ports?device_id=0d2e1709-ee05-4eb3-bd4f-0272e0662759 HTTP/1.1" status: 200 len: 210 time: 0.0339780
2026-07-21 22:12:08.696 9 INFO neutron.db.ovn_revision_numbers_db [None req-a9c8c8eb-f90b-49d7-bf58-ec970f9cdf86 6dbc51d4ad714a41b7f19203008b8570 ac782ae2a6d247eeb56f6ef49a7ca23b - - - -] Successfully bumped revision number for resource 47496bd6-a893-45c3-92dc-040c88e4eb39 (type: networks) to 1
2026-07-21 22:12:08.904 9 WARNING neutron.scheduler.dhcp_agent_scheduler [None req-a9c8c8eb-f90b-49d7-bf58-ec970f9cdf86 6dbc51d4ad714a41b7f19203008b8570 ac782ae2a6d247eeb56f6ef49a7ca23b - - - -] No more DHCP agents
2026-07-21 22:12:08.908 9 WARNING neutron.api.rpc.agentnotifiers.dhcp_rpc_agent_api [None req-a9c8c8eb-f90b-49d7-bf58-ec970f9cdf86 6dbc51d4ad714a41b7f19203008b8570 ac782ae2a6d247eeb56f6ef49a7ca23b - - - -] Unable to schedule network 47496bd6-a893-45c3-92dc-040c88e4eb39: no agents available; will retry on subsequent port and subnet creation events.
2026-07-21 22:12:08.962 10 INFO neutron.wsgi [None req-08eb9e3a-c0d1-4bf3-ae8a-1269c7d42779 a84eadf7cdfa4fae926d85fd23e5ae37 99eaed1df45a4af38da926155de1c1fb - - default default] 10.0.0.116 "GET /v2.0/ports/15e3b38a-4552-420b-bb6e-a31b2be62816 HTTP/1.1" status: 200 len: 1135 time: 0.0971816
2026-07-21 22:12:08.992 9 INFO neutron.db.ovn_revision_numbers_db [None req-a9c8c8eb-f90b-49d7-bf58-ec970f9cdf86 6dbc51d4ad714a41b7f19203008b8570 ac782ae2a6d247eeb56f6ef49a7ca23b - - - -] Successfully bumped revision number for resource 8a177337-cccf-4dbd-8f80-b21d2025a6c4 (type: ports) to 1
2026-07-21 22:12:09.014 9 INFO neutron.wsgi [None req-a9c8c8eb-f90b-49d7-bf58-ec970f9cdf86 6dbc51d4ad714a41b7f19203008b8570 ac782ae2a6d247eeb56f6ef49a7ca23b - - - -] 10.0.0.116 "POST /v2.0/networks HTTP/1.1" status: 201 len: 835 time: 0.5713429
2026-07-21 22:12:09.161 9 WARNING neutron.plugins.ml2.drivers.ovn.mech_driver.ovsdb.ovn_client [None req-4cf41096-bd17-4445-8bb0-dfb4722b3ce6 - - - - - -] No hosting information found for port 627121c1-9e0a-4586-a746-9e61dc51a24d: RuntimeError: No hosting information found for port 627121c1-9e0a-4586-a746-9e61dc51a24d
2026-07-21 22:12:09.162 9 INFO neutron.plugins.ml2.drivers.ovn.mech_driver.mech_driver [None req-4cf41096-bd17-4445-8bb0-dfb4722b3ce6 - - - - - -] OVN reports status up for port: 15e3b38a-4552-420b-bb6e-a31b2be62816
2026-07-21 22:12:09.172 9 INFO neutron.plugins.ml2.plugin [None req-4cf41096-bd17-4445-8bb0-dfb4722b3ce6 - - - - - -] Attempt 1 to provision port 15e3b38a-4552-420b-bb6e-a31b2be62816
2026-07-21 22:12:09.356 9 WARNING neutron.scheduler.dhcp_agent_scheduler [None req-a34c5da2-910f-4c9b-9acb-15a9b564fc4c 6dbc51d4ad714a41b7f19203008b8570 ac782ae2a6d247eeb56f6ef49a7ca23b - - - -] No more DHCP agents
2026-07-21 22:12:09.360 9 WARNING neutron.api.rpc.agentnotifiers.dhcp_rpc_agent_api [None req-a34c5da2-910f-4c9b-9acb-15a9b564fc4c 6dbc51d4ad714a41b7f19203008b8570 ac782ae2a6d247eeb56f6ef49a7ca23b - - - -] Unable to schedule network 47496bd6-a893-45c3-92dc-040c88e4eb39: no agents available; will retry on subsequent port and subnet creation events.
2026-07-21 22:12:09.379 9 INFO neutron.db.ovn_revision_numbers_db [None req-a34c5da2-910f-4c9b-9acb-15a9b564fc4c 6dbc51d4ad714a41b7f19203008b8570 ac782ae2a6d247eeb56f6ef49a7ca23b - - - -] Successfully bumped revision number for resource f689d5e7-5843-48f9-b33b-7d4c5469886a (type: subnets) to 0
2026-07-21 22:12:09.404 9 INFO neutron.wsgi [None req-a34c5da2-910f-4c9b-9acb-15a9b564fc4c 6dbc51d4ad714a41b7f19203008b8570 ac782ae2a6d247eeb56f6ef49a7ca23b - - - -] 10.0.0.116 "POST /v2.0/subnets HTTP/1.1" status: 201 len: 821 time: 0.3844359
2026-07-21 22:12:09.654 10 INFO neutron.notifiers.nova [-] Nova event matching ['req-024b8b33-1cc7-4efc-832a-536decb05fc1'] response: {'name': 'network-changed', 'server_uuid': '669f3a42-9a11-480d-87bf-fe5e1d0aac69', 'tag': 'ae613066-f9bd-44aa-af98-0e6319d9fca4', 'status': 'completed', 'code': 200}
2026-07-21 22:12:09.681 10 INFO neutron.wsgi [req-ce09e76b-65bb-4853-8ce1-3132017e9cdf req-513dc967-501a-4db8-8ce5-e881bcfbc89e a04f1414973c4338830bc716a45593dd 954cc051fd7047b2b47a0d364ec860f7 - - default default] 10.0.0.62 "GET /v2.0/ports?device_id=0d2e1709-ee05-4eb3-bd4f-0272e0662759 HTTP/1.1" status: 200 len: 210 time: 0.0335698
2026-07-21 22:12:09.795 9 INFO neutron.db.ovn_revision_numbers_db [None req-4cf41096-bd17-4445-8bb0-dfb4722b3ce6 - - - - - -] Successfully bumped revision number for resource 15e3b38a-4552-420b-bb6e-a31b2be62816 (type: ports) to 3
2026-07-21 22:12:09.807 10 WARNING neutron.scheduler.dhcp_agent_scheduler [None req-c7aa7e93-3db0-4e6f-a543-e21fda63ec71 6dbc51d4ad714a41b7f19203008b8570 ac782ae2a6d247eeb56f6ef49a7ca23b - - - -] No more DHCP agents
2026-07-21 22:12:09.810 10 WARNING neutron.api.rpc.agentnotifiers.dhcp_rpc_agent_api [None req-c7aa7e93-3db0-4e6f-a543-e21fda63ec71 6dbc51d4ad714a41b7f19203008b8570 ac782ae2a6d247eeb56f6ef49a7ca23b - - - -] Unable to schedule network 47496bd6-a893-45c3-92dc-040c88e4eb39: no agents available; will retry on subsequent port and subnet creation events.
2026-07-21 22:12:09.817 9 INFO neutron.wsgi [req-7ddd159d-a0d1-494f-825e-2f417daaae78 req-49198e52-3a1a-46b2-94e7-a94f37e55505 a04f1414973c4338830bc716a45593dd 954cc051fd7047b2b47a0d364ec860f7 - - default default] 199.19.213.130 "GET /v2.0/networks?id=f20fa6bb-e91d-4d9e-acd2-234c5308438c HTTP/1.1" status: 200 len: 875 time: 0.3552732
2026-07-21 22:12:09.839 9 INFO neutron.wsgi [req-e6dafeb3-bc0d-4106-b455-aa92e8610d45 req-e898dfbf-bdee-4bf9-a6cf-09bf76ebf046 b240058b33e640b08ca027793d4a2929 7e304895c205435cba65cc2763387986 - - 5fa42b4933be45809bb7aed0a16706c5 5fa42b4933be45809bb7aed0a16706c5] 199.19.213.130 "GET /v2.0/ports?tenant_id=b32dca31434641b4af8255e1be4e6709&device_id=669f3a42-9a11-480d-87bf-fe5e1d0aac69 HTTP/1.1" status: 200 len: 1400 time: 0.0677042
2026-07-21 22:12:09.939 9 INFO neutron.wsgi [req-7ddd159d-a0d1-494f-825e-2f417daaae78 req-689e9736-a868-4d64-a6ef-fd17f61c0520 a04f1414973c4338830bc716a45593dd 954cc051fd7047b2b47a0d364ec860f7 - - default default] 199.19.213.130 "GET /v2.0/security-groups?fields=id&fields=name&tenant_id=954cc051fd7047b2b47a0d364ec860f7 HTTP/1.1" status: 200 len: 379 time: 0.1119432
2026-07-21 22:12:09.946 10 INFO neutron.db.ovn_revision_numbers_db [None req-c7aa7e93-3db0-4e6f-a543-e21fda63ec71 6dbc51d4ad714a41b7f19203008b8570 ac782ae2a6d247eeb56f6ef49a7ca23b - - - -] Successfully bumped revision number for resource 006f6f5a-5ddc-4f86-9fff-3578f9749546 (type: ports) to 1
2026-07-21 22:12:09.952 9 INFO neutron.wsgi [req-e6dafeb3-bc0d-4106-b455-aa92e8610d45 req-9b675e16-912d-4d83-ae0f-824269860e93 b240058b33e640b08ca027793d4a2929 7e304895c205435cba65cc2763387986 - - 5fa42b4933be45809bb7aed0a16706c5 5fa42b4933be45809bb7aed0a16706c5] 199.19.213.130 "GET /v2.0/networks?id=bf067056-8a27-46ab-b20a-b35921fde4da HTTP/1.1" status: 200 len: 970 time: 0.1024039
2026-07-21 22:12:10.002 9 INFO neutron.db.ovn_revision_numbers_db [None req-4cf41096-bd17-4445-8bb0-dfb4722b3ce6 - - - - - -] Successfully bumped revision number for resource 15e3b38a-4552-420b-bb6e-a31b2be62816 (type: router_ports) to 3
2026-07-21 22:12:10.007 10 INFO neutron.wsgi [None req-c7aa7e93-3db0-4e6f-a543-e21fda63ec71 6dbc51d4ad714a41b7f19203008b8570 ac782ae2a6d247eeb56f6ef49a7ca23b - - - -] 10.0.0.116 "POST /v2.0/ports HTTP/1.1" status: 201 len: 1127 time: 0.5967042
2026-07-21 22:12:10.025 9 INFO neutron.wsgi [req-e6dafeb3-bc0d-4106-b455-aa92e8610d45 req-19b4a3bc-ed52-4805-b4ea-b1762e4052ba b240058b33e640b08ca027793d4a2929 7e304895c205435cba65cc2763387986 - - 5fa42b4933be45809bb7aed0a16706c5 5fa42b4933be45809bb7aed0a16706c5] 199.19.213.130 "GET /v2.0/floatingips?fixed_ip_address=10.100.0.8&port_id=ae613066-f9bd-44aa-af98-0e6319d9fca4 HTTP/1.1" status: 200 len: 1059 time: 0.0666516
2026-07-21 22:12:10.028 10 INFO neutron.wsgi [None req-1db5fb04-c287-4728-bdac-32e1ebbf445a a84eadf7cdfa4fae926d85fd23e5ae37 99eaed1df45a4af38da926155de1c1fb - - default default] 10.0.0.116 "GET /v2.0/ports/15e3b38a-4552-420b-bb6e-a31b2be62816 HTTP/1.1" status: 200 len: 1137 time: 0.0602415
2026-07-21 22:12:10.115 9 INFO neutron.wsgi [req-e6dafeb3-bc0d-4106-b455-aa92e8610d45 req-437013f4-f433-4453-a63d-c97ef63bd8b6 b240058b33e640b08ca027793d4a2929 7e304895c205435cba65cc2763387986 - - 5fa42b4933be45809bb7aed0a16706c5 5fa42b4933be45809bb7aed0a16706c5] 199.19.213.130 "GET /v2.0/subnets?id=1006c3ac-d25f-4869-8209-eea87f5616b5 HTTP/1.1" status: 200 len: 865 time: 0.0807762
2026-07-21 22:12:10.163 9 INFO neutron.wsgi [req-e6dafeb3-bc0d-4106-b455-aa92e8610d45 req-3c5a8006-0b88-4be9-8f82-d63c1a5241b5 b240058b33e640b08ca027793d4a2929 7e304895c205435cba65cc2763387986 - - 5fa42b4933be45809bb7aed0a16706c5 5fa42b4933be45809bb7aed0a16706c5] 199.19.213.130 "GET /v2.0/ports?network_id=bf067056-8a27-46ab-b20a-b35921fde4da&device_owner=network%3Adhcp HTTP/1.1" status: 200 len: 210 time: 0.0371158
2026-07-21 22:12:10.281 9 INFO neutron.wsgi [req-e6dafeb3-bc0d-4106-b455-aa92e8610d45 req-2fcc8a3b-4986-4755-b924-0a6019b52334 b240058b33e640b08ca027793d4a2929 7e304895c205435cba65cc2763387986 - - 5fa42b4933be45809bb7aed0a16706c5 5fa42b4933be45809bb7aed0a16706c5] 199.19.213.130 "GET /v2.0/networks/bf067056-8a27-46ab-b20a-b35921fde4da?fields=segments HTTP/1.1" status: 200 len: 212 time: 0.1124957
2026-07-21 22:12:10.308 10 INFO neutron.wsgi [None req-a1be160b-496f-44e3-b165-34d2ed908dda 6dbc51d4ad714a41b7f19203008b8570 ac782ae2a6d247eeb56f6ef49a7ca23b - - - -] 10.0.0.116 "DELETE /v2.0/ports/006f6f5a-5ddc-4f86-9fff-3578f9749546 HTTP/1.1" status: 204 len: 168 time: 0.2971771
2026-07-21 22:12:10.333 10 INFO neutron.pecan_wsgi.hooks.translation [None req-13583876-70e0-4868-bccf-2d3fbc12c62a 6dbc51d4ad714a41b7f19203008b8570 ac782ae2a6d247eeb56f6ef49a7ca23b - - default default] GET failed (client error): The resource could not be found.
2026-07-21 22:12:10.335 10 INFO neutron.wsgi [None req-13583876-70e0-4868-bccf-2d3fbc12c62a 6dbc51d4ad714a41b7f19203008b8570 ac782ae2a6d247eeb56f6ef49a7ca23b - - default default] 10.0.0.116 "GET /v2.0/ports/006f6f5a-5ddc-4f86-9fff-3578f9749546 HTTP/1.1" status: 404 len: 333 time: 0.0215466
2026-07-21 22:12:10.398 9 INFO neutron.wsgi [req-e6dafeb3-bc0d-4106-b455-aa92e8610d45 req-8aa0b222-7916-4e0e-8857-59c27b161e54 b240058b33e640b08ca027793d4a2929 7e304895c205435cba65cc2763387986 - - 5fa42b4933be45809bb7aed0a16706c5 5fa42b4933be45809bb7aed0a16706c5] 199.19.213.130 "GET /v2.0/networks/bf067056-8a27-46ab-b20a-b35921fde4da?fields=provider%3Aphysical_network&fields=provider%3Anetwork_type HTTP/1.1" status: 200 len: 277 time: 0.1003108
2026-07-21 22:12:10.539 9 WARNING neutron.scheduler.dhcp_agent_scheduler [None req-b408a8cc-f53a-4bf6-a6be-30fa0fcfdb8b a04f1414973c4338830bc716a45593dd 954cc051fd7047b2b47a0d364ec860f7 - - - -] No more DHCP agents
2026-07-21 22:12:10.558 10 INFO neutron.wsgi [-] 10.0.0.133 "GET / HTTP/1.1" status: 200 len: 246 time: 0.0020018
2026-07-21 22:12:10.560 10 INFO neutron.wsgi [-] 10.0.0.133 "GET / HTTP/1.1" status: 200 len: 246 time: 0.0014462
2026-07-21 22:12:10.564 10 INFO neutron.wsgi [None req-23524b17-c25d-4bac-b1f9-3a5183ebc4ee 6dbc51d4ad714a41b7f19203008b8570 ac782ae2a6d247eeb56f6ef49a7ca23b - - - -] 10.0.0.116 "DELETE /v2.0/subnets/f689d5e7-5843-48f9-b33b-7d4c5469886a HTTP/1.1" status: 204 len: 168 time: 0.2236197
2026-07-21 22:12:10.565 9 WARNING neutron.api.rpc.agentnotifiers.dhcp_rpc_agent_api [None req-b408a8cc-f53a-4bf6-a6be-30fa0fcfdb8b a04f1414973c4338830bc716a45593dd 954cc051fd7047b2b47a0d364ec860f7 - - - -] Unable to schedule network f20fa6bb-e91d-4d9e-acd2-234c5308438c: no agents available; will retry on subsequent port and subnet creation events.
2026-07-21 22:12:10.773 9 INFO neutron.db.ovn_revision_numbers_db [None req-b408a8cc-f53a-4bf6-a6be-30fa0fcfdb8b a04f1414973c4338830bc716a45593dd 954cc051fd7047b2b47a0d364ec860f7 - - - -] Successfully bumped revision number for resource d4076eb1-7ffd-4325-9dbd-9ec62402cbe8 (type: ports) to 1
2026-07-21 22:12:10.823 9 INFO neutron.wsgi [None req-b408a8cc-f53a-4bf6-a6be-30fa0fcfdb8b a04f1414973c4338830bc716a45593dd 954cc051fd7047b2b47a0d364ec860f7 - - - -] 199.19.213.130 "POST /v2.0/ports HTTP/1.1" status: 201 len: 1162 time: 0.8751028 /var/lib/openstack/lib/python3.10/site-packages/pycadf/identifier.py:71: UserWarning: Invalid uuid: neutron. To ensure interoperability, identifiers should be a valid uuid. warnings.warn(('Invalid uuid: %s. To ensure interoperability, '
2026-07-21 22:12:10.849 10 INFO neutron.wsgi [req-5d3cb2bc-1aa4-499b-a9d8-cb90dafeae98 req-873f452e-1b1d-4255-8a42-abbdecf923ed a04f1414973c4338830bc716a45593dd 954cc051fd7047b2b47a0d364ec860f7 - - default default] 10.0.0.62 "GET /v2.0/ports?device_id=0d2e1709-ee05-4eb3-bd4f-0272e0662759 HTTP/1.1" status: 200 len: 1160 time: 0.0758028
2026-07-21 22:12:10.908 10 INFO neutron.wsgi [req-5d3cb2bc-1aa4-499b-a9d8-cb90dafeae98 req-f8f2e0d0-dd78-4d65-b2bd-2acfa09ae498 a04f1414973c4338830bc716a45593dd 954cc051fd7047b2b47a0d364ec860f7 - - default default] 10.0.0.62 "GET /v2.0/security-groups?id=6bda445e-a365-4d5e-8299-3f53b8ff07da&fields=id&fields=name HTTP/1.1" status: 200 len: 312 time: 0.0466747
2026-07-21 22:12:10.988 10 INFO neutron.services.segments.plugin [-] Segment e8c3d0af-560c-426d-8275-293baee17ccd resource provider aggregate not found
2026-07-21 22:12:11.003 10 INFO neutron.services.segments.plugin [-] Segment e8c3d0af-560c-426d-8275-293baee17ccd resource provider aggregate not found
2026-07-21 22:12:11.007 10 INFO neutron.services.segments.plugin [-] Segment e8c3d0af-560c-426d-8275-293baee17ccd resource provider not found; error: Placement Client Error (4xx): {"errors": [{"status": 404, "title": "Not Found", "detail": "The resource could not be found.\n\n No resource provider with uuid e8c3d0af-560c-426d-8275-293baee17ccd found for delete ", "request_id": "req-0a122a05-9525-4097-8c61-605c1c4f4f1b"}]}
2026-07-21 22:12:11.020 10 INFO neutron.services.segments.plugin [-] Segment e8c3d0af-560c-426d-8275-293baee17ccd resource provider not found; error: Placement Client Error (4xx): {"errors": [{"status": 404, "title": "Not Found", "detail": "The resource could not be found.\n\n No resource provider with uuid e8c3d0af-560c-426d-8275-293baee17ccd found for delete ", "request_id": "req-1a1a96cf-bfdf-4452-9c8f-5701f65e9d2e"}]}
2026-07-21 22:12:11.034 10 INFO neutron.wsgi [None req-5d057634-332d-4d74-9c03-3abf4e2a3155 6dbc51d4ad714a41b7f19203008b8570 ac782ae2a6d247eeb56f6ef49a7ca23b - - - -] 10.0.0.116 "DELETE /v2.0/networks/47496bd6-a893-45c3-92dc-040c88e4eb39 HTTP/1.1" status: 204 len: 168 time: 0.4656384
2026-07-21 22:12:11.077 9 INFO neutron.wsgi [None req-954adce7-afeb-4920-be93-ecd8e681b35d a84eadf7cdfa4fae926d85fd23e5ae37 99eaed1df45a4af38da926155de1c1fb - - - -] 10.0.0.116 "PUT /v2.0/routers/39af7f4c-95a4-4ce1-aef3-c93d8b074d32/remove_router_interface HTTP/1.1" status: 200 len: 503 time: 1.0420363
2026-07-21 22:12:11.105 10 INFO neutron.wsgi [None req-0d16acbf-91fa-4e7e-96dd-eccdfaa9707e a84eadf7cdfa4fae926d85fd23e5ae37 99eaed1df45a4af38da926155de1c1fb - - default default] 10.0.0.116 "GET /v2.0/ports?device_id=39af7f4c-95a4-4ce1-aef3-c93d8b074d32 HTTP/1.1" status: 200 len: 205 time: 0.0198314
2026-07-21 22:12:11.304 9 INFO neutron.db.ovn_revision_numbers_db [None req-81ba412d-d42e-4252-b65e-0141431279ac b240058b33e640b08ca027793d4a2929 7e304895c205435cba65cc2763387986 - - - -] Successfully bumped revision number for resource d4076eb1-7ffd-4325-9dbd-9ec62402cbe8 (type: ports) to 2
2026-07-21 22:12:11.400 10 WARNING neutron.scheduler.dhcp_agent_scheduler [None req-c6b3181f-92bb-47e7-8341-f63a7c5c9fb3 6dbc51d4ad714a41b7f19203008b8570 ac782ae2a6d247eeb56f6ef49a7ca23b - - - -] No more DHCP agents
2026-07-21 22:12:11.402 10 WARNING neutron.api.rpc.agentnotifiers.dhcp_rpc_agent_api [None req-c6b3181f-92bb-47e7-8341-f63a7c5c9fb3 6dbc51d4ad714a41b7f19203008b8570 ac782ae2a6d247eeb56f6ef49a7ca23b - - - -] Unable to schedule network 08d678c2-59db-4607-85f8-7157b41b2ed5: no agents available; will retry on subsequent port and subnet creation events.
2026-07-21 22:12:11.405 10 INFO neutron.wsgi [None req-5e68b24a-f5f4-49bb-8ba3-4d2d358be5a7 a84eadf7cdfa4fae926d85fd23e5ae37 99eaed1df45a4af38da926155de1c1fb - - - -] 10.0.0.116 "DELETE /v2.0/routers/39af7f4c-95a4-4ce1-aef3-c93d8b074d32 HTTP/1.1" status: 204 len: 168 time: 0.2955654 /var/lib/openstack/lib/python3.10/site-packages/pycadf/identifier.py:71: UserWarning: Invalid uuid: neutron. To ensure interoperability, identifiers should be a valid uuid. warnings.warn(('Invalid uuid: %s. To ensure interoperability, '
2026-07-21 22:12:11.466 10 INFO neutron.db.ovn_revision_numbers_db [None req-c6b3181f-92bb-47e7-8341-f63a7c5c9fb3 6dbc51d4ad714a41b7f19203008b8570 ac782ae2a6d247eeb56f6ef49a7ca23b - - - -] Successfully bumped revision number for resource 205c4554-f784-4e61-81dd-155adc961c6f (type: ports) to 1
2026-07-21 22:12:11.489 10 INFO neutron.wsgi [None req-c6b3181f-92bb-47e7-8341-f63a7c5c9fb3 6dbc51d4ad714a41b7f19203008b8570 ac782ae2a6d247eeb56f6ef49a7ca23b - - - -] 10.0.0.116 "POST /v2.0/ports HTTP/1.1" status: 201 len: 978 time: 0.4450045 /var/lib/openstack/lib/python3.10/site-packages/pycadf/identifier.py:71: UserWarning: Invalid uuid: neutron. To ensure interoperability, identifiers should be a valid uuid. warnings.warn(('Invalid uuid: %s. To ensure interoperability, '
2026-07-21 22:12:11.525 9 INFO neutron.db.ovn_revision_numbers_db [None req-81ba412d-d42e-4252-b65e-0141431279ac b240058b33e640b08ca027793d4a2929 7e304895c205435cba65cc2763387986 - - - -] Successfully bumped revision number for resource d4076eb1-7ffd-4325-9dbd-9ec62402cbe8 (type: ports) to 2
2026-07-21 22:12:11.549 9 INFO neutron.wsgi [None req-81ba412d-d42e-4252-b65e-0141431279ac b240058b33e640b08ca027793d4a2929 7e304895c205435cba65cc2763387986 - - - -] 199.19.213.130 "PUT /v2.0/ports/d4076eb1-7ffd-4325-9dbd-9ec62402cbe8 HTTP/1.1" status: 200 len: 1332 time: 0.7205148 /var/lib/openstack/lib/python3.10/site-packages/pycadf/identifier.py:71: UserWarning: Invalid uuid: neutron. To ensure interoperability, identifiers should be a valid uuid. warnings.warn(('Invalid uuid: %s. To ensure interoperability, '
2026-07-21 22:12:11.591 9 INFO neutron.notifiers.nova [-] Nova event matching ['req-f1bb43c1-9632-428a-ad1e-5fb9ac1f0d19'] response: {'name': 'network-changed', 'server_uuid': '0d2e1709-ee05-4eb3-bd4f-0272e0662759', 'tag': 'd4076eb1-7ffd-4325-9dbd-9ec62402cbe8', 'status': 'completed', 'code': 200}
2026-07-21 22:12:11.616 9 INFO neutron.wsgi [req-7ddd159d-a0d1-494f-825e-2f417daaae78 req-a8bc8ab7-521c-481d-97f6-8e0cf51219b4 b240058b33e640b08ca027793d4a2929 7e304895c205435cba65cc2763387986 - - 5fa42b4933be45809bb7aed0a16706c5 5fa42b4933be45809bb7aed0a16706c5] 199.19.213.130 "GET /v2.0/ports?tenant_id=954cc051fd7047b2b47a0d364ec860f7&device_id=0d2e1709-ee05-4eb3-bd4f-0272e0662759 HTTP/1.1" status: 200 len: 1363 time: 0.0348809
2026-07-21 22:12:11.646 9 INFO neutron.wsgi [None req-b0adcd0e-537d-4268-ae44-c912b9af7fdc a84eadf7cdfa4fae926d85fd23e5ae37 99eaed1df45a4af38da926155de1c1fb - - - -] 10.0.0.116 "DELETE /v2.0/subnets/b8f58ab8-cf4c-4711-80b7-c2d43dba499b HTTP/1.1" status: 204 len: 168 time: 0.2328408
2026-07-21 22:12:11.663 9 INFO neutron.wsgi [req-7ddd159d-a0d1-494f-825e-2f417daaae78 req-aff22691-3273-416b-a28f-7a1099185d94 b240058b33e640b08ca027793d4a2929 7e304895c205435cba65cc2763387986 - - 5fa42b4933be45809bb7aed0a16706c5 5fa42b4933be45809bb7aed0a16706c5] 199.19.213.130 "GET /v2.0/floatingips?fixed_ip_address=10.100.0.13&port_id=d4076eb1-7ffd-4325-9dbd-9ec62402cbe8 HTTP/1.1" status: 200 len: 217 time: 0.0370016
2026-07-21 22:12:11.713 10 INFO neutron.db.ovn_revision_numbers_db [None req-323a8f19-678b-4482-984a-930536ac7b00 6dbc51d4ad714a41b7f19203008b8570 ac782ae2a6d247eeb56f6ef49a7ca23b - - - -] Successfully bumped revision number for resource 205c4554-f784-4e61-81dd-155adc961c6f (type: ports) to 2
2026-07-21 22:12:11.718 9 INFO neutron.wsgi [req-7ddd159d-a0d1-494f-825e-2f417daaae78 req-24b7c853-7903-42b8-bb8d-3f3d44fe4a4c b240058b33e640b08ca027793d4a2929 7e304895c205435cba65cc2763387986 - - 5fa42b4933be45809bb7aed0a16706c5 5fa42b4933be45809bb7aed0a16706c5] 199.19.213.130 "GET /v2.0/subnets?id=483ce789-9a1c-4001-9926-58f9df33166f HTTP/1.1" status: 200 len: 869 time: 0.0481927
2026-07-21 22:12:11.726 10 INFO neutron.wsgi [None req-323a8f19-678b-4482-984a-930536ac7b00 6dbc51d4ad714a41b7f19203008b8570 ac782ae2a6d247eeb56f6ef49a7ca23b - - - -] 10.0.0.116 "PUT /v2.0/ports/205c4554-f784-4e61-81dd-155adc961c6f HTTP/1.1" status: 200 len: 946 time: 0.2313905 /var/lib/openstack/lib/python3.10/site-packages/pycadf/identifier.py:71: UserWarning: Invalid uuid: neutron. To ensure interoperability, identifiers should be a valid uuid. warnings.warn(('Invalid uuid: %s. To ensure interoperability, '
2026-07-21 22:12:11.750 9 INFO neutron.wsgi [req-7ddd159d-a0d1-494f-825e-2f417daaae78 req-bc916369-6b31-413c-867e-c446d91d8db8 b240058b33e640b08ca027793d4a2929 7e304895c205435cba65cc2763387986 - - 5fa42b4933be45809bb7aed0a16706c5 5fa42b4933be45809bb7aed0a16706c5] 199.19.213.130 "GET /v2.0/ports?network_id=f20fa6bb-e91d-4d9e-acd2-234c5308438c&device_owner=network%3Adhcp HTTP/1.1" status: 200 len: 210 time: 0.0264187
2026-07-21 22:12:11.832 9 INFO neutron.wsgi [req-7ddd159d-a0d1-494f-825e-2f417daaae78 req-5d3f384d-683c-4708-93f7-011ef62aa636 b240058b33e640b08ca027793d4a2929 7e304895c205435cba65cc2763387986 - - 5fa42b4933be45809bb7aed0a16706c5 5fa42b4933be45809bb7aed0a16706c5] 199.19.213.130 "GET /v2.0/networks/f20fa6bb-e91d-4d9e-acd2-234c5308438c?fields=segments HTTP/1.1" status: 200 len: 212 time: 0.0757768
2026-07-21 22:12:11.994 10 INFO neutron.wsgi [None req-dff35098-1f81-4cde-bb9a-2d2df7f4ece3 6dbc51d4ad714a41b7f19203008b8570 ac782ae2a6d247eeb56f6ef49a7ca23b - - - -] 10.0.0.116 "DELETE /v2.0/ports/205c4554-f784-4e61-81dd-155adc961c6f HTTP/1.1" status: 204 len: 168 time: 0.2646706
2026-07-21 22:12:12.037 10 INFO neutron.wsgi [req-21a4ab4d-ff4a-42f8-9da4-65746978879d req-b134bffe-6df0-4a32-8861-1929d7e229ea a04f1414973c4338830bc716a45593dd 954cc051fd7047b2b47a0d364ec860f7 - - default default] 10.0.0.62 "GET /v2.0/ports?device_id=0d2e1709-ee05-4eb3-bd4f-0272e0662759 HTTP/1.1" status: 200 len: 1172 time: 0.0588014
2026-07-21 22:12:12.092 10 INFO neutron.wsgi [req-21a4ab4d-ff4a-42f8-9da4-65746978879d req-ff541956-748a-4029-b72c-64637bbde414 a04f1414973c4338830bc716a45593dd 954cc051fd7047b2b47a0d364ec860f7 - - default default] 10.0.0.62 "GET /v2.0/security-groups?id=6bda445e-a365-4d5e-8299-3f53b8ff07da&fields=id&fields=name HTTP/1.1" status: 200 len: 312 time: 0.0478394
2026-07-21 22:12:12.099 10 INFO neutron.wsgi [None req-9ae07b0f-f2b4-475c-a16f-baef3eda8bc8 6dbc51d4ad714a41b7f19203008b8570 ac782ae2a6d247eeb56f6ef49a7ca23b - - default default] 10.0.0.116 "GET /v2.0/ports HTTP/1.1" status: 200 len: 1732 time: 0.0932314
2026-07-21 22:12:12.133 10 INFO neutron.pecan_wsgi.hooks.translation [None req-7d05b0b7-e4bb-4e06-8728-08f5a23d9b64 6dbc51d4ad714a41b7f19203008b8570 ac782ae2a6d247eeb56f6ef49a7ca23b - - default default] GET failed (client error): The resource could not be found.
2026-07-21 22:12:12.134 10 INFO neutron.wsgi [None req-7d05b0b7-e4bb-4e06-8728-08f5a23d9b64 6dbc51d4ad714a41b7f19203008b8570 ac782ae2a6d247eeb56f6ef49a7ca23b - - default default] 10.0.0.116 "GET /v2.0/ports/205c4554-f784-4e61-81dd-155adc961c6f HTTP/1.1" status: 404 len: 333 time: 0.0205245
2026-07-21 22:12:12.171 10 INFO neutron.wsgi [None req-1082a8b2-0e72-460c-8f93-b08c1cc709b1 6dbc51d4ad714a41b7f19203008b8570 ac782ae2a6d247eeb56f6ef49a7ca23b - - default default] 10.0.0.116 "GET /v2.0/ports HTTP/1.1" status: 200 len: 1732 time: 0.0305870
2026-07-21 22:12:12.171 9 INFO neutron.wsgi [req-7ddd159d-a0d1-494f-825e-2f417daaae78 req-1917830a-ec96-4447-980e-b9476d3a84d9 b240058b33e640b08ca027793d4a2929 7e304895c205435cba65cc2763387986 - - 5fa42b4933be45809bb7aed0a16706c5 5fa42b4933be45809bb7aed0a16706c5] 199.19.213.130 "GET /v2.0/networks/f20fa6bb-e91d-4d9e-acd2-234c5308438c?fields=provider%3Aphysical_network&fields=provider%3Anetwork_type HTTP/1.1" status: 200 len: 277 time: 0.3266311
2026-07-21 22:12:12.280 9 INFO neutron.wsgi [req-923a2f72-781c-4699-91d7-a484a5504a48 req-759be1dd-4a92-4f1d-86bf-bc986d6bbfee b240058b33e640b08ca027793d4a2929 7e304895c205435cba65cc2763387986 - - 5fa42b4933be45809bb7aed0a16706c5 5fa42b4933be45809bb7aed0a16706c5] 199.19.213.130 "GET /v2.0/ports?tenant_id=954cc051fd7047b2b47a0d364ec860f7&device_id=0d2e1709-ee05-4eb3-bd4f-0272e0662759 HTTP/1.1" status: 200 len: 1363 time: 0.0654817
2026-07-21 22:12:12.303 9 INFO neutron.wsgi [None req-4daf3932-8a03-47d2-a86b-1fa71ca7a28c 6dbc51d4ad714a41b7f19203008b8570 ac782ae2a6d247eeb56f6ef49a7ca23b - - default default] 10.0.0.116 "GET /v2.0/ports/56889d20-abf9-4097-9d38-1fb4e1593c4f HTTP/1.1" status: 200 len: 972 time: 0.1246107
2026-07-21 22:12:12.330 10 INFO neutron.pecan_wsgi.hooks.translation [None req-1d562fa5-2e12-40c6-a43a-c1f250133f95 6dbc51d4ad714a41b7f19203008b8570 ac782ae2a6d247eeb56f6ef49a7ca23b - - - -] DELETE failed (client error): The resource could not be found.
2026-07-21 22:12:12.332 10 INFO neutron.wsgi [None req-1d562fa5-2e12-40c6-a43a-c1f250133f95 6dbc51d4ad714a41b7f19203008b8570 ac782ae2a6d247eeb56f6ef49a7ca23b - - - -] 10.0.0.116 "DELETE /v2.0/ports/006f6f5a-5ddc-4f86-9fff-3578f9749546 HTTP/1.1" status: 404 len: 333 time: 0.0202389
2026-07-21 22:12:12.367 10 INFO neutron.pecan_wsgi.hooks.translation [None req-25ccebba-d6d1-48ba-aa10-9ad4574a10ae 6dbc51d4ad714a41b7f19203008b8570 ac782ae2a6d247eeb56f6ef49a7ca23b - - - -] DELETE failed (client error): The resource could not be found.
2026-07-21 22:12:12.370 10 INFO neutron.wsgi [None req-25ccebba-d6d1-48ba-aa10-9ad4574a10ae 6dbc51d4ad714a41b7f19203008b8570 ac782ae2a6d247eeb56f6ef49a7ca23b - - - -] 10.0.0.116 "DELETE /v2.0/subnets/f689d5e7-5843-48f9-b33b-7d4c5469886a HTTP/1.1" status: 404 len: 337 time: 0.0328491
2026-07-21 22:12:12.404 10 INFO neutron.pecan_wsgi.hooks.translation [None req-c1a56ce0-0f32-44ed-95c5-447f94279ae2 6dbc51d4ad714a41b7f19203008b8570 ac782ae2a6d247eeb56f6ef49a7ca23b - - - -] DELETE failed (client error): The resource could not be found.
2026-07-21 22:12:12.406 10 INFO neutron.wsgi [None req-c1a56ce0-0f32-44ed-95c5-447f94279ae2 6dbc51d4ad714a41b7f19203008b8570 ac782ae2a6d247eeb56f6ef49a7ca23b - - - -] 10.0.0.116 "DELETE /v2.0/subnets/27ab37a3-a038-4255-947b-68efb8d38be1 HTTP/1.1" status: 404 len: 337 time: 0.0301535
2026-07-21 22:12:12.415 9 INFO neutron.wsgi [req-923a2f72-781c-4699-91d7-a484a5504a48 req-a603bdd6-91e7-4d1a-843f-9b980aa8e485 b240058b33e640b08ca027793d4a2929 7e304895c205435cba65cc2763387986 - - 5fa42b4933be45809bb7aed0a16706c5 5fa42b4933be45809bb7aed0a16706c5] 199.19.213.130 "GET /v2.0/networks?id=f20fa6bb-e91d-4d9e-acd2-234c5308438c HTTP/1.1" status: 200 len: 973 time: 0.1201992
2026-07-21 22:12:12.481 9 INFO neutron.services.segments.plugin [-] Segment 00a68de8-2595-4e05-a508-6497adb5107f resource provider aggregate not found
2026-07-21 22:12:12.487 9 INFO neutron.services.segments.plugin [-] Segment 00a68de8-2595-4e05-a508-6497adb5107f resource provider aggregate not found
2026-07-21 22:12:12.495 9 INFO neutron.wsgi [req-923a2f72-781c-4699-91d7-a484a5504a48 req-c1b262f4-a2e1-400f-9e60-880978ade5ff b240058b33e640b08ca027793d4a2929 7e304895c205435cba65cc2763387986 - - 5fa42b4933be45809bb7aed0a16706c5 5fa42b4933be45809bb7aed0a16706c5] 199.19.213.130 "GET /v2.0/floatingips?fixed_ip_address=10.100.0.13&port_id=d4076eb1-7ffd-4325-9dbd-9ec62402cbe8 HTTP/1.1" status: 200 len: 217 time: 0.0710897
2026-07-21 22:12:12.523 9 INFO neutron.services.segments.plugin [-] Segment 00a68de8-2595-4e05-a508-6497adb5107f resource provider not found; error: Placement Client Error (4xx): {"errors": [{"status": 404, "title": "Not Found", "detail": "The resource could not be found.\n\n No resource provider with uuid 00a68de8-2595-4e05-a508-6497adb5107f found for delete ", "request_id": "req-8829f4e1-7c40-4c94-a25b-5fc56bb88ea0"}]}
2026-07-21 22:12:12.523 9 INFO neutron.services.segments.plugin [-] Segment 00a68de8-2595-4e05-a508-6497adb5107f resource provider not found; error: Placement Client Error (4xx): {"errors": [{"status": 404, "title": "Not Found", "detail": "The resource could not be found.\n\n No resource provider with uuid 00a68de8-2595-4e05-a508-6497adb5107f found for delete ", "request_id": "req-7ceaa28e-7eaf-41a4-9faa-84ca9f97846a"}]}
2026-07-21 22:12:12.561 9 INFO neutron.wsgi [req-923a2f72-781c-4699-91d7-a484a5504a48 req-3384cca9-41fc-44f0-ad1d-6ca9aea72e9c b240058b33e640b08ca027793d4a2929 7e304895c205435cba65cc2763387986 - - 5fa42b4933be45809bb7aed0a16706c5 5fa42b4933be45809bb7aed0a16706c5] 199.19.213.130 "GET /v2.0/subnets?id=483ce789-9a1c-4001-9926-58f9df33166f HTTP/1.1" status: 200 len: 869 time: 0.0563331
2026-07-21 22:12:12.570 9 INFO neutron.wsgi [None req-48d5fea7-839d-4a51-9ff1-bf62997885cf a84eadf7cdfa4fae926d85fd23e5ae37 99eaed1df45a4af38da926155de1c1fb - - - -] 10.0.0.116 "DELETE /v2.0/networks/e778f880-cf70-4967-b832-b3d353f37e24 HTTP/1.1" status: 204 len: 168 time: 0.9121854
2026-07-21 22:12:12.601 9 INFO neutron.wsgi [req-923a2f72-781c-4699-91d7-a484a5504a48 req-79d7af4d-ad30-4763-a49d-453418ea0830 b240058b33e640b08ca027793d4a2929 7e304895c205435cba65cc2763387986 - - 5fa42b4933be45809bb7aed0a16706c5 5fa42b4933be45809bb7aed0a16706c5] 199.19.213.130 "GET /v2.0/ports?network_id=f20fa6bb-e91d-4d9e-acd2-234c5308438c&device_owner=network%3Adhcp HTTP/1.1" status: 200 len: 210 time: 0.0295575
2026-07-21 22:12:12.697 9 INFO neutron.wsgi [req-923a2f72-781c-4699-91d7-a484a5504a48 req-990caaca-df8a-441d-8674-d168d6f82e6c b240058b33e640b08ca027793d4a2929 7e304895c205435cba65cc2763387986 - - 5fa42b4933be45809bb7aed0a16706c5 5fa42b4933be45809bb7aed0a16706c5] 199.19.213.130 "GET /v2.0/networks/f20fa6bb-e91d-4d9e-acd2-234c5308438c?fields=segments HTTP/1.1" status: 200 len: 212 time: 0.0884521
2026-07-21 22:12:12.702 10 INFO neutron.wsgi [None req-80839e43-4df1-4a4e-877b-eae0dd162139 6dbc51d4ad714a41b7f19203008b8570 ac782ae2a6d247eeb56f6ef49a7ca23b - - - -] 10.0.0.116 "DELETE /v2.0/ports/56889d20-abf9-4097-9d38-1fb4e1593c4f HTTP/1.1" status: 204 len: 168 time: 0.2896318
2026-07-21 22:12:12.809 9 INFO neutron.wsgi [req-923a2f72-781c-4699-91d7-a484a5504a48 req-d64091af-c94f-4fb3-9032-eac4bd79916b b240058b33e640b08ca027793d4a2929 7e304895c205435cba65cc2763387986 - - 5fa42b4933be45809bb7aed0a16706c5 5fa42b4933be45809bb7aed0a16706c5] 199.19.213.130 "GET /v2.0/networks/f20fa6bb-e91d-4d9e-acd2-234c5308438c?fields=provider%3Aphysical_network&fields=provider%3Anetwork_type HTTP/1.1" status: 200 len: 277 time: 0.0971014
2026-07-21 22:12:13.141 9 WARNING neutron.scheduler.dhcp_agent_scheduler [None req-12120e74-98ee-4997-804f-b46bc06b622f a84eadf7cdfa4fae926d85fd23e5ae37 99eaed1df45a4af38da926155de1c1fb - - - -] No more DHCP agents
2026-07-21 22:12:13.142 9 WARNING neutron.api.rpc.agentnotifiers.dhcp_rpc_agent_api [None req-12120e74-98ee-4997-804f-b46bc06b622f a84eadf7cdfa4fae926d85fd23e5ae37 99eaed1df45a4af38da926155de1c1fb - - - -] Unable to schedule network 526b6b94-2985-444b-8360-bdb71d9ad5a1: no agents available; will retry on subsequent port and subnet creation events.
2026-07-21 22:12:13.221 10 INFO neutron.wsgi [req-1b4269f1-149f-4be0-a5de-621e2871da3e req-c7c6c75b-344b-4362-972c-b0df4b7b009f a04f1414973c4338830bc716a45593dd 954cc051fd7047b2b47a0d364ec860f7 - - default default] 10.0.0.62 "GET /v2.0/ports?device_id=0d2e1709-ee05-4eb3-bd4f-0272e0662759 HTTP/1.1" status: 200 len: 1172 time: 0.0472059
2026-07-21 22:12:13.278 10 INFO neutron.wsgi [req-1b4269f1-149f-4be0-a5de-621e2871da3e req-667391c2-a085-4747-8bd4-87568ab9eeaf a04f1414973c4338830bc716a45593dd 954cc051fd7047b2b47a0d364ec860f7 - - default default] 10.0.0.62 "GET /v2.0/security-groups?id=6bda445e-a365-4d5e-8299-3f53b8ff07da&fields=id&fields=name HTTP/1.1" status: 200 len: 312 time: 0.0505424
2026-07-21 22:12:13.324 9 INFO neutron.db.ovn_revision_numbers_db [None req-12120e74-98ee-4997-804f-b46bc06b622f a84eadf7cdfa4fae926d85fd23e5ae37 99eaed1df45a4af38da926155de1c1fb - - - -] Successfully bumped revision number for resource 0888ab4e-8b18-4e61-9dbd-48151bd796f9 (type: ports) to 1
2026-07-21 22:12:13.355 10 INFO neutron.services.segments.plugin [-] Segment ffcc5f4a-1346-4bd1-a3b3-3d48d7a09db3 resource provider aggregate not found
2026-07-21 22:12:13.361 10 INFO neutron.services.segments.plugin [-] Segment ffcc5f4a-1346-4bd1-a3b3-3d48d7a09db3 resource provider aggregate not found
2026-07-21 22:12:13.388 10 INFO neutron.services.segments.plugin [-] Segment ffcc5f4a-1346-4bd1-a3b3-3d48d7a09db3 resource provider not found; error: Placement Client Error (4xx): {"errors": [{"status": 404, "title": "Not Found", "detail": "The resource could not be found.\n\n No resource provider with uuid ffcc5f4a-1346-4bd1-a3b3-3d48d7a09db3 found for delete ", "request_id": "req-c943ebe2-5ac3-4f3a-bc13-a92a1b752432"}]}
2026-07-21 22:12:13.389 10 INFO neutron.services.segments.plugin [-] Segment ffcc5f4a-1346-4bd1-a3b3-3d48d7a09db3 resource provider not found; error: Placement Client Error (4xx): {"errors": [{"status": 404, "title": "Not Found", "detail": "The resource could not be found.\n\n No resource provider with uuid ffcc5f4a-1346-4bd1-a3b3-3d48d7a09db3 found for delete ", "request_id": "req-4bca9f50-37b5-426f-bc5c-dc21d79f38c1"}]}
2026-07-21 22:12:13.416 10 INFO neutron.wsgi [None req-2c1c1288-2f7f-4612-b3ca-99e82cdab6b0 6dbc51d4ad714a41b7f19203008b8570 ac782ae2a6d247eeb56f6ef49a7ca23b - - - -] 10.0.0.116 "DELETE /v2.0/networks/08d678c2-59db-4607-85f8-7157b41b2ed5 HTTP/1.1" status: 204 len: 168 time: 0.7100365
2026-07-21 22:12:13.948 9 INFO neutron.db.ovn_revision_numbers_db [None req-12120e74-98ee-4997-804f-b46bc06b622f a84eadf7cdfa4fae926d85fd23e5ae37 99eaed1df45a4af38da926155de1c1fb - - - -] Successfully bumped revision number for resource 0888ab4e-8b18-4e61-9dbd-48151bd796f9 (type: router_ports) to 1
2026-07-21 22:12:14.006 10 INFO neutron.wsgi [None req-0063263e-0d01-4380-97a4-9b9620f40b86 a179550bd99a4fd6af3a5e6f28150aeb 9e55c4fc1fa7418d8af6eabbdbfc05de - - default default] 10.0.0.116 "GET /v2.0/security-groups?tenant_id=ac782ae2a6d247eeb56f6ef49a7ca23b&name=default HTTP/1.1" status: 200 len: 2996 time: 0.1351221
2026-07-21 22:12:14.020 9 INFO neutron.db.ovn_revision_numbers_db [None req-12120e74-98ee-4997-804f-b46bc06b622f a84eadf7cdfa4fae926d85fd23e5ae37 99eaed1df45a4af38da926155de1c1fb - - - -] Successfully bumped revision number for resource b7a68135-f32b-40e4-82ce-7f7715a903f6 (type: routers) to 3
2026-07-21 22:12:14.039 9 INFO neutron.wsgi [None req-12120e74-98ee-4997-804f-b46bc06b622f a84eadf7cdfa4fae926d85fd23e5ae37 99eaed1df45a4af38da926155de1c1fb - - - -] 10.0.0.116 "POST /v2.0/routers HTTP/1.1" status: 201 len: 867 time: 1.4611158
2026-07-21 22:12:14.112 9 INFO neutron.wsgi [None req-e700cb75-50b5-498c-95f6-c9c0f7a91c01 a84eadf7cdfa4fae926d85fd23e5ae37 99eaed1df45a4af38da926155de1c1fb - - default default] 10.0.0.116 "GET /v2.0/routers/b7a68135-f32b-40e4-82ce-7f7715a903f6 HTTP/1.1" status: 200 len: 868 time: 0.0682561
2026-07-21 22:12:14.183 10 INFO neutron.wsgi [None req-5ddfd49b-7174-4583-8722-152bd379cbb6 a179550bd99a4fd6af3a5e6f28150aeb 9e55c4fc1fa7418d8af6eabbdbfc05de - - - -] 10.0.0.116 "DELETE /v2.0/security-groups/2fcc30c8-d78e-4514-a212-fd1e43cd40a1 HTTP/1.1" status: 204 len: 168 time: 0.1682730
2026-07-21 22:12:14.184 9 INFO neutron.wsgi [None req-600d4cb9-2084-4305-aa28-35ebab87b508 a84eadf7cdfa4fae926d85fd23e5ae37 99eaed1df45a4af38da926155de1c1fb - - default default] 10.0.0.116 "GET /v2.0/routers HTTP/1.1" status: 200 len: 871 time: 0.0666194
2026-07-21 22:12:14.428 10 INFO neutron.wsgi [req-53879c98-3ee9-4df6-85d1-48fcd50c5cd0 req-e949063e-8677-48b6-a60a-589bbcdd0aaa a04f1414973c4338830bc716a45593dd 954cc051fd7047b2b47a0d364ec860f7 - - default default] 10.0.0.62 "GET /v2.0/ports?device_id=0d2e1709-ee05-4eb3-bd4f-0272e0662759 HTTP/1.1" status: 200 len: 1172 time: 0.0910330
2026-07-21 22:12:14.474 10 INFO neutron.wsgi [req-53879c98-3ee9-4df6-85d1-48fcd50c5cd0 req-74f214a1-7abf-484b-b95c-4bd48f8905bd a04f1414973c4338830bc716a45593dd 954cc051fd7047b2b47a0d364ec860f7 - - default default] 10.0.0.62 "GET /v2.0/security-groups?id=6bda445e-a365-4d5e-8299-3f53b8ff07da&fields=id&fields=name HTTP/1.1" status: 200 len: 312 time: 0.0390961
2026-07-21 22:12:14.911 9 INFO neutron.db.ovn_revision_numbers_db [None req-64505eb1-8ca1-437b-b7b1-81511265b24f a84eadf7cdfa4fae926d85fd23e5ae37 99eaed1df45a4af38da926155de1c1fb - - - -] Successfully bumped revision number for resource b7a68135-f32b-40e4-82ce-7f7715a903f6 (type: routers) to 4
2026-07-21 22:12:14.915 9 INFO neutron.wsgi [None req-64505eb1-8ca1-437b-b7b1-81511265b24f a84eadf7cdfa4fae926d85fd23e5ae37 99eaed1df45a4af38da926155de1c1fb - - - -] 10.0.0.116 "PUT /v2.0/routers/b7a68135-f32b-40e4-82ce-7f7715a903f6 HTTP/1.1" status: 200 len: 875 time: 0.7255249
2026-07-21 22:12:14.986 9 INFO neutron.wsgi [None req-9a588473-1584-43f8-b08a-ad304282de12 a84eadf7cdfa4fae926d85fd23e5ae37 99eaed1df45a4af38da926155de1c1fb - - default default] 10.0.0.116 "GET /v2.0/routers/b7a68135-f32b-40e4-82ce-7f7715a903f6 HTTP/1.1" status: 200 len: 875 time: 0.0658123
2026-07-21 22:12:15.014 9 INFO neutron.wsgi [None req-1bf4ef54-743f-497c-bcc3-54dee66f0353 a84eadf7cdfa4fae926d85fd23e5ae37 99eaed1df45a4af38da926155de1c1fb - - default default] 10.0.0.116 "GET /v2.0/ports?device_id=b7a68135-f32b-40e4-82ce-7f7715a903f6 HTTP/1.1" status: 200 len: 205 time: 0.0227077
2026-07-21 22:12:15.094 9 WARNING neutron.plugins.ml2.drivers.ovn.mech_driver.ovsdb.ovn_client [None req-4cf41096-bd17-4445-8bb0-dfb4722b3ce6 - - - - - -] No port found with ID 15e3b38a-4552-420b-bb6e-a31b2be62816: RuntimeError: No port found with ID 15e3b38a-4552-420b-bb6e-a31b2be62816
