2026-07-21 22:10:27.885 10 INFO neutron.wsgi [None req-744b43ff-f884-462d-80ea-efabb4b24703 a179550bd99a4fd6af3a5e6f28150aeb 9e55c4fc1fa7418d8af6eabbdbfc05de - - default default] 10.0.0.116 "GET /v2.0/security-groups?tenant_id=4c7b97de79614ef68624eec925474598&name=default HTTP/1.1" status: 200 len: 2996 time: 0.1919377
2026-07-21 22:10:28.001 10 INFO neutron.wsgi [None req-02a505bc-607c-4191-800b-328127ed48ef a179550bd99a4fd6af3a5e6f28150aeb 9e55c4fc1fa7418d8af6eabbdbfc05de - - - -] 10.0.0.116 "DELETE /v2.0/security-groups/d83ac784-e585-4d9c-99f7-28c00ccea2c2 HTTP/1.1" status: 204 len: 168 time: 0.2721400
2026-07-21 22:10:28.118 9 WARNING neutron.scheduler.dhcp_agent_scheduler [None req-29aeb2e7-6b70-42d5-a027-bf483a2d9520 a179550bd99a4fd6af3a5e6f28150aeb 9e55c4fc1fa7418d8af6eabbdbfc05de - - - -] No more DHCP agents
2026-07-21 22:10:28.124 9 WARNING neutron.api.rpc.agentnotifiers.dhcp_rpc_agent_api [None req-29aeb2e7-6b70-42d5-a027-bf483a2d9520 a179550bd99a4fd6af3a5e6f28150aeb 9e55c4fc1fa7418d8af6eabbdbfc05de - - - -] Unable to schedule network 0fc4a83d-1136-4d2f-b939-06474778e4e1: no agents available; will retry on subsequent port and subnet creation events.
2026-07-21 22:10:28.180 9 INFO neutron.services.segments.plugin [-] Segment 08edb443-0523-4e74-9f23-de16af742fa9 resource provider aggregate not found
2026-07-21 22:10:28.198 9 INFO neutron.services.segments.plugin [-] Segment 08edb443-0523-4e74-9f23-de16af742fa9 resource provider aggregate not found
2026-07-21 22:10:28.202 9 INFO neutron.services.segments.plugin [-] Segment 08edb443-0523-4e74-9f23-de16af742fa9 resource provider not found; error: Placement Client Error (4xx): {"errors": [{"status": 404, "title": "Not Found", "detail": "The resource could not be found.\n\n No resource provider with uuid 08edb443-0523-4e74-9f23-de16af742fa9 found for delete ", "request_id": "req-09250fe7-fd92-45a2-9b03-1f3202a78625"}]}
2026-07-21 22:10:28.217 9 INFO neutron.wsgi [None req-0666b611-4b4d-4131-a003-aaf000b52dca a179550bd99a4fd6af3a5e6f28150aeb 9e55c4fc1fa7418d8af6eabbdbfc05de - - - -] 10.0.0.116 "DELETE /v2.0/security-groups/c38c8469-ace1-46c9-8480-f830ae1a8e03 HTTP/1.1" status: 204 len: 168 time: 0.3261230
2026-07-21 22:10:28.218 9 INFO neutron.services.segments.plugin [-] Segment 08edb443-0523-4e74-9f23-de16af742fa9 resource provider not found; error: Placement Client Error (4xx): {"errors": [{"status": 404, "title": "Not Found", "detail": "The resource could not be found.\n\n No resource provider with uuid 08edb443-0523-4e74-9f23-de16af742fa9 found for delete ", "request_id": "req-1f9dde9f-f608-43d5-8dc3-39a665050aa1"}]}
2026-07-21 22:10:28.469 9 WARNING neutron.plugins.ml2.drivers.ovn.mech_driver.ovsdb.ovn_client [None req-4cf41096-bd17-4445-8bb0-dfb4722b3ce6 - - - - - -] No port found with ID 5629d118-0067-41c5-a76d-b620b3ee60b9: RuntimeError: No port found with ID 5629d118-0067-41c5-a76d-b620b3ee60b9
2026-07-21 22:10:28.549 10 INFO neutron.db.ovn_revision_numbers_db [None req-c55a07fe-ebe3-445d-af12-cecf25515186 a179550bd99a4fd6af3a5e6f28150aeb 9e55c4fc1fa7418d8af6eabbdbfc05de - - default default] Successfully bumped revision number for resource 9dd8bbf0-1323-4fb8-83b5-8dc0a592e7ef (type: security_groups) to 1
2026-07-21 22:10:28.572 10 INFO neutron.wsgi [None req-c55a07fe-ebe3-445d-af12-cecf25515186 a179550bd99a4fd6af3a5e6f28150aeb 9e55c4fc1fa7418d8af6eabbdbfc05de - - default default] 10.0.0.116 "GET /v2.0/security-groups?tenant_id=04ee67b903db4c6098a7a83a30bdfefb&name=default HTTP/1.1" status: 200 len: 2996 time: 0.2579861
2026-07-21 22:10:28.618 9 INFO neutron.db.ovn_revision_numbers_db [None req-29aeb2e7-6b70-42d5-a027-bf483a2d9520 a179550bd99a4fd6af3a5e6f28150aeb 9e55c4fc1fa7418d8af6eabbdbfc05de - - - -] Successfully bumped revision number for resource d505352f-c462-4505-9ac3-80adc466de52 (type: ports) to 2
2026-07-21 22:10:28.634 9 INFO neutron.db.ovn_revision_numbers_db [None req-29aeb2e7-6b70-42d5-a027-bf483a2d9520 a179550bd99a4fd6af3a5e6f28150aeb 9e55c4fc1fa7418d8af6eabbdbfc05de - - - -] Successfully bumped revision number for resource 3a27716e-94bb-40e9-90f2-5393d41e84f3 (type: subnets) to 0
2026-07-21 22:10:28.646 9 INFO neutron.wsgi [None req-29aeb2e7-6b70-42d5-a027-bf483a2d9520 a179550bd99a4fd6af3a5e6f28150aeb 9e55c4fc1fa7418d8af6eabbdbfc05de - - - -] 10.0.0.116 "POST /v2.0/subnets HTTP/1.1" status: 201 len: 870 time: 0.7691057
2026-07-21 22:10:28.776 10 INFO neutron.wsgi [None req-4027f7c8-a598-41a9-9fbd-da94d01033b8 a179550bd99a4fd6af3a5e6f28150aeb 9e55c4fc1fa7418d8af6eabbdbfc05de - - - -] 10.0.0.116 "DELETE /v2.0/security-groups/9dd8bbf0-1323-4fb8-83b5-8dc0a592e7ef HTTP/1.1" status: 204 len: 168 time: 0.2013781
2026-07-21 22:10:29.192 9 WARNING neutron.scheduler.dhcp_agent_scheduler [None req-b3014992-5d46-489e-abba-82e0ea35fa6d a179550bd99a4fd6af3a5e6f28150aeb 9e55c4fc1fa7418d8af6eabbdbfc05de - - - -] No more DHCP agents
2026-07-21 22:10:29.193 9 WARNING neutron.api.rpc.agentnotifiers.dhcp_rpc_agent_api [None req-b3014992-5d46-489e-abba-82e0ea35fa6d a179550bd99a4fd6af3a5e6f28150aeb 9e55c4fc1fa7418d8af6eabbdbfc05de - - - -] Unable to schedule network 526b6b94-2985-444b-8360-bdb71d9ad5a1: no agents available; will retry on subsequent port and subnet creation events.
2026-07-21 22:10:29.313 9 INFO neutron.db.ovn_revision_numbers_db [None req-b3014992-5d46-489e-abba-82e0ea35fa6d a179550bd99a4fd6af3a5e6f28150aeb 9e55c4fc1fa7418d8af6eabbdbfc05de - - - -] Successfully bumped revision number for resource 5765c372-f265-467f-924e-32ebbd30b15a (type: ports) to 1
2026-07-21 22:10:29.881 10 INFO neutron.plugins.ml2.drivers.ovn.mech_driver.mech_driver [None req-58c51a0d-b544-4932-b343-a9faa2598fbf - - - - - -] OVN reports status up for port: 5765c372-f265-467f-924e-32ebbd30b15a
2026-07-21 22:10:29.882 9 INFO neutron.plugins.ml2.drivers.ovn.mech_driver.ovsdb.ovsdb_monitor [None req-ef22b0fb-5d3e-403b-aec2-8cbf41a336ee - - - - - -] Router ac987d79-4176-4b90-bc86-212ef66335b9 is bound to host instance
2026-07-21 22:10:29.884 9 INFO neutron.db.ovn_revision_numbers_db [None req-b3014992-5d46-489e-abba-82e0ea35fa6d a179550bd99a4fd6af3a5e6f28150aeb 9e55c4fc1fa7418d8af6eabbdbfc05de - - - -] Successfully bumped revision number for resource 5765c372-f265-467f-924e-32ebbd30b15a (type: router_ports) to 1
2026-07-21 22:10:29.893 10 INFO neutron.plugins.ml2.plugin [None req-58c51a0d-b544-4932-b343-a9faa2598fbf - - - - - -] Attempt 1 to provision port 5765c372-f265-467f-924e-32ebbd30b15a
2026-07-21 22:10:29.987 9 INFO neutron.db.ovn_revision_numbers_db [None req-b3014992-5d46-489e-abba-82e0ea35fa6d a179550bd99a4fd6af3a5e6f28150aeb 9e55c4fc1fa7418d8af6eabbdbfc05de - - - -] Successfully bumped revision number for resource ac987d79-4176-4b90-bc86-212ef66335b9 (type: routers) to 3
2026-07-21 22:10:30.025 9 INFO neutron.wsgi [None req-b3014992-5d46-489e-abba-82e0ea35fa6d a179550bd99a4fd6af3a5e6f28150aeb 9e55c4fc1fa7418d8af6eabbdbfc05de - - - -] 10.0.0.116 "POST /v2.0/routers HTTP/1.1" status: 201 len: 881 time: 1.3729124
2026-07-21 22:10:30.195 10 INFO neutron.db.ovn_revision_numbers_db [None req-ea8c5038-1203-43f2-afbb-aa49206da0eb a179550bd99a4fd6af3a5e6f28150aeb 9e55c4fc1fa7418d8af6eabbdbfc05de - - - -] Successfully bumped revision number for resource 6c9a8234-3374-4148-b041-1c761aa5b9c2 (type: security_groups) to 1
2026-07-21 22:10:30.241 10 INFO neutron.db.segments_db [None req-ea8c5038-1203-43f2-afbb-aa49206da0eb a179550bd99a4fd6af3a5e6f28150aeb 9e55c4fc1fa7418d8af6eabbdbfc05de - - - -] Added segment 51c96246-bbcb-49c0-b5c2-9b85a2a61da1 of type geneve for network ed2fffa9-0b42-4214-a354-0f6a81078ca0
2026-07-21 22:10:30.357 10 INFO neutron.db.ovn_revision_numbers_db [None req-ea8c5038-1203-43f2-afbb-aa49206da0eb a179550bd99a4fd6af3a5e6f28150aeb 9e55c4fc1fa7418d8af6eabbdbfc05de - - - -] Successfully bumped revision number for resource ed2fffa9-0b42-4214-a354-0f6a81078ca0 (type: networks) to 1
2026-07-21 22:10:30.528 10 WARNING neutron.scheduler.dhcp_agent_scheduler [None req-ea8c5038-1203-43f2-afbb-aa49206da0eb a179550bd99a4fd6af3a5e6f28150aeb 9e55c4fc1fa7418d8af6eabbdbfc05de - - - -] No more DHCP agents
2026-07-21 22:10:30.531 10 WARNING neutron.api.rpc.agentnotifiers.dhcp_rpc_agent_api [None req-ea8c5038-1203-43f2-afbb-aa49206da0eb a179550bd99a4fd6af3a5e6f28150aeb 9e55c4fc1fa7418d8af6eabbdbfc05de - - - -] Unable to schedule network ed2fffa9-0b42-4214-a354-0f6a81078ca0: no agents available; will retry on subsequent port and subnet creation events.
2026-07-21 22:10:30.595 10 INFO neutron.db.ovn_revision_numbers_db [None req-ea8c5038-1203-43f2-afbb-aa49206da0eb a179550bd99a4fd6af3a5e6f28150aeb 9e55c4fc1fa7418d8af6eabbdbfc05de - - - -] Successfully bumped revision number for resource 45f38ba1-6161-4689-981f-770ddcbb0472 (type: ports) to 1
2026-07-21 22:10:30.628 10 INFO neutron.wsgi [None req-ea8c5038-1203-43f2-afbb-aa49206da0eb a179550bd99a4fd6af3a5e6f28150aeb 9e55c4fc1fa7418d8af6eabbdbfc05de - - - -] 10.0.0.116 "POST /v2.0/networks HTTP/1.1" status: 201 len: 952 time: 0.8696730
2026-07-21 22:10:30.658 9 INFO neutron.db.ovn_revision_numbers_db [None req-ef22b0fb-5d3e-403b-aec2-8cbf41a336ee - - - - - -] Successfully bumped revision number for resource 5765c372-f265-467f-924e-32ebbd30b15a (type: ports) to 1
2026-07-21 22:10:30.699 9 WARNING neutron.scheduler.dhcp_agent_scheduler [None req-9d69f35c-54be-42f2-bb5b-6675d008f60e a179550bd99a4fd6af3a5e6f28150aeb 9e55c4fc1fa7418d8af6eabbdbfc05de - - default default] No more DHCP agents
2026-07-21 22:10:30.704 9 WARNING neutron.api.rpc.agentnotifiers.dhcp_rpc_agent_api [None req-9d69f35c-54be-42f2-bb5b-6675d008f60e a179550bd99a4fd6af3a5e6f28150aeb 9e55c4fc1fa7418d8af6eabbdbfc05de - - default default] Unable to schedule network 0fc4a83d-1136-4d2f-b939-06474778e4e1: no agents available; will retry on subsequent port and subnet creation events.
2026-07-21 22:10:30.774 10 WARNING neutron.scheduler.dhcp_agent_scheduler [None req-59f61aec-c119-49c7-ad46-8a51b8c28470 a179550bd99a4fd6af3a5e6f28150aeb 9e55c4fc1fa7418d8af6eabbdbfc05de - - - -] No more DHCP agents
2026-07-21 22:10:30.777 10 WARNING neutron.api.rpc.agentnotifiers.dhcp_rpc_agent_api [None req-59f61aec-c119-49c7-ad46-8a51b8c28470 a179550bd99a4fd6af3a5e6f28150aeb 9e55c4fc1fa7418d8af6eabbdbfc05de - - - -] Unable to schedule network ed2fffa9-0b42-4214-a354-0f6a81078ca0: no agents available; will retry on subsequent port and subnet creation events.
2026-07-21 22:10:30.786 9 INFO neutron.db.ovn_revision_numbers_db [None req-6907ac97-f6c5-4d27-884b-bd45d6888d51 e1b9af413293421dadd697d0c41c0be2 77dedd4a0de04635a47446e75ea456f9 - - - -] Successfully bumped revision number for resource 421e588e-24e2-4c1d-a308-fcf0e3acfed8 (type: security_groups) to 1
2026-07-21 22:10:30.864 9 INFO neutron.db.segments_db [None req-6907ac97-f6c5-4d27-884b-bd45d6888d51 e1b9af413293421dadd697d0c41c0be2 77dedd4a0de04635a47446e75ea456f9 - - - -] Added segment 2091f9df-164c-45e9-8b81-520e07db1ed7 of type geneve for network 176599b2-241d-4177-8f56-f18874021bcd
2026-07-21 22:10:31.069 9 INFO neutron.db.ovn_revision_numbers_db [None req-9d69f35c-54be-42f2-bb5b-6675d008f60e a179550bd99a4fd6af3a5e6f28150aeb 9e55c4fc1fa7418d8af6eabbdbfc05de - - default default] Successfully bumped revision number for resource 7f79ea2f-87cd-4c75-a8d9-79d75a7c580d (type: ports) to 1
2026-07-21 22:10:31.199 9 INFO neutron.db.ovn_revision_numbers_db [None req-6907ac97-f6c5-4d27-884b-bd45d6888d51 e1b9af413293421dadd697d0c41c0be2 77dedd4a0de04635a47446e75ea456f9 - - - -] Successfully bumped revision number for resource 176599b2-241d-4177-8f56-f18874021bcd (type: networks) to 1
2026-07-21 22:10:31.203 10 INFO neutron.db.ovn_revision_numbers_db [None req-59f61aec-c119-49c7-ad46-8a51b8c28470 a179550bd99a4fd6af3a5e6f28150aeb 9e55c4fc1fa7418d8af6eabbdbfc05de - - - -] Successfully bumped revision number for resource 45f38ba1-6161-4689-981f-770ddcbb0472 (type: ports) to 2
2026-07-21 22:10:31.215 10 INFO neutron.db.ovn_revision_numbers_db [None req-59f61aec-c119-49c7-ad46-8a51b8c28470 a179550bd99a4fd6af3a5e6f28150aeb 9e55c4fc1fa7418d8af6eabbdbfc05de - - - -] Successfully bumped revision number for resource 9847a49c-389a-4f0b-b579-4c7a8bc8d9d9 (type: subnets) to 0
2026-07-21 22:10:31.228 10 INFO neutron.wsgi [None req-59f61aec-c119-49c7-ad46-8a51b8c28470 a179550bd99a4fd6af3a5e6f28150aeb 9e55c4fc1fa7418d8af6eabbdbfc05de - - - -] 10.0.0.116 "POST /v2.0/subnets HTTP/1.1" status: 201 len: 873 time: 0.5965214
2026-07-21 22:10:31.253 9 INFO neutron.db.ovn_revision_numbers_db [None req-ef22b0fb-5d3e-403b-aec2-8cbf41a336ee - - - - - -] Successfully bumped revision number for resource 5765c372-f265-467f-924e-32ebbd30b15a (type: router_ports) to 3
2026-07-21 22:10:31.523 9 WARNING neutron.scheduler.dhcp_agent_scheduler [None req-6907ac97-f6c5-4d27-884b-bd45d6888d51 e1b9af413293421dadd697d0c41c0be2 77dedd4a0de04635a47446e75ea456f9 - - - -] No more DHCP agents
2026-07-21 22:10:31.530 9 WARNING neutron.api.rpc.agentnotifiers.dhcp_rpc_agent_api [None req-6907ac97-f6c5-4d27-884b-bd45d6888d51 e1b9af413293421dadd697d0c41c0be2 77dedd4a0de04635a47446e75ea456f9 - - - -] Unable to schedule network 176599b2-241d-4177-8f56-f18874021bcd: no agents available; will retry on subsequent port and subnet creation events.
2026-07-21 22:10:31.555 9 INFO neutron.db.ovn_revision_numbers_db [None req-ef22b0fb-5d3e-403b-aec2-8cbf41a336ee - - - - - -] Successfully bumped revision number for resource 5765c372-f265-467f-924e-32ebbd30b15a (type: ports) to 2
2026-07-21 22:10:31.636 9 INFO neutron.db.ovn_revision_numbers_db [None req-6907ac97-f6c5-4d27-884b-bd45d6888d51 e1b9af413293421dadd697d0c41c0be2 77dedd4a0de04635a47446e75ea456f9 - - - -] Successfully bumped revision number for resource 535bfdca-8ee1-4267-add7-325c05acf39d (type: ports) to 1
2026-07-21 22:10:31.671 10 WARNING neutron.scheduler.dhcp_agent_scheduler [None req-ea9635c0-7ad8-4c58-913b-6e16ee9197fd a179550bd99a4fd6af3a5e6f28150aeb 9e55c4fc1fa7418d8af6eabbdbfc05de - - - -] No more DHCP agents
2026-07-21 22:10:31.673 10 WARNING neutron.api.rpc.agentnotifiers.dhcp_rpc_agent_api [None req-ea9635c0-7ad8-4c58-913b-6e16ee9197fd a179550bd99a4fd6af3a5e6f28150aeb 9e55c4fc1fa7418d8af6eabbdbfc05de - - - -] Unable to schedule network 526b6b94-2985-444b-8360-bdb71d9ad5a1: no agents available; will retry on subsequent port and subnet creation events.
2026-07-21 22:10:31.806 10 INFO neutron.db.ovn_revision_numbers_db [None req-ea9635c0-7ad8-4c58-913b-6e16ee9197fd a179550bd99a4fd6af3a5e6f28150aeb 9e55c4fc1fa7418d8af6eabbdbfc05de - - - -] Successfully bumped revision number for resource c1dd2394-b292-4f51-b970-f16baf12e5a1 (type: ports) to 1
2026-07-21 22:10:31.816 9 INFO neutron.wsgi [None req-6907ac97-f6c5-4d27-884b-bd45d6888d51 e1b9af413293421dadd697d0c41c0be2 77dedd4a0de04635a47446e75ea456f9 - - - -] 10.0.0.116 "POST /v2.0/networks HTTP/1.1" status: 201 len: 849 time: 1.4219511
2026-07-21 22:10:31.900 9 INFO neutron.plugins.ml2.drivers.ovn.mech_driver.mech_driver [None req-4cf41096-bd17-4445-8bb0-dfb4722b3ce6 - - - - - -] OVN reports status up for port: 7f79ea2f-87cd-4c75-a8d9-79d75a7c580d
2026-07-21 22:10:31.914 9 INFO neutron.plugins.ml2.plugin [None req-4cf41096-bd17-4445-8bb0-dfb4722b3ce6 - - - - - -] Attempt 1 to provision port 7f79ea2f-87cd-4c75-a8d9-79d75a7c580d
2026-07-21 22:10:31.915 9 INFO neutron.db.ovn_revision_numbers_db [None req-9d69f35c-54be-42f2-bb5b-6675d008f60e a179550bd99a4fd6af3a5e6f28150aeb 9e55c4fc1fa7418d8af6eabbdbfc05de - - default default] Successfully bumped revision number for resource 7f79ea2f-87cd-4c75-a8d9-79d75a7c580d (type: router_ports) to 2
2026-07-21 22:10:32.032 9 INFO neutron.db.ovn_revision_numbers_db [None req-ef22b0fb-5d3e-403b-aec2-8cbf41a336ee - - - - - -] Successfully bumped revision number for resource 5765c372-f265-467f-924e-32ebbd30b15a (type: ports) to 4
2026-07-21 22:10:32.179 9 INFO neutron.db.ovn_revision_numbers_db [None req-9d69f35c-54be-42f2-bb5b-6675d008f60e a179550bd99a4fd6af3a5e6f28150aeb 9e55c4fc1fa7418d8af6eabbdbfc05de - - default default] Successfully bumped revision number for resource 7f79ea2f-87cd-4c75-a8d9-79d75a7c580d (type: ports) to 2
2026-07-21 22:10:32.317 10 WARNING neutron.scheduler.dhcp_agent_scheduler [None req-c7ecbf13-a50b-4a75-b183-d08eaed19ba5 e1b9af413293421dadd697d0c41c0be2 77dedd4a0de04635a47446e75ea456f9 - - - -] No more DHCP agents
2026-07-21 22:10:32.320 10 WARNING neutron.api.rpc.agentnotifiers.dhcp_rpc_agent_api [None req-c7ecbf13-a50b-4a75-b183-d08eaed19ba5 e1b9af413293421dadd697d0c41c0be2 77dedd4a0de04635a47446e75ea456f9 - - - -] Unable to schedule network 176599b2-241d-4177-8f56-f18874021bcd: no agents available; will retry on subsequent port and subnet creation events.
2026-07-21 22:10:32.332 10 INFO neutron.db.ovn_revision_numbers_db [None req-c7ecbf13-a50b-4a75-b183-d08eaed19ba5 e1b9af413293421dadd697d0c41c0be2 77dedd4a0de04635a47446e75ea456f9 - - - -] Successfully bumped revision number for resource bf9b2ffb-331b-4bff-90a2-381e8108a33d (type: subnets) to 0
2026-07-21 22:10:32.343 9 WARNING neutron.scheduler.dhcp_agent_scheduler [None req-9d69f35c-54be-42f2-bb5b-6675d008f60e a179550bd99a4fd6af3a5e6f28150aeb 9e55c4fc1fa7418d8af6eabbdbfc05de - - default default] No more DHCP agents
2026-07-21 22:10:32.348 10 INFO neutron.wsgi [None req-c7ecbf13-a50b-4a75-b183-d08eaed19ba5 e1b9af413293421dadd697d0c41c0be2 77dedd4a0de04635a47446e75ea456f9 - - - -] 10.0.0.116 "POST /v2.0/subnets HTTP/1.1" status: 201 len: 802 time: 0.5164146
2026-07-21 22:10:32.358 9 WARNING neutron.api.rpc.agentnotifiers.dhcp_rpc_agent_api [None req-9d69f35c-54be-42f2-bb5b-6675d008f60e a179550bd99a4fd6af3a5e6f28150aeb 9e55c4fc1fa7418d8af6eabbdbfc05de - - default default] Unable to schedule network 0fc4a83d-1136-4d2f-b939-06474778e4e1: no agents available; will retry on subsequent port and subnet creation events.
2026-07-21 22:10:32.413 9 INFO neutron.db.ovn_revision_numbers_db [None req-4cf41096-bd17-4445-8bb0-dfb4722b3ce6 - - - - - -] Successfully bumped revision number for resource 7f79ea2f-87cd-4c75-a8d9-79d75a7c580d (type: ports) to 3
2026-07-21 22:10:32.430 9 INFO neutron.db.ovn_revision_numbers_db [None req-ef22b0fb-5d3e-403b-aec2-8cbf41a336ee - - - - - -] Successfully bumped revision number for resource 5765c372-f265-467f-924e-32ebbd30b15a (type: router_ports) to 4
2026-07-21 22:10:32.479 9 INFO neutron.db.ovn_revision_numbers_db [None req-7905c829-c77c-45b0-a816-d909dcc4728d a179550bd99a4fd6af3a5e6f28150aeb 9e55c4fc1fa7418d8af6eabbdbfc05de - - default default] Successfully bumped revision number for resource 2a1b456d-66d7-4932-aaab-5e8fb2ac7524 (type: security_groups) to 1
2026-07-21 22:10:32.525 9 INFO neutron.wsgi [None req-7905c829-c77c-45b0-a816-d909dcc4728d a179550bd99a4fd6af3a5e6f28150aeb 9e55c4fc1fa7418d8af6eabbdbfc05de - - default default] 10.0.0.116 "GET /v2.0/security-groups?tenant_id=b7a11a592f6340d3ba8fe1430a81f539&name=default HTTP/1.1" status: 200 len: 2996 time: 0.4891751
2026-07-21 22:10:32.715 9 INFO neutron.db.ovn_revision_numbers_db [None req-4cf41096-bd17-4445-8bb0-dfb4722b3ce6 - - - - - -] Successfully bumped revision number for resource 7f79ea2f-87cd-4c75-a8d9-79d75a7c580d (type: router_ports) to 3
2026-07-21 22:10:32.952 10 INFO neutron.plugins.ml2.drivers.ovn.mech_driver.ovsdb.ovsdb_monitor [None req-4ec855a2-f762-4aab-ba04-c986023c43f5 - - - - - -] Router 0548c840-9fce-420e-9b16-2a0ef8476f96 is bound to host instance
2026-07-21 22:10:32.959 10 INFO neutron.db.ovn_revision_numbers_db [None req-ea9635c0-7ad8-4c58-913b-6e16ee9197fd a179550bd99a4fd6af3a5e6f28150aeb 9e55c4fc1fa7418d8af6eabbdbfc05de - - - -] Successfully bumped revision number for resource c1dd2394-b292-4f51-b970-f16baf12e5a1 (type: router_ports) to 1
2026-07-21 22:10:33.018 9 INFO neutron.db.ovn_revision_numbers_db [None req-9d69f35c-54be-42f2-bb5b-6675d008f60e a179550bd99a4fd6af3a5e6f28150aeb 9e55c4fc1fa7418d8af6eabbdbfc05de - - - -] Successfully bumped revision number for resource 7f79ea2f-87cd-4c75-a8d9-79d75a7c580d (type: router_ports) to 3
2026-07-21 22:10:33.020 9 INFO neutron.wsgi [None req-9d69f35c-54be-42f2-bb5b-6675d008f60e a179550bd99a4fd6af3a5e6f28150aeb 9e55c4fc1fa7418d8af6eabbdbfc05de - - - -] 10.0.0.116 "PUT /v2.0/routers/ac987d79-4176-4b90-bc86-212ef66335b9/add_router_interface HTTP/1.1" status: 200 len: 503 time: 2.9907815
2026-07-21 22:10:33.108 10 INFO neutron.db.ovn_revision_numbers_db [None req-ea9635c0-7ad8-4c58-913b-6e16ee9197fd a179550bd99a4fd6af3a5e6f28150aeb 9e55c4fc1fa7418d8af6eabbdbfc05de - - - -] Successfully bumped revision number for resource 0548c840-9fce-420e-9b16-2a0ef8476f96 (type: routers) to 3
2026-07-21 22:10:33.151 10 INFO neutron.wsgi [None req-ea9635c0-7ad8-4c58-913b-6e16ee9197fd a179550bd99a4fd6af3a5e6f28150aeb 9e55c4fc1fa7418d8af6eabbdbfc05de - - - -] 10.0.0.116 "POST /v2.0/routers HTTP/1.1" status: 201 len: 884 time: 1.9154193
2026-07-21 22:10:33.224 10 INFO neutron.wsgi [None req-effb867d-e191-4e38-a9d5-6a66095471b4 a179550bd99a4fd6af3a5e6f28150aeb 9e55c4fc1fa7418d8af6eabbdbfc05de - - - -] 10.0.0.116 "DELETE /v2.0/security-groups/2a1b456d-66d7-4932-aaab-5e8fb2ac7524 HTTP/1.1" status: 204 len: 168 time: 0.6880648
2026-07-21 22:10:33.254 10 WARNING neutron.scheduler.dhcp_agent_scheduler [None req-77ecc211-fc71-48fa-8762-7a28d00ce6e9 e1b9af413293421dadd697d0c41c0be2 77dedd4a0de04635a47446e75ea456f9 - - - -] No more DHCP agents
2026-07-21 22:10:33.258 10 WARNING neutron.api.rpc.agentnotifiers.dhcp_rpc_agent_api [None req-77ecc211-fc71-48fa-8762-7a28d00ce6e9 e1b9af413293421dadd697d0c41c0be2 77dedd4a0de04635a47446e75ea456f9 - - - -] Unable to schedule network 526b6b94-2985-444b-8360-bdb71d9ad5a1: no agents available; will retry on subsequent port and subnet creation events.
2026-07-21 22:10:33.453 9 INFO neutron.db.ovn_revision_numbers_db [None req-577943d5-ecd3-4f52-8ce6-660a26ce7e68 a179550bd99a4fd6af3a5e6f28150aeb 9e55c4fc1fa7418d8af6eabbdbfc05de - - default default] Successfully bumped revision number for resource 2c1f37c4-9655-4c08-82b9-ad17c6356436 (type: security_groups) to 1
2026-07-21 22:10:33.461 10 INFO neutron.db.ovn_revision_numbers_db [None req-77ecc211-fc71-48fa-8762-7a28d00ce6e9 e1b9af413293421dadd697d0c41c0be2 77dedd4a0de04635a47446e75ea456f9 - - - -] Successfully bumped revision number for resource 31f8b420-b823-4feb-95c1-72fa01fcf1e1 (type: ports) to 1
2026-07-21 22:10:33.484 9 INFO neutron.wsgi [None req-577943d5-ecd3-4f52-8ce6-660a26ce7e68 a179550bd99a4fd6af3a5e6f28150aeb 9e55c4fc1fa7418d8af6eabbdbfc05de - - default default] 10.0.0.116 "GET /v2.0/security-groups?tenant_id=7baff7b826ed4247b6a7d2234b812af5&name=default HTTP/1.1" status: 200 len: 2996 time: 0.1471796
2026-07-21 22:10:33.569 9 WARNING neutron.scheduler.dhcp_agent_scheduler [None req-46d91e37-ce43-4e92-9f24-38ead443b3a1 a179550bd99a4fd6af3a5e6f28150aeb 9e55c4fc1fa7418d8af6eabbdbfc05de - - default default] No more DHCP agents
2026-07-21 22:10:33.571 9 WARNING neutron.api.rpc.agentnotifiers.dhcp_rpc_agent_api [None req-46d91e37-ce43-4e92-9f24-38ead443b3a1 a179550bd99a4fd6af3a5e6f28150aeb 9e55c4fc1fa7418d8af6eabbdbfc05de - - default default] Unable to schedule network ed2fffa9-0b42-4214-a354-0f6a81078ca0: no agents available; will retry on subsequent port and subnet creation events.
2026-07-21 22:10:33.736 9 INFO neutron.db.ovn_revision_numbers_db [None req-46d91e37-ce43-4e92-9f24-38ead443b3a1 a179550bd99a4fd6af3a5e6f28150aeb 9e55c4fc1fa7418d8af6eabbdbfc05de - - default default] Successfully bumped revision number for resource 6c590a51-0238-4591-bfe0-89f14d68f795 (type: ports) to 1
2026-07-21 22:10:33.772 9 INFO neutron.wsgi [None req-fb7fcf7b-aee3-4ffb-9c99-88f64017dbd6 a179550bd99a4fd6af3a5e6f28150aeb 9e55c4fc1fa7418d8af6eabbdbfc05de - - - -] 10.0.0.116 "DELETE /v2.0/security-groups/2c1f37c4-9655-4c08-82b9-ad17c6356436 HTTP/1.1" status: 204 len: 168 time: 0.2818222
2026-07-21 22:10:33.779 9 INFO neutron.db.ovn_revision_numbers_db [None req-d9837aaa-1529-4541-be43-854ae5581ffe 6fe4852ed003473a8fe0ff0689f76c23 2fc43ed097b24d5cb55a3920a4fe8397 - - - -] Successfully bumped revision number for resource e67e9971-152c-4d1d-b95f-74fa72ef9294 (type: security_groups) to 1
2026-07-21 22:10:33.808 9 INFO neutron.wsgi [None req-d9837aaa-1529-4541-be43-854ae5581ffe 6fe4852ed003473a8fe0ff0689f76c23 2fc43ed097b24d5cb55a3920a4fe8397 - - - -] 10.0.0.116 "POST /v2.0/security-groups HTTP/1.1" status: 201 len: 1795 time: 0.1857550
2026-07-21 22:10:33.918 10 INFO neutron.db.ovn_revision_numbers_db [None req-4ec855a2-f762-4aab-ba04-c986023c43f5 - - - - - -] Successfully bumped revision number for resource c1dd2394-b292-4f51-b970-f16baf12e5a1 (type: ports) to 1
2026-07-21 22:10:33.979 9 INFO neutron.db.ovn_revision_numbers_db [None req-cf9c5546-c8b7-4b2c-9451-90eeca2cd40a 6fe4852ed003473a8fe0ff0689f76c23 2fc43ed097b24d5cb55a3920a4fe8397 - - - -] Successfully bumped revision number for resource 6e12d050-cbb1-4801-9d94-c85555fc8815 (type: security_group_rules) to 0
2026-07-21 22:10:34.010 9 INFO neutron.wsgi [None req-cf9c5546-c8b7-4b2c-9451-90eeca2cd40a 6fe4852ed003473a8fe0ff0689f76c23 2fc43ed097b24d5cb55a3920a4fe8397 - - - -] 10.0.0.116 "POST /v2.0/security-group-rules HTTP/1.1" status: 201 len: 764 time: 0.1972415
2026-07-21 22:10:34.188 9 INFO neutron.db.ovn_revision_numbers_db [None req-bd196acf-bc26-4ec8-bbeb-a02d52afc9e3 6fe4852ed003473a8fe0ff0689f76c23 2fc43ed097b24d5cb55a3920a4fe8397 - - - -] Successfully bumped revision number for resource 6b0947ea-84e0-4e9d-95e5-df0b8c3215be (type: security_group_rules) to 0
2026-07-21 22:10:34.218 10 INFO neutron.plugins.ml2.drivers.ovn.mech_driver.mech_driver [None req-58c51a0d-b544-4932-b343-a9faa2598fbf - - - - - -] OVN reports status up for port: 6c590a51-0238-4591-bfe0-89f14d68f795
2026-07-21 22:10:34.221 9 INFO neutron.db.ovn_revision_numbers_db [None req-46d91e37-ce43-4e92-9f24-38ead443b3a1 a179550bd99a4fd6af3a5e6f28150aeb 9e55c4fc1fa7418d8af6eabbdbfc05de - - default default] Successfully bumped revision number for resource 6c590a51-0238-4591-bfe0-89f14d68f795 (type: router_ports) to 2
2026-07-21 22:10:34.226 9 INFO neutron.wsgi [None req-bd196acf-bc26-4ec8-bbeb-a02d52afc9e3 6fe4852ed003473a8fe0ff0689f76c23 2fc43ed097b24d5cb55a3920a4fe8397 - - - -] 10.0.0.116 "POST /v2.0/security-group-rules HTTP/1.1" status: 201 len: 769 time: 0.2108037
2026-07-21 22:10:34.228 10 INFO neutron.plugins.ml2.plugin [None req-58c51a0d-b544-4932-b343-a9faa2598fbf - - - - - -] Attempt 1 to provision port 6c590a51-0238-4591-bfe0-89f14d68f795
2026-07-21 22:10:34.317 10 INFO neutron.db.ovn_revision_numbers_db [None req-4ec855a2-f762-4aab-ba04-c986023c43f5 - - - - - -] Successfully bumped revision number for resource c1dd2394-b292-4f51-b970-f16baf12e5a1 (type: router_ports) to 3
2026-07-21 22:10:34.431 10 INFO neutron.db.ovn_revision_numbers_db [None req-77ecc211-fc71-48fa-8762-7a28d00ce6e9 e1b9af413293421dadd697d0c41c0be2 77dedd4a0de04635a47446e75ea456f9 - - - -] Successfully bumped revision number for resource 31f8b420-b823-4feb-95c1-72fa01fcf1e1 (type: router_ports) to 1
2026-07-21 22:10:34.650 9 INFO neutron.db.ovn_revision_numbers_db [None req-46d91e37-ce43-4e92-9f24-38ead443b3a1 a179550bd99a4fd6af3a5e6f28150aeb 9e55c4fc1fa7418d8af6eabbdbfc05de - - default default] Successfully bumped revision number for resource 6c590a51-0238-4591-bfe0-89f14d68f795 (type: ports) to 2
2026-07-21 22:10:34.670 10 INFO neutron.db.ovn_revision_numbers_db [None req-77ecc211-fc71-48fa-8762-7a28d00ce6e9 e1b9af413293421dadd697d0c41c0be2 77dedd4a0de04635a47446e75ea456f9 - - - -] Successfully bumped revision number for resource 511a1b03-79d3-4e77-8bca-f7da3e256c37 (type: routers) to 3
2026-07-21 22:10:34.684 10 INFO neutron.db.ovn_revision_numbers_db [None req-4ec855a2-f762-4aab-ba04-c986023c43f5 - - - - - -] Successfully bumped revision number for resource c1dd2394-b292-4f51-b970-f16baf12e5a1 (type: ports) to 2
2026-07-21 22:10:34.692 10 INFO neutron.wsgi [None req-77ecc211-fc71-48fa-8762-7a28d00ce6e9 e1b9af413293421dadd697d0c41c0be2 77dedd4a0de04635a47446e75ea456f9 - - - -] 10.0.0.116 "POST /v2.0/routers HTTP/1.1" status: 201 len: 874 time: 2.3353000
2026-07-21 22:10:34.757 9 WARNING neutron.scheduler.dhcp_agent_scheduler [None req-46d91e37-ce43-4e92-9f24-38ead443b3a1 a179550bd99a4fd6af3a5e6f28150aeb 9e55c4fc1fa7418d8af6eabbdbfc05de - - default default] No more DHCP agents
2026-07-21 22:10:34.758 9 WARNING neutron.api.rpc.agentnotifiers.dhcp_rpc_agent_api [None req-46d91e37-ce43-4e92-9f24-38ead443b3a1 a179550bd99a4fd6af3a5e6f28150aeb 9e55c4fc1fa7418d8af6eabbdbfc05de - - default default] Unable to schedule network ed2fffa9-0b42-4214-a354-0f6a81078ca0: no agents available; will retry on subsequent port and subnet creation events.
2026-07-21 22:10:34.792 10 INFO neutron.db.ovn_revision_numbers_db [None req-58c51a0d-b544-4932-b343-a9faa2598fbf - - - - - -] Successfully bumped revision number for resource 6c590a51-0238-4591-bfe0-89f14d68f795 (type: ports) to 3
2026-07-21 22:10:34.808 9 WARNING neutron.scheduler.dhcp_agent_scheduler [None req-8e7aa0ab-28c6-47d1-880f-6c763eb7ae46 6fe4852ed003473a8fe0ff0689f76c23 2fc43ed097b24d5cb55a3920a4fe8397 - - - -] No more DHCP agents
2026-07-21 22:10:34.809 9 WARNING neutron.api.rpc.agentnotifiers.dhcp_rpc_agent_api [None req-8e7aa0ab-28c6-47d1-880f-6c763eb7ae46 6fe4852ed003473a8fe0ff0689f76c23 2fc43ed097b24d5cb55a3920a4fe8397 - - - -] Unable to schedule network 526b6b94-2985-444b-8360-bdb71d9ad5a1: no agents available; will retry on subsequent port and subnet creation events.
2026-07-21 22:10:34.999 10 INFO neutron.db.ovn_revision_numbers_db [None req-58c51a0d-b544-4932-b343-a9faa2598fbf - - - - - -] Successfully bumped revision number for resource 6c590a51-0238-4591-bfe0-89f14d68f795 (type: router_ports) to 3
2026-07-21 22:10:35.111 10 INFO neutron.db.ovn_revision_numbers_db [None req-4ec855a2-f762-4aab-ba04-c986023c43f5 - - - - - -] Successfully bumped revision number for resource c1dd2394-b292-4f51-b970-f16baf12e5a1 (type: ports) to 4
2026-07-21 22:10:35.238 9 INFO neutron.db.ovn_revision_numbers_db [None req-8e7aa0ab-28c6-47d1-880f-6c763eb7ae46 6fe4852ed003473a8fe0ff0689f76c23 2fc43ed097b24d5cb55a3920a4fe8397 - - - -] Successfully bumped revision number for resource 98965c09-9ca0-44ed-bd0d-6ce064b15b9c (type: floatingips) to 0
2026-07-21 22:10:35.255 9 INFO neutron.wsgi [None req-8e7aa0ab-28c6-47d1-880f-6c763eb7ae46 6fe4852ed003473a8fe0ff0689f76c23 2fc43ed097b24d5cb55a3920a4fe8397 - - - -] 10.0.0.116 "POST /v2.0/floatingips HTTP/1.1" status: 201 len: 751 time: 1.0196717
2026-07-21 22:10:35.431 9 INFO neutron.db.ovn_revision_numbers_db [None req-46d91e37-ce43-4e92-9f24-38ead443b3a1 a179550bd99a4fd6af3a5e6f28150aeb 9e55c4fc1fa7418d8af6eabbdbfc05de - - - -] Successfully bumped revision number for resource 6c590a51-0238-4591-bfe0-89f14d68f795 (type: router_ports) to 3
2026-07-21 22:10:35.434 9 INFO neutron.wsgi [None req-46d91e37-ce43-4e92-9f24-38ead443b3a1 a179550bd99a4fd6af3a5e6f28150aeb 9e55c4fc1fa7418d8af6eabbdbfc05de - - - -] 10.0.0.116 "PUT /v2.0/routers/0548c840-9fce-420e-9b16-2a0ef8476f96/add_router_interface HTTP/1.1" status: 200 len: 503 time: 2.2774894
2026-07-21 22:10:35.628 10 INFO neutron.db.ovn_revision_numbers_db [None req-4ec855a2-f762-4aab-ba04-c986023c43f5 - - - - - -] Successfully bumped revision number for resource c1dd2394-b292-4f51-b970-f16baf12e5a1 (type: router_ports) to 4
2026-07-21 22:10:35.675 10 WARNING neutron.scheduler.dhcp_agent_scheduler [None req-57d4bdf9-3998-4570-88d4-081cc5f2fe99 e1b9af413293421dadd697d0c41c0be2 77dedd4a0de04635a47446e75ea456f9 - - default default] No more DHCP agents
2026-07-21 22:10:35.678 10 WARNING neutron.api.rpc.agentnotifiers.dhcp_rpc_agent_api [None req-57d4bdf9-3998-4570-88d4-081cc5f2fe99 e1b9af413293421dadd697d0c41c0be2 77dedd4a0de04635a47446e75ea456f9 - - default default] Unable to schedule network 176599b2-241d-4177-8f56-f18874021bcd: no agents available; will retry on subsequent port and subnet creation events.
2026-07-21 22:10:35.768 9 INFO neutron.db.ovn_revision_numbers_db [None req-e86f0746-f1d3-48b7-81a4-41510ff1a26f 38833b5526ea459cb19e6b3b7fca561d d9e3f8c28f3e45bfac11f76775ed019e - - - -] Successfully bumped revision number for resource 3bc794b0-a51d-408c-8d00-cd32ddab05d9 (type: security_groups) to 1
2026-07-21 22:10:35.850 9 INFO neutron.db.segments_db [None req-e86f0746-f1d3-48b7-81a4-41510ff1a26f 38833b5526ea459cb19e6b3b7fca561d d9e3f8c28f3e45bfac11f76775ed019e - - - -] Added segment 5f21bdc4-d80b-441c-8d45-b664b08ee218 of type geneve for network d5786c8e-115d-4e4c-9b6f-0b9a551aedc8
2026-07-21 22:10:35.853 10 INFO neutron.db.ovn_revision_numbers_db [None req-57d4bdf9-3998-4570-88d4-081cc5f2fe99 e1b9af413293421dadd697d0c41c0be2 77dedd4a0de04635a47446e75ea456f9 - - default default] Successfully bumped revision number for resource d20195a5-1d97-4bdc-bb7a-5b2d4e3a756b (type: ports) to 1
2026-07-21 22:10:36.089 9 INFO neutron.db.segments_db [None req-e86f0746-f1d3-48b7-81a4-41510ff1a26f 38833b5526ea459cb19e6b3b7fca561d d9e3f8c28f3e45bfac11f76775ed019e - - - -] Added segment b003b3d2-bb0a-455a-a1da-101f9ba71c09 of type geneve for network 293a0a6c-e0c3-41f5-bce2-b2e5edd23c76
2026-07-21 22:10:36.201 9 INFO neutron.db.ovn_revision_numbers_db [None req-e86f0746-f1d3-48b7-81a4-41510ff1a26f 38833b5526ea459cb19e6b3b7fca561d d9e3f8c28f3e45bfac11f76775ed019e - - - -] Successfully bumped revision number for resource d5786c8e-115d-4e4c-9b6f-0b9a551aedc8 (type: networks) to 1
2026-07-21 22:10:36.230 10 INFO neutron.db.ovn_revision_numbers_db [None req-6944e27d-2ca2-43db-983b-e1f36726ee5e 0f7f7e053e3442a78037b49262306c6b d386bf8f0a4a4805aaf1257f24304db5 - - - -] Successfully bumped revision number for resource ef1cfaa0-250f-47c8-97a8-65f8ef4cf7a7 (type: security_groups) to 1
2026-07-21 22:10:36.252 10 INFO neutron.wsgi [None req-6944e27d-2ca2-43db-983b-e1f36726ee5e 0f7f7e053e3442a78037b49262306c6b d386bf8f0a4a4805aaf1257f24304db5 - - - -] 10.0.0.116 "POST /v2.0/security-groups HTTP/1.1" status: 201 len: 1796 time: 0.2415879
2026-07-21 22:10:36.381 9 WARNING neutron.scheduler.dhcp_agent_scheduler [None req-e86f0746-f1d3-48b7-81a4-41510ff1a26f 38833b5526ea459cb19e6b3b7fca561d d9e3f8c28f3e45bfac11f76775ed019e - - - -] No more DHCP agents
2026-07-21 22:10:36.382 9 WARNING neutron.api.rpc.agentnotifiers.dhcp_rpc_agent_api [None req-e86f0746-f1d3-48b7-81a4-41510ff1a26f 38833b5526ea459cb19e6b3b7fca561d d9e3f8c28f3e45bfac11f76775ed019e - - - -] Unable to schedule network d5786c8e-115d-4e4c-9b6f-0b9a551aedc8: no agents available; will retry on subsequent port and subnet creation events.
2026-07-21 22:10:36.439 10 INFO neutron.db.ovn_revision_numbers_db [None req-b735cefb-6ca6-44b6-9b30-02cb9f886886 0f7f7e053e3442a78037b49262306c6b d386bf8f0a4a4805aaf1257f24304db5 - - - -] Successfully bumped revision number for resource 4323f8d2-1f51-441e-838c-e782c3973d5b (type: security_group_rules) to 0
2026-07-21 22:10:36.442 9 INFO neutron.db.ovn_revision_numbers_db [None req-e86f0746-f1d3-48b7-81a4-41510ff1a26f 38833b5526ea459cb19e6b3b7fca561d d9e3f8c28f3e45bfac11f76775ed019e - - - -] Successfully bumped revision number for resource 4c8d5ef5-f484-4857-9c60-d6d5e00a2e55 (type: ports) to 1
2026-07-21 22:10:36.464 10 INFO neutron.db.ovn_revision_numbers_db [None req-57d4bdf9-3998-4570-88d4-081cc5f2fe99 e1b9af413293421dadd697d0c41c0be2 77dedd4a0de04635a47446e75ea456f9 - - default default] Successfully bumped revision number for resource d20195a5-1d97-4bdc-bb7a-5b2d4e3a756b (type: router_ports) to 2
2026-07-21 22:10:36.470 10 INFO neutron.wsgi [None req-b735cefb-6ca6-44b6-9b30-02cb9f886886 0f7f7e053e3442a78037b49262306c6b d386bf8f0a4a4805aaf1257f24304db5 - - - -] 10.0.0.116 "POST /v2.0/security-group-rules HTTP/1.1" status: 201 len: 764 time: 0.2111030
2026-07-21 22:10:36.523 9 INFO neutron.db.ovn_revision_numbers_db [None req-e86f0746-f1d3-48b7-81a4-41510ff1a26f 38833b5526ea459cb19e6b3b7fca561d d9e3f8c28f3e45bfac11f76775ed019e - - - -] Successfully bumped revision number for resource 293a0a6c-e0c3-41f5-bce2-b2e5edd23c76 (type: networks) to 1
2026-07-21 22:10:36.619 10 INFO neutron.db.ovn_revision_numbers_db [None req-57d4bdf9-3998-4570-88d4-081cc5f2fe99 e1b9af413293421dadd697d0c41c0be2 77dedd4a0de04635a47446e75ea456f9 - - default default] Successfully bumped revision number for resource d20195a5-1d97-4bdc-bb7a-5b2d4e3a756b (type: ports) to 2
2026-07-21 22:10:36.695 10 WARNING neutron.scheduler.dhcp_agent_scheduler [None req-57d4bdf9-3998-4570-88d4-081cc5f2fe99 e1b9af413293421dadd697d0c41c0be2 77dedd4a0de04635a47446e75ea456f9 - - default default] No more DHCP agents
2026-07-21 22:10:36.696 10 WARNING neutron.api.rpc.agentnotifiers.dhcp_rpc_agent_api [None req-57d4bdf9-3998-4570-88d4-081cc5f2fe99 e1b9af413293421dadd697d0c41c0be2 77dedd4a0de04635a47446e75ea456f9 - - default default] Unable to schedule network 176599b2-241d-4177-8f56-f18874021bcd: no agents available; will retry on subsequent port and subnet creation events.
2026-07-21 22:10:36.698 9 INFO neutron.db.ovn_revision_numbers_db [None req-e8811d6a-2029-497a-a0e6-efe4a2cc7c4d 0f7f7e053e3442a78037b49262306c6b d386bf8f0a4a4805aaf1257f24304db5 - - - -] Successfully bumped revision number for resource 1c2ed340-113d-46ef-a673-f5713aa63c94 (type: security_group_rules) to 0
2026-07-21 22:10:36.735 9 INFO neutron.wsgi [None req-e8811d6a-2029-497a-a0e6-efe4a2cc7c4d 0f7f7e053e3442a78037b49262306c6b d386bf8f0a4a4805aaf1257f24304db5 - - - -] 10.0.0.116 "POST /v2.0/security-group-rules HTTP/1.1" status: 201 len: 769 time: 0.2563417
2026-07-21 22:10:36.773 9 WARNING neutron.scheduler.dhcp_agent_scheduler [None req-e86f0746-f1d3-48b7-81a4-41510ff1a26f 38833b5526ea459cb19e6b3b7fca561d d9e3f8c28f3e45bfac11f76775ed019e - - - -] No more DHCP agents
2026-07-21 22:10:36.779 9 WARNING neutron.api.rpc.agentnotifiers.dhcp_rpc_agent_api [None req-e86f0746-f1d3-48b7-81a4-41510ff1a26f 38833b5526ea459cb19e6b3b7fca561d d9e3f8c28f3e45bfac11f76775ed019e - - - -] Unable to schedule network 293a0a6c-e0c3-41f5-bce2-b2e5edd23c76: no agents available; will retry on subsequent port and subnet creation events.
2026-07-21 22:10:36.915 9 INFO neutron.db.ovn_revision_numbers_db [None req-e86f0746-f1d3-48b7-81a4-41510ff1a26f 38833b5526ea459cb19e6b3b7fca561d d9e3f8c28f3e45bfac11f76775ed019e - - - -] Successfully bumped revision number for resource 7a3cd079-c5fd-4e27-8b3d-85f6959dd9d5 (type: ports) to 1
2026-07-21 22:10:36.962 9 INFO neutron.wsgi [None req-e86f0746-f1d3-48b7-81a4-41510ff1a26f 38833b5526ea459cb19e6b3b7fca561d d9e3f8c28f3e45bfac11f76775ed019e - - - -] 10.0.0.116 "POST /v2.0/networks HTTP/1.1" status: 201 len: 1446 time: 1.4452684
2026-07-21 22:10:37.057 10 INFO neutron.db.ovn_revision_numbers_db [None req-57d4bdf9-3998-4570-88d4-081cc5f2fe99 e1b9af413293421dadd697d0c41c0be2 77dedd4a0de04635a47446e75ea456f9 - - - -] Successfully bumped revision number for resource d20195a5-1d97-4bdc-bb7a-5b2d4e3a756b (type: router_ports) to 2
2026-07-21 22:10:37.060 10 INFO neutron.wsgi [None req-57d4bdf9-3998-4570-88d4-081cc5f2fe99 e1b9af413293421dadd697d0c41c0be2 77dedd4a0de04635a47446e75ea456f9 - - - -] 10.0.0.116 "PUT /v2.0/routers/511a1b03-79d3-4e77-8bca-f7da3e256c37/add_router_interface HTTP/1.1" status: 200 len: 503 time: 2.3615055
2026-07-21 22:10:37.123 9 INFO neutron.wsgi [None req-c52f9330-47bc-432f-b769-fc42b682d62a 38833b5526ea459cb19e6b3b7fca561d d9e3f8c28f3e45bfac11f76775ed019e - - default default] 10.0.0.116 "GET /v2.0/networks HTTP/1.1" status: 200 len: 2052 time: 0.1568468
2026-07-21 22:10:37.219 9 WARNING neutron.scheduler.dhcp_agent_scheduler [None req-1ee6f757-0205-4ae9-a65d-0359ba644af6 0f7f7e053e3442a78037b49262306c6b d386bf8f0a4a4805aaf1257f24304db5 - - - -] No more DHCP agents
2026-07-21 22:10:37.220 9 WARNING neutron.api.rpc.agentnotifiers.dhcp_rpc_agent_api [None req-1ee6f757-0205-4ae9-a65d-0359ba644af6 0f7f7e053e3442a78037b49262306c6b d386bf8f0a4a4805aaf1257f24304db5 - - - -] Unable to schedule network 526b6b94-2985-444b-8360-bdb71d9ad5a1: no agents available; will retry on subsequent port and subnet creation events.
2026-07-21 22:10:37.561 9 INFO neutron.db.ovn_revision_numbers_db [None req-1ee6f757-0205-4ae9-a65d-0359ba644af6 0f7f7e053e3442a78037b49262306c6b d386bf8f0a4a4805aaf1257f24304db5 - - - -] Successfully bumped revision number for resource 317eaed5-e3b8-41f7-98ee-e64675ac7ebd (type: floatingips) to 0
2026-07-21 22:10:37.580 9 INFO neutron.wsgi [None req-1ee6f757-0205-4ae9-a65d-0359ba644af6 0f7f7e053e3442a78037b49262306c6b d386bf8f0a4a4805aaf1257f24304db5 - - - -] 10.0.0.116 "POST /v2.0/floatingips HTTP/1.1" status: 201 len: 751 time: 0.8391762
2026-07-21 22:10:37.679 10 WARNING neutron.scheduler.dhcp_agent_scheduler [None req-ee15329c-25c0-4917-8d3a-b24cd7c5d5ff e1b9af413293421dadd697d0c41c0be2 77dedd4a0de04635a47446e75ea456f9 - - - -] No more DHCP agents
2026-07-21 22:10:37.683 10 WARNING neutron.api.rpc.agentnotifiers.dhcp_rpc_agent_api [None req-ee15329c-25c0-4917-8d3a-b24cd7c5d5ff e1b9af413293421dadd697d0c41c0be2 77dedd4a0de04635a47446e75ea456f9 - - - -] Unable to schedule network 176599b2-241d-4177-8f56-f18874021bcd: no agents available; will retry on subsequent port and subnet creation events.
2026-07-21 22:10:37.829 10 INFO neutron.services.segments.plugin [-] Segment 5f21bdc4-d80b-441c-8d45-b664b08ee218 resource provider aggregate not found
2026-07-21 22:10:37.835 10 INFO neutron.services.segments.plugin [-] Segment 5f21bdc4-d80b-441c-8d45-b664b08ee218 resource provider aggregate not found
2026-07-21 22:10:37.863 10 INFO neutron.services.segments.plugin [-] Segment 5f21bdc4-d80b-441c-8d45-b664b08ee218 resource provider not found; error: Placement Client Error (4xx): {"errors": [{"status": 404, "title": "Not Found", "detail": "The resource could not be found.\n\n No resource provider with uuid 5f21bdc4-d80b-441c-8d45-b664b08ee218 found for delete ", "request_id": "req-280c7cf6-d147-4481-9180-43e96c0f4e5b"}]}
2026-07-21 22:10:37.864 10 INFO neutron.services.segments.plugin [-] Segment 5f21bdc4-d80b-441c-8d45-b664b08ee218 resource provider not found; error: Placement Client Error (4xx): {"errors": [{"status": 404, "title": "Not Found", "detail": "The resource could not be found.\n\n No resource provider with uuid 5f21bdc4-d80b-441c-8d45-b664b08ee218 found for delete ", "request_id": "req-193a21ea-c2ae-4f50-8e3a-c6715962f51d"}]}
2026-07-21 22:10:37.921 10 INFO neutron.wsgi [None req-52cb817a-7360-43e8-85d3-e5099a05b3eb 38833b5526ea459cb19e6b3b7fca561d d9e3f8c28f3e45bfac11f76775ed019e - - - -] 10.0.0.116 "DELETE /v2.0/networks/d5786c8e-115d-4e4c-9b6f-0b9a551aedc8 HTTP/1.1" status: 204 len: 168 time: 0.7917075 /var/lib/openstack/lib/python3.10/site-packages/pycadf/identifier.py:71: UserWarning: Invalid uuid: neutron. To ensure interoperability, identifiers should be a valid uuid. warnings.warn(('Invalid uuid: %s. To ensure interoperability, '
2026-07-21 22:10:37.986 10 INFO neutron.db.ovn_revision_numbers_db [None req-ee15329c-25c0-4917-8d3a-b24cd7c5d5ff e1b9af413293421dadd697d0c41c0be2 77dedd4a0de04635a47446e75ea456f9 - - - -] Successfully bumped revision number for resource 3cbce3a4-038e-4f9f-b834-ba979af76aec (type: ports) to 1
2026-07-21 22:10:38.044 10 INFO neutron.wsgi [req-7318d1d0-afdf-43dc-bac6-134d20eea2be req-a33e25df-71e3-4af3-baa4-a7514e5937ce 0f7f7e053e3442a78037b49262306c6b d386bf8f0a4a4805aaf1257f24304db5 - - default default] 10.0.0.62 "GET /v2.0/security-groups?name=tempest-securitygroup--359370497&fields=id&tenant_id=d386bf8f0a4a4805aaf1257f24304db5 HTTP/1.1" status: 200 len: 267 time: 0.0725310
2026-07-21 22:10:38.047 10 INFO neutron.wsgi [None req-ee15329c-25c0-4917-8d3a-b24cd7c5d5ff e1b9af413293421dadd697d0c41c0be2 77dedd4a0de04635a47446e75ea456f9 - - - -] 10.0.0.116 "POST /v2.0/ports HTTP/1.1" status: 201 len: 1153 time: 0.9831069
2026-07-21 22:10:38.145 10 INFO neutron.wsgi [req-7318d1d0-afdf-43dc-bac6-134d20eea2be req-27bf10ee-611b-4871-bac1-e73293ee0b80 0f7f7e053e3442a78037b49262306c6b d386bf8f0a4a4805aaf1257f24304db5 - - default default] 10.0.0.62 "GET /v2.0/networks?id=ed2fffa9-0b42-4214-a354-0f6a81078ca0 HTTP/1.1" status: 200 len: 882 time: 0.0967371
2026-07-21 22:10:38.166 10 INFO neutron.wsgi [req-7318d1d0-afdf-43dc-bac6-134d20eea2be req-30e32ee5-7417-4744-b484-6b177a069a82 0f7f7e053e3442a78037b49262306c6b d386bf8f0a4a4805aaf1257f24304db5 - - default default] 10.0.0.62 "GET /v2.0/quotas/d386bf8f0a4a4805aaf1257f24304db5 HTTP/1.1" status: 200 len: 386 time: 0.0117674
2026-07-21 22:10:38.253 10 INFO neutron.wsgi [req-7318d1d0-afdf-43dc-bac6-134d20eea2be req-651bc48c-ab60-4d1f-abcf-f951aee0a2bb 0f7f7e053e3442a78037b49262306c6b d386bf8f0a4a4805aaf1257f24304db5 - - default default] 10.0.0.62 "GET /v2.0/ports?tenant_id=d386bf8f0a4a4805aaf1257f24304db5&fields=id HTTP/1.1" status: 200 len: 302 time: 0.0828433
2026-07-21 22:10:38.267 9 WARNING neutron.plugins.ml2.drivers.ovn.mech_driver.ovsdb.ovn_client [None req-4cf41096-bd17-4445-8bb0-dfb4722b3ce6 - - - - - -] No hosting information found for port 7f79ea2f-87cd-4c75-a8d9-79d75a7c580d: RuntimeError: No hosting information found for port 7f79ea2f-87cd-4c75-a8d9-79d75a7c580d
2026-07-21 22:10:38.268 9 INFO neutron.plugins.ml2.drivers.ovn.mech_driver.mech_driver [None req-4cf41096-bd17-4445-8bb0-dfb4722b3ce6 - - - - - -] OVN reports status up for port: c1dd2394-b292-4f51-b970-f16baf12e5a1
2026-07-21 22:10:38.315 9 INFO neutron.plugins.ml2.plugin [None req-4cf41096-bd17-4445-8bb0-dfb4722b3ce6 - - - - - -] Attempt 1 to provision port c1dd2394-b292-4f51-b970-f16baf12e5a1
2026-07-21 22:10:38.646 10 INFO neutron.wsgi [req-7318d1d0-afdf-43dc-bac6-134d20eea2be req-fea9e0fc-d2ad-4d72-99df-d50e156f7be8 b240058b33e640b08ca027793d4a2929 7e304895c205435cba65cc2763387986 - - 5fa42b4933be45809bb7aed0a16706c5 5fa42b4933be45809bb7aed0a16706c5] 10.0.0.62 "GET /v2.0/extensions HTTP/1.1" status: 200 len: 16525 time: 0.0578854
2026-07-21 22:10:38.667 9 INFO neutron.services.segments.plugin [-] Segment b003b3d2-bb0a-455a-a1da-101f9ba71c09 resource provider aggregate not found
2026-07-21 22:10:38.672 9 INFO neutron.services.segments.plugin [-] Segment b003b3d2-bb0a-455a-a1da-101f9ba71c09 resource provider aggregate not found
2026-07-21 22:10:38.690 9 INFO neutron.plugins.ml2.drivers.ovn.mech_driver.mech_driver [None req-4cf41096-bd17-4445-8bb0-dfb4722b3ce6 - - - - - -] OVN reports status up for port: 31f8b420-b823-4feb-95c1-72fa01fcf1e1
2026-07-21 22:10:38.700 9 INFO neutron.services.segments.plugin [-] Segment b003b3d2-bb0a-455a-a1da-101f9ba71c09 resource provider not found; error: Placement Client Error (4xx): {"errors": [{"status": 404, "title": "Not Found", "detail": "The resource could not be found.\n\n No resource provider with uuid b003b3d2-bb0a-455a-a1da-101f9ba71c09 found for delete ", "request_id": "req-dc38dc2b-97a2-4fc3-b4f1-5f7d333bde0f"}]}
2026-07-21 22:10:38.703 9 INFO neutron.services.segments.plugin [-] Segment b003b3d2-bb0a-455a-a1da-101f9ba71c09 resource provider not found; error: Placement Client Error (4xx): {"errors": [{"status": 404, "title": "Not Found", "detail": "The resource could not be found.\n\n No resource provider with uuid b003b3d2-bb0a-455a-a1da-101f9ba71c09 found for delete ", "request_id": "req-9f70d3ba-7f89-460c-b61c-89853e5114e1"}]}
2026-07-21 22:10:38.706 10 INFO neutron.wsgi [req-7318d1d0-afdf-43dc-bac6-134d20eea2be req-85cd37ff-65a5-45ff-8201-0e5d1701a30b b240058b33e640b08ca027793d4a2929 7e304895c205435cba65cc2763387986 - - 5fa42b4933be45809bb7aed0a16706c5 5fa42b4933be45809bb7aed0a16706c5] 10.0.0.62 "GET /v2.0/networks/ed2fffa9-0b42-4214-a354-0f6a81078ca0?fields=segments HTTP/1.1" status: 200 len: 212 time: 0.0490587
2026-07-21 22:10:38.717 9 INFO neutron.plugins.ml2.plugin [None req-4cf41096-bd17-4445-8bb0-dfb4722b3ce6 - - - - - -] Attempt 1 to provision port 31f8b420-b823-4feb-95c1-72fa01fcf1e1
2026-07-21 22:10:38.751 9 INFO neutron.wsgi [None req-258af510-2c55-42d3-9fcc-438b5df81b3a 38833b5526ea459cb19e6b3b7fca561d d9e3f8c28f3e45bfac11f76775ed019e - - - -] 10.0.0.116 "DELETE /v2.0/networks/293a0a6c-e0c3-41f5-bce2-b2e5edd23c76 HTTP/1.1" status: 204 len: 168 time: 0.8223548
2026-07-21 22:10:38.762 9 WARNING neutron.scheduler.dhcp_agent_scheduler [None req-47ccd245-c899-4749-9eb5-7a74eddf3406 e1b9af413293421dadd697d0c41c0be2 77dedd4a0de04635a47446e75ea456f9 - - - -] No more DHCP agents
2026-07-21 22:10:38.765 9 WARNING neutron.api.rpc.agentnotifiers.dhcp_rpc_agent_api [None req-47ccd245-c899-4749-9eb5-7a74eddf3406 e1b9af413293421dadd697d0c41c0be2 77dedd4a0de04635a47446e75ea456f9 - - - -] Unable to schedule network 176599b2-241d-4177-8f56-f18874021bcd: no agents available; will retry on subsequent port and subnet creation events.
2026-07-21 22:10:38.803 10 INFO neutron.wsgi [req-7318d1d0-afdf-43dc-bac6-134d20eea2be req-372ce521-f526-45f2-94ba-d0c5f307b14c b240058b33e640b08ca027793d4a2929 7e304895c205435cba65cc2763387986 - - 5fa42b4933be45809bb7aed0a16706c5 5fa42b4933be45809bb7aed0a16706c5] 10.0.0.62 "GET /v2.0/networks/ed2fffa9-0b42-4214-a354-0f6a81078ca0?fields=provider%3Aphysical_network&fields=provider%3Anetwork_type HTTP/1.1" status: 200 len: 277 time: 0.0882542
2026-07-21 22:10:38.853 10 INFO neutron.wsgi [None req-4deb03d3-9d53-47f6-975b-96dab644b607 38833b5526ea459cb19e6b3b7fca561d d9e3f8c28f3e45bfac11f76775ed019e - - default default] 10.0.0.116 "GET /v2.0/networks HTTP/1.1" status: 200 len: 845 time: 0.0977776 /var/lib/openstack/lib/python3.10/site-packages/pycadf/identifier.py:71: UserWarning: Invalid uuid: neutron. To ensure interoperability, identifiers should be a valid uuid. warnings.warn(('Invalid uuid: %s. To ensure interoperability, '
2026-07-21 22:10:38.920 9 INFO neutron.db.ovn_revision_numbers_db [None req-47ccd245-c899-4749-9eb5-7a74eddf3406 e1b9af413293421dadd697d0c41c0be2 77dedd4a0de04635a47446e75ea456f9 - - - -] Successfully bumped revision number for resource 5a10c786-809f-4739-a85a-514077d1e26d (type: ports) to 1
2026-07-21 22:10:38.947 9 INFO neutron.wsgi [None req-47ccd245-c899-4749-9eb5-7a74eddf3406 e1b9af413293421dadd697d0c41c0be2 77dedd4a0de04635a47446e75ea456f9 - - - -] 10.0.0.116 "POST /v2.0/ports HTTP/1.1" status: 201 len: 1154 time: 0.8939245
