2026-07-21 22:12:35.717 9 WARNING neutron.api.rpc.agentnotifiers.dhcp_rpc_agent_api [None req-c5df2454-02f8-48d7-9355-88c0bfcebfe7 f02d3ee417f54b569c5dd8852efd7213 819ab4c8aec7487fa7a642285a4283b5 - - - -] Unable to schedule network 4a9b8c77-7528-437c-a712-b346a2f6db3c: no agents available; will retry on subsequent port and subnet creation events.
2026-07-21 22:12:35.824 10 INFO neutron.db.ovn_revision_numbers_db [None req-4038a262-3cee-455d-853c-69d5075c492e fae84ff3382a454a972b9dab63fccdc2 9a530b36155a4a78bd24fc613c1c1ac2 - - - -] Successfully bumped revision number for resource ab06cecf-b5f1-4179-87aa-a13d6745d5af (type: security_groups) to 1
2026-07-21 22:12:35.883 10 INFO neutron.db.segments_db [None req-4038a262-3cee-455d-853c-69d5075c492e fae84ff3382a454a972b9dab63fccdc2 9a530b36155a4a78bd24fc613c1c1ac2 - - - -] Added segment ef174843-7843-4d23-b38f-bf3762c9e364 of type geneve for network 87d19e01-5a19-4ebf-8834-22a5b71f13df
2026-07-21 22:12:36.031 10 INFO neutron.db.ovn_revision_numbers_db [None req-4038a262-3cee-455d-853c-69d5075c492e fae84ff3382a454a972b9dab63fccdc2 9a530b36155a4a78bd24fc613c1c1ac2 - - - -] Successfully bumped revision number for resource 87d19e01-5a19-4ebf-8834-22a5b71f13df (type: networks) to 1
2026-07-21 22:12:36.195 9 INFO neutron.db.ovn_revision_numbers_db [None req-c5df2454-02f8-48d7-9355-88c0bfcebfe7 f02d3ee417f54b569c5dd8852efd7213 819ab4c8aec7487fa7a642285a4283b5 - - - -] Successfully bumped revision number for resource 8ca50301-3739-4480-8b18-697095c8ca31 (type: ports) to 2
2026-07-21 22:12:36.209 9 INFO neutron.db.ovn_revision_numbers_db [None req-c5df2454-02f8-48d7-9355-88c0bfcebfe7 f02d3ee417f54b569c5dd8852efd7213 819ab4c8aec7487fa7a642285a4283b5 - - - -] Successfully bumped revision number for resource 06a7c11a-9411-4390-82e2-cda5ec212161 (type: subnets) to 0
2026-07-21 22:12:36.223 9 INFO neutron.wsgi [None req-c5df2454-02f8-48d7-9355-88c0bfcebfe7 f02d3ee417f54b569c5dd8852efd7213 819ab4c8aec7487fa7a642285a4283b5 - - - -] 10.0.0.116 "POST /v2.0/subnets HTTP/1.1" status: 201 len: 822 time: 0.6819561
2026-07-21 22:12:36.232 9 WARNING neutron.api.v2.base [None req-aef94238-87d9-433a-a4a7-75e6e745d981 f02d3ee417f54b569c5dd8852efd7213 819ab4c8aec7487fa7a642285a4283b5 - - - -] An exception happened while processing the request body. The exception message is [Invalid input for target_tenant. Reason: '1234123412341234123412341234123412341234123412341234123412341234123412341234123412341234123412341234123412341234123412341234123412341234123412341234123412341234123412341234123412341234123412341234123412341234123412341234123412341234123412341234123412341234123412341234123412341234123412341234123412341234123412341234123412341234123412341234123412341234123412341234123412341234123412341234123412341234' exceeds maximum length of 255.].: webob.exc.HTTPBadRequest: Invalid input for target_tenant. Reason: '1234123412341234123412341234123412341234123412341234123412341234123412341234123412341234123412341234123412341234123412341234123412341234123412341234123412341234123412341234123412341234123412341234123412341234123412341234123412341234123412341234123412341234123412341234123412341234123412341234123412341234123412341234123412341234123412341234123412341234123412341234123412341234123412341234123412341234' exceeds maximum length of 255.
2026-07-21 22:12:36.233 9 INFO neutron.api.v2.resource [None req-aef94238-87d9-433a-a4a7-75e6e745d981 f02d3ee417f54b569c5dd8852efd7213 819ab4c8aec7487fa7a642285a4283b5 - - - -] create failed (client error): Invalid input for target_tenant. Reason: '1234123412341234123412341234123412341234123412341234123412341234123412341234123412341234123412341234123412341234123412341234123412341234123412341234123412341234123412341234123412341234123412341234123412341234123412341234123412341234123412341234123412341234123412341234123412341234123412341234123412341234123412341234123412341234123412341234123412341234123412341234123412341234123412341234123412341234' exceeds maximum length of 255.
2026-07-21 22:12:36.234 9 INFO neutron.wsgi [None req-aef94238-87d9-433a-a4a7-75e6e745d981 f02d3ee417f54b569c5dd8852efd7213 819ab4c8aec7487fa7a642285a4283b5 - - - -] 10.0.0.116 "POST /v2.0/rbac-policies HTTP/1.1" status: 400 len: 750 time: 0.0062573
2026-07-21 22:12:36.387 10 INFO neutron.wsgi [None req-98f782a4-b359-4dfe-a5bb-96e5bd499adc a179550bd99a4fd6af3a5e6f28150aeb 9e55c4fc1fa7418d8af6eabbdbfc05de - - - -] 10.0.0.116 "DELETE /v2.0/networks/374301e9-289e-4f7b-a2db-cd36140de79d HTTP/1.1" status: 204 len: 168 time: 0.7338967
2026-07-21 22:12:36.523 10 WARNING neutron.scheduler.dhcp_agent_scheduler [None req-4038a262-3cee-455d-853c-69d5075c492e fae84ff3382a454a972b9dab63fccdc2 9a530b36155a4a78bd24fc613c1c1ac2 - - - -] No more DHCP agents
2026-07-21 22:12:36.526 10 WARNING neutron.api.rpc.agentnotifiers.dhcp_rpc_agent_api [None req-4038a262-3cee-455d-853c-69d5075c492e fae84ff3382a454a972b9dab63fccdc2 9a530b36155a4a78bd24fc613c1c1ac2 - - - -] Unable to schedule network 87d19e01-5a19-4ebf-8834-22a5b71f13df: no agents available; will retry on subsequent port and subnet creation events.
2026-07-21 22:12:36.593 10 INFO neutron.db.ovn_revision_numbers_db [None req-4038a262-3cee-455d-853c-69d5075c492e fae84ff3382a454a972b9dab63fccdc2 9a530b36155a4a78bd24fc613c1c1ac2 - - - -] Successfully bumped revision number for resource df5ce9d7-0df5-413c-9218-23cc6c102f0c (type: ports) to 1
2026-07-21 22:12:36.611 10 INFO neutron.wsgi [None req-4038a262-3cee-455d-853c-69d5075c492e fae84ff3382a454a972b9dab63fccdc2 9a530b36155a4a78bd24fc613c1c1ac2 - - - -] 10.0.0.116 "POST /v2.0/networks HTTP/1.1" status: 201 len: 832 time: 1.1484220
2026-07-21 22:12:36.742 9 INFO neutron.services.segments.plugin [-] Segment b568dbb2-c3c1-4396-abf2-23fd4d2c178f resource provider aggregate not found
2026-07-21 22:12:36.746 9 INFO neutron.services.segments.plugin [-] Segment b568dbb2-c3c1-4396-abf2-23fd4d2c178f resource provider aggregate not found
2026-07-21 22:12:36.759 10 INFO neutron.wsgi [None req-049bf60b-16bc-425b-a1ed-9b27293f7633 a179550bd99a4fd6af3a5e6f28150aeb 9e55c4fc1fa7418d8af6eabbdbfc05de - - default default] 10.0.0.116 "GET /v2.0/security-groups?tenant_id=7351028974fc41d5baccd0811592f3a5&name=default HTTP/1.1" status: 200 len: 2996 time: 0.0603862
2026-07-21 22:12:36.761 9 INFO neutron.services.segments.plugin [-] Segment b568dbb2-c3c1-4396-abf2-23fd4d2c178f resource provider not found; error: Placement Client Error (4xx): {"errors": [{"status": 404, "title": "Not Found", "detail": "The resource could not be found.\n\n No resource provider with uuid b568dbb2-c3c1-4396-abf2-23fd4d2c178f found for delete ", "request_id": "req-31920234-1399-4fcc-8456-d1c5cba42403"}]}
2026-07-21 22:12:36.773 9 INFO neutron.services.segments.plugin [-] Segment b568dbb2-c3c1-4396-abf2-23fd4d2c178f resource provider not found; error: Placement Client Error (4xx): {"errors": [{"status": 404, "title": "Not Found", "detail": "The resource could not be found.\n\n No resource provider with uuid b568dbb2-c3c1-4396-abf2-23fd4d2c178f found for delete ", "request_id": "req-73a01f8a-2c3c-45d0-8a6b-2c0de9b19c3d"}]}
2026-07-21 22:12:36.792 9 INFO neutron.wsgi [None req-de37b9d2-2deb-48e5-8b09-129e03970d5e f02d3ee417f54b569c5dd8852efd7213 819ab4c8aec7487fa7a642285a4283b5 - - - -] 10.0.0.116 "DELETE /v2.0/networks/4a9b8c77-7528-437c-a712-b346a2f6db3c HTTP/1.1" status: 204 len: 168 time: 0.5539522
2026-07-21 22:12:36.821 10 INFO neutron.services.segments.plugin [-] Segment 257d2554-26bd-4c70-8f26-be3379001216 resource provider aggregate not found
2026-07-21 22:12:36.834 10 INFO neutron.services.segments.plugin [-] Segment 257d2554-26bd-4c70-8f26-be3379001216 resource provider aggregate not found
2026-07-21 22:12:36.839 10 INFO neutron.services.segments.plugin [-] Segment 257d2554-26bd-4c70-8f26-be3379001216 resource provider not found; error: Placement Client Error (4xx): {"errors": [{"status": 404, "title": "Not Found", "detail": "The resource could not be found.\n\n No resource provider with uuid 257d2554-26bd-4c70-8f26-be3379001216 found for delete ", "request_id": "req-160b6a3e-cec3-48b9-ae93-d46f013cd785"}]}
2026-07-21 22:12:36.861 10 INFO neutron.services.segments.plugin [-] Segment 257d2554-26bd-4c70-8f26-be3379001216 resource provider not found; error: Placement Client Error (4xx): {"errors": [{"status": 404, "title": "Not Found", "detail": "The resource could not be found.\n\n No resource provider with uuid 257d2554-26bd-4c70-8f26-be3379001216 found for delete ", "request_id": "req-3b2b0ac4-5608-4cbb-8707-4927c0fb5c0f"}]}
2026-07-21 22:12:36.916 9 INFO neutron.db.segments_db [None req-a400f18a-9887-4330-9f09-4b6c24696792 f02d3ee417f54b569c5dd8852efd7213 819ab4c8aec7487fa7a642285a4283b5 - - - -] Added segment 0762d324-b162-4e33-a367-c0a479cf0827 of type geneve for network 1efa9a97-7665-4f88-a2c7-cd0df7e7885b
2026-07-21 22:12:37.044 9 INFO neutron.db.ovn_revision_numbers_db [None req-a400f18a-9887-4330-9f09-4b6c24696792 f02d3ee417f54b569c5dd8852efd7213 819ab4c8aec7487fa7a642285a4283b5 - - - -] Successfully bumped revision number for resource 1efa9a97-7665-4f88-a2c7-cd0df7e7885b (type: networks) to 1
2026-07-21 22:12:37.060 9 INFO neutron.wsgi [None req-759b3325-2846-4797-98b2-18c7760536af a179550bd99a4fd6af3a5e6f28150aeb 9e55c4fc1fa7418d8af6eabbdbfc05de - - - -] 10.0.0.116 "DELETE /v2.0/security-groups/947fb695-c83b-4042-8c20-5b954b86fe32 HTTP/1.1" status: 204 len: 168 time: 0.2951899
2026-07-21 22:12:37.135 10 WARNING neutron.scheduler.dhcp_agent_scheduler [None req-475018c0-9a43-40ab-ac30-15fb3ab463ef fae84ff3382a454a972b9dab63fccdc2 9a530b36155a4a78bd24fc613c1c1ac2 - - - -] No more DHCP agents
2026-07-21 22:12:37.138 10 WARNING neutron.api.rpc.agentnotifiers.dhcp_rpc_agent_api [None req-475018c0-9a43-40ab-ac30-15fb3ab463ef fae84ff3382a454a972b9dab63fccdc2 9a530b36155a4a78bd24fc613c1c1ac2 - - - -] Unable to schedule network 526b6b94-2985-444b-8360-bdb71d9ad5a1: no agents available; will retry on subsequent port and subnet creation events.
2026-07-21 22:12:37.211 9 WARNING neutron.scheduler.dhcp_agent_scheduler [None req-a400f18a-9887-4330-9f09-4b6c24696792 f02d3ee417f54b569c5dd8852efd7213 819ab4c8aec7487fa7a642285a4283b5 - - - -] No more DHCP agents
2026-07-21 22:12:37.215 9 WARNING neutron.api.rpc.agentnotifiers.dhcp_rpc_agent_api [None req-a400f18a-9887-4330-9f09-4b6c24696792 f02d3ee417f54b569c5dd8852efd7213 819ab4c8aec7487fa7a642285a4283b5 - - - -] Unable to schedule network 1efa9a97-7665-4f88-a2c7-cd0df7e7885b: no agents available; will retry on subsequent port and subnet creation events.
2026-07-21 22:12:37.285 10 INFO neutron.db.ovn_revision_numbers_db [None req-475018c0-9a43-40ab-ac30-15fb3ab463ef fae84ff3382a454a972b9dab63fccdc2 9a530b36155a4a78bd24fc613c1c1ac2 - - - -] Successfully bumped revision number for resource d541be75-271e-4308-b772-5a3804d652e6 (type: ports) to 1
2026-07-21 22:12:37.295 9 INFO neutron.wsgi [None req-baa7eb7f-ba64-4ea3-8f27-2e15d317a37e a179550bd99a4fd6af3a5e6f28150aeb 9e55c4fc1fa7418d8af6eabbdbfc05de - - default default] 10.0.0.116 "GET /v2.0/security-groups?tenant_id=b32dca31434641b4af8255e1be4e6709&name=default HTTP/1.1" status: 200 len: 2996 time: 0.0559213
2026-07-21 22:12:37.299 9 INFO neutron.db.ovn_revision_numbers_db [None req-a400f18a-9887-4330-9f09-4b6c24696792 f02d3ee417f54b569c5dd8852efd7213 819ab4c8aec7487fa7a642285a4283b5 - - - -] Successfully bumped revision number for resource 50c86025-6f16-4055-a393-5d9f1ee852fc (type: ports) to 1
2026-07-21 22:12:37.330 9 INFO neutron.wsgi [None req-a400f18a-9887-4330-9f09-4b6c24696792 f02d3ee417f54b569c5dd8852efd7213 819ab4c8aec7487fa7a642285a4283b5 - - - -] 10.0.0.116 "POST /v2.0/networks HTTP/1.1" status: 201 len: 929 time: 0.5301788
2026-07-21 22:12:37.530 9 WARNING neutron.scheduler.dhcp_agent_scheduler [None req-2684875f-c3e5-4b8b-b3bb-e44be359d3c4 f02d3ee417f54b569c5dd8852efd7213 819ab4c8aec7487fa7a642285a4283b5 - - - -] No more DHCP agents
2026-07-21 22:12:37.532 9 WARNING neutron.api.rpc.agentnotifiers.dhcp_rpc_agent_api [None req-2684875f-c3e5-4b8b-b3bb-e44be359d3c4 f02d3ee417f54b569c5dd8852efd7213 819ab4c8aec7487fa7a642285a4283b5 - - - -] Unable to schedule network 1efa9a97-7665-4f88-a2c7-cd0df7e7885b: no agents available; will retry on subsequent port and subnet creation events.
2026-07-21 22:12:37.583 9 INFO neutron.wsgi [None req-8c871391-988b-4982-957c-2bb6180070d4 a179550bd99a4fd6af3a5e6f28150aeb 9e55c4fc1fa7418d8af6eabbdbfc05de - - - -] 10.0.0.116 "DELETE /v2.0/security-groups/378840ec-832b-4006-abe8-5a5d0f55bbae HTTP/1.1" status: 204 len: 168 time: 0.2831135
2026-07-21 22:12:37.916 10 INFO neutron.db.ovn_revision_numbers_db [None req-475018c0-9a43-40ab-ac30-15fb3ab463ef fae84ff3382a454a972b9dab63fccdc2 9a530b36155a4a78bd24fc613c1c1ac2 - - - -] Successfully bumped revision number for resource d541be75-271e-4308-b772-5a3804d652e6 (type: router_ports) to 1
2026-07-21 22:12:37.988 10 INFO neutron.db.ovn_revision_numbers_db [None req-475018c0-9a43-40ab-ac30-15fb3ab463ef fae84ff3382a454a972b9dab63fccdc2 9a530b36155a4a78bd24fc613c1c1ac2 - - - -] Successfully bumped revision number for resource 718e6041-1ce0-4e9f-bb06-c32d35d3ef64 (type: routers) to 3
2026-07-21 22:12:38.003 10 INFO neutron.wsgi [None req-475018c0-9a43-40ab-ac30-15fb3ab463ef fae84ff3382a454a972b9dab63fccdc2 9a530b36155a4a78bd24fc613c1c1ac2 - - - -] 10.0.0.116 "POST /v2.0/routers HTTP/1.1" status: 201 len: 875 time: 1.3855634
2026-07-21 22:12:38.166 9 INFO neutron.plugins.ml2.drivers.ovn.mech_driver.ovsdb.ovsdb_monitor [None req-ef22b0fb-5d3e-403b-aec2-8cbf41a336ee - - - - - -] Router 718e6041-1ce0-4e9f-bb06-c32d35d3ef64 is bound to host instance
2026-07-21 22:12:38.173 9 INFO neutron.plugins.ml2.drivers.ovn.mech_driver.mech_driver [None req-4cf41096-bd17-4445-8bb0-dfb4722b3ce6 - - - - - -] OVN reports status up for port: d541be75-271e-4308-b772-5a3804d652e6
2026-07-21 22:12:38.198 9 INFO neutron.plugins.ml2.plugin [None req-4cf41096-bd17-4445-8bb0-dfb4722b3ce6 - - - - - -] Attempt 1 to provision port d541be75-271e-4308-b772-5a3804d652e6
2026-07-21 22:12:38.319 10 INFO neutron.wsgi [None req-e546cf2b-4f4c-4f05-9e95-2033924099b5 3f5c6227a5b441e0b5ac068d9ddf66eb 0e42db5c2a0d4af380a0711c40669bfb - - default default] 10.0.0.116 "GET /v2.0/subnets?project_id=9a530b36155a4a78bd24fc613c1c1ac2&cidr=10.100.0.0%2F28 HTTP/1.1" status: 200 len: 207 time: 0.3107314
2026-07-21 22:12:38.371 9 INFO neutron.db.ovn_revision_numbers_db [None req-2684875f-c3e5-4b8b-b3bb-e44be359d3c4 f02d3ee417f54b569c5dd8852efd7213 819ab4c8aec7487fa7a642285a4283b5 - - - -] Successfully bumped revision number for resource 50c86025-6f16-4055-a393-5d9f1ee852fc (type: ports) to 2
2026-07-21 22:12:38.419 9 INFO neutron.db.ovn_revision_numbers_db [None req-2684875f-c3e5-4b8b-b3bb-e44be359d3c4 f02d3ee417f54b569c5dd8852efd7213 819ab4c8aec7487fa7a642285a4283b5 - - - -] Successfully bumped revision number for resource 2244f451-76c7-4d0c-a89e-5b4f4a162f6c (type: subnets) to 0
2026-07-21 22:12:38.441 10 INFO neutron.wsgi [None req-5c398e80-1809-4586-8655-2458875ca7c1 3f5c6227a5b441e0b5ac068d9ddf66eb 0e42db5c2a0d4af380a0711c40669bfb - - default default] 10.0.0.116 "GET /v2.0/networks?router%3Aexternal=True HTTP/1.1" status: 200 len: 947 time: 0.1158841
2026-07-21 22:12:38.447 9 INFO neutron.wsgi [None req-2684875f-c3e5-4b8b-b3bb-e44be359d3c4 f02d3ee417f54b569c5dd8852efd7213 819ab4c8aec7487fa7a642285a4283b5 - - - -] 10.0.0.116 "POST /v2.0/subnets HTTP/1.1" status: 201 len: 822 time: 1.1113229
2026-07-21 22:12:38.476 10 INFO neutron.wsgi [None req-8f19fe79-7d3a-4e5f-ba86-dd6a383f1b5f 3f5c6227a5b441e0b5ac068d9ddf66eb 0e42db5c2a0d4af380a0711c40669bfb - - default default] 10.0.0.116 "GET /v2.0/subnets?network_id=526b6b94-2985-444b-8360-bdb71d9ad5a1&cidr=10.100.0.0%2F28 HTTP/1.1" status: 200 len: 207 time: 0.0283651
2026-07-21 22:12:38.759 10 WARNING neutron.scheduler.dhcp_agent_scheduler [None req-fcf6601e-ff01-42d7-872c-47925b42802f fae84ff3382a454a972b9dab63fccdc2 9a530b36155a4a78bd24fc613c1c1ac2 - - - -] No more DHCP agents
2026-07-21 22:12:38.761 10 WARNING neutron.api.rpc.agentnotifiers.dhcp_rpc_agent_api [None req-fcf6601e-ff01-42d7-872c-47925b42802f fae84ff3382a454a972b9dab63fccdc2 9a530b36155a4a78bd24fc613c1c1ac2 - - - -] Unable to schedule network 87d19e01-5a19-4ebf-8834-22a5b71f13df: no agents available; will retry on subsequent port and subnet creation events.
2026-07-21 22:12:38.915 9 INFO neutron.wsgi [None req-5d9c4d5f-ea52-4e9e-ae8b-2de77fbebc35 f02d3ee417f54b569c5dd8852efd7213 819ab4c8aec7487fa7a642285a4283b5 - - - -] 10.0.0.116 "POST /v2.0/rbac-policies HTTP/1.1" status: 201 len: 523 time: 0.4591215
2026-07-21 22:12:38.966 9 INFO neutron.db.ovn_revision_numbers_db [None req-ef22b0fb-5d3e-403b-aec2-8cbf41a336ee - - - - - -] Successfully bumped revision number for resource d541be75-271e-4308-b772-5a3804d652e6 (type: ports) to 1
2026-07-21 22:12:39.189 9 INFO neutron.db.ovn_revision_numbers_db [None req-ef22b0fb-5d3e-403b-aec2-8cbf41a336ee - - - - - -] Successfully bumped revision number for resource d541be75-271e-4308-b772-5a3804d652e6 (type: router_ports) to 3
2026-07-21 22:12:39.194 10 INFO neutron.db.ovn_revision_numbers_db [None req-fcf6601e-ff01-42d7-872c-47925b42802f fae84ff3382a454a972b9dab63fccdc2 9a530b36155a4a78bd24fc613c1c1ac2 - - - -] Successfully bumped revision number for resource df5ce9d7-0df5-413c-9218-23cc6c102f0c (type: ports) to 2
2026-07-21 22:12:39.206 10 INFO neutron.db.ovn_revision_numbers_db [None req-fcf6601e-ff01-42d7-872c-47925b42802f fae84ff3382a454a972b9dab63fccdc2 9a530b36155a4a78bd24fc613c1c1ac2 - - - -] Successfully bumped revision number for resource 96e60c8c-7ef6-4f7e-ad9d-c9860f734051 (type: subnets) to 0
2026-07-21 22:12:39.219 10 INFO neutron.wsgi [None req-fcf6601e-ff01-42d7-872c-47925b42802f fae84ff3382a454a972b9dab63fccdc2 9a530b36155a4a78bd24fc613c1c1ac2 - - - -] 10.0.0.116 "POST /v2.0/subnets HTTP/1.1" status: 201 len: 831 time: 0.7369502
2026-07-21 22:12:39.329 9 INFO neutron.db.ovn_revision_numbers_db [None req-ef22b0fb-5d3e-403b-aec2-8cbf41a336ee - - - - - -] Successfully bumped revision number for resource d541be75-271e-4308-b772-5a3804d652e6 (type: ports) to 2
2026-07-21 22:12:39.532 9 INFO neutron.wsgi [None req-50c1cf5d-1110-4408-b7e6-85c31a8f8afe 85051b4788e44ef09a0bc2099586d110 77f5d0fba3b34937a855dbe257320256 - - default default] 10.0.0.116 "GET /v2.0/networks/1efa9a97-7665-4f88-a2c7-cd0df7e7885b HTTP/1.1" status: 200 len: 849 time: 0.2522149
2026-07-21 22:12:39.564 9 INFO neutron.db.ovn_revision_numbers_db [None req-ef22b0fb-5d3e-403b-aec2-8cbf41a336ee - - - - - -] Successfully bumped revision number for resource d541be75-271e-4308-b772-5a3804d652e6 (type: ports) to 4
2026-07-21 22:12:39.738 9 INFO neutron.db.ovn_revision_numbers_db [None req-ef22b0fb-5d3e-403b-aec2-8cbf41a336ee - - - - - -] Successfully bumped revision number for resource d541be75-271e-4308-b772-5a3804d652e6 (type: router_ports) to 4
2026-07-21 22:12:39.946 10 WARNING neutron.scheduler.dhcp_agent_scheduler [None req-35a5f9a9-d7de-4ed2-928e-759991f70c69 fae84ff3382a454a972b9dab63fccdc2 9a530b36155a4a78bd24fc613c1c1ac2 - - default default] No more DHCP agents
2026-07-21 22:12:39.949 10 WARNING neutron.api.rpc.agentnotifiers.dhcp_rpc_agent_api [None req-35a5f9a9-d7de-4ed2-928e-759991f70c69 fae84ff3382a454a972b9dab63fccdc2 9a530b36155a4a78bd24fc613c1c1ac2 - - default default] Unable to schedule network 87d19e01-5a19-4ebf-8834-22a5b71f13df: no agents available; will retry on subsequent port and subnet creation events.
2026-07-21 22:12:40.092 10 INFO neutron.db.ovn_revision_numbers_db [None req-35a5f9a9-d7de-4ed2-928e-759991f70c69 fae84ff3382a454a972b9dab63fccdc2 9a530b36155a4a78bd24fc613c1c1ac2 - - default default] Successfully bumped revision number for resource c9ec71e0-f810-4a5f-827a-d98564f8d25b (type: ports) to 1
2026-07-21 22:12:40.151 10 INFO neutron.pecan_wsgi.hooks.translation [None req-447a68b4-a661-48bc-b97b-e52ace26bae7 eaab3753b9ca4e0992f5facf826ab2a4 586d49f83c284b669751c77a842dc106 - - default default] GET failed (client error): The resource could not be found.
2026-07-21 22:12:40.152 10 INFO neutron.wsgi [None req-447a68b4-a661-48bc-b97b-e52ace26bae7 eaab3753b9ca4e0992f5facf826ab2a4 586d49f83c284b669751c77a842dc106 - - default default] 10.0.0.116 "GET /v2.0/networks/1efa9a97-7665-4f88-a2c7-cd0df7e7885b HTTP/1.1" status: 404 len: 339 time: 0.2525113
2026-07-21 22:12:40.544 9 INFO neutron.wsgi [-] 10.0.0.133 "GET / HTTP/1.1" status: 200 len: 246 time: 0.0018902
2026-07-21 22:12:40.546 9 INFO neutron.wsgi [-] 10.0.0.133 "GET / HTTP/1.1" status: 200 len: 246 time: 0.0014424
2026-07-21 22:12:40.679 10 INFO neutron.db.ovn_revision_numbers_db [None req-35a5f9a9-d7de-4ed2-928e-759991f70c69 fae84ff3382a454a972b9dab63fccdc2 9a530b36155a4a78bd24fc613c1c1ac2 - - default default] Successfully bumped revision number for resource c9ec71e0-f810-4a5f-827a-d98564f8d25b (type: router_ports) to 2
2026-07-21 22:12:40.835 10 INFO neutron.db.ovn_revision_numbers_db [None req-35a5f9a9-d7de-4ed2-928e-759991f70c69 fae84ff3382a454a972b9dab63fccdc2 9a530b36155a4a78bd24fc613c1c1ac2 - - default default] Successfully bumped revision number for resource c9ec71e0-f810-4a5f-827a-d98564f8d25b (type: ports) to 2
2026-07-21 22:12:40.899 10 WARNING neutron.scheduler.dhcp_agent_scheduler [None req-35a5f9a9-d7de-4ed2-928e-759991f70c69 fae84ff3382a454a972b9dab63fccdc2 9a530b36155a4a78bd24fc613c1c1ac2 - - default default] No more DHCP agents
2026-07-21 22:12:40.900 10 WARNING neutron.api.rpc.agentnotifiers.dhcp_rpc_agent_api [None req-35a5f9a9-d7de-4ed2-928e-759991f70c69 fae84ff3382a454a972b9dab63fccdc2 9a530b36155a4a78bd24fc613c1c1ac2 - - default default] Unable to schedule network 87d19e01-5a19-4ebf-8834-22a5b71f13df: no agents available; will retry on subsequent port and subnet creation events.
2026-07-21 22:12:40.901 9 INFO neutron.plugins.ml2.drivers.ovn.mech_driver.mech_driver [None req-4cf41096-bd17-4445-8bb0-dfb4722b3ce6 - - - - - -] OVN reports status up for port: c9ec71e0-f810-4a5f-827a-d98564f8d25b
2026-07-21 22:12:40.916 9 INFO neutron.plugins.ml2.plugin [None req-4cf41096-bd17-4445-8bb0-dfb4722b3ce6 - - - - - -] Attempt 1 to provision port c9ec71e0-f810-4a5f-827a-d98564f8d25b
2026-07-21 22:12:41.022 9 INFO neutron.services.segments.plugin [-] Segment 0762d324-b162-4e33-a367-c0a479cf0827 resource provider aggregate not found
2026-07-21 22:12:41.027 9 INFO neutron.services.segments.plugin [-] Segment 0762d324-b162-4e33-a367-c0a479cf0827 resource provider aggregate not found
2026-07-21 22:12:41.044 9 INFO neutron.services.segments.plugin [-] Segment 0762d324-b162-4e33-a367-c0a479cf0827 resource provider not found; error: Placement Client Error (4xx): {"errors": [{"status": 404, "title": "Not Found", "detail": "The resource could not be found.\n\n No resource provider with uuid 0762d324-b162-4e33-a367-c0a479cf0827 found for delete ", "request_id": "req-f9957d3d-d4b7-48cc-9f23-5f5dc29a4084"}]}
2026-07-21 22:12:41.051 9 INFO neutron.services.segments.plugin [-] Segment 0762d324-b162-4e33-a367-c0a479cf0827 resource provider not found; error: Placement Client Error (4xx): {"errors": [{"status": 404, "title": "Not Found", "detail": "The resource could not be found.\n\n No resource provider with uuid 0762d324-b162-4e33-a367-c0a479cf0827 found for delete ", "request_id": "req-30fe1b5c-09be-4f8c-acec-65af0e27ce03"}]}
2026-07-21 22:12:41.066 9 INFO neutron.wsgi [None req-0459cd16-cc84-4bf1-af20-497fcb26f06d f02d3ee417f54b569c5dd8852efd7213 819ab4c8aec7487fa7a642285a4283b5 - - - -] 10.0.0.116 "DELETE /v2.0/networks/1efa9a97-7665-4f88-a2c7-cd0df7e7885b HTTP/1.1" status: 204 len: 168 time: 0.9092414
2026-07-21 22:12:41.089 10 INFO neutron.pecan_wsgi.hooks.translation [None req-c0f70a76-379d-4e9c-b9e2-2c9cf9616c5f f02d3ee417f54b569c5dd8852efd7213 819ab4c8aec7487fa7a642285a4283b5 - - - -] DELETE failed (client error): The resource could not be found.
2026-07-21 22:12:41.095 10 INFO neutron.wsgi [None req-c0f70a76-379d-4e9c-b9e2-2c9cf9616c5f f02d3ee417f54b569c5dd8852efd7213 819ab4c8aec7487fa7a642285a4283b5 - - - -] 10.0.0.116 "DELETE /v2.0/subnets/9efce7b9-c36d-4f75-bbf7-3b0cefe54661 HTTP/1.1" status: 404 len: 337 time: 0.0225022
2026-07-21 22:12:41.126 9 INFO neutron.pecan_wsgi.hooks.translation [None req-8a41f497-afe3-489f-9493-ff5841603d92 f02d3ee417f54b569c5dd8852efd7213 819ab4c8aec7487fa7a642285a4283b5 - - - -] DELETE failed (client error): The resource could not be found.
2026-07-21 22:12:41.130 9 INFO neutron.wsgi [None req-8a41f497-afe3-489f-9493-ff5841603d92 f02d3ee417f54b569c5dd8852efd7213 819ab4c8aec7487fa7a642285a4283b5 - - - -] 10.0.0.116 "DELETE /v2.0/subnets/06a7c11a-9411-4390-82e2-cda5ec212161 HTTP/1.1" status: 404 len: 337 time: 0.0297282
2026-07-21 22:12:41.158 9 INFO neutron.pecan_wsgi.hooks.translation [None req-cd4a2f21-7c47-4833-b8ec-49edbdb4a3fb f02d3ee417f54b569c5dd8852efd7213 819ab4c8aec7487fa7a642285a4283b5 - - - -] DELETE failed (client error): The resource could not be found.
2026-07-21 22:12:41.161 9 INFO neutron.wsgi [None req-cd4a2f21-7c47-4833-b8ec-49edbdb4a3fb f02d3ee417f54b569c5dd8852efd7213 819ab4c8aec7487fa7a642285a4283b5 - - - -] 10.0.0.116 "DELETE /v2.0/subnets/2244f451-76c7-4d0c-a89e-5b4f4a162f6c HTTP/1.1" status: 404 len: 337 time: 0.0230124
2026-07-21 22:12:41.213 10 INFO neutron.db.ovn_revision_numbers_db [None req-35a5f9a9-d7de-4ed2-928e-759991f70c69 fae84ff3382a454a972b9dab63fccdc2 9a530b36155a4a78bd24fc613c1c1ac2 - - - -] Successfully bumped revision number for resource c9ec71e0-f810-4a5f-827a-d98564f8d25b (type: router_ports) to 2
2026-07-21 22:12:41.216 10 INFO neutron.wsgi [None req-35a5f9a9-d7de-4ed2-928e-759991f70c69 fae84ff3382a454a972b9dab63fccdc2 9a530b36155a4a78bd24fc613c1c1ac2 - - - -] 10.0.0.116 "PUT /v2.0/routers/718e6041-1ce0-4e9f-bb06-c32d35d3ef64/add_router_interface HTTP/1.1" status: 200 len: 503 time: 1.9929104
2026-07-21 22:12:41.258 9 INFO neutron.db.ovn_revision_numbers_db [None req-4cf41096-bd17-4445-8bb0-dfb4722b3ce6 - - - - - -] Successfully bumped revision number for resource c9ec71e0-f810-4a5f-827a-d98564f8d25b (type: ports) to 3
2026-07-21 22:12:41.283 10 INFO neutron.wsgi [None req-8c72eb35-eb62-4af2-9e72-efc1a95ed13f 3f5c6227a5b441e0b5ac068d9ddf66eb 0e42db5c2a0d4af380a0711c40669bfb - - default default] 10.0.0.116 "GET /v2.0/networks HTTP/1.1" status: 200 len: 3875 time: 0.0589340
2026-07-21 22:12:41.329 10 INFO neutron.wsgi [None req-ff1a50f9-a8c6-4c8f-8be1-603e632d2165 3f5c6227a5b441e0b5ac068d9ddf66eb 0e42db5c2a0d4af380a0711c40669bfb - - default default] 10.0.0.116 "GET /v2.0/subnets HTTP/1.1" status: 200 len: 2753 time: 0.0395906
2026-07-21 22:12:41.396 9 INFO neutron.db.ovn_revision_numbers_db [None req-4cf41096-bd17-4445-8bb0-dfb4722b3ce6 - - - - - -] Successfully bumped revision number for resource c9ec71e0-f810-4a5f-827a-d98564f8d25b (type: router_ports) to 3
2026-07-21 22:12:41.444 10 INFO neutron.wsgi [None req-b9859f63-30e6-4f15-ac63-ab50cb05868b 3f5c6227a5b441e0b5ac068d9ddf66eb 0e42db5c2a0d4af380a0711c40669bfb - - default default] 10.0.0.116 "GET /v2.0/routers HTTP/1.1" status: 200 len: 1554 time: 0.1091917
2026-07-21 22:12:41.620 10 INFO neutron.db.ovn_revision_numbers_db [None req-10276b12-4024-449f-b12a-2d142c7fd458 fae84ff3382a454a972b9dab63fccdc2 9a530b36155a4a78bd24fc613c1c1ac2 - - - -] Successfully bumped revision number for resource ae569b37-7254-45ad-92a4-d4b4d83a12bc (type: security_groups) to 1
2026-07-21 22:12:41.650 10 INFO neutron.wsgi [None req-10276b12-4024-449f-b12a-2d142c7fd458 fae84ff3382a454a972b9dab63fccdc2 9a530b36155a4a78bd24fc613c1c1ac2 - - - -] 10.0.0.116 "POST /v2.0/security-groups HTTP/1.1" status: 201 len: 1809 time: 0.1475224
2026-07-21 22:12:41.780 10 INFO neutron.db.ovn_revision_numbers_db [None req-9283b728-169c-47a5-a6e8-dc788cd05dfd fae84ff3382a454a972b9dab63fccdc2 9a530b36155a4a78bd24fc613c1c1ac2 - - - -] Successfully bumped revision number for resource 47155bd4-ac82-4817-88ac-2442977ed76a (type: security_group_rules) to 0
2026-07-21 22:12:41.818 10 INFO neutron.wsgi [None req-9283b728-169c-47a5-a6e8-dc788cd05dfd fae84ff3382a454a972b9dab63fccdc2 9a530b36155a4a78bd24fc613c1c1ac2 - - - -] 10.0.0.116 "POST /v2.0/security-group-rules HTTP/1.1" status: 201 len: 764 time: 0.1619520
2026-07-21 22:12:41.953 10 INFO neutron.db.ovn_revision_numbers_db [None req-72006cdc-1732-4486-9c1f-5c0204227591 fae84ff3382a454a972b9dab63fccdc2 9a530b36155a4a78bd24fc613c1c1ac2 - - - -] Successfully bumped revision number for resource ec666ac5-1321-4128-8db6-2ad075f8ff82 (type: security_group_rules) to 0
2026-07-21 22:12:42.013 10 INFO neutron.wsgi [None req-72006cdc-1732-4486-9c1f-5c0204227591 fae84ff3382a454a972b9dab63fccdc2 9a530b36155a4a78bd24fc613c1c1ac2 - - - -] 10.0.0.116 "POST /v2.0/security-group-rules HTTP/1.1" status: 201 len: 763 time: 0.1884558
2026-07-21 22:12:42.151 9 INFO neutron.db.ovn_revision_numbers_db [None req-a23e60c2-82cd-4497-a055-46fd7685b8d5 fae84ff3382a454a972b9dab63fccdc2 9a530b36155a4a78bd24fc613c1c1ac2 - - - -] Successfully bumped revision number for resource 433a2b7f-1dbf-416d-a8bc-b6f89343a3a7 (type: security_group_rules) to 0
2026-07-21 22:12:42.181 9 INFO neutron.wsgi [None req-a23e60c2-82cd-4497-a055-46fd7685b8d5 fae84ff3382a454a972b9dab63fccdc2 9a530b36155a4a78bd24fc613c1c1ac2 - - - -] 10.0.0.116 "POST /v2.0/security-group-rules HTTP/1.1" status: 201 len: 769 time: 0.1590915
2026-07-21 22:12:42.202 10 WARNING neutron.scheduler.dhcp_agent_scheduler [None req-c2b34547-3ceb-4463-afe0-7b86ff47fa75 b1ba2161e09e420e8f85e2293c834692 847600508c1a4fbf800227696a1df7e8 - - - -] No more DHCP agents
2026-07-21 22:12:42.203 10 WARNING neutron.api.rpc.agentnotifiers.dhcp_rpc_agent_api [None req-c2b34547-3ceb-4463-afe0-7b86ff47fa75 b1ba2161e09e420e8f85e2293c834692 847600508c1a4fbf800227696a1df7e8 - - - -] Unable to schedule network 526b6b94-2985-444b-8360-bdb71d9ad5a1: no agents available; will retry on subsequent port and subnet creation events.
2026-07-21 22:12:42.246 9 INFO neutron.db.ovn_revision_numbers_db [None req-2f103bdf-92c6-4d76-a78a-cbd3f10387cc a179550bd99a4fd6af3a5e6f28150aeb 9e55c4fc1fa7418d8af6eabbdbfc05de - - default default] Successfully bumped revision number for resource 560e6905-c516-4b62-8236-94b637b61be5 (type: security_groups) to 1
2026-07-21 22:12:42.272 9 INFO neutron.wsgi [None req-2f103bdf-92c6-4d76-a78a-cbd3f10387cc a179550bd99a4fd6af3a5e6f28150aeb 9e55c4fc1fa7418d8af6eabbdbfc05de - - default default] 10.0.0.116 "GET /v2.0/security-groups?tenant_id=77f5d0fba3b34937a855dbe257320256&name=default HTTP/1.1" status: 200 len: 2996 time: 0.1985691
2026-07-21 22:12:42.352 9 INFO neutron.db.ovn_revision_numbers_db [None req-e3fef08f-05e1-4915-a927-858e783248f9 fae84ff3382a454a972b9dab63fccdc2 9a530b36155a4a78bd24fc613c1c1ac2 - - - -] Successfully bumped revision number for resource 1a9e1274-8918-4315-adf0-ecff46dbf1d0 (type: security_group_rules) to 0
2026-07-21 22:12:42.382 9 INFO neutron.wsgi [None req-e3fef08f-05e1-4915-a927-858e783248f9 fae84ff3382a454a972b9dab63fccdc2 9a530b36155a4a78bd24fc613c1c1ac2 - - - -] 10.0.0.116 "POST /v2.0/security-group-rules HTTP/1.1" status: 201 len: 768 time: 0.1955447
2026-07-21 22:12:42.416 9 INFO neutron.db.securitygroups_db [None req-1610d581-4108-4e2c-a801-91b0a2e2b042 fae84ff3382a454a972b9dab63fccdc2 9a530b36155a4a78bd24fc613c1c1ac2 - - - -] Project 9a530b36155a4a78bd24fc613c1c1ac2 added a security group rule with legacy IPv6 ICMP protocol name icmp, ipv6-icmp should be used instead. It was automatically converted.
2026-07-21 22:12:42.502 9 INFO neutron.wsgi [None req-56ce868d-b088-4a0a-ab66-971ec3329725 a179550bd99a4fd6af3a5e6f28150aeb 9e55c4fc1fa7418d8af6eabbdbfc05de - - - -] 10.0.0.116 "DELETE /v2.0/security-groups/560e6905-c516-4b62-8236-94b637b61be5 HTTP/1.1" status: 204 len: 168 time: 0.2250683
2026-07-21 22:12:42.506 9 INFO neutron.db.ovn_revision_numbers_db [None req-1610d581-4108-4e2c-a801-91b0a2e2b042 fae84ff3382a454a972b9dab63fccdc2 9a530b36155a4a78bd24fc613c1c1ac2 - - - -] Successfully bumped revision number for resource e7c63f1e-0775-4b3d-be2f-20a9724422db (type: security_group_rules) to 0
2026-07-21 22:12:42.525 10 INFO neutron.db.ovn_revision_numbers_db [None req-c2b34547-3ceb-4463-afe0-7b86ff47fa75 b1ba2161e09e420e8f85e2293c834692 847600508c1a4fbf800227696a1df7e8 - - - -] Successfully bumped revision number for resource 103aa3e1-1a52-43ab-b323-bd1c6e649f17 (type: floatingips) to 0
2026-07-21 22:12:42.529 9 INFO neutron.wsgi [None req-1610d581-4108-4e2c-a801-91b0a2e2b042 fae84ff3382a454a972b9dab63fccdc2 9a530b36155a4a78bd24fc613c1c1ac2 - - - -] 10.0.0.116 "POST /v2.0/security-group-rules HTTP/1.1" status: 201 len: 774 time: 0.1393223
2026-07-21 22:12:42.541 10 INFO neutron.wsgi [None req-c2b34547-3ceb-4463-afe0-7b86ff47fa75 b1ba2161e09e420e8f85e2293c834692 847600508c1a4fbf800227696a1df7e8 - - - -] 10.0.0.116 "POST /v2.0/floatingips HTTP/1.1" status: 201 len: 751 time: 0.8090942
2026-07-21 22:12:42.556 9 INFO neutron.db.securitygroups_db [None req-fcae44f2-2c04-48dc-b987-2dbeab19db2e fae84ff3382a454a972b9dab63fccdc2 9a530b36155a4a78bd24fc613c1c1ac2 - - - -] Project 9a530b36155a4a78bd24fc613c1c1ac2 added a security group rule with legacy IPv6 ICMP protocol name icmp, ipv6-icmp should be used instead. It was automatically converted.
2026-07-21 22:12:42.643 9 INFO neutron.db.ovn_revision_numbers_db [None req-fcae44f2-2c04-48dc-b987-2dbeab19db2e fae84ff3382a454a972b9dab63fccdc2 9a530b36155a4a78bd24fc613c1c1ac2 - - - -] Successfully bumped revision number for resource cb85cc29-3b6e-4754-a0f2-5b2df728547b (type: security_group_rules) to 0
2026-07-21 22:12:42.669 9 INFO neutron.wsgi [None req-fcae44f2-2c04-48dc-b987-2dbeab19db2e fae84ff3382a454a972b9dab63fccdc2 9a530b36155a4a78bd24fc613c1c1ac2 - - - -] 10.0.0.116 "POST /v2.0/security-group-rules HTTP/1.1" status: 201 len: 773 time: 0.1347711
2026-07-21 22:12:42.690 10 INFO neutron.wsgi [None req-136b9e33-819c-4d18-a7e8-4c6876908671 a179550bd99a4fd6af3a5e6f28150aeb 9e55c4fc1fa7418d8af6eabbdbfc05de - - default default] 10.0.0.116 "GET /v2.0/security-groups?tenant_id=819ab4c8aec7487fa7a642285a4283b5&name=default HTTP/1.1" status: 200 len: 2996 time: 0.0411413
2026-07-21 22:12:42.830 10 WARNING neutron.scheduler.dhcp_agent_scheduler [None req-4863981e-9875-43c9-a01e-6ed53082620d b1ba2161e09e420e8f85e2293c834692 847600508c1a4fbf800227696a1df7e8 - - - -] No more DHCP agents
2026-07-21 22:12:42.832 10 WARNING neutron.api.rpc.agentnotifiers.dhcp_rpc_agent_api [None req-4863981e-9875-43c9-a01e-6ed53082620d b1ba2161e09e420e8f85e2293c834692 847600508c1a4fbf800227696a1df7e8 - - - -] Unable to schedule network 526b6b94-2985-444b-8360-bdb71d9ad5a1: no agents available; will retry on subsequent port and subnet creation events.
2026-07-21 22:12:42.907 9 INFO neutron.wsgi [None req-8a37747d-a5e8-4682-ab16-2e62b6cf3f88 a179550bd99a4fd6af3a5e6f28150aeb 9e55c4fc1fa7418d8af6eabbdbfc05de - - - -] 10.0.0.116 "DELETE /v2.0/security-groups/23bfa9b9-992f-4582-ac47-4fe6c2a0a296 HTTP/1.1" status: 204 len: 168 time: 0.2111526
2026-07-21 22:12:43.105 10 INFO neutron.db.ovn_revision_numbers_db [None req-4863981e-9875-43c9-a01e-6ed53082620d b1ba2161e09e420e8f85e2293c834692 847600508c1a4fbf800227696a1df7e8 - - - -] Successfully bumped revision number for resource 095692b2-0b1a-44b8-b3a4-7a0094064b9d (type: floatingips) to 0
2026-07-21 22:12:43.122 10 INFO neutron.wsgi [None req-4863981e-9875-43c9-a01e-6ed53082620d b1ba2161e09e420e8f85e2293c834692 847600508c1a4fbf800227696a1df7e8 - - - -] 10.0.0.116 "POST /v2.0/floatingips HTTP/1.1" status: 201 len: 751 time: 0.5760522
2026-07-21 22:12:43.129 9 INFO neutron.db.ovn_revision_numbers_db [None req-cd1bbfb7-8101-465f-aff4-58dca251a78a a179550bd99a4fd6af3a5e6f28150aeb 9e55c4fc1fa7418d8af6eabbdbfc05de - - default default] Successfully bumped revision number for resource 9572750b-f066-4ec5-aa17-68d44f55b24d (type: security_groups) to 1
2026-07-21 22:12:43.152 9 INFO neutron.wsgi [None req-cd1bbfb7-8101-465f-aff4-58dca251a78a a179550bd99a4fd6af3a5e6f28150aeb 9e55c4fc1fa7418d8af6eabbdbfc05de - - default default] 10.0.0.116 "GET /v2.0/security-groups?tenant_id=586d49f83c284b669751c77a842dc106&name=default HTTP/1.1" status: 200 len: 2996 time: 0.1070209
2026-07-21 22:12:43.278 10 INFO neutron.wsgi [None req-01c07486-70b5-4d54-a0e2-5d9c394e265c fae84ff3382a454a972b9dab63fccdc2 9a530b36155a4a78bd24fc613c1c1ac2 - - default default] 10.0.0.116 "GET /v2.0/networks HTTP/1.1" status: 200 len: 1493 time: 0.2505057
2026-07-21 22:12:43.332 9 INFO neutron.wsgi [None req-f59ed04e-3952-4f26-ba56-f55792a4e7b1 a179550bd99a4fd6af3a5e6f28150aeb 9e55c4fc1fa7418d8af6eabbdbfc05de - - - -] 10.0.0.116 "DELETE /v2.0/security-groups/9572750b-f066-4ec5-aa17-68d44f55b24d HTTP/1.1" status: 204 len: 168 time: 0.1745319
2026-07-21 22:12:43.417 10 INFO neutron.wsgi [req-240fad22-5f3d-4f61-8066-afc2a75a0b89 req-dd5851ed-2f8a-4462-a1d0-857738ed1f8d fae84ff3382a454a972b9dab63fccdc2 9a530b36155a4a78bd24fc613c1c1ac2 - - default default] 10.0.0.62 "GET /v2.0/security-groups?name=tempest-secgroup-smoke-178453466&fields=id&tenant_id=9a530b36155a4a78bd24fc613c1c1ac2 HTTP/1.1" status: 200 len: 267 time: 0.0534449
2026-07-21 22:12:43.735 10 WARNING neutron.scheduler.dhcp_agent_scheduler [None req-21815ae8-d496-43fe-8f71-409221ff42f9 b1ba2161e09e420e8f85e2293c834692 847600508c1a4fbf800227696a1df7e8 - - - -] No more DHCP agents
2026-07-21 22:12:43.739 10 WARNING neutron.api.rpc.agentnotifiers.dhcp_rpc_agent_api [None req-21815ae8-d496-43fe-8f71-409221ff42f9 b1ba2161e09e420e8f85e2293c834692 847600508c1a4fbf800227696a1df7e8 - - - -] Unable to schedule network 526b6b94-2985-444b-8360-bdb71d9ad5a1: no agents available; will retry on subsequent port and subnet creation events.
2026-07-21 22:12:43.758 10 INFO neutron.wsgi [req-240fad22-5f3d-4f61-8066-afc2a75a0b89 req-652494e4-2529-46d5-99b4-c4aabbdc8a27 fae84ff3382a454a972b9dab63fccdc2 9a530b36155a4a78bd24fc613c1c1ac2 - - default default] 10.0.0.62 "GET /v2.0/networks?id=87d19e01-5a19-4ebf-8834-22a5b71f13df HTTP/1.1" status: 200 len: 860 time: 0.3347085
2026-07-21 22:12:43.776 10 INFO neutron.wsgi [req-240fad22-5f3d-4f61-8066-afc2a75a0b89 req-da265ad2-8867-4bf4-aef2-265458824794 fae84ff3382a454a972b9dab63fccdc2 9a530b36155a4a78bd24fc613c1c1ac2 - - default default] 10.0.0.62 "GET /v2.0/quotas/9a530b36155a4a78bd24fc613c1c1ac2 HTTP/1.1" status: 200 len: 386 time: 0.0099206
2026-07-21 22:12:43.914 10 INFO neutron.wsgi [req-240fad22-5f3d-4f61-8066-afc2a75a0b89 req-a9ad5975-cda0-4cb2-b659-c79662973003 fae84ff3382a454a972b9dab63fccdc2 9a530b36155a4a78bd24fc613c1c1ac2 - - default default] 10.0.0.62 "GET /v2.0/ports?tenant_id=9a530b36155a4a78bd24fc613c1c1ac2&fields=id HTTP/1.1" status: 200 len: 302 time: 0.1269138
2026-07-21 22:12:44.022 10 INFO neutron.wsgi [req-240fad22-5f3d-4f61-8066-afc2a75a0b89 req-975d4987-ab06-4d51-afc0-00ab64aef876 b240058b33e640b08ca027793d4a2929 7e304895c205435cba65cc2763387986 - - 5fa42b4933be45809bb7aed0a16706c5 5fa42b4933be45809bb7aed0a16706c5] 10.0.0.62 "GET /v2.0/networks/87d19e01-5a19-4ebf-8834-22a5b71f13df?fields=segments HTTP/1.1" status: 200 len: 212 time: 0.0862854
2026-07-21 22:12:44.107 10 INFO neutron.wsgi [req-240fad22-5f3d-4f61-8066-afc2a75a0b89 req-6da0e1d0-bdaa-444e-94c5-ab7fcfba9d00 b240058b33e640b08ca027793d4a2929 7e304895c205435cba65cc2763387986 - - 5fa42b4933be45809bb7aed0a16706c5 5fa42b4933be45809bb7aed0a16706c5] 10.0.0.62 "GET /v2.0/networks/87d19e01-5a19-4ebf-8834-22a5b71f13df?fields=provider%3Aphysical_network&fields=provider%3Anetwork_type HTTP/1.1" status: 200 len: 277 time: 0.0766466
2026-07-21 22:12:44.164 10 INFO neutron.db.ovn_revision_numbers_db [None req-21815ae8-d496-43fe-8f71-409221ff42f9 b1ba2161e09e420e8f85e2293c834692 847600508c1a4fbf800227696a1df7e8 - - - -] Successfully bumped revision number for resource 94431cf4-cc52-4d3b-8497-72fe75fe93d5 (type: floatingips) to 0
2026-07-21 22:12:44.177 10 INFO neutron.wsgi [None req-21815ae8-d496-43fe-8f71-409221ff42f9 b1ba2161e09e420e8f85e2293c834692 847600508c1a4fbf800227696a1df7e8 - - - -] 10.0.0.116 "POST /v2.0/floatingips HTTP/1.1" status: 201 len: 751 time: 1.0506160
2026-07-21 22:12:44.237 10 INFO neutron.wsgi [req-2efef34a-ff0a-4bd5-bd67-e5773d0f7dd1 req-0a6603b8-e8f7-4bfe-90bb-68e3dcf9973d fae84ff3382a454a972b9dab63fccdc2 9a530b36155a4a78bd24fc613c1c1ac2 - - default default] 10.0.0.62 "GET /v2.0/ports?device_id=5019941d-9f10-41cb-80ee-9be9fd235673 HTTP/1.1" status: 200 len: 210 time: 0.0292652
2026-07-21 22:12:44.452 10 WARNING neutron.scheduler.dhcp_agent_scheduler [None req-c9b20aa4-3eed-43c9-97dd-75b989e18d65 b1ba2161e09e420e8f85e2293c834692 847600508c1a4fbf800227696a1df7e8 - - - -] No more DHCP agents
2026-07-21 22:12:44.453 10 WARNING neutron.api.rpc.agentnotifiers.dhcp_rpc_agent_api [None req-c9b20aa4-3eed-43c9-97dd-75b989e18d65 b1ba2161e09e420e8f85e2293c834692 847600508c1a4fbf800227696a1df7e8 - - - -] Unable to schedule network 526b6b94-2985-444b-8360-bdb71d9ad5a1: no agents available; will retry on subsequent port and subnet creation events.
2026-07-21 22:12:44.725 10 INFO neutron.db.ovn_revision_numbers_db [None req-c9b20aa4-3eed-43c9-97dd-75b989e18d65 b1ba2161e09e420e8f85e2293c834692 847600508c1a4fbf800227696a1df7e8 - - - -] Successfully bumped revision number for resource d22a2634-b5ae-4d2e-b700-2c5b40e44d64 (type: floatingips) to 0
2026-07-21 22:12:44.739 10 INFO neutron.wsgi [None req-c9b20aa4-3eed-43c9-97dd-75b989e18d65 b1ba2161e09e420e8f85e2293c834692 847600508c1a4fbf800227696a1df7e8 - - - -] 10.0.0.116 "POST /v2.0/floatingips HTTP/1.1" status: 201 len: 751 time: 0.5561676
2026-07-21 22:12:45.024 9 INFO neutron.wsgi [req-240fad22-5f3d-4f61-8066-afc2a75a0b89 req-6006c080-76e4-4823-aeff-b25c3d1df77a fae84ff3382a454a972b9dab63fccdc2 9a530b36155a4a78bd24fc613c1c1ac2 - - default default] 199.19.213.130 "GET /v2.0/networks?id=87d19e01-5a19-4ebf-8834-22a5b71f13df HTTP/1.1" status: 200 len: 860 time: 0.0783048
2026-07-21 22:12:45.089 9 INFO neutron.wsgi [req-240fad22-5f3d-4f61-8066-afc2a75a0b89 req-85c5b1e7-27ed-4779-af7c-51180da31a8f fae84ff3382a454a972b9dab63fccdc2 9a530b36155a4a78bd24fc613c1c1ac2 - - default default] 199.19.213.130 "GET /v2.0/security-groups?fields=id&fields=name&tenant_id=9a530b36155a4a78bd24fc613c1c1ac2 HTTP/1.1" status: 200 len: 379 time: 0.0460041
2026-07-21 22:12:45.103 9 WARNING neutron.scheduler.dhcp_agent_scheduler [None req-240eefd9-b082-4b9f-9b61-963d84a2b830 b1ba2161e09e420e8f85e2293c834692 847600508c1a4fbf800227696a1df7e8 - - - -] No more DHCP agents
2026-07-21 22:12:45.110 9 WARNING neutron.api.rpc.agentnotifiers.dhcp_rpc_agent_api [None req-240eefd9-b082-4b9f-9b61-963d84a2b830 b1ba2161e09e420e8f85e2293c834692 847600508c1a4fbf800227696a1df7e8 - - - -] Unable to schedule network 526b6b94-2985-444b-8360-bdb71d9ad5a1: no agents available; will retry on subsequent port and subnet creation events.
2026-07-21 22:12:45.208 9 INFO neutron.wsgi [req-05800842-54a2-403a-ab0c-317ca4c5f490 req-515e574e-04d4-4c4d-ae31-8cb57d097752 b240058b33e640b08ca027793d4a2929 7e304895c205435cba65cc2763387986 - - 5fa42b4933be45809bb7aed0a16706c5 5fa42b4933be45809bb7aed0a16706c5] 199.19.213.130 "GET /v2.0/ports?device_id=0d2e1709-ee05-4eb3-bd4f-0272e0662759&fields=binding%3Ahost_id&fields=binding%3Avif_type HTTP/1.1" status: 200 len: 265 time: 0.0333583
2026-07-21 22:12:45.324 9 INFO neutron.wsgi [req-05800842-54a2-403a-ab0c-317ca4c5f490 req-191cd6fa-3ddf-4368-a792-6225f6428413 b240058b33e640b08ca027793d4a2929 7e304895c205435cba65cc2763387986 - - 5fa42b4933be45809bb7aed0a16706c5 5fa42b4933be45809bb7aed0a16706c5] 199.19.213.130 "GET /v2.0/ports?tenant_id=954cc051fd7047b2b47a0d364ec860f7&device_id=0d2e1709-ee05-4eb3-bd4f-0272e0662759 HTTP/1.1" status: 200 len: 1365 time: 0.0504243
2026-07-21 22:12:45.343 10 INFO neutron.wsgi [req-db89de0b-f2ec-44e4-af64-1dcdcf646c6c req-8e7b4e3b-2dcc-4107-9f83-407a6b548a31 fae84ff3382a454a972b9dab63fccdc2 9a530b36155a4a78bd24fc613c1c1ac2 - - default default] 10.0.0.62 "GET /v2.0/ports?device_id=5019941d-9f10-41cb-80ee-9be9fd235673 HTTP/1.1" status: 200 len: 210 time: 0.0272686
2026-07-21 22:12:45.468 9 INFO neutron.wsgi [req-05800842-54a2-403a-ab0c-317ca4c5f490 req-4ea333e3-3e64-41bd-890b-a94e2718b00a b240058b33e640b08ca027793d4a2929 7e304895c205435cba65cc2763387986 - - 5fa42b4933be45809bb7aed0a16706c5 5fa42b4933be45809bb7aed0a16706c5] 199.19.213.130 "GET /v2.0/networks?id=f20fa6bb-e91d-4d9e-acd2-234c5308438c HTTP/1.1" status: 200 len: 973 time: 0.1179147
2026-07-21 22:12:45.554 9 INFO neutron.wsgi [req-05800842-54a2-403a-ab0c-317ca4c5f490 req-dff4ab25-47f5-42f5-8363-581918dc24df b240058b33e640b08ca027793d4a2929 7e304895c205435cba65cc2763387986 - - 5fa42b4933be45809bb7aed0a16706c5 5fa42b4933be45809bb7aed0a16706c5] 199.19.213.130 "GET /v2.0/floatingips?fixed_ip_address=10.100.0.13&port_id=d4076eb1-7ffd-4325-9dbd-9ec62402cbe8 HTTP/1.1" status: 200 len: 1060 time: 0.0689514 /var/lib/openstack/lib/python3.10/site-packages/pycadf/identifier.py:71: UserWarning: Invalid uuid: neutron. To ensure interoperability, identifiers should be a valid uuid. warnings.warn(('Invalid uuid: %s. To ensure interoperability, '
2026-07-21 22:12:45.583 9 WARNING neutron.scheduler.dhcp_agent_scheduler [None req-3b9f1330-94a6-4f3f-b55e-065f5d0beabc fae84ff3382a454a972b9dab63fccdc2 9a530b36155a4a78bd24fc613c1c1ac2 - - - -] No more DHCP agents
2026-07-21 22:12:45.600 9 WARNING neutron.api.rpc.agentnotifiers.dhcp_rpc_agent_api [None req-3b9f1330-94a6-4f3f-b55e-065f5d0beabc fae84ff3382a454a972b9dab63fccdc2 9a530b36155a4a78bd24fc613c1c1ac2 - - - -] Unable to schedule network 87d19e01-5a19-4ebf-8834-22a5b71f13df: no agents available; will retry on subsequent port and subnet creation events.
2026-07-21 22:12:45.632 9 INFO neutron.wsgi [req-05800842-54a2-403a-ab0c-317ca4c5f490 req-96549ac7-df03-49e7-8607-348f88e8926f b240058b33e640b08ca027793d4a2929 7e304895c205435cba65cc2763387986 - - 5fa42b4933be45809bb7aed0a16706c5 5fa42b4933be45809bb7aed0a16706c5] 199.19.213.130 "GET /v2.0/subnets?id=483ce789-9a1c-4001-9926-58f9df33166f HTTP/1.1" status: 200 len: 869 time: 0.0640781 /var/lib/openstack/lib/python3.10/site-packages/pycadf/identifier.py:71: UserWarning: Invalid uuid: neutron. To ensure interoperability, identifiers should be a valid uuid. warnings.warn(('Invalid uuid: %s. To ensure interoperability, '
2026-07-21 22:12:45.656 9 INFO neutron.db.ovn_revision_numbers_db [None req-240eefd9-b082-4b9f-9b61-963d84a2b830 b1ba2161e09e420e8f85e2293c834692 847600508c1a4fbf800227696a1df7e8 - - - -] Successfully bumped revision number for resource 8b78be03-b8e3-4c10-91ec-0d4473090f30 (type: floatingips) to 0
2026-07-21 22:12:45.673 9 INFO neutron.wsgi [req-05800842-54a2-403a-ab0c-317ca4c5f490 req-1e7a9374-9dde-44a7-9961-467317f79694 b240058b33e640b08ca027793d4a2929 7e304895c205435cba65cc2763387986 - - 5fa42b4933be45809bb7aed0a16706c5 5fa42b4933be45809bb7aed0a16706c5] 199.19.213.130 "GET /v2.0/ports?network_id=f20fa6bb-e91d-4d9e-acd2-234c5308438c&device_owner=network%3Adhcp HTTP/1.1" status: 200 len: 210 time: 0.0314312
2026-07-21 22:12:45.680 9 INFO neutron.wsgi [None req-240eefd9-b082-4b9f-9b61-963d84a2b830 b1ba2161e09e420e8f85e2293c834692 847600508c1a4fbf800227696a1df7e8 - - - -] 10.0.0.116 "POST /v2.0/floatingips HTTP/1.1" status: 201 len: 751 time: 0.9353125
2026-07-21 22:12:45.744 10 INFO neutron.wsgi [None req-a7bf8abd-3b8b-403d-b44b-de6d7380c9b2 b1ba2161e09e420e8f85e2293c834692 847600508c1a4fbf800227696a1df7e8 - - - -] 10.0.0.116 "PUT /v2.0/floatingips/103aa3e1-1a52-43ab-b323-bd1c6e649f17/tags HTTP/1.1" status: 200 len: 210 time: 0.0597720
2026-07-21 22:12:45.760 9 INFO neutron.wsgi [req-05800842-54a2-403a-ab0c-317ca4c5f490 req-ede6b190-e15d-4e91-a29a-98c9f1b1ab4d b240058b33e640b08ca027793d4a2929 7e304895c205435cba65cc2763387986 - - 5fa42b4933be45809bb7aed0a16706c5 5fa42b4933be45809bb7aed0a16706c5] 199.19.213.130 "GET /v2.0/networks/f20fa6bb-e91d-4d9e-acd2-234c5308438c?fields=segments HTTP/1.1" status: 200 len: 212 time: 0.0784960
2026-07-21 22:12:45.825 9 INFO neutron.wsgi [None req-7f1ffc0c-79e1-4c91-95c8-22050a2b5a18 b1ba2161e09e420e8f85e2293c834692 847600508c1a4fbf800227696a1df7e8 - - - -] 10.0.0.116 "PUT /v2.0/floatingips/095692b2-0b1a-44b8-b3a4-7a0094064b9d/tags HTTP/1.1" status: 200 len: 218 time: 0.0753217
2026-07-21 22:12:45.829 9 INFO neutron.db.ovn_revision_numbers_db [None req-3b9f1330-94a6-4f3f-b55e-065f5d0beabc fae84ff3382a454a972b9dab63fccdc2 9a530b36155a4a78bd24fc613c1c1ac2 - - - -] Successfully bumped revision number for resource 854ca01a-366f-4fc9-ad3a-33b72db7fc31 (type: ports) to 1
2026-07-21 22:12:45.870 9 INFO neutron.wsgi [None req-3b9f1330-94a6-4f3f-b55e-065f5d0beabc fae84ff3382a454a972b9dab63fccdc2 9a530b36155a4a78bd24fc613c1c1ac2 - - - -] 199.19.213.130 "POST /v2.0/ports HTTP/1.1" status: 201 len: 1162 time: 0.7760100
2026-07-21 22:12:45.872 9 INFO neutron.wsgi [req-05800842-54a2-403a-ab0c-317ca4c5f490 req-76317ab6-b9fb-45af-a499-8b6294ce6d15 b240058b33e640b08ca027793d4a2929 7e304895c205435cba65cc2763387986 - - 5fa42b4933be45809bb7aed0a16706c5 5fa42b4933be45809bb7aed0a16706c5] 199.19.213.130 "GET /v2.0/networks/f20fa6bb-e91d-4d9e-acd2-234c5308438c?fields=provider%3Aphysical_network&fields=provider%3Anetwork_type HTTP/1.1" status: 200 len: 277 time: 0.1021900
2026-07-21 22:12:45.879 10 INFO neutron.wsgi [None req-b22b3990-2f45-48b9-af42-0f2fbbd9e23e b1ba2161e09e420e8f85e2293c834692 847600508c1a4fbf800227696a1df7e8 - - - -] 10.0.0.116 "PUT /v2.0/floatingips/94431cf4-cc52-4d3b-8497-72fe75fe93d5/tags HTTP/1.1" status: 200 len: 227 time: 0.0504229
2026-07-21 22:12:45.930 9 INFO neutron.wsgi [None req-0a2dafc2-619d-44d6-8884-fefc7237f6ea b1ba2161e09e420e8f85e2293c834692 847600508c1a4fbf800227696a1df7e8 - - - -] 10.0.0.116 "PUT /v2.0/floatingips/d22a2634-b5ae-4d2e-b700-2c5b40e44d64/tags HTTP/1.1" status: 200 len: 212 time: 0.0429890
2026-07-21 22:12:45.996 10 INFO neutron.wsgi [None req-3384f80a-c274-4357-a064-34075f7504bf b1ba2161e09e420e8f85e2293c834692 847600508c1a4fbf800227696a1df7e8 - - default default] 10.0.0.116 "GET /v2.0/floatingips?tags=red HTTP/1.1" status: 200 len: 1866 time: 0.0616655
