2026-07-21 22:18:17.383 9 INFO neutron.services.segments.plugin [-] Segment 2d82195e-8aa4-41be-ae6f-d8d449413a80 resource provider not found; error: Placement Client Error (4xx): {"errors": [{"status": 404, "title": "Not Found", "detail": "The resource could not be found.\n\n No resource provider with uuid 2d82195e-8aa4-41be-ae6f-d8d449413a80 found for delete ", "request_id": "req-b9557db2-ee7a-4219-a8b6-a2e82307344e"}]}
2026-07-21 22:18:17.393 10 INFO neutron.pecan_wsgi.hooks.translation [None req-4e10b2ff-d016-4e6b-99e6-677200d30156 53a54d13135a4888b98edc1c9fbfacbb dc47df5da8024306bc550e35acc2461a - - default default] GET failed (client error): The resource could not be found.
2026-07-21 22:18:17.394 10 INFO neutron.wsgi [None req-4e10b2ff-d016-4e6b-99e6-677200d30156 53a54d13135a4888b98edc1c9fbfacbb dc47df5da8024306bc550e35acc2461a - - default default] 10.0.0.116 "GET /v2.0/networks/11729ce0-710d-4d3e-9bb3-9cccb548cce2 HTTP/1.1" status: 404 len: 339 time: 0.0186605
2026-07-21 22:18:17.568 10 INFO neutron.wsgi [None req-860a42ab-dada-4282-92bb-2d0500671fa8 53a54d13135a4888b98edc1c9fbfacbb dc47df5da8024306bc550e35acc2461a - - - -] 10.0.0.116 "DELETE /v2.0/subnets/1a741d8b-b3c4-4608-9f37-5cd053cb30a1 HTTP/1.1" status: 204 len: 168 time: 0.1678197
2026-07-21 22:18:17.592 10 INFO neutron.pecan_wsgi.hooks.translation [None req-05917a8f-7fab-4a13-aefd-c84896376fc9 53a54d13135a4888b98edc1c9fbfacbb dc47df5da8024306bc550e35acc2461a - - default default] GET failed (client error): The resource could not be found.
2026-07-21 22:18:17.593 10 INFO neutron.wsgi [None req-05917a8f-7fab-4a13-aefd-c84896376fc9 53a54d13135a4888b98edc1c9fbfacbb dc47df5da8024306bc550e35acc2461a - - default default] 10.0.0.116 "GET /v2.0/subnets/1a741d8b-b3c4-4608-9f37-5cd053cb30a1 HTTP/1.1" status: 404 len: 337 time: 0.0191114
2026-07-21 22:18:17.804 10 INFO neutron.wsgi [None req-c0e5b7a1-bed1-4ba4-97ff-b91fec85eda7 53a54d13135a4888b98edc1c9fbfacbb dc47df5da8024306bc550e35acc2461a - - - -] 10.0.0.116 "DELETE /v2.0/subnets/2843f9c9-d3e0-4db8-a6ce-686a4265847c HTTP/1.1" status: 204 len: 168 time: 0.2067125
2026-07-21 22:18:17.830 10 INFO neutron.pecan_wsgi.hooks.translation [None req-345cc872-46f1-4abc-91be-37afbf6717ba 53a54d13135a4888b98edc1c9fbfacbb dc47df5da8024306bc550e35acc2461a - - default default] GET failed (client error): The resource could not be found.
2026-07-21 22:18:17.831 10 INFO neutron.wsgi [None req-345cc872-46f1-4abc-91be-37afbf6717ba 53a54d13135a4888b98edc1c9fbfacbb dc47df5da8024306bc550e35acc2461a - - default default] 10.0.0.116 "GET /v2.0/subnets/2843f9c9-d3e0-4db8-a6ce-686a4265847c HTTP/1.1" status: 404 len: 337 time: 0.0208235
2026-07-21 22:18:18.271 9 INFO neutron.wsgi [None req-9684380e-dfdc-4361-8a5b-f4d0a6b7ccf8 53a54d13135a4888b98edc1c9fbfacbb dc47df5da8024306bc550e35acc2461a - - - -] 10.0.0.116 "DELETE /v2.0/networks/31d65037-0332-4a12-9aa0-dadf00d734a3 HTTP/1.1" status: 204 len: 168 time: 0.4357610
2026-07-21 22:18:18.296 10 INFO neutron.pecan_wsgi.hooks.translation [None req-b7fcde6c-9a36-46d6-8e86-45e1b034bc2f 53a54d13135a4888b98edc1c9fbfacbb dc47df5da8024306bc550e35acc2461a - - default default] GET failed (client error): The resource could not be found.
2026-07-21 22:18:18.299 10 INFO neutron.wsgi [None req-b7fcde6c-9a36-46d6-8e86-45e1b034bc2f 53a54d13135a4888b98edc1c9fbfacbb dc47df5da8024306bc550e35acc2461a - - default default] 10.0.0.116 "GET /v2.0/networks/31d65037-0332-4a12-9aa0-dadf00d734a3 HTTP/1.1" status: 404 len: 339 time: 0.0221605
2026-07-21 22:18:18.464 9 INFO neutron.wsgi [None req-950896e8-8667-490c-9795-1d997e6fc9d7 53a54d13135a4888b98edc1c9fbfacbb dc47df5da8024306bc550e35acc2461a - - - -] 10.0.0.116 "DELETE /v2.0/subnets/074e5f86-d32d-418e-924d-cb91333d5017 HTTP/1.1" status: 204 len: 168 time: 0.1610761
2026-07-21 22:18:18.489 9 INFO neutron.pecan_wsgi.hooks.translation [None req-15281f4e-32d8-470d-b730-45add10faf90 53a54d13135a4888b98edc1c9fbfacbb dc47df5da8024306bc550e35acc2461a - - default default] GET failed (client error): The resource could not be found.
2026-07-21 22:18:18.490 9 INFO neutron.wsgi [None req-15281f4e-32d8-470d-b730-45add10faf90 53a54d13135a4888b98edc1c9fbfacbb dc47df5da8024306bc550e35acc2461a - - default default] 10.0.0.116 "GET /v2.0/subnets/074e5f86-d32d-418e-924d-cb91333d5017 HTTP/1.1" status: 404 len: 337 time: 0.0198183
2026-07-21 22:18:18.703 9 INFO neutron.wsgi [None req-35bf79f8-e9a6-467b-b9ad-57028c01083b 53a54d13135a4888b98edc1c9fbfacbb dc47df5da8024306bc550e35acc2461a - - - -] 10.0.0.116 "DELETE /v2.0/subnets/8d428cff-fbe9-4052-bf55-acc842848617 HTTP/1.1" status: 204 len: 168 time: 0.2085736
2026-07-21 22:18:18.727 9 INFO neutron.pecan_wsgi.hooks.translation [None req-79bf3025-18f0-4834-b40c-ab17b7686035 53a54d13135a4888b98edc1c9fbfacbb dc47df5da8024306bc550e35acc2461a - - default default] GET failed (client error): The resource could not be found.
2026-07-21 22:18:18.728 9 INFO neutron.wsgi [None req-79bf3025-18f0-4834-b40c-ab17b7686035 53a54d13135a4888b98edc1c9fbfacbb dc47df5da8024306bc550e35acc2461a - - default default] 10.0.0.116 "GET /v2.0/subnets/8d428cff-fbe9-4052-bf55-acc842848617 HTTP/1.1" status: 404 len: 337 time: 0.0194383
2026-07-21 22:18:19.151 9 INFO neutron.wsgi [None req-b31f0cb8-ded2-431d-97d9-520ae5f07785 53a54d13135a4888b98edc1c9fbfacbb dc47df5da8024306bc550e35acc2461a - - - -] 10.0.0.116 "DELETE /v2.0/networks/d95de555-fdd7-4a44-ae7a-614b1f3b7584 HTTP/1.1" status: 204 len: 168 time: 0.4184403
2026-07-21 22:18:19.172 10 INFO neutron.pecan_wsgi.hooks.translation [None req-d69772bd-e7f5-4f36-bb3e-012c37d9acb1 53a54d13135a4888b98edc1c9fbfacbb dc47df5da8024306bc550e35acc2461a - - default default] GET failed (client error): The resource could not be found.
2026-07-21 22:18:19.173 10 INFO neutron.wsgi [None req-d69772bd-e7f5-4f36-bb3e-012c37d9acb1 53a54d13135a4888b98edc1c9fbfacbb dc47df5da8024306bc550e35acc2461a - - default default] 10.0.0.116 "GET /v2.0/networks/d95de555-fdd7-4a44-ae7a-614b1f3b7584 HTTP/1.1" status: 404 len: 339 time: 0.0166352
2026-07-21 22:18:19.398 9 INFO neutron.services.segments.plugin [-] Segment 48d774b6-69fd-4ba7-a7fc-76d5df72b7e5 resource provider aggregate not found
2026-07-21 22:18:19.403 9 INFO neutron.services.segments.plugin [-] Segment 48d774b6-69fd-4ba7-a7fc-76d5df72b7e5 resource provider aggregate not found
2026-07-21 22:18:19.416 9 INFO neutron.services.segments.plugin [-] Segment 48d774b6-69fd-4ba7-a7fc-76d5df72b7e5 resource provider not found; error: Placement Client Error (4xx): {"errors": [{"status": 404, "title": "Not Found", "detail": "The resource could not be found.\n\n No resource provider with uuid 48d774b6-69fd-4ba7-a7fc-76d5df72b7e5 found for delete ", "request_id": "req-ecc0e80f-5d88-4e3d-9d09-3825fcfb425f"}]}
2026-07-21 22:18:19.422 9 INFO neutron.services.segments.plugin [-] Segment 48d774b6-69fd-4ba7-a7fc-76d5df72b7e5 resource provider not found; error: Placement Client Error (4xx): {"errors": [{"status": 404, "title": "Not Found", "detail": "The resource could not be found.\n\n No resource provider with uuid 48d774b6-69fd-4ba7-a7fc-76d5df72b7e5 found for delete ", "request_id": "req-7960d8e6-28e0-4273-bee4-3f0b5d04289d"}]}
2026-07-21 22:18:19.432 9 INFO neutron.services.segments.plugin [-] Segment e9862e97-0568-4aa9-988e-991208dabb5a resource provider aggregate not found
2026-07-21 22:18:19.445 9 INFO neutron.services.segments.plugin [-] Segment e9862e97-0568-4aa9-988e-991208dabb5a resource provider aggregate not found
2026-07-21 22:18:19.451 9 INFO neutron.services.segments.plugin [-] Segment e9862e97-0568-4aa9-988e-991208dabb5a resource provider not found; error: Placement Client Error (4xx): {"errors": [{"status": 404, "title": "Not Found", "detail": "The resource could not be found.\n\n No resource provider with uuid e9862e97-0568-4aa9-988e-991208dabb5a found for delete ", "request_id": "req-ac13fbcd-f0a0-445d-b2af-9664d32bc956"}]}
2026-07-21 22:18:19.464 9 INFO neutron.services.segments.plugin [-] Segment e9862e97-0568-4aa9-988e-991208dabb5a resource provider not found; error: Placement Client Error (4xx): {"errors": [{"status": 404, "title": "Not Found", "detail": "The resource could not be found.\n\n No resource provider with uuid e9862e97-0568-4aa9-988e-991208dabb5a found for delete ", "request_id": "req-8a6ea473-5385-41bb-9f9f-9cf57ec43dcd"}]}
2026-07-21 22:18:21.331 10 INFO neutron.wsgi [None req-67ba3516-ecb2-49a3-bbf2-470ff6f578ef a179550bd99a4fd6af3a5e6f28150aeb 9e55c4fc1fa7418d8af6eabbdbfc05de - - default default] 10.0.0.116 "GET /v2.0/security-groups?tenant_id=dc47df5da8024306bc550e35acc2461a&name=default HTTP/1.1" status: 200 len: 3000 time: 0.1937001
2026-07-21 22:18:21.511 10 INFO neutron.wsgi [None req-da6bc86e-9616-49b4-a132-131b2ed760ce a179550bd99a4fd6af3a5e6f28150aeb 9e55c4fc1fa7418d8af6eabbdbfc05de - - - -] 10.0.0.116 "DELETE /v2.0/security-groups/b5b13baf-b285-4828-9721-e261ecdf4cb5 HTTP/1.1" status: 204 len: 168 time: 0.1748426
2026-07-21 22:18:21.695 9 INFO neutron.db.ovn_revision_numbers_db [None req-e3a15c9c-0777-406a-a76d-14ef386fa173 a179550bd99a4fd6af3a5e6f28150aeb 9e55c4fc1fa7418d8af6eabbdbfc05de - - default default] Successfully bumped revision number for resource d1c8d6dc-7e3f-468b-b7a4-079ff66d90b4 (type: security_groups) to 1
2026-07-21 22:18:21.717 9 INFO neutron.wsgi [None req-e3a15c9c-0777-406a-a76d-14ef386fa173 a179550bd99a4fd6af3a5e6f28150aeb 9e55c4fc1fa7418d8af6eabbdbfc05de - - default default] 10.0.0.116 "GET /v2.0/security-groups?tenant_id=a544e6e8c3934258a9646a069c552476&name=default HTTP/1.1" status: 200 len: 3000 time: 0.1095836
2026-07-21 22:18:21.927 9 INFO neutron.wsgi [None req-e6c358db-7ef1-4c92-90e9-5281ed907b72 a179550bd99a4fd6af3a5e6f28150aeb 9e55c4fc1fa7418d8af6eabbdbfc05de - - - -] 10.0.0.116 "DELETE /v2.0/security-groups/d1c8d6dc-7e3f-468b-b7a4-079ff66d90b4 HTTP/1.1" status: 204 len: 168 time: 0.2048752
2026-07-21 22:18:22.179 9 INFO neutron.db.ovn_revision_numbers_db [None req-06e4b50a-5082-4b74-927a-95ed68bf2763 a179550bd99a4fd6af3a5e6f28150aeb 9e55c4fc1fa7418d8af6eabbdbfc05de - - default default] Successfully bumped revision number for resource a089d3b4-0b83-4b99-8f98-4dda1f40574e (type: security_groups) to 1
2026-07-21 22:18:22.207 9 INFO neutron.wsgi [None req-06e4b50a-5082-4b74-927a-95ed68bf2763 a179550bd99a4fd6af3a5e6f28150aeb 9e55c4fc1fa7418d8af6eabbdbfc05de - - default default] 10.0.0.116 "GET /v2.0/security-groups?tenant_id=7ca43c26dab3477095b74711c8df0a1b&name=default HTTP/1.1" status: 200 len: 3000 time: 0.1245699
2026-07-21 22:18:22.394 9 INFO neutron.wsgi [None req-09447d5a-beda-4ba5-a975-7f7ce4b206b4 a179550bd99a4fd6af3a5e6f28150aeb 9e55c4fc1fa7418d8af6eabbdbfc05de - - - -] 10.0.0.116 "DELETE /v2.0/security-groups/a089d3b4-0b83-4b99-8f98-4dda1f40574e HTTP/1.1" status: 204 len: 168 time: 0.1823857
2026-07-21 22:18:22.640 10 INFO neutron.db.ovn_revision_numbers_db [None req-cd61f92b-d2f6-442f-81b5-32cffb9c5006 a179550bd99a4fd6af3a5e6f28150aeb 9e55c4fc1fa7418d8af6eabbdbfc05de - - default default] Successfully bumped revision number for resource efb35bec-8ff9-4e3b-9513-b7c7c9d72427 (type: security_groups) to 1
2026-07-21 22:18:22.661 10 INFO neutron.wsgi [None req-cd61f92b-d2f6-442f-81b5-32cffb9c5006 a179550bd99a4fd6af3a5e6f28150aeb 9e55c4fc1fa7418d8af6eabbdbfc05de - - default default] 10.0.0.116 "GET /v2.0/security-groups?tenant_id=33c8800ef70348f99dc67265da38c488&name=default HTTP/1.1" status: 200 len: 3000 time: 0.1237092
2026-07-21 22:18:22.882 10 INFO neutron.wsgi [None req-f19bc79b-4057-4f26-ae11-fbf598247619 a179550bd99a4fd6af3a5e6f28150aeb 9e55c4fc1fa7418d8af6eabbdbfc05de - - - -] 10.0.0.116 "DELETE /v2.0/security-groups/efb35bec-8ff9-4e3b-9513-b7c7c9d72427 HTTP/1.1" status: 204 len: 168 time: 0.2142963
2026-07-21 22:18:23.140 10 INFO neutron.db.ovn_revision_numbers_db [None req-9ade2fa2-6793-4980-b36c-6cfd16675adf a179550bd99a4fd6af3a5e6f28150aeb 9e55c4fc1fa7418d8af6eabbdbfc05de - - default default] Successfully bumped revision number for resource f9ea7b65-9593-444f-b5a2-67353ed3312b (type: security_groups) to 1
2026-07-21 22:18:23.166 10 INFO neutron.wsgi [None req-9ade2fa2-6793-4980-b36c-6cfd16675adf a179550bd99a4fd6af3a5e6f28150aeb 9e55c4fc1fa7418d8af6eabbdbfc05de - - default default] 10.0.0.116 "GET /v2.0/security-groups?tenant_id=33146523b8d2406fbb6d825935584394&name=default HTTP/1.1" status: 200 len: 3000 time: 0.1255417
2026-07-21 22:18:23.341 10 INFO neutron.wsgi [None req-74957b9f-da5f-47e5-9c00-f551b2d24b91 a179550bd99a4fd6af3a5e6f28150aeb 9e55c4fc1fa7418d8af6eabbdbfc05de - - - -] 10.0.0.116 "DELETE /v2.0/security-groups/f9ea7b65-9593-444f-b5a2-67353ed3312b HTTP/1.1" status: 204 len: 168 time: 0.1685567
2026-07-21 22:18:23.577 10 INFO neutron.db.ovn_revision_numbers_db [None req-310b5ff0-c269-4d20-ad00-0b28f684a6e9 a179550bd99a4fd6af3a5e6f28150aeb 9e55c4fc1fa7418d8af6eabbdbfc05de - - default default] Successfully bumped revision number for resource a4d8278f-7c52-4e0e-9aef-26da51fc730b (type: security_groups) to 1
2026-07-21 22:18:23.601 10 INFO neutron.wsgi [None req-310b5ff0-c269-4d20-ad00-0b28f684a6e9 a179550bd99a4fd6af3a5e6f28150aeb 9e55c4fc1fa7418d8af6eabbdbfc05de - - default default] 10.0.0.116 "GET /v2.0/security-groups?tenant_id=09567e50a8044de7ae711bc3616acb9e&name=default HTTP/1.1" status: 200 len: 3000 time: 0.1151199
2026-07-21 22:18:23.780 10 INFO neutron.wsgi [None req-133eadfd-c65b-49c7-b018-dcfd17a00b79 a179550bd99a4fd6af3a5e6f28150aeb 9e55c4fc1fa7418d8af6eabbdbfc05de - - - -] 10.0.0.116 "DELETE /v2.0/security-groups/a4d8278f-7c52-4e0e-9aef-26da51fc730b HTTP/1.1" status: 204 len: 168 time: 0.1737647
2026-07-21 22:18:24.074 10 INFO neutron.db.ovn_revision_numbers_db [None req-235d0cd9-a357-4e7a-96df-c95606245adf a179550bd99a4fd6af3a5e6f28150aeb 9e55c4fc1fa7418d8af6eabbdbfc05de - - default default] Successfully bumped revision number for resource fe54be51-937a-40ee-bbfc-256cc03ac021 (type: security_groups) to 1
2026-07-21 22:18:24.095 10 INFO neutron.wsgi [None req-235d0cd9-a357-4e7a-96df-c95606245adf a179550bd99a4fd6af3a5e6f28150aeb 9e55c4fc1fa7418d8af6eabbdbfc05de - - default default] 10.0.0.116 "GET /v2.0/security-groups?tenant_id=7a8f19ac3a384a5b9d22922bd0ec0825&name=default HTTP/1.1" status: 200 len: 3000 time: 0.1209447
2026-07-21 22:18:24.279 10 INFO neutron.wsgi [None req-1b1490b3-cc4e-478e-b1b9-62b2e5e72c5a a179550bd99a4fd6af3a5e6f28150aeb 9e55c4fc1fa7418d8af6eabbdbfc05de - - - -] 10.0.0.116 "DELETE /v2.0/security-groups/fe54be51-937a-40ee-bbfc-256cc03ac021 HTTP/1.1" status: 204 len: 168 time: 0.1785846
2026-07-21 22:18:25.545 10 INFO neutron.wsgi [-] 10.0.0.133 "GET / HTTP/1.1" status: 200 len: 246 time: 0.0027294
2026-07-21 22:18:25.547 10 INFO neutron.wsgi [-] 10.0.0.133 "GET / HTTP/1.1" status: 200 len: 246 time: 0.0013092
2026-07-21 22:18:26.943 9 INFO neutron.wsgi [None req-b4fa5b43-38fc-4a29-9d60-ca7b004e8983 a179550bd99a4fd6af3a5e6f28150aeb 9e55c4fc1fa7418d8af6eabbdbfc05de - - default default] 10.0.0.116 "GET /v2.0/networks HTTP/1.1" status: 200 len: 2369 time: 0.2103307
2026-07-21 22:18:28.103 10 INFO neutron.wsgi [None req-4f51aaae-a1d3-4e87-9adb-ad6d5ca460c1 a179550bd99a4fd6af3a5e6f28150aeb 9e55c4fc1fa7418d8af6eabbdbfc05de - - default default] 10.0.0.116 "GET /v2.0/floatingips HTTP/1.1" status: 200 len: 212 time: 0.0369825
2026-07-21 22:18:28.144 10 INFO neutron.wsgi [None req-369c5086-76aa-46f2-a8d1-f5ea0bf9039f a179550bd99a4fd6af3a5e6f28150aeb 9e55c4fc1fa7418d8af6eabbdbfc05de - - default default] 10.0.0.116 "GET /v2.0/routers HTTP/1.1" status: 200 len: 208 time: 0.0362973
2026-07-21 22:18:28.199 10 INFO neutron.wsgi [None req-39dc954d-5aa2-42f7-9957-d9f1b24bef4c a179550bd99a4fd6af3a5e6f28150aeb 9e55c4fc1fa7418d8af6eabbdbfc05de - - default default] 10.0.0.116 "GET /v2.0/ports HTTP/1.1" status: 200 len: 5274 time: 0.0496242
2026-07-21 22:18:28.250 10 INFO neutron.wsgi [None req-b5b56252-151c-4369-92bd-860f84b890c5 a179550bd99a4fd6af3a5e6f28150aeb 9e55c4fc1fa7418d8af6eabbdbfc05de - - default default] 10.0.0.116 "GET /v2.0/subnets HTTP/1.1" status: 200 len: 1456 time: 0.0459955
2026-07-21 22:18:28.624 10 INFO neutron.wsgi [None req-cd453ca6-1f35-4acd-a22b-22e7a24ada33 a179550bd99a4fd6af3a5e6f28150aeb 9e55c4fc1fa7418d8af6eabbdbfc05de - - default default] 10.0.0.116 "GET /v2.0/networks HTTP/1.1" status: 200 len: 2369 time: 0.3688142
2026-07-21 22:18:28.696 10 INFO neutron.wsgi [None req-137b61ac-433f-440a-8d9e-0beee3ebef2f a179550bd99a4fd6af3a5e6f28150aeb 9e55c4fc1fa7418d8af6eabbdbfc05de - - default default] 10.0.0.116 "GET /v2.0/security-groups HTTP/1.1" status: 200 len: 16822 time: 0.0652051
2026-07-21 22:18:28.715 10 INFO neutron.wsgi [None req-b69bfbf5-3dd0-420e-beda-80238f721872 a179550bd99a4fd6af3a5e6f28150aeb 9e55c4fc1fa7418d8af6eabbdbfc05de - - default default] 10.0.0.116 "GET /v2.0/subnetpools HTTP/1.1" status: 200 len: 212 time: 0.0129514
2026-07-21 22:18:40.545 10 INFO neutron.wsgi [-] 10.0.0.133 "GET / HTTP/1.1" status: 200 len: 246 time: 0.0028410
2026-07-21 22:18:40.547 9 INFO neutron.wsgi [-] 10.0.0.133 "GET / HTTP/1.1" status: 200 len: 246 time: 0.0051868
2026-07-21 22:18:55.545 10 INFO neutron.wsgi [-] 10.0.0.133 "GET / HTTP/1.1" status: 200 len: 246 time: 0.0024865
2026-07-21 22:18:55.548 10 INFO neutron.wsgi [-] 10.0.0.133 "GET / HTTP/1.1" status: 200 len: 246 time: 0.0020010
2026-07-21 22:19:04.183 9 INFO neutron.wsgi [None req-c1929ade-7810-49b0-93e9-553b86e96b35 a179550bd99a4fd6af3a5e6f28150aeb 9e55c4fc1fa7418d8af6eabbdbfc05de - - default default] 10.0.0.119 "GET /v2.0/networks HTTP/1.1" status: 200 len: 2350 time: 0.1324506
2026-07-21 22:19:04.211 9 INFO neutron.wsgi [None req-d01b7fe4-4a9f-4121-85b5-410d37a7d476 a179550bd99a4fd6af3a5e6f28150aeb 9e55c4fc1fa7418d8af6eabbdbfc05de - - default default] 10.0.0.119 "GET /v2.0/ports HTTP/1.1" status: 200 len: 5255 time: 0.0266128
2026-07-21 22:19:04.259 9 INFO neutron.wsgi [None req-902bf10d-d8a0-422d-a9b9-148ab45777ff a179550bd99a4fd6af3a5e6f28150aeb 9e55c4fc1fa7418d8af6eabbdbfc05de - - default default] 10.0.0.119 "GET /v2.0/agents HTTP/1.1" status: 200 len: 997 time: 0.0418308
2026-07-21 22:19:04.290 9 INFO neutron.wsgi [None req-ed0f54a1-10dd-4bb3-b0a3-6f2f6553e485 a179550bd99a4fd6af3a5e6f28150aeb 9e55c4fc1fa7418d8af6eabbdbfc05de - - default default] 10.0.0.119 "GET /v2.0/subnets HTTP/1.1" status: 200 len: 1437 time: 0.0294044
2026-07-21 22:19:04.317 9 INFO neutron.wsgi [None req-974b8c39-6ec9-4ce2-b8fd-0487ddc7e8c0 a179550bd99a4fd6af3a5e6f28150aeb 9e55c4fc1fa7418d8af6eabbdbfc05de - - default default] 10.0.0.119 "GET /v2.0/routers HTTP/1.1" status: 200 len: 189 time: 0.0259125
2026-07-21 22:19:04.328 9 INFO neutron.wsgi [None req-b3fc0add-0816-4900-8379-f6502a57ebe1 a179550bd99a4fd6af3a5e6f28150aeb 9e55c4fc1fa7418d8af6eabbdbfc05de - - default default] 10.0.0.119 "GET /v2.0/agents?binary=ovn-controller HTTP/1.1" status: 200 len: 591 time: 0.0103004
2026-07-21 22:19:04.359 9 INFO neutron.wsgi [None req-da9ef622-fee4-4c8a-a4fb-90980fd04c3a a179550bd99a4fd6af3a5e6f28150aeb 9e55c4fc1fa7418d8af6eabbdbfc05de - - default default] 10.0.0.119 "GET /v2.0/subnets HTTP/1.1" status: 200 len: 1437 time: 0.0282383
2026-07-21 22:19:04.372 9 INFO neutron.wsgi [None req-cf7b3e3a-2985-4c54-9b9a-6a81e354099c a179550bd99a4fd6af3a5e6f28150aeb 9e55c4fc1fa7418d8af6eabbdbfc05de - - default default] 10.0.0.119 "GET /v2.0/subnetpools HTTP/1.1" status: 200 len: 193 time: 0.0102677
2026-07-21 22:19:04.437 9 INFO neutron.wsgi [None req-e4b67dda-4334-4c31-a87f-849a57082258 a179550bd99a4fd6af3a5e6f28150aeb 9e55c4fc1fa7418d8af6eabbdbfc05de - - default default] 10.0.0.119 "GET /v2.0/security-groups HTTP/1.1" status: 200 len: 16803 time: 0.0646486
2026-07-21 22:19:04.461 9 INFO neutron.wsgi [None req-81fec4cf-c20a-4238-be65-21857e6b3f4a a179550bd99a4fd6af3a5e6f28150aeb 9e55c4fc1fa7418d8af6eabbdbfc05de - - default default] 10.0.0.119 "GET /v2.0/network-ip-availabilities HTTP/1.1" status: 200 len: 1280 time: 0.0172064
2026-07-21 22:19:04.496 9 INFO neutron.wsgi [None req-59fa88b1-8eb2-40ba-ab5c-99659d634795 a179550bd99a4fd6af3a5e6f28150aeb 9e55c4fc1fa7418d8af6eabbdbfc05de - - default default] 10.0.0.119 "GET /v2.0/floatingips HTTP/1.1" status: 200 len: 193 time: 0.0339954
2026-07-21 22:19:10.544 10 INFO neutron.wsgi [-] 10.0.0.133 "GET / HTTP/1.1" status: 200 len: 246 time: 0.0021806
2026-07-21 22:19:10.545 9 INFO neutron.wsgi [-] 10.0.0.133 "GET / HTTP/1.1" status: 200 len: 246 time: 0.0025766
2026-07-21 22:19:25.544 9 INFO neutron.wsgi [-] 10.0.0.133 "GET / HTTP/1.1" status: 200 len: 246 time: 0.0019703
2026-07-21 22:19:25.544 10 INFO neutron.wsgi [-] 10.0.0.133 "GET / HTTP/1.1" status: 200 len: 246 time: 0.0020609
2026-07-21 22:19:40.546 10 INFO neutron.wsgi [-] 10.0.0.133 "GET / HTTP/1.1" status: 200 len: 246 time: 0.0031006
2026-07-21 22:19:40.546 9 INFO neutron.wsgi [-] 10.0.0.133 "GET / HTTP/1.1" status: 200 len: 246 time: 0.0026512
2026-07-21 22:19:55.546 9 INFO neutron.wsgi [-] 10.0.0.133 "GET / HTTP/1.1" status: 200 len: 246 time: 0.0031633
2026-07-21 22:19:55.549 10 INFO neutron.wsgi [-] 10.0.0.133 "GET / HTTP/1.1" status: 200 len: 246 time: 0.0027618
2026-07-21 22:20:04.149 9 INFO neutron.wsgi [None req-e7666f48-8f60-46da-84ce-5e09029c9089 a179550bd99a4fd6af3a5e6f28150aeb 9e55c4fc1fa7418d8af6eabbdbfc05de - - default default] 10.0.0.119 "GET /v2.0/agents HTTP/1.1" status: 200 len: 997 time: 0.1308868
2026-07-21 22:20:04.189 9 INFO neutron.wsgi [None req-df0011b4-c793-416e-ac5a-2b3c2f1ff718 a179550bd99a4fd6af3a5e6f28150aeb 9e55c4fc1fa7418d8af6eabbdbfc05de - - default default] 10.0.0.119 "GET /v2.0/subnets HTTP/1.1" status: 200 len: 1437 time: 0.0385752
2026-07-21 22:20:04.202 9 INFO neutron.wsgi [None req-3a727fca-4c80-4a8b-b543-c5d4ff3edb8b a179550bd99a4fd6af3a5e6f28150aeb 9e55c4fc1fa7418d8af6eabbdbfc05de - - default default] 10.0.0.119 "GET /v2.0/subnetpools HTTP/1.1" status: 200 len: 193 time: 0.0121737
2026-07-21 22:20:04.279 9 INFO neutron.wsgi [None req-80e71a38-4a90-4ab9-a12c-b7d932bf7cdb a179550bd99a4fd6af3a5e6f28150aeb 9e55c4fc1fa7418d8af6eabbdbfc05de - - default default] 10.0.0.119 "GET /v2.0/security-groups HTTP/1.1" status: 200 len: 16803 time: 0.0757642
2026-07-21 22:20:04.312 9 INFO neutron.wsgi [None req-350c99af-ff95-436b-aff7-00c0f45176e4 a179550bd99a4fd6af3a5e6f28150aeb 9e55c4fc1fa7418d8af6eabbdbfc05de - - default default] 10.0.0.119 "GET /v2.0/routers HTTP/1.1" status: 200 len: 189 time: 0.0297801
2026-07-21 22:20:04.322 15 INFO neutron.plugins.ml2.drivers.ovn.mech_driver.ovsdb.maintenance [None req-36ded306-7219-4e4c-9bcb-ed435df2cd95 - - - - - -] Maintenance task: Synchronization finished (took 0.04 seconds)
2026-07-21 22:20:04.337 9 INFO neutron.wsgi [None req-ce0a53d7-0866-46b3-afb3-a71dd11f9ff1 a179550bd99a4fd6af3a5e6f28150aeb 9e55c4fc1fa7418d8af6eabbdbfc05de - - default default] 10.0.0.119 "GET /v2.0/agents?binary=ovn-controller HTTP/1.1" status: 200 len: 591 time: 0.0238612
2026-07-21 22:20:04.358 9 INFO neutron.wsgi [None req-97e30c0b-e1ec-43a5-ba89-92175b6facc4 a179550bd99a4fd6af3a5e6f28150aeb 9e55c4fc1fa7418d8af6eabbdbfc05de - - default default] 10.0.0.119 "GET /v2.0/network-ip-availabilities HTTP/1.1" status: 200 len: 1280 time: 0.0200312
2026-07-21 22:20:04.422 9 INFO neutron.wsgi [None req-34a769b5-adb7-4987-bbd1-c370643fb621 a179550bd99a4fd6af3a5e6f28150aeb 9e55c4fc1fa7418d8af6eabbdbfc05de - - default default] 10.0.0.119 "GET /v2.0/ports HTTP/1.1" status: 200 len: 5255 time: 0.0637729
2026-07-21 22:20:04.454 9 INFO neutron.wsgi [None req-d21b8528-f07b-4cc8-b37c-4d1e3e725232 a179550bd99a4fd6af3a5e6f28150aeb 9e55c4fc1fa7418d8af6eabbdbfc05de - - default default] 10.0.0.119 "GET /v2.0/floatingips HTTP/1.1" status: 200 len: 193 time: 0.0251267
2026-07-21 22:20:04.516 9 INFO neutron.wsgi [None req-88f48401-967d-42f8-b57a-4eb2c52fd822 a179550bd99a4fd6af3a5e6f28150aeb 9e55c4fc1fa7418d8af6eabbdbfc05de - - default default] 10.0.0.119 "GET /v2.0/networks HTTP/1.1" status: 200 len: 2350 time: 0.0613258
2026-07-21 22:20:04.558 9 INFO neutron.wsgi [None req-dc45616b-0536-4124-8771-068eb3677212 a179550bd99a4fd6af3a5e6f28150aeb 9e55c4fc1fa7418d8af6eabbdbfc05de - - default default] 10.0.0.119 "GET /v2.0/subnets HTTP/1.1" status: 200 len: 1437 time: 0.0396855
2026-07-21 22:20:10.544 10 INFO neutron.wsgi [-] 10.0.0.133 "GET / HTTP/1.1" status: 200 len: 246 time: 0.0017426
2026-07-21 22:20:10.546 10 INFO neutron.wsgi [-] 10.0.0.133 "GET / HTTP/1.1" status: 200 len: 246 time: 0.0013239
2026-07-21 22:20:25.545 9 INFO neutron.wsgi [-] 10.0.0.133 "GET / HTTP/1.1" status: 200 len: 246 time: 0.0020866
2026-07-21 22:20:25.547 10 INFO neutron.wsgi [-] 10.0.0.133 "GET / HTTP/1.1" status: 200 len: 246 time: 0.0041916
2026-07-21 22:20:40.544 10 INFO neutron.wsgi [-] 10.0.0.133 "GET / HTTP/1.1" status: 200 len: 246 time: 0.0017850
2026-07-21 22:20:40.544 9 INFO neutron.wsgi [-] 10.0.0.133 "GET / HTTP/1.1" status: 200 len: 246 time: 0.0018768
2026-07-21 22:20:55.545 9 INFO neutron.wsgi [-] 10.0.0.133 "GET / HTTP/1.1" status: 200 len: 246 time: 0.0029261
2026-07-21 22:20:55.547 9 INFO neutron.wsgi [-] 10.0.0.133 "GET / HTTP/1.1" status: 200 len: 246 time: 0.0012889
2026-07-21 22:21:04.141 9 INFO neutron.wsgi [None req-83e6a3b3-5bea-46dd-942c-f1d5ab24e7f6 a179550bd99a4fd6af3a5e6f28150aeb 9e55c4fc1fa7418d8af6eabbdbfc05de - - default default] 10.0.0.119 "GET /v2.0/ports HTTP/1.1" status: 200 len: 5255 time: 0.0979950
2026-07-21 22:21:04.208 9 INFO neutron.wsgi [None req-6f2cc2e2-3b34-4d7a-b071-86b0856330a8 a179550bd99a4fd6af3a5e6f28150aeb 9e55c4fc1fa7418d8af6eabbdbfc05de - - default default] 10.0.0.119 "GET /v2.0/subnets HTTP/1.1" status: 200 len: 1437 time: 0.0629609
2026-07-21 22:21:04.621 9 INFO neutron.wsgi [None req-3b5a9a4b-5f01-43dd-bea9-ca24ebe71534 a179550bd99a4fd6af3a5e6f28150aeb 9e55c4fc1fa7418d8af6eabbdbfc05de - - default default] 10.0.0.119 "GET /v2.0/subnetpools HTTP/1.1" status: 200 len: 193 time: 0.4110894
2026-07-21 22:21:04.668 9 INFO neutron.wsgi [None req-19fce6fe-0a7c-42af-aea1-1ceceb708fc7 a179550bd99a4fd6af3a5e6f28150aeb 9e55c4fc1fa7418d8af6eabbdbfc05de - - default default] 10.0.0.119 "GET /v2.0/networks HTTP/1.1" status: 200 len: 2350 time: 0.0463381
2026-07-21 22:21:04.693 9 INFO neutron.wsgi [None req-bf3979d8-255c-4566-a49b-20e36a822e34 a179550bd99a4fd6af3a5e6f28150aeb 9e55c4fc1fa7418d8af6eabbdbfc05de - - default default] 10.0.0.119 "GET /v2.0/routers HTTP/1.1" status: 200 len: 189 time: 0.0241480
2026-07-21 22:21:04.760 9 INFO neutron.wsgi [None req-889aca2a-ba6a-4273-b99f-0e84516c83c8 a179550bd99a4fd6af3a5e6f28150aeb 9e55c4fc1fa7418d8af6eabbdbfc05de - - default default] 10.0.0.119 "GET /v2.0/agents?binary=ovn-controller HTTP/1.1" status: 200 len: 591 time: 0.0659392
2026-07-21 22:21:04.787 9 INFO neutron.wsgi [None req-4897760d-0a8b-40c2-bda5-e5a637a41eb4 a179550bd99a4fd6af3a5e6f28150aeb 9e55c4fc1fa7418d8af6eabbdbfc05de - - default default] 10.0.0.119 "GET /v2.0/floatingips HTTP/1.1" status: 200 len: 193 time: 0.0259311
2026-07-21 22:21:04.860 9 INFO neutron.wsgi [None req-01b507f9-c225-4cde-9032-d21ddf842f07 a179550bd99a4fd6af3a5e6f28150aeb 9e55c4fc1fa7418d8af6eabbdbfc05de - - default default] 10.0.0.119 "GET /v2.0/security-groups HTTP/1.1" status: 200 len: 16803 time: 0.0715551
2026-07-21 22:21:04.907 9 INFO neutron.wsgi [None req-445407e2-e6f5-408a-b495-d5d295eb08ce a179550bd99a4fd6af3a5e6f28150aeb 9e55c4fc1fa7418d8af6eabbdbfc05de - - default default] 10.0.0.119 "GET /v2.0/subnets HTTP/1.1" status: 200 len: 1437 time: 0.0423641
2026-07-21 22:21:04.922 9 INFO neutron.wsgi [None req-efbe9624-e638-428e-a4dd-0802a42b02f7 a179550bd99a4fd6af3a5e6f28150aeb 9e55c4fc1fa7418d8af6eabbdbfc05de - - default default] 10.0.0.119 "GET /v2.0/agents HTTP/1.1" status: 200 len: 997 time: 0.0130482
2026-07-21 22:21:04.935 9 INFO neutron.wsgi [None req-7837cdc6-5bfc-4b3f-91e9-6f6782094575 a179550bd99a4fd6af3a5e6f28150aeb 9e55c4fc1fa7418d8af6eabbdbfc05de - - default default] 10.0.0.119 "GET /v2.0/network-ip-availabilities HTTP/1.1" status: 200 len: 1280 time: 0.0116556
2026-07-21 22:21:10.545 10 INFO neutron.wsgi [-] 10.0.0.133 "GET / HTTP/1.1" status: 200 len: 246 time: 0.0025866
2026-07-21 22:21:10.546 9 INFO neutron.wsgi [-] 10.0.0.133 "GET / HTTP/1.1" status: 200 len: 246 time: 0.0026975
2026-07-21 22:21:25.546 9 INFO neutron.wsgi [-] 10.0.0.133 "GET / HTTP/1.1" status: 200 len: 246 time: 0.0038922
2026-07-21 22:21:25.545 10 INFO neutron.wsgi [-] 10.0.0.133 "GET / HTTP/1.1" status: 200 len: 246 time: 0.0018845
2026-07-21 22:21:40.544 9 INFO neutron.wsgi [-] 10.0.0.133 "GET / HTTP/1.1" status: 200 len: 246 time: 0.0023093
2026-07-21 22:21:40.546 9 INFO neutron.wsgi [-] 10.0.0.133 "GET / HTTP/1.1" status: 200 len: 246 time: 0.0013335
2026-07-21 22:21:55.545 9 INFO neutron.wsgi [-] 10.0.0.133 "GET / HTTP/1.1" status: 200 len: 246 time: 0.0022769
2026-07-21 22:21:55.547 10 INFO neutron.wsgi [-] 10.0.0.133 "GET / HTTP/1.1" status: 200 len: 246 time: 0.0044489
2026-07-21 22:22:04.145 9 INFO neutron.wsgi [None req-ba2f44d8-6eb5-433f-b849-d9460a5b0202 a179550bd99a4fd6af3a5e6f28150aeb 9e55c4fc1fa7418d8af6eabbdbfc05de - - default default] 10.0.0.119 "GET /v2.0/network-ip-availabilities HTTP/1.1" status: 200 len: 1280 time: 0.0963767
2026-07-21 22:22:04.170 9 INFO neutron.wsgi [None req-eb5fe692-5261-402c-87fa-e9e0e12e370a a179550bd99a4fd6af3a5e6f28150aeb 9e55c4fc1fa7418d8af6eabbdbfc05de - - default default] 10.0.0.119 "GET /v2.0/floatingips HTTP/1.1" status: 200 len: 193 time: 0.0244701
2026-07-21 22:22:04.240 9 INFO neutron.wsgi [None req-2daef988-1d9d-4c9d-b766-2d8ed0e8dc3e a179550bd99a4fd6af3a5e6f28150aeb 9e55c4fc1fa7418d8af6eabbdbfc05de - - default default] 10.0.0.119 "GET /v2.0/security-groups HTTP/1.1" status: 200 len: 16803 time: 0.0693142
2026-07-21 22:22:04.279 9 INFO neutron.wsgi [None req-c2ce6437-71af-4cfb-ad54-959d9946ab03 a179550bd99a4fd6af3a5e6f28150aeb 9e55c4fc1fa7418d8af6eabbdbfc05de - - default default] 10.0.0.119 "GET /v2.0/routers HTTP/1.1" status: 200 len: 189 time: 0.0302639
2026-07-21 22:22:04.326 9 INFO neutron.wsgi [None req-af0f5d91-5f21-42fc-9893-bc73decb0624 a179550bd99a4fd6af3a5e6f28150aeb 9e55c4fc1fa7418d8af6eabbdbfc05de - - default default] 10.0.0.119 "GET /v2.0/agents?binary=ovn-controller HTTP/1.1" status: 200 len: 591 time: 0.0467203
2026-07-21 22:22:04.363 9 INFO neutron.wsgi [None req-6070b383-263d-4531-b98e-8b8cd83995f5 a179550bd99a4fd6af3a5e6f28150aeb 9e55c4fc1fa7418d8af6eabbdbfc05de - - default default] 10.0.0.119 "GET /v2.0/subnets HTTP/1.1" status: 200 len: 1437 time: 0.0353887
2026-07-21 22:22:04.375 9 INFO neutron.wsgi [None req-39100614-61c9-442b-a8e0-e3f827873a9d a179550bd99a4fd6af3a5e6f28150aeb 9e55c4fc1fa7418d8af6eabbdbfc05de - - default default] 10.0.0.119 "GET /v2.0/subnetpools HTTP/1.1" status: 200 len: 193 time: 0.0109043
2026-07-21 22:22:04.389 9 INFO neutron.wsgi [None req-89d1b7a8-3d87-4e89-bde9-7be3b7eb391f a179550bd99a4fd6af3a5e6f28150aeb 9e55c4fc1fa7418d8af6eabbdbfc05de - - default default] 10.0.0.119 "GET /v2.0/agents HTTP/1.1" status: 200 len: 997 time: 0.0136709
2026-07-21 22:22:04.450 9 INFO neutron.wsgi [None req-b75bd495-8cd6-40e7-b319-0e71591547b0 a179550bd99a4fd6af3a5e6f28150aeb 9e55c4fc1fa7418d8af6eabbdbfc05de - - default default] 10.0.0.119 "GET /v2.0/networks HTTP/1.1" status: 200 len: 2350 time: 0.0590293
2026-07-21 22:22:04.504 9 INFO neutron.wsgi [None req-6a687077-b237-4d25-85a3-fe6ee11a26fa a179550bd99a4fd6af3a5e6f28150aeb 9e55c4fc1fa7418d8af6eabbdbfc05de - - default default] 10.0.0.119 "GET /v2.0/subnets HTTP/1.1" status: 200 len: 1437 time: 0.0367804
2026-07-21 22:22:04.539 9 INFO neutron.wsgi [None req-85a065bc-9457-47a3-9705-b53ae8bb4611 a179550bd99a4fd6af3a5e6f28150aeb 9e55c4fc1fa7418d8af6eabbdbfc05de - - default default] 10.0.0.119 "GET /v2.0/ports HTTP/1.1" status: 200 len: 5255 time: 0.0340309
2026-07-21 22:22:10.544 9 INFO neutron.wsgi [-] 10.0.0.133 "GET / HTTP/1.1" status: 200 len: 246 time: 0.0024230
2026-07-21 22:22:10.547 9 INFO neutron.wsgi [-] 10.0.0.133 "GET / HTTP/1.1" status: 200 len: 246 time: 0.0020969
2026-07-21 22:22:25.546 10 INFO neutron.wsgi [-] 10.0.0.133 "GET / HTTP/1.1" status: 200 len: 246 time: 0.0040514
2026-07-21 22:22:25.548 9 INFO neutron.wsgi [-] 10.0.0.133 "GET / HTTP/1.1" status: 200 len: 246 time: 0.0023303
2026-07-21 22:22:40.543 10 INFO neutron.wsgi [-] 10.0.0.133 "GET / HTTP/1.1" status: 200 len: 246 time: 0.0020347
2026-07-21 22:22:40.546 9 INFO neutron.wsgi [-] 10.0.0.133 "GET / HTTP/1.1" status: 200 len: 246 time: 0.0038369
2026-07-21 22:22:55.545 10 INFO neutron.wsgi [-] 10.0.0.133 "GET / HTTP/1.1" status: 200 len: 246 time: 0.0026460
2026-07-21 22:22:55.545 9 INFO neutron.wsgi [-] 10.0.0.133 "GET / HTTP/1.1" status: 200 len: 246 time: 0.0024567
2026-07-21 22:23:04.119 9 INFO neutron.wsgi [None req-5a3eaa56-3bb6-451b-a2a8-00bb4b9c5944 a179550bd99a4fd6af3a5e6f28150aeb 9e55c4fc1fa7418d8af6eabbdbfc05de - - default default] 10.0.0.119 "GET /v2.0/routers HTTP/1.1" status: 200 len: 189 time: 0.0766313
2026-07-21 22:23:04.162 9 INFO neutron.wsgi [None req-c03fffc7-fc01-4300-acf9-161551c2c1c2 a179550bd99a4fd6af3a5e6f28150aeb 9e55c4fc1fa7418d8af6eabbdbfc05de - - default default] 10.0.0.119 "GET /v2.0/agents?binary=ovn-controller HTTP/1.1" status: 200 len: 591 time: 0.0423527
2026-07-21 22:23:04.173 9 INFO neutron.wsgi [None req-384654ce-d803-42ab-892c-dc0ccc6c9b73 a179550bd99a4fd6af3a5e6f28150aeb 9e55c4fc1fa7418d8af6eabbdbfc05de - - default default] 10.0.0.119 "GET /v2.0/agents HTTP/1.1" status: 200 len: 997 time: 0.0100310
2026-07-21 22:23:04.183 9 INFO neutron.wsgi [None req-e283556d-aabc-44a1-8d66-69c599ef086b a179550bd99a4fd6af3a5e6f28150aeb 9e55c4fc1fa7418d8af6eabbdbfc05de - - default default] 10.0.0.119 "GET /v2.0/network-ip-availabilities HTTP/1.1" status: 200 len: 1280 time: 0.0094047
2026-07-21 22:23:04.226 9 INFO neutron.wsgi [None req-c6e5eedc-4b96-4841-b1d5-aaebf9c4edf0 a179550bd99a4fd6af3a5e6f28150aeb 9e55c4fc1fa7418d8af6eabbdbfc05de - - default default] 10.0.0.119 "GET /v2.0/ports HTTP/1.1" status: 200 len: 5255 time: 0.0401766
2026-07-21 22:23:04.306 9 INFO neutron.wsgi [None req-a9006889-8709-479c-85a4-ae9d1e5afcfc a179550bd99a4fd6af3a5e6f28150aeb 9e55c4fc1fa7418d8af6eabbdbfc05de - - default default] 10.0.0.119 "GET /v2.0/networks HTTP/1.1" status: 200 len: 2350 time: 0.0761473
2026-07-21 22:23:04.379 9 INFO neutron.wsgi [None req-28cff691-5aa9-4378-936f-2c74c96be0a4 a179550bd99a4fd6af3a5e6f28150aeb 9e55c4fc1fa7418d8af6eabbdbfc05de - - default default] 10.0.0.119 "GET /v2.0/security-groups HTTP/1.1" status: 200 len: 16803 time: 0.0702682
2026-07-21 22:23:04.414 9 INFO neutron.wsgi [None req-e301b317-ce5f-4f50-9ac7-30a0f19511ed a179550bd99a4fd6af3a5e6f28150aeb 9e55c4fc1fa7418d8af6eabbdbfc05de - - default default] 10.0.0.119 "GET /v2.0/subnets HTTP/1.1" status: 200 len: 1437 time: 0.0297129
2026-07-21 22:23:04.437 9 INFO neutron.wsgi [None req-a838b204-4114-4ae2-8ba8-a71890148a0f a179550bd99a4fd6af3a5e6f28150aeb 9e55c4fc1fa7418d8af6eabbdbfc05de - - default default] 10.0.0.119 "GET /v2.0/floatingips HTTP/1.1" status: 200 len: 193 time: 0.0220554
2026-07-21 22:23:04.466 9 INFO neutron.wsgi [None req-81f70f4f-f341-4e21-8b77-5819fec5ffd4 a179550bd99a4fd6af3a5e6f28150aeb 9e55c4fc1fa7418d8af6eabbdbfc05de - - default default] 10.0.0.119 "GET /v2.0/subnets HTTP/1.1" status: 200 len: 1437 time: 0.0255218
2026-07-21 22:23:04.477 9 INFO neutron.wsgi [None req-8ba4ca64-3db4-4563-8cfc-c2b0a9b5d473 a179550bd99a4fd6af3a5e6f28150aeb 9e55c4fc1fa7418d8af6eabbdbfc05de - - default default] 10.0.0.119 "GET /v2.0/subnetpools HTTP/1.1" status: 200 len: 193 time: 0.0097251
2026-07-21 22:23:10.543 9 INFO neutron.wsgi [-] 10.0.0.133 "GET / HTTP/1.1" status: 200 len: 246 time: 0.0017569
2026-07-21 22:23:10.545 9 INFO neutron.wsgi [-] 10.0.0.133 "GET / HTTP/1.1" status: 200 len: 246 time: 0.0012636
2026-07-21 22:23:25.545 10 INFO neutron.wsgi [-] 10.0.0.133 "GET / HTTP/1.1" status: 200 len: 246 time: 0.0031474
2026-07-21 22:23:25.546 9 INFO neutron.wsgi [-] 10.0.0.133 "GET / HTTP/1.1" status: 200 len: 246 time: 0.0032172
2026-07-21 22:23:40.545 9 INFO neutron.wsgi [-] 10.0.0.133 "GET / HTTP/1.1" status: 200 len: 246 time: 0.0019920
2026-07-21 22:23:40.546 10 INFO neutron.wsgi [-] 10.0.0.133 "GET / HTTP/1.1" status: 200 len: 246 time: 0.0024426
2026-07-21 22:23:55.545 10 INFO neutron.wsgi [-] 10.0.0.133 "GET / HTTP/1.1" status: 200 len: 246 time: 0.0032630
2026-07-21 22:23:55.547 10 INFO neutron.wsgi [-] 10.0.0.133 "GET / HTTP/1.1" status: 200 len: 246 time: 0.0015972
2026-07-21 22:24:04.164 9 INFO neutron.wsgi [None req-89696355-bc05-417f-b55d-1d222e234a4b a179550bd99a4fd6af3a5e6f28150aeb 9e55c4fc1fa7418d8af6eabbdbfc05de - - default default] 10.0.0.119 "GET /v2.0/networks HTTP/1.1" status: 200 len: 2350 time: 0.1167474
2026-07-21 22:24:04.220 9 INFO neutron.wsgi [None req-cbbf0106-35c0-4e18-bf5c-1de3c8d952a9 a179550bd99a4fd6af3a5e6f28150aeb 9e55c4fc1fa7418d8af6eabbdbfc05de - - default default] 10.0.0.119 "GET /v2.0/agents HTTP/1.1" status: 200 len: 997 time: 0.0530832
2026-07-21 22:24:04.257 9 INFO neutron.wsgi [None req-2e2e712f-84d9-45d6-8c3d-77a6583f61e8 a179550bd99a4fd6af3a5e6f28150aeb 9e55c4fc1fa7418d8af6eabbdbfc05de - - default default] 10.0.0.119 "GET /v2.0/subnets HTTP/1.1" status: 200 len: 1437 time: 0.0360167
2026-07-21 22:24:04.276 9 INFO neutron.wsgi [None req-3b23c0ff-54c3-46fb-bfe2-3d1770aa79c8 a179550bd99a4fd6af3a5e6f28150aeb 9e55c4fc1fa7418d8af6eabbdbfc05de - - default default] 10.0.0.119 "GET /v2.0/subnetpools HTTP/1.1" status: 200 len: 193 time: 0.0170135
2026-07-21 22:24:04.325 9 INFO neutron.wsgi [None req-877d7e9f-f8fc-4468-94a8-85f1a45d0f68 a179550bd99a4fd6af3a5e6f28150aeb 9e55c4fc1fa7418d8af6eabbdbfc05de - - default default] 10.0.0.119 "GET /v2.0/ports HTTP/1.1" status: 200 len: 5255 time: 0.0483434
2026-07-21 22:24:04.364 9 INFO neutron.wsgi [None req-8e515269-77b7-4fa0-a860-49f8578b11a3 a179550bd99a4fd6af3a5e6f28150aeb 9e55c4fc1fa7418d8af6eabbdbfc05de - - default default] 10.0.0.119 "GET /v2.0/routers HTTP/1.1" status: 200 len: 189 time: 0.0355518
2026-07-21 22:24:04.374 9 INFO neutron.wsgi [None req-44e7e63c-933c-490d-a7d4-28b2a5f5cd9f a179550bd99a4fd6af3a5e6f28150aeb 9e55c4fc1fa7418d8af6eabbdbfc05de - - default default] 10.0.0.119 "GET /v2.0/agents?binary=ovn-controller HTTP/1.1" status: 200 len: 591 time: 0.0090327
2026-07-21 22:24:04.413 9 INFO neutron.wsgi [None req-1938e7f1-1bb7-4418-944e-582971c454d1 a179550bd99a4fd6af3a5e6f28150aeb 9e55c4fc1fa7418d8af6eabbdbfc05de - - default default] 10.0.0.119 "GET /v2.0/subnets HTTP/1.1" status: 200 len: 1437 time: 0.0342884
2026-07-21 22:24:04.484 9 INFO neutron.wsgi [None req-81ec865b-1d5f-40d6-8b6e-dc267afbdbf1 a179550bd99a4fd6af3a5e6f28150aeb 9e55c4fc1fa7418d8af6eabbdbfc05de - - default default] 10.0.0.119 "GET /v2.0/security-groups HTTP/1.1" status: 200 len: 16803 time: 0.0678420
2026-07-21 22:24:04.504 9 INFO neutron.wsgi [None req-68636dd9-dd2b-4a84-8e24-2e681584865c a179550bd99a4fd6af3a5e6f28150aeb 9e55c4fc1fa7418d8af6eabbdbfc05de - - default default] 10.0.0.119 "GET /v2.0/network-ip-availabilities HTTP/1.1" status: 200 len: 1280 time: 0.0137572
2026-07-21 22:24:04.531 9 INFO neutron.wsgi [None req-09d83f91-da21-4138-8491-40d94e27637b a179550bd99a4fd6af3a5e6f28150aeb 9e55c4fc1fa7418d8af6eabbdbfc05de - - default default] 10.0.0.119 "GET /v2.0/floatingips HTTP/1.1" status: 200 len: 193 time: 0.0258119
2026-07-21 22:24:10.546 10 INFO neutron.wsgi [-] 10.0.0.133 "GET / HTTP/1.1" status: 200 len: 246 time: 0.0030916
2026-07-21 22:24:10.546 9 INFO neutron.wsgi [-] 10.0.0.133 "GET / HTTP/1.1" status: 200 len: 246 time: 0.0033224