2026-07-21 22:10:38.986 9 INFO neutron.db.segments_db [None req-a9e56d64-ac0a-48ad-9893-f74cd237ea05 38833b5526ea459cb19e6b3b7fca561d d9e3f8c28f3e45bfac11f76775ed019e - - - -] Added segment d2ce6f1b-52bc-4485-b0c0-dc88fee4ea7f of type geneve for network 4588687a-4fc5-4fbb-a8b4-ffbfd5f47b30
2026-07-21 22:10:39.008 10 INFO neutron.wsgi [req-fbea0741-9bbc-426c-8224-e62dedc99c4b req-2c592669-bc92-4927-9204-ae5b286ea3c9 0f7f7e053e3442a78037b49262306c6b d386bf8f0a4a4805aaf1257f24304db5 - - default default] 10.0.0.62 "GET /v2.0/ports?device_id=fcf6965e-8050-4492-a856-912288f570f2 HTTP/1.1" status: 200 len: 210 time: 0.0463846
2026-07-21 22:10:39.155 9 INFO neutron.db.ovn_revision_numbers_db [None req-a9e56d64-ac0a-48ad-9893-f74cd237ea05 38833b5526ea459cb19e6b3b7fca561d d9e3f8c28f3e45bfac11f76775ed019e - - - -] Successfully bumped revision number for resource 4588687a-4fc5-4fbb-a8b4-ffbfd5f47b30 (type: networks) to 1
2026-07-21 22:10:39.330 9 WARNING neutron.scheduler.dhcp_agent_scheduler [None req-b0802957-7bc5-4dcd-931a-8f809bcbc4db e1b9af413293421dadd697d0c41c0be2 77dedd4a0de04635a47446e75ea456f9 - - - -] No more DHCP agents
2026-07-21 22:10:39.333 9 WARNING neutron.api.rpc.agentnotifiers.dhcp_rpc_agent_api [None req-b0802957-7bc5-4dcd-931a-8f809bcbc4db e1b9af413293421dadd697d0c41c0be2 77dedd4a0de04635a47446e75ea456f9 - - - -] Unable to schedule network 526b6b94-2985-444b-8360-bdb71d9ad5a1: no agents available; will retry on subsequent port and subnet creation events.
2026-07-21 22:10:39.364 9 WARNING neutron.scheduler.dhcp_agent_scheduler [None req-a9e56d64-ac0a-48ad-9893-f74cd237ea05 38833b5526ea459cb19e6b3b7fca561d d9e3f8c28f3e45bfac11f76775ed019e - - - -] No more DHCP agents
2026-07-21 22:10:39.369 9 WARNING neutron.api.rpc.agentnotifiers.dhcp_rpc_agent_api [None req-a9e56d64-ac0a-48ad-9893-f74cd237ea05 38833b5526ea459cb19e6b3b7fca561d d9e3f8c28f3e45bfac11f76775ed019e - - - -] Unable to schedule network 4588687a-4fc5-4fbb-a8b4-ffbfd5f47b30: no agents available; will retry on subsequent port and subnet creation events.
2026-07-21 22:10:39.467 9 INFO neutron.db.ovn_revision_numbers_db [None req-a9e56d64-ac0a-48ad-9893-f74cd237ea05 38833b5526ea459cb19e6b3b7fca561d d9e3f8c28f3e45bfac11f76775ed019e - - - -] Successfully bumped revision number for resource 0f307b52-aec6-491c-85dd-cc6c4bd40f93 (type: ports) to 1
2026-07-21 22:10:39.498 9 INFO neutron.wsgi [None req-a9e56d64-ac0a-48ad-9893-f74cd237ea05 38833b5526ea459cb19e6b3b7fca561d d9e3f8c28f3e45bfac11f76775ed019e - - - -] 10.0.0.116 "POST /v2.0/networks HTTP/1.1" status: 201 len: 852 time: 0.6332178
2026-07-21 22:10:39.596 10 INFO neutron.db.segments_db [None req-6d94e830-f5f4-4545-9ad1-56dc57015c78 38833b5526ea459cb19e6b3b7fca561d d9e3f8c28f3e45bfac11f76775ed019e - - - -] Added segment 1728b20c-aed1-4aba-8d78-e0a3705e9efe of type geneve for network b558375c-908f-4d88-939f-7f2f8f4d5fd6
2026-07-21 22:10:39.729 10 INFO neutron.db.ovn_revision_numbers_db [None req-6d94e830-f5f4-4545-9ad1-56dc57015c78 38833b5526ea459cb19e6b3b7fca561d d9e3f8c28f3e45bfac11f76775ed019e - - - -] Successfully bumped revision number for resource b558375c-908f-4d88-939f-7f2f8f4d5fd6 (type: networks) to 1
2026-07-21 22:10:39.965 10 WARNING neutron.scheduler.dhcp_agent_scheduler [None req-6d94e830-f5f4-4545-9ad1-56dc57015c78 38833b5526ea459cb19e6b3b7fca561d d9e3f8c28f3e45bfac11f76775ed019e - - - -] No more DHCP agents
2026-07-21 22:10:39.967 10 WARNING neutron.api.rpc.agentnotifiers.dhcp_rpc_agent_api [None req-6d94e830-f5f4-4545-9ad1-56dc57015c78 38833b5526ea459cb19e6b3b7fca561d d9e3f8c28f3e45bfac11f76775ed019e - - - -] Unable to schedule network b558375c-908f-4d88-939f-7f2f8f4d5fd6: no agents available; will retry on subsequent port and subnet creation events.
2026-07-21 22:10:40.036 10 INFO neutron.db.ovn_revision_numbers_db [None req-6d94e830-f5f4-4545-9ad1-56dc57015c78 38833b5526ea459cb19e6b3b7fca561d d9e3f8c28f3e45bfac11f76775ed019e - - - -] Successfully bumped revision number for resource 69d126c8-4336-48c7-bfe5-b22d0dde34f3 (type: ports) to 1
2026-07-21 22:10:40.057 10 INFO neutron.wsgi [None req-6d94e830-f5f4-4545-9ad1-56dc57015c78 38833b5526ea459cb19e6b3b7fca561d d9e3f8c28f3e45bfac11f76775ed019e - - - -] 10.0.0.116 "POST /v2.0/networks HTTP/1.1" status: 201 len: 852 time: 0.5526125
2026-07-21 22:10:40.134 10 INFO neutron.wsgi [req-6ebc682e-5f43-40e3-a5a5-f0d4849d07d2 req-796f70e9-679d-4b53-9b8a-106e9b692a28 0f7f7e053e3442a78037b49262306c6b d386bf8f0a4a4805aaf1257f24304db5 - - default default] 10.0.0.62 "GET /v2.0/ports?device_id=fcf6965e-8050-4492-a856-912288f570f2 HTTP/1.1" status: 200 len: 210 time: 0.0240986
2026-07-21 22:10:40.136 9 INFO neutron.db.l3_db [None req-b0802957-7bc5-4dcd-931a-8f809bcbc4db e1b9af413293421dadd697d0c41c0be2 77dedd4a0de04635a47446e75ea456f9 - - - -] Floating IP 9d96dcf3-96fc-4649-8729-488abaa3bcb7 associated. External IP: 10.96.250.206, port: 5a10c786-809f-4739-a85a-514077d1e26d.
2026-07-21 22:10:40.218 10 INFO neutron.wsgi [req-b49a594e-8c6d-4907-8207-0d748ba4abe3 req-2348f496-44ef-49d6-b529-c2429dc22037 6fe4852ed003473a8fe0ff0689f76c23 2fc43ed097b24d5cb55a3920a4fe8397 - - default default] 10.0.0.62 "GET /v2.0/security-groups?name=tempest-securitygroup--795836763&fields=id&tenant_id=2fc43ed097b24d5cb55a3920a4fe8397 HTTP/1.1" status: 200 len: 267 time: 0.0670440
2026-07-21 22:10:40.349 9 INFO neutron.db.ovn_revision_numbers_db [None req-b0802957-7bc5-4dcd-931a-8f809bcbc4db e1b9af413293421dadd697d0c41c0be2 77dedd4a0de04635a47446e75ea456f9 - - - -] Successfully bumped revision number for resource 9d96dcf3-96fc-4649-8729-488abaa3bcb7 (type: floatingips) to 0
2026-07-21 22:10:40.460 10 INFO neutron.wsgi [req-b49a594e-8c6d-4907-8207-0d748ba4abe3 req-2aed7ba2-b585-477f-82a5-5a1c501ff75d 6fe4852ed003473a8fe0ff0689f76c23 2fc43ed097b24d5cb55a3920a4fe8397 - - default default] 10.0.0.62 "GET /v2.0/networks?id=0fc4a83d-1136-4d2f-b939-06474778e4e1 HTTP/1.1" status: 200 len: 879 time: 0.2355056
2026-07-21 22:10:40.487 10 INFO neutron.wsgi [req-b49a594e-8c6d-4907-8207-0d748ba4abe3 req-e8863268-bef7-4a11-b36c-1949de3895bd 6fe4852ed003473a8fe0ff0689f76c23 2fc43ed097b24d5cb55a3920a4fe8397 - - default default] 10.0.0.62 "GET /v2.0/quotas/2fc43ed097b24d5cb55a3920a4fe8397 HTTP/1.1" status: 200 len: 386 time: 0.0183170
2026-07-21 22:10:40.500 9 INFO neutron.db.ovn_revision_numbers_db [None req-b0802957-7bc5-4dcd-931a-8f809bcbc4db e1b9af413293421dadd697d0c41c0be2 77dedd4a0de04635a47446e75ea456f9 - - - -] Successfully bumped revision number for resource 9d96dcf3-96fc-4649-8729-488abaa3bcb7 (type: floatingips) to 1
2026-07-21 22:10:40.535 9 INFO neutron.wsgi [req-7318d1d0-afdf-43dc-bac6-134d20eea2be req-dcd73510-27fd-4228-a8e6-f67b5ad26ac7 0f7f7e053e3442a78037b49262306c6b d386bf8f0a4a4805aaf1257f24304db5 - - default default] 199.19.213.130 "GET /v2.0/networks?id=ed2fffa9-0b42-4214-a354-0f6a81078ca0 HTTP/1.1" status: 200 len: 882 time: 0.1673810
2026-07-21 22:10:40.546 10 INFO neutron.wsgi [-] 10.0.0.133 "GET / HTTP/1.1" status: 200 len: 246 time: 0.0013604
2026-07-21 22:10:40.548 10 INFO neutron.wsgi [-] 10.0.0.133 "GET / HTTP/1.1" status: 200 len: 246 time: 0.0010002
2026-07-21 22:10:40.559 9 INFO neutron.wsgi [None req-b0802957-7bc5-4dcd-931a-8f809bcbc4db e1b9af413293421dadd697d0c41c0be2 77dedd4a0de04635a47446e75ea456f9 - - - -] 10.0.0.116 "POST /v2.0/floatingips HTTP/1.1" status: 201 len: 1041 time: 1.6061192
2026-07-21 22:10:40.598 10 INFO neutron.wsgi [req-b49a594e-8c6d-4907-8207-0d748ba4abe3 req-9ba21309-8173-413c-adee-1ca0bc3109df 6fe4852ed003473a8fe0ff0689f76c23 2fc43ed097b24d5cb55a3920a4fe8397 - - default default] 10.0.0.62 "GET /v2.0/ports?tenant_id=2fc43ed097b24d5cb55a3920a4fe8397&fields=id HTTP/1.1" status: 200 len: 302 time: 0.1032963
2026-07-21 22:10:40.672 9 INFO neutron.wsgi [req-7318d1d0-afdf-43dc-bac6-134d20eea2be req-884f3ec4-0c6b-4119-8b46-eca4f2ffa24b 0f7f7e053e3442a78037b49262306c6b d386bf8f0a4a4805aaf1257f24304db5 - - default default] 199.19.213.130 "GET /v2.0/security-groups?fields=id&fields=name&tenant_id=d386bf8f0a4a4805aaf1257f24304db5 HTTP/1.1" status: 200 len: 379 time: 0.1117985
2026-07-21 22:10:40.775 10 WARNING neutron.plugins.ml2.drivers.ovn.mech_driver.ovsdb.ovn_client [None req-58c51a0d-b544-4932-b343-a9faa2598fbf - - - - - -] No hosting information found for port 6c590a51-0238-4591-bfe0-89f14d68f795: RuntimeError: No hosting information found for port 6c590a51-0238-4591-bfe0-89f14d68f795
2026-07-21 22:10:40.812 10 WARNING neutron.scheduler.dhcp_agent_scheduler [None req-0927e1da-4edf-4945-afd9-be7fd83aa78c 38833b5526ea459cb19e6b3b7fca561d d9e3f8c28f3e45bfac11f76775ed019e - - - -] No more DHCP agents
2026-07-21 22:10:40.814 10 WARNING neutron.api.rpc.agentnotifiers.dhcp_rpc_agent_api [None req-0927e1da-4edf-4945-afd9-be7fd83aa78c 38833b5526ea459cb19e6b3b7fca561d d9e3f8c28f3e45bfac11f76775ed019e - - - -] Unable to schedule network 4588687a-4fc5-4fbb-a8b4-ffbfd5f47b30: no agents available; will retry on subsequent port and subnet creation events.
2026-07-21 22:10:40.821 9 INFO neutron.db.l3_db [None req-23592a5b-6f5c-4e8b-b978-41b1f9ed7f5c e1b9af413293421dadd697d0c41c0be2 77dedd4a0de04635a47446e75ea456f9 - - - -] Floating IP 9d96dcf3-96fc-4649-8729-488abaa3bcb7 disassociated. External IP: 10.96.250.206, port: 5a10c786-809f-4739-a85a-514077d1e26d.
2026-07-21 22:10:40.854 9 INFO neutron.db.ovn_revision_numbers_db [None req-23592a5b-6f5c-4e8b-b978-41b1f9ed7f5c e1b9af413293421dadd697d0c41c0be2 77dedd4a0de04635a47446e75ea456f9 - - - -] Successfully bumped revision number for resource 9d96dcf3-96fc-4649-8729-488abaa3bcb7 (type: floatingips) to 2
2026-07-21 22:10:40.909 10 INFO neutron.db.ovn_revision_numbers_db [None req-0927e1da-4edf-4945-afd9-be7fd83aa78c 38833b5526ea459cb19e6b3b7fca561d d9e3f8c28f3e45bfac11f76775ed019e - - - -] Successfully bumped revision number for resource bb1501ed-de71-46fe-938f-a10922e0db34 (type: ports) to 1
2026-07-21 22:10:40.958 10 WARNING neutron.scheduler.dhcp_agent_scheduler [None req-0927e1da-4edf-4945-afd9-be7fd83aa78c 38833b5526ea459cb19e6b3b7fca561d d9e3f8c28f3e45bfac11f76775ed019e - - - -] No more DHCP agents
2026-07-21 22:10:40.961 10 WARNING neutron.api.rpc.agentnotifiers.dhcp_rpc_agent_api [None req-0927e1da-4edf-4945-afd9-be7fd83aa78c 38833b5526ea459cb19e6b3b7fca561d d9e3f8c28f3e45bfac11f76775ed019e - - - -] Unable to schedule network b558375c-908f-4d88-939f-7f2f8f4d5fd6: no agents available; will retry on subsequent port and subnet creation events. /var/lib/openstack/lib/python3.10/site-packages/pycadf/identifier.py:71: UserWarning: Invalid uuid: neutron. To ensure interoperability, identifiers should be a valid uuid. warnings.warn(('Invalid uuid: %s. To ensure interoperability, '
2026-07-21 22:10:41.002 9 INFO neutron.wsgi [None req-23592a5b-6f5c-4e8b-b978-41b1f9ed7f5c e1b9af413293421dadd697d0c41c0be2 77dedd4a0de04635a47446e75ea456f9 - - - -] 10.0.0.116 "PUT /v2.0/floatingips/9d96dcf3-96fc-4649-8729-488abaa3bcb7 HTTP/1.1" status: 200 len: 748 time: 0.4215453
2026-07-21 22:10:41.003 10 INFO neutron.wsgi [req-b49a594e-8c6d-4907-8207-0d748ba4abe3 req-50a2231d-f63a-429a-8342-d52270806781 b240058b33e640b08ca027793d4a2929 7e304895c205435cba65cc2763387986 - - 5fa42b4933be45809bb7aed0a16706c5 5fa42b4933be45809bb7aed0a16706c5] 10.0.0.62 "GET /v2.0/extensions HTTP/1.1" status: 200 len: 16525 time: 0.0542088
2026-07-21 22:10:41.065 10 INFO neutron.db.ovn_revision_numbers_db [None req-0927e1da-4edf-4945-afd9-be7fd83aa78c 38833b5526ea459cb19e6b3b7fca561d d9e3f8c28f3e45bfac11f76775ed019e - - - -] Successfully bumped revision number for resource d49f42c3-1d23-44d0-b262-9804fd83a6e5 (type: ports) to 1
2026-07-21 22:10:41.086 10 INFO neutron.wsgi [req-b49a594e-8c6d-4907-8207-0d748ba4abe3 req-22072462-a38c-4e01-8412-f6359228f39c b240058b33e640b08ca027793d4a2929 7e304895c205435cba65cc2763387986 - - 5fa42b4933be45809bb7aed0a16706c5 5fa42b4933be45809bb7aed0a16706c5] 10.0.0.62 "GET /v2.0/networks/0fc4a83d-1136-4d2f-b939-06474778e4e1?fields=segments HTTP/1.1" status: 200 len: 212 time: 0.0692389
2026-07-21 22:10:41.093 10 INFO neutron.wsgi [None req-0927e1da-4edf-4945-afd9-be7fd83aa78c 38833b5526ea459cb19e6b3b7fca561d d9e3f8c28f3e45bfac11f76775ed019e - - - -] 10.0.0.116 "POST /v2.0/ports HTTP/1.1" status: 201 len: 1705 time: 1.0296624
2026-07-21 22:10:41.152 10 INFO neutron.wsgi [req-b49a594e-8c6d-4907-8207-0d748ba4abe3 req-66a76275-4705-46b0-b869-f2252d8ee834 b240058b33e640b08ca027793d4a2929 7e304895c205435cba65cc2763387986 - - 5fa42b4933be45809bb7aed0a16706c5 5fa42b4933be45809bb7aed0a16706c5] 10.0.0.62 "GET /v2.0/networks/0fc4a83d-1136-4d2f-b939-06474778e4e1?fields=provider%3Aphysical_network&fields=provider%3Anetwork_type HTTP/1.1" status: 200 len: 277 time: 0.0579000
2026-07-21 22:10:41.238 10 INFO neutron.wsgi [req-b6c92775-c708-493d-9817-0211299a1c03 req-ce8ed5b1-e57c-4897-924a-e94642d44cd1 0f7f7e053e3442a78037b49262306c6b d386bf8f0a4a4805aaf1257f24304db5 - - default default] 10.0.0.62 "GET /v2.0/ports?device_id=fcf6965e-8050-4492-a856-912288f570f2 HTTP/1.1" status: 200 len: 210 time: 0.0308299
2026-07-21 22:10:41.522 10 INFO neutron.wsgi [req-fa7efc4b-e35b-40a6-a880-9d495733f41f req-6def9496-1186-49c0-80fa-7835519dbcd5 6fe4852ed003473a8fe0ff0689f76c23 2fc43ed097b24d5cb55a3920a4fe8397 - - default default] 10.0.0.62 "GET /v2.0/ports?device_id=74937c46-f258-49ef-a353-e96b8775e6e2 HTTP/1.1" status: 200 len: 210 time: 0.0286782
2026-07-21 22:10:41.713 9 WARNING neutron.scheduler.dhcp_agent_scheduler [None req-1ebefc2c-6df1-41cc-9194-5e5a46dd29e9 0f7f7e053e3442a78037b49262306c6b d386bf8f0a4a4805aaf1257f24304db5 - - - -] No more DHCP agents
2026-07-21 22:10:41.729 9 INFO neutron.wsgi [None req-99443832-56ff-4102-ae56-e69f13e45519 38833b5526ea459cb19e6b3b7fca561d d9e3f8c28f3e45bfac11f76775ed019e - - default default] 10.0.0.116 "GET /v2.0/ports HTTP/1.1" status: 200 len: 3212 time: 0.6287599
2026-07-21 22:10:41.732 9 WARNING neutron.api.rpc.agentnotifiers.dhcp_rpc_agent_api [None req-1ebefc2c-6df1-41cc-9194-5e5a46dd29e9 0f7f7e053e3442a78037b49262306c6b d386bf8f0a4a4805aaf1257f24304db5 - - - -] Unable to schedule network ed2fffa9-0b42-4214-a354-0f6a81078ca0: no agents available; will retry on subsequent port and subnet creation events.
2026-07-21 22:10:41.999 9 INFO neutron.db.ovn_revision_numbers_db [None req-1ebefc2c-6df1-41cc-9194-5e5a46dd29e9 0f7f7e053e3442a78037b49262306c6b d386bf8f0a4a4805aaf1257f24304db5 - - - -] Successfully bumped revision number for resource cad8bd85-688b-4e4a-a4be-b719a1e3f16f (type: ports) to 1
2026-07-21 22:10:42.010 10 INFO neutron.wsgi [None req-bff11dee-b98a-41d9-9497-19a714eb1bf0 38833b5526ea459cb19e6b3b7fca561d d9e3f8c28f3e45bfac11f76775ed019e - - - -] 10.0.0.116 "DELETE /v2.0/ports/bb1501ed-de71-46fe-938f-a10922e0db34 HTTP/1.1" status: 204 len: 168 time: 0.2744229
2026-07-21 22:10:42.039 9 INFO neutron.wsgi [None req-1ebefc2c-6df1-41cc-9194-5e5a46dd29e9 0f7f7e053e3442a78037b49262306c6b d386bf8f0a4a4805aaf1257f24304db5 - - - -] 199.19.213.130 "POST /v2.0/ports HTTP/1.1" status: 201 len: 1162 time: 1.3614917 /var/lib/openstack/lib/python3.10/site-packages/pycadf/identifier.py:71: UserWarning: Invalid uuid: neutron. To ensure interoperability, identifiers should be a valid uuid. warnings.warn(('Invalid uuid: %s. To ensure interoperability, '
2026-07-21 22:10:42.053 9 INFO neutron.wsgi [req-7318d1d0-afdf-43dc-bac6-134d20eea2be req-8431d05b-42a3-40dc-8544-e51dcabfb78b 0f7f7e053e3442a78037b49262306c6b d386bf8f0a4a4805aaf1257f24304db5 - - default default] 199.19.213.130 "GET /v2.0/extensions HTTP/1.1" status: 200 len: 16525 time: 0.0086262
2026-07-21 22:10:42.059 9 INFO neutron.wsgi [None req-f1a3ad24-1f85-44c0-9306-e8a9057c4147 e1b9af413293421dadd697d0c41c0be2 77dedd4a0de04635a47446e75ea456f9 - - - -] 10.0.0.116 "DELETE /v2.0/floatingips/9d96dcf3-96fc-4649-8729-488abaa3bcb7 HTTP/1.1" status: 204 len: 168 time: 1.0415082
2026-07-21 22:10:42.241 10 INFO neutron.wsgi [None req-7bc5ad22-9f98-4fee-89f6-353bbc5cc4ce 38833b5526ea459cb19e6b3b7fca561d d9e3f8c28f3e45bfac11f76775ed019e - - - -] 10.0.0.116 "DELETE /v2.0/ports/d49f42c3-1d23-44d0-b262-9804fd83a6e5 HTTP/1.1" status: 204 len: 168 time: 0.2265151
2026-07-21 22:10:42.368 10 INFO neutron.wsgi [None req-9419906f-1f1c-460f-9604-f180c93b691e 38833b5526ea459cb19e6b3b7fca561d d9e3f8c28f3e45bfac11f76775ed019e - - default default] 10.0.0.116 "GET /v2.0/ports HTTP/1.1" status: 200 len: 1718 time: 0.1218565
2026-07-21 22:10:42.388 9 WARNING neutron.scheduler.dhcp_agent_scheduler [None req-b7eac053-61d5-4abf-b4af-b1e9d888b684 e1b9af413293421dadd697d0c41c0be2 77dedd4a0de04635a47446e75ea456f9 - - - -] No more DHCP agents
2026-07-21 22:10:42.395 9 INFO neutron.wsgi [req-b49a594e-8c6d-4907-8207-0d748ba4abe3 req-7c541cdd-68e8-433c-88de-c5dd9fb8a7a1 6fe4852ed003473a8fe0ff0689f76c23 2fc43ed097b24d5cb55a3920a4fe8397 - - default default] 199.19.213.130 "GET /v2.0/networks?id=0fc4a83d-1136-4d2f-b939-06474778e4e1 HTTP/1.1" status: 200 len: 879 time: 0.1033978
2026-07-21 22:10:42.405 9 WARNING neutron.api.rpc.agentnotifiers.dhcp_rpc_agent_api [None req-b7eac053-61d5-4abf-b4af-b1e9d888b684 e1b9af413293421dadd697d0c41c0be2 77dedd4a0de04635a47446e75ea456f9 - - - -] Unable to schedule network 526b6b94-2985-444b-8360-bdb71d9ad5a1: no agents available; will retry on subsequent port and subnet creation events.
2026-07-21 22:10:42.484 10 INFO neutron.db.segments_db [None req-33cdaf43-1196-481c-8118-9f27f16857f0 38833b5526ea459cb19e6b3b7fca561d d9e3f8c28f3e45bfac11f76775ed019e - - - -] Added segment 49ae4124-bb41-4062-bb70-4ebc7132474d of type geneve for network 0b2afe59-152d-457a-aee6-641a7b9803c5
2026-07-21 22:10:42.520 9 INFO neutron.wsgi [req-b49a594e-8c6d-4907-8207-0d748ba4abe3 req-f9038105-7df8-404f-af98-28ba38966f02 6fe4852ed003473a8fe0ff0689f76c23 2fc43ed097b24d5cb55a3920a4fe8397 - - default default] 199.19.213.130 "GET /v2.0/security-groups?fields=id&fields=name&tenant_id=2fc43ed097b24d5cb55a3920a4fe8397 HTTP/1.1" status: 200 len: 379 time: 0.0746880
2026-07-21 22:10:42.522 10 INFO neutron.wsgi [req-7b980788-62e2-4d2a-a263-efd0b4e60654 req-b40e3e63-8ae4-4ad4-a909-7c13d43ad7df 0f7f7e053e3442a78037b49262306c6b d386bf8f0a4a4805aaf1257f24304db5 - - default default] 10.0.0.62 "GET /v2.0/ports?device_id=fcf6965e-8050-4492-a856-912288f570f2 HTTP/1.1" status: 200 len: 1160 time: 0.0476434
2026-07-21 22:10:42.594 10 INFO neutron.wsgi [req-7b980788-62e2-4d2a-a263-efd0b4e60654 req-e6f895d0-132d-453a-9601-0da4996a762e 0f7f7e053e3442a78037b49262306c6b d386bf8f0a4a4805aaf1257f24304db5 - - default default] 10.0.0.62 "GET /v2.0/security-groups?id=ef1cfaa0-250f-47c8-97a8-65f8ef4cf7a7&fields=id&fields=name HTTP/1.1" status: 200 len: 312 time: 0.0621333
2026-07-21 22:10:42.617 10 INFO neutron.wsgi [req-482e0d21-437e-4901-a252-3db0b44f5c20 req-8227627c-6600-4e3f-aad7-3c61c0252a28 6fe4852ed003473a8fe0ff0689f76c23 2fc43ed097b24d5cb55a3920a4fe8397 - - default default] 10.0.0.62 "GET /v2.0/ports?device_id=74937c46-f258-49ef-a353-e96b8775e6e2 HTTP/1.1" status: 200 len: 210 time: 0.0276217
2026-07-21 22:10:42.650 10 INFO neutron.db.ovn_revision_numbers_db [None req-33cdaf43-1196-481c-8118-9f27f16857f0 38833b5526ea459cb19e6b3b7fca561d d9e3f8c28f3e45bfac11f76775ed019e - - - -] Successfully bumped revision number for resource 0b2afe59-152d-457a-aee6-641a7b9803c5 (type: networks) to 1
2026-07-21 22:10:42.835 10 WARNING neutron.scheduler.dhcp_agent_scheduler [None req-33cdaf43-1196-481c-8118-9f27f16857f0 38833b5526ea459cb19e6b3b7fca561d d9e3f8c28f3e45bfac11f76775ed019e - - - -] No more DHCP agents
2026-07-21 22:10:42.836 10 WARNING neutron.api.rpc.agentnotifiers.dhcp_rpc_agent_api [None req-33cdaf43-1196-481c-8118-9f27f16857f0 38833b5526ea459cb19e6b3b7fca561d d9e3f8c28f3e45bfac11f76775ed019e - - - -] Unable to schedule network 0b2afe59-152d-457a-aee6-641a7b9803c5: no agents available; will retry on subsequent port and subnet creation events.
2026-07-21 22:10:42.907 10 INFO neutron.db.ovn_revision_numbers_db [None req-33cdaf43-1196-481c-8118-9f27f16857f0 38833b5526ea459cb19e6b3b7fca561d d9e3f8c28f3e45bfac11f76775ed019e - - - -] Successfully bumped revision number for resource 36abee83-829f-41b7-b13f-b1c30320ac62 (type: ports) to 1
2026-07-21 22:10:42.941 10 INFO neutron.wsgi [None req-33cdaf43-1196-481c-8118-9f27f16857f0 38833b5526ea459cb19e6b3b7fca561d d9e3f8c28f3e45bfac11f76775ed019e - - - -] 10.0.0.116 "POST /v2.0/networks HTTP/1.1" status: 201 len: 853 time: 0.5640342
2026-07-21 22:10:43.029 10 INFO neutron.db.segments_db [None req-9643fae7-58e8-482f-8fe4-bb3c5cf94cd1 38833b5526ea459cb19e6b3b7fca561d d9e3f8c28f3e45bfac11f76775ed019e - - - -] Added segment 56e18183-5320-420e-91b7-3e6df757fc50 of type geneve for network d596769b-9343-4847-bb07-ee1ae439d271
2026-07-21 22:10:43.156 10 INFO neutron.db.ovn_revision_numbers_db [None req-9643fae7-58e8-482f-8fe4-bb3c5cf94cd1 38833b5526ea459cb19e6b3b7fca561d d9e3f8c28f3e45bfac11f76775ed019e - - - -] Successfully bumped revision number for resource d596769b-9343-4847-bb07-ee1ae439d271 (type: networks) to 1
2026-07-21 22:10:43.333 10 WARNING neutron.scheduler.dhcp_agent_scheduler [None req-9643fae7-58e8-482f-8fe4-bb3c5cf94cd1 38833b5526ea459cb19e6b3b7fca561d d9e3f8c28f3e45bfac11f76775ed019e - - - -] No more DHCP agents
2026-07-21 22:10:43.334 10 WARNING neutron.api.rpc.agentnotifiers.dhcp_rpc_agent_api [None req-9643fae7-58e8-482f-8fe4-bb3c5cf94cd1 38833b5526ea459cb19e6b3b7fca561d d9e3f8c28f3e45bfac11f76775ed019e - - - -] Unable to schedule network d596769b-9343-4847-bb07-ee1ae439d271: no agents available; will retry on subsequent port and subnet creation events.
2026-07-21 22:10:43.393 10 INFO neutron.db.ovn_revision_numbers_db [None req-9643fae7-58e8-482f-8fe4-bb3c5cf94cd1 38833b5526ea459cb19e6b3b7fca561d d9e3f8c28f3e45bfac11f76775ed019e - - - -] Successfully bumped revision number for resource 57a43202-5468-4d6b-b1dc-907b6729af08 (type: ports) to 1
2026-07-21 22:10:43.416 10 INFO neutron.wsgi [None req-9643fae7-58e8-482f-8fe4-bb3c5cf94cd1 38833b5526ea459cb19e6b3b7fca561d d9e3f8c28f3e45bfac11f76775ed019e - - - -] 10.0.0.116 "POST /v2.0/networks HTTP/1.1" status: 201 len: 852 time: 0.4681673
2026-07-21 22:10:43.497 9 WARNING neutron.scheduler.dhcp_agent_scheduler [None req-7efa030f-becc-4825-9f02-5b0d4e48cf96 6fe4852ed003473a8fe0ff0689f76c23 2fc43ed097b24d5cb55a3920a4fe8397 - - - -] No more DHCP agents
2026-07-21 22:10:43.502 9 WARNING neutron.api.rpc.agentnotifiers.dhcp_rpc_agent_api [None req-7efa030f-becc-4825-9f02-5b0d4e48cf96 6fe4852ed003473a8fe0ff0689f76c23 2fc43ed097b24d5cb55a3920a4fe8397 - - - -] Unable to schedule network 0fc4a83d-1136-4d2f-b939-06474778e4e1: no agents available; will retry on subsequent port and subnet creation events.
2026-07-21 22:10:43.535 9 INFO neutron.db.l3_db [None req-b7eac053-61d5-4abf-b4af-b1e9d888b684 e1b9af413293421dadd697d0c41c0be2 77dedd4a0de04635a47446e75ea456f9 - - - -] Floating IP 4570d364-09c2-4098-8f4c-b1913d329ae8 associated. External IP: 10.96.250.209, port: 3cbce3a4-038e-4f9f-b834-ba979af76aec.
2026-07-21 22:10:43.577 9 INFO neutron.db.ovn_revision_numbers_db [None req-6263fad6-14d7-4921-a5b6-dc3815bd3801 b240058b33e640b08ca027793d4a2929 7e304895c205435cba65cc2763387986 - - - -] Successfully bumped revision number for resource cad8bd85-688b-4e4a-a4be-b719a1e3f16f (type: ports) to 2
2026-07-21 22:10:43.699 9 WARNING neutron.plugins.ml2.drivers.ovn.mech_driver.ovsdb.ovn_client [None req-4cf41096-bd17-4445-8bb0-dfb4722b3ce6 - - - - - -] No hosting information found for port 31f8b420-b823-4feb-95c1-72fa01fcf1e1: RuntimeError: No hosting information found for port 31f8b420-b823-4feb-95c1-72fa01fcf1e1
2026-07-21 22:10:43.699 9 INFO neutron.plugins.ml2.drivers.ovn.mech_driver.mech_driver [None req-4cf41096-bd17-4445-8bb0-dfb4722b3ce6 - - - - - -] OVN reports status up for port: d20195a5-1d97-4bdc-bb7a-5b2d4e3a756b
2026-07-21 22:10:43.719 9 INFO neutron.plugins.ml2.plugin [None req-4cf41096-bd17-4445-8bb0-dfb4722b3ce6 - - - - - -] Attempt 1 to provision port d20195a5-1d97-4bdc-bb7a-5b2d4e3a756b
2026-07-21 22:10:43.792 10 INFO neutron.wsgi [req-78db891d-84fc-4615-8fb2-871e8fb37351 req-68511fc9-0fae-46dd-a129-1c1c3cd01050 6fe4852ed003473a8fe0ff0689f76c23 2fc43ed097b24d5cb55a3920a4fe8397 - - default default] 10.0.0.62 "GET /v2.0/ports?device_id=74937c46-f258-49ef-a353-e96b8775e6e2 HTTP/1.1" status: 200 len: 1156 time: 0.0763013
2026-07-21 22:10:43.794 9 INFO neutron.db.ovn_revision_numbers_db [None req-7efa030f-becc-4825-9f02-5b0d4e48cf96 6fe4852ed003473a8fe0ff0689f76c23 2fc43ed097b24d5cb55a3920a4fe8397 - - - -] Successfully bumped revision number for resource 158c8509-0a01-4fb9-b76b-4ffdd674212a (type: ports) to 1
2026-07-21 22:10:43.818 10 INFO neutron.wsgi [req-20187da1-d322-4c74-8621-96d53c2ace6c req-b8a237fa-56c8-42e8-83ed-859df2233444 0f7f7e053e3442a78037b49262306c6b d386bf8f0a4a4805aaf1257f24304db5 - - default default] 10.0.0.62 "GET /v2.0/ports?device_id=fcf6965e-8050-4492-a856-912288f570f2 HTTP/1.1" status: 200 len: 1172 time: 0.1458499
2026-07-21 22:10:43.842 9 INFO neutron.wsgi [None req-7efa030f-becc-4825-9f02-5b0d4e48cf96 6fe4852ed003473a8fe0ff0689f76c23 2fc43ed097b24d5cb55a3920a4fe8397 - - - -] 199.19.213.130 "POST /v2.0/ports HTTP/1.1" status: 201 len: 1158 time: 1.3144176 /var/lib/openstack/lib/python3.10/site-packages/pycadf/identifier.py:71: UserWarning: Invalid uuid: neutron. To ensure interoperability, identifiers should be a valid uuid. warnings.warn(('Invalid uuid: %s. To ensure interoperability, '
2026-07-21 22:10:43.888 10 INFO neutron.wsgi [req-78db891d-84fc-4615-8fb2-871e8fb37351 req-03237c6b-dcd6-4688-8901-95e09443f38a 6fe4852ed003473a8fe0ff0689f76c23 2fc43ed097b24d5cb55a3920a4fe8397 - - default default] 10.0.0.62 "GET /v2.0/security-groups?id=e67e9971-152c-4d1d-b95f-74fa72ef9294&fields=id&fields=name HTTP/1.1" status: 200 len: 312 time: 0.0883901
2026-07-21 22:10:43.892 9 INFO neutron.db.ovn_revision_numbers_db [None req-b7eac053-61d5-4abf-b4af-b1e9d888b684 e1b9af413293421dadd697d0c41c0be2 77dedd4a0de04635a47446e75ea456f9 - - - -] Successfully bumped revision number for resource 4570d364-09c2-4098-8f4c-b1913d329ae8 (type: floatingips) to 0
2026-07-21 22:10:43.910 10 INFO neutron.wsgi [req-20187da1-d322-4c74-8621-96d53c2ace6c req-fe2a908e-da66-46a5-960d-c958d7d4ed03 0f7f7e053e3442a78037b49262306c6b d386bf8f0a4a4805aaf1257f24304db5 - - default default] 10.0.0.62 "GET /v2.0/security-groups?id=ef1cfaa0-250f-47c8-97a8-65f8ef4cf7a7&fields=id&fields=name HTTP/1.1" status: 200 len: 312 time: 0.0825272 /var/lib/openstack/lib/python3.10/site-packages/pycadf/identifier.py:71: UserWarning: Invalid uuid: neutron. To ensure interoperability, identifiers should be a valid uuid. warnings.warn(('Invalid uuid: %s. To ensure interoperability, '
2026-07-21 22:10:44.000 9 INFO neutron.db.ovn_revision_numbers_db [None req-6263fad6-14d7-4921-a5b6-dc3815bd3801 b240058b33e640b08ca027793d4a2929 7e304895c205435cba65cc2763387986 - - - -] Successfully bumped revision number for resource cad8bd85-688b-4e4a-a4be-b719a1e3f16f (type: ports) to 2
2026-07-21 22:10:44.058 9 INFO neutron.wsgi [None req-6263fad6-14d7-4921-a5b6-dc3815bd3801 b240058b33e640b08ca027793d4a2929 7e304895c205435cba65cc2763387986 - - - -] 199.19.213.130 "PUT /v2.0/ports/cad8bd85-688b-4e4a-a4be-b719a1e3f16f HTTP/1.1" status: 200 len: 1332 time: 1.6779659
2026-07-21 22:10:44.075 9 INFO neutron.db.ovn_revision_numbers_db [None req-b7eac053-61d5-4abf-b4af-b1e9d888b684 e1b9af413293421dadd697d0c41c0be2 77dedd4a0de04635a47446e75ea456f9 - - - -] Successfully bumped revision number for resource 4570d364-09c2-4098-8f4c-b1913d329ae8 (type: floatingips) to 1
2026-07-21 22:10:44.192 9 INFO neutron.wsgi [req-7318d1d0-afdf-43dc-bac6-134d20eea2be req-c956f8a7-fe27-412a-b94b-42a1540cf8f4 b240058b33e640b08ca027793d4a2929 7e304895c205435cba65cc2763387986 - - 5fa42b4933be45809bb7aed0a16706c5 5fa42b4933be45809bb7aed0a16706c5] 199.19.213.130 "GET /v2.0/ports?tenant_id=d386bf8f0a4a4805aaf1257f24304db5&device_id=fcf6965e-8050-4492-a856-912288f570f2 HTTP/1.1" status: 200 len: 1363 time: 0.0893650
2026-07-21 22:10:44.195 9 INFO neutron.wsgi [None req-b7eac053-61d5-4abf-b4af-b1e9d888b684 e1b9af413293421dadd697d0c41c0be2 77dedd4a0de04635a47446e75ea456f9 - - - -] 10.0.0.116 "POST /v2.0/floatingips HTTP/1.1" status: 201 len: 1040 time: 2.1295776
2026-07-21 22:10:44.249 9 INFO neutron.wsgi [req-7318d1d0-afdf-43dc-bac6-134d20eea2be req-2b826528-b75e-4bc9-bd2a-e969e8d98aa6 b240058b33e640b08ca027793d4a2929 7e304895c205435cba65cc2763387986 - - 5fa42b4933be45809bb7aed0a16706c5 5fa42b4933be45809bb7aed0a16706c5] 199.19.213.130 "GET /v2.0/floatingips?fixed_ip_address=10.100.0.13&port_id=cad8bd85-688b-4e4a-a4be-b719a1e3f16f HTTP/1.1" status: 200 len: 217 time: 0.0516436
2026-07-21 22:10:44.327 9 INFO neutron.wsgi [None req-8a21ee4d-0481-4cdc-b011-246823b4535c e1b9af413293421dadd697d0c41c0be2 77dedd4a0de04635a47446e75ea456f9 - - default default] 10.0.0.116 "GET /v2.0/floatingips/4570d364-09c2-4098-8f4c-b1913d329ae8 HTTP/1.1" status: 200 len: 1037 time: 0.1254280
2026-07-21 22:10:44.352 9 INFO neutron.wsgi [req-7318d1d0-afdf-43dc-bac6-134d20eea2be req-1bcea912-a23e-49da-8564-691a710109f7 b240058b33e640b08ca027793d4a2929 7e304895c205435cba65cc2763387986 - - 5fa42b4933be45809bb7aed0a16706c5 5fa42b4933be45809bb7aed0a16706c5] 199.19.213.130 "GET /v2.0/subnets?id=9847a49c-389a-4f0b-b579-4c7a8bc8d9d9 HTTP/1.1" status: 200 len: 876 time: 0.0903234
2026-07-21 22:10:44.600 10 WARNING neutron.scheduler.dhcp_agent_scheduler [None req-a53aae21-d320-43f9-89fa-fa3f17a26b31 38833b5526ea459cb19e6b3b7fca561d d9e3f8c28f3e45bfac11f76775ed019e - - - -] No more DHCP agents
2026-07-21 22:10:44.604 10 WARNING neutron.api.rpc.agentnotifiers.dhcp_rpc_agent_api [None req-a53aae21-d320-43f9-89fa-fa3f17a26b31 38833b5526ea459cb19e6b3b7fca561d d9e3f8c28f3e45bfac11f76775ed019e - - - -] Unable to schedule network 0b2afe59-152d-457a-aee6-641a7b9803c5: no agents available; will retry on subsequent port and subnet creation events.
2026-07-21 22:10:44.611 9 INFO neutron.wsgi [req-7318d1d0-afdf-43dc-bac6-134d20eea2be req-158655c5-4ca5-492e-8cb4-7d80d66ab8c4 b240058b33e640b08ca027793d4a2929 7e304895c205435cba65cc2763387986 - - 5fa42b4933be45809bb7aed0a16706c5 5fa42b4933be45809bb7aed0a16706c5] 199.19.213.130 "GET /v2.0/ports?network_id=ed2fffa9-0b42-4214-a354-0f6a81078ca0&device_owner=network%3Adhcp HTTP/1.1" status: 200 len: 210 time: 0.0692253
2026-07-21 22:10:44.622 10 INFO neutron.db.ovn_revision_numbers_db [None req-a53aae21-d320-43f9-89fa-fa3f17a26b31 38833b5526ea459cb19e6b3b7fca561d d9e3f8c28f3e45bfac11f76775ed019e - - - -] Successfully bumped revision number for resource 38850a03-48eb-4d25-bdce-f26c8d07bcac (type: subnets) to 0
2026-07-21 22:10:44.628 9 INFO neutron.wsgi [None req-45828e13-898d-4102-bfd8-b6104a6f41a1 e1b9af413293421dadd697d0c41c0be2 77dedd4a0de04635a47446e75ea456f9 - - default default] 10.0.0.116 "GET /v2.0/floatingips HTTP/1.1" status: 200 len: 1040 time: 0.2935576
2026-07-21 22:10:44.637 9 INFO neutron.db.ovn_revision_numbers_db [None req-4cf41096-bd17-4445-8bb0-dfb4722b3ce6 - - - - - -] Successfully bumped revision number for resource d20195a5-1d97-4bdc-bb7a-5b2d4e3a756b (type: ports) to 3
2026-07-21 22:10:44.659 10 WARNING neutron.scheduler.dhcp_agent_scheduler [None req-a53aae21-d320-43f9-89fa-fa3f17a26b31 38833b5526ea459cb19e6b3b7fca561d d9e3f8c28f3e45bfac11f76775ed019e - - - -] No more DHCP agents
2026-07-21 22:10:44.663 10 WARNING neutron.api.rpc.agentnotifiers.dhcp_rpc_agent_api [None req-a53aae21-d320-43f9-89fa-fa3f17a26b31 38833b5526ea459cb19e6b3b7fca561d d9e3f8c28f3e45bfac11f76775ed019e - - - -] Unable to schedule network d596769b-9343-4847-bb07-ee1ae439d271: no agents available; will retry on subsequent port and subnet creation events.
2026-07-21 22:10:44.674 10 INFO neutron.db.ovn_revision_numbers_db [None req-a53aae21-d320-43f9-89fa-fa3f17a26b31 38833b5526ea459cb19e6b3b7fca561d d9e3f8c28f3e45bfac11f76775ed019e - - - -] Successfully bumped revision number for resource 64e06b9d-fd9f-4c75-bb82-f48f4d5f0bf3 (type: subnets) to 0
2026-07-21 22:10:44.696 10 INFO neutron.wsgi [None req-a53aae21-d320-43f9-89fa-fa3f17a26b31 38833b5526ea459cb19e6b3b7fca561d d9e3f8c28f3e45bfac11f76775ed019e - - - -] 10.0.0.116 "POST /v2.0/subnets HTTP/1.1" status: 201 len: 1476 time: 0.7357402
2026-07-21 22:10:44.699 9 INFO neutron.notifiers.nova [-] Nova event matching ['req-868d328e-6458-429b-9118-d60ea6d5e8e2'] response: {'name': 'network-changed', 'server_uuid': 'fcf6965e-8050-4492-a856-912288f570f2', 'tag': 'cad8bd85-688b-4e4a-a4be-b719a1e3f16f', 'status': 'completed', 'code': 200}
2026-07-21 22:10:44.857 9 INFO neutron.wsgi [req-7318d1d0-afdf-43dc-bac6-134d20eea2be req-a4842d3b-e6c3-46be-98f2-70622d4c4097 b240058b33e640b08ca027793d4a2929 7e304895c205435cba65cc2763387986 - - 5fa42b4933be45809bb7aed0a16706c5 5fa42b4933be45809bb7aed0a16706c5] 199.19.213.130 "GET /v2.0/networks/ed2fffa9-0b42-4214-a354-0f6a81078ca0?fields=segments HTTP/1.1" status: 200 len: 212 time: 0.2136784 /var/lib/openstack/lib/python3.10/site-packages/pycadf/identifier.py:71: UserWarning: Invalid uuid: neutron. To ensure interoperability, identifiers should be a valid uuid. warnings.warn(('Invalid uuid: %s. To ensure interoperability, '
2026-07-21 22:10:44.932 9 INFO neutron.wsgi [None req-387d04bb-fa7b-4320-9cfe-4061bc26a2d1 38833b5526ea459cb19e6b3b7fca561d d9e3f8c28f3e45bfac11f76775ed019e - - default default] 10.0.0.116 "GET /v2.0/subnets HTTP/1.1" status: 200 len: 2084 time: 0.2260764
2026-07-21 22:10:45.019 9 INFO neutron.wsgi [req-7318d1d0-afdf-43dc-bac6-134d20eea2be req-9a36be85-e700-4fcd-b7f3-c2f1dd6de0d9 b240058b33e640b08ca027793d4a2929 7e304895c205435cba65cc2763387986 - - 5fa42b4933be45809bb7aed0a16706c5 5fa42b4933be45809bb7aed0a16706c5] 199.19.213.130 "GET /v2.0/networks/ed2fffa9-0b42-4214-a354-0f6a81078ca0?fields=provider%3Aphysical_network&fields=provider%3Anetwork_type HTTP/1.1" status: 200 len: 277 time: 0.1490476
2026-07-21 22:10:45.052 10 INFO neutron.wsgi [req-8e578aa7-d938-45c1-aead-1267518d028f req-affd5c33-6ff7-4bbd-922a-488df3c5f4b9 6fe4852ed003473a8fe0ff0689f76c23 2fc43ed097b24d5cb55a3920a4fe8397 - - default default] 10.0.0.62 "GET /v2.0/ports?device_id=74937c46-f258-49ef-a353-e96b8775e6e2 HTTP/1.1" status: 200 len: 1168 time: 0.0843570
2026-07-21 22:10:45.053 9 INFO neutron.db.ovn_revision_numbers_db [None req-4cf41096-bd17-4445-8bb0-dfb4722b3ce6 - - - - - -] Successfully bumped revision number for resource d20195a5-1d97-4bdc-bb7a-5b2d4e3a756b (type: router_ports) to 3
2026-07-21 22:10:45.062 10 INFO neutron.wsgi [req-a9b6a944-aef2-4c64-92da-e1e3c6be2dad req-4e4307a2-3845-41b5-93d6-6016fd87c98d 0f7f7e053e3442a78037b49262306c6b d386bf8f0a4a4805aaf1257f24304db5 - - default default] 10.0.0.62 "GET /v2.0/ports?device_id=fcf6965e-8050-4492-a856-912288f570f2 HTTP/1.1" status: 200 len: 1172 time: 0.0796585
2026-07-21 22:10:45.128 10 INFO neutron.wsgi [req-a9b6a944-aef2-4c64-92da-e1e3c6be2dad req-b3392677-adb7-432e-b2ef-d957d947067f 0f7f7e053e3442a78037b49262306c6b d386bf8f0a4a4805aaf1257f24304db5 - - default default] 10.0.0.62 "GET /v2.0/security-groups?id=ef1cfaa0-250f-47c8-97a8-65f8ef4cf7a7&fields=id&fields=name HTTP/1.1" status: 200 len: 312 time: 0.0579233
2026-07-21 22:10:45.133 10 INFO neutron.wsgi [req-8e578aa7-d938-45c1-aead-1267518d028f req-a75e4abb-db07-45d0-80db-385ca5b6269b 6fe4852ed003473a8fe0ff0689f76c23 2fc43ed097b24d5cb55a3920a4fe8397 - - default default] 10.0.0.62 "GET /v2.0/security-groups?id=e67e9971-152c-4d1d-b95f-74fa72ef9294&fields=id&fields=name HTTP/1.1" status: 200 len: 312 time: 0.0624979
2026-07-21 22:10:45.136 9 INFO neutron.db.ovn_revision_numbers_db [None req-1d65cc28-fee3-4636-b444-4bd66970db96 b240058b33e640b08ca027793d4a2929 7e304895c205435cba65cc2763387986 - - - -] Successfully bumped revision number for resource 158c8509-0a01-4fb9-b76b-4ffdd674212a (type: ports) to 2
2026-07-21 22:10:45.139 9 INFO neutron.wsgi [req-2d83fd07-15fd-4893-84a7-855d16a2ce36 req-4d2f52cd-17fb-4d76-9b4c-0623a2816c94 b240058b33e640b08ca027793d4a2929 7e304895c205435cba65cc2763387986 - - 5fa42b4933be45809bb7aed0a16706c5 5fa42b4933be45809bb7aed0a16706c5] 199.19.213.130 "GET /v2.0/ports?tenant_id=d386bf8f0a4a4805aaf1257f24304db5&device_id=fcf6965e-8050-4492-a856-912288f570f2 HTTP/1.1" status: 200 len: 1363 time: 0.0659530
2026-07-21 22:10:45.211 10 INFO neutron.wsgi [None req-098be54b-d6e9-4136-88a3-e597feaeb49f 38833b5526ea459cb19e6b3b7fca561d d9e3f8c28f3e45bfac11f76775ed019e - - - -] 10.0.0.116 "DELETE /v2.0/subnets/38850a03-48eb-4d25-bdce-f26c8d07bcac HTTP/1.1" status: 204 len: 168 time: 0.2690313
2026-07-21 22:10:45.387 10 INFO neutron.wsgi [None req-a6526cb4-3496-4372-8900-26f2b62beb47 38833b5526ea459cb19e6b3b7fca561d d9e3f8c28f3e45bfac11f76775ed019e - - - -] 10.0.0.116 "DELETE /v2.0/subnets/64e06b9d-fd9f-4c75-bb82-f48f4d5f0bf3 HTTP/1.1" status: 204 len: 168 time: 0.1683440
2026-07-21 22:10:45.423 9 INFO neutron.db.l3_db [None req-94d74861-ba76-44c0-b1ea-74a30e5aaa43 e1b9af413293421dadd697d0c41c0be2 77dedd4a0de04635a47446e75ea456f9 - - - -] Floating IP 4570d364-09c2-4098-8f4c-b1913d329ae8 associated. External IP: 10.96.250.209, port: 3cbce3a4-038e-4f9f-b834-ba979af76aec.
2026-07-21 22:10:45.448 10 INFO neutron.wsgi [None req-19530cb8-98f0-4e78-a486-d04bdec0559d 38833b5526ea459cb19e6b3b7fca561d d9e3f8c28f3e45bfac11f76775ed019e - - default default] 10.0.0.116 "GET /v2.0/subnets HTTP/1.1" status: 200 len: 820 time: 0.0503922
2026-07-21 22:10:45.494 9 INFO neutron.wsgi [req-2d83fd07-15fd-4893-84a7-855d16a2ce36 req-9a2ffc5f-7735-4512-bcdf-5339cc82def8 b240058b33e640b08ca027793d4a2929 7e304895c205435cba65cc2763387986 - - 5fa42b4933be45809bb7aed0a16706c5 5fa42b4933be45809bb7aed0a16706c5] 199.19.213.130 "GET /v2.0/networks?id=ed2fffa9-0b42-4214-a354-0f6a81078ca0 HTTP/1.1" status: 200 len: 980 time: 0.2677088
2026-07-21 22:10:45.541 9 INFO neutron.wsgi [req-2d83fd07-15fd-4893-84a7-855d16a2ce36 req-cc18251d-2cdb-47d9-aad9-a038c9a04065 b240058b33e640b08ca027793d4a2929 7e304895c205435cba65cc2763387986 - - 5fa42b4933be45809bb7aed0a16706c5 5fa42b4933be45809bb7aed0a16706c5] 199.19.213.130 "GET /v2.0/floatingips?fixed_ip_address=10.100.0.13&port_id=cad8bd85-688b-4e4a-a4be-b719a1e3f16f HTTP/1.1" status: 200 len: 217 time: 0.0295892 /var/lib/openstack/lib/python3.10/site-packages/pycadf/identifier.py:71: UserWarning: Invalid uuid: neutron. To ensure interoperability, identifiers should be a valid uuid. warnings.warn(('Invalid uuid: %s. To ensure interoperability, '
2026-07-21 22:10:45.637 9 INFO neutron.wsgi [req-2d83fd07-15fd-4893-84a7-855d16a2ce36 req-7864999e-9ec0-44b6-b439-f1b157ab6c0c b240058b33e640b08ca027793d4a2929 7e304895c205435cba65cc2763387986 - - 5fa42b4933be45809bb7aed0a16706c5 5fa42b4933be45809bb7aed0a16706c5] 199.19.213.130 "GET /v2.0/subnets?id=9847a49c-389a-4f0b-b579-4c7a8bc8d9d9 HTTP/1.1" status: 200 len: 876 time: 0.0745056
2026-07-21 22:10:45.661 9 INFO neutron.db.ovn_revision_numbers_db [None req-1d65cc28-fee3-4636-b444-4bd66970db96 b240058b33e640b08ca027793d4a2929 7e304895c205435cba65cc2763387986 - - - -] Successfully bumped revision number for resource 158c8509-0a01-4fb9-b76b-4ffdd674212a (type: ports) to 2
2026-07-21 22:10:45.674 9 INFO neutron.wsgi [req-2d83fd07-15fd-4893-84a7-855d16a2ce36 req-c0779a9e-70d0-40bc-aab9-0fb7980bce4d b240058b33e640b08ca027793d4a2929 7e304895c205435cba65cc2763387986 - - 5fa42b4933be45809bb7aed0a16706c5 5fa42b4933be45809bb7aed0a16706c5] 199.19.213.130 "GET /v2.0/ports?network_id=ed2fffa9-0b42-4214-a354-0f6a81078ca0&device_owner=network%3Adhcp HTTP/1.1" status: 200 len: 210 time: 0.0293021
2026-07-21 22:10:45.707 9 INFO neutron.wsgi [None req-1d65cc28-fee3-4636-b444-4bd66970db96 b240058b33e640b08ca027793d4a2929 7e304895c205435cba65cc2763387986 - - - -] 199.19.213.130 "PUT /v2.0/ports/158c8509-0a01-4fb9-b76b-4ffdd674212a HTTP/1.1" status: 200 len: 1328 time: 1.8570511
2026-07-21 22:10:45.728 9 INFO neutron.db.ovn_revision_numbers_db [None req-94d74861-ba76-44c0-b1ea-74a30e5aaa43 e1b9af413293421dadd697d0c41c0be2 77dedd4a0de04635a47446e75ea456f9 - - - -] Successfully bumped revision number for resource 4570d364-09c2-4098-8f4c-b1913d329ae8 (type: floatingips) to 2
2026-07-21 22:10:45.800 9 INFO neutron.wsgi [req-2d83fd07-15fd-4893-84a7-855d16a2ce36 req-cd11a675-1ecc-4416-9672-544801c02fd5 b240058b33e640b08ca027793d4a2929 7e304895c205435cba65cc2763387986 - - 5fa42b4933be45809bb7aed0a16706c5 5fa42b4933be45809bb7aed0a16706c5] 199.19.213.130 "GET /v2.0/networks/ed2fffa9-0b42-4214-a354-0f6a81078ca0?fields=segments HTTP/1.1" status: 200 len: 212 time: 0.1183016
2026-07-21 22:10:45.803 9 INFO neutron.wsgi [req-b49a594e-8c6d-4907-8207-0d748ba4abe3 req-e9e105ef-f0da-406f-b7d9-3f8b2ed382e5 b240058b33e640b08ca027793d4a2929 7e304895c205435cba65cc2763387986 - - 5fa42b4933be45809bb7aed0a16706c5 5fa42b4933be45809bb7aed0a16706c5] 199.19.213.130 "GET /v2.0/ports?tenant_id=2fc43ed097b24d5cb55a3920a4fe8397&device_id=74937c46-f258-49ef-a353-e96b8775e6e2 HTTP/1.1" status: 200 len: 1359 time: 0.0517440
2026-07-21 22:10:45.853 9 INFO neutron.wsgi [req-b49a594e-8c6d-4907-8207-0d748ba4abe3 req-33ace6fd-c343-422c-b518-ad31bfeac1e8 b240058b33e640b08ca027793d4a2929 7e304895c205435cba65cc2763387986 - - 5fa42b4933be45809bb7aed0a16706c5 5fa42b4933be45809bb7aed0a16706c5] 199.19.213.130 "GET /v2.0/floatingips?fixed_ip_address=10.100.0.4&port_id=158c8509-0a01-4fb9-b76b-4ffdd674212a HTTP/1.1" status: 200 len: 217 time: 0.0379322
2026-07-21 22:10:45.856 10 INFO neutron.services.segments.plugin [-] Segment 56e18183-5320-420e-91b7-3e6df757fc50 resource provider aggregate not found
2026-07-21 22:10:45.860 10 INFO neutron.services.segments.plugin [-] Segment 56e18183-5320-420e-91b7-3e6df757fc50 resource provider aggregate not found
2026-07-21 22:10:45.873 9 INFO neutron.db.ovn_revision_numbers_db [None req-94d74861-ba76-44c0-b1ea-74a30e5aaa43 e1b9af413293421dadd697d0c41c0be2 77dedd4a0de04635a47446e75ea456f9 - - - -] Successfully bumped revision number for resource 4570d364-09c2-4098-8f4c-b1913d329ae8 (type: floatingips) to 3
2026-07-21 22:10:45.880 10 INFO neutron.services.segments.plugin [-] Segment 56e18183-5320-420e-91b7-3e6df757fc50 resource provider not found; error: Placement Client Error (4xx): {"errors": [{"status": 404, "title": "Not Found", "detail": "The resource could not be found.\n\n No resource provider with uuid 56e18183-5320-420e-91b7-3e6df757fc50 found for delete ", "request_id": "req-72997a55-75c8-4ada-9365-2b7660770af8"}]}
2026-07-21 22:10:45.888 10 INFO neutron.services.segments.plugin [-] Segment 56e18183-5320-420e-91b7-3e6df757fc50 resource provider not found; error: Placement Client Error (4xx): {"errors": [{"status": 404, "title": "Not Found", "detail": "The resource could not be found.\n\n No resource provider with uuid 56e18183-5320-420e-91b7-3e6df757fc50 found for delete ", "request_id": "req-02fe058e-db50-4b11-8e19-9d366b67e72e"}]}
2026-07-21 22:10:45.904 10 INFO neutron.wsgi [None req-4ef44db1-a04d-42f3-9da3-0125a56cbf5d 38833b5526ea459cb19e6b3b7fca561d d9e3f8c28f3e45bfac11f76775ed019e - - - -] 10.0.0.116 "DELETE /v2.0/networks/d596769b-9343-4847-bb07-ee1ae439d271 HTTP/1.1" status: 204 len: 168 time: 0.4512625
2026-07-21 22:10:45.929 9 INFO neutron.wsgi [req-b49a594e-8c6d-4907-8207-0d748ba4abe3 req-a0485b6d-9960-4c7c-aa71-2ad9e6a417cb b240058b33e640b08ca027793d4a2929 7e304895c205435cba65cc2763387986 - - 5fa42b4933be45809bb7aed0a16706c5 5fa42b4933be45809bb7aed0a16706c5] 199.19.213.130 "GET /v2.0/subnets?id=3a27716e-94bb-40e9-90f2-5393d41e84f3 HTTP/1.1" status: 200 len: 873 time: 0.0690975
2026-07-21 22:10:45.932 9 INFO neutron.wsgi [req-2d83fd07-15fd-4893-84a7-855d16a2ce36 req-64c687b7-91ef-4c46-b890-6fefb2d54b26 b240058b33e640b08ca027793d4a2929 7e304895c205435cba65cc2763387986 - - 5fa42b4933be45809bb7aed0a16706c5 5fa42b4933be45809bb7aed0a16706c5] 199.19.213.130 "GET /v2.0/networks/ed2fffa9-0b42-4214-a354-0f6a81078ca0?fields=provider%3Aphysical_network&fields=provider%3Anetwork_type HTTP/1.1" status: 200 len: 277 time: 0.1182275
2026-07-21 22:10:45.977 9 INFO neutron.wsgi [req-b49a594e-8c6d-4907-8207-0d748ba4abe3 req-e85b75de-f501-4e01-a538-8b4bc15ecce5 b240058b33e640b08ca027793d4a2929 7e304895c205435cba65cc2763387986 - - 5fa42b4933be45809bb7aed0a16706c5 5fa42b4933be45809bb7aed0a16706c5] 199.19.213.130 "GET /v2.0/ports?network_id=0fc4a83d-1136-4d2f-b939-06474778e4e1&device_owner=network%3Adhcp HTTP/1.1" status: 200 len: 210 time: 0.0396290
2026-07-21 22:10:45.981 9 INFO neutron.wsgi [None req-94d74861-ba76-44c0-b1ea-74a30e5aaa43 e1b9af413293421dadd697d0c41c0be2 77dedd4a0de04635a47446e75ea456f9 - - - -] 10.0.0.116 "PUT /v2.0/floatingips/4570d364-09c2-4098-8f4c-b1913d329ae8 HTTP/1.1" status: 200 len: 1038 time: 1.3453414
2026-07-21 22:10:46.071 9 INFO neutron.wsgi [req-b49a594e-8c6d-4907-8207-0d748ba4abe3 req-39654308-4190-4264-b77a-fc90277e33da b240058b33e640b08ca027793d4a2929 7e304895c205435cba65cc2763387986 - - 5fa42b4933be45809bb7aed0a16706c5 5fa42b4933be45809bb7aed0a16706c5] 199.19.213.130 "GET /v2.0/networks/0fc4a83d-1136-4d2f-b939-06474778e4e1?fields=segments HTTP/1.1" status: 200 len: 212 time: 0.0847688 /var/lib/openstack/lib/python3.10/site-packages/pycadf/identifier.py:71: UserWarning: Invalid uuid: neutron. To ensure interoperability, identifiers should be a valid uuid. warnings.warn(('Invalid uuid: %s. To ensure interoperability, '
2026-07-21 22:10:46.214 9 INFO neutron.wsgi [req-b49a594e-8c6d-4907-8207-0d748ba4abe3 req-3912d066-c9e4-46a3-a154-b10dd6df3ac8 b240058b33e640b08ca027793d4a2929 7e304895c205435cba65cc2763387986 - - 5fa42b4933be45809bb7aed0a16706c5 5fa42b4933be45809bb7aed0a16706c5] 199.19.213.130 "GET /v2.0/networks/0fc4a83d-1136-4d2f-b939-06474778e4e1?fields=provider%3Aphysical_network&fields=provider%3Anetwork_type HTTP/1.1" status: 200 len: 277 time: 0.1326251
2026-07-21 22:10:46.216 9 INFO neutron.db.l3_db [None req-192bf78c-a476-48cb-a9c0-2a52b76e06f3 e1b9af413293421dadd697d0c41c0be2 77dedd4a0de04635a47446e75ea456f9 - - - -] Floating IP 4570d364-09c2-4098-8f4c-b1913d329ae8 disassociated. External IP: 10.96.250.209, port: 5a10c786-809f-4739-a85a-514077d1e26d.
2026-07-21 22:10:46.234 9 INFO neutron.db.ovn_revision_numbers_db [None req-192bf78c-a476-48cb-a9c0-2a52b76e06f3 e1b9af413293421dadd697d0c41c0be2 77dedd4a0de04635a47446e75ea456f9 - - - -] Successfully bumped revision number for resource 4570d364-09c2-4098-8f4c-b1913d329ae8 (type: floatingips) to 4
2026-07-21 22:10:46.254 10 INFO neutron.wsgi [req-75c7e005-d472-4ad0-b8ae-04f9e7825951 req-bae677a4-ce70-4e9e-9f5e-a7be6276bd7d 0f7f7e053e3442a78037b49262306c6b d386bf8f0a4a4805aaf1257f24304db5 - - default default] 10.0.0.62 "GET /v2.0/ports?device_id=fcf6965e-8050-4492-a856-912288f570f2 HTTP/1.1" status: 200 len: 1172 time: 0.0656080 /var/lib/openstack/lib/python3.10/site-packages/pycadf/identifier.py:71: UserWarning: Invalid uuid: neutron. To ensure interoperability, identifiers should be a valid uuid. warnings.warn(('Invalid uuid: %s. To ensure interoperability, '
2026-07-21 22:10:46.312 10 INFO neutron.wsgi [req-75c7e005-d472-4ad0-b8ae-04f9e7825951 req-bf1a9fb4-17b9-4aea-a7cc-c732ad705855 0f7f7e053e3442a78037b49262306c6b d386bf8f0a4a4805aaf1257f24304db5 - - default default] 10.0.0.62 "GET /v2.0/security-groups?id=ef1cfaa0-250f-47c8-97a8-65f8ef4cf7a7&fields=id&fields=name HTTP/1.1" status: 200 len: 312 time: 0.0480783
2026-07-21 22:10:46.326 10 INFO neutron.wsgi [req-a719409c-f707-4893-8439-954b45445048 req-734fddc1-0347-41fd-868c-56040a2fddb8 6fe4852ed003473a8fe0ff0689f76c23 2fc43ed097b24d5cb55a3920a4fe8397 - - default default] 10.0.0.62 "GET /v2.0/ports?device_id=74937c46-f258-49ef-a353-e96b8775e6e2 HTTP/1.1" status: 200 len: 1168 time: 0.1264677
2026-07-21 22:10:46.370 10 INFO neutron.wsgi [req-a719409c-f707-4893-8439-954b45445048 req-fc45f42a-ab1e-41f9-8160-bfafa192f5bb 6fe4852ed003473a8fe0ff0689f76c23 2fc43ed097b24d5cb55a3920a4fe8397 - - default default] 10.0.0.62 "GET /v2.0/security-groups?id=e67e9971-152c-4d1d-b95f-74fa72ef9294&fields=id&fields=name HTTP/1.1" status: 200 len: 312 time: 0.0360146
2026-07-21 22:10:46.555 9 INFO neutron.wsgi [None req-192bf78c-a476-48cb-a9c0-2a52b76e06f3 e1b9af413293421dadd697d0c41c0be2 77dedd4a0de04635a47446e75ea456f9 - - - -] 10.0.0.116 "PUT /v2.0/floatingips/4570d364-09c2-4098-8f4c-b1913d329ae8 HTTP/1.1" status: 200 len: 748 time: 0.5676193
2026-07-21 22:10:46.672 9 INFO neutron.services.segments.plugin [-] Segment 49ae4124-bb41-4062-bb70-4ebc7132474d resource provider aggregate not found
2026-07-21 22:10:46.689 9 INFO neutron.services.segments.plugin [-] Segment 49ae4124-bb41-4062-bb70-4ebc7132474d resource provider aggregate not found
2026-07-21 22:10:46.707 9 INFO neutron.services.segments.plugin [-] Segment 49ae4124-bb41-4062-bb70-4ebc7132474d resource provider not found; error: Placement Client Error (4xx): {"errors": [{"status": 404, "title": "Not Found", "detail": "The resource could not be found.\n\n No resource provider with uuid 49ae4124-bb41-4062-bb70-4ebc7132474d found for delete ", "request_id": "req-e43e73e5-fab7-484e-b579-fb0b37fec86c"}]}
2026-07-21 22:10:46.713 9 INFO neutron.services.segments.plugin [-] Segment 49ae4124-bb41-4062-bb70-4ebc7132474d resource provider not found; error: Placement Client Error (4xx): {"errors": [{"status": 404, "title": "Not Found", "detail": "The resource could not be found.\n\n No resource provider with uuid 49ae4124-bb41-4062-bb70-4ebc7132474d found for delete ", "request_id": "req-aa524f62-050f-408b-82cf-376a0b173c84"}]}
2026-07-21 22:10:46.747 9 INFO neutron.wsgi [None req-2bdb7d09-3222-4938-af95-5464425a4d52 38833b5526ea459cb19e6b3b7fca561d d9e3f8c28f3e45bfac11f76775ed019e - - - -] 10.0.0.116 "DELETE /v2.0/networks/0b2afe59-152d-457a-aee6-641a7b9803c5 HTTP/1.1" status: 204 len: 168 time: 0.8359883
2026-07-21 22:10:46.758 9 INFO neutron.notifiers.nova [-] Nova event matching ['req-4006aae7-058a-461d-8f5d-99db79845563'] response: {'name': 'network-changed', 'server_uuid': '74937c46-f258-49ef-a353-e96b8775e6e2', 'tag': '158c8509-0a01-4fb9-b76b-4ffdd674212a', 'status': 'completed', 'code': 200}
