2026-07-21 22:12:46.045 9 INFO neutron.wsgi [None req-ccfa84c4-c772-4d6b-9b18-b6b346501a4e b1ba2161e09e420e8f85e2293c834692 847600508c1a4fbf800227696a1df7e8 - - default default] 10.0.0.116 "GET /v2.0/floatingips?tags=red%2Cblue HTTP/1.1" status: 200 len: 1323 time: 0.0434258
2026-07-21 22:12:46.099 9 INFO neutron.wsgi [None req-0674c63b-a0d5-43da-8cbe-7e6ef23e810c b1ba2161e09e420e8f85e2293c834692 847600508c1a4fbf800227696a1df7e8 - - default default] 10.0.0.116 "GET /v2.0/floatingips?tags-any=blue HTTP/1.1" status: 200 len: 1323 time: 0.0483069
2026-07-21 22:12:46.166 10 INFO neutron.wsgi [None req-02c76716-548d-45e9-a5aa-38302c7f9108 b1ba2161e09e420e8f85e2293c834692 847600508c1a4fbf800227696a1df7e8 - - default default] 10.0.0.116 "GET /v2.0/floatingips?tags-any=red%2Cblue HTTP/1.1" status: 200 len: 1866 time: 0.0606129
2026-07-21 22:12:46.219 10 INFO neutron.wsgi [None req-30063fe9-81d3-453a-bf7c-f4e5fc5dbc2d b1ba2161e09e420e8f85e2293c834692 847600508c1a4fbf800227696a1df7e8 - - default default] 10.0.0.116 "GET /v2.0/floatingips?not-tags=red HTTP/1.1" status: 200 len: 1295 time: 0.0483503
2026-07-21 22:12:46.273 10 INFO neutron.wsgi [None req-17f3f438-b188-4a13-9601-7366f2e97166 b1ba2161e09e420e8f85e2293c834692 847600508c1a4fbf800227696a1df7e8 - - default default] 10.0.0.116 "GET /v2.0/floatingips?not-tags=red%2Cblue HTTP/1.1" status: 200 len: 1838 time: 0.0495019
2026-07-21 22:12:46.329 10 INFO neutron.wsgi [None req-98467813-7c4d-48b7-92bc-737523f8e6f8 b1ba2161e09e420e8f85e2293c834692 847600508c1a4fbf800227696a1df7e8 - - default default] 10.0.0.116 "GET /v2.0/floatingips?not-tags-any=blue HTTP/1.1" status: 200 len: 1838 time: 0.0502396
2026-07-21 22:12:46.388 10 INFO neutron.wsgi [None req-dc5555e7-0242-493e-8e7b-52ee6b057402 b1ba2161e09e420e8f85e2293c834692 847600508c1a4fbf800227696a1df7e8 - - default default] 10.0.0.116 "GET /v2.0/floatingips?not-tags-any=red%2Cblue HTTP/1.1" status: 200 len: 1295 time: 0.0536666
2026-07-21 22:12:46.486 10 INFO neutron.wsgi [req-6cbe12d0-db0f-4fae-afed-2990374c709f req-30d91205-3861-467e-bc72-c25948da3148 fae84ff3382a454a972b9dab63fccdc2 9a530b36155a4a78bd24fc613c1c1ac2 - - default default] 10.0.0.62 "GET /v2.0/ports?device_id=5019941d-9f10-41cb-80ee-9be9fd235673 HTTP/1.1" status: 200 len: 1172 time: 0.0589294
2026-07-21 22:12:46.528 10 INFO neutron.wsgi [req-6cbe12d0-db0f-4fae-afed-2990374c709f req-c0b6e7be-22a7-4a54-a645-96d3305de5f7 fae84ff3382a454a972b9dab63fccdc2 9a530b36155a4a78bd24fc613c1c1ac2 - - default default] 10.0.0.62 "GET /v2.0/security-groups?id=ae569b37-7254-45ad-92a4-d4b4d83a12bc&fields=id&fields=name HTTP/1.1" status: 200 len: 312 time: 0.0344965
2026-07-21 22:12:46.536 9 WARNING neutron.plugins.ml2.drivers.ovn.mech_driver.ovsdb.ovn_client [None req-4cf41096-bd17-4445-8bb0-dfb4722b3ce6 - - - - - -] No hosting information found for port c9ec71e0-f810-4a5f-827a-d98564f8d25b: RuntimeError: No hosting information found for port c9ec71e0-f810-4a5f-827a-d98564f8d25b
2026-07-21 22:12:46.638 9 INFO neutron.db.ovn_revision_numbers_db [None req-6156a46b-8518-4a6a-92fd-778339de86c8 b240058b33e640b08ca027793d4a2929 7e304895c205435cba65cc2763387986 - - - -] Successfully bumped revision number for resource 854ca01a-366f-4fc9-ad3a-33b72db7fc31 (type: ports) to 2 /var/lib/openstack/lib/python3.10/site-packages/pycadf/identifier.py:71: UserWarning: Invalid uuid: neutron. To ensure interoperability, identifiers should be a valid uuid. warnings.warn(('Invalid uuid: %s. To ensure interoperability, '
2026-07-21 22:12:46.722 9 INFO neutron.wsgi [req-33e185ab-2294-4b54-8897-01f893beb20d req-d559bfd7-8d9c-4cfc-8863-be0aba1eb34f b240058b33e640b08ca027793d4a2929 7e304895c205435cba65cc2763387986 - - 5fa42b4933be45809bb7aed0a16706c5 5fa42b4933be45809bb7aed0a16706c5] 10.0.0.232 "GET /v2.0/ports?device_id=0d2e1709-ee05-4eb3-bd4f-0272e0662759 HTTP/1.1" status: 200 len: 1365 time: 0.0389266
2026-07-21 22:12:46.786 9 INFO neutron.wsgi [req-33e185ab-2294-4b54-8897-01f893beb20d req-3429a4e7-596b-4324-8891-a77eafc3562c b240058b33e640b08ca027793d4a2929 7e304895c205435cba65cc2763387986 - - 5fa42b4933be45809bb7aed0a16706c5 5fa42b4933be45809bb7aed0a16706c5] 10.0.0.232 "GET /v2.0/security-groups?id=6bda445e-a365-4d5e-8299-3f53b8ff07da&fields=id&fields=name HTTP/1.1" status: 200 len: 312 time: 0.0526423
2026-07-21 22:12:46.825 9 INFO neutron.db.ovn_revision_numbers_db [None req-6156a46b-8518-4a6a-92fd-778339de86c8 b240058b33e640b08ca027793d4a2929 7e304895c205435cba65cc2763387986 - - - -] Successfully bumped revision number for resource 854ca01a-366f-4fc9-ad3a-33b72db7fc31 (type: ports) to 2
2026-07-21 22:12:46.842 9 INFO neutron.wsgi [None req-6156a46b-8518-4a6a-92fd-778339de86c8 b240058b33e640b08ca027793d4a2929 7e304895c205435cba65cc2763387986 - - - -] 199.19.213.130 "PUT /v2.0/ports/854ca01a-366f-4fc9-ad3a-33b72db7fc31 HTTP/1.1" status: 200 len: 1332 time: 0.9641516 /var/lib/openstack/lib/python3.10/site-packages/pycadf/identifier.py:71: UserWarning: Invalid uuid: neutron. To ensure interoperability, identifiers should be a valid uuid. warnings.warn(('Invalid uuid: %s. To ensure interoperability, '
2026-07-21 22:12:46.908 10 INFO neutron.wsgi [None req-cef3bc60-9aac-4bd2-ab3c-c8f5be90cef1 b1ba2161e09e420e8f85e2293c834692 847600508c1a4fbf800227696a1df7e8 - - - -] 10.0.0.116 "DELETE /v2.0/floatingips/103aa3e1-1a52-43ab-b323-bd1c6e649f17 HTTP/1.1" status: 204 len: 168 time: 0.5156224
2026-07-21 22:12:46.908 9 INFO neutron.notifiers.nova [-] Nova event matching ['req-c6961397-2018-4e83-a02b-ed6b8f044bff'] response: {'name': 'network-changed', 'server_uuid': '5019941d-9f10-41cb-80ee-9be9fd235673', 'tag': '854ca01a-366f-4fc9-ad3a-33b72db7fc31', 'status': 'completed', 'code': 200}
2026-07-21 22:12:46.961 9 INFO neutron.wsgi [req-240fad22-5f3d-4f61-8066-afc2a75a0b89 req-706d5f4a-f6c4-4e16-9fd2-ac4976e9ec92 b240058b33e640b08ca027793d4a2929 7e304895c205435cba65cc2763387986 - - 5fa42b4933be45809bb7aed0a16706c5 5fa42b4933be45809bb7aed0a16706c5] 199.19.213.130 "GET /v2.0/ports?tenant_id=9a530b36155a4a78bd24fc613c1c1ac2&device_id=5019941d-9f10-41cb-80ee-9be9fd235673 HTTP/1.1" status: 200 len: 1363 time: 0.0654712
2026-07-21 22:12:46.988 10 WARNING neutron.scheduler.dhcp_agent_scheduler [None req-9533c17d-f698-4837-b61f-d1896ca88370 ed0d87b004a34ac0b2f790884a3e9568 31a9857a3cf14d159ba182cb6d1277b2 - - - -] No more DHCP agents
2026-07-21 22:12:46.990 10 WARNING neutron.api.rpc.agentnotifiers.dhcp_rpc_agent_api [None req-9533c17d-f698-4837-b61f-d1896ca88370 ed0d87b004a34ac0b2f790884a3e9568 31a9857a3cf14d159ba182cb6d1277b2 - - - -] Unable to schedule network 526b6b94-2985-444b-8360-bdb71d9ad5a1: no agents available; will retry on subsequent port and subnet creation events.
2026-07-21 22:12:46.994 9 INFO neutron.wsgi [req-240fad22-5f3d-4f61-8066-afc2a75a0b89 req-54cc7409-b883-495b-be56-cf0960df4355 b240058b33e640b08ca027793d4a2929 7e304895c205435cba65cc2763387986 - - 5fa42b4933be45809bb7aed0a16706c5 5fa42b4933be45809bb7aed0a16706c5] 199.19.213.130 "GET /v2.0/floatingips?fixed_ip_address=10.100.0.12&port_id=854ca01a-366f-4fc9-ad3a-33b72db7fc31 HTTP/1.1" status: 200 len: 217 time: 0.0217023
2026-07-21 22:12:47.039 9 INFO neutron.wsgi [req-240fad22-5f3d-4f61-8066-afc2a75a0b89 req-ea666025-3663-4bda-a7e8-1ef481b5f40c b240058b33e640b08ca027793d4a2929 7e304895c205435cba65cc2763387986 - - 5fa42b4933be45809bb7aed0a16706c5 5fa42b4933be45809bb7aed0a16706c5] 199.19.213.130 "GET /v2.0/subnets?id=96e60c8c-7ef6-4f7e-ad9d-c9860f734051 HTTP/1.1" status: 200 len: 852 time: 0.0301328
2026-07-21 22:12:47.078 9 INFO neutron.wsgi [req-240fad22-5f3d-4f61-8066-afc2a75a0b89 req-2d16dfec-ceca-490a-bb6c-ff0567ebed7e b240058b33e640b08ca027793d4a2929 7e304895c205435cba65cc2763387986 - - 5fa42b4933be45809bb7aed0a16706c5 5fa42b4933be45809bb7aed0a16706c5] 199.19.213.130 "GET /v2.0/ports?network_id=87d19e01-5a19-4ebf-8834-22a5b71f13df&device_owner=network%3Adhcp HTTP/1.1" status: 200 len: 210 time: 0.0318713
2026-07-21 22:12:47.167 9 INFO neutron.wsgi [req-240fad22-5f3d-4f61-8066-afc2a75a0b89 req-ad6b2a92-6bbe-4b95-a823-8abe7268ab30 b240058b33e640b08ca027793d4a2929 7e304895c205435cba65cc2763387986 - - 5fa42b4933be45809bb7aed0a16706c5 5fa42b4933be45809bb7aed0a16706c5] 199.19.213.130 "GET /v2.0/networks/87d19e01-5a19-4ebf-8834-22a5b71f13df?fields=segments HTTP/1.1" status: 200 len: 212 time: 0.0821154
2026-07-21 22:12:47.230 9 INFO neutron.wsgi [req-240fad22-5f3d-4f61-8066-afc2a75a0b89 req-7a9a867d-8e22-4c24-82f6-2773e867b83f b240058b33e640b08ca027793d4a2929 7e304895c205435cba65cc2763387986 - - 5fa42b4933be45809bb7aed0a16706c5 5fa42b4933be45809bb7aed0a16706c5] 199.19.213.130 "GET /v2.0/networks/87d19e01-5a19-4ebf-8834-22a5b71f13df?fields=provider%3Aphysical_network&fields=provider%3Anetwork_type HTTP/1.1" status: 200 len: 277 time: 0.0570204
2026-07-21 22:12:47.281 10 INFO neutron.db.ovn_revision_numbers_db [None req-9533c17d-f698-4837-b61f-d1896ca88370 ed0d87b004a34ac0b2f790884a3e9568 31a9857a3cf14d159ba182cb6d1277b2 - - - -] Successfully bumped revision number for resource df90f2d7-8f5b-40dc-923f-f9d8693b73b1 (type: floatingips) to 0
2026-07-21 22:12:47.294 10 INFO neutron.wsgi [None req-9533c17d-f698-4837-b61f-d1896ca88370 ed0d87b004a34ac0b2f790884a3e9568 31a9857a3cf14d159ba182cb6d1277b2 - - - -] 10.0.0.116 "POST /v2.0/floatingips HTTP/1.1" status: 201 len: 751 time: 0.8065813
2026-07-21 22:12:47.314 9 INFO neutron.wsgi [req-062c9c9f-8842-4556-b36c-c75c02d70a14 req-23fbeaa0-31d2-45b3-9cc1-608d85f36f2c b240058b33e640b08ca027793d4a2929 7e304895c205435cba65cc2763387986 - - 5fa42b4933be45809bb7aed0a16706c5 5fa42b4933be45809bb7aed0a16706c5] 199.19.213.130 "GET /v2.0/ports?tenant_id=9a530b36155a4a78bd24fc613c1c1ac2&device_id=5019941d-9f10-41cb-80ee-9be9fd235673 HTTP/1.1" status: 200 len: 1363 time: 0.0437083
2026-07-21 22:12:47.340 10 INFO neutron.wsgi [None req-63c231e1-96c3-4f05-9235-744b6592fd07 ed0d87b004a34ac0b2f790884a3e9568 31a9857a3cf14d159ba182cb6d1277b2 - - - -] 10.0.0.116 "PUT /v2.0/floatingips/df90f2d7-8f5b-40dc-923f-f9d8693b73b1/tags HTTP/1.1" status: 200 len: 218 time: 0.0405781
2026-07-21 22:12:47.374 9 INFO neutron.wsgi [req-062c9c9f-8842-4556-b36c-c75c02d70a14 req-793fa48f-2141-41b6-8225-87034b941aca b240058b33e640b08ca027793d4a2929 7e304895c205435cba65cc2763387986 - - 5fa42b4933be45809bb7aed0a16706c5 5fa42b4933be45809bb7aed0a16706c5] 199.19.213.130 "GET /v2.0/networks?id=87d19e01-5a19-4ebf-8834-22a5b71f13df HTTP/1.1" status: 200 len: 959 time: 0.0512204
2026-07-21 22:12:47.382 9 INFO neutron.wsgi [None req-fb9bdaea-45ce-47c6-8a14-78d644d925e0 b1ba2161e09e420e8f85e2293c834692 847600508c1a4fbf800227696a1df7e8 - - - -] 10.0.0.116 "DELETE /v2.0/floatingips/095692b2-0b1a-44b8-b3a4-7a0094064b9d HTTP/1.1" status: 204 len: 168 time: 0.4683700
2026-07-21 22:12:47.389 10 INFO neutron.wsgi [None req-9912a286-f9d1-4216-a50a-61783789d338 ed0d87b004a34ac0b2f790884a3e9568 31a9857a3cf14d159ba182cb6d1277b2 - - default default] 10.0.0.116 "GET /v2.0/floatingips/df90f2d7-8f5b-40dc-923f-f9d8693b73b1/tags HTTP/1.1" status: 200 len: 218 time: 0.0418372
2026-07-21 22:12:47.434 9 INFO neutron.plugins.ml2.drivers.ovn.mech_driver.mech_driver [None req-4cf41096-bd17-4445-8bb0-dfb4722b3ce6 - - - - - -] OVN reports status up for port: 854ca01a-366f-4fc9-ad3a-33b72db7fc31
2026-07-21 22:12:47.438 9 INFO neutron.wsgi [req-062c9c9f-8842-4556-b36c-c75c02d70a14 req-d0b9481b-b94e-4dc6-b7b2-51f971a37fb5 b240058b33e640b08ca027793d4a2929 7e304895c205435cba65cc2763387986 - - 5fa42b4933be45809bb7aed0a16706c5 5fa42b4933be45809bb7aed0a16706c5] 199.19.213.130 "GET /v2.0/floatingips?fixed_ip_address=10.100.0.12&port_id=854ca01a-366f-4fc9-ad3a-33b72db7fc31 HTTP/1.1" status: 200 len: 217 time: 0.0508215
2026-07-21 22:12:47.444 9 INFO neutron.plugins.ml2.plugin [None req-4cf41096-bd17-4445-8bb0-dfb4722b3ce6 - - - - - -] Attempt 1 to provision port 854ca01a-366f-4fc9-ad3a-33b72db7fc31
2026-07-21 22:12:47.499 9 INFO neutron.wsgi [None req-adc6e71b-b535-4c11-9b73-c8fce5b7b00f ed0d87b004a34ac0b2f790884a3e9568 31a9857a3cf14d159ba182cb6d1277b2 - - - -] 10.0.0.116 "PUT /v2.0/floatingips/df90f2d7-8f5b-40dc-923f-f9d8693b73b1/tags/green HTTP/1.1" status: 201 len: 201 time: 0.0987470
2026-07-21 22:12:47.517 9 INFO neutron.wsgi [req-062c9c9f-8842-4556-b36c-c75c02d70a14 req-15a04ade-223b-4304-b0a7-c0c436885ad4 b240058b33e640b08ca027793d4a2929 7e304895c205435cba65cc2763387986 - - 5fa42b4933be45809bb7aed0a16706c5 5fa42b4933be45809bb7aed0a16706c5] 199.19.213.130 "GET /v2.0/subnets?id=96e60c8c-7ef6-4f7e-ad9d-c9860f734051 HTTP/1.1" status: 200 len: 852 time: 0.0716307
2026-07-21 22:12:47.533 10 INFO neutron.wsgi [None req-0e8a01fc-c209-4dad-a168-aba0cbb721b8 ed0d87b004a34ac0b2f790884a3e9568 31a9857a3cf14d159ba182cb6d1277b2 - - default default] 10.0.0.116 "GET /v2.0/floatingips/df90f2d7-8f5b-40dc-923f-f9d8693b73b1/tags HTTP/1.1" status: 200 len: 227 time: 0.0288577
2026-07-21 22:12:47.550 9 INFO neutron.wsgi [req-062c9c9f-8842-4556-b36c-c75c02d70a14 req-db533df1-7411-4800-a0be-33b9d12805af b240058b33e640b08ca027793d4a2929 7e304895c205435cba65cc2763387986 - - 5fa42b4933be45809bb7aed0a16706c5 5fa42b4933be45809bb7aed0a16706c5] 199.19.213.130 "GET /v2.0/ports?network_id=87d19e01-5a19-4ebf-8834-22a5b71f13df&device_owner=network%3Adhcp HTTP/1.1" status: 200 len: 210 time: 0.0250936
2026-07-21 22:12:47.586 9 INFO neutron.wsgi [None req-1b85d8cf-859d-4ecf-8d93-ffb7e6d9e99c ed0d87b004a34ac0b2f790884a3e9568 31a9857a3cf14d159ba182cb6d1277b2 - - - -] 10.0.0.116 "PUT /v2.0/floatingips/df90f2d7-8f5b-40dc-923f-f9d8693b73b1/tags/red HTTP/1.1" status: 201 len: 201 time: 0.0484948
2026-07-21 22:12:47.622 9 INFO neutron.wsgi [req-062c9c9f-8842-4556-b36c-c75c02d70a14 req-ea75af8b-f8a6-4d6e-9b87-3ef859fefaf2 b240058b33e640b08ca027793d4a2929 7e304895c205435cba65cc2763387986 - - 5fa42b4933be45809bb7aed0a16706c5 5fa42b4933be45809bb7aed0a16706c5] 199.19.213.130 "GET /v2.0/networks/87d19e01-5a19-4ebf-8834-22a5b71f13df?fields=segments HTTP/1.1" status: 200 len: 212 time: 0.0566208
2026-07-21 22:12:47.656 10 INFO neutron.wsgi [None req-20f67476-5764-46c5-af4c-215d78cb1be8 ed0d87b004a34ac0b2f790884a3e9568 31a9857a3cf14d159ba182cb6d1277b2 - - default default] 10.0.0.116 "GET /v2.0/floatingips/df90f2d7-8f5b-40dc-923f-f9d8693b73b1/tags HTTP/1.1" status: 200 len: 227 time: 0.0646553
2026-07-21 22:12:47.677 10 INFO neutron.wsgi [req-6720dc44-a6e4-42da-bde4-18138274ab44 req-be0d76fd-63fd-4cdf-8fe7-b0b225ae246c fae84ff3382a454a972b9dab63fccdc2 9a530b36155a4a78bd24fc613c1c1ac2 - - default default] 10.0.0.62 "GET /v2.0/ports?device_id=5019941d-9f10-41cb-80ee-9be9fd235673 HTTP/1.1" status: 200 len: 1174 time: 0.0590076
2026-07-21 22:12:47.686 9 INFO neutron.wsgi [req-062c9c9f-8842-4556-b36c-c75c02d70a14 req-8cf7a123-0ab8-400b-9928-2ae9645386c3 b240058b33e640b08ca027793d4a2929 7e304895c205435cba65cc2763387986 - - 5fa42b4933be45809bb7aed0a16706c5 5fa42b4933be45809bb7aed0a16706c5] 199.19.213.130 "GET /v2.0/networks/87d19e01-5a19-4ebf-8834-22a5b71f13df?fields=provider%3Aphysical_network&fields=provider%3Anetwork_type HTTP/1.1" status: 200 len: 277 time: 0.0532935
2026-07-21 22:12:47.728 10 INFO neutron.wsgi [None req-d83e77cf-b398-4062-9a1a-e374cb3b744a ed0d87b004a34ac0b2f790884a3e9568 31a9857a3cf14d159ba182cb6d1277b2 - - - -] 10.0.0.116 "PUT /v2.0/floatingips/df90f2d7-8f5b-40dc-923f-f9d8693b73b1/tags/black.or.white HTTP/1.1" status: 201 len: 201 time: 0.0651188
2026-07-21 22:12:47.741 10 INFO neutron.wsgi [req-6720dc44-a6e4-42da-bde4-18138274ab44 req-898beb2d-709a-4c38-bfeb-1c556f22d9b0 fae84ff3382a454a972b9dab63fccdc2 9a530b36155a4a78bd24fc613c1c1ac2 - - default default] 10.0.0.62 "GET /v2.0/security-groups?id=ae569b37-7254-45ad-92a4-d4b4d83a12bc&fields=id&fields=name HTTP/1.1" status: 200 len: 312 time: 0.0464182
2026-07-21 22:12:47.768 9 INFO neutron.wsgi [None req-bfe2e934-bc24-4160-89fd-dc7cbdb0a079 ed0d87b004a34ac0b2f790884a3e9568 31a9857a3cf14d159ba182cb6d1277b2 - - default default] 10.0.0.116 "GET /v2.0/floatingips/df90f2d7-8f5b-40dc-923f-f9d8693b73b1/tags HTTP/1.1" status: 200 len: 245 time: 0.0346284
2026-07-21 22:12:47.820 9 INFO neutron.db.ovn_revision_numbers_db [None req-4cf41096-bd17-4445-8bb0-dfb4722b3ce6 - - - - - -] Successfully bumped revision number for resource 854ca01a-366f-4fc9-ad3a-33b72db7fc31 (type: ports) to 4
2026-07-21 22:12:47.826 9 INFO neutron.wsgi [None req-8d4ce1f2-72f8-4a79-8369-6ed5d6ec73e6 ed0d87b004a34ac0b2f790884a3e9568 31a9857a3cf14d159ba182cb6d1277b2 - - - -] 10.0.0.116 "PUT /v2.0/floatingips/df90f2d7-8f5b-40dc-923f-f9d8693b73b1/tags HTTP/1.1" status: 200 len: 230 time: 0.0507901
2026-07-21 22:12:47.869 10 INFO neutron.wsgi [None req-f1cc0f83-934d-4441-a12b-62cb9a859b78 b1ba2161e09e420e8f85e2293c834692 847600508c1a4fbf800227696a1df7e8 - - - -] 10.0.0.116 "DELETE /v2.0/floatingips/94431cf4-cc52-4d3b-8497-72fe75fe93d5 HTTP/1.1" status: 204 len: 168 time: 0.4757564
2026-07-21 22:12:47.889 9 INFO neutron.wsgi [None req-09b085f2-5da3-49a6-8164-5d58796334df ed0d87b004a34ac0b2f790884a3e9568 31a9857a3cf14d159ba182cb6d1277b2 - - default default] 10.0.0.116 "GET /v2.0/floatingips/df90f2d7-8f5b-40dc-923f-f9d8693b73b1/tags HTTP/1.1" status: 200 len: 230 time: 0.0549026 /var/lib/openstack/lib/python3.10/site-packages/pycadf/identifier.py:71: UserWarning: Invalid uuid: neutron. To ensure interoperability, identifiers should be a valid uuid. warnings.warn(('Invalid uuid: %s. To ensure interoperability, '
2026-07-21 22:12:47.922 9 INFO neutron.wsgi [None req-ad3b667e-2c79-433d-8b72-3115d31569ca ed0d87b004a34ac0b2f790884a3e9568 31a9857a3cf14d159ba182cb6d1277b2 - - default default] 10.0.0.116 "GET /v2.0/floatingips/df90f2d7-8f5b-40dc-923f-f9d8693b73b1/tags/red HTTP/1.1" status: 204 len: 168 time: 0.0260620
2026-07-21 22:12:47.954 9 INFO neutron.api.v2.resource [None req-952f5023-de3d-4bee-8ee1-eb9a199dfdf3 ed0d87b004a34ac0b2f790884a3e9568 31a9857a3cf14d159ba182cb6d1277b2 - - default default] show failed (client error): The resource could not be found.
2026-07-21 22:12:47.955 9 INFO neutron.wsgi [None req-952f5023-de3d-4bee-8ee1-eb9a199dfdf3 ed0d87b004a34ac0b2f790884a3e9568 31a9857a3cf14d159ba182cb6d1277b2 - - default default] 10.0.0.116 "GET /v2.0/floatingips/df90f2d7-8f5b-40dc-923f-f9d8693b73b1/tags/green HTTP/1.1" status: 404 len: 299 time: 0.0289423
2026-07-21 22:12:47.997 9 INFO neutron.wsgi [None req-c683408d-d068-46a9-a2e0-68256bf2fac8 ed0d87b004a34ac0b2f790884a3e9568 31a9857a3cf14d159ba182cb6d1277b2 - - - -] 10.0.0.116 "DELETE /v2.0/floatingips/df90f2d7-8f5b-40dc-923f-f9d8693b73b1/tags/red HTTP/1.1" status: 204 len: 168 time: 0.0367579
2026-07-21 22:12:48.029 9 INFO neutron.wsgi [None req-f1e22ad9-01aa-4820-9e3c-74db22643b95 ed0d87b004a34ac0b2f790884a3e9568 31a9857a3cf14d159ba182cb6d1277b2 - - default default] 10.0.0.116 "GET /v2.0/floatingips/df90f2d7-8f5b-40dc-923f-f9d8693b73b1/tags HTTP/1.1" status: 200 len: 223 time: 0.0280499
2026-07-21 22:12:48.064 9 INFO neutron.api.v2.resource [None req-e709458b-44c8-4db4-ae5b-7cf6ff280444 ed0d87b004a34ac0b2f790884a3e9568 31a9857a3cf14d159ba182cb6d1277b2 - - - -] delete failed (client error): The resource could not be found.
2026-07-21 22:12:48.065 9 INFO neutron.wsgi [None req-e709458b-44c8-4db4-ae5b-7cf6ff280444 ed0d87b004a34ac0b2f790884a3e9568 31a9857a3cf14d159ba182cb6d1277b2 - - - -] 10.0.0.116 "DELETE /v2.0/floatingips/df90f2d7-8f5b-40dc-923f-f9d8693b73b1/tags/green HTTP/1.1" status: 404 len: 299 time: 0.0301769
2026-07-21 22:12:48.110 9 INFO neutron.wsgi [None req-e0a7636e-8620-4cb4-b4b3-2d870ec745a6 ed0d87b004a34ac0b2f790884a3e9568 31a9857a3cf14d159ba182cb6d1277b2 - - - -] 10.0.0.116 "DELETE /v2.0/floatingips/df90f2d7-8f5b-40dc-923f-f9d8693b73b1/tags HTTP/1.1" status: 204 len: 168 time: 0.0397754
2026-07-21 22:12:48.143 9 INFO neutron.wsgi [None req-535069a9-090a-4016-a5fa-8ce5a2593ea9 ed0d87b004a34ac0b2f790884a3e9568 31a9857a3cf14d159ba182cb6d1277b2 - - default default] 10.0.0.116 "GET /v2.0/floatingips/df90f2d7-8f5b-40dc-923f-f9d8693b73b1/tags HTTP/1.1" status: 200 len: 205 time: 0.0268898
2026-07-21 22:12:48.207 10 INFO neutron.wsgi [None req-36b520e3-df27-4590-9ebf-45157a7777f5 b1ba2161e09e420e8f85e2293c834692 847600508c1a4fbf800227696a1df7e8 - - - -] 10.0.0.116 "DELETE /v2.0/floatingips/d22a2634-b5ae-4d2e-b700-2c5b40e44d64 HTTP/1.1" status: 204 len: 168 time: 0.3338335
2026-07-21 22:12:48.495 9 INFO neutron.wsgi [None req-5f29eb22-cb0f-4a03-b7e0-93b248e18e44 ed0d87b004a34ac0b2f790884a3e9568 31a9857a3cf14d159ba182cb6d1277b2 - - - -] 10.0.0.116 "DELETE /v2.0/floatingips/df90f2d7-8f5b-40dc-923f-f9d8693b73b1 HTTP/1.1" status: 204 len: 168 time: 0.3434598
2026-07-21 22:12:48.792 10 INFO neutron.wsgi [None req-5bb56d8d-8e19-4a9a-aff3-2289dd4af07b b1ba2161e09e420e8f85e2293c834692 847600508c1a4fbf800227696a1df7e8 - - - -] 10.0.0.116 "DELETE /v2.0/floatingips/8b78be03-b8e3-4c10-91ec-0d4473090f30 HTTP/1.1" status: 204 len: 168 time: 0.5798655
2026-07-21 22:12:48.848 10 INFO neutron.wsgi [req-9a01434e-fbf8-4f1b-b291-4e1e7f382889 req-1f5ae156-8dd4-4534-a5bc-ad6d48a2e4ea fae84ff3382a454a972b9dab63fccdc2 9a530b36155a4a78bd24fc613c1c1ac2 - - default default] 10.0.0.62 "GET /v2.0/ports?device_id=5019941d-9f10-41cb-80ee-9be9fd235673 HTTP/1.1" status: 200 len: 1174 time: 0.0449121
2026-07-21 22:12:48.899 10 INFO neutron.wsgi [req-9a01434e-fbf8-4f1b-b291-4e1e7f382889 req-d7cc9a9b-88e1-49ba-b64a-2350646c3d77 fae84ff3382a454a972b9dab63fccdc2 9a530b36155a4a78bd24fc613c1c1ac2 - - default default] 10.0.0.62 "GET /v2.0/security-groups?id=ae569b37-7254-45ad-92a4-d4b4d83a12bc&fields=id&fields=name HTTP/1.1" status: 200 len: 312 time: 0.0370791
2026-07-21 22:12:48.951 9 INFO neutron.notifiers.nova [-] Nova event matching ['req-fec067d2-cbde-4fca-aad2-008a4d7cc849'] response: {'server_uuid': '5019941d-9f10-41cb-80ee-9be9fd235673', 'name': 'network-vif-plugged', 'status': 'completed', 'tag': '854ca01a-366f-4fc9-ad3a-33b72db7fc31', 'code': 200}
2026-07-21 22:12:48.952 9 INFO neutron.notifiers.nova [-] Nova event matching ['req-fec067d2-cbde-4fca-aad2-008a4d7cc849'] response: {'server_uuid': '5019941d-9f10-41cb-80ee-9be9fd235673', 'name': 'network-vif-plugged', 'status': 'completed', 'tag': '854ca01a-366f-4fc9-ad3a-33b72db7fc31', 'code': 200}
2026-07-21 22:12:49.471 10 INFO neutron.db.ovn_revision_numbers_db [None req-c6a3d20c-e6e1-4c5f-8c00-6fe9bd219c47 a179550bd99a4fd6af3a5e6f28150aeb 9e55c4fc1fa7418d8af6eabbdbfc05de - - default default] Successfully bumped revision number for resource a68b6569-0e54-4bd6-b879-6a92b978a578 (type: security_groups) to 1
2026-07-21 22:12:49.498 10 INFO neutron.wsgi [None req-c6a3d20c-e6e1-4c5f-8c00-6fe9bd219c47 a179550bd99a4fd6af3a5e6f28150aeb 9e55c4fc1fa7418d8af6eabbdbfc05de - - default default] 10.0.0.116 "GET /v2.0/security-groups?tenant_id=e10656f3fe4d42008bd1f523f97d83bb&name=default HTTP/1.1" status: 200 len: 2996 time: 0.3163159
2026-07-21 22:12:49.706 10 INFO neutron.wsgi [None req-a953ec60-7a7f-4ff4-885c-79239fafa79c a179550bd99a4fd6af3a5e6f28150aeb 9e55c4fc1fa7418d8af6eabbdbfc05de - - - -] 10.0.0.116 "DELETE /v2.0/security-groups/a68b6569-0e54-4bd6-b879-6a92b978a578 HTTP/1.1" status: 204 len: 168 time: 0.2004490
2026-07-21 22:12:49.941 9 INFO neutron.db.ovn_revision_numbers_db [None req-96d0424e-92e2-4dbc-bdaa-dff0f96568f2 a179550bd99a4fd6af3a5e6f28150aeb 9e55c4fc1fa7418d8af6eabbdbfc05de - - default default] Successfully bumped revision number for resource dd92f80a-faea-43b9-9427-2d671138cbb4 (type: security_groups) to 1
2026-07-21 22:12:49.967 9 INFO neutron.wsgi [None req-96d0424e-92e2-4dbc-bdaa-dff0f96568f2 a179550bd99a4fd6af3a5e6f28150aeb 9e55c4fc1fa7418d8af6eabbdbfc05de - - default default] 10.0.0.116 "GET /v2.0/security-groups?tenant_id=31a9857a3cf14d159ba182cb6d1277b2&name=default HTTP/1.1" status: 200 len: 2996 time: 0.1525595
2026-07-21 22:12:49.983 9 INFO neutron.db.ovn_revision_numbers_db [None req-3217adf0-9bc8-4c72-bef0-53d007093af9 a179550bd99a4fd6af3a5e6f28150aeb 9e55c4fc1fa7418d8af6eabbdbfc05de - - default default] Successfully bumped revision number for resource 48cb594d-a43e-411d-9b1e-5814edb9ffa3 (type: security_groups) to 1
2026-07-21 22:12:50.008 9 INFO neutron.wsgi [None req-3217adf0-9bc8-4c72-bef0-53d007093af9 a179550bd99a4fd6af3a5e6f28150aeb 9e55c4fc1fa7418d8af6eabbdbfc05de - - default default] 10.0.0.116 "GET /v2.0/security-groups?tenant_id=22c90cb5098e46bc8234b080e9f04592&name=default HTTP/1.1" status: 200 len: 2996 time: 0.2736032
2026-07-21 22:12:50.042 10 INFO neutron.wsgi [req-b9adf60f-c343-4167-83e2-4e0863293089 req-69f92453-cb27-41b3-9802-d160f75eb139 fae84ff3382a454a972b9dab63fccdc2 9a530b36155a4a78bd24fc613c1c1ac2 - - default default] 10.0.0.62 "GET /v2.0/ports?device_id=5019941d-9f10-41cb-80ee-9be9fd235673 HTTP/1.1" status: 200 len: 1174 time: 0.0741174
2026-07-21 22:12:50.073 10 INFO neutron.wsgi [req-b9adf60f-c343-4167-83e2-4e0863293089 req-21c9a616-888f-45ed-bfc9-0783e8e3c9ce fae84ff3382a454a972b9dab63fccdc2 9a530b36155a4a78bd24fc613c1c1ac2 - - default default] 10.0.0.62 "GET /v2.0/security-groups?id=ae569b37-7254-45ad-92a4-d4b4d83a12bc&fields=id&fields=name HTTP/1.1" status: 200 len: 312 time: 0.0267406
2026-07-21 22:12:50.194 10 INFO neutron.wsgi [req-4f5d8442-7802-43f3-b45c-5cee4ab88ca9 req-f936abaf-7006-4244-9874-3cf6b24f81e5 fae84ff3382a454a972b9dab63fccdc2 9a530b36155a4a78bd24fc613c1c1ac2 - - default default] 10.0.0.62 "GET /v2.0/ports?device_id=5019941d-9f10-41cb-80ee-9be9fd235673 HTTP/1.1" status: 200 len: 1174 time: 0.0428145
2026-07-21 22:12:50.215 9 INFO neutron.wsgi [None req-34aa7f40-0c57-4d27-bf9c-71076fcda63f a179550bd99a4fd6af3a5e6f28150aeb 9e55c4fc1fa7418d8af6eabbdbfc05de - - - -] 10.0.0.116 "DELETE /v2.0/security-groups/dd92f80a-faea-43b9-9427-2d671138cbb4 HTTP/1.1" status: 204 len: 168 time: 0.2420199
2026-07-21 22:12:50.221 9 INFO neutron.wsgi [None req-796c04f1-d5eb-4384-9117-b32e24c98a76 a179550bd99a4fd6af3a5e6f28150aeb 9e55c4fc1fa7418d8af6eabbdbfc05de - - - -] 10.0.0.116 "DELETE /v2.0/security-groups/48cb594d-a43e-411d-9b1e-5814edb9ffa3 HTTP/1.1" status: 204 len: 168 time: 0.2086365
2026-07-21 22:12:50.233 10 INFO neutron.wsgi [req-4f5d8442-7802-43f3-b45c-5cee4ab88ca9 req-b0d19fb1-4728-4836-ba6f-9272d865dacf fae84ff3382a454a972b9dab63fccdc2 9a530b36155a4a78bd24fc613c1c1ac2 - - default default] 10.0.0.62 "GET /v2.0/security-groups?id=ae569b37-7254-45ad-92a4-d4b4d83a12bc&fields=id&fields=name HTTP/1.1" status: 200 len: 312 time: 0.0304890
2026-07-21 22:12:50.290 10 INFO neutron.wsgi [None req-6bd635c8-d696-4b05-a39e-2f805bb9432a 3f5c6227a5b441e0b5ac068d9ddf66eb 0e42db5c2a0d4af380a0711c40669bfb - - default default] 10.0.0.116 "GET /v2.0/ports?device_id=5019941d-9f10-41cb-80ee-9be9fd235673 HTTP/1.1" status: 200 len: 1360 time: 0.0278730
2026-07-21 22:12:50.496 9 INFO neutron.db.ovn_revision_numbers_db [None req-6c146997-7dd5-488f-b0ad-d5b99fa2a0bd a179550bd99a4fd6af3a5e6f28150aeb 9e55c4fc1fa7418d8af6eabbdbfc05de - - default default] Successfully bumped revision number for resource 8fa2effa-5f14-4395-b276-d64e13e0a622 (type: security_groups) to 1
2026-07-21 22:12:50.520 9 INFO neutron.wsgi [None req-6c146997-7dd5-488f-b0ad-d5b99fa2a0bd a179550bd99a4fd6af3a5e6f28150aeb 9e55c4fc1fa7418d8af6eabbdbfc05de - - default default] 10.0.0.116 "GET /v2.0/security-groups?tenant_id=847600508c1a4fbf800227696a1df7e8&name=default HTTP/1.1" status: 200 len: 2996 time: 0.1205301
2026-07-21 22:12:50.610 10 INFO neutron.wsgi [req-ea51f875-107d-4de9-abd1-21c898613f05 req-b5544e04-b56e-4845-ac51-905cfb17a431 a04f1414973c4338830bc716a45593dd 954cc051fd7047b2b47a0d364ec860f7 - - default default] 10.0.0.62 "GET /v2.0/ports?device_id=0d2e1709-ee05-4eb3-bd4f-0272e0662759 HTTP/1.1" status: 200 len: 1174 time: 0.1448607
2026-07-21 22:12:50.616 10 WARNING neutron.scheduler.dhcp_agent_scheduler [None req-e866f5eb-0947-46d3-b3dc-a4639eeb6235 fae84ff3382a454a972b9dab63fccdc2 9a530b36155a4a78bd24fc613c1c1ac2 - - - -] No more DHCP agents
2026-07-21 22:12:50.617 10 WARNING neutron.api.rpc.agentnotifiers.dhcp_rpc_agent_api [None req-e866f5eb-0947-46d3-b3dc-a4639eeb6235 fae84ff3382a454a972b9dab63fccdc2 9a530b36155a4a78bd24fc613c1c1ac2 - - - -] Unable to schedule network 526b6b94-2985-444b-8360-bdb71d9ad5a1: no agents available; will retry on subsequent port and subnet creation events.
2026-07-21 22:12:50.681 10 INFO neutron.wsgi [req-ea51f875-107d-4de9-abd1-21c898613f05 req-1c590cac-7f9f-44be-aa5e-9d95284e2335 a04f1414973c4338830bc716a45593dd 954cc051fd7047b2b47a0d364ec860f7 - - default default] 10.0.0.62 "GET /v2.0/security-groups?id=6bda445e-a365-4d5e-8299-3f53b8ff07da&fields=id&fields=name HTTP/1.1" status: 200 len: 312 time: 0.0620546
2026-07-21 22:12:50.705 9 INFO neutron.wsgi [None req-13bc58f4-ddc0-4270-a3c2-56346ad7a1f1 a179550bd99a4fd6af3a5e6f28150aeb 9e55c4fc1fa7418d8af6eabbdbfc05de - - - -] 10.0.0.116 "DELETE /v2.0/security-groups/8fa2effa-5f14-4395-b276-d64e13e0a622 HTTP/1.1" status: 204 len: 168 time: 0.1793196
2026-07-21 22:12:50.906 10 INFO neutron.wsgi [req-b55ad9b0-cd7e-4064-9b84-9b3e2febd9ac req-dcc0d032-6fb4-45d3-853a-2116ad88134b a04f1414973c4338830bc716a45593dd 954cc051fd7047b2b47a0d364ec860f7 - - default default] 10.0.0.62 "GET /v2.0/ports?device_id=0d2e1709-ee05-4eb3-bd4f-0272e0662759 HTTP/1.1" status: 200 len: 1174 time: 0.0451972
2026-07-21 22:12:50.922 9 INFO neutron.plugins.ml2.drivers.ovn.mech_driver.mech_driver [None req-4cf41096-bd17-4445-8bb0-dfb4722b3ce6 - - - - - -] OVN reports status down for port: d4076eb1-7ffd-4325-9dbd-9ec62402cbe8
2026-07-21 22:12:50.982 10 INFO neutron.wsgi [req-b55ad9b0-cd7e-4064-9b84-9b3e2febd9ac req-57fb708b-bb7b-4516-9ff9-580dab6c45b7 a04f1414973c4338830bc716a45593dd 954cc051fd7047b2b47a0d364ec860f7 - - default default] 10.0.0.62 "GET /v2.0/security-groups?id=6bda445e-a365-4d5e-8299-3f53b8ff07da&fields=id&fields=name HTTP/1.1" status: 200 len: 312 time: 0.0696695
2026-07-21 22:12:51.108 9 INFO neutron.notifiers.nova [-] Nova event matching ['req-7f06ea60-ec2a-4d59-a6f8-3d01cac42cdd'] response: {'server_uuid': '0d2e1709-ee05-4eb3-bd4f-0272e0662759', 'name': 'network-vif-unplugged', 'status': 'completed', 'tag': 'd4076eb1-7ffd-4325-9dbd-9ec62402cbe8', 'code': 200}
2026-07-21 22:12:51.148 9 INFO neutron.db.ovn_revision_numbers_db [None req-961db77a-be21-418f-9041-a96053753bb2 a179550bd99a4fd6af3a5e6f28150aeb 9e55c4fc1fa7418d8af6eabbdbfc05de - - default default] Successfully bumped revision number for resource cacdb2bb-f8a7-4d9b-bb6f-8a9b56bc92ee (type: security_groups) to 1
2026-07-21 22:12:51.177 9 INFO neutron.wsgi [None req-961db77a-be21-418f-9041-a96053753bb2 a179550bd99a4fd6af3a5e6f28150aeb 9e55c4fc1fa7418d8af6eabbdbfc05de - - default default] 10.0.0.116 "GET /v2.0/security-groups?tenant_id=7097a070fc8a45b598ca801eb3eaeda1&name=default HTTP/1.1" status: 200 len: 2996 time: 0.2486794
2026-07-21 22:12:51.197 10 INFO neutron.db.l3_db [None req-e866f5eb-0947-46d3-b3dc-a4639eeb6235 fae84ff3382a454a972b9dab63fccdc2 9a530b36155a4a78bd24fc613c1c1ac2 - - - -] Floating IP 5d06a0bf-8631-4f26-ab1e-31e075d1c1b9 associated. External IP: 10.96.250.208, port: 854ca01a-366f-4fc9-ad3a-33b72db7fc31.
2026-07-21 22:12:51.336 9 INFO neutron.wsgi [req-a6ddc9f6-cf9c-456d-b651-e46ddae9ab43 req-4b3203a7-86ca-41fe-bfcb-c2f40758d004 a04f1414973c4338830bc716a45593dd 954cc051fd7047b2b47a0d364ec860f7 - - default default] 199.19.213.130 "GET /v2.0/ports?device_id=0d2e1709-ee05-4eb3-bd4f-0272e0662759 HTTP/1.1" status: 200 len: 1172 time: 0.1570630
2026-07-21 22:12:51.372 10 INFO neutron.db.ovn_revision_numbers_db [None req-e866f5eb-0947-46d3-b3dc-a4639eeb6235 fae84ff3382a454a972b9dab63fccdc2 9a530b36155a4a78bd24fc613c1c1ac2 - - - -] Successfully bumped revision number for resource 5d06a0bf-8631-4f26-ab1e-31e075d1c1b9 (type: floatingips) to 0
2026-07-21 22:12:51.396 9 INFO neutron.db.ovn_revision_numbers_db [None req-4cf41096-bd17-4445-8bb0-dfb4722b3ce6 - - - - - -] Successfully bumped revision number for resource d4076eb1-7ffd-4325-9dbd-9ec62402cbe8 (type: ports) to 7
2026-07-21 22:12:51.484 10 INFO neutron.db.ovn_revision_numbers_db [None req-e866f5eb-0947-46d3-b3dc-a4639eeb6235 fae84ff3382a454a972b9dab63fccdc2 9a530b36155a4a78bd24fc613c1c1ac2 - - - -] Successfully bumped revision number for resource 5d06a0bf-8631-4f26-ab1e-31e075d1c1b9 (type: floatingips) to 1
2026-07-21 22:12:51.529 10 INFO neutron.wsgi [None req-e866f5eb-0947-46d3-b3dc-a4639eeb6235 fae84ff3382a454a972b9dab63fccdc2 9a530b36155a4a78bd24fc613c1c1ac2 - - - -] 10.0.0.116 "POST /v2.0/floatingips HTTP/1.1" status: 201 len: 1055 time: 1.2318079
2026-07-21 22:12:51.576 10 INFO neutron.notifiers.nova [-] Nova event matching ['req-48363144-f651-4bb3-8d61-9ad5d64e0039'] response: {'name': 'network-changed', 'server_uuid': '5019941d-9f10-41cb-80ee-9be9fd235673', 'tag': '854ca01a-366f-4fc9-ad3a-33b72db7fc31', 'status': 'completed', 'code': 200} /var/lib/openstack/lib/python3.10/site-packages/pycadf/identifier.py:71: UserWarning: Invalid uuid: neutron. To ensure interoperability, identifiers should be a valid uuid. warnings.warn(('Invalid uuid: %s. To ensure interoperability, '
2026-07-21 22:12:51.597 10 INFO neutron.wsgi [None req-03968ebe-ff2f-469b-be16-c68a93dae3c7 fae84ff3382a454a972b9dab63fccdc2 9a530b36155a4a78bd24fc613c1c1ac2 - - default default] 10.0.0.116 "GET /v2.0/floatingips/5d06a0bf-8631-4f26-ab1e-31e075d1c1b9 HTTP/1.1" status: 200 len: 1052 time: 0.0577238
2026-07-21 22:12:51.937 9 INFO neutron.wsgi [req-f3f56a92-324e-413e-983f-b1343085e769 req-24596d6f-2ac5-4f50-b0cb-4e60b4988e9a b240058b33e640b08ca027793d4a2929 7e304895c205435cba65cc2763387986 - - 5fa42b4933be45809bb7aed0a16706c5 5fa42b4933be45809bb7aed0a16706c5] 199.19.213.130 "GET /v2.0/ports?tenant_id=9a530b36155a4a78bd24fc613c1c1ac2&device_id=5019941d-9f10-41cb-80ee-9be9fd235673 HTTP/1.1" status: 200 len: 1365 time: 0.3466599
2026-07-21 22:12:51.978 9 INFO neutron.wsgi [None req-aa68c73b-26cd-4cbb-889c-52fa85e2e2f7 a179550bd99a4fd6af3a5e6f28150aeb 9e55c4fc1fa7418d8af6eabbdbfc05de - - - -] 10.0.0.116 "DELETE /v2.0/security-groups/cacdb2bb-f8a7-4d9b-bb6f-8a9b56bc92ee HTTP/1.1" status: 204 len: 168 time: 0.7968445
2026-07-21 22:12:52.034 9 INFO neutron.wsgi [req-f3f56a92-324e-413e-983f-b1343085e769 req-c628628d-01a2-4909-9901-bd265152ecd8 b240058b33e640b08ca027793d4a2929 7e304895c205435cba65cc2763387986 - - 5fa42b4933be45809bb7aed0a16706c5 5fa42b4933be45809bb7aed0a16706c5] 199.19.213.130 "GET /v2.0/networks?id=87d19e01-5a19-4ebf-8834-22a5b71f13df HTTP/1.1" status: 200 len: 959 time: 0.0889459
2026-07-21 22:12:52.088 10 INFO neutron.wsgi [req-d6a7dc6e-4f4a-4fa8-b410-ca44c8777a09 req-eb68c07b-0c0a-4a46-b0f3-e27d2544fd6e a04f1414973c4338830bc716a45593dd 954cc051fd7047b2b47a0d364ec860f7 - - default default] 10.0.0.62 "GET /v2.0/ports?device_id=0d2e1709-ee05-4eb3-bd4f-0272e0662759 HTTP/1.1" status: 200 len: 1172 time: 0.0403688
2026-07-21 22:12:52.097 9 INFO neutron.wsgi [req-f3f56a92-324e-413e-983f-b1343085e769 req-05a76867-3df5-4e5a-aa58-6027720304c3 b240058b33e640b08ca027793d4a2929 7e304895c205435cba65cc2763387986 - - 5fa42b4933be45809bb7aed0a16706c5 5fa42b4933be45809bb7aed0a16706c5] 199.19.213.130 "GET /v2.0/floatingips?fixed_ip_address=10.100.0.12&port_id=854ca01a-366f-4fc9-ad3a-33b72db7fc31 HTTP/1.1" status: 200 len: 1060 time: 0.0522387
2026-07-21 22:12:52.115 9 INFO neutron.db.l3_db [None req-43c50c3e-e5f6-40e4-af07-a24aca5e1438 a04f1414973c4338830bc716a45593dd 954cc051fd7047b2b47a0d364ec860f7 - - - -] Floating IP bd2886ce-1b03-4062-85d5-4a21dbd88a27 disassociated. External IP: 10.96.250.213, port: d4076eb1-7ffd-4325-9dbd-9ec62402cbe8.
2026-07-21 22:12:52.162 10 INFO neutron.wsgi [req-d6a7dc6e-4f4a-4fa8-b410-ca44c8777a09 req-9676bd30-00f5-4b80-8fc0-17a4e9d763fe a04f1414973c4338830bc716a45593dd 954cc051fd7047b2b47a0d364ec860f7 - - default default] 10.0.0.62 "GET /v2.0/security-groups?id=6bda445e-a365-4d5e-8299-3f53b8ff07da&fields=id&fields=name HTTP/1.1" status: 200 len: 312 time: 0.0671775
2026-07-21 22:12:52.165 9 INFO neutron.wsgi [req-f3f56a92-324e-413e-983f-b1343085e769 req-e93686b0-c1e8-4310-a3ef-913d563d5420 b240058b33e640b08ca027793d4a2929 7e304895c205435cba65cc2763387986 - - 5fa42b4933be45809bb7aed0a16706c5 5fa42b4933be45809bb7aed0a16706c5] 199.19.213.130 "GET /v2.0/subnets?id=96e60c8c-7ef6-4f7e-ad9d-c9860f734051 HTTP/1.1" status: 200 len: 852 time: 0.0625165
2026-07-21 22:12:52.213 9 INFO neutron.wsgi [req-f3f56a92-324e-413e-983f-b1343085e769 req-22f4d834-56cc-4ed9-b87a-b108779475ef b240058b33e640b08ca027793d4a2929 7e304895c205435cba65cc2763387986 - - 5fa42b4933be45809bb7aed0a16706c5 5fa42b4933be45809bb7aed0a16706c5] 199.19.213.130 "GET /v2.0/ports?network_id=87d19e01-5a19-4ebf-8834-22a5b71f13df&device_owner=network%3Adhcp HTTP/1.1" status: 200 len: 210 time: 0.0392256
2026-07-21 22:12:52.288 9 INFO neutron.wsgi [req-f3f56a92-324e-413e-983f-b1343085e769 req-5384a609-9ade-436e-8695-e63286f34188 b240058b33e640b08ca027793d4a2929 7e304895c205435cba65cc2763387986 - - 5fa42b4933be45809bb7aed0a16706c5 5fa42b4933be45809bb7aed0a16706c5] 199.19.213.130 "GET /v2.0/networks/87d19e01-5a19-4ebf-8834-22a5b71f13df?fields=segments HTTP/1.1" status: 200 len: 212 time: 0.0674038
2026-07-21 22:12:52.358 9 INFO neutron.wsgi [None req-43c50c3e-e5f6-40e4-af07-a24aca5e1438 a04f1414973c4338830bc716a45593dd 954cc051fd7047b2b47a0d364ec860f7 - - - -] 199.19.213.130 "DELETE /v2.0/ports/d4076eb1-7ffd-4325-9dbd-9ec62402cbe8 HTTP/1.1" status: 204 len: 173 time: 1.0149269
2026-07-21 22:12:52.362 9 INFO neutron.wsgi [req-f3f56a92-324e-413e-983f-b1343085e769 req-16abe08c-19df-4a01-abfc-2eb35476a987 b240058b33e640b08ca027793d4a2929 7e304895c205435cba65cc2763387986 - - 5fa42b4933be45809bb7aed0a16706c5 5fa42b4933be45809bb7aed0a16706c5] 199.19.213.130 "GET /v2.0/networks/87d19e01-5a19-4ebf-8834-22a5b71f13df?fields=provider%3Aphysical_network&fields=provider%3Anetwork_type HTTP/1.1" status: 200 len: 277 time: 0.0663302
2026-07-21 22:12:53.148 9 INFO neutron.notifiers.nova [-] Nova event matching ['req-90096765-d440-48f2-bd5d-01ef7c0b22f9'] response: {'server_uuid': '0d2e1709-ee05-4eb3-bd4f-0272e0662759', 'name': 'network-vif-plugged', 'status': 'completed', 'tag': 'd4076eb1-7ffd-4325-9dbd-9ec62402cbe8', 'code': 200}
2026-07-21 22:12:53.149 9 INFO neutron.notifiers.nova [-] Nova event matching ['req-90096765-d440-48f2-bd5d-01ef7c0b22f9'] response: {'server_uuid': '0d2e1709-ee05-4eb3-bd4f-0272e0662759', 'name': 'network-vif-deleted', 'tag': 'd4076eb1-7ffd-4325-9dbd-9ec62402cbe8', 'status': 'completed', 'code': 200}
2026-07-21 22:12:53.399 9 INFO neutron.wsgi [None req-b7d95212-991c-4c24-b5d8-4ec6c79bc5c6 a04f1414973c4338830bc716a45593dd 954cc051fd7047b2b47a0d364ec860f7 - - - -] 10.0.0.116 "DELETE /v2.0/security-groups/6bda445e-a365-4d5e-8299-3f53b8ff07da HTTP/1.1" status: 204 len: 168 time: 0.1377792
2026-07-21 22:12:53.417 9 INFO neutron.api.v2.resource [None req-740beea2-f6cb-4d58-bcb0-fd45f97bbc8b a04f1414973c4338830bc716a45593dd 954cc051fd7047b2b47a0d364ec860f7 - - default default] show failed (client error): The resource could not be found.
2026-07-21 22:12:53.419 9 INFO neutron.wsgi [None req-740beea2-f6cb-4d58-bcb0-fd45f97bbc8b a04f1414973c4338830bc716a45593dd 954cc051fd7047b2b47a0d364ec860f7 - - default default] 10.0.0.116 "GET /v2.0/security-groups/6bda445e-a365-4d5e-8299-3f53b8ff07da HTTP/1.1" status: 404 len: 347 time: 0.0158641
2026-07-21 22:12:53.750 9 INFO neutron.wsgi [None req-29685c28-945b-4936-9d2c-78fe08518648 a04f1414973c4338830bc716a45593dd 954cc051fd7047b2b47a0d364ec860f7 - - - -] 10.0.0.116 "DELETE /v2.0/floatingips/bd2886ce-1b03-4062-85d5-4a21dbd88a27 HTTP/1.1" status: 204 len: 168 time: 0.3261442
2026-07-21 22:12:54.095 9 INFO neutron.db.ovn_revision_numbers_db [None req-0f0ae0dc-35e2-4c69-aa8e-5f945cb8e24e 4c93e3e458ed432a853a8d4c909b708f daca2fd4c68942c8922b9ffaf390740e - - - -] Successfully bumped revision number for resource d4780be8-3895-4ae1-9285-5d3fd3031841 (type: security_groups) to 1
2026-07-21 22:12:54.208 9 INFO neutron.db.ovn_revision_numbers_db [None req-0f0ae0dc-35e2-4c69-aa8e-5f945cb8e24e 4c93e3e458ed432a853a8d4c909b708f daca2fd4c68942c8922b9ffaf390740e - - - -] Successfully bumped revision number for resource de0361ff-c644-440c-bb5b-dc8d6880854e (type: security_groups) to 1
2026-07-21 22:12:54.231 9 INFO neutron.wsgi [None req-0f0ae0dc-35e2-4c69-aa8e-5f945cb8e24e 4c93e3e458ed432a853a8d4c909b708f daca2fd4c68942c8922b9ffaf390740e - - - -] 10.0.0.116 "POST /v2.0/security-groups HTTP/1.1" status: 201 len: 1737 time: 0.4939504 /var/lib/openstack/lib/python3.10/site-packages/pycadf/identifier.py:71: UserWarning: Invalid uuid: neutron. To ensure interoperability, identifiers should be a valid uuid. warnings.warn(('Invalid uuid: %s. To ensure interoperability, '
2026-07-21 22:12:54.275 10 INFO neutron.wsgi [None req-a18aa351-2e82-4af5-9fef-9a3e957f8783 4c93e3e458ed432a853a8d4c909b708f daca2fd4c68942c8922b9ffaf390740e - - - -] 10.0.0.116 "PUT /v2.0/security-groups/de0361ff-c644-440c-bb5b-dc8d6880854e/tags HTTP/1.1" status: 200 len: 218 time: 0.0367634
2026-07-21 22:12:54.295 10 INFO neutron.wsgi [None req-bab47290-b3e6-4565-8525-e847d0958474 4c93e3e458ed432a853a8d4c909b708f daca2fd4c68942c8922b9ffaf390740e - - default default] 10.0.0.116 "GET /v2.0/security-groups/de0361ff-c644-440c-bb5b-dc8d6880854e/tags HTTP/1.1" status: 200 len: 218 time: 0.0133119
2026-07-21 22:12:54.328 10 INFO neutron.wsgi [None req-2afd517b-2677-4d30-8178-512108e69884 4c93e3e458ed432a853a8d4c909b708f daca2fd4c68942c8922b9ffaf390740e - - - -] 10.0.0.116 "PUT /v2.0/security-groups/de0361ff-c644-440c-bb5b-dc8d6880854e/tags/green HTTP/1.1" status: 201 len: 201 time: 0.0278559
2026-07-21 22:12:54.348 10 INFO neutron.wsgi [None req-69d6f3ba-6cfa-4ced-b9d0-2c871fee2c03 4c93e3e458ed432a853a8d4c909b708f daca2fd4c68942c8922b9ffaf390740e - - default default] 10.0.0.116 "GET /v2.0/security-groups/de0361ff-c644-440c-bb5b-dc8d6880854e/tags HTTP/1.1" status: 200 len: 227 time: 0.0131001
2026-07-21 22:12:54.367 10 INFO neutron.wsgi [None req-7bb6c156-2e50-4b93-b7a4-e074cfe9c109 4c93e3e458ed432a853a8d4c909b708f daca2fd4c68942c8922b9ffaf390740e - - - -] 10.0.0.116 "PUT /v2.0/security-groups/de0361ff-c644-440c-bb5b-dc8d6880854e/tags/red HTTP/1.1" status: 201 len: 201 time: 0.0129528
2026-07-21 22:12:54.399 9 INFO neutron.wsgi [None req-5451a8d9-84fb-489b-b28a-90c46de38689 4c93e3e458ed432a853a8d4c909b708f daca2fd4c68942c8922b9ffaf390740e - - default default] 10.0.0.116 "GET /v2.0/security-groups/de0361ff-c644-440c-bb5b-dc8d6880854e/tags HTTP/1.1" status: 200 len: 227 time: 0.0259776
2026-07-21 22:12:54.427 10 INFO neutron.wsgi [None req-6f22fe95-fea9-428f-83f6-e6b5a20091cf 4c93e3e458ed432a853a8d4c909b708f daca2fd4c68942c8922b9ffaf390740e - - - -] 10.0.0.116 "PUT /v2.0/security-groups/de0361ff-c644-440c-bb5b-dc8d6880854e/tags/black.or.white HTTP/1.1" status: 201 len: 201 time: 0.0234671
2026-07-21 22:12:54.445 10 INFO neutron.wsgi [None req-e8767779-3755-4e33-9ddf-508e91eb69ca 4c93e3e458ed432a853a8d4c909b708f daca2fd4c68942c8922b9ffaf390740e - - default default] 10.0.0.116 "GET /v2.0/security-groups/de0361ff-c644-440c-bb5b-dc8d6880854e/tags HTTP/1.1" status: 200 len: 245 time: 0.0137084
2026-07-21 22:12:54.479 10 INFO neutron.wsgi [None req-a0ddf583-d20a-46e3-9a64-28a1678889e9 4c93e3e458ed432a853a8d4c909b708f daca2fd4c68942c8922b9ffaf390740e - - - -] 10.0.0.116 "PUT /v2.0/security-groups/de0361ff-c644-440c-bb5b-dc8d6880854e/tags HTTP/1.1" status: 200 len: 230 time: 0.0268641
2026-07-21 22:12:54.498 10 INFO neutron.wsgi [None req-4c536da5-eda0-4cfd-b2c5-32817212f53e 4c93e3e458ed432a853a8d4c909b708f daca2fd4c68942c8922b9ffaf390740e - - default default] 10.0.0.116 "GET /v2.0/security-groups/de0361ff-c644-440c-bb5b-dc8d6880854e/tags HTTP/1.1" status: 200 len: 230 time: 0.0138233
2026-07-21 22:12:54.515 10 INFO neutron.wsgi [None req-b6007630-4b73-4a2d-a352-947ac2275867 4c93e3e458ed432a853a8d4c909b708f daca2fd4c68942c8922b9ffaf390740e - - default default] 10.0.0.116 "GET /v2.0/security-groups/de0361ff-c644-440c-bb5b-dc8d6880854e/tags/red HTTP/1.1" status: 204 len: 168 time: 0.0117676
2026-07-21 22:12:54.531 10 INFO neutron.api.v2.resource [None req-3ca423df-3c55-4c34-bcea-f6dc8b582e93 4c93e3e458ed432a853a8d4c909b708f daca2fd4c68942c8922b9ffaf390740e - - default default] show failed (client error): The resource could not be found.
2026-07-21 22:12:54.532 10 INFO neutron.wsgi [None req-3ca423df-3c55-4c34-bcea-f6dc8b582e93 4c93e3e458ed432a853a8d4c909b708f daca2fd4c68942c8922b9ffaf390740e - - default default] 10.0.0.116 "GET /v2.0/security-groups/de0361ff-c644-440c-bb5b-dc8d6880854e/tags/green HTTP/1.1" status: 404 len: 299 time: 0.0125470
2026-07-21 22:12:54.572 10 INFO neutron.wsgi [None req-29db3a9c-28d9-44e1-bd99-295ed6197e3f 4c93e3e458ed432a853a8d4c909b708f daca2fd4c68942c8922b9ffaf390740e - - - -] 10.0.0.116 "DELETE /v2.0/security-groups/de0361ff-c644-440c-bb5b-dc8d6880854e/tags/red HTTP/1.1" status: 204 len: 168 time: 0.0325241
2026-07-21 22:12:54.593 10 INFO neutron.wsgi [None req-1987e208-f2ed-409a-a465-bc9b5d5ace6f 4c93e3e458ed432a853a8d4c909b708f daca2fd4c68942c8922b9ffaf390740e - - default default] 10.0.0.116 "GET /v2.0/security-groups/de0361ff-c644-440c-bb5b-dc8d6880854e/tags HTTP/1.1" status: 200 len: 223 time: 0.0171278
2026-07-21 22:12:54.614 10 INFO neutron.api.v2.resource [None req-beffb0f2-adc3-4968-84b6-947a80200811 4c93e3e458ed432a853a8d4c909b708f daca2fd4c68942c8922b9ffaf390740e - - - -] delete failed (client error): The resource could not be found.
2026-07-21 22:12:54.616 10 INFO neutron.wsgi [None req-beffb0f2-adc3-4968-84b6-947a80200811 4c93e3e458ed432a853a8d4c909b708f daca2fd4c68942c8922b9ffaf390740e - - - -] 10.0.0.116 "DELETE /v2.0/security-groups/de0361ff-c644-440c-bb5b-dc8d6880854e/tags/green HTTP/1.1" status: 404 len: 299 time: 0.0179296
2026-07-21 22:12:54.650 10 INFO neutron.wsgi [None req-1d16b419-5f15-40fa-8174-0976f48294dc 4c93e3e458ed432a853a8d4c909b708f daca2fd4c68942c8922b9ffaf390740e - - - -] 10.0.0.116 "DELETE /v2.0/security-groups/de0361ff-c644-440c-bb5b-dc8d6880854e/tags HTTP/1.1" status: 204 len: 168 time: 0.0305629
2026-07-21 22:12:54.668 10 INFO neutron.wsgi [None req-c040237e-cc81-4f8e-9a1b-5f39dc1165b1 4c93e3e458ed432a853a8d4c909b708f daca2fd4c68942c8922b9ffaf390740e - - default default] 10.0.0.116 "GET /v2.0/security-groups/de0361ff-c644-440c-bb5b-dc8d6880854e/tags HTTP/1.1" status: 200 len: 205 time: 0.0130713
2026-07-21 22:12:54.788 10 INFO neutron.wsgi [None req-9de7fc84-21c1-4337-aeb2-7afd5be15ae4 4c93e3e458ed432a853a8d4c909b708f daca2fd4c68942c8922b9ffaf390740e - - - -] 10.0.0.116 "DELETE /v2.0/security-groups/de0361ff-c644-440c-bb5b-dc8d6880854e HTTP/1.1" status: 204 len: 168 time: 0.1123374
2026-07-21 22:12:54.858 9 INFO neutron.wsgi [None req-1aa0a1bf-7a8e-44cb-a25f-b233ac5318a9 a179550bd99a4fd6af3a5e6f28150aeb 9e55c4fc1fa7418d8af6eabbdbfc05de - - - -] 10.0.0.116 "PUT /v2.0/routers/16d6e925-431d-41b8-8042-75b81266fa7f/remove_router_interface HTTP/1.1" status: 200 len: 503 time: 1.1037102
2026-07-21 22:12:55.512 10 INFO neutron.wsgi [None req-1c6623cf-f63f-4237-b65c-88b21bd5d515 a179550bd99a4fd6af3a5e6f28150aeb 9e55c4fc1fa7418d8af6eabbdbfc05de - - - -] 10.0.0.116 "DELETE /v2.0/routers/16d6e925-431d-41b8-8042-75b81266fa7f HTTP/1.1" status: 204 len: 168 time: 0.6478286
2026-07-21 22:12:55.544 10 INFO neutron.wsgi [-] 10.0.0.133 "GET / HTTP/1.1" status: 200 len: 246 time: 0.0016987
2026-07-21 22:12:55.545 9 INFO neutron.wsgi [-] 10.0.0.133 "GET / HTTP/1.1" status: 200 len: 246 time: 0.0026462 /var/lib/openstack/lib/python3.10/site-packages/pycadf/identifier.py:71: UserWarning: Invalid uuid: neutron. To ensure interoperability, identifiers should be a valid uuid. warnings.warn(('Invalid uuid: %s. To ensure interoperability, '
2026-07-21 22:12:55.709 10 INFO neutron.wsgi [None req-fccba582-afb0-4c88-8a62-1b9a8ee56d8a a179550bd99a4fd6af3a5e6f28150aeb 9e55c4fc1fa7418d8af6eabbdbfc05de - - - -] 10.0.0.116 "DELETE /v2.0/subnets/483ce789-9a1c-4001-9926-58f9df33166f HTTP/1.1" status: 204 len: 168 time: 0.1924460
2026-07-21 22:12:55.814 9 INFO neutron.db.ovn_revision_numbers_db [None req-aeb783be-3467-4332-a714-514c6b427f1e a179550bd99a4fd6af3a5e6f28150aeb 9e55c4fc1fa7418d8af6eabbdbfc05de - - default default] Successfully bumped revision number for resource 19ff932e-8a88-4060-b5c5-3e7de75f7bd4 (type: security_groups) to 1
2026-07-21 22:12:55.862 9 INFO neutron.wsgi [None req-aeb783be-3467-4332-a714-514c6b427f1e a179550bd99a4fd6af3a5e6f28150aeb 9e55c4fc1fa7418d8af6eabbdbfc05de - - default default] 10.0.0.116 "GET /v2.0/security-groups?tenant_id=a995e93e76634f62a8bfff662b0352ca&name=default HTTP/1.1" status: 200 len: 2996 time: 0.4353211
2026-07-21 22:12:56.086 9 INFO neutron.wsgi [None req-e55fe6fd-ce37-4da3-84f6-e9d1e2bb4c9c a179550bd99a4fd6af3a5e6f28150aeb 9e55c4fc1fa7418d8af6eabbdbfc05de - - - -] 10.0.0.116 "DELETE /v2.0/security-groups/19ff932e-8a88-4060-b5c5-3e7de75f7bd4 HTTP/1.1" status: 204 len: 168 time: 0.2187493
2026-07-21 22:12:56.116 10 INFO neutron.services.segments.plugin [-] Segment b5478418-ab5e-461f-a1ea-bff3d95e9fa8 resource provider aggregate not found
2026-07-21 22:12:56.121 10 INFO neutron.services.segments.plugin [-] Segment b5478418-ab5e-461f-a1ea-bff3d95e9fa8 resource provider aggregate not found
2026-07-21 22:12:56.130 10 INFO neutron.services.segments.plugin [-] Segment b5478418-ab5e-461f-a1ea-bff3d95e9fa8 resource provider not found; error: Placement Client Error (4xx): {"errors": [{"status": 404, "title": "Not Found", "detail": "The resource could not be found.\n\n No resource provider with uuid b5478418-ab5e-461f-a1ea-bff3d95e9fa8 found for delete ", "request_id": "req-11f7de31-5bde-481d-8dd5-648c0417ba60"}]}
2026-07-21 22:12:56.158 10 INFO neutron.wsgi [None req-4c7837d3-fde2-45aa-bb97-c142732e64db a179550bd99a4fd6af3a5e6f28150aeb 9e55c4fc1fa7418d8af6eabbdbfc05de - - - -] 10.0.0.116 "DELETE /v2.0/networks/f20fa6bb-e91d-4d9e-acd2-234c5308438c HTTP/1.1" status: 204 len: 168 time: 0.4428205
