2026-07-21 22:11:59.121 10 INFO neutron.wsgi [None req-aeaa75d9-9c88-4352-8cd6-3edbefff50a9 8d727033904a4792bb011b0649c8fe6f 1de02000ce4b41e8ab6d24d6b9627592 - - default default] 10.0.0.116 "GET /v2.0/extensions HTTP/1.1" status: 200 len: 16520 time: 0.0054638
2026-07-21 22:11:59.196 10 INFO neutron.wsgi [None req-d2806823-a063-4dbb-b9ef-a4b231c441d7 8d727033904a4792bb011b0649c8fe6f 1de02000ce4b41e8ab6d24d6b9627592 - - default default] 10.0.0.116 "GET /v2.0/networks HTTP/1.1" status: 200 len: 1507 time: 0.0691566
2026-07-21 22:11:59.235 9 WARNING neutron.plugins.ml2.drivers.ovn.mech_driver.ovsdb.ovn_client [None req-4cf41096-bd17-4445-8bb0-dfb4722b3ce6 - - - - - -] No hosting information found for port cbd8f2b5-8078-418e-935a-4d3a1e9fa0f2: RuntimeError: No hosting information found for port cbd8f2b5-8078-418e-935a-4d3a1e9fa0f2
2026-07-21 22:11:59.242 10 INFO neutron.wsgi [None req-43b2a461-0602-472a-8a58-08ecd8037270 8d727033904a4792bb011b0649c8fe6f 1de02000ce4b41e8ab6d24d6b9627592 - - default default] 10.0.0.116 "GET /v2.0/subnets HTTP/1.1" status: 200 len: 1460 time: 0.0368655
2026-07-21 22:11:59.319 10 INFO neutron.wsgi [None req-8b830303-249a-443c-9f5a-ed539c105332 8d727033904a4792bb011b0649c8fe6f 1de02000ce4b41e8ab6d24d6b9627592 - - default default] 10.0.0.116 "GET /v2.0/networks/5ae468c9-8f1f-4f79-8ba6-d6a88f8b4c28 HTTP/1.1" status: 200 len: 866 time: 0.0698574
2026-07-21 22:11:59.344 9 INFO neutron.db.ovn_revision_numbers_db [None req-dad840ff-eeed-4f18-b7dd-cd8f5fb0a8c5 a179550bd99a4fd6af3a5e6f28150aeb 9e55c4fc1fa7418d8af6eabbdbfc05de - - - -] Successfully bumped revision number for resource 09ea7913-101e-4486-8248-689d41e9a751 (type: ports) to 2
2026-07-21 22:11:59.350 10 INFO neutron.plugins.ml2.drivers.ovn.mech_driver.mech_driver [None req-58c51a0d-b544-4932-b343-a9faa2598fbf - - - - - -] OVN reports status up for port: b81cb007-5744-431b-be5a-32e1ea6d3438
2026-07-21 22:11:59.365 9 INFO neutron.db.ovn_revision_numbers_db [None req-7841ce70-cdf9-45ed-9859-245c530a2dab a84eadf7cdfa4fae926d85fd23e5ae37 99eaed1df45a4af38da926155de1c1fb - - default default] Successfully bumped revision number for resource b81cb007-5744-431b-be5a-32e1ea6d3438 (type: router_ports) to 2
2026-07-21 22:11:59.370 9 INFO neutron.db.ovn_revision_numbers_db [None req-dad840ff-eeed-4f18-b7dd-cd8f5fb0a8c5 a179550bd99a4fd6af3a5e6f28150aeb 9e55c4fc1fa7418d8af6eabbdbfc05de - - - -] Successfully bumped revision number for resource 483ce789-9a1c-4001-9926-58f9df33166f (type: subnets) to 0
2026-07-21 22:11:59.370 10 INFO neutron.plugins.ml2.plugin [None req-58c51a0d-b544-4932-b343-a9faa2598fbf - - - - - -] Attempt 1 to provision port b81cb007-5744-431b-be5a-32e1ea6d3438
2026-07-21 22:11:59.378 10 INFO neutron.wsgi [None req-119f488e-0ffc-450f-9de2-2f03983964f0 8d727033904a4792bb011b0649c8fe6f 1de02000ce4b41e8ab6d24d6b9627592 - - default default] 10.0.0.116 "GET /v2.0/subnets/83d191e2-c23f-4e98-b248-3a03b40a8d16 HTTP/1.1" status: 200 len: 843 time: 0.0533297
2026-07-21 22:11:59.405 10 INFO neutron.pecan_wsgi.hooks.translation [None req-01b6d547-d41b-4253-976b-cae7506aab2c 8d727033904a4792bb011b0649c8fe6f 1de02000ce4b41e8ab6d24d6b9627592 - - - -] DELETE failed (client error): The resource could not be found.
2026-07-21 22:11:59.408 10 INFO neutron.wsgi [None req-01b6d547-d41b-4253-976b-cae7506aab2c 8d727033904a4792bb011b0649c8fe6f 1de02000ce4b41e8ab6d24d6b9627592 - - - -] 10.0.0.116 "DELETE /v2.0/subnets/898f0848-3c25-44a6-9954-92037f6eb5b7 HTTP/1.1" status: 404 len: 337 time: 0.0195243 /var/lib/openstack/lib/python3.10/site-packages/pycadf/identifier.py:71: UserWarning: Invalid uuid: neutron. To ensure interoperability, identifiers should be a valid uuid. warnings.warn(('Invalid uuid: %s. To ensure interoperability, '
2026-07-21 22:11:59.427 9 INFO neutron.wsgi [None req-dad840ff-eeed-4f18-b7dd-cd8f5fb0a8c5 a179550bd99a4fd6af3a5e6f28150aeb 9e55c4fc1fa7418d8af6eabbdbfc05de - - - -] 10.0.0.116 "POST /v2.0/subnets HTTP/1.1" status: 201 len: 866 time: 1.4299202
2026-07-21 22:11:59.446 9 INFO neutron.pecan_wsgi.hooks.translation [None req-8850162a-eccc-4702-949d-ed244ece0b27 8d727033904a4792bb011b0649c8fe6f 1de02000ce4b41e8ab6d24d6b9627592 - - - -] DELETE failed (client error): The resource could not be found.
2026-07-21 22:11:59.449 9 INFO neutron.wsgi [None req-8850162a-eccc-4702-949d-ed244ece0b27 8d727033904a4792bb011b0649c8fe6f 1de02000ce4b41e8ab6d24d6b9627592 - - - -] 10.0.0.116 "DELETE /v2.0/networks/45bcbf7b-d99e-43dc-987f-b87f9a97ab25 HTTP/1.1" status: 404 len: 339 time: 0.0365531
2026-07-21 22:11:59.512 9 INFO neutron.db.ovn_revision_numbers_db [None req-698c4df1-3415-41e3-aec1-183ba0b0d9c2 b240058b33e640b08ca027793d4a2929 7e304895c205435cba65cc2763387986 - - - -] Successfully bumped revision number for resource ae613066-f9bd-44aa-af98-0e6319d9fca4 (type: ports) to 2
2026-07-21 22:11:59.609 9 INFO neutron.db.ovn_revision_numbers_db [None req-7841ce70-cdf9-45ed-9859-245c530a2dab a84eadf7cdfa4fae926d85fd23e5ae37 99eaed1df45a4af38da926155de1c1fb - - default default] Successfully bumped revision number for resource b81cb007-5744-431b-be5a-32e1ea6d3438 (type: ports) to 2
2026-07-21 22:11:59.790 9 INFO neutron.db.ovn_revision_numbers_db [None req-698c4df1-3415-41e3-aec1-183ba0b0d9c2 b240058b33e640b08ca027793d4a2929 7e304895c205435cba65cc2763387986 - - - -] Successfully bumped revision number for resource ae613066-f9bd-44aa-af98-0e6319d9fca4 (type: ports) to 2
2026-07-21 22:11:59.848 9 INFO neutron.wsgi [None req-698c4df1-3415-41e3-aec1-183ba0b0d9c2 b240058b33e640b08ca027793d4a2929 7e304895c205435cba65cc2763387986 - - - -] 199.19.213.130 "PUT /v2.0/ports/ae613066-f9bd-44aa-af98-0e6319d9fca4 HTTP/1.1" status: 200 len: 1367 time: 1.3121290
2026-07-21 22:11:59.896 9 INFO neutron.notifiers.nova [-] Nova event matching ['req-a14427db-c8e4-4e29-8a88-52093ff48f53'] response: {'name': 'network-changed', 'server_uuid': '669f3a42-9a11-480d-87bf-fe5e1d0aac69', 'tag': 'ae613066-f9bd-44aa-af98-0e6319d9fca4', 'status': 'completed', 'code': 200} /var/lib/openstack/lib/python3.10/site-packages/pycadf/identifier.py:71: UserWarning: Invalid uuid: neutron. To ensure interoperability, identifiers should be a valid uuid. warnings.warn(('Invalid uuid: %s. To ensure interoperability, '
2026-07-21 22:11:59.975 9 INFO neutron.wsgi [req-ee573e55-e13d-40d7-8494-69c6f711ff19 req-0f68c438-99ae-4ada-8639-f88b64d15d9d b240058b33e640b08ca027793d4a2929 7e304895c205435cba65cc2763387986 - - 5fa42b4933be45809bb7aed0a16706c5 5fa42b4933be45809bb7aed0a16706c5] 199.19.213.130 "GET /v2.0/ports?tenant_id=b32dca31434641b4af8255e1be4e6709&device_id=669f3a42-9a11-480d-87bf-fe5e1d0aac69 HTTP/1.1" status: 200 len: 1398 time: 0.0720890
2026-07-21 22:12:00.020 9 INFO neutron.wsgi [req-ee573e55-e13d-40d7-8494-69c6f711ff19 req-34930524-b5ef-47f0-b018-bc848d52aa70 b240058b33e640b08ca027793d4a2929 7e304895c205435cba65cc2763387986 - - 5fa42b4933be45809bb7aed0a16706c5 5fa42b4933be45809bb7aed0a16706c5] 199.19.213.130 "GET /v2.0/floatingips?fixed_ip_address=10.100.0.8&port_id=ae613066-f9bd-44aa-af98-0e6319d9fca4 HTTP/1.1" status: 200 len: 217 time: 0.0371413
2026-07-21 22:12:00.044 10 INFO neutron.wsgi [req-fde020c7-8515-4797-82f5-00b9134a7508 req-4cabe227-d73a-48d1-b5c7-e8c62a025688 12cea10d8690477eb8853427bac7c580 b32dca31434641b4af8255e1be4e6709 - - default default] 10.0.0.62 "GET /v2.0/ports?device_id=669f3a42-9a11-480d-87bf-fe5e1d0aac69 HTTP/1.1" status: 200 len: 1208 time: 0.0635612
2026-07-21 22:12:00.079 9 INFO neutron.wsgi [req-ee573e55-e13d-40d7-8494-69c6f711ff19 req-711a1972-ea0b-4175-bc65-7bea9f8ae3d8 b240058b33e640b08ca027793d4a2929 7e304895c205435cba65cc2763387986 - - 5fa42b4933be45809bb7aed0a16706c5 5fa42b4933be45809bb7aed0a16706c5] 199.19.213.130 "GET /v2.0/subnets?id=1006c3ac-d25f-4869-8209-eea87f5616b5 HTTP/1.1" status: 200 len: 865 time: 0.0454028
2026-07-21 22:12:00.128 10 INFO neutron.wsgi [None req-c627528d-949b-428f-b430-979b6cd03295 8d727033904a4792bb011b0649c8fe6f 1de02000ce4b41e8ab6d24d6b9627592 - - - -] 10.0.0.116 "DELETE /v2.0/subnets/83d191e2-c23f-4e98-b248-3a03b40a8d16 HTTP/1.1" status: 204 len: 168 time: 0.6707971
2026-07-21 22:12:00.130 9 INFO neutron.wsgi [req-ee573e55-e13d-40d7-8494-69c6f711ff19 req-2223390b-0289-4cf0-b60c-be1de9af3333 b240058b33e640b08ca027793d4a2929 7e304895c205435cba65cc2763387986 - - 5fa42b4933be45809bb7aed0a16706c5 5fa42b4933be45809bb7aed0a16706c5] 199.19.213.130 "GET /v2.0/ports?network_id=bf067056-8a27-46ab-b20a-b35921fde4da&device_owner=network%3Adhcp HTTP/1.1" status: 200 len: 210 time: 0.0443830 /var/lib/openstack/lib/python3.10/site-packages/pycadf/identifier.py:71: UserWarning: Invalid uuid: neutron. To ensure interoperability, identifiers should be a valid uuid. warnings.warn(('Invalid uuid: %s. To ensure interoperability, '
2026-07-21 22:12:00.173 10 INFO neutron.wsgi [req-fde020c7-8515-4797-82f5-00b9134a7508 req-8e5a3c43-22ce-481c-a590-56ad1f15ed41 12cea10d8690477eb8853427bac7c580 b32dca31434641b4af8255e1be4e6709 - - default default] 10.0.0.62 "GET /v2.0/security-groups?id=3c771648-5317-4aaf-a809-68826ceeba4f&id=a2bab57f-5b54-4f2c-98c2-3fd1611e8288&fields=id&fields=name HTTP/1.1" status: 200 len: 405 time: 0.1199787
2026-07-21 22:12:00.209 9 INFO neutron.wsgi [req-ee573e55-e13d-40d7-8494-69c6f711ff19 req-a9824a9a-b5ec-4d70-83b3-7668fb2896e1 b240058b33e640b08ca027793d4a2929 7e304895c205435cba65cc2763387986 - - 5fa42b4933be45809bb7aed0a16706c5 5fa42b4933be45809bb7aed0a16706c5] 199.19.213.130 "GET /v2.0/networks/bf067056-8a27-46ab-b20a-b35921fde4da?fields=segments HTTP/1.1" status: 200 len: 212 time: 0.0692711
2026-07-21 22:12:00.209 10 INFO neutron.db.ovn_revision_numbers_db [None req-58c51a0d-b544-4932-b343-a9faa2598fbf - - - - - -] Successfully bumped revision number for resource b81cb007-5744-431b-be5a-32e1ea6d3438 (type: ports) to 3
2026-07-21 22:12:00.236 9 INFO neutron.db.ovn_revision_numbers_db [None req-7841ce70-cdf9-45ed-9859-245c530a2dab a84eadf7cdfa4fae926d85fd23e5ae37 99eaed1df45a4af38da926155de1c1fb - - default default] Successfully bumped revision number for resource b81cb007-5744-431b-be5a-32e1ea6d3438 (type: router_ports) to 4
2026-07-21 22:12:00.292 9 INFO neutron.wsgi [req-ee573e55-e13d-40d7-8494-69c6f711ff19 req-1778288c-73f7-48df-8517-e60fe9a79f6e b240058b33e640b08ca027793d4a2929 7e304895c205435cba65cc2763387986 - - 5fa42b4933be45809bb7aed0a16706c5 5fa42b4933be45809bb7aed0a16706c5] 199.19.213.130 "GET /v2.0/networks/bf067056-8a27-46ab-b20a-b35921fde4da?fields=provider%3Aphysical_network&fields=provider%3Anetwork_type HTTP/1.1" status: 200 len: 277 time: 0.0749178
2026-07-21 22:12:00.374 9 INFO neutron.wsgi [req-a2e751ed-e00b-4ab5-b100-8ca58f17a722 req-9d989f44-1dae-4e02-83c0-3476fcd9de44 b240058b33e640b08ca027793d4a2929 7e304895c205435cba65cc2763387986 - - 5fa42b4933be45809bb7aed0a16706c5 5fa42b4933be45809bb7aed0a16706c5] 199.19.213.130 "GET /v2.0/ports?tenant_id=b32dca31434641b4af8255e1be4e6709&device_id=669f3a42-9a11-480d-87bf-fe5e1d0aac69 HTTP/1.1" status: 200 len: 1398 time: 0.0430634
2026-07-21 22:12:00.417 9 INFO neutron.db.ovn_revision_numbers_db [None req-7841ce70-cdf9-45ed-9859-245c530a2dab a84eadf7cdfa4fae926d85fd23e5ae37 99eaed1df45a4af38da926155de1c1fb - - default default] Successfully bumped revision number for resource b81cb007-5744-431b-be5a-32e1ea6d3438 (type: ports) to 4
2026-07-21 22:12:00.532 9 INFO neutron.wsgi [req-a2e751ed-e00b-4ab5-b100-8ca58f17a722 req-84d06d62-74ab-4ba6-a255-a4652d4b21ea b240058b33e640b08ca027793d4a2929 7e304895c205435cba65cc2763387986 - - 5fa42b4933be45809bb7aed0a16706c5 5fa42b4933be45809bb7aed0a16706c5] 199.19.213.130 "GET /v2.0/networks?id=bf067056-8a27-46ab-b20a-b35921fde4da HTTP/1.1" status: 200 len: 970 time: 0.1509953
2026-07-21 22:12:00.535 9 INFO neutron.wsgi [req-56256bee-396b-4e81-b162-005d52e6159d req-ca886401-8b19-475b-9463-c0a71397a72d b240058b33e640b08ca027793d4a2929 7e304895c205435cba65cc2763387986 - - 5fa42b4933be45809bb7aed0a16706c5 5fa42b4933be45809bb7aed0a16706c5] 199.19.213.130 "GET /v2.0/ports?device_id=669f3a42-9a11-480d-87bf-fe5e1d0aac69 HTTP/1.1" status: 200 len: 1398 time: 0.0715148
2026-07-21 22:12:00.555 10 WARNING neutron.scheduler.dhcp_agent_scheduler [None req-04960bdc-9510-467a-8701-3dd7928cbf2a a179550bd99a4fd6af3a5e6f28150aeb 9e55c4fc1fa7418d8af6eabbdbfc05de - - - -] No more DHCP agents
2026-07-21 22:12:00.557 10 WARNING neutron.api.rpc.agentnotifiers.dhcp_rpc_agent_api [None req-04960bdc-9510-467a-8701-3dd7928cbf2a a179550bd99a4fd6af3a5e6f28150aeb 9e55c4fc1fa7418d8af6eabbdbfc05de - - - -] Unable to schedule network 526b6b94-2985-444b-8360-bdb71d9ad5a1: no agents available; will retry on subsequent port and subnet creation events.
2026-07-21 22:12:00.577 9 INFO neutron.wsgi [req-a2e751ed-e00b-4ab5-b100-8ca58f17a722 req-761358f3-e207-4894-a266-9fcaf7c6b64f b240058b33e640b08ca027793d4a2929 7e304895c205435cba65cc2763387986 - - 5fa42b4933be45809bb7aed0a16706c5 5fa42b4933be45809bb7aed0a16706c5] 199.19.213.130 "GET /v2.0/floatingips?fixed_ip_address=10.100.0.8&port_id=ae613066-f9bd-44aa-af98-0e6319d9fca4 HTTP/1.1" status: 200 len: 217 time: 0.0305023
2026-07-21 22:12:00.581 9 WARNING neutron.scheduler.dhcp_agent_scheduler [None req-7841ce70-cdf9-45ed-9859-245c530a2dab a84eadf7cdfa4fae926d85fd23e5ae37 99eaed1df45a4af38da926155de1c1fb - - default default] No more DHCP agents
2026-07-21 22:12:00.582 9 WARNING neutron.api.rpc.agentnotifiers.dhcp_rpc_agent_api [None req-7841ce70-cdf9-45ed-9859-245c530a2dab a84eadf7cdfa4fae926d85fd23e5ae37 99eaed1df45a4af38da926155de1c1fb - - default default] Unable to schedule network e74355e9-daa6-4162-a639-8a32e0ea9ff0: no agents available; will retry on subsequent port and subnet creation events.
2026-07-21 22:12:00.641 9 INFO neutron.wsgi [req-a2e751ed-e00b-4ab5-b100-8ca58f17a722 req-6827d8dc-9fb6-47fc-bb9e-63638e3aa77c b240058b33e640b08ca027793d4a2929 7e304895c205435cba65cc2763387986 - - 5fa42b4933be45809bb7aed0a16706c5 5fa42b4933be45809bb7aed0a16706c5] 199.19.213.130 "GET /v2.0/subnets?id=1006c3ac-d25f-4869-8209-eea87f5616b5 HTTP/1.1" status: 200 len: 865 time: 0.0580814
2026-07-21 22:12:00.648 9 INFO neutron.wsgi [req-56256bee-396b-4e81-b162-005d52e6159d req-5a95943d-31bc-4cab-947e-a612af85f7ac b240058b33e640b08ca027793d4a2929 7e304895c205435cba65cc2763387986 - - 5fa42b4933be45809bb7aed0a16706c5 5fa42b4933be45809bb7aed0a16706c5] 199.19.213.130 "GET /v2.0/security-groups?id=3c771648-5317-4aaf-a809-68826ceeba4f&id=a2bab57f-5b54-4f2c-98c2-3fd1611e8288&fields=id&fields=name HTTP/1.1" status: 200 len: 405 time: 0.0999825
2026-07-21 22:12:00.724 9 INFO neutron.wsgi [req-a2e751ed-e00b-4ab5-b100-8ca58f17a722 req-89f2a6db-7ed5-4411-bc7c-cd171bd58748 b240058b33e640b08ca027793d4a2929 7e304895c205435cba65cc2763387986 - - 5fa42b4933be45809bb7aed0a16706c5 5fa42b4933be45809bb7aed0a16706c5] 199.19.213.130 "GET /v2.0/ports?network_id=bf067056-8a27-46ab-b20a-b35921fde4da&device_owner=network%3Adhcp HTTP/1.1" status: 200 len: 210 time: 0.0361013
2026-07-21 22:12:00.774 10 INFO neutron.wsgi [None req-9bb892c4-95b5-4f99-ab03-bba542e2ca1d 8d727033904a4792bb011b0649c8fe6f 1de02000ce4b41e8ab6d24d6b9627592 - - - -] 10.0.0.116 "DELETE /v2.0/networks/5ae468c9-8f1f-4f79-8ba6-d6a88f8b4c28 HTTP/1.1" status: 204 len: 168 time: 0.6387026
2026-07-21 22:12:00.809 10 INFO neutron.db.ovn_revision_numbers_db [None req-04960bdc-9510-467a-8701-3dd7928cbf2a a179550bd99a4fd6af3a5e6f28150aeb 9e55c4fc1fa7418d8af6eabbdbfc05de - - - -] Successfully bumped revision number for resource d239efae-9b8b-4ecd-8ca5-2276538bef77 (type: ports) to 1
2026-07-21 22:12:00.833 9 INFO neutron.wsgi [req-a2e751ed-e00b-4ab5-b100-8ca58f17a722 req-f6c7b758-31eb-4c72-8c70-ceba34d3f2f6 b240058b33e640b08ca027793d4a2929 7e304895c205435cba65cc2763387986 - - 5fa42b4933be45809bb7aed0a16706c5 5fa42b4933be45809bb7aed0a16706c5] 199.19.213.130 "GET /v2.0/networks/bf067056-8a27-46ab-b20a-b35921fde4da?fields=segments HTTP/1.1" status: 200 len: 212 time: 0.0888939
2026-07-21 22:12:00.890 10 INFO neutron.services.segments.plugin [-] Segment 3dfb6607-993f-4b2c-82df-5ffe4b526577 resource provider aggregate not found
2026-07-21 22:12:00.909 9 INFO neutron.db.ovn_revision_numbers_db [None req-7841ce70-cdf9-45ed-9859-245c530a2dab a84eadf7cdfa4fae926d85fd23e5ae37 99eaed1df45a4af38da926155de1c1fb - - - -] Successfully bumped revision number for resource b81cb007-5744-431b-be5a-32e1ea6d3438 (type: router_ports) to 4
2026-07-21 22:12:00.911 10 INFO neutron.services.segments.plugin [-] Segment 3dfb6607-993f-4b2c-82df-5ffe4b526577 resource provider not found; error: Placement Client Error (4xx): {"errors": [{"status": 404, "title": "Not Found", "detail": "The resource could not be found.\n\n No resource provider with uuid 3dfb6607-993f-4b2c-82df-5ffe4b526577 found for delete ", "request_id": "req-90c3a58c-fe6b-48a6-bf5f-e6daa80f647a"}]}
2026-07-21 22:12:00.912 9 INFO neutron.wsgi [None req-7841ce70-cdf9-45ed-9859-245c530a2dab a84eadf7cdfa4fae926d85fd23e5ae37 99eaed1df45a4af38da926155de1c1fb - - - -] 10.0.0.116 "PUT /v2.0/routers/3a2c891a-70c6-4f5e-937a-aa047e3a0bf5/add_router_interface HTTP/1.1" status: 200 len: 503 time: 2.5209994
2026-07-21 22:12:00.915 10 INFO neutron.services.segments.plugin [-] Segment 3dfb6607-993f-4b2c-82df-5ffe4b526577 resource provider aggregate not found
2026-07-21 22:12:00.932 9 INFO neutron.wsgi [req-a2e751ed-e00b-4ab5-b100-8ca58f17a722 req-d328db1d-1c5f-4123-bb56-634fc3335dd7 b240058b33e640b08ca027793d4a2929 7e304895c205435cba65cc2763387986 - - 5fa42b4933be45809bb7aed0a16706c5 5fa42b4933be45809bb7aed0a16706c5] 199.19.213.130 "GET /v2.0/networks/bf067056-8a27-46ab-b20a-b35921fde4da?fields=provider%3Aphysical_network&fields=provider%3Anetwork_type HTTP/1.1" status: 200 len: 277 time: 0.0861208
2026-07-21 22:12:00.953 9 INFO neutron.wsgi [None req-d1fb4239-b274-40c4-9b34-c7b8d05431af a84eadf7cdfa4fae926d85fd23e5ae37 99eaed1df45a4af38da926155de1c1fb - - default default] 10.0.0.116 "GET /v2.0/ports/b81cb007-5744-431b-be5a-32e1ea6d3438 HTTP/1.1" status: 200 len: 1204 time: 0.0327451
2026-07-21 22:12:00.956 10 INFO neutron.services.segments.plugin [-] Segment 3dfb6607-993f-4b2c-82df-5ffe4b526577 resource provider not found; error: Placement Client Error (4xx): {"errors": [{"status": 404, "title": "Not Found", "detail": "The resource could not be found.\n\n No resource provider with uuid 3dfb6607-993f-4b2c-82df-5ffe4b526577 found for delete ", "request_id": "req-c662f816-230d-4e6b-b542-ed4ba4e2262d"}]} /var/lib/openstack/lib/python3.10/site-packages/pycadf/identifier.py:71: UserWarning: Invalid uuid: neutron. To ensure interoperability, identifiers should be a valid uuid. warnings.warn(('Invalid uuid: %s. To ensure interoperability, '
2026-07-21 22:12:01.368 10 INFO neutron.wsgi [req-9b7ee499-b5aa-43f0-9dac-6404e631c2f0 req-aa54471f-23c6-4f9e-b36b-91f8aecee092 12cea10d8690477eb8853427bac7c580 b32dca31434641b4af8255e1be4e6709 - - default default] 10.0.0.62 "GET /v2.0/ports?device_id=669f3a42-9a11-480d-87bf-fe5e1d0aac69 HTTP/1.1" status: 200 len: 1208 time: 0.1225073
2026-07-21 22:12:01.461 10 INFO neutron.wsgi [req-9b7ee499-b5aa-43f0-9dac-6404e631c2f0 req-1a9341a6-f7ea-424b-895c-4ff49cbd767d 12cea10d8690477eb8853427bac7c580 b32dca31434641b4af8255e1be4e6709 - - default default] 10.0.0.62 "GET /v2.0/security-groups?id=3c771648-5317-4aaf-a809-68826ceeba4f&id=a2bab57f-5b54-4f2c-98c2-3fd1611e8288&fields=id&fields=name HTTP/1.1" status: 200 len: 405 time: 0.0833578
2026-07-21 22:12:01.477 10 INFO neutron.wsgi [None req-11236a3c-824e-4f87-80e8-a8a2b350ab3a a179550bd99a4fd6af3a5e6f28150aeb 9e55c4fc1fa7418d8af6eabbdbfc05de - - default default] 10.0.0.116 "GET /v2.0/security-groups?tenant_id=1de02000ce4b41e8ab6d24d6b9627592&name=default HTTP/1.1" status: 200 len: 2996 time: 0.1771300 /var/lib/openstack/lib/python3.10/site-packages/pycadf/identifier.py:71: UserWarning: Invalid uuid: neutron. To ensure interoperability, identifiers should be a valid uuid. warnings.warn(('Invalid uuid: %s. To ensure interoperability, '
2026-07-21 22:12:01.579 9 INFO neutron.plugins.ml2.drivers.ovn.mech_driver.ovsdb.ovsdb_monitor [None req-ef22b0fb-5d3e-403b-aec2-8cbf41a336ee - - - - - -] Router 16d6e925-431d-41b8-8042-75b81266fa7f is bound to host instance
2026-07-21 22:12:01.585 10 INFO neutron.db.ovn_revision_numbers_db [None req-04960bdc-9510-467a-8701-3dd7928cbf2a a179550bd99a4fd6af3a5e6f28150aeb 9e55c4fc1fa7418d8af6eabbdbfc05de - - - -] Successfully bumped revision number for resource d239efae-9b8b-4ecd-8ca5-2276538bef77 (type: router_ports) to 1
2026-07-21 22:12:01.651 10 INFO neutron.db.ovn_revision_numbers_db [None req-04960bdc-9510-467a-8701-3dd7928cbf2a a179550bd99a4fd6af3a5e6f28150aeb 9e55c4fc1fa7418d8af6eabbdbfc05de - - - -] Successfully bumped revision number for resource 16d6e925-431d-41b8-8042-75b81266fa7f (type: routers) to 3
2026-07-21 22:12:01.669 10 INFO neutron.wsgi [None req-04960bdc-9510-467a-8701-3dd7928cbf2a a179550bd99a4fd6af3a5e6f28150aeb 9e55c4fc1fa7418d8af6eabbdbfc05de - - - -] 10.0.0.116 "POST /v2.0/routers HTTP/1.1" status: 201 len: 877 time: 2.2335613
2026-07-21 22:12:01.902 9 INFO neutron.wsgi [None req-e3433a3a-6b91-4193-9933-9f3008261c25 a179550bd99a4fd6af3a5e6f28150aeb 9e55c4fc1fa7418d8af6eabbdbfc05de - - - -] 10.0.0.116 "DELETE /v2.0/security-groups/d55ed9e5-ee9a-4963-9175-737b30b5ee2d HTTP/1.1" status: 204 len: 168 time: 0.4169936
2026-07-21 22:12:02.107 10 WARNING neutron.scheduler.dhcp_agent_scheduler [None req-22316b40-ca9f-49e4-a347-886f96353ff8 a179550bd99a4fd6af3a5e6f28150aeb 9e55c4fc1fa7418d8af6eabbdbfc05de - - default default] No more DHCP agents
2026-07-21 22:12:02.109 10 WARNING neutron.api.rpc.agentnotifiers.dhcp_rpc_agent_api [None req-22316b40-ca9f-49e4-a347-886f96353ff8 a179550bd99a4fd6af3a5e6f28150aeb 9e55c4fc1fa7418d8af6eabbdbfc05de - - default default] Unable to schedule network f20fa6bb-e91d-4d9e-acd2-234c5308438c: no agents available; will retry on subsequent port and subnet creation events.
2026-07-21 22:12:02.142 9 INFO neutron.wsgi [None req-7bc3c2bd-d1ad-42a1-a71a-f91830afc19d a84eadf7cdfa4fae926d85fd23e5ae37 99eaed1df45a4af38da926155de1c1fb - - - -] 10.0.0.116 "PUT /v2.0/routers/3a2c891a-70c6-4f5e-937a-aa047e3a0bf5/remove_router_interface HTTP/1.1" status: 200 len: 503 time: 1.1770082
2026-07-21 22:12:02.310 9 INFO neutron.db.ovn_revision_numbers_db [None req-ef22b0fb-5d3e-403b-aec2-8cbf41a336ee - - - - - -] Successfully bumped revision number for resource d239efae-9b8b-4ecd-8ca5-2276538bef77 (type: ports) to 1
2026-07-21 22:12:02.466 10 INFO neutron.api.v2.resource [None req-9e994d36-a772-40bf-82e0-d3d2bc9ac3ac a84eadf7cdfa4fae926d85fd23e5ae37 99eaed1df45a4af38da926155de1c1fb - - default default] remove_router_interface failed (client error): The resource could not be found.
2026-07-21 22:12:02.467 10 INFO neutron.wsgi [None req-9e994d36-a772-40bf-82e0-d3d2bc9ac3ac a84eadf7cdfa4fae926d85fd23e5ae37 99eaed1df45a4af38da926155de1c1fb - - default default] 10.0.0.116 "PUT /v2.0/routers/3a2c891a-70c6-4f5e-937a-aa047e3a0bf5/remove_router_interface HTTP/1.1" status: 404 len: 398 time: 0.3189712
2026-07-21 22:12:02.506 10 INFO neutron.wsgi [None req-0e60e0ea-67cd-424a-9f48-e2700590d1c8 a84eadf7cdfa4fae926d85fd23e5ae37 99eaed1df45a4af38da926155de1c1fb - - default default] 10.0.0.116 "GET /v2.0/ports?device_id=3a2c891a-70c6-4f5e-937a-aa047e3a0bf5 HTTP/1.1" status: 200 len: 205 time: 0.0332704
2026-07-21 22:12:02.547 9 INFO neutron.db.ovn_revision_numbers_db [None req-ef22b0fb-5d3e-403b-aec2-8cbf41a336ee - - - - - -] Successfully bumped revision number for resource d239efae-9b8b-4ecd-8ca5-2276538bef77 (type: router_ports) to 3
2026-07-21 22:12:02.605 10 INFO neutron.wsgi [req-ed7db39d-9ac2-4dc4-8af1-10a4291c5ce6 req-6099055d-ac14-4bfd-9b89-55cbfd65c052 12cea10d8690477eb8853427bac7c580 b32dca31434641b4af8255e1be4e6709 - - default default] 10.0.0.62 "GET /v2.0/ports?device_id=669f3a42-9a11-480d-87bf-fe5e1d0aac69 HTTP/1.1" status: 200 len: 1208 time: 0.0820806
2026-07-21 22:12:02.620 10 INFO neutron.db.ovn_revision_numbers_db [None req-22316b40-ca9f-49e4-a347-886f96353ff8 a179550bd99a4fd6af3a5e6f28150aeb 9e55c4fc1fa7418d8af6eabbdbfc05de - - default default] Successfully bumped revision number for resource 627121c1-9e0a-4586-a746-9e61dc51a24d (type: ports) to 1
2026-07-21 22:12:02.698 9 INFO neutron.db.ovn_revision_numbers_db [None req-ef22b0fb-5d3e-403b-aec2-8cbf41a336ee - - - - - -] Successfully bumped revision number for resource d239efae-9b8b-4ecd-8ca5-2276538bef77 (type: ports) to 2
2026-07-21 22:12:02.712 10 INFO neutron.wsgi [req-ed7db39d-9ac2-4dc4-8af1-10a4291c5ce6 req-c1f427d6-d27e-441a-8b70-b006e2816664 12cea10d8690477eb8853427bac7c580 b32dca31434641b4af8255e1be4e6709 - - default default] 10.0.0.62 "GET /v2.0/security-groups?id=3c771648-5317-4aaf-a809-68826ceeba4f&id=a2bab57f-5b54-4f2c-98c2-3fd1611e8288&fields=id&fields=name HTTP/1.1" status: 200 len: 405 time: 0.0926979
2026-07-21 22:12:02.817 10 INFO neutron.wsgi [None req-2bcad5e5-fbbd-444b-aacc-bc64eb4ab1b8 a84eadf7cdfa4fae926d85fd23e5ae37 99eaed1df45a4af38da926155de1c1fb - - - -] 10.0.0.116 "DELETE /v2.0/routers/3a2c891a-70c6-4f5e-937a-aa047e3a0bf5 HTTP/1.1" status: 204 len: 168 time: 0.3018367 /var/lib/openstack/lib/python3.10/site-packages/pycadf/identifier.py:71: UserWarning: Invalid uuid: neutron. To ensure interoperability, identifiers should be a valid uuid. warnings.warn(('Invalid uuid: %s. To ensure interoperability, '
2026-07-21 22:12:02.968 9 INFO neutron.db.ovn_revision_numbers_db [None req-ef22b0fb-5d3e-403b-aec2-8cbf41a336ee - - - - - -] Successfully bumped revision number for resource d239efae-9b8b-4ecd-8ca5-2276538bef77 (type: ports) to 4
2026-07-21 22:12:03.113 9 INFO neutron.wsgi [None req-bfc569a2-83cb-46c7-84c9-16a3de57c226 a84eadf7cdfa4fae926d85fd23e5ae37 99eaed1df45a4af38da926155de1c1fb - - - -] 10.0.0.116 "DELETE /v2.0/subnets/4a60e347-2323-4eb5-bafd-c02a41f377a8 HTTP/1.1" status: 204 len: 168 time: 0.2884545
2026-07-21 22:12:03.115 9 INFO neutron.plugins.ml2.drivers.ovn.mech_driver.mech_driver [None req-4cf41096-bd17-4445-8bb0-dfb4722b3ce6 - - - - - -] OVN reports status up for port: 627121c1-9e0a-4586-a746-9e61dc51a24d
2026-07-21 22:12:03.118 10 INFO neutron.db.ovn_revision_numbers_db [None req-22316b40-ca9f-49e4-a347-886f96353ff8 a179550bd99a4fd6af3a5e6f28150aeb 9e55c4fc1fa7418d8af6eabbdbfc05de - - default default] Successfully bumped revision number for resource 627121c1-9e0a-4586-a746-9e61dc51a24d (type: router_ports) to 2
2026-07-21 22:12:03.133 9 INFO neutron.plugins.ml2.plugin [None req-4cf41096-bd17-4445-8bb0-dfb4722b3ce6 - - - - - -] Attempt 1 to provision port 627121c1-9e0a-4586-a746-9e61dc51a24d
2026-07-21 22:12:03.250 9 INFO neutron.db.ovn_revision_numbers_db [None req-ef22b0fb-5d3e-403b-aec2-8cbf41a336ee - - - - - -] Successfully bumped revision number for resource d239efae-9b8b-4ecd-8ca5-2276538bef77 (type: router_ports) to 4
2026-07-21 22:12:03.326 10 INFO neutron.db.ovn_revision_numbers_db [None req-22316b40-ca9f-49e4-a347-886f96353ff8 a179550bd99a4fd6af3a5e6f28150aeb 9e55c4fc1fa7418d8af6eabbdbfc05de - - default default] Successfully bumped revision number for resource 627121c1-9e0a-4586-a746-9e61dc51a24d (type: ports) to 2
2026-07-21 22:12:03.401 9 INFO neutron.db.ovn_revision_numbers_db [None req-4cf41096-bd17-4445-8bb0-dfb4722b3ce6 - - - - - -] Successfully bumped revision number for resource 627121c1-9e0a-4586-a746-9e61dc51a24d (type: ports) to 3
2026-07-21 22:12:03.441 10 WARNING neutron.scheduler.dhcp_agent_scheduler [None req-22316b40-ca9f-49e4-a347-886f96353ff8 a179550bd99a4fd6af3a5e6f28150aeb 9e55c4fc1fa7418d8af6eabbdbfc05de - - default default] No more DHCP agents
2026-07-21 22:12:03.443 10 WARNING neutron.api.rpc.agentnotifiers.dhcp_rpc_agent_api [None req-22316b40-ca9f-49e4-a347-886f96353ff8 a179550bd99a4fd6af3a5e6f28150aeb 9e55c4fc1fa7418d8af6eabbdbfc05de - - default default] Unable to schedule network f20fa6bb-e91d-4d9e-acd2-234c5308438c: no agents available; will retry on subsequent port and subnet creation events.
2026-07-21 22:12:03.506 9 INFO neutron.db.ovn_revision_numbers_db [None req-4cf41096-bd17-4445-8bb0-dfb4722b3ce6 - - - - - -] Successfully bumped revision number for resource 627121c1-9e0a-4586-a746-9e61dc51a24d (type: router_ports) to 3
2026-07-21 22:12:03.568 10 INFO neutron.services.segments.plugin [-] Segment ff088cab-c1a6-4279-b302-ebc2f596d68a resource provider aggregate not found
2026-07-21 22:12:03.576 10 INFO neutron.services.segments.plugin [-] Segment ff088cab-c1a6-4279-b302-ebc2f596d68a resource provider aggregate not found
2026-07-21 22:12:03.596 10 INFO neutron.services.segments.plugin [-] Segment ff088cab-c1a6-4279-b302-ebc2f596d68a resource provider not found; error: Placement Client Error (4xx): {"errors": [{"status": 404, "title": "Not Found", "detail": "The resource could not be found.\n\n No resource provider with uuid ff088cab-c1a6-4279-b302-ebc2f596d68a found for delete ", "request_id": "req-d290bd4d-f224-42da-b1d0-588777e1d7d7"}]}
2026-07-21 22:12:03.597 10 INFO neutron.services.segments.plugin [-] Segment ff088cab-c1a6-4279-b302-ebc2f596d68a resource provider not found; error: Placement Client Error (4xx): {"errors": [{"status": 404, "title": "Not Found", "detail": "The resource could not be found.\n\n No resource provider with uuid ff088cab-c1a6-4279-b302-ebc2f596d68a found for delete ", "request_id": "req-b887dba4-6f87-41be-be3f-6d060dabb7ce"}]}
2026-07-21 22:12:03.632 10 INFO neutron.wsgi [None req-b83b4c23-b474-4aea-b568-892ff6aeeed2 a84eadf7cdfa4fae926d85fd23e5ae37 99eaed1df45a4af38da926155de1c1fb - - - -] 10.0.0.116 "DELETE /v2.0/networks/e74355e9-daa6-4162-a639-8a32e0ea9ff0 HTTP/1.1" status: 204 len: 168 time: 0.5126133
2026-07-21 22:12:03.761 10 INFO neutron.db.segments_db [None req-605c9aab-eeff-450a-99d5-89fb2df1806f a84eadf7cdfa4fae926d85fd23e5ae37 99eaed1df45a4af38da926155de1c1fb - - - -] Added segment 00a68de8-2595-4e05-a508-6497adb5107f of type geneve for network e778f880-cf70-4967-b832-b3d353f37e24
2026-07-21 22:12:03.837 10 INFO neutron.wsgi [req-c57ed5df-7235-47f3-b1e4-752f37bb954a req-75dbbee4-9ffc-4212-8764-6cf92de13f42 12cea10d8690477eb8853427bac7c580 b32dca31434641b4af8255e1be4e6709 - - default default] 10.0.0.62 "GET /v2.0/ports?device_id=669f3a42-9a11-480d-87bf-fe5e1d0aac69 HTTP/1.1" status: 200 len: 1208 time: 0.0570705
2026-07-21 22:12:03.957 10 INFO neutron.wsgi [req-c57ed5df-7235-47f3-b1e4-752f37bb954a req-8bc1ba24-82c1-45a6-a531-8e8e07bc4737 12cea10d8690477eb8853427bac7c580 b32dca31434641b4af8255e1be4e6709 - - default default] 10.0.0.62 "GET /v2.0/security-groups?id=3c771648-5317-4aaf-a809-68826ceeba4f&id=a2bab57f-5b54-4f2c-98c2-3fd1611e8288&fields=id&fields=name HTTP/1.1" status: 200 len: 405 time: 0.1100183
2026-07-21 22:12:03.982 10 INFO neutron.db.ovn_revision_numbers_db [None req-e8021068-d871-48ad-81fd-72b538e85527 6dbc51d4ad714a41b7f19203008b8570 ac782ae2a6d247eeb56f6ef49a7ca23b - - - -] Successfully bumped revision number for resource 2fcc30c8-d78e-4514-a212-fd1e43cd40a1 (type: security_groups) to 1
2026-07-21 22:12:03.988 10 INFO neutron.db.ovn_revision_numbers_db [None req-605c9aab-eeff-450a-99d5-89fb2df1806f a84eadf7cdfa4fae926d85fd23e5ae37 99eaed1df45a4af38da926155de1c1fb - - - -] Successfully bumped revision number for resource e778f880-cf70-4967-b832-b3d353f37e24 (type: networks) to 1
2026-07-21 22:12:04.049 10 INFO neutron.db.segments_db [None req-e8021068-d871-48ad-81fd-72b538e85527 6dbc51d4ad714a41b7f19203008b8570 ac782ae2a6d247eeb56f6ef49a7ca23b - - - -] Added segment ffcc5f4a-1346-4bd1-a3b3-3d48d7a09db3 of type geneve for network 08d678c2-59db-4607-85f8-7157b41b2ed5
2026-07-21 22:12:04.174 9 INFO neutron.wsgi [None req-7f0985f5-1a94-4003-b230-76744002c05f a179550bd99a4fd6af3a5e6f28150aeb 9e55c4fc1fa7418d8af6eabbdbfc05de - - default default] 10.0.0.119 "GET /v2.0/network-ip-availabilities HTTP/1.1" status: 200 len: 2963 time: 0.0623055
2026-07-21 22:12:04.301 9 INFO neutron.wsgi [None req-26f98148-7d52-4f99-9c19-70a92adcbd12 a179550bd99a4fd6af3a5e6f28150aeb 9e55c4fc1fa7418d8af6eabbdbfc05de - - default default] 10.0.0.119 "GET /v2.0/routers HTTP/1.1" status: 200 len: 2203 time: 0.1255245
2026-07-21 22:12:04.314 9 INFO neutron.wsgi [None req-59be8d23-d0df-4410-a339-0cfc6c261234 a179550bd99a4fd6af3a5e6f28150aeb 9e55c4fc1fa7418d8af6eabbdbfc05de - - default default] 10.0.0.119 "GET /v2.0/agents?binary=ovn-controller HTTP/1.1" status: 200 len: 591 time: 0.0126636
2026-07-21 22:12:04.367 9 INFO neutron.wsgi [None req-a55f44ff-f7e9-4666-9a4b-9ec35fc96dbf a179550bd99a4fd6af3a5e6f28150aeb 9e55c4fc1fa7418d8af6eabbdbfc05de - - default default] 10.0.0.119 "GET /v2.0/subnets HTTP/1.1" status: 200 len: 3400 time: 0.0506775
2026-07-21 22:12:04.384 9 INFO neutron.wsgi [None req-4c84aa49-09b4-40ce-9d47-4a4f37901ba7 a179550bd99a4fd6af3a5e6f28150aeb 9e55c4fc1fa7418d8af6eabbdbfc05de - - default default] 10.0.0.119 "GET /v2.0/subnetpools HTTP/1.1" status: 200 len: 193 time: 0.0129619
2026-07-21 22:12:04.425 9 INFO neutron.wsgi [None req-dec00a92-ff47-45f3-9c01-1980ecc0296c a179550bd99a4fd6af3a5e6f28150aeb 9e55c4fc1fa7418d8af6eabbdbfc05de - - default default] 10.0.0.119 "GET /v2.0/floatingips HTTP/1.1" status: 200 len: 730 time: 0.0403254
2026-07-21 22:12:04.503 10 INFO neutron.db.ovn_revision_numbers_db [None req-e8021068-d871-48ad-81fd-72b538e85527 6dbc51d4ad714a41b7f19203008b8570 ac782ae2a6d247eeb56f6ef49a7ca23b - - - -] Successfully bumped revision number for resource 08d678c2-59db-4607-85f8-7157b41b2ed5 (type: networks) to 1
2026-07-21 22:12:04.521 9 INFO neutron.wsgi [None req-c717057f-b41d-44f6-a41b-55402e752fcd a179550bd99a4fd6af3a5e6f28150aeb 9e55c4fc1fa7418d8af6eabbdbfc05de - - default default] 10.0.0.119 "GET /v2.0/security-groups HTTP/1.1" status: 200 len: 38538 time: 0.0955646
2026-07-21 22:12:04.573 9 INFO neutron.wsgi [None req-44f8615a-bb96-4165-ab8a-653e8079cc1a a179550bd99a4fd6af3a5e6f28150aeb 9e55c4fc1fa7418d8af6eabbdbfc05de - - default default] 10.0.0.119 "GET /v2.0/subnets HTTP/1.1" status: 200 len: 3400 time: 0.0420125
2026-07-21 22:12:04.599 10 WARNING neutron.scheduler.dhcp_agent_scheduler [None req-605c9aab-eeff-450a-99d5-89fb2df1806f a84eadf7cdfa4fae926d85fd23e5ae37 99eaed1df45a4af38da926155de1c1fb - - - -] No more DHCP agents
2026-07-21 22:12:04.609 10 WARNING neutron.api.rpc.agentnotifiers.dhcp_rpc_agent_api [None req-605c9aab-eeff-450a-99d5-89fb2df1806f a84eadf7cdfa4fae926d85fd23e5ae37 99eaed1df45a4af38da926155de1c1fb - - - -] Unable to schedule network e778f880-cf70-4967-b832-b3d353f37e24: no agents available; will retry on subsequent port and subnet creation events.
2026-07-21 22:12:04.626 9 INFO neutron.wsgi [None req-7208d276-6bef-43fc-81f8-087df0dede09 a179550bd99a4fd6af3a5e6f28150aeb 9e55c4fc1fa7418d8af6eabbdbfc05de - - default default] 10.0.0.119 "GET /v2.0/ports HTTP/1.1" status: 200 len: 17844 time: 0.0520682
2026-07-21 22:12:04.650 9 INFO neutron.wsgi [None req-d869035b-be10-406f-a4b2-f308e2c3e962 a179550bd99a4fd6af3a5e6f28150aeb 9e55c4fc1fa7418d8af6eabbdbfc05de - - default default] 10.0.0.119 "GET /v2.0/agents HTTP/1.1" status: 200 len: 997 time: 0.0098743
2026-07-21 22:12:04.746 9 INFO neutron.wsgi [None req-66c980f6-147e-47b2-815b-f8fbd132a9f8 a179550bd99a4fd6af3a5e6f28150aeb 9e55c4fc1fa7418d8af6eabbdbfc05de - - default default] 10.0.0.119 "GET /v2.0/networks HTTP/1.1" status: 200 len: 6050 time: 0.0956254
2026-07-21 22:12:04.774 10 INFO neutron.db.ovn_revision_numbers_db [None req-605c9aab-eeff-450a-99d5-89fb2df1806f a84eadf7cdfa4fae926d85fd23e5ae37 99eaed1df45a4af38da926155de1c1fb - - - -] Successfully bumped revision number for resource 0607f629-3b44-480e-aa70-2a6b1447f36d (type: ports) to 1
2026-07-21 22:12:04.795 10 WARNING neutron.scheduler.dhcp_agent_scheduler [None req-e8021068-d871-48ad-81fd-72b538e85527 6dbc51d4ad714a41b7f19203008b8570 ac782ae2a6d247eeb56f6ef49a7ca23b - - - -] No more DHCP agents
2026-07-21 22:12:04.802 10 WARNING neutron.api.rpc.agentnotifiers.dhcp_rpc_agent_api [None req-e8021068-d871-48ad-81fd-72b538e85527 6dbc51d4ad714a41b7f19203008b8570 ac782ae2a6d247eeb56f6ef49a7ca23b - - - -] Unable to schedule network 08d678c2-59db-4607-85f8-7157b41b2ed5: no agents available; will retry on subsequent port and subnet creation events.
2026-07-21 22:12:04.826 10 INFO neutron.wsgi [None req-605c9aab-eeff-450a-99d5-89fb2df1806f a84eadf7cdfa4fae926d85fd23e5ae37 99eaed1df45a4af38da926155de1c1fb - - - -] 10.0.0.116 "POST /v2.0/networks HTTP/1.1" status: 201 len: 828 time: 1.1821003
2026-07-21 22:12:04.867 10 INFO neutron.db.ovn_revision_numbers_db [None req-22316b40-ca9f-49e4-a347-886f96353ff8 a179550bd99a4fd6af3a5e6f28150aeb 9e55c4fc1fa7418d8af6eabbdbfc05de - - - -] Successfully bumped revision number for resource 627121c1-9e0a-4586-a746-9e61dc51a24d (type: router_ports) to 3
2026-07-21 22:12:04.870 10 INFO neutron.wsgi [None req-22316b40-ca9f-49e4-a347-886f96353ff8 a179550bd99a4fd6af3a5e6f28150aeb 9e55c4fc1fa7418d8af6eabbdbfc05de - - - -] 10.0.0.116 "PUT /v2.0/routers/16d6e925-431d-41b8-8042-75b81266fa7f/add_router_interface HTTP/1.1" status: 200 len: 503 time: 3.1936152
2026-07-21 22:12:04.900 10 INFO neutron.db.ovn_revision_numbers_db [None req-e8021068-d871-48ad-81fd-72b538e85527 6dbc51d4ad714a41b7f19203008b8570 ac782ae2a6d247eeb56f6ef49a7ca23b - - - -] Successfully bumped revision number for resource cc0bf070-a3a2-49f9-bed5-195027b4ffb4 (type: ports) to 1
2026-07-21 22:12:04.936 10 INFO neutron.wsgi [None req-e8021068-d871-48ad-81fd-72b538e85527 6dbc51d4ad714a41b7f19203008b8570 ac782ae2a6d247eeb56f6ef49a7ca23b - - - -] 10.0.0.116 "POST /v2.0/networks HTTP/1.1" status: 201 len: 847 time: 1.3413422
2026-07-21 22:12:05.073 9 WARNING neutron.scheduler.dhcp_agent_scheduler [None req-0131a8e7-b7ae-4769-9b40-b794236a7959 a84eadf7cdfa4fae926d85fd23e5ae37 99eaed1df45a4af38da926155de1c1fb - - - -] No more DHCP agents
2026-07-21 22:12:05.076 9 WARNING neutron.api.rpc.agentnotifiers.dhcp_rpc_agent_api [None req-0131a8e7-b7ae-4769-9b40-b794236a7959 a84eadf7cdfa4fae926d85fd23e5ae37 99eaed1df45a4af38da926155de1c1fb - - - -] Unable to schedule network e778f880-cf70-4967-b832-b3d353f37e24: no agents available; will retry on subsequent port and subnet creation events.
2026-07-21 22:12:05.100 10 INFO neutron.wsgi [req-bacaf998-1e83-476c-8add-43885663c995 req-3df92f96-4c25-4e0d-b010-933c69a6715a 12cea10d8690477eb8853427bac7c580 b32dca31434641b4af8255e1be4e6709 - - default default] 10.0.0.62 "GET /v2.0/ports?device_id=669f3a42-9a11-480d-87bf-fe5e1d0aac69 HTTP/1.1" status: 200 len: 1208 time: 0.0499685
2026-07-21 22:12:05.181 10 INFO neutron.wsgi [req-bacaf998-1e83-476c-8add-43885663c995 req-28f14db9-9496-4835-92b7-01ef4dba81a9 12cea10d8690477eb8853427bac7c580 b32dca31434641b4af8255e1be4e6709 - - default default] 10.0.0.62 "GET /v2.0/security-groups?id=3c771648-5317-4aaf-a809-68826ceeba4f&id=a2bab57f-5b54-4f2c-98c2-3fd1611e8288&fields=id&fields=name HTTP/1.1" status: 200 len: 405 time: 0.0687411
2026-07-21 22:12:05.230 10 WARNING neutron.scheduler.dhcp_agent_scheduler [None req-f6128667-56cf-4ea2-94b4-93f035ba91a7 6dbc51d4ad714a41b7f19203008b8570 ac782ae2a6d247eeb56f6ef49a7ca23b - - - -] No more DHCP agents
2026-07-21 22:12:05.232 10 WARNING neutron.api.rpc.agentnotifiers.dhcp_rpc_agent_api [None req-f6128667-56cf-4ea2-94b4-93f035ba91a7 6dbc51d4ad714a41b7f19203008b8570 ac782ae2a6d247eeb56f6ef49a7ca23b - - - -] Unable to schedule network 08d678c2-59db-4607-85f8-7157b41b2ed5: no agents available; will retry on subsequent port and subnet creation events.
2026-07-21 22:12:05.295 10 INFO neutron.db.ovn_revision_numbers_db [None req-f6128667-56cf-4ea2-94b4-93f035ba91a7 6dbc51d4ad714a41b7f19203008b8570 ac782ae2a6d247eeb56f6ef49a7ca23b - - - -] Successfully bumped revision number for resource 56889d20-abf9-4097-9d38-1fb4e1593c4f (type: ports) to 1
2026-07-21 22:12:05.317 10 INFO neutron.wsgi [None req-f6128667-56cf-4ea2-94b4-93f035ba91a7 6dbc51d4ad714a41b7f19203008b8570 ac782ae2a6d247eeb56f6ef49a7ca23b - - - -] 10.0.0.116 "POST /v2.0/ports HTTP/1.1" status: 201 len: 977 time: 0.3755119 /var/lib/openstack/lib/python3.10/site-packages/pycadf/identifier.py:71: UserWarning: Invalid uuid: neutron. To ensure interoperability, identifiers should be a valid uuid. warnings.warn(('Invalid uuid: %s. To ensure interoperability, '
2026-07-21 22:12:05.367 10 WARNING neutron.plugins.ml2.drivers.ovn.mech_driver.ovsdb.ovn_client [None req-58c51a0d-b544-4932-b343-a9faa2598fbf - - - - - -] No port found with ID b81cb007-5744-431b-be5a-32e1ea6d3438: RuntimeError: No port found with ID b81cb007-5744-431b-be5a-32e1ea6d3438
2026-07-21 22:12:05.368 10 INFO neutron.plugins.ml2.drivers.ovn.mech_driver.mech_driver [None req-58c51a0d-b544-4932-b343-a9faa2598fbf - - - - - -] OVN reports status up for port: ae613066-f9bd-44aa-af98-0e6319d9fca4
2026-07-21 22:12:05.385 10 INFO neutron.plugins.ml2.plugin [None req-58c51a0d-b544-4932-b343-a9faa2598fbf - - - - - -] Attempt 1 to provision port ae613066-f9bd-44aa-af98-0e6319d9fca4
2026-07-21 22:12:05.451 10 INFO neutron.db.segments_db [None req-4c1fa48e-4b80-4572-a869-9f08d93e318d 6dbc51d4ad714a41b7f19203008b8570 ac782ae2a6d247eeb56f6ef49a7ca23b - - - -] Added segment 5e1214ab-6478-4c2b-8d02-f487ce620cd4 of type geneve for network b2a8f2da-2c4b-434b-87d5-992b2f0afd79
2026-07-21 22:12:05.547 10 INFO neutron.notifiers.nova [-] Nova event matching ['req-def8f1fb-11d7-46e5-994f-a82fbdbbbe68'] response: {'server_uuid': '669f3a42-9a11-480d-87bf-fe5e1d0aac69', 'name': 'network-vif-plugged', 'status': 'completed', 'tag': 'ae613066-f9bd-44aa-af98-0e6319d9fca4', 'code': 200}
2026-07-21 22:12:05.548 9 INFO neutron.db.ovn_revision_numbers_db [None req-0131a8e7-b7ae-4769-9b40-b794236a7959 a84eadf7cdfa4fae926d85fd23e5ae37 99eaed1df45a4af38da926155de1c1fb - - - -] Successfully bumped revision number for resource 0607f629-3b44-480e-aa70-2a6b1447f36d (type: ports) to 2
2026-07-21 22:12:05.553 9 INFO neutron.db.ovn_revision_numbers_db [None req-89147c85-d59f-4396-a437-9febe93c741e a04f1414973c4338830bc716a45593dd 954cc051fd7047b2b47a0d364ec860f7 - - - -] Successfully bumped revision number for resource 6bda445e-a365-4d5e-8299-3f53b8ff07da (type: security_groups) to 1
2026-07-21 22:12:05.576 9 INFO neutron.wsgi [None req-89147c85-d59f-4396-a437-9febe93c741e a04f1414973c4338830bc716a45593dd 954cc051fd7047b2b47a0d364ec860f7 - - - -] 10.0.0.116 "POST /v2.0/security-groups HTTP/1.1" status: 201 len: 1795 time: 0.1486599
2026-07-21 22:12:05.585 9 INFO neutron.db.ovn_revision_numbers_db [None req-0131a8e7-b7ae-4769-9b40-b794236a7959 a84eadf7cdfa4fae926d85fd23e5ae37 99eaed1df45a4af38da926155de1c1fb - - - -] Successfully bumped revision number for resource b8f58ab8-cf4c-4711-80b7-c2d43dba499b (type: subnets) to 0
2026-07-21 22:12:05.617 9 INFO neutron.wsgi [None req-0131a8e7-b7ae-4769-9b40-b794236a7959 a84eadf7cdfa4fae926d85fd23e5ae37 99eaed1df45a4af38da926155de1c1fb - - - -] 10.0.0.116 "POST /v2.0/subnets HTTP/1.1" status: 201 len: 801 time: 0.7850184
2026-07-21 22:12:05.650 10 INFO neutron.db.ovn_revision_numbers_db [None req-4c1fa48e-4b80-4572-a869-9f08d93e318d 6dbc51d4ad714a41b7f19203008b8570 ac782ae2a6d247eeb56f6ef49a7ca23b - - - -] Successfully bumped revision number for resource b2a8f2da-2c4b-434b-87d5-992b2f0afd79 (type: networks) to 1
2026-07-21 22:12:05.814 9 INFO neutron.db.ovn_revision_numbers_db [None req-a62b69a5-c23c-4fc6-9b6c-18896d7aefc6 a04f1414973c4338830bc716a45593dd 954cc051fd7047b2b47a0d364ec860f7 - - - -] Successfully bumped revision number for resource 9a1030b7-6852-4905-a7a4-bf1e04a95acf (type: security_group_rules) to 0
2026-07-21 22:12:05.822 10 INFO neutron.db.ovn_revision_numbers_db [None req-58c51a0d-b544-4932-b343-a9faa2598fbf - - - - - -] Successfully bumped revision number for resource ae613066-f9bd-44aa-af98-0e6319d9fca4 (type: ports) to 4
2026-07-21 22:12:05.847 9 INFO neutron.db.ovn_revision_numbers_db [None req-8391cee6-6f25-46ea-8e83-efefaac2e627 a84eadf7cdfa4fae926d85fd23e5ae37 99eaed1df45a4af38da926155de1c1fb - - - -] Successfully bumped revision number for resource 39af7f4c-95a4-4ce1-aef3-c93d8b074d32 (type: routers) to 1
2026-07-21 22:12:05.855 9 INFO neutron.wsgi [None req-a62b69a5-c23c-4fc6-9b6c-18896d7aefc6 a04f1414973c4338830bc716a45593dd 954cc051fd7047b2b47a0d364ec860f7 - - - -] 10.0.0.116 "POST /v2.0/security-group-rules HTTP/1.1" status: 201 len: 764 time: 0.2715600
2026-07-21 22:12:05.862 9 INFO neutron.wsgi [None req-8391cee6-6f25-46ea-8e83-efefaac2e627 a84eadf7cdfa4fae926d85fd23e5ae37 99eaed1df45a4af38da926155de1c1fb - - - -] 10.0.0.116 "POST /v2.0/routers HTTP/1.1" status: 201 len: 687 time: 0.2259603
2026-07-21 22:12:05.886 10 WARNING neutron.scheduler.dhcp_agent_scheduler [None req-4c1fa48e-4b80-4572-a869-9f08d93e318d 6dbc51d4ad714a41b7f19203008b8570 ac782ae2a6d247eeb56f6ef49a7ca23b - - - -] No more DHCP agents
2026-07-21 22:12:05.891 10 INFO neutron.plugins.ml2.drivers.ovn.mech_driver.mech_driver [None req-58c51a0d-b544-4932-b343-a9faa2598fbf - - - - - -] OVN reports status up for port: d239efae-9b8b-4ecd-8ca5-2276538bef77
2026-07-21 22:12:05.892 10 WARNING neutron.api.rpc.agentnotifiers.dhcp_rpc_agent_api [None req-4c1fa48e-4b80-4572-a869-9f08d93e318d 6dbc51d4ad714a41b7f19203008b8570 ac782ae2a6d247eeb56f6ef49a7ca23b - - - -] Unable to schedule network b2a8f2da-2c4b-434b-87d5-992b2f0afd79: no agents available; will retry on subsequent port and subnet creation events.
2026-07-21 22:12:05.922 10 INFO neutron.plugins.ml2.plugin [None req-58c51a0d-b544-4932-b343-a9faa2598fbf - - - - - -] Attempt 1 to provision port d239efae-9b8b-4ecd-8ca5-2276538bef77
2026-07-21 22:12:06.018 10 INFO neutron.db.ovn_revision_numbers_db [None req-4c1fa48e-4b80-4572-a869-9f08d93e318d 6dbc51d4ad714a41b7f19203008b8570 ac782ae2a6d247eeb56f6ef49a7ca23b - - - -] Successfully bumped revision number for resource 41f49030-8d5d-4d7f-81b4-b5effc1ccb23 (type: ports) to 1
2026-07-21 22:12:06.054 10 INFO neutron.wsgi [None req-4c1fa48e-4b80-4572-a869-9f08d93e318d 6dbc51d4ad714a41b7f19203008b8570 ac782ae2a6d247eeb56f6ef49a7ca23b - - - -] 10.0.0.116 "POST /v2.0/networks HTTP/1.1" status: 201 len: 835 time: 0.7320685 /var/lib/openstack/lib/python3.10/site-packages/pycadf/identifier.py:71: UserWarning: Invalid uuid: neutron. To ensure interoperability, identifiers should be a valid uuid. warnings.warn(('Invalid uuid: %s. To ensure interoperability, '
2026-07-21 22:12:06.111 10 INFO neutron.db.ovn_revision_numbers_db [None req-237ac8d7-3146-4b19-8ba7-282658114fea a04f1414973c4338830bc716a45593dd 954cc051fd7047b2b47a0d364ec860f7 - - - -] Successfully bumped revision number for resource 77b83d13-96cb-4f29-868e-f719d1b5f2d2 (type: security_group_rules) to 0
2026-07-21 22:12:06.136 10 INFO neutron.wsgi [None req-237ac8d7-3146-4b19-8ba7-282658114fea a04f1414973c4338830bc716a45593dd 954cc051fd7047b2b47a0d364ec860f7 - - - -] 10.0.0.116 "POST /v2.0/security-group-rules HTTP/1.1" status: 201 len: 769 time: 0.2746451
2026-07-21 22:12:06.354 10 INFO neutron.wsgi [req-8e35b64b-d15a-4496-902b-e4140318c35a req-d6d38bc3-cffe-4544-b7d6-03b94df82a67 12cea10d8690477eb8853427bac7c580 b32dca31434641b4af8255e1be4e6709 - - default default] 10.0.0.62 "GET /v2.0/ports?device_id=669f3a42-9a11-480d-87bf-fe5e1d0aac69 HTTP/1.1" status: 200 len: 1210 time: 0.0908754
2026-07-21 22:12:06.459 10 INFO neutron.wsgi [req-8e35b64b-d15a-4496-902b-e4140318c35a req-7068eafc-5913-4da0-b848-74143031915b 12cea10d8690477eb8853427bac7c580 b32dca31434641b4af8255e1be4e6709 - - default default] 10.0.0.62 "GET /v2.0/security-groups?id=3c771648-5317-4aaf-a809-68826ceeba4f&id=a2bab57f-5b54-4f2c-98c2-3fd1611e8288&fields=id&fields=name HTTP/1.1" status: 200 len: 405 time: 0.0923119
2026-07-21 22:12:06.524 9 WARNING neutron.scheduler.dhcp_agent_scheduler [None req-324f8981-0eae-40b9-a007-cb7f76326f80 a84eadf7cdfa4fae926d85fd23e5ae37 99eaed1df45a4af38da926155de1c1fb - - default default] No more DHCP agents
2026-07-21 22:12:06.525 9 WARNING neutron.api.rpc.agentnotifiers.dhcp_rpc_agent_api [None req-324f8981-0eae-40b9-a007-cb7f76326f80 a84eadf7cdfa4fae926d85fd23e5ae37 99eaed1df45a4af38da926155de1c1fb - - default default] Unable to schedule network e778f880-cf70-4967-b832-b3d353f37e24: no agents available; will retry on subsequent port and subnet creation events.
2026-07-21 22:12:06.527 10 WARNING neutron.scheduler.dhcp_agent_scheduler [None req-63f2ac8f-2e57-40d5-865d-fed5f55119b4 6dbc51d4ad714a41b7f19203008b8570 ac782ae2a6d247eeb56f6ef49a7ca23b - - - -] No more DHCP agents
2026-07-21 22:12:06.540 10 WARNING neutron.api.rpc.agentnotifiers.dhcp_rpc_agent_api [None req-63f2ac8f-2e57-40d5-865d-fed5f55119b4 6dbc51d4ad714a41b7f19203008b8570 ac782ae2a6d247eeb56f6ef49a7ca23b - - - -] Unable to schedule network b2a8f2da-2c4b-434b-87d5-992b2f0afd79: no agents available; will retry on subsequent port and subnet creation events.
2026-07-21 22:12:06.588 10 INFO neutron.db.ovn_revision_numbers_db [None req-63f2ac8f-2e57-40d5-865d-fed5f55119b4 6dbc51d4ad714a41b7f19203008b8570 ac782ae2a6d247eeb56f6ef49a7ca23b - - - -] Successfully bumped revision number for resource 27ab37a3-a038-4255-947b-68efb8d38be1 (type: subnets) to 0
2026-07-21 22:12:06.622 10 INFO neutron.wsgi [None req-63f2ac8f-2e57-40d5-865d-fed5f55119b4 6dbc51d4ad714a41b7f19203008b8570 ac782ae2a6d247eeb56f6ef49a7ca23b - - - -] 10.0.0.116 "POST /v2.0/subnets HTTP/1.1" status: 201 len: 821 time: 0.5613568
2026-07-21 22:12:06.654 10 WARNING neutron.scheduler.dhcp_agent_scheduler [None req-f814302a-a33c-41b6-89c8-ee7633250153 a04f1414973c4338830bc716a45593dd 954cc051fd7047b2b47a0d364ec860f7 - - - -] No more DHCP agents
2026-07-21 22:12:06.656 10 WARNING neutron.api.rpc.agentnotifiers.dhcp_rpc_agent_api [None req-f814302a-a33c-41b6-89c8-ee7633250153 a04f1414973c4338830bc716a45593dd 954cc051fd7047b2b47a0d364ec860f7 - - - -] Unable to schedule network 526b6b94-2985-444b-8360-bdb71d9ad5a1: no agents available; will retry on subsequent port and subnet creation events.
