2026-07-21 22:11:49.307 10 INFO neutron.plugins.ml2.drivers.ovn.mech_driver.mech_driver [None req-58c51a0d-b544-4932-b343-a9faa2598fbf - - - - - -] OVN reports status down for port: 3324331b-fa40-4c62-aac8-b3fc9319c791
2026-07-21 22:11:49.338 10 INFO neutron.db.ovn_revision_numbers_db [None req-4ec855a2-f762-4aab-ba04-c986023c43f5 - - - - - -] Successfully bumped revision number for resource 4eb3047e-2679-411b-9268-4df77b81a411 (type: ports) to 2
2026-07-21 22:11:49.340 9 INFO neutron.notifiers.nova [-] Nova event matching ['req-b8e0b64c-ae3d-4cb7-b832-d3625ca1bea6'] response: {'server_uuid': '5e189db8-ebf6-4d9e-9ba7-074d3306b9be', 'name': 'network-vif-deleted', 'tag': '3324331b-fa40-4c62-aac8-b3fc9319c791', 'status': 'completed', 'code': 200}
2026-07-21 22:11:49.705 10 INFO neutron.db.ovn_revision_numbers_db [None req-2c69982f-5fad-4acb-aa6b-d139c07f29ab a179550bd99a4fd6af3a5e6f28150aeb 9e55c4fc1fa7418d8af6eabbdbfc05de - - default default] Successfully bumped revision number for resource cbd8f2b5-8078-418e-935a-4d3a1e9fa0f2 (type: router_ports) to 2
2026-07-21 22:11:49.827 10 INFO neutron.plugins.ml2.drivers.ovn.mech_driver.mech_driver [None req-58c51a0d-b544-4932-b343-a9faa2598fbf - - - - - -] OVN reports status up for port: b0b8e31f-ad80-48a5-a772-5f9d25ee3c2a
2026-07-21 22:11:49.828 10 INFO neutron.db.ovn_revision_numbers_db [None req-4ec855a2-f762-4aab-ba04-c986023c43f5 - - - - - -] Successfully bumped revision number for resource 4eb3047e-2679-411b-9268-4df77b81a411 (type: ports) to 4
2026-07-21 22:11:49.841 10 INFO neutron.plugins.ml2.plugin [None req-58c51a0d-b544-4932-b343-a9faa2598fbf - - - - - -] Attempt 1 to provision port b0b8e31f-ad80-48a5-a772-5f9d25ee3c2a
2026-07-21 22:11:49.845 10 INFO neutron.db.ovn_revision_numbers_db [None req-650c81bb-f24f-4401-8324-1c16ae88de0d a84eadf7cdfa4fae926d85fd23e5ae37 99eaed1df45a4af38da926155de1c1fb - - default default] Successfully bumped revision number for resource b0b8e31f-ad80-48a5-a772-5f9d25ee3c2a (type: router_ports) to 2
2026-07-21 22:11:50.038 10 INFO neutron.db.ovn_revision_numbers_db [None req-2c69982f-5fad-4acb-aa6b-d139c07f29ab a179550bd99a4fd6af3a5e6f28150aeb 9e55c4fc1fa7418d8af6eabbdbfc05de - - default default] Successfully bumped revision number for resource cbd8f2b5-8078-418e-935a-4d3a1e9fa0f2 (type: ports) to 2
2026-07-21 22:11:50.231 10 WARNING neutron.scheduler.dhcp_agent_scheduler [None req-2c69982f-5fad-4acb-aa6b-d139c07f29ab a179550bd99a4fd6af3a5e6f28150aeb 9e55c4fc1fa7418d8af6eabbdbfc05de - - default default] No more DHCP agents
2026-07-21 22:11:50.257 10 WARNING neutron.api.rpc.agentnotifiers.dhcp_rpc_agent_api [None req-2c69982f-5fad-4acb-aa6b-d139c07f29ab a179550bd99a4fd6af3a5e6f28150aeb 9e55c4fc1fa7418d8af6eabbdbfc05de - - default default] Unable to schedule network 374301e9-289e-4f7b-a2db-cd36140de79d: no agents available; will retry on subsequent port and subnet creation events.
2026-07-21 22:11:50.265 10 INFO neutron.db.ovn_revision_numbers_db [None req-650c81bb-f24f-4401-8324-1c16ae88de0d a84eadf7cdfa4fae926d85fd23e5ae37 99eaed1df45a4af38da926155de1c1fb - - default default] Successfully bumped revision number for resource b0b8e31f-ad80-48a5-a772-5f9d25ee3c2a (type: ports) to 2
2026-07-21 22:11:50.567 9 INFO neutron.wsgi [None req-d84053ae-23d0-47e6-b40e-b438cde637d0 4e8c7dba4dd740ea967a0bb4fcc53ca6 b7866a3628a74d7aa8b646147c2f8800 - - - -] 10.0.0.116 "DELETE /v2.0/security-groups/a4df49ee-db59-4847-89c4-f12d6eb5ceb2 HTTP/1.1" status: 204 len: 168 time: 0.1783412
2026-07-21 22:11:50.582 9 INFO neutron.api.v2.resource [None req-0b0e2104-2586-46a0-a4a6-37b440c22445 4e8c7dba4dd740ea967a0bb4fcc53ca6 b7866a3628a74d7aa8b646147c2f8800 - - default default] show failed (client error): The resource could not be found.
2026-07-21 22:11:50.583 9 INFO neutron.wsgi [None req-0b0e2104-2586-46a0-a4a6-37b440c22445 4e8c7dba4dd740ea967a0bb4fcc53ca6 b7866a3628a74d7aa8b646147c2f8800 - - default default] 10.0.0.116 "GET /v2.0/security-groups/a4df49ee-db59-4847-89c4-f12d6eb5ceb2 HTTP/1.1" status: 404 len: 347 time: 0.0114248
2026-07-21 22:11:50.592 10 INFO neutron.db.ovn_revision_numbers_db [None req-4ec855a2-f762-4aab-ba04-c986023c43f5 - - - - - -] Successfully bumped revision number for resource 4eb3047e-2679-411b-9268-4df77b81a411 (type: router_ports) to 4
2026-07-21 22:11:50.662 10 WARNING neutron.scheduler.dhcp_agent_scheduler [None req-650c81bb-f24f-4401-8324-1c16ae88de0d a84eadf7cdfa4fae926d85fd23e5ae37 99eaed1df45a4af38da926155de1c1fb - - default default] No more DHCP agents
2026-07-21 22:11:50.663 10 INFO neutron.db.ovn_revision_numbers_db [None req-58c51a0d-b544-4932-b343-a9faa2598fbf - - - - - -] Successfully bumped revision number for resource b0b8e31f-ad80-48a5-a772-5f9d25ee3c2a (type: ports) to 3
2026-07-21 22:11:50.667 10 WARNING neutron.api.rpc.agentnotifiers.dhcp_rpc_agent_api [None req-650c81bb-f24f-4401-8324-1c16ae88de0d a84eadf7cdfa4fae926d85fd23e5ae37 99eaed1df45a4af38da926155de1c1fb - - default default] Unable to schedule network 498fb1de-b805-460e-b5b0-d0860a6f8a47: no agents available; will retry on subsequent port and subnet creation events.
2026-07-21 22:11:50.893 10 INFO neutron.db.ovn_revision_numbers_db [None req-58c51a0d-b544-4932-b343-a9faa2598fbf - - - - - -] Successfully bumped revision number for resource b0b8e31f-ad80-48a5-a772-5f9d25ee3c2a (type: router_ports) to 3
2026-07-21 22:11:50.993 10 INFO neutron.db.ovn_revision_numbers_db [None req-650c81bb-f24f-4401-8324-1c16ae88de0d a84eadf7cdfa4fae926d85fd23e5ae37 99eaed1df45a4af38da926155de1c1fb - - - -] Successfully bumped revision number for resource b0b8e31f-ad80-48a5-a772-5f9d25ee3c2a (type: router_ports) to 3
2026-07-21 22:11:50.995 10 INFO neutron.wsgi [None req-650c81bb-f24f-4401-8324-1c16ae88de0d a84eadf7cdfa4fae926d85fd23e5ae37 99eaed1df45a4af38da926155de1c1fb - - - -] 10.0.0.116 "PUT /v2.0/routers/a67c277f-f787-4247-89fc-05fcffc15d0e/add_router_interface HTTP/1.1" status: 200 len: 503 time: 3.9124494
2026-07-21 22:11:50.996 9 INFO neutron.wsgi [None req-805d629c-54d3-4dc4-8fbe-3192a4004eba 4e8c7dba4dd740ea967a0bb4fcc53ca6 b7866a3628a74d7aa8b646147c2f8800 - - - -] 10.0.0.116 "DELETE /v2.0/floatingips/c2fe2df8-ac01-4a09-881d-d4c5e55524a1 HTTP/1.1" status: 204 len: 168 time: 0.4094920
2026-07-21 22:11:51.105 9 INFO neutron.wsgi [None req-1b0b69df-70f9-4a4c-b59d-fad80038ca6d a84eadf7cdfa4fae926d85fd23e5ae37 99eaed1df45a4af38da926155de1c1fb - - default default] 10.0.0.116 "GET /v2.0/ports/b0b8e31f-ad80-48a5-a772-5f9d25ee3c2a HTTP/1.1" status: 200 len: 1137 time: 0.1005132
2026-07-21 22:11:51.151 9 INFO neutron.wsgi [None req-af300f79-ce16-4ca3-a7bb-7eba82dcd620 a84eadf7cdfa4fae926d85fd23e5ae37 99eaed1df45a4af38da926155de1c1fb - - default default] 10.0.0.116 "GET /v2.0/ports/b0b8e31f-ad80-48a5-a772-5f9d25ee3c2a HTTP/1.1" status: 200 len: 1137 time: 0.0356917
2026-07-21 22:11:51.351 10 INFO neutron.db.ovn_revision_numbers_db [None req-2c69982f-5fad-4acb-aa6b-d139c07f29ab a179550bd99a4fd6af3a5e6f28150aeb 9e55c4fc1fa7418d8af6eabbdbfc05de - - - -] Successfully bumped revision number for resource cbd8f2b5-8078-418e-935a-4d3a1e9fa0f2 (type: router_ports) to 2
2026-07-21 22:11:51.354 10 INFO neutron.wsgi [None req-2c69982f-5fad-4acb-aa6b-d139c07f29ab a179550bd99a4fd6af3a5e6f28150aeb 9e55c4fc1fa7418d8af6eabbdbfc05de - - - -] 10.0.0.116 "PUT /v2.0/routers/83b3ed66-7936-4e8a-af86-47c298959e5a/add_router_interface HTTP/1.1" status: 200 len: 503 time: 4.4213285
2026-07-21 22:11:51.808 10 INFO neutron.db.ovn_revision_numbers_db [None req-7021c0ed-288a-428b-99cd-edc9db29ddc0 a179550bd99a4fd6af3a5e6f28150aeb 9e55c4fc1fa7418d8af6eabbdbfc05de - - default default] Successfully bumped revision number for resource 20dcc962-261e-4740-82fb-e2a54418799f (type: security_groups) to 1
2026-07-21 22:11:51.838 10 INFO neutron.wsgi [None req-7021c0ed-288a-428b-99cd-edc9db29ddc0 a179550bd99a4fd6af3a5e6f28150aeb 9e55c4fc1fa7418d8af6eabbdbfc05de - - default default] 10.0.0.116 "GET /v2.0/security-groups?tenant_id=741df433862e4a55905e537a517f2a51&name=default HTTP/1.1" status: 200 len: 2996 time: 0.3146300
2026-07-21 22:11:52.080 10 INFO neutron.wsgi [None req-ee62bad9-60a2-436c-861c-0ebe1542683d a179550bd99a4fd6af3a5e6f28150aeb 9e55c4fc1fa7418d8af6eabbdbfc05de - - - -] 10.0.0.116 "DELETE /v2.0/security-groups/20dcc962-261e-4740-82fb-e2a54418799f HTTP/1.1" status: 204 len: 168 time: 0.2334504
2026-07-21 22:11:52.102 10 INFO neutron.db.ovn_revision_numbers_db [None req-08740848-aa04-403b-9698-258b11a57438 12cea10d8690477eb8853427bac7c580 b32dca31434641b4af8255e1be4e6709 - - - -] Successfully bumped revision number for resource 3c771648-5317-4aaf-a809-68826ceeba4f (type: security_groups) to 1
2026-07-21 22:11:52.127 10 INFO neutron.wsgi [None req-08740848-aa04-403b-9698-258b11a57438 12cea10d8690477eb8853427bac7c580 b32dca31434641b4af8255e1be4e6709 - - - -] 10.0.0.116 "POST /v2.0/security-groups HTTP/1.1" status: 201 len: 1811 time: 0.1371882
2026-07-21 22:11:52.228 9 INFO neutron.wsgi [None req-4d8ecc52-8af2-4652-94e8-416fa137726d a84eadf7cdfa4fae926d85fd23e5ae37 99eaed1df45a4af38da926155de1c1fb - - - -] 10.0.0.116 "PUT /v2.0/routers/a67c277f-f787-4247-89fc-05fcffc15d0e/remove_router_interface HTTP/1.1" status: 200 len: 503 time: 1.0721970
2026-07-21 22:11:52.249 10 INFO neutron.db.ovn_revision_numbers_db [None req-02ac8e43-36e6-499b-a1ec-c4f7d7cb227b 12cea10d8690477eb8853427bac7c580 b32dca31434641b4af8255e1be4e6709 - - - -] Successfully bumped revision number for resource c64b8f82-112a-4fb9-90ba-25d57a8bd285 (type: security_group_rules) to 0
2026-07-21 22:11:52.299 10 INFO neutron.wsgi [None req-02ac8e43-36e6-499b-a1ec-c4f7d7cb227b 12cea10d8690477eb8853427bac7c580 b32dca31434641b4af8255e1be4e6709 - - - -] 10.0.0.116 "POST /v2.0/security-group-rules HTTP/1.1" status: 201 len: 764 time: 0.1657028 /var/lib/openstack/lib/python3.10/site-packages/pycadf/identifier.py:71: UserWarning: Invalid uuid: neutron. To ensure interoperability, identifiers should be a valid uuid. warnings.warn(('Invalid uuid: %s. To ensure interoperability, '
2026-07-21 22:11:52.344 10 INFO neutron.wsgi [None req-06a122c6-8914-4418-ac65-e8d420db3ede a84eadf7cdfa4fae926d85fd23e5ae37 99eaed1df45a4af38da926155de1c1fb - - default default] 10.0.0.116 "GET /v2.0/ports/168785e3-1717-4e28-a6d7-70362b1d88e3 HTTP/1.1" status: 200 len: 1137 time: 0.1092784
2026-07-21 22:11:52.498 9 INFO neutron.db.ovn_revision_numbers_db [None req-0e73465a-d55f-47cc-a2d9-5a8f2dd8a125 12cea10d8690477eb8853427bac7c580 b32dca31434641b4af8255e1be4e6709 - - - -] Successfully bumped revision number for resource e81d56ba-7669-49e6-87b8-dd1371af9354 (type: security_group_rules) to 0
2026-07-21 22:11:52.540 9 INFO neutron.wsgi [None req-0e73465a-d55f-47cc-a2d9-5a8f2dd8a125 12cea10d8690477eb8853427bac7c580 b32dca31434641b4af8255e1be4e6709 - - - -] 10.0.0.116 "POST /v2.0/security-group-rules HTTP/1.1" status: 201 len: 763 time: 0.2338550
2026-07-21 22:11:52.682 10 INFO neutron.db.ovn_revision_numbers_db [None req-03e7de2e-3a42-4dc7-9335-44d457b2b06f 12cea10d8690477eb8853427bac7c580 b32dca31434641b4af8255e1be4e6709 - - - -] Successfully bumped revision number for resource a8c7937d-348b-4939-856b-45b7e09572c6 (type: security_group_rules) to 0
2026-07-21 22:11:52.710 9 INFO neutron.wsgi [None req-4a0fd72d-717e-44a0-a453-23b95c130518 a179550bd99a4fd6af3a5e6f28150aeb 9e55c4fc1fa7418d8af6eabbdbfc05de - - - -] 10.0.0.116 "PUT /v2.0/routers/8486d818-0021-4200-9d24-e2fc24b8a459/remove_router_interface HTTP/1.1" status: 200 len: 503 time: 1.7109220
2026-07-21 22:11:52.714 10 INFO neutron.wsgi [None req-03e7de2e-3a42-4dc7-9335-44d457b2b06f 12cea10d8690477eb8853427bac7c580 b32dca31434641b4af8255e1be4e6709 - - - -] 10.0.0.116 "POST /v2.0/security-group-rules HTTP/1.1" status: 201 len: 769 time: 0.1645300 /var/lib/openstack/lib/python3.10/site-packages/pycadf/identifier.py:71: UserWarning: Invalid uuid: neutron. To ensure interoperability, identifiers should be a valid uuid. warnings.warn(('Invalid uuid: %s. To ensure interoperability, '
2026-07-21 22:11:52.955 9 INFO neutron.db.ovn_revision_numbers_db [None req-6c5fb271-6237-49d4-a3e8-fd4df6fe7c0d 12cea10d8690477eb8853427bac7c580 b32dca31434641b4af8255e1be4e6709 - - - -] Successfully bumped revision number for resource 4e425244-f13c-4203-87d2-f00f7a1e3a66 (type: security_group_rules) to 0
2026-07-21 22:11:52.997 9 INFO neutron.wsgi [None req-6c5fb271-6237-49d4-a3e8-fd4df6fe7c0d 12cea10d8690477eb8853427bac7c580 b32dca31434641b4af8255e1be4e6709 - - - -] 10.0.0.116 "POST /v2.0/security-group-rules HTTP/1.1" status: 201 len: 768 time: 0.2759242
2026-07-21 22:11:53.035 9 INFO neutron.db.securitygroups_db [None req-51cb281e-12bc-4287-86e4-d951e8480741 12cea10d8690477eb8853427bac7c580 b32dca31434641b4af8255e1be4e6709 - - - -] Project b32dca31434641b4af8255e1be4e6709 added a security group rule with legacy IPv6 ICMP protocol name icmp, ipv6-icmp should be used instead. It was automatically converted.
2026-07-21 22:11:53.087 10 INFO neutron.wsgi [None req-76a861ee-3347-40f5-b2fd-8984dca8e7b6 a84eadf7cdfa4fae926d85fd23e5ae37 99eaed1df45a4af38da926155de1c1fb - - - -] 10.0.0.116 "PUT /v2.0/routers/a67c277f-f787-4247-89fc-05fcffc15d0e/remove_router_interface HTTP/1.1" status: 200 len: 503 time: 0.7353592 /var/lib/openstack/lib/python3.10/site-packages/pycadf/identifier.py:71: UserWarning: Invalid uuid: neutron. To ensure interoperability, identifiers should be a valid uuid. warnings.warn(('Invalid uuid: %s. To ensure interoperability, '
2026-07-21 22:11:53.125 10 INFO neutron.wsgi [None req-2a1792c2-c195-4732-a91a-7a10a45ac640 a84eadf7cdfa4fae926d85fd23e5ae37 99eaed1df45a4af38da926155de1c1fb - - default default] 10.0.0.116 "GET /v2.0/ports?device_id=a67c277f-f787-4247-89fc-05fcffc15d0e HTTP/1.1" status: 200 len: 205 time: 0.0289781
2026-07-21 22:11:53.173 9 INFO neutron.db.ovn_revision_numbers_db [None req-51cb281e-12bc-4287-86e4-d951e8480741 12cea10d8690477eb8853427bac7c580 b32dca31434641b4af8255e1be4e6709 - - - -] Successfully bumped revision number for resource 1cfa73f8-115d-4510-a3ef-131970eec0a1 (type: security_group_rules) to 0
2026-07-21 22:11:53.228 9 INFO neutron.wsgi [None req-51cb281e-12bc-4287-86e4-d951e8480741 12cea10d8690477eb8853427bac7c580 b32dca31434641b4af8255e1be4e6709 - - - -] 10.0.0.116 "POST /v2.0/security-group-rules HTTP/1.1" status: 201 len: 774 time: 0.2241099
2026-07-21 22:11:53.265 9 INFO neutron.db.securitygroups_db [None req-88edcfa0-596b-4420-b1c1-d8e6da62aba4 12cea10d8690477eb8853427bac7c580 b32dca31434641b4af8255e1be4e6709 - - - -] Project b32dca31434641b4af8255e1be4e6709 added a security group rule with legacy IPv6 ICMP protocol name icmp, ipv6-icmp should be used instead. It was automatically converted.
2026-07-21 22:11:53.463 9 INFO neutron.db.ovn_revision_numbers_db [None req-88edcfa0-596b-4420-b1c1-d8e6da62aba4 12cea10d8690477eb8853427bac7c580 b32dca31434641b4af8255e1be4e6709 - - - -] Successfully bumped revision number for resource 3b70b5d8-ec93-4973-9d7d-d2e46e004aab (type: security_group_rules) to 0
2026-07-21 22:11:53.492 9 INFO neutron.wsgi [None req-8ccade83-74d2-45a1-8004-7bfe0c86ac39 a179550bd99a4fd6af3a5e6f28150aeb 9e55c4fc1fa7418d8af6eabbdbfc05de - - - -] 10.0.0.116 "DELETE /v2.0/routers/8486d818-0021-4200-9d24-e2fc24b8a459 HTTP/1.1" status: 204 len: 168 time: 0.7762885
2026-07-21 22:11:53.499 9 INFO neutron.wsgi [None req-88edcfa0-596b-4420-b1c1-d8e6da62aba4 12cea10d8690477eb8853427bac7c580 b32dca31434641b4af8255e1be4e6709 - - - -] 10.0.0.116 "POST /v2.0/security-group-rules HTTP/1.1" status: 201 len: 773 time: 0.2643218
2026-07-21 22:11:53.681 10 INFO neutron.wsgi [None req-8ce19ad5-cc4c-439e-989b-2c2fe3599116 a84eadf7cdfa4fae926d85fd23e5ae37 99eaed1df45a4af38da926155de1c1fb - - - -] 10.0.0.116 "DELETE /v2.0/routers/a67c277f-f787-4247-89fc-05fcffc15d0e HTTP/1.1" status: 204 len: 168 time: 0.5500238
2026-07-21 22:11:53.700 9 WARNING neutron.plugins.ml2.drivers.ovn.mech_driver.ovsdb.ovn_client [None req-4cf41096-bd17-4445-8bb0-dfb4722b3ce6 - - - - - -] No port found with ID 168785e3-1717-4e28-a6d7-70362b1d88e3: RuntimeError: No port found with ID 168785e3-1717-4e28-a6d7-70362b1d88e3
2026-07-21 22:11:53.774 9 INFO neutron.plugins.ml2.drivers.ovn.mech_driver.mech_driver [None req-4cf41096-bd17-4445-8bb0-dfb4722b3ce6 - - - - - -] OVN reports status up for port: cbd8f2b5-8078-418e-935a-4d3a1e9fa0f2
2026-07-21 22:11:53.808 9 INFO neutron.plugins.ml2.plugin [None req-4cf41096-bd17-4445-8bb0-dfb4722b3ce6 - - - - - -] Attempt 1 to provision port cbd8f2b5-8078-418e-935a-4d3a1e9fa0f2
2026-07-21 22:11:53.817 9 INFO neutron.wsgi [None req-a518b48d-79a9-483b-96f6-5ad2e6ce0542 a179550bd99a4fd6af3a5e6f28150aeb 9e55c4fc1fa7418d8af6eabbdbfc05de - - - -] 10.0.0.116 "DELETE /v2.0/subnets/aa64e228-d394-4d37-ad8a-38ed5a5dfe21 HTTP/1.1" status: 204 len: 168 time: 0.3131816 /var/lib/openstack/lib/python3.10/site-packages/pycadf/identifier.py:71: UserWarning: Invalid uuid: neutron. To ensure interoperability, identifiers should be a valid uuid. warnings.warn(('Invalid uuid: %s. To ensure interoperability, '
2026-07-21 22:11:53.943 10 INFO neutron.wsgi [None req-a304e0b3-3eff-4e5b-ae4f-5847e487e98c a84eadf7cdfa4fae926d85fd23e5ae37 99eaed1df45a4af38da926155de1c1fb - - - -] 10.0.0.116 "DELETE /v2.0/subnets/d34008a3-d9da-41ae-947a-e3052b25f932 HTTP/1.1" status: 204 len: 168 time: 0.2565534
2026-07-21 22:11:54.186 10 INFO neutron.db.ovn_revision_numbers_db [None req-85494e1b-90d9-4569-9e2a-739c6d5f2fa7 8d727033904a4792bb011b0649c8fe6f 1de02000ce4b41e8ab6d24d6b9627592 - - - -] Successfully bumped revision number for resource d55ed9e5-ee9a-4963-9175-737b30b5ee2d (type: security_groups) to 1
2026-07-21 22:11:54.242 10 INFO neutron.services.segments.plugin [-] Segment 01007c6a-e5a2-4c5a-aab6-64d6194fd2b5 resource provider aggregate not found
2026-07-21 22:11:54.247 10 INFO neutron.services.segments.plugin [-] Segment 01007c6a-e5a2-4c5a-aab6-64d6194fd2b5 resource provider aggregate not found
2026-07-21 22:11:54.258 10 INFO neutron.db.segments_db [None req-85494e1b-90d9-4569-9e2a-739c6d5f2fa7 8d727033904a4792bb011b0649c8fe6f 1de02000ce4b41e8ab6d24d6b9627592 - - - -] Added segment 3dfb6607-993f-4b2c-82df-5ffe4b526577 of type geneve for network 5ae468c9-8f1f-4f79-8ba6-d6a88f8b4c28
2026-07-21 22:11:54.264 10 INFO neutron.services.segments.plugin [-] Segment 01007c6a-e5a2-4c5a-aab6-64d6194fd2b5 resource provider not found; error: Placement Client Error (4xx): {"errors": [{"status": 404, "title": "Not Found", "detail": "The resource could not be found.\n\n No resource provider with uuid 01007c6a-e5a2-4c5a-aab6-64d6194fd2b5 found for delete ", "request_id": "req-197c22d2-a4c9-4d4d-a064-2ec24511acfd"}]}
2026-07-21 22:11:54.275 10 INFO neutron.services.segments.plugin [-] Segment 01007c6a-e5a2-4c5a-aab6-64d6194fd2b5 resource provider not found; error: Placement Client Error (4xx): {"errors": [{"status": 404, "title": "Not Found", "detail": "The resource could not be found.\n\n No resource provider with uuid 01007c6a-e5a2-4c5a-aab6-64d6194fd2b5 found for delete ", "request_id": "req-c1326c9f-6588-4697-8f3f-2731187f8952"}]}
2026-07-21 22:11:54.301 10 INFO neutron.wsgi [None req-f40c7e2d-f51b-48bc-90ed-cc45703c8247 a179550bd99a4fd6af3a5e6f28150aeb 9e55c4fc1fa7418d8af6eabbdbfc05de - - - -] 10.0.0.116 "DELETE /v2.0/networks/90cd2dad-9cbf-4276-b22b-f567937647a6 HTTP/1.1" status: 204 len: 168 time: 0.4740086
2026-07-21 22:11:54.382 10 INFO neutron.db.ovn_revision_numbers_db [None req-85494e1b-90d9-4569-9e2a-739c6d5f2fa7 8d727033904a4792bb011b0649c8fe6f 1de02000ce4b41e8ab6d24d6b9627592 - - - -] Successfully bumped revision number for resource 5ae468c9-8f1f-4f79-8ba6-d6a88f8b4c28 (type: networks) to 1
2026-07-21 22:11:54.403 9 INFO neutron.db.ovn_revision_numbers_db [None req-91af435f-72b2-47eb-bd58-0338f0afda38 12cea10d8690477eb8853427bac7c580 b32dca31434641b4af8255e1be4e6709 - - - -] Successfully bumped revision number for resource a2bab57f-5b54-4f2c-98c2-3fd1611e8288 (type: security_groups) to 1
2026-07-21 22:11:54.447 9 INFO neutron.wsgi [None req-91af435f-72b2-47eb-bd58-0338f0afda38 12cea10d8690477eb8853427bac7c580 b32dca31434641b4af8255e1be4e6709 - - - -] 10.0.0.116 "POST /v2.0/security-groups HTTP/1.1" status: 201 len: 1796 time: 0.5220623
2026-07-21 22:11:54.519 9 INFO neutron.db.ovn_revision_numbers_db [None req-4cf41096-bd17-4445-8bb0-dfb4722b3ce6 - - - - - -] Successfully bumped revision number for resource cbd8f2b5-8078-418e-935a-4d3a1e9fa0f2 (type: ports) to 3
2026-07-21 22:11:54.519 10 INFO neutron.wsgi [None req-b2ae7c08-e89a-4551-9afc-326009892808 a179550bd99a4fd6af3a5e6f28150aeb 9e55c4fc1fa7418d8af6eabbdbfc05de - - default default] 10.0.0.116 "GET /v2.0/security-groups?tenant_id=b7866a3628a74d7aa8b646147c2f8800&name=default HTTP/1.1" status: 200 len: 2996 time: 0.0662467
2026-07-21 22:11:54.558 9 INFO neutron.wsgi [None req-6d7f8232-a4b9-4d22-ad7e-8c384d7813da a84eadf7cdfa4fae926d85fd23e5ae37 99eaed1df45a4af38da926155de1c1fb - - - -] 10.0.0.116 "DELETE /v2.0/subnets/c0961bef-959b-4fb0-99e0-73cdba0d5c19 HTTP/1.1" status: 204 len: 168 time: 0.6084273
2026-07-21 22:11:54.635 10 WARNING neutron.scheduler.dhcp_agent_scheduler [None req-85494e1b-90d9-4569-9e2a-739c6d5f2fa7 8d727033904a4792bb011b0649c8fe6f 1de02000ce4b41e8ab6d24d6b9627592 - - - -] No more DHCP agents
2026-07-21 22:11:54.638 10 WARNING neutron.api.rpc.agentnotifiers.dhcp_rpc_agent_api [None req-85494e1b-90d9-4569-9e2a-739c6d5f2fa7 8d727033904a4792bb011b0649c8fe6f 1de02000ce4b41e8ab6d24d6b9627592 - - - -] Unable to schedule network 5ae468c9-8f1f-4f79-8ba6-d6a88f8b4c28: no agents available; will retry on subsequent port and subnet creation events.
2026-07-21 22:11:54.673 9 INFO neutron.db.ovn_revision_numbers_db [None req-4cf41096-bd17-4445-8bb0-dfb4722b3ce6 - - - - - -] Successfully bumped revision number for resource cbd8f2b5-8078-418e-935a-4d3a1e9fa0f2 (type: router_ports) to 3
2026-07-21 22:11:54.692 10 INFO neutron.db.ovn_revision_numbers_db [None req-b2e19d2a-5c34-4267-946d-3c3c0e507a9e 12cea10d8690477eb8853427bac7c580 b32dca31434641b4af8255e1be4e6709 - - - -] Successfully bumped revision number for resource 8d8c535d-b6c5-4c83-908c-af9c5129c68b (type: security_group_rules) to 0
2026-07-21 22:11:54.724 10 INFO neutron.db.ovn_revision_numbers_db [None req-85494e1b-90d9-4569-9e2a-739c6d5f2fa7 8d727033904a4792bb011b0649c8fe6f 1de02000ce4b41e8ab6d24d6b9627592 - - - -] Successfully bumped revision number for resource c1029680-f2a9-44f7-bc92-34d0c2a061e0 (type: ports) to 1
2026-07-21 22:11:54.728 10 INFO neutron.wsgi [None req-b2e19d2a-5c34-4267-946d-3c3c0e507a9e 12cea10d8690477eb8853427bac7c580 b32dca31434641b4af8255e1be4e6709 - - - -] 10.0.0.116 "POST /v2.0/security-group-rules HTTP/1.1" status: 201 len: 764 time: 0.2733150
2026-07-21 22:11:54.768 10 INFO neutron.wsgi [None req-85494e1b-90d9-4569-9e2a-739c6d5f2fa7 8d727033904a4792bb011b0649c8fe6f 1de02000ce4b41e8ab6d24d6b9627592 - - - -] 10.0.0.116 "POST /v2.0/networks HTTP/1.1" status: 201 len: 846 time: 0.9149253
2026-07-21 22:11:54.812 9 INFO neutron.wsgi [None req-1f33d57f-a107-4afe-a5d8-e117e656ad07 a179550bd99a4fd6af3a5e6f28150aeb 9e55c4fc1fa7418d8af6eabbdbfc05de - - - -] 10.0.0.116 "DELETE /v2.0/security-groups/914c15b0-fac5-4cad-85d9-516a1cb16ec5 HTTP/1.1" status: 204 len: 168 time: 0.2803576
2026-07-21 22:11:54.922 10 INFO neutron.db.ovn_revision_numbers_db [None req-aab5a226-6cd0-4d79-afc5-fb2bcf8a4b62 12cea10d8690477eb8853427bac7c580 b32dca31434641b4af8255e1be4e6709 - - - -] Successfully bumped revision number for resource 93783433-b7dd-4f6e-8b6a-4ef1cb99adca (type: security_group_rules) to 0
2026-07-21 22:11:54.958 10 INFO neutron.wsgi [None req-aab5a226-6cd0-4d79-afc5-fb2bcf8a4b62 12cea10d8690477eb8853427bac7c580 b32dca31434641b4af8255e1be4e6709 - - - -] 10.0.0.116 "POST /v2.0/security-group-rules HTTP/1.1" status: 201 len: 769 time: 0.2236848
2026-07-21 22:11:55.089 10 INFO neutron.wsgi [None req-45c20bb1-8e20-4719-a026-0806063998ce a84eadf7cdfa4fae926d85fd23e5ae37 99eaed1df45a4af38da926155de1c1fb - - - -] 10.0.0.116 "DELETE /v2.0/networks/498fb1de-b805-460e-b5b0-d0860a6f8a47 HTTP/1.1" status: 204 len: 168 time: 0.5238423
2026-07-21 22:11:55.246 9 WARNING neutron.scheduler.dhcp_agent_scheduler [None req-ebf8cee8-7cc6-46b5-9460-3882858b29b5 12cea10d8690477eb8853427bac7c580 b32dca31434641b4af8255e1be4e6709 - - - -] No more DHCP agents
2026-07-21 22:11:55.255 9 WARNING neutron.api.rpc.agentnotifiers.dhcp_rpc_agent_api [None req-ebf8cee8-7cc6-46b5-9460-3882858b29b5 12cea10d8690477eb8853427bac7c580 b32dca31434641b4af8255e1be4e6709 - - - -] Unable to schedule network 526b6b94-2985-444b-8360-bdb71d9ad5a1: no agents available; will retry on subsequent port and subnet creation events.
2026-07-21 22:11:55.543 10 INFO neutron.wsgi [-] 10.0.0.133 "GET / HTTP/1.1" status: 200 len: 246 time: 0.0012169
2026-07-21 22:11:55.544 10 INFO neutron.wsgi [-] 10.0.0.133 "GET / HTTP/1.1" status: 200 len: 246 time: 0.0012939
2026-07-21 22:11:55.552 10 WARNING neutron.scheduler.dhcp_agent_scheduler [None req-ce55365e-b812-41f1-8497-c12f90cb121b 8d727033904a4792bb011b0649c8fe6f 1de02000ce4b41e8ab6d24d6b9627592 - - - -] No more DHCP agents
2026-07-21 22:11:55.558 10 WARNING neutron.api.rpc.agentnotifiers.dhcp_rpc_agent_api [None req-ce55365e-b812-41f1-8497-c12f90cb121b 8d727033904a4792bb011b0649c8fe6f 1de02000ce4b41e8ab6d24d6b9627592 - - - -] Unable to schedule network 5ae468c9-8f1f-4f79-8ba6-d6a88f8b4c28: no agents available; will retry on subsequent port and subnet creation events.
2026-07-21 22:11:55.576 10 INFO neutron.wsgi [None req-2c06772f-68ba-48af-94c6-783f065ac948 a84eadf7cdfa4fae926d85fd23e5ae37 99eaed1df45a4af38da926155de1c1fb - - - -] 10.0.0.116 "DELETE /v2.0/networks/2cc7cf7e-cb2b-40f5-b0df-9788ee879e3a HTTP/1.1" status: 204 len: 168 time: 0.4778688
2026-07-21 22:11:55.577 10 INFO neutron.db.ovn_revision_numbers_db [None req-ce55365e-b812-41f1-8497-c12f90cb121b 8d727033904a4792bb011b0649c8fe6f 1de02000ce4b41e8ab6d24d6b9627592 - - - -] Successfully bumped revision number for resource 83d191e2-c23f-4e98-b248-3a03b40a8d16 (type: subnets) to 0
2026-07-21 22:11:55.595 10 INFO neutron.wsgi [None req-ce55365e-b812-41f1-8497-c12f90cb121b 8d727033904a4792bb011b0649c8fe6f 1de02000ce4b41e8ab6d24d6b9627592 - - - -] 10.0.0.116 "POST /v2.0/subnets HTTP/1.1" status: 201 len: 848 time: 0.3634834
2026-07-21 22:11:55.645 9 INFO neutron.db.ovn_revision_numbers_db [None req-ebf8cee8-7cc6-46b5-9460-3882858b29b5 12cea10d8690477eb8853427bac7c580 b32dca31434641b4af8255e1be4e6709 - - - -] Successfully bumped revision number for resource da104059-121b-4f64-950c-b70346166044 (type: floatingips) to 0
2026-07-21 22:11:55.671 9 INFO neutron.wsgi [None req-ebf8cee8-7cc6-46b5-9460-3882858b29b5 12cea10d8690477eb8853427bac7c580 b32dca31434641b4af8255e1be4e6709 - - - -] 10.0.0.116 "POST /v2.0/floatingips HTTP/1.1" status: 201 len: 751 time: 0.7065828
2026-07-21 22:11:55.683 10 INFO neutron.db.segments_db [None req-15d8ef10-9ede-4015-8c18-8695a96d26fd 8d727033904a4792bb011b0649c8fe6f 1de02000ce4b41e8ab6d24d6b9627592 - - - -] Added segment 7bd22c61-3a29-4686-a778-bf0155a07594 of type geneve for network 45bcbf7b-d99e-43dc-987f-b87f9a97ab25
2026-07-21 22:11:55.696 9 INFO neutron.db.segments_db [None req-3f2d6590-e577-4161-9041-b9f43a074783 a84eadf7cdfa4fae926d85fd23e5ae37 99eaed1df45a4af38da926155de1c1fb - - - -] Added segment ff088cab-c1a6-4279-b302-ebc2f596d68a of type geneve for network e74355e9-daa6-4162-a639-8a32e0ea9ff0
2026-07-21 22:11:55.793 10 INFO neutron.wsgi [req-ee573e55-e13d-40d7-8494-69c6f711ff19 req-6485c259-6bbc-41b1-b23c-e24c2d8466b7 12cea10d8690477eb8853427bac7c580 b32dca31434641b4af8255e1be4e6709 - - default default] 10.0.0.62 "GET /v2.0/security-groups?name=tempest-securitygroup--800047433&fields=id&tenant_id=b32dca31434641b4af8255e1be4e6709 HTTP/1.1" status: 200 len: 267 time: 0.0424814
2026-07-21 22:11:55.827 10 INFO neutron.db.ovn_revision_numbers_db [None req-15d8ef10-9ede-4015-8c18-8695a96d26fd 8d727033904a4792bb011b0649c8fe6f 1de02000ce4b41e8ab6d24d6b9627592 - - - -] Successfully bumped revision number for resource 45bcbf7b-d99e-43dc-987f-b87f9a97ab25 (type: networks) to 1
2026-07-21 22:11:55.850 9 INFO neutron.db.ovn_revision_numbers_db [None req-3f2d6590-e577-4161-9041-b9f43a074783 a84eadf7cdfa4fae926d85fd23e5ae37 99eaed1df45a4af38da926155de1c1fb - - - -] Successfully bumped revision number for resource e74355e9-daa6-4162-a639-8a32e0ea9ff0 (type: networks) to 1
2026-07-21 22:11:55.853 10 INFO neutron.wsgi [req-ee573e55-e13d-40d7-8494-69c6f711ff19 req-fc80d45e-7446-4297-84ed-5f884798dfdb 12cea10d8690477eb8853427bac7c580 b32dca31434641b4af8255e1be4e6709 - - default default] 10.0.0.62 "GET /v2.0/security-groups?name=tempest-secgroup-smoke-1254316542&fields=id&tenant_id=b32dca31434641b4af8255e1be4e6709 HTTP/1.1" status: 200 len: 267 time: 0.0484827
2026-07-21 22:11:55.957 10 INFO neutron.wsgi [req-ee573e55-e13d-40d7-8494-69c6f711ff19 req-e14ad1bb-6666-4d89-8e97-afc288c638bf 12cea10d8690477eb8853427bac7c580 b32dca31434641b4af8255e1be4e6709 - - default default] 10.0.0.62 "GET /v2.0/networks?id=bf067056-8a27-46ab-b20a-b35921fde4da HTTP/1.1" status: 200 len: 871 time: 0.0964012
2026-07-21 22:11:55.981 10 INFO neutron.wsgi [req-ee573e55-e13d-40d7-8494-69c6f711ff19 req-2d6e26ac-4ac7-4504-8de1-795ee7c21edc 12cea10d8690477eb8853427bac7c580 b32dca31434641b4af8255e1be4e6709 - - default default] 10.0.0.62 "GET /v2.0/quotas/b32dca31434641b4af8255e1be4e6709 HTTP/1.1" status: 200 len: 386 time: 0.0120153
2026-07-21 22:11:56.044 9 WARNING neutron.scheduler.dhcp_agent_scheduler [None req-3f2d6590-e577-4161-9041-b9f43a074783 a84eadf7cdfa4fae926d85fd23e5ae37 99eaed1df45a4af38da926155de1c1fb - - - -] No more DHCP agents
2026-07-21 22:11:56.046 9 WARNING neutron.api.rpc.agentnotifiers.dhcp_rpc_agent_api [None req-3f2d6590-e577-4161-9041-b9f43a074783 a84eadf7cdfa4fae926d85fd23e5ae37 99eaed1df45a4af38da926155de1c1fb - - - -] Unable to schedule network e74355e9-daa6-4162-a639-8a32e0ea9ff0: no agents available; will retry on subsequent port and subnet creation events.
2026-07-21 22:11:56.087 10 WARNING neutron.scheduler.dhcp_agent_scheduler [None req-15d8ef10-9ede-4015-8c18-8695a96d26fd 8d727033904a4792bb011b0649c8fe6f 1de02000ce4b41e8ab6d24d6b9627592 - - - -] No more DHCP agents
2026-07-21 22:11:56.092 10 WARNING neutron.api.rpc.agentnotifiers.dhcp_rpc_agent_api [None req-15d8ef10-9ede-4015-8c18-8695a96d26fd 8d727033904a4792bb011b0649c8fe6f 1de02000ce4b41e8ab6d24d6b9627592 - - - -] Unable to schedule network 45bcbf7b-d99e-43dc-987f-b87f9a97ab25: no agents available; will retry on subsequent port and subnet creation events.
2026-07-21 22:11:56.108 9 INFO neutron.db.ovn_revision_numbers_db [None req-3f2d6590-e577-4161-9041-b9f43a074783 a84eadf7cdfa4fae926d85fd23e5ae37 99eaed1df45a4af38da926155de1c1fb - - - -] Successfully bumped revision number for resource 51c82e4e-b234-4be2-aa8b-8726f70fb24e (type: ports) to 1
2026-07-21 22:11:56.116 10 INFO neutron.wsgi [req-ee573e55-e13d-40d7-8494-69c6f711ff19 req-322858b4-cb1d-4c07-8a0e-152106c6dc68 12cea10d8690477eb8853427bac7c580 b32dca31434641b4af8255e1be4e6709 - - default default] 10.0.0.62 "GET /v2.0/ports?tenant_id=b32dca31434641b4af8255e1be4e6709&fields=id HTTP/1.1" status: 200 len: 302 time: 0.1273553
2026-07-21 22:11:56.125 9 INFO neutron.wsgi [None req-3f2d6590-e577-4161-9041-b9f43a074783 a84eadf7cdfa4fae926d85fd23e5ae37 99eaed1df45a4af38da926155de1c1fb - - - -] 10.0.0.116 "POST /v2.0/networks HTTP/1.1" status: 201 len: 829 time: 0.5316215
2026-07-21 22:11:56.204 10 INFO neutron.db.ovn_revision_numbers_db [None req-15d8ef10-9ede-4015-8c18-8695a96d26fd 8d727033904a4792bb011b0649c8fe6f 1de02000ce4b41e8ab6d24d6b9627592 - - - -] Successfully bumped revision number for resource 608711be-f090-4c0c-80fe-f61ab8b451f7 (type: ports) to 1
2026-07-21 22:11:56.211 10 INFO neutron.wsgi [req-ee573e55-e13d-40d7-8494-69c6f711ff19 req-c16e97b3-9d33-44c7-ab9d-dc83feeb7a48 b240058b33e640b08ca027793d4a2929 7e304895c205435cba65cc2763387986 - - 5fa42b4933be45809bb7aed0a16706c5 5fa42b4933be45809bb7aed0a16706c5] 10.0.0.62 "GET /v2.0/networks/bf067056-8a27-46ab-b20a-b35921fde4da?fields=segments HTTP/1.1" status: 200 len: 212 time: 0.0797179
2026-07-21 22:11:56.235 10 INFO neutron.wsgi [None req-15d8ef10-9ede-4015-8c18-8695a96d26fd 8d727033904a4792bb011b0649c8fe6f 1de02000ce4b41e8ab6d24d6b9627592 - - - -] 10.0.0.116 "POST /v2.0/networks HTTP/1.1" status: 201 len: 847 time: 0.6337767
2026-07-21 22:11:56.292 10 INFO neutron.services.segments.plugin [-] Segment 5d2f435e-cddb-4bfd-bd38-bd67106c9ef1 resource provider aggregate not found
2026-07-21 22:11:56.302 10 INFO neutron.services.segments.plugin [-] Segment 5d2f435e-cddb-4bfd-bd38-bd67106c9ef1 resource provider aggregate not found
2026-07-21 22:11:56.317 10 INFO neutron.wsgi [req-ee573e55-e13d-40d7-8494-69c6f711ff19 req-488d7a8b-fec4-4b2c-a5b6-6e318f4e8224 b240058b33e640b08ca027793d4a2929 7e304895c205435cba65cc2763387986 - - 5fa42b4933be45809bb7aed0a16706c5 5fa42b4933be45809bb7aed0a16706c5] 10.0.0.62 "GET /v2.0/networks/bf067056-8a27-46ab-b20a-b35921fde4da?fields=provider%3Aphysical_network&fields=provider%3Anetwork_type HTTP/1.1" status: 200 len: 277 time: 0.0955315
2026-07-21 22:11:56.319 10 INFO neutron.services.segments.plugin [-] Segment 5d2f435e-cddb-4bfd-bd38-bd67106c9ef1 resource provider not found; error: Placement Client Error (4xx): {"errors": [{"status": 404, "title": "Not Found", "detail": "The resource could not be found.\n\n No resource provider with uuid 5d2f435e-cddb-4bfd-bd38-bd67106c9ef1 found for delete ", "request_id": "req-452e4ce4-22c5-4ce6-937e-d63415f63516"}]}
2026-07-21 22:11:56.332 10 INFO neutron.services.segments.plugin [-] Segment 5d2f435e-cddb-4bfd-bd38-bd67106c9ef1 resource provider not found; error: Placement Client Error (4xx): {"errors": [{"status": 404, "title": "Not Found", "detail": "The resource could not be found.\n\n No resource provider with uuid 5d2f435e-cddb-4bfd-bd38-bd67106c9ef1 found for delete ", "request_id": "req-9aed3346-f008-4fb7-9fb2-c8317ee7436d"}]}
2026-07-21 22:11:56.339 10 INFO neutron.services.segments.plugin [-] Segment cc08a8d1-f43e-4864-a6a4-d213ac1a3633 resource provider aggregate not found
2026-07-21 22:11:56.353 10 INFO neutron.services.segments.plugin [-] Segment cc08a8d1-f43e-4864-a6a4-d213ac1a3633 resource provider aggregate not found
2026-07-21 22:11:56.360 10 INFO neutron.services.segments.plugin [-] Segment cc08a8d1-f43e-4864-a6a4-d213ac1a3633 resource provider not found; error: Placement Client Error (4xx): {"errors": [{"status": 404, "title": "Not Found", "detail": "The resource could not be found.\n\n No resource provider with uuid cc08a8d1-f43e-4864-a6a4-d213ac1a3633 found for delete ", "request_id": "req-2c9ba0c7-4b8d-4abb-b12d-511fc0a87ef4"}]}
2026-07-21 22:11:56.370 10 INFO neutron.services.segments.plugin [-] Segment cc08a8d1-f43e-4864-a6a4-d213ac1a3633 resource provider not found; error: Placement Client Error (4xx): {"errors": [{"status": 404, "title": "Not Found", "detail": "The resource could not be found.\n\n No resource provider with uuid cc08a8d1-f43e-4864-a6a4-d213ac1a3633 found for delete ", "request_id": "req-8d103224-e786-44bc-951d-259d94178b88"}]}
2026-07-21 22:11:56.485 9 INFO neutron.db.ovn_revision_numbers_db [None req-62e36f64-a0ff-4619-95a6-cf4447c61d97 8d727033904a4792bb011b0649c8fe6f 1de02000ce4b41e8ab6d24d6b9627592 - - - -] Successfully bumped revision number for resource 45bcbf7b-d99e-43dc-987f-b87f9a97ab25 (type: networks) to 2
2026-07-21 22:11:56.489 9 INFO neutron.wsgi [None req-62e36f64-a0ff-4619-95a6-cf4447c61d97 8d727033904a4792bb011b0649c8fe6f 1de02000ce4b41e8ab6d24d6b9627592 - - - -] 10.0.0.116 "PUT /v2.0/networks/45bcbf7b-d99e-43dc-987f-b87f9a97ab25 HTTP/1.1" status: 200 len: 792 time: 0.2496960
2026-07-21 22:11:56.506 9 WARNING neutron.scheduler.dhcp_agent_scheduler [None req-cf559ad9-09da-401b-8603-1e5aa1760879 a84eadf7cdfa4fae926d85fd23e5ae37 99eaed1df45a4af38da926155de1c1fb - - - -] No more DHCP agents
2026-07-21 22:11:56.508 9 WARNING neutron.api.rpc.agentnotifiers.dhcp_rpc_agent_api [None req-cf559ad9-09da-401b-8603-1e5aa1760879 a84eadf7cdfa4fae926d85fd23e5ae37 99eaed1df45a4af38da926155de1c1fb - - - -] Unable to schedule network e74355e9-daa6-4162-a639-8a32e0ea9ff0: no agents available; will retry on subsequent port and subnet creation events.
2026-07-21 22:11:56.560 10 WARNING neutron.plugins.ml2.drivers.ovn.mech_driver.ovsdb.ovn_client [None req-58c51a0d-b544-4932-b343-a9faa2598fbf - - - - - -] No port found with ID b0b8e31f-ad80-48a5-a772-5f9d25ee3c2a: RuntimeError: No port found with ID b0b8e31f-ad80-48a5-a772-5f9d25ee3c2a
2026-07-21 22:11:56.586 10 INFO neutron.wsgi [req-cae5d5c0-eb36-4c5f-b5bc-066bcf6b42b4 req-e48c3f60-9f01-4deb-9cd9-8e5da68d948a 12cea10d8690477eb8853427bac7c580 b32dca31434641b4af8255e1be4e6709 - - default default] 10.0.0.62 "GET /v2.0/ports?device_id=669f3a42-9a11-480d-87bf-fe5e1d0aac69 HTTP/1.1" status: 200 len: 210 time: 0.0567195
2026-07-21 22:11:56.821 10 WARNING neutron.scheduler.dhcp_agent_scheduler [None req-cccff2b6-123f-4e10-9083-59063c41c49a 8d727033904a4792bb011b0649c8fe6f 1de02000ce4b41e8ab6d24d6b9627592 - - - -] No more DHCP agents
2026-07-21 22:11:56.824 10 WARNING neutron.api.rpc.agentnotifiers.dhcp_rpc_agent_api [None req-cccff2b6-123f-4e10-9083-59063c41c49a 8d727033904a4792bb011b0649c8fe6f 1de02000ce4b41e8ab6d24d6b9627592 - - - -] Unable to schedule network 45bcbf7b-d99e-43dc-987f-b87f9a97ab25: no agents available; will retry on subsequent port and subnet creation events.
2026-07-21 22:11:56.840 10 INFO neutron.db.ovn_revision_numbers_db [None req-cccff2b6-123f-4e10-9083-59063c41c49a 8d727033904a4792bb011b0649c8fe6f 1de02000ce4b41e8ab6d24d6b9627592 - - - -] Successfully bumped revision number for resource 898f0848-3c25-44a6-9954-92037f6eb5b7 (type: subnets) to 0
2026-07-21 22:11:56.857 10 INFO neutron.wsgi [None req-cccff2b6-123f-4e10-9083-59063c41c49a 8d727033904a4792bb011b0649c8fe6f 1de02000ce4b41e8ab6d24d6b9627592 - - - -] 10.0.0.116 "POST /v2.0/subnets HTTP/1.1" status: 201 len: 821 time: 0.3629842
2026-07-21 22:11:57.067 9 INFO neutron.db.ovn_revision_numbers_db [None req-cf559ad9-09da-401b-8603-1e5aa1760879 a84eadf7cdfa4fae926d85fd23e5ae37 99eaed1df45a4af38da926155de1c1fb - - - -] Successfully bumped revision number for resource 51c82e4e-b234-4be2-aa8b-8726f70fb24e (type: ports) to 2
2026-07-21 22:11:57.080 9 INFO neutron.db.ovn_revision_numbers_db [None req-0dfac665-2cf4-4668-8e33-f15d320335a4 a179550bd99a4fd6af3a5e6f28150aeb 9e55c4fc1fa7418d8af6eabbdbfc05de - - - -] Successfully bumped revision number for resource 3690272f-dbc6-455a-aab1-f1c516764934 (type: security_groups) to 1
2026-07-21 22:11:57.096 9 INFO neutron.db.ovn_revision_numbers_db [None req-cf559ad9-09da-401b-8603-1e5aa1760879 a84eadf7cdfa4fae926d85fd23e5ae37 99eaed1df45a4af38da926155de1c1fb - - - -] Successfully bumped revision number for resource 4a60e347-2323-4eb5-bafd-c02a41f377a8 (type: subnets) to 0
2026-07-21 22:11:57.116 9 INFO neutron.wsgi [None req-cf559ad9-09da-401b-8603-1e5aa1760879 a84eadf7cdfa4fae926d85fd23e5ae37 99eaed1df45a4af38da926155de1c1fb - - - -] 10.0.0.116 "POST /v2.0/subnets HTTP/1.1" status: 201 len: 801 time: 0.9860253
2026-07-21 22:11:57.141 9 INFO neutron.db.segments_db [None req-0dfac665-2cf4-4668-8e33-f15d320335a4 a179550bd99a4fd6af3a5e6f28150aeb 9e55c4fc1fa7418d8af6eabbdbfc05de - - - -] Added segment b5478418-ab5e-461f-a1ea-bff3d95e9fa8 of type geneve for network f20fa6bb-e91d-4d9e-acd2-234c5308438c
2026-07-21 22:11:57.612 9 INFO neutron.wsgi [req-ee573e55-e13d-40d7-8494-69c6f711ff19 req-793caa09-bc00-47f7-b89c-acdb6b970ee8 12cea10d8690477eb8853427bac7c580 b32dca31434641b4af8255e1be4e6709 - - default default] 199.19.213.130 "GET /v2.0/networks?id=bf067056-8a27-46ab-b20a-b35921fde4da HTTP/1.1" status: 200 len: 871 time: 0.4141867
2026-07-21 22:11:57.635 9 INFO neutron.db.ovn_revision_numbers_db [None req-0dfac665-2cf4-4668-8e33-f15d320335a4 a179550bd99a4fd6af3a5e6f28150aeb 9e55c4fc1fa7418d8af6eabbdbfc05de - - - -] Successfully bumped revision number for resource f20fa6bb-e91d-4d9e-acd2-234c5308438c (type: networks) to 1
2026-07-21 22:11:57.649 9 INFO neutron.db.ovn_revision_numbers_db [None req-84f72e0d-b902-4650-9286-7fea3bb11ee7 a84eadf7cdfa4fae926d85fd23e5ae37 99eaed1df45a4af38da926155de1c1fb - - - -] Successfully bumped revision number for resource 3a2c891a-70c6-4f5e-937a-aa047e3a0bf5 (type: routers) to 1
2026-07-21 22:11:57.685 9 INFO neutron.wsgi [None req-84f72e0d-b902-4650-9286-7fea3bb11ee7 a84eadf7cdfa4fae926d85fd23e5ae37 99eaed1df45a4af38da926155de1c1fb - - - -] 10.0.0.116 "POST /v2.0/routers HTTP/1.1" status: 201 len: 686 time: 0.5630479
2026-07-21 22:11:57.689 10 INFO neutron.wsgi [req-649a89ed-204d-4a39-ad63-b5a855b9bac7 req-2f79fb9c-8ef1-46c2-bc67-75c3c22b4e4b 12cea10d8690477eb8853427bac7c580 b32dca31434641b4af8255e1be4e6709 - - default default] 10.0.0.62 "GET /v2.0/ports?device_id=669f3a42-9a11-480d-87bf-fe5e1d0aac69 HTTP/1.1" status: 200 len: 210 time: 0.0277061
2026-07-21 22:11:57.730 9 INFO neutron.wsgi [req-ee573e55-e13d-40d7-8494-69c6f711ff19 req-34269d08-d782-434c-8f00-882a75917cba 12cea10d8690477eb8853427bac7c580 b32dca31434641b4af8255e1be4e6709 - - default default] 199.19.213.130 "GET /v2.0/security-groups?fields=id&fields=name&tenant_id=b32dca31434641b4af8255e1be4e6709 HTTP/1.1" status: 200 len: 472 time: 0.1036479
2026-07-21 22:11:57.867 9 WARNING neutron.scheduler.dhcp_agent_scheduler [None req-0dfac665-2cf4-4668-8e33-f15d320335a4 a179550bd99a4fd6af3a5e6f28150aeb 9e55c4fc1fa7418d8af6eabbdbfc05de - - - -] No more DHCP agents
2026-07-21 22:11:57.871 9 WARNING neutron.api.rpc.agentnotifiers.dhcp_rpc_agent_api [None req-0dfac665-2cf4-4668-8e33-f15d320335a4 a179550bd99a4fd6af3a5e6f28150aeb 9e55c4fc1fa7418d8af6eabbdbfc05de - - - -] Unable to schedule network f20fa6bb-e91d-4d9e-acd2-234c5308438c: no agents available; will retry on subsequent port and subnet creation events.
2026-07-21 22:11:57.962 9 INFO neutron.db.ovn_revision_numbers_db [None req-0dfac665-2cf4-4668-8e33-f15d320335a4 a179550bd99a4fd6af3a5e6f28150aeb 9e55c4fc1fa7418d8af6eabbdbfc05de - - - -] Successfully bumped revision number for resource 09ea7913-101e-4486-8248-689d41e9a751 (type: ports) to 1
2026-07-21 22:11:57.990 9 INFO neutron.wsgi [None req-0dfac665-2cf4-4668-8e33-f15d320335a4 a179550bd99a4fd6af3a5e6f28150aeb 9e55c4fc1fa7418d8af6eabbdbfc05de - - - -] 10.0.0.116 "POST /v2.0/networks HTTP/1.1" status: 201 len: 945 time: 1.3469875
2026-07-21 22:11:58.172 10 WARNING neutron.scheduler.dhcp_agent_scheduler [None req-a3f95670-0b13-4dc8-ac88-405b39688b87 a84eadf7cdfa4fae926d85fd23e5ae37 99eaed1df45a4af38da926155de1c1fb - - - -] No more DHCP agents
2026-07-21 22:11:58.177 10 WARNING neutron.api.rpc.agentnotifiers.dhcp_rpc_agent_api [None req-a3f95670-0b13-4dc8-ac88-405b39688b87 a84eadf7cdfa4fae926d85fd23e5ae37 99eaed1df45a4af38da926155de1c1fb - - - -] Unable to schedule network e74355e9-daa6-4162-a639-8a32e0ea9ff0: no agents available; will retry on subsequent port and subnet creation events.
2026-07-21 22:11:58.210 10 INFO neutron.db.ovn_revision_numbers_db [None req-aa87b861-bd78-41c6-ba4f-1695b89ab068 8d727033904a4792bb011b0649c8fe6f 1de02000ce4b41e8ab6d24d6b9627592 - - - -] Successfully bumped revision number for resource 608711be-f090-4c0c-80fe-f61ab8b451f7 (type: ports) to 2
2026-07-21 22:11:58.224 9 WARNING neutron.scheduler.dhcp_agent_scheduler [None req-dad840ff-eeed-4f18-b7dd-cd8f5fb0a8c5 a179550bd99a4fd6af3a5e6f28150aeb 9e55c4fc1fa7418d8af6eabbdbfc05de - - - -] No more DHCP agents
2026-07-21 22:11:58.227 9 WARNING neutron.scheduler.dhcp_agent_scheduler [None req-8f7fe78c-b23f-4f50-b468-37fb33c300cc 12cea10d8690477eb8853427bac7c580 b32dca31434641b4af8255e1be4e6709 - - - -] No more DHCP agents
2026-07-21 22:11:58.229 9 WARNING neutron.api.rpc.agentnotifiers.dhcp_rpc_agent_api [None req-dad840ff-eeed-4f18-b7dd-cd8f5fb0a8c5 a179550bd99a4fd6af3a5e6f28150aeb 9e55c4fc1fa7418d8af6eabbdbfc05de - - - -] Unable to schedule network f20fa6bb-e91d-4d9e-acd2-234c5308438c: no agents available; will retry on subsequent port and subnet creation events.
2026-07-21 22:11:58.231 9 WARNING neutron.api.rpc.agentnotifiers.dhcp_rpc_agent_api [None req-8f7fe78c-b23f-4f50-b468-37fb33c300cc 12cea10d8690477eb8853427bac7c580 b32dca31434641b4af8255e1be4e6709 - - - -] Unable to schedule network bf067056-8a27-46ab-b20a-b35921fde4da: no agents available; will retry on subsequent port and subnet creation events.
2026-07-21 22:11:58.236 10 INFO neutron.db.ovn_revision_numbers_db [None req-aa87b861-bd78-41c6-ba4f-1695b89ab068 8d727033904a4792bb011b0649c8fe6f 1de02000ce4b41e8ab6d24d6b9627592 - - - -] Successfully bumped revision number for resource 898f0848-3c25-44a6-9954-92037f6eb5b7 (type: subnets) to 1
2026-07-21 22:11:58.239 10 INFO neutron.wsgi [None req-aa87b861-bd78-41c6-ba4f-1695b89ab068 8d727033904a4792bb011b0649c8fe6f 1de02000ce4b41e8ab6d24d6b9627592 - - - -] 10.0.0.116 "PUT /v2.0/subnets/898f0848-3c25-44a6-9954-92037f6eb5b7 HTTP/1.1" status: 200 len: 826 time: 1.3748274 /var/lib/openstack/lib/python3.10/site-packages/pycadf/identifier.py:71: UserWarning: Invalid uuid: neutron. To ensure interoperability, identifiers should be a valid uuid. warnings.warn(('Invalid uuid: %s. To ensure interoperability, '
2026-07-21 22:11:58.354 10 INFO neutron.db.ovn_revision_numbers_db [None req-a3f95670-0b13-4dc8-ac88-405b39688b87 a84eadf7cdfa4fae926d85fd23e5ae37 99eaed1df45a4af38da926155de1c1fb - - - -] Successfully bumped revision number for resource b81cb007-5744-431b-be5a-32e1ea6d3438 (type: ports) to 1
2026-07-21 22:11:58.378 10 INFO neutron.wsgi [None req-a3f95670-0b13-4dc8-ac88-405b39688b87 a84eadf7cdfa4fae926d85fd23e5ae37 99eaed1df45a4af38da926155de1c1fb - - - -] 10.0.0.116 "POST /v2.0/ports HTTP/1.1" status: 201 len: 1146 time: 0.6874385 /var/lib/openstack/lib/python3.10/site-packages/pycadf/identifier.py:71: UserWarning: Invalid uuid: neutron. To ensure interoperability, identifiers should be a valid uuid. warnings.warn(('Invalid uuid: %s. To ensure interoperability, '
2026-07-21 22:11:58.472 9 INFO neutron.db.ovn_revision_numbers_db [None req-8f7fe78c-b23f-4f50-b468-37fb33c300cc 12cea10d8690477eb8853427bac7c580 b32dca31434641b4af8255e1be4e6709 - - - -] Successfully bumped revision number for resource ae613066-f9bd-44aa-af98-0e6319d9fca4 (type: ports) to 1
2026-07-21 22:11:58.526 9 INFO neutron.wsgi [None req-8f7fe78c-b23f-4f50-b468-37fb33c300cc 12cea10d8690477eb8853427bac7c580 b32dca31434641b4af8255e1be4e6709 - - - -] 199.19.213.130 "POST /v2.0/ports HTTP/1.1" status: 201 len: 1197 time: 0.7858684
2026-07-21 22:11:58.820 10 INFO neutron.services.segments.plugin [-] Segment 7bd22c61-3a29-4686-a778-bf0155a07594 resource provider aggregate not found
2026-07-21 22:11:58.832 10 INFO neutron.services.segments.plugin [-] Segment 7bd22c61-3a29-4686-a778-bf0155a07594 resource provider aggregate not found
2026-07-21 22:11:58.844 10 INFO neutron.wsgi [req-655e0b61-5072-4c29-9378-97548693afca req-3ef95c71-37c4-4623-9364-301be3cb9948 12cea10d8690477eb8853427bac7c580 b32dca31434641b4af8255e1be4e6709 - - default default] 10.0.0.62 "GET /v2.0/ports?device_id=669f3a42-9a11-480d-87bf-fe5e1d0aac69 HTTP/1.1" status: 200 len: 1195 time: 0.0906804
2026-07-21 22:11:58.854 10 INFO neutron.services.segments.plugin [-] Segment 7bd22c61-3a29-4686-a778-bf0155a07594 resource provider not found; error: Placement Client Error (4xx): {"errors": [{"status": 404, "title": "Not Found", "detail": "The resource could not be found.\n\n No resource provider with uuid 7bd22c61-3a29-4686-a778-bf0155a07594 found for delete ", "request_id": "req-1b0de28b-5b63-4123-ab6d-04b8932ab914"}]}
2026-07-21 22:11:58.876 10 INFO neutron.services.segments.plugin [-] Segment 7bd22c61-3a29-4686-a778-bf0155a07594 resource provider not found; error: Placement Client Error (4xx): {"errors": [{"status": 404, "title": "Not Found", "detail": "The resource could not be found.\n\n No resource provider with uuid 7bd22c61-3a29-4686-a778-bf0155a07594 found for delete ", "request_id": "req-1fae1356-b407-4751-aa24-e17b626ae5db"}]}
2026-07-21 22:11:58.917 10 INFO neutron.wsgi [req-655e0b61-5072-4c29-9378-97548693afca req-69511cc4-67b4-42d2-9656-a6ca04813b25 12cea10d8690477eb8853427bac7c580 b32dca31434641b4af8255e1be4e6709 - - default default] 10.0.0.62 "GET /v2.0/security-groups?id=3c771648-5317-4aaf-a809-68826ceeba4f&id=a2bab57f-5b54-4f2c-98c2-3fd1611e8288&fields=id&fields=name HTTP/1.1" status: 200 len: 405 time: 0.0606587
2026-07-21 22:11:58.930 10 INFO neutron.wsgi [None req-7fb0aee5-4f47-423b-a8a5-abf39b208f16 8d727033904a4792bb011b0649c8fe6f 1de02000ce4b41e8ab6d24d6b9627592 - - - -] 10.0.0.116 "DELETE /v2.0/networks/45bcbf7b-d99e-43dc-987f-b87f9a97ab25 HTTP/1.1" status: 204 len: 168 time: 0.6837254
2026-07-21 22:11:58.951 10 INFO neutron.pecan_wsgi.hooks.translation [None req-5edc79f5-d381-455a-aecc-f539b4a36b6d 8d727033904a4792bb011b0649c8fe6f 1de02000ce4b41e8ab6d24d6b9627592 - - - -] DELETE failed (client error): The resource could not be found.
2026-07-21 22:11:58.953 10 INFO neutron.wsgi [None req-5edc79f5-d381-455a-aecc-f539b4a36b6d 8d727033904a4792bb011b0649c8fe6f 1de02000ce4b41e8ab6d24d6b9627592 - - - -] 10.0.0.116 "DELETE /v2.0/networks/45bcbf7b-d99e-43dc-987f-b87f9a97ab25 HTTP/1.1" status: 404 len: 339 time: 0.0147069
2026-07-21 22:11:59.064 10 INFO neutron.wsgi [None req-91ae8df2-535c-4130-a79e-dd775c12d2e3 8d727033904a4792bb011b0649c8fe6f 1de02000ce4b41e8ab6d24d6b9627592 - - default default] 10.0.0.116 "GET /v2.0/networks?router%3Aexternal=True HTTP/1.1" status: 200 len: 845 time: 0.1035130
2026-07-21 22:11:59.111 10 INFO neutron.wsgi [None req-1fba0ac8-1b82-4981-b9d3-af9538f7bba2 8d727033904a4792bb011b0649c8fe6f 1de02000ce4b41e8ab6d24d6b9627592 - - default default] 10.0.0.116 "GET /v2.0/subnets?network_id=526b6b94-2985-444b-8360-bdb71d9ad5a1 HTTP/1.1" status: 200 len: 820 time: 0.0426493
