2026-07-24 18:06:47.498 15 INFO neutron.plugins.ml2.drivers.ovn.mech_driver.ovsdb.maintenance [None req-7a9abb31-de4a-4daa-bebd-2666c372f937 - - - - - -] OVN maintenance task set_network_type finished in 0.006 seconds
2026-07-24 18:06:47.499 15 INFO neutron.plugins.ml2.drivers.ovn.mech_driver.ovsdb.maintenance [None req-7a9abb31-de4a-4daa-bebd-2666c372f937 - - - - - -] OVN maintenance task update_mac_aging_settings finished in 0.001 seconds
2026-07-24 18:06:47.506 15 INFO neutron.plugins.ml2.drivers.ovn.mech_driver.ovsdb.maintenance [None req-7a9abb31-de4a-4daa-bebd-2666c372f937 - - - - - -] OVN maintenance task update_router_distributed_flag finished in 0.007 seconds
2026-07-24 18:06:47.507 15 INFO neutron.plugins.ml2.drivers.ovn.mech_driver.ovsdb.maintenance [None req-7a9abb31-de4a-4daa-bebd-2666c372f937 - - - - - -] OVN maintenance task update_router_static_routes finished in 0.000 seconds
2026-07-24 18:06:47.518 15 INFO neutron.plugins.ml2.drivers.ovn.mech_driver.ovsdb.maintenance [None req-7a9abb31-de4a-4daa-bebd-2666c372f937 - - - - - -] OVN maintenance task update_security_group_with_address_group finished in 0.011 seconds
2026-07-24 18:06:53.992 10 INFO neutron.api.wsgi [-] 10.0.0.154 "GET / HTTP/1.1" status: 200 len: 247 time: 0.0045223 /var/lib/openstack/lib/python3.12/site-packages/pycadf/identifier.py:71: UserWarning: Invalid uuid: unknown. To ensure interoperability, identifiers should be a valid uuid. warnings.warn(('Invalid uuid: %s. To ensure interoperability, '
2026-07-24 18:06:55.839 9 INFO neutron.pecan_wsgi.hooks.translation [None req-f6ce0947-f95d-4a5d-bbb1-ad3a4008762d 063efc6101d343f19e735939ef7d7eb5 ef886f3595684d62917dbe9a7c3085e1 - - default default] GET failed (client error): The resource could not be found.
2026-07-24 18:06:55.841 9 INFO neutron.api.wsgi [None req-f6ce0947-f95d-4a5d-bbb1-ad3a4008762d 063efc6101d343f19e735939ef7d7eb5 ef886f3595684d62917dbe9a7c3085e1 - - default default] 199.204.45.53,10.0.0.154 "GET /v2.0/networks/public HTTP/1.1" status: 404 len: 290 time: 0.6071560
2026-07-24 18:06:55.861 9 INFO neutron.api.wsgi [None req-fee92773-a3b1-4610-b045-0f0566eef96b 063efc6101d343f19e735939ef7d7eb5 ef886f3595684d62917dbe9a7c3085e1 - - default default] 199.204.45.53,10.0.0.154 "GET /v2.0/networks?name=public HTTP/1.1" status: 200 len: 189 time: 0.0161879
2026-07-24 18:06:56.109 9 INFO neutron.plugins.ml2.drivers.ovn.mech_driver.ovsdb.extensions.qos [None req-d920717e-f861-42d6-9eb0-f3d740a8a414 063efc6101d343f19e735939ef7d7eb5 ef886f3595684d62917dbe9a7c3085e1 - - default default] Starting OVNClientQosExtension
2026-07-24 18:06:56.110 9 INFO neutron.plugins.ml2.drivers.ovn.mech_driver.ovsdb.extensions.placement [None req-d920717e-f861-42d6-9eb0-f3d740a8a414 063efc6101d343f19e735939ef7d7eb5 ef886f3595684d62917dbe9a7c3085e1 - - default default] Starting OVNClientPlacementExtension
2026-07-24 18:06:56.149 9 INFO neutron.db.ovn_revision_numbers_db [None req-d920717e-f861-42d6-9eb0-f3d740a8a414 063efc6101d343f19e735939ef7d7eb5 ef886f3595684d62917dbe9a7c3085e1 - - default default] Successfully bumped revision number for resource 3a60022d-2181-4aad-a404-dfe60bfc0777 (type: security_groups) to 1
2026-07-24 18:06:56.165 9 INFO neutron.db.ovn_revision_numbers_db [None req-d920717e-f861-42d6-9eb0-f3d740a8a414 063efc6101d343f19e735939ef7d7eb5 ef886f3595684d62917dbe9a7c3085e1 - - default default] Successfully bumped revision number for resource 0fd2bdfb-6d1e-4657-85f7-cb1daaf6e587 (type: security_group_rules) to 0
2026-07-24 18:06:56.176 9 INFO neutron.db.ovn_revision_numbers_db [None req-d920717e-f861-42d6-9eb0-f3d740a8a414 063efc6101d343f19e735939ef7d7eb5 ef886f3595684d62917dbe9a7c3085e1 - - default default] Successfully bumped revision number for resource 10b08b55-2e42-47d4-8027-632ad905e153 (type: security_group_rules) to 0
2026-07-24 18:06:56.187 9 INFO neutron.db.ovn_revision_numbers_db [None req-d920717e-f861-42d6-9eb0-f3d740a8a414 063efc6101d343f19e735939ef7d7eb5 ef886f3595684d62917dbe9a7c3085e1 - - default default] Successfully bumped revision number for resource 8cddebcf-20be-4f49-80d8-ab922a0e8f7c (type: security_group_rules) to 0
2026-07-24 18:06:56.199 9 INFO neutron.db.ovn_revision_numbers_db [None req-d920717e-f861-42d6-9eb0-f3d740a8a414 063efc6101d343f19e735939ef7d7eb5 ef886f3595684d62917dbe9a7c3085e1 - - default default] Successfully bumped revision number for resource de0685e1-0001-4bae-9718-d97eb3f75c13 (type: security_group_rules) to 0
2026-07-24 18:06:56.270 9 WARNING neutron.services.revisions.revision_plugin [None req-d920717e-f861-42d6-9eb0-f3d740a8a414 063efc6101d343f19e735939ef7d7eb5 ef886f3595684d62917dbe9a7c3085e1 - - default default] Could not find related network for resource to bump revision.
2026-07-24 18:06:56.300 9 INFO neutron.db.segments_db [None req-d920717e-f861-42d6-9eb0-f3d740a8a414 063efc6101d343f19e735939ef7d7eb5 ef886f3595684d62917dbe9a7c3085e1 - - default default] Added segment 9cc12411-4956-4727-b274-cdd6fa48e5bb of type flat for network 518169f3-51e0-458d-b557-2558539bec39
2026-07-24 18:06:56.456 9 INFO neutron.db.ovn_revision_numbers_db [None req-d920717e-f861-42d6-9eb0-f3d740a8a414 063efc6101d343f19e735939ef7d7eb5 ef886f3595684d62917dbe9a7c3085e1 - - default default] Successfully bumped revision number for resource 518169f3-51e0-458d-b557-2558539bec39 (type: networks) to 1
2026-07-24 18:06:56.677 9 WARNING neutron.scheduler.dhcp_agent_scheduler [None req-d920717e-f861-42d6-9eb0-f3d740a8a414 063efc6101d343f19e735939ef7d7eb5 ef886f3595684d62917dbe9a7c3085e1 - - default default] No more DHCP agents
2026-07-24 18:06:56.678 9 WARNING neutron.api.rpc.agentnotifiers.dhcp_rpc_agent_api [None req-d920717e-f861-42d6-9eb0-f3d740a8a414 063efc6101d343f19e735939ef7d7eb5 ef886f3595684d62917dbe9a7c3085e1 - - default default] Unable to schedule network 518169f3-51e0-458d-b557-2558539bec39: no agents available; will retry on subsequent port and subnet creation events.
2026-07-24 18:06:56.766 9 INFO neutron.db.ovn_revision_numbers_db [None req-d920717e-f861-42d6-9eb0-f3d740a8a414 063efc6101d343f19e735939ef7d7eb5 ef886f3595684d62917dbe9a7c3085e1 - - default default] Successfully bumped revision number for resource 69a2c87b-82dd-442e-a1d9-ce8bfaccebf9 (type: ports) to 1
2026-07-24 18:06:56.790 9 INFO neutron.api.wsgi [None req-d920717e-f861-42d6-9eb0-f3d740a8a414 063efc6101d343f19e735939ef7d7eb5 ef886f3595684d62917dbe9a7c3085e1 - - default default] 199.204.45.53,10.0.0.154 "POST /v2.0/networks HTTP/1.1" status: 201 len: 886 time: 0.9244449
2026-07-24 18:06:57.312 15 WARNING neutron.plugins.ml2.drivers.ovn.mech_driver.ovsdb.ovn_db_sync [None req-8db019c7-6de9-423f-85e6-d9eb8eb51f72 - - - - - -] New host instance found in OVN SB DB, but not in Neutron. Add its SegmentHostMapping in Neutron
2026-07-24 18:06:57.509 15 INFO neutron.plugins.ml2.drivers.ovn.mech_driver.ovsdb.extensions.qos [None req-2452689a-e78d-40c5-a72e-e42baa1ca9e9 - - - - - -] Starting OVNClientQosExtension
2026-07-24 18:06:57.526 15 INFO neutron.plugins.ml2.drivers.ovn.mech_driver.ovsdb.extensions.qos [None req-2452689a-e78d-40c5-a72e-e42baa1ca9e9 - - - - - -] Starting OVNClientQosExtension
2026-07-24 18:06:57.896 9 INFO neutron.pecan_wsgi.hooks.translation [None req-05f8b75d-968b-425a-b080-77361cbf7a43 063efc6101d343f19e735939ef7d7eb5 ef886f3595684d62917dbe9a7c3085e1 - - default default] GET failed (client error): The resource could not be found.
2026-07-24 18:06:57.898 9 INFO neutron.api.wsgi [None req-05f8b75d-968b-425a-b080-77361cbf7a43 063efc6101d343f19e735939ef7d7eb5 ef886f3595684d62917dbe9a7c3085e1 - - default default] 199.204.45.53,10.0.0.154 "GET /v2.0/networks/public HTTP/1.1" status: 404 len: 290 time: 0.0451238
2026-07-24 18:06:57.929 9 INFO neutron.api.wsgi [None req-204df5ca-68d8-4667-b0dc-a9c3fe224a88 063efc6101d343f19e735939ef7d7eb5 ef886f3595684d62917dbe9a7c3085e1 - - default default] 199.204.45.53,10.0.0.154 "GET /v2.0/networks?name=public HTTP/1.1" status: 200 len: 890 time: 0.0277848
2026-07-24 18:06:57.953 9 INFO neutron.pecan_wsgi.hooks.translation [None req-e4ad1b1c-039f-4319-9328-b3f3b2338ddd 063efc6101d343f19e735939ef7d7eb5 ef886f3595684d62917dbe9a7c3085e1 - - default default] GET failed (client error): The resource could not be found.
2026-07-24 18:06:57.954 9 INFO neutron.api.wsgi [None req-e4ad1b1c-039f-4319-9328-b3f3b2338ddd 063efc6101d343f19e735939ef7d7eb5 ef886f3595684d62917dbe9a7c3085e1 - - default default] 199.204.45.53,10.0.0.154 "GET /v2.0/subnets/public-subnet?network_id=518169f3-51e0-458d-b557-2558539bec39 HTTP/1.1" status: 404 len: 295 time: 0.0171318
2026-07-24 18:06:57.969 9 INFO neutron.api.wsgi [None req-9cbfc053-bc38-4a53-b683-47aaa24a8aa3 063efc6101d343f19e735939ef7d7eb5 ef886f3595684d62917dbe9a7c3085e1 - - default default] 199.204.45.53,10.0.0.154 "GET /v2.0/subnets?name=public-subnet&network_id=518169f3-51e0-458d-b557-2558539bec39 HTTP/1.1" status: 200 len: 188 time: 0.0124741
2026-07-24 18:06:58.147 9 WARNING neutron.scheduler.dhcp_agent_scheduler [None req-6766be4c-7e82-4301-9b05-ca9bf5cf1145 063efc6101d343f19e735939ef7d7eb5 ef886f3595684d62917dbe9a7c3085e1 - - default default] No more DHCP agents
2026-07-24 18:06:58.148 9 WARNING neutron.api.rpc.agentnotifiers.dhcp_rpc_agent_api [None req-6766be4c-7e82-4301-9b05-ca9bf5cf1145 063efc6101d343f19e735939ef7d7eb5 ef886f3595684d62917dbe9a7c3085e1 - - default default] Unable to schedule network 518169f3-51e0-458d-b557-2558539bec39: no agents available; will retry on subsequent port and subnet creation events.
2026-07-24 18:06:58.561 9 INFO neutron.db.ovn_revision_numbers_db [None req-a237ed66-20ff-4d5b-80f2-21ab25f9d2b3 - - - - - -] Successfully bumped revision number for resource 69a2c87b-82dd-442e-a1d9-ce8bfaccebf9 (type: ports) to 2
2026-07-24 18:06:58.593 9 INFO neutron.db.ovn_revision_numbers_db [None req-a237ed66-20ff-4d5b-80f2-21ab25f9d2b3 - - - - - -] Successfully bumped revision number for resource 747e2478-601c-4d1c-96fa-c39fa7beca57 (type: subnets) to 0
2026-07-24 18:06:58.623 9 INFO neutron.api.wsgi [None req-6766be4c-7e82-4301-9b05-ca9bf5cf1145 063efc6101d343f19e735939ef7d7eb5 ef886f3595684d62917dbe9a7c3085e1 - - default default] 199.204.45.53,10.0.0.154 "POST /v2.0/subnets HTTP/1.1" status: 201 len: 844 time: 0.6472788
2026-07-24 18:07:08.990 9 INFO neutron.api.wsgi [-] 10.0.0.154 "GET / HTTP/1.1" status: 200 len: 247 time: 0.0027537
2026-07-24 18:07:23.990 9 INFO neutron.api.wsgi [-] 10.0.0.154 "GET / HTTP/1.1" status: 200 len: 247 time: 0.0023386
2026-07-24 18:07:38.990 9 INFO neutron.api.wsgi [-] 10.0.0.154 "GET / HTTP/1.1" status: 200 len: 247 time: 0.0034709
2026-07-24 18:07:38.992 9 INFO neutron.api.wsgi [-] 10.0.0.154 "GET / HTTP/1.1" status: 200 len: 247 time: 0.0011992
2026-07-24 18:07:53.989 9 INFO neutron.api.wsgi [-] 10.0.0.154 "GET / HTTP/1.1" status: 200 len: 247 time: 0.0023608
2026-07-24 18:07:53.990 10 INFO neutron.api.wsgi [-] 10.0.0.154 "GET / HTTP/1.1" status: 200 len: 247 time: 0.0031066
2026-07-24 18:08:08.989 10 INFO neutron.api.wsgi [-] 10.0.0.154 "GET / HTTP/1.1" status: 200 len: 247 time: 0.0016017
2026-07-24 18:08:08.990 9 INFO neutron.api.wsgi [-] 10.0.0.154 "GET / HTTP/1.1" status: 200 len: 247 time: 0.0023861
2026-07-24 18:08:23.990 10 INFO neutron.api.wsgi [-] 10.0.0.154 "GET / HTTP/1.1" status: 200 len: 247 time: 0.0023310
2026-07-24 18:08:23.991 9 INFO neutron.api.wsgi [-] 10.0.0.154 "GET / HTTP/1.1" status: 200 len: 247 time: 0.0031681
2026-07-24 18:08:38.993 9 INFO neutron.api.wsgi [-] 10.0.0.154 "GET / HTTP/1.1" status: 200 len: 247 time: 0.0056016
2026-07-24 18:08:38.996 9 INFO neutron.api.wsgi [-] 10.0.0.154 "GET / HTTP/1.1" status: 200 len: 247 time: 0.0014491
2026-07-24 18:08:53.989 9 INFO neutron.api.wsgi [-] 10.0.0.154 "GET / HTTP/1.1" status: 200 len: 247 time: 0.0020318
2026-07-24 18:08:53.991 10 INFO neutron.api.wsgi [-] 10.0.0.154 "GET / HTTP/1.1" status: 200 len: 247 time: 0.0029137
2026-07-24 18:09:08.991 9 INFO neutron.api.wsgi [-] 10.0.0.154 "GET / HTTP/1.1" status: 200 len: 247 time: 0.0030553
2026-07-24 18:09:08.994 9 INFO neutron.api.wsgi [-] 10.0.0.154 "GET / HTTP/1.1" status: 200 len: 247 time: 0.0019224
2026-07-24 18:09:23.990 10 INFO neutron.api.wsgi [-] 10.0.0.154 "GET / HTTP/1.1" status: 200 len: 247 time: 0.0022743
2026-07-24 18:09:23.992 9 INFO neutron.api.wsgi [-] 10.0.0.154 "GET / HTTP/1.1" status: 200 len: 247 time: 0.0046782
2026-07-24 18:09:38.991 10 INFO neutron.api.wsgi [-] 10.0.0.154 "GET / HTTP/1.1" status: 200 len: 247 time: 0.0029497
2026-07-24 18:09:38.992 9 INFO neutron.api.wsgi [-] 10.0.0.154 "GET / HTTP/1.1" status: 200 len: 247 time: 0.0035527
2026-07-24 18:09:53.990 9 INFO neutron.api.wsgi [-] 10.0.0.154 "GET / HTTP/1.1" status: 200 len: 247 time: 0.0024426
2026-07-24 18:09:53.991 10 INFO neutron.api.wsgi [-] 10.0.0.154 "GET / HTTP/1.1" status: 200 len: 247 time: 0.0024147
2026-07-24 18:10:08.988 10 INFO neutron.api.wsgi [-] 10.0.0.154 "GET / HTTP/1.1" status: 200 len: 247 time: 0.0015013
2026-07-24 18:10:08.990 10 INFO neutron.api.wsgi [-] 10.0.0.154 "GET / HTTP/1.1" status: 200 len: 247 time: 0.0011530
2026-07-24 18:10:23.990 9 INFO neutron.api.wsgi [-] 10.0.0.154 "GET / HTTP/1.1" status: 200 len: 247 time: 0.0028856
2026-07-24 18:10:23.993 9 INFO neutron.api.wsgi [-] 10.0.0.154 "GET / HTTP/1.1" status: 200 len: 247 time: 0.0019629
2026-07-24 18:10:38.990 10 INFO neutron.api.wsgi [-] 10.0.0.154 "GET / HTTP/1.1" status: 200 len: 247 time: 0.0024955
2026-07-24 18:10:38.990 9 INFO neutron.api.wsgi [-] 10.0.0.154 "GET / HTTP/1.1" status: 200 len: 247 time: 0.0025344
2026-07-24 18:10:53.988 10 INFO neutron.api.wsgi [-] 10.0.0.154 "GET / HTTP/1.1" status: 200 len: 247 time: 0.0017989
2026-07-24 18:10:53.990 9 INFO neutron.api.wsgi [-] 10.0.0.154 "GET / HTTP/1.1" status: 200 len: 247 time: 0.0031557
2026-07-24 18:11:08.990 10 INFO neutron.api.wsgi [-] 10.0.0.154 "GET / HTTP/1.1" status: 200 len: 247 time: 0.0025389
2026-07-24 18:11:08.991 9 INFO neutron.api.wsgi [-] 10.0.0.154 "GET / HTTP/1.1" status: 200 len: 247 time: 0.0031528
2026-07-24 18:11:23.991 10 INFO neutron.api.wsgi [-] 10.0.0.154 "GET / HTTP/1.1" status: 200 len: 247 time: 0.0027709
2026-07-24 18:11:23.993 10 INFO neutron.api.wsgi [-] 10.0.0.154 "GET / HTTP/1.1" status: 200 len: 247 time: 0.0012324
2026-07-24 18:11:38.989 9 INFO neutron.api.wsgi [-] 10.0.0.154 "GET / HTTP/1.1" status: 200 len: 247 time: 0.0015440
2026-07-24 18:11:38.990 10 INFO neutron.api.wsgi [-] 10.0.0.154 "GET / HTTP/1.1" status: 200 len: 247 time: 0.0025649
2026-07-24 18:11:41.762 9 INFO neutron.pecan_wsgi.hooks.translation [None req-8b8d8a4f-9af0-4a44-870c-2b4411345194 063efc6101d343f19e735939ef7d7eb5 ef886f3595684d62917dbe9a7c3085e1 - - default default] GET failed (client error): The resource could not be found.
2026-07-24 18:11:41.765 9 INFO neutron.api.wsgi [None req-8b8d8a4f-9af0-4a44-870c-2b4411345194 063efc6101d343f19e735939ef7d7eb5 ef886f3595684d62917dbe9a7c3085e1 - - default default] 199.204.45.53,10.0.0.154 "GET /v2.0/networks/lb-mgmt-net HTTP/1.1" status: 404 len: 295 time: 0.1148577
2026-07-24 18:11:41.783 9 INFO neutron.api.wsgi [None req-e955f2d7-da0c-4be3-8109-5d31aef75271 063efc6101d343f19e735939ef7d7eb5 ef886f3595684d62917dbe9a7c3085e1 - - default default] 199.204.45.53,10.0.0.154 "GET /v2.0/networks?name=lb-mgmt-net HTTP/1.1" status: 200 len: 189 time: 0.0134559
2026-07-24 18:11:41.885 9 INFO neutron.db.segments_db [None req-d9204d19-a217-4d8b-a1ad-613627b2af03 063efc6101d343f19e735939ef7d7eb5 ef886f3595684d62917dbe9a7c3085e1 - - default default] Added segment 2e8cacb9-8615-414a-b308-abf2c8c0d2bc of type geneve for network fb7ec670-786e-48a1-8b95-617812c6ca64
2026-07-24 18:11:42.033 9 INFO neutron.db.ovn_revision_numbers_db [None req-d9204d19-a217-4d8b-a1ad-613627b2af03 063efc6101d343f19e735939ef7d7eb5 ef886f3595684d62917dbe9a7c3085e1 - - default default] Successfully bumped revision number for resource fb7ec670-786e-48a1-8b95-617812c6ca64 (type: networks) to 1
2026-07-24 18:11:42.175 9 WARNING neutron.scheduler.dhcp_agent_scheduler [None req-d9204d19-a217-4d8b-a1ad-613627b2af03 063efc6101d343f19e735939ef7d7eb5 ef886f3595684d62917dbe9a7c3085e1 - - default default] No more DHCP agents
2026-07-24 18:11:42.177 9 WARNING neutron.api.rpc.agentnotifiers.dhcp_rpc_agent_api [None req-d9204d19-a217-4d8b-a1ad-613627b2af03 063efc6101d343f19e735939ef7d7eb5 ef886f3595684d62917dbe9a7c3085e1 - - default default] Unable to schedule network fb7ec670-786e-48a1-8b95-617812c6ca64: no agents available; will retry on subsequent port and subnet creation events.
2026-07-24 18:11:42.250 9 INFO neutron.db.ovn_revision_numbers_db [None req-d9204d19-a217-4d8b-a1ad-613627b2af03 063efc6101d343f19e735939ef7d7eb5 ef886f3595684d62917dbe9a7c3085e1 - - default default] Successfully bumped revision number for resource c629257e-85c9-4e7b-a7df-b5103184b977 (type: ports) to 1
2026-07-24 18:11:42.271 9 INFO neutron.api.wsgi [None req-d9204d19-a217-4d8b-a1ad-613627b2af03 063efc6101d343f19e735939ef7d7eb5 ef886f3595684d62917dbe9a7c3085e1 - - default default] 199.204.45.53,10.0.0.154 "POST /v2.0/networks HTTP/1.1" status: 201 len: 890 time: 0.4832559
2026-07-24 18:11:43.241 9 INFO neutron.pecan_wsgi.hooks.translation [None req-34534d15-42f8-437e-9b2a-0fcbd6e3e34c 063efc6101d343f19e735939ef7d7eb5 ef886f3595684d62917dbe9a7c3085e1 - - default default] GET failed (client error): The resource could not be found.
2026-07-24 18:11:43.243 9 INFO neutron.api.wsgi [None req-34534d15-42f8-437e-9b2a-0fcbd6e3e34c 063efc6101d343f19e735939ef7d7eb5 ef886f3595684d62917dbe9a7c3085e1 - - default default] 199.204.45.53,10.0.0.154 "GET /v2.0/networks/lb-mgmt-net HTTP/1.1" status: 404 len: 295 time: 0.0441606
2026-07-24 18:11:43.279 9 INFO neutron.api.wsgi [None req-7d3203c0-628b-49ff-9426-2225187a43fa 063efc6101d343f19e735939ef7d7eb5 ef886f3595684d62917dbe9a7c3085e1 - - default default] 199.204.45.53,10.0.0.154 "GET /v2.0/networks?name=lb-mgmt-net HTTP/1.1" status: 200 len: 875 time: 0.0321097
2026-07-24 18:11:43.299 9 INFO neutron.pecan_wsgi.hooks.translation [None req-246c0d0b-3316-438a-a756-a6ad46ddfcaa 063efc6101d343f19e735939ef7d7eb5 ef886f3595684d62917dbe9a7c3085e1 - - default default] GET failed (client error): The resource could not be found.
2026-07-24 18:11:43.301 9 INFO neutron.api.wsgi [None req-246c0d0b-3316-438a-a756-a6ad46ddfcaa 063efc6101d343f19e735939ef7d7eb5 ef886f3595684d62917dbe9a7c3085e1 - - default default] 199.204.45.53,10.0.0.154 "GET /v2.0/subnets/lb-mgmt-subnet?network_id=fb7ec670-786e-48a1-8b95-617812c6ca64 HTTP/1.1" status: 404 len: 296 time: 0.0127149
2026-07-24 18:11:43.313 9 INFO neutron.api.wsgi [None req-8d6063d9-0a07-4b23-aff9-e393da929d41 063efc6101d343f19e735939ef7d7eb5 ef886f3595684d62917dbe9a7c3085e1 - - default default] 199.204.45.53,10.0.0.154 "GET /v2.0/subnets?name=lb-mgmt-subnet&network_id=fb7ec670-786e-48a1-8b95-617812c6ca64 HTTP/1.1" status: 200 len: 188 time: 0.0088091
2026-07-24 18:11:43.479 9 WARNING neutron.scheduler.dhcp_agent_scheduler [None req-88cdee74-223b-4fa8-ab83-d047357bf617 063efc6101d343f19e735939ef7d7eb5 ef886f3595684d62917dbe9a7c3085e1 - - default default] No more DHCP agents
2026-07-24 18:11:43.480 9 WARNING neutron.api.rpc.agentnotifiers.dhcp_rpc_agent_api [None req-88cdee74-223b-4fa8-ab83-d047357bf617 063efc6101d343f19e735939ef7d7eb5 ef886f3595684d62917dbe9a7c3085e1 - - default default] Unable to schedule network fb7ec670-786e-48a1-8b95-617812c6ca64: no agents available; will retry on subsequent port and subnet creation events.
2026-07-24 18:11:43.890 9 INFO neutron.db.ovn_revision_numbers_db [None req-446f11d5-d9b8-4d18-858a-104db53f2c1d - - - - - -] Successfully bumped revision number for resource c629257e-85c9-4e7b-a7df-b5103184b977 (type: ports) to 2
2026-07-24 18:11:43.917 9 INFO neutron.db.ovn_revision_numbers_db [None req-446f11d5-d9b8-4d18-858a-104db53f2c1d - - - - - -] Successfully bumped revision number for resource e4f724e8-a494-4624-b245-f893c2032d31 (type: subnets) to 0
2026-07-24 18:11:43.930 9 INFO neutron.api.wsgi [None req-88cdee74-223b-4fa8-ab83-d047357bf617 063efc6101d343f19e735939ef7d7eb5 ef886f3595684d62917dbe9a7c3085e1 - - default default] 199.204.45.53,10.0.0.154 "POST /v2.0/subnets HTTP/1.1" status: 201 len: 831 time: 0.6118932
2026-07-24 18:11:45.006 9 INFO neutron.api.v2.resource [None req-db88f575-0b28-41d7-9360-77fe0feb1f07 063efc6101d343f19e735939ef7d7eb5 ef886f3595684d62917dbe9a7c3085e1 - - default default] show failed (client error): The resource could not be found.
2026-07-24 18:11:45.007 9 INFO neutron.api.wsgi [None req-db88f575-0b28-41d7-9360-77fe0feb1f07 063efc6101d343f19e735939ef7d7eb5 ef886f3595684d62917dbe9a7c3085e1 - - default default] 199.204.45.53,10.0.0.154 "GET /v2.0/security-groups/lb-health-mgr-sec-grp HTTP/1.1" status: 404 len: 313 time: 0.0360198
2026-07-24 18:11:45.038 9 INFO neutron.api.wsgi [None req-64beed74-2e9a-4af8-a4a2-40f4314983f0 063efc6101d343f19e735939ef7d7eb5 ef886f3595684d62917dbe9a7c3085e1 - - default default] 199.204.45.53,10.0.0.154 "GET /v2.0/security-groups?name=lb-health-mgr-sec-grp HTTP/1.1" status: 200 len: 197 time: 0.0269763
2026-07-24 18:11:45.155 9 INFO neutron.db.ovn_revision_numbers_db [None req-f53f2839-b4fa-4bca-a43b-4b01fd48de95 063efc6101d343f19e735939ef7d7eb5 ef886f3595684d62917dbe9a7c3085e1 - - default default] Successfully bumped revision number for resource 1f90c01e-1930-4e49-99eb-7ff6d0aeb48e (type: security_groups) to 1
2026-07-24 18:11:45.169 9 INFO neutron.db.ovn_revision_numbers_db [None req-f53f2839-b4fa-4bca-a43b-4b01fd48de95 063efc6101d343f19e735939ef7d7eb5 ef886f3595684d62917dbe9a7c3085e1 - - default default] Successfully bumped revision number for resource 3fbbd6c7-c8f9-4d0d-b169-af9a3c06fc4c (type: security_group_rules) to 0
2026-07-24 18:11:45.180 9 INFO neutron.db.ovn_revision_numbers_db [None req-f53f2839-b4fa-4bca-a43b-4b01fd48de95 063efc6101d343f19e735939ef7d7eb5 ef886f3595684d62917dbe9a7c3085e1 - - default default] Successfully bumped revision number for resource 9d9f38cd-a8b1-4910-b08e-b8010448126c (type: security_group_rules) to 0
2026-07-24 18:11:45.208 9 INFO neutron.api.wsgi [None req-f53f2839-b4fa-4bca-a43b-4b01fd48de95 063efc6101d343f19e735939ef7d7eb5 ef886f3595684d62917dbe9a7c3085e1 - - default default] 199.204.45.53,10.0.0.154 "POST /v2.0/security-groups HTTP/1.1" status: 201 len: 1797 time: 0.1630552
2026-07-24 18:11:46.363 9 INFO neutron.api.wsgi [None req-21474cbd-ac7c-49f6-8679-c3f5e1df0a8b 063efc6101d343f19e735939ef7d7eb5 ef886f3595684d62917dbe9a7c3085e1 - - default default] 199.204.45.53,10.0.0.154 "GET /v2.0/security-groups/1f90c01e-1930-4e49-99eb-7ff6d0aeb48e HTTP/1.1" status: 200 len: 1792 time: 0.0538404
2026-07-24 18:11:46.397 9 INFO neutron.api.wsgi [None req-4696b6d2-d5fa-4129-bf3e-c5099fc583ca 063efc6101d343f19e735939ef7d7eb5 ef886f3595684d62917dbe9a7c3085e1 - - default default] 199.204.45.53,10.0.0.154 "GET /v2.0/security-groups/1f90c01e-1930-4e49-99eb-7ff6d0aeb48e HTTP/1.1" status: 200 len: 1792 time: 0.0276520
2026-07-24 18:11:46.426 9 INFO neutron.api.wsgi [None req-d19635ff-7d9f-43bb-a0a8-1ee76696ea0d 063efc6101d343f19e735939ef7d7eb5 ef886f3595684d62917dbe9a7c3085e1 - - default default] 199.204.45.53,10.0.0.154 "GET /v2.0/security-groups/1f90c01e-1930-4e49-99eb-7ff6d0aeb48e HTTP/1.1" status: 200 len: 1792 time: 0.0244334
2026-07-24 18:11:46.544 9 INFO neutron.db.ovn_revision_numbers_db [None req-f0c27598-572a-492c-a5a8-6307d41e0e1f 063efc6101d343f19e735939ef7d7eb5 ef886f3595684d62917dbe9a7c3085e1 - - default default] Successfully bumped revision number for resource db91d2d4-584a-416b-9cb3-584c714d3502 (type: security_group_rules) to 0
2026-07-24 18:11:46.581 9 INFO neutron.api.wsgi [None req-f0c27598-572a-492c-a5a8-6307d41e0e1f 063efc6101d343f19e735939ef7d7eb5 ef886f3595684d62917dbe9a7c3085e1 - - default default] 199.204.45.53,10.0.0.154 "POST /v2.0/security-group-rules HTTP/1.1" status: 201 len: 781 time: 0.1487024
2026-07-24 18:11:47.469 9 INFO neutron.api.wsgi [None req-46aee23b-9c7d-4d75-8c86-fc7af7390b9f 063efc6101d343f19e735939ef7d7eb5 ef886f3595684d62917dbe9a7c3085e1 - - default default] 199.204.45.53,10.0.0.154 "GET /v2.0/security-groups/1f90c01e-1930-4e49-99eb-7ff6d0aeb48e HTTP/1.1" status: 200 len: 2406 time: 0.0456176
2026-07-24 18:11:47.494 15 INFO neutron.db.ovn_revision_numbers_db [None req-7a9abb31-de4a-4daa-bebd-2666c372f937 - - - - - -] Successfully bumped revision number for resource 518169f3-51e0-458d-b557-2558539bec39 (type: networks) to 2
2026-07-24 18:11:47.495 15 INFO neutron.plugins.ml2.drivers.ovn.mech_driver.ovsdb.maintenance [None req-7a9abb31-de4a-4daa-bebd-2666c372f937 - - - - - -] OVN maintenance task check_for_inconsistencies finished in 0.090 seconds
2026-07-24 18:11:47.493 9 INFO neutron.api.wsgi [None req-194d8e1d-4e83-4d99-9e0a-58b4476df6e8 063efc6101d343f19e735939ef7d7eb5 ef886f3595684d62917dbe9a7c3085e1 - - default default] 199.204.45.53,10.0.0.154 "GET /v2.0/security-groups/1f90c01e-1930-4e49-99eb-7ff6d0aeb48e HTTP/1.1" status: 200 len: 2406 time: 0.0200777
2026-07-24 18:11:47.523 9 INFO neutron.api.wsgi [None req-6977540f-d6da-401f-a555-fb8ce7a5f35d 063efc6101d343f19e735939ef7d7eb5 ef886f3595684d62917dbe9a7c3085e1 - - default default] 199.204.45.53,10.0.0.154 "GET /v2.0/security-groups/1f90c01e-1930-4e49-99eb-7ff6d0aeb48e HTTP/1.1" status: 200 len: 2406 time: 0.0246217
2026-07-24 18:11:47.638 9 INFO neutron.db.ovn_revision_numbers_db [None req-baff241c-e63b-47d4-aa51-80fa6f5f5d18 063efc6101d343f19e735939ef7d7eb5 ef886f3595684d62917dbe9a7c3085e1 - - default default] Successfully bumped revision number for resource c63e1ee0-d435-4f4f-90f0-e8d8f97bc606 (type: security_group_rules) to 0
2026-07-24 18:11:47.667 9 INFO neutron.api.wsgi [None req-baff241c-e63b-47d4-aa51-80fa6f5f5d18 063efc6101d343f19e735939ef7d7eb5 ef886f3595684d62917dbe9a7c3085e1 - - default default] 199.204.45.53,10.0.0.154 "POST /v2.0/security-group-rules HTTP/1.1" status: 201 len: 783 time: 0.1369028
2026-07-24 18:11:48.538 9 INFO neutron.api.wsgi [None req-89817e63-26e5-4fea-85bf-3d838aa1fcbf 063efc6101d343f19e735939ef7d7eb5 ef886f3595684d62917dbe9a7c3085e1 - - default default] 199.204.45.53,10.0.0.154 "GET /v2.0/security-groups/1f90c01e-1930-4e49-99eb-7ff6d0aeb48e HTTP/1.1" status: 200 len: 3022 time: 0.0580022
2026-07-24 18:11:48.576 9 INFO neutron.api.wsgi [None req-ded49d0d-2d96-462a-ab06-181d63f466d7 063efc6101d343f19e735939ef7d7eb5 ef886f3595684d62917dbe9a7c3085e1 - - default default] 199.204.45.53,10.0.0.154 "GET /v2.0/security-groups/1f90c01e-1930-4e49-99eb-7ff6d0aeb48e HTTP/1.1" status: 200 len: 3022 time: 0.0297542
2026-07-24 18:11:48.620 9 INFO neutron.api.wsgi [None req-e9ae1287-af04-406c-bf2e-87e3dbb18f2c 063efc6101d343f19e735939ef7d7eb5 ef886f3595684d62917dbe9a7c3085e1 - - default default] 199.204.45.53,10.0.0.154 "GET /v2.0/security-groups/1f90c01e-1930-4e49-99eb-7ff6d0aeb48e HTTP/1.1" status: 200 len: 3022 time: 0.0398042
2026-07-24 18:11:48.746 9 INFO neutron.db.ovn_revision_numbers_db [None req-231a93cd-aa5b-4aa5-ad65-683eb18447f2 063efc6101d343f19e735939ef7d7eb5 ef886f3595684d62917dbe9a7c3085e1 - - default default] Successfully bumped revision number for resource 5ed44957-86da-4414-ad56-43d77721b5ad (type: security_group_rules) to 0
2026-07-24 18:11:48.780 9 INFO neutron.api.wsgi [None req-231a93cd-aa5b-4aa5-ad65-683eb18447f2 063efc6101d343f19e735939ef7d7eb5 ef886f3595684d62917dbe9a7c3085e1 - - default default] 199.204.45.53,10.0.0.154 "POST /v2.0/security-group-rules HTTP/1.1" status: 201 len: 783 time: 0.1517076
2026-07-24 18:11:49.718 9 INFO neutron.api.wsgi [None req-c316bf60-b9c1-4654-bd90-caadf8563e58 063efc6101d343f19e735939ef7d7eb5 ef886f3595684d62917dbe9a7c3085e1 - - default default] 199.204.45.53,10.0.0.154 "GET /v2.0/security-groups/1f90c01e-1930-4e49-99eb-7ff6d0aeb48e HTTP/1.1" status: 200 len: 3638 time: 0.0493393
2026-07-24 18:11:49.755 9 INFO neutron.api.wsgi [None req-c8eab76b-bf94-4d73-adca-2aeea24b12e7 063efc6101d343f19e735939ef7d7eb5 ef886f3595684d62917dbe9a7c3085e1 - - default default] 199.204.45.53,10.0.0.154 "GET /v2.0/security-groups/1f90c01e-1930-4e49-99eb-7ff6d0aeb48e HTTP/1.1" status: 200 len: 3638 time: 0.0311446
2026-07-24 18:11:49.789 9 INFO neutron.api.wsgi [None req-54c3046b-f68c-4317-a661-6f677326232f 063efc6101d343f19e735939ef7d7eb5 ef886f3595684d62917dbe9a7c3085e1 - - default default] 199.204.45.53,10.0.0.154 "GET /v2.0/security-groups/1f90c01e-1930-4e49-99eb-7ff6d0aeb48e HTTP/1.1" status: 200 len: 3638 time: 0.0247486
2026-07-24 18:11:49.906 9 INFO neutron.db.ovn_revision_numbers_db [None req-7b591814-a9c9-4168-943d-a18421824b87 063efc6101d343f19e735939ef7d7eb5 ef886f3595684d62917dbe9a7c3085e1 - - default default] Successfully bumped revision number for resource f9afa117-9eb3-4807-8695-3bf4516e25d8 (type: security_group_rules) to 0
2026-07-24 18:11:49.931 9 INFO neutron.api.wsgi [None req-7b591814-a9c9-4168-943d-a18421824b87 063efc6101d343f19e735939ef7d7eb5 ef886f3595684d62917dbe9a7c3085e1 - - default default] 199.204.45.53,10.0.0.154 "POST /v2.0/security-group-rules HTTP/1.1" status: 201 len: 783 time: 0.1366572
2026-07-24 18:11:50.806 9 INFO neutron.api.wsgi [None req-0d06e46f-5b3a-488b-840d-2e77a0136a9e 063efc6101d343f19e735939ef7d7eb5 ef886f3595684d62917dbe9a7c3085e1 - - default default] 199.204.45.53,10.0.0.154 "GET /v2.0/security-groups/1f90c01e-1930-4e49-99eb-7ff6d0aeb48e HTTP/1.1" status: 200 len: 4254 time: 0.0727887
2026-07-24 18:11:50.850 9 INFO neutron.api.wsgi [None req-7ff33ca0-19e5-4fca-bdaa-9daf1df54636 063efc6101d343f19e735939ef7d7eb5 ef886f3595684d62917dbe9a7c3085e1 - - default default] 199.204.45.53,10.0.0.154 "GET /v2.0/security-groups/1f90c01e-1930-4e49-99eb-7ff6d0aeb48e HTTP/1.1" status: 200 len: 4254 time: 0.0357871
2026-07-24 18:11:50.880 9 INFO neutron.api.wsgi [None req-22cee0af-b0d5-4f06-86dc-530d2c5bf8ed 063efc6101d343f19e735939ef7d7eb5 ef886f3595684d62917dbe9a7c3085e1 - - default default] 199.204.45.53,10.0.0.154 "GET /v2.0/security-groups/1f90c01e-1930-4e49-99eb-7ff6d0aeb48e HTTP/1.1" status: 200 len: 4254 time: 0.0229807
2026-07-24 18:11:51.001 9 INFO neutron.db.ovn_revision_numbers_db [None req-b3cfb1aa-c744-4a57-89b7-23ca0d66fb29 063efc6101d343f19e735939ef7d7eb5 ef886f3595684d62917dbe9a7c3085e1 - - default default] Successfully bumped revision number for resource 3a454111-6d6e-48e3-86ca-20617fe49d59 (type: security_group_rules) to 0
2026-07-24 18:11:51.028 9 INFO neutron.api.wsgi [None req-b3cfb1aa-c744-4a57-89b7-23ca0d66fb29 063efc6101d343f19e735939ef7d7eb5 ef886f3595684d62917dbe9a7c3085e1 - - default default] 199.204.45.53,10.0.0.154 "POST /v2.0/security-group-rules HTTP/1.1" status: 201 len: 783 time: 0.1418135
2026-07-24 18:11:52.110 9 INFO neutron.api.wsgi [None req-214c55f1-f9cf-4a04-92ab-f1f0efd056e3 063efc6101d343f19e735939ef7d7eb5 ef886f3595684d62917dbe9a7c3085e1 - - default default] 199.204.45.53,10.0.0.154 "GET /v2.0/networks/fb7ec670-786e-48a1-8b95-617812c6ca64 HTTP/1.1" status: 200 len: 910 time: 0.0646544
2026-07-24 18:11:52.131 9 INFO neutron.pecan_wsgi.hooks.translation [None req-4675f2a3-c714-43b8-9a36-f03a16164ed8 063efc6101d343f19e735939ef7d7eb5 ef886f3595684d62917dbe9a7c3085e1 - - default default] GET failed (client error): The resource could not be found.
2026-07-24 18:11:52.132 9 INFO neutron.api.wsgi [None req-4675f2a3-c714-43b8-9a36-f03a16164ed8 063efc6101d343f19e735939ef7d7eb5 ef886f3595684d62917dbe9a7c3085e1 - - default default] 199.204.45.53,10.0.0.154 "GET /v2.0/ports/octavia-health-manager-port-instance?network_id=fb7ec670-786e-48a1-8b95-617812c6ca64 HTTP/1.1" status: 404 len: 314 time: 0.0165918
2026-07-24 18:11:52.160 9 INFO neutron.api.wsgi [None req-cca153ca-c58a-4e0b-b067-84e412dcd8d4 063efc6101d343f19e735939ef7d7eb5 ef886f3595684d62917dbe9a7c3085e1 - - default default] 199.204.45.53,10.0.0.154 "GET /v2.0/ports?name=octavia-health-manager-port-instance&network_id=fb7ec670-786e-48a1-8b95-617812c6ca64 HTTP/1.1" status: 200 len: 186 time: 0.0256603
2026-07-24 18:11:52.195 9 INFO neutron.api.wsgi [None req-9a5ef674-1596-42c8-8161-bd7dfd886394 063efc6101d343f19e735939ef7d7eb5 ef886f3595684d62917dbe9a7c3085e1 - - default default] 199.204.45.53,10.0.0.154 "GET /v2.0/security-groups/1f90c01e-1930-4e49-99eb-7ff6d0aeb48e HTTP/1.1" status: 200 len: 4870 time: 0.0289273
2026-07-24 18:11:52.447 9 WARNING neutron.scheduler.dhcp_agent_scheduler [None req-5b693a42-9a3a-4ae1-85d4-5b7e1f8909cb 063efc6101d343f19e735939ef7d7eb5 ef886f3595684d62917dbe9a7c3085e1 - - default default] No more DHCP agents
2026-07-24 18:11:52.448 9 WARNING neutron.api.rpc.agentnotifiers.dhcp_rpc_agent_api [None req-5b693a42-9a3a-4ae1-85d4-5b7e1f8909cb 063efc6101d343f19e735939ef7d7eb5 ef886f3595684d62917dbe9a7c3085e1 - - default default] Unable to schedule network fb7ec670-786e-48a1-8b95-617812c6ca64: no agents available; will retry on subsequent port and subnet creation events.
2026-07-24 18:11:52.547 9 INFO neutron.db.ovn_revision_numbers_db [None req-5b693a42-9a3a-4ae1-85d4-5b7e1f8909cb 063efc6101d343f19e735939ef7d7eb5 ef886f3595684d62917dbe9a7c3085e1 - - default default] Successfully bumped revision number for resource 05a602eb-6c82-4578-b45e-cb2d0129b063 (type: ports) to 1
2026-07-24 18:11:52.572 9 INFO neutron.api.wsgi [None req-5b693a42-9a3a-4ae1-85d4-5b7e1f8909cb 063efc6101d343f19e735939ef7d7eb5 ef886f3595684d62917dbe9a7c3085e1 - - default default] 199.204.45.53,10.0.0.154 "POST /v2.0/ports HTTP/1.1" status: 201 len: 1281 time: 0.3680539
2026-07-24 18:11:53.991 10 INFO neutron.api.wsgi [-] 10.0.0.154 "GET / HTTP/1.1" status: 200 len: 247 time: 0.0032830
2026-07-24 18:11:53.991 9 INFO neutron.api.wsgi [-] 10.0.0.154 "GET / HTTP/1.1" status: 200 len: 247 time: 0.0030949 /var/lib/openstack/lib/python3.12/site-packages/pycadf/identifier.py:71: UserWarning: Invalid uuid: unknown. To ensure interoperability, identifiers should be a valid uuid. warnings.warn(('Invalid uuid: %s. To ensure interoperability, '
2026-07-24 18:11:58.388 9 INFO neutron.pecan_wsgi.hooks.translation [None req-f2facd31-801f-49b7-be8a-54c600969e77 063efc6101d343f19e735939ef7d7eb5 ef886f3595684d62917dbe9a7c3085e1 - - default default] GET failed (client error): The resource could not be found.
2026-07-24 18:11:58.392 9 INFO neutron.api.wsgi [None req-f2facd31-801f-49b7-be8a-54c600969e77 063efc6101d343f19e735939ef7d7eb5 ef886f3595684d62917dbe9a7c3085e1 - - default default] 199.204.45.53,10.0.0.154 "GET /v2.0/ports/octavia-health-manager-port-instance HTTP/1.1" status: 404 len: 314 time: 0.0554209
2026-07-24 18:11:58.459 9 INFO neutron.api.wsgi [None req-d99c1b36-75f5-4ab8-9707-0099cfd76e91 063efc6101d343f19e735939ef7d7eb5 ef886f3595684d62917dbe9a7c3085e1 - - default default] 199.204.45.53,10.0.0.154 "GET /v2.0/ports?name=octavia-health-manager-port-instance HTTP/1.1" status: 200 len: 1279 time: 0.0618892
2026-07-24 18:11:58.827 9 INFO neutron.db.ovn_revision_numbers_db [None req-ba1d94e3-cfeb-448e-829f-cb6e1fefd4a4 063efc6101d343f19e735939ef7d7eb5 ef886f3595684d62917dbe9a7c3085e1 - - default default] Successfully bumped revision number for resource 05a602eb-6c82-4578-b45e-cb2d0129b063 (type: ports) to 1
2026-07-24 18:11:59.027 9 INFO neutron.db.ovn_revision_numbers_db [None req-ba1d94e3-cfeb-448e-829f-cb6e1fefd4a4 063efc6101d343f19e735939ef7d7eb5 ef886f3595684d62917dbe9a7c3085e1 - - default default] Successfully bumped revision number for resource 05a602eb-6c82-4578-b45e-cb2d0129b063 (type: ports) to 4
2026-07-24 18:11:59.044 9 INFO neutron.api.wsgi [None req-ba1d94e3-cfeb-448e-829f-cb6e1fefd4a4 063efc6101d343f19e735939ef7d7eb5 ef886f3595684d62917dbe9a7c3085e1 - - default default] 199.204.45.53,10.0.0.154 "PUT /v2.0/ports/05a602eb-6c82-4578-b45e-cb2d0129b063 HTTP/1.1" status: 200 len: 1394 time: 0.5787289 /var/lib/openstack/lib/python3.12/site-packages/pycadf/identifier.py:71: UserWarning: Invalid uuid: unknown. To ensure interoperability, identifiers should be a valid uuid. warnings.warn(('Invalid uuid: %s. To ensure interoperability, '
2026-07-24 18:12:00.623 9 INFO neutron.api.wsgi [None req-6e8b692a-348b-499b-95c5-cae85b0b630b 063efc6101d343f19e735939ef7d7eb5 ef886f3595684d62917dbe9a7c3085e1 - - default default] 199.204.45.53,10.0.0.154 "GET /v2.0/ports HTTP/1.1" status: 200 len: 3511 time: 0.0806990
2026-07-24 18:12:01.604 9 INFO neutron.api.v2.resource [None req-3184a1b4-ea96-4f05-bed8-55fa3455fbbc 063efc6101d343f19e735939ef7d7eb5 ef886f3595684d62917dbe9a7c3085e1 - - default default] show failed (client error): The resource could not be found.
2026-07-24 18:12:01.605 9 INFO neutron.api.wsgi [None req-3184a1b4-ea96-4f05-bed8-55fa3455fbbc 063efc6101d343f19e735939ef7d7eb5 ef886f3595684d62917dbe9a7c3085e1 - - default default] 199.204.45.53,10.0.0.154 "GET /v2.0/security-groups/lb-mgmt-sec-grp HTTP/1.1" status: 404 len: 307 time: 0.0358989
2026-07-24 18:12:01.628 9 INFO neutron.api.wsgi [None req-b25b67a9-3537-41c2-bcec-040819da087e 063efc6101d343f19e735939ef7d7eb5 ef886f3595684d62917dbe9a7c3085e1 - - default default] 199.204.45.53,10.0.0.154 "GET /v2.0/security-groups?name=lb-mgmt-sec-grp HTTP/1.1" status: 200 len: 197 time: 0.0210230
2026-07-24 18:12:01.733 9 INFO neutron.db.ovn_revision_numbers_db [None req-507dc8cb-3453-4e46-9e51-4cd326327862 063efc6101d343f19e735939ef7d7eb5 ef886f3595684d62917dbe9a7c3085e1 - - default default] Successfully bumped revision number for resource 3d2696a0-5243-4a18-bd38-f09df05e5946 (type: security_groups) to 1
2026-07-24 18:12:01.745 9 INFO neutron.db.ovn_revision_numbers_db [None req-507dc8cb-3453-4e46-9e51-4cd326327862 063efc6101d343f19e735939ef7d7eb5 ef886f3595684d62917dbe9a7c3085e1 - - default default] Successfully bumped revision number for resource a14cd232-4e7e-4078-9a72-ee59d2fecdc9 (type: security_group_rules) to 0
2026-07-24 18:12:01.757 9 INFO neutron.db.ovn_revision_numbers_db [None req-507dc8cb-3453-4e46-9e51-4cd326327862 063efc6101d343f19e735939ef7d7eb5 ef886f3595684d62917dbe9a7c3085e1 - - default default] Successfully bumped revision number for resource fe4173fc-6080-4249-9c21-85a8a8247fbd (type: security_group_rules) to 0
2026-07-24 18:12:01.789 9 INFO neutron.api.wsgi [None req-507dc8cb-3453-4e46-9e51-4cd326327862 063efc6101d343f19e735939ef7d7eb5 ef886f3595684d62917dbe9a7c3085e1 - - default default] 199.204.45.53,10.0.0.154 "POST /v2.0/security-groups HTTP/1.1" status: 201 len: 1791 time: 0.1573968
2026-07-24 18:12:02.873 9 INFO neutron.api.wsgi [None req-812f8189-235d-4bb0-b58d-6994799d5fdc 063efc6101d343f19e735939ef7d7eb5 ef886f3595684d62917dbe9a7c3085e1 - - default default] 199.204.45.53,10.0.0.154 "GET /v2.0/security-groups/3d2696a0-5243-4a18-bd38-f09df05e5946 HTTP/1.1" status: 200 len: 1786 time: 0.1749465
2026-07-24 18:12:02.897 9 INFO neutron.api.wsgi [None req-7b681b8e-cd79-4811-9a78-f45a6cf74190 063efc6101d343f19e735939ef7d7eb5 ef886f3595684d62917dbe9a7c3085e1 - - default default] 199.204.45.53,10.0.0.154 "GET /v2.0/security-groups/3d2696a0-5243-4a18-bd38-f09df05e5946 HTTP/1.1" status: 200 len: 1786 time: 0.0179732
2026-07-24 18:12:02.920 9 INFO neutron.api.wsgi [None req-fe63552e-44fe-4f0c-850b-36e5384d8e7f 063efc6101d343f19e735939ef7d7eb5 ef886f3595684d62917dbe9a7c3085e1 - - default default] 199.204.45.53,10.0.0.154 "GET /v2.0/security-groups/3d2696a0-5243-4a18-bd38-f09df05e5946 HTTP/1.1" status: 200 len: 1786 time: 0.0170465
2026-07-24 18:12:03.037 9 INFO neutron.db.ovn_revision_numbers_db [None req-d218c957-c584-4421-b256-8b3db23720d1 063efc6101d343f19e735939ef7d7eb5 ef886f3595684d62917dbe9a7c3085e1 - - default default] Successfully bumped revision number for resource 3bd6af95-f4fe-4e01-9602-c796d48bd6e3 (type: security_group_rules) to 0
2026-07-24 18:12:03.067 9 INFO neutron.api.wsgi [None req-d218c957-c584-4421-b256-8b3db23720d1 063efc6101d343f19e735939ef7d7eb5 ef886f3595684d62917dbe9a7c3085e1 - - default default] 199.204.45.53,10.0.0.154 "POST /v2.0/security-group-rules HTTP/1.1" status: 201 len: 803 time: 0.1397836
2026-07-24 18:12:03.940 9 INFO neutron.api.wsgi [None req-20dceb3f-1160-40b4-8103-76ec93adc965 063efc6101d343f19e735939ef7d7eb5 ef886f3595684d62917dbe9a7c3085e1 - - default default] 199.204.45.53,10.0.0.154 "GET /v2.0/security-groups/3d2696a0-5243-4a18-bd38-f09df05e5946 HTTP/1.1" status: 200 len: 2422 time: 0.0480449
2026-07-24 18:12:03.970 9 INFO neutron.api.wsgi [None req-57516c1a-38b8-4a9f-8cbd-8555450ca1ce 063efc6101d343f19e735939ef7d7eb5 ef886f3595684d62917dbe9a7c3085e1 - - default default] 199.204.45.53,10.0.0.154 "GET /v2.0/security-groups/3d2696a0-5243-4a18-bd38-f09df05e5946 HTTP/1.1" status: 200 len: 2422 time: 0.0226574
2026-07-24 18:12:03.996 9 INFO neutron.api.wsgi [None req-555447a9-c23a-4be0-aeea-6beb9bb96fd8 063efc6101d343f19e735939ef7d7eb5 ef886f3595684d62917dbe9a7c3085e1 - - default default] 199.204.45.53,10.0.0.154 "GET /v2.0/security-groups/3d2696a0-5243-4a18-bd38-f09df05e5946 HTTP/1.1" status: 200 len: 2422 time: 0.0201511
2026-07-24 18:12:04.100 9 INFO neutron.db.ovn_revision_numbers_db [None req-b339f4ce-d3d0-4ed8-a0af-8d6fcf31ae12 063efc6101d343f19e735939ef7d7eb5 ef886f3595684d62917dbe9a7c3085e1 - - default default] Successfully bumped revision number for resource b66d61f7-8ba2-4758-aa94-d7190548d9f5 (type: security_group_rules) to 0
2026-07-24 18:12:04.126 9 INFO neutron.api.wsgi [None req-b339f4ce-d3d0-4ed8-a0af-8d6fcf31ae12 063efc6101d343f19e735939ef7d7eb5 ef886f3595684d62917dbe9a7c3085e1 - - default default] 199.204.45.53,10.0.0.154 "POST /v2.0/security-group-rules HTTP/1.1" status: 201 len: 807 time: 0.1245406
2026-07-24 18:12:08.988 10 INFO neutron.api.wsgi [-] 10.0.0.154 "GET / HTTP/1.1" status: 200 len: 247 time: 0.0013568
2026-07-24 18:12:08.988 9 INFO neutron.api.wsgi [-] 10.0.0.154 "GET / HTTP/1.1" status: 200 len: 247 time: 0.0014062
2026-07-24 18:12:23.989 10 INFO neutron.api.wsgi [-] 10.0.0.154 "GET / HTTP/1.1" status: 200 len: 247 time: 0.0022912
2026-07-24 18:12:23.989 9 INFO neutron.api.wsgi [-] 10.0.0.154 "GET / HTTP/1.1" status: 200 len: 247 time: 0.0024886
2026-07-24 18:12:38.991 10 INFO neutron.api.wsgi [-] 10.0.0.154 "GET / HTTP/1.1" status: 200 len: 247 time: 0.0018516
2026-07-24 18:12:38.992 9 INFO neutron.api.wsgi [-] 10.0.0.154 "GET / HTTP/1.1" status: 200 len: 247 time: 0.0044858
2026-07-24 18:12:53.990 10 INFO neutron.api.wsgi [-] 10.0.0.154 "GET / HTTP/1.1" status: 200 len: 247 time: 0.0027120
2026-07-24 18:12:53.990 9 INFO neutron.api.wsgi [-] 10.0.0.154 "GET / HTTP/1.1" status: 200 len: 247 time: 0.0026007
2026-07-24 18:13:08.990 10 INFO neutron.api.wsgi [-] 10.0.0.154 "GET / HTTP/1.1" status: 200 len: 247 time: 0.0028546
2026-07-24 18:13:08.991 9 INFO neutron.api.wsgi [-] 10.0.0.154 "GET / HTTP/1.1" status: 200 len: 247 time: 0.0024951 /var/lib/openstack/lib/python3.12/site-packages/pycadf/identifier.py:71: UserWarning: Invalid uuid: unknown. To ensure interoperability, identifiers should be a valid uuid. warnings.warn(('Invalid uuid: %s. To ensure interoperability, '
2026-07-24 18:13:11.381 10 INFO neutron.api.wsgi [None req-d2a2b8eb-b717-4feb-ba68-68c06558d1b9 063efc6101d343f19e735939ef7d7eb5 ef886f3595684d62917dbe9a7c3085e1 - - default default] 199.204.45.53,10.0.0.154 "GET /v2.0/quotas/ef886f3595684d62917dbe9a7c3085e1 HTTP/1.1" status: 200 len: 467 time: 0.1939602 /var/lib/openstack/lib/python3.12/site-packages/neutron/extensions/quotasv2.py:139: UserWarning: Neutron quota engine will require "--force" parameter to set a quota limit without checking the resource usage. warnings.warn('Neutron quota engine will require "--force" '
2026-07-24 18:13:11.871 10 INFO neutron.api.wsgi [None req-c59e401f-5bb5-4e15-bd3f-5eede976d562 063efc6101d343f19e735939ef7d7eb5 ef886f3595684d62917dbe9a7c3085e1 - - default default] 199.204.45.53,10.0.0.154 "PUT /v2.0/quotas/ef886f3595684d62917dbe9a7c3085e1 HTTP/1.1" status: 200 len: 466 time: 0.1492090
2026-07-24 18:13:23.990 9 INFO neutron.api.wsgi [-] 10.0.0.154 "GET / HTTP/1.1" status: 200 len: 247 time: 0.0024579
2026-07-24 18:13:23.991 10 INFO neutron.api.wsgi [-] 10.0.0.154 "GET / HTTP/1.1" status: 200 len: 247 time: 0.0029852
2026-07-24 18:13:38.991 10 INFO neutron.api.wsgi [-] 10.0.0.154 "GET / HTTP/1.1" status: 200 len: 247 time: 0.0036740
2026-07-24 18:13:38.994 10 INFO neutron.api.wsgi [-] 10.0.0.154 "GET / HTTP/1.1" status: 200 len: 247 time: 0.0020306
2026-07-24 18:13:53.991 9 INFO neutron.api.wsgi [-] 10.0.0.154 "GET / HTTP/1.1" status: 200 len: 247 time: 0.0033195
2026-07-24 18:13:53.994 9 INFO neutron.api.wsgi [-] 10.0.0.154 "GET / HTTP/1.1" status: 200 len: 247 time: 0.0023112
2026-07-24 18:14:08.990 9 INFO neutron.api.wsgi [-] 10.0.0.154 "GET / HTTP/1.1" status: 200 len: 247 time: 0.0025101
2026-07-24 18:14:08.991 10 INFO neutron.api.wsgi [-] 10.0.0.154 "GET / HTTP/1.1" status: 200 len: 247 time: 0.0027313
2026-07-24 18:14:23.990 10 INFO neutron.api.wsgi [-] 10.0.0.154 "GET / HTTP/1.1" status: 200 len: 247 time: 0.0024245
2026-07-24 18:14:23.992 10 INFO neutron.api.wsgi [-] 10.0.0.154 "GET / HTTP/1.1" status: 200 len: 247 time: 0.0012531
2026-07-24 18:14:38.990 10 INFO neutron.api.wsgi [-] 10.0.0.154 "GET / HTTP/1.1" status: 200 len: 247 time: 0.0028257
2026-07-24 18:14:38.990 9 INFO neutron.api.wsgi [-] 10.0.0.154 "GET / HTTP/1.1" status: 200 len: 247 time: 0.0033510
2026-07-24 18:14:53.990 10 INFO neutron.api.wsgi [-] 10.0.0.154 "GET / HTTP/1.1" status: 200 len: 247 time: 0.0024436
2026-07-24 18:14:53.990 9 INFO neutron.api.wsgi [-] 10.0.0.154 "GET / HTTP/1.1" status: 200 len: 247 time: 0.0026224
2026-07-24 18:15:08.989 9 INFO neutron.api.wsgi [-] 10.0.0.154 "GET / HTTP/1.1" status: 200 len: 247 time: 0.0017383
2026-07-24 18:15:08.990 10 INFO neutron.api.wsgi [-] 10.0.0.154 "GET / HTTP/1.1" status: 200 len: 247 time: 0.0024245
2026-07-24 18:15:23.991 9 INFO neutron.api.wsgi [-] 10.0.0.154 "GET / HTTP/1.1" status: 200 len: 247 time: 0.0032883
2026-07-24 18:15:23.993 9 INFO neutron.api.wsgi [-] 10.0.0.154 "GET / HTTP/1.1" status: 200 len: 247 time: 0.0011833
2026-07-24 18:15:38.991 10 INFO neutron.api.wsgi [-] 10.0.0.154 "GET / HTTP/1.1" status: 200 len: 247 time: 0.0036473
2026-07-24 18:15:38.994 10 INFO neutron.api.wsgi [-] 10.0.0.154 "GET / HTTP/1.1" status: 200 len: 247 time: 0.0021958
2026-07-24 18:15:53.989 10 INFO neutron.api.wsgi [-] 10.0.0.154 "GET / HTTP/1.1" status: 200 len: 247 time: 0.0019231
2026-07-24 18:15:53.991 10 INFO neutron.api.wsgi [-] 10.0.0.154 "GET / HTTP/1.1" status: 200 len: 247 time: 0.0012543
2026-07-24 18:16:08.990 10 INFO neutron.api.wsgi [-] 10.0.0.154 "GET / HTTP/1.1" status: 200 len: 247 time: 0.0024152
2026-07-24 18:16:08.990 9 INFO neutron.api.wsgi [-] 10.0.0.154 "GET / HTTP/1.1" status: 200 len: 247 time: 0.0024452
2026-07-24 18:16:23.992 9 INFO neutron.api.wsgi [-] 10.0.0.154 "GET / HTTP/1.1" status: 200 len: 247 time: 0.0022011
2026-07-24 18:16:23.993 10 INFO neutron.api.wsgi [-] 10.0.0.154 "GET / HTTP/1.1" status: 200 len: 247 time: 0.0021865
2026-07-24 18:16:38.990 9 INFO neutron.api.wsgi [-] 10.0.0.154 "GET / HTTP/1.1" status: 200 len: 247 time: 0.0025539
2026-07-24 18:16:38.990 10 INFO neutron.api.wsgi [-] 10.0.0.154 "GET / HTTP/1.1" status: 200 len: 247 time: 0.0025530
2026-07-24 18:16:47.511 15 INFO neutron.db.ovn_revision_numbers_db [None req-7a9abb31-de4a-4daa-bebd-2666c372f937 - - - - - -] Successfully bumped revision number for resource fb7ec670-786e-48a1-8b95-617812c6ca64 (type: networks) to 2
2026-07-24 18:16:47.557 15 INFO neutron.db.ovn_revision_numbers_db [None req-7a9abb31-de4a-4daa-bebd-2666c372f937 - - - - - -] Successfully bumped revision number for resource 1f90c01e-1930-4e49-99eb-7ff6d0aeb48e (type: security_groups) to 6
2026-07-24 18:16:47.597 15 INFO neutron.db.ovn_revision_numbers_db [None req-7a9abb31-de4a-4daa-bebd-2666c372f937 - - - - - -] Successfully bumped revision number for resource 3d2696a0-5243-4a18-bd38-f09df05e5946 (type: security_groups) to 3
2026-07-24 18:16:47.597 15 INFO neutron.plugins.ml2.drivers.ovn.mech_driver.ovsdb.maintenance [None req-7a9abb31-de4a-4daa-bebd-2666c372f937 - - - - - -] OVN maintenance task check_for_inconsistencies finished in 0.172 seconds
2026-07-24 18:16:53.988 9 INFO neutron.api.wsgi [-] 10.0.0.154 "GET / HTTP/1.1" status: 200 len: 247 time: 0.0014350
2026-07-24 18:16:53.989 10 INFO neutron.api.wsgi [-] 10.0.0.154 "GET / HTTP/1.1" status: 200 len: 247 time: 0.0019586
2026-07-24 18:17:08.991 10 INFO neutron.api.wsgi [-] 10.0.0.154 "GET / HTTP/1.1" status: 200 len: 247 time: 0.0032103
2026-07-24 18:17:08.991 9 INFO neutron.api.wsgi [-] 10.0.0.154 "GET / HTTP/1.1" status: 200 len: 247 time: 0.0035152
2026-07-24 18:17:23.990 10 INFO neutron.api.wsgi [-] 10.0.0.154 "GET / HTTP/1.1" status: 200 len: 247 time: 0.0027819
2026-07-24 18:17:23.992 10 INFO neutron.api.wsgi [-] 10.0.0.154 "GET / HTTP/1.1" status: 200 len: 247 time: 0.0012205
2026-07-24 18:17:38.989 10 INFO neutron.api.wsgi [-] 10.0.0.154 "GET / HTTP/1.1" status: 200 len: 247 time: 0.0021186
2026-07-24 18:17:38.990 9 INFO neutron.api.wsgi [-] 10.0.0.154 "GET / HTTP/1.1" status: 200 len: 247 time: 0.0023639
2026-07-24 18:17:53.990 10 INFO neutron.api.wsgi [-] 10.0.0.154 "GET / HTTP/1.1" status: 200 len: 247 time: 0.0023732
2026-07-24 18:17:53.990 9 INFO neutron.api.wsgi [-] 10.0.0.154 "GET / HTTP/1.1" status: 200 len: 247 time: 0.0024881
2026-07-24 18:18:08.989 10 INFO neutron.api.wsgi [-] 10.0.0.154 "GET / HTTP/1.1" status: 200 len: 247 time: 0.0025146
2026-07-24 18:18:08.990 9 INFO neutron.api.wsgi [-] 10.0.0.154 "GET / HTTP/1.1" status: 200 len: 247 time: 0.0037158
2026-07-24 18:18:23.990 10 INFO neutron.api.wsgi [-] 10.0.0.154 "GET / HTTP/1.1" status: 200 len: 247 time: 0.0023782
2026-07-24 18:18:23.991 9 INFO neutron.api.wsgi [-] 10.0.0.154 "GET / HTTP/1.1" status: 200 len: 247 time: 0.0030189
2026-07-24 18:18:38.991 10 INFO neutron.api.wsgi [-] 10.0.0.154 "GET / HTTP/1.1" status: 200 len: 247 time: 0.0030725
2026-07-24 18:18:38.994 10 INFO neutron.api.wsgi [-] 10.0.0.154 "GET / HTTP/1.1" status: 200 len: 247 time: 0.0020628
2026-07-24 18:18:53.990 9 INFO neutron.api.wsgi [-] 10.0.0.154 "GET / HTTP/1.1" status: 200 len: 247 time: 0.0026367
2026-07-24 18:18:53.990 10 INFO neutron.api.wsgi [-] 10.0.0.154 "GET / HTTP/1.1" status: 200 len: 247 time: 0.0024605
